114.89.203.254 - - [13/Jul/2023:09:16:38 +0800] "GET /xingrg/all/function/internal_message.html?_=1689210999896&CODE_STATE=getMsg HTTP/1.1" 200 27
222.70.180.90 - - [13/Jul/2023:09:16:43 +0800] "GET /xingrg/kc/buy/cgsh_order_operate.html?command=get_materiel&rest_code=00111&code=00101020218&supplier_code=00100037&order_time=2023-07-13 HTTP/1.1" 200 440
116.232.195.127 - - [13/Jul/2023:09:16:46 +0800] "GET /xingrg/all/function/internal_message.html?_=1689210980926&CODE_STATE=getMsg HTTP/1.1" 200 27
222.70.180.90 - - [13/Jul/2023:09:16:47 +0800] "POST /xingrg/all/common/load_select.html HTTP/1.1" 200 25
114.83.218.88 - - [13/Jul/2023:09:16:50 +0800] "GET /xingrg/all/function/internal_message.html?_=1689211010077&CODE_STATE=getMsg HTTP/1.1" 200 27
222.70.180.90 - - [13/Jul/2023:09:16:51 +0800] "GET /xingrg/kc/buy/cgsh_order_operate.html?command=get_materiel_price&rest_code=00111&code=00101020218&unit_code=00100195&supplier_code=00100037&order_time=2023-07-13 HTTP/1.1" 200 28
222.70.114.12 - - [13/Jul/2023:09:16:54 +0800] "GET /xingrg/check_reg.html?_=1689211021901 HTTP/1.1" 302 -
222.70.114.12 - - [13/Jul/2023:09:16:54 +0800] "GET /xingrg/all/function/internal_message.html?_=1689211021910&CODE_STATE=getMsg HTTP/1.1" 302 -
114.83.219.27 - - [13/Jul/2023:09:16:57 +0800] "GET /xingrg/check_reg.html?_=1689211136091 HTTP/1.1" 200 22
114.83.219.27 - - [13/Jul/2023:09:16:57 +0800] "GET /xingrg/all/function/internal_message.html?_=1689211136093&CODE_STATE=getMsg HTTP/1.1" 200 27
222.70.180.90 - - [13/Jul/2023:09:16:57 +0800] "GET /xingrg/all/function/internal_message.html?_=1689211014936&CODE_STATE=getMsg HTTP/1.1" 200 27
116.238.191.126 - - [13/Jul/2023:09:16:59 +0800] "GET /xingrg/check_reg.html?_=1689211017711 HTTP/1.1" 200 22
116.238.191.126 - - [13/Jul/2023:09:17:00 +0800] "GET /xingrg/all/function/internal_message.html?_=1689211017715&CODE_STATE=getMsg HTTP/1.1" 200 27
222.70.180.90 - - [13/Jul/2023:09:17:03 +0800] "GET /xingrg/kc/buy/cgsh_order_operate.html?command=get_materiel&rest_code=00111&code=00101008417&supplier_code=00100037&order_time=2023-07-13 HTTP/1.1" 200 408
180.169.147.146 - - [13/Jul/2023:09:17:12 +0800] "GET /xingrg/all/function/internal_message.html?_=1689211030959&CODE_STATE=getMsg HTTP/1.1" 200 27
222.70.180.90 - - [13/Jul/2023:09:17:14 +0800] "GET /xingrg/kc/buy/cgsh_order_operate.html?command=get_materiel&rest_code=00111&code=00101009030&supplier_code=00100037&order_time=2023-07-13 HTTP/1.1" 200 412
180.169.147.146 - - [13/Jul/2023:09:17:21 +0800] "GET /xingrg/all/function/internal_message.html?_=1689211041630&CODE_STATE=getMsg HTTP/1.1" 200 27
180.169.147.146 - - [13/Jul/2023:09:17:21 +0800] "GET /xingrg/check_reg.html?_=1689211041635 HTTP/1.1" 200 22
222.70.180.90 - - [13/Jul/2023:09:17:23 +0800] "GET /xingrg/kc/buy/cgsh_order_operate.html?command=get_materiel&rest_code=00111&code=00101023022&supplier_code=00100037&order_time=2023-07-13 HTTP/1.1" 200 406
114.95.42.59 - - [13/Jul/2023:09:17:36 +0800] "GET /xingrg/all/function/internal_message.html?_=1689211057437&CODE_STATE=getMsg HTTP/1.1" 200 27
222.70.180.90 - - [13/Jul/2023:09:17:38 +0800] "GET /xingrg/kc/buy/cgsh_order_operate.html?command=get_materiel&rest_code=00111&code=00101009021&supplier_code=00100037&order_time=2023-07-13 HTTP/1.1" 200 417
222.70.172.54 - - [13/Jul/2023:09:17:38 +0800] "GET /xingrg/all/function/internal_message.html?_=1689211071758&CODE_STATE=getMsg HTTP/1.1" 200 27
114.89.203.254 - - [13/Jul/2023:09:17:38 +0800] "GET /xingrg/all/function/internal_message.html?_=1689211059886&CODE_STATE=getMsg HTTP/1.1" 200 27
116.232.195.127 - - [13/Jul/2023:09:17:42 +0800] "GET /xingrg/check_reg.html?_=1689211036904 HTTP/1.1" 200 22
116.232.195.127 - - [13/Jul/2023:09:17:46 +0800] "GET /xingrg/all/function/internal_message.html?_=1689211040912&CODE_STATE=getMsg HTTP/1.1" 200 27
222.70.172.54 - - [13/Jul/2023:09:17:47 +0800] "GET /xingrg/login.html HTTP/1.1" 200 7641
222.70.172.54 - - [13/Jul/2023:09:17:47 +0800] "GET /xingrg/images/blue/jxLogo.png HTTP/1.1" 304 -
222.70.172.54 - - [13/Jul/2023:09:17:47 +0800] "GET /xingrg/images/blue/login_bg.png HTTP/1.1" 304 -
222.70.172.54 - - [13/Jul/2023:09:17:47 +0800] "GET /xingrg/images/blue/hj.png HTTP/1.1" 304 -
222.70.172.54 - - [13/Jul/2023:09:17:47 +0800] "GET /xingrg/images/blue/srbg.png HTTP/1.1" 304 -
222.70.172.54 - - [13/Jul/2023:09:17:47 +0800] "GET /favicon.ico HTTP/1.1" 404 -
222.70.180.90 - - [13/Jul/2023:09:17:49 +0800] "GET /xingrg/kc/buy/cgsh_order_operate.html?command=get_materiel&rest_code=00111&code=00101016105&supplier_code=00100037&order_time=2023-07-13 HTTP/1.1" 200 409
114.83.218.88 - - [13/Jul/2023:09:17:50 +0800] "GET /xingrg/all/function/internal_message.html?_=1689211070089&CODE_STATE=getMsg HTTP/1.1" 200 27
222.70.172.54 - - [13/Jul/2023:09:17:52 +0800] "GET /xingrg/check_reg.html?_=1689211086294 HTTP/1.1" 200 22
222.70.114.12 - - [13/Jul/2023:09:17:54 +0800] "GET /xingrg/all/function/internal_message.html?_=1689211081894&CODE_STATE=getMsg HTTP/1.1" 302 -
222.70.172.54 - - [13/Jul/2023:09:17:55 +0800] "POST /xingrg/login.do HTTP/1.1" 302 -
222.70.172.54 - - [13/Jul/2023:09:17:55 +0800] "GET /xingrg/index.html?sysBaseUrl=http%3A%2F%2F180.169.147.146%3A18081%2Fxingrg%2F&costTime=1630×tamp=1689211075583 HTTP/1.1" 200 17179
222.70.172.54 - - [13/Jul/2023:09:17:55 +0800] "GET /xingrg/javascript/jquery_easy_ui/themes/default/easyui.css HTTP/1.1" 304 -
222.70.172.54 - - [13/Jul/2023:09:17:55 +0800] "GET /xingrg/javascript/jquery_easy_ui/themes/icon.css HTTP/1.1" 304 -
222.70.172.54 - - [13/Jul/2023:09:17:55 +0800] "GET /xingrg/css/form.css HTTP/1.1" 304 -
222.70.172.54 - - [13/Jul/2023:09:17:55 +0800] "GET /xingrg/javascript/jquery.form.js HTTP/1.1" 304 -
222.70.172.54 - - [13/Jul/2023:09:17:55 +0800] "GET /xingrg/javascript/jquery-1.4.2.min.js HTTP/1.1" 304 -
222.70.172.54 - - [13/Jul/2023:09:17:55 +0800] "GET /xingrg/javascript/jquery_easy_ui/jquery.easyui.min.js HTTP/1.1" 304 -
222.70.172.54 - - [13/Jul/2023:09:17:55 +0800] "GET /xingrg/javascript/jquery_easy_ui/easyui-lang-zh_CN.js HTTP/1.1" 304 -
222.70.172.54 - - [13/Jul/2023:09:17:55 +0800] "GET /xingrg/javascript/jquery.utils.js HTTP/1.1" 304 -
222.70.172.54 - - [13/Jul/2023:09:17:55 +0800] "GET /xingrg/javascript/jquery.timers.js HTTP/1.1" 304 -
222.70.172.54 - - [13/Jul/2023:09:17:55 +0800] "GET /favicon.ico HTTP/1.1" 404 -
222.70.172.54 - - [13/Jul/2023:09:17:55 +0800] "GET /xingrg/images/blue/navBackgound.jpg HTTP/1.1" 304 -
222.70.172.54 - - [13/Jul/2023:09:17:55 +0800] "GET /xingrg/javascript/jquery_easy_ui/themes/icons/settle_new.png HTTP/1.1" 304 -
222.70.172.54 - - [13/Jul/2023:09:17:55 +0800] "GET /xingrg/images/blue/pingpu.png HTTP/1.1" 304 -
222.70.172.54 - - [13/Jul/2023:09:17:55 +0800] "GET /xingrg/javascript/jquery_easy_ui/themes/default/images/tabs_leftarrow.png HTTP/1.1" 304 -
222.70.172.54 - - [13/Jul/2023:09:17:55 +0800] "GET /xingrg/javascript/jquery_easy_ui/themes/default/images/tabs_rightarrow.png HTTP/1.1" 304 -
222.70.172.54 - - [13/Jul/2023:09:17:55 +0800] "GET /xingrg/javascript/jquery_easy_ui/themes/default/images/panel_tool_collapse.gif HTTP/1.1" 304 -
222.70.172.54 - - [13/Jul/2023:09:17:55 +0800] "GET /xingrg/all/function/internal_message.html?_=1689211087232&CODE_STATE=count HTTP/1.1" 200 11
222.70.172.54 - - [13/Jul/2023:09:17:55 +0800] "GET /xingrg/check_reg.html?_=1689211087232 HTTP/1.1" 200 22
222.70.172.54 - - [13/Jul/2023:09:17:56 +0800] "POST /xingrg/all/common/load_tree.html?tree=area_rest_tree_json&manage=1 HTTP/1.1" 200 479
222.70.172.54 - - [13/Jul/2023:09:17:56 +0800] "GET /xingrg/javascript/jquery_easy_ui/themes/default/images/tree_arrows.gif HTTP/1.1" 304 -
222.70.172.54 - - [13/Jul/2023:09:17:56 +0800] "POST /xingrg/load_menu.html HTTP/1.1" 200 5138
222.70.172.54 - - [13/Jul/2023:09:17:56 +0800] "GET /xingrg/javascript/jquery_easy_ui/themes/default/images/tree_folder_open.gif HTTP/1.1" 304 -
222.70.172.54 - - [13/Jul/2023:09:17:56 +0800] "GET /xingrg/javascript/jquery_easy_ui/themes/icons/search_new.png HTTP/1.1" 304 -
222.70.172.54 - - [13/Jul/2023:09:17:56 +0800] "GET /xingrg/javascript/jquery_easy_ui/themes/default/images/tree_folder.gif HTTP/1.1" 304 -
222.70.172.54 - - [13/Jul/2023:09:17:56 +0800] "GET /xingrg/javascript/jquery_easy_ui/themes/icons/storage_new.png HTTP/1.1" 304 -
222.70.172.54 - - [13/Jul/2023:09:17:56 +0800] "GET /xingrg/javascript/jquery_easy_ui/themes/icons/forms_new.png HTTP/1.1" 304 -
222.70.172.54 - - [13/Jul/2023:09:17:56 +0800] "GET /xingrg/javascript/jquery_easy_ui/themes/default/images/tree_file.gif HTTP/1.1" 304 -
114.83.219.27 - - [13/Jul/2023:09:17:57 +0800] "GET /xingrg/all/function/internal_message.html?_=1689211196102&CODE_STATE=getMsg HTTP/1.1" 200 27
222.70.180.90 - - [13/Jul/2023:09:17:57 +0800] "GET /xingrg/all/function/internal_message.html?_=1689211074911&CODE_STATE=getMsg HTTP/1.1" 200 27
114.83.218.88 - - [13/Jul/2023:09:17:57 +0800] "GET /xingrg/kc/buy/cgsh_order_operate.html?command=get_materiel&rest_code=00149&code=00101008223&supplier_code=00100008&order_time=2023-07-13 HTTP/1.1" 200 412
116.238.191.126 - - [13/Jul/2023:09:18:00 +0800] "GET /xingrg/all/function/internal_message.html?_=1689211077715&CODE_STATE=getMsg HTTP/1.1" 200 27
222.70.172.54 - - [13/Jul/2023:09:18:01 +0800] "GET /xingrg/javascript/jquery_easy_ui/themes/default/images/tabs_close.gif HTTP/1.1" 304 -
222.70.172.54 - - [13/Jul/2023:09:18:01 +0800] "GET /xingrg/kc/report/report_main.html HTTP/1.1" 200 7340
222.70.172.54 - - [13/Jul/2023:09:18:01 +0800] "GET /xingrg/javascript/pic_change.js HTTP/1.1" 304 -
222.70.172.54 - - [13/Jul/2023:09:18:01 +0800] "GET /xingrg/css/blue.css HTTP/1.1" 304 -
222.70.172.54 - - [13/Jul/2023:09:18:01 +0800] "GET /xingrg/javascript/jquery_ui/themes/humanity/humanity.css HTTP/1.1" 304 -
222.70.172.54 - - [13/Jul/2023:09:18:01 +0800] "GET /xingrg/javascript/json2.js HTTP/1.1" 304 -
222.70.172.54 - - [13/Jul/2023:09:18:01 +0800] "GET /xingrg/javascript/myfunction.js HTTP/1.1" 304 -
222.70.172.54 - - [13/Jul/2023:09:18:01 +0800] "GET /xingrg/javascript/jquery_easy_ui/themes/icons/back_new.png HTTP/1.1" 304 -
222.70.180.90 - - [13/Jul/2023:09:18:02 +0800] "GET /xingrg/kc/buy/cgsh_order_operate.html?command=get_materiel&rest_code=00111&code=00101008036&supplier_code=00100037&order_time=2023-07-13 HTTP/1.1" 200 408
222.70.172.54 - - [13/Jul/2023:09:18:03 +0800] "GET /xingrg/all/report/report_query.html?fileName=kc/buy/wlcg_mx.xml HTTP/1.1" 200 51648
222.70.172.54 - - [13/Jul/2023:09:18:03 +0800] "GET /xingrg/javascript/bigrid/fix.css HTTP/1.1" 304 -
222.70.172.54 - - [13/Jul/2023:09:18:03 +0800] "GET /xingrg/javascript/calendar/timePicker.css HTTP/1.1" 304 -
222.70.172.54 - - [13/Jul/2023:09:18:03 +0800] "GET /xingrg/dwr/interface/AjaxReportQueryService.js HTTP/1.1" 200 13203
222.70.172.54 - - [13/Jul/2023:09:18:03 +0800] "GET /xingrg/javascript/multi_select/jqueryMultiSelect.css HTTP/1.1" 304 -
222.70.172.54 - - [13/Jul/2023:09:18:03 +0800] "GET /xingrg/dwr/util.js HTTP/1.1" 200 35990
222.70.172.54 - - [13/Jul/2023:09:18:03 +0800] "GET /xingrg/dwr/engine.js HTTP/1.1" 200 43631
222.70.172.54 - - [13/Jul/2023:09:18:03 +0800] "GET /xingrg/javascript/jqueryMultiSelect.js HTTP/1.1" 304 -
222.70.172.54 - - [13/Jul/2023:09:18:03 +0800] "GET /xingrg/javascript/calendar/jquery.timePicker.min.js HTTP/1.1" 304 -
222.70.172.54 - - [13/Jul/2023:09:18:03 +0800] "GET /xingrg/javascript/Calendar.js HTTP/1.1" 304 -
222.70.172.54 - - [13/Jul/2023:09:18:03 +0800] "GET /xingrg/javascript/bigrid/fix.js HTTP/1.1" 304 -
222.70.172.54 - - [13/Jul/2023:09:18:03 +0800] "GET /xingrg/images/control/loading.gif HTTP/1.1" 304 -
222.70.172.54 - - [13/Jul/2023:09:18:03 +0800] "GET /xingrg/images/blue/button/back2over.gif HTTP/1.1" 304 -
222.70.172.54 - - [13/Jul/2023:09:18:03 +0800] "GET /xingrg/images/blue/button/advanceover.gif HTTP/1.1" 304 -
222.70.172.54 - - [13/Jul/2023:09:18:03 +0800] "GET /xingrg/images/blue/button/advance2over.gif HTTP/1.1" 304 -
222.70.172.54 - - [13/Jul/2023:09:18:03 +0800] "GET /xingrg/images/blue/button/backover.gif HTTP/1.1" 304 -
222.70.172.54 - - [13/Jul/2023:09:18:03 +0800] "GET /xingrg/javascript/jquery_easy_ui/themes/icons/help.png HTTP/1.1" 304 -
222.70.172.54 - - [13/Jul/2023:09:18:03 +0800] "GET /xingrg/javascript/jquery_easy_ui/themes/default/images/menu_downarrow.png HTTP/1.1" 304 -
222.70.172.54 - - [13/Jul/2023:09:18:03 +0800] "GET /xingrg/javascript/jquery_easy_ui/themes/default/images/menu.gif HTTP/1.1" 304 -
222.70.172.54 - - [13/Jul/2023:09:18:03 +0800] "GET /xingrg/javascript/jquery_easy_ui/themes/icons/print.png HTTP/1.1" 304 -
222.70.172.54 - - [13/Jul/2023:09:18:03 +0800] "GET /xingrg/javascript/jquery_easy_ui/themes/icons/pencil.png HTTP/1.1" 304 -
222.70.172.54 - - [13/Jul/2023:09:18:03 +0800] "GET /xingrg/javascript/jquery_easy_ui/themes/default/images/menu_rightarrow.png HTTP/1.1" 304 -
222.70.172.54 - - [13/Jul/2023:09:18:03 +0800] "POST /xingrg/dwr/call/plaincall/AjaxReportQueryService.getFixDate.dwr HTTP/1.1" 200 111
222.70.172.54 - - [13/Jul/2023:09:18:03 +0800] "POST /xingrg/dwr/call/plaincall/AjaxReportQueryService.getInitString.dwr HTTP/1.1" 200 35085
222.70.172.54 - - [13/Jul/2023:09:18:04 +0800] "GET /xingrg/javascript/multi_select/dropdown.gif HTTP/1.1" 304 -
222.70.172.54 - - [13/Jul/2023:09:18:04 +0800] "POST /xingrg/dwr/call/plaincall/AjaxReportQueryService.getInitString.dwr HTTP/1.1" 200 1023
222.70.172.54 - - [13/Jul/2023:09:18:04 +0800] "POST /xingrg/dwr/call/plaincall/AjaxReportQueryService.getInitString.dwr HTTP/1.1" 200 125
114.83.218.88 - - [13/Jul/2023:09:18:05 +0800] "POST /xingrg/kc/buy/cgsh_order_operate.html HTTP/1.1" 200 2065
180.169.147.146 - - [13/Jul/2023:09:18:12 +0800] "GET /xingrg/all/function/internal_message.html?_=1689211090968&CODE_STATE=getMsg HTTP/1.1" 200 27
180.169.147.146 - - [13/Jul/2023:09:18:12 +0800] "GET /xingrg/check_reg.html?_=1689211090974 HTTP/1.1" 200 22
114.83.218.88 - - [13/Jul/2023:09:18:13 +0800] "GET /xingrg/kc/buy/cgsh_order_operate.html?command=get_materiel&rest_code=00149&code=00101008330&supplier_code=00100008&order_time=2023-07-13 HTTP/1.1" 200 408
222.70.172.54 - - [13/Jul/2023:09:18:15 +0800] "POST /xingrg/dwr/call/plaincall/AjaxReportQueryService.refreshCache.dwr HTTP/1.1" 200 78
222.70.180.90 - - [13/Jul/2023:09:18:18 +0800] "GET /xingrg/kc/buy/cgsh_order_operate.html?command=get_materiel&rest_code=00111&code=00101008350&supplier_code=00100037&order_time=2023-07-13 HTTP/1.1" 200 408
180.169.147.146 - - [13/Jul/2023:09:18:21 +0800] "GET /xingrg/all/function/internal_message.html?_=1689211101623&CODE_STATE=getMsg HTTP/1.1" 200 27
222.70.172.54 - - [13/Jul/2023:09:18:22 +0800] "POST /xingrg/all/report/load_report_page.html HTTP/1.1" 200 168218
222.70.172.54 - - [13/Jul/2023:09:18:22 +0800] "GET /xingrg/images/blue/button/back2.gif HTTP/1.1" 304 -
222.70.172.54 - - [13/Jul/2023:09:18:22 +0800] "GET /xingrg/images/blue/button/back.gif HTTP/1.1" 304 -
222.70.172.54 - - [13/Jul/2023:09:18:22 +0800] "GET /xingrg/servlets/image?cache=0.17956850025405413&image=px HTTP/1.1" 200 807
222.70.172.54 - - [13/Jul/2023:09:18:28 +0800] "GET /xingrg/javascript/jquery_easy_ui/themes/default/images/button_plain_hover.png HTTP/1.1" 304 -
222.70.180.90 - - [13/Jul/2023:09:18:30 +0800] "GET /xingrg/kc/buy/cgsh_order_operate.html?command=get_materiel&rest_code=00111&code=00101019435&supplier_code=00100037&order_time=2023-07-13 HTTP/1.1" 200 417
114.95.42.59 - - [13/Jul/2023:09:18:36 +0800] "GET /xingrg/all/function/internal_message.html?_=1689211117433&CODE_STATE=getMsg HTTP/1.1" 200 27
222.70.172.54 - - [13/Jul/2023:09:18:36 +0800] "POST /xingrg/all/report/report_print.html HTTP/1.1" 200 36909
222.70.172.54 - - [13/Jul/2023:09:18:38 +0800] "GET /xingrg/all/function/internal_message.html?_=1689211131767&CODE_STATE=getMsg HTTP/1.1" 200 27
114.89.203.254 - - [13/Jul/2023:09:18:38 +0800] "GET /xingrg/all/function/internal_message.html?_=1689211119891&CODE_STATE=getMsg HTTP/1.1" 200 27
116.232.195.127 - - [13/Jul/2023:09:18:46 +0800] "GET /xingrg/all/function/internal_message.html?_=1689211100886&CODE_STATE=getMsg HTTP/1.1" 200 27
222.70.180.90 - - [13/Jul/2023:09:18:50 +0800] "GET /xingrg/check_reg.html?_=1689211127912 HTTP/1.1" 200 22
114.83.218.88 - - [13/Jul/2023:09:18:50 +0800] "GET /xingrg/all/function/internal_message.html?_=1689211130082&CODE_STATE=getMsg HTTP/1.1" 200 27
222.70.114.12 - - [13/Jul/2023:09:18:54 +0800] "GET /xingrg/all/function/internal_message.html?_=1689211141893&CODE_STATE=getMsg HTTP/1.1" 302 -
222.70.172.54 - - [13/Jul/2023:09:18:55 +0800] "GET /xingrg/all/function/internal_message.html?_=1689211147253&CODE_STATE=getMsg HTTP/1.1" 200 27
114.83.219.27 - - [13/Jul/2023:09:18:57 +0800] "GET /xingrg/all/function/internal_message.html?_=1689211256097&CODE_STATE=getMsg HTTP/1.1" 200 27
222.70.180.90 - - [13/Jul/2023:09:18:57 +0800] "GET /xingrg/all/function/internal_message.html?_=1689211134889&CODE_STATE=getMsg HTTP/1.1" 200 27
116.238.191.126 - - [13/Jul/2023:09:19:00 +0800] "GET /xingrg/all/function/internal_message.html?_=1689211137720&CODE_STATE=getMsg HTTP/1.1" 200 27
114.83.218.88 - - [13/Jul/2023:09:19:09 +0800] "GET /xingrg/kc/buy/cgsh_order_operate.html?command=get_materiel&rest_code=00149&code=00101008244&supplier_code=00100008&order_time=2023-07-13 HTTP/1.1" 200 408
180.169.147.146 - - [13/Jul/2023:09:19:12 +0800] "GET /xingrg/all/function/internal_message.html?_=1689211150974&CODE_STATE=getMsg HTTP/1.1" 200 27
180.169.147.146 - - [13/Jul/2023:09:19:21 +0800] "GET /xingrg/all/function/internal_message.html?_=1689211161619&CODE_STATE=getMsg HTTP/1.1" 200 27
114.95.42.59 - - [13/Jul/2023:09:19:36 +0800] "GET /xingrg/all/function/internal_message.html?_=1689211177429&CODE_STATE=getMsg HTTP/1.1" 200 27
114.95.42.59 - - [13/Jul/2023:09:19:36 +0800] "GET /xingrg/check_reg.html?_=1689211177435 HTTP/1.1" 200 22
222.70.172.54 - - [13/Jul/2023:09:19:38 +0800] "GET /xingrg/all/function/internal_message.html?_=1689211191781&CODE_STATE=getMsg HTTP/1.1" 200 27
114.89.203.254 - - [13/Jul/2023:09:19:38 +0800] "GET /xingrg/check_reg.html?_=1689211179893 HTTP/1.1" 200 22
114.89.203.254 - - [13/Jul/2023:09:19:39 +0800] "GET /xingrg/all/function/internal_message.html?_=1689211179896&CODE_STATE=getMsg HTTP/1.1" 200 27
116.232.195.127 - - [13/Jul/2023:09:19:46 +0800] "GET /xingrg/all/function/internal_message.html?_=1689211160870&CODE_STATE=getMsg HTTP/1.1" 200 27
114.83.218.88 - - [13/Jul/2023:09:19:50 +0800] "GET /xingrg/all/function/internal_message.html?_=1689211190082&CODE_STATE=getMsg HTTP/1.1" 200 27
114.83.218.88 - - [13/Jul/2023:09:19:50 +0800] "GET /xingrg/check_reg.html?_=1689211190091 HTTP/1.1" 200 22
222.70.114.12 - - [13/Jul/2023:09:19:54 +0800] "GET /xingrg/all/function/internal_message.html?_=1689211201892&CODE_STATE=getMsg HTTP/1.1" 302 -
222.70.172.54 - - [13/Jul/2023:09:19:55 +0800] "GET /xingrg/all/function/internal_message.html?_=1689211207262&CODE_STATE=getMsg HTTP/1.1" 200 27
114.83.219.27 - - [13/Jul/2023:09:19:57 +0800] "GET /xingrg/all/function/internal_message.html?_=1689211316108&CODE_STATE=getMsg HTTP/1.1" 200 27
222.70.180.90 - - [13/Jul/2023:09:19:57 +0800] "GET /xingrg/all/function/internal_message.html?_=1689211194873&CODE_STATE=getMsg HTTP/1.1" 200 27
116.238.191.126 - - [13/Jul/2023:09:20:00 +0800] "GET /xingrg/all/function/internal_message.html?_=1689211197721&CODE_STATE=getMsg HTTP/1.1" 200 27
114.83.218.88 - - [13/Jul/2023:09:20:00 +0800] "GET /xingrg/kc/buy/cgsh_order_operate.html?command=get_materiel&rest_code=00149&code=00101008502&supplier_code=00100008&order_time=2023-07-13 HTTP/1.1" 200 412
222.70.180.90 - - [13/Jul/2023:09:20:02 +0800] "GET /xingrg/kc/buy/cgsh_order_operate.html?command=get_materiel&rest_code=00111&code=00101008283&supplier_code=00100037&order_time=2023-07-13 HTTP/1.1" 200 408
180.169.147.146 - - [13/Jul/2023:09:20:12 +0800] "GET /xingrg/all/function/internal_message.html?_=1689211210973&CODE_STATE=getMsg HTTP/1.1" 200 27
180.169.147.146 - - [13/Jul/2023:09:20:21 +0800] "GET /xingrg/all/function/internal_message.html?_=1689211221627&CODE_STATE=getMsg HTTP/1.1" 200 27
114.83.218.88 - - [13/Jul/2023:09:20:24 +0800] "GET /xingrg/kc/buy/cgsh_order_operate.html?command=get_materiel&rest_code=00149&code=00101008273&supplier_code=00100008&order_time=2023-07-13 HTTP/1.1" 200 412
114.95.42.59 - - [13/Jul/2023:09:20:36 +0800] "GET /xingrg/all/function/internal_message.html?_=1689211237427&CODE_STATE=getMsg HTTP/1.1" 200 27
222.70.172.54 - - [13/Jul/2023:09:20:38 +0800] "GET /xingrg/all/function/internal_message.html?_=1689211252017&CODE_STATE=getMsg HTTP/1.1" 200 27
114.89.203.254 - - [13/Jul/2023:09:20:38 +0800] "GET /xingrg/all/function/internal_message.html?_=1689211239892&CODE_STATE=getMsg HTTP/1.1" 200 27
114.83.218.88 - - [13/Jul/2023:09:20:41 +0800] "GET /xingrg/kc/buy/cgsh_order_operate.html?command=get_materiel&rest_code=00149&code=00101008357&supplier_code=00100008&order_time=2023-07-13 HTTP/1.1" 200 408
116.232.195.127 - - [13/Jul/2023:09:20:46 +0800] "GET /xingrg/all/function/internal_message.html?_=1689211220863&CODE_STATE=getMsg HTTP/1.1" 200 27
222.70.180.90 - - [13/Jul/2023:09:20:48 +0800] "GET /xingrg/kc/buy/cgsh_order_operate.html?command=get_materiel&rest_code=00111&code=00101006084&supplier_code=00100037&order_time=2023-07-13 HTTP/1.1" 200 413
114.83.218.88 - - [13/Jul/2023:09:20:50 +0800] "GET /xingrg/all/function/internal_message.html?_=1689211250088&CODE_STATE=getMsg HTTP/1.1" 200 27
222.70.114.12 - - [13/Jul/2023:09:20:54 +0800] "GET /xingrg/all/function/internal_message.html?_=1689211261892&CODE_STATE=getMsg HTTP/1.1" 302 -
114.83.218.88 - - [13/Jul/2023:09:20:54 +0800] "POST /xingrg/kc/buy/cgsh_order_operate.html HTTP/1.1" 200 2065
222.70.172.54 - - [13/Jul/2023:09:20:56 +0800] "GET /xingrg/all/function/internal_message.html?_=1689211267279&CODE_STATE=getMsg HTTP/1.1" 200 27
114.83.219.27 - - [13/Jul/2023:09:20:57 +0800] "GET /xingrg/all/function/internal_message.html?_=1689211376108&CODE_STATE=getMsg HTTP/1.1" 200 27
222.70.180.90 - - [13/Jul/2023:09:20:57 +0800] "GET /xingrg/all/function/internal_message.html?_=1689211254845&CODE_STATE=getMsg HTTP/1.1" 200 27
116.238.191.126 - - [13/Jul/2023:09:21:00 +0800] "GET /xingrg/all/function/internal_message.html?_=1689211257722&CODE_STATE=getMsg HTTP/1.1" 200 27
114.83.218.88 - - [13/Jul/2023:09:21:10 +0800] "GET /xingrg/kc/buy/cgsh_order_operate.html?command=get_materiel&rest_code=00149&code=00101008286&supplier_code=00100008&order_time=2023-07-13 HTTP/1.1" 200 408
180.169.147.146 - - [13/Jul/2023:09:21:12 +0800] "GET /xingrg/all/function/internal_message.html?_=1689211270973&CODE_STATE=getMsg HTTP/1.1" 200 27
222.70.180.90 - - [13/Jul/2023:09:21:13 +0800] "GET /xingrg/kc/buy/cgsh_order_operate.html?command=get_materiel&rest_code=00111&code=00101006057&supplier_code=00100037&order_time=2023-07-13 HTTP/1.1" 200 413
222.70.172.54 - - [13/Jul/2023:09:21:14 +0800] "POST /xingrg/services/DataTransmitService HTTP/1.1" 200 524
222.70.172.54 - - [13/Jul/2023:09:21:15 +0800] "POST /xingrg/services/DataTransmitService HTTP/1.1" 200 412
222.70.172.54 - - [13/Jul/2023:09:21:16 +0800] "POST /xingrg/services/DataTransmitService HTTP/1.1" 200 524
222.70.172.54 - - [13/Jul/2023:09:21:18 +0800] "POST /xingrg/services/DataTransmitService HTTP/1.1" 200 412
222.70.172.54 - - [13/Jul/2023:09:21:19 +0800] "POST /xingrg/services/DataTransmitService HTTP/1.1" 200 524
222.70.172.54 - - [13/Jul/2023:09:21:20 +0800] "POST /xingrg/services/DataTransmitService HTTP/1.1" 200 412
222.70.172.54 - - [13/Jul/2023:09:21:21 +0800] "POST /xingrg/services/DataTransmitService HTTP/1.1" 200 524
180.169.147.146 - - [13/Jul/2023:09:21:21 +0800] "GET /xingrg/all/function/internal_message.html?_=1689211281629&CODE_STATE=getMsg HTTP/1.1" 200 27
222.70.172.54 - - [13/Jul/2023:09:21:22 +0800] "POST /xingrg/services/DataTransmitService HTTP/1.1" 200 412
222.70.172.54 - - [13/Jul/2023:09:21:22 +0800] "POST /xingrg/services/DataTransmitService HTTP/1.1" 200 524
222.70.172.54 - - [13/Jul/2023:09:21:24 +0800] "POST /xingrg/services/DataTransmitService HTTP/1.1" 200 2335
222.70.180.90 - - [13/Jul/2023:09:21:25 +0800] "GET /xingrg/kc/buy/cgsh_order_operate.html?command=get_materiel&rest_code=00111&code=00101006112&supplier_code=00100037&order_time=2023-07-13 HTTP/1.1" 200 409
222.70.172.54 - - [13/Jul/2023:09:21:26 +0800] "POST /xingrg/services/DataTransmitService HTTP/1.1" 200 174267
114.95.42.59 - - [13/Jul/2023:09:21:36 +0800] "GET /xingrg/all/function/internal_message.html?_=1689211297424&CODE_STATE=getMsg HTTP/1.1" 200 27
114.83.218.88 - - [13/Jul/2023:09:21:36 +0800] "GET /xingrg/kc/buy/cgsh_order_operate.html?command=get_materiel&rest_code=00149&code=00101008036&supplier_code=00100008&order_time=2023-07-13 HTTP/1.1" 200 408
222.70.172.54 - - [13/Jul/2023:09:21:38 +0800] "GET /xingrg/all/function/internal_message.html?_=1689211312025&CODE_STATE=getMsg HTTP/1.1" 200 27
114.89.203.254 - - [13/Jul/2023:09:21:38 +0800] "GET /xingrg/all/function/internal_message.html?_=1689211299887&CODE_STATE=getMsg HTTP/1.1" 200 27
116.232.195.127 - - [13/Jul/2023:09:21:46 +0800] "GET /xingrg/all/function/internal_message.html?_=1689211280848&CODE_STATE=getMsg HTTP/1.1" 200 27
114.83.218.88 - - [13/Jul/2023:09:21:51 +0800] "GET /xingrg/all/function/internal_message.html?_=1689211310165&CODE_STATE=getMsg HTTP/1.1" 200 27
222.70.180.90 - - [13/Jul/2023:09:21:51 +0800] "POST /xingrg/kc/buy/cgsh_order_operate.html HTTP/1.1" 200 37
222.70.172.54 - - [13/Jul/2023:09:21:53 +0800] "POST /xingrg/services/DataTransmitService HTTP/1.1" 200 524
222.70.114.12 - - [13/Jul/2023:09:21:54 +0800] "GET /xingrg/check_reg.html?_=1689211321907 HTTP/1.1" 302 -
222.70.114.12 - - [13/Jul/2023:09:21:54 +0800] "GET /xingrg/all/function/internal_message.html?_=1689211321906&CODE_STATE=getMsg HTTP/1.1" 302 -
222.70.172.54 - - [13/Jul/2023:09:21:55 +0800] "POST /xingrg/services/DataTransmitService HTTP/1.1" 200 497
222.70.172.54 - - [13/Jul/2023:09:21:56 +0800] "GET /xingrg/all/function/internal_message.html?_=1689211327289&CODE_STATE=getMsg HTTP/1.1" 200 27
114.83.219.27 - - [13/Jul/2023:09:21:57 +0800] "GET /xingrg/check_reg.html?_=1689211436106 HTTP/1.1" 200 22
114.83.219.27 - - [13/Jul/2023:09:21:57 +0800] "GET /xingrg/all/function/internal_message.html?_=1689211436108&CODE_STATE=getMsg HTTP/1.1" 200 27
222.70.172.54 - - [13/Jul/2023:09:21:59 +0800] "POST /xingrg/services/DataTransmitService HTTP/1.1" 200 524
116.238.191.126 - - [13/Jul/2023:09:22:00 +0800] "GET /xingrg/check_reg.html?_=1689211317711 HTTP/1.1" 200 22
116.238.191.126 - - [13/Jul/2023:09:22:03 +0800] "GET /xingrg/all/function/internal_message.html?_=1689211317715&CODE_STATE=getMsg HTTP/1.1" 200 27
114.83.218.88 - - [13/Jul/2023:09:22:04 +0800] "GET /xingrg/kc/buy/cgsh_order_operate.html?command=get_materiel&rest_code=00149&code=00101008131&supplier_code=00100008&order_time=2023-07-13 HTTP/1.1" 200 409
180.169.147.146 - - [13/Jul/2023:09:22:12 +0800] "GET /xingrg/all/function/internal_message.html?_=1689211330974&CODE_STATE=getMsg HTTP/1.1" 200 27
222.70.180.90 - - [13/Jul/2023:09:22:12 +0800] "POST /xingrg/kc/buy/cgsh_order_operate.html HTTP/1.1" 200 10959
222.70.180.90 - - [13/Jul/2023:09:22:15 +0800] "GET /xingrg/kc/print/load_data.html?order_code=212023071304997&kc_code=cgsh&condition= HTTP/1.1" 200 3860
114.83.218.88 - - [13/Jul/2023:09:22:21 +0800] "POST /xingrg/kc/buy/cgsh_order_operate.html HTTP/1.1" 200 2065
180.169.147.146 - - [13/Jul/2023:09:22:21 +0800] "GET /xingrg/all/function/internal_message.html?_=1689211341628&CODE_STATE=getMsg HTTP/1.1" 200 27
180.169.147.146 - - [13/Jul/2023:09:22:21 +0800] "GET /xingrg/check_reg.html?_=1689211341633 HTTP/1.1" 200 22
114.95.42.59 - - [13/Jul/2023:09:22:36 +0800] "GET /xingrg/all/function/internal_message.html?_=1689211357428&CODE_STATE=getMsg HTTP/1.1" 200 27
222.70.172.54 - - [13/Jul/2023:09:22:38 +0800] "GET /xingrg/all/function/internal_message.html?_=1689211372310&CODE_STATE=getMsg HTTP/1.1" 200 27
114.89.203.254 - - [13/Jul/2023:09:22:38 +0800] "GET /xingrg/all/function/internal_message.html?_=1689211359894&CODE_STATE=getMsg HTTP/1.1" 200 27
114.83.218.88 - - [13/Jul/2023:09:22:39 +0800] "GET /xingrg/kc/buy/cgsh_order_operate.html?command=get_materiel&rest_code=00149&code=00101008296&supplier_code=00100008&order_time=2023-07-13 HTTP/1.1" 200 416
116.232.195.127 - - [13/Jul/2023:09:22:42 +0800] "GET /xingrg/check_reg.html?_=1689211336886 HTTP/1.1" 200 22
116.232.195.127 - - [13/Jul/2023:09:22:46 +0800] "GET /xingrg/all/function/internal_message.html?_=1689211340837&CODE_STATE=getMsg HTTP/1.1" 200 27
114.83.218.88 - - [13/Jul/2023:09:22:51 +0800] "GET /xingrg/all/function/internal_message.html?_=1689211370140&CODE_STATE=getMsg HTTP/1.1" 200 27
222.70.172.54 - - [13/Jul/2023:09:22:52 +0800] "GET /xingrg/check_reg.html?_=1689211386297 HTTP/1.1" 200 22
222.70.114.12 - - [13/Jul/2023:09:22:54 +0800] "GET /xingrg/all/function/internal_message.html?_=1689211381905&CODE_STATE=getMsg HTTP/1.1" 302 -
222.70.172.54 - - [13/Jul/2023:09:22:55 +0800] "GET /xingrg/check_reg.html?_=1689211387243 HTTP/1.1" 200 22
222.70.172.54 - - [13/Jul/2023:09:22:56 +0800] "GET /xingrg/all/function/internal_message.html?_=1689211387302&CODE_STATE=getMsg HTTP/1.1" 200 27
222.70.172.54 - - [13/Jul/2023:09:22:56 +0800] "POST /xingrg/services/DataTransmitService HTTP/1.1" 200 501
114.83.219.27 - - [13/Jul/2023:09:22:57 +0800] "GET /xingrg/all/function/internal_message.html?_=1689211496104&CODE_STATE=getMsg HTTP/1.1" 200 27
222.70.180.90 - - [13/Jul/2023:09:22:57 +0800] "GET /xingrg/all/function/internal_message.html?_=1689211374858&CODE_STATE=getMsg HTTP/1.1" 200 27
114.83.218.88 - - [13/Jul/2023:09:22:57 +0800] "GET /xingrg/kc/buy/cgsh_order_operate.html?command=get_materiel&rest_code=00149&code=00101008352&supplier_code=00100008&order_time=2023-07-13 HTTP/1.1" 200 412
116.238.191.126 - - [13/Jul/2023:09:23:00 +0800] "GET /xingrg/all/function/internal_message.html?_=1689211377724&CODE_STATE=getMsg HTTP/1.1" 200 27
180.169.147.146 - - [13/Jul/2023:09:23:12 +0800] "GET /xingrg/check_reg.html?_=1689211390965 HTTP/1.1" 200 22
180.169.147.146 - - [13/Jul/2023:09:23:12 +0800] "GET /xingrg/all/function/internal_message.html?_=1689211390970&CODE_STATE=getMsg HTTP/1.1" 200 27
180.169.147.146 - - [13/Jul/2023:09:23:21 +0800] "GET /xingrg/all/function/internal_message.html?_=1689211401624&CODE_STATE=getMsg HTTP/1.1" 200 27
114.83.218.88 - - [13/Jul/2023:09:23:23 +0800] "GET /xingrg/kc/buy/cgsh_order_operate.html?command=get_materiel&rest_code=00149&code=00101008098&supplier_code=00100008&order_time=2023-07-13 HTTP/1.1" 200 412
114.95.42.59 - - [13/Jul/2023:09:23:36 +0800] "GET /xingrg/all/function/internal_message.html?_=1689211417434&CODE_STATE=getMsg HTTP/1.1" 200 27
222.70.172.54 - - [13/Jul/2023:09:23:38 +0800] "GET /xingrg/all/function/internal_message.html?_=1689211432319&CODE_STATE=getMsg HTTP/1.1" 200 27
114.89.203.254 - - [13/Jul/2023:09:23:38 +0800] "GET /xingrg/all/function/internal_message.html?_=1689211419883&CODE_STATE=getMsg HTTP/1.1" 200 27
222.70.180.90 - - [13/Jul/2023:09:23:39 +0800] "GET /xingrg/kc/buy/cgsh_order_operate.html?command=get_materiel&rest_code=00111&code=00101009113&supplier_code=00100037&order_time=2023-07-13 HTTP/1.1" 200 412
61.170.233.201 - - [13/Jul/2023:09:23:41 +0800] "POST /xingrg/kc/buy/cgsh_order_operate.html HTTP/1.1" 200 8579
114.83.218.88 - - [13/Jul/2023:09:23:44 +0800] "GET /xingrg/kc/buy/cgsh_order_operate.html?command=get_materiel&rest_code=00149&code=00101008005&supplier_code=00100008&order_time=2023-07-13 HTTP/1.1" 200 412
116.232.195.127 - - [13/Jul/2023:09:23:45 +0800] "GET /xingrg/all/function/internal_message.html?_=1689211400815&CODE_STATE=getMsg HTTP/1.1" 200 27
222.70.172.54 - - [13/Jul/2023:09:23:46 +0800] "POST /xingrg/services/DataTransmitService HTTP/1.1" 200 524
61.170.233.201 - - [13/Jul/2023:09:23:49 +0800] "GET /xingrg/kc/buy/cgsh_order_operate.html?command=get_materiel&rest_code=00106&code=00101006133&supplier_code=00100096&order_time=2023-07-13 HTTP/1.1" 200 415
222.70.180.90 - - [13/Jul/2023:09:23:50 +0800] "GET /xingrg/check_reg.html?_=1689211427934 HTTP/1.1" 200 22
114.83.218.88 - - [13/Jul/2023:09:23:51 +0800] "GET /xingrg/all/function/internal_message.html?_=1689211430124&CODE_STATE=getMsg HTTP/1.1" 200 27
222.70.114.12 - - [13/Jul/2023:09:23:54 +0800] "GET /xingrg/all/function/internal_message.html?_=1689211441904&CODE_STATE=getMsg HTTP/1.1" 302 -
222.70.172.54 - - [13/Jul/2023:09:23:56 +0800] "GET /xingrg/all/function/internal_message.html?_=1689211447316&CODE_STATE=getMsg HTTP/1.1" 200 27
114.83.219.27 - - [13/Jul/2023:09:23:57 +0800] "GET /xingrg/all/function/internal_message.html?_=1689211556102&CODE_STATE=getMsg HTTP/1.1" 200 27
222.70.180.90 - - [13/Jul/2023:09:23:57 +0800] "GET /xingrg/all/function/internal_message.html?_=1689211434829&CODE_STATE=getMsg HTTP/1.1" 200 27
222.70.180.90 - - [13/Jul/2023:09:23:58 +0800] "GET /xingrg/kc/buy/cgsh_order_operate.html?command=get_materiel&rest_code=00111&code=00101009160&supplier_code=00100037&order_time=2023-07-13 HTTP/1.1" 200 415
116.238.191.126 - - [13/Jul/2023:09:24:00 +0800] "GET /xingrg/all/function/internal_message.html?_=1689211437721&CODE_STATE=getMsg HTTP/1.1" 200 27
180.169.147.146 - - [13/Jul/2023:09:24:12 +0800] "GET /xingrg/all/function/internal_message.html?_=1689211450968&CODE_STATE=getMsg HTTP/1.1" 200 27
222.70.180.90 - - [13/Jul/2023:09:24:12 +0800] "GET /xingrg/kc/buy/cgsh_order_operate.html?command=get_materiel&rest_code=00111&code=00101009011&supplier_code=00100037&order_time=2023-07-13 HTTP/1.1" 200 416
61.170.233.201 - - [13/Jul/2023:09:24:12 +0800] "POST /xingrg/kc/buy/cgsh_order_operate.html HTTP/1.1" 200 37
61.170.233.201 - - [13/Jul/2023:09:24:15 +0800] "POST /xingrg/kc/buy/cgsh_order_operate.html HTTP/1.1" 200 9175
180.169.147.146 - - [13/Jul/2023:09:24:21 +0800] "GET /xingrg/all/function/internal_message.html?_=1689211461632&CODE_STATE=getMsg HTTP/1.1" 200 27
114.83.218.88 - - [13/Jul/2023:09:24:22 +0800] "GET /xingrg/kc/buy/cgsh_order_operate.html?command=get_materiel&rest_code=00149&code=00101008353&supplier_code=00100008&order_time=2023-07-13 HTTP/1.1" 200 408
114.95.42.59 - - [13/Jul/2023:09:24:36 +0800] "GET /xingrg/check_reg.html?_=1689211477447 HTTP/1.1" 200 22
114.95.42.59 - - [13/Jul/2023:09:24:36 +0800] "GET /xingrg/all/function/internal_message.html?_=1689211477448&CODE_STATE=getMsg HTTP/1.1" 200 27
61.170.233.201 - - [13/Jul/2023:09:24:37 +0800] "GET /xingrg/all/function/internal_message.html?_=1689211469031&CODE_STATE=getMsg HTTP/1.1" 200 27
222.70.172.54 - - [13/Jul/2023:09:24:38 +0800] "GET /xingrg/all/function/internal_message.html?_=1689211492331&CODE_STATE=getMsg HTTP/1.1" 200 27
114.89.203.254 - - [13/Jul/2023:09:24:38 +0800] "GET /xingrg/all/function/internal_message.html?_=1689211479891&CODE_STATE=getMsg HTTP/1.1" 200 27
114.89.203.254 - - [13/Jul/2023:09:24:38 +0800] "GET /xingrg/check_reg.html?_=1689211479891 HTTP/1.1" 200 22
116.238.191.126 - - [13/Jul/2023:09:24:41 +0800] "GET /xingrg/kc/buy/cgsh_order_add.html HTTP/1.1" 200 71664
116.238.191.126 - - [13/Jul/2023:09:24:42 +0800] "POST /xingrg/kc/buy/cgsh_order_operate.html HTTP/1.1" 200 8245
116.238.191.126 - - [13/Jul/2023:09:24:42 +0800] "GET /xingrg/javascript/easyui/themes/default/validatebox.css HTTP/1.1" 404 1104
114.83.218.88 - - [13/Jul/2023:09:24:42 +0800] "POST /xingrg/kc/buy/cgsh_order_operate.html HTTP/1.1" 200 2065
116.232.195.127 - - [13/Jul/2023:09:24:45 +0800] "GET /xingrg/all/function/internal_message.html?_=1689211460793&CODE_STATE=getMsg HTTP/1.1" 200 27
114.83.218.88 - - [13/Jul/2023:09:24:50 +0800] "GET /xingrg/check_reg.html?_=1689211490096 HTTP/1.1" 200 22
114.83.218.88 - - [13/Jul/2023:09:24:50 +0800] "GET /xingrg/all/function/internal_message.html?_=1689211490099&CODE_STATE=getMsg HTTP/1.1" 200 27
222.70.114.12 - - [13/Jul/2023:09:24:54 +0800] "GET /xingrg/all/function/internal_message.html?_=1689211501930&CODE_STATE=getMsg HTTP/1.1" 302 -
114.83.218.88 - - [13/Jul/2023:09:24:55 +0800] "GET /xingrg/kc/buy/cgsh_order_operate.html?command=get_materiel&rest_code=00149&code=00101008213&supplier_code=00100008&order_time=2023-07-13 HTTP/1.1" 200 412
222.70.172.54 - - [13/Jul/2023:09:24:56 +0800] "GET /xingrg/all/function/internal_message.html?_=1689211507330&CODE_STATE=getMsg HTTP/1.1" 200 27
116.238.191.126 - - [13/Jul/2023:09:24:56 +0800] "GET /xingrg/kc/buy/cgsh_order_operate.html?command=get_materiel&rest_code=00150&code=00101012025&supplier_code=00100096&order_time=2023-07-13 HTTP/1.1" 200 412
114.83.219.27 - - [13/Jul/2023:09:24:57 +0800] "GET /xingrg/all/function/internal_message.html?_=1689211616094&CODE_STATE=getMsg HTTP/1.1" 200 27
222.70.180.90 - - [13/Jul/2023:09:24:57 +0800] "GET /xingrg/all/function/internal_message.html?_=1689211494805&CODE_STATE=getMsg HTTP/1.1" 200 27
116.238.191.126 - - [13/Jul/2023:09:25:00 +0800] "GET /xingrg/all/function/internal_message.html?_=1689211497737&CODE_STATE=getMsg HTTP/1.1" 200 27
61.170.233.201 - - [13/Jul/2023:09:25:03 +0800] "POST /xingrg/kc/buy/cgsh_order_operate.html HTTP/1.1" 200 37
116.238.191.126 - - [13/Jul/2023:09:25:12 +0800] "GET /xingrg/kc/buy/cgsh_order_operate.html?command=get_materiel&rest_code=00150&code=00101001010&supplier_code=00100096&order_time=2023-07-13 HTTP/1.1" 200 411
180.169.147.146 - - [13/Jul/2023:09:25:12 +0800] "GET /xingrg/all/function/internal_message.html?_=1689211510954&CODE_STATE=getMsg HTTP/1.1" 200 27
61.170.233.201 - - [13/Jul/2023:09:25:17 +0800] "POST /xingrg/kc/buy/cgsh_order_operate.html HTTP/1.1" 200 9175
180.169.147.146 - - [13/Jul/2023:09:25:21 +0800] "GET /xingrg/all/function/internal_message.html?_=1689211521628&CODE_STATE=getMsg HTTP/1.1" 200 27
61.170.233.201 - - [13/Jul/2023:09:25:24 +0800] "GET /xingrg/kc/buy/cgsh_order_operate.html?command=get_materiel&rest_code=00106&code=00101007027&supplier_code=00100096&order_time=2023-07-13 HTTP/1.1" 200 427
222.70.180.90 - - [13/Jul/2023:09:25:25 +0800] "POST /xingrg/services/DataTransmitService HTTP/1.1" 200 524
116.238.191.126 - - [13/Jul/2023:09:25:25 +0800] "POST /xingrg/services/DataTransmitService HTTP/1.1" 200 524
222.70.172.54 - - [13/Jul/2023:09:25:25 +0800] "POST /xingrg/services/DataTransmitService HTTP/1.1" 200 501
116.238.191.126 - - [13/Jul/2023:09:25:29 +0800] "GET /xingrg/kc/buy/cgsh_order_operate.html?command=get_materiel&rest_code=00150&code=00101001075&supplier_code=00100096&order_time=2023-07-13 HTTP/1.1" 200 411
222.70.172.54 - - [13/Jul/2023:09:25:30 +0800] "POST /xingrg/services/DataTransmitService HTTP/1.1" 200 524
222.70.172.54 - - [13/Jul/2023:09:25:32 +0800] "POST /xingrg/services/DataTransmitService HTTP/1.1" 200 412
222.70.172.54 - - [13/Jul/2023:09:25:32 +0800] "POST /xingrg/services/DataTransmitService HTTP/1.1" 200 524
222.70.172.54 - - [13/Jul/2023:09:25:33 +0800] "POST /xingrg/services/DataTransmitService HTTP/1.1" 200 412
222.70.172.54 - - [13/Jul/2023:09:25:34 +0800] "POST /xingrg/services/DataTransmitService HTTP/1.1" 200 524
222.70.172.54 - - [13/Jul/2023:09:25:35 +0800] "POST /xingrg/services/DataTransmitService HTTP/1.1" 200 412
114.95.42.59 - - [13/Jul/2023:09:25:36 +0800] "GET /xingrg/all/function/internal_message.html?_=1689211537668&CODE_STATE=getMsg HTTP/1.1" 200 27
61.170.233.201 - - [13/Jul/2023:09:25:37 +0800] "GET /xingrg/all/function/internal_message.html?_=1689211529008&CODE_STATE=getMsg HTTP/1.1" 200 27
222.70.172.54 - - [13/Jul/2023:09:25:38 +0800] "GET /xingrg/all/function/internal_message.html?_=1689211552554&CODE_STATE=getMsg HTTP/1.1" 200 27
114.89.203.254 - - [13/Jul/2023:09:25:38 +0800] "GET /xingrg/all/function/internal_message.html?_=1689211539889&CODE_STATE=getMsg HTTP/1.1" 200 27
61.170.233.201 - - [13/Jul/2023:09:25:41 +0800] "GET /xingrg/kc/buy/cgsh_order_operate.html?command=get_materiel&rest_code=00106&code=00101007061&supplier_code=00100096&order_time=2023-07-13 HTTP/1.1" 200 411
222.70.172.54 - - [13/Jul/2023:09:25:43 +0800] "POST /xingrg/services/DataTransmitService HTTP/1.1" 200 524
222.70.172.54 - - [13/Jul/2023:09:25:44 +0800] "POST /xingrg/services/DataTransmitService HTTP/1.1" 200 412
116.232.195.127 - - [13/Jul/2023:09:25:45 +0800] "GET /xingrg/all/function/internal_message.html?_=1689211520775&CODE_STATE=getMsg HTTP/1.1" 200 27
116.238.191.126 - - [13/Jul/2023:09:25:46 +0800] "GET /xingrg/kc/buy/cgsh_order_operate.html?command=get_materiel&rest_code=00150&code=00101006129&supplier_code=00100096&order_time=2023-07-13 HTTP/1.1" 200 431
114.83.218.88 - - [13/Jul/2023:09:25:51 +0800] "GET /xingrg/all/function/internal_message.html?_=1689211550163&CODE_STATE=getMsg HTTP/1.1" 200 27
222.70.114.12 - - [13/Jul/2023:09:25:54 +0800] "GET /xingrg/all/function/internal_message.html?_=1689211561929&CODE_STATE=getMsg HTTP/1.1" 302 -
61.170.233.201 - - [13/Jul/2023:09:25:54 +0800] "GET /xingrg/kc/buy/cgsh_order_operate.html?command=get_materiel&rest_code=00106&code=00101007049&supplier_code=00100096&order_time=2023-07-13 HTTP/1.1" 200 409
222.70.172.54 - - [13/Jul/2023:09:25:56 +0800] "GET /xingrg/all/function/internal_message.html?_=1689211567348&CODE_STATE=getMsg HTTP/1.1" 200 27
114.83.219.27 - - [13/Jul/2023:09:25:57 +0800] "GET /xingrg/all/function/internal_message.html?_=1689211676111&CODE_STATE=getMsg HTTP/1.1" 200 27
222.70.180.90 - - [13/Jul/2023:09:25:57 +0800] "GET /xingrg/all/function/internal_message.html?_=1689211554778&CODE_STATE=getMsg HTTP/1.1" 200 27
116.238.191.126 - - [13/Jul/2023:09:26:00 +0800] "GET /xingrg/all/function/internal_message.html?_=1689211557724&CODE_STATE=getMsg HTTP/1.1" 200 27
61.170.233.201 - - [13/Jul/2023:09:26:06 +0800] "POST /xingrg/kc/buy/cgsh_order_operate.html HTTP/1.1" 200 37
61.170.233.201 - - [13/Jul/2023:09:26:10 +0800] "POST /xingrg/kc/buy/cgsh_order_operate.html HTTP/1.1" 200 10960
180.169.147.146 - - [13/Jul/2023:09:26:12 +0800] "GET /xingrg/all/function/internal_message.html?_=1689211570967&CODE_STATE=getMsg HTTP/1.1" 200 27
116.238.191.126 - - [13/Jul/2023:09:26:14 +0800] "GET /xingrg/kc/buy/cgsh_order_operate.html?command=get_materiel&rest_code=00150&code=00101006203&supplier_code=00100096&order_time=2023-07-13 HTTP/1.1" 200 412
180.169.147.146 - - [13/Jul/2023:09:26:21 +0800] "GET /xingrg/all/function/internal_message.html?_=1689211581638&CODE_STATE=getMsg HTTP/1.1" 200 27
61.170.233.201 - - [13/Jul/2023:09:26:26 +0800] "POST /xingrg/kc/buy/cgsh_list_operate.html HTTP/1.1" 200 2285
116.238.191.126 - - [13/Jul/2023:09:26:31 +0800] "GET /xingrg/kc/buy/cgsh_order_operate.html?command=get_materiel&rest_code=00150&code=00101007061&supplier_code=00100096&order_time=2023-07-13 HTTP/1.1" 200 411
114.83.218.88 - - [13/Jul/2023:09:26:31 +0800] "GET /xingrg/kc/buy/cgsh_order_operate.html?command=get_materiel&rest_code=00149&code=00101008291&supplier_code=00100008&order_time=2023-07-13 HTTP/1.1" 200 410
222.70.172.54 - - [13/Jul/2023:09:26:31 +0800] "POST /xingrg/services/DataTransmitService HTTP/1.1" 200 524
222.70.172.54 - - [13/Jul/2023:09:26:33 +0800] "POST /xingrg/services/DataTransmitService HTTP/1.1" 200 412
222.70.172.54 - - [13/Jul/2023:09:26:33 +0800] "POST /xingrg/services/DataTransmitService HTTP/1.1" 200 524
222.70.172.54 - - [13/Jul/2023:09:26:34 +0800] "POST /xingrg/services/DataTransmitService HTTP/1.1" 200 412
61.170.233.201 - - [13/Jul/2023:09:26:35 +0800] "POST /xingrg/kc/buy/cgsh_list_operate.html HTTP/1.1" 200 562
114.95.42.59 - - [13/Jul/2023:09:26:36 +0800] "GET /xingrg/all/function/internal_message.html?_=1689211597518&CODE_STATE=getMsg HTTP/1.1" 200 27
61.170.233.201 - - [13/Jul/2023:09:26:36 +0800] "GET /xingrg/check_reg.html?_=1689211587889 HTTP/1.1" 200 22
61.170.233.201 - - [13/Jul/2023:09:26:37 +0800] "GET /xingrg/all/function/internal_message.html?_=1689211589012&CODE_STATE=getMsg HTTP/1.1" 200 27
180.163.30.100 - - [13/Jul/2023:09:26:38 +0800] "GET /xingrg/kc/buy/cgsh_order_operate.html?command=get_materiel&rest_code=00106&code=00101007061&supplier_code=00100096&order_time=2023-07-13 HTTP/1.1" 302 -
180.163.30.100 - - [13/Jul/2023:09:26:38 +0800] "GET /xingrg/login.html HTTP/1.1" 200 7641
222.70.172.54 - - [13/Jul/2023:09:26:38 +0800] "GET /xingrg/all/function/internal_message.html?_=1689211612561&CODE_STATE=getMsg HTTP/1.1" 200 27
114.89.203.254 - - [13/Jul/2023:09:26:39 +0800] "GET /xingrg/all/function/internal_message.html?_=1689211599903&CODE_STATE=getMsg HTTP/1.1" 200 27
116.238.191.126 - - [13/Jul/2023:09:26:42 +0800] "GET /xingrg/kc/buy/cgsh_order_operate.html?command=get_materiel&rest_code=00150&code=00101007006&supplier_code=00100096&order_time=2023-07-13 HTTP/1.1" 200 414
61.170.233.201 - - [13/Jul/2023:09:26:43 +0800] "GET /xingrg/kc/buy/cgsh_order_info.html?code=212023071304981 HTTP/1.1" 200 71629
61.170.233.201 - - [13/Jul/2023:09:26:44 +0800] "GET /xingrg/javascript/easyui/themes/default/validatebox.css HTTP/1.1" 404 1104
61.170.233.201 - - [13/Jul/2023:09:26:45 +0800] "POST /xingrg/kc/buy/cgsh_order_operate.html HTTP/1.1" 200 26902
116.232.195.127 - - [13/Jul/2023:09:26:45 +0800] "GET /xingrg/all/function/internal_message.html?_=1689211580755&CODE_STATE=getMsg HTTP/1.1" 200 27
61.170.233.201 - - [13/Jul/2023:09:26:46 +0800] "POST /xingrg/kc/buy/cgsh_list_operate.html HTTP/1.1" 200 2285
180.165.154.167 - - [13/Jul/2023:09:26:49 +0800] "POST /xingrg/services/DataTransmitService HTTP/1.1" 200 524
114.83.218.88 - - [13/Jul/2023:09:26:51 +0800] "GET /xingrg/all/function/internal_message.html?_=1689211610139&CODE_STATE=getMsg HTTP/1.1" 200 27
222.70.114.12 - - [13/Jul/2023:09:26:54 +0800] "GET /xingrg/all/function/internal_message.html?_=1689211621927&CODE_STATE=getMsg HTTP/1.1" 302 -
222.70.114.12 - - [13/Jul/2023:09:26:54 +0800] "GET /xingrg/check_reg.html?_=1689211621930 HTTP/1.1" 302 -
124.79.243.110 - - [13/Jul/2023:09:26:55 +0800] "POST /xingrg/services/DataTransmitService HTTP/1.1" 200 524
114.83.218.88 - - [13/Jul/2023:09:26:55 +0800] "GET /xingrg/kc/buy/cgsh_order_operate.html?command=get_materiel&rest_code=00149&code=00101008095&supplier_code=00100008&order_time=2023-07-13 HTTP/1.1" 200 412
222.70.172.54 - - [13/Jul/2023:09:26:56 +0800] "GET /xingrg/all/function/internal_message.html?_=1689211627357&CODE_STATE=getMsg HTTP/1.1" 200 27
114.83.219.27 - - [13/Jul/2023:09:26:57 +0800] "GET /xingrg/check_reg.html?_=1689211736114 HTTP/1.1" 200 22
114.83.219.27 - - [13/Jul/2023:09:26:57 +0800] "GET /xingrg/all/function/internal_message.html?_=1689211736116&CODE_STATE=getMsg HTTP/1.1" 200 27
222.70.180.90 - - [13/Jul/2023:09:26:57 +0800] "GET /xingrg/all/function/internal_message.html?_=1689211614763&CODE_STATE=getMsg HTTP/1.1" 200 27
222.70.172.54 - - [13/Jul/2023:09:26:58 +0800] "POST /xingrg/services/DataTransmitService HTTP/1.1" 200 524
222.70.172.54 - - [13/Jul/2023:09:26:59 +0800] "POST /xingrg/services/DataTransmitService HTTP/1.1" 200 412
116.238.191.126 - - [13/Jul/2023:09:27:00 +0800] "GET /xingrg/all/function/internal_message.html?_=1689211617741&CODE_STATE=getMsg HTTP/1.1" 200 27
116.238.191.126 - - [13/Jul/2023:09:27:00 +0800] "GET /xingrg/check_reg.html?_=1689211617746 HTTP/1.1" 200 22
222.70.172.54 - - [13/Jul/2023:09:27:01 +0800] "POST /xingrg/services/DataTransmitService HTTP/1.1" 200 524
222.70.172.54 - - [13/Jul/2023:09:27:02 +0800] "POST /xingrg/services/DataTransmitService HTTP/1.1" 200 2335
61.170.233.201 - - [13/Jul/2023:09:27:11 +0800] "POST /xingrg/kc/buy/cgsh_order_operate.html HTTP/1.1" 200 37
180.169.147.146 - - [13/Jul/2023:09:27:12 +0800] "GET /xingrg/all/function/internal_message.html?_=1689211630963&CODE_STATE=getMsg HTTP/1.1" 200 27
222.70.172.54 - - [13/Jul/2023:09:27:15 +0800] "POST /xingrg/services/DataTransmitService HTTP/1.1" 200 524
222.70.180.90 - - [13/Jul/2023:09:27:17 +0800] "GET /xingrg/kc/buy/cgsh_order_operate.html?command=get_materiel&rest_code=00111&code=00101012029&supplier_code=00100037&order_time=2023-07-13 HTTP/1.1" 200 23
222.70.172.54 - - [13/Jul/2023:09:27:17 +0800] "POST /xingrg/services/DataTransmitService HTTP/1.1" 200 412
114.95.42.59 - - [13/Jul/2023:09:27:18 +0800] "GET /xingrg/kc/buy/cgsh_order_operate.html?command=get_materiel&rest_code=00105&code=00101008118&supplier_code=00100203&order_time=2023-07-13 HTTP/1.1" 200 418
124.79.79.0 - - [13/Jul/2023:09:27:19 +0800] "POST /xingrg/services/DataTransmitService HTTP/1.1" 200 524
124.79.79.0 - - [13/Jul/2023:09:27:20 +0800] "POST /xingrg/services/DataTransmitService HTTP/1.1" 200 2055
180.169.147.146 - - [13/Jul/2023:09:27:21 +0800] "GET /xingrg/all/function/internal_message.html?_=1689211641640&CODE_STATE=getMsg HTTP/1.1" 200 27
180.169.147.146 - - [13/Jul/2023:09:27:21 +0800] "GET /xingrg/check_reg.html?_=1689211641642 HTTP/1.1" 200 22
222.70.172.54 - - [13/Jul/2023:09:27:24 +0800] "POST /xingrg/services/DataTransmitService HTTP/1.1" 200 524
222.70.172.54 - - [13/Jul/2023:09:27:26 +0800] "POST /xingrg/services/DataTransmitService HTTP/1.1" 200 412
218.81.66.93 - - [13/Jul/2023:09:27:31 +0800] "POST /xingrg/services/DataTransmitService HTTP/1.1" 200 524
114.95.42.59 - - [13/Jul/2023:09:27:33 +0800] "POST /xingrg/kc/buy/cgsh_order_operate.html HTTP/1.1" 200 37
124.79.79.0 - - [13/Jul/2023:09:27:37 +0800] "POST /xingrg/services/DataTransmitService HTTP/1.1" 200 524
124.79.79.0 - - [13/Jul/2023:09:27:38 +0800] "POST /xingrg/services/DataTransmitService HTTP/1.1" 200 2055
114.89.203.254 - - [13/Jul/2023:09:27:38 +0800] "GET /xingrg/all/function/internal_message.html?_=1689211659896&CODE_STATE=getMsg HTTP/1.1" 200 27
124.79.79.0 - - [13/Jul/2023:09:27:39 +0800] "POST /xingrg/services/DataTransmitService HTTP/1.1" 200 524
222.70.172.54 - - [13/Jul/2023:09:27:39 +0800] "GET /xingrg/all/function/internal_message.html?_=1689211672845&CODE_STATE=getMsg HTTP/1.1" 200 27
222.70.180.90 - - [13/Jul/2023:09:27:39 +0800] "POST /xingrg/kc/buy/cgsh_order_operate.html HTTP/1.1" 200 37
124.79.79.0 - - [13/Jul/2023:09:27:39 +0800] "POST /xingrg/services/DataTransmitService HTTP/1.1" 200 2055
114.95.42.59 - - [13/Jul/2023:09:27:41 +0800] "POST /xingrg/kc/buy/cgsh_order_operate.html HTTP/1.1" 200 36971
