114.95.42.59 - - [13/Jul/2023:08:27:36 +0800] "GET /xingrg/all/function/internal_message.html?_=1689208057358&CODE_STATE=getMsg HTTP/1.1" 200 27
222.70.172.54 - - [13/Jul/2023:08:27:52 +0800] "GET /xingrg/check_reg.html?_=1689208086242 HTTP/1.1" 200 22
180.163.28.180 - - [13/Jul/2023:08:28:21 +0800] "GET /xingrg/all/function/internal_message.html?_=1689208041612&CODE_STATE=getMsg HTTP/1.1" 302 -
180.163.28.180 - - [13/Jul/2023:08:28:21 +0800] "GET /xingrg/login.html HTTP/1.1" 200 7641
180.169.147.146 - - [13/Jul/2023:08:28:21 +0800] "GET /xingrg/all/function/internal_message.html?_=1689208101613&CODE_STATE=getMsg HTTP/1.1" 200 27
114.89.203.254 - - [13/Jul/2023:08:28:29 +0800] "GET /xingrg/all/function/internal_message.html?_=1689208110277&CODE_STATE=getMsg HTTP/1.1" 302 -
222.70.172.54 - - [13/Jul/2023:08:28:33 +0800] "GET /xingrg/all/function/internal_message.html?_=1689208126548&CODE_STATE=getMsg HTTP/1.1" 200 27
114.95.42.59 - - [13/Jul/2023:08:28:36 +0800] "GET /xingrg/all/function/internal_message.html?_=1689208117358&CODE_STATE=getMsg HTTP/1.1" 200 27
180.169.147.146 - - [13/Jul/2023:08:29:21 +0800] "GET /xingrg/all/function/internal_message.html?_=1689208161613&CODE_STATE=getMsg HTTP/1.1" 200 27
114.89.203.254 - - [13/Jul/2023:08:29:29 +0800] "GET /xingrg/all/function/internal_message.html?_=1689208170248&CODE_STATE=getMsg HTTP/1.1" 302 -
114.89.203.254 - - [13/Jul/2023:08:29:29 +0800] "GET /xingrg/check_reg.html?_=1689208170434 HTTP/1.1" 302 -
222.70.172.54 - - [13/Jul/2023:08:29:33 +0800] "GET /xingrg/all/function/internal_message.html?_=1689208186562&CODE_STATE=getMsg HTTP/1.1" 200 27
114.95.42.59 - - [13/Jul/2023:08:29:36 +0800] "GET /xingrg/all/function/internal_message.html?_=1689208177359&CODE_STATE=getMsg HTTP/1.1" 200 27
114.95.42.59 - - [13/Jul/2023:08:29:36 +0800] "GET /xingrg/check_reg.html?_=1689208177363 HTTP/1.1" 200 22
180.169.147.146 - - [13/Jul/2023:08:30:21 +0800] "GET /xingrg/all/function/internal_message.html?_=1689208221611&CODE_STATE=getMsg HTTP/1.1" 200 27
114.89.203.254 - - [13/Jul/2023:08:30:29 +0800] "GET /xingrg/all/function/internal_message.html?_=1689208230224&CODE_STATE=getMsg HTTP/1.1" 302 -
222.70.172.54 - - [13/Jul/2023:08:30:33 +0800] "GET /xingrg/all/function/internal_message.html?_=1689208246777&CODE_STATE=getMsg HTTP/1.1" 200 27
114.95.42.59 - - [13/Jul/2023:08:30:36 +0800] "GET /xingrg/all/function/internal_message.html?_=1689208237361&CODE_STATE=getMsg HTTP/1.1" 200 27
180.169.147.146 - - [13/Jul/2023:08:31:21 +0800] "GET /xingrg/all/function/internal_message.html?_=1689208281619&CODE_STATE=getMsg HTTP/1.1" 200 27
114.89.203.254 - - [13/Jul/2023:08:31:29 +0800] "GET /xingrg/all/function/internal_message.html?_=1689208290202&CODE_STATE=getMsg HTTP/1.1" 302 -
222.70.172.54 - - [13/Jul/2023:08:31:33 +0800] "GET /xingrg/all/function/internal_message.html?_=1689208306791&CODE_STATE=getMsg HTTP/1.1" 200 27
114.95.42.59 - - [13/Jul/2023:08:31:36 +0800] "GET /xingrg/all/function/internal_message.html?_=1689208297361&CODE_STATE=getMsg HTTP/1.1" 200 27
180.169.147.146 - - [13/Jul/2023:08:32:21 +0800] "GET /xingrg/check_reg.html?_=1689208341623 HTTP/1.1" 200 22
180.169.147.146 - - [13/Jul/2023:08:32:21 +0800] "GET /xingrg/all/function/internal_message.html?_=1689208341634&CODE_STATE=getMsg HTTP/1.1" 200 27
114.95.42.59 - - [13/Jul/2023:08:32:21 +0800] "GET /xingrg/kc/base/wldb_order_list.html HTTP/1.1" 200 19098
114.95.42.59 - - [13/Jul/2023:08:32:22 +0800] "POST /xingrg/kc/base/wldb_list_operate.html HTTP/1.1" 200 928
114.95.42.59 - - [13/Jul/2023:08:32:24 +0800] "GET /xingrg/kc/base/wldb_order_add.html HTTP/1.1" 200 30381
114.95.42.59 - - [13/Jul/2023:08:32:24 +0800] "GET /xingrg/javascript/easyui/themes/default/validatebox.css HTTP/1.1" 404 1104
114.95.42.59 - - [13/Jul/2023:08:32:24 +0800] "GET /xingrg/all/common/auto_word.html?type=base&rest_code=00105 HTTP/1.1" 200 1907
114.95.42.59 - - [13/Jul/2023:08:32:24 +0800] "POST /xingrg/kc/base/wldb_order_operate.html HTTP/1.1" 200 6806
114.95.42.59 - - [13/Jul/2023:08:32:24 +0800] "GET /xingrg/all/common/auto_word.html?type=base&rest_code=00105 HTTP/1.1" 200 1907
114.95.42.59 - - [13/Jul/2023:08:32:26 +0800] "GET /xingrg/css/images/panel_loading.gif HTTP/1.1" 304 -
114.95.42.59 - - [13/Jul/2023:08:32:26 +0800] "POST /xingrg/all/common/load_combo.html?type=base HTTP/1.1" 200 3409
114.89.203.254 - - [13/Jul/2023:08:32:29 +0800] "GET /xingrg/all/function/internal_message.html?_=1689208350182&CODE_STATE=getMsg HTTP/1.1" 302 -
222.70.172.54 - - [13/Jul/2023:08:32:33 +0800] "GET /xingrg/all/function/internal_message.html?_=1689208367027&CODE_STATE=getMsg HTTP/1.1" 200 27
114.95.42.59 - - [13/Jul/2023:08:32:36 +0800] "GET /xingrg/all/function/internal_message.html?_=1689208357367&CODE_STATE=getMsg HTTP/1.1" 200 27
114.95.42.59 - - [13/Jul/2023:08:32:37 +0800] "GET /xingrg/kc/base/wldb_order_operate.html?command=get_materiel&rest_code=00105&base_code=0010509&code=00102002254 HTTP/1.1" 200 449
114.95.42.59 - - [13/Jul/2023:08:32:46 +0800] "GET /xingrg/kc/base/wldb_order_operate.html?command=get_materiel&rest_code=00105&base_code=0010508&code=00102002254 HTTP/1.1" 200 449
222.70.172.54 - - [13/Jul/2023:08:32:52 +0800] "GET /xingrg/check_reg.html?_=1689208386244 HTTP/1.1" 200 22
180.169.147.146 - - [13/Jul/2023:08:33:21 +0800] "GET /xingrg/all/function/internal_message.html?_=1689208401628&CODE_STATE=getMsg HTTP/1.1" 200 27
114.89.203.254 - - [13/Jul/2023:08:33:29 +0800] "GET /xingrg/all/function/internal_message.html?_=1689208410157&CODE_STATE=getMsg HTTP/1.1" 302 -
222.70.172.54 - - [13/Jul/2023:08:33:33 +0800] "GET /xingrg/all/function/internal_message.html?_=1689208427038&CODE_STATE=getMsg HTTP/1.1" 200 27
114.95.42.59 - - [13/Jul/2023:08:33:36 +0800] "GET /xingrg/all/function/internal_message.html?_=1689208417370&CODE_STATE=getMsg HTTP/1.1" 200 27
180.169.147.146 - - [13/Jul/2023:08:34:21 +0800] "GET /xingrg/all/function/internal_message.html?_=1689208461616&CODE_STATE=getMsg HTTP/1.1" 200 27
114.89.203.254 - - [13/Jul/2023:08:34:29 +0800] "GET /xingrg/all/function/internal_message.html?_=1689208470138&CODE_STATE=getMsg HTTP/1.1" 302 -
114.89.203.254 - - [13/Jul/2023:08:34:29 +0800] "GET /xingrg/check_reg.html?_=1689208470416 HTTP/1.1" 302 -
222.70.172.54 - - [13/Jul/2023:08:34:33 +0800] "GET /xingrg/all/function/internal_message.html?_=1689208487050&CODE_STATE=getMsg HTTP/1.1" 200 27
114.95.42.59 - - [13/Jul/2023:08:34:36 +0800] "GET /xingrg/all/function/internal_message.html?_=1689208477376&CODE_STATE=getMsg HTTP/1.1" 200 27
114.95.42.59 - - [13/Jul/2023:08:34:36 +0800] "GET /xingrg/check_reg.html?_=1689208477378 HTTP/1.1" 200 22
116.238.191.126 - - [13/Jul/2023:08:34:58 +0800] "GET /xingrg/check_reg.html?_=1689208496477 HTTP/1.1" 302 -
116.238.191.126 - - [13/Jul/2023:08:34:58 +0800] "GET /xingrg/login.html HTTP/1.1" 200 7641
180.169.147.146 - - [13/Jul/2023:08:35:21 +0800] "GET /xingrg/all/function/internal_message.html?_=1689208521612&CODE_STATE=getMsg HTTP/1.1" 200 27
114.89.203.254 - - [13/Jul/2023:08:35:29 +0800] "GET /xingrg/all/function/internal_message.html?_=1689208530131&CODE_STATE=getMsg HTTP/1.1" 302 -
222.70.172.54 - - [13/Jul/2023:08:35:33 +0800] "GET /xingrg/all/function/internal_message.html?_=1689208547287&CODE_STATE=getMsg HTTP/1.1" 200 27
114.95.42.59 - - [13/Jul/2023:08:35:36 +0800] "GET /xingrg/all/function/internal_message.html?_=1689208537378&CODE_STATE=getMsg HTTP/1.1" 200 27
114.95.42.59 - - [13/Jul/2023:08:35:44 +0800] "GET /xingrg/kc/buy/cgsh_order_list.html HTTP/1.1" 200 55838
114.95.42.59 - - [13/Jul/2023:08:35:50 +0800] "POST /xingrg/kc/buy/cgsh_list_operate.html HTTP/1.1" 200 1841
114.95.42.59 - - [13/Jul/2023:08:36:08 +0800] "GET /xingrg/kc/buy/cgsh_order_add.html HTTP/1.1" 200 71702
114.95.42.59 - - [13/Jul/2023:08:36:08 +0800] "POST /xingrg/kc/buy/cgsh_order_operate.html HTTP/1.1" 200 8245
114.95.42.59 - - [13/Jul/2023:08:36:08 +0800] "GET /xingrg/javascript/easyui/themes/default/validatebox.css HTTP/1.1" 404 1104
180.169.147.146 - - [13/Jul/2023:08:36:21 +0800] "GET /xingrg/all/function/internal_message.html?_=1689208581617&CODE_STATE=getMsg HTTP/1.1" 200 27
61.170.233.201 - - [13/Jul/2023:08:36:27 +0800] "GET /xingrg/login.html HTTP/1.1" 200 7641
61.170.233.201 - - [13/Jul/2023:08:36:28 +0800] "GET /favicon.ico HTTP/1.1" 404 -
114.89.203.254 - - [13/Jul/2023:08:36:29 +0800] "GET /xingrg/all/function/internal_message.html?_=1689208590104&CODE_STATE=getMsg HTTP/1.1" 302 -
61.170.233.201 - - [13/Jul/2023:08:36:32 +0800] "POST /xingrg/login.do HTTP/1.1" 302 -
61.170.233.201 - - [13/Jul/2023:08:36:32 +0800] "GET /xingrg/index.html?sysBaseUrl=http%3A%2F%2F180.169.147.146%3A18081%2Fxingrg%2F&costTime=1474×tamp=1689208592369 HTTP/1.1" 200 17173
222.70.172.54 - - [13/Jul/2023:08:36:33 +0800] "GET /xingrg/all/function/internal_message.html?_=1689208607296&CODE_STATE=getMsg HTTP/1.1" 200 27
61.170.233.201 - - [13/Jul/2023:08:36:34 +0800] "GET /favicon.ico HTTP/1.1" 404 -
61.170.233.201 - - [13/Jul/2023:08:36:35 +0800] "POST /xingrg/all/common/load_tree.html?tree=area_rest_tree_json&manage=1 HTTP/1.1" 200 342
114.95.42.59 - - [13/Jul/2023:08:36:36 +0800] "GET /xingrg/all/function/internal_message.html?_=1689208597375&CODE_STATE=getMsg HTTP/1.1" 200 27
61.170.233.201 - - [13/Jul/2023:08:36:36 +0800] "GET /xingrg/all/function/internal_message.html?_=1689208587807&CODE_STATE=count HTTP/1.1" 200 11
61.170.233.201 - - [13/Jul/2023:08:36:36 +0800] "GET /xingrg/check_reg.html?_=1689208587808 HTTP/1.1" 200 22
61.170.233.201 - - [13/Jul/2023:08:36:36 +0800] "POST /xingrg/load_menu.html HTTP/1.1" 200 5138
61.170.233.201 - - [13/Jul/2023:08:36:37 +0800] "GET /xingrg/kc/buy/buy_main.html HTTP/1.1" 200 12412
61.170.233.201 - - [13/Jul/2023:08:36:37 +0800] "GET /xingrg/css/new_ie.css HTTP/1.1" 404 1036
61.170.233.201 - - [13/Jul/2023:08:36:39 +0800] "GET /xingrg/images/yd/bt.gif HTTP/1.1" 404 1040
61.170.233.201 - - [13/Jul/2023:08:36:40 +0800] "GET /xingrg/kc/buy/cgsh_order_list.html HTTP/1.1" 200 55838
61.170.233.201 - - [13/Jul/2023:08:36:44 +0800] "POST /xingrg/kc/buy/cgsh_list_operate.html HTTP/1.1" 200 986
61.170.233.201 - - [13/Jul/2023:08:36:46 +0800] "GET /xingrg/kc/buy/cgsh_order_add.html HTTP/1.1" 200 71620
61.170.233.201 - - [13/Jul/2023:08:36:47 +0800] "GET /xingrg/words/20230711134310_words.js HTTP/1.1" 304 -
61.170.233.201 - - [13/Jul/2023:08:36:47 +0800] "POST /xingrg/kc/buy/cgsh_order_operate.html HTTP/1.1" 200 8245
61.170.233.201 - - [13/Jul/2023:08:36:47 +0800] "GET /xingrg/javascript/easyui/themes/default/validatebox.css HTTP/1.1" 404 1104
61.170.233.201 - - [13/Jul/2023:08:36:47 +0800] "GET /xingrg/all/common/auto_word.html?type=employee&rest_code=00106 HTTP/1.1" 200 205
61.170.233.201 - - [13/Jul/2023:08:36:47 +0800] "GET /xingrg/all/common/auto_word.html?type=employee&rest_code=00106 HTTP/1.1" 200 205
61.170.233.201 - - [13/Jul/2023:08:36:48 +0800] "GET /xingrg/javascript/easyui/themes/default/tree.css HTTP/1.1" 404 1090
61.170.233.201 - - [13/Jul/2023:08:36:49 +0800] "POST /xingrg/all/common/load_tree.html?tree=supplier_tree_json&isDelete=1 HTTP/1.1" 200 74546
61.170.233.201 - - [13/Jul/2023:08:36:59 +0800] "GET /xingrg/javascript/auto/indicator.gif HTTP/1.1" 404 1066
61.170.233.201 - - [13/Jul/2023:08:37:03 +0800] "GET /xingrg/kc/buy/cgsh_order_operate.html?command=get_materiel&rest_code=00106&code=00101008155&supplier_code=00100007&order_time=2023-07-13 HTTP/1.1" 200 408
114.95.42.59 - - [13/Jul/2023:08:37:04 +0800] "GET /xingrg/kc/buy/cgsh_order_add.html HTTP/1.1" 200 71702
114.95.42.59 - - [13/Jul/2023:08:37:04 +0800] "GET /xingrg/javascript/easyui/themes/default/validatebox.css HTTP/1.1" 404 1104
114.95.42.59 - - [13/Jul/2023:08:37:04 +0800] "POST /xingrg/kc/buy/cgsh_order_operate.html HTTP/1.1" 200 8245
61.170.233.201 - - [13/Jul/2023:08:37:16 +0800] "GET /xingrg/kc/buy/cgsh_order_operate.html?command=get_materiel&rest_code=00106&code=00101008110&supplier_code=00100007&order_time=2023-07-13 HTTP/1.1" 200 408
114.95.42.59 - - [13/Jul/2023:08:37:19 +0800] "GET /xingrg/kc/buy/cgsh_order_operate.html?command=get_materiel&rest_code=00105&code=00101008312&supplier_code=00100203&order_time=2023-07-13 HTTP/1.1" 200 412
180.169.147.146 - - [13/Jul/2023:08:37:21 +0800] "GET /xingrg/all/function/internal_message.html?_=1689208641619&CODE_STATE=getMsg HTTP/1.1" 200 27
180.169.147.146 - - [13/Jul/2023:08:37:21 +0800] "GET /xingrg/check_reg.html?_=1689208641625 HTTP/1.1" 200 22
61.170.233.201 - - [13/Jul/2023:08:37:26 +0800] "GET /xingrg/kc/buy/cgsh_order_operate.html?command=get_materiel&rest_code=00106&code=00101008038&supplier_code=00100007&order_time=2023-07-13 HTTP/1.1" 200 412
114.89.203.254 - - [13/Jul/2023:08:37:29 +0800] "GET /xingrg/all/function/internal_message.html?_=1689208650078&CODE_STATE=getMsg HTTP/1.1" 302 -
222.70.172.54 - - [13/Jul/2023:08:37:34 +0800] "GET /xingrg/all/function/internal_message.html?_=1689208667582&CODE_STATE=getMsg HTTP/1.1" 200 27
114.95.42.59 - - [13/Jul/2023:08:37:36 +0800] "GET /xingrg/all/function/internal_message.html?_=1689208657387&CODE_STATE=getMsg HTTP/1.1" 200 27
61.170.233.201 - - [13/Jul/2023:08:37:36 +0800] "GET /xingrg/all/function/internal_message.html?_=1689208647815&CODE_STATE=getMsg HTTP/1.1" 200 27
61.170.233.201 - - [13/Jul/2023:08:37:37 +0800] "GET /xingrg/kc/buy/cgsh_order_operate.html?command=get_materiel&rest_code=00106&code=00101008361&supplier_code=00100007&order_time=2023-07-13 HTTP/1.1" 200 408
222.64.62.195 - - [13/Jul/2023:08:37:46 +0800] "POST /xingrg/services/DataTransmitService HTTP/1.1" 200 524
61.170.233.201 - - [13/Jul/2023:08:37:48 +0800] "GET /xingrg/kc/buy/cgsh_order_operate.html?command=get_materiel&rest_code=00106&code=00101008355&supplier_code=00100007&order_time=2023-07-13 HTTP/1.1" 200 408
222.70.172.54 - - [13/Jul/2023:08:37:52 +0800] "GET /xingrg/check_reg.html?_=1689208686255 HTTP/1.1" 200 22
61.170.233.201 - - [13/Jul/2023:08:37:59 +0800] "POST /xingrg/kc/buy/cgsh_order_operate.html HTTP/1.1" 200 37
114.95.42.59 - - [13/Jul/2023:08:38:12 +0800] "GET /xingrg/kc/buy/cgsh_order_operate.html?command=get_materiel&rest_code=00105&code=00101008230&supplier_code=00100203&order_time=2023-07-13 HTTP/1.1" 200 408
180.169.147.146 - - [13/Jul/2023:08:38:21 +0800] "GET /xingrg/all/function/internal_message.html?_=1689208701611&CODE_STATE=getMsg HTTP/1.1" 200 27
114.89.203.254 - - [13/Jul/2023:08:38:29 +0800] "GET /xingrg/all/function/internal_message.html?_=1689208710071&CODE_STATE=getMsg HTTP/1.1" 302 -
222.70.172.54 - - [13/Jul/2023:08:38:34 +0800] "GET /xingrg/all/function/internal_message.html?_=1689208727589&CODE_STATE=getMsg HTTP/1.1" 200 27
114.95.42.59 - - [13/Jul/2023:08:38:36 +0800] "GET /xingrg/all/function/internal_message.html?_=1689208717388&CODE_STATE=getMsg HTTP/1.1" 200 27
180.169.147.146 - - [13/Jul/2023:08:39:21 +0800] "GET /xingrg/all/function/internal_message.html?_=1689208761623&CODE_STATE=getMsg HTTP/1.1" 200 27
114.89.203.254 - - [13/Jul/2023:08:39:29 +0800] "GET /xingrg/all/function/internal_message.html?_=1689208770053&CODE_STATE=getMsg HTTP/1.1" 302 -
114.89.203.254 - - [13/Jul/2023:08:39:29 +0800] "GET /xingrg/check_reg.html?_=1689208770410 HTTP/1.1" 302 -
222.70.172.54 - - [13/Jul/2023:08:39:34 +0800] "GET /xingrg/all/function/internal_message.html?_=1689208787603&CODE_STATE=getMsg HTTP/1.1" 200 27
114.95.42.59 - - [13/Jul/2023:08:39:36 +0800] "GET /xingrg/check_reg.html?_=1689208777415 HTTP/1.1" 200 22
114.95.42.59 - - [13/Jul/2023:08:39:36 +0800] "GET /xingrg/all/function/internal_message.html?_=1689208777418&CODE_STATE=getMsg HTTP/1.1" 200 27
116.238.191.126 - - [13/Jul/2023:08:39:58 +0800] "GET /xingrg/check_reg.html?_=1689208796470 HTTP/1.1" 302 -
114.95.42.59 - - [13/Jul/2023:08:40:07 +0800] "GET /xingrg/kc/buy/cgsh_order_operate.html?command=get_materiel&rest_code=00105&code=00101008275&supplier_code=00100203&order_time=2023-07-13 HTTP/1.1" 200 416
180.169.147.146 - - [13/Jul/2023:08:40:21 +0800] "GET /xingrg/all/function/internal_message.html?_=1689208821623&CODE_STATE=getMsg HTTP/1.1" 200 27
61.170.233.201 - - [13/Jul/2023:08:40:22 +0800] "POST /xingrg/kc/buy/cgsh_order_operate.html HTTP/1.1" 200 5000
114.89.203.254 - - [13/Jul/2023:08:40:29 +0800] "GET /xingrg/all/function/internal_message.html?_=1689208830053&CODE_STATE=getMsg HTTP/1.1" 302 -
222.70.172.54 - - [13/Jul/2023:08:40:34 +0800] "GET /xingrg/all/function/internal_message.html?_=1689208847841&CODE_STATE=getMsg HTTP/1.1" 200 27
114.95.42.59 - - [13/Jul/2023:08:40:36 +0800] "GET /xingrg/all/function/internal_message.html?_=1689208837387&CODE_STATE=getMsg HTTP/1.1" 200 27
61.170.233.201 - - [13/Jul/2023:08:40:36 +0800] "GET /xingrg/all/function/internal_message.html?_=1689208827825&CODE_STATE=getMsg HTTP/1.1" 200 27
124.78.70.128 - - [13/Jul/2023:08:40:48 +0800] "POST /xingrg/services/DataTransmitService HTTP/1.1" 200 524
180.169.147.146 - - [13/Jul/2023:08:41:21 +0800] "GET /xingrg/all/function/internal_message.html?_=1689208881605&CODE_STATE=getMsg HTTP/1.1" 200 27
114.89.203.254 - - [13/Jul/2023:08:41:29 +0800] "GET /xingrg/all/function/internal_message.html?_=1689208890038&CODE_STATE=getMsg HTTP/1.1" 302 -
222.70.172.54 - - [13/Jul/2023:08:41:34 +0800] "GET /xingrg/all/function/internal_message.html?_=1689208907847&CODE_STATE=getMsg HTTP/1.1" 200 27
114.95.42.59 - - [13/Jul/2023:08:41:36 +0800] "GET /xingrg/all/function/internal_message.html?_=1689208897380&CODE_STATE=getMsg HTTP/1.1" 200 27
61.170.233.201 - - [13/Jul/2023:08:41:36 +0800] "GET /xingrg/check_reg.html?_=1689208887815 HTTP/1.1" 200 22
61.170.233.201 - - [13/Jul/2023:08:41:36 +0800] "GET /xingrg/all/function/internal_message.html?_=1689208887820&CODE_STATE=getMsg HTTP/1.1" 200 27
180.169.147.146 - - [13/Jul/2023:08:42:21 +0800] "GET /xingrg/all/function/internal_message.html?_=1689208941621&CODE_STATE=getMsg HTTP/1.1" 200 27
180.169.147.146 - - [13/Jul/2023:08:42:21 +0800] "GET /xingrg/check_reg.html?_=1689208941631 HTTP/1.1" 200 22
116.232.195.127 - - [13/Jul/2023:08:42:24 +0800] "GET /xingrg/index.html?sysBaseUrl=http%3A%2F%2F180.169.147.146%3A18081%2Fxingrg%2F&costTime=1277×tamp=1606817596806 HTTP/1.1" 302 -
116.232.195.127 - - [13/Jul/2023:08:42:24 +0800] "GET /xingrg/login.html HTTP/1.1" 200 7641
116.232.195.127 - - [13/Jul/2023:08:42:25 +0800] "GET /favicon.ico HTTP/1.1" 404 -
114.89.203.254 - - [13/Jul/2023:08:42:29 +0800] "GET /xingrg/all/function/internal_message.html?_=1689208950020&CODE_STATE=getMsg HTTP/1.1" 302 -
222.70.172.54 - - [13/Jul/2023:08:42:34 +0800] "GET /xingrg/all/function/internal_message.html?_=1689208968164&CODE_STATE=getMsg HTTP/1.1" 200 27
180.163.29.234 - - [13/Jul/2023:08:42:36 +0800] "GET /xingrg/check_reg.html?_=1689208887815 HTTP/1.1" 302 -
114.95.42.59 - - [13/Jul/2023:08:42:36 +0800] "GET /xingrg/all/function/internal_message.html?_=1689208957386&CODE_STATE=getMsg HTTP/1.1" 200 27
61.170.233.201 - - [13/Jul/2023:08:42:36 +0800] "GET /xingrg/all/function/internal_message.html?_=1689208947792&CODE_STATE=getMsg HTTP/1.1" 200 27
180.163.28.180 - - [13/Jul/2023:08:42:36 +0800] "GET /xingrg/all/function/internal_message.html?_=1689208887820&CODE_STATE=getMsg HTTP/1.1" 302 -
180.163.28.180 - - [13/Jul/2023:08:42:36 +0800] "GET /xingrg/login.html HTTP/1.1" 200 7641
180.163.29.234 - - [13/Jul/2023:08:42:36 +0800] "GET /xingrg/login.html HTTP/1.1" 200 7641
116.232.195.127 - - [13/Jul/2023:08:42:41 +0800] "POST /xingrg/login.do HTTP/1.1" 302 -
116.232.195.127 - - [13/Jul/2023:08:42:41 +0800] "GET /xingrg/index.html?sysBaseUrl=http%3A%2F%2F180.169.147.146%3A18081%2Fxingrg%2F&costTime=1487×tamp=1689208961419 HTTP/1.1" 200 17179
116.232.195.127 - - [13/Jul/2023:08:42:41 +0800] "GET /favicon.ico HTTP/1.1" 404 -
116.232.195.127 - - [13/Jul/2023:08:42:42 +0800] "GET /xingrg/check_reg.html?_=1689208936881 HTTP/1.1" 200 22
116.232.195.127 - - [13/Jul/2023:08:42:42 +0800] "GET /xingrg/all/function/internal_message.html?_=1689208936880&CODE_STATE=count HTTP/1.1" 200 11
116.232.195.127 - - [13/Jul/2023:08:42:42 +0800] "POST /xingrg/all/common/load_tree.html?tree=area_rest_tree_json&manage=1 HTTP/1.1" 200 479
116.232.195.127 - - [13/Jul/2023:08:42:42 +0800] "POST /xingrg/load_menu.html HTTP/1.1" 200 5138
116.232.195.127 - - [13/Jul/2023:08:42:45 +0800] "GET /xingrg/kc/buy/cgsh_order_list.html HTTP/1.1" 200 55844
116.232.195.127 - - [13/Jul/2023:08:42:48 +0800] "POST /xingrg/kc/buy/cgsh_list_operate.html HTTP/1.1" 200 986
116.232.195.127 - - [13/Jul/2023:08:42:52 +0800] "GET /xingrg/kc/buy/cgsh_order_add.html HTTP/1.1" 200 71667
116.232.195.127 - - [13/Jul/2023:08:42:52 +0800] "GET /xingrg/words/20230711134310_words.js HTTP/1.1" 304 -
116.232.195.127 - - [13/Jul/2023:08:42:52 +0800] "POST /xingrg/kc/buy/cgsh_order_operate.html HTTP/1.1" 200 8245
116.232.195.127 - - [13/Jul/2023:08:42:52 +0800] "GET /xingrg/javascript/easyui/themes/default/validatebox.css HTTP/1.1" 404 1104
116.232.195.127 - - [13/Jul/2023:08:42:52 +0800] "GET /xingrg/all/common/auto_word.html?type=employee&rest_code=00155 HTTP/1.1" 200 205
116.232.195.127 - - [13/Jul/2023:08:42:52 +0800] "GET /xingrg/all/common/auto_word.html?type=employee&rest_code=00155 HTTP/1.1" 200 205
222.70.172.54 - - [13/Jul/2023:08:42:52 +0800] "GET /xingrg/check_reg.html?_=1689208986254 HTTP/1.1" 200 22
116.232.195.127 - - [13/Jul/2023:08:42:53 +0800] "GET /xingrg/javascript/auto/indicator.gif HTTP/1.1" 404 1066
116.232.195.127 - - [13/Jul/2023:08:42:54 +0800] "GET /xingrg/javascript/jquery_tools/images/prev.gif HTTP/1.1" 404 1086
116.232.195.127 - - [13/Jul/2023:08:42:54 +0800] "GET /xingrg/javascript/jquery_tools/images/next.gif HTTP/1.1" 404 1086
116.232.195.127 - - [13/Jul/2023:08:43:03 +0800] "GET /xingrg/kc/buy/cgsh_order_operate.html?command=get_materiel&rest_code=00155&code=00101002027&supplier_code=00100199&order_time=2023-07-13 HTTP/1.1" 200 413
116.232.195.127 - - [13/Jul/2023:08:43:13 +0800] "GET /xingrg/kc/buy/cgsh_order_operate.html?command=get_materiel&rest_code=00155&code=00101002016&supplier_code=00100199&order_time=2023-07-13 HTTP/1.1" 200 413
180.169.147.146 - - [13/Jul/2023:08:43:21 +0800] "GET /xingrg/all/function/internal_message.html?_=1689209001616&CODE_STATE=getMsg HTTP/1.1" 200 27
116.232.195.127 - - [13/Jul/2023:08:43:27 +0800] "GET /xingrg/kc/buy/cgsh_order_operate.html?command=get_materiel&rest_code=00155&code=00101001044&supplier_code=00100199&order_time=2023-07-13 HTTP/1.1" 200 413
114.89.203.254 - - [13/Jul/2023:08:43:29 +0800] "GET /xingrg/all/function/internal_message.html?_=1689209009995&CODE_STATE=getMsg HTTP/1.1" 302 -
222.70.172.54 - - [13/Jul/2023:08:43:34 +0800] "GET /xingrg/all/function/internal_message.html?_=1689209028172&CODE_STATE=getMsg HTTP/1.1" 200 27
114.95.42.59 - - [13/Jul/2023:08:43:36 +0800] "GET /xingrg/all/function/internal_message.html?_=1689209017384&CODE_STATE=getMsg HTTP/1.1" 200 27
180.163.29.219 - - [13/Jul/2023:08:43:36 +0800] "GET /xingrg/all/function/internal_message.html?_=1689208947792&CODE_STATE=getMsg HTTP/1.1" 302 -
180.163.29.219 - - [13/Jul/2023:08:43:36 +0800] "GET /xingrg/login.html HTTP/1.1" 200 7641
61.170.233.201 - - [13/Jul/2023:08:43:36 +0800] "GET /xingrg/all/function/internal_message.html?_=1689209007772&CODE_STATE=getMsg HTTP/1.1" 200 27
116.232.195.127 - - [13/Jul/2023:08:43:36 +0800] "GET /xingrg/kc/buy/cgsh_order_operate.html?command=get_materiel&rest_code=00155&code=00101005055&supplier_code=00100199&order_time=2023-07-13 HTTP/1.1" 200 406
116.232.195.127 - - [13/Jul/2023:08:43:42 +0800] "GET /xingrg/all/function/internal_message.html?_=1689208996891&CODE_STATE=getMsg HTTP/1.1" 200 27
116.232.195.127 - - [13/Jul/2023:08:43:43 +0800] "GET /xingrg/kc/buy/cgsh_order_operate.html?command=get_materiel&rest_code=00155&code=00101004038&supplier_code=00100199&order_time=2023-07-13 HTTP/1.1" 200 409
222.70.180.90 - - [13/Jul/2023:08:43:46 +0800] "GET /xingrg/login.html HTTP/1.1" 200 7641
222.70.180.90 - - [13/Jul/2023:08:43:46 +0800] "GET /favicon.ico HTTP/1.1" 404 -
222.70.180.90 - - [13/Jul/2023:08:43:49 +0800] "POST /xingrg/login.do HTTP/1.1" 302 -
222.70.180.90 - - [13/Jul/2023:08:43:50 +0800] "GET /xingrg/index.html?sysBaseUrl=http%3A%2F%2F180.169.147.146%3A18081%2Fxingrg%2F&costTime=1558×tamp=1689209029937 HTTP/1.1" 200 17173
222.70.180.90 - - [13/Jul/2023:08:43:50 +0800] "GET /favicon.ico HTTP/1.1" 404 -
222.70.180.90 - - [13/Jul/2023:08:43:50 +0800] "GET /xingrg/all/function/internal_message.html?_=1689209027864&CODE_STATE=count HTTP/1.1" 200 11
222.70.180.90 - - [13/Jul/2023:08:43:50 +0800] "GET /xingrg/check_reg.html?_=1689209027865 HTTP/1.1" 200 22
222.70.180.90 - - [13/Jul/2023:08:43:50 +0800] "POST /xingrg/all/common/load_tree.html?tree=area_rest_tree_json&manage=1 HTTP/1.1" 200 342
222.70.180.90 - - [13/Jul/2023:08:43:50 +0800] "POST /xingrg/load_menu.html HTTP/1.1" 200 5138
116.232.195.127 - - [13/Jul/2023:08:43:54 +0800] "GET /xingrg/kc/buy/cgsh_order_operate.html?command=get_materiel&rest_code=00155&code=00101001060&supplier_code=00100199&order_time=2023-07-13 HTTP/1.1" 200 419
124.79.79.0 - - [13/Jul/2023:08:43:57 +0800] "POST /xingrg/services/DataTransmitService HTTP/1.1" 200 524
218.81.66.93 - - [13/Jul/2023:08:43:57 +0800] "POST /xingrg/services/DataTransmitService HTTP/1.1" 200 524
61.170.233.201 - - [13/Jul/2023:08:44:04 +0800] "GET /xingrg/kc/buy/cgsh_order_operate.html?command=get_materiel&rest_code=00106&code=00101008004&supplier_code=00100007&order_time=2023-07-13 HTTP/1.1" 200 416
116.232.195.127 - - [13/Jul/2023:08:44:07 +0800] "GET /xingrg/kc/buy/cgsh_order_operate.html?command=get_materiel&rest_code=00155&code=00101010161&supplier_code=00100199&order_time=2023-07-13 HTTP/1.1" 200 409
222.70.180.90 - - [13/Jul/2023:08:44:12 +0800] "GET /xingrg/kc/buy/buy_main.html HTTP/1.1" 200 12412
222.70.180.90 - - [13/Jul/2023:08:44:12 +0800] "GET /xingrg/css/new_ie.css HTTP/1.1" 404 1036
222.70.180.90 - - [13/Jul/2023:08:44:12 +0800] "GET /xingrg/images/yd/bt.gif HTTP/1.1" 404 1040
222.70.180.90 - - [13/Jul/2023:08:44:14 +0800] "GET /xingrg/kc/buy/cgsh_order_list.html HTTP/1.1" 200 55838
61.170.233.201 - - [13/Jul/2023:08:44:17 +0800] "GET /xingrg/kc/buy/cgsh_order_operate.html?command=get_materiel&rest_code=00106&code=00101008059&supplier_code=00100007&order_time=2023-07-13 HTTP/1.1" 200 408
222.70.180.90 - - [13/Jul/2023:08:44:17 +0800] "POST /xingrg/kc/buy/cgsh_list_operate.html HTTP/1.1" 200 986
116.232.195.127 - - [13/Jul/2023:08:44:20 +0800] "GET /xingrg/kc/buy/cgsh_order_operate.html?command=get_materiel&rest_code=00155&code=00101001160&supplier_code=00100199&order_time=2023-07-13 HTTP/1.1" 200 408
180.169.147.146 - - [13/Jul/2023:08:44:21 +0800] "GET /xingrg/all/function/internal_message.html?_=1689209061616&CODE_STATE=getMsg HTTP/1.1" 200 27
222.70.180.90 - - [13/Jul/2023:08:44:25 +0800] "GET /xingrg/kc/buy/cgsh_order_add.html HTTP/1.1" 200 71576
222.70.180.90 - - [13/Jul/2023:08:44:25 +0800] "GET /xingrg/words/20230711134310_words.js HTTP/1.1" 304 -
222.70.180.90 - - [13/Jul/2023:08:44:25 +0800] "POST /xingrg/kc/buy/cgsh_order_operate.html HTTP/1.1" 200 8245
222.70.180.90 - - [13/Jul/2023:08:44:25 +0800] "GET /xingrg/javascript/easyui/themes/default/validatebox.css HTTP/1.1" 404 1104
222.70.180.90 - - [13/Jul/2023:08:44:25 +0800] "GET /xingrg/all/common/auto_word.html?type=employee&rest_code=00111 HTTP/1.1" 200 155
222.70.180.90 - - [13/Jul/2023:08:44:25 +0800] "GET /xingrg/all/common/auto_word.html?type=employee&rest_code=00111 HTTP/1.1" 200 155
222.70.180.90 - - [13/Jul/2023:08:44:28 +0800] "GET /xingrg/javascript/auto/indicator.gif HTTP/1.1" 404 1066
114.89.203.254 - - [13/Jul/2023:08:44:29 +0800] "GET /xingrg/all/function/internal_message.html?_=1689209069980&CODE_STATE=getMsg HTTP/1.1" 302 -
222.70.180.90 - - [13/Jul/2023:08:44:29 +0800] "GET /xingrg/javascript/jquery_tools/images/prev.gif HTTP/1.1" 404 1086
222.70.180.90 - - [13/Jul/2023:08:44:29 +0800] "GET /xingrg/javascript/jquery_tools/images/next.gif HTTP/1.1" 404 1086
114.89.203.254 - - [13/Jul/2023:08:44:29 +0800] "GET /xingrg/check_reg.html?_=1689209070401 HTTP/1.1" 302 -
222.70.172.54 - - [13/Jul/2023:08:44:34 +0800] "GET /xingrg/all/function/internal_message.html?_=1689209088185&CODE_STATE=getMsg HTTP/1.1" 200 27
61.170.233.201 - - [13/Jul/2023:08:44:36 +0800] "GET /xingrg/all/function/internal_message.html?_=1689209067767&CODE_STATE=getMsg HTTP/1.1" 200 27
114.95.42.59 - - [13/Jul/2023:08:44:36 +0800] "GET /xingrg/check_reg.html?_=1689209077441 HTTP/1.1" 200 22
114.95.42.59 - - [13/Jul/2023:08:44:36 +0800] "GET /xingrg/all/function/internal_message.html?_=1689209077444&CODE_STATE=getMsg HTTP/1.1" 200 27
61.170.233.201 - - [13/Jul/2023:08:44:36 +0800] "GET /xingrg/kc/buy/cgsh_order_operate.html?command=get_materiel&rest_code=00106&code=00101008136&supplier_code=00100007&order_time=2023-07-13 HTTP/1.1" 200 413
116.232.195.127 - - [13/Jul/2023:08:44:42 +0800] "GET /xingrg/all/function/internal_message.html?_=1689209056886&CODE_STATE=getMsg HTTP/1.1" 200 27
114.95.42.59 - - [13/Jul/2023:08:44:45 +0800] "GET /xingrg/kc/buy/cgsh_order_operate.html?command=get_materiel&rest_code=00105&code=00101008045&supplier_code=00100203&order_time=2023-07-13 HTTP/1.1" 200 412
222.70.180.90 - - [13/Jul/2023:08:44:50 +0800] "GET /xingrg/all/function/internal_message.html?_=1689209087875&CODE_STATE=getMsg HTTP/1.1" 200 27
116.238.191.126 - - [13/Jul/2023:08:44:58 +0800] "GET /xingrg/check_reg.html?_=1689209096447 HTTP/1.1" 302 -
180.169.147.146 - - [13/Jul/2023:08:45:21 +0800] "GET /xingrg/all/function/internal_message.html?_=1689209121616&CODE_STATE=getMsg HTTP/1.1" 200 27
222.70.180.90 - - [13/Jul/2023:08:45:26 +0800] "GET /xingrg/kc/buy/cgsh_order_operate.html?command=get_materiel&rest_code=00111&code=00101007024&supplier_code=00100004&order_time=2023-07-13 HTTP/1.1" 200 417
61.170.233.201 - - [13/Jul/2023:08:45:27 +0800] "GET /xingrg/kc/buy/cgsh_order_operate.html?command=get_materiel&rest_code=00106&code=00101008069&supplier_code=00100007&order_time=2023-07-13 HTTP/1.1" 200 412
114.89.203.254 - - [13/Jul/2023:08:45:29 +0800] "GET /xingrg/all/function/internal_message.html?_=1689209129972&CODE_STATE=getMsg HTTP/1.1" 302 -
61.170.233.201 - - [13/Jul/2023:08:45:30 +0800] "POST /xingrg/kc/buy/cgsh_order_operate.html HTTP/1.1" 200 2065
222.70.172.54 - - [13/Jul/2023:08:45:34 +0800] "GET /xingrg/all/function/internal_message.html?_=1689209148410&CODE_STATE=getMsg HTTP/1.1" 200 27
61.170.233.201 - - [13/Jul/2023:08:45:36 +0800] "GET /xingrg/all/function/internal_message.html?_=1689209127717&CODE_STATE=getMsg HTTP/1.1" 200 27
114.95.42.59 - - [13/Jul/2023:08:45:36 +0800] "GET /xingrg/all/function/internal_message.html?_=1689209137416&CODE_STATE=getMsg HTTP/1.1" 200 27
116.232.195.127 - - [13/Jul/2023:08:45:36 +0800] "POST /xingrg/kc/buy/cgsh_order_operate.html HTTP/1.1" 200 37
116.232.195.127 - - [13/Jul/2023:08:45:38 +0800] "POST /xingrg/kc/buy/cgsh_order_operate.html HTTP/1.1" 200 6813
116.232.195.127 - - [13/Jul/2023:08:45:39 +0800] "GET /xingrg/kc/print/load_config.html?kc_code=cgsh HTTP/1.1" 200 1924
61.170.233.201 - - [13/Jul/2023:08:45:40 +0800] "GET /xingrg/kc/buy/cgsh_order_operate.html?command=get_materiel&rest_code=00106&code=00101008286&supplier_code=00100007&order_time=2023-07-13 HTTP/1.1" 200 408
116.232.195.127 - - [13/Jul/2023:08:45:41 +0800] "GET /xingrg/kc/print/load_data.html?order_code=212023071304982&kc_code=cgsh&condition= HTTP/1.1" 200 2262
116.232.195.127 - - [13/Jul/2023:08:45:42 +0800] "GET /xingrg/all/function/internal_message.html?_=1689209117401&CODE_STATE=getMsg HTTP/1.1" 200 27
116.232.195.127 - - [13/Jul/2023:08:45:45 +0800] "GET /xingrg/kc/print/load_data.html?order_code=212023071304982&kc_code=cgsh HTTP/1.1" 200 2262
222.70.180.90 - - [13/Jul/2023:08:45:46 +0800] "GET /xingrg/kc/buy/cgsh_order_operate.html?command=get_materiel&rest_code=00111&code=00101007085&supplier_code=00100004&order_time=2023-07-13 HTTP/1.1" 200 413
222.70.180.90 - - [13/Jul/2023:08:45:50 +0800] "GET /xingrg/all/function/internal_message.html?_=1689209147869&CODE_STATE=getMsg HTTP/1.1" 200 27
61.170.233.201 - - [13/Jul/2023:08:45:52 +0800] "GET /xingrg/kc/buy/cgsh_order_operate.html?command=get_materiel&rest_code=00106&code=00101008036&supplier_code=00100007&order_time=2023-07-13 HTTP/1.1" 200 408
61.170.233.201 - - [13/Jul/2023:08:46:00 +0800] "GET /xingrg/kc/buy/cgsh_order_operate.html?command=get_materiel&rest_code=00106&code=00101008098&supplier_code=00100007&order_time=2023-07-13 HTTP/1.1" 200 412
116.232.195.127 - - [13/Jul/2023:08:46:01 +0800] "GET /xingrg/kc/buy/cgsh_order_add.html HTTP/1.1" 200 71667
116.232.195.127 - - [13/Jul/2023:08:46:01 +0800] "POST /xingrg/kc/buy/cgsh_order_operate.html HTTP/1.1" 200 8245
116.232.195.127 - - [13/Jul/2023:08:46:01 +0800] "GET /xingrg/javascript/easyui/themes/default/validatebox.css HTTP/1.1" 404 1104
114.95.42.59 - - [13/Jul/2023:08:46:08 +0800] "GET /xingrg/kc/buy/cgsh_order_operate.html?command=get_materiel&rest_code=00105&code=00101008354&supplier_code=00100203&order_time=2023-07-13 HTTP/1.1" 200 412
116.232.195.127 - - [13/Jul/2023:08:46:11 +0800] "GET /xingrg/kc/buy/cgsh_order_operate.html?command=get_materiel&rest_code=00155&code=00101009113&supplier_code=00100037&order_time=2023-07-13 HTTP/1.1" 200 412
124.79.243.110 - - [13/Jul/2023:08:46:14 +0800] "POST /xingrg/services/DataTransmitService HTTP/1.1" 200 524
222.70.180.90 - - [13/Jul/2023:08:46:16 +0800] "GET /xingrg/kc/buy/cgsh_order_operate.html?command=get_materiel&rest_code=00111&code=00101007072&supplier_code=00100004&order_time=2023-07-13 HTTP/1.1" 200 419
116.232.195.127 - - [13/Jul/2023:08:46:20 +0800] "GET /xingrg/kc/buy/cgsh_order_operate.html?command=get_materiel&rest_code=00155&code=00101009011&supplier_code=00100037&order_time=2023-07-13 HTTP/1.1" 200 416
180.169.147.146 - - [13/Jul/2023:08:46:21 +0800] "GET /xingrg/all/function/internal_message.html?_=1689209181611&CODE_STATE=getMsg HTTP/1.1" 200 27
114.89.203.254 - - [13/Jul/2023:08:46:29 +0800] "GET /xingrg/all/function/internal_message.html?_=1689209189966&CODE_STATE=getMsg HTTP/1.1" 302 -
222.70.180.90 - - [13/Jul/2023:08:46:33 +0800] "GET /xingrg/kc/buy/cgsh_order_operate.html?command=get_materiel&rest_code=00111&code=00101007081&supplier_code=00100004&order_time=2023-07-13 HTTP/1.1" 200 413
222.70.114.12 - - [13/Jul/2023:08:46:34 +0800] "GET /xingrg/login.html HTTP/1.1" 200 7641
222.70.114.12 - - [13/Jul/2023:08:46:34 +0800] "GET /favicon.ico HTTP/1.1" 404 -
222.70.172.54 - - [13/Jul/2023:08:46:34 +0800] "GET /xingrg/all/function/internal_message.html?_=1689209208414&CODE_STATE=getMsg HTTP/1.1" 200 27
61.170.233.201 - - [13/Jul/2023:08:46:36 +0800] "GET /xingrg/all/function/internal_message.html?_=1689209187699&CODE_STATE=getMsg HTTP/1.1" 200 27
114.95.42.59 - - [13/Jul/2023:08:46:36 +0800] "GET /xingrg/all/function/internal_message.html?_=1689209197434&CODE_STATE=getMsg HTTP/1.1" 200 27
61.170.233.201 - - [13/Jul/2023:08:46:36 +0800] "GET /xingrg/check_reg.html?_=1689209187834 HTTP/1.1" 200 22
114.95.42.59 - - [13/Jul/2023:08:46:39 +0800] "GET /xingrg/kc/buy/cgsh_order_operate.html?command=get_materiel&rest_code=00105&code=00101008096&supplier_code=00100203&order_time=2023-07-13 HTTP/1.1" 200 413
116.232.195.127 - - [13/Jul/2023:08:46:42 +0800] "GET /xingrg/all/function/internal_message.html?_=1689209177387&CODE_STATE=getMsg HTTP/1.1" 200 27
222.70.114.12 - - [13/Jul/2023:08:46:43 +0800] "POST /xingrg/login.do HTTP/1.1" 302 -
222.70.114.12 - - [13/Jul/2023:08:46:43 +0800] "GET /xingrg/index.html?sysBaseUrl=http%3A%2F%2F180.169.147.146%3A18081%2Fxingrg%2F&costTime=1592×tamp=1689209203232 HTTP/1.1" 200 17503
222.70.114.12 - - [13/Jul/2023:08:46:43 +0800] "GET /xingrg/check_reg.html?_=1689209211203 HTTP/1.1" 200 22
222.70.114.12 - - [13/Jul/2023:08:46:43 +0800] "POST /xingrg/all/common/load_tree.html?tree=area_rest_tree_json&manage=1 HTTP/1.1" 200 2106
222.70.114.12 - - [13/Jul/2023:08:46:43 +0800] "GET /xingrg/all/function/internal_message.html?_=1689209211202&CODE_STATE=count HTTP/1.1" 200 11
222.70.114.12 - - [13/Jul/2023:08:46:43 +0800] "POST /xingrg/load_menu.html HTTP/1.1" 200 11564
61.170.233.201 - - [13/Jul/2023:08:46:46 +0800] "GET /xingrg/kc/buy/cgsh_order_operate.html?command=get_materiel&rest_code=00106&code=00101008005&supplier_code=00100007&order_time=2023-07-13 HTTP/1.1" 200 412
114.95.42.59 - - [13/Jul/2023:08:46:48 +0800] "GET /xingrg/kc/buy/cgsh_order_operate.html?command=get_materiel&rest_code=00105&code=00101008283&supplier_code=00100203&order_time=2023-07-13 HTTP/1.1" 200 408
222.70.180.90 - - [13/Jul/2023:08:46:48 +0800] "GET /xingrg/kc/buy/cgsh_order_operate.html?command=get_materiel&rest_code=00111&code=00101007090&supplier_code=00100004&order_time=2023-07-13 HTTP/1.1" 200 413
222.70.180.90 - - [13/Jul/2023:08:46:50 +0800] "GET /xingrg/all/function/internal_message.html?_=1689209207872&CODE_STATE=getMsg HTTP/1.1" 200 27
222.70.114.12 - - [13/Jul/2023:08:46:50 +0800] "GET /xingrg/index.html?sysBaseUrl=http%3A%2F%2F180.169.147.146%3A18081%2Fxingrg%2F&costTime=1592×tamp=1689209203232 HTTP/1.1" 200 17503
222.70.114.12 - - [13/Jul/2023:08:46:51 +0800] "GET /xingrg/check_reg.html?_=1689209218935 HTTP/1.1" 200 22
222.70.114.12 - - [13/Jul/2023:08:46:51 +0800] "GET /xingrg/all/function/internal_message.html?_=1689209218934&CODE_STATE=count HTTP/1.1" 200 11
222.70.114.12 - - [13/Jul/2023:08:46:51 +0800] "POST /xingrg/all/common/load_tree.html?tree=area_rest_tree_json&manage=1 HTTP/1.1" 200 2106
222.70.114.12 - - [13/Jul/2023:08:46:51 +0800] "POST /xingrg/load_menu.html HTTP/1.1" 200 11564
222.70.114.12 - - [13/Jul/2023:08:46:53 +0800] "GET /xingrg/index.html?sysBaseUrl=http%3A%2F%2F180.169.147.146%3A18081%2Fxingrg%2F&costTime=1592×tamp=1689209203232 HTTP/1.1" 200 17503
222.70.114.12 - - [13/Jul/2023:08:46:54 +0800] "GET /xingrg/check_reg.html?_=1689209221839 HTTP/1.1" 200 22
222.70.114.12 - - [13/Jul/2023:08:46:54 +0800] "GET /xingrg/all/function/internal_message.html?_=1689209221839&CODE_STATE=count HTTP/1.1" 200 11
222.70.114.12 - - [13/Jul/2023:08:46:54 +0800] "POST /xingrg/all/common/load_tree.html?tree=area_rest_tree_json&manage=1 HTTP/1.1" 200 2106
222.70.114.12 - - [13/Jul/2023:08:46:54 +0800] "POST /xingrg/load_menu.html HTTP/1.1" 200 11564
222.70.114.12 - - [13/Jul/2023:08:46:58 +0800] "POST /xingrg/load_menu.html HTTP/1.1" 200 10483
222.70.114.12 - - [13/Jul/2023:08:47:00 +0800] "GET /xingrg/all/report/report_query.html?fileName=dma/new_5.0/yingye/yy_hz.xml&rw=1600 HTTP/1.1" 200 56155
222.70.114.12 - - [13/Jul/2023:08:47:00 +0800] "GET /xingrg/dwr/interface/AjaxReportQueryService.js HTTP/1.1" 200 13203
222.70.114.12 - - [13/Jul/2023:08:47:00 +0800] "GET /xingrg/dwr/engine.js HTTP/1.1" 200 43631
222.70.114.12 - - [13/Jul/2023:08:47:00 +0800] "GET /xingrg/dwr/util.js HTTP/1.1" 200 35990
222.70.114.12 - - [13/Jul/2023:08:47:00 +0800] "POST /xingrg/dwr/call/plaincall/AjaxReportQueryService.getFixDate.dwr HTTP/1.1" 200 111
222.70.114.12 - - [13/Jul/2023:08:47:00 +0800] "POST /xingrg/all/common/load_tree.html?tree=area_station_tree_json&manage=1 HTTP/1.1" 200 2036
222.70.114.12 - - [13/Jul/2023:08:47:03 +0800] "POST /xingrg/dwr/call/plaincall/AjaxReportQueryService.getFixDate.dwr HTTP/1.1" 200 111
222.70.180.90 - - [13/Jul/2023:08:47:04 +0800] "POST /xingrg/kc/buy/cgsh_order_operate.html HTTP/1.1" 200 37
61.170.233.201 - - [13/Jul/2023:08:47:04 +0800] "GET /xingrg/kc/buy/cgsh_order_operate.html?command=get_materiel&rest_code=00106&code=00101008312&supplier_code=00100007&order_time=2023-07-13 HTTP/1.1" 200 412
222.70.114.12 - - [13/Jul/2023:08:47:05 +0800] "POST /xingrg/dwr/call/plaincall/AjaxReportQueryService.refreshCache.dwr HTTP/1.1" 200 78
222.70.114.12 - - [13/Jul/2023:08:47:07 +0800] "POST /xingrg/all/report/load_report_page.html HTTP/1.1" 200 136723
222.70.114.12 - - [13/Jul/2023:08:47:07 +0800] "GET /xingrg/servlets/image?cache=0.7021808341128877&image=px HTTP/1.1" 200 807
61.170.233.201 - - [13/Jul/2023:08:47:08 +0800] "POST /xingrg/kc/buy/cgsh_order_operate.html HTTP/1.1" 200 2065
61.170.233.201 - - [13/Jul/2023:08:47:15 +0800] "GET /xingrg/kc/buy/cgsh_order_operate.html?command=get_materiel&rest_code=00106&code=00101008283&supplier_code=00100007&order_time=2023-07-13 HTTP/1.1" 200 408
116.232.195.127 - - [13/Jul/2023:08:47:19 +0800] "GET /xingrg/kc/buy/cgsh_order_operate.html?command=get_materiel&rest_code=00155&code=00101009044&supplier_code=00100037&order_time=2023-07-13 HTTP/1.1" 200 413
180.169.147.146 - - [13/Jul/2023:08:47:21 +0800] "GET /xingrg/all/function/internal_message.html?_=1689209241637&CODE_STATE=getMsg HTTP/1.1" 200 27
180.169.147.146 - - [13/Jul/2023:08:47:21 +0800] "GET /xingrg/check_reg.html?_=1689209241645 HTTP/1.1" 200 22
222.70.114.12 - - [13/Jul/2023:08:47:22 +0800] "POST /xingrg/dwr/call/plaincall/AjaxReportQueryService.refreshCache.dwr HTTP/1.1" 200 78
222.70.114.12 - - [13/Jul/2023:08:47:24 +0800] "POST /xingrg/all/report/load_report_page.html HTTP/1.1" 200 136604
222.70.114.12 - - [13/Jul/2023:08:47:24 +0800] "GET /xingrg/servlets/image?cache=0.975891210431712&image=px HTTP/1.1" 200 807
61.170.233.201 - - [13/Jul/2023:08:47:27 +0800] "GET /xingrg/kc/buy/cgsh_order_operate.html?command=get_materiel&rest_code=00106&code=00101008096&supplier_code=00100007&order_time=2023-07-13 HTTP/1.1" 200 413
114.89.203.254 - - [13/Jul/2023:08:47:29 +0800] "GET /xingrg/all/function/internal_message.html?_=1689209249959&CODE_STATE=getMsg HTTP/1.1" 302 -
222.70.172.54 - - [13/Jul/2023:08:47:35 +0800] "GET /xingrg/all/function/internal_message.html?_=1689209268659&CODE_STATE=getMsg HTTP/1.1" 200 27
61.170.233.201 - - [13/Jul/2023:08:47:36 +0800] "GET /xingrg/all/function/internal_message.html?_=1689209247660&CODE_STATE=getMsg HTTP/1.1" 200 27
114.95.42.59 - - [13/Jul/2023:08:47:36 +0800] "GET /xingrg/all/function/internal_message.html?_=1689209257414&CODE_STATE=getMsg HTTP/1.1" 200 27
61.170.233.201 - - [13/Jul/2023:08:47:38 +0800] "GET /xingrg/kc/buy/cgsh_order_operate.html?command=get_materiel&rest_code=00106&code=00101008126&supplier_code=00100007&order_time=2023-07-13 HTTP/1.1" 200 412
116.232.195.127 - - [13/Jul/2023:08:47:42 +0800] "GET /xingrg/check_reg.html?_=1689209236885 HTTP/1.1" 200 22
116.232.195.127 - - [13/Jul/2023:08:47:42 +0800] "GET /xingrg/all/function/internal_message.html?_=1689209237369&CODE_STATE=getMsg HTTP/1.1" 200 27
61.170.233.201 - - [13/Jul/2023:08:47:49 +0800] "GET /xingrg/kc/buy/cgsh_order_operate.html?command=get_materiel&rest_code=00106&code=00101011005&supplier_code=00100007&order_time=2023-07-13 HTTP/1.1" 200 428
222.70.172.54 - - [13/Jul/2023:08:47:52 +0800] "GET /xingrg/check_reg.html?_=1689209286264 HTTP/1.1" 200 22
222.70.114.12 - - [13/Jul/2023:08:47:54 +0800] "GET /xingrg/all/function/internal_message.html?_=1689209281841&CODE_STATE=getMsg HTTP/1.1" 200 27
116.232.195.127 - - [13/Jul/2023:08:47:55 +0800] "GET /xingrg/kc/buy/cgsh_order_operate.html?command=get_materiel&rest_code=00155&code=00101009004&supplier_code=00100037&order_time=2023-07-13 HTTP/1.1" 200 409
61.170.233.201 - - [13/Jul/2023:08:47:57 +0800] "GET /xingrg/kc/buy/cgsh_order_operate.html?command=get_materiel&rest_code=00106&code=00101008224&supplier_code=00100007&order_time=2023-07-13 HTTP/1.1" 200 416
222.70.180.90 - - [13/Jul/2023:08:47:58 +0800] "GET /xingrg/all/function/internal_message.html?_=1689209275526&CODE_STATE=getMsg HTTP/1.1" 200 27
222.70.180.90 - - [13/Jul/2023:08:47:58 +0800] "POST /xingrg/kc/buy/cgsh_order_operate.html HTTP/1.1" 200 5045
222.70.180.90 - - [13/Jul/2023:08:48:00 +0800] "GET /xingrg/kc/print/load_config.html?kc_code=cgsh HTTP/1.1" 200 1924
61.170.233.201 - - [13/Jul/2023:08:48:01 +0800] "POST /xingrg/kc/buy/cgsh_order_operate.html HTTP/1.1" 200 2065
222.70.180.90 - - [13/Jul/2023:08:48:01 +0800] "GET /xingrg/kc/print/load_data.html?order_code=212023071304983&kc_code=cgsh&condition= HTTP/1.1" 200 1640
116.232.195.127 - - [13/Jul/2023:08:48:04 +0800] "GET /xingrg/kc/buy/cgsh_order_operate.html?command=get_materiel&rest_code=00155&code=00101016030&supplier_code=00100037&order_time=2023-07-13 HTTP/1.1" 200 412
61.170.233.201 - - [13/Jul/2023:08:48:08 +0800] "GET /xingrg/kc/buy/cgsh_order_operate.html?command=get_materiel&rest_code=00106&code=00101008239&supplier_code=00100007&order_time=2023-07-13 HTTP/1.1" 200 416
222.70.180.90 - - [13/Jul/2023:08:48:12 +0800] "GET /xingrg/kc/buy/cgsh_order_add.html HTTP/1.1" 200 71576
222.70.180.90 - - [13/Jul/2023:08:48:12 +0800] "POST /xingrg/kc/buy/cgsh_order_operate.html HTTP/1.1" 200 8245
222.70.180.90 - - [13/Jul/2023:08:48:12 +0800] "GET /xingrg/javascript/easyui/themes/default/validatebox.css HTTP/1.1" 404 1104
116.232.195.127 - - [13/Jul/2023:08:48:16 +0800] "GET /xingrg/kc/buy/cgsh_order_operate.html?command=get_materiel&rest_code=00155&code=00101011004&supplier_code=00100037&order_time=2023-07-13 HTTP/1.1" 200 412
180.169.147.146 - - [13/Jul/2023:08:48:21 +0800] "GET /xingrg/all/function/internal_message.html?_=1689209301628&CODE_STATE=getMsg HTTP/1.1" 200 27
61.170.233.201 - - [13/Jul/2023:08:48:24 +0800] "GET /xingrg/kc/buy/cgsh_order_operate.html?command=get_materiel&rest_code=00106&code=00101008219&supplier_code=00100007&order_time=2023-07-13 HTTP/1.1" 200 412
116.232.195.127 - - [13/Jul/2023:08:48:26 +0800] "GET /xingrg/kc/buy/cgsh_order_operate.html?command=get_materiel&rest_code=00155&code=00101009057&supplier_code=00100037&order_time=2023-07-13 HTTP/1.1" 200 408
114.89.203.254 - - [13/Jul/2023:08:48:29 +0800] "GET /xingrg/all/function/internal_message.html?_=1689209309953&CODE_STATE=getMsg HTTP/1.1" 302 -
222.70.172.54 - - [13/Jul/2023:08:48:35 +0800] "GET /xingrg/all/function/internal_message.html?_=1689209328662&CODE_STATE=getMsg HTTP/1.1" 200 27
61.170.233.201 - - [13/Jul/2023:08:48:35 +0800] "GET /xingrg/kc/buy/cgsh_order_operate.html?command=get_materiel&rest_code=00106&code=00101008244&supplier_code=00100007&order_time=2023-07-13 HTTP/1.1" 200 408
61.170.233.201 - - [13/Jul/2023:08:48:36 +0800] "GET /xingrg/all/function/internal_message.html?_=1689209307637&CODE_STATE=getMsg HTTP/1.1" 200 27
114.95.42.59 - - [13/Jul/2023:08:48:36 +0800] "GET /xingrg/all/function/internal_message.html?_=1689209317382&CODE_STATE=getMsg HTTP/1.1" 200 27
116.232.195.127 - - [13/Jul/2023:08:48:37 +0800] "GET /xingrg/kc/buy/cgsh_order_operate.html?command=get_materiel&rest_code=00155&code=00101011005&supplier_code=00100037&order_time=2023-07-13 HTTP/1.1" 200 428
222.70.180.90 - - [13/Jul/2023:08:48:38 +0800] "GET /xingrg/kc/buy/cgsh_order_operate.html?command=get_materiel&rest_code=00111&code=00101014140&supplier_code=00100363&order_time=2023-07-13 HTTP/1.1" 200 412
116.232.195.127 - - [13/Jul/2023:08:48:42 +0800] "GET /xingrg/all/function/internal_message.html?_=1689209297361&CODE_STATE=getMsg HTTP/1.1" 200 27
222.70.180.90 - - [13/Jul/2023:08:48:50 +0800] "GET /xingrg/check_reg.html?_=1689209327883 HTTP/1.1" 200 22
116.232.195.127 - - [13/Jul/2023:08:48:53 +0800] "POST /xingrg/kc/buy/cgsh_order_operate.html HTTP/1.1" 200 37
222.70.114.12 - - [13/Jul/2023:08:48:54 +0800] "GET /xingrg/all/function/internal_message.html?_=1689209341848&CODE_STATE=getMsg HTTP/1.1" 200 27
61.170.233.201 - - [13/Jul/2023:08:48:55 +0800] "GET /xingrg/kc/buy/cgsh_order_operate.html?command=get_materiel&rest_code=00106&code=00101008185&supplier_code=00100007&order_time=2023-07-13 HTTP/1.1" 200 408
116.232.195.127 - - [13/Jul/2023:08:48:56 +0800] "POST /xingrg/kc/buy/cgsh_order_operate.html HTTP/1.1" 200 6792
222.70.180.90 - - [13/Jul/2023:08:48:57 +0800] "GET /xingrg/all/function/internal_message.html?_=1689209335508&CODE_STATE=getMsg HTTP/1.1" 200 27
222.70.180.90 - - [13/Jul/2023:08:49:00 +0800] "POST /xingrg/kc/buy/cgsh_order_operate.html HTTP/1.1" 200 88
116.232.195.127 - - [13/Jul/2023:08:49:01 +0800] "GET /xingrg/kc/print/load_data.html?order_code=212023071304984&kc_code=cgsh&condition= HTTP/1.1" 200 2300
116.232.195.127 - - [13/Jul/2023:08:49:08 +0800] "GET /xingrg/kc/buy/cgsh_order_add.html HTTP/1.1" 200 71667
116.232.195.127 - - [13/Jul/2023:08:49:08 +0800] "POST /xingrg/kc/buy/cgsh_order_operate.html HTTP/1.1" 200 8245
116.232.195.127 - - [13/Jul/2023:08:49:08 +0800] "GET /xingrg/javascript/easyui/themes/default/validatebox.css HTTP/1.1" 404 1104
222.70.180.90 - - [13/Jul/2023:08:49:09 +0800] "POST /xingrg/kc/buy/cgsh_order_operate.html HTTP/1.1" 200 37
222.70.180.90 - - [13/Jul/2023:08:49:12 +0800] "POST /xingrg/kc/buy/cgsh_order_operate.html HTTP/1.1" 200 2661
61.170.233.201 - - [13/Jul/2023:08:49:12 +0800] "POST /xingrg/kc/buy/cgsh_order_operate.html HTTP/1.1" 200 2065
222.70.180.90 - - [13/Jul/2023:08:49:15 +0800] "GET /xingrg/kc/print/load_data.html?order_code=212023071304986&kc_code=cgsh&condition= HTTP/1.1" 200 676
116.232.195.127 - - [13/Jul/2023:08:49:17 +0800] "GET /xingrg/kc/buy/cgsh_order_operate.html?command=get_materiel&rest_code=00155&code=00101007061&supplier_code=00100002&order_time=2023-07-13 HTTP/1.1" 200 409
180.169.147.146 - - [13/Jul/2023:08:49:21 +0800] "GET /xingrg/all/function/internal_message.html?_=1689209361612&CODE_STATE=getMsg HTTP/1.1" 200 27
222.70.180.90 - - [13/Jul/2023:08:49:22 +0800] "GET /xingrg/kc/buy/cgsh_order_add.html HTTP/1.1" 200 71576
222.70.180.90 - - [13/Jul/2023:08:49:22 +0800] "POST /xingrg/kc/buy/cgsh_order_operate.html HTTP/1.1" 200 8245
222.70.180.90 - - [13/Jul/2023:08:49:22 +0800] "GET /xingrg/javascript/easyui/themes/default/validatebox.css HTTP/1.1" 404 1104
114.89.203.254 - - [13/Jul/2023:08:49:29 +0800] "GET /xingrg/all/function/internal_message.html?_=1689209369943&CODE_STATE=getMsg HTTP/1.1" 302 -
114.89.203.254 - - [13/Jul/2023:08:49:29 +0800] "GET /xingrg/check_reg.html?_=1689209370384 HTTP/1.1" 302 -
116.232.195.127 - - [13/Jul/2023:08:49:34 +0800] "GET /xingrg/kc/buy/cgsh_order_operate.html?command=get_materiel&rest_code=00155&code=00101007072&supplier_code=00100002&order_time=2023-07-13 HTTP/1.1" 200 419
222.70.180.90 - - [13/Jul/2023:08:49:34 +0800] "GET /xingrg/kc/buy/cgsh_order_operate.html?command=get_materiel&rest_code=00111&code=00102003284&supplier_code=00100075&order_time=2023-07-13 HTTP/1.1" 200 408
