180.169.147.146 - - [13/Jul/2023:10:52:26 +0800] "GET /xingrg/all/function/internal_message.html?_=1689216742168&CODE_STATE=getMsg HTTP/1.1" 200 27
120.253.135.82 - - [13/Jul/2023:10:52:31 +0800] "POST /xingrg/kc/pszx/mdps_order_operate.html HTTP/1.1" 200 37
124.78.70.128 - - [13/Jul/2023:10:52:33 +0800] "GET /xingrg/kc/buy/cgsh_order_operate.html?command=get_materiel&rest_code=00141&code=00101008353&supplier_code=00100007&order_time=2023-07-13 HTTP/1.1" 200 408
114.95.42.59 - - [13/Jul/2023:10:52:34 +0800] "GET /xingrg/all/function/internal_message.html?_=1689216755609&CODE_STATE=getMsg HTTP/1.1" 200 27
180.169.147.146 - - [13/Jul/2023:10:52:35 +0800] "GET /xingrg/check_reg.html?_=1689216745664 HTTP/1.1" 200 22
120.253.135.82 - - [13/Jul/2023:10:52:35 +0800] "POST /xingrg/kc/pszx/mdps_order_operate.html HTTP/1.1" 200 12
61.170.233.201 - - [13/Jul/2023:10:52:37 +0800] "GET /xingrg/all/function/internal_message.html?_=1689216748779&CODE_STATE=getMsg HTTP/1.1" 200 27
114.89.203.254 - - [13/Jul/2023:10:52:39 +0800] "GET /xingrg/all/function/internal_message.html?_=1689216759896&CODE_STATE=getMsg HTTP/1.1" 200 27
180.169.147.146 - - [13/Jul/2023:10:52:40 +0800] "GET /xingrg/all/function/internal_message.html?_=1689216760905&CODE_STATE=getMsg HTTP/1.1" 200 27
180.169.147.146 - - [13/Jul/2023:10:52:41 +0800] "GET /xingrg/all/function/internal_message.html?_=1689216759817&CODE_STATE=getMsg HTTP/1.1" 200 27
116.232.195.127 - - [13/Jul/2023:10:52:42 +0800] "GET /xingrg/check_reg.html?_=1689216736894 HTTP/1.1" 200 22
124.78.70.128 - - [13/Jul/2023:10:52:43 +0800] "POST /xingrg/kc/buy/cgsh_order_operate.html HTTP/1.1" 200 2065
116.232.195.127 - - [13/Jul/2023:10:52:44 +0800] "GET /xingrg/all/function/internal_message.html?_=1689216739263&CODE_STATE=getMsg HTTP/1.1" 200 27
222.70.172.54 - - [13/Jul/2023:10:52:46 +0800] "GET /xingrg/all/function/internal_message.html?_=1689216780813&CODE_STATE=getMsg HTTP/1.1" 200 27
180.165.154.167 - - [13/Jul/2023:10:52:47 +0800] "GET /xingrg/all/function/internal_message.html?_=1689216766258&CODE_STATE=getMsg HTTP/1.1" 200 27
120.253.135.82 - - [13/Jul/2023:10:52:48 +0800] "GET /xingrg/kc/pszx/mdps_order_info.html?code=312023071200275 HTTP/1.1" 200 19638
120.253.135.82 - - [13/Jul/2023:10:52:49 +0800] "GET /xingrg/javascript/easyui/themes/default/validatebox.css HTTP/1.1" 404 1104
120.253.135.82 - - [13/Jul/2023:10:52:49 +0800] "GET /xingrg/all/function/internal_message.html?_=1689216594413&CODE_STATE=getMsg HTTP/1.1" 200 27
120.253.135.82 - - [13/Jul/2023:10:52:49 +0800] "POST /xingrg/kc/pszx/mdps_order_operate.html HTTP/1.1" 200 2005
114.83.218.88 - - [13/Jul/2023:10:52:50 +0800] "GET /xingrg/all/function/internal_message.html?_=1689216769444&CODE_STATE=getMsg HTTP/1.1" 200 27
124.78.70.128 - - [13/Jul/2023:10:52:50 +0800] "GET /xingrg/kc/buy/cgsh_order_operate.html?command=get_materiel&rest_code=00141&code=00101008144&supplier_code=00100007&order_time=2023-07-13 HTTP/1.1" 200 412
120.253.135.82 - - [13/Jul/2023:10:52:51 +0800] "POST /xingrg/kc/pszx/mdps_list_operate.html HTTP/1.1" 200 2070
124.78.70.128 - - [13/Jul/2023:10:52:51 +0800] "GET /xingrg/all/function/internal_message.html?_=1689216769982&CODE_STATE=getMsg HTTP/1.1" 200 27
222.70.172.54 - - [13/Jul/2023:10:52:52 +0800] "GET /xingrg/check_reg.html?_=1689216786398 HTTP/1.1" 200 22
120.253.135.82 - - [13/Jul/2023:10:52:52 +0800] "POST /xingrg/kc/pszx/mdps_list_operate.html HTTP/1.1" 200 202
222.70.114.12 - - [13/Jul/2023:10:52:53 +0800] "GET /xingrg/all/function/internal_message.html?_=1689216782091&CODE_STATE=getMsg HTTP/1.1" 302 -
120.253.135.82 - - [13/Jul/2023:10:52:54 +0800] "GET /xingrg/kc/pszx/mdps_order_info.html?code=312023071000237 HTTP/1.1" 200 23984
120.253.135.82 - - [13/Jul/2023:10:52:54 +0800] "GET /xingrg/javascript/easyui/themes/default/validatebox.css HTTP/1.1" 404 1104
120.253.135.82 - - [13/Jul/2023:10:52:55 +0800] "POST /xingrg/kc/pszx/mdps_order_operate.html HTTP/1.1" 200 2281
114.89.203.254 - - [13/Jul/2023:10:52:55 +0800] "GET /xingrg/all/function/internal_message.html?_=1689216781255&CODE_STATE=getMsg HTTP/1.1" 200 27
180.169.147.146 - - [13/Jul/2023:10:52:56 +0800] "GET /xingrg/all/function/internal_message.html?_=1689216766679&CODE_STATE=getMsg HTTP/1.1" 200 27
114.83.219.27 - - [13/Jul/2023:10:52:57 +0800] "GET /xingrg/all/function/internal_message.html?_=1689216896099&CODE_STATE=getMsg HTTP/1.1" 200 27
120.253.135.82 - - [13/Jul/2023:10:52:59 +0800] "POST /xingrg/kc/pszx/mdps_order_operate.html HTTP/1.1" 200 37
124.78.70.128 - - [13/Jul/2023:10:53:04 +0800] "GET /xingrg/kc/buy/cgsh_order_operate.html?command=get_materiel&rest_code=00141&code=00101008125&supplier_code=00100007&order_time=2023-07-13 HTTP/1.1" 200 413
120.253.135.82 - - [13/Jul/2023:10:53:04 +0800] "POST /xingrg/kc/pszx/mdps_order_operate.html HTTP/1.1" 200 12
222.70.180.90 - - [13/Jul/2023:10:53:06 +0800] "GET /xingrg/all/function/internal_message.html?_=1689216784079&CODE_STATE=getMsg HTTP/1.1" 200 27
222.70.180.90 - - [13/Jul/2023:10:53:06 +0800] "GET /xingrg/check_reg.html?_=1689216784084 HTTP/1.1" 200 22
116.238.191.126 - - [13/Jul/2023:10:53:07 +0800] "GET /xingrg/all/function/internal_message.html?_=1689216785069&CODE_STATE=getMsg HTTP/1.1" 200 27
120.253.135.82 - - [13/Jul/2023:10:53:15 +0800] "GET /xingrg/kc/pszx/mdps_order_info.html?code=312023071000237 HTTP/1.1" 200 19644
120.253.135.82 - - [13/Jul/2023:10:53:15 +0800] "GET /xingrg/javascript/easyui/themes/default/validatebox.css HTTP/1.1" 404 1104
114.95.42.59 - - [13/Jul/2023:10:53:16 +0800] "GET /xingrg/all/function/internal_message.html?_=1689216611104&CODE_STATE=getMsg HTTP/1.1" 200 27
124.78.70.128 - - [13/Jul/2023:10:53:16 +0800] "GET /xingrg/all/function/internal_message.html?_=1689216273078&CODE_STATE=getMsg HTTP/1.1" 200 27
120.253.135.82 - - [13/Jul/2023:10:53:16 +0800] "POST /xingrg/kc/pszx/mdps_order_operate.html HTTP/1.1" 200 502
120.253.135.82 - - [13/Jul/2023:10:53:17 +0800] "POST /xingrg/kc/pszx/mdps_list_operate.html HTTP/1.1" 200 1690
120.253.135.82 - - [13/Jul/2023:10:53:18 +0800] "POST /xingrg/kc/pszx/mdps_list_operate.html HTTP/1.1" 200 289
120.253.135.82 - - [13/Jul/2023:10:53:19 +0800] "GET /xingrg/kc/pszx/mdps_order_info.html?code=312023071200274 HTTP/1.1" 200 23978
120.253.135.82 - - [13/Jul/2023:10:53:20 +0800] "GET /xingrg/javascript/easyui/themes/default/validatebox.css HTTP/1.1" 404 1104
120.253.135.82 - - [13/Jul/2023:10:53:20 +0800] "POST /xingrg/kc/pszx/mdps_order_operate.html HTTP/1.1" 200 2788
124.78.70.128 - - [13/Jul/2023:10:53:21 +0800] "GET /xingrg/kc/buy/cgsh_order_operate.html?command=get_materiel&rest_code=00141&code=00101008029&supplier_code=00100007&order_time=2023-07-13 HTTP/1.1" 200 416
120.253.135.82 - - [13/Jul/2023:10:53:25 +0800] "POST /xingrg/kc/pszx/mdps_order_operate.html HTTP/1.1" 200 37
180.169.147.146 - - [13/Jul/2023:10:53:26 +0800] "GET /xingrg/all/function/internal_message.html?_=1689216802150&CODE_STATE=getMsg HTTP/1.1" 200 27
120.253.135.82 - - [13/Jul/2023:10:53:29 +0800] "POST /xingrg/kc/pszx/mdps_order_operate.html HTTP/1.1" 200 12
120.253.135.82 - - [13/Jul/2023:10:53:30 +0800] "GET /xingrg/kc/pszx/mdps_order_info.html?code=312023071200274 HTTP/1.1" 200 19638
120.253.135.82 - - [13/Jul/2023:10:53:31 +0800] "GET /xingrg/javascript/easyui/themes/default/validatebox.css HTTP/1.1" 404 1104
120.253.135.82 - - [13/Jul/2023:10:53:31 +0800] "POST /xingrg/kc/pszx/mdps_order_operate.html HTTP/1.1" 200 1005
114.95.42.59 - - [13/Jul/2023:10:53:34 +0800] "GET /xingrg/all/function/internal_message.html?_=1689216815578&CODE_STATE=getMsg HTTP/1.1" 200 27
61.170.233.201 - - [13/Jul/2023:10:53:37 +0800] "GET /xingrg/all/function/internal_message.html?_=1689216808783&CODE_STATE=getMsg HTTP/1.1" 200 27
61.170.233.201 - - [13/Jul/2023:10:53:37 +0800] "GET /xingrg/check_reg.html?_=1689216808787 HTTP/1.1" 200 22
114.89.203.254 - - [13/Jul/2023:10:53:39 +0800] "GET /xingrg/all/function/internal_message.html?_=1689216819904&CODE_STATE=getMsg HTTP/1.1" 200 27
180.169.147.146 - - [13/Jul/2023:10:53:40 +0800] "GET /xingrg/all/function/internal_message.html?_=1689216819807&CODE_STATE=getMsg HTTP/1.1" 200 27
180.169.147.146 - - [13/Jul/2023:10:53:40 +0800] "GET /xingrg/check_reg.html?_=1689216819809 HTTP/1.1" 200 22
180.169.147.146 - - [13/Jul/2023:10:53:41 +0800] "GET /xingrg/all/function/internal_message.html?_=1689216820912&CODE_STATE=getMsg HTTP/1.1" 200 27
116.232.195.127 - - [13/Jul/2023:10:53:44 +0800] "GET /xingrg/all/function/internal_message.html?_=1689216799262&CODE_STATE=getMsg HTTP/1.1" 200 27
222.70.172.54 - - [13/Jul/2023:10:53:47 +0800] "GET /xingrg/all/function/internal_message.html?_=1689216840826&CODE_STATE=getMsg HTTP/1.1" 200 27
180.165.154.167 - - [13/Jul/2023:10:53:47 +0800] "GET /xingrg/all/function/internal_message.html?_=1689216826235&CODE_STATE=getMsg HTTP/1.1" 200 27
120.253.135.82 - - [13/Jul/2023:10:53:49 +0800] "GET /xingrg/all/function/internal_message.html?_=1689216654425&CODE_STATE=getMsg HTTP/1.1" 200 27
114.83.218.88 - - [13/Jul/2023:10:53:50 +0800] "GET /xingrg/all/function/internal_message.html?_=1689216829429&CODE_STATE=getMsg HTTP/1.1" 200 27
124.78.70.128 - - [13/Jul/2023:10:53:51 +0800] "GET /xingrg/kc/buy/cgsh_order_operate.html?command=get_materiel&rest_code=00141&code=00101008175&supplier_code=00100007&order_time=2023-07-13 HTTP/1.1" 200 412
124.78.70.128 - - [13/Jul/2023:10:53:51 +0800] "GET /xingrg/all/function/internal_message.html?_=1689216829981&CODE_STATE=getMsg HTTP/1.1" 200 27
124.78.70.128 - - [13/Jul/2023:10:53:51 +0800] "GET /xingrg/check_reg.html?_=1689216829983 HTTP/1.1" 200 22
222.70.114.12 - - [13/Jul/2023:10:53:53 +0800] "GET /xingrg/all/function/internal_message.html?_=1689216842090&CODE_STATE=getMsg HTTP/1.1" 302 -
114.89.203.254 - - [13/Jul/2023:10:53:55 +0800] "GET /xingrg/all/function/internal_message.html?_=1689216841257&CODE_STATE=getMsg HTTP/1.1" 200 27
180.169.147.146 - - [13/Jul/2023:10:53:56 +0800] "GET /xingrg/all/function/internal_message.html?_=1689216826663&CODE_STATE=getMsg HTTP/1.1" 200 27
114.83.219.27 - - [13/Jul/2023:10:53:57 +0800] "GET /xingrg/all/function/internal_message.html?_=1689216956109&CODE_STATE=getMsg HTTP/1.1" 200 27
124.78.70.128 - - [13/Jul/2023:10:54:04 +0800] "GET /xingrg/kc/buy/cgsh_order_operate.html?command=get_materiel&rest_code=00141&code=00101008331&supplier_code=00100007&order_time=2023-07-13 HTTP/1.1" 200 416
120.253.135.82 - - [13/Jul/2023:10:54:04 +0800] "POST /xingrg/kc/pszx/mdps_list_operate.html HTTP/1.1" 200 868
222.70.180.90 - - [13/Jul/2023:10:54:06 +0800] "GET /xingrg/all/function/internal_message.html?_=1689216844084&CODE_STATE=getMsg HTTP/1.1" 200 27
116.238.191.126 - - [13/Jul/2023:10:54:07 +0800] "GET /xingrg/all/function/internal_message.html?_=1689216845068&CODE_STATE=getMsg HTTP/1.1" 200 27
120.253.135.82 - - [13/Jul/2023:10:54:13 +0800] "GET /xingrg/kc/pszx/mdps_order_list.html?orderType=0 HTTP/1.1" 200 21032
120.253.135.82 - - [13/Jul/2023:10:54:14 +0800] "POST /xingrg/kc/pszx/mdps_list_operate.html HTTP/1.1" 200 5361
124.78.70.128 - - [13/Jul/2023:10:54:16 +0800] "GET /xingrg/all/function/internal_message.html?_=1689216332928&CODE_STATE=getMsg HTTP/1.1" 200 27
114.95.42.59 - - [13/Jul/2023:10:54:16 +0800] "GET /xingrg/all/function/internal_message.html?_=1689216671087&CODE_STATE=getMsg HTTP/1.1" 200 27
120.253.135.82 - - [13/Jul/2023:10:54:16 +0800] "GET /xingrg/kc/pszx/mdps_order_add.html HTTP/1.1" 200 29101
114.95.42.59 - - [13/Jul/2023:10:54:16 +0800] "GET /xingrg/check_reg.html?_=1689216671713 HTTP/1.1" 200 22
120.253.135.82 - - [13/Jul/2023:10:54:16 +0800] "POST /xingrg/kc/pszx/mdps_order_operate.html HTTP/1.1" 200 7126
120.253.135.82 - - [13/Jul/2023:10:54:17 +0800] "GET /xingrg/javascript/easyui/themes/default/validatebox.css HTTP/1.1" 404 1104
120.253.135.82 - - [13/Jul/2023:10:54:22 +0800] "POST /xingrg/all/common/load_combo.html?type=base HTTP/1.1" 200 1169
180.169.147.146 - - [13/Jul/2023:10:54:26 +0800] "GET /xingrg/all/function/internal_message.html?_=1689216862145&CODE_STATE=getMsg HTTP/1.1" 200 27
120.253.135.82 - - [13/Jul/2023:10:54:32 +0800] "GET /xingrg/kc/pszx/mdps_order_operate.html?command=get_materiel&pszx_code=00101&rest_code=00157&base_code=0010246&code=00101013052 HTTP/1.1" 200 441
114.95.42.59 - - [13/Jul/2023:10:54:34 +0800] "GET /xingrg/all/function/internal_message.html?_=1689216875553&CODE_STATE=getMsg HTTP/1.1" 200 27
114.95.42.59 - - [13/Jul/2023:10:54:36 +0800] "GET /xingrg/check_reg.html?_=1689216877569 HTTP/1.1" 200 22
61.170.233.201 - - [13/Jul/2023:10:54:37 +0800] "GET /xingrg/all/function/internal_message.html?_=1689216868785&CODE_STATE=getMsg HTTP/1.1" 200 27
114.89.203.254 - - [13/Jul/2023:10:54:39 +0800] "GET /xingrg/check_reg.html?_=1689216879882 HTTP/1.1" 200 22
114.89.203.254 - - [13/Jul/2023:10:54:39 +0800] "GET /xingrg/all/function/internal_message.html?_=1689216879885&CODE_STATE=getMsg HTTP/1.1" 200 27
180.169.147.146 - - [13/Jul/2023:10:54:41 +0800] "GET /xingrg/all/function/internal_message.html?_=1689216880914&CODE_STATE=getMsg HTTP/1.1" 200 27
180.169.147.146 - - [13/Jul/2023:10:54:41 +0800] "GET /xingrg/all/function/internal_message.html?_=1689216879815&CODE_STATE=getMsg HTTP/1.1" 200 27
120.253.135.82 - - [13/Jul/2023:10:54:42 +0800] "POST /xingrg/kc/pszx/mdps_order_operate.html HTTP/1.1" 200 37
222.70.172.54 - - [13/Jul/2023:10:54:43 +0800] "GET /xingrg/kc/buy/cgsh_order_operate.html?command=get_materiel&rest_code=00146&code=00101008005&supplier_code=00100005&order_time=2023-07-13 HTTP/1.1" 200 412
120.253.135.82 - - [13/Jul/2023:10:54:43 +0800] "GET /xingrg/kc/pszx/mdps_order_info.html?code=312023071300312 HTTP/1.1" 200 23976
120.253.135.82 - - [13/Jul/2023:10:54:44 +0800] "GET /xingrg/javascript/easyui/themes/default/validatebox.css HTTP/1.1" 404 1104
116.232.195.127 - - [13/Jul/2023:10:54:44 +0800] "GET /xingrg/all/function/internal_message.html?_=1689216859260&CODE_STATE=getMsg HTTP/1.1" 200 27
120.253.135.82 - - [13/Jul/2023:10:54:44 +0800] "POST /xingrg/kc/pszx/mdps_order_operate.html HTTP/1.1" 200 2282
222.70.172.54 - - [13/Jul/2023:10:54:47 +0800] "GET /xingrg/all/function/internal_message.html?_=1689216900840&CODE_STATE=getMsg HTTP/1.1" 200 27
180.165.154.167 - - [13/Jul/2023:10:54:47 +0800] "GET /xingrg/all/function/internal_message.html?_=1689216886213&CODE_STATE=getMsg HTTP/1.1" 200 27
120.253.135.82 - - [13/Jul/2023:10:54:49 +0800] "GET /xingrg/all/function/internal_message.html?_=1689216714438&CODE_STATE=getMsg HTTP/1.1" 200 27
114.83.218.88 - - [13/Jul/2023:10:54:50 +0800] "GET /xingrg/all/function/internal_message.html?_=1689216889414&CODE_STATE=getMsg HTTP/1.1" 200 27
114.83.218.88 - - [13/Jul/2023:10:54:51 +0800] "GET /xingrg/check_reg.html?_=1689216890265 HTTP/1.1" 200 22
124.78.70.128 - - [13/Jul/2023:10:54:51 +0800] "GET /xingrg/all/function/internal_message.html?_=1689216889978&CODE_STATE=getMsg HTTP/1.1" 200 27
120.253.135.82 - - [13/Jul/2023:10:54:52 +0800] "GET /xingrg/kc/pszx/mdps_order_list.html?orderType=0 HTTP/1.1" 200 21032
120.253.135.82 - - [13/Jul/2023:10:54:52 +0800] "POST /xingrg/kc/pszx/mdps_list_operate.html HTTP/1.1" 200 5361
222.70.114.12 - - [13/Jul/2023:10:54:53 +0800] "GET /xingrg/all/function/internal_message.html?_=1689216902090&CODE_STATE=getMsg HTTP/1.1" 302 -
114.89.203.254 - - [13/Jul/2023:10:54:55 +0800] "GET /xingrg/check_reg.html?_=1689216901264 HTTP/1.1" 200 22
114.89.203.254 - - [13/Jul/2023:10:54:55 +0800] "GET /xingrg/all/function/internal_message.html?_=1689216901267&CODE_STATE=getMsg HTTP/1.1" 200 27
180.169.147.146 - - [13/Jul/2023:10:54:56 +0800] "GET /xingrg/all/function/internal_message.html?_=1689216886646&CODE_STATE=getMsg HTTP/1.1" 200 27
222.70.172.54 - - [13/Jul/2023:10:54:56 +0800] "POST /xingrg/kc/buy/cgsh_order_operate.html HTTP/1.1" 200 2065
114.83.219.27 - - [13/Jul/2023:10:54:57 +0800] "GET /xingrg/all/function/internal_message.html?_=1689217016101&CODE_STATE=getMsg HTTP/1.1" 200 27
124.78.70.128 - - [13/Jul/2023:10:55:01 +0800] "POST /xingrg/kc/buy/cgsh_order_operate.html HTTP/1.1" 200 2065
222.70.180.90 - - [13/Jul/2023:10:55:06 +0800] "GET /xingrg/all/function/internal_message.html?_=1689216904108&CODE_STATE=getMsg HTTP/1.1" 200 27
222.70.172.54 - - [13/Jul/2023:10:55:07 +0800] "GET /xingrg/kc/buy/cgsh_order_operate.html?command=get_materiel&rest_code=00146&code=00101008353&supplier_code=00100005&order_time=2023-07-13 HTTP/1.1" 200 408
116.238.191.126 - - [13/Jul/2023:10:55:07 +0800] "GET /xingrg/all/function/internal_message.html?_=1689216905067&CODE_STATE=getMsg HTTP/1.1" 200 27
120.253.135.82 - - [13/Jul/2023:10:55:08 +0800] "POST /xingrg/kc/pszx/mdps_list_operate.html HTTP/1.1" 200 4303
124.78.70.128 - - [13/Jul/2023:10:55:10 +0800] "GET /xingrg/kc/buy/cgsh_order_operate.html?command=get_materiel&rest_code=00141&code=00101008119&supplier_code=00100007&order_time=2023-07-13 HTTP/1.1" 200 412
120.253.135.82 - - [13/Jul/2023:10:55:14 +0800] "POST /xingrg/kc/pszx/mdps_list_operate.html HTTP/1.1" 200 202
114.95.42.59 - - [13/Jul/2023:10:55:16 +0800] "GET /xingrg/all/function/internal_message.html?_=1689216731057&CODE_STATE=getMsg HTTP/1.1" 200 27
124.78.70.128 - - [13/Jul/2023:10:55:16 +0800] "GET /xingrg/all/function/internal_message.html?_=1689216393056&CODE_STATE=getMsg HTTP/1.1" 200 27
120.253.135.82 - - [13/Jul/2023:10:55:16 +0800] "GET /xingrg/kc/pszx/mdps_order_info.html?code=312023071000236 HTTP/1.1" 200 23984
120.253.135.82 - - [13/Jul/2023:10:55:16 +0800] "GET /xingrg/javascript/easyui/themes/default/validatebox.css HTTP/1.1" 404 1104
120.253.135.82 - - [13/Jul/2023:10:55:17 +0800] "POST /xingrg/kc/pszx/mdps_order_operate.html HTTP/1.1" 200 2281
124.78.70.128 - - [13/Jul/2023:10:55:20 +0800] "GET /xingrg/kc/buy/cgsh_order_operate.html?command=get_materiel&rest_code=00141&code=00101019116&supplier_code=00100007&order_time=2023-07-13 HTTP/1.1" 200 416
180.169.147.146 - - [13/Jul/2023:10:55:21 +0800] "POST /xingrg/dwr/call/plaincall/AjaxReportQueryService.refreshCache.dwr HTTP/1.1" 200 78
120.253.135.82 - - [13/Jul/2023:10:55:21 +0800] "POST /xingrg/kc/pszx/mdps_order_operate.html HTTP/1.1" 200 37
180.169.147.146 - - [13/Jul/2023:10:55:22 +0800] "POST /xingrg/all/report/load_report_page.html HTTP/1.1" 200 8920
180.169.147.146 - - [13/Jul/2023:10:55:22 +0800] "GET /xingrg/servlets/image?cache=0.7458846173501712&image=px HTTP/1.1" 200 807
180.169.147.146 - - [13/Jul/2023:10:55:23 +0800] "GET /xingrg/all/report/report_query.html?isQuery=1&fileName=kc/buy/wlcg_cate_hz.xml&queryString=(CONVERT(char(10)%252Ca.order_time%252C%2520120)%253E%253D'2023-06-01')%2520and%2520(CONVERT(char(10)%252Ca.order_time%252C%2520120)%253C%253D'2023-06-15')%2520and%2520(a.supplier_code%2520in%2520('00100023'))%2520and%2520(a.supplier_code%253D'00100023')&queryText=%25E3%2580%2590%25E9%2587%2587%25E8%25B4%25AD%25E6%2597%25A5%25E6%259C%259F%253A2023-06-01%2520%25E8%2587%25B3%25202023-06-15%25E3%2580%2591%2520%25E5%25B9%25B6%25E4%25B8%2594%2520%2520%25E3%2580%2590%25E4%25BE%259B%25E5%25BA%2594%25E5%2595%2586%2520%253D%2520%25E6%25B0%25B4%25E6%259E%259C%25EF%25BC%2588%25E6%259D%258E%25E5%259B%25BD%25E5%25BA%2586%25EF%25BC%2589%25E3%2580%2591%2520%25E5%25B9%25B6%25E4%25B8%2594%2520%25E3%2580%2590%25E4%25BE%259B%25E5%25BA%2594%25E5%2595%2586%253D%25E6%25B0%25B4%25E6%259E%259C%25EF%25BC%2588%25E6%259D%258E%25E5%259B%25BD%25E5%25BA%2586%25EF%25BC%2589%25E3%2580%2591 HTTP/1.1" 200 54465
180.169.147.146 - - [13/Jul/2023:10:55:23 +0800] "GET /xingrg/dwr/interface/AjaxReportQueryService.js HTTP/1.1" 200 13203
180.169.147.146 - - [13/Jul/2023:10:55:23 +0800] "GET /xingrg/dwr/engine.js HTTP/1.1" 200 43631
120.253.135.82 - - [13/Jul/2023:10:55:25 +0800] "POST /xingrg/kc/pszx/mdps_order_operate.html HTTP/1.1" 200 12
116.238.191.126 - - [13/Jul/2023:10:55:25 +0800] "POST /xingrg/services/DataTransmitService HTTP/1.1" 200 524
180.169.147.146 - - [13/Jul/2023:10:55:26 +0800] "GET /xingrg/all/function/internal_message.html?_=1689216922155&CODE_STATE=getMsg HTTP/1.1" 200 27
180.169.147.146 - - [13/Jul/2023:10:55:26 +0800] "GET /xingrg/check_reg.html?_=1689216922279 HTTP/1.1" 200 22
180.169.147.146 - - [13/Jul/2023:10:55:26 +0800] "POST /xingrg/all/report/load_report_page.html HTTP/1.1" 200 8712
180.169.147.146 - - [13/Jul/2023:10:55:26 +0800] "GET /xingrg/servlets/image?cache=0.0641421023589619&image=px HTTP/1.1" 200 807
116.238.191.126 - - [13/Jul/2023:10:55:27 +0800] "POST /xingrg/services/DataTransmitService HTTP/1.1" 200 412
124.78.70.128 - - [13/Jul/2023:10:55:29 +0800] "GET /xingrg/kc/buy/cgsh_order_operate.html?command=get_materiel&rest_code=00141&code=00101008095&supplier_code=00100007&order_time=2023-07-13 HTTP/1.1" 200 412
180.169.147.146 - - [13/Jul/2023:10:55:30 +0800] "POST /xingrg/all/report/load_report_page.html HTTP/1.1" 200 46628
180.169.147.146 - - [13/Jul/2023:10:55:30 +0800] "GET /xingrg/servlets/image?cache=0.9826304471293901&image=px HTTP/1.1" 200 807
180.165.154.167 - - [13/Jul/2023:10:55:32 +0800] "GET /xingrg/check_reg.html?_=1689216931262 HTTP/1.1" 200 22
114.95.42.59 - - [13/Jul/2023:10:55:34 +0800] "GET /xingrg/all/function/internal_message.html?_=1689216935534&CODE_STATE=getMsg HTTP/1.1" 200 27
120.253.135.82 - - [13/Jul/2023:10:55:35 +0800] "GET /xingrg/kc/pszx/mdps_order_info.html?code=312023071000236 HTTP/1.1" 200 19644
120.253.135.82 - - [13/Jul/2023:10:55:35 +0800] "GET /xingrg/javascript/easyui/themes/default/validatebox.css HTTP/1.1" 404 1104
120.253.135.82 - - [13/Jul/2023:10:55:36 +0800] "POST /xingrg/kc/pszx/mdps_order_operate.html HTTP/1.1" 200 502
61.170.233.201 - - [13/Jul/2023:10:55:37 +0800] "GET /xingrg/all/function/internal_message.html?_=1689216928787&CODE_STATE=getMsg HTTP/1.1" 200 27
180.169.147.146 - - [13/Jul/2023:10:55:38 +0800] "POST /xingrg/all/report/report_print.html HTTP/1.1" 200 7168
180.169.147.146 - - [13/Jul/2023:10:55:38 +0800] "GET /favicon.ico HTTP/1.1" 404 -
114.89.203.254 - - [13/Jul/2023:10:55:39 +0800] "GET /xingrg/all/function/internal_message.html?_=1689216939900&CODE_STATE=getMsg HTTP/1.1" 200 27
180.169.147.146 - - [13/Jul/2023:10:55:41 +0800] "GET /xingrg/all/function/internal_message.html?_=1689216939812&CODE_STATE=getMsg HTTP/1.1" 200 27
180.169.147.146 - - [13/Jul/2023:10:55:41 +0800] "GET /xingrg/all/function/internal_message.html?_=1689216940917&CODE_STATE=getMsg HTTP/1.1" 200 27
124.78.70.128 - - [13/Jul/2023:10:55:41 +0800] "GET /xingrg/kc/buy/cgsh_order_operate.html?command=get_materiel&rest_code=00141&code=00101008224&supplier_code=00100007&order_time=2023-07-13 HTTP/1.1" 200 416
120.253.135.82 - - [13/Jul/2023:10:55:44 +0800] "POST /xingrg/kc/pszx/mdps_list_operate.html HTTP/1.1" 200 601
116.232.195.127 - - [13/Jul/2023:10:55:44 +0800] "GET /xingrg/all/function/internal_message.html?_=1689216919242&CODE_STATE=getMsg HTTP/1.1" 200 27
120.253.135.82 - - [13/Jul/2023:10:55:45 +0800] "GET /xingrg/kc/pszx/mdps_order_info.html?code=312023071200272 HTTP/1.1" 200 23978
120.253.135.82 - - [13/Jul/2023:10:55:45 +0800] "GET /xingrg/javascript/easyui/themes/default/validatebox.css HTTP/1.1" 404 1104
120.253.135.82 - - [13/Jul/2023:10:55:46 +0800] "POST /xingrg/kc/pszx/mdps_order_operate.html HTTP/1.1" 200 5261
222.70.172.54 - - [13/Jul/2023:10:55:47 +0800] "GET /xingrg/all/function/internal_message.html?_=1689216960853&CODE_STATE=getMsg HTTP/1.1" 200 27
180.165.154.167 - - [13/Jul/2023:10:55:47 +0800] "GET /xingrg/all/function/internal_message.html?_=1689216946201&CODE_STATE=getMsg HTTP/1.1" 200 27
120.253.135.82 - - [13/Jul/2023:10:55:48 +0800] "GET /xingrg/check_reg.html?_=1689216774250 HTTP/1.1" 200 22
120.253.135.82 - - [13/Jul/2023:10:55:49 +0800] "GET /xingrg/all/function/internal_message.html?_=1689216774452&CODE_STATE=getMsg HTTP/1.1" 200 27
114.83.218.88 - - [13/Jul/2023:10:55:50 +0800] "GET /xingrg/all/function/internal_message.html?_=1689216949406&CODE_STATE=getMsg HTTP/1.1" 200 27
124.78.70.128 - - [13/Jul/2023:10:55:51 +0800] "GET /xingrg/all/function/internal_message.html?_=1689216949976&CODE_STATE=getMsg HTTP/1.1" 200 27
222.70.114.12 - - [13/Jul/2023:10:55:53 +0800] "GET /xingrg/all/function/internal_message.html?_=1689216962116&CODE_STATE=getMsg HTTP/1.1" 302 -
114.89.203.254 - - [13/Jul/2023:10:55:55 +0800] "GET /xingrg/all/function/internal_message.html?_=1689216961266&CODE_STATE=getMsg HTTP/1.1" 200 27
180.169.147.146 - - [13/Jul/2023:10:55:56 +0800] "GET /xingrg/all/function/internal_message.html?_=1689216946630&CODE_STATE=getMsg HTTP/1.1" 200 27
114.83.219.27 - - [13/Jul/2023:10:55:57 +0800] "GET /xingrg/all/function/internal_message.html?_=1689217076098&CODE_STATE=getMsg HTTP/1.1" 200 27
124.78.70.128 - - [13/Jul/2023:10:56:02 +0800] "GET /xingrg/kc/buy/cgsh_order_operate.html?command=get_materiel&rest_code=00141&code=00101008223&supplier_code=00100007&order_time=2023-07-13 HTTP/1.1" 200 412
120.253.135.82 - - [13/Jul/2023:10:56:02 +0800] "POST /xingrg/kc/pszx/mdps_order_operate.html HTTP/1.1" 200 37
120.253.135.82 - - [13/Jul/2023:10:56:06 +0800] "POST /xingrg/kc/pszx/mdps_order_operate.html HTTP/1.1" 200 12
222.70.180.90 - - [13/Jul/2023:10:56:06 +0800] "GET /xingrg/all/function/internal_message.html?_=1689216964111&CODE_STATE=getMsg HTTP/1.1" 200 27
180.169.147.146 - - [13/Jul/2023:10:56:07 +0800] "POST /xingrg/dwr/call/plaincall/AjaxReportQueryService.refreshCache.dwr HTTP/1.1" 200 78
180.169.147.146 - - [13/Jul/2023:10:56:08 +0800] "POST /xingrg/all/report/load_report_page.html HTTP/1.1" 200 8920
180.169.147.146 - - [13/Jul/2023:10:56:08 +0800] "GET /xingrg/servlets/image?cache=0.9879147145221842&image=px HTTP/1.1" 200 807
120.253.135.82 - - [13/Jul/2023:10:56:13 +0800] "GET /xingrg/kc/pszx/mdps_order_info.html?code=312023071200272 HTTP/1.1" 200 19638
120.253.135.82 - - [13/Jul/2023:10:56:14 +0800] "GET /xingrg/javascript/easyui/themes/default/validatebox.css HTTP/1.1" 404 1104
120.253.135.82 - - [13/Jul/2023:10:56:14 +0800] "POST /xingrg/kc/pszx/mdps_order_operate.html HTTP/1.1" 200 3452
120.253.135.82 - - [13/Jul/2023:10:56:15 +0800] "POST /xingrg/kc/pszx/mdps_list_operate.html HTTP/1.1" 200 3551
114.95.42.59 - - [13/Jul/2023:10:56:16 +0800] "GET /xingrg/all/function/internal_message.html?_=1689216791029&CODE_STATE=getMsg HTTP/1.1" 200 27
124.78.70.128 - - [13/Jul/2023:10:56:16 +0800] "GET /xingrg/check_reg.html?_=1689216452980 HTTP/1.1" 200 22
124.78.70.128 - - [13/Jul/2023:10:56:16 +0800] "GET /xingrg/all/function/internal_message.html?_=1689216452982&CODE_STATE=getMsg HTTP/1.1" 200 27
124.78.70.128 - - [13/Jul/2023:10:56:16 +0800] "GET /xingrg/kc/buy/cgsh_order_operate.html?command=get_materiel&rest_code=00141&code=00101008168&supplier_code=00100007&order_time=2023-07-13 HTTP/1.1" 200 413
124.78.70.128 - - [13/Jul/2023:10:56:20 +0800] "POST /xingrg/kc/buy/cgsh_order_operate.html HTTP/1.1" 200 2065
120.253.135.82 - - [13/Jul/2023:10:56:22 +0800] "POST /xingrg/kc/pszx/mdps_list_operate.html HTTP/1.1" 200 300
120.253.135.82 - - [13/Jul/2023:10:56:23 +0800] "GET /xingrg/kc/pszx/mdps_order_info.html?code=312023071300293 HTTP/1.1" 200 23978
120.253.135.82 - - [13/Jul/2023:10:56:24 +0800] "GET /xingrg/javascript/easyui/themes/default/validatebox.css HTTP/1.1" 404 1104
120.253.135.82 - - [13/Jul/2023:10:56:24 +0800] "POST /xingrg/kc/pszx/mdps_order_operate.html HTTP/1.1" 200 2812
180.169.147.146 - - [13/Jul/2023:10:56:26 +0800] "GET /xingrg/all/function/internal_message.html?_=1689216982165&CODE_STATE=getMsg HTTP/1.1" 200 27
124.78.70.128 - - [13/Jul/2023:10:56:26 +0800] "GET /xingrg/kc/buy/cgsh_order_operate.html?command=get_materiel&rest_code=00141&code=00101008114&supplier_code=00100007&order_time=2023-07-13 HTTP/1.1" 200 412
218.81.66.93 - - [13/Jul/2023:10:56:27 +0800] "GET /xingrg/check_reg.html?_=1689216987728 HTTP/1.1" 302 -
180.165.154.167 - - [13/Jul/2023:10:56:28 +0800] "POST /xingrg/kc/buy/cgsh_list_operate.html HTTP/1.1" 200 576
180.169.147.146 - - [13/Jul/2023:10:56:30 +0800] "GET /xingrg/all/report/report_query.html?isQuery=1&fileName=kc/buy/wlcg_cate_hz.xml&queryString=(CONVERT(char(10)%252Ca.order_time%252C%2520120)%253E%253D'2023-06-16')%2520and%2520(CONVERT(char(10)%252Ca.order_time%252C%2520120)%253C%253D'2023-06-30')%2520and%2520(a.supplier_code%2520in%2520('00100023'))%2520and%2520(a.supplier_code%253D'00100023')&queryText=%25E3%2580%2590%25E9%2587%2587%25E8%25B4%25AD%25E6%2597%25A5%25E6%259C%259F%253A2023-06-16%2520%25E8%2587%25B3%25202023-06-30%25E3%2580%2591%2520%25E5%25B9%25B6%25E4%25B8%2594%2520%2520%25E3%2580%2590%25E4%25BE%259B%25E5%25BA%2594%25E5%2595%2586%2520%253D%2520%25E6%25B0%25B4%25E6%259E%259C%25EF%25BC%2588%25E6%259D%258E%25E5%259B%25BD%25E5%25BA%2586%25EF%25BC%2589%25E3%2580%2591%2520%25E5%25B9%25B6%25E4%25B8%2594%2520%25E3%2580%2590%25E4%25BE%259B%25E5%25BA%2594%25E5%2595%2586%253D%25E6%25B0%25B4%25E6%259E%259C%25EF%25BC%2588%25E6%259D%258E%25E5%259B%25BD%25E5%25BA%2586%25EF%25BC%2589%25E3%2580%2591 HTTP/1.1" 200 54465
180.169.147.146 - - [13/Jul/2023:10:56:30 +0800] "GET /xingrg/dwr/interface/AjaxReportQueryService.js HTTP/1.1" 200 13203
180.169.147.146 - - [13/Jul/2023:10:56:30 +0800] "GET /xingrg/dwr/engine.js HTTP/1.1" 200 43631
180.165.154.167 - - [13/Jul/2023:10:56:30 +0800] "GET /xingrg/kc/buy/cgsh_order_info.html?code=212023071305014 HTTP/1.1" 200 71721
180.165.154.167 - - [13/Jul/2023:10:56:30 +0800] "GET /xingrg/css/base.css HTTP/1.1" 200 2811
180.165.154.167 - - [13/Jul/2023:10:56:30 +0800] "GET /xingrg/css/site.css HTTP/1.1" 200 7541
180.165.154.167 - - [13/Jul/2023:10:56:30 +0800] "GET /xingrg/javascript/jquery_tools/datebox.css HTTP/1.1" 200 2597
180.165.154.167 - - [13/Jul/2023:10:56:30 +0800] "GET /xingrg/javascript/auto/jquery.autocomplete.css HTTP/1.1" 200 587
180.165.154.167 - - [13/Jul/2023:10:56:30 +0800] "GET /xingrg/javascript/easyui/themes/default/easyui.css HTTP/1.1" 200 30432
180.165.154.167 - - [13/Jul/2023:10:56:30 +0800] "GET /xingrg/javascript/pic_change.js HTTP/1.1" 200 4739
180.165.154.167 - - [13/Jul/2023:10:56:30 +0800] "GET /xingrg/javascript/jquery_tools/fix.css HTTP/1.1" 200 1702
180.165.154.167 - - [13/Jul/2023:10:56:30 +0800] "GET /xingrg/javascript/jquery_tools/table.css HTTP/1.1" 200 1032
180.165.154.167 - - [13/Jul/2023:10:56:30 +0800] "GET /xingrg/javascript/easyui/themes/icon.css HTTP/1.1" 200 4483
180.165.154.167 - - [13/Jul/2023:10:56:30 +0800] "GET /xingrg/javascript/jquery_tools/jquery.tools.min.js HTTP/1.1" 200 138801
180.165.154.167 - - [13/Jul/2023:10:56:30 +0800] "GET /xingrg/javascript/jquery_tools/jquery.tools.extend.js HTTP/1.1" 200 15385
180.165.154.167 - - [13/Jul/2023:10:56:30 +0800] "GET /xingrg/javascript/jquery_tools/jquery.tools.table.js HTTP/1.1" 200 6994
180.165.154.167 - - [13/Jul/2023:10:56:30 +0800] "GET /xingrg/javascript/jquery_tools/jquery.tools.hotkey.js HTTP/1.1" 200 3242
180.165.154.167 - - [13/Jul/2023:10:56:30 +0800] "GET /xingrg/javascript/auto/jquery.autocomplete.js HTTP/1.1" 200 21624
180.165.154.167 - - [13/Jul/2023:10:56:30 +0800] "GET /xingrg/javascript/easyui/easyloader.js HTTP/1.1" 200 5975
180.165.154.167 - - [13/Jul/2023:10:56:30 +0800] "GET /xingrg/javascript/jquery.utils.js HTTP/1.1" 200 11805
120.253.135.82 - - [13/Jul/2023:10:56:30 +0800] "POST /xingrg/kc/pszx/mdps_order_operate.html HTTP/1.1" 200 37
180.165.154.167 - - [13/Jul/2023:10:56:30 +0800] "GET /xingrg/javascript/convert.js HTTP/1.1" 200 1239
180.165.154.167 - - [13/Jul/2023:10:56:30 +0800] "GET /xingrg/javascript/jquery_tools/order_manager.js HTTP/1.1" 200 11183
180.165.154.167 - - [13/Jul/2023:10:56:30 +0800] "GET /xingrg/javascript/json2.js HTTP/1.1" 200 11259
180.165.154.167 - - [13/Jul/2023:10:56:30 +0800] "GET /xingrg/javascript/jquery.cookie.js HTTP/1.1" 200 5513
180.165.154.167 - - [13/Jul/2023:10:56:30 +0800] "GET /xingrg/javascript/print/kc_print.js HTTP/1.1" 200 11415
180.165.154.167 - - [13/Jul/2023:10:56:30 +0800] "GET /xingrg/javascript/print/LodopFuncs.js HTTP/1.1" 200 5121
180.165.154.167 - - [13/Jul/2023:10:56:31 +0800] "GET /xingrg/words/20230711134310_words.js HTTP/1.1" 200 972159
180.165.154.167 - - [13/Jul/2023:10:56:31 +0800] "GET /xingrg/javascript/easyui/plugins/jquery.parser.js HTTP/1.1" 200 1142
180.165.154.167 - - [13/Jul/2023:10:56:31 +0800] "GET /xingrg/javascript/easyui/themes/default/validatebox.css HTTP/1.1" 404 1104
180.165.154.167 - - [13/Jul/2023:10:56:31 +0800] "GET /xingrg/javascript/easyui/plugins/jquery.validatebox.js HTTP/1.1" 200 6103
180.165.154.167 - - [13/Jul/2023:10:56:31 +0800] "GET /xingrg/javascript/easyui/plugins/jquery.numberbox.js HTTP/1.1" 200 5213
180.165.154.167 - - [13/Jul/2023:10:56:31 +0800] "GET /xingrg/all/common/auto_word.html?type=employee&rest_code=00108 HTTP/1.1" 200 101
180.165.154.167 - - [13/Jul/2023:10:56:31 +0800] "GET /xingrg/all/common/auto_word.html?type=employee&rest_code=00108 HTTP/1.1" 200 101
180.165.154.167 - - [13/Jul/2023:10:56:32 +0800] "POST /xingrg/kc/buy/cgsh_order_operate.html HTTP/1.1" 200 22204
180.169.147.146 - - [13/Jul/2023:10:56:33 +0800] "POST /xingrg/all/report/load_report_page.html HTTP/1.1" 200 8714
180.169.147.146 - - [13/Jul/2023:10:56:33 +0800] "GET /xingrg/servlets/image?cache=0.7358764160067062&image=px HTTP/1.1" 200 807
114.95.42.59 - - [13/Jul/2023:10:56:34 +0800] "GET /xingrg/all/function/internal_message.html?_=1689216995533&CODE_STATE=getMsg HTTP/1.1" 200 27
120.253.135.82 - - [13/Jul/2023:10:56:35 +0800] "POST /xingrg/kc/pszx/mdps_order_operate.html HTTP/1.1" 200 12
124.78.70.128 - - [13/Jul/2023:10:56:36 +0800] "GET /xingrg/kc/buy/cgsh_order_operate.html?command=get_materiel&rest_code=00141&code=00101008558&supplier_code=00100007&order_time=2023-07-13 HTTP/1.1" 200 409
61.170.233.201 - - [13/Jul/2023:10:56:37 +0800] "GET /xingrg/all/function/internal_message.html?_=1689216988813&CODE_STATE=getMsg HTTP/1.1" 200 27
120.253.135.82 - - [13/Jul/2023:10:56:37 +0800] "GET /xingrg/kc/pszx/mdps_order_info.html?code=312023071300293 HTTP/1.1" 200 19638
120.253.135.82 - - [13/Jul/2023:10:56:38 +0800] "GET /xingrg/javascript/easyui/themes/default/validatebox.css HTTP/1.1" 404 1104
120.253.135.82 - - [13/Jul/2023:10:56:38 +0800] "POST /xingrg/kc/pszx/mdps_order_operate.html HTTP/1.1" 200 1026
114.89.203.254 - - [13/Jul/2023:10:56:39 +0800] "GET /xingrg/all/function/internal_message.html?_=1689216999895&CODE_STATE=getMsg HTTP/1.1" 200 27
180.169.147.146 - - [13/Jul/2023:10:56:39 +0800] "POST /xingrg/all/report/load_report_page.html HTTP/1.1" 200 53399
180.169.147.146 - - [13/Jul/2023:10:56:39 +0800] "GET /xingrg/servlets/image?cache=0.9554513836610046&image=px HTTP/1.1" 200 807
180.169.147.146 - - [13/Jul/2023:10:56:41 +0800] "GET /xingrg/check_reg.html?_=1689217000914 HTTP/1.1" 200 22
180.169.147.146 - - [13/Jul/2023:10:56:41 +0800] "GET /xingrg/all/function/internal_message.html?_=1689217000916&CODE_STATE=getMsg HTTP/1.1" 200 27
180.169.147.146 - - [13/Jul/2023:10:56:41 +0800] "GET /xingrg/all/function/internal_message.html?_=1689216999825&CODE_STATE=getMsg HTTP/1.1" 200 27
116.232.195.127 - - [13/Jul/2023:10:56:44 +0800] "GET /xingrg/all/function/internal_message.html?_=1689216979235&CODE_STATE=getMsg HTTP/1.1" 200 27
180.165.154.167 - - [13/Jul/2023:10:56:46 +0800] "POST /xingrg/kc/buy/cgsh_order_operate.html HTTP/1.1" 200 37
222.70.172.54 - - [13/Jul/2023:10:56:47 +0800] "GET /xingrg/all/function/internal_message.html?_=1689217020866&CODE_STATE=getMsg HTTP/1.1" 200 27
180.165.154.167 - - [13/Jul/2023:10:56:49 +0800] "POST /xingrg/kc/buy/cgsh_order_operate.html HTTP/1.1" 200 22203
120.253.135.82 - - [13/Jul/2023:10:56:49 +0800] "GET /xingrg/all/function/internal_message.html?_=1689216834465&CODE_STATE=getMsg HTTP/1.1" 200 27
180.165.154.167 - - [13/Jul/2023:10:56:49 +0800] "POST /xingrg/services/DataTransmitService HTTP/1.1" 200 524
114.83.218.88 - - [13/Jul/2023:10:56:50 +0800] "GET /xingrg/all/function/internal_message.html?_=1689217009392&CODE_STATE=getMsg HTTP/1.1" 200 27
180.165.154.167 - - [13/Jul/2023:10:56:50 +0800] "POST /xingrg/services/DataTransmitService HTTP/1.1" 200 412
120.253.135.82 - - [13/Jul/2023:10:56:50 +0800] "POST /xingrg/kc/pszx/mdps_list_operate.html HTTP/1.1" 200 3179
124.78.70.128 - - [13/Jul/2023:10:56:51 +0800] "GET /xingrg/all/function/internal_message.html?_=1689217009978&CODE_STATE=getMsg HTTP/1.1" 200 27
222.70.114.12 - - [13/Jul/2023:10:56:53 +0800] "GET /xingrg/all/function/internal_message.html?_=1689217022114&CODE_STATE=getMsg HTTP/1.1" 302 -
222.70.114.12 - - [13/Jul/2023:10:56:53 +0800] "GET /xingrg/check_reg.html?_=1689217022115 HTTP/1.1" 302 -
120.253.135.82 - - [13/Jul/2023:10:56:54 +0800] "POST /xingrg/kc/pszx/mdps_list_operate.html HTTP/1.1" 200 607
124.79.243.110 - - [13/Jul/2023:10:56:55 +0800] "POST /xingrg/services/DataTransmitService HTTP/1.1" 200 524
114.89.203.254 - - [13/Jul/2023:10:56:55 +0800] "GET /xingrg/all/function/internal_message.html?_=1689217021270&CODE_STATE=getMsg HTTP/1.1" 200 27
120.253.135.82 - - [13/Jul/2023:10:56:55 +0800] "GET /xingrg/kc/pszx/mdps_order_info.html?code=312023071200270 HTTP/1.1" 200 23978
120.253.135.82 - - [13/Jul/2023:10:56:55 +0800] "GET /xingrg/javascript/easyui/themes/default/validatebox.css HTTP/1.1" 404 1104
120.253.135.82 - - [13/Jul/2023:10:56:56 +0800] "POST /xingrg/kc/pszx/mdps_order_operate.html HTTP/1.1" 200 20730
180.169.147.146 - - [13/Jul/2023:10:56:56 +0800] "GET /xingrg/all/function/internal_message.html?_=1689217006614&CODE_STATE=getMsg HTTP/1.1" 200 27
124.79.243.110 - - [13/Jul/2023:10:56:56 +0800] "POST /xingrg/services/DataTransmitService HTTP/1.1" 200 412
114.83.219.27 - - [13/Jul/2023:10:56:57 +0800] "GET /xingrg/check_reg.html?_=1689217136105 HTTP/1.1" 200 22
114.83.219.27 - - [13/Jul/2023:10:56:57 +0800] "GET /xingrg/all/function/internal_message.html?_=1689217136109&CODE_STATE=getMsg HTTP/1.1" 200 27
120.253.135.82 - - [13/Jul/2023:10:57:04 +0800] "POST /xingrg/kc/pszx/mdps_order_operate.html HTTP/1.1" 200 37
124.78.70.128 - - [13/Jul/2023:10:57:06 +0800] "POST /xingrg/kc/buy/cgsh_order_operate.html HTTP/1.1" 200 37
222.70.180.90 - - [13/Jul/2023:10:57:06 +0800] "GET /xingrg/all/function/internal_message.html?_=1689217024110&CODE_STATE=getMsg HTTP/1.1" 200 27
180.169.147.146 - - [13/Jul/2023:10:57:06 +0800] "POST /xingrg/all/report/report_print.html HTTP/1.1" 200 7680
120.253.135.82 - - [13/Jul/2023:10:57:10 +0800] "POST /xingrg/kc/pszx/mdps_order_operate.html HTTP/1.1" 200 12
120.253.135.82 - - [13/Jul/2023:10:57:13 +0800] "GET /xingrg/kc/pszx/mdps_order_info.html?code=312023071200270 HTTP/1.1" 200 19638
120.253.135.82 - - [13/Jul/2023:10:57:14 +0800] "GET /xingrg/javascript/easyui/themes/default/validatebox.css HTTP/1.1" 404 1104
120.253.135.82 - - [13/Jul/2023:10:57:14 +0800] "POST /xingrg/kc/pszx/mdps_order_operate.html HTTP/1.1" 200 18803
114.95.42.59 - - [13/Jul/2023:10:57:16 +0800] "GET /xingrg/all/function/internal_message.html?_=1689216851014&CODE_STATE=getMsg HTTP/1.1" 200 27
124.78.70.128 - - [13/Jul/2023:10:57:16 +0800] "GET /xingrg/all/function/internal_message.html?_=1689216512961&CODE_STATE=getMsg HTTP/1.1" 200 27
120.253.135.82 - - [13/Jul/2023:10:57:16 +0800] "POST /xingrg/kc/pszx/mdps_list_operate.html HTTP/1.1" 200 2806
124.78.70.128 - - [13/Jul/2023:10:57:20 +0800] "POST /xingrg/kc/buy/cgsh_order_operate.html HTTP/1.1" 200 12
124.78.70.128 - - [13/Jul/2023:10:57:23 +0800] "GET /xingrg/kc/buy/cgsh_order_info.html?code=212023071305032 HTTP/1.1" 200 66529
180.165.154.167 - - [13/Jul/2023:10:57:23 +0800] "POST /xingrg/kc/buy/cgsh_list_operate.html HTTP/1.1" 200 3186
124.78.70.128 - - [13/Jul/2023:10:57:23 +0800] "GET /xingrg/javascript/easyui/themes/default/validatebox.css HTTP/1.1" 404 1104
124.78.70.128 - - [13/Jul/2023:10:57:24 +0800] "POST /xingrg/kc/buy/cgsh_order_operate.html HTTP/1.1" 200 36061
180.169.147.146 - - [13/Jul/2023:10:57:26 +0800] "GET /xingrg/all/function/internal_message.html?_=1689217042164&CODE_STATE=getMsg HTTP/1.1" 200 27
218.81.66.93 - - [13/Jul/2023:10:57:32 +0800] "POST /xingrg/services/DataTransmitService HTTP/1.1" 200 524
114.95.42.59 - - [13/Jul/2023:10:57:34 +0800] "GET /xingrg/all/function/internal_message.html?_=1689217055511&CODE_STATE=getMsg HTTP/1.1" 200 27
180.169.147.146 - - [13/Jul/2023:10:57:35 +0800] "GET /xingrg/check_reg.html?_=1689217045676 HTTP/1.1" 200 22
61.170.233.201 - - [13/Jul/2023:10:57:37 +0800] "GET /xingrg/all/function/internal_message.html?_=1689217048794&CODE_STATE=getMsg HTTP/1.1" 200 27
120.253.135.82 - - [13/Jul/2023:10:57:38 +0800] "POST /xingrg/kc/pszx/mdps_list_operate.html HTTP/1.1" 200 353
114.89.203.254 - - [13/Jul/2023:10:57:39 +0800] "GET /xingrg/all/function/internal_message.html?_=1689217059895&CODE_STATE=getMsg HTTP/1.1" 200 27
120.253.135.82 - - [13/Jul/2023:10:57:39 +0800] "GET /xingrg/kc/pszx/mdps_order_info.html?code=312023071200271 HTTP/1.1" 200 23978
120.253.135.82 - - [13/Jul/2023:10:57:40 +0800] "GET /xingrg/javascript/easyui/themes/default/validatebox.css HTTP/1.1" 404 1104
120.253.135.82 - - [13/Jul/2023:10:57:40 +0800] "POST /xingrg/kc/pszx/mdps_order_operate.html HTTP/1.1" 200 3262
180.169.147.146 - - [13/Jul/2023:10:57:40 +0800] "GET /xingrg/all/function/internal_message.html?_=1689217060909&CODE_STATE=getMsg HTTP/1.1" 200 27
180.169.147.146 - - [13/Jul/2023:10:57:41 +0800] "GET /xingrg/all/function/internal_message.html?_=1689217059817&CODE_STATE=getMsg HTTP/1.1" 200 27
116.232.195.127 - - [13/Jul/2023:10:57:42 +0800] "GET /xingrg/check_reg.html?_=1689217036908 HTTP/1.1" 200 22
120.253.135.82 - - [13/Jul/2023:10:57:44 +0800] "POST /xingrg/kc/pszx/mdps_order_operate.html HTTP/1.1" 200 37
116.232.195.127 - - [13/Jul/2023:10:57:44 +0800] "GET /xingrg/all/function/internal_message.html?_=1689217039217&CODE_STATE=getMsg HTTP/1.1" 200 27
222.70.172.54 - - [13/Jul/2023:10:57:47 +0800] "GET /xingrg/all/function/internal_message.html?_=1689217080881&CODE_STATE=getMsg HTTP/1.1" 200 27
180.165.154.167 - - [13/Jul/2023:10:57:47 +0800] "GET /xingrg/all/function/internal_message.html?_=1689217066210&CODE_STATE=getMsg HTTP/1.1" 200 27
120.253.135.82 - - [13/Jul/2023:10:57:48 +0800] "POST /xingrg/kc/pszx/mdps_order_operate.html HTTP/1.1" 200 12
120.253.135.82 - - [13/Jul/2023:10:57:49 +0800] "GET /xingrg/kc/pszx/mdps_order_info.html?code=312023071200271 HTTP/1.1" 200 19638
114.83.218.88 - - [13/Jul/2023:10:57:50 +0800] "GET /xingrg/all/function/internal_message.html?_=1689217069379&CODE_STATE=getMsg HTTP/1.1" 200 27
120.253.135.82 - - [13/Jul/2023:10:57:50 +0800] "GET /xingrg/javascript/easyui/themes/default/validatebox.css HTTP/1.1" 404 1104
120.253.135.82 - - [13/Jul/2023:10:57:50 +0800] "GET /xingrg/all/function/internal_message.html?_=1689216895867&CODE_STATE=getMsg HTTP/1.1" 200 27
120.253.135.82 - - [13/Jul/2023:10:57:50 +0800] "POST /xingrg/kc/pszx/mdps_order_operate.html HTTP/1.1" 200 1476
124.78.70.128 - - [13/Jul/2023:10:57:51 +0800] "GET /xingrg/all/function/internal_message.html?_=1689217070003&CODE_STATE=getMsg HTTP/1.1" 200 27
120.253.135.82 - - [13/Jul/2023:10:57:51 +0800] "POST /xingrg/kc/pszx/mdps_list_operate.html HTTP/1.1" 200 2434
222.70.172.54 - - [13/Jul/2023:10:57:52 +0800] "GET /xingrg/check_reg.html?_=1689217086402 HTTP/1.1" 200 22
222.70.114.12 - - [13/Jul/2023:10:57:53 +0800] "GET /xingrg/all/function/internal_message.html?_=1689217082112&CODE_STATE=getMsg HTTP/1.1" 302 -
114.89.203.254 - - [13/Jul/2023:10:57:55 +0800] "GET /xingrg/all/function/internal_message.html?_=1689217081273&CODE_STATE=getMsg HTTP/1.1" 200 27
180.169.147.146 - - [13/Jul/2023:10:57:56 +0800] "GET /xingrg/all/function/internal_message.html?_=1689217066596&CODE_STATE=getMsg HTTP/1.1" 200 27
114.83.219.27 - - [13/Jul/2023:10:57:57 +0800] "GET /xingrg/all/function/internal_message.html?_=1689217196105&CODE_STATE=getMsg HTTP/1.1" 200 27
222.70.172.54 - - [13/Jul/2023:10:57:57 +0800] "GET /xingrg/kc/buy/cgsh_order_operate.html?command=get_materiel&rest_code=00146&code=00101008301&supplier_code=00100005&order_time=2023-07-13 HTTP/1.1" 200 422
124.78.70.128 - - [13/Jul/2023:10:57:58 +0800] "GET /xingrg/kc/print/load_data.html?order_code=212023071305032&kc_code=cgsh&condition= HTTP/1.1" 200 14142
124.78.70.128 - - [13/Jul/2023:10:57:59 +0800] "GET /xingrg/javascript/jquery_easy_ui/themes/default/images/tabs_active.png HTTP/1.1" 200 2894
222.70.180.90 - - [13/Jul/2023:10:58:06 +0800] "GET /xingrg/all/function/internal_message.html?_=1689217084108&CODE_STATE=getMsg HTTP/1.1" 200 27
222.70.180.90 - - [13/Jul/2023:10:58:06 +0800] "GET /xingrg/check_reg.html?_=1689217084102 HTTP/1.1" 200 22
120.253.135.82 - - [13/Jul/2023:10:58:09 +0800] "POST /xingrg/kc/pszx/mdps_list_operate.html HTTP/1.1" 200 398
120.253.135.82 - - [13/Jul/2023:10:58:10 +0800] "GET /xingrg/kc/pszx/mdps_order_info.html?code=312023070900204 HTTP/1.1" 200 23976
120.253.135.82 - - [13/Jul/2023:10:58:10 +0800] "GET /xingrg/javascript/easyui/themes/default/validatebox.css HTTP/1.1" 404 1104
120.253.135.82 - - [13/Jul/2023:10:58:11 +0800] "POST /xingrg/kc/pszx/mdps_order_operate.html HTTP/1.1" 200 3349
222.70.172.54 - - [13/Jul/2023:10:58:11 +0800] "GET /xingrg/kc/buy/cgsh_order_operate.html?command=get_materiel&rest_code=00146&code=00101008330&supplier_code=00100005&order_time=2023-07-13 HTTP/1.1" 200 408
114.95.42.59 - - [13/Jul/2023:10:58:15 +0800] "GET /xingrg/all/function/internal_message.html?_=1689216910997&CODE_STATE=getMsg HTTP/1.1" 200 27
120.253.135.82 - - [13/Jul/2023:10:58:16 +0800] "POST /xingrg/kc/pszx/mdps_order_operate.html HTTP/1.1" 200 37
124.78.70.128 - - [13/Jul/2023:10:58:16 +0800] "GET /xingrg/all/function/internal_message.html?_=1689216572960&CODE_STATE=getMsg HTTP/1.1" 200 27
120.253.135.82 - - [13/Jul/2023:10:58:19 +0800] "POST /xingrg/kc/pszx/mdps_order_operate.html HTTP/1.1" 200 12
120.253.135.82 - - [13/Jul/2023:10:58:21 +0800] "GET /xingrg/kc/pszx/mdps_order_info.html?code=312023070900204 HTTP/1.1" 200 19636
120.253.135.82 - - [13/Jul/2023:10:58:22 +0800] "GET /xingrg/javascript/easyui/themes/default/validatebox.css HTTP/1.1" 404 1104
120.253.135.82 - - [13/Jul/2023:10:58:22 +0800] "POST /xingrg/kc/pszx/mdps_order_operate.html HTTP/1.1" 200 1561
120.253.135.82 - - [13/Jul/2023:10:58:24 +0800] "POST /xingrg/kc/pszx/mdps_list_operate.html HTTP/1.1" 200 2065
180.169.147.146 - - [13/Jul/2023:10:58:26 +0800] "GET /xingrg/all/function/internal_message.html?_=1689217102172&CODE_STATE=getMsg HTTP/1.1" 200 27
222.70.172.54 - - [13/Jul/2023:10:58:29 +0800] "GET /xingrg/kc/buy/cgsh_order_operate.html?command=get_materiel&rest_code=00146&code=00101008095&supplier_code=00100005&order_time=2023-07-13 HTTP/1.1" 200 412
222.70.172.54 - - [13/Jul/2023:10:58:33 +0800] "POST /xingrg/kc/buy/cgsh_order_operate.html HTTP/1.1" 200 2065
114.95.42.59 - - [13/Jul/2023:10:58:34 +0800] "GET /xingrg/all/function/internal_message.html?_=1689217115486&CODE_STATE=getMsg HTTP/1.1" 200 27
61.170.233.201 - - [13/Jul/2023:10:58:37 +0800] "GET /xingrg/check_reg.html?_=1689217108803 HTTP/1.1" 200 22
61.170.233.201 - - [13/Jul/2023:10:58:37 +0800] "GET /xingrg/all/function/internal_message.html?_=1689217108804&CODE_STATE=getMsg HTTP/1.1" 200 27
114.89.203.254 - - [13/Jul/2023:10:58:39 +0800] "GET /xingrg/all/function/internal_message.html?_=1689217119905&CODE_STATE=getMsg HTTP/1.1" 200 27
180.169.147.146 - - [13/Jul/2023:10:58:41 +0800] "GET /xingrg/all/function/internal_message.html?_=1689217120913&CODE_STATE=getMsg HTTP/1.1" 200 27
180.169.147.146 - - [13/Jul/2023:10:58:41 +0800] "GET /xingrg/check_reg.html?_=1689217119821 HTTP/1.1" 200 22
180.169.147.146 - - [13/Jul/2023:10:58:41 +0800] "GET /xingrg/all/function/internal_message.html?_=1689217119826&CODE_STATE=getMsg HTTP/1.1" 200 27
222.70.172.54 - - [13/Jul/2023:10:58:44 +0800] "GET /xingrg/kc/buy/cgsh_order_operate.html?command=get_materiel&rest_code=00146&code=00101008110&supplier_code=00100005&order_time=2023-07-13 HTTP/1.1" 200 408
116.232.195.127 - - [13/Jul/2023:10:58:44 +0800] "GET /xingrg/all/function/internal_message.html?_=1689217099215&CODE_STATE=getMsg HTTP/1.1" 200 27
120.253.135.82 - - [13/Jul/2023:10:58:46 +0800] "POST /xingrg/kc/pszx/mdps_list_operate.html HTTP/1.1" 200 301
222.70.172.54 - - [13/Jul/2023:10:58:47 +0800] "GET /xingrg/all/function/internal_message.html?_=1689217140894&CODE_STATE=getMsg HTTP/1.1" 200 27
180.165.154.167 - - [13/Jul/2023:10:58:47 +0800] "GET /xingrg/all/function/internal_message.html?_=1689217126182&CODE_STATE=getMsg HTTP/1.1" 200 27
120.253.135.82 - - [13/Jul/2023:10:58:48 +0800] "POST /xingrg/kc/pszx/mdps_list_operate.html HTTP/1.1" 200 287
120.253.135.82 - - [13/Jul/2023:10:58:49 +0800] "GET /xingrg/kc/pszx/mdps_order_info.html?code=312023071300290 HTTP/1.1" 200 23978
120.253.135.82 - - [13/Jul/2023:10:58:49 +0800] "GET /xingrg/javascript/easyui/themes/default/validatebox.css HTTP/1.1" 404 1104
120.253.135.82 - - [13/Jul/2023:10:58:50 +0800] "POST /xingrg/kc/pszx/mdps_order_operate.html HTTP/1.1" 200 2788
114.83.218.88 - - [13/Jul/2023:10:58:50 +0800] "GET /xingrg/all/function/internal_message.html?_=1689217129349&CODE_STATE=getMsg HTTP/1.1" 200 27
120.253.135.82 - - [13/Jul/2023:10:58:50 +0800] "GET /xingrg/all/function/internal_message.html?_=1689216955916&CODE_STATE=getMsg HTTP/1.1" 200 27
124.78.70.128 - - [13/Jul/2023:10:58:51 +0800] "GET /xingrg/all/function/internal_message.html?_=1689217130001&CODE_STATE=getMsg HTTP/1.1" 200 27
124.78.70.128 - - [13/Jul/2023:10:58:51 +0800] "GET /xingrg/check_reg.html?_=1689217130003 HTTP/1.1" 200 22
120.253.135.82 - - [13/Jul/2023:10:58:53 +0800] "POST /xingrg/kc/pszx/mdps_order_operate.html HTTP/1.1" 200 37
222.70.114.12 - - [13/Jul/2023:10:58:53 +0800] "GET /xingrg/all/function/internal_message.html?_=1689217142112&CODE_STATE=getMsg HTTP/1.1" 302 -
114.89.203.254 - - [13/Jul/2023:10:58:55 +0800] "GET /xingrg/all/function/internal_message.html?_=1689217141277&CODE_STATE=getMsg HTTP/1.1" 200 27
114.83.219.27 - - [13/Jul/2023:10:58:57 +0800] "GET /xingrg/all/function/internal_message.html?_=1689217256095&CODE_STATE=getMsg HTTP/1.1" 200 27
120.253.135.82 - - [13/Jul/2023:10:58:57 +0800] "POST /xingrg/kc/pszx/mdps_order_operate.html HTTP/1.1" 200 12
222.70.180.90 - - [13/Jul/2023:10:59:06 +0800] "GET /xingrg/all/function/internal_message.html?_=1689217144104&CODE_STATE=getMsg HTTP/1.1" 200 27
