116.232.195.127 - - [13/Jul/2023:11:50:54 +0800] "POST /xingrg/all/report/report_print.html HTTP/1.1" 302 -
116.232.195.127 - - [13/Jul/2023:11:50:54 +0800] "GET /xingrg/servlets/html?sysBaseUrl=http%3A%2F%2F180.169.147.146%3A18081%2Fxingrg%2F&costTime=1630×tamp=1689220254567 HTTP/1.1" 200 17886
116.232.195.127 - - [13/Jul/2023:11:50:54 +0800] "GET /xingrg/servlets/image?image=px HTTP/1.1" 200 807
116.232.195.127 - - [13/Jul/2023:11:51:00 +0800] "POST /xingrg/all/report/report_print.html HTTP/1.1" 302 -
116.232.195.127 - - [13/Jul/2023:11:51:00 +0800] "GET /xingrg/servlets/html?sysBaseUrl=http%3A%2F%2F180.169.147.146%3A18081%2Fxingrg%2F&costTime=1932×tamp=1689220260441 HTTP/1.1" 200 17886
116.232.195.127 - - [13/Jul/2023:11:51:00 +0800] "GET /xingrg/servlets/image?image=px HTTP/1.1" 200 807
116.232.195.127 - - [13/Jul/2023:11:51:01 +0800] "GET /xingrg/all/report/report_query.html?isQuery=1&fileName=kc/buy/wlcg_cate_hz.xml&queryString=(CONVERT(char(10)%252Ca.order_time%252C%2520120)%253E%253D'2023-06-01')%2520and%2520(CONVERT(char(10)%252Ca.order_time%252C%2520120)%253C%253D'2023-06-30')%2520and%2520(a.supplier_code%2520in%2520('00100087'))%2520and%2520(a.number%253E0%2520and%2520a.supplier_code%253D'00100087')&queryText=%25E3%2580%2590%25E9%2587%2587%25E8%25B4%25AD%25E6%2597%25A5%25E6%259C%259F%253A2023-06-01%2520%25E8%2587%25B3%25202023-06-30%25E3%2580%2591%2520%25E5%25B9%25B6%25E4%25B8%2594%2520%2520%25E3%2580%2590%25E4%25BE%259B%25E5%25BA%2594%25E5%2595%2586%2520%253D%2520%25E9%25BE%2599%25E8%2599%25BE%25EF%25BC%2588%25E9%2583%2591%25E6%25B5%25B7%25E6%25BB%25A8%25EF%25BC%2589%25E3%2580%2591%2520%25E5%25B9%25B6%25E4%25B8%2594%2520%25E3%2580%2590%25E4%25BE%259B%25E5%25BA%2594%25E5%2595%2586%253D%25E9%25BE%2599%25E8%2599%25BE%25EF%25BC%2588%25E9%2583%2591%25E6%25B5%25B7%25E6%25BB%25A8%25EF%25BC%2589%25E3%2580%2591 HTTP/1.1" 200 54480
116.232.195.127 - - [13/Jul/2023:11:51:01 +0800] "GET /xingrg/dwr/interface/AjaxReportQueryService.js HTTP/1.1" 200 13203
116.232.195.127 - - [13/Jul/2023:11:51:01 +0800] "GET /xingrg/dwr/engine.js HTTP/1.1" 200 43631
114.84.31.26 - - [13/Jul/2023:11:51:02 +0800] "POST /xingrg/dwr/call/plaincall/AjaxYddbService.checkOrder.dwr HTTP/1.1" 200 79
114.83.219.27 - - [13/Jul/2023:11:51:02 +0800] "GET /xingrg/kc/buy/cgsh_order_operate.html?command=get_materiel&rest_code=00154&code=00101008270&supplier_code=00100417&order_time=2023-07-13 HTTP/1.1" 200 412
114.84.31.26 - - [13/Jul/2023:11:51:03 +0800] "GET /xingrg/all/function/internal_message.html?_=1689220262053&CODE_STATE=getMsg HTTP/1.1" 200 27
114.84.31.26 - - [13/Jul/2023:11:51:04 +0800] "GET /xingrg/kc/base/yddb_order_info.html?code=482023071300072 HTTP/1.1" 200 28836
114.84.31.26 - - [13/Jul/2023:11:51:04 +0800] "GET /xingrg/dwr/interface/AjaxComOrderService.js HTTP/1.1" 200 18264
114.84.31.26 - - [13/Jul/2023:11:51:04 +0800] "GET /xingrg/dwr/interface/AjaxYddbService.js HTTP/1.1" 200 13201
114.84.31.26 - - [13/Jul/2023:11:51:04 +0800] "GET /xingrg/dwr/engine.js HTTP/1.1" 200 43631
116.232.195.127 - - [13/Jul/2023:11:51:04 +0800] "POST /xingrg/all/report/load_report_page.html HTTP/1.1" 200 8711
116.232.195.127 - - [13/Jul/2023:11:51:04 +0800] "GET /xingrg/servlets/image?cache=0.1318225594950969&image=px HTTP/1.1" 200 807
114.84.31.26 - - [13/Jul/2023:11:51:04 +0800] "POST /xingrg/dwr/call/plaincall/AjaxYddbService.loadMaterielItems.dwr HTTP/1.1" 200 5956
116.232.195.127 - - [13/Jul/2023:11:51:05 +0800] "POST /xingrg/all/report/load_report_page.html HTTP/1.1" 200 16420
116.232.195.127 - - [13/Jul/2023:11:51:05 +0800] "GET /xingrg/servlets/image?cache=0.1969515387078814&image=px HTTP/1.1" 200 807
222.70.180.90 - - [13/Jul/2023:11:51:06 +0800] "GET /xingrg/all/function/internal_message.html?_=1689220263670&CODE_STATE=getMsg HTTP/1.1" 200 27
180.169.147.146 - - [13/Jul/2023:11:51:07 +0800] "GET /xingrg/kc/buy/cgsh_order_operate.html?command=get_materiel&rest_code=00147&code=00101009044&supplier_code=00100007&order_time=2023-07-13 HTTP/1.1" 200 413
114.84.31.26 - - [13/Jul/2023:11:51:09 +0800] "POST /xingrg/kc/base/yddb_list_operate.html HTTP/1.1" 200 4385
222.70.114.12 - - [13/Jul/2023:11:51:10 +0800] "GET /xingrg/all/function/internal_message.html?_=1689220278716&CODE_STATE=getMsg HTTP/1.1" 200 27
114.83.219.27 - - [13/Jul/2023:11:51:12 +0800] "GET /xingrg/kc/buy/cgsh_order_operate.html?command=get_materiel&rest_code=00154&code=00101008005&supplier_code=00100417&order_time=2023-07-13 HTTP/1.1" 200 412
116.232.195.127 - - [13/Jul/2023:11:51:13 +0800] "GET /xingrg/all/report/report_print.html HTTP/1.1" 200 2098
116.232.195.127 - - [13/Jul/2023:11:51:13 +0800] "GET /xingrg/images/blue/pic_top.gif HTTP/1.1" 200 3656
116.232.195.127 - - [13/Jul/2023:11:51:13 +0800] "GET /xingrg/images/blue/pic_notice.jpg HTTP/1.1" 200 3583
116.232.195.127 - - [13/Jul/2023:11:51:14 +0800] "GET /xingrg/images/blue/error_top.gif HTTP/1.1" 200 1790
116.232.195.127 - - [13/Jul/2023:11:51:14 +0800] "GET /xingrg/images/blue/error_mid.gif HTTP/1.1" 200 215
116.232.195.127 - - [13/Jul/2023:11:51:14 +0800] "GET /xingrg/images/blue/error_buttom.gif HTTP/1.1" 200 1750
116.232.195.127 - - [13/Jul/2023:11:51:14 +0800] "GET /favicon.ico HTTP/1.1" 404 -
124.78.70.128 - - [13/Jul/2023:11:51:14 +0800] "GET /xingrg/all/function/internal_message.html?_=1689219751815&CODE_STATE=getMsg HTTP/1.1" 200 27
114.95.42.59 - - [13/Jul/2023:11:51:15 +0800] "GET /xingrg/all/function/internal_message.html?_=1689220090073&CODE_STATE=getMsg HTTP/1.1" 200 27
124.78.70.128 - - [13/Jul/2023:11:51:15 +0800] "GET /xingrg/check_reg.html?_=1689219752943 HTTP/1.1" 200 22
114.83.219.27 - - [13/Jul/2023:11:51:21 +0800] "GET /xingrg/kc/buy/cgsh_order_operate.html?command=get_materiel&rest_code=00154&code=00101012070&supplier_code=00100417&order_time=2023-07-13 HTTP/1.1" 200 412
180.169.147.146 - - [13/Jul/2023:11:51:21 +0800] "GET /xingrg/kc/buy/cgsh_order_operate.html?command=get_materiel&rest_code=00147&code=00101008005&supplier_code=00100007&order_time=2023-07-13 HTTP/1.1" 200 412
116.232.195.127 - - [13/Jul/2023:11:51:21 +0800] "POST /xingrg/all/report/report_print.html HTTP/1.1" 302 -
116.232.195.127 - - [13/Jul/2023:11:51:21 +0800] "GET /xingrg/servlets/html?sysBaseUrl=http%3A%2F%2F180.169.147.146%3A18081%2Fxingrg%2F&costTime=1829×tamp=1689220281910 HTTP/1.1" 200 17886
116.232.195.127 - - [13/Jul/2023:11:51:21 +0800] "GET /xingrg/servlets/image?image=px HTTP/1.1" 200 807
116.232.195.127 - - [13/Jul/2023:11:51:21 +0800] "GET /favicon.ico HTTP/1.1" 404 -
180.169.147.146 - - [13/Jul/2023:11:51:26 +0800] "GET /xingrg/all/function/internal_message.html?_=1689220282235&CODE_STATE=getMsg HTTP/1.1" 200 27
218.81.66.93 - - [13/Jul/2023:11:51:27 +0800] "GET /xingrg/check_reg.html?_=1689220287650 HTTP/1.1" 302 -
116.238.191.126 - - [13/Jul/2023:11:51:27 +0800] "GET /xingrg/all/function/internal_message.html?_=1689220285029&CODE_STATE=getMsg HTTP/1.1" 200 27
222.70.172.54 - - [13/Jul/2023:11:51:28 +0800] "POST /xingrg/kc/buy/cgsh_order_operate.html HTTP/1.1" 200 37
116.232.195.127 - - [13/Jul/2023:11:51:31 +0800] "GET /xingrg/all/report/report_query.html?isQuery=1&fileName=kc/buy/wlcg_cate_hz.xml&queryString=(CONVERT(char(10)%252Ca.order_time%252C%2520120)%253E%253D'2023-06-01')%2520and%2520(CONVERT(char(10)%252Ca.order_time%252C%2520120)%253C%253D'2023-06-30')%2520and%2520(a.supplier_code%2520in%2520('00100087'))%2520and%2520(a.number%253E0%2520and%2520a.supplier_code%253D'00100087')&queryText=%25E3%2580%2590%25E9%2587%2587%25E8%25B4%25AD%25E6%2597%25A5%25E6%259C%259F%253A2023-06-01%2520%25E8%2587%25B3%25202023-06-30%25E3%2580%2591%2520%25E5%25B9%25B6%25E4%25B8%2594%2520%2520%25E3%2580%2590%25E4%25BE%259B%25E5%25BA%2594%25E5%2595%2586%2520%253D%2520%25E9%25BE%2599%25E8%2599%25BE%25EF%25BC%2588%25E9%2583%2591%25E6%25B5%25B7%25E6%25BB%25A8%25EF%25BC%2589%25E3%2580%2591%2520%25E5%25B9%25B6%25E4%25B8%2594%2520%25E3%2580%2590%25E4%25BE%259B%25E5%25BA%2594%25E5%2595%2586%253D%25E9%25BE%2599%25E8%2599%25BE%25EF%25BC%2588%25E9%2583%2591%25E6%25B5%25B7%25E6%25BB%25A8%25EF%25BC%2589%25E3%2580%2591 HTTP/1.1" 200 54480
116.232.195.127 - - [13/Jul/2023:11:51:31 +0800] "GET /xingrg/dwr/interface/AjaxReportQueryService.js HTTP/1.1" 200 13203
116.232.195.127 - - [13/Jul/2023:11:51:31 +0800] "GET /xingrg/dwr/engine.js HTTP/1.1" 200 43631
222.70.172.54 - - [13/Jul/2023:11:51:32 +0800] "POST /xingrg/kc/buy/cgsh_order_operate.html HTTP/1.1" 200 4415
180.169.147.146 - - [13/Jul/2023:11:51:33 +0800] "GET /xingrg/kc/buy/cgsh_order_operate.html?command=get_materiel&rest_code=00147&code=00102014106&supplier_code=00100007&order_time=2023-07-13 HTTP/1.1" 200 413
114.83.219.27 - - [13/Jul/2023:11:51:33 +0800] "GET /xingrg/kc/buy/cgsh_order_operate.html?command=get_materiel&rest_code=00154&code=00101012051&supplier_code=00100417&order_time=2023-07-13 HTTP/1.1" 200 408
116.232.195.127 - - [13/Jul/2023:11:51:33 +0800] "POST /xingrg/all/report/load_report_page.html HTTP/1.1" 200 8719
116.232.195.127 - - [13/Jul/2023:11:51:33 +0800] "GET /xingrg/servlets/image?cache=0.17903392704557952&image=px HTTP/1.1" 200 807
114.95.42.59 - - [13/Jul/2023:11:51:33 +0800] "GET /xingrg/all/function/internal_message.html?_=1689220294973&CODE_STATE=getMsg HTTP/1.1" 200 27
116.232.195.127 - - [13/Jul/2023:11:51:34 +0800] "POST /xingrg/all/report/load_report_page.html HTTP/1.1" 200 16420
116.232.195.127 - - [13/Jul/2023:11:51:34 +0800] "GET /xingrg/servlets/image?cache=0.5790947635781105&image=px HTTP/1.1" 200 807
222.70.172.54 - - [13/Jul/2023:11:51:35 +0800] "GET /xingrg/kc/print/load_data.html?order_code=212023071305058&kc_code=cgsh&condition= HTTP/1.1" 200 1354
61.170.233.201 - - [13/Jul/2023:11:51:37 +0800] "GET /xingrg/all/function/internal_message.html?_=1689220288715&CODE_STATE=getMsg HTTP/1.1" 200 27
114.89.203.254 - - [13/Jul/2023:11:51:38 +0800] "GET /xingrg/all/function/internal_message.html?_=1689220299332&CODE_STATE=getMsg HTTP/1.1" 200 27
116.232.195.127 - - [13/Jul/2023:11:51:39 +0800] "POST /xingrg/all/report/report_print.html HTTP/1.1" 302 -
116.232.195.127 - - [13/Jul/2023:11:51:39 +0800] "GET /xingrg/servlets/html?sysBaseUrl=http%3A%2F%2F180.169.147.146%3A18081%2Fxingrg%2F&costTime=1931×tamp=1689220299153 HTTP/1.1" 200 17886
116.232.195.127 - - [13/Jul/2023:11:51:39 +0800] "GET /xingrg/servlets/image?image=px HTTP/1.1" 200 807
116.232.195.127 - - [13/Jul/2023:11:51:39 +0800] "GET /favicon.ico HTTP/1.1" 404 -
180.169.147.146 - - [13/Jul/2023:11:51:41 +0800] "GET /xingrg/all/function/internal_message.html?_=1689220299813&CODE_STATE=getMsg HTTP/1.1" 302 -
114.83.219.27 - - [13/Jul/2023:11:51:42 +0800] "GET /xingrg/kc/buy/cgsh_order_operate.html?command=get_materiel&rest_code=00154&code=00101008155&supplier_code=00100417&order_time=2023-07-13 HTTP/1.1" 200 408
116.232.195.127 - - [13/Jul/2023:11:51:43 +0800] "GET /xingrg/all/function/internal_message.html?_=1689220278274&CODE_STATE=getMsg HTTP/1.1" 200 27
180.169.147.146 - - [13/Jul/2023:11:51:43 +0800] "GET /xingrg/kc/buy/cgsh_order_operate.html?command=get_materiel&rest_code=00147&code=00101008356&supplier_code=00100007&order_time=2023-07-13 HTTP/1.1" 200 408
180.169.147.146 - - [13/Jul/2023:11:51:45 +0800] "GET /xingrg/all/function/internal_message.html?_=1689220305076&CODE_STATE=getMsg HTTP/1.1" 200 27
180.165.154.167 - - [13/Jul/2023:11:51:46 +0800] "GET /xingrg/all/function/internal_message.html?_=1689220305181&CODE_STATE=getMsg HTTP/1.1" 200 27
114.83.219.27 - - [13/Jul/2023:11:51:49 +0800] "GET /xingrg/all/function/internal_message.html?_=1689220428554&CODE_STATE=getMsg HTTP/1.1" 200 27
222.70.172.54 - - [13/Jul/2023:11:51:49 +0800] "GET /xingrg/all/function/internal_message.html?_=1689220323835&CODE_STATE=getMsg HTTP/1.1" 200 27
124.78.70.128 - - [13/Jul/2023:11:51:51 +0800] "GET /xingrg/all/function/internal_message.html?_=1689220310181&CODE_STATE=getMsg HTTP/1.1" 200 27
120.253.135.82 - - [13/Jul/2023:11:51:52 +0800] "GET /xingrg/all/function/internal_message.html?_=1689220137911&CODE_STATE=getMsg HTTP/1.1" 200 27
114.83.219.27 - - [13/Jul/2023:11:51:56 +0800] "GET /xingrg/kc/buy/cgsh_order_operate.html?command=get_materiel&rest_code=00154&code=00101008092&supplier_code=00100417&order_time=2023-07-13 HTTP/1.1" 200 413
180.169.147.146 - - [13/Jul/2023:11:52:00 +0800] "GET /xingrg/kc/buy/cgsh_order_operate.html?command=get_materiel&rest_code=00147&code=00101008036&supplier_code=00100007&order_time=2023-07-13 HTTP/1.1" 200 408
114.84.31.26 - - [13/Jul/2023:11:52:03 +0800] "GET /xingrg/all/function/internal_message.html?_=1689220322046&CODE_STATE=getMsg HTTP/1.1" 200 27
222.70.180.90 - - [13/Jul/2023:11:52:06 +0800] "GET /xingrg/all/function/internal_message.html?_=1689220323640&CODE_STATE=getMsg HTTP/1.1" 200 27
114.83.219.27 - - [13/Jul/2023:11:52:09 +0800] "GET /xingrg/kc/buy/cgsh_order_operate.html?command=get_materiel&rest_code=00154&code=00101008286&supplier_code=00100417&order_time=2023-07-13 HTTP/1.1" 200 408
222.70.114.12 - - [13/Jul/2023:11:52:10 +0800] "GET /xingrg/all/function/internal_message.html?_=1689220338716&CODE_STATE=getMsg HTTP/1.1" 200 27
116.232.195.127 - - [13/Jul/2023:11:52:14 +0800] "POST /xingrg/dwr/call/plaincall/AjaxReportQueryService.refreshCache.dwr HTTP/1.1" 200 78
124.78.70.128 - - [13/Jul/2023:11:52:14 +0800] "GET /xingrg/all/function/internal_message.html?_=1689219811794&CODE_STATE=getMsg HTTP/1.1" 200 27
114.95.42.59 - - [13/Jul/2023:11:52:15 +0800] "GET /xingrg/all/function/internal_message.html?_=1689220150052&CODE_STATE=getMsg HTTP/1.1" 200 27
180.169.147.146 - - [13/Jul/2023:11:52:21 +0800] "POST /xingrg/kc/buy/cgsh_order_operate.html HTTP/1.1" 200 37
116.232.195.127 - - [13/Jul/2023:11:52:22 +0800] "POST /xingrg/all/report/load_report_page.html HTTP/1.1" 200 8925
116.232.195.127 - - [13/Jul/2023:11:52:22 +0800] "GET /xingrg/servlets/image?cache=0.731833034546251&image=px HTTP/1.1" 200 807
180.169.147.146 - - [13/Jul/2023:11:52:23 +0800] "POST /xingrg/kc/buy/cgsh_order_operate.html HTTP/1.1" 200 19217
116.232.195.127 - - [13/Jul/2023:11:52:24 +0800] "GET /xingrg/all/report/report_query.html?isQuery=1&fileName=kc/buy/wlcg_cate_hz.xml&queryString=(CONVERT(char(10)%252Ca.order_time%252C%2520120)%253E%253D'2023-06-01')%2520and%2520(CONVERT(char(10)%252Ca.order_time%252C%2520120)%253C%253D'2023-06-30')%2520and%2520(a.supplier_code%2520in%2520('00100085'))%2520and%2520(a.number%253E0%2520and%2520a.supplier_code%253D'00100085')&queryText=%25E3%2580%2590%25E9%2587%2587%25E8%25B4%25AD%25E6%2597%25A5%25E6%259C%259F%253A2023-06-01%2520%25E8%2587%25B3%25202023-06-30%25E3%2580%2591%2520%25E5%25B9%25B6%25E4%25B8%2594%2520%2520%25E3%2580%2590%25E4%25BE%259B%25E5%25BA%2594%25E5%2595%2586%2520%253D%2520%25E5%25B0%258F%25E6%259D%258E%25E8%259A%258C%25EF%25BC%2588%25E6%259D%258E%25E6%2598%258E%25E6%2597%25BA%25EF%25BC%2589%25E3%2580%2591%2520%25E5%25B9%25B6%25E4%25B8%2594%2520%25E3%2580%2590%25E4%25BE%259B%25E5%25BA%2594%25E5%2595%2586%253D%25E5%25B0%258F%25E6%259D%258E%25E8%259A%258C%25EF%25BC%2588%25E6%259D%258E%25E6%2598%258E%25E6%2597%25BA%25EF%25BC%2589%25E3%2580%2591 HTTP/1.1" 200 54488
116.232.195.127 - - [13/Jul/2023:11:52:24 +0800] "GET /xingrg/dwr/interface/AjaxReportQueryService.js HTTP/1.1" 200 13203
116.232.195.127 - - [13/Jul/2023:11:52:24 +0800] "GET /xingrg/dwr/engine.js HTTP/1.1" 200 43631
114.83.219.27 - - [13/Jul/2023:11:52:25 +0800] "GET /xingrg/kc/buy/cgsh_order_operate.html?command=get_materiel&rest_code=00154&code=00101008108&supplier_code=00100417&order_time=2023-07-13 HTTP/1.1" 200 412
180.169.147.146 - - [13/Jul/2023:11:52:26 +0800] "GET /xingrg/all/function/internal_message.html?_=1689220342220&CODE_STATE=getMsg HTTP/1.1" 200 27
116.238.191.126 - - [13/Jul/2023:11:52:27 +0800] "GET /xingrg/all/function/internal_message.html?_=1689220345030&CODE_STATE=getMsg HTTP/1.1" 200 27
116.232.195.127 - - [13/Jul/2023:11:52:29 +0800] "POST /xingrg/all/report/load_report_page.html HTTP/1.1" 200 8719
116.232.195.127 - - [13/Jul/2023:11:52:29 +0800] "GET /xingrg/servlets/image?cache=0.03126620520543877&image=px HTTP/1.1" 200 807
116.232.195.127 - - [13/Jul/2023:11:52:33 +0800] "POST /xingrg/all/report/load_report_page.html HTTP/1.1" 200 13051
116.232.195.127 - - [13/Jul/2023:11:52:33 +0800] "GET /xingrg/servlets/image?cache=0.32648428623517944&image=px HTTP/1.1" 200 807
114.95.42.59 - - [13/Jul/2023:11:52:33 +0800] "GET /xingrg/all/function/internal_message.html?_=1689220354950&CODE_STATE=getMsg HTTP/1.1" 200 27
114.83.219.27 - - [13/Jul/2023:11:52:33 +0800] "GET /xingrg/kc/buy/cgsh_order_operate.html?command=get_materiel&rest_code=00154&code=00101008024&supplier_code=00100417&order_time=2023-07-13 HTTP/1.1" 200 408
61.170.233.201 - - [13/Jul/2023:11:52:37 +0800] "GET /xingrg/all/function/internal_message.html?_=1689220348685&CODE_STATE=getMsg HTTP/1.1" 200 27
116.232.195.127 - - [13/Jul/2023:11:52:37 +0800] "POST /xingrg/all/report/report_print.html HTTP/1.1" 302 -
116.232.195.127 - - [13/Jul/2023:11:52:37 +0800] "GET /xingrg/servlets/html?sysBaseUrl=http%3A%2F%2F180.169.147.146%3A18081%2Fxingrg%2F&costTime=1325×tamp=1689220357380 HTTP/1.1" 200 14747
116.232.195.127 - - [13/Jul/2023:11:52:37 +0800] "GET /xingrg/servlets/image?image=px HTTP/1.1" 200 807
116.232.195.127 - - [13/Jul/2023:11:52:37 +0800] "GET /favicon.ico HTTP/1.1" 404 -
114.89.203.254 - - [13/Jul/2023:11:52:38 +0800] "GET /xingrg/all/function/internal_message.html?_=1689220359316&CODE_STATE=getMsg HTTP/1.1" 200 27
180.169.147.146 - - [13/Jul/2023:11:52:41 +0800] "GET /xingrg/all/function/internal_message.html?_=1689220359819&CODE_STATE=getMsg HTTP/1.1" 302 -
116.232.195.127 - - [13/Jul/2023:11:52:42 +0800] "GET /xingrg/check_reg.html?_=1689220336891 HTTP/1.1" 200 22
116.232.195.127 - - [13/Jul/2023:11:52:43 +0800] "GET /xingrg/all/function/internal_message.html?_=1689220338254&CODE_STATE=getMsg HTTP/1.1" 200 27
180.169.147.146 - - [13/Jul/2023:11:52:44 +0800] "GET /xingrg/kc/buy/cgsh_order_operate.html?command=get_materiel&rest_code=00147&code=00101008175&supplier_code=00100007&order_time=2023-07-13 HTTP/1.1" 200 412
180.169.147.146 - - [13/Jul/2023:11:52:45 +0800] "GET /xingrg/all/function/internal_message.html?_=1689220365074&CODE_STATE=getMsg HTTP/1.1" 200 27
180.165.154.167 - - [13/Jul/2023:11:52:46 +0800] "GET /xingrg/all/function/internal_message.html?_=1689220365166&CODE_STATE=getMsg HTTP/1.1" 200 27
114.83.219.27 - - [13/Jul/2023:11:52:49 +0800] "GET /xingrg/all/function/internal_message.html?_=1689220488565&CODE_STATE=getMsg HTTP/1.1" 200 27
222.70.172.54 - - [13/Jul/2023:11:52:49 +0800] "GET /xingrg/all/function/internal_message.html?_=1689220383842&CODE_STATE=getMsg HTTP/1.1" 200 27
124.78.70.128 - - [13/Jul/2023:11:52:51 +0800] "GET /xingrg/all/function/internal_message.html?_=1689220370180&CODE_STATE=getMsg HTTP/1.1" 200 27
120.253.135.82 - - [13/Jul/2023:11:52:52 +0800] "GET /xingrg/all/function/internal_message.html?_=1689220197924&CODE_STATE=getMsg HTTP/1.1" 200 27
222.70.172.54 - - [13/Jul/2023:11:52:53 +0800] "GET /xingrg/check_reg.html?_=1689220387242 HTTP/1.1" 200 22
180.169.147.146 - - [13/Jul/2023:11:52:54 +0800] "GET /xingrg/kc/buy/cgsh_order_operate.html?command=get_materiel&rest_code=00147&code=00101008122&supplier_code=00100007&order_time=2023-07-13 HTTP/1.1" 200 413
116.232.195.127 - - [13/Jul/2023:11:53:02 +0800] "POST /xingrg/dwr/call/plaincall/AjaxReportQueryService.refreshCache.dwr HTTP/1.1" 200 78
114.84.31.26 - - [13/Jul/2023:11:53:03 +0800] "GET /xingrg/all/function/internal_message.html?_=1689220382046&CODE_STATE=getMsg HTTP/1.1" 200 27
116.232.195.127 - - [13/Jul/2023:11:53:04 +0800] "POST /xingrg/all/report/load_report_page.html HTTP/1.1" 200 8945
116.232.195.127 - - [13/Jul/2023:11:53:04 +0800] "GET /xingrg/servlets/image?cache=0.9964568921737303&image=px HTTP/1.1" 200 807
180.169.147.146 - - [13/Jul/2023:11:53:05 +0800] "GET /xingrg/kc/buy/cgsh_order_operate.html?command=get_materiel&rest_code=00147&code=00101008224&supplier_code=00100007&order_time=2023-07-13 HTTP/1.1" 200 416
116.232.195.127 - - [13/Jul/2023:11:53:06 +0800] "GET /xingrg/all/report/report_query.html?isQuery=1&fileName=kc/buy/wlcg_cate_hz.xml&queryString=(CONVERT(char(10)%252Ca.order_time%252C%2520120)%253E%253D'2023-06-01')%2520and%2520(CONVERT(char(10)%252Ca.order_time%252C%2520120)%253C%253D'2023-06-30')%2520and%2520(a.supplier_code%2520in%2520('00100090'))%2520and%2520(a.number%253E0%2520and%2520a.supplier_code%253D'00100090')&queryText=%25E3%2580%2590%25E9%2587%2587%25E8%25B4%25AD%25E6%2597%25A5%25E6%259C%259F%253A2023-06-01%2520%25E8%2587%25B3%25202023-06-30%25E3%2580%2591%2520%25E5%25B9%25B6%25E4%25B8%2594%2520%2520%25E3%2580%2590%25E4%25BE%259B%25E5%25BA%2594%25E5%2595%2586%2520%253D%2520%25E6%25B5%25B7%25E6%2599%25AF%25E6%25B0%25B4%25E4%25BA%25A7%25EF%25BC%2588%25E6%25A2%2581%25E5%25BB%25BA%25E9%2582%25A6%25EF%25BC%2589%25E3%2580%2591%2520%25E5%25B9%25B6%25E4%25B8%2594%2520%25E3%2580%2590%25E4%25BE%259B%25E5%25BA%2594%25E5%2595%2586%253D%25E6%25B5%25B7%25E6%2599%25AF%25E6%25B0%25B4%25E4%25BA%25A7%25EF%25BC%2588%25E6%25A2%2581%25E5%25BB%25BA%25E9%2582%25A6%25EF%25BC%2589%25E3%2580%2591 HTTP/1.1" 200 54496
222.70.180.90 - - [13/Jul/2023:11:53:06 +0800] "GET /xingrg/all/function/internal_message.html?_=1689220383613&CODE_STATE=getMsg HTTP/1.1" 200 27
116.232.195.127 - - [13/Jul/2023:11:53:06 +0800] "GET /xingrg/dwr/interface/AjaxReportQueryService.js HTTP/1.1" 200 13203
116.232.195.127 - - [13/Jul/2023:11:53:06 +0800] "GET /xingrg/dwr/engine.js HTTP/1.1" 200 43631
222.70.180.90 - - [13/Jul/2023:11:53:06 +0800] "GET /xingrg/check_reg.html?_=1689220384144 HTTP/1.1" 200 22
222.70.114.12 - - [13/Jul/2023:11:53:10 +0800] "GET /xingrg/all/function/internal_message.html?_=1689220398716&CODE_STATE=getMsg HTTP/1.1" 200 27
116.232.195.127 - - [13/Jul/2023:11:53:11 +0800] "POST /xingrg/all/report/load_report_page.html HTTP/1.1" 200 8704
116.232.195.127 - - [13/Jul/2023:11:53:11 +0800] "GET /xingrg/servlets/image?cache=0.606795820480358&image=px HTTP/1.1" 200 807
180.169.147.146 - - [13/Jul/2023:11:53:13 +0800] "GET /xingrg/kc/buy/cgsh_order_operate.html?command=get_materiel&rest_code=00147&code=00101008558&supplier_code=00100007&order_time=2023-07-13 HTTP/1.1" 200 409
116.232.195.127 - - [13/Jul/2023:11:53:14 +0800] "POST /xingrg/all/report/load_report_page.html HTTP/1.1" 200 36626
116.232.195.127 - - [13/Jul/2023:11:53:14 +0800] "GET /xingrg/servlets/image?cache=0.47676523616700817&image=px HTTP/1.1" 200 807
124.78.70.128 - - [13/Jul/2023:11:53:14 +0800] "GET /xingrg/all/function/internal_message.html?_=1689219871775&CODE_STATE=getMsg HTTP/1.1" 200 27
114.95.42.59 - - [13/Jul/2023:11:53:15 +0800] "GET /xingrg/all/function/internal_message.html?_=1689220210031&CODE_STATE=getMsg HTTP/1.1" 200 27
180.169.147.146 - - [13/Jul/2023:11:53:16 +0800] "POST /xingrg/kc/buy/cgsh_order_operate.html HTTP/1.1" 200 2065
116.232.195.127 - - [13/Jul/2023:11:53:17 +0800] "POST /xingrg/all/report/report_print.html HTTP/1.1" 302 -
116.232.195.127 - - [13/Jul/2023:11:53:17 +0800] "GET /xingrg/servlets/html?sysBaseUrl=http%3A%2F%2F180.169.147.146%3A18081%2Fxingrg%2F&costTime=1214×tamp=1689220397663 HTTP/1.1" 200 36615
116.232.195.127 - - [13/Jul/2023:11:53:17 +0800] "GET /xingrg/servlets/image?image=px HTTP/1.1" 200 807
116.232.195.127 - - [13/Jul/2023:11:53:17 +0800] "GET /favicon.ico HTTP/1.1" 404 -
180.169.147.146 - - [13/Jul/2023:11:53:26 +0800] "GET /xingrg/all/function/internal_message.html?_=1689220402220&CODE_STATE=getMsg HTTP/1.1" 200 27
116.238.191.126 - - [13/Jul/2023:11:53:27 +0800] "GET /xingrg/all/function/internal_message.html?_=1689220405041&CODE_STATE=getMsg HTTP/1.1" 200 27
180.169.147.146 - - [13/Jul/2023:11:53:27 +0800] "GET /xingrg/kc/buy/cgsh_order_operate.html?command=get_materiel&rest_code=00147&code=00101008563&supplier_code=00100007&order_time=2023-07-13 HTTP/1.1" 200 413
116.232.195.127 - - [13/Jul/2023:11:53:33 +0800] "POST /xingrg/dwr/call/plaincall/AjaxReportQueryService.refreshCache.dwr HTTP/1.1" 200 78
114.95.42.59 - - [13/Jul/2023:11:53:33 +0800] "GET /xingrg/all/function/internal_message.html?_=1689220414930&CODE_STATE=getMsg HTTP/1.1" 200 27
180.169.147.146 - - [13/Jul/2023:11:53:35 +0800] "GET /xingrg/kc/buy/cgsh_order_operate.html?command=get_materiel&rest_code=00147&code=00101008150&supplier_code=00100007&order_time=2023-07-13 HTTP/1.1" 200 409
116.232.195.127 - - [13/Jul/2023:11:53:35 +0800] "POST /xingrg/all/report/load_report_page.html HTTP/1.1" 200 8937
116.232.195.127 - - [13/Jul/2023:11:53:35 +0800] "GET /xingrg/servlets/image?cache=0.08233435924905574&image=px HTTP/1.1" 200 807
61.170.233.201 - - [13/Jul/2023:11:53:37 +0800] "GET /xingrg/all/function/internal_message.html?_=1689220408655&CODE_STATE=getMsg HTTP/1.1" 200 27
61.170.233.201 - - [13/Jul/2023:11:53:37 +0800] "GET /xingrg/check_reg.html?_=1689220408880 HTTP/1.1" 200 22
114.89.203.254 - - [13/Jul/2023:11:53:38 +0800] "GET /xingrg/all/function/internal_message.html?_=1689220419297&CODE_STATE=getMsg HTTP/1.1" 200 27
116.232.195.127 - - [13/Jul/2023:11:53:39 +0800] "GET /xingrg/all/report/report_query.html?isQuery=1&fileName=kc/buy/wlcg_cate_hz.xml&queryString=(CONVERT(char(10)%252Ca.order_time%252C%2520120)%253E%253D'2023-06-01')%2520and%2520(CONVERT(char(10)%252Ca.order_time%252C%2520120)%253C%253D'2023-06-30')%2520and%2520(a.supplier_code%2520in%2520('00100088'))%2520and%2520(a.number%253E0%2520and%2520a.supplier_code%253D'00100088')&queryText=%25E3%2580%2590%25E9%2587%2587%25E8%25B4%25AD%25E6%2597%25A5%25E6%259C%259F%253A2023-06-01%2520%25E8%2587%25B3%25202023-06-30%25E3%2580%2591%2520%25E5%25B9%25B6%25E4%25B8%2594%2520%2520%25E3%2580%2590%25E4%25BE%259B%25E5%25BA%2594%25E5%2595%2586%2520%253D%2520%25E6%25A2%25AD%25E5%25AD%2590%25E8%259F%25B9%25EF%25BC%2588%25E6%259D%258E%25E5%25AE%2589%25E6%25B9%2598%25EF%25BC%2589%25E3%2580%2591%2520%25E5%25B9%25B6%25E4%25B8%2594%2520%25E3%2580%2590%25E4%25BE%259B%25E5%25BA%2594%25E5%2595%2586%253D%25E6%25A2%25AD%25E5%25AD%2590%25E8%259F%25B9%25EF%25BC%2588%25E6%259D%258E%25E5%25AE%2589%25E6%25B9%2598%25EF%25BC%2589%25E3%2580%2591 HTTP/1.1" 200 54488
116.232.195.127 - - [13/Jul/2023:11:53:39 +0800] "GET /xingrg/dwr/interface/AjaxReportQueryService.js HTTP/1.1" 200 13203
116.232.195.127 - - [13/Jul/2023:11:53:39 +0800] "GET /xingrg/dwr/engine.js HTTP/1.1" 200 43631
114.89.203.254 - - [13/Jul/2023:11:53:40 +0800] "POST /xingrg/services/DataTransmitService HTTP/1.1" 200 524
180.169.147.146 - - [13/Jul/2023:11:53:41 +0800] "GET /xingrg/check_reg.html?_=1689220419819 HTTP/1.1" 302 -
180.169.147.146 - - [13/Jul/2023:11:53:41 +0800] "GET /xingrg/all/function/internal_message.html?_=1689220419821&CODE_STATE=getMsg HTTP/1.1" 302 -
114.89.203.254 - - [13/Jul/2023:11:53:41 +0800] "POST /xingrg/services/DataTransmitService HTTP/1.1" 200 501
180.169.147.146 - - [13/Jul/2023:11:53:43 +0800] "GET /xingrg/kc/buy/cgsh_order_operate.html?command=get_materiel&rest_code=00147&code=00101008223&supplier_code=00100007&order_time=2023-07-13 HTTP/1.1" 200 412
116.232.195.127 - - [13/Jul/2023:11:53:43 +0800] "POST /xingrg/all/report/load_report_page.html HTTP/1.1" 200 8709
116.232.195.127 - - [13/Jul/2023:11:53:43 +0800] "GET /xingrg/servlets/image?cache=0.9562022788755714&image=px HTTP/1.1" 200 807
116.232.195.127 - - [13/Jul/2023:11:53:43 +0800] "GET /xingrg/all/function/internal_message.html?_=1689220398223&CODE_STATE=getMsg HTTP/1.1" 200 27
180.169.147.146 - - [13/Jul/2023:11:53:45 +0800] "GET /xingrg/all/function/internal_message.html?_=1689220425093&CODE_STATE=getMsg HTTP/1.1" 200 27
180.169.147.146 - - [13/Jul/2023:11:53:45 +0800] "GET /xingrg/check_reg.html?_=1689220425097 HTTP/1.1" 200 22
180.169.147.146 - - [13/Jul/2023:11:53:46 +0800] "GET /xingrg/check_reg.html?_=1689220416522 HTTP/1.1" 200 22
180.165.154.167 - - [13/Jul/2023:11:53:46 +0800] "GET /xingrg/all/function/internal_message.html?_=1689220425151&CODE_STATE=getMsg HTTP/1.1" 200 27
116.232.195.127 - - [13/Jul/2023:11:53:47 +0800] "POST /xingrg/all/report/load_report_page.html HTTP/1.1" 200 16427
116.232.195.127 - - [13/Jul/2023:11:53:47 +0800] "GET /xingrg/servlets/image?cache=0.04390093999427125&image=px HTTP/1.1" 200 807
114.83.219.27 - - [13/Jul/2023:11:53:49 +0800] "GET /xingrg/all/function/internal_message.html?_=1689220548552&CODE_STATE=getMsg HTTP/1.1" 200 27
222.70.172.54 - - [13/Jul/2023:11:53:49 +0800] "GET /xingrg/all/function/internal_message.html?_=1689220443856&CODE_STATE=getMsg HTTP/1.1" 200 27
116.232.195.127 - - [13/Jul/2023:11:53:50 +0800] "POST /xingrg/all/report/report_print.html HTTP/1.1" 302 -
116.232.195.127 - - [13/Jul/2023:11:53:50 +0800] "GET /xingrg/servlets/html?sysBaseUrl=http%3A%2F%2F180.169.147.146%3A18081%2Fxingrg%2F&costTime=1314×tamp=1689220430430 HTTP/1.1" 200 17884
116.232.195.127 - - [13/Jul/2023:11:53:50 +0800] "GET /xingrg/servlets/image?image=px HTTP/1.1" 200 807
116.232.195.127 - - [13/Jul/2023:11:53:50 +0800] "GET /favicon.ico HTTP/1.1" 404 -
124.78.70.128 - - [13/Jul/2023:11:53:51 +0800] "GET /xingrg/all/function/internal_message.html?_=1689220430206&CODE_STATE=getMsg HTTP/1.1" 200 27
124.78.70.128 - - [13/Jul/2023:11:53:51 +0800] "GET /xingrg/check_reg.html?_=1689220430207 HTTP/1.1" 200 22
120.253.135.82 - - [13/Jul/2023:11:53:52 +0800] "GET /xingrg/all/function/internal_message.html?_=1689220258052&CODE_STATE=getMsg HTTP/1.1" 200 27
180.169.147.146 - - [13/Jul/2023:11:53:53 +0800] "GET /xingrg/kc/buy/cgsh_order_operate.html?command=get_materiel&rest_code=00147&code=00101008119&supplier_code=00100007&order_time=2023-07-13 HTTP/1.1" 200 412
114.83.219.27 - - [13/Jul/2023:11:54:02 +0800] "GET /xingrg/kc/buy/cgsh_order_operate.html?command=get_materiel&rest_code=00154&code=00101008355&supplier_code=00100417&order_time=2023-07-13 HTTP/1.1" 200 408
114.84.31.26 - - [13/Jul/2023:11:54:03 +0800] "GET /xingrg/check_reg.html?_=1689220442046 HTTP/1.1" 200 22
114.84.31.26 - - [13/Jul/2023:11:54:03 +0800] "GET /xingrg/all/function/internal_message.html?_=1689220442049&CODE_STATE=getMsg HTTP/1.1" 200 27
180.169.147.146 - - [13/Jul/2023:11:54:03 +0800] "GET /xingrg/kc/buy/cgsh_order_operate.html?command=get_materiel&rest_code=00147&code=00101008095&supplier_code=00100007&order_time=2023-07-13 HTTP/1.1" 200 412
180.169.147.146 - - [13/Jul/2023:11:54:05 +0800] "POST /xingrg/kc/buy/cgsh_order_operate.html HTTP/1.1" 200 2065
222.70.180.90 - - [13/Jul/2023:11:54:06 +0800] "GET /xingrg/all/function/internal_message.html?_=1689220443597&CODE_STATE=getMsg HTTP/1.1" 200 27
116.232.195.127 - - [13/Jul/2023:11:54:09 +0800] "POST /xingrg/dwr/call/plaincall/AjaxReportQueryService.refreshCache.dwr HTTP/1.1" 200 78
222.70.114.12 - - [13/Jul/2023:11:54:10 +0800] "GET /xingrg/all/function/internal_message.html?_=1689220458716&CODE_STATE=getMsg HTTP/1.1" 200 27
116.232.195.127 - - [13/Jul/2023:11:54:11 +0800] "POST /xingrg/all/report/load_report_page.html HTTP/1.1" 200 8941
116.232.195.127 - - [13/Jul/2023:11:54:11 +0800] "GET /xingrg/servlets/image?cache=0.8285785065627469&image=px HTTP/1.1" 200 807
116.232.195.127 - - [13/Jul/2023:11:54:13 +0800] "GET /xingrg/all/report/report_query.html?isQuery=1&fileName=kc/buy/wlcg_cate_hz.xml&queryString=(CONVERT(char(10)%252Ca.order_time%252C%2520120)%253E%253D'2023-06-01')%2520and%2520(CONVERT(char(10)%252Ca.order_time%252C%2520120)%253C%253D'2023-06-30')%2520and%2520(a.supplier_code%2520in%2520('00100329'))%2520and%2520(a.number%253E0%2520and%2520a.supplier_code%253D'00100329')&queryText=%25E3%2580%2590%25E9%2587%2587%25E8%25B4%25AD%25E6%2597%25A5%25E6%259C%259F%253A2023-06-01%2520%25E8%2587%25B3%25202023-06-30%25E3%2580%2591%2520%25E5%25B9%25B6%25E4%25B8%2594%2520%2520%25E3%2580%2590%25E4%25BE%259B%25E5%25BA%2594%25E5%2595%2586%2520%253D%2520%25E6%2596%258C%25E8%25AF%25A6%25E9%25A3%259F%25E5%2593%2581%25EF%25BC%2588%25E6%25BD%2598%25E6%2599%2593%25E5%258D%259A%25EF%25BC%2589%25E3%2580%2591%2520%25E5%25B9%25B6%25E4%25B8%2594%2520%25E3%2580%2590%25E4%25BE%259B%25E5%25BA%2594%25E5%2595%2586%253D%25E6%2596%258C%25E8%25AF%25A6%25E9%25A3%259F%25E5%2593%2581%25EF%25BC%2588%25E6%25BD%2598%25E6%2599%2593%25E5%258D%259A%25EF%25BC%2589%25E3%2580%2591 HTTP/1.1" 200 54496
116.232.195.127 - - [13/Jul/2023:11:54:13 +0800] "GET /xingrg/dwr/interface/AjaxReportQueryService.js HTTP/1.1" 200 13203
116.232.195.127 - - [13/Jul/2023:11:54:13 +0800] "GET /xingrg/dwr/engine.js HTTP/1.1" 200 43631
180.169.147.146 - - [13/Jul/2023:11:54:13 +0800] "GET /xingrg/kc/buy/cgsh_order_operate.html?command=get_materiel&rest_code=00147&code=00101009011&supplier_code=00100007&order_time=2023-07-13 HTTP/1.1" 200 416
124.78.70.128 - - [13/Jul/2023:11:54:14 +0800] "GET /xingrg/all/function/internal_message.html?_=1689219931748&CODE_STATE=getMsg HTTP/1.1" 200 27
114.95.42.59 - - [13/Jul/2023:11:54:15 +0800] "GET /xingrg/all/function/internal_message.html?_=1689220270022&CODE_STATE=getMsg HTTP/1.1" 200 27
114.95.42.59 - - [13/Jul/2023:11:54:16 +0800] "GET /xingrg/check_reg.html?_=1689220271792 HTTP/1.1" 200 22
116.232.195.127 - - [13/Jul/2023:11:54:17 +0800] "POST /xingrg/all/report/load_report_page.html HTTP/1.1" 200 8710
116.232.195.127 - - [13/Jul/2023:11:54:17 +0800] "GET /xingrg/servlets/image?cache=0.5680240741282107&image=px HTTP/1.1" 200 807
180.169.147.146 - - [13/Jul/2023:11:54:21 +0800] "GET /xingrg/kc/buy/cgsh_order_operate.html?command=get_materiel&rest_code=00147&code=00101009015&supplier_code=00100007&order_time=2023-07-13 HTTP/1.1" 200 416
116.232.195.127 - - [13/Jul/2023:11:54:22 +0800] "POST /xingrg/all/report/load_report_page.html HTTP/1.1" 200 36759
116.232.195.127 - - [13/Jul/2023:11:54:22 +0800] "GET /xingrg/servlets/image?cache=0.2395005017147892&image=px HTTP/1.1" 200 807
180.169.147.146 - - [13/Jul/2023:11:54:26 +0800] "GET /xingrg/all/function/internal_message.html?_=1689220462220&CODE_STATE=getMsg HTTP/1.1" 200 27
116.238.191.126 - - [13/Jul/2023:11:54:27 +0800] "GET /xingrg/check_reg.html?_=1689220465028 HTTP/1.1" 200 22
116.238.191.126 - - [13/Jul/2023:11:54:27 +0800] "GET /xingrg/all/function/internal_message.html?_=1689220465031&CODE_STATE=getMsg HTTP/1.1" 200 27
116.232.195.127 - - [13/Jul/2023:11:54:28 +0800] "POST /xingrg/all/report/report_print.html HTTP/1.1" 200 6656
180.169.147.146 - - [13/Jul/2023:11:54:32 +0800] "GET /xingrg/kc/buy/cgsh_order_operate.html?command=get_materiel&rest_code=00147&code=00101008248&supplier_code=00100007&order_time=2023-07-13 HTTP/1.1" 200 412
116.232.195.127 - - [13/Jul/2023:11:54:33 +0800] "POST /xingrg/all/report/report_print.html HTTP/1.1" 302 -
116.232.195.127 - - [13/Jul/2023:11:54:33 +0800] "GET /xingrg/servlets/html?sysBaseUrl=http%3A%2F%2F180.169.147.146%3A18081%2Fxingrg%2F&costTime=1720×tamp=1689220473520 HTTP/1.1" 200 36756
116.232.195.127 - - [13/Jul/2023:11:54:33 +0800] "GET /xingrg/servlets/image?image=px HTTP/1.1" 200 807
116.232.195.127 - - [13/Jul/2023:11:54:33 +0800] "GET /favicon.ico HTTP/1.1" 404 -
114.95.42.59 - - [13/Jul/2023:11:54:33 +0800] "GET /xingrg/all/function/internal_message.html?_=1689220474904&CODE_STATE=getMsg HTTP/1.1" 200 27
114.83.219.27 - - [13/Jul/2023:11:54:34 +0800] "GET /xingrg/kc/buy/cgsh_order_operate.html?command=get_materiel&rest_code=00154&code=00101008353&supplier_code=00100417&order_time=2023-07-13 HTTP/1.1" 200 408
114.95.42.59 - - [13/Jul/2023:11:54:36 +0800] "GET /xingrg/check_reg.html?_=1689220477438 HTTP/1.1" 200 22
61.170.233.201 - - [13/Jul/2023:11:54:37 +0800] "GET /xingrg/all/function/internal_message.html?_=1689220468646&CODE_STATE=getMsg HTTP/1.1" 200 27
114.89.203.254 - - [13/Jul/2023:11:54:38 +0800] "GET /xingrg/all/function/internal_message.html?_=1689220479274&CODE_STATE=getMsg HTTP/1.1" 200 27
114.89.203.254 - - [13/Jul/2023:11:54:39 +0800] "GET /xingrg/check_reg.html?_=1689220479879 HTTP/1.1" 200 22
124.78.70.128 - - [13/Jul/2023:11:54:39 +0800] "POST /xingrg/services/DataTransmitService HTTP/1.1" 200 524
180.169.147.146 - - [13/Jul/2023:11:54:41 +0800] "GET /xingrg/all/function/internal_message.html?_=1689220479812&CODE_STATE=getMsg HTTP/1.1" 302 -
114.83.219.27 - - [13/Jul/2023:11:54:42 +0800] "GET /xingrg/kc/buy/cgsh_order_operate.html?command=get_materiel&rest_code=00154&code=00101008261&supplier_code=00100417&order_time=2023-07-13 HTTP/1.1" 200 408
116.232.195.127 - - [13/Jul/2023:11:54:43 +0800] "GET /xingrg/all/function/internal_message.html?_=1689220458202&CODE_STATE=getMsg HTTP/1.1" 200 27
180.169.147.146 - - [13/Jul/2023:11:54:45 +0800] "GET /xingrg/all/function/internal_message.html?_=1689220485083&CODE_STATE=getMsg HTTP/1.1" 200 27
180.169.147.146 - - [13/Jul/2023:11:54:45 +0800] "GET /xingrg/kc/buy/cgsh_order_operate.html?command=get_materiel&rest_code=00147&code=00101008155&supplier_code=00100007&order_time=2023-07-13 HTTP/1.1" 200 408
180.165.154.167 - - [13/Jul/2023:11:54:46 +0800] "GET /xingrg/all/function/internal_message.html?_=1689220485133&CODE_STATE=getMsg HTTP/1.1" 200 27
114.83.219.27 - - [13/Jul/2023:11:54:49 +0800] "GET /xingrg/check_reg.html?_=1689220608612 HTTP/1.1" 200 22
114.83.219.27 - - [13/Jul/2023:11:54:49 +0800] "GET /xingrg/all/function/internal_message.html?_=1689220608613&CODE_STATE=getMsg HTTP/1.1" 200 27
222.70.172.54 - - [13/Jul/2023:11:54:49 +0800] "GET /xingrg/all/function/internal_message.html?_=1689220503870&CODE_STATE=getMsg HTTP/1.1" 200 27
124.78.70.128 - - [13/Jul/2023:11:54:51 +0800] "GET /xingrg/all/function/internal_message.html?_=1689220490206&CODE_STATE=getMsg HTTP/1.1" 200 27
114.83.219.27 - - [13/Jul/2023:11:54:52 +0800] "GET /xingrg/kc/buy/cgsh_order_operate.html?command=get_materiel&rest_code=00154&code=00101008268&supplier_code=00100417&order_time=2023-07-13 HTTP/1.1" 200 408
120.253.135.82 - - [13/Jul/2023:11:54:52 +0800] "GET /xingrg/all/function/internal_message.html?_=1689220318061&CODE_STATE=getMsg HTTP/1.1" 200 27
180.169.147.146 - - [13/Jul/2023:11:54:54 +0800] "GET /xingrg/kc/buy/cgsh_order_operate.html?command=get_materiel&rest_code=00147&code=00101008349&supplier_code=00100007&order_time=2023-07-13 HTTP/1.1" 200 412
180.169.147.146 - - [13/Jul/2023:11:54:56 +0800] "POST /xingrg/kc/buy/cgsh_order_operate.html HTTP/1.1" 200 2065
116.232.195.127 - - [13/Jul/2023:11:54:57 +0800] "POST /xingrg/dwr/call/plaincall/AjaxReportQueryService.refreshCache.dwr HTTP/1.1" 200 78
116.232.195.127 - - [13/Jul/2023:11:54:59 +0800] "POST /xingrg/all/report/load_report_page.html HTTP/1.1" 200 8933
116.232.195.127 - - [13/Jul/2023:11:54:59 +0800] "GET /xingrg/servlets/image?cache=0.20975300662292973&image=px HTTP/1.1" 200 807
116.232.195.127 - - [13/Jul/2023:11:55:00 +0800] "GET /xingrg/all/report/report_query.html?isQuery=1&fileName=kc/buy/wlcg_cate_hz.xml&queryString=(CONVERT(char(10)%252Ca.order_time%252C%2520120)%253E%253D'2023-06-01')%2520and%2520(CONVERT(char(10)%252Ca.order_time%252C%2520120)%253C%253D'2023-06-30')%2520and%2520(a.supplier_code%2520in%2520('00100331'))%2520and%2520(a.number%253E0%2520and%2520a.supplier_code%253D'00100331')&queryText=%25E3%2580%2590%25E9%2587%2587%25E8%25B4%25AD%25E6%2597%25A5%25E6%259C%259F%253A2023-06-01%2520%25E8%2587%25B3%25202023-06-30%25E3%2580%2591%2520%25E5%25B9%25B6%25E4%25B8%2594%2520%2520%25E3%2580%2590%25E4%25BE%259B%25E5%25BA%2594%25E5%2595%2586%2520%253D%2520%25E5%258E%25A8%25E6%2596%25B0%25E9%25A3%259F%25E6%259D%2590%25EF%25BC%2588%25E8%25B0%25A2%25E8%2590%258D%25EF%25BC%2589%25E3%2580%2591%2520%25E5%25B9%25B6%25E4%25B8%2594%2520%25E3%2580%2590%25E4%25BE%259B%25E5%25BA%2594%25E5%2595%2586%253D%25E5%258E%25A8%25E6%2596%25B0%25E9%25A3%259F%25E6%259D%2590%25EF%25BC%2588%25E8%25B0%25A2%25E8%2590%258D%25EF%25BC%2589%25E3%2580%2591 HTTP/1.1" 200 54488
116.232.195.127 - - [13/Jul/2023:11:55:01 +0800] "GET /xingrg/dwr/interface/AjaxReportQueryService.js HTTP/1.1" 200 13203
116.232.195.127 - - [13/Jul/2023:11:55:01 +0800] "GET /xingrg/dwr/engine.js HTTP/1.1" 200 43631
114.84.31.26 - - [13/Jul/2023:11:55:03 +0800] "GET /xingrg/all/function/internal_message.html?_=1689220502044&CODE_STATE=getMsg HTTP/1.1" 200 27
116.232.195.127 - - [13/Jul/2023:11:55:04 +0800] "POST /xingrg/all/report/load_report_page.html HTTP/1.1" 200 8698
116.232.195.127 - - [13/Jul/2023:11:55:04 +0800] "GET /xingrg/servlets/image?cache=0.125091842816745&image=px HTTP/1.1" 200 807
180.169.147.146 - - [13/Jul/2023:11:55:05 +0800] "GET /xingrg/kc/buy/cgsh_order_operate.html?command=get_materiel&rest_code=00147&code=00101008049&supplier_code=00100007&order_time=2023-07-13 HTTP/1.1" 200 408
222.70.180.90 - - [13/Jul/2023:11:55:06 +0800] "GET /xingrg/all/function/internal_message.html?_=1689220503582&CODE_STATE=getMsg HTTP/1.1" 200 27
114.83.219.27 - - [13/Jul/2023:11:55:07 +0800] "GET /xingrg/kc/buy/cgsh_order_operate.html?command=get_materiel&rest_code=00154&code=00101008354&supplier_code=00100417&order_time=2023-07-13 HTTP/1.1" 200 412
116.232.195.127 - - [13/Jul/2023:11:55:08 +0800] "POST /xingrg/all/report/load_report_page.html HTTP/1.1" 200 16402
116.232.195.127 - - [13/Jul/2023:11:55:08 +0800] "GET /xingrg/servlets/image?cache=0.6175241016200719&image=px HTTP/1.1" 200 807
222.70.114.12 - - [13/Jul/2023:11:55:10 +0800] "GET /xingrg/all/function/internal_message.html?_=1689220518715&CODE_STATE=getMsg HTTP/1.1" 200 27
222.70.114.12 - - [13/Jul/2023:11:55:10 +0800] "GET /xingrg/check_reg.html?_=1689220518717 HTTP/1.1" 200 22
116.232.195.127 - - [13/Jul/2023:11:55:12 +0800] "POST /xingrg/all/report/report_print.html HTTP/1.1" 302 -
116.232.195.127 - - [13/Jul/2023:11:55:12 +0800] "GET /xingrg/servlets/html?sysBaseUrl=http%3A%2F%2F180.169.147.146%3A18081%2Fxingrg%2F&costTime=1669×tamp=1689220512834 HTTP/1.1" 200 17831
116.232.195.127 - - [13/Jul/2023:11:55:12 +0800] "GET /xingrg/servlets/image?image=px HTTP/1.1" 200 807
116.232.195.127 - - [13/Jul/2023:11:55:12 +0800] "GET /favicon.ico HTTP/1.1" 404 -
180.169.147.146 - - [13/Jul/2023:11:55:13 +0800] "GET /xingrg/kc/buy/cgsh_order_operate.html?command=get_materiel&rest_code=00147&code=00101008149&supplier_code=00100007&order_time=2023-07-13 HTTP/1.1" 200 408
124.78.70.128 - - [13/Jul/2023:11:55:14 +0800] "GET /xingrg/all/function/internal_message.html?_=1689219991724&CODE_STATE=getMsg HTTP/1.1" 200 27
114.95.42.59 - - [13/Jul/2023:11:55:15 +0800] "GET /xingrg/all/function/internal_message.html?_=1689220330002&CODE_STATE=getMsg HTTP/1.1" 200 27
114.83.219.27 - - [13/Jul/2023:11:55:22 +0800] "GET /xingrg/kc/buy/cgsh_order_operate.html?command=get_materiel&rest_code=00154&code=00101008264&supplier_code=00100417&order_time=2023-07-13 HTTP/1.1" 200 412
180.169.147.146 - - [13/Jul/2023:11:55:23 +0800] "GET /xingrg/kc/buy/cgsh_order_operate.html?command=get_materiel&rest_code=00147&code=00101008354&supplier_code=00100007&order_time=2023-07-13 HTTP/1.1" 200 412
180.169.147.146 - - [13/Jul/2023:11:55:26 +0800] "GET /xingrg/all/function/internal_message.html?_=1689220522221&CODE_STATE=getMsg HTTP/1.1" 200 27
180.169.147.146 - - [13/Jul/2023:11:55:26 +0800] "GET /xingrg/check_reg.html?_=1689220522224 HTTP/1.1" 200 22
116.238.191.126 - - [13/Jul/2023:11:55:27 +0800] "GET /xingrg/all/function/internal_message.html?_=1689220525034&CODE_STATE=getMsg HTTP/1.1" 200 27
180.165.154.167 - - [13/Jul/2023:11:55:32 +0800] "GET /xingrg/check_reg.html?_=1689220531067 HTTP/1.1" 200 22
114.95.42.59 - - [13/Jul/2023:11:55:33 +0800] "GET /xingrg/all/function/internal_message.html?_=1689220534882&CODE_STATE=getMsg HTTP/1.1" 200 27
180.169.147.146 - - [13/Jul/2023:11:55:34 +0800] "GET /xingrg/kc/buy/cgsh_order_operate.html?command=get_materiel&rest_code=00147&code=00101008199&supplier_code=00100007&order_time=2023-07-13 HTTP/1.1" 200 408
61.170.233.201 - - [13/Jul/2023:11:55:37 +0800] "GET /xingrg/all/function/internal_message.html?_=1689220528618&CODE_STATE=getMsg HTTP/1.1" 200 27
114.89.203.254 - - [13/Jul/2023:11:55:38 +0800] "GET /xingrg/all/function/internal_message.html?_=1689220539268&CODE_STATE=getMsg HTTP/1.1" 200 27
114.83.219.27 - - [13/Jul/2023:11:55:40 +0800] "GET /xingrg/kc/buy/cgsh_order_operate.html?command=get_materiel&rest_code=00154&code=00101008210&supplier_code=00100417&order_time=2023-07-13 HTTP/1.1" 200 408
180.169.147.146 - - [13/Jul/2023:11:55:41 +0800] "GET /xingrg/all/function/internal_message.html?_=1689220539829&CODE_STATE=getMsg HTTP/1.1" 302 -
116.232.195.127 - - [13/Jul/2023:11:55:41 +0800] "POST /xingrg/dwr/call/plaincall/AjaxReportQueryService.refreshCache.dwr HTTP/1.1" 200 78
116.232.195.127 - - [13/Jul/2023:11:55:43 +0800] "POST /xingrg/all/report/load_report_page.html HTTP/1.1" 200 8933
116.232.195.127 - - [13/Jul/2023:11:55:43 +0800] "GET /xingrg/servlets/image?cache=0.9043082063654352&image=px HTTP/1.1" 200 807
116.232.195.127 - - [13/Jul/2023:11:55:43 +0800] "GET /xingrg/all/function/internal_message.html?_=1689220518174&CODE_STATE=getMsg HTTP/1.1" 200 27
116.232.195.127 - - [13/Jul/2023:11:55:44 +0800] "GET /xingrg/all/report/report_query.html?isQuery=1&fileName=kc/buy/wlcg_cate_hz.xml&queryString=(CONVERT(char(10)%252Ca.order_time%252C%2520120)%253E%253D'2023-06-01')%2520and%2520(CONVERT(char(10)%252Ca.order_time%252C%2520120)%253C%253D'2023-06-30')%2520and%2520(a.supplier_code%2520in%2520('00100092'))%2520and%2520(a.number%253E0%2520and%2520a.supplier_code%253D'00100092')&queryText=%25E3%2580%2590%25E9%2587%2587%25E8%25B4%25AD%25E6%2597%25A5%25E6%259C%259F%253A2023-06-01%2520%25E8%2587%25B3%25202023-06-30%25E3%2580%2591%2520%25E5%25B9%25B6%25E4%25B8%2594%2520%2520%25E3%2580%2590%25E4%25BE%259B%25E5%25BA%2594%25E5%2595%2586%2520%253D%2520%25E9%259D%2592%25E8%2586%258F%25E8%259F%25B9%25EF%25BC%2588%25E8%25B0%25A2%25E7%259F%25B3%25E5%258D%258E%25EF%25BC%2589%25E3%2580%2591%2520%25E5%25B9%25B6%25E4%25B8%2594%2520%25E3%2580%2590%25E4%25BE%259B%25E5%25BA%2594%25E5%2595%2586%253D%25E9%259D%2592%25E8%2586%258F%25E8%259F%25B9%25EF%25BC%2588%25E8%25B0%25A2%25E7%259F%25B3%25E5%258D%258E%25EF%25BC%2589%25E3%2580%2591 HTTP/1.1" 200 54488
116.232.195.127 - - [13/Jul/2023:11:55:45 +0800] "GET /xingrg/dwr/interface/AjaxReportQueryService.js HTTP/1.1" 200 13203
116.232.195.127 - - [13/Jul/2023:11:55:45 +0800] "GET /xingrg/dwr/engine.js HTTP/1.1" 200 43631
180.169.147.146 - - [13/Jul/2023:11:55:45 +0800] "GET /xingrg/all/function/internal_message.html?_=1689220545095&CODE_STATE=getMsg HTTP/1.1" 200 27
180.165.154.167 - - [13/Jul/2023:11:55:46 +0800] "GET /xingrg/all/function/internal_message.html?_=1689220545117&CODE_STATE=getMsg HTTP/1.1" 200 27
180.169.147.146 - - [13/Jul/2023:11:55:47 +0800] "GET /xingrg/kc/buy/cgsh_order_operate.html?command=get_materiel&rest_code=00147&code=00101008370&supplier_code=00100007&order_time=2023-07-13 HTTP/1.1" 200 412
114.83.219.27 - - [13/Jul/2023:11:55:49 +0800] "GET /xingrg/all/function/internal_message.html?_=1689220668590&CODE_STATE=getMsg HTTP/1.1" 200 27
116.232.195.127 - - [13/Jul/2023:11:55:49 +0800] "POST /xingrg/all/report/load_report_page.html HTTP/1.1" 200 8735
116.232.195.127 - - [13/Jul/2023:11:55:49 +0800] "GET /xingrg/servlets/image?cache=0.0034147760429387164&image=px HTTP/1.1" 200 807
180.169.147.146 - - [13/Jul/2023:11:55:50 +0800] "POST /xingrg/kc/buy/cgsh_order_operate.html HTTP/1.1" 200 2065
120.253.135.82 - - [13/Jul/2023:11:55:50 +0800] "GET /xingrg/check_reg.html?_=1689220375360 HTTP/1.1" 200 22
222.70.172.54 - - [13/Jul/2023:11:55:50 +0800] "GET /xingrg/all/function/internal_message.html?_=1689220564376&CODE_STATE=getMsg HTTP/1.1" 200 27
124.78.70.128 - - [13/Jul/2023:11:55:51 +0800] "GET /xingrg/all/function/internal_message.html?_=1689220550349&CODE_STATE=getMsg HTTP/1.1" 200 27
120.253.135.82 - - [13/Jul/2023:11:55:52 +0800] "GET /xingrg/all/function/internal_message.html?_=1689220378075&CODE_STATE=getMsg HTTP/1.1" 200 27
114.83.219.27 - - [13/Jul/2023:11:55:53 +0800] "GET /xingrg/kc/buy/cgsh_order_operate.html?command=get_materiel&rest_code=00154&code=00101008356&supplier_code=00100417&order_time=2023-07-13 HTTP/1.1" 200 408
116.232.195.127 - - [13/Jul/2023:11:55:53 +0800] "POST /xingrg/all/report/load_report_page.html HTTP/1.1" 200 16395
116.232.195.127 - - [13/Jul/2023:11:55:53 +0800] "GET /xingrg/servlets/image?cache=0.7647037164583175&image=px HTTP/1.1" 200 807
116.232.195.127 - - [13/Jul/2023:11:55:57 +0800] "POST /xingrg/all/report/report_print.html HTTP/1.1" 302 -
116.232.195.127 - - [13/Jul/2023:11:55:57 +0800] "GET /xingrg/servlets/html?sysBaseUrl=http%3A%2F%2F180.169.147.146%3A18081%2Fxingrg%2F&costTime=1937×tamp=1689220557386 HTTP/1.1" 200 17876
116.232.195.127 - - [13/Jul/2023:11:55:57 +0800] "GET /xingrg/servlets/image?image=px HTTP/1.1" 200 807
116.232.195.127 - - [13/Jul/2023:11:55:57 +0800] "GET /favicon.ico HTTP/1.1" 404 -
180.169.147.146 - - [13/Jul/2023:11:55:57 +0800] "GET /xingrg/kc/buy/cgsh_order_operate.html?command=get_materiel&rest_code=00147&code=00101008141&supplier_code=00100007&order_time=2023-07-13 HTTP/1.1" 200 412
114.84.31.26 - - [13/Jul/2023:11:56:03 +0800] "GET /xingrg/all/function/internal_message.html?_=1689220562044&CODE_STATE=getMsg HTTP/1.1" 200 27
114.83.219.27 - - [13/Jul/2023:11:56:03 +0800] "GET /xingrg/kc/buy/cgsh_order_operate.html?command=get_materiel&rest_code=00154&code=00101008361&supplier_code=00100417&order_time=2023-07-13 HTTP/1.1" 200 408
222.70.180.90 - - [13/Jul/2023:11:56:06 +0800] "GET /xingrg/all/function/internal_message.html?_=1689220563555&CODE_STATE=getMsg HTTP/1.1" 200 27
180.169.147.146 - - [13/Jul/2023:11:56:07 +0800] "GET /xingrg/kc/buy/cgsh_order_operate.html?command=get_materiel&rest_code=00147&code=00101008087&supplier_code=00100007&order_time=2023-07-13 HTTP/1.1" 200 412
222.70.114.12 - - [13/Jul/2023:11:56:10 +0800] "GET /xingrg/all/function/internal_message.html?_=1689220578715&CODE_STATE=getMsg HTTP/1.1" 200 27
116.232.195.127 - - [13/Jul/2023:11:56:11 +0800] "POST /xingrg/dwr/call/plaincall/AjaxReportQueryService.refreshCache.dwr HTTP/1.1" 200 79
116.232.195.127 - - [13/Jul/2023:11:56:13 +0800] "POST /xingrg/all/report/load_report_page.html HTTP/1.1" 200 8921
116.232.195.127 - - [13/Jul/2023:11:56:13 +0800] "GET /xingrg/servlets/image?cache=0.5825541030806712&image=px HTTP/1.1" 200 807
124.78.70.128 - - [13/Jul/2023:11:56:14 +0800] "GET /xingrg/all/function/internal_message.html?_=1689220051693&CODE_STATE=getMsg HTTP/1.1" 200 27
