180.169.147.146 - - [13/Jul/2023:10:13:18 +0800] "GET /xingrg/dwr/interface/AjaxReportQueryService.js HTTP/1.1" 200 13203
180.169.147.146 - - [13/Jul/2023:10:13:18 +0800] "GET /xingrg/dwr/engine.js HTTP/1.1" 200 43631
180.169.147.146 - - [13/Jul/2023:10:13:21 +0800] "POST /xingrg/all/report/load_report_page.html HTTP/1.1" 200 8715
180.169.147.146 - - [13/Jul/2023:10:13:21 +0800] "GET /xingrg/servlets/image?cache=0.8387833987947877&image=px HTTP/1.1" 200 807
120.253.135.82 - - [13/Jul/2023:10:13:22 +0800] "GET /xingrg/all/function/internal_message.html?_=1689214228046&CODE_STATE=getMsg HTTP/1.1" 200 27
114.89.203.254 - - [13/Jul/2023:10:13:24 +0800] "GET /xingrg/kc/buy/cgsh_order_operate.html?command=get_materiel&rest_code=00102&code=00101006111&supplier_code=00100096&order_time=2023-07-13 HTTP/1.1" 200 411
180.169.147.146 - - [13/Jul/2023:10:13:25 +0800] "POST /xingrg/all/report/load_report_page.html HTTP/1.1" 200 86678
180.169.147.146 - - [13/Jul/2023:10:13:25 +0800] "GET /xingrg/images/blue/button/back2.gif HTTP/1.1" 200 1339
180.169.147.146 - - [13/Jul/2023:10:13:25 +0800] "GET /xingrg/images/blue/button/back.gif HTTP/1.1" 200 1352
180.169.147.146 - - [13/Jul/2023:10:13:25 +0800] "GET /xingrg/servlets/image?cache=0.6277290832190613&image=px HTTP/1.1" 200 807
180.169.147.146 - - [13/Jul/2023:10:13:26 +0800] "GET /xingrg/all/function/internal_message.html?_=1689214402070&CODE_STATE=getMsg HTTP/1.1" 200 27
180.169.147.146 - - [13/Jul/2023:10:13:32 +0800] "POST /xingrg/all/report/report_print.html HTTP/1.1" 200 10772
114.95.42.59 - - [13/Jul/2023:10:13:35 +0800] "GET /xingrg/all/function/internal_message.html?_=1689214416562&CODE_STATE=getMsg HTTP/1.1" 200 27
61.170.233.201 - - [13/Jul/2023:10:13:37 +0800] "GET /xingrg/check_reg.html?_=1689214408713 HTTP/1.1" 200 22
61.170.233.201 - - [13/Jul/2023:10:13:37 +0800] "GET /xingrg/all/function/internal_message.html?_=1689214408721&CODE_STATE=getMsg HTTP/1.1" 200 27
114.89.203.254 - - [13/Jul/2023:10:13:38 +0800] "GET /xingrg/kc/buy/cgsh_order_operate.html?command=get_materiel&rest_code=00102&code=00101006109&supplier_code=00100096&order_time=2023-07-13 HTTP/1.1" 200 411
114.89.203.254 - - [13/Jul/2023:10:13:39 +0800] "GET /xingrg/all/function/internal_message.html?_=1689214419894&CODE_STATE=getMsg HTTP/1.1" 200 27
180.169.147.146 - - [13/Jul/2023:10:13:40 +0800] "GET /xingrg/all/function/internal_message.html?_=1689214420896&CODE_STATE=getMsg HTTP/1.1" 200 27
222.70.172.54 - - [13/Jul/2023:10:13:43 +0800] "GET /xingrg/all/function/internal_message.html?_=1689214437616&CODE_STATE=getMsg HTTP/1.1" 200 27
114.95.42.59 - - [13/Jul/2023:10:13:44 +0800] "GET /xingrg/javascript/jquery_easy_ui/themes/default/images/tabs_active.png HTTP/1.1" 304 -
116.232.195.127 - - [13/Jul/2023:10:13:45 +0800] "GET /xingrg/all/function/internal_message.html?_=1689214399934&CODE_STATE=getMsg HTTP/1.1" 200 27
180.165.154.167 - - [13/Jul/2023:10:13:47 +0800] "GET /xingrg/all/function/internal_message.html?_=1689214426902&CODE_STATE=getMsg HTTP/1.1" 200 27
116.238.191.126 - - [13/Jul/2023:10:13:48 +0800] "GET /xingrg/all/function/internal_message.html?_=1689214425737&CODE_STATE=getMsg HTTP/1.1" 200 27
114.83.218.88 - - [13/Jul/2023:10:13:51 +0800] "GET /xingrg/all/function/internal_message.html?_=1689214430200&CODE_STATE=getMsg HTTP/1.1" 200 27
114.89.203.254 - - [13/Jul/2023:10:13:52 +0800] "GET /xingrg/kc/buy/cgsh_order_operate.html?command=get_materiel&rest_code=00102&code=00101016104&supplier_code=00100096&order_time=2023-07-13 HTTP/1.1" 200 408
222.70.114.12 - - [13/Jul/2023:10:13:54 +0800] "GET /xingrg/all/function/internal_message.html?_=1689214442008&CODE_STATE=getMsg HTTP/1.1" 302 -
180.169.147.146 - - [13/Jul/2023:10:13:56 +0800] "POST /xingrg/dwr/call/plaincall/AjaxReportQueryService.refreshCache.dwr HTTP/1.1" 200 78
180.169.147.146 - - [13/Jul/2023:10:13:57 +0800] "GET /xingrg/all/function/internal_message.html?_=1689214427311&CODE_STATE=getMsg HTTP/1.1" 200 27
114.83.219.27 - - [13/Jul/2023:10:13:57 +0800] "GET /xingrg/all/function/internal_message.html?_=1689214556104&CODE_STATE=getMsg HTTP/1.1" 200 27
180.169.147.146 - - [13/Jul/2023:10:13:57 +0800] "POST /xingrg/all/report/load_report_page.html HTTP/1.1" 200 8924
180.169.147.146 - - [13/Jul/2023:10:13:57 +0800] "GET /xingrg/servlets/image?cache=0.8445413850562149&image=px HTTP/1.1" 200 807
180.169.147.146 - - [13/Jul/2023:10:13:59 +0800] "GET /xingrg/all/report/report_query.html?isQuery=1&fileName=kc/buy/wlcg_cate_hz.xml&queryString=(CONVERT(char(10)%252Ca.order_time%252C%2520120)%253E%253D'2023-06-16')%2520and%2520(CONVERT(char(10)%252Ca.order_time%252C%2520120)%253C%253D'2023-06-30')%2520and%2520(a.supplier_code%2520in%2520('00100012'))%2520and%2520(a.supplier_code%253D'00100012')&queryText=%25E3%2580%2590%25E9%2587%2587%25E8%25B4%25AD%25E6%2597%25A5%25E6%259C%259F%253A2023-06-16%2520%25E8%2587%25B3%25202023-06-30%25E3%2580%2591%2520%25E5%25B9%25B6%25E4%25B8%2594%2520%2520%25E3%2580%2590%25E4%25BE%259B%25E5%25BA%2594%25E5%2595%2586%2520%253D%2520%25E7%258C%25AA%25E8%2582%2589%25EF%25BC%2588%25E6%259D%258E%25E8%25B4%25BB%25E5%258D%258E%25EF%25BC%2589%25E3%2580%2591%2520%25E5%25B9%25B6%25E4%25B8%2594%2520%25E3%2580%2590%25E4%25BE%259B%25E5%25BA%2594%25E5%2595%2586%253D%25E7%258C%25AA%25E8%2582%2589%25EF%25BC%2588%25E6%259D%258E%25E8%25B4%25BB%25E5%258D%258E%25EF%25BC%2589%25E3%2580%2591 HTTP/1.1" 200 54465
180.169.147.146 - - [13/Jul/2023:10:13:59 +0800] "GET /xingrg/dwr/interface/AjaxReportQueryService.js HTTP/1.1" 200 13203
180.169.147.146 - - [13/Jul/2023:10:13:59 +0800] "GET /xingrg/dwr/engine.js HTTP/1.1" 200 43631
180.169.147.146 - - [13/Jul/2023:10:14:03 +0800] "POST /xingrg/all/report/load_report_page.html HTTP/1.1" 200 8715
180.169.147.146 - - [13/Jul/2023:10:14:03 +0800] "GET /xingrg/servlets/image?cache=0.1017564598255033&image=px HTTP/1.1" 200 807
222.70.180.90 - - [13/Jul/2023:10:14:06 +0800] "GET /xingrg/all/function/internal_message.html?_=1689214444050&CODE_STATE=getMsg HTTP/1.1" 200 27
180.169.147.146 - - [13/Jul/2023:10:14:07 +0800] "POST /xingrg/all/report/load_report_page.html HTTP/1.1" 200 83849
180.169.147.146 - - [13/Jul/2023:10:14:07 +0800] "GET /xingrg/servlets/image?cache=0.800726098691742&image=px HTTP/1.1" 200 807
180.169.147.146 - - [13/Jul/2023:10:14:12 +0800] "POST /xingrg/all/report/report_print.html HTTP/1.1" 200 9748
180.169.147.146 - - [13/Jul/2023:10:14:12 +0800] "GET /xingrg/all/function/internal_message.html?_=1689214451091&CODE_STATE=getMsg HTTP/1.1" 200 27
114.89.203.254 - - [13/Jul/2023:10:14:16 +0800] "GET /xingrg/kc/buy/cgsh_order_operate.html?command=get_materiel&rest_code=00102&code=00101007049&supplier_code=00100096&order_time=2023-07-13 HTTP/1.1" 200 409
114.95.42.59 - - [13/Jul/2023:10:14:16 +0800] "GET /xingrg/all/function/internal_message.html?_=1689214271673&CODE_STATE=getMsg HTTP/1.1" 200 27
114.95.42.59 - - [13/Jul/2023:10:14:16 +0800] "GET /xingrg/check_reg.html?_=1689214271676 HTTP/1.1" 200 22
120.253.135.82 - - [13/Jul/2023:10:14:22 +0800] "GET /xingrg/all/function/internal_message.html?_=1689214288090&CODE_STATE=getMsg HTTP/1.1" 200 27
114.95.42.59 - - [13/Jul/2023:10:14:23 +0800] "POST /xingrg/kc/mdqp/pssh_list_operate.html HTTP/1.1" 200 1575
180.169.147.146 - - [13/Jul/2023:10:14:26 +0800] "GET /xingrg/all/function/internal_message.html?_=1689214462069&CODE_STATE=getMsg HTTP/1.1" 200 27
116.238.191.126 - - [13/Jul/2023:10:14:29 +0800] "POST /xingrg/kc/base/wldb_order_operate.html HTTP/1.1" 200 37
116.238.191.126 - - [13/Jul/2023:10:14:30 +0800] "POST /xingrg/kc/base/wldb_order_operate.html HTTP/1.1" 200 8282
116.238.191.126 - - [13/Jul/2023:10:14:30 +0800] "GET /xingrg/kc/base/wldb_order_info.html?code=422023071301216 HTTP/1.1" 200 30402
116.238.191.126 - - [13/Jul/2023:10:14:31 +0800] "GET /xingrg/javascript/easyui/themes/default/validatebox.css HTTP/1.1" 404 1104
114.95.42.59 - - [13/Jul/2023:10:14:31 +0800] "GET /xingrg/kc/base/base_main.html HTTP/1.1" 200 12142
116.238.191.126 - - [13/Jul/2023:10:14:31 +0800] "POST /xingrg/kc/base/wldb_order_operate.html HTTP/1.1" 200 8282
114.95.42.59 - - [13/Jul/2023:10:14:31 +0800] "GET /xingrg/images/blue/button/wlsy.gif HTTP/1.1" 304 -
114.95.42.59 - - [13/Jul/2023:10:14:31 +0800] "GET /xingrg/images/blue/button/ckpd.gif HTTP/1.1" 304 -
114.95.42.59 - - [13/Jul/2023:10:14:31 +0800] "GET /xingrg/images/blue/button/kc.gif HTTP/1.1" 304 -
114.95.42.59 - - [13/Jul/2023:10:14:31 +0800] "GET /xingrg/images/blue/button/yddb.gif HTTP/1.1" 304 -
114.95.42.59 - - [13/Jul/2023:10:14:31 +0800] "GET /xingrg/images/blue/button/ckdb.gif HTTP/1.1" 304 -
114.95.42.59 - - [13/Jul/2023:10:14:31 +0800] "GET /xingrg/images/blue/button/bottom_left.jpg HTTP/1.1" 304 -
114.95.42.59 - - [13/Jul/2023:10:14:32 +0800] "GET /xingrg/images/blue/button/bottom_right.jpg HTTP/1.1" 304 -
114.95.42.59 - - [13/Jul/2023:10:14:32 +0800] "GET /xingrg/images/blue/button/top_left.jpg HTTP/1.1" 304 -
114.95.42.59 - - [13/Jul/2023:10:14:32 +0800] "GET /xingrg/images/blue/button/top_right.jpg HTTP/1.1" 304 -
114.95.42.59 - - [13/Jul/2023:10:14:32 +0800] "GET /xingrg/images/blue/button/down.jpg HTTP/1.1" 304 -
114.95.42.59 - - [13/Jul/2023:10:14:32 +0800] "GET /xingrg/images/blue/button/left_ah.jpg HTTP/1.1" 304 -
114.95.42.59 - - [13/Jul/2023:10:14:33 +0800] "GET /xingrg/kc/base/wldb_order_list.html HTTP/1.1" 200 19098
114.95.42.59 - - [13/Jul/2023:10:14:33 +0800] "GET /xingrg/javascript/easyui/themes/icons/import_new.png HTTP/1.1" 304 -
114.95.42.59 - - [13/Jul/2023:10:14:33 +0800] "GET /xingrg/javascript/easyui/themes/icons/edit_add_new.png HTTP/1.1" 304 -
114.95.42.59 - - [13/Jul/2023:10:14:34 +0800] "POST /xingrg/kc/base/wldb_list_operate.html HTTP/1.1" 200 1772
114.95.42.59 - - [13/Jul/2023:10:14:35 +0800] "GET /xingrg/all/function/internal_message.html?_=1689214476544&CODE_STATE=getMsg HTTP/1.1" 200 27
114.95.42.59 - - [13/Jul/2023:10:14:36 +0800] "GET /xingrg/check_reg.html?_=1689214477513 HTTP/1.1" 200 22
116.238.191.126 - - [13/Jul/2023:10:14:37 +0800] "GET /xingrg/kc/mdqp/pssh_order_list.html HTTP/1.1" 200 17886
180.163.28.55 - - [13/Jul/2023:10:14:37 +0800] "GET /xingrg/all/function/internal_message.html?_=1689214408721&CODE_STATE=getMsg HTTP/1.1" 302 -
180.163.28.55 - - [13/Jul/2023:10:14:37 +0800] "GET /xingrg/login.html HTTP/1.1" 200 7641
61.170.233.201 - - [13/Jul/2023:10:14:37 +0800] "GET /xingrg/all/function/internal_message.html?_=1689214468724&CODE_STATE=getMsg HTTP/1.1" 200 27
116.238.191.126 - - [13/Jul/2023:10:14:37 +0800] "POST /xingrg/kc/mdqp/pssh_list_operate.html HTTP/1.1" 200 5508
114.95.42.59 - - [13/Jul/2023:10:14:38 +0800] "GET /xingrg/kc/base/wldb_order_add.html HTTP/1.1" 200 30381
114.95.42.59 - - [13/Jul/2023:10:14:38 +0800] "GET /xingrg/javascript/easyui/themes/icons/template_new.png HTTP/1.1" 304 -
114.95.42.59 - - [13/Jul/2023:10:14:38 +0800] "GET /xingrg/javascript/easyui/themes/icons/cancel.png HTTP/1.1" 304 -
114.95.42.59 - - [13/Jul/2023:10:14:38 +0800] "POST /xingrg/kc/base/wldb_order_operate.html HTTP/1.1" 200 6806
114.95.42.59 - - [13/Jul/2023:10:14:38 +0800] "GET /xingrg/all/common/auto_word.html?type=base&rest_code=00105 HTTP/1.1" 200 1907
114.95.42.59 - - [13/Jul/2023:10:14:38 +0800] "GET /xingrg/all/common/auto_word.html?type=base&rest_code=00105 HTTP/1.1" 200 1907
114.95.42.59 - - [13/Jul/2023:10:14:38 +0800] "GET /xingrg/javascript/easyui/themes/default/validatebox.css HTTP/1.1" 404 1104
114.95.42.59 - - [13/Jul/2023:10:14:38 +0800] "GET /xingrg/javascript/easyui/themes/icons/edit_remove.png HTTP/1.1" 304 -
114.89.203.254 - - [13/Jul/2023:10:14:39 +0800] "GET /xingrg/all/function/internal_message.html?_=1689214479879&CODE_STATE=getMsg HTTP/1.1" 200 27
116.238.191.126 - - [13/Jul/2023:10:14:39 +0800] "POST /xingrg/kc/mdqp/pssh_list_operate.html HTTP/1.1" 200 259
114.89.203.254 - - [13/Jul/2023:10:14:39 +0800] "GET /xingrg/check_reg.html?_=1689214479882 HTTP/1.1" 200 22
116.238.191.126 - - [13/Jul/2023:10:14:40 +0800] "GET /xingrg/kc/mdqp/pssh_order_info.html?code=312023071300311 HTTP/1.1" 200 17278
116.238.191.126 - - [13/Jul/2023:10:14:40 +0800] "GET /xingrg/javascript/jquery_tools/jquery-1.4.2.min.js HTTP/1.1" 404 1094
180.169.147.146 - - [13/Jul/2023:10:14:40 +0800] "GET /xingrg/all/function/internal_message.html?_=1689214480912&CODE_STATE=getMsg HTTP/1.1" 200 27
116.238.191.126 - - [13/Jul/2023:10:14:41 +0800] "GET /xingrg/javascript/easyui/themes/default/validatebox.css HTTP/1.1" 404 1104
116.238.191.126 - - [13/Jul/2023:10:14:41 +0800] "GET /xingrg/all/common/auto_word.html?type=base&rest_code=00150&rest_code=00150 HTTP/1.1" 200 1853
116.238.191.126 - - [13/Jul/2023:10:14:41 +0800] "POST /xingrg/kc/mdqp/pssh_order_operate.html HTTP/1.1" 200 534
222.70.172.54 - - [13/Jul/2023:10:14:43 +0800] "GET /xingrg/all/function/internal_message.html?_=1689214497629&CODE_STATE=getMsg HTTP/1.1" 200 27
116.232.195.127 - - [13/Jul/2023:10:14:45 +0800] "GET /xingrg/all/function/internal_message.html?_=1689214459917&CODE_STATE=getMsg HTTP/1.1" 200 27
116.238.191.126 - - [13/Jul/2023:10:14:46 +0800] "POST /xingrg/all/common/load_combo.html?type=employee HTTP/1.1" 200 280
114.89.203.254 - - [13/Jul/2023:10:14:47 +0800] "GET /xingrg/kc/buy/cgsh_order_operate.html?command=get_materiel&rest_code=00102&code=00101007033&supplier_code=00100096&order_time=2023-07-13 HTTP/1.1" 200 419
180.165.154.167 - - [13/Jul/2023:10:14:47 +0800] "GET /xingrg/all/function/internal_message.html?_=1689214486902&CODE_STATE=getMsg HTTP/1.1" 200 27
114.89.203.254 - - [13/Jul/2023:10:14:48 +0800] "GET /xingrg/login.html HTTP/1.1" 200 7641
114.89.203.254 - - [13/Jul/2023:10:14:49 +0800] "GET /favicon.ico HTTP/1.1" 404 -
116.238.191.126 - - [13/Jul/2023:10:14:49 +0800] "POST /xingrg/kc/mdqp/pssh_order_operate.html HTTP/1.1" 200 37
114.83.218.88 - - [13/Jul/2023:10:14:51 +0800] "GET /xingrg/check_reg.html?_=1689214490183 HTTP/1.1" 200 22
114.83.218.88 - - [13/Jul/2023:10:14:51 +0800] "GET /xingrg/all/function/internal_message.html?_=1689214490186&CODE_STATE=getMsg HTTP/1.1" 200 27
116.238.191.126 - - [13/Jul/2023:10:14:52 +0800] "POST /xingrg/kc/mdqp/pssh_order_operate.html HTTP/1.1" 200 12
114.95.42.59 - - [13/Jul/2023:10:14:53 +0800] "GET /xingrg/javascript/auto/indicator.gif HTTP/1.1" 404 1066
116.238.191.126 - - [13/Jul/2023:10:14:53 +0800] "GET /xingrg/kc/mdqp/pssh_order_info.html?code=312023071300311 HTTP/1.1" 200 14398
116.238.191.126 - - [13/Jul/2023:10:14:53 +0800] "GET /xingrg/javascript/jquery_tools/jquery-1.4.2.min.js HTTP/1.1" 404 1094
222.70.114.12 - - [13/Jul/2023:10:14:54 +0800] "GET /xingrg/all/function/internal_message.html?_=1689214501999&CODE_STATE=getMsg HTTP/1.1" 302 -
114.89.203.254 - - [13/Jul/2023:10:14:54 +0800] "POST /xingrg/login.do HTTP/1.1" 302 -
116.238.191.126 - - [13/Jul/2023:10:14:54 +0800] "GET /xingrg/javascript/easyui/themes/default/validatebox.css HTTP/1.1" 404 1104
116.238.191.126 - - [13/Jul/2023:10:14:54 +0800] "POST /xingrg/kc/mdqp/pssh_order_operate.html HTTP/1.1" 200 534
114.89.203.254 - - [13/Jul/2023:10:14:54 +0800] "GET /xingrg/index.html?sysBaseUrl=http%3A%2F%2F180.169.147.146%3A18081%2Fxingrg%2F&costTime=1338×tamp=1689214494264 HTTP/1.1" 200 17503
114.89.203.254 - - [13/Jul/2023:10:14:54 +0800] "GET /favicon.ico HTTP/1.1" 404 -
114.89.203.254 - - [13/Jul/2023:10:14:54 +0800] "POST /xingrg/all/common/load_tree.html?tree=area_rest_tree_json&manage=1 HTTP/1.1" 200 3499
114.89.203.254 - - [13/Jul/2023:10:14:55 +0800] "GET /xingrg/check_reg.html?_=1689214501172 HTTP/1.1" 200 22
114.89.203.254 - - [13/Jul/2023:10:14:55 +0800] "GET /xingrg/all/function/internal_message.html?_=1689214501170&CODE_STATE=count HTTP/1.1" 200 11
114.89.203.254 - - [13/Jul/2023:10:14:55 +0800] "POST /xingrg/load_menu.html HTTP/1.1" 200 11443
116.238.191.126 - - [13/Jul/2023:10:14:56 +0800] "GET /xingrg/kc/print/load_config.html?kc_code=pssh HTTP/1.1" 200 2368
116.238.191.126 - - [13/Jul/2023:10:14:56 +0800] "GET /xingrg/kc/print/load_data.html?order_code=312023071300311&kc_code=pssh&condition= HTTP/1.1" 200 678
180.169.147.146 - - [13/Jul/2023:10:14:57 +0800] "GET /xingrg/all/function/internal_message.html?_=1689214487322&CODE_STATE=getMsg HTTP/1.1" 200 27
114.83.219.27 - - [13/Jul/2023:10:14:57 +0800] "GET /xingrg/all/function/internal_message.html?_=1689214616096&CODE_STATE=getMsg HTTP/1.1" 200 27
116.238.191.126 - - [13/Jul/2023:10:15:00 +0800] "GET /xingrg/kc/base/wldb_order_list.html HTTP/1.1" 200 19104
116.238.191.126 - - [13/Jul/2023:10:15:01 +0800] "POST /xingrg/kc/base/wldb_list_operate.html HTTP/1.1" 200 1782
116.238.191.126 - - [13/Jul/2023:10:15:02 +0800] "POST /xingrg/kc/base/wldb_list_operate.html HTTP/1.1" 200 660
116.238.191.126 - - [13/Jul/2023:10:15:03 +0800] "GET /xingrg/kc/base/wldb_order_info.html?code=422023071301216 HTTP/1.1" 200 30402
116.238.191.126 - - [13/Jul/2023:10:15:03 +0800] "GET /xingrg/javascript/easyui/themes/default/validatebox.css HTTP/1.1" 404 1104
116.238.191.126 - - [13/Jul/2023:10:15:04 +0800] "POST /xingrg/kc/base/wldb_order_operate.html HTTP/1.1" 200 8283
114.89.203.254 - - [13/Jul/2023:10:15:05 +0800] "POST /xingrg/load_menu.html HTTP/1.1" 200 9695
222.70.180.90 - - [13/Jul/2023:10:15:06 +0800] "GET /xingrg/all/function/internal_message.html?_=1689214504053&CODE_STATE=getMsg HTTP/1.1" 200 27
114.89.203.254 - - [13/Jul/2023:10:15:08 +0800] "GET /xingrg/all/report/report_query.html?fileName=dma/new_5.0/menu/menu_category_hz.xml HTTP/1.1" 200 53064
114.89.203.254 - - [13/Jul/2023:10:15:08 +0800] "GET /xingrg/javascript/multi_select/jqueryMultiSelect.css HTTP/1.1" 200 951
114.89.203.254 - - [13/Jul/2023:10:15:08 +0800] "GET /xingrg/javascript/calendar/timePicker.css HTTP/1.1" 200 523
114.89.203.254 - - [13/Jul/2023:10:15:08 +0800] "GET /xingrg/javascript/bigrid/fix.css HTTP/1.1" 200 1702
114.89.203.254 - - [13/Jul/2023:10:15:08 +0800] "GET /xingrg/dwr/interface/AjaxReportQueryService.js HTTP/1.1" 200 13203
114.89.203.254 - - [13/Jul/2023:10:15:08 +0800] "GET /xingrg/javascript/jqueryMultiSelect.js HTTP/1.1" 200 11866
114.89.203.254 - - [13/Jul/2023:10:15:08 +0800] "GET /xingrg/javascript/Calendar.js HTTP/1.1" 200 31561
114.89.203.254 - - [13/Jul/2023:10:15:08 +0800] "GET /xingrg/dwr/util.js HTTP/1.1" 200 35990
114.89.203.254 - - [13/Jul/2023:10:15:08 +0800] "GET /xingrg/dwr/engine.js HTTP/1.1" 200 43631
114.89.203.254 - - [13/Jul/2023:10:15:08 +0800] "GET /xingrg/javascript/calendar/jquery.timePicker.min.js HTTP/1.1" 200 2997
114.89.203.254 - - [13/Jul/2023:10:15:08 +0800] "GET /xingrg/javascript/bigrid/fix.js HTTP/1.1" 200 6439
114.89.203.254 - - [13/Jul/2023:10:15:08 +0800] "GET /xingrg/images/blue/button/advance2over.gif HTTP/1.1" 200 1336
114.89.203.254 - - [13/Jul/2023:10:15:08 +0800] "GET /xingrg/images/blue/button/advanceover.gif HTTP/1.1" 200 1347
114.89.203.254 - - [13/Jul/2023:10:15:08 +0800] "GET /xingrg/images/control/loading.gif HTTP/1.1" 200 13463
114.89.203.254 - - [13/Jul/2023:10:15:08 +0800] "GET /xingrg/images/blue/button/back2over.gif HTTP/1.1" 200 1335
114.89.203.254 - - [13/Jul/2023:10:15:08 +0800] "GET /xingrg/images/blue/button/backover.gif HTTP/1.1" 200 1348
116.238.191.126 - - [13/Jul/2023:10:15:08 +0800] "POST /xingrg/kc/base/wldb_order_operate.html HTTP/1.1" 200 37
114.89.203.254 - - [13/Jul/2023:10:15:09 +0800] "GET /xingrg/javascript/jquery_easy_ui/themes/icons/help.png HTTP/1.1" 200 1187
114.89.203.254 - - [13/Jul/2023:10:15:09 +0800] "GET /xingrg/javascript/jquery_easy_ui/themes/default/images/menu_downarrow.png HTTP/1.1" 200 173
114.89.203.254 - - [13/Jul/2023:10:15:09 +0800] "GET /xingrg/javascript/jquery_easy_ui/themes/default/images/menu.gif HTTP/1.1" 200 834
114.89.203.254 - - [13/Jul/2023:10:15:09 +0800] "GET /xingrg/javascript/jquery_easy_ui/themes/icons/print.png HTTP/1.1" 200 1057
114.89.203.254 - - [13/Jul/2023:10:15:09 +0800] "GET /xingrg/javascript/jquery_easy_ui/themes/icons/pencil.png HTTP/1.1" 200 713
114.89.203.254 - - [13/Jul/2023:10:15:09 +0800] "GET /xingrg/javascript/jquery_easy_ui/themes/default/images/menu_rightarrow.png HTTP/1.1" 200 3617
114.89.203.254 - - [13/Jul/2023:10:15:09 +0800] "POST /xingrg/dwr/call/plaincall/AjaxReportQueryService.getFixDate.dwr HTTP/1.1" 200 111
114.89.203.254 - - [13/Jul/2023:10:15:09 +0800] "GET /xingrg/javascript/jquery_easy_ui/themes/default/images/combo_arrow_dot.gif HTTP/1.1" 200 79
114.89.203.254 - - [13/Jul/2023:10:15:09 +0800] "GET /xingrg/javascript/multi_select/dropdown.gif HTTP/1.1" 200 61
114.89.203.254 - - [13/Jul/2023:10:15:09 +0800] "GET /xingrg/kc/buy/cgsh_order_operate.html?command=get_materiel&rest_code=00102&code=00101007061&supplier_code=00100096&order_time=2023-07-13 HTTP/1.1" 200 411
114.89.203.254 - - [13/Jul/2023:10:15:09 +0800] "POST /xingrg/all/common/load_tree.html?tree=area_station_tree_json&manage=1 HTTP/1.1" 200 3393
116.238.191.126 - - [13/Jul/2023:10:15:09 +0800] "POST /xingrg/kc/base/wldb_order_operate.html HTTP/1.1" 200 8283
180.169.147.146 - - [13/Jul/2023:10:15:12 +0800] "GET /xingrg/all/function/internal_message.html?_=1689214511071&CODE_STATE=getMsg HTTP/1.1" 200 27
116.238.191.126 - - [13/Jul/2023:10:15:15 +0800] "POST /xingrg/kc/base/wldb_order_operate.html HTTP/1.1" 200 12
114.95.42.59 - - [13/Jul/2023:10:15:16 +0800] "GET /xingrg/all/function/internal_message.html?_=1689214331678&CODE_STATE=getMsg HTTP/1.1" 200 27
116.238.191.126 - - [13/Jul/2023:10:15:17 +0800] "GET /xingrg/kc/base/wldb_order_info.html?code=422023071301216 HTTP/1.1" 200 26266
114.89.203.254 - - [13/Jul/2023:10:15:17 +0800] "GET /xingrg/all/report/report_query.html?fileName=dma/new_5.0/menu/menu_stca_hz.xml HTTP/1.1" 200 51418
114.89.203.254 - - [13/Jul/2023:10:15:17 +0800] "GET /xingrg/dwr/interface/AjaxReportQueryService.js HTTP/1.1" 200 13203
114.89.203.254 - - [13/Jul/2023:10:15:17 +0800] "GET /xingrg/dwr/engine.js HTTP/1.1" 200 43631
116.238.191.126 - - [13/Jul/2023:10:15:17 +0800] "GET /xingrg/javascript/easyui/themes/default/validatebox.css HTTP/1.1" 404 1104
116.238.191.126 - - [13/Jul/2023:10:15:17 +0800] "POST /xingrg/kc/base/wldb_order_operate.html HTTP/1.1" 200 6426
114.89.203.254 - - [13/Jul/2023:10:15:17 +0800] "POST /xingrg/dwr/call/plaincall/AjaxReportQueryService.getFixDate.dwr HTTP/1.1" 200 111
114.89.203.254 - - [13/Jul/2023:10:15:18 +0800] "POST /xingrg/all/common/load_tree.html?tree=area_station_tree_json&manage=1 HTTP/1.1" 200 3393
114.89.203.254 - - [13/Jul/2023:10:15:18 +0800] "GET /xingrg/javascript/jquery_easy_ui/themes/default/images/tree_checkbox_0.gif HTTP/1.1" 200 168
180.169.147.146 - - [13/Jul/2023:10:15:18 +0800] "GET /xingrg/kc/report/report_main.html HTTP/1.1" 200 8599
180.169.147.146 - - [13/Jul/2023:10:15:19 +0800] "GET /xingrg/all/report/report_query.html?fileName=kc/buy/gys_amount_base_rest.xml HTTP/1.1" 200 51664
180.169.147.146 - - [13/Jul/2023:10:15:19 +0800] "GET /xingrg/dwr/interface/AjaxReportQueryService.js HTTP/1.1" 200 13203
180.169.147.146 - - [13/Jul/2023:10:15:19 +0800] "GET /xingrg/dwr/engine.js HTTP/1.1" 200 43631
180.169.147.146 - - [13/Jul/2023:10:15:19 +0800] "POST /xingrg/dwr/call/plaincall/AjaxReportQueryService.getFixDate.dwr HTTP/1.1" 200 111
180.169.147.146 - - [13/Jul/2023:10:15:20 +0800] "POST /xingrg/all/common/load_tree.html?tree=area_rest_tree_json&manage=1 HTTP/1.1" 200 3499
114.89.203.254 - - [13/Jul/2023:10:15:20 +0800] "POST /xingrg/dwr/call/plaincall/AjaxReportQueryService.getFixDate.dwr HTTP/1.1" 200 111
180.169.147.146 - - [13/Jul/2023:10:15:20 +0800] "POST /xingrg/all/common/load_tree.html?tree=supplier_tree_json&manage=1 HTTP/1.1" 200 76589
114.89.203.254 - - [13/Jul/2023:10:15:22 +0800] "POST /xingrg/dwr/call/plaincall/AjaxReportQueryService.getFixDate.dwr HTTP/1.1" 200 111
120.253.135.82 - - [13/Jul/2023:10:15:22 +0800] "GET /xingrg/check_reg.html?_=1689214347858 HTTP/1.1" 200 22
120.253.135.82 - - [13/Jul/2023:10:15:22 +0800] "GET /xingrg/all/function/internal_message.html?_=1689214348184&CODE_STATE=getMsg HTTP/1.1" 200 27
180.169.147.146 - - [13/Jul/2023:10:15:26 +0800] "GET /xingrg/all/function/internal_message.html?_=1689214522069&CODE_STATE=getMsg HTTP/1.1" 200 27
180.169.147.146 - - [13/Jul/2023:10:15:26 +0800] "GET /xingrg/check_reg.html?_=1689214522072 HTTP/1.1" 200 22
114.89.203.254 - - [13/Jul/2023:10:15:29 +0800] "GET /xingrg/kc/buy/cgsh_order_operate.html?command=get_materiel&rest_code=00102&code=00101006056&supplier_code=00100096&order_time=2023-07-13 HTTP/1.1" 200 413
116.238.191.126 - - [13/Jul/2023:10:15:31 +0800] "POST /xingrg/kc/base/wldb_list_operate.html HTTP/1.1" 200 928
180.165.154.167 - - [13/Jul/2023:10:15:32 +0800] "GET /xingrg/check_reg.html?_=1689214531357 HTTP/1.1" 200 22
180.169.147.146 - - [13/Jul/2023:10:15:34 +0800] "POST /xingrg/dwr/call/plaincall/AjaxReportQueryService.refreshCache.dwr HTTP/1.1" 200 78
114.95.42.59 - - [13/Jul/2023:10:15:35 +0800] "GET /xingrg/all/function/internal_message.html?_=1689214536518&CODE_STATE=getMsg HTTP/1.1" 200 27
180.169.147.146 - - [13/Jul/2023:10:15:36 +0800] "POST /xingrg/all/report/load_report_page.html HTTP/1.1" 200 52161
180.169.147.146 - - [13/Jul/2023:10:15:36 +0800] "GET /xingrg/servlets/image?cache=0.730279089284017&image=px HTTP/1.1" 200 807
61.170.233.201 - - [13/Jul/2023:10:15:37 +0800] "GET /xingrg/all/function/internal_message.html?_=1689214528726&CODE_STATE=getMsg HTTP/1.1" 200 27
114.89.203.254 - - [13/Jul/2023:10:15:39 +0800] "GET /xingrg/all/function/internal_message.html?_=1689214539879&CODE_STATE=getMsg HTTP/1.1" 200 27
180.169.147.146 - - [13/Jul/2023:10:15:40 +0800] "GET /xingrg/all/function/internal_message.html?_=1689214540910&CODE_STATE=getMsg HTTP/1.1" 200 27
222.70.172.54 - - [13/Jul/2023:10:15:44 +0800] "GET /xingrg/all/function/internal_message.html?_=1689214557875&CODE_STATE=getMsg HTTP/1.1" 200 27
116.232.195.127 - - [13/Jul/2023:10:15:45 +0800] "GET /xingrg/all/function/internal_message.html?_=1689214519889&CODE_STATE=getMsg HTTP/1.1" 200 27
180.165.154.167 - - [13/Jul/2023:10:15:47 +0800] "GET /xingrg/all/function/internal_message.html?_=1689214546888&CODE_STATE=getMsg HTTP/1.1" 200 27
116.238.191.126 - - [13/Jul/2023:10:15:48 +0800] "GET /xingrg/all/function/internal_message.html?_=1689214545755&CODE_STATE=getMsg HTTP/1.1" 200 27
114.83.218.88 - - [13/Jul/2023:10:15:51 +0800] "GET /xingrg/all/function/internal_message.html?_=1689214550168&CODE_STATE=getMsg HTTP/1.1" 200 27
114.89.203.254 - - [13/Jul/2023:10:15:51 +0800] "POST /xingrg/dwr/call/plaincall/AjaxReportQueryService.getFixDate.dwr HTTP/1.1" 200 111
222.70.114.12 - - [13/Jul/2023:10:15:54 +0800] "GET /xingrg/all/function/internal_message.html?_=1689214562005&CODE_STATE=getMsg HTTP/1.1" 302 -
114.89.203.254 - - [13/Jul/2023:10:15:55 +0800] "GET /xingrg/all/function/internal_message.html?_=1689214561183&CODE_STATE=getMsg HTTP/1.1" 200 27
180.169.147.146 - - [13/Jul/2023:10:15:57 +0800] "GET /xingrg/all/function/internal_message.html?_=1689214547305&CODE_STATE=getMsg HTTP/1.1" 200 27
114.83.219.27 - - [13/Jul/2023:10:15:57 +0800] "GET /xingrg/all/function/internal_message.html?_=1689214676102&CODE_STATE=getMsg HTTP/1.1" 200 27
180.169.147.146 - - [13/Jul/2023:10:16:02 +0800] "POST /xingrg/dwr/call/plaincall/AjaxReportQueryService.refreshCache.dwr HTTP/1.1" 200 78
222.70.180.90 - - [13/Jul/2023:10:16:06 +0800] "GET /xingrg/all/function/internal_message.html?_=1689214564055&CODE_STATE=getMsg HTTP/1.1" 200 27
180.169.147.146 - - [13/Jul/2023:10:16:11 +0800] "POST /xingrg/all/report/load_report_page.html HTTP/1.1" 200 331793
180.169.147.146 - - [13/Jul/2023:10:16:11 +0800] "GET /xingrg/servlets/image?cache=0.8765703969631499&image=px HTTP/1.1" 200 807
180.169.147.146 - - [13/Jul/2023:10:16:12 +0800] "GET /xingrg/all/function/internal_message.html?_=1689214571049&CODE_STATE=getMsg HTTP/1.1" 200 27
114.95.42.59 - - [13/Jul/2023:10:16:16 +0800] "GET /xingrg/all/function/internal_message.html?_=1689214391682&CODE_STATE=getMsg HTTP/1.1" 200 27
114.89.203.254 - - [13/Jul/2023:10:16:22 +0800] "POST /xingrg/kc/buy/cgsh_order_operate.html HTTP/1.1" 200 37
120.253.135.82 - - [13/Jul/2023:10:16:22 +0800] "GET /xingrg/all/function/internal_message.html?_=1689214408197&CODE_STATE=getMsg HTTP/1.1" 200 27
180.169.147.146 - - [13/Jul/2023:10:16:22 +0800] "POST /xingrg/all/report/report_print.html HTTP/1.1" 200 50236
114.89.203.254 - - [13/Jul/2023:10:16:25 +0800] "POST /xingrg/kc/buy/cgsh_order_operate.html HTTP/1.1" 200 7985
114.89.203.254 - - [13/Jul/2023:10:16:25 +0800] "POST /xingrg/dwr/call/plaincall/AjaxReportQueryService.getFixDate.dwr HTTP/1.1" 200 111
180.169.147.146 - - [13/Jul/2023:10:16:26 +0800] "GET /xingrg/all/function/internal_message.html?_=1689214582071&CODE_STATE=getMsg HTTP/1.1" 200 27
114.89.203.254 - - [13/Jul/2023:10:16:30 +0800] "GET /xingrg/kc/print/load_config.html?kc_code=cgsh HTTP/1.1" 200 1924
114.89.203.254 - - [13/Jul/2023:10:16:31 +0800] "GET /xingrg/kc/print/load_data.html?order_code=212023071305017&kc_code=cgsh&condition= HTTP/1.1" 200 2648
114.95.42.59 - - [13/Jul/2023:10:16:35 +0800] "GET /xingrg/all/function/internal_message.html?_=1689214596491&CODE_STATE=getMsg HTTP/1.1" 200 27
180.169.147.146 - - [13/Jul/2023:10:16:36 +0800] "POST /xingrg/load_menu.html HTTP/1.1" 200 10483
61.170.233.201 - - [13/Jul/2023:10:16:37 +0800] "GET /xingrg/all/function/internal_message.html?_=1689214588715&CODE_STATE=getMsg HTTP/1.1" 200 27
120.253.135.82 - - [13/Jul/2023:10:16:37 +0800] "GET /xingrg/kc/pszx/mdqp_order_list.html?state=10 HTTP/1.1" 200 10275
120.253.135.82 - - [13/Jul/2023:10:16:37 +0800] "GET /xingrg/dwr/interface/AjaxReportQueryService.js HTTP/1.1" 200 13203
120.253.135.82 - - [13/Jul/2023:10:16:37 +0800] "GET /xingrg/dwr/engine.js HTTP/1.1" 200 43631
120.253.135.82 - - [13/Jul/2023:10:16:37 +0800] "GET /xingrg/dwr/interface/AjaxQqpsService.js HTTP/1.1" 200 16326
180.169.147.146 - - [13/Jul/2023:10:16:37 +0800] "GET /xingrg/all/report/report_query.html?fileName=dma/new_5.0/menu/menu_category_hz.xml HTTP/1.1" 200 53064
180.169.147.146 - - [13/Jul/2023:10:16:37 +0800] "GET /xingrg/dwr/interface/AjaxReportQueryService.js HTTP/1.1" 200 13203
180.169.147.146 - - [13/Jul/2023:10:16:37 +0800] "GET /xingrg/dwr/engine.js HTTP/1.1" 200 43631
180.169.147.146 - - [13/Jul/2023:10:16:38 +0800] "POST /xingrg/dwr/call/plaincall/AjaxReportQueryService.getFixDate.dwr HTTP/1.1" 200 111
180.169.147.146 - - [13/Jul/2023:10:16:38 +0800] "POST /xingrg/all/common/load_tree.html?tree=area_station_tree_json&manage=1 HTTP/1.1" 200 2036
114.89.203.254 - - [13/Jul/2023:10:16:39 +0800] "GET /xingrg/all/function/internal_message.html?_=1689214599891&CODE_STATE=getMsg HTTP/1.1" 200 27
180.169.147.146 - - [13/Jul/2023:10:16:39 +0800] "GET /xingrg/all/report/report_query.html?fileName=dma/new_5.0/menu/menu_stca_hz.xml HTTP/1.1" 200 51418
180.169.147.146 - - [13/Jul/2023:10:16:39 +0800] "GET /xingrg/dwr/interface/AjaxReportQueryService.js HTTP/1.1" 200 13203
180.169.147.146 - - [13/Jul/2023:10:16:39 +0800] "GET /xingrg/dwr/engine.js HTTP/1.1" 200 43631
120.253.135.82 - - [13/Jul/2023:10:16:39 +0800] "GET /xingrg/kc/pszx/mdqp_order_list.html?state=10 HTTP/1.1" 200 10275
120.253.135.82 - - [13/Jul/2023:10:16:39 +0800] "GET /xingrg/dwr/interface/AjaxQqpsService.js HTTP/1.1" 200 16326
120.253.135.82 - - [13/Jul/2023:10:16:39 +0800] "GET /xingrg/dwr/interface/AjaxReportQueryService.js HTTP/1.1" 200 13203
120.253.135.82 - - [13/Jul/2023:10:16:39 +0800] "GET /xingrg/dwr/engine.js HTTP/1.1" 200 43631
180.169.147.146 - - [13/Jul/2023:10:16:39 +0800] "POST /xingrg/dwr/call/plaincall/AjaxReportQueryService.getFixDate.dwr HTTP/1.1" 200 111
180.169.147.146 - - [13/Jul/2023:10:16:40 +0800] "POST /xingrg/all/common/load_tree.html?tree=area_station_tree_json&manage=1 HTTP/1.1" 200 2036
180.169.147.146 - - [13/Jul/2023:10:16:40 +0800] "GET /xingrg/check_reg.html?_=1689214600909 HTTP/1.1" 200 22
180.169.147.146 - - [13/Jul/2023:10:16:40 +0800] "GET /xingrg/all/function/internal_message.html?_=1689214600913&CODE_STATE=getMsg HTTP/1.1" 200 27
180.169.147.146 - - [13/Jul/2023:10:16:41 +0800] "POST /xingrg/dwr/call/plaincall/AjaxReportQueryService.getFixDate.dwr HTTP/1.1" 200 111
222.70.172.54 - - [13/Jul/2023:10:16:44 +0800] "GET /xingrg/all/function/internal_message.html?_=1689214617889&CODE_STATE=getMsg HTTP/1.1" 200 27
180.169.147.146 - - [13/Jul/2023:10:16:44 +0800] "POST /xingrg/dwr/call/plaincall/AjaxReportQueryService.refreshCache.dwr HTTP/1.1" 200 78
180.169.147.146 - - [13/Jul/2023:10:16:44 +0800] "POST /xingrg/all/report/load_report_page.html HTTP/1.1" 200 58908
180.169.147.146 - - [13/Jul/2023:10:16:44 +0800] "GET /xingrg/servlets/image?cache=0.2270686967670167&image=px HTTP/1.1" 200 807
116.232.195.127 - - [13/Jul/2023:10:16:45 +0800] "GET /xingrg/all/function/internal_message.html?_=1689214579876&CODE_STATE=getMsg HTTP/1.1" 200 27
180.169.147.146 - - [13/Jul/2023:10:16:47 +0800] "GET /xingrg/all/report/report_query.html?isQuery=1&fileName=dma/new_5.0/menu/menu_hz.xml&queryString=(a.sale_day%2520between%252020230601%2520and%252020230630)%2520and%2520(a.sid%2520in%2520(12))%2520and%2520(a.tj_code%253D12)&queryText=%25E3%2580%2590%25E8%2590%25A5%25E4%25B8%259A%25E6%2597%25A5%25E6%259C%259F%253A2023-06-01%2520%25E8%2587%25B3%25202023-06-30%25E3%2580%2591%2520%25E5%25B9%25B6%25E4%25B8%2594%2520%2520%25E3%2580%2590%25E9%2597%25A8%25E5%25BA%2597%25E5%2590%258D%25E7%25A7%25B0%2520%253D%2520%25E6%25B7%25B1%25E6%25B5%25B7%25E6%25B8%2594%25E6%25B8%25AF%25E9%2595%25BF%25E9%2598%25B3%25E8%25B7%25AF%25E3%2580%2591%2520%25E5%25B9%25B6%25E4%25B8%2594%2520%25E3%2580%2590%25E7%25BB%259F%25E8%25AE%25A1%25E7%25B1%25BB%25E5%2588%25AB%2520%253D%2520%25E5%25A5%2597%25E9%25A4%2590%25E3%2580%2591 HTTP/1.1" 200 54116
180.169.147.146 - - [13/Jul/2023:10:16:47 +0800] "GET /xingrg/dwr/engine.js HTTP/1.1" 200 43631
180.169.147.146 - - [13/Jul/2023:10:16:47 +0800] "GET /favicon.ico HTTP/1.1" 404 -
180.165.154.167 - - [13/Jul/2023:10:16:47 +0800] "GET /xingrg/all/function/internal_message.html?_=1689214606862&CODE_STATE=getMsg HTTP/1.1" 200 27
116.238.191.126 - - [13/Jul/2023:10:16:48 +0800] "GET /xingrg/all/function/internal_message.html?_=1689214605740&CODE_STATE=getMsg HTTP/1.1" 200 27
180.169.147.146 - - [13/Jul/2023:10:16:48 +0800] "POST /xingrg/all/report/load_report_page.html HTTP/1.1" 200 705
114.83.218.88 - - [13/Jul/2023:10:16:51 +0800] "GET /xingrg/all/function/internal_message.html?_=1689214610154&CODE_STATE=getMsg HTTP/1.1" 200 27
222.70.114.12 - - [13/Jul/2023:10:16:54 +0800] "GET /xingrg/all/function/internal_message.html?_=1689214622039&CODE_STATE=getMsg HTTP/1.1" 302 -
222.70.114.12 - - [13/Jul/2023:10:16:54 +0800] "GET /xingrg/check_reg.html?_=1689214622047 HTTP/1.1" 302 -
120.253.135.82 - - [13/Jul/2023:10:16:54 +0800] "GET /xingrg/kc/pszx/mdqp_order_list.html?state=10 HTTP/1.1" 200 10275
120.253.135.82 - - [13/Jul/2023:10:16:54 +0800] "GET /xingrg/dwr/interface/AjaxQqpsService.js HTTP/1.1" 200 16326
120.253.135.82 - - [13/Jul/2023:10:16:54 +0800] "GET /xingrg/dwr/interface/AjaxReportQueryService.js HTTP/1.1" 200 13203
120.253.135.82 - - [13/Jul/2023:10:16:54 +0800] "GET /xingrg/dwr/engine.js HTTP/1.1" 200 43631
180.169.147.146 - - [13/Jul/2023:10:16:55 +0800] "GET /xingrg/login.html HTTP/1.1" 200 7641
114.89.203.254 - - [13/Jul/2023:10:16:55 +0800] "GET /xingrg/all/function/internal_message.html?_=1689214621181&CODE_STATE=getMsg HTTP/1.1" 200 27
180.169.147.146 - - [13/Jul/2023:10:16:55 +0800] "GET /favicon.ico HTTP/1.1" 404 -
180.169.147.146 - - [13/Jul/2023:10:16:56 +0800] "GET /xingrg/all/function/internal_message.html?_=1689214607289&CODE_STATE=getMsg HTTP/1.1" 200 27
114.83.219.27 - - [13/Jul/2023:10:16:57 +0800] "GET /xingrg/check_reg.html?_=1689214736098 HTTP/1.1" 200 22
114.83.219.27 - - [13/Jul/2023:10:16:57 +0800] "GET /xingrg/all/function/internal_message.html?_=1689214736102&CODE_STATE=getMsg HTTP/1.1" 200 27
114.89.203.254 - - [13/Jul/2023:10:17:01 +0800] "GET /xingrg/javascript/jquery_easy_ui/themes/default/images/tree_checkbox_1.gif HTTP/1.1" 200 174
114.89.203.254 - - [13/Jul/2023:10:17:01 +0800] "GET /xingrg/javascript/jquery_easy_ui/themes/default/images/tree_checkbox_2.gif HTTP/1.1" 200 181
180.169.147.146 - - [13/Jul/2023:10:17:02 +0800] "POST /xingrg/login.do HTTP/1.1" 302 -
180.169.147.146 - - [13/Jul/2023:10:17:02 +0800] "GET /xingrg/index.html?sysBaseUrl=http%3A%2F%2F180.169.147.146%3A18081%2Fxingrg%2F&costTime=869×tamp=1689214622174 HTTP/1.1" 200 17503
180.169.147.146 - - [13/Jul/2023:10:17:02 +0800] "GET /favicon.ico HTTP/1.1" 404 -
180.169.147.146 - - [13/Jul/2023:10:17:02 +0800] "GET /xingrg/all/function/internal_message.html?_=1689214621353&CODE_STATE=count HTTP/1.1" 200 11
180.169.147.146 - - [13/Jul/2023:10:17:02 +0800] "GET /xingrg/check_reg.html?_=1689214621354 HTTP/1.1" 200 22
180.169.147.146 - - [13/Jul/2023:10:17:02 +0800] "POST /xingrg/all/common/load_tree.html?tree=area_rest_tree_json&manage=1 HTTP/1.1" 200 2106
180.169.147.146 - - [13/Jul/2023:10:17:02 +0800] "POST /xingrg/load_menu.html HTTP/1.1" 200 11564
114.89.203.254 - - [13/Jul/2023:10:17:02 +0800] "POST /xingrg/dwr/call/plaincall/AjaxReportQueryService.refreshCache.dwr HTTP/1.1" 200 78
114.89.203.254 - - [13/Jul/2023:10:17:03 +0800] "POST /xingrg/all/report/load_report_page.html HTTP/1.1" 200 71789
114.89.203.254 - - [13/Jul/2023:10:17:03 +0800] "GET /xingrg/servlets/image?cache=0.9523457352021757&image=px HTTP/1.1" 200 807
180.169.147.146 - - [13/Jul/2023:10:17:04 +0800] "POST /xingrg/load_menu.html HTTP/1.1" 200 10483
180.169.147.146 - - [13/Jul/2023:10:17:06 +0800] "GET /xingrg/all/report/report_query.html?fileName=dma/new_5.0/menu/menu_category_hz.xml HTTP/1.1" 200 53064
180.169.147.146 - - [13/Jul/2023:10:17:06 +0800] "GET /xingrg/dwr/interface/AjaxReportQueryService.js HTTP/1.1" 200 13203
180.169.147.146 - - [13/Jul/2023:10:17:06 +0800] "GET /xingrg/dwr/engine.js HTTP/1.1" 200 43631
180.169.147.146 - - [13/Jul/2023:10:17:06 +0800] "POST /xingrg/dwr/call/plaincall/AjaxReportQueryService.getFixDate.dwr HTTP/1.1" 200 111
222.70.180.90 - - [13/Jul/2023:10:17:06 +0800] "GET /xingrg/all/function/internal_message.html?_=1689214624059&CODE_STATE=getMsg HTTP/1.1" 200 27
180.169.147.146 - - [13/Jul/2023:10:17:06 +0800] "POST /xingrg/all/common/load_tree.html?tree=area_station_tree_json&manage=1 HTTP/1.1" 200 2036
180.169.147.146 - - [13/Jul/2023:10:17:08 +0800] "GET /xingrg/all/report/report_query.html?fileName=dma/new_5.0/menu/menu_stca_hz.xml HTTP/1.1" 200 51418
180.169.147.146 - - [13/Jul/2023:10:17:08 +0800] "GET /xingrg/dwr/interface/AjaxReportQueryService.js HTTP/1.1" 200 13203
180.169.147.146 - - [13/Jul/2023:10:17:08 +0800] "GET /xingrg/dwr/engine.js HTTP/1.1" 200 43631
180.169.147.146 - - [13/Jul/2023:10:17:08 +0800] "POST /xingrg/dwr/call/plaincall/AjaxReportQueryService.getFixDate.dwr HTTP/1.1" 200 111
180.169.147.146 - - [13/Jul/2023:10:17:08 +0800] "POST /xingrg/all/common/load_tree.html?tree=area_station_tree_json&manage=1 HTTP/1.1" 200 2036
180.169.147.146 - - [13/Jul/2023:10:17:10 +0800] "POST /xingrg/dwr/call/plaincall/AjaxReportQueryService.getFixDate.dwr HTTP/1.1" 200 111
180.169.147.146 - - [13/Jul/2023:10:17:13 +0800] "POST /xingrg/dwr/call/plaincall/AjaxReportQueryService.refreshCache.dwr HTTP/1.1" 200 78
180.169.147.146 - - [13/Jul/2023:10:17:14 +0800] "POST /xingrg/all/report/load_report_page.html HTTP/1.1" 200 58908
180.169.147.146 - - [13/Jul/2023:10:17:14 +0800] "GET /xingrg/servlets/image?cache=0.8903931454009176&image=px HTTP/1.1" 200 807
120.253.135.82 - - [13/Jul/2023:10:17:14 +0800] "GET /xingrg/kc/pszx/mdqp_order_list.html?state=10 HTTP/1.1" 200 10275
120.253.135.82 - - [13/Jul/2023:10:17:14 +0800] "GET /xingrg/dwr/interface/AjaxQqpsService.js HTTP/1.1" 200 16326
120.253.135.82 - - [13/Jul/2023:10:17:14 +0800] "GET /xingrg/dwr/interface/AjaxReportQueryService.js HTTP/1.1" 200 13203
120.253.135.82 - - [13/Jul/2023:10:17:14 +0800] "GET /xingrg/dwr/engine.js HTTP/1.1" 200 43631
114.95.42.59 - - [13/Jul/2023:10:17:16 +0800] "GET /xingrg/all/function/internal_message.html?_=1689214451680&CODE_STATE=getMsg HTTP/1.1" 200 27
180.169.147.146 - - [13/Jul/2023:10:17:16 +0800] "GET /xingrg/all/report/report_query.html?isQuery=1&fileName=dma/new_5.0/menu/menu_hz.xml&queryString=(a.sale_day%2520between%252020230601%2520and%252020230630)%2520and%2520(a.sid%2520in%2520(12))%2520and%2520(a.tj_code%253D12)&queryText=%25E3%2580%2590%25E8%2590%25A5%25E4%25B8%259A%25E6%2597%25A5%25E6%259C%259F%253A2023-06-01%2520%25E8%2587%25B3%25202023-06-30%25E3%2580%2591%2520%25E5%25B9%25B6%25E4%25B8%2594%2520%2520%25E3%2580%2590%25E9%2597%25A8%25E5%25BA%2597%25E5%2590%258D%25E7%25A7%25B0%2520%253D%2520%25E6%25B7%25B1%25E6%25B5%25B7%25E6%25B8%2594%25E6%25B8%25AF%25E9%2595%25BF%25E9%2598%25B3%25E8%25B7%25AF%25E3%2580%2591%2520%25E5%25B9%25B6%25E4%25B8%2594%2520%25E3%2580%2590%25E7%25BB%259F%25E8%25AE%25A1%25E7%25B1%25BB%25E5%2588%25AB%2520%253D%2520%25E5%25A5%2597%25E9%25A4%2590%25E3%2580%2591 HTTP/1.1" 200 54116
180.169.147.146 - - [13/Jul/2023:10:17:16 +0800] "GET /xingrg/dwr/engine.js HTTP/1.1" 200 43631
180.169.147.146 - - [13/Jul/2023:10:17:17 +0800] "GET /favicon.ico HTTP/1.1" 404 -
180.169.147.146 - - [13/Jul/2023:10:17:17 +0800] "POST /xingrg/all/report/load_report_page.html HTTP/1.1" 200 59278
180.169.147.146 - - [13/Jul/2023:10:17:17 +0800] "GET /xingrg/servlets/image?cache=0.30537620454046344&image=px HTTP/1.1" 200 807
120.253.135.82 - - [13/Jul/2023:10:17:19 +0800] "GET /xingrg/kc/pszx/mdqp_order_list.html?state=10 HTTP/1.1" 200 10275
120.253.135.82 - - [13/Jul/2023:10:17:19 +0800] "GET /xingrg/dwr/interface/AjaxReportQueryService.js HTTP/1.1" 200 13203
120.253.135.82 - - [13/Jul/2023:10:17:19 +0800] "GET /xingrg/dwr/interface/AjaxQqpsService.js HTTP/1.1" 200 16326
120.253.135.82 - - [13/Jul/2023:10:17:19 +0800] "GET /xingrg/dwr/engine.js HTTP/1.1" 200 43631
120.253.135.82 - - [13/Jul/2023:10:17:22 +0800] "GET /xingrg/all/function/internal_message.html?_=1689214468212&CODE_STATE=getMsg HTTP/1.1" 200 27
180.169.147.146 - - [13/Jul/2023:10:17:26 +0800] "GET /xingrg/all/function/internal_message.html?_=1689214642097&CODE_STATE=getMsg HTTP/1.1" 200 27
114.95.42.59 - - [13/Jul/2023:10:17:35 +0800] "GET /xingrg/all/function/internal_message.html?_=1689214656464&CODE_STATE=getMsg HTTP/1.1" 200 27
180.169.147.146 - - [13/Jul/2023:10:17:35 +0800] "GET /xingrg/check_reg.html?_=1689214645666 HTTP/1.1" 200 22
61.170.233.201 - - [13/Jul/2023:10:17:37 +0800] "GET /xingrg/all/function/internal_message.html?_=1689214648721&CODE_STATE=getMsg HTTP/1.1" 200 27
114.89.203.254 - - [13/Jul/2023:10:17:39 +0800] "GET /xingrg/all/function/internal_message.html?_=1689214659901&CODE_STATE=getMsg HTTP/1.1" 200 27
180.169.147.146 - - [13/Jul/2023:10:17:40 +0800] "GET /xingrg/all/function/internal_message.html?_=1689214660913&CODE_STATE=getMsg HTTP/1.1" 200 27
114.89.203.254 - - [13/Jul/2023:10:17:41 +0800] "GET /xingrg/kc/buy/cgsh_order_add.html HTTP/1.1" 200 71655
114.89.203.254 - - [13/Jul/2023:10:17:41 +0800] "POST /xingrg/kc/buy/cgsh_order_operate.html HTTP/1.1" 200 8245
114.89.203.254 - - [13/Jul/2023:10:17:41 +0800] "GET /xingrg/javascript/easyui/themes/default/validatebox.css HTTP/1.1" 404 1104
116.232.195.127 - - [13/Jul/2023:10:17:42 +0800] "GET /xingrg/check_reg.html?_=1689214636905 HTTP/1.1" 200 22
114.89.203.254 - - [13/Jul/2023:10:17:42 +0800] "GET /xingrg/javascript/easyui/themes/default/tree.css HTTP/1.1" 404 1090
114.89.203.254 - - [13/Jul/2023:10:17:43 +0800] "POST /xingrg/all/common/load_tree.html?tree=supplier_tree_json&isDelete=1 HTTP/1.1" 200 74546
222.70.172.54 - - [13/Jul/2023:10:17:44 +0800] "GET /xingrg/all/function/internal_message.html?_=1689214678172&CODE_STATE=getMsg HTTP/1.1" 200 27
116.232.195.127 - - [13/Jul/2023:10:17:45 +0800] "GET /xingrg/all/function/internal_message.html?_=1689214639869&CODE_STATE=getMsg HTTP/1.1" 200 27
180.165.154.167 - - [13/Jul/2023:10:17:47 +0800] "GET /xingrg/all/function/internal_message.html?_=1689214666845&CODE_STATE=getMsg HTTP/1.1" 200 27
180.169.147.146 - - [13/Jul/2023:10:17:47 +0800] "GET /xingrg/all/report/report_query.html?isQuery=1&fileName=dma/new_5.0/menu/menu_day_hz.xml&queryString=(a.sale_day%2520between%252020230601%2520and%252020230630)%2520and%2520(a.sid%2520in%2520(12))%2520and%2520(a.tj_code%253D12)%2520and%2520(a.menu_name%253D'%25E4%25B8%25A5%25E9%2580%25898%25E4%25BA%25BA%25E5%25B0%258F%25E9%259D%2592%25E9%25BE%2599%25E5%25A5%2597%25E9%25A4%2590'%2520and%2520a.menu_unit%253D'%25E5%25A5%2597')&queryText=%25E3%2580%2590%25E8%2590%25A5%25E4%25B8%259A%25E6%2597%25A5%25E6%259C%259F%253A2023-06-01%2520%25E8%2587%25B3%25202023-06-30%25E3%2580%2591%2520%25E5%25B9%25B6%25E4%25B8%2594%2520%2520%25E3%2580%2590%25E9%2597%25A8%25E5%25BA%2597%25E5%2590%258D%25E7%25A7%25B0%2520%253D%2520%25E6%25B7%25B1%25E6%25B5%25B7%25E6%25B8%2594%25E6%25B8%25AF%25E9%2595%25BF%25E9%2598%25B3%25E8%25B7%25AF%25E3%2580%2591%2520%25E5%25B9%25B6%25E4%25B8%2594%2520%25E3%2580%2590%25E7%25BB%259F%25E8%25AE%25A1%25E7%25B1%25BB%25E5%2588%25AB%2520%253D%2520%25E5%25A5%2597%25E9%25A4%2590%25E3%2580%2591%2520%25E5%25B9%25B6%25E4%25B8%2594%2520%25E3%2580%2590%25E8%258F%259C%25E5%2593%2581%25E5%2590%258D%25E7%25A7%25B0%2520%253D%2520%25E4%25B8%25A5%25E9%2580%25898%25E4%25BA%25BA%25E5%25B0%258F%25E9%259D%2592%25E9%25BE%2599%25E5%25A5%2597%25E9%25A4%2590%25E3%2580%2591%2520%25E3%2580%2590%25E5%258D%2595%25E4%25BD%258D%2520%253D%2520%25E5%25A5%2597%25E3%2580%2591 HTTP/1.1" 200 52420
180.169.147.146 - - [13/Jul/2023:10:17:47 +0800] "GET /xingrg/dwr/engine.js HTTP/1.1" 200 43631
116.238.191.126 - - [13/Jul/2023:10:17:48 +0800] "GET /xingrg/all/function/internal_message.html?_=1689214665711&CODE_STATE=getMsg HTTP/1.1" 200 27
180.169.147.146 - - [13/Jul/2023:10:17:48 +0800] "GET /favicon.ico HTTP/1.1" 404 -
180.169.147.146 - - [13/Jul/2023:10:17:48 +0800] "POST /xingrg/all/report/load_report_page.html HTTP/1.1" 200 11616
180.169.147.146 - - [13/Jul/2023:10:17:48 +0800] "GET /xingrg/servlets/image?cache=0.3882037163128016&image=px HTTP/1.1" 200 807
114.83.218.88 - - [13/Jul/2023:10:17:51 +0800] "GET /xingrg/all/function/internal_message.html?_=1689214670144&CODE_STATE=getMsg HTTP/1.1" 200 27
222.70.172.54 - - [13/Jul/2023:10:17:52 +0800] "GET /xingrg/check_reg.html?_=1689214686359 HTTP/1.1" 200 22
222.70.114.12 - - [13/Jul/2023:10:17:54 +0800] "GET /xingrg/all/function/internal_message.html?_=1689214682031&CODE_STATE=getMsg HTTP/1.1" 302 -
114.89.203.254 - - [13/Jul/2023:10:17:55 +0800] "GET /xingrg/all/function/internal_message.html?_=1689214681188&CODE_STATE=getMsg HTTP/1.1" 200 27
180.169.147.146 - - [13/Jul/2023:10:17:56 +0800] "GET /xingrg/all/function/internal_message.html?_=1689214667274&CODE_STATE=getMsg HTTP/1.1" 200 27
114.83.219.27 - - [13/Jul/2023:10:17:57 +0800] "GET /xingrg/all/function/internal_message.html?_=1689214796093&CODE_STATE=getMsg HTTP/1.1" 200 27
180.169.147.146 - - [13/Jul/2023:10:18:02 +0800] "GET /xingrg/all/function/internal_message.html?_=1689214681376&CODE_STATE=getMsg HTTP/1.1" 200 27
222.70.180.90 - - [13/Jul/2023:10:18:06 +0800] "GET /xingrg/check_reg.html?_=1689214684053 HTTP/1.1" 200 22
222.70.180.90 - - [13/Jul/2023:10:18:06 +0800] "GET /xingrg/all/function/internal_message.html?_=1689214684047&CODE_STATE=getMsg HTTP/1.1" 200 27
114.95.42.59 - - [13/Jul/2023:10:18:16 +0800] "GET /xingrg/all/function/internal_message.html?_=1689214511684&CODE_STATE=getMsg HTTP/1.1" 200 27
114.89.203.254 - - [13/Jul/2023:10:18:17 +0800] "GET /xingrg/kc/buy/cgsh_order_operate.html?command=get_materiel&rest_code=00102&code=00101010161&supplier_code=00100400&order_time=2023-07-13 HTTP/1.1" 200 409
120.253.135.82 - - [13/Jul/2023:10:18:22 +0800] "GET /xingrg/all/function/internal_message.html?_=1689214528224&CODE_STATE=getMsg HTTP/1.1" 200 27
180.169.147.146 - - [13/Jul/2023:10:18:26 +0800] "GET /xingrg/all/function/internal_message.html?_=1689214702096&CODE_STATE=getMsg HTTP/1.1" 200 27
114.95.42.59 - - [13/Jul/2023:10:18:35 +0800] "GET /xingrg/all/function/internal_message.html?_=1689214716434&CODE_STATE=getMsg HTTP/1.1" 200 27
61.170.233.201 - - [13/Jul/2023:10:18:37 +0800] "GET /xingrg/all/function/internal_message.html?_=1689214708723&CODE_STATE=getMsg HTTP/1.1" 200 27
61.170.233.201 - - [13/Jul/2023:10:18:37 +0800] "GET /xingrg/check_reg.html?_=1689214708726 HTTP/1.1" 200 22
114.89.203.254 - - [13/Jul/2023:10:18:39 +0800] "GET /xingrg/all/function/internal_message.html?_=1689214719889&CODE_STATE=getMsg HTTP/1.1" 200 27
180.169.147.146 - - [13/Jul/2023:10:18:40 +0800] "GET /xingrg/all/function/internal_message.html?_=1689214720892&CODE_STATE=getMsg HTTP/1.1" 200 27
222.70.172.54 - - [13/Jul/2023:10:18:44 +0800] "GET /xingrg/all/function/internal_message.html?_=1689214738183&CODE_STATE=getMsg HTTP/1.1" 200 27
116.232.195.127 - - [13/Jul/2023:10:18:45 +0800] "GET /xingrg/all/function/internal_message.html?_=1689214699860&CODE_STATE=getMsg HTTP/1.1" 200 27
180.165.154.167 - - [13/Jul/2023:10:18:47 +0800] "GET /xingrg/all/function/internal_message.html?_=1689214726828&CODE_STATE=getMsg HTTP/1.1" 200 27
116.238.191.126 - - [13/Jul/2023:10:18:47 +0800] "GET /xingrg/all/function/internal_message.html?_=1689214725696&CODE_STATE=getMsg HTTP/1.1" 200 27
114.83.218.88 - - [13/Jul/2023:10:18:50 +0800] "GET /xingrg/all/function/internal_message.html?_=1689214730131&CODE_STATE=getMsg HTTP/1.1" 200 27
222.70.114.12 - - [13/Jul/2023:10:18:54 +0800] "GET /xingrg/all/function/internal_message.html?_=1689214742036&CODE_STATE=getMsg HTTP/1.1" 302 -
114.89.203.254 - - [13/Jul/2023:10:18:55 +0800] "GET /xingrg/all/function/internal_message.html?_=1689214741183&CODE_STATE=getMsg HTTP/1.1" 200 27
180.169.147.146 - - [13/Jul/2023:10:18:56 +0800] "GET /xingrg/all/function/internal_message.html?_=1689214727258&CODE_STATE=getMsg HTTP/1.1" 200 27
114.83.219.27 - - [13/Jul/2023:10:18:57 +0800] "GET /xingrg/all/function/internal_message.html?_=1689214856099&CODE_STATE=getMsg HTTP/1.1" 200 27
180.169.147.146 - - [13/Jul/2023:10:19:02 +0800] "GET /xingrg/all/function/internal_message.html?_=1689214741369&CODE_STATE=getMsg HTTP/1.1" 200 27
