114.83.219.27 - - [13/Jul/2023:12:10:32 +0800] "GET /xingrg/kc/base/wldb_order_operate.html?command=get_materiel&rest_code=00154&base_code=0010726&code=00101028002 HTTP/1.1" 200 477
180.169.147.146 - - [13/Jul/2023:12:10:32 +0800] "POST /xingrg/dwr/call/plaincall/AjaxYddbService.saveMaterielItem.dwr HTTP/1.1" 200 79
114.95.42.59 - - [13/Jul/2023:12:10:33 +0800] "GET /xingrg/all/function/internal_message.html?_=1689221434526&CODE_STATE=getMsg HTTP/1.1" 200 27
61.170.233.201 - - [13/Jul/2023:12:10:33 +0800] "POST /xingrg/services/DataTransmitService HTTP/1.1" 200 501
180.169.147.146 - - [13/Jul/2023:12:10:34 +0800] "POST /xingrg/dwr/call/plaincall/AjaxComOrderService.getMaterielSearchList.dwr HTTP/1.1" 200 77
222.70.180.90 - - [13/Jul/2023:12:10:34 +0800] "GET /xingrg/all/function/internal_message.html?_=1689221436407&CODE_STATE=getMsg HTTP/1.1" 200 27
180.169.147.146 - - [13/Jul/2023:12:10:34 +0800] "POST /xingrg/dwr/call/plaincall/AjaxComOrderService.getMaterielSearchList.dwr HTTP/1.1" 200 77
180.169.147.146 - - [13/Jul/2023:12:10:35 +0800] "POST /xingrg/dwr/call/plaincall/AjaxComOrderService.getMaterielSearchList.dwr HTTP/1.1" 200 1693
114.83.219.27 - - [13/Jul/2023:12:10:36 +0800] "POST /xingrg/all/common/load_select.html HTTP/1.1" 200 25
61.170.233.201 - - [13/Jul/2023:12:10:36 +0800] "GET /xingrg/all/function/internal_message.html?_=1689221428285&CODE_STATE=getMsg HTTP/1.1" 200 27
180.169.147.146 - - [13/Jul/2023:12:10:37 +0800] "POST /xingrg/dwr/call/plaincall/AjaxYddbService.getMaterielByMap.dwr HTTP/1.1" 200 2870
61.170.233.201 - - [13/Jul/2023:12:10:38 +0800] "POST /xingrg/services/DataTransmitService HTTP/1.1" 200 412
114.89.203.254 - - [13/Jul/2023:12:10:38 +0800] "GET /xingrg/all/function/internal_message.html?_=1689221439009&CODE_STATE=getMsg HTTP/1.1" 200 27
114.83.219.27 - - [13/Jul/2023:12:10:38 +0800] "GET /xingrg/kc/base/wldb_order_operate.html?command=get_materiel_price&rest_code=00154&base_code=0010726&code=00101028002&unit_code=00100157 HTTP/1.1" 200 36
116.232.195.127 - - [13/Jul/2023:12:10:43 +0800] "GET /xingrg/all/function/internal_message.html?_=1689221417921&CODE_STATE=getMsg HTTP/1.1" 200 27
180.169.147.146 - - [13/Jul/2023:12:10:45 +0800] "GET /xingrg/all/function/internal_message.html?_=1689221445102&CODE_STATE=getMsg HTTP/1.1" 200 27
180.165.154.167 - - [13/Jul/2023:12:10:45 +0800] "GET /xingrg/all/function/internal_message.html?_=1689221444802&CODE_STATE=getMsg HTTP/1.1" 200 27
180.169.147.146 - - [13/Jul/2023:12:10:46 +0800] "POST /xingrg/dwr/call/plaincall/AjaxReportQueryService.refreshCache.dwr HTTP/1.1" 200 78
114.83.219.27 - - [13/Jul/2023:12:10:46 +0800] "GET /xingrg/kc/base/wldb_order_operate.html?command=get_materiel&rest_code=00154&base_code=0010726&code=00101028016 HTTP/1.1" 200 469
180.169.147.146 - - [13/Jul/2023:12:10:48 +0800] "POST /xingrg/all/report/load_report_page.html HTTP/1.1" 200 8924
180.169.147.146 - - [13/Jul/2023:12:10:48 +0800] "GET /xingrg/servlets/image?cache=0.7960776604558705&image=px HTTP/1.1" 200 807
180.169.147.146 - - [13/Jul/2023:12:10:50 +0800] "GET /xingrg/all/report/report_query.html?isQuery=1&fileName=kc/buy/wlcg_cate_hz.xml&queryString=(CONVERT(char(10)%252Ca.order_time%252C%2520120)%253E%253D'2023-06-16')%2520and%2520(CONVERT(char(10)%252Ca.order_time%252C%2520120)%253C%253D'2023-06-30')%2520and%2520(a.supplier_code%2520in%2520('00100005'))%2520and%2520(a.supplier_code%253D'00100005')&queryText=%25E3%2580%2590%25E9%2587%2587%25E8%25B4%25AD%25E6%2597%25A5%25E6%259C%259F%253A2023-06-16%2520%25E8%2587%25B3%25202023-06-30%25E3%2580%2591%2520%25E5%25B9%25B6%25E4%25B8%2594%2520%2520%25E3%2580%2590%25E4%25BE%259B%25E5%25BA%2594%25E5%2595%2586%2520%253D%2520%25E8%2594%25AC%25E8%258F%259C%25EF%25BC%2588%25E5%25AE%258B%25E6%259C%25A8%25E6%25A0%25B9%25EF%25BC%2589%25E3%2580%2591%2520%25E5%25B9%25B6%25E4%25B8%2594%2520%25E3%2580%2590%25E4%25BE%259B%25E5%25BA%2594%25E5%2595%2586%253D%25E8%2594%25AC%25E8%258F%259C%25EF%25BC%2588%25E5%25AE%258B%25E6%259C%25A8%25E6%25A0%25B9%25EF%25BC%2589%25E3%2580%2591 HTTP/1.1" 200 54465
180.169.147.146 - - [13/Jul/2023:12:10:50 +0800] "GET /xingrg/dwr/interface/AjaxReportQueryService.js HTTP/1.1" 200 13203
180.169.147.146 - - [13/Jul/2023:12:10:50 +0800] "GET /xingrg/dwr/engine.js HTTP/1.1" 200 43631
114.83.219.27 - - [13/Jul/2023:12:10:50 +0800] "POST /xingrg/all/common/load_select.html HTTP/1.1" 200 25
180.169.147.146 - - [13/Jul/2023:12:10:51 +0800] "GET /xingrg/images/yd/bt2.gif HTTP/1.1" 404 1042
124.78.70.128 - - [13/Jul/2023:12:10:51 +0800] "GET /xingrg/all/function/internal_message.html?_=1689221450263&CODE_STATE=getMsg HTTP/1.1" 200 27
114.83.219.27 - - [13/Jul/2023:12:10:52 +0800] "GET /xingrg/kc/base/wldb_order_operate.html?command=get_materiel_price&rest_code=00154&base_code=0010726&code=00101028016&unit_code=00100157 HTTP/1.1" 200 35
180.169.147.146 - - [13/Jul/2023:12:10:52 +0800] "POST /xingrg/dwr/call/plaincall/AjaxYddbService.saveMaterielItem.dwr HTTP/1.1" 200 79
180.169.147.146 - - [13/Jul/2023:12:10:53 +0800] "POST /xingrg/all/report/load_report_page.html HTTP/1.1" 200 8716
180.169.147.146 - - [13/Jul/2023:12:10:53 +0800] "GET /xingrg/servlets/image?cache=0.6404829847854346&image=px HTTP/1.1" 200 807
222.70.172.54 - - [13/Jul/2023:12:10:54 +0800] "GET /xingrg/all/function/internal_message.html?_=1689221468259&CODE_STATE=getMsg HTTP/1.1" 200 27
180.169.147.146 - - [13/Jul/2023:12:10:57 +0800] "POST /xingrg/all/report/load_report_page.html HTTP/1.1" 200 86691
180.169.147.146 - - [13/Jul/2023:12:10:57 +0800] "GET /xingrg/servlets/image?cache=0.3473439816616264&image=px HTTP/1.1" 200 807
180.169.147.146 - - [13/Jul/2023:12:10:58 +0800] "POST /xingrg/dwr/call/plaincall/AjaxYddbService.saveMaterielItem.dwr HTTP/1.1" 200 79
114.83.219.27 - - [13/Jul/2023:12:10:58 +0800] "GET /xingrg/kc/base/wldb_order_operate.html?command=get_materiel&rest_code=00154&base_code=0010726&code=00101029002 HTTP/1.1" 200 471
114.84.31.26 - - [13/Jul/2023:12:11:03 +0800] "GET /xingrg/all/function/internal_message.html?_=1689221462053&CODE_STATE=getMsg HTTP/1.1" 200 27
114.83.219.27 - - [13/Jul/2023:12:11:03 +0800] "POST /xingrg/all/common/load_select.html HTTP/1.1" 200 25
180.169.147.146 - - [13/Jul/2023:12:11:04 +0800] "POST /xingrg/dwr/call/plaincall/AjaxYddbService.saveMaterielItem.dwr HTTP/1.1" 200 79
222.70.180.90 - - [13/Jul/2023:12:11:05 +0800] "GET /xingrg/all/function/internal_message.html?_=1689221463201&CODE_STATE=getMsg HTTP/1.1" 200 27
114.83.219.27 - - [13/Jul/2023:12:11:05 +0800] "GET /xingrg/kc/base/wldb_order_operate.html?command=get_materiel_price&rest_code=00154&base_code=0010726&code=00101029002&unit_code=00100157 HTTP/1.1" 200 34
180.169.147.146 - - [13/Jul/2023:12:11:10 +0800] "POST /xingrg/all/report/report_print.html HTTP/1.1" 200 30245
222.70.114.12 - - [13/Jul/2023:12:11:10 +0800] "GET /xingrg/all/function/internal_message.html?_=1689221478748&CODE_STATE=getMsg HTTP/1.1" 200 27
180.169.147.146 - - [13/Jul/2023:12:11:11 +0800] "GET /xingrg/all/function/internal_message.html?_=1689221469883&CODE_STATE=getMsg HTTP/1.1" 200 27
114.83.219.27 - - [13/Jul/2023:12:11:11 +0800] "GET /xingrg/kc/base/wldb_order_operate.html?command=get_materiel&rest_code=00154&base_code=0010726&code=00101029023 HTTP/1.1" 200 477
180.169.147.146 - - [13/Jul/2023:12:11:13 +0800] "POST /xingrg/dwr/call/plaincall/AjaxYddbService.saveMaterielItem.dwr HTTP/1.1" 200 79
114.95.42.59 - - [13/Jul/2023:12:11:14 +0800] "GET /xingrg/all/function/internal_message.html?_=1689221289815&CODE_STATE=getMsg HTTP/1.1" 200 27
114.83.219.27 - - [13/Jul/2023:12:11:16 +0800] "POST /xingrg/all/common/load_select.html HTTP/1.1" 200 25
120.253.135.82 - - [13/Jul/2023:12:11:16 +0800] "GET /xingrg/check_reg.html?_=1689221301882 HTTP/1.1" 200 22
114.83.219.27 - - [13/Jul/2023:12:11:18 +0800] "GET /xingrg/kc/base/wldb_order_operate.html?command=get_materiel_price&rest_code=00154&base_code=0010726&code=00101029023&unit_code=00100179 HTTP/1.1" 200 35
180.169.147.146 - - [13/Jul/2023:12:11:21 +0800] "POST /xingrg/dwr/call/plaincall/AjaxYddbService.saveMaterielItem.dwr HTTP/1.1" 200 79
114.83.219.27 - - [13/Jul/2023:12:11:24 +0800] "GET /xingrg/kc/base/wldb_order_operate.html?command=get_materiel&rest_code=00154&base_code=0010726&code=00101029003 HTTP/1.1" 200 474
180.169.147.146 - - [13/Jul/2023:12:11:26 +0800] "GET /xingrg/all/function/internal_message.html?_=1689221482246&CODE_STATE=getMsg HTTP/1.1" 200 27
218.81.66.93 - - [13/Jul/2023:12:11:27 +0800] "GET /xingrg/check_reg.html?_=1689221487594 HTTP/1.1" 302 -
180.169.147.146 - - [13/Jul/2023:12:11:27 +0800] "GET /xingrg/kc/base/yddb_order_add.html HTTP/1.1" 200 29953
180.169.147.146 - - [13/Jul/2023:12:11:27 +0800] "GET /xingrg/dwr/interface/AjaxComOrderService.js HTTP/1.1" 200 18264
180.169.147.146 - - [13/Jul/2023:12:11:27 +0800] "GET /xingrg/dwr/interface/AjaxYddbService.js HTTP/1.1" 200 13201
180.169.147.146 - - [13/Jul/2023:12:11:27 +0800] "GET /xingrg/dwr/engine.js HTTP/1.1" 200 43631
114.83.219.27 - - [13/Jul/2023:12:11:28 +0800] "POST /xingrg/all/common/load_select.html HTTP/1.1" 200 25
180.169.147.146 - - [13/Jul/2023:12:11:30 +0800] "POST /xingrg/dwr/call/plaincall/AjaxYddbService.getRestBases.dwr HTTP/1.1" 200 1115
114.83.219.27 - - [13/Jul/2023:12:11:31 +0800] "GET /xingrg/kc/base/wldb_order_operate.html?command=get_materiel_price&rest_code=00154&base_code=0010726&code=00101029003&unit_code=00100179 HTTP/1.1" 200 35
114.95.42.59 - - [13/Jul/2023:12:11:33 +0800] "GET /xingrg/all/function/internal_message.html?_=1689221494505&CODE_STATE=getMsg HTTP/1.1" 200 27
222.70.180.90 - - [13/Jul/2023:12:11:34 +0800] "GET /xingrg/all/function/internal_message.html?_=1689221496393&CODE_STATE=getMsg HTTP/1.1" 200 27
61.170.233.201 - - [13/Jul/2023:12:11:36 +0800] "GET /xingrg/all/function/internal_message.html?_=1689221488258&CODE_STATE=getMsg HTTP/1.1" 200 27
114.83.219.27 - - [13/Jul/2023:12:11:37 +0800] "GET /xingrg/kc/base/wldb_order_operate.html?command=get_materiel&rest_code=00154&base_code=0010726&code=00101029094 HTTP/1.1" 200 461
114.89.203.254 - - [13/Jul/2023:12:11:38 +0800] "GET /xingrg/all/function/internal_message.html?_=1689221498998&CODE_STATE=getMsg HTTP/1.1" 200 27
180.169.147.146 - - [13/Jul/2023:12:11:39 +0800] "POST /xingrg/dwr/call/plaincall/AjaxYddbService.saveOrder.dwr HTTP/1.1" 200 78
114.83.219.27 - - [13/Jul/2023:12:11:42 +0800] "POST /xingrg/all/common/load_select.html HTTP/1.1" 200 25
180.169.147.146 - - [13/Jul/2023:12:11:42 +0800] "POST /xingrg/dwr/call/plaincall/AjaxComOrderService.getMaterielSearchList.dwr HTTP/1.1" 200 76
116.232.195.127 - - [13/Jul/2023:12:11:43 +0800] "GET /xingrg/all/function/internal_message.html?_=1689221477915&CODE_STATE=getMsg HTTP/1.1" 200 27
180.169.147.146 - - [13/Jul/2023:12:11:43 +0800] "POST /xingrg/dwr/call/plaincall/AjaxComOrderService.getMaterielSearchList.dwr HTTP/1.1" 200 1271
180.169.147.146 - - [13/Jul/2023:12:11:44 +0800] "POST /xingrg/dwr/call/plaincall/AjaxComOrderService.getMaterielSearchList.dwr HTTP/1.1" 200 1271
114.83.219.27 - - [13/Jul/2023:12:11:44 +0800] "GET /xingrg/kc/base/wldb_order_operate.html?command=get_materiel_price&rest_code=00154&base_code=0010726&code=00101029094&unit_code=00100179 HTTP/1.1" 200 35
180.169.147.146 - - [13/Jul/2023:12:11:45 +0800] "GET /xingrg/all/function/internal_message.html?_=1689221505109&CODE_STATE=getMsg HTTP/1.1" 200 27
180.165.154.167 - - [13/Jul/2023:12:11:45 +0800] "GET /xingrg/all/function/internal_message.html?_=1689221504784&CODE_STATE=getMsg HTTP/1.1" 200 27
180.169.147.146 - - [13/Jul/2023:12:11:49 +0800] "POST /xingrg/dwr/call/plaincall/AjaxYddbService.getMaterielByMap.dwr HTTP/1.1" 200 2950
124.78.70.128 - - [13/Jul/2023:12:11:51 +0800] "GET /xingrg/all/function/internal_message.html?_=1689221510264&CODE_STATE=getMsg HTTP/1.1" 200 27
222.70.172.54 - - [13/Jul/2023:12:11:54 +0800] "GET /xingrg/all/function/internal_message.html?_=1689221528267&CODE_STATE=getMsg HTTP/1.1" 200 27
114.83.219.27 - - [13/Jul/2023:12:11:56 +0800] "POST /xingrg/all/common/load_select.html HTTP/1.1" 200 25
114.84.31.26 - - [13/Jul/2023:12:12:03 +0800] "GET /xingrg/all/function/internal_message.html?_=1689221522051&CODE_STATE=getMsg HTTP/1.1" 200 27
180.169.147.146 - - [13/Jul/2023:12:12:03 +0800] "POST /xingrg/dwr/call/plaincall/AjaxYddbService.saveMaterielItem.dwr HTTP/1.1" 200 78
180.169.147.146 - - [13/Jul/2023:12:12:04 +0800] "GET /xingrg/kc/base/yddb_order_list.html?isBack=1 HTTP/1.1" 200 16710
180.169.147.146 - - [13/Jul/2023:12:12:04 +0800] "POST /xingrg/kc/base/yddb_list_operate.html HTTP/1.1" 200 1607
222.70.180.90 - - [13/Jul/2023:12:12:05 +0800] "GET /xingrg/all/function/internal_message.html?_=1689221523175&CODE_STATE=getMsg HTTP/1.1" 200 27
180.169.147.146 - - [13/Jul/2023:12:12:05 +0800] "POST /xingrg/kc/base/yddb_list_operate.html HTTP/1.1" 200 215
114.83.219.27 - - [13/Jul/2023:12:12:07 +0800] "POST /xingrg/all/common/load_select.html HTTP/1.1" 200 25
180.169.147.146 - - [13/Jul/2023:12:12:07 +0800] "GET /xingrg/kc/base/yddb_order_info.html?code=482023071300074 HTTP/1.1" 200 31524
180.169.147.146 - - [13/Jul/2023:12:12:07 +0800] "GET /xingrg/dwr/interface/AjaxYddbService.js HTTP/1.1" 200 13201
180.169.147.146 - - [13/Jul/2023:12:12:07 +0800] "GET /xingrg/dwr/interface/AjaxComOrderService.js HTTP/1.1" 200 18264
180.169.147.146 - - [13/Jul/2023:12:12:07 +0800] "GET /xingrg/dwr/engine.js HTTP/1.1" 200 43631
180.169.147.146 - - [13/Jul/2023:12:12:08 +0800] "POST /xingrg/dwr/call/plaincall/AjaxYddbService.loadMaterielItems.dwr HTTP/1.1" 200 453
222.70.114.12 - - [13/Jul/2023:12:12:10 +0800] "GET /xingrg/all/function/internal_message.html?_=1689221538753&CODE_STATE=getMsg HTTP/1.1" 200 27
180.169.147.146 - - [13/Jul/2023:12:12:11 +0800] "GET /xingrg/all/function/internal_message.html?_=1689221529877&CODE_STATE=getMsg HTTP/1.1" 200 27
114.83.219.27 - - [13/Jul/2023:12:12:14 +0800] "GET /xingrg/kc/base/wldb_order_operate.html?command=get_materiel&rest_code=00154&base_code=0010726&code=00101029011 HTTP/1.1" 200 478
114.95.42.59 - - [13/Jul/2023:12:12:14 +0800] "GET /xingrg/all/function/internal_message.html?_=1689221349804&CODE_STATE=getMsg HTTP/1.1" 200 27
180.169.147.146 - - [13/Jul/2023:12:12:15 +0800] "POST /xingrg/dwr/call/plaincall/AjaxYddbService.checkOrder.dwr HTTP/1.1" 200 78
114.83.219.27 - - [13/Jul/2023:12:12:18 +0800] "POST /xingrg/all/common/load_select.html HTTP/1.1" 200 25
114.83.219.27 - - [13/Jul/2023:12:12:20 +0800] "GET /xingrg/kc/base/wldb_order_operate.html?command=get_materiel_price&rest_code=00154&base_code=0010726&code=00101029011&unit_code=00100157 HTTP/1.1" 200 33
180.169.147.146 - - [13/Jul/2023:12:12:25 +0800] "GET /xingrg/dwr/interface/AjaxYddbService.js HTTP/1.1" 200 13201
180.169.147.146 - - [13/Jul/2023:12:12:25 +0800] "GET /xingrg/dwr/interface/AjaxComOrderService.js HTTP/1.1" 200 18264
180.169.147.146 - - [13/Jul/2023:12:12:25 +0800] "GET /xingrg/kc/base/yddb_order_info.html?code=482023071300074 HTTP/1.1" 200 29703
180.169.147.146 - - [13/Jul/2023:12:12:25 +0800] "GET /xingrg/dwr/engine.js HTTP/1.1" 200 43631
180.169.147.146 - - [13/Jul/2023:12:12:26 +0800] "GET /xingrg/all/function/internal_message.html?_=1689221542247&CODE_STATE=getMsg HTTP/1.1" 200 27
180.169.147.146 - - [13/Jul/2023:12:12:26 +0800] "POST /xingrg/dwr/call/plaincall/AjaxYddbService.loadMaterielItems.dwr HTTP/1.1" 200 453
114.95.42.59 - - [13/Jul/2023:12:12:33 +0800] "GET /xingrg/all/function/internal_message.html?_=1689221554507&CODE_STATE=getMsg HTTP/1.1" 200 27
180.169.147.146 - - [13/Jul/2023:12:12:33 +0800] "GET /xingrg/kc/base/yddb_order_list.html?isBack=1 HTTP/1.1" 200 16710
180.169.147.146 - - [13/Jul/2023:12:12:34 +0800] "POST /xingrg/kc/base/yddb_list_operate.html HTTP/1.1" 200 1348
222.70.180.90 - - [13/Jul/2023:12:12:34 +0800] "GET /xingrg/check_reg.html?_=1689221555955 HTTP/1.1" 200 22
222.70.180.90 - - [13/Jul/2023:12:12:34 +0800] "GET /xingrg/all/function/internal_message.html?_=1689221556378&CODE_STATE=getMsg HTTP/1.1" 200 27
180.169.147.146 - - [13/Jul/2023:12:12:34 +0800] "POST /xingrg/kc/base/yddb_list_operate.html HTTP/1.1" 200 506
180.169.147.146 - - [13/Jul/2023:12:12:36 +0800] "GET /xingrg/kc/base/yddb_order_info.html?code=482023071300073 HTTP/1.1" 200 31525
180.169.147.146 - - [13/Jul/2023:12:12:36 +0800] "GET /xingrg/dwr/interface/AjaxYddbService.js HTTP/1.1" 200 13201
180.169.147.146 - - [13/Jul/2023:12:12:36 +0800] "GET /xingrg/dwr/interface/AjaxComOrderService.js HTTP/1.1" 200 18264
180.169.147.146 - - [13/Jul/2023:12:12:36 +0800] "GET /xingrg/dwr/engine.js HTTP/1.1" 200 43631
180.169.147.146 - - [13/Jul/2023:12:12:36 +0800] "POST /xingrg/dwr/call/plaincall/AjaxYddbService.loadMaterielItems.dwr HTTP/1.1" 200 1645
61.170.233.201 - - [13/Jul/2023:12:12:36 +0800] "GET /xingrg/all/function/internal_message.html?_=1689221548232&CODE_STATE=getMsg HTTP/1.1" 200 27
114.89.203.254 - - [13/Jul/2023:12:12:38 +0800] "GET /xingrg/all/function/internal_message.html?_=1689221558971&CODE_STATE=getMsg HTTP/1.1" 200 27
116.232.195.127 - - [13/Jul/2023:12:12:42 +0800] "GET /xingrg/check_reg.html?_=1689221536900 HTTP/1.1" 200 22
116.232.195.127 - - [13/Jul/2023:12:12:43 +0800] "GET /xingrg/all/function/internal_message.html?_=1689221537897&CODE_STATE=getMsg HTTP/1.1" 200 27
180.169.147.146 - - [13/Jul/2023:12:12:45 +0800] "POST /xingrg/dwr/call/plaincall/AjaxYddbService.checkOrder.dwr HTTP/1.1" 200 78
180.169.147.146 - - [13/Jul/2023:12:12:45 +0800] "GET /xingrg/all/function/internal_message.html?_=1689221565103&CODE_STATE=getMsg HTTP/1.1" 200 27
180.165.154.167 - - [13/Jul/2023:12:12:45 +0800] "GET /xingrg/all/function/internal_message.html?_=1689221564764&CODE_STATE=getMsg HTTP/1.1" 200 27
124.78.70.128 - - [13/Jul/2023:12:12:51 +0800] "GET /xingrg/all/function/internal_message.html?_=1689221570268&CODE_STATE=getMsg HTTP/1.1" 200 27
222.70.172.54 - - [13/Jul/2023:12:12:54 +0800] "GET /xingrg/check_reg.html?_=1689221588329 HTTP/1.1" 200 22
222.70.172.54 - - [13/Jul/2023:12:12:54 +0800] "GET /xingrg/all/function/internal_message.html?_=1689221588330&CODE_STATE=getMsg HTTP/1.1" 200 27
114.83.219.27 - - [13/Jul/2023:12:12:56 +0800] "GET /xingrg/kc/base/wldb_order_operate.html?command=get_materiel&rest_code=00154&base_code=0010726&code=00101027075 HTTP/1.1" 200 440
114.83.219.27 - - [13/Jul/2023:12:13:01 +0800] "POST /xingrg/all/common/load_select.html HTTP/1.1" 200 12
114.84.31.26 - - [13/Jul/2023:12:13:03 +0800] "GET /xingrg/all/function/internal_message.html?_=1689221582052&CODE_STATE=getMsg HTTP/1.1" 200 27
114.83.219.27 - - [13/Jul/2023:12:13:05 +0800] "GET /xingrg/kc/base/wldb_order_operate.html?command=get_materiel_price&rest_code=00154&base_code=0010726&code=00101027075&unit_code=00100016 HTTP/1.1" 200 36
222.70.180.90 - - [13/Jul/2023:12:13:05 +0800] "GET /xingrg/all/function/internal_message.html?_=1689221583146&CODE_STATE=getMsg HTTP/1.1" 200 27
222.70.180.90 - - [13/Jul/2023:12:13:06 +0800] "GET /xingrg/check_reg.html?_=1689221584166 HTTP/1.1" 200 22
222.70.114.12 - - [13/Jul/2023:12:13:10 +0800] "GET /xingrg/all/function/internal_message.html?_=1689221598748&CODE_STATE=getMsg HTTP/1.1" 200 27
180.169.147.146 - - [13/Jul/2023:12:13:11 +0800] "GET /xingrg/check_reg.html?_=1689221589870 HTTP/1.1" 200 22
180.169.147.146 - - [13/Jul/2023:12:13:11 +0800] "GET /xingrg/all/function/internal_message.html?_=1689221589877&CODE_STATE=getMsg HTTP/1.1" 200 27
114.95.42.59 - - [13/Jul/2023:12:13:14 +0800] "GET /xingrg/all/function/internal_message.html?_=1689221409794&CODE_STATE=getMsg HTTP/1.1" 200 27
180.169.147.146 - - [13/Jul/2023:12:13:17 +0800] "GET /xingrg/kc/base/yddb_order_info.html?code=482023071300073 HTTP/1.1" 200 29704
180.169.147.146 - - [13/Jul/2023:12:13:17 +0800] "GET /xingrg/dwr/interface/AjaxComOrderService.js HTTP/1.1" 200 18264
180.169.147.146 - - [13/Jul/2023:12:13:17 +0800] "GET /xingrg/dwr/interface/AjaxYddbService.js HTTP/1.1" 200 13201
180.169.147.146 - - [13/Jul/2023:12:13:17 +0800] "GET /xingrg/dwr/engine.js HTTP/1.1" 200 43631
180.169.147.146 - - [13/Jul/2023:12:13:17 +0800] "POST /xingrg/dwr/call/plaincall/AjaxYddbService.loadMaterielItems.dwr HTTP/1.1" 200 1645
114.83.219.27 - - [13/Jul/2023:12:13:18 +0800] "GET /xingrg/kc/base/wldb_order_operate.html?command=get_materiel&rest_code=00154&base_code=0010726&code=00101020383 HTTP/1.1" 200 470
180.169.147.146 - - [13/Jul/2023:12:13:18 +0800] "GET /xingrg/kc/base/yddb_order_list.html?isBack=1 HTTP/1.1" 200 16710
180.169.147.146 - - [13/Jul/2023:12:13:18 +0800] "POST /xingrg/kc/base/yddb_list_operate.html HTTP/1.1" 200 636
180.169.147.146 - - [13/Jul/2023:12:13:20 +0800] "POST /xingrg/kc/base/yddb_list_operate.html HTTP/1.1" 200 636
222.70.180.90 - - [13/Jul/2023:12:13:25 +0800] "POST /xingrg/dwr/call/plaincall/AjaxReportQueryService.refreshCache.dwr HTTP/1.1" 200 78
180.169.147.146 - - [13/Jul/2023:12:13:26 +0800] "GET /xingrg/all/function/internal_message.html?_=1689221602246&CODE_STATE=getMsg HTTP/1.1" 200 27
222.70.180.90 - - [13/Jul/2023:12:13:27 +0800] "POST /xingrg/all/report/load_report_page.html HTTP/1.1" 200 8908
222.70.180.90 - - [13/Jul/2023:12:13:27 +0800] "GET /xingrg/servlets/image?cache=0.2766236445839362&image=px HTTP/1.1" 200 807
114.83.219.27 - - [13/Jul/2023:12:13:29 +0800] "GET /xingrg/kc/base/wldb_order_operate.html?command=get_materiel&rest_code=00154&base_code=0010726&code=00101029022 HTTP/1.1" 200 472
222.70.180.90 - - [13/Jul/2023:12:13:29 +0800] "GET /xingrg/all/report/report_query.html?isQuery=1&fileName=kc/buy/wlcg_cate_hz.xml&queryString=(CONVERT(char(10)%252Ca.order_time%252C%2520120)%253E%253D'2023-06-01')%2520and%2520(CONVERT(char(10)%252Ca.order_time%252C%2520120)%253C%253D'2023-06-30')%2520and%2520(a.supplier_code%2520in%2520('00100211'))%2520and%2520(a.supplier_code%253D'00100211')&queryText=%25E3%2580%2590%25E9%2587%2587%25E8%25B4%25AD%25E6%2597%25A5%25E6%259C%259F%253A2023-06-01%2520%25E8%2587%25B3%25202023-06-30%25E3%2580%2591%2520%25E5%25B9%25B6%25E4%25B8%2594%2520%2520%25E3%2580%2590%25E4%25BE%259B%25E5%25BA%2594%25E5%2595%2586%2520%253D%2520%25E5%25BE%25B7%25E7%25BC%2598%25E7%2587%2595%25E9%25B2%258D%25E7%25BF%2585%25E8%25A1%258C%25E3%2580%2591%2520%25E5%25B9%25B6%25E4%25B8%2594%2520%25E3%2580%2590%25E4%25BE%259B%25E5%25BA%2594%25E5%2595%2586%253D%25E5%25BE%25B7%25E7%25BC%2598%25E7%2587%2595%25E9%25B2%258D%25E7%25BF%2585%25E8%25A1%258C%25E3%2580%2591 HTTP/1.1" 200 54457
222.70.180.90 - - [13/Jul/2023:12:13:29 +0800] "GET /xingrg/dwr/interface/AjaxReportQueryService.js HTTP/1.1" 200 13203
222.70.180.90 - - [13/Jul/2023:12:13:29 +0800] "GET /xingrg/dwr/engine.js HTTP/1.1" 200 43631
114.83.219.27 - - [13/Jul/2023:12:13:32 +0800] "POST /xingrg/all/common/load_select.html HTTP/1.1" 200 25
114.95.42.59 - - [13/Jul/2023:12:13:33 +0800] "GET /xingrg/all/function/internal_message.html?_=1689221614479&CODE_STATE=getMsg HTTP/1.1" 200 27
222.70.180.90 - - [13/Jul/2023:12:13:34 +0800] "POST /xingrg/all/report/load_report_page.html HTTP/1.1" 200 16379
222.70.180.90 - - [13/Jul/2023:12:13:34 +0800] "GET /xingrg/servlets/image?cache=0.8671049561052873&image=px HTTP/1.1" 200 807
222.70.180.90 - - [13/Jul/2023:12:13:34 +0800] "POST /xingrg/all/report/load_report_page.html HTTP/1.1" 200 8713
222.70.180.90 - - [13/Jul/2023:12:13:34 +0800] "GET /xingrg/servlets/image?cache=0.3750128503910386&image=px HTTP/1.1" 200 807
222.70.180.90 - - [13/Jul/2023:12:13:34 +0800] "GET /xingrg/all/function/internal_message.html?_=1689221616355&CODE_STATE=getMsg HTTP/1.1" 200 27
114.83.219.27 - - [13/Jul/2023:12:13:34 +0800] "GET /xingrg/kc/base/wldb_order_operate.html?command=get_materiel_price&rest_code=00154&base_code=0010726&code=00101029022&unit_code=00100157 HTTP/1.1" 200 35
61.170.233.201 - - [13/Jul/2023:12:13:36 +0800] "GET /xingrg/all/function/internal_message.html?_=1689221608202&CODE_STATE=getMsg HTTP/1.1" 200 27
61.170.233.201 - - [13/Jul/2023:12:13:37 +0800] "GET /xingrg/check_reg.html?_=1689221608832 HTTP/1.1" 200 22
114.89.203.254 - - [13/Jul/2023:12:13:38 +0800] "GET /xingrg/all/function/internal_message.html?_=1689221618953&CODE_STATE=getMsg HTTP/1.1" 200 27
222.70.180.90 - - [13/Jul/2023:12:13:39 +0800] "GET /xingrg/all/report/report_query.html?isQuery=1&fileName=kc/buy/wlcg_cate_hz.xml&queryString=(CONVERT(char(10)%252Ca.order_time%252C%2520120)%253E%253D'2023-06-01')%2520and%2520(CONVERT(char(10)%252Ca.order_time%252C%2520120)%253C%253D'2023-06-30')%2520and%2520(a.supplier_code%2520in%2520('00100211'))%2520and%2520(a.supplier_code%253D'00100211')&queryText=%25E3%2580%2590%25E9%2587%2587%25E8%25B4%25AD%25E6%2597%25A5%25E6%259C%259F%253A2023-06-01%2520%25E8%2587%25B3%25202023-06-30%25E3%2580%2591%2520%25E5%25B9%25B6%25E4%25B8%2594%2520%2520%25E3%2580%2590%25E4%25BE%259B%25E5%25BA%2594%25E5%2595%2586%2520%253D%2520%25E5%25BE%25B7%25E7%25BC%2598%25E7%2587%2595%25E9%25B2%258D%25E7%25BF%2585%25E8%25A1%258C%25E3%2580%2591%2520%25E5%25B9%25B6%25E4%25B8%2594%2520%25E3%2580%2590%25E4%25BE%259B%25E5%25BA%2594%25E5%2595%2586%253D%25E5%25BE%25B7%25E7%25BC%2598%25E7%2587%2595%25E9%25B2%258D%25E7%25BF%2585%25E8%25A1%258C%25E3%2580%2591 HTTP/1.1" 200 54457
222.70.180.90 - - [13/Jul/2023:12:13:39 +0800] "GET /xingrg/dwr/interface/AjaxReportQueryService.js HTTP/1.1" 200 13203
222.70.180.90 - - [13/Jul/2023:12:13:39 +0800] "GET /xingrg/dwr/engine.js HTTP/1.1" 200 43631
114.83.219.27 - - [13/Jul/2023:12:13:39 +0800] "GET /xingrg/kc/base/wldb_order_operate.html?command=get_materiel&rest_code=00154&base_code=0010726&code=00101028050 HTTP/1.1" 200 453
222.70.180.90 - - [13/Jul/2023:12:13:41 +0800] "POST /xingrg/all/report/load_report_page.html HTTP/1.1" 200 8713
222.70.180.90 - - [13/Jul/2023:12:13:41 +0800] "GET /xingrg/servlets/image?cache=0.5078098633502927&image=px HTTP/1.1" 200 807
222.70.180.90 - - [13/Jul/2023:12:13:42 +0800] "POST /xingrg/all/report/load_report_page.html HTTP/1.1" 200 16379
222.70.180.90 - - [13/Jul/2023:12:13:43 +0800] "GET /xingrg/servlets/image?cache=0.5370257936970322&image=px HTTP/1.1" 200 807
116.232.195.127 - - [13/Jul/2023:12:13:43 +0800] "GET /xingrg/all/function/internal_message.html?_=1689221597881&CODE_STATE=getMsg HTTP/1.1" 200 27
180.169.147.146 - - [13/Jul/2023:12:13:45 +0800] "GET /xingrg/all/function/internal_message.html?_=1689221625112&CODE_STATE=getMsg HTTP/1.1" 200 27
180.169.147.146 - - [13/Jul/2023:12:13:45 +0800] "GET /xingrg/check_reg.html?_=1689221625117 HTTP/1.1" 200 22
180.165.154.167 - - [13/Jul/2023:12:13:45 +0800] "GET /xingrg/all/function/internal_message.html?_=1689221624740&CODE_STATE=getMsg HTTP/1.1" 200 27
180.169.147.146 - - [13/Jul/2023:12:13:45 +0800] "GET /xingrg/check_reg.html?_=1689221616440 HTTP/1.1" 200 22
222.70.180.90 - - [13/Jul/2023:12:13:46 +0800] "POST /xingrg/all/report/report_print.html HTTP/1.1" 302 -
222.70.180.90 - - [13/Jul/2023:12:13:46 +0800] "GET /xingrg/servlets/html?sysBaseUrl=http%3A%2F%2F180.169.147.146%3A18081%2Fxingrg%2F&costTime=1692×tamp=1689221626300 HTTP/1.1" 200 17754
222.70.180.90 - - [13/Jul/2023:12:13:46 +0800] "GET /xingrg/servlets/image?image=px HTTP/1.1" 200 807
222.70.180.90 - - [13/Jul/2023:12:13:46 +0800] "GET /favicon.ico HTTP/1.1" 404 -
124.78.70.128 - - [13/Jul/2023:12:13:51 +0800] "GET /xingrg/check_reg.html?_=1689221630253 HTTP/1.1" 200 22
124.78.70.128 - - [13/Jul/2023:12:13:51 +0800] "GET /xingrg/all/function/internal_message.html?_=1689221630255&CODE_STATE=getMsg HTTP/1.1" 200 27
222.70.172.54 - - [13/Jul/2023:12:13:54 +0800] "GET /xingrg/all/function/internal_message.html?_=1689221648340&CODE_STATE=getMsg HTTP/1.1" 200 27
180.169.147.146 - - [13/Jul/2023:12:13:56 +0800] "GET /xingrg/kc/base/wldb_order_list.html HTTP/1.1" 200 19104
180.169.147.146 - - [13/Jul/2023:12:13:57 +0800] "POST /xingrg/kc/base/wldb_list_operate.html HTTP/1.1" 200 928
180.169.147.146 - - [13/Jul/2023:12:13:58 +0800] "GET /xingrg/kc/base/wldb_order_add.html HTTP/1.1" 200 30387
180.169.147.146 - - [13/Jul/2023:12:13:58 +0800] "POST /xingrg/kc/base/wldb_order_operate.html HTTP/1.1" 200 6806
180.169.147.146 - - [13/Jul/2023:12:13:58 +0800] "GET /xingrg/all/common/auto_word.html?type=base&rest_code=00147 HTTP/1.1" 200 1803
180.169.147.146 - - [13/Jul/2023:12:13:58 +0800] "GET /xingrg/javascript/easyui/themes/default/validatebox.css HTTP/1.1" 404 1104
180.169.147.146 - - [13/Jul/2023:12:13:58 +0800] "GET /xingrg/all/common/auto_word.html?type=base&rest_code=00147 HTTP/1.1" 200 1803
180.169.147.146 - - [13/Jul/2023:12:13:58 +0800] "POST /xingrg/all/common/load_combo.html?type=base HTTP/1.1" 200 3230
180.169.147.146 - - [13/Jul/2023:12:14:01 +0800] "POST /xingrg/all/common/load_combo.html?type=base HTTP/1.1" 200 3230
114.84.31.26 - - [13/Jul/2023:12:14:03 +0800] "GET /xingrg/all/function/internal_message.html?_=1689221642052&CODE_STATE=getMsg HTTP/1.1" 200 27
114.84.31.26 - - [13/Jul/2023:12:14:03 +0800] "GET /xingrg/check_reg.html?_=1689221642055 HTTP/1.1" 200 22
222.70.180.90 - - [13/Jul/2023:12:14:05 +0800] "GET /xingrg/all/function/internal_message.html?_=1689221643121&CODE_STATE=getMsg HTTP/1.1" 200 27
222.70.114.12 - - [13/Jul/2023:12:14:10 +0800] "GET /xingrg/all/function/internal_message.html?_=1689221658754&CODE_STATE=getMsg HTTP/1.1" 200 27
180.169.147.146 - - [13/Jul/2023:12:14:11 +0800] "GET /xingrg/all/function/internal_message.html?_=1689221649882&CODE_STATE=getMsg HTTP/1.1" 200 27
180.169.147.146 - - [13/Jul/2023:12:14:11 +0800] "GET /xingrg/kc/base/wldb_order_operate.html?command=get_materiel&rest_code=00147&base_code=0010287&code=00102002448 HTTP/1.1" 200 438
114.95.42.59 - - [13/Jul/2023:12:14:14 +0800] "GET /xingrg/all/function/internal_message.html?_=1689221469783&CODE_STATE=getMsg HTTP/1.1" 200 27
114.95.42.59 - - [13/Jul/2023:12:14:16 +0800] "GET /xingrg/check_reg.html?_=1689221471823 HTTP/1.1" 200 22
180.169.147.146 - - [13/Jul/2023:12:14:20 +0800] "GET /xingrg/kc/base/wldb_order_operate.html?command=get_materiel&rest_code=00147&base_code=0010287&code=00102002851 HTTP/1.1" 200 446
180.169.147.146 - - [13/Jul/2023:12:14:26 +0800] "GET /xingrg/all/function/internal_message.html?_=1689221662247&CODE_STATE=getMsg HTTP/1.1" 200 27
114.95.42.59 - - [13/Jul/2023:12:14:33 +0800] "GET /xingrg/all/function/internal_message.html?_=1689221674456&CODE_STATE=getMsg HTTP/1.1" 200 27
222.70.180.90 - - [13/Jul/2023:12:14:34 +0800] "GET /xingrg/all/function/internal_message.html?_=1689221676331&CODE_STATE=getMsg HTTP/1.1" 200 27
114.95.42.59 - - [13/Jul/2023:12:14:36 +0800] "GET /xingrg/check_reg.html?_=1689221677392 HTTP/1.1" 200 22
180.169.147.146 - - [13/Jul/2023:12:14:36 +0800] "POST /xingrg/kc/base/wldb_order_operate.html HTTP/1.1" 200 37
61.170.233.201 - - [13/Jul/2023:12:14:36 +0800] "GET /xingrg/all/function/internal_message.html?_=1689221668183&CODE_STATE=getMsg HTTP/1.1" 200 27
180.169.147.146 - - [13/Jul/2023:12:14:37 +0800] "POST /xingrg/kc/base/wldb_order_operate.html HTTP/1.1" 200 2188
114.89.203.254 - - [13/Jul/2023:12:14:38 +0800] "GET /xingrg/all/function/internal_message.html?_=1689221678930&CODE_STATE=getMsg HTTP/1.1" 200 27
180.169.147.146 - - [13/Jul/2023:12:14:38 +0800] "GET /xingrg/kc/base/wldb_order_info.html?code=422023071301249 HTTP/1.1" 200 30401
180.169.147.146 - - [13/Jul/2023:12:14:38 +0800] "GET /xingrg/javascript/easyui/themes/default/validatebox.css HTTP/1.1" 404 1104
114.89.203.254 - - [13/Jul/2023:12:14:39 +0800] "GET /xingrg/check_reg.html?_=1689221679876 HTTP/1.1" 200 22
180.169.147.146 - - [13/Jul/2023:12:14:39 +0800] "POST /xingrg/kc/base/wldb_order_operate.html HTTP/1.1" 200 2188
180.169.147.146 - - [13/Jul/2023:12:14:40 +0800] "GET /xingrg/kc/base/wldb_order_add.html HTTP/1.1" 200 30387
180.169.147.146 - - [13/Jul/2023:12:14:40 +0800] "POST /xingrg/kc/base/wldb_order_operate.html HTTP/1.1" 200 6806
180.169.147.146 - - [13/Jul/2023:12:14:40 +0800] "GET /xingrg/javascript/easyui/themes/default/validatebox.css HTTP/1.1" 404 1104
180.169.147.146 - - [13/Jul/2023:12:14:41 +0800] "POST /xingrg/all/common/load_combo.html?type=base HTTP/1.1" 200 3230
116.232.195.127 - - [13/Jul/2023:12:14:43 +0800] "GET /xingrg/all/function/internal_message.html?_=1689221657875&CODE_STATE=getMsg HTTP/1.1" 200 27
180.169.147.146 - - [13/Jul/2023:12:14:43 +0800] "POST /xingrg/all/common/load_combo.html?type=base HTTP/1.1" 200 3230
180.169.147.146 - - [13/Jul/2023:12:14:45 +0800] "GET /xingrg/all/function/internal_message.html?_=1689221685110&CODE_STATE=getMsg HTTP/1.1" 200 27
180.165.154.167 - - [13/Jul/2023:12:14:45 +0800] "GET /xingrg/all/function/internal_message.html?_=1689221684712&CODE_STATE=getMsg HTTP/1.1" 200 27
114.83.219.27 - - [13/Jul/2023:12:14:49 +0800] "GET /xingrg/check_reg.html?_=1689221808572 HTTP/1.1" 200 22
124.78.70.128 - - [13/Jul/2023:12:14:51 +0800] "GET /xingrg/all/function/internal_message.html?_=1689221690281&CODE_STATE=getMsg HTTP/1.1" 200 27
180.169.147.146 - - [13/Jul/2023:12:14:52 +0800] "GET /xingrg/kc/base/wldb_order_operate.html?command=get_materiel&rest_code=00147&base_code=0010337&code=00101014041 HTTP/1.1" 200 435
222.70.172.54 - - [13/Jul/2023:12:14:54 +0800] "GET /xingrg/all/function/internal_message.html?_=1689221708353&CODE_STATE=getMsg HTTP/1.1" 200 27
180.169.147.146 - - [13/Jul/2023:12:14:58 +0800] "POST /xingrg/kc/base/wldb_order_operate.html HTTP/1.1" 200 37
180.169.147.146 - - [13/Jul/2023:12:14:59 +0800] "POST /xingrg/kc/base/wldb_order_operate.html HTTP/1.1" 200 2186
180.169.147.146 - - [13/Jul/2023:12:15:01 +0800] "GET /xingrg/kc/base/wldb_order_info.html?code=422023071301250 HTTP/1.1" 200 30404
180.169.147.146 - - [13/Jul/2023:12:15:01 +0800] "GET /xingrg/javascript/easyui/themes/default/validatebox.css HTTP/1.1" 404 1104
180.169.147.146 - - [13/Jul/2023:12:15:02 +0800] "POST /xingrg/kc/base/wldb_order_operate.html HTTP/1.1" 200 2186
114.84.31.26 - - [13/Jul/2023:12:15:03 +0800] "GET /xingrg/all/function/internal_message.html?_=1689221702059&CODE_STATE=getMsg HTTP/1.1" 200 27
180.169.147.146 - - [13/Jul/2023:12:15:03 +0800] "GET /xingrg/kc/base/wldb_order_add.html HTTP/1.1" 200 30387
180.169.147.146 - - [13/Jul/2023:12:15:03 +0800] "POST /xingrg/kc/base/wldb_order_operate.html HTTP/1.1" 200 6806
180.169.147.146 - - [13/Jul/2023:12:15:03 +0800] "GET /xingrg/javascript/easyui/themes/default/validatebox.css HTTP/1.1" 404 1104
180.169.147.146 - - [13/Jul/2023:12:15:04 +0800] "POST /xingrg/all/common/load_combo.html?type=base HTTP/1.1" 200 3230
222.70.180.90 - - [13/Jul/2023:12:15:05 +0800] "GET /xingrg/all/function/internal_message.html?_=1689221703106&CODE_STATE=getMsg HTTP/1.1" 200 27
180.169.147.146 - - [13/Jul/2023:12:15:05 +0800] "POST /xingrg/all/common/load_combo.html?type=base HTTP/1.1" 200 3230
222.70.114.12 - - [13/Jul/2023:12:15:10 +0800] "GET /xingrg/all/function/internal_message.html?_=1689221718746&CODE_STATE=getMsg HTTP/1.1" 200 27
222.70.114.12 - - [13/Jul/2023:12:15:10 +0800] "GET /xingrg/check_reg.html?_=1689221718754 HTTP/1.1" 200 22
180.169.147.146 - - [13/Jul/2023:12:15:11 +0800] "GET /xingrg/all/function/internal_message.html?_=1689221709873&CODE_STATE=getMsg HTTP/1.1" 200 27
114.95.42.59 - - [13/Jul/2023:12:15:14 +0800] "GET /xingrg/all/function/internal_message.html?_=1689221529764&CODE_STATE=getMsg HTTP/1.1" 200 27
180.169.147.146 - - [13/Jul/2023:12:15:26 +0800] "GET /xingrg/all/function/internal_message.html?_=1689221722274&CODE_STATE=getMsg HTTP/1.1" 200 27
180.169.147.146 - - [13/Jul/2023:12:15:26 +0800] "GET /xingrg/check_reg.html?_=1689221722282 HTTP/1.1" 200 22
180.165.154.167 - - [13/Jul/2023:12:15:32 +0800] "GET /xingrg/check_reg.html?_=1689221731033 HTTP/1.1" 200 22
114.95.42.59 - - [13/Jul/2023:12:15:33 +0800] "GET /xingrg/all/function/internal_message.html?_=1689221734438&CODE_STATE=getMsg HTTP/1.1" 200 27
222.70.180.90 - - [13/Jul/2023:12:15:34 +0800] "GET /xingrg/all/function/internal_message.html?_=1689221736316&CODE_STATE=getMsg HTTP/1.1" 200 27
61.170.233.201 - - [13/Jul/2023:12:15:36 +0800] "GET /xingrg/all/function/internal_message.html?_=1689221728157&CODE_STATE=getMsg HTTP/1.1" 200 27
114.89.203.254 - - [13/Jul/2023:12:15:38 +0800] "GET /xingrg/all/function/internal_message.html?_=1689221738911&CODE_STATE=getMsg HTTP/1.1" 200 27
180.169.147.146 - - [13/Jul/2023:12:15:41 +0800] "GET /xingrg/kc/base/wldb_order_operate.html?command=get_materiel&rest_code=00147&base_code=0010270&code=00101019425 HTTP/1.1" 200 458
116.232.195.127 - - [13/Jul/2023:12:15:43 +0800] "GET /xingrg/all/function/internal_message.html?_=1689221717856&CODE_STATE=getMsg HTTP/1.1" 200 27
180.169.147.146 - - [13/Jul/2023:12:15:45 +0800] "GET /xingrg/all/function/internal_message.html?_=1689221745111&CODE_STATE=getMsg HTTP/1.1" 200 27
180.165.154.167 - - [13/Jul/2023:12:15:45 +0800] "GET /xingrg/all/function/internal_message.html?_=1689221744696&CODE_STATE=getMsg HTTP/1.1" 200 27
180.169.147.146 - - [13/Jul/2023:12:15:48 +0800] "GET /xingrg/kc/base/wldb_order_operate.html?command=get_materiel&rest_code=00147&base_code=0010270&code=00101027001 HTTP/1.1" 200 471
124.78.70.128 - - [13/Jul/2023:12:15:51 +0800] "GET /xingrg/all/function/internal_message.html?_=1689221750280&CODE_STATE=getMsg HTTP/1.1" 200 27
222.70.180.90 - - [13/Jul/2023:12:15:52 +0800] "GET /xingrg/kc/buy/cgsh_order_add.html HTTP/1.1" 200 71576
222.70.180.90 - - [13/Jul/2023:12:15:52 +0800] "POST /xingrg/kc/buy/cgsh_order_operate.html HTTP/1.1" 200 8245
222.70.180.90 - - [13/Jul/2023:12:15:52 +0800] "GET /xingrg/javascript/easyui/themes/default/validatebox.css HTTP/1.1" 404 1104
222.70.172.54 - - [13/Jul/2023:12:15:54 +0800] "GET /xingrg/all/function/internal_message.html?_=1689221769021&CODE_STATE=getMsg HTTP/1.1" 200 27
180.169.147.146 - - [13/Jul/2023:12:15:55 +0800] "POST /xingrg/kc/base/wldb_order_operate.html HTTP/1.1" 200 37
180.169.147.146 - - [13/Jul/2023:12:15:56 +0800] "POST /xingrg/kc/base/wldb_order_operate.html HTTP/1.1" 200 2702
114.84.31.26 - - [13/Jul/2023:12:16:03 +0800] "GET /xingrg/all/function/internal_message.html?_=1689221762059&CODE_STATE=getMsg HTTP/1.1" 200 27
222.70.180.90 - - [13/Jul/2023:12:16:05 +0800] "GET /xingrg/all/function/internal_message.html?_=1689221763099&CODE_STATE=getMsg HTTP/1.1" 200 27
222.70.114.12 - - [13/Jul/2023:12:16:10 +0800] "GET /xingrg/all/function/internal_message.html?_=1689221778750&CODE_STATE=getMsg HTTP/1.1" 200 27
180.169.147.146 - - [13/Jul/2023:12:16:11 +0800] "GET /xingrg/all/function/internal_message.html?_=1689221769889&CODE_STATE=getMsg HTTP/1.1" 200 27
180.169.147.146 - - [13/Jul/2023:12:16:11 +0800] "GET /xingrg/kc/base/wldb_order_info.html?code=422023071301251 HTTP/1.1" 200 30401
180.169.147.146 - - [13/Jul/2023:12:16:11 +0800] "GET /xingrg/javascript/easyui/themes/default/validatebox.css HTTP/1.1" 404 1104
222.70.180.90 - - [13/Jul/2023:12:16:12 +0800] "GET /xingrg/kc/buy/cgsh_order_operate.html?command=get_materiel&rest_code=00111&code=00101028012&supplier_code=00100017&order_time=2023-07-13 HTTP/1.1" 200 477
180.169.147.146 - - [13/Jul/2023:12:16:12 +0800] "POST /xingrg/kc/base/wldb_order_operate.html HTTP/1.1" 200 2702
180.169.147.146 - - [13/Jul/2023:12:16:13 +0800] "GET /xingrg/kc/base/wldb_order_add.html HTTP/1.1" 200 30387
180.169.147.146 - - [13/Jul/2023:12:16:13 +0800] "POST /xingrg/kc/base/wldb_order_operate.html HTTP/1.1" 200 6806
180.169.147.146 - - [13/Jul/2023:12:16:13 +0800] "GET /xingrg/javascript/easyui/themes/default/validatebox.css HTTP/1.1" 404 1104
180.169.147.146 - - [13/Jul/2023:12:16:14 +0800] "POST /xingrg/all/common/load_combo.html?type=base HTTP/1.1" 200 3230
114.95.42.59 - - [13/Jul/2023:12:16:14 +0800] "GET /xingrg/all/function/internal_message.html?_=1689221589743&CODE_STATE=getMsg HTTP/1.1" 200 27
120.253.135.82 - - [13/Jul/2023:12:16:16 +0800] "GET /xingrg/check_reg.html?_=1689221601891 HTTP/1.1" 200 22
180.169.147.146 - - [13/Jul/2023:12:16:18 +0800] "POST /xingrg/all/common/load_combo.html?type=base HTTP/1.1" 200 3230
222.70.180.90 - - [13/Jul/2023:12:16:19 +0800] "GET /xingrg/kc/buy/cgsh_order_operate.html?command=get_materiel&rest_code=00111&code=00101028016&supplier_code=00100017&order_time=2023-07-13 HTTP/1.1" 200 468
180.169.147.146 - - [13/Jul/2023:12:16:26 +0800] "GET /xingrg/all/function/internal_message.html?_=1689221782280&CODE_STATE=getMsg HTTP/1.1" 200 27
218.81.66.93 - - [13/Jul/2023:12:16:27 +0800] "GET /xingrg/check_reg.html?_=1689221787604 HTTP/1.1" 302 -
222.70.180.90 - - [13/Jul/2023:12:16:32 +0800] "GET /xingrg/kc/buy/cgsh_order_operate.html?command=get_materiel&rest_code=00111&code=00101029005&supplier_code=00100017&order_time=2023-07-13 HTTP/1.1" 200 458
114.95.42.59 - - [13/Jul/2023:12:16:33 +0800] "GET /xingrg/all/function/internal_message.html?_=1689221794419&CODE_STATE=getMsg HTTP/1.1" 200 27
222.70.180.90 - - [13/Jul/2023:12:16:34 +0800] "GET /xingrg/all/function/internal_message.html?_=1689221796300&CODE_STATE=getMsg HTTP/1.1" 200 27
180.169.147.146 - - [13/Jul/2023:12:16:35 +0800] "GET /xingrg/kc/base/wldb_order_operate.html?command=get_materiel&rest_code=00147&base_code=0010270&code=00101013139 HTTP/1.1" 200 451
61.170.233.201 - - [13/Jul/2023:12:16:36 +0800] "GET /xingrg/all/function/internal_message.html?_=1689221788132&CODE_STATE=getMsg HTTP/1.1" 200 27
114.89.203.254 - - [13/Jul/2023:12:16:38 +0800] "GET /xingrg/all/function/internal_message.html?_=1689221798890&CODE_STATE=getMsg HTTP/1.1" 200 27
180.169.147.146 - - [13/Jul/2023:12:16:40 +0800] "GET /xingrg/kc/base/wldb_order_operate.html?command=get_materiel&rest_code=00147&base_code=0010270&code=00101019071 HTTP/1.1" 200 471
116.232.195.127 - - [13/Jul/2023:12:16:43 +0800] "GET /xingrg/all/function/internal_message.html?_=1689221777838&CODE_STATE=getMsg HTTP/1.1" 200 27
222.70.180.90 - - [13/Jul/2023:12:16:44 +0800] "POST /xingrg/dwr/call/plaincall/AjaxReportQueryService.refreshCache.dwr HTTP/1.1" 200 78
180.169.147.146 - - [13/Jul/2023:12:16:45 +0800] "GET /xingrg/all/function/internal_message.html?_=1689221805106&CODE_STATE=getMsg HTTP/1.1" 200 27
180.165.154.167 - - [13/Jul/2023:12:16:45 +0800] "GET /xingrg/all/function/internal_message.html?_=1689221804677&CODE_STATE=getMsg HTTP/1.1" 200 27
180.169.147.146 - - [13/Jul/2023:12:16:45 +0800] "GET /xingrg/kc/base/wldb_order_operate.html?command=get_materiel&rest_code=00147&base_code=0010270&code=00101019164 HTTP/1.1" 200 465
222.70.180.90 - - [13/Jul/2023:12:16:46 +0800] "POST /xingrg/all/report/load_report_page.html HTTP/1.1" 200 8912
222.70.180.90 - - [13/Jul/2023:12:16:46 +0800] "GET /xingrg/servlets/image?cache=0.075072347389456&image=px HTTP/1.1" 200 807
222.70.180.90 - - [13/Jul/2023:12:16:47 +0800] "GET /xingrg/all/report/report_query.html?isQuery=1&fileName=kc/buy/wlcg_cate_hz.xml&queryString=(CONVERT(char(10)%252Ca.order_time%252C%2520120)%253E%253D'2023-06-01')%2520and%2520(CONVERT(char(10)%252Ca.order_time%252C%2520120)%253C%253D'2023-06-30')%2520and%2520(a.supplier_code%2520in%2520('00100094'))%2520and%2520(a.supplier_code%253D'00100094')&queryText=%25E3%2580%2590%25E9%2587%2587%25E8%25B4%25AD%25E6%2597%25A5%25E6%259C%259F%253A2023-06-01%2520%25E8%2587%25B3%25202023-06-30%25E3%2580%2591%2520%25E5%25B9%25B6%25E4%25B8%2594%2520%2520%25E3%2580%2590%25E4%25BE%259B%25E5%25BA%2594%25E5%2595%2586%2520%253D%2520%25E6%25B5%25B7%25E5%258D%2587%25EF%25BC%2588%25E9%2583%2591%25E5%25B0%258F%25E8%259D%25B6%25EF%25BC%2589%25E3%2580%2591%2520%25E5%25B9%25B6%25E4%25B8%2594%2520%25E3%2580%2590%25E4%25BE%259B%25E5%25BA%2594%25E5%2595%2586%253D%25E6%25B5%25B7%25E5%258D%2587%25EF%25BC%2588%25E9%2583%2591%25E5%25B0%258F%25E8%259D%25B6%25EF%25BC%2589%25E3%2580%2591 HTTP/1.1" 200 54465
222.70.180.90 - - [13/Jul/2023:12:16:47 +0800] "GET /xingrg/dwr/interface/AjaxReportQueryService.js HTTP/1.1" 200 13203
222.70.180.90 - - [13/Jul/2023:12:16:47 +0800] "GET /xingrg/dwr/engine.js HTTP/1.1" 200 43631
222.70.180.90 - - [13/Jul/2023:12:16:50 +0800] "POST /xingrg/all/report/load_report_page.html HTTP/1.1" 200 8703
222.70.180.90 - - [13/Jul/2023:12:16:50 +0800] "GET /xingrg/servlets/image?cache=0.649906725897942&image=px HTTP/1.1" 200 807
124.78.70.128 - - [13/Jul/2023:12:16:51 +0800] "GET /xingrg/all/function/internal_message.html?_=1689221810282&CODE_STATE=getMsg HTTP/1.1" 200 27
180.169.147.146 - - [13/Jul/2023:12:16:52 +0800] "GET /xingrg/kc/base/wldb_order_operate.html?command=get_materiel&rest_code=00147&base_code=0010270&code=00101019258 HTTP/1.1" 200 483
222.70.180.90 - - [13/Jul/2023:12:16:53 +0800] "POST /xingrg/all/report/load_report_page.html HTTP/1.1" 200 13054
222.70.180.90 - - [13/Jul/2023:12:16:53 +0800] "GET /xingrg/servlets/image?cache=0.41484723047467364&image=px HTTP/1.1" 200 807
222.70.172.54 - - [13/Jul/2023:12:16:54 +0800] "GET /xingrg/all/function/internal_message.html?_=1689221829037&CODE_STATE=getMsg HTTP/1.1" 200 27
222.70.180.90 - - [13/Jul/2023:12:16:55 +0800] "POST /xingrg/all/report/report_print.html HTTP/1.1" 302 -
222.70.180.90 - - [13/Jul/2023:12:16:55 +0800] "GET /xingrg/servlets/html?sysBaseUrl=http%3A%2F%2F180.169.147.146%3A18081%2Fxingrg%2F&costTime=1107×tamp=1689221815604 HTTP/1.1" 200 14734
222.70.180.90 - - [13/Jul/2023:12:16:55 +0800] "GET /xingrg/servlets/image?image=px HTTP/1.1" 200 807
222.70.180.90 - - [13/Jul/2023:12:16:55 +0800] "GET /favicon.ico HTTP/1.1" 404 -
180.169.147.146 - - [13/Jul/2023:12:17:00 +0800] "GET /xingrg/kc/base/wldb_order_operate.html?command=get_materiel&rest_code=00147&base_code=0010270&code=00101019400 HTTP/1.1" 200 464
114.84.31.26 - - [13/Jul/2023:12:17:03 +0800] "GET /xingrg/all/function/internal_message.html?_=1689221822059&CODE_STATE=getMsg HTTP/1.1" 200 27
222.70.180.90 - - [13/Jul/2023:12:17:04 +0800] "POST /xingrg/kc/buy/cgsh_order_operate.html HTTP/1.1" 200 37
180.169.147.146 - - [13/Jul/2023:12:17:07 +0800] "GET /xingrg/kc/base/wldb_order_operate.html?command=get_materiel&rest_code=00147&base_code=0010270&code=00101019175 HTTP/1.1" 200 438
222.70.180.90 - - [13/Jul/2023:12:17:09 +0800] "POST /xingrg/kc/buy/cgsh_order_operate.html HTTP/1.1" 200 3296
222.70.114.12 - - [13/Jul/2023:12:17:10 +0800] "GET /xingrg/all/function/internal_message.html?_=1689221838750&CODE_STATE=getMsg HTTP/1.1" 200 27
180.169.147.146 - - [13/Jul/2023:12:17:11 +0800] "GET /xingrg/all/function/internal_message.html?_=1689221829877&CODE_STATE=getMsg HTTP/1.1" 200 27
222.70.180.90 - - [13/Jul/2023:12:17:11 +0800] "GET /xingrg/kc/print/load_data.html?order_code=212023071305062&kc_code=cgsh&condition= HTTP/1.1" 200 1004
180.169.147.146 - - [13/Jul/2023:12:17:13 +0800] "GET /xingrg/kc/base/wldb_order_operate.html?command=get_materiel&rest_code=00147&base_code=0010270&code=00101019430 HTTP/1.1" 200 477
114.95.42.59 - - [13/Jul/2023:12:17:14 +0800] "GET /xingrg/all/function/internal_message.html?_=1689221649732&CODE_STATE=getMsg HTTP/1.1" 200 27
180.169.147.146 - - [13/Jul/2023:12:17:19 +0800] "GET /xingrg/kc/base/wldb_order_operate.html?command=get_materiel&rest_code=00147&base_code=0010270&code=00101010522 HTTP/1.1" 200 443
180.169.147.146 - - [13/Jul/2023:12:17:26 +0800] "GET /xingrg/all/function/internal_message.html?_=1689221842280&CODE_STATE=getMsg HTTP/1.1" 200 27
180.169.147.146 - - [13/Jul/2023:12:17:29 +0800] "POST /xingrg/kc/base/wldb_order_operate.html HTTP/1.1" 200 37
180.169.147.146 - - [13/Jul/2023:12:17:30 +0800] "POST /xingrg/kc/base/wldb_order_operate.html HTTP/1.1" 200 5666
180.169.147.146 - - [13/Jul/2023:12:17:30 +0800] "GET /xingrg/kc/base/wldb_order_info.html?code=422023071301252 HTTP/1.1" 200 30402
180.169.147.146 - - [13/Jul/2023:12:17:30 +0800] "GET /xingrg/javascript/easyui/themes/default/validatebox.css HTTP/1.1" 404 1104
180.169.147.146 - - [13/Jul/2023:12:17:31 +0800] "POST /xingrg/kc/base/wldb_order_operate.html HTTP/1.1" 200 5666
114.95.42.59 - - [13/Jul/2023:12:17:33 +0800] "GET /xingrg/all/function/internal_message.html?_=1689221854399&CODE_STATE=getMsg HTTP/1.1" 200 27
180.169.147.146 - - [13/Jul/2023:12:17:33 +0800] "GET /xingrg/kc/base/wldb_order_add.html HTTP/1.1" 200 30387
180.169.147.146 - - [13/Jul/2023:12:17:33 +0800] "POST /xingrg/kc/base/wldb_order_operate.html HTTP/1.1" 200 6806
180.169.147.146 - - [13/Jul/2023:12:17:33 +0800] "GET /xingrg/javascript/easyui/themes/default/validatebox.css HTTP/1.1" 404 1104
180.169.147.146 - - [13/Jul/2023:12:17:33 +0800] "POST /xingrg/all/common/load_combo.html?type=base HTTP/1.1" 200 3230
222.70.180.90 - - [13/Jul/2023:12:17:34 +0800] "GET /xingrg/check_reg.html?_=1689221855970 HTTP/1.1" 200 22
222.70.180.90 - - [13/Jul/2023:12:17:34 +0800] "GET /xingrg/all/function/internal_message.html?_=1689221856286&CODE_STATE=getMsg HTTP/1.1" 200 27
61.170.233.201 - - [13/Jul/2023:12:17:36 +0800] "GET /xingrg/all/function/internal_message.html?_=1689221848103&CODE_STATE=getMsg HTTP/1.1" 200 27
180.169.147.146 - - [13/Jul/2023:12:17:36 +0800] "POST /xingrg/all/common/load_combo.html?type=base HTTP/1.1" 200 3230
114.89.203.254 - - [13/Jul/2023:12:17:38 +0800] "GET /xingrg/all/function/internal_message.html?_=1689221858863&CODE_STATE=getMsg HTTP/1.1" 200 27
116.232.195.127 - - [13/Jul/2023:12:17:42 +0800] "GET /xingrg/check_reg.html?_=1689221836905 HTTP/1.1" 200 22
116.232.195.127 - - [13/Jul/2023:12:17:43 +0800] "GET /xingrg/all/function/internal_message.html?_=1689221837818&CODE_STATE=getMsg HTTP/1.1" 200 27
180.169.147.146 - - [13/Jul/2023:12:17:43 +0800] "GET /xingrg/kc/base/wldb_order_operate.html?command=get_materiel&rest_code=00147&base_code=0010287&code=00102002603 HTTP/1.1" 200 431
180.169.147.146 - - [13/Jul/2023:12:17:45 +0800] "GET /xingrg/all/function/internal_message.html?_=1689221865118&CODE_STATE=getMsg HTTP/1.1" 200 27
180.165.154.167 - - [13/Jul/2023:12:17:45 +0800] "GET /xingrg/all/function/internal_message.html?_=1689221864676&CODE_STATE=getMsg HTTP/1.1" 200 27
124.78.70.128 - - [13/Jul/2023:12:17:51 +0800] "GET /xingrg/all/function/internal_message.html?_=1689221870280&CODE_STATE=getMsg HTTP/1.1" 200 27
180.169.147.146 - - [13/Jul/2023:12:17:54 +0800] "POST /xingrg/kc/base/wldb_order_operate.html HTTP/1.1" 200 37
180.169.147.146 - - [13/Jul/2023:12:17:54 +0800] "POST /xingrg/kc/base/wldb_order_operate.html HTTP/1.1" 200 2664
222.70.172.54 - - [13/Jul/2023:12:17:54 +0800] "GET /xingrg/check_reg.html?_=1689221888876 HTTP/1.1" 200 22
