180.169.147.146 - - [13/Jul/2023:10:44:40 +0800] "GET /xingrg/all/function/internal_message.html?_=1689216280903&CODE_STATE=getMsg HTTP/1.1" 200 27
180.169.147.146 - - [13/Jul/2023:10:44:41 +0800] "GET /xingrg/all/function/internal_message.html?_=1689216279818&CODE_STATE=getMsg HTTP/1.1" 200 27
180.163.30.100 - - [13/Jul/2023:10:44:41 +0800] "GET /xingrg/all/function/internal_message.html?_=1689216220921&CODE_STATE=getMsg HTTP/1.1" 302 -
180.163.30.100 - - [13/Jul/2023:10:44:41 +0800] "GET /xingrg/login.html HTTP/1.1" 200 7641
120.253.135.82 - - [13/Jul/2023:10:44:43 +0800] "POST /xingrg/kc/pszx/mdps_order_operate.html HTTP/1.1" 200 12
124.78.70.128 - - [13/Jul/2023:10:44:43 +0800] "GET /xingrg/kc/buy/cgsh_order_operate.html?command=get_materiel&rest_code=00141&code=00101008283&supplier_code=00100007&order_time=2023-07-13 HTTP/1.1" 200 408
116.232.195.127 - - [13/Jul/2023:10:44:44 +0800] "GET /xingrg/all/function/internal_message.html?_=1689216259390&CODE_STATE=getMsg HTTP/1.1" 200 27
222.70.172.54 - - [13/Jul/2023:10:44:46 +0800] "GET /xingrg/all/function/internal_message.html?_=1689216300703&CODE_STATE=getMsg HTTP/1.1" 200 27
180.165.154.167 - - [13/Jul/2023:10:44:47 +0800] "GET /xingrg/all/function/internal_message.html?_=1689216286428&CODE_STATE=getMsg HTTP/1.1" 200 27
222.70.172.54 - - [13/Jul/2023:10:44:49 +0800] "GET /xingrg/kc/buy/cgsh_order_operate.html?command=get_materiel&rest_code=00146&code=00101008210&supplier_code=00100005&order_time=2023-07-13 HTTP/1.1" 200 408
114.83.218.88 - - [13/Jul/2023:10:44:50 +0800] "GET /xingrg/all/function/internal_message.html?_=1689216289592&CODE_STATE=getMsg HTTP/1.1" 200 27
114.83.218.88 - - [13/Jul/2023:10:44:51 +0800] "GET /xingrg/check_reg.html?_=1689216290254 HTTP/1.1" 200 22
124.78.70.128 - - [13/Jul/2023:10:44:51 +0800] "GET /xingrg/all/function/internal_message.html?_=1689216289953&CODE_STATE=getMsg HTTP/1.1" 200 27
222.70.114.12 - - [13/Jul/2023:10:44:54 +0800] "GET /xingrg/all/function/internal_message.html?_=1689216302090&CODE_STATE=getMsg HTTP/1.1" 302 -
114.89.203.254 - - [13/Jul/2023:10:44:55 +0800] "GET /xingrg/check_reg.html?_=1689216301247 HTTP/1.1" 200 22
114.89.203.254 - - [13/Jul/2023:10:44:55 +0800] "GET /xingrg/all/function/internal_message.html?_=1689216301266&CODE_STATE=getMsg HTTP/1.1" 200 27
180.169.147.146 - - [13/Jul/2023:10:44:56 +0800] "GET /xingrg/all/function/internal_message.html?_=1689216286811&CODE_STATE=getMsg HTTP/1.1" 200 27
114.83.219.27 - - [13/Jul/2023:10:44:57 +0800] "GET /xingrg/all/function/internal_message.html?_=1689216416101&CODE_STATE=getMsg HTTP/1.1" 200 27
222.70.172.54 - - [13/Jul/2023:10:45:02 +0800] "GET /xingrg/kc/buy/cgsh_order_operate.html?command=get_materiel&rest_code=00146&code=00101008176&supplier_code=00100005&order_time=2023-07-13 HTTP/1.1" 200 413
218.81.66.93 - - [13/Jul/2023:10:45:02 +0800] "GET /favicon.ico HTTP/1.1" 404 -
222.70.180.90 - - [13/Jul/2023:10:45:06 +0800] "GET /xingrg/all/function/internal_message.html?_=1689216304073&CODE_STATE=getMsg HTTP/1.1" 200 27
116.238.191.126 - - [13/Jul/2023:10:45:07 +0800] "GET /xingrg/all/function/internal_message.html?_=1689216305053&CODE_STATE=getMsg HTTP/1.1" 200 27
124.78.70.128 - - [13/Jul/2023:10:45:15 +0800] "GET /xingrg/all/function/internal_message.html?_=1689215792885&CODE_STATE=getMsg HTTP/1.1" 200 27
114.95.42.59 - - [13/Jul/2023:10:45:16 +0800] "GET /xingrg/all/function/internal_message.html?_=1689216131261&CODE_STATE=getMsg HTTP/1.1" 200 27
124.78.70.128 - - [13/Jul/2023:10:45:18 +0800] "GET /xingrg/kc/buy/cgsh_order_operate.html?command=get_materiel&rest_code=00141&code=00101008372&supplier_code=00100007&order_time=2023-07-13 HTTP/1.1" 200 408
180.169.147.146 - - [13/Jul/2023:10:45:26 +0800] "GET /xingrg/all/function/internal_message.html?_=1689216322125&CODE_STATE=getMsg HTTP/1.1" 200 27
180.169.147.146 - - [13/Jul/2023:10:45:26 +0800] "GET /xingrg/check_reg.html?_=1689216322154 HTTP/1.1" 200 22
124.78.70.128 - - [13/Jul/2023:10:45:27 +0800] "GET /xingrg/kc/buy/cgsh_order_operate.html?command=get_materiel&rest_code=00141&code=00101008239&supplier_code=00100007&order_time=2023-07-13 HTTP/1.1" 200 416
180.165.154.167 - - [13/Jul/2023:10:45:32 +0800] "GET /xingrg/check_reg.html?_=1689216331253 HTTP/1.1" 200 22
114.95.42.59 - - [13/Jul/2023:10:45:34 +0800] "GET /xingrg/all/function/internal_message.html?_=1689216335797&CODE_STATE=getMsg HTTP/1.1" 200 27
222.70.172.54 - - [13/Jul/2023:10:45:37 +0800] "GET /xingrg/kc/buy/cgsh_order_operate.html?command=get_materiel&rest_code=00146&code=00101008027&supplier_code=00100005&order_time=2023-07-13 HTTP/1.1" 200 409
61.170.233.201 - - [13/Jul/2023:10:45:37 +0800] "GET /xingrg/all/function/internal_message.html?_=1689216328768&CODE_STATE=getMsg HTTP/1.1" 200 27
114.89.203.254 - - [13/Jul/2023:10:45:39 +0800] "GET /xingrg/all/function/internal_message.html?_=1689216339900&CODE_STATE=getMsg HTTP/1.1" 200 27
180.169.147.146 - - [13/Jul/2023:10:45:40 +0800] "GET /xingrg/all/function/internal_message.html?_=1689216339812&CODE_STATE=getMsg HTTP/1.1" 200 27
180.169.147.146 - - [13/Jul/2023:10:45:41 +0800] "GET /xingrg/all/function/internal_message.html?_=1689216340917&CODE_STATE=getMsg HTTP/1.1" 200 27
116.232.195.127 - - [13/Jul/2023:10:45:44 +0800] "GET /xingrg/all/function/internal_message.html?_=1689216319378&CODE_STATE=getMsg HTTP/1.1" 200 27
222.70.172.54 - - [13/Jul/2023:10:45:46 +0800] "GET /xingrg/all/function/internal_message.html?_=1689216360718&CODE_STATE=getMsg HTTP/1.1" 200 27
180.165.154.167 - - [13/Jul/2023:10:45:47 +0800] "GET /xingrg/all/function/internal_message.html?_=1689216346415&CODE_STATE=getMsg HTTP/1.1" 200 27
120.253.135.82 - - [13/Jul/2023:10:45:48 +0800] "GET /xingrg/kc/pszx/mdps_order_info.html?code=312023071200279 HTTP/1.1" 200 19638
120.253.135.82 - - [13/Jul/2023:10:45:48 +0800] "GET /xingrg/javascript/easyui/themes/default/validatebox.css HTTP/1.1" 404 1104
120.253.135.82 - - [13/Jul/2023:10:45:48 +0800] "GET /xingrg/check_reg.html?_=1689216174175 HTTP/1.1" 200 22
120.253.135.82 - - [13/Jul/2023:10:45:48 +0800] "GET /xingrg/all/function/internal_message.html?_=1689216174176&CODE_STATE=getMsg HTTP/1.1" 200 27
120.253.135.82 - - [13/Jul/2023:10:45:49 +0800] "POST /xingrg/kc/pszx/mdps_order_operate.html HTTP/1.1" 200 10665
114.83.218.88 - - [13/Jul/2023:10:45:50 +0800] "GET /xingrg/all/function/internal_message.html?_=1689216349568&CODE_STATE=getMsg HTTP/1.1" 200 27
124.78.70.128 - - [13/Jul/2023:10:45:51 +0800] "GET /xingrg/all/function/internal_message.html?_=1689216349953&CODE_STATE=getMsg HTTP/1.1" 200 27
222.70.172.54 - - [13/Jul/2023:10:45:52 +0800] "GET /xingrg/kc/buy/cgsh_order_operate.html?command=get_materiel&rest_code=00146&code=00101008132&supplier_code=00100005&order_time=2023-07-13 HTTP/1.1" 200 408
222.70.114.12 - - [13/Jul/2023:10:45:54 +0800] "GET /xingrg/all/function/internal_message.html?_=1689216362089&CODE_STATE=getMsg HTTP/1.1" 302 -
114.89.203.254 - - [13/Jul/2023:10:45:55 +0800] "GET /xingrg/all/function/internal_message.html?_=1689216361240&CODE_STATE=getMsg HTTP/1.1" 200 27
180.169.147.146 - - [13/Jul/2023:10:45:56 +0800] "GET /xingrg/all/function/internal_message.html?_=1689216346795&CODE_STATE=getMsg HTTP/1.1" 200 27
114.83.219.27 - - [13/Jul/2023:10:45:57 +0800] "GET /xingrg/all/function/internal_message.html?_=1689216476092&CODE_STATE=getMsg HTTP/1.1" 200 27
120.253.135.82 - - [13/Jul/2023:10:45:58 +0800] "POST /xingrg/kc/pszx/mdps_list_operate.html HTTP/1.1" 200 578
120.253.135.82 - - [13/Jul/2023:10:46:00 +0800] "GET /xingrg/kc/pszx/mdps_order_info.html?code=312023071200283 HTTP/1.1" 200 23978
120.253.135.82 - - [13/Jul/2023:10:46:00 +0800] "GET /xingrg/javascript/easyui/themes/default/validatebox.css HTTP/1.1" 404 1104
120.253.135.82 - - [13/Jul/2023:10:46:00 +0800] "POST /xingrg/kc/pszx/mdps_order_operate.html HTTP/1.1" 200 5688
222.70.172.54 - - [13/Jul/2023:10:46:04 +0800] "GET /xingrg/kc/buy/cgsh_order_operate.html?command=get_materiel&rest_code=00146&code=00101008244&supplier_code=00100005&order_time=2023-07-13 HTTP/1.1" 200 408
222.70.180.90 - - [13/Jul/2023:10:46:06 +0800] "GET /xingrg/all/function/internal_message.html?_=1689216364085&CODE_STATE=getMsg HTTP/1.1" 200 27
120.253.135.82 - - [13/Jul/2023:10:46:07 +0800] "POST /xingrg/kc/pszx/mdps_order_operate.html HTTP/1.1" 200 37
116.238.191.126 - - [13/Jul/2023:10:46:07 +0800] "GET /xingrg/check_reg.html?_=1689216365051 HTTP/1.1" 200 22
116.238.191.126 - - [13/Jul/2023:10:46:07 +0800] "GET /xingrg/all/function/internal_message.html?_=1689216365055&CODE_STATE=getMsg HTTP/1.1" 200 27
120.253.135.82 - - [13/Jul/2023:10:46:11 +0800] "POST /xingrg/kc/pszx/mdps_order_operate.html HTTP/1.1" 200 12
124.78.70.128 - - [13/Jul/2023:10:46:15 +0800] "GET /xingrg/check_reg.html?_=1689215852871 HTTP/1.1" 200 22
124.78.70.128 - - [13/Jul/2023:10:46:15 +0800] "GET /xingrg/all/function/internal_message.html?_=1689215852873&CODE_STATE=getMsg HTTP/1.1" 200 27
114.95.42.59 - - [13/Jul/2023:10:46:16 +0800] "GET /xingrg/all/function/internal_message.html?_=1689216191231&CODE_STATE=getMsg HTTP/1.1" 200 27
222.70.172.54 - - [13/Jul/2023:10:46:19 +0800] "GET /xingrg/kc/buy/cgsh_order_operate.html?command=get_materiel&rest_code=00146&code=00101008246&supplier_code=00100005&order_time=2023-07-13 HTTP/1.1" 200 408
180.169.147.146 - - [13/Jul/2023:10:46:26 +0800] "GET /xingrg/all/function/internal_message.html?_=1689216382135&CODE_STATE=getMsg HTTP/1.1" 200 27
218.81.66.93 - - [13/Jul/2023:10:46:27 +0800] "GET /xingrg/check_reg.html?_=1689216387752 HTTP/1.1" 302 -
120.253.135.82 - - [13/Jul/2023:10:46:29 +0800] "GET /xingrg/kc/pszx/mdps_order_info.html?code=312023071200283 HTTP/1.1" 200 19638
120.253.135.82 - - [13/Jul/2023:10:46:29 +0800] "GET /xingrg/javascript/easyui/themes/default/validatebox.css HTTP/1.1" 404 1104
120.253.135.82 - - [13/Jul/2023:10:46:29 +0800] "POST /xingrg/kc/pszx/mdps_order_operate.html HTTP/1.1" 200 3880
222.70.172.54 - - [13/Jul/2023:10:46:30 +0800] "GET /xingrg/kc/buy/cgsh_order_operate.html?command=get_materiel&rest_code=00146&code=00101008264&supplier_code=00100005&order_time=2023-07-13 HTTP/1.1" 200 412
114.95.42.59 - - [13/Jul/2023:10:46:34 +0800] "GET /xingrg/all/function/internal_message.html?_=1689216395769&CODE_STATE=getMsg HTTP/1.1" 200 27
120.253.135.82 - - [13/Jul/2023:10:46:36 +0800] "POST /xingrg/kc/pszx/mdps_list_operate.html HTTP/1.1" 200 3931
61.170.233.201 - - [13/Jul/2023:10:46:37 +0800] "GET /xingrg/all/function/internal_message.html?_=1689216388771&CODE_STATE=getMsg HTTP/1.1" 200 27
114.89.203.254 - - [13/Jul/2023:10:46:39 +0800] "GET /xingrg/all/function/internal_message.html?_=1689216399899&CODE_STATE=getMsg HTTP/1.1" 200 27
180.169.147.146 - - [13/Jul/2023:10:46:41 +0800] "GET /xingrg/all/function/internal_message.html?_=1689216400913&CODE_STATE=getMsg HTTP/1.1" 200 27
180.169.147.146 - - [13/Jul/2023:10:46:41 +0800] "GET /xingrg/all/function/internal_message.html?_=1689216399821&CODE_STATE=getMsg HTTP/1.1" 200 27
180.169.147.146 - - [13/Jul/2023:10:46:41 +0800] "GET /xingrg/check_reg.html?_=1689216400922 HTTP/1.1" 200 22
222.70.172.54 - - [13/Jul/2023:10:46:44 +0800] "GET /xingrg/kc/buy/cgsh_order_operate.html?command=get_materiel&rest_code=00146&code=00101008300&supplier_code=00100005&order_time=2023-07-13 HTTP/1.1" 200 412
116.232.195.127 - - [13/Jul/2023:10:46:44 +0800] "GET /xingrg/all/function/internal_message.html?_=1689216379350&CODE_STATE=getMsg HTTP/1.1" 200 27
222.70.172.54 - - [13/Jul/2023:10:46:46 +0800] "GET /xingrg/all/function/internal_message.html?_=1689216420736&CODE_STATE=getMsg HTTP/1.1" 200 27
180.165.154.167 - - [13/Jul/2023:10:46:47 +0800] "GET /xingrg/all/function/internal_message.html?_=1689216406393&CODE_STATE=getMsg HTTP/1.1" 200 27
120.253.135.82 - - [13/Jul/2023:10:46:48 +0800] "GET /xingrg/all/function/internal_message.html?_=1689216234190&CODE_STATE=getMsg HTTP/1.1" 200 27
114.83.218.88 - - [13/Jul/2023:10:46:50 +0800] "GET /xingrg/all/function/internal_message.html?_=1689216409554&CODE_STATE=getMsg HTTP/1.1" 200 27
124.78.70.128 - - [13/Jul/2023:10:46:51 +0800] "GET /xingrg/all/function/internal_message.html?_=1689216409952&CODE_STATE=getMsg HTTP/1.1" 200 27
120.253.135.82 - - [13/Jul/2023:10:46:52 +0800] "POST /xingrg/kc/pszx/mdps_list_operate.html HTTP/1.1" 200 285
120.253.135.82 - - [13/Jul/2023:10:46:53 +0800] "GET /xingrg/kc/pszx/mdps_order_info.html?code=312023071200285 HTTP/1.1" 200 23978
120.253.135.82 - - [13/Jul/2023:10:46:53 +0800] "GET /xingrg/javascript/easyui/themes/default/validatebox.css HTTP/1.1" 404 1104
222.70.114.12 - - [13/Jul/2023:10:46:53 +0800] "GET /xingrg/all/function/internal_message.html?_=1689216422080&CODE_STATE=getMsg HTTP/1.1" 302 -
222.70.114.12 - - [13/Jul/2023:10:46:54 +0800] "GET /xingrg/check_reg.html?_=1689216422083 HTTP/1.1" 302 -
120.253.135.82 - - [13/Jul/2023:10:46:54 +0800] "POST /xingrg/kc/pszx/mdps_order_operate.html HTTP/1.1" 200 2788
114.89.203.254 - - [13/Jul/2023:10:46:55 +0800] "GET /xingrg/all/function/internal_message.html?_=1689216421238&CODE_STATE=getMsg HTTP/1.1" 200 27
180.169.147.146 - - [13/Jul/2023:10:46:56 +0800] "GET /xingrg/all/function/internal_message.html?_=1689216406777&CODE_STATE=getMsg HTTP/1.1" 200 27
114.83.219.27 - - [13/Jul/2023:10:46:57 +0800] "GET /xingrg/all/function/internal_message.html?_=1689216536102&CODE_STATE=getMsg HTTP/1.1" 200 27
114.83.219.27 - - [13/Jul/2023:10:46:57 +0800] "GET /xingrg/check_reg.html?_=1689216536103 HTTP/1.1" 200 22
222.70.172.54 - - [13/Jul/2023:10:46:57 +0800] "GET /xingrg/kc/buy/cgsh_order_operate.html?command=get_materiel&rest_code=00146&code=00101008357&supplier_code=00100005&order_time=2023-07-13 HTTP/1.1" 200 408
120.253.135.82 - - [13/Jul/2023:10:46:58 +0800] "POST /xingrg/kc/pszx/mdps_order_operate.html HTTP/1.1" 200 37
222.70.172.54 - - [13/Jul/2023:10:46:59 +0800] "GET /favicon.ico HTTP/1.1" 404 -
120.253.135.82 - - [13/Jul/2023:10:47:01 +0800] "POST /xingrg/kc/pszx/mdps_order_operate.html HTTP/1.1" 200 12
120.253.135.82 - - [13/Jul/2023:10:47:03 +0800] "GET /xingrg/kc/pszx/mdps_order_info.html?code=312023071200285 HTTP/1.1" 200 19638
120.253.135.82 - - [13/Jul/2023:10:47:04 +0800] "GET /xingrg/javascript/easyui/themes/default/validatebox.css HTTP/1.1" 404 1104
120.253.135.82 - - [13/Jul/2023:10:47:04 +0800] "POST /xingrg/kc/pszx/mdps_order_operate.html HTTP/1.1" 200 1006
222.70.180.90 - - [13/Jul/2023:10:47:06 +0800] "GET /xingrg/all/function/internal_message.html?_=1689216424076&CODE_STATE=getMsg HTTP/1.1" 200 27
116.238.191.126 - - [13/Jul/2023:10:47:07 +0800] "GET /xingrg/all/function/internal_message.html?_=1689216425058&CODE_STATE=getMsg HTTP/1.1" 200 27
120.253.135.82 - - [13/Jul/2023:10:47:08 +0800] "POST /xingrg/kc/pszx/mdps_list_operate.html HTTP/1.1" 200 3560
124.78.70.128 - - [13/Jul/2023:10:47:10 +0800] "GET /xingrg/kc/buy/cgsh_order_operate.html?command=get_materiel&rest_code=00141&code=00101008112&supplier_code=00100007&order_time=2023-07-13 HTTP/1.1" 200 412
124.78.70.128 - - [13/Jul/2023:10:47:15 +0800] "GET /xingrg/all/function/internal_message.html?_=1689215912850&CODE_STATE=getMsg HTTP/1.1" 200 27
124.78.70.128 - - [13/Jul/2023:10:47:16 +0800] "POST /xingrg/kc/buy/cgsh_order_operate.html HTTP/1.1" 200 2065
114.95.42.59 - - [13/Jul/2023:10:47:16 +0800] "GET /xingrg/all/function/internal_message.html?_=1689216251214&CODE_STATE=getMsg HTTP/1.1" 200 27
124.78.70.128 - - [13/Jul/2023:10:47:22 +0800] "GET /xingrg/kc/buy/cgsh_order_operate.html?command=get_materiel&rest_code=00141&code=00101008185&supplier_code=00100007&order_time=2023-07-13 HTTP/1.1" 200 408
120.253.135.82 - - [13/Jul/2023:10:47:25 +0800] "POST /xingrg/kc/pszx/mdps_list_operate.html HTTP/1.1" 200 273
180.169.147.146 - - [13/Jul/2023:10:47:26 +0800] "GET /xingrg/all/function/internal_message.html?_=1689216442191&CODE_STATE=getMsg HTTP/1.1" 200 27
120.253.135.82 - - [13/Jul/2023:10:47:27 +0800] "GET /xingrg/kc/pszx/mdps_order_info.html?code=312023071200288 HTTP/1.1" 200 23978
120.253.135.82 - - [13/Jul/2023:10:47:27 +0800] "GET /xingrg/javascript/easyui/themes/default/validatebox.css HTTP/1.1" 404 1104
222.70.172.54 - - [13/Jul/2023:10:47:28 +0800] "GET /xingrg/kc/buy/cgsh_order_operate.html?command=get_materiel&rest_code=00146&code=00101008296&supplier_code=00100005&order_time=2023-07-13 HTTP/1.1" 200 416
120.253.135.82 - - [13/Jul/2023:10:47:28 +0800] "POST /xingrg/kc/pszx/mdps_order_operate.html HTTP/1.1" 200 2757
120.253.135.82 - - [13/Jul/2023:10:47:33 +0800] "POST /xingrg/kc/pszx/mdps_order_operate.html HTTP/1.1" 200 37
114.95.42.59 - - [13/Jul/2023:10:47:34 +0800] "GET /xingrg/all/function/internal_message.html?_=1689216455745&CODE_STATE=getMsg HTTP/1.1" 200 27
180.169.147.146 - - [13/Jul/2023:10:47:35 +0800] "GET /xingrg/check_reg.html?_=1689216445669 HTTP/1.1" 200 22
61.170.233.201 - - [13/Jul/2023:10:47:37 +0800] "GET /xingrg/all/function/internal_message.html?_=1689216448769&CODE_STATE=getMsg HTTP/1.1" 200 27
120.253.135.82 - - [13/Jul/2023:10:47:37 +0800] "POST /xingrg/kc/pszx/mdps_order_operate.html HTTP/1.1" 200 12
120.253.135.82 - - [13/Jul/2023:10:47:38 +0800] "GET /xingrg/kc/pszx/mdps_order_info.html?code=312023071200288 HTTP/1.1" 200 19638
222.70.172.54 - - [13/Jul/2023:10:47:38 +0800] "GET /xingrg/kc/buy/cgsh_order_operate.html?command=get_materiel&rest_code=00146&code=00101008213&supplier_code=00100005&order_time=2023-07-13 HTTP/1.1" 200 412
114.89.203.254 - - [13/Jul/2023:10:47:39 +0800] "GET /xingrg/all/function/internal_message.html?_=1689216459893&CODE_STATE=getMsg HTTP/1.1" 200 27
120.253.135.82 - - [13/Jul/2023:10:47:39 +0800] "GET /xingrg/javascript/easyui/themes/default/validatebox.css HTTP/1.1" 404 1104
120.253.135.82 - - [13/Jul/2023:10:47:39 +0800] "POST /xingrg/kc/pszx/mdps_order_operate.html HTTP/1.1" 200 975
124.78.70.128 - - [13/Jul/2023:10:47:40 +0800] "GET /xingrg/kc/buy/cgsh_order_operate.html?command=get_materiel&rest_code=00141&code=00101008351&supplier_code=00100007&order_time=2023-07-13 HTTP/1.1" 200 408
180.169.147.146 - - [13/Jul/2023:10:47:40 +0800] "GET /xingrg/all/function/internal_message.html?_=1689216459810&CODE_STATE=getMsg HTTP/1.1" 200 27
180.169.147.146 - - [13/Jul/2023:10:47:40 +0800] "GET /xingrg/all/function/internal_message.html?_=1689216460911&CODE_STATE=getMsg HTTP/1.1" 200 27
116.232.195.127 - - [13/Jul/2023:10:47:42 +0800] "GET /xingrg/check_reg.html?_=1689216436892 HTTP/1.1" 200 22
116.232.195.127 - - [13/Jul/2023:10:47:44 +0800] "GET /xingrg/all/function/internal_message.html?_=1689216439347&CODE_STATE=getMsg HTTP/1.1" 200 27
222.70.172.54 - - [13/Jul/2023:10:47:46 +0800] "GET /xingrg/all/function/internal_message.html?_=1689216480745&CODE_STATE=getMsg HTTP/1.1" 200 27
180.165.154.167 - - [13/Jul/2023:10:47:47 +0800] "GET /xingrg/all/function/internal_message.html?_=1689216466364&CODE_STATE=getMsg HTTP/1.1" 200 27
120.253.135.82 - - [13/Jul/2023:10:47:48 +0800] "GET /xingrg/all/function/internal_message.html?_=1689216294202&CODE_STATE=getMsg HTTP/1.1" 200 27
114.83.218.88 - - [13/Jul/2023:10:47:50 +0800] "GET /xingrg/all/function/internal_message.html?_=1689216469539&CODE_STATE=getMsg HTTP/1.1" 200 27
124.78.70.128 - - [13/Jul/2023:10:47:51 +0800] "GET /xingrg/all/function/internal_message.html?_=1689216469953&CODE_STATE=getMsg HTTP/1.1" 200 27
222.70.172.54 - - [13/Jul/2023:10:47:51 +0800] "GET /xingrg/kc/buy/cgsh_order_operate.html?command=get_materiel&rest_code=00146&code=00101008283&supplier_code=00100005&order_time=2023-07-13 HTTP/1.1" 200 408
120.253.135.82 - - [13/Jul/2023:10:47:52 +0800] "POST /xingrg/kc/pszx/mdps_list_operate.html HTTP/1.1" 200 3189
222.70.172.54 - - [13/Jul/2023:10:47:52 +0800] "GET /xingrg/check_reg.html?_=1689216486391 HTTP/1.1" 200 22
120.253.135.82 - - [13/Jul/2023:10:47:53 +0800] "POST /xingrg/kc/pszx/mdps_list_operate.html HTTP/1.1" 200 202
222.70.114.12 - - [13/Jul/2023:10:47:53 +0800] "GET /xingrg/all/function/internal_message.html?_=1689216482081&CODE_STATE=getMsg HTTP/1.1" 302 -
120.253.135.82 - - [13/Jul/2023:10:47:54 +0800] "GET /xingrg/kc/pszx/mdps_order_info.html?code=312023071000238 HTTP/1.1" 200 23984
114.89.203.254 - - [13/Jul/2023:10:47:55 +0800] "GET /xingrg/all/function/internal_message.html?_=1689216481236&CODE_STATE=getMsg HTTP/1.1" 200 27
120.253.135.82 - - [13/Jul/2023:10:47:55 +0800] "GET /xingrg/javascript/easyui/themes/default/validatebox.css HTTP/1.1" 404 1104
120.253.135.82 - - [13/Jul/2023:10:47:55 +0800] "POST /xingrg/kc/pszx/mdps_order_operate.html HTTP/1.1" 200 2281
180.169.147.146 - - [13/Jul/2023:10:47:56 +0800] "GET /xingrg/all/function/internal_message.html?_=1689216466762&CODE_STATE=getMsg HTTP/1.1" 200 27
114.83.219.27 - - [13/Jul/2023:10:47:57 +0800] "GET /xingrg/all/function/internal_message.html?_=1689216596098&CODE_STATE=getMsg HTTP/1.1" 200 27
120.253.135.82 - - [13/Jul/2023:10:47:59 +0800] "POST /xingrg/kc/pszx/mdps_order_operate.html HTTP/1.1" 200 37
124.78.70.128 - - [13/Jul/2023:10:48:00 +0800] "GET /xingrg/kc/buy/cgsh_order_operate.html?command=get_materiel&rest_code=00141&code=00101008396&supplier_code=00100007&order_time=2023-07-13 HTTP/1.1" 200 412
120.253.135.82 - - [13/Jul/2023:10:48:02 +0800] "POST /xingrg/kc/pszx/mdps_order_operate.html HTTP/1.1" 200 12
124.78.70.128 - - [13/Jul/2023:10:48:03 +0800] "POST /xingrg/kc/buy/cgsh_order_operate.html HTTP/1.1" 200 2065
222.70.172.54 - - [13/Jul/2023:10:48:06 +0800] "GET /xingrg/kc/buy/cgsh_order_operate.html?command=get_materiel&rest_code=00146&code=00101008201&supplier_code=00100005&order_time=2023-07-13 HTTP/1.1" 200 412
222.70.180.90 - - [13/Jul/2023:10:48:06 +0800] "GET /xingrg/check_reg.html?_=1689216484080 HTTP/1.1" 200 22
222.70.180.90 - - [13/Jul/2023:10:48:06 +0800] "GET /xingrg/all/function/internal_message.html?_=1689216484075&CODE_STATE=getMsg HTTP/1.1" 200 27
116.238.191.126 - - [13/Jul/2023:10:48:07 +0800] "GET /xingrg/all/function/internal_message.html?_=1689216485059&CODE_STATE=getMsg HTTP/1.1" 200 27
120.253.135.82 - - [13/Jul/2023:10:48:10 +0800] "GET /xingrg/kc/pszx/mdps_order_info.html?code=312023071000238 HTTP/1.1" 200 19644
120.253.135.82 - - [13/Jul/2023:10:48:10 +0800] "GET /xingrg/javascript/easyui/themes/default/validatebox.css HTTP/1.1" 404 1104
120.253.135.82 - - [13/Jul/2023:10:48:11 +0800] "POST /xingrg/kc/pszx/mdps_order_operate.html HTTP/1.1" 200 502
124.78.70.128 - - [13/Jul/2023:10:48:12 +0800] "GET /xingrg/kc/buy/cgsh_order_operate.html?command=get_materiel&rest_code=00141&code=00101008163&supplier_code=00100007&order_time=2023-07-13 HTTP/1.1" 200 409
120.253.135.82 - - [13/Jul/2023:10:48:12 +0800] "POST /xingrg/kc/pszx/mdps_list_operate.html HTTP/1.1" 200 2809
120.253.135.82 - - [13/Jul/2023:10:48:14 +0800] "POST /xingrg/kc/pszx/mdps_list_operate.html HTTP/1.1" 200 597
124.78.70.128 - - [13/Jul/2023:10:48:15 +0800] "GET /xingrg/all/function/internal_message.html?_=1689215972823&CODE_STATE=getMsg HTTP/1.1" 200 27
120.253.135.82 - - [13/Jul/2023:10:48:16 +0800] "GET /xingrg/kc/pszx/mdps_order_info.html?code=312023071200282 HTTP/1.1" 200 23978
114.95.42.59 - - [13/Jul/2023:10:48:16 +0800] "GET /xingrg/all/function/internal_message.html?_=1689216311198&CODE_STATE=getMsg HTTP/1.1" 200 27
120.253.135.82 - - [13/Jul/2023:10:48:16 +0800] "GET /xingrg/javascript/easyui/themes/default/validatebox.css HTTP/1.1" 404 1104
120.253.135.82 - - [13/Jul/2023:10:48:16 +0800] "POST /xingrg/kc/pszx/mdps_order_operate.html HTTP/1.1" 200 5790
120.253.135.82 - - [13/Jul/2023:10:48:21 +0800] "POST /xingrg/kc/pszx/mdps_order_operate.html HTTP/1.1" 200 37
222.70.172.54 - - [13/Jul/2023:10:48:23 +0800] "GET /xingrg/kc/buy/cgsh_order_operate.html?command=get_materiel&rest_code=00146&code=00101008072&supplier_code=00100005&order_time=2023-07-13 HTTP/1.1" 200 408
120.253.135.82 - - [13/Jul/2023:10:48:26 +0800] "POST /xingrg/kc/pszx/mdps_order_operate.html HTTP/1.1" 200 12
180.169.147.146 - - [13/Jul/2023:10:48:26 +0800] "GET /xingrg/all/function/internal_message.html?_=1689216502160&CODE_STATE=getMsg HTTP/1.1" 200 27
222.70.172.54 - - [13/Jul/2023:10:48:30 +0800] "POST /xingrg/kc/buy/cgsh_order_operate.html HTTP/1.1" 200 2065
124.78.70.128 - - [13/Jul/2023:10:48:33 +0800] "GET /xingrg/kc/buy/cgsh_order_operate.html?command=get_materiel&rest_code=00141&code=00101008148&supplier_code=00100007&order_time=2023-07-13 HTTP/1.1" 200 416
114.95.42.59 - - [13/Jul/2023:10:48:34 +0800] "GET /xingrg/all/function/internal_message.html?_=1689216515715&CODE_STATE=getMsg HTTP/1.1" 200 27
61.170.233.201 - - [13/Jul/2023:10:48:37 +0800] "GET /xingrg/check_reg.html?_=1689216508782 HTTP/1.1" 200 22
61.170.233.201 - - [13/Jul/2023:10:48:37 +0800] "GET /xingrg/all/function/internal_message.html?_=1689216508776&CODE_STATE=getMsg HTTP/1.1" 200 27
222.70.172.54 - - [13/Jul/2023:10:48:37 +0800] "GET /xingrg/kc/buy/cgsh_order_operate.html?command=get_materiel&rest_code=00146&code=00101008049&supplier_code=00100005&order_time=2023-07-13 HTTP/1.1" 200 408
114.89.203.254 - - [13/Jul/2023:10:48:39 +0800] "GET /xingrg/all/function/internal_message.html?_=1689216519888&CODE_STATE=getMsg HTTP/1.1" 200 27
180.169.147.146 - - [13/Jul/2023:10:48:40 +0800] "GET /xingrg/all/function/internal_message.html?_=1689216520911&CODE_STATE=getMsg HTTP/1.1" 200 27
180.169.147.146 - - [13/Jul/2023:10:48:41 +0800] "GET /xingrg/all/function/internal_message.html?_=1689216519824&CODE_STATE=getMsg HTTP/1.1" 200 27
180.169.147.146 - - [13/Jul/2023:10:48:41 +0800] "GET /xingrg/check_reg.html?_=1689216519825 HTTP/1.1" 200 22
180.163.29.217 - - [13/Jul/2023:10:48:41 +0800] "GET /xingrg/all/function/internal_message.html?_=1689216460911&CODE_STATE=getMsg HTTP/1.1" 302 -
180.163.29.217 - - [13/Jul/2023:10:48:41 +0800] "GET /xingrg/login.html HTTP/1.1" 200 7641
120.253.135.82 - - [13/Jul/2023:10:48:41 +0800] "GET /xingrg/kc/pszx/mdps_order_info.html?code=312023071200282 HTTP/1.1" 200 19638
120.253.135.82 - - [13/Jul/2023:10:48:41 +0800] "GET /xingrg/javascript/easyui/themes/default/validatebox.css HTTP/1.1" 404 1104
120.253.135.82 - - [13/Jul/2023:10:48:42 +0800] "POST /xingrg/kc/pszx/mdps_order_operate.html HTTP/1.1" 200 3980
120.253.135.82 - - [13/Jul/2023:10:48:43 +0800] "POST /xingrg/kc/pszx/mdps_list_operate.html HTTP/1.1" 200 2437
124.78.70.128 - - [13/Jul/2023:10:48:44 +0800] "GET /xingrg/kc/buy/cgsh_order_operate.html?command=get_materiel&rest_code=00141&code=00101008264&supplier_code=00100007&order_time=2023-07-13 HTTP/1.1" 200 412
116.232.195.127 - - [13/Jul/2023:10:48:44 +0800] "GET /xingrg/all/function/internal_message.html?_=1689216499332&CODE_STATE=getMsg HTTP/1.1" 200 27
120.253.135.82 - - [13/Jul/2023:10:48:45 +0800] "POST /xingrg/kc/pszx/mdps_list_operate.html HTTP/1.1" 200 308
120.253.135.82 - - [13/Jul/2023:10:48:46 +0800] "GET /xingrg/kc/pszx/mdps_order_info.html?code=312023071200286 HTTP/1.1" 200 23978
222.70.172.54 - - [13/Jul/2023:10:48:46 +0800] "GET /xingrg/all/function/internal_message.html?_=1689216540759&CODE_STATE=getMsg HTTP/1.1" 200 27
120.253.135.82 - - [13/Jul/2023:10:48:47 +0800] "GET /xingrg/javascript/easyui/themes/default/validatebox.css HTTP/1.1" 404 1104
180.165.154.167 - - [13/Jul/2023:10:48:47 +0800] "GET /xingrg/all/function/internal_message.html?_=1689216526340&CODE_STATE=getMsg HTTP/1.1" 200 27
120.253.135.82 - - [13/Jul/2023:10:48:47 +0800] "POST /xingrg/kc/pszx/mdps_order_operate.html HTTP/1.1" 200 2813
120.253.135.82 - - [13/Jul/2023:10:48:48 +0800] "GET /xingrg/all/function/internal_message.html?_=1689216354216&CODE_STATE=getMsg HTTP/1.1" 200 27
114.83.218.88 - - [13/Jul/2023:10:48:50 +0800] "GET /xingrg/all/function/internal_message.html?_=1689216529524&CODE_STATE=getMsg HTTP/1.1" 200 27
124.78.70.128 - - [13/Jul/2023:10:48:51 +0800] "GET /xingrg/all/function/internal_message.html?_=1689216529963&CODE_STATE=getMsg HTTP/1.1" 200 27
124.78.70.128 - - [13/Jul/2023:10:48:51 +0800] "GET /xingrg/check_reg.html?_=1689216529964 HTTP/1.1" 200 22
120.253.135.82 - - [13/Jul/2023:10:48:52 +0800] "POST /xingrg/kc/pszx/mdps_order_operate.html HTTP/1.1" 200 37
222.70.114.12 - - [13/Jul/2023:10:48:53 +0800] "GET /xingrg/all/function/internal_message.html?_=1689216542079&CODE_STATE=getMsg HTTP/1.1" 302 -
114.89.203.254 - - [13/Jul/2023:10:48:55 +0800] "GET /xingrg/all/function/internal_message.html?_=1689216541236&CODE_STATE=getMsg HTTP/1.1" 200 27
222.70.172.54 - - [13/Jul/2023:10:48:55 +0800] "GET /xingrg/kc/buy/cgsh_order_operate.html?command=get_materiel&rest_code=00146&code=00101008185&supplier_code=00100005&order_time=2023-07-13 HTTP/1.1" 200 408
124.78.70.128 - - [13/Jul/2023:10:48:56 +0800] "GET /xingrg/kc/buy/cgsh_order_operate.html?command=get_materiel&rest_code=00141&code=00101008362&supplier_code=00100007&order_time=2023-07-13 HTTP/1.1" 200 408
180.169.147.146 - - [13/Jul/2023:10:48:56 +0800] "GET /xingrg/all/function/internal_message.html?_=1689216526745&CODE_STATE=getMsg HTTP/1.1" 200 27
120.253.135.82 - - [13/Jul/2023:10:48:56 +0800] "POST /xingrg/kc/pszx/mdps_order_operate.html HTTP/1.1" 200 12
114.83.219.27 - - [13/Jul/2023:10:48:57 +0800] "GET /xingrg/all/function/internal_message.html?_=1689216656110&CODE_STATE=getMsg HTTP/1.1" 200 27
120.253.135.82 - - [13/Jul/2023:10:48:59 +0800] "GET /xingrg/kc/pszx/mdps_order_info.html?code=312023071200286 HTTP/1.1" 200 19638
120.253.135.82 - - [13/Jul/2023:10:48:59 +0800] "GET /xingrg/javascript/easyui/themes/default/validatebox.css HTTP/1.1" 404 1104
120.253.135.82 - - [13/Jul/2023:10:49:00 +0800] "POST /xingrg/kc/pszx/mdps_order_operate.html HTTP/1.1" 200 1030
222.70.180.90 - - [13/Jul/2023:10:49:06 +0800] "GET /xingrg/all/function/internal_message.html?_=1689216544083&CODE_STATE=getMsg HTTP/1.1" 200 27
116.238.191.126 - - [13/Jul/2023:10:49:07 +0800] "GET /xingrg/all/function/internal_message.html?_=1689216545061&CODE_STATE=getMsg HTTP/1.1" 200 27
124.78.70.128 - - [13/Jul/2023:10:49:12 +0800] "GET /xingrg/kc/buy/cgsh_order_operate.html?command=get_materiel&rest_code=00141&code=00101008740&supplier_code=00100007&order_time=2023-07-13 HTTP/1.1" 200 399
120.253.135.82 - - [13/Jul/2023:10:49:14 +0800] "POST /xingrg/kc/pszx/mdps_list_operate.html HTTP/1.1" 200 2066
124.78.70.128 - - [13/Jul/2023:10:49:16 +0800] "GET /xingrg/all/function/internal_message.html?_=1689216032914&CODE_STATE=getMsg HTTP/1.1" 200 27
114.95.42.59 - - [13/Jul/2023:10:49:16 +0800] "GET /xingrg/all/function/internal_message.html?_=1689216371169&CODE_STATE=getMsg HTTP/1.1" 200 27
120.253.135.82 - - [13/Jul/2023:10:49:16 +0800] "POST /xingrg/kc/pszx/mdps_list_operate.html HTTP/1.1" 200 628
114.95.42.59 - - [13/Jul/2023:10:49:16 +0800] "GET /xingrg/check_reg.html?_=1689216371716 HTTP/1.1" 200 22
120.253.135.82 - - [13/Jul/2023:10:49:18 +0800] "GET /xingrg/kc/pszx/mdps_order_info.html?code=312023071200280 HTTP/1.1" 200 23978
120.253.135.82 - - [13/Jul/2023:10:49:18 +0800] "GET /xingrg/javascript/easyui/themes/default/validatebox.css HTTP/1.1" 404 1104
124.78.70.128 - - [13/Jul/2023:10:49:19 +0800] "POST /xingrg/kc/buy/cgsh_order_operate.html HTTP/1.1" 200 2065
120.253.135.82 - - [13/Jul/2023:10:49:19 +0800] "POST /xingrg/kc/pszx/mdps_order_operate.html HTTP/1.1" 200 7854
120.253.135.82 - - [13/Jul/2023:10:49:24 +0800] "POST /xingrg/kc/pszx/mdps_order_operate.html HTTP/1.1" 200 37
180.169.147.146 - - [13/Jul/2023:10:49:26 +0800] "GET /xingrg/all/function/internal_message.html?_=1689216562152&CODE_STATE=getMsg HTTP/1.1" 200 27
222.70.172.54 - - [13/Jul/2023:10:49:26 +0800] "GET /xingrg/kc/buy/cgsh_order_operate.html?command=get_materiel&rest_code=00146&code=00101008096&supplier_code=00100005&order_time=2023-07-13 HTTP/1.1" 200 413
120.253.135.82 - - [13/Jul/2023:10:49:28 +0800] "POST /xingrg/kc/pszx/mdps_order_operate.html HTTP/1.1" 200 12
120.253.135.82 - - [13/Jul/2023:10:49:33 +0800] "GET /xingrg/kc/pszx/mdps_order_info.html?code=312023071200280 HTTP/1.1" 200 19638
120.253.135.82 - - [13/Jul/2023:10:49:34 +0800] "GET /xingrg/javascript/easyui/themes/default/validatebox.css HTTP/1.1" 404 1104
114.95.42.59 - - [13/Jul/2023:10:49:34 +0800] "GET /xingrg/all/function/internal_message.html?_=1689216575692&CODE_STATE=getMsg HTTP/1.1" 200 27
120.253.135.82 - - [13/Jul/2023:10:49:34 +0800] "POST /xingrg/kc/pszx/mdps_order_operate.html HTTP/1.1" 200 6023
120.253.135.82 - - [13/Jul/2023:10:49:36 +0800] "POST /xingrg/kc/pszx/mdps_list_operate.html HTTP/1.1" 200 1694
114.95.42.59 - - [13/Jul/2023:10:49:36 +0800] "GET /xingrg/check_reg.html?_=1689216577568 HTTP/1.1" 200 22
61.170.233.201 - - [13/Jul/2023:10:49:37 +0800] "GET /xingrg/all/function/internal_message.html?_=1689216568782&CODE_STATE=getMsg HTTP/1.1" 200 27
222.70.172.54 - - [13/Jul/2023:10:49:37 +0800] "GET /xingrg/kc/buy/cgsh_order_operate.html?command=get_materiel&rest_code=00146&code=00101008038&supplier_code=00100005&order_time=2023-07-13 HTTP/1.1" 200 412
114.89.203.254 - - [13/Jul/2023:10:49:39 +0800] "GET /xingrg/all/function/internal_message.html?_=1689216579893&CODE_STATE=getMsg HTTP/1.1" 200 27
114.89.203.254 - - [13/Jul/2023:10:49:39 +0800] "GET /xingrg/check_reg.html?_=1689216579895 HTTP/1.1" 200 22
180.169.147.146 - - [13/Jul/2023:10:49:40 +0800] "GET /xingrg/all/function/internal_message.html?_=1689216580909&CODE_STATE=getMsg HTTP/1.1" 200 27
180.169.147.146 - - [13/Jul/2023:10:49:40 +0800] "GET /xingrg/all/function/internal_message.html?_=1689216579814&CODE_STATE=getMsg HTTP/1.1" 200 27
116.232.195.127 - - [13/Jul/2023:10:49:44 +0800] "GET /xingrg/all/function/internal_message.html?_=1689216559316&CODE_STATE=getMsg HTTP/1.1" 200 27
222.70.172.54 - - [13/Jul/2023:10:49:46 +0800] "GET /xingrg/all/function/internal_message.html?_=1689216600771&CODE_STATE=getMsg HTTP/1.1" 200 27
180.165.154.167 - - [13/Jul/2023:10:49:47 +0800] "GET /xingrg/all/function/internal_message.html?_=1689216586312&CODE_STATE=getMsg HTTP/1.1" 200 27
120.253.135.82 - - [13/Jul/2023:10:49:48 +0800] "GET /xingrg/all/function/internal_message.html?_=1689216414286&CODE_STATE=getMsg HTTP/1.1" 200 27
114.83.218.88 - - [13/Jul/2023:10:49:50 +0800] "GET /xingrg/all/function/internal_message.html?_=1689216589510&CODE_STATE=getMsg HTTP/1.1" 200 27
114.83.218.88 - - [13/Jul/2023:10:49:51 +0800] "GET /xingrg/check_reg.html?_=1689216590254 HTTP/1.1" 200 22
124.78.70.128 - - [13/Jul/2023:10:49:51 +0800] "GET /xingrg/all/function/internal_message.html?_=1689216589960&CODE_STATE=getMsg HTTP/1.1" 200 27
222.70.114.12 - - [13/Jul/2023:10:49:54 +0800] "GET /xingrg/all/function/internal_message.html?_=1689216602094&CODE_STATE=getMsg HTTP/1.1" 302 -
222.70.172.54 - - [13/Jul/2023:10:49:54 +0800] "POST /xingrg/kc/buy/cgsh_order_operate.html HTTP/1.1" 200 2065
114.89.203.254 - - [13/Jul/2023:10:49:55 +0800] "GET /xingrg/all/function/internal_message.html?_=1689216601236&CODE_STATE=getMsg HTTP/1.1" 200 27
114.89.203.254 - - [13/Jul/2023:10:49:55 +0800] "GET /xingrg/check_reg.html?_=1689216601252 HTTP/1.1" 200 22
180.169.147.146 - - [13/Jul/2023:10:49:56 +0800] "GET /xingrg/all/function/internal_message.html?_=1689216586728&CODE_STATE=getMsg HTTP/1.1" 200 27
114.83.219.27 - - [13/Jul/2023:10:49:57 +0800] "GET /xingrg/all/function/internal_message.html?_=1689216716097&CODE_STATE=getMsg HTTP/1.1" 200 27
222.70.172.54 - - [13/Jul/2023:10:50:06 +0800] "GET /xingrg/kc/buy/cgsh_order_operate.html?command=get_materiel&rest_code=00146&code=00101008004&supplier_code=00100005&order_time=2023-07-13 HTTP/1.1" 200 416
222.70.180.90 - - [13/Jul/2023:10:50:06 +0800] "GET /xingrg/all/function/internal_message.html?_=1689216604073&CODE_STATE=getMsg HTTP/1.1" 200 27
116.238.191.126 - - [13/Jul/2023:10:50:07 +0800] "GET /xingrg/all/function/internal_message.html?_=1689216605061&CODE_STATE=getMsg HTTP/1.1" 200 27
124.78.70.128 - - [13/Jul/2023:10:50:15 +0800] "GET /xingrg/all/function/internal_message.html?_=1689216092807&CODE_STATE=getMsg HTTP/1.1" 200 27
114.95.42.59 - - [13/Jul/2023:10:50:16 +0800] "GET /xingrg/all/function/internal_message.html?_=1689216431154&CODE_STATE=getMsg HTTP/1.1" 200 27
222.70.172.54 - - [13/Jul/2023:10:50:18 +0800] "GET /xingrg/kc/buy/cgsh_order_operate.html?command=get_materiel&rest_code=00146&code=00101008137&supplier_code=00100005&order_time=2023-07-13 HTTP/1.1" 200 408
180.169.147.146 - - [13/Jul/2023:10:50:26 +0800] "GET /xingrg/all/function/internal_message.html?_=1689216622184&CODE_STATE=getMsg HTTP/1.1" 200 27
180.169.147.146 - - [13/Jul/2023:10:50:26 +0800] "GET /xingrg/check_reg.html?_=1689216622337 HTTP/1.1" 200 22
180.165.154.167 - - [13/Jul/2023:10:50:32 +0800] "GET /xingrg/check_reg.html?_=1689216631244 HTTP/1.1" 200 22
222.70.172.54 - - [13/Jul/2023:10:50:33 +0800] "GET /xingrg/kc/buy/cgsh_order_operate.html?command=get_materiel&rest_code=00146&code=00101008196&supplier_code=00100005&order_time=2023-07-13 HTTP/1.1" 200 416
120.253.135.82 - - [13/Jul/2023:10:50:34 +0800] "POST /xingrg/kc/pszx/mdps_list_operate.html HTTP/1.1" 200 3556
114.95.42.59 - - [13/Jul/2023:10:50:34 +0800] "GET /xingrg/all/function/internal_message.html?_=1689216635664&CODE_STATE=getMsg HTTP/1.1" 200 27
61.170.233.201 - - [13/Jul/2023:10:50:37 +0800] "GET /xingrg/all/function/internal_message.html?_=1689216628783&CODE_STATE=getMsg HTTP/1.1" 200 27
114.89.203.254 - - [13/Jul/2023:10:50:39 +0800] "GET /xingrg/all/function/internal_message.html?_=1689216639895&CODE_STATE=getMsg HTTP/1.1" 200 27
180.169.147.146 - - [13/Jul/2023:10:50:41 +0800] "GET /xingrg/all/function/internal_message.html?_=1689216639829&CODE_STATE=getMsg HTTP/1.1" 200 27
180.169.147.146 - - [13/Jul/2023:10:50:41 +0800] "GET /xingrg/all/function/internal_message.html?_=1689216640932&CODE_STATE=getMsg HTTP/1.1" 200 27
116.232.195.127 - - [13/Jul/2023:10:50:44 +0800] "GET /xingrg/all/function/internal_message.html?_=1689216619301&CODE_STATE=getMsg HTTP/1.1" 200 27
120.253.135.82 - - [13/Jul/2023:10:50:46 +0800] "POST /xingrg/kc/pszx/mdps_list_operate.html HTTP/1.1" 200 364
222.70.172.54 - - [13/Jul/2023:10:50:46 +0800] "GET /xingrg/all/function/internal_message.html?_=1689216660785&CODE_STATE=getMsg HTTP/1.1" 200 27
180.165.154.167 - - [13/Jul/2023:10:50:47 +0800] "GET /xingrg/all/function/internal_message.html?_=1689216646303&CODE_STATE=getMsg HTTP/1.1" 200 27
120.253.135.82 - - [13/Jul/2023:10:50:47 +0800] "GET /xingrg/kc/pszx/mdps_order_info.html?code=312023071200276 HTTP/1.1" 200 23978
120.253.135.82 - - [13/Jul/2023:10:50:48 +0800] "GET /xingrg/javascript/easyui/themes/default/validatebox.css HTTP/1.1" 404 1104
120.253.135.82 - - [13/Jul/2023:10:50:48 +0800] "POST /xingrg/kc/pszx/mdps_order_operate.html HTTP/1.1" 200 3295
120.253.135.82 - - [13/Jul/2023:10:50:48 +0800] "GET /xingrg/check_reg.html?_=1689216474247 HTTP/1.1" 200 22
120.253.135.82 - - [13/Jul/2023:10:50:48 +0800] "GET /xingrg/all/function/internal_message.html?_=1689216474290&CODE_STATE=getMsg HTTP/1.1" 200 27
114.83.218.88 - - [13/Jul/2023:10:50:50 +0800] "GET /xingrg/all/function/internal_message.html?_=1689216649490&CODE_STATE=getMsg HTTP/1.1" 200 27
124.78.70.128 - - [13/Jul/2023:10:50:51 +0800] "GET /xingrg/all/function/internal_message.html?_=1689216649985&CODE_STATE=getMsg HTTP/1.1" 200 27
124.78.70.128 - - [13/Jul/2023:10:50:51 +0800] "GET /xingrg/kc/buy/cgsh_order_operate.html?command=get_materiel&rest_code=00141&code=00101008357&supplier_code=00100007&order_time=2023-07-13 HTTP/1.1" 200 408
120.253.135.82 - - [13/Jul/2023:10:50:53 +0800] "POST /xingrg/kc/pszx/mdps_order_operate.html HTTP/1.1" 200 37
222.70.114.12 - - [13/Jul/2023:10:50:54 +0800] "GET /xingrg/all/function/internal_message.html?_=1689216662093&CODE_STATE=getMsg HTTP/1.1" 302 -
114.89.203.254 - - [13/Jul/2023:10:50:55 +0800] "GET /xingrg/all/function/internal_message.html?_=1689216661252&CODE_STATE=getMsg HTTP/1.1" 200 27
222.70.172.54 - - [13/Jul/2023:10:50:55 +0800] "GET /xingrg/kc/buy/cgsh_order_operate.html?command=get_materiel&rest_code=00146&code=00101008197&supplier_code=00100005&order_time=2023-07-13 HTTP/1.1" 200 416
180.169.147.146 - - [13/Jul/2023:10:50:56 +0800] "GET /xingrg/all/function/internal_message.html?_=1689216646712&CODE_STATE=getMsg HTTP/1.1" 200 27
114.83.219.27 - - [13/Jul/2023:10:50:57 +0800] "GET /xingrg/all/function/internal_message.html?_=1689216776106&CODE_STATE=getMsg HTTP/1.1" 200 27
120.253.135.82 - - [13/Jul/2023:10:50:58 +0800] "POST /xingrg/kc/pszx/mdps_order_operate.html HTTP/1.1" 200 12
124.78.70.128 - - [13/Jul/2023:10:51:04 +0800] "GET /xingrg/kc/buy/cgsh_order_operate.html?command=get_materiel&rest_code=00141&code=00101008069&supplier_code=00100007&order_time=2023-07-13 HTTP/1.1" 200 412
222.70.172.54 - - [13/Jul/2023:10:51:06 +0800] "GET /xingrg/kc/buy/cgsh_order_operate.html?command=get_materiel&rest_code=00146&code=00101008069&supplier_code=00100005&order_time=2023-07-13 HTTP/1.1" 200 412
222.70.180.90 - - [13/Jul/2023:10:51:06 +0800] "GET /xingrg/all/function/internal_message.html?_=1689216664078&CODE_STATE=getMsg HTTP/1.1" 200 27
116.238.191.126 - - [13/Jul/2023:10:51:07 +0800] "GET /xingrg/check_reg.html?_=1689216665064 HTTP/1.1" 200 22
116.238.191.126 - - [13/Jul/2023:10:51:07 +0800] "GET /xingrg/all/function/internal_message.html?_=1689216665068&CODE_STATE=getMsg HTTP/1.1" 200 27
222.70.172.54 - - [13/Jul/2023:10:51:10 +0800] "POST /xingrg/kc/buy/cgsh_order_operate.html HTTP/1.1" 200 2065
124.78.70.128 - - [13/Jul/2023:10:51:16 +0800] "GET /xingrg/check_reg.html?_=1689216152995 HTTP/1.1" 200 22
114.95.42.59 - - [13/Jul/2023:10:51:16 +0800] "GET /xingrg/all/function/internal_message.html?_=1689216491137&CODE_STATE=getMsg HTTP/1.1" 200 27
124.78.70.128 - - [13/Jul/2023:10:51:16 +0800] "GET /xingrg/all/function/internal_message.html?_=1689216152997&CODE_STATE=getMsg HTTP/1.1" 200 27
120.253.135.82 - - [13/Jul/2023:10:51:16 +0800] "GET /xingrg/kc/pszx/mdps_order_info.html?code=312023071200276 HTTP/1.1" 200 19638
120.253.135.82 - - [13/Jul/2023:10:51:16 +0800] "GET /xingrg/javascript/easyui/themes/default/validatebox.css HTTP/1.1" 404 1104
120.253.135.82 - - [13/Jul/2023:10:51:17 +0800] "POST /xingrg/kc/pszx/mdps_order_operate.html HTTP/1.1" 200 1509
120.253.135.82 - - [13/Jul/2023:10:51:18 +0800] "POST /xingrg/kc/pszx/mdps_list_operate.html HTTP/1.1" 200 3185
124.78.70.128 - - [13/Jul/2023:10:51:18 +0800] "GET /xingrg/kc/buy/cgsh_order_operate.html?command=get_materiel&rest_code=00141&code=00101008286&supplier_code=00100007&order_time=2023-07-13 HTTP/1.1" 200 408
120.253.135.82 - - [13/Jul/2023:10:51:20 +0800] "POST /xingrg/kc/pszx/mdps_list_operate.html HTTP/1.1" 200 365
120.253.135.82 - - [13/Jul/2023:10:51:21 +0800] "GET /xingrg/kc/pszx/mdps_order_info.html?code=312023071200277 HTTP/1.1" 200 23978
222.70.172.54 - - [13/Jul/2023:10:51:21 +0800] "GET /xingrg/kc/buy/cgsh_order_operate.html?command=get_materiel&rest_code=00146&code=00101008286&supplier_code=00100005&order_time=2023-07-13 HTTP/1.1" 200 408
120.253.135.82 - - [13/Jul/2023:10:51:21 +0800] "GET /xingrg/javascript/easyui/themes/default/validatebox.css HTTP/1.1" 404 1104
120.253.135.82 - - [13/Jul/2023:10:51:22 +0800] "POST /xingrg/kc/pszx/mdps_order_operate.html HTTP/1.1" 200 3282
180.169.147.146 - - [13/Jul/2023:10:51:26 +0800] "GET /xingrg/all/function/internal_message.html?_=1689216682158&CODE_STATE=getMsg HTTP/1.1" 200 27
120.253.135.82 - - [13/Jul/2023:10:51:26 +0800] "POST /xingrg/kc/pszx/mdps_order_operate.html HTTP/1.1" 200 37
218.81.66.93 - - [13/Jul/2023:10:51:27 +0800] "GET /xingrg/check_reg.html?_=1689216687732 HTTP/1.1" 302 -
120.253.135.82 - - [13/Jul/2023:10:51:31 +0800] "POST /xingrg/kc/pszx/mdps_order_operate.html HTTP/1.1" 200 12
114.95.42.59 - - [13/Jul/2023:10:51:34 +0800] "GET /xingrg/all/function/internal_message.html?_=1689216695636&CODE_STATE=getMsg HTTP/1.1" 200 27
222.70.172.54 - - [13/Jul/2023:10:51:36 +0800] "GET /xingrg/kc/buy/cgsh_order_operate.html?command=get_materiel&rest_code=00146&code=00101008036&supplier_code=00100005&order_time=2023-07-13 HTTP/1.1" 200 408
61.170.233.201 - - [13/Jul/2023:10:51:37 +0800] "GET /xingrg/all/function/internal_message.html?_=1689216688774&CODE_STATE=getMsg HTTP/1.1" 200 27
120.253.135.82 - - [13/Jul/2023:10:51:37 +0800] "GET /xingrg/kc/pszx/mdps_order_info.html?code=312023071200277 HTTP/1.1" 200 19638
120.253.135.82 - - [13/Jul/2023:10:51:38 +0800] "GET /xingrg/javascript/easyui/themes/default/validatebox.css HTTP/1.1" 404 1104
120.253.135.82 - - [13/Jul/2023:10:51:38 +0800] "POST /xingrg/kc/pszx/mdps_order_operate.html HTTP/1.1" 200 1496
114.89.203.254 - - [13/Jul/2023:10:51:39 +0800] "GET /xingrg/all/function/internal_message.html?_=1689216699888&CODE_STATE=getMsg HTTP/1.1" 200 27
180.169.147.146 - - [13/Jul/2023:10:51:40 +0800] "GET /xingrg/check_reg.html?_=1689216700911 HTTP/1.1" 200 22
180.169.147.146 - - [13/Jul/2023:10:51:40 +0800] "GET /xingrg/all/function/internal_message.html?_=1689216700914&CODE_STATE=getMsg HTTP/1.1" 200 27
180.169.147.146 - - [13/Jul/2023:10:51:41 +0800] "GET /xingrg/all/function/internal_message.html?_=1689216699827&CODE_STATE=getMsg HTTP/1.1" 200 27
120.253.135.82 - - [13/Jul/2023:10:51:43 +0800] "POST /xingrg/kc/pszx/mdps_list_operate.html HTTP/1.1" 200 2813
116.232.195.127 - - [13/Jul/2023:10:51:44 +0800] "GET /xingrg/all/function/internal_message.html?_=1689216679274&CODE_STATE=getMsg HTTP/1.1" 200 27
120.253.135.82 - - [13/Jul/2023:10:51:46 +0800] "POST /xingrg/kc/pszx/mdps_list_operate.html HTTP/1.1" 200 441
124.78.70.128 - - [13/Jul/2023:10:51:46 +0800] "GET /xingrg/kc/buy/cgsh_order_operate.html?command=get_materiel&rest_code=00141&code=00101008131&supplier_code=00100007&order_time=2023-07-13 HTTP/1.1" 200 409
222.70.172.54 - - [13/Jul/2023:10:51:46 +0800] "GET /xingrg/all/function/internal_message.html?_=1689216720799&CODE_STATE=getMsg HTTP/1.1" 200 27
180.165.154.167 - - [13/Jul/2023:10:51:47 +0800] "GET /xingrg/all/function/internal_message.html?_=1689216706283&CODE_STATE=getMsg HTTP/1.1" 200 27
120.253.135.82 - - [13/Jul/2023:10:51:47 +0800] "GET /xingrg/kc/pszx/mdps_order_info.html?code=312023071200278 HTTP/1.1" 200 23978
120.253.135.82 - - [13/Jul/2023:10:51:47 +0800] "GET /xingrg/javascript/easyui/themes/default/validatebox.css HTTP/1.1" 404 1104
120.253.135.82 - - [13/Jul/2023:10:51:48 +0800] "POST /xingrg/kc/pszx/mdps_order_operate.html HTTP/1.1" 200 3780
120.253.135.82 - - [13/Jul/2023:10:51:48 +0800] "GET /xingrg/all/function/internal_message.html?_=1689216534304&CODE_STATE=getMsg HTTP/1.1" 200 27
222.70.172.54 - - [13/Jul/2023:10:51:49 +0800] "GET /xingrg/kc/buy/cgsh_order_operate.html?command=get_materiel&rest_code=00146&code=00101008131&supplier_code=00100005&order_time=2023-07-13 HTTP/1.1" 200 409
124.78.70.128 - - [13/Jul/2023:10:51:50 +0800] "POST /xingrg/kc/buy/cgsh_order_operate.html HTTP/1.1" 200 2065
114.83.218.88 - - [13/Jul/2023:10:51:50 +0800] "GET /xingrg/all/function/internal_message.html?_=1689216709474&CODE_STATE=getMsg HTTP/1.1" 200 27
124.78.70.128 - - [13/Jul/2023:10:51:51 +0800] "GET /xingrg/all/function/internal_message.html?_=1689216709983&CODE_STATE=getMsg HTTP/1.1" 200 27
120.253.135.82 - - [13/Jul/2023:10:51:51 +0800] "POST /xingrg/kc/pszx/mdps_order_operate.html HTTP/1.1" 200 37
222.70.114.12 - - [13/Jul/2023:10:51:54 +0800] "GET /xingrg/check_reg.html?_=1689216722092 HTTP/1.1" 302 -
222.70.114.12 - - [13/Jul/2023:10:51:54 +0800] "GET /xingrg/all/function/internal_message.html?_=1689216722094&CODE_STATE=getMsg HTTP/1.1" 302 -
114.89.203.254 - - [13/Jul/2023:10:51:55 +0800] "GET /xingrg/all/function/internal_message.html?_=1689216721254&CODE_STATE=getMsg HTTP/1.1" 200 27
120.253.135.82 - - [13/Jul/2023:10:51:56 +0800] "POST /xingrg/kc/pszx/mdps_order_operate.html HTTP/1.1" 200 12
180.169.147.146 - - [13/Jul/2023:10:51:56 +0800] "GET /xingrg/all/function/internal_message.html?_=1689216706696&CODE_STATE=getMsg HTTP/1.1" 200 27
114.83.219.27 - - [13/Jul/2023:10:51:57 +0800] "GET /xingrg/check_reg.html?_=1689216836095 HTTP/1.1" 200 22
114.83.219.27 - - [13/Jul/2023:10:51:57 +0800] "GET /xingrg/all/function/internal_message.html?_=1689216836102&CODE_STATE=getMsg HTTP/1.1" 200 27
124.78.70.128 - - [13/Jul/2023:10:51:57 +0800] "GET /xingrg/kc/buy/cgsh_order_operate.html?command=get_materiel&rest_code=00141&code=00101008318&supplier_code=00100007&order_time=2023-07-13 HTTP/1.1" 200 408
120.253.135.82 - - [13/Jul/2023:10:51:58 +0800] "GET /xingrg/kc/pszx/mdps_order_info.html?code=312023071200278 HTTP/1.1" 200 19638
120.253.135.82 - - [13/Jul/2023:10:51:58 +0800] "GET /xingrg/javascript/easyui/themes/default/validatebox.css HTTP/1.1" 404 1104
120.253.135.82 - - [13/Jul/2023:10:51:58 +0800] "POST /xingrg/kc/pszx/mdps_order_operate.html HTTP/1.1" 200 1992
120.253.135.82 - - [13/Jul/2023:10:52:01 +0800] "POST /xingrg/kc/pszx/mdps_list_operate.html HTTP/1.1" 200 2442
222.70.172.54 - - [13/Jul/2023:10:52:03 +0800] "GET /xingrg/kc/buy/cgsh_order_operate.html?command=get_materiel&rest_code=00146&code=00101008318&supplier_code=00100005&order_time=2023-07-13 HTTP/1.1" 200 408
222.70.180.90 - - [13/Jul/2023:10:52:06 +0800] "GET /xingrg/all/function/internal_message.html?_=1689216724080&CODE_STATE=getMsg HTTP/1.1" 200 27
124.78.70.128 - - [13/Jul/2023:10:52:07 +0800] "GET /xingrg/kc/buy/cgsh_order_operate.html?command=get_materiel&rest_code=00141&code=00101008352&supplier_code=00100007&order_time=2023-07-13 HTTP/1.1" 200 412
116.238.191.126 - - [13/Jul/2023:10:52:07 +0800] "GET /xingrg/all/function/internal_message.html?_=1689216725067&CODE_STATE=getMsg HTTP/1.1" 200 27
124.78.70.128 - - [13/Jul/2023:10:52:16 +0800] "GET /xingrg/all/function/internal_message.html?_=1689216212966&CODE_STATE=getMsg HTTP/1.1" 200 27
114.95.42.59 - - [13/Jul/2023:10:52:16 +0800] "GET /xingrg/all/function/internal_message.html?_=1689216551120&CODE_STATE=getMsg HTTP/1.1" 200 27
120.253.135.82 - - [13/Jul/2023:10:52:18 +0800] "POST /xingrg/kc/pszx/mdps_list_operate.html HTTP/1.1" 200 439
120.253.135.82 - - [13/Jul/2023:10:52:19 +0800] "GET /xingrg/kc/pszx/mdps_order_info.html?code=312023071200275 HTTP/1.1" 200 23978
120.253.135.82 - - [13/Jul/2023:10:52:20 +0800] "GET /xingrg/javascript/easyui/themes/default/validatebox.css HTTP/1.1" 404 1104
120.253.135.82 - - [13/Jul/2023:10:52:20 +0800] "POST /xingrg/kc/pszx/mdps_order_operate.html HTTP/1.1" 200 3797
