114.95.42.59 - - [12/Jul/2023:12:02:21 +0800] "GET /xingrg/all/function/internal_message.html?_=1689134542441&CODE_STATE=getMsg HTTP/1.1" 200 27
116.238.191.126 - - [12/Jul/2023:12:02:23 +0800] "GET /xingrg/kc/print/load_data.html?order_code=212023071204747&kc_code=cgsh&condition= HTTP/1.1" 200 733
124.78.70.128 - - [12/Jul/2023:12:02:32 +0800] "GET /xingrg/kc/buy/cgsh_order_operate.html?command=get_materiel&rest_code=00141&code=00101001037&supplier_code=00100090&order_time=2023-07-12 HTTP/1.1" 200 418
222.70.172.54 - - [12/Jul/2023:12:02:33 +0800] "GET /xingrg/check_reg.html?_=1689134563191 HTTP/1.1" 200 22
222.70.172.54 - - [12/Jul/2023:12:02:33 +0800] "GET /xingrg/all/function/internal_message.html?_=1689134563371&CODE_STATE=getMsg HTTP/1.1" 200 27
222.70.172.54 - - [12/Jul/2023:12:02:33 +0800] "GET /xingrg/kc/buy/cgsh_order_add.html HTTP/1.1" 200 71620
222.70.172.54 - - [12/Jul/2023:12:02:34 +0800] "POST /xingrg/kc/buy/cgsh_order_operate.html HTTP/1.1" 200 8245
222.70.172.54 - - [12/Jul/2023:12:02:34 +0800] "GET /xingrg/javascript/easyui/themes/default/validatebox.css HTTP/1.1" 404 1104
116.232.195.127 - - [12/Jul/2023:12:02:36 +0800] "GET /xingrg/kc/buy/cgsh_order_add.html HTTP/1.1" 200 71667
116.238.191.126 - - [12/Jul/2023:12:02:36 +0800] "GET /xingrg/kc/buy/cgsh_order_add.html HTTP/1.1" 200 71676
116.232.195.127 - - [12/Jul/2023:12:02:36 +0800] "POST /xingrg/kc/buy/cgsh_order_operate.html HTTP/1.1" 200 8245
116.232.195.127 - - [12/Jul/2023:12:02:37 +0800] "GET /xingrg/javascript/easyui/themes/default/validatebox.css HTTP/1.1" 404 1104
61.170.233.201 - - [12/Jul/2023:12:02:37 +0800] "GET /xingrg/all/function/internal_message.html?_=1689134558190&CODE_STATE=getMsg HTTP/1.1" 200 27
116.238.191.126 - - [12/Jul/2023:12:02:37 +0800] "POST /xingrg/kc/buy/cgsh_order_operate.html HTTP/1.1" 200 8245
116.232.195.127 - - [12/Jul/2023:12:02:37 +0800] "GET /xingrg/check_reg.html?_=1689134534521 HTTP/1.1" 200 22
116.232.195.127 - - [12/Jul/2023:12:02:37 +0800] "GET /xingrg/all/function/internal_message.html?_=1689134534522&CODE_STATE=getMsg HTTP/1.1" 200 27
116.238.191.126 - - [12/Jul/2023:12:02:37 +0800] "GET /xingrg/javascript/easyui/themes/default/validatebox.css HTTP/1.1" 404 1104
116.238.191.126 - - [12/Jul/2023:12:02:38 +0800] "GET /xingrg/all/function/internal_message.html?_=1689134461521&CODE_STATE=getMsg HTTP/1.1" 200 27
222.70.114.12 - - [12/Jul/2023:12:02:40 +0800] "GET /xingrg/all/function/internal_message.html?_=1689134565551&CODE_STATE=getMsg HTTP/1.1" 302 -
222.70.114.12 - - [12/Jul/2023:12:02:40 +0800] "GET /xingrg/check_reg.html?_=1689134565557 HTTP/1.1" 302 -
61.170.233.201 - - [12/Jul/2023:12:02:44 +0800] "GET /xingrg/kc/buy/cgsh_order_operate.html?command=get_materiel&rest_code=00106&code=00101001060&supplier_code=00100442&order_time=2023-07-12 HTTP/1.1" 200 419
116.238.191.126 - - [12/Jul/2023:12:02:48 +0800] "GET /xingrg/kc/buy/cgsh_order_operate.html?command=get_materiel&rest_code=00150&code=00101013071&supplier_code=00100337&order_time=2023-07-12 HTTP/1.1" 200 418
222.70.172.54 - - [12/Jul/2023:12:02:52 +0800] "GET /xingrg/kc/buy/cgsh_order_operate.html?command=get_materiel&rest_code=00146&code=00101010749&supplier_code=00100329&order_time=2023-07-12 HTTP/1.1" 200 456
114.83.219.27 - - [12/Jul/2023:12:02:53 +0800] "GET /xingrg/all/function/internal_message.html?_=1689134692296&CODE_STATE=getMsg HTTP/1.1" 200 27
124.78.70.128 - - [12/Jul/2023:12:02:53 +0800] "GET /xingrg/kc/buy/cgsh_order_operate.html?command=get_materiel&rest_code=00141&code=00101001040&supplier_code=00100090&order_time=2023-07-12 HTTP/1.1" 200 417
222.70.180.90 - - [12/Jul/2023:12:02:57 +0800] "GET /xingrg/all/function/internal_message.html?_=1689134575251&CODE_STATE=getMsg HTTP/1.1" 200 27
222.70.180.90 - - [12/Jul/2023:12:02:57 +0800] "GET /xingrg/all/function/internal_message.html?_=1689134707517&CODE_STATE=getMsg HTTP/1.1" 200 27
222.70.180.90 - - [12/Jul/2023:12:02:57 +0800] "GET /xingrg/check_reg.html?_=1689134575943 HTTP/1.1" 200 22
116.238.191.126 - - [12/Jul/2023:12:02:58 +0800] "POST /xingrg/kc/buy/cgsh_order_operate.html HTTP/1.1" 200 37
218.81.72.140 - - [12/Jul/2023:12:03:00 +0800] "GET /xingrg/all/function/internal_message.html?_=1689134579928&CODE_STATE=getMsg HTTP/1.1" 200 27
114.83.217.28 - - [12/Jul/2023:12:03:01 +0800] "GET /xingrg/all/function/internal_message.html?_=1689134580112&CODE_STATE=getMsg HTTP/1.1" 200 27
114.84.31.26 - - [12/Jul/2023:12:03:01 +0800] "GET /xingrg/all/function/internal_message.html?_=1689134581312&CODE_STATE=getMsg HTTP/1.1" 200 27
61.170.233.201 - - [12/Jul/2023:12:03:02 +0800] "GET /xingrg/all/function/internal_message.html?_=1689134574400&CODE_STATE=getMsg HTTP/1.1" 200 27
180.163.28.109 - - [12/Jul/2023:12:03:02 +0800] "GET /xingrg/all/function/internal_message.html?_=1689134514425&CODE_STATE=getMsg HTTP/1.1" 302 -
180.163.28.109 - - [12/Jul/2023:12:03:02 +0800] "GET /xingrg/login.html HTTP/1.1" 200 7641
124.78.70.128 - - [12/Jul/2023:12:03:02 +0800] "GET /xingrg/all/function/internal_message.html?_=1689134060092&CODE_STATE=getMsg HTTP/1.1" 200 27
180.162.110.162 - - [12/Jul/2023:12:03:02 +0800] "GET /xingrg/all/function/internal_message.html?_=1689133341403&CODE_STATE=getMsg HTTP/1.1" 200 27
180.162.110.162 - - [12/Jul/2023:12:03:02 +0800] "GET /xingrg/check_reg.html?_=1689133341406 HTTP/1.1" 200 22
61.170.233.201 - - [12/Jul/2023:12:03:03 +0800] "GET /xingrg/check_reg.html?_=1689134575573 HTTP/1.1" 200 22
61.170.233.201 - - [12/Jul/2023:12:03:04 +0800] "GET /xingrg/kc/buy/cgsh_order_operate.html?command=get_materiel&rest_code=00106&code=00101002007&supplier_code=00100442&order_time=2023-07-12 HTTP/1.1" 200 409
116.238.191.126 - - [12/Jul/2023:12:03:05 +0800] "POST /xingrg/kc/buy/cgsh_order_operate.html HTTP/1.1" 200 12
116.238.191.126 - - [12/Jul/2023:12:03:07 +0800] "GET /xingrg/kc/buy/cgsh_order_info.html?code=212023071204748 HTTP/1.1" 200 66591
124.78.70.128 - - [12/Jul/2023:12:03:08 +0800] "GET /xingrg/kc/buy/cgsh_order_operate.html?command=get_materiel&rest_code=00141&code=00101001140&supplier_code=00100090&order_time=2023-07-12 HTTP/1.1" 200 417
116.238.191.126 - - [12/Jul/2023:12:03:08 +0800] "GET /xingrg/javascript/easyui/themes/default/validatebox.css HTTP/1.1" 404 1104
222.70.172.54 - - [12/Jul/2023:12:03:09 +0800] "GET /xingrg/kc/buy/cgsh_order_operate.html?command=get_materiel&rest_code=00146&code=00101010571&supplier_code=00100329&order_time=2023-07-12 HTTP/1.1" 200 444
116.238.191.126 - - [12/Jul/2023:12:03:09 +0800] "POST /xingrg/kc/buy/cgsh_order_operate.html HTTP/1.1" 200 612
116.238.191.126 - - [12/Jul/2023:12:03:11 +0800] "GET /xingrg/kc/print/load_data.html?order_code=212023071204748&kc_code=cgsh&condition= HTTP/1.1" 200 740
116.238.191.126 - - [12/Jul/2023:12:03:18 +0800] "GET /xingrg/kc/buy/cgsh_order_add.html HTTP/1.1" 200 71676
116.238.191.126 - - [12/Jul/2023:12:03:19 +0800] "POST /xingrg/kc/buy/cgsh_order_operate.html HTTP/1.1" 200 8245
114.95.42.59 - - [12/Jul/2023:12:03:19 +0800] "GET /xingrg/all/function/internal_message.html?_=1689134413937&CODE_STATE=getMsg HTTP/1.1" 200 27
116.238.191.126 - - [12/Jul/2023:12:03:19 +0800] "GET /xingrg/javascript/easyui/themes/default/validatebox.css HTTP/1.1" 404 1104
114.95.42.59 - - [12/Jul/2023:12:03:19 +0800] "GET /xingrg/check_reg.html?_=1689134414197 HTTP/1.1" 200 22
114.95.42.59 - - [12/Jul/2023:12:03:21 +0800] "GET /xingrg/all/function/internal_message.html?_=1689134602415&CODE_STATE=getMsg HTTP/1.1" 200 27
222.70.172.54 - - [12/Jul/2023:12:03:21 +0800] "POST /xingrg/kc/buy/cgsh_order_operate.html HTTP/1.1" 200 37
61.170.233.201 - - [12/Jul/2023:12:03:25 +0800] "POST /xingrg/kc/buy/cgsh_order_operate.html HTTP/1.1" 200 37
222.70.172.54 - - [12/Jul/2023:12:03:25 +0800] "POST /xingrg/kc/buy/cgsh_order_operate.html HTTP/1.1" 200 3310
124.78.70.128 - - [12/Jul/2023:12:03:26 +0800] "GET /xingrg/kc/buy/cgsh_order_operate.html?command=get_materiel&rest_code=00141&code=00101001125&supplier_code=00100090&order_time=2023-07-12 HTTP/1.1" 200 417
116.232.195.127 - - [12/Jul/2023:12:03:27 +0800] "GET /xingrg/kc/buy/cgsh_order_operate.html?command=get_materiel&rest_code=00155&code=00101010888&supplier_code=00100363&order_time=2023-07-12 HTTP/1.1" 200 417
116.238.191.126 - - [12/Jul/2023:12:03:29 +0800] "GET /xingrg/kc/buy/cgsh_order_operate.html?command=get_materiel&rest_code=00150&code=00101007085&supplier_code=00100328&order_time=2023-07-12 HTTP/1.1" 200 413
222.70.172.54 - - [12/Jul/2023:12:03:29 +0800] "GET /xingrg/kc/print/load_data.html?order_code=212023071204749&kc_code=cgsh&condition= HTTP/1.1" 200 978
222.70.172.54 - - [12/Jul/2023:12:03:33 +0800] "GET /xingrg/all/function/internal_message.html?_=1689134623412&CODE_STATE=getMsg HTTP/1.1" 200 27
61.170.233.201 - - [12/Jul/2023:12:03:33 +0800] "POST /xingrg/kc/buy/cgsh_order_operate.html HTTP/1.1" 200 12
61.170.233.201 - - [12/Jul/2023:12:03:35 +0800] "GET /xingrg/kc/buy/cgsh_order_info.html?code=212023071204750 HTTP/1.1" 200 66525
222.70.172.54 - - [12/Jul/2023:12:03:36 +0800] "GET /xingrg/kc/buy/cgsh_order_add.html HTTP/1.1" 200 71620
61.170.233.201 - - [12/Jul/2023:12:03:36 +0800] "GET /xingrg/javascript/easyui/themes/default/validatebox.css HTTP/1.1" 404 1104
222.70.172.54 - - [12/Jul/2023:12:03:36 +0800] "POST /xingrg/kc/buy/cgsh_order_operate.html HTTP/1.1" 200 8245
222.70.172.54 - - [12/Jul/2023:12:03:36 +0800] "GET /xingrg/javascript/easyui/themes/default/validatebox.css HTTP/1.1" 404 1104
61.170.233.201 - - [12/Jul/2023:12:03:37 +0800] "GET /xingrg/all/function/internal_message.html?_=1689134618204&CODE_STATE=getMsg HTTP/1.1" 200 27
61.170.233.201 - - [12/Jul/2023:12:03:37 +0800] "POST /xingrg/kc/buy/cgsh_order_operate.html HTTP/1.1" 200 1804
116.232.195.127 - - [12/Jul/2023:12:03:37 +0800] "GET /xingrg/all/function/internal_message.html?_=1689134594516&CODE_STATE=getMsg HTTP/1.1" 200 27
116.238.191.126 - - [12/Jul/2023:12:03:38 +0800] "GET /xingrg/all/function/internal_message.html?_=1689134521534&CODE_STATE=getMsg HTTP/1.1" 200 27
124.78.70.128 - - [12/Jul/2023:12:03:39 +0800] "GET /xingrg/kc/buy/cgsh_order_operate.html?command=get_materiel&rest_code=00141&code=00101001099&supplier_code=00100090&order_time=2023-07-12 HTTP/1.1" 200 411
222.70.114.12 - - [12/Jul/2023:12:03:40 +0800] "GET /xingrg/all/function/internal_message.html?_=1689134625555&CODE_STATE=getMsg HTTP/1.1" 302 -
61.170.233.201 - - [12/Jul/2023:12:03:40 +0800] "GET /xingrg/kc/print/load_data.html?order_code=212023071204750&kc_code=cgsh&condition= HTTP/1.1" 200 1170
116.238.191.126 - - [12/Jul/2023:12:03:41 +0800] "GET /xingrg/kc/buy/cgsh_order_operate.html?command=get_materiel&rest_code=00150&code=00101007181&supplier_code=00100328&order_time=2023-07-12 HTTP/1.1" 200 412
61.170.233.201 - - [12/Jul/2023:12:03:48 +0800] "GET /xingrg/kc/buy/cgsh_order_add.html HTTP/1.1" 200 71614
61.170.233.201 - - [12/Jul/2023:12:03:48 +0800] "POST /xingrg/kc/buy/cgsh_order_operate.html HTTP/1.1" 200 8245
61.170.233.201 - - [12/Jul/2023:12:03:48 +0800] "GET /xingrg/javascript/easyui/themes/default/validatebox.css HTTP/1.1" 404 1104
222.70.172.54 - - [12/Jul/2023:12:03:49 +0800] "GET /xingrg/kc/buy/cgsh_order_operate.html?command=get_materiel&rest_code=00146&code=00101004049&supplier_code=00100312&order_time=2023-07-12 HTTP/1.1" 200 413
61.170.233.201 - - [12/Jul/2023:12:03:51 +0800] "GET /xingrg/javascript/easyui/themes/default/tree.css HTTP/1.1" 404 1090
61.170.233.201 - - [12/Jul/2023:12:03:52 +0800] "POST /xingrg/all/common/load_tree.html?tree=supplier_tree_json&isDelete=1 HTTP/1.1" 200 74546
114.83.219.27 - - [12/Jul/2023:12:03:53 +0800] "GET /xingrg/all/function/internal_message.html?_=1689134752281&CODE_STATE=getMsg HTTP/1.1" 200 27
114.83.219.27 - - [12/Jul/2023:12:03:53 +0800] "GET /xingrg/check_reg.html?_=1689134752466 HTTP/1.1" 200 22
116.238.191.126 - - [12/Jul/2023:12:03:54 +0800] "POST /xingrg/kc/buy/cgsh_order_operate.html HTTP/1.1" 200 37
222.70.180.90 - - [12/Jul/2023:12:03:57 +0800] "GET /xingrg/all/function/internal_message.html?_=1689134635225&CODE_STATE=getMsg HTTP/1.1" 200 27
124.78.70.128 - - [12/Jul/2023:12:03:57 +0800] "GET /xingrg/check_reg.html?_=1689134115021 HTTP/1.1" 200 22
222.70.180.90 - - [12/Jul/2023:12:03:57 +0800] "GET /xingrg/all/function/internal_message.html?_=1689134767511&CODE_STATE=getMsg HTTP/1.1" 200 27
218.81.72.140 - - [12/Jul/2023:12:04:00 +0800] "GET /xingrg/all/function/internal_message.html?_=1689134639914&CODE_STATE=getMsg HTTP/1.1" 200 27
114.83.217.28 - - [12/Jul/2023:12:04:01 +0800] "GET /xingrg/all/function/internal_message.html?_=1689134640098&CODE_STATE=getMsg HTTP/1.1" 200 27
116.238.191.126 - - [12/Jul/2023:12:04:01 +0800] "POST /xingrg/kc/buy/cgsh_order_operate.html HTTP/1.1" 200 12
114.84.31.26 - - [12/Jul/2023:12:04:01 +0800] "GET /xingrg/all/function/internal_message.html?_=1689134641297&CODE_STATE=getMsg HTTP/1.1" 200 27
180.163.29.212 - - [12/Jul/2023:12:04:02 +0800] "GET /xingrg/all/function/internal_message.html?_=1689134574400&CODE_STATE=getMsg HTTP/1.1" 302 -
180.163.29.212 - - [12/Jul/2023:12:04:02 +0800] "GET /xingrg/login.html HTTP/1.1" 200 7641
61.170.233.201 - - [12/Jul/2023:12:04:02 +0800] "GET /xingrg/all/function/internal_message.html?_=1689134634373&CODE_STATE=getMsg HTTP/1.1" 200 27
124.78.70.128 - - [12/Jul/2023:12:04:02 +0800] "GET /xingrg/all/function/internal_message.html?_=1689134120147&CODE_STATE=getMsg HTTP/1.1" 200 27
180.162.110.162 - - [12/Jul/2023:12:04:02 +0800] "GET /xingrg/all/function/internal_message.html?_=1689133401396&CODE_STATE=getMsg HTTP/1.1" 200 27
180.163.29.103 - - [12/Jul/2023:12:04:03 +0800] "GET /xingrg/check_reg.html?_=1689134575573 HTTP/1.1" 302 -
116.238.191.126 - - [12/Jul/2023:12:04:03 +0800] "GET /xingrg/kc/buy/cgsh_order_info.html?code=212023071204751 HTTP/1.1" 200 66593
180.163.29.103 - - [12/Jul/2023:12:04:03 +0800] "GET /xingrg/login.html HTTP/1.1" 200 7641
116.238.191.126 - - [12/Jul/2023:12:04:03 +0800] "GET /xingrg/javascript/easyui/themes/default/validatebox.css HTTP/1.1" 404 1104
116.238.191.126 - - [12/Jul/2023:12:04:04 +0800] "POST /xingrg/kc/buy/cgsh_order_operate.html HTTP/1.1" 200 1200
116.238.191.126 - - [12/Jul/2023:12:04:06 +0800] "GET /xingrg/kc/print/load_data.html?order_code=212023071204751&kc_code=cgsh&condition= HTTP/1.1" 200 971
222.70.172.54 - - [12/Jul/2023:12:04:07 +0800] "GET /xingrg/kc/buy/cgsh_order_operate.html?command=get_materiel&rest_code=00146&code=00101005022&supplier_code=00100312&order_time=2023-07-12 HTTP/1.1" 200 417
61.170.233.201 - - [12/Jul/2023:12:04:13 +0800] "GET /xingrg/kc/buy/cgsh_order_operate.html?command=get_materiel&rest_code=00106&code=00101005037&supplier_code=00100334&order_time=2023-07-12 HTTP/1.1" 200 409
116.238.191.126 - - [12/Jul/2023:12:04:17 +0800] "GET /xingrg/kc/buy/cgsh_order_add.html HTTP/1.1" 200 71676
116.238.191.126 - - [12/Jul/2023:12:04:17 +0800] "POST /xingrg/kc/buy/cgsh_order_operate.html HTTP/1.1" 200 8245
116.238.191.126 - - [12/Jul/2023:12:04:17 +0800] "GET /xingrg/javascript/easyui/themes/default/validatebox.css HTTP/1.1" 404 1104
114.95.42.59 - - [12/Jul/2023:12:04:19 +0800] "GET /xingrg/all/function/internal_message.html?_=1689134473915&CODE_STATE=getMsg HTTP/1.1" 200 27
222.70.172.54 - - [12/Jul/2023:12:04:19 +0800] "GET /xingrg/kc/buy/cgsh_order_operate.html?command=get_materiel&rest_code=00146&code=00101001138&supplier_code=00100312&order_time=2023-07-12 HTTP/1.1" 200 413
114.95.42.59 - - [12/Jul/2023:12:04:21 +0800] "GET /xingrg/all/function/internal_message.html?_=1689134662383&CODE_STATE=getMsg HTTP/1.1" 200 27
114.95.42.59 - - [12/Jul/2023:12:04:22 +0800] "GET /xingrg/check_reg.html?_=1689134663325 HTTP/1.1" 200 22
222.70.172.54 - - [12/Jul/2023:12:04:33 +0800] "GET /xingrg/all/function/internal_message.html?_=1689134683429&CODE_STATE=getMsg HTTP/1.1" 200 27
116.238.191.126 - - [12/Jul/2023:12:04:33 +0800] "GET /xingrg/kc/buy/cgsh_order_operate.html?command=get_materiel&rest_code=00150&code=00101008402&supplier_code=00100327&order_time=2023-07-12 HTTP/1.1" 200 409
61.170.233.201 - - [12/Jul/2023:12:04:37 +0800] "GET /xingrg/all/function/internal_message.html?_=1689134678204&CODE_STATE=getMsg HTTP/1.1" 200 27
116.232.195.127 - - [12/Jul/2023:12:04:37 +0800] "GET /xingrg/all/function/internal_message.html?_=1689134654530&CODE_STATE=getMsg HTTP/1.1" 200 27
116.238.191.126 - - [12/Jul/2023:12:04:38 +0800] "GET /xingrg/all/function/internal_message.html?_=1689134581548&CODE_STATE=getMsg HTTP/1.1" 200 27
61.170.233.201 - - [12/Jul/2023:12:04:38 +0800] "POST /xingrg/kc/buy/cgsh_order_operate.html HTTP/1.1" 200 37
222.70.114.12 - - [12/Jul/2023:12:04:40 +0800] "GET /xingrg/all/function/internal_message.html?_=1689134685555&CODE_STATE=getMsg HTTP/1.1" 302 -
222.70.172.54 - - [12/Jul/2023:12:04:42 +0800] "POST /xingrg/kc/buy/cgsh_order_operate.html HTTP/1.1" 200 88
61.170.233.201 - - [12/Jul/2023:12:04:47 +0800] "POST /xingrg/kc/buy/cgsh_order_operate.html HTTP/1.1" 200 12
116.238.191.126 - - [12/Jul/2023:12:04:48 +0800] "GET /xingrg/kc/buy/cgsh_order_operate.html?command=get_materiel&rest_code=00150&code=00101010263&supplier_code=00100327&order_time=2023-07-12 HTTP/1.1" 200 409
61.170.233.201 - - [12/Jul/2023:12:04:49 +0800] "GET /xingrg/kc/buy/cgsh_order_info.html?code=212023071204752 HTTP/1.1" 200 66527
61.170.233.201 - - [12/Jul/2023:12:04:49 +0800] "GET /xingrg/javascript/easyui/themes/default/validatebox.css HTTP/1.1" 404 1104
61.170.233.201 - - [12/Jul/2023:12:04:50 +0800] "POST /xingrg/kc/buy/cgsh_order_operate.html HTTP/1.1" 200 603
114.83.219.27 - - [12/Jul/2023:12:04:53 +0800] "GET /xingrg/all/function/internal_message.html?_=1689134812271&CODE_STATE=getMsg HTTP/1.1" 200 27
222.70.172.54 - - [12/Jul/2023:12:04:55 +0800] "POST /xingrg/kc/buy/cgsh_order_operate.html HTTP/1.1" 200 37
61.170.233.201 - - [12/Jul/2023:12:04:56 +0800] "GET /xingrg/kc/print/load_data.html?order_code=212023071204752&kc_code=cgsh&condition= HTTP/1.1" 200 701
222.70.180.90 - - [12/Jul/2023:12:04:57 +0800] "GET /xingrg/all/function/internal_message.html?_=1689134695195&CODE_STATE=getMsg HTTP/1.1" 200 27
222.70.180.90 - - [12/Jul/2023:12:04:57 +0800] "GET /xingrg/all/function/internal_message.html?_=1689134827523&CODE_STATE=getMsg HTTP/1.1" 200 27
116.238.191.126 - - [12/Jul/2023:12:04:59 +0800] "GET /xingrg/kc/buy/cgsh_order_operate.html?command=get_materiel&rest_code=00150&code=00101010637&supplier_code=00100327&order_time=2023-07-12 HTTP/1.1" 200 417
222.70.172.54 - - [12/Jul/2023:12:04:59 +0800] "POST /xingrg/kc/buy/cgsh_order_operate.html HTTP/1.1" 200 3852
218.81.72.140 - - [12/Jul/2023:12:05:00 +0800] "GET /xingrg/all/function/internal_message.html?_=1689134699914&CODE_STATE=getMsg HTTP/1.1" 200 27
114.83.217.28 - - [12/Jul/2023:12:05:01 +0800] "GET /xingrg/all/function/internal_message.html?_=1689134700068&CODE_STATE=getMsg HTTP/1.1" 200 27
114.84.31.26 - - [12/Jul/2023:12:05:01 +0800] "GET /xingrg/all/function/internal_message.html?_=1689134701311&CODE_STATE=getMsg HTTP/1.1" 200 27
114.84.31.26 - - [12/Jul/2023:12:05:01 +0800] "GET /xingrg/check_reg.html?_=1689134701316 HTTP/1.1" 200 22
61.170.233.201 - - [12/Jul/2023:12:05:02 +0800] "GET /xingrg/all/function/internal_message.html?_=1689134694411&CODE_STATE=getMsg HTTP/1.1" 200 27
180.162.110.162 - - [12/Jul/2023:12:05:02 +0800] "GET /xingrg/all/function/internal_message.html?_=1689133461397&CODE_STATE=getMsg HTTP/1.1" 200 27
61.170.233.201 - - [12/Jul/2023:12:05:04 +0800] "GET /xingrg/kc/buy/cgsh_order_add.html HTTP/1.1" 200 71614
61.170.233.201 - - [12/Jul/2023:12:05:05 +0800] "POST /xingrg/kc/buy/cgsh_order_operate.html HTTP/1.1" 200 8245
61.170.233.201 - - [12/Jul/2023:12:05:05 +0800] "GET /xingrg/javascript/easyui/themes/default/validatebox.css HTTP/1.1" 404 1104
222.70.172.54 - - [12/Jul/2023:12:05:05 +0800] "GET /xingrg/kc/print/load_data.html?order_code=212023071204754&kc_code=cgsh&condition= HTTP/1.1" 200 1146
61.170.233.201 - - [12/Jul/2023:12:05:07 +0800] "GET /xingrg/javascript/easyui/themes/default/tree.css HTTP/1.1" 404 1090
61.170.233.201 - - [12/Jul/2023:12:05:08 +0800] "POST /xingrg/all/common/load_tree.html?tree=supplier_tree_json&isDelete=1 HTTP/1.1" 200 74546
124.78.70.128 - - [12/Jul/2023:12:05:08 +0800] "POST /xingrg/kc/buy/cgsh_order_operate.html HTTP/1.1" 200 37
222.70.172.54 - - [12/Jul/2023:12:05:10 +0800] "GET /xingrg/kc/buy/cgsh_order_add.html HTTP/1.1" 200 71620
222.70.172.54 - - [12/Jul/2023:12:05:11 +0800] "POST /xingrg/kc/buy/cgsh_order_operate.html HTTP/1.1" 200 8245
222.70.172.54 - - [12/Jul/2023:12:05:11 +0800] "GET /xingrg/javascript/easyui/themes/default/validatebox.css HTTP/1.1" 404 1104
124.78.70.128 - - [12/Jul/2023:12:05:11 +0800] "POST /xingrg/kc/buy/cgsh_order_operate.html HTTP/1.1" 200 5051
116.238.191.126 - - [12/Jul/2023:12:05:15 +0800] "GET /xingrg/check_reg.html?_=1689134618489 HTTP/1.1" 200 22
116.238.191.126 - - [12/Jul/2023:12:05:16 +0800] "GET /xingrg/kc/buy/cgsh_order_operate.html?command=get_materiel&rest_code=00150&code=00101010636&supplier_code=00100327&order_time=2023-07-12 HTTP/1.1" 200 414
114.95.42.59 - - [12/Jul/2023:12:05:19 +0800] "GET /xingrg/all/function/internal_message.html?_=1689134533890&CODE_STATE=getMsg HTTP/1.1" 200 27
114.95.42.59 - - [12/Jul/2023:12:05:21 +0800] "GET /xingrg/all/function/internal_message.html?_=1689134722363&CODE_STATE=getMsg HTTP/1.1" 200 27
61.170.233.201 - - [12/Jul/2023:12:05:23 +0800] "POST /xingrg/kc/base/wldb_list_operate.html HTTP/1.1" 200 4156
116.238.191.126 - - [12/Jul/2023:12:05:27 +0800] "POST /xingrg/kc/buy/cgsh_order_operate.html HTTP/1.1" 200 37
222.70.172.54 - - [12/Jul/2023:12:05:27 +0800] "GET /xingrg/kc/buy/cgsh_order_operate.html?command=get_materiel&rest_code=00146&code=00101008009&supplier_code=00100327&order_time=2023-07-12 HTTP/1.1" 200 413
124.78.70.128 - - [12/Jul/2023:12:05:29 +0800] "GET /xingrg/kc/buy/cgsh_order_operate.html?command=get_materiel&rest_code=00141&code=00101004065&supplier_code=00100090&order_time=2023-07-12 HTTP/1.1" 200 413
116.232.195.127 - - [12/Jul/2023:12:05:30 +0800] "GET /xingrg/kc/buy/cgsh_order_operate.html?command=get_materiel&rest_code=00155&code=00101014140&supplier_code=00100363&order_time=2023-07-12 HTTP/1.1" 200 412
114.83.217.28 - - [12/Jul/2023:12:05:33 +0800] "GET /xingrg/kc/buy/cgsh_order_list.html HTTP/1.1" 200 55844
222.70.172.54 - - [12/Jul/2023:12:05:33 +0800] "GET /xingrg/all/function/internal_message.html?_=1689134743444&CODE_STATE=getMsg HTTP/1.1" 200 27
114.83.217.28 - - [12/Jul/2023:12:05:34 +0800] "POST /xingrg/kc/buy/cgsh_list_operate.html HTTP/1.1" 200 986
114.83.217.28 - - [12/Jul/2023:12:05:36 +0800] "GET /xingrg/kc/buy/cgsh_order_add.html HTTP/1.1" 200 71708
114.83.217.28 - - [12/Jul/2023:12:05:36 +0800] "POST /xingrg/kc/buy/cgsh_order_operate.html HTTP/1.1" 200 8245
114.83.217.28 - - [12/Jul/2023:12:05:36 +0800] "GET /xingrg/javascript/easyui/themes/default/validatebox.css HTTP/1.1" 404 1104
61.170.233.201 - - [12/Jul/2023:12:05:37 +0800] "GET /xingrg/check_reg.html?_=1689134738200 HTTP/1.1" 200 22
61.170.233.201 - - [12/Jul/2023:12:05:37 +0800] "GET /xingrg/all/function/internal_message.html?_=1689134738203&CODE_STATE=getMsg HTTP/1.1" 200 27
116.232.195.127 - - [12/Jul/2023:12:05:37 +0800] "GET /xingrg/all/function/internal_message.html?_=1689134714534&CODE_STATE=getMsg HTTP/1.1" 200 27
61.170.233.201 - - [12/Jul/2023:12:05:37 +0800] "GET /xingrg/kc/buy/cgsh_order_operate.html?command=get_materiel&rest_code=00106&code=00101010079&supplier_code=00100336&order_time=2023-07-12 HTTP/1.1" 200 413
114.83.217.28 - - [12/Jul/2023:12:05:37 +0800] "GET /xingrg/javascript/auto/indicator.gif HTTP/1.1" 404 1066
114.83.217.28 - - [12/Jul/2023:12:05:38 +0800] "GET /xingrg/javascript/jquery_tools/images/prev.gif HTTP/1.1" 404 1086
114.83.217.28 - - [12/Jul/2023:12:05:38 +0800] "GET /xingrg/javascript/jquery_tools/images/next.gif HTTP/1.1" 404 1086
222.70.114.12 - - [12/Jul/2023:12:05:40 +0800] "GET /xingrg/all/function/internal_message.html?_=1689134745554&CODE_STATE=getMsg HTTP/1.1" 302 -
222.70.172.54 - - [12/Jul/2023:12:05:40 +0800] "GET /xingrg/kc/buy/cgsh_order_operate.html?command=get_materiel&rest_code=00146&code=00101010327&supplier_code=00100327&order_time=2023-07-12 HTTP/1.1" 200 417
124.78.70.128 - - [12/Jul/2023:12:05:44 +0800] "POST /xingrg/kc/buy/cgsh_order_operate.html HTTP/1.1" 200 37
124.78.70.128 - - [12/Jul/2023:12:05:46 +0800] "POST /xingrg/kc/buy/cgsh_order_operate.html HTTP/1.1" 200 5648
61.170.233.201 - - [12/Jul/2023:12:05:53 +0800] "POST /xingrg/kc/buy/cgsh_order_operate.html HTTP/1.1" 200 37
222.70.172.54 - - [12/Jul/2023:12:05:53 +0800] "GET /xingrg/kc/buy/cgsh_order_operate.html?command=get_materiel&rest_code=00146&code=00101010691&supplier_code=00100327&order_time=2023-07-12 HTTP/1.1" 200 411
114.83.219.27 - - [12/Jul/2023:12:05:53 +0800] "GET /xingrg/all/function/internal_message.html?_=1689134872270&CODE_STATE=getMsg HTTP/1.1" 200 27
124.78.70.128 - - [12/Jul/2023:12:05:53 +0800] "GET /xingrg/kc/print/load_data.html?order_code=212023071204755&kc_code=cgsh&condition= HTTP/1.1" 200 1905
114.83.217.28 - - [12/Jul/2023:12:05:54 +0800] "GET /xingrg/kc/buy/cgsh_order_operate.html?command=get_materiel&rest_code=00149&code=00101020272&supplier_code=00100322&order_time=2023-07-12 HTTP/1.1" 200 426
116.238.191.126 - - [12/Jul/2023:12:05:54 +0800] "POST /xingrg/kc/buy/cgsh_order_operate.html HTTP/1.1" 200 12
116.238.191.126 - - [12/Jul/2023:12:05:56 +0800] "GET /xingrg/all/function/internal_message.html?_=1689134659735&CODE_STATE=getMsg HTTP/1.1" 200 27
222.70.180.90 - - [12/Jul/2023:12:05:57 +0800] "GET /xingrg/all/function/internal_message.html?_=1689134755181&CODE_STATE=getMsg HTTP/1.1" 200 27
222.70.180.90 - - [12/Jul/2023:12:05:57 +0800] "GET /xingrg/check_reg.html?_=1689134887522 HTTP/1.1" 200 22
222.70.180.90 - - [12/Jul/2023:12:05:57 +0800] "GET /xingrg/all/function/internal_message.html?_=1689134887525&CODE_STATE=getMsg HTTP/1.1" 200 27
61.170.233.201 - - [12/Jul/2023:12:06:00 +0800] "POST /xingrg/kc/buy/cgsh_order_operate.html HTTP/1.1" 200 12
218.81.72.140 - - [12/Jul/2023:12:06:00 +0800] "GET /xingrg/all/function/internal_message.html?_=1689134759915&CODE_STATE=getMsg HTTP/1.1" 200 27
114.83.217.28 - - [12/Jul/2023:12:06:01 +0800] "GET /xingrg/all/function/internal_message.html?_=1689134760107&CODE_STATE=getMsg HTTP/1.1" 200 27
114.84.31.26 - - [12/Jul/2023:12:06:01 +0800] "GET /xingrg/all/function/internal_message.html?_=1689134761299&CODE_STATE=getMsg HTTP/1.1" 200 27
116.238.191.126 - - [12/Jul/2023:12:06:01 +0800] "GET /xingrg/kc/buy/cgsh_order_info.html?code=212023071204756 HTTP/1.1" 200 66589
114.83.217.28 - - [12/Jul/2023:12:06:01 +0800] "GET /xingrg/check_reg.html?_=1689134760985 HTTP/1.1" 200 22
116.238.191.126 - - [12/Jul/2023:12:06:02 +0800] "GET /xingrg/javascript/easyui/themes/default/validatebox.css HTTP/1.1" 404 1104
61.170.233.201 - - [12/Jul/2023:12:06:02 +0800] "GET /xingrg/all/function/internal_message.html?_=1689134754342&CODE_STATE=getMsg HTTP/1.1" 200 27
180.163.28.143 - - [12/Jul/2023:12:06:02 +0800] "GET /xingrg/all/function/internal_message.html?_=1689134694411&CODE_STATE=getMsg HTTP/1.1" 302 -
180.163.28.143 - - [12/Jul/2023:12:06:02 +0800] "GET /xingrg/login.html HTTP/1.1" 200 7641
180.162.110.162 - - [12/Jul/2023:12:06:02 +0800] "GET /xingrg/all/function/internal_message.html?_=1689133521419&CODE_STATE=getMsg HTTP/1.1" 200 27
116.238.191.126 - - [12/Jul/2023:12:06:02 +0800] "POST /xingrg/kc/buy/cgsh_order_operate.html HTTP/1.1" 200 1788
61.170.233.201 - - [12/Jul/2023:12:06:02 +0800] "GET /xingrg/kc/buy/cgsh_order_info.html?code=212023071204757 HTTP/1.1" 200 66523
61.170.233.201 - - [12/Jul/2023:12:06:03 +0800] "GET /xingrg/javascript/easyui/themes/default/validatebox.css HTTP/1.1" 404 1104
61.170.233.201 - - [12/Jul/2023:12:06:04 +0800] "POST /xingrg/kc/buy/cgsh_order_operate.html HTTP/1.1" 200 607
124.78.70.128 - - [12/Jul/2023:12:06:05 +0800] "GET /xingrg/kc/buy/cgsh_order_add.html HTTP/1.1" 200 71620
124.78.70.128 - - [12/Jul/2023:12:06:06 +0800] "POST /xingrg/kc/buy/cgsh_order_operate.html HTTP/1.1" 200 8245
124.78.70.128 - - [12/Jul/2023:12:06:06 +0800] "GET /xingrg/javascript/easyui/themes/default/validatebox.css HTTP/1.1" 404 1104
222.70.172.54 - - [12/Jul/2023:12:06:08 +0800] "POST /xingrg/kc/buy/cgsh_order_operate.html HTTP/1.1" 200 37
61.170.233.201 - - [12/Jul/2023:12:06:08 +0800] "GET /xingrg/kc/print/load_data.html?order_code=212023071204757&kc_code=cgsh&condition= HTTP/1.1" 200 699
116.238.191.126 - - [12/Jul/2023:12:06:08 +0800] "GET /xingrg/kc/print/load_data.html?order_code=212023071204756&kc_code=cgsh&condition= HTTP/1.1" 200 1177
114.83.217.28 - - [12/Jul/2023:12:06:09 +0800] "GET /xingrg/kc/buy/cgsh_order_operate.html?command=get_materiel&rest_code=00149&code=00101009067&supplier_code=00100322&order_time=2023-07-12 HTTP/1.1" 200 420
222.70.172.54 - - [12/Jul/2023:12:06:11 +0800] "POST /xingrg/kc/buy/cgsh_order_operate.html HTTP/1.1" 200 3845
222.70.172.54 - - [12/Jul/2023:12:06:17 +0800] "GET /xingrg/kc/print/load_data.html?order_code=212023071204758&kc_code=cgsh&condition= HTTP/1.1" 200 1137
116.238.191.126 - - [12/Jul/2023:12:06:18 +0800] "GET /xingrg/kc/buy/cgsh_order_add.html HTTP/1.1" 200 71676
61.170.233.201 - - [12/Jul/2023:12:06:18 +0800] "GET /xingrg/kc/buy/cgsh_order_add.html HTTP/1.1" 200 71614
114.95.42.59 - - [12/Jul/2023:12:06:19 +0800] "GET /xingrg/all/function/internal_message.html?_=1689134593876&CODE_STATE=getMsg HTTP/1.1" 200 27
61.170.233.201 - - [12/Jul/2023:12:06:19 +0800] "POST /xingrg/kc/buy/cgsh_order_operate.html HTTP/1.1" 200 8245
61.170.233.201 - - [12/Jul/2023:12:06:19 +0800] "GET /xingrg/javascript/easyui/themes/default/validatebox.css HTTP/1.1" 404 1104
116.238.191.126 - - [12/Jul/2023:12:06:19 +0800] "POST /xingrg/kc/buy/cgsh_order_operate.html HTTP/1.1" 200 8245
116.238.191.126 - - [12/Jul/2023:12:06:19 +0800] "GET /xingrg/javascript/easyui/themes/default/validatebox.css HTTP/1.1" 404 1104
114.95.42.59 - - [12/Jul/2023:12:06:21 +0800] "GET /xingrg/all/function/internal_message.html?_=1689134782345&CODE_STATE=getMsg HTTP/1.1" 200 27
61.170.233.201 - - [12/Jul/2023:12:06:21 +0800] "GET /xingrg/javascript/easyui/themes/default/tree.css HTTP/1.1" 404 1090
61.170.233.201 - - [12/Jul/2023:12:06:21 +0800] "POST /xingrg/all/common/load_tree.html?tree=supplier_tree_json&isDelete=1 HTTP/1.1" 200 74546
124.78.70.128 - - [12/Jul/2023:12:06:25 +0800] "GET /xingrg/kc/buy/cgsh_order_operate.html?command=get_materiel&rest_code=00141&code=00101003040&supplier_code=00100094&order_time=2023-07-12 HTTP/1.1" 200 417
222.70.172.54 - - [12/Jul/2023:12:06:32 +0800] "GET /xingrg/kc/buy/cgsh_order_add.html HTTP/1.1" 200 71620
222.70.172.54 - - [12/Jul/2023:12:06:33 +0800] "POST /xingrg/kc/buy/cgsh_order_operate.html HTTP/1.1" 200 8245
222.70.172.54 - - [12/Jul/2023:12:06:33 +0800] "GET /xingrg/javascript/easyui/themes/default/validatebox.css HTTP/1.1" 404 1104
222.70.172.54 - - [12/Jul/2023:12:06:33 +0800] "GET /xingrg/all/function/internal_message.html?_=1689134803457&CODE_STATE=getMsg HTTP/1.1" 200 27
116.238.191.126 - - [12/Jul/2023:12:06:35 +0800] "GET /xingrg/kc/buy/cgsh_order_operate.html?command=get_materiel&rest_code=00150&code=00101006364&supplier_code=00100331&order_time=2023-07-12 HTTP/1.1" 200 430
61.170.233.201 - - [12/Jul/2023:12:06:37 +0800] "GET /xingrg/all/function/internal_message.html?_=1689134798212&CODE_STATE=getMsg HTTP/1.1" 200 27
222.70.114.12 - - [12/Jul/2023:12:06:40 +0800] "GET /xingrg/all/function/internal_message.html?_=1689134805554&CODE_STATE=getMsg HTTP/1.1" 302 -
116.232.195.127 - - [12/Jul/2023:12:06:41 +0800] "POST /xingrg/kc/buy/cgsh_order_operate.html HTTP/1.1" 200 37
116.232.195.127 - - [12/Jul/2023:12:06:42 +0800] "POST /xingrg/kc/buy/cgsh_order_operate.html HTTP/1.1" 200 3261
116.238.191.126 - - [12/Jul/2023:12:06:45 +0800] "POST /xingrg/kc/buy/cgsh_order_operate.html HTTP/1.1" 200 37
116.232.195.127 - - [12/Jul/2023:12:06:46 +0800] "GET /xingrg/kc/print/load_data.html?order_code=212023071204759&kc_code=cgsh&condition= HTTP/1.1" 200 922
61.170.233.201 - - [12/Jul/2023:12:06:48 +0800] "GET /xingrg/kc/buy/cgsh_order_operate.html?command=get_materiel&rest_code=00106&code=00101012049&supplier_code=00100338&order_time=2023-07-12 HTTP/1.1" 200 430
114.83.217.28 - - [12/Jul/2023:12:06:49 +0800] "GET /xingrg/kc/buy/cgsh_order_operate.html?command=get_materiel&rest_code=00149&code=00101020273&supplier_code=00100322&order_time=2023-07-12 HTTP/1.1" 200 422
222.70.172.54 - - [12/Jul/2023:12:06:49 +0800] "GET /xingrg/kc/buy/cgsh_order_operate.html?command=get_materiel&rest_code=00146&code=00101003035&supplier_code=00100092&order_time=2023-07-12 HTTP/1.1" 200 413
61.170.233.201 - - [12/Jul/2023:12:06:50 +0800] "POST /xingrg/all/common/load_select.html HTTP/1.1" 200 25
116.232.195.127 - - [12/Jul/2023:12:06:50 +0800] "GET /xingrg/kc/buy/cgsh_order_add.html HTTP/1.1" 200 71667
116.232.195.127 - - [12/Jul/2023:12:06:51 +0800] "POST /xingrg/kc/buy/cgsh_order_operate.html HTTP/1.1" 200 8245
116.232.195.127 - - [12/Jul/2023:12:06:51 +0800] "GET /xingrg/javascript/easyui/themes/default/validatebox.css HTTP/1.1" 404 1104
114.83.219.27 - - [12/Jul/2023:12:06:53 +0800] "GET /xingrg/all/function/internal_message.html?_=1689134932248&CODE_STATE=getMsg HTTP/1.1" 200 27
124.78.70.128 - - [12/Jul/2023:12:06:54 +0800] "POST /xingrg/kc/buy/cgsh_order_operate.html HTTP/1.1" 200 37
116.238.191.126 - - [12/Jul/2023:12:06:55 +0800] "POST /xingrg/kc/buy/cgsh_order_operate.html HTTP/1.1" 200 12
61.170.233.201 - - [12/Jul/2023:12:06:56 +0800] "GET /xingrg/kc/buy/cgsh_order_operate.html?command=get_materiel_price&rest_code=00106&code=00101012049&unit_code=00100086&supplier_code=00100338&order_time=2023-07-12 HTTP/1.1" 200 29
222.70.180.90 - - [12/Jul/2023:12:06:56 +0800] "GET /xingrg/all/function/internal_message.html?_=1689134815151&CODE_STATE=getMsg HTTP/1.1" 200 27
124.78.70.128 - - [12/Jul/2023:12:06:57 +0800] "POST /xingrg/kc/buy/cgsh_order_operate.html HTTP/1.1" 200 2665
222.70.180.90 - - [12/Jul/2023:12:06:57 +0800] "GET /xingrg/all/function/internal_message.html?_=1689134947524&CODE_STATE=getMsg HTTP/1.1" 200 27
116.238.191.126 - - [12/Jul/2023:12:06:58 +0800] "GET /xingrg/kc/buy/cgsh_order_info.html?code=212023071204760 HTTP/1.1" 200 66591
116.238.191.126 - - [12/Jul/2023:12:06:58 +0800] "GET /xingrg/javascript/easyui/themes/default/validatebox.css HTTP/1.1" 404 1104
116.238.191.126 - - [12/Jul/2023:12:06:58 +0800] "GET /xingrg/all/function/internal_message.html?_=1689134721474&CODE_STATE=getMsg HTTP/1.1" 200 27
116.238.191.126 - - [12/Jul/2023:12:06:59 +0800] "POST /xingrg/kc/buy/cgsh_order_operate.html HTTP/1.1" 200 626
124.78.70.128 - - [12/Jul/2023:12:06:59 +0800] "GET /xingrg/kc/print/load_data.html?order_code=212023071204761&kc_code=cgsh&condition= HTTP/1.1" 200 765
218.81.72.140 - - [12/Jul/2023:12:07:00 +0800] "GET /xingrg/all/function/internal_message.html?_=1689134819915&CODE_STATE=getMsg HTTP/1.1" 200 27
218.81.72.140 - - [12/Jul/2023:12:07:00 +0800] "GET /xingrg/check_reg.html?_=1689134819917 HTTP/1.1" 200 22
114.83.217.28 - - [12/Jul/2023:12:07:01 +0800] "GET /xingrg/all/function/internal_message.html?_=1689134820086&CODE_STATE=getMsg HTTP/1.1" 200 27
114.84.31.26 - - [12/Jul/2023:12:07:01 +0800] "GET /xingrg/all/function/internal_message.html?_=1689134821302&CODE_STATE=getMsg HTTP/1.1" 200 27
116.238.191.126 - - [12/Jul/2023:12:07:01 +0800] "GET /xingrg/kc/print/load_data.html?order_code=212023071204760&kc_code=cgsh&condition= HTTP/1.1" 200 758
61.170.233.201 - - [12/Jul/2023:12:07:02 +0800] "GET /xingrg/all/function/internal_message.html?_=1689134814322&CODE_STATE=getMsg HTTP/1.1" 200 27
124.78.70.128 - - [12/Jul/2023:12:07:02 +0800] "GET /xingrg/all/function/internal_message.html?_=1689134300211&CODE_STATE=getMsg HTTP/1.1" 200 27
180.162.110.162 - - [12/Jul/2023:12:07:02 +0800] "GET /xingrg/all/function/internal_message.html?_=1689133581412&CODE_STATE=getMsg HTTP/1.1" 200 27
116.232.195.127 - - [12/Jul/2023:12:07:08 +0800] "GET /xingrg/kc/buy/cgsh_order_operate.html?command=get_materiel&rest_code=00155&code=00101006334&supplier_code=00100558&order_time=2023-07-12 HTTP/1.1" 200 23
124.78.70.128 - - [12/Jul/2023:12:07:09 +0800] "GET /xingrg/kc/buy/cgsh_order_add.html HTTP/1.1" 200 71620
114.83.217.28 - - [12/Jul/2023:12:07:09 +0800] "POST /xingrg/kc/buy/cgsh_order_operate.html HTTP/1.1" 200 37
124.78.70.128 - - [12/Jul/2023:12:07:10 +0800] "GET /xingrg/javascript/easyui/themes/default/validatebox.css HTTP/1.1" 404 1104
124.78.70.128 - - [12/Jul/2023:12:07:10 +0800] "POST /xingrg/kc/buy/cgsh_order_operate.html HTTP/1.1" 200 8245
114.83.217.28 - - [12/Jul/2023:12:07:13 +0800] "POST /xingrg/kc/buy/cgsh_order_operate.html HTTP/1.1" 200 3265
222.70.172.54 - - [12/Jul/2023:12:07:13 +0800] "POST /xingrg/kc/buy/cgsh_order_operate.html HTTP/1.1" 200 88
61.170.233.201 - - [12/Jul/2023:12:07:16 +0800] "POST /xingrg/kc/buy/cgsh_order_operate.html HTTP/1.1" 200 37
114.83.217.28 - - [12/Jul/2023:12:07:17 +0800] "GET /xingrg/kc/print/load_data.html?order_code=212023071204762&kc_code=cgsh&condition= HTTP/1.1" 200 927
114.95.42.59 - - [12/Jul/2023:12:07:19 +0800] "GET /xingrg/all/function/internal_message.html?_=1689134653868&CODE_STATE=getMsg HTTP/1.1" 200 27
116.232.195.127 - - [12/Jul/2023:12:07:19 +0800] "GET /xingrg/index.html?sysBaseUrl=http%3A%2F%2F180.169.147.146%3A18081%2Fxingrg%2F&costTime=1277×tamp=1606817596806 HTTP/1.1" 302 -
116.232.195.127 - - [12/Jul/2023:12:07:19 +0800] "GET /xingrg/login.html HTTP/1.1" 200 7641
116.232.195.127 - - [12/Jul/2023:12:07:20 +0800] "GET /favicon.ico HTTP/1.1" 404 -
114.95.42.59 - - [12/Jul/2023:12:07:21 +0800] "GET /xingrg/all/function/internal_message.html?_=1689134842315&CODE_STATE=getMsg HTTP/1.1" 200 27
222.70.172.54 - - [12/Jul/2023:12:07:24 +0800] "POST /xingrg/kc/buy/cgsh_order_operate.html HTTP/1.1" 200 37
124.78.70.128 - - [12/Jul/2023:12:07:26 +0800] "GET /xingrg/kc/buy/cgsh_order_operate.html?command=get_materiel&rest_code=00141&code=00101001008&supplier_code=00100482&order_time=2023-07-12 HTTP/1.1" 200 415
222.70.172.54 - - [12/Jul/2023:12:07:27 +0800] "POST /xingrg/kc/buy/cgsh_order_operate.html HTTP/1.1" 200 2661
114.83.217.28 - - [12/Jul/2023:12:07:27 +0800] "GET /xingrg/kc/buy/cgsh_order_add.html HTTP/1.1" 200 71708
114.83.217.28 - - [12/Jul/2023:12:07:28 +0800] "POST /xingrg/kc/buy/cgsh_order_operate.html HTTP/1.1" 200 8245
114.83.217.28 - - [12/Jul/2023:12:07:28 +0800] "GET /xingrg/javascript/easyui/themes/default/validatebox.css HTTP/1.1" 404 1104
222.70.172.54 - - [12/Jul/2023:12:07:30 +0800] "GET /xingrg/kc/print/load_data.html?order_code=212023071204765&kc_code=cgsh&condition= HTTP/1.1" 200 725
61.170.233.201 - - [12/Jul/2023:12:07:30 +0800] "POST /xingrg/kc/buy/cgsh_order_operate.html HTTP/1.1" 200 12
116.232.195.127 - - [12/Jul/2023:12:07:30 +0800] "POST /xingrg/login.do HTTP/1.1" 302 -
116.232.195.127 - - [12/Jul/2023:12:07:31 +0800] "GET /xingrg/index.html?sysBaseUrl=http%3A%2F%2F180.169.147.146%3A18081%2Fxingrg%2F&costTime=1315×tamp=1689134850936 HTTP/1.1" 200 17179
116.232.195.127 - - [12/Jul/2023:12:07:31 +0800] "GET /favicon.ico HTTP/1.1" 404 -
116.232.195.127 - - [12/Jul/2023:12:07:31 +0800] "GET /xingrg/all/function/internal_message.html?_=1689134828381&CODE_STATE=count HTTP/1.1" 200 11
116.232.195.127 - - [12/Jul/2023:12:07:31 +0800] "GET /xingrg/check_reg.html?_=1689134828382 HTTP/1.1" 200 22
116.232.195.127 - - [12/Jul/2023:12:07:31 +0800] "POST /xingrg/all/common/load_tree.html?tree=area_rest_tree_json&manage=1 HTTP/1.1" 200 479
116.232.195.127 - - [12/Jul/2023:12:07:31 +0800] "POST /xingrg/load_menu.html HTTP/1.1" 200 5138
222.70.172.54 - - [12/Jul/2023:12:07:33 +0800] "GET /xingrg/check_reg.html?_=1689134863189 HTTP/1.1" 200 22
222.70.172.54 - - [12/Jul/2023:12:07:33 +0800] "GET /xingrg/all/function/internal_message.html?_=1689134863470&CODE_STATE=getMsg HTTP/1.1" 200 27
61.170.233.201 - - [12/Jul/2023:12:07:34 +0800] "GET /xingrg/kc/buy/cgsh_order_info.html?code=212023071204764 HTTP/1.1" 200 66527
61.170.233.201 - - [12/Jul/2023:12:07:34 +0800] "GET /xingrg/javascript/easyui/themes/default/validatebox.css HTTP/1.1" 404 1104
116.232.195.127 - - [12/Jul/2023:12:07:35 +0800] "GET /xingrg/kc/buy/cgsh_order_list.html HTTP/1.1" 200 55844
61.170.233.201 - - [12/Jul/2023:12:07:35 +0800] "POST /xingrg/kc/buy/cgsh_order_operate.html HTTP/1.1" 200 620
61.170.233.201 - - [12/Jul/2023:12:07:37 +0800] "GET /xingrg/all/function/internal_message.html?_=1689134858205&CODE_STATE=getMsg HTTP/1.1" 200 27
114.83.217.28 - - [12/Jul/2023:12:07:38 +0800] "GET /xingrg/kc/buy/cgsh_order_operate.html?command=get_materiel&rest_code=00149&code=00101008496&supplier_code=00100323&order_time=2023-07-12 HTTP/1.1" 200 405
222.70.172.54 - - [12/Jul/2023:12:07:39 +0800] "GET /xingrg/kc/buy/cgsh_order_add.html HTTP/1.1" 200 71620
222.70.114.12 - - [12/Jul/2023:12:07:40 +0800] "GET /xingrg/all/function/internal_message.html?_=1689134865553&CODE_STATE=getMsg HTTP/1.1" 302 -
222.70.114.12 - - [12/Jul/2023:12:07:40 +0800] "GET /xingrg/check_reg.html?_=1689134865555 HTTP/1.1" 302 -
222.70.172.54 - - [12/Jul/2023:12:07:40 +0800] "POST /xingrg/kc/buy/cgsh_order_operate.html HTTP/1.1" 200 8245
222.70.172.54 - - [12/Jul/2023:12:07:40 +0800] "GET /xingrg/javascript/easyui/themes/default/validatebox.css HTTP/1.1" 404 1104
124.78.70.128 - - [12/Jul/2023:12:07:43 +0800] "POST /xingrg/kc/buy/cgsh_order_operate.html HTTP/1.1" 200 37
124.78.70.128 - - [12/Jul/2023:12:07:46 +0800] "POST /xingrg/kc/buy/cgsh_order_operate.html HTTP/1.1" 200 2663
124.78.70.128 - - [12/Jul/2023:12:07:48 +0800] "GET /xingrg/kc/print/load_data.html?order_code=212023071204766&kc_code=cgsh&condition= HTTP/1.1" 200 686
61.170.233.201 - - [12/Jul/2023:12:07:50 +0800] "GET /xingrg/kc/print/load_data.html?order_code=212023071204764&kc_code=cgsh&condition= HTTP/1.1" 200 718
114.83.219.27 - - [12/Jul/2023:12:07:53 +0800] "GET /xingrg/all/function/internal_message.html?_=1689134992229&CODE_STATE=getMsg HTTP/1.1" 200 27
124.78.70.128 - - [12/Jul/2023:12:07:56 +0800] "GET /xingrg/kc/buy/cgsh_order_add.html HTTP/1.1" 200 71620
222.70.180.90 - - [12/Jul/2023:12:07:56 +0800] "GET /xingrg/all/function/internal_message.html?_=1689134875122&CODE_STATE=getMsg HTTP/1.1" 200 27
114.83.217.28 - - [12/Jul/2023:12:07:57 +0800] "GET /xingrg/kc/buy/cgsh_order_operate.html?command=get_materiel&rest_code=00149&code=00101010785&supplier_code=00100323&order_time=2023-07-12 HTTP/1.1" 200 461
124.78.70.128 - - [12/Jul/2023:12:07:57 +0800] "POST /xingrg/kc/buy/cgsh_order_operate.html HTTP/1.1" 200 8245
222.70.180.90 - - [12/Jul/2023:12:07:57 +0800] "GET /xingrg/all/function/internal_message.html?_=1689135007525&CODE_STATE=getMsg HTTP/1.1" 200 27
222.70.180.90 - - [12/Jul/2023:12:07:57 +0800] "GET /xingrg/check_reg.html?_=1689134875923 HTTP/1.1" 200 22
124.78.70.128 - - [12/Jul/2023:12:07:57 +0800] "GET /xingrg/javascript/easyui/themes/default/validatebox.css HTTP/1.1" 404 1104
116.238.191.126 - - [12/Jul/2023:12:07:58 +0800] "GET /xingrg/all/function/internal_message.html?_=1689134781479&CODE_STATE=getMsg HTTP/1.1" 200 27
218.81.72.140 - - [12/Jul/2023:12:08:00 +0800] "GET /xingrg/all/function/internal_message.html?_=1689134879922&CODE_STATE=getMsg HTTP/1.1" 200 27
61.170.233.201 - - [12/Jul/2023:12:08:00 +0800] "GET /xingrg/kc/buy/cgsh_order_add.html HTTP/1.1" 200 71614
61.170.233.201 - - [12/Jul/2023:12:08:00 +0800] "POST /xingrg/kc/buy/cgsh_order_operate.html HTTP/1.1" 200 8245
114.83.217.28 - - [12/Jul/2023:12:08:00 +0800] "GET /xingrg/all/function/internal_message.html?_=1689134880059&CODE_STATE=getMsg HTTP/1.1" 200 27
61.170.233.201 - - [12/Jul/2023:12:08:01 +0800] "GET /xingrg/javascript/easyui/themes/default/validatebox.css HTTP/1.1" 404 1104
114.84.31.26 - - [12/Jul/2023:12:08:01 +0800] "GET /xingrg/all/function/internal_message.html?_=1689134881302&CODE_STATE=getMsg HTTP/1.1" 200 27
61.170.233.201 - - [12/Jul/2023:12:08:02 +0800] "GET /xingrg/all/function/internal_message.html?_=1689134874301&CODE_STATE=getMsg HTTP/1.1" 200 27
180.163.28.109 - - [12/Jul/2023:12:08:02 +0800] "GET /xingrg/all/function/internal_message.html?_=1689134814322&CODE_STATE=getMsg HTTP/1.1" 302 -
180.163.28.109 - - [12/Jul/2023:12:08:02 +0800] "GET /xingrg/login.html HTTP/1.1" 200 7641
124.78.70.128 - - [12/Jul/2023:12:08:02 +0800] "GET /xingrg/all/function/internal_message.html?_=1689134360476&CODE_STATE=getMsg HTTP/1.1" 200 27
180.162.110.162 - - [12/Jul/2023:12:08:02 +0800] "GET /xingrg/check_reg.html?_=1689133641397 HTTP/1.1" 200 22
180.162.110.162 - - [12/Jul/2023:12:08:02 +0800] "GET /xingrg/all/function/internal_message.html?_=1689133641402&CODE_STATE=getMsg HTTP/1.1" 200 27
61.170.233.201 - - [12/Jul/2023:12:08:03 +0800] "GET /xingrg/check_reg.html?_=1689134875584 HTTP/1.1" 200 22
61.170.233.201 - - [12/Jul/2023:12:08:03 +0800] "GET /xingrg/javascript/easyui/themes/default/tree.css HTTP/1.1" 404 1090
61.170.233.201 - - [12/Jul/2023:12:08:03 +0800] "POST /xingrg/all/common/load_tree.html?tree=supplier_tree_json&isDelete=1 HTTP/1.1" 200 74546
124.78.70.128 - - [12/Jul/2023:12:08:13 +0800] "GET /xingrg/kc/buy/cgsh_order_operate.html?command=get_materiel&rest_code=00141&code=00101010616&supplier_code=00100566&order_time=2023-07-12 HTTP/1.1" 200 409
222.70.172.54 - - [12/Jul/2023:12:08:14 +0800] "GET /xingrg/kc/buy/cgsh_order_operate.html?command=get_materiel&rest_code=00146&code=00101012046&supplier_code=00100487&order_time=2023-07-12 HTTP/1.1" 200 417
116.238.191.126 - - [12/Jul/2023:12:08:18 +0800] "POST /xingrg/all/user/operate.html HTTP/1.1" 200 36
114.95.42.59 - - [12/Jul/2023:12:08:18 +0800] "GET /xingrg/all/function/internal_message.html?_=1689134713854&CODE_STATE=getMsg HTTP/1.1" 200 27
114.95.42.59 - - [12/Jul/2023:12:08:19 +0800] "GET /xingrg/check_reg.html?_=1689134714187 HTTP/1.1" 200 22
116.238.191.126 - - [12/Jul/2023:12:08:19 +0800] "GET /xingrg/index.html?sysBaseUrl=http%3A%2F%2F180.169.147.146%3A18081%2Fxingrg%2F&costTime=950×tamp=1689133811952 HTTP/1.1" 200 17177
116.238.191.126 - - [12/Jul/2023:12:08:19 +0800] "GET /xingrg/javascript/jquery_easy_ui/themes/default/easyui.css HTTP/1.1" 304 -
116.238.191.126 - - [12/Jul/2023:12:08:19 +0800] "GET /xingrg/javascript/jquery_easy_ui/themes/icon.css HTTP/1.1" 304 -
116.238.191.126 - - [12/Jul/2023:12:08:19 +0800] "GET /xingrg/css/form.css HTTP/1.1" 304 -
116.238.191.126 - - [12/Jul/2023:12:08:19 +0800] "GET /xingrg/javascript/jquery-1.4.2.min.js HTTP/1.1" 304 -
116.238.191.126 - - [12/Jul/2023:12:08:19 +0800] "GET /xingrg/javascript/jquery_easy_ui/jquery.easyui.min.js HTTP/1.1" 304 -
116.238.191.126 - - [12/Jul/2023:12:08:19 +0800] "GET /xingrg/javascript/jquery_easy_ui/easyui-lang-zh_CN.js HTTP/1.1" 304 -
116.238.191.126 - - [12/Jul/2023:12:08:19 +0800] "GET /xingrg/javascript/jquery.form.js HTTP/1.1" 304 -
116.238.191.126 - - [12/Jul/2023:12:08:19 +0800] "GET /xingrg/javascript/jquery.utils.js HTTP/1.1" 304 -
116.238.191.126 - - [12/Jul/2023:12:08:19 +0800] "GET /xingrg/javascript/jquery.timers.js HTTP/1.1" 304 -
116.238.191.126 - - [12/Jul/2023:12:08:19 +0800] "GET /xingrg/images/blue/jxLogo.png HTTP/1.1" 304 -
116.238.191.126 - - [12/Jul/2023:12:08:19 +0800] "GET /xingrg/images/blue/navBackgound.jpg HTTP/1.1" 304 -
116.238.191.126 - - [12/Jul/2023:12:08:19 +0800] "GET /xingrg/javascript/jquery_easy_ui/themes/icons/settle_new.png HTTP/1.1" 304 -
116.238.191.126 - - [12/Jul/2023:12:08:20 +0800] "GET /xingrg/images/blue/pingpu.png HTTP/1.1" 304 -
116.238.191.126 - - [12/Jul/2023:12:08:20 +0800] "GET /xingrg/javascript/jquery_easy_ui/themes/default/images/tabs_leftarrow.png HTTP/1.1" 304 -
116.238.191.126 - - [12/Jul/2023:12:08:20 +0800] "GET /xingrg/javascript/jquery_easy_ui/themes/default/images/panel_tool_collapse.gif HTTP/1.1" 304 -
116.238.191.126 - - [12/Jul/2023:12:08:20 +0800] "GET /xingrg/javascript/jquery_easy_ui/themes/default/images/tabs_rightarrow.png HTTP/1.1" 304 -
116.238.191.126 - - [12/Jul/2023:12:08:20 +0800] "GET /xingrg/all/function/internal_message.html?_=1689134802989&CODE_STATE=count HTTP/1.1" 200 11
116.238.191.126 - - [12/Jul/2023:12:08:20 +0800] "GET /xingrg/check_reg.html?_=1689134802990 HTTP/1.1" 200 22
116.238.191.126 - - [12/Jul/2023:12:08:20 +0800] "POST /xingrg/all/common/load_tree.html?tree=area_rest_tree_json&manage=1 HTTP/1.1" 200 476
116.238.191.126 - - [12/Jul/2023:12:08:20 +0800] "POST /xingrg/load_menu.html HTTP/1.1" 200 5138
114.95.42.59 - - [12/Jul/2023:12:08:21 +0800] "GET /xingrg/all/function/internal_message.html?_=1689134902294&CODE_STATE=getMsg HTTP/1.1" 200 27
116.232.195.127 - - [12/Jul/2023:12:08:27 +0800] "POST /xingrg/kc/buy/cgsh_list_operate.html HTTP/1.1" 200 6009
116.232.195.127 - - [12/Jul/2023:12:08:31 +0800] "GET /xingrg/all/function/internal_message.html?_=1689134888405&CODE_STATE=getMsg HTTP/1.1" 200 27
114.83.217.28 - - [12/Jul/2023:12:08:31 +0800] "GET /xingrg/kc/buy/cgsh_order_operate.html?command=get_materiel&rest_code=00149&code=00101006178&supplier_code=00100323&order_time=2023-07-12 HTTP/1.1" 200 408
222.70.172.54 - - [12/Jul/2023:12:08:33 +0800] "GET /xingrg/all/function/internal_message.html?_=1689134923563&CODE_STATE=getMsg HTTP/1.1" 200 27
116.232.195.127 - - [12/Jul/2023:12:08:33 +0800] "GET /xingrg/kc/buy/cgsh_order_add.html HTTP/1.1" 200 71667
116.232.195.127 - - [12/Jul/2023:12:08:34 +0800] "POST /xingrg/kc/buy/cgsh_order_operate.html HTTP/1.1" 200 8245
116.232.195.127 - - [12/Jul/2023:12:08:34 +0800] "GET /xingrg/javascript/easyui/themes/default/validatebox.css HTTP/1.1" 404 1104
116.232.195.127 - - [12/Jul/2023:12:08:34 +0800] "GET /xingrg/all/common/auto_word.html?type=employee&rest_code=00155 HTTP/1.1" 200 205
116.232.195.127 - - [12/Jul/2023:12:08:34 +0800] "GET /xingrg/all/common/auto_word.html?type=employee&rest_code=00155 HTTP/1.1" 200 205
222.70.172.54 - - [12/Jul/2023:12:08:36 +0800] "POST /xingrg/kc/buy/cgsh_order_operate.html HTTP/1.1" 200 37
61.170.233.201 - - [12/Jul/2023:12:08:37 +0800] "GET /xingrg/all/function/internal_message.html?_=1689134918209&CODE_STATE=getMsg HTTP/1.1" 200 27
