114.83.217.28 - - [12/Jul/2023:12:14:00 +0800] "GET /xingrg/all/function/internal_message.html?_=1689135239918&CODE_STATE=getMsg HTTP/1.1" 200 27
114.84.31.26 - - [12/Jul/2023:12:14:01 +0800] "GET /xingrg/all/function/internal_message.html?_=1689135241337&CODE_STATE=getMsg HTTP/1.1" 200 27
61.170.233.201 - - [12/Jul/2023:12:14:01 +0800] "GET /xingrg/all/function/internal_message.html?_=1689135234151&CODE_STATE=getMsg HTTP/1.1" 200 27
61.170.233.201 - - [12/Jul/2023:12:14:02 +0800] "GET /xingrg/kc/print/load_data.html?order_code=212023071204789&kc_code=cgsh&condition= HTTP/1.1" 200 726
124.78.70.128 - - [12/Jul/2023:12:14:02 +0800] "GET /xingrg/all/function/internal_message.html?_=1689134720350&CODE_STATE=getMsg HTTP/1.1" 200 27
180.162.110.162 - - [12/Jul/2023:12:14:02 +0800] "GET /xingrg/all/function/internal_message.html?_=1689134001409&CODE_STATE=getMsg HTTP/1.1" 200 27
180.163.29.234 - - [12/Jul/2023:12:14:03 +0800] "GET /xingrg/check_reg.html?_=1689135175598 HTTP/1.1" 302 -
180.163.29.234 - - [12/Jul/2023:12:14:03 +0800] "GET /xingrg/login.html HTTP/1.1" 200 7641
116.238.191.126 - - [12/Jul/2023:12:14:05 +0800] "GET /xingrg/kc/buy/cgsh_order_operate.html?command=get_materiel&rest_code=00151&code=00101010342&supplier_code=00100329&order_time=2023-07-12 HTTP/1.1" 200 436
61.170.233.201 - - [12/Jul/2023:12:14:09 +0800] "GET /xingrg/kc/buy/cgsh_order_add.html HTTP/1.1" 200 71614
61.170.233.201 - - [12/Jul/2023:12:14:09 +0800] "POST /xingrg/kc/buy/cgsh_order_operate.html HTTP/1.1" 200 8245
61.170.233.201 - - [12/Jul/2023:12:14:09 +0800] "GET /xingrg/javascript/easyui/themes/default/validatebox.css HTTP/1.1" 404 1104
180.169.147.146 - - [12/Jul/2023:12:14:10 +0800] "POST /xingrg/kc/buy/cgsh_order_operate.html HTTP/1.1" 200 37
114.83.217.28 - - [12/Jul/2023:12:14:10 +0800] "GET /xingrg/kc/buy/cgsh_order_operate.html?command=get_materiel&rest_code=00149&code=00102002326&supplier_code=00100494&order_time=2023-07-12 HTTP/1.1" 200 412
61.170.233.201 - - [12/Jul/2023:12:14:11 +0800] "GET /xingrg/javascript/easyui/themes/default/tree.css HTTP/1.1" 404 1090
222.70.172.54 - - [12/Jul/2023:12:14:11 +0800] "GET /xingrg/kc/buy/cgsh_order_operate.html?command=get_materiel&rest_code=00146&code=00101037282&supplier_code=00100337&order_time=2023-07-12 HTTP/1.1" 200 436
61.170.233.201 - - [12/Jul/2023:12:14:12 +0800] "POST /xingrg/all/common/load_tree.html?tree=supplier_tree_json&isDelete=1 HTTP/1.1" 200 74546
124.78.70.128 - - [12/Jul/2023:12:14:13 +0800] "GET /xingrg/kc/buy/cgsh_order_operate.html?command=get_materiel&rest_code=00141&code=00101002007&supplier_code=00100442&order_time=2023-07-12 HTTP/1.1" 200 409
114.89.203.254 - - [12/Jul/2023:12:14:17 +0800] "GET /xingrg/check_reg.html?_=1689135257420 HTTP/1.1" 200 22
114.89.203.254 - - [12/Jul/2023:12:14:17 +0800] "GET /xingrg/all/function/internal_message.html?_=1689135257416&CODE_STATE=getMsg HTTP/1.1" 200 27
114.95.42.59 - - [12/Jul/2023:12:14:18 +0800] "GET /xingrg/all/function/internal_message.html?_=1689135073762&CODE_STATE=getMsg HTTP/1.1" 200 27
114.83.217.28 - - [12/Jul/2023:12:14:19 +0800] "POST /xingrg/kc/buy/cgsh_order_operate.html HTTP/1.1" 200 37
180.169.147.146 - - [12/Jul/2023:12:14:19 +0800] "POST /xingrg/kc/buy/cgsh_order_operate.html HTTP/1.1" 200 5598
116.238.191.126 - - [12/Jul/2023:12:14:19 +0800] "GET /xingrg/kc/buy/cgsh_order_operate.html?command=get_materiel&rest_code=00151&code=00101010030&supplier_code=00100329&order_time=2023-07-12 HTTP/1.1" 200 413
114.89.203.254 - - [12/Jul/2023:12:14:20 +0800] "GET /xingrg/kc/buy/cgsh_order_list.html HTTP/1.1" 200 55838
114.95.42.59 - - [12/Jul/2023:12:14:20 +0800] "GET /xingrg/all/function/internal_message.html?_=1689135262149&CODE_STATE=getMsg HTTP/1.1" 200 27
114.89.203.254 - - [12/Jul/2023:12:14:22 +0800] "POST /xingrg/kc/buy/cgsh_list_operate.html HTTP/1.1" 200 986
114.95.42.59 - - [12/Jul/2023:12:14:22 +0800] "GET /xingrg/check_reg.html?_=1689135263323 HTTP/1.1" 200 22
114.83.217.28 - - [12/Jul/2023:12:14:25 +0800] "POST /xingrg/kc/buy/cgsh_order_operate.html HTTP/1.1" 200 3241
180.169.147.146 - - [12/Jul/2023:12:14:25 +0800] "GET /xingrg/check_reg.html?_=1689135256440 HTTP/1.1" 200 22
180.169.147.146 - - [12/Jul/2023:12:14:25 +0800] "GET /xingrg/all/function/internal_message.html?_=1689135256443&CODE_STATE=getMsg HTTP/1.1" 200 27
180.169.147.146 - - [12/Jul/2023:12:14:26 +0800] "GET /xingrg/kc/print/load_data.html?order_code=212023071204790&kc_code=cgsh&condition= HTTP/1.1" 200 1771
124.78.70.128 - - [12/Jul/2023:12:14:30 +0800] "GET /xingrg/kc/buy/cgsh_order_operate.html?command=get_materiel&rest_code=00141&code=00101001060&supplier_code=00100442&order_time=2023-07-12 HTTP/1.1" 200 421
114.83.217.28 - - [12/Jul/2023:12:14:31 +0800] "GET /xingrg/kc/print/load_data.html?order_code=212023071204791&kc_code=cgsh&condition= HTTP/1.1" 200 880
116.232.195.127 - - [12/Jul/2023:12:14:31 +0800] "GET /xingrg/all/function/internal_message.html?_=1689135248387&CODE_STATE=getMsg HTTP/1.1" 200 27
222.70.172.54 - - [12/Jul/2023:12:14:33 +0800] "GET /xingrg/all/function/internal_message.html?_=1689135283753&CODE_STATE=getMsg HTTP/1.1" 200 27
116.238.191.126 - - [12/Jul/2023:12:14:34 +0800] "GET /xingrg/kc/buy/cgsh_order_operate.html?command=get_materiel&rest_code=00151&code=00101010869&supplier_code=00100329&order_time=2023-07-12 HTTP/1.1" 200 438
114.83.217.28 - - [12/Jul/2023:12:14:35 +0800] "GET /xingrg/kc/buy/cgsh_order_add.html HTTP/1.1" 200 71708
114.83.217.28 - - [12/Jul/2023:12:14:35 +0800] "POST /xingrg/kc/buy/cgsh_order_operate.html HTTP/1.1" 200 8245
114.83.217.28 - - [12/Jul/2023:12:14:35 +0800] "GET /xingrg/javascript/easyui/themes/default/validatebox.css HTTP/1.1" 404 1104
61.170.233.201 - - [12/Jul/2023:12:14:37 +0800] "GET /xingrg/all/function/internal_message.html?_=1689135278222&CODE_STATE=getMsg HTTP/1.1" 200 27
61.170.233.201 - - [12/Jul/2023:12:14:37 +0800] "GET /xingrg/kc/buy/cgsh_order_operate.html?command=get_materiel&rest_code=00106&code=00101010193&supplier_code=00100323&order_time=2023-07-12 HTTP/1.1" 200 415
116.238.191.126 - - [12/Jul/2023:12:14:37 +0800] "GET /xingrg/all/function/internal_message.html?_=1689135180325&CODE_STATE=getMsg HTTP/1.1" 200 27
180.162.110.162 - - [12/Jul/2023:12:14:39 +0800] "GET /xingrg/javascript/auto/indicator.gif HTTP/1.1" 404 1066
180.162.110.162 - - [12/Jul/2023:12:14:44 +0800] "GET /xingrg/kc/buy/cgsh_order_operate.html?command=get_materiel&rest_code=00143&code=00101029002&supplier_code=00100156&order_time=2023-07-12 HTTP/1.1" 200 450
114.83.217.28 - - [12/Jul/2023:12:14:45 +0800] "GET /xingrg/kc/buy/cgsh_order_operate.html?command=get_materiel&rest_code=00149&code=00101012049&supplier_code=00100338&order_time=2023-07-12 HTTP/1.1" 200 431
180.162.110.162 - - [12/Jul/2023:12:14:46 +0800] "POST /xingrg/all/common/load_select.html HTTP/1.1" 200 25
124.78.70.128 - - [12/Jul/2023:12:14:50 +0800] "POST /xingrg/kc/buy/cgsh_order_operate.html HTTP/1.1" 200 37
222.70.172.54 - - [12/Jul/2023:12:14:52 +0800] "GET /xingrg/kc/buy/cgsh_order_operate.html?command=get_materiel&rest_code=00146&code=00101019484&supplier_code=00100337&order_time=2023-07-12 HTTP/1.1" 200 413
180.162.110.162 - - [12/Jul/2023:12:14:52 +0800] "GET /xingrg/kc/buy/cgsh_order_operate.html?command=get_materiel_price&rest_code=00143&code=00101029002&unit_code=00100157&supplier_code=00100156&order_time=2023-07-12 HTTP/1.1" 200 29
124.78.70.128 - - [12/Jul/2023:12:14:53 +0800] "POST /xingrg/kc/buy/cgsh_order_operate.html HTTP/1.1" 200 3257
114.83.219.27 - - [12/Jul/2023:12:14:53 +0800] "GET /xingrg/all/function/internal_message.html?_=1689135412119&CODE_STATE=getMsg HTTP/1.1" 200 27
124.78.70.128 - - [12/Jul/2023:12:14:55 +0800] "GET /xingrg/kc/print/load_data.html?order_code=212023071204792&kc_code=cgsh&condition= HTTP/1.1" 200 913
222.70.180.90 - - [12/Jul/2023:12:14:56 +0800] "GET /xingrg/all/function/internal_message.html?_=1689135294932&CODE_STATE=getMsg HTTP/1.1" 200 27
222.70.180.90 - - [12/Jul/2023:12:14:57 +0800] "GET /xingrg/all/function/internal_message.html?_=1689135427517&CODE_STATE=getMsg HTTP/1.1" 200 27
218.81.72.140 - - [12/Jul/2023:12:15:00 +0800] "GET /xingrg/all/function/internal_message.html?_=1689135299915&CODE_STATE=getMsg HTTP/1.1" 200 27
114.83.217.28 - - [12/Jul/2023:12:15:00 +0800] "GET /xingrg/all/function/internal_message.html?_=1689135299899&CODE_STATE=getMsg HTTP/1.1" 200 27
114.84.31.26 - - [12/Jul/2023:12:15:01 +0800] "GET /xingrg/check_reg.html?_=1689135301335 HTTP/1.1" 200 22
114.84.31.26 - - [12/Jul/2023:12:15:01 +0800] "GET /xingrg/all/function/internal_message.html?_=1689135301336&CODE_STATE=getMsg HTTP/1.1" 200 27
61.170.233.201 - - [12/Jul/2023:12:15:01 +0800] "GET /xingrg/all/function/internal_message.html?_=1689135294121&CODE_STATE=getMsg HTTP/1.1" 200 27
124.78.70.128 - - [12/Jul/2023:12:15:02 +0800] "GET /xingrg/all/function/internal_message.html?_=1689134780024&CODE_STATE=getMsg HTTP/1.1" 200 27
124.78.70.128 - - [12/Jul/2023:12:15:02 +0800] "GET /xingrg/kc/buy/cgsh_order_add.html HTTP/1.1" 200 71620
180.162.110.162 - - [12/Jul/2023:12:15:02 +0800] "GET /xingrg/all/function/internal_message.html?_=1689134061399&CODE_STATE=getMsg HTTP/1.1" 200 27
124.78.70.128 - - [12/Jul/2023:12:15:04 +0800] "POST /xingrg/kc/buy/cgsh_order_operate.html HTTP/1.1" 200 8245
124.78.70.128 - - [12/Jul/2023:12:15:04 +0800] "GET /xingrg/javascript/easyui/themes/default/validatebox.css HTTP/1.1" 404 1104
114.83.217.28 - - [12/Jul/2023:12:15:07 +0800] "POST /xingrg/kc/buy/cgsh_order_operate.html HTTP/1.1" 200 37
114.83.217.28 - - [12/Jul/2023:12:15:09 +0800] "POST /xingrg/kc/buy/cgsh_order_operate.html HTTP/1.1" 200 2670
116.238.191.126 - - [12/Jul/2023:12:15:11 +0800] "POST /xingrg/kc/buy/cgsh_order_operate.html HTTP/1.1" 200 88
116.232.195.127 - - [12/Jul/2023:12:15:15 +0800] "POST /xingrg/kc/buy/cgsh_list_operate.html HTTP/1.1" 200 10317
114.89.203.254 - - [12/Jul/2023:12:15:17 +0800] "GET /xingrg/all/function/internal_message.html?_=1689135317400&CODE_STATE=getMsg HTTP/1.1" 200 27
114.95.42.59 - - [12/Jul/2023:12:15:18 +0800] "GET /xingrg/all/function/internal_message.html?_=1689135133751&CODE_STATE=getMsg HTTP/1.1" 200 27
114.95.42.59 - - [12/Jul/2023:12:15:20 +0800] "GET /xingrg/all/function/internal_message.html?_=1689135322130&CODE_STATE=getMsg HTTP/1.1" 200 27
114.83.217.28 - - [12/Jul/2023:12:15:23 +0800] "GET /xingrg/kc/print/load_data.html?order_code=212023071204793&kc_code=cgsh&condition= HTTP/1.1" 200 2278
222.70.172.54 - - [12/Jul/2023:12:15:25 +0800] "POST /xingrg/kc/buy/cgsh_order_operate.html HTTP/1.1" 200 37
180.169.147.146 - - [12/Jul/2023:12:15:25 +0800] "GET /xingrg/all/function/internal_message.html?_=1689135316468&CODE_STATE=getMsg HTTP/1.1" 200 27
180.162.110.162 - - [12/Jul/2023:12:15:26 +0800] "GET /xingrg/kc/buy/cgsh_order_operate.html?command=get_materiel&rest_code=00143&code=00101029022&supplier_code=00100156&order_time=2023-07-12 HTTP/1.1" 200 452
61.170.233.201 - - [12/Jul/2023:12:15:26 +0800] "GET /xingrg/kc/buy/cgsh_order_operate.html?command=get_materiel&rest_code=00106&code=00101010274&supplier_code=00100323&order_time=2023-07-12 HTTP/1.1" 200 433
124.78.70.128 - - [12/Jul/2023:12:15:26 +0800] "GET /xingrg/kc/buy/cgsh_order_operate.html?command=get_materiel&rest_code=00141&code=00101004046&supplier_code=00100312&order_time=2023-07-12 HTTP/1.1" 200 417
180.162.110.162 - - [12/Jul/2023:12:15:28 +0800] "POST /xingrg/all/common/load_select.html HTTP/1.1" 200 25
116.238.191.126 - - [12/Jul/2023:12:15:29 +0800] "POST /xingrg/kc/buy/cgsh_order_operate.html HTTP/1.1" 200 88
180.169.147.146 - - [12/Jul/2023:12:15:30 +0800] "GET /xingrg/kc/buy/cgsh_order_add.html HTTP/1.1" 200 71623
222.70.172.54 - - [12/Jul/2023:12:15:30 +0800] "POST /xingrg/kc/buy/cgsh_order_operate.html HTTP/1.1" 200 3272
180.169.147.146 - - [12/Jul/2023:12:15:30 +0800] "POST /xingrg/kc/buy/cgsh_order_operate.html HTTP/1.1" 200 8245
180.169.147.146 - - [12/Jul/2023:12:15:30 +0800] "GET /xingrg/javascript/easyui/themes/default/validatebox.css HTTP/1.1" 404 1104
114.84.31.26 - - [12/Jul/2023:12:15:30 +0800] "POST /xingrg/kc/buy/cgsh_list_operate.html HTTP/1.1" 200 2301
116.232.195.127 - - [12/Jul/2023:12:15:31 +0800] "GET /xingrg/all/function/internal_message.html?_=1689135308403&CODE_STATE=getMsg HTTP/1.1" 200 27
114.83.217.28 - - [12/Jul/2023:12:15:32 +0800] "POST /xingrg/kc/buy/cgsh_order_operate.html HTTP/1.1" 200 37
222.70.172.54 - - [12/Jul/2023:12:15:33 +0800] "GET /xingrg/all/function/internal_message.html?_=1689135343766&CODE_STATE=getMsg HTTP/1.1" 200 27
116.238.191.126 - - [12/Jul/2023:12:15:36 +0800] "POST /xingrg/kc/buy/cgsh_order_operate.html HTTP/1.1" 200 37
114.83.217.28 - - [12/Jul/2023:12:15:36 +0800] "POST /xingrg/kc/buy/cgsh_order_operate.html HTTP/1.1" 200 2670
222.70.172.54 - - [12/Jul/2023:12:15:36 +0800] "GET /xingrg/kc/print/load_data.html?order_code=212023071204795&kc_code=cgsh&condition= HTTP/1.1" 200 933
61.170.233.201 - - [12/Jul/2023:12:15:37 +0800] "GET /xingrg/all/function/internal_message.html?_=1689135338208&CODE_STATE=getMsg HTTP/1.1" 200 27
61.170.233.201 - - [12/Jul/2023:12:15:37 +0800] "GET /xingrg/check_reg.html?_=1689135338209 HTTP/1.1" 200 22
180.162.110.162 - - [12/Jul/2023:12:15:37 +0800] "GET /xingrg/kc/buy/cgsh_order_operate.html?command=get_materiel_price&rest_code=00143&code=00101029022&unit_code=00100157&supplier_code=00100156&order_time=2023-07-12 HTTP/1.1" 200 29
116.238.191.126 - - [12/Jul/2023:12:15:37 +0800] "GET /xingrg/all/function/internal_message.html?_=1689135240339&CODE_STATE=getMsg HTTP/1.1" 200 27
116.238.191.126 - - [12/Jul/2023:12:15:38 +0800] "POST /xingrg/kc/buy/cgsh_order_operate.html HTTP/1.1" 200 4519
114.83.217.28 - - [12/Jul/2023:12:15:41 +0800] "GET /xingrg/login.html HTTP/1.1" 200 7641
114.83.217.28 - - [12/Jul/2023:12:15:42 +0800] "GET /favicon.ico HTTP/1.1" 404 -
222.70.172.54 - - [12/Jul/2023:12:15:42 +0800] "GET /xingrg/kc/buy/cgsh_order_add.html HTTP/1.1" 200 71620
222.70.172.54 - - [12/Jul/2023:12:15:43 +0800] "POST /xingrg/kc/buy/cgsh_order_operate.html HTTP/1.1" 200 8245
222.70.172.54 - - [12/Jul/2023:12:15:43 +0800] "GET /xingrg/javascript/easyui/themes/default/validatebox.css HTTP/1.1" 404 1104
116.238.191.126 - - [12/Jul/2023:12:15:45 +0800] "POST /xingrg/kc/buy/cgsh_order_operate.html HTTP/1.1" 200 37
180.169.147.146 - - [12/Jul/2023:12:15:46 +0800] "GET /xingrg/kc/buy/cgsh_order_operate.html?command=get_materiel&rest_code=00147&code=00101008176&supplier_code=00100007&order_time=2023-07-12 HTTP/1.1" 200 413
114.83.217.28 - - [12/Jul/2023:12:15:47 +0800] "POST /xingrg/login.do HTTP/1.1" 200 2421
114.83.217.28 - - [12/Jul/2023:12:15:47 +0800] "GET /favicon.ico HTTP/1.1" 404 -
114.89.203.254 - - [12/Jul/2023:12:15:48 +0800] "GET /xingrg/kc/buy/cgsh_order_add.html HTTP/1.1" 200 71655
114.89.203.254 - - [12/Jul/2023:12:15:48 +0800] "POST /xingrg/kc/buy/cgsh_order_operate.html HTTP/1.1" 200 8245
114.89.203.254 - - [12/Jul/2023:12:15:48 +0800] "GET /xingrg/javascript/easyui/themes/default/validatebox.css HTTP/1.1" 404 1104
114.89.203.254 - - [12/Jul/2023:12:15:48 +0800] "GET /xingrg/all/common/auto_word.html?type=employee&rest_code=00102 HTTP/1.1" 200 189
114.89.203.254 - - [12/Jul/2023:12:15:48 +0800] "GET /xingrg/all/common/auto_word.html?type=employee&rest_code=00102 HTTP/1.1" 200 189
114.83.217.28 - - [12/Jul/2023:12:15:49 +0800] "GET /xingrg/login.html HTTP/1.1" 200 7641
114.83.217.28 - - [12/Jul/2023:12:15:49 +0800] "GET /favicon.ico HTTP/1.1" 404 -
114.89.203.254 - - [12/Jul/2023:12:15:49 +0800] "GET /xingrg/javascript/easyui/themes/default/tree.css HTTP/1.1" 404 1090
114.89.203.254 - - [12/Jul/2023:12:15:50 +0800] "POST /xingrg/all/common/load_tree.html?tree=supplier_tree_json&isDelete=1 HTTP/1.1" 200 74546
114.83.219.27 - - [12/Jul/2023:12:15:53 +0800] "GET /xingrg/all/function/internal_message.html?_=1689135472094&CODE_STATE=getMsg HTTP/1.1" 200 27
180.162.110.162 - - [12/Jul/2023:12:15:53 +0800] "GET /xingrg/kc/buy/cgsh_order_operate.html?command=get_materiel&rest_code=00143&code=00101029011&supplier_code=00100156&order_time=2023-07-12 HTTP/1.1" 200 460
180.162.110.162 - - [12/Jul/2023:12:15:56 +0800] "POST /xingrg/all/common/load_select.html HTTP/1.1" 200 25
114.83.217.28 - - [12/Jul/2023:12:15:56 +0800] "POST /xingrg/login.do HTTP/1.1" 302 -
114.83.217.28 - - [12/Jul/2023:12:15:56 +0800] "GET /xingrg/index.html?sysBaseUrl=http%3A%2F%2F180.169.147.146%3A18081%2Fxingrg%2F&costTime=1335×tamp=1689135356293 HTTP/1.1" 200 17179
114.83.217.28 - - [12/Jul/2023:12:15:56 +0800] "GET /favicon.ico HTTP/1.1" 404 -
114.83.217.28 - - [12/Jul/2023:12:15:56 +0800] "GET /xingrg/check_reg.html?_=1689135355686 HTTP/1.1" 200 22
114.83.217.28 - - [12/Jul/2023:12:15:56 +0800] "GET /xingrg/all/function/internal_message.html?_=1689135355684&CODE_STATE=count HTTP/1.1" 200 11
114.83.217.28 - - [12/Jul/2023:12:15:56 +0800] "POST /xingrg/all/common/load_tree.html?tree=area_rest_tree_json&manage=1 HTTP/1.1" 200 351
222.70.180.90 - - [12/Jul/2023:12:15:56 +0800] "GET /xingrg/all/function/internal_message.html?_=1689135354916&CODE_STATE=getMsg HTTP/1.1" 200 27
114.83.217.28 - - [12/Jul/2023:12:15:56 +0800] "POST /xingrg/load_menu.html HTTP/1.1" 200 5138
222.70.180.90 - - [12/Jul/2023:12:15:57 +0800] "GET /xingrg/check_reg.html?_=1689135487518 HTTP/1.1" 200 22
222.70.180.90 - - [12/Jul/2023:12:15:57 +0800] "GET /xingrg/all/function/internal_message.html?_=1689135487519&CODE_STATE=getMsg HTTP/1.1" 200 27
114.83.217.28 - - [12/Jul/2023:12:15:59 +0800] "GET /xingrg/kc/buy/cgsh_order_list.html HTTP/1.1" 200 55844
180.169.147.146 - - [12/Jul/2023:12:16:00 +0800] "GET /xingrg/kc/buy/cgsh_order_operate.html?command=get_materiel&rest_code=00147&code=00101008257&supplier_code=00100007&order_time=2023-07-12 HTTP/1.1" 200 416
218.81.72.140 - - [12/Jul/2023:12:16:00 +0800] "GET /xingrg/all/function/internal_message.html?_=1689135359916&CODE_STATE=getMsg HTTP/1.1" 200 27
116.238.191.126 - - [12/Jul/2023:12:16:00 +0800] "POST /xingrg/kc/buy/cgsh_order_operate.html HTTP/1.1" 200 12
61.170.233.201 - - [12/Jul/2023:12:16:00 +0800] "GET /xingrg/kc/buy/cgsh_order_operate.html?command=get_materiel&rest_code=00106&code=00101013300&supplier_code=00100323&order_time=2023-07-12 HTTP/1.1" 200 418
180.162.110.162 - - [12/Jul/2023:12:16:01 +0800] "GET /xingrg/kc/buy/cgsh_order_operate.html?command=get_materiel_price&rest_code=00143&code=00101029011&unit_code=00100157&supplier_code=00100156&order_time=2023-07-12 HTTP/1.1" 200 29
180.163.30.27 - - [12/Jul/2023:12:16:01 +0800] "GET /xingrg/all/function/internal_message.html?_=1689135294121&CODE_STATE=getMsg HTTP/1.1" 302 -
180.163.30.27 - - [12/Jul/2023:12:16:01 +0800] "GET /xingrg/login.html HTTP/1.1" 200 7641
114.84.31.26 - - [12/Jul/2023:12:16:01 +0800] "GET /xingrg/all/function/internal_message.html?_=1689135361336&CODE_STATE=getMsg HTTP/1.1" 200 27
61.170.233.201 - - [12/Jul/2023:12:16:01 +0800] "GET /xingrg/all/function/internal_message.html?_=1689135354093&CODE_STATE=getMsg HTTP/1.1" 200 27
222.70.172.54 - - [12/Jul/2023:12:16:01 +0800] "GET /xingrg/kc/buy/cgsh_order_operate.html?command=get_materiel&rest_code=00146&code=00101037236&supplier_code=00100323&order_time=2023-07-12 HTTP/1.1" 200 417
124.78.70.128 - - [12/Jul/2023:12:16:02 +0800] "GET /xingrg/all/function/internal_message.html?_=1689134840006&CODE_STATE=getMsg HTTP/1.1" 200 27
180.162.110.162 - - [12/Jul/2023:12:16:02 +0800] "GET /xingrg/all/function/internal_message.html?_=1689134121398&CODE_STATE=getMsg HTTP/1.1" 200 27
114.89.203.254 - - [12/Jul/2023:12:16:02 +0800] "GET /xingrg/javascript/auto/indicator.gif HTTP/1.1" 404 1066
114.83.217.28 - - [12/Jul/2023:12:16:03 +0800] "POST /xingrg/kc/buy/cgsh_list_operate.html HTTP/1.1" 200 4898
124.78.70.128 - - [12/Jul/2023:12:16:06 +0800] "GET /xingrg/kc/buy/cgsh_order_operate.html?command=get_materiel&rest_code=00141&code=00101004010&supplier_code=00100312&order_time=2023-07-12 HTTP/1.1" 200 409
180.169.147.146 - - [12/Jul/2023:12:16:09 +0800] "GET /xingrg/kc/buy/cgsh_order_operate.html?command=get_materiel&rest_code=00147&code=00101008185&supplier_code=00100007&order_time=2023-07-12 HTTP/1.1" 200 408
222.70.172.54 - - [12/Jul/2023:12:16:13 +0800] "POST /xingrg/kc/buy/cgsh_order_operate.html HTTP/1.1" 200 37
222.70.172.54 - - [12/Jul/2023:12:16:15 +0800] "POST /xingrg/kc/buy/cgsh_order_operate.html HTTP/1.1" 200 2660
114.89.203.254 - - [12/Jul/2023:12:16:16 +0800] "GET /xingrg/kc/buy/cgsh_order_operate.html?command=get_materiel&rest_code=00102&code=00101004063&supplier_code=00100085&order_time=2023-07-12 HTTP/1.1" 200 416
116.238.191.126 - - [12/Jul/2023:12:16:17 +0800] "GET /xingrg/kc/buy/cgsh_order_info.html?code=212023071204797 HTTP/1.1" 200 66147
114.89.203.254 - - [12/Jul/2023:12:16:17 +0800] "GET /xingrg/all/function/internal_message.html?_=1689135377390&CODE_STATE=getMsg HTTP/1.1" 200 27
116.238.191.126 - - [12/Jul/2023:12:16:17 +0800] "GET /xingrg/javascript/easyui/themes/default/validatebox.css HTTP/1.1" 404 1104
180.162.110.162 - - [12/Jul/2023:12:16:18 +0800] "GET /xingrg/kc/buy/cgsh_order_operate.html?command=get_materiel&rest_code=00143&code=00101028026&supplier_code=00100156&order_time=2023-07-12 HTTP/1.1" 200 444
116.238.191.126 - - [12/Jul/2023:12:16:18 +0800] "POST /xingrg/kc/buy/cgsh_order_operate.html HTTP/1.1" 200 2469
114.95.42.59 - - [12/Jul/2023:12:16:18 +0800] "GET /xingrg/all/function/internal_message.html?_=1689135193737&CODE_STATE=getMsg HTTP/1.1" 200 27
180.162.110.162 - - [12/Jul/2023:12:16:20 +0800] "POST /xingrg/all/common/load_select.html HTTP/1.1" 200 25
61.170.233.201 - - [12/Jul/2023:12:16:20 +0800] "GET /xingrg/kc/buy/cgsh_order_operate.html?command=get_materiel&rest_code=00106&code=00101007047&supplier_code=00100323&order_time=2023-07-12 HTTP/1.1" 200 409
114.95.42.59 - - [12/Jul/2023:12:16:20 +0800] "GET /xingrg/all/function/internal_message.html?_=1689135382102&CODE_STATE=getMsg HTTP/1.1" 200 27
222.70.172.54 - - [12/Jul/2023:12:16:23 +0800] "GET /xingrg/kc/print/load_data.html?order_code=212023071204798&kc_code=cgsh&condition= HTTP/1.1" 200 683
114.83.217.28 - - [12/Jul/2023:12:16:25 +0800] "POST /xingrg/kc/buy/cgsh_list_operate.html HTTP/1.1" 200 206
180.162.110.162 - - [12/Jul/2023:12:16:25 +0800] "GET /xingrg/kc/buy/cgsh_order_operate.html?command=get_materiel_price&rest_code=00143&code=00101028026&unit_code=00100157&supplier_code=00100156&order_time=2023-07-12 HTTP/1.1" 200 29
180.169.147.146 - - [12/Jul/2023:12:16:25 +0800] "GET /xingrg/all/function/internal_message.html?_=1689135376454&CODE_STATE=getMsg HTTP/1.1" 200 27
114.83.217.28 - - [12/Jul/2023:12:16:26 +0800] "GET /xingrg/kc/buy/cgsh_order_info.html?code=212023071204793 HTTP/1.1" 200 71721
114.83.217.28 - - [12/Jul/2023:12:16:26 +0800] "GET /xingrg/javascript/easyui/themes/default/validatebox.css HTTP/1.1" 404 1104
114.83.217.28 - - [12/Jul/2023:12:16:26 +0800] "GET /xingrg/all/common/auto_word.html?type=employee&rest_code=00149 HTTP/1.1" 200 197
114.83.217.28 - - [12/Jul/2023:12:16:26 +0800] "GET /xingrg/all/common/auto_word.html?type=employee&rest_code=00149 HTTP/1.1" 200 197
114.83.217.28 - - [12/Jul/2023:12:16:27 +0800] "POST /xingrg/kc/buy/cgsh_order_operate.html HTTP/1.1" 200 2670
222.70.172.54 - - [12/Jul/2023:12:16:29 +0800] "GET /xingrg/kc/buy/cgsh_order_add.html HTTP/1.1" 200 71620
114.83.217.28 - - [12/Jul/2023:12:16:29 +0800] "GET /xingrg/kc/print/load_config.html?kc_code=cgsh HTTP/1.1" 200 1924
222.70.172.54 - - [12/Jul/2023:12:16:29 +0800] "POST /xingrg/kc/buy/cgsh_order_operate.html HTTP/1.1" 200 8245
222.70.172.54 - - [12/Jul/2023:12:16:30 +0800] "GET /xingrg/javascript/easyui/themes/default/validatebox.css HTTP/1.1" 404 1104
114.83.217.28 - - [12/Jul/2023:12:16:30 +0800] "GET /xingrg/kc/print/load_data.html?order_code=212023071204793&kc_code=cgsh&condition= HTTP/1.1" 200 698
116.232.195.127 - - [12/Jul/2023:12:16:31 +0800] "GET /xingrg/all/function/internal_message.html?_=1689135368389&CODE_STATE=getMsg HTTP/1.1" 200 27
222.70.172.54 - - [12/Jul/2023:12:16:33 +0800] "GET /xingrg/all/function/internal_message.html?_=1689135403782&CODE_STATE=getMsg HTTP/1.1" 200 27
114.89.203.254 - - [12/Jul/2023:12:16:34 +0800] "POST /xingrg/kc/buy/cgsh_order_operate.html HTTP/1.1" 200 37
114.83.217.28 - - [12/Jul/2023:12:16:35 +0800] "GET /xingrg/kc/buy/cgsh_order_add.html HTTP/1.1" 200 71708
114.83.217.28 - - [12/Jul/2023:12:16:35 +0800] "POST /xingrg/kc/buy/cgsh_order_operate.html HTTP/1.1" 200 8245
114.83.217.28 - - [12/Jul/2023:12:16:35 +0800] "GET /xingrg/javascript/easyui/themes/default/validatebox.css HTTP/1.1" 404 1104
61.170.233.201 - - [12/Jul/2023:12:16:37 +0800] "GET /xingrg/all/function/internal_message.html?_=1689135398217&CODE_STATE=getMsg HTTP/1.1" 200 27
114.83.217.28 - - [12/Jul/2023:12:16:37 +0800] "GET /xingrg/javascript/auto/indicator.gif HTTP/1.1" 404 1066
116.238.191.126 - - [12/Jul/2023:12:16:37 +0800] "GET /xingrg/all/function/internal_message.html?_=1689135300353&CODE_STATE=getMsg HTTP/1.1" 200 27
114.83.217.28 - - [12/Jul/2023:12:16:38 +0800] "GET /xingrg/javascript/jquery_tools/images/prev.gif HTTP/1.1" 404 1086
114.83.217.28 - - [12/Jul/2023:12:16:38 +0800] "GET /xingrg/javascript/jquery_tools/images/next.gif HTTP/1.1" 404 1086
222.70.114.12 - - [12/Jul/2023:12:16:39 +0800] "POST /xingrg/login.do HTTP/1.1" 302 -
222.70.114.12 - - [12/Jul/2023:12:16:39 +0800] "GET /xingrg/index.html?sysBaseUrl=http%3A%2F%2F180.169.147.146%3A18081%2Fxingrg%2F&costTime=1949×tamp=1689135399179 HTTP/1.1" 200 17179
222.70.114.12 - - [12/Jul/2023:12:16:39 +0800] "GET /favicon.ico HTTP/1.1" 404 -
222.70.114.12 - - [12/Jul/2023:12:16:39 +0800] "GET /xingrg/check_reg.html?_=1689135404895 HTTP/1.1" 200 22
222.70.114.12 - - [12/Jul/2023:12:16:39 +0800] "GET /xingrg/all/function/internal_message.html?_=1689135404894&CODE_STATE=count HTTP/1.1" 200 11
222.70.114.12 - - [12/Jul/2023:12:16:39 +0800] "POST /xingrg/load_menu.html HTTP/1.1" 200 5138
222.70.114.12 - - [12/Jul/2023:12:16:39 +0800] "POST /xingrg/all/common/load_tree.html?tree=area_rest_tree_json&manage=1 HTTP/1.1" 200 351
180.162.110.162 - - [12/Jul/2023:12:16:41 +0800] "POST /xingrg/kc/buy/cgsh_order_operate.html HTTP/1.1" 200 37
116.238.191.126 - - [12/Jul/2023:12:16:42 +0800] "GET /xingrg/kc/print/load_data.html?order_code=212023071204797&kc_code=cgsh&condition= HTTP/1.1" 200 1503
114.83.217.28 - - [12/Jul/2023:12:16:45 +0800] "GET /xingrg/kc/buy/cgsh_order_operate.html?command=get_materiel&rest_code=00149&code=00102002521&supplier_code=00100486&order_time=2023-07-12 HTTP/1.1" 200 409
114.89.203.254 - - [12/Jul/2023:12:16:45 +0800] "POST /xingrg/kc/buy/cgsh_order_operate.html HTTP/1.1" 200 12
222.70.172.54 - - [12/Jul/2023:12:16:46 +0800] "GET /xingrg/kc/buy/cgsh_order_operate.html?command=get_materiel&rest_code=00146&code=00101006164&supplier_code=00100326&order_time=2023-07-12 HTTP/1.1" 200 415
124.78.70.128 - - [12/Jul/2023:12:16:47 +0800] "GET /xingrg/kc/buy/cgsh_order_operate.html?command=get_materiel&rest_code=00141&code=00101004067&supplier_code=00100312&order_time=2023-07-12 HTTP/1.1" 200 413
222.70.114.12 - - [12/Jul/2023:12:16:47 +0800] "GET /xingrg/kc/buy/buy_main.html HTTP/1.1" 200 12412
222.70.114.12 - - [12/Jul/2023:12:16:47 +0800] "GET /xingrg/css/new_ie.css HTTP/1.1" 404 1036
222.70.114.12 - - [12/Jul/2023:12:16:47 +0800] "GET /xingrg/images/yd/bt.gif HTTP/1.1" 404 1040
61.170.233.201 - - [12/Jul/2023:12:16:48 +0800] "GET /xingrg/kc/buy/cgsh_order_operate.html?command=get_materiel&rest_code=00106&code=00101010785&supplier_code=00100323&order_time=2023-07-12 HTTP/1.1" 200 461
114.89.203.254 - - [12/Jul/2023:12:16:48 +0800] "GET /xingrg/kc/buy/cgsh_order_info.html?code=212023071204799 HTTP/1.1" 200 66564
114.89.203.254 - - [12/Jul/2023:12:16:48 +0800] "GET /xingrg/javascript/easyui/themes/default/validatebox.css HTTP/1.1" 404 1104
222.70.114.12 - - [12/Jul/2023:12:16:49 +0800] "GET /xingrg/kc/buy/cgsh_order_list.html HTTP/1.1" 200 55844
114.89.203.254 - - [12/Jul/2023:12:16:49 +0800] "POST /xingrg/kc/buy/cgsh_order_operate.html HTTP/1.1" 200 615
114.89.203.254 - - [12/Jul/2023:12:16:50 +0800] "GET /xingrg/kc/print/load_config.html?kc_code=cgsh HTTP/1.1" 200 1924
222.70.114.12 - - [12/Jul/2023:12:16:51 +0800] "POST /xingrg/kc/buy/cgsh_list_operate.html HTTP/1.1" 200 986
114.89.203.254 - - [12/Jul/2023:12:16:51 +0800] "GET /xingrg/kc/print/load_data.html?order_code=212023071204799&kc_code=cgsh&condition= HTTP/1.1" 200 755
114.83.219.27 - - [12/Jul/2023:12:16:53 +0800] "GET /xingrg/all/function/internal_message.html?_=1689135532066&CODE_STATE=getMsg HTTP/1.1" 200 27
114.83.217.28 - - [12/Jul/2023:12:16:56 +0800] "GET /xingrg/all/function/internal_message.html?_=1689135415705&CODE_STATE=getMsg HTTP/1.1" 200 27
222.70.180.90 - - [12/Jul/2023:12:16:56 +0800] "GET /xingrg/all/function/internal_message.html?_=1689135414901&CODE_STATE=getMsg HTTP/1.1" 200 27
222.70.172.54 - - [12/Jul/2023:12:16:57 +0800] "POST /xingrg/kc/buy/cgsh_order_operate.html HTTP/1.1" 200 37
180.162.110.162 - - [12/Jul/2023:12:16:57 +0800] "POST /xingrg/kc/buy/cgsh_order_operate.html HTTP/1.1" 200 4559
222.70.180.90 - - [12/Jul/2023:12:16:57 +0800] "GET /xingrg/all/function/internal_message.html?_=1689135547512&CODE_STATE=getMsg HTTP/1.1" 200 27
114.89.203.254 - - [12/Jul/2023:12:16:58 +0800] "GET /xingrg/kc/buy/cgsh_order_add.html HTTP/1.1" 200 71655
114.89.203.254 - - [12/Jul/2023:12:16:58 +0800] "POST /xingrg/kc/buy/cgsh_order_operate.html HTTP/1.1" 200 8245
114.89.203.254 - - [12/Jul/2023:12:16:58 +0800] "GET /xingrg/javascript/easyui/themes/default/validatebox.css HTTP/1.1" 404 1104
114.89.203.254 - - [12/Jul/2023:12:17:00 +0800] "GET /xingrg/javascript/easyui/themes/default/tree.css HTTP/1.1" 404 1090
222.70.172.54 - - [12/Jul/2023:12:17:00 +0800] "POST /xingrg/kc/buy/cgsh_order_operate.html HTTP/1.1" 200 2660
218.81.72.140 - - [12/Jul/2023:12:17:00 +0800] "GET /xingrg/check_reg.html?_=1689135419918 HTTP/1.1" 200 22
218.81.72.140 - - [12/Jul/2023:12:17:00 +0800] "GET /xingrg/all/function/internal_message.html?_=1689135419922&CODE_STATE=getMsg HTTP/1.1" 200 27
114.89.203.254 - - [12/Jul/2023:12:17:00 +0800] "POST /xingrg/all/common/load_tree.html?tree=supplier_tree_json&isDelete=1 HTTP/1.1" 200 74546
180.169.147.146 - - [12/Jul/2023:12:17:00 +0800] "GET /xingrg/kc/buy/cgsh_order_operate.html?command=get_materiel&rest_code=00147&code=00101008119&supplier_code=00100007&order_time=2023-07-12 HTTP/1.1" 200 412
180.163.30.76 - - [12/Jul/2023:12:17:01 +0800] "GET /xingrg/all/function/internal_message.html?_=1689135354093&CODE_STATE=getMsg HTTP/1.1" 302 -
180.163.30.76 - - [12/Jul/2023:12:17:01 +0800] "GET /xingrg/login.html HTTP/1.1" 200 7641
114.84.31.26 - - [12/Jul/2023:12:17:01 +0800] "GET /xingrg/all/function/internal_message.html?_=1689135421336&CODE_STATE=getMsg HTTP/1.1" 200 27
124.78.70.128 - - [12/Jul/2023:12:17:02 +0800] "GET /xingrg/all/function/internal_message.html?_=1689134899978&CODE_STATE=getMsg HTTP/1.1" 200 27
180.162.110.162 - - [12/Jul/2023:12:17:02 +0800] "GET /xingrg/all/function/internal_message.html?_=1689134181413&CODE_STATE=getMsg HTTP/1.1" 200 27
124.78.70.128 - - [12/Jul/2023:12:17:04 +0800] "GET /xingrg/kc/buy/cgsh_order_operate.html?command=get_materiel&rest_code=00141&code=00101004071&supplier_code=00100312&order_time=2023-07-12 HTTP/1.1" 200 409
180.162.110.162 - - [12/Jul/2023:12:17:04 +0800] "POST /xingrg/kc/buy/cgsh_order_operate.html HTTP/1.1" 200 37
222.70.172.54 - - [12/Jul/2023:12:17:05 +0800] "GET /xingrg/kc/print/load_data.html?order_code=212023071204801&kc_code=cgsh&condition= HTTP/1.1" 200 682
222.70.172.54 - - [12/Jul/2023:12:17:11 +0800] "GET /xingrg/kc/buy/cgsh_order_add.html HTTP/1.1" 200 71620
222.70.172.54 - - [12/Jul/2023:12:17:11 +0800] "POST /xingrg/kc/buy/cgsh_order_operate.html HTTP/1.1" 200 8245
222.70.172.54 - - [12/Jul/2023:12:17:11 +0800] "GET /xingrg/javascript/easyui/themes/default/validatebox.css HTTP/1.1" 404 1104
180.169.147.146 - - [12/Jul/2023:12:17:14 +0800] "GET /xingrg/kc/buy/cgsh_order_operate.html?command=get_materiel&rest_code=00147&code=00101008038&supplier_code=00100007&order_time=2023-07-12 HTTP/1.1" 200 23
61.170.233.201 - - [12/Jul/2023:12:17:16 +0800] "POST /xingrg/kc/buy/cgsh_order_operate.html HTTP/1.1" 200 37
114.89.203.254 - - [12/Jul/2023:12:17:17 +0800] "GET /xingrg/all/function/internal_message.html?_=1689135437382&CODE_STATE=getMsg HTTP/1.1" 200 27
114.95.42.59 - - [12/Jul/2023:12:17:18 +0800] "GET /xingrg/all/function/internal_message.html?_=1689135253706&CODE_STATE=getMsg HTTP/1.1" 200 27
114.83.217.28 - - [12/Jul/2023:12:17:20 +0800] "POST /xingrg/kc/buy/cgsh_order_operate.html HTTP/1.1" 200 88
114.95.42.59 - - [12/Jul/2023:12:17:20 +0800] "GET /xingrg/all/function/internal_message.html?_=1689135442074&CODE_STATE=getMsg HTTP/1.1" 200 27
180.162.110.162 - - [12/Jul/2023:12:17:23 +0800] "POST /xingrg/kc/buy/cgsh_order_operate.html HTTP/1.1" 200 12
116.232.195.127 - - [12/Jul/2023:12:17:31 +0800] "GET /xingrg/all/function/internal_message.html?_=1689135428393&CODE_STATE=getMsg HTTP/1.1" 200 27
116.232.195.127 - - [12/Jul/2023:12:17:31 +0800] "GET /xingrg/check_reg.html?_=1689135428394 HTTP/1.1" 200 22
114.83.217.28 - - [12/Jul/2023:12:17:32 +0800] "POST /xingrg/kc/buy/cgsh_order_operate.html HTTP/1.1" 200 37
222.70.172.54 - - [12/Jul/2023:12:17:32 +0800] "GET /xingrg/kc/buy/cgsh_order_operate.html?command=get_materiel&rest_code=00146&code=00101002006&supplier_code=00100091&order_time=2023-07-12 HTTP/1.1" 200 413
222.70.172.54 - - [12/Jul/2023:12:17:33 +0800] "GET /xingrg/check_reg.html?_=1689135463200 HTTP/1.1" 200 22
222.70.172.54 - - [12/Jul/2023:12:17:33 +0800] "GET /xingrg/all/function/internal_message.html?_=1689135463845&CODE_STATE=getMsg HTTP/1.1" 200 27
124.78.70.128 - - [12/Jul/2023:12:17:34 +0800] "GET /xingrg/kc/buy/cgsh_order_operate.html?command=get_materiel&rest_code=00141&code=00101004079&supplier_code=00100312&order_time=2023-07-12 HTTP/1.1" 200 413
114.83.217.28 - - [12/Jul/2023:12:17:35 +0800] "POST /xingrg/kc/buy/cgsh_order_operate.html HTTP/1.1" 200 3245
180.169.147.146 - - [12/Jul/2023:12:17:36 +0800] "POST /xingrg/kc/buy/cgsh_order_operate.html HTTP/1.1" 200 88
180.162.110.162 - - [12/Jul/2023:12:17:36 +0800] "POST /xingrg/kc/buy/cgsh_order_operate.html HTTP/1.1" 200 78
61.170.233.201 - - [12/Jul/2023:12:17:36 +0800] "POST /xingrg/kc/buy/cgsh_order_operate.html HTTP/1.1" 200 12
180.162.110.162 - - [12/Jul/2023:12:17:37 +0800] "GET /xingrg/kc/buy/cgsh_order_info.html?code=212023071204800 HTTP/1.1" 200 65603
116.238.191.126 - - [12/Jul/2023:12:17:37 +0800] "GET /xingrg/all/function/internal_message.html?_=1689135360366&CODE_STATE=getMsg HTTP/1.1" 200 27
114.89.203.254 - - [12/Jul/2023:12:17:39 +0800] "GET /xingrg/kc/buy/cgsh_order_operate.html?command=get_materiel&rest_code=00102&code=00101007181&supplier_code=00100328&order_time=2023-07-12 HTTP/1.1" 200 412
222.70.114.12 - - [12/Jul/2023:12:17:39 +0800] "GET /xingrg/all/function/internal_message.html?_=1689135464899&CODE_STATE=getMsg HTTP/1.1" 200 27
180.162.110.162 - - [12/Jul/2023:12:17:39 +0800] "GET /xingrg/javascript/easyui/themes/default/validatebox.css HTTP/1.1" 404 1104
114.83.217.28 - - [12/Jul/2023:12:17:39 +0800] "GET /xingrg/kc/print/load_data.html?order_code=212023071204804&kc_code=cgsh&condition= HTTP/1.1" 200 900
61.170.233.201 - - [12/Jul/2023:12:17:39 +0800] "GET /xingrg/kc/buy/cgsh_order_info.html?code=212023071204802 HTTP/1.1" 200 66526
61.170.233.201 - - [12/Jul/2023:12:17:40 +0800] "GET /xingrg/javascript/easyui/themes/default/validatebox.css HTTP/1.1" 404 1104
180.162.110.162 - - [12/Jul/2023:12:17:40 +0800] "POST /xingrg/kc/buy/cgsh_order_operate.html HTTP/1.1" 200 2509
114.84.31.26 - - [12/Jul/2023:12:17:40 +0800] "POST /xingrg/kc/buy/cgsh_list_operate.html HTTP/1.1" 200 2301
61.170.233.201 - - [12/Jul/2023:12:17:41 +0800] "POST /xingrg/kc/buy/cgsh_order_operate.html HTTP/1.1" 200 2439
180.169.147.146 - - [12/Jul/2023:12:17:43 +0800] "GET /xingrg/login.html HTTP/1.1" 200 7641
180.169.147.146 - - [12/Jul/2023:12:17:43 +0800] "GET /favicon.ico HTTP/1.1" 404 -
61.170.233.201 - - [12/Jul/2023:12:17:44 +0800] "GET /xingrg/kc/print/load_data.html?order_code=212023071204802&kc_code=cgsh&condition= HTTP/1.1" 200 1443
114.83.217.28 - - [12/Jul/2023:12:17:45 +0800] "GET /xingrg/kc/buy/cgsh_order_add.html HTTP/1.1" 200 71708
114.83.217.28 - - [12/Jul/2023:12:17:45 +0800] "POST /xingrg/kc/buy/cgsh_order_operate.html HTTP/1.1" 200 8245
114.83.217.28 - - [12/Jul/2023:12:17:45 +0800] "GET /xingrg/javascript/easyui/themes/default/validatebox.css HTTP/1.1" 404 1104
180.162.110.162 - - [12/Jul/2023:12:17:46 +0800] "GET /xingrg/kc/print/load_config.html?kc_code=cgsh HTTP/1.1" 200 1924
180.162.110.162 - - [12/Jul/2023:12:17:46 +0800] "GET /xingrg/kc/print/load_data.html?order_code=212023071204800&kc_code=cgsh&condition= HTTP/1.1" 200 1583
222.70.172.54 - - [12/Jul/2023:12:17:48 +0800] "GET /xingrg/kc/buy/cgsh_order_operate.html?command=get_materiel&rest_code=00146&code=00101004052&supplier_code=00100091&order_time=2023-07-12 HTTP/1.1" 200 414
114.89.203.254 - - [12/Jul/2023:12:17:52 +0800] "POST /xingrg/kc/buy/cgsh_order_operate.html HTTP/1.1" 200 37
180.169.147.146 - - [12/Jul/2023:12:17:52 +0800] "POST /xingrg/login.do HTTP/1.1" 302 -
180.169.147.146 - - [12/Jul/2023:12:17:52 +0800] "GET /xingrg/index.html?sysBaseUrl=http%3A%2F%2F180.169.147.146%3A18081%2Fxingrg%2F&costTime=988×tamp=1689135472364 HTTP/1.1" 200 17179
180.169.147.146 - - [12/Jul/2023:12:17:52 +0800] "GET /favicon.ico HTTP/1.1" 404 -
180.169.147.146 - - [12/Jul/2023:12:17:52 +0800] "GET /xingrg/all/function/internal_message.html?_=1689135463442&CODE_STATE=count HTTP/1.1" 200 11
180.169.147.146 - - [12/Jul/2023:12:17:52 +0800] "GET /xingrg/check_reg.html?_=1689135463443 HTTP/1.1" 200 22
180.169.147.146 - - [12/Jul/2023:12:17:52 +0800] "POST /xingrg/all/common/load_tree.html?tree=area_rest_tree_json&manage=1 HTTP/1.1" 200 351
180.169.147.146 - - [12/Jul/2023:12:17:52 +0800] "POST /xingrg/load_menu.html HTTP/1.1" 200 5138
114.83.219.27 - - [12/Jul/2023:12:17:53 +0800] "GET /xingrg/all/function/internal_message.html?_=1689135592042&CODE_STATE=getMsg HTTP/1.1" 200 27
180.169.147.146 - - [12/Jul/2023:12:17:53 +0800] "GET /xingrg/kc/buy/buy_main.html HTTP/1.1" 200 12412
180.169.147.146 - - [12/Jul/2023:12:17:53 +0800] "GET /xingrg/css/new_ie.css HTTP/1.1" 404 1036
180.169.147.146 - - [12/Jul/2023:12:17:54 +0800] "GET /xingrg/images/yd/bt.gif HTTP/1.1" 404 1040
180.169.147.146 - - [12/Jul/2023:12:17:55 +0800] "GET /xingrg/kc/buy/cgsh_order_list.html HTTP/1.1" 200 55844
61.170.233.201 - - [12/Jul/2023:12:17:55 +0800] "GET /xingrg/kc/buy/cgsh_order_add.html HTTP/1.1" 200 71614
61.170.233.201 - - [12/Jul/2023:12:17:55 +0800] "GET /xingrg/javascript/easyui/themes/default/validatebox.css HTTP/1.1" 404 1104
61.170.233.201 - - [12/Jul/2023:12:17:55 +0800] "POST /xingrg/kc/buy/cgsh_order_operate.html HTTP/1.1" 200 8245
114.83.217.28 - - [12/Jul/2023:12:17:56 +0800] "GET /xingrg/kc/buy/cgsh_order_operate.html?command=get_materiel&rest_code=00149&code=00101010161&supplier_code=00100334&order_time=2023-07-12 HTTP/1.1" 200 409
114.83.217.28 - - [12/Jul/2023:12:17:56 +0800] "GET /xingrg/all/function/internal_message.html?_=1689135475700&CODE_STATE=getMsg HTTP/1.1" 200 27
222.70.180.90 - - [12/Jul/2023:12:17:56 +0800] "GET /xingrg/all/function/internal_message.html?_=1689135474886&CODE_STATE=getMsg HTTP/1.1" 200 27
222.70.180.90 - - [12/Jul/2023:12:17:57 +0800] "GET /xingrg/all/function/internal_message.html?_=1689135607527&CODE_STATE=getMsg HTTP/1.1" 200 27
222.70.180.90 - - [12/Jul/2023:12:17:57 +0800] "GET /xingrg/check_reg.html?_=1689135475889 HTTP/1.1" 200 22
61.170.233.201 - - [12/Jul/2023:12:17:58 +0800] "GET /xingrg/kc/buy/buy_main.html HTTP/1.1" 200 12412
61.170.233.201 - - [12/Jul/2023:12:17:58 +0800] "GET /xingrg/css/new_ie.css HTTP/1.1" 404 1036
61.170.233.201 - - [12/Jul/2023:12:17:58 +0800] "GET /xingrg/images/yd/bt.gif HTTP/1.1" 404 1040
61.170.233.201 - - [12/Jul/2023:12:18:00 +0800] "GET /xingrg/kc/buy/cgsh_order_list.html HTTP/1.1" 200 55838
218.81.72.140 - - [12/Jul/2023:12:18:00 +0800] "GET /xingrg/all/function/internal_message.html?_=1689135479923&CODE_STATE=getMsg HTTP/1.1" 200 27
114.84.31.26 - - [12/Jul/2023:12:18:01 +0800] "GET /xingrg/all/function/internal_message.html?_=1689135481337&CODE_STATE=getMsg HTTP/1.1" 200 27
114.89.203.254 - - [12/Jul/2023:12:18:01 +0800] "POST /xingrg/kc/buy/cgsh_order_operate.html HTTP/1.1" 200 12
124.78.70.128 - - [12/Jul/2023:12:18:02 +0800] "GET /xingrg/all/function/internal_message.html?_=1689134960238&CODE_STATE=getMsg HTTP/1.1" 200 27
180.162.110.162 - - [12/Jul/2023:12:18:02 +0800] "GET /xingrg/check_reg.html?_=1689134241422 HTTP/1.1" 200 22
180.162.110.162 - - [12/Jul/2023:12:18:02 +0800] "GET /xingrg/all/function/internal_message.html?_=1689134241425&CODE_STATE=getMsg HTTP/1.1" 200 27
222.70.172.54 - - [12/Jul/2023:12:18:04 +0800] "POST /xingrg/kc/buy/cgsh_order_operate.html HTTP/1.1" 200 37
124.78.70.128 - - [12/Jul/2023:12:18:05 +0800] "GET /xingrg/kc/buy/cgsh_order_operate.html?command=get_materiel&rest_code=00141&code=00101004093&supplier_code=00100312&order_time=2023-07-12 HTTP/1.1" 200 413
114.89.203.254 - - [12/Jul/2023:12:18:05 +0800] "GET /xingrg/kc/buy/cgsh_order_info.html?code=212023071204806 HTTP/1.1" 200 66566
114.89.203.254 - - [12/Jul/2023:12:18:05 +0800] "GET /xingrg/javascript/easyui/themes/default/validatebox.css HTTP/1.1" 404 1104
114.89.203.254 - - [12/Jul/2023:12:18:06 +0800] "POST /xingrg/kc/buy/cgsh_order_operate.html HTTP/1.1" 200 607
180.169.147.146 - - [12/Jul/2023:12:18:07 +0800] "POST /xingrg/kc/buy/cgsh_list_operate.html HTTP/1.1" 200 2286
61.170.233.201 - - [12/Jul/2023:12:18:07 +0800] "POST /xingrg/kc/buy/cgsh_list_operate.html HTTP/1.1" 200 1864
222.70.172.54 - - [12/Jul/2023:12:18:08 +0800] "POST /xingrg/kc/buy/cgsh_order_operate.html HTTP/1.1" 200 3257
114.89.203.254 - - [12/Jul/2023:12:18:09 +0800] "GET /xingrg/kc/print/load_data.html?order_code=212023071204806&kc_code=cgsh&condition= HTTP/1.1" 200 693
116.238.191.126 - - [12/Jul/2023:12:18:13 +0800] "GET /xingrg/kc/buy/cgsh_order_add.html HTTP/1.1" 200 71230
222.70.172.54 - - [12/Jul/2023:12:18:13 +0800] "GET /xingrg/kc/print/load_data.html?order_code=212023071204807&kc_code=cgsh&condition= HTTP/1.1" 200 978
116.238.191.126 - - [12/Jul/2023:12:18:13 +0800] "POST /xingrg/kc/buy/cgsh_order_operate.html HTTP/1.1" 200 8245
116.238.191.126 - - [12/Jul/2023:12:18:13 +0800] "GET /xingrg/javascript/easyui/themes/default/validatebox.css HTTP/1.1" 404 1104
114.89.203.254 - - [12/Jul/2023:12:18:14 +0800] "GET /xingrg/kc/buy/cgsh_order_add.html HTTP/1.1" 200 71655
114.89.203.254 - - [12/Jul/2023:12:18:14 +0800] "POST /xingrg/kc/buy/cgsh_order_operate.html HTTP/1.1" 200 8245
114.89.203.254 - - [12/Jul/2023:12:18:14 +0800] "GET /xingrg/javascript/easyui/themes/default/validatebox.css HTTP/1.1" 404 1104
180.169.147.146 - - [12/Jul/2023:12:18:14 +0800] "GET /xingrg/kc/buy/cgsh_order_add.html HTTP/1.1" 200 71623
180.169.147.146 - - [12/Jul/2023:12:18:15 +0800] "GET /xingrg/javascript/easyui/themes/default/validatebox.css HTTP/1.1" 404 1104
180.169.147.146 - - [12/Jul/2023:12:18:15 +0800] "POST /xingrg/kc/buy/cgsh_order_operate.html HTTP/1.1" 200 8245
180.169.147.146 - - [12/Jul/2023:12:18:15 +0800] "GET /xingrg/all/common/auto_word.html?type=employee&rest_code=00147 HTTP/1.1" 200 101
180.169.147.146 - - [12/Jul/2023:12:18:15 +0800] "GET /xingrg/all/common/auto_word.html?type=employee&rest_code=00147 HTTP/1.1" 200 101
114.89.203.254 - - [12/Jul/2023:12:18:16 +0800] "GET /xingrg/javascript/easyui/themes/default/tree.css HTTP/1.1" 404 1090
180.169.147.146 - - [12/Jul/2023:12:18:16 +0800] "GET /xingrg/javascript/auto/indicator.gif HTTP/1.1" 404 1066
114.89.203.254 - - [12/Jul/2023:12:18:17 +0800] "POST /xingrg/all/common/load_tree.html?tree=supplier_tree_json&isDelete=1 HTTP/1.1" 200 74546
114.83.217.28 - - [12/Jul/2023:12:18:17 +0800] "POST /xingrg/kc/buy/cgsh_order_operate.html HTTP/1.1" 200 37
114.89.203.254 - - [12/Jul/2023:12:18:18 +0800] "GET /xingrg/all/function/internal_message.html?_=1689135498074&CODE_STATE=getMsg HTTP/1.1" 200 27
114.95.42.59 - - [12/Jul/2023:12:18:18 +0800] "GET /xingrg/all/function/internal_message.html?_=1689135313697&CODE_STATE=getMsg HTTP/1.1" 200 27
114.95.42.59 - - [12/Jul/2023:12:18:19 +0800] "GET /xingrg/check_reg.html?_=1689135314187 HTTP/1.1" 200 22
180.169.147.146 - - [12/Jul/2023:12:18:19 +0800] "GET /xingrg/javascript/jquery_tools/images/next.gif HTTP/1.1" 404 1086
180.169.147.146 - - [12/Jul/2023:12:18:19 +0800] "GET /xingrg/javascript/jquery_tools/images/prev.gif HTTP/1.1" 404 1086
116.238.191.126 - - [12/Jul/2023:12:18:20 +0800] "GET /xingrg/check_reg.html?_=1689135403001 HTTP/1.1" 200 22
114.83.217.28 - - [12/Jul/2023:12:18:20 +0800] "POST /xingrg/kc/buy/cgsh_order_operate.html HTTP/1.1" 200 2654
114.95.42.59 - - [12/Jul/2023:12:18:20 +0800] "GET /xingrg/all/function/internal_message.html?_=1689135502047&CODE_STATE=getMsg HTTP/1.1" 200 27
114.83.217.28 - - [12/Jul/2023:12:18:23 +0800] "GET /xingrg/kc/print/load_data.html?order_code=212023071204808&kc_code=cgsh&condition= HTTP/1.1" 200 682
180.169.147.146 - - [12/Jul/2023:12:18:26 +0800] "GET /xingrg/kc/buy/cgsh_order_operate.html?command=get_materiel&rest_code=00147&code=00101008176&supplier_code=00100007&order_time=2023-07-12 HTTP/1.1" 200 413
114.83.217.28 - - [12/Jul/2023:12:18:28 +0800] "GET /xingrg/kc/buy/cgsh_order_add.html HTTP/1.1" 200 71708
114.83.217.28 - - [12/Jul/2023:12:18:29 +0800] "POST /xingrg/kc/buy/cgsh_order_operate.html HTTP/1.1" 200 8245
114.83.217.28 - - [12/Jul/2023:12:18:29 +0800] "GET /xingrg/javascript/easyui/themes/default/validatebox.css HTTP/1.1" 404 1104
124.78.70.128 - - [12/Jul/2023:12:18:29 +0800] "GET /xingrg/kc/buy/cgsh_order_operate.html?command=get_materiel&rest_code=00141&code=00101010916&supplier_code=00100312&order_time=2023-07-12 HTTP/1.1" 200 395
116.232.195.127 - - [12/Jul/2023:12:18:31 +0800] "GET /xingrg/all/function/internal_message.html?_=1689135488406&CODE_STATE=getMsg HTTP/1.1" 200 27
222.70.172.54 - - [12/Jul/2023:12:18:33 +0800] "GET /xingrg/all/function/internal_message.html?_=1689135523855&CODE_STATE=getMsg HTTP/1.1" 200 27
180.169.147.146 - - [12/Jul/2023:12:18:35 +0800] "GET /xingrg/kc/buy/cgsh_order_operate.html?command=get_materiel&rest_code=00147&code=00101008257&supplier_code=00100007&order_time=2023-07-12 HTTP/1.1" 200 416
116.238.191.126 - - [12/Jul/2023:12:18:37 +0800] "GET /xingrg/all/function/internal_message.html?_=1689135420442&CODE_STATE=getMsg HTTP/1.1" 200 27
222.70.114.12 - - [12/Jul/2023:12:18:39 +0800] "GET /xingrg/all/function/internal_message.html?_=1689135524905&CODE_STATE=getMsg HTTP/1.1" 200 27
114.83.217.28 - - [12/Jul/2023:12:18:39 +0800] "GET /xingrg/kc/buy/cgsh_order_operate.html?command=get_materiel&rest_code=00149&code=00101019346&supplier_code=00100337&order_time=2023-07-12 HTTP/1.1" 200 427
180.169.147.146 - - [12/Jul/2023:12:18:43 +0800] "GET /xingrg/kc/buy/cgsh_order_operate.html?command=get_materiel&rest_code=00147&code=00101008185&supplier_code=00100007&order_time=2023-07-12 HTTP/1.1" 200 408
124.78.70.128 - - [12/Jul/2023:12:18:44 +0800] "GET /xingrg/kc/buy/cgsh_order_operate.html?command=get_materiel&rest_code=00141&code=00101004050&supplier_code=00100312&order_time=2023-07-12 HTTP/1.1" 200 409
114.83.217.28 - - [12/Jul/2023:12:18:49 +0800] "POST /xingrg/all/common/load_select.html HTTP/1.1" 200 25
180.169.147.146 - - [12/Jul/2023:12:18:51 +0800] "GET /xingrg/kc/buy/cgsh_order_operate.html?command=get_materiel&rest_code=00147&code=00101008119&supplier_code=00100007&order_time=2023-07-12 HTTP/1.1" 200 412
180.169.147.146 - - [12/Jul/2023:12:18:52 +0800] "GET /xingrg/all/function/internal_message.html?_=1689135523448&CODE_STATE=getMsg HTTP/1.1" 200 27
114.83.219.27 - - [12/Jul/2023:12:18:53 +0800] "GET /xingrg/all/function/internal_message.html?_=1689135652020&CODE_STATE=getMsg HTTP/1.1" 200 27
114.83.219.27 - - [12/Jul/2023:12:18:53 +0800] "GET /xingrg/check_reg.html?_=1689135652454 HTTP/1.1" 200 22
114.83.217.28 - - [12/Jul/2023:12:18:54 +0800] "GET /xingrg/kc/buy/cgsh_order_operate.html?command=get_materiel_price&rest_code=00149&code=00101019346&unit_code=00100188&supplier_code=00100337&order_time=2023-07-12 HTTP/1.1" 200 28
114.83.217.28 - - [12/Jul/2023:12:18:56 +0800] "GET /xingrg/all/function/internal_message.html?_=1689135535698&CODE_STATE=getMsg HTTP/1.1" 200 27
222.70.180.90 - - [12/Jul/2023:12:18:56 +0800] "GET /xingrg/all/function/internal_message.html?_=1689135534859&CODE_STATE=getMsg HTTP/1.1" 200 27
124.78.70.128 - - [12/Jul/2023:12:18:56 +0800] "GET /xingrg/kc/buy/cgsh_order_operate.html?command=get_materiel&rest_code=00141&code=00101004060&supplier_code=00100312&order_time=2023-07-12 HTTP/1.1" 200 413
222.70.180.90 - - [12/Jul/2023:12:18:57 +0800] "GET /xingrg/all/function/internal_message.html?_=1689135667519&CODE_STATE=getMsg HTTP/1.1" 200 27
114.89.203.254 - - [12/Jul/2023:12:18:57 +0800] "GET /xingrg/kc/buy/cgsh_order_operate.html?command=get_materiel&rest_code=00102&code=00101001232&supplier_code=00100314&order_time=2023-07-12 HTTP/1.1" 200 414
124.78.70.128 - - [12/Jul/2023:12:18:57 +0800] "GET /xingrg/check_reg.html?_=1689135015537 HTTP/1.1" 200 22
180.169.147.146 - - [12/Jul/2023:12:18:59 +0800] "GET /xingrg/kc/buy/cgsh_order_operate.html?command=get_materiel&rest_code=00147&code=00101008038&supplier_code=00100007&order_time=2023-07-12 HTTP/1.1" 200 412
218.81.72.140 - - [12/Jul/2023:12:19:00 +0800] "GET /xingrg/all/function/internal_message.html?_=1689135539923&CODE_STATE=getMsg HTTP/1.1" 200 27
114.84.31.26 - - [12/Jul/2023:12:19:01 +0800] "GET /xingrg/all/function/internal_message.html?_=1689135541322&CODE_STATE=getMsg HTTP/1.1" 200 27
124.78.70.128 - - [12/Jul/2023:12:19:02 +0800] "GET /xingrg/all/function/internal_message.html?_=1689135019919&CODE_STATE=getMsg HTTP/1.1" 200 27
180.162.110.162 - - [12/Jul/2023:12:19:02 +0800] "GET /xingrg/all/function/internal_message.html?_=1689134301430&CODE_STATE=getMsg HTTP/1.1" 200 27
