114.83.217.28 - - [12/Jul/2023:11:09:05 +0800] "POST /xingrg/kc/buy/cgsh_order_operate.html HTTP/1.1" 200 2970
124.78.70.128 - - [12/Jul/2023:11:09:05 +0800] "GET /xingrg/kc/base/yddb_order_list.html HTTP/1.1" 200 16710
124.78.70.128 - - [12/Jul/2023:11:09:05 +0800] "GET /xingrg/css/base.css HTTP/1.1" 200 2811
124.78.70.128 - - [12/Jul/2023:11:09:05 +0800] "GET /xingrg/javascript/jquery_tools/datebox.css HTTP/1.1" 200 2597
124.78.70.128 - - [12/Jul/2023:11:09:05 +0800] "GET /xingrg/javascript/jquery_tools/fix.css HTTP/1.1" 200 1702
124.78.70.128 - - [12/Jul/2023:11:09:05 +0800] "GET /xingrg/javascript/jquery_tools/jquery.tools.min.js HTTP/1.1" 200 138801
124.78.70.128 - - [12/Jul/2023:11:09:05 +0800] "GET /xingrg/css/site.css HTTP/1.1" 200 7541
124.78.70.128 - - [12/Jul/2023:11:09:05 +0800] "GET /xingrg/javascript/auto/jquery.autocomplete.css HTTP/1.1" 200 587
124.78.70.128 - - [12/Jul/2023:11:09:05 +0800] "GET /xingrg/javascript/jquery_tools/table.css HTTP/1.1" 200 1032
124.78.70.128 - - [12/Jul/2023:11:09:05 +0800] "GET /xingrg/javascript/easyui/themes/icon.css HTTP/1.1" 200 4483
124.78.70.128 - - [12/Jul/2023:11:09:05 +0800] "GET /xingrg/javascript/easyui/themes/default/easyui.css HTTP/1.1" 200 30432
124.78.70.128 - - [12/Jul/2023:11:09:05 +0800] "GET /xingrg/javascript/jquery_tools/jquery.tools.extend.js HTTP/1.1" 200 15385
124.78.70.128 - - [12/Jul/2023:11:09:05 +0800] "GET /xingrg/javascript/jquery_tools/jquery.tools.hotkey.js HTTP/1.1" 200 3242
124.78.70.128 - - [12/Jul/2023:11:09:05 +0800] "GET /xingrg/javascript/jquery_tools/list_manager.js HTTP/1.1" 200 3652
124.78.70.128 - - [12/Jul/2023:11:09:05 +0800] "GET /xingrg/javascript/jquery_tools/jquery.tools.table.js HTTP/1.1" 200 6994
124.78.70.128 - - [12/Jul/2023:11:09:05 +0800] "GET /xingrg/javascript/print/LodopFuncs.js HTTP/1.1" 200 5121
124.78.70.128 - - [12/Jul/2023:11:09:05 +0800] "GET /xingrg/javascript/jquery.cookie.js HTTP/1.1" 200 5513
124.78.70.128 - - [12/Jul/2023:11:09:05 +0800] "GET /xingrg/javascript/easyui/easyloader.js HTTP/1.1" 200 5975
124.78.70.128 - - [12/Jul/2023:11:09:05 +0800] "GET /xingrg/javascript/auto/jquery.autocomplete.js HTTP/1.1" 200 21624
124.78.70.128 - - [12/Jul/2023:11:09:05 +0800] "GET /xingrg/images/control/ajaxLoader.gif HTTP/1.1" 200 4659
61.170.233.201 - - [12/Jul/2023:11:09:05 +0800] "GET /xingrg/kc/buy/cgsh_order_info.html?code=212023071204607 HTTP/1.1" 200 66531
124.78.70.128 - - [12/Jul/2023:11:09:05 +0800] "GET /xingrg/javascript/easyui/plugins/jquery.parser.js HTTP/1.1" 200 1142
124.78.70.128 - - [12/Jul/2023:11:09:05 +0800] "GET /xingrg/javascript/easyui/themes/icons/import_new.png HTTP/1.1" 200 1247
124.78.70.128 - - [12/Jul/2023:11:09:05 +0800] "GET /xingrg/javascript/easyui/themes/icons/field_new.png HTTP/1.1" 200 1097
124.78.70.128 - - [12/Jul/2023:11:09:05 +0800] "GET /xingrg/javascript/easyui/themes/icons/edit_add_new.png HTTP/1.1" 200 2997
124.78.70.128 - - [12/Jul/2023:11:09:06 +0800] "POST /xingrg/kc/base/yddb_list_operate.html HTTP/1.1" 200 1341
61.170.233.201 - - [12/Jul/2023:11:09:06 +0800] "GET /xingrg/javascript/easyui/themes/default/validatebox.css HTTP/1.1" 404 1104
180.169.147.146 - - [12/Jul/2023:11:09:07 +0800] "GET /xingrg/all/function/internal_message.html?_=1689131347102&CODE_STATE=getMsg HTTP/1.1" 200 27
61.170.233.201 - - [12/Jul/2023:11:09:07 +0800] "POST /xingrg/kc/buy/cgsh_order_operate.html HTTP/1.1" 200 27833
180.163.28.109 - - [12/Jul/2023:11:09:07 +0800] "GET /xingrg/all/function/internal_message.html?_=1689131287083&CODE_STATE=count HTTP/1.1" 302 -
180.163.28.109 - - [12/Jul/2023:11:09:07 +0800] "GET /xingrg/login.html HTTP/1.1" 200 7641
222.70.180.90 - - [12/Jul/2023:11:09:07 +0800] "GET /xingrg/kc/buy/cgsh_order_operate.html?command=get_materiel&rest_code=00111&code=00101007072&supplier_code=00100004&order_time=2023-07-12 HTTP/1.1" 200 421
114.89.203.254 - - [12/Jul/2023:11:09:08 +0800] "GET /xingrg/all/function/internal_message.html?_=1689131349126&CODE_STATE=getMsg HTTP/1.1" 200 27
61.170.233.201 - - [12/Jul/2023:11:09:09 +0800] "GET /xingrg/kc/print/load_config.html?kc_code=cgsh HTTP/1.1" 200 1924
61.170.233.201 - - [12/Jul/2023:11:09:10 +0800] "GET /xingrg/kc/print/load_data.html?order_code=212023071204607&kc_code=cgsh&condition= HTTP/1.1" 200 11075
114.85.113.108 - - [12/Jul/2023:11:09:10 +0800] "GET /xingrg/all/function/internal_message.html?_=1689131347562&CODE_STATE=getMsg HTTP/1.1" 302 -
218.81.72.140 - - [12/Jul/2023:11:09:11 +0800] "GET /xingrg/all/function/internal_message.html?_=1689131351223&CODE_STATE=getMsg HTTP/1.1" 302 -
180.169.147.146 - - [12/Jul/2023:11:09:14 +0800] "GET /xingrg/check_reg.html?_=1689131344947 HTTP/1.1" 302 -
124.78.70.128 - - [12/Jul/2023:11:09:16 +0800] "POST /xingrg/kc/base/yddb_list_operate.html HTTP/1.1" 200 210
124.78.70.128 - - [12/Jul/2023:11:09:17 +0800] "GET /xingrg/kc/base/yddb_order_info.html?code=482023052800144 HTTP/1.1" 200 31524
124.78.70.128 - - [12/Jul/2023:11:09:17 +0800] "GET /xingrg/dwr/interface/AjaxComOrderService.js HTTP/1.1" 200 18264
124.78.70.128 - - [12/Jul/2023:11:09:17 +0800] "GET /xingrg/dwr/interface/AjaxYddbService.js HTTP/1.1" 200 13201
124.78.70.128 - - [12/Jul/2023:11:09:17 +0800] "GET /xingrg/dwr/util.js HTTP/1.1" 200 35990
124.78.70.128 - - [12/Jul/2023:11:09:17 +0800] "GET /xingrg/dwr/engine.js HTTP/1.1" 200 43631
124.78.70.128 - - [12/Jul/2023:11:09:17 +0800] "GET /xingrg/javascript/Grid.js HTTP/1.1" 200 58908
124.78.70.128 - - [12/Jul/2023:11:09:17 +0800] "GET /xingrg/javascript/checkform.js HTTP/1.1" 200 18351
124.78.70.128 - - [12/Jul/2023:11:09:17 +0800] "GET /xingrg/javascript/AjaxInfoList.js HTTP/1.1" 200 3774
124.78.70.128 - - [12/Jul/2023:11:09:17 +0800] "GET /xingrg/javascript/Calendar.js HTTP/1.1" 200 31561
124.78.70.128 - - [12/Jul/2023:11:09:17 +0800] "GET /xingrg/javascript/jquery_easy_ui/themes/default/images/menu_downarrow.png HTTP/1.1" 200 173
124.78.70.128 - - [12/Jul/2023:11:09:17 +0800] "GET /xingrg/javascript/jquery_easy_ui/themes/icons/print.png HTTP/1.1" 200 1057
124.78.70.128 - - [12/Jul/2023:11:09:17 +0800] "GET /xingrg/javascript/jquery_easy_ui/themes/icons/check_new.png HTTP/1.1" 200 3224
124.78.70.128 - - [12/Jul/2023:11:09:17 +0800] "GET /xingrg/javascript/jquery_easy_ui/themes/icons/edit_add_new.png HTTP/1.1" 200 2997
124.78.70.128 - - [12/Jul/2023:11:09:17 +0800] "GET /xingrg/javascript/jquery_easy_ui/themes/icons/back_new.png HTTP/1.1" 200 3414
124.78.70.128 - - [12/Jul/2023:11:09:17 +0800] "GET /xingrg/javascript/jquery_easy_ui/themes/icons/cance_new.png HTTP/1.1" 200 3986
124.78.70.128 - - [12/Jul/2023:11:09:17 +0800] "GET /xingrg/images/blue/button/kc_tab_add.gif HTTP/1.1" 200 375
124.78.70.128 - - [12/Jul/2023:11:09:17 +0800] "GET /xingrg/images/blue/button/kc_tab_edit.gif HTTP/1.1" 200 551
124.78.70.128 - - [12/Jul/2023:11:09:17 +0800] "GET /xingrg/images/blue/button/kc_tab_save.gif HTTP/1.1" 200 777
124.78.70.128 - - [12/Jul/2023:11:09:17 +0800] "GET /xingrg/images/blue/button/kc_tab_del.gif HTTP/1.1" 200 383
124.78.70.128 - - [12/Jul/2023:11:09:17 +0800] "GET /xingrg/images/blue/wait.gif HTTP/1.1" 200 1100
124.78.70.128 - - [12/Jul/2023:11:09:17 +0800] "GET /xingrg/images/blue/kc_tab2_right.gif HTTP/1.1" 200 192
124.78.70.128 - - [12/Jul/2023:11:09:17 +0800] "GET /xingrg/images/blue/kc_tab2_left.gif HTTP/1.1" 200 625
124.78.70.128 - - [12/Jul/2023:11:09:17 +0800] "GET /xingrg/images/blue/kc_tab_right.gif HTTP/1.1" 200 643
124.78.70.128 - - [12/Jul/2023:11:09:17 +0800] "GET /xingrg/images/blue/kc_tab_mid.gif HTTP/1.1" 200 44
124.78.70.128 - - [12/Jul/2023:11:09:17 +0800] "GET /xingrg/images/blue/kc_tab_left.gif HTTP/1.1" 200 188
124.78.70.128 - - [12/Jul/2023:11:09:18 +0800] "POST /xingrg/dwr/call/plaincall/AjaxYddbService.loadMaterielItems.dwr HTTP/1.1" 200 411
114.83.219.27 - - [12/Jul/2023:11:09:19 +0800] "GET /xingrg/check_reg.html?_=1689131478594 HTTP/1.1" 302 -
114.83.219.27 - - [12/Jul/2023:11:09:19 +0800] "GET /xingrg/all/function/internal_message.html?_=1689131478595&CODE_STATE=getMsg HTTP/1.1" 302 -
222.70.180.90 - - [12/Jul/2023:11:09:21 +0800] "GET /xingrg/kc/buy/cgsh_order_operate.html?command=get_materiel&rest_code=00111&code=00101007059&supplier_code=00100004&order_time=2023-07-12 HTTP/1.1" 200 411
124.78.70.128 - - [12/Jul/2023:11:09:21 +0800] "GET /xingrg/javascript/jquery_easy_ui/themes/default/images/button_plain_hover.png HTTP/1.1" 200 252
124.78.70.128 - - [12/Jul/2023:11:09:24 +0800] "GET /xingrg/kc/base/yddb_order_add.html HTTP/1.1" 200 29953
124.78.70.128 - - [12/Jul/2023:11:09:24 +0800] "GET /xingrg/dwr/interface/AjaxComOrderService.js HTTP/1.1" 200 18264
124.78.70.128 - - [12/Jul/2023:11:09:24 +0800] "GET /xingrg/dwr/interface/AjaxYddbService.js HTTP/1.1" 200 13201
124.78.70.128 - - [12/Jul/2023:11:09:24 +0800] "GET /xingrg/dwr/engine.js HTTP/1.1" 200 43631
114.83.217.28 - - [12/Jul/2023:11:09:24 +0800] "GET /xingrg/kc/print/load_data.html?order_code=212023071204639&kc_code=cgsh&condition= HTTP/1.1" 200 1606
61.170.233.201 - - [12/Jul/2023:11:09:25 +0800] "GET /xingrg/kc/print/load_data.html?order_code=212023071204607&kc_code=cgsh HTTP/1.1" 200 11075
124.78.70.128 - - [12/Jul/2023:11:09:29 +0800] "POST /xingrg/dwr/call/plaincall/AjaxYddbService.getRestBases.dwr HTTP/1.1" 200 1055
114.83.217.28 - - [12/Jul/2023:11:09:30 +0800] "GET /xingrg/kc/buy/cgsh_order_add.html HTTP/1.1" 200 71708
114.83.217.28 - - [12/Jul/2023:11:09:30 +0800] "POST /xingrg/kc/buy/cgsh_order_operate.html HTTP/1.1" 200 8245
114.83.217.28 - - [12/Jul/2023:11:09:30 +0800] "GET /xingrg/javascript/easyui/themes/default/validatebox.css HTTP/1.1" 404 1104
180.169.147.146 - - [12/Jul/2023:11:09:33 +0800] "GET /xingrg/all/function/internal_message.html?_=1689131364745&CODE_STATE=getMsg HTTP/1.1" 302 -
222.70.114.12 - - [12/Jul/2023:11:09:40 +0800] "GET /xingrg/all/function/internal_message.html?_=1689131385415&CODE_STATE=getMsg HTTP/1.1" 302 -
114.84.31.26 - - [12/Jul/2023:11:09:41 +0800] "GET /xingrg/check_reg.html?_=1689131381805 HTTP/1.1" 200 22
114.84.31.26 - - [12/Jul/2023:11:09:41 +0800] "GET /xingrg/all/function/internal_message.html?_=1689131381809&CODE_STATE=getMsg HTTP/1.1" 200 27
222.70.180.90 - - [12/Jul/2023:11:09:47 +0800] "POST /xingrg/kc/buy/cgsh_order_operate.html HTTP/1.1" 200 37
222.70.180.90 - - [12/Jul/2023:11:09:50 +0800] "POST /xingrg/kc/buy/cgsh_order_operate.html HTTP/1.1" 200 5032
222.70.180.90 - - [12/Jul/2023:11:09:52 +0800] "GET /xingrg/kc/print/load_data.html?order_code=212023071204640&kc_code=cgsh&condition= HTTP/1.1" 200 1628
124.78.70.128 - - [12/Jul/2023:11:09:53 +0800] "POST /xingrg/dwr/call/plaincall/AjaxYddbService.saveOrder.dwr HTTP/1.1" 200 78
124.78.70.128 - - [12/Jul/2023:11:09:53 +0800] "GET /xingrg/images/yd/bt.gif HTTP/1.1" 404 1040
124.78.70.128 - - [12/Jul/2023:11:09:56 +0800] "GET /xingrg/all/function/internal_message.html?_=1689130874470&CODE_STATE=getMsg HTTP/1.1" 200 27
222.70.180.90 - - [12/Jul/2023:11:09:57 +0800] "GET /xingrg/all/function/internal_message.html?_=1689131395989&CODE_STATE=getMsg HTTP/1.1" 200 27
222.70.180.90 - - [12/Jul/2023:11:09:58 +0800] "GET /xingrg/kc/buy/cgsh_order_add.html HTTP/1.1" 200 71576
222.70.172.54 - - [12/Jul/2023:11:09:58 +0800] "GET /xingrg/all/function/internal_message.html?_=1689131407939&CODE_STATE=getMsg HTTP/1.1" 200 27
222.70.180.90 - - [12/Jul/2023:11:09:58 +0800] "POST /xingrg/kc/buy/cgsh_order_operate.html HTTP/1.1" 200 8245
222.70.180.90 - - [12/Jul/2023:11:09:58 +0800] "GET /xingrg/javascript/easyui/themes/default/validatebox.css HTTP/1.1" 404 1104
58.40.7.146 - - [12/Jul/2023:11:10:00 +0800] "GET /xingrg/all/function/internal_message.html?_=1689131398885&CODE_STATE=getMsg HTTP/1.1" 200 27
114.83.217.28 - - [12/Jul/2023:11:10:01 +0800] "GET /xingrg/all/function/internal_message.html?_=1689131400911&CODE_STATE=getMsg HTTP/1.1" 200 27
61.170.233.201 - - [12/Jul/2023:11:10:03 +0800] "GET /xingrg/all/function/internal_message.html?_=1689131395491&CODE_STATE=getMsg HTTP/1.1" 200 27
180.169.147.146 - - [12/Jul/2023:11:10:07 +0800] "GET /xingrg/all/function/internal_message.html?_=1689131407102&CODE_STATE=getMsg HTTP/1.1" 200 27
114.89.203.254 - - [12/Jul/2023:11:10:08 +0800] "GET /xingrg/all/function/internal_message.html?_=1689131409113&CODE_STATE=getMsg HTTP/1.1" 200 27
114.85.113.108 - - [12/Jul/2023:11:10:11 +0800] "GET /xingrg/all/function/internal_message.html?_=1689131407546&CODE_STATE=getMsg HTTP/1.1" 302 -
218.81.72.140 - - [12/Jul/2023:11:10:11 +0800] "GET /xingrg/all/function/internal_message.html?_=1689131411224&CODE_STATE=getMsg HTTP/1.1" 302 -
222.70.180.90 - - [12/Jul/2023:11:10:12 +0800] "GET /xingrg/kc/buy/cgsh_order_operate.html?command=get_materiel&rest_code=00111&code=00101006109&supplier_code=00100012&order_time=2023-07-12 HTTP/1.1" 200 409
124.78.70.128 - - [12/Jul/2023:11:10:14 +0800] "POST /xingrg/dwr/call/plaincall/AjaxComOrderService.getMaterielSearchList.dwr HTTP/1.1" 200 139831
124.78.70.128 - - [12/Jul/2023:11:10:15 +0800] "POST /xingrg/dwr/call/plaincall/AjaxComOrderService.getMaterielSearchList.dwr HTTP/1.1" 200 12744
114.83.219.27 - - [12/Jul/2023:11:10:19 +0800] "GET /xingrg/all/function/internal_message.html?_=1689131538596&CODE_STATE=getMsg HTTP/1.1" 302 -
222.70.180.90 - - [12/Jul/2023:11:10:21 +0800] "GET /xingrg/kc/buy/cgsh_order_operate.html?command=get_materiel&rest_code=00111&code=00101006111&supplier_code=00100012&order_time=2023-07-12 HTTP/1.1" 200 409
124.78.70.128 - - [12/Jul/2023:11:10:26 +0800] "POST /xingrg/dwr/call/plaincall/AjaxYddbService.getMaterielByMap.dwr HTTP/1.1" 200 2742
114.85.113.108 - - [12/Jul/2023:11:10:29 +0800] "GET /xingrg/check_reg.html?_=1689131426782 HTTP/1.1" 302 -
124.78.70.128 - - [12/Jul/2023:11:10:32 +0800] "GET /xingrg/javascript/jquery_easy_ui/themes/icons/area.png HTTP/1.1" 200 262
124.78.70.128 - - [12/Jul/2023:11:10:32 +0800] "GET /xingrg/javascript/jquery_easy_ui/themes/icons/rest.png HTTP/1.1" 200 695
222.70.180.90 - - [12/Jul/2023:11:10:33 +0800] "GET /xingrg/kc/buy/cgsh_order_operate.html?command=get_materiel&rest_code=00111&code=00101006129&supplier_code=00100012&order_time=2023-07-12 HTTP/1.1" 200 433
180.169.147.146 - - [12/Jul/2023:11:10:33 +0800] "GET /xingrg/all/function/internal_message.html?_=1689131424755&CODE_STATE=getMsg HTTP/1.1" 302 -
61.170.233.201 - - [12/Jul/2023:11:10:34 +0800] "GET /xingrg/kc/base/base_main.html HTTP/1.1" 200 12142
124.78.70.128 - - [12/Jul/2023:11:10:35 +0800] "POST /xingrg/dwr/call/plaincall/AjaxYddbService.saveMaterielItem.dwr HTTP/1.1" 200 78
61.170.233.201 - - [12/Jul/2023:11:10:36 +0800] "GET /xingrg/kc/base/wldb_order_list.html HTTP/1.1" 200 19098
61.170.233.201 - - [12/Jul/2023:11:10:36 +0800] "POST /xingrg/kc/base/wldb_list_operate.html HTTP/1.1" 200 2558
61.170.233.201 - - [12/Jul/2023:11:10:38 +0800] "GET /xingrg/kc/base/wldb_order_add.html HTTP/1.1" 200 30385
61.170.233.201 - - [12/Jul/2023:11:10:39 +0800] "GET /xingrg/all/common/auto_word.html?type=base&rest_code=00106 HTTP/1.1" 200 1799
61.170.233.201 - - [12/Jul/2023:11:10:39 +0800] "GET /xingrg/all/common/auto_word.html?type=base&rest_code=00106 HTTP/1.1" 200 1799
61.170.233.201 - - [12/Jul/2023:11:10:39 +0800] "GET /xingrg/javascript/easyui/themes/default/validatebox.css HTTP/1.1" 404 1104
61.170.233.201 - - [12/Jul/2023:11:10:39 +0800] "POST /xingrg/kc/base/wldb_order_operate.html HTTP/1.1" 200 6806
61.170.233.201 - - [12/Jul/2023:11:10:40 +0800] "POST /xingrg/all/common/load_combo.html?type=base HTTP/1.1" 200 3227
222.70.114.12 - - [12/Jul/2023:11:10:40 +0800] "GET /xingrg/all/function/internal_message.html?_=1689131445421&CODE_STATE=getMsg HTTP/1.1" 302 -
222.70.180.90 - - [12/Jul/2023:11:10:41 +0800] "GET /xingrg/index.html?sysBaseUrl=http%3A%2F%2F180.169.147.146%3A18081%2Fxingrg%2F&costTime=39×tamp=1645767740089 HTTP/1.1" 302 -
222.70.180.90 - - [12/Jul/2023:11:10:41 +0800] "GET /xingrg/login.html HTTP/1.1" 200 7641
114.84.31.26 - - [12/Jul/2023:11:10:41 +0800] "GET /xingrg/all/function/internal_message.html?_=1689131441808&CODE_STATE=getMsg HTTP/1.1" 200 27
61.170.233.201 - - [12/Jul/2023:11:10:42 +0800] "POST /xingrg/all/common/load_combo.html?type=base HTTP/1.1" 200 3227
222.70.180.90 - - [12/Jul/2023:11:10:42 +0800] "GET /favicon.ico HTTP/1.1" 404 -
124.78.70.128 - - [12/Jul/2023:11:10:45 +0800] "POST /xingrg/dwr/call/plaincall/AjaxYddbService.checkOrder.dwr HTTP/1.1" 200 78
61.170.233.201 - - [12/Jul/2023:11:10:46 +0800] "GET /xingrg/javascript/auto/indicator.gif HTTP/1.1" 404 1066
61.170.233.201 - - [12/Jul/2023:11:10:47 +0800] "GET /xingrg/kc/base/wldb_order_operate.html?command=get_materiel&rest_code=00106&base_code=0010397&code=00102015103 HTTP/1.1" 200 437
124.78.70.128 - - [12/Jul/2023:11:10:48 +0800] "GET /xingrg/kc/base/yddb_order_info.html?code=482023071200068 HTTP/1.1" 200 29701
124.78.70.128 - - [12/Jul/2023:11:10:48 +0800] "GET /xingrg/dwr/interface/AjaxComOrderService.js HTTP/1.1" 200 18264
124.78.70.128 - - [12/Jul/2023:11:10:48 +0800] "GET /xingrg/dwr/interface/AjaxYddbService.js HTTP/1.1" 200 13201
124.78.70.128 - - [12/Jul/2023:11:10:48 +0800] "GET /xingrg/dwr/engine.js HTTP/1.1" 200 43631
124.78.70.128 - - [12/Jul/2023:11:10:48 +0800] "POST /xingrg/dwr/call/plaincall/AjaxYddbService.loadMaterielItems.dwr HTTP/1.1" 200 386
222.70.180.90 - - [12/Jul/2023:11:10:50 +0800] "POST /xingrg/login.do HTTP/1.1" 302 -
222.70.180.90 - - [12/Jul/2023:11:10:50 +0800] "GET /xingrg/index.html?sysBaseUrl=http%3A%2F%2F180.169.147.146%3A18081%2Fxingrg%2F&costTime=1024×tamp=1689131450750 HTTP/1.1" 200 17503
222.70.180.90 - - [12/Jul/2023:11:10:51 +0800] "GET /favicon.ico HTTP/1.1" 404 -
222.70.180.90 - - [12/Jul/2023:11:10:51 +0800] "POST /xingrg/all/common/load_tree.html?tree=area_rest_tree_json&manage=1 HTTP/1.1" 200 591
222.70.180.90 - - [12/Jul/2023:11:10:51 +0800] "GET /xingrg/check_reg.html?_=1689131581224 HTTP/1.1" 200 22
222.70.180.90 - - [12/Jul/2023:11:10:51 +0800] "GET /xingrg/all/function/internal_message.html?_=1689131581222&CODE_STATE=count HTTP/1.1" 200 11
222.70.180.90 - - [12/Jul/2023:11:10:51 +0800] "POST /xingrg/load_menu.html HTTP/1.1" 200 11564
124.78.70.128 - - [12/Jul/2023:11:10:53 +0800] "GET /xingrg/kc/base/yddb_order_report.html?fileType=servlets/rtf&code=482023071200068&reportName=ck_order_report&subName=yddb HTTP/1.1" 302 -
124.78.70.128 - - [12/Jul/2023:11:10:53 +0800] "GET /xingrg/servlets/rtf?sysBaseUrl=http%3A%2F%2F180.169.147.146%3A18081%2Fxingrg%2F&costTime=499×tamp=1689131453104 HTTP/1.1" 200 18057
124.78.70.128 - - [12/Jul/2023:11:10:53 +0800] "GET /favicon.ico HTTP/1.1" 404 -
61.170.233.201 - - [12/Jul/2023:11:10:54 +0800] "POST /xingrg/kc/base/wldb_order_operate.html HTTP/1.1" 200 37
61.170.233.201 - - [12/Jul/2023:11:10:55 +0800] "POST /xingrg/kc/base/wldb_order_operate.html HTTP/1.1" 200 2185
124.78.70.128 - - [12/Jul/2023:11:10:56 +0800] "GET /xingrg/all/function/internal_message.html?_=1689130934483&CODE_STATE=getMsg HTTP/1.1" 200 27
222.70.180.90 - - [12/Jul/2023:11:10:57 +0800] "POST /xingrg/all/user/operate.html HTTP/1.1" 200 36
222.70.180.90 - - [12/Jul/2023:11:10:57 +0800] "GET /xingrg/index.html?sysBaseUrl=http%3A%2F%2F180.169.147.146%3A18081%2Fxingrg%2F&costTime=1024×tamp=1689131450750 HTTP/1.1" 200 17509
222.70.180.90 - - [12/Jul/2023:11:10:57 +0800] "GET /xingrg/javascript/jquery_easy_ui/themes/default/easyui.css HTTP/1.1" 304 -
222.70.180.90 - - [12/Jul/2023:11:10:57 +0800] "GET /xingrg/javascript/jquery_easy_ui/themes/icon.css HTTP/1.1" 304 -
222.70.180.90 - - [12/Jul/2023:11:10:57 +0800] "GET /xingrg/css/form.css HTTP/1.1" 304 -
222.70.180.90 - - [12/Jul/2023:11:10:57 +0800] "GET /xingrg/javascript/jquery-1.4.2.min.js HTTP/1.1" 304 -
222.70.180.90 - - [12/Jul/2023:11:10:57 +0800] "GET /xingrg/javascript/jquery_easy_ui/jquery.easyui.min.js HTTP/1.1" 304 -
222.70.180.90 - - [12/Jul/2023:11:10:57 +0800] "GET /xingrg/javascript/jquery_easy_ui/easyui-lang-zh_CN.js HTTP/1.1" 304 -
222.70.180.90 - - [12/Jul/2023:11:10:57 +0800] "GET /xingrg/javascript/jquery.form.js HTTP/1.1" 304 -
222.70.180.90 - - [12/Jul/2023:11:10:57 +0800] "GET /xingrg/javascript/jquery.utils.js HTTP/1.1" 304 -
222.70.180.90 - - [12/Jul/2023:11:10:57 +0800] "GET /xingrg/javascript/jquery.timers.js HTTP/1.1" 304 -
222.70.180.90 - - [12/Jul/2023:11:10:57 +0800] "GET /xingrg/images/blue/jxLogo.png HTTP/1.1" 304 -
222.70.180.90 - - [12/Jul/2023:11:10:57 +0800] "GET /xingrg/images/blue/navBackgound.jpg HTTP/1.1" 304 -
222.70.180.90 - - [12/Jul/2023:11:10:57 +0800] "GET /xingrg/javascript/jquery_easy_ui/themes/icons/settle_new.png HTTP/1.1" 304 -
222.70.180.90 - - [12/Jul/2023:11:10:57 +0800] "GET /xingrg/all/function/internal_message.html?_=1689131587498&CODE_STATE=count HTTP/1.1" 200 11
222.70.180.90 - - [12/Jul/2023:11:10:57 +0800] "GET /xingrg/javascript/jquery_easy_ui/themes/default/images/tabs_leftarrow.png HTTP/1.1" 304 -
222.70.180.90 - - [12/Jul/2023:11:10:57 +0800] "GET /xingrg/check_reg.html?_=1689131587500 HTTP/1.1" 200 22
222.70.180.90 - - [12/Jul/2023:11:10:57 +0800] "GET /xingrg/javascript/jquery_easy_ui/themes/default/images/panel_tool_collapse.gif HTTP/1.1" 304 -
222.70.180.90 - - [12/Jul/2023:11:10:57 +0800] "GET /xingrg/javascript/jquery_easy_ui/themes/default/images/panel_tool_expand.gif HTTP/1.1" 304 -
222.70.180.90 - - [12/Jul/2023:11:10:57 +0800] "GET /xingrg/images/blue/pingpu.png HTTP/1.1" 304 -
222.70.180.90 - - [12/Jul/2023:11:10:57 +0800] "GET /xingrg/javascript/jquery_easy_ui/themes/default/images/tabs_rightarrow.png HTTP/1.1" 304 -
222.70.180.90 - - [12/Jul/2023:11:10:57 +0800] "POST /xingrg/all/common/load_tree.html?tree=area_rest_tree_json&manage=1 HTTP/1.1" 200 591
222.70.172.54 - - [12/Jul/2023:11:10:57 +0800] "GET /xingrg/check_reg.html?_=1689131467610 HTTP/1.1" 200 22
222.70.180.90 - - [12/Jul/2023:11:10:57 +0800] "GET /xingrg/all/function/internal_message.html?_=1689131455991&CODE_STATE=getMsg HTTP/1.1" 200 27
222.70.180.90 - - [12/Jul/2023:11:10:57 +0800] "POST /xingrg/load_menu.html HTTP/1.1" 200 9959
222.70.172.54 - - [12/Jul/2023:11:10:58 +0800] "GET /xingrg/all/function/internal_message.html?_=1689131467984&CODE_STATE=getMsg HTTP/1.1" 200 27
61.170.233.201 - - [12/Jul/2023:11:10:59 +0800] "GET /xingrg/kc/base/wldb_order_info.html?code=422023071201127 HTTP/1.1" 200 30397
222.70.180.90 - - [12/Jul/2023:11:10:59 +0800] "GET /xingrg/kc/buy/cgsh_order_operate.html?command=get_materiel&rest_code=00111&code=00101006087&supplier_code=00100012&order_time=2023-07-12 HTTP/1.1" 200 409
61.170.233.201 - - [12/Jul/2023:11:10:59 +0800] "GET /xingrg/javascript/easyui/themes/default/validatebox.css HTTP/1.1" 404 1104
61.170.233.201 - - [12/Jul/2023:11:11:00 +0800] "POST /xingrg/kc/base/wldb_order_operate.html HTTP/1.1" 200 2185
58.40.7.146 - - [12/Jul/2023:11:11:01 +0800] "GET /xingrg/all/function/internal_message.html?_=1689131458893&CODE_STATE=getMsg HTTP/1.1" 200 27
222.70.180.90 - - [12/Jul/2023:11:11:01 +0800] "GET /xingrg/kc/report/report_main.html HTTP/1.1" 200 7340
114.83.217.28 - - [12/Jul/2023:11:11:01 +0800] "GET /xingrg/all/function/internal_message.html?_=1689131460910&CODE_STATE=getMsg HTTP/1.1" 200 27
114.83.217.28 - - [12/Jul/2023:11:11:01 +0800] "GET /xingrg/check_reg.html?_=1689131460913 HTTP/1.1" 200 22
222.70.180.90 - - [12/Jul/2023:11:11:02 +0800] "GET /xingrg/kc/base/crk_hz.html HTTP/1.1" 200 11247
222.70.180.90 - - [12/Jul/2023:11:11:02 +0800] "POST /xingrg/kc/cost/cost_operate.html?command=get_base_tree HTTP/1.1" 200 2583
222.70.180.90 - - [12/Jul/2023:11:11:02 +0800] "POST /xingrg/all/common/load_tree.html?tree=materiel_sort_tree_json HTTP/1.1" 200 9500
180.163.28.180 - - [12/Jul/2023:11:11:03 +0800] "GET /xingrg/all/function/internal_message.html?_=1689131395491&CODE_STATE=getMsg HTTP/1.1" 302 -
180.163.28.180 - - [12/Jul/2023:11:11:03 +0800] "GET /xingrg/login.html HTTP/1.1" 200 7641
61.170.233.201 - - [12/Jul/2023:11:11:04 +0800] "GET /xingrg/kc/base/wldb_order_add.html HTTP/1.1" 200 30385
61.170.233.201 - - [12/Jul/2023:11:11:05 +0800] "POST /xingrg/kc/base/wldb_order_operate.html HTTP/1.1" 200 6806
61.170.233.201 - - [12/Jul/2023:11:11:05 +0800] "GET /xingrg/javascript/easyui/themes/default/validatebox.css HTTP/1.1" 404 1104
61.170.233.201 - - [12/Jul/2023:11:11:06 +0800] "POST /xingrg/all/common/load_combo.html?type=base HTTP/1.1" 200 3227
180.169.147.146 - - [12/Jul/2023:11:11:07 +0800] "GET /xingrg/all/function/internal_message.html?_=1689131467104&CODE_STATE=getMsg HTTP/1.1" 200 27
114.89.203.254 - - [12/Jul/2023:11:11:08 +0800] "GET /xingrg/all/function/internal_message.html?_=1689131469122&CODE_STATE=getMsg HTTP/1.1" 200 27
61.170.233.201 - - [12/Jul/2023:11:11:08 +0800] "POST /xingrg/all/common/load_combo.html?type=base HTTP/1.1" 200 3227
222.70.180.90 - - [12/Jul/2023:11:11:10 +0800] "GET /xingrg/kc/buy/cgsh_order_operate.html?command=get_materiel&rest_code=00111&code=00101011005&supplier_code=00100012&order_time=2023-07-12 HTTP/1.1" 200 408
218.81.72.140 - - [12/Jul/2023:11:11:11 +0800] "GET /xingrg/all/function/internal_message.html?_=1689131471224&CODE_STATE=getMsg HTTP/1.1" 302 -
61.170.233.201 - - [12/Jul/2023:11:11:14 +0800] "GET /xingrg/kc/base/wldb_order_operate.html?command=get_materiel&rest_code=00106&base_code=0010397&code=00102002453 HTTP/1.1" 200 433
114.85.113.108 - - [12/Jul/2023:11:11:14 +0800] "GET /xingrg/all/function/internal_message.html?_=1689131468813&CODE_STATE=getMsg HTTP/1.1" 302 -
114.83.219.27 - - [12/Jul/2023:11:11:19 +0800] "GET /xingrg/all/function/internal_message.html?_=1689131598582&CODE_STATE=getMsg HTTP/1.1" 302 -
124.78.70.128 - - [12/Jul/2023:11:11:22 +0800] "GET /xingrg/kc/buy/buy_main.html HTTP/1.1" 200 12412
124.78.70.128 - - [12/Jul/2023:11:11:22 +0800] "GET /xingrg/css/new_ie.css HTTP/1.1" 404 1036
124.78.70.128 - - [12/Jul/2023:11:11:22 +0800] "GET /xingrg/images/blue/button/cgydd.gif HTTP/1.1" 200 2712
124.78.70.128 - - [12/Jul/2023:11:11:22 +0800] "GET /xingrg/images/blue/button/cgshd.gif HTTP/1.1" 200 2618
124.78.70.128 - - [12/Jul/2023:11:11:22 +0800] "GET /xingrg/images/blue/button/cgfkd.gif HTTP/1.1" 200 2075
124.78.70.128 - - [12/Jul/2023:11:11:22 +0800] "GET /xingrg/images/blue/button/ckthd.gif HTTP/1.1" 200 2045
61.170.233.201 - - [12/Jul/2023:11:11:22 +0800] "GET /xingrg/kc/base/wldb_order_operate.html?command=get_materiel&rest_code=00106&base_code=0010397&code=00102002171 HTTP/1.1" 200 434
222.70.180.90 - - [12/Jul/2023:11:11:22 +0800] "GET /xingrg/kc/buy/cgsh_order_operate.html?command=get_materiel&rest_code=00111&code=00101006193&supplier_code=00100012&order_time=2023-07-12 HTTP/1.1" 200 409
124.78.70.128 - - [12/Jul/2023:11:11:24 +0800] "GET /xingrg/kc/buy/cgsh_order_list.html HTTP/1.1" 200 55844
124.78.70.128 - - [12/Jul/2023:11:11:24 +0800] "GET /xingrg/javascript/easyui/themes/icons/check_new.png HTTP/1.1" 200 3224
124.78.70.128 - - [12/Jul/2023:11:11:24 +0800] "GET /xingrg/javascript/easyui/themes/icons/cance_new.png HTTP/1.1" 200 3986
124.78.70.128 - - [12/Jul/2023:11:11:26 +0800] "POST /xingrg/kc/buy/cgsh_list_operate.html HTTP/1.1" 200 986
61.170.233.201 - - [12/Jul/2023:11:11:28 +0800] "GET /xingrg/kc/base/wldb_order_operate.html?command=get_materiel&rest_code=00106&base_code=0010397&code=00102002238 HTTP/1.1" 200 434
222.70.180.90 - - [12/Jul/2023:11:11:33 +0800] "GET /xingrg/kc/buy/cgsh_order_operate.html?command=get_materiel&rest_code=00111&code=00101018011&supplier_code=00100012&order_time=2023-07-12 HTTP/1.1" 200 413
180.169.147.146 - - [12/Jul/2023:11:11:33 +0800] "GET /xingrg/all/function/internal_message.html?_=1689131484739&CODE_STATE=getMsg HTTP/1.1" 302 -
61.170.233.201 - - [12/Jul/2023:11:11:34 +0800] "GET /xingrg/kc/base/wldb_order_operate.html?command=get_materiel&rest_code=00106&base_code=0010397&code=00102002362 HTTP/1.1" 200 433
222.70.114.12 - - [12/Jul/2023:11:11:40 +0800] "GET /xingrg/all/function/internal_message.html?_=1689131505454&CODE_STATE=getMsg HTTP/1.1" 302 -
114.84.31.26 - - [12/Jul/2023:11:11:41 +0800] "GET /xingrg/all/function/internal_message.html?_=1689131501810&CODE_STATE=getMsg HTTP/1.1" 200 27
61.170.233.201 - - [12/Jul/2023:11:11:42 +0800] "POST /xingrg/kc/base/wldb_order_operate.html HTTP/1.1" 200 37
61.170.233.201 - - [12/Jul/2023:11:11:43 +0800] "POST /xingrg/kc/base/wldb_order_operate.html HTTP/1.1" 200 3598
222.70.180.90 - - [12/Jul/2023:11:11:43 +0800] "GET /xingrg/kc/buy/cgsh_order_operate.html?command=get_materiel&rest_code=00111&code=00101006026&supplier_code=00100012&order_time=2023-07-12 HTTP/1.1" 200 409
61.170.233.201 - - [12/Jul/2023:11:11:45 +0800] "GET /xingrg/kc/base/wldb_order_info.html?code=422023071201128 HTTP/1.1" 200 30400
61.170.233.201 - - [12/Jul/2023:11:11:45 +0800] "GET /xingrg/javascript/easyui/themes/default/validatebox.css HTTP/1.1" 404 1104
61.170.233.201 - - [12/Jul/2023:11:11:46 +0800] "POST /xingrg/kc/base/wldb_order_operate.html HTTP/1.1" 200 3598
180.163.29.234 - - [12/Jul/2023:11:11:47 +0800] "GET /xingrg/kc/base/wldb_order_operate.html?command=get_materiel&rest_code=00106&base_code=0010397&code=00102015103 HTTP/1.1" 302 -
180.163.29.234 - - [12/Jul/2023:11:11:47 +0800] "GET /xingrg/login.html HTTP/1.1" 200 7641
222.70.180.90 - - [12/Jul/2023:11:11:55 +0800] "POST /xingrg/kc/buy/cgsh_order_operate.html HTTP/1.1" 200 37
222.70.180.90 - - [12/Jul/2023:11:11:55 +0800] "GET /xingrg/kc/base/crk_hz.html?_=1689131645241&command=get_cost_id&end_date=2023-07-06&start_date=2023-07-06 HTTP/1.1" 200 51
222.70.180.90 - - [12/Jul/2023:11:11:55 +0800] "GET /xingrg/all/report/report_query.html?isQuery=1&onlyBody=1&rh=99999&rw=1800&varString=start:20230706,cost_id:4468,mid:20230701&fileName=kc/base/crk_hz_type_by_small.xml&queryString=%20a.base_code%20in%20('0010037','0010038','0010039','0010040','0010041','0010042','0010043','0010262','0010326','0010331','0010627','0010628','0010680','0010830')%20%20and%20m.sort_code%20in%20('00101001','00101002','00101003','00101004','00101005','00101006','00101007','00101008','00101009','00101010','00101011','00101012','00101013','00101014','00101015','00101016','00101017','00101018','00101019','00101020','00101021','00101022','00101023','00101024','00101025','00101026','00101027','00101028','00101029')%20&queryText=ÈÕÆÚ£º2023-07-06ÖÁ2023-07-06%20²Ö¿â£ºº£ÏʳØ,ÔÁ²Ë,º£ÅÉ,Àä²Ë,ÉÕ±,´ÌÉí,µãÐÄ,Â¥Ãæ,°Ę́,¿¾Ñ¼,¹ûÖ­¿â,²èË®¿â,ôÕ×Ó¿â,ÉÏʲ&tableQueryString=materiel_table$sp1$$sp$before_table$sp1$$sp$crk_table$sp1$order_day%20between%2020230706%20and%2020230706 HTTP/1.1" 200 49956
61.170.233.201 - - [12/Jul/2023:11:11:55 +0800] "GET /xingrg/kc/base/wldb_order_add.html HTTP/1.1" 200 30385
222.70.180.90 - - [12/Jul/2023:11:11:55 +0800] "GET /xingrg/dwr/engine.js HTTP/1.1" 200 43631
222.70.180.90 - - [12/Jul/2023:11:11:55 +0800] "GET /xingrg/dwr/interface/AjaxReportQueryService.js HTTP/1.1" 200 13203
222.70.180.90 - - [12/Jul/2023:11:11:55 +0800] "GET /xingrg/dwr/util.js HTTP/1.1" 200 35990
61.170.233.201 - - [12/Jul/2023:11:11:56 +0800] "POST /xingrg/kc/base/wldb_order_operate.html HTTP/1.1" 200 6806
61.170.233.201 - - [12/Jul/2023:11:11:56 +0800] "GET /xingrg/javascript/easyui/themes/default/validatebox.css HTTP/1.1" 404 1104
124.78.70.128 - - [12/Jul/2023:11:11:56 +0800] "GET /xingrg/all/function/internal_message.html?_=1689130994486&CODE_STATE=getMsg HTTP/1.1" 200 27
222.70.180.90 - - [12/Jul/2023:11:11:57 +0800] "GET /xingrg/all/function/internal_message.html?_=1689131647525&CODE_STATE=getMsg HTTP/1.1" 200 27
222.70.172.54 - - [12/Jul/2023:11:11:58 +0800] "GET /xingrg/all/function/internal_message.html?_=1689131528028&CODE_STATE=getMsg HTTP/1.1" 200 27
61.170.233.201 - - [12/Jul/2023:11:11:58 +0800] "POST /xingrg/all/common/load_combo.html?type=base HTTP/1.1" 200 3227
222.70.180.90 - - [12/Jul/2023:11:12:00 +0800] "POST /xingrg/kc/buy/cgsh_order_operate.html HTTP/1.1" 200 7407
222.70.180.90 - - [12/Jul/2023:11:12:00 +0800] "POST /xingrg/all/report/load_report_page.html HTTP/1.1" 200 763114
222.70.180.90 - - [12/Jul/2023:11:12:00 +0800] "GET /xingrg/servlets/image?cache=0.894178845538177&image=px HTTP/1.1" 200 807
114.83.217.28 - - [12/Jul/2023:11:12:01 +0800] "GET /xingrg/all/function/internal_message.html?_=1689131520910&CODE_STATE=getMsg HTTP/1.1" 200 27
222.70.180.90 - - [12/Jul/2023:11:12:02 +0800] "GET /xingrg/kc/print/load_data.html?order_code=212023071204641&kc_code=cgsh&condition= HTTP/1.1" 200 2580
61.170.233.201 - - [12/Jul/2023:11:12:02 +0800] "POST /xingrg/all/common/load_combo.html?type=base HTTP/1.1" 200 3227
61.170.233.201 - - [12/Jul/2023:11:12:03 +0800] "GET /xingrg/all/function/internal_message.html?_=1689131515498&CODE_STATE=getMsg HTTP/1.1" 200 27
222.70.180.90 - - [12/Jul/2023:11:12:04 +0800] "GET /xingrg/kc/base/crk_hz.html?_=1689131653906&command=get_cost_id&end_date=2023-07-06&start_date=2023-07-06 HTTP/1.1" 200 51
180.169.147.146 - - [12/Jul/2023:11:12:07 +0800] "GET /xingrg/all/function/internal_message.html?_=1689131527104&CODE_STATE=getMsg HTTP/1.1" 200 27
61.170.233.201 - - [12/Jul/2023:11:12:08 +0800] "GET /xingrg/kc/base/wldb_order_operate.html?command=get_materiel&rest_code=00106&base_code=0010397&code=00102002204 HTTP/1.1" 200 448
222.70.180.90 - - [12/Jul/2023:11:12:08 +0800] "GET /xingrg/all/report/report_print.html?isPrint=1&fileName=kc/base/crk_hz_type_by_small.xml&condition=%20a.base_code%20in%20('0010037','0010038','0010039','0010040','0010041','0010042','0010043','0010262','0010326','0010331','0010627','0010628','0010680','0010830')%20%20and%20m.sort_code%20in%20('00101001','00101002','00101003','00101004','00101005','00101006','00101007','00101008','00101009','00101010','00101011','00101012','00101013','00101014','00101015','00101016','00101017','00101018','00101019','00101020','00101021','00101022','00101023','00101024','00101025','00101026','00101027','00101028','00101029')%20&condition_show=ÈÕÆÚ£º2023-07-06ÖÁ2023-07-06%20²Ö¿â£ºº£ÏʳØ,ÔÁ²Ë,º£ÅÉ,Àä²Ë,ÉÕ±,´ÌÉí,µãÐÄ,Â¥Ãæ,°Ę́,¿¾Ñ¼,¹ûÖ­¿â,²èË®¿â,ôÕ×Ó¿â,ÉÏʲ&tableQueryString=materiel_table$sp1$$sp$before_table$sp1$$sp$crk_table$sp1$order_day%20between%2020230706%20and%2020230706&fileType=servlets/xls&varString=start:20230706,cost_id:4468,mid:20230701 HTTP/1.1" 200 38445
114.89.203.254 - - [12/Jul/2023:11:12:08 +0800] "GET /xingrg/all/function/internal_message.html?_=1689131529136&CODE_STATE=getMsg HTTP/1.1" 200 27
124.78.70.128 - - [12/Jul/2023:11:12:10 +0800] "GET /xingrg/javascript/easyui/themes/default/images/button_plain_hover.png HTTP/1.1" 200 144
124.78.70.128 - - [12/Jul/2023:11:12:11 +0800] "GET /xingrg/kc/buy/cgsh_order_add.html HTTP/1.1" 200 71620
124.78.70.128 - - [12/Jul/2023:11:12:11 +0800] "GET /xingrg/javascript/jquery_tools/order_manager.js HTTP/1.1" 200 11183
124.78.70.128 - - [12/Jul/2023:11:12:11 +0800] "GET /xingrg/javascript/json2.js HTTP/1.1" 200 11259
124.78.70.128 - - [12/Jul/2023:11:12:11 +0800] "GET /xingrg/javascript/convert.js HTTP/1.1" 200 1239
124.78.70.128 - - [12/Jul/2023:11:12:11 +0800] "GET /xingrg/javascript/print/kc_print.js HTTP/1.1" 200 11415
218.81.72.140 - - [12/Jul/2023:11:12:11 +0800] "GET /xingrg/all/function/internal_message.html?_=1689131531226&CODE_STATE=getMsg HTTP/1.1" 302 -
124.78.70.128 - - [12/Jul/2023:11:12:11 +0800] "GET /xingrg/words/20230711134310_words.js HTTP/1.1" 200 972159
124.78.70.128 - - [12/Jul/2023:11:12:12 +0800] "GET /xingrg/javascript/easyui/themes/icons/print.png HTTP/1.1" 200 1057
124.78.70.128 - - [12/Jul/2023:11:12:12 +0800] "GET /xingrg/javascript/easyui/themes/icons/ok.png HTTP/1.1" 200 883
124.78.70.128 - - [12/Jul/2023:11:12:12 +0800] "GET /xingrg/javascript/easyui/themes/icons/template_new.png HTTP/1.1" 200 3956
124.78.70.128 - - [12/Jul/2023:11:12:12 +0800] "GET /xingrg/javascript/easyui/themes/icons/copy_new.png HTTP/1.1" 200 815
124.78.70.128 - - [12/Jul/2023:11:12:12 +0800] "GET /xingrg/javascript/easyui/themes/default/images/menu_downarrow.png HTTP/1.1" 200 173
124.78.70.128 - - [12/Jul/2023:11:12:12 +0800] "GET /xingrg/javascript/easyui/themes/icons/cancel.png HTTP/1.1" 200 1133
124.78.70.128 - - [12/Jul/2023:11:12:12 +0800] "POST /xingrg/kc/buy/cgsh_order_operate.html HTTP/1.1" 200 8245
124.78.70.128 - - [12/Jul/2023:11:12:12 +0800] "GET /xingrg/javascript/easyui/themes/default/validatebox.css HTTP/1.1" 404 1104
124.78.70.128 - - [12/Jul/2023:11:12:12 +0800] "GET /xingrg/javascript/easyui/plugins/jquery.validatebox.js HTTP/1.1" 200 6103
124.78.70.128 - - [12/Jul/2023:11:12:12 +0800] "GET /xingrg/all/common/auto_word.html?type=employee&rest_code=00141 HTTP/1.1" 200 201
124.78.70.128 - - [12/Jul/2023:11:12:12 +0800] "GET /xingrg/all/common/auto_word.html?type=employee&rest_code=00141 HTTP/1.1" 200 201
124.78.70.128 - - [12/Jul/2023:11:12:12 +0800] "GET /xingrg/javascript/easyui/plugins/jquery.numberbox.js HTTP/1.1" 200 5213
124.78.70.128 - - [12/Jul/2023:11:12:12 +0800] "GET /xingrg/javascript/easyui/themes/icons/edit_remove.png HTTP/1.1" 200 625
61.170.233.201 - - [12/Jul/2023:11:12:13 +0800] "GET /xingrg/kc/base/wldb_order_operate.html?command=get_materiel&rest_code=00106&base_code=0010397&code=00102002448 HTTP/1.1" 200 440
180.163.28.55 - - [12/Jul/2023:11:12:14 +0800] "GET /xingrg/kc/base/wldb_order_operate.html?command=get_materiel&rest_code=00106&base_code=0010397&code=00102002453 HTTP/1.1" 302 -
180.163.28.55 - - [12/Jul/2023:11:12:14 +0800] "GET /xingrg/login.html HTTP/1.1" 200 7641
124.78.70.128 - - [12/Jul/2023:11:12:16 +0800] "GET /xingrg/javascript/auto/indicator.gif HTTP/1.1" 404 1066
124.78.70.128 - - [12/Jul/2023:11:12:19 +0800] "GET /xingrg/javascript/jquery_tools/images/prev.gif HTTP/1.1" 404 1086
124.78.70.128 - - [12/Jul/2023:11:12:19 +0800] "GET /xingrg/javascript/jquery_tools/images/next.gif HTTP/1.1" 404 1086
114.83.219.27 - - [12/Jul/2023:11:12:19 +0800] "GET /xingrg/all/function/internal_message.html?_=1689131658597&CODE_STATE=getMsg HTTP/1.1" 302 -
61.170.233.201 - - [12/Jul/2023:11:12:20 +0800] "GET /xingrg/kc/base/wldb_order_operate.html?command=get_materiel&rest_code=00106&base_code=0010397&code=00102002347 HTTP/1.1" 200 456
61.170.233.201 - - [12/Jul/2023:11:12:27 +0800] "POST /xingrg/kc/base/wldb_order_operate.html HTTP/1.1" 200 37
61.170.233.201 - - [12/Jul/2023:11:12:28 +0800] "POST /xingrg/kc/base/wldb_order_operate.html HTTP/1.1" 200 3173
180.162.110.162 - - [12/Jul/2023:11:12:29 +0800] "GET /xingrg HTTP/1.1" 302 -
61.170.233.201 - - [12/Jul/2023:11:12:29 +0800] "GET /xingrg/kc/base/wldb_order_info.html?code=422023071201129 HTTP/1.1" 200 30399
61.170.233.201 - - [12/Jul/2023:11:12:30 +0800] "GET /xingrg/javascript/easyui/themes/default/validatebox.css HTTP/1.1" 404 1104
61.170.233.201 - - [12/Jul/2023:11:12:31 +0800] "POST /xingrg/kc/base/wldb_order_operate.html HTTP/1.1" 200 3173
180.162.110.162 - - [12/Jul/2023:11:12:31 +0800] "GET /xingrg/ HTTP/1.1" 304 -
180.169.147.146 - - [12/Jul/2023:11:12:33 +0800] "GET /xingrg/all/function/internal_message.html?_=1689131544723&CODE_STATE=getMsg HTTP/1.1" 302 -
222.70.114.12 - - [12/Jul/2023:11:12:40 +0800] "GET /xingrg/all/function/internal_message.html?_=1689131565444&CODE_STATE=getMsg HTTP/1.1" 302 -
222.70.114.12 - - [12/Jul/2023:11:12:40 +0800] "GET /xingrg/check_reg.html?_=1689131565453 HTTP/1.1" 302 -
180.162.110.162 - - [12/Jul/2023:11:12:40 +0800] "GET /xingrg/index.html HTTP/1.1" 302 -
180.162.110.162 - - [12/Jul/2023:11:12:40 +0800] "GET /favicon.ico HTTP/1.1" 404 -
180.162.110.162 - - [12/Jul/2023:11:12:40 +0800] "GET /xingrg/login.html HTTP/1.1" 200 7641
180.162.110.162 - - [12/Jul/2023:11:12:40 +0800] "GET /xingrg/images/blue/jxLogo.png HTTP/1.1" 304 -
114.84.31.26 - - [12/Jul/2023:11:12:41 +0800] "GET /xingrg/all/function/internal_message.html?_=1689131561813&CODE_STATE=getMsg HTTP/1.1" 200 27
180.162.110.162 - - [12/Jul/2023:11:12:42 +0800] "GET /xingrg/images/blue/login_bg.png HTTP/1.1" 304 -
180.162.110.162 - - [12/Jul/2023:11:12:42 +0800] "GET /xingrg/images/blue/hj.png HTTP/1.1" 304 -
180.162.110.162 - - [12/Jul/2023:11:12:43 +0800] "GET /xingrg/images/blue/srbg.png HTTP/1.1" 304 -
180.162.110.162 - - [12/Jul/2023:11:12:44 +0800] "GET /favicon.ico HTTP/1.1" 404 -
180.163.28.114 - - [12/Jul/2023:11:12:45 +0800] "GET /xingrg/kc/base/wldb_order_info.html?code=422023071201128 HTTP/1.1" 302 -
180.163.28.114 - - [12/Jul/2023:11:12:45 +0800] "GET /xingrg/login.html HTTP/1.1" 200 7641
124.78.70.128 - - [12/Jul/2023:11:12:46 +0800] "GET /xingrg/kc/buy/cgsh_order_operate.html?command=get_materiel&rest_code=00141&code=00101006259&supplier_code=00100004&order_time=2023-07-12 HTTP/1.1" 200 409
124.78.70.128 - - [12/Jul/2023:11:12:56 +0800] "GET /xingrg/all/function/internal_message.html?_=1689131054501&CODE_STATE=getMsg HTTP/1.1" 200 27
222.70.180.90 - - [12/Jul/2023:11:12:57 +0800] "GET /xingrg/all/function/internal_message.html?_=1689131707507&CODE_STATE=getMsg HTTP/1.1" 200 27
222.70.180.90 - - [12/Jul/2023:11:12:57 +0800] "GET /xingrg/check_reg.html?_=1689131576008 HTTP/1.1" 200 22
222.70.180.90 - - [12/Jul/2023:11:12:57 +0800] "GET /xingrg/all/function/internal_message.html?_=1689131576005&CODE_STATE=getMsg HTTP/1.1" 200 27
222.70.172.54 - - [12/Jul/2023:11:12:58 +0800] "GET /xingrg/all/function/internal_message.html?_=1689131588044&CODE_STATE=getMsg HTTP/1.1" 200 27
180.162.110.162 - - [12/Jul/2023:11:13:01 +0800] "POST /xingrg/login.do HTTP/1.1" 302 -
180.162.110.162 - - [12/Jul/2023:11:13:01 +0800] "GET /xingrg/index.html?sysBaseUrl=http%3A%2F%2F180.169.147.146%3A18081%2Fxingrg%2F&costTime=993×tamp=1689131581260 HTTP/1.1" 200 17179
114.95.42.59 - - [12/Jul/2023:11:13:01 +0800] "GET /xingrg/index.html?sysBaseUrl=http%3A%2F%2F180.169.147.146%3A18081%2Fxingrg%2F&costTime=32×tamp=1585224308505 HTTP/1.1" 302 -
114.95.42.59 - - [12/Jul/2023:11:13:01 +0800] "GET /xingrg/login.html HTTP/1.1" 200 7641
180.162.110.162 - - [12/Jul/2023:11:13:01 +0800] "GET /xingrg/javascript/jquery_easy_ui/themes/default/easyui.css HTTP/1.1" 304 -
180.162.110.162 - - [12/Jul/2023:11:13:01 +0800] "GET /xingrg/javascript/jquery_easy_ui/themes/icon.css HTTP/1.1" 304 -
180.162.110.162 - - [12/Jul/2023:11:13:01 +0800] "GET /xingrg/css/form.css HTTP/1.1" 304 -
180.162.110.162 - - [12/Jul/2023:11:13:01 +0800] "GET /xingrg/javascript/jquery-1.4.2.min.js HTTP/1.1" 304 -
180.162.110.162 - - [12/Jul/2023:11:13:01 +0800] "GET /xingrg/javascript/jquery_easy_ui/jquery.easyui.min.js HTTP/1.1" 304 -
180.162.110.162 - - [12/Jul/2023:11:13:01 +0800] "GET /xingrg/javascript/jquery_easy_ui/easyui-lang-zh_CN.js HTTP/1.1" 304 -
180.162.110.162 - - [12/Jul/2023:11:13:01 +0800] "GET /xingrg/javascript/jquery.form.js HTTP/1.1" 304 -
180.162.110.162 - - [12/Jul/2023:11:13:01 +0800] "GET /xingrg/javascript/jquery.timers.js HTTP/1.1" 304 -
180.162.110.162 - - [12/Jul/2023:11:13:01 +0800] "GET /xingrg/javascript/jquery.utils.js HTTP/1.1" 304 -
180.162.110.162 - - [12/Jul/2023:11:13:01 +0800] "GET /favicon.ico HTTP/1.1" 404 -
114.83.217.28 - - [12/Jul/2023:11:13:01 +0800] "GET /xingrg/all/function/internal_message.html?_=1689131580910&CODE_STATE=getMsg HTTP/1.1" 200 27
180.162.110.162 - - [12/Jul/2023:11:13:01 +0800] "GET /xingrg/javascript/jquery_easy_ui/themes/icons/settle_new.png HTTP/1.1" 304 -
180.162.110.162 - - [12/Jul/2023:11:13:01 +0800] "GET /xingrg/images/blue/navBackgound.jpg HTTP/1.1" 304 -
114.95.42.59 - - [12/Jul/2023:11:13:02 +0800] "GET /favicon.ico HTTP/1.1" 404 -
180.162.110.162 - - [12/Jul/2023:11:13:02 +0800] "POST /xingrg/all/common/load_tree.html?tree=area_rest_tree_json&manage=1 HTTP/1.1" 200 351
180.162.110.162 - - [12/Jul/2023:11:13:02 +0800] "GET /xingrg/check_reg.html?_=1689130341345 HTTP/1.1" 200 22
180.162.110.162 - - [12/Jul/2023:11:13:02 +0800] "GET /xingrg/images/blue/pingpu.png HTTP/1.1" 304 -
180.162.110.162 - - [12/Jul/2023:11:13:02 +0800] "GET /xingrg/all/function/internal_message.html?_=1689130341344&CODE_STATE=count HTTP/1.1" 200 11
180.162.110.162 - - [12/Jul/2023:11:13:02 +0800] "GET /xingrg/javascript/jquery_easy_ui/themes/default/images/tabs_leftarrow.png HTTP/1.1" 304 -
180.162.110.162 - - [12/Jul/2023:11:13:02 +0800] "GET /xingrg/javascript/jquery_easy_ui/themes/default/images/panel_tool_collapse.gif HTTP/1.1" 304 -
180.162.110.162 - - [12/Jul/2023:11:13:02 +0800] "GET /xingrg/javascript/jquery_easy_ui/themes/default/images/tabs_rightarrow.png HTTP/1.1" 304 -
180.162.110.162 - - [12/Jul/2023:11:13:03 +0800] "POST /xingrg/load_menu.html HTTP/1.1" 200 5138
61.170.233.201 - - [12/Jul/2023:11:13:03 +0800] "GET /xingrg/check_reg.html?_=1689131575483 HTTP/1.1" 200 22
61.170.233.201 - - [12/Jul/2023:11:13:03 +0800] "GET /xingrg/all/function/internal_message.html?_=1689131575487&CODE_STATE=getMsg HTTP/1.1" 200 27
180.162.110.162 - - [12/Jul/2023:11:13:03 +0800] "GET /xingrg/javascript/jquery_easy_ui/themes/default/images/tree_arrows.gif HTTP/1.1" 304 -
180.162.110.162 - - [12/Jul/2023:11:13:03 +0800] "GET /xingrg/javascript/jquery_easy_ui/themes/default/images/tree_folder_open.gif HTTP/1.1" 304 -
180.162.110.162 - - [12/Jul/2023:11:13:03 +0800] "GET /xingrg/javascript/jquery_easy_ui/themes/icons/search_new.png HTTP/1.1" 304 -
180.162.110.162 - - [12/Jul/2023:11:13:03 +0800] "GET /xingrg/javascript/jquery_easy_ui/themes/default/images/tree_folder.gif HTTP/1.1" 304 -
180.162.110.162 - - [12/Jul/2023:11:13:03 +0800] "GET /xingrg/javascript/jquery_easy_ui/themes/icons/storage_new.png HTTP/1.1" 304 -
180.162.110.162 - - [12/Jul/2023:11:13:03 +0800] "GET /xingrg/javascript/jquery_easy_ui/themes/default/images/tree_file.gif HTTP/1.1" 304 -
180.162.110.162 - - [12/Jul/2023:11:13:03 +0800] "GET /xingrg/javascript/jquery_easy_ui/themes/icons/forms_new.png HTTP/1.1" 304 -
124.78.70.128 - - [12/Jul/2023:11:13:05 +0800] "GET /xingrg/kc/buy/cgsh_order_operate.html?command=get_materiel&rest_code=00141&code=00101007125&supplier_code=00100004&order_time=2023-07-12 HTTP/1.1" 200 406
180.163.30.85 - - [12/Jul/2023:11:13:07 +0800] "GET /xingrg/all/function/internal_message.html?_=1689131527104&CODE_STATE=getMsg HTTP/1.1" 302 -
180.163.30.85 - - [12/Jul/2023:11:13:07 +0800] "GET /xingrg/login.html HTTP/1.1" 200 7641
180.169.147.146 - - [12/Jul/2023:11:13:07 +0800] "GET /xingrg/check_reg.html?_=1689131587106 HTTP/1.1" 200 22
180.169.147.146 - - [12/Jul/2023:11:13:07 +0800] "GET /xingrg/all/function/internal_message.html?_=1689131587110&CODE_STATE=getMsg HTTP/1.1" 200 27
180.163.29.212 - - [12/Jul/2023:11:13:07 +0800] "GET /xingrg/kc/base/wldb_order_operate.html?command=get_materiel&rest_code=00106&base_code=0010397&code=00102002204 HTTP/1.1" 302 -
180.163.29.212 - - [12/Jul/2023:11:13:07 +0800] "GET /xingrg/login.html HTTP/1.1" 200 7641
180.162.110.162 - - [12/Jul/2023:11:13:07 +0800] "GET /xingrg/javascript/jquery_easy_ui/themes/default/images/button_plain_hover.png HTTP/1.1" 304 -
114.89.203.254 - - [12/Jul/2023:11:13:08 +0800] "GET /xingrg/check_reg.html?_=1689131589128 HTTP/1.1" 200 22
114.89.203.254 - - [12/Jul/2023:11:13:08 +0800] "GET /xingrg/all/function/internal_message.html?_=1689131589131&CODE_STATE=getMsg HTTP/1.1" 200 27
218.81.72.140 - - [12/Jul/2023:11:13:11 +0800] "GET /xingrg/all/function/internal_message.html?_=1689131591227&CODE_STATE=getMsg HTTP/1.1" 302 -
218.81.72.140 - - [12/Jul/2023:11:13:11 +0800] "GET /xingrg/check_reg.html?_=1689131591229 HTTP/1.1" 302 -
222.70.180.90 - - [12/Jul/2023:11:13:13 +0800] "GET /xingrg/kc/base/crk_hz.html?_=1689131723168&command=get_cost_id&end_date=2023-07-07&start_date=2023-07-07 HTTP/1.1" 200 51
222.70.180.90 - - [12/Jul/2023:11:13:13 +0800] "GET /xingrg/all/report/report_query.html?isQuery=1&onlyBody=1&rh=99999&rw=1800&varString=start:20230707,cost_id:4468,mid:20230701&fileName=kc/base/crk_hz_type_by_small.xml&queryString=%20a.base_code%20in%20('0010037','0010038','0010039','0010040','0010041','0010042','0010043','0010262','0010326','0010331','0010627','0010628','0010680','0010830')%20%20and%20m.sort_code%20in%20('00101001','00101002','00101003','00101004','00101005','00101006','00101007','00101008','00101009','00101010','00101011','00101012','00101013','00101014','00101015','00101016','00101017','00101018','00101019','00101020','00101021','00101022','00101023','00101024','00101025','00101026','00101027','00101028','00101029')%20&queryText=ÈÕÆÚ£º2023-07-07ÖÁ2023-07-07%20²Ö¿â£ºº£ÏʳØ,ÔÁ²Ë,º£ÅÉ,Àä²Ë,ÉÕ±,´ÌÉí,µãÐÄ,Â¥Ãæ,°Ę́,¿¾Ñ¼,¹ûÖ­¿â,²èË®¿â,ôÕ×Ó¿â,ÉÏʲ&tableQueryString=materiel_table$sp1$$sp$before_table$sp1$$sp$crk_table$sp1$order_day%20between%2020230707%20and%2020230707 HTTP/1.1" 200 49956
222.70.180.90 - - [12/Jul/2023:11:13:13 +0800] "GET /xingrg/dwr/interface/AjaxReportQueryService.js HTTP/1.1" 200 13203
222.70.180.90 - - [12/Jul/2023:11:13:13 +0800] "GET /xingrg/dwr/engine.js HTTP/1.1" 200 43631
114.95.42.59 - - [12/Jul/2023:11:13:18 +0800] "POST /xingrg/login.do HTTP/1.1" 302 -
114.95.42.59 - - [12/Jul/2023:11:13:18 +0800] "GET /xingrg/index.html?sysBaseUrl=http%3A%2F%2F180.169.147.146%3A18081%2Fxingrg%2F&costTime=2504×tamp=1689131598679 HTTP/1.1" 200 17173
114.95.42.59 - - [12/Jul/2023:11:13:18 +0800] "GET /favicon.ico HTTP/1.1" 404 -
114.95.42.59 - - [12/Jul/2023:11:13:19 +0800] "POST /xingrg/all/common/load_tree.html?tree=area_rest_tree_json&manage=1 HTTP/1.1" 200 342
114.95.42.59 - - [12/Jul/2023:11:13:19 +0800] "GET /xingrg/check_reg.html?_=1689131414115 HTTP/1.1" 200 22
114.95.42.59 - - [12/Jul/2023:11:13:19 +0800] "GET /xingrg/all/function/internal_message.html?_=1689131414114&CODE_STATE=count HTTP/1.1" 200 11
114.95.42.59 - - [12/Jul/2023:11:13:19 +0800] "POST /xingrg/load_menu.html HTTP/1.1" 200 5138
222.70.180.90 - - [12/Jul/2023:11:13:19 +0800] "POST /xingrg/all/report/load_report_page.html HTTP/1.1" 200 764942
222.70.180.90 - - [12/Jul/2023:11:13:19 +0800] "GET /xingrg/servlets/image?cache=0.7218766147951134&image=px HTTP/1.1" 200 807
114.83.219.27 - - [12/Jul/2023:11:13:19 +0800] "GET /xingrg/all/function/internal_message.html?_=1689131718587&CODE_STATE=getMsg HTTP/1.1" 302 -
180.162.110.162 - - [12/Jul/2023:11:13:20 +0800] "GET /xingrg/kc/buy/buy_main.html HTTP/1.1" 200 12412
180.162.110.162 - - [12/Jul/2023:11:13:20 +0800] "GET /xingrg/javascript/jquery_easy_ui/themes/default/images/tabs_close.gif HTTP/1.1" 304 -
180.162.110.162 - - [12/Jul/2023:11:13:20 +0800] "GET /xingrg/css/new_ie.css HTTP/1.1" 404 1036
180.162.110.162 - - [12/Jul/2023:11:13:20 +0800] "GET /xingrg/css/blue.css HTTP/1.1" 304 -
