120.253.135.82 - - [12/Jul/2023:09:24:41 +0800] "GET /xingrg/check_reg.html?_=1689124908317 HTTP/1.1" 200 22
114.95.42.59 - - [12/Jul/2023:09:24:42 +0800] "GET /xingrg/all/function/internal_message.html?_=1689124897303&CODE_STATE=getMsg HTTP/1.1" 200 27
58.39.105.90 - - [12/Jul/2023:09:24:46 +0800] "GET /xingrg/all/function/internal_message.html?_=1689125087010&CODE_STATE=getMsg HTTP/1.1" 200 27
58.39.105.90 - - [12/Jul/2023:09:24:46 +0800] "GET /xingrg/check_reg.html?_=1689125087013 HTTP/1.1" 200 22
120.253.135.82 - - [12/Jul/2023:09:24:48 +0800] "GET /xingrg/all/function/internal_message.html?_=1689124915307&CODE_STATE=getMsg HTTP/1.1" 200 27
114.95.42.59 - - [12/Jul/2023:09:24:56 +0800] "GET /xingrg/all/function/internal_message.html?_=1689125097627&CODE_STATE=getMsg HTTP/1.1" 200 27
222.70.172.54 - - [12/Jul/2023:09:24:58 +0800] "GET /xingrg/all/function/internal_message.html?_=1689125108353&CODE_STATE=getMsg HTTP/1.1" 200 27
124.78.70.128 - - [12/Jul/2023:09:25:06 +0800] "GET /xingrg/all/function/internal_message.html?_=1689124584781&CODE_STATE=getMsg HTTP/1.1" 200 27
58.39.105.90 - - [12/Jul/2023:09:25:07 +0800] "POST /xingrg/kc/buy/cgsh_list_operate.html HTTP/1.1" 200 1864
180.163.30.85 - - [12/Jul/2023:09:25:07 +0800] "GET /xingrg/all/function/internal_message.html?_=1689125039867&CODE_STATE=getMsg HTTP/1.1" 302 -
180.163.30.85 - - [12/Jul/2023:09:25:07 +0800] "GET /xingrg/login.html HTTP/1.1" 200 7641
61.170.233.201 - - [12/Jul/2023:09:25:07 +0800] "GET /xingrg/all/function/internal_message.html?_=1689125099853&CODE_STATE=getMsg HTTP/1.1" 200 27
61.170.233.201 - - [12/Jul/2023:09:25:07 +0800] "GET /xingrg/check_reg.html?_=1689125099871 HTTP/1.1" 200 22
114.85.113.108 - - [12/Jul/2023:09:25:12 +0800] "GET /xingrg/all/function/internal_message.html?_=1689125109508&CODE_STATE=getMsg HTTP/1.1" 200 27
114.83.219.27 - - [12/Jul/2023:09:25:20 +0800] "GET /xingrg/all/function/internal_message.html?_=1689125238583&CODE_STATE=getMsg HTTP/1.1" 200 27
222.70.172.54 - - [12/Jul/2023:09:25:21 +0800] "GET /xingrg/kc/buy/cgsh_order_operate.html?command=get_materiel&rest_code=00146&code=00101006178&supplier_code=00100012&order_time=2023-07-12 HTTP/1.1" 200 409
114.85.113.108 - - [12/Jul/2023:09:25:29 +0800] "GET /xingrg/check_reg.html?_=1689125126670 HTTP/1.1" 200 22
114.89.203.254 - - [12/Jul/2023:09:25:32 +0800] "GET /xingrg/all/function/internal_message.html?_=1689125132961&CODE_STATE=getMsg HTTP/1.1" 200 27
114.83.217.28 - - [12/Jul/2023:09:25:35 +0800] "GET /xingrg/all/function/internal_message.html?_=1689125134412&CODE_STATE=getMsg HTTP/1.1" 200 27
114.95.42.59 - - [12/Jul/2023:09:25:42 +0800] "GET /xingrg/all/function/internal_message.html?_=1689124957313&CODE_STATE=getMsg HTTP/1.1" 200 27
58.39.105.90 - - [12/Jul/2023:09:25:46 +0800] "GET /xingrg/all/function/internal_message.html?_=1689125147033&CODE_STATE=getMsg HTTP/1.1" 200 27
222.70.172.54 - - [12/Jul/2023:09:25:48 +0800] "GET /xingrg/kc/buy/cgsh_order_operate.html?command=get_materiel&rest_code=00146&code=00101006111&supplier_code=00100012&order_time=2023-07-12 HTTP/1.1" 200 409
120.253.135.82 - - [12/Jul/2023:09:25:48 +0800] "GET /xingrg/all/function/internal_message.html?_=1689124975320&CODE_STATE=getMsg HTTP/1.1" 200 27
114.95.42.59 - - [12/Jul/2023:09:25:56 +0800] "GET /xingrg/all/function/internal_message.html?_=1689125157616&CODE_STATE=getMsg HTTP/1.1" 200 27
222.70.172.54 - - [12/Jul/2023:09:25:56 +0800] "GET /xingrg/check_reg.html?_=1689125166245 HTTP/1.1" 200 22
114.83.217.28 - - [12/Jul/2023:09:25:57 +0800] "GET /xingrg/kc/buy/cgsh_order_operate.html?command=get_materiel&rest_code=00149&code=00101004051&supplier_code=00100083&order_time=2023-07-12 HTTP/1.1" 200 408
222.70.172.54 - - [12/Jul/2023:09:25:58 +0800] "GET /xingrg/all/function/internal_message.html?_=1689125168367&CODE_STATE=getMsg HTTP/1.1" 200 27
124.78.70.128 - - [12/Jul/2023:09:26:06 +0800] "GET /xingrg/all/function/internal_message.html?_=1689124644765&CODE_STATE=getMsg HTTP/1.1" 200 27
61.170.233.201 - - [12/Jul/2023:09:26:07 +0800] "GET /xingrg/all/function/internal_message.html?_=1689125159867&CODE_STATE=getMsg HTTP/1.1" 200 27
222.70.172.54 - - [12/Jul/2023:09:26:09 +0800] "GET /xingrg/kc/buy/cgsh_order_operate.html?command=get_materiel&rest_code=00146&code=00101006109&supplier_code=00100012&order_time=2023-07-12 HTTP/1.1" 200 409
114.85.113.108 - - [12/Jul/2023:09:26:12 +0800] "GET /xingrg/all/function/internal_message.html?_=1689125169495&CODE_STATE=getMsg HTTP/1.1" 200 27
114.83.219.27 - - [12/Jul/2023:09:26:20 +0800] "GET /xingrg/all/function/internal_message.html?_=1689125298594&CODE_STATE=getMsg HTTP/1.1" 200 27
114.83.217.28 - - [12/Jul/2023:09:26:24 +0800] "POST /xingrg/kc/buy/cgsh_order_operate.html HTTP/1.1" 200 37
222.70.172.54 - - [12/Jul/2023:09:26:26 +0800] "GET /xingrg/kc/buy/cgsh_order_operate.html?command=get_materiel&rest_code=00146&code=00101006193&supplier_code=00100012&order_time=2023-07-12 HTTP/1.1" 200 409
114.89.203.254 - - [12/Jul/2023:09:26:32 +0800] "GET /xingrg/all/function/internal_message.html?_=1689125192962&CODE_STATE=getMsg HTTP/1.1" 200 27
114.83.217.28 - - [12/Jul/2023:09:26:35 +0800] "GET /xingrg/all/function/internal_message.html?_=1689125194414&CODE_STATE=getMsg HTTP/1.1" 200 27
114.83.217.28 - - [12/Jul/2023:09:26:38 +0800] "POST /xingrg/kc/buy/cgsh_order_operate.html HTTP/1.1" 200 12
114.83.217.28 - - [12/Jul/2023:09:26:42 +0800] "GET /xingrg/kc/buy/cgsh_order_info.html?code=212023071204615 HTTP/1.1" 200 66615
114.95.42.59 - - [12/Jul/2023:09:26:42 +0800] "GET /xingrg/all/function/internal_message.html?_=1689125017303&CODE_STATE=getMsg HTTP/1.1" 200 27
114.83.217.28 - - [12/Jul/2023:09:26:42 +0800] "GET /xingrg/javascript/easyui/themes/default/validatebox.css HTTP/1.1" 404 1104
114.83.217.28 - - [12/Jul/2023:09:26:43 +0800] "POST /xingrg/kc/buy/cgsh_order_operate.html HTTP/1.1" 200 606
58.39.105.90 - - [12/Jul/2023:09:26:46 +0800] "GET /xingrg/all/function/internal_message.html?_=1689125207012&CODE_STATE=getMsg HTTP/1.1" 200 27
222.70.172.54 - - [12/Jul/2023:09:26:48 +0800] "GET /xingrg/kc/buy/cgsh_order_operate.html?command=get_materiel&rest_code=00146&code=00101006113&supplier_code=00100012&order_time=2023-07-12 HTTP/1.1" 200 413
120.253.135.82 - - [12/Jul/2023:09:26:49 +0800] "GET /xingrg/all/function/internal_message.html?_=1689125035705&CODE_STATE=getMsg HTTP/1.1" 200 27
114.83.217.28 - - [12/Jul/2023:09:26:49 +0800] "GET /xingrg/kc/print/load_data.html?order_code=212023071204615&kc_code=cgsh&condition= HTTP/1.1" 200 718
114.95.42.59 - - [12/Jul/2023:09:26:50 +0800] "GET /xingrg/kc/buy/cgsh_order_add.html HTTP/1.1" 200 71702
114.95.42.59 - - [12/Jul/2023:09:26:51 +0800] "POST /xingrg/kc/buy/cgsh_order_operate.html HTTP/1.1" 200 8245
114.95.42.59 - - [12/Jul/2023:09:26:51 +0800] "GET /xingrg/javascript/easyui/themes/default/validatebox.css HTTP/1.1" 404 1104
114.95.42.59 - - [12/Jul/2023:09:26:56 +0800] "GET /xingrg/all/function/internal_message.html?_=1689125217677&CODE_STATE=getMsg HTTP/1.1" 200 27
114.95.42.59 - - [12/Jul/2023:09:26:56 +0800] "GET /xingrg/check_reg.html?_=1689125217679 HTTP/1.1" 200 22
222.70.172.54 - - [12/Jul/2023:09:26:58 +0800] "GET /xingrg/all/function/internal_message.html?_=1689125228427&CODE_STATE=getMsg HTTP/1.1" 200 27
114.95.42.59 - - [12/Jul/2023:09:27:01 +0800] "GET /xingrg/kc/buy/cgsh_order_operate.html?command=get_materiel&rest_code=00105&code=00101007052&supplier_code=00100002&order_time=2023-07-12 HTTP/1.1" 200 409
114.83.217.28 - - [12/Jul/2023:09:27:03 +0800] "GET /xingrg/kc/buy/cgsh_order_add.html HTTP/1.1" 200 71708
114.83.217.28 - - [12/Jul/2023:09:27:03 +0800] "POST /xingrg/kc/buy/cgsh_order_operate.html HTTP/1.1" 200 8245
114.83.217.28 - - [12/Jul/2023:09:27:04 +0800] "GET /xingrg/javascript/easyui/themes/default/validatebox.css HTTP/1.1" 404 1104
124.78.70.128 - - [12/Jul/2023:09:27:06 +0800] "GET /xingrg/all/function/internal_message.html?_=1689124704769&CODE_STATE=getMsg HTTP/1.1" 200 27
180.163.29.103 - - [12/Jul/2023:09:27:07 +0800] "GET /xingrg/all/function/internal_message.html?_=1689125159867&CODE_STATE=getMsg HTTP/1.1" 302 -
180.163.29.103 - - [12/Jul/2023:09:27:07 +0800] "GET /xingrg/login.html HTTP/1.1" 200 7641
61.170.233.201 - - [12/Jul/2023:09:27:07 +0800] "GET /xingrg/all/function/internal_message.html?_=1689125219869&CODE_STATE=getMsg HTTP/1.1" 200 27
114.95.42.59 - - [12/Jul/2023:09:27:12 +0800] "GET /xingrg/kc/buy/cgsh_order_operate.html?command=get_materiel&rest_code=00105&code=00101007048&supplier_code=00100002&order_time=2023-07-12 HTTP/1.1" 200 408
222.70.172.54 - - [12/Jul/2023:09:27:12 +0800] "GET /xingrg/kc/buy/cgsh_order_operate.html?command=get_materiel&rest_code=00146&code=00101006039&supplier_code=00100012&order_time=2023-07-12 HTTP/1.1" 200 413
114.85.113.108 - - [12/Jul/2023:09:27:12 +0800] "GET /xingrg/all/function/internal_message.html?_=1689125229469&CODE_STATE=getMsg HTTP/1.1" 200 27
114.83.219.27 - - [12/Jul/2023:09:27:20 +0800] "GET /xingrg/all/function/internal_message.html?_=1689125358590&CODE_STATE=getMsg HTTP/1.1" 200 27
114.89.203.254 - - [12/Jul/2023:09:27:32 +0800] "GET /xingrg/check_reg.html?_=1689125252957 HTTP/1.1" 200 22
114.89.203.254 - - [12/Jul/2023:09:27:32 +0800] "GET /xingrg/all/function/internal_message.html?_=1689125252959&CODE_STATE=getMsg HTTP/1.1" 200 27
222.70.172.54 - - [12/Jul/2023:09:27:34 +0800] "POST /xingrg/kc/buy/cgsh_order_operate.html HTTP/1.1" 200 37
114.83.217.28 - - [12/Jul/2023:09:27:35 +0800] "GET /xingrg/all/function/internal_message.html?_=1689125254425&CODE_STATE=getMsg HTTP/1.1" 200 27
222.70.172.54 - - [12/Jul/2023:09:27:38 +0800] "POST /xingrg/kc/buy/cgsh_order_operate.html HTTP/1.1" 200 10375
114.95.42.59 - - [12/Jul/2023:09:27:42 +0800] "GET /xingrg/all/function/internal_message.html?_=1689125077305&CODE_STATE=getMsg HTTP/1.1" 200 27
222.70.172.54 - - [12/Jul/2023:09:27:45 +0800] "GET /xingrg/kc/print/load_data.html?order_code=212023071204616&kc_code=cgsh&condition= HTTP/1.1" 200 3695
58.39.105.90 - - [12/Jul/2023:09:27:46 +0800] "GET /xingrg/all/function/internal_message.html?_=1689125266999&CODE_STATE=getMsg HTTP/1.1" 200 27
120.253.135.82 - - [12/Jul/2023:09:27:49 +0800] "GET /xingrg/all/function/internal_message.html?_=1689125095707&CODE_STATE=getMsg HTTP/1.1" 200 27
114.95.42.59 - - [12/Jul/2023:09:27:53 +0800] "POST /xingrg/kc/buy/cgsh_order_operate.html HTTP/1.1" 200 37
114.95.42.59 - - [12/Jul/2023:09:27:55 +0800] "POST /xingrg/kc/buy/cgsh_order_operate.html HTTP/1.1" 200 3239
114.95.42.59 - - [12/Jul/2023:09:27:56 +0800] "GET /xingrg/all/function/internal_message.html?_=1689125277638&CODE_STATE=getMsg HTTP/1.1" 200 27
114.95.42.59 - - [12/Jul/2023:09:27:57 +0800] "GET /xingrg/kc/print/load_data.html?order_code=212023071204617&kc_code=cgsh&condition= HTTP/1.1" 200 955
222.70.172.54 - - [12/Jul/2023:09:27:59 +0800] "GET /xingrg/all/function/internal_message.html?_=1689125288607&CODE_STATE=getMsg HTTP/1.1" 200 27
124.78.70.128 - - [12/Jul/2023:09:28:06 +0800] "GET /xingrg/check_reg.html?_=1689124764768 HTTP/1.1" 200 22
124.78.70.128 - - [12/Jul/2023:09:28:06 +0800] "GET /xingrg/all/function/internal_message.html?_=1689124764770&CODE_STATE=getMsg HTTP/1.1" 200 27
61.170.233.201 - - [12/Jul/2023:09:28:07 +0800] "GET /xingrg/all/function/internal_message.html?_=1689125279869&CODE_STATE=getMsg HTTP/1.1" 200 27
222.70.172.54 - - [12/Jul/2023:09:28:10 +0800] "GET /xingrg/kc/buy/cgsh_order_add.html HTTP/1.1" 200 71620
222.70.172.54 - - [12/Jul/2023:09:28:11 +0800] "POST /xingrg/kc/buy/cgsh_order_operate.html HTTP/1.1" 200 8245
222.70.172.54 - - [12/Jul/2023:09:28:11 +0800] "GET /xingrg/javascript/easyui/themes/default/validatebox.css HTTP/1.1" 404 1104
114.85.113.108 - - [12/Jul/2023:09:28:12 +0800] "GET /xingrg/all/function/internal_message.html?_=1689125289453&CODE_STATE=getMsg HTTP/1.1" 200 27
114.83.217.28 - - [12/Jul/2023:09:28:19 +0800] "GET /xingrg/kc/buy/cgsh_order_operate.html?command=get_materiel&rest_code=00149&code=00101020153&supplier_code=00100096&order_time=2023-07-12 HTTP/1.1" 200 408
114.83.219.27 - - [12/Jul/2023:09:28:20 +0800] "GET /xingrg/all/function/internal_message.html?_=1689125418583&CODE_STATE=getMsg HTTP/1.1" 200 27
222.70.172.54 - - [12/Jul/2023:09:28:32 +0800] "GET /xingrg/kc/buy/cgsh_order_operate.html?command=get_materiel&rest_code=00146&code=00101002007&supplier_code=00100199&order_time=2023-07-12 HTTP/1.1" 200 409
114.89.203.254 - - [12/Jul/2023:09:28:32 +0800] "GET /xingrg/all/function/internal_message.html?_=1689125312975&CODE_STATE=getMsg HTTP/1.1" 200 27
114.83.217.28 - - [12/Jul/2023:09:28:35 +0800] "GET /xingrg/check_reg.html?_=1689125314423 HTTP/1.1" 200 22
114.83.217.28 - - [12/Jul/2023:09:28:35 +0800] "GET /xingrg/all/function/internal_message.html?_=1689125314428&CODE_STATE=getMsg HTTP/1.1" 200 27
124.78.70.128 - - [12/Jul/2023:09:28:41 +0800] "GET /xingrg/kc/buy/buy_main.html HTTP/1.1" 200 12412
124.78.70.128 - - [12/Jul/2023:09:28:41 +0800] "GET /xingrg/css/new_ie.css HTTP/1.1" 404 1036
114.95.42.59 - - [12/Jul/2023:09:28:42 +0800] "GET /xingrg/all/function/internal_message.html?_=1689125137315&CODE_STATE=getMsg HTTP/1.1" 200 27
114.95.42.59 - - [12/Jul/2023:09:28:42 +0800] "GET /xingrg/check_reg.html?_=1689125137318 HTTP/1.1" 200 22
124.78.70.128 - - [12/Jul/2023:09:28:42 +0800] "GET /xingrg/images/yd/bt.gif HTTP/1.1" 404 1040
124.78.70.128 - - [12/Jul/2023:09:28:45 +0800] "GET /xingrg/kc/buy/cgsh_order_list.html HTTP/1.1" 200 55844
114.95.42.59 - - [12/Jul/2023:09:28:45 +0800] "GET /xingrg/kc/buy/cgsh_order_add.html HTTP/1.1" 200 71702
114.95.42.59 - - [12/Jul/2023:09:28:46 +0800] "GET /xingrg/javascript/easyui/themes/default/validatebox.css HTTP/1.1" 404 1104
114.95.42.59 - - [12/Jul/2023:09:28:46 +0800] "POST /xingrg/kc/buy/cgsh_order_operate.html HTTP/1.1" 200 8245
58.39.105.90 - - [12/Jul/2023:09:28:46 +0800] "GET /xingrg/all/function/internal_message.html?_=1689125327009&CODE_STATE=getMsg HTTP/1.1" 200 27
114.83.217.28 - - [12/Jul/2023:09:28:47 +0800] "GET /xingrg/kc/buy/cgsh_order_operate.html?command=get_materiel&rest_code=00149&code=00101010092&supplier_code=00100096&order_time=2023-07-12 HTTP/1.1" 200 450
124.78.70.128 - - [12/Jul/2023:09:28:48 +0800] "POST /xingrg/kc/buy/cgsh_list_operate.html HTTP/1.1" 200 986
120.253.135.82 - - [12/Jul/2023:09:28:49 +0800] "GET /xingrg/all/function/internal_message.html?_=1689125156086&CODE_STATE=getMsg HTTP/1.1" 200 27
114.95.42.59 - - [12/Jul/2023:09:28:56 +0800] "GET /xingrg/all/function/internal_message.html?_=1689125337634&CODE_STATE=getMsg HTTP/1.1" 200 27
222.70.172.54 - - [12/Jul/2023:09:28:59 +0800] "GET /xingrg/all/function/internal_message.html?_=1689125348611&CODE_STATE=getMsg HTTP/1.1" 200 27
222.70.172.54 - - [12/Jul/2023:09:28:59 +0800] "GET /xingrg/kc/buy/cgsh_order_operate.html?command=get_materiel&rest_code=00146&code=00101001099&supplier_code=00100199&order_time=2023-07-12 HTTP/1.1" 200 409
114.95.42.59 - - [12/Jul/2023:09:29:00 +0800] "GET /xingrg/kc/buy/cgsh_order_operate.html?command=get_materiel&rest_code=00105&code=00101006129&supplier_code=00100012&order_time=2023-07-12 HTTP/1.1" 200 431
124.78.70.128 - - [12/Jul/2023:09:29:06 +0800] "GET /xingrg/all/function/internal_message.html?_=1689124824789&CODE_STATE=getMsg HTTP/1.1" 200 27
61.170.233.201 - - [12/Jul/2023:09:29:07 +0800] "GET /xingrg/all/function/internal_message.html?_=1689125339868&CODE_STATE=getMsg HTTP/1.1" 200 27
114.85.113.108 - - [12/Jul/2023:09:29:12 +0800] "GET /xingrg/all/function/internal_message.html?_=1689125349438&CODE_STATE=getMsg HTTP/1.1" 200 27
222.70.172.54 - - [12/Jul/2023:09:29:16 +0800] "GET /xingrg/kc/buy/cgsh_order_operate.html?command=get_materiel&rest_code=00146&code=00101004038&supplier_code=00100199&order_time=2023-07-12 HTTP/1.1" 200 428
114.83.219.27 - - [12/Jul/2023:09:29:20 +0800] "GET /xingrg/all/function/internal_message.html?_=1689125478597&CODE_STATE=getMsg HTTP/1.1" 200 27
114.83.219.27 - - [12/Jul/2023:09:29:20 +0800] "GET /xingrg/check_reg.html?_=1689125478598 HTTP/1.1" 200 22
114.95.42.59 - - [12/Jul/2023:09:29:23 +0800] "GET /xingrg/kc/buy/cgsh_order_operate.html?command=get_materiel&rest_code=00105&code=00101006109&supplier_code=00100012&order_time=2023-07-12 HTTP/1.1" 200 409
114.83.217.28 - - [12/Jul/2023:09:29:26 +0800] "GET /xingrg/kc/buy/cgsh_order_operate.html?command=get_materiel&rest_code=00149&code=00101006240&supplier_code=00100096&order_time=2023-07-12 HTTP/1.1" 200 422
61.170.233.201 - - [12/Jul/2023:09:29:31 +0800] "GET /xingrg/kc/buy/cgsh_order_operate.html?command=get_materiel&rest_code=00106&code=00101008223&supplier_code=00100007&order_time=2023-07-12 HTTP/1.1" 200 412
222.70.172.54 - - [12/Jul/2023:09:29:31 +0800] "GET /xingrg/kc/buy/cgsh_order_operate.html?command=get_materiel&rest_code=00146&code=00101004074&supplier_code=00100199&order_time=2023-07-12 HTTP/1.1" 200 406
114.89.203.254 - - [12/Jul/2023:09:29:32 +0800] "GET /xingrg/all/function/internal_message.html?_=1689125372969&CODE_STATE=getMsg HTTP/1.1" 200 27
114.83.217.28 - - [12/Jul/2023:09:29:35 +0800] "GET /xingrg/all/function/internal_message.html?_=1689125374420&CODE_STATE=getMsg HTTP/1.1" 200 27
114.95.42.59 - - [12/Jul/2023:09:29:36 +0800] "GET /xingrg/kc/buy/cgsh_order_operate.html?command=get_materiel&rest_code=00105&code=00101006317&supplier_code=00100012&order_time=2023-07-12 HTTP/1.1" 200 413
120.253.135.82 - - [12/Jul/2023:09:29:41 +0800] "GET /xingrg/check_reg.html?_=1689125208328 HTTP/1.1" 200 22
114.95.42.59 - - [12/Jul/2023:09:29:42 +0800] "GET /xingrg/all/function/internal_message.html?_=1689125197305&CODE_STATE=getMsg HTTP/1.1" 200 27
58.39.105.90 - - [12/Jul/2023:09:29:46 +0800] "GET /xingrg/all/function/internal_message.html?_=1689125386995&CODE_STATE=getMsg HTTP/1.1" 200 27
58.39.105.90 - - [12/Jul/2023:09:29:46 +0800] "GET /xingrg/check_reg.html?_=1689125386996 HTTP/1.1" 200 22
222.70.172.54 - - [12/Jul/2023:09:29:47 +0800] "POST /xingrg/kc/buy/cgsh_order_operate.html HTTP/1.1" 200 37
120.253.135.82 - - [12/Jul/2023:09:29:49 +0800] "GET /xingrg/all/function/internal_message.html?_=1689125216092&CODE_STATE=getMsg HTTP/1.1" 200 27
61.170.233.201 - - [12/Jul/2023:09:29:49 +0800] "GET /xingrg/kc/buy/cgsh_order_operate.html?command=get_materiel&rest_code=00106&code=00101008095&supplier_code=00100007&order_time=2023-07-12 HTTP/1.1" 200 412
114.95.42.59 - - [12/Jul/2023:09:29:49 +0800] "GET /xingrg/kc/buy/cgsh_order_operate.html?command=get_materiel&rest_code=00105&code=00101006062&supplier_code=00100012&order_time=2023-07-12 HTTP/1.1" 200 409
222.70.172.54 - - [12/Jul/2023:09:29:51 +0800] "POST /xingrg/kc/buy/cgsh_order_operate.html HTTP/1.1" 200 4426
222.70.172.54 - - [12/Jul/2023:09:29:54 +0800] "GET /xingrg/kc/print/load_data.html?order_code=212023071204618&kc_code=cgsh&condition= HTTP/1.1" 200 1348
114.95.42.59 - - [12/Jul/2023:09:29:56 +0800] "GET /xingrg/all/function/internal_message.html?_=1689125397634&CODE_STATE=getMsg HTTP/1.1" 200 27
61.170.233.201 - - [12/Jul/2023:09:29:58 +0800] "GET /xingrg/kc/buy/cgsh_order_operate.html?command=get_materiel&rest_code=00106&code=00101008110&supplier_code=00100007&order_time=2023-07-12 HTTP/1.1" 200 408
222.70.172.54 - - [12/Jul/2023:09:29:59 +0800] "GET /xingrg/all/function/internal_message.html?_=1689125408625&CODE_STATE=getMsg HTTP/1.1" 200 27
61.170.233.201 - - [12/Jul/2023:09:30:01 +0800] "POST /xingrg/kc/buy/cgsh_order_operate.html HTTP/1.1" 200 2065
124.78.70.128 - - [12/Jul/2023:09:30:06 +0800] "GET /xingrg/all/function/internal_message.html?_=1689124884775&CODE_STATE=getMsg HTTP/1.1" 200 27
61.170.233.201 - - [12/Jul/2023:09:30:07 +0800] "GET /xingrg/all/function/internal_message.html?_=1689125399880&CODE_STATE=getMsg HTTP/1.1" 200 27
61.170.233.201 - - [12/Jul/2023:09:30:07 +0800] "GET /xingrg/check_reg.html?_=1689125399884 HTTP/1.1" 200 22
114.95.42.59 - - [12/Jul/2023:09:30:07 +0800] "GET /xingrg/kc/buy/cgsh_order_operate.html?command=get_materiel&rest_code=00105&code=00101006040&supplier_code=00100012&order_time=2023-07-12 HTTP/1.1" 200 417
61.170.233.201 - - [12/Jul/2023:09:30:09 +0800] "GET /xingrg/kc/buy/cgsh_order_operate.html?command=get_materiel&rest_code=00106&code=00101008114&supplier_code=00100007&order_time=2023-07-12 HTTP/1.1" 200 412
114.85.113.108 - - [12/Jul/2023:09:30:12 +0800] "GET /xingrg/all/function/internal_message.html?_=1689125409414&CODE_STATE=getMsg HTTP/1.1" 200 27
114.83.217.28 - - [12/Jul/2023:09:30:13 +0800] "POST /xingrg/services/DataTransmitService HTTP/1.1" 401 565
114.83.217.28 - - [12/Jul/2023:09:30:13 +0800] "POST /xingrg/services/DataTransmitService HTTP/1.1" 200 478
114.83.217.28 - - [12/Jul/2023:09:30:13 +0800] "POST /xingrg/services/DataTransmitService HTTP/1.1" 200 1319
114.83.217.28 - - [12/Jul/2023:09:30:13 +0800] "POST /xingrg/services/DataTransmitService HTTP/1.1" 200 478
114.83.217.28 - - [12/Jul/2023:09:30:13 +0800] "POST /xingrg/services/DataTransmitService HTTP/1.1" 200 1319
114.83.217.28 - - [12/Jul/2023:09:30:13 +0800] "POST /xingrg/services/DataTransmitService HTTP/1.1" 200 524
114.83.217.28 - - [12/Jul/2023:09:30:14 +0800] "POST /xingrg/services/DataTransmitService HTTP/1.1" 200 2067
114.83.217.28 - - [12/Jul/2023:09:30:15 +0800] "POST /xingrg/services/DataTransmitService HTTP/1.1" 200 45454
222.70.172.54 - - [12/Jul/2023:09:30:16 +0800] "GET /xingrg/kc/buy/cgsh_order_add.html HTTP/1.1" 200 71620
114.83.217.28 - - [12/Jul/2023:09:30:16 +0800] "POST /xingrg/services/DataTransmitService HTTP/1.1" 200 19237
222.70.172.54 - - [12/Jul/2023:09:30:17 +0800] "POST /xingrg/kc/buy/cgsh_order_operate.html HTTP/1.1" 200 8245
222.70.172.54 - - [12/Jul/2023:09:30:17 +0800] "GET /xingrg/javascript/easyui/themes/default/validatebox.css HTTP/1.1" 404 1104
114.83.219.27 - - [12/Jul/2023:09:30:20 +0800] "GET /xingrg/all/function/internal_message.html?_=1689125538587&CODE_STATE=getMsg HTTP/1.1" 200 27
114.83.217.28 - - [12/Jul/2023:09:30:20 +0800] "POST /xingrg/services/DataTransmitService HTTP/1.1" 200 524
114.95.42.59 - - [12/Jul/2023:09:30:20 +0800] "POST /xingrg/kc/buy/cgsh_order_operate.html HTTP/1.1" 200 37
114.83.217.28 - - [12/Jul/2023:09:30:20 +0800] "POST /xingrg/services/DataTransmitService HTTP/1.1" 200 2067
114.95.42.59 - - [12/Jul/2023:09:30:27 +0800] "POST /xingrg/kc/buy/cgsh_order_operate.html HTTP/1.1" 200 5048
114.85.113.108 - - [12/Jul/2023:09:30:29 +0800] "GET /xingrg/check_reg.html?_=1689125426686 HTTP/1.1" 200 22
222.70.172.54 - - [12/Jul/2023:09:30:32 +0800] "GET /xingrg/kc/buy/cgsh_order_operate.html?command=get_materiel&rest_code=00146&code=00101007022&supplier_code=00100002&order_time=2023-07-12 HTTP/1.1" 200 415
114.89.203.254 - - [12/Jul/2023:09:30:32 +0800] "GET /xingrg/all/function/internal_message.html?_=1689125432970&CODE_STATE=getMsg HTTP/1.1" 200 27
114.83.217.28 - - [12/Jul/2023:09:30:35 +0800] "GET /xingrg/all/function/internal_message.html?_=1689125434433&CODE_STATE=getMsg HTTP/1.1" 200 27
61.170.233.201 - - [12/Jul/2023:09:30:35 +0800] "GET /xingrg/kc/buy/cgsh_order_operate.html?command=get_materiel&rest_code=00106&code=00101008168&supplier_code=00100007&order_time=2023-07-12 HTTP/1.1" 200 413
114.95.42.59 - - [12/Jul/2023:09:30:42 +0800] "GET /xingrg/all/function/internal_message.html?_=1689125257314&CODE_STATE=getMsg HTTP/1.1" 200 27
58.39.105.90 - - [12/Jul/2023:09:30:46 +0800] "GET /xingrg/all/function/internal_message.html?_=1689125446999&CODE_STATE=getMsg HTTP/1.1" 200 27
61.170.233.201 - - [12/Jul/2023:09:30:48 +0800] "GET /xingrg/kc/buy/cgsh_order_operate.html?command=get_materiel&rest_code=00106&code=00101008089&supplier_code=00100007&order_time=2023-07-12 HTTP/1.1" 200 408
120.253.135.82 - - [12/Jul/2023:09:30:49 +0800] "GET /xingrg/all/function/internal_message.html?_=1689125276106&CODE_STATE=getMsg HTTP/1.1" 200 27
114.95.42.59 - - [12/Jul/2023:09:30:56 +0800] "GET /xingrg/all/function/internal_message.html?_=1689125457650&CODE_STATE=getMsg HTTP/1.1" 200 27
222.70.172.54 - - [12/Jul/2023:09:30:56 +0800] "GET /xingrg/check_reg.html?_=1689125466255 HTTP/1.1" 200 22
222.70.172.54 - - [12/Jul/2023:09:30:59 +0800] "GET /xingrg/all/function/internal_message.html?_=1689125468639&CODE_STATE=getMsg HTTP/1.1" 200 27
180.163.30.100 - - [12/Jul/2023:09:31:04 +0800] "GET /xingrg/kc/buy/cgsh_order_operate.html?command=get_materiel&rest_code=00106&code=00101008114&supplier_code=00100007&order_time=2023-07-12 HTTP/1.1" 302 -
180.163.30.100 - - [12/Jul/2023:09:31:04 +0800] "GET /xingrg/login.html HTTP/1.1" 200 7641
124.78.70.128 - - [12/Jul/2023:09:31:06 +0800] "GET /xingrg/all/function/internal_message.html?_=1689124944779&CODE_STATE=getMsg HTTP/1.1" 200 27
180.163.29.219 - - [12/Jul/2023:09:31:07 +0800] "GET /xingrg/check_reg.html?_=1689125399884 HTTP/1.1" 302 -
180.163.29.234 - - [12/Jul/2023:09:31:07 +0800] "GET /xingrg/all/function/internal_message.html?_=1689125399880&CODE_STATE=getMsg HTTP/1.1" 302 -
180.163.29.234 - - [12/Jul/2023:09:31:07 +0800] "GET /xingrg/login.html HTTP/1.1" 200 7641
180.163.29.219 - - [12/Jul/2023:09:31:07 +0800] "GET /xingrg/login.html HTTP/1.1" 200 7641
61.170.233.201 - - [12/Jul/2023:09:31:07 +0800] "GET /xingrg/all/function/internal_message.html?_=1689125459869&CODE_STATE=getMsg HTTP/1.1" 200 27
61.170.233.201 - - [12/Jul/2023:09:31:10 +0800] "GET /xingrg/kc/buy/cgsh_order_operate.html?command=get_materiel&rest_code=00106&code=00101008041&supplier_code=00100007&order_time=2023-07-12 HTTP/1.1" 200 408
114.85.113.108 - - [12/Jul/2023:09:31:12 +0800] "GET /xingrg/all/function/internal_message.html?_=1689125469384&CODE_STATE=getMsg HTTP/1.1" 200 27
222.70.172.54 - - [12/Jul/2023:09:31:15 +0800] "GET /xingrg/kc/buy/cgsh_order_operate.html?command=get_materiel&rest_code=00146&code=00101007090&supplier_code=00100002&order_time=2023-07-12 HTTP/1.1" 200 413
114.83.219.27 - - [12/Jul/2023:09:31:20 +0800] "GET /xingrg/all/function/internal_message.html?_=1689125598603&CODE_STATE=getMsg HTTP/1.1" 200 27
61.170.233.201 - - [12/Jul/2023:09:31:24 +0800] "POST /xingrg/kc/buy/cgsh_order_operate.html HTTP/1.1" 200 37
180.169.147.146 - - [12/Jul/2023:09:31:30 +0800] "GET /favicon.ico HTTP/1.1" 404 -
114.89.203.254 - - [12/Jul/2023:09:31:32 +0800] "GET /xingrg/all/function/internal_message.html?_=1689125492972&CODE_STATE=getMsg HTTP/1.1" 200 27
222.70.172.54 - - [12/Jul/2023:09:31:33 +0800] "GET /xingrg/kc/buy/cgsh_order_operate.html?command=get_materiel&rest_code=00146&code=00101007081&supplier_code=00100002&order_time=2023-07-12 HTTP/1.1" 200 413
114.83.217.28 - - [12/Jul/2023:09:31:35 +0800] "GET /xingrg/all/function/internal_message.html?_=1689125494415&CODE_STATE=getMsg HTTP/1.1" 200 27
114.95.42.59 - - [12/Jul/2023:09:31:42 +0800] "GET /xingrg/all/function/internal_message.html?_=1689125317368&CODE_STATE=getMsg HTTP/1.1" 200 27
222.70.172.54 - - [12/Jul/2023:09:31:43 +0800] "GET /xingrg/kc/buy/cgsh_order_operate.html?command=get_materiel&rest_code=00146&code=00101007049&supplier_code=00100002&order_time=2023-07-12 HTTP/1.1" 200 409
58.39.105.90 - - [12/Jul/2023:09:31:46 +0800] "GET /xingrg/all/function/internal_message.html?_=1689125507006&CODE_STATE=getMsg HTTP/1.1" 200 27
120.253.135.82 - - [12/Jul/2023:09:31:49 +0800] "GET /xingrg/all/function/internal_message.html?_=1689125336329&CODE_STATE=getMsg HTTP/1.1" 200 27
114.95.42.59 - - [12/Jul/2023:09:31:56 +0800] "GET /xingrg/all/function/internal_message.html?_=1689125517645&CODE_STATE=getMsg HTTP/1.1" 200 27
114.95.42.59 - - [12/Jul/2023:09:31:56 +0800] "GET /xingrg/check_reg.html?_=1689125517662 HTTP/1.1" 200 22
222.70.172.54 - - [12/Jul/2023:09:31:58 +0800] "POST /xingrg/kc/buy/cgsh_order_operate.html HTTP/1.1" 200 37
58.39.105.90 - - [12/Jul/2023:09:31:58 +0800] "POST /xingrg/kc/buy/cgsh_list_operate.html HTTP/1.1" 200 4
180.165.154.167 - - [12/Jul/2023:09:32:01 +0800] "GET /favicon.ico HTTP/1.1" 404 -
222.70.172.54 - - [12/Jul/2023:09:32:03 +0800] "POST /xingrg/kc/buy/cgsh_order_operate.html HTTP/1.1" 200 4430
124.78.70.128 - - [12/Jul/2023:09:32:06 +0800] "GET /xingrg/all/function/internal_message.html?_=1689125004791&CODE_STATE=getMsg HTTP/1.1" 200 27
180.165.154.167 - - [12/Jul/2023:09:32:09 +0800] "GET /xingrg/login.html HTTP/1.1" 200 7641
180.165.154.167 - - [12/Jul/2023:09:32:09 +0800] "GET /favicon.ico HTTP/1.1" 404 -
114.85.113.108 - - [12/Jul/2023:09:32:12 +0800] "GET /xingrg/all/function/internal_message.html?_=1689125529384&CODE_STATE=getMsg HTTP/1.1" 200 27
180.165.154.167 - - [12/Jul/2023:09:32:12 +0800] "POST /xingrg/login.do HTTP/1.1" 302 -
180.165.154.167 - - [12/Jul/2023:09:32:12 +0800] "GET /xingrg/index.html?sysBaseUrl=http%3A%2F%2F180.169.147.146%3A18081%2Fxingrg%2F&costTime=1527×tamp=1689125532708 HTTP/1.1" 200 17183
180.165.154.167 - - [12/Jul/2023:09:32:12 +0800] "GET /favicon.ico HTTP/1.1" 404 -
180.165.154.167 - - [12/Jul/2023:09:32:13 +0800] "GET /xingrg/all/function/internal_message.html?_=1689125531696&CODE_STATE=count HTTP/1.1" 200 11
180.165.154.167 - - [12/Jul/2023:09:32:13 +0800] "GET /xingrg/check_reg.html?_=1689125531696 HTTP/1.1" 200 22
180.165.154.167 - - [12/Jul/2023:09:32:13 +0800] "POST /xingrg/all/common/load_tree.html?tree=area_rest_tree_json&manage=1 HTTP/1.1" 200 357
180.165.154.167 - - [12/Jul/2023:09:32:13 +0800] "POST /xingrg/load_menu.html HTTP/1.1" 200 5138
222.70.172.54 - - [12/Jul/2023:09:32:17 +0800] "GET /xingrg/all/function/internal_message.html?_=1689125547189&CODE_STATE=getMsg HTTP/1.1" 200 27
114.83.219.27 - - [12/Jul/2023:09:32:20 +0800] "GET /xingrg/all/function/internal_message.html?_=1689125658597&CODE_STATE=getMsg HTTP/1.1" 200 27
58.39.105.90 - - [12/Jul/2023:09:32:21 +0800] "POST /xingrg/kc/buy/cgsh_list_operate.html HTTP/1.1" 200 986
222.70.172.54 - - [12/Jul/2023:09:32:21 +0800] "GET /xingrg/kc/print/load_data.html?order_code=212023071204620&kc_code=cgsh&condition= HTTP/1.1" 200 1425
58.39.105.90 - - [12/Jul/2023:09:32:28 +0800] "GET /xingrg/kc/buy/cgsh_order_add.html HTTP/1.1" 200 70743
58.39.105.90 - - [12/Jul/2023:09:32:29 +0800] "POST /xingrg/kc/buy/cgsh_order_operate.html HTTP/1.1" 200 8245
58.39.105.90 - - [12/Jul/2023:09:32:29 +0800] "GET /xingrg/javascript/easyui/themes/default/validatebox.css HTTP/1.1" 404 1104
114.89.203.254 - - [12/Jul/2023:09:32:32 +0800] "GET /xingrg/check_reg.html?_=1689125552967 HTTP/1.1" 200 22
114.89.203.254 - - [12/Jul/2023:09:32:32 +0800] "GET /xingrg/all/function/internal_message.html?_=1689125552968&CODE_STATE=getMsg HTTP/1.1" 200 27
180.165.154.167 - - [12/Jul/2023:09:32:32 +0800] "GET /xingrg/kc/buy/buy_main.html HTTP/1.1" 200 12412
180.165.154.167 - - [12/Jul/2023:09:32:32 +0800] "GET /xingrg/css/new_ie.css HTTP/1.1" 404 1036
180.165.154.167 - - [12/Jul/2023:09:32:32 +0800] "GET /xingrg/javascript/ToolTips.js HTTP/1.1" 200 5615
180.165.154.167 - - [12/Jul/2023:09:32:32 +0800] "GET /xingrg/javascript/jquery_ui/jquery-ui.min.js HTTP/1.1" 200 186181
180.165.154.167 - - [12/Jul/2023:09:32:32 +0800] "GET /xingrg/images/blue/button/cgydd.gif HTTP/1.1" 200 2712
180.165.154.167 - - [12/Jul/2023:09:32:32 +0800] "GET /xingrg/images/blue/button/cgxqd.gif HTTP/1.1" 200 2619
180.165.154.167 - - [12/Jul/2023:09:32:32 +0800] "GET /xingrg/images/blue/button/cgshd.gif HTTP/1.1" 200 2618
180.165.154.167 - - [12/Jul/2023:09:32:32 +0800] "GET /xingrg/images/blue/button/cgfkd.gif HTTP/1.1" 200 2075
180.165.154.167 - - [12/Jul/2023:09:32:32 +0800] "GET /xingrg/images/blue/button/kc.gif HTTP/1.1" 200 2160
180.165.154.167 - - [12/Jul/2023:09:32:32 +0800] "GET /xingrg/images/blue/button/ckthd.gif HTTP/1.1" 200 2045
180.165.154.167 - - [12/Jul/2023:09:32:32 +0800] "GET /xingrg/images/blue/pic_form2.gif HTTP/1.1" 200 1853
180.165.154.167 - - [12/Jul/2023:09:32:32 +0800] "GET /xingrg/javascript/jquery_ui/themes/humanity/images/ui-bg_inset-soft_100_f4f0ec_1x100.png HTTP/1.1" 200 141
180.165.154.167 - - [12/Jul/2023:09:32:32 +0800] "GET /xingrg/images/blue/bg_dotted.jpg HTTP/1.1" 200 319
180.165.154.167 - - [12/Jul/2023:09:32:32 +0800] "GET /xingrg/images/blue/button/right_ah.jpg HTTP/1.1" 200 1744
180.165.154.167 - - [12/Jul/2023:09:32:32 +0800] "GET /xingrg/images/blue/button/down_ah.jpg HTTP/1.1" 200 1732
180.165.154.167 - - [12/Jul/2023:09:32:32 +0800] "GET /xingrg/javascript/jquery_ui/themes/humanity/images/ui-iconsnew.jpg HTTP/1.1" 200 337
180.165.154.167 - - [12/Jul/2023:09:32:32 +0800] "GET /xingrg/javascript/jquery_ui/themes/humanity/images/ui-icons_ffffff_256x240.png HTTP/1.1" 200 4369
180.165.154.167 - - [12/Jul/2023:09:32:32 +0800] "GET /xingrg/javascript/jquery_ui/themes/humanity/images/ui-icons_c47a23_256x240.png HTTP/1.1" 200 5355
180.165.154.167 - - [12/Jul/2023:09:32:32 +0800] "GET /xingrg/javascript/jquery_ui/themes/humanity/images/ui-bg_glass_70_ede4d4_1x400.png HTTP/1.1" 200 161
180.165.154.167 - - [12/Jul/2023:09:32:33 +0800] "GET /xingrg/images/yd/bt.gif HTTP/1.1" 404 1040
114.83.217.28 - - [12/Jul/2023:09:32:35 +0800] "GET /xingrg/all/function/internal_message.html?_=1689125554411&CODE_STATE=getMsg HTTP/1.1" 200 27
180.165.154.167 - - [12/Jul/2023:09:32:36 +0800] "GET /xingrg/index.html?sysBaseUrl=http%3A%2F%2F180.169.147.146%3A18081%2Fxingrg%2F&costTime=1527×tamp=1689125532708 HTTP/1.1" 200 17183
180.165.154.167 - - [12/Jul/2023:09:32:36 +0800] "GET /xingrg/check_reg.html?_=1689125555096 HTTP/1.1" 200 22
180.165.154.167 - - [12/Jul/2023:09:32:36 +0800] "GET /xingrg/all/function/internal_message.html?_=1689125555095&CODE_STATE=count HTTP/1.1" 200 11
180.165.154.167 - - [12/Jul/2023:09:32:36 +0800] "GET /favicon.ico HTTP/1.1" 404 -
180.165.154.167 - - [12/Jul/2023:09:32:36 +0800] "POST /xingrg/all/common/load_tree.html?tree=area_rest_tree_json&manage=1 HTTP/1.1" 200 357
180.165.154.167 - - [12/Jul/2023:09:32:36 +0800] "GET /xingrg/javascript/jquery_easy_ui/themes/icons/area.png HTTP/1.1" 200 262
180.165.154.167 - - [12/Jul/2023:09:32:36 +0800] "GET /xingrg/javascript/jquery_easy_ui/themes/icons/rest.png HTTP/1.1" 200 695
180.165.154.167 - - [12/Jul/2023:09:32:36 +0800] "POST /xingrg/load_menu.html HTTP/1.1" 200 5138
180.165.154.167 - - [12/Jul/2023:09:32:38 +0800] "GET /xingrg/kc/buy/buy_main.html HTTP/1.1" 200 12412
180.165.154.167 - - [12/Jul/2023:09:32:38 +0800] "GET /xingrg/css/new_ie.css HTTP/1.1" 404 1036
180.165.154.167 - - [12/Jul/2023:09:32:38 +0800] "GET /xingrg/kc/buy/buy_main.html HTTP/1.1" 200 12412
180.165.154.167 - - [12/Jul/2023:09:32:38 +0800] "GET /xingrg/css/new_ie.css HTTP/1.1" 404 1036
180.165.154.167 - - [12/Jul/2023:09:32:39 +0800] "GET /xingrg/images/yd/bt.gif HTTP/1.1" 404 1040
180.165.154.167 - - [12/Jul/2023:09:32:40 +0800] "GET /xingrg/kc/buy/cgsh_order_list.html HTTP/1.1" 200 55848
114.95.42.59 - - [12/Jul/2023:09:32:42 +0800] "GET /xingrg/all/function/internal_message.html?_=1689125377315&CODE_STATE=getMsg HTTP/1.1" 200 27
58.39.105.90 - - [12/Jul/2023:09:32:46 +0800] "GET /xingrg/all/function/internal_message.html?_=1689125566997&CODE_STATE=getMsg HTTP/1.1" 200 27
114.83.217.28 - - [12/Jul/2023:09:32:46 +0800] "GET /xingrg/kc/buy/cgsh_order_operate.html?command=get_materiel&rest_code=00149&code=00101006168&supplier_code=00100096&order_time=2023-07-12 HTTP/1.1" 200 423
180.165.154.167 - - [12/Jul/2023:09:32:47 +0800] "POST /xingrg/kc/buy/cgsh_list_operate.html HTTP/1.1" 200 6064
120.253.135.82 - - [12/Jul/2023:09:32:49 +0800] "GET /xingrg/all/function/internal_message.html?_=1689125396335&CODE_STATE=getMsg HTTP/1.1" 200 27
180.165.154.167 - - [12/Jul/2023:09:32:55 +0800] "GET /xingrg/kc/buy/cgsh_order_add.html HTTP/1.1" 200 71712
180.165.154.167 - - [12/Jul/2023:09:32:55 +0800] "GET /xingrg/words/20230711134310_words.js HTTP/1.1" 200 972159
180.165.154.167 - - [12/Jul/2023:09:32:55 +0800] "POST /xingrg/kc/buy/cgsh_order_operate.html HTTP/1.1" 200 8245
180.165.154.167 - - [12/Jul/2023:09:32:55 +0800] "GET /xingrg/javascript/easyui/themes/default/validatebox.css HTTP/1.1" 404 1104
180.165.154.167 - - [12/Jul/2023:09:32:55 +0800] "GET /xingrg/all/common/auto_word.html?type=employee&rest_code=00108 HTTP/1.1" 200 101
180.165.154.167 - - [12/Jul/2023:09:32:55 +0800] "GET /xingrg/all/common/auto_word.html?type=employee&rest_code=00108 HTTP/1.1" 200 101
58.39.105.90 - - [12/Jul/2023:09:32:55 +0800] "GET /xingrg/kc/buy/cgsh_order_operate.html?command=get_materiel&rest_code=00157&code=00101011001&supplier_code=00100047&order_time=2023-07-10 HTTP/1.1" 200 423
114.95.42.59 - - [12/Jul/2023:09:32:56 +0800] "GET /xingrg/all/function/internal_message.html?_=1689125577641&CODE_STATE=getMsg HTTP/1.1" 200 27
124.78.70.128 - - [12/Jul/2023:09:33:06 +0800] "GET /xingrg/check_reg.html?_=1689125064777 HTTP/1.1" 200 22
124.78.70.128 - - [12/Jul/2023:09:33:06 +0800] "GET /xingrg/all/function/internal_message.html?_=1689125064779&CODE_STATE=getMsg HTTP/1.1" 200 27
58.39.105.90 - - [12/Jul/2023:09:33:08 +0800] "POST /xingrg/kc/buy/cgsh_order_operate.html HTTP/1.1" 200 37
58.39.105.90 - - [12/Jul/2023:09:33:12 +0800] "POST /xingrg/kc/buy/cgsh_order_operate.html HTTP/1.1" 200 2666
180.169.147.146 - - [12/Jul/2023:09:33:12 +0800] "GET /favicon.ico HTTP/1.1" 404 -
114.85.113.108 - - [12/Jul/2023:09:33:12 +0800] "GET /xingrg/all/function/internal_message.html?_=1689125589369&CODE_STATE=getMsg HTTP/1.1" 200 27
58.39.105.90 - - [12/Jul/2023:09:33:14 +0800] "GET /xingrg/kc/print/load_data.html?order_code=212023071204621&kc_code=cgsh&condition= HTTP/1.1" 200 730
180.165.154.167 - - [12/Jul/2023:09:33:17 +0800] "GET /xingrg/javascript/auto/indicator.gif HTTP/1.1" 404 1066
222.70.172.54 - - [12/Jul/2023:09:33:17 +0800] "GET /xingrg/all/function/internal_message.html?_=1689125607396&CODE_STATE=getMsg HTTP/1.1" 200 27
58.39.105.90 - - [12/Jul/2023:09:33:18 +0800] "GET /xingrg/kc/buy/cgsh_order_add.html HTTP/1.1" 200 70743
58.39.105.90 - - [12/Jul/2023:09:33:19 +0800] "POST /xingrg/kc/buy/cgsh_order_operate.html HTTP/1.1" 200 8245
58.39.105.90 - - [12/Jul/2023:09:33:19 +0800] "GET /xingrg/javascript/easyui/themes/default/validatebox.css HTTP/1.1" 404 1104
114.83.219.27 - - [12/Jul/2023:09:33:20 +0800] "GET /xingrg/all/function/internal_message.html?_=1689125718585&CODE_STATE=getMsg HTTP/1.1" 200 27
114.83.217.28 - - [12/Jul/2023:09:33:29 +0800] "GET /xingrg/kc/buy/cgsh_order_operate.html?command=get_materiel&rest_code=00149&code=00101006057&supplier_code=00100096&order_time=2023-07-12 HTTP/1.1" 200 414
180.165.154.167 - - [12/Jul/2023:09:33:31 +0800] "GET /xingrg/javascript/jquery_tools/images/next.gif HTTP/1.1" 404 1086
180.165.154.167 - - [12/Jul/2023:09:33:31 +0800] "GET /xingrg/javascript/jquery_tools/images/prev.gif HTTP/1.1" 404 1086
58.39.105.90 - - [12/Jul/2023:09:33:32 +0800] "GET /xingrg/kc/buy/cgsh_order_operate.html?command=get_materiel&rest_code=00157&code=00101006177&supplier_code=00100612&order_time=2023-07-10 HTTP/1.1" 200 408
114.89.203.254 - - [12/Jul/2023:09:33:32 +0800] "GET /xingrg/all/function/internal_message.html?_=1689125612969&CODE_STATE=getMsg HTTP/1.1" 200 27
114.83.217.28 - - [12/Jul/2023:09:33:35 +0800] "GET /xingrg/check_reg.html?_=1689125614428 HTTP/1.1" 200 22
114.83.217.28 - - [12/Jul/2023:09:33:35 +0800] "GET /xingrg/all/function/internal_message.html?_=1689125614410&CODE_STATE=getMsg HTTP/1.1" 200 27
180.165.154.167 - - [12/Jul/2023:09:33:36 +0800] "GET /xingrg/all/function/internal_message.html?_=1689125615115&CODE_STATE=getMsg HTTP/1.1" 200 27
114.95.42.59 - - [12/Jul/2023:09:33:42 +0800] "GET /xingrg/all/function/internal_message.html?_=1689125437302&CODE_STATE=getMsg HTTP/1.1" 200 27
114.95.42.59 - - [12/Jul/2023:09:33:42 +0800] "GET /xingrg/check_reg.html?_=1689125437305 HTTP/1.1" 200 22
58.39.105.90 - - [12/Jul/2023:09:33:42 +0800] "GET /xingrg/kc/buy/cgsh_order_operate.html?command=get_materiel&rest_code=00157&code=00101006184&supplier_code=00100612&order_time=2023-07-10 HTTP/1.1" 200 408
180.165.154.167 - - [12/Jul/2023:09:33:44 +0800] "GET /xingrg/kc/buy/cgsh_order_operate.html?command=get_materiel&rest_code=00108&code=00101009015&supplier_code=00100593&order_time=2023-07-12 HTTP/1.1" 200 416
58.39.105.90 - - [12/Jul/2023:09:33:46 +0800] "GET /xingrg/all/function/internal_message.html?_=1689125626999&CODE_STATE=getMsg HTTP/1.1" 200 27
120.253.135.82 - - [12/Jul/2023:09:33:50 +0800] "GET /xingrg/all/function/internal_message.html?_=1689125456691&CODE_STATE=getMsg HTTP/1.1" 200 27
114.95.42.59 - - [12/Jul/2023:09:33:56 +0800] "GET /xingrg/all/function/internal_message.html?_=1689125637639&CODE_STATE=getMsg HTTP/1.1" 200 27
180.169.147.146 - - [12/Jul/2023:09:34:02 +0800] "GET /xingrg/kc/buy/buy_main.html HTTP/1.1" 302 -
180.169.147.146 - - [12/Jul/2023:09:34:02 +0800] "GET /xingrg/login.html HTTP/1.1" 200 7641
180.169.147.146 - - [12/Jul/2023:09:34:02 +0800] "GET /xingrg/login.html HTTP/1.1" 200 7641
58.39.105.90 - - [12/Jul/2023:09:34:04 +0800] "GET /xingrg/kc/buy/cgsh_order_operate.html?command=get_materiel&rest_code=00157&code=00101006109&supplier_code=00100612&order_time=2023-07-10 HTTP/1.1" 200 409
124.78.70.128 - - [12/Jul/2023:09:34:06 +0800] "GET /xingrg/all/function/internal_message.html?_=1689125124786&CODE_STATE=getMsg HTTP/1.1" 200 27
180.169.147.146 - - [12/Jul/2023:09:34:08 +0800] "GET /favicon.ico HTTP/1.1" 404 -
114.85.113.108 - - [12/Jul/2023:09:34:12 +0800] "GET /xingrg/all/function/internal_message.html?_=1689125649353&CODE_STATE=getMsg HTTP/1.1" 200 27
180.169.147.146 - - [12/Jul/2023:09:34:13 +0800] "POST /xingrg/login.do HTTP/1.1" 302 -
180.169.147.146 - - [12/Jul/2023:09:34:13 +0800] "GET /xingrg/index.html?sysBaseUrl=http%3A%2F%2F180.169.147.146%3A18081%2Fxingrg%2F&costTime=1547×tamp=1689125653331 HTTP/1.1" 200 17179
180.169.147.146 - - [12/Jul/2023:09:34:13 +0800] "GET /favicon.ico HTTP/1.1" 404 -
180.169.147.146 - - [12/Jul/2023:09:34:13 +0800] "GET /xingrg/check_reg.html?_=1689125644887 HTTP/1.1" 200 22
180.169.147.146 - - [12/Jul/2023:09:34:13 +0800] "GET /xingrg/all/function/internal_message.html?_=1689125644886&CODE_STATE=count HTTP/1.1" 200 11
180.169.147.146 - - [12/Jul/2023:09:34:13 +0800] "POST /xingrg/all/common/load_tree.html?tree=area_rest_tree_json&manage=1 HTTP/1.1" 200 351
58.39.105.90 - - [12/Jul/2023:09:34:13 +0800] "GET /xingrg/kc/buy/cgsh_order_operate.html?command=get_materiel&rest_code=00157&code=00101006193&supplier_code=00100612&order_time=2023-07-10 HTTP/1.1" 200 409
180.169.147.146 - - [12/Jul/2023:09:34:13 +0800] "POST /xingrg/load_menu.html HTTP/1.1" 200 5138
222.70.172.54 - - [12/Jul/2023:09:34:17 +0800] "GET /xingrg/all/function/internal_message.html?_=1689125667398&CODE_STATE=getMsg HTTP/1.1" 200 27
114.83.219.27 - - [12/Jul/2023:09:34:20 +0800] "GET /xingrg/all/function/internal_message.html?_=1689125778590&CODE_STATE=getMsg HTTP/1.1" 200 27
114.83.219.27 - - [12/Jul/2023:09:34:20 +0800] "GET /xingrg/check_reg.html?_=1689125778592 HTTP/1.1" 200 22
58.39.105.90 - - [12/Jul/2023:09:34:23 +0800] "GET /xingrg/kc/buy/cgsh_order_operate.html?command=get_materiel&rest_code=00157&code=00101006183&supplier_code=00100612&order_time=2023-07-10 HTTP/1.1" 200 408
114.89.203.254 - - [12/Jul/2023:09:34:32 +0800] "GET /xingrg/all/function/internal_message.html?_=1689125672966&CODE_STATE=getMsg HTTP/1.1" 200 27
58.39.105.90 - - [12/Jul/2023:09:34:32 +0800] "POST /xingrg/kc/buy/cgsh_order_operate.html HTTP/1.1" 200 37
114.83.217.28 - - [12/Jul/2023:09:34:35 +0800] "GET /xingrg/all/function/internal_message.html?_=1689125674435&CODE_STATE=getMsg HTTP/1.1" 200 27
58.39.105.90 - - [12/Jul/2023:09:34:36 +0800] "POST /xingrg/kc/buy/cgsh_order_operate.html HTTP/1.1" 200 5001
180.165.154.167 - - [12/Jul/2023:09:34:36 +0800] "GET /xingrg/all/function/internal_message.html?_=1689125675106&CODE_STATE=getMsg HTTP/1.1" 200 27
180.169.147.146 - - [12/Jul/2023:09:34:40 +0800] "GET /xingrg/kc/buy/buy_main.html HTTP/1.1" 200 12412
180.169.147.146 - - [12/Jul/2023:09:34:40 +0800] "GET /xingrg/css/new_ie.css HTTP/1.1" 404 1036
58.39.105.90 - - [12/Jul/2023:09:34:40 +0800] "GET /xingrg/kc/print/load_data.html?order_code=212023071204622&kc_code=cgsh&condition= HTTP/1.1" 200 1539
120.253.135.82 - - [12/Jul/2023:09:34:41 +0800] "GET /xingrg/check_reg.html?_=1689125508329 HTTP/1.1" 200 22
180.169.147.146 - - [12/Jul/2023:09:34:41 +0800] "GET /xingrg/images/yd/bt.gif HTTP/1.1" 404 1040
114.95.42.59 - - [12/Jul/2023:09:34:42 +0800] "GET /xingrg/all/function/internal_message.html?_=1689125497310&CODE_STATE=getMsg HTTP/1.1" 200 27
114.83.217.28 - - [12/Jul/2023:09:34:45 +0800] "GET /xingrg/kc/buy/cgsh_order_operate.html?command=get_materiel&rest_code=00149&code=00101006193&supplier_code=00100096&order_time=2023-07-12 HTTP/1.1" 200 409
180.169.147.146 - - [12/Jul/2023:09:34:45 +0800] "GET /xingrg/kc/buy/cgsh_order_list.html HTTP/1.1" 200 8212
180.169.147.146 - - [12/Jul/2023:09:34:45 +0800] "GET /xingrg/kc/buy/cgsh_order_list.html HTTP/1.1" 200 55844
58.39.105.90 - - [12/Jul/2023:09:34:46 +0800] "GET /xingrg/kc/buy/cgsh_order_add.html HTTP/1.1" 200 70743
58.39.105.90 - - [12/Jul/2023:09:34:46 +0800] "POST /xingrg/kc/buy/cgsh_order_operate.html HTTP/1.1" 200 8245
58.39.105.90 - - [12/Jul/2023:09:34:46 +0800] "GET /xingrg/javascript/easyui/themes/default/validatebox.css HTTP/1.1" 404 1104
58.39.105.90 - - [12/Jul/2023:09:34:46 +0800] "GET /xingrg/check_reg.html?_=1689125687011 HTTP/1.1" 200 22
58.39.105.90 - - [12/Jul/2023:09:34:46 +0800] "GET /xingrg/all/function/internal_message.html?_=1689125687013&CODE_STATE=getMsg HTTP/1.1" 200 27
120.253.135.82 - - [12/Jul/2023:09:34:50 +0800] "GET /xingrg/all/function/internal_message.html?_=1689125516707&CODE_STATE=getMsg HTTP/1.1" 200 27
180.169.147.146 - - [12/Jul/2023:09:34:51 +0800] "POST /xingrg/kc/buy/cgsh_list_operate.html HTTP/1.1" 200 6064
114.95.42.59 - - [12/Jul/2023:09:34:56 +0800] "GET /xingrg/all/function/internal_message.html?_=1689125697640&CODE_STATE=getMsg HTTP/1.1" 200 27
58.39.105.90 - - [12/Jul/2023:09:35:04 +0800] "GET /xingrg/kc/buy/cgsh_order_operate.html?command=get_materiel&rest_code=00157&code=00101008024&supplier_code=00100556&order_time=2023-07-10 HTTP/1.1" 200 408
124.78.70.128 - - [12/Jul/2023:09:35:06 +0800] "GET /xingrg/all/function/internal_message.html?_=1689125184790&CODE_STATE=getMsg HTTP/1.1" 200 27
180.165.154.167 - - [12/Jul/2023:09:35:08 +0800] "GET /xingrg/kc/buy/cgsh_order_operate.html?command=get_materiel&rest_code=00108&code=00101009031&supplier_code=00100593&order_time=2023-07-12 HTTP/1.1" 200 408
114.85.113.108 - - [12/Jul/2023:09:35:12 +0800] "GET /xingrg/all/function/internal_message.html?_=1689125709326&CODE_STATE=getMsg HTTP/1.1" 200 27
180.169.147.146 - - [12/Jul/2023:09:35:13 +0800] "GET /xingrg/all/function/internal_message.html?_=1689125704897&CODE_STATE=getMsg HTTP/1.1" 200 27
58.39.105.90 - - [12/Jul/2023:09:35:14 +0800] "GET /xingrg/kc/buy/cgsh_order_operate.html?command=get_materiel&rest_code=00157&code=00101008355&supplier_code=00100556&order_time=2023-07-10 HTTP/1.1" 200 408
114.83.217.28 - - [12/Jul/2023:09:35:17 +0800] "GET /xingrg/kc/buy/cgsh_order_operate.html?command=get_materiel&rest_code=00149&code=00101006133&supplier_code=00100096&order_time=2023-07-12 HTTP/1.1" 200 415
222.70.172.54 - - [12/Jul/2023:09:35:18 +0800] "GET /xingrg/all/function/internal_message.html?_=1689125727630&CODE_STATE=getMsg HTTP/1.1" 200 27
114.83.219.27 - - [12/Jul/2023:09:35:20 +0800] "GET /xingrg/all/function/internal_message.html?_=1689125838582&CODE_STATE=getMsg HTTP/1.1" 200 27
58.39.105.90 - - [12/Jul/2023:09:35:24 +0800] "GET /xingrg/kc/buy/cgsh_order_operate.html?command=get_materiel&rest_code=00157&code=00101008356&supplier_code=00100556&order_time=2023-07-10 HTTP/1.1" 200 408
180.165.154.167 - - [12/Jul/2023:09:35:27 +0800] "GET /xingrg/kc/buy/cgsh_order_operate.html?command=get_materiel&rest_code=00108&code=00101009079&supplier_code=00100593&order_time=2023-07-12 HTTP/1.1" 200 409
114.85.113.108 - - [12/Jul/2023:09:35:30 +0800] "GET /xingrg/check_reg.html?_=1689125726726 HTTP/1.1" 200 22
114.89.203.254 - - [12/Jul/2023:09:35:32 +0800] "GET /xingrg/all/function/internal_message.html?_=1689125732965&CODE_STATE=getMsg HTTP/1.1" 200 27
58.39.105.90 - - [12/Jul/2023:09:35:34 +0800] "GET /xingrg/kc/buy/cgsh_order_operate.html?command=get_materiel&rest_code=00157&code=00101008205&supplier_code=00100556&order_time=2023-07-10 HTTP/1.1" 200 412
114.83.217.28 - - [12/Jul/2023:09:35:35 +0800] "GET /xingrg/all/function/internal_message.html?_=1689125734464&CODE_STATE=getMsg HTTP/1.1" 200 27
180.165.154.167 - - [12/Jul/2023:09:35:36 +0800] "GET /xingrg/all/function/internal_message.html?_=1689125735116&CODE_STATE=getMsg HTTP/1.1" 200 27
114.83.217.28 - - [12/Jul/2023:09:35:40 +0800] "GET /xingrg/kc/buy/cgsh_order_operate.html?command=get_materiel&rest_code=00149&code=00101007043&supplier_code=00100096&order_time=2023-07-12 HTTP/1.1" 200 408
114.95.42.59 - - [12/Jul/2023:09:35:42 +0800] "GET /xingrg/all/function/internal_message.html?_=1689125557299&CODE_STATE=getMsg HTTP/1.1" 200 27
58.39.105.90 - - [12/Jul/2023:09:35:46 +0800] "GET /xingrg/all/function/internal_message.html?_=1689125747010&CODE_STATE=getMsg HTTP/1.1" 200 27
120.253.135.82 - - [12/Jul/2023:09:35:50 +0800] "GET /xingrg/all/function/internal_message.html?_=1689125576722&CODE_STATE=getMsg HTTP/1.1" 200 27
114.95.42.59 - - [12/Jul/2023:09:35:56 +0800] "GET /xingrg/all/function/internal_message.html?_=1689125757641&CODE_STATE=getMsg HTTP/1.1" 200 27
222.70.172.54 - - [12/Jul/2023:09:35:56 +0800] "GET /xingrg/check_reg.html?_=1689125766258 HTTP/1.1" 200 22
222.70.172.54 - - [12/Jul/2023:09:36:01 +0800] "POST /xingrg/services/DataTransmitService HTTP/1.1" 200 524
222.70.172.54 - - [12/Jul/2023:09:36:02 +0800] "POST /xingrg/services/DataTransmitService HTTP/1.1" 200 412
124.78.70.128 - - [12/Jul/2023:09:36:06 +0800] "GET /xingrg/all/function/internal_message.html?_=1689125244788&CODE_STATE=getMsg HTTP/1.1" 200 27
114.85.113.108 - - [12/Jul/2023:09:36:12 +0800] "GET /xingrg/all/function/internal_message.html?_=1689125769302&CODE_STATE=getMsg HTTP/1.1" 200 27
180.169.147.146 - - [12/Jul/2023:09:36:13 +0800] "GET /xingrg/all/function/internal_message.html?_=1689125764895&CODE_STATE=getMsg HTTP/1.1" 200 27
