116.238.191.126 - - [12/Jul/2023:09:03:36 +0800] "GET /xingrg/javascript/jquery_easy_ui/themes/default/images/tabs_rightarrow.png HTTP/1.1" 304 -
116.238.191.126 - - [12/Jul/2023:09:03:36 +0800] "GET /xingrg/javascript/jquery_easy_ui/themes/default/images/panel_tool_collapse.gif HTTP/1.1" 304 -
116.238.191.126 - - [12/Jul/2023:09:03:36 +0800] "GET /xingrg/all/function/internal_message.html?_=1689123719613&CODE_STATE=count HTTP/1.1" 200 11
116.238.191.126 - - [12/Jul/2023:09:03:36 +0800] "GET /xingrg/check_reg.html?_=1689123719614 HTTP/1.1" 200 22
116.238.191.126 - - [12/Jul/2023:09:03:36 +0800] "POST /xingrg/all/common/load_tree.html?tree=area_rest_tree_json&manage=1 HTTP/1.1" 200 476
116.238.191.126 - - [12/Jul/2023:09:03:36 +0800] "POST /xingrg/load_menu.html HTTP/1.1" 200 5138
61.170.233.201 - - [12/Jul/2023:09:03:38 +0800] "GET /xingrg/kc/buy/cgsh_order_operate.html?command=get_materiel&rest_code=00106&code=00101008005&supplier_code=00100007&order_time=2023-07-12 HTTP/1.1" 200 412
114.83.217.28 - - [12/Jul/2023:09:03:41 +0800] "GET /xingrg/kc/buy/cgsh_order_operate.html?command=get_materiel&rest_code=00149&code=00101008087&supplier_code=00100008&order_time=2023-07-12 HTTP/1.1" 200 412
114.89.203.254 - - [12/Jul/2023:09:03:41 +0800] "GET /xingrg/kc/buy/cgsh_order_operate.html?command=get_materiel&rest_code=00102&code=00101012070&supplier_code=00100096&order_time=2023-07-12 HTTP/1.1" 200 414
114.95.42.59 - - [12/Jul/2023:09:03:42 +0800] "GET /xingrg/all/function/internal_message.html?_=1689123637276&CODE_STATE=getMsg HTTP/1.1" 200 27
114.95.42.59 - - [12/Jul/2023:09:03:42 +0800] "GET /xingrg/check_reg.html?_=1689123637279 HTTP/1.1" 200 22
116.238.191.126 - - [12/Jul/2023:09:03:44 +0800] "GET /xingrg/kc/buy/cgsh_order_list.html HTTP/1.1" 200 55842
120.253.135.82 - - [12/Jul/2023:09:03:46 +0800] "GET /xingrg/all/function/internal_message.html?_=1689123653524&CODE_STATE=getMsg HTTP/1.1" 200 27
116.238.191.126 - - [12/Jul/2023:09:03:47 +0800] "POST /xingrg/kc/buy/cgsh_list_operate.html HTTP/1.1" 200 986
120.253.135.82 - - [12/Jul/2023:09:03:48 +0800] "GET /xingrg/all/function/internal_message.html?_=1689123970104&CODE_STATE=getMsg HTTP/1.1" 302 -
120.253.135.82 - - [12/Jul/2023:09:03:48 +0800] "GET /xingrg/login.html HTTP/1.1" 200 7641
222.70.172.54 - - [12/Jul/2023:09:03:52 +0800] "GET /xingrg/kc/buy/cgsh_order_operate.html?command=get_materiel&rest_code=00146&code=00101008168&supplier_code=00100005&order_time=2023-07-12 HTTP/1.1" 200 413
116.238.191.126 - - [12/Jul/2023:09:03:53 +0800] "GET /xingrg/kc/buy/cgsh_order_add.html HTTP/1.1" 200 71230
116.238.191.126 - - [12/Jul/2023:09:03:53 +0800] "POST /xingrg/kc/buy/cgsh_order_operate.html HTTP/1.1" 200 8245
61.170.233.201 - - [12/Jul/2023:09:03:53 +0800] "GET /xingrg/kc/buy/cgsh_order_operate.html?command=get_materiel&rest_code=00106&code=00101008353&supplier_code=00100007&order_time=2023-07-12 HTTP/1.1" 200 408
116.238.191.126 - - [12/Jul/2023:09:03:53 +0800] "GET /xingrg/javascript/easyui/themes/default/validatebox.css HTTP/1.1" 404 1104
114.95.42.59 - - [12/Jul/2023:09:03:56 +0800] "GET /xingrg/all/function/internal_message.html?_=1689123837595&CODE_STATE=getMsg HTTP/1.1" 200 27
222.70.180.90 - - [12/Jul/2023:09:03:56 +0800] "GET /xingrg/all/function/internal_message.html?_=1689123834898&CODE_STATE=getMsg HTTP/1.1" 200 27
222.70.172.54 - - [12/Jul/2023:09:03:57 +0800] "GET /xingrg/all/function/internal_message.html?_=1689123847288&CODE_STATE=getMsg HTTP/1.1" 200 27
114.89.203.254 - - [12/Jul/2023:09:04:02 +0800] "GET /xingrg/kc/buy/cgsh_order_operate.html?command=get_materiel&rest_code=00102&code=00101016104&supplier_code=00100096&order_time=2023-07-12 HTTP/1.1" 200 408
114.95.42.59 - - [12/Jul/2023:09:04:02 +0800] "GET /xingrg/kc/buy/cgsh_order_operate.html?command=get_materiel&rest_code=00105&code=00101008098&supplier_code=00100203&order_time=2023-07-12 HTTP/1.1" 200 412
61.170.233.201 - - [12/Jul/2023:09:04:07 +0800] "GET /xingrg/all/function/internal_message.html?_=1689123839826&CODE_STATE=getMsg HTTP/1.1" 200 27
61.170.233.201 - - [12/Jul/2023:09:04:10 +0800] "GET /xingrg/kc/buy/cgsh_order_operate.html?command=get_materiel&rest_code=00106&code=00101008275&supplier_code=00100007&order_time=2023-07-12 HTTP/1.1" 200 416
180.163.28.180 - - [12/Jul/2023:09:04:12 +0800] "GET /xingrg/kc/buy/cgsh_order_operate.html?command=get_materiel&rest_code=00106&code=00101008318&supplier_code=00100007&order_time=2023-07-12 HTTP/1.1" 302 -
180.163.28.180 - - [12/Jul/2023:09:04:12 +0800] "GET /xingrg/login.html HTTP/1.1" 200 7641
114.85.113.108 - - [12/Jul/2023:09:04:12 +0800] "GET /xingrg/all/function/internal_message.html?_=1689123849917&CODE_STATE=getMsg HTTP/1.1" 200 27
114.89.203.254 - - [12/Jul/2023:09:04:14 +0800] "GET /xingrg/kc/buy/cgsh_order_operate.html?command=get_materiel&rest_code=00102&code=00101006177&supplier_code=00100096&order_time=2023-07-12 HTTP/1.1" 200 408
114.95.42.59 - - [12/Jul/2023:09:04:17 +0800] "GET /xingrg/kc/buy/cgsh_order_operate.html?command=get_materiel&rest_code=00105&code=00101008509&supplier_code=00100203&order_time=2023-07-12 HTTP/1.1" 200 409
222.70.172.54 - - [12/Jul/2023:09:04:20 +0800] "GET /xingrg/kc/buy/cgsh_order_operate.html?command=get_materiel&rest_code=00146&code=00101013114&supplier_code=00100005&order_time=2023-07-12 HTTP/1.1" 200 409
61.170.233.201 - - [12/Jul/2023:09:04:26 +0800] "GET /xingrg/kc/buy/cgsh_order_operate.html?command=get_materiel&rest_code=00106&code=00101008312&supplier_code=00100007&order_time=2023-07-12 HTTP/1.1" 200 412
114.89.203.254 - - [12/Jul/2023:09:04:27 +0800] "GET /xingrg/kc/buy/cgsh_order_operate.html?command=get_materiel&rest_code=00102&code=00101006180&supplier_code=00100096&order_time=2023-07-12 HTTP/1.1" 200 425
114.89.203.254 - - [12/Jul/2023:09:04:28 +0800] "POST /xingrg/services/DataTransmitService HTTP/1.1" 200 524
114.95.42.59 - - [12/Jul/2023:09:04:29 +0800] "GET /xingrg/kc/buy/cgsh_order_operate.html?command=get_materiel&rest_code=00105&code=00101008568&supplier_code=00100203&order_time=2023-07-12 HTTP/1.1" 200 412
114.89.203.254 - - [12/Jul/2023:09:04:32 +0800] "GET /xingrg/all/function/internal_message.html?_=1689123872994&CODE_STATE=getMsg HTTP/1.1" 200 27
222.70.172.54 - - [12/Jul/2023:09:04:33 +0800] "GET /xingrg/kc/buy/cgsh_order_operate.html?command=get_materiel&rest_code=00146&code=00101008563&supplier_code=00100005&order_time=2023-07-12 HTTP/1.1" 200 413
114.83.217.28 - - [12/Jul/2023:09:04:35 +0800] "GET /xingrg/all/function/internal_message.html?_=1689123874381&CODE_STATE=getMsg HTTP/1.1" 200 27
116.238.191.126 - - [12/Jul/2023:09:04:36 +0800] "GET /xingrg/all/function/internal_message.html?_=1689123779617&CODE_STATE=getMsg HTTP/1.1" 200 27
61.170.233.201 - - [12/Jul/2023:09:04:38 +0800] "GET /xingrg/kc/buy/cgsh_order_operate.html?command=get_materiel&rest_code=00106&code=00101008298&supplier_code=00100007&order_time=2023-07-12 HTTP/1.1" 200 413
114.95.42.59 - - [12/Jul/2023:09:04:39 +0800] "GET /xingrg/kc/buy/cgsh_order_operate.html?command=get_materiel&rest_code=00105&code=00101008284&supplier_code=00100203&order_time=2023-07-12 HTTP/1.1" 200 412
116.238.191.126 - - [12/Jul/2023:09:04:41 +0800] "GET /xingrg/javascript/auto/indicator.gif HTTP/1.1" 404 1066
120.253.135.82 - - [12/Jul/2023:09:04:41 +0800] "GET /xingrg/check_reg.html?_=1689123708291 HTTP/1.1" 200 22
114.95.42.59 - - [12/Jul/2023:09:04:42 +0800] "GET /xingrg/all/function/internal_message.html?_=1689123697284&CODE_STATE=getMsg HTTP/1.1" 200 27
222.70.172.54 - - [12/Jul/2023:09:04:43 +0800] "GET /xingrg/kc/buy/cgsh_order_operate.html?command=get_materiel&rest_code=00146&code=00101008061&supplier_code=00100005&order_time=2023-07-12 HTTP/1.1" 200 422
222.70.172.54 - - [12/Jul/2023:09:04:46 +0800] "POST /xingrg/kc/buy/cgsh_order_operate.html HTTP/1.1" 200 2065
120.253.135.82 - - [12/Jul/2023:09:04:46 +0800] "GET /xingrg/all/function/internal_message.html?_=1689123713537&CODE_STATE=getMsg HTTP/1.1" 200 27
180.163.30.100 - - [12/Jul/2023:09:04:48 +0800] "GET /xingrg/kc/buy/cgsh_order_operate.html?command=get_materiel&rest_code=00106&code=00101008353&supplier_code=00100007&order_time=2023-07-12 HTTP/1.1" 302 -
180.163.30.100 - - [12/Jul/2023:09:04:48 +0800] "GET /xingrg/login.html HTTP/1.1" 200 7641
114.83.217.28 - - [12/Jul/2023:09:04:50 +0800] "GET /xingrg/kc/buy/cgsh_order_operate.html?command=get_materiel&rest_code=00149&code=00101008361&supplier_code=00100008&order_time=2023-07-12 HTTP/1.1" 200 408
114.89.203.254 - - [12/Jul/2023:09:04:51 +0800] "GET /xingrg/kc/buy/cgsh_order_operate.html?command=get_materiel&rest_code=00102&code=00101006133&supplier_code=00100096&order_time=2023-07-12 HTTP/1.1" 200 415
116.238.191.126 - - [12/Jul/2023:09:04:52 +0800] "GET /xingrg/kc/buy/cgsh_order_operate.html?command=get_materiel&rest_code=00151&code=00101008084&supplier_code=00100096&order_time=2023-07-12 HTTP/1.1" 200 412
114.95.42.59 - - [12/Jul/2023:09:04:53 +0800] "GET /xingrg/kc/buy/cgsh_order_operate.html?command=get_materiel&rest_code=00105&code=00101008176&supplier_code=00100203&order_time=2023-07-12 HTTP/1.1" 200 413
61.170.233.201 - - [12/Jul/2023:09:04:53 +0800] "GET /xingrg/kc/buy/cgsh_order_operate.html?command=get_materiel&rest_code=00106&code=00101008198&supplier_code=00100007&order_time=2023-07-12 HTTP/1.1" 200 413
222.70.172.54 - - [12/Jul/2023:09:04:54 +0800] "GET /xingrg/kc/buy/cgsh_order_operate.html?command=get_materiel&rest_code=00146&code=00101009079&supplier_code=00100005&order_time=2023-07-12 HTTP/1.1" 200 409
114.95.42.59 - - [12/Jul/2023:09:04:56 +0800] "GET /xingrg/all/function/internal_message.html?_=1689123897603&CODE_STATE=getMsg HTTP/1.1" 200 27
222.70.180.90 - - [12/Jul/2023:09:04:56 +0800] "GET /xingrg/all/function/internal_message.html?_=1689123894882&CODE_STATE=getMsg HTTP/1.1" 200 27
222.70.172.54 - - [12/Jul/2023:09:04:57 +0800] "GET /xingrg/all/function/internal_message.html?_=1689123907302&CODE_STATE=getMsg HTTP/1.1" 200 27
116.232.195.127 - - [12/Jul/2023:09:05:00 +0800] "GET /xingrg/index.html?sysBaseUrl=http%3A%2F%2F180.169.147.146%3A18081%2Fxingrg%2F&costTime=1277×tamp=1606817596806 HTTP/1.1" 200 17179
116.232.195.127 - - [12/Jul/2023:09:05:02 +0800] "GET /xingrg/all/function/internal_message.html?_=1689123880003&CODE_STATE=count HTTP/1.1" 200 11
116.232.195.127 - - [12/Jul/2023:09:05:02 +0800] "GET /xingrg/check_reg.html?_=1689123880004 HTTP/1.1" 200 22
116.232.195.127 - - [12/Jul/2023:09:05:02 +0800] "GET /favicon.ico HTTP/1.1" 404 -
116.232.195.127 - - [12/Jul/2023:09:05:02 +0800] "POST /xingrg/all/common/load_tree.html?tree=area_rest_tree_json&manage=1 HTTP/1.1" 200 479
116.232.195.127 - - [12/Jul/2023:09:05:02 +0800] "POST /xingrg/load_menu.html HTTP/1.1" 200 5138
116.238.191.126 - - [12/Jul/2023:09:05:03 +0800] "GET /xingrg/kc/buy/cgsh_order_operate.html?command=get_materiel&rest_code=00151&code=00101012060&supplier_code=00100096&order_time=2023-07-12 HTTP/1.1" 200 408
114.83.217.28 - - [12/Jul/2023:09:05:04 +0800] "GET /xingrg/kc/buy/cgsh_order_operate.html?command=get_materiel&rest_code=00149&code=00101008355&supplier_code=00100008&order_time=2023-07-12 HTTP/1.1" 200 408
114.95.42.59 - - [12/Jul/2023:09:05:06 +0800] "POST /xingrg/kc/buy/cgsh_order_operate.html HTTP/1.1" 200 2065
61.170.233.201 - - [12/Jul/2023:09:05:07 +0800] "GET /xingrg/check_reg.html?_=1689123899832 HTTP/1.1" 200 22
61.170.233.201 - - [12/Jul/2023:09:05:07 +0800] "GET /xingrg/all/function/internal_message.html?_=1689123899836&CODE_STATE=getMsg HTTP/1.1" 200 27
114.95.42.59 - - [12/Jul/2023:09:05:07 +0800] "POST /xingrg/kc/buy/cgsh_order_operate.html HTTP/1.1" 200 2065
114.95.42.59 - - [12/Jul/2023:09:05:08 +0800] "POST /xingrg/kc/buy/cgsh_order_operate.html HTTP/1.1" 200 2065
114.85.113.108 - - [12/Jul/2023:09:05:12 +0800] "GET /xingrg/all/function/internal_message.html?_=1689123909902&CODE_STATE=getMsg HTTP/1.1" 200 27
61.170.233.201 - - [12/Jul/2023:09:05:20 +0800] "POST /xingrg/kc/buy/cgsh_order_operate.html HTTP/1.1" 200 37
116.238.191.126 - - [12/Jul/2023:09:05:21 +0800] "GET /xingrg/kc/buy/cgsh_order_operate.html?command=get_materiel&rest_code=00151&code=00101016025&supplier_code=00100096&order_time=2023-07-12 HTTP/1.1" 200 408
114.95.42.59 - - [12/Jul/2023:09:05:23 +0800] "GET /xingrg/kc/buy/cgsh_order_operate.html?command=get_materiel&rest_code=00105&code=00101008155&supplier_code=00100203&order_time=2023-07-12 HTTP/1.1" 200 408
114.83.217.28 - - [12/Jul/2023:09:05:25 +0800] "GET /xingrg/kc/buy/cgsh_order_operate.html?command=get_materiel&rest_code=00149&code=00101008004&supplier_code=00100008&order_time=2023-07-12 HTTP/1.1" 200 416
114.95.42.59 - - [12/Jul/2023:09:05:25 +0800] "GET /xingrg/system/info/materiel_import.html?isSelect=1&singleSelect=false HTTP/1.1" 200 5600
114.95.42.59 - - [12/Jul/2023:09:05:25 +0800] "GET /xingrg/javascript/jquery_ui/themes/base/base.css HTTP/1.1" 304 -
114.95.42.59 - - [12/Jul/2023:09:05:25 +0800] "GET /xingrg/css/xtree.css HTTP/1.1" 304 -
114.95.42.59 - - [12/Jul/2023:09:05:26 +0800] "GET /xingrg/javascript/jquery_easy_ui/themes/default/images/button_a_bg.gif HTTP/1.1" 304 -
114.95.42.59 - - [12/Jul/2023:09:05:26 +0800] "GET /xingrg/javascript/jquery_easy_ui/themes/icons/check_new.png HTTP/1.1" 304 -
114.95.42.59 - - [12/Jul/2023:09:05:26 +0800] "GET /xingrg/javascript/jquery_easy_ui/themes/default/images/pagination_last.gif HTTP/1.1" 304 -
114.95.42.59 - - [12/Jul/2023:09:05:26 +0800] "GET /xingrg/javascript/jquery_easy_ui/themes/icons/search.png HTTP/1.1" 304 -
114.95.42.59 - - [12/Jul/2023:09:05:26 +0800] "GET /xingrg/javascript/jquery_easy_ui/themes/icons/edit_add.png HTTP/1.1" 304 -
114.95.42.59 - - [12/Jul/2023:09:05:26 +0800] "GET /xingrg/javascript/jquery_easy_ui/themes/default/images/button_span_bg.gif HTTP/1.1" 304 -
114.95.42.59 - - [12/Jul/2023:09:05:26 +0800] "GET /xingrg/javascript/jquery_easy_ui/themes/default/images/datagrid_header_bg.gif HTTP/1.1" 304 -
114.95.42.59 - - [12/Jul/2023:09:05:26 +0800] "GET /xingrg/javascript/jquery_easy_ui/themes/default/images/pagination_next.gif HTTP/1.1" 304 -
114.95.42.59 - - [12/Jul/2023:09:05:26 +0800] "GET /xingrg/javascript/jquery_easy_ui/themes/default/images/pagination_prev.gif HTTP/1.1" 304 -
114.95.42.59 - - [12/Jul/2023:09:05:26 +0800] "GET /xingrg/javascript/jquery_easy_ui/themes/default/images/pagination_first.gif HTTP/1.1" 304 -
114.95.42.59 - - [12/Jul/2023:09:05:26 +0800] "GET /xingrg/javascript/jquery_easy_ui/themes/default/images/pagination_load.png HTTP/1.1" 304 -
114.95.42.59 - - [12/Jul/2023:09:05:26 +0800] "GET /favicon.ico HTTP/1.1" 404 -
114.95.42.59 - - [12/Jul/2023:09:05:27 +0800] "POST /xingrg/all/common/load_tree.html?tree=materiel_sort_tree_json HTTP/1.1" 200 8212
114.89.203.254 - - [12/Jul/2023:09:05:27 +0800] "POST /xingrg/kc/buy/cgsh_order_operate.html HTTP/1.1" 200 88
114.85.113.108 - - [12/Jul/2023:09:05:29 +0800] "GET /xingrg/check_reg.html?_=1689123926662 HTTP/1.1" 200 22
114.89.203.254 - - [12/Jul/2023:09:05:32 +0800] "GET /xingrg/all/function/internal_message.html?_=1689123932963&CODE_STATE=getMsg HTTP/1.1" 200 27
114.83.217.28 - - [12/Jul/2023:09:05:35 +0800] "GET /xingrg/all/function/internal_message.html?_=1689123934373&CODE_STATE=getMsg HTTP/1.1" 200 27
116.238.191.126 - - [12/Jul/2023:09:05:36 +0800] "GET /xingrg/all/function/internal_message.html?_=1689123839630&CODE_STATE=getMsg HTTP/1.1" 200 27
222.70.172.54 - - [12/Jul/2023:09:05:41 +0800] "POST /xingrg/kc/buy/cgsh_order_operate.html HTTP/1.1" 200 37
61.170.233.201 - - [12/Jul/2023:09:05:41 +0800] "POST /xingrg/kc/buy/cgsh_order_operate.html HTTP/1.1" 200 13299
114.95.42.59 - - [12/Jul/2023:09:05:42 +0800] "GET /xingrg/all/function/internal_message.html?_=1689123757284&CODE_STATE=getMsg HTTP/1.1" 200 27
120.253.135.82 - - [12/Jul/2023:09:05:46 +0800] "GET /xingrg/all/function/internal_message.html?_=1689123773551&CODE_STATE=getMsg HTTP/1.1" 200 27
114.89.203.254 - - [12/Jul/2023:09:05:47 +0800] "POST /xingrg/kc/buy/cgsh_order_operate.html HTTP/1.1" 200 37
222.70.172.54 - - [12/Jul/2023:09:05:47 +0800] "POST /xingrg/kc/buy/cgsh_order_operate.html HTTP/1.1" 200 31635
116.238.191.126 - - [12/Jul/2023:09:05:48 +0800] "GET /xingrg/kc/buy/cgsh_order_operate.html?command=get_materiel&rest_code=00151&code=00101012039&supplier_code=00100096&order_time=2023-07-12 HTTP/1.1" 200 408
61.170.233.201 - - [12/Jul/2023:09:05:49 +0800] "GET /xingrg/kc/buy/cgsh_order_operate.html?command=get_materiel&rest_code=00106&code=00101011001&supplier_code=00100007&order_time=2023-07-12 HTTP/1.1" 200 423
114.95.42.59 - - [12/Jul/2023:09:05:49 +0800] "GET /xingrg/kc/buy/cgsh_order_operate.html?command=get_materiel&rest_code=00105&code=00101008354&supplier_code=00100203&order_time=2023-07-12 HTTP/1.1" 200 412
114.89.203.254 - - [12/Jul/2023:09:05:50 +0800] "POST /xingrg/kc/buy/cgsh_order_operate.html HTTP/1.1" 200 5623
222.70.172.54 - - [12/Jul/2023:09:05:50 +0800] "GET /xingrg/kc/print/load_config.html?kc_code=cgsh HTTP/1.1" 200 1924
222.70.172.54 - - [12/Jul/2023:09:05:51 +0800] "GET /xingrg/kc/print/load_data.html?order_code=212023071204609&kc_code=cgsh&condition= HTTP/1.1" 200 11680
114.95.42.59 - - [12/Jul/2023:09:05:56 +0800] "GET /xingrg/all/function/internal_message.html?_=1689123957724&CODE_STATE=getMsg HTTP/1.1" 200 27
222.70.180.90 - - [12/Jul/2023:09:05:56 +0800] "GET /xingrg/all/function/internal_message.html?_=1689123954866&CODE_STATE=getMsg HTTP/1.1" 200 27
222.70.172.54 - - [12/Jul/2023:09:05:56 +0800] "GET /xingrg/check_reg.html?_=1689123966092 HTTP/1.1" 200 22
222.70.172.54 - - [12/Jul/2023:09:05:57 +0800] "GET /xingrg/all/function/internal_message.html?_=1689123967316&CODE_STATE=getMsg HTTP/1.1" 200 27
61.170.233.201 - - [12/Jul/2023:09:05:59 +0800] "GET /xingrg/kc/buy/cgsh_order_operate.html?command=get_materiel&rest_code=00106&code=00101008248&supplier_code=00100007&order_time=2023-07-12 HTTP/1.1" 200 412
116.238.191.126 - - [12/Jul/2023:09:05:59 +0800] "GET /xingrg/kc/buy/cgsh_order_operate.html?command=get_materiel&rest_code=00151&code=00101016038&supplier_code=00100096&order_time=2023-07-12 HTTP/1.1" 200 408
114.95.42.59 - - [12/Jul/2023:09:06:00 +0800] "GET /xingrg/kc/buy/cgsh_order_operate.html?command=get_materiel&rest_code=00105&code=00101008502&supplier_code=00100203&order_time=2023-07-12 HTTP/1.1" 200 412
114.89.203.254 - - [12/Jul/2023:09:06:01 +0800] "POST /xingrg/kc/buy/cgsh_order_operate.html HTTP/1.1" 200 37
116.232.195.127 - - [12/Jul/2023:09:06:02 +0800] "GET /xingrg/all/function/internal_message.html?_=1689123940011&CODE_STATE=getMsg HTTP/1.1" 200 27
61.170.233.201 - - [12/Jul/2023:09:06:07 +0800] "GET /xingrg/all/function/internal_message.html?_=1689123959831&CODE_STATE=getMsg HTTP/1.1" 200 27
61.170.233.201 - - [12/Jul/2023:09:06:09 +0800] "GET /xingrg/kc/buy/cgsh_order_operate.html?command=get_materiel&rest_code=00106&code=00101008331&supplier_code=00100007&order_time=2023-07-12 HTTP/1.1" 200 416
116.238.191.126 - - [12/Jul/2023:09:06:09 +0800] "GET /xingrg/kc/buy/cgsh_order_operate.html?command=get_materiel&rest_code=00151&code=00101016051&supplier_code=00100096&order_time=2023-07-12 HTTP/1.1" 200 408
114.85.113.108 - - [12/Jul/2023:09:06:12 +0800] "GET /xingrg/all/function/internal_message.html?_=1689123969878&CODE_STATE=getMsg HTTP/1.1" 200 27
114.89.203.254 - - [12/Jul/2023:09:06:13 +0800] "POST /xingrg/kc/buy/cgsh_order_operate.html HTTP/1.1" 200 12
114.95.42.59 - - [12/Jul/2023:09:06:13 +0800] "GET /xingrg/kc/buy/cgsh_order_operate.html?command=get_materiel&rest_code=00105&code=00101008126&supplier_code=00100203&order_time=2023-07-12 HTTP/1.1" 200 412
114.89.203.254 - - [12/Jul/2023:09:06:16 +0800] "GET /xingrg/kc/buy/cgsh_order_info.html?code=212023071204610 HTTP/1.1" 200 66552
114.89.203.254 - - [12/Jul/2023:09:06:16 +0800] "GET /xingrg/javascript/easyui/themes/default/validatebox.css HTTP/1.1" 404 1104
114.89.203.254 - - [12/Jul/2023:09:06:18 +0800] "POST /xingrg/kc/buy/cgsh_order_operate.html HTTP/1.1" 200 3571
114.89.203.254 - - [12/Jul/2023:09:06:20 +0800] "GET /xingrg/kc/print/load_config.html?kc_code=cgsh HTTP/1.1" 200 1924
116.238.191.126 - - [12/Jul/2023:09:06:21 +0800] "GET /xingrg/kc/buy/cgsh_order_operate.html?command=get_materiel&rest_code=00151&code=00101012059&supplier_code=00100096&order_time=2023-07-12 HTTP/1.1" 200 412
114.83.217.28 - - [12/Jul/2023:09:06:21 +0800] "POST /xingrg/kc/buy/cgsh_order_operate.html HTTP/1.1" 200 2065
114.83.217.28 - - [12/Jul/2023:09:06:21 +0800] "POST /xingrg/services/DataTransmitService HTTP/1.1" 200 524
114.89.203.254 - - [12/Jul/2023:09:06:21 +0800] "GET /xingrg/kc/print/load_data.html?order_code=212023071204610&kc_code=cgsh&condition= HTTP/1.1" 200 1789
114.95.42.59 - - [12/Jul/2023:09:06:22 +0800] "GET /xingrg/kc/buy/cgsh_order_operate.html?command=get_materiel&rest_code=00105&code=00101008118&supplier_code=00100203&order_time=2023-07-12 HTTP/1.1" 200 418
61.170.233.201 - - [12/Jul/2023:09:06:25 +0800] "GET /xingrg/kc/buy/cgsh_order_operate.html?command=get_materiel&rest_code=00106&code=00101008350&supplier_code=00100007&order_time=2023-07-12 HTTP/1.1" 200 408
61.170.233.201 - - [12/Jul/2023:09:06:28 +0800] "POST /xingrg/kc/buy/cgsh_order_operate.html HTTP/1.1" 200 2065
114.89.203.254 - - [12/Jul/2023:09:06:28 +0800] "GET /xingrg/kc/buy/cgsh_order_add.html HTTP/1.1" 200 71655
114.89.203.254 - - [12/Jul/2023:09:06:29 +0800] "POST /xingrg/kc/buy/cgsh_order_operate.html HTTP/1.1" 200 8245
114.89.203.254 - - [12/Jul/2023:09:06:29 +0800] "GET /xingrg/javascript/easyui/themes/default/validatebox.css HTTP/1.1" 404 1104
124.78.70.128 - - [12/Jul/2023:09:06:31 +0800] "POST /xingrg/kc/buy/cgsh_list_operate.html HTTP/1.1" 302 -
116.232.195.127 - - [12/Jul/2023:09:06:32 +0800] "GET /xingrg/kc/buy/cgsh_order_list.html HTTP/1.1" 200 55844
114.89.203.254 - - [12/Jul/2023:09:06:32 +0800] "GET /xingrg/all/function/internal_message.html?_=1689123992960&CODE_STATE=getMsg HTTP/1.1" 200 27
114.95.42.59 - - [12/Jul/2023:09:06:33 +0800] "GET /xingrg/kc/buy/cgsh_order_operate.html?command=get_materiel&rest_code=00105&code=00101008357&supplier_code=00100203&order_time=2023-07-12 HTTP/1.1" 200 408
114.83.217.28 - - [12/Jul/2023:09:06:35 +0800] "GET /xingrg/all/function/internal_message.html?_=1689123994385&CODE_STATE=getMsg HTTP/1.1" 200 27
61.170.233.201 - - [12/Jul/2023:09:06:35 +0800] "GET /xingrg/kc/buy/cgsh_order_operate.html?command=get_materiel&rest_code=00106&code=00101008361&supplier_code=00100007&order_time=2023-07-12 HTTP/1.1" 200 408
116.238.191.126 - - [12/Jul/2023:09:06:36 +0800] "GET /xingrg/all/function/internal_message.html?_=1689123899643&CODE_STATE=getMsg HTTP/1.1" 200 27
222.70.180.90 - - [12/Jul/2023:09:06:41 +0800] "GET /xingrg/check_reg.html?_=1689123999701 HTTP/1.1" 200 22
116.238.191.126 - - [12/Jul/2023:09:06:41 +0800] "GET /xingrg/kc/buy/cgsh_order_operate.html?command=get_materiel&rest_code=00151&code=00101001075&supplier_code=00100096&order_time=2023-07-12 HTTP/1.1" 200 409
114.95.42.59 - - [12/Jul/2023:09:06:42 +0800] "GET /xingrg/all/function/internal_message.html?_=1689123817293&CODE_STATE=getMsg HTTP/1.1" 200 27
114.95.42.59 - - [12/Jul/2023:09:06:44 +0800] "GET /xingrg/kc/buy/cgsh_order_operate.html?command=get_materiel&rest_code=00105&code=00101008169&supplier_code=00100203&order_time=2023-07-12 HTTP/1.1" 200 412
120.253.135.82 - - [12/Jul/2023:09:06:46 +0800] "GET /xingrg/all/function/internal_message.html?_=1689123833566&CODE_STATE=getMsg HTTP/1.1" 200 27
61.170.233.201 - - [12/Jul/2023:09:06:52 +0800] "GET /xingrg/kc/buy/cgsh_order_operate.html?command=get_materiel&rest_code=00106&code=00101008300&supplier_code=00100007&order_time=2023-07-12 HTTP/1.1" 200 412
114.95.42.59 - - [12/Jul/2023:09:06:56 +0800] "GET /xingrg/check_reg.html?_=1689124017597 HTTP/1.1" 200 22
114.95.42.59 - - [12/Jul/2023:09:06:56 +0800] "GET /xingrg/all/function/internal_message.html?_=1689124017600&CODE_STATE=getMsg HTTP/1.1" 200 27
222.70.180.90 - - [12/Jul/2023:09:06:56 +0800] "GET /xingrg/all/function/internal_message.html?_=1689124014835&CODE_STATE=getMsg HTTP/1.1" 200 27
116.232.195.127 - - [12/Jul/2023:09:06:57 +0800] "POST /xingrg/kc/buy/cgsh_list_operate.html HTTP/1.1" 200 3589
114.95.42.59 - - [12/Jul/2023:09:06:57 +0800] "GET /xingrg/kc/buy/cgsh_order_operate.html?command=get_materiel&rest_code=00105&code=00101016018&supplier_code=00100203&order_time=2023-07-12 HTTP/1.1" 200 423
222.70.172.54 - - [12/Jul/2023:09:06:57 +0800] "GET /xingrg/all/function/internal_message.html?_=1689124027330&CODE_STATE=getMsg HTTP/1.1" 200 27
114.95.42.59 - - [12/Jul/2023:09:06:59 +0800] "POST /xingrg/all/common/load_select.html HTTP/1.1" 200 25
114.83.217.28 - - [12/Jul/2023:09:07:01 +0800] "GET /xingrg/kc/buy/cgsh_order_operate.html?command=get_materiel&rest_code=00149&code=00101008264&supplier_code=00100008&order_time=2023-07-12 HTTP/1.1" 200 412
116.232.195.127 - - [12/Jul/2023:09:07:02 +0800] "GET /xingrg/all/function/internal_message.html?_=1689124000016&CODE_STATE=getMsg HTTP/1.1" 200 27
114.95.42.59 - - [12/Jul/2023:09:07:05 +0800] "GET /xingrg/kc/buy/cgsh_order_operate.html?command=get_materiel_price&rest_code=00105&code=00101016018&unit_code=00100139&supplier_code=00100203&order_time=2023-07-12 HTTP/1.1" 200 27
180.163.29.219 - - [12/Jul/2023:09:07:07 +0800] "GET /xingrg/all/function/internal_message.html?_=1689123959831&CODE_STATE=getMsg HTTP/1.1" 302 -
180.163.29.219 - - [12/Jul/2023:09:07:07 +0800] "GET /xingrg/login.html HTTP/1.1" 200 7641
61.170.233.201 - - [12/Jul/2023:09:07:07 +0800] "GET /xingrg/all/function/internal_message.html?_=1689124019838&CODE_STATE=getMsg HTTP/1.1" 200 27
116.238.191.126 - - [12/Jul/2023:09:07:08 +0800] "GET /xingrg/kc/buy/cgsh_order_operate.html?command=get_materiel&rest_code=00151&code=00101006129&supplier_code=00100096&order_time=2023-07-12 HTTP/1.1" 200 433
114.85.113.108 - - [12/Jul/2023:09:07:12 +0800] "GET /xingrg/all/function/internal_message.html?_=1689124029850&CODE_STATE=getMsg HTTP/1.1" 200 27
114.95.42.59 - - [12/Jul/2023:09:07:29 +0800] "POST /xingrg/kc/buy/cgsh_order_operate.html HTTP/1.1" 200 37
180.163.29.206 - - [12/Jul/2023:09:07:30 +0800] "GET /xingrg/kc/buy/cgsh_order_operate.html?command=get_materiel&rest_code=00106&code=00101008361&supplier_code=00100007&order_time=2023-07-12 HTTP/1.1" 302 -
180.163.29.206 - - [12/Jul/2023:09:07:30 +0800] "GET /xingrg/login.html HTTP/1.1" 200 7641
116.238.191.126 - - [12/Jul/2023:09:07:31 +0800] "GET /xingrg/kc/buy/cgsh_order_operate.html?command=get_materiel&rest_code=00151&code=00101006027&supplier_code=00100096&order_time=2023-07-12 HTTP/1.1" 200 409
114.89.203.254 - - [12/Jul/2023:09:07:32 +0800] "GET /xingrg/all/function/internal_message.html?_=1689124052979&CODE_STATE=getMsg HTTP/1.1" 200 27
114.89.203.254 - - [12/Jul/2023:09:07:32 +0800] "GET /xingrg/check_reg.html?_=1689124052982 HTTP/1.1" 200 22
61.170.233.201 - - [12/Jul/2023:09:07:32 +0800] "GET /xingrg/kc/buy/cgsh_order_operate.html?command=get_materiel&rest_code=00106&code=00101008213&supplier_code=00100007&order_time=2023-07-12 HTTP/1.1" 200 412
116.232.195.127 - - [12/Jul/2023:09:07:33 +0800] "POST /xingrg/kc/buy/cgsh_list_operate.html HTTP/1.1" 200 6197
114.83.217.28 - - [12/Jul/2023:09:07:35 +0800] "GET /xingrg/all/function/internal_message.html?_=1689124054387&CODE_STATE=getMsg HTTP/1.1" 200 27
116.238.191.126 - - [12/Jul/2023:09:07:36 +0800] "GET /xingrg/all/function/internal_message.html?_=1689123959658&CODE_STATE=getMsg HTTP/1.1" 200 27
114.83.217.28 - - [12/Jul/2023:09:07:41 +0800] "GET /xingrg/kc/buy/cgsh_order_operate.html?command=get_materiel&rest_code=00149&code=00101008356&supplier_code=00100008&order_time=2023-07-12 HTTP/1.1" 200 408
114.95.42.59 - - [12/Jul/2023:09:07:42 +0800] "GET /xingrg/all/function/internal_message.html?_=1689123877283&CODE_STATE=getMsg HTTP/1.1" 200 27
116.238.191.126 - - [12/Jul/2023:09:07:42 +0800] "GET /xingrg/kc/buy/cgsh_order_operate.html?command=get_materiel&rest_code=00151&code=00101006013&supplier_code=00100096&order_time=2023-07-12 HTTP/1.1" 200 411
114.95.42.59 - - [12/Jul/2023:09:07:43 +0800] "POST /xingrg/kc/buy/cgsh_order_operate.html HTTP/1.1" 200 33367
120.253.135.82 - - [12/Jul/2023:09:07:47 +0800] "GET /xingrg/all/function/internal_message.html?_=1689123893578&CODE_STATE=getMsg HTTP/1.1" 200 27
61.170.233.201 - - [12/Jul/2023:09:07:53 +0800] "GET /xingrg/kc/buy/cgsh_order_operate.html?command=get_materiel&rest_code=00106&code=00101020139&supplier_code=00100007&order_time=2023-07-12 HTTP/1.1" 200 435
222.70.180.90 - - [12/Jul/2023:09:07:56 +0800] "GET /xingrg/all/function/internal_message.html?_=1689124074821&CODE_STATE=getMsg HTTP/1.1" 200 27
114.95.42.59 - - [12/Jul/2023:09:07:56 +0800] "GET /xingrg/all/function/internal_message.html?_=1689124077733&CODE_STATE=getMsg HTTP/1.1" 200 27
222.70.172.54 - - [12/Jul/2023:09:07:57 +0800] "GET /xingrg/all/function/internal_message.html?_=1689124087342&CODE_STATE=getMsg HTTP/1.1" 200 27
124.78.70.128 - - [12/Jul/2023:09:07:59 +0800] "GET /xingrg/login.html HTTP/1.1" 200 7641
124.78.70.128 - - [12/Jul/2023:09:08:00 +0800] "GET /favicon.ico HTTP/1.1" 404 -
116.232.195.127 - - [12/Jul/2023:09:08:02 +0800] "GET /xingrg/all/function/internal_message.html?_=1689124060021&CODE_STATE=getMsg HTTP/1.1" 200 27
114.83.217.28 - - [12/Jul/2023:09:08:04 +0800] "GET /xingrg/kc/buy/cgsh_order_operate.html?command=get_materiel&rest_code=00149&code=00101008300&supplier_code=00100008&order_time=2023-07-12 HTTP/1.1" 200 412
124.78.70.128 - - [12/Jul/2023:09:08:06 +0800] "POST /xingrg/login.do HTTP/1.1" 302 -
124.78.70.128 - - [12/Jul/2023:09:08:06 +0800] "GET /xingrg/index.html?sysBaseUrl=http%3A%2F%2F180.169.147.146%3A18081%2Fxingrg%2F&costTime=1514×tamp=1689124086130 HTTP/1.1" 200 17179
124.78.70.128 - - [12/Jul/2023:09:08:06 +0800] "GET /favicon.ico HTTP/1.1" 404 -
124.78.70.128 - - [12/Jul/2023:09:08:06 +0800] "POST /xingrg/all/common/load_tree.html?tree=area_rest_tree_json&manage=1 HTTP/1.1" 200 351
124.78.70.128 - - [12/Jul/2023:09:08:06 +0800] "GET /xingrg/all/function/internal_message.html?_=1689123564754&CODE_STATE=count HTTP/1.1" 200 11
124.78.70.128 - - [12/Jul/2023:09:08:06 +0800] "GET /xingrg/check_reg.html?_=1689123564756 HTTP/1.1" 200 22
124.78.70.128 - - [12/Jul/2023:09:08:07 +0800] "POST /xingrg/load_menu.html HTTP/1.1" 200 5138
61.170.233.201 - - [12/Jul/2023:09:08:07 +0800] "GET /xingrg/all/function/internal_message.html?_=1689124079827&CODE_STATE=getMsg HTTP/1.1" 200 27
124.78.70.128 - - [12/Jul/2023:09:08:08 +0800] "GET /xingrg/kc/base/base_main.html HTTP/1.1" 200 12142
61.170.233.201 - - [12/Jul/2023:09:08:10 +0800] "GET /xingrg/kc/buy/cgsh_order_operate.html?command=get_materiel&rest_code=00106&code=00101008144&supplier_code=00100007&order_time=2023-07-12 HTTP/1.1" 200 412
124.78.70.128 - - [12/Jul/2023:09:08:11 +0800] "GET /xingrg/kc/base/wldb_order_list.html HTTP/1.1" 200 19104
124.78.70.128 - - [12/Jul/2023:09:08:12 +0800] "POST /xingrg/kc/base/wldb_list_operate.html HTTP/1.1" 200 928
114.85.113.108 - - [12/Jul/2023:09:08:12 +0800] "GET /xingrg/all/function/internal_message.html?_=1689124089836&CODE_STATE=getMsg HTTP/1.1" 200 27
61.170.233.201 - - [12/Jul/2023:09:08:14 +0800] "POST /xingrg/kc/buy/cgsh_order_operate.html HTTP/1.1" 200 2065
124.78.70.128 - - [12/Jul/2023:09:08:14 +0800] "GET /xingrg/kc/base/wldb_order_add.html HTTP/1.1" 200 30387
124.78.70.128 - - [12/Jul/2023:09:08:14 +0800] "GET /xingrg/words/20230711134310_words.js HTTP/1.1" 304 -
124.78.70.128 - - [12/Jul/2023:09:08:14 +0800] "POST /xingrg/kc/base/wldb_order_operate.html HTTP/1.1" 200 6806
124.78.70.128 - - [12/Jul/2023:09:08:15 +0800] "GET /xingrg/javascript/easyui/themes/default/validatebox.css HTTP/1.1" 404 1104
124.78.70.128 - - [12/Jul/2023:09:08:15 +0800] "GET /xingrg/all/common/auto_word.html?type=base&rest_code=00141 HTTP/1.1" 200 1799
124.78.70.128 - - [12/Jul/2023:09:08:15 +0800] "GET /xingrg/all/common/auto_word.html?type=base&rest_code=00141 HTTP/1.1" 200 1799
116.238.191.126 - - [12/Jul/2023:09:08:15 +0800] "POST /xingrg/kc/buy/cgsh_order_operate.html HTTP/1.1" 200 37
180.163.28.55 - - [12/Jul/2023:09:08:18 +0800] "GET /xingrg/kc/buy/cgsh_order_operate.html?command=get_materiel&rest_code=00106&code=00101008213&supplier_code=00100007&order_time=2023-07-12 HTTP/1.1" 302 -
180.163.28.55 - - [12/Jul/2023:09:08:18 +0800] "GET /xingrg/login.html HTTP/1.1" 200 7641
116.238.191.126 - - [12/Jul/2023:09:08:26 +0800] "POST /xingrg/kc/buy/cgsh_order_operate.html HTTP/1.1" 200 12
124.78.70.128 - - [12/Jul/2023:09:08:28 +0800] "GET /xingrg/javascript/auto/indicator.gif HTTP/1.1" 404 1066
114.89.203.254 - - [12/Jul/2023:09:08:32 +0800] "GET /xingrg/all/function/internal_message.html?_=1689124112975&CODE_STATE=getMsg HTTP/1.1" 200 27
61.170.233.201 - - [12/Jul/2023:09:08:33 +0800] "POST /xingrg/kc/buy/cgsh_order_operate.html HTTP/1.1" 200 37
114.83.217.28 - - [12/Jul/2023:09:08:35 +0800] "GET /xingrg/check_reg.html?_=1689124114397 HTTP/1.1" 200 22
114.83.217.28 - - [12/Jul/2023:09:08:35 +0800] "GET /xingrg/all/function/internal_message.html?_=1689124114402&CODE_STATE=getMsg HTTP/1.1" 200 27
116.232.195.127 - - [12/Jul/2023:09:08:37 +0800] "POST /xingrg/kc/buy/cgsh_list_operate.html HTTP/1.1" 200 8048
114.83.217.28 - - [12/Jul/2023:09:08:41 +0800] "GET /xingrg/kc/buy/cgsh_order_operate.html?command=get_materiel&rest_code=00149&code=00101008403&supplier_code=00100008&order_time=2023-07-12 HTTP/1.1" 200 412
114.95.42.59 - - [12/Jul/2023:09:08:42 +0800] "GET /xingrg/check_reg.html?_=1689123937291 HTTP/1.1" 200 22
114.95.42.59 - - [12/Jul/2023:09:08:42 +0800] "GET /xingrg/all/function/internal_message.html?_=1689123937294&CODE_STATE=getMsg HTTP/1.1" 200 27
120.253.135.82 - - [12/Jul/2023:09:08:47 +0800] "GET /xingrg/all/function/internal_message.html?_=1689123953591&CODE_STATE=getMsg HTTP/1.1" 200 27
61.170.233.201 - - [12/Jul/2023:09:08:48 +0800] "POST /xingrg/kc/buy/cgsh_order_operate.html HTTP/1.1" 200 18677
116.232.195.127 - - [12/Jul/2023:09:08:51 +0800] "POST /xingrg/kc/buy/cgsh_list_operate.html HTTP/1.1" 200 10625
114.95.42.59 - - [12/Jul/2023:09:08:56 +0800] "GET /xingrg/all/function/internal_message.html?_=1689124137599&CODE_STATE=getMsg HTTP/1.1" 200 27
222.70.180.90 - - [12/Jul/2023:09:08:56 +0800] "GET /xingrg/all/function/internal_message.html?_=1689124134792&CODE_STATE=getMsg HTTP/1.1" 200 27
222.70.172.54 - - [12/Jul/2023:09:08:58 +0800] "GET /xingrg/all/function/internal_message.html?_=1689124147499&CODE_STATE=getMsg HTTP/1.1" 200 27
124.78.70.128 - - [12/Jul/2023:09:08:59 +0800] "GET /xingrg/javascript/jquery_tools/images/next.gif HTTP/1.1" 404 1086
124.78.70.128 - - [12/Jul/2023:09:08:59 +0800] "GET /xingrg/javascript/jquery_tools/images/prev.gif HTTP/1.1" 404 1086
116.232.195.127 - - [12/Jul/2023:09:09:02 +0800] "GET /xingrg/all/function/internal_message.html?_=1689124120011&CODE_STATE=getMsg HTTP/1.1" 200 27
124.78.70.128 - - [12/Jul/2023:09:09:06 +0800] "GET /xingrg/all/function/internal_message.html?_=1689123624774&CODE_STATE=getMsg HTTP/1.1" 200 27
180.163.29.103 - - [12/Jul/2023:09:09:07 +0800] "GET /xingrg/all/function/internal_message.html?_=1689124079827&CODE_STATE=getMsg HTTP/1.1" 302 -
180.163.29.103 - - [12/Jul/2023:09:09:07 +0800] "GET /xingrg/login.html HTTP/1.1" 200 7641
61.170.233.201 - - [12/Jul/2023:09:09:07 +0800] "GET /xingrg/all/function/internal_message.html?_=1689124139828&CODE_STATE=getMsg HTTP/1.1" 200 27
114.85.113.108 - - [12/Jul/2023:09:09:12 +0800] "GET /xingrg/all/function/internal_message.html?_=1689124149821&CODE_STATE=getMsg HTTP/1.1" 200 27
114.83.217.28 - - [12/Jul/2023:09:09:16 +0800] "GET /xingrg/kc/buy/cgsh_order_operate.html?command=get_materiel&rest_code=00149&code=00101008362&supplier_code=00100008&order_time=2023-07-12 HTTP/1.1" 200 408
114.83.217.28 - - [12/Jul/2023:09:09:27 +0800] "POST /xingrg/kc/buy/cgsh_order_operate.html HTTP/1.1" 200 2065
114.89.203.254 - - [12/Jul/2023:09:09:32 +0800] "GET /xingrg/all/function/internal_message.html?_=1689124172964&CODE_STATE=getMsg HTTP/1.1" 200 27
114.83.217.28 - - [12/Jul/2023:09:09:35 +0800] "GET /xingrg/all/function/internal_message.html?_=1689124174395&CODE_STATE=getMsg HTTP/1.1" 200 27
114.83.217.28 - - [12/Jul/2023:09:09:36 +0800] "GET /xingrg/kc/buy/cgsh_order_operate.html?command=get_materiel&rest_code=00149&code=00101008059&supplier_code=00100008&order_time=2023-07-12 HTTP/1.1" 200 408
120.253.135.82 - - [12/Jul/2023:09:09:41 +0800] "GET /xingrg/check_reg.html?_=1689124008285 HTTP/1.1" 200 22
114.95.42.59 - - [12/Jul/2023:09:09:42 +0800] "GET /xingrg/all/function/internal_message.html?_=1689123997280&CODE_STATE=getMsg HTTP/1.1" 200 27
120.253.135.82 - - [12/Jul/2023:09:09:47 +0800] "GET /xingrg/all/function/internal_message.html?_=1689124013605&CODE_STATE=getMsg HTTP/1.1" 200 27
114.95.42.59 - - [12/Jul/2023:09:09:56 +0800] "GET /xingrg/all/function/internal_message.html?_=1689124197601&CODE_STATE=getMsg HTTP/1.1" 200 27
222.70.180.90 - - [12/Jul/2023:09:09:56 +0800] "GET /xingrg/all/function/internal_message.html?_=1689124194776&CODE_STATE=getMsg HTTP/1.1" 200 27
222.70.172.54 - - [12/Jul/2023:09:09:58 +0800] "GET /xingrg/all/function/internal_message.html?_=1689124207510&CODE_STATE=getMsg HTTP/1.1" 200 27
116.232.195.127 - - [12/Jul/2023:09:10:02 +0800] "GET /xingrg/check_reg.html?_=1689124180019 HTTP/1.1" 200 22
116.232.195.127 - - [12/Jul/2023:09:10:02 +0800] "GET /xingrg/all/function/internal_message.html?_=1689124180024&CODE_STATE=getMsg HTTP/1.1" 200 27
61.170.233.201 - - [12/Jul/2023:09:10:05 +0800] "GET /xingrg/kc/buy/cgsh_order_operate.html?command=get_materiel&rest_code=00106&code=00101008244&supplier_code=00100007&order_time=2023-07-12 HTTP/1.1" 200 410
116.232.195.127 - - [12/Jul/2023:09:10:05 +0800] "POST /xingrg/kc/buy/cgsh_list_operate.html HTTP/1.1" 200 430
124.78.70.128 - - [12/Jul/2023:09:10:06 +0800] "GET /xingrg/all/function/internal_message.html?_=1689123684765&CODE_STATE=getMsg HTTP/1.1" 200 27
180.163.28.109 - - [12/Jul/2023:09:10:07 +0800] "GET /xingrg/all/function/internal_message.html?_=1689124139828&CODE_STATE=getMsg HTTP/1.1" 302 -
180.163.28.109 - - [12/Jul/2023:09:10:07 +0800] "GET /xingrg/login.html HTTP/1.1" 200 7641
61.170.233.201 - - [12/Jul/2023:09:10:07 +0800] "GET /xingrg/all/function/internal_message.html?_=1689124199840&CODE_STATE=getMsg HTTP/1.1" 200 27
61.170.233.201 - - [12/Jul/2023:09:10:07 +0800] "GET /xingrg/check_reg.html?_=1689124199843 HTTP/1.1" 200 22
116.232.195.127 - - [12/Jul/2023:09:10:07 +0800] "GET /xingrg/kc/buy/cgsh_order_info.html?code=212023071104369 HTTP/1.1" 200 66574
116.232.195.127 - - [12/Jul/2023:09:10:08 +0800] "GET /xingrg/javascript/easyui/themes/default/validatebox.css HTTP/1.1" 404 1104
116.232.195.127 - - [12/Jul/2023:09:10:09 +0800] "POST /xingrg/kc/buy/cgsh_order_operate.html HTTP/1.1" 200 2387
116.232.195.127 - - [12/Jul/2023:09:10:11 +0800] "GET /xingrg/kc/print/load_config.html?kc_code=cgsh HTTP/1.1" 200 1924
116.232.195.127 - - [12/Jul/2023:09:10:12 +0800] "GET /xingrg/kc/print/load_data.html?order_code=212023071104369&kc_code=cgsh HTTP/1.1" 200 1423
114.85.113.108 - - [12/Jul/2023:09:10:12 +0800] "GET /xingrg/all/function/internal_message.html?_=1689124209794&CODE_STATE=getMsg HTTP/1.1" 200 27
116.238.191.126 - - [12/Jul/2023:09:10:17 +0800] "GET /xingrg/check_reg.html?_=1689124120541 HTTP/1.1" 200 22
116.238.191.126 - - [12/Jul/2023:09:10:17 +0800] "GET /xingrg/all/function/internal_message.html?_=1689124120544&CODE_STATE=getMsg HTTP/1.1" 200 27
116.238.191.126 - - [12/Jul/2023:09:10:18 +0800] "GET /xingrg/kc/buy/cgsh_order_info.html?code=212023071204612 HTTP/1.1" 200 66133
116.238.191.126 - - [12/Jul/2023:09:10:18 +0800] "GET /xingrg/javascript/easyui/themes/default/validatebox.css HTTP/1.1" 404 1104
116.238.191.126 - - [12/Jul/2023:09:10:20 +0800] "POST /xingrg/kc/buy/cgsh_order_operate.html HTTP/1.1" 200 6608
124.78.70.128 - - [12/Jul/2023:09:10:23 +0800] "GET /xingrg/kc/base/wldb_order_operate.html?command=get_materiel&rest_code=00141&base_code=0010377&code=00102032034 HTTP/1.1" 200 452
116.238.191.126 - - [12/Jul/2023:09:10:23 +0800] "GET /xingrg/kc/print/load_data.html?order_code=212023071204612&kc_code=cgsh&condition= HTTP/1.1" 200 3032
114.85.113.108 - - [12/Jul/2023:09:10:29 +0800] "GET /xingrg/check_reg.html?_=1689124226660 HTTP/1.1" 200 22
114.89.203.254 - - [12/Jul/2023:09:10:32 +0800] "GET /xingrg/all/function/internal_message.html?_=1689124232963&CODE_STATE=getMsg HTTP/1.1" 200 27
114.83.217.28 - - [12/Jul/2023:09:10:35 +0800] "GET /xingrg/all/function/internal_message.html?_=1689124234409&CODE_STATE=getMsg HTTP/1.1" 200 27
61.170.233.201 - - [12/Jul/2023:09:10:37 +0800] "GET /xingrg/kc/buy/cgsh_order_operate.html?command=get_materiel&rest_code=00106&code=00101008224&supplier_code=00100007&order_time=2023-07-12 HTTP/1.1" 200 416
114.95.42.59 - - [12/Jul/2023:09:10:42 +0800] "GET /xingrg/all/function/internal_message.html?_=1689124057290&CODE_STATE=getMsg HTTP/1.1" 200 27
120.253.135.82 - - [12/Jul/2023:09:10:47 +0800] "GET /xingrg/all/function/internal_message.html?_=1689124073619&CODE_STATE=getMsg HTTP/1.1" 200 27
61.170.233.201 - - [12/Jul/2023:09:10:47 +0800] "GET /xingrg/kc/buy/cgsh_order_operate.html?command=get_materiel&rest_code=00106&code=00101008370&supplier_code=00100007&order_time=2023-07-12 HTTP/1.1" 200 412
114.83.217.28 - - [12/Jul/2023:09:10:48 +0800] "GET /xingrg/kc/buy/cgsh_order_operate.html?command=get_materiel&rest_code=00149&code=00101008077&supplier_code=00100008&order_time=2023-07-12 HTTP/1.1" 200 416
114.95.42.59 - - [12/Jul/2023:09:10:56 +0800] "GET /xingrg/all/function/internal_message.html?_=1689124257602&CODE_STATE=getMsg HTTP/1.1" 200 27
222.70.180.90 - - [12/Jul/2023:09:10:56 +0800] "GET /xingrg/all/function/internal_message.html?_=1689124254746&CODE_STATE=getMsg HTTP/1.1" 200 27
222.70.172.54 - - [12/Jul/2023:09:10:56 +0800] "GET /xingrg/check_reg.html?_=1689124266235 HTTP/1.1" 200 22
222.70.172.54 - - [12/Jul/2023:09:10:58 +0800] "GET /xingrg/all/function/internal_message.html?_=1689124267524&CODE_STATE=getMsg HTTP/1.1" 200 27
180.163.29.234 - - [12/Jul/2023:09:11:02 +0800] "GET /xingrg/kc/buy/cgsh_order_operate.html?command=get_materiel&rest_code=00106&code=00101008244&supplier_code=00100007&order_time=2023-07-12 HTTP/1.1" 302 -
180.163.29.234 - - [12/Jul/2023:09:11:02 +0800] "GET /xingrg/login.html HTTP/1.1" 200 7641
116.232.195.127 - - [12/Jul/2023:09:11:02 +0800] "GET /xingrg/all/function/internal_message.html?_=1689124240017&CODE_STATE=getMsg HTTP/1.1" 200 27
124.78.70.128 - - [12/Jul/2023:09:11:06 +0800] "GET /xingrg/all/function/internal_message.html?_=1689123744772&CODE_STATE=getMsg HTTP/1.1" 200 27
180.163.28.180 - - [12/Jul/2023:09:11:07 +0800] "GET /xingrg/check_reg.html?_=1689124199843 HTTP/1.1" 302 -
180.163.28.180 - - [12/Jul/2023:09:11:07 +0800] "GET /xingrg/login.html HTTP/1.1" 200 7641
61.170.233.201 - - [12/Jul/2023:09:11:07 +0800] "GET /xingrg/all/function/internal_message.html?_=1689124259841&CODE_STATE=getMsg HTTP/1.1" 200 27
114.83.217.28 - - [12/Jul/2023:09:11:08 +0800] "GET /xingrg/kc/buy/cgsh_order_operate.html?command=get_materiel&rest_code=00149&code=00101008223&supplier_code=00100008&order_time=2023-07-12 HTTP/1.1" 200 412
114.85.113.108 - - [12/Jul/2023:09:11:12 +0800] "GET /xingrg/all/function/internal_message.html?_=1689124269770&CODE_STATE=getMsg HTTP/1.1" 200 27
116.238.191.126 - - [12/Jul/2023:09:11:17 +0800] "GET /xingrg/all/function/internal_message.html?_=1689124180571&CODE_STATE=getMsg HTTP/1.1" 200 27
61.170.233.201 - - [12/Jul/2023:09:11:19 +0800] "POST /xingrg/kc/buy/cgsh_order_operate.html HTTP/1.1" 200 2065
114.89.203.254 - - [12/Jul/2023:09:11:32 +0800] "GET /xingrg/all/function/internal_message.html?_=1689124292964&CODE_STATE=getMsg HTTP/1.1" 200 27
180.163.30.100 - - [12/Jul/2023:09:11:34 +0800] "GET /xingrg/kc/buy/cgsh_order_operate.html?command=get_materiel&rest_code=00106&code=00101008224&supplier_code=00100007&order_time=2023-07-12 HTTP/1.1" 302 -
180.163.30.100 - - [12/Jul/2023:09:11:34 +0800] "GET /xingrg/login.html HTTP/1.1" 200 7641
114.83.217.28 - - [12/Jul/2023:09:11:35 +0800] "GET /xingrg/all/function/internal_message.html?_=1689124294386&CODE_STATE=getMsg HTTP/1.1" 200 27
114.95.42.59 - - [12/Jul/2023:09:11:42 +0800] "GET /xingrg/all/function/internal_message.html?_=1689124117276&CODE_STATE=getMsg HTTP/1.1" 200 27
114.83.217.28 - - [12/Jul/2023:09:11:43 +0800] "GET /xingrg/kc/buy/cgsh_order_operate.html?command=get_materiel&rest_code=00149&code=00101008060&supplier_code=00100008&order_time=2023-07-12 HTTP/1.1" 200 416
120.253.135.82 - - [12/Jul/2023:09:11:47 +0800] "GET /xingrg/all/function/internal_message.html?_=1689124133968&CODE_STATE=getMsg HTTP/1.1" 200 27
114.83.217.28 - - [12/Jul/2023:09:11:50 +0800] "POST /xingrg/kc/buy/cgsh_order_operate.html HTTP/1.1" 200 2065
114.95.42.59 - - [12/Jul/2023:09:11:56 +0800] "GET /xingrg/check_reg.html?_=1689124317685 HTTP/1.1" 200 22
114.95.42.59 - - [12/Jul/2023:09:11:56 +0800] "GET /xingrg/all/function/internal_message.html?_=1689124317687&CODE_STATE=getMsg HTTP/1.1" 200 27
222.70.172.54 - - [12/Jul/2023:09:11:58 +0800] "GET /xingrg/all/function/internal_message.html?_=1689124327539&CODE_STATE=getMsg HTTP/1.1" 200 27
124.78.70.128 - - [12/Jul/2023:09:12:06 +0800] "GET /xingrg/all/function/internal_message.html?_=1689123804766&CODE_STATE=getMsg HTTP/1.1" 200 27
61.170.233.201 - - [12/Jul/2023:09:12:07 +0800] "GET /xingrg/all/function/internal_message.html?_=1689124319834&CODE_STATE=getMsg HTTP/1.1" 200 27
114.85.113.108 - - [12/Jul/2023:09:12:12 +0800] "GET /xingrg/all/function/internal_message.html?_=1689124329744&CODE_STATE=getMsg HTTP/1.1" 200 27
116.238.191.126 - - [12/Jul/2023:09:12:17 +0800] "GET /xingrg/all/function/internal_message.html?_=1689124240632&CODE_STATE=getMsg HTTP/1.1" 200 27
114.89.203.254 - - [12/Jul/2023:09:12:32 +0800] "GET /xingrg/all/function/internal_message.html?_=1689124352970&CODE_STATE=getMsg HTTP/1.1" 200 27
114.89.203.254 - - [12/Jul/2023:09:12:32 +0800] "GET /xingrg/check_reg.html?_=1689124352971 HTTP/1.1" 200 22
114.83.217.28 - - [12/Jul/2023:09:12:35 +0800] "GET /xingrg/all/function/internal_message.html?_=1689124354393&CODE_STATE=getMsg HTTP/1.1" 200 27
114.95.42.59 - - [12/Jul/2023:09:12:42 +0800] "GET /xingrg/all/function/internal_message.html?_=1689124177276&CODE_STATE=getMsg HTTP/1.1" 200 27
120.253.135.82 - - [12/Jul/2023:09:12:47 +0800] "GET /xingrg/all/function/internal_message.html?_=1689124193989&CODE_STATE=getMsg HTTP/1.1" 200 27
61.170.233.201 - - [12/Jul/2023:09:12:54 +0800] "GET /xingrg/kc/buy/cgsh_order_operate.html?command=get_materiel&rest_code=00106&code=00101008295&supplier_code=00100007&order_time=2023-07-12 HTTP/1.1" 200 412
114.95.42.59 - - [12/Jul/2023:09:12:56 +0800] "GET /xingrg/all/function/internal_message.html?_=1689124377711&CODE_STATE=getMsg HTTP/1.1" 200 27
222.70.172.54 - - [12/Jul/2023:09:12:58 +0800] "GET /xingrg/all/function/internal_message.html?_=1689124387551&CODE_STATE=getMsg HTTP/1.1" 200 27
124.78.70.128 - - [12/Jul/2023:09:13:06 +0800] "GET /xingrg/check_reg.html?_=1689123864774 HTTP/1.1" 200 22
124.78.70.128 - - [12/Jul/2023:09:13:06 +0800] "GET /xingrg/all/function/internal_message.html?_=1689123864775&CODE_STATE=getMsg HTTP/1.1" 200 27
180.163.29.79 - - [12/Jul/2023:09:13:07 +0800] "GET /xingrg/all/function/internal_message.html?_=1689124319834&CODE_STATE=getMsg HTTP/1.1" 302 -
180.163.29.79 - - [12/Jul/2023:09:13:07 +0800] "GET /xingrg/login.html HTTP/1.1" 200 7641
61.170.233.201 - - [12/Jul/2023:09:13:07 +0800] "GET /xingrg/all/function/internal_message.html?_=1689124379838&CODE_STATE=getMsg HTTP/1.1" 200 27
114.95.42.59 - - [12/Jul/2023:09:13:09 +0800] "POST /xingrg/kc/buy/cgsh_order_operate.html HTTP/1.1" 200 37
114.83.217.28 - - [12/Jul/2023:09:13:09 +0800] "GET /xingrg/kc/buy/cgsh_order_operate.html?command=get_materiel&rest_code=00149&code=00101008244&supplier_code=00100008&order_time=2023-07-12 HTTP/1.1" 200 408
222.70.180.90 - - [12/Jul/2023:09:13:11 +0800] "POST /xingrg/services/DataTransmitService HTTP/1.1" 200 524
114.95.42.59 - - [12/Jul/2023:09:13:12 +0800] "POST /xingrg/kc/buy/cgsh_order_operate.html HTTP/1.1" 200 33367
114.85.113.108 - - [12/Jul/2023:09:13:12 +0800] "GET /xingrg/all/function/internal_message.html?_=1689124389729&CODE_STATE=getMsg HTTP/1.1" 200 27
116.238.191.126 - - [12/Jul/2023:09:13:17 +0800] "GET /xingrg/all/function/internal_message.html?_=1689124300645&CODE_STATE=getMsg HTTP/1.1" 200 27
180.165.154.167 - - [12/Jul/2023:09:13:21 +0800] "POST /xingrg/services/DataTransmitService HTTP/1.1" 200 524
114.83.217.28 - - [12/Jul/2023:09:13:22 +0800] "GET /xingrg/kc/buy/cgsh_order_operate.html?command=get_materiel&rest_code=00149&code=00101008332&supplier_code=00100008&order_time=2023-07-12 HTTP/1.1" 200 412
114.95.42.59 - - [12/Jul/2023:09:13:25 +0800] "GET /xingrg/kc/print/load_data.html?order_code=212023071204611&kc_code=cgsh&condition= HTTP/1.1" 200 12214
114.89.203.254 - - [12/Jul/2023:09:13:32 +0800] "GET /xingrg/all/function/internal_message.html?_=1689124412969&CODE_STATE=getMsg HTTP/1.1" 200 27
114.83.217.28 - - [12/Jul/2023:09:13:34 +0800] "GET /xingrg/kc/buy/cgsh_order_operate.html?command=get_materiel&rest_code=00149&code=00101008357&supplier_code=00100008&order_time=2023-07-12 HTTP/1.1" 200 408
114.83.217.28 - - [12/Jul/2023:09:13:35 +0800] "GET /xingrg/check_reg.html?_=1689124414389 HTTP/1.1" 200 22
114.83.217.28 - - [12/Jul/2023:09:13:35 +0800] "GET /xingrg/all/function/internal_message.html?_=1689124414392&CODE_STATE=getMsg HTTP/1.1" 200 27
114.95.42.59 - - [12/Jul/2023:09:13:36 +0800] "GET /xingrg/javascript/jquery_easy_ui/themes/default/images/tabs_active.png HTTP/1.1" 304 -
114.95.42.59 - - [12/Jul/2023:09:13:42 +0800] "GET /xingrg/all/function/internal_message.html?_=1689124237285&CODE_STATE=getMsg HTTP/1.1" 200 27
114.95.42.59 - - [12/Jul/2023:09:13:42 +0800] "GET /xingrg/check_reg.html?_=1689124237288 HTTP/1.1" 200 22
120.253.135.82 - - [12/Jul/2023:09:13:48 +0800] "GET /xingrg/all/function/internal_message.html?_=1689124254243&CODE_STATE=getMsg HTTP/1.1" 200 27
