116.232.195.127 - - [12/Jul/2023:08:41:58 +0800] "GET /xingrg/kc/buy/cgsh_order_operate.html?command=get_materiel&rest_code=00155&code=00101015006&supplier_code=00100037&order_time=2023-07-12 HTTP/1.1" 200 413
114.89.203.254 - - [12/Jul/2023:08:42:01 +0800] "GET /xingrg/kc/buy/cgsh_order_operate.html?command=get_materiel&rest_code=00102&code=00101008041&supplier_code=00100008&order_time=2023-07-12 HTTP/1.1" 200 408
116.232.195.127 - - [12/Jul/2023:08:42:06 +0800] "GET /xingrg/kc/buy/cgsh_order_operate.html?command=get_materiel&rest_code=00155&code=00101016105&supplier_code=00100037&order_time=2023-07-12 HTTP/1.1" 200 409
120.253.135.82 - - [12/Jul/2023:08:42:12 +0800] "POST /xingrg/all/common/load_select.html HTTP/1.1" 200 25
114.85.113.108 - - [12/Jul/2023:08:42:13 +0800] "GET /xingrg/all/function/internal_message.html?_=1689122530301&CODE_STATE=getMsg HTTP/1.1" 200 27
120.253.135.82 - - [12/Jul/2023:08:42:14 +0800] "GET /xingrg/kc/pszx/mdps_order_operate.html?command=get_materiel_price&pszx_code=00101&rest_code=00147&base_code=0010246&code=00101019184&unit_code=00100037&order_time=2023-07-13 HTTP/1.1" 200 35
116.232.195.127 - - [12/Jul/2023:08:42:16 +0800] "GET /xingrg/kc/buy/cgsh_order_operate.html?command=get_materiel&rest_code=00155&code=00101009118&supplier_code=00100037&order_time=2023-07-12 HTTP/1.1" 200 406
114.89.203.254 - - [12/Jul/2023:08:42:18 +0800] "POST /xingrg/kc/buy/cgsh_order_operate.html HTTP/1.1" 200 2065
120.253.135.82 - - [12/Jul/2023:08:42:20 +0800] "POST /xingrg/all/common/load_select.html HTTP/1.1" 200 25
120.253.135.82 - - [12/Jul/2023:08:42:23 +0800] "GET /xingrg/kc/pszx/mdps_order_operate.html?command=get_materiel_price&pszx_code=00101&rest_code=00147&base_code=0010246&code=00101019400&unit_code=00100111&order_time=2023-07-13 HTTP/1.1" 200 35
116.232.195.127 - - [12/Jul/2023:08:42:25 +0800] "GET /xingrg/kc/buy/cgsh_order_operate.html?command=get_materiel&rest_code=00155&code=00101023022&supplier_code=00100037&order_time=2023-07-12 HTTP/1.1" 200 406
114.89.203.254 - - [12/Jul/2023:08:42:28 +0800] "GET /xingrg/kc/buy/cgsh_order_operate.html?command=get_materiel&rest_code=00102&code=00101015039&supplier_code=00100008&order_time=2023-07-12 HTTP/1.1" 200 412
116.238.191.126 - - [12/Jul/2023:08:42:31 +0800] "GET /xingrg/check_reg.html?_=1689122454324 HTTP/1.1" 200 22
114.89.203.254 - - [12/Jul/2023:08:42:32 +0800] "GET /xingrg/check_reg.html?_=1689122552962 HTTP/1.1" 200 22
114.89.203.254 - - [12/Jul/2023:08:42:32 +0800] "GET /xingrg/all/function/internal_message.html?_=1689122552965&CODE_STATE=getMsg HTTP/1.1" 200 27
116.232.195.127 - - [12/Jul/2023:08:42:32 +0800] "GET /xingrg/kc/buy/cgsh_order_operate.html?command=get_materiel&rest_code=00155&code=00101009004&supplier_code=00100037&order_time=2023-07-12 HTTP/1.1" 200 409
116.238.191.126 - - [12/Jul/2023:08:42:32 +0800] "GET /xingrg/all/function/internal_message.html?_=1689122455995&CODE_STATE=getMsg HTTP/1.1" 200 27
120.253.135.82 - - [12/Jul/2023:08:42:38 +0800] "GET /xingrg/all/function/internal_message.html?_=1689122700002&CODE_STATE=getMsg HTTP/1.1" 302 -
120.253.135.82 - - [12/Jul/2023:08:42:38 +0800] "GET /xingrg/login.html HTTP/1.1" 200 7641
120.253.135.82 - - [12/Jul/2023:08:42:41 +0800] "GET /xingrg/all/function/internal_message.html?_=1689122388246&CODE_STATE=getMsg HTTP/1.1" 200 27
116.232.195.127 - - [12/Jul/2023:08:42:42 +0800] "GET /xingrg/kc/buy/cgsh_order_operate.html?command=get_materiel&rest_code=00155&code=00101009079&supplier_code=00100037&order_time=2023-07-12 HTTP/1.1" 200 409
120.253.135.82 - - [12/Jul/2023:08:42:42 +0800] "POST /xingrg/kc/pszx/mdps_order_operate.html HTTP/1.1" 200 37
120.253.135.82 - - [12/Jul/2023:08:42:44 +0800] "GET /xingrg/kc/pszx/mdps_order_info.html?code=312023071200279 HTTP/1.1" 200 23978
120.253.135.82 - - [12/Jul/2023:08:42:44 +0800] "GET /xingrg/javascript/easyui/themes/default/validatebox.css HTTP/1.1" 404 1104
120.253.135.82 - - [12/Jul/2023:08:42:45 +0800] "POST /xingrg/kc/pszx/mdps_order_operate.html HTTP/1.1" 200 12035
116.232.195.127 - - [12/Jul/2023:08:42:48 +0800] "GET /xingrg/all/function/internal_message.html?_=1689122537836&CODE_STATE=getMsg HTTP/1.1" 200 27
114.95.42.59 - - [12/Jul/2023:08:42:56 +0800] "GET /xingrg/all/function/internal_message.html?_=1689122577590&CODE_STATE=getMsg HTTP/1.1" 200 27
222.70.172.54 - - [12/Jul/2023:08:42:57 +0800] "GET /xingrg/all/function/internal_message.html?_=1689122586942&CODE_STATE=getMsg HTTP/1.1" 200 27
120.253.135.82 - - [12/Jul/2023:08:42:57 +0800] "GET /xingrg/kc/pszx/mdps_order_info.html?code=312023071200279 HTTP/1.1" 200 23978
120.253.135.82 - - [12/Jul/2023:08:42:58 +0800] "GET /xingrg/javascript/easyui/themes/default/validatebox.css HTTP/1.1" 404 1104
120.253.135.82 - - [12/Jul/2023:08:42:59 +0800] "POST /xingrg/kc/pszx/mdps_order_operate.html HTTP/1.1" 200 12035
116.232.195.127 - - [12/Jul/2023:08:42:59 +0800] "GET /xingrg/kc/buy/cgsh_order_operate.html?command=get_materiel&rest_code=00155&code=00101009113&supplier_code=00100037&order_time=2023-07-12 HTTP/1.1" 200 412
114.89.203.254 - - [12/Jul/2023:08:42:59 +0800] "POST /xingrg/kc/buy/cgsh_order_operate.html HTTP/1.1" 200 37
120.253.135.82 - - [12/Jul/2023:08:43:02 +0800] "POST /xingrg/kc/pszx/mdps_list_operate.html HTTP/1.1" 200 5234
114.95.42.59 - - [12/Jul/2023:08:43:02 +0800] "GET /xingrg/index.html?sysBaseUrl=http%3A%2F%2F180.169.147.146%3A18081%2Fxingrg%2F&costTime=32×tamp=1585224308505 HTTP/1.1" 302 -
114.89.203.254 - - [12/Jul/2023:08:43:02 +0800] "POST /xingrg/kc/buy/cgsh_order_operate.html HTTP/1.1" 200 31644
120.253.135.82 - - [12/Jul/2023:08:43:04 +0800] "POST /xingrg/kc/pszx/mdps_list_operate.html HTTP/1.1" 200 628
114.95.42.59 - - [12/Jul/2023:08:43:05 +0800] "GET /xingrg/login.html HTTP/1.1" 200 7641
120.253.135.82 - - [12/Jul/2023:08:43:06 +0800] "GET /xingrg/kc/pszx/mdps_order_info.html?code=312023071200280 HTTP/1.1" 200 23978
120.253.135.82 - - [12/Jul/2023:08:43:06 +0800] "GET /xingrg/javascript/easyui/themes/default/validatebox.css HTTP/1.1" 404 1104
114.95.42.59 - - [12/Jul/2023:08:43:06 +0800] "GET /xingrg/images/blue/jxLogo.png HTTP/1.1" 304 -
120.253.135.82 - - [12/Jul/2023:08:43:07 +0800] "POST /xingrg/kc/pszx/mdps_order_operate.html HTTP/1.1" 200 7746
120.253.135.82 - - [12/Jul/2023:08:43:09 +0800] "POST /xingrg/all/common/load_combo.html?type=base HTTP/1.1" 200 1169
114.89.203.254 - - [12/Jul/2023:08:43:10 +0800] "GET /xingrg/kc/buy/cgsh_order_operate.html?command=get_materiel&rest_code=00102&code=00101008224&supplier_code=00100008&order_time=2023-07-12 HTTP/1.1" 200 416
114.85.113.108 - - [12/Jul/2023:08:43:13 +0800] "GET /xingrg/all/function/internal_message.html?_=1689122590285&CODE_STATE=getMsg HTTP/1.1" 200 27
120.253.135.82 - - [12/Jul/2023:08:43:14 +0800] "POST /xingrg/kc/pszx/mdps_order_operate.html HTTP/1.1" 200 37
120.253.135.82 - - [12/Jul/2023:08:43:16 +0800] "GET /xingrg/kc/pszx/mdps_order_info.html?code=312023071200280 HTTP/1.1" 200 23978
120.253.135.82 - - [12/Jul/2023:08:43:17 +0800] "GET /xingrg/javascript/easyui/themes/default/validatebox.css HTTP/1.1" 404 1104
120.253.135.82 - - [12/Jul/2023:08:43:17 +0800] "POST /xingrg/kc/pszx/mdps_order_operate.html HTTP/1.1" 200 7841
114.95.42.59 - - [12/Jul/2023:08:43:19 +0800] "GET /xingrg/images/blue/login_bg.png HTTP/1.1" 304 -
114.95.42.59 - - [12/Jul/2023:08:43:19 +0800] "GET /xingrg/images/blue/hj.png HTTP/1.1" 304 -
114.95.42.59 - - [12/Jul/2023:08:43:20 +0800] "GET /xingrg/images/blue/srbg.png HTTP/1.1" 304 -
114.95.42.59 - - [12/Jul/2023:08:43:22 +0800] "GET /favicon.ico HTTP/1.1" 404 -
120.253.135.82 - - [12/Jul/2023:08:43:32 +0800] "POST /xingrg/kc/pszx/mdps_list_operate.html HTTP/1.1" 200 5234
114.89.203.254 - - [12/Jul/2023:08:43:32 +0800] "GET /xingrg/all/function/internal_message.html?_=1689122612957&CODE_STATE=getMsg HTTP/1.1" 200 27
116.238.191.126 - - [12/Jul/2023:08:43:32 +0800] "GET /xingrg/all/function/internal_message.html?_=1689122516009&CODE_STATE=getMsg HTTP/1.1" 200 27
120.253.135.82 - - [12/Jul/2023:08:43:34 +0800] "POST /xingrg/kc/pszx/mdps_list_operate.html HTTP/1.1" 200 661
120.253.135.82 - - [12/Jul/2023:08:43:35 +0800] "GET /xingrg/kc/pszx/mdps_order_info.html?code=312023071200279 HTTP/1.1" 200 23978
120.253.135.82 - - [12/Jul/2023:08:43:35 +0800] "GET /xingrg/javascript/easyui/themes/default/validatebox.css HTTP/1.1" 404 1104
116.232.195.127 - - [12/Jul/2023:08:43:36 +0800] "GET /xingrg/kc/buy/cgsh_order_operate.html?command=get_materiel&rest_code=00155&code=00101013199&supplier_code=00100037&order_time=2023-07-12 HTTP/1.1" 200 438
120.253.135.82 - - [12/Jul/2023:08:43:36 +0800] "POST /xingrg/kc/pszx/mdps_order_operate.html HTTP/1.1" 200 12035
114.95.42.59 - - [12/Jul/2023:08:43:37 +0800] "POST /xingrg/login.do HTTP/1.1" 302 -
114.95.42.59 - - [12/Jul/2023:08:43:38 +0800] "GET /xingrg/index.html?sysBaseUrl=http%3A%2F%2F180.169.147.146%3A18081%2Fxingrg%2F&costTime=2121×tamp=1689122617876 HTTP/1.1" 200 17173
114.95.42.59 - - [12/Jul/2023:08:43:38 +0800] "GET /xingrg/javascript/jquery_easy_ui/themes/default/easyui.css HTTP/1.1" 304 -
114.95.42.59 - - [12/Jul/2023:08:43:38 +0800] "GET /xingrg/javascript/jquery_easy_ui/themes/icon.css HTTP/1.1" 304 -
114.95.42.59 - - [12/Jul/2023:08:43:38 +0800] "GET /xingrg/css/form.css HTTP/1.1" 304 -
114.95.42.59 - - [12/Jul/2023:08:43:38 +0800] "GET /xingrg/javascript/jquery-1.4.2.min.js HTTP/1.1" 304 -
114.95.42.59 - - [12/Jul/2023:08:43:38 +0800] "GET /xingrg/javascript/jquery_easy_ui/jquery.easyui.min.js HTTP/1.1" 304 -
114.95.42.59 - - [12/Jul/2023:08:43:38 +0800] "GET /xingrg/javascript/jquery_easy_ui/easyui-lang-zh_CN.js HTTP/1.1" 304 -
114.95.42.59 - - [12/Jul/2023:08:43:38 +0800] "GET /xingrg/javascript/jquery.form.js HTTP/1.1" 304 -
114.95.42.59 - - [12/Jul/2023:08:43:38 +0800] "GET /xingrg/javascript/jquery.utils.js HTTP/1.1" 304 -
114.95.42.59 - - [12/Jul/2023:08:43:38 +0800] "GET /xingrg/javascript/jquery.timers.js HTTP/1.1" 304 -
114.95.42.59 - - [12/Jul/2023:08:43:38 +0800] "GET /favicon.ico HTTP/1.1" 404 -
120.253.135.82 - - [12/Jul/2023:08:43:39 +0800] "GET /xingrg/all/function/internal_message.html?_=1689122761007&CODE_STATE=getMsg HTTP/1.1" 302 -
120.253.135.82 - - [12/Jul/2023:08:43:39 +0800] "GET /xingrg/login.html HTTP/1.1" 200 7641
114.95.42.59 - - [12/Jul/2023:08:43:39 +0800] "GET /xingrg/javascript/jquery_easy_ui/themes/icons/settle_new.png HTTP/1.1" 304 -
114.95.42.59 - - [12/Jul/2023:08:43:39 +0800] "GET /xingrg/images/blue/navBackgound.jpg HTTP/1.1" 304 -
114.95.42.59 - - [12/Jul/2023:08:43:40 +0800] "POST /xingrg/all/common/load_tree.html?tree=area_rest_tree_json&manage=1 HTTP/1.1" 200 342
120.253.135.82 - - [12/Jul/2023:08:43:41 +0800] "GET /xingrg/all/function/internal_message.html?_=1689122448260&CODE_STATE=getMsg HTTP/1.1" 200 27
114.95.42.59 - - [12/Jul/2023:08:43:42 +0800] "GET /xingrg/all/function/internal_message.html?_=1689122437238&CODE_STATE=count HTTP/1.1" 200 11
114.95.42.59 - - [12/Jul/2023:08:43:42 +0800] "GET /xingrg/check_reg.html?_=1689122437239 HTTP/1.1" 200 22
114.95.42.59 - - [12/Jul/2023:08:43:42 +0800] "GET /xingrg/images/blue/pingpu.png HTTP/1.1" 304 -
114.95.42.59 - - [12/Jul/2023:08:43:42 +0800] "GET /xingrg/javascript/jquery_easy_ui/themes/default/images/tabs_leftarrow.png HTTP/1.1" 304 -
114.95.42.59 - - [12/Jul/2023:08:43:42 +0800] "GET /xingrg/javascript/jquery_easy_ui/themes/default/images/panel_tool_collapse.gif HTTP/1.1" 304 -
114.95.42.59 - - [12/Jul/2023:08:43:42 +0800] "GET /xingrg/javascript/jquery_easy_ui/themes/default/images/tabs_rightarrow.png HTTP/1.1" 304 -
114.95.42.59 - - [12/Jul/2023:08:43:42 +0800] "POST /xingrg/load_menu.html HTTP/1.1" 200 5138
114.95.42.59 - - [12/Jul/2023:08:43:42 +0800] "GET /xingrg/javascript/jquery_easy_ui/themes/default/images/tree_arrows.gif HTTP/1.1" 304 -
114.95.42.59 - - [12/Jul/2023:08:43:42 +0800] "GET /xingrg/javascript/jquery_easy_ui/themes/default/images/tree_folder_open.gif HTTP/1.1" 304 -
114.95.42.59 - - [12/Jul/2023:08:43:43 +0800] "GET /xingrg/javascript/jquery_easy_ui/themes/icons/search_new.png HTTP/1.1" 304 -
114.95.42.59 - - [12/Jul/2023:08:43:43 +0800] "GET /xingrg/javascript/jquery_easy_ui/themes/default/images/tree_folder.gif HTTP/1.1" 304 -
114.95.42.59 - - [12/Jul/2023:08:43:43 +0800] "GET /xingrg/javascript/jquery_easy_ui/themes/icons/storage_new.png HTTP/1.1" 304 -
114.95.42.59 - - [12/Jul/2023:08:43:43 +0800] "GET /xingrg/javascript/jquery_easy_ui/themes/icons/forms_new.png HTTP/1.1" 304 -
114.95.42.59 - - [12/Jul/2023:08:43:43 +0800] "GET /xingrg/javascript/jquery_easy_ui/themes/default/images/tree_file.gif HTTP/1.1" 304 -
120.253.135.82 - - [12/Jul/2023:08:43:46 +0800] "GET /xingrg/kc/pszx/mdps_order_operate.html?command=get_materiel&pszx_code=00101&rest_code=00147&base_code=0010246&code=00102012003 HTTP/1.1" 200 443
116.232.195.127 - - [12/Jul/2023:08:43:48 +0800] "GET /xingrg/all/function/internal_message.html?_=1689122597851&CODE_STATE=getMsg HTTP/1.1" 200 27
114.95.42.59 - - [12/Jul/2023:08:43:52 +0800] "GET /xingrg/kc/buy/buy_main.html HTTP/1.1" 200 12412
114.95.42.59 - - [12/Jul/2023:08:43:52 +0800] "GET /xingrg/javascript/jquery_easy_ui/themes/default/images/tabs_close.gif HTTP/1.1" 304 -
114.95.42.59 - - [12/Jul/2023:08:43:52 +0800] "GET /xingrg/css/blue.css HTTP/1.1" 304 -
114.95.42.59 - - [12/Jul/2023:08:43:52 +0800] "GET /xingrg/css/new_ie.css HTTP/1.1" 404 1036
114.95.42.59 - - [12/Jul/2023:08:43:52 +0800] "GET /xingrg/javascript/jquery_ui/themes/humanity/humanity.css HTTP/1.1" 304 -
114.95.42.59 - - [12/Jul/2023:08:43:52 +0800] "GET /xingrg/javascript/pic_change.js HTTP/1.1" 304 -
114.95.42.59 - - [12/Jul/2023:08:43:53 +0800] "GET /xingrg/javascript/ToolTips.js HTTP/1.1" 304 -
114.95.42.59 - - [12/Jul/2023:08:43:53 +0800] "GET /xingrg/javascript/myfunction.js HTTP/1.1" 304 -
114.95.42.59 - - [12/Jul/2023:08:43:53 +0800] "GET /xingrg/javascript/jquery_ui/jquery-ui.min.js HTTP/1.1" 304 -
114.95.42.59 - - [12/Jul/2023:08:43:53 +0800] "GET /xingrg/images/blue/button/cgxqd.gif HTTP/1.1" 304 -
114.95.42.59 - - [12/Jul/2023:08:43:53 +0800] "GET /xingrg/images/blue/button/cgydd.gif HTTP/1.1" 304 -
114.95.42.59 - - [12/Jul/2023:08:43:53 +0800] "GET /xingrg/images/blue/button/cgshd.gif HTTP/1.1" 304 -
114.95.42.59 - - [12/Jul/2023:08:43:53 +0800] "GET /xingrg/images/blue/button/cgfkd.gif HTTP/1.1" 304 -
114.95.42.59 - - [12/Jul/2023:08:43:53 +0800] "GET /xingrg/images/blue/button/kc.gif HTTP/1.1" 304 -
114.95.42.59 - - [12/Jul/2023:08:43:53 +0800] "GET /xingrg/images/blue/button/ckthd.gif HTTP/1.1" 304 -
114.95.42.59 - - [12/Jul/2023:08:43:53 +0800] "GET /xingrg/images/blue/pic_form2.gif HTTP/1.1" 304 -
114.95.42.59 - - [12/Jul/2023:08:43:53 +0800] "GET /xingrg/javascript/jquery_ui/themes/humanity/images/ui-bg_inset-soft_100_f4f0ec_1x100.png HTTP/1.1" 304 -
114.95.42.59 - - [12/Jul/2023:08:43:53 +0800] "GET /xingrg/images/blue/bg_dotted.jpg HTTP/1.1" 304 -
114.95.42.59 - - [12/Jul/2023:08:43:53 +0800] "GET /xingrg/images/blue/button/right_ah.jpg HTTP/1.1" 304 -
114.95.42.59 - - [12/Jul/2023:08:43:53 +0800] "GET /xingrg/images/blue/button/down_ah.jpg HTTP/1.1" 304 -
114.95.42.59 - - [12/Jul/2023:08:43:53 +0800] "GET /xingrg/javascript/jquery_ui/themes/humanity/images/ui-iconsnew.jpg HTTP/1.1" 304 -
114.95.42.59 - - [12/Jul/2023:08:43:53 +0800] "GET /xingrg/javascript/jquery_ui/themes/humanity/images/ui-icons_ffffff_256x240.png HTTP/1.1" 304 -
114.95.42.59 - - [12/Jul/2023:08:43:53 +0800] "GET /xingrg/javascript/jquery_ui/themes/humanity/images/ui-icons_c47a23_256x240.png HTTP/1.1" 304 -
114.95.42.59 - - [12/Jul/2023:08:43:54 +0800] "GET /xingrg/javascript/jquery_ui/themes/humanity/images/ui-bg_glass_70_ede4d4_1x400.png HTTP/1.1" 304 -
120.253.135.82 - - [12/Jul/2023:08:43:54 +0800] "POST /xingrg/kc/pszx/mdps_order_operate.html HTTP/1.1" 200 37
114.95.42.59 - - [12/Jul/2023:08:43:55 +0800] "GET /xingrg/images/yd/bt.gif HTTP/1.1" 404 1040
120.253.135.82 - - [12/Jul/2023:08:43:56 +0800] "GET /xingrg/kc/pszx/mdps_order_info.html?code=312023071200279 HTTP/1.1" 200 23978
114.95.42.59 - - [12/Jul/2023:08:43:56 +0800] "GET /xingrg/all/function/internal_message.html?_=1689122637581&CODE_STATE=getMsg HTTP/1.1" 200 27
120.253.135.82 - - [12/Jul/2023:08:43:57 +0800] "GET /xingrg/javascript/easyui/themes/default/validatebox.css HTTP/1.1" 404 1104
222.70.172.54 - - [12/Jul/2023:08:43:57 +0800] "GET /xingrg/all/function/internal_message.html?_=1689122646959&CODE_STATE=getMsg HTTP/1.1" 200 27
114.95.42.59 - - [12/Jul/2023:08:43:58 +0800] "GET /xingrg/kc/buy/cgsh_order_list.html HTTP/1.1" 200 55838
120.253.135.82 - - [12/Jul/2023:08:43:58 +0800] "POST /xingrg/kc/pszx/mdps_order_operate.html HTTP/1.1" 200 12525
114.95.42.59 - - [12/Jul/2023:08:43:58 +0800] "GET /xingrg/css/base.css HTTP/1.1" 304 -
114.95.42.59 - - [12/Jul/2023:08:43:58 +0800] "GET /xingrg/css/site.css HTTP/1.1" 304 -
114.95.42.59 - - [12/Jul/2023:08:43:58 +0800] "GET /xingrg/javascript/jquery_tools/datebox.css HTTP/1.1" 304 -
114.95.42.59 - - [12/Jul/2023:08:43:58 +0800] "GET /xingrg/javascript/easyui/themes/default/easyui.css HTTP/1.1" 304 -
114.95.42.59 - - [12/Jul/2023:08:43:58 +0800] "GET /xingrg/javascript/easyui/themes/icon.css HTTP/1.1" 304 -
114.95.42.59 - - [12/Jul/2023:08:43:58 +0800] "GET /xingrg/javascript/auto/jquery.autocomplete.css HTTP/1.1" 304 -
114.95.42.59 - - [12/Jul/2023:08:43:58 +0800] "GET /xingrg/javascript/jquery_tools/fix.css HTTP/1.1" 304 -
114.95.42.59 - - [12/Jul/2023:08:43:58 +0800] "GET /xingrg/javascript/jquery_tools/table.css HTTP/1.1" 304 -
114.95.42.59 - - [12/Jul/2023:08:43:58 +0800] "GET /xingrg/javascript/jquery_tools/jquery.tools.min.js HTTP/1.1" 304 -
114.95.42.59 - - [12/Jul/2023:08:43:58 +0800] "GET /xingrg/javascript/jquery_tools/jquery.tools.extend.js HTTP/1.1" 304 -
114.95.42.59 - - [12/Jul/2023:08:43:58 +0800] "GET /xingrg/javascript/jquery_tools/jquery.tools.hotkey.js HTTP/1.1" 304 -
114.95.42.59 - - [12/Jul/2023:08:43:58 +0800] "GET /xingrg/javascript/jquery_tools/jquery.tools.table.js HTTP/1.1" 304 -
114.95.42.59 - - [12/Jul/2023:08:43:58 +0800] "GET /xingrg/javascript/jquery_tools/list_manager.js HTTP/1.1" 304 -
114.95.42.59 - - [12/Jul/2023:08:43:58 +0800] "GET /xingrg/javascript/auto/jquery.autocomplete.js HTTP/1.1" 304 -
114.95.42.59 - - [12/Jul/2023:08:43:58 +0800] "GET /xingrg/javascript/easyui/easyloader.js HTTP/1.1" 304 -
114.95.42.59 - - [12/Jul/2023:08:43:58 +0800] "GET /xingrg/javascript/jquery.cookie.js HTTP/1.1" 304 -
114.95.42.59 - - [12/Jul/2023:08:43:58 +0800] "GET /xingrg/javascript/print/LodopFuncs.js HTTP/1.1" 304 -
120.253.135.82 - - [12/Jul/2023:08:43:59 +0800] "POST /xingrg/kc/pszx/mdps_list_operate.html HTTP/1.1" 200 5234
114.95.42.59 - - [12/Jul/2023:08:44:00 +0800] "GET /xingrg/javascript/easyui/themes/icons/cance_new.png HTTP/1.1" 304 -
114.95.42.59 - - [12/Jul/2023:08:44:00 +0800] "GET /xingrg/javascript/easyui/themes/icons/check_new.png HTTP/1.1" 304 -
114.95.42.59 - - [12/Jul/2023:08:44:00 +0800] "GET /xingrg/javascript/easyui/themes/icons/field_new.png HTTP/1.1" 304 -
114.95.42.59 - - [12/Jul/2023:08:44:00 +0800] "GET /xingrg/javascript/easyui/themes/icons/import_new.png HTTP/1.1" 304 -
114.95.42.59 - - [12/Jul/2023:08:44:00 +0800] "GET /xingrg/javascript/easyui/themes/icons/edit_add_new.png HTTP/1.1" 304 -
114.95.42.59 - - [12/Jul/2023:08:44:00 +0800] "GET /xingrg/javascript/easyui/plugins/jquery.parser.js HTTP/1.1" 304 -
114.95.42.59 - - [12/Jul/2023:08:44:00 +0800] "GET /xingrg/images/control/ajaxLoader.gif HTTP/1.1" 304 -
116.232.195.127 - - [12/Jul/2023:08:44:01 +0800] "GET /xingrg/kc/buy/cgsh_order_operate.html?command=get_materiel&rest_code=00155&code=00101011010&supplier_code=00100037&order_time=2023-07-12 HTTP/1.1" 200 418
120.253.135.82 - - [12/Jul/2023:08:44:01 +0800] "POST /xingrg/kc/pszx/mdps_list_operate.html HTTP/1.1" 200 628
120.253.135.82 - - [12/Jul/2023:08:44:04 +0800] "GET /xingrg/kc/pszx/mdps_order_info.html?code=312023071200280 HTTP/1.1" 200 23978
114.95.42.59 - - [12/Jul/2023:08:44:04 +0800] "POST /xingrg/kc/buy/cgsh_list_operate.html HTTP/1.1" 200 986
120.253.135.82 - - [12/Jul/2023:08:44:04 +0800] "GET /xingrg/javascript/easyui/themes/default/validatebox.css HTTP/1.1" 404 1104
120.253.135.82 - - [12/Jul/2023:08:44:05 +0800] "POST /xingrg/kc/pszx/mdps_order_operate.html HTTP/1.1" 200 7841
114.95.42.59 - - [12/Jul/2023:08:44:05 +0800] "GET /xingrg/javascript/easyui/themes/default/images/button_plain_hover.png HTTP/1.1" 304 -
114.95.42.59 - - [12/Jul/2023:08:44:08 +0800] "GET /xingrg/kc/buy/cgsh_order_add.html HTTP/1.1" 200 71702
114.95.42.59 - - [12/Jul/2023:08:44:08 +0800] "GET /xingrg/javascript/jquery_tools/order_manager.js HTTP/1.1" 304 -
114.95.42.59 - - [12/Jul/2023:08:44:08 +0800] "GET /xingrg/javascript/convert.js HTTP/1.1" 304 -
114.95.42.59 - - [12/Jul/2023:08:44:08 +0800] "GET /xingrg/javascript/json2.js HTTP/1.1" 304 -
114.95.42.59 - - [12/Jul/2023:08:44:08 +0800] "GET /xingrg/javascript/print/kc_print.js HTTP/1.1" 304 -
114.95.42.59 - - [12/Jul/2023:08:44:08 +0800] "GET /xingrg/words/20230711134310_words.js HTTP/1.1" 200 972159
114.95.42.59 - - [12/Jul/2023:08:44:08 +0800] "GET /xingrg/javascript/easyui/themes/icons/copy_new.png HTTP/1.1" 304 -
114.95.42.59 - - [12/Jul/2023:08:44:08 +0800] "GET /xingrg/javascript/easyui/themes/icons/template_new.png HTTP/1.1" 304 -
114.95.42.59 - - [12/Jul/2023:08:44:08 +0800] "GET /xingrg/javascript/easyui/themes/icons/ok.png HTTP/1.1" 304 -
114.95.42.59 - - [12/Jul/2023:08:44:08 +0800] "GET /xingrg/javascript/easyui/themes/icons/cancel.png HTTP/1.1" 304 -
114.95.42.59 - - [12/Jul/2023:08:44:08 +0800] "GET /xingrg/javascript/easyui/themes/icons/print.png HTTP/1.1" 304 -
114.95.42.59 - - [12/Jul/2023:08:44:08 +0800] "GET /xingrg/javascript/easyui/themes/default/images/menu_downarrow.png HTTP/1.1" 304 -
114.95.42.59 - - [12/Jul/2023:08:44:08 +0800] "POST /xingrg/kc/buy/cgsh_order_operate.html HTTP/1.1" 200 8245
114.95.42.59 - - [12/Jul/2023:08:44:08 +0800] "GET /xingrg/javascript/easyui/themes/default/validatebox.css HTTP/1.1" 404 1104
114.95.42.59 - - [12/Jul/2023:08:44:09 +0800] "GET /xingrg/all/common/auto_word.html?type=employee&rest_code=00105 HTTP/1.1" 200 193
114.95.42.59 - - [12/Jul/2023:08:44:09 +0800] "GET /xingrg/all/common/auto_word.html?type=employee&rest_code=00105 HTTP/1.1" 200 193
114.95.42.59 - - [12/Jul/2023:08:44:09 +0800] "GET /xingrg/javascript/easyui/plugins/jquery.validatebox.js HTTP/1.1" 304 -
114.95.42.59 - - [12/Jul/2023:08:44:09 +0800] "GET /xingrg/javascript/easyui/plugins/jquery.numberbox.js HTTP/1.1" 304 -
114.95.42.59 - - [12/Jul/2023:08:44:09 +0800] "GET /xingrg/javascript/easyui/themes/icons/edit_remove.png HTTP/1.1" 304 -
116.232.195.127 - - [12/Jul/2023:08:44:12 +0800] "GET /xingrg/kc/buy/cgsh_order_operate.html?command=get_materiel&rest_code=00155&code=00101011007&supplier_code=00100037&order_time=2023-07-12 HTTP/1.1" 200 414
114.85.113.108 - - [12/Jul/2023:08:44:13 +0800] "GET /xingrg/all/function/internal_message.html?_=1689122650271&CODE_STATE=getMsg HTTP/1.1" 200 27
114.95.42.59 - - [12/Jul/2023:08:44:16 +0800] "GET /xingrg/javascript/auto/indicator.gif HTTP/1.1" 404 1066
116.232.195.127 - - [12/Jul/2023:08:44:23 +0800] "GET /xingrg/kc/buy/cgsh_order_operate.html?command=get_materiel&rest_code=00155&code=00101012032&supplier_code=00100037&order_time=2023-07-12 HTTP/1.1" 200 416
120.253.135.82 - - [12/Jul/2023:08:44:23 +0800] "GET /xingrg/kc/pszx/mdps_order_operate.html?command=get_materiel&pszx_code=00101&rest_code=00147&base_code=0010250&code=00102002482 HTTP/1.1" 200 430
114.89.203.254 - - [12/Jul/2023:08:44:32 +0800] "GET /xingrg/all/function/internal_message.html?_=1689122672954&CODE_STATE=getMsg HTTP/1.1" 200 27
116.238.191.126 - - [12/Jul/2023:08:44:32 +0800] "GET /xingrg/all/function/internal_message.html?_=1689122576023&CODE_STATE=getMsg HTTP/1.1" 200 27
116.232.195.127 - - [12/Jul/2023:08:44:36 +0800] "GET /xingrg/kc/buy/cgsh_order_operate.html?command=get_materiel&rest_code=00155&code=00101011004&supplier_code=00100037&order_time=2023-07-12 HTTP/1.1" 200 412
120.253.135.82 - - [12/Jul/2023:08:44:40 +0800] "GET /xingrg/all/function/internal_message.html?_=1689122822012&CODE_STATE=getMsg HTTP/1.1" 302 -
120.253.135.82 - - [12/Jul/2023:08:44:40 +0800] "GET /xingrg/login.html HTTP/1.1" 200 7641
120.253.135.82 - - [12/Jul/2023:08:44:41 +0800] "GET /xingrg/check_reg.html?_=1689122507867 HTTP/1.1" 200 22
120.253.135.82 - - [12/Jul/2023:08:44:41 +0800] "GET /xingrg/all/function/internal_message.html?_=1689122508273&CODE_STATE=getMsg HTTP/1.1" 200 27
114.95.42.59 - - [12/Jul/2023:08:44:42 +0800] "GET /xingrg/all/function/internal_message.html?_=1689122497250&CODE_STATE=getMsg HTTP/1.1" 200 27
116.232.195.127 - - [12/Jul/2023:08:44:48 +0800] "GET /xingrg/check_reg.html?_=1689122657834 HTTP/1.1" 200 22
116.232.195.127 - - [12/Jul/2023:08:44:48 +0800] "GET /xingrg/all/function/internal_message.html?_=1689122657835&CODE_STATE=getMsg HTTP/1.1" 200 27
116.232.195.127 - - [12/Jul/2023:08:44:50 +0800] "GET /xingrg/kc/buy/cgsh_order_operate.html?command=get_materiel&rest_code=00155&code=00101009171&supplier_code=00100037&order_time=2023-07-12 HTTP/1.1" 200 405
120.253.135.82 - - [12/Jul/2023:08:44:51 +0800] "POST /xingrg/kc/pszx/mdps_order_operate.html HTTP/1.1" 200 37
120.253.135.82 - - [12/Jul/2023:08:44:53 +0800] "GET /xingrg/kc/pszx/mdps_order_info.html?code=312023071200280 HTTP/1.1" 200 23978
120.253.135.82 - - [12/Jul/2023:08:44:54 +0800] "GET /xingrg/javascript/easyui/themes/default/validatebox.css HTTP/1.1" 404 1104
120.253.135.82 - - [12/Jul/2023:08:44:55 +0800] "POST /xingrg/kc/pszx/mdps_order_operate.html HTTP/1.1" 200 7352
114.95.42.59 - - [12/Jul/2023:08:44:56 +0800] "GET /xingrg/all/function/internal_message.html?_=1689122697586&CODE_STATE=getMsg HTTP/1.1" 200 27
120.253.135.82 - - [12/Jul/2023:08:44:56 +0800] "POST /xingrg/kc/pszx/mdps_list_operate.html HTTP/1.1" 200 5234
222.70.172.54 - - [12/Jul/2023:08:44:57 +0800] "GET /xingrg/all/function/internal_message.html?_=1689122706968&CODE_STATE=getMsg HTTP/1.1" 200 27
120.253.135.82 - - [12/Jul/2023:08:44:58 +0800] "POST /xingrg/kc/pszx/mdps_list_operate.html HTTP/1.1" 200 211
116.232.195.127 - - [12/Jul/2023:08:45:00 +0800] "GET /xingrg/kc/buy/cgsh_order_operate.html?command=get_materiel&rest_code=00155&code=00101016080&supplier_code=00100037&order_time=2023-07-12 HTTP/1.1" 200 408
120.253.135.82 - - [12/Jul/2023:08:45:03 +0800] "GET /xingrg/kc/pszx/mdps_order_info.html?code=312023071200281 HTTP/1.1" 200 23978
120.253.135.82 - - [12/Jul/2023:08:45:03 +0800] "GET /xingrg/javascript/easyui/themes/default/validatebox.css HTTP/1.1" 404 1104
120.253.135.82 - - [12/Jul/2023:08:45:04 +0800] "POST /xingrg/kc/pszx/mdps_order_operate.html HTTP/1.1" 200 2300
120.253.135.82 - - [12/Jul/2023:08:45:12 +0800] "POST /xingrg/kc/pszx/mdps_order_operate.html HTTP/1.1" 200 12
114.85.113.108 - - [12/Jul/2023:08:45:13 +0800] "GET /xingrg/all/function/internal_message.html?_=1689122710254&CODE_STATE=getMsg HTTP/1.1" 200 27
120.253.135.82 - - [12/Jul/2023:08:45:14 +0800] "POST /xingrg/kc/pszx/mdps_list_operate.html HTTP/1.1" 200 5232
114.95.42.59 - - [12/Jul/2023:08:45:15 +0800] "GET /xingrg/kc/buy/cgsh_order_add.html HTTP/1.1" 200 71702
114.95.42.59 - - [12/Jul/2023:08:45:15 +0800] "GET /xingrg/javascript/pic_change.js HTTP/1.1" 304 -
114.95.42.59 - - [12/Jul/2023:08:45:15 +0800] "GET /xingrg/javascript/jquery_tools/order_manager.js HTTP/1.1" 304 -
114.95.42.59 - - [12/Jul/2023:08:45:16 +0800] "GET /xingrg/javascript/json2.js HTTP/1.1" 304 -
114.95.42.59 - - [12/Jul/2023:08:45:16 +0800] "GET /xingrg/javascript/convert.js HTTP/1.1" 304 -
114.95.42.59 - - [12/Jul/2023:08:45:16 +0800] "GET /xingrg/javascript/print/kc_print.js HTTP/1.1" 304 -
114.95.42.59 - - [12/Jul/2023:08:45:16 +0800] "GET /xingrg/words/20230711134310_words.js HTTP/1.1" 200 972159
114.95.42.59 - - [12/Jul/2023:08:45:16 +0800] "GET /xingrg/javascript/easyui/themes/icons/copy_new.png HTTP/1.1" 304 -
114.95.42.59 - - [12/Jul/2023:08:45:16 +0800] "GET /xingrg/javascript/easyui/themes/icons/print.png HTTP/1.1" 304 -
114.95.42.59 - - [12/Jul/2023:08:45:16 +0800] "GET /xingrg/javascript/easyui/themes/icons/ok.png HTTP/1.1" 304 -
114.95.42.59 - - [12/Jul/2023:08:45:16 +0800] "GET /xingrg/javascript/easyui/themes/default/images/menu_downarrow.png HTTP/1.1" 304 -
114.95.42.59 - - [12/Jul/2023:08:45:16 +0800] "GET /xingrg/javascript/easyui/themes/icons/template_new.png HTTP/1.1" 304 -
114.95.42.59 - - [12/Jul/2023:08:45:16 +0800] "GET /xingrg/javascript/easyui/themes/icons/cancel.png HTTP/1.1" 304 -
114.95.42.59 - - [12/Jul/2023:08:45:16 +0800] "POST /xingrg/kc/buy/cgsh_order_operate.html HTTP/1.1" 200 8245
114.95.42.59 - - [12/Jul/2023:08:45:16 +0800] "GET /xingrg/javascript/easyui/themes/default/validatebox.css HTTP/1.1" 404 1104
114.95.42.59 - - [12/Jul/2023:08:45:16 +0800] "GET /xingrg/javascript/easyui/plugins/jquery.validatebox.js HTTP/1.1" 304 -
114.95.42.59 - - [12/Jul/2023:08:45:16 +0800] "GET /xingrg/javascript/easyui/plugins/jquery.numberbox.js HTTP/1.1" 304 -
114.95.42.59 - - [12/Jul/2023:08:45:16 +0800] "GET /xingrg/javascript/easyui/themes/icons/edit_remove.png HTTP/1.1" 304 -
114.95.42.59 - - [12/Jul/2023:08:45:16 +0800] "GET /xingrg/all/common/auto_word.html?type=employee&rest_code=00105 HTTP/1.1" 200 193
114.95.42.59 - - [12/Jul/2023:08:45:16 +0800] "GET /xingrg/all/common/auto_word.html?type=employee&rest_code=00105 HTTP/1.1" 200 193
120.253.135.82 - - [12/Jul/2023:08:45:16 +0800] "POST /xingrg/kc/pszx/mdps_list_operate.html HTTP/1.1" 200 597
120.253.135.82 - - [12/Jul/2023:08:45:18 +0800] "GET /xingrg/kc/pszx/mdps_order_info.html?code=312023071200282 HTTP/1.1" 200 23978
120.253.135.82 - - [12/Jul/2023:08:45:19 +0800] "GET /xingrg/javascript/easyui/themes/default/validatebox.css HTTP/1.1" 404 1104
120.253.135.82 - - [12/Jul/2023:08:45:20 +0800] "POST /xingrg/kc/pszx/mdps_order_operate.html HTTP/1.1" 200 5728
114.89.203.254 - - [12/Jul/2023:08:45:21 +0800] "POST /xingrg/kc/buy/cgsh_order_operate.html HTTP/1.1" 200 37
114.89.203.254 - - [12/Jul/2023:08:45:25 +0800] "POST /xingrg/kc/buy/cgsh_order_operate.html HTTP/1.1" 200 32241
114.85.113.108 - - [12/Jul/2023:08:45:29 +0800] "GET /xingrg/check_reg.html?_=1689122726642 HTTP/1.1" 200 22
114.89.203.254 - - [12/Jul/2023:08:45:32 +0800] "GET /xingrg/all/function/internal_message.html?_=1689122732972&CODE_STATE=getMsg HTTP/1.1" 200 27
116.238.191.126 - - [12/Jul/2023:08:45:33 +0800] "GET /xingrg/all/function/internal_message.html?_=1689122636112&CODE_STATE=getMsg HTTP/1.1" 200 27
120.253.135.82 - - [12/Jul/2023:08:45:33 +0800] "POST /xingrg/kc/pszx/mdps_order_operate.html HTTP/1.1" 200 37
120.253.135.82 - - [12/Jul/2023:08:45:35 +0800] "GET /xingrg/kc/pszx/mdps_order_info.html?code=312023071200282 HTTP/1.1" 200 23978
120.253.135.82 - - [12/Jul/2023:08:45:35 +0800] "GET /xingrg/javascript/easyui/themes/default/validatebox.css HTTP/1.1" 404 1104
120.253.135.82 - - [12/Jul/2023:08:45:36 +0800] "POST /xingrg/kc/pszx/mdps_order_operate.html HTTP/1.1" 200 5788
116.232.195.127 - - [12/Jul/2023:08:45:39 +0800] "POST /xingrg/kc/buy/cgsh_order_operate.html HTTP/1.1" 200 37
114.95.42.59 - - [12/Jul/2023:08:45:39 +0800] "GET /xingrg/kc/buy/cgsh_order_operate.html?command=get_materiel&rest_code=00105&code=00101002027&supplier_code=00100397&order_time=2023-07-12 HTTP/1.1" 200 413
114.95.42.59 - - [12/Jul/2023:08:45:41 +0800] "GET /xingrg/kc/buy/cgsh_order_operate.html?command=get_materiel&rest_code=00105&code=00101023047&supplier_code=00100481&order_time=2023-07-12 HTTP/1.1" 200 408
120.253.135.82 - - [12/Jul/2023:08:45:41 +0800] "GET /xingrg/all/function/internal_message.html?_=1689122883017&CODE_STATE=getMsg HTTP/1.1" 302 -
120.253.135.82 - - [12/Jul/2023:08:45:41 +0800] "GET /xingrg/check_reg.html?_=1689122883020 HTTP/1.1" 302 -
120.253.135.82 - - [12/Jul/2023:08:45:41 +0800] "GET /xingrg/login.html HTTP/1.1" 200 7641
120.253.135.82 - - [12/Jul/2023:08:45:41 +0800] "GET /xingrg/login.html HTTP/1.1" 200 7641
120.253.135.82 - - [12/Jul/2023:08:45:41 +0800] "GET /xingrg/all/function/internal_message.html?_=1689122568288&CODE_STATE=getMsg HTTP/1.1" 200 27
116.232.195.127 - - [12/Jul/2023:08:45:42 +0800] "POST /xingrg/kc/buy/cgsh_order_operate.html HTTP/1.1" 200 10965
114.95.42.59 - - [12/Jul/2023:08:45:42 +0800] "GET /xingrg/all/function/internal_message.html?_=1689122557266&CODE_STATE=getMsg HTTP/1.1" 200 27
116.232.195.127 - - [12/Jul/2023:08:45:44 +0800] "GET /xingrg/kc/print/load_data.html?order_code=212023071204596&kc_code=cgsh&condition= HTTP/1.1" 200 3875
116.232.195.127 - - [12/Jul/2023:08:45:48 +0800] "GET /xingrg/all/function/internal_message.html?_=1689122717843&CODE_STATE=getMsg HTTP/1.1" 200 27
116.232.195.127 - - [12/Jul/2023:08:45:49 +0800] "GET /xingrg/kc/buy/cgsh_order_add.html HTTP/1.1" 200 71667
116.232.195.127 - - [12/Jul/2023:08:45:50 +0800] "POST /xingrg/kc/buy/cgsh_order_operate.html HTTP/1.1" 200 8245
116.232.195.127 - - [12/Jul/2023:08:45:50 +0800] "GET /xingrg/javascript/easyui/themes/default/validatebox.css HTTP/1.1" 404 1104
222.70.172.54 - - [12/Jul/2023:08:45:56 +0800] "GET /xingrg/check_reg.html?_=1689122765708 HTTP/1.1" 200 22
114.95.42.59 - - [12/Jul/2023:08:45:56 +0800] "GET /xingrg/kc/buy/cgsh_order_operate.html?command=get_materiel&rest_code=00105&code=00101001096&supplier_code=00100397&order_time=2023-07-12 HTTP/1.1" 200 413
114.95.42.59 - - [12/Jul/2023:08:45:56 +0800] "GET /xingrg/all/function/internal_message.html?_=1689122757621&CODE_STATE=getMsg HTTP/1.1" 200 27
222.70.172.54 - - [12/Jul/2023:08:45:57 +0800] "GET /xingrg/all/function/internal_message.html?_=1689122766982&CODE_STATE=getMsg HTTP/1.1" 200 27
116.232.195.127 - - [12/Jul/2023:08:46:01 +0800] "GET /xingrg/kc/buy/cgsh_order_operate.html?command=get_materiel&rest_code=00155&code=00101007090&supplier_code=00100002&order_time=2023-07-12 HTTP/1.1" 200 413
114.89.203.254 - - [12/Jul/2023:08:46:02 +0800] "POST /xingrg/kc/buy/cgsh_order_operate.html HTTP/1.1" 200 37
114.95.42.59 - - [12/Jul/2023:08:46:12 +0800] "POST /xingrg/kc/buy/cgsh_order_operate.html HTTP/1.1" 200 37
114.85.113.108 - - [12/Jul/2023:08:46:13 +0800] "GET /xingrg/all/function/internal_message.html?_=1689122770228&CODE_STATE=getMsg HTTP/1.1" 200 27
116.232.195.127 - - [12/Jul/2023:08:46:14 +0800] "GET /xingrg/kc/buy/cgsh_order_operate.html?command=get_materiel&rest_code=00155&code=00101007072&supplier_code=00100002&order_time=2023-07-12 HTTP/1.1" 200 419
114.95.42.59 - - [12/Jul/2023:08:46:15 +0800] "POST /xingrg/kc/buy/cgsh_order_operate.html HTTP/1.1" 200 3255
114.95.42.59 - - [12/Jul/2023:08:46:17 +0800] "GET /xingrg/kc/print/load_config.html?kc_code=cgsh HTTP/1.1" 200 1924
222.70.180.90 - - [12/Jul/2023:08:46:17 +0800] "GET /xingrg/login.html HTTP/1.1" 200 7641
222.70.180.90 - - [12/Jul/2023:08:46:18 +0800] "GET /favicon.ico HTTP/1.1" 404 -
114.95.42.59 - - [12/Jul/2023:08:46:19 +0800] "GET /xingrg/kc/print/load_data.html?order_code=212023071204597&kc_code=cgsh&condition= HTTP/1.1" 200 904
222.70.180.90 - - [12/Jul/2023:08:46:22 +0800] "POST /xingrg/login.do HTTP/1.1" 302 -
222.70.180.90 - - [12/Jul/2023:08:46:22 +0800] "GET /xingrg/index.html?sysBaseUrl=http%3A%2F%2F180.169.147.146%3A18081%2Fxingrg%2F&costTime=1804×tamp=1689122782478 HTTP/1.1" 200 17173
222.70.180.90 - - [12/Jul/2023:08:46:22 +0800] "GET /favicon.ico HTTP/1.1" 404 -
222.70.180.90 - - [12/Jul/2023:08:46:22 +0800] "GET /xingrg/all/function/internal_message.html?_=1689122781255&CODE_STATE=count HTTP/1.1" 200 11
222.70.180.90 - - [12/Jul/2023:08:46:22 +0800] "GET /xingrg/check_reg.html?_=1689122781256 HTTP/1.1" 200 22
222.70.180.90 - - [12/Jul/2023:08:46:23 +0800] "POST /xingrg/load_menu.html HTTP/1.1" 200 5138
222.70.180.90 - - [12/Jul/2023:08:46:23 +0800] "POST /xingrg/all/common/load_tree.html?tree=area_rest_tree_json&manage=1 HTTP/1.1" 200 342
114.95.42.59 - - [12/Jul/2023:08:46:25 +0800] "GET /xingrg/kc/buy/cgsh_order_add.html HTTP/1.1" 200 71702
114.95.42.59 - - [12/Jul/2023:08:46:25 +0800] "POST /xingrg/kc/buy/cgsh_order_operate.html HTTP/1.1" 200 8245
114.95.42.59 - - [12/Jul/2023:08:46:25 +0800] "GET /xingrg/javascript/easyui/themes/default/validatebox.css HTTP/1.1" 404 1104
114.95.42.59 - - [12/Jul/2023:08:46:27 +0800] "POST /xingrg/kc/buy/cgsh_order_operate.html HTTP/1.1" 200 37
114.95.42.59 - - [12/Jul/2023:08:46:30 +0800] "POST /xingrg/kc/buy/cgsh_order_operate.html HTTP/1.1" 200 2660
114.89.203.254 - - [12/Jul/2023:08:46:32 +0800] "GET /xingrg/all/function/internal_message.html?_=1689122792962&CODE_STATE=getMsg HTTP/1.1" 200 27
116.238.191.126 - - [12/Jul/2023:08:46:33 +0800] "GET /xingrg/all/function/internal_message.html?_=1689122696128&CODE_STATE=getMsg HTTP/1.1" 200 27
116.232.195.127 - - [12/Jul/2023:08:46:33 +0800] "POST /xingrg/kc/buy/cgsh_order_operate.html HTTP/1.1" 200 88
114.89.203.254 - - [12/Jul/2023:08:46:33 +0800] "POST /xingrg/kc/buy/cgsh_order_operate.html HTTP/1.1" 200 12
116.232.195.127 - - [12/Jul/2023:08:46:40 +0800] "POST /xingrg/kc/buy/cgsh_order_operate.html HTTP/1.1" 200 37
120.253.135.82 - - [12/Jul/2023:08:46:41 +0800] "GET /xingrg/all/function/internal_message.html?_=1689122628300&CODE_STATE=getMsg HTTP/1.1" 200 27
114.95.42.59 - - [12/Jul/2023:08:46:42 +0800] "GET /xingrg/all/function/internal_message.html?_=1689122617263&CODE_STATE=getMsg HTTP/1.1" 200 27
120.253.135.82 - - [12/Jul/2023:08:46:42 +0800] "GET /xingrg/all/function/internal_message.html?_=1689122944114&CODE_STATE=getMsg HTTP/1.1" 302 -
120.253.135.82 - - [12/Jul/2023:08:46:42 +0800] "GET /xingrg/login.html HTTP/1.1" 200 7641
116.232.195.127 - - [12/Jul/2023:08:46:42 +0800] "POST /xingrg/kc/buy/cgsh_order_operate.html HTTP/1.1" 200 3259
222.70.180.90 - - [12/Jul/2023:08:46:44 +0800] "GET /xingrg/kc/buy/buy_main.html HTTP/1.1" 200 12412
222.70.180.90 - - [12/Jul/2023:08:46:44 +0800] "GET /xingrg/css/new_ie.css HTTP/1.1" 404 1036
114.95.42.59 - - [12/Jul/2023:08:46:44 +0800] "POST /xingrg/kc/buy/cgsh_order_operate.html HTTP/1.1" 200 37
222.70.180.90 - - [12/Jul/2023:08:46:44 +0800] "GET /xingrg/images/yd/bt.gif HTTP/1.1" 404 1040
116.232.195.127 - - [12/Jul/2023:08:46:45 +0800] "GET /xingrg/kc/print/load_data.html?order_code=212023071204600&kc_code=cgsh&condition= HTTP/1.1" 200 990
222.70.180.90 - - [12/Jul/2023:08:46:46 +0800] "GET /xingrg/kc/buy/cgsh_order_list.html HTTP/1.1" 200 55838
114.95.42.59 - - [12/Jul/2023:08:46:47 +0800] "POST /xingrg/kc/buy/cgsh_order_operate.html HTTP/1.1" 200 2660
116.232.195.127 - - [12/Jul/2023:08:46:48 +0800] "GET /xingrg/all/function/internal_message.html?_=1689122777833&CODE_STATE=getMsg HTTP/1.1" 200 27
114.95.42.59 - - [12/Jul/2023:08:46:50 +0800] "GET /xingrg/kc/print/load_config.html?kc_code=cgsh HTTP/1.1" 200 1924
116.232.195.127 - - [12/Jul/2023:08:46:51 +0800] "GET /xingrg/kc/print/load_data.html?order_code=212023071204600&kc_code=cgsh HTTP/1.1" 200 990
222.70.180.90 - - [12/Jul/2023:08:46:52 +0800] "POST /xingrg/kc/buy/cgsh_list_operate.html HTTP/1.1" 200 5946
114.89.203.254 - - [12/Jul/2023:08:46:52 +0800] "GET /xingrg/kc/buy/cgsh_order_info.html?code=212023071204593 HTTP/1.1" 200 66562
114.89.203.254 - - [12/Jul/2023:08:46:53 +0800] "GET /xingrg/javascript/easyui/themes/default/validatebox.css HTTP/1.1" 404 1104
114.95.42.59 - - [12/Jul/2023:08:46:53 +0800] "GET /xingrg/kc/print/load_data.html?order_code=212023071204598&kc_code=cgsh&condition= HTTP/1.1" 200 689
114.89.203.254 - - [12/Jul/2023:08:46:54 +0800] "POST /xingrg/kc/buy/cgsh_order_operate.html HTTP/1.1" 200 30186
114.95.42.59 - - [12/Jul/2023:08:46:56 +0800] "GET /xingrg/check_reg.html?_=1689122817617 HTTP/1.1" 200 22
114.95.42.59 - - [12/Jul/2023:08:46:56 +0800] "GET /xingrg/all/function/internal_message.html?_=1689122817619&CODE_STATE=getMsg HTTP/1.1" 200 27
222.70.172.54 - - [12/Jul/2023:08:46:57 +0800] "GET /xingrg/all/function/internal_message.html?_=1689122826995&CODE_STATE=getMsg HTTP/1.1" 200 27
114.95.42.59 - - [12/Jul/2023:08:47:00 +0800] "GET /xingrg/kc/buy/cgsh_order_operate.html?command=get_materiel&rest_code=00105&code=00101016030&supplier_code=00100034&order_time=2023-07-12 HTTP/1.1" 200 412
116.232.195.127 - - [12/Jul/2023:08:47:08 +0800] "GET /xingrg/kc/buy/cgsh_order_add.html HTTP/1.1" 200 71667
116.232.195.127 - - [12/Jul/2023:08:47:09 +0800] "POST /xingrg/kc/buy/cgsh_order_operate.html HTTP/1.1" 200 8245
116.232.195.127 - - [12/Jul/2023:08:47:09 +0800] "GET /xingrg/javascript/easyui/themes/default/validatebox.css HTTP/1.1" 404 1104
114.85.113.108 - - [12/Jul/2023:08:47:13 +0800] "GET /xingrg/all/function/internal_message.html?_=1689122830211&CODE_STATE=getMsg HTTP/1.1" 200 27
116.232.195.127 - - [12/Jul/2023:08:47:19 +0800] "GET /xingrg/kc/buy/cgsh_order_operate.html?command=get_materiel&rest_code=00155&code=00101006065&supplier_code=00100012&order_time=2023-07-12 HTTP/1.1" 200 409
222.70.180.90 - - [12/Jul/2023:08:47:22 +0800] "GET /xingrg/all/function/internal_message.html?_=1689122841269&CODE_STATE=getMsg HTTP/1.1" 200 27
116.232.195.127 - - [12/Jul/2023:08:47:30 +0800] "POST /xingrg/kc/buy/cgsh_order_operate.html HTTP/1.1" 200 37
116.238.191.126 - - [12/Jul/2023:08:47:31 +0800] "GET /xingrg/check_reg.html?_=1689122754414 HTTP/1.1" 200 22
116.232.195.127 - - [12/Jul/2023:08:47:32 +0800] "POST /xingrg/kc/buy/cgsh_order_operate.html HTTP/1.1" 200 2653
114.89.203.254 - - [12/Jul/2023:08:47:32 +0800] "GET /xingrg/all/function/internal_message.html?_=1689122852961&CODE_STATE=getMsg HTTP/1.1" 200 27
114.89.203.254 - - [12/Jul/2023:08:47:32 +0800] "GET /xingrg/check_reg.html?_=1689122852964 HTTP/1.1" 200 22
116.238.191.126 - - [12/Jul/2023:08:47:33 +0800] "GET /xingrg/all/function/internal_message.html?_=1689122756142&CODE_STATE=getMsg HTTP/1.1" 200 27
116.232.195.127 - - [12/Jul/2023:08:47:35 +0800] "GET /xingrg/kc/print/load_data.html?order_code=212023071204601&kc_code=cgsh&condition= HTTP/1.1" 200 769
114.95.42.59 - - [12/Jul/2023:08:47:38 +0800] "POST /xingrg/kc/buy/cgsh_order_operate.html HTTP/1.1" 200 37
116.232.195.127 - - [12/Jul/2023:08:47:40 +0800] "GET /xingrg/kc/print/load_data.html?order_code=212023071204601&kc_code=cgsh HTTP/1.1" 200 769
120.253.135.82 - - [12/Jul/2023:08:47:41 +0800] "GET /xingrg/all/function/internal_message.html?_=1689122688505&CODE_STATE=getMsg HTTP/1.1" 200 27
114.95.42.59 - - [12/Jul/2023:08:47:42 +0800] "GET /xingrg/all/function/internal_message.html?_=1689122677260&CODE_STATE=getMsg HTTP/1.1" 200 27
120.253.135.82 - - [12/Jul/2023:08:47:43 +0800] "GET /xingrg/all/function/internal_message.html?_=1689123005027&CODE_STATE=getMsg HTTP/1.1" 302 -
120.253.135.82 - - [12/Jul/2023:08:47:43 +0800] "GET /xingrg/login.html HTTP/1.1" 200 7641
114.95.42.59 - - [12/Jul/2023:08:47:47 +0800] "POST /xingrg/kc/buy/cgsh_order_operate.html HTTP/1.1" 200 2655
116.232.195.127 - - [12/Jul/2023:08:47:52 +0800] "GET /xingrg/all/function/internal_message.html?_=1689122842031&CODE_STATE=getMsg HTTP/1.1" 200 27
114.95.42.59 - - [12/Jul/2023:08:47:55 +0800] "GET /xingrg/kc/print/load_data.html?order_code=212023071204602&kc_code=cgsh&condition= HTTP/1.1" 200 707
114.95.42.59 - - [12/Jul/2023:08:47:56 +0800] "GET /xingrg/all/function/internal_message.html?_=1689122877626&CODE_STATE=getMsg HTTP/1.1" 200 27
116.232.195.127 - - [12/Jul/2023:08:47:57 +0800] "GET /xingrg/kc/buy/cgsh_order_add.html HTTP/1.1" 200 71667
222.70.172.54 - - [12/Jul/2023:08:47:57 +0800] "GET /xingrg/all/function/internal_message.html?_=1689122887009&CODE_STATE=getMsg HTTP/1.1" 200 27
116.232.195.127 - - [12/Jul/2023:08:47:57 +0800] "POST /xingrg/kc/buy/cgsh_order_operate.html HTTP/1.1" 200 8245
116.232.195.127 - - [12/Jul/2023:08:47:57 +0800] "GET /xingrg/javascript/easyui/themes/default/validatebox.css HTTP/1.1" 404 1104
114.95.42.59 - - [12/Jul/2023:08:48:09 +0800] "GET /xingrg/kc/buy/cgsh_order_add.html HTTP/1.1" 200 71702
116.232.195.127 - - [12/Jul/2023:08:48:09 +0800] "GET /xingrg/kc/buy/cgsh_order_operate.html?command=get_materiel&rest_code=00155&code=00101008049&supplier_code=00100005&order_time=2023-07-12 HTTP/1.1" 200 408
114.95.42.59 - - [12/Jul/2023:08:48:10 +0800] "GET /xingrg/javascript/easyui/themes/default/validatebox.css HTTP/1.1" 404 1104
114.95.42.59 - - [12/Jul/2023:08:48:10 +0800] "POST /xingrg/kc/buy/cgsh_order_operate.html HTTP/1.1" 200 8245
114.85.113.108 - - [12/Jul/2023:08:48:13 +0800] "GET /xingrg/all/function/internal_message.html?_=1689122890201&CODE_STATE=getMsg HTTP/1.1" 200 27
116.232.195.127 - - [12/Jul/2023:08:48:22 +0800] "GET /xingrg/kc/buy/cgsh_order_operate.html?command=get_materiel&rest_code=00155&code=00101008149&supplier_code=00100005&order_time=2023-07-12 HTTP/1.1" 200 408
222.70.180.90 - - [12/Jul/2023:08:48:22 +0800] "GET /xingrg/all/function/internal_message.html?_=1689122901266&CODE_STATE=getMsg HTTP/1.1" 200 27
120.253.135.82 - - [12/Jul/2023:08:48:27 +0800] "POST /xingrg/kc/pszx/mdps_order_operate.html HTTP/1.1" 200 37
120.253.135.82 - - [12/Jul/2023:08:48:29 +0800] "GET /xingrg/kc/pszx/mdps_order_info.html?code=312023071200282 HTTP/1.1" 200 23978
120.253.135.82 - - [12/Jul/2023:08:48:30 +0800] "GET /xingrg/javascript/easyui/themes/default/validatebox.css HTTP/1.1" 404 1104
120.253.135.82 - - [12/Jul/2023:08:48:31 +0800] "POST /xingrg/kc/pszx/mdps_order_operate.html HTTP/1.1" 200 5788
116.232.195.127 - - [12/Jul/2023:08:48:32 +0800] "GET /xingrg/kc/buy/cgsh_order_operate.html?command=get_materiel&rest_code=00155&code=00101008072&supplier_code=00100005&order_time=2023-07-12 HTTP/1.1" 200 408
114.89.203.254 - - [12/Jul/2023:08:48:32 +0800] "GET /xingrg/all/function/internal_message.html?_=1689122912962&CODE_STATE=getMsg HTTP/1.1" 200 27
120.253.135.82 - - [12/Jul/2023:08:48:32 +0800] "POST /xingrg/kc/pszx/mdps_list_operate.html HTTP/1.1" 200 5232
116.238.191.126 - - [12/Jul/2023:08:48:33 +0800] "GET /xingrg/all/function/internal_message.html?_=1689122816154&CODE_STATE=getMsg HTTP/1.1" 200 27
120.253.135.82 - - [12/Jul/2023:08:48:34 +0800] "POST /xingrg/kc/pszx/mdps_list_operate.html HTTP/1.1" 200 578
120.253.135.82 - - [12/Jul/2023:08:48:36 +0800] "GET /xingrg/kc/pszx/mdps_order_info.html?code=312023071200283 HTTP/1.1" 200 23978
120.253.135.82 - - [12/Jul/2023:08:48:36 +0800] "GET /xingrg/javascript/easyui/themes/default/validatebox.css HTTP/1.1" 404 1104
120.253.135.82 - - [12/Jul/2023:08:48:37 +0800] "POST /xingrg/kc/pszx/mdps_order_operate.html HTTP/1.1" 200 4683
116.232.195.127 - - [12/Jul/2023:08:48:41 +0800] "GET /xingrg/kc/buy/cgsh_order_operate.html?command=get_materiel&rest_code=00155&code=00101008003&supplier_code=00100005&order_time=2023-07-12 HTTP/1.1" 200 408
114.95.42.59 - - [12/Jul/2023:08:48:42 +0800] "GET /xingrg/check_reg.html?_=1689122737244 HTTP/1.1" 200 22
114.95.42.59 - - [12/Jul/2023:08:48:42 +0800] "GET /xingrg/all/function/internal_message.html?_=1689122737246&CODE_STATE=getMsg HTTP/1.1" 200 27
120.253.135.82 - - [12/Jul/2023:08:48:43 +0800] "POST /xingrg/kc/pszx/mdps_order_operate.html HTTP/1.1" 200 37
120.253.135.82 - - [12/Jul/2023:08:48:44 +0800] "GET /xingrg/all/function/internal_message.html?_=1689123066035&CODE_STATE=getMsg HTTP/1.1" 302 -
120.253.135.82 - - [12/Jul/2023:08:48:44 +0800] "GET /xingrg/login.html HTTP/1.1" 200 7641
222.70.180.90 - - [12/Jul/2023:08:48:44 +0800] "POST /xingrg/kc/buy/cgsh_list_operate.html HTTP/1.1" 200 4
120.253.135.82 - - [12/Jul/2023:08:48:45 +0800] "GET /xingrg/kc/pszx/mdps_order_info.html?code=312023071200283 HTTP/1.1" 200 23978
120.253.135.82 - - [12/Jul/2023:08:48:46 +0800] "GET /xingrg/all/function/internal_message.html?_=1689122752739&CODE_STATE=getMsg HTTP/1.1" 200 27
120.253.135.82 - - [12/Jul/2023:08:48:46 +0800] "GET /xingrg/javascript/easyui/themes/default/validatebox.css HTTP/1.1" 404 1104
120.253.135.82 - - [12/Jul/2023:08:48:46 +0800] "POST /xingrg/kc/pszx/mdps_order_operate.html HTTP/1.1" 200 4730
116.232.195.127 - - [12/Jul/2023:08:48:52 +0800] "GET /xingrg/all/function/internal_message.html?_=1689122902018&CODE_STATE=getMsg HTTP/1.1" 200 27
116.232.195.127 - - [12/Jul/2023:08:48:54 +0800] "GET /xingrg/kc/buy/cgsh_order_operate.html?command=get_materiel&rest_code=00155&code=00101008332&supplier_code=00100005&order_time=2023-07-12 HTTP/1.1" 200 412
114.95.42.59 - - [12/Jul/2023:08:48:56 +0800] "GET /xingrg/all/function/internal_message.html?_=1689122937605&CODE_STATE=getMsg HTTP/1.1" 200 27
114.95.42.59 - - [12/Jul/2023:08:48:56 +0800] "GET /xingrg/javascript/jquery_easy_ui/themes/default/images/tabs_active.png HTTP/1.1" 304 -
222.70.172.54 - - [12/Jul/2023:08:48:57 +0800] "GET /xingrg/all/function/internal_message.html?_=1689122947029&CODE_STATE=getMsg HTTP/1.1" 200 27
222.70.180.90 - - [12/Jul/2023:08:49:01 +0800] "POST /xingrg/kc/buy/cgsh_list_operate.html HTTP/1.1" 200 5889
116.232.195.127 - - [12/Jul/2023:08:49:07 +0800] "GET /xingrg/kc/buy/cgsh_order_operate.html?command=get_materiel&rest_code=00155&code=00101008558&supplier_code=00100005&order_time=2023-07-12 HTTP/1.1" 200 409
120.253.135.82 - - [12/Jul/2023:08:49:12 +0800] "POST /xingrg/kc/pszx/mdps_list_operate.html HTTP/1.1" 200 5232
114.85.113.108 - - [12/Jul/2023:08:49:13 +0800] "GET /xingrg/all/function/internal_message.html?_=1689122950184&CODE_STATE=getMsg HTTP/1.1" 200 27
120.253.135.82 - - [12/Jul/2023:08:49:13 +0800] "POST /xingrg/kc/pszx/mdps_list_operate.html HTTP/1.1" 200 270
120.253.135.82 - - [12/Jul/2023:08:49:15 +0800] "GET /xingrg/kc/pszx/mdps_order_info.html?code=312023071200284 HTTP/1.1" 200 23978
120.253.135.82 - - [12/Jul/2023:08:49:15 +0800] "GET /xingrg/javascript/easyui/themes/default/validatebox.css HTTP/1.1" 404 1104
120.253.135.82 - - [12/Jul/2023:08:49:16 +0800] "POST /xingrg/kc/pszx/mdps_order_operate.html HTTP/1.1" 200 2738
116.232.195.127 - - [12/Jul/2023:08:49:19 +0800] "GET /xingrg/kc/buy/cgsh_order_operate.html?command=get_materiel&rest_code=00155&code=00101008132&supplier_code=00100005&order_time=2023-07-12 HTTP/1.1" 200 408
222.70.180.90 - - [12/Jul/2023:08:49:22 +0800] "GET /xingrg/all/function/internal_message.html?_=1689122961267&CODE_STATE=getMsg HTTP/1.1" 200 27
