61.170.233.201 - - [12/Jul/2023:11:34:44 +0800] "POST /xingrg/kc/buy/cgsh_order_operate.html HTTP/1.1" 200 8245
61.170.233.201 - - [12/Jul/2023:11:34:44 +0800] "GET /xingrg/javascript/easyui/themes/default/validatebox.css HTTP/1.1" 404 1104
114.95.42.59 - - [12/Jul/2023:11:34:46 +0800] "GET /xingrg/kc/base/wldb_order_add.html HTTP/1.1" 200 30381
114.95.42.59 - - [12/Jul/2023:11:34:46 +0800] "POST /xingrg/kc/base/wldb_order_operate.html HTTP/1.1" 200 6806
114.95.42.59 - - [12/Jul/2023:11:34:46 +0800] "GET /xingrg/javascript/easyui/themes/default/validatebox.css HTTP/1.1" 404 1104
114.84.31.26 - - [12/Jul/2023:11:34:46 +0800] "GET /xingrg/kc/buy/cgsh_order_operate.html?command=get_materiel&rest_code=00142&code=00101008005&supplier_code=00100161&order_time=2023-07-12 HTTP/1.1" 200 412
61.170.233.201 - - [12/Jul/2023:11:34:47 +0800] "GET /xingrg/javascript/easyui/themes/default/tree.css HTTP/1.1" 404 1090
61.170.233.201 - - [12/Jul/2023:11:34:48 +0800] "POST /xingrg/all/common/load_tree.html?tree=supplier_tree_json&isDelete=1 HTTP/1.1" 200 74546
114.95.42.59 - - [12/Jul/2023:11:34:48 +0800] "POST /xingrg/kc/buy/cgsh_order_operate.html HTTP/1.1" 200 2660
114.83.219.27 - - [12/Jul/2023:11:34:53 +0800] "GET /xingrg/all/function/internal_message.html?_=1689133012451&CODE_STATE=getMsg HTTP/1.1" 200 27
222.70.180.90 - - [12/Jul/2023:11:34:56 +0800] "POST /xingrg/kc/buy/cgsh_order_operate.html HTTP/1.1" 200 37
114.95.42.59 - - [12/Jul/2023:11:34:56 +0800] "GET /xingrg/kc/print/load_data.html?order_code=212023071204686&kc_code=cgsh&condition= HTTP/1.1" 200 736
124.78.70.128 - - [12/Jul/2023:11:34:57 +0800] "GET /xingrg/all/function/internal_message.html?_=1689132374718&CODE_STATE=getMsg HTTP/1.1" 200 27
222.70.180.90 - - [12/Jul/2023:11:34:57 +0800] "GET /xingrg/all/function/internal_message.html?_=1689132895797&CODE_STATE=getMsg HTTP/1.1" 200 27
222.70.180.90 - - [12/Jul/2023:11:34:57 +0800] "GET /xingrg/all/function/internal_message.html?_=1689133027674&CODE_STATE=getMsg HTTP/1.1" 200 27
61.170.233.201 - - [12/Jul/2023:11:34:57 +0800] "GET /xingrg/kc/buy/cgsh_order_operate.html?command=get_materiel&rest_code=00106&code=00101007027&supplier_code=00100096&order_time=2023-07-12 HTTP/1.1" 200 427
114.84.31.26 - - [12/Jul/2023:11:34:58 +0800] "GET /xingrg/kc/buy/cgsh_order_operate.html?command=get_materiel&rest_code=00142&code=00101008049&supplier_code=00100161&order_time=2023-07-12 HTTP/1.1" 200 408
222.70.180.90 - - [12/Jul/2023:11:34:58 +0800] "POST /xingrg/kc/buy/cgsh_order_operate.html HTTP/1.1" 200 2667
222.70.172.54 - - [12/Jul/2023:11:34:58 +0800] "GET /xingrg/all/function/internal_message.html?_=1689132908499&CODE_STATE=getMsg HTTP/1.1" 200 27
61.170.233.201 - - [12/Jul/2023:11:34:58 +0800] "GET /xingrg/all/function/internal_message.html?_=1689132900062&CODE_STATE=getMsg HTTP/1.1" 200 27
116.232.195.127 - - [12/Jul/2023:11:35:00 +0800] "POST /xingrg/kc/buy/cgsh_list_operate.html HTTP/1.1" 200 5949
114.95.42.59 - - [12/Jul/2023:11:35:00 +0800] "GET /xingrg/kc/buy/cgsh_order_add.html HTTP/1.1" 200 71702
222.70.180.90 - - [12/Jul/2023:11:35:01 +0800] "GET /xingrg/kc/print/load_data.html?order_code=212023071204687&kc_code=cgsh&condition= HTTP/1.1" 200 735
114.95.42.59 - - [12/Jul/2023:11:35:01 +0800] "GET /xingrg/javascript/easyui/themes/default/validatebox.css HTTP/1.1" 404 1104
114.95.42.59 - - [12/Jul/2023:11:35:01 +0800] "POST /xingrg/kc/buy/cgsh_order_operate.html HTTP/1.1" 200 8245
114.83.217.28 - - [12/Jul/2023:11:35:01 +0800] "GET /xingrg/all/function/internal_message.html?_=1689132900655&CODE_STATE=getMsg HTTP/1.1" 200 27
61.170.233.201 - - [12/Jul/2023:11:35:02 +0800] "GET /xingrg/all/function/internal_message.html?_=1689132895025&CODE_STATE=getMsg HTTP/1.1" 200 27
180.162.110.162 - - [12/Jul/2023:11:35:02 +0800] "GET /xingrg/all/function/internal_message.html?_=1689131661379&CODE_STATE=getMsg HTTP/1.1" 200 27
222.70.180.90 - - [12/Jul/2023:11:35:05 +0800] "GET /xingrg/kc/buy/cgsh_order_add.html HTTP/1.1" 200 71576
222.70.180.90 - - [12/Jul/2023:11:35:06 +0800] "POST /xingrg/kc/buy/cgsh_order_operate.html HTTP/1.1" 200 8245
222.70.180.90 - - [12/Jul/2023:11:35:06 +0800] "GET /xingrg/javascript/easyui/themes/default/validatebox.css HTTP/1.1" 404 1104
180.169.147.146 - - [12/Jul/2023:11:35:07 +0800] "GET /xingrg/all/function/internal_message.html?_=1689132907122&CODE_STATE=getMsg HTTP/1.1" 200 27
61.170.233.201 - - [12/Jul/2023:11:35:08 +0800] "GET /xingrg/kc/buy/cgsh_order_operate.html?command=get_materiel&rest_code=00106&code=00101001037&supplier_code=00100090&order_time=2023-07-12 HTTP/1.1" 200 416
114.89.203.254 - - [12/Jul/2023:11:35:08 +0800] "GET /xingrg/all/function/internal_message.html?_=1689132909120&CODE_STATE=getMsg HTTP/1.1" 200 27
114.84.31.26 - - [12/Jul/2023:11:35:09 +0800] "GET /xingrg/kc/buy/cgsh_order_operate.html?command=get_materiel&rest_code=00142&code=00101008059&supplier_code=00100161&order_time=2023-07-12 HTTP/1.1" 200 408
116.232.195.127 - - [12/Jul/2023:11:35:09 +0800] "GET /xingrg/all/function/internal_message.html?_=1689132887044&CODE_STATE=getMsg HTTP/1.1" 200 27
124.78.70.128 - - [12/Jul/2023:11:35:10 +0800] "GET /xingrg/kc/buy/cgsh_order_operate.html?command=get_materiel&rest_code=00141&code=00101008356&supplier_code=00100007&order_time=2023-07-12 HTTP/1.1" 200 408
114.95.42.59 - - [12/Jul/2023:11:35:11 +0800] "GET /xingrg/kc/buy/cgsh_order_operate.html?command=get_materiel&rest_code=00105&code=00101001125&supplier_code=00100319&order_time=2023-07-12 HTTP/1.1" 200 417
218.81.72.140 - - [12/Jul/2023:11:35:11 +0800] "GET /xingrg/all/function/internal_message.html?_=1689132911226&CODE_STATE=getMsg HTTP/1.1" 302 -
222.70.180.90 - - [12/Jul/2023:11:35:15 +0800] "GET /xingrg/kc/buy/cgsh_order_operate.html?command=get_materiel&rest_code=00111&code=00101001045&supplier_code=00100439&order_time=2023-07-12 HTTP/1.1" 200 423
114.95.42.59 - - [12/Jul/2023:11:35:18 +0800] "GET /xingrg/kc/base/wldb_order_operate.html?command=get_materiel&rest_code=00105&base_code=0010507&code=00101019133 HTTP/1.1" 200 480
114.95.42.59 - - [12/Jul/2023:11:35:19 +0800] "GET /xingrg/all/function/internal_message.html?_=1689132734161&CODE_STATE=getMsg HTTP/1.1" 200 27
114.95.42.59 - - [12/Jul/2023:11:35:21 +0800] "GET /xingrg/all/function/internal_message.html?_=1689132923101&CODE_STATE=getMsg HTTP/1.1" 200 27
180.163.30.27 - - [12/Jul/2023:11:35:23 +0800] "GET /xingrg/kc/buy/cgsh_order_operate.html?command=get_materiel&rest_code=00106&code=00101007081&supplier_code=00100096&order_time=2023-07-12 HTTP/1.1" 302 -
180.163.30.27 - - [12/Jul/2023:11:35:23 +0800] "GET /xingrg/login.html HTTP/1.1" 200 7641
114.84.31.26 - - [12/Jul/2023:11:35:23 +0800] "GET /xingrg/kc/buy/cgsh_order_operate.html?command=get_materiel&rest_code=00142&code=00101008361&supplier_code=00100161&order_time=2023-07-12 HTTP/1.1" 200 408
124.78.70.128 - - [12/Jul/2023:11:35:24 +0800] "GET /xingrg/kc/buy/cgsh_order_operate.html?command=get_materiel&rest_code=00141&code=00101015183&supplier_code=00100007&order_time=2023-07-12 HTTP/1.1" 200 421
222.70.180.90 - - [12/Jul/2023:11:35:27 +0800] "GET /xingrg/kc/buy/cgsh_order_operate.html?command=get_materiel&rest_code=00111&code=00101001047&supplier_code=00100439&order_time=2023-07-12 HTTP/1.1" 200 423
114.95.42.59 - - [12/Jul/2023:11:35:28 +0800] "GET /xingrg/kc/base/wldb_order_operate.html?command=get_materiel&rest_code=00105&base_code=0010507&code=00101019430 HTTP/1.1" 200 478
61.170.233.201 - - [12/Jul/2023:11:35:33 +0800] "POST /xingrg/kc/buy/cgsh_order_operate.html HTTP/1.1" 200 37
61.170.233.201 - - [12/Jul/2023:11:35:35 +0800] "GET /xingrg/kc/buy/cgsh_order_operate.html?command=get_materiel&rest_code=00106&code=00101001052&supplier_code=00100090&order_time=2023-07-12 HTTP/1.1" 200 409
114.95.42.59 - - [12/Jul/2023:11:35:35 +0800] "GET /xingrg/kc/buy/cgsh_order_operate.html?command=get_materiel&rest_code=00105&code=00101001169&supplier_code=00100319&order_time=2023-07-12 HTTP/1.1" 200 417
114.84.31.26 - - [12/Jul/2023:11:35:35 +0800] "GET /xingrg/kc/buy/cgsh_order_operate.html?command=get_materiel&rest_code=00142&code=00101008355&supplier_code=00100161&order_time=2023-07-12 HTTP/1.1" 200 408
222.70.114.12 - - [12/Jul/2023:11:35:40 +0800] "GET /xingrg/all/function/internal_message.html?_=1689132945498&CODE_STATE=getMsg HTTP/1.1" 302 -
114.84.31.26 - - [12/Jul/2023:11:35:41 +0800] "GET /xingrg/all/function/internal_message.html?_=1689132941863&CODE_STATE=getMsg HTTP/1.1" 200 27
222.70.180.90 - - [12/Jul/2023:11:35:42 +0800] "POST /xingrg/kc/buy/cgsh_order_operate.html HTTP/1.1" 200 37
114.95.42.59 - - [12/Jul/2023:11:35:42 +0800] "POST /xingrg/kc/base/wldb_order_operate.html HTTP/1.1" 200 37
61.170.233.201 - - [12/Jul/2023:11:35:42 +0800] "POST /xingrg/kc/buy/cgsh_order_operate.html HTTP/1.1" 200 9216
114.95.42.59 - - [12/Jul/2023:11:35:43 +0800] "POST /xingrg/kc/base/wldb_order_operate.html HTTP/1.1" 200 2732
222.70.180.90 - - [12/Jul/2023:11:35:44 +0800] "POST /xingrg/kc/buy/cgsh_order_operate.html HTTP/1.1" 200 3273
124.78.70.128 - - [12/Jul/2023:11:35:44 +0800] "GET /xingrg/kc/buy/cgsh_order_operate.html?command=get_materiel&rest_code=00141&code=00101008371&supplier_code=00100007&order_time=2023-07-12 HTTP/1.1" 200 412
114.95.42.59 - - [12/Jul/2023:11:35:45 +0800] "GET /xingrg/kc/base/wldb_order_info.html?code=422023071201138 HTTP/1.1" 200 30392
114.95.42.59 - - [12/Jul/2023:11:35:45 +0800] "GET /xingrg/javascript/easyui/themes/default/validatebox.css HTTP/1.1" 404 1104
114.95.42.59 - - [12/Jul/2023:11:35:46 +0800] "POST /xingrg/kc/base/wldb_order_operate.html HTTP/1.1" 200 2732
222.70.180.90 - - [12/Jul/2023:11:35:46 +0800] "GET /xingrg/kc/print/load_data.html?order_code=212023071204689&kc_code=cgsh&condition= HTTP/1.1" 200 923
114.95.42.59 - - [12/Jul/2023:11:35:50 +0800] "POST /xingrg/kc/buy/cgsh_order_operate.html HTTP/1.1" 200 37
114.84.31.26 - - [12/Jul/2023:11:35:50 +0800] "GET /xingrg/kc/buy/cgsh_order_operate.html?command=get_materiel&rest_code=00142&code=00101008024&supplier_code=00100161&order_time=2023-07-12 HTTP/1.1" 200 408
222.70.180.90 - - [12/Jul/2023:11:35:51 +0800] "GET /xingrg/kc/buy/cgsh_order_add.html HTTP/1.1" 200 71576
222.70.180.90 - - [12/Jul/2023:11:35:51 +0800] "POST /xingrg/kc/buy/cgsh_order_operate.html HTTP/1.1" 200 8245
222.70.180.90 - - [12/Jul/2023:11:35:51 +0800] "GET /xingrg/javascript/easyui/themes/default/validatebox.css HTTP/1.1" 404 1104
114.83.219.27 - - [12/Jul/2023:11:35:53 +0800] "GET /xingrg/all/function/internal_message.html?_=1689133072465&CODE_STATE=getMsg HTTP/1.1" 200 27
61.170.233.201 - - [12/Jul/2023:11:35:54 +0800] "GET /xingrg/kc/buy/cgsh_order_operate.html?command=get_materiel&rest_code=00106&code=00101001125&supplier_code=00100090&order_time=2023-07-12 HTTP/1.1" 200 417
114.95.42.59 - - [12/Jul/2023:11:35:54 +0800] "POST /xingrg/kc/buy/cgsh_order_operate.html HTTP/1.1" 200 3260
114.95.42.59 - - [12/Jul/2023:11:35:56 +0800] "GET /xingrg/kc/print/load_data.html?order_code=212023071204690&kc_code=cgsh&condition= HTTP/1.1" 200 911
124.78.70.128 - - [12/Jul/2023:11:35:57 +0800] "GET /xingrg/all/function/internal_message.html?_=1689132434833&CODE_STATE=getMsg HTTP/1.1" 200 27
222.70.180.90 - - [12/Jul/2023:11:35:57 +0800] "GET /xingrg/all/function/internal_message.html?_=1689132955770&CODE_STATE=getMsg HTTP/1.1" 200 27
222.70.180.90 - - [12/Jul/2023:11:35:57 +0800] "GET /xingrg/check_reg.html?_=1689133087517 HTTP/1.1" 200 22
222.70.180.90 - - [12/Jul/2023:11:35:57 +0800] "GET /xingrg/all/function/internal_message.html?_=1689133087658&CODE_STATE=getMsg HTTP/1.1" 200 27
222.70.172.54 - - [12/Jul/2023:11:35:57 +0800] "GET /xingrg/check_reg.html?_=1689132967815 HTTP/1.1" 200 22
222.70.172.54 - - [12/Jul/2023:11:35:58 +0800] "GET /xingrg/all/function/internal_message.html?_=1689132968511&CODE_STATE=getMsg HTTP/1.1" 200 27
61.170.233.201 - - [12/Jul/2023:11:35:58 +0800] "GET /xingrg/all/function/internal_message.html?_=1689132960067&CODE_STATE=getMsg HTTP/1.1" 200 27
124.78.70.128 - - [12/Jul/2023:11:35:59 +0800] "GET /xingrg/kc/buy/cgsh_order_operate.html?command=get_materiel&rest_code=00141&code=00101008353&supplier_code=00100007&order_time=2023-07-12 HTTP/1.1" 200 408
114.95.42.59 - - [12/Jul/2023:11:36:00 +0800] "GET /xingrg/kc/base/wldb_order_add.html HTTP/1.1" 200 30381
114.95.42.59 - - [12/Jul/2023:11:36:00 +0800] "POST /xingrg/kc/base/wldb_order_operate.html HTTP/1.1" 200 6806
114.95.42.59 - - [12/Jul/2023:11:36:00 +0800] "GET /xingrg/javascript/easyui/themes/default/validatebox.css HTTP/1.1" 404 1104
114.84.31.26 - - [12/Jul/2023:11:36:01 +0800] "GET /xingrg/kc/buy/cgsh_order_operate.html?command=get_materiel&rest_code=00142&code=00101008356&supplier_code=00100161&order_time=2023-07-12 HTTP/1.1" 200 408
114.83.217.28 - - [12/Jul/2023:11:36:01 +0800] "GET /xingrg/all/function/internal_message.html?_=1689132960626&CODE_STATE=getMsg HTTP/1.1" 200 27
222.70.180.90 - - [12/Jul/2023:11:36:01 +0800] "GET /xingrg/kc/buy/cgsh_order_operate.html?command=get_materiel&rest_code=00111&code=00101020165&supplier_code=00100337&order_time=2023-07-12 HTTP/1.1" 200 410
114.83.217.28 - - [12/Jul/2023:11:36:01 +0800] "GET /xingrg/check_reg.html?_=1689132960941 HTTP/1.1" 200 22
61.170.233.201 - - [12/Jul/2023:11:36:02 +0800] "GET /xingrg/all/function/internal_message.html?_=1689132954986&CODE_STATE=getMsg HTTP/1.1" 200 27
180.162.110.162 - - [12/Jul/2023:11:36:02 +0800] "GET /xingrg/all/function/internal_message.html?_=1689131721363&CODE_STATE=getMsg HTTP/1.1" 200 27
180.169.147.146 - - [12/Jul/2023:11:36:07 +0800] "GET /xingrg/all/function/internal_message.html?_=1689132967128&CODE_STATE=getMsg HTTP/1.1" 200 27
114.89.203.254 - - [12/Jul/2023:11:36:08 +0800] "GET /xingrg/all/function/internal_message.html?_=1689132969124&CODE_STATE=getMsg HTTP/1.1" 200 27
116.232.195.127 - - [12/Jul/2023:11:36:09 +0800] "GET /xingrg/all/function/internal_message.html?_=1689132947037&CODE_STATE=getMsg HTTP/1.1" 200 27
218.81.72.140 - - [12/Jul/2023:11:36:12 +0800] "GET /xingrg/all/function/internal_message.html?_=1689132971228&CODE_STATE=getMsg HTTP/1.1" 302 -
61.170.233.201 - - [12/Jul/2023:11:36:13 +0800] "POST /xingrg/kc/buy/cgsh_order_operate.html HTTP/1.1" 200 37
114.84.31.26 - - [12/Jul/2023:11:36:13 +0800] "GET /xingrg/kc/buy/cgsh_order_operate.html?command=get_materiel&rest_code=00142&code=00101008286&supplier_code=00100161&order_time=2023-07-12 HTTP/1.1" 200 408
116.232.195.127 - - [12/Jul/2023:11:36:14 +0800] "POST /xingrg/kc/buy/cgsh_list_operate.html HTTP/1.1" 200 8821
61.170.233.201 - - [12/Jul/2023:11:36:16 +0800] "POST /xingrg/kc/buy/cgsh_order_operate.html HTTP/1.1" 200 37
222.70.180.90 - - [12/Jul/2023:11:36:16 +0800] "GET /xingrg/kc/buy/cgsh_order_operate.html?command=get_materiel&rest_code=00111&code=00101019216&supplier_code=00100337&order_time=2023-07-12 HTTP/1.1" 200 457
124.78.70.128 - - [12/Jul/2023:11:36:16 +0800] "GET /xingrg/kc/buy/cgsh_order_operate.html?command=get_materiel&rest_code=00141&code=00101008114&supplier_code=00100007&order_time=2023-07-12 HTTP/1.1" 200 412
114.95.42.59 - - [12/Jul/2023:11:36:19 +0800] "GET /xingrg/all/function/internal_message.html?_=1689132794167&CODE_STATE=getMsg HTTP/1.1" 200 27
61.170.233.201 - - [12/Jul/2023:11:36:20 +0800] "POST /xingrg/kc/buy/cgsh_order_operate.html HTTP/1.1" 200 9216
61.170.233.201 - - [12/Jul/2023:11:36:21 +0800] "POST /xingrg/kc/buy/cgsh_order_operate.html HTTP/1.1" 200 12
114.95.42.59 - - [12/Jul/2023:11:36:21 +0800] "GET /xingrg/all/function/internal_message.html?_=1689132983073&CODE_STATE=getMsg HTTP/1.1" 200 27
124.78.70.128 - - [12/Jul/2023:11:36:22 +0800] "POST /xingrg/kc/buy/cgsh_order_operate.html HTTP/1.1" 200 2065
61.170.233.201 - - [12/Jul/2023:11:36:23 +0800] "GET /xingrg/kc/buy/cgsh_order_info.html?code=212023071204691 HTTP/1.1" 200 66527
61.170.233.201 - - [12/Jul/2023:11:36:23 +0800] "GET /xingrg/javascript/easyui/themes/default/validatebox.css HTTP/1.1" 404 1104
114.84.31.26 - - [12/Jul/2023:11:36:24 +0800] "GET /xingrg/kc/buy/cgsh_order_operate.html?command=get_materiel&rest_code=00142&code=00101008353&supplier_code=00100161&order_time=2023-07-12 HTTP/1.1" 200 408
61.170.233.201 - - [12/Jul/2023:11:36:24 +0800] "POST /xingrg/kc/buy/cgsh_order_operate.html HTTP/1.1" 200 1805
61.170.233.201 - - [12/Jul/2023:11:36:27 +0800] "GET /xingrg/kc/print/load_data.html?order_code=212023071204691&kc_code=cgsh&condition= HTTP/1.1" 200 1228
114.95.42.59 - - [12/Jul/2023:11:36:30 +0800] "POST /xingrg/kc/buy/cgsh_list_operate.html HTTP/1.1" 200 6146
124.78.70.128 - - [12/Jul/2023:11:36:30 +0800] "GET /xingrg/kc/buy/cgsh_order_operate.html?command=get_materiel&rest_code=00141&code=00101008283&supplier_code=00100007&order_time=2023-07-12 HTTP/1.1" 200 408
61.170.233.201 - - [12/Jul/2023:11:36:33 +0800] "GET /xingrg/kc/buy/cgsh_order_add.html HTTP/1.1" 200 71614
61.170.233.201 - - [12/Jul/2023:11:36:33 +0800] "POST /xingrg/kc/buy/cgsh_order_operate.html HTTP/1.1" 200 8245
61.170.233.201 - - [12/Jul/2023:11:36:33 +0800] "GET /xingrg/javascript/easyui/themes/default/validatebox.css HTTP/1.1" 404 1104
114.84.31.26 - - [12/Jul/2023:11:36:34 +0800] "GET /xingrg/kc/buy/cgsh_order_operate.html?command=get_materiel&rest_code=00142&code=00101008351&supplier_code=00100161&order_time=2023-07-12 HTTP/1.1" 200 408
61.170.233.201 - - [12/Jul/2023:11:36:35 +0800] "GET /xingrg/javascript/easyui/themes/default/tree.css HTTP/1.1" 404 1090
61.170.233.201 - - [12/Jul/2023:11:36:35 +0800] "POST /xingrg/all/common/load_tree.html?tree=supplier_tree_json&isDelete=1 HTTP/1.1" 200 74546
222.70.114.12 - - [12/Jul/2023:11:36:40 +0800] "GET /xingrg/all/function/internal_message.html?_=1689133005498&CODE_STATE=getMsg HTTP/1.1" 302 -
114.84.31.26 - - [12/Jul/2023:11:36:41 +0800] "GET /xingrg/all/function/internal_message.html?_=1689133001855&CODE_STATE=getMsg HTTP/1.1" 200 27
124.78.70.128 - - [12/Jul/2023:11:36:44 +0800] "GET /xingrg/kc/buy/cgsh_order_operate.html?command=get_materiel&rest_code=00141&code=00101008150&supplier_code=00100007&order_time=2023-07-12 HTTP/1.1" 200 409
114.84.31.26 - - [12/Jul/2023:11:36:45 +0800] "GET /xingrg/kc/buy/cgsh_order_operate.html?command=get_materiel&rest_code=00142&code=00101008350&supplier_code=00100161&order_time=2023-07-12 HTTP/1.1" 200 408
114.95.42.59 - - [12/Jul/2023:11:36:51 +0800] "GET /xingrg/kc/base/wldb_order_operate.html?command=get_materiel&rest_code=00105&base_code=0010507&code=00101016037 HTTP/1.1" 200 452
61.170.233.201 - - [12/Jul/2023:11:36:52 +0800] "GET /xingrg/kc/buy/cgsh_order_operate.html?command=get_materiel&rest_code=00106&code=00101004051&supplier_code=00100312&order_time=2023-07-12 HTTP/1.1" 200 408
114.83.219.27 - - [12/Jul/2023:11:36:53 +0800] "GET /xingrg/all/function/internal_message.html?_=1689133132457&CODE_STATE=getMsg HTTP/1.1" 200 27
116.232.195.127 - - [12/Jul/2023:11:36:54 +0800] "POST /xingrg/kc/buy/cgsh_list_operate.html HTTP/1.1" 200 599
114.95.42.59 - - [12/Jul/2023:11:36:55 +0800] "POST /xingrg/all/common/load_select.html HTTP/1.1" 200 25
114.84.31.26 - - [12/Jul/2023:11:36:56 +0800] "GET /xingrg/kc/buy/cgsh_order_operate.html?command=get_materiel&rest_code=00142&code=00101008234&supplier_code=00100161&order_time=2023-07-12 HTTP/1.1" 200 408
124.78.70.128 - - [12/Jul/2023:11:36:57 +0800] "GET /xingrg/all/function/internal_message.html?_=1689132494830&CODE_STATE=getMsg HTTP/1.1" 200 27
222.70.180.90 - - [12/Jul/2023:11:36:57 +0800] "GET /xingrg/all/function/internal_message.html?_=1689133015753&CODE_STATE=getMsg HTTP/1.1" 200 27
222.70.180.90 - - [12/Jul/2023:11:36:57 +0800] "GET /xingrg/all/function/internal_message.html?_=1689133147632&CODE_STATE=getMsg HTTP/1.1" 200 27
222.70.172.54 - - [12/Jul/2023:11:36:58 +0800] "GET /xingrg/all/function/internal_message.html?_=1689133028524&CODE_STATE=getMsg HTTP/1.1" 200 27
61.170.233.201 - - [12/Jul/2023:11:36:58 +0800] "GET /xingrg/all/function/internal_message.html?_=1689133020066&CODE_STATE=getMsg HTTP/1.1" 200 27
116.232.195.127 - - [12/Jul/2023:11:36:59 +0800] "GET /xingrg/kc/buy/cgsh_order_info.html?code=212023071204681 HTTP/1.1" 200 71678
116.232.195.127 - - [12/Jul/2023:11:37:00 +0800] "GET /xingrg/javascript/easyui/themes/default/validatebox.css HTTP/1.1" 404 1104
116.232.195.127 - - [12/Jul/2023:11:37:00 +0800] "GET /xingrg/all/common/auto_word.html?type=employee&rest_code=00155 HTTP/1.1" 200 205
116.232.195.127 - - [12/Jul/2023:11:37:00 +0800] "GET /xingrg/all/common/auto_word.html?type=employee&rest_code=00155 HTTP/1.1" 200 205
114.83.217.28 - - [12/Jul/2023:11:37:01 +0800] "GET /xingrg/all/function/internal_message.html?_=1689133020600&CODE_STATE=getMsg HTTP/1.1" 200 27
116.232.195.127 - - [12/Jul/2023:11:37:01 +0800] "POST /xingrg/kc/buy/cgsh_order_operate.html HTTP/1.1" 200 6293
114.95.42.59 - - [12/Jul/2023:11:37:01 +0800] "GET /xingrg/kc/base/wldb_order_operate.html?command=get_materiel_price&rest_code=00105&base_code=0010507&code=00101016037&unit_code=00100098 HTTP/1.1" 200 37
180.163.29.103 - - [12/Jul/2023:11:37:02 +0800] "GET /xingrg/all/function/internal_message.html?_=1689132954986&CODE_STATE=getMsg HTTP/1.1" 302 -
180.163.29.103 - - [12/Jul/2023:11:37:02 +0800] "GET /xingrg/login.html HTTP/1.1" 200 7641
61.170.233.201 - - [12/Jul/2023:11:37:02 +0800] "GET /xingrg/all/function/internal_message.html?_=1689133014966&CODE_STATE=getMsg HTTP/1.1" 200 27
180.162.110.162 - - [12/Jul/2023:11:37:02 +0800] "GET /xingrg/all/function/internal_message.html?_=1689131781377&CODE_STATE=getMsg HTTP/1.1" 200 27
124.78.70.128 - - [12/Jul/2023:11:37:04 +0800] "GET /xingrg/kc/buy/cgsh_order_operate.html?command=get_materiel&rest_code=00141&code=00101009011&supplier_code=00100007&order_time=2023-07-12 HTTP/1.1" 200 416
180.169.147.146 - - [12/Jul/2023:11:37:07 +0800] "GET /xingrg/all/function/internal_message.html?_=1689133027105&CODE_STATE=getMsg HTTP/1.1" 200 27
114.84.31.26 - - [12/Jul/2023:11:37:07 +0800] "GET /xingrg/kc/buy/cgsh_order_operate.html?command=get_materiel&rest_code=00142&code=00101008312&supplier_code=00100161&order_time=2023-07-12 HTTP/1.1" 200 412
114.89.203.254 - - [12/Jul/2023:11:37:08 +0800] "GET /xingrg/all/function/internal_message.html?_=1689133029117&CODE_STATE=getMsg HTTP/1.1" 200 27
116.232.195.127 - - [12/Jul/2023:11:37:09 +0800] "GET /xingrg/all/function/internal_message.html?_=1689133007048&CODE_STATE=getMsg HTTP/1.1" 200 27
218.81.72.140 - - [12/Jul/2023:11:37:12 +0800] "GET /xingrg/all/function/internal_message.html?_=1689133031255&CODE_STATE=getMsg HTTP/1.1" 302 -
114.95.42.59 - - [12/Jul/2023:11:37:12 +0800] "POST /xingrg/kc/base/wldb_order_operate.html HTTP/1.1" 200 37
114.95.42.59 - - [12/Jul/2023:11:37:13 +0800] "POST /xingrg/kc/base/wldb_order_operate.html HTTP/1.1" 200 2195
114.95.42.59 - - [12/Jul/2023:11:37:14 +0800] "GET /xingrg/kc/base/wldb_order_info.html?code=422023071201139 HTTP/1.1" 200 30396
114.95.42.59 - - [12/Jul/2023:11:37:14 +0800] "GET /xingrg/javascript/easyui/themes/default/validatebox.css HTTP/1.1" 404 1104
61.170.233.201 - - [12/Jul/2023:11:37:15 +0800] "POST /xingrg/kc/buy/cgsh_order_operate.html HTTP/1.1" 200 37
114.95.42.59 - - [12/Jul/2023:11:37:15 +0800] "POST /xingrg/kc/base/wldb_order_operate.html HTTP/1.1" 200 2195
61.170.233.201 - - [12/Jul/2023:11:37:17 +0800] "POST /xingrg/kc/buy/cgsh_order_operate.html HTTP/1.1" 200 37
61.170.233.201 - - [12/Jul/2023:11:37:17 +0800] "POST /xingrg/kc/buy/cgsh_order_operate.html HTTP/1.1" 200 2656
114.84.31.26 - - [12/Jul/2023:11:37:18 +0800] "GET /xingrg/kc/buy/cgsh_order_operate.html?command=get_materiel&rest_code=00142&code=00101008264&supplier_code=00100161&order_time=2023-07-12 HTTP/1.1" 200 412
116.232.195.127 - - [12/Jul/2023:11:37:19 +0800] "GET /xingrg/kc/print/load_config.html?kc_code=cgsh HTTP/1.1" 200 1924
114.95.42.59 - - [12/Jul/2023:11:37:19 +0800] "GET /xingrg/all/function/internal_message.html?_=1689132854160&CODE_STATE=getMsg HTTP/1.1" 200 27
116.232.195.127 - - [12/Jul/2023:11:37:19 +0800] "GET /xingrg/kc/print/load_data.html?order_code=212023071204681&kc_code=cgsh&condition= HTTP/1.1" 200 2118
114.95.42.59 - - [12/Jul/2023:11:37:21 +0800] "GET /xingrg/all/function/internal_message.html?_=1689133043047&CODE_STATE=getMsg HTTP/1.1" 200 27
124.78.70.128 - - [12/Jul/2023:11:37:25 +0800] "GET /xingrg/kc/buy/cgsh_order_operate.html?command=get_materiel&rest_code=00141&code=00101009015&supplier_code=00100007&order_time=2023-07-12 HTTP/1.1" 200 416
61.170.233.201 - - [12/Jul/2023:11:37:28 +0800] "POST /xingrg/kc/buy/cgsh_order_operate.html HTTP/1.1" 200 12
114.84.31.26 - - [12/Jul/2023:11:37:29 +0800] "GET /xingrg/kc/buy/cgsh_order_operate.html?command=get_materiel&rest_code=00142&code=00101008248&supplier_code=00100161&order_time=2023-07-12 HTTP/1.1" 200 412
61.170.233.201 - - [12/Jul/2023:11:37:30 +0800] "GET /xingrg/kc/buy/cgsh_order_info.html?code=212023071204688 HTTP/1.1" 200 66521
61.170.233.201 - - [12/Jul/2023:11:37:30 +0800] "GET /xingrg/javascript/easyui/themes/default/validatebox.css HTTP/1.1" 404 1104
61.170.233.201 - - [12/Jul/2023:11:37:31 +0800] "POST /xingrg/kc/buy/cgsh_order_operate.html HTTP/1.1" 200 7141
61.170.233.201 - - [12/Jul/2023:11:37:33 +0800] "GET /xingrg/kc/print/load_data.html?order_code=212023071204688&kc_code=cgsh&condition= HTTP/1.1" 200 3174
114.84.31.26 - - [12/Jul/2023:11:37:39 +0800] "GET /xingrg/kc/buy/cgsh_order_operate.html?command=get_materiel&rest_code=00142&code=00101008283&supplier_code=00100161&order_time=2023-07-12 HTTP/1.1" 200 408
61.170.233.201 - - [12/Jul/2023:11:37:39 +0800] "GET /xingrg/kc/print/load_data.html?order_code=212023071204688&kc_code=cgsh HTTP/1.1" 200 3174
222.70.114.12 - - [12/Jul/2023:11:37:40 +0800] "GET /xingrg/all/function/internal_message.html?_=1689133065498&CODE_STATE=getMsg HTTP/1.1" 302 -
222.70.114.12 - - [12/Jul/2023:11:37:40 +0800] "GET /xingrg/check_reg.html?_=1689133065500 HTTP/1.1" 302 -
124.78.70.128 - - [12/Jul/2023:11:37:40 +0800] "GET /xingrg/kc/buy/cgsh_order_operate.html?command=get_materiel&rest_code=00141&code=00101008229&supplier_code=00100007&order_time=2023-07-12 HTTP/1.1" 200 420
114.84.31.26 - - [12/Jul/2023:11:37:41 +0800] "GET /xingrg/all/function/internal_message.html?_=1689133061867&CODE_STATE=getMsg HTTP/1.1" 200 27
114.95.42.59 - - [12/Jul/2023:11:37:44 +0800] "GET /xingrg/kc/buy/cgsh_order_add.html HTTP/1.1" 200 71702
124.78.70.128 - - [12/Jul/2023:11:37:44 +0800] "POST /xingrg/kc/buy/cgsh_order_operate.html HTTP/1.1" 200 2065
114.95.42.59 - - [12/Jul/2023:11:37:44 +0800] "POST /xingrg/kc/buy/cgsh_order_operate.html HTTP/1.1" 200 8245
114.95.42.59 - - [12/Jul/2023:11:37:45 +0800] "GET /xingrg/javascript/easyui/themes/default/validatebox.css HTTP/1.1" 404 1104
114.84.31.26 - - [12/Jul/2023:11:37:49 +0800] "GET /xingrg/kc/buy/cgsh_order_operate.html?command=get_materiel&rest_code=00142&code=00101008298&supplier_code=00100161&order_time=2023-07-12 HTTP/1.1" 200 413
114.83.219.27 - - [12/Jul/2023:11:37:53 +0800] "GET /xingrg/all/function/internal_message.html?_=1689133192454&CODE_STATE=getMsg HTTP/1.1" 200 27
222.70.180.90 - - [12/Jul/2023:11:37:54 +0800] "POST /xingrg/kc/buy/cgsh_order_operate.html HTTP/1.1" 200 37
124.78.70.128 - - [12/Jul/2023:11:37:57 +0800] "GET /xingrg/all/function/internal_message.html?_=1689132554662&CODE_STATE=getMsg HTTP/1.1" 200 27
222.70.180.90 - - [12/Jul/2023:11:37:57 +0800] "GET /xingrg/all/function/internal_message.html?_=1689133075729&CODE_STATE=getMsg HTTP/1.1" 200 27
222.70.180.90 - - [12/Jul/2023:11:37:57 +0800] "GET /xingrg/all/function/internal_message.html?_=1689133207627&CODE_STATE=getMsg HTTP/1.1" 200 27
222.70.180.90 - - [12/Jul/2023:11:37:57 +0800] "GET /xingrg/check_reg.html?_=1689133076001 HTTP/1.1" 200 22
222.70.180.90 - - [12/Jul/2023:11:37:57 +0800] "POST /xingrg/kc/buy/cgsh_order_operate.html HTTP/1.1" 200 3283
222.70.172.54 - - [12/Jul/2023:11:37:58 +0800] "GET /xingrg/all/function/internal_message.html?_=1689133088539&CODE_STATE=getMsg HTTP/1.1" 200 27
61.170.233.201 - - [12/Jul/2023:11:37:58 +0800] "GET /xingrg/check_reg.html?_=1689133080071 HTTP/1.1" 200 22
61.170.233.201 - - [12/Jul/2023:11:37:58 +0800] "GET /xingrg/all/function/internal_message.html?_=1689133080074&CODE_STATE=getMsg HTTP/1.1" 200 27
124.78.70.128 - - [12/Jul/2023:11:37:58 +0800] "GET /xingrg/kc/buy/cgsh_order_operate.html?command=get_materiel&rest_code=00141&code=00101009160&supplier_code=00100007&order_time=2023-07-12 HTTP/1.1" 200 415
114.84.31.26 - - [12/Jul/2023:11:37:59 +0800] "GET /xingrg/kc/buy/cgsh_order_operate.html?command=get_materiel&rest_code=00142&code=00101008300&supplier_code=00100161&order_time=2023-07-12 HTTP/1.1" 200 412
114.83.217.28 - - [12/Jul/2023:11:38:01 +0800] "GET /xingrg/all/function/internal_message.html?_=1689133080585&CODE_STATE=getMsg HTTP/1.1" 200 27
180.163.30.100 - - [12/Jul/2023:11:38:02 +0800] "GET /xingrg/all/function/internal_message.html?_=1689133014966&CODE_STATE=getMsg HTTP/1.1" 302 -
180.163.30.100 - - [12/Jul/2023:11:38:02 +0800] "GET /xingrg/login.html HTTP/1.1" 200 7641
61.170.233.201 - - [12/Jul/2023:11:38:02 +0800] "GET /xingrg/all/function/internal_message.html?_=1689133074958&CODE_STATE=getMsg HTTP/1.1" 200 27
180.162.110.162 - - [12/Jul/2023:11:38:02 +0800] "GET /xingrg/check_reg.html?_=1689131841377 HTTP/1.1" 200 22
180.162.110.162 - - [12/Jul/2023:11:38:02 +0800] "GET /xingrg/all/function/internal_message.html?_=1689131841383&CODE_STATE=getMsg HTTP/1.1" 200 27
61.170.233.201 - - [12/Jul/2023:11:38:03 +0800] "GET /xingrg/check_reg.html?_=1689133075534 HTTP/1.1" 200 22
222.70.180.90 - - [12/Jul/2023:11:38:05 +0800] "POST /xingrg/kc/buy/cgsh_order_operate.html HTTP/1.1" 200 37
114.84.31.26 - - [12/Jul/2023:11:38:06 +0800] "POST /xingrg/kc/buy/cgsh_order_operate.html HTTP/1.1" 200 2065
180.163.29.217 - - [12/Jul/2023:11:38:07 +0800] "GET /xingrg/all/function/internal_message.html?_=1689133027105&CODE_STATE=getMsg HTTP/1.1" 302 -
222.70.180.90 - - [12/Jul/2023:11:38:07 +0800] "POST /xingrg/kc/buy/cgsh_order_operate.html HTTP/1.1" 200 3283
180.163.29.217 - - [12/Jul/2023:11:38:07 +0800] "GET /xingrg/login.html HTTP/1.1" 200 7641
180.169.147.146 - - [12/Jul/2023:11:38:07 +0800] "GET /xingrg/all/function/internal_message.html?_=1689133087106&CODE_STATE=getMsg HTTP/1.1" 200 27
180.169.147.146 - - [12/Jul/2023:11:38:07 +0800] "GET /xingrg/check_reg.html?_=1689133087110 HTTP/1.1" 200 22
114.95.42.59 - - [12/Jul/2023:11:38:07 +0800] "GET /xingrg/kc/buy/cgsh_order_operate.html?command=get_materiel&rest_code=00105&code=00101010161&supplier_code=00100334&order_time=2023-07-12 HTTP/1.1" 200 409
114.89.203.254 - - [12/Jul/2023:11:38:08 +0800] "GET /xingrg/check_reg.html?_=1689133089135 HTTP/1.1" 200 22
114.89.203.254 - - [12/Jul/2023:11:38:08 +0800] "GET /xingrg/all/function/internal_message.html?_=1689133089138&CODE_STATE=getMsg HTTP/1.1" 200 27
222.70.180.90 - - [12/Jul/2023:11:38:09 +0800] "GET /xingrg/kc/print/load_data.html?order_code=212023071204693&kc_code=cgsh&condition= HTTP/1.1" 200 935
116.232.195.127 - - [12/Jul/2023:11:38:09 +0800] "GET /xingrg/all/function/internal_message.html?_=1689133067048&CODE_STATE=getMsg HTTP/1.1" 200 27
218.81.72.140 - - [12/Jul/2023:11:38:12 +0800] "GET /xingrg/all/function/internal_message.html?_=1689133091256&CODE_STATE=getMsg HTTP/1.1" 302 -
218.81.72.140 - - [12/Jul/2023:11:38:12 +0800] "GET /xingrg/check_reg.html?_=1689133091260 HTTP/1.1" 302 -
124.78.70.128 - - [12/Jul/2023:11:38:15 +0800] "GET /xingrg/kc/buy/cgsh_order_operate.html?command=get_materiel&rest_code=00141&code=00101008286&supplier_code=00100007&order_time=2023-07-12 HTTP/1.1" 200 408
114.95.42.59 - - [12/Jul/2023:11:38:19 +0800] "GET /xingrg/all/function/internal_message.html?_=1689132914221&CODE_STATE=getMsg HTTP/1.1" 200 27
114.95.42.59 - - [12/Jul/2023:11:38:19 +0800] "GET /xingrg/check_reg.html?_=1689132914225 HTTP/1.1" 200 22
222.70.180.90 - - [12/Jul/2023:11:38:20 +0800] "GET /xingrg/kc/buy/cgsh_order_add.html HTTP/1.1" 200 71576
222.70.180.90 - - [12/Jul/2023:11:38:21 +0800] "POST /xingrg/kc/buy/cgsh_order_operate.html HTTP/1.1" 200 8245
222.70.180.90 - - [12/Jul/2023:11:38:21 +0800] "GET /xingrg/javascript/easyui/themes/default/validatebox.css HTTP/1.1" 404 1104
114.95.42.59 - - [12/Jul/2023:11:38:21 +0800] "GET /xingrg/all/function/internal_message.html?_=1689133103018&CODE_STATE=getMsg HTTP/1.1" 200 27
124.78.70.128 - - [12/Jul/2023:11:38:27 +0800] "GET /xingrg/kc/buy/cgsh_order_operate.html?command=get_materiel&rest_code=00141&code=00101008036&supplier_code=00100007&order_time=2023-07-12 HTTP/1.1" 200 408
114.95.42.59 - - [12/Jul/2023:11:38:29 +0800] "GET /xingrg/kc/buy/cgsh_order_operate.html?command=get_materiel&rest_code=00105&code=00101005037&supplier_code=00100334&order_time=2023-07-12 HTTP/1.1" 200 409
114.84.31.26 - - [12/Jul/2023:11:38:35 +0800] "GET /xingrg/kc/buy/cgsh_order_operate.html?command=get_materiel&rest_code=00142&code=00101008092&supplier_code=00100161&order_time=2023-07-12 HTTP/1.1" 200 413
222.70.114.12 - - [12/Jul/2023:11:38:40 +0800] "GET /xingrg/all/function/internal_message.html?_=1689133125497&CODE_STATE=getMsg HTTP/1.1" 302 -
114.84.31.26 - - [12/Jul/2023:11:38:42 +0800] "GET /xingrg/all/function/internal_message.html?_=1689133121880&CODE_STATE=getMsg HTTP/1.1" 200 27
116.232.195.127 - - [12/Jul/2023:11:38:43 +0800] "GET /xingrg/javascript/jquery_easy_ui/themes/icons/rest.png HTTP/1.1" 200 695
116.232.195.127 - - [12/Jul/2023:11:38:43 +0800] "GET /xingrg/javascript/jquery_easy_ui/themes/icons/area.png HTTP/1.1" 200 262
114.95.42.59 - - [12/Jul/2023:11:38:47 +0800] "POST /xingrg/kc/buy/cgsh_order_operate.html HTTP/1.1" 200 64
116.232.195.127 - - [12/Jul/2023:11:38:47 +0800] "GET /xingrg/kc/buy/cgsh_order_add.html HTTP/1.1" 200 71667
116.232.195.127 - - [12/Jul/2023:11:38:48 +0800] "POST /xingrg/kc/buy/cgsh_order_operate.html HTTP/1.1" 200 8245
116.232.195.127 - - [12/Jul/2023:11:38:48 +0800] "GET /xingrg/javascript/easyui/themes/default/validatebox.css HTTP/1.1" 404 1104
116.232.195.127 - - [12/Jul/2023:11:38:49 +0800] "GET /xingrg/javascript/auto/indicator.gif HTTP/1.1" 404 1066
124.78.70.128 - - [12/Jul/2023:11:38:49 +0800] "POST /xingrg/kc/buy/cgsh_order_operate.html HTTP/1.1" 200 37
116.232.195.127 - - [12/Jul/2023:11:38:50 +0800] "GET /xingrg/javascript/jquery_tools/images/prev.gif HTTP/1.1" 404 1086
116.232.195.127 - - [12/Jul/2023:11:38:50 +0800] "GET /xingrg/javascript/jquery_tools/images/next.gif HTTP/1.1" 404 1086
222.70.180.90 - - [12/Jul/2023:11:38:51 +0800] "GET /xingrg/kc/buy/cgsh_order_operate.html?command=get_materiel&rest_code=00111&code=00101001167&supplier_code=00100314&order_time=2023-07-12 HTTP/1.1" 200 411
114.84.31.26 - - [12/Jul/2023:11:38:52 +0800] "GET /xingrg/kc/buy/cgsh_order_operate.html?command=get_materiel&rest_code=00142&code=00101008275&supplier_code=00100161&order_time=2023-07-12 HTTP/1.1" 200 23
124.78.70.128 - - [12/Jul/2023:11:38:52 +0800] "POST /xingrg/kc/buy/cgsh_order_operate.html HTTP/1.1" 200 20411
114.83.219.27 - - [12/Jul/2023:11:38:53 +0800] "GET /xingrg/all/function/internal_message.html?_=1689133252440&CODE_STATE=getMsg HTTP/1.1" 200 27
114.83.219.27 - - [12/Jul/2023:11:38:53 +0800] "GET /xingrg/check_reg.html?_=1689133252441 HTTP/1.1" 200 22
114.95.42.59 - - [12/Jul/2023:11:38:56 +0800] "POST /xingrg/kc/buy/cgsh_order_operate.html HTTP/1.1" 200 37
124.78.70.128 - - [12/Jul/2023:11:38:57 +0800] "GET /xingrg/all/function/internal_message.html?_=1689132614787&CODE_STATE=getMsg HTTP/1.1" 200 27
124.78.70.128 - - [12/Jul/2023:11:38:57 +0800] "GET /xingrg/check_reg.html?_=1689132614790 HTTP/1.1" 200 22
222.70.180.90 - - [12/Jul/2023:11:38:57 +0800] "GET /xingrg/all/function/internal_message.html?_=1689133135711&CODE_STATE=getMsg HTTP/1.1" 200 27
222.70.180.90 - - [12/Jul/2023:11:38:57 +0800] "GET /xingrg/all/function/internal_message.html?_=1689133267620&CODE_STATE=getMsg HTTP/1.1" 200 27
114.95.42.59 - - [12/Jul/2023:11:38:58 +0800] "POST /xingrg/kc/buy/cgsh_order_operate.html HTTP/1.1" 200 3241
116.232.195.127 - - [12/Jul/2023:11:38:58 +0800] "GET /xingrg/kc/buy/cgsh_order_operate.html?command=get_materiel&rest_code=00155&code=00101012049&supplier_code=00100338&order_time=2023-07-12 HTTP/1.1" 200 430
222.70.172.54 - - [12/Jul/2023:11:38:58 +0800] "GET /xingrg/all/function/internal_message.html?_=1689133148594&CODE_STATE=getMsg HTTP/1.1" 200 27
61.170.233.201 - - [12/Jul/2023:11:38:58 +0800] "GET /xingrg/all/function/internal_message.html?_=1689133140074&CODE_STATE=getMsg HTTP/1.1" 200 27
114.95.42.59 - - [12/Jul/2023:11:38:59 +0800] "GET /xingrg/kc/print/load_data.html?order_code=212023071204695&kc_code=cgsh&condition= HTTP/1.1" 200 892
116.232.195.127 - - [12/Jul/2023:11:39:01 +0800] "POST /xingrg/all/common/load_select.html HTTP/1.1" 200 25
114.83.217.28 - - [12/Jul/2023:11:39:01 +0800] "GET /xingrg/all/function/internal_message.html?_=1689133140573&CODE_STATE=getMsg HTTP/1.1" 200 27
61.170.233.201 - - [12/Jul/2023:11:39:02 +0800] "GET /xingrg/all/function/internal_message.html?_=1689133134944&CODE_STATE=getMsg HTTP/1.1" 200 27
180.162.110.162 - - [12/Jul/2023:11:39:02 +0800] "GET /xingrg/all/function/internal_message.html?_=1689131901367&CODE_STATE=getMsg HTTP/1.1" 200 27
180.163.30.76 - - [12/Jul/2023:11:39:03 +0800] "GET /xingrg/check_reg.html?_=1689133075534 HTTP/1.1" 302 -
180.163.30.76 - - [12/Jul/2023:11:39:03 +0800] "GET /xingrg/login.html HTTP/1.1" 200 7641
114.95.42.59 - - [12/Jul/2023:11:39:04 +0800] "GET /xingrg/kc/buy/cgsh_order_add.html HTTP/1.1" 200 71702
114.95.42.59 - - [12/Jul/2023:11:39:04 +0800] "GET /xingrg/javascript/easyui/themes/default/validatebox.css HTTP/1.1" 404 1104
114.95.42.59 - - [12/Jul/2023:11:39:04 +0800] "POST /xingrg/kc/buy/cgsh_order_operate.html HTTP/1.1" 200 8245
180.163.30.76 - - [12/Jul/2023:11:39:07 +0800] "GET /xingrg/all/function/internal_message.html?_=1689133087106&CODE_STATE=getMsg HTTP/1.1" 302 -
180.163.30.76 - - [12/Jul/2023:11:39:07 +0800] "GET /xingrg/login.html HTTP/1.1" 200 7641
180.163.29.103 - - [12/Jul/2023:11:39:07 +0800] "GET /xingrg/check_reg.html?_=1689133087110 HTTP/1.1" 302 -
180.163.29.103 - - [12/Jul/2023:11:39:07 +0800] "GET /xingrg/login.html HTTP/1.1" 200 7641
180.169.147.146 - - [12/Jul/2023:11:39:07 +0800] "GET /xingrg/all/function/internal_message.html?_=1689133147118&CODE_STATE=getMsg HTTP/1.1" 200 27
114.89.203.254 - - [12/Jul/2023:11:39:08 +0800] "GET /xingrg/all/function/internal_message.html?_=1689133149133&CODE_STATE=getMsg HTTP/1.1" 200 27
116.232.195.127 - - [12/Jul/2023:11:39:09 +0800] "GET /xingrg/check_reg.html?_=1689133127037 HTTP/1.1" 200 22
116.232.195.127 - - [12/Jul/2023:11:39:09 +0800] "GET /xingrg/all/function/internal_message.html?_=1689133127038&CODE_STATE=getMsg HTTP/1.1" 200 27
218.81.72.140 - - [12/Jul/2023:11:39:12 +0800] "GET /xingrg/all/function/internal_message.html?_=1689133151261&CODE_STATE=getMsg HTTP/1.1" 302 -
116.232.195.127 - - [12/Jul/2023:11:39:13 +0800] "GET /xingrg/kc/buy/cgsh_order_operate.html?command=get_materiel_price&rest_code=00155&code=00101012049&unit_code=00100086&supplier_code=00100338&order_time=2023-07-12 HTTP/1.1" 200 23
114.84.31.26 - - [12/Jul/2023:11:39:14 +0800] "POST /xingrg/kc/buy/cgsh_order_operate.html HTTP/1.1" 200 37
114.95.42.59 - - [12/Jul/2023:11:39:16 +0800] "GET /xingrg/kc/buy/cgsh_order_operate.html?command=get_materiel&rest_code=00105&code=00101010567&supplier_code=00100326&order_time=2023-07-12 HTTP/1.1" 200 413
114.84.31.26 - - [12/Jul/2023:11:39:18 +0800] "POST /xingrg/kc/buy/cgsh_order_operate.html HTTP/1.1" 200 13851
222.70.180.90 - - [12/Jul/2023:11:39:18 +0800] "POST /xingrg/kc/buy/cgsh_order_operate.html HTTP/1.1" 200 88
114.95.42.59 - - [12/Jul/2023:11:39:19 +0800] "GET /xingrg/all/function/internal_message.html?_=1689132974155&CODE_STATE=getMsg HTTP/1.1" 200 27
116.232.195.127 - - [12/Jul/2023:11:39:20 +0800] "GET /xingrg/index.html?sysBaseUrl=http%3A%2F%2F180.169.147.146%3A18081%2Fxingrg%2F&costTime=1277×tamp=1606817596806 HTTP/1.1" 302 -
116.232.195.127 - - [12/Jul/2023:11:39:20 +0800] "GET /xingrg/login.html HTTP/1.1" 200 7641
116.232.195.127 - - [12/Jul/2023:11:39:21 +0800] "GET /favicon.ico HTTP/1.1" 404 -
114.95.42.59 - - [12/Jul/2023:11:39:21 +0800] "GET /xingrg/all/function/internal_message.html?_=1689133162995&CODE_STATE=getMsg HTTP/1.1" 200 27
114.95.42.59 - - [12/Jul/2023:11:39:22 +0800] "GET /xingrg/check_reg.html?_=1689133163310 HTTP/1.1" 200 22
222.70.180.90 - - [12/Jul/2023:11:39:25 +0800] "POST /xingrg/kc/buy/cgsh_order_operate.html HTTP/1.1" 200 37
114.84.31.26 - - [12/Jul/2023:11:39:27 +0800] "POST /xingrg/kc/buy/cgsh_order_operate.html HTTP/1.1" 200 37
222.70.180.90 - - [12/Jul/2023:11:39:27 +0800] "POST /xingrg/kc/buy/cgsh_order_operate.html HTTP/1.1" 200 2658
114.95.42.59 - - [12/Jul/2023:11:39:28 +0800] "GET /xingrg/kc/buy/cgsh_order_operate.html?command=get_materiel&rest_code=00105&code=00101007111&supplier_code=00100326&order_time=2023-07-12 HTTP/1.1" 200 417
222.70.180.90 - - [12/Jul/2023:11:39:29 +0800] "GET /xingrg/kc/print/load_data.html?order_code=212023071204698&kc_code=cgsh&condition= HTTP/1.1" 200 674
114.84.31.26 - - [12/Jul/2023:11:39:29 +0800] "POST /xingrg/kc/buy/cgsh_order_operate.html HTTP/1.1" 200 13851
116.232.195.127 - - [12/Jul/2023:11:39:31 +0800] "POST /xingrg/login.do HTTP/1.1" 302 -
116.232.195.127 - - [12/Jul/2023:11:39:31 +0800] "GET /xingrg/index.html?sysBaseUrl=http%3A%2F%2F180.169.147.146%3A18081%2Fxingrg%2F&costTime=990×tamp=1689133171612 HTTP/1.1" 200 17179
116.232.195.127 - - [12/Jul/2023:11:39:31 +0800] "GET /favicon.ico HTTP/1.1" 404 -
116.232.195.127 - - [12/Jul/2023:11:39:31 +0800] "GET /xingrg/all/function/internal_message.html?_=1689133149180&CODE_STATE=count HTTP/1.1" 200 11
116.232.195.127 - - [12/Jul/2023:11:39:31 +0800] "GET /xingrg/check_reg.html?_=1689133149181 HTTP/1.1" 200 22
116.232.195.127 - - [12/Jul/2023:11:39:32 +0800] "POST /xingrg/all/common/load_tree.html?tree=area_rest_tree_json&manage=1 HTTP/1.1" 200 479
116.232.195.127 - - [12/Jul/2023:11:39:32 +0800] "POST /xingrg/load_menu.html HTTP/1.1" 200 5138
116.232.195.127 - - [12/Jul/2023:11:39:35 +0800] "GET /xingrg/kc/buy/cgsh_order_list.html HTTP/1.1" 200 55844
222.70.114.12 - - [12/Jul/2023:11:39:40 +0800] "GET /xingrg/all/function/internal_message.html?_=1689133185496&CODE_STATE=getMsg HTTP/1.1" 302 -
222.70.180.90 - - [12/Jul/2023:11:39:40 +0800] "GET /xingrg/kc/buy/cgsh_order_add.html HTTP/1.1" 200 71576
222.70.180.90 - - [12/Jul/2023:11:39:40 +0800] "POST /xingrg/kc/buy/cgsh_order_operate.html HTTP/1.1" 200 8245
222.70.180.90 - - [12/Jul/2023:11:39:40 +0800] "GET /xingrg/javascript/easyui/themes/default/validatebox.css HTTP/1.1" 404 1104
114.95.42.59 - - [12/Jul/2023:11:39:41 +0800] "POST /xingrg/kc/buy/cgsh_order_operate.html HTTP/1.1" 200 37
114.95.42.59 - - [12/Jul/2023:11:39:43 +0800] "POST /xingrg/kc/buy/cgsh_order_operate.html HTTP/1.1" 200 3255
114.84.31.26 - - [12/Jul/2023:11:39:44 +0800] "GET /xingrg/login.html HTTP/1.1" 200 7641
114.95.42.59 - - [12/Jul/2023:11:39:44 +0800] "GET /xingrg/kc/print/load_data.html?order_code=212023071204699&kc_code=cgsh&condition= HTTP/1.1" 200 907
114.84.31.26 - - [12/Jul/2023:11:39:45 +0800] "GET /favicon.ico HTTP/1.1" 404 -
114.95.42.59 - - [12/Jul/2023:11:39:48 +0800] "GET /xingrg/kc/buy/cgsh_order_add.html HTTP/1.1" 200 71702
114.95.42.59 - - [12/Jul/2023:11:39:48 +0800] "GET /xingrg/javascript/easyui/themes/default/validatebox.css HTTP/1.1" 404 1104
114.95.42.59 - - [12/Jul/2023:11:39:48 +0800] "POST /xingrg/kc/buy/cgsh_order_operate.html HTTP/1.1" 200 8245
114.83.219.27 - - [12/Jul/2023:11:39:53 +0800] "GET /xingrg/all/function/internal_message.html?_=1689133312455&CODE_STATE=getMsg HTTP/1.1" 200 27
124.78.70.128 - - [12/Jul/2023:11:39:56 +0800] "GET /xingrg/kc/buy/cgsh_order_operate.html?command=get_materiel&rest_code=00141&code=00101008302&supplier_code=00100007&order_time=2023-07-12 HTTP/1.1" 200 412
124.78.70.128 - - [12/Jul/2023:11:39:57 +0800] "GET /xingrg/all/function/internal_message.html?_=1689132674622&CODE_STATE=getMsg HTTP/1.1" 200 27
222.70.180.90 - - [12/Jul/2023:11:39:57 +0800] "GET /xingrg/all/function/internal_message.html?_=1689133195683&CODE_STATE=getMsg HTTP/1.1" 200 27
222.70.180.90 - - [12/Jul/2023:11:39:57 +0800] "GET /xingrg/all/function/internal_message.html?_=1689133327596&CODE_STATE=getMsg HTTP/1.1" 200 27
222.70.172.54 - - [12/Jul/2023:11:39:58 +0800] "GET /xingrg/all/function/internal_message.html?_=1689133208597&CODE_STATE=getMsg HTTP/1.1" 200 27
61.170.233.201 - - [12/Jul/2023:11:39:58 +0800] "GET /xingrg/all/function/internal_message.html?_=1689133200074&CODE_STATE=getMsg HTTP/1.1" 200 27
114.95.42.59 - - [12/Jul/2023:11:40:00 +0800] "GET /xingrg/kc/buy/cgsh_order_operate.html?command=get_materiel&rest_code=00105&code=00101012049&supplier_code=00100338&order_time=2023-07-12 HTTP/1.1" 200 432
114.95.42.59 - - [12/Jul/2023:11:40:01 +0800] "POST /xingrg/all/common/load_select.html HTTP/1.1" 200 25
114.84.31.26 - - [12/Jul/2023:11:40:01 +0800] "POST /xingrg/login.do HTTP/1.1" 302 -
114.84.31.26 - - [12/Jul/2023:11:40:01 +0800] "GET /xingrg/index.html?sysBaseUrl=http%3A%2F%2F180.169.147.146%3A18081%2Fxingrg%2F&costTime=1009×tamp=1689133201023 HTTP/1.1" 200 17179
114.84.31.26 - - [12/Jul/2023:11:40:01 +0800] "GET /xingrg/all/function/internal_message.html?_=1689133201268&CODE_STATE=count HTTP/1.1" 200 11
114.84.31.26 - - [12/Jul/2023:11:40:01 +0800] "GET /xingrg/check_reg.html?_=1689133201269 HTTP/1.1" 200 22
114.84.31.26 - - [12/Jul/2023:11:40:01 +0800] "GET /favicon.ico HTTP/1.1" 404 -
114.84.31.26 - - [12/Jul/2023:11:40:01 +0800] "POST /xingrg/all/common/load_tree.html?tree=area_rest_tree_json&manage=1 HTTP/1.1" 200 351
114.83.217.28 - - [12/Jul/2023:11:40:01 +0800] "GET /xingrg/all/function/internal_message.html?_=1689133200542&CODE_STATE=getMsg HTTP/1.1" 200 27
114.84.31.26 - - [12/Jul/2023:11:40:01 +0800] "POST /xingrg/load_menu.html HTTP/1.1" 200 5138
61.170.233.201 - - [12/Jul/2023:11:40:02 +0800] "GET /xingrg/all/function/internal_message.html?_=1689133194917&CODE_STATE=getMsg HTTP/1.1" 200 27
180.162.110.162 - - [12/Jul/2023:11:40:02 +0800] "GET /xingrg/all/function/internal_message.html?_=1689131961365&CODE_STATE=getMsg HTTP/1.1" 200 27
114.95.42.59 - - [12/Jul/2023:11:40:05 +0800] "GET /xingrg/kc/buy/cgsh_order_operate.html?command=get_materiel_price&rest_code=00105&code=00101012049&unit_code=00100086&supplier_code=00100338&order_time=2023-07-12 HTTP/1.1" 200 31
222.70.180.90 - - [12/Jul/2023:11:40:06 +0800] "GET /xingrg/kc/buy/cgsh_order_operate.html?command=get_materiel&rest_code=00111&code=00101004046&supplier_code=00100312&order_time=2023-07-12 HTTP/1.1" 200 417
114.84.31.26 - - [12/Jul/2023:11:40:06 +0800] "GET /xingrg/kc/buy/cgsh_order_list.html HTTP/1.1" 200 55844
180.169.147.146 - - [12/Jul/2023:11:40:07 +0800] "GET /xingrg/all/function/internal_message.html?_=1689133207118&CODE_STATE=getMsg HTTP/1.1" 200 27
114.89.203.254 - - [12/Jul/2023:11:40:08 +0800] "GET /xingrg/all/function/internal_message.html?_=1689133209126&CODE_STATE=getMsg HTTP/1.1" 200 27
124.78.70.128 - - [12/Jul/2023:11:40:11 +0800] "GET /xingrg/kc/buy/cgsh_order_operate.html?command=get_materiel&rest_code=00141&code=00101008132&supplier_code=00100007&order_time=2023-07-12 HTTP/1.1" 200 408
218.81.72.140 - - [12/Jul/2023:11:40:12 +0800] "GET /xingrg/all/function/internal_message.html?_=1689133211262&CODE_STATE=getMsg HTTP/1.1" 302 -
114.84.31.26 - - [12/Jul/2023:11:40:13 +0800] "POST /xingrg/kc/buy/cgsh_list_operate.html HTTP/1.1" 200 2738
116.232.195.127 - - [12/Jul/2023:11:40:17 +0800] "POST /xingrg/kc/buy/cgsh_list_operate.html HTTP/1.1" 200 5949
114.95.42.59 - - [12/Jul/2023:11:40:19 +0800] "GET /xingrg/all/function/internal_message.html?_=1689133034162&CODE_STATE=getMsg HTTP/1.1" 200 27
114.84.31.26 - - [12/Jul/2023:11:40:19 +0800] "POST /xingrg/kc/buy/cgsh_list_operate.html HTTP/1.1" 200 561
114.95.42.59 - - [12/Jul/2023:11:40:19 +0800] "POST /xingrg/kc/buy/cgsh_order_operate.html HTTP/1.1" 200 37
116.232.195.127 - - [12/Jul/2023:11:40:20 +0800] "GET /xingrg/kc/buy/cgsh_order_add.html HTTP/1.1" 200 71667
116.232.195.127 - - [12/Jul/2023:11:40:21 +0800] "POST /xingrg/kc/buy/cgsh_order_operate.html HTTP/1.1" 200 8245
116.232.195.127 - - [12/Jul/2023:11:40:21 +0800] "GET /xingrg/javascript/easyui/themes/default/validatebox.css HTTP/1.1" 404 1104
116.232.195.127 - - [12/Jul/2023:11:40:21 +0800] "GET /xingrg/all/common/auto_word.html?type=employee&rest_code=00155 HTTP/1.1" 200 205
116.232.195.127 - - [12/Jul/2023:11:40:21 +0800] "GET /xingrg/all/common/auto_word.html?type=employee&rest_code=00155 HTTP/1.1" 200 205
114.95.42.59 - - [12/Jul/2023:11:40:21 +0800] "GET /xingrg/all/function/internal_message.html?_=1689133222976&CODE_STATE=getMsg HTTP/1.1" 200 27
114.84.31.26 - - [12/Jul/2023:11:40:22 +0800] "GET /xingrg/kc/buy/cgsh_order_info.html?code=212023071204696 HTTP/1.1" 200 70744
114.84.31.26 - - [12/Jul/2023:11:40:22 +0800] "GET /xingrg/javascript/easyui/themes/default/validatebox.css HTTP/1.1" 404 1104
114.84.31.26 - - [12/Jul/2023:11:40:22 +0800] "GET /xingrg/all/common/auto_word.html?type=employee&rest_code=00142 HTTP/1.1" 200 105
114.84.31.26 - - [12/Jul/2023:11:40:22 +0800] "GET /xingrg/all/common/auto_word.html?type=employee&rest_code=00142 HTTP/1.1" 200 105
114.95.42.59 - - [12/Jul/2023:11:40:22 +0800] "POST /xingrg/kc/buy/cgsh_order_operate.html HTTP/1.1" 200 2672
114.84.31.26 - - [12/Jul/2023:11:40:23 +0800] "POST /xingrg/kc/buy/cgsh_order_operate.html HTTP/1.1" 200 13851
222.70.180.90 - - [12/Jul/2023:11:40:23 +0800] "GET /xingrg/kc/buy/cgsh_order_operate.html?command=get_materiel&rest_code=00111&code=00101004038&supplier_code=00100312&order_time=2023-07-12 HTTP/1.1" 200 409
116.232.195.127 - - [12/Jul/2023:11:40:24 +0800] "GET /xingrg/javascript/auto/indicator.gif HTTP/1.1" 404 1066
116.232.195.127 - - [12/Jul/2023:11:40:24 +0800] "GET /xingrg/javascript/jquery_tools/images/prev.gif HTTP/1.1" 404 1086
116.232.195.127 - - [12/Jul/2023:11:40:24 +0800] "GET /xingrg/javascript/jquery_tools/images/next.gif HTTP/1.1" 404 1086
