222.70.172.54 - - [12/Jul/2023:09:36:18 +0800] "GET /xingrg/all/function/internal_message.html?_=1689125787645&CODE_STATE=getMsg HTTP/1.1" 200 27
114.83.219.27 - - [12/Jul/2023:09:36:20 +0800] "GET /xingrg/all/function/internal_message.html?_=1689125898599&CODE_STATE=getMsg HTTP/1.1" 200 27
114.83.217.28 - - [12/Jul/2023:09:36:23 +0800] "POST /xingrg/kc/buy/cgsh_order_operate.html HTTP/1.1" 200 37
180.165.154.167 - - [12/Jul/2023:09:36:25 +0800] "GET /xingrg/kc/buy/cgsh_order_operate.html?command=get_materiel&rest_code=00108&code=00101009107&supplier_code=00100593&order_time=2023-07-12 HTTP/1.1" 200 410
222.70.172.54 - - [12/Jul/2023:09:36:28 +0800] "POST /xingrg/services/DataTransmitService HTTP/1.1" 200 524
222.70.172.54 - - [12/Jul/2023:09:36:29 +0800] "POST /xingrg/services/DataTransmitService HTTP/1.1" 200 412
114.89.203.254 - - [12/Jul/2023:09:36:32 +0800] "GET /xingrg/all/function/internal_message.html?_=1689125792952&CODE_STATE=getMsg HTTP/1.1" 200 27
222.70.172.54 - - [12/Jul/2023:09:36:32 +0800] "POST /xingrg/services/DataTransmitService HTTP/1.1" 200 524
222.70.172.54 - - [12/Jul/2023:09:36:34 +0800] "POST /xingrg/services/DataTransmitService HTTP/1.1" 200 412
222.70.172.54 - - [12/Jul/2023:09:36:35 +0800] "POST /xingrg/services/DataTransmitService HTTP/1.1" 200 524
114.83.217.28 - - [12/Jul/2023:09:36:35 +0800] "GET /xingrg/all/function/internal_message.html?_=1689125794444&CODE_STATE=getMsg HTTP/1.1" 200 27
222.70.172.54 - - [12/Jul/2023:09:36:36 +0800] "POST /xingrg/services/DataTransmitService HTTP/1.1" 200 412
180.165.154.167 - - [12/Jul/2023:09:36:36 +0800] "GET /xingrg/all/function/internal_message.html?_=1689125795111&CODE_STATE=getMsg HTTP/1.1" 200 27
222.70.172.54 - - [12/Jul/2023:09:36:36 +0800] "POST /xingrg/services/DataTransmitService HTTP/1.1" 200 524
222.70.172.54 - - [12/Jul/2023:09:36:37 +0800] "POST /xingrg/services/DataTransmitService HTTP/1.1" 200 412
114.83.217.28 - - [12/Jul/2023:09:36:41 +0800] "POST /xingrg/kc/buy/cgsh_order_operate.html HTTP/1.1" 200 12
114.95.42.59 - - [12/Jul/2023:09:36:42 +0800] "GET /xingrg/all/function/internal_message.html?_=1689125617300&CODE_STATE=getMsg HTTP/1.1" 200 27
58.39.105.90 - - [12/Jul/2023:09:36:46 +0800] "GET /xingrg/all/function/internal_message.html?_=1689125807013&CODE_STATE=getMsg HTTP/1.1" 200 27
180.169.147.146 - - [12/Jul/2023:09:36:48 +0800] "POST /xingrg/kc/buy/cgsh_list_operate.html HTTP/1.1" 200 4
114.83.217.28 - - [12/Jul/2023:09:36:50 +0800] "GET /xingrg/kc/buy/cgsh_order_info.html?code=212023071204623 HTTP/1.1" 200 66607
114.83.217.28 - - [12/Jul/2023:09:36:50 +0800] "GET /xingrg/javascript/easyui/themes/default/validatebox.css HTTP/1.1" 404 1104
120.253.135.82 - - [12/Jul/2023:09:36:50 +0800] "GET /xingrg/all/function/internal_message.html?_=1689125637077&CODE_STATE=getMsg HTTP/1.1" 200 27
114.83.217.28 - - [12/Jul/2023:09:36:51 +0800] "POST /xingrg/kc/buy/cgsh_order_operate.html HTTP/1.1" 200 4782
222.70.172.54 - - [12/Jul/2023:09:36:53 +0800] "POST /xingrg/services/DataTransmitService HTTP/1.1" 200 524
114.83.217.28 - - [12/Jul/2023:09:36:53 +0800] "GET /xingrg/kc/print/load_data.html?order_code=212023071204623&kc_code=cgsh&condition= HTTP/1.1" 200 2283
114.95.42.59 - - [12/Jul/2023:09:36:56 +0800] "GET /xingrg/all/function/internal_message.html?_=1689125817640&CODE_STATE=getMsg HTTP/1.1" 200 27
114.95.42.59 - - [12/Jul/2023:09:36:56 +0800] "GET /xingrg/check_reg.html?_=1689125817641 HTTP/1.1" 200 22
120.253.135.82 - - [12/Jul/2023:09:37:01 +0800] "GET /xingrg/kc/pszx/mdqp_order_list.html?state=10 HTTP/1.1" 200 11529
120.253.135.82 - - [12/Jul/2023:09:37:01 +0800] "GET /xingrg/dwr/interface/AjaxQqpsService.js HTTP/1.1" 200 16326
120.253.135.82 - - [12/Jul/2023:09:37:01 +0800] "GET /xingrg/dwr/interface/AjaxReportQueryService.js HTTP/1.1" 200 13203
120.253.135.82 - - [12/Jul/2023:09:37:01 +0800] "GET /xingrg/dwr/engine.js HTTP/1.1" 200 43631
124.78.70.128 - - [12/Jul/2023:09:37:06 +0800] "GET /xingrg/all/function/internal_message.html?_=1689125304772&CODE_STATE=getMsg HTTP/1.1" 200 27
114.85.113.108 - - [12/Jul/2023:09:37:12 +0800] "GET /xingrg/all/function/internal_message.html?_=1689125829286&CODE_STATE=getMsg HTTP/1.1" 200 27
218.81.72.140 - - [12/Jul/2023:09:37:14 +0800] "GET /xingrg/login.html HTTP/1.1" 200 7641
218.81.72.140 - - [12/Jul/2023:09:37:17 +0800] "GET /favicon.ico HTTP/1.1" 404 -
222.70.172.54 - - [12/Jul/2023:09:37:18 +0800] "GET /xingrg/all/function/internal_message.html?_=1689125847659&CODE_STATE=getMsg HTTP/1.1" 200 27
114.83.219.27 - - [12/Jul/2023:09:37:20 +0800] "GET /xingrg/all/function/internal_message.html?_=1689125958594&CODE_STATE=getMsg HTTP/1.1" 200 27
218.81.72.140 - - [12/Jul/2023:09:37:22 +0800] "POST /xingrg/login.do HTTP/1.1" 302 -
218.81.72.140 - - [12/Jul/2023:09:37:22 +0800] "GET /xingrg/index.html?sysBaseUrl=http%3A%2F%2F180.169.147.146%3A18081%2Fxingrg%2F&costTime=1555×tamp=1689125842775 HTTP/1.1" 200 17179
218.81.72.140 - - [12/Jul/2023:09:37:23 +0800] "GET /favicon.ico HTTP/1.1" 404 -
218.81.72.140 - - [12/Jul/2023:09:37:23 +0800] "POST /xingrg/all/common/load_tree.html?tree=area_rest_tree_json&manage=1 HTTP/1.1" 200 476
218.81.72.140 - - [12/Jul/2023:09:37:23 +0800] "GET /xingrg/check_reg.html?_=1689125843157 HTTP/1.1" 200 22
218.81.72.140 - - [12/Jul/2023:09:37:23 +0800] "GET /xingrg/all/function/internal_message.html?_=1689125843155&CODE_STATE=count HTTP/1.1" 200 11
218.81.72.140 - - [12/Jul/2023:09:37:24 +0800] "POST /xingrg/load_menu.html HTTP/1.1" 200 5138
180.169.147.146 - - [12/Jul/2023:09:37:24 +0800] "GET /xingrg/all/function/internal_message.html?_=1689125835703&CODE_STATE=getMsg HTTP/1.1" 200 27
218.81.72.140 - - [12/Jul/2023:09:37:27 +0800] "GET /xingrg/kc/base/base_main.html HTTP/1.1" 200 12142
222.70.114.12 - - [12/Jul/2023:09:37:28 +0800] "GET /xingrg/login.html HTTP/1.1" 200 7641
222.70.114.12 - - [12/Jul/2023:09:37:28 +0800] "GET /favicon.ico HTTP/1.1" 404 -
180.169.147.146 - - [12/Jul/2023:09:37:29 +0800] "POST /xingrg/kc/buy/cgsh_list_operate.html HTTP/1.1" 200 5981
218.81.72.140 - - [12/Jul/2023:09:37:31 +0800] "GET /xingrg/kc/report/report_main.html HTTP/1.1" 200 7340
114.89.203.254 - - [12/Jul/2023:09:37:32 +0800] "GET /xingrg/all/function/internal_message.html?_=1689125852960&CODE_STATE=getMsg HTTP/1.1" 200 27
114.89.203.254 - - [12/Jul/2023:09:37:32 +0800] "GET /xingrg/check_reg.html?_=1689125852960 HTTP/1.1" 200 22
218.81.72.140 - - [12/Jul/2023:09:37:33 +0800] "GET /xingrg/all/report/report_query.html?fileName=kc/buy/gys_amount.xml&rh=99999 HTTP/1.1" 200 52006
218.81.72.140 - - [12/Jul/2023:09:37:33 +0800] "GET /xingrg/dwr/interface/AjaxReportQueryService.js HTTP/1.1" 200 13203
218.81.72.140 - - [12/Jul/2023:09:37:33 +0800] "GET /xingrg/dwr/engine.js HTTP/1.1" 200 43631
218.81.72.140 - - [12/Jul/2023:09:37:33 +0800] "GET /xingrg/dwr/util.js HTTP/1.1" 304 -
218.81.72.140 - - [12/Jul/2023:09:37:33 +0800] "POST /xingrg/dwr/call/plaincall/AjaxReportQueryService.getFixDate.dwr HTTP/1.1" 200 111
218.81.72.140 - - [12/Jul/2023:09:37:34 +0800] "POST /xingrg/dwr/call/plaincall/AjaxReportQueryService.getInitString.dwr HTTP/1.1" 200 1023
218.81.72.140 - - [12/Jul/2023:09:37:34 +0800] "POST /xingrg/all/common/load_tree.html?tree=materiel_sort_tree_json HTTP/1.1" 200 9500
218.81.72.140 - - [12/Jul/2023:09:37:35 +0800] "POST /xingrg/all/common/load_tree.html?tree=supplier_tree_json&manage=1 HTTP/1.1" 200 76589
114.83.217.28 - - [12/Jul/2023:09:37:35 +0800] "GET /xingrg/all/function/internal_message.html?_=1689125854419&CODE_STATE=getMsg HTTP/1.1" 200 27
180.165.154.167 - - [12/Jul/2023:09:37:36 +0800] "GET /xingrg/check_reg.html?_=1689125855116 HTTP/1.1" 200 22
180.165.154.167 - - [12/Jul/2023:09:37:36 +0800] "GET /xingrg/all/function/internal_message.html?_=1689125855120&CODE_STATE=getMsg HTTP/1.1" 200 27
222.70.114.12 - - [12/Jul/2023:09:37:37 +0800] "POST /xingrg/login.do HTTP/1.1" 302 -
222.70.114.12 - - [12/Jul/2023:09:37:39 +0800] "POST /xingrg/login.do HTTP/1.1" 302 -
222.70.114.12 - - [12/Jul/2023:09:37:39 +0800] "GET /xingrg/index.html?sysBaseUrl=http%3A%2F%2F180.169.147.146%3A18081%2Fxingrg%2F&costTime=3511×tamp=1689125859828 HTTP/1.1" 200 17503
222.70.114.12 - - [12/Jul/2023:09:37:40 +0800] "GET /favicon.ico HTTP/1.1" 404 -
222.70.114.12 - - [12/Jul/2023:09:37:40 +0800] "GET /xingrg/check_reg.html?_=1689125865227 HTTP/1.1" 200 22
222.70.114.12 - - [12/Jul/2023:09:37:40 +0800] "GET /xingrg/all/function/internal_message.html?_=1689125865227&CODE_STATE=count HTTP/1.1" 200 11
222.70.114.12 - - [12/Jul/2023:09:37:40 +0800] "POST /xingrg/all/common/load_tree.html?tree=area_rest_tree_json&manage=1 HTTP/1.1" 200 2106
222.70.114.12 - - [12/Jul/2023:09:37:40 +0800] "POST /xingrg/load_menu.html HTTP/1.1" 200 11564
114.95.42.59 - - [12/Jul/2023:09:37:42 +0800] "GET /xingrg/all/function/internal_message.html?_=1689125677335&CODE_STATE=getMsg HTTP/1.1" 200 27
222.70.114.12 - - [12/Jul/2023:09:37:43 +0800] "POST /xingrg/load_menu.html HTTP/1.1" 200 10483
222.70.114.12 - - [12/Jul/2023:09:37:45 +0800] "GET /xingrg/all/report/report_query.html?fileName=dma/new_5.0/yingye/yy_hz.xml&rw=1600 HTTP/1.1" 200 56155
222.70.114.12 - - [12/Jul/2023:09:37:45 +0800] "GET /xingrg/dwr/interface/AjaxReportQueryService.js HTTP/1.1" 200 13203
222.70.114.12 - - [12/Jul/2023:09:37:45 +0800] "GET /xingrg/dwr/util.js HTTP/1.1" 304 -
222.70.114.12 - - [12/Jul/2023:09:37:45 +0800] "GET /xingrg/dwr/engine.js HTTP/1.1" 200 43631
222.70.114.12 - - [12/Jul/2023:09:37:45 +0800] "POST /xingrg/dwr/call/plaincall/AjaxReportQueryService.getFixDate.dwr HTTP/1.1" 200 111
222.70.114.12 - - [12/Jul/2023:09:37:45 +0800] "POST /xingrg/all/common/load_tree.html?tree=area_station_tree_json&manage=1 HTTP/1.1" 200 2036
58.39.105.90 - - [12/Jul/2023:09:37:46 +0800] "GET /xingrg/all/function/internal_message.html?_=1689125867004&CODE_STATE=getMsg HTTP/1.1" 200 27
222.70.114.12 - - [12/Jul/2023:09:37:48 +0800] "POST /xingrg/dwr/call/plaincall/AjaxReportQueryService.getFixDate.dwr HTTP/1.1" 200 111
222.70.114.12 - - [12/Jul/2023:09:37:50 +0800] "POST /xingrg/dwr/call/plaincall/AjaxReportQueryService.refreshCache.dwr HTTP/1.1" 200 78
120.253.135.82 - - [12/Jul/2023:09:37:50 +0800] "GET /xingrg/all/function/internal_message.html?_=1689125697091&CODE_STATE=getMsg HTTP/1.1" 200 27
222.70.114.12 - - [12/Jul/2023:09:37:52 +0800] "POST /xingrg/all/report/load_report_page.html HTTP/1.1" 200 145492
222.70.114.12 - - [12/Jul/2023:09:37:52 +0800] "GET /xingrg/servlets/image?cache=0.6725018951903041&image=px HTTP/1.1" 200 807
114.95.42.59 - - [12/Jul/2023:09:37:56 +0800] "GET /xingrg/all/function/internal_message.html?_=1689125877639&CODE_STATE=getMsg HTTP/1.1" 200 27
180.165.154.167 - - [12/Jul/2023:09:37:56 +0800] "GET /xingrg/kc/buy/cgsh_order_operate.html?command=get_materiel&rest_code=00108&code=00101009112&supplier_code=00100593&order_time=2023-07-12 HTTP/1.1" 200 425
218.81.72.140 - - [12/Jul/2023:09:38:03 +0800] "POST /xingrg/dwr/call/plaincall/AjaxReportQueryService.refreshCache.dwr HTTP/1.1" 200 78
58.39.105.90 - - [12/Jul/2023:09:38:05 +0800] "GET /xingrg/kc/buy/cgsh_order_operate.html?command=get_materiel&rest_code=00157&code=00101008370&supplier_code=00100556&order_time=2023-07-10 HTTP/1.1" 200 412
218.81.72.140 - - [12/Jul/2023:09:38:06 +0800] "POST /xingrg/all/report/load_report_page.html HTTP/1.1" 200 89
124.78.70.128 - - [12/Jul/2023:09:38:06 +0800] "GET /xingrg/all/function/internal_message.html?_=1689125364779&CODE_STATE=getMsg HTTP/1.1" 200 27
124.78.70.128 - - [12/Jul/2023:09:38:06 +0800] "GET /xingrg/check_reg.html?_=1689125364781 HTTP/1.1" 200 22
222.70.114.12 - - [12/Jul/2023:09:38:07 +0800] "POST /xingrg/dwr/call/plaincall/AjaxReportQueryService.getFixDate.dwr HTTP/1.1" 200 111
114.83.217.28 - - [12/Jul/2023:09:38:08 +0800] "GET /xingrg/kc/buy/cgsh_order_add.html HTTP/1.1" 200 71708
114.83.217.28 - - [12/Jul/2023:09:38:08 +0800] "POST /xingrg/kc/buy/cgsh_order_operate.html HTTP/1.1" 200 8245
222.70.114.12 - - [12/Jul/2023:09:38:09 +0800] "POST /xingrg/dwr/call/plaincall/AjaxReportQueryService.refreshCache.dwr HTTP/1.1" 200 78
114.83.217.28 - - [12/Jul/2023:09:38:09 +0800] "GET /xingrg/javascript/easyui/themes/default/validatebox.css HTTP/1.1" 404 1104
218.81.72.140 - - [12/Jul/2023:09:38:10 +0800] "POST /xingrg/all/user/operate.html HTTP/1.1" 200 36
222.70.114.12 - - [12/Jul/2023:09:38:11 +0800] "POST /xingrg/all/report/load_report_page.html HTTP/1.1" 200 145675
218.81.72.140 - - [12/Jul/2023:09:38:11 +0800] "GET /xingrg/index.html?sysBaseUrl=http%3A%2F%2F180.169.147.146%3A18081%2Fxingrg%2F&costTime=1555×tamp=1689125842775 HTTP/1.1" 200 17177
222.70.114.12 - - [12/Jul/2023:09:38:11 +0800] "GET /xingrg/servlets/image?cache=0.5307862931804939&image=px HTTP/1.1" 200 807
218.81.72.140 - - [12/Jul/2023:09:38:11 +0800] "GET /xingrg/javascript/jquery_easy_ui/themes/default/easyui.css HTTP/1.1" 304 -
218.81.72.140 - - [12/Jul/2023:09:38:11 +0800] "GET /xingrg/javascript/jquery_easy_ui/themes/icon.css HTTP/1.1" 304 -
218.81.72.140 - - [12/Jul/2023:09:38:11 +0800] "GET /xingrg/css/form.css HTTP/1.1" 304 -
218.81.72.140 - - [12/Jul/2023:09:38:11 +0800] "GET /xingrg/javascript/jquery.form.js HTTP/1.1" 304 -
218.81.72.140 - - [12/Jul/2023:09:38:11 +0800] "GET /xingrg/javascript/jquery.utils.js HTTP/1.1" 304 -
218.81.72.140 - - [12/Jul/2023:09:38:11 +0800] "GET /xingrg/javascript/jquery.timers.js HTTP/1.1" 304 -
218.81.72.140 - - [12/Jul/2023:09:38:11 +0800] "GET /xingrg/javascript/jquery-1.4.2.min.js HTTP/1.1" 304 -
218.81.72.140 - - [12/Jul/2023:09:38:11 +0800] "GET /xingrg/javascript/jquery_easy_ui/jquery.easyui.min.js HTTP/1.1" 304 -
218.81.72.140 - - [12/Jul/2023:09:38:11 +0800] "GET /xingrg/images/blue/jxLogo.png HTTP/1.1" 304 -
218.81.72.140 - - [12/Jul/2023:09:38:11 +0800] "GET /xingrg/javascript/jquery_easy_ui/easyui-lang-zh_CN.js HTTP/1.1" 304 -
218.81.72.140 - - [12/Jul/2023:09:38:11 +0800] "GET /xingrg/javascript/jquery_easy_ui/themes/icons/settle_new.png HTTP/1.1" 304 -
218.81.72.140 - - [12/Jul/2023:09:38:11 +0800] "GET /xingrg/images/blue/navBackgound.jpg HTTP/1.1" 304 -
218.81.72.140 - - [12/Jul/2023:09:38:11 +0800] "GET /xingrg/all/function/internal_message.html?_=1689125891165&CODE_STATE=count HTTP/1.1" 200 11
218.81.72.140 - - [12/Jul/2023:09:38:11 +0800] "GET /xingrg/check_reg.html?_=1689125891167 HTTP/1.1" 200 22
218.81.72.140 - - [12/Jul/2023:09:38:11 +0800] "GET /xingrg/images/blue/pingpu.png HTTP/1.1" 304 -
218.81.72.140 - - [12/Jul/2023:09:38:11 +0800] "GET /xingrg/javascript/jquery_easy_ui/themes/default/images/panel_tool_collapse.gif HTTP/1.1" 304 -
218.81.72.140 - - [12/Jul/2023:09:38:11 +0800] "GET /xingrg/javascript/jquery_easy_ui/themes/default/images/tabs_rightarrow.png HTTP/1.1" 304 -
218.81.72.140 - - [12/Jul/2023:09:38:11 +0800] "GET /xingrg/javascript/jquery_easy_ui/themes/default/images/tabs_leftarrow.png HTTP/1.1" 304 -
218.81.72.140 - - [12/Jul/2023:09:38:12 +0800] "POST /xingrg/all/common/load_tree.html?tree=area_rest_tree_json&manage=1 HTTP/1.1" 200 476
114.85.113.108 - - [12/Jul/2023:09:38:12 +0800] "GET /xingrg/all/function/internal_message.html?_=1689125889264&CODE_STATE=getMsg HTTP/1.1" 200 27
218.81.72.140 - - [12/Jul/2023:09:38:12 +0800] "POST /xingrg/load_menu.html HTTP/1.1" 200 5138
218.81.72.140 - - [12/Jul/2023:09:38:15 +0800] "GET /xingrg/kc/report/report_main.html HTTP/1.1" 200 7340
218.81.72.140 - - [12/Jul/2023:09:38:16 +0800] "GET /xingrg/all/report/report_query.html?fileName=kc/buy/gys_amount.xml&rh=99999 HTTP/1.1" 200 52006
218.81.72.140 - - [12/Jul/2023:09:38:16 +0800] "GET /xingrg/dwr/interface/AjaxReportQueryService.js HTTP/1.1" 200 13203
218.81.72.140 - - [12/Jul/2023:09:38:16 +0800] "GET /xingrg/dwr/engine.js HTTP/1.1" 200 43631
218.81.72.140 - - [12/Jul/2023:09:38:17 +0800] "POST /xingrg/dwr/call/plaincall/AjaxReportQueryService.getFixDate.dwr HTTP/1.1" 200 111
222.70.172.54 - - [12/Jul/2023:09:38:18 +0800] "GET /xingrg/all/function/internal_message.html?_=1689125907671&CODE_STATE=getMsg HTTP/1.1" 200 27
218.81.72.140 - - [12/Jul/2023:09:38:18 +0800] "POST /xingrg/all/common/load_tree.html?tree=supplier_tree_json&manage=1 HTTP/1.1" 200 76589
218.81.72.140 - - [12/Jul/2023:09:38:18 +0800] "POST /xingrg/dwr/call/plaincall/AjaxReportQueryService.getInitString.dwr HTTP/1.1" 200 921
218.81.72.140 - - [12/Jul/2023:09:38:18 +0800] "POST /xingrg/all/common/load_tree.html?tree=materiel_sort_tree_json HTTP/1.1" 200 9500
114.83.219.27 - - [12/Jul/2023:09:38:20 +0800] "GET /xingrg/all/function/internal_message.html?_=1689126018596&CODE_STATE=getMsg HTTP/1.1" 200 27
58.39.105.90 - - [12/Jul/2023:09:38:24 +0800] "GET /xingrg/kc/buy/cgsh_order_operate.html?command=get_materiel&rest_code=00157&code=00101015070&supplier_code=00100556&order_time=2023-07-10 HTTP/1.1" 200 413
180.169.147.146 - - [12/Jul/2023:09:38:24 +0800] "GET /xingrg/all/function/internal_message.html?_=1689125895676&CODE_STATE=getMsg HTTP/1.1" 200 27
114.89.203.254 - - [12/Jul/2023:09:38:32 +0800] "GET /xingrg/all/function/internal_message.html?_=1689125912977&CODE_STATE=getMsg HTTP/1.1" 200 27
218.81.72.140 - - [12/Jul/2023:09:38:33 +0800] "POST /xingrg/dwr/call/plaincall/AjaxReportQueryService.refreshCache.dwr HTTP/1.1" 200 78
58.39.105.90 - - [12/Jul/2023:09:38:35 +0800] "GET /xingrg/kc/buy/cgsh_order_operate.html?command=get_materiel&rest_code=00157&code=00101008261&supplier_code=00100556&order_time=2023-07-10 HTTP/1.1" 200 408
114.83.217.28 - - [12/Jul/2023:09:38:35 +0800] "GET /xingrg/all/function/internal_message.html?_=1689125914431&CODE_STATE=getMsg HTTP/1.1" 200 27
114.83.217.28 - - [12/Jul/2023:09:38:35 +0800] "GET /xingrg/check_reg.html?_=1689125914434 HTTP/1.1" 200 22
180.165.154.167 - - [12/Jul/2023:09:38:36 +0800] "GET /xingrg/all/function/internal_message.html?_=1689125915099&CODE_STATE=getMsg HTTP/1.1" 200 27
222.70.114.12 - - [12/Jul/2023:09:38:40 +0800] "GET /xingrg/all/function/internal_message.html?_=1689125925229&CODE_STATE=getMsg HTTP/1.1" 200 27
114.95.42.59 - - [12/Jul/2023:09:38:42 +0800] "GET /xingrg/check_reg.html?_=1689125737334 HTTP/1.1" 200 22
114.95.42.59 - - [12/Jul/2023:09:38:42 +0800] "GET /xingrg/all/function/internal_message.html?_=1689125737337&CODE_STATE=getMsg HTTP/1.1" 200 27
222.70.172.54 - - [12/Jul/2023:09:38:43 +0800] "POST /xingrg/services/DataTransmitService HTTP/1.1" 200 501
218.81.72.140 - - [12/Jul/2023:09:38:43 +0800] "POST /xingrg/all/report/load_report_page.html HTTP/1.1" 200 8916
218.81.72.140 - - [12/Jul/2023:09:38:43 +0800] "GET /xingrg/servlets/image?cache=0.490331867758103&image=px HTTP/1.1" 200 807
58.39.105.90 - - [12/Jul/2023:09:38:45 +0800] "GET /xingrg/kc/buy/cgsh_order_operate.html?command=get_materiel&rest_code=00157&code=00101008108&supplier_code=00100556&order_time=2023-07-10 HTTP/1.1" 200 412
58.39.105.90 - - [12/Jul/2023:09:38:46 +0800] "GET /xingrg/all/function/internal_message.html?_=1689125927005&CODE_STATE=getMsg HTTP/1.1" 200 27
222.70.172.54 - - [12/Jul/2023:09:38:48 +0800] "POST /xingrg/services/DataTransmitService HTTP/1.1" 200 501
120.253.135.82 - - [12/Jul/2023:09:38:50 +0800] "GET /xingrg/all/function/internal_message.html?_=1689125757103&CODE_STATE=getMsg HTTP/1.1" 200 27
58.39.105.90 - - [12/Jul/2023:09:38:56 +0800] "GET /xingrg/kc/buy/cgsh_order_operate.html?command=get_materiel&rest_code=00157&code=00101008059&supplier_code=00100556&order_time=2023-07-10 HTTP/1.1" 200 408
114.95.42.59 - - [12/Jul/2023:09:38:56 +0800] "GET /xingrg/all/function/internal_message.html?_=1689125937641&CODE_STATE=getMsg HTTP/1.1" 200 27
58.39.105.90 - - [12/Jul/2023:09:39:05 +0800] "GET /xingrg/kc/buy/cgsh_order_operate.html?command=get_materiel&rest_code=00157&code=00101008268&supplier_code=00100556&order_time=2023-07-10 HTTP/1.1" 200 408
124.78.70.128 - - [12/Jul/2023:09:39:06 +0800] "GET /xingrg/all/function/internal_message.html?_=1689125424787&CODE_STATE=getMsg HTTP/1.1" 200 27
218.81.72.140 - - [12/Jul/2023:09:39:11 +0800] "GET /xingrg/all/function/internal_message.html?_=1689125951183&CODE_STATE=getMsg HTTP/1.1" 200 27
114.85.113.108 - - [12/Jul/2023:09:39:12 +0800] "GET /xingrg/all/function/internal_message.html?_=1689125949249&CODE_STATE=getMsg HTTP/1.1" 200 27
180.169.147.146 - - [12/Jul/2023:09:39:13 +0800] "GET /xingrg/check_reg.html?_=1689125944894 HTTP/1.1" 200 22
58.39.105.90 - - [12/Jul/2023:09:39:16 +0800] "GET /xingrg/kc/buy/cgsh_order_operate.html?command=get_materiel&rest_code=00157&code=00101008350&supplier_code=00100556&order_time=2023-07-10 HTTP/1.1" 200 408
222.70.172.54 - - [12/Jul/2023:09:39:18 +0800] "GET /xingrg/all/function/internal_message.html?_=1689125967686&CODE_STATE=getMsg HTTP/1.1" 200 27
114.83.219.27 - - [12/Jul/2023:09:39:20 +0800] "GET /xingrg/check_reg.html?_=1689126078591 HTTP/1.1" 200 22
114.83.219.27 - - [12/Jul/2023:09:39:20 +0800] "GET /xingrg/all/function/internal_message.html?_=1689126078594&CODE_STATE=getMsg HTTP/1.1" 200 27
180.165.154.167 - - [12/Jul/2023:09:39:20 +0800] "GET /xingrg/kc/buy/cgsh_order_operate.html?command=get_materiel&rest_code=00108&code=00101020131&supplier_code=00100593&order_time=2023-07-12 HTTP/1.1" 200 417
180.169.147.146 - - [12/Jul/2023:09:39:23 +0800] "POST /xingrg/kc/buy/cgsh_list_operate.html HTTP/1.1" 200 4
58.39.105.90 - - [12/Jul/2023:09:39:25 +0800] "GET /xingrg/kc/buy/cgsh_order_operate.html?command=get_materiel&rest_code=00157&code=00101008286&supplier_code=00100556&order_time=2023-07-10 HTTP/1.1" 200 408
114.89.203.254 - - [12/Jul/2023:09:39:32 +0800] "GET /xingrg/all/function/internal_message.html?_=1689125972948&CODE_STATE=getMsg HTTP/1.1" 200 27
114.83.217.28 - - [12/Jul/2023:09:39:35 +0800] "GET /xingrg/all/function/internal_message.html?_=1689125974433&CODE_STATE=getMsg HTTP/1.1" 200 27
58.39.105.90 - - [12/Jul/2023:09:39:35 +0800] "GET /xingrg/kc/buy/cgsh_order_operate.html?command=get_materiel&rest_code=00157&code=00101008353&supplier_code=00100556&order_time=2023-07-10 HTTP/1.1" 200 408
180.165.154.167 - - [12/Jul/2023:09:39:36 +0800] "GET /xingrg/all/function/internal_message.html?_=1689125975113&CODE_STATE=getMsg HTTP/1.1" 200 27
222.70.172.54 - - [12/Jul/2023:09:39:37 +0800] "POST /xingrg/services/DataTransmitService HTTP/1.1" 200 501
222.70.114.12 - - [12/Jul/2023:09:39:40 +0800] "GET /xingrg/all/function/internal_message.html?_=1689125985239&CODE_STATE=getMsg HTTP/1.1" 200 27
218.81.72.140 - - [12/Jul/2023:09:39:40 +0800] "GET /favicon.ico HTTP/1.1" 404 -
120.253.135.82 - - [12/Jul/2023:09:39:41 +0800] "GET /xingrg/check_reg.html?_=1689125808564 HTTP/1.1" 200 22
114.95.42.59 - - [12/Jul/2023:09:39:42 +0800] "GET /xingrg/all/function/internal_message.html?_=1689125797323&CODE_STATE=getMsg HTTP/1.1" 200 27
58.39.105.90 - - [12/Jul/2023:09:39:45 +0800] "GET /xingrg/kc/buy/cgsh_order_operate.html?command=get_materiel&rest_code=00157&code=00101008234&supplier_code=00100556&order_time=2023-07-10 HTTP/1.1" 200 408
58.39.105.90 - - [12/Jul/2023:09:39:46 +0800] "GET /xingrg/all/function/internal_message.html?_=1689125987015&CODE_STATE=getMsg HTTP/1.1" 200 27
58.39.105.90 - - [12/Jul/2023:09:39:46 +0800] "GET /xingrg/check_reg.html?_=1689125987018 HTTP/1.1" 200 22
180.165.154.167 - - [12/Jul/2023:09:39:47 +0800] "GET /xingrg/kc/buy/cgsh_order_operate.html?command=get_materiel&rest_code=00108&code=00101009118&supplier_code=00100593&order_time=2023-07-12 HTTP/1.1" 200 405
120.253.135.82 - - [12/Jul/2023:09:39:50 +0800] "GET /xingrg/all/function/internal_message.html?_=1689125817116&CODE_STATE=getMsg HTTP/1.1" 200 27
114.95.42.59 - - [12/Jul/2023:09:39:56 +0800] "GET /xingrg/all/function/internal_message.html?_=1689125997641&CODE_STATE=getMsg HTTP/1.1" 200 27
58.39.105.90 - - [12/Jul/2023:09:39:57 +0800] "GET /xingrg/kc/buy/cgsh_order_operate.html?command=get_materiel&rest_code=00157&code=00101008298&supplier_code=00100556&order_time=2023-07-10 HTTP/1.1" 200 413
124.78.70.128 - - [12/Jul/2023:09:40:06 +0800] "GET /xingrg/all/function/internal_message.html?_=1689125484781&CODE_STATE=getMsg HTTP/1.1" 200 27
218.81.72.140 - - [12/Jul/2023:09:40:11 +0800] "GET /xingrg/all/function/internal_message.html?_=1689126011184&CODE_STATE=getMsg HTTP/1.1" 200 27
114.85.113.108 - - [12/Jul/2023:09:40:12 +0800] "GET /xingrg/all/function/internal_message.html?_=1689126009233&CODE_STATE=getMsg HTTP/1.1" 200 27
58.39.105.90 - - [12/Jul/2023:09:40:12 +0800] "GET /xingrg/kc/buy/cgsh_order_operate.html?command=get_materiel&rest_code=00157&code=00101008283&supplier_code=00100556&order_time=2023-07-10 HTTP/1.1" 200 408
222.70.172.54 - - [12/Jul/2023:09:40:13 +0800] "POST /xingrg/services/DataTransmitService HTTP/1.1" 200 501
222.70.172.54 - - [12/Jul/2023:09:40:16 +0800] "POST /xingrg/services/DataTransmitService HTTP/1.1" 200 501
222.70.172.54 - - [12/Jul/2023:09:40:17 +0800] "POST /xingrg/services/DataTransmitService HTTP/1.1" 200 501
222.70.172.54 - - [12/Jul/2023:09:40:18 +0800] "GET /xingrg/all/function/internal_message.html?_=1689126028060&CODE_STATE=getMsg HTTP/1.1" 200 27
114.83.219.27 - - [12/Jul/2023:09:40:20 +0800] "GET /xingrg/all/function/internal_message.html?_=1689126138595&CODE_STATE=getMsg HTTP/1.1" 200 27
58.39.105.90 - - [12/Jul/2023:09:40:20 +0800] "GET /xingrg/kc/buy/cgsh_order_operate.html?command=get_materiel&rest_code=00157&code=00101008264&supplier_code=00100556&order_time=2023-07-10 HTTP/1.1" 200 412
114.85.113.108 - - [12/Jul/2023:09:40:29 +0800] "GET /xingrg/check_reg.html?_=1689126026719 HTTP/1.1" 200 22
58.39.105.90 - - [12/Jul/2023:09:40:30 +0800] "GET /xingrg/kc/buy/cgsh_order_operate.html?command=get_materiel&rest_code=00157&code=00101008354&supplier_code=00100556&order_time=2023-07-10 HTTP/1.1" 200 412
222.70.172.54 - - [12/Jul/2023:09:40:30 +0800] "POST /xingrg/services/DataTransmitService HTTP/1.1" 200 501
114.89.203.254 - - [12/Jul/2023:09:40:32 +0800] "GET /xingrg/all/function/internal_message.html?_=1689126032963&CODE_STATE=getMsg HTTP/1.1" 200 27
222.70.172.54 - - [12/Jul/2023:09:40:33 +0800] "POST /xingrg/services/DataTransmitService HTTP/1.1" 200 501
114.83.217.28 - - [12/Jul/2023:09:40:35 +0800] "GET /xingrg/all/function/internal_message.html?_=1689126034433&CODE_STATE=getMsg HTTP/1.1" 200 27
222.70.172.54 - - [12/Jul/2023:09:40:36 +0800] "POST /xingrg/services/DataTransmitService HTTP/1.1" 200 501
218.81.72.140 - - [12/Jul/2023:09:40:36 +0800] "GET /xingrg/all/report/report_query.html?isQuery=1&fileName=kc/buy/wlcg_cate_hz.xml&queryString=(CONVERT(char(10)%252Ca.order_time%252C%2520120)%253E%253D'2023-06-01')%2520and%2520(CONVERT(char(10)%252Ca.order_time%252C%2520120)%253C%253D'2023-06-30')%2520and%2520(a.supplier_code%2520in%2520('00100004'))%2520and%2520(a.supplier_code%253D'00100004')&queryText=%25E3%2580%2590%25E9%2587%2587%25E8%25B4%25AD%25E6%2597%25A5%25E6%259C%259F%253A2023-06-01%2520%25E8%2587%25B3%25202023-06-30%25E3%2580%2591%2520%25E5%25B9%25B6%25E4%25B8%2594%2520%2520%25E3%2580%2590%25E4%25BE%259B%25E5%25BA%2594%25E5%2595%2586%2520%253D%2520%25E5%25AE%25B6%25E7%25A6%25BD%25EF%25BC%2588%25E5%25B7%25A6%25E4%25BD%259C%25E6%2598%25A5%25EF%25BC%2589%25E3%2580%2591%2520%25E5%25B9%25B6%25E4%25B8%2594%2520%25E3%2580%2590%25E4%25BE%259B%25E5%25BA%2594%25E5%2595%2586%253D%25E5%25AE%25B6%25E7%25A6%25BD%25EF%25BC%2588%25E5%25B7%25A6%25E4%25BD%259C%25E6%2598%25A5%25EF%25BC%2589%25E3%2580%2591 HTTP/1.1" 200 54465
180.165.154.167 - - [12/Jul/2023:09:40:36 +0800] "GET /xingrg/all/function/internal_message.html?_=1689126035114&CODE_STATE=getMsg HTTP/1.1" 200 27
218.81.72.140 - - [12/Jul/2023:09:40:36 +0800] "GET /xingrg/dwr/interface/AjaxReportQueryService.js HTTP/1.1" 200 13203
218.81.72.140 - - [12/Jul/2023:09:40:36 +0800] "GET /xingrg/dwr/engine.js HTTP/1.1" 200 43631
222.70.172.54 - - [12/Jul/2023:09:40:37 +0800] "POST /xingrg/services/DataTransmitService HTTP/1.1" 200 412
222.70.114.12 - - [12/Jul/2023:09:40:40 +0800] "GET /xingrg/all/function/internal_message.html?_=1689126045229&CODE_STATE=getMsg HTTP/1.1" 200 27
218.81.72.140 - - [12/Jul/2023:09:40:40 +0800] "POST /xingrg/all/report/load_report_page.html HTTP/1.1" 200 8715
218.81.72.140 - - [12/Jul/2023:09:40:41 +0800] "GET /xingrg/servlets/image?cache=0.9438082779619131&image=px HTTP/1.1" 200 807
114.95.42.59 - - [12/Jul/2023:09:40:42 +0800] "GET /xingrg/all/function/internal_message.html?_=1689125857333&CODE_STATE=getMsg HTTP/1.1" 200 27
58.39.105.90 - - [12/Jul/2023:09:40:46 +0800] "GET /xingrg/all/function/internal_message.html?_=1689126047005&CODE_STATE=getMsg HTTP/1.1" 200 27
218.81.72.140 - - [12/Jul/2023:09:40:48 +0800] "POST /xingrg/all/report/load_report_page.html HTTP/1.1" 200 23112
218.81.72.140 - - [12/Jul/2023:09:40:48 +0800] "GET /xingrg/servlets/image?cache=0.8288045954631257&image=px HTTP/1.1" 200 807
58.39.105.90 - - [12/Jul/2023:09:40:50 +0800] "GET /xingrg/kc/buy/cgsh_order_operate.html?command=get_materiel&rest_code=00157&code=00101008351&supplier_code=00100556&order_time=2023-07-10 HTTP/1.1" 200 408
120.253.135.82 - - [12/Jul/2023:09:40:50 +0800] "GET /xingrg/all/function/internal_message.html?_=1689125877130&CODE_STATE=getMsg HTTP/1.1" 200 27
114.95.42.59 - - [12/Jul/2023:09:40:56 +0800] "GET /xingrg/all/function/internal_message.html?_=1689126057643&CODE_STATE=getMsg HTTP/1.1" 200 27
222.70.172.54 - - [12/Jul/2023:09:40:56 +0800] "GET /xingrg/check_reg.html?_=1689126066262 HTTP/1.1" 200 22
218.81.72.140 - - [12/Jul/2023:09:40:57 +0800] "POST /xingrg/all/report/report_print.html HTTP/1.1" 302 -
218.81.72.140 - - [12/Jul/2023:09:40:57 +0800] "GET /xingrg/servlets/html?sysBaseUrl=http%3A%2F%2F180.169.147.146%3A18081%2Fxingrg%2F&costTime=2181×tamp=1689126057450 HTTP/1.1" 200 24058
218.81.72.140 - - [12/Jul/2023:09:40:57 +0800] "GET /xingrg/servlets/image?image=px HTTP/1.1" 200 807
218.81.72.140 - - [12/Jul/2023:09:40:57 +0800] "GET /favicon.ico HTTP/1.1" 404 -
124.78.70.128 - - [12/Jul/2023:09:41:06 +0800] "GET /xingrg/all/function/internal_message.html?_=1689125544792&CODE_STATE=getMsg HTTP/1.1" 200 27
218.81.72.140 - - [12/Jul/2023:09:41:11 +0800] "GET /xingrg/all/function/internal_message.html?_=1689126071180&CODE_STATE=getMsg HTTP/1.1" 200 27
114.85.113.108 - - [12/Jul/2023:09:41:12 +0800] "GET /xingrg/all/function/internal_message.html?_=1689126069220&CODE_STATE=getMsg HTTP/1.1" 200 27
222.70.172.54 - - [12/Jul/2023:09:41:18 +0800] "GET /xingrg/all/function/internal_message.html?_=1689126088071&CODE_STATE=getMsg HTTP/1.1" 200 27
58.39.105.90 - - [12/Jul/2023:09:41:19 +0800] "POST /xingrg/kc/buy/cgsh_order_operate.html HTTP/1.1" 200 37
114.83.219.27 - - [12/Jul/2023:09:41:20 +0800] "GET /xingrg/all/function/internal_message.html?_=1689126198593&CODE_STATE=getMsg HTTP/1.1" 200 27
58.39.105.90 - - [12/Jul/2023:09:41:23 +0800] "POST /xingrg/kc/buy/cgsh_order_operate.html HTTP/1.1" 200 13271
58.39.105.90 - - [12/Jul/2023:09:41:26 +0800] "GET /xingrg/kc/print/load_data.html?order_code=212023071204624&kc_code=cgsh&condition= HTTP/1.1" 200 4652
180.165.154.167 - - [12/Jul/2023:09:41:28 +0800] "GET /xingrg/kc/buy/cgsh_order_operate.html?command=get_materiel&rest_code=00108&code=00101023022&supplier_code=00100593&order_time=2023-07-12 HTTP/1.1" 200 406
114.89.203.254 - - [12/Jul/2023:09:41:32 +0800] "GET /xingrg/all/function/internal_message.html?_=1689126092952&CODE_STATE=getMsg HTTP/1.1" 200 27
114.83.217.28 - - [12/Jul/2023:09:41:35 +0800] "GET /xingrg/all/function/internal_message.html?_=1689126094432&CODE_STATE=getMsg HTTP/1.1" 200 27
180.165.154.167 - - [12/Jul/2023:09:41:36 +0800] "GET /xingrg/all/function/internal_message.html?_=1689126095112&CODE_STATE=getMsg HTTP/1.1" 200 27
222.70.114.12 - - [12/Jul/2023:09:41:40 +0800] "GET /xingrg/all/function/internal_message.html?_=1689126105235&CODE_STATE=getMsg HTTP/1.1" 200 27
114.95.42.59 - - [12/Jul/2023:09:41:42 +0800] "GET /xingrg/all/function/internal_message.html?_=1689125917333&CODE_STATE=getMsg HTTP/1.1" 200 27
58.39.105.90 - - [12/Jul/2023:09:41:46 +0800] "GET /xingrg/all/function/internal_message.html?_=1689126107003&CODE_STATE=getMsg HTTP/1.1" 200 27
120.253.135.82 - - [12/Jul/2023:09:41:50 +0800] "GET /xingrg/all/function/internal_message.html?_=1689125937340&CODE_STATE=getMsg HTTP/1.1" 200 27
114.95.42.59 - - [12/Jul/2023:09:41:56 +0800] "GET /xingrg/check_reg.html?_=1689126117644 HTTP/1.1" 200 22
114.95.42.59 - - [12/Jul/2023:09:41:56 +0800] "GET /xingrg/all/function/internal_message.html?_=1689126117647&CODE_STATE=getMsg HTTP/1.1" 200 27
180.165.154.167 - - [12/Jul/2023:09:42:00 +0800] "GET /xingrg/kc/buy/cgsh_order_operate.html?command=get_materiel&rest_code=00108&code=00101009011&supplier_code=00100593&order_time=2023-07-12 HTTP/1.1" 200 416
124.78.70.128 - - [12/Jul/2023:09:42:06 +0800] "GET /xingrg/all/function/internal_message.html?_=1689125604786&CODE_STATE=getMsg HTTP/1.1" 200 27
58.39.105.90 - - [12/Jul/2023:09:42:11 +0800] "POST /xingrg/kc/buy/cgsh_list_operate.html HTTP/1.1" 200 2715
218.81.72.140 - - [12/Jul/2023:09:42:11 +0800] "GET /xingrg/all/function/internal_message.html?_=1689126131185&CODE_STATE=getMsg HTTP/1.1" 200 27
114.85.113.108 - - [12/Jul/2023:09:42:12 +0800] "GET /xingrg/all/function/internal_message.html?_=1689126129201&CODE_STATE=getMsg HTTP/1.1" 200 27
222.70.172.54 - - [12/Jul/2023:09:42:18 +0800] "GET /xingrg/all/function/internal_message.html?_=1689126148085&CODE_STATE=getMsg HTTP/1.1" 200 27
114.83.219.27 - - [12/Jul/2023:09:42:20 +0800] "GET /xingrg/all/function/internal_message.html?_=1689126258593&CODE_STATE=getMsg HTTP/1.1" 200 27
114.89.203.254 - - [12/Jul/2023:09:42:32 +0800] "GET /xingrg/all/function/internal_message.html?_=1689126152958&CODE_STATE=getMsg HTTP/1.1" 200 27
114.89.203.254 - - [12/Jul/2023:09:42:32 +0800] "GET /xingrg/check_reg.html?_=1689126152960 HTTP/1.1" 200 22
114.83.217.28 - - [12/Jul/2023:09:42:35 +0800] "GET /xingrg/all/function/internal_message.html?_=1689126154434&CODE_STATE=getMsg HTTP/1.1" 200 27
180.165.154.167 - - [12/Jul/2023:09:42:36 +0800] "GET /xingrg/all/function/internal_message.html?_=1689126155104&CODE_STATE=getMsg HTTP/1.1" 200 27
180.165.154.167 - - [12/Jul/2023:09:42:36 +0800] "GET /xingrg/check_reg.html?_=1689126155106 HTTP/1.1" 200 22
222.70.114.12 - - [12/Jul/2023:09:42:40 +0800] "GET /xingrg/check_reg.html?_=1689126165241 HTTP/1.1" 200 22
222.70.114.12 - - [12/Jul/2023:09:42:40 +0800] "GET /xingrg/all/function/internal_message.html?_=1689126165251&CODE_STATE=getMsg HTTP/1.1" 200 27
180.165.154.167 - - [12/Jul/2023:09:42:42 +0800] "GET /xingrg/kc/buy/cgsh_order_operate.html?command=get_materiel&rest_code=00108&code=00101012032&supplier_code=00100593&order_time=2023-07-12 HTTP/1.1" 200 416
114.95.42.59 - - [12/Jul/2023:09:42:42 +0800] "GET /xingrg/all/function/internal_message.html?_=1689125977334&CODE_STATE=getMsg HTTP/1.1" 200 27
58.39.105.90 - - [12/Jul/2023:09:42:46 +0800] "GET /xingrg/all/function/internal_message.html?_=1689126167004&CODE_STATE=getMsg HTTP/1.1" 200 27
120.253.135.82 - - [12/Jul/2023:09:42:50 +0800] "GET /xingrg/all/function/internal_message.html?_=1689125997345&CODE_STATE=getMsg HTTP/1.1" 200 27
114.95.42.59 - - [12/Jul/2023:09:42:56 +0800] "GET /xingrg/all/function/internal_message.html?_=1689126177633&CODE_STATE=getMsg HTTP/1.1" 200 27
58.39.105.90 - - [12/Jul/2023:09:42:57 +0800] "POST /xingrg/kc/buy/cgsh_list_operate.html HTTP/1.1" 200 4
124.78.70.128 - - [12/Jul/2023:09:43:06 +0800] "GET /xingrg/check_reg.html?_=1689125664773 HTTP/1.1" 200 22
124.78.70.128 - - [12/Jul/2023:09:43:06 +0800] "GET /xingrg/all/function/internal_message.html?_=1689125664774&CODE_STATE=getMsg HTTP/1.1" 200 27
218.81.72.140 - - [12/Jul/2023:09:43:11 +0800] "GET /xingrg/check_reg.html?_=1689126191172 HTTP/1.1" 200 22
218.81.72.140 - - [12/Jul/2023:09:43:11 +0800] "GET /xingrg/all/function/internal_message.html?_=1689126191176&CODE_STATE=getMsg HTTP/1.1" 200 27
58.39.105.90 - - [12/Jul/2023:09:43:11 +0800] "POST /xingrg/kc/buy/cgsh_list_operate.html HTTP/1.1" 200 986
114.85.113.108 - - [12/Jul/2023:09:43:12 +0800] "GET /xingrg/all/function/internal_message.html?_=1689126189171&CODE_STATE=getMsg HTTP/1.1" 200 27
58.39.105.90 - - [12/Jul/2023:09:43:14 +0800] "GET /xingrg/kc/buy/cgsh_order_add.html HTTP/1.1" 200 70743
58.39.105.90 - - [12/Jul/2023:09:43:14 +0800] "GET /xingrg/javascript/easyui/themes/default/validatebox.css HTTP/1.1" 404 1104
58.39.105.90 - - [12/Jul/2023:09:43:14 +0800] "POST /xingrg/kc/buy/cgsh_order_operate.html HTTP/1.1" 200 8245
222.70.172.54 - - [12/Jul/2023:09:43:18 +0800] "GET /xingrg/all/function/internal_message.html?_=1689126208379&CODE_STATE=getMsg HTTP/1.1" 200 27
114.83.219.27 - - [12/Jul/2023:09:43:20 +0800] "GET /xingrg/all/function/internal_message.html?_=1689126318587&CODE_STATE=getMsg HTTP/1.1" 200 27
180.165.154.167 - - [12/Jul/2023:09:43:27 +0800] "GET /xingrg/kc/buy/cgsh_order_operate.html?command=get_materiel&rest_code=00108&code=00101016053&supplier_code=00100593&order_time=2023-07-12 HTTP/1.1" 200 408
58.39.105.90 - - [12/Jul/2023:09:43:29 +0800] "GET /xingrg/kc/buy/cgsh_order_operate.html?command=get_materiel&rest_code=00157&code=00101011001&supplier_code=00100047&order_time=2023-07-11 HTTP/1.1" 200 423
114.89.203.254 - - [12/Jul/2023:09:43:32 +0800] "GET /xingrg/all/function/internal_message.html?_=1689126212973&CODE_STATE=getMsg HTTP/1.1" 200 27
114.83.217.28 - - [12/Jul/2023:09:43:35 +0800] "GET /xingrg/check_reg.html?_=1689126214437 HTTP/1.1" 200 22
114.83.217.28 - - [12/Jul/2023:09:43:35 +0800] "GET /xingrg/all/function/internal_message.html?_=1689126214441&CODE_STATE=getMsg HTTP/1.1" 200 27
180.165.154.167 - - [12/Jul/2023:09:43:36 +0800] "GET /xingrg/all/function/internal_message.html?_=1689126215099&CODE_STATE=getMsg HTTP/1.1" 200 27
222.70.114.12 - - [12/Jul/2023:09:43:40 +0800] "GET /xingrg/all/function/internal_message.html?_=1689126225234&CODE_STATE=getMsg HTTP/1.1" 200 27
58.39.105.90 - - [12/Jul/2023:09:43:40 +0800] "POST /xingrg/kc/buy/cgsh_order_operate.html HTTP/1.1" 200 37
114.95.42.59 - - [12/Jul/2023:09:43:42 +0800] "GET /xingrg/check_reg.html?_=1689126037336 HTTP/1.1" 200 22
114.95.42.59 - - [12/Jul/2023:09:43:42 +0800] "GET /xingrg/all/function/internal_message.html?_=1689126037339&CODE_STATE=getMsg HTTP/1.1" 200 27
120.253.135.82 - - [12/Jul/2023:09:43:51 +0800] "GET /xingrg/all/function/internal_message.html?_=1689126057722&CODE_STATE=getMsg HTTP/1.1" 200 27
58.39.105.90 - - [12/Jul/2023:09:43:52 +0800] "POST /xingrg/kc/buy/cgsh_order_operate.html HTTP/1.1" 200 2666
180.169.147.146 - - [12/Jul/2023:09:43:53 +0800] "GET /xingrg/all/function/internal_message.html?_=1689126224848&CODE_STATE=getMsg HTTP/1.1" 200 27
58.39.105.90 - - [12/Jul/2023:09:43:55 +0800] "GET /xingrg/kc/print/load_data.html?order_code=212023071204625&kc_code=cgsh&condition= HTTP/1.1" 200 727
114.95.42.59 - - [12/Jul/2023:09:43:56 +0800] "GET /xingrg/all/function/internal_message.html?_=1689126237633&CODE_STATE=getMsg HTTP/1.1" 200 27
180.169.147.146 - - [12/Jul/2023:09:44:00 +0800] "POST /xingrg/kc/buy/cgsh_list_operate.html HTTP/1.1" 200 5967
58.39.105.90 - - [12/Jul/2023:09:44:01 +0800] "GET /xingrg/kc/buy/cgsh_order_add.html HTTP/1.1" 200 70743
58.39.105.90 - - [12/Jul/2023:09:44:01 +0800] "GET /xingrg/javascript/easyui/themes/default/validatebox.css HTTP/1.1" 404 1104
58.39.105.90 - - [12/Jul/2023:09:44:01 +0800] "POST /xingrg/kc/buy/cgsh_order_operate.html HTTP/1.1" 200 8245
124.78.70.128 - - [12/Jul/2023:09:44:06 +0800] "GET /xingrg/all/function/internal_message.html?_=1689125724782&CODE_STATE=getMsg HTTP/1.1" 200 27
218.81.72.140 - - [12/Jul/2023:09:44:11 +0800] "GET /xingrg/all/function/internal_message.html?_=1689126251176&CODE_STATE=getMsg HTTP/1.1" 200 27
114.85.113.108 - - [12/Jul/2023:09:44:12 +0800] "GET /xingrg/all/function/internal_message.html?_=1689126249156&CODE_STATE=getMsg HTTP/1.1" 200 27
222.70.114.12 - - [12/Jul/2023:09:44:13 +0800] "GET /favicon.ico HTTP/1.1" 404 -
180.169.147.146 - - [12/Jul/2023:09:44:13 +0800] "GET /xingrg/check_reg.html?_=1689126244905 HTTP/1.1" 200 22
58.39.105.90 - - [12/Jul/2023:09:44:18 +0800] "GET /xingrg/kc/buy/cgsh_order_operate.html?command=get_materiel&rest_code=00157&code=00101012070&supplier_code=00100595&order_time=2023-07-11 HTTP/1.1" 200 412
222.70.172.54 - - [12/Jul/2023:09:44:18 +0800] "GET /xingrg/all/function/internal_message.html?_=1689126268393&CODE_STATE=getMsg HTTP/1.1" 200 27
114.83.219.27 - - [12/Jul/2023:09:44:20 +0800] "GET /xingrg/all/function/internal_message.html?_=1689126378594&CODE_STATE=getMsg HTTP/1.1" 200 27
114.83.219.27 - - [12/Jul/2023:09:44:20 +0800] "GET /xingrg/check_reg.html?_=1689126378595 HTTP/1.1" 200 22
58.39.105.90 - - [12/Jul/2023:09:44:26 +0800] "GET /xingrg/kc/buy/cgsh_order_operate.html?command=get_materiel&rest_code=00157&code=00101012029&supplier_code=00100595&order_time=2023-07-11 HTTP/1.1" 200 412
114.89.203.254 - - [12/Jul/2023:09:44:32 +0800] "GET /xingrg/all/function/internal_message.html?_=1689126272960&CODE_STATE=getMsg HTTP/1.1" 200 27
114.83.217.28 - - [12/Jul/2023:09:44:35 +0800] "GET /xingrg/all/function/internal_message.html?_=1689126274444&CODE_STATE=getMsg HTTP/1.1" 200 27
180.165.154.167 - - [12/Jul/2023:09:44:36 +0800] "GET /xingrg/all/function/internal_message.html?_=1689126275103&CODE_STATE=getMsg HTTP/1.1" 200 27
222.70.114.12 - - [12/Jul/2023:09:44:40 +0800] "GET /xingrg/all/function/internal_message.html?_=1689126285234&CODE_STATE=getMsg HTTP/1.1" 200 27
120.253.135.82 - - [12/Jul/2023:09:44:42 +0800] "GET /xingrg/check_reg.html?_=1689126108562 HTTP/1.1" 200 22
114.95.42.59 - - [12/Jul/2023:09:44:42 +0800] "GET /xingrg/all/function/internal_message.html?_=1689126097324&CODE_STATE=getMsg HTTP/1.1" 200 27
58.39.105.90 - - [12/Jul/2023:09:44:46 +0800] "GET /xingrg/all/function/internal_message.html?_=1689126286996&CODE_STATE=getMsg HTTP/1.1" 200 27
58.39.105.90 - - [12/Jul/2023:09:44:46 +0800] "GET /xingrg/check_reg.html?_=1689126286997 HTTP/1.1" 200 22
120.253.135.82 - - [12/Jul/2023:09:44:51 +0800] "GET /xingrg/all/function/internal_message.html?_=1689126117732&CODE_STATE=getMsg HTTP/1.1" 200 27
114.89.203.254 - - [12/Jul/2023:09:44:53 +0800] "GET /xingrg/javascript/easyui/themes/default/tree.css HTTP/1.1" 404 1090
180.169.147.146 - - [12/Jul/2023:09:44:53 +0800] "GET /xingrg/all/function/internal_message.html?_=1689126284830&CODE_STATE=getMsg HTTP/1.1" 200 27
114.89.203.254 - - [12/Jul/2023:09:44:54 +0800] "POST /xingrg/all/common/load_tree.html?tree=supplier_tree_json&isDelete=1 HTTP/1.1" 200 74546
58.39.105.90 - - [12/Jul/2023:09:44:54 +0800] "POST /xingrg/kc/buy/cgsh_order_operate.html HTTP/1.1" 200 37
114.95.42.59 - - [12/Jul/2023:09:44:56 +0800] "GET /xingrg/all/function/internal_message.html?_=1689126297634&CODE_STATE=getMsg HTTP/1.1" 200 27
58.39.105.90 - - [12/Jul/2023:09:44:58 +0800] "POST /xingrg/kc/buy/cgsh_order_operate.html HTTP/1.1" 200 3246
58.39.105.90 - - [12/Jul/2023:09:45:00 +0800] "GET /xingrg/kc/print/load_data.html?order_code=212023071204626&kc_code=cgsh&condition= HTTP/1.1" 200 885
58.39.105.90 - - [12/Jul/2023:09:45:06 +0800] "GET /xingrg/kc/buy/cgsh_order_add.html HTTP/1.1" 200 70743
58.39.105.90 - - [12/Jul/2023:09:45:06 +0800] "POST /xingrg/kc/buy/cgsh_order_operate.html HTTP/1.1" 200 8245
58.39.105.90 - - [12/Jul/2023:09:45:06 +0800] "GET /xingrg/javascript/easyui/themes/default/validatebox.css HTTP/1.1" 404 1104
124.78.70.128 - - [12/Jul/2023:09:45:06 +0800] "GET /xingrg/all/function/internal_message.html?_=1689125784780&CODE_STATE=getMsg HTTP/1.1" 200 27
218.81.72.140 - - [12/Jul/2023:09:45:11 +0800] "GET /xingrg/all/function/internal_message.html?_=1689126311174&CODE_STATE=getMsg HTTP/1.1" 200 27
114.85.113.108 - - [12/Jul/2023:09:45:12 +0800] "GET /xingrg/all/function/internal_message.html?_=1689126309128&CODE_STATE=getMsg HTTP/1.1" 200 27
222.70.172.54 - - [12/Jul/2023:09:45:19 +0800] "GET /xingrg/all/function/internal_message.html?_=1689126328625&CODE_STATE=getMsg HTTP/1.1" 200 27
114.83.219.27 - - [12/Jul/2023:09:45:20 +0800] "GET /xingrg/all/function/internal_message.html?_=1689126438590&CODE_STATE=getMsg HTTP/1.1" 200 27
180.165.154.167 - - [12/Jul/2023:09:45:22 +0800] "POST /xingrg/kc/buy/cgsh_order_operate.html HTTP/1.1" 200 37
180.165.154.167 - - [12/Jul/2023:09:45:26 +0800] "POST /xingrg/kc/buy/cgsh_order_operate.html HTTP/1.1" 200 8590
114.89.203.254 - - [12/Jul/2023:09:45:26 +0800] "GET /xingrg/kc/buy/cgsh_order_operate.html?command=get_materiel&rest_code=00102&code=00101002027&supplier_code=00100400&order_time=2023-07-12 HTTP/1.1" 200 413
114.85.113.108 - - [12/Jul/2023:09:45:29 +0800] "GET /xingrg/check_reg.html?_=1689126326709 HTTP/1.1" 200 22
114.89.203.254 - - [12/Jul/2023:09:45:32 +0800] "GET /xingrg/all/function/internal_message.html?_=1689126332967&CODE_STATE=getMsg HTTP/1.1" 200 27
114.83.217.28 - - [12/Jul/2023:09:45:35 +0800] "GET /xingrg/all/function/internal_message.html?_=1689126334448&CODE_STATE=getMsg HTTP/1.1" 200 27
180.165.154.167 - - [12/Jul/2023:09:45:36 +0800] "GET /xingrg/all/function/internal_message.html?_=1689126335105&CODE_STATE=getMsg HTTP/1.1" 200 27
114.89.203.254 - - [12/Jul/2023:09:45:39 +0800] "GET /xingrg/kc/buy/cgsh_order_operate.html?command=get_materiel&rest_code=00102&code=00101002022&supplier_code=00100400&order_time=2023-07-12 HTTP/1.1" 200 409
222.70.114.12 - - [12/Jul/2023:09:45:40 +0800] "GET /xingrg/all/function/internal_message.html?_=1689126345242&CODE_STATE=getMsg HTTP/1.1" 200 27
114.95.42.59 - - [12/Jul/2023:09:45:42 +0800] "GET /xingrg/all/function/internal_message.html?_=1689126157323&CODE_STATE=getMsg HTTP/1.1" 200 27
180.165.154.167 - - [12/Jul/2023:09:45:42 +0800] "GET /xingrg/kc/print/load_config.html?kc_code=cgsh HTTP/1.1" 200 1924
180.165.154.167 - - [12/Jul/2023:09:45:43 +0800] "GET /xingrg/kc/print/load_data.html?order_code=212023071204627&kc_code=cgsh&condition= HTTP/1.1" 200 2925
58.39.105.90 - - [12/Jul/2023:09:45:46 +0800] "GET /xingrg/all/function/internal_message.html?_=1689126346977&CODE_STATE=getMsg HTTP/1.1" 200 27
180.169.147.146 - - [12/Jul/2023:09:45:50 +0800] "POST /xingrg/kc/buy/cgsh_list_operate.html HTTP/1.1" 200 4
120.253.135.82 - - [12/Jul/2023:09:45:51 +0800] "GET /xingrg/all/function/internal_message.html?_=1689126177744&CODE_STATE=getMsg HTTP/1.1" 200 27
114.95.42.59 - - [12/Jul/2023:09:45:56 +0800] "GET /xingrg/all/function/internal_message.html?_=1689126357636&CODE_STATE=getMsg HTTP/1.1" 200 27
222.70.172.54 - - [12/Jul/2023:09:45:56 +0800] "GET /xingrg/check_reg.html?_=1689126366270 HTTP/1.1" 200 22
222.70.172.54 - - [12/Jul/2023:09:45:58 +0800] "POST /xingrg/services/DataTransmitService HTTP/1.1" 200 524
114.89.203.254 - - [12/Jul/2023:09:46:04 +0800] "GET /xingrg/kc/buy/cgsh_order_operate.html?command=get_materiel&rest_code=00102&code=00101001075&supplier_code=00100400&order_time=2023-07-12 HTTP/1.1" 200 409
58.39.105.90 - - [12/Jul/2023:09:46:06 +0800] "GET /xingrg/kc/buy/cgsh_order_operate.html?command=get_materiel&rest_code=00157&code=00101006177&supplier_code=00100612&order_time=2023-07-11 HTTP/1.1" 200 408
124.78.70.128 - - [12/Jul/2023:09:46:06 +0800] "GET /xingrg/all/function/internal_message.html?_=1689125844779&CODE_STATE=getMsg HTTP/1.1" 200 27
180.165.154.167 - - [12/Jul/2023:09:46:09 +0800] "GET /xingrg/kc/buy/cgsh_order_add.html HTTP/1.1" 200 71712
180.165.154.167 - - [12/Jul/2023:09:46:09 +0800] "GET /xingrg/javascript/pic_change.js HTTP/1.1" 304 -
180.165.154.167 - - [12/Jul/2023:09:46:09 +0800] "GET /xingrg/javascript/json2.js HTTP/1.1" 304 -
180.165.154.167 - - [12/Jul/2023:09:46:10 +0800] "POST /xingrg/kc/buy/cgsh_order_operate.html HTTP/1.1" 200 8245
180.165.154.167 - - [12/Jul/2023:09:46:10 +0800] "GET /xingrg/javascript/easyui/themes/default/validatebox.css HTTP/1.1" 404 1104
218.81.72.140 - - [12/Jul/2023:09:46:11 +0800] "GET /xingrg/all/function/internal_message.html?_=1689126371175&CODE_STATE=getMsg HTTP/1.1" 200 27
114.85.113.108 - - [12/Jul/2023:09:46:12 +0800] "GET /xingrg/all/function/internal_message.html?_=1689126369106&CODE_STATE=getMsg HTTP/1.1" 200 27
222.70.172.54 - - [12/Jul/2023:09:46:16 +0800] "POST /xingrg/services/DataTransmitService HTTP/1.1" 200 501
114.89.203.254 - - [12/Jul/2023:09:46:17 +0800] "GET /xingrg/kc/buy/cgsh_order_operate.html?command=get_materiel&rest_code=00102&code=00101005037&supplier_code=00100400&order_time=2023-07-12 HTTP/1.1" 200 409
222.70.172.54 - - [12/Jul/2023:09:46:18 +0800] "POST /xingrg/services/DataTransmitService HTTP/1.1" 200 524
58.39.105.90 - - [12/Jul/2023:09:46:18 +0800] "GET /xingrg/kc/buy/cgsh_order_operate.html?command=get_materiel&rest_code=00157&code=00101006184&supplier_code=00100612&order_time=2023-07-11 HTTP/1.1" 200 408
222.70.172.54 - - [12/Jul/2023:09:46:19 +0800] "GET /xingrg/all/function/internal_message.html?_=1689126388638&CODE_STATE=getMsg HTTP/1.1" 200 27
222.70.172.54 - - [12/Jul/2023:09:46:19 +0800] "POST /xingrg/services/DataTransmitService HTTP/1.1" 200 412
114.83.219.27 - - [12/Jul/2023:09:46:20 +0800] "GET /xingrg/all/function/internal_message.html?_=1689126498579&CODE_STATE=getMsg HTTP/1.1" 200 27
222.70.172.54 - - [12/Jul/2023:09:46:21 +0800] "POST /xingrg/services/DataTransmitService HTTP/1.1" 200 524
222.70.172.54 - - [12/Jul/2023:09:46:22 +0800] "POST /xingrg/services/DataTransmitService HTTP/1.1" 200 2335
114.95.42.59 - - [12/Jul/2023:09:46:23 +0800] "POST /xingrg/services/DataTransmitService HTTP/1.1" 200 524
222.70.172.54 - - [12/Jul/2023:09:46:25 +0800] "POST /xingrg/services/DataTransmitService HTTP/1.1" 200 174267
222.70.172.54 - - [12/Jul/2023:09:46:25 +0800] "POST /xingrg/services/DataTransmitService HTTP/1.1" 200 524
222.70.172.54 - - [12/Jul/2023:09:46:26 +0800] "POST /xingrg/services/DataTransmitService HTTP/1.1" 200 412
222.70.172.54 - - [12/Jul/2023:09:46:27 +0800] "POST /xingrg/services/DataTransmitService HTTP/1.1" 200 524
222.70.172.54 - - [12/Jul/2023:09:46:30 +0800] "POST /xingrg/services/DataTransmitService HTTP/1.1" 200 497
58.39.105.90 - - [12/Jul/2023:09:46:31 +0800] "POST /xingrg/kc/buy/cgsh_order_operate.html HTTP/1.1" 200 37
114.89.203.254 - - [12/Jul/2023:09:46:32 +0800] "GET /xingrg/all/function/internal_message.html?_=1689126392958&CODE_STATE=getMsg HTTP/1.1" 200 27
