61.170.233.201 - - [05/Jul/2023:08:55:58 +0800] "GET /xingrg/kc/buy/cgsh_order_operate.html?command=get_materiel&rest_code=00106&code=00101008185&supplier_code=00100007&order_time=2023-07-05 HTTP/1.1" 200 408
114.83.216.42 - - [05/Jul/2023:08:56:00 +0800] "GET /xingrg/kc/buy/cgsh_order_operate.html?command=get_materiel&rest_code=00149&code=00101008264&supplier_code=00100008&order_time=2023-07-05 HTTP/1.1" 200 412
222.70.180.90 - - [05/Jul/2023:08:56:00 +0800] "GET /xingrg/all/function/internal_message.html?_=1688518558675&CODE_STATE=getMsg HTTP/1.1" 200 27
222.70.180.90 - - [05/Jul/2023:08:56:02 +0800] "GET /xingrg/all/function/internal_message.html?_=1688518617050&CODE_STATE=getMsg HTTP/1.1" 200 27
116.232.195.127 - - [05/Jul/2023:08:56:05 +0800] "GET /xingrg/kc/buy/cgsh_order_operate.html?command=get_materiel&rest_code=00155&code=00101008005&supplier_code=00100005&order_time=2023-07-05 HTTP/1.1" 200 412
61.170.233.201 - - [05/Jul/2023:08:56:07 +0800] "GET /xingrg/kc/buy/cgsh_order_operate.html?command=get_materiel&rest_code=00106&code=00101008096&supplier_code=00100007&order_time=2023-07-05 HTTP/1.1" 200 413
61.170.233.201 - - [05/Jul/2023:08:56:09 +0800] "POST /xingrg/kc/buy/cgsh_order_operate.html HTTP/1.1" 200 2065
114.85.113.108 - - [05/Jul/2023:08:56:10 +0800] "GET /xingrg/check_reg.html?_=1688518569341 HTTP/1.1" 200 22
116.238.191.126 - - [05/Jul/2023:08:56:13 +0800] "GET /xingrg/kc/buy/cgsh_order_add.html HTTP/1.1" 200 71676
116.238.191.126 - - [05/Jul/2023:08:56:13 +0800] "GET /xingrg/javascript/pic_change.js HTTP/1.1" 304 -
116.238.191.126 - - [05/Jul/2023:08:56:13 +0800] "GET /xingrg/javascript/json2.js HTTP/1.1" 304 -
116.238.191.126 - - [05/Jul/2023:08:56:13 +0800] "GET /xingrg/javascript/jquery_tools/order_manager.js HTTP/1.1" 304 -
116.238.191.126 - - [05/Jul/2023:08:56:13 +0800] "GET /xingrg/javascript/convert.js HTTP/1.1" 304 -
116.238.191.126 - - [05/Jul/2023:08:56:13 +0800] "GET /xingrg/javascript/print/kc_print.js HTTP/1.1" 304 -
116.238.191.126 - - [05/Jul/2023:08:56:13 +0800] "GET /xingrg/words/20230704105550_words.js HTTP/1.1" 304 -
116.238.191.126 - - [05/Jul/2023:08:56:13 +0800] "GET /xingrg/javascript/easyui/themes/icons/template_new.png HTTP/1.1" 304 -
116.238.191.126 - - [05/Jul/2023:08:56:13 +0800] "GET /xingrg/javascript/easyui/themes/icons/ok.png HTTP/1.1" 304 -
116.238.191.126 - - [05/Jul/2023:08:56:14 +0800] "POST /xingrg/kc/buy/cgsh_order_operate.html HTTP/1.1" 200 8245
114.83.216.42 - - [05/Jul/2023:08:56:14 +0800] "GET /xingrg/kc/buy/cgsh_order_operate.html?command=get_materiel&rest_code=00149&code=00101008356&supplier_code=00100008&order_time=2023-07-05 HTTP/1.1" 200 408
116.238.191.126 - - [05/Jul/2023:08:56:14 +0800] "GET /xingrg/javascript/easyui/themes/icons/edit_remove.png HTTP/1.1" 304 -
116.238.191.126 - - [05/Jul/2023:08:56:14 +0800] "GET /xingrg/all/common/auto_word.html?type=employee&rest_code=00150 HTTP/1.1" 200 159
116.238.191.126 - - [05/Jul/2023:08:56:14 +0800] "GET /xingrg/javascript/easyui/themes/default/validatebox.css HTTP/1.1" 404 1104
116.238.191.126 - - [05/Jul/2023:08:56:14 +0800] "GET /xingrg/javascript/easyui/plugins/jquery.validatebox.js HTTP/1.1" 304 -
116.238.191.126 - - [05/Jul/2023:08:56:14 +0800] "GET /xingrg/javascript/easyui/plugins/jquery.numberbox.js HTTP/1.1" 304 -
116.238.191.126 - - [05/Jul/2023:08:56:14 +0800] "GET /xingrg/all/common/auto_word.html?type=employee&rest_code=00150 HTTP/1.1" 200 159
116.232.195.127 - - [05/Jul/2023:08:56:15 +0800] "GET /xingrg/kc/buy/cgsh_order_operate.html?command=get_materiel&rest_code=00155&code=00101008271&supplier_code=00100005&order_time=2023-07-05 HTTP/1.1" 200 408
116.238.191.126 - - [05/Jul/2023:08:56:15 +0800] "GET /xingrg/javascript/auto/indicator.gif HTTP/1.1" 404 1066
61.170.233.201 - - [05/Jul/2023:08:56:18 +0800] "GET /xingrg/kc/buy/cgsh_order_operate.html?command=get_materiel&rest_code=00106&code=00101008295&supplier_code=00100007&order_time=2023-07-05 HTTP/1.1" 200 412
116.235.244.74 - - [05/Jul/2023:08:56:19 +0800] "GET /xingrg/all/function/internal_message.html?_=1688518587313&CODE_STATE=getMsg HTTP/1.1" 200 27
116.235.244.74 - - [05/Jul/2023:08:56:19 +0800] "GET /xingrg/check_reg.html?_=1688518589174 HTTP/1.1" 200 22
116.235.244.74 - - [05/Jul/2023:08:56:20 +0800] "GET /xingrg/all/function/internal_message.html?_=1688518589647&CODE_STATE=getMsg HTTP/1.1" 200 27
114.95.42.59 - - [05/Jul/2023:08:56:21 +0800] "GET /xingrg/all/function/internal_message.html?_=1688518581912&CODE_STATE=getMsg HTTP/1.1" 200 27
120.253.135.82 - - [05/Jul/2023:08:56:22 +0800] "GET /xingrg/all/function/internal_message.html?_=1688518412445&CODE_STATE=getMsg HTTP/1.1" 200 27
116.232.195.127 - - [05/Jul/2023:08:56:23 +0800] "GET /xingrg/kc/buy/cgsh_order_operate.html?command=get_materiel&rest_code=00155&code=00101008353&supplier_code=00100005&order_time=2023-07-05 HTTP/1.1" 200 408
114.83.216.42 - - [05/Jul/2023:08:56:24 +0800] "GET /xingrg/check_reg.html?_=1688518581280 HTTP/1.1" 200 22
114.83.216.42 - - [05/Jul/2023:08:56:24 +0800] "GET /xingrg/all/function/internal_message.html?_=1688518581287&CODE_STATE=getMsg HTTP/1.1" 200 27
61.170.233.201 - - [05/Jul/2023:08:56:24 +0800] "POST /xingrg/services/DataTransmitService HTTP/1.1" 200 524
116.238.191.126 - - [05/Jul/2023:08:56:26 +0800] "GET /xingrg/kc/buy/cgsh_order_operate.html?command=get_materiel&rest_code=00150&code=00101008176&supplier_code=00100008&order_time=2023-07-05 HTTP/1.1" 200 413
114.83.216.42 - - [05/Jul/2023:08:56:27 +0800] "GET /xingrg/kc/buy/cgsh_order_operate.html?command=get_materiel&rest_code=00149&code=00101008439&supplier_code=00100008&order_time=2023-07-05 HTTP/1.1" 200 413
61.170.233.201 - - [05/Jul/2023:08:56:28 +0800] "GET /xingrg/kc/buy/cgsh_order_operate.html?command=get_materiel&rest_code=00106&code=00101008213&supplier_code=00100007&order_time=2023-07-05 HTTP/1.1" 200 412
116.232.195.127 - - [05/Jul/2023:08:56:34 +0800] "GET /xingrg/kc/buy/cgsh_order_operate.html?command=get_materiel&rest_code=00155&code=00101008283&supplier_code=00100005&order_time=2023-07-05 HTTP/1.1" 200 408
116.232.195.127 - - [05/Jul/2023:08:56:36 +0800] "POST /xingrg/kc/buy/cgsh_order_operate.html HTTP/1.1" 200 2065
116.238.191.126 - - [05/Jul/2023:08:56:37 +0800] "GET /xingrg/kc/buy/cgsh_order_operate.html?command=get_materiel&rest_code=00150&code=00101008261&supplier_code=00100008&order_time=2023-07-05 HTTP/1.1" 200 408
116.232.195.127 - - [05/Jul/2023:08:56:41 +0800] "GET /xingrg/kc/buy/cgsh_order_operate.html?command=get_materiel&rest_code=00155&code=00101008298&supplier_code=00100005&order_time=2023-07-05 HTTP/1.1" 200 413
61.170.233.201 - - [05/Jul/2023:08:56:42 +0800] "GET /xingrg/kc/buy/cgsh_order_operate.html?command=get_materiel&rest_code=00106&code=00101008101&supplier_code=00100007&order_time=2023-07-05 HTTP/1.1" 200 412
116.238.191.126 - - [05/Jul/2023:08:56:48 +0800] "GET /xingrg/all/function/internal_message.html?_=1688518519570&CODE_STATE=getMsg HTTP/1.1" 200 27
116.232.195.127 - - [05/Jul/2023:08:56:49 +0800] "GET /xingrg/all/function/internal_message.html?_=1688518594295&CODE_STATE=getMsg HTTP/1.1" 200 27
116.232.195.127 - - [05/Jul/2023:08:56:49 +0800] "GET /xingrg/check_reg.html?_=1688518594297 HTTP/1.1" 200 22
172.20.0.100 - - [05/Jul/2023:08:56:54 +0800] "GET /xingrg/all/function/internal_message.html?_=1688518614192&CODE_STATE=getMsg HTTP/1.1" 200 27
114.85.113.108 - - [05/Jul/2023:08:56:56 +0800] "GET /xingrg/all/function/internal_message.html?_=1688518614939&CODE_STATE=getMsg HTTP/1.1" 200 27
114.83.216.42 - - [05/Jul/2023:08:56:56 +0800] "GET /xingrg/kc/buy/cgsh_order_operate.html?command=get_materiel&rest_code=00149&code=00101008059&supplier_code=00100008&order_time=2023-07-05 HTTP/1.1" 200 408
61.170.233.201 - - [05/Jul/2023:08:56:57 +0800] "GET /xingrg/all/function/internal_message.html?_=1688518616040&CODE_STATE=getMsg HTTP/1.1" 200 27
61.170.233.201 - - [05/Jul/2023:08:56:58 +0800] "POST /xingrg/kc/buy/cgsh_order_operate.html HTTP/1.1" 200 37
180.163.28.114 - - [05/Jul/2023:08:56:58 +0800] "GET /xingrg/all/function/internal_message.html?_=1688518556096&CODE_STATE=getMsg HTTP/1.1" 302 -
180.163.28.114 - - [05/Jul/2023:08:56:58 +0800] "GET /xingrg/login.html HTTP/1.1" 200 7641
116.232.195.127 - - [05/Jul/2023:08:57:00 +0800] "GET /xingrg/kc/buy/cgsh_order_operate.html?command=get_materiel&rest_code=00155&code=00101008061&supplier_code=00100005&order_time=2023-07-05 HTTP/1.1" 200 422
114.83.216.42 - - [05/Jul/2023:08:57:00 +0800] "POST /xingrg/kc/buy/cgsh_order_operate.html HTTP/1.1" 200 2065
116.238.191.126 - - [05/Jul/2023:08:57:00 +0800] "GET /xingrg/kc/buy/cgsh_order_operate.html?command=get_materiel&rest_code=00150&code=00101008745&supplier_code=00100008&order_time=2023-07-05 HTTP/1.1" 200 23
222.70.180.90 - - [05/Jul/2023:08:57:02 +0800] "GET /xingrg/all/function/internal_message.html?_=1688518677061&CODE_STATE=getMsg HTTP/1.1" 200 27
61.170.233.201 - - [05/Jul/2023:08:57:07 +0800] "POST /xingrg/kc/buy/cgsh_order_operate.html HTTP/1.1" 200 21564
114.83.216.42 - - [05/Jul/2023:08:57:07 +0800] "GET /xingrg/kc/buy/cgsh_order_operate.html?command=get_materiel&rest_code=00149&code=00101008077&supplier_code=00100008&order_time=2023-07-05 HTTP/1.1" 200 416
116.232.195.127 - - [05/Jul/2023:08:57:09 +0800] "GET /xingrg/kc/buy/cgsh_order_operate.html?command=get_materiel&rest_code=00155&code=00101008633&supplier_code=00100005&order_time=2023-07-05 HTTP/1.1" 200 414
222.70.180.90 - - [05/Jul/2023:08:57:10 +0800] "GET /xingrg/login.html HTTP/1.1" 200 7641
222.70.180.90 - - [05/Jul/2023:08:57:11 +0800] "GET /favicon.ico HTTP/1.1" 404 -
180.163.29.219 - - [05/Jul/2023:08:57:13 +0800] "GET /xingrg/kc/buy/cgsh_order_operate.html?command=get_materiel&rest_code=00106&code=00101008295&supplier_code=00100007&order_time=2023-07-05 HTTP/1.1" 302 -
180.163.29.219 - - [05/Jul/2023:08:57:13 +0800] "GET /xingrg/login.html HTTP/1.1" 200 7641
114.83.216.42 - - [05/Jul/2023:08:57:18 +0800] "GET /xingrg/kc/buy/cgsh_order_operate.html?command=get_materiel&rest_code=00149&code=00101008136&supplier_code=00100008&order_time=2023-07-05 HTTP/1.1" 200 413
222.70.180.90 - - [05/Jul/2023:08:57:18 +0800] "POST /xingrg/login.do HTTP/1.1" 302 -
222.70.180.90 - - [05/Jul/2023:08:57:18 +0800] "GET /xingrg/index.html?sysBaseUrl=http%3A%2F%2F180.169.147.146%3A18081%2Fxingrg%2F&costTime=864×tamp=1688518638698 HTTP/1.1" 200 17173
222.70.180.90 - - [05/Jul/2023:08:57:18 +0800] "GET /favicon.ico HTTP/1.1" 404 -
222.70.180.90 - - [05/Jul/2023:08:57:19 +0800] "GET /xingrg/all/function/internal_message.html?_=1688518637397&CODE_STATE=count HTTP/1.1" 200 11
222.70.180.90 - - [05/Jul/2023:08:57:19 +0800] "GET /xingrg/check_reg.html?_=1688518637398 HTTP/1.1" 200 22
222.70.180.90 - - [05/Jul/2023:08:57:19 +0800] "POST /xingrg/all/common/load_tree.html?tree=area_rest_tree_json&manage=1 HTTP/1.1" 200 342
222.70.180.90 - - [05/Jul/2023:08:57:19 +0800] "POST /xingrg/load_menu.html HTTP/1.1" 200 5138
116.235.244.74 - - [05/Jul/2023:08:57:19 +0800] "GET /xingrg/all/function/internal_message.html?_=1688518647332&CODE_STATE=getMsg HTTP/1.1" 200 27
116.235.244.74 - - [05/Jul/2023:08:57:20 +0800] "GET /xingrg/all/function/internal_message.html?_=1688518649659&CODE_STATE=getMsg HTTP/1.1" 200 27
222.70.180.90 - - [05/Jul/2023:08:57:20 +0800] "GET /xingrg/kc/buy/buy_main.html HTTP/1.1" 200 12412
222.70.180.90 - - [05/Jul/2023:08:57:20 +0800] "GET /xingrg/css/new_ie.css HTTP/1.1" 404 1036
114.95.42.59 - - [05/Jul/2023:08:57:21 +0800] "GET /xingrg/all/function/internal_message.html?_=1688518641885&CODE_STATE=getMsg HTTP/1.1" 200 27
222.70.180.90 - - [05/Jul/2023:08:57:21 +0800] "GET /xingrg/images/yd/bt.gif HTTP/1.1" 404 1040
222.70.180.90 - - [05/Jul/2023:08:57:22 +0800] "GET /xingrg/kc/buy/cgsh_order_list.html HTTP/1.1" 200 55838
120.253.135.82 - - [05/Jul/2023:08:57:23 +0800] "GET /xingrg/all/function/internal_message.html?_=1688518472629&CODE_STATE=getMsg HTTP/1.1" 200 27
116.238.191.126 - - [05/Jul/2023:08:57:23 +0800] "POST /xingrg/kc/buy/cgsh_order_operate.html HTTP/1.1" 200 37
116.232.195.127 - - [05/Jul/2023:08:57:23 +0800] "GET /xingrg/kc/buy/cgsh_order_operate.html?command=get_materiel&rest_code=00155&code=00101008674&supplier_code=00100005&order_time=2023-07-05 HTTP/1.1" 200 412
114.83.216.42 - - [05/Jul/2023:08:57:24 +0800] "GET /xingrg/all/function/internal_message.html?_=1688518641257&CODE_STATE=getMsg HTTP/1.1" 200 27
116.238.191.126 - - [05/Jul/2023:08:57:25 +0800] "POST /xingrg/kc/buy/cgsh_order_operate.html HTTP/1.1" 200 3243
116.232.195.127 - - [05/Jul/2023:08:57:25 +0800] "POST /xingrg/kc/buy/cgsh_order_operate.html HTTP/1.1" 200 2065
222.70.180.90 - - [05/Jul/2023:08:57:25 +0800] "POST /xingrg/kc/buy/cgsh_list_operate.html HTTP/1.1" 200 986
120.253.135.82 - - [05/Jul/2023:08:57:30 +0800] "GET /xingrg/check_reg.html?_=1688518480103 HTTP/1.1" 200 22
114.83.216.42 - - [05/Jul/2023:08:57:33 +0800] "GET /xingrg/kc/buy/cgsh_order_operate.html?command=get_materiel&rest_code=00149&code=00101008273&supplier_code=00100008&order_time=2023-07-05 HTTP/1.1" 200 412
116.232.195.127 - - [05/Jul/2023:08:57:33 +0800] "GET /xingrg/kc/buy/cgsh_order_operate.html?command=get_materiel&rest_code=00155&code=00101008095&supplier_code=00100005&order_time=2023-07-05 HTTP/1.1" 200 412
116.238.191.126 - - [05/Jul/2023:08:57:40 +0800] "POST /xingrg/kc/buy/cgsh_order_operate.html HTTP/1.1" 200 37
222.70.180.90 - - [05/Jul/2023:08:57:41 +0800] "GET /xingrg/kc/buy/cgsh_order_add.html HTTP/1.1" 200 71576
222.70.180.90 - - [05/Jul/2023:08:57:41 +0800] "GET /xingrg/words/20230704105550_words.js HTTP/1.1" 304 -
222.70.180.90 - - [05/Jul/2023:08:57:41 +0800] "POST /xingrg/kc/buy/cgsh_order_operate.html HTTP/1.1" 200 8245
222.70.180.90 - - [05/Jul/2023:08:57:42 +0800] "GET /xingrg/javascript/easyui/themes/default/validatebox.css HTTP/1.1" 404 1104
222.70.180.90 - - [05/Jul/2023:08:57:42 +0800] "GET /xingrg/all/common/auto_word.html?type=employee&rest_code=00111 HTTP/1.1" 200 155
222.70.180.90 - - [05/Jul/2023:08:57:42 +0800] "GET /xingrg/all/common/auto_word.html?type=employee&rest_code=00111 HTTP/1.1" 200 155
116.238.191.126 - - [05/Jul/2023:08:57:42 +0800] "POST /xingrg/kc/buy/cgsh_order_operate.html HTTP/1.1" 200 3246
116.232.195.127 - - [05/Jul/2023:08:57:42 +0800] "GET /xingrg/kc/buy/cgsh_order_operate.html?command=get_materiel&rest_code=00155&code=00101008175&supplier_code=00100005&order_time=2023-07-05 HTTP/1.1" 200 412
114.83.216.42 - - [05/Jul/2023:08:57:45 +0800] "GET /xingrg/kc/buy/cgsh_order_operate.html?command=get_materiel&rest_code=00149&code=00101008286&supplier_code=00100008&order_time=2023-07-05 HTTP/1.1" 200 408
116.238.191.126 - - [05/Jul/2023:08:57:46 +0800] "GET /xingrg/login.html HTTP/1.1" 200 7641
116.238.191.126 - - [05/Jul/2023:08:57:47 +0800] "GET /xingrg/images/blue/jxLogo.png HTTP/1.1" 304 -
116.238.191.126 - - [05/Jul/2023:08:57:47 +0800] "GET /xingrg/images/blue/srbg.png HTTP/1.1" 304 -
116.238.191.126 - - [05/Jul/2023:08:57:47 +0800] "GET /favicon.ico HTTP/1.1" 404 -
116.232.195.127 - - [05/Jul/2023:08:57:49 +0800] "GET /xingrg/all/function/internal_message.html?_=1688518654336&CODE_STATE=getMsg HTTP/1.1" 200 27
116.238.191.126 - - [05/Jul/2023:08:57:49 +0800] "POST /xingrg/login.do HTTP/1.1" 302 -
116.238.191.126 - - [05/Jul/2023:08:57:50 +0800] "GET /xingrg/index.html?sysBaseUrl=http%3A%2F%2F180.169.147.146%3A18081%2Fxingrg%2F&costTime=1118×tamp=1688518669919 HTTP/1.1" 200 17179
116.238.191.126 - - [05/Jul/2023:08:57:50 +0800] "GET /xingrg/css/form.css HTTP/1.1" 304 -
116.238.191.126 - - [05/Jul/2023:08:57:50 +0800] "GET /xingrg/javascript/jquery_easy_ui/themes/icon.css HTTP/1.1" 304 -
116.238.191.126 - - [05/Jul/2023:08:57:50 +0800] "GET /xingrg/javascript/jquery-1.4.2.min.js HTTP/1.1" 304 -
116.238.191.126 - - [05/Jul/2023:08:57:50 +0800] "GET /xingrg/javascript/jquery_easy_ui/themes/default/easyui.css HTTP/1.1" 304 -
116.238.191.126 - - [05/Jul/2023:08:57:50 +0800] "GET /xingrg/javascript/jquery.form.js HTTP/1.1" 304 -
116.238.191.126 - - [05/Jul/2023:08:57:50 +0800] "GET /xingrg/javascript/jquery_easy_ui/jquery.easyui.min.js HTTP/1.1" 304 -
116.238.191.126 - - [05/Jul/2023:08:57:50 +0800] "GET /xingrg/javascript/jquery_easy_ui/easyui-lang-zh_CN.js HTTP/1.1" 304 -
116.238.191.126 - - [05/Jul/2023:08:57:50 +0800] "GET /xingrg/javascript/jquery.timers.js HTTP/1.1" 304 -
116.238.191.126 - - [05/Jul/2023:08:57:50 +0800] "GET /xingrg/javascript/jquery.utils.js HTTP/1.1" 304 -
116.238.191.126 - - [05/Jul/2023:08:57:50 +0800] "GET /favicon.ico HTTP/1.1" 404 -
116.238.191.126 - - [05/Jul/2023:08:57:50 +0800] "POST /xingrg/all/common/load_tree.html?tree=area_rest_tree_json&manage=1 HTTP/1.1" 200 476
116.238.191.126 - - [05/Jul/2023:08:57:50 +0800] "GET /xingrg/all/function/internal_message.html?_=1688518581890&CODE_STATE=count HTTP/1.1" 200 11
116.238.191.126 - - [05/Jul/2023:08:57:50 +0800] "GET /xingrg/check_reg.html?_=1688518581891 HTTP/1.1" 200 22
116.238.191.126 - - [05/Jul/2023:08:57:50 +0800] "POST /xingrg/load_menu.html HTTP/1.1" 200 5138
172.20.0.100 - - [05/Jul/2023:08:57:54 +0800] "GET /xingrg/all/function/internal_message.html?_=1688518674178&CODE_STATE=getMsg HTTP/1.1" 200 27
114.85.113.108 - - [05/Jul/2023:08:57:56 +0800] "GET /xingrg/all/function/internal_message.html?_=1688518674925&CODE_STATE=getMsg HTTP/1.1" 200 27
114.83.216.42 - - [05/Jul/2023:08:57:57 +0800] "GET /xingrg/kc/buy/cgsh_order_operate.html?command=get_materiel&rest_code=00149&code=00101008036&supplier_code=00100008&order_time=2023-07-05 HTTP/1.1" 200 408
61.170.233.201 - - [05/Jul/2023:08:57:57 +0800] "GET /xingrg/all/function/internal_message.html?_=1688518676023&CODE_STATE=getMsg HTTP/1.1" 200 27
61.170.233.201 - - [05/Jul/2023:08:57:57 +0800] "GET /xingrg/check_reg.html?_=1688518676019 HTTP/1.1" 200 22
116.238.191.126 - - [05/Jul/2023:08:57:58 +0800] "GET /xingrg/kc/buy/cgsh_order_list.html HTTP/1.1" 200 55844
116.238.191.126 - - [05/Jul/2023:08:57:58 +0800] "GET /xingrg/javascript/jquery_tools/datebox.css HTTP/1.1" 304 -
116.238.191.126 - - [05/Jul/2023:08:57:58 +0800] "GET /xingrg/css/base.css HTTP/1.1" 304 -
116.238.191.126 - - [05/Jul/2023:08:57:58 +0800] "GET /xingrg/css/site.css HTTP/1.1" 304 -
116.238.191.126 - - [05/Jul/2023:08:57:58 +0800] "GET /xingrg/javascript/easyui/themes/icon.css HTTP/1.1" 304 -
116.238.191.126 - - [05/Jul/2023:08:57:58 +0800] "GET /xingrg/javascript/easyui/themes/default/easyui.css HTTP/1.1" 304 -
116.238.191.126 - - [05/Jul/2023:08:57:58 +0800] "GET /xingrg/javascript/jquery_tools/jquery.tools.min.js HTTP/1.1" 304 -
116.238.191.126 - - [05/Jul/2023:08:57:58 +0800] "GET /xingrg/javascript/auto/jquery.autocomplete.css HTTP/1.1" 304 -
116.238.191.126 - - [05/Jul/2023:08:57:58 +0800] "GET /xingrg/javascript/jquery_tools/jquery.tools.hotkey.js HTTP/1.1" 304 -
116.238.191.126 - - [05/Jul/2023:08:57:58 +0800] "GET /xingrg/javascript/jquery_tools/jquery.tools.extend.js HTTP/1.1" 304 -
116.238.191.126 - - [05/Jul/2023:08:57:58 +0800] "GET /xingrg/javascript/jquery_tools/fix.css HTTP/1.1" 304 -
116.238.191.126 - - [05/Jul/2023:08:57:58 +0800] "GET /xingrg/javascript/easyui/easyloader.js HTTP/1.1" 304 -
116.238.191.126 - - [05/Jul/2023:08:57:58 +0800] "GET /xingrg/javascript/auto/jquery.autocomplete.js HTTP/1.1" 304 -
116.238.191.126 - - [05/Jul/2023:08:57:58 +0800] "GET /xingrg/javascript/jquery_tools/list_manager.js HTTP/1.1" 304 -
116.238.191.126 - - [05/Jul/2023:08:57:58 +0800] "GET /xingrg/javascript/jquery_tools/jquery.tools.table.js HTTP/1.1" 304 -
116.238.191.126 - - [05/Jul/2023:08:57:58 +0800] "GET /xingrg/javascript/jquery_tools/table.css HTTP/1.1" 304 -
116.238.191.126 - - [05/Jul/2023:08:57:58 +0800] "GET /xingrg/javascript/print/LodopFuncs.js HTTP/1.1" 304 -
116.238.191.126 - - [05/Jul/2023:08:57:58 +0800] "GET /xingrg/javascript/jquery.cookie.js HTTP/1.1" 304 -
116.238.191.126 - - [05/Jul/2023:08:57:58 +0800] "GET /xingrg/javascript/easyui/plugins/jquery.parser.js HTTP/1.1" 304 -
114.83.216.42 - - [05/Jul/2023:08:58:01 +0800] "POST /xingrg/kc/buy/cgsh_order_operate.html HTTP/1.1" 200 2065
222.70.180.90 - - [05/Jul/2023:08:58:02 +0800] "GET /xingrg/all/function/internal_message.html?_=1688518737066&CODE_STATE=getMsg HTTP/1.1" 200 27
116.238.191.126 - - [05/Jul/2023:08:58:03 +0800] "POST /xingrg/kc/buy/cgsh_list_operate.html HTTP/1.1" 200 1883
116.238.191.126 - - [05/Jul/2023:08:58:06 +0800] "POST /xingrg/kc/buy/cgsh_list_operate.html HTTP/1.1" 200 273
116.238.191.126 - - [05/Jul/2023:08:58:09 +0800] "GET /xingrg/kc/buy/cgsh_order_info.html?code=212023070501670 HTTP/1.1" 200 71685
116.238.191.126 - - [05/Jul/2023:08:58:09 +0800] "GET /xingrg/javascript/pic_change.js HTTP/1.1" 304 -
116.238.191.126 - - [05/Jul/2023:08:58:09 +0800] "GET /xingrg/javascript/jquery_tools/order_manager.js HTTP/1.1" 304 -
116.238.191.126 - - [05/Jul/2023:08:58:09 +0800] "GET /xingrg/javascript/convert.js HTTP/1.1" 304 -
116.238.191.126 - - [05/Jul/2023:08:58:09 +0800] "GET /xingrg/javascript/print/kc_print.js HTTP/1.1" 304 -
116.238.191.126 - - [05/Jul/2023:08:58:09 +0800] "GET /xingrg/javascript/json2.js HTTP/1.1" 304 -
116.232.195.127 - - [05/Jul/2023:08:58:09 +0800] "GET /xingrg/kc/buy/cgsh_order_operate.html?command=get_materiel&rest_code=00155&code=00101008114&supplier_code=00100005&order_time=2023-07-05 HTTP/1.1" 200 412
116.238.191.126 - - [05/Jul/2023:08:58:09 +0800] "GET /xingrg/words/20230704105550_words.js HTTP/1.1" 304 -
116.238.191.126 - - [05/Jul/2023:08:58:10 +0800] "GET /xingrg/javascript/easyui/themes/default/validatebox.css HTTP/1.1" 404 1104
116.238.191.126 - - [05/Jul/2023:08:58:10 +0800] "GET /xingrg/javascript/easyui/plugins/jquery.validatebox.js HTTP/1.1" 304 -
116.238.191.126 - - [05/Jul/2023:08:58:10 +0800] "GET /xingrg/javascript/easyui/plugins/jquery.numberbox.js HTTP/1.1" 304 -
116.238.191.126 - - [05/Jul/2023:08:58:10 +0800] "GET /xingrg/all/common/auto_word.html?type=employee&rest_code=00150 HTTP/1.1" 200 159
116.238.191.126 - - [05/Jul/2023:08:58:10 +0800] "GET /xingrg/all/common/auto_word.html?type=employee&rest_code=00150 HTTP/1.1" 200 159
116.238.191.126 - - [05/Jul/2023:08:58:11 +0800] "POST /xingrg/kc/buy/cgsh_order_operate.html HTTP/1.1" 200 3246
114.83.216.42 - - [05/Jul/2023:08:58:11 +0800] "GET /xingrg/kc/buy/cgsh_order_operate.html?command=get_materiel&rest_code=00149&code=00101008131&supplier_code=00100008&order_time=2023-07-05 HTTP/1.1" 200 409
116.232.195.127 - - [05/Jul/2023:08:58:12 +0800] "POST /xingrg/kc/buy/cgsh_order_operate.html HTTP/1.1" 200 2065
116.238.191.126 - - [05/Jul/2023:08:58:14 +0800] "GET /xingrg/javascript/auto/indicator.gif HTTP/1.1" 404 1066
116.235.244.74 - - [05/Jul/2023:08:58:15 +0800] "GET /xingrg/check_reg.html?_=1688518703145 HTTP/1.1" 200 22
222.70.180.90 - - [05/Jul/2023:08:58:19 +0800] "GET /xingrg/all/function/internal_message.html?_=1688518697406&CODE_STATE=getMsg HTTP/1.1" 200 27
116.238.191.126 - - [05/Jul/2023:08:58:20 +0800] "GET /xingrg/kc/buy/cgsh_order_operate.html?command=get_materiel&rest_code=00150&code=00101008745&supplier_code=00100008&order_time=2023-07-05 HTTP/1.1" 200 395
116.235.244.74 - - [05/Jul/2023:08:58:20 +0800] "GET /xingrg/all/function/internal_message.html?_=1688518709673&CODE_STATE=getMsg HTTP/1.1" 200 27
116.235.244.74 - - [05/Jul/2023:08:58:20 +0800] "GET /xingrg/all/function/internal_message.html?_=1688518708116&CODE_STATE=getMsg HTTP/1.1" 200 27
114.95.42.59 - - [05/Jul/2023:08:58:21 +0800] "GET /xingrg/all/function/internal_message.html?_=1688518701856&CODE_STATE=getMsg HTTP/1.1" 200 27
120.253.135.82 - - [05/Jul/2023:08:58:23 +0800] "GET /xingrg/all/function/internal_message.html?_=1688518532645&CODE_STATE=getMsg HTTP/1.1" 200 27
114.83.216.42 - - [05/Jul/2023:08:58:24 +0800] "GET /xingrg/all/function/internal_message.html?_=1688518701269&CODE_STATE=getMsg HTTP/1.1" 200 27
116.232.195.127 - - [05/Jul/2023:08:58:27 +0800] "GET /xingrg/kc/buy/cgsh_order_operate.html?command=get_materiel&rest_code=00155&code=00101008041&supplier_code=00100005&order_time=2023-07-05 HTTP/1.1" 200 408
114.83.216.42 - - [05/Jul/2023:08:58:30 +0800] "GET /xingrg/kc/buy/cgsh_order_operate.html?command=get_materiel&rest_code=00149&code=00101008318&supplier_code=00100008&order_time=2023-07-05 HTTP/1.1" 200 408
116.238.191.126 - - [05/Jul/2023:08:58:34 +0800] "GET /xingrg/kc/buy/cgsh_order_operate.html?command=get_materiel&rest_code=00150&code=00101008286&supplier_code=00100008&order_time=2023-07-05 HTTP/1.1" 200 408
116.232.195.127 - - [05/Jul/2023:08:58:47 +0800] "POST /xingrg/kc/buy/cgsh_order_operate.html HTTP/1.1" 200 37
116.232.195.127 - - [05/Jul/2023:08:58:49 +0800] "GET /xingrg/all/function/internal_message.html?_=1688518714290&CODE_STATE=getMsg HTTP/1.1" 200 27
116.238.191.126 - - [05/Jul/2023:08:58:50 +0800] "GET /xingrg/kc/buy/cgsh_order_operate.html?command=get_materiel&rest_code=00150&code=00101008132&supplier_code=00100008&order_time=2023-07-05 HTTP/1.1" 200 408
116.238.191.126 - - [05/Jul/2023:08:58:50 +0800] "GET /xingrg/all/function/internal_message.html?_=1688518641894&CODE_STATE=getMsg HTTP/1.1" 200 27
116.232.195.127 - - [05/Jul/2023:08:58:50 +0800] "POST /xingrg/kc/buy/cgsh_order_operate.html HTTP/1.1" 200 29287
114.83.216.42 - - [05/Jul/2023:08:58:51 +0800] "GET /xingrg/kc/buy/cgsh_order_operate.html?command=get_materiel&rest_code=00149&code=00101008352&supplier_code=00100008&order_time=2023-07-05 HTTP/1.1" 200 412
116.232.195.127 - - [05/Jul/2023:08:58:52 +0800] "GET /xingrg/kc/print/load_data.html?order_code=212023070501671&kc_code=cgsh&condition= HTTP/1.1" 200 10807
172.20.0.100 - - [05/Jul/2023:08:58:54 +0800] "GET /xingrg/all/function/internal_message.html?_=1688518734149&CODE_STATE=getMsg HTTP/1.1" 200 27
114.85.113.108 - - [05/Jul/2023:08:58:56 +0800] "GET /xingrg/all/function/internal_message.html?_=1688518734897&CODE_STATE=getMsg HTTP/1.1" 200 27
61.170.233.201 - - [05/Jul/2023:08:58:57 +0800] "GET /xingrg/all/function/internal_message.html?_=1688518735997&CODE_STATE=getMsg HTTP/1.1" 200 27
116.232.195.127 - - [05/Jul/2023:08:58:58 +0800] "GET /xingrg/kc/print/load_data.html?order_code=212023070501671&kc_code=cgsh HTTP/1.1" 200 10807
222.70.180.90 - - [05/Jul/2023:08:59:00 +0800] "GET /xingrg/javascript/auto/indicator.gif HTTP/1.1" 404 1066
222.70.180.90 - - [05/Jul/2023:08:59:02 +0800] "GET /xingrg/all/function/internal_message.html?_=1688518797066&CODE_STATE=getMsg HTTP/1.1" 200 27
222.70.180.90 - - [05/Jul/2023:08:59:02 +0800] "GET /xingrg/javascript/jquery_tools/images/next.gif HTTP/1.1" 404 1086
222.70.180.90 - - [05/Jul/2023:08:59:02 +0800] "GET /xingrg/javascript/jquery_tools/images/prev.gif HTTP/1.1" 404 1086
114.95.42.59 - - [05/Jul/2023:08:59:09 +0800] "GET /xingrg/check_reg.html?_=1688518750204 HTTP/1.1" 200 22
116.238.191.126 - - [05/Jul/2023:08:59:10 +0800] "GET /xingrg/kc/buy/cgsh_order_operate.html?command=get_materiel&rest_code=00150&code=00101008079&supplier_code=00100008&order_time=2023-07-05 HTTP/1.1" 200 416
222.70.180.90 - - [05/Jul/2023:08:59:14 +0800] "GET /xingrg/kc/buy/cgsh_order_operate.html?command=get_materiel&rest_code=00111&code=00101002027&supplier_code=00100199&order_time=2023-07-05 HTTP/1.1" 200 415
222.70.180.90 - - [05/Jul/2023:08:59:19 +0800] "GET /xingrg/all/function/internal_message.html?_=1688518757407&CODE_STATE=getMsg HTTP/1.1" 200 27
116.235.244.74 - - [05/Jul/2023:08:59:20 +0800] "GET /xingrg/all/function/internal_message.html?_=1688518768181&CODE_STATE=getMsg HTTP/1.1" 200 27
116.235.244.74 - - [05/Jul/2023:08:59:20 +0800] "GET /xingrg/all/function/internal_message.html?_=1688518769815&CODE_STATE=getMsg HTTP/1.1" 200 27
114.95.42.59 - - [05/Jul/2023:08:59:21 +0800] "GET /xingrg/all/function/internal_message.html?_=1688518761831&CODE_STATE=getMsg HTTP/1.1" 200 27
116.238.191.126 - - [05/Jul/2023:08:59:22 +0800] "GET /xingrg/kc/buy/cgsh_order_operate.html?command=get_materiel&rest_code=00150&code=00101008331&supplier_code=00100008&order_time=2023-07-05 HTTP/1.1" 200 416
120.253.135.82 - - [05/Jul/2023:08:59:23 +0800] "GET /xingrg/all/function/internal_message.html?_=1688518592657&CODE_STATE=getMsg HTTP/1.1" 200 27
114.83.216.42 - - [05/Jul/2023:08:59:24 +0800] "GET /xingrg/all/function/internal_message.html?_=1688518761263&CODE_STATE=getMsg HTTP/1.1" 200 27
114.85.96.155 - - [05/Jul/2023:08:59:26 +0800] "GET /xingrg/check_reg.html?_=1688518766138 HTTP/1.1" 302 -
218.81.67.77 - - [05/Jul/2023:08:59:30 +0800] "POST /xingrg/services/DataTransmitService HTTP/1.1" 200 524
116.238.191.126 - - [05/Jul/2023:08:59:40 +0800] "POST /xingrg/kc/buy/cgsh_order_operate.html HTTP/1.1" 200 37
222.70.180.90 - - [05/Jul/2023:08:59:43 +0800] "GET /xingrg/kc/buy/cgsh_order_operate.html?command=get_materiel&rest_code=00111&code=00101001069&supplier_code=00100199&order_time=2023-07-05 HTTP/1.1" 200 23
116.238.191.126 - - [05/Jul/2023:08:59:43 +0800] "POST /xingrg/kc/buy/cgsh_order_operate.html HTTP/1.1" 200 6198
172.20.0.100 - - [05/Jul/2023:08:59:44 +0800] "GET /xingrg/check_reg.html?_=1688518783962 HTTP/1.1" 200 22
222.70.114.12 - - [05/Jul/2023:08:59:44 +0800] "GET /xingrg/login.html HTTP/1.1" 200 7641
222.70.114.12 - - [05/Jul/2023:08:59:44 +0800] "GET /favicon.ico HTTP/1.1" 404 -
114.83.216.42 - - [05/Jul/2023:08:59:48 +0800] "GET /xingrg/kc/buy/cgsh_order_operate.html?command=get_materiel&rest_code=00149&code=00101008353&supplier_code=00100008&order_time=2023-07-05 HTTP/1.1" 200 408
116.232.195.127 - - [05/Jul/2023:08:59:49 +0800] "GET /xingrg/all/function/internal_message.html?_=1688518774308&CODE_STATE=getMsg HTTP/1.1" 200 27
116.238.191.126 - - [05/Jul/2023:08:59:50 +0800] "GET /xingrg/all/function/internal_message.html?_=1688518701908&CODE_STATE=getMsg HTTP/1.1" 200 27
172.20.0.100 - - [05/Jul/2023:08:59:54 +0800] "GET /xingrg/all/function/internal_message.html?_=1688518794123&CODE_STATE=getMsg HTTP/1.1" 200 27
114.85.113.108 - - [05/Jul/2023:08:59:56 +0800] "GET /xingrg/all/function/internal_message.html?_=1688518794875&CODE_STATE=getMsg HTTP/1.1" 200 27
222.70.180.90 - - [05/Jul/2023:08:59:56 +0800] "GET /xingrg/login.html HTTP/1.1" 200 7641
222.70.180.90 - - [05/Jul/2023:08:59:57 +0800] "GET /favicon.ico HTTP/1.1" 404 -
61.170.233.201 - - [05/Jul/2023:08:59:57 +0800] "GET /xingrg/all/function/internal_message.html?_=1688518795972&CODE_STATE=getMsg HTTP/1.1" 200 27
222.70.114.12 - - [05/Jul/2023:08:59:59 +0800] "POST /xingrg/login.do HTTP/1.1" 302 -
222.70.114.12 - - [05/Jul/2023:08:59:59 +0800] "GET /xingrg/index.html?sysBaseUrl=http%3A%2F%2F180.169.147.146%3A18081%2Fxingrg%2F&costTime=975×tamp=1688518799181 HTTP/1.1" 200 17503
222.70.114.12 - - [05/Jul/2023:08:59:59 +0800] "GET /favicon.ico HTTP/1.1" 404 -
222.70.114.12 - - [05/Jul/2023:08:59:59 +0800] "GET /xingrg/check_reg.html?_=1688518801253 HTTP/1.1" 200 22
222.70.114.12 - - [05/Jul/2023:08:59:59 +0800] "GET /xingrg/all/function/internal_message.html?_=1688518801252&CODE_STATE=count HTTP/1.1" 200 11
222.70.114.12 - - [05/Jul/2023:08:59:59 +0800] "POST /xingrg/all/common/load_tree.html?tree=area_rest_tree_json&manage=1 HTTP/1.1" 200 2106
222.70.114.12 - - [05/Jul/2023:08:59:59 +0800] "POST /xingrg/load_menu.html HTTP/1.1" 200 11564
222.70.180.90 - - [05/Jul/2023:09:00:02 +0800] "GET /xingrg/check_reg.html?_=1688518857063 HTTP/1.1" 200 22
222.70.180.90 - - [05/Jul/2023:09:00:02 +0800] "GET /xingrg/all/function/internal_message.html?_=1688518857066&CODE_STATE=getMsg HTTP/1.1" 200 27
222.70.180.90 - - [05/Jul/2023:09:00:03 +0800] "POST /xingrg/login.do HTTP/1.1" 302 -
222.70.180.90 - - [05/Jul/2023:09:00:03 +0800] "GET /xingrg/index.html?sysBaseUrl=http%3A%2F%2F180.169.147.146%3A18081%2Fxingrg%2F&costTime=869×tamp=1688518803235 HTTP/1.1" 200 17173
222.70.180.90 - - [05/Jul/2023:09:00:03 +0800] "GET /favicon.ico HTTP/1.1" 404 -
222.70.180.90 - - [05/Jul/2023:09:00:03 +0800] "GET /xingrg/check_reg.html?_=1688518801955 HTTP/1.1" 200 22
222.70.180.90 - - [05/Jul/2023:09:00:03 +0800] "GET /xingrg/all/function/internal_message.html?_=1688518801954&CODE_STATE=count HTTP/1.1" 200 11
222.70.180.90 - - [05/Jul/2023:09:00:03 +0800] "POST /xingrg/all/common/load_tree.html?tree=area_rest_tree_json&manage=1 HTTP/1.1" 200 342
222.70.180.90 - - [05/Jul/2023:09:00:03 +0800] "POST /xingrg/load_menu.html HTTP/1.1" 200 5138
114.83.216.42 - - [05/Jul/2023:09:00:04 +0800] "GET /xingrg/kc/buy/cgsh_order_operate.html?command=get_materiel&rest_code=00149&code=00101008213&supplier_code=00100008&order_time=2023-07-05 HTTP/1.1" 200 412
222.70.180.90 - - [05/Jul/2023:09:00:05 +0800] "GET /xingrg/kc/buy/buy_main.html HTTP/1.1" 200 12412
222.70.180.90 - - [05/Jul/2023:09:00:05 +0800] "GET /xingrg/css/new_ie.css HTTP/1.1" 404 1036
222.70.180.90 - - [05/Jul/2023:09:00:05 +0800] "GET /xingrg/images/yd/bt.gif HTTP/1.1" 404 1040
222.70.180.90 - - [05/Jul/2023:09:00:06 +0800] "GET /xingrg/kc/buy/cgsh_order_list.html HTTP/1.1" 200 55838
114.83.216.42 - - [05/Jul/2023:09:00:09 +0800] "POST /xingrg/kc/buy/cgsh_order_operate.html HTTP/1.1" 200 2065
222.70.180.90 - - [05/Jul/2023:09:00:09 +0800] "POST /xingrg/kc/buy/cgsh_list_operate.html HTTP/1.1" 200 986
222.70.180.90 - - [05/Jul/2023:09:00:12 +0800] "GET /xingrg/kc/buy/cgsh_order_add.html HTTP/1.1" 200 71576
222.70.180.90 - - [05/Jul/2023:09:00:12 +0800] "POST /xingrg/kc/buy/cgsh_order_operate.html HTTP/1.1" 200 8245
222.70.180.90 - - [05/Jul/2023:09:00:12 +0800] "GET /xingrg/javascript/easyui/themes/default/validatebox.css HTTP/1.1" 404 1104
222.70.180.90 - - [05/Jul/2023:09:00:12 +0800] "GET /xingrg/all/common/auto_word.html?type=employee&rest_code=00111 HTTP/1.1" 200 155
222.70.180.90 - - [05/Jul/2023:09:00:12 +0800] "GET /xingrg/all/common/auto_word.html?type=employee&rest_code=00111 HTTP/1.1" 200 155
222.70.180.90 - - [05/Jul/2023:09:00:13 +0800] "GET /xingrg/javascript/auto/indicator.gif HTTP/1.1" 404 1066
222.70.180.90 - - [05/Jul/2023:09:00:15 +0800] "GET /xingrg/javascript/jquery_tools/images/prev.gif HTTP/1.1" 404 1086
222.70.180.90 - - [05/Jul/2023:09:00:15 +0800] "GET /xingrg/javascript/jquery_tools/images/next.gif HTTP/1.1" 404 1086
222.70.114.12 - - [05/Jul/2023:09:00:18 +0800] "POST /xingrg/load_menu.html HTTP/1.1" 200 10483
116.235.244.74 - - [05/Jul/2023:09:00:20 +0800] "GET /xingrg/all/function/internal_message.html?_=1688518828197&CODE_STATE=getMsg HTTP/1.1" 200 27
116.235.244.74 - - [05/Jul/2023:09:00:20 +0800] "GET /xingrg/all/function/internal_message.html?_=1688518829825&CODE_STATE=getMsg HTTP/1.1" 200 27
222.70.114.12 - - [05/Jul/2023:09:00:20 +0800] "GET /xingrg/all/report/report_query.html?fileName=dma/new_5.0/yingye/yy_hz.xml&rw=1600 HTTP/1.1" 200 56155
222.70.114.12 - - [05/Jul/2023:09:00:20 +0800] "GET /xingrg/dwr/util.js HTTP/1.1" 304 -
222.70.114.12 - - [05/Jul/2023:09:00:20 +0800] "GET /xingrg/dwr/interface/AjaxReportQueryService.js HTTP/1.1" 200 13203
222.70.114.12 - - [05/Jul/2023:09:00:20 +0800] "GET /xingrg/dwr/engine.js HTTP/1.1" 200 43631
222.70.114.12 - - [05/Jul/2023:09:00:20 +0800] "POST /xingrg/dwr/call/plaincall/AjaxReportQueryService.getFixDate.dwr HTTP/1.1" 200 111
114.95.42.59 - - [05/Jul/2023:09:00:21 +0800] "GET /xingrg/all/function/internal_message.html?_=1688518821799&CODE_STATE=getMsg HTTP/1.1" 200 27
222.70.114.12 - - [05/Jul/2023:09:00:21 +0800] "POST /xingrg/all/common/load_tree.html?tree=area_station_tree_json&manage=1 HTTP/1.1" 200 2036
120.253.135.82 - - [05/Jul/2023:09:00:23 +0800] "GET /xingrg/all/function/internal_message.html?_=1688518652859&CODE_STATE=getMsg HTTP/1.1" 200 27
222.70.180.90 - - [05/Jul/2023:09:00:23 +0800] "GET /xingrg/kc/buy/cgsh_order_operate.html?command=get_materiel&rest_code=00111&code=00101002027&supplier_code=00100199&order_time=2023-07-05 HTTP/1.1" 200 415
114.83.216.42 - - [05/Jul/2023:09:00:24 +0800] "GET /xingrg/all/function/internal_message.html?_=1688518821278&CODE_STATE=getMsg HTTP/1.1" 200 27
114.83.216.42 - - [05/Jul/2023:09:00:25 +0800] "GET /xingrg/kc/buy/cgsh_order_operate.html?command=get_materiel&rest_code=00149&code=00101015110&supplier_code=00100008&order_time=2023-07-05 HTTP/1.1" 200 413
222.70.114.12 - - [05/Jul/2023:09:00:28 +0800] "POST /xingrg/dwr/call/plaincall/AjaxReportQueryService.getFixDate.dwr HTTP/1.1" 200 111
222.70.114.12 - - [05/Jul/2023:09:00:31 +0800] "POST /xingrg/dwr/call/plaincall/AjaxReportQueryService.refreshCache.dwr HTTP/1.1" 200 78
222.70.114.12 - - [05/Jul/2023:09:00:32 +0800] "POST /xingrg/all/report/load_report_page.html HTTP/1.1" 200 145380
222.70.114.12 - - [05/Jul/2023:09:00:32 +0800] "GET /xingrg/servlets/image?cache=0.9461174537310786&image=px HTTP/1.1" 200 807
114.83.216.42 - - [05/Jul/2023:09:00:41 +0800] "GET /xingrg/kc/buy/cgsh_order_operate.html?command=get_materiel&rest_code=00149&code=00101008041&supplier_code=00100008&order_time=2023-07-05 HTTP/1.1" 200 408
222.70.180.90 - - [05/Jul/2023:09:00:41 +0800] "GET /xingrg/kc/buy/cgsh_order_operate.html?command=get_materiel&rest_code=00111&code=00101005037&supplier_code=00100199&order_time=2023-07-05 HTTP/1.1" 200 409
116.232.195.127 - - [05/Jul/2023:09:00:49 +0800] "GET /xingrg/all/function/internal_message.html?_=1688518834307&CODE_STATE=getMsg HTTP/1.1" 200 27
116.238.191.126 - - [05/Jul/2023:09:00:50 +0800] "GET /xingrg/all/function/internal_message.html?_=1688518761922&CODE_STATE=getMsg HTTP/1.1" 200 27
172.20.0.100 - - [05/Jul/2023:09:00:54 +0800] "GET /xingrg/all/function/internal_message.html?_=1688518854094&CODE_STATE=getMsg HTTP/1.1" 200 27
114.85.113.108 - - [05/Jul/2023:09:00:56 +0800] "GET /xingrg/all/function/internal_message.html?_=1688518854861&CODE_STATE=getMsg HTTP/1.1" 200 27
222.70.180.90 - - [05/Jul/2023:09:00:56 +0800] "GET /xingrg/kc/buy/cgsh_order_operate.html?command=get_materiel&rest_code=00111&code=00101005055&supplier_code=00100199&order_time=2023-07-05 HTTP/1.1" 200 406
180.163.30.27 - - [05/Jul/2023:09:00:57 +0800] "GET /xingrg/all/function/internal_message.html?_=1688518795972&CODE_STATE=getMsg HTTP/1.1" 302 -
180.163.30.27 - - [05/Jul/2023:09:00:57 +0800] "GET /xingrg/login.html HTTP/1.1" 200 7641
61.170.233.201 - - [05/Jul/2023:09:00:57 +0800] "GET /xingrg/all/function/internal_message.html?_=1688518855947&CODE_STATE=getMsg HTTP/1.1" 200 27
114.83.216.42 - - [05/Jul/2023:09:00:58 +0800] "GET /xingrg/kc/buy/cgsh_order_operate.html?command=get_materiel&rest_code=00149&code=00101015026&supplier_code=00100008&order_time=2023-07-05 HTTP/1.1" 200 412
222.70.114.12 - - [05/Jul/2023:09:00:59 +0800] "GET /xingrg/all/function/internal_message.html?_=1688518861257&CODE_STATE=getMsg HTTP/1.1" 200 27
222.70.180.90 - - [05/Jul/2023:09:01:02 +0800] "GET /xingrg/all/function/internal_message.html?_=1688518917063&CODE_STATE=getMsg HTTP/1.1" 200 27
222.70.180.90 - - [05/Jul/2023:09:01:03 +0800] "GET /xingrg/all/function/internal_message.html?_=1688518861966&CODE_STATE=getMsg HTTP/1.1" 200 27
114.83.216.42 - - [05/Jul/2023:09:01:08 +0800] "GET /xingrg/kc/buy/cgsh_order_operate.html?command=get_materiel&rest_code=00149&code=00101008229&supplier_code=00100008&order_time=2023-07-05 HTTP/1.1" 200 420
222.70.180.90 - - [05/Jul/2023:09:01:09 +0800] "GET /xingrg/kc/buy/cgsh_order_operate.html?command=get_materiel&rest_code=00111&code=00101001172&supplier_code=00100199&order_time=2023-07-05 HTTP/1.1" 200 413
114.85.113.108 - - [05/Jul/2023:09:01:10 +0800] "GET /xingrg/check_reg.html?_=1688518869325 HTTP/1.1" 200 22
116.235.244.74 - - [05/Jul/2023:09:01:19 +0800] "GET /xingrg/check_reg.html?_=1688518889308 HTTP/1.1" 200 22
116.235.244.74 - - [05/Jul/2023:09:01:20 +0800] "GET /xingrg/all/function/internal_message.html?_=1688518888209&CODE_STATE=getMsg HTTP/1.1" 200 27
116.235.244.74 - - [05/Jul/2023:09:01:20 +0800] "GET /xingrg/all/function/internal_message.html?_=1688518889839&CODE_STATE=getMsg HTTP/1.1" 200 27
114.95.42.59 - - [05/Jul/2023:09:01:21 +0800] "GET /xingrg/all/function/internal_message.html?_=1688518881767&CODE_STATE=getMsg HTTP/1.1" 200 27
120.253.135.82 - - [05/Jul/2023:09:01:23 +0800] "GET /xingrg/all/function/internal_message.html?_=1688518712873&CODE_STATE=getMsg HTTP/1.1" 200 27
222.70.180.90 - - [05/Jul/2023:09:01:24 +0800] "POST /xingrg/kc/buy/cgsh_order_operate.html HTTP/1.1" 200 37
114.83.216.42 - - [05/Jul/2023:09:01:24 +0800] "GET /xingrg/check_reg.html?_=1688518881274 HTTP/1.1" 200 22
114.83.216.42 - - [05/Jul/2023:09:01:24 +0800] "GET /xingrg/all/function/internal_message.html?_=1688518881277&CODE_STATE=getMsg HTTP/1.1" 200 27
222.70.180.90 - - [05/Jul/2023:09:01:26 +0800] "POST /xingrg/kc/buy/cgsh_order_operate.html HTTP/1.1" 200 4431
114.83.216.42 - - [05/Jul/2023:09:01:27 +0800] "GET /xingrg/kc/buy/cgsh_order_operate.html?command=get_materiel&rest_code=00149&code=00101008167&supplier_code=00100008&order_time=2023-07-05 HTTP/1.1" 200 413
222.70.180.90 - - [05/Jul/2023:09:01:27 +0800] "GET /xingrg/kc/print/load_config.html?kc_code=cgsh HTTP/1.1" 200 1924
222.70.180.90 - - [05/Jul/2023:09:01:28 +0800] "GET /xingrg/kc/print/load_data.html?order_code=212023070501672&kc_code=cgsh&condition= HTTP/1.1" 200 1336
114.83.216.42 - - [05/Jul/2023:09:01:29 +0800] "POST /xingrg/kc/buy/cgsh_order_operate.html HTTP/1.1" 200 2065
222.70.180.90 - - [05/Jul/2023:09:01:37 +0800] "GET /xingrg/kc/buy/cgsh_order_add.html HTTP/1.1" 200 71576
222.70.180.90 - - [05/Jul/2023:09:01:37 +0800] "POST /xingrg/kc/buy/cgsh_order_operate.html HTTP/1.1" 200 8245
222.70.180.90 - - [05/Jul/2023:09:01:37 +0800] "GET /xingrg/javascript/easyui/themes/default/validatebox.css HTTP/1.1" 404 1104
114.83.216.42 - - [05/Jul/2023:09:01:38 +0800] "GET /xingrg/kc/buy/cgsh_order_operate.html?command=get_materiel&rest_code=00149&code=00101008060&supplier_code=00100008&order_time=2023-07-05 HTTP/1.1" 200 416
116.232.195.127 - - [05/Jul/2023:09:01:49 +0800] "GET /xingrg/check_reg.html?_=1688518894310 HTTP/1.1" 200 22
116.232.195.127 - - [05/Jul/2023:09:01:49 +0800] "GET /xingrg/all/function/internal_message.html?_=1688518894314&CODE_STATE=getMsg HTTP/1.1" 200 27
116.238.191.126 - - [05/Jul/2023:09:01:50 +0800] "GET /xingrg/all/function/internal_message.html?_=1688518821961&CODE_STATE=getMsg HTTP/1.1" 200 27
222.70.180.90 - - [05/Jul/2023:09:01:54 +0800] "GET /xingrg/kc/buy/cgsh_order_operate.html?command=get_materiel&rest_code=00111&code=00102002453&supplier_code=00100068&order_time=2023-07-05 HTTP/1.1" 200 433
114.85.113.108 - - [05/Jul/2023:09:01:56 +0800] "GET /xingrg/all/function/internal_message.html?_=1688518914834&CODE_STATE=getMsg HTTP/1.1" 200 27
172.20.0.100 - - [05/Jul/2023:09:01:56 +0800] "GET /xingrg/all/function/internal_message.html?_=1688518914080&CODE_STATE=getMsg HTTP/1.1" 200 27
61.170.233.201 - - [05/Jul/2023:09:01:57 +0800] "GET /xingrg/all/function/internal_message.html?_=1688518915917&CODE_STATE=getMsg HTTP/1.1" 200 27
222.67.234.146 - - [05/Jul/2023:09:01:59 +0800] "GET /xingrg/check_reg.html?_=1688518401503 HTTP/1.1" 302 -
222.67.234.146 - - [05/Jul/2023:09:01:59 +0800] "GET /xingrg/login.html HTTP/1.1" 200 7641
222.70.114.12 - - [05/Jul/2023:09:01:59 +0800] "GET /xingrg/all/function/internal_message.html?_=1688518921268&CODE_STATE=getMsg HTTP/1.1" 200 27
114.83.216.42 - - [05/Jul/2023:09:01:59 +0800] "GET /xingrg/kc/buy/cgsh_order_operate.html?command=get_materiel&rest_code=00149&code=00101008171&supplier_code=00100008&order_time=2023-07-05 HTTP/1.1" 200 421
222.70.180.90 - - [05/Jul/2023:09:02:02 +0800] "GET /xingrg/all/function/internal_message.html?_=1688518977050&CODE_STATE=getMsg HTTP/1.1" 200 27
222.70.180.90 - - [05/Jul/2023:09:02:03 +0800] "GET /xingrg/all/function/internal_message.html?_=1688518921966&CODE_STATE=getMsg HTTP/1.1" 200 27
222.70.114.12 - - [05/Jul/2023:09:02:07 +0800] "POST /xingrg/dwr/call/plaincall/AjaxReportQueryService.getFixDate.dwr HTTP/1.1" 200 111
222.70.114.12 - - [05/Jul/2023:09:02:09 +0800] "POST /xingrg/dwr/call/plaincall/AjaxReportQueryService.refreshCache.dwr HTTP/1.1" 200 78
222.70.180.90 - - [05/Jul/2023:09:02:09 +0800] "GET /xingrg/kc/buy/cgsh_order_operate.html?command=get_materiel&rest_code=00111&code=00102002586&supplier_code=00100068&order_time=2023-07-05 HTTP/1.1" 200 419
222.70.114.12 - - [05/Jul/2023:09:02:11 +0800] "POST /xingrg/all/report/load_report_page.html HTTP/1.1" 200 145721
222.70.114.12 - - [05/Jul/2023:09:02:11 +0800] "GET /xingrg/servlets/image?cache=0.28467907037578055&image=px HTTP/1.1" 200 807
114.83.216.42 - - [05/Jul/2023:09:02:12 +0800] "GET /xingrg/kc/buy/cgsh_order_operate.html?command=get_materiel&rest_code=00149&code=00101008706&supplier_code=00100008&order_time=2023-07-05 HTTP/1.1" 200 413
222.70.180.90 - - [05/Jul/2023:09:02:18 +0800] "POST /xingrg/kc/buy/cgsh_order_operate.html HTTP/1.1" 200 37
116.235.244.74 - - [05/Jul/2023:09:02:20 +0800] "GET /xingrg/all/function/internal_message.html?_=1688518948225&CODE_STATE=getMsg HTTP/1.1" 200 27
116.235.244.74 - - [05/Jul/2023:09:02:20 +0800] "GET /xingrg/all/function/internal_message.html?_=1688518949852&CODE_STATE=getMsg HTTP/1.1" 200 27
114.95.42.59 - - [05/Jul/2023:09:02:21 +0800] "GET /xingrg/all/function/internal_message.html?_=1688518941743&CODE_STATE=getMsg HTTP/1.1" 200 27
120.253.135.82 - - [05/Jul/2023:09:02:23 +0800] "GET /xingrg/all/function/internal_message.html?_=1688518773147&CODE_STATE=getMsg HTTP/1.1" 200 27
114.83.216.42 - - [05/Jul/2023:09:02:24 +0800] "GET /xingrg/all/function/internal_message.html?_=1688518941269&CODE_STATE=getMsg HTTP/1.1" 200 27
120.253.135.82 - - [05/Jul/2023:09:02:30 +0800] "GET /xingrg/check_reg.html?_=1688518780109 HTTP/1.1" 200 22
114.83.216.42 - - [05/Jul/2023:09:02:30 +0800] "GET /xingrg/kc/buy/cgsh_order_operate.html?command=get_materiel&rest_code=00149&code=00101008072&supplier_code=00100008&order_time=2023-07-05 HTTP/1.1" 200 408
222.70.180.90 - - [05/Jul/2023:09:02:38 +0800] "POST /xingrg/kc/buy/cgsh_order_operate.html HTTP/1.1" 200 3268
222.70.180.90 - - [05/Jul/2023:09:02:40 +0800] "GET /xingrg/kc/print/load_data.html?order_code=212023070501673&kc_code=cgsh&condition= HTTP/1.1" 200 957
222.70.180.90 - - [05/Jul/2023:09:02:46 +0800] "GET /xingrg/kc/buy/cgsh_order_add.html HTTP/1.1" 200 71576
222.70.180.90 - - [05/Jul/2023:09:02:47 +0800] "POST /xingrg/kc/buy/cgsh_order_operate.html HTTP/1.1" 200 8245
222.70.180.90 - - [05/Jul/2023:09:02:47 +0800] "GET /xingrg/javascript/easyui/themes/default/validatebox.css HTTP/1.1" 404 1104
116.232.195.127 - - [05/Jul/2023:09:02:49 +0800] "GET /xingrg/all/function/internal_message.html?_=1688518954303&CODE_STATE=getMsg HTTP/1.1" 200 27
116.238.191.126 - - [05/Jul/2023:09:02:50 +0800] "GET /xingrg/check_reg.html?_=1688518881889 HTTP/1.1" 200 22
116.238.191.126 - - [05/Jul/2023:09:02:50 +0800] "GET /xingrg/all/function/internal_message.html?_=1688518881987&CODE_STATE=getMsg HTTP/1.1" 200 27
172.20.0.100 - - [05/Jul/2023:09:02:54 +0800] "GET /xingrg/all/function/internal_message.html?_=1688518974051&CODE_STATE=getMsg HTTP/1.1" 200 27
114.85.113.108 - - [05/Jul/2023:09:02:56 +0800] "GET /xingrg/all/function/internal_message.html?_=1688518974818&CODE_STATE=getMsg HTTP/1.1" 200 27
180.163.29.219 - - [05/Jul/2023:09:02:57 +0800] "GET /xingrg/all/function/internal_message.html?_=1688518915917&CODE_STATE=getMsg HTTP/1.1" 302 -
180.163.29.219 - - [05/Jul/2023:09:02:57 +0800] "GET /xingrg/login.html HTTP/1.1" 200 7641
61.170.233.201 - - [05/Jul/2023:09:02:57 +0800] "GET /xingrg/all/function/internal_message.html?_=1688518975888&CODE_STATE=getMsg HTTP/1.1" 200 27
61.170.233.201 - - [05/Jul/2023:09:02:57 +0800] "GET /xingrg/check_reg.html?_=1688518976003 HTTP/1.1" 200 22
222.70.114.12 - - [05/Jul/2023:09:02:59 +0800] "GET /xingrg/all/function/internal_message.html?_=1688518981257&CODE_STATE=getMsg HTTP/1.1" 200 27
222.70.180.90 - - [05/Jul/2023:09:03:02 +0800] "GET /xingrg/all/function/internal_message.html?_=1688519037066&CODE_STATE=getMsg HTTP/1.1" 200 27
222.70.180.90 - - [05/Jul/2023:09:03:03 +0800] "GET /xingrg/kc/buy/cgsh_order_operate.html?command=get_materiel&rest_code=00111&code=00101001213&supplier_code=00100004&order_time=2023-07-05 HTTP/1.1" 200 438
222.70.180.90 - - [05/Jul/2023:09:03:03 +0800] "GET /xingrg/all/function/internal_message.html?_=1688518981983&CODE_STATE=getMsg HTTP/1.1" 200 27
116.235.244.74 - - [05/Jul/2023:09:03:15 +0800] "GET /xingrg/check_reg.html?_=1688519003148 HTTP/1.1" 200 22
116.235.244.74 - - [05/Jul/2023:09:03:20 +0800] "GET /xingrg/all/function/internal_message.html?_=1688519009866&CODE_STATE=getMsg HTTP/1.1" 200 27
116.235.244.74 - - [05/Jul/2023:09:03:20 +0800] "GET /xingrg/all/function/internal_message.html?_=1688519008251&CODE_STATE=getMsg HTTP/1.1" 200 27
114.95.42.59 - - [05/Jul/2023:09:03:20 +0800] "GET /xingrg/all/function/internal_message.html?_=1688519001716&CODE_STATE=getMsg HTTP/1.1" 200 27
222.70.180.90 - - [05/Jul/2023:09:03:22 +0800] "GET /xingrg/kc/buy/cgsh_order_operate.html?command=get_materiel&rest_code=00111&code=00101007023&supplier_code=00100004&order_time=2023-07-05 HTTP/1.1" 200 411
120.253.135.82 - - [05/Jul/2023:09:03:23 +0800] "GET /xingrg/all/function/internal_message.html?_=1688518833150&CODE_STATE=getMsg HTTP/1.1" 200 27
114.83.216.42 - - [05/Jul/2023:09:03:24 +0800] "GET /xingrg/all/function/internal_message.html?_=1688519001258&CODE_STATE=getMsg HTTP/1.1" 200 27
222.70.114.12 - - [05/Jul/2023:09:03:35 +0800] "POST /xingrg/dwr/call/plaincall/AjaxReportQueryService.refreshCache.dwr HTTP/1.1" 200 78
222.70.114.12 - - [05/Jul/2023:09:03:36 +0800] "POST /xingrg/all/report/load_report_page.html HTTP/1.1" 200 145721
222.70.114.12 - - [05/Jul/2023:09:03:36 +0800] "GET /xingrg/servlets/image?cache=0.06140245078936224&image=px HTTP/1.1" 200 807
114.83.216.42 - - [05/Jul/2023:09:03:40 +0800] "POST /xingrg/kc/buy/cgsh_order_operate.html HTTP/1.1" 200 37
222.70.180.90 - - [05/Jul/2023:09:03:43 +0800] "GET /xingrg/kc/buy/cgsh_order_operate.html?command=get_materiel&rest_code=00111&code=00101007090&supplier_code=00100004&order_time=2023-07-05 HTTP/1.1" 200 413
116.232.195.127 - - [05/Jul/2023:09:03:49 +0800] "GET /xingrg/all/function/internal_message.html?_=1688519014303&CODE_STATE=getMsg HTTP/1.1" 200 27
116.238.191.126 - - [05/Jul/2023:09:03:50 +0800] "GET /xingrg/all/function/internal_message.html?_=1688518941994&CODE_STATE=getMsg HTTP/1.1" 200 27
