114.85.113.108 - - [05/Jul/2023:07:27:57 +0800] "GET /xingrg/all/function/internal_message.html?_=1688513276649&CODE_STATE=getMsg HTTP/1.1" 200 27
180.169.147.146 - - [05/Jul/2023:07:27:57 +0800] "GET /xingrg/all/function/internal_message.html?_=1688513277812&CODE_STATE=getMsg HTTP/1.1" 200 27
222.70.180.90 - - [05/Jul/2023:07:28:00 +0800] "GET /xingrg/all/function/internal_message.html?_=1688513278600&CODE_STATE=getMsg HTTP/1.1" 200 27
222.70.180.90 - - [05/Jul/2023:07:28:02 +0800] "GET /xingrg/all/function/internal_message.html?_=1688513337066&CODE_STATE=getMsg HTTP/1.1" 200 27
116.238.191.126 - - [05/Jul/2023:07:28:05 +0800] "GET /xingrg/all/function/internal_message.html?_=1688513197069&CODE_STATE=getMsg HTTP/1.1" 200 27
116.235.244.74 - - [05/Jul/2023:07:28:16 +0800] "GET /xingrg/all/function/internal_message.html?_=1688513306033&CODE_STATE=getMsg HTTP/1.1" 200 27
120.253.135.82 - - [05/Jul/2023:07:28:37 +0800] "GET /xingrg/all/function/internal_message.html?_=1688513147209&CODE_STATE=getMsg HTTP/1.1" 200 27
114.85.113.108 - - [05/Jul/2023:07:28:57 +0800] "GET /xingrg/all/function/internal_message.html?_=1688513336635&CODE_STATE=getMsg HTTP/1.1" 200 27
180.169.147.146 - - [05/Jul/2023:07:28:57 +0800] "GET /xingrg/all/function/internal_message.html?_=1688513337813&CODE_STATE=getMsg HTTP/1.1" 200 27
222.70.180.90 - - [05/Jul/2023:07:29:00 +0800] "GET /xingrg/all/function/internal_message.html?_=1688513338599&CODE_STATE=getMsg HTTP/1.1" 200 27
222.70.180.90 - - [05/Jul/2023:07:29:02 +0800] "GET /xingrg/all/function/internal_message.html?_=1688513397058&CODE_STATE=getMsg HTTP/1.1" 200 27
116.238.191.126 - - [05/Jul/2023:07:29:05 +0800] "GET /xingrg/all/function/internal_message.html?_=1688513257083&CODE_STATE=getMsg HTTP/1.1" 200 27
116.235.244.74 - - [05/Jul/2023:07:29:16 +0800] "GET /xingrg/all/function/internal_message.html?_=1688513366175&CODE_STATE=getMsg HTTP/1.1" 200 27
120.253.135.82 - - [05/Jul/2023:07:29:24 +0800] "POST /xingrg/kc/base/stock_operate.html HTTP/1.1" 200 1481
218.81.67.77 - - [05/Jul/2023:07:29:30 +0800] "POST /xingrg/services/DataTransmitService HTTP/1.1" 200 524
120.253.135.82 - - [05/Jul/2023:07:29:37 +0800] "GET /xingrg/all/function/internal_message.html?_=1688513207222&CODE_STATE=getMsg HTTP/1.1" 200 27
120.253.135.82 - - [05/Jul/2023:07:29:45 +0800] "POST /xingrg/kc/base/stock_operate.html HTTP/1.1" 200 1467
180.163.30.85 - - [05/Jul/2023:07:29:57 +0800] "GET /xingrg/all/function/internal_message.html?_=1688513337813&CODE_STATE=getMsg HTTP/1.1" 302 -
180.163.30.85 - - [05/Jul/2023:07:29:57 +0800] "GET /xingrg/login.html HTTP/1.1" 200 7641
114.85.113.108 - - [05/Jul/2023:07:29:57 +0800] "GET /xingrg/all/function/internal_message.html?_=1688513396624&CODE_STATE=getMsg HTTP/1.1" 200 27
180.169.147.146 - - [05/Jul/2023:07:29:57 +0800] "GET /xingrg/all/function/internal_message.html?_=1688513397812&CODE_STATE=getMsg HTTP/1.1" 200 27
222.70.180.90 - - [05/Jul/2023:07:30:00 +0800] "GET /xingrg/check_reg.html?_=1688513398598 HTTP/1.1" 200 22
222.70.180.90 - - [05/Jul/2023:07:30:00 +0800] "GET /xingrg/all/function/internal_message.html?_=1688513398601&CODE_STATE=getMsg HTTP/1.1" 200 27
222.70.180.90 - - [05/Jul/2023:07:30:02 +0800] "GET /xingrg/all/function/internal_message.html?_=1688513457063&CODE_STATE=getMsg HTTP/1.1" 200 27
222.70.180.90 - - [05/Jul/2023:07:30:02 +0800] "GET /xingrg/check_reg.html?_=1688513457065 HTTP/1.1" 200 22
116.238.191.126 - - [05/Jul/2023:07:30:05 +0800] "GET /xingrg/all/function/internal_message.html?_=1688513317104&CODE_STATE=getMsg HTTP/1.1" 200 27
116.235.244.74 - - [05/Jul/2023:07:30:16 +0800] "GET /xingrg/all/function/internal_message.html?_=1688513426188&CODE_STATE=getMsg HTTP/1.1" 200 27
120.253.135.82 - - [05/Jul/2023:07:30:27 +0800] "POST /xingrg/kc/base/stock_operate.html HTTP/1.1" 200 2008
120.253.135.82 - - [05/Jul/2023:07:30:37 +0800] "GET /xingrg/all/function/internal_message.html?_=1688513267236&CODE_STATE=getMsg HTTP/1.1" 200 27
120.253.135.82 - - [05/Jul/2023:07:30:53 +0800] "POST /xingrg/kc/base/stock_operate.html HTTP/1.1" 200 1470
114.85.113.108 - - [05/Jul/2023:07:30:57 +0800] "GET /xingrg/all/function/internal_message.html?_=1688513456598&CODE_STATE=getMsg HTTP/1.1" 200 27
180.169.147.146 - - [05/Jul/2023:07:30:57 +0800] "GET /xingrg/all/function/internal_message.html?_=1688513457804&CODE_STATE=getMsg HTTP/1.1" 200 27
180.163.28.114 - - [05/Jul/2023:07:30:57 +0800] "GET /xingrg/all/function/internal_message.html?_=1688513397812&CODE_STATE=getMsg HTTP/1.1" 302 -
180.163.28.114 - - [05/Jul/2023:07:30:58 +0800] "GET /xingrg/login.html HTTP/1.1" 200 7641
222.70.180.90 - - [05/Jul/2023:07:31:00 +0800] "GET /xingrg/all/function/internal_message.html?_=1688513458601&CODE_STATE=getMsg HTTP/1.1" 200 27
222.70.180.90 - - [05/Jul/2023:07:31:02 +0800] "GET /xingrg/all/function/internal_message.html?_=1688513517058&CODE_STATE=getMsg HTTP/1.1" 200 27
116.238.191.126 - - [05/Jul/2023:07:31:05 +0800] "GET /xingrg/all/function/internal_message.html?_=1688513377109&CODE_STATE=getMsg HTTP/1.1" 200 27
114.85.113.108 - - [05/Jul/2023:07:31:10 +0800] "GET /xingrg/check_reg.html?_=1688513469629 HTTP/1.1" 200 22
120.253.135.82 - - [05/Jul/2023:07:31:11 +0800] "POST /xingrg/kc/base/stock_operate.html HTTP/1.1" 200 1473
116.235.244.74 - - [05/Jul/2023:07:31:16 +0800] "GET /xingrg/check_reg.html?_=1688513486067 HTTP/1.1" 200 22
116.235.244.74 - - [05/Jul/2023:07:31:16 +0800] "GET /xingrg/all/function/internal_message.html?_=1688513486198&CODE_STATE=getMsg HTTP/1.1" 200 27
120.253.135.82 - - [05/Jul/2023:07:31:37 +0800] "GET /xingrg/all/function/internal_message.html?_=1688513327249&CODE_STATE=getMsg HTTP/1.1" 200 27
120.253.135.82 - - [05/Jul/2023:07:31:49 +0800] "POST /xingrg/kc/base/stock_operate.html HTTP/1.1" 200 765
180.163.28.109 - - [05/Jul/2023:07:31:57 +0800] "GET /xingrg/all/function/internal_message.html?_=1688513457804&CODE_STATE=getMsg HTTP/1.1" 302 -
180.163.28.109 - - [05/Jul/2023:07:31:57 +0800] "GET /xingrg/login.html HTTP/1.1" 200 7641
114.85.113.108 - - [05/Jul/2023:07:31:57 +0800] "GET /xingrg/all/function/internal_message.html?_=1688513516570&CODE_STATE=getMsg HTTP/1.1" 200 27
180.169.147.146 - - [05/Jul/2023:07:31:57 +0800] "GET /xingrg/all/function/internal_message.html?_=1688513517819&CODE_STATE=getMsg HTTP/1.1" 200 27
180.169.147.146 - - [05/Jul/2023:07:31:57 +0800] "GET /xingrg/check_reg.html?_=1688513517822 HTTP/1.1" 200 22
222.70.180.90 - - [05/Jul/2023:07:32:00 +0800] "GET /xingrg/all/function/internal_message.html?_=1688513518599&CODE_STATE=getMsg HTTP/1.1" 200 27
222.70.180.90 - - [05/Jul/2023:07:32:02 +0800] "GET /xingrg/all/function/internal_message.html?_=1688513577075&CODE_STATE=getMsg HTTP/1.1" 200 27
116.238.191.126 - - [05/Jul/2023:07:32:05 +0800] "GET /xingrg/all/function/internal_message.html?_=1688513437133&CODE_STATE=getMsg HTTP/1.1" 200 27
116.235.244.74 - - [05/Jul/2023:07:32:17 +0800] "GET /xingrg/all/function/internal_message.html?_=1688513546211&CODE_STATE=getMsg HTTP/1.1" 200 27
120.253.135.82 - - [05/Jul/2023:07:32:30 +0800] "GET /xingrg/check_reg.html?_=1688513379857 HTTP/1.1" 200 22
120.253.135.82 - - [05/Jul/2023:07:32:37 +0800] "GET /xingrg/all/function/internal_message.html?_=1688513387263&CODE_STATE=getMsg HTTP/1.1" 200 27
180.163.28.114 - - [05/Jul/2023:07:32:57 +0800] "GET /xingrg/all/function/internal_message.html?_=1688513517819&CODE_STATE=getMsg HTTP/1.1" 302 -
116.238.191.126 - - [05/Jul/2023:07:32:57 +0800] "GET /xingrg/check_reg.html?_=1688513488745 HTTP/1.1" 200 22
180.163.28.114 - - [05/Jul/2023:07:32:57 +0800] "GET /xingrg/login.html HTTP/1.1" 200 7641
114.85.113.108 - - [05/Jul/2023:07:32:57 +0800] "GET /xingrg/all/function/internal_message.html?_=1688513576545&CODE_STATE=getMsg HTTP/1.1" 200 27
180.169.147.146 - - [05/Jul/2023:07:32:57 +0800] "GET /xingrg/all/function/internal_message.html?_=1688513577820&CODE_STATE=getMsg HTTP/1.1" 200 27
222.70.180.90 - - [05/Jul/2023:07:33:00 +0800] "GET /xingrg/all/function/internal_message.html?_=1688513578598&CODE_STATE=getMsg HTTP/1.1" 200 27
222.70.180.90 - - [05/Jul/2023:07:33:02 +0800] "GET /xingrg/all/function/internal_message.html?_=1688513637071&CODE_STATE=getMsg HTTP/1.1" 200 27
120.253.135.82 - - [05/Jul/2023:07:33:05 +0800] "POST /xingrg/kc/base/stock_operate.html HTTP/1.1" 200 1996
116.238.191.126 - - [05/Jul/2023:07:33:05 +0800] "GET /xingrg/all/function/internal_message.html?_=1688513497138&CODE_STATE=getMsg HTTP/1.1" 200 27
116.235.244.74 - - [05/Jul/2023:07:33:17 +0800] "GET /xingrg/all/function/internal_message.html?_=1688513606227&CODE_STATE=getMsg HTTP/1.1" 200 27
120.253.135.82 - - [05/Jul/2023:07:33:38 +0800] "GET /xingrg/all/function/internal_message.html?_=1688513447276&CODE_STATE=getMsg HTTP/1.1" 200 27
114.85.113.108 - - [05/Jul/2023:07:33:57 +0800] "GET /xingrg/all/function/internal_message.html?_=1688513636516&CODE_STATE=getMsg HTTP/1.1" 200 27
180.169.147.146 - - [05/Jul/2023:07:33:57 +0800] "GET /xingrg/all/function/internal_message.html?_=1688513637821&CODE_STATE=getMsg HTTP/1.1" 200 27
222.70.180.90 - - [05/Jul/2023:07:34:00 +0800] "GET /xingrg/all/function/internal_message.html?_=1688513638596&CODE_STATE=getMsg HTTP/1.1" 200 27
120.253.135.82 - - [05/Jul/2023:07:34:01 +0800] "POST /xingrg/kc/base/stock_operate.html HTTP/1.1" 200 765
222.70.180.90 - - [05/Jul/2023:07:34:02 +0800] "GET /xingrg/all/function/internal_message.html?_=1688513697061&CODE_STATE=getMsg HTTP/1.1" 200 27
116.238.191.126 - - [05/Jul/2023:07:34:05 +0800] "GET /xingrg/all/function/internal_message.html?_=1688513557151&CODE_STATE=getMsg HTTP/1.1" 200 27
116.235.244.74 - - [05/Jul/2023:07:34:17 +0800] "GET /xingrg/all/function/internal_message.html?_=1688513666366&CODE_STATE=getMsg HTTP/1.1" 200 27
120.253.135.82 - - [05/Jul/2023:07:34:38 +0800] "GET /xingrg/all/function/internal_message.html?_=1688513507291&CODE_STATE=getMsg HTTP/1.1" 200 27
120.253.135.82 - - [05/Jul/2023:07:34:47 +0800] "POST /xingrg/kc/base/stock_operate.html HTTP/1.1" 200 765
120.253.135.82 - - [05/Jul/2023:07:34:49 +0800] "POST /xingrg/kc/base/stock_operate.html HTTP/1.1" 200 765
114.85.113.108 - - [05/Jul/2023:07:34:57 +0800] "GET /xingrg/all/function/internal_message.html?_=1688513696500&CODE_STATE=getMsg HTTP/1.1" 200 27
180.169.147.146 - - [05/Jul/2023:07:34:57 +0800] "GET /xingrg/all/function/internal_message.html?_=1688513697809&CODE_STATE=getMsg HTTP/1.1" 200 27
222.70.180.90 - - [05/Jul/2023:07:35:00 +0800] "GET /xingrg/all/function/internal_message.html?_=1688513698594&CODE_STATE=getMsg HTTP/1.1" 200 27
222.70.180.90 - - [05/Jul/2023:07:35:00 +0800] "GET /xingrg/check_reg.html?_=1688513698596 HTTP/1.1" 200 22
222.70.180.90 - - [05/Jul/2023:07:35:02 +0800] "GET /xingrg/all/function/internal_message.html?_=1688513757062&CODE_STATE=getMsg HTTP/1.1" 200 27
222.70.180.90 - - [05/Jul/2023:07:35:02 +0800] "GET /xingrg/check_reg.html?_=1688513757063 HTTP/1.1" 200 22
116.238.191.126 - - [05/Jul/2023:07:35:05 +0800] "GET /xingrg/all/function/internal_message.html?_=1688513617172&CODE_STATE=getMsg HTTP/1.1" 200 27
116.235.244.74 - - [05/Jul/2023:07:35:17 +0800] "GET /xingrg/all/function/internal_message.html?_=1688513726377&CODE_STATE=getMsg HTTP/1.1" 200 27
120.253.135.82 - - [05/Jul/2023:07:35:35 +0800] "POST /xingrg/kc/base/stock_operate.html HTTP/1.1" 200 2207
120.253.135.82 - - [05/Jul/2023:07:35:38 +0800] "GET /xingrg/all/function/internal_message.html?_=1688513567304&CODE_STATE=getMsg HTTP/1.1" 200 27
114.85.113.108 - - [05/Jul/2023:07:35:57 +0800] "GET /xingrg/all/function/internal_message.html?_=1688513756475&CODE_STATE=getMsg HTTP/1.1" 200 27
180.169.147.146 - - [05/Jul/2023:07:35:57 +0800] "GET /xingrg/all/function/internal_message.html?_=1688513757825&CODE_STATE=getMsg HTTP/1.1" 200 27
222.70.180.90 - - [05/Jul/2023:07:36:00 +0800] "GET /xingrg/all/function/internal_message.html?_=1688513758594&CODE_STATE=getMsg HTTP/1.1" 200 27
222.70.180.90 - - [05/Jul/2023:07:36:02 +0800] "GET /xingrg/all/function/internal_message.html?_=1688513817054&CODE_STATE=getMsg HTTP/1.1" 200 27
116.238.191.126 - - [05/Jul/2023:07:36:05 +0800] "GET /xingrg/all/function/internal_message.html?_=1688513677177&CODE_STATE=getMsg HTTP/1.1" 200 27
120.253.135.82 - - [05/Jul/2023:07:36:06 +0800] "POST /xingrg/kc/base/stock_operate.html HTTP/1.1" 200 1460
114.85.113.108 - - [05/Jul/2023:07:36:10 +0800] "GET /xingrg/check_reg.html?_=1688513769615 HTTP/1.1" 200 22
116.235.244.74 - - [05/Jul/2023:07:36:17 +0800] "GET /xingrg/check_reg.html?_=1688513786257 HTTP/1.1" 200 22
116.235.244.74 - - [05/Jul/2023:07:36:17 +0800] "GET /xingrg/all/function/internal_message.html?_=1688513786390&CODE_STATE=getMsg HTTP/1.1" 200 27
120.253.135.82 - - [05/Jul/2023:07:36:38 +0800] "GET /xingrg/all/function/internal_message.html?_=1688513627318&CODE_STATE=getMsg HTTP/1.1" 200 27
114.85.113.108 - - [05/Jul/2023:07:36:57 +0800] "GET /xingrg/all/function/internal_message.html?_=1688513816449&CODE_STATE=getMsg HTTP/1.1" 200 27
180.169.147.146 - - [05/Jul/2023:07:36:57 +0800] "GET /xingrg/check_reg.html?_=1688513817826 HTTP/1.1" 200 22
180.169.147.146 - - [05/Jul/2023:07:36:57 +0800] "GET /xingrg/all/function/internal_message.html?_=1688513817828&CODE_STATE=getMsg HTTP/1.1" 200 27
222.70.180.90 - - [05/Jul/2023:07:37:00 +0800] "GET /xingrg/all/function/internal_message.html?_=1688513818591&CODE_STATE=getMsg HTTP/1.1" 200 27
222.70.180.90 - - [05/Jul/2023:07:37:02 +0800] "GET /xingrg/all/function/internal_message.html?_=1688513877063&CODE_STATE=getMsg HTTP/1.1" 200 27
116.238.191.126 - - [05/Jul/2023:07:37:05 +0800] "GET /xingrg/all/function/internal_message.html?_=1688513737202&CODE_STATE=getMsg HTTP/1.1" 200 27
116.235.244.74 - - [05/Jul/2023:07:37:17 +0800] "GET /xingrg/all/function/internal_message.html?_=1688513846404&CODE_STATE=getMsg HTTP/1.1" 200 27
120.253.135.82 - - [05/Jul/2023:07:37:30 +0800] "GET /xingrg/check_reg.html?_=1688513679859 HTTP/1.1" 200 22
120.253.135.82 - - [05/Jul/2023:07:37:38 +0800] "GET /xingrg/all/function/internal_message.html?_=1688513687331&CODE_STATE=getMsg HTTP/1.1" 200 27
180.163.28.114 - - [05/Jul/2023:07:37:57 +0800] "GET /xingrg/all/function/internal_message.html?_=1688513817828&CODE_STATE=getMsg HTTP/1.1" 302 -
180.163.28.114 - - [05/Jul/2023:07:37:57 +0800] "GET /xingrg/login.html HTTP/1.1" 200 7641
116.238.191.126 - - [05/Jul/2023:07:37:57 +0800] "GET /xingrg/check_reg.html?_=1688513788752 HTTP/1.1" 200 22
114.85.113.108 - - [05/Jul/2023:07:37:57 +0800] "GET /xingrg/all/function/internal_message.html?_=1688513876424&CODE_STATE=getMsg HTTP/1.1" 200 27
180.169.147.146 - - [05/Jul/2023:07:37:57 +0800] "GET /xingrg/all/function/internal_message.html?_=1688513877829&CODE_STATE=getMsg HTTP/1.1" 200 27
222.70.180.90 - - [05/Jul/2023:07:38:00 +0800] "GET /xingrg/all/function/internal_message.html?_=1688513878590&CODE_STATE=getMsg HTTP/1.1" 200 27
222.70.180.90 - - [05/Jul/2023:07:38:02 +0800] "GET /xingrg/all/function/internal_message.html?_=1688513937061&CODE_STATE=getMsg HTTP/1.1" 200 27
116.238.191.126 - - [05/Jul/2023:07:38:05 +0800] "GET /xingrg/all/function/internal_message.html?_=1688513797205&CODE_STATE=getMsg HTTP/1.1" 200 27
116.235.244.74 - - [05/Jul/2023:07:38:17 +0800] "GET /xingrg/all/function/internal_message.html?_=1688513906418&CODE_STATE=getMsg HTTP/1.1" 200 27
120.253.135.82 - - [05/Jul/2023:07:38:38 +0800] "GET /xingrg/all/function/internal_message.html?_=1688513747344&CODE_STATE=getMsg HTTP/1.1" 200 27
116.238.191.126 - - [05/Jul/2023:07:38:54 +0800] "POST /xingrg/services/DataTransmitService HTTP/1.1" 200 524
180.163.29.103 - - [05/Jul/2023:07:38:57 +0800] "GET /xingrg/all/function/internal_message.html?_=1688513877829&CODE_STATE=getMsg HTTP/1.1" 302 -
180.163.29.103 - - [05/Jul/2023:07:38:57 +0800] "GET /xingrg/login.html HTTP/1.1" 200 7641
114.85.113.108 - - [05/Jul/2023:07:38:57 +0800] "GET /xingrg/all/function/internal_message.html?_=1688513936402&CODE_STATE=getMsg HTTP/1.1" 200 27
180.169.147.146 - - [05/Jul/2023:07:38:57 +0800] "GET /xingrg/all/function/internal_message.html?_=1688513937816&CODE_STATE=getMsg HTTP/1.1" 200 27
222.70.180.90 - - [05/Jul/2023:07:39:00 +0800] "GET /xingrg/all/function/internal_message.html?_=1688513938589&CODE_STATE=getMsg HTTP/1.1" 200 27
222.70.180.90 - - [05/Jul/2023:07:39:02 +0800] "GET /xingrg/all/function/internal_message.html?_=1688513997060&CODE_STATE=getMsg HTTP/1.1" 200 27
116.238.191.126 - - [05/Jul/2023:07:39:05 +0800] "GET /xingrg/all/function/internal_message.html?_=1688513857218&CODE_STATE=getMsg HTTP/1.1" 200 27
116.235.244.74 - - [05/Jul/2023:07:39:17 +0800] "GET /xingrg/all/function/internal_message.html?_=1688513966563&CODE_STATE=getMsg HTTP/1.1" 200 27
120.253.135.82 - - [05/Jul/2023:07:39:38 +0800] "GET /xingrg/all/function/internal_message.html?_=1688513807501&CODE_STATE=getMsg HTTP/1.1" 200 27
114.85.113.108 - - [05/Jul/2023:07:39:57 +0800] "GET /xingrg/all/function/internal_message.html?_=1688513996373&CODE_STATE=getMsg HTTP/1.1" 200 27
180.169.147.146 - - [05/Jul/2023:07:39:57 +0800] "GET /xingrg/all/function/internal_message.html?_=1688513997817&CODE_STATE=getMsg HTTP/1.1" 200 27
222.70.180.90 - - [05/Jul/2023:07:40:00 +0800] "GET /xingrg/all/function/internal_message.html?_=1688513998587&CODE_STATE=getMsg HTTP/1.1" 200 27
222.70.180.90 - - [05/Jul/2023:07:40:00 +0800] "GET /xingrg/check_reg.html?_=1688513998588 HTTP/1.1" 200 22
222.70.180.90 - - [05/Jul/2023:07:40:02 +0800] "GET /xingrg/all/function/internal_message.html?_=1688514057066&CODE_STATE=getMsg HTTP/1.1" 200 27
222.70.180.90 - - [05/Jul/2023:07:40:02 +0800] "GET /xingrg/check_reg.html?_=1688514057068 HTTP/1.1" 200 22
116.238.191.126 - - [05/Jul/2023:07:40:05 +0800] "GET /xingrg/all/function/internal_message.html?_=1688513917243&CODE_STATE=getMsg HTTP/1.1" 200 27
116.235.244.74 - - [05/Jul/2023:07:40:17 +0800] "GET /xingrg/all/function/internal_message.html?_=1688514026570&CODE_STATE=getMsg HTTP/1.1" 200 27
120.253.135.82 - - [05/Jul/2023:07:40:38 +0800] "GET /xingrg/all/function/internal_message.html?_=1688513867512&CODE_STATE=getMsg HTTP/1.1" 200 27
180.163.30.27 - - [05/Jul/2023:07:40:57 +0800] "GET /xingrg/all/function/internal_message.html?_=1688513997817&CODE_STATE=getMsg HTTP/1.1" 302 -
180.163.30.27 - - [05/Jul/2023:07:40:57 +0800] "GET /xingrg/login.html HTTP/1.1" 200 7641
114.85.113.108 - - [05/Jul/2023:07:40:57 +0800] "GET /xingrg/all/function/internal_message.html?_=1688514056342&CODE_STATE=getMsg HTTP/1.1" 200 27
180.169.147.146 - - [05/Jul/2023:07:40:57 +0800] "GET /xingrg/all/function/internal_message.html?_=1688514057828&CODE_STATE=getMsg HTTP/1.1" 200 27
222.70.180.90 - - [05/Jul/2023:07:41:00 +0800] "GET /xingrg/all/function/internal_message.html?_=1688514058586&CODE_STATE=getMsg HTTP/1.1" 200 27
222.70.180.90 - - [05/Jul/2023:07:41:02 +0800] "GET /xingrg/all/function/internal_message.html?_=1688514117057&CODE_STATE=getMsg HTTP/1.1" 200 27
116.238.191.126 - - [05/Jul/2023:07:41:05 +0800] "GET /xingrg/all/function/internal_message.html?_=1688513977246&CODE_STATE=getMsg HTTP/1.1" 200 27
114.85.113.108 - - [05/Jul/2023:07:41:10 +0800] "GET /xingrg/check_reg.html?_=1688514069593 HTTP/1.1" 200 22
116.235.244.74 - - [05/Jul/2023:07:41:17 +0800] "GET /xingrg/check_reg.html?_=1688514086445 HTTP/1.1" 200 22
116.235.244.74 - - [05/Jul/2023:07:41:17 +0800] "GET /xingrg/all/function/internal_message.html?_=1688514086583&CODE_STATE=getMsg HTTP/1.1" 200 27
114.95.42.59 - - [05/Jul/2023:07:41:33 +0800] "POST /xingrg/services/DataTransmitService HTTP/1.1" 200 524
120.253.135.82 - - [05/Jul/2023:07:41:38 +0800] "GET /xingrg/all/function/internal_message.html?_=1688513927652&CODE_STATE=getMsg HTTP/1.1" 200 27
114.85.113.108 - - [05/Jul/2023:07:41:57 +0800] "GET /xingrg/all/function/internal_message.html?_=1688514116322&CODE_STATE=getMsg HTTP/1.1" 200 27
180.169.147.146 - - [05/Jul/2023:07:41:57 +0800] "GET /xingrg/check_reg.html?_=1688514117824 HTTP/1.1" 200 22
180.169.147.146 - - [05/Jul/2023:07:41:57 +0800] "GET /xingrg/all/function/internal_message.html?_=1688514117825&CODE_STATE=getMsg HTTP/1.1" 200 27
222.70.180.90 - - [05/Jul/2023:07:42:00 +0800] "GET /xingrg/all/function/internal_message.html?_=1688514118601&CODE_STATE=getMsg HTTP/1.1" 200 27
222.70.180.90 - - [05/Jul/2023:07:42:02 +0800] "GET /xingrg/all/function/internal_message.html?_=1688514177072&CODE_STATE=getMsg HTTP/1.1" 200 27
116.238.191.126 - - [05/Jul/2023:07:42:05 +0800] "GET /xingrg/all/function/internal_message.html?_=1688514037270&CODE_STATE=getMsg HTTP/1.1" 200 27
116.235.244.74 - - [05/Jul/2023:07:42:17 +0800] "GET /xingrg/all/function/internal_message.html?_=1688514146597&CODE_STATE=getMsg HTTP/1.1" 200 27
120.253.135.82 - - [05/Jul/2023:07:42:30 +0800] "GET /xingrg/check_reg.html?_=1688513979872 HTTP/1.1" 200 22
120.253.135.82 - - [05/Jul/2023:07:42:38 +0800] "GET /xingrg/all/function/internal_message.html?_=1688513987665&CODE_STATE=getMsg HTTP/1.1" 200 27
180.163.28.143 - - [05/Jul/2023:07:42:57 +0800] "GET /xingrg/check_reg.html?_=1688514117824 HTTP/1.1" 302 -
180.163.28.143 - - [05/Jul/2023:07:42:57 +0800] "GET /xingrg/login.html HTTP/1.1" 200 7641
116.238.191.126 - - [05/Jul/2023:07:42:57 +0800] "GET /xingrg/check_reg.html?_=1688514088757 HTTP/1.1" 200 22
114.85.113.108 - - [05/Jul/2023:07:42:57 +0800] "GET /xingrg/all/function/internal_message.html?_=1688514176304&CODE_STATE=getMsg HTTP/1.1" 200 27
180.169.147.146 - - [05/Jul/2023:07:42:57 +0800] "GET /xingrg/all/function/internal_message.html?_=1688514177815&CODE_STATE=getMsg HTTP/1.1" 200 27
222.70.180.90 - - [05/Jul/2023:07:43:00 +0800] "GET /xingrg/all/function/internal_message.html?_=1688514178613&CODE_STATE=getMsg HTTP/1.1" 200 27
222.70.180.90 - - [05/Jul/2023:07:43:02 +0800] "GET /xingrg/all/function/internal_message.html?_=1688514237066&CODE_STATE=getMsg HTTP/1.1" 200 27
116.238.191.126 - - [05/Jul/2023:07:43:05 +0800] "GET /xingrg/all/function/internal_message.html?_=1688514097273&CODE_STATE=getMsg HTTP/1.1" 200 27
116.235.244.74 - - [05/Jul/2023:07:43:17 +0800] "GET /xingrg/all/function/internal_message.html?_=1688514206610&CODE_STATE=getMsg HTTP/1.1" 200 27
116.232.195.127 - - [05/Jul/2023:07:43:34 +0800] "POST /xingrg/services/DataTransmitService HTTP/1.1" 200 524
120.253.135.82 - - [05/Jul/2023:07:43:38 +0800] "GET /xingrg/all/function/internal_message.html?_=1688514047678&CODE_STATE=getMsg HTTP/1.1" 200 27
116.232.195.127 - - [05/Jul/2023:07:43:41 +0800] "POST /xingrg/services/DataTransmitService HTTP/1.1" 200 501
116.232.195.127 - - [05/Jul/2023:07:43:42 +0800] "POST /xingrg/services/DataTransmitService HTTP/1.1" 200 501
180.163.29.79 - - [05/Jul/2023:07:43:57 +0800] "GET /xingrg/all/function/internal_message.html?_=1688514177815&CODE_STATE=getMsg HTTP/1.1" 302 -
114.85.113.108 - - [05/Jul/2023:07:43:57 +0800] "GET /xingrg/all/function/internal_message.html?_=1688514236279&CODE_STATE=getMsg HTTP/1.1" 200 27
180.163.29.79 - - [05/Jul/2023:07:43:57 +0800] "GET /xingrg/login.html HTTP/1.1" 200 7641
180.169.147.146 - - [05/Jul/2023:07:43:57 +0800] "GET /xingrg/all/function/internal_message.html?_=1688514237831&CODE_STATE=getMsg HTTP/1.1" 200 27
116.232.195.127 - - [05/Jul/2023:07:43:59 +0800] "POST /xingrg/services/DataTransmitService HTTP/1.1" 200 501
222.70.180.90 - - [05/Jul/2023:07:44:00 +0800] "GET /xingrg/all/function/internal_message.html?_=1688514238612&CODE_STATE=getMsg HTTP/1.1" 200 27
116.232.195.127 - - [05/Jul/2023:07:44:01 +0800] "POST /xingrg/services/DataTransmitService HTTP/1.1" 500 1621
222.70.180.90 - - [05/Jul/2023:07:44:02 +0800] "GET /xingrg/all/function/internal_message.html?_=1688514297062&CODE_STATE=getMsg HTTP/1.1" 200 27
116.238.191.126 - - [05/Jul/2023:07:44:05 +0800] "GET /xingrg/all/function/internal_message.html?_=1688514157286&CODE_STATE=getMsg HTTP/1.1" 200 27
116.235.244.74 - - [05/Jul/2023:07:44:17 +0800] "GET /xingrg/all/function/internal_message.html?_=1688514266808&CODE_STATE=getMsg HTTP/1.1" 200 27
120.253.135.82 - - [05/Jul/2023:07:44:38 +0800] "GET /xingrg/all/function/internal_message.html?_=1688514107831&CODE_STATE=getMsg HTTP/1.1" 200 27
114.85.113.108 - - [05/Jul/2023:07:44:57 +0800] "GET /xingrg/all/function/internal_message.html?_=1688514296263&CODE_STATE=getMsg HTTP/1.1" 200 27
180.169.147.146 - - [05/Jul/2023:07:44:57 +0800] "GET /xingrg/all/function/internal_message.html?_=1688514297818&CODE_STATE=getMsg HTTP/1.1" 200 27
222.70.180.90 - - [05/Jul/2023:07:45:00 +0800] "GET /xingrg/all/function/internal_message.html?_=1688514298612&CODE_STATE=getMsg HTTP/1.1" 200 27
222.70.180.90 - - [05/Jul/2023:07:45:00 +0800] "GET /xingrg/check_reg.html?_=1688514298614 HTTP/1.1" 200 22
222.70.180.90 - - [05/Jul/2023:07:45:02 +0800] "GET /xingrg/all/function/internal_message.html?_=1688514357059&CODE_STATE=getMsg HTTP/1.1" 200 27
222.70.180.90 - - [05/Jul/2023:07:45:02 +0800] "GET /xingrg/check_reg.html?_=1688514357061 HTTP/1.1" 200 22
116.238.191.126 - - [05/Jul/2023:07:45:05 +0800] "GET /xingrg/all/function/internal_message.html?_=1688514217311&CODE_STATE=getMsg HTTP/1.1" 200 27
116.235.244.74 - - [05/Jul/2023:07:45:17 +0800] "GET /xingrg/all/function/internal_message.html?_=1688514326809&CODE_STATE=getMsg HTTP/1.1" 200 27
120.253.135.82 - - [05/Jul/2023:07:45:38 +0800] "GET /xingrg/all/function/internal_message.html?_=1688514167846&CODE_STATE=getMsg HTTP/1.1" 200 27
120.253.135.82 - - [05/Jul/2023:07:45:54 +0800] "POST /xingrg/kc/base/stock_operate.html HTTP/1.1" 200 1453
180.163.28.143 - - [05/Jul/2023:07:45:57 +0800] "GET /xingrg/all/function/internal_message.html?_=1688514297818&CODE_STATE=getMsg HTTP/1.1" 302 -
114.85.113.108 - - [05/Jul/2023:07:45:57 +0800] "GET /xingrg/all/function/internal_message.html?_=1688514356248&CODE_STATE=getMsg HTTP/1.1" 200 27
180.163.28.143 - - [05/Jul/2023:07:45:57 +0800] "GET /xingrg/login.html HTTP/1.1" 200 7641
180.169.147.146 - - [05/Jul/2023:07:45:57 +0800] "GET /xingrg/all/function/internal_message.html?_=1688514357830&CODE_STATE=getMsg HTTP/1.1" 200 27
222.70.180.90 - - [05/Jul/2023:07:46:00 +0800] "GET /xingrg/all/function/internal_message.html?_=1688514358614&CODE_STATE=getMsg HTTP/1.1" 200 27
222.70.180.90 - - [05/Jul/2023:07:46:02 +0800] "GET /xingrg/all/function/internal_message.html?_=1688514417066&CODE_STATE=getMsg HTTP/1.1" 200 27
116.238.191.126 - - [05/Jul/2023:07:46:05 +0800] "GET /xingrg/all/function/internal_message.html?_=1688514277314&CODE_STATE=getMsg HTTP/1.1" 200 27
114.85.113.108 - - [05/Jul/2023:07:46:10 +0800] "GET /xingrg/check_reg.html?_=1688514369577 HTTP/1.1" 200 22
116.235.244.74 - - [05/Jul/2023:07:46:17 +0800] "GET /xingrg/check_reg.html?_=1688514386649 HTTP/1.1" 200 22
116.235.244.74 - - [05/Jul/2023:07:46:17 +0800] "GET /xingrg/all/function/internal_message.html?_=1688514386822&CODE_STATE=getMsg HTTP/1.1" 200 27
120.253.135.82 - - [05/Jul/2023:07:46:26 +0800] "POST /xingrg/kc/base/stock_operate.html HTTP/1.1" 200 1460
120.253.135.82 - - [05/Jul/2023:07:46:38 +0800] "GET /xingrg/all/function/internal_message.html?_=1688514227859&CODE_STATE=getMsg HTTP/1.1" 200 27
114.85.113.108 - - [05/Jul/2023:07:46:57 +0800] "GET /xingrg/all/function/internal_message.html?_=1688514416226&CODE_STATE=getMsg HTTP/1.1" 200 27
180.169.147.146 - - [05/Jul/2023:07:46:57 +0800] "GET /xingrg/check_reg.html?_=1688514417825 HTTP/1.1" 200 22
180.169.147.146 - - [05/Jul/2023:07:46:57 +0800] "GET /xingrg/all/function/internal_message.html?_=1688514417827&CODE_STATE=getMsg HTTP/1.1" 200 27
222.70.180.90 - - [05/Jul/2023:07:47:00 +0800] "GET /xingrg/all/function/internal_message.html?_=1688514418612&CODE_STATE=getMsg HTTP/1.1" 200 27
222.70.180.90 - - [05/Jul/2023:07:47:02 +0800] "GET /xingrg/all/function/internal_message.html?_=1688514477055&CODE_STATE=getMsg HTTP/1.1" 200 27
116.238.191.126 - - [05/Jul/2023:07:47:05 +0800] "GET /xingrg/all/function/internal_message.html?_=1688514337333&CODE_STATE=getMsg HTTP/1.1" 200 27
116.235.244.74 - - [05/Jul/2023:07:47:17 +0800] "GET /xingrg/all/function/internal_message.html?_=1688514446837&CODE_STATE=getMsg HTTP/1.1" 200 27
120.253.135.82 - - [05/Jul/2023:07:47:30 +0800] "GET /xingrg/check_reg.html?_=1688514279870 HTTP/1.1" 200 22
120.253.135.82 - - [05/Jul/2023:07:47:38 +0800] "GET /xingrg/all/function/internal_message.html?_=1688514287872&CODE_STATE=getMsg HTTP/1.1" 200 27
116.238.191.126 - - [05/Jul/2023:07:47:57 +0800] "GET /xingrg/check_reg.html?_=1688514388761 HTTP/1.1" 200 22
114.85.113.108 - - [05/Jul/2023:07:47:57 +0800] "GET /xingrg/all/function/internal_message.html?_=1688514476211&CODE_STATE=getMsg HTTP/1.1" 200 27
180.169.147.146 - - [05/Jul/2023:07:47:57 +0800] "GET /xingrg/all/function/internal_message.html?_=1688514477816&CODE_STATE=getMsg HTTP/1.1" 200 27
222.70.180.90 - - [05/Jul/2023:07:48:00 +0800] "GET /xingrg/all/function/internal_message.html?_=1688514478612&CODE_STATE=getMsg HTTP/1.1" 200 27
222.70.180.90 - - [05/Jul/2023:07:48:02 +0800] "GET /xingrg/all/function/internal_message.html?_=1688514537064&CODE_STATE=getMsg HTTP/1.1" 200 27
120.253.135.82 - - [05/Jul/2023:07:48:04 +0800] "POST /xingrg/kc/base/stock_operate.html HTTP/1.1" 200 1468
116.238.191.126 - - [05/Jul/2023:07:48:05 +0800] "GET /xingrg/all/function/internal_message.html?_=1688514397341&CODE_STATE=getMsg HTTP/1.1" 200 27
116.235.244.74 - - [05/Jul/2023:07:48:17 +0800] "GET /xingrg/all/function/internal_message.html?_=1688514506851&CODE_STATE=getMsg HTTP/1.1" 200 27
120.253.135.82 - - [05/Jul/2023:07:48:38 +0800] "GET /xingrg/all/function/internal_message.html?_=1688514347887&CODE_STATE=getMsg HTTP/1.1" 200 27
114.85.113.108 - - [05/Jul/2023:07:48:57 +0800] "GET /xingrg/all/function/internal_message.html?_=1688514536199&CODE_STATE=getMsg HTTP/1.1" 200 27
222.70.180.90 - - [05/Jul/2023:07:49:00 +0800] "GET /xingrg/all/function/internal_message.html?_=1688514538627&CODE_STATE=getMsg HTTP/1.1" 200 27
222.70.180.90 - - [05/Jul/2023:07:49:02 +0800] "GET /xingrg/all/function/internal_message.html?_=1688514597060&CODE_STATE=getMsg HTTP/1.1" 200 27
116.238.191.126 - - [05/Jul/2023:07:49:05 +0800] "GET /xingrg/all/function/internal_message.html?_=1688514457355&CODE_STATE=getMsg HTTP/1.1" 200 27
120.253.135.82 - - [05/Jul/2023:07:49:12 +0800] "GET /xingrg/kc/pszx/mdps_order_list.html?orderType=0 HTTP/1.1" 200 21032
120.253.135.82 - - [05/Jul/2023:07:49:12 +0800] "POST /xingrg/kc/pszx/mdps_list_operate.html HTTP/1.1" 200 5222
116.235.244.74 - - [05/Jul/2023:07:49:17 +0800] "GET /xingrg/all/function/internal_message.html?_=1688514566995&CODE_STATE=getMsg HTTP/1.1" 200 27
120.253.135.82 - - [05/Jul/2023:07:49:24 +0800] "GET /xingrg/javascript/easyui/themes/default/tree.css HTTP/1.1" 404 1090
120.253.135.82 - - [05/Jul/2023:07:49:24 +0800] "POST /xingrg/all/common/load_tree.html?tree=area_rest_tree_json HTTP/1.1" 200 3499
120.253.135.82 - - [05/Jul/2023:07:49:24 +0800] "GET /xingrg/javascript/easyui/themes/default/images/tree_arrows.gif HTTP/1.1" 304 -
120.253.135.82 - - [05/Jul/2023:07:49:24 +0800] "GET /xingrg/javascript/easyui/themes/default/images/tree_checkbox_0.gif HTTP/1.1" 304 -
120.253.135.82 - - [05/Jul/2023:07:49:24 +0800] "GET /xingrg/javascript/easyui/themes/default/images/tree_folder_open.gif HTTP/1.1" 304 -
120.253.135.82 - - [05/Jul/2023:07:49:24 +0800] "GET /xingrg/javascript/easyui/themes/icons/area.png HTTP/1.1" 304 -
120.253.135.82 - - [05/Jul/2023:07:49:24 +0800] "GET /xingrg/javascript/easyui/themes/icons/manage.png HTTP/1.1" 304 -
120.253.135.82 - - [05/Jul/2023:07:49:24 +0800] "GET /xingrg/javascript/easyui/themes/icons/rest.png HTTP/1.1" 304 -
120.253.135.82 - - [05/Jul/2023:07:49:29 +0800] "GET /xingrg/kc/report/report_main.html HTTP/1.1" 200 8599
120.253.135.82 - - [05/Jul/2023:07:49:31 +0800] "GET /xingrg/kc/base/kc_stocks.html HTTP/1.1" 200 16506
120.253.135.82 - - [05/Jul/2023:07:49:31 +0800] "GET /xingrg/javascript/easyui/themes/default/tree.css HTTP/1.1" 404 1090
120.253.135.82 - - [05/Jul/2023:07:49:31 +0800] "POST /xingrg/all/common/load_tree.html?tree=materiel_sort_tree_json HTTP/1.1" 200 9500
120.253.135.82 - - [05/Jul/2023:07:49:38 +0800] "GET /xingrg/kc/pszx/mdps_order_list.html?orderType=0 HTTP/1.1" 200 21032
120.253.135.82 - - [05/Jul/2023:07:49:38 +0800] "GET /xingrg/all/function/internal_message.html?_=1688514407899&CODE_STATE=getMsg HTTP/1.1" 200 27
120.253.135.82 - - [05/Jul/2023:07:49:38 +0800] "POST /xingrg/kc/pszx/mdps_list_operate.html HTTP/1.1" 200 5222
120.253.135.82 - - [05/Jul/2023:07:49:46 +0800] "POST /xingrg/kc/pszx/mdps_list_operate.html HTTP/1.1" 200 2770
114.85.113.108 - - [05/Jul/2023:07:49:57 +0800] "GET /xingrg/all/function/internal_message.html?_=1688514596183&CODE_STATE=getMsg HTTP/1.1" 200 27
222.70.180.90 - - [05/Jul/2023:07:50:00 +0800] "GET /xingrg/all/function/internal_message.html?_=1688514598613&CODE_STATE=getMsg HTTP/1.1" 200 27
222.70.180.90 - - [05/Jul/2023:07:50:00 +0800] "GET /xingrg/check_reg.html?_=1688514598611 HTTP/1.1" 200 22
222.70.180.90 - - [05/Jul/2023:07:50:02 +0800] "GET /xingrg/all/function/internal_message.html?_=1688514657071&CODE_STATE=getMsg HTTP/1.1" 200 27
222.70.180.90 - - [05/Jul/2023:07:50:02 +0800] "GET /xingrg/check_reg.html?_=1688514657073 HTTP/1.1" 200 22
116.238.191.126 - - [05/Jul/2023:07:50:05 +0800] "GET /xingrg/all/function/internal_message.html?_=1688514517378&CODE_STATE=getMsg HTTP/1.1" 200 27
116.235.244.74 - - [05/Jul/2023:07:50:17 +0800] "GET /xingrg/all/function/internal_message.html?_=1688514627003&CODE_STATE=getMsg HTTP/1.1" 200 27
120.253.135.82 - - [05/Jul/2023:07:50:38 +0800] "GET /xingrg/all/function/internal_message.html?_=1688514468030&CODE_STATE=getMsg HTTP/1.1" 200 27
114.85.113.108 - - [05/Jul/2023:07:50:57 +0800] "GET /xingrg/all/function/internal_message.html?_=1688514656166&CODE_STATE=getMsg HTTP/1.1" 200 27
120.253.135.82 - - [05/Jul/2023:07:50:57 +0800] "POST /xingrg/kc/pszx/mdps_list_operate.html HTTP/1.1" 200 628
222.70.180.90 - - [05/Jul/2023:07:51:00 +0800] "GET /xingrg/all/function/internal_message.html?_=1688514658626&CODE_STATE=getMsg HTTP/1.1" 200 27
222.70.180.90 - - [05/Jul/2023:07:51:02 +0800] "GET /xingrg/all/function/internal_message.html?_=1688514717064&CODE_STATE=getMsg HTTP/1.1" 200 27
120.253.135.82 - - [05/Jul/2023:07:51:04 +0800] "GET /xingrg/kc/pszx/mdps_order_info.html?code=312023070500102 HTTP/1.1" 200 23972
120.253.135.82 - - [05/Jul/2023:07:51:05 +0800] "GET /xingrg/javascript/easyui/themes/default/validatebox.css HTTP/1.1" 404 1104
120.253.135.82 - - [05/Jul/2023:07:51:05 +0800] "POST /xingrg/kc/pszx/mdps_order_operate.html HTTP/1.1" 200 4841
116.238.191.126 - - [05/Jul/2023:07:51:05 +0800] "GET /xingrg/all/function/internal_message.html?_=1688514577382&CODE_STATE=getMsg HTTP/1.1" 200 27
114.85.113.108 - - [05/Jul/2023:07:51:10 +0800] "GET /xingrg/check_reg.html?_=1688514669558 HTTP/1.1" 200 22
116.235.244.74 - - [05/Jul/2023:07:51:17 +0800] "GET /xingrg/check_reg.html?_=1688514686789 HTTP/1.1" 200 22
116.235.244.74 - - [05/Jul/2023:07:51:17 +0800] "GET /xingrg/all/function/internal_message.html?_=1688514687016&CODE_STATE=getMsg HTTP/1.1" 200 27
120.253.135.82 - - [05/Jul/2023:07:51:38 +0800] "GET /xingrg/all/function/internal_message.html?_=1688514528036&CODE_STATE=getMsg HTTP/1.1" 200 27
114.85.113.108 - - [05/Jul/2023:07:51:57 +0800] "GET /xingrg/all/function/internal_message.html?_=1688514716148&CODE_STATE=getMsg HTTP/1.1" 200 27
222.70.180.90 - - [05/Jul/2023:07:52:00 +0800] "GET /xingrg/all/function/internal_message.html?_=1688514718625&CODE_STATE=getMsg HTTP/1.1" 200 27
222.70.180.90 - - [05/Jul/2023:07:52:02 +0800] "GET /xingrg/all/function/internal_message.html?_=1688514777054&CODE_STATE=getMsg HTTP/1.1" 200 27
116.238.191.126 - - [05/Jul/2023:07:52:05 +0800] "GET /xingrg/all/function/internal_message.html?_=1688514637405&CODE_STATE=getMsg HTTP/1.1" 200 27
120.253.135.82 - - [05/Jul/2023:07:52:10 +0800] "POST /xingrg/kc/pszx/mdps_list_operate.html HTTP/1.1" 200 387
120.253.135.82 - - [05/Jul/2023:07:52:12 +0800] "POST /xingrg/kc/pszx/mdps_list_operate.html HTTP/1.1" 200 646
120.253.135.82 - - [05/Jul/2023:07:52:14 +0800] "GET /xingrg/kc/pszx/mdps_order_info.html?code=312023070500105 HTTP/1.1" 200 23972
120.253.135.82 - - [05/Jul/2023:07:52:15 +0800] "GET /xingrg/javascript/easyui/themes/default/validatebox.css HTTP/1.1" 404 1104
120.253.135.82 - - [05/Jul/2023:07:52:15 +0800] "POST /xingrg/kc/pszx/mdps_order_operate.html HTTP/1.1" 200 14149
116.235.244.74 - - [05/Jul/2023:07:52:17 +0800] "GET /xingrg/all/function/internal_message.html?_=1688514747029&CODE_STATE=getMsg HTTP/1.1" 200 27
120.253.135.82 - - [05/Jul/2023:07:52:30 +0800] "GET /xingrg/check_reg.html?_=1688514579879 HTTP/1.1" 200 22
120.253.135.82 - - [05/Jul/2023:07:52:38 +0800] "GET /xingrg/all/function/internal_message.html?_=1688514588050&CODE_STATE=getMsg HTTP/1.1" 200 27
116.238.191.126 - - [05/Jul/2023:07:52:57 +0800] "GET /xingrg/check_reg.html?_=1688514688767 HTTP/1.1" 200 22
114.85.113.108 - - [05/Jul/2023:07:52:57 +0800] "GET /xingrg/all/function/internal_message.html?_=1688514776136&CODE_STATE=getMsg HTTP/1.1" 200 27
222.70.180.90 - - [05/Jul/2023:07:53:00 +0800] "GET /xingrg/all/function/internal_message.html?_=1688514778623&CODE_STATE=getMsg HTTP/1.1" 200 27
222.70.180.90 - - [05/Jul/2023:07:53:02 +0800] "GET /xingrg/all/function/internal_message.html?_=1688514837104&CODE_STATE=getMsg HTTP/1.1" 200 27
116.238.191.126 - - [05/Jul/2023:07:53:05 +0800] "GET /xingrg/all/function/internal_message.html?_=1688514697409&CODE_STATE=getMsg HTTP/1.1" 200 27
116.235.244.74 - - [05/Jul/2023:07:53:17 +0800] "GET /xingrg/all/function/internal_message.html?_=1688514807042&CODE_STATE=getMsg HTTP/1.1" 200 27
120.253.135.82 - - [05/Jul/2023:07:53:32 +0800] "POST /xingrg/kc/pszx/mdps_list_operate.html HTTP/1.1" 200 2770
120.253.135.82 - - [05/Jul/2023:07:53:38 +0800] "GET /xingrg/all/function/internal_message.html?_=1688514648063&CODE_STATE=getMsg HTTP/1.1" 200 27
120.253.135.82 - - [05/Jul/2023:07:53:40 +0800] "POST /xingrg/kc/pszx/mdps_list_operate.html HTTP/1.1" 200 646
120.253.135.82 - - [05/Jul/2023:07:53:43 +0800] "GET /xingrg/kc/pszx/mdps_order_info.html?code=312023070500105 HTTP/1.1" 200 23972
120.253.135.82 - - [05/Jul/2023:07:53:44 +0800] "GET /xingrg/javascript/easyui/themes/default/validatebox.css HTTP/1.1" 404 1104
120.253.135.82 - - [05/Jul/2023:07:53:44 +0800] "POST /xingrg/kc/pszx/mdps_order_operate.html HTTP/1.1" 200 14149
120.253.135.82 - - [05/Jul/2023:07:53:57 +0800] "POST /xingrg/kc/pszx/mdps_list_operate.html HTTP/1.1" 200 2770
114.85.113.108 - - [05/Jul/2023:07:53:57 +0800] "GET /xingrg/all/function/internal_message.html?_=1688514836114&CODE_STATE=getMsg HTTP/1.1" 200 27
222.70.180.90 - - [05/Jul/2023:07:54:00 +0800] "GET /xingrg/all/function/internal_message.html?_=1688514838621&CODE_STATE=getMsg HTTP/1.1" 200 27
222.70.180.90 - - [05/Jul/2023:07:54:02 +0800] "GET /xingrg/all/function/internal_message.html?_=1688514897093&CODE_STATE=getMsg HTTP/1.1" 200 27
120.253.135.82 - - [05/Jul/2023:07:54:02 +0800] "POST /xingrg/kc/pszx/mdps_list_operate.html HTTP/1.1" 200 387
116.238.191.126 - - [05/Jul/2023:07:54:05 +0800] "GET /xingrg/all/function/internal_message.html?_=1688514757423&CODE_STATE=getMsg HTTP/1.1" 200 27
120.253.135.82 - - [05/Jul/2023:07:54:10 +0800] "GET /xingrg/kc/pszx/mdps_order_info.html?code=312023070500104 HTTP/1.1" 200 23970
120.253.135.82 - - [05/Jul/2023:07:54:11 +0800] "GET /xingrg/javascript/easyui/themes/default/validatebox.css HTTP/1.1" 404 1104
120.253.135.82 - - [05/Jul/2023:07:54:11 +0800] "POST /xingrg/kc/pszx/mdps_order_operate.html HTTP/1.1" 200 3349
114.95.42.59 - - [05/Jul/2023:07:54:16 +0800] "POST /xingrg/services/DataTransmitService HTTP/1.1" 200 524
116.235.244.74 - - [05/Jul/2023:07:54:17 +0800] "GET /xingrg/all/function/internal_message.html?_=1688514867185&CODE_STATE=getMsg HTTP/1.1" 200 27
120.253.135.82 - - [05/Jul/2023:07:54:18 +0800] "POST /xingrg/kc/pszx/mdps_list_operate.html HTTP/1.1" 200 2770
120.253.135.82 - - [05/Jul/2023:07:54:19 +0800] "POST /xingrg/kc/pszx/mdps_list_operate.html HTTP/1.1" 200 216
120.253.135.82 - - [05/Jul/2023:07:54:21 +0800] "GET /xingrg/kc/pszx/mdps_order_info.html?code=312023070500103 HTTP/1.1" 200 23972
120.253.135.82 - - [05/Jul/2023:07:54:21 +0800] "GET /xingrg/javascript/easyui/themes/default/validatebox.css HTTP/1.1" 404 1104
120.253.135.82 - - [05/Jul/2023:07:54:22 +0800] "POST /xingrg/kc/pszx/mdps_order_operate.html HTTP/1.1" 200 2302
120.253.135.82 - - [05/Jul/2023:07:54:26 +0800] "POST /xingrg/kc/pszx/mdps_list_operate.html HTTP/1.1" 200 2770
120.253.135.82 - - [05/Jul/2023:07:54:27 +0800] "POST /xingrg/kc/pszx/mdps_list_operate.html HTTP/1.1" 200 628
120.253.135.82 - - [05/Jul/2023:07:54:29 +0800] "GET /xingrg/kc/pszx/mdps_order_info.html?code=312023070500102 HTTP/1.1" 200 23972
120.253.135.82 - - [05/Jul/2023:07:54:29 +0800] "GET /xingrg/javascript/easyui/themes/default/validatebox.css HTTP/1.1" 404 1104
120.253.135.82 - - [05/Jul/2023:07:54:30 +0800] "POST /xingrg/kc/pszx/mdps_order_operate.html HTTP/1.1" 200 4841
120.253.135.82 - - [05/Jul/2023:07:54:38 +0800] "POST /xingrg/kc/pszx/mdps_list_operate.html HTTP/1.1" 200 2770
120.253.135.82 - - [05/Jul/2023:07:54:38 +0800] "GET /xingrg/all/function/internal_message.html?_=1688514708109&CODE_STATE=getMsg HTTP/1.1" 200 27
120.253.135.82 - - [05/Jul/2023:07:54:49 +0800] "POST /xingrg/kc/pszx/mdps_list_operate.html HTTP/1.1" 200 2408
120.253.135.82 - - [05/Jul/2023:07:54:51 +0800] "POST /xingrg/kc/pszx/mdps_list_operate.html HTTP/1.1" 200 663
120.253.135.82 - - [05/Jul/2023:07:54:52 +0800] "GET /xingrg/kc/pszx/mdps_order_info.html?code=312023070500106 HTTP/1.1" 200 23972
120.253.135.82 - - [05/Jul/2023:07:54:53 +0800] "GET /xingrg/javascript/easyui/themes/default/validatebox.css HTTP/1.1" 404 1104
120.253.135.82 - - [05/Jul/2023:07:54:53 +0800] "POST /xingrg/kc/pszx/mdps_order_operate.html HTTP/1.1" 200 9087
114.85.113.108 - - [05/Jul/2023:07:54:57 +0800] "GET /xingrg/all/function/internal_message.html?_=1688514896100&CODE_STATE=getMsg HTTP/1.1" 200 27
222.70.180.90 - - [05/Jul/2023:07:55:00 +0800] "GET /xingrg/check_reg.html?_=1688514898621 HTTP/1.1" 200 22
222.70.180.90 - - [05/Jul/2023:07:55:00 +0800] "GET /xingrg/all/function/internal_message.html?_=1688514898622&CODE_STATE=getMsg HTTP/1.1" 200 27
222.70.180.90 - - [05/Jul/2023:07:55:02 +0800] "GET /xingrg/check_reg.html?_=1688514957061 HTTP/1.1" 200 22
222.70.180.90 - - [05/Jul/2023:07:55:02 +0800] "GET /xingrg/all/function/internal_message.html?_=1688514957070&CODE_STATE=getMsg HTTP/1.1" 200 27
116.238.191.126 - - [05/Jul/2023:07:55:05 +0800] "GET /xingrg/all/function/internal_message.html?_=1688514817442&CODE_STATE=getMsg HTTP/1.1" 200 27
116.235.244.74 - - [05/Jul/2023:07:55:17 +0800] "GET /xingrg/all/function/internal_message.html?_=1688514927196&CODE_STATE=getMsg HTTP/1.1" 200 27
120.253.135.82 - - [05/Jul/2023:07:55:38 +0800] "GET /xingrg/all/function/internal_message.html?_=1688514768121&CODE_STATE=getMsg HTTP/1.1" 200 27
114.85.113.108 - - [05/Jul/2023:07:55:57 +0800] "GET /xingrg/all/function/internal_message.html?_=1688514956083&CODE_STATE=getMsg HTTP/1.1" 200 27
222.70.180.90 - - [05/Jul/2023:07:56:00 +0800] "GET /xingrg/all/function/internal_message.html?_=1688514958619&CODE_STATE=getMsg HTTP/1.1" 200 27
222.70.180.90 - - [05/Jul/2023:07:56:02 +0800] "GET /xingrg/all/function/internal_message.html?_=1688515017056&CODE_STATE=getMsg HTTP/1.1" 200 27
116.238.191.126 - - [05/Jul/2023:07:56:05 +0800] "GET /xingrg/all/function/internal_message.html?_=1688514877449&CODE_STATE=getMsg HTTP/1.1" 200 27
114.85.113.108 - - [05/Jul/2023:07:56:10 +0800] "GET /xingrg/check_reg.html?_=1688514969536 HTTP/1.1" 200 22
116.235.244.74 - - [05/Jul/2023:07:56:17 +0800] "GET /xingrg/check_reg.html?_=1688514986938 HTTP/1.1" 200 22
116.235.244.74 - - [05/Jul/2023:07:56:17 +0800] "GET /xingrg/all/function/internal_message.html?_=1688514987208&CODE_STATE=getMsg HTTP/1.1" 200 27
120.253.135.82 - - [05/Jul/2023:07:56:27 +0800] "POST /xingrg/kc/pszx/mdps_list_operate.html HTTP/1.1" 200 2408
120.253.135.82 - - [05/Jul/2023:07:56:38 +0800] "GET /xingrg/all/function/internal_message.html?_=1688514828135&CODE_STATE=getMsg HTTP/1.1" 200 27
120.253.135.82 - - [05/Jul/2023:07:56:41 +0800] "POST /xingrg/kc/pszx/mdps_list_operate.html HTTP/1.1" 200 3176
120.253.135.82 - - [05/Jul/2023:07:56:42 +0800] "POST /xingrg/kc/pszx/mdps_list_operate.html HTTP/1.1" 200 620
120.253.135.82 - - [05/Jul/2023:07:56:43 +0800] "GET /xingrg/kc/pszx/mdps_order_info.html?code=312023070500111 HTTP/1.1" 200 23978
120.253.135.82 - - [05/Jul/2023:07:56:44 +0800] "GET /xingrg/javascript/easyui/themes/default/validatebox.css HTTP/1.1" 404 1104
120.253.135.82 - - [05/Jul/2023:07:56:44 +0800] "POST /xingrg/kc/pszx/mdps_order_operate.html HTTP/1.1" 200 15104
114.85.113.108 - - [05/Jul/2023:07:56:57 +0800] "GET /xingrg/all/function/internal_message.html?_=1688515016072&CODE_STATE=getMsg HTTP/1.1" 200 27
222.70.180.90 - - [05/Jul/2023:07:57:00 +0800] "GET /xingrg/all/function/internal_message.html?_=1688515018618&CODE_STATE=getMsg HTTP/1.1" 200 27
222.70.180.90 - - [05/Jul/2023:07:57:02 +0800] "GET /xingrg/all/function/internal_message.html?_=1688515077075&CODE_STATE=getMsg HTTP/1.1" 200 27
116.238.191.126 - - [05/Jul/2023:07:57:05 +0800] "GET /xingrg/all/function/internal_message.html?_=1688514937472&CODE_STATE=getMsg HTTP/1.1" 200 27
116.235.244.74 - - [05/Jul/2023:07:57:17 +0800] "GET /xingrg/all/function/internal_message.html?_=1688515047221&CODE_STATE=getMsg HTTP/1.1" 200 27
120.253.135.82 - - [05/Jul/2023:07:57:30 +0800] "GET /xingrg/check_reg.html?_=1688514879880 HTTP/1.1" 200 22
120.253.135.82 - - [05/Jul/2023:07:57:38 +0800] "GET /xingrg/all/function/internal_message.html?_=1688514888149&CODE_STATE=getMsg HTTP/1.1" 200 27
114.85.113.108 - - [05/Jul/2023:07:57:57 +0800] "GET /xingrg/all/function/internal_message.html?_=1688515076045&CODE_STATE=getMsg HTTP/1.1" 200 27
116.238.191.126 - - [05/Jul/2023:07:57:57 +0800] "GET /xingrg/check_reg.html?_=1688514988771 HTTP/1.1" 200 22
58.40.7.146 - - [05/Jul/2023:07:57:58 +0800] "POST /xingrg/services/DataTransmitService HTTP/1.1" 200 524
222.70.180.90 - - [05/Jul/2023:07:58:00 +0800] "GET /xingrg/all/function/internal_message.html?_=1688515078616&CODE_STATE=getMsg HTTP/1.1" 200 27
222.70.180.90 - - [05/Jul/2023:07:58:02 +0800] "GET /xingrg/all/function/internal_message.html?_=1688515137062&CODE_STATE=getMsg HTTP/1.1" 200 27
116.238.191.126 - - [05/Jul/2023:07:58:05 +0800] "GET /xingrg/all/function/internal_message.html?_=1688514997476&CODE_STATE=getMsg HTTP/1.1" 200 27
120.253.135.82 - - [05/Jul/2023:07:58:10 +0800] "POST /xingrg/kc/pszx/mdps_list_operate.html HTTP/1.1" 200 3176
120.253.135.82 - - [05/Jul/2023:07:58:13 +0800] "POST /xingrg/kc/pszx/mdps_list_operate.html HTTP/1.1" 200 3176
120.253.135.82 - - [05/Jul/2023:07:58:13 +0800] "GET /xingrg/kc/buy/cgsh_order_list.html HTTP/1.1" 200 55838
120.253.135.82 - - [05/Jul/2023:07:58:15 +0800] "POST /xingrg/kc/buy/cgsh_list_operate.html HTTP/1.1" 200 986
116.235.244.74 - - [05/Jul/2023:07:58:17 +0800] "GET /xingrg/all/function/internal_message.html?_=1688515107241&CODE_STATE=getMsg HTTP/1.1" 200 27
120.253.135.82 - - [05/Jul/2023:07:58:22 +0800] "POST /xingrg/kc/buy/cgsh_list_operate.html HTTP/1.1" 200 986
120.253.135.82 - - [05/Jul/2023:07:58:25 +0800] "GET /xingrg/kc/buy/cgsh_order_add.html HTTP/1.1" 200 70684
120.253.135.82 - - [05/Jul/2023:07:58:25 +0800] "POST /xingrg/kc/buy/cgsh_order_operate.html HTTP/1.1" 200 8245
120.253.135.82 - - [05/Jul/2023:07:58:26 +0800] "GET /xingrg/javascript/easyui/themes/default/validatebox.css HTTP/1.1" 404 1104
120.253.135.82 - - [05/Jul/2023:07:58:38 +0800] "POST /xingrg/all/common/load_combo.html?type=employee HTTP/1.1" 200 1664
120.253.135.82 - - [05/Jul/2023:07:58:39 +0800] "GET /xingrg/all/function/internal_message.html?_=1688514948366&CODE_STATE=getMsg HTTP/1.1" 200 27
114.85.113.108 - - [05/Jul/2023:07:58:57 +0800] "GET /xingrg/all/function/internal_message.html?_=1688515136024&CODE_STATE=getMsg HTTP/1.1" 200 27
120.253.135.82 - - [05/Jul/2023:07:58:57 +0800] "GET /xingrg/kc/buy/cgsh_order_operate.html?command=get_materiel&rest_code=00101&code=00102002198&supplier_code=00100135&order_time=2023-07-05 HTTP/1.1" 200 450
120.253.135.82 - - [05/Jul/2023:07:58:59 +0800] "POST /xingrg/all/common/load_select.html HTTP/1.1" 200 25
222.70.180.90 - - [05/Jul/2023:07:59:00 +0800] "GET /xingrg/all/function/internal_message.html?_=1688515138615&CODE_STATE=getMsg HTTP/1.1" 200 27
222.70.180.90 - - [05/Jul/2023:07:59:02 +0800] "GET /xingrg/all/function/internal_message.html?_=1688515197055&CODE_STATE=getMsg HTTP/1.1" 200 27
120.253.135.82 - - [05/Jul/2023:07:59:05 +0800] "GET /xingrg/kc/buy/cgsh_order_operate.html?command=get_materiel_price&rest_code=00101&code=00102002198&unit_code=00100333&supplier_code=00100135&order_time=2023-07-05 HTTP/1.1" 200 28
116.238.191.126 - - [05/Jul/2023:07:59:05 +0800] "GET /xingrg/all/function/internal_message.html?_=1688515057491&CODE_STATE=getMsg HTTP/1.1" 200 27
116.235.244.74 - - [05/Jul/2023:07:59:18 +0800] "GET /xingrg/all/function/internal_message.html?_=1688515167392&CODE_STATE=getMsg HTTP/1.1" 200 27
120.253.135.82 - - [05/Jul/2023:07:59:26 +0800] "GET /xingrg/kc/buy/cgsh_order_operate.html?command=get_materiel&rest_code=00101&code=00102002197&supplier_code=00100135&order_time=2023-07-05 HTTP/1.1" 200 458
120.253.135.82 - - [05/Jul/2023:07:59:27 +0800] "POST /xingrg/all/common/load_select.html HTTP/1.1" 200 25
120.253.135.82 - - [05/Jul/2023:07:59:32 +0800] "GET /xingrg/kc/buy/cgsh_order_operate.html?command=get_materiel_price&rest_code=00101&code=00102002197&unit_code=00100018&supplier_code=00100135&order_time=2023-07-05 HTTP/1.1" 200 30
120.253.135.82 - - [05/Jul/2023:07:59:39 +0800] "GET /xingrg/all/function/internal_message.html?_=1688515008379&CODE_STATE=getMsg HTTP/1.1" 200 27
120.253.135.82 - - [05/Jul/2023:07:59:46 +0800] "POST /xingrg/kc/buy/cgsh_order_operate.html HTTP/1.1" 200 37
120.253.135.82 - - [05/Jul/2023:07:59:48 +0800] "POST /xingrg/kc/buy/cgsh_order_operate.html HTTP/1.1" 200 3296
