114.95.42.59 - - [05/Jul/2023:11:00:23 +0800] "POST /xingrg/kc/buy/cgsh_order_operate.html HTTP/1.1" 200 37
114.95.42.59 - - [05/Jul/2023:11:00:24 +0800] "POST /xingrg/kc/buy/cgsh_order_operate.html HTTP/1.1" 200 2657
61.170.233.201 - - [05/Jul/2023:11:00:25 +0800] "GET /xingrg/all/function/internal_message.html?_=1688526023345&CODE_STATE=getMsg HTTP/1.1" 200 27
116.235.244.74 - - [05/Jul/2023:11:00:25 +0800] "GET /xingrg/all/function/internal_message.html?_=1688526035308&CODE_STATE=getMsg HTTP/1.1" 200 27
222.70.114.12 - - [05/Jul/2023:11:00:25 +0800] "GET /xingrg/all/function/internal_message.html?_=1688526027823&CODE_STATE=getMsg HTTP/1.1" 200 27
114.95.42.59 - - [05/Jul/2023:11:00:26 +0800] "GET /xingrg/kc/print/load_data.html?order_code=212023070501724&kc_code=cgsh&condition= HTTP/1.1" 200 667
180.162.110.162 - - [05/Jul/2023:11:00:29 +0800] "GET /xingrg/all/function/internal_message.html?_=1688524798543&CODE_STATE=getMsg HTTP/1.1" 200 27
218.81.67.77 - - [05/Jul/2023:11:00:29 +0800] "POST /xingrg/kc/buy/cgsh_order_operate.html HTTP/1.1" 200 2065
114.95.42.59 - - [05/Jul/2023:11:00:31 +0800] "GET /xingrg/kc/buy/cgsh_order_add.html HTTP/1.1" 200 71702
114.95.42.59 - - [05/Jul/2023:11:00:31 +0800] "POST /xingrg/kc/buy/cgsh_order_operate.html HTTP/1.1" 200 8245
114.95.42.59 - - [05/Jul/2023:11:00:31 +0800] "GET /xingrg/javascript/easyui/themes/default/validatebox.css HTTP/1.1" 404 1104
114.95.42.59 - - [05/Jul/2023:11:00:32 +0800] "POST /xingrg/kc/buy/cgsh_order_operate.html HTTP/1.1" 200 37
58.40.7.146 - - [05/Jul/2023:11:00:33 +0800] "GET /xingrg/check_reg.html?_=1688526033150 HTTP/1.1" 200 22
180.162.110.162 - - [05/Jul/2023:11:00:33 +0800] "POST /xingrg/kc/buy/cgsh_order_operate.html HTTP/1.1" 200 37
172.20.0.100 - - [05/Jul/2023:11:00:33 +0800] "GET /xingrg/all/function/internal_message.html?_=1688526033413&CODE_STATE=getMsg HTTP/1.1" 200 27
114.95.42.59 - - [05/Jul/2023:11:00:34 +0800] "POST /xingrg/kc/buy/cgsh_order_operate.html HTTP/1.1" 200 3845
218.81.67.77 - - [05/Jul/2023:11:00:36 +0800] "GET /xingrg/kc/buy/cgsh_order_operate.html?command=get_materiel&rest_code=00148&code=00101008356&supplier_code=00100008&order_time=2023-07-05 HTTP/1.1" 200 408
114.83.216.42 - - [05/Jul/2023:11:00:36 +0800] "GET /xingrg/all/function/internal_message.html?_=1688526036111&CODE_STATE=getMsg HTTP/1.1" 200 27
114.83.216.42 - - [05/Jul/2023:11:00:37 +0800] "GET /xingrg/all/function/internal_message.html?_=1688526034840&CODE_STATE=getMsg HTTP/1.1" 200 27
120.253.135.82 - - [05/Jul/2023:11:00:38 +0800] "GET /xingrg/all/function/internal_message.html?_=1688525868383&CODE_STATE=getMsg HTTP/1.1" 200 27
222.67.234.146 - - [05/Jul/2023:11:00:39 +0800] "GET /xingrg/all/function/internal_message.html?_=1688525522885&CODE_STATE=getMsg HTTP/1.1" 200 27
222.67.234.146 - - [05/Jul/2023:11:00:40 +0800] "GET /xingrg/check_reg.html?_=1688525523050 HTTP/1.1" 200 22
218.81.67.77 - - [05/Jul/2023:11:00:40 +0800] "GET /xingrg/all/function/internal_message.html?_=1688526040503&CODE_STATE=getMsg HTTP/1.1" 200 27
114.83.216.42 - - [05/Jul/2023:11:00:42 +0800] "POST /xingrg/kc/base/wldb_order_operate.html HTTP/1.1" 200 37
114.95.42.59 - - [05/Jul/2023:11:00:42 +0800] "GET /xingrg/kc/buy/cgsh_order_operate.html?command=get_materiel&rest_code=00105&code=00101001037&supplier_code=00100090&order_time=2023-07-05 HTTP/1.1" 200 418
180.165.154.167 - - [05/Jul/2023:11:00:43 +0800] "GET /xingrg/all/function/internal_message.html?_=1688526043801&CODE_STATE=getMsg HTTP/1.1" 200 27
218.81.67.77 - - [05/Jul/2023:11:00:44 +0800] "GET /xingrg/kc/buy/cgsh_order_operate.html?command=get_materiel&rest_code=00148&code=00101008296&supplier_code=00100008&order_time=2023-07-05 HTTP/1.1" 200 416
114.83.216.42 - - [05/Jul/2023:11:00:48 +0800] "POST /xingrg/kc/base/wldb_order_operate.html HTTP/1.1" 200 12
114.83.216.42 - - [05/Jul/2023:11:00:48 +0800] "POST /xingrg/kc/base/wldb_order_operate.html HTTP/1.1" 200 4701
114.83.219.53 - - [05/Jul/2023:11:00:48 +0800] "GET /xingrg/all/function/internal_message.html?_=1688526164097&CODE_STATE=getMsg HTTP/1.1" 200 27
116.232.195.127 - - [05/Jul/2023:11:00:49 +0800] "GET /xingrg/all/function/internal_message.html?_=1688526034308&CODE_STATE=getMsg HTTP/1.1" 200 27
114.83.216.42 - - [05/Jul/2023:11:00:50 +0800] "GET /xingrg/kc/base/wldb_order_info.html?code=422023070500425 HTTP/1.1" 200 26266
114.83.216.42 - - [05/Jul/2023:11:00:50 +0800] "GET /xingrg/javascript/easyui/themes/default/validatebox.css HTTP/1.1" 404 1104
114.83.216.42 - - [05/Jul/2023:11:00:51 +0800] "POST /xingrg/kc/base/wldb_order_operate.html HTTP/1.1" 200 2941
114.83.216.42 - - [05/Jul/2023:11:00:51 +0800] "POST /xingrg/load_menu.html HTTP/1.1" 200 9695
218.81.67.77 - - [05/Jul/2023:11:00:51 +0800] "GET /xingrg/kc/buy/cgsh_order_operate.html?command=get_materiel&rest_code=00148&code=00101008213&supplier_code=00100008&order_time=2023-07-05 HTTP/1.1" 200 412
114.83.216.42 - - [05/Jul/2023:11:00:52 +0800] "GET /xingrg/all/report/report_query.html?fileName=dma/new_5.0/menu/menu_category_hz.xml HTTP/1.1" 200 53064
114.83.216.42 - - [05/Jul/2023:11:00:52 +0800] "GET /xingrg/dwr/interface/AjaxReportQueryService.js HTTP/1.1" 200 13203
114.83.216.42 - - [05/Jul/2023:11:00:52 +0800] "GET /xingrg/dwr/engine.js HTTP/1.1" 200 43631
114.83.216.42 - - [05/Jul/2023:11:00:52 +0800] "POST /xingrg/dwr/call/plaincall/AjaxReportQueryService.getFixDate.dwr HTTP/1.1" 200 111
114.83.216.42 - - [05/Jul/2023:11:00:53 +0800] "POST /xingrg/all/common/load_tree.html?tree=area_station_tree_json&manage=1 HTTP/1.1" 200 3393
114.83.216.42 - - [05/Jul/2023:11:00:53 +0800] "GET /xingrg/all/report/report_query.html?fileName=dma/new_5.0/menu/menu_stca_hz.xml HTTP/1.1" 200 51418
114.83.216.42 - - [05/Jul/2023:11:00:53 +0800] "GET /xingrg/dwr/interface/AjaxReportQueryService.js HTTP/1.1" 200 13203
114.83.216.42 - - [05/Jul/2023:11:00:53 +0800] "GET /xingrg/dwr/engine.js HTTP/1.1" 200 43631
114.85.113.108 - - [05/Jul/2023:11:00:53 +0800] "GET /xingrg/all/function/internal_message.html?_=1688526052767&CODE_STATE=getMsg HTTP/1.1" 200 27
114.83.216.42 - - [05/Jul/2023:11:00:54 +0800] "POST /xingrg/dwr/call/plaincall/AjaxReportQueryService.getFixDate.dwr HTTP/1.1" 200 111
114.83.216.42 - - [05/Jul/2023:11:00:54 +0800] "POST /xingrg/all/common/load_tree.html?tree=area_station_tree_json&manage=1 HTTP/1.1" 200 3393
114.95.42.59 - - [05/Jul/2023:11:00:55 +0800] "POST /xingrg/kc/buy/cgsh_order_operate.html HTTP/1.1" 200 37
124.79.243.110 - - [05/Jul/2023:11:00:55 +0800] "GET /xingrg/all/function/internal_message.html?_=1688526339668&CODE_STATE=getMsg HTTP/1.1" 200 27
114.83.216.42 - - [05/Jul/2023:11:00:56 +0800] "POST /xingrg/dwr/call/plaincall/AjaxReportQueryService.getFixDate.dwr HTTP/1.1" 200 111
180.162.110.162 - - [05/Jul/2023:11:00:56 +0800] "POST /xingrg/kc/buy/cgsh_order_operate.html HTTP/1.1" 200 12
114.95.42.59 - - [05/Jul/2023:11:00:56 +0800] "POST /xingrg/kc/buy/cgsh_order_operate.html HTTP/1.1" 200 2665
58.40.7.146 - - [05/Jul/2023:11:00:57 +0800] "GET /xingrg/all/function/internal_message.html?_=1688526057105&CODE_STATE=getMsg HTTP/1.1" 200 27
180.169.147.146 - - [05/Jul/2023:11:00:57 +0800] "GET /xingrg/check_reg.html?_=1688526055734 HTTP/1.1" 200 22
180.169.147.146 - - [05/Jul/2023:11:00:57 +0800] "GET /xingrg/all/function/internal_message.html?_=1688526055740&CODE_STATE=getMsg HTTP/1.1" 200 27
114.83.216.42 - - [05/Jul/2023:11:00:58 +0800] "POST /xingrg/dwr/call/plaincall/AjaxReportQueryService.refreshCache.dwr HTTP/1.1" 200 78
114.83.216.42 - - [05/Jul/2023:11:00:59 +0800] "POST /xingrg/all/report/load_report_page.html HTTP/1.1" 200 59095
180.162.110.162 - - [05/Jul/2023:11:00:59 +0800] "GET /xingrg/kc/buy/cgsh_order_info.html?code=212023070401641 HTTP/1.1" 200 65601
114.83.216.42 - - [05/Jul/2023:11:00:59 +0800] "GET /xingrg/servlets/image?cache=0.2494912239592223&image=px HTTP/1.1" 200 807
180.162.110.162 - - [05/Jul/2023:11:00:59 +0800] "GET /xingrg/javascript/easyui/themes/default/validatebox.css HTTP/1.1" 404 1104
114.95.42.59 - - [05/Jul/2023:11:00:59 +0800] "GET /xingrg/kc/print/load_data.html?order_code=212023070501726&kc_code=cgsh&condition= HTTP/1.1" 200 742
114.83.216.42 - - [05/Jul/2023:11:01:00 +0800] "GET /xingrg/kc/base/wldb_order_add.html HTTP/1.1" 200 30387
180.162.110.162 - - [05/Jul/2023:11:01:00 +0800] "POST /xingrg/kc/buy/cgsh_order_operate.html HTTP/1.1" 200 15351
114.83.216.42 - - [05/Jul/2023:11:01:00 +0800] "POST /xingrg/kc/base/wldb_order_operate.html HTTP/1.1" 200 6806
114.83.216.42 - - [05/Jul/2023:11:01:00 +0800] "GET /xingrg/javascript/easyui/themes/default/validatebox.css HTTP/1.1" 404 1104
114.95.42.59 - - [05/Jul/2023:11:01:01 +0800] "GET /xingrg/all/function/internal_message.html?_=1688525879951&CODE_STATE=getMsg HTTP/1.1" 200 27
114.83.216.42 - - [05/Jul/2023:11:01:01 +0800] "GET /xingrg/all/report/report_query.html?isQuery=1&fileName=dma/new_5.0/menu/menu_hz.xml&queryString=(a.sale_day%2520between%252020230601%2520and%252020230630)%2520and%2520(a.sid%2520in%2520(1))%2520and%2520(a.tj_code%253D2)&queryText=%25E3%2580%2590%25E8%2590%25A5%25E4%25B8%259A%25E6%2597%25A5%25E6%259C%259F%253A2023-06-01%2520%25E8%2587%25B3%25202023-06-30%25E3%2580%2591%2520%25E5%25B9%25B6%25E4%25B8%2594%2520%2520%25E3%2580%2590%25E9%2597%25A8%25E5%25BA%2597%25E5%2590%258D%25E7%25A7%25B0%2520%253D%2520%25E6%259D%25BE%25E6%25B1%259F%25E6%25A6%2595%25E6%25B8%25AF%25E3%2580%2591%2520%25E5%25B9%25B6%25E4%25B8%2594%2520%25E3%2580%2590%25E7%25BB%259F%25E8%25AE%25A1%25E7%25B1%25BB%25E5%2588%25AB%2520%253D%2520%25E6%25B5%25B7%25E9%25B2%259C%25E3%2580%2591 HTTP/1.1" 200 54102
114.83.216.42 - - [05/Jul/2023:11:01:02 +0800] "GET /xingrg/dwr/engine.js HTTP/1.1" 200 43631
222.70.180.90 - - [05/Jul/2023:11:01:02 +0800] "GET /xingrg/all/function/internal_message.html?_=1688526117086&CODE_STATE=getMsg HTTP/1.1" 200 27
114.83.216.42 - - [05/Jul/2023:11:01:02 +0800] "GET /favicon.ico HTTP/1.1" 404 -
114.83.216.42 - - [05/Jul/2023:11:01:02 +0800] "POST /xingrg/all/common/load_combo.html?type=base HTTP/1.1" 200 3409
114.83.216.42 - - [05/Jul/2023:11:01:02 +0800] "POST /xingrg/all/report/load_report_page.html HTTP/1.1" 200 123999
114.83.216.42 - - [05/Jul/2023:11:01:02 +0800] "GET /xingrg/servlets/image?cache=0.9792321770727873&image=px HTTP/1.1" 200 807
222.70.180.90 - - [05/Jul/2023:11:01:03 +0800] "GET /xingrg/all/function/internal_message.html?_=1688526062085&CODE_STATE=getMsg HTTP/1.1" 200 27
116.238.191.126 - - [05/Jul/2023:11:01:04 +0800] "GET /xingrg/check_reg.html?_=1688525976296 HTTP/1.1" 200 22
218.81.67.77 - - [05/Jul/2023:11:01:05 +0800] "GET /xingrg/kc/buy/cgsh_order_operate.html?command=get_materiel&rest_code=00148&code=00101008403&supplier_code=00100008&order_time=2023-07-05 HTTP/1.1" 200 412
114.83.216.42 - - [05/Jul/2023:11:01:05 +0800] "GET /xingrg/javascript/auto/indicator.gif HTTP/1.1" 404 1066
116.238.191.126 - - [05/Jul/2023:11:01:07 +0800] "GET /xingrg/all/function/internal_message.html?_=1688525978513&CODE_STATE=getMsg HTTP/1.1" 200 27
180.162.110.162 - - [05/Jul/2023:11:01:07 +0800] "GET /xingrg/kc/print/load_data.html?order_code=212023070401641&kc_code=cgsh&condition= HTTP/1.1" 200 6299
114.85.113.108 - - [05/Jul/2023:11:01:10 +0800] "GET /xingrg/check_reg.html?_=1688526068947 HTTP/1.1" 200 22
114.95.42.59 - - [05/Jul/2023:11:01:10 +0800] "GET /xingrg/kc/buy/cgsh_order_add.html HTTP/1.1" 200 71702
114.95.42.59 - - [05/Jul/2023:11:01:11 +0800] "POST /xingrg/kc/buy/cgsh_order_operate.html HTTP/1.1" 200 8245
114.95.42.59 - - [05/Jul/2023:11:01:11 +0800] "GET /xingrg/javascript/easyui/themes/default/validatebox.css HTTP/1.1" 404 1104
114.83.216.42 - - [05/Jul/2023:11:01:13 +0800] "GET /xingrg/kc/base/wldb_order_operate.html?command=get_materiel&rest_code=00149&base_code=0010394&code=00101019339 HTTP/1.1" 200 469
218.81.67.77 - - [05/Jul/2023:11:01:13 +0800] "GET /xingrg/kc/buy/cgsh_order_operate.html?command=get_materiel&rest_code=00148&code=00101008305&supplier_code=00100008&order_time=2023-07-05 HTTP/1.1" 200 412
61.170.233.201 - - [05/Jul/2023:11:01:13 +0800] "GET /xingrg/all/function/internal_message.html?_=1688526073090&CODE_STATE=getMsg HTTP/1.1" 200 27
218.81.67.77 - - [05/Jul/2023:11:01:15 +0800] "POST /xingrg/kc/buy/cgsh_order_operate.html HTTP/1.1" 200 2065
114.83.216.42 - - [05/Jul/2023:11:01:17 +0800] "POST /xingrg/all/user/operate.html HTTP/1.1" 200 36
114.83.216.42 - - [05/Jul/2023:11:01:17 +0800] "GET /xingrg/index.html?sysBaseUrl=http%3A%2F%2F180.169.147.146%3A18081%2Fxingrg%2F&costTime=828×tamp=1688525972459 HTTP/1.1" 200 17509
114.83.216.42 - - [05/Jul/2023:11:01:17 +0800] "GET /xingrg/javascript/jquery_easy_ui/themes/default/easyui.css HTTP/1.1" 304 -
114.83.216.42 - - [05/Jul/2023:11:01:17 +0800] "GET /xingrg/javascript/jquery_easy_ui/themes/icon.css HTTP/1.1" 304 -
114.83.216.42 - - [05/Jul/2023:11:01:17 +0800] "GET /xingrg/css/form.css HTTP/1.1" 304 -
114.83.216.42 - - [05/Jul/2023:11:01:17 +0800] "GET /xingrg/javascript/jquery-1.4.2.min.js HTTP/1.1" 304 -
114.83.216.42 - - [05/Jul/2023:11:01:17 +0800] "GET /xingrg/javascript/jquery_easy_ui/jquery.easyui.min.js HTTP/1.1" 304 -
114.83.216.42 - - [05/Jul/2023:11:01:17 +0800] "GET /xingrg/javascript/jquery_easy_ui/easyui-lang-zh_CN.js HTTP/1.1" 304 -
114.83.216.42 - - [05/Jul/2023:11:01:17 +0800] "GET /xingrg/javascript/jquery.form.js HTTP/1.1" 304 -
114.83.216.42 - - [05/Jul/2023:11:01:17 +0800] "GET /xingrg/javascript/jquery.utils.js HTTP/1.1" 304 -
114.83.216.42 - - [05/Jul/2023:11:01:17 +0800] "GET /xingrg/javascript/jquery.timers.js HTTP/1.1" 304 -
114.83.216.42 - - [05/Jul/2023:11:01:17 +0800] "GET /xingrg/images/blue/jxLogo.png HTTP/1.1" 304 -
114.83.216.42 - - [05/Jul/2023:11:01:18 +0800] "GET /xingrg/images/blue/navBackgound.jpg HTTP/1.1" 304 -
114.83.216.42 - - [05/Jul/2023:11:01:18 +0800] "GET /xingrg/javascript/jquery_easy_ui/themes/icons/settle_new.png HTTP/1.1" 304 -
114.83.216.42 - - [05/Jul/2023:11:01:18 +0800] "GET /xingrg/check_reg.html?_=1688526077977 HTTP/1.1" 200 22
114.83.216.42 - - [05/Jul/2023:11:01:18 +0800] "GET /xingrg/all/function/internal_message.html?_=1688526077976&CODE_STATE=count HTTP/1.1" 200 11
114.83.216.42 - - [05/Jul/2023:11:01:18 +0800] "GET /xingrg/javascript/jquery_easy_ui/themes/default/images/tabs_rightarrow.png HTTP/1.1" 304 -
114.83.216.42 - - [05/Jul/2023:11:01:18 +0800] "GET /xingrg/images/blue/pingpu.png HTTP/1.1" 304 -
114.83.216.42 - - [05/Jul/2023:11:01:18 +0800] "GET /xingrg/javascript/jquery_easy_ui/themes/default/images/panel_tool_collapse.gif HTTP/1.1" 304 -
114.83.216.42 - - [05/Jul/2023:11:01:18 +0800] "GET /xingrg/javascript/jquery_easy_ui/themes/default/images/tabs_leftarrow.png HTTP/1.1" 304 -
114.83.216.42 - - [05/Jul/2023:11:01:18 +0800] "GET /xingrg/javascript/jquery_easy_ui/themes/default/images/panel_tool_expand.gif HTTP/1.1" 304 -
114.95.42.59 - - [05/Jul/2023:11:01:18 +0800] "GET /xingrg/all/function/internal_message.html?_=1688526078985&CODE_STATE=getMsg HTTP/1.1" 200 27
114.83.216.42 - - [05/Jul/2023:11:01:18 +0800] "POST /xingrg/all/common/load_tree.html?tree=area_rest_tree_json&manage=1 HTTP/1.1" 200 3499
114.83.216.42 - - [05/Jul/2023:11:01:18 +0800] "POST /xingrg/load_menu.html HTTP/1.1" 200 9959
180.162.110.162 - - [05/Jul/2023:11:01:18 +0800] "POST /xingrg/kc/buy/cgsh_list_operate.html HTTP/1.1" 200 1875
114.83.216.42 - - [05/Jul/2023:11:01:19 +0800] "GET /xingrg/kc/report/report_main.html HTTP/1.1" 200 7340
114.83.216.42 - - [05/Jul/2023:11:01:19 +0800] "GET /xingrg/kc/base/wldb_order_operate.html?command=get_materiel&rest_code=00149&base_code=0010394&code=00101019056 HTTP/1.1" 200 476
114.83.216.42 - - [05/Jul/2023:11:01:20 +0800] "GET /xingrg/kc/base/kc_stocks.html HTTP/1.1" 200 16512
114.83.216.42 - - [05/Jul/2023:11:01:20 +0800] "GET /xingrg/javascript/easyui/themes/default/tree.css HTTP/1.1" 404 1090
114.83.216.42 - - [05/Jul/2023:11:01:20 +0800] "GET /xingrg/all/common/auto_word.html?type=base&rest_code=00149 HTTP/1.1" 200 1907
114.83.216.42 - - [05/Jul/2023:11:01:20 +0800] "POST /xingrg/all/common/load_tree.html?tree=materiel_sort_tree_json HTTP/1.1" 200 9500
114.95.42.59 - - [05/Jul/2023:11:01:21 +0800] "POST /xingrg/kc/buy/cgsh_order_operate.html HTTP/1.1" 200 37
114.95.42.59 - - [05/Jul/2023:11:01:22 +0800] "GET /xingrg/kc/buy/cgsh_order_operate.html?command=get_materiel&rest_code=00105&code=00101002006&supplier_code=00100091&order_time=2023-07-05 HTTP/1.1" 200 413
116.235.244.74 - - [05/Jul/2023:11:01:24 +0800] "GET /xingrg/check_reg.html?_=1688526094259 HTTP/1.1" 200 22
61.170.233.201 - - [05/Jul/2023:11:01:25 +0800] "GET /xingrg/all/function/internal_message.html?_=1688526083329&CODE_STATE=getMsg HTTP/1.1" 200 27
116.235.244.74 - - [05/Jul/2023:11:01:25 +0800] "GET /xingrg/all/function/internal_message.html?_=1688526095322&CODE_STATE=getMsg HTTP/1.1" 200 27
222.70.114.12 - - [05/Jul/2023:11:01:25 +0800] "GET /xingrg/all/function/internal_message.html?_=1688526087831&CODE_STATE=getMsg HTTP/1.1" 200 27
114.95.42.59 - - [05/Jul/2023:11:01:28 +0800] "POST /xingrg/kc/buy/cgsh_order_operate.html HTTP/1.1" 200 3845
114.83.216.42 - - [05/Jul/2023:11:01:28 +0800] "POST /xingrg/kc/base/stock_operate.html HTTP/1.1" 200 3388
180.162.110.162 - - [05/Jul/2023:11:01:29 +0800] "GET /xingrg/all/function/internal_message.html?_=1688524858533&CODE_STATE=getMsg HTTP/1.1" 200 27
114.95.42.59 - - [05/Jul/2023:11:01:31 +0800] "GET /xingrg/kc/print/load_data.html?order_code=212023070501725&kc_code=cgsh&condition= HTTP/1.1" 200 1099
172.20.0.100 - - [05/Jul/2023:11:01:33 +0800] "GET /xingrg/all/function/internal_message.html?_=1688526093415&CODE_STATE=getMsg HTTP/1.1" 200 27
114.83.216.42 - - [05/Jul/2023:11:01:34 +0800] "POST /xingrg/kc/base/wldb_order_operate.html HTTP/1.1" 200 37
114.83.216.42 - - [05/Jul/2023:11:01:37 +0800] "GET /xingrg/all/function/internal_message.html?_=1688526094850&CODE_STATE=getMsg HTTP/1.1" 200 27
120.253.135.82 - - [05/Jul/2023:11:01:38 +0800] "GET /xingrg/all/function/internal_message.html?_=1688525928400&CODE_STATE=getMsg HTTP/1.1" 200 27
222.67.234.146 - - [05/Jul/2023:11:01:39 +0800] "GET /xingrg/all/function/internal_message.html?_=1688525582884&CODE_STATE=getMsg HTTP/1.1" 200 27
218.81.67.77 - - [05/Jul/2023:11:01:40 +0800] "GET /xingrg/all/function/internal_message.html?_=1688526100509&CODE_STATE=getMsg HTTP/1.1" 200 27
114.83.216.42 - - [05/Jul/2023:11:01:40 +0800] "POST /xingrg/kc/base/wldb_order_operate.html HTTP/1.1" 200 12
114.83.216.42 - - [05/Jul/2023:11:01:40 +0800] "POST /xingrg/kc/base/wldb_order_operate.html HTTP/1.1" 200 2716
114.83.216.42 - - [05/Jul/2023:11:01:42 +0800] "GET /xingrg/kc/base/wldb_order_info.html?code=422023070500426 HTTP/1.1" 200 26265
114.83.216.42 - - [05/Jul/2023:11:01:43 +0800] "GET /xingrg/javascript/easyui/themes/default/validatebox.css HTTP/1.1" 404 1104
114.83.216.42 - - [05/Jul/2023:11:01:43 +0800] "POST /xingrg/kc/base/wldb_order_operate.html HTTP/1.1" 200 1000
180.165.154.167 - - [05/Jul/2023:11:01:43 +0800] "GET /xingrg/all/function/internal_message.html?_=1688526103781&CODE_STATE=getMsg HTTP/1.1" 200 27
114.83.219.53 - - [05/Jul/2023:11:01:48 +0800] "GET /xingrg/all/function/internal_message.html?_=1688526224076&CODE_STATE=getMsg HTTP/1.1" 200 27
116.232.195.127 - - [05/Jul/2023:11:01:49 +0800] "GET /xingrg/check_reg.html?_=1688526094313 HTTP/1.1" 200 22
116.232.195.127 - - [05/Jul/2023:11:01:49 +0800] "GET /xingrg/all/function/internal_message.html?_=1688526094314&CODE_STATE=getMsg HTTP/1.1" 200 27
114.85.113.108 - - [05/Jul/2023:11:01:53 +0800] "GET /xingrg/all/function/internal_message.html?_=1688526112741&CODE_STATE=getMsg HTTP/1.1" 200 27
124.79.243.110 - - [05/Jul/2023:11:01:55 +0800] "GET /xingrg/all/function/internal_message.html?_=1688526399666&CODE_STATE=getMsg HTTP/1.1" 200 27
114.83.216.42 - - [05/Jul/2023:11:01:56 +0800] "GET /xingrg/kc/base/wldb_order_add.html HTTP/1.1" 200 30387
114.83.216.42 - - [05/Jul/2023:11:01:56 +0800] "POST /xingrg/kc/base/wldb_order_operate.html HTTP/1.1" 200 6806
114.83.216.42 - - [05/Jul/2023:11:01:56 +0800] "GET /xingrg/javascript/easyui/themes/default/validatebox.css HTTP/1.1" 404 1104
58.40.7.146 - - [05/Jul/2023:11:01:57 +0800] "GET /xingrg/all/function/internal_message.html?_=1688526117090&CODE_STATE=getMsg HTTP/1.1" 200 27
180.169.147.146 - - [05/Jul/2023:11:01:57 +0800] "GET /xingrg/all/function/internal_message.html?_=1688526115746&CODE_STATE=getMsg HTTP/1.1" 200 27
222.70.180.90 - - [05/Jul/2023:11:01:57 +0800] "GET /xingrg/kc/buy/cgsh_order_add.html HTTP/1.1" 200 71576
222.70.180.90 - - [05/Jul/2023:11:01:57 +0800] "POST /xingrg/kc/buy/cgsh_order_operate.html HTTP/1.1" 200 8245
222.70.180.90 - - [05/Jul/2023:11:01:57 +0800] "GET /xingrg/javascript/easyui/themes/default/validatebox.css HTTP/1.1" 404 1104
180.162.110.162 - - [05/Jul/2023:11:01:59 +0800] "POST /xingrg/kc/buy/cgsh_list_operate.html HTTP/1.1" 200 577
180.162.110.162 - - [05/Jul/2023:11:02:01 +0800] "GET /xingrg/kc/buy/cgsh_order_info.html?code=212023070200561 HTTP/1.1" 200 70708
180.162.110.162 - - [05/Jul/2023:11:02:01 +0800] "GET /xingrg/javascript/easyui/themes/default/validatebox.css HTTP/1.1" 404 1104
114.95.42.59 - - [05/Jul/2023:11:02:01 +0800] "GET /xingrg/all/function/internal_message.html?_=1688525939953&CODE_STATE=getMsg HTTP/1.1" 200 27
222.70.180.90 - - [05/Jul/2023:11:02:02 +0800] "GET /xingrg/all/function/internal_message.html?_=1688526177064&CODE_STATE=getMsg HTTP/1.1" 200 27
114.83.216.42 - - [05/Jul/2023:11:02:02 +0800] "POST /xingrg/all/common/load_combo.html?type=base HTTP/1.1" 200 3409
180.162.110.162 - - [05/Jul/2023:11:02:02 +0800] "POST /xingrg/kc/buy/cgsh_order_operate.html HTTP/1.1" 200 10396
222.70.180.90 - - [05/Jul/2023:11:02:03 +0800] "GET /xingrg/all/function/internal_message.html?_=1688526122086&CODE_STATE=getMsg HTTP/1.1" 200 27
114.83.216.42 - - [05/Jul/2023:11:02:05 +0800] "GET /xingrg/javascript/auto/indicator.gif HTTP/1.1" 404 1066
114.83.216.42 - - [05/Jul/2023:11:02:05 +0800] "GET /xingrg/javascript/easyui/themes/sunny/images/ui-bg_gloss-wave_70_ffdd57_500x100.png HTTP/1.1" 304 -
116.238.191.126 - - [05/Jul/2023:11:02:07 +0800] "GET /xingrg/all/function/internal_message.html?_=1688526038525&CODE_STATE=getMsg HTTP/1.1" 200 27
114.83.216.42 - - [05/Jul/2023:11:02:09 +0800] "GET /xingrg/kc/base/stock_detail.html?m=00101003003 HTTP/1.1" 200 7400
114.83.216.42 - - [05/Jul/2023:11:02:11 +0800] "GET /xingrg/kc/base/wldb_order_operate.html?command=get_materiel&rest_code=00149&base_code=0010394&code=00101019400 HTTP/1.1" 200 465
61.170.233.201 - - [05/Jul/2023:11:02:12 +0800] "GET /xingrg/all/function/internal_message.html?_=1688526133100&CODE_STATE=getMsg HTTP/1.1" 200 27
222.70.180.90 - - [05/Jul/2023:11:02:16 +0800] "GET /xingrg/kc/buy/cgsh_order_operate.html?command=get_materiel&rest_code=00111&code=00101002006&supplier_code=00100091&order_time=2023-07-05 HTTP/1.1" 200 413
114.83.216.42 - - [05/Jul/2023:11:02:18 +0800] "GET /xingrg/all/function/internal_message.html?_=1688526137994&CODE_STATE=getMsg HTTP/1.1" 200 27
114.95.42.59 - - [05/Jul/2023:11:02:18 +0800] "GET /xingrg/all/function/internal_message.html?_=1688526138956&CODE_STATE=getMsg HTTP/1.1" 200 27
114.83.216.42 - - [05/Jul/2023:11:02:23 +0800] "GET /xingrg/kc/base/stock_operate.html?_=1688526143615&command=get_report_file&start_day=20230601 HTTP/1.1" 200 53
114.83.216.42 - - [05/Jul/2023:11:02:23 +0800] "GET /xingrg/all/report/report_query.html?isQuery=1&onlyBody=1&rh=2000&fileName=kc/base/kc_stock_detail_new.xml&queryString=(1=1)&queryText=&tableQueryString=init_table$sp1$$sp$crk_table$sp1$order_day%20between%2020230601%20and%2020230731&varString=start_day:20230601,materiel_code:00101003003,cost_id:4399,end_date:20230531 HTTP/1.1" 200 48701
114.83.216.42 - - [05/Jul/2023:11:02:23 +0800] "GET /xingrg/dwr/interface/AjaxReportQueryService.js HTTP/1.1" 200 13203
114.83.216.42 - - [05/Jul/2023:11:02:23 +0800] "GET /xingrg/dwr/engine.js HTTP/1.1" 200 43631
61.170.233.201 - - [05/Jul/2023:11:02:25 +0800] "GET /xingrg/all/function/internal_message.html?_=1688526143299&CODE_STATE=getMsg HTTP/1.1" 200 27
114.83.216.42 - - [05/Jul/2023:11:02:25 +0800] "POST /xingrg/all/report/load_report_page.html HTTP/1.1" 200 98599
114.83.216.42 - - [05/Jul/2023:11:02:25 +0800] "GET /xingrg/servlets/image?cache=0.16937560796774365&image=px HTTP/1.1" 200 807
116.235.244.74 - - [05/Jul/2023:11:02:25 +0800] "GET /xingrg/all/function/internal_message.html?_=1688526155336&CODE_STATE=getMsg HTTP/1.1" 200 27
222.70.114.12 - - [05/Jul/2023:11:02:25 +0800] "GET /xingrg/all/function/internal_message.html?_=1688526147821&CODE_STATE=getMsg HTTP/1.1" 200 27
222.70.114.12 - - [05/Jul/2023:11:02:25 +0800] "GET /xingrg/check_reg.html?_=1688526147829 HTTP/1.1" 200 22
114.83.216.42 - - [05/Jul/2023:11:02:27 +0800] "GET /xingrg/kc/base/wldb_order_operate.html?command=get_materiel&rest_code=00149&base_code=0010394&code=00101019253 HTTP/1.1" 200 481
218.81.67.77 - - [05/Jul/2023:11:02:28 +0800] "GET /xingrg/kc/buy/cgsh_order_operate.html?command=get_materiel&rest_code=00148&code=00101008350&supplier_code=00100008&order_time=2023-07-05 HTTP/1.1" 200 408
180.162.110.162 - - [05/Jul/2023:11:02:29 +0800] "GET /xingrg/all/function/internal_message.html?_=1688524918504&CODE_STATE=getMsg HTTP/1.1" 200 27
114.83.216.42 - - [05/Jul/2023:11:02:32 +0800] "GET /xingrg/kc/base/wldb_order_operate.html?command=get_materiel&rest_code=00149&base_code=0010394&code=00101019376 HTTP/1.1" 200 476
172.20.0.100 - - [05/Jul/2023:11:02:33 +0800] "GET /xingrg/all/function/internal_message.html?_=1688526153401&CODE_STATE=getMsg HTTP/1.1" 200 27
222.70.180.90 - - [05/Jul/2023:11:02:34 +0800] "POST /xingrg/kc/buy/cgsh_order_operate.html HTTP/1.1" 200 37
222.70.180.90 - - [05/Jul/2023:11:02:37 +0800] "POST /xingrg/kc/buy/cgsh_order_operate.html HTTP/1.1" 200 3255
114.83.216.42 - - [05/Jul/2023:11:02:37 +0800] "GET /xingrg/all/function/internal_message.html?_=1688526154841&CODE_STATE=getMsg HTTP/1.1" 200 27
218.81.67.77 - - [05/Jul/2023:11:02:38 +0800] "GET /xingrg/kc/buy/cgsh_order_operate.html?command=get_materiel&rest_code=00148&code=00101008223&supplier_code=00100008&order_time=2023-07-05 HTTP/1.1" 200 412
120.253.135.82 - - [05/Jul/2023:11:02:38 +0800] "GET /xingrg/all/function/internal_message.html?_=1688525988415&CODE_STATE=getMsg HTTP/1.1" 200 27
222.70.180.90 - - [05/Jul/2023:11:02:39 +0800] "GET /xingrg/kc/print/load_data.html?order_code=212023070501727&kc_code=cgsh&condition= HTTP/1.1" 200 967
222.67.234.146 - - [05/Jul/2023:11:02:39 +0800] "GET /xingrg/all/function/internal_message.html?_=1688525642852&CODE_STATE=getMsg HTTP/1.1" 200 27
218.81.67.77 - - [05/Jul/2023:11:02:40 +0800] "GET /xingrg/all/function/internal_message.html?_=1688526160499&CODE_STATE=getMsg HTTP/1.1" 200 27
180.165.154.167 - - [05/Jul/2023:11:02:43 +0800] "GET /xingrg/all/function/internal_message.html?_=1688526163765&CODE_STATE=getMsg HTTP/1.1" 200 27
180.169.147.146 - - [05/Jul/2023:11:02:47 +0800] "GET /xingrg/check_reg.html?_=1688526163823 HTTP/1.1" 200 22
180.169.147.146 - - [05/Jul/2023:11:02:47 +0800] "GET /xingrg/all/function/internal_message.html?_=1688526163822&CODE_STATE=getMsg HTTP/1.1" 200 27
222.70.180.90 - - [05/Jul/2023:11:02:47 +0800] "GET /xingrg/kc/buy/cgsh_order_add.html HTTP/1.1" 200 71576
61.170.233.201 - - [05/Jul/2023:11:02:47 +0800] "GET /xingrg/check_reg.html?_=1688526167911 HTTP/1.1" 200 22
180.169.147.146 - - [05/Jul/2023:11:02:47 +0800] "GET /xingrg/kc/cost/cost_page.html HTTP/1.1" 200 4088
180.169.147.146 - - [05/Jul/2023:11:02:47 +0800] "GET /xingrg/css/blue.css HTTP/1.1" 304 -
180.169.147.146 - - [05/Jul/2023:11:02:47 +0800] "GET /xingrg/javascript/jquery_easy_ui/themes/default/easyui.css HTTP/1.1" 304 -
180.169.147.146 - - [05/Jul/2023:11:02:47 +0800] "GET /xingrg/javascript/jquery_easy_ui/themes/icon.css HTTP/1.1" 304 -
180.169.147.146 - - [05/Jul/2023:11:02:47 +0800] "GET /xingrg/javascript/step/step.css HTTP/1.1" 304 -
180.169.147.146 - - [05/Jul/2023:11:02:47 +0800] "GET /xingrg/css/table.css HTTP/1.1" 304 -
180.169.147.146 - - [05/Jul/2023:11:02:47 +0800] "GET /xingrg/dwr/interface/AjaxReportQueryService.js HTTP/1.1" 200 13203
180.169.147.146 - - [05/Jul/2023:11:02:47 +0800] "GET /xingrg/dwr/engine.js HTTP/1.1" 200 43631
180.169.147.146 - - [05/Jul/2023:11:02:47 +0800] "GET /xingrg/dwr/util.js HTTP/1.1" 304 -
180.169.147.146 - - [05/Jul/2023:11:02:47 +0800] "GET /xingrg/javascript/jquery_easy_ui/jquery.easyui.min.js HTTP/1.1" 304 -
180.169.147.146 - - [05/Jul/2023:11:02:47 +0800] "GET /xingrg/javascript/jquery-1.4.2.min.js HTTP/1.1" 304 -
180.169.147.146 - - [05/Jul/2023:11:02:47 +0800] "GET /xingrg/javascript/jquery_easy_ui/easyui-lang-zh_CN.js HTTP/1.1" 304 -
180.169.147.146 - - [05/Jul/2023:11:02:47 +0800] "GET /xingrg/javascript/jquery.utils.js HTTP/1.1" 304 -
180.169.147.146 - - [05/Jul/2023:11:02:47 +0800] "GET /xingrg/images/control/ajaxLoader.gif HTTP/1.1" 304 -
222.70.180.90 - - [05/Jul/2023:11:02:47 +0800] "POST /xingrg/kc/buy/cgsh_order_operate.html HTTP/1.1" 200 8245
222.70.180.90 - - [05/Jul/2023:11:02:47 +0800] "GET /xingrg/javascript/easyui/themes/default/validatebox.css HTTP/1.1" 404 1104
114.83.216.42 - - [05/Jul/2023:11:02:48 +0800] "POST /xingrg/kc/base/wldb_order_operate.html HTTP/1.1" 200 37
114.83.219.53 - - [05/Jul/2023:11:02:48 +0800] "GET /xingrg/all/function/internal_message.html?_=1688526284063&CODE_STATE=getMsg HTTP/1.1" 200 27
116.232.195.127 - - [05/Jul/2023:11:02:49 +0800] "GET /xingrg/all/function/internal_message.html?_=1688526154309&CODE_STATE=getMsg HTTP/1.1" 200 27
180.169.147.146 - - [05/Jul/2023:11:02:50 +0800] "GET /xingrg/kc/cost/cost_operate.html?_=1688526166510&command=load_cost_list HTTP/1.1" 200 6353
114.85.113.108 - - [05/Jul/2023:11:02:53 +0800] "GET /xingrg/all/function/internal_message.html?_=1688526172732&CODE_STATE=getMsg HTTP/1.1" 200 27
124.79.243.110 - - [05/Jul/2023:11:02:55 +0800] "GET /xingrg/all/function/internal_message.html?_=1688526459664&CODE_STATE=getMsg HTTP/1.1" 200 27
58.40.7.146 - - [05/Jul/2023:11:02:57 +0800] "GET /xingrg/all/function/internal_message.html?_=1688526177076&CODE_STATE=getMsg HTTP/1.1" 200 27
180.169.147.146 - - [05/Jul/2023:11:02:57 +0800] "GET /xingrg/all/function/internal_message.html?_=1688526175739&CODE_STATE=getMsg HTTP/1.1" 200 27
61.170.233.201 - - [05/Jul/2023:11:02:57 +0800] "GET /xingrg/check_reg.html?_=1688526175679 HTTP/1.1" 200 22
114.83.216.42 - - [05/Jul/2023:11:03:00 +0800] "POST /xingrg/kc/base/wldb_order_operate.html HTTP/1.1" 200 12
114.83.216.42 - - [05/Jul/2023:11:03:00 +0800] "POST /xingrg/kc/base/wldb_order_operate.html HTTP/1.1" 200 3730
114.95.42.59 - - [05/Jul/2023:11:03:01 +0800] "GET /xingrg/all/function/internal_message.html?_=1688525999956&CODE_STATE=getMsg HTTP/1.1" 200 27
222.70.180.90 - - [05/Jul/2023:11:03:02 +0800] "GET /xingrg/all/function/internal_message.html?_=1688526237058&CODE_STATE=getMsg HTTP/1.1" 200 27
114.83.216.42 - - [05/Jul/2023:11:03:02 +0800] "GET /xingrg/kc/base/wldb_order_info.html?code=422023070500427 HTTP/1.1" 200 26266
114.83.216.42 - - [05/Jul/2023:11:03:03 +0800] "GET /xingrg/javascript/easyui/themes/default/validatebox.css HTTP/1.1" 404 1104
114.83.216.42 - - [05/Jul/2023:11:03:03 +0800] "POST /xingrg/kc/base/wldb_order_operate.html HTTP/1.1" 200 1992
222.70.180.90 - - [05/Jul/2023:11:03:03 +0800] "GET /xingrg/all/function/internal_message.html?_=1688526182089&CODE_STATE=getMsg HTTP/1.1" 200 27
114.83.216.42 - - [05/Jul/2023:11:03:05 +0800] "GET /xingrg/kc/base/wldb_order_add.html HTTP/1.1" 200 30387
114.83.216.42 - - [05/Jul/2023:11:03:05 +0800] "POST /xingrg/kc/base/wldb_order_operate.html HTTP/1.1" 200 6806
114.83.216.42 - - [05/Jul/2023:11:03:05 +0800] "GET /xingrg/javascript/easyui/themes/default/validatebox.css HTTP/1.1" 404 1104
116.238.191.126 - - [05/Jul/2023:11:03:07 +0800] "GET /xingrg/all/function/internal_message.html?_=1688526098539&CODE_STATE=getMsg HTTP/1.1" 200 27
114.83.216.42 - - [05/Jul/2023:11:03:09 +0800] "POST /xingrg/all/common/load_combo.html?type=base HTTP/1.1" 200 3409
222.70.180.90 - - [05/Jul/2023:11:03:09 +0800] "GET /xingrg/kc/buy/cgsh_order_operate.html?command=get_materiel&rest_code=00111&code=00101003006&supplier_code=00100497&order_time=2023-07-05 HTTP/1.1" 200 434
114.83.216.42 - - [05/Jul/2023:11:03:11 +0800] "GET /xingrg/javascript/auto/indicator.gif HTTP/1.1" 404 1066
61.170.233.201 - - [05/Jul/2023:11:03:12 +0800] "GET /xingrg/all/function/internal_message.html?_=1688526193077&CODE_STATE=getMsg HTTP/1.1" 200 27
218.81.67.77 - - [05/Jul/2023:11:03:17 +0800] "GET /xingrg/kc/buy/cgsh_order_operate.html?command=get_materiel&rest_code=00148&code=00101008105&supplier_code=00100008&order_time=2023-07-05 HTTP/1.1" 200 412
114.83.216.42 - - [05/Jul/2023:11:03:18 +0800] "GET /xingrg/all/function/internal_message.html?_=1688526197991&CODE_STATE=getMsg HTTP/1.1" 200 27
114.95.42.59 - - [05/Jul/2023:11:03:18 +0800] "GET /xingrg/all/function/internal_message.html?_=1688526198906&CODE_STATE=getMsg HTTP/1.1" 200 27
114.83.216.42 - - [05/Jul/2023:11:03:19 +0800] "GET /xingrg/kc/base/wldb_order_operate.html?command=get_materiel&rest_code=00149&base_code=0010394&code=00101019079 HTTP/1.1" 200 479
120.253.135.82 - - [05/Jul/2023:11:03:22 +0800] "GET /xingrg/kc/pszx/mdqp_order_list.html?state=10 HTTP/1.1" 200 10275
120.253.135.82 - - [05/Jul/2023:11:03:22 +0800] "GET /xingrg/dwr/interface/AjaxQqpsService.js HTTP/1.1" 200 16326
120.253.135.82 - - [05/Jul/2023:11:03:22 +0800] "GET /xingrg/dwr/engine.js HTTP/1.1" 200 43631
120.253.135.82 - - [05/Jul/2023:11:03:22 +0800] "GET /xingrg/dwr/interface/AjaxReportQueryService.js HTTP/1.1" 200 13203
180.163.29.103 - - [05/Jul/2023:11:03:25 +0800] "GET /xingrg/all/function/internal_message.html?_=1688526143299&CODE_STATE=getMsg HTTP/1.1" 302 -
180.163.29.103 - - [05/Jul/2023:11:03:25 +0800] "GET /xingrg/login.html HTTP/1.1" 200 7641
61.170.233.201 - - [05/Jul/2023:11:03:25 +0800] "GET /xingrg/all/function/internal_message.html?_=1688526203282&CODE_STATE=getMsg HTTP/1.1" 200 27
116.235.244.74 - - [05/Jul/2023:11:03:25 +0800] "GET /xingrg/all/function/internal_message.html?_=1688526215349&CODE_STATE=getMsg HTTP/1.1" 200 27
222.70.114.12 - - [05/Jul/2023:11:03:25 +0800] "GET /xingrg/all/function/internal_message.html?_=1688526207828&CODE_STATE=getMsg HTTP/1.1" 200 27
218.81.67.77 - - [05/Jul/2023:11:03:26 +0800] "GET /xingrg/kc/buy/cgsh_order_operate.html?command=get_materiel&rest_code=00148&code=00101008119&supplier_code=00100008&order_time=2023-07-05 HTTP/1.1" 200 412
114.83.216.42 - - [05/Jul/2023:11:03:26 +0800] "GET /xingrg/kc/base/wldb_order_operate.html?command=get_materiel&rest_code=00149&base_code=0010394&code=00101019187 HTTP/1.1" 200 479
120.253.135.82 - - [05/Jul/2023:11:03:27 +0800] "GET /xingrg/kc/pszx/mdps_order_list.html?orderType=0 HTTP/1.1" 200 21032
114.83.219.53 - - [05/Jul/2023:11:03:27 +0800] "GET /xingrg/check_reg.html?_=1688526323129 HTTP/1.1" 200 22
120.253.135.82 - - [05/Jul/2023:11:03:28 +0800] "POST /xingrg/kc/pszx/mdps_list_operate.html HTTP/1.1" 200 5222
222.70.180.90 - - [05/Jul/2023:11:03:29 +0800] "GET /xingrg/kc/buy/cgsh_order_operate.html?command=get_materiel&rest_code=00111&code=00101002009&supplier_code=00100088&order_time=2023-07-05 HTTP/1.1" 200 416
180.162.110.162 - - [05/Jul/2023:11:03:29 +0800] "GET /xingrg/all/function/internal_message.html?_=1688524978503&CODE_STATE=getMsg HTTP/1.1" 200 27
172.20.0.100 - - [05/Jul/2023:11:03:33 +0800] "GET /xingrg/all/function/internal_message.html?_=1688526213404&CODE_STATE=getMsg HTTP/1.1" 200 27
114.83.216.42 - - [05/Jul/2023:11:03:37 +0800] "GET /xingrg/all/function/internal_message.html?_=1688526214845&CODE_STATE=getMsg HTTP/1.1" 200 27
120.253.135.82 - - [05/Jul/2023:11:03:38 +0800] "GET /xingrg/check_reg.html?_=1688526048256 HTTP/1.1" 200 22
120.253.135.82 - - [05/Jul/2023:11:03:38 +0800] "GET /xingrg/all/function/internal_message.html?_=1688526048429&CODE_STATE=getMsg HTTP/1.1" 200 27
222.67.234.146 - - [05/Jul/2023:11:03:39 +0800] "GET /xingrg/all/function/internal_message.html?_=1688525702826&CODE_STATE=getMsg HTTP/1.1" 200 27
218.81.67.77 - - [05/Jul/2023:11:03:40 +0800] "GET /xingrg/all/function/internal_message.html?_=1688526220503&CODE_STATE=getMsg HTTP/1.1" 200 27
114.83.216.42 - - [05/Jul/2023:11:03:41 +0800] "GET /xingrg/kc/base/wldb_order_operate.html?command=get_materiel&rest_code=00149&base_code=0010394&code=00101019536 HTTP/1.1" 200 471
180.165.154.167 - - [05/Jul/2023:11:03:43 +0800] "GET /xingrg/all/function/internal_message.html?_=1688526223754&CODE_STATE=getMsg HTTP/1.1" 200 27
114.85.96.155 - - [05/Jul/2023:11:03:44 +0800] "GET /xingrg/kc/base/wldb_order_list.html HTTP/1.1" 200 19098
114.85.96.155 - - [05/Jul/2023:11:03:45 +0800] "POST /xingrg/kc/base/wldb_list_operate.html HTTP/1.1" 200 928
114.85.96.155 - - [05/Jul/2023:11:03:46 +0800] "GET /xingrg/kc/base/wldb_order_add.html HTTP/1.1" 200 30377
114.85.96.155 - - [05/Jul/2023:11:03:46 +0800] "POST /xingrg/kc/base/wldb_order_operate.html HTTP/1.1" 200 6806
222.70.180.90 - - [05/Jul/2023:11:03:46 +0800] "POST /xingrg/kc/buy/cgsh_order_operate.html HTTP/1.1" 200 37
114.85.96.155 - - [05/Jul/2023:11:03:46 +0800] "GET /xingrg/javascript/easyui/themes/default/validatebox.css HTTP/1.1" 404 1104
114.85.96.155 - - [05/Jul/2023:11:03:46 +0800] "GET /xingrg/all/common/auto_word.html?type=base&rest_code=00102 HTTP/1.1" 200 1857
114.85.96.155 - - [05/Jul/2023:11:03:46 +0800] "GET /xingrg/all/common/auto_word.html?type=base&rest_code=00102 HTTP/1.1" 200 1857
180.169.147.146 - - [05/Jul/2023:11:03:47 +0800] "GET /xingrg/all/function/internal_message.html?_=1688526223808&CODE_STATE=getMsg HTTP/1.1" 200 27
218.81.67.77 - - [05/Jul/2023:11:03:48 +0800] "GET /xingrg/kc/buy/cgsh_order_operate.html?command=get_materiel&rest_code=00148&code=00101008114&supplier_code=00100008&order_time=2023-07-05 HTTP/1.1" 200 412
114.83.219.53 - - [05/Jul/2023:11:03:48 +0800] "GET /xingrg/all/function/internal_message.html?_=1688526344039&CODE_STATE=getMsg HTTP/1.1" 200 27
222.70.180.90 - - [05/Jul/2023:11:03:48 +0800] "POST /xingrg/kc/buy/cgsh_order_operate.html HTTP/1.1" 200 2667
116.232.195.127 - - [05/Jul/2023:11:03:49 +0800] "GET /xingrg/all/function/internal_message.html?_=1688526214304&CODE_STATE=getMsg HTTP/1.1" 200 27
222.70.180.90 - - [05/Jul/2023:11:03:50 +0800] "GET /xingrg/kc/print/load_data.html?order_code=212023070501728&kc_code=cgsh&condition= HTTP/1.1" 200 756
114.83.216.42 - - [05/Jul/2023:11:03:51 +0800] "GET /xingrg/kc/base/wldb_order_operate.html?command=get_materiel&rest_code=00149&base_code=0010394&code=00101016076 HTTP/1.1" 200 477
218.81.67.77 - - [05/Jul/2023:11:03:53 +0800] "POST /xingrg/kc/buy/cgsh_order_operate.html HTTP/1.1" 200 2065
114.85.113.108 - - [05/Jul/2023:11:03:53 +0800] "GET /xingrg/all/function/internal_message.html?_=1688526232709&CODE_STATE=getMsg HTTP/1.1" 200 27
222.70.180.90 - - [05/Jul/2023:11:03:55 +0800] "GET /xingrg/kc/buy/cgsh_order_add.html HTTP/1.1" 200 71576
124.79.243.110 - - [05/Jul/2023:11:03:55 +0800] "GET /xingrg/all/function/internal_message.html?_=1688526519679&CODE_STATE=getMsg HTTP/1.1" 200 27
222.70.180.90 - - [05/Jul/2023:11:03:55 +0800] "POST /xingrg/kc/buy/cgsh_order_operate.html HTTP/1.1" 200 8245
222.70.180.90 - - [05/Jul/2023:11:03:55 +0800] "GET /xingrg/javascript/easyui/themes/default/validatebox.css HTTP/1.1" 404 1104
114.85.96.155 - - [05/Jul/2023:11:03:56 +0800] "POST /xingrg/all/common/load_combo.html?type=base HTTP/1.1" 200 3321
58.40.7.146 - - [05/Jul/2023:11:03:57 +0800] "GET /xingrg/all/function/internal_message.html?_=1688526237048&CODE_STATE=getMsg HTTP/1.1" 200 27
180.169.147.146 - - [05/Jul/2023:11:03:57 +0800] "GET /xingrg/all/function/internal_message.html?_=1688526235754&CODE_STATE=getMsg HTTP/1.1" 200 27
114.83.216.42 - - [05/Jul/2023:11:03:58 +0800] "GET /xingrg/kc/base/wldb_order_operate.html?command=get_materiel&rest_code=00149&base_code=0010394&code=00101019529 HTTP/1.1" 200 475
114.85.96.155 - - [05/Jul/2023:11:03:59 +0800] "POST /xingrg/all/common/load_combo.html?type=base HTTP/1.1" 200 3321
120.253.135.82 - - [05/Jul/2023:11:03:59 +0800] "GET /xingrg/kc/pszx/mdqp_order_list.html?state=10 HTTP/1.1" 200 10275
120.253.135.82 - - [05/Jul/2023:11:03:59 +0800] "GET /xingrg/dwr/interface/AjaxReportQueryService.js HTTP/1.1" 200 13203
120.253.135.82 - - [05/Jul/2023:11:03:59 +0800] "GET /xingrg/dwr/engine.js HTTP/1.1" 200 43631
120.253.135.82 - - [05/Jul/2023:11:03:59 +0800] "GET /xingrg/dwr/interface/AjaxQqpsService.js HTTP/1.1" 200 16326
218.81.67.77 - - [05/Jul/2023:11:04:01 +0800] "GET /xingrg/kc/buy/cgsh_order_operate.html?command=get_materiel&rest_code=00148&code=00101008168&supplier_code=00100008&order_time=2023-07-05 HTTP/1.1" 200 413
114.95.42.59 - - [05/Jul/2023:11:04:01 +0800] "GET /xingrg/all/function/internal_message.html?_=1688526059959&CODE_STATE=getMsg HTTP/1.1" 200 27
114.95.42.59 - - [05/Jul/2023:11:04:01 +0800] "GET /xingrg/check_reg.html?_=1688526059962 HTTP/1.1" 200 22
222.70.180.90 - - [05/Jul/2023:11:04:02 +0800] "GET /xingrg/all/function/internal_message.html?_=1688526297060&CODE_STATE=getMsg HTTP/1.1" 200 27
222.70.180.90 - - [05/Jul/2023:11:04:03 +0800] "GET /xingrg/all/function/internal_message.html?_=1688526242093&CODE_STATE=getMsg HTTP/1.1" 200 27
222.70.180.90 - - [05/Jul/2023:11:04:07 +0800] "GET /xingrg/kc/buy/cgsh_order_operate.html?command=get_materiel&rest_code=00111&code=00101004104&supplier_code=00100086&order_time=2023-07-05 HTTP/1.1" 200 408
116.238.191.126 - - [05/Jul/2023:11:04:07 +0800] "GET /xingrg/all/function/internal_message.html?_=1688526158685&CODE_STATE=getMsg HTTP/1.1" 200 27
114.95.42.59 - - [05/Jul/2023:11:04:09 +0800] "GET /xingrg/check_reg.html?_=1688526250307 HTTP/1.1" 200 22
114.83.216.42 - - [05/Jul/2023:11:04:09 +0800] "GET /xingrg/kc/base/wldb_order_operate.html?command=get_materiel&rest_code=00149&base_code=0010394&code=00101019071 HTTP/1.1" 200 471
114.85.96.155 - - [05/Jul/2023:11:04:11 +0800] "GET /xingrg/kc/base/wldb_order_operate.html?command=get_materiel&rest_code=00102&base_code=0010476&code=00101014087 HTTP/1.1" 200 425
180.162.110.162 - - [05/Jul/2023:11:04:12 +0800] "GET /xingrg/kc/buy/cgsh_order_operate.html?command=get_materiel&rest_code=00143&code=00102002589&supplier_code=00100207&order_time=2023-07-04 HTTP/1.1" 200 422
61.170.233.201 - - [05/Jul/2023:11:04:12 +0800] "GET /xingrg/all/function/internal_message.html?_=1688526253059&CODE_STATE=getMsg HTTP/1.1" 200 27
222.70.180.90 - - [05/Jul/2023:11:04:16 +0800] "GET /xingrg/kc/buy/cgsh_order_operate.html?command=get_materiel&rest_code=00111&code=00101004101&supplier_code=00100086&order_time=2023-07-05 HTTP/1.1" 200 413
114.95.42.59 - - [05/Jul/2023:11:04:18 +0800] "GET /xingrg/all/function/internal_message.html?_=1688526258885&CODE_STATE=getMsg HTTP/1.1" 200 27
114.83.216.42 - - [05/Jul/2023:11:04:18 +0800] "GET /xingrg/all/function/internal_message.html?_=1688526257982&CODE_STATE=getMsg HTTP/1.1" 200 27
114.95.42.59 - - [05/Jul/2023:11:04:20 +0800] "GET /xingrg/kc/base/base_main.html HTTP/1.1" 200 12142
114.95.42.59 - - [05/Jul/2023:11:04:20 +0800] "GET /xingrg/images/blue/button/wlsy.gif HTTP/1.1" 304 -
114.95.42.59 - - [05/Jul/2023:11:04:20 +0800] "GET /xingrg/images/blue/button/ckpd.gif HTTP/1.1" 304 -
114.95.42.59 - - [05/Jul/2023:11:04:20 +0800] "GET /xingrg/images/blue/button/ckdb.gif HTTP/1.1" 304 -
114.95.42.59 - - [05/Jul/2023:11:04:20 +0800] "GET /xingrg/images/blue/button/yddb.gif HTTP/1.1" 304 -
114.95.42.59 - - [05/Jul/2023:11:04:20 +0800] "GET /xingrg/images/blue/button/top_left.jpg HTTP/1.1" 304 -
114.95.42.59 - - [05/Jul/2023:11:04:20 +0800] "GET /xingrg/images/blue/button/top_right.jpg HTTP/1.1" 304 -
114.95.42.59 - - [05/Jul/2023:11:04:20 +0800] "GET /xingrg/images/blue/button/down.jpg HTTP/1.1" 304 -
114.95.42.59 - - [05/Jul/2023:11:04:20 +0800] "GET /xingrg/images/blue/button/bottom_left.jpg HTTP/1.1" 304 -
114.95.42.59 - - [05/Jul/2023:11:04:20 +0800] "GET /xingrg/images/blue/button/left_ah.jpg HTTP/1.1" 304 -
114.95.42.59 - - [05/Jul/2023:11:04:20 +0800] "GET /xingrg/images/blue/button/bottom_right.jpg HTTP/1.1" 304 -
114.95.42.59 - - [05/Jul/2023:11:04:22 +0800] "GET /xingrg/kc/base/wldb_order_list.html HTTP/1.1" 200 19098
114.83.216.42 - - [05/Jul/2023:11:04:22 +0800] "GET /xingrg/kc/base/wldb_order_operate.html?command=get_materiel&rest_code=00149&base_code=0010394&code=00101019184 HTTP/1.1" 200 456
114.95.42.59 - - [05/Jul/2023:11:04:22 +0800] "POST /xingrg/kc/base/wldb_list_operate.html HTTP/1.1" 200 928
61.170.233.201 - - [05/Jul/2023:11:04:25 +0800] "GET /xingrg/all/function/internal_message.html?_=1688526263257&CODE_STATE=getMsg HTTP/1.1" 200 27
114.95.42.59 - - [05/Jul/2023:11:04:25 +0800] "GET /xingrg/kc/base/wldb_order_add.html HTTP/1.1" 200 30381
116.235.244.74 - - [05/Jul/2023:11:04:25 +0800] "GET /xingrg/all/function/internal_message.html?_=1688526275364&CODE_STATE=getMsg HTTP/1.1" 200 27
222.70.114.12 - - [05/Jul/2023:11:04:25 +0800] "GET /xingrg/all/function/internal_message.html?_=1688526267827&CODE_STATE=getMsg HTTP/1.1" 200 27
114.95.42.59 - - [05/Jul/2023:11:04:25 +0800] "POST /xingrg/kc/base/wldb_order_operate.html HTTP/1.1" 200 6806
114.95.42.59 - - [05/Jul/2023:11:04:25 +0800] "GET /xingrg/all/common/auto_word.html?type=base&rest_code=00105 HTTP/1.1" 200 1907
114.95.42.59 - - [05/Jul/2023:11:04:25 +0800] "GET /xingrg/all/common/auto_word.html?type=base&rest_code=00105 HTTP/1.1" 200 1907
114.95.42.59 - - [05/Jul/2023:11:04:25 +0800] "GET /xingrg/javascript/easyui/themes/default/validatebox.css HTTP/1.1" 404 1104
222.70.180.90 - - [05/Jul/2023:11:04:26 +0800] "POST /xingrg/kc/buy/cgsh_order_operate.html HTTP/1.1" 200 37
222.70.180.90 - - [05/Jul/2023:11:04:28 +0800] "POST /xingrg/kc/buy/cgsh_order_operate.html HTTP/1.1" 200 3250
180.162.110.162 - - [05/Jul/2023:11:04:29 +0800] "GET /xingrg/all/function/internal_message.html?_=1688525038479&CODE_STATE=getMsg HTTP/1.1" 200 27
180.162.110.162 - - [05/Jul/2023:11:04:29 +0800] "GET /xingrg/check_reg.html?_=1688525038538 HTTP/1.1" 200 22
222.70.180.90 - - [05/Jul/2023:11:04:29 +0800] "GET /xingrg/kc/print/load_data.html?order_code=212023070501729&kc_code=cgsh&condition= HTTP/1.1" 200 962
172.20.0.100 - - [05/Jul/2023:11:04:33 +0800] "GET /xingrg/all/function/internal_message.html?_=1688526273405&CODE_STATE=getMsg HTTP/1.1" 200 27
172.20.0.100 - - [05/Jul/2023:11:04:33 +0800] "GET /xingrg/check_reg.html?_=1688526273425 HTTP/1.1" 200 22
114.95.42.59 - - [05/Jul/2023:11:04:37 +0800] "GET /xingrg/javascript/auto/indicator.gif HTTP/1.1" 404 1066
114.83.216.42 - - [05/Jul/2023:11:04:37 +0800] "GET /xingrg/check_reg.html?_=1688526274841 HTTP/1.1" 200 22
114.83.216.42 - - [05/Jul/2023:11:04:37 +0800] "GET /xingrg/all/function/internal_message.html?_=1688526274846&CODE_STATE=getMsg HTTP/1.1" 200 27
120.253.135.82 - - [05/Jul/2023:11:04:38 +0800] "GET /xingrg/all/function/internal_message.html?_=1688526108452&CODE_STATE=getMsg HTTP/1.1" 200 27
222.67.234.146 - - [05/Jul/2023:11:04:39 +0800] "GET /xingrg/all/function/internal_message.html?_=1688525762801&CODE_STATE=getMsg HTTP/1.1" 200 27
218.81.67.77 - - [05/Jul/2023:11:04:40 +0800] "GET /xingrg/all/function/internal_message.html?_=1688526280502&CODE_STATE=getMsg HTTP/1.1" 200 27
218.81.67.77 - - [05/Jul/2023:11:04:40 +0800] "GET /xingrg/check_reg.html?_=1688526280503 HTTP/1.1" 200 22
222.70.180.90 - - [05/Jul/2023:11:04:40 +0800] "GET /xingrg/kc/buy/cgsh_order_add.html HTTP/1.1" 200 8212
222.70.180.90 - - [05/Jul/2023:11:04:40 +0800] "GET /xingrg/kc/buy/cgsh_order_add.html HTTP/1.1" 200 71576
222.70.180.90 - - [05/Jul/2023:11:04:41 +0800] "POST /xingrg/kc/buy/cgsh_order_operate.html HTTP/1.1" 200 8245
222.70.180.90 - - [05/Jul/2023:11:04:41 +0800] "GET /xingrg/javascript/easyui/themes/default/validatebox.css HTTP/1.1" 404 1104
222.67.234.146 - - [05/Jul/2023:11:04:41 +0800] "GET /xingrg/kc/buy/cgsh_order_add.html HTTP/1.1" 200 71620
222.67.234.146 - - [05/Jul/2023:11:04:42 +0800] "GET /xingrg/javascript/easyui/themes/default/validatebox.css HTTP/1.1" 404 1104
222.67.234.146 - - [05/Jul/2023:11:04:42 +0800] "POST /xingrg/kc/buy/cgsh_order_operate.html HTTP/1.1" 200 8245
218.81.67.77 - - [05/Jul/2023:11:04:42 +0800] "GET /xingrg/kc/buy/cgsh_order_operate.html?command=get_materiel&rest_code=00148&code=00101008150&supplier_code=00100008&order_time=2023-07-05 HTTP/1.1" 200 409
114.83.216.42 - - [05/Jul/2023:11:04:43 +0800] "POST /xingrg/kc/base/wldb_order_operate.html HTTP/1.1" 200 37
180.165.154.167 - - [05/Jul/2023:11:04:43 +0800] "GET /xingrg/all/function/internal_message.html?_=1688526283748&CODE_STATE=getMsg HTTP/1.1" 200 27
180.165.154.167 - - [05/Jul/2023:11:04:44 +0800] "GET /xingrg/check_reg.html?_=1688526284354 HTTP/1.1" 200 22
114.95.42.59 - - [05/Jul/2023:11:04:44 +0800] "GET /xingrg/javascript/jquery_tools/images/next.gif HTTP/1.1" 404 1086
114.95.42.59 - - [05/Jul/2023:11:04:44 +0800] "GET /xingrg/javascript/jquery_tools/images/prev.gif HTTP/1.1" 404 1086
120.253.135.82 - - [05/Jul/2023:11:04:46 +0800] "GET /xingrg/kc/pszx/mdqp_order_list.html?state=10 HTTP/1.1" 200 10275
120.253.135.82 - - [05/Jul/2023:11:04:46 +0800] "GET /xingrg/dwr/interface/AjaxReportQueryService.js HTTP/1.1" 200 13203
120.253.135.82 - - [05/Jul/2023:11:04:46 +0800] "GET /xingrg/dwr/interface/AjaxQqpsService.js HTTP/1.1" 200 16326
120.253.135.82 - - [05/Jul/2023:11:04:46 +0800] "GET /xingrg/dwr/engine.js HTTP/1.1" 200 43631
180.165.154.167 - - [05/Jul/2023:11:04:48 +0800] "GET /xingrg/kc/buy/cgsh_order_operate.html?command=get_materiel&rest_code=00108&code=00101006055&supplier_code=00100012&order_time=2023-07-05 HTTP/1.1" 200 409
114.83.219.53 - - [05/Jul/2023:11:04:48 +0800] "GET /xingrg/all/function/internal_message.html?_=1688526404027&CODE_STATE=getMsg HTTP/1.1" 200 27
116.232.195.127 - - [05/Jul/2023:11:04:49 +0800] "GET /xingrg/all/function/internal_message.html?_=1688526274302&CODE_STATE=getMsg HTTP/1.1" 200 27
114.83.216.42 - - [05/Jul/2023:11:04:49 +0800] "POST /xingrg/kc/base/wldb_order_operate.html HTTP/1.1" 200 12
