114.95.42.59 - - [05/Jul/2023:09:54:19 +0800] "GET /xingrg/all/function/internal_message.html?_=1688522060518&CODE_STATE=getMsg HTTP/1.1" 200 27
114.85.96.155 - - [05/Jul/2023:09:54:20 +0800] "GET /xingrg/kc/buy/cgsh_order_operate.html?command=get_materiel&rest_code=00102&code=00101006180&supplier_code=00100096&order_time=2023-07-05 HTTP/1.1" 200 425
120.253.135.82 - - [05/Jul/2023:09:54:22 +0800] "GET /xingrg/login.html HTTP/1.1" 200 7641
58.39.105.68 - - [05/Jul/2023:09:54:23 +0800] "GET /xingrg/all/function/internal_message.html?_=1688522062539&CODE_STATE=getMsg HTTP/1.1" 200 27
120.253.135.82 - - [05/Jul/2023:09:54:23 +0800] "GET /favicon.ico HTTP/1.1" 404 -
116.235.244.74 - - [05/Jul/2023:09:54:23 +0800] "GET /xingrg/all/function/internal_message.html?_=1688522073591&CODE_STATE=getMsg HTTP/1.1" 200 27
222.70.114.12 - - [05/Jul/2023:09:54:25 +0800] "GET /xingrg/all/function/internal_message.html?_=1688522067669&CODE_STATE=getMsg HTTP/1.1" 200 27
120.253.135.82 - - [05/Jul/2023:09:54:26 +0800] "POST /xingrg/login.do HTTP/1.1" 302 -
120.253.135.82 - - [05/Jul/2023:09:54:27 +0800] "GET /xingrg/index.html?sysBaseUrl=http%3A%2F%2F180.169.147.146%3A18081%2Fxingrg%2F&costTime=804×tamp=1688522066820 HTTP/1.1" 200 17173
120.253.135.82 - - [05/Jul/2023:09:54:27 +0800] "GET /xingrg/all/function/internal_message.html?_=1688522209456&CODE_STATE=count HTTP/1.1" 200 11
120.253.135.82 - - [05/Jul/2023:09:54:27 +0800] "GET /xingrg/check_reg.html?_=1688522209456 HTTP/1.1" 200 22
120.253.135.82 - - [05/Jul/2023:09:54:27 +0800] "POST /xingrg/all/common/load_tree.html?tree=area_rest_tree_json&manage=1 HTTP/1.1" 200 344
120.253.135.82 - - [05/Jul/2023:09:54:27 +0800] "POST /xingrg/load_menu.html HTTP/1.1" 200 6743
114.83.219.53 - - [05/Jul/2023:09:54:27 +0800] "GET /xingrg/all/function/internal_message.html?_=1688522183127&CODE_STATE=getMsg HTTP/1.1" 200 27
120.253.135.82 - - [05/Jul/2023:09:54:29 +0800] "GET /xingrg/all/function/internal_message.html?_=1688521898974&CODE_STATE=getMsg HTTP/1.1" 200 27
114.83.216.42 - - [05/Jul/2023:09:54:30 +0800] "GET /xingrg/all/function/internal_message.html?_=1688522070354&CODE_STATE=getMsg HTTP/1.1" 200 27
172.20.0.100 - - [05/Jul/2023:09:54:33 +0800] "GET /xingrg/all/function/internal_message.html?_=1688522073407&CODE_STATE=getMsg HTTP/1.1" 200 27
172.20.0.100 - - [05/Jul/2023:09:54:33 +0800] "GET /xingrg/check_reg.html?_=1688522073409 HTTP/1.1" 200 22
120.253.135.82 - - [05/Jul/2023:09:54:37 +0800] "GET /xingrg/kc/pszx/mdps_order_list.html?orderType=0 HTTP/1.1" 200 21032
120.253.135.82 - - [05/Jul/2023:09:54:37 +0800] "GET /xingrg/kc/pszx/mdps_order_list.html?orderType=0 HTTP/1.1" 200 21032
120.253.135.82 - - [05/Jul/2023:09:54:38 +0800] "POST /xingrg/kc/pszx/mdps_list_operate.html HTTP/1.1" 200 5222
180.165.154.167 - - [05/Jul/2023:09:54:44 +0800] "GET /xingrg/all/function/internal_message.html?_=1688522083471&CODE_STATE=getMsg HTTP/1.1" 200 27
180.165.154.167 - - [05/Jul/2023:09:54:44 +0800] "GET /xingrg/check_reg.html?_=1688522083474 HTTP/1.1" 200 22
120.253.135.82 - - [05/Jul/2023:09:54:44 +0800] "POST /xingrg/kc/pszx/mdps_list_operate.html HTTP/1.1" 200 634
120.253.135.82 - - [05/Jul/2023:09:54:45 +0800] "GET /xingrg/kc/pszx/mdps_order_info.html?code=312023070500109 HTTP/1.1" 200 23978
120.253.135.82 - - [05/Jul/2023:09:54:45 +0800] "GET /xingrg/words/20230704105550_words.js HTTP/1.1" 304 -
120.253.135.82 - - [05/Jul/2023:09:54:45 +0800] "GET /xingrg/javascript/easyui/themes/default/validatebox.css HTTP/1.1" 404 1104
120.253.135.82 - - [05/Jul/2023:09:54:45 +0800] "GET /xingrg/all/common/auto_word.html?type=base&rest_code=00101 HTTP/1.1" 200 671
120.253.135.82 - - [05/Jul/2023:09:54:46 +0800] "POST /xingrg/kc/pszx/mdps_order_operate.html HTTP/1.1" 200 10912
116.232.195.127 - - [05/Jul/2023:09:54:49 +0800] "GET /xingrg/all/function/internal_message.html?_=1688522074306&CODE_STATE=getMsg HTTP/1.1" 200 27
114.85.96.155 - - [05/Jul/2023:09:54:49 +0800] "GET /xingrg/kc/buy/cgsh_order_operate.html?command=get_materiel&rest_code=00102&code=00101006117&supplier_code=00100096&order_time=2023-07-05 HTTP/1.1" 200 411
180.169.147.146 - - [05/Jul/2023:09:54:51 +0800] "GET /xingrg/check_reg.html?_=1688522087618 HTTP/1.1" 200 22
180.169.147.146 - - [05/Jul/2023:09:54:51 +0800] "GET /xingrg/all/function/internal_message.html?_=1688522087619&CODE_STATE=getMsg HTTP/1.1" 200 27
114.85.113.108 - - [05/Jul/2023:09:54:55 +0800] "GET /xingrg/all/function/internal_message.html?_=1688522093885&CODE_STATE=getMsg HTTP/1.1" 200 27
124.79.243.110 - - [05/Jul/2023:09:54:55 +0800] "GET /xingrg/check_reg.html?_=1688522379563 HTTP/1.1" 200 22
124.79.243.110 - - [05/Jul/2023:09:54:55 +0800] "GET /xingrg/all/function/internal_message.html?_=1688522379565&CODE_STATE=getMsg HTTP/1.1" 200 27
180.163.29.234 - - [05/Jul/2023:09:54:56 +0800] "GET /xingrg/all/function/internal_message.html?_=1688522034628&CODE_STATE=getMsg HTTP/1.1" 302 -
180.163.29.234 - - [05/Jul/2023:09:54:56 +0800] "GET /xingrg/login.html HTTP/1.1" 200 7641
61.170.233.201 - - [05/Jul/2023:09:54:56 +0800] "GET /xingrg/all/function/internal_message.html?_=1688522094626&CODE_STATE=getMsg HTTP/1.1" 200 27
180.169.147.146 - - [05/Jul/2023:09:54:57 +0800] "GET /xingrg/all/function/internal_message.html?_=1688522095742&CODE_STATE=getMsg HTTP/1.1" 200 27
180.165.154.167 - - [05/Jul/2023:09:54:58 +0800] "GET /xingrg/kc/buy/cgsh_order_operate.html?command=get_materiel&rest_code=00108&code=00101008371&supplier_code=00100007&order_time=2023-07-05 HTTP/1.1" 200 412
114.95.42.59 - - [05/Jul/2023:09:55:01 +0800] "GET /xingrg/all/function/internal_message.html?_=1688521919925&CODE_STATE=getMsg HTTP/1.1" 200 27
222.70.180.90 - - [05/Jul/2023:09:55:02 +0800] "GET /xingrg/all/function/internal_message.html?_=1688522157065&CODE_STATE=getMsg HTTP/1.1" 200 27
222.70.180.90 - - [05/Jul/2023:09:55:02 +0800] "GET /xingrg/check_reg.html?_=1688522157067 HTTP/1.1" 200 22
222.70.180.90 - - [05/Jul/2023:09:55:03 +0800] "GET /xingrg/all/function/internal_message.html?_=1688522101996&CODE_STATE=getMsg HTTP/1.1" 200 27
222.70.180.90 - - [05/Jul/2023:09:55:03 +0800] "GET /xingrg/check_reg.html?_=1688522102001 HTTP/1.1" 200 22
116.238.191.126 - - [05/Jul/2023:09:55:04 +0800] "GET /xingrg/all/function/internal_message.html?_=1688522015447&CODE_STATE=getMsg HTTP/1.1" 200 27
114.85.96.155 - - [05/Jul/2023:09:55:04 +0800] "GET /xingrg/all/function/internal_message.html?_=1688522104185&CODE_STATE=getMsg HTTP/1.1" 200 27
114.85.96.155 - - [05/Jul/2023:09:55:07 +0800] "GET /xingrg/kc/buy/cgsh_order_operate.html?command=get_materiel&rest_code=00102&code=00101006055&supplier_code=00100096&order_time=2023-07-05 HTTP/1.1" 200 411
120.253.135.82 - - [05/Jul/2023:09:55:09 +0800] "POST /xingrg/kc/pszx/mdps_list_operate.html HTTP/1.1" 200 630
180.165.154.167 - - [05/Jul/2023:09:55:11 +0800] "GET /xingrg/kc/buy/cgsh_order_operate.html?command=get_materiel&rest_code=00108&code=00101008049&supplier_code=00100007&order_time=2023-07-05 HTTP/1.1" 200 408
120.253.135.82 - - [05/Jul/2023:09:55:12 +0800] "GET /xingrg/kc/pszx/mdps_order_info.html?code=312023070500110 HTTP/1.1" 200 23978
120.253.135.82 - - [05/Jul/2023:09:55:12 +0800] "GET /xingrg/javascript/easyui/themes/default/validatebox.css HTTP/1.1" 404 1104
120.253.135.82 - - [05/Jul/2023:09:55:12 +0800] "GET /xingrg/all/common/auto_word.html?type=base&rest_code=00101 HTTP/1.1" 200 671
120.253.135.82 - - [05/Jul/2023:09:55:12 +0800] "POST /xingrg/kc/pszx/mdps_order_operate.html HTTP/1.1" 200 5335
114.95.42.59 - - [05/Jul/2023:09:55:19 +0800] "GET /xingrg/all/function/internal_message.html?_=1688522120497&CODE_STATE=getMsg HTTP/1.1" 200 27
114.85.96.155 - - [05/Jul/2023:09:55:21 +0800] "GET /xingrg/kc/buy/cgsh_order_operate.html?command=get_materiel&rest_code=00102&code=00101006065&supplier_code=00100096&order_time=2023-07-05 HTTP/1.1" 200 411
58.39.105.68 - - [05/Jul/2023:09:55:23 +0800] "GET /xingrg/all/function/internal_message.html?_=1688522122549&CODE_STATE=getMsg HTTP/1.1" 200 27
58.39.105.68 - - [05/Jul/2023:09:55:23 +0800] "GET /xingrg/check_reg.html?_=1688522122553 HTTP/1.1" 200 22
116.235.244.74 - - [05/Jul/2023:09:55:23 +0800] "GET /xingrg/all/function/internal_message.html?_=1688522133598&CODE_STATE=getMsg HTTP/1.1" 200 27
222.70.114.12 - - [05/Jul/2023:09:55:25 +0800] "GET /xingrg/all/function/internal_message.html?_=1688522127667&CODE_STATE=getMsg HTTP/1.1" 200 27
120.253.135.82 - - [05/Jul/2023:09:55:27 +0800] "GET /xingrg/all/function/internal_message.html?_=1688522269472&CODE_STATE=getMsg HTTP/1.1" 200 27
114.83.219.53 - - [05/Jul/2023:09:55:27 +0800] "GET /xingrg/all/function/internal_message.html?_=1688522243116&CODE_STATE=getMsg HTTP/1.1" 200 27
120.253.135.82 - - [05/Jul/2023:09:55:28 +0800] "POST /xingrg/kc/pszx/mdps_list_operate.html HTTP/1.1" 200 5222
120.253.135.82 - - [05/Jul/2023:09:55:29 +0800] "GET /xingrg/all/function/internal_message.html?_=1688521959257&CODE_STATE=getMsg HTTP/1.1" 200 27
114.83.216.42 - - [05/Jul/2023:09:55:30 +0800] "GET /xingrg/all/function/internal_message.html?_=1688522130360&CODE_STATE=getMsg HTTP/1.1" 200 27
172.20.0.100 - - [05/Jul/2023:09:55:33 +0800] "GET /xingrg/all/function/internal_message.html?_=1688522133409&CODE_STATE=getMsg HTTP/1.1" 200 27
114.85.96.155 - - [05/Jul/2023:09:55:37 +0800] "GET /xingrg/kc/buy/cgsh_order_operate.html?command=get_materiel&rest_code=00102&code=00101007125&supplier_code=00100096&order_time=2023-07-05 HTTP/1.1" 200 406
180.165.154.167 - - [05/Jul/2023:09:55:44 +0800] "GET /xingrg/all/function/internal_message.html?_=1688522143458&CODE_STATE=getMsg HTTP/1.1" 200 27
114.85.96.155 - - [05/Jul/2023:09:55:46 +0800] "GET /xingrg/kc/buy/cgsh_order_operate.html?command=get_materiel&rest_code=00102&code=00101007049&supplier_code=00100096&order_time=2023-07-05 HTTP/1.1" 200 409
116.232.195.127 - - [05/Jul/2023:09:55:49 +0800] "GET /xingrg/all/function/internal_message.html?_=1688522134294&CODE_STATE=getMsg HTTP/1.1" 200 27
180.169.147.146 - - [05/Jul/2023:09:55:51 +0800] "GET /xingrg/all/function/internal_message.html?_=1688522147617&CODE_STATE=getMsg HTTP/1.1" 200 27
180.165.154.167 - - [05/Jul/2023:09:55:53 +0800] "GET /xingrg/kc/buy/cgsh_order_operate.html?command=get_materiel&rest_code=00108&code=00101008387&supplier_code=00100007&order_time=2023-07-05 HTTP/1.1" 200 412
114.85.113.108 - - [05/Jul/2023:09:55:55 +0800] "GET /xingrg/all/function/internal_message.html?_=1688522153881&CODE_STATE=getMsg HTTP/1.1" 200 27
124.79.243.110 - - [05/Jul/2023:09:55:55 +0800] "GET /xingrg/all/function/internal_message.html?_=1688522439562&CODE_STATE=getMsg HTTP/1.1" 200 27
180.163.29.217 - - [05/Jul/2023:09:55:56 +0800] "GET /xingrg/all/function/internal_message.html?_=1688522094626&CODE_STATE=getMsg HTTP/1.1" 302 -
180.163.29.217 - - [05/Jul/2023:09:55:56 +0800] "GET /xingrg/login.html HTTP/1.1" 200 7641
61.170.233.201 - - [05/Jul/2023:09:55:56 +0800] "GET /xingrg/all/function/internal_message.html?_=1688522154584&CODE_STATE=getMsg HTTP/1.1" 200 27
180.169.147.146 - - [05/Jul/2023:09:55:57 +0800] "GET /xingrg/all/function/internal_message.html?_=1688522155747&CODE_STATE=getMsg HTTP/1.1" 200 27
180.169.147.146 - - [05/Jul/2023:09:55:57 +0800] "GET /xingrg/check_reg.html?_=1688522155744 HTTP/1.1" 200 22
114.95.42.59 - - [05/Jul/2023:09:56:01 +0800] "GET /xingrg/all/function/internal_message.html?_=1688521979919&CODE_STATE=getMsg HTTP/1.1" 200 27
222.70.180.90 - - [05/Jul/2023:09:56:02 +0800] "GET /xingrg/all/function/internal_message.html?_=1688522217051&CODE_STATE=getMsg HTTP/1.1" 200 27
116.238.191.126 - - [05/Jul/2023:09:56:03 +0800] "GET /xingrg/check_reg.html?_=1688522074935 HTTP/1.1" 200 22
222.70.180.90 - - [05/Jul/2023:09:56:03 +0800] "GET /xingrg/all/function/internal_message.html?_=1688522162000&CODE_STATE=getMsg HTTP/1.1" 200 27
116.238.191.126 - - [05/Jul/2023:09:56:04 +0800] "GET /xingrg/all/function/internal_message.html?_=1688522075460&CODE_STATE=getMsg HTTP/1.1" 200 27
114.85.96.155 - - [05/Jul/2023:09:56:04 +0800] "GET /xingrg/all/function/internal_message.html?_=1688522164206&CODE_STATE=getMsg HTTP/1.1" 200 27
114.85.113.108 - - [05/Jul/2023:09:56:10 +0800] "GET /xingrg/check_reg.html?_=1688522169140 HTTP/1.1" 200 22
180.165.154.167 - - [05/Jul/2023:09:56:18 +0800] "GET /xingrg/kc/buy/cgsh_order_operate.html?command=get_materiel&rest_code=00108&code=00101008288&supplier_code=00100007&order_time=2023-07-05 HTTP/1.1" 200 408
114.95.42.59 - - [05/Jul/2023:09:56:19 +0800] "GET /xingrg/all/function/internal_message.html?_=1688522180467&CODE_STATE=getMsg HTTP/1.1" 200 27
58.39.105.68 - - [05/Jul/2023:09:56:23 +0800] "GET /xingrg/all/function/internal_message.html?_=1688522182545&CODE_STATE=getMsg HTTP/1.1" 200 27
116.235.244.74 - - [05/Jul/2023:09:56:23 +0800] "GET /xingrg/check_reg.html?_=1688522193436 HTTP/1.1" 200 22
116.235.244.74 - - [05/Jul/2023:09:56:23 +0800] "GET /xingrg/all/function/internal_message.html?_=1688522193612&CODE_STATE=getMsg HTTP/1.1" 200 27
222.70.114.12 - - [05/Jul/2023:09:56:25 +0800] "GET /xingrg/all/function/internal_message.html?_=1688522187667&CODE_STATE=getMsg HTTP/1.1" 200 27
114.83.219.53 - - [05/Jul/2023:09:56:27 +0800] "GET /xingrg/all/function/internal_message.html?_=1688522303133&CODE_STATE=getMsg HTTP/1.1" 200 27
120.253.135.82 - - [05/Jul/2023:09:56:29 +0800] "GET /xingrg/all/function/internal_message.html?_=1688522019266&CODE_STATE=getMsg HTTP/1.1" 200 27
114.83.216.42 - - [05/Jul/2023:09:56:30 +0800] "GET /xingrg/check_reg.html?_=1688522190343 HTTP/1.1" 200 22
114.83.216.42 - - [05/Jul/2023:09:56:30 +0800] "GET /xingrg/all/function/internal_message.html?_=1688522190349&CODE_STATE=getMsg HTTP/1.1" 200 27
180.165.154.167 - - [05/Jul/2023:09:56:31 +0800] "GET /xingrg/kc/buy/cgsh_order_operate.html?command=get_materiel&rest_code=00108&code=00101008300&supplier_code=00100007&order_time=2023-07-05 HTTP/1.1" 200 412
172.20.0.100 - - [05/Jul/2023:09:56:33 +0800] "GET /xingrg/all/function/internal_message.html?_=1688522193412&CODE_STATE=getMsg HTTP/1.1" 200 27
114.85.96.155 - - [05/Jul/2023:09:56:39 +0800] "POST /xingrg/kc/buy/cgsh_order_operate.html HTTP/1.1" 200 37
180.165.154.167 - - [05/Jul/2023:09:56:44 +0800] "GET /xingrg/all/function/internal_message.html?_=1688522203458&CODE_STATE=getMsg HTTP/1.1" 200 27
114.85.96.155 - - [05/Jul/2023:09:56:46 +0800] "POST /xingrg/kc/buy/cgsh_order_operate.html HTTP/1.1" 200 12
114.85.96.155 - - [05/Jul/2023:09:56:48 +0800] "GET /xingrg/kc/buy/cgsh_order_info.html?code=212023070501689 HTTP/1.1" 200 66552
116.232.195.127 - - [05/Jul/2023:09:56:49 +0800] "GET /xingrg/all/function/internal_message.html?_=1688522194308&CODE_STATE=getMsg HTTP/1.1" 200 27
116.232.195.127 - - [05/Jul/2023:09:56:49 +0800] "GET /xingrg/check_reg.html?_=1688522194309 HTTP/1.1" 200 22
114.85.96.155 - - [05/Jul/2023:09:56:49 +0800] "GET /xingrg/javascript/easyui/themes/default/validatebox.css HTTP/1.1" 404 1104
114.85.96.155 - - [05/Jul/2023:09:56:50 +0800] "POST /xingrg/kc/buy/cgsh_order_operate.html HTTP/1.1" 200 8307
180.169.147.146 - - [05/Jul/2023:09:56:51 +0800] "GET /xingrg/all/function/internal_message.html?_=1688522207615&CODE_STATE=getMsg HTTP/1.1" 200 27
180.165.154.167 - - [05/Jul/2023:09:56:52 +0800] "GET /xingrg/kc/buy/cgsh_order_operate.html?command=get_materiel&rest_code=00108&code=00101008188&supplier_code=00100007&order_time=2023-07-05 HTTP/1.1" 200 412
114.85.96.155 - - [05/Jul/2023:09:56:52 +0800] "GET /xingrg/kc/print/load_config.html?kc_code=cgsh HTTP/1.1" 200 1924
114.85.96.155 - - [05/Jul/2023:09:56:53 +0800] "GET /xingrg/kc/print/load_data.html?order_code=212023070501689&kc_code=cgsh&condition= HTTP/1.1" 200 3555
114.85.113.108 - - [05/Jul/2023:09:56:55 +0800] "GET /xingrg/all/function/internal_message.html?_=1688522213856&CODE_STATE=getMsg HTTP/1.1" 200 27
124.79.243.110 - - [05/Jul/2023:09:56:55 +0800] "GET /xingrg/all/function/internal_message.html?_=1688522499577&CODE_STATE=getMsg HTTP/1.1" 200 27
61.170.233.201 - - [05/Jul/2023:09:56:56 +0800] "GET /xingrg/all/function/internal_message.html?_=1688522214571&CODE_STATE=getMsg HTTP/1.1" 200 27
180.169.147.146 - - [05/Jul/2023:09:56:57 +0800] "GET /xingrg/all/function/internal_message.html?_=1688522215740&CODE_STATE=getMsg HTTP/1.1" 200 27
114.95.42.59 - - [05/Jul/2023:09:57:01 +0800] "GET /xingrg/all/function/internal_message.html?_=1688522039929&CODE_STATE=getMsg HTTP/1.1" 200 27
222.70.180.90 - - [05/Jul/2023:09:57:02 +0800] "GET /xingrg/all/function/internal_message.html?_=1688522277065&CODE_STATE=getMsg HTTP/1.1" 200 27
222.70.180.90 - - [05/Jul/2023:09:57:03 +0800] "GET /xingrg/all/function/internal_message.html?_=1688522222014&CODE_STATE=getMsg HTTP/1.1" 200 27
116.238.191.126 - - [05/Jul/2023:09:57:04 +0800] "GET /xingrg/all/function/internal_message.html?_=1688522135474&CODE_STATE=getMsg HTTP/1.1" 200 27
114.85.96.155 - - [05/Jul/2023:09:57:04 +0800] "GET /xingrg/check_reg.html?_=1688522224211 HTTP/1.1" 200 22
114.85.96.155 - - [05/Jul/2023:09:57:04 +0800] "GET /xingrg/all/function/internal_message.html?_=1688522224214&CODE_STATE=getMsg HTTP/1.1" 200 27
114.83.216.42 - - [05/Jul/2023:09:57:04 +0800] "POST /xingrg/all/user/operate.html HTTP/1.1" 200 36
120.253.135.82 - - [05/Jul/2023:09:57:05 +0800] "GET /xingrg/kc/pszx/mdqp_order_list.html?state=10 HTTP/1.1" 200 10717
114.83.216.42 - - [05/Jul/2023:09:57:05 +0800] "GET /xingrg/index.html?sysBaseUrl=http%3A%2F%2F180.169.147.146%3A18081%2Fxingrg%2F&costTime=828×tamp=1688520888856 HTTP/1.1" 200 17509
120.253.135.82 - - [05/Jul/2023:09:57:05 +0800] "GET /xingrg/dwr/engine.js HTTP/1.1" 200 43631
114.83.216.42 - - [05/Jul/2023:09:57:05 +0800] "GET /xingrg/javascript/jquery_easy_ui/themes/default/easyui.css HTTP/1.1" 304 -
120.253.135.82 - - [05/Jul/2023:09:57:05 +0800] "GET /xingrg/dwr/interface/AjaxQqpsService.js HTTP/1.1" 200 16326
120.253.135.82 - - [05/Jul/2023:09:57:05 +0800] "GET /xingrg/dwr/interface/AjaxReportQueryService.js HTTP/1.1" 200 13203
114.83.216.42 - - [05/Jul/2023:09:57:05 +0800] "GET /xingrg/javascript/jquery_easy_ui/themes/icon.css HTTP/1.1" 304 -
114.83.216.42 - - [05/Jul/2023:09:57:05 +0800] "GET /xingrg/css/form.css HTTP/1.1" 304 -
114.83.216.42 - - [05/Jul/2023:09:57:05 +0800] "GET /xingrg/javascript/jquery-1.4.2.min.js HTTP/1.1" 304 -
114.83.216.42 - - [05/Jul/2023:09:57:05 +0800] "GET /xingrg/javascript/jquery_easy_ui/jquery.easyui.min.js HTTP/1.1" 304 -
114.83.216.42 - - [05/Jul/2023:09:57:05 +0800] "GET /xingrg/javascript/jquery_easy_ui/easyui-lang-zh_CN.js HTTP/1.1" 304 -
114.83.216.42 - - [05/Jul/2023:09:57:05 +0800] "GET /xingrg/javascript/jquery.form.js HTTP/1.1" 304 -
114.83.216.42 - - [05/Jul/2023:09:57:05 +0800] "GET /xingrg/javascript/jquery.utils.js HTTP/1.1" 304 -
114.83.216.42 - - [05/Jul/2023:09:57:05 +0800] "GET /xingrg/javascript/jquery.timers.js HTTP/1.1" 304 -
114.83.216.42 - - [05/Jul/2023:09:57:05 +0800] "GET /xingrg/images/blue/jxLogo.png HTTP/1.1" 304 -
114.83.216.42 - - [05/Jul/2023:09:57:05 +0800] "GET /xingrg/images/blue/navBackgound.jpg HTTP/1.1" 304 -
114.83.216.42 - - [05/Jul/2023:09:57:05 +0800] "GET /xingrg/javascript/jquery_easy_ui/themes/icons/settle_new.png HTTP/1.1" 304 -
114.83.216.42 - - [05/Jul/2023:09:57:05 +0800] "GET /xingrg/all/function/internal_message.html?_=1688522225440&CODE_STATE=count HTTP/1.1" 200 11
114.83.216.42 - - [05/Jul/2023:09:57:05 +0800] "GET /xingrg/check_reg.html?_=1688522225440 HTTP/1.1" 200 22
114.83.216.42 - - [05/Jul/2023:09:57:05 +0800] "GET /xingrg/javascript/jquery_easy_ui/themes/default/images/panel_tool_collapse.gif HTTP/1.1" 304 -
114.83.216.42 - - [05/Jul/2023:09:57:05 +0800] "GET /xingrg/javascript/jquery_easy_ui/themes/default/images/panel_tool_expand.gif HTTP/1.1" 304 -
114.83.216.42 - - [05/Jul/2023:09:57:05 +0800] "GET /xingrg/javascript/jquery_easy_ui/themes/default/images/tabs_rightarrow.png HTTP/1.1" 304 -
114.83.216.42 - - [05/Jul/2023:09:57:05 +0800] "GET /xingrg/javascript/jquery_easy_ui/themes/default/images/tabs_leftarrow.png HTTP/1.1" 304 -
114.83.216.42 - - [05/Jul/2023:09:57:05 +0800] "GET /xingrg/images/blue/pingpu.png HTTP/1.1" 304 -
114.83.216.42 - - [05/Jul/2023:09:57:05 +0800] "POST /xingrg/all/common/load_tree.html?tree=area_rest_tree_json&manage=1 HTTP/1.1" 200 3499
114.83.216.42 - - [05/Jul/2023:09:57:05 +0800] "POST /xingrg/load_menu.html HTTP/1.1" 200 9959
116.238.191.126 - - [05/Jul/2023:09:57:06 +0800] "POST /xingrg/kc/buy/cgsh_order_operate.html HTTP/1.1" 200 37
114.83.216.42 - - [05/Jul/2023:09:57:06 +0800] "GET /xingrg/kc/report/report_main.html HTTP/1.1" 200 7340
114.83.216.42 - - [05/Jul/2023:09:57:07 +0800] "GET /xingrg/kc/base/crk_hz.html HTTP/1.1" 200 11247
114.83.216.42 - - [05/Jul/2023:09:57:07 +0800] "POST /xingrg/kc/cost/cost_operate.html?command=get_base_tree HTTP/1.1" 200 2657
114.83.216.42 - - [05/Jul/2023:09:57:07 +0800] "POST /xingrg/all/common/load_tree.html?tree=materiel_sort_tree_json HTTP/1.1" 200 9500
114.83.216.42 - - [05/Jul/2023:09:57:08 +0800] "GET /xingrg/all/common/get_data_part.html?part=previousMonth&_=1688522228617 HTTP/1.1" 200 41
114.83.216.42 - - [05/Jul/2023:09:57:09 +0800] "GET /xingrg/kc/base/crk_hz.html?_=1688522229523&command=get_cost_id&end_date=2023-06-30&start_date=2023-06-01 HTTP/1.1" 200 51
114.83.216.42 - - [05/Jul/2023:09:57:09 +0800] "GET /xingrg/all/report/report_query.html?isQuery=1&onlyBody=1&rh=99999&rw=1800&varString=start:20230601,cost_id:4399,mid:20230601&fileName=kc/base/crk_hz_type_by_base.xml&queryString=&queryText=ÈÕÆÚ£º2023-06-01ÖÁ2023-06-30&tableQueryString=materiel_table$sp1$$sp$before_table$sp1$$sp$crk_table$sp1$order_day%20between%2020230601%20and%2020230630 HTTP/1.1" 200 49363
114.83.216.42 - - [05/Jul/2023:09:57:09 +0800] "GET /xingrg/dwr/interface/AjaxReportQueryService.js HTTP/1.1" 200 13203
114.83.216.42 - - [05/Jul/2023:09:57:09 +0800] "GET /xingrg/dwr/engine.js HTTP/1.1" 200 43631
180.165.154.167 - - [05/Jul/2023:09:57:12 +0800] "GET /xingrg/kc/buy/cgsh_order_operate.html?command=get_materiel&rest_code=00108&code=00101009030&supplier_code=00100007&order_time=2023-07-05 HTTP/1.1" 200 412
120.253.135.82 - - [05/Jul/2023:09:57:13 +0800] "GET /xingrg/kc/pszx/mdqp_order_info.html?code=302023070500082 HTTP/1.1" 200 8212
114.83.216.42 - - [05/Jul/2023:09:57:13 +0800] "POST /xingrg/all/report/load_report_page.html HTTP/1.1" 200 883536
120.253.135.82 - - [05/Jul/2023:09:57:13 +0800] "GET /xingrg/kc/pszx/mdqp_order_info.html?code=302023070500082 HTTP/1.1" 200 13346
120.253.135.82 - - [05/Jul/2023:09:57:14 +0800] "GET /xingrg/dwr/interface/AjaxComOrderService.js HTTP/1.1" 200 18264
120.253.135.82 - - [05/Jul/2023:09:57:14 +0800] "GET /xingrg/dwr/interface/AjaxQqpsService.js HTTP/1.1" 200 16326
120.253.135.82 - - [05/Jul/2023:09:57:14 +0800] "GET /xingrg/dwr/engine.js HTTP/1.1" 200 43631
114.83.216.42 - - [05/Jul/2023:09:57:14 +0800] "GET /xingrg/servlets/image?cache=0.7501579053220768&image=px HTTP/1.1" 200 807
120.253.135.82 - - [05/Jul/2023:09:57:15 +0800] "POST /xingrg/dwr/call/plaincall/AjaxQqpsService.loadMaterielItems.dwr HTTP/1.1" 200 365
114.95.42.59 - - [05/Jul/2023:09:57:19 +0800] "GET /xingrg/all/function/internal_message.html?_=1688522240446&CODE_STATE=getMsg HTTP/1.1" 200 27
180.165.154.167 - - [05/Jul/2023:09:57:21 +0800] "GET /xingrg/kc/buy/cgsh_order_operate.html?command=get_materiel&rest_code=00108&code=00101008119&supplier_code=00100007&order_time=2023-07-05 HTTP/1.1" 200 412
116.238.191.126 - - [05/Jul/2023:09:57:22 +0800] "POST /xingrg/kc/buy/cgsh_order_operate.html HTTP/1.1" 200 12
58.39.105.68 - - [05/Jul/2023:09:57:23 +0800] "GET /xingrg/all/function/internal_message.html?_=1688522242553&CODE_STATE=getMsg HTTP/1.1" 200 27
116.235.244.74 - - [05/Jul/2023:09:57:23 +0800] "GET /xingrg/all/function/internal_message.html?_=1688522253626&CODE_STATE=getMsg HTTP/1.1" 200 27
116.238.191.126 - - [05/Jul/2023:09:57:25 +0800] "GET /xingrg/kc/buy/cgsh_order_info.html?code=212023070501670 HTTP/1.1" 200 66589
116.238.191.126 - - [05/Jul/2023:09:57:25 +0800] "GET /xingrg/javascript/easyui/themes/default/validatebox.css HTTP/1.1" 404 1104
222.70.114.12 - - [05/Jul/2023:09:57:25 +0800] "GET /xingrg/all/function/internal_message.html?_=1688522247670&CODE_STATE=getMsg HTTP/1.1" 200 27
222.70.114.12 - - [05/Jul/2023:09:57:25 +0800] "GET /xingrg/check_reg.html?_=1688522247671 HTTP/1.1" 200 22
116.238.191.126 - - [05/Jul/2023:09:57:26 +0800] "POST /xingrg/kc/buy/cgsh_order_operate.html HTTP/1.1" 200 36681
114.83.219.53 - - [05/Jul/2023:09:57:27 +0800] "GET /xingrg/all/function/internal_message.html?_=1688522363129&CODE_STATE=getMsg HTTP/1.1" 200 27
116.238.191.126 - - [05/Jul/2023:09:57:29 +0800] "GET /xingrg/kc/print/load_data.html?order_code=212023070501670&kc_code=cgsh&condition= HTTP/1.1" 200 14371
120.253.135.82 - - [05/Jul/2023:09:57:29 +0800] "GET /xingrg/all/function/internal_message.html?_=1688522079280&CODE_STATE=getMsg HTTP/1.1" 200 27
114.85.96.155 - - [05/Jul/2023:09:57:29 +0800] "GET /xingrg/kc/buy/cgsh_order_add.html HTTP/1.1" 200 71655
114.85.96.155 - - [05/Jul/2023:09:57:30 +0800] "POST /xingrg/kc/buy/cgsh_order_operate.html HTTP/1.1" 200 8245
114.85.96.155 - - [05/Jul/2023:09:57:30 +0800] "GET /xingrg/javascript/easyui/themes/default/validatebox.css HTTP/1.1" 404 1104
120.253.135.82 - - [05/Jul/2023:09:57:30 +0800] "GET /xingrg/check_reg.html?_=1688522080185 HTTP/1.1" 200 22
114.85.96.155 - - [05/Jul/2023:09:57:33 +0800] "GET /xingrg/javascript/easyui/plugins/jquery.draggable.js HTTP/1.1" 200 6121
114.85.96.155 - - [05/Jul/2023:09:57:33 +0800] "GET /xingrg/css/images/panel_loading.gif HTTP/1.1" 200 1737
114.85.96.155 - - [05/Jul/2023:09:57:33 +0800] "GET /xingrg/javascript/easyui/plugins/jquery.droppable.js HTTP/1.1" 200 1167
114.85.96.155 - - [05/Jul/2023:09:57:33 +0800] "GET /xingrg/javascript/easyui/themes/default/tree.css HTTP/1.1" 404 1090
114.85.96.155 - - [05/Jul/2023:09:57:33 +0800] "GET /xingrg/javascript/easyui/plugins/jquery.tree.js HTTP/1.1" 200 20874
172.20.0.100 - - [05/Jul/2023:09:57:33 +0800] "GET /xingrg/all/function/internal_message.html?_=1688522253414&CODE_STATE=getMsg HTTP/1.1" 200 27
114.85.96.155 - - [05/Jul/2023:09:57:34 +0800] "POST /xingrg/all/common/load_tree.html?tree=supplier_tree_json&isDelete=1 HTTP/1.1" 200 74546
114.85.96.155 - - [05/Jul/2023:09:57:35 +0800] "GET /xingrg/javascript/easyui/themes/default/images/tree_arrows.gif HTTP/1.1" 200 617
114.85.96.155 - - [05/Jul/2023:09:57:35 +0800] "GET /xingrg/javascript/easyui/themes/default/images/tree_folder.gif HTTP/1.1" 200 952
114.85.96.155 - - [05/Jul/2023:09:57:35 +0800] "GET /xingrg/javascript/easyui/themes/default/images/tree_folder_open.gif HTTP/1.1" 200 956
114.85.96.155 - - [05/Jul/2023:09:57:35 +0800] "GET /xingrg/javascript/easyui/themes/default/images/tree_file.gif HTTP/1.1" 200 118
116.238.191.126 - - [05/Jul/2023:09:57:40 +0800] "GET /xingrg/kc/buy/cgsh_order_add.html HTTP/1.1" 200 71676
116.238.191.126 - - [05/Jul/2023:09:57:40 +0800] "POST /xingrg/kc/buy/cgsh_order_operate.html HTTP/1.1" 200 8245
116.238.191.126 - - [05/Jul/2023:09:57:40 +0800] "GET /xingrg/javascript/easyui/themes/default/validatebox.css HTTP/1.1" 404 1104
180.165.154.167 - - [05/Jul/2023:09:57:42 +0800] "GET /xingrg/kc/buy/cgsh_order_operate.html?command=get_materiel&rest_code=00108&code=00101008558&supplier_code=00100007&order_time=2023-07-05 HTTP/1.1" 200 409
180.165.154.167 - - [05/Jul/2023:09:57:44 +0800] "GET /xingrg/all/function/internal_message.html?_=1688522263457&CODE_STATE=getMsg HTTP/1.1" 200 27
116.232.195.127 - - [05/Jul/2023:09:57:49 +0800] "GET /xingrg/all/function/internal_message.html?_=1688522254305&CODE_STATE=getMsg HTTP/1.1" 200 27
116.238.191.126 - - [05/Jul/2023:09:57:49 +0800] "GET /xingrg/kc/buy/cgsh_order_operate.html?command=get_materiel&rest_code=00150&code=00101005037&supplier_code=00100400&order_time=2023-07-05 HTTP/1.1" 200 409
114.85.96.155 - - [05/Jul/2023:09:57:50 +0800] "GET /xingrg/kc/buy/cgsh_order_operate.html?command=get_materiel&rest_code=00102&code=00101009160&supplier_code=00100022&order_time=2023-07-05 HTTP/1.1" 200 415
180.165.154.167 - - [05/Jul/2023:09:57:51 +0800] "GET /xingrg/kc/buy/cgsh_order_operate.html?command=get_materiel&rest_code=00108&code=00101008150&supplier_code=00100007&order_time=2023-07-05 HTTP/1.1" 200 409
180.169.147.146 - - [05/Jul/2023:09:57:51 +0800] "GET /xingrg/all/function/internal_message.html?_=1688522267613&CODE_STATE=getMsg HTTP/1.1" 200 27
114.85.113.108 - - [05/Jul/2023:09:57:55 +0800] "GET /xingrg/all/function/internal_message.html?_=1688522273842&CODE_STATE=getMsg HTTP/1.1" 200 27
124.79.243.110 - - [05/Jul/2023:09:57:55 +0800] "GET /xingrg/all/function/internal_message.html?_=1688522559577&CODE_STATE=getMsg HTTP/1.1" 200 27
180.163.28.114 - - [05/Jul/2023:09:57:56 +0800] "GET /xingrg/all/function/internal_message.html?_=1688522214571&CODE_STATE=getMsg HTTP/1.1" 302 -
180.163.28.114 - - [05/Jul/2023:09:57:56 +0800] "GET /xingrg/login.html HTTP/1.1" 200 7641
180.169.147.146 - - [05/Jul/2023:09:57:57 +0800] "GET /xingrg/all/function/internal_message.html?_=1688522275745&CODE_STATE=getMsg HTTP/1.1" 200 27
180.165.154.167 - - [05/Jul/2023:09:57:59 +0800] "GET /xingrg/kc/buy/cgsh_order_operate.html?command=get_materiel&rest_code=00108&code=00101008229&supplier_code=00100007&order_time=2023-07-05 HTTP/1.1" 200 420
114.85.96.155 - - [05/Jul/2023:09:57:59 +0800] "GET /xingrg/kc/buy/cgsh_order_operate.html?command=get_materiel&rest_code=00102&code=00101009124&supplier_code=00100022&order_time=2023-07-05 HTTP/1.1" 200 416
116.238.191.126 - - [05/Jul/2023:09:58:00 +0800] "GET /xingrg/kc/buy/cgsh_order_operate.html?command=get_materiel&rest_code=00150&code=00101001069&supplier_code=00100400&order_time=2023-07-05 HTTP/1.1" 200 409
114.95.42.59 - - [05/Jul/2023:09:58:01 +0800] "GET /xingrg/all/function/internal_message.html?_=1688522099920&CODE_STATE=getMsg HTTP/1.1" 200 27
222.70.180.90 - - [05/Jul/2023:09:58:02 +0800] "GET /xingrg/all/function/internal_message.html?_=1688522337064&CODE_STATE=getMsg HTTP/1.1" 200 27
222.70.180.90 - - [05/Jul/2023:09:58:03 +0800] "GET /xingrg/all/function/internal_message.html?_=1688522282016&CODE_STATE=getMsg HTTP/1.1" 200 27
116.238.191.126 - - [05/Jul/2023:09:58:04 +0800] "GET /xingrg/all/function/internal_message.html?_=1688522195529&CODE_STATE=getMsg HTTP/1.1" 200 27
114.85.96.155 - - [05/Jul/2023:09:58:04 +0800] "GET /xingrg/all/function/internal_message.html?_=1688522284313&CODE_STATE=getMsg HTTP/1.1" 200 27
114.83.216.42 - - [05/Jul/2023:09:58:05 +0800] "GET /xingrg/all/function/internal_message.html?_=1688522285465&CODE_STATE=getMsg HTTP/1.1" 200 27
61.170.233.201 - - [05/Jul/2023:09:58:08 +0800] "GET /xingrg/check_reg.html?_=1688522275879 HTTP/1.1" 200 22
61.170.233.201 - - [05/Jul/2023:09:58:08 +0800] "GET /xingrg/all/function/internal_message.html?_=1688522274547&CODE_STATE=getMsg HTTP/1.1" 200 27
116.238.191.126 - - [05/Jul/2023:09:58:09 +0800] "POST /xingrg/kc/buy/cgsh_order_operate.html HTTP/1.1" 200 37
114.85.96.155 - - [05/Jul/2023:09:58:11 +0800] "GET /xingrg/kc/buy/cgsh_order_operate.html?command=get_materiel&rest_code=00102&code=00101009011&supplier_code=00100022&order_time=2023-07-05 HTTP/1.1" 200 416
180.165.154.167 - - [05/Jul/2023:09:58:11 +0800] "GET /xingrg/kc/buy/cgsh_order_operate.html?command=get_materiel&rest_code=00108&code=00101008168&supplier_code=00100007&order_time=2023-07-05 HTTP/1.1" 200 413
116.238.191.126 - - [05/Jul/2023:09:58:15 +0800] "POST /xingrg/kc/buy/cgsh_order_operate.html HTTP/1.1" 200 12
180.165.154.167 - - [05/Jul/2023:09:58:19 +0800] "GET /xingrg/kc/buy/cgsh_order_operate.html?command=get_materiel&rest_code=00108&code=00101008283&supplier_code=00100007&order_time=2023-07-05 HTTP/1.1" 200 408
114.95.42.59 - - [05/Jul/2023:09:58:19 +0800] "GET /xingrg/all/function/internal_message.html?_=1688522300450&CODE_STATE=getMsg HTTP/1.1" 200 27
180.165.154.167 - - [05/Jul/2023:09:58:21 +0800] "POST /xingrg/kc/buy/cgsh_order_operate.html HTTP/1.1" 200 2065
116.238.191.126 - - [05/Jul/2023:09:58:21 +0800] "GET /xingrg/kc/buy/cgsh_order_info.html?code=212023070501690 HTTP/1.1" 200 66587
116.238.191.126 - - [05/Jul/2023:09:58:21 +0800] "GET /xingrg/javascript/easyui/themes/default/validatebox.css HTTP/1.1" 404 1104
116.238.191.126 - - [05/Jul/2023:09:58:22 +0800] "POST /xingrg/kc/buy/cgsh_order_operate.html HTTP/1.1" 200 1195
58.39.105.68 - - [05/Jul/2023:09:58:23 +0800] "GET /xingrg/all/function/internal_message.html?_=1688522302541&CODE_STATE=getMsg HTTP/1.1" 200 27
116.235.244.74 - - [05/Jul/2023:09:58:24 +0800] "GET /xingrg/all/function/internal_message.html?_=1688522313639&CODE_STATE=getMsg HTTP/1.1" 200 27
222.70.114.12 - - [05/Jul/2023:09:58:25 +0800] "GET /xingrg/all/function/internal_message.html?_=1688522307671&CODE_STATE=getMsg HTTP/1.1" 200 27
114.85.96.155 - - [05/Jul/2023:09:58:25 +0800] "GET /xingrg/kc/buy/cgsh_order_operate.html?command=get_materiel&rest_code=00102&code=00101009059&supplier_code=00100022&order_time=2023-07-05 HTTP/1.1" 200 409
114.83.219.53 - - [05/Jul/2023:09:58:27 +0800] "GET /xingrg/all/function/internal_message.html?_=1688522423123&CODE_STATE=getMsg HTTP/1.1" 200 27
114.83.219.53 - - [05/Jul/2023:09:58:27 +0800] "GET /xingrg/check_reg.html?_=1688522423125 HTTP/1.1" 200 22
116.238.191.126 - - [05/Jul/2023:09:58:28 +0800] "GET /xingrg/kc/print/load_data.html?order_code=212023070501690&kc_code=cgsh&condition= HTTP/1.1" 200 944
120.253.135.82 - - [05/Jul/2023:09:58:29 +0800] "GET /xingrg/all/function/internal_message.html?_=1688522139293&CODE_STATE=getMsg HTTP/1.1" 200 27
58.39.105.68 - - [05/Jul/2023:09:58:30 +0800] "POST /xingrg/dwr/call/plaincall/AjaxReportQueryService.refreshCache.dwr HTTP/1.1" 200 78
58.39.105.68 - - [05/Jul/2023:09:58:31 +0800] "POST /xingrg/all/report/load_report_page.html HTTP/1.1" 200 8888
58.39.105.68 - - [05/Jul/2023:09:58:31 +0800] "GET /xingrg/servlets/image?cache=0.723289129982502&image=px HTTP/1.1" 200 807
172.20.0.100 - - [05/Jul/2023:09:58:33 +0800] "GET /xingrg/all/function/internal_message.html?_=1688522313400&CODE_STATE=getMsg HTTP/1.1" 200 27
114.85.96.155 - - [05/Jul/2023:09:58:37 +0800] "POST /xingrg/kc/buy/cgsh_order_operate.html HTTP/1.1" 200 37
116.238.191.126 - - [05/Jul/2023:09:58:40 +0800] "GET /xingrg/kc/buy/cgsh_order_add.html HTTP/1.1" 200 71676
116.238.191.126 - - [05/Jul/2023:09:58:41 +0800] "POST /xingrg/kc/buy/cgsh_order_operate.html HTTP/1.1" 200 8245
116.238.191.126 - - [05/Jul/2023:09:58:41 +0800] "GET /xingrg/javascript/easyui/themes/default/validatebox.css HTTP/1.1" 404 1104
180.165.154.167 - - [05/Jul/2023:09:58:44 +0800] "GET /xingrg/all/function/internal_message.html?_=1688522323461&CODE_STATE=getMsg HTTP/1.1" 200 27
114.85.96.155 - - [05/Jul/2023:09:58:45 +0800] "POST /xingrg/kc/buy/cgsh_order_operate.html HTTP/1.1" 200 12
116.232.195.127 - - [05/Jul/2023:09:58:49 +0800] "GET /xingrg/all/function/internal_message.html?_=1688522314302&CODE_STATE=getMsg HTTP/1.1" 200 27
180.169.147.146 - - [05/Jul/2023:09:58:51 +0800] "GET /xingrg/all/function/internal_message.html?_=1688522327612&CODE_STATE=getMsg HTTP/1.1" 200 27
116.238.191.126 - - [05/Jul/2023:09:58:52 +0800] "GET /xingrg/kc/buy/cgsh_order_operate.html?command=get_materiel&rest_code=00150&code=00101015024&supplier_code=00100054&order_time=2023-07-05 HTTP/1.1" 200 412
114.85.113.108 - - [05/Jul/2023:09:58:55 +0800] "GET /xingrg/all/function/internal_message.html?_=1688522333833&CODE_STATE=getMsg HTTP/1.1" 200 27
124.79.243.110 - - [05/Jul/2023:09:58:55 +0800] "GET /xingrg/all/function/internal_message.html?_=1688522619577&CODE_STATE=getMsg HTTP/1.1" 200 27
61.170.233.201 - - [05/Jul/2023:09:58:56 +0800] "GET /xingrg/all/function/internal_message.html?_=1688522334528&CODE_STATE=getMsg HTTP/1.1" 200 27
58.39.105.68 - - [05/Jul/2023:09:58:56 +0800] "POST /xingrg/dwr/call/plaincall/AjaxReportQueryService.refreshCache.dwr HTTP/1.1" 200 78
180.169.147.146 - - [05/Jul/2023:09:58:57 +0800] "GET /xingrg/all/function/internal_message.html?_=1688522335738&CODE_STATE=getMsg HTTP/1.1" 200 27
58.39.105.68 - - [05/Jul/2023:09:58:58 +0800] "POST /xingrg/all/report/load_report_page.html HTTP/1.1" 200 8896
58.39.105.68 - - [05/Jul/2023:09:58:58 +0800] "GET /xingrg/servlets/image?cache=0.8076353049125042&image=px HTTP/1.1" 200 807
114.85.96.155 - - [05/Jul/2023:09:58:58 +0800] "GET /xingrg/kc/buy/cgsh_order_info.html?code=212023070501691 HTTP/1.1" 200 66560
114.85.96.155 - - [05/Jul/2023:09:58:59 +0800] "GET /xingrg/javascript/easyui/themes/default/validatebox.css HTTP/1.1" 404 1104
114.85.96.155 - - [05/Jul/2023:09:58:59 +0800] "POST /xingrg/kc/buy/cgsh_order_operate.html HTTP/1.1" 200 2383
114.95.42.59 - - [05/Jul/2023:09:59:01 +0800] "GET /xingrg/all/function/internal_message.html?_=1688522159921&CODE_STATE=getMsg HTTP/1.1" 200 27
114.95.42.59 - - [05/Jul/2023:09:59:01 +0800] "GET /xingrg/check_reg.html?_=1688522159924 HTTP/1.1" 200 22
222.70.180.90 - - [05/Jul/2023:09:59:02 +0800] "GET /xingrg/all/function/internal_message.html?_=1688522397053&CODE_STATE=getMsg HTTP/1.1" 200 27
180.165.154.167 - - [05/Jul/2023:09:59:02 +0800] "GET /xingrg/kc/buy/cgsh_order_operate.html?command=get_materiel&rest_code=00108&code=00101008223&supplier_code=00100007&order_time=2023-07-05 HTTP/1.1" 200 412
222.70.180.90 - - [05/Jul/2023:09:59:03 +0800] "GET /xingrg/all/function/internal_message.html?_=1688522342018&CODE_STATE=getMsg HTTP/1.1" 200 27
116.238.191.126 - - [05/Jul/2023:09:59:04 +0800] "GET /xingrg/all/function/internal_message.html?_=1688522255532&CODE_STATE=getMsg HTTP/1.1" 200 27
114.85.96.155 - - [05/Jul/2023:09:59:04 +0800] "GET /xingrg/all/function/internal_message.html?_=1688522344297&CODE_STATE=getMsg HTTP/1.1" 200 27
114.83.216.42 - - [05/Jul/2023:09:59:05 +0800] "GET /xingrg/all/function/internal_message.html?_=1688522345467&CODE_STATE=getMsg HTTP/1.1" 200 27
120.253.135.82 - - [05/Jul/2023:09:59:06 +0800] "GET /xingrg/kc/pszx/mdqp_order_list.html?state=10 HTTP/1.1" 200 10717
120.253.135.82 - - [05/Jul/2023:09:59:06 +0800] "GET /xingrg/dwr/interface/AjaxReportQueryService.js HTTP/1.1" 200 13203
120.253.135.82 - - [05/Jul/2023:09:59:06 +0800] "GET /xingrg/dwr/interface/AjaxQqpsService.js HTTP/1.1" 200 16326
120.253.135.82 - - [05/Jul/2023:09:59:06 +0800] "GET /xingrg/dwr/engine.js HTTP/1.1" 200 43631
180.163.29.217 - - [05/Jul/2023:09:59:08 +0800] "GET /xingrg/all/function/internal_message.html?_=1688522274547&CODE_STATE=getMsg HTTP/1.1" 302 -
180.163.29.217 - - [05/Jul/2023:09:59:08 +0800] "GET /xingrg/login.html HTTP/1.1" 200 7641
180.163.30.76 - - [05/Jul/2023:09:59:08 +0800] "GET /xingrg/check_reg.html?_=1688522275879 HTTP/1.1" 302 -
180.163.30.76 - - [05/Jul/2023:09:59:08 +0800] "GET /xingrg/login.html HTTP/1.1" 200 7641
114.95.42.59 - - [05/Jul/2023:09:59:09 +0800] "GET /xingrg/check_reg.html?_=1688522350261 HTTP/1.1" 200 22
116.238.191.126 - - [05/Jul/2023:09:59:10 +0800] "GET /xingrg/kc/buy/cgsh_order_operate.html?command=get_materiel&rest_code=00150&code=00101015021&supplier_code=00100054&order_time=2023-07-05 HTTP/1.1" 200 408
58.39.105.68 - - [05/Jul/2023:09:59:11 +0800] "POST /xingrg/dwr/call/plaincall/AjaxReportQueryService.refreshCache.dwr HTTP/1.1" 200 78
58.39.105.68 - - [05/Jul/2023:09:59:12 +0800] "POST /xingrg/all/report/load_report_page.html HTTP/1.1" 200 8896
58.39.105.68 - - [05/Jul/2023:09:59:12 +0800] "GET /xingrg/servlets/image?cache=0.6312743061160107&image=px HTTP/1.1" 200 807
180.165.154.167 - - [05/Jul/2023:09:59:13 +0800] "GET /xingrg/kc/buy/cgsh_order_operate.html?command=get_materiel&rest_code=00108&code=00101008286&supplier_code=00100007&order_time=2023-07-05 HTTP/1.1" 200 408
58.39.105.68 - - [05/Jul/2023:09:59:15 +0800] "GET /xingrg/all/report/report_query.html?isQuery=1&fileName=kc/buy/wlcg_cate_hz.xml&queryString=(CONVERT(char(10)%252Ca.order_time%252C%2520120)%253E%253D'2023-05-01')%2520and%2520(CONVERT(char(10)%252Ca.order_time%252C%2520120)%253C%253D'2023-05-31')%2520and%2520(a.supplier_code%2520in%2520('00100595'))%2520and%2520(a.number%253E0%2520and%2520a.supplier_code%253D'00100595')&queryText=%25E3%2580%2590%25E9%2587%2587%25E8%25B4%25AD%25E6%2597%25A5%25E6%259C%259F%253A2023-05-01%2520%25E8%2587%25B3%25202023-05-31%25E3%2580%2591%2520%25E5%25B9%25B6%25E4%25B8%2594%2520%2520%25E3%2580%2590%25E4%25BE%259B%25E5%25BA%2594%25E5%2595%2586%2520%253D%2520%25E5%258D%25A4%25E6%25A0%25A1%25E9%2595%25BF%25E6%25B2%25B3%25E9%25B2%259C%25E3%2580%2591%2520%25E5%25B9%25B6%25E4%25B8%2594%2520%25E3%2580%2590%25E4%25BE%259B%25E5%25BA%2594%25E5%2595%2586%253D%25E5%258D%25A4%25E6%25A0%25A1%25E9%2595%25BF%25E6%25B2%25B3%25E9%25B2%259C%25E3%2580%2591 HTTP/1.1" 200 54464
58.39.105.68 - - [05/Jul/2023:09:59:15 +0800] "GET /xingrg/dwr/interface/AjaxReportQueryService.js HTTP/1.1" 200 13203
58.39.105.68 - - [05/Jul/2023:09:59:15 +0800] "GET /xingrg/dwr/engine.js HTTP/1.1" 200 43631
114.85.96.155 - - [05/Jul/2023:09:59:15 +0800] "GET /xingrg/kc/print/load_data.html?order_code=212023070501691&kc_code=cgsh&condition= HTTP/1.1" 200 1391
120.253.135.82 - - [05/Jul/2023:09:59:17 +0800] "GET /xingrg/kc/pszx/mdqp_order_info.html?code=302023070500082 HTTP/1.1" 200 13346
58.39.105.68 - - [05/Jul/2023:09:59:17 +0800] "POST /xingrg/all/report/load_report_page.html HTTP/1.1" 200 8712
58.39.105.68 - - [05/Jul/2023:09:59:17 +0800] "GET /xingrg/servlets/image?cache=0.8784760062890724&image=px HTTP/1.1" 200 807
120.253.135.82 - - [05/Jul/2023:09:59:17 +0800] "GET /xingrg/dwr/interface/AjaxQqpsService.js HTTP/1.1" 200 16326
120.253.135.82 - - [05/Jul/2023:09:59:17 +0800] "GET /xingrg/dwr/interface/AjaxComOrderService.js HTTP/1.1" 200 18264
120.253.135.82 - - [05/Jul/2023:09:59:17 +0800] "GET /xingrg/dwr/engine.js HTTP/1.1" 200 43631
120.253.135.82 - - [05/Jul/2023:09:59:18 +0800] "POST /xingrg/dwr/call/plaincall/AjaxQqpsService.loadMaterielItems.dwr HTTP/1.1" 200 365
116.238.191.126 - - [05/Jul/2023:09:59:19 +0800] "GET /xingrg/kc/buy/cgsh_order_operate.html?command=get_materiel&rest_code=00150&code=00101015037&supplier_code=00100054&order_time=2023-07-05 HTTP/1.1" 200 412
114.95.42.59 - - [05/Jul/2023:09:59:19 +0800] "GET /xingrg/all/function/internal_message.html?_=1688522360424&CODE_STATE=getMsg HTTP/1.1" 200 27
58.39.105.68 - - [05/Jul/2023:09:59:20 +0800] "POST /xingrg/all/report/load_report_page.html HTTP/1.1" 200 29870
58.39.105.68 - - [05/Jul/2023:09:59:20 +0800] "GET /xingrg/servlets/image?cache=0.4105326082503259&image=px HTTP/1.1" 200 807
114.85.96.155 - - [05/Jul/2023:09:59:20 +0800] "GET /xingrg/kc/buy/cgsh_order_add.html HTTP/1.1" 200 71655
114.85.96.155 - - [05/Jul/2023:09:59:21 +0800] "POST /xingrg/kc/buy/cgsh_order_operate.html HTTP/1.1" 200 8245
114.85.96.155 - - [05/Jul/2023:09:59:21 +0800] "GET /xingrg/javascript/easyui/themes/default/validatebox.css HTTP/1.1" 404 1104
114.85.96.155 - - [05/Jul/2023:09:59:21 +0800] "GET /xingrg/javascript/easyui/themes/default/tree.css HTTP/1.1" 404 1090
114.85.96.155 - - [05/Jul/2023:09:59:22 +0800] "POST /xingrg/all/common/load_tree.html?tree=supplier_tree_json&isDelete=1 HTTP/1.1" 200 74546
58.39.105.68 - - [05/Jul/2023:09:59:23 +0800] "GET /xingrg/all/function/internal_message.html?_=1688522362544&CODE_STATE=getMsg HTTP/1.1" 200 27
120.253.135.82 - - [05/Jul/2023:09:59:23 +0800] "GET /xingrg/kc/pszx/mdqp_order_list.html?isBack=1 HTTP/1.1" 302 -
120.253.135.82 - - [05/Jul/2023:09:59:23 +0800] "GET /xingrg/kc/pszx/mdqp_order_list.html?state=10 HTTP/1.1" 200 10717
120.253.135.82 - - [05/Jul/2023:09:59:23 +0800] "GET /xingrg/dwr/interface/AjaxQqpsService.js HTTP/1.1" 200 16326
120.253.135.82 - - [05/Jul/2023:09:59:23 +0800] "GET /xingrg/dwr/interface/AjaxReportQueryService.js HTTP/1.1" 200 13203
120.253.135.82 - - [05/Jul/2023:09:59:23 +0800] "GET /xingrg/dwr/engine.js HTTP/1.1" 200 43631
116.235.244.74 - - [05/Jul/2023:09:59:24 +0800] "GET /xingrg/all/function/internal_message.html?_=1688522373661&CODE_STATE=getMsg HTTP/1.1" 200 27
222.70.114.12 - - [05/Jul/2023:09:59:25 +0800] "GET /xingrg/all/function/internal_message.html?_=1688522367671&CODE_STATE=getMsg HTTP/1.1" 200 27
116.238.191.126 - - [05/Jul/2023:09:59:27 +0800] "GET /xingrg/kc/buy/cgsh_order_operate.html?command=get_materiel&rest_code=00150&code=00101015022&supplier_code=00100054&order_time=2023-07-05 HTTP/1.1" 200 408
114.83.219.53 - - [05/Jul/2023:09:59:27 +0800] "GET /xingrg/all/function/internal_message.html?_=1688522483141&CODE_STATE=getMsg HTTP/1.1" 200 27
120.253.135.82 - - [05/Jul/2023:09:59:29 +0800] "GET /xingrg/all/function/internal_message.html?_=1688522199308&CODE_STATE=getMsg HTTP/1.1" 200 27
180.165.154.167 - - [05/Jul/2023:09:59:30 +0800] "GET /xingrg/kc/buy/cgsh_order_operate.html?command=get_materiel&rest_code=00108&code=00101008095&supplier_code=00100007&order_time=2023-07-05 HTTP/1.1" 200 412
172.20.0.100 - - [05/Jul/2023:09:59:33 +0800] "GET /xingrg/all/function/internal_message.html?_=1688522373407&CODE_STATE=getMsg HTTP/1.1" 200 27
172.20.0.100 - - [05/Jul/2023:09:59:33 +0800] "GET /xingrg/check_reg.html?_=1688522373408 HTTP/1.1" 200 22
116.238.191.126 - - [05/Jul/2023:09:59:37 +0800] "POST /xingrg/kc/buy/cgsh_order_operate.html HTTP/1.1" 200 37
114.85.96.155 - - [05/Jul/2023:09:59:39 +0800] "GET /xingrg/kc/buy/cgsh_order_operate.html?command=get_materiel&rest_code=00102&code=00101011005&supplier_code=00100047&order_time=2023-07-05 HTTP/1.1" 200 408
180.165.154.167 - - [05/Jul/2023:09:59:42 +0800] "GET /xingrg/kc/buy/cgsh_order_operate.html?command=get_materiel&rest_code=00108&code=00101008036&supplier_code=00100007&order_time=2023-07-05 HTTP/1.1" 200 408
116.238.191.126 - - [05/Jul/2023:09:59:44 +0800] "POST /xingrg/kc/buy/cgsh_order_operate.html HTTP/1.1" 200 12
180.165.154.167 - - [05/Jul/2023:09:59:44 +0800] "GET /xingrg/all/function/internal_message.html?_=1688522383462&CODE_STATE=getMsg HTTP/1.1" 200 27
180.165.154.167 - - [05/Jul/2023:09:59:44 +0800] "GET /xingrg/check_reg.html?_=1688522383462 HTTP/1.1" 200 22
116.238.191.126 - - [05/Jul/2023:09:59:46 +0800] "GET /xingrg/kc/buy/cgsh_order_info.html?code=212023070501692 HTTP/1.1" 200 66587
116.238.191.126 - - [05/Jul/2023:09:59:46 +0800] "GET /xingrg/javascript/easyui/themes/default/validatebox.css HTTP/1.1" 404 1104
180.165.154.167 - - [05/Jul/2023:09:59:47 +0800] "POST /xingrg/kc/buy/cgsh_order_operate.html HTTP/1.1" 200 2065
116.238.191.126 - - [05/Jul/2023:09:59:47 +0800] "POST /xingrg/kc/buy/cgsh_order_operate.html HTTP/1.1" 200 2381
116.232.195.127 - - [05/Jul/2023:09:59:49 +0800] "GET /xingrg/all/function/internal_message.html?_=1688522374307&CODE_STATE=getMsg HTTP/1.1" 200 27
116.238.191.126 - - [05/Jul/2023:09:59:49 +0800] "GET /xingrg/kc/print/load_data.html?order_code=212023070501692&kc_code=cgsh&condition= HTTP/1.1" 200 1398
114.85.96.155 - - [05/Jul/2023:09:59:50 +0800] "GET /xingrg/kc/buy/cgsh_order_operate.html?command=get_materiel&rest_code=00102&code=00101011001&supplier_code=00100047&order_time=2023-07-05 HTTP/1.1" 200 423
180.169.147.146 - - [05/Jul/2023:09:59:51 +0800] "GET /xingrg/all/function/internal_message.html?_=1688522387610&CODE_STATE=getMsg HTTP/1.1" 200 27
180.169.147.146 - - [05/Jul/2023:09:59:51 +0800] "GET /xingrg/check_reg.html?_=1688522387611 HTTP/1.1" 200 22
180.165.154.167 - - [05/Jul/2023:09:59:53 +0800] "GET /xingrg/kc/buy/cgsh_order_operate.html?command=get_materiel&rest_code=00108&code=00101008350&supplier_code=00100007&order_time=2023-07-05 HTTP/1.1" 200 408
114.85.113.108 - - [05/Jul/2023:09:59:55 +0800] "GET /xingrg/all/function/internal_message.html?_=1688522393818&CODE_STATE=getMsg HTTP/1.1" 200 27
124.79.243.110 - - [05/Jul/2023:09:59:55 +0800] "GET /xingrg/check_reg.html?_=1688522679576 HTTP/1.1" 200 22
124.79.243.110 - - [05/Jul/2023:09:59:55 +0800] "GET /xingrg/all/function/internal_message.html?_=1688522679577&CODE_STATE=getMsg HTTP/1.1" 200 27
61.170.233.201 - - [05/Jul/2023:09:59:56 +0800] "GET /xingrg/all/function/internal_message.html?_=1688522394498&CODE_STATE=getMsg HTTP/1.1" 200 27
116.238.191.126 - - [05/Jul/2023:09:59:56 +0800] "GET /xingrg/kc/buy/cgsh_order_add.html HTTP/1.1" 200 71676
116.238.191.126 - - [05/Jul/2023:09:59:57 +0800] "POST /xingrg/kc/buy/cgsh_order_operate.html HTTP/1.1" 200 8245
180.169.147.146 - - [05/Jul/2023:09:59:57 +0800] "GET /xingrg/all/function/internal_message.html?_=1688522395738&CODE_STATE=getMsg HTTP/1.1" 200 27
116.238.191.126 - - [05/Jul/2023:09:59:57 +0800] "GET /xingrg/javascript/easyui/themes/default/validatebox.css HTTP/1.1" 404 1104
114.95.42.59 - - [05/Jul/2023:10:00:01 +0800] "GET /xingrg/all/function/internal_message.html?_=1688522219911&CODE_STATE=getMsg HTTP/1.1" 200 27
222.70.180.90 - - [05/Jul/2023:10:00:02 +0800] "GET /xingrg/all/function/internal_message.html?_=1688522457067&CODE_STATE=getMsg HTTP/1.1" 200 27
222.70.180.90 - - [05/Jul/2023:10:00:02 +0800] "GET /xingrg/check_reg.html?_=1688522457071 HTTP/1.1" 200 22
180.165.154.167 - - [05/Jul/2023:10:00:03 +0800] "GET /xingrg/kc/buy/cgsh_order_operate.html?command=get_materiel&rest_code=00108&code=00101008271&supplier_code=00100007&order_time=2023-07-05 HTTP/1.1" 200 408
222.70.180.90 - - [05/Jul/2023:10:00:03 +0800] "GET /xingrg/all/function/internal_message.html?_=1688522402022&CODE_STATE=getMsg HTTP/1.1" 200 27
222.70.180.90 - - [05/Jul/2023:10:00:03 +0800] "GET /xingrg/check_reg.html?_=1688522402029 HTTP/1.1" 200 22
116.238.191.126 - - [05/Jul/2023:10:00:04 +0800] "GET /xingrg/all/function/internal_message.html?_=1688522315546&CODE_STATE=getMsg HTTP/1.1" 200 27
114.85.96.155 - - [05/Jul/2023:10:00:04 +0800] "GET /xingrg/all/function/internal_message.html?_=1688522404271&CODE_STATE=getMsg HTTP/1.1" 200 27
114.83.216.42 - - [05/Jul/2023:10:00:05 +0800] "GET /xingrg/all/function/internal_message.html?_=1688522405463&CODE_STATE=getMsg HTTP/1.1" 200 27
116.238.191.126 - - [05/Jul/2023:10:00:07 +0800] "GET /xingrg/kc/buy/cgsh_order_operate.html?command=get_materiel&rest_code=00150&code=00101031012&supplier_code=00100054&order_time=2023-07-05 HTTP/1.1" 200 417
114.85.96.155 - - [05/Jul/2023:10:00:11 +0800] "POST /xingrg/kc/buy/cgsh_order_operate.html HTTP/1.1" 200 37
