114.83.219.53 - - [05/Jul/2023:10:16:27 +0800] "GET /xingrg/all/function/internal_message.html?_=1688523503112&CODE_STATE=getMsg HTTP/1.1" 200 27
114.83.219.53 - - [05/Jul/2023:10:16:30 +0800] "GET /xingrg/kc/base/wldb_order_list.html HTTP/1.1" 200 19104
114.83.219.53 - - [05/Jul/2023:10:16:31 +0800] "POST /xingrg/kc/base/wldb_list_operate.html HTTP/1.1" 200 928
120.253.135.82 - - [05/Jul/2023:10:16:31 +0800] "GET /xingrg/all/function/internal_message.html?_=1688523220739&CODE_STATE=getMsg HTTP/1.1" 200 27
116.235.244.74 - - [05/Jul/2023:10:16:33 +0800] "GET /xingrg/kc/buy/cgsh_order_operate.html?command=get_materiel&rest_code=00146&code=00101008357&supplier_code=00100005&order_time=2023-07-05 HTTP/1.1" 200 408
114.83.219.53 - - [05/Jul/2023:10:16:33 +0800] "GET /xingrg/kc/base/wldb_order_add.html HTTP/1.1" 200 30387
114.83.219.53 - - [05/Jul/2023:10:16:33 +0800] "GET /xingrg/words/20230704105550_words.js HTTP/1.1" 304 -
172.20.0.100 - - [05/Jul/2023:10:16:33 +0800] "GET /xingrg/all/function/internal_message.html?_=1688523393415&CODE_STATE=getMsg HTTP/1.1" 200 27
114.83.219.53 - - [05/Jul/2023:10:16:33 +0800] "POST /xingrg/kc/base/wldb_order_operate.html HTTP/1.1" 200 6806
114.83.219.53 - - [05/Jul/2023:10:16:33 +0800] "GET /xingrg/all/common/auto_word.html?type=base&rest_code=00154 HTTP/1.1" 200 831
114.83.219.53 - - [05/Jul/2023:10:16:33 +0800] "GET /xingrg/all/common/auto_word.html?type=base&rest_code=00154 HTTP/1.1" 200 831
114.83.219.53 - - [05/Jul/2023:10:16:33 +0800] "GET /xingrg/javascript/easyui/themes/default/validatebox.css HTTP/1.1" 404 1104
114.83.216.42 - - [05/Jul/2023:10:16:34 +0800] "GET /xingrg/kc/buy/cgsh_order_operate.html?command=get_materiel&rest_code=00149&code=00101023022&supplier_code=00100151&order_time=2023-07-05 HTTP/1.1" 200 406
114.83.219.53 - - [05/Jul/2023:10:16:35 +0800] "POST /xingrg/all/common/load_combo.html?type=base HTTP/1.1" 200 1491
114.83.219.53 - - [05/Jul/2023:10:16:38 +0800] "POST /xingrg/all/common/load_combo.html?type=base HTTP/1.1" 200 1491
180.165.154.167 - - [05/Jul/2023:10:16:44 +0800] "GET /xingrg/all/function/internal_message.html?_=1688523404431&CODE_STATE=getMsg HTTP/1.1" 200 27
114.83.219.53 - - [05/Jul/2023:10:16:44 +0800] "GET /xingrg/javascript/auto/indicator.gif HTTP/1.1" 404 1066
114.83.219.53 - - [05/Jul/2023:10:16:47 +0800] "GET /xingrg/kc/base/wldb_order_operate.html?command=get_materiel&rest_code=00154&base_code=0010726&code=00101029002 HTTP/1.1" 200 470
116.232.195.127 - - [05/Jul/2023:10:16:49 +0800] "GET /xingrg/all/function/internal_message.html?_=1688523394295&CODE_STATE=getMsg HTTP/1.1" 200 27
116.232.195.127 - - [05/Jul/2023:10:16:49 +0800] "GET /xingrg/check_reg.html?_=1688523394297 HTTP/1.1" 200 22
180.169.147.146 - - [05/Jul/2023:10:16:51 +0800] "GET /xingrg/all/function/internal_message.html?_=1688523407634&CODE_STATE=getMsg HTTP/1.1" 200 27
114.83.219.53 - - [05/Jul/2023:10:16:51 +0800] "POST /xingrg/all/common/load_select.html HTTP/1.1" 200 25
114.83.219.53 - - [05/Jul/2023:10:16:53 +0800] "GET /xingrg/kc/base/wldb_order_operate.html?command=get_materiel_price&rest_code=00154&base_code=0010726&code=00101029002&unit_code=00100157 HTTP/1.1" 200 35
114.83.216.42 - - [05/Jul/2023:10:16:53 +0800] "GET /xingrg/kc/buy/cgsh_order_operate.html?command=get_materiel&rest_code=00149&code=00101008244&supplier_code=00100151&order_time=2023-07-05 HTTP/1.1" 200 408
114.85.113.108 - - [05/Jul/2023:10:16:54 +0800] "GET /xingrg/all/function/internal_message.html?_=1688523413520&CODE_STATE=getMsg HTTP/1.1" 200 27
124.79.243.110 - - [05/Jul/2023:10:16:55 +0800] "GET /xingrg/all/function/internal_message.html?_=1688523699599&CODE_STATE=getMsg HTTP/1.1" 200 27
180.169.147.146 - - [05/Jul/2023:10:16:57 +0800] "GET /xingrg/all/function/internal_message.html?_=1688523415738&CODE_STATE=getMsg HTTP/1.1" 200 27
116.235.244.74 - - [05/Jul/2023:10:17:00 +0800] "GET /xingrg/kc/buy/cgsh_order_operate.html?command=get_materiel&rest_code=00146&code=00101008361&supplier_code=00100005&order_time=2023-07-05 HTTP/1.1" 200 408
114.83.219.53 - - [05/Jul/2023:10:17:01 +0800] "GET /xingrg/kc/base/wldb_order_operate.html?command=get_materiel&rest_code=00154&base_code=0010726&code=00101029011 HTTP/1.1" 200 478
114.95.42.59 - - [05/Jul/2023:10:17:01 +0800] "GET /xingrg/all/function/internal_message.html?_=1688523239920&CODE_STATE=getMsg HTTP/1.1" 200 27
222.70.180.90 - - [05/Jul/2023:10:17:02 +0800] "GET /xingrg/all/function/internal_message.html?_=1688523477061&CODE_STATE=getMsg HTTP/1.1" 200 27
222.70.180.90 - - [05/Jul/2023:10:17:03 +0800] "GET /xingrg/all/function/internal_message.html?_=1688523422018&CODE_STATE=getMsg HTTP/1.1" 200 27
114.83.219.53 - - [05/Jul/2023:10:17:04 +0800] "POST /xingrg/all/common/load_select.html HTTP/1.1" 200 25
116.238.191.126 - - [05/Jul/2023:10:17:04 +0800] "GET /xingrg/all/function/internal_message.html?_=1688523336167&CODE_STATE=getMsg HTTP/1.1" 200 27
114.83.216.42 - - [05/Jul/2023:10:17:05 +0800] "GET /xingrg/check_reg.html?_=1688523425499 HTTP/1.1" 200 22
114.83.216.42 - - [05/Jul/2023:10:17:05 +0800] "GET /xingrg/all/function/internal_message.html?_=1688523425501&CODE_STATE=getMsg HTTP/1.1" 200 27
114.83.219.53 - - [05/Jul/2023:10:17:06 +0800] "GET /xingrg/kc/base/wldb_order_operate.html?command=get_materiel_price&rest_code=00154&base_code=0010726&code=00101029011&unit_code=00100157 HTTP/1.1" 200 33
180.169.147.146 - - [05/Jul/2023:10:17:11 +0800] "GET /xingrg/all/function/internal_message.html?_=1688523429364&CODE_STATE=getMsg HTTP/1.1" 200 27
114.83.216.42 - - [05/Jul/2023:10:17:18 +0800] "GET /xingrg/all/function/internal_message.html?_=1688523435885&CODE_STATE=getMsg HTTP/1.1" 200 27
114.83.219.53 - - [05/Jul/2023:10:17:19 +0800] "GET /xingrg/kc/base/wldb_order_operate.html?command=get_materiel&rest_code=00154&base_code=0010726&code=00101028013 HTTP/1.1" 200 467
114.95.42.59 - - [05/Jul/2023:10:17:19 +0800] "GET /xingrg/all/function/internal_message.html?_=1688523439997&CODE_STATE=getMsg HTTP/1.1" 200 27
116.235.244.74 - - [05/Jul/2023:10:17:21 +0800] "GET /xingrg/kc/buy/cgsh_order_operate.html?command=get_materiel&rest_code=00146&code=00101008296&supplier_code=00100005&order_time=2023-07-05 HTTP/1.1" 200 416
61.170.233.201 - - [05/Jul/2023:10:17:22 +0800] "GET /xingrg/all/function/internal_message.html?_=1688523449387&CODE_STATE=getMsg HTTP/1.1" 200 27
61.170.233.201 - - [05/Jul/2023:10:17:22 +0800] "GET /xingrg/kc/cost/cost_page.html HTTP/1.1" 200 4088
61.170.233.201 - - [05/Jul/2023:10:17:22 +0800] "GET /xingrg/css/blue.css HTTP/1.1" 304 -
61.170.233.201 - - [05/Jul/2023:10:17:22 +0800] "GET /xingrg/javascript/jquery_easy_ui/themes/default/easyui.css HTTP/1.1" 304 -
114.83.219.53 - - [05/Jul/2023:10:17:22 +0800] "POST /xingrg/all/common/load_select.html HTTP/1.1" 200 25
61.170.233.201 - - [05/Jul/2023:10:17:22 +0800] "GET /xingrg/javascript/jquery_easy_ui/themes/icon.css HTTP/1.1" 304 -
61.170.233.201 - - [05/Jul/2023:10:17:22 +0800] "GET /xingrg/javascript/step/step.css HTTP/1.1" 304 -
61.170.233.201 - - [05/Jul/2023:10:17:22 +0800] "GET /xingrg/css/table.css HTTP/1.1" 304 -
61.170.233.201 - - [05/Jul/2023:10:17:22 +0800] "GET /xingrg/dwr/interface/AjaxReportQueryService.js HTTP/1.1" 200 13203
61.170.233.201 - - [05/Jul/2023:10:17:22 +0800] "GET /xingrg/dwr/engine.js HTTP/1.1" 200 43631
61.170.233.201 - - [05/Jul/2023:10:17:22 +0800] "GET /xingrg/dwr/util.js HTTP/1.1" 304 -
61.170.233.201 - - [05/Jul/2023:10:17:22 +0800] "GET /xingrg/javascript/jquery-1.4.2.min.js HTTP/1.1" 304 -
61.170.233.201 - - [05/Jul/2023:10:17:22 +0800] "GET /xingrg/javascript/jquery_easy_ui/jquery.easyui.min.js HTTP/1.1" 304 -
61.170.233.201 - - [05/Jul/2023:10:17:22 +0800] "GET /xingrg/javascript/jquery_easy_ui/easyui-lang-zh_CN.js HTTP/1.1" 304 -
61.170.233.201 - - [05/Jul/2023:10:17:22 +0800] "GET /xingrg/javascript/jquery.utils.js HTTP/1.1" 304 -
61.170.233.201 - - [05/Jul/2023:10:17:23 +0800] "GET /xingrg/images/control/ajaxLoader.gif HTTP/1.1" 304 -
58.39.105.68 - - [05/Jul/2023:10:17:23 +0800] "GET /xingrg/all/function/internal_message.html?_=1688523442849&CODE_STATE=getMsg HTTP/1.1" 200 27
116.235.244.74 - - [05/Jul/2023:10:17:24 +0800] "GET /xingrg/all/function/internal_message.html?_=1688523453897&CODE_STATE=getMsg HTTP/1.1" 200 27
114.83.219.53 - - [05/Jul/2023:10:17:25 +0800] "GET /xingrg/kc/base/wldb_order_operate.html?command=get_materiel_price&rest_code=00154&base_code=0010726&code=00101028013&unit_code=00100157 HTTP/1.1" 200 34
222.70.114.12 - - [05/Jul/2023:10:17:25 +0800] "GET /xingrg/all/function/internal_message.html?_=1688523447721&CODE_STATE=getMsg HTTP/1.1" 200 27
222.70.114.12 - - [05/Jul/2023:10:17:25 +0800] "GET /xingrg/check_reg.html?_=1688523447729 HTTP/1.1" 200 22
61.170.233.201 - - [05/Jul/2023:10:17:26 +0800] "GET /xingrg/all/function/internal_message.html?_=1688523444097&CODE_STATE=getMsg HTTP/1.1" 200 27
114.83.219.53 - - [05/Jul/2023:10:17:27 +0800] "GET /xingrg/all/function/internal_message.html?_=1688523563113&CODE_STATE=getMsg HTTP/1.1" 200 27
120.253.135.82 - - [05/Jul/2023:10:17:31 +0800] "GET /xingrg/check_reg.html?_=1688523280914 HTTP/1.1" 200 22
120.253.135.82 - - [05/Jul/2023:10:17:31 +0800] "GET /xingrg/all/function/internal_message.html?_=1688523280916&CODE_STATE=getMsg HTTP/1.1" 200 27
61.170.233.201 - - [05/Jul/2023:10:17:31 +0800] "GET /favicon.ico HTTP/1.1" 404 -
114.83.219.53 - - [05/Jul/2023:10:17:33 +0800] "GET /xingrg/kc/base/wldb_order_operate.html?command=get_materiel&rest_code=00154&base_code=0010726&code=00101027072 HTTP/1.1" 200 457
172.20.0.100 - - [05/Jul/2023:10:17:33 +0800] "GET /xingrg/all/function/internal_message.html?_=1688523453402&CODE_STATE=getMsg HTTP/1.1" 200 27
114.83.219.53 - - [05/Jul/2023:10:17:36 +0800] "POST /xingrg/all/common/load_select.html HTTP/1.1" 200 25
116.235.244.74 - - [05/Jul/2023:10:17:37 +0800] "GET /xingrg/kc/buy/cgsh_order_operate.html?command=get_materiel&rest_code=00146&code=00101008298&supplier_code=00100005&order_time=2023-07-05 HTTP/1.1" 200 413
114.83.219.53 - - [05/Jul/2023:10:17:39 +0800] "GET /xingrg/kc/base/wldb_order_operate.html?command=get_materiel_price&rest_code=00154&base_code=0010726&code=00101027072&unit_code=00100189 HTTP/1.1" 200 35
114.83.216.42 - - [05/Jul/2023:10:17:41 +0800] "GET /xingrg/kc/buy/cgsh_order_operate.html?command=get_materiel&rest_code=00149&code=00101006088&supplier_code=00100151&order_time=2023-07-05 HTTP/1.1" 200 409
61.170.233.201 - - [05/Jul/2023:10:17:42 +0800] "GET /xingrg/login.html?r=1 HTTP/1.1" 200 7641
61.170.233.201 - - [05/Jul/2023:10:17:42 +0800] "GET /xingrg/images/blue/jxLogo.png HTTP/1.1" 304 -
61.170.233.201 - - [05/Jul/2023:10:17:43 +0800] "GET /xingrg/images/blue/login_bg.png HTTP/1.1" 304 -
61.170.233.201 - - [05/Jul/2023:10:17:43 +0800] "GET /xingrg/images/blue/srbg.png HTTP/1.1" 304 -
61.170.233.201 - - [05/Jul/2023:10:17:43 +0800] "GET /xingrg/images/blue/hj.png HTTP/1.1" 304 -
61.170.233.201 - - [05/Jul/2023:10:17:43 +0800] "GET /favicon.ico HTTP/1.1" 404 -
114.85.96.155 - - [05/Jul/2023:10:17:43 +0800] "POST /xingrg/kc/buy/cgsh_order_operate.html HTTP/1.1" 200 5609
180.165.154.167 - - [05/Jul/2023:10:17:44 +0800] "GET /xingrg/all/function/internal_message.html?_=1688523464416&CODE_STATE=getMsg HTTP/1.1" 200 27
114.83.219.53 - - [05/Jul/2023:10:17:44 +0800] "GET /xingrg/kc/base/wldb_order_operate.html?command=get_materiel&rest_code=00154&base_code=0010726&code=00101028002 HTTP/1.1" 200 477
61.170.233.201 - - [05/Jul/2023:10:17:46 +0800] "POST /xingrg/login.do HTTP/1.1" 302 -
61.170.233.201 - - [05/Jul/2023:10:17:46 +0800] "GET /xingrg/index.html?sysBaseUrl=http%3A%2F%2F180.169.147.146%3A18081%2Fxingrg%2F&costTime=982×tamp=1688523466600 HTTP/1.1" 200 17173
61.170.233.201 - - [05/Jul/2023:10:17:46 +0800] "GET /xingrg/javascript/jquery_easy_ui/themes/default/easyui.css HTTP/1.1" 304 -
61.170.233.201 - - [05/Jul/2023:10:17:46 +0800] "GET /xingrg/javascript/jquery_easy_ui/themes/icon.css HTTP/1.1" 304 -
61.170.233.201 - - [05/Jul/2023:10:17:46 +0800] "GET /xingrg/css/form.css HTTP/1.1" 304 -
61.170.233.201 - - [05/Jul/2023:10:17:46 +0800] "GET /xingrg/javascript/jquery-1.4.2.min.js HTTP/1.1" 304 -
61.170.233.201 - - [05/Jul/2023:10:17:46 +0800] "GET /xingrg/javascript/jquery_easy_ui/jquery.easyui.min.js HTTP/1.1" 304 -
61.170.233.201 - - [05/Jul/2023:10:17:46 +0800] "GET /xingrg/javascript/jquery_easy_ui/easyui-lang-zh_CN.js HTTP/1.1" 304 -
61.170.233.201 - - [05/Jul/2023:10:17:46 +0800] "GET /xingrg/javascript/jquery.form.js HTTP/1.1" 304 -
61.170.233.201 - - [05/Jul/2023:10:17:46 +0800] "GET /xingrg/javascript/jquery.utils.js HTTP/1.1" 304 -
61.170.233.201 - - [05/Jul/2023:10:17:46 +0800] "GET /xingrg/javascript/jquery.timers.js HTTP/1.1" 304 -
61.170.233.201 - - [05/Jul/2023:10:17:47 +0800] "GET /favicon.ico HTTP/1.1" 404 -
61.170.233.201 - - [05/Jul/2023:10:17:47 +0800] "GET /xingrg/javascript/jquery_easy_ui/themes/icons/settle_new.png HTTP/1.1" 304 -
61.170.233.201 - - [05/Jul/2023:10:17:47 +0800] "GET /xingrg/images/blue/navBackgound.jpg HTTP/1.1" 304 -
61.170.233.201 - - [05/Jul/2023:10:17:47 +0800] "POST /xingrg/all/common/load_tree.html?tree=area_rest_tree_json&manage=1 HTTP/1.1" 200 342
61.170.233.201 - - [05/Jul/2023:10:17:47 +0800] "GET /xingrg/all/function/internal_message.html?_=1688523467780&CODE_STATE=count HTTP/1.1" 200 11
61.170.233.201 - - [05/Jul/2023:10:17:47 +0800] "GET /xingrg/javascript/jquery_easy_ui/themes/default/images/tabs_leftarrow.png HTTP/1.1" 304 -
61.170.233.201 - - [05/Jul/2023:10:17:47 +0800] "GET /xingrg/check_reg.html?_=1688523467781 HTTP/1.1" 200 22
61.170.233.201 - - [05/Jul/2023:10:17:47 +0800] "GET /xingrg/images/blue/pingpu.png HTTP/1.1" 304 -
61.170.233.201 - - [05/Jul/2023:10:17:47 +0800] "GET /xingrg/javascript/jquery_easy_ui/themes/default/images/panel_tool_collapse.gif HTTP/1.1" 304 -
61.170.233.201 - - [05/Jul/2023:10:17:47 +0800] "GET /xingrg/javascript/jquery_easy_ui/themes/default/images/tabs_rightarrow.png HTTP/1.1" 304 -
61.170.233.201 - - [05/Jul/2023:10:17:47 +0800] "POST /xingrg/load_menu.html HTTP/1.1" 200 5138
61.170.233.201 - - [05/Jul/2023:10:17:47 +0800] "GET /xingrg/javascript/jquery_easy_ui/themes/default/images/tree_arrows.gif HTTP/1.1" 304 -
61.170.233.201 - - [05/Jul/2023:10:17:47 +0800] "GET /xingrg/javascript/jquery_easy_ui/themes/default/images/tree_folder_open.gif HTTP/1.1" 304 -
61.170.233.201 - - [05/Jul/2023:10:17:47 +0800] "GET /xingrg/javascript/jquery_easy_ui/themes/icons/search_new.png HTTP/1.1" 304 -
61.170.233.201 - - [05/Jul/2023:10:17:47 +0800] "GET /xingrg/javascript/jquery_easy_ui/themes/default/images/tree_folder.gif HTTP/1.1" 304 -
61.170.233.201 - - [05/Jul/2023:10:17:47 +0800] "GET /xingrg/javascript/jquery_easy_ui/themes/icons/storage_new.png HTTP/1.1" 304 -
61.170.233.201 - - [05/Jul/2023:10:17:47 +0800] "GET /xingrg/javascript/jquery_easy_ui/themes/icons/forms_new.png HTTP/1.1" 304 -
61.170.233.201 - - [05/Jul/2023:10:17:47 +0800] "GET /xingrg/javascript/jquery_easy_ui/themes/default/images/tree_file.gif HTTP/1.1" 304 -
114.83.219.53 - - [05/Jul/2023:10:17:48 +0800] "POST /xingrg/all/common/load_select.html HTTP/1.1" 200 25
116.232.195.127 - - [05/Jul/2023:10:17:49 +0800] "GET /xingrg/all/function/internal_message.html?_=1688523454302&CODE_STATE=getMsg HTTP/1.1" 200 27
61.170.233.201 - - [05/Jul/2023:10:17:49 +0800] "GET /xingrg/kc/mdqp/qp_main.html HTTP/1.1" 200 10633
61.170.233.201 - - [05/Jul/2023:10:17:49 +0800] "GET /xingrg/javascript/jquery_easy_ui/themes/default/images/tabs_close.gif HTTP/1.1" 304 -
61.170.233.201 - - [05/Jul/2023:10:17:49 +0800] "GET /xingrg/css/blue.css HTTP/1.1" 304 -
61.170.233.201 - - [05/Jul/2023:10:17:49 +0800] "GET /xingrg/javascript/jquery_ui/themes/humanity/humanity.css HTTP/1.1" 304 -
61.170.233.201 - - [05/Jul/2023:10:17:49 +0800] "GET /xingrg/javascript/pic_change.js HTTP/1.1" 304 -
61.170.233.201 - - [05/Jul/2023:10:17:49 +0800] "GET /xingrg/javascript/ToolTips.js HTTP/1.1" 304 -
61.170.233.201 - - [05/Jul/2023:10:17:49 +0800] "GET /xingrg/javascript/myfunction.js HTTP/1.1" 304 -
61.170.233.201 - - [05/Jul/2023:10:17:49 +0800] "GET /xingrg/javascript/jquery_ui/jquery-ui.min.js HTTP/1.1" 304 -
61.170.233.201 - - [05/Jul/2023:10:17:49 +0800] "GET /xingrg/images/blue/button/cgxqd.gif HTTP/1.1" 304 -
61.170.233.201 - - [05/Jul/2023:10:17:49 +0800] "GET /xingrg/images/blue/button/qqpsd.gif HTTP/1.1" 200 2548
61.170.233.201 - - [05/Jul/2023:10:17:49 +0800] "GET /xingrg/images/blue/button/pszx.gif HTTP/1.1" 200 2648
61.170.233.201 - - [05/Jul/2023:10:17:49 +0800] "GET /xingrg/images/blue/button/psshd.gif HTTP/1.1" 200 2692
61.170.233.201 - - [05/Jul/2023:10:17:49 +0800] "GET /xingrg/images/blue/pic_form2.gif HTTP/1.1" 304 -
61.170.233.201 - - [05/Jul/2023:10:17:49 +0800] "GET /xingrg/javascript/jquery_ui/themes/humanity/images/ui-bg_inset-soft_100_f4f0ec_1x100.png HTTP/1.1" 304 -
61.170.233.201 - - [05/Jul/2023:10:17:49 +0800] "GET /xingrg/images/blue/bg_dotted.jpg HTTP/1.1" 304 -
61.170.233.201 - - [05/Jul/2023:10:17:49 +0800] "GET /xingrg/images/blue/button/right_ah.jpg HTTP/1.1" 304 -
61.170.233.201 - - [05/Jul/2023:10:17:49 +0800] "GET /xingrg/images/blue/button/down_ah.jpg HTTP/1.1" 304 -
61.170.233.201 - - [05/Jul/2023:10:17:50 +0800] "GET /xingrg/javascript/jquery_ui/themes/humanity/images/ui-icons_ffffff_256x240.png HTTP/1.1" 304 -
61.170.233.201 - - [05/Jul/2023:10:17:50 +0800] "GET /xingrg/javascript/jquery_ui/themes/humanity/images/ui-iconsnew.jpg HTTP/1.1" 304 -
61.170.233.201 - - [05/Jul/2023:10:17:50 +0800] "GET /xingrg/javascript/jquery_ui/themes/humanity/images/ui-icons_c47a23_256x240.png HTTP/1.1" 304 -
61.170.233.201 - - [05/Jul/2023:10:17:50 +0800] "GET /xingrg/javascript/jquery_ui/themes/humanity/images/ui-bg_glass_70_ede4d4_1x400.png HTTP/1.1" 304 -
114.83.219.53 - - [05/Jul/2023:10:17:50 +0800] "GET /xingrg/kc/base/wldb_order_operate.html?command=get_materiel_price&rest_code=00154&base_code=0010726&code=00101028002&unit_code=00100157 HTTP/1.1" 200 36
61.170.233.201 - - [05/Jul/2023:10:17:51 +0800] "GET /xingrg/images/yd/bt.gif HTTP/1.1" 404 1040
180.169.147.146 - - [05/Jul/2023:10:17:51 +0800] "GET /xingrg/all/function/internal_message.html?_=1688523467635&CODE_STATE=getMsg HTTP/1.1" 200 27
61.170.233.201 - - [05/Jul/2023:10:17:53 +0800] "GET /xingrg/kc/mdqp/qqps_order_list.html HTTP/1.1" 200 9222
61.170.233.201 - - [05/Jul/2023:10:17:53 +0800] "GET /xingrg/dwr/interface/AjaxQqpsService.js HTTP/1.1" 200 16326
61.170.233.201 - - [05/Jul/2023:10:17:53 +0800] "GET /xingrg/dwr/interface/AjaxReportQueryService.js HTTP/1.1" 200 13203
61.170.233.201 - - [05/Jul/2023:10:17:53 +0800] "GET /xingrg/dwr/util.js HTTP/1.1" 200 35990
61.170.233.201 - - [05/Jul/2023:10:17:53 +0800] "GET /xingrg/dwr/engine.js HTTP/1.1" 200 43631
61.170.233.201 - - [05/Jul/2023:10:17:53 +0800] "GET /xingrg/javascript/Calendar.js HTTP/1.1" 200 31561
61.170.233.201 - - [05/Jul/2023:10:17:53 +0800] "GET /xingrg/javascript/jquery_easy_ui/themes/icons/uncheck_new.png HTTP/1.1" 200 3197
61.170.233.201 - - [05/Jul/2023:10:17:53 +0800] "GET /xingrg/javascript/jquery_easy_ui/themes/icons/edit_add_new.png HTTP/1.1" 200 2997
61.170.233.201 - - [05/Jul/2023:10:17:53 +0800] "GET /xingrg/javascript/jquery_easy_ui/themes/icons/check_new.png HTTP/1.1" 200 3224
61.170.233.201 - - [05/Jul/2023:10:17:53 +0800] "GET /xingrg/javascript/jquery_easy_ui/themes/icons/cance_new.png HTTP/1.1" 200 3986
114.85.113.108 - - [05/Jul/2023:10:17:54 +0800] "GET /xingrg/all/function/internal_message.html?_=1688523473505&CODE_STATE=getMsg HTTP/1.1" 200 27
124.79.243.110 - - [05/Jul/2023:10:17:55 +0800] "GET /xingrg/all/function/internal_message.html?_=1688523759599&CODE_STATE=getMsg HTTP/1.1" 200 27
114.85.96.155 - - [05/Jul/2023:10:17:56 +0800] "POST /xingrg/kc/buy/cgsh_order_operate.html HTTP/1.1" 200 37
61.170.233.201 - - [05/Jul/2023:10:17:56 +0800] "GET /xingrg/javascript/jquery_easy_ui/themes/default/images/button_plain_hover.png HTTP/1.1" 200 252
114.83.219.53 - - [05/Jul/2023:10:17:56 +0800] "GET /xingrg/kc/base/wldb_order_operate.html?command=get_materiel&rest_code=00154&base_code=0010726&code=00101028012 HTTP/1.1" 200 477
124.78.139.237 - - [05/Jul/2023:10:17:56 +0800] "GET /favicon.ico HTTP/1.1" 404 -
180.169.147.146 - - [05/Jul/2023:10:17:57 +0800] "GET /xingrg/all/function/internal_message.html?_=1688523475746&CODE_STATE=getMsg HTTP/1.1" 200 27
124.78.139.237 - - [05/Jul/2023:10:17:57 +0800] "GET /favicon.ico HTTP/1.1" 404 -
61.170.233.201 - - [05/Jul/2023:10:17:57 +0800] "GET /xingrg/check_reg.html?_=1688523475815 HTTP/1.1" 200 22
124.78.139.237 - - [05/Jul/2023:10:17:58 +0800] "GET /favicon.ico HTTP/1.1" 404 -
124.78.139.237 - - [05/Jul/2023:10:17:59 +0800] "GET /favicon.ico HTTP/1.1" 404 -
61.170.233.201 - - [05/Jul/2023:10:18:00 +0800] "GET /xingrg/kc/mdqp/qqps_order_add.html HTTP/1.1" 200 28236
61.170.233.201 - - [05/Jul/2023:10:18:00 +0800] "GET /xingrg/javascript/auto/jquery.autocomplete.css HTTP/1.1" 304 -
61.170.233.201 - - [05/Jul/2023:10:18:00 +0800] "GET /xingrg/javascript/auto/jquery.autocomplete.js HTTP/1.1" 304 -
61.170.233.201 - - [05/Jul/2023:10:18:00 +0800] "GET /xingrg/javascript/tools/jquery.qtip-1.0.0-rc3.min.js HTTP/1.1" 200 38404
61.170.233.201 - - [05/Jul/2023:10:18:00 +0800] "GET /xingrg/dwr/interface/AjaxComOrderService.js HTTP/1.1" 200 18264
61.170.233.201 - - [05/Jul/2023:10:18:00 +0800] "GET /xingrg/dwr/interface/AjaxQqpsService.js HTTP/1.1" 200 16326
61.170.233.201 - - [05/Jul/2023:10:18:00 +0800] "GET /xingrg/dwr/engine.js HTTP/1.1" 200 43631
61.170.233.201 - - [05/Jul/2023:10:18:00 +0800] "GET /xingrg/javascript/AjaxInfoList.js HTTP/1.1" 200 3774
61.170.233.201 - - [05/Jul/2023:10:18:00 +0800] "GET /xingrg/javascript/Grid.js HTTP/1.1" 200 58908
61.170.233.201 - - [05/Jul/2023:10:18:00 +0800] "GET /xingrg/javascript/print/kc_print.js HTTP/1.1" 304 -
61.170.233.201 - - [05/Jul/2023:10:18:00 +0800] "GET /xingrg/javascript/print/LodopFuncs.js HTTP/1.1" 304 -
61.170.233.201 - - [05/Jul/2023:10:18:00 +0800] "GET /xingrg/words/20230704105550_words.js HTTP/1.1" 200 971771
124.78.139.237 - - [05/Jul/2023:10:18:00 +0800] "GET /favicon.ico HTTP/1.1" 404 -
61.170.233.201 - - [05/Jul/2023:10:18:00 +0800] "GET /xingrg/javascript/jquery_easy_ui/themes/icons/print.png HTTP/1.1" 200 1057
61.170.233.201 - - [05/Jul/2023:10:18:00 +0800] "GET /xingrg/javascript/jquery_easy_ui/themes/default/images/menu_downarrow.png HTTP/1.1" 200 173
61.170.233.201 - - [05/Jul/2023:10:18:00 +0800] "GET /xingrg/javascript/jquery_easy_ui/themes/icons/ok.png HTTP/1.1" 200 883
61.170.233.201 - - [05/Jul/2023:10:18:00 +0800] "GET /xingrg/javascript/jquery_easy_ui/themes/icons/copy_new.png HTTP/1.1" 200 815
61.170.233.201 - - [05/Jul/2023:10:18:00 +0800] "GET /xingrg/javascript/jquery_easy_ui/themes/icons/template_new.png HTTP/1.1" 200 3956
61.170.233.201 - - [05/Jul/2023:10:18:00 +0800] "GET /xingrg/javascript/jquery_easy_ui/themes/icons/back_new.png HTTP/1.1" 200 3414
114.83.219.53 - - [05/Jul/2023:10:18:00 +0800] "POST /xingrg/all/common/load_select.html HTTP/1.1" 200 25
61.170.233.201 - - [05/Jul/2023:10:18:00 +0800] "GET /xingrg/images/blue/button/kc_tab_add.gif HTTP/1.1" 200 375
61.170.233.201 - - [05/Jul/2023:10:18:00 +0800] "GET /xingrg/images/blue/button/kc_tab_save.gif HTTP/1.1" 200 777
61.170.233.201 - - [05/Jul/2023:10:18:00 +0800] "GET /xingrg/images/blue/button/kc_tab_edit.gif HTTP/1.1" 200 551
61.170.233.201 - - [05/Jul/2023:10:18:00 +0800] "GET /xingrg/images/blue/button/kc_tab_del.gif HTTP/1.1" 200 383
61.170.233.201 - - [05/Jul/2023:10:18:00 +0800] "GET /xingrg/javascript/jquery_easy_ui/themes/default/images/combo_arrow_dot.gif HTTP/1.1" 200 79
61.170.233.201 - - [05/Jul/2023:10:18:00 +0800] "GET /xingrg/images/blue/kc_tab_left.gif HTTP/1.1" 200 188
61.170.233.201 - - [05/Jul/2023:10:18:00 +0800] "GET /xingrg/images/blue/kc_tab_mid.gif HTTP/1.1" 200 44
61.170.233.201 - - [05/Jul/2023:10:18:00 +0800] "GET /xingrg/images/blue/kc_tab_right.gif HTTP/1.1" 200 643
61.170.233.201 - - [05/Jul/2023:10:18:00 +0800] "GET /xingrg/images/blue/kc_tab2_left.gif HTTP/1.1" 200 625
61.170.233.201 - - [05/Jul/2023:10:18:00 +0800] "GET /xingrg/images/blue/kc_tab2_right.gif HTTP/1.1" 200 192
114.95.42.59 - - [05/Jul/2023:10:18:01 +0800] "GET /xingrg/all/function/internal_message.html?_=1688523299930&CODE_STATE=getMsg HTTP/1.1" 200 27
222.70.180.90 - - [05/Jul/2023:10:18:02 +0800] "GET /xingrg/all/function/internal_message.html?_=1688523537049&CODE_STATE=getMsg HTTP/1.1" 200 27
114.83.219.53 - - [05/Jul/2023:10:18:02 +0800] "GET /xingrg/kc/base/wldb_order_operate.html?command=get_materiel_price&rest_code=00154&base_code=0010726&code=00101028012&unit_code=00100157 HTTP/1.1" 200 36
222.70.180.90 - - [05/Jul/2023:10:18:03 +0800] "GET /xingrg/all/function/internal_message.html?_=1688523482022&CODE_STATE=getMsg HTTP/1.1" 200 27
114.85.96.155 - - [05/Jul/2023:10:18:04 +0800] "GET /xingrg/all/function/internal_message.html?_=1688523484367&CODE_STATE=getMsg HTTP/1.1" 200 27
116.238.191.126 - - [05/Jul/2023:10:18:04 +0800] "GET /xingrg/all/function/internal_message.html?_=1688523396181&CODE_STATE=getMsg HTTP/1.1" 200 27
114.85.96.155 - - [05/Jul/2023:10:18:05 +0800] "POST /xingrg/kc/buy/cgsh_order_operate.html HTTP/1.1" 200 12
114.83.216.42 - - [05/Jul/2023:10:18:05 +0800] "GET /xingrg/all/function/internal_message.html?_=1688523485498&CODE_STATE=getMsg HTTP/1.1" 200 27
116.235.244.74 - - [05/Jul/2023:10:18:05 +0800] "GET /xingrg/kc/buy/cgsh_order_operate.html?command=get_materiel&rest_code=00146&code=00101008072&supplier_code=00100005&order_time=2023-07-05 HTTP/1.1" 200 408
114.85.96.155 - - [05/Jul/2023:10:18:07 +0800] "GET /xingrg/kc/buy/cgsh_order_info.html?code=212023070501695 HTTP/1.1" 200 66560
114.85.96.155 - - [05/Jul/2023:10:18:07 +0800] "GET /xingrg/javascript/easyui/themes/default/validatebox.css HTTP/1.1" 404 1104
114.85.96.155 - - [05/Jul/2023:10:18:08 +0800] "POST /xingrg/kc/buy/cgsh_order_operate.html HTTP/1.1" 200 3557
180.169.147.146 - - [05/Jul/2023:10:18:11 +0800] "GET /xingrg/all/function/internal_message.html?_=1688523489363&CODE_STATE=getMsg HTTP/1.1" 200 27
61.170.233.201 - - [05/Jul/2023:10:18:12 +0800] "GET /xingrg/images/blue/wait.gif HTTP/1.1" 200 1100
61.170.233.201 - - [05/Jul/2023:10:18:12 +0800] "POST /xingrg/dwr/call/plaincall/AjaxQqpsService.saveOrder.dwr HTTP/1.1" 200 78
114.83.219.53 - - [05/Jul/2023:10:18:13 +0800] "POST /xingrg/all/common/load_select.html HTTP/1.1" 200 25
114.85.96.155 - - [05/Jul/2023:10:18:13 +0800] "GET /xingrg/kc/print/load_data.html?order_code=212023070501695&kc_code=cgsh&condition= HTTP/1.1" 200 1793
61.170.233.201 - - [05/Jul/2023:10:18:18 +0800] "GET /xingrg/javascript/auto/indicator.gif HTTP/1.1" 404 1066
114.83.216.42 - - [05/Jul/2023:10:18:18 +0800] "GET /xingrg/all/function/internal_message.html?_=1688523495892&CODE_STATE=getMsg HTTP/1.1" 200 27
114.95.42.59 - - [05/Jul/2023:10:18:19 +0800] "GET /xingrg/all/function/internal_message.html?_=1688523499968&CODE_STATE=getMsg HTTP/1.1" 200 27
61.170.233.201 - - [05/Jul/2023:10:18:21 +0800] "POST /xingrg/dwr/call/plaincall/AjaxQqpsService.getMaterielByCode.dwr HTTP/1.1" 200 2768
61.170.233.201 - - [05/Jul/2023:10:18:22 +0800] "GET /xingrg/all/function/internal_message.html?_=1688523509383&CODE_STATE=getMsg HTTP/1.1" 200 27
58.39.105.68 - - [05/Jul/2023:10:18:23 +0800] "GET /xingrg/all/function/internal_message.html?_=1688523502851&CODE_STATE=getMsg HTTP/1.1" 200 27
61.170.233.201 - - [05/Jul/2023:10:18:24 +0800] "POST /xingrg/dwr/call/plaincall/AjaxQqpsService.saveMaterielItem.dwr HTTP/1.1" 200 78
116.235.244.74 - - [05/Jul/2023:10:18:24 +0800] "GET /xingrg/all/function/internal_message.html?_=1688523513911&CODE_STATE=getMsg HTTP/1.1" 200 27
222.70.114.12 - - [05/Jul/2023:10:18:25 +0800] "GET /xingrg/all/function/internal_message.html?_=1688523507729&CODE_STATE=getMsg HTTP/1.1" 200 27
61.170.233.201 - - [05/Jul/2023:10:18:26 +0800] "GET /xingrg/all/function/internal_message.html?_=1688523504077&CODE_STATE=getMsg HTTP/1.1" 200 27
114.83.219.53 - - [05/Jul/2023:10:18:26 +0800] "POST /xingrg/all/common/load_select.html HTTP/1.1" 200 25
61.170.233.201 - - [05/Jul/2023:10:18:26 +0800] "POST /xingrg/dwr/call/plaincall/AjaxQqpsService.saveOrder.dwr HTTP/1.1" 200 78
114.83.219.53 - - [05/Jul/2023:10:18:27 +0800] "GET /xingrg/all/function/internal_message.html?_=1688523623161&CODE_STATE=getMsg HTTP/1.1" 200 27
114.83.219.53 - - [05/Jul/2023:10:18:27 +0800] "GET /xingrg/check_reg.html?_=1688523623162 HTTP/1.1" 200 22
180.169.147.146 - - [05/Jul/2023:10:18:28 +0800] "GET /xingrg/kc/cost/cost_operate.html?_=1688523505055&command=load_cost_list HTTP/1.1" 200 6353
120.253.135.82 - - [05/Jul/2023:10:18:31 +0800] "GET /xingrg/all/function/internal_message.html?_=1688523340922&CODE_STATE=getMsg HTTP/1.1" 200 27
180.169.147.146 - - [05/Jul/2023:10:18:31 +0800] "GET /xingrg/kc/cost/change_price.html?start_date=2023-06-01&end_date=2023-06-30&id=4461 HTTP/1.1" 200 8811
180.169.147.146 - - [05/Jul/2023:10:18:31 +0800] "GET /xingrg/dwr/engine.js HTTP/1.1" 200 43631
180.169.147.146 - - [05/Jul/2023:10:18:32 +0800] "GET /xingrg/words/20230704105550_words.js HTTP/1.1" 304 -
116.235.244.74 - - [05/Jul/2023:10:18:32 +0800] "GET /xingrg/kc/buy/cgsh_order_operate.html?command=get_materiel&rest_code=00146&code=00101008257&supplier_code=00100005&order_time=2023-07-05 HTTP/1.1" 200 416
180.169.147.146 - - [05/Jul/2023:10:18:32 +0800] "GET /favicon.ico HTTP/1.1" 404 -
180.169.147.146 - - [05/Jul/2023:10:18:32 +0800] "POST /xingrg/kc/cost/cost_operate.html HTTP/1.1" 200 232
114.83.219.53 - - [05/Jul/2023:10:18:33 +0800] "GET /xingrg/kc/base/wldb_order_operate.html?command=get_materiel&rest_code=00154&base_code=0010726&code=00101029022 HTTP/1.1" 200 472
172.20.0.100 - - [05/Jul/2023:10:18:33 +0800] "GET /xingrg/all/function/internal_message.html?_=1688523513406&CODE_STATE=getMsg HTTP/1.1" 200 27
180.169.147.146 - - [05/Jul/2023:10:18:34 +0800] "GET /xingrg/javascript/auto/indicator.gif HTTP/1.1" 404 1066
61.170.233.201 - - [05/Jul/2023:10:18:35 +0800] "GET /xingrg/kc/mdqp/qqps_order_add.html HTTP/1.1" 200 28236
61.170.233.201 - - [05/Jul/2023:10:18:35 +0800] "GET /xingrg/dwr/interface/AjaxComOrderService.js HTTP/1.1" 200 18264
61.170.233.201 - - [05/Jul/2023:10:18:35 +0800] "GET /xingrg/dwr/interface/AjaxQqpsService.js HTTP/1.1" 200 16326
61.170.233.201 - - [05/Jul/2023:10:18:35 +0800] "GET /xingrg/dwr/engine.js HTTP/1.1" 200 43631
114.83.219.53 - - [05/Jul/2023:10:18:36 +0800] "POST /xingrg/all/common/load_select.html HTTP/1.1" 200 25
116.235.244.74 - - [05/Jul/2023:10:18:36 +0800] "POST /xingrg/kc/buy/cgsh_order_operate.html HTTP/1.1" 200 2065
114.83.216.42 - - [05/Jul/2023:10:18:37 +0800] "GET /xingrg/kc/buy/cgsh_order_operate.html?command=get_materiel&rest_code=00149&code=00101006030&supplier_code=00100151&order_time=2023-07-05 HTTP/1.1" 200 415
114.83.219.53 - - [05/Jul/2023:10:18:38 +0800] "GET /xingrg/kc/base/wldb_order_operate.html?command=get_materiel_price&rest_code=00154&base_code=0010726&code=00101029022&unit_code=00100157 HTTP/1.1" 200 35
180.169.147.146 - - [05/Jul/2023:10:18:40 +0800] "POST /xingrg/kc/cost/cost_operate.html HTTP/1.1" 200 202
61.170.233.201 - - [05/Jul/2023:10:18:41 +0800] "GET /xingrg/kc/mdqp/qp_main.html HTTP/1.1" 200 10633
61.170.233.201 - - [05/Jul/2023:10:18:43 +0800] "GET /xingrg/kc/mdqp/qqps_order_list.html HTTP/1.1" 200 9642
61.170.233.201 - - [05/Jul/2023:10:18:43 +0800] "GET /xingrg/dwr/interface/AjaxQqpsService.js HTTP/1.1" 200 16326
61.170.233.201 - - [05/Jul/2023:10:18:43 +0800] "GET /xingrg/dwr/interface/AjaxReportQueryService.js HTTP/1.1" 200 13203
61.170.233.201 - - [05/Jul/2023:10:18:43 +0800] "GET /xingrg/dwr/engine.js HTTP/1.1" 200 43631
180.165.154.167 - - [05/Jul/2023:10:18:44 +0800] "GET /xingrg/all/function/internal_message.html?_=1688523524405&CODE_STATE=getMsg HTTP/1.1" 200 27
114.83.219.53 - - [05/Jul/2023:10:18:44 +0800] "GET /xingrg/kc/base/wldb_order_operate.html?command=get_materiel&rest_code=00154&base_code=0010726&code=00101029023 HTTP/1.1" 200 476
116.235.244.74 - - [05/Jul/2023:10:18:44 +0800] "GET /xingrg/kc/buy/cgsh_order_operate.html?command=get_materiel&rest_code=00146&code=00101008331&supplier_code=00100005&order_time=2023-07-05 HTTP/1.1" 200 416
61.170.233.201 - - [05/Jul/2023:10:18:45 +0800] "GET /xingrg/kc/mdqp/qqps_order_add.html HTTP/1.1" 200 28236
61.170.233.201 - - [05/Jul/2023:10:18:45 +0800] "GET /xingrg/dwr/interface/AjaxQqpsService.js HTTP/1.1" 200 16326
61.170.233.201 - - [05/Jul/2023:10:18:45 +0800] "GET /xingrg/dwr/interface/AjaxComOrderService.js HTTP/1.1" 200 18264
61.170.233.201 - - [05/Jul/2023:10:18:45 +0800] "GET /xingrg/dwr/engine.js HTTP/1.1" 200 43631
61.170.233.201 - - [05/Jul/2023:10:18:47 +0800] "GET /xingrg/all/function/internal_message.html?_=1688523527795&CODE_STATE=getMsg HTTP/1.1" 200 27
114.83.219.53 - - [05/Jul/2023:10:18:48 +0800] "POST /xingrg/all/common/load_select.html HTTP/1.1" 200 25
116.232.195.127 - - [05/Jul/2023:10:18:49 +0800] "GET /xingrg/all/function/internal_message.html?_=1688523514292&CODE_STATE=getMsg HTTP/1.1" 200 27
114.83.219.53 - - [05/Jul/2023:10:18:50 +0800] "GET /xingrg/kc/base/wldb_order_operate.html?command=get_materiel_price&rest_code=00154&base_code=0010726&code=00101029023&unit_code=00100179 HTTP/1.1" 200 34
180.169.147.146 - - [05/Jul/2023:10:18:50 +0800] "POST /xingrg/kc/cost/cost_operate.html HTTP/1.1" 200 4
180.169.147.146 - - [05/Jul/2023:10:18:51 +0800] "GET /xingrg/kc/cost/change_price.html?start_date=2023-06-01&end_date=2023-06-30&id=4461 HTTP/1.1" 200 8811
180.169.147.146 - - [05/Jul/2023:10:18:51 +0800] "GET /xingrg/css/blue.css HTTP/1.1" 304 -
180.169.147.146 - - [05/Jul/2023:10:18:51 +0800] "GET /xingrg/javascript/jquery_easy_ui/themes/default/easyui.css HTTP/1.1" 304 -
180.169.147.146 - - [05/Jul/2023:10:18:51 +0800] "GET /xingrg/javascript/jquery_easy_ui/themes/icon.css HTTP/1.1" 304 -
180.169.147.146 - - [05/Jul/2023:10:18:51 +0800] "GET /xingrg/javascript/step/step.css HTTP/1.1" 304 -
180.169.147.146 - - [05/Jul/2023:10:18:51 +0800] "GET /xingrg/javascript/auto/jquery.autocomplete.css HTTP/1.1" 304 -
180.169.147.146 - - [05/Jul/2023:10:18:51 +0800] "GET /xingrg/css/table.css HTTP/1.1" 304 -
180.169.147.146 - - [05/Jul/2023:10:18:51 +0800] "GET /xingrg/dwr/interface/AjaxReportQueryService.js HTTP/1.1" 200 13203
180.169.147.146 - - [05/Jul/2023:10:18:51 +0800] "GET /xingrg/dwr/engine.js HTTP/1.1" 200 43631
180.169.147.146 - - [05/Jul/2023:10:18:51 +0800] "GET /xingrg/dwr/util.js HTTP/1.1" 304 -
180.169.147.146 - - [05/Jul/2023:10:18:51 +0800] "GET /xingrg/javascript/jquery-1.4.2.min.js HTTP/1.1" 304 -
180.169.147.146 - - [05/Jul/2023:10:18:51 +0800] "GET /xingrg/javascript/jquery_easy_ui/jquery.easyui.min.js HTTP/1.1" 304 -
180.169.147.146 - - [05/Jul/2023:10:18:51 +0800] "GET /xingrg/javascript/jquery_easy_ui/easyui-lang-zh_CN.js HTTP/1.1" 304 -
180.169.147.146 - - [05/Jul/2023:10:18:51 +0800] "GET /xingrg/javascript/auto/jquery.autocomplete.js HTTP/1.1" 304 -
180.169.147.146 - - [05/Jul/2023:10:18:51 +0800] "GET /xingrg/javascript/jquery_tools/order_manager.js HTTP/1.1" 304 -
180.169.147.146 - - [05/Jul/2023:10:18:51 +0800] "GET /xingrg/javascript/jquery.utils.js HTTP/1.1" 304 -
180.169.147.146 - - [05/Jul/2023:10:18:51 +0800] "GET /xingrg/javascript/json2.js HTTP/1.1" 304 -
180.169.147.146 - - [05/Jul/2023:10:18:51 +0800] "GET /xingrg/javascript/jquery_easy_ui/themes/default/easyui.css HTTP/1.1" 304 -
180.169.147.146 - - [05/Jul/2023:10:18:51 +0800] "GET /xingrg/javascript/jquery_easy_ui/themes/icon.css HTTP/1.1" 304 -
180.169.147.146 - - [05/Jul/2023:10:18:51 +0800] "GET /xingrg/words/20230704105550_words.js HTTP/1.1" 304 -
180.169.147.146 - - [05/Jul/2023:10:18:51 +0800] "GET /xingrg/all/function/internal_message.html?_=1688523527654&CODE_STATE=getMsg HTTP/1.1" 200 27
180.169.147.146 - - [05/Jul/2023:10:18:51 +0800] "GET /xingrg/images/control/ajaxLoader.gif HTTP/1.1" 304 -
180.169.147.146 - - [05/Jul/2023:10:18:51 +0800] "POST /xingrg/kc/cost/cost_operate.html HTTP/1.1" 200 434
61.170.233.201 - - [05/Jul/2023:10:18:52 +0800] "GET /xingrg/check_reg.html?_=1688523539346 HTTP/1.1" 200 22
114.85.113.108 - - [05/Jul/2023:10:18:54 +0800] "GET /xingrg/all/function/internal_message.html?_=1688523533490&CODE_STATE=getMsg HTTP/1.1" 200 27
124.79.243.110 - - [05/Jul/2023:10:18:55 +0800] "GET /xingrg/all/function/internal_message.html?_=1688523819599&CODE_STATE=getMsg HTTP/1.1" 200 27
114.83.216.42 - - [05/Jul/2023:10:18:55 +0800] "GET /xingrg/kc/buy/cgsh_order_operate.html?command=get_materiel&rest_code=00149&code=00101010831&supplier_code=00100151&order_time=2023-07-05 HTTP/1.1" 200 419
180.163.28.55 - - [05/Jul/2023:10:18:57 +0800] "GET /xingrg/check_reg.html?_=1688523475815 HTTP/1.1" 302 -
180.163.28.55 - - [05/Jul/2023:10:18:57 +0800] "GET /xingrg/login.html HTTP/1.1" 200 7641
180.169.147.146 - - [05/Jul/2023:10:18:57 +0800] "GET /xingrg/all/function/internal_message.html?_=1688523535738&CODE_STATE=getMsg HTTP/1.1" 200 27
114.83.219.53 - - [05/Jul/2023:10:18:58 +0800] "GET /xingrg/kc/base/wldb_order_operate.html?command=get_materiel&rest_code=00154&base_code=0010726&code=00101020383 HTTP/1.1" 200 470
114.95.42.59 - - [05/Jul/2023:10:19:01 +0800] "GET /xingrg/check_reg.html?_=1688523359920 HTTP/1.1" 200 22
114.95.42.59 - - [05/Jul/2023:10:19:01 +0800] "GET /xingrg/all/function/internal_message.html?_=1688523359923&CODE_STATE=getMsg HTTP/1.1" 200 27
222.70.180.90 - - [05/Jul/2023:10:19:02 +0800] "GET /xingrg/all/function/internal_message.html?_=1688523597067&CODE_STATE=getMsg HTTP/1.1" 200 27
180.169.147.146 - - [05/Jul/2023:10:19:03 +0800] "GET /xingrg/javascript/auto/indicator.gif HTTP/1.1" 404 1066
222.70.180.90 - - [05/Jul/2023:10:19:03 +0800] "GET /xingrg/all/function/internal_message.html?_=1688523542024&CODE_STATE=getMsg HTTP/1.1" 200 27
114.85.96.155 - - [05/Jul/2023:10:19:04 +0800] "GET /xingrg/all/function/internal_message.html?_=1688523544365&CODE_STATE=getMsg HTTP/1.1" 200 27
116.238.191.126 - - [05/Jul/2023:10:19:04 +0800] "GET /xingrg/all/function/internal_message.html?_=1688523456333&CODE_STATE=getMsg HTTP/1.1" 200 27
61.170.233.201 - - [05/Jul/2023:10:19:05 +0800] "POST /xingrg/dwr/call/plaincall/AjaxQqpsService.saveOrder.dwr HTTP/1.1" 200 78
114.83.216.42 - - [05/Jul/2023:10:19:05 +0800] "GET /xingrg/all/function/internal_message.html?_=1688523545492&CODE_STATE=getMsg HTTP/1.1" 200 27
180.165.154.167 - - [05/Jul/2023:10:19:06 +0800] "POST /xingrg/services/DataTransmitService HTTP/1.1" 200 524
114.95.42.59 - - [05/Jul/2023:10:19:09 +0800] "GET /xingrg/check_reg.html?_=1688523550251 HTTP/1.1" 200 22
180.169.147.146 - - [05/Jul/2023:10:19:09 +0800] "POST /xingrg/kc/cost/cost_operate.html HTTP/1.1" 200 207
58.39.105.68 - - [05/Jul/2023:10:19:11 +0800] "POST /xingrg/kc/buy/cgsh_list_operate.html HTTP/1.1" 200 1877
180.169.147.146 - - [05/Jul/2023:10:19:11 +0800] "GET /xingrg/all/function/internal_message.html?_=1688523549361&CODE_STATE=getMsg HTTP/1.1" 200 27
114.83.219.53 - - [05/Jul/2023:10:19:13 +0800] "POST /xingrg/all/common/load_select.html HTTP/1.1" 200 25
180.169.147.146 - - [05/Jul/2023:10:19:13 +0800] "POST /xingrg/kc/cost/cost_operate.html HTTP/1.1" 200 4
180.169.147.146 - - [05/Jul/2023:10:19:14 +0800] "GET /xingrg/kc/cost/change_price.html?start_date=2023-06-01&end_date=2023-06-30&id=4461 HTTP/1.1" 200 8811
180.169.147.146 - - [05/Jul/2023:10:19:14 +0800] "GET /xingrg/css/blue.css HTTP/1.1" 304 -
180.169.147.146 - - [05/Jul/2023:10:19:14 +0800] "GET /xingrg/javascript/jquery_easy_ui/themes/default/easyui.css HTTP/1.1" 304 -
180.169.147.146 - - [05/Jul/2023:10:19:14 +0800] "GET /xingrg/javascript/jquery_easy_ui/themes/icon.css HTTP/1.1" 304 -
180.169.147.146 - - [05/Jul/2023:10:19:14 +0800] "GET /xingrg/javascript/step/step.css HTTP/1.1" 304 -
180.169.147.146 - - [05/Jul/2023:10:19:14 +0800] "GET /xingrg/javascript/auto/jquery.autocomplete.css HTTP/1.1" 304 -
180.169.147.146 - - [05/Jul/2023:10:19:14 +0800] "GET /xingrg/css/table.css HTTP/1.1" 304 -
180.169.147.146 - - [05/Jul/2023:10:19:14 +0800] "GET /xingrg/dwr/interface/AjaxReportQueryService.js HTTP/1.1" 200 13203
180.169.147.146 - - [05/Jul/2023:10:19:14 +0800] "GET /xingrg/dwr/engine.js HTTP/1.1" 200 43631
180.169.147.146 - - [05/Jul/2023:10:19:14 +0800] "GET /xingrg/dwr/util.js HTTP/1.1" 304 -
180.169.147.146 - - [05/Jul/2023:10:19:14 +0800] "GET /xingrg/javascript/jquery-1.4.2.min.js HTTP/1.1" 304 -
180.169.147.146 - - [05/Jul/2023:10:19:14 +0800] "GET /xingrg/javascript/jquery_easy_ui/jquery.easyui.min.js HTTP/1.1" 304 -
180.169.147.146 - - [05/Jul/2023:10:19:14 +0800] "GET /xingrg/javascript/jquery_easy_ui/easyui-lang-zh_CN.js HTTP/1.1" 304 -
180.169.147.146 - - [05/Jul/2023:10:19:14 +0800] "GET /xingrg/javascript/auto/jquery.autocomplete.js HTTP/1.1" 304 -
180.169.147.146 - - [05/Jul/2023:10:19:14 +0800] "GET /xingrg/javascript/jquery_tools/order_manager.js HTTP/1.1" 304 -
180.169.147.146 - - [05/Jul/2023:10:19:14 +0800] "GET /xingrg/javascript/jquery.utils.js HTTP/1.1" 304 -
180.169.147.146 - - [05/Jul/2023:10:19:14 +0800] "GET /xingrg/javascript/json2.js HTTP/1.1" 304 -
180.169.147.146 - - [05/Jul/2023:10:19:14 +0800] "GET /xingrg/javascript/jquery_easy_ui/themes/default/easyui.css HTTP/1.1" 304 -
180.169.147.146 - - [05/Jul/2023:10:19:14 +0800] "GET /xingrg/javascript/jquery_easy_ui/themes/icon.css HTTP/1.1" 304 -
180.169.147.146 - - [05/Jul/2023:10:19:14 +0800] "GET /xingrg/words/20230704105550_words.js HTTP/1.1" 304 -
180.169.147.146 - - [05/Jul/2023:10:19:14 +0800] "GET /xingrg/images/control/ajaxLoader.gif HTTP/1.1" 304 -
180.169.147.146 - - [05/Jul/2023:10:19:15 +0800] "POST /xingrg/kc/cost/cost_operate.html HTTP/1.1" 200 633
116.235.244.74 - - [05/Jul/2023:10:19:15 +0800] "GET /xingrg/kc/buy/cgsh_order_operate.html?command=get_materiel&rest_code=00146&code=00101008350&supplier_code=00100005&order_time=2023-07-05 HTTP/1.1" 200 408
61.170.233.201 - - [05/Jul/2023:10:19:16 +0800] "GET /xingrg/javascript/auto/indicator.gif HTTP/1.1" 404 1066
114.83.216.42 - - [05/Jul/2023:10:19:18 +0800] "GET /xingrg/all/function/internal_message.html?_=1688523555900&CODE_STATE=getMsg HTTP/1.1" 200 27
114.95.42.59 - - [05/Jul/2023:10:19:19 +0800] "GET /xingrg/all/function/internal_message.html?_=1688523559944&CODE_STATE=getMsg HTTP/1.1" 200 27
58.39.105.68 - - [05/Jul/2023:10:19:21 +0800] "POST /xingrg/kc/buy/cgsh_list_operate.html HTTP/1.1" 200 4
180.169.147.146 - - [05/Jul/2023:10:19:22 +0800] "POST /xingrg/kc/cost/cost_operate.html HTTP/1.1" 200 4
61.170.233.201 - - [05/Jul/2023:10:19:22 +0800] "GET /xingrg/all/function/internal_message.html?_=1688523569379&CODE_STATE=getMsg HTTP/1.1" 200 27
180.169.147.146 - - [05/Jul/2023:10:19:23 +0800] "GET /xingrg/kc/cost/change_price.html?start_date=2023-06-01&end_date=2023-06-30&id=4461 HTTP/1.1" 200 8586
180.169.147.146 - - [05/Jul/2023:10:19:23 +0800] "GET /xingrg/css/blue.css HTTP/1.1" 304 -
180.169.147.146 - - [05/Jul/2023:10:19:23 +0800] "GET /xingrg/javascript/jquery_easy_ui/themes/default/easyui.css HTTP/1.1" 304 -
180.169.147.146 - - [05/Jul/2023:10:19:24 +0800] "GET /xingrg/javascript/jquery_easy_ui/themes/icon.css HTTP/1.1" 304 -
180.169.147.146 - - [05/Jul/2023:10:19:24 +0800] "GET /xingrg/javascript/step/step.css HTTP/1.1" 304 -
180.169.147.146 - - [05/Jul/2023:10:19:24 +0800] "GET /xingrg/javascript/auto/jquery.autocomplete.css HTTP/1.1" 304 -
180.169.147.146 - - [05/Jul/2023:10:19:24 +0800] "GET /xingrg/css/table.css HTTP/1.1" 304 -
180.169.147.146 - - [05/Jul/2023:10:19:24 +0800] "GET /xingrg/dwr/interface/AjaxReportQueryService.js HTTP/1.1" 200 13203
180.169.147.146 - - [05/Jul/2023:10:19:24 +0800] "GET /xingrg/dwr/engine.js HTTP/1.1" 200 43631
180.169.147.146 - - [05/Jul/2023:10:19:24 +0800] "GET /xingrg/dwr/util.js HTTP/1.1" 304 -
180.169.147.146 - - [05/Jul/2023:10:19:24 +0800] "GET /xingrg/javascript/jquery-1.4.2.min.js HTTP/1.1" 304 -
180.169.147.146 - - [05/Jul/2023:10:19:24 +0800] "GET /xingrg/javascript/jquery_easy_ui/jquery.easyui.min.js HTTP/1.1" 304 -
180.169.147.146 - - [05/Jul/2023:10:19:24 +0800] "GET /xingrg/javascript/jquery_easy_ui/easyui-lang-zh_CN.js HTTP/1.1" 304 -
180.169.147.146 - - [05/Jul/2023:10:19:24 +0800] "GET /xingrg/javascript/auto/jquery.autocomplete.js HTTP/1.1" 304 -
180.169.147.146 - - [05/Jul/2023:10:19:24 +0800] "GET /xingrg/javascript/jquery_tools/order_manager.js HTTP/1.1" 304 -
180.169.147.146 - - [05/Jul/2023:10:19:24 +0800] "GET /xingrg/javascript/jquery.utils.js HTTP/1.1" 304 -
180.169.147.146 - - [05/Jul/2023:10:19:24 +0800] "GET /xingrg/javascript/json2.js HTTP/1.1" 304 -
180.169.147.146 - - [05/Jul/2023:10:19:24 +0800] "GET /xingrg/javascript/jquery_easy_ui/themes/default/easyui.css HTTP/1.1" 304 -
180.169.147.146 - - [05/Jul/2023:10:19:24 +0800] "GET /xingrg/javascript/jquery_easy_ui/themes/icon.css HTTP/1.1" 304 -
180.169.147.146 - - [05/Jul/2023:10:19:24 +0800] "GET /xingrg/words/20230704105550_words.js HTTP/1.1" 304 -
180.169.147.146 - - [05/Jul/2023:10:19:24 +0800] "GET /xingrg/images/control/ajaxLoader.gif HTTP/1.1" 304 -
116.235.244.74 - - [05/Jul/2023:10:19:24 +0800] "GET /xingrg/all/function/internal_message.html?_=1688523573924&CODE_STATE=getMsg HTTP/1.1" 200 27
180.169.147.146 - - [05/Jul/2023:10:19:24 +0800] "POST /xingrg/kc/cost/cost_operate.html HTTP/1.1" 200 573
222.70.114.12 - - [05/Jul/2023:10:19:25 +0800] "GET /xingrg/all/function/internal_message.html?_=1688523567720&CODE_STATE=getMsg HTTP/1.1" 200 27
116.235.244.74 - - [05/Jul/2023:10:19:25 +0800] "GET /xingrg/kc/buy/cgsh_order_operate.html?command=get_materiel&rest_code=00146&code=00101016147&supplier_code=00100005&order_time=2023-07-05 HTTP/1.1" 200 408
61.170.233.201 - - [05/Jul/2023:10:19:26 +0800] "GET /xingrg/all/function/internal_message.html?_=1688523564047&CODE_STATE=getMsg HTTP/1.1" 200 27
180.169.147.146 - - [05/Jul/2023:10:19:27 +0800] "GET /xingrg/kc/base/base_main.html HTTP/1.1" 200 12142
180.169.147.146 - - [05/Jul/2023:10:19:28 +0800] "GET /xingrg/kc/base/check_order_list.html HTTP/1.1" 200 16484
180.169.147.146 - - [05/Jul/2023:10:19:28 +0800] "POST /xingrg/kc/base/check_list_operate.html HTTP/1.1" 200 781
61.170.233.201 - - [05/Jul/2023:10:19:30 +0800] "POST /xingrg/dwr/call/plaincall/AjaxQqpsService.getMaterielByCode.dwr HTTP/1.1" 200 2742
180.169.147.146 - - [05/Jul/2023:10:19:30 +0800] "POST /xingrg/kc/base/check_list_operate.html HTTP/1.1" 200 5514
114.83.219.53 - - [05/Jul/2023:10:19:31 +0800] "POST /xingrg/kc/base/wldb_order_operate.html HTTP/1.1" 200 37
120.253.135.82 - - [05/Jul/2023:10:19:31 +0800] "GET /xingrg/all/function/internal_message.html?_=1688523400936&CODE_STATE=getMsg HTTP/1.1" 200 27
172.20.0.100 - - [05/Jul/2023:10:19:33 +0800] "GET /xingrg/all/function/internal_message.html?_=1688523573408&CODE_STATE=getMsg HTTP/1.1" 200 27
172.20.0.100 - - [05/Jul/2023:10:19:33 +0800] "GET /xingrg/check_reg.html?_=1688523573411 HTTP/1.1" 200 22
61.170.233.201 - - [05/Jul/2023:10:19:35 +0800] "POST /xingrg/dwr/call/plaincall/AjaxQqpsService.saveMaterielItem.dwr HTTP/1.1" 200 78
180.169.147.146 - - [05/Jul/2023:10:19:35 +0800] "POST /xingrg/kc/base/check_list_operate.html HTTP/1.1" 200 5633
180.169.147.146 - - [05/Jul/2023:10:19:37 +0800] "POST /xingrg/kc/base/check_list_operate.html HTTP/1.1" 200 5514
114.83.219.53 - - [05/Jul/2023:10:19:37 +0800] "POST /xingrg/kc/base/wldb_order_operate.html HTTP/1.1" 200 12
114.83.219.53 - - [05/Jul/2023:10:19:37 +0800] "POST /xingrg/kc/base/wldb_order_operate.html HTTP/1.1" 200 7754
114.83.219.53 - - [05/Jul/2023:10:19:41 +0800] "GET /xingrg/kc/base/wldb_order_info.html?code=422023070500418 HTTP/1.1" 200 26266
114.83.219.53 - - [05/Jul/2023:10:19:41 +0800] "GET /xingrg/javascript/easyui/themes/default/validatebox.css HTTP/1.1" 404 1104
114.83.219.53 - - [05/Jul/2023:10:19:42 +0800] "POST /xingrg/kc/base/wldb_order_operate.html HTTP/1.1" 200 5931
116.235.244.74 - - [05/Jul/2023:10:19:44 +0800] "GET /xingrg/kc/buy/cgsh_order_operate.html?command=get_materiel&rest_code=00146&code=00101008185&supplier_code=00100005&order_time=2023-07-05 HTTP/1.1" 200 408
180.165.154.167 - - [05/Jul/2023:10:19:44 +0800] "GET /xingrg/all/function/internal_message.html?_=1688523584391&CODE_STATE=getMsg HTTP/1.1" 200 27
180.165.154.167 - - [05/Jul/2023:10:19:44 +0800] "GET /xingrg/check_reg.html?_=1688523584494 HTTP/1.1" 200 22
180.169.147.146 - - [05/Jul/2023:10:19:46 +0800] "GET /xingrg/kc/base/check_order_info.html?code=452023063000578 HTTP/1.1" 200 23120
180.169.147.146 - - [05/Jul/2023:10:19:46 +0800] "GET /xingrg/dwr/interface/AjaxComOrderService.js HTTP/1.1" 200 18264
180.169.147.146 - - [05/Jul/2023:10:19:46 +0800] "GET /xingrg/dwr/interface/AjaxCheckService.js HTTP/1.1" 200 14003
180.169.147.146 - - [05/Jul/2023:10:19:46 +0800] "GET /xingrg/dwr/engine.js HTTP/1.1" 200 43631
61.170.233.201 - - [05/Jul/2023:10:19:47 +0800] "GET /xingrg/all/function/internal_message.html?_=1688523587794&CODE_STATE=getMsg HTTP/1.1" 200 27
180.169.147.146 - - [05/Jul/2023:10:19:48 +0800] "POST /xingrg/dwr/call/plaincall/AjaxCheckService.loadOrderItems.dwr HTTP/1.1" 200 80159
61.170.233.201 - - [05/Jul/2023:10:19:48 +0800] "POST /xingrg/dwr/call/plaincall/AjaxQqpsService.getMaterielByCode.dwr HTTP/1.1" 200 2660
116.232.195.127 - - [05/Jul/2023:10:19:49 +0800] "GET /xingrg/all/function/internal_message.html?_=1688523574306&CODE_STATE=getMsg HTTP/1.1" 200 27
180.169.147.146 - - [05/Jul/2023:10:19:51 +0800] "GET /xingrg/all/function/internal_message.html?_=1688523587764&CODE_STATE=getMsg HTTP/1.1" 200 27
180.169.147.146 - - [05/Jul/2023:10:19:51 +0800] "GET /xingrg/check_reg.html?_=1688523587765 HTTP/1.1" 200 22
180.169.147.146 - - [05/Jul/2023:10:19:52 +0800] "GET /xingrg/javascript/jquery_tools/images/prev.gif HTTP/1.1" 404 1086
180.169.147.146 - - [05/Jul/2023:10:19:52 +0800] "GET /xingrg/javascript/jquery_tools/images/next.gif HTTP/1.1" 404 1086
61.170.233.201 - - [05/Jul/2023:10:19:52 +0800] "POST /xingrg/dwr/call/plaincall/AjaxQqpsService.saveMaterielItem.dwr HTTP/1.1" 200 78
