222.70.180.90 - - [05/Jul/2023:10:40:03 +0800] "GET /xingrg/check_reg.html?_=1688524802058 HTTP/1.1" 200 22
222.70.180.90 - - [05/Jul/2023:10:40:03 +0800] "GET /xingrg/all/function/internal_message.html?_=1688524802053&CODE_STATE=getMsg HTTP/1.1" 200 27
114.85.96.155 - - [05/Jul/2023:10:40:04 +0800] "GET /xingrg/all/function/internal_message.html?_=1688524803975&CODE_STATE=getMsg HTTP/1.1" 200 27
114.83.216.42 - - [05/Jul/2023:10:40:05 +0800] "GET /xingrg/all/function/internal_message.html?_=1688524805515&CODE_STATE=getMsg HTTP/1.1" 200 27
116.238.191.126 - - [05/Jul/2023:10:40:06 +0800] "GET /xingrg/all/function/internal_message.html?_=1688524717399&CODE_STATE=getMsg HTTP/1.1" 200 27
180.169.147.146 - - [05/Jul/2023:10:40:06 +0800] "GET /xingrg/all/report/report_query.html?fileName=dma/new_5.0/menu/menu_hz_all.xml HTTP/1.1" 200 51795
180.169.147.146 - - [05/Jul/2023:10:40:06 +0800] "GET /xingrg/dwr/interface/AjaxReportQueryService.js HTTP/1.1" 200 13203
180.169.147.146 - - [05/Jul/2023:10:40:06 +0800] "GET /xingrg/dwr/engine.js HTTP/1.1" 200 43631
180.169.147.146 - - [05/Jul/2023:10:40:06 +0800] "POST /xingrg/dwr/call/plaincall/AjaxReportQueryService.getFixDate.dwr HTTP/1.1" 200 111
180.169.147.146 - - [05/Jul/2023:10:40:07 +0800] "POST /xingrg/all/common/load_tree.html?tree=area_station_tree_json&manage=1 HTTP/1.1" 200 3393
120.253.135.82 - - [05/Jul/2023:10:40:07 +0800] "GET /xingrg/kc/pszx/mdps_order_info.html?code=312023070500118 HTTP/1.1" 200 23984
222.70.114.12 - - [05/Jul/2023:10:40:07 +0800] "GET /xingrg/kc/print/load_data.html?order_code=212023070401480&kc_code=cgsh HTTP/1.1" 200 1905
120.253.135.82 - - [05/Jul/2023:10:40:07 +0800] "GET /xingrg/javascript/easyui/themes/default/validatebox.css HTTP/1.1" 404 1104
180.169.147.146 - - [05/Jul/2023:10:40:08 +0800] "POST /xingrg/dwr/call/plaincall/AjaxReportQueryService.getFixDate.dwr HTTP/1.1" 200 111
120.253.135.82 - - [05/Jul/2023:10:40:09 +0800] "POST /xingrg/kc/pszx/mdps_order_operate.html HTTP/1.1" 200 2777
180.169.147.146 - - [05/Jul/2023:10:40:11 +0800] "GET /xingrg/all/function/internal_message.html?_=1688524809373&CODE_STATE=getMsg HTTP/1.1" 200 27
61.170.233.201 - - [05/Jul/2023:10:40:13 +0800] "GET /xingrg/all/function/internal_message.html?_=1688524813383&CODE_STATE=getMsg HTTP/1.1" 200 27
218.81.67.77 - - [05/Jul/2023:10:40:17 +0800] "GET /xingrg/kc/buy/cgsh_order_operate.html?command=get_materiel&rest_code=00148&code=00101001099&supplier_code=00100096&order_time=2023-07-05 HTTP/1.1" 200 409
114.95.42.59 - - [05/Jul/2023:10:40:18 +0800] "GET /xingrg/all/function/internal_message.html?_=1688524819441&CODE_STATE=getMsg HTTP/1.1" 200 27
114.83.216.42 - - [05/Jul/2023:10:40:18 +0800] "GET /xingrg/all/function/internal_message.html?_=1688524815924&CODE_STATE=getMsg HTTP/1.1" 200 27
222.67.234.146 - - [05/Jul/2023:10:40:20 +0800] "GET /xingrg/kc/buy/cgsh_order_operate.html?command=get_materiel&rest_code=00141&code=00101010136&supplier_code=00100036&order_time=2023-07-05 HTTP/1.1" 200 408
61.170.233.201 - - [05/Jul/2023:10:40:22 +0800] "GET /xingrg/all/function/internal_message.html?_=1688524829143&CODE_STATE=getMsg HTTP/1.1" 200 27
61.170.233.201 - - [05/Jul/2023:10:40:24 +0800] "GET /xingrg/dwr/interface/AjaxComOrderService.js HTTP/1.1" 200 18264
61.170.233.201 - - [05/Jul/2023:10:40:24 +0800] "GET /xingrg/dwr/interface/AjaxQqpsService.js HTTP/1.1" 200 16326
61.170.233.201 - - [05/Jul/2023:10:40:24 +0800] "GET /xingrg/dwr/engine.js HTTP/1.1" 200 43631
61.170.233.201 - - [05/Jul/2023:10:40:24 +0800] "GET /xingrg/kc/mdqp/qqps_order_info.html?code=302023070500088 HTTP/1.1" 200 28398
222.70.114.12 - - [05/Jul/2023:10:40:24 +0800] "POST /xingrg/kc/buy/cgsh_list_operate.html HTTP/1.1" 200 5472
116.235.244.74 - - [05/Jul/2023:10:40:24 +0800] "GET /xingrg/all/function/internal_message.html?_=1688524834584&CODE_STATE=getMsg HTTP/1.1" 200 27
61.170.233.201 - - [05/Jul/2023:10:40:25 +0800] "GET /xingrg/all/function/internal_message.html?_=1688524823693&CODE_STATE=getMsg HTTP/1.1" 200 27
222.70.114.12 - - [05/Jul/2023:10:40:25 +0800] "GET /xingrg/all/function/internal_message.html?_=1688524827783&CODE_STATE=getMsg HTTP/1.1" 200 27
180.169.147.146 - - [05/Jul/2023:10:40:26 +0800] "POST /xingrg/dwr/call/plaincall/AjaxReportQueryService.refreshCache.dwr HTTP/1.1" 200 78
61.170.233.201 - - [05/Jul/2023:10:40:26 +0800] "POST /xingrg/dwr/call/plaincall/AjaxQqpsService.loadMaterielItems.dwr HTTP/1.1" 200 329
120.253.135.82 - - [05/Jul/2023:10:40:27 +0800] "GET /xingrg/kc/pszx/mdth_order_list.html HTTP/1.1" 200 18456
114.83.219.53 - - [05/Jul/2023:10:40:27 +0800] "GET /xingrg/all/function/internal_message.html?_=1688524942935&CODE_STATE=getMsg HTTP/1.1" 200 27
180.169.147.146 - - [05/Jul/2023:10:40:28 +0800] "POST /xingrg/all/report/load_report_page.html HTTP/1.1" 200 19776
180.169.147.146 - - [05/Jul/2023:10:40:28 +0800] "GET /xingrg/servlets/image?cache=0.46909098990255405&image=px HTTP/1.1" 200 807
120.253.135.82 - - [05/Jul/2023:10:40:28 +0800] "POST /xingrg/kc/pszx/mdth_order_new_list.html HTTP/1.1" 200 4730
61.170.233.201 - - [05/Jul/2023:10:40:28 +0800] "GET /xingrg/kc/mdqp/qqps_order_list.html?isBack=1 HTTP/1.1" 200 10804
61.170.233.201 - - [05/Jul/2023:10:40:28 +0800] "GET /xingrg/dwr/interface/AjaxQqpsService.js HTTP/1.1" 200 16326
61.170.233.201 - - [05/Jul/2023:10:40:28 +0800] "GET /xingrg/dwr/interface/AjaxReportQueryService.js HTTP/1.1" 200 13203
61.170.233.201 - - [05/Jul/2023:10:40:28 +0800] "GET /xingrg/dwr/engine.js HTTP/1.1" 200 43631
58.40.7.146 - - [05/Jul/2023:10:40:33 +0800] "GET /xingrg/check_reg.html?_=1688524833131 HTTP/1.1" 200 22
120.253.135.82 - - [05/Jul/2023:10:40:33 +0800] "GET /xingrg/kc/pszx/mdqp_order_list.html?state=10 HTTP/1.1" 200 10275
120.253.135.82 - - [05/Jul/2023:10:40:33 +0800] "GET /xingrg/dwr/interface/AjaxQqpsService.js HTTP/1.1" 200 16326
120.253.135.82 - - [05/Jul/2023:10:40:33 +0800] "GET /xingrg/dwr/interface/AjaxReportQueryService.js HTTP/1.1" 200 13203
120.253.135.82 - - [05/Jul/2023:10:40:33 +0800] "GET /xingrg/dwr/engine.js HTTP/1.1" 200 43631
172.20.0.100 - - [05/Jul/2023:10:40:33 +0800] "GET /xingrg/all/function/internal_message.html?_=1688524833411&CODE_STATE=getMsg HTTP/1.1" 200 27
61.170.233.201 - - [05/Jul/2023:10:40:34 +0800] "GET /xingrg/dwr/interface/AjaxComOrderService.js HTTP/1.1" 200 18264
61.170.233.201 - - [05/Jul/2023:10:40:34 +0800] "GET /xingrg/dwr/interface/AjaxQqpsService.js HTTP/1.1" 200 16326
61.170.233.201 - - [05/Jul/2023:10:40:34 +0800] "GET /xingrg/dwr/engine.js HTTP/1.1" 200 43631
61.170.233.201 - - [05/Jul/2023:10:40:34 +0800] "GET /xingrg/kc/mdqp/qqps_order_info.html?code=302023070500087 HTTP/1.1" 200 28398
61.170.233.201 - - [05/Jul/2023:10:40:36 +0800] "POST /xingrg/dwr/call/plaincall/AjaxQqpsService.loadMaterielItems.dwr HTTP/1.1" 200 1722
120.253.135.82 - - [05/Jul/2023:10:40:38 +0800] "GET /xingrg/all/function/internal_message.html?_=1688524667571&CODE_STATE=getMsg HTTP/1.1" 200 27
218.81.67.77 - - [05/Jul/2023:10:40:40 +0800] "GET /xingrg/all/function/internal_message.html?_=1688524840478&CODE_STATE=getMsg HTTP/1.1" 200 27
222.67.234.146 - - [05/Jul/2023:10:40:40 +0800] "GET /xingrg/kc/buy/cgsh_order_operate.html?command=get_materiel&rest_code=00141&code=00101012003&supplier_code=00100036&order_time=2023-07-05 HTTP/1.1" 200 412
120.253.135.82 - - [05/Jul/2023:10:40:40 +0800] "GET /xingrg/kc/base/wldb_order_list.html HTTP/1.1" 200 19098
120.253.135.82 - - [05/Jul/2023:10:40:42 +0800] "POST /xingrg/kc/base/wldb_list_operate.html HTTP/1.1" 200 928
114.83.216.42 - - [05/Jul/2023:10:40:44 +0800] "POST /xingrg/load_menu.html HTTP/1.1" 200 9695
180.165.154.167 - - [05/Jul/2023:10:40:44 +0800] "GET /xingrg/all/function/internal_message.html?_=1688524844067&CODE_STATE=getMsg HTTP/1.1" 200 27
116.232.195.127 - - [05/Jul/2023:10:40:49 +0800] "GET /xingrg/all/function/internal_message.html?_=1688524834304&CODE_STATE=getMsg HTTP/1.1" 200 27
116.235.244.74 - - [05/Jul/2023:10:40:50 +0800] "GET /xingrg/kc/buy/cgsh_order_operate.html?command=get_materiel&rest_code=00146&code=00101008351&supplier_code=00100005&order_time=2023-07-05 HTTP/1.1" 200 408
180.169.147.146 - - [05/Jul/2023:10:40:51 +0800] "GET /xingrg/all/function/internal_message.html?_=1688524847700&CODE_STATE=getMsg HTTP/1.1" 200 27
116.235.244.74 - - [05/Jul/2023:10:40:54 +0800] "POST /xingrg/kc/buy/cgsh_order_operate.html HTTP/1.1" 200 2065
114.85.113.108 - - [05/Jul/2023:10:40:54 +0800] "GET /xingrg/all/function/internal_message.html?_=1688524853093&CODE_STATE=getMsg HTTP/1.1" 200 27
120.253.135.82 - - [05/Jul/2023:10:40:54 +0800] "GET /xingrg/kc/pszx/mdth_order_list.html HTTP/1.1" 200 18456
61.170.233.201 - - [05/Jul/2023:10:40:55 +0800] "GET /xingrg/javascript/auto/indicator.gif HTTP/1.1" 404 1066
120.253.135.82 - - [05/Jul/2023:10:40:55 +0800] "POST /xingrg/kc/pszx/mdth_order_new_list.html HTTP/1.1" 200 4730
124.79.243.110 - - [05/Jul/2023:10:40:55 +0800] "GET /xingrg/all/function/internal_message.html?_=1688525139645&CODE_STATE=getMsg HTTP/1.1" 200 27
180.169.147.146 - - [05/Jul/2023:10:40:57 +0800] "GET /xingrg/check_reg.html?_=1688524855749 HTTP/1.1" 200 22
180.169.147.146 - - [05/Jul/2023:10:40:57 +0800] "GET /xingrg/all/function/internal_message.html?_=1688524855751&CODE_STATE=getMsg HTTP/1.1" 200 27
58.40.7.146 - - [05/Jul/2023:10:40:57 +0800] "GET /xingrg/all/function/internal_message.html?_=1688524857573&CODE_STATE=getMsg HTTP/1.1" 200 27
222.67.234.146 - - [05/Jul/2023:10:41:01 +0800] "GET /xingrg/all/function/internal_message.html?_=1688524344146&CODE_STATE=getMsg HTTP/1.1" 200 27
222.67.234.146 - - [05/Jul/2023:10:41:01 +0800] "GET /xingrg/kc/buy/cgsh_order_operate.html?command=get_materiel&rest_code=00141&code=00101011005&supplier_code=00100036&order_time=2023-07-05 HTTP/1.1" 200 408
114.95.42.59 - - [05/Jul/2023:10:41:01 +0800] "GET /xingrg/all/function/internal_message.html?_=1688524679943&CODE_STATE=getMsg HTTP/1.1" 200 27
222.70.180.90 - - [05/Jul/2023:10:41:02 +0800] "GET /xingrg/all/function/internal_message.html?_=1688524917072&CODE_STATE=getMsg HTTP/1.1" 200 27
222.70.180.90 - - [05/Jul/2023:10:41:03 +0800] "GET /xingrg/all/function/internal_message.html?_=1688524862058&CODE_STATE=getMsg HTTP/1.1" 200 27
114.85.96.155 - - [05/Jul/2023:10:41:04 +0800] "GET /xingrg/all/function/internal_message.html?_=1688524863967&CODE_STATE=getMsg HTTP/1.1" 200 27
116.238.191.126 - - [05/Jul/2023:10:41:04 +0800] "GET /xingrg/check_reg.html?_=1688524775840 HTTP/1.1" 200 22
114.83.216.42 - - [05/Jul/2023:10:41:05 +0800] "GET /xingrg/all/function/internal_message.html?_=1688524865528&CODE_STATE=getMsg HTTP/1.1" 200 27
61.170.233.201 - - [05/Jul/2023:10:41:05 +0800] "POST /xingrg/dwr/call/plaincall/AjaxQqpsService.getMaterielByCode.dwr HTTP/1.1" 200 2709
120.253.135.82 - - [05/Jul/2023:10:41:05 +0800] "GET /xingrg/kc/pszx/mdqp_order_list.html?state=10 HTTP/1.1" 200 10275
116.238.191.126 - - [05/Jul/2023:10:41:06 +0800] "GET /xingrg/all/function/internal_message.html?_=1688524777413&CODE_STATE=getMsg HTTP/1.1" 200 27
120.253.135.82 - - [05/Jul/2023:10:41:06 +0800] "GET /xingrg/dwr/interface/AjaxReportQueryService.js HTTP/1.1" 200 13203
120.253.135.82 - - [05/Jul/2023:10:41:06 +0800] "GET /xingrg/dwr/engine.js HTTP/1.1" 200 43631
120.253.135.82 - - [05/Jul/2023:10:41:06 +0800] "GET /xingrg/dwr/interface/AjaxQqpsService.js HTTP/1.1" 200 16326
114.85.113.108 - - [05/Jul/2023:10:41:10 +0800] "GET /xingrg/check_reg.html?_=1688524869002 HTTP/1.1" 200 22
116.235.244.74 - - [05/Jul/2023:10:41:11 +0800] "GET /xingrg/kc/buy/cgsh_order_operate.html?command=get_materiel&rest_code=00146&code=00101008209&supplier_code=00100005&order_time=2023-07-05 HTTP/1.1" 200 408
180.169.147.146 - - [05/Jul/2023:10:41:11 +0800] "GET /xingrg/all/function/internal_message.html?_=1688524869371&CODE_STATE=getMsg HTTP/1.1" 200 27
180.169.147.146 - - [05/Jul/2023:10:41:11 +0800] "GET /xingrg/check_reg.html?_=1688524869373 HTTP/1.1" 200 22
120.253.135.82 - - [05/Jul/2023:10:41:12 +0800] "GET /xingrg/kc/pszx/mdqp_order_list.html?state=10 HTTP/1.1" 200 10275
116.232.195.127 - - [05/Jul/2023:10:41:12 +0800] "POST /xingrg/dwr/call/plaincall/AjaxCheckService.setItemNumber.dwr HTTP/1.1" 200 76
120.253.135.82 - - [05/Jul/2023:10:41:12 +0800] "GET /xingrg/dwr/interface/AjaxReportQueryService.js HTTP/1.1" 200 13203
120.253.135.82 - - [05/Jul/2023:10:41:12 +0800] "GET /xingrg/dwr/interface/AjaxQqpsService.js HTTP/1.1" 200 16326
120.253.135.82 - - [05/Jul/2023:10:41:12 +0800] "GET /xingrg/dwr/engine.js HTTP/1.1" 200 43631
61.170.233.201 - - [05/Jul/2023:10:41:13 +0800] "GET /xingrg/all/function/internal_message.html?_=1688524873372&CODE_STATE=getMsg HTTP/1.1" 200 27
116.232.195.127 - - [05/Jul/2023:10:41:13 +0800] "POST /xingrg/dwr/call/plaincall/AjaxCheckService.setItemNumber.dwr HTTP/1.1" 200 76
116.232.195.127 - - [05/Jul/2023:10:41:13 +0800] "POST /xingrg/dwr/call/plaincall/AjaxCheckService.setItemNumber.dwr HTTP/1.1" 200 76
61.170.233.201 - - [05/Jul/2023:10:41:13 +0800] "POST /xingrg/dwr/call/plaincall/AjaxQqpsService.saveMaterielItem.dwr HTTP/1.1" 200 78
116.232.195.127 - - [05/Jul/2023:10:41:15 +0800] "GET /xingrg/dwr/interface/AjaxComOrderService.js HTTP/1.1" 200 18264
116.232.195.127 - - [05/Jul/2023:10:41:15 +0800] "GET /xingrg/dwr/interface/AjaxCheckService.js HTTP/1.1" 200 14003
116.232.195.127 - - [05/Jul/2023:10:41:15 +0800] "GET /xingrg/dwr/engine.js HTTP/1.1" 200 43631
116.232.195.127 - - [05/Jul/2023:10:41:16 +0800] "GET /xingrg/kc/base/check_order_info.html?code=452023070500059 HTTP/1.1" 200 26526
218.81.67.77 - - [05/Jul/2023:10:41:16 +0800] "GET /xingrg/kc/buy/cgsh_order_operate.html?command=get_materiel&rest_code=00148&code=00101006111&supplier_code=00100096&order_time=2023-07-05 HTTP/1.1" 200 411
116.232.195.127 - - [05/Jul/2023:10:41:17 +0800] "POST /xingrg/dwr/call/plaincall/AjaxCheckService.loadOrderItems.dwr HTTP/1.1" 200 2270
114.95.42.59 - - [05/Jul/2023:10:41:18 +0800] "GET /xingrg/all/function/internal_message.html?_=1688524879420&CODE_STATE=getMsg HTTP/1.1" 200 27
114.83.216.42 - - [05/Jul/2023:10:41:18 +0800] "GET /xingrg/check_reg.html?_=1688524875925 HTTP/1.1" 200 22
114.83.216.42 - - [05/Jul/2023:10:41:18 +0800] "GET /xingrg/all/function/internal_message.html?_=1688524875927&CODE_STATE=getMsg HTTP/1.1" 200 27
222.70.114.12 - - [05/Jul/2023:10:41:21 +0800] "POST /xingrg/kc/buy/cgsh_list_operate.html HTTP/1.1" 200 566
116.232.195.127 - - [05/Jul/2023:10:41:22 +0800] "POST /xingrg/dwr/call/plaincall/AjaxCheckService.setItemNumber.dwr HTTP/1.1" 200 76
61.170.233.201 - - [05/Jul/2023:10:41:22 +0800] "GET /xingrg/all/function/internal_message.html?_=1688524889115&CODE_STATE=getMsg HTTP/1.1" 200 27
116.232.195.127 - - [05/Jul/2023:10:41:23 +0800] "POST /xingrg/dwr/call/plaincall/AjaxCheckService.setItemNumber.dwr HTTP/1.1" 200 76
116.235.244.74 - - [05/Jul/2023:10:41:24 +0800] "GET /xingrg/check_reg.html?_=1688524893761 HTTP/1.1" 200 22
116.232.195.127 - - [05/Jul/2023:10:41:24 +0800] "POST /xingrg/dwr/call/plaincall/AjaxCheckService.setItemNumber.dwr HTTP/1.1" 200 76
116.235.244.74 - - [05/Jul/2023:10:41:24 +0800] "GET /xingrg/all/function/internal_message.html?_=1688524894598&CODE_STATE=getMsg HTTP/1.1" 200 27
61.170.233.201 - - [05/Jul/2023:10:41:25 +0800] "GET /xingrg/all/function/internal_message.html?_=1688524883677&CODE_STATE=getMsg HTTP/1.1" 200 27
222.70.114.12 - - [05/Jul/2023:10:41:25 +0800] "GET /xingrg/all/function/internal_message.html?_=1688524887778&CODE_STATE=getMsg HTTP/1.1" 200 27
116.232.195.127 - - [05/Jul/2023:10:41:26 +0800] "GET /xingrg/dwr/interface/AjaxComOrderService.js HTTP/1.1" 200 18264
116.232.195.127 - - [05/Jul/2023:10:41:26 +0800] "GET /xingrg/dwr/interface/AjaxCheckService.js HTTP/1.1" 200 14003
116.232.195.127 - - [05/Jul/2023:10:41:26 +0800] "GET /xingrg/dwr/engine.js HTTP/1.1" 200 43631
116.232.195.127 - - [05/Jul/2023:10:41:27 +0800] "GET /xingrg/kc/base/check_order_info.html?code=452023070500058 HTTP/1.1" 200 26526
114.83.219.53 - - [05/Jul/2023:10:41:27 +0800] "GET /xingrg/all/function/internal_message.html?_=1688525002920&CODE_STATE=getMsg HTTP/1.1" 200 27
222.70.114.12 - - [05/Jul/2023:10:41:28 +0800] "GET /xingrg/kc/buy/cgsh_order_info.html?code=212023070401489 HTTP/1.1" 200 66606
116.232.195.127 - - [05/Jul/2023:10:41:28 +0800] "POST /xingrg/dwr/call/plaincall/AjaxCheckService.loadOrderItems.dwr HTTP/1.1" 200 38383
222.70.114.12 - - [05/Jul/2023:10:41:29 +0800] "GET /xingrg/javascript/easyui/themes/default/validatebox.css HTTP/1.1" 404 1104
116.232.195.127 - - [05/Jul/2023:10:41:33 +0800] "POST /xingrg/dwr/call/plaincall/AjaxCheckService.setItemNumber.dwr HTTP/1.1" 200 76
172.20.0.100 - - [05/Jul/2023:10:41:33 +0800] "GET /xingrg/all/function/internal_message.html?_=1688524893414&CODE_STATE=getMsg HTTP/1.1" 200 27
114.95.42.59 - - [05/Jul/2023:10:41:34 +0800] "POST /xingrg/services/DataTransmitService HTTP/1.1" 200 524
116.232.195.127 - - [05/Jul/2023:10:41:34 +0800] "POST /xingrg/dwr/call/plaincall/AjaxCheckService.setItemNumber.dwr HTTP/1.1" 200 76
116.232.195.127 - - [05/Jul/2023:10:41:35 +0800] "POST /xingrg/dwr/call/plaincall/AjaxCheckService.setItemNumber.dwr HTTP/1.1" 200 76
116.232.195.127 - - [05/Jul/2023:10:41:36 +0800] "POST /xingrg/dwr/call/plaincall/AjaxCheckService.setItemNumber.dwr HTTP/1.1" 200 76
116.232.195.127 - - [05/Jul/2023:10:41:38 +0800] "POST /xingrg/dwr/call/plaincall/AjaxCheckService.setItemNumber.dwr HTTP/1.1" 200 76
120.253.135.82 - - [05/Jul/2023:10:41:38 +0800] "GET /xingrg/all/function/internal_message.html?_=1688524727584&CODE_STATE=getMsg HTTP/1.1" 200 27
116.232.195.127 - - [05/Jul/2023:10:41:38 +0800] "POST /xingrg/dwr/call/plaincall/AjaxCheckService.setItemNumber.dwr HTTP/1.1" 200 76
116.232.195.127 - - [05/Jul/2023:10:41:39 +0800] "POST /xingrg/dwr/call/plaincall/AjaxCheckService.setItemNumber.dwr HTTP/1.1" 200 76
120.253.135.82 - - [05/Jul/2023:10:41:39 +0800] "GET /xingrg/kc/pszx/mdqp_order_list.html?state=10 HTTP/1.1" 200 10275
120.253.135.82 - - [05/Jul/2023:10:41:39 +0800] "GET /xingrg/dwr/interface/AjaxQqpsService.js HTTP/1.1" 200 16326
120.253.135.82 - - [05/Jul/2023:10:41:39 +0800] "GET /xingrg/dwr/interface/AjaxReportQueryService.js HTTP/1.1" 200 13203
120.253.135.82 - - [05/Jul/2023:10:41:39 +0800] "GET /xingrg/dwr/engine.js HTTP/1.1" 200 43631
116.232.195.127 - - [05/Jul/2023:10:41:40 +0800] "POST /xingrg/dwr/call/plaincall/AjaxCheckService.setItemNumber.dwr HTTP/1.1" 200 76
218.81.67.77 - - [05/Jul/2023:10:41:40 +0800] "GET /xingrg/all/function/internal_message.html?_=1688524900474&CODE_STATE=getMsg HTTP/1.1" 200 27
114.95.42.59 - - [05/Jul/2023:10:41:40 +0800] "POST /xingrg/services/DataTransmitService HTTP/1.1" 200 412
222.67.234.146 - - [05/Jul/2023:10:41:40 +0800] "POST /xingrg/kc/buy/cgsh_order_operate.html HTTP/1.1" 200 37
222.70.114.12 - - [05/Jul/2023:10:41:40 +0800] "POST /xingrg/kc/buy/cgsh_order_operate.html HTTP/1.1" 200 27810
116.232.195.127 - - [05/Jul/2023:10:41:41 +0800] "POST /xingrg/dwr/call/plaincall/AjaxCheckService.setItemNumber.dwr HTTP/1.1" 200 76
116.232.195.127 - - [05/Jul/2023:10:41:41 +0800] "POST /xingrg/dwr/call/plaincall/AjaxCheckService.setItemNumber.dwr HTTP/1.1" 200 77
180.165.154.167 - - [05/Jul/2023:10:41:44 +0800] "GET /xingrg/all/function/internal_message.html?_=1688524904057&CODE_STATE=getMsg HTTP/1.1" 200 27
116.232.195.127 - - [05/Jul/2023:10:41:44 +0800] "POST /xingrg/dwr/call/plaincall/AjaxCheckService.setItemNumber.dwr HTTP/1.1" 200 77
116.232.195.127 - - [05/Jul/2023:10:41:45 +0800] "POST /xingrg/dwr/call/plaincall/AjaxCheckService.setItemNumber.dwr HTTP/1.1" 200 77
116.232.195.127 - - [05/Jul/2023:10:41:46 +0800] "POST /xingrg/dwr/call/plaincall/AjaxCheckService.setItemNumber.dwr HTTP/1.1" 200 77
116.232.195.127 - - [05/Jul/2023:10:41:48 +0800] "POST /xingrg/dwr/call/plaincall/AjaxCheckService.setItemNumber.dwr HTTP/1.1" 200 77
116.232.195.127 - - [05/Jul/2023:10:41:49 +0800] "GET /xingrg/check_reg.html?_=1688524894348 HTTP/1.1" 200 22
116.232.195.127 - - [05/Jul/2023:10:41:49 +0800] "GET /xingrg/all/function/internal_message.html?_=1688524894348&CODE_STATE=getMsg HTTP/1.1" 200 27
116.232.195.127 - - [05/Jul/2023:10:41:49 +0800] "POST /xingrg/dwr/call/plaincall/AjaxCheckService.setItemNumber.dwr HTTP/1.1" 200 77
116.232.195.127 - - [05/Jul/2023:10:41:49 +0800] "POST /xingrg/dwr/call/plaincall/AjaxCheckService.setItemNumber.dwr HTTP/1.1" 200 77
116.235.244.74 - - [05/Jul/2023:10:41:50 +0800] "GET /xingrg/kc/buy/cgsh_order_operate.html?command=get_materiel&rest_code=00146&code=00101009030&supplier_code=00100005&order_time=2023-07-05 HTTP/1.1" 200 412
218.81.67.77 - - [05/Jul/2023:10:41:50 +0800] "GET /xingrg/kc/buy/cgsh_order_operate.html?command=get_materiel&rest_code=00148&code=00101006130&supplier_code=00100096&order_time=2023-07-05 HTTP/1.1" 200 429
120.253.135.82 - - [05/Jul/2023:10:41:50 +0800] "GET /xingrg/kc/pszx/mdqp_order_list.html?state=10 HTTP/1.1" 200 10275
120.253.135.82 - - [05/Jul/2023:10:41:50 +0800] "GET /xingrg/dwr/interface/AjaxQqpsService.js HTTP/1.1" 200 16326
120.253.135.82 - - [05/Jul/2023:10:41:50 +0800] "GET /xingrg/dwr/interface/AjaxReportQueryService.js HTTP/1.1" 200 13203
120.253.135.82 - - [05/Jul/2023:10:41:50 +0800] "GET /xingrg/dwr/engine.js HTTP/1.1" 200 43631
180.169.147.146 - - [05/Jul/2023:10:41:51 +0800] "GET /xingrg/all/function/internal_message.html?_=1688524907703&CODE_STATE=getMsg HTTP/1.1" 200 27
116.232.195.127 - - [05/Jul/2023:10:41:53 +0800] "POST /xingrg/dwr/call/plaincall/AjaxCheckService.setItemNumber.dwr HTTP/1.1" 200 77
114.85.113.108 - - [05/Jul/2023:10:41:54 +0800] "GET /xingrg/all/function/internal_message.html?_=1688524913077&CODE_STATE=getMsg HTTP/1.1" 200 27
116.232.195.127 - - [05/Jul/2023:10:41:54 +0800] "POST /xingrg/dwr/call/plaincall/AjaxCheckService.setItemNumber.dwr HTTP/1.1" 200 77
116.232.195.127 - - [05/Jul/2023:10:41:54 +0800] "POST /xingrg/dwr/call/plaincall/AjaxCheckService.setItemNumber.dwr HTTP/1.1" 200 77
124.79.243.110 - - [05/Jul/2023:10:41:55 +0800] "GET /xingrg/all/function/internal_message.html?_=1688525199650&CODE_STATE=getMsg HTTP/1.1" 200 27
180.169.147.146 - - [05/Jul/2023:10:41:57 +0800] "GET /xingrg/all/function/internal_message.html?_=1688524915738&CODE_STATE=getMsg HTTP/1.1" 200 27
58.40.7.146 - - [05/Jul/2023:10:41:57 +0800] "GET /xingrg/all/function/internal_message.html?_=1688524917543&CODE_STATE=getMsg HTTP/1.1" 200 27
61.170.233.201 - - [05/Jul/2023:10:41:59 +0800] "POST /xingrg/dwr/call/plaincall/AjaxQqpsService.getMaterielByCode.dwr HTTP/1.1" 200 2673
116.232.195.127 - - [05/Jul/2023:10:41:59 +0800] "POST /xingrg/dwr/call/plaincall/AjaxCheckService.setItemNumber.dwr HTTP/1.1" 200 77
116.232.195.127 - - [05/Jul/2023:10:41:59 +0800] "POST /xingrg/dwr/call/plaincall/AjaxCheckService.setItemNumber.dwr HTTP/1.1" 200 77
120.253.135.82 - - [05/Jul/2023:10:42:00 +0800] "GET /xingrg/kc/pszx/mdps_order_list.html?orderType=0 HTTP/1.1" 200 8212
116.232.195.127 - - [05/Jul/2023:10:42:01 +0800] "POST /xingrg/dwr/call/plaincall/AjaxCheckService.setItemNumber.dwr HTTP/1.1" 200 77
222.67.234.146 - - [05/Jul/2023:10:42:01 +0800] "GET /xingrg/all/function/internal_message.html?_=1688524404119&CODE_STATE=getMsg HTTP/1.1" 200 27
222.70.114.12 - - [05/Jul/2023:10:42:01 +0800] "GET /xingrg/kc/print/load_data.html?order_code=212023070401489&kc_code=cgsh HTTP/1.1" 200 11033
114.95.42.59 - - [05/Jul/2023:10:42:01 +0800] "GET /xingrg/all/function/internal_message.html?_=1688524739952&CODE_STATE=getMsg HTTP/1.1" 200 27
222.70.180.90 - - [05/Jul/2023:10:42:02 +0800] "GET /xingrg/all/function/internal_message.html?_=1688524977065&CODE_STATE=getMsg HTTP/1.1" 200 27
120.253.135.82 - - [05/Jul/2023:10:42:02 +0800] "GET /xingrg/kc/pszx/mdps_order_list.html?orderType=0 HTTP/1.1" 200 8212
116.232.195.127 - - [05/Jul/2023:10:42:02 +0800] "POST /xingrg/dwr/call/plaincall/AjaxCheckService.setItemNumber.dwr HTTP/1.1" 200 77
116.232.195.127 - - [05/Jul/2023:10:42:03 +0800] "POST /xingrg/dwr/call/plaincall/AjaxCheckService.setItemNumber.dwr HTTP/1.1" 200 77
222.70.180.90 - - [05/Jul/2023:10:42:03 +0800] "GET /xingrg/all/function/internal_message.html?_=1688524922045&CODE_STATE=getMsg HTTP/1.1" 200 27
114.85.96.155 - - [05/Jul/2023:10:42:04 +0800] "GET /xingrg/all/function/internal_message.html?_=1688524923964&CODE_STATE=getMsg HTTP/1.1" 200 27
114.85.96.155 - - [05/Jul/2023:10:42:04 +0800] "GET /xingrg/check_reg.html?_=1688524924163 HTTP/1.1" 200 22
116.232.195.127 - - [05/Jul/2023:10:42:04 +0800] "POST /xingrg/dwr/call/plaincall/AjaxCheckService.setItemNumber.dwr HTTP/1.1" 200 77
120.253.135.82 - - [05/Jul/2023:10:42:04 +0800] "GET /xingrg/kc/pszx/mdps_order_list.html?orderType=0 HTTP/1.1" 200 8212
116.232.195.127 - - [05/Jul/2023:10:42:05 +0800] "POST /xingrg/dwr/call/plaincall/AjaxCheckService.setItemNumber.dwr HTTP/1.1" 200 77
116.232.195.127 - - [05/Jul/2023:10:42:05 +0800] "POST /xingrg/dwr/call/plaincall/AjaxCheckService.setItemNumber.dwr HTTP/1.1" 200 77
114.83.216.42 - - [05/Jul/2023:10:42:05 +0800] "GET /xingrg/check_reg.html?_=1688524925537 HTTP/1.1" 200 22
114.83.216.42 - - [05/Jul/2023:10:42:05 +0800] "GET /xingrg/all/function/internal_message.html?_=1688524925539&CODE_STATE=getMsg HTTP/1.1" 200 27
116.232.195.127 - - [05/Jul/2023:10:42:05 +0800] "POST /xingrg/dwr/call/plaincall/AjaxCheckService.setItemNumber.dwr HTTP/1.1" 200 77
116.238.191.126 - - [05/Jul/2023:10:42:06 +0800] "GET /xingrg/all/function/internal_message.html?_=1688524837427&CODE_STATE=getMsg HTTP/1.1" 200 27
120.253.135.82 - - [05/Jul/2023:10:42:06 +0800] "GET /xingrg/kc/pszx/mdps_order_list.html?orderType=0 HTTP/1.1" 200 8212
120.253.135.82 - - [05/Jul/2023:10:42:06 +0800] "GET /xingrg/kc/pszx/mdps_order_list.html?orderType=0 HTTP/1.1" 200 8212
120.253.135.82 - - [05/Jul/2023:10:42:06 +0800] "GET /xingrg/kc/pszx/mdps_order_list.html?orderType=0 HTTP/1.1" 200 8212
61.170.233.201 - - [05/Jul/2023:10:42:07 +0800] "GET /xingrg/kc/cost/cost_operate.html?_=1688524930447&command=load_cost_list HTTP/1.1" 200 10344
120.253.135.82 - - [05/Jul/2023:10:42:09 +0800] "GET /xingrg/kc/pszx/mdqp_order_list.html?state=10 HTTP/1.1" 200 8212
120.253.135.82 - - [05/Jul/2023:10:42:09 +0800] "GET /xingrg/kc/pszx/mdqp_order_list.html?state=10 HTTP/1.1" 200 10275
120.253.135.82 - - [05/Jul/2023:10:42:09 +0800] "GET /xingrg/dwr/interface/AjaxReportQueryService.js HTTP/1.1" 200 13203
120.253.135.82 - - [05/Jul/2023:10:42:09 +0800] "GET /xingrg/dwr/interface/AjaxQqpsService.js HTTP/1.1" 200 16326
120.253.135.82 - - [05/Jul/2023:10:42:09 +0800] "GET /xingrg/dwr/engine.js HTTP/1.1" 200 43631
61.170.233.201 - - [05/Jul/2023:10:42:10 +0800] "POST /xingrg/dwr/call/plaincall/AjaxQqpsService.saveMaterielItem.dwr HTTP/1.1" 200 78
180.169.147.146 - - [05/Jul/2023:10:42:11 +0800] "GET /xingrg/all/function/internal_message.html?_=1688524929371&CODE_STATE=getMsg HTTP/1.1" 200 27
61.170.233.201 - - [05/Jul/2023:10:42:12 +0800] "GET /xingrg/all/function/internal_message.html?_=1688524933358&CODE_STATE=getMsg HTTP/1.1" 200 27
120.253.135.82 - - [05/Jul/2023:10:42:13 +0800] "GET /xingrg/login.html HTTP/1.1" 200 7641
120.253.135.82 - - [05/Jul/2023:10:42:13 +0800] "GET /xingrg/images/blue/jxLogo.png HTTP/1.1" 304 -
120.253.135.82 - - [05/Jul/2023:10:42:14 +0800] "GET /xingrg/images/blue/login_bg.png HTTP/1.1" 304 -
120.253.135.82 - - [05/Jul/2023:10:42:14 +0800] "GET /xingrg/images/blue/srbg.png HTTP/1.1" 304 -
120.253.135.82 - - [05/Jul/2023:10:42:14 +0800] "GET /xingrg/images/blue/hj.png HTTP/1.1" 304 -
120.253.135.82 - - [05/Jul/2023:10:42:14 +0800] "GET /favicon.ico HTTP/1.1" 404 -
114.95.42.59 - - [05/Jul/2023:10:42:18 +0800] "GET /xingrg/all/function/internal_message.html?_=1688524939401&CODE_STATE=getMsg HTTP/1.1" 200 27
114.83.216.42 - - [05/Jul/2023:10:42:18 +0800] "GET /xingrg/all/function/internal_message.html?_=1688524935939&CODE_STATE=getMsg HTTP/1.1" 200 27
120.253.135.82 - - [05/Jul/2023:10:42:22 +0800] "POST /xingrg/login.do HTTP/1.1" 302 -
61.170.233.201 - - [05/Jul/2023:10:42:22 +0800] "GET /xingrg/all/function/internal_message.html?_=1688524949092&CODE_STATE=getMsg HTTP/1.1" 200 27
61.170.233.201 - - [05/Jul/2023:10:42:23 +0800] "POST /xingrg/dwr/call/plaincall/AjaxQqpsService.getMaterielByCode.dwr HTTP/1.1" 200 2750
120.253.135.82 - - [05/Jul/2023:10:42:23 +0800] "GET /xingrg/javascript/jquery_easy_ui/themes/default/easyui.css HTTP/1.1" 304 -
120.253.135.82 - - [05/Jul/2023:10:42:23 +0800] "GET /xingrg/javascript/jquery_easy_ui/themes/icon.css HTTP/1.1" 304 -
120.253.135.82 - - [05/Jul/2023:10:42:23 +0800] "GET /xingrg/css/form.css HTTP/1.1" 304 -
120.253.135.82 - - [05/Jul/2023:10:42:23 +0800] "GET /xingrg/javascript/jquery-1.4.2.min.js HTTP/1.1" 304 -
120.253.135.82 - - [05/Jul/2023:10:42:23 +0800] "GET /xingrg/javascript/jquery_easy_ui/jquery.easyui.min.js HTTP/1.1" 304 -
120.253.135.82 - - [05/Jul/2023:10:42:23 +0800] "GET /xingrg/javascript/jquery_easy_ui/easyui-lang-zh_CN.js HTTP/1.1" 304 -
120.253.135.82 - - [05/Jul/2023:10:42:23 +0800] "GET /xingrg/javascript/jquery.form.js HTTP/1.1" 304 -
120.253.135.82 - - [05/Jul/2023:10:42:23 +0800] "GET /xingrg/javascript/jquery.utils.js HTTP/1.1" 304 -
120.253.135.82 - - [05/Jul/2023:10:42:23 +0800] "GET /xingrg/javascript/jquery.timers.js HTTP/1.1" 304 -
120.253.135.82 - - [05/Jul/2023:10:42:23 +0800] "GET /xingrg/index.html?sysBaseUrl=http%3A%2F%2F180.169.147.146%3A18081%2Fxingrg%2F&costTime=4170×tamp=1688524942291 HTTP/1.1" 200 17173
116.235.244.74 - - [05/Jul/2023:10:42:24 +0800] "GET /xingrg/all/function/internal_message.html?_=1688524954611&CODE_STATE=getMsg HTTP/1.1" 200 27
120.253.135.82 - - [05/Jul/2023:10:42:24 +0800] "GET /favicon.ico HTTP/1.1" 404 -
120.253.135.82 - - [05/Jul/2023:10:42:25 +0800] "GET /xingrg/images/blue/navBackgound.jpg HTTP/1.1" 304 -
120.253.135.82 - - [05/Jul/2023:10:42:25 +0800] "GET /xingrg/javascript/jquery_easy_ui/themes/icons/settle_new.png HTTP/1.1" 304 -
120.253.135.82 - - [05/Jul/2023:10:42:25 +0800] "GET /xingrg/images/blue/pingpu.png HTTP/1.1" 304 -
120.253.135.82 - - [05/Jul/2023:10:42:25 +0800] "GET /xingrg/javascript/jquery_easy_ui/themes/default/images/tabs_rightarrow.png HTTP/1.1" 304 -
120.253.135.82 - - [05/Jul/2023:10:42:25 +0800] "GET /xingrg/javascript/jquery_easy_ui/themes/default/images/tabs_leftarrow.png HTTP/1.1" 304 -
120.253.135.82 - - [05/Jul/2023:10:42:25 +0800] "GET /xingrg/javascript/jquery_easy_ui/themes/default/images/panel_tool_collapse.gif HTTP/1.1" 304 -
61.170.233.201 - - [05/Jul/2023:10:42:25 +0800] "GET /xingrg/all/function/internal_message.html?_=1688524943656&CODE_STATE=getMsg HTTP/1.1" 200 27
222.70.114.12 - - [05/Jul/2023:10:42:25 +0800] "GET /xingrg/all/function/internal_message.html?_=1688524947791&CODE_STATE=getMsg HTTP/1.1" 200 27
222.70.114.12 - - [05/Jul/2023:10:42:25 +0800] "GET /xingrg/check_reg.html?_=1688524947793 HTTP/1.1" 200 22
120.253.135.82 - - [05/Jul/2023:10:42:26 +0800] "GET /xingrg/check_reg.html?_=1688524775735 HTTP/1.1" 200 22
120.253.135.82 - - [05/Jul/2023:10:42:26 +0800] "GET /xingrg/all/function/internal_message.html?_=1688524775734&CODE_STATE=count HTTP/1.1" 200 11
120.253.135.82 - - [05/Jul/2023:10:42:26 +0800] "POST /xingrg/all/common/load_tree.html?tree=area_rest_tree_json&manage=1 HTTP/1.1" 200 344
120.253.135.82 - - [05/Jul/2023:10:42:26 +0800] "GET /xingrg/javascript/jquery_easy_ui/themes/default/images/tree_arrows.gif HTTP/1.1" 304 -
114.83.219.53 - - [05/Jul/2023:10:42:27 +0800] "GET /xingrg/all/function/internal_message.html?_=1688525062911&CODE_STATE=getMsg HTTP/1.1" 200 27
120.253.135.82 - - [05/Jul/2023:10:42:28 +0800] "GET /xingrg/javascript/jquery_easy_ui/themes/default/images/tabs_active.png HTTP/1.1" 304 -
222.67.234.146 - - [05/Jul/2023:10:42:28 +0800] "POST /xingrg/kc/buy/cgsh_order_operate.html HTTP/1.1" 200 12
61.170.233.201 - - [05/Jul/2023:10:42:28 +0800] "POST /xingrg/dwr/call/plaincall/AjaxQqpsService.saveMaterielItem.dwr HTTP/1.1" 200 78
120.253.135.82 - - [05/Jul/2023:10:42:30 +0800] "POST /xingrg/load_menu.html HTTP/1.1" 200 6743
120.253.135.82 - - [05/Jul/2023:10:42:30 +0800] "GET /xingrg/javascript/jquery_easy_ui/themes/default/images/tree_folder_open.gif HTTP/1.1" 304 -
120.253.135.82 - - [05/Jul/2023:10:42:30 +0800] "GET /xingrg/javascript/jquery_easy_ui/themes/icons/search_new.png HTTP/1.1" 304 -
120.253.135.82 - - [05/Jul/2023:10:42:30 +0800] "GET /xingrg/javascript/jquery_easy_ui/themes/icons/delivery_new.png HTTP/1.1" 304 -
120.253.135.82 - - [05/Jul/2023:10:42:30 +0800] "GET /xingrg/javascript/jquery_easy_ui/themes/icons/storage_new.png HTTP/1.1" 304 -
120.253.135.82 - - [05/Jul/2023:10:42:30 +0800] "GET /xingrg/javascript/jquery_easy_ui/themes/icons/forms_new.png HTTP/1.1" 304 -
120.253.135.82 - - [05/Jul/2023:10:42:30 +0800] "GET /xingrg/javascript/jquery_easy_ui/themes/default/images/tree_folder.gif HTTP/1.1" 304 -
120.253.135.82 - - [05/Jul/2023:10:42:30 +0800] "GET /xingrg/javascript/jquery_easy_ui/themes/default/images/tree_file.gif HTTP/1.1" 304 -
218.81.67.77 - - [05/Jul/2023:10:42:31 +0800] "GET /xingrg/kc/buy/cgsh_order_operate.html?command=get_materiel&rest_code=00148&code=00101006177&supplier_code=00100096&order_time=2023-07-05 HTTP/1.1" 200 408
120.253.135.82 - - [05/Jul/2023:10:42:32 +0800] "GET /xingrg/check_reg.html?_=1688524781970 HTTP/1.1" 200 22
172.20.0.100 - - [05/Jul/2023:10:42:33 +0800] "GET /xingrg/all/function/internal_message.html?_=1688524953400&CODE_STATE=getMsg HTTP/1.1" 200 27
120.253.135.82 - - [05/Jul/2023:10:42:34 +0800] "GET /xingrg/javascript/jquery_easy_ui/themes/default/images/tabs_close.gif HTTP/1.1" 304 -
116.235.244.74 - - [05/Jul/2023:10:42:34 +0800] "GET /xingrg/kc/buy/cgsh_order_operate.html?command=get_materiel&rest_code=00146&code=00101008300&supplier_code=00100005&order_time=2023-07-05 HTTP/1.1" 200 412
120.253.135.82 - - [05/Jul/2023:10:42:37 +0800] "GET /xingrg/css/base.css HTTP/1.1" 304 -
120.253.135.82 - - [05/Jul/2023:10:42:37 +0800] "GET /xingrg/javascript/jquery_tools/datebox.css HTTP/1.1" 304 -
120.253.135.82 - - [05/Jul/2023:10:42:37 +0800] "GET /xingrg/javascript/easyui/themes/default/easyui.css HTTP/1.1" 304 -
120.253.135.82 - - [05/Jul/2023:10:42:37 +0800] "GET /xingrg/css/site.css HTTP/1.1" 304 -
120.253.135.82 - - [05/Jul/2023:10:42:37 +0800] "GET /xingrg/javascript/auto/jquery.autocomplete.css HTTP/1.1" 304 -
120.253.135.82 - - [05/Jul/2023:10:42:37 +0800] "GET /xingrg/javascript/easyui/themes/icon.css HTTP/1.1" 304 -
120.253.135.82 - - [05/Jul/2023:10:42:37 +0800] "GET /xingrg/javascript/jquery_tools/fix.css HTTP/1.1" 304 -
120.253.135.82 - - [05/Jul/2023:10:42:37 +0800] "GET /xingrg/javascript/auto/jquery.autocomplete.js HTTP/1.1" 304 -
120.253.135.82 - - [05/Jul/2023:10:42:37 +0800] "GET /xingrg/javascript/jquery_tools/jquery.tools.hotkey.js HTTP/1.1" 304 -
120.253.135.82 - - [05/Jul/2023:10:42:37 +0800] "GET /xingrg/javascript/jquery_tools/table.css HTTP/1.1" 304 -
120.253.135.82 - - [05/Jul/2023:10:42:37 +0800] "GET /xingrg/javascript/jquery_tools/jquery.tools.extend.js HTTP/1.1" 304 -
120.253.135.82 - - [05/Jul/2023:10:42:37 +0800] "GET /xingrg/javascript/jquery_tools/jquery.tools.table.js HTTP/1.1" 304 -
120.253.135.82 - - [05/Jul/2023:10:42:37 +0800] "GET /xingrg/javascript/jquery_tools/jquery.tools.min.js HTTP/1.1" 304 -
120.253.135.82 - - [05/Jul/2023:10:42:37 +0800] "GET /xingrg/javascript/print/LodopFuncs.js HTTP/1.1" 304 -
120.253.135.82 - - [05/Jul/2023:10:42:37 +0800] "GET /xingrg/javascript/jquery_tools/list_manager.js HTTP/1.1" 304 -
120.253.135.82 - - [05/Jul/2023:10:42:37 +0800] "GET /xingrg/javascript/jquery.cookie.js HTTP/1.1" 304 -
120.253.135.82 - - [05/Jul/2023:10:42:37 +0800] "GET /xingrg/javascript/easyui/easyloader.js HTTP/1.1" 304 -
120.253.135.82 - - [05/Jul/2023:10:42:37 +0800] "GET /xingrg/kc/buy/cgsh_order_list.html HTTP/1.1" 200 55838
120.253.135.82 - - [05/Jul/2023:10:42:38 +0800] "GET /xingrg/all/function/internal_message.html?_=1688524787599&CODE_STATE=getMsg HTTP/1.1" 200 27
120.253.135.82 - - [05/Jul/2023:10:42:38 +0800] "GET /xingrg/javascript/easyui/themes/icons/edit_add_new.png HTTP/1.1" 304 -
120.253.135.82 - - [05/Jul/2023:10:42:38 +0800] "GET /xingrg/javascript/easyui/themes/icons/cance_new.png HTTP/1.1" 304 -
120.253.135.82 - - [05/Jul/2023:10:42:38 +0800] "GET /xingrg/javascript/easyui/themes/icons/check_new.png HTTP/1.1" 304 -
120.253.135.82 - - [05/Jul/2023:10:42:38 +0800] "GET /xingrg/javascript/easyui/themes/icons/field_new.png HTTP/1.1" 304 -
120.253.135.82 - - [05/Jul/2023:10:42:38 +0800] "GET /xingrg/javascript/easyui/themes/icons/import_new.png HTTP/1.1" 304 -
120.253.135.82 - - [05/Jul/2023:10:42:38 +0800] "GET /xingrg/javascript/easyui/plugins/jquery.parser.js HTTP/1.1" 304 -
120.253.135.82 - - [05/Jul/2023:10:42:38 +0800] "GET /xingrg/images/control/ajaxLoader.gif HTTP/1.1" 304 -
116.235.244.74 - - [05/Jul/2023:10:42:38 +0800] "GET /favicon.ico HTTP/1.1" 404 -
222.70.114.12 - - [05/Jul/2023:10:42:39 +0800] "POST /xingrg/kc/buy/cgsh_list_operate.html HTTP/1.1" 200 5472
218.81.67.77 - - [05/Jul/2023:10:42:40 +0800] "GET /xingrg/all/function/internal_message.html?_=1688524960478&CODE_STATE=getMsg HTTP/1.1" 200 27
114.83.216.42 - - [05/Jul/2023:10:42:40 +0800] "GET /xingrg/kc/report/report_main.html HTTP/1.1" 200 7340
114.83.216.42 - - [05/Jul/2023:10:42:43 +0800] "GET /xingrg/kc/cost/crk_report.html HTTP/1.1" 200 23713
180.165.154.167 - - [05/Jul/2023:10:42:44 +0800] "GET /xingrg/all/function/internal_message.html?_=1688524964032&CODE_STATE=getMsg HTTP/1.1" 200 27
114.83.216.42 - - [05/Jul/2023:10:42:44 +0800] "POST /xingrg/kc/cost/cost_operate.html?command=get_base_tree HTTP/1.1" 200 2657
120.253.135.82 - - [05/Jul/2023:10:42:44 +0800] "POST /xingrg/kc/buy/cgsh_list_operate.html HTTP/1.1" 200 986
114.83.216.42 - - [05/Jul/2023:10:42:44 +0800] "POST /xingrg/all/common/load_tree.html?tree=materiel_sort_tree_json HTTP/1.1" 200 9500
61.170.233.201 - - [05/Jul/2023:10:42:44 +0800] "POST /xingrg/dwr/call/plaincall/AjaxQqpsService.getMaterielByCode.dwr HTTP/1.1" 200 2680
114.83.216.42 - - [05/Jul/2023:10:42:45 +0800] "POST /xingrg/kc/cost/cost_operate.html HTTP/1.1" 200 37
61.170.233.201 - - [05/Jul/2023:10:42:47 +0800] "GET /xingrg/check_reg.html?_=1688524967862 HTTP/1.1" 200 22
116.232.195.127 - - [05/Jul/2023:10:42:49 +0800] "GET /xingrg/all/function/internal_message.html?_=1688524954342&CODE_STATE=getMsg HTTP/1.1" 200 27
61.170.233.201 - - [05/Jul/2023:10:42:49 +0800] "POST /xingrg/dwr/call/plaincall/AjaxQqpsService.saveMaterielItem.dwr HTTP/1.1" 200 78
180.169.147.146 - - [05/Jul/2023:10:42:51 +0800] "GET /xingrg/all/function/internal_message.html?_=1688524967703&CODE_STATE=getMsg HTTP/1.1" 200 27
120.253.135.82 - - [05/Jul/2023:10:42:53 +0800] "GET /xingrg/javascript/jquery_easy_ui/themes/icons/area.png HTTP/1.1" 304 -
120.253.135.82 - - [05/Jul/2023:10:42:53 +0800] "GET /xingrg/javascript/jquery_easy_ui/themes/icons/manage.png HTTP/1.1" 304 -
114.85.113.108 - - [05/Jul/2023:10:42:54 +0800] "GET /xingrg/all/function/internal_message.html?_=1688524973061&CODE_STATE=getMsg HTTP/1.1" 200 27
120.253.135.82 - - [05/Jul/2023:10:42:55 +0800] "GET /xingrg/kc/pszx/mdqp_order_list.html?state=10 HTTP/1.1" 200 10275
120.253.135.82 - - [05/Jul/2023:10:42:55 +0800] "GET /xingrg/css/blue.css HTTP/1.1" 304 -
120.253.135.82 - - [05/Jul/2023:10:42:55 +0800] "GET /xingrg/dwr/interface/AjaxQqpsService.js HTTP/1.1" 200 16326
120.253.135.82 - - [05/Jul/2023:10:42:55 +0800] "GET /xingrg/javascript/pic_change.js HTTP/1.1" 304 -
120.253.135.82 - - [05/Jul/2023:10:42:55 +0800] "GET /xingrg/dwr/interface/AjaxReportQueryService.js HTTP/1.1" 200 13203
120.253.135.82 - - [05/Jul/2023:10:42:55 +0800] "GET /xingrg/javascript/Calendar.js HTTP/1.1" 304 -
120.253.135.82 - - [05/Jul/2023:10:42:55 +0800] "GET /xingrg/javascript/myfunction.js HTTP/1.1" 304 -
120.253.135.82 - - [05/Jul/2023:10:42:55 +0800] "GET /xingrg/dwr/util.js HTTP/1.1" 304 -
120.253.135.82 - - [05/Jul/2023:10:42:55 +0800] "GET /xingrg/dwr/engine.js HTTP/1.1" 200 43631
120.253.135.82 - - [05/Jul/2023:10:42:55 +0800] "GET /xingrg/javascript/jquery_easy_ui/themes/icons/uncheck_new.png HTTP/1.1" 304 -
120.253.135.82 - - [05/Jul/2023:10:42:55 +0800] "GET /xingrg/javascript/jquery_easy_ui/themes/icons/check_new.png HTTP/1.1" 304 -
120.253.135.82 - - [05/Jul/2023:10:42:55 +0800] "GET /xingrg/javascript/jquery_easy_ui/themes/icons/back_new.png HTTP/1.1" 304 -
124.79.243.110 - - [05/Jul/2023:10:42:55 +0800] "GET /xingrg/all/function/internal_message.html?_=1688525259651&CODE_STATE=getMsg HTTP/1.1" 200 27
180.169.147.146 - - [05/Jul/2023:10:42:57 +0800] "GET /xingrg/all/function/internal_message.html?_=1688524975741&CODE_STATE=getMsg HTTP/1.1" 200 27
58.40.7.146 - - [05/Jul/2023:10:42:57 +0800] "GET /xingrg/all/function/internal_message.html?_=1688524977530&CODE_STATE=getMsg HTTP/1.1" 200 27
114.83.216.42 - - [05/Jul/2023:10:42:57 +0800] "GET /xingrg/all/report/report_query.html?isQuery=1&onlyBody=1&rh=999&varString=cost_id:4399,rk_cost:cgsh_rk_money-cgth_ck_money$add$pssh_rk_money-psth_ck_money$add$yddb_rk_money$add$qt_rk_money$add$wldb_rk_money$add$check_rk_money,ck_cost:cgsh_rk_money-cgth_ck_money$add$pssh_rk_money-psth_ck_money$add$yddb_rk_money$add$qt_rk_money$add$wldb_rk_money$add$check_rk_money,rk_nums:cgsh_rk_number-cgth_ck_number$add$pssh_rk_number-psth_ck_number$add$yddb_rk_number$add$qt_rk_number$add$wldb_rk_number$add$check_rk_number,ck_nums:cgsh_rk_number-cgth_ck_number$add$pssh_rk_number-psth_ck_number$add$yddb_rk_number$add$qt_rk_number$add$wldb_rk_number$add$check_rk_number&fileName=kc/cost/crk_define_by_materiel.xml&queryString=%20a.base_code%20in%20('0010400')%20%20and%20m.sort_code%20in%20('00101001','00101002','00101003','00101004','00101005','00101006','00101007','00101008','00101009','00101010','00101011','00101012','00101013','00101014','00101015','00101016','00101017','00101018','00101019','00101020','00101021','00101022','00101023','00101024','00101025','00101026','00101027','00101028','00101029','00101030','00101031','00101032','00101033','00101034','00101036','00101037','00101038','00101039','00101040','00101041','00101042','00101043')%20&queryText=Ô·ݣº2023Äê6ÔÂ%20²Ö¿â£ºº£ÏʳØ&tableQueryString=materiel_table$sp1$$sp$before_table$sp1$$sp$crk_table$sp1$order_day%20between%2020230601%20and%2020230630 HTTP/1.1" 200 49588
114.83.216.42 - - [05/Jul/2023:10:42:57 +0800] "GET /xingrg/dwr/interface/AjaxReportQueryService.js HTTP/1.1" 200 13203
114.83.216.42 - - [05/Jul/2023:10:42:57 +0800] "GET /xingrg/dwr/engine.js HTTP/1.1" 200 43631
61.170.233.201 - - [05/Jul/2023:10:42:57 +0800] "GET /xingrg/check_reg.html?_=1688524975732 HTTP/1.1" 200 22
222.67.234.146 - - [05/Jul/2023:10:42:58 +0800] "GET /xingrg/kc/buy/cgsh_order_info.html?code=212023070501708 HTTP/1.1" 200 66531
222.67.234.146 - - [05/Jul/2023:10:42:58 +0800] "GET /xingrg/javascript/easyui/themes/default/validatebox.css HTTP/1.1" 404 1104
222.67.234.146 - - [05/Jul/2023:10:43:01 +0800] "GET /xingrg/all/function/internal_message.html?_=1688524464132&CODE_STATE=getMsg HTTP/1.1" 200 27
114.95.42.59 - - [05/Jul/2023:10:43:01 +0800] "GET /xingrg/all/function/internal_message.html?_=1688524799944&CODE_STATE=getMsg HTTP/1.1" 200 27
222.70.180.90 - - [05/Jul/2023:10:43:02 +0800] "GET /xingrg/all/function/internal_message.html?_=1688525037053&CODE_STATE=getMsg HTTP/1.1" 200 27
222.70.180.90 - - [05/Jul/2023:10:43:03 +0800] "GET /xingrg/all/function/internal_message.html?_=1688524982047&CODE_STATE=getMsg HTTP/1.1" 200 27
114.85.96.155 - - [05/Jul/2023:10:43:04 +0800] "GET /xingrg/all/function/internal_message.html?_=1688524983966&CODE_STATE=getMsg HTTP/1.1" 200 27
120.253.135.82 - - [05/Jul/2023:10:43:04 +0800] "GET /xingrg/kc/pszx/mdps_order_list.html?orderType=0 HTTP/1.1" 200 21032
120.253.135.82 - - [05/Jul/2023:10:43:04 +0800] "GET /xingrg/javascript/easyui/themes/icons/uncheck_new.png HTTP/1.1" 304 -
222.67.234.146 - - [05/Jul/2023:10:43:05 +0800] "POST /xingrg/kc/buy/cgsh_order_operate.html HTTP/1.1" 200 5921
114.83.216.42 - - [05/Jul/2023:10:43:05 +0800] "GET /xingrg/all/function/internal_message.html?_=1688524985524&CODE_STATE=getMsg HTTP/1.1" 200 27
116.238.191.126 - - [05/Jul/2023:10:43:06 +0800] "GET /xingrg/all/function/internal_message.html?_=1688524897441&CODE_STATE=getMsg HTTP/1.1" 200 27
120.253.135.82 - - [05/Jul/2023:10:43:06 +0800] "POST /xingrg/kc/pszx/mdps_list_operate.html HTTP/1.1" 200 5222
116.235.244.74 - - [05/Jul/2023:10:43:06 +0800] "GET /xingrg/kc/buy/cgsh_order_operate.html?command=get_materiel&rest_code=00146&code=00101008332&supplier_code=00100005&order_time=2023-07-05 HTTP/1.1" 200 412
222.67.234.146 - - [05/Jul/2023:10:43:09 +0800] "GET /xingrg/kc/print/load_data.html?order_code=212023070501708&kc_code=cgsh&condition= HTTP/1.1" 200 2802
114.83.216.42 - - [05/Jul/2023:10:43:09 +0800] "POST /xingrg/all/report/load_report_page.html HTTP/1.1" 200 217445
114.83.216.42 - - [05/Jul/2023:10:43:09 +0800] "GET /xingrg/servlets/image?cache=0.9426088333876808&image=px HTTP/1.1" 200 807
120.253.135.82 - - [05/Jul/2023:10:43:11 +0800] "GET /xingrg/kc/pszx/mdps_order_list.html?orderType=0 HTTP/1.1" 200 21032
180.169.147.146 - - [05/Jul/2023:10:43:11 +0800] "GET /xingrg/all/function/internal_message.html?_=1688524989369&CODE_STATE=getMsg HTTP/1.1" 200 27
61.170.233.201 - - [05/Jul/2023:10:43:12 +0800] "GET /xingrg/all/function/internal_message.html?_=1688524993341&CODE_STATE=getMsg HTTP/1.1" 200 27
120.253.135.82 - - [05/Jul/2023:10:43:13 +0800] "POST /xingrg/kc/pszx/mdps_list_operate.html HTTP/1.1" 200 5222
61.170.233.201 - - [05/Jul/2023:10:43:18 +0800] "POST /xingrg/dwr/call/plaincall/AjaxQqpsService.saveOrder.dwr HTTP/1.1" 200 78
114.95.42.59 - - [05/Jul/2023:10:43:18 +0800] "GET /xingrg/all/function/internal_message.html?_=1688524999377&CODE_STATE=getMsg HTTP/1.1" 200 27
222.67.234.146 - - [05/Jul/2023:10:43:19 +0800] "GET /xingrg/kc/buy/cgsh_order_add.html HTTP/1.1" 200 8212
61.170.233.201 - - [05/Jul/2023:10:43:22 +0800] "GET /xingrg/all/function/internal_message.html?_=1688525009073&CODE_STATE=getMsg HTTP/1.1" 200 27
222.67.234.146 - - [05/Jul/2023:10:43:23 +0800] "GET /xingrg/kc/buy/cgsh_order_add.html HTTP/1.1" 200 8212
120.253.135.82 - - [05/Jul/2023:10:43:23 +0800] "GET /xingrg/kc/pszx/mdqp_order_list.html?state=10 HTTP/1.1" 200 10275
120.253.135.82 - - [05/Jul/2023:10:43:23 +0800] "GET /xingrg/dwr/interface/AjaxQqpsService.js HTTP/1.1" 200 16326
120.253.135.82 - - [05/Jul/2023:10:43:23 +0800] "GET /xingrg/dwr/interface/AjaxReportQueryService.js HTTP/1.1" 200 13203
120.253.135.82 - - [05/Jul/2023:10:43:23 +0800] "GET /xingrg/dwr/engine.js HTTP/1.1" 200 43631
116.235.244.74 - - [05/Jul/2023:10:43:24 +0800] "GET /xingrg/all/function/internal_message.html?_=1688525014626&CODE_STATE=getMsg HTTP/1.1" 200 27
61.170.233.201 - - [05/Jul/2023:10:43:25 +0800] "GET /xingrg/all/function/internal_message.html?_=1688525003652&CODE_STATE=getMsg HTTP/1.1" 200 27
222.70.114.12 - - [05/Jul/2023:10:43:25 +0800] "GET /xingrg/all/function/internal_message.html?_=1688525007794&CODE_STATE=getMsg HTTP/1.1" 200 27
120.253.135.82 - - [05/Jul/2023:10:43:26 +0800] "GET /xingrg/all/function/internal_message.html?_=1688524835744&CODE_STATE=getMsg HTTP/1.1" 200 27
114.83.219.53 - - [05/Jul/2023:10:43:27 +0800] "GET /xingrg/all/function/internal_message.html?_=1688525122881&CODE_STATE=getMsg HTTP/1.1" 200 27
114.83.219.53 - - [05/Jul/2023:10:43:27 +0800] "GET /xingrg/check_reg.html?_=1688525123116 HTTP/1.1" 200 22
172.20.0.100 - - [05/Jul/2023:10:43:33 +0800] "GET /xingrg/all/function/internal_message.html?_=1688525013412&CODE_STATE=getMsg HTTP/1.1" 200 27
120.253.135.82 - - [05/Jul/2023:10:43:34 +0800] "GET /xingrg/kc/pszx/mdqp_order_list.html?state=10 HTTP/1.1" 200 10275
120.253.135.82 - - [05/Jul/2023:10:43:34 +0800] "GET /xingrg/dwr/interface/AjaxQqpsService.js HTTP/1.1" 200 16326
120.253.135.82 - - [05/Jul/2023:10:43:34 +0800] "GET /xingrg/dwr/interface/AjaxReportQueryService.js HTTP/1.1" 200 13203
120.253.135.82 - - [05/Jul/2023:10:43:34 +0800] "GET /xingrg/dwr/engine.js HTTP/1.1" 200 43631
61.170.233.201 - - [05/Jul/2023:10:43:34 +0800] "GET /xingrg/dwr/interface/AjaxComOrderService.js HTTP/1.1" 200 18264
61.170.233.201 - - [05/Jul/2023:10:43:34 +0800] "GET /xingrg/dwr/interface/AjaxQqpsService.js HTTP/1.1" 200 16326
61.170.233.201 - - [05/Jul/2023:10:43:34 +0800] "GET /xingrg/dwr/engine.js HTTP/1.1" 200 43631
222.67.234.146 - - [05/Jul/2023:10:43:35 +0800] "GET /xingrg/kc/buy/cgsh_order_add.html HTTP/1.1" 200 8212
61.170.233.201 - - [05/Jul/2023:10:43:35 +0800] "GET /xingrg/kc/mdqp/qqps_order_add.html HTTP/1.1" 200 28236
222.67.234.146 - - [05/Jul/2023:10:43:36 +0800] "GET /xingrg/kc/buy/cgsh_order_add.html HTTP/1.1" 200 8212
222.67.234.146 - - [05/Jul/2023:10:43:37 +0800] "GET /xingrg/kc/buy/cgsh_order_add.html HTTP/1.1" 200 71620
222.67.234.146 - - [05/Jul/2023:10:43:37 +0800] "GET /xingrg/javascript/easyui/themes/default/validatebox.css HTTP/1.1" 404 1104
222.67.234.146 - - [05/Jul/2023:10:43:37 +0800] "POST /xingrg/kc/buy/cgsh_order_operate.html HTTP/1.1" 200 8245
120.253.135.82 - - [05/Jul/2023:10:43:38 +0800] "GET /xingrg/all/function/internal_message.html?_=1688524847611&CODE_STATE=getMsg HTTP/1.1" 200 27
218.81.67.77 - - [05/Jul/2023:10:43:40 +0800] "GET /xingrg/all/function/internal_message.html?_=1688525020475&CODE_STATE=getMsg HTTP/1.1" 200 27
180.165.154.167 - - [05/Jul/2023:10:43:44 +0800] "GET /xingrg/all/function/internal_message.html?_=1688525024021&CODE_STATE=getMsg HTTP/1.1" 200 27
116.232.195.127 - - [05/Jul/2023:10:43:49 +0800] "GET /xingrg/all/function/internal_message.html?_=1688525014315&CODE_STATE=getMsg HTTP/1.1" 200 27
180.169.147.146 - - [05/Jul/2023:10:43:51 +0800] "GET /xingrg/all/function/internal_message.html?_=1688525027703&CODE_STATE=getMsg HTTP/1.1" 200 27
61.170.233.201 - - [05/Jul/2023:10:43:52 +0800] "GET /xingrg/check_reg.html?_=1688525039356 HTTP/1.1" 200 22
114.85.113.108 - - [05/Jul/2023:10:43:54 +0800] "GET /xingrg/all/function/internal_message.html?_=1688525033031&CODE_STATE=getMsg HTTP/1.1" 200 27
