120.253.135.82 - - [05/Jul/2023:06:19:03 +0800] "GET /xingrg/kc/pszx/mdqp_order_list.html?state=10 HTTP/1.1" 200 13557
120.253.135.82 - - [05/Jul/2023:06:19:03 +0800] "GET /xingrg/dwr/interface/AjaxQqpsService.js HTTP/1.1" 200 16326
120.253.135.82 - - [05/Jul/2023:06:19:03 +0800] "GET /xingrg/dwr/interface/AjaxReportQueryService.js HTTP/1.1" 200 13203
120.253.135.82 - - [05/Jul/2023:06:19:03 +0800] "GET /xingrg/dwr/engine.js HTTP/1.1" 200 43631
116.238.191.126 - - [05/Jul/2023:06:19:04 +0800] "GET /xingrg/all/function/internal_message.html?_=1688509056132&CODE_STATE=getMsg HTTP/1.1" 200 27
120.253.135.82 - - [05/Jul/2023:06:19:09 +0800] "GET /xingrg/kc/pszx/mdqp_order_info.html?code=302023070400069 HTTP/1.1" 200 13350
120.253.135.82 - - [05/Jul/2023:06:19:09 +0800] "GET /xingrg/dwr/interface/AjaxQqpsService.js HTTP/1.1" 200 16326
120.253.135.82 - - [05/Jul/2023:06:19:09 +0800] "GET /xingrg/dwr/interface/AjaxComOrderService.js HTTP/1.1" 200 18264
120.253.135.82 - - [05/Jul/2023:06:19:09 +0800] "GET /xingrg/dwr/engine.js HTTP/1.1" 200 43631
120.253.135.82 - - [05/Jul/2023:06:19:10 +0800] "POST /xingrg/dwr/call/plaincall/AjaxQqpsService.loadMaterielItems.dwr HTTP/1.1" 200 2157
120.253.135.82 - - [05/Jul/2023:06:19:19 +0800] "GET /xingrg/images/yd/bt.gif HTTP/1.1" 404 1040
120.253.135.82 - - [05/Jul/2023:06:19:19 +0800] "GET /xingrg/images/yd/bt2.gif HTTP/1.1" 404 1042
120.253.135.82 - - [05/Jul/2023:06:19:20 +0800] "GET /xingrg/kc/pszx/mdqp_order_list.html?isBack=1 HTTP/1.1" 302 -
120.253.135.82 - - [05/Jul/2023:06:19:20 +0800] "GET /xingrg/kc/pszx/mdqp_order_list.html?state=10 HTTP/1.1" 200 13557
120.253.135.82 - - [05/Jul/2023:06:19:20 +0800] "GET /xingrg/dwr/interface/AjaxReportQueryService.js HTTP/1.1" 200 13203
120.253.135.82 - - [05/Jul/2023:06:19:20 +0800] "GET /xingrg/dwr/engine.js HTTP/1.1" 200 43631
120.253.135.82 - - [05/Jul/2023:06:19:20 +0800] "GET /xingrg/dwr/interface/AjaxQqpsService.js HTTP/1.1" 200 16326
120.253.135.82 - - [05/Jul/2023:06:19:23 +0800] "GET /xingrg/kc/pszx/jzcl_ps.html HTTP/1.1" 200 7683
120.253.135.82 - - [05/Jul/2023:06:19:23 +0800] "POST /xingrg/all/common/load_tree.html?tree=area_rest_tree_json HTTP/1.1" 200 3499
120.253.135.82 - - [05/Jul/2023:06:19:24 +0800] "POST /xingrg/kc/pszx/jzcl_ps_operate.html HTTP/1.1" 200 3528
120.253.135.82 - - [05/Jul/2023:06:19:24 +0800] "POST /xingrg/kc/pszx/jzcl_ps_operate.html HTTP/1.1" 200 3528
116.235.244.74 - - [05/Jul/2023:06:19:29 +0800] "GET /xingrg/all/function/internal_message.html?_=1688509178566&CODE_STATE=getMsg HTTP/1.1" 200 27
120.253.135.82 - - [05/Jul/2023:06:19:34 +0800] "GET /xingrg/all/function/internal_message.html?_=1688509004228&CODE_STATE=getMsg HTTP/1.1" 200 27
120.253.135.82 - - [05/Jul/2023:06:19:45 +0800] "POST /xingrg/kc/pszx/jzcl_ps_operate.html HTTP/1.1" 200 4
120.253.135.82 - - [05/Jul/2023:06:19:47 +0800] "GET /xingrg/kc/pszx/mdps_order_list.html HTTP/1.1" 200 21032
120.253.135.82 - - [05/Jul/2023:06:19:47 +0800] "POST /xingrg/kc/pszx/jzcl_ps_operate.html HTTP/1.1" 200 2615
120.253.135.82 - - [05/Jul/2023:06:19:47 +0800] "POST /xingrg/kc/pszx/mdps_list_operate.html HTTP/1.1" 200 5221
180.163.29.234 - - [05/Jul/2023:06:19:57 +0800] "GET /xingrg/all/function/internal_message.html?_=1688509137749&CODE_STATE=getMsg HTTP/1.1" 302 -
120.253.135.82 - - [05/Jul/2023:06:19:57 +0800] "POST /xingrg/kc/pszx/mdps_list_operate.html HTTP/1.1" 200 2807
180.163.29.234 - - [05/Jul/2023:06:19:57 +0800] "GET /xingrg/login.html HTTP/1.1" 200 7641
180.169.147.146 - - [05/Jul/2023:06:19:57 +0800] "GET /xingrg/all/function/internal_message.html?_=1688509197752&CODE_STATE=getMsg HTTP/1.1" 200 27
114.85.113.108 - - [05/Jul/2023:06:19:59 +0800] "GET /xingrg/all/function/internal_message.html?_=1688509197913&CODE_STATE=getMsg HTTP/1.1" 200 27
120.253.135.82 - - [05/Jul/2023:06:19:59 +0800] "POST /xingrg/kc/pszx/mdps_list_operate.html HTTP/1.1" 200 207
222.70.180.90 - - [05/Jul/2023:06:20:00 +0800] "GET /xingrg/check_reg.html?_=1688509198510 HTTP/1.1" 200 22
222.70.180.90 - - [05/Jul/2023:06:20:00 +0800] "GET /xingrg/all/function/internal_message.html?_=1688509198512&CODE_STATE=getMsg HTTP/1.1" 200 27
120.253.135.82 - - [05/Jul/2023:06:20:00 +0800] "POST /xingrg/kc/pszx/mdps_list_operate.html HTTP/1.1" 200 211
222.70.180.90 - - [05/Jul/2023:06:20:01 +0800] "GET /xingrg/all/function/internal_message.html?_=1688509257068&CODE_STATE=getMsg HTTP/1.1" 200 27
222.70.180.90 - - [05/Jul/2023:06:20:01 +0800] "GET /xingrg/check_reg.html?_=1688509257074 HTTP/1.1" 200 22
120.253.135.82 - - [05/Jul/2023:06:20:02 +0800] "POST /xingrg/kc/pszx/mdps_list_operate.html HTTP/1.1" 200 633
120.253.135.82 - - [05/Jul/2023:06:20:03 +0800] "GET /xingrg/kc/pszx/mdps_order_info.html?code=312023070500109 HTTP/1.1" 200 23978
120.253.135.82 - - [05/Jul/2023:06:20:03 +0800] "GET /xingrg/javascript/easyui/themes/default/validatebox.css HTTP/1.1" 404 1104
120.253.135.82 - - [05/Jul/2023:06:20:04 +0800] "POST /xingrg/kc/pszx/mdps_order_operate.html HTTP/1.1" 200 10766
116.238.191.126 - - [05/Jul/2023:06:20:04 +0800] "GET /xingrg/all/function/internal_message.html?_=1688509116150&CODE_STATE=getMsg HTTP/1.1" 200 27
120.253.135.82 - - [05/Jul/2023:06:20:06 +0800] "POST /xingrg/kc/pszx/mdps_order_operate.html HTTP/1.1" 200 37
120.253.135.82 - - [05/Jul/2023:06:20:08 +0800] "GET /xingrg/kc/pszx/mdps_order_info.html?code=312023070500109 HTTP/1.1" 200 23978
120.253.135.82 - - [05/Jul/2023:06:20:08 +0800] "GET /xingrg/javascript/easyui/themes/default/validatebox.css HTTP/1.1" 404 1104
120.253.135.82 - - [05/Jul/2023:06:20:09 +0800] "POST /xingrg/kc/pszx/mdps_order_operate.html HTTP/1.1" 200 10914
120.253.135.82 - - [05/Jul/2023:06:20:21 +0800] "POST /xingrg/all/common/load_select.html HTTP/1.1" 200 25
120.253.135.82 - - [05/Jul/2023:06:20:23 +0800] "GET /xingrg/kc/pszx/mdps_order_operate.html?command=get_materiel_price&pszx_code=00101&rest_code=00156&base_code=0010246&code=00101019222&unit_code=00100130&order_time=2023-07-06 HTTP/1.1" 200 34
120.253.135.82 - - [05/Jul/2023:06:20:29 +0800] "POST /xingrg/all/common/load_select.html HTTP/1.1" 200 25
116.235.244.74 - - [05/Jul/2023:06:20:29 +0800] "GET /xingrg/all/function/internal_message.html?_=1688509238573&CODE_STATE=getMsg HTTP/1.1" 200 27
120.253.135.82 - - [05/Jul/2023:06:20:31 +0800] "GET /xingrg/kc/pszx/mdps_order_operate.html?command=get_materiel_price&pszx_code=00101&rest_code=00156&base_code=0010246&code=00101019400&unit_code=00100111&order_time=2023-07-06 HTTP/1.1" 200 36
120.253.135.82 - - [05/Jul/2023:06:20:34 +0800] "GET /xingrg/all/function/internal_message.html?_=1688509064259&CODE_STATE=getMsg HTTP/1.1" 200 27
116.235.244.74 - - [05/Jul/2023:06:20:50 +0800] "POST /xingrg/kc/buy/cgsh_order_operate.html HTTP/1.1" 200 37
180.169.147.146 - - [05/Jul/2023:06:20:57 +0800] "GET /xingrg/all/function/internal_message.html?_=1688509257742&CODE_STATE=getMsg HTTP/1.1" 200 27
114.85.113.108 - - [05/Jul/2023:06:20:59 +0800] "GET /xingrg/all/function/internal_message.html?_=1688509257899&CODE_STATE=getMsg HTTP/1.1" 200 27
222.70.180.90 - - [05/Jul/2023:06:21:00 +0800] "GET /xingrg/all/function/internal_message.html?_=1688509258511&CODE_STATE=getMsg HTTP/1.1" 200 27
222.70.180.90 - - [05/Jul/2023:06:21:01 +0800] "GET /xingrg/all/function/internal_message.html?_=1688509317072&CODE_STATE=getMsg HTTP/1.1" 200 27
116.238.191.126 - - [05/Jul/2023:06:21:04 +0800] "GET /xingrg/all/function/internal_message.html?_=1688509176159&CODE_STATE=getMsg HTTP/1.1" 200 27
116.235.244.74 - - [05/Jul/2023:06:21:06 +0800] "POST /xingrg/kc/buy/cgsh_order_operate.html HTTP/1.1" 200 7387
114.85.113.108 - - [05/Jul/2023:06:21:10 +0800] "GET /xingrg/check_reg.html?_=1688509269838 HTTP/1.1" 200 22
116.235.244.74 - - [05/Jul/2023:06:21:11 +0800] "GET /xingrg/kc/buy/cgsh_order_list.html HTTP/1.1" 200 55844
116.235.244.74 - - [05/Jul/2023:06:21:16 +0800] "POST /xingrg/kc/buy/cgsh_list_operate.html HTTP/1.1" 200 5991
116.235.244.74 - - [05/Jul/2023:06:21:29 +0800] "GET /xingrg/all/function/internal_message.html?_=1688509298589&CODE_STATE=getMsg HTTP/1.1" 200 27
120.253.135.82 - - [05/Jul/2023:06:21:35 +0800] "GET /xingrg/all/function/internal_message.html?_=1688509124329&CODE_STATE=getMsg HTTP/1.1" 200 27
180.169.147.146 - - [05/Jul/2023:06:21:57 +0800] "GET /xingrg/all/function/internal_message.html?_=1688509317747&CODE_STATE=getMsg HTTP/1.1" 200 27
180.169.147.146 - - [05/Jul/2023:06:21:57 +0800] "GET /xingrg/check_reg.html?_=1688509317749 HTTP/1.1" 200 22
114.85.113.108 - - [05/Jul/2023:06:21:59 +0800] "GET /xingrg/all/function/internal_message.html?_=1688509317875&CODE_STATE=getMsg HTTP/1.1" 200 27
222.70.180.90 - - [05/Jul/2023:06:22:00 +0800] "GET /xingrg/all/function/internal_message.html?_=1688509318525&CODE_STATE=getMsg HTTP/1.1" 200 27
222.70.180.90 - - [05/Jul/2023:06:22:01 +0800] "GET /xingrg/all/function/internal_message.html?_=1688509377069&CODE_STATE=getMsg HTTP/1.1" 200 27
116.238.191.126 - - [05/Jul/2023:06:22:04 +0800] "GET /xingrg/all/function/internal_message.html?_=1688509236181&CODE_STATE=getMsg HTTP/1.1" 200 27
116.235.244.74 - - [05/Jul/2023:06:22:20 +0800] "GET /xingrg/check_reg.html?_=1688509349787 HTTP/1.1" 200 22
116.235.244.74 - - [05/Jul/2023:06:22:29 +0800] "GET /xingrg/all/function/internal_message.html?_=1688509358599&CODE_STATE=getMsg HTTP/1.1" 200 27
120.253.135.82 - - [05/Jul/2023:06:22:30 +0800] "GET /xingrg/check_reg.html?_=1688509179385 HTTP/1.1" 200 22
120.253.135.82 - - [05/Jul/2023:06:22:35 +0800] "GET /xingrg/all/function/internal_message.html?_=1688509184331&CODE_STATE=getMsg HTTP/1.1" 200 27
116.238.191.126 - - [05/Jul/2023:06:22:57 +0800] "GET /xingrg/check_reg.html?_=1688509288670 HTTP/1.1" 200 22
180.169.147.146 - - [05/Jul/2023:06:22:57 +0800] "GET /xingrg/all/function/internal_message.html?_=1688509377752&CODE_STATE=getMsg HTTP/1.1" 200 27
114.85.113.108 - - [05/Jul/2023:06:22:59 +0800] "GET /xingrg/all/function/internal_message.html?_=1688509377860&CODE_STATE=getMsg HTTP/1.1" 200 27
222.70.180.90 - - [05/Jul/2023:06:23:00 +0800] "GET /xingrg/all/function/internal_message.html?_=1688509378511&CODE_STATE=getMsg HTTP/1.1" 200 27
222.70.180.90 - - [05/Jul/2023:06:23:01 +0800] "GET /xingrg/all/function/internal_message.html?_=1688509437069&CODE_STATE=getMsg HTTP/1.1" 200 27
116.238.191.126 - - [05/Jul/2023:06:23:04 +0800] "GET /xingrg/all/function/internal_message.html?_=1688509296186&CODE_STATE=getMsg HTTP/1.1" 200 27
116.235.244.74 - - [05/Jul/2023:06:23:29 +0800] "GET /xingrg/all/function/internal_message.html?_=1688509418612&CODE_STATE=getMsg HTTP/1.1" 200 27
120.253.135.82 - - [05/Jul/2023:06:23:35 +0800] "GET /xingrg/all/function/internal_message.html?_=1688509244344&CODE_STATE=getMsg HTTP/1.1" 200 27
180.163.30.27 - - [05/Jul/2023:06:23:57 +0800] "GET /xingrg/all/function/internal_message.html?_=1688509377752&CODE_STATE=getMsg HTTP/1.1" 302 -
180.163.30.27 - - [05/Jul/2023:06:23:57 +0800] "GET /xingrg/login.html HTTP/1.1" 200 7641
180.169.147.146 - - [05/Jul/2023:06:23:57 +0800] "GET /xingrg/all/function/internal_message.html?_=1688509437753&CODE_STATE=getMsg HTTP/1.1" 200 27
114.85.113.108 - - [05/Jul/2023:06:23:58 +0800] "GET /xingrg/all/function/internal_message.html?_=1688509437843&CODE_STATE=getMsg HTTP/1.1" 200 27
222.70.180.90 - - [05/Jul/2023:06:24:00 +0800] "GET /xingrg/all/function/internal_message.html?_=1688509438526&CODE_STATE=getMsg HTTP/1.1" 200 27
120.253.135.82 - - [05/Jul/2023:06:24:00 +0800] "POST /xingrg/all/common/load_select.html HTTP/1.1" 200 25
222.70.180.90 - - [05/Jul/2023:06:24:01 +0800] "GET /xingrg/all/function/internal_message.html?_=1688509497061&CODE_STATE=getMsg HTTP/1.1" 200 27
120.253.135.82 - - [05/Jul/2023:06:24:02 +0800] "GET /xingrg/kc/pszx/mdps_order_operate.html?command=get_materiel_price&pszx_code=00101&rest_code=00156&base_code=0010246&code=00101029097&unit_code=00100157&order_time=2023-07-06 HTTP/1.1" 200 35
116.238.191.126 - - [05/Jul/2023:06:24:04 +0800] "GET /xingrg/all/function/internal_message.html?_=1688509356200&CODE_STATE=getMsg HTTP/1.1" 200 27
120.253.135.82 - - [05/Jul/2023:06:24:26 +0800] "GET /xingrg/kc/pszx/mdps_order_operate.html?command=get_materiel&pszx_code=00101&rest_code=00156&base_code=0010246&code=00101010880 HTTP/1.1" 200 424
116.235.244.74 - - [05/Jul/2023:06:24:29 +0800] "GET /xingrg/all/function/internal_message.html?_=1688509478645&CODE_STATE=getMsg HTTP/1.1" 200 27
120.253.135.82 - - [05/Jul/2023:06:24:35 +0800] "GET /xingrg/all/function/internal_message.html?_=1688509304357&CODE_STATE=getMsg HTTP/1.1" 200 27
120.253.135.82 - - [05/Jul/2023:06:24:46 +0800] "POST /xingrg/kc/pszx/mdps_order_operate.html HTTP/1.1" 200 37
120.253.135.82 - - [05/Jul/2023:06:24:47 +0800] "GET /xingrg/kc/pszx/mdps_order_info.html?code=312023070500109 HTTP/1.1" 200 23978
120.253.135.82 - - [05/Jul/2023:06:24:48 +0800] "GET /xingrg/javascript/easyui/themes/default/validatebox.css HTTP/1.1" 404 1104
120.253.135.82 - - [05/Jul/2023:06:24:48 +0800] "POST /xingrg/kc/pszx/mdps_order_operate.html HTTP/1.1" 200 10912
120.253.135.82 - - [05/Jul/2023:06:24:53 +0800] "GET /xingrg/kc/pszx/mdps_order_info.html?code=312023070500109 HTTP/1.1" 200 23978
120.253.135.82 - - [05/Jul/2023:06:24:54 +0800] "GET /xingrg/javascript/easyui/themes/default/validatebox.css HTTP/1.1" 404 1104
120.253.135.82 - - [05/Jul/2023:06:24:54 +0800] "POST /xingrg/kc/pszx/mdps_order_operate.html HTTP/1.1" 200 10912
180.163.30.27 - - [05/Jul/2023:06:24:57 +0800] "GET /xingrg/all/function/internal_message.html?_=1688509437753&CODE_STATE=getMsg HTTP/1.1" 302 -
180.163.30.27 - - [05/Jul/2023:06:24:57 +0800] "GET /xingrg/login.html HTTP/1.1" 200 7641
180.169.147.146 - - [05/Jul/2023:06:24:57 +0800] "GET /xingrg/all/function/internal_message.html?_=1688509497750&CODE_STATE=getMsg HTTP/1.1" 200 27
114.85.113.108 - - [05/Jul/2023:06:24:58 +0800] "GET /xingrg/all/function/internal_message.html?_=1688509497828&CODE_STATE=getMsg HTTP/1.1" 200 27
222.70.180.90 - - [05/Jul/2023:06:25:00 +0800] "GET /xingrg/check_reg.html?_=1688509498525 HTTP/1.1" 200 22
222.70.180.90 - - [05/Jul/2023:06:25:00 +0800] "GET /xingrg/all/function/internal_message.html?_=1688509498527&CODE_STATE=getMsg HTTP/1.1" 200 27
120.253.135.82 - - [05/Jul/2023:06:25:01 +0800] "POST /xingrg/kc/pszx/mdps_list_operate.html HTTP/1.1" 200 2806
222.70.180.90 - - [05/Jul/2023:06:25:01 +0800] "GET /xingrg/all/function/internal_message.html?_=1688509557052&CODE_STATE=getMsg HTTP/1.1" 200 27
222.70.180.90 - - [05/Jul/2023:06:25:01 +0800] "GET /xingrg/check_reg.html?_=1688509557054 HTTP/1.1" 200 22
120.253.135.82 - - [05/Jul/2023:06:25:02 +0800] "POST /xingrg/kc/pszx/mdps_list_operate.html HTTP/1.1" 200 630
116.238.191.126 - - [05/Jul/2023:06:25:04 +0800] "GET /xingrg/all/function/internal_message.html?_=1688509416223&CODE_STATE=getMsg HTTP/1.1" 200 27
120.253.135.82 - - [05/Jul/2023:06:25:05 +0800] "GET /xingrg/kc/pszx/mdps_order_info.html?code=312023070500110 HTTP/1.1" 200 23978
120.253.135.82 - - [05/Jul/2023:06:25:05 +0800] "GET /xingrg/javascript/easyui/themes/default/validatebox.css HTTP/1.1" 404 1104
120.253.135.82 - - [05/Jul/2023:06:25:06 +0800] "POST /xingrg/kc/pszx/mdps_order_operate.html HTTP/1.1" 200 5275
120.253.135.82 - - [05/Jul/2023:06:25:07 +0800] "POST /xingrg/all/common/load_combo.html?type=base HTTP/1.1" 200 1169
120.253.135.82 - - [05/Jul/2023:06:25:11 +0800] "POST /xingrg/kc/pszx/mdps_order_operate.html HTTP/1.1" 200 37
120.253.135.82 - - [05/Jul/2023:06:25:12 +0800] "GET /xingrg/kc/pszx/mdps_order_info.html?code=312023070500110 HTTP/1.1" 200 23978
120.253.135.82 - - [05/Jul/2023:06:25:13 +0800] "GET /xingrg/javascript/easyui/themes/default/validatebox.css HTTP/1.1" 404 1104
120.253.135.82 - - [05/Jul/2023:06:25:13 +0800] "POST /xingrg/kc/pszx/mdps_order_operate.html HTTP/1.1" 200 5335
116.235.244.74 - - [05/Jul/2023:06:25:29 +0800] "GET /xingrg/all/function/internal_message.html?_=1688509538679&CODE_STATE=getMsg HTTP/1.1" 200 27
120.253.135.82 - - [05/Jul/2023:06:25:35 +0800] "GET /xingrg/all/function/internal_message.html?_=1688509364454&CODE_STATE=getMsg HTTP/1.1" 200 27
116.235.244.74 - - [05/Jul/2023:06:25:42 +0800] "POST /xingrg/kc/buy/cgsh_list_operate.html HTTP/1.1" 200 582
116.235.244.74 - - [05/Jul/2023:06:25:46 +0800] "POST /xingrg/kc/buy/cgsh_list_operate.html HTTP/1.1" 200 270
180.169.147.146 - - [05/Jul/2023:06:25:57 +0800] "GET /xingrg/all/function/internal_message.html?_=1688509557763&CODE_STATE=getMsg HTTP/1.1" 200 27
114.85.113.108 - - [05/Jul/2023:06:25:58 +0800] "GET /xingrg/all/function/internal_message.html?_=1688509557813&CODE_STATE=getMsg HTTP/1.1" 200 27
222.70.180.90 - - [05/Jul/2023:06:26:00 +0800] "GET /xingrg/all/function/internal_message.html?_=1688509558511&CODE_STATE=getMsg HTTP/1.1" 200 27
222.70.180.90 - - [05/Jul/2023:06:26:02 +0800] "GET /xingrg/all/function/internal_message.html?_=1688509617068&CODE_STATE=getMsg HTTP/1.1" 200 27
116.238.191.126 - - [05/Jul/2023:06:26:04 +0800] "GET /xingrg/all/function/internal_message.html?_=1688509476226&CODE_STATE=getMsg HTTP/1.1" 200 27
120.253.135.82 - - [05/Jul/2023:06:26:05 +0800] "POST /xingrg/kc/pszx/mdps_order_operate.html HTTP/1.1" 200 37
120.253.135.82 - - [05/Jul/2023:06:26:07 +0800] "GET /xingrg/kc/pszx/mdps_order_info.html?code=312023070500110 HTTP/1.1" 200 23978
120.253.135.82 - - [05/Jul/2023:06:26:07 +0800] "GET /xingrg/javascript/easyui/themes/default/validatebox.css HTTP/1.1" 404 1104
120.253.135.82 - - [05/Jul/2023:06:26:08 +0800] "POST /xingrg/kc/pszx/mdps_order_operate.html HTTP/1.1" 200 5335
120.253.135.82 - - [05/Jul/2023:06:26:09 +0800] "POST /xingrg/kc/pszx/mdps_list_operate.html HTTP/1.1" 200 2806
120.253.135.82 - - [05/Jul/2023:06:26:10 +0800] "POST /xingrg/kc/pszx/mdps_list_operate.html HTTP/1.1" 200 211
114.85.113.108 - - [05/Jul/2023:06:26:10 +0800] "GET /xingrg/check_reg.html?_=1688509569821 HTTP/1.1" 200 22
120.253.135.82 - - [05/Jul/2023:06:26:12 +0800] "GET /xingrg/kc/pszx/mdqp_order_list.html?state=10 HTTP/1.1" 200 12753
120.253.135.82 - - [05/Jul/2023:06:26:13 +0800] "GET /xingrg/dwr/interface/AjaxReportQueryService.js HTTP/1.1" 200 13203
120.253.135.82 - - [05/Jul/2023:06:26:13 +0800] "GET /xingrg/dwr/interface/AjaxQqpsService.js HTTP/1.1" 200 16326
120.253.135.82 - - [05/Jul/2023:06:26:13 +0800] "GET /xingrg/dwr/engine.js HTTP/1.1" 200 43631
120.253.135.82 - - [05/Jul/2023:06:26:18 +0800] "GET /xingrg/kc/pszx/mdqp_order_info.html?code=302023070400078 HTTP/1.1" 200 13346
120.253.135.82 - - [05/Jul/2023:06:26:18 +0800] "GET /xingrg/dwr/interface/AjaxComOrderService.js HTTP/1.1" 200 18264
120.253.135.82 - - [05/Jul/2023:06:26:18 +0800] "GET /xingrg/dwr/interface/AjaxQqpsService.js HTTP/1.1" 200 16326
120.253.135.82 - - [05/Jul/2023:06:26:18 +0800] "GET /xingrg/dwr/engine.js HTTP/1.1" 200 43631
120.253.135.82 - - [05/Jul/2023:06:26:19 +0800] "POST /xingrg/dwr/call/plaincall/AjaxQqpsService.loadMaterielItems.dwr HTTP/1.1" 200 932
120.253.135.82 - - [05/Jul/2023:06:26:27 +0800] "GET /xingrg/images/yd/bt.gif HTTP/1.1" 404 1040
120.253.135.82 - - [05/Jul/2023:06:26:27 +0800] "GET /xingrg/images/yd/bt2.gif HTTP/1.1" 404 1042
120.253.135.82 - - [05/Jul/2023:06:26:29 +0800] "GET /xingrg/kc/pszx/mdqp_order_list.html?isBack=1 HTTP/1.1" 302 -
120.253.135.82 - - [05/Jul/2023:06:26:29 +0800] "GET /xingrg/kc/pszx/mdqp_order_list.html?state=10 HTTP/1.1" 200 12753
120.253.135.82 - - [05/Jul/2023:06:26:29 +0800] "GET /xingrg/dwr/interface/AjaxReportQueryService.js HTTP/1.1" 200 13203
120.253.135.82 - - [05/Jul/2023:06:26:29 +0800] "GET /xingrg/dwr/engine.js HTTP/1.1" 200 43631
120.253.135.82 - - [05/Jul/2023:06:26:29 +0800] "GET /xingrg/dwr/interface/AjaxQqpsService.js HTTP/1.1" 200 16326
116.235.244.74 - - [05/Jul/2023:06:26:29 +0800] "GET /xingrg/all/function/internal_message.html?_=1688509598702&CODE_STATE=getMsg HTTP/1.1" 200 27
120.253.135.82 - - [05/Jul/2023:06:26:32 +0800] "GET /xingrg/kc/pszx/mdps_order_list.html?orderType=0 HTTP/1.1" 200 21032
120.253.135.82 - - [05/Jul/2023:06:26:32 +0800] "POST /xingrg/kc/pszx/mdps_list_operate.html HTTP/1.1" 200 5221
120.253.135.82 - - [05/Jul/2023:06:26:35 +0800] "GET /xingrg/all/function/internal_message.html?_=1688509424463&CODE_STATE=getMsg HTTP/1.1" 200 27
120.253.135.82 - - [05/Jul/2023:06:26:42 +0800] "POST /xingrg/kc/pszx/mdps_list_operate.html HTTP/1.1" 200 2806
120.253.135.82 - - [05/Jul/2023:06:26:43 +0800] "POST /xingrg/kc/pszx/mdps_list_operate.html HTTP/1.1" 200 634
120.253.135.82 - - [05/Jul/2023:06:26:45 +0800] "GET /xingrg/kc/pszx/mdps_order_info.html?code=312023070500109 HTTP/1.1" 200 23978
120.253.135.82 - - [05/Jul/2023:06:26:45 +0800] "GET /xingrg/javascript/easyui/themes/default/validatebox.css HTTP/1.1" 404 1104
120.253.135.82 - - [05/Jul/2023:06:26:46 +0800] "POST /xingrg/kc/pszx/mdps_order_operate.html HTTP/1.1" 200 10912
116.235.244.74 - - [05/Jul/2023:06:26:51 +0800] "POST /xingrg/kc/buy/cgsh_list_operate.html HTTP/1.1" 200 4
180.169.147.146 - - [05/Jul/2023:06:26:57 +0800] "GET /xingrg/check_reg.html?_=1688509617760 HTTP/1.1" 200 22
180.169.147.146 - - [05/Jul/2023:06:26:57 +0800] "GET /xingrg/all/function/internal_message.html?_=1688509617763&CODE_STATE=getMsg HTTP/1.1" 200 27
114.85.113.108 - - [05/Jul/2023:06:26:58 +0800] "GET /xingrg/all/function/internal_message.html?_=1688509617803&CODE_STATE=getMsg HTTP/1.1" 200 27
222.70.180.90 - - [05/Jul/2023:06:27:00 +0800] "GET /xingrg/all/function/internal_message.html?_=1688509618536&CODE_STATE=getMsg HTTP/1.1" 200 27
222.70.180.90 - - [05/Jul/2023:06:27:01 +0800] "GET /xingrg/all/function/internal_message.html?_=1688509677056&CODE_STATE=getMsg HTTP/1.1" 200 27
116.235.244.74 - - [05/Jul/2023:06:27:02 +0800] "POST /xingrg/kc/buy/cgsh_list_operate.html HTTP/1.1" 200 5960
116.238.191.126 - - [05/Jul/2023:06:27:04 +0800] "GET /xingrg/all/function/internal_message.html?_=1688509536249&CODE_STATE=getMsg HTTP/1.1" 200 27
116.235.244.74 - - [05/Jul/2023:06:27:07 +0800] "POST /xingrg/kc/buy/cgsh_list_operate.html HTTP/1.1" 200 570
120.253.135.82 - - [05/Jul/2023:06:27:09 +0800] "POST /xingrg/kc/pszx/mdps_list_operate.html HTTP/1.1" 200 630
116.235.244.74 - - [05/Jul/2023:06:27:11 +0800] "POST /xingrg/kc/buy/cgsh_list_operate.html HTTP/1.1" 200 493
120.253.135.82 - - [05/Jul/2023:06:27:12 +0800] "GET /xingrg/kc/pszx/mdps_order_info.html?code=312023070500110 HTTP/1.1" 200 23978
120.253.135.82 - - [05/Jul/2023:06:27:13 +0800] "GET /xingrg/javascript/easyui/themes/default/validatebox.css HTTP/1.1" 404 1104
120.253.135.82 - - [05/Jul/2023:06:27:13 +0800] "POST /xingrg/kc/pszx/mdps_order_operate.html HTTP/1.1" 200 5335
116.235.244.74 - - [05/Jul/2023:06:27:14 +0800] "POST /xingrg/kc/buy/cgsh_list_operate.html HTTP/1.1" 200 421
120.253.135.82 - - [05/Jul/2023:06:27:15 +0800] "POST /xingrg/kc/pszx/mdps_list_operate.html HTTP/1.1" 200 2806
116.235.244.74 - - [05/Jul/2023:06:27:20 +0800] "GET /xingrg/check_reg.html?_=1688509649831 HTTP/1.1" 200 22
120.253.135.82 - - [05/Jul/2023:06:27:21 +0800] "GET /xingrg/kc/pszx/mdqp_order_list.html?state=10 HTTP/1.1" 200 12753
120.253.135.82 - - [05/Jul/2023:06:27:21 +0800] "GET /xingrg/dwr/interface/AjaxQqpsService.js HTTP/1.1" 200 16326
120.253.135.82 - - [05/Jul/2023:06:27:21 +0800] "GET /xingrg/dwr/interface/AjaxReportQueryService.js HTTP/1.1" 200 13203
120.253.135.82 - - [05/Jul/2023:06:27:21 +0800] "GET /xingrg/dwr/engine.js HTTP/1.1" 200 43631
120.253.135.82 - - [05/Jul/2023:06:27:23 +0800] "GET /xingrg/kc/pszx/mdqp_order_info.html?code=302023070400078 HTTP/1.1" 200 13346
120.253.135.82 - - [05/Jul/2023:06:27:23 +0800] "GET /xingrg/dwr/interface/AjaxQqpsService.js HTTP/1.1" 200 16326
120.253.135.82 - - [05/Jul/2023:06:27:23 +0800] "GET /xingrg/dwr/interface/AjaxComOrderService.js HTTP/1.1" 200 18264
120.253.135.82 - - [05/Jul/2023:06:27:23 +0800] "GET /xingrg/dwr/engine.js HTTP/1.1" 200 43631
120.253.135.82 - - [05/Jul/2023:06:27:24 +0800] "POST /xingrg/dwr/call/plaincall/AjaxQqpsService.loadMaterielItems.dwr HTTP/1.1" 200 932
116.235.244.74 - - [05/Jul/2023:06:27:29 +0800] "GET /xingrg/all/function/internal_message.html?_=1688509658713&CODE_STATE=getMsg HTTP/1.1" 200 27
120.253.135.82 - - [05/Jul/2023:06:27:30 +0800] "GET /xingrg/check_reg.html?_=1688509479393 HTTP/1.1" 200 22
120.253.135.82 - - [05/Jul/2023:06:27:35 +0800] "GET /xingrg/all/function/internal_message.html?_=1688509484477&CODE_STATE=getMsg HTTP/1.1" 200 27
180.163.28.114 - - [05/Jul/2023:06:27:57 +0800] "GET /xingrg/all/function/internal_message.html?_=1688509617763&CODE_STATE=getMsg HTTP/1.1" 302 -
116.238.191.126 - - [05/Jul/2023:06:27:57 +0800] "GET /xingrg/check_reg.html?_=1688509588674 HTTP/1.1" 200 22
180.163.28.114 - - [05/Jul/2023:06:27:57 +0800] "GET /xingrg/login.html HTTP/1.1" 200 7641
180.163.29.79 - - [05/Jul/2023:06:27:57 +0800] "GET /xingrg/check_reg.html?_=1688509617760 HTTP/1.1" 302 -
180.163.29.79 - - [05/Jul/2023:06:27:57 +0800] "GET /xingrg/login.html HTTP/1.1" 200 7641
180.169.147.146 - - [05/Jul/2023:06:27:57 +0800] "GET /xingrg/all/function/internal_message.html?_=1688509677762&CODE_STATE=getMsg HTTP/1.1" 200 27
114.85.113.108 - - [05/Jul/2023:06:27:58 +0800] "GET /xingrg/all/function/internal_message.html?_=1688509677779&CODE_STATE=getMsg HTTP/1.1" 200 27
222.70.180.90 - - [05/Jul/2023:06:28:00 +0800] "GET /xingrg/all/function/internal_message.html?_=1688509678551&CODE_STATE=getMsg HTTP/1.1" 200 27
222.70.180.90 - - [05/Jul/2023:06:28:01 +0800] "GET /xingrg/all/function/internal_message.html?_=1688509737058&CODE_STATE=getMsg HTTP/1.1" 200 27
116.238.191.126 - - [05/Jul/2023:06:28:04 +0800] "GET /xingrg/all/function/internal_message.html?_=1688509596254&CODE_STATE=getMsg HTTP/1.1" 200 27
116.235.244.74 - - [05/Jul/2023:06:28:18 +0800] "POST /xingrg/kc/buy/cgsh_list_operate.html HTTP/1.1" 200 4
120.253.135.82 - - [05/Jul/2023:06:28:27 +0800] "GET /xingrg/kc/pszx/mdqp_order_list.html?isBack=1 HTTP/1.1" 302 -
120.253.135.82 - - [05/Jul/2023:06:28:28 +0800] "GET /xingrg/images/yd/bt.gif HTTP/1.1" 404 1040
120.253.135.82 - - [05/Jul/2023:06:28:28 +0800] "GET /xingrg/images/yd/bt2.gif HTTP/1.1" 404 1042
120.253.135.82 - - [05/Jul/2023:06:28:28 +0800] "GET /xingrg/kc/pszx/mdqp_order_list.html?state=10 HTTP/1.1" 200 12753
120.253.135.82 - - [05/Jul/2023:06:28:28 +0800] "GET /xingrg/dwr/interface/AjaxReportQueryService.js HTTP/1.1" 200 13203
120.253.135.82 - - [05/Jul/2023:06:28:28 +0800] "GET /xingrg/dwr/interface/AjaxQqpsService.js HTTP/1.1" 200 16326
120.253.135.82 - - [05/Jul/2023:06:28:28 +0800] "GET /xingrg/dwr/engine.js HTTP/1.1" 200 43631
116.235.244.74 - - [05/Jul/2023:06:28:29 +0800] "GET /xingrg/all/function/internal_message.html?_=1688509718726&CODE_STATE=getMsg HTTP/1.1" 200 27
116.235.244.74 - - [05/Jul/2023:06:28:31 +0800] "POST /xingrg/kc/buy/cgsh_list_operate.html HTTP/1.1" 200 3620
120.253.135.82 - - [05/Jul/2023:06:28:35 +0800] "GET /xingrg/all/function/internal_message.html?_=1688509544490&CODE_STATE=getMsg HTTP/1.1" 200 27
120.253.135.82 - - [05/Jul/2023:06:28:35 +0800] "GET /xingrg/kc/pszx/mdqp_order_info.html?code=302023070400077 HTTP/1.1" 200 13346
120.253.135.82 - - [05/Jul/2023:06:28:35 +0800] "GET /xingrg/dwr/interface/AjaxQqpsService.js HTTP/1.1" 200 16326
120.253.135.82 - - [05/Jul/2023:06:28:35 +0800] "GET /xingrg/dwr/interface/AjaxComOrderService.js HTTP/1.1" 200 18264
120.253.135.82 - - [05/Jul/2023:06:28:35 +0800] "GET /xingrg/dwr/engine.js HTTP/1.1" 200 43631
120.253.135.82 - - [05/Jul/2023:06:28:36 +0800] "POST /xingrg/dwr/call/plaincall/AjaxQqpsService.loadMaterielItems.dwr HTTP/1.1" 200 2775
116.235.244.74 - - [05/Jul/2023:06:28:37 +0800] "POST /xingrg/kc/buy/cgsh_list_operate.html HTTP/1.1" 200 574
180.163.29.234 - - [05/Jul/2023:06:28:57 +0800] "GET /xingrg/all/function/internal_message.html?_=1688509677762&CODE_STATE=getMsg HTTP/1.1" 302 -
180.163.29.234 - - [05/Jul/2023:06:28:57 +0800] "GET /xingrg/login.html HTTP/1.1" 200 7641
180.169.147.146 - - [05/Jul/2023:06:28:57 +0800] "GET /xingrg/all/function/internal_message.html?_=1688509737764&CODE_STATE=getMsg HTTP/1.1" 200 27
114.85.113.108 - - [05/Jul/2023:06:28:58 +0800] "GET /xingrg/all/function/internal_message.html?_=1688509737762&CODE_STATE=getMsg HTTP/1.1" 200 27
222.70.180.90 - - [05/Jul/2023:06:29:00 +0800] "GET /xingrg/all/function/internal_message.html?_=1688509738549&CODE_STATE=getMsg HTTP/1.1" 200 27
222.70.180.90 - - [05/Jul/2023:06:29:01 +0800] "GET /xingrg/all/function/internal_message.html?_=1688509797062&CODE_STATE=getMsg HTTP/1.1" 200 27
116.238.191.126 - - [05/Jul/2023:06:29:04 +0800] "GET /xingrg/all/function/internal_message.html?_=1688509656268&CODE_STATE=getMsg HTTP/1.1" 200 27
116.235.244.74 - - [05/Jul/2023:06:29:23 +0800] "POST /xingrg/kc/buy/cgsh_list_operate.html HTTP/1.1" 200 4
116.235.244.74 - - [05/Jul/2023:06:29:29 +0800] "GET /xingrg/all/function/internal_message.html?_=1688509778740&CODE_STATE=getMsg HTTP/1.1" 200 27
116.235.244.74 - - [05/Jul/2023:06:29:31 +0800] "POST /xingrg/kc/buy/cgsh_list_operate.html HTTP/1.1" 200 986
120.253.135.82 - - [05/Jul/2023:06:29:35 +0800] "GET /xingrg/all/function/internal_message.html?_=1688509604504&CODE_STATE=getMsg HTTP/1.1" 200 27
180.169.147.146 - - [05/Jul/2023:06:29:57 +0800] "GET /xingrg/all/function/internal_message.html?_=1688509797754&CODE_STATE=getMsg HTTP/1.1" 200 27
114.85.113.108 - - [05/Jul/2023:06:29:58 +0800] "GET /xingrg/all/function/internal_message.html?_=1688509797746&CODE_STATE=getMsg HTTP/1.1" 200 27
222.70.180.90 - - [05/Jul/2023:06:30:00 +0800] "GET /xingrg/check_reg.html?_=1688509798548 HTTP/1.1" 200 22
222.70.180.90 - - [05/Jul/2023:06:30:00 +0800] "GET /xingrg/all/function/internal_message.html?_=1688509798551&CODE_STATE=getMsg HTTP/1.1" 200 27
222.70.180.90 - - [05/Jul/2023:06:30:01 +0800] "GET /xingrg/check_reg.html?_=1688509857058 HTTP/1.1" 200 22
222.70.180.90 - - [05/Jul/2023:06:30:01 +0800] "GET /xingrg/all/function/internal_message.html?_=1688509857059&CODE_STATE=getMsg HTTP/1.1" 200 27
116.238.191.126 - - [05/Jul/2023:06:30:04 +0800] "GET /xingrg/all/function/internal_message.html?_=1688509716292&CODE_STATE=getMsg HTTP/1.1" 200 27
116.235.244.74 - - [05/Jul/2023:06:30:29 +0800] "GET /xingrg/all/function/internal_message.html?_=1688509838754&CODE_STATE=getMsg HTTP/1.1" 200 27
120.253.135.82 - - [05/Jul/2023:06:30:35 +0800] "GET /xingrg/all/function/internal_message.html?_=1688509664517&CODE_STATE=getMsg HTTP/1.1" 200 27
180.169.147.146 - - [05/Jul/2023:06:30:57 +0800] "GET /xingrg/all/function/internal_message.html?_=1688509857773&CODE_STATE=getMsg HTTP/1.1" 200 27
114.85.113.108 - - [05/Jul/2023:06:30:58 +0800] "GET /xingrg/all/function/internal_message.html?_=1688509857730&CODE_STATE=getMsg HTTP/1.1" 200 27
222.70.180.90 - - [05/Jul/2023:06:31:00 +0800] "GET /xingrg/all/function/internal_message.html?_=1688509858536&CODE_STATE=getMsg HTTP/1.1" 200 27
222.70.180.90 - - [05/Jul/2023:06:31:01 +0800] "GET /xingrg/all/function/internal_message.html?_=1688509917061&CODE_STATE=getMsg HTTP/1.1" 200 27
116.238.191.126 - - [05/Jul/2023:06:31:04 +0800] "GET /xingrg/all/function/internal_message.html?_=1688509776294&CODE_STATE=getMsg HTTP/1.1" 200 27
114.85.113.108 - - [05/Jul/2023:06:31:10 +0800] "GET /xingrg/check_reg.html?_=1688509869806 HTTP/1.1" 200 22
116.235.244.74 - - [05/Jul/2023:06:31:29 +0800] "GET /xingrg/all/function/internal_message.html?_=1688509898768&CODE_STATE=getMsg HTTP/1.1" 200 27
120.253.135.82 - - [05/Jul/2023:06:31:35 +0800] "GET /xingrg/all/function/internal_message.html?_=1688509724614&CODE_STATE=getMsg HTTP/1.1" 200 27
180.163.28.114 - - [05/Jul/2023:06:31:57 +0800] "GET /xingrg/all/function/internal_message.html?_=1688509857773&CODE_STATE=getMsg HTTP/1.1" 302 -
180.163.28.114 - - [05/Jul/2023:06:31:57 +0800] "GET /xingrg/login.html HTTP/1.1" 200 7641
180.169.147.146 - - [05/Jul/2023:06:31:57 +0800] "GET /xingrg/check_reg.html?_=1688509917767 HTTP/1.1" 200 22
180.169.147.146 - - [05/Jul/2023:06:31:57 +0800] "GET /xingrg/all/function/internal_message.html?_=1688509917768&CODE_STATE=getMsg HTTP/1.1" 200 27
114.85.113.108 - - [05/Jul/2023:06:31:58 +0800] "GET /xingrg/all/function/internal_message.html?_=1688509917704&CODE_STATE=getMsg HTTP/1.1" 200 27
222.70.180.90 - - [05/Jul/2023:06:32:00 +0800] "GET /xingrg/all/function/internal_message.html?_=1688509918536&CODE_STATE=getMsg HTTP/1.1" 200 27
222.70.180.90 - - [05/Jul/2023:06:32:01 +0800] "GET /xingrg/all/function/internal_message.html?_=1688509977062&CODE_STATE=getMsg HTTP/1.1" 200 27
116.238.191.126 - - [05/Jul/2023:06:32:04 +0800] "GET /xingrg/all/function/internal_message.html?_=1688509836318&CODE_STATE=getMsg HTTP/1.1" 200 27
116.235.244.74 - - [05/Jul/2023:06:32:20 +0800] "GET /xingrg/check_reg.html?_=1688509949842 HTTP/1.1" 200 22
116.235.244.74 - - [05/Jul/2023:06:32:29 +0800] "GET /xingrg/all/function/internal_message.html?_=1688509958781&CODE_STATE=getMsg HTTP/1.1" 200 27
120.253.135.82 - - [05/Jul/2023:06:32:30 +0800] "GET /xingrg/check_reg.html?_=1688509779405 HTTP/1.1" 200 22
120.253.135.82 - - [05/Jul/2023:06:32:35 +0800] "GET /xingrg/all/function/internal_message.html?_=1688509784623&CODE_STATE=getMsg HTTP/1.1" 200 27
180.163.29.103 - - [05/Jul/2023:06:32:57 +0800] "GET /xingrg/all/function/internal_message.html?_=1688509917768&CODE_STATE=getMsg HTTP/1.1" 302 -
180.163.29.103 - - [05/Jul/2023:06:32:57 +0800] "GET /xingrg/login.html HTTP/1.1" 200 7641
116.238.191.126 - - [05/Jul/2023:06:32:57 +0800] "GET /xingrg/check_reg.html?_=1688509888686 HTTP/1.1" 200 22
180.169.147.146 - - [05/Jul/2023:06:32:57 +0800] "GET /xingrg/all/function/internal_message.html?_=1688509977757&CODE_STATE=getMsg HTTP/1.1" 200 27
114.85.113.108 - - [05/Jul/2023:06:32:58 +0800] "GET /xingrg/all/function/internal_message.html?_=1688509977689&CODE_STATE=getMsg HTTP/1.1" 200 27
222.70.180.90 - - [05/Jul/2023:06:33:00 +0800] "GET /xingrg/all/function/internal_message.html?_=1688509978536&CODE_STATE=getMsg HTTP/1.1" 200 27
222.70.180.90 - - [05/Jul/2023:06:33:01 +0800] "GET /xingrg/all/function/internal_message.html?_=1688510037064&CODE_STATE=getMsg HTTP/1.1" 200 27
116.238.191.126 - - [05/Jul/2023:06:33:04 +0800] "GET /xingrg/all/function/internal_message.html?_=1688509896322&CODE_STATE=getMsg HTTP/1.1" 200 27
120.253.135.82 - - [05/Jul/2023:06:33:25 +0800] "GET /xingrg/images/yd/bt.gif HTTP/1.1" 404 1040
120.253.135.82 - - [05/Jul/2023:06:33:25 +0800] "GET /xingrg/images/yd/bt2.gif HTTP/1.1" 404 1042
120.253.135.82 - - [05/Jul/2023:06:33:27 +0800] "GET /xingrg/kc/pszx/mdqp_order_list.html?isBack=1 HTTP/1.1" 302 -
120.253.135.82 - - [05/Jul/2023:06:33:27 +0800] "GET /xingrg/kc/pszx/mdqp_order_list.html?state=10 HTTP/1.1" 200 12753
120.253.135.82 - - [05/Jul/2023:06:33:27 +0800] "GET /xingrg/dwr/interface/AjaxReportQueryService.js HTTP/1.1" 200 13203
120.253.135.82 - - [05/Jul/2023:06:33:27 +0800] "GET /xingrg/dwr/interface/AjaxQqpsService.js HTTP/1.1" 200 16326
120.253.135.82 - - [05/Jul/2023:06:33:27 +0800] "GET /xingrg/dwr/engine.js HTTP/1.1" 200 43631
116.235.244.74 - - [05/Jul/2023:06:33:29 +0800] "GET /xingrg/all/function/internal_message.html?_=1688510018795&CODE_STATE=getMsg HTTP/1.1" 200 27
120.253.135.82 - - [05/Jul/2023:06:33:32 +0800] "GET /xingrg/kc/pszx/jzcl_ps.html HTTP/1.1" 200 7683
120.253.135.82 - - [05/Jul/2023:06:33:32 +0800] "POST /xingrg/all/common/load_tree.html?tree=area_rest_tree_json HTTP/1.1" 200 3499
120.253.135.82 - - [05/Jul/2023:06:33:33 +0800] "POST /xingrg/kc/pszx/jzcl_ps_operate.html HTTP/1.1" 200 2615
120.253.135.82 - - [05/Jul/2023:06:33:33 +0800] "POST /xingrg/kc/pszx/jzcl_ps_operate.html HTTP/1.1" 200 2615
120.253.135.82 - - [05/Jul/2023:06:33:35 +0800] "GET /xingrg/all/function/internal_message.html?_=1688509844636&CODE_STATE=getMsg HTTP/1.1" 200 27
180.163.28.109 - - [05/Jul/2023:06:33:57 +0800] "GET /xingrg/all/function/internal_message.html?_=1688509977757&CODE_STATE=getMsg HTTP/1.1" 302 -
180.169.147.146 - - [05/Jul/2023:06:33:57 +0800] "GET /xingrg/all/function/internal_message.html?_=1688510037766&CODE_STATE=getMsg HTTP/1.1" 200 27
180.163.28.109 - - [05/Jul/2023:06:33:57 +0800] "GET /xingrg/login.html HTTP/1.1" 200 7641
114.85.113.108 - - [05/Jul/2023:06:33:58 +0800] "GET /xingrg/all/function/internal_message.html?_=1688510037673&CODE_STATE=getMsg HTTP/1.1" 200 27
222.70.180.90 - - [05/Jul/2023:06:34:00 +0800] "GET /xingrg/all/function/internal_message.html?_=1688510038551&CODE_STATE=getMsg HTTP/1.1" 200 27
222.70.180.90 - - [05/Jul/2023:06:34:01 +0800] "GET /xingrg/all/function/internal_message.html?_=1688510097054&CODE_STATE=getMsg HTTP/1.1" 200 27
116.238.191.126 - - [05/Jul/2023:06:34:04 +0800] "GET /xingrg/all/function/internal_message.html?_=1688509956336&CODE_STATE=getMsg HTTP/1.1" 200 27
120.253.135.82 - - [05/Jul/2023:06:34:19 +0800] "POST /xingrg/kc/pszx/jzcl_ps_operate.html HTTP/1.1" 200 4
120.253.135.82 - - [05/Jul/2023:06:34:22 +0800] "GET /xingrg/kc/pszx/mdps_order_list.html HTTP/1.1" 200 21032
120.253.135.82 - - [05/Jul/2023:06:34:22 +0800] "POST /xingrg/kc/pszx/jzcl_ps_operate.html HTTP/1.1" 200 21
120.253.135.82 - - [05/Jul/2023:06:34:22 +0800] "POST /xingrg/kc/pszx/mdps_list_operate.html HTTP/1.1" 200 5222
116.235.244.74 - - [05/Jul/2023:06:34:29 +0800] "GET /xingrg/all/function/internal_message.html?_=1688510078827&CODE_STATE=getMsg HTTP/1.1" 200 27
120.253.135.82 - - [05/Jul/2023:06:34:35 +0800] "GET /xingrg/all/function/internal_message.html?_=1688509904676&CODE_STATE=getMsg HTTP/1.1" 200 27
120.253.135.82 - - [05/Jul/2023:06:34:37 +0800] "GET /xingrg/kc/pszx/mdqp_order_list.html?state=10 HTTP/1.1" 200 10275
120.253.135.82 - - [05/Jul/2023:06:34:37 +0800] "GET /xingrg/dwr/interface/AjaxReportQueryService.js HTTP/1.1" 200 13203
120.253.135.82 - - [05/Jul/2023:06:34:37 +0800] "GET /xingrg/dwr/interface/AjaxQqpsService.js HTTP/1.1" 200 16326
120.253.135.82 - - [05/Jul/2023:06:34:37 +0800] "GET /xingrg/dwr/engine.js HTTP/1.1" 200 43631
180.169.147.146 - - [05/Jul/2023:06:34:57 +0800] "GET /xingrg/all/function/internal_message.html?_=1688510097778&CODE_STATE=getMsg HTTP/1.1" 200 27
114.85.113.108 - - [05/Jul/2023:06:34:58 +0800] "GET /xingrg/all/function/internal_message.html?_=1688510097658&CODE_STATE=getMsg HTTP/1.1" 200 27
222.70.180.90 - - [05/Jul/2023:06:35:00 +0800] "GET /xingrg/check_reg.html?_=1688510098537 HTTP/1.1" 200 22
222.70.180.90 - - [05/Jul/2023:06:35:00 +0800] "GET /xingrg/all/function/internal_message.html?_=1688510098540&CODE_STATE=getMsg HTTP/1.1" 200 27
222.70.180.90 - - [05/Jul/2023:06:35:01 +0800] "GET /xingrg/all/function/internal_message.html?_=1688510157069&CODE_STATE=getMsg HTTP/1.1" 200 27
222.70.180.90 - - [05/Jul/2023:06:35:01 +0800] "GET /xingrg/check_reg.html?_=1688510157071 HTTP/1.1" 200 22
116.238.191.126 - - [05/Jul/2023:06:35:04 +0800] "GET /xingrg/all/function/internal_message.html?_=1688510016359&CODE_STATE=getMsg HTTP/1.1" 200 27
116.235.244.74 - - [05/Jul/2023:06:35:29 +0800] "GET /xingrg/all/function/internal_message.html?_=1688510138838&CODE_STATE=getMsg HTTP/1.1" 200 27
120.253.135.82 - - [05/Jul/2023:06:35:35 +0800] "GET /xingrg/all/function/internal_message.html?_=1688509964765&CODE_STATE=getMsg HTTP/1.1" 200 27
222.67.234.146 - - [05/Jul/2023:06:35:43 +0800] "POST /xingrg/services/DataTransmitService HTTP/1.1" 200 524
180.169.147.146 - - [05/Jul/2023:06:35:57 +0800] "GET /xingrg/all/function/internal_message.html?_=1688510157769&CODE_STATE=getMsg HTTP/1.1" 200 27
114.85.113.108 - - [05/Jul/2023:06:35:58 +0800] "GET /xingrg/all/function/internal_message.html?_=1688510157646&CODE_STATE=getMsg HTTP/1.1" 200 27
222.70.180.90 - - [05/Jul/2023:06:36:00 +0800] "GET /xingrg/all/function/internal_message.html?_=1688510158538&CODE_STATE=getMsg HTTP/1.1" 200 27
222.70.180.90 - - [05/Jul/2023:06:36:01 +0800] "GET /xingrg/all/function/internal_message.html?_=1688510217065&CODE_STATE=getMsg HTTP/1.1" 200 27
116.238.191.126 - - [05/Jul/2023:06:36:04 +0800] "GET /xingrg/all/function/internal_message.html?_=1688510076362&CODE_STATE=getMsg HTTP/1.1" 200 27
114.85.113.108 - - [05/Jul/2023:06:36:10 +0800] "GET /xingrg/check_reg.html?_=1688510169799 HTTP/1.1" 200 22
116.235.244.74 - - [05/Jul/2023:06:36:29 +0800] "GET /xingrg/all/function/internal_message.html?_=1688510198864&CODE_STATE=getMsg HTTP/1.1" 200 27
120.253.135.82 - - [05/Jul/2023:06:36:35 +0800] "GET /xingrg/all/function/internal_message.html?_=1688510024771&CODE_STATE=getMsg HTTP/1.1" 200 27
120.253.135.82 - - [05/Jul/2023:06:36:46 +0800] "GET /xingrg/kc/pszx/mdps_order_list.html?orderType=0 HTTP/1.1" 200 21032
120.253.135.82 - - [05/Jul/2023:06:36:47 +0800] "POST /xingrg/kc/pszx/mdps_list_operate.html HTTP/1.1" 200 5222
120.253.135.82 - - [05/Jul/2023:06:36:56 +0800] "POST /xingrg/kc/pszx/mdps_list_operate.html HTTP/1.1" 200 2057
180.169.147.146 - - [05/Jul/2023:06:36:57 +0800] "GET /xingrg/all/function/internal_message.html?_=1688510217780&CODE_STATE=getMsg HTTP/1.1" 200 27
180.169.147.146 - - [05/Jul/2023:06:36:57 +0800] "GET /xingrg/check_reg.html?_=1688510217781 HTTP/1.1" 200 22
120.253.135.82 - - [05/Jul/2023:06:36:58 +0800] "POST /xingrg/kc/pszx/mdps_list_operate.html HTTP/1.1" 200 366
114.85.113.108 - - [05/Jul/2023:06:36:58 +0800] "GET /xingrg/all/function/internal_message.html?_=1688510217615&CODE_STATE=getMsg HTTP/1.1" 200 27
120.253.135.82 - - [05/Jul/2023:06:36:59 +0800] "GET /xingrg/kc/pszx/mdps_order_info.html?code=312023070500115 HTTP/1.1" 200 23976
222.70.180.90 - - [05/Jul/2023:06:37:00 +0800] "GET /xingrg/all/function/internal_message.html?_=1688510218537&CODE_STATE=getMsg HTTP/1.1" 200 27
120.253.135.82 - - [05/Jul/2023:06:37:00 +0800] "GET /xingrg/javascript/easyui/themes/default/validatebox.css HTTP/1.1" 404 1104
120.253.135.82 - - [05/Jul/2023:06:37:00 +0800] "POST /xingrg/kc/pszx/mdps_order_operate.html HTTP/1.1" 200 3265
222.70.180.90 - - [05/Jul/2023:06:37:01 +0800] "GET /xingrg/all/function/internal_message.html?_=1688510277063&CODE_STATE=getMsg HTTP/1.1" 200 27
120.253.135.82 - - [05/Jul/2023:06:37:03 +0800] "POST /xingrg/kc/pszx/mdps_order_operate.html HTTP/1.1" 200 37
116.238.191.126 - - [05/Jul/2023:06:37:04 +0800] "GET /xingrg/all/function/internal_message.html?_=1688510136385&CODE_STATE=getMsg HTTP/1.1" 200 27
120.253.135.82 - - [05/Jul/2023:06:37:04 +0800] "GET /xingrg/kc/pszx/mdps_order_info.html?code=312023070500115 HTTP/1.1" 200 23976
120.253.135.82 - - [05/Jul/2023:06:37:05 +0800] "GET /xingrg/javascript/easyui/themes/default/validatebox.css HTTP/1.1" 404 1104
120.253.135.82 - - [05/Jul/2023:06:37:06 +0800] "POST /xingrg/kc/pszx/mdps_order_operate.html HTTP/1.1" 200 3287
120.253.135.82 - - [05/Jul/2023:06:37:12 +0800] "POST /xingrg/kc/pszx/mdps_list_operate.html HTTP/1.1" 200 641
120.253.135.82 - - [05/Jul/2023:06:37:13 +0800] "GET /xingrg/kc/pszx/mdps_order_info.html?code=312023070500116 HTTP/1.1" 200 23976
120.253.135.82 - - [05/Jul/2023:06:37:14 +0800] "GET /xingrg/javascript/easyui/themes/default/validatebox.css HTTP/1.1" 404 1104
120.253.135.82 - - [05/Jul/2023:06:37:14 +0800] "POST /xingrg/kc/pszx/mdps_order_operate.html HTTP/1.1" 200 6235
120.253.135.82 - - [05/Jul/2023:06:37:18 +0800] "POST /xingrg/kc/pszx/mdps_order_operate.html HTTP/1.1" 200 37
120.253.135.82 - - [05/Jul/2023:06:37:19 +0800] "GET /xingrg/kc/pszx/mdps_order_info.html?code=312023070500116 HTTP/1.1" 200 23976
120.253.135.82 - - [05/Jul/2023:06:37:20 +0800] "GET /xingrg/javascript/easyui/themes/default/validatebox.css HTTP/1.1" 404 1104
116.235.244.74 - - [05/Jul/2023:06:37:20 +0800] "GET /xingrg/check_reg.html?_=1688510249847 HTTP/1.1" 200 22
120.253.135.82 - - [05/Jul/2023:06:37:20 +0800] "POST /xingrg/kc/pszx/mdps_order_operate.html HTTP/1.1" 200 6299
120.253.135.82 - - [05/Jul/2023:06:37:27 +0800] "POST /xingrg/kc/pszx/mdps_list_operate.html HTTP/1.1" 200 2057
116.235.244.74 - - [05/Jul/2023:06:37:29 +0800] "GET /xingrg/all/function/internal_message.html?_=1688510258884&CODE_STATE=getMsg HTTP/1.1" 200 27
120.253.135.82 - - [05/Jul/2023:06:37:30 +0800] "GET /xingrg/check_reg.html?_=1688510079403 HTTP/1.1" 200 22
120.253.135.82 - - [05/Jul/2023:06:37:35 +0800] "GET /xingrg/all/function/internal_message.html?_=1688510084784&CODE_STATE=getMsg HTTP/1.1" 200 27
120.253.135.82 - - [05/Jul/2023:06:37:36 +0800] "POST /xingrg/kc/pszx/mdps_list_operate.html HTTP/1.1" 200 3179
120.253.135.82 - - [05/Jul/2023:06:37:38 +0800] "POST /xingrg/kc/pszx/mdps_list_operate.html HTTP/1.1" 200 620
120.253.135.82 - - [05/Jul/2023:06:37:39 +0800] "GET /xingrg/kc/pszx/mdps_order_info.html?code=312023070500111 HTTP/1.1" 200 23978
120.253.135.82 - - [05/Jul/2023:06:37:40 +0800] "GET /xingrg/javascript/easyui/themes/default/validatebox.css HTTP/1.1" 404 1104
120.253.135.82 - - [05/Jul/2023:06:37:40 +0800] "POST /xingrg/kc/pszx/mdps_order_operate.html HTTP/1.1" 200 14903
120.253.135.82 - - [05/Jul/2023:06:37:43 +0800] "POST /xingrg/kc/pszx/mdps_order_operate.html HTTP/1.1" 200 37
120.253.135.82 - - [05/Jul/2023:06:37:45 +0800] "GET /xingrg/kc/pszx/mdps_order_info.html?code=312023070500111 HTTP/1.1" 200 23978
120.253.135.82 - - [05/Jul/2023:06:37:46 +0800] "GET /xingrg/javascript/easyui/themes/default/validatebox.css HTTP/1.1" 404 1104
120.253.135.82 - - [05/Jul/2023:06:37:46 +0800] "POST /xingrg/kc/pszx/mdps_order_operate.html HTTP/1.1" 200 15104
180.163.28.143 - - [05/Jul/2023:06:37:57 +0800] "GET /xingrg/all/function/internal_message.html?_=1688510217780&CODE_STATE=getMsg HTTP/1.1" 302 -
116.238.191.126 - - [05/Jul/2023:06:37:57 +0800] "GET /xingrg/check_reg.html?_=1688510188685 HTTP/1.1" 200 22
180.163.28.143 - - [05/Jul/2023:06:37:57 +0800] "GET /xingrg/login.html HTTP/1.1" 200 7641
180.169.147.146 - - [05/Jul/2023:06:37:57 +0800] "GET /xingrg/all/function/internal_message.html?_=1688510277771&CODE_STATE=getMsg HTTP/1.1" 200 27
114.85.113.108 - - [05/Jul/2023:06:37:58 +0800] "GET /xingrg/all/function/internal_message.html?_=1688510277600&CODE_STATE=getMsg HTTP/1.1" 200 27
222.70.180.90 - - [05/Jul/2023:06:38:00 +0800] "GET /xingrg/all/function/internal_message.html?_=1688510278537&CODE_STATE=getMsg HTTP/1.1" 200 27
222.70.180.90 - - [05/Jul/2023:06:38:01 +0800] "GET /xingrg/all/function/internal_message.html?_=1688510337050&CODE_STATE=getMsg HTTP/1.1" 200 27
116.238.191.126 - - [05/Jul/2023:06:38:04 +0800] "GET /xingrg/all/function/internal_message.html?_=1688510196389&CODE_STATE=getMsg HTTP/1.1" 200 27
116.235.244.74 - - [05/Jul/2023:06:38:29 +0800] "GET /xingrg/all/function/internal_message.html?_=1688510318895&CODE_STATE=getMsg HTTP/1.1" 200 27
120.253.135.82 - - [05/Jul/2023:06:38:35 +0800] "GET /xingrg/all/function/internal_message.html?_=1688510144798&CODE_STATE=getMsg HTTP/1.1" 200 27
180.169.147.146 - - [05/Jul/2023:06:38:57 +0800] "GET /xingrg/all/function/internal_message.html?_=1688510337788&CODE_STATE=getMsg HTTP/1.1" 200 27
114.85.113.108 - - [05/Jul/2023:06:38:58 +0800] "GET /xingrg/all/function/internal_message.html?_=1688510337575&CODE_STATE=getMsg HTTP/1.1" 200 27
222.70.180.90 - - [05/Jul/2023:06:39:00 +0800] "GET /xingrg/all/function/internal_message.html?_=1688510338551&CODE_STATE=getMsg HTTP/1.1" 200 27
222.70.180.90 - - [05/Jul/2023:06:39:01 +0800] "GET /xingrg/all/function/internal_message.html?_=1688510397059&CODE_STATE=getMsg HTTP/1.1" 200 27
116.238.191.126 - - [05/Jul/2023:06:39:04 +0800] "GET /xingrg/all/function/internal_message.html?_=1688510256404&CODE_STATE=getMsg HTTP/1.1" 200 27
116.235.244.74 - - [05/Jul/2023:06:39:29 +0800] "GET /xingrg/all/function/internal_message.html?_=1688510378915&CODE_STATE=getMsg HTTP/1.1" 200 27
120.253.135.82 - - [05/Jul/2023:06:39:35 +0800] "GET /xingrg/all/function/internal_message.html?_=1688510204905&CODE_STATE=getMsg HTTP/1.1" 200 27
120.253.135.82 - - [05/Jul/2023:06:39:50 +0800] "POST /xingrg/kc/pszx/mdps_order_operate.html HTTP/1.1" 200 37
120.253.135.82 - - [05/Jul/2023:06:39:51 +0800] "GET /xingrg/kc/pszx/mdps_order_info.html?code=312023070500111 HTTP/1.1" 200 23978
120.253.135.82 - - [05/Jul/2023:06:39:52 +0800] "GET /xingrg/javascript/easyui/themes/default/validatebox.css HTTP/1.1" 404 1104
120.253.135.82 - - [05/Jul/2023:06:39:52 +0800] "POST /xingrg/kc/pszx/mdps_order_operate.html HTTP/1.1" 200 15104
120.253.135.82 - - [05/Jul/2023:06:39:54 +0800] "POST /xingrg/kc/pszx/mdps_list_operate.html HTTP/1.1" 200 3179
120.253.135.82 - - [05/Jul/2023:06:39:55 +0800] "POST /xingrg/kc/pszx/mdps_list_operate.html HTTP/1.1" 200 620
120.253.135.82 - - [05/Jul/2023:06:39:57 +0800] "GET /xingrg/kc/pszx/mdps_order_info.html?code=312023070500111 HTTP/1.1" 200 23978
120.253.135.82 - - [05/Jul/2023:06:39:57 +0800] "GET /xingrg/javascript/easyui/themes/default/validatebox.css HTTP/1.1" 404 1104
180.169.147.146 - - [05/Jul/2023:06:39:57 +0800] "GET /xingrg/all/function/internal_message.html?_=1688510397783&CODE_STATE=getMsg HTTP/1.1" 200 27
120.253.135.82 - - [05/Jul/2023:06:39:58 +0800] "POST /xingrg/kc/pszx/mdps_order_operate.html HTTP/1.1" 200 15104
114.85.113.108 - - [05/Jul/2023:06:39:58 +0800] "GET /xingrg/all/function/internal_message.html?_=1688510397545&CODE_STATE=getMsg HTTP/1.1" 200 27
222.70.180.90 - - [05/Jul/2023:06:40:00 +0800] "GET /xingrg/check_reg.html?_=1688510398550 HTTP/1.1" 200 22
222.70.180.90 - - [05/Jul/2023:06:40:00 +0800] "GET /xingrg/all/function/internal_message.html?_=1688510398551&CODE_STATE=getMsg HTTP/1.1" 200 27
222.70.180.90 - - [05/Jul/2023:06:40:01 +0800] "GET /xingrg/all/function/internal_message.html?_=1688510457072&CODE_STATE=getMsg HTTP/1.1" 200 27
222.70.180.90 - - [05/Jul/2023:06:40:01 +0800] "GET /xingrg/check_reg.html?_=1688510457073 HTTP/1.1" 200 22
116.238.191.126 - - [05/Jul/2023:06:40:04 +0800] "GET /xingrg/all/function/internal_message.html?_=1688510316426&CODE_STATE=getMsg HTTP/1.1" 200 27
120.253.135.82 - - [05/Jul/2023:06:40:05 +0800] "POST /xingrg/kc/pszx/mdps_list_operate.html HTTP/1.1" 200 3179
120.253.135.82 - - [05/Jul/2023:06:40:08 +0800] "POST /xingrg/kc/pszx/mdps_list_operate.html HTTP/1.1" 200 202
120.253.135.82 - - [05/Jul/2023:06:40:10 +0800] "GET /xingrg/kc/pszx/mdps_order_info.html?code=312023070500112 HTTP/1.1" 200 23978
