180.165.154.167 - - [05/Jul/2023:10:00:13 +0800] "GET /xingrg/kc/buy/cgsh_order_operate.html?command=get_materiel&rest_code=00108&code=00101008264&supplier_code=00100007&order_time=2023-07-05 HTTP/1.1" 200 412
114.95.42.59 - - [05/Jul/2023:10:00:19 +0800] "GET /xingrg/all/function/internal_message.html?_=1688522420406&CODE_STATE=getMsg HTTP/1.1" 200 27
116.238.191.126 - - [05/Jul/2023:10:00:20 +0800] "POST /xingrg/kc/buy/cgsh_order_operate.html HTTP/1.1" 200 37
58.39.105.68 - - [05/Jul/2023:10:00:23 +0800] "GET /xingrg/all/function/internal_message.html?_=1688522422546&CODE_STATE=getMsg HTTP/1.1" 200 27
58.39.105.68 - - [05/Jul/2023:10:00:23 +0800] "GET /xingrg/check_reg.html?_=1688522422548 HTTP/1.1" 200 22
116.235.244.74 - - [05/Jul/2023:10:00:24 +0800] "GET /xingrg/all/function/internal_message.html?_=1688522433667&CODE_STATE=getMsg HTTP/1.1" 200 27
114.85.96.155 - - [05/Jul/2023:10:00:24 +0800] "POST /xingrg/kc/buy/cgsh_order_operate.html HTTP/1.1" 200 12
180.165.154.167 - - [05/Jul/2023:10:00:24 +0800] "GET /xingrg/kc/buy/cgsh_order_operate.html?command=get_materiel&rest_code=00108&code=00101023033&supplier_code=00100007&order_time=2023-07-05 HTTP/1.1" 200 409
222.70.114.12 - - [05/Jul/2023:10:00:25 +0800] "GET /xingrg/all/function/internal_message.html?_=1688522427671&CODE_STATE=getMsg HTTP/1.1" 200 27
116.238.191.126 - - [05/Jul/2023:10:00:27 +0800] "POST /xingrg/kc/buy/cgsh_order_operate.html HTTP/1.1" 200 12
114.83.219.53 - - [05/Jul/2023:10:00:27 +0800] "GET /xingrg/all/function/internal_message.html?_=1688522543134&CODE_STATE=getMsg HTTP/1.1" 200 27
114.85.96.155 - - [05/Jul/2023:10:00:28 +0800] "GET /xingrg/kc/buy/cgsh_order_info.html?code=212023070501693 HTTP/1.1" 200 66562
114.85.96.155 - - [05/Jul/2023:10:00:28 +0800] "GET /xingrg/javascript/easyui/themes/default/validatebox.css HTTP/1.1" 404 1104
114.85.96.155 - - [05/Jul/2023:10:00:29 +0800] "POST /xingrg/kc/buy/cgsh_order_operate.html HTTP/1.1" 200 1210
120.253.135.82 - - [05/Jul/2023:10:00:29 +0800] "GET /xingrg/all/function/internal_message.html?_=1688522259327&CODE_STATE=getMsg HTTP/1.1" 200 27
116.238.191.126 - - [05/Jul/2023:10:00:30 +0800] "GET /xingrg/kc/buy/cgsh_order_info.html?code=212023070501694 HTTP/1.1" 200 66587
116.238.191.126 - - [05/Jul/2023:10:00:31 +0800] "GET /xingrg/javascript/easyui/themes/default/validatebox.css HTTP/1.1" 404 1104
116.238.191.126 - - [05/Jul/2023:10:00:31 +0800] "POST /xingrg/kc/buy/cgsh_order_operate.html HTTP/1.1" 200 613
116.238.191.126 - - [05/Jul/2023:10:00:33 +0800] "GET /xingrg/kc/print/load_data.html?order_code=212023070501694&kc_code=cgsh&condition= HTTP/1.1" 200 728
172.20.0.100 - - [05/Jul/2023:10:00:33 +0800] "GET /xingrg/all/function/internal_message.html?_=1688522433410&CODE_STATE=getMsg HTTP/1.1" 200 27
58.39.105.68 - - [05/Jul/2023:10:00:40 +0800] "POST /xingrg/all/report/report_print.html HTTP/1.1" 302 -
58.39.105.68 - - [05/Jul/2023:10:00:40 +0800] "GET /xingrg/servlets/html?sysBaseUrl=http%3A%2F%2F180.169.147.146%3A18081%2Fxingrg%2F&costTime=870×tamp=1688522440245 HTTP/1.1" 200 30367
58.39.105.68 - - [05/Jul/2023:10:00:40 +0800] "GET /xingrg/servlets/image?image=px HTTP/1.1" 200 807
58.39.105.68 - - [05/Jul/2023:10:00:40 +0800] "GET /favicon.ico HTTP/1.1" 404 -
180.165.154.167 - - [05/Jul/2023:10:00:43 +0800] "GET /xingrg/kc/buy/cgsh_order_operate.html?command=get_materiel&rest_code=00108&code=00101008639&supplier_code=00100007&order_time=2023-07-05 HTTP/1.1" 200 409
180.165.154.167 - - [05/Jul/2023:10:00:44 +0800] "GET /xingrg/all/function/internal_message.html?_=1688522443441&CODE_STATE=getMsg HTTP/1.1" 200 27
180.165.154.167 - - [05/Jul/2023:10:00:45 +0800] "POST /xingrg/kc/buy/cgsh_order_operate.html HTTP/1.1" 200 2065
116.232.195.127 - - [05/Jul/2023:10:00:49 +0800] "GET /xingrg/all/function/internal_message.html?_=1688522434307&CODE_STATE=getMsg HTTP/1.1" 200 27
180.169.147.146 - - [05/Jul/2023:10:00:51 +0800] "GET /xingrg/all/function/internal_message.html?_=1688522447609&CODE_STATE=getMsg HTTP/1.1" 200 27
180.165.154.167 - - [05/Jul/2023:10:00:51 +0800] "GET /xingrg/kc/buy/cgsh_order_operate.html?command=get_materiel&rest_code=00108&code=00101008163&supplier_code=00100007&order_time=2023-07-05 HTTP/1.1" 200 409
114.85.96.155 - - [05/Jul/2023:10:00:53 +0800] "GET /xingrg/kc/print/load_data.html?order_code=212023070501693&kc_code=cgsh&condition= HTTP/1.1" 200 975
114.85.113.108 - - [05/Jul/2023:10:00:55 +0800] "GET /xingrg/all/function/internal_message.html?_=1688522453803&CODE_STATE=getMsg HTTP/1.1" 200 27
124.79.243.110 - - [05/Jul/2023:10:00:55 +0800] "GET /xingrg/all/function/internal_message.html?_=1688522739575&CODE_STATE=getMsg HTTP/1.1" 200 27
61.170.233.201 - - [05/Jul/2023:10:00:56 +0800] "GET /xingrg/all/function/internal_message.html?_=1688522454468&CODE_STATE=getMsg HTTP/1.1" 200 27
180.169.147.146 - - [05/Jul/2023:10:00:57 +0800] "GET /xingrg/check_reg.html?_=1688522455743 HTTP/1.1" 200 22
180.169.147.146 - - [05/Jul/2023:10:00:57 +0800] "GET /xingrg/all/function/internal_message.html?_=1688522455741&CODE_STATE=getMsg HTTP/1.1" 200 27
114.85.96.155 - - [05/Jul/2023:10:00:59 +0800] "GET /xingrg/kc/buy/cgsh_order_add.html HTTP/1.1" 200 71655
114.85.96.155 - - [05/Jul/2023:10:00:59 +0800] "POST /xingrg/kc/buy/cgsh_order_operate.html HTTP/1.1" 200 8245
114.85.96.155 - - [05/Jul/2023:10:00:59 +0800] "GET /xingrg/javascript/easyui/themes/default/validatebox.css HTTP/1.1" 404 1104
180.165.154.167 - - [05/Jul/2023:10:01:00 +0800] "GET /xingrg/kc/buy/cgsh_order_operate.html?command=get_materiel&rest_code=00108&code=00101008185&supplier_code=00100007&order_time=2023-07-05 HTTP/1.1" 200 408
114.95.42.59 - - [05/Jul/2023:10:01:01 +0800] "GET /xingrg/all/function/internal_message.html?_=1688522279921&CODE_STATE=getMsg HTTP/1.1" 200 27
222.70.180.90 - - [05/Jul/2023:10:01:02 +0800] "GET /xingrg/all/function/internal_message.html?_=1688522517061&CODE_STATE=getMsg HTTP/1.1" 200 27
116.238.191.126 - - [05/Jul/2023:10:01:03 +0800] "GET /xingrg/check_reg.html?_=1688522374936 HTTP/1.1" 200 22
222.70.180.90 - - [05/Jul/2023:10:01:03 +0800] "GET /xingrg/all/function/internal_message.html?_=1688522462013&CODE_STATE=getMsg HTTP/1.1" 200 27
116.238.191.126 - - [05/Jul/2023:10:01:04 +0800] "GET /xingrg/all/function/internal_message.html?_=1688522375560&CODE_STATE=getMsg HTTP/1.1" 200 27
114.85.96.155 - - [05/Jul/2023:10:01:04 +0800] "GET /xingrg/javascript/easyui/themes/default/tree.css HTTP/1.1" 404 1090
114.85.96.155 - - [05/Jul/2023:10:01:04 +0800] "GET /xingrg/all/function/internal_message.html?_=1688522464394&CODE_STATE=getMsg HTTP/1.1" 200 27
114.85.96.155 - - [05/Jul/2023:10:01:05 +0800] "POST /xingrg/all/common/load_tree.html?tree=supplier_tree_json&isDelete=1 HTTP/1.1" 200 74546
114.83.216.42 - - [05/Jul/2023:10:01:05 +0800] "GET /xingrg/all/function/internal_message.html?_=1688522465459&CODE_STATE=getMsg HTTP/1.1" 200 27
114.85.113.108 - - [05/Jul/2023:10:01:10 +0800] "GET /xingrg/check_reg.html?_=1688522469120 HTTP/1.1" 200 22
180.165.154.167 - - [05/Jul/2023:10:01:11 +0800] "GET /xingrg/kc/buy/cgsh_order_operate.html?command=get_materiel&rest_code=00108&code=00101008352&supplier_code=00100007&order_time=2023-07-05 HTTP/1.1" 200 412
114.95.42.59 - - [05/Jul/2023:10:01:19 +0800] "GET /xingrg/all/function/internal_message.html?_=1688522480384&CODE_STATE=getMsg HTTP/1.1" 200 27
180.165.154.167 - - [05/Jul/2023:10:01:20 +0800] "GET /xingrg/kc/buy/cgsh_order_operate.html?command=get_materiel&rest_code=00108&code=00101008336&supplier_code=00100007&order_time=2023-07-05 HTTP/1.1" 200 412
116.235.244.74 - - [05/Jul/2023:10:01:23 +0800] "GET /xingrg/check_reg.html?_=1688522493439 HTTP/1.1" 200 22
116.235.244.74 - - [05/Jul/2023:10:01:24 +0800] "GET /xingrg/all/function/internal_message.html?_=1688522493680&CODE_STATE=getMsg HTTP/1.1" 200 27
222.70.114.12 - - [05/Jul/2023:10:01:25 +0800] "GET /xingrg/all/function/internal_message.html?_=1688522487671&CODE_STATE=getMsg HTTP/1.1" 200 27
114.85.96.155 - - [05/Jul/2023:10:01:27 +0800] "GET /xingrg/kc/buy/cgsh_order_operate.html?command=get_materiel&rest_code=00102&code=00101002027&supplier_code=00100400&order_time=2023-07-05 HTTP/1.1" 200 413
114.83.219.53 - - [05/Jul/2023:10:01:27 +0800] "GET /xingrg/all/function/internal_message.html?_=1688522603134&CODE_STATE=getMsg HTTP/1.1" 200 27
180.165.154.167 - - [05/Jul/2023:10:01:28 +0800] "GET /xingrg/kc/buy/cgsh_order_operate.html?command=get_materiel&rest_code=00108&code=00101008148&supplier_code=00100007&order_time=2023-07-05 HTTP/1.1" 200 416
120.253.135.82 - - [05/Jul/2023:10:01:29 +0800] "GET /xingrg/all/function/internal_message.html?_=1688522319509&CODE_STATE=getMsg HTTP/1.1" 200 27
172.20.0.100 - - [05/Jul/2023:10:01:33 +0800] "GET /xingrg/all/function/internal_message.html?_=1688522493411&CODE_STATE=getMsg HTTP/1.1" 200 27
114.85.96.155 - - [05/Jul/2023:10:01:35 +0800] "GET /xingrg/kc/buy/cgsh_order_operate.html?command=get_materiel&rest_code=00102&code=00101002022&supplier_code=00100400&order_time=2023-07-05 HTTP/1.1" 200 409
180.165.154.167 - - [05/Jul/2023:10:01:44 +0800] "GET /xingrg/all/function/internal_message.html?_=1688522503466&CODE_STATE=getMsg HTTP/1.1" 200 27
114.85.96.155 - - [05/Jul/2023:10:01:44 +0800] "GET /xingrg/kc/buy/cgsh_order_operate.html?command=get_materiel&rest_code=00102&code=00101010161&supplier_code=00100400&order_time=2023-07-05 HTTP/1.1" 200 409
116.232.195.127 - - [05/Jul/2023:10:01:49 +0800] "GET /xingrg/all/function/internal_message.html?_=1688522494304&CODE_STATE=getMsg HTTP/1.1" 200 27
116.232.195.127 - - [05/Jul/2023:10:01:49 +0800] "GET /xingrg/check_reg.html?_=1688522494308 HTTP/1.1" 200 22
180.169.147.146 - - [05/Jul/2023:10:01:51 +0800] "GET /xingrg/all/function/internal_message.html?_=1688522507607&CODE_STATE=getMsg HTTP/1.1" 200 27
114.85.113.108 - - [05/Jul/2023:10:01:54 +0800] "GET /xingrg/all/function/internal_message.html?_=1688522513788&CODE_STATE=getMsg HTTP/1.1" 200 27
124.79.243.110 - - [05/Jul/2023:10:01:55 +0800] "GET /xingrg/all/function/internal_message.html?_=1688522799572&CODE_STATE=getMsg HTTP/1.1" 200 27
180.163.28.68 - - [05/Jul/2023:10:01:56 +0800] "GET /xingrg/all/function/internal_message.html?_=1688522454468&CODE_STATE=getMsg HTTP/1.1" 302 -
180.163.28.68 - - [05/Jul/2023:10:01:56 +0800] "GET /xingrg/login.html HTTP/1.1" 200 7641
61.170.233.201 - - [05/Jul/2023:10:01:56 +0800] "GET /xingrg/all/function/internal_message.html?_=1688522514441&CODE_STATE=getMsg HTTP/1.1" 200 27
180.169.147.146 - - [05/Jul/2023:10:01:57 +0800] "GET /xingrg/all/function/internal_message.html?_=1688522515745&CODE_STATE=getMsg HTTP/1.1" 200 27
114.85.96.155 - - [05/Jul/2023:10:01:58 +0800] "GET /xingrg/kc/buy/cgsh_order_operate.html?command=get_materiel&rest_code=00102&code=00101005037&supplier_code=00100400&order_time=2023-07-05 HTTP/1.1" 200 409
114.95.42.59 - - [05/Jul/2023:10:02:01 +0800] "GET /xingrg/all/function/internal_message.html?_=1688522339930&CODE_STATE=getMsg HTTP/1.1" 200 27
222.70.180.90 - - [05/Jul/2023:10:02:02 +0800] "GET /xingrg/all/function/internal_message.html?_=1688522577056&CODE_STATE=getMsg HTTP/1.1" 200 27
222.70.180.90 - - [05/Jul/2023:10:02:03 +0800] "GET /xingrg/all/function/internal_message.html?_=1688522522020&CODE_STATE=getMsg HTTP/1.1" 200 27
116.238.191.126 - - [05/Jul/2023:10:02:04 +0800] "GET /xingrg/all/function/internal_message.html?_=1688522435574&CODE_STATE=getMsg HTTP/1.1" 200 27
114.85.96.155 - - [05/Jul/2023:10:02:04 +0800] "GET /xingrg/check_reg.html?_=1688522524191 HTTP/1.1" 200 22
114.85.96.155 - - [05/Jul/2023:10:02:04 +0800] "GET /xingrg/all/function/internal_message.html?_=1688522524377&CODE_STATE=getMsg HTTP/1.1" 200 27
114.83.216.42 - - [05/Jul/2023:10:02:05 +0800] "GET /xingrg/check_reg.html?_=1688522525471 HTTP/1.1" 200 22
114.83.216.42 - - [05/Jul/2023:10:02:05 +0800] "GET /xingrg/all/function/internal_message.html?_=1688522525474&CODE_STATE=getMsg HTTP/1.1" 200 27
180.165.154.167 - - [05/Jul/2023:10:02:11 +0800] "GET /xingrg/kc/buy/cgsh_order_operate.html?command=get_materiel&rest_code=00108&code=00101008355&supplier_code=00100007&order_time=2023-07-05 HTTP/1.1" 200 408
180.165.154.167 - - [05/Jul/2023:10:02:15 +0800] "POST /xingrg/kc/buy/cgsh_order_operate.html HTTP/1.1" 200 2065
114.85.96.155 - - [05/Jul/2023:10:02:16 +0800] "GET /xingrg/kc/buy/cgsh_order_operate.html?command=get_materiel&rest_code=00102&code=00101007214&supplier_code=00100400&order_time=2023-07-05 HTTP/1.1" 200 398
114.95.42.59 - - [05/Jul/2023:10:02:19 +0800] "GET /xingrg/all/function/internal_message.html?_=1688522540359&CODE_STATE=getMsg HTTP/1.1" 200 27
180.165.154.167 - - [05/Jul/2023:10:02:22 +0800] "GET /xingrg/kc/buy/cgsh_order_operate.html?command=get_materiel&rest_code=00108&code=00101008354&supplier_code=00100007&order_time=2023-07-05 HTTP/1.1" 200 412
116.235.244.74 - - [05/Jul/2023:10:02:24 +0800] "GET /xingrg/all/function/internal_message.html?_=1688522553698&CODE_STATE=getMsg HTTP/1.1" 200 27
222.70.114.12 - - [05/Jul/2023:10:02:25 +0800] "GET /xingrg/all/function/internal_message.html?_=1688522547670&CODE_STATE=getMsg HTTP/1.1" 200 27
222.70.114.12 - - [05/Jul/2023:10:02:25 +0800] "GET /xingrg/check_reg.html?_=1688522547672 HTTP/1.1" 200 22
114.83.219.53 - - [05/Jul/2023:10:02:27 +0800] "GET /xingrg/all/function/internal_message.html?_=1688522663129&CODE_STATE=getMsg HTTP/1.1" 200 27
120.253.135.82 - - [05/Jul/2023:10:02:29 +0800] "GET /xingrg/all/function/internal_message.html?_=1688522379519&CODE_STATE=getMsg HTTP/1.1" 200 27
120.253.135.82 - - [05/Jul/2023:10:02:30 +0800] "GET /xingrg/check_reg.html?_=1688522380359 HTTP/1.1" 200 22
180.165.154.167 - - [05/Jul/2023:10:02:31 +0800] "GET /xingrg/kc/buy/cgsh_order_operate.html?command=get_materiel&rest_code=00108&code=00101008360&supplier_code=00100007&order_time=2023-07-05 HTTP/1.1" 200 412
172.20.0.100 - - [05/Jul/2023:10:02:33 +0800] "GET /xingrg/all/function/internal_message.html?_=1688522553413&CODE_STATE=getMsg HTTP/1.1" 200 27
180.165.154.167 - - [05/Jul/2023:10:02:43 +0800] "GET /xingrg/kc/buy/cgsh_order_operate.html?command=get_materiel&rest_code=00108&code=00101013137&supplier_code=00100007&order_time=2023-07-05 HTTP/1.1" 200 412
180.165.154.167 - - [05/Jul/2023:10:02:44 +0800] "GET /xingrg/all/function/internal_message.html?_=1688522563440&CODE_STATE=getMsg HTTP/1.1" 200 27
116.232.195.127 - - [05/Jul/2023:10:02:49 +0800] "GET /xingrg/all/function/internal_message.html?_=1688522554308&CODE_STATE=getMsg HTTP/1.1" 200 27
180.165.154.167 - - [05/Jul/2023:10:02:50 +0800] "GET /xingrg/kc/buy/cgsh_order_operate.html?command=get_materiel&rest_code=00108&code=00101008375&supplier_code=00100007&order_time=2023-07-05 HTTP/1.1" 200 416
180.169.147.146 - - [05/Jul/2023:10:02:51 +0800] "GET /xingrg/all/function/internal_message.html?_=1688522567605&CODE_STATE=getMsg HTTP/1.1" 200 27
222.70.180.90 - - [05/Jul/2023:10:02:51 +0800] "POST /xingrg/services/DataTransmitService HTTP/1.1" 200 524
114.85.113.108 - - [05/Jul/2023:10:02:54 +0800] "GET /xingrg/all/function/internal_message.html?_=1688522573775&CODE_STATE=getMsg HTTP/1.1" 200 27
124.79.243.110 - - [05/Jul/2023:10:02:55 +0800] "GET /xingrg/all/function/internal_message.html?_=1688522859570&CODE_STATE=getMsg HTTP/1.1" 200 27
61.170.233.201 - - [05/Jul/2023:10:02:56 +0800] "GET /xingrg/all/function/internal_message.html?_=1688522574418&CODE_STATE=getMsg HTTP/1.1" 200 27
180.169.147.146 - - [05/Jul/2023:10:02:57 +0800] "GET /xingrg/all/function/internal_message.html?_=1688522575745&CODE_STATE=getMsg HTTP/1.1" 200 27
61.170.233.201 - - [05/Jul/2023:10:02:57 +0800] "GET /xingrg/check_reg.html?_=1688522575858 HTTP/1.1" 200 22
180.165.154.167 - - [05/Jul/2023:10:03:01 +0800] "GET /xingrg/kc/buy/cgsh_order_operate.html?command=get_materiel&rest_code=00108&code=00101008694&supplier_code=00100007&order_time=2023-07-05 HTTP/1.1" 200 420
114.95.42.59 - - [05/Jul/2023:10:03:01 +0800] "GET /xingrg/all/function/internal_message.html?_=1688522399921&CODE_STATE=getMsg HTTP/1.1" 200 27
222.70.180.90 - - [05/Jul/2023:10:03:02 +0800] "GET /xingrg/all/function/internal_message.html?_=1688522637069&CODE_STATE=getMsg HTTP/1.1" 200 27
222.70.180.90 - - [05/Jul/2023:10:03:03 +0800] "GET /xingrg/all/function/internal_message.html?_=1688522582019&CODE_STATE=getMsg HTTP/1.1" 200 27
116.238.191.126 - - [05/Jul/2023:10:03:04 +0800] "GET /xingrg/all/function/internal_message.html?_=1688522495587&CODE_STATE=getMsg HTTP/1.1" 200 27
114.85.96.155 - - [05/Jul/2023:10:03:04 +0800] "GET /xingrg/all/function/internal_message.html?_=1688522584358&CODE_STATE=getMsg HTTP/1.1" 200 27
114.83.216.42 - - [05/Jul/2023:10:03:05 +0800] "GET /xingrg/all/function/internal_message.html?_=1688522585470&CODE_STATE=getMsg HTTP/1.1" 200 27
180.165.154.167 - - [05/Jul/2023:10:03:08 +0800] "GET /xingrg/javascript/jquery_easy_ui/themes/icons/rest.png HTTP/1.1" 200 695
180.165.154.167 - - [05/Jul/2023:10:03:08 +0800] "GET /xingrg/javascript/jquery_easy_ui/themes/icons/area.png HTTP/1.1" 200 262
180.165.154.167 - - [05/Jul/2023:10:03:13 +0800] "POST /xingrg/kc/buy/cgsh_order_operate.html HTTP/1.1" 200 2065
114.95.42.59 - - [05/Jul/2023:10:03:19 +0800] "GET /xingrg/all/function/internal_message.html?_=1688522600331&CODE_STATE=getMsg HTTP/1.1" 200 27
116.235.244.74 - - [05/Jul/2023:10:03:24 +0800] "GET /xingrg/all/function/internal_message.html?_=1688522613707&CODE_STATE=getMsg HTTP/1.1" 200 27
222.70.114.12 - - [05/Jul/2023:10:03:25 +0800] "GET /xingrg/all/function/internal_message.html?_=1688522607670&CODE_STATE=getMsg HTTP/1.1" 200 27
114.83.219.53 - - [05/Jul/2023:10:03:27 +0800] "GET /xingrg/check_reg.html?_=1688522723122 HTTP/1.1" 200 22
114.83.219.53 - - [05/Jul/2023:10:03:27 +0800] "GET /xingrg/all/function/internal_message.html?_=1688522723124&CODE_STATE=getMsg HTTP/1.1" 200 27
120.253.135.82 - - [05/Jul/2023:10:03:30 +0800] "GET /xingrg/all/function/internal_message.html?_=1688522439533&CODE_STATE=getMsg HTTP/1.1" 200 27
180.165.154.167 - - [05/Jul/2023:10:03:33 +0800] "GET /xingrg/kc/buy/cgsh_order_operate.html?command=get_materiel&rest_code=00108&code=00101008318&supplier_code=00100007&order_time=2023-07-05 HTTP/1.1" 200 408
172.20.0.100 - - [05/Jul/2023:10:03:33 +0800] "GET /xingrg/all/function/internal_message.html?_=1688522613415&CODE_STATE=getMsg HTTP/1.1" 200 27
222.70.180.90 - - [05/Jul/2023:10:03:34 +0800] "POST /xingrg/services/DataTransmitService HTTP/1.1" 200 501
222.70.180.90 - - [05/Jul/2023:10:03:35 +0800] "POST /xingrg/services/DataTransmitService HTTP/1.1" 200 501
114.85.96.155 - - [05/Jul/2023:10:03:40 +0800] "GET /xingrg/kc/buy/cgsh_order_operate.html?command=get_materiel&rest_code=00102&code=00101001069&supplier_code=00100400&order_time=2023-07-05 HTTP/1.1" 200 409
180.165.154.167 - - [05/Jul/2023:10:03:44 +0800] "GET /xingrg/all/function/internal_message.html?_=1688522623444&CODE_STATE=getMsg HTTP/1.1" 200 27
116.232.195.127 - - [05/Jul/2023:10:03:49 +0800] "GET /xingrg/all/function/internal_message.html?_=1688522614299&CODE_STATE=getMsg HTTP/1.1" 200 27
180.165.154.167 - - [05/Jul/2023:10:03:50 +0800] "GET /xingrg/kc/buy/cgsh_order_operate.html?command=get_materiel&rest_code=00108&code=00101008010&supplier_code=00100007&order_time=2023-07-05 HTTP/1.1" 200 412
180.169.147.146 - - [05/Jul/2023:10:03:51 +0800] "GET /xingrg/all/function/internal_message.html?_=1688522627603&CODE_STATE=getMsg HTTP/1.1" 200 27
180.165.154.167 - - [05/Jul/2023:10:03:53 +0800] "POST /xingrg/kc/buy/cgsh_order_operate.html HTTP/1.1" 200 2065
222.70.180.90 - - [05/Jul/2023:10:03:53 +0800] "POST /xingrg/services/DataTransmitService HTTP/1.1" 200 501
114.85.96.155 - - [05/Jul/2023:10:03:54 +0800] "POST /xingrg/kc/buy/cgsh_order_operate.html HTTP/1.1" 200 37
114.85.113.108 - - [05/Jul/2023:10:03:54 +0800] "GET /xingrg/all/function/internal_message.html?_=1688522633761&CODE_STATE=getMsg HTTP/1.1" 200 27
124.79.243.110 - - [05/Jul/2023:10:03:55 +0800] "GET /xingrg/all/function/internal_message.html?_=1688522919570&CODE_STATE=getMsg HTTP/1.1" 200 27
180.163.28.180 - - [05/Jul/2023:10:03:56 +0800] "GET /xingrg/all/function/internal_message.html?_=1688522574418&CODE_STATE=getMsg HTTP/1.1" 302 -
61.170.233.201 - - [05/Jul/2023:10:03:56 +0800] "GET /xingrg/all/function/internal_message.html?_=1688522634396&CODE_STATE=getMsg HTTP/1.1" 200 27
180.163.28.180 - - [05/Jul/2023:10:03:56 +0800] "GET /xingrg/login.html HTTP/1.1" 200 7641
180.169.147.146 - - [05/Jul/2023:10:03:57 +0800] "GET /xingrg/all/function/internal_message.html?_=1688522635732&CODE_STATE=getMsg HTTP/1.1" 200 27
180.163.29.206 - - [05/Jul/2023:10:03:57 +0800] "GET /xingrg/check_reg.html?_=1688522575858 HTTP/1.1" 302 -
180.163.29.206 - - [05/Jul/2023:10:03:57 +0800] "GET /xingrg/login.html HTTP/1.1" 200 7641
114.95.42.59 - - [05/Jul/2023:10:04:01 +0800] "GET /xingrg/all/function/internal_message.html?_=1688522459920&CODE_STATE=getMsg HTTP/1.1" 200 27
114.95.42.59 - - [05/Jul/2023:10:04:01 +0800] "GET /xingrg/check_reg.html?_=1688522459923 HTTP/1.1" 200 22
222.70.180.90 - - [05/Jul/2023:10:04:02 +0800] "GET /xingrg/all/function/internal_message.html?_=1688522697057&CODE_STATE=getMsg HTTP/1.1" 200 27
180.165.154.167 - - [05/Jul/2023:10:04:02 +0800] "GET /xingrg/kc/buy/cgsh_order_operate.html?command=get_materiel&rest_code=00108&code=00101022052&supplier_code=00100007&order_time=2023-07-05 HTTP/1.1" 200 412
222.70.180.90 - - [05/Jul/2023:10:04:03 +0800] "GET /xingrg/all/function/internal_message.html?_=1688522642021&CODE_STATE=getMsg HTTP/1.1" 200 27
116.238.191.126 - - [05/Jul/2023:10:04:04 +0800] "GET /xingrg/all/function/internal_message.html?_=1688522555737&CODE_STATE=getMsg HTTP/1.1" 200 27
114.83.216.42 - - [05/Jul/2023:10:04:05 +0800] "GET /xingrg/all/function/internal_message.html?_=1688522645466&CODE_STATE=getMsg HTTP/1.1" 200 27
114.95.42.59 - - [05/Jul/2023:10:04:09 +0800] "GET /xingrg/check_reg.html?_=1688522650256 HTTP/1.1" 200 22
180.165.154.167 - - [05/Jul/2023:10:04:10 +0800] "GET /xingrg/kc/buy/cgsh_order_operate.html?command=get_materiel&rest_code=00108&code=00101008353&supplier_code=00100007&order_time=2023-07-05 HTTP/1.1" 200 408
222.70.180.90 - - [05/Jul/2023:10:04:10 +0800] "POST /xingrg/services/DataTransmitService HTTP/1.1" 200 501
222.70.180.90 - - [05/Jul/2023:10:04:12 +0800] "POST /xingrg/services/DataTransmitService HTTP/1.1" 200 501
222.70.180.90 - - [05/Jul/2023:10:04:12 +0800] "POST /xingrg/services/DataTransmitService HTTP/1.1" 200 501
120.253.135.82 - - [05/Jul/2023:10:04:13 +0800] "GET /xingrg/kc/pszx/mdqp_order_list.html?state=10 HTTP/1.1" 200 10717
120.253.135.82 - - [05/Jul/2023:10:04:13 +0800] "GET /xingrg/dwr/interface/AjaxQqpsService.js HTTP/1.1" 200 16326
120.253.135.82 - - [05/Jul/2023:10:04:13 +0800] "GET /xingrg/dwr/engine.js HTTP/1.1" 200 43631
120.253.135.82 - - [05/Jul/2023:10:04:13 +0800] "GET /xingrg/dwr/interface/AjaxReportQueryService.js HTTP/1.1" 200 13203
114.95.42.59 - - [05/Jul/2023:10:04:19 +0800] "GET /xingrg/all/function/internal_message.html?_=1688522660311&CODE_STATE=getMsg HTTP/1.1" 200 27
222.70.180.90 - - [05/Jul/2023:10:04:21 +0800] "POST /xingrg/services/DataTransmitService HTTP/1.1" 200 501
180.165.154.167 - - [05/Jul/2023:10:04:21 +0800] "GET /xingrg/kc/buy/cgsh_order_operate.html?command=get_materiel&rest_code=00108&code=00101008136&supplier_code=00100007&order_time=2023-07-05 HTTP/1.1" 200 413
222.70.180.90 - - [05/Jul/2023:10:04:22 +0800] "POST /xingrg/services/DataTransmitService HTTP/1.1" 200 501
222.70.180.90 - - [05/Jul/2023:10:04:23 +0800] "POST /xingrg/services/DataTransmitService HTTP/1.1" 200 501
116.235.244.74 - - [05/Jul/2023:10:04:24 +0800] "GET /xingrg/all/function/internal_message.html?_=1688522673727&CODE_STATE=getMsg HTTP/1.1" 200 27
222.70.180.90 - - [05/Jul/2023:10:04:25 +0800] "POST /xingrg/services/DataTransmitService HTTP/1.1" 200 412
222.70.114.12 - - [05/Jul/2023:10:04:25 +0800] "GET /xingrg/all/function/internal_message.html?_=1688522667688&CODE_STATE=getMsg HTTP/1.1" 200 27
114.83.219.53 - - [05/Jul/2023:10:04:27 +0800] "GET /xingrg/all/function/internal_message.html?_=1688522783140&CODE_STATE=getMsg HTTP/1.1" 200 27
120.253.135.82 - - [05/Jul/2023:10:04:30 +0800] "GET /xingrg/all/function/internal_message.html?_=1688522499547&CODE_STATE=getMsg HTTP/1.1" 200 27
180.165.154.167 - - [05/Jul/2023:10:04:32 +0800] "GET /xingrg/kc/buy/cgsh_order_operate.html?command=get_materiel&rest_code=00108&code=00101008403&supplier_code=00100007&order_time=2023-07-05 HTTP/1.1" 200 412
172.20.0.100 - - [05/Jul/2023:10:04:33 +0800] "GET /xingrg/check_reg.html?_=1688522673401 HTTP/1.1" 200 22
172.20.0.100 - - [05/Jul/2023:10:04:33 +0800] "GET /xingrg/all/function/internal_message.html?_=1688522673403&CODE_STATE=getMsg HTTP/1.1" 200 27
124.79.243.110 - - [05/Jul/2023:10:04:34 +0800] "POST /xingrg/services/DataTransmitService HTTP/1.1" 200 524
180.165.154.167 - - [05/Jul/2023:10:04:40 +0800] "GET /xingrg/kc/buy/cgsh_order_operate.html?command=get_materiel&rest_code=00108&code=00101008356&supplier_code=00100007&order_time=2023-07-05 HTTP/1.1" 200 408
180.165.154.167 - - [05/Jul/2023:10:04:42 +0800] "POST /xingrg/kc/buy/cgsh_order_operate.html HTTP/1.1" 200 2065
180.165.154.167 - - [05/Jul/2023:10:04:44 +0800] "GET /xingrg/all/function/internal_message.html?_=1688522683460&CODE_STATE=getMsg HTTP/1.1" 200 27
180.165.154.167 - - [05/Jul/2023:10:04:44 +0800] "GET /xingrg/check_reg.html?_=1688522683463 HTTP/1.1" 200 22
180.165.154.167 - - [05/Jul/2023:10:04:48 +0800] "GET /xingrg/kc/buy/cgsh_order_operate.html?command=get_materiel&rest_code=00108&code=00101008272&supplier_code=00100007&order_time=2023-07-05 HTTP/1.1" 200 412
116.232.195.127 - - [05/Jul/2023:10:04:49 +0800] "GET /xingrg/all/function/internal_message.html?_=1688522674312&CODE_STATE=getMsg HTTP/1.1" 200 27
180.169.147.146 - - [05/Jul/2023:10:04:51 +0800] "GET /xingrg/all/function/internal_message.html?_=1688522687617&CODE_STATE=getMsg HTTP/1.1" 200 27
180.169.147.146 - - [05/Jul/2023:10:04:51 +0800] "GET /xingrg/check_reg.html?_=1688522687618 HTTP/1.1" 200 22
114.85.113.108 - - [05/Jul/2023:10:04:54 +0800] "GET /xingrg/all/function/internal_message.html?_=1688522693745&CODE_STATE=getMsg HTTP/1.1" 200 27
124.79.243.110 - - [05/Jul/2023:10:04:55 +0800] "GET /xingrg/all/function/internal_message.html?_=1688522979595&CODE_STATE=getMsg HTTP/1.1" 200 27
124.79.243.110 - - [05/Jul/2023:10:04:55 +0800] "GET /xingrg/check_reg.html?_=1688522979596 HTTP/1.1" 200 22
61.170.233.201 - - [05/Jul/2023:10:04:56 +0800] "GET /xingrg/all/function/internal_message.html?_=1688522694367&CODE_STATE=getMsg HTTP/1.1" 200 27
180.169.147.146 - - [05/Jul/2023:10:04:57 +0800] "GET /xingrg/all/function/internal_message.html?_=1688522695743&CODE_STATE=getMsg HTTP/1.1" 200 27
114.95.42.59 - - [05/Jul/2023:10:05:01 +0800] "GET /xingrg/all/function/internal_message.html?_=1688522519911&CODE_STATE=getMsg HTTP/1.1" 200 27
222.70.180.90 - - [05/Jul/2023:10:05:02 +0800] "GET /xingrg/all/function/internal_message.html?_=1688522757069&CODE_STATE=getMsg HTTP/1.1" 200 27
222.70.180.90 - - [05/Jul/2023:10:05:02 +0800] "GET /xingrg/check_reg.html?_=1688522757082 HTTP/1.1" 200 22
222.70.180.90 - - [05/Jul/2023:10:05:03 +0800] "GET /xingrg/check_reg.html?_=1688522702029 HTTP/1.1" 200 22
222.70.180.90 - - [05/Jul/2023:10:05:03 +0800] "GET /xingrg/all/function/internal_message.html?_=1688522702024&CODE_STATE=getMsg HTTP/1.1" 200 27
116.238.191.126 - - [05/Jul/2023:10:05:04 +0800] "GET /xingrg/all/function/internal_message.html?_=1688522615739&CODE_STATE=getMsg HTTP/1.1" 200 27
114.83.216.42 - - [05/Jul/2023:10:05:05 +0800] "GET /xingrg/all/function/internal_message.html?_=1688522705470&CODE_STATE=getMsg HTTP/1.1" 200 27
180.165.154.167 - - [05/Jul/2023:10:05:08 +0800] "POST /xingrg/kc/buy/cgsh_order_operate.html HTTP/1.1" 200 37
180.165.154.167 - - [05/Jul/2023:10:05:10 +0800] "POST /xingrg/kc/buy/cgsh_order_operate.html HTTP/1.1" 200 32176
180.165.154.167 - - [05/Jul/2023:10:05:13 +0800] "GET /xingrg/kc/print/load_data.html?order_code=212023070501696&kc_code=cgsh&condition= HTTP/1.1" 200 11867
180.165.154.167 - - [05/Jul/2023:10:05:19 +0800] "GET /xingrg/kc/buy/cgsh_order_add.html HTTP/1.1" 200 71712
114.95.42.59 - - [05/Jul/2023:10:05:19 +0800] "GET /xingrg/all/function/internal_message.html?_=1688522720280&CODE_STATE=getMsg HTTP/1.1" 200 27
180.165.154.167 - - [05/Jul/2023:10:05:20 +0800] "POST /xingrg/kc/buy/cgsh_order_operate.html HTTP/1.1" 200 8245
180.165.154.167 - - [05/Jul/2023:10:05:20 +0800] "GET /xingrg/javascript/easyui/themes/default/validatebox.css HTTP/1.1" 404 1104
120.253.135.82 - - [05/Jul/2023:10:05:20 +0800] "GET /xingrg/kc/pszx/mdqp_order_list.html?state=10 HTTP/1.1" 200 10717
120.253.135.82 - - [05/Jul/2023:10:05:20 +0800] "GET /xingrg/dwr/interface/AjaxQqpsService.js HTTP/1.1" 200 16326
120.253.135.82 - - [05/Jul/2023:10:05:20 +0800] "GET /xingrg/dwr/engine.js HTTP/1.1" 200 43631
120.253.135.82 - - [05/Jul/2023:10:05:20 +0800] "GET /xingrg/dwr/interface/AjaxReportQueryService.js HTTP/1.1" 200 13203
58.39.105.68 - - [05/Jul/2023:10:05:20 +0800] "GET /xingrg/login.html HTTP/1.1" 200 7641
58.39.105.68 - - [05/Jul/2023:10:05:20 +0800] "GET /favicon.ico HTTP/1.1" 404 -
58.39.105.68 - - [05/Jul/2023:10:05:23 +0800] "POST /xingrg/login.do HTTP/1.1" 302 -
58.39.105.68 - - [05/Jul/2023:10:05:23 +0800] "GET /xingrg/index.html?sysBaseUrl=http%3A%2F%2F180.169.147.146%3A18081%2Fxingrg%2F&costTime=813×tamp=1688522723416 HTTP/1.1" 200 17177
58.39.105.68 - - [05/Jul/2023:10:05:23 +0800] "GET /favicon.ico HTTP/1.1" 404 -
58.39.105.68 - - [05/Jul/2023:10:05:23 +0800] "GET /xingrg/all/function/internal_message.html?_=1688522722834&CODE_STATE=count HTTP/1.1" 200 11
58.39.105.68 - - [05/Jul/2023:10:05:23 +0800] "GET /xingrg/check_reg.html?_=1688522722834 HTTP/1.1" 200 22
58.39.105.68 - - [05/Jul/2023:10:05:23 +0800] "POST /xingrg/all/common/load_tree.html?tree=area_rest_tree_json&manage=1 HTTP/1.1" 200 348
58.39.105.68 - - [05/Jul/2023:10:05:23 +0800] "POST /xingrg/load_menu.html HTTP/1.1" 200 5138
116.235.244.74 - - [05/Jul/2023:10:05:24 +0800] "GET /xingrg/all/function/internal_message.html?_=1688522733735&CODE_STATE=getMsg HTTP/1.1" 200 27
58.39.105.68 - - [05/Jul/2023:10:05:25 +0800] "GET /xingrg/kc/buy/buy_main.html HTTP/1.1" 200 12412
58.39.105.68 - - [05/Jul/2023:10:05:25 +0800] "GET /xingrg/css/new_ie.css HTTP/1.1" 404 1036
222.70.114.12 - - [05/Jul/2023:10:05:25 +0800] "GET /xingrg/all/function/internal_message.html?_=1688522727693&CODE_STATE=getMsg HTTP/1.1" 200 27
58.39.105.68 - - [05/Jul/2023:10:05:25 +0800] "GET /xingrg/images/yd/bt.gif HTTP/1.1" 404 1040
58.39.105.68 - - [05/Jul/2023:10:05:26 +0800] "GET /xingrg/kc/buy/cgsh_order_list.html HTTP/1.1" 200 55842
114.83.219.53 - - [05/Jul/2023:10:05:27 +0800] "GET /xingrg/all/function/internal_message.html?_=1688522843136&CODE_STATE=getMsg HTTP/1.1" 200 27
58.39.105.68 - - [05/Jul/2023:10:05:29 +0800] "POST /xingrg/kc/buy/cgsh_list_operate.html HTTP/1.1" 200 986
120.253.135.82 - - [05/Jul/2023:10:05:30 +0800] "GET /xingrg/all/function/internal_message.html?_=1688522559562&CODE_STATE=getMsg HTTP/1.1" 200 27
58.39.105.68 - - [05/Jul/2023:10:05:30 +0800] "GET /xingrg/kc/buy/cgsh_order_add.html HTTP/1.1" 200 70743
58.39.105.68 - - [05/Jul/2023:10:05:30 +0800] "GET /xingrg/words/20230704105550_words.js HTTP/1.1" 304 -
58.39.105.68 - - [05/Jul/2023:10:05:31 +0800] "GET /xingrg/javascript/easyui/themes/icons/copy_new.png HTTP/1.1" 200 815
58.39.105.68 - - [05/Jul/2023:10:05:31 +0800] "GET /xingrg/javascript/easyui/themes/icons/template_new.png HTTP/1.1" 200 3956
58.39.105.68 - - [05/Jul/2023:10:05:31 +0800] "POST /xingrg/kc/buy/cgsh_order_operate.html HTTP/1.1" 200 8245
58.39.105.68 - - [05/Jul/2023:10:05:31 +0800] "GET /xingrg/javascript/easyui/themes/default/validatebox.css HTTP/1.1" 404 1104
58.39.105.68 - - [05/Jul/2023:10:05:31 +0800] "GET /xingrg/all/common/auto_word.html?type=employee&rest_code=00157 HTTP/1.1" 200 51
58.39.105.68 - - [05/Jul/2023:10:05:31 +0800] "GET /xingrg/all/common/auto_word.html?type=employee&rest_code=00157 HTTP/1.1" 200 51
180.165.154.167 - - [05/Jul/2023:10:05:31 +0800] "GET /xingrg/kc/buy/cgsh_order_operate.html?command=get_materiel&rest_code=00108&code=00101007076&supplier_code=00100002&order_time=2023-07-05 HTTP/1.1" 200 408
172.20.0.100 - - [05/Jul/2023:10:05:33 +0800] "GET /xingrg/all/function/internal_message.html?_=1688522733404&CODE_STATE=getMsg HTTP/1.1" 200 27
58.39.105.68 - - [05/Jul/2023:10:05:34 +0800] "GET /xingrg/javascript/auto/indicator.gif HTTP/1.1" 404 1066
120.253.135.82 - - [05/Jul/2023:10:05:34 +0800] "GET /xingrg/kc/pszx/mdqp_order_list.html?state=10 HTTP/1.1" 200 10717
120.253.135.82 - - [05/Jul/2023:10:05:34 +0800] "GET /xingrg/dwr/interface/AjaxReportQueryService.js HTTP/1.1" 200 13203
120.253.135.82 - - [05/Jul/2023:10:05:34 +0800] "GET /xingrg/dwr/interface/AjaxQqpsService.js HTTP/1.1" 200 16326
120.253.135.82 - - [05/Jul/2023:10:05:34 +0800] "GET /xingrg/dwr/engine.js HTTP/1.1" 200 43631
120.253.135.82 - - [05/Jul/2023:10:05:37 +0800] "GET /xingrg/kc/pszx/mdps_order_list.html?orderType=0 HTTP/1.1" 200 21032
120.253.135.82 - - [05/Jul/2023:10:05:38 +0800] "POST /xingrg/kc/pszx/mdps_list_operate.html HTTP/1.1" 200 5222
58.39.105.68 - - [05/Jul/2023:10:05:41 +0800] "GET /xingrg/javascript/jquery_tools/images/next.gif HTTP/1.1" 404 1086
58.39.105.68 - - [05/Jul/2023:10:05:41 +0800] "GET /xingrg/javascript/jquery_tools/images/prev.gif HTTP/1.1" 404 1086
180.165.154.167 - - [05/Jul/2023:10:05:44 +0800] "GET /xingrg/kc/buy/cgsh_order_operate.html?command=get_materiel&rest_code=00108&code=00101007049&supplier_code=00100002&order_time=2023-07-05 HTTP/1.1" 200 409
180.165.154.167 - - [05/Jul/2023:10:05:44 +0800] "GET /xingrg/all/function/internal_message.html?_=1688522743456&CODE_STATE=getMsg HTTP/1.1" 200 27
120.253.135.82 - - [05/Jul/2023:10:05:44 +0800] "GET /xingrg/kc/pszx/mdqp_order_list.html?state=10 HTTP/1.1" 200 10717
120.253.135.82 - - [05/Jul/2023:10:05:44 +0800] "GET /xingrg/dwr/interface/AjaxQqpsService.js HTTP/1.1" 200 16326
120.253.135.82 - - [05/Jul/2023:10:05:44 +0800] "GET /xingrg/dwr/interface/AjaxReportQueryService.js HTTP/1.1" 200 13203
120.253.135.82 - - [05/Jul/2023:10:05:44 +0800] "GET /xingrg/dwr/engine.js HTTP/1.1" 200 43631
116.232.195.127 - - [05/Jul/2023:10:05:49 +0800] "GET /xingrg/all/function/internal_message.html?_=1688522734305&CODE_STATE=getMsg HTTP/1.1" 200 27
120.253.135.82 - - [05/Jul/2023:10:05:49 +0800] "GET /xingrg/kc/pszx/mdps_order_list.html?orderType=0 HTTP/1.1" 200 21032
120.253.135.82 - - [05/Jul/2023:10:05:50 +0800] "POST /xingrg/kc/pszx/mdps_list_operate.html HTTP/1.1" 200 5222
180.169.147.146 - - [05/Jul/2023:10:05:51 +0800] "GET /xingrg/all/function/internal_message.html?_=1688522747616&CODE_STATE=getMsg HTTP/1.1" 200 27
114.85.113.108 - - [05/Jul/2023:10:05:54 +0800] "GET /xingrg/all/function/internal_message.html?_=1688522753726&CODE_STATE=getMsg HTTP/1.1" 200 27
124.79.243.110 - - [05/Jul/2023:10:05:55 +0800] "GET /xingrg/all/function/internal_message.html?_=1688523039594&CODE_STATE=getMsg HTTP/1.1" 200 27
58.39.105.68 - - [05/Jul/2023:10:05:55 +0800] "GET /xingrg/kc/buy/cgsh_order_operate.html?command=get_materiel&rest_code=00157&code=00101006195&supplier_code=00100484&order_time=2023-07-05 HTTP/1.1" 200 411
180.163.30.85 - - [05/Jul/2023:10:05:56 +0800] "GET /xingrg/all/function/internal_message.html?_=1688522694367&CODE_STATE=getMsg HTTP/1.1" 302 -
180.163.30.85 - - [05/Jul/2023:10:05:56 +0800] "GET /xingrg/login.html HTTP/1.1" 200 7641
61.170.233.201 - - [05/Jul/2023:10:05:56 +0800] "GET /xingrg/all/function/internal_message.html?_=1688522754338&CODE_STATE=getMsg HTTP/1.1" 200 27
180.169.147.146 - - [05/Jul/2023:10:05:57 +0800] "GET /xingrg/all/function/internal_message.html?_=1688522755730&CODE_STATE=getMsg HTTP/1.1" 200 27
180.169.147.146 - - [05/Jul/2023:10:05:57 +0800] "GET /xingrg/check_reg.html?_=1688522755733 HTTP/1.1" 200 22
120.253.135.82 - - [05/Jul/2023:10:06:00 +0800] "GET /xingrg/kc/pszx/mdps_order_list.html?orderType=0 HTTP/1.1" 200 21032
120.253.135.82 - - [05/Jul/2023:10:06:00 +0800] "POST /xingrg/kc/pszx/mdps_list_operate.html HTTP/1.1" 200 5222
114.95.42.59 - - [05/Jul/2023:10:06:01 +0800] "GET /xingrg/all/function/internal_message.html?_=1688522579920&CODE_STATE=getMsg HTTP/1.1" 200 27
222.70.180.90 - - [05/Jul/2023:10:06:02 +0800] "GET /xingrg/all/function/internal_message.html?_=1688522817065&CODE_STATE=getMsg HTTP/1.1" 200 27
116.238.191.126 - - [05/Jul/2023:10:06:03 +0800] "GET /xingrg/check_reg.html?_=1688522675090 HTTP/1.1" 200 22
222.70.180.90 - - [05/Jul/2023:10:06:03 +0800] "GET /xingrg/all/function/internal_message.html?_=1688522762013&CODE_STATE=getMsg HTTP/1.1" 200 27
120.253.135.82 - - [05/Jul/2023:10:06:03 +0800] "GET /xingrg/kc/pszx/mdqp_order_list.html?state=10 HTTP/1.1" 200 10717
120.253.135.82 - - [05/Jul/2023:10:06:03 +0800] "GET /xingrg/dwr/interface/AjaxQqpsService.js HTTP/1.1" 200 16326
120.253.135.82 - - [05/Jul/2023:10:06:03 +0800] "GET /xingrg/dwr/interface/AjaxReportQueryService.js HTTP/1.1" 200 13203
120.253.135.82 - - [05/Jul/2023:10:06:03 +0800] "GET /xingrg/dwr/engine.js HTTP/1.1" 200 43631
180.165.154.167 - - [05/Jul/2023:10:06:04 +0800] "GET /xingrg/kc/buy/cgsh_order_operate.html?command=get_materiel&rest_code=00108&code=00101007052&supplier_code=00100002&order_time=2023-07-05 HTTP/1.1" 200 409
116.238.191.126 - - [05/Jul/2023:10:06:04 +0800] "GET /xingrg/all/function/internal_message.html?_=1688522675754&CODE_STATE=getMsg HTTP/1.1" 200 27
114.83.216.42 - - [05/Jul/2023:10:06:05 +0800] "GET /xingrg/all/function/internal_message.html?_=1688522765466&CODE_STATE=getMsg HTTP/1.1" 200 27
120.253.135.82 - - [05/Jul/2023:10:06:08 +0800] "GET /xingrg/kc/pszx/jzcl_ps.html HTTP/1.1" 200 7683
120.253.135.82 - - [05/Jul/2023:10:06:08 +0800] "POST /xingrg/all/common/load_tree.html?tree=area_rest_tree_json HTTP/1.1" 200 3499
120.253.135.82 - - [05/Jul/2023:10:06:09 +0800] "POST /xingrg/kc/pszx/jzcl_ps_operate.html HTTP/1.1" 200 425
120.253.135.82 - - [05/Jul/2023:10:06:09 +0800] "POST /xingrg/kc/pszx/jzcl_ps_operate.html HTTP/1.1" 200 425
114.85.113.108 - - [05/Jul/2023:10:06:10 +0800] "GET /xingrg/check_reg.html?_=1688522769128 HTTP/1.1" 200 22
120.253.135.82 - - [05/Jul/2023:10:06:17 +0800] "POST /xingrg/kc/pszx/jzcl_ps_operate.html HTTP/1.1" 200 4
120.253.135.82 - - [05/Jul/2023:10:06:19 +0800] "POST /xingrg/kc/pszx/jzcl_ps_operate.html HTTP/1.1" 200 21
120.253.135.82 - - [05/Jul/2023:10:06:19 +0800] "GET /xingrg/kc/pszx/mdps_order_list.html HTTP/1.1" 200 21032
114.95.42.59 - - [05/Jul/2023:10:06:19 +0800] "GET /xingrg/all/function/internal_message.html?_=1688522780255&CODE_STATE=getMsg HTTP/1.1" 200 27
120.253.135.82 - - [05/Jul/2023:10:06:20 +0800] "POST /xingrg/kc/pszx/mdps_list_operate.html HTTP/1.1" 200 5222
58.39.105.68 - - [05/Jul/2023:10:06:22 +0800] "GET /xingrg/kc/buy/cgsh_order_operate.html?command=get_materiel&rest_code=00157&code=00101010241&supplier_code=00100484&order_time=2023-07-05 HTTP/1.1" 200 409
58.39.105.68 - - [05/Jul/2023:10:06:23 +0800] "GET /xingrg/all/function/internal_message.html?_=1688522782848&CODE_STATE=getMsg HTTP/1.1" 200 27
116.235.244.74 - - [05/Jul/2023:10:06:23 +0800] "GET /xingrg/check_reg.html?_=1688522793447 HTTP/1.1" 200 22
116.235.244.74 - - [05/Jul/2023:10:06:24 +0800] "GET /xingrg/all/function/internal_message.html?_=1688522793748&CODE_STATE=getMsg HTTP/1.1" 200 27
180.165.154.167 - - [05/Jul/2023:10:06:24 +0800] "GET /xingrg/kc/buy/cgsh_order_operate.html?command=get_materiel&rest_code=00108&code=00101007081&supplier_code=00100002&order_time=2023-07-05 HTTP/1.1" 200 413
222.70.114.12 - - [05/Jul/2023:10:06:25 +0800] "GET /xingrg/all/function/internal_message.html?_=1688522787699&CODE_STATE=getMsg HTTP/1.1" 200 27
114.83.219.53 - - [05/Jul/2023:10:06:27 +0800] "GET /xingrg/all/function/internal_message.html?_=1688522903127&CODE_STATE=getMsg HTTP/1.1" 200 27
120.253.135.82 - - [05/Jul/2023:10:06:30 +0800] "GET /xingrg/all/function/internal_message.html?_=1688522619576&CODE_STATE=getMsg HTTP/1.1" 200 27
172.20.0.100 - - [05/Jul/2023:10:06:33 +0800] "GET /xingrg/all/function/internal_message.html?_=1688522793408&CODE_STATE=getMsg HTTP/1.1" 200 27
120.253.135.82 - - [05/Jul/2023:10:06:33 +0800] "POST /xingrg/kc/pszx/mdps_list_operate.html HTTP/1.1" 200 2425
120.253.135.82 - - [05/Jul/2023:10:06:35 +0800] "POST /xingrg/kc/pszx/mdps_list_operate.html HTTP/1.1" 200 366
120.253.135.82 - - [05/Jul/2023:10:06:38 +0800] "POST /xingrg/kc/pszx/mdps_list_operate.html HTTP/1.1" 200 641
180.165.154.167 - - [05/Jul/2023:10:06:38 +0800] "GET /xingrg/kc/buy/cgsh_order_operate.html?command=get_materiel&rest_code=00108&code=00101007061&supplier_code=00100002&order_time=2023-07-05 HTTP/1.1" 200 409
58.39.105.68 - - [05/Jul/2023:10:06:39 +0800] "GET /xingrg/kc/buy/cgsh_order_operate.html?command=get_materiel&rest_code=00157&code=00101007068&supplier_code=00100484&order_time=2023-07-05 HTTP/1.1" 200 411
120.253.135.82 - - [05/Jul/2023:10:06:39 +0800] "GET /xingrg/kc/pszx/mdps_order_info.html?code=312023070500116 HTTP/1.1" 200 23976
120.253.135.82 - - [05/Jul/2023:10:06:40 +0800] "GET /xingrg/javascript/easyui/themes/default/validatebox.css HTTP/1.1" 404 1104
120.253.135.82 - - [05/Jul/2023:10:06:40 +0800] "POST /xingrg/kc/pszx/mdps_order_operate.html HTTP/1.1" 200 6299
180.165.154.167 - - [05/Jul/2023:10:06:44 +0800] "GET /xingrg/all/function/internal_message.html?_=1688522803469&CODE_STATE=getMsg HTTP/1.1" 200 27
120.253.135.82 - - [05/Jul/2023:10:06:44 +0800] "POST /xingrg/kc/pszx/mdps_list_operate.html HTTP/1.1" 200 217
116.232.195.127 - - [05/Jul/2023:10:06:49 +0800] "GET /xingrg/all/function/internal_message.html?_=1688522794291&CODE_STATE=getMsg HTTP/1.1" 200 27
116.232.195.127 - - [05/Jul/2023:10:06:49 +0800] "GET /xingrg/check_reg.html?_=1688522794292 HTTP/1.1" 200 22
180.169.147.146 - - [05/Jul/2023:10:06:51 +0800] "GET /xingrg/all/function/internal_message.html?_=1688522807640&CODE_STATE=getMsg HTTP/1.1" 200 27
120.253.135.82 - - [05/Jul/2023:10:06:52 +0800] "GET /xingrg/kc/pszx/mdps_order_info.html?code=312023070500116 HTTP/1.1" 200 23976
120.253.135.82 - - [05/Jul/2023:10:06:52 +0800] "GET /xingrg/javascript/easyui/themes/default/validatebox.css HTTP/1.1" 404 1104
120.253.135.82 - - [05/Jul/2023:10:06:53 +0800] "POST /xingrg/kc/pszx/mdps_order_operate.html HTTP/1.1" 200 6299
114.85.113.108 - - [05/Jul/2023:10:06:54 +0800] "GET /xingrg/all/function/internal_message.html?_=1688522813699&CODE_STATE=getMsg HTTP/1.1" 200 27
124.79.243.110 - - [05/Jul/2023:10:06:55 +0800] "GET /xingrg/all/function/internal_message.html?_=1688523099592&CODE_STATE=getMsg HTTP/1.1" 200 27
180.163.29.79 - - [05/Jul/2023:10:06:56 +0800] "GET /xingrg/all/function/internal_message.html?_=1688522754338&CODE_STATE=getMsg HTTP/1.1" 302 -
180.163.29.79 - - [05/Jul/2023:10:06:56 +0800] "GET /xingrg/login.html HTTP/1.1" 200 7641
61.170.233.201 - - [05/Jul/2023:10:06:56 +0800] "GET /xingrg/all/function/internal_message.html?_=1688522814315&CODE_STATE=getMsg HTTP/1.1" 200 27
180.169.147.146 - - [05/Jul/2023:10:06:57 +0800] "GET /xingrg/all/function/internal_message.html?_=1688522815752&CODE_STATE=getMsg HTTP/1.1" 200 27
114.95.42.59 - - [05/Jul/2023:10:07:01 +0800] "GET /xingrg/all/function/internal_message.html?_=1688522639924&CODE_STATE=getMsg HTTP/1.1" 200 27
222.70.180.90 - - [05/Jul/2023:10:07:02 +0800] "GET /xingrg/all/function/internal_message.html?_=1688522877054&CODE_STATE=getMsg HTTP/1.1" 200 27
222.70.180.90 - - [05/Jul/2023:10:07:03 +0800] "GET /xingrg/all/function/internal_message.html?_=1688522822016&CODE_STATE=getMsg HTTP/1.1" 200 27
120.253.135.82 - - [05/Jul/2023:10:07:03 +0800] "GET /xingrg/kc/pszx/mdps_order_operate.html?command=get_materiel&pszx_code=00101&rest_code=00151&base_code=0010246&code=00101019288 HTTP/1.1" 200 443
116.238.191.126 - - [05/Jul/2023:10:07:04 +0800] "GET /xingrg/all/function/internal_message.html?_=1688522735766&CODE_STATE=getMsg HTTP/1.1" 200 27
114.83.216.42 - - [05/Jul/2023:10:07:05 +0800] "GET /xingrg/all/function/internal_message.html?_=1688522825479&CODE_STATE=getMsg HTTP/1.1" 200 27
114.83.216.42 - - [05/Jul/2023:10:07:05 +0800] "GET /xingrg/check_reg.html?_=1688522825481 HTTP/1.1" 200 22
180.165.154.167 - - [05/Jul/2023:10:07:08 +0800] "POST /xingrg/kc/buy/cgsh_order_operate.html HTTP/1.1" 200 37
120.253.135.82 - - [05/Jul/2023:10:07:18 +0800] "POST /xingrg/kc/pszx/mdps_order_operate.html HTTP/1.1" 200 37
114.95.42.59 - - [05/Jul/2023:10:07:19 +0800] "GET /xingrg/all/function/internal_message.html?_=1688522840234&CODE_STATE=getMsg HTTP/1.1" 200 27
120.253.135.82 - - [05/Jul/2023:10:07:20 +0800] "GET /xingrg/kc/pszx/mdps_order_info.html?code=312023070500116 HTTP/1.1" 200 23976
120.253.135.82 - - [05/Jul/2023:10:07:20 +0800] "GET /xingrg/javascript/easyui/themes/default/validatebox.css HTTP/1.1" 404 1104
120.253.135.82 - - [05/Jul/2023:10:07:21 +0800] "POST /xingrg/kc/pszx/mdps_order_operate.html HTTP/1.1" 200 6807
120.253.135.82 - - [05/Jul/2023:10:07:22 +0800] "POST /xingrg/kc/pszx/mdps_list_operate.html HTTP/1.1" 200 2425
58.39.105.68 - - [05/Jul/2023:10:07:23 +0800] "GET /xingrg/all/function/internal_message.html?_=1688522842845&CODE_STATE=getMsg HTTP/1.1" 200 27
120.253.135.82 - - [05/Jul/2023:10:07:24 +0800] "POST /xingrg/kc/pszx/mdps_list_operate.html HTTP/1.1" 200 217
116.235.244.74 - - [05/Jul/2023:10:07:24 +0800] "GET /xingrg/all/function/internal_message.html?_=1688522853762&CODE_STATE=getMsg HTTP/1.1" 200 27
120.253.135.82 - - [05/Jul/2023:10:07:25 +0800] "GET /xingrg/kc/pszx/mdps_order_info.html?code=312023070500117 HTTP/1.1" 200 23976
222.70.114.12 - - [05/Jul/2023:10:07:25 +0800] "GET /xingrg/check_reg.html?_=1688522847689 HTTP/1.1" 200 22
222.70.114.12 - - [05/Jul/2023:10:07:25 +0800] "GET /xingrg/all/function/internal_message.html?_=1688522847698&CODE_STATE=getMsg HTTP/1.1" 200 27
120.253.135.82 - - [05/Jul/2023:10:07:25 +0800] "GET /xingrg/javascript/easyui/themes/default/validatebox.css HTTP/1.1" 404 1104
120.253.135.82 - - [05/Jul/2023:10:07:26 +0800] "POST /xingrg/kc/pszx/mdps_order_operate.html HTTP/1.1" 200 2293
114.83.219.53 - - [05/Jul/2023:10:07:27 +0800] "GET /xingrg/all/function/internal_message.html?_=1688522963124&CODE_STATE=getMsg HTTP/1.1" 200 27
120.253.135.82 - - [05/Jul/2023:10:07:30 +0800] "GET /xingrg/all/function/internal_message.html?_=1688522679587&CODE_STATE=getMsg HTTP/1.1" 200 27
120.253.135.82 - - [05/Jul/2023:10:07:30 +0800] "GET /xingrg/check_reg.html?_=1688522680360 HTTP/1.1" 200 22
172.20.0.100 - - [05/Jul/2023:10:07:33 +0800] "GET /xingrg/all/function/internal_message.html?_=1688522853409&CODE_STATE=getMsg HTTP/1.1" 200 27
120.253.135.82 - - [05/Jul/2023:10:07:35 +0800] "POST /xingrg/kc/pszx/mdps_order_operate.html HTTP/1.1" 200 12
120.253.135.82 - - [05/Jul/2023:10:07:36 +0800] "POST /xingrg/kc/pszx/mdps_list_operate.html HTTP/1.1" 200 2057
120.253.135.82 - - [05/Jul/2023:10:07:39 +0800] "POST /xingrg/kc/pszx/mdps_list_operate.html HTTP/1.1" 200 641
120.253.135.82 - - [05/Jul/2023:10:07:46 +0800] "GET /xingrg/kc/pszx/mdqp_order_list.html?state=10 HTTP/1.1" 200 10275
120.253.135.82 - - [05/Jul/2023:10:07:46 +0800] "GET /xingrg/dwr/interface/AjaxQqpsService.js HTTP/1.1" 200 16326
120.253.135.82 - - [05/Jul/2023:10:07:46 +0800] "GET /xingrg/dwr/interface/AjaxReportQueryService.js HTTP/1.1" 200 13203
120.253.135.82 - - [05/Jul/2023:10:07:46 +0800] "GET /xingrg/dwr/engine.js HTTP/1.1" 200 43631
116.232.195.127 - - [05/Jul/2023:10:07:49 +0800] "GET /xingrg/all/function/internal_message.html?_=1688522854308&CODE_STATE=getMsg HTTP/1.1" 200 27
120.253.135.82 - - [05/Jul/2023:10:07:49 +0800] "GET /xingrg/kc/pszx/mdqp_order_list.html?state=10 HTTP/1.1" 200 10275
120.253.135.82 - - [05/Jul/2023:10:07:49 +0800] "GET /xingrg/dwr/interface/AjaxQqpsService.js HTTP/1.1" 200 16326
120.253.135.82 - - [05/Jul/2023:10:07:49 +0800] "GET /xingrg/dwr/interface/AjaxReportQueryService.js HTTP/1.1" 200 13203
120.253.135.82 - - [05/Jul/2023:10:07:49 +0800] "GET /xingrg/dwr/engine.js HTTP/1.1" 200 43631
180.169.147.146 - - [05/Jul/2023:10:07:51 +0800] "GET /xingrg/all/function/internal_message.html?_=1688522867638&CODE_STATE=getMsg HTTP/1.1" 200 27
120.253.135.82 - - [05/Jul/2023:10:07:52 +0800] "GET /xingrg/kc/pszx/mdps_order_list.html?orderType=0 HTTP/1.1" 200 21032
120.253.135.82 - - [05/Jul/2023:10:07:52 +0800] "POST /xingrg/kc/pszx/mdps_list_operate.html HTTP/1.1" 200 5222
114.85.113.108 - - [05/Jul/2023:10:07:54 +0800] "GET /xingrg/all/function/internal_message.html?_=1688522873673&CODE_STATE=getMsg HTTP/1.1" 200 27
124.79.243.110 - - [05/Jul/2023:10:07:55 +0800] "GET /xingrg/all/function/internal_message.html?_=1688523159590&CODE_STATE=getMsg HTTP/1.1" 200 27
180.163.28.55 - - [05/Jul/2023:10:07:56 +0800] "GET /xingrg/all/function/internal_message.html?_=1688522814315&CODE_STATE=getMsg HTTP/1.1" 302 -
180.163.28.55 - - [05/Jul/2023:10:07:56 +0800] "GET /xingrg/login.html HTTP/1.1" 200 7641
61.170.233.201 - - [05/Jul/2023:10:07:56 +0800] "GET /xingrg/all/function/internal_message.html?_=1688522874286&CODE_STATE=getMsg HTTP/1.1" 200 27
180.169.147.146 - - [05/Jul/2023:10:07:57 +0800] "GET /xingrg/all/function/internal_message.html?_=1688522875749&CODE_STATE=getMsg HTTP/1.1" 200 27
61.170.233.201 - - [05/Jul/2023:10:07:57 +0800] "GET /xingrg/check_reg.html?_=1688522875851 HTTP/1.1" 200 22
120.253.135.82 - - [05/Jul/2023:10:08:01 +0800] "GET /xingrg/kc/pszx/mdqp_order_list.html?state=10 HTTP/1.1" 200 10275
120.253.135.82 - - [05/Jul/2023:10:08:01 +0800] "GET /xingrg/dwr/interface/AjaxReportQueryService.js HTTP/1.1" 200 13203
120.253.135.82 - - [05/Jul/2023:10:08:01 +0800] "GET /xingrg/dwr/interface/AjaxQqpsService.js HTTP/1.1" 200 16326
120.253.135.82 - - [05/Jul/2023:10:08:01 +0800] "GET /xingrg/dwr/engine.js HTTP/1.1" 200 43631
114.95.42.59 - - [05/Jul/2023:10:08:01 +0800] "GET /xingrg/all/function/internal_message.html?_=1688522699914&CODE_STATE=getMsg HTTP/1.1" 200 27
