222.70.114.12 - - [01/Jul/2023:09:32:14 +0800] "POST /xingrg/dwr/call/plaincall/AjaxCheckService.setItemNumber.dwr HTTP/1.1" 200 77
222.70.114.12 - - [01/Jul/2023:09:32:14 +0800] "POST /xingrg/dwr/call/plaincall/AjaxCheckService.setItemNumber.dwr HTTP/1.1" 200 77
222.70.114.12 - - [01/Jul/2023:09:32:14 +0800] "POST /xingrg/dwr/call/plaincall/AjaxCheckService.setItemNumber.dwr HTTP/1.1" 200 77
114.83.222.128 - - [01/Jul/2023:09:32:15 +0800] "GET /xingrg/all/function/internal_message.html?_=1688175249158&CODE_STATE=getMsg HTTP/1.1" 200 27
222.70.114.12 - - [01/Jul/2023:09:32:15 +0800] "POST /xingrg/dwr/call/plaincall/AjaxCheckService.setItemNumber.dwr HTTP/1.1" 200 77
222.70.114.12 - - [01/Jul/2023:09:32:15 +0800] "POST /xingrg/dwr/call/plaincall/AjaxCheckService.setItemNumber.dwr HTTP/1.1" 200 77
114.83.222.128 - - [01/Jul/2023:09:32:16 +0800] "GET /xingrg/dwr/interface/AjaxComOrderService.js HTTP/1.1" 200 18264
114.83.222.128 - - [01/Jul/2023:09:32:16 +0800] "GET /xingrg/kc/base/check_order_info.html?code=452023063000511 HTTP/1.1" 200 22875
114.83.222.128 - - [01/Jul/2023:09:32:16 +0800] "GET /xingrg/dwr/interface/AjaxCheckService.js HTTP/1.1" 200 14003
114.83.222.128 - - [01/Jul/2023:09:32:16 +0800] "GET /xingrg/dwr/engine.js HTTP/1.1" 200 43631
116.238.191.126 - - [01/Jul/2023:09:32:16 +0800] "POST /xingrg/kc/mdqp/pssh_order_operate.html HTTP/1.1" 200 37
222.70.180.90 - - [01/Jul/2023:09:32:17 +0800] "GET /xingrg/all/function/internal_message.html?_=1688175133200&CODE_STATE=getMsg HTTP/1.1" 200 27
180.169.147.146 - - [01/Jul/2023:09:32:20 +0800] "GET /xingrg/kc/base/check_order_list.html HTTP/1.1" 302 -
180.169.147.146 - - [01/Jul/2023:09:32:20 +0800] "GET /xingrg/login.html HTTP/1.1" 200 7641
180.169.147.146 - - [01/Jul/2023:09:32:21 +0800] "GET /xingrg/login.html HTTP/1.1" 200 7641
114.83.222.52 - - [01/Jul/2023:09:32:21 +0800] "POST /xingrg/services/DataTransmitService HTTP/1.1" 200 524
222.70.180.90 - - [01/Jul/2023:09:32:21 +0800] "POST /xingrg/services/DataTransmitService HTTP/1.1" 200 501
124.79.79.0 - - [01/Jul/2023:09:32:21 +0800] "POST /xingrg/services/DataTransmitService HTTP/1.1" 200 519
114.83.222.52 - - [01/Jul/2023:09:32:22 +0800] "POST /xingrg/services/DataTransmitService HTTP/1.1" 200 2067
180.169.147.146 - - [01/Jul/2023:09:32:23 +0800] "GET /xingrg/all/function/internal_message.html?_=1688175162720&CODE_STATE=getMsg HTTP/1.1" 200 27
180.169.147.146 - - [01/Jul/2023:09:32:23 +0800] "POST /xingrg/login.do HTTP/1.1" 302 -
180.169.147.146 - - [01/Jul/2023:09:32:24 +0800] "GET /xingrg/index.html?sysBaseUrl=http%3A%2F%2F180.169.147.146%3A18081%2Fxingrg%2F&costTime=1442×tamp=1688175143851 HTTP/1.1" 200 17179
180.169.147.146 - - [01/Jul/2023:09:32:24 +0800] "GET /xingrg/all/function/internal_message.html?_=1688175139892&CODE_STATE=count HTTP/1.1" 200 11
180.169.147.146 - - [01/Jul/2023:09:32:24 +0800] "GET /xingrg/check_reg.html?_=1688175139894 HTTP/1.1" 200 22
180.169.147.146 - - [01/Jul/2023:09:32:24 +0800] "POST /xingrg/all/common/load_tree.html?tree=area_rest_tree_json&manage=1 HTTP/1.1" 200 351
180.169.147.146 - - [01/Jul/2023:09:32:24 +0800] "POST /xingrg/load_menu.html HTTP/1.1" 200 5138
180.169.147.146 - - [01/Jul/2023:09:32:25 +0800] "GET /xingrg/kc/base/base_main.html HTTP/1.1" 200 12142
101.83.145.52 - - [01/Jul/2023:09:32:26 +0800] "GET /xingrg/check_reg.html?_=1688174965512 HTTP/1.1" 200 22
101.83.145.52 - - [01/Jul/2023:09:32:26 +0800] "GET /xingrg/all/function/internal_message.html?_=1688174965515&CODE_STATE=getMsg HTTP/1.1" 200 27
172.20.0.100 - - [01/Jul/2023:09:32:26 +0800] "GET /xingrg/all/function/internal_message.html?_=1688175145889&CODE_STATE=getMsg HTTP/1.1" 200 27
172.20.0.100 - - [01/Jul/2023:09:32:26 +0800] "GET /xingrg/check_reg.html?_=1688175145891 HTTP/1.1" 200 22
222.67.234.146 - - [01/Jul/2023:09:32:29 +0800] "GET /xingrg/kc/buy/cgsh_order_operate.html?command=get_materiel&rest_code=00141&code=00101012097&supplier_code=00100036&order_time=2023-07-01 HTTP/1.1" 200 425
180.169.147.146 - - [01/Jul/2023:09:32:30 +0800] "GET /xingrg/kc/base/check_order_list.html HTTP/1.1" 200 16223
61.170.233.201 - - [01/Jul/2023:09:32:31 +0800] "GET /xingrg/all/function/internal_message.html?_=1688175146659&CODE_STATE=getMsg HTTP/1.1" 200 27
180.163.28.143 - - [01/Jul/2023:09:32:31 +0800] "GET /xingrg/all/function/internal_message.html?_=1688175086655&CODE_STATE=getMsg HTTP/1.1" 302 -
180.163.28.143 - - [01/Jul/2023:09:32:31 +0800] "GET /xingrg/login.html HTTP/1.1" 200 7641
180.169.147.146 - - [01/Jul/2023:09:32:32 +0800] "GET /xingrg/index.html?sysBaseUrl=http%3A%2F%2F180.169.147.146%3A18081%2Fxingrg%2F&costTime=39×tamp=1592034574635 HTTP/1.1" 302 -
180.169.147.146 - - [01/Jul/2023:09:32:32 +0800] "GET /xingrg/login.html HTTP/1.1" 200 7641
180.169.147.146 - - [01/Jul/2023:09:32:32 +0800] "GET /favicon.ico HTTP/1.1" 404 -
101.85.193.165 - - [01/Jul/2023:09:32:34 +0800] "GET /xingrg/all/function/internal_message.html?_=1688175154245&CODE_STATE=getMsg HTTP/1.1" 200 27
222.67.234.146 - - [01/Jul/2023:09:32:34 +0800] "GET /xingrg/all/function/internal_message.html?_=1688174640554&CODE_STATE=getMsg HTTP/1.1" 200 27
180.169.147.146 - - [01/Jul/2023:09:32:35 +0800] "POST /xingrg/login.do HTTP/1.1" 302 -
114.83.222.52 - - [01/Jul/2023:09:32:35 +0800] "GET /xingrg/all/function/internal_message.html?_=1688175152735&CODE_STATE=getMsg HTTP/1.1" 200 27
180.169.147.146 - - [01/Jul/2023:09:32:35 +0800] "GET /xingrg/index.html?sysBaseUrl=http%3A%2F%2F180.169.147.146%3A18081%2Fxingrg%2F&costTime=1623×tamp=1688175155414 HTTP/1.1" 200 17503
180.169.147.146 - - [01/Jul/2023:09:32:35 +0800] "GET /favicon.ico HTTP/1.1" 404 -
180.169.147.146 - - [01/Jul/2023:09:32:35 +0800] "GET /xingrg/check_reg.html?_=1688175155741 HTTP/1.1" 200 22
180.169.147.146 - - [01/Jul/2023:09:32:36 +0800] "GET /xingrg/all/function/internal_message.html?_=1688175155739&CODE_STATE=count HTTP/1.1" 200 11
180.169.147.146 - - [01/Jul/2023:09:32:36 +0800] "POST /xingrg/all/common/load_tree.html?tree=area_rest_tree_json&manage=1 HTTP/1.1" 200 3499
180.169.147.146 - - [01/Jul/2023:09:32:36 +0800] "POST /xingrg/load_menu.html HTTP/1.1" 200 11564
180.169.147.146 - - [01/Jul/2023:09:32:37 +0800] "GET /xingrg/kc/report/report_main.html HTTP/1.1" 200 8599
180.169.147.146 - - [01/Jul/2023:09:32:38 +0800] "GET /xingrg/all/report/report_query.html?fileName=kc/buy/gys_amount_base_rest.xml HTTP/1.1" 200 51664
180.169.147.146 - - [01/Jul/2023:09:32:38 +0800] "GET /xingrg/dwr/interface/AjaxReportQueryService.js HTTP/1.1" 200 13203
180.169.147.146 - - [01/Jul/2023:09:32:38 +0800] "GET /xingrg/dwr/util.js HTTP/1.1" 200 35990
180.169.147.146 - - [01/Jul/2023:09:32:38 +0800] "GET /xingrg/dwr/engine.js HTTP/1.1" 200 43631
180.169.147.146 - - [01/Jul/2023:09:32:38 +0800] "POST /xingrg/dwr/call/plaincall/AjaxReportQueryService.getFixDate.dwr HTTP/1.1" 200 111
180.169.147.146 - - [01/Jul/2023:09:32:39 +0800] "POST /xingrg/all/common/load_tree.html?tree=area_rest_tree_json&manage=1 HTTP/1.1" 200 3499
180.169.147.146 - - [01/Jul/2023:09:32:39 +0800] "POST /xingrg/all/common/load_tree.html?tree=supplier_tree_json&manage=1 HTTP/1.1" 200 76589
120.253.135.82 - - [01/Jul/2023:09:32:44 +0800] "GET /xingrg/all/function/internal_message.html?_=1688174993966&CODE_STATE=getMsg HTTP/1.1" 200 27
114.93.33.65 - - [01/Jul/2023:09:32:47 +0800] "GET /xingrg/check_reg.html?_=1688175176517 HTTP/1.1" 200 22
114.93.33.65 - - [01/Jul/2023:09:32:47 +0800] "GET /xingrg/all/function/internal_message.html?_=1688175176515&CODE_STATE=getMsg HTTP/1.1" 200 27
222.70.180.90 - - [01/Jul/2023:09:32:53 +0800] "POST /xingrg/services/DataTransmitService HTTP/1.1" 200 501
180.169.147.146 - - [01/Jul/2023:09:32:53 +0800] "POST /xingrg/dwr/call/plaincall/AjaxReportQueryService.refreshCache.dwr HTTP/1.1" 200 78
124.79.79.0 - - [01/Jul/2023:09:32:54 +0800] "POST /xingrg/services/DataTransmitService HTTP/1.1" 401 565
116.238.191.126 - - [01/Jul/2023:09:32:54 +0800] "GET /xingrg/all/function/internal_message.html?_=1688175091021&CODE_STATE=getMsg HTTP/1.1" 200 27
124.79.79.0 - - [01/Jul/2023:09:32:55 +0800] "POST /xingrg/services/DataTransmitService HTTP/1.1" 200 478
124.79.79.0 - - [01/Jul/2023:09:32:55 +0800] "POST /xingrg/services/DataTransmitService HTTP/1.1" 200 1319
124.79.79.0 - - [01/Jul/2023:09:32:55 +0800] "POST /xingrg/services/DataTransmitService HTTP/1.1" 200 478
124.79.79.0 - - [01/Jul/2023:09:32:55 +0800] "POST /xingrg/services/DataTransmitService HTTP/1.1" 200 1319
124.79.79.0 - - [01/Jul/2023:09:32:56 +0800] "POST /xingrg/services/DataTransmitService HTTP/1.1" 200 524
222.70.180.90 - - [01/Jul/2023:09:32:56 +0800] "POST /xingrg/services/DataTransmitService HTTP/1.1" 200 501
124.79.79.0 - - [01/Jul/2023:09:32:57 +0800] "POST /xingrg/services/DataTransmitService HTTP/1.1" 200 2055
222.70.180.90 - - [01/Jul/2023:09:32:57 +0800] "POST /xingrg/services/DataTransmitService HTTP/1.1" 200 501
124.79.79.0 - - [01/Jul/2023:09:32:57 +0800] "POST /xingrg/services/DataTransmitService HTTP/1.1" 200 45454
124.79.79.0 - - [01/Jul/2023:09:32:57 +0800] "POST /xingrg/services/DataTransmitService HTTP/1.1" 200 19237
114.85.113.108 - - [01/Jul/2023:09:32:58 +0800] "GET /xingrg/all/function/internal_message.html?_=1688175172318&CODE_STATE=getMsg HTTP/1.1" 200 27
101.85.193.165 - - [01/Jul/2023:09:32:58 +0800] "GET /xingrg/all/function/internal_message.html?_=1688175207197&CODE_STATE=getMsg HTTP/1.1" 200 27
101.83.145.52 - - [01/Jul/2023:09:33:00 +0800] "GET /xingrg/all/function/internal_message.html?_=1688175182903&CODE_STATE=getMsg HTTP/1.1" 200 27
114.83.222.128 - - [01/Jul/2023:09:33:02 +0800] "GET /xingrg/kc/buy/cgsh_order_list.html HTTP/1.1" 200 55844
116.235.240.62 - - [01/Jul/2023:09:33:06 +0800] "GET /xingrg/check_reg.html?_=1688175208131 HTTP/1.1" 200 22
124.79.79.0 - - [01/Jul/2023:09:33:07 +0800] "POST /xingrg/services/DataTransmitService HTTP/1.1" 200 524
222.70.180.90 - - [01/Jul/2023:09:33:07 +0800] "POST /xingrg/services/DataTransmitService HTTP/1.1" 200 501
218.81.69.20 - - [01/Jul/2023:09:33:07 +0800] "GET /xingrg/all/function/internal_message.html?_=1688175190187&CODE_STATE=getMsg HTTP/1.1" 200 27
218.81.69.20 - - [01/Jul/2023:09:33:07 +0800] "GET /xingrg/check_reg.html?_=1688175190190 HTTP/1.1" 200 22
124.79.79.0 - - [01/Jul/2023:09:33:07 +0800] "POST /xingrg/services/DataTransmitService HTTP/1.1" 200 2055
222.70.180.90 - - [01/Jul/2023:09:33:09 +0800] "POST /xingrg/services/DataTransmitService HTTP/1.1" 200 501
116.235.240.62 - - [01/Jul/2023:09:33:09 +0800] "GET /xingrg/all/function/internal_message.html?_=1688175211454&CODE_STATE=getMsg HTTP/1.1" 200 27
116.232.195.127 - - [01/Jul/2023:09:33:10 +0800] "GET /xingrg/all/function/internal_message.html?_=1688175183121&CODE_STATE=getMsg HTTP/1.1" 200 27
124.79.79.0 - - [01/Jul/2023:09:33:11 +0800] "POST /xingrg/services/DataTransmitService HTTP/1.1" 200 524
222.70.180.90 - - [01/Jul/2023:09:33:11 +0800] "POST /xingrg/services/DataTransmitService HTTP/1.1" 200 501
124.79.79.0 - - [01/Jul/2023:09:33:11 +0800] "POST /xingrg/services/DataTransmitService HTTP/1.1" 200 2055
114.83.222.128 - - [01/Jul/2023:09:33:15 +0800] "GET /xingrg/all/function/internal_message.html?_=1688175309152&CODE_STATE=getMsg HTTP/1.1" 200 27
222.70.180.90 - - [01/Jul/2023:09:33:15 +0800] "POST /xingrg/services/DataTransmitService HTTP/1.1" 200 412
222.70.180.90 - - [01/Jul/2023:09:33:17 +0800] "GET /xingrg/all/function/internal_message.html?_=1688175193200&CODE_STATE=getMsg HTTP/1.1" 200 27
124.79.79.0 - - [01/Jul/2023:09:33:21 +0800] "POST /xingrg/services/DataTransmitService HTTP/1.1" 200 524
222.67.234.146 - - [01/Jul/2023:09:33:22 +0800] "GET /xingrg/kc/buy/cgsh_order_operate.html?command=get_materiel&rest_code=00141&code=00101011004&supplier_code=00100036&order_time=2023-07-01 HTTP/1.1" 200 412
180.169.147.146 - - [01/Jul/2023:09:33:23 +0800] "GET /xingrg/all/function/internal_message.html?_=1688175222734&CODE_STATE=getMsg HTTP/1.1" 200 27
180.169.147.146 - - [01/Jul/2023:09:33:24 +0800] "GET /xingrg/all/function/internal_message.html?_=1688175199901&CODE_STATE=getMsg HTTP/1.1" 200 27
101.83.145.52 - - [01/Jul/2023:09:33:26 +0800] "GET /xingrg/all/function/internal_message.html?_=1688175025520&CODE_STATE=getMsg HTTP/1.1" 200 27
124.79.79.0 - - [01/Jul/2023:09:33:26 +0800] "POST /xingrg/services/DataTransmitService HTTP/1.1" 200 501
61.170.233.201 - - [01/Jul/2023:09:33:26 +0800] "GET /xingrg/javascript/easyui/themes/default/tree.css HTTP/1.1" 404 1090
172.20.0.100 - - [01/Jul/2023:09:33:26 +0800] "GET /xingrg/all/function/internal_message.html?_=1688175205893&CODE_STATE=getMsg HTTP/1.1" 200 27
61.170.233.201 - - [01/Jul/2023:09:33:26 +0800] "POST /xingrg/all/common/load_tree.html?tree=supplier_tree_json&isDelete=1 HTTP/1.1" 200 74546
124.79.79.0 - - [01/Jul/2023:09:33:27 +0800] "POST /xingrg/services/DataTransmitService HTTP/1.1" 200 501
180.169.147.146 - - [01/Jul/2023:09:33:30 +0800] "GET /xingrg/kc/base/check_order_list.html HTTP/1.1" 200 16223
61.170.233.201 - - [01/Jul/2023:09:33:31 +0800] "GET /xingrg/all/function/internal_message.html?_=1688175206658&CODE_STATE=getMsg HTTP/1.1" 200 27
61.170.233.201 - - [01/Jul/2023:09:33:31 +0800] "GET /xingrg/check_reg.html?_=1688175206662 HTTP/1.1" 200 22
180.163.28.143 - - [01/Jul/2023:09:33:31 +0800] "GET /xingrg/all/function/internal_message.html?_=1688175146659&CODE_STATE=getMsg HTTP/1.1" 302 -
180.163.28.143 - - [01/Jul/2023:09:33:31 +0800] "GET /xingrg/login.html HTTP/1.1" 200 7641
180.163.29.234 - - [01/Jul/2023:09:33:32 +0800] "GET /xingrg/index.html?sysBaseUrl=http://180.169.147.146:18081/xingrg/&costTime=39×tamp=1592034574635 HTTP/1.1" 302 -
180.163.29.234 - - [01/Jul/2023:09:33:32 +0800] "GET /xingrg/login.html HTTP/1.1" 200 7641
101.85.193.165 - - [01/Jul/2023:09:33:34 +0800] "GET /xingrg/all/function/internal_message.html?_=1688175214228&CODE_STATE=getMsg HTTP/1.1" 200 27
114.83.222.52 - - [01/Jul/2023:09:33:34 +0800] "GET /xingrg/kc/buy/cgsh_order_list.html HTTP/1.1" 200 55844
222.67.234.146 - - [01/Jul/2023:09:33:34 +0800] "GET /xingrg/all/function/internal_message.html?_=1688174700550&CODE_STATE=getMsg HTTP/1.1" 200 27
180.163.28.109 - - [01/Jul/2023:09:33:35 +0800] "GET /xingrg/check_reg.html?_=1688175155741 HTTP/1.1" 302 -
180.163.28.109 - - [01/Jul/2023:09:33:35 +0800] "GET /xingrg/login.html HTTP/1.1" 200 7641
114.83.222.52 - - [01/Jul/2023:09:33:35 +0800] "GET /xingrg/all/function/internal_message.html?_=1688175212710&CODE_STATE=getMsg HTTP/1.1" 200 27
218.81.69.20 - - [01/Jul/2023:09:33:35 +0800] "GET /xingrg/kc/base/check_order_info.html?code=452023063000438 HTTP/1.1" 200 26514
218.81.69.20 - - [01/Jul/2023:09:33:35 +0800] "GET /xingrg/dwr/interface/AjaxCheckService.js HTTP/1.1" 200 14003
218.81.69.20 - - [01/Jul/2023:09:33:35 +0800] "GET /xingrg/dwr/engine.js HTTP/1.1" 200 43631
218.81.69.20 - - [01/Jul/2023:09:33:35 +0800] "GET /xingrg/dwr/interface/AjaxComOrderService.js HTTP/1.1" 200 18264
180.169.147.146 - - [01/Jul/2023:09:33:36 +0800] "GET /xingrg/all/function/internal_message.html?_=1688175215822&CODE_STATE=getMsg HTTP/1.1" 200 27
180.163.28.109 - - [01/Jul/2023:09:33:38 +0800] "GET /xingrg/all/report/report_query.html?fileName=kc/buy/gys_amount_base_rest.xml HTTP/1.1" 302 -
180.163.28.109 - - [01/Jul/2023:09:33:38 +0800] "GET /xingrg/login.html HTTP/1.1" 200 7641
124.79.79.0 - - [01/Jul/2023:09:33:40 +0800] "POST /xingrg/services/DataTransmitService HTTP/1.1" 200 501
120.253.135.82 - - [01/Jul/2023:09:33:44 +0800] "GET /xingrg/all/function/internal_message.html?_=1688175054257&CODE_STATE=getMsg HTTP/1.1" 200 27
180.169.147.146 - - [01/Jul/2023:09:34:12 +0800] "GET /favicon.ico HTTP/1.1" 404 -
222.70.114.12 - - [01/Jul/2023:09:34:12 +0800] "POST /xingrg/dwr/call/plaincall/AjaxCheckService.setItemNumber.dwr HTTP/1.1" 200 308
222.70.114.12 - - [01/Jul/2023:09:34:12 +0800] "POST /xingrg/dwr/call/plaincall/AjaxCheckService.setItemNumber.dwr HTTP/1.1" 200 308
222.70.114.12 - - [01/Jul/2023:09:34:12 +0800] "POST /xingrg/dwr/call/plaincall/AjaxCheckService.setItemNumber.dwr HTTP/1.1" 200 308
222.70.114.12 - - [01/Jul/2023:09:34:12 +0800] "POST /xingrg/dwr/call/plaincall/AjaxCheckService.setItemNumber.dwr HTTP/1.1" 200 308
222.70.114.12 - - [01/Jul/2023:09:34:12 +0800] "POST /xingrg/dwr/call/plaincall/AjaxCheckService.setItemNumber.dwr HTTP/1.1" 200 308
222.70.114.12 - - [01/Jul/2023:09:34:12 +0800] "POST /xingrg/dwr/call/plaincall/AjaxCheckService.setItemNumber.dwr HTTP/1.1" 200 308
222.70.114.12 - - [01/Jul/2023:09:34:12 +0800] "POST /xingrg/dwr/call/plaincall/AjaxCheckService.setItemNumber.dwr HTTP/1.1" 200 239
222.70.114.12 - - [01/Jul/2023:09:34:12 +0800] "POST /xingrg/dwr/call/plaincall/AjaxCheckService.setItemNumber.dwr HTTP/1.1" 200 239
222.70.114.12 - - [01/Jul/2023:09:34:12 +0800] "POST /xingrg/dwr/call/plaincall/AjaxCheckService.setItemNumber.dwr HTTP/1.1" 200 239
222.70.114.12 - - [01/Jul/2023:09:34:12 +0800] "POST /xingrg/dwr/call/plaincall/AjaxCheckService.setItemNumber.dwr HTTP/1.1" 200 239
222.70.114.12 - - [01/Jul/2023:09:34:12 +0800] "POST /xingrg/dwr/call/plaincall/AjaxCheckService.setItemNumber.dwr HTTP/1.1" 200 239
222.70.114.12 - - [01/Jul/2023:09:34:12 +0800] "POST /xingrg/dwr/call/plaincall/AjaxCheckService.setItemNumber.dwr HTTP/1.1" 200 239
222.70.114.12 - - [01/Jul/2023:09:34:12 +0800] "POST /xingrg/dwr/call/plaincall/AjaxCheckService.setItemNumber.dwr HTTP/1.1" 200 239
222.70.114.12 - - [01/Jul/2023:09:34:12 +0800] "POST /xingrg/dwr/call/plaincall/AjaxCheckService.setItemNumber.dwr HTTP/1.1" 200 239
222.70.114.12 - - [01/Jul/2023:09:34:12 +0800] "POST /xingrg/dwr/call/plaincall/AjaxCheckService.setItemNumber.dwr HTTP/1.1" 200 239
222.70.114.12 - - [01/Jul/2023:09:34:12 +0800] "POST /xingrg/dwr/call/plaincall/AjaxCheckService.setItemNumber.dwr HTTP/1.1" 200 239
222.70.114.12 - - [01/Jul/2023:09:34:12 +0800] "POST /xingrg/dwr/call/plaincall/AjaxCheckService.setItemNumber.dwr HTTP/1.1" 200 239
222.70.114.12 - - [01/Jul/2023:09:34:12 +0800] "POST /xingrg/dwr/call/plaincall/AjaxCheckService.setItemNumber.dwr HTTP/1.1" 200 239
222.70.114.12 - - [01/Jul/2023:09:34:12 +0800] "POST /xingrg/dwr/call/plaincall/AjaxCheckService.setItemNumber.dwr HTTP/1.1" 200 239
222.70.114.12 - - [01/Jul/2023:09:34:12 +0800] "POST /xingrg/dwr/call/plaincall/AjaxCheckService.setItemNumber.dwr HTTP/1.1" 200 239
222.70.114.12 - - [01/Jul/2023:09:34:12 +0800] "POST /xingrg/dwr/call/plaincall/AjaxCheckService.setItemNumber.dwr HTTP/1.1" 200 239
222.70.114.12 - - [01/Jul/2023:09:34:12 +0800] "POST /xingrg/dwr/call/plaincall/AjaxCheckService.setItemNumber.dwr HTTP/1.1" 200 239
222.70.114.12 - - [01/Jul/2023:09:34:12 +0800] "POST /xingrg/dwr/call/plaincall/AjaxCheckService.setItemNumber.dwr HTTP/1.1" 200 239
222.70.114.12 - - [01/Jul/2023:09:34:12 +0800] "POST /xingrg/dwr/call/plaincall/AjaxCheckService.setItemNumber.dwr HTTP/1.1" 200 239
222.70.114.12 - - [01/Jul/2023:09:34:12 +0800] "POST /xingrg/dwr/call/plaincall/AjaxCheckService.setItemNumber.dwr HTTP/1.1" 200 239
222.70.114.12 - - [01/Jul/2023:09:34:12 +0800] "POST /xingrg/dwr/call/plaincall/AjaxCheckService.setItemNumber.dwr HTTP/1.1" 200 239
222.70.114.12 - - [01/Jul/2023:09:34:12 +0800] "POST /xingrg/dwr/call/plaincall/AjaxCheckService.setItemNumber.dwr HTTP/1.1" 200 239
222.70.114.12 - - [01/Jul/2023:09:34:12 +0800] "POST /xingrg/dwr/call/plaincall/AjaxCheckService.setItemNumber.dwr HTTP/1.1" 200 239
222.70.114.12 - - [01/Jul/2023:09:34:12 +0800] "POST /xingrg/dwr/call/plaincall/AjaxCheckService.setItemNumber.dwr HTTP/1.1" 200 239
222.70.114.12 - - [01/Jul/2023:09:34:12 +0800] "POST /xingrg/dwr/call/plaincall/AjaxCheckService.setItemNumber.dwr HTTP/1.1" 200 239
222.70.114.12 - - [01/Jul/2023:09:34:12 +0800] "POST /xingrg/dwr/call/plaincall/AjaxCheckService.setItemNumber.dwr HTTP/1.1" 200 239
124.79.79.0 - - [01/Jul/2023:09:34:12 +0800] "POST /xingrg/services/DataTransmitService HTTP/1.1" 200 524
222.70.114.12 - - [01/Jul/2023:09:34:12 +0800] "POST /xingrg/dwr/call/plaincall/AjaxCheckService.setItemNumber.dwr HTTP/1.1" 200 239
222.70.114.12 - - [01/Jul/2023:09:34:12 +0800] "POST /xingrg/dwr/call/plaincall/AjaxCheckService.setItemNumber.dwr HTTP/1.1" 200 239
222.70.114.12 - - [01/Jul/2023:09:34:12 +0800] "POST /xingrg/dwr/call/plaincall/AjaxCheckService.setItemNumber.dwr HTTP/1.1" 200 239
222.70.114.12 - - [01/Jul/2023:09:34:12 +0800] "POST /xingrg/dwr/call/plaincall/AjaxCheckService.setItemNumber.dwr HTTP/1.1" 200 239
222.70.114.12 - - [01/Jul/2023:09:34:12 +0800] "POST /xingrg/dwr/call/plaincall/AjaxCheckService.setItemNumber.dwr HTTP/1.1" 200 239
222.70.114.12 - - [01/Jul/2023:09:34:12 +0800] "POST /xingrg/dwr/call/plaincall/AjaxCheckService.setItemNumber.dwr HTTP/1.1" 200 239
222.70.114.12 - - [01/Jul/2023:09:34:12 +0800] "POST /xingrg/dwr/call/plaincall/AjaxCheckService.setItemNumber.dwr HTTP/1.1" 200 239
222.70.114.12 - - [01/Jul/2023:09:34:12 +0800] "POST /xingrg/dwr/call/plaincall/AjaxCheckService.setItemNumber.dwr HTTP/1.1" 200 239
222.70.114.12 - - [01/Jul/2023:09:34:12 +0800] "POST /xingrg/dwr/call/plaincall/AjaxCheckService.setItemNumber.dwr HTTP/1.1" 200 239
222.70.114.12 - - [01/Jul/2023:09:34:12 +0800] "POST /xingrg/dwr/call/plaincall/AjaxCheckService.setItemNumber.dwr HTTP/1.1" 200 239
222.70.114.12 - - [01/Jul/2023:09:34:12 +0800] "POST /xingrg/dwr/call/plaincall/AjaxCheckService.setItemNumber.dwr HTTP/1.1" 200 239
222.70.114.12 - - [01/Jul/2023:09:34:12 +0800] "POST /xingrg/dwr/call/plaincall/AjaxCheckService.setItemNumber.dwr HTTP/1.1" 200 239
222.70.114.12 - - [01/Jul/2023:09:34:12 +0800] "POST /xingrg/dwr/call/plaincall/AjaxCheckService.setItemNumber.dwr HTTP/1.1" 200 239
222.70.114.12 - - [01/Jul/2023:09:34:12 +0800] "POST /xingrg/dwr/call/plaincall/AjaxCheckService.setItemNumber.dwr HTTP/1.1" 200 239
222.70.114.12 - - [01/Jul/2023:09:34:12 +0800] "POST /xingrg/dwr/call/plaincall/AjaxCheckService.setItemNumber.dwr HTTP/1.1" 200 239
222.70.114.12 - - [01/Jul/2023:09:34:12 +0800] "POST /xingrg/dwr/call/plaincall/AjaxCheckService.setItemNumber.dwr HTTP/1.1" 200 239
222.70.114.12 - - [01/Jul/2023:09:34:12 +0800] "POST /xingrg/dwr/call/plaincall/AjaxCheckService.setItemNumber.dwr HTTP/1.1" 200 239
222.70.114.12 - - [01/Jul/2023:09:34:12 +0800] "POST /xingrg/dwr/call/plaincall/AjaxCheckService.setItemNumber.dwr HTTP/1.1" 200 239
222.70.114.12 - - [01/Jul/2023:09:34:12 +0800] "POST /xingrg/dwr/call/plaincall/AjaxCheckService.setItemNumber.dwr HTTP/1.1" 200 239
222.70.114.12 - - [01/Jul/2023:09:34:12 +0800] "POST /xingrg/dwr/call/plaincall/AjaxCheckService.setItemNumber.dwr HTTP/1.1" 200 239
222.70.114.12 - - [01/Jul/2023:09:34:12 +0800] "POST /xingrg/dwr/call/plaincall/AjaxCheckService.setItemNumber.dwr HTTP/1.1" 200 239
222.70.114.12 - - [01/Jul/2023:09:34:12 +0800] "POST /xingrg/dwr/call/plaincall/AjaxCheckService.setItemNumber.dwr HTTP/1.1" 200 239
222.70.114.12 - - [01/Jul/2023:09:34:12 +0800] "POST /xingrg/dwr/call/plaincall/AjaxCheckService.setItemNumber.dwr HTTP/1.1" 200 239
222.70.114.12 - - [01/Jul/2023:09:34:12 +0800] "POST /xingrg/dwr/call/plaincall/AjaxCheckService.setItemNumber.dwr HTTP/1.1" 200 239
222.70.114.12 - - [01/Jul/2023:09:34:12 +0800] "POST /xingrg/dwr/call/plaincall/AjaxCheckService.setItemNumber.dwr HTTP/1.1" 200 239
222.70.114.12 - - [01/Jul/2023:09:34:12 +0800] "POST /xingrg/dwr/call/plaincall/AjaxCheckService.setItemNumber.dwr HTTP/1.1" 200 239
124.79.79.0 - - [01/Jul/2023:09:34:12 +0800] "POST /xingrg/services/DataTransmitService HTTP/1.1" 500 1534
222.67.234.146 - - [01/Jul/2023:09:34:16 +0800] "POST /xingrg/kc/buy/cgsh_order_operate.html HTTP/1.1" 302 -
101.85.193.165 - - [01/Jul/2023:09:34:16 +0800] "POST /xingrg/kc/buy/cgsh_order_operate.html HTTP/1.1" 302 -
116.232.195.127 - - [01/Jul/2023:09:34:16 +0800] "GET /xingrg/all/function/internal_message.html?_=1688175243136&CODE_STATE=getMsg HTTP/1.1" 302 -
101.83.145.52 - - [01/Jul/2023:09:34:16 +0800] "GET /xingrg/all/function/internal_message.html?_=1688175242905&CODE_STATE=getMsg HTTP/1.1" 302 -
116.235.240.62 - - [01/Jul/2023:09:34:16 +0800] "GET /xingrg/all/function/internal_message.html?_=1688175271473&CODE_STATE=getMsg HTTP/1.1" 302 -
101.85.193.165 - - [01/Jul/2023:09:34:16 +0800] "GET /xingrg/all/function/internal_message.html?_=1688175267200&CODE_STATE=getMsg HTTP/1.1" 302 -
222.70.114.12 - - [01/Jul/2023:09:34:16 +0800] "GET /xingrg/all/function/internal_message.html?_=1688175140293&CODE_STATE=getMsg HTTP/1.1" 302 -
61.170.233.201 - - [01/Jul/2023:09:34:16 +0800] "GET /xingrg/kc/buy/cgsh_order_operate.html?command=get_materiel&rest_code=00106&code=00101010248&supplier_code=00100096&order_time=2023-07-01 HTTP/1.1" 302 -
218.81.69.20 - - [01/Jul/2023:09:34:16 +0800] "GET /xingrg/index.html?sysBaseUrl=http%3A%2F%2F180.169.147.146%3A18081%2Fxingrg%2F&costTime=44×tamp=1622098168715 HTTP/1.1" 302 -
114.85.113.108 - - [01/Jul/2023:09:34:16 +0800] "GET /xingrg/all/function/internal_message.html?_=1688175232304&CODE_STATE=getMsg HTTP/1.1" 302 -
222.70.180.90 - - [01/Jul/2023:09:34:17 +0800] "GET /xingrg/all/function/internal_message.html?_=1688175253210&CODE_STATE=getMsg HTTP/1.1" 302 -
218.81.69.20 - - [01/Jul/2023:09:34:17 +0800] "GET /xingrg/login.html HTTP/1.1" 200 7641
218.81.69.20 - - [01/Jul/2023:09:34:17 +0800] "GET /xingrg/login.html HTTP/1.1" 200 7641
114.85.113.108 - - [01/Jul/2023:09:34:17 +0800] "GET /xingrg/login.html HTTP/1.1" 200 7641
61.170.233.201 - - [01/Jul/2023:09:34:17 +0800] "GET /xingrg/login.html HTTP/1.1" 200 7641
180.169.147.146 - - [01/Jul/2023:09:34:17 +0800] "GET /xingrg/login.html HTTP/1.1" 200 7641
114.83.222.52 - - [01/Jul/2023:09:34:17 +0800] "GET /xingrg/login.html HTTP/1.1" 200 7641
114.83.222.128 - - [01/Jul/2023:09:34:17 +0800] "GET /xingrg/login.html HTTP/1.1" 200 7641
114.83.222.52 - - [01/Jul/2023:09:34:17 +0800] "GET /favicon.ico HTTP/1.1" 404 -
218.81.69.20 - - [01/Jul/2023:09:34:17 +0800] "GET /favicon.ico HTTP/1.1" 404 -
114.83.222.128 - - [01/Jul/2023:09:34:17 +0800] "GET /favicon.ico HTTP/1.1" 404 -
180.169.147.146 - - [01/Jul/2023:09:34:17 +0800] "GET /favicon.ico HTTP/1.1" 404 -
218.81.69.20 - - [01/Jul/2023:09:34:18 +0800] "GET /favicon.ico HTTP/1.1" 404 -
124.79.79.0 - - [01/Jul/2023:09:34:19 +0800] "POST /xingrg/services/DataTransmitService HTTP/1.1" 200 524
180.169.147.146 - - [01/Jul/2023:09:34:19 +0800] "GET /xingrg/index.html?sysBaseUrl=http%3A%2F%2F180.169.147.146%3A18081%2Fxingrg%2F&costTime=39×tamp=1592034574635 HTTP/1.1" 302 -
180.169.147.146 - - [01/Jul/2023:09:34:19 +0800] "GET /xingrg/login.html HTTP/1.1" 200 7641
180.169.147.146 - - [01/Jul/2023:09:34:19 +0800] "GET /favicon.ico HTTP/1.1" 404 -
124.79.79.0 - - [01/Jul/2023:09:34:19 +0800] "POST /xingrg/services/DataTransmitService HTTP/1.1" 200 501
124.79.79.0 - - [01/Jul/2023:09:34:19 +0800] "POST /xingrg/services/DataTransmitService HTTP/1.1" 200 501
124.79.79.0 - - [01/Jul/2023:09:34:20 +0800] "POST /xingrg/services/DataTransmitService HTTP/1.1" 200 501
180.169.147.146 - - [01/Jul/2023:09:34:21 +0800] "POST /xingrg/login.do HTTP/1.1" 302 -
180.169.147.146 - - [01/Jul/2023:09:34:21 +0800] "GET /xingrg/index.html?sysBaseUrl=http%3A%2F%2F180.169.147.146%3A18081%2Fxingrg%2F&costTime=483×tamp=1688175261041 HTTP/1.1" 200 17503
180.169.147.146 - - [01/Jul/2023:09:34:21 +0800] "GET /favicon.ico HTTP/1.1" 404 -
180.169.147.146 - - [01/Jul/2023:09:34:21 +0800] "GET /xingrg/all/function/internal_message.html?_=1688175261234&CODE_STATE=count HTTP/1.1" 200 11
180.169.147.146 - - [01/Jul/2023:09:34:21 +0800] "GET /xingrg/check_reg.html?_=1688175261236 HTTP/1.1" 200 22
180.169.147.146 - - [01/Jul/2023:09:34:21 +0800] "POST /xingrg/all/common/load_tree.html?tree=area_rest_tree_json&manage=1 HTTP/1.1" 200 3499
180.169.147.146 - - [01/Jul/2023:09:34:21 +0800] "POST /xingrg/load_menu.html HTTP/1.1" 200 11564
101.85.193.165 - - [01/Jul/2023:09:34:21 +0800] "POST /xingrg/kc/buy/cgsh_order_operate.html HTTP/1.1" 302 -
116.238.191.126 - - [01/Jul/2023:09:34:22 +0800] "GET /xingrg/login.html HTTP/1.1" 200 7641
124.79.79.0 - - [01/Jul/2023:09:34:22 +0800] "POST /xingrg/services/DataTransmitService HTTP/1.1" 200 501
116.238.191.126 - - [01/Jul/2023:09:34:22 +0800] "GET /xingrg/images/blue/jxLogo.png HTTP/1.1" 304 -
116.238.191.126 - - [01/Jul/2023:09:34:22 +0800] "GET /xingrg/images/blue/srbg.png HTTP/1.1" 304 -
116.238.191.126 - - [01/Jul/2023:09:34:22 +0800] "GET /favicon.ico HTTP/1.1" 404 -
114.83.222.128 - - [01/Jul/2023:09:34:22 +0800] "POST /xingrg/login.do HTTP/1.1" 302 -
114.83.222.128 - - [01/Jul/2023:09:34:22 +0800] "GET /xingrg/index.html?sysBaseUrl=http%3A%2F%2F180.169.147.146%3A18081%2Fxingrg%2F&costTime=52×tamp=1688175262619 HTTP/1.1" 200 17179
124.79.79.0 - - [01/Jul/2023:09:34:22 +0800] "POST /xingrg/services/DataTransmitService HTTP/1.1" 200 501
114.83.222.128 - - [01/Jul/2023:09:34:22 +0800] "GET /favicon.ico HTTP/1.1" 404 -
114.83.222.128 - - [01/Jul/2023:09:34:22 +0800] "POST /xingrg/all/common/load_tree.html?tree=area_rest_tree_json&manage=1 HTTP/1.1" 200 351
114.83.222.128 - - [01/Jul/2023:09:34:22 +0800] "GET /xingrg/check_reg.html?_=1688175376880 HTTP/1.1" 200 22
114.83.222.128 - - [01/Jul/2023:09:34:22 +0800] "GET /xingrg/all/function/internal_message.html?_=1688175376880&CODE_STATE=count HTTP/1.1" 200 11
114.83.222.128 - - [01/Jul/2023:09:34:23 +0800] "POST /xingrg/load_menu.html HTTP/1.1" 200 5138
124.79.79.0 - - [01/Jul/2023:09:34:23 +0800] "POST /xingrg/services/DataTransmitService HTTP/1.1" 200 501
180.169.147.146 - - [01/Jul/2023:09:34:23 +0800] "GET /xingrg/kc/report/report_main.html HTTP/1.1" 200 8599
124.79.79.0 - - [01/Jul/2023:09:34:23 +0800] "POST /xingrg/services/DataTransmitService HTTP/1.1" 200 501
180.169.147.146 - - [01/Jul/2023:09:34:23 +0800] "GET /xingrg/all/function/internal_message.html?_=1688175282755&CODE_STATE=getMsg HTTP/1.1" 302 -
116.238.191.126 - - [01/Jul/2023:09:34:23 +0800] "POST /xingrg/login.do HTTP/1.1" 302 -
180.169.147.146 - - [01/Jul/2023:09:34:23 +0800] "GET /xingrg/login.html HTTP/1.1" 200 7641
116.238.191.126 - - [01/Jul/2023:09:34:23 +0800] "GET /xingrg/javascript/jquery_easy_ui/themes/default/easyui.css HTTP/1.1" 304 -
116.238.191.126 - - [01/Jul/2023:09:34:23 +0800] "GET /xingrg/javascript/jquery_easy_ui/jquery.easyui.min.js HTTP/1.1" 304 -
116.238.191.126 - - [01/Jul/2023:09:34:23 +0800] "GET /xingrg/javascript/jquery_easy_ui/themes/icon.css HTTP/1.1" 304 -
116.238.191.126 - - [01/Jul/2023:09:34:23 +0800] "GET /xingrg/css/form.css HTTP/1.1" 304 -
116.238.191.126 - - [01/Jul/2023:09:34:23 +0800] "GET /xingrg/javascript/jquery_easy_ui/easyui-lang-zh_CN.js HTTP/1.1" 304 -
116.238.191.126 - - [01/Jul/2023:09:34:23 +0800] "GET /xingrg/javascript/jquery-1.4.2.min.js HTTP/1.1" 304 -
116.238.191.126 - - [01/Jul/2023:09:34:23 +0800] "GET /xingrg/javascript/jquery.form.js HTTP/1.1" 304 -
116.238.191.126 - - [01/Jul/2023:09:34:23 +0800] "GET /xingrg/javascript/jquery.utils.js HTTP/1.1" 304 -
116.238.191.126 - - [01/Jul/2023:09:34:23 +0800] "GET /xingrg/javascript/jquery.timers.js HTTP/1.1" 304 -
116.238.191.126 - - [01/Jul/2023:09:34:23 +0800] "GET /xingrg/index.html?sysBaseUrl=http%3A%2F%2F180.169.147.146%3A18081%2Fxingrg%2F&costTime=115×tamp=1688175263887 HTTP/1.1" 200 17179
124.79.79.0 - - [01/Jul/2023:09:34:24 +0800] "POST /xingrg/services/DataTransmitService HTTP/1.1" 200 501
116.238.191.126 - - [01/Jul/2023:09:34:24 +0800] "POST /xingrg/all/common/load_tree.html?tree=area_rest_tree_json&manage=1 HTTP/1.1" 200 476
218.81.69.20 - - [01/Jul/2023:09:34:24 +0800] "POST /xingrg/login.do HTTP/1.1" 302 -
116.238.191.126 - - [01/Jul/2023:09:34:24 +0800] "GET /favicon.ico HTTP/1.1" 404 -
116.238.191.126 - - [01/Jul/2023:09:34:24 +0800] "GET /xingrg/check_reg.html?_=1688175180252 HTTP/1.1" 200 22
116.238.191.126 - - [01/Jul/2023:09:34:24 +0800] "GET /xingrg/all/function/internal_message.html?_=1688175180251&CODE_STATE=count HTTP/1.1" 200 11
218.81.69.20 - - [01/Jul/2023:09:34:24 +0800] "GET /xingrg/index.html?sysBaseUrl=http%3A%2F%2F180.169.147.146%3A18081%2Fxingrg%2F&costTime=86×tamp=1688175264152 HTTP/1.1" 200 17179
116.238.191.126 - - [01/Jul/2023:09:34:24 +0800] "POST /xingrg/load_menu.html HTTP/1.1" 200 5138
124.79.79.0 - - [01/Jul/2023:09:34:24 +0800] "POST /xingrg/services/DataTransmitService HTTP/1.1" 200 501
180.169.147.146 - - [01/Jul/2023:09:34:24 +0800] "GET /xingrg/all/report/report_query.html?fileName=kc/buy/gys_amount_base_rest.xml HTTP/1.1" 200 51664
180.169.147.146 - - [01/Jul/2023:09:34:24 +0800] "GET /xingrg/dwr/interface/AjaxReportQueryService.js HTTP/1.1" 200 13203
180.169.147.146 - - [01/Jul/2023:09:34:24 +0800] "GET /xingrg/dwr/engine.js HTTP/1.1" 200 43631
218.81.69.20 - - [01/Jul/2023:09:34:24 +0800] "POST /xingrg/all/common/load_tree.html?tree=area_rest_tree_json&manage=1 HTTP/1.1" 200 476
180.169.147.146 - - [01/Jul/2023:09:34:24 +0800] "POST /xingrg/dwr/call/plaincall/AjaxReportQueryService.getFixDate.dwr HTTP/1.1" 200 111
124.79.79.0 - - [01/Jul/2023:09:34:24 +0800] "POST /xingrg/services/DataTransmitService HTTP/1.1" 200 412
218.81.69.20 - - [01/Jul/2023:09:34:24 +0800] "GET /xingrg/all/function/internal_message.html?_=1688175266086&CODE_STATE=count HTTP/1.1" 200 11
180.169.147.146 - - [01/Jul/2023:09:34:24 +0800] "POST /xingrg/all/common/load_tree.html?tree=area_rest_tree_json&manage=1 HTTP/1.1" 200 3499
218.81.69.20 - - [01/Jul/2023:09:34:24 +0800] "GET /xingrg/check_reg.html?_=1688175266088 HTTP/1.1" 200 22
218.81.69.20 - - [01/Jul/2023:09:34:24 +0800] "GET /favicon.ico HTTP/1.1" 404 -
218.81.69.20 - - [01/Jul/2023:09:34:24 +0800] "POST /xingrg/load_menu.html HTTP/1.1" 200 5138
180.169.147.146 - - [01/Jul/2023:09:34:24 +0800] "POST /xingrg/all/common/load_tree.html?tree=supplier_tree_json&manage=1 HTTP/1.1" 200 76589
61.170.233.201 - - [01/Jul/2023:09:34:25 +0800] "GET /xingrg/login.html HTTP/1.1" 200 7641
218.81.69.20 - - [01/Jul/2023:09:34:25 +0800] "POST /xingrg/login.do HTTP/1.1" 302 -
218.81.69.20 - - [01/Jul/2023:09:34:25 +0800] "GET /xingrg/index.html?sysBaseUrl=http%3A%2F%2F180.169.147.146%3A18081%2Fxingrg%2F&costTime=36×tamp=1688175265522 HTTP/1.1" 200 17179
218.81.69.20 - - [01/Jul/2023:09:34:25 +0800] "GET /favicon.ico HTTP/1.1" 404 -
218.81.69.20 - - [01/Jul/2023:09:34:25 +0800] "POST /xingrg/all/common/load_tree.html?tree=area_rest_tree_json&manage=1 HTTP/1.1" 200 351
218.81.69.20 - - [01/Jul/2023:09:34:25 +0800] "GET /xingrg/check_reg.html?_=1688175268256 HTTP/1.1" 200 22
218.81.69.20 - - [01/Jul/2023:09:34:25 +0800] "GET /xingrg/all/function/internal_message.html?_=1688175268255&CODE_STATE=count HTTP/1.1" 200 11
218.81.69.20 - - [01/Jul/2023:09:34:25 +0800] "POST /xingrg/load_menu.html HTTP/1.1" 200 5138
101.83.145.52 - - [01/Jul/2023:09:34:26 +0800] "GET /xingrg/all/function/internal_message.html?_=1688175085510&CODE_STATE=getMsg HTTP/1.1" 302 -
218.81.69.20 - - [01/Jul/2023:09:34:26 +0800] "GET /xingrg/kc/base/base_main.html HTTP/1.1" 200 12142
172.20.0.100 - - [01/Jul/2023:09:34:26 +0800] "GET /xingrg/all/function/internal_message.html?_=1688175265898&CODE_STATE=getMsg HTTP/1.1" 302 -
116.238.191.126 - - [01/Jul/2023:09:34:26 +0800] "GET /xingrg/kc/mdqp/pssh_order_list.html HTTP/1.1" 200 17886
116.238.191.126 - - [01/Jul/2023:09:34:26 +0800] "GET /xingrg/css/site.css HTTP/1.1" 304 -
116.238.191.126 - - [01/Jul/2023:09:34:26 +0800] "GET /xingrg/css/base.css HTTP/1.1" 304 -
116.238.191.126 - - [01/Jul/2023:09:34:26 +0800] "GET /xingrg/javascript/easyui/themes/default/easyui.css HTTP/1.1" 304 -
116.238.191.126 - - [01/Jul/2023:09:34:26 +0800] "GET /xingrg/javascript/jquery_tools/fix.css HTTP/1.1" 304 -
116.238.191.126 - - [01/Jul/2023:09:34:26 +0800] "GET /xingrg/javascript/jquery_tools/datebox.css HTTP/1.1" 304 -
116.238.191.126 - - [01/Jul/2023:09:34:26 +0800] "GET /xingrg/javascript/easyui/themes/icon.css HTTP/1.1" 304 -
116.238.191.126 - - [01/Jul/2023:09:34:26 +0800] "GET /xingrg/javascript/jquery_tools/jquery.tools.min.js HTTP/1.1" 304 -
116.238.191.126 - - [01/Jul/2023:09:34:26 +0800] "GET /xingrg/javascript/jquery_tools/table.css HTTP/1.1" 304 -
116.238.191.126 - - [01/Jul/2023:09:34:26 +0800] "GET /xingrg/javascript/auto/jquery.autocomplete.css HTTP/1.1" 304 -
116.238.191.126 - - [01/Jul/2023:09:34:26 +0800] "GET /xingrg/javascript/auto/jquery.autocomplete.js HTTP/1.1" 304 -
116.238.191.126 - - [01/Jul/2023:09:34:26 +0800] "GET /xingrg/javascript/jquery_tools/list_manager.js HTTP/1.1" 304 -
116.238.191.126 - - [01/Jul/2023:09:34:26 +0800] "GET /xingrg/javascript/jquery_tools/jquery.tools.extend.js HTTP/1.1" 304 -
116.238.191.126 - - [01/Jul/2023:09:34:26 +0800] "GET /xingrg/javascript/jquery_tools/jquery.tools.hotkey.js HTTP/1.1" 304 -
116.238.191.126 - - [01/Jul/2023:09:34:26 +0800] "GET /xingrg/javascript/jquery_tools/jquery.tools.table.js HTTP/1.1" 304 -
116.238.191.126 - - [01/Jul/2023:09:34:26 +0800] "GET /xingrg/javascript/jquery.cookie.js HTTP/1.1" 304 -
116.238.191.126 - - [01/Jul/2023:09:34:26 +0800] "GET /xingrg/javascript/easyui/easyloader.js HTTP/1.1" 304 -
116.238.191.126 - - [01/Jul/2023:09:34:27 +0800] "GET /xingrg/javascript/easyui/plugins/jquery.parser.js HTTP/1.1" 304 -
218.81.69.20 - - [01/Jul/2023:09:34:27 +0800] "GET /xingrg/kc/base/check_order_list.html HTTP/1.1" 200 16223
116.238.191.126 - - [01/Jul/2023:09:34:27 +0800] "POST /xingrg/kc/mdqp/pssh_list_operate.html HTTP/1.1" 200 5439
218.81.69.20 - - [01/Jul/2023:09:34:27 +0800] "POST /xingrg/kc/base/check_list_operate.html HTTP/1.1" 200 2550
114.83.222.128 - - [01/Jul/2023:09:34:27 +0800] "GET /xingrg/kc/base/check_order_list.html HTTP/1.1" 200 16223
114.83.222.52 - - [01/Jul/2023:09:34:28 +0800] "POST /xingrg/login.do HTTP/1.1" 302 -
114.83.222.52 - - [01/Jul/2023:09:34:28 +0800] "GET /xingrg/index.html?sysBaseUrl=http%3A%2F%2F180.169.147.146%3A18081%2Fxingrg%2F&costTime=68×tamp=1688175268030 HTTP/1.1" 200 17179
114.83.222.128 - - [01/Jul/2023:09:34:28 +0800] "POST /xingrg/kc/base/check_list_operate.html HTTP/1.1" 200 781
114.83.222.52 - - [01/Jul/2023:09:34:28 +0800] "GET /favicon.ico HTTP/1.1" 404 -
114.83.222.52 - - [01/Jul/2023:09:34:28 +0800] "POST /xingrg/all/common/load_tree.html?tree=area_rest_tree_json&manage=1 HTTP/1.1" 200 351
114.83.222.52 - - [01/Jul/2023:09:34:28 +0800] "GET /xingrg/check_reg.html?_=1688175265633 HTTP/1.1" 200 22
114.83.222.52 - - [01/Jul/2023:09:34:28 +0800] "GET /xingrg/all/function/internal_message.html?_=1688175265632&CODE_STATE=count HTTP/1.1" 200 11
114.83.222.52 - - [01/Jul/2023:09:34:28 +0800] "POST /xingrg/load_menu.html HTTP/1.1" 200 5138
218.81.69.20 - - [01/Jul/2023:09:34:28 +0800] "GET /xingrg/kc/base/check_order_list.html HTTP/1.1" 200 16223
218.81.69.20 - - [01/Jul/2023:09:34:28 +0800] "POST /xingrg/kc/base/check_list_operate.html HTTP/1.1" 200 2550
61.170.233.201 - - [01/Jul/2023:09:34:29 +0800] "GET /favicon.ico HTTP/1.1" 404 -
116.238.191.126 - - [01/Jul/2023:09:34:29 +0800] "POST /xingrg/kc/mdqp/pssh_list_operate.html HTTP/1.1" 200 785
218.81.69.20 - - [01/Jul/2023:09:34:29 +0800] "GET /xingrg/kc/base/check_order_info.html?code=452023063000430 HTTP/1.1" 200 26514
218.81.69.20 - - [01/Jul/2023:09:34:29 +0800] "GET /xingrg/dwr/interface/AjaxComOrderService.js HTTP/1.1" 200 18264
218.81.69.20 - - [01/Jul/2023:09:34:29 +0800] "GET /xingrg/dwr/interface/AjaxCheckService.js HTTP/1.1" 200 14003
218.81.69.20 - - [01/Jul/2023:09:34:29 +0800] "GET /xingrg/dwr/engine.js HTTP/1.1" 200 43631
116.238.191.126 - - [01/Jul/2023:09:34:30 +0800] "GET /xingrg/kc/mdqp/pssh_order_info.html?code=312023063000568 HTTP/1.1" 200 17324
116.238.191.126 - - [01/Jul/2023:09:34:30 +0800] "GET /xingrg/javascript/pic_change.js HTTP/1.1" 304 -
116.238.191.126 - - [01/Jul/2023:09:34:30 +0800] "GET /xingrg/javascript/jquery_tools/jquery-1.4.2.min.js HTTP/1.1" 404 1094
116.238.191.126 - - [01/Jul/2023:09:34:30 +0800] "GET /xingrg/words/20230629174244_words.js HTTP/1.1" 304 -
116.238.191.126 - - [01/Jul/2023:09:34:30 +0800] "GET /xingrg/javascript/jquery_tools/order_manager.js HTTP/1.1" 304 -
116.238.191.126 - - [01/Jul/2023:09:34:30 +0800] "GET /xingrg/javascript/json2.js HTTP/1.1" 304 -
116.238.191.126 - - [01/Jul/2023:09:34:30 +0800] "GET /xingrg/javascript/print/LodopFuncs.js HTTP/1.1" 304 -
116.238.191.126 - - [01/Jul/2023:09:34:30 +0800] "GET /xingrg/javascript/print/kc_print.js HTTP/1.1" 304 -
116.238.191.126 - - [01/Jul/2023:09:34:30 +0800] "GET /xingrg/javascript/convert.js HTTP/1.1" 304 -
218.81.69.20 - - [01/Jul/2023:09:34:30 +0800] "POST /xingrg/dwr/call/plaincall/AjaxCheckService.loadOrderItems.dwr HTTP/1.1" 200 151393
116.238.191.126 - - [01/Jul/2023:09:34:30 +0800] "GET /xingrg/javascript/easyui/themes/icons/back_new.png HTTP/1.1" 304 -
116.238.191.126 - - [01/Jul/2023:09:34:30 +0800] "POST /xingrg/kc/mdqp/pssh_order_operate.html HTTP/1.1" 200 19309
218.81.69.20 - - [01/Jul/2023:09:34:30 +0800] "GET /xingrg/kc/base/check_order_info.html?code=452023063000438 HTTP/1.1" 200 26514
218.81.69.20 - - [01/Jul/2023:09:34:30 +0800] "GET /xingrg/dwr/interface/AjaxComOrderService.js HTTP/1.1" 200 18264
218.81.69.20 - - [01/Jul/2023:09:34:30 +0800] "GET /xingrg/dwr/interface/AjaxCheckService.js HTTP/1.1" 200 14003
218.81.69.20 - - [01/Jul/2023:09:34:30 +0800] "GET /xingrg/dwr/engine.js HTTP/1.1" 200 43631
180.163.30.85 - - [01/Jul/2023:09:34:31 +0800] "GET /xingrg/check_reg.html?_=1688175206662 HTTP/1.1" 302 -
180.163.30.85 - - [01/Jul/2023:09:34:31 +0800] "GET /xingrg/login.html HTTP/1.1" 200 7641
218.81.69.20 - - [01/Jul/2023:09:34:31 +0800] "POST /xingrg/dwr/call/plaincall/AjaxCheckService.loadOrderItems.dwr HTTP/1.1" 200 49852
116.238.191.126 - - [01/Jul/2023:09:34:31 +0800] "GET /xingrg/all/common/auto_word.html?type=base&rest_code=00150&rest_code=00150 HTTP/1.1" 200 1853
116.238.191.126 - - [01/Jul/2023:09:34:31 +0800] "GET /xingrg/all/common/auto_word.html?type=employee&rest_code=00150 HTTP/1.1" 200 159
116.238.191.126 - - [01/Jul/2023:09:34:31 +0800] "GET /xingrg/javascript/easyui/plugins/jquery.validatebox.js HTTP/1.1" 304 -
116.238.191.126 - - [01/Jul/2023:09:34:31 +0800] "GET /xingrg/javascript/easyui/themes/default/validatebox.css HTTP/1.1" 404 1104
116.238.191.126 - - [01/Jul/2023:09:34:31 +0800] "GET /xingrg/javascript/easyui/plugins/jquery.numberbox.js HTTP/1.1" 304 -
180.169.147.146 - - [01/Jul/2023:09:34:31 +0800] "POST /xingrg/login.do HTTP/1.1" 302 -
180.169.147.146 - - [01/Jul/2023:09:34:31 +0800] "GET /xingrg/index.html?sysBaseUrl=http%3A%2F%2F180.169.147.146%3A18081%2Fxingrg%2F&costTime=28×tamp=1688175271598 HTTP/1.1" 200 17179
180.169.147.146 - - [01/Jul/2023:09:34:31 +0800] "GET /favicon.ico HTTP/1.1" 404 -
180.169.147.146 - - [01/Jul/2023:09:34:31 +0800] "POST /xingrg/all/common/load_tree.html?tree=area_rest_tree_json&manage=1 HTTP/1.1" 200 351
180.169.147.146 - - [01/Jul/2023:09:34:31 +0800] "GET /xingrg/check_reg.html?_=1688175267679 HTTP/1.1" 200 22
180.169.147.146 - - [01/Jul/2023:09:34:31 +0800] "GET /xingrg/all/function/internal_message.html?_=1688175267678&CODE_STATE=count HTTP/1.1" 200 11
180.169.147.146 - - [01/Jul/2023:09:34:31 +0800] "POST /xingrg/load_menu.html HTTP/1.1" 200 5138
61.170.233.201 - - [01/Jul/2023:09:34:32 +0800] "POST /xingrg/login.do HTTP/1.1" 302 -
61.170.233.201 - - [01/Jul/2023:09:34:32 +0800] "GET /xingrg/index.html?sysBaseUrl=http%3A%2F%2F180.169.147.146%3A18081%2Fxingrg%2F&costTime=49×tamp=1688175272252 HTTP/1.1" 200 17173
61.170.233.201 - - [01/Jul/2023:09:34:32 +0800] "POST /xingrg/all/common/load_tree.html?tree=area_rest_tree_json&manage=1 HTTP/1.1" 200 342
61.170.233.201 - - [01/Jul/2023:09:34:32 +0800] "GET /xingrg/check_reg.html?_=1688175268615 HTTP/1.1" 200 22
61.170.233.201 - - [01/Jul/2023:09:34:32 +0800] "GET /xingrg/all/function/internal_message.html?_=1688175268613&CODE_STATE=count HTTP/1.1" 200 11
61.170.233.201 - - [01/Jul/2023:09:34:33 +0800] "GET /favicon.ico HTTP/1.1" 404 -
61.170.233.201 - - [01/Jul/2023:09:34:33 +0800] "POST /xingrg/load_menu.html HTTP/1.1" 200 5138
116.238.191.126 - - [01/Jul/2023:09:34:33 +0800] "POST /xingrg/kc/mdqp/pssh_order_operate.html HTTP/1.1" 200 37
61.170.233.201 - - [01/Jul/2023:09:34:34 +0800] "GET /xingrg/kc/buy/buy_main.html HTTP/1.1" 200 12412
61.170.233.201 - - [01/Jul/2023:09:34:34 +0800] "GET /xingrg/css/new_ie.css HTTP/1.1" 404 1036
180.169.147.146 - - [01/Jul/2023:09:34:34 +0800] "GET /xingrg/kc/base/check_order_list.html HTTP/1.1" 200 16223
116.238.191.126 - - [01/Jul/2023:09:34:34 +0800] "POST /xingrg/kc/mdqp/pssh_order_operate.html HTTP/1.1" 200 12
61.170.233.201 - - [01/Jul/2023:09:34:35 +0800] "GET /xingrg/images/yd/bt.gif HTTP/1.1" 404 1040
218.81.69.20 - - [01/Jul/2023:09:34:35 +0800] "POST /xingrg/dwr/call/plaincall/AjaxCheckService.setItemNumber.dwr HTTP/1.1" 200 76
180.169.147.146 - - [01/Jul/2023:09:34:36 +0800] "POST /xingrg/kc/base/check_list_operate.html HTTP/1.1" 200 4796
116.238.191.126 - - [01/Jul/2023:09:34:36 +0800] "GET /xingrg/kc/mdqp/pssh_order_info.html?code=312023063000568 HTTP/1.1" 200 14400
61.170.233.201 - - [01/Jul/2023:09:34:36 +0800] "GET /xingrg/kc/buy/cgsh_order_list.html HTTP/1.1" 200 55838
116.238.191.126 - - [01/Jul/2023:09:34:36 +0800] "GET /xingrg/javascript/jquery_tools/jquery-1.4.2.min.js HTTP/1.1" 404 1094
218.81.69.20 - - [01/Jul/2023:09:34:36 +0800] "POST /xingrg/dwr/call/plaincall/AjaxCheckService.setItemNumber.dwr HTTP/1.1" 200 76
116.238.191.126 - - [01/Jul/2023:09:34:36 +0800] "GET /xingrg/javascript/easyui/themes/icons/uncheck_new.png HTTP/1.1" 304 -
116.238.191.126 - - [01/Jul/2023:09:34:36 +0800] "GET /xingrg/javascript/easyui/themes/default/validatebox.css HTTP/1.1" 404 1104
116.238.191.126 - - [01/Jul/2023:09:34:36 +0800] "POST /xingrg/kc/mdqp/pssh_order_operate.html HTTP/1.1" 200 19309
218.81.69.20 - - [01/Jul/2023:09:34:36 +0800] "POST /xingrg/dwr/call/plaincall/AjaxCheckService.setItemNumber.dwr HTTP/1.1" 200 76
218.81.69.20 - - [01/Jul/2023:09:34:37 +0800] "POST /xingrg/dwr/call/plaincall/AjaxCheckService.setItemNumber.dwr HTTP/1.1" 200 76
180.169.147.146 - - [01/Jul/2023:09:34:37 +0800] "POST /xingrg/dwr/call/plaincall/AjaxReportQueryService.refreshCache.dwr HTTP/1.1" 200 78
218.81.69.20 - - [01/Jul/2023:09:34:37 +0800] "POST /xingrg/dwr/call/plaincall/AjaxCheckService.setItemNumber.dwr HTTP/1.1" 200 76
218.81.69.20 - - [01/Jul/2023:09:34:37 +0800] "POST /xingrg/dwr/call/plaincall/AjaxCheckService.setItemNumber.dwr HTTP/1.1" 200 76
218.81.69.20 - - [01/Jul/2023:09:34:38 +0800] "POST /xingrg/dwr/call/plaincall/AjaxCheckService.setItemNumber.dwr HTTP/1.1" 200 76
61.170.233.201 - - [01/Jul/2023:09:34:38 +0800] "POST /xingrg/kc/buy/cgsh_list_operate.html HTTP/1.1" 200 986
218.81.69.20 - - [01/Jul/2023:09:34:38 +0800] "POST /xingrg/dwr/call/plaincall/AjaxCheckService.setItemNumber.dwr HTTP/1.1" 200 76
180.169.147.146 - - [01/Jul/2023:09:34:38 +0800] "POST /xingrg/all/report/load_report_page.html HTTP/1.1" 200 51465
180.169.147.146 - - [01/Jul/2023:09:34:38 +0800] "GET /xingrg/servlets/image?cache=0.3716114695860201&image=px HTTP/1.1" 200 807
116.238.191.126 - - [01/Jul/2023:09:34:38 +0800] "GET /xingrg/kc/print/load_config.html?kc_code=pssh HTTP/1.1" 200 2368
116.238.191.126 - - [01/Jul/2023:09:34:39 +0800] "GET /xingrg/kc/print/load_data.html?order_code=312023063000568&kc_code=pssh&condition= HTTP/1.1" 200 7352
218.81.69.20 - - [01/Jul/2023:09:34:39 +0800] "POST /xingrg/dwr/call/plaincall/AjaxCheckService.setItemNumber.dwr HTTP/1.1" 200 76
218.81.69.20 - - [01/Jul/2023:09:34:39 +0800] "POST /xingrg/dwr/call/plaincall/AjaxCheckService.setItemNumber.dwr HTTP/1.1" 200 77
218.81.69.20 - - [01/Jul/2023:09:34:39 +0800] "POST /xingrg/dwr/call/plaincall/AjaxCheckService.setItemNumber.dwr HTTP/1.1" 200 77
180.169.147.146 - - [01/Jul/2023:09:34:41 +0800] "GET /xingrg/kc/base/check_order_info.html?code=452023063000523 HTTP/1.1" 200 26402
180.169.147.146 - - [01/Jul/2023:09:34:41 +0800] "GET /xingrg/dwr/interface/AjaxCheckService.js HTTP/1.1" 200 14003
180.169.147.146 - - [01/Jul/2023:09:34:41 +0800] "GET /xingrg/dwr/interface/AjaxComOrderService.js HTTP/1.1" 200 18264
180.169.147.146 - - [01/Jul/2023:09:34:41 +0800] "GET /xingrg/dwr/engine.js HTTP/1.1" 200 43631
180.169.147.146 - - [01/Jul/2023:09:34:41 +0800] "GET /xingrg/dwr/util.js HTTP/1.1" 200 35990
218.81.69.20 - - [01/Jul/2023:09:34:41 +0800] "POST /xingrg/dwr/call/plaincall/AjaxCheckService.setItemNumber.dwr HTTP/1.1" 200 77
218.81.69.20 - - [01/Jul/2023:09:34:41 +0800] "POST /xingrg/dwr/call/plaincall/AjaxCheckService.setItemNumber.dwr HTTP/1.1" 200 77
61.170.233.201 - - [01/Jul/2023:09:34:41 +0800] "GET /xingrg/kc/buy/cgsh_order_add.html HTTP/1.1" 200 71620
61.170.233.201 - - [01/Jul/2023:09:34:41 +0800] "POST /xingrg/kc/buy/cgsh_order_operate.html HTTP/1.1" 200 8245
61.170.233.201 - - [01/Jul/2023:09:34:41 +0800] "GET /xingrg/javascript/easyui/themes/default/validatebox.css HTTP/1.1" 404 1104
180.169.147.146 - - [01/Jul/2023:09:34:41 +0800] "POST /xingrg/dwr/call/plaincall/AjaxCheckService.loadOrderItems.dwr HTTP/1.1" 200 56153
61.170.233.201 - - [01/Jul/2023:09:34:42 +0800] "GET /xingrg/all/common/auto_word.html?type=employee&rest_code=00106 HTTP/1.1" 200 205
218.81.69.20 - - [01/Jul/2023:09:34:42 +0800] "POST /xingrg/dwr/call/plaincall/AjaxCheckService.setItemNumber.dwr HTTP/1.1" 200 77
114.83.222.128 - - [01/Jul/2023:09:34:42 +0800] "POST /xingrg/kc/base/check_list_operate.html HTTP/1.1" 200 3423
218.81.69.20 - - [01/Jul/2023:09:34:42 +0800] "POST /xingrg/dwr/call/plaincall/AjaxCheckService.setItemNumber.dwr HTTP/1.1" 200 77
61.170.233.201 - - [01/Jul/2023:09:34:42 +0800] "GET /xingrg/all/common/auto_word.html?type=employee&rest_code=00106 HTTP/1.1" 200 205
218.81.69.20 - - [01/Jul/2023:09:34:43 +0800] "POST /xingrg/dwr/call/plaincall/AjaxCheckService.setItemNumber.dwr HTTP/1.1" 200 77
218.81.69.20 - - [01/Jul/2023:09:34:43 +0800] "POST /xingrg/dwr/call/plaincall/AjaxCheckService.setItemNumber.dwr HTTP/1.1" 200 77
120.253.135.82 - - [01/Jul/2023:09:34:44 +0800] "GET /xingrg/all/function/internal_message.html?_=1688175114261&CODE_STATE=getMsg HTTP/1.1" 302 -
61.170.233.201 - - [01/Jul/2023:09:34:44 +0800] "GET /xingrg/javascript/easyui/themes/default/tree.css HTTP/1.1" 404 1090
