120.253.135.82 - - [01/Jul/2023:07:06:16 +0800] "GET /xingrg/check_reg.html?_=1688166206464 HTTP/1.1" 200 22
120.253.135.82 - - [01/Jul/2023:07:06:20 +0800] "GET /xingrg/all/function/internal_message.html?_=1688166210406&CODE_STATE=getMsg HTTP/1.1" 200 27
116.238.191.126 - - [01/Jul/2023:07:06:21 +0800] "GET /xingrg/check_reg.html?_=1688166298039 HTTP/1.1" 200 22
180.169.147.146 - - [01/Jul/2023:07:06:22 +0800] "GET /xingrg/all/function/internal_message.html?_=1688166400650&CODE_STATE=getMsg HTTP/1.1" 200 27
61.170.233.201 - - [01/Jul/2023:07:06:30 +0800] "GET /xingrg/all/function/internal_message.html?_=1688166386391&CODE_STATE=getMsg HTTP/1.1" 200 27
116.238.191.126 - - [01/Jul/2023:07:06:41 +0800] "GET /xingrg/all/function/internal_message.html?_=1688166318020&CODE_STATE=getMsg HTTP/1.1" 200 27
114.93.33.65 - - [01/Jul/2023:07:06:47 +0800] "GET /xingrg/all/function/internal_message.html?_=1688166416399&CODE_STATE=getMsg HTTP/1.1" 200 27
114.85.113.108 - - [01/Jul/2023:07:06:53 +0800] "GET /xingrg/check_reg.html?_=1688166407505 HTTP/1.1" 200 22
120.253.135.82 - - [01/Jul/2023:07:06:58 +0800] "POST /xingrg/kc/base/stock_operate.html HTTP/1.1" 200 1733
114.85.113.108 - - [01/Jul/2023:07:07:01 +0800] "GET /xingrg/all/function/internal_message.html?_=1688166415136&CODE_STATE=getMsg HTTP/1.1" 200 27
180.169.147.146 - - [01/Jul/2023:07:07:14 +0800] "GET /xingrg/check_reg.html?_=1688166452748 HTTP/1.1" 200 22
116.235.240.62 - - [01/Jul/2023:07:07:16 +0800] "GET /xingrg/all/function/internal_message.html?_=1688166454203&CODE_STATE=getMsg HTTP/1.1" 200 27
120.253.135.82 - - [01/Jul/2023:07:07:20 +0800] "POST /xingrg/kc/base/stock_operate.html HTTP/1.1" 200 1473
120.253.135.82 - - [01/Jul/2023:07:07:20 +0800] "GET /xingrg/all/function/internal_message.html?_=1688166270421&CODE_STATE=getMsg HTTP/1.1" 200 27
180.169.147.146 - - [01/Jul/2023:07:07:22 +0800] "GET /xingrg/all/function/internal_message.html?_=1688166460657&CODE_STATE=getMsg HTTP/1.1" 200 27
120.253.135.82 - - [01/Jul/2023:07:07:30 +0800] "POST /xingrg/kc/base/stock_operate.html HTTP/1.1" 200 1468
61.170.233.201 - - [01/Jul/2023:07:07:30 +0800] "GET /xingrg/all/function/internal_message.html?_=1688166446393&CODE_STATE=getMsg HTTP/1.1" 200 27
116.238.191.126 - - [01/Jul/2023:07:07:41 +0800] "GET /xingrg/all/function/internal_message.html?_=1688166378033&CODE_STATE=getMsg HTTP/1.1" 200 27
116.235.240.62 - - [01/Jul/2023:07:07:47 +0800] "GET /xingrg/check_reg.html?_=1688166488752 HTTP/1.1" 200 22
114.93.33.65 - - [01/Jul/2023:07:07:47 +0800] "GET /xingrg/check_reg.html?_=1688166476407 HTTP/1.1" 200 22
114.93.33.65 - - [01/Jul/2023:07:07:47 +0800] "GET /xingrg/all/function/internal_message.html?_=1688166476400&CODE_STATE=getMsg HTTP/1.1" 200 27
120.253.135.82 - - [01/Jul/2023:07:07:50 +0800] "POST /xingrg/kc/base/stock_operate.html HTTP/1.1" 200 2766
114.85.113.108 - - [01/Jul/2023:07:08:01 +0800] "GET /xingrg/all/function/internal_message.html?_=1688166475125&CODE_STATE=getMsg HTTP/1.1" 200 27
116.235.240.62 - - [01/Jul/2023:07:08:01 +0800] "GET /xingrg/login.html HTTP/1.1" 200 7641
116.235.240.62 - - [01/Jul/2023:07:08:01 +0800] "GET /favicon.ico HTTP/1.1" 404 -
116.235.240.62 - - [01/Jul/2023:07:08:04 +0800] "POST /xingrg/login.do HTTP/1.1" 302 -
116.235.240.62 - - [01/Jul/2023:07:08:04 +0800] "GET /xingrg/index.html?sysBaseUrl=http%3A%2F%2F180.169.147.146%3A18081%2Fxingrg%2F&costTime=857×tamp=1688166484550 HTTP/1.1" 200 17179
116.235.240.62 - - [01/Jul/2023:07:08:04 +0800] "GET /xingrg/javascript/jquery_easy_ui/themes/default/easyui.css HTTP/1.1" 304 -
116.235.240.62 - - [01/Jul/2023:07:08:04 +0800] "GET /xingrg/javascript/jquery_easy_ui/themes/icon.css HTTP/1.1" 304 -
116.235.240.62 - - [01/Jul/2023:07:08:04 +0800] "GET /xingrg/javascript/jquery-1.4.2.min.js HTTP/1.1" 304 -
116.235.240.62 - - [01/Jul/2023:07:08:04 +0800] "GET /xingrg/css/form.css HTTP/1.1" 304 -
116.235.240.62 - - [01/Jul/2023:07:08:04 +0800] "GET /xingrg/javascript/jquery.utils.js HTTP/1.1" 304 -
116.235.240.62 - - [01/Jul/2023:07:08:04 +0800] "GET /xingrg/javascript/jquery.form.js HTTP/1.1" 304 -
116.235.240.62 - - [01/Jul/2023:07:08:04 +0800] "GET /xingrg/javascript/jquery_easy_ui/easyui-lang-zh_CN.js HTTP/1.1" 304 -
116.235.240.62 - - [01/Jul/2023:07:08:04 +0800] "GET /xingrg/javascript/jquery.timers.js HTTP/1.1" 304 -
116.235.240.62 - - [01/Jul/2023:07:08:04 +0800] "GET /xingrg/javascript/jquery_easy_ui/jquery.easyui.min.js HTTP/1.1" 304 -
116.235.240.62 - - [01/Jul/2023:07:08:04 +0800] "GET /favicon.ico HTTP/1.1" 404 -
116.235.240.62 - - [01/Jul/2023:07:08:04 +0800] "GET /xingrg/check_reg.html?_=1688166506089 HTTP/1.1" 200 22
116.235.240.62 - - [01/Jul/2023:07:08:04 +0800] "GET /xingrg/all/function/internal_message.html?_=1688166506088&CODE_STATE=count HTTP/1.1" 200 11
116.235.240.62 - - [01/Jul/2023:07:08:04 +0800] "POST /xingrg/all/common/load_tree.html?tree=area_rest_tree_json&manage=1 HTTP/1.1" 200 479
116.235.240.62 - - [01/Jul/2023:07:08:04 +0800] "POST /xingrg/load_menu.html HTTP/1.1" 200 5138
120.253.135.82 - - [01/Jul/2023:07:08:11 +0800] "POST /xingrg/kc/base/stock_operate.html HTTP/1.1" 200 1482
116.235.240.62 - - [01/Jul/2023:07:08:15 +0800] "GET /xingrg/kc/buy/cgsh_order_list.html HTTP/1.1" 200 55844
116.235.240.62 - - [01/Jul/2023:07:08:15 +0800] "GET /xingrg/css/base.css HTTP/1.1" 304 -
116.235.240.62 - - [01/Jul/2023:07:08:15 +0800] "GET /xingrg/javascript/jquery_tools/datebox.css HTTP/1.1" 304 -
116.235.240.62 - - [01/Jul/2023:07:08:15 +0800] "GET /xingrg/css/site.css HTTP/1.1" 304 -
116.235.240.62 - - [01/Jul/2023:07:08:15 +0800] "GET /xingrg/javascript/easyui/themes/default/easyui.css HTTP/1.1" 304 -
116.235.240.62 - - [01/Jul/2023:07:08:15 +0800] "GET /xingrg/javascript/easyui/themes/icon.css HTTP/1.1" 304 -
116.235.240.62 - - [01/Jul/2023:07:08:15 +0800] "GET /xingrg/javascript/auto/jquery.autocomplete.css HTTP/1.1" 304 -
116.235.240.62 - - [01/Jul/2023:07:08:15 +0800] "GET /xingrg/javascript/jquery_tools/fix.css HTTP/1.1" 304 -
116.235.240.62 - - [01/Jul/2023:07:08:15 +0800] "GET /xingrg/javascript/jquery_tools/list_manager.js HTTP/1.1" 304 -
116.235.240.62 - - [01/Jul/2023:07:08:15 +0800] "GET /xingrg/javascript/auto/jquery.autocomplete.js HTTP/1.1" 304 -
116.235.240.62 - - [01/Jul/2023:07:08:15 +0800] "GET /xingrg/javascript/easyui/easyloader.js HTTP/1.1" 304 -
116.235.240.62 - - [01/Jul/2023:07:08:15 +0800] "GET /xingrg/javascript/jquery_tools/jquery.tools.table.js HTTP/1.1" 304 -
116.235.240.62 - - [01/Jul/2023:07:08:15 +0800] "GET /xingrg/javascript/jquery_tools/jquery.tools.extend.js HTTP/1.1" 304 -
116.235.240.62 - - [01/Jul/2023:07:08:15 +0800] "GET /xingrg/javascript/jquery.cookie.js HTTP/1.1" 304 -
116.235.240.62 - - [01/Jul/2023:07:08:15 +0800] "GET /xingrg/javascript/print/LodopFuncs.js HTTP/1.1" 304 -
116.235.240.62 - - [01/Jul/2023:07:08:15 +0800] "GET /xingrg/javascript/jquery_tools/jquery.tools.hotkey.js HTTP/1.1" 304 -
116.235.240.62 - - [01/Jul/2023:07:08:15 +0800] "GET /xingrg/javascript/jquery_tools/jquery.tools.min.js HTTP/1.1" 304 -
116.235.240.62 - - [01/Jul/2023:07:08:15 +0800] "GET /xingrg/javascript/jquery_tools/table.css HTTP/1.1" 304 -
116.235.240.62 - - [01/Jul/2023:07:08:15 +0800] "GET /xingrg/javascript/easyui/plugins/jquery.parser.js HTTP/1.1" 304 -
116.235.240.62 - - [01/Jul/2023:07:08:16 +0800] "GET /xingrg/all/function/internal_message.html?_=1688166514211&CODE_STATE=getMsg HTTP/1.1" 200 27
116.235.240.62 - - [01/Jul/2023:07:08:18 +0800] "POST /xingrg/kc/buy/cgsh_list_operate.html HTTP/1.1" 200 986
120.253.135.82 - - [01/Jul/2023:07:08:20 +0800] "GET /xingrg/all/function/internal_message.html?_=1688166330435&CODE_STATE=getMsg HTTP/1.1" 200 27
180.169.147.146 - - [01/Jul/2023:07:08:22 +0800] "GET /xingrg/all/function/internal_message.html?_=1688166520670&CODE_STATE=getMsg HTTP/1.1" 200 27
116.235.240.62 - - [01/Jul/2023:07:08:23 +0800] "GET /xingrg/kc/base/wldb_order_list.html HTTP/1.1" 200 19104
116.235.240.62 - - [01/Jul/2023:07:08:24 +0800] "POST /xingrg/kc/base/wldb_list_operate.html HTTP/1.1" 200 928
101.85.192.74 - - [01/Jul/2023:07:08:25 +0800] "POST /xingrg/services/DataTransmitService HTTP/1.1" 200 524
116.235.240.62 - - [01/Jul/2023:07:08:26 +0800] "GET /xingrg/kc/base/wldb_order_add.html HTTP/1.1" 200 30387
116.235.240.62 - - [01/Jul/2023:07:08:26 +0800] "GET /xingrg/javascript/pic_change.js HTTP/1.1" 304 -
116.235.240.62 - - [01/Jul/2023:07:08:26 +0800] "GET /xingrg/javascript/jquery_tools/order_manager.js HTTP/1.1" 304 -
116.235.240.62 - - [01/Jul/2023:07:08:26 +0800] "GET /xingrg/javascript/convert.js HTTP/1.1" 304 -
116.235.240.62 - - [01/Jul/2023:07:08:26 +0800] "GET /xingrg/javascript/json2.js HTTP/1.1" 304 -
116.235.240.62 - - [01/Jul/2023:07:08:26 +0800] "GET /xingrg/javascript/print/kc_print.js HTTP/1.1" 304 -
116.235.240.62 - - [01/Jul/2023:07:08:26 +0800] "GET /xingrg/words/20230629174244_words.js HTTP/1.1" 304 -
116.235.240.62 - - [01/Jul/2023:07:08:26 +0800] "POST /xingrg/kc/base/wldb_order_operate.html HTTP/1.1" 200 6806
116.235.240.62 - - [01/Jul/2023:07:08:26 +0800] "GET /xingrg/all/common/auto_word.html?type=base&rest_code=00146 HTTP/1.1" 200 1799
116.235.240.62 - - [01/Jul/2023:07:08:26 +0800] "GET /xingrg/all/common/auto_word.html?type=base&rest_code=00146 HTTP/1.1" 200 1799
116.235.240.62 - - [01/Jul/2023:07:08:26 +0800] "GET /xingrg/javascript/easyui/themes/default/validatebox.css HTTP/1.1" 404 1104
116.235.240.62 - - [01/Jul/2023:07:08:26 +0800] "GET /xingrg/javascript/easyui/plugins/jquery.validatebox.js HTTP/1.1" 304 -
116.235.240.62 - - [01/Jul/2023:07:08:27 +0800] "GET /xingrg/javascript/easyui/plugins/jquery.numberbox.js HTTP/1.1" 304 -
120.253.135.82 - - [01/Jul/2023:07:08:28 +0800] "POST /xingrg/kc/base/stock_operate.html HTTP/1.1" 200 1697
180.163.28.114 - - [01/Jul/2023:07:08:30 +0800] "GET /xingrg/all/function/internal_message.html?_=1688166446393&CODE_STATE=getMsg HTTP/1.1" 302 -
61.170.233.201 - - [01/Jul/2023:07:08:30 +0800] "GET /xingrg/all/function/internal_message.html?_=1688166506399&CODE_STATE=getMsg HTTP/1.1" 200 27
61.170.233.201 - - [01/Jul/2023:07:08:30 +0800] "GET /xingrg/check_reg.html?_=1688166506403 HTTP/1.1" 200 22
180.163.28.114 - - [01/Jul/2023:07:08:30 +0800] "GET /xingrg/login.html HTTP/1.1" 200 7641
116.235.240.62 - - [01/Jul/2023:07:08:35 +0800] "GET /xingrg/javascript/auto/indicator.gif HTTP/1.1" 404 1066
116.238.191.126 - - [01/Jul/2023:07:08:41 +0800] "GET /xingrg/all/function/internal_message.html?_=1688166438078&CODE_STATE=getMsg HTTP/1.1" 200 27
120.253.135.82 - - [01/Jul/2023:07:08:46 +0800] "POST /xingrg/kc/base/stock_operate.html HTTP/1.1" 200 1731
114.93.33.65 - - [01/Jul/2023:07:08:47 +0800] "GET /xingrg/all/function/internal_message.html?_=1688166536406&CODE_STATE=getMsg HTTP/1.1" 200 27
116.235.240.62 - - [01/Jul/2023:07:08:54 +0800] "GET /xingrg/kc/mdqp/qqps_order_list.html HTTP/1.1" 200 9668
116.235.240.62 - - [01/Jul/2023:07:08:54 +0800] "GET /xingrg/css/blue.css HTTP/1.1" 304 -
116.235.240.62 - - [01/Jul/2023:07:08:54 +0800] "GET /xingrg/dwr/interface/AjaxQqpsService.js HTTP/1.1" 200 16326
116.235.240.62 - - [01/Jul/2023:07:08:54 +0800] "GET /xingrg/dwr/interface/AjaxReportQueryService.js HTTP/1.1" 200 13203
116.235.240.62 - - [01/Jul/2023:07:08:54 +0800] "GET /xingrg/dwr/util.js HTTP/1.1" 304 -
116.235.240.62 - - [01/Jul/2023:07:08:54 +0800] "GET /xingrg/javascript/myfunction.js HTTP/1.1" 304 -
116.235.240.62 - - [01/Jul/2023:07:08:54 +0800] "GET /xingrg/javascript/ToolTips.js HTTP/1.1" 304 -
116.235.240.62 - - [01/Jul/2023:07:08:54 +0800] "GET /xingrg/javascript/Calendar.js HTTP/1.1" 304 -
116.235.240.62 - - [01/Jul/2023:07:08:54 +0800] "GET /xingrg/dwr/engine.js HTTP/1.1" 200 43631
116.235.240.62 - - [01/Jul/2023:07:08:56 +0800] "GET /xingrg/kc/mdqp/qqps_order_add.html HTTP/1.1" 200 28069
116.235.240.62 - - [01/Jul/2023:07:08:56 +0800] "GET /xingrg/dwr/interface/AjaxComOrderService.js HTTP/1.1" 200 18264
116.235.240.62 - - [01/Jul/2023:07:08:56 +0800] "GET /xingrg/dwr/interface/AjaxQqpsService.js HTTP/1.1" 200 16326
116.235.240.62 - - [01/Jul/2023:07:08:56 +0800] "GET /xingrg/javascript/AjaxInfoList.js HTTP/1.1" 304 -
116.235.240.62 - - [01/Jul/2023:07:08:56 +0800] "GET /xingrg/javascript/tools/jquery.qtip-1.0.0-rc3.min.js HTTP/1.1" 304 -
116.235.240.62 - - [01/Jul/2023:07:08:56 +0800] "GET /xingrg/javascript/Grid.js HTTP/1.1" 304 -
116.235.240.62 - - [01/Jul/2023:07:08:56 +0800] "GET /xingrg/dwr/engine.js HTTP/1.1" 200 43631
120.253.135.82 - - [01/Jul/2023:07:08:58 +0800] "POST /xingrg/kc/base/stock_operate.html HTTP/1.1" 200 1756
114.85.113.108 - - [01/Jul/2023:07:09:01 +0800] "GET /xingrg/all/function/internal_message.html?_=1688166535113&CODE_STATE=getMsg HTTP/1.1" 200 27
116.235.240.62 - - [01/Jul/2023:07:09:04 +0800] "GET /xingrg/all/function/internal_message.html?_=1688166566096&CODE_STATE=getMsg HTTP/1.1" 200 27
116.235.240.62 - - [01/Jul/2023:07:09:10 +0800] "POST /xingrg/dwr/call/plaincall/AjaxQqpsService.saveOrder.dwr HTTP/1.1" 200 78
116.235.240.62 - - [01/Jul/2023:07:09:16 +0800] "GET /xingrg/all/function/internal_message.html?_=1688166574229&CODE_STATE=getMsg HTTP/1.1" 200 27
116.235.240.62 - - [01/Jul/2023:07:09:18 +0800] "POST /xingrg/dwr/call/plaincall/AjaxQqpsService.getMaterielByCode.dwr HTTP/1.1" 200 2673
120.253.135.82 - - [01/Jul/2023:07:09:20 +0800] "GET /xingrg/all/function/internal_message.html?_=1688166390448&CODE_STATE=getMsg HTTP/1.1" 200 27
180.169.147.146 - - [01/Jul/2023:07:09:22 +0800] "GET /xingrg/all/function/internal_message.html?_=1688166580696&CODE_STATE=getMsg HTTP/1.1" 200 27
61.170.233.201 - - [01/Jul/2023:07:09:30 +0800] "GET /xingrg/all/function/internal_message.html?_=1688166566390&CODE_STATE=getMsg HTTP/1.1" 200 27
116.235.240.62 - - [01/Jul/2023:07:09:37 +0800] "POST /xingrg/dwr/call/plaincall/AjaxQqpsService.saveMaterielItem.dwr HTTP/1.1" 200 78
116.238.191.126 - - [01/Jul/2023:07:09:41 +0800] "GET /xingrg/all/function/internal_message.html?_=1688166498092&CODE_STATE=getMsg HTTP/1.1" 200 27
114.93.33.65 - - [01/Jul/2023:07:09:47 +0800] "GET /xingrg/all/function/internal_message.html?_=1688166596404&CODE_STATE=getMsg HTTP/1.1" 200 27
116.235.240.62 - - [01/Jul/2023:07:09:54 +0800] "POST /xingrg/dwr/call/plaincall/AjaxQqpsService.getMaterielByCode.dwr HTTP/1.1" 200 2667
116.235.240.62 - - [01/Jul/2023:07:09:57 +0800] "POST /xingrg/dwr/call/plaincall/AjaxQqpsService.saveMaterielItem.dwr HTTP/1.1" 200 78
114.85.113.108 - - [01/Jul/2023:07:10:01 +0800] "GET /xingrg/all/function/internal_message.html?_=1688166595087&CODE_STATE=getMsg HTTP/1.1" 200 27
116.235.240.62 - - [01/Jul/2023:07:10:02 +0800] "POST /xingrg/dwr/call/plaincall/AjaxQqpsService.getMaterielByCode.dwr HTTP/1.1" 200 2709
116.235.240.62 - - [01/Jul/2023:07:10:04 +0800] "POST /xingrg/dwr/call/plaincall/AjaxQqpsService.saveMaterielItem.dwr HTTP/1.1" 200 78
116.235.240.62 - - [01/Jul/2023:07:10:04 +0800] "GET /xingrg/all/function/internal_message.html?_=1688166626110&CODE_STATE=getMsg HTTP/1.1" 200 27
116.235.240.62 - - [01/Jul/2023:07:10:06 +0800] "GET /xingrg/check_reg.html?_=1688166624442 HTTP/1.1" 200 22
116.235.240.62 - - [01/Jul/2023:07:10:13 +0800] "POST /xingrg/dwr/call/plaincall/AjaxQqpsService.getMaterielByCode.dwr HTTP/1.1" 200 2723
116.235.240.62 - - [01/Jul/2023:07:10:16 +0800] "GET /xingrg/all/function/internal_message.html?_=1688166634238&CODE_STATE=getMsg HTTP/1.1" 200 27
116.235.240.62 - - [01/Jul/2023:07:10:18 +0800] "POST /xingrg/dwr/call/plaincall/AjaxQqpsService.saveMaterielItem.dwr HTTP/1.1" 200 78
120.253.135.82 - - [01/Jul/2023:07:10:20 +0800] "GET /xingrg/all/function/internal_message.html?_=1688166450461&CODE_STATE=getMsg HTTP/1.1" 200 27
180.169.147.146 - - [01/Jul/2023:07:10:22 +0800] "GET /xingrg/all/function/internal_message.html?_=1688166640698&CODE_STATE=getMsg HTTP/1.1" 200 27
116.235.240.62 - - [01/Jul/2023:07:10:24 +0800] "POST /xingrg/dwr/call/plaincall/AjaxQqpsService.getMaterielByCode.dwr HTTP/1.1" 200 2748
116.235.240.62 - - [01/Jul/2023:07:10:27 +0800] "POST /xingrg/dwr/call/plaincall/AjaxQqpsService.saveMaterielItem.dwr HTTP/1.1" 200 79
61.170.233.201 - - [01/Jul/2023:07:10:30 +0800] "GET /xingrg/all/function/internal_message.html?_=1688166626391&CODE_STATE=getMsg HTTP/1.1" 200 27
116.235.240.62 - - [01/Jul/2023:07:10:36 +0800] "POST /xingrg/dwr/call/plaincall/AjaxQqpsService.getMaterielByCode.dwr HTTP/1.1" 200 2710
116.235.240.62 - - [01/Jul/2023:07:10:38 +0800] "POST /xingrg/dwr/call/plaincall/AjaxQqpsService.saveMaterielItem.dwr HTTP/1.1" 200 79
116.238.191.126 - - [01/Jul/2023:07:10:41 +0800] "GET /xingrg/all/function/internal_message.html?_=1688166558130&CODE_STATE=getMsg HTTP/1.1" 200 27
116.235.240.62 - - [01/Jul/2023:07:10:44 +0800] "POST /xingrg/dwr/call/plaincall/AjaxQqpsService.checkOrder.dwr HTTP/1.1" 200 79
114.93.33.65 - - [01/Jul/2023:07:10:47 +0800] "GET /xingrg/all/function/internal_message.html?_=1688166656403&CODE_STATE=getMsg HTTP/1.1" 200 27
116.235.240.62 - - [01/Jul/2023:07:10:48 +0800] "GET /xingrg/kc/mdqp/qqps_order_info.html?code=302023070100002 HTTP/1.1" 200 26472
116.235.240.62 - - [01/Jul/2023:07:10:48 +0800] "GET /xingrg/dwr/interface/AjaxQqpsService.js HTTP/1.1" 200 16326
116.235.240.62 - - [01/Jul/2023:07:10:48 +0800] "GET /xingrg/dwr/interface/AjaxComOrderService.js HTTP/1.1" 200 18264
116.235.240.62 - - [01/Jul/2023:07:10:48 +0800] "GET /xingrg/dwr/engine.js HTTP/1.1" 200 43631
116.235.240.62 - - [01/Jul/2023:07:10:49 +0800] "POST /xingrg/dwr/call/plaincall/AjaxQqpsService.loadMaterielItems.dwr HTTP/1.1" 200 1771
114.85.113.108 - - [01/Jul/2023:07:11:01 +0800] "GET /xingrg/all/function/internal_message.html?_=1688166655071&CODE_STATE=getMsg HTTP/1.1" 200 27
116.235.240.62 - - [01/Jul/2023:07:11:04 +0800] "GET /xingrg/all/function/internal_message.html?_=1688166686124&CODE_STATE=getMsg HTTP/1.1" 200 27
116.235.240.62 - - [01/Jul/2023:07:11:16 +0800] "GET /xingrg/all/function/internal_message.html?_=1688166694252&CODE_STATE=getMsg HTTP/1.1" 200 27
120.253.135.82 - - [01/Jul/2023:07:11:16 +0800] "GET /xingrg/check_reg.html?_=1688166506532 HTTP/1.1" 200 22
120.253.135.82 - - [01/Jul/2023:07:11:20 +0800] "GET /xingrg/all/function/internal_message.html?_=1688166510475&CODE_STATE=getMsg HTTP/1.1" 200 27
120.253.135.82 - - [01/Jul/2023:07:11:21 +0800] "GET /xingrg/kc/pszx/mdps_order_list.html?orderType=0 HTTP/1.1" 200 21032
116.238.191.126 - - [01/Jul/2023:07:11:21 +0800] "GET /xingrg/check_reg.html?_=1688166598043 HTTP/1.1" 200 22
120.253.135.82 - - [01/Jul/2023:07:11:21 +0800] "POST /xingrg/kc/pszx/mdps_list_operate.html HTTP/1.1" 200 5401
180.169.147.146 - - [01/Jul/2023:07:11:22 +0800] "GET /xingrg/all/function/internal_message.html?_=1688166700720&CODE_STATE=getMsg HTTP/1.1" 200 27
180.163.29.79 - - [01/Jul/2023:07:11:30 +0800] "GET /xingrg/all/function/internal_message.html?_=1688166626391&CODE_STATE=getMsg HTTP/1.1" 302 -
180.163.29.79 - - [01/Jul/2023:07:11:30 +0800] "GET /xingrg/login.html HTTP/1.1" 200 7641
61.170.233.201 - - [01/Jul/2023:07:11:30 +0800] "GET /xingrg/all/function/internal_message.html?_=1688166686396&CODE_STATE=getMsg HTTP/1.1" 200 27
120.253.135.82 - - [01/Jul/2023:07:11:35 +0800] "POST /xingrg/kc/pszx/mdps_list_operate.html HTTP/1.1" 200 5035
120.253.135.82 - - [01/Jul/2023:07:11:37 +0800] "POST /xingrg/kc/pszx/mdps_list_operate.html HTTP/1.1" 200 524
116.238.191.126 - - [01/Jul/2023:07:11:41 +0800] "GET /xingrg/all/function/internal_message.html?_=1688166618134&CODE_STATE=getMsg HTTP/1.1" 200 27
120.253.135.82 - - [01/Jul/2023:07:11:44 +0800] "POST /xingrg/kc/pszx/mdps_list_operate.html HTTP/1.1" 200 205
114.93.33.65 - - [01/Jul/2023:07:11:47 +0800] "GET /xingrg/all/function/internal_message.html?_=1688166716403&CODE_STATE=getMsg HTTP/1.1" 200 27
120.253.135.82 - - [01/Jul/2023:07:11:49 +0800] "GET /xingrg/kc/pszx/mdps_order_info.html?code=312023070100012 HTTP/1.1" 200 23978
120.253.135.82 - - [01/Jul/2023:07:11:49 +0800] "GET /xingrg/javascript/easyui/themes/default/validatebox.css HTTP/1.1" 404 1104
120.253.135.82 - - [01/Jul/2023:07:11:49 +0800] "POST /xingrg/kc/pszx/mdps_order_operate.html HTTP/1.1" 200 4306
114.85.113.108 - - [01/Jul/2023:07:11:53 +0800] "GET /xingrg/check_reg.html?_=1688166707491 HTTP/1.1" 200 22
114.85.113.108 - - [01/Jul/2023:07:12:01 +0800] "GET /xingrg/all/function/internal_message.html?_=1688166715044&CODE_STATE=getMsg HTTP/1.1" 200 27
116.235.240.62 - - [01/Jul/2023:07:12:04 +0800] "GET /xingrg/all/function/internal_message.html?_=1688166746138&CODE_STATE=getMsg HTTP/1.1" 200 27
180.169.147.146 - - [01/Jul/2023:07:12:14 +0800] "GET /xingrg/check_reg.html?_=1688166752758 HTTP/1.1" 200 22
116.235.240.62 - - [01/Jul/2023:07:12:16 +0800] "GET /xingrg/all/function/internal_message.html?_=1688166754270&CODE_STATE=getMsg HTTP/1.1" 200 27
120.253.135.82 - - [01/Jul/2023:07:12:18 +0800] "GET /xingrg/kc/pszx/mdqp_order_list.html?state=10 HTTP/1.1" 200 11120
120.253.135.82 - - [01/Jul/2023:07:12:18 +0800] "GET /xingrg/dwr/interface/AjaxQqpsService.js HTTP/1.1" 200 16326
120.253.135.82 - - [01/Jul/2023:07:12:18 +0800] "GET /xingrg/dwr/interface/AjaxReportQueryService.js HTTP/1.1" 200 13203
120.253.135.82 - - [01/Jul/2023:07:12:18 +0800] "GET /xingrg/dwr/engine.js HTTP/1.1" 200 43631
120.253.135.82 - - [01/Jul/2023:07:12:20 +0800] "GET /xingrg/all/function/internal_message.html?_=1688166570489&CODE_STATE=getMsg HTTP/1.1" 200 27
120.253.135.82 - - [01/Jul/2023:07:12:21 +0800] "GET /xingrg/kc/report/report_main.html HTTP/1.1" 200 8599
180.169.147.146 - - [01/Jul/2023:07:12:22 +0800] "GET /xingrg/all/function/internal_message.html?_=1688166760725&CODE_STATE=getMsg HTTP/1.1" 200 27
120.253.135.82 - - [01/Jul/2023:07:12:23 +0800] "GET /xingrg/kc/base/kc_stocks.html HTTP/1.1" 200 16506
120.253.135.82 - - [01/Jul/2023:07:12:23 +0800] "GET /xingrg/javascript/easyui/themes/default/tree.css HTTP/1.1" 404 1090
120.253.135.82 - - [01/Jul/2023:07:12:23 +0800] "POST /xingrg/all/common/load_tree.html?tree=materiel_sort_tree_json HTTP/1.1" 200 9500
120.253.135.82 - - [01/Jul/2023:07:12:24 +0800] "POST /xingrg/all/common/load_combo.html?type=base HTTP/1.1" 200 1169
180.163.28.55 - - [01/Jul/2023:07:12:30 +0800] "GET /xingrg/all/function/internal_message.html?_=1688166686396&CODE_STATE=getMsg HTTP/1.1" 302 -
180.163.28.55 - - [01/Jul/2023:07:12:30 +0800] "GET /xingrg/login.html HTTP/1.1" 200 7641
61.170.233.201 - - [01/Jul/2023:07:12:30 +0800] "GET /xingrg/all/function/internal_message.html?_=1688166746399&CODE_STATE=getMsg HTTP/1.1" 200 27
120.253.135.82 - - [01/Jul/2023:07:12:30 +0800] "POST /xingrg/kc/base/stock_operate.html HTTP/1.1" 200 1735
116.238.191.126 - - [01/Jul/2023:07:12:41 +0800] "GET /xingrg/all/function/internal_message.html?_=1688166678148&CODE_STATE=getMsg HTTP/1.1" 200 27
114.93.33.65 - - [01/Jul/2023:07:12:47 +0800] "GET /xingrg/all/function/internal_message.html?_=1688166776404&CODE_STATE=getMsg HTTP/1.1" 200 27
114.93.33.65 - - [01/Jul/2023:07:12:47 +0800] "GET /xingrg/check_reg.html?_=1688166776405 HTTP/1.1" 200 22
114.85.113.108 - - [01/Jul/2023:07:13:01 +0800] "GET /xingrg/all/function/internal_message.html?_=1688166775014&CODE_STATE=getMsg HTTP/1.1" 200 27
116.235.240.62 - - [01/Jul/2023:07:13:04 +0800] "GET /xingrg/check_reg.html?_=1688166806103 HTTP/1.1" 200 22
116.235.240.62 - - [01/Jul/2023:07:13:04 +0800] "GET /xingrg/all/function/internal_message.html?_=1688166806151&CODE_STATE=getMsg HTTP/1.1" 200 27
120.253.135.82 - - [01/Jul/2023:07:13:06 +0800] "GET /xingrg/kc/pszx/mdps_order_list.html?orderType=0 HTTP/1.1" 200 21032
120.253.135.82 - - [01/Jul/2023:07:13:07 +0800] "POST /xingrg/kc/pszx/mdps_list_operate.html HTTP/1.1" 200 5401
116.235.240.62 - - [01/Jul/2023:07:13:16 +0800] "GET /xingrg/all/function/internal_message.html?_=1688166814279&CODE_STATE=getMsg HTTP/1.1" 200 27
120.253.135.82 - - [01/Jul/2023:07:13:20 +0800] "GET /xingrg/all/function/internal_message.html?_=1688166630578&CODE_STATE=getMsg HTTP/1.1" 200 27
180.169.147.146 - - [01/Jul/2023:07:13:22 +0800] "GET /xingrg/all/function/internal_message.html?_=1688166820738&CODE_STATE=getMsg HTTP/1.1" 200 27
61.170.233.201 - - [01/Jul/2023:07:13:30 +0800] "GET /xingrg/all/function/internal_message.html?_=1688166806400&CODE_STATE=getMsg HTTP/1.1" 200 27
61.170.233.201 - - [01/Jul/2023:07:13:30 +0800] "GET /xingrg/check_reg.html?_=1688166806405 HTTP/1.1" 200 22
116.238.191.126 - - [01/Jul/2023:07:13:41 +0800] "GET /xingrg/all/function/internal_message.html?_=1688166738190&CODE_STATE=getMsg HTTP/1.1" 200 27
114.93.33.65 - - [01/Jul/2023:07:13:47 +0800] "GET /xingrg/all/function/internal_message.html?_=1688166836404&CODE_STATE=getMsg HTTP/1.1" 200 27
114.85.113.108 - - [01/Jul/2023:07:14:01 +0800] "GET /xingrg/all/function/internal_message.html?_=1688166834986&CODE_STATE=getMsg HTTP/1.1" 200 27
116.235.240.62 - - [01/Jul/2023:07:14:04 +0800] "GET /xingrg/all/function/internal_message.html?_=1688166866164&CODE_STATE=getMsg HTTP/1.1" 200 27
120.253.135.82 - - [01/Jul/2023:07:14:12 +0800] "POST /xingrg/kc/pszx/mdps_list_operate.html HTTP/1.1" 200 1685
120.253.135.82 - - [01/Jul/2023:07:14:14 +0800] "POST /xingrg/kc/pszx/mdps_list_operate.html HTTP/1.1" 200 307
120.253.135.82 - - [01/Jul/2023:07:14:15 +0800] "GET /xingrg/kc/pszx/mdps_order_info.html?code=312023063000578 HTTP/1.1" 200 23976
120.253.135.82 - - [01/Jul/2023:07:14:15 +0800] "GET /xingrg/javascript/easyui/themes/default/validatebox.css HTTP/1.1" 404 1104
120.253.135.82 - - [01/Jul/2023:07:14:16 +0800] "POST /xingrg/kc/pszx/mdps_order_operate.html HTTP/1.1" 200 2815
116.235.240.62 - - [01/Jul/2023:07:14:16 +0800] "GET /xingrg/all/function/internal_message.html?_=1688166874298&CODE_STATE=getMsg HTTP/1.1" 200 27
120.253.135.82 - - [01/Jul/2023:07:14:20 +0800] "POST /xingrg/kc/pszx/mdps_order_operate.html HTTP/1.1" 200 37
120.253.135.82 - - [01/Jul/2023:07:14:20 +0800] "GET /xingrg/all/function/internal_message.html?_=1688166690578&CODE_STATE=getMsg HTTP/1.1" 200 27
180.169.147.146 - - [01/Jul/2023:07:14:22 +0800] "GET /xingrg/all/function/internal_message.html?_=1688166880763&CODE_STATE=getMsg HTTP/1.1" 200 27
120.253.135.82 - - [01/Jul/2023:07:14:24 +0800] "POST /xingrg/kc/pszx/mdps_order_operate.html HTTP/1.1" 200 12
120.253.135.82 - - [01/Jul/2023:07:14:28 +0800] "GET /xingrg/kc/pszx/mdps_order_info.html?code=312023063000578 HTTP/1.1" 200 19636
120.253.135.82 - - [01/Jul/2023:07:14:29 +0800] "GET /xingrg/javascript/easyui/themes/default/validatebox.css HTTP/1.1" 404 1104
120.253.135.82 - - [01/Jul/2023:07:14:29 +0800] "POST /xingrg/kc/pszx/mdps_order_operate.html HTTP/1.1" 200 1031
61.170.233.201 - - [01/Jul/2023:07:14:30 +0800] "GET /xingrg/all/function/internal_message.html?_=1688166866391&CODE_STATE=getMsg HTTP/1.1" 200 27
116.238.191.126 - - [01/Jul/2023:07:14:42 +0800] "GET /xingrg/all/function/internal_message.html?_=1688166798205&CODE_STATE=getMsg HTTP/1.1" 200 27
114.93.33.65 - - [01/Jul/2023:07:14:47 +0800] "GET /xingrg/all/function/internal_message.html?_=1688166896403&CODE_STATE=getMsg HTTP/1.1" 200 27
114.85.113.108 - - [01/Jul/2023:07:15:01 +0800] "GET /xingrg/all/function/internal_message.html?_=1688166894972&CODE_STATE=getMsg HTTP/1.1" 200 27
116.235.240.62 - - [01/Jul/2023:07:15:04 +0800] "GET /xingrg/all/function/internal_message.html?_=1688166926179&CODE_STATE=getMsg HTTP/1.1" 200 27
116.235.240.62 - - [01/Jul/2023:07:15:06 +0800] "GET /xingrg/check_reg.html?_=1688166924449 HTTP/1.1" 200 22
120.253.135.82 - - [01/Jul/2023:07:15:07 +0800] "GET /xingrg/kc/pszx/mdps_order_info.html?code=312023063000578 HTTP/1.1" 200 19636
120.253.135.82 - - [01/Jul/2023:07:15:08 +0800] "GET /xingrg/javascript/easyui/themes/default/validatebox.css HTTP/1.1" 404 1104
120.253.135.82 - - [01/Jul/2023:07:15:08 +0800] "POST /xingrg/kc/pszx/mdps_order_operate.html HTTP/1.1" 200 1031
116.235.240.62 - - [01/Jul/2023:07:15:08 +0800] "GET /xingrg/kc/buy/cgsh_order_list.html HTTP/1.1" 200 55844
120.253.135.82 - - [01/Jul/2023:07:15:10 +0800] "POST /xingrg/kc/pszx/mdps_list_operate.html HTTP/1.1" 200 868
116.235.240.62 - - [01/Jul/2023:07:15:11 +0800] "POST /xingrg/kc/buy/cgsh_list_operate.html HTTP/1.1" 200 986
120.253.135.82 - - [01/Jul/2023:07:15:13 +0800] "POST /xingrg/kc/pszx/mdps_list_operate.html HTTP/1.1" 200 868
120.253.135.82 - - [01/Jul/2023:07:15:13 +0800] "POST /xingrg/kc/pszx/mdps_list_operate.html HTTP/1.1" 200 868
120.253.135.82 - - [01/Jul/2023:07:15:15 +0800] "GET /xingrg/kc/pszx/mdqp_order_list.html?state=10 HTTP/1.1" 200 11120
120.253.135.82 - - [01/Jul/2023:07:15:15 +0800] "GET /xingrg/dwr/interface/AjaxReportQueryService.js HTTP/1.1" 200 13203
120.253.135.82 - - [01/Jul/2023:07:15:15 +0800] "GET /xingrg/dwr/interface/AjaxQqpsService.js HTTP/1.1" 200 16326
120.253.135.82 - - [01/Jul/2023:07:15:15 +0800] "GET /xingrg/dwr/engine.js HTTP/1.1" 200 43631
116.235.240.62 - - [01/Jul/2023:07:15:16 +0800] "GET /xingrg/all/function/internal_message.html?_=1688166934306&CODE_STATE=getMsg HTTP/1.1" 200 27
120.253.135.82 - - [01/Jul/2023:07:15:19 +0800] "GET /xingrg/kc/pszx/mdqp_order_info.html?code=302023070100001 HTTP/1.1" 200 13350
120.253.135.82 - - [01/Jul/2023:07:15:19 +0800] "GET /xingrg/javascript/tools/jquery.qtip-1.0.0-rc3.min.js HTTP/1.1" 304 -
120.253.135.82 - - [01/Jul/2023:07:15:19 +0800] "GET /xingrg/dwr/interface/AjaxComOrderService.js HTTP/1.1" 200 18264
120.253.135.82 - - [01/Jul/2023:07:15:19 +0800] "GET /xingrg/dwr/interface/AjaxQqpsService.js HTTP/1.1" 200 16326
120.253.135.82 - - [01/Jul/2023:07:15:19 +0800] "GET /xingrg/dwr/engine.js HTTP/1.1" 200 43631
120.253.135.82 - - [01/Jul/2023:07:15:19 +0800] "GET /xingrg/javascript/AjaxInfoList.js HTTP/1.1" 304 -
120.253.135.82 - - [01/Jul/2023:07:15:19 +0800] "GET /xingrg/javascript/checkform.js HTTP/1.1" 304 -
120.253.135.82 - - [01/Jul/2023:07:15:19 +0800] "GET /xingrg/javascript/Grid.js HTTP/1.1" 304 -
120.253.135.82 - - [01/Jul/2023:07:15:19 +0800] "GET /xingrg/javascript/jquery_easy_ui/themes/icons/print.png HTTP/1.1" 304 -
120.253.135.82 - - [01/Jul/2023:07:15:19 +0800] "GET /xingrg/javascript/jquery_easy_ui/themes/default/images/menu_downarrow.png HTTP/1.1" 304 -
120.253.135.82 - - [01/Jul/2023:07:15:19 +0800] "GET /xingrg/images/blue/button/kc_tab_edit.gif HTTP/1.1" 304 -
120.253.135.82 - - [01/Jul/2023:07:15:19 +0800] "GET /xingrg/images/blue/button/kc_tab_save.gif HTTP/1.1" 304 -
120.253.135.82 - - [01/Jul/2023:07:15:19 +0800] "GET /xingrg/images/blue/kc_tab_left.gif HTTP/1.1" 304 -
120.253.135.82 - - [01/Jul/2023:07:15:19 +0800] "GET /xingrg/images/blue/kc_tab2_left.gif HTTP/1.1" 304 -
120.253.135.82 - - [01/Jul/2023:07:15:19 +0800] "GET /xingrg/images/blue/kc_tab_right.gif HTTP/1.1" 304 -
120.253.135.82 - - [01/Jul/2023:07:15:19 +0800] "GET /xingrg/images/blue/kc_tab_mid.gif HTTP/1.1" 304 -
120.253.135.82 - - [01/Jul/2023:07:15:19 +0800] "GET /xingrg/images/blue/kc_tab2_right.gif HTTP/1.1" 304 -
120.253.135.82 - - [01/Jul/2023:07:15:19 +0800] "GET /xingrg/images/blue/wait.gif HTTP/1.1" 304 -
120.253.135.82 - - [01/Jul/2023:07:15:20 +0800] "POST /xingrg/dwr/call/plaincall/AjaxQqpsService.loadMaterielItems.dwr HTTP/1.1" 200 10607
120.253.135.82 - - [01/Jul/2023:07:15:20 +0800] "GET /xingrg/all/function/internal_message.html?_=1688166750592&CODE_STATE=getMsg HTTP/1.1" 200 27
120.253.135.82 - - [01/Jul/2023:07:15:21 +0800] "GET /xingrg/images/yd/bt.gif HTTP/1.1" 404 1040
120.253.135.82 - - [01/Jul/2023:07:15:21 +0800] "GET /xingrg/images/yd/bt2.gif HTTP/1.1" 404 1042
180.169.147.146 - - [01/Jul/2023:07:15:22 +0800] "GET /xingrg/all/function/internal_message.html?_=1688166940781&CODE_STATE=getMsg HTTP/1.1" 200 27
180.163.30.27 - - [01/Jul/2023:07:15:30 +0800] "GET /xingrg/all/function/internal_message.html?_=1688166866391&CODE_STATE=getMsg HTTP/1.1" 302 -
180.163.30.27 - - [01/Jul/2023:07:15:30 +0800] "GET /xingrg/login.html HTTP/1.1" 200 7641
61.170.233.201 - - [01/Jul/2023:07:15:30 +0800] "GET /xingrg/all/function/internal_message.html?_=1688166926405&CODE_STATE=getMsg HTTP/1.1" 200 27
120.253.135.82 - - [01/Jul/2023:07:15:35 +0800] "GET /xingrg/javascript/jquery_easy_ui/themes/default/images/button_plain_hover.png HTTP/1.1" 304 -
116.238.191.126 - - [01/Jul/2023:07:15:42 +0800] "GET /xingrg/all/function/internal_message.html?_=1688166858238&CODE_STATE=getMsg HTTP/1.1" 200 27
114.93.33.65 - - [01/Jul/2023:07:15:47 +0800] "GET /xingrg/all/function/internal_message.html?_=1688166956402&CODE_STATE=getMsg HTTP/1.1" 200 27
114.85.113.108 - - [01/Jul/2023:07:16:01 +0800] "GET /xingrg/all/function/internal_message.html?_=1688166954959&CODE_STATE=getMsg HTTP/1.1" 200 27
120.253.135.82 - - [01/Jul/2023:07:16:04 +0800] "GET /xingrg/kc/pszx/mdqp_order_list.html?isBack=1 HTTP/1.1" 302 -
116.235.240.62 - - [01/Jul/2023:07:16:04 +0800] "GET /xingrg/all/function/internal_message.html?_=1688166986191&CODE_STATE=getMsg HTTP/1.1" 200 27
120.253.135.82 - - [01/Jul/2023:07:16:05 +0800] "GET /xingrg/kc/pszx/mdqp_order_list.html?state=10 HTTP/1.1" 200 11120
116.235.240.62 - - [01/Jul/2023:07:16:05 +0800] "GET /xingrg/kc/base/check_order_list.html HTTP/1.1" 200 16223
120.253.135.82 - - [01/Jul/2023:07:16:05 +0800] "GET /xingrg/dwr/interface/AjaxQqpsService.js HTTP/1.1" 200 16326
120.253.135.82 - - [01/Jul/2023:07:16:05 +0800] "GET /xingrg/dwr/interface/AjaxReportQueryService.js HTTP/1.1" 200 13203
120.253.135.82 - - [01/Jul/2023:07:16:05 +0800] "GET /xingrg/dwr/engine.js HTTP/1.1" 200 43631
116.235.240.62 - - [01/Jul/2023:07:16:05 +0800] "POST /xingrg/kc/base/check_list_operate.html HTTP/1.1" 200 4799
120.253.135.82 - - [01/Jul/2023:07:16:09 +0800] "GET /xingrg/kc/pszx/mdqp_order_info.html?code=302023070100002 HTTP/1.1" 200 13350
120.253.135.82 - - [01/Jul/2023:07:16:09 +0800] "GET /xingrg/dwr/interface/AjaxQqpsService.js HTTP/1.1" 200 16326
120.253.135.82 - - [01/Jul/2023:07:16:09 +0800] "GET /xingrg/dwr/interface/AjaxComOrderService.js HTTP/1.1" 200 18264
120.253.135.82 - - [01/Jul/2023:07:16:10 +0800] "GET /xingrg/dwr/engine.js HTTP/1.1" 200 43631
120.253.135.82 - - [01/Jul/2023:07:16:10 +0800] "POST /xingrg/dwr/call/plaincall/AjaxQqpsService.loadMaterielItems.dwr HTTP/1.1" 200 1771
116.235.240.62 - - [01/Jul/2023:07:16:14 +0800] "GET /xingrg/kc/base/check_order_info.html?code=452023063000534 HTTP/1.1" 200 26400
116.235.240.62 - - [01/Jul/2023:07:16:14 +0800] "GET /xingrg/dwr/interface/AjaxComOrderService.js HTTP/1.1" 200 18264
116.235.240.62 - - [01/Jul/2023:07:16:14 +0800] "GET /xingrg/css/table.css HTTP/1.1" 304 -
116.235.240.62 - - [01/Jul/2023:07:16:14 +0800] "GET /xingrg/dwr/interface/AjaxCheckService.js HTTP/1.1" 200 14003
116.235.240.62 - - [01/Jul/2023:07:16:14 +0800] "GET /xingrg/dwr/engine.js HTTP/1.1" 200 43631
116.235.240.62 - - [01/Jul/2023:07:16:15 +0800] "POST /xingrg/dwr/call/plaincall/AjaxCheckService.loadOrderItems.dwr HTTP/1.1" 200 1651
120.253.135.82 - - [01/Jul/2023:07:16:16 +0800] "GET /xingrg/kc/pszx/mdqp_order_list.html?isBack=1 HTTP/1.1" 302 -
120.253.135.82 - - [01/Jul/2023:07:16:16 +0800] "GET /xingrg/kc/pszx/mdqp_order_list.html?state=10 HTTP/1.1" 200 11120
116.235.240.62 - - [01/Jul/2023:07:16:16 +0800] "GET /xingrg/all/function/internal_message.html?_=1688166994320&CODE_STATE=getMsg HTTP/1.1" 200 27
120.253.135.82 - - [01/Jul/2023:07:16:16 +0800] "GET /xingrg/dwr/interface/AjaxReportQueryService.js HTTP/1.1" 200 13203
120.253.135.82 - - [01/Jul/2023:07:16:16 +0800] "GET /xingrg/dwr/interface/AjaxQqpsService.js HTTP/1.1" 200 16326
120.253.135.82 - - [01/Jul/2023:07:16:16 +0800] "GET /xingrg/dwr/engine.js HTTP/1.1" 200 43631
120.253.135.82 - - [01/Jul/2023:07:16:16 +0800] "GET /xingrg/check_reg.html?_=1688166806613 HTTP/1.1" 200 22
120.253.135.82 - - [01/Jul/2023:07:16:18 +0800] "GET /xingrg/kc/pszx/jzcl_ps.html HTTP/1.1" 200 7683
120.253.135.82 - - [01/Jul/2023:07:16:18 +0800] "GET /xingrg/javascript/step/step.css HTTP/1.1" 304 -
120.253.135.82 - - [01/Jul/2023:07:16:18 +0800] "GET /xingrg/css/table.css HTTP/1.1" 304 -
120.253.135.82 - - [01/Jul/2023:07:16:18 +0800] "GET /xingrg/javascript/step/images/navCurrentBtn.gif HTTP/1.1" 304 -
120.253.135.82 - - [01/Jul/2023:07:16:19 +0800] "GET /xingrg/javascript/jquery_easy_ui/themes/default/images/button_a_bg.gif HTTP/1.1" 304 -
120.253.135.82 - - [01/Jul/2023:07:16:19 +0800] "GET /xingrg/javascript/jquery_easy_ui/themes/icons/search.png HTTP/1.1" 304 -
120.253.135.82 - - [01/Jul/2023:07:16:19 +0800] "GET /xingrg/javascript/jquery_easy_ui/themes/default/images/button_span_bg.gif HTTP/1.1" 304 -
120.253.135.82 - - [01/Jul/2023:07:16:19 +0800] "GET /xingrg/javascript/jquery_easy_ui/themes/default/images/combo_arrow_dot.gif HTTP/1.1" 304 -
120.253.135.82 - - [01/Jul/2023:07:16:19 +0800] "GET /xingrg/javascript/jquery_easy_ui/themes/default/images/calendar_prevmonth.gif HTTP/1.1" 304 -
120.253.135.82 - - [01/Jul/2023:07:16:19 +0800] "GET /xingrg/javascript/jquery_easy_ui/themes/default/images/calendar_nextmonth.gif HTTP/1.1" 304 -
120.253.135.82 - - [01/Jul/2023:07:16:19 +0800] "GET /xingrg/javascript/jquery_easy_ui/themes/default/images/calendar_prevyear.gif HTTP/1.1" 304 -
120.253.135.82 - - [01/Jul/2023:07:16:19 +0800] "GET /xingrg/javascript/jquery_easy_ui/themes/default/images/calendar_nextyear.gif HTTP/1.1" 304 -
120.253.135.82 - - [01/Jul/2023:07:16:19 +0800] "POST /xingrg/all/common/load_tree.html?tree=area_rest_tree_json HTTP/1.1" 200 3499
120.253.135.82 - - [01/Jul/2023:07:16:19 +0800] "GET /xingrg/javascript/jquery_easy_ui/themes/default/images/datagrid_header_bg.gif HTTP/1.1" 304 -
120.253.135.82 - - [01/Jul/2023:07:16:19 +0800] "GET /xingrg/javascript/jquery_easy_ui/themes/default/images/pagination_loading.gif HTTP/1.1" 304 -
120.253.135.82 - - [01/Jul/2023:07:16:19 +0800] "GET /xingrg/javascript/jquery_easy_ui/themes/default/images/tree_checkbox_0.gif HTTP/1.1" 304 -
120.253.135.82 - - [01/Jul/2023:07:16:19 +0800] "GET /xingrg/javascript/jquery_easy_ui/themes/icons/rest.png HTTP/1.1" 304 -
120.253.135.82 - - [01/Jul/2023:07:16:19 +0800] "POST /xingrg/kc/pszx/jzcl_ps_operate.html HTTP/1.1" 200 935
120.253.135.82 - - [01/Jul/2023:07:16:19 +0800] "POST /xingrg/kc/pszx/jzcl_ps_operate.html HTTP/1.1" 200 935
120.253.135.82 - - [01/Jul/2023:07:16:20 +0800] "GET /xingrg/all/function/internal_message.html?_=1688166810606&CODE_STATE=getMsg HTTP/1.1" 200 27
116.238.191.126 - - [01/Jul/2023:07:16:21 +0800] "GET /xingrg/check_reg.html?_=1688166898047 HTTP/1.1" 200 22
180.169.147.146 - - [01/Jul/2023:07:16:22 +0800] "GET /xingrg/all/function/internal_message.html?_=1688167000803&CODE_STATE=getMsg HTTP/1.1" 200 27
180.163.29.234 - - [01/Jul/2023:07:16:30 +0800] "GET /xingrg/all/function/internal_message.html?_=1688166926405&CODE_STATE=getMsg HTTP/1.1" 302 -
180.163.29.234 - - [01/Jul/2023:07:16:30 +0800] "GET /xingrg/login.html HTTP/1.1" 200 7641
61.170.233.201 - - [01/Jul/2023:07:16:30 +0800] "GET /xingrg/all/function/internal_message.html?_=1688166986407&CODE_STATE=getMsg HTTP/1.1" 200 27
116.238.191.126 - - [01/Jul/2023:07:16:42 +0800] "GET /xingrg/all/function/internal_message.html?_=1688166918249&CODE_STATE=getMsg HTTP/1.1" 200 27
120.253.135.82 - - [01/Jul/2023:07:16:45 +0800] "POST /xingrg/kc/pszx/jzcl_ps_operate.html HTTP/1.1" 200 4
120.253.135.82 - - [01/Jul/2023:07:16:46 +0800] "GET /xingrg/javascript/step/images/navLastDoneBtn.gif HTTP/1.1" 304 -
120.253.135.82 - - [01/Jul/2023:07:16:46 +0800] "GET /xingrg/javascript/step/images/navBtn.gif HTTP/1.1" 200 361
120.253.135.82 - - [01/Jul/2023:07:16:46 +0800] "GET /xingrg/javascript/step/images/navBtn.gif HTTP/1.1" 200 361
120.253.135.82 - - [01/Jul/2023:07:16:46 +0800] "GET /xingrg/javascript/step/images/navDoneBtn.gif HTTP/1.1" 304 -
114.93.33.65 - - [01/Jul/2023:07:16:47 +0800] "GET /xingrg/all/function/internal_message.html?_=1688167016403&CODE_STATE=getMsg HTTP/1.1" 200 27
120.253.135.82 - - [01/Jul/2023:07:16:48 +0800] "GET /xingrg/kc/pszx/mdps_order_list.html HTTP/1.1" 200 21032
120.253.135.82 - - [01/Jul/2023:07:16:48 +0800] "POST /xingrg/kc/pszx/jzcl_ps_operate.html HTTP/1.1" 200 21
120.253.135.82 - - [01/Jul/2023:07:16:48 +0800] "POST /xingrg/kc/pszx/mdps_list_operate.html HTTP/1.1" 200 5401
114.85.113.108 - - [01/Jul/2023:07:16:53 +0800] "GET /xingrg/check_reg.html?_=1688167007470 HTTP/1.1" 200 22
114.85.113.108 - - [01/Jul/2023:07:17:01 +0800] "GET /xingrg/all/function/internal_message.html?_=1688167014929&CODE_STATE=getMsg HTTP/1.1" 200 27
120.253.135.82 - - [01/Jul/2023:07:17:02 +0800] "POST /xingrg/kc/pszx/mdps_list_operate.html HTTP/1.1" 200 2063
120.253.135.82 - - [01/Jul/2023:07:17:04 +0800] "POST /xingrg/kc/pszx/mdps_list_operate.html HTTP/1.1" 200 605
116.235.240.62 - - [01/Jul/2023:07:17:04 +0800] "GET /xingrg/all/function/internal_message.html?_=1688167046206&CODE_STATE=getMsg HTTP/1.1" 200 27
120.253.135.82 - - [01/Jul/2023:07:17:05 +0800] "GET /xingrg/kc/pszx/mdps_order_info.html?code=312023070100022 HTTP/1.1" 200 23978
120.253.135.82 - - [01/Jul/2023:07:17:06 +0800] "GET /xingrg/javascript/easyui/themes/default/validatebox.css HTTP/1.1" 404 1104
120.253.135.82 - - [01/Jul/2023:07:17:06 +0800] "POST /xingrg/kc/pszx/mdps_order_operate.html HTTP/1.1" 200 4735
120.253.135.82 - - [01/Jul/2023:07:17:07 +0800] "POST /xingrg/all/common/load_combo.html?type=base HTTP/1.1" 200 1169
120.253.135.82 - - [01/Jul/2023:07:17:12 +0800] "POST /xingrg/kc/pszx/mdps_order_operate.html HTTP/1.1" 200 37
120.253.135.82 - - [01/Jul/2023:07:17:13 +0800] "GET /xingrg/kc/pszx/mdps_order_info.html?code=312023070100022 HTTP/1.1" 200 23978
180.169.147.146 - - [01/Jul/2023:07:17:14 +0800] "GET /xingrg/check_reg.html?_=1688167052759 HTTP/1.1" 200 22
120.253.135.82 - - [01/Jul/2023:07:17:14 +0800] "GET /xingrg/javascript/easyui/themes/default/validatebox.css HTTP/1.1" 404 1104
120.253.135.82 - - [01/Jul/2023:07:17:14 +0800] "POST /xingrg/kc/pszx/mdps_order_operate.html HTTP/1.1" 200 4785
116.235.240.62 - - [01/Jul/2023:07:17:16 +0800] "GET /xingrg/all/function/internal_message.html?_=1688167054338&CODE_STATE=getMsg HTTP/1.1" 200 27
120.253.135.82 - - [01/Jul/2023:07:17:20 +0800] "GET /xingrg/all/function/internal_message.html?_=1688166870619&CODE_STATE=getMsg HTTP/1.1" 200 27
180.169.147.146 - - [01/Jul/2023:07:17:22 +0800] "GET /xingrg/all/function/internal_message.html?_=1688167060808&CODE_STATE=getMsg HTTP/1.1" 200 27
120.253.135.82 - - [01/Jul/2023:07:17:25 +0800] "POST /xingrg/kc/pszx/mdps_list_operate.html HTTP/1.1" 200 638
120.253.135.82 - - [01/Jul/2023:07:17:26 +0800] "GET /xingrg/kc/pszx/mdps_order_info.html?code=312023070100023 HTTP/1.1" 200 23978
120.253.135.82 - - [01/Jul/2023:07:17:26 +0800] "GET /xingrg/javascript/easyui/themes/default/validatebox.css HTTP/1.1" 404 1104
120.253.135.82 - - [01/Jul/2023:07:17:27 +0800] "POST /xingrg/kc/pszx/mdps_order_operate.html HTTP/1.1" 200 18844
120.253.135.82 - - [01/Jul/2023:07:17:30 +0800] "POST /xingrg/kc/pszx/mdps_order_operate.html HTTP/1.1" 200 37
61.170.233.201 - - [01/Jul/2023:07:17:30 +0800] "GET /xingrg/all/function/internal_message.html?_=1688167046413&CODE_STATE=getMsg HTTP/1.1" 200 27
120.253.135.82 - - [01/Jul/2023:07:17:32 +0800] "GET /xingrg/kc/pszx/mdps_order_info.html?code=312023070100023 HTTP/1.1" 200 23978
120.253.135.82 - - [01/Jul/2023:07:17:33 +0800] "GET /xingrg/javascript/easyui/themes/default/validatebox.css HTTP/1.1" 404 1104
120.253.135.82 - - [01/Jul/2023:07:17:33 +0800] "POST /xingrg/kc/pszx/mdps_order_operate.html HTTP/1.1" 200 19107
116.238.191.126 - - [01/Jul/2023:07:17:42 +0800] "GET /xingrg/all/function/internal_message.html?_=1688166978262&CODE_STATE=getMsg HTTP/1.1" 200 27
114.93.33.65 - - [01/Jul/2023:07:17:47 +0800] "GET /xingrg/check_reg.html?_=1688167076406 HTTP/1.1" 200 22
114.93.33.65 - - [01/Jul/2023:07:17:47 +0800] "GET /xingrg/all/function/internal_message.html?_=1688167076404&CODE_STATE=getMsg HTTP/1.1" 200 27
114.85.113.108 - - [01/Jul/2023:07:18:01 +0800] "GET /xingrg/all/function/internal_message.html?_=1688167074913&CODE_STATE=getMsg HTTP/1.1" 200 27
116.235.240.62 - - [01/Jul/2023:07:18:04 +0800] "GET /xingrg/check_reg.html?_=1688167106110 HTTP/1.1" 200 22
116.235.240.62 - - [01/Jul/2023:07:18:04 +0800] "GET /xingrg/all/function/internal_message.html?_=1688167106218&CODE_STATE=getMsg HTTP/1.1" 200 27
116.235.240.62 - - [01/Jul/2023:07:18:16 +0800] "GET /xingrg/all/function/internal_message.html?_=1688167114347&CODE_STATE=getMsg HTTP/1.1" 200 27
120.253.135.82 - - [01/Jul/2023:07:18:20 +0800] "GET /xingrg/all/function/internal_message.html?_=1688166930633&CODE_STATE=getMsg HTTP/1.1" 200 27
180.169.147.146 - - [01/Jul/2023:07:18:22 +0800] "GET /xingrg/all/function/internal_message.html?_=1688167120822&CODE_STATE=getMsg HTTP/1.1" 200 27
218.81.69.20 - - [01/Jul/2023:07:18:28 +0800] "POST /xingrg/services/DataTransmitService HTTP/1.1" 200 524
61.170.233.201 - - [01/Jul/2023:07:18:30 +0800] "GET /xingrg/all/function/internal_message.html?_=1688167106416&CODE_STATE=getMsg HTTP/1.1" 200 27
61.170.233.201 - - [01/Jul/2023:07:18:30 +0800] "GET /xingrg/check_reg.html?_=1688167106420 HTTP/1.1" 200 22
116.235.240.62 - - [01/Jul/2023:07:18:35 +0800] "POST /xingrg/dwr/call/plaincall/AjaxCheckService.setItemNumber.dwr HTTP/1.1" 200 76
116.235.240.62 - - [01/Jul/2023:07:18:37 +0800] "POST /xingrg/services/DataTransmitService HTTP/1.1" 200 524
116.235.240.62 - - [01/Jul/2023:07:18:38 +0800] "POST /xingrg/services/DataTransmitService HTTP/1.1" 200 412
116.235.240.62 - - [01/Jul/2023:07:18:40 +0800] "POST /xingrg/dwr/call/plaincall/AjaxCheckService.setItemNumber.dwr HTTP/1.1" 200 76
116.238.191.126 - - [01/Jul/2023:07:18:42 +0800] "GET /xingrg/all/function/internal_message.html?_=1688167038306&CODE_STATE=getMsg HTTP/1.1" 200 27
120.253.135.82 - - [01/Jul/2023:07:18:45 +0800] "POST /xingrg/kc/pszx/mdps_order_operate.html HTTP/1.1" 200 37
114.93.33.65 - - [01/Jul/2023:07:18:47 +0800] "GET /xingrg/all/function/internal_message.html?_=1688167136403&CODE_STATE=getMsg HTTP/1.1" 200 27
120.253.135.82 - - [01/Jul/2023:07:18:48 +0800] "GET /xingrg/kc/pszx/mdps_order_info.html?code=312023070100023 HTTP/1.1" 200 23978
120.253.135.82 - - [01/Jul/2023:07:18:48 +0800] "GET /xingrg/javascript/easyui/themes/default/validatebox.css HTTP/1.1" 404 1104
120.253.135.82 - - [01/Jul/2023:07:18:49 +0800] "POST /xingrg/kc/pszx/mdps_order_operate.html HTTP/1.1" 200 19107
116.235.240.62 - - [01/Jul/2023:07:18:50 +0800] "POST /xingrg/dwr/call/plaincall/AjaxCheckService.checkOrder.dwr HTTP/1.1" 200 78
116.235.240.62 - - [01/Jul/2023:07:18:51 +0800] "GET /xingrg/kc/base/check_order_info.html?code=452023063000534 HTTP/1.1" 200 22864
116.235.240.62 - - [01/Jul/2023:07:18:51 +0800] "GET /xingrg/dwr/interface/AjaxComOrderService.js HTTP/1.1" 200 18264
116.235.240.62 - - [01/Jul/2023:07:18:51 +0800] "GET /xingrg/dwr/interface/AjaxCheckService.js HTTP/1.1" 200 14003
116.235.240.62 - - [01/Jul/2023:07:18:51 +0800] "GET /xingrg/dwr/engine.js HTTP/1.1" 200 43631
116.235.240.62 - - [01/Jul/2023:07:18:52 +0800] "POST /xingrg/dwr/call/plaincall/AjaxCheckService.loadOrderItems.dwr HTTP/1.1" 200 941
116.235.240.62 - - [01/Jul/2023:07:18:57 +0800] "POST /xingrg/kc/base/check_list_operate.html HTTP/1.1" 200 4615
114.85.113.108 - - [01/Jul/2023:07:19:01 +0800] "GET /xingrg/all/function/internal_message.html?_=1688167134885&CODE_STATE=getMsg HTTP/1.1" 200 27
116.235.240.62 - - [01/Jul/2023:07:19:02 +0800] "GET /xingrg/kc/base/check_order_info.html?code=452023063000536 HTTP/1.1" 200 26400
116.235.240.62 - - [01/Jul/2023:07:19:02 +0800] "GET /xingrg/dwr/interface/AjaxCheckService.js HTTP/1.1" 200 14003
116.235.240.62 - - [01/Jul/2023:07:19:02 +0800] "GET /xingrg/dwr/interface/AjaxComOrderService.js HTTP/1.1" 200 18264
116.235.240.62 - - [01/Jul/2023:07:19:02 +0800] "GET /xingrg/dwr/engine.js HTTP/1.1" 200 43631
116.235.240.62 - - [01/Jul/2023:07:19:02 +0800] "POST /xingrg/dwr/call/plaincall/AjaxCheckService.loadOrderItems.dwr HTTP/1.1" 200 11832
116.235.240.62 - - [01/Jul/2023:07:19:04 +0800] "GET /xingrg/all/function/internal_message.html?_=1688167166233&CODE_STATE=getMsg HTTP/1.1" 200 27
116.235.240.62 - - [01/Jul/2023:07:19:16 +0800] "POST /xingrg/dwr/call/plaincall/AjaxCheckService.setItemNumber.dwr HTTP/1.1" 200 76
116.235.240.62 - - [01/Jul/2023:07:19:16 +0800] "GET /xingrg/all/function/internal_message.html?_=1688167174366&CODE_STATE=getMsg HTTP/1.1" 200 27
116.235.240.62 - - [01/Jul/2023:07:19:19 +0800] "POST /xingrg/dwr/call/plaincall/AjaxCheckService.setItemNumber.dwr HTTP/1.1" 200 76
116.235.240.62 - - [01/Jul/2023:07:19:20 +0800] "POST /xingrg/dwr/call/plaincall/AjaxCheckService.setItemNumber.dwr HTTP/1.1" 200 76
120.253.135.82 - - [01/Jul/2023:07:19:20 +0800] "GET /xingrg/all/function/internal_message.html?_=1688166990646&CODE_STATE=getMsg HTTP/1.1" 200 27
116.235.240.62 - - [01/Jul/2023:07:19:21 +0800] "POST /xingrg/dwr/call/plaincall/AjaxCheckService.setItemNumber.dwr HTTP/1.1" 200 76
116.235.240.62 - - [01/Jul/2023:07:19:22 +0800] "POST /xingrg/dwr/call/plaincall/AjaxCheckService.setItemNumber.dwr HTTP/1.1" 200 76
180.169.147.146 - - [01/Jul/2023:07:19:22 +0800] "GET /xingrg/all/function/internal_message.html?_=1688167180842&CODE_STATE=getMsg HTTP/1.1" 200 27
116.235.240.62 - - [01/Jul/2023:07:19:24 +0800] "POST /xingrg/dwr/call/plaincall/AjaxCheckService.setItemNumber.dwr HTTP/1.1" 200 76
116.235.240.62 - - [01/Jul/2023:07:19:25 +0800] "POST /xingrg/dwr/call/plaincall/AjaxCheckService.setItemNumber.dwr HTTP/1.1" 200 76
116.235.240.62 - - [01/Jul/2023:07:19:27 +0800] "POST /xingrg/dwr/call/plaincall/AjaxCheckService.setItemNumber.dwr HTTP/1.1" 200 76
116.235.240.62 - - [01/Jul/2023:07:19:28 +0800] "POST /xingrg/dwr/call/plaincall/AjaxCheckService.setItemNumber.dwr HTTP/1.1" 200 76
180.163.29.103 - - [01/Jul/2023:07:19:30 +0800] "GET /xingrg/check_reg.html?_=1688167106420 HTTP/1.1" 302 -
180.163.29.103 - - [01/Jul/2023:07:19:30 +0800] "GET /xingrg/login.html HTTP/1.1" 200 7641
61.170.233.201 - - [01/Jul/2023:07:19:30 +0800] "GET /xingrg/all/function/internal_message.html?_=1688167166409&CODE_STATE=getMsg HTTP/1.1" 200 27
116.235.240.62 - - [01/Jul/2023:07:19:32 +0800] "POST /xingrg/dwr/call/plaincall/AjaxCheckService.setItemNumber.dwr HTTP/1.1" 200 77
