116.235.240.62 - - [01/Jul/2023:08:38:50 +0800] "POST /xingrg/dwr/call/plaincall/AjaxCheckService.setItemNumber.dwr HTTP/1.1" 200 78
116.235.240.62 - - [01/Jul/2023:08:38:51 +0800] "POST /xingrg/dwr/call/plaincall/AjaxCheckService.setItemNumber.dwr HTTP/1.1" 200 78
116.235.240.62 - - [01/Jul/2023:08:38:52 +0800] "POST /xingrg/dwr/call/plaincall/AjaxCheckService.setItemNumber.dwr HTTP/1.1" 200 78
116.235.240.62 - - [01/Jul/2023:08:38:54 +0800] "POST /xingrg/dwr/call/plaincall/AjaxCheckService.setItemNumber.dwr HTTP/1.1" 200 78
120.253.135.82 - - [01/Jul/2023:08:38:58 +0800] "POST /xingrg/kc/pszx/jzcl_ps_operate.html HTTP/1.1" 200 4
120.253.135.82 - - [01/Jul/2023:08:38:58 +0800] "GET /xingrg/javascript/step/images/navBtn.gif HTTP/1.1" 200 361
101.85.193.165 - - [01/Jul/2023:08:38:59 +0800] "GET /xingrg/all/function/internal_message.html?_=1688171967327&CODE_STATE=getMsg HTTP/1.1" 200 27
116.235.240.62 - - [01/Jul/2023:08:38:59 +0800] "POST /xingrg/dwr/call/plaincall/AjaxCheckService.setItemNumber.dwr HTTP/1.1" 200 78
114.85.113.108 - - [01/Jul/2023:08:38:59 +0800] "GET /xingrg/all/function/internal_message.html?_=1688171933313&CODE_STATE=getMsg HTTP/1.1" 200 27
116.235.240.62 - - [01/Jul/2023:08:39:01 +0800] "POST /xingrg/dwr/call/plaincall/AjaxCheckService.setItemNumber.dwr HTTP/1.1" 200 78
120.253.135.82 - - [01/Jul/2023:08:39:01 +0800] "GET /xingrg/kc/pszx/mdps_order_list.html HTTP/1.1" 200 21032
120.253.135.82 - - [01/Jul/2023:08:39:01 +0800] "POST /xingrg/kc/pszx/jzcl_ps_operate.html HTTP/1.1" 200 21
120.253.135.82 - - [01/Jul/2023:08:39:02 +0800] "POST /xingrg/kc/pszx/mdps_list_operate.html HTTP/1.1" 200 5401
116.235.240.62 - - [01/Jul/2023:08:39:03 +0800] "POST /xingrg/dwr/call/plaincall/AjaxCheckService.setItemNumber.dwr HTTP/1.1" 200 78
116.235.240.62 - - [01/Jul/2023:08:39:06 +0800] "GET /xingrg/all/function/internal_message.html?_=1688171967965&CODE_STATE=getMsg HTTP/1.1" 200 27
120.253.135.82 - - [01/Jul/2023:08:39:14 +0800] "GET /xingrg/all/function/internal_message.html?_=1688171784104&CODE_STATE=getMsg HTTP/1.1" 200 27
116.238.191.126 - - [01/Jul/2023:08:39:19 +0800] "GET /xingrg/all/function/internal_message.html?_=1688171875773&CODE_STATE=getMsg HTTP/1.1" 200 27
180.169.147.146 - - [01/Jul/2023:08:39:23 +0800] "GET /xingrg/all/function/internal_message.html?_=1688171981973&CODE_STATE=getMsg HTTP/1.1" 200 27
116.235.240.62 - - [01/Jul/2023:08:39:28 +0800] "POST /xingrg/dwr/call/plaincall/AjaxCheckService.checkOrder.dwr HTTP/1.1" 200 80
116.235.240.62 - - [01/Jul/2023:08:39:30 +0800] "GET /xingrg/kc/base/check_order_info.html?code=452023063000531 HTTP/1.1" 200 22868
116.235.240.62 - - [01/Jul/2023:08:39:30 +0800] "GET /xingrg/dwr/interface/AjaxComOrderService.js HTTP/1.1" 200 18264
116.235.240.62 - - [01/Jul/2023:08:39:30 +0800] "GET /xingrg/dwr/interface/AjaxCheckService.js HTTP/1.1" 200 14003
116.235.240.62 - - [01/Jul/2023:08:39:30 +0800] "GET /xingrg/dwr/engine.js HTTP/1.1" 200 43631
101.83.145.52 - - [01/Jul/2023:08:39:30 +0800] "GET /xingrg/check_reg.html?_=1688171973565 HTTP/1.1" 200 22
101.83.145.52 - - [01/Jul/2023:08:39:30 +0800] "GET /xingrg/all/function/internal_message.html?_=1688171973569&CODE_STATE=getMsg HTTP/1.1" 200 27
116.235.240.62 - - [01/Jul/2023:08:39:31 +0800] "POST /xingrg/dwr/call/plaincall/AjaxCheckService.loadOrderItems.dwr HTTP/1.1" 200 46475
61.170.233.201 - - [01/Jul/2023:08:39:31 +0800] "GET /xingrg/all/function/internal_message.html?_=1688171967252&CODE_STATE=getMsg HTTP/1.1" 200 27
120.253.135.82 - - [01/Jul/2023:08:39:37 +0800] "POST /xingrg/kc/pszx/mdps_list_operate.html HTTP/1.1" 200 3859
120.253.135.82 - - [01/Jul/2023:08:39:38 +0800] "POST /xingrg/kc/pszx/mdps_list_operate.html HTTP/1.1" 200 607
120.253.135.82 - - [01/Jul/2023:08:39:39 +0800] "GET /xingrg/kc/pszx/mdps_order_info.html?code=312023070100024 HTTP/1.1" 200 23972
120.253.135.82 - - [01/Jul/2023:08:39:40 +0800] "GET /xingrg/javascript/easyui/themes/default/validatebox.css HTTP/1.1" 404 1104
120.253.135.82 - - [01/Jul/2023:08:39:40 +0800] "POST /xingrg/kc/pszx/mdps_order_operate.html HTTP/1.1" 200 6657
120.253.135.82 - - [01/Jul/2023:08:39:43 +0800] "POST /xingrg/all/common/load_combo.html?type=base HTTP/1.1" 200 1169
114.93.33.65 - - [01/Jul/2023:08:39:47 +0800] "GET /xingrg/all/function/internal_message.html?_=1688171996467&CODE_STATE=getMsg HTTP/1.1" 200 27
120.253.135.82 - - [01/Jul/2023:08:39:47 +0800] "POST /xingrg/kc/pszx/mdps_order_operate.html HTTP/1.1" 200 37
120.253.135.82 - - [01/Jul/2023:08:39:49 +0800] "GET /xingrg/kc/pszx/mdps_order_info.html?code=312023070100024 HTTP/1.1" 200 23972
101.85.193.165 - - [01/Jul/2023:08:39:49 +0800] "GET /xingrg/all/function/internal_message.html?_=1688171989447&CODE_STATE=getMsg HTTP/1.1" 200 27
120.253.135.82 - - [01/Jul/2023:08:39:49 +0800] "GET /xingrg/javascript/easyui/themes/default/validatebox.css HTTP/1.1" 404 1104
120.253.135.82 - - [01/Jul/2023:08:39:50 +0800] "POST /xingrg/kc/pszx/mdps_order_operate.html HTTP/1.1" 200 6739
101.85.193.165 - - [01/Jul/2023:08:39:59 +0800] "GET /xingrg/all/function/internal_message.html?_=1688172027297&CODE_STATE=getMsg HTTP/1.1" 200 27
114.85.113.108 - - [01/Jul/2023:08:39:59 +0800] "GET /xingrg/all/function/internal_message.html?_=1688171993296&CODE_STATE=getMsg HTTP/1.1" 200 27
116.235.240.62 - - [01/Jul/2023:08:40:06 +0800] "GET /xingrg/all/function/internal_message.html?_=1688172027972&CODE_STATE=getMsg HTTP/1.1" 200 27
222.70.180.90 - - [01/Jul/2023:08:40:13 +0800] "GET /xingrg/login.html HTTP/1.1" 200 7641
222.70.180.90 - - [01/Jul/2023:08:40:14 +0800] "GET /favicon.ico HTTP/1.1" 404 -
120.253.135.82 - - [01/Jul/2023:08:40:14 +0800] "GET /xingrg/all/function/internal_message.html?_=1688171844118&CODE_STATE=getMsg HTTP/1.1" 200 27
222.70.180.90 - - [01/Jul/2023:08:40:16 +0800] "POST /xingrg/login.do HTTP/1.1" 302 -
222.70.180.90 - - [01/Jul/2023:08:40:16 +0800] "GET /xingrg/index.html?sysBaseUrl=http%3A%2F%2F180.169.147.146%3A18081%2Fxingrg%2F&costTime=1119×tamp=1688172016597 HTTP/1.1" 200 17173
222.70.180.90 - - [01/Jul/2023:08:40:16 +0800] "GET /favicon.ico HTTP/1.1" 404 -
222.70.180.90 - - [01/Jul/2023:08:40:16 +0800] "GET /xingrg/check_reg.html?_=1688172013158 HTTP/1.1" 200 22
222.70.180.90 - - [01/Jul/2023:08:40:16 +0800] "GET /xingrg/all/function/internal_message.html?_=1688172013158&CODE_STATE=count HTTP/1.1" 200 11
222.70.180.90 - - [01/Jul/2023:08:40:17 +0800] "POST /xingrg/all/common/load_tree.html?tree=area_rest_tree_json&manage=1 HTTP/1.1" 200 342
222.70.180.90 - - [01/Jul/2023:08:40:17 +0800] "POST /xingrg/load_menu.html HTTP/1.1" 200 5138
101.83.145.52 - - [01/Jul/2023:08:40:18 +0800] "POST /xingrg/dwr/call/plaincall/AjaxCheckService.setItemNumber.dwr HTTP/1.1" 200 76
222.70.180.90 - - [01/Jul/2023:08:40:18 +0800] "GET /xingrg/kc/buy/buy_main.html HTTP/1.1" 200 12412
222.70.180.90 - - [01/Jul/2023:08:40:18 +0800] "GET /xingrg/css/new_ie.css HTTP/1.1" 404 1036
222.70.180.90 - - [01/Jul/2023:08:40:18 +0800] "GET /xingrg/images/yd/bt.gif HTTP/1.1" 404 1040
116.238.191.126 - - [01/Jul/2023:08:40:19 +0800] "GET /xingrg/all/function/internal_message.html?_=1688171935786&CODE_STATE=getMsg HTTP/1.1" 200 27
222.70.180.90 - - [01/Jul/2023:08:40:20 +0800] "GET /xingrg/kc/buy/cgsh_order_list.html HTTP/1.1" 200 55838
222.70.180.90 - - [01/Jul/2023:08:40:23 +0800] "POST /xingrg/kc/buy/cgsh_list_operate.html HTTP/1.1" 200 986
180.169.147.146 - - [01/Jul/2023:08:40:23 +0800] "GET /xingrg/all/function/internal_message.html?_=1688172041983&CODE_STATE=getMsg HTTP/1.1" 200 27
101.83.145.52 - - [01/Jul/2023:08:40:23 +0800] "POST /xingrg/dwr/call/plaincall/AjaxCheckService.setItemNumber.dwr HTTP/1.1" 200 76
222.70.180.90 - - [01/Jul/2023:08:40:25 +0800] "GET /xingrg/kc/base/check_order_list.html HTTP/1.1" 200 16217
222.70.180.90 - - [01/Jul/2023:08:40:25 +0800] "POST /xingrg/kc/base/check_list_operate.html HTTP/1.1" 200 4709
101.83.145.52 - - [01/Jul/2023:08:40:30 +0800] "GET /xingrg/all/function/internal_message.html?_=1688172033579&CODE_STATE=getMsg HTTP/1.1" 200 27
61.170.233.201 - - [01/Jul/2023:08:40:31 +0800] "GET /xingrg/all/function/internal_message.html?_=1688172027225&CODE_STATE=getMsg HTTP/1.1" 200 27
180.163.29.212 - - [01/Jul/2023:08:40:31 +0800] "GET /xingrg/all/function/internal_message.html?_=1688171967252&CODE_STATE=getMsg HTTP/1.1" 302 -
180.163.29.212 - - [01/Jul/2023:08:40:31 +0800] "GET /xingrg/login.html HTTP/1.1" 200 7641
120.253.135.82 - - [01/Jul/2023:08:40:33 +0800] "POST /xingrg/kc/pszx/mdps_list_operate.html HTTP/1.1" 200 288
120.253.135.82 - - [01/Jul/2023:08:40:35 +0800] "GET /xingrg/kc/pszx/mdps_order_info.html?code=312023070100025 HTTP/1.1" 200 23972
120.253.135.82 - - [01/Jul/2023:08:40:35 +0800] "GET /xingrg/javascript/easyui/themes/default/validatebox.css HTTP/1.1" 404 1104
120.253.135.82 - - [01/Jul/2023:08:40:36 +0800] "POST /xingrg/kc/pszx/mdps_order_operate.html HTTP/1.1" 200 2767
120.253.135.82 - - [01/Jul/2023:08:40:38 +0800] "POST /xingrg/all/common/load_combo.html?type=base HTTP/1.1" 200 1169
222.70.180.90 - - [01/Jul/2023:08:40:43 +0800] "GET /xingrg/kc/base/check_order_info.html?code=452023063000377 HTTP/1.1" 200 26404
222.70.180.90 - - [01/Jul/2023:08:40:43 +0800] "GET /xingrg/dwr/interface/AjaxComOrderService.js HTTP/1.1" 200 18264
222.70.180.90 - - [01/Jul/2023:08:40:43 +0800] "GET /xingrg/dwr/interface/AjaxCheckService.js HTTP/1.1" 200 14003
222.70.180.90 - - [01/Jul/2023:08:40:43 +0800] "GET /xingrg/dwr/engine.js HTTP/1.1" 200 43631
222.70.180.90 - - [01/Jul/2023:08:40:43 +0800] "GET /xingrg/dwr/util.js HTTP/1.1" 304 -
222.70.180.90 - - [01/Jul/2023:08:40:44 +0800] "POST /xingrg/dwr/call/plaincall/AjaxCheckService.loadOrderItems.dwr HTTP/1.1" 200 136786
120.253.135.82 - - [01/Jul/2023:08:40:46 +0800] "POST /xingrg/kc/pszx/mdps_order_operate.html HTTP/1.1" 200 37
114.93.33.65 - - [01/Jul/2023:08:40:47 +0800] "GET /xingrg/all/function/internal_message.html?_=1688172056468&CODE_STATE=getMsg HTTP/1.1" 200 27
222.70.180.90 - - [01/Jul/2023:08:40:48 +0800] "POST /xingrg/dwr/call/plaincall/AjaxCheckService.setItemNumber.dwr HTTP/1.1" 200 76
222.70.180.90 - - [01/Jul/2023:08:40:49 +0800] "POST /xingrg/dwr/call/plaincall/AjaxCheckService.setItemNumber.dwr HTTP/1.1" 200 76
120.253.135.82 - - [01/Jul/2023:08:40:49 +0800] "GET /xingrg/kc/pszx/mdps_order_info.html?code=312023070100025 HTTP/1.1" 200 23972
101.85.193.165 - - [01/Jul/2023:08:40:49 +0800] "GET /xingrg/all/function/internal_message.html?_=1688172049432&CODE_STATE=getMsg HTTP/1.1" 200 27
101.85.193.165 - - [01/Jul/2023:08:40:49 +0800] "GET /xingrg/check_reg.html?_=1688172049650 HTTP/1.1" 200 22
120.253.135.82 - - [01/Jul/2023:08:40:49 +0800] "GET /xingrg/javascript/easyui/themes/default/validatebox.css HTTP/1.1" 404 1104
222.70.180.90 - - [01/Jul/2023:08:40:50 +0800] "POST /xingrg/dwr/call/plaincall/AjaxCheckService.setItemNumber.dwr HTTP/1.1" 200 76
120.253.135.82 - - [01/Jul/2023:08:40:50 +0800] "POST /xingrg/kc/pszx/mdps_order_operate.html HTTP/1.1" 200 2782
222.70.180.90 - - [01/Jul/2023:08:40:51 +0800] "POST /xingrg/dwr/call/plaincall/AjaxCheckService.setItemNumber.dwr HTTP/1.1" 200 76
222.70.180.90 - - [01/Jul/2023:08:40:53 +0800] "POST /xingrg/dwr/call/plaincall/AjaxCheckService.setItemNumber.dwr HTTP/1.1" 200 76
222.70.180.90 - - [01/Jul/2023:08:40:54 +0800] "POST /xingrg/dwr/call/plaincall/AjaxCheckService.setItemNumber.dwr HTTP/1.1" 200 76
222.70.180.90 - - [01/Jul/2023:08:40:57 +0800] "POST /xingrg/dwr/call/plaincall/AjaxCheckService.setItemNumber.dwr HTTP/1.1" 200 76
222.70.180.90 - - [01/Jul/2023:08:40:58 +0800] "POST /xingrg/dwr/call/plaincall/AjaxCheckService.setItemNumber.dwr HTTP/1.1" 200 76
101.85.193.165 - - [01/Jul/2023:08:40:59 +0800] "GET /xingrg/all/function/internal_message.html?_=1688172087286&CODE_STATE=getMsg HTTP/1.1" 200 27
101.85.193.165 - - [01/Jul/2023:08:40:59 +0800] "GET /xingrg/check_reg.html?_=1688172087356 HTTP/1.1" 200 22
222.70.180.90 - - [01/Jul/2023:08:40:59 +0800] "POST /xingrg/dwr/call/plaincall/AjaxCheckService.setItemNumber.dwr HTTP/1.1" 200 76
114.85.113.108 - - [01/Jul/2023:08:40:59 +0800] "GET /xingrg/all/function/internal_message.html?_=1688172053282&CODE_STATE=getMsg HTTP/1.1" 200 27
222.70.180.90 - - [01/Jul/2023:08:41:00 +0800] "POST /xingrg/dwr/call/plaincall/AjaxCheckService.setItemNumber.dwr HTTP/1.1" 200 77
222.70.180.90 - - [01/Jul/2023:08:41:01 +0800] "POST /xingrg/dwr/call/plaincall/AjaxCheckService.setItemNumber.dwr HTTP/1.1" 200 77
120.253.135.82 - - [01/Jul/2023:08:41:02 +0800] "GET /xingrg/kc/pszx/mdps_order_operate.html?command=get_materiel&pszx_code=00101&rest_code=00102&base_code=0010252&code=00101014075 HTTP/1.1" 200 438
222.70.180.90 - - [01/Jul/2023:08:41:03 +0800] "POST /xingrg/dwr/call/plaincall/AjaxCheckService.setItemNumber.dwr HTTP/1.1" 200 77
222.70.180.90 - - [01/Jul/2023:08:41:04 +0800] "POST /xingrg/dwr/call/plaincall/AjaxCheckService.setItemNumber.dwr HTTP/1.1" 200 77
222.70.180.90 - - [01/Jul/2023:08:41:06 +0800] "POST /xingrg/dwr/call/plaincall/AjaxCheckService.setItemNumber.dwr HTTP/1.1" 200 77
116.235.240.62 - - [01/Jul/2023:08:41:06 +0800] "GET /xingrg/all/function/internal_message.html?_=1688172087986&CODE_STATE=getMsg HTTP/1.1" 200 27
222.70.180.90 - - [01/Jul/2023:08:41:07 +0800] "POST /xingrg/dwr/call/plaincall/AjaxCheckService.setItemNumber.dwr HTTP/1.1" 200 77
222.70.180.90 - - [01/Jul/2023:08:41:09 +0800] "POST /xingrg/dwr/call/plaincall/AjaxCheckService.setItemNumber.dwr HTTP/1.1" 200 77
222.70.180.90 - - [01/Jul/2023:08:41:10 +0800] "POST /xingrg/dwr/call/plaincall/AjaxCheckService.setItemNumber.dwr HTTP/1.1" 200 77
222.70.180.90 - - [01/Jul/2023:08:41:12 +0800] "POST /xingrg/dwr/call/plaincall/AjaxCheckService.setItemNumber.dwr HTTP/1.1" 200 77
222.70.180.90 - - [01/Jul/2023:08:41:13 +0800] "POST /xingrg/dwr/call/plaincall/AjaxCheckService.setItemNumber.dwr HTTP/1.1" 200 77
120.253.135.82 - - [01/Jul/2023:08:41:14 +0800] "GET /xingrg/all/function/internal_message.html?_=1688171904174&CODE_STATE=getMsg HTTP/1.1" 200 27
222.70.180.90 - - [01/Jul/2023:08:41:15 +0800] "POST /xingrg/dwr/call/plaincall/AjaxCheckService.setItemNumber.dwr HTTP/1.1" 200 77
222.70.180.90 - - [01/Jul/2023:08:41:16 +0800] "POST /xingrg/dwr/call/plaincall/AjaxCheckService.setItemNumber.dwr HTTP/1.1" 200 77
222.70.180.90 - - [01/Jul/2023:08:41:17 +0800] "GET /xingrg/all/function/internal_message.html?_=1688172073279&CODE_STATE=getMsg HTTP/1.1" 200 27
120.253.135.82 - - [01/Jul/2023:08:41:17 +0800] "GET /xingrg/check_reg.html?_=1688171907034 HTTP/1.1" 200 22
222.70.180.90 - - [01/Jul/2023:08:41:17 +0800] "POST /xingrg/dwr/call/plaincall/AjaxCheckService.setItemNumber.dwr HTTP/1.1" 200 77
120.253.135.82 - - [01/Jul/2023:08:41:18 +0800] "POST /xingrg/kc/pszx/mdps_order_operate.html HTTP/1.1" 200 37
120.253.135.82 - - [01/Jul/2023:08:41:19 +0800] "GET /xingrg/kc/pszx/mdps_order_info.html?code=312023070100025 HTTP/1.1" 200 23972
116.238.191.126 - - [01/Jul/2023:08:41:19 +0800] "GET /xingrg/all/function/internal_message.html?_=1688171995803&CODE_STATE=getMsg HTTP/1.1" 200 27
120.253.135.82 - - [01/Jul/2023:08:41:20 +0800] "GET /xingrg/javascript/easyui/themes/default/validatebox.css HTTP/1.1" 404 1104
222.70.180.90 - - [01/Jul/2023:08:41:20 +0800] "POST /xingrg/dwr/call/plaincall/AjaxCheckService.setItemNumber.dwr HTTP/1.1" 200 77
120.253.135.82 - - [01/Jul/2023:08:41:20 +0800] "POST /xingrg/kc/pszx/mdps_order_operate.html HTTP/1.1" 200 2785
222.70.180.90 - - [01/Jul/2023:08:41:22 +0800] "POST /xingrg/dwr/call/plaincall/AjaxCheckService.setItemNumber.dwr HTTP/1.1" 200 77
180.169.147.146 - - [01/Jul/2023:08:41:23 +0800] "GET /xingrg/all/function/internal_message.html?_=1688172102004&CODE_STATE=getMsg HTTP/1.1" 200 27
120.253.135.82 - - [01/Jul/2023:08:41:23 +0800] "POST /xingrg/kc/pszx/mdps_list_operate.html HTTP/1.1" 200 3859
222.70.180.90 - - [01/Jul/2023:08:41:23 +0800] "POST /xingrg/dwr/call/plaincall/AjaxCheckService.setItemNumber.dwr HTTP/1.1" 200 77
222.70.180.90 - - [01/Jul/2023:08:41:25 +0800] "POST /xingrg/dwr/call/plaincall/AjaxCheckService.setItemNumber.dwr HTTP/1.1" 200 77
120.253.135.82 - - [01/Jul/2023:08:41:25 +0800] "POST /xingrg/kc/pszx/mdps_list_operate.html HTTP/1.1" 200 288
222.70.180.90 - - [01/Jul/2023:08:41:26 +0800] "POST /xingrg/dwr/call/plaincall/AjaxCheckService.setItemNumber.dwr HTTP/1.1" 200 77
120.253.135.82 - - [01/Jul/2023:08:41:26 +0800] "POST /xingrg/kc/pszx/mdps_list_operate.html HTTP/1.1" 200 607
222.70.180.90 - - [01/Jul/2023:08:41:27 +0800] "POST /xingrg/dwr/call/plaincall/AjaxCheckService.setItemNumber.dwr HTTP/1.1" 200 77
120.253.135.82 - - [01/Jul/2023:08:41:27 +0800] "GET /xingrg/kc/pszx/mdps_order_info.html?code=312023070100024 HTTP/1.1" 200 23972
120.253.135.82 - - [01/Jul/2023:08:41:28 +0800] "GET /xingrg/javascript/easyui/themes/default/validatebox.css HTTP/1.1" 404 1104
120.253.135.82 - - [01/Jul/2023:08:41:28 +0800] "POST /xingrg/kc/pszx/mdps_order_operate.html HTTP/1.1" 200 6739
222.70.180.90 - - [01/Jul/2023:08:41:29 +0800] "POST /xingrg/dwr/call/plaincall/AjaxCheckService.setItemNumber.dwr HTTP/1.1" 200 77
101.83.145.52 - - [01/Jul/2023:08:41:30 +0800] "GET /xingrg/all/function/internal_message.html?_=1688172093563&CODE_STATE=getMsg HTTP/1.1" 200 27
222.70.180.90 - - [01/Jul/2023:08:41:31 +0800] "POST /xingrg/dwr/call/plaincall/AjaxCheckService.setItemNumber.dwr HTTP/1.1" 200 77
222.70.180.90 - - [01/Jul/2023:08:41:32 +0800] "POST /xingrg/dwr/call/plaincall/AjaxCheckService.setItemNumber.dwr HTTP/1.1" 200 77
222.70.180.90 - - [01/Jul/2023:08:41:35 +0800] "POST /xingrg/dwr/call/plaincall/AjaxCheckService.setItemNumber.dwr HTTP/1.1" 200 77
222.70.180.90 - - [01/Jul/2023:08:41:35 +0800] "POST /xingrg/dwr/call/plaincall/AjaxCheckService.setItemNumber.dwr HTTP/1.1" 200 77
222.70.180.90 - - [01/Jul/2023:08:41:38 +0800] "POST /xingrg/dwr/call/plaincall/AjaxCheckService.setItemNumber.dwr HTTP/1.1" 200 77
101.83.145.52 - - [01/Jul/2023:08:41:39 +0800] "POST /xingrg/dwr/call/plaincall/AjaxCheckService.setItemNumber.dwr HTTP/1.1" 200 76
222.70.180.90 - - [01/Jul/2023:08:41:39 +0800] "POST /xingrg/dwr/call/plaincall/AjaxCheckService.setItemNumber.dwr HTTP/1.1" 200 77
222.70.180.90 - - [01/Jul/2023:08:41:40 +0800] "POST /xingrg/dwr/call/plaincall/AjaxCheckService.setItemNumber.dwr HTTP/1.1" 200 77
222.70.180.90 - - [01/Jul/2023:08:41:42 +0800] "POST /xingrg/dwr/call/plaincall/AjaxCheckService.setItemNumber.dwr HTTP/1.1" 200 77
101.83.145.52 - - [01/Jul/2023:08:41:42 +0800] "POST /xingrg/dwr/call/plaincall/AjaxCheckService.setItemNumber.dwr HTTP/1.1" 200 76
61.170.233.201 - - [01/Jul/2023:08:41:43 +0800] "GET /xingrg/all/function/internal_message.html?_=1688172087197&CODE_STATE=getMsg HTTP/1.1" 200 27
222.70.180.90 - - [01/Jul/2023:08:41:43 +0800] "POST /xingrg/dwr/call/plaincall/AjaxCheckService.setItemNumber.dwr HTTP/1.1" 200 77
222.70.180.90 - - [01/Jul/2023:08:41:45 +0800] "POST /xingrg/dwr/call/plaincall/AjaxCheckService.setItemNumber.dwr HTTP/1.1" 200 77
222.70.180.90 - - [01/Jul/2023:08:41:47 +0800] "POST /xingrg/dwr/call/plaincall/AjaxCheckService.setItemNumber.dwr HTTP/1.1" 200 77
101.83.145.52 - - [01/Jul/2023:08:41:47 +0800] "POST /xingrg/dwr/call/plaincall/AjaxCheckService.setItemNumber.dwr HTTP/1.1" 200 76
114.93.33.65 - - [01/Jul/2023:08:41:47 +0800] "GET /xingrg/all/function/internal_message.html?_=1688172116471&CODE_STATE=getMsg HTTP/1.1" 200 27
222.70.180.90 - - [01/Jul/2023:08:41:48 +0800] "POST /xingrg/dwr/call/plaincall/AjaxCheckService.setItemNumber.dwr HTTP/1.1" 200 77
101.83.145.52 - - [01/Jul/2023:08:41:49 +0800] "POST /xingrg/dwr/call/plaincall/AjaxCheckService.setItemNumber.dwr HTTP/1.1" 200 76
101.85.193.165 - - [01/Jul/2023:08:41:49 +0800] "GET /xingrg/all/function/internal_message.html?_=1688172109407&CODE_STATE=getMsg HTTP/1.1" 200 27
101.83.145.52 - - [01/Jul/2023:08:41:49 +0800] "POST /xingrg/dwr/call/plaincall/AjaxCheckService.setItemNumber.dwr HTTP/1.1" 200 76
222.70.180.90 - - [01/Jul/2023:08:41:50 +0800] "POST /xingrg/dwr/call/plaincall/AjaxCheckService.setItemNumber.dwr HTTP/1.1" 200 77
222.70.180.90 - - [01/Jul/2023:08:41:51 +0800] "POST /xingrg/dwr/call/plaincall/AjaxCheckService.setItemNumber.dwr HTTP/1.1" 200 77
101.83.145.52 - - [01/Jul/2023:08:41:51 +0800] "GET /xingrg/index.html?sysBaseUrl=http%3A%2F%2F180.169.147.146%3A18081%2Fxingrg%2F&costTime=32×tamp=1585224308505 HTTP/1.1" 302 -
101.83.145.52 - - [01/Jul/2023:08:41:52 +0800] "POST /xingrg/dwr/call/plaincall/AjaxCheckService.setItemNumber.dwr HTTP/1.1" 200 77
101.83.145.52 - - [01/Jul/2023:08:41:53 +0800] "GET /xingrg/login.html HTTP/1.1" 200 7641
222.70.180.90 - - [01/Jul/2023:08:41:53 +0800] "POST /xingrg/dwr/call/plaincall/AjaxCheckService.setItemNumber.dwr HTTP/1.1" 200 77
114.85.113.108 - - [01/Jul/2023:08:41:53 +0800] "GET /xingrg/check_reg.html?_=1688172107198 HTTP/1.1" 200 22
101.83.145.52 - - [01/Jul/2023:08:41:53 +0800] "POST /xingrg/dwr/call/plaincall/AjaxCheckService.setItemNumber.dwr HTTP/1.1" 200 77
120.253.135.82 - - [01/Jul/2023:08:41:53 +0800] "POST /xingrg/kc/pszx/mdps_list_operate.html HTTP/1.1" 200 3859
222.70.180.90 - - [01/Jul/2023:08:41:54 +0800] "POST /xingrg/dwr/call/plaincall/AjaxCheckService.setItemNumber.dwr HTTP/1.1" 200 77
101.83.145.52 - - [01/Jul/2023:08:41:54 +0800] "GET /xingrg/images/blue/jxLogo.png HTTP/1.1" 304 -
120.253.135.82 - - [01/Jul/2023:08:41:55 +0800] "POST /xingrg/kc/pszx/mdps_list_operate.html HTTP/1.1" 200 205
222.70.180.90 - - [01/Jul/2023:08:41:55 +0800] "POST /xingrg/dwr/call/plaincall/AjaxCheckService.setItemNumber.dwr HTTP/1.1" 200 77
101.83.145.52 - - [01/Jul/2023:08:41:56 +0800] "POST /xingrg/dwr/call/plaincall/AjaxCheckService.setItemNumber.dwr HTTP/1.1" 200 77
222.70.180.90 - - [01/Jul/2023:08:41:57 +0800] "POST /xingrg/dwr/call/plaincall/AjaxCheckService.setItemNumber.dwr HTTP/1.1" 200 77
120.253.135.82 - - [01/Jul/2023:08:41:57 +0800] "POST /xingrg/kc/pszx/mdps_list_operate.html HTTP/1.1" 200 607
120.253.135.82 - - [01/Jul/2023:08:41:58 +0800] "GET /xingrg/kc/pszx/mdps_order_info.html?code=312023070100024 HTTP/1.1" 200 23972
120.253.135.82 - - [01/Jul/2023:08:41:58 +0800] "GET /xingrg/javascript/easyui/themes/default/validatebox.css HTTP/1.1" 404 1104
101.85.193.165 - - [01/Jul/2023:08:41:59 +0800] "GET /xingrg/all/function/internal_message.html?_=1688172147260&CODE_STATE=getMsg HTTP/1.1" 200 27
120.253.135.82 - - [01/Jul/2023:08:41:59 +0800] "POST /xingrg/kc/pszx/mdps_order_operate.html HTTP/1.1" 200 6739
114.85.113.108 - - [01/Jul/2023:08:41:59 +0800] "GET /xingrg/all/function/internal_message.html?_=1688172113258&CODE_STATE=getMsg HTTP/1.1" 200 27
120.253.135.82 - - [01/Jul/2023:08:42:01 +0800] "GET /xingrg/kc/print/load_config.html?kc_code=mdps HTTP/1.1" 200 2390
120.253.135.82 - - [01/Jul/2023:08:42:02 +0800] "GET /xingrg/kc/print/load_data.html?order_code=312023070100024&kc_code=mdps&condition= HTTP/1.1" 200 2707
101.83.145.52 - - [01/Jul/2023:08:42:04 +0800] "GET /xingrg/images/blue/login_bg.png HTTP/1.1" 304 -
101.83.145.52 - - [01/Jul/2023:08:42:04 +0800] "GET /xingrg/images/blue/hj.png HTTP/1.1" 304 -
101.83.145.52 - - [01/Jul/2023:08:42:04 +0800] "GET /xingrg/images/blue/srbg.png HTTP/1.1" 304 -
222.70.180.90 - - [01/Jul/2023:08:42:05 +0800] "POST /xingrg/dwr/call/plaincall/AjaxCheckService.setItemNumber.dwr HTTP/1.1" 200 77
101.83.145.52 - - [01/Jul/2023:08:42:05 +0800] "GET /favicon.ico HTTP/1.1" 404 -
116.235.240.62 - - [01/Jul/2023:08:42:06 +0800] "GET /xingrg/all/function/internal_message.html?_=1688172148014&CODE_STATE=getMsg HTTP/1.1" 200 27
222.70.180.90 - - [01/Jul/2023:08:42:10 +0800] "POST /xingrg/dwr/call/plaincall/AjaxCheckService.setItemNumber.dwr HTTP/1.1" 200 77
222.70.180.90 - - [01/Jul/2023:08:42:11 +0800] "POST /xingrg/dwr/call/plaincall/AjaxCheckService.setItemNumber.dwr HTTP/1.1" 200 77
120.253.135.82 - - [01/Jul/2023:08:42:12 +0800] "POST /xingrg/kc/pszx/mdps_list_operate.html HTTP/1.1" 200 3859
222.70.180.90 - - [01/Jul/2023:08:42:12 +0800] "POST /xingrg/dwr/call/plaincall/AjaxCheckService.setItemNumber.dwr HTTP/1.1" 200 77
222.70.180.90 - - [01/Jul/2023:08:42:13 +0800] "POST /xingrg/dwr/call/plaincall/AjaxCheckService.setItemNumber.dwr HTTP/1.1" 200 77
120.253.135.82 - - [01/Jul/2023:08:42:13 +0800] "POST /xingrg/kc/pszx/mdps_list_operate.html HTTP/1.1" 200 288
180.169.147.146 - - [01/Jul/2023:08:42:14 +0800] "GET /xingrg/check_reg.html?_=1688172152861 HTTP/1.1" 200 22
120.253.135.82 - - [01/Jul/2023:08:42:14 +0800] "GET /xingrg/all/function/internal_message.html?_=1688171964177&CODE_STATE=getMsg HTTP/1.1" 200 27
222.70.180.90 - - [01/Jul/2023:08:42:14 +0800] "POST /xingrg/dwr/call/plaincall/AjaxCheckService.setItemNumber.dwr HTTP/1.1" 200 77
120.253.135.82 - - [01/Jul/2023:08:42:15 +0800] "GET /xingrg/kc/pszx/mdps_order_info.html?code=312023070100025 HTTP/1.1" 200 23972
222.70.180.90 - - [01/Jul/2023:08:42:15 +0800] "POST /xingrg/dwr/call/plaincall/AjaxCheckService.setItemNumber.dwr HTTP/1.1" 200 77
120.253.135.82 - - [01/Jul/2023:08:42:16 +0800] "GET /xingrg/javascript/easyui/themes/default/validatebox.css HTTP/1.1" 404 1104
120.253.135.82 - - [01/Jul/2023:08:42:16 +0800] "POST /xingrg/kc/pszx/mdps_order_operate.html HTTP/1.1" 200 2785
222.70.180.90 - - [01/Jul/2023:08:42:17 +0800] "GET /xingrg/all/function/internal_message.html?_=1688172133249&CODE_STATE=getMsg HTTP/1.1" 200 27
222.70.180.90 - - [01/Jul/2023:08:42:17 +0800] "POST /xingrg/dwr/call/plaincall/AjaxCheckService.setItemNumber.dwr HTTP/1.1" 200 77
222.70.180.90 - - [01/Jul/2023:08:42:18 +0800] "POST /xingrg/dwr/call/plaincall/AjaxCheckService.setItemNumber.dwr HTTP/1.1" 200 77
101.83.145.52 - - [01/Jul/2023:08:42:19 +0800] "POST /xingrg/login.do HTTP/1.1" 302 -
101.83.145.52 - - [01/Jul/2023:08:42:19 +0800] "GET /xingrg/index.html?sysBaseUrl=http%3A%2F%2F180.169.147.146%3A18081%2Fxingrg%2F&costTime=898×tamp=1688172139492 HTTP/1.1" 200 17173
120.253.135.82 - - [01/Jul/2023:08:42:20 +0800] "GET /xingrg/kc/print/load_data.html?order_code=312023070100025&kc_code=mdps&condition= HTTP/1.1" 200 918
101.83.145.52 - - [01/Jul/2023:08:42:20 +0800] "GET /xingrg/javascript/jquery_easy_ui/themes/default/easyui.css HTTP/1.1" 304 -
101.83.145.52 - - [01/Jul/2023:08:42:20 +0800] "GET /xingrg/javascript/jquery_easy_ui/themes/icon.css HTTP/1.1" 304 -
101.83.145.52 - - [01/Jul/2023:08:42:20 +0800] "GET /xingrg/css/form.css HTTP/1.1" 304 -
101.83.145.52 - - [01/Jul/2023:08:42:20 +0800] "GET /xingrg/javascript/jquery-1.4.2.min.js HTTP/1.1" 304 -
101.83.145.52 - - [01/Jul/2023:08:42:20 +0800] "GET /xingrg/javascript/jquery_easy_ui/jquery.easyui.min.js HTTP/1.1" 304 -
101.83.145.52 - - [01/Jul/2023:08:42:20 +0800] "GET /xingrg/javascript/jquery_easy_ui/easyui-lang-zh_CN.js HTTP/1.1" 304 -
101.83.145.52 - - [01/Jul/2023:08:42:20 +0800] "GET /xingrg/javascript/jquery.form.js HTTP/1.1" 304 -
101.83.145.52 - - [01/Jul/2023:08:42:20 +0800] "GET /xingrg/javascript/jquery.utils.js HTTP/1.1" 304 -
101.83.145.52 - - [01/Jul/2023:08:42:20 +0800] "GET /xingrg/javascript/jquery.timers.js HTTP/1.1" 304 -
222.70.180.90 - - [01/Jul/2023:08:42:20 +0800] "POST /xingrg/dwr/call/plaincall/AjaxCheckService.setItemNumber.dwr HTTP/1.1" 200 77
222.70.180.90 - - [01/Jul/2023:08:42:21 +0800] "POST /xingrg/dwr/call/plaincall/AjaxCheckService.setItemNumber.dwr HTTP/1.1" 200 77
101.83.145.52 - - [01/Jul/2023:08:42:22 +0800] "GET /favicon.ico HTTP/1.1" 404 -
180.169.147.146 - - [01/Jul/2023:08:42:23 +0800] "GET /xingrg/all/function/internal_message.html?_=1688172162010&CODE_STATE=getMsg HTTP/1.1" 200 27
222.70.180.90 - - [01/Jul/2023:08:42:23 +0800] "POST /xingrg/dwr/call/plaincall/AjaxCheckService.setItemNumber.dwr HTTP/1.1" 200 77
101.83.145.52 - - [01/Jul/2023:08:42:24 +0800] "GET /xingrg/javascript/jquery_easy_ui/themes/icons/settle_new.png HTTP/1.1" 304 -
101.83.145.52 - - [01/Jul/2023:08:42:24 +0800] "GET /xingrg/images/blue/navBackgound.jpg HTTP/1.1" 304 -
222.70.180.90 - - [01/Jul/2023:08:42:24 +0800] "POST /xingrg/dwr/call/plaincall/AjaxCheckService.setItemNumber.dwr HTTP/1.1" 200 77
101.83.145.52 - - [01/Jul/2023:08:42:25 +0800] "POST /xingrg/all/common/load_tree.html?tree=area_rest_tree_json&manage=1 HTTP/1.1" 200 342
222.70.180.90 - - [01/Jul/2023:08:42:25 +0800] "POST /xingrg/dwr/call/plaincall/AjaxCheckService.setItemNumber.dwr HTTP/1.1" 200 77
101.83.145.52 - - [01/Jul/2023:08:42:25 +0800] "GET /xingrg/all/function/internal_message.html?_=1688171965443&CODE_STATE=count HTTP/1.1" 200 11
101.83.145.52 - - [01/Jul/2023:08:42:25 +0800] "GET /xingrg/check_reg.html?_=1688171965445 HTTP/1.1" 200 22
101.83.145.52 - - [01/Jul/2023:08:42:26 +0800] "GET /xingrg/images/blue/pingpu.png HTTP/1.1" 304 -
101.83.145.52 - - [01/Jul/2023:08:42:26 +0800] "GET /xingrg/javascript/jquery_easy_ui/themes/default/images/tabs_leftarrow.png HTTP/1.1" 304 -
101.83.145.52 - - [01/Jul/2023:08:42:26 +0800] "GET /xingrg/javascript/jquery_easy_ui/themes/default/images/panel_tool_collapse.gif HTTP/1.1" 304 -
101.83.145.52 - - [01/Jul/2023:08:42:26 +0800] "GET /xingrg/javascript/jquery_easy_ui/themes/default/images/tabs_rightarrow.png HTTP/1.1" 304 -
101.83.145.52 - - [01/Jul/2023:08:42:26 +0800] "POST /xingrg/load_menu.html HTTP/1.1" 200 5138
120.253.135.82 - - [01/Jul/2023:08:42:26 +0800] "POST /xingrg/kc/pszx/mdps_list_operate.html HTTP/1.1" 200 3859
101.83.145.52 - - [01/Jul/2023:08:42:26 +0800] "GET /xingrg/javascript/jquery_easy_ui/themes/default/images/tree_arrows.gif HTTP/1.1" 304 -
101.83.145.52 - - [01/Jul/2023:08:42:26 +0800] "GET /xingrg/javascript/jquery_easy_ui/themes/default/images/tree_folder_open.gif HTTP/1.1" 304 -
101.83.145.52 - - [01/Jul/2023:08:42:26 +0800] "GET /xingrg/javascript/jquery_easy_ui/themes/icons/search_new.png HTTP/1.1" 304 -
101.83.145.52 - - [01/Jul/2023:08:42:26 +0800] "GET /xingrg/javascript/jquery_easy_ui/themes/default/images/tree_folder.gif HTTP/1.1" 304 -
101.83.145.52 - - [01/Jul/2023:08:42:26 +0800] "GET /xingrg/javascript/jquery_easy_ui/themes/icons/storage_new.png HTTP/1.1" 304 -
101.83.145.52 - - [01/Jul/2023:08:42:26 +0800] "GET /xingrg/javascript/jquery_easy_ui/themes/icons/forms_new.png HTTP/1.1" 304 -
101.83.145.52 - - [01/Jul/2023:08:42:26 +0800] "GET /xingrg/javascript/jquery_easy_ui/themes/default/images/tree_file.gif HTTP/1.1" 304 -
222.70.180.90 - - [01/Jul/2023:08:42:27 +0800] "POST /xingrg/dwr/call/plaincall/AjaxCheckService.setItemNumber.dwr HTTP/1.1" 200 77
222.70.180.90 - - [01/Jul/2023:08:42:28 +0800] "POST /xingrg/dwr/call/plaincall/AjaxCheckService.setItemNumber.dwr HTTP/1.1" 200 77
222.70.180.90 - - [01/Jul/2023:08:42:29 +0800] "POST /xingrg/dwr/call/plaincall/AjaxCheckService.setItemNumber.dwr HTTP/1.1" 200 77
120.253.135.82 - - [01/Jul/2023:08:42:30 +0800] "GET /xingrg/kc/pszx/mdqp_order_list.html?state=10 HTTP/1.1" 200 10275
120.253.135.82 - - [01/Jul/2023:08:42:30 +0800] "GET /xingrg/dwr/interface/AjaxQqpsService.js HTTP/1.1" 200 16326
120.253.135.82 - - [01/Jul/2023:08:42:30 +0800] "GET /xingrg/dwr/interface/AjaxReportQueryService.js HTTP/1.1" 200 13203
120.253.135.82 - - [01/Jul/2023:08:42:30 +0800] "GET /xingrg/dwr/engine.js HTTP/1.1" 200 43631
101.83.145.52 - - [01/Jul/2023:08:42:30 +0800] "GET /xingrg/all/function/internal_message.html?_=1688172153573&CODE_STATE=getMsg HTTP/1.1" 200 27
222.70.180.90 - - [01/Jul/2023:08:42:31 +0800] "POST /xingrg/dwr/call/plaincall/AjaxCheckService.setItemNumber.dwr HTTP/1.1" 200 77
61.170.233.201 - - [01/Jul/2023:08:42:31 +0800] "GET /xingrg/all/function/internal_message.html?_=1688172147168&CODE_STATE=getMsg HTTP/1.1" 200 27
222.70.180.90 - - [01/Jul/2023:08:42:32 +0800] "POST /xingrg/dwr/call/plaincall/AjaxCheckService.setItemNumber.dwr HTTP/1.1" 200 77
222.70.180.90 - - [01/Jul/2023:08:42:34 +0800] "POST /xingrg/dwr/call/plaincall/AjaxCheckService.setItemNumber.dwr HTTP/1.1" 200 77
222.70.180.90 - - [01/Jul/2023:08:42:35 +0800] "POST /xingrg/dwr/call/plaincall/AjaxCheckService.setItemNumber.dwr HTTP/1.1" 200 77
101.83.145.52 - - [01/Jul/2023:08:42:36 +0800] "GET /xingrg/javascript/jquery_easy_ui/themes/default/images/tabs_close.gif HTTP/1.1" 304 -
101.83.145.52 - - [01/Jul/2023:08:42:36 +0800] "GET /xingrg/kc/mdqp/pssh_order_list.html HTTP/1.1" 200 17928
101.83.145.52 - - [01/Jul/2023:08:42:36 +0800] "GET /xingrg/css/base.css HTTP/1.1" 304 -
101.83.145.52 - - [01/Jul/2023:08:42:36 +0800] "GET /xingrg/css/site.css HTTP/1.1" 304 -
101.83.145.52 - - [01/Jul/2023:08:42:36 +0800] "GET /xingrg/javascript/jquery_tools/datebox.css HTTP/1.1" 304 -
222.70.180.90 - - [01/Jul/2023:08:42:37 +0800] "POST /xingrg/dwr/call/plaincall/AjaxCheckService.setItemNumber.dwr HTTP/1.1" 200 77
101.83.145.52 - - [01/Jul/2023:08:42:37 +0800] "GET /xingrg/javascript/easyui/themes/default/easyui.css HTTP/1.1" 304 -
101.83.145.52 - - [01/Jul/2023:08:42:37 +0800] "GET /xingrg/javascript/easyui/themes/icon.css HTTP/1.1" 304 -
101.83.145.52 - - [01/Jul/2023:08:42:37 +0800] "GET /xingrg/javascript/auto/jquery.autocomplete.css HTTP/1.1" 304 -
101.83.145.52 - - [01/Jul/2023:08:42:37 +0800] "GET /xingrg/javascript/jquery_tools/fix.css HTTP/1.1" 304 -
101.83.145.52 - - [01/Jul/2023:08:42:37 +0800] "GET /xingrg/javascript/jquery_tools/table.css HTTP/1.1" 304 -
101.83.145.52 - - [01/Jul/2023:08:42:37 +0800] "GET /xingrg/javascript/jquery_tools/jquery.tools.min.js HTTP/1.1" 304 -
101.83.145.52 - - [01/Jul/2023:08:42:37 +0800] "GET /xingrg/javascript/jquery_tools/jquery.tools.extend.js HTTP/1.1" 304 -
101.83.145.52 - - [01/Jul/2023:08:42:37 +0800] "GET /xingrg/javascript/jquery_tools/jquery.tools.hotkey.js HTTP/1.1" 304 -
101.83.145.52 - - [01/Jul/2023:08:42:37 +0800] "GET /xingrg/javascript/jquery_tools/jquery.tools.table.js HTTP/1.1" 304 -
101.83.145.52 - - [01/Jul/2023:08:42:37 +0800] "GET /xingrg/javascript/jquery_tools/list_manager.js HTTP/1.1" 304 -
101.83.145.52 - - [01/Jul/2023:08:42:37 +0800] "GET /xingrg/javascript/auto/jquery.autocomplete.js HTTP/1.1" 304 -
101.83.145.52 - - [01/Jul/2023:08:42:37 +0800] "GET /xingrg/javascript/easyui/easyloader.js HTTP/1.1" 304 -
101.83.145.52 - - [01/Jul/2023:08:42:37 +0800] "GET /xingrg/javascript/jquery.cookie.js HTTP/1.1" 304 -
222.70.180.90 - - [01/Jul/2023:08:42:38 +0800] "POST /xingrg/dwr/call/plaincall/AjaxCheckService.setItemNumber.dwr HTTP/1.1" 200 77
101.83.145.52 - - [01/Jul/2023:08:42:38 +0800] "GET /xingrg/javascript/easyui/plugins/jquery.parser.js HTTP/1.1" 304 -
101.83.145.52 - - [01/Jul/2023:08:42:38 +0800] "GET /xingrg/images/control/ajaxLoader.gif HTTP/1.1" 304 -
101.83.145.52 - - [01/Jul/2023:08:42:38 +0800] "GET /xingrg/javascript/easyui/themes/icons/field_new.png HTTP/1.1" 304 -
101.83.145.52 - - [01/Jul/2023:08:42:39 +0800] "POST /xingrg/kc/mdqp/pssh_list_operate.html HTTP/1.1" 200 5272
222.70.180.90 - - [01/Jul/2023:08:42:39 +0800] "POST /xingrg/dwr/call/plaincall/AjaxCheckService.setItemNumber.dwr HTTP/1.1" 200 77
222.70.180.90 - - [01/Jul/2023:08:42:41 +0800] "POST /xingrg/dwr/call/plaincall/AjaxCheckService.setItemNumber.dwr HTTP/1.1" 200 77
222.70.180.90 - - [01/Jul/2023:08:42:42 +0800] "POST /xingrg/dwr/call/plaincall/AjaxCheckService.setItemNumber.dwr HTTP/1.1" 200 77
101.83.145.52 - - [01/Jul/2023:08:42:44 +0800] "POST /xingrg/kc/mdqp/pssh_list_operate.html HTTP/1.1" 200 5272
222.70.180.90 - - [01/Jul/2023:08:42:46 +0800] "POST /xingrg/dwr/call/plaincall/AjaxCheckService.setItemNumber.dwr HTTP/1.1" 200 77
114.93.33.65 - - [01/Jul/2023:08:42:47 +0800] "GET /xingrg/all/function/internal_message.html?_=1688172176471&CODE_STATE=getMsg HTTP/1.1" 200 27
114.93.33.65 - - [01/Jul/2023:08:42:47 +0800] "GET /xingrg/check_reg.html?_=1688172176473 HTTP/1.1" 200 22
222.70.180.90 - - [01/Jul/2023:08:42:47 +0800] "POST /xingrg/dwr/call/plaincall/AjaxCheckService.setItemNumber.dwr HTTP/1.1" 200 77
101.83.145.52 - - [01/Jul/2023:08:42:48 +0800] "POST /xingrg/kc/mdqp/pssh_list_operate.html HTTP/1.1" 200 5576
222.70.180.90 - - [01/Jul/2023:08:42:49 +0800] "POST /xingrg/dwr/call/plaincall/AjaxCheckService.setItemNumber.dwr HTTP/1.1" 200 77
101.85.193.165 - - [01/Jul/2023:08:42:49 +0800] "GET /xingrg/all/function/internal_message.html?_=1688172169382&CODE_STATE=getMsg HTTP/1.1" 200 27
222.70.180.90 - - [01/Jul/2023:08:42:50 +0800] "POST /xingrg/dwr/call/plaincall/AjaxCheckService.setItemNumber.dwr HTTP/1.1" 200 77
222.70.180.90 - - [01/Jul/2023:08:42:51 +0800] "POST /xingrg/dwr/call/plaincall/AjaxCheckService.setItemNumber.dwr HTTP/1.1" 200 77
101.83.145.52 - - [01/Jul/2023:08:42:51 +0800] "POST /xingrg/kc/mdqp/pssh_list_operate.html HTTP/1.1" 200 256
101.83.145.52 - - [01/Jul/2023:08:42:52 +0800] "GET /xingrg/kc/mdqp/pssh_order_info.html?code=312023061600314 HTTP/1.1" 200 17266
101.83.145.52 - - [01/Jul/2023:08:42:52 +0800] "GET /xingrg/javascript/jquery_tools/jquery-1.4.2.min.js HTTP/1.1" 404 1094
101.83.145.52 - - [01/Jul/2023:08:42:52 +0800] "GET /xingrg/javascript/pic_change.js HTTP/1.1" 304 -
101.83.145.52 - - [01/Jul/2023:08:42:52 +0800] "GET /xingrg/javascript/jquery_tools/order_manager.js HTTP/1.1" 304 -
101.83.145.52 - - [01/Jul/2023:08:42:52 +0800] "GET /xingrg/javascript/convert.js HTTP/1.1" 304 -
101.83.145.52 - - [01/Jul/2023:08:42:52 +0800] "GET /xingrg/javascript/json2.js HTTP/1.1" 304 -
101.83.145.52 - - [01/Jul/2023:08:42:52 +0800] "GET /xingrg/javascript/print/kc_print.js HTTP/1.1" 304 -
101.83.145.52 - - [01/Jul/2023:08:42:52 +0800] "GET /xingrg/javascript/print/LodopFuncs.js HTTP/1.1" 304 -
101.83.145.52 - - [01/Jul/2023:08:42:52 +0800] "GET /xingrg/words/20230629174244_words.js HTTP/1.1" 200 971140
222.70.180.90 - - [01/Jul/2023:08:42:52 +0800] "POST /xingrg/dwr/call/plaincall/AjaxCheckService.setItemNumber.dwr HTTP/1.1" 200 77
101.83.145.52 - - [01/Jul/2023:08:42:53 +0800] "GET /xingrg/javascript/easyui/themes/icons/cance_new.png HTTP/1.1" 304 -
101.83.145.52 - - [01/Jul/2023:08:42:53 +0800] "GET /xingrg/javascript/easyui/themes/icons/ok.png HTTP/1.1" 304 -
101.83.145.52 - - [01/Jul/2023:08:42:53 +0800] "GET /xingrg/javascript/easyui/themes/icons/check_new.png HTTP/1.1" 304 -
101.83.145.52 - - [01/Jul/2023:08:42:53 +0800] "GET /xingrg/javascript/easyui/themes/icons/print.png HTTP/1.1" 304 -
101.83.145.52 - - [01/Jul/2023:08:42:53 +0800] "GET /xingrg/javascript/easyui/themes/default/images/menu_downarrow.png HTTP/1.1" 304 -
101.83.145.52 - - [01/Jul/2023:08:42:53 +0800] "GET /xingrg/javascript/easyui/themes/icons/back_new.png HTTP/1.1" 304 -
101.83.145.52 - - [01/Jul/2023:08:42:53 +0800] "GET /xingrg/javascript/easyui/themes/default/validatebox.css HTTP/1.1" 404 1104
101.83.145.52 - - [01/Jul/2023:08:42:53 +0800] "GET /xingrg/javascript/easyui/plugins/jquery.validatebox.js HTTP/1.1" 304 -
101.83.145.52 - - [01/Jul/2023:08:42:53 +0800] "GET /xingrg/javascript/easyui/plugins/jquery.numberbox.js HTTP/1.1" 304 -
101.83.145.52 - - [01/Jul/2023:08:42:53 +0800] "GET /xingrg/all/common/auto_word.html?type=base&rest_code=00105&rest_code=00105 HTTP/1.1" 200 1907
101.83.145.52 - - [01/Jul/2023:08:42:53 +0800] "GET /xingrg/all/common/auto_word.html?type=employee&rest_code=00105 HTTP/1.1" 200 193
101.83.145.52 - - [01/Jul/2023:08:42:53 +0800] "POST /xingrg/kc/mdqp/pssh_order_operate.html HTTP/1.1" 200 525
222.70.180.90 - - [01/Jul/2023:08:42:53 +0800] "POST /xingrg/dwr/call/plaincall/AjaxCheckService.setItemNumber.dwr HTTP/1.1" 200 77
222.70.180.90 - - [01/Jul/2023:08:42:55 +0800] "POST /xingrg/dwr/call/plaincall/AjaxCheckService.setItemNumber.dwr HTTP/1.1" 200 77
222.70.180.90 - - [01/Jul/2023:08:42:56 +0800] "POST /xingrg/dwr/call/plaincall/AjaxCheckService.setItemNumber.dwr HTTP/1.1" 200 77
222.70.180.90 - - [01/Jul/2023:08:42:57 +0800] "POST /xingrg/dwr/call/plaincall/AjaxCheckService.setItemNumber.dwr HTTP/1.1" 200 77
222.70.180.90 - - [01/Jul/2023:08:42:58 +0800] "POST /xingrg/dwr/call/plaincall/AjaxCheckService.setItemNumber.dwr HTTP/1.1" 200 77
101.85.193.165 - - [01/Jul/2023:08:42:58 +0800] "GET /xingrg/all/function/internal_message.html?_=1688172207238&CODE_STATE=getMsg HTTP/1.1" 200 27
114.85.113.108 - - [01/Jul/2023:08:42:59 +0800] "GET /xingrg/all/function/internal_message.html?_=1688172173230&CODE_STATE=getMsg HTTP/1.1" 200 27
222.70.180.90 - - [01/Jul/2023:08:43:00 +0800] "POST /xingrg/dwr/call/plaincall/AjaxCheckService.setItemNumber.dwr HTTP/1.1" 200 77
222.70.180.90 - - [01/Jul/2023:08:43:01 +0800] "POST /xingrg/dwr/call/plaincall/AjaxCheckService.setItemNumber.dwr HTTP/1.1" 200 77
101.83.145.52 - - [01/Jul/2023:08:43:03 +0800] "GET /xingrg/javascript/auto/indicator.gif HTTP/1.1" 404 1066
222.70.180.90 - - [01/Jul/2023:08:43:03 +0800] "POST /xingrg/dwr/call/plaincall/AjaxCheckService.setItemNumber.dwr HTTP/1.1" 200 77
222.70.180.90 - - [01/Jul/2023:08:43:04 +0800] "POST /xingrg/dwr/call/plaincall/AjaxCheckService.setItemNumber.dwr HTTP/1.1" 200 77
116.235.240.62 - - [01/Jul/2023:08:43:05 +0800] "GET /xingrg/check_reg.html?_=1688172206767 HTTP/1.1" 200 22
116.235.240.62 - - [01/Jul/2023:08:43:06 +0800] "GET /xingrg/all/function/internal_message.html?_=1688172208040&CODE_STATE=getMsg HTTP/1.1" 200 27
222.70.180.90 - - [01/Jul/2023:08:43:07 +0800] "POST /xingrg/dwr/call/plaincall/AjaxCheckService.setItemNumber.dwr HTTP/1.1" 200 77
222.70.180.90 - - [01/Jul/2023:08:43:08 +0800] "POST /xingrg/dwr/call/plaincall/AjaxCheckService.setItemNumber.dwr HTTP/1.1" 200 77
101.83.145.52 - - [01/Jul/2023:08:43:08 +0800] "GET /xingrg/javascript/jquery_tools/images/prev.gif HTTP/1.1" 404 1086
101.83.145.52 - - [01/Jul/2023:08:43:08 +0800] "GET /xingrg/javascript/jquery_tools/images/next.gif HTTP/1.1" 404 1086
222.70.180.90 - - [01/Jul/2023:08:43:09 +0800] "POST /xingrg/dwr/call/plaincall/AjaxCheckService.setItemNumber.dwr HTTP/1.1" 200 77
222.70.180.90 - - [01/Jul/2023:08:43:10 +0800] "POST /xingrg/dwr/call/plaincall/AjaxCheckService.setItemNumber.dwr HTTP/1.1" 200 77
222.70.180.90 - - [01/Jul/2023:08:43:12 +0800] "POST /xingrg/dwr/call/plaincall/AjaxCheckService.setItemNumber.dwr HTTP/1.1" 200 77
222.70.180.90 - - [01/Jul/2023:08:43:14 +0800] "POST /xingrg/dwr/call/plaincall/AjaxCheckService.setItemNumber.dwr HTTP/1.1" 200 77
120.253.135.82 - - [01/Jul/2023:08:43:14 +0800] "GET /xingrg/all/function/internal_message.html?_=1688172024365&CODE_STATE=getMsg HTTP/1.1" 200 27
101.83.145.52 - - [01/Jul/2023:08:43:15 +0800] "GET /xingrg/javascript/easyui/themes/default/images/button_plain_hover.png HTTP/1.1" 304 -
222.70.180.90 - - [01/Jul/2023:08:43:15 +0800] "POST /xingrg/dwr/call/plaincall/AjaxCheckService.setItemNumber.dwr HTTP/1.1" 200 77
222.70.180.90 - - [01/Jul/2023:08:43:17 +0800] "GET /xingrg/all/function/internal_message.html?_=1688172193224&CODE_STATE=getMsg HTTP/1.1" 200 27
180.169.147.146 - - [01/Jul/2023:08:43:23 +0800] "GET /xingrg/all/function/internal_message.html?_=1688172222024&CODE_STATE=getMsg HTTP/1.1" 200 27
101.83.145.52 - - [01/Jul/2023:08:43:24 +0800] "GET /xingrg/css/images/panel_loading.gif HTTP/1.1" 304 -
101.83.145.52 - - [01/Jul/2023:08:43:25 +0800] "POST /xingrg/all/common/load_combo.html?type=employee HTTP/1.1" 200 356
101.83.145.52 - - [01/Jul/2023:08:43:25 +0800] "GET /xingrg/all/function/internal_message.html?_=1688172025452&CODE_STATE=getMsg HTTP/1.1" 200 27
101.83.145.52 - - [01/Jul/2023:08:43:29 +0800] "POST /xingrg/kc/mdqp/pssh_order_operate.html HTTP/1.1" 200 37
222.70.180.90 - - [01/Jul/2023:08:43:29 +0800] "POST /xingrg/dwr/call/plaincall/AjaxCheckService.setItemNumber.dwr HTTP/1.1" 200 77
101.83.145.52 - - [01/Jul/2023:08:43:30 +0800] "POST /xingrg/kc/mdqp/pssh_order_operate.html HTTP/1.1" 200 525
101.83.145.52 - - [01/Jul/2023:08:43:30 +0800] "GET /xingrg/all/function/internal_message.html?_=1688172213556&CODE_STATE=getMsg HTTP/1.1" 200 27
61.170.233.201 - - [01/Jul/2023:08:43:30 +0800] "GET /xingrg/check_reg.html?_=1688172206560 HTTP/1.1" 200 22
61.170.233.201 - - [01/Jul/2023:08:43:31 +0800] "GET /xingrg/all/function/internal_message.html?_=1688172207150&CODE_STATE=getMsg HTTP/1.1" 200 27
222.70.180.90 - - [01/Jul/2023:08:43:31 +0800] "POST /xingrg/dwr/call/plaincall/AjaxCheckService.setItemNumber.dwr HTTP/1.1" 200 77
222.70.180.90 - - [01/Jul/2023:08:43:33 +0800] "POST /xingrg/dwr/call/plaincall/AjaxCheckService.setItemNumber.dwr HTTP/1.1" 200 77
101.83.145.52 - - [01/Jul/2023:08:43:33 +0800] "POST /xingrg/kc/mdqp/pssh_order_operate.html HTTP/1.1" 200 37
222.70.180.90 - - [01/Jul/2023:08:43:34 +0800] "POST /xingrg/dwr/call/plaincall/AjaxCheckService.setItemNumber.dwr HTTP/1.1" 200 77
222.70.180.90 - - [01/Jul/2023:08:43:35 +0800] "POST /xingrg/dwr/call/plaincall/AjaxCheckService.setItemNumber.dwr HTTP/1.1" 200 78
101.83.145.52 - - [01/Jul/2023:08:43:36 +0800] "POST /xingrg/kc/mdqp/pssh_order_operate.html HTTP/1.1" 200 12
222.70.180.90 - - [01/Jul/2023:08:43:36 +0800] "POST /xingrg/dwr/call/plaincall/AjaxCheckService.setItemNumber.dwr HTTP/1.1" 200 78
222.70.180.90 - - [01/Jul/2023:08:43:37 +0800] "POST /xingrg/dwr/call/plaincall/AjaxCheckService.setItemNumber.dwr HTTP/1.1" 200 78
101.83.145.52 - - [01/Jul/2023:08:43:38 +0800] "GET /xingrg/kc/mdqp/pssh_order_info.html?code=312023061600314 HTTP/1.1" 200 14384
101.83.145.52 - - [01/Jul/2023:08:43:38 +0800] "GET /xingrg/javascript/jquery_tools/jquery-1.4.2.min.js HTTP/1.1" 404 1094
222.70.180.90 - - [01/Jul/2023:08:43:39 +0800] "POST /xingrg/dwr/call/plaincall/AjaxCheckService.setItemNumber.dwr HTTP/1.1" 200 78
101.83.145.52 - - [01/Jul/2023:08:43:39 +0800] "GET /xingrg/javascript/easyui/themes/icons/uncheck_new.png HTTP/1.1" 304 -
101.83.145.52 - - [01/Jul/2023:08:43:39 +0800] "GET /xingrg/javascript/easyui/themes/default/validatebox.css HTTP/1.1" 404 1104
101.83.145.52 - - [01/Jul/2023:08:43:39 +0800] "POST /xingrg/kc/mdqp/pssh_order_operate.html HTTP/1.1" 200 525
222.70.180.90 - - [01/Jul/2023:08:43:39 +0800] "POST /xingrg/dwr/call/plaincall/AjaxCheckService.setItemNumber.dwr HTTP/1.1" 200 78
101.83.145.52 - - [01/Jul/2023:08:43:41 +0800] "GET /xingrg/kc/print/load_config.html?kc_code=pssh HTTP/1.1" 200 2368
222.70.180.90 - - [01/Jul/2023:08:43:41 +0800] "POST /xingrg/dwr/call/plaincall/AjaxCheckService.setItemNumber.dwr HTTP/1.1" 200 78
101.83.145.52 - - [01/Jul/2023:08:43:41 +0800] "GET /xingrg/kc/print/load_data.html?order_code=312023061600314&kc_code=pssh&condition= HTTP/1.1" 200 647
222.70.180.90 - - [01/Jul/2023:08:43:42 +0800] "POST /xingrg/dwr/call/plaincall/AjaxCheckService.setItemNumber.dwr HTTP/1.1" 200 78
222.70.180.90 - - [01/Jul/2023:08:43:43 +0800] "POST /xingrg/dwr/call/plaincall/AjaxCheckService.setItemNumber.dwr HTTP/1.1" 200 78
222.70.180.90 - - [01/Jul/2023:08:43:45 +0800] "POST /xingrg/dwr/call/plaincall/AjaxCheckService.setItemNumber.dwr HTTP/1.1" 200 78
222.70.180.90 - - [01/Jul/2023:08:43:46 +0800] "POST /xingrg/dwr/call/plaincall/AjaxCheckService.setItemNumber.dwr HTTP/1.1" 200 78
114.93.33.65 - - [01/Jul/2023:08:43:47 +0800] "GET /xingrg/all/function/internal_message.html?_=1688172236475&CODE_STATE=getMsg HTTP/1.1" 200 27
222.70.180.90 - - [01/Jul/2023:08:43:48 +0800] "POST /xingrg/dwr/call/plaincall/AjaxCheckService.setItemNumber.dwr HTTP/1.1" 200 78
101.85.193.165 - - [01/Jul/2023:08:43:49 +0800] "GET /xingrg/all/function/internal_message.html?_=1688172229371&CODE_STATE=getMsg HTTP/1.1" 200 27
222.70.180.90 - - [01/Jul/2023:08:43:49 +0800] "POST /xingrg/dwr/call/plaincall/AjaxCheckService.setItemNumber.dwr HTTP/1.1" 200 78
222.70.180.90 - - [01/Jul/2023:08:43:51 +0800] "POST /xingrg/dwr/call/plaincall/AjaxCheckService.setItemNumber.dwr HTTP/1.1" 200 78
222.70.180.90 - - [01/Jul/2023:08:43:52 +0800] "POST /xingrg/dwr/call/plaincall/AjaxCheckService.setItemNumber.dwr HTTP/1.1" 200 78
222.70.180.90 - - [01/Jul/2023:08:43:53 +0800] "POST /xingrg/dwr/call/plaincall/AjaxCheckService.setItemNumber.dwr HTTP/1.1" 200 78
222.70.180.90 - - [01/Jul/2023:08:43:55 +0800] "POST /xingrg/dwr/call/plaincall/AjaxCheckService.setItemNumber.dwr HTTP/1.1" 200 78
222.70.180.90 - - [01/Jul/2023:08:43:57 +0800] "POST /xingrg/dwr/call/plaincall/AjaxCheckService.setItemNumber.dwr HTTP/1.1" 200 78
101.85.193.165 - - [01/Jul/2023:08:43:58 +0800] "GET /xingrg/all/function/internal_message.html?_=1688172267229&CODE_STATE=getMsg HTTP/1.1" 200 27
114.85.113.108 - - [01/Jul/2023:08:43:59 +0800] "GET /xingrg/all/function/internal_message.html?_=1688172233211&CODE_STATE=getMsg HTTP/1.1" 200 27
101.83.145.52 - - [01/Jul/2023:08:44:02 +0800] "POST /xingrg/dwr/call/plaincall/AjaxCheckService.setItemNumber.dwr HTTP/1.1" 200 77
222.70.180.90 - - [01/Jul/2023:08:44:03 +0800] "POST /xingrg/dwr/call/plaincall/AjaxCheckService.setItemNumber.dwr HTTP/1.1" 200 78
222.70.180.90 - - [01/Jul/2023:08:44:04 +0800] "POST /xingrg/dwr/call/plaincall/AjaxCheckService.setItemNumber.dwr HTTP/1.1" 200 78
120.253.135.82 - - [01/Jul/2023:08:44:05 +0800] "GET /xingrg/kc/pszx/mdps_order_list.html?orderType=0 HTTP/1.1" 200 21032
120.253.135.82 - - [01/Jul/2023:08:44:06 +0800] "POST /xingrg/kc/pszx/mdps_list_operate.html HTTP/1.1" 200 5401
222.70.180.90 - - [01/Jul/2023:08:44:06 +0800] "POST /xingrg/dwr/call/plaincall/AjaxCheckService.setItemNumber.dwr HTTP/1.1" 200 78
116.235.240.62 - - [01/Jul/2023:08:44:06 +0800] "GET /xingrg/all/function/internal_message.html?_=1688172268043&CODE_STATE=getMsg HTTP/1.1" 200 27
222.70.180.90 - - [01/Jul/2023:08:44:07 +0800] "POST /xingrg/dwr/call/plaincall/AjaxCheckService.setItemNumber.dwr HTTP/1.1" 200 78
222.70.180.90 - - [01/Jul/2023:08:44:08 +0800] "POST /xingrg/dwr/call/plaincall/AjaxCheckService.setItemNumber.dwr HTTP/1.1" 200 78
222.70.180.90 - - [01/Jul/2023:08:44:09 +0800] "POST /xingrg/dwr/call/plaincall/AjaxCheckService.setItemNumber.dwr HTTP/1.1" 200 78
222.70.180.90 - - [01/Jul/2023:08:44:12 +0800] "POST /xingrg/dwr/call/plaincall/AjaxCheckService.setItemNumber.dwr HTTP/1.1" 200 78
222.70.180.90 - - [01/Jul/2023:08:44:13 +0800] "POST /xingrg/dwr/call/plaincall/AjaxCheckService.setItemNumber.dwr HTTP/1.1" 200 78
120.253.135.82 - - [01/Jul/2023:08:44:14 +0800] "GET /xingrg/all/function/internal_message.html?_=1688172084376&CODE_STATE=getMsg HTTP/1.1" 200 27
120.253.135.82 - - [01/Jul/2023:08:44:14 +0800] "POST /xingrg/kc/pszx/mdps_list_operate.html HTTP/1.1" 200 3177
222.70.180.90 - - [01/Jul/2023:08:44:15 +0800] "POST /xingrg/dwr/call/plaincall/AjaxCheckService.setItemNumber.dwr HTTP/1.1" 200 78
