101.83.145.52 - - [01/Jul/2023:08:48:34 +0800] "POST /xingrg/dwr/call/plaincall/AjaxCheckService.setItemNumber.dwr HTTP/1.1" 200 78
116.235.240.62 - - [01/Jul/2023:08:48:34 +0800] "POST /xingrg/dwr/call/plaincall/AjaxCheckService.setItemNumber.dwr HTTP/1.1" 200 77
101.83.145.52 - - [01/Jul/2023:08:48:34 +0800] "POST /xingrg/dwr/call/plaincall/AjaxCheckService.setItemNumber.dwr HTTP/1.1" 200 78
116.235.240.62 - - [01/Jul/2023:08:48:34 +0800] "POST /xingrg/dwr/call/plaincall/AjaxCheckService.setItemNumber.dwr HTTP/1.1" 200 77
222.70.180.90 - - [01/Jul/2023:08:48:35 +0800] "POST /xingrg/dwr/call/plaincall/AjaxCheckService.setItemNumber.dwr HTTP/1.1" 200 78
120.253.135.82 - - [01/Jul/2023:08:48:36 +0800] "GET /xingrg/all/function/internal_message.html?_=1688172345881&CODE_STATE=getMsg HTTP/1.1" 200 27
101.83.145.52 - - [01/Jul/2023:08:48:36 +0800] "POST /xingrg/dwr/call/plaincall/AjaxCheckService.setItemNumber.dwr HTTP/1.1" 200 78
116.235.240.62 - - [01/Jul/2023:08:48:36 +0800] "POST /xingrg/dwr/call/plaincall/AjaxCheckService.setItemNumber.dwr HTTP/1.1" 200 77
116.232.195.127 - - [01/Jul/2023:08:48:37 +0800] "GET /xingrg/kc/buy/cgsh_order_add.html HTTP/1.1" 200 71667
222.70.180.90 - - [01/Jul/2023:08:48:37 +0800] "POST /xingrg/dwr/call/plaincall/AjaxCheckService.setItemNumber.dwr HTTP/1.1" 200 78
116.235.240.62 - - [01/Jul/2023:08:48:37 +0800] "POST /xingrg/dwr/call/plaincall/AjaxCheckService.setItemNumber.dwr HTTP/1.1" 200 77
116.235.240.62 - - [01/Jul/2023:08:48:38 +0800] "POST /xingrg/services/DataTransmitService HTTP/1.1" 200 524
101.83.145.52 - - [01/Jul/2023:08:48:38 +0800] "POST /xingrg/dwr/call/plaincall/AjaxCheckService.setItemNumber.dwr HTTP/1.1" 200 78
116.235.240.62 - - [01/Jul/2023:08:48:39 +0800] "POST /xingrg/services/DataTransmitService HTTP/1.1" 200 412
222.70.180.90 - - [01/Jul/2023:08:48:39 +0800] "POST /xingrg/dwr/call/plaincall/AjaxCheckService.setItemNumber.dwr HTTP/1.1" 200 78
116.232.195.127 - - [01/Jul/2023:08:48:39 +0800] "POST /xingrg/kc/buy/cgsh_order_operate.html HTTP/1.1" 200 8245
116.235.240.62 - - [01/Jul/2023:08:48:39 +0800] "POST /xingrg/dwr/call/plaincall/AjaxCheckService.setItemNumber.dwr HTTP/1.1" 200 77
116.232.195.127 - - [01/Jul/2023:08:48:39 +0800] "GET /xingrg/javascript/easyui/themes/default/validatebox.css HTTP/1.1" 404 1104
222.70.180.90 - - [01/Jul/2023:08:48:40 +0800] "POST /xingrg/dwr/call/plaincall/AjaxCheckService.setItemNumber.dwr HTTP/1.1" 200 78
116.235.240.62 - - [01/Jul/2023:08:48:41 +0800] "POST /xingrg/dwr/call/plaincall/AjaxCheckService.setItemNumber.dwr HTTP/1.1" 200 77
222.70.180.90 - - [01/Jul/2023:08:48:42 +0800] "POST /xingrg/dwr/call/plaincall/AjaxCheckService.setItemNumber.dwr HTTP/1.1" 200 78
116.235.240.62 - - [01/Jul/2023:08:48:43 +0800] "POST /xingrg/dwr/call/plaincall/AjaxCheckService.setItemNumber.dwr HTTP/1.1" 200 77
222.70.180.90 - - [01/Jul/2023:08:48:43 +0800] "POST /xingrg/dwr/call/plaincall/AjaxCheckService.setItemNumber.dwr HTTP/1.1" 200 78
222.70.180.90 - - [01/Jul/2023:08:48:44 +0800] "POST /xingrg/dwr/call/plaincall/AjaxCheckService.setItemNumber.dwr HTTP/1.1" 200 78
116.235.240.62 - - [01/Jul/2023:08:48:45 +0800] "POST /xingrg/dwr/call/plaincall/AjaxCheckService.setItemNumber.dwr HTTP/1.1" 200 77
101.83.145.52 - - [01/Jul/2023:08:48:45 +0800] "POST /xingrg/dwr/call/plaincall/AjaxCheckService.setItemNumber.dwr HTTP/1.1" 200 78
101.83.145.52 - - [01/Jul/2023:08:48:45 +0800] "POST /xingrg/dwr/call/plaincall/AjaxCheckService.setItemNumber.dwr HTTP/1.1" 200 78
116.235.240.62 - - [01/Jul/2023:08:48:46 +0800] "POST /xingrg/dwr/call/plaincall/AjaxCheckService.setItemNumber.dwr HTTP/1.1" 200 77
222.70.180.90 - - [01/Jul/2023:08:48:46 +0800] "POST /xingrg/dwr/call/plaincall/AjaxCheckService.setItemNumber.dwr HTTP/1.1" 200 78
114.93.33.65 - - [01/Jul/2023:08:48:47 +0800] "GET /xingrg/all/function/internal_message.html?_=1688172536476&CODE_STATE=getMsg HTTP/1.1" 200 27
116.235.240.62 - - [01/Jul/2023:08:48:47 +0800] "POST /xingrg/dwr/call/plaincall/AjaxCheckService.setItemNumber.dwr HTTP/1.1" 200 77
222.70.180.90 - - [01/Jul/2023:08:48:48 +0800] "POST /xingrg/dwr/call/plaincall/AjaxCheckService.setItemNumber.dwr HTTP/1.1" 200 78
116.235.240.62 - - [01/Jul/2023:08:48:48 +0800] "POST /xingrg/dwr/call/plaincall/AjaxCheckService.setItemNumber.dwr HTTP/1.1" 200 77
101.85.193.165 - - [01/Jul/2023:08:48:49 +0800] "GET /xingrg/all/function/internal_message.html?_=1688172529273&CODE_STATE=getMsg HTTP/1.1" 200 27
116.235.240.62 - - [01/Jul/2023:08:48:50 +0800] "POST /xingrg/dwr/call/plaincall/AjaxCheckService.setItemNumber.dwr HTTP/1.1" 200 77
222.70.180.90 - - [01/Jul/2023:08:48:51 +0800] "POST /xingrg/dwr/call/plaincall/AjaxCheckService.setItemNumber.dwr HTTP/1.1" 200 78
116.235.240.62 - - [01/Jul/2023:08:48:51 +0800] "POST /xingrg/dwr/call/plaincall/AjaxCheckService.setItemNumber.dwr HTTP/1.1" 200 77
101.83.145.52 - - [01/Jul/2023:08:48:51 +0800] "POST /xingrg/dwr/call/plaincall/AjaxCheckService.setItemNumber.dwr HTTP/1.1" 200 78
101.83.145.52 - - [01/Jul/2023:08:48:52 +0800] "POST /xingrg/dwr/call/plaincall/AjaxCheckService.setItemNumber.dwr HTTP/1.1" 200 78
116.235.240.62 - - [01/Jul/2023:08:48:52 +0800] "POST /xingrg/dwr/call/plaincall/AjaxCheckService.setItemNumber.dwr HTTP/1.1" 200 77
116.235.240.62 - - [01/Jul/2023:08:48:53 +0800] "POST /xingrg/dwr/call/plaincall/AjaxCheckService.setItemNumber.dwr HTTP/1.1" 200 77
116.232.195.127 - - [01/Jul/2023:08:48:54 +0800] "GET /xingrg/kc/buy/cgsh_order_operate.html?command=get_materiel&rest_code=00155&code=00101011004&supplier_code=00100037&order_time=2023-07-01 HTTP/1.1" 200 412
116.235.240.62 - - [01/Jul/2023:08:48:55 +0800] "POST /xingrg/dwr/call/plaincall/AjaxCheckService.setItemNumber.dwr HTTP/1.1" 200 77
116.235.240.62 - - [01/Jul/2023:08:48:55 +0800] "POST /xingrg/dwr/call/plaincall/AjaxCheckService.setItemNumber.dwr HTTP/1.1" 200 77
116.235.240.62 - - [01/Jul/2023:08:48:57 +0800] "POST /xingrg/dwr/call/plaincall/AjaxCheckService.setItemNumber.dwr HTTP/1.1" 200 77
116.238.191.126 - - [01/Jul/2023:08:48:57 +0800] "GET /xingrg/login.html HTTP/1.1" 200 7641
116.235.240.62 - - [01/Jul/2023:08:48:57 +0800] "POST /xingrg/dwr/call/plaincall/AjaxCheckService.setItemNumber.dwr HTTP/1.1" 200 77
116.238.191.126 - - [01/Jul/2023:08:48:58 +0800] "GET /xingrg/images/blue/jxLogo.png HTTP/1.1" 304 -
116.235.240.62 - - [01/Jul/2023:08:48:58 +0800] "POST /xingrg/dwr/call/plaincall/AjaxCheckService.setItemNumber.dwr HTTP/1.1" 200 77
116.238.191.126 - - [01/Jul/2023:08:48:58 +0800] "GET /xingrg/images/blue/srbg.png HTTP/1.1" 304 -
101.85.193.165 - - [01/Jul/2023:08:48:58 +0800] "GET /xingrg/all/function/internal_message.html?_=1688172567174&CODE_STATE=getMsg HTTP/1.1" 200 27
116.238.191.126 - - [01/Jul/2023:08:48:59 +0800] "GET /favicon.ico HTTP/1.1" 404 -
114.85.113.108 - - [01/Jul/2023:08:48:59 +0800] "GET /xingrg/all/function/internal_message.html?_=1688172533134&CODE_STATE=getMsg HTTP/1.1" 200 27
116.235.240.62 - - [01/Jul/2023:08:48:59 +0800] "POST /xingrg/dwr/call/plaincall/AjaxCheckService.setItemNumber.dwr HTTP/1.1" 200 77
101.83.145.52 - - [01/Jul/2023:08:49:01 +0800] "POST /xingrg/dwr/call/plaincall/AjaxCheckService.setItemNumber.dwr HTTP/1.1" 200 78
116.235.240.62 - - [01/Jul/2023:08:49:01 +0800] "POST /xingrg/dwr/call/plaincall/AjaxCheckService.setItemNumber.dwr HTTP/1.1" 200 77
101.83.145.52 - - [01/Jul/2023:08:49:02 +0800] "POST /xingrg/dwr/call/plaincall/AjaxCheckService.setItemNumber.dwr HTTP/1.1" 200 78
101.83.145.52 - - [01/Jul/2023:08:49:02 +0800] "POST /xingrg/dwr/call/plaincall/AjaxCheckService.setItemNumber.dwr HTTP/1.1" 200 78
116.235.240.62 - - [01/Jul/2023:08:49:03 +0800] "POST /xingrg/dwr/call/plaincall/AjaxCheckService.setItemNumber.dwr HTTP/1.1" 200 77
101.83.145.52 - - [01/Jul/2023:08:49:04 +0800] "POST /xingrg/dwr/call/plaincall/AjaxCheckService.setItemNumber.dwr HTTP/1.1" 200 78
116.235.240.62 - - [01/Jul/2023:08:49:04 +0800] "POST /xingrg/dwr/call/plaincall/AjaxCheckService.setItemNumber.dwr HTTP/1.1" 200 77
116.235.240.62 - - [01/Jul/2023:08:49:05 +0800] "POST /xingrg/dwr/call/plaincall/AjaxCheckService.setItemNumber.dwr HTTP/1.1" 200 77
116.238.191.126 - - [01/Jul/2023:08:49:06 +0800] "POST /xingrg/login.do HTTP/1.1" 302 -
101.83.145.52 - - [01/Jul/2023:08:49:06 +0800] "POST /xingrg/dwr/call/plaincall/AjaxCheckService.setItemNumber.dwr HTTP/1.1" 200 78
116.235.240.62 - - [01/Jul/2023:08:49:07 +0800] "GET /xingrg/all/function/internal_message.html?_=1688172568620&CODE_STATE=getMsg HTTP/1.1" 200 27
116.238.191.126 - - [01/Jul/2023:08:49:07 +0800] "GET /xingrg/index.html?sysBaseUrl=http%3A%2F%2F180.169.147.146%3A18081%2Fxingrg%2F&costTime=977×tamp=1688172546083 HTTP/1.1" 200 17179
116.238.191.126 - - [01/Jul/2023:08:49:07 +0800] "GET /xingrg/css/form.css HTTP/1.1" 304 -
116.238.191.126 - - [01/Jul/2023:08:49:07 +0800] "GET /xingrg/javascript/jquery-1.4.2.min.js HTTP/1.1" 304 -
116.238.191.126 - - [01/Jul/2023:08:49:07 +0800] "GET /xingrg/javascript/jquery.timers.js HTTP/1.1" 304 -
116.238.191.126 - - [01/Jul/2023:08:49:07 +0800] "GET /xingrg/javascript/jquery_easy_ui/themes/icon.css HTTP/1.1" 304 -
116.238.191.126 - - [01/Jul/2023:08:49:07 +0800] "GET /xingrg/javascript/jquery_easy_ui/themes/default/easyui.css HTTP/1.1" 304 -
116.238.191.126 - - [01/Jul/2023:08:49:07 +0800] "GET /xingrg/javascript/jquery.form.js HTTP/1.1" 304 -
116.238.191.126 - - [01/Jul/2023:08:49:07 +0800] "GET /xingrg/javascript/jquery_easy_ui/jquery.easyui.min.js HTTP/1.1" 304 -
116.238.191.126 - - [01/Jul/2023:08:49:07 +0800] "GET /xingrg/javascript/jquery_easy_ui/easyui-lang-zh_CN.js HTTP/1.1" 304 -
116.238.191.126 - - [01/Jul/2023:08:49:07 +0800] "GET /xingrg/javascript/jquery.utils.js HTTP/1.1" 304 -
116.235.240.62 - - [01/Jul/2023:08:49:07 +0800] "POST /xingrg/dwr/call/plaincall/AjaxCheckService.setItemNumber.dwr HTTP/1.1" 200 77
101.83.145.52 - - [01/Jul/2023:08:49:07 +0800] "POST /xingrg/dwr/call/plaincall/AjaxCheckService.setItemNumber.dwr HTTP/1.1" 200 78
116.238.191.126 - - [01/Jul/2023:08:49:07 +0800] "GET /favicon.ico HTTP/1.1" 404 -
116.238.191.126 - - [01/Jul/2023:08:49:07 +0800] "GET /xingrg/check_reg.html?_=1688172463823 HTTP/1.1" 200 22
116.238.191.126 - - [01/Jul/2023:08:49:07 +0800] "GET /xingrg/all/function/internal_message.html?_=1688172463822&CODE_STATE=count HTTP/1.1" 200 11
116.238.191.126 - - [01/Jul/2023:08:49:07 +0800] "POST /xingrg/all/common/load_tree.html?tree=area_rest_tree_json&manage=1 HTTP/1.1" 200 476
116.238.191.126 - - [01/Jul/2023:08:49:07 +0800] "POST /xingrg/load_menu.html HTTP/1.1" 200 5138
101.83.145.52 - - [01/Jul/2023:08:49:08 +0800] "POST /xingrg/dwr/call/plaincall/AjaxCheckService.setItemNumber.dwr HTTP/1.1" 200 78
116.235.240.62 - - [01/Jul/2023:08:49:08 +0800] "POST /xingrg/dwr/call/plaincall/AjaxCheckService.setItemNumber.dwr HTTP/1.1" 200 77
116.232.195.127 - - [01/Jul/2023:08:49:08 +0800] "GET /xingrg/kc/buy/cgsh_order_operate.html?command=get_materiel&rest_code=00155&code=00101011005&supplier_code=00100037&order_time=2023-07-01 HTTP/1.1" 200 408
101.83.145.52 - - [01/Jul/2023:08:49:09 +0800] "POST /xingrg/dwr/call/plaincall/AjaxCheckService.setItemNumber.dwr HTTP/1.1" 200 78
101.83.145.52 - - [01/Jul/2023:08:49:10 +0800] "POST /xingrg/dwr/call/plaincall/AjaxCheckService.setItemNumber.dwr HTTP/1.1" 200 78
116.232.195.127 - - [01/Jul/2023:08:49:10 +0800] "GET /xingrg/all/function/internal_message.html?_=1688172543138&CODE_STATE=getMsg HTTP/1.1" 200 27
101.83.145.52 - - [01/Jul/2023:08:49:11 +0800] "POST /xingrg/dwr/call/plaincall/AjaxCheckService.setItemNumber.dwr HTTP/1.1" 200 78
116.235.240.62 - - [01/Jul/2023:08:49:11 +0800] "POST /xingrg/dwr/call/plaincall/AjaxCheckService.setItemNumber.dwr HTTP/1.1" 200 77
116.238.191.126 - - [01/Jul/2023:08:49:11 +0800] "GET /xingrg/kc/buy/cgsh_order_list.html HTTP/1.1" 200 55844
116.238.191.126 - - [01/Jul/2023:08:49:11 +0800] "GET /xingrg/css/base.css HTTP/1.1" 304 -
116.238.191.126 - - [01/Jul/2023:08:49:11 +0800] "GET /xingrg/css/site.css HTTP/1.1" 304 -
116.238.191.126 - - [01/Jul/2023:08:49:11 +0800] "GET /xingrg/javascript/jquery_tools/datebox.css HTTP/1.1" 304 -
116.238.191.126 - - [01/Jul/2023:08:49:11 +0800] "GET /xingrg/javascript/easyui/themes/default/easyui.css HTTP/1.1" 304 -
116.238.191.126 - - [01/Jul/2023:08:49:11 +0800] "GET /xingrg/javascript/easyui/themes/icon.css HTTP/1.1" 304 -
116.238.191.126 - - [01/Jul/2023:08:49:11 +0800] "GET /xingrg/javascript/auto/jquery.autocomplete.css HTTP/1.1" 304 -
116.238.191.126 - - [01/Jul/2023:08:49:11 +0800] "GET /xingrg/javascript/jquery_tools/fix.css HTTP/1.1" 304 -
116.238.191.126 - - [01/Jul/2023:08:49:11 +0800] "GET /xingrg/javascript/jquery_tools/table.css HTTP/1.1" 304 -
116.238.191.126 - - [01/Jul/2023:08:49:11 +0800] "GET /xingrg/javascript/jquery_tools/jquery.tools.min.js HTTP/1.1" 304 -
116.238.191.126 - - [01/Jul/2023:08:49:11 +0800] "GET /xingrg/javascript/jquery_tools/jquery.tools.hotkey.js HTTP/1.1" 304 -
116.238.191.126 - - [01/Jul/2023:08:49:11 +0800] "GET /xingrg/javascript/jquery_tools/jquery.tools.extend.js HTTP/1.1" 304 -
116.238.191.126 - - [01/Jul/2023:08:49:11 +0800] "GET /xingrg/javascript/auto/jquery.autocomplete.js HTTP/1.1" 304 -
116.238.191.126 - - [01/Jul/2023:08:49:11 +0800] "GET /xingrg/javascript/jquery_tools/jquery.tools.table.js HTTP/1.1" 304 -
116.238.191.126 - - [01/Jul/2023:08:49:11 +0800] "GET /xingrg/javascript/jquery.cookie.js HTTP/1.1" 304 -
116.238.191.126 - - [01/Jul/2023:08:49:11 +0800] "GET /xingrg/javascript/jquery_tools/list_manager.js HTTP/1.1" 304 -
116.238.191.126 - - [01/Jul/2023:08:49:11 +0800] "GET /xingrg/javascript/print/LodopFuncs.js HTTP/1.1" 304 -
116.238.191.126 - - [01/Jul/2023:08:49:11 +0800] "GET /xingrg/javascript/easyui/easyloader.js HTTP/1.1" 304 -
116.238.191.126 - - [01/Jul/2023:08:49:11 +0800] "GET /xingrg/javascript/easyui/plugins/jquery.parser.js HTTP/1.1" 304 -
116.235.240.62 - - [01/Jul/2023:08:49:11 +0800] "POST /xingrg/dwr/call/plaincall/AjaxCheckService.setItemNumber.dwr HTTP/1.1" 200 77
116.235.240.62 - - [01/Jul/2023:08:49:12 +0800] "POST /xingrg/dwr/call/plaincall/AjaxCheckService.setItemNumber.dwr HTTP/1.1" 200 77
101.83.145.52 - - [01/Jul/2023:08:49:13 +0800] "POST /xingrg/dwr/call/plaincall/AjaxCheckService.setItemNumber.dwr HTTP/1.1" 200 78
116.238.191.126 - - [01/Jul/2023:08:49:13 +0800] "POST /xingrg/kc/buy/cgsh_list_operate.html HTTP/1.1" 200 986
101.83.145.52 - - [01/Jul/2023:08:49:13 +0800] "POST /xingrg/dwr/call/plaincall/AjaxCheckService.setItemNumber.dwr HTTP/1.1" 200 78
116.235.240.62 - - [01/Jul/2023:08:49:14 +0800] "POST /xingrg/dwr/call/plaincall/AjaxCheckService.setItemNumber.dwr HTTP/1.1" 200 77
101.83.145.52 - - [01/Jul/2023:08:49:16 +0800] "POST /xingrg/dwr/call/plaincall/AjaxCheckService.setItemNumber.dwr HTTP/1.1" 200 78
222.70.180.90 - - [01/Jul/2023:08:49:17 +0800] "GET /xingrg/all/function/internal_message.html?_=1688172553343&CODE_STATE=getMsg HTTP/1.1" 200 27
222.70.180.90 - - [01/Jul/2023:08:49:17 +0800] "POST /xingrg/dwr/call/plaincall/AjaxCheckService.setItemNumber.dwr HTTP/1.1" 200 78
222.70.180.90 - - [01/Jul/2023:08:49:20 +0800] "POST /xingrg/dwr/call/plaincall/AjaxCheckService.setItemNumber.dwr HTTP/1.1" 200 78
222.70.180.90 - - [01/Jul/2023:08:49:21 +0800] "POST /xingrg/dwr/call/plaincall/AjaxCheckService.setItemNumber.dwr HTTP/1.1" 200 78
101.83.145.52 - - [01/Jul/2023:08:49:22 +0800] "POST /xingrg/dwr/call/plaincall/AjaxCheckService.setItemNumber.dwr HTTP/1.1" 200 78
116.235.240.62 - - [01/Jul/2023:08:49:22 +0800] "POST /xingrg/dwr/call/plaincall/AjaxCheckService.setItemNumber.dwr HTTP/1.1" 200 77
222.70.180.90 - - [01/Jul/2023:08:49:23 +0800] "POST /xingrg/dwr/call/plaincall/AjaxCheckService.setItemNumber.dwr HTTP/1.1" 200 78
180.169.147.146 - - [01/Jul/2023:08:49:23 +0800] "GET /xingrg/all/function/internal_message.html?_=1688172582127&CODE_STATE=getMsg HTTP/1.1" 200 27
222.70.180.90 - - [01/Jul/2023:08:49:24 +0800] "POST /xingrg/dwr/call/plaincall/AjaxCheckService.setItemNumber.dwr HTTP/1.1" 200 78
222.70.180.90 - - [01/Jul/2023:08:49:25 +0800] "POST /xingrg/dwr/call/plaincall/AjaxCheckService.setItemNumber.dwr HTTP/1.1" 200 78
116.235.240.62 - - [01/Jul/2023:08:49:25 +0800] "POST /xingrg/dwr/call/plaincall/AjaxCheckService.setItemNumber.dwr HTTP/1.1" 200 77
101.83.145.52 - - [01/Jul/2023:08:49:26 +0800] "GET /xingrg/all/function/internal_message.html?_=1688172385454&CODE_STATE=getMsg HTTP/1.1" 200 27
101.83.145.52 - - [01/Jul/2023:08:49:26 +0800] "POST /xingrg/dwr/call/plaincall/AjaxCheckService.setItemNumber.dwr HTTP/1.1" 200 78
116.232.195.127 - - [01/Jul/2023:08:49:27 +0800] "GET /xingrg/kc/buy/cgsh_order_operate.html?command=get_materiel&rest_code=00155&code=00101009166&supplier_code=00100037&order_time=2023-07-01 HTTP/1.1" 200 404
101.83.145.52 - - [01/Jul/2023:08:49:27 +0800] "POST /xingrg/dwr/call/plaincall/AjaxCheckService.setItemNumber.dwr HTTP/1.1" 200 78
222.70.180.90 - - [01/Jul/2023:08:49:27 +0800] "POST /xingrg/dwr/call/plaincall/AjaxCheckService.setItemNumber.dwr HTTP/1.1" 200 78
116.235.240.62 - - [01/Jul/2023:08:49:28 +0800] "POST /xingrg/dwr/call/plaincall/AjaxCheckService.setItemNumber.dwr HTTP/1.1" 200 77
101.83.145.52 - - [01/Jul/2023:08:49:29 +0800] "POST /xingrg/dwr/call/plaincall/AjaxCheckService.setItemNumber.dwr HTTP/1.1" 200 78
222.70.180.90 - - [01/Jul/2023:08:49:29 +0800] "POST /xingrg/dwr/call/plaincall/AjaxCheckService.setItemNumber.dwr HTTP/1.1" 200 78
180.163.28.143 - - [01/Jul/2023:08:49:30 +0800] "GET /xingrg/check_reg.html?_=1688172506575 HTTP/1.1" 302 -
101.83.145.52 - - [01/Jul/2023:08:49:30 +0800] "POST /xingrg/dwr/call/plaincall/AjaxCheckService.setItemNumber.dwr HTTP/1.1" 200 78
116.235.240.62 - - [01/Jul/2023:08:49:30 +0800] "POST /xingrg/dwr/call/plaincall/AjaxCheckService.setItemNumber.dwr HTTP/1.1" 200 77
180.163.28.143 - - [01/Jul/2023:08:49:30 +0800] "GET /xingrg/login.html HTTP/1.1" 200 7641
101.83.145.52 - - [01/Jul/2023:08:49:30 +0800] "POST /xingrg/dwr/call/plaincall/AjaxCheckService.setItemNumber.dwr HTTP/1.1" 200 78
101.83.145.52 - - [01/Jul/2023:08:49:30 +0800] "POST /xingrg/dwr/call/plaincall/AjaxCheckService.setItemNumber.dwr HTTP/1.1" 200 78
101.83.145.52 - - [01/Jul/2023:08:49:30 +0800] "GET /xingrg/check_reg.html?_=1688172573651 HTTP/1.1" 200 22
222.70.180.90 - - [01/Jul/2023:08:49:31 +0800] "POST /xingrg/dwr/call/plaincall/AjaxCheckService.setItemNumber.dwr HTTP/1.1" 200 78
101.83.145.52 - - [01/Jul/2023:08:49:31 +0800] "GET /xingrg/all/function/internal_message.html?_=1688172574085&CODE_STATE=getMsg HTTP/1.1" 200 27
61.170.233.201 - - [01/Jul/2023:08:49:31 +0800] "GET /xingrg/all/function/internal_message.html?_=1688172566989&CODE_STATE=getMsg HTTP/1.1" 200 27
101.83.145.52 - - [01/Jul/2023:08:49:32 +0800] "POST /xingrg/dwr/call/plaincall/AjaxCheckService.setItemNumber.dwr HTTP/1.1" 200 78
116.235.240.62 - - [01/Jul/2023:08:49:32 +0800] "POST /xingrg/dwr/call/plaincall/AjaxCheckService.setItemNumber.dwr HTTP/1.1" 200 77
222.70.180.90 - - [01/Jul/2023:08:49:33 +0800] "POST /xingrg/dwr/call/plaincall/AjaxCheckService.setItemNumber.dwr HTTP/1.1" 200 78
101.83.145.52 - - [01/Jul/2023:08:49:34 +0800] "POST /xingrg/dwr/call/plaincall/AjaxCheckService.setItemNumber.dwr HTTP/1.1" 200 78
116.238.191.126 - - [01/Jul/2023:08:49:34 +0800] "GET /xingrg/kc/buy/cgsh_order_add.html HTTP/1.1" 200 71676
116.238.191.126 - - [01/Jul/2023:08:49:34 +0800] "GET /xingrg/javascript/pic_change.js HTTP/1.1" 304 -
116.238.191.126 - - [01/Jul/2023:08:49:34 +0800] "GET /xingrg/javascript/print/kc_print.js HTTP/1.1" 304 -
116.238.191.126 - - [01/Jul/2023:08:49:34 +0800] "GET /xingrg/javascript/convert.js HTTP/1.1" 304 -
116.238.191.126 - - [01/Jul/2023:08:49:34 +0800] "GET /xingrg/javascript/json2.js HTTP/1.1" 304 -
116.238.191.126 - - [01/Jul/2023:08:49:34 +0800] "GET /xingrg/javascript/jquery_tools/order_manager.js HTTP/1.1" 304 -
116.238.191.126 - - [01/Jul/2023:08:49:34 +0800] "GET /xingrg/words/20230629174244_words.js HTTP/1.1" 304 -
116.235.240.62 - - [01/Jul/2023:08:49:34 +0800] "POST /xingrg/dwr/call/plaincall/AjaxCheckService.setItemNumber.dwr HTTP/1.1" 200 77
116.238.191.126 - - [01/Jul/2023:08:49:34 +0800] "POST /xingrg/kc/buy/cgsh_order_operate.html HTTP/1.1" 200 8245
222.70.180.90 - - [01/Jul/2023:08:49:34 +0800] "POST /xingrg/dwr/call/plaincall/AjaxCheckService.setItemNumber.dwr HTTP/1.1" 200 78
116.238.191.126 - - [01/Jul/2023:08:49:34 +0800] "GET /xingrg/javascript/easyui/themes/default/validatebox.css HTTP/1.1" 404 1104
116.238.191.126 - - [01/Jul/2023:08:49:34 +0800] "GET /xingrg/javascript/easyui/plugins/jquery.validatebox.js HTTP/1.1" 304 -
116.238.191.126 - - [01/Jul/2023:08:49:34 +0800] "GET /xingrg/javascript/easyui/plugins/jquery.numberbox.js HTTP/1.1" 304 -
116.238.191.126 - - [01/Jul/2023:08:49:34 +0800] "GET /xingrg/all/common/auto_word.html?type=employee&rest_code=00150 HTTP/1.1" 200 159
116.238.191.126 - - [01/Jul/2023:08:49:34 +0800] "GET /xingrg/all/common/auto_word.html?type=employee&rest_code=00150 HTTP/1.1" 200 159
101.83.145.52 - - [01/Jul/2023:08:49:34 +0800] "POST /xingrg/dwr/call/plaincall/AjaxCheckService.setItemNumber.dwr HTTP/1.1" 200 78
116.238.191.126 - - [01/Jul/2023:08:49:35 +0800] "GET /xingrg/javascript/auto/indicator.gif HTTP/1.1" 404 1066
101.83.145.52 - - [01/Jul/2023:08:49:35 +0800] "POST /xingrg/dwr/call/plaincall/AjaxCheckService.setItemNumber.dwr HTTP/1.1" 200 78
116.235.240.62 - - [01/Jul/2023:08:49:35 +0800] "POST /xingrg/dwr/call/plaincall/AjaxCheckService.setItemNumber.dwr HTTP/1.1" 200 77
101.83.145.52 - - [01/Jul/2023:08:49:36 +0800] "POST /xingrg/dwr/call/plaincall/AjaxCheckService.setItemNumber.dwr HTTP/1.1" 200 78
120.253.135.82 - - [01/Jul/2023:08:49:36 +0800] "GET /xingrg/all/function/internal_message.html?_=1688172406082&CODE_STATE=getMsg HTTP/1.1" 200 27
116.235.240.62 - - [01/Jul/2023:08:49:37 +0800] "POST /xingrg/dwr/call/plaincall/AjaxCheckService.setItemNumber.dwr HTTP/1.1" 200 77
101.83.145.52 - - [01/Jul/2023:08:49:38 +0800] "POST /xingrg/dwr/call/plaincall/AjaxCheckService.setItemNumber.dwr HTTP/1.1" 200 78
116.235.240.62 - - [01/Jul/2023:08:49:39 +0800] "POST /xingrg/dwr/call/plaincall/AjaxCheckService.setItemNumber.dwr HTTP/1.1" 200 78
101.83.145.52 - - [01/Jul/2023:08:49:39 +0800] "POST /xingrg/dwr/call/plaincall/AjaxCheckService.setItemNumber.dwr HTTP/1.1" 200 78
101.83.145.52 - - [01/Jul/2023:08:49:40 +0800] "POST /xingrg/dwr/call/plaincall/AjaxCheckService.setItemNumber.dwr HTTP/1.1" 200 78
101.83.145.52 - - [01/Jul/2023:08:49:41 +0800] "POST /xingrg/dwr/call/plaincall/AjaxCheckService.setItemNumber.dwr HTTP/1.1" 200 78
101.83.145.52 - - [01/Jul/2023:08:49:41 +0800] "POST /xingrg/dwr/call/plaincall/AjaxCheckService.setItemNumber.dwr HTTP/1.1" 200 78
116.232.195.127 - - [01/Jul/2023:08:49:43 +0800] "GET /xingrg/kc/buy/cgsh_order_operate.html?command=get_materiel&rest_code=00155&code=00101009112&supplier_code=00100037&order_time=2023-07-01 HTTP/1.1" 200 425
101.83.145.52 - - [01/Jul/2023:08:49:44 +0800] "POST /xingrg/dwr/call/plaincall/AjaxCheckService.setItemNumber.dwr HTTP/1.1" 200 78
101.83.145.52 - - [01/Jul/2023:08:49:45 +0800] "POST /xingrg/dwr/call/plaincall/AjaxCheckService.setItemNumber.dwr HTTP/1.1" 200 78
116.235.240.62 - - [01/Jul/2023:08:49:46 +0800] "POST /xingrg/dwr/call/plaincall/AjaxCheckService.setItemNumber.dwr HTTP/1.1" 200 78
116.238.191.126 - - [01/Jul/2023:08:49:47 +0800] "GET /xingrg/kc/buy/cgsh_order_operate.html?command=get_materiel&rest_code=00150&code=00101009109&supplier_code=00100022&order_time=2023-07-01 HTTP/1.1" 200 413
114.93.33.65 - - [01/Jul/2023:08:49:47 +0800] "GET /xingrg/all/function/internal_message.html?_=1688172596475&CODE_STATE=getMsg HTTP/1.1" 200 27
101.85.193.165 - - [01/Jul/2023:08:49:49 +0800] "GET /xingrg/all/function/internal_message.html?_=1688172589245&CODE_STATE=getMsg HTTP/1.1" 200 27
101.83.145.52 - - [01/Jul/2023:08:49:52 +0800] "POST /xingrg/dwr/call/plaincall/AjaxCheckService.setItemNumber.dwr HTTP/1.1" 200 78
101.83.145.52 - - [01/Jul/2023:08:49:53 +0800] "POST /xingrg/dwr/call/plaincall/AjaxCheckService.setItemNumber.dwr HTTP/1.1" 200 78
101.83.145.52 - - [01/Jul/2023:08:49:55 +0800] "POST /xingrg/dwr/call/plaincall/AjaxCheckService.setItemNumber.dwr HTTP/1.1" 200 78
101.83.145.52 - - [01/Jul/2023:08:49:56 +0800] "POST /xingrg/dwr/call/plaincall/AjaxCheckService.setItemNumber.dwr HTTP/1.1" 200 78
101.83.145.52 - - [01/Jul/2023:08:49:57 +0800] "POST /xingrg/dwr/call/plaincall/AjaxCheckService.setItemNumber.dwr HTTP/1.1" 200 78
101.83.145.52 - - [01/Jul/2023:08:49:58 +0800] "POST /xingrg/dwr/call/plaincall/AjaxCheckService.setItemNumber.dwr HTTP/1.1" 200 78
101.85.193.165 - - [01/Jul/2023:08:49:58 +0800] "GET /xingrg/all/function/internal_message.html?_=1688172627165&CODE_STATE=getMsg HTTP/1.1" 200 27
101.83.145.52 - - [01/Jul/2023:08:49:59 +0800] "POST /xingrg/dwr/call/plaincall/AjaxCheckService.setItemNumber.dwr HTTP/1.1" 200 78
114.85.113.108 - - [01/Jul/2023:08:49:59 +0800] "GET /xingrg/all/function/internal_message.html?_=1688172593119&CODE_STATE=getMsg HTTP/1.1" 200 27
101.83.145.52 - - [01/Jul/2023:08:50:00 +0800] "POST /xingrg/dwr/call/plaincall/AjaxCheckService.setItemNumber.dwr HTTP/1.1" 200 78
101.83.145.52 - - [01/Jul/2023:08:50:01 +0800] "POST /xingrg/dwr/call/plaincall/AjaxCheckService.setItemNumber.dwr HTTP/1.1" 200 78
101.83.145.52 - - [01/Jul/2023:08:50:02 +0800] "POST /xingrg/dwr/call/plaincall/AjaxCheckService.setItemNumber.dwr HTTP/1.1" 200 78
116.235.240.62 - - [01/Jul/2023:08:50:02 +0800] "POST /xingrg/dwr/call/plaincall/AjaxCheckService.setItemNumber.dwr HTTP/1.1" 200 78
101.83.145.52 - - [01/Jul/2023:08:50:02 +0800] "POST /xingrg/dwr/call/plaincall/AjaxCheckService.setItemNumber.dwr HTTP/1.1" 200 78
222.70.180.90 - - [01/Jul/2023:08:50:02 +0800] "POST /xingrg/dwr/call/plaincall/AjaxCheckService.setItemNumber.dwr HTTP/1.1" 200 78
116.238.191.126 - - [01/Jul/2023:08:50:03 +0800] "GET /xingrg/kc/buy/cgsh_order_operate.html?command=get_materiel&rest_code=00150&code=00101009062&supplier_code=00100022&order_time=2023-07-01 HTTP/1.1" 200 435
101.83.145.52 - - [01/Jul/2023:08:50:04 +0800] "POST /xingrg/dwr/call/plaincall/AjaxCheckService.setItemNumber.dwr HTTP/1.1" 200 78
101.83.145.52 - - [01/Jul/2023:08:50:05 +0800] "POST /xingrg/dwr/call/plaincall/AjaxCheckService.setItemNumber.dwr HTTP/1.1" 200 78
101.83.145.52 - - [01/Jul/2023:08:50:05 +0800] "POST /xingrg/dwr/call/plaincall/AjaxCheckService.setItemNumber.dwr HTTP/1.1" 200 78
116.235.240.62 - - [01/Jul/2023:08:50:07 +0800] "GET /xingrg/all/function/internal_message.html?_=1688172628623&CODE_STATE=getMsg HTTP/1.1" 200 27
116.235.240.62 - - [01/Jul/2023:08:50:07 +0800] "POST /xingrg/dwr/call/plaincall/AjaxCheckService.setItemNumber.dwr HTTP/1.1" 200 78
101.83.145.52 - - [01/Jul/2023:08:50:07 +0800] "POST /xingrg/dwr/call/plaincall/AjaxCheckService.setItemNumber.dwr HTTP/1.1" 200 78
116.238.191.126 - - [01/Jul/2023:08:50:07 +0800] "GET /xingrg/all/function/internal_message.html?_=1688172523832&CODE_STATE=getMsg HTTP/1.1" 200 27
116.235.240.62 - - [01/Jul/2023:08:50:08 +0800] "POST /xingrg/dwr/call/plaincall/AjaxCheckService.setItemNumber.dwr HTTP/1.1" 200 78
116.235.240.62 - - [01/Jul/2023:08:50:08 +0800] "POST /xingrg/dwr/call/plaincall/AjaxCheckService.setItemNumber.dwr HTTP/1.1" 200 78
116.232.195.127 - - [01/Jul/2023:08:50:10 +0800] "GET /xingrg/all/function/internal_message.html?_=1688172603131&CODE_STATE=getMsg HTTP/1.1" 200 27
116.235.240.62 - - [01/Jul/2023:08:50:10 +0800] "POST /xingrg/dwr/call/plaincall/AjaxCheckService.setItemNumber.dwr HTTP/1.1" 200 78
116.235.240.62 - - [01/Jul/2023:08:50:12 +0800] "POST /xingrg/dwr/call/plaincall/AjaxCheckService.setItemNumber.dwr HTTP/1.1" 200 78
116.232.195.127 - - [01/Jul/2023:08:50:13 +0800] "POST /xingrg/kc/buy/cgsh_order_operate.html HTTP/1.1" 200 37
116.235.240.62 - - [01/Jul/2023:08:50:13 +0800] "POST /xingrg/dwr/call/plaincall/AjaxCheckService.setItemNumber.dwr HTTP/1.1" 200 78
116.235.240.62 - - [01/Jul/2023:08:50:14 +0800] "POST /xingrg/dwr/call/plaincall/AjaxCheckService.setItemNumber.dwr HTTP/1.1" 200 78
101.83.145.52 - - [01/Jul/2023:08:50:15 +0800] "POST /xingrg/dwr/call/plaincall/AjaxCheckService.setItemNumber.dwr HTTP/1.1" 200 78
101.83.145.52 - - [01/Jul/2023:08:50:15 +0800] "POST /xingrg/dwr/call/plaincall/AjaxCheckService.setItemNumber.dwr HTTP/1.1" 200 78
116.235.240.62 - - [01/Jul/2023:08:50:15 +0800] "POST /xingrg/dwr/call/plaincall/AjaxCheckService.setItemNumber.dwr HTTP/1.1" 200 78
101.83.145.52 - - [01/Jul/2023:08:50:16 +0800] "POST /xingrg/dwr/call/plaincall/AjaxCheckService.setItemNumber.dwr HTTP/1.1" 200 78
222.70.180.90 - - [01/Jul/2023:08:50:16 +0800] "GET /xingrg/kc/base/check_order_list.html?isBack=1 HTTP/1.1" 200 16217
116.232.195.127 - - [01/Jul/2023:08:50:16 +0800] "POST /xingrg/kc/buy/cgsh_order_operate.html HTTP/1.1" 200 3851
222.70.180.90 - - [01/Jul/2023:08:50:16 +0800] "POST /xingrg/kc/base/check_list_operate.html HTTP/1.1" 200 4709
116.235.240.62 - - [01/Jul/2023:08:50:16 +0800] "POST /xingrg/dwr/call/plaincall/AjaxCheckService.setItemNumber.dwr HTTP/1.1" 200 78
222.70.180.90 - - [01/Jul/2023:08:50:16 +0800] "GET /xingrg/check_reg.html?_=1688172613166 HTTP/1.1" 200 22
222.70.180.90 - - [01/Jul/2023:08:50:17 +0800] "GET /xingrg/all/function/internal_message.html?_=1688172613328&CODE_STATE=getMsg HTTP/1.1" 200 27
101.83.145.52 - - [01/Jul/2023:08:50:17 +0800] "POST /xingrg/dwr/call/plaincall/AjaxCheckService.setItemNumber.dwr HTTP/1.1" 200 78
114.83.222.52 - - [01/Jul/2023:08:50:17 +0800] "GET /xingrg/login.html HTTP/1.1" 200 7641
114.83.222.52 - - [01/Jul/2023:08:50:17 +0800] "GET /favicon.ico HTTP/1.1" 404 -
101.83.145.52 - - [01/Jul/2023:08:50:17 +0800] "POST /xingrg/dwr/call/plaincall/AjaxCheckService.setItemNumber.dwr HTTP/1.1" 200 78
116.235.240.62 - - [01/Jul/2023:08:50:18 +0800] "POST /xingrg/dwr/call/plaincall/AjaxCheckService.setItemNumber.dwr HTTP/1.1" 200 78
101.83.145.52 - - [01/Jul/2023:08:50:19 +0800] "POST /xingrg/dwr/call/plaincall/AjaxCheckService.setItemNumber.dwr HTTP/1.1" 200 78
101.83.145.52 - - [01/Jul/2023:08:50:19 +0800] "POST /xingrg/dwr/call/plaincall/AjaxCheckService.setItemNumber.dwr HTTP/1.1" 200 78
101.83.145.52 - - [01/Jul/2023:08:50:19 +0800] "POST /xingrg/dwr/call/plaincall/AjaxCheckService.setItemNumber.dwr HTTP/1.1" 200 78
116.235.240.62 - - [01/Jul/2023:08:50:20 +0800] "POST /xingrg/dwr/call/plaincall/AjaxCheckService.setItemNumber.dwr HTTP/1.1" 200 78
101.83.145.52 - - [01/Jul/2023:08:50:21 +0800] "POST /xingrg/dwr/call/plaincall/AjaxCheckService.setItemNumber.dwr HTTP/1.1" 200 78
222.70.180.90 - - [01/Jul/2023:08:50:21 +0800] "GET /xingrg/kc/base/check_order_info.html?code=452023063000375 HTTP/1.1" 200 26404
222.70.180.90 - - [01/Jul/2023:08:50:21 +0800] "GET /xingrg/dwr/interface/AjaxComOrderService.js HTTP/1.1" 200 18264
222.70.180.90 - - [01/Jul/2023:08:50:21 +0800] "GET /xingrg/dwr/interface/AjaxCheckService.js HTTP/1.1" 200 14003
222.70.180.90 - - [01/Jul/2023:08:50:21 +0800] "GET /xingrg/dwr/engine.js HTTP/1.1" 200 43631
116.235.240.62 - - [01/Jul/2023:08:50:21 +0800] "POST /xingrg/dwr/call/plaincall/AjaxCheckService.setItemNumber.dwr HTTP/1.1" 200 78
101.83.145.52 - - [01/Jul/2023:08:50:21 +0800] "POST /xingrg/dwr/call/plaincall/AjaxCheckService.setItemNumber.dwr HTTP/1.1" 200 78
222.70.180.90 - - [01/Jul/2023:08:50:22 +0800] "POST /xingrg/dwr/call/plaincall/AjaxCheckService.loadOrderItems.dwr HTTP/1.1" 200 234602
116.232.195.127 - - [01/Jul/2023:08:50:22 +0800] "GET /xingrg/kc/print/load_data.html?order_code=212023070100013&kc_code=cgsh&condition= HTTP/1.1" 200 1198
101.83.145.52 - - [01/Jul/2023:08:50:23 +0800] "POST /xingrg/dwr/call/plaincall/AjaxCheckService.setItemNumber.dwr HTTP/1.1" 200 78
180.169.147.146 - - [01/Jul/2023:08:50:23 +0800] "GET /xingrg/all/function/internal_message.html?_=1688172642134&CODE_STATE=getMsg HTTP/1.1" 200 27
116.235.240.62 - - [01/Jul/2023:08:50:23 +0800] "POST /xingrg/dwr/call/plaincall/AjaxCheckService.setItemNumber.dwr HTTP/1.1" 200 78
116.238.191.126 - - [01/Jul/2023:08:50:24 +0800] "GET /xingrg/kc/buy/cgsh_order_operate.html?command=get_materiel&rest_code=00150&code=00101009158&supplier_code=00100022&order_time=2023-07-01 HTTP/1.1" 200 413
101.83.145.52 - - [01/Jul/2023:08:50:24 +0800] "POST /xingrg/dwr/call/plaincall/AjaxCheckService.setItemNumber.dwr HTTP/1.1" 200 78
101.83.145.52 - - [01/Jul/2023:08:50:24 +0800] "POST /xingrg/dwr/call/plaincall/AjaxCheckService.setItemNumber.dwr HTTP/1.1" 200 78
116.235.240.62 - - [01/Jul/2023:08:50:24 +0800] "POST /xingrg/dwr/call/plaincall/AjaxCheckService.setItemNumber.dwr HTTP/1.1" 200 78
101.83.145.52 - - [01/Jul/2023:08:50:26 +0800] "GET /xingrg/all/function/internal_message.html?_=1688172445456&CODE_STATE=getMsg HTTP/1.1" 200 27
116.235.240.62 - - [01/Jul/2023:08:50:27 +0800] "POST /xingrg/dwr/call/plaincall/AjaxCheckService.setItemNumber.dwr HTTP/1.1" 200 78
116.235.240.62 - - [01/Jul/2023:08:50:27 +0800] "POST /xingrg/dwr/call/plaincall/AjaxCheckService.setItemNumber.dwr HTTP/1.1" 200 78
114.83.222.52 - - [01/Jul/2023:08:50:27 +0800] "POST /xingrg/login.do HTTP/1.1" 302 -
114.83.222.52 - - [01/Jul/2023:08:50:27 +0800] "GET /xingrg/index.html?sysBaseUrl=http%3A%2F%2F180.169.147.146%3A18081%2Fxingrg%2F&costTime=1215×tamp=1688172627485 HTTP/1.1" 200 17179
114.83.222.52 - - [01/Jul/2023:08:50:28 +0800] "GET /favicon.ico HTTP/1.1" 404 -
114.83.222.52 - - [01/Jul/2023:08:50:28 +0800] "GET /xingrg/check_reg.html?_=1688172625599 HTTP/1.1" 200 22
114.83.222.52 - - [01/Jul/2023:08:50:28 +0800] "POST /xingrg/all/common/load_tree.html?tree=area_rest_tree_json&manage=1 HTTP/1.1" 200 351
114.83.222.52 - - [01/Jul/2023:08:50:28 +0800] "GET /xingrg/all/function/internal_message.html?_=1688172625598&CODE_STATE=count HTTP/1.1" 200 11
114.83.222.52 - - [01/Jul/2023:08:50:28 +0800] "POST /xingrg/load_menu.html HTTP/1.1" 200 5138
222.70.180.90 - - [01/Jul/2023:08:50:28 +0800] "POST /xingrg/dwr/call/plaincall/AjaxCheckService.setItemNumber.dwr HTTP/1.1" 200 76
116.235.240.62 - - [01/Jul/2023:08:50:29 +0800] "POST /xingrg/dwr/call/plaincall/AjaxCheckService.setItemNumber.dwr HTTP/1.1" 200 78
101.83.145.52 - - [01/Jul/2023:08:50:30 +0800] "POST /xingrg/dwr/call/plaincall/AjaxCheckService.setItemNumber.dwr HTTP/1.1" 200 78
116.235.240.62 - - [01/Jul/2023:08:50:30 +0800] "POST /xingrg/dwr/call/plaincall/AjaxCheckService.setItemNumber.dwr HTTP/1.1" 200 78
101.83.145.52 - - [01/Jul/2023:08:50:31 +0800] "POST /xingrg/dwr/call/plaincall/AjaxCheckService.setItemNumber.dwr HTTP/1.1" 200 78
116.235.240.62 - - [01/Jul/2023:08:50:31 +0800] "POST /xingrg/dwr/call/plaincall/AjaxCheckService.setItemNumber.dwr HTTP/1.1" 200 78
222.70.180.90 - - [01/Jul/2023:08:50:31 +0800] "POST /xingrg/dwr/call/plaincall/AjaxCheckService.setItemNumber.dwr HTTP/1.1" 200 76
61.170.233.201 - - [01/Jul/2023:08:50:31 +0800] "GET /xingrg/all/function/internal_message.html?_=1688172626962&CODE_STATE=getMsg HTTP/1.1" 200 27
101.83.145.52 - - [01/Jul/2023:08:50:31 +0800] "GET /xingrg/all/function/internal_message.html?_=1688172634263&CODE_STATE=getMsg HTTP/1.1" 200 27
101.83.145.52 - - [01/Jul/2023:08:50:31 +0800] "POST /xingrg/dwr/call/plaincall/AjaxCheckService.setItemNumber.dwr HTTP/1.1" 200 78
101.83.145.52 - - [01/Jul/2023:08:50:31 +0800] "POST /xingrg/dwr/call/plaincall/AjaxCheckService.setItemNumber.dwr HTTP/1.1" 200 78
222.70.180.90 - - [01/Jul/2023:08:50:32 +0800] "POST /xingrg/dwr/call/plaincall/AjaxCheckService.setItemNumber.dwr HTTP/1.1" 200 76
116.235.240.62 - - [01/Jul/2023:08:50:32 +0800] "POST /xingrg/dwr/call/plaincall/AjaxCheckService.setItemNumber.dwr HTTP/1.1" 200 78
101.83.145.52 - - [01/Jul/2023:08:50:32 +0800] "POST /xingrg/dwr/call/plaincall/AjaxCheckService.setItemNumber.dwr HTTP/1.1" 200 78
222.70.180.90 - - [01/Jul/2023:08:50:33 +0800] "POST /xingrg/dwr/call/plaincall/AjaxCheckService.setItemNumber.dwr HTTP/1.1" 200 76
101.83.145.52 - - [01/Jul/2023:08:50:33 +0800] "POST /xingrg/dwr/call/plaincall/AjaxCheckService.setItemNumber.dwr HTTP/1.1" 200 78
101.83.145.52 - - [01/Jul/2023:08:50:34 +0800] "POST /xingrg/dwr/call/plaincall/AjaxCheckService.setItemNumber.dwr HTTP/1.1" 200 78
116.235.240.62 - - [01/Jul/2023:08:50:34 +0800] "POST /xingrg/dwr/call/plaincall/AjaxCheckService.setItemNumber.dwr HTTP/1.1" 200 78
222.70.180.90 - - [01/Jul/2023:08:50:35 +0800] "POST /xingrg/dwr/call/plaincall/AjaxCheckService.setItemNumber.dwr HTTP/1.1" 200 76
116.235.240.62 - - [01/Jul/2023:08:50:35 +0800] "POST /xingrg/dwr/call/plaincall/AjaxCheckService.setItemNumber.dwr HTTP/1.1" 200 78
120.253.135.82 - - [01/Jul/2023:08:50:36 +0800] "GET /xingrg/all/function/internal_message.html?_=1688172466094&CODE_STATE=getMsg HTTP/1.1" 200 27
116.232.195.127 - - [01/Jul/2023:08:50:36 +0800] "GET /xingrg/kc/buy/cgsh_order_add.html HTTP/1.1" 200 71667
116.232.195.127 - - [01/Jul/2023:08:50:37 +0800] "POST /xingrg/kc/buy/cgsh_order_operate.html HTTP/1.1" 200 8245
116.232.195.127 - - [01/Jul/2023:08:50:37 +0800] "GET /xingrg/javascript/easyui/themes/default/validatebox.css HTTP/1.1" 404 1104
114.83.222.52 - - [01/Jul/2023:08:50:38 +0800] "GET /xingrg/kc/buy/cgsh_order_list.html HTTP/1.1" 200 55844
222.70.180.90 - - [01/Jul/2023:08:50:38 +0800] "POST /xingrg/dwr/call/plaincall/AjaxCheckService.setItemNumber.dwr HTTP/1.1" 200 76
116.235.240.62 - - [01/Jul/2023:08:50:38 +0800] "POST /xingrg/dwr/call/plaincall/AjaxCheckService.setItemNumber.dwr HTTP/1.1" 200 78
222.70.180.90 - - [01/Jul/2023:08:50:39 +0800] "POST /xingrg/dwr/call/plaincall/AjaxCheckService.setItemNumber.dwr HTTP/1.1" 200 76
116.235.240.62 - - [01/Jul/2023:08:50:39 +0800] "POST /xingrg/dwr/call/plaincall/AjaxCheckService.setItemNumber.dwr HTTP/1.1" 200 78
222.70.180.90 - - [01/Jul/2023:08:50:40 +0800] "POST /xingrg/dwr/call/plaincall/AjaxCheckService.setItemNumber.dwr HTTP/1.1" 200 76
101.83.145.52 - - [01/Jul/2023:08:50:40 +0800] "POST /xingrg/dwr/call/plaincall/AjaxCheckService.setItemNumber.dwr HTTP/1.1" 200 78
101.83.145.52 - - [01/Jul/2023:08:50:41 +0800] "POST /xingrg/dwr/call/plaincall/AjaxCheckService.setItemNumber.dwr HTTP/1.1" 200 78
116.235.240.62 - - [01/Jul/2023:08:50:41 +0800] "POST /xingrg/dwr/call/plaincall/AjaxCheckService.setItemNumber.dwr HTTP/1.1" 200 78
222.70.180.90 - - [01/Jul/2023:08:50:41 +0800] "POST /xingrg/dwr/call/plaincall/AjaxCheckService.setItemNumber.dwr HTTP/1.1" 200 76
101.83.145.52 - - [01/Jul/2023:08:50:42 +0800] "POST /xingrg/dwr/call/plaincall/AjaxCheckService.setItemNumber.dwr HTTP/1.1" 200 78
114.83.222.52 - - [01/Jul/2023:08:50:42 +0800] "POST /xingrg/kc/buy/cgsh_list_operate.html HTTP/1.1" 200 986
116.235.240.62 - - [01/Jul/2023:08:50:42 +0800] "POST /xingrg/dwr/call/plaincall/AjaxCheckService.setItemNumber.dwr HTTP/1.1" 200 78
116.235.240.62 - - [01/Jul/2023:08:50:42 +0800] "POST /xingrg/dwr/call/plaincall/AjaxCheckService.setItemNumber.dwr HTTP/1.1" 200 78
101.83.145.52 - - [01/Jul/2023:08:50:42 +0800] "POST /xingrg/dwr/call/plaincall/AjaxCheckService.setItemNumber.dwr HTTP/1.1" 200 78
222.70.180.90 - - [01/Jul/2023:08:50:42 +0800] "POST /xingrg/dwr/call/plaincall/AjaxCheckService.setItemNumber.dwr HTTP/1.1" 200 77
101.83.145.52 - - [01/Jul/2023:08:50:43 +0800] "POST /xingrg/dwr/call/plaincall/AjaxCheckService.setItemNumber.dwr HTTP/1.1" 200 78
116.238.191.126 - - [01/Jul/2023:08:50:43 +0800] "GET /xingrg/kc/buy/cgsh_order_operate.html?command=get_materiel&rest_code=00150&code=00101009124&supplier_code=00100022&order_time=2023-07-01 HTTP/1.1" 200 438
222.70.180.90 - - [01/Jul/2023:08:50:43 +0800] "POST /xingrg/dwr/call/plaincall/AjaxCheckService.setItemNumber.dwr HTTP/1.1" 200 77
116.235.240.62 - - [01/Jul/2023:08:50:44 +0800] "POST /xingrg/dwr/call/plaincall/AjaxCheckService.setItemNumber.dwr HTTP/1.1" 200 78
101.83.145.52 - - [01/Jul/2023:08:50:44 +0800] "POST /xingrg/dwr/call/plaincall/AjaxCheckService.setItemNumber.dwr HTTP/1.1" 200 78
101.83.145.52 - - [01/Jul/2023:08:50:44 +0800] "POST /xingrg/dwr/call/plaincall/AjaxCheckService.setItemNumber.dwr HTTP/1.1" 200 78
101.83.145.52 - - [01/Jul/2023:08:50:45 +0800] "POST /xingrg/dwr/call/plaincall/AjaxCheckService.setItemNumber.dwr HTTP/1.1" 200 78
116.235.240.62 - - [01/Jul/2023:08:50:46 +0800] "POST /xingrg/dwr/call/plaincall/AjaxCheckService.setItemNumber.dwr HTTP/1.1" 200 78
101.83.145.52 - - [01/Jul/2023:08:50:47 +0800] "POST /xingrg/dwr/call/plaincall/AjaxCheckService.setItemNumber.dwr HTTP/1.1" 200 78
116.235.240.62 - - [01/Jul/2023:08:50:47 +0800] "POST /xingrg/dwr/call/plaincall/AjaxCheckService.setItemNumber.dwr HTTP/1.1" 200 78
114.93.33.65 - - [01/Jul/2023:08:50:47 +0800] "GET /xingrg/all/function/internal_message.html?_=1688172656489&CODE_STATE=getMsg HTTP/1.1" 200 27
101.83.145.52 - - [01/Jul/2023:08:50:47 +0800] "POST /xingrg/dwr/call/plaincall/AjaxCheckService.setItemNumber.dwr HTTP/1.1" 200 78
101.83.145.52 - - [01/Jul/2023:08:50:49 +0800] "POST /xingrg/dwr/call/plaincall/AjaxCheckService.setItemNumber.dwr HTTP/1.1" 200 78
116.235.240.62 - - [01/Jul/2023:08:50:49 +0800] "POST /xingrg/dwr/call/plaincall/AjaxCheckService.setItemNumber.dwr HTTP/1.1" 200 78
101.85.193.165 - - [01/Jul/2023:08:50:49 +0800] "GET /xingrg/all/function/internal_message.html?_=1688172649233&CODE_STATE=getMsg HTTP/1.1" 200 27
101.83.145.52 - - [01/Jul/2023:08:50:49 +0800] "POST /xingrg/dwr/call/plaincall/AjaxCheckService.setItemNumber.dwr HTTP/1.1" 200 78
101.85.193.165 - - [01/Jul/2023:08:50:49 +0800] "GET /xingrg/check_reg.html?_=1688172649593 HTTP/1.1" 200 22
116.232.195.127 - - [01/Jul/2023:08:50:49 +0800] "GET /xingrg/kc/buy/cgsh_order_operate.html?command=get_materiel&rest_code=00155&code=00101007061&supplier_code=00100002&order_time=2023-07-01 HTTP/1.1" 200 409
116.235.240.62 - - [01/Jul/2023:08:50:49 +0800] "POST /xingrg/dwr/call/plaincall/AjaxCheckService.setItemNumber.dwr HTTP/1.1" 200 78
101.83.145.52 - - [01/Jul/2023:08:50:50 +0800] "POST /xingrg/dwr/call/plaincall/AjaxCheckService.setItemNumber.dwr HTTP/1.1" 200 78
116.235.240.62 - - [01/Jul/2023:08:50:51 +0800] "POST /xingrg/dwr/call/plaincall/AjaxCheckService.setItemNumber.dwr HTTP/1.1" 200 78
222.70.180.90 - - [01/Jul/2023:08:50:51 +0800] "POST /xingrg/dwr/call/plaincall/AjaxCheckService.setItemNumber.dwr HTTP/1.1" 200 77
101.83.145.52 - - [01/Jul/2023:08:50:51 +0800] "POST /xingrg/dwr/call/plaincall/AjaxCheckService.setItemNumber.dwr HTTP/1.1" 200 78
101.83.145.52 - - [01/Jul/2023:08:50:52 +0800] "POST /xingrg/dwr/call/plaincall/AjaxCheckService.setItemNumber.dwr HTTP/1.1" 200 78
101.83.145.52 - - [01/Jul/2023:08:50:53 +0800] "POST /xingrg/dwr/call/plaincall/AjaxCheckService.setItemNumber.dwr HTTP/1.1" 200 78
101.83.145.52 - - [01/Jul/2023:08:50:53 +0800] "POST /xingrg/dwr/call/plaincall/AjaxCheckService.setItemNumber.dwr HTTP/1.1" 200 78
116.235.240.62 - - [01/Jul/2023:08:50:53 +0800] "POST /xingrg/dwr/call/plaincall/AjaxCheckService.setItemNumber.dwr HTTP/1.1" 200 78
116.235.240.62 - - [01/Jul/2023:08:50:56 +0800] "POST /xingrg/dwr/call/plaincall/AjaxCheckService.setItemNumber.dwr HTTP/1.1" 200 78
101.83.145.52 - - [01/Jul/2023:08:50:57 +0800] "POST /xingrg/dwr/call/plaincall/AjaxCheckService.setItemNumber.dwr HTTP/1.1" 200 78
116.238.191.126 - - [01/Jul/2023:08:50:57 +0800] "GET /xingrg/kc/buy/cgsh_order_operate.html?command=get_materiel&rest_code=00150&code=00101009011&supplier_code=00100022&order_time=2023-07-01 HTTP/1.1" 200 416
116.235.240.62 - - [01/Jul/2023:08:50:58 +0800] "POST /xingrg/dwr/call/plaincall/AjaxCheckService.setItemNumber.dwr HTTP/1.1" 200 78
101.85.193.165 - - [01/Jul/2023:08:50:58 +0800] "GET /xingrg/all/function/internal_message.html?_=1688172687174&CODE_STATE=getMsg HTTP/1.1" 200 27
222.70.180.90 - - [01/Jul/2023:08:50:59 +0800] "POST /xingrg/dwr/call/plaincall/AjaxCheckService.setItemNumber.dwr HTTP/1.1" 200 77
101.85.193.165 - - [01/Jul/2023:08:50:59 +0800] "GET /xingrg/check_reg.html?_=1688172687324 HTTP/1.1" 200 22
114.85.113.108 - - [01/Jul/2023:08:50:59 +0800] "GET /xingrg/all/function/internal_message.html?_=1688172653103&CODE_STATE=getMsg HTTP/1.1" 200 27
116.235.240.62 - - [01/Jul/2023:08:51:00 +0800] "POST /xingrg/dwr/call/plaincall/AjaxCheckService.setItemNumber.dwr HTTP/1.1" 200 78
101.83.145.52 - - [01/Jul/2023:08:51:00 +0800] "POST /xingrg/dwr/call/plaincall/AjaxCheckService.setItemNumber.dwr HTTP/1.1" 200 78
101.83.145.52 - - [01/Jul/2023:08:51:00 +0800] "POST /xingrg/dwr/call/plaincall/AjaxCheckService.setItemNumber.dwr HTTP/1.1" 200 78
116.232.195.127 - - [01/Jul/2023:08:51:01 +0800] "GET /xingrg/kc/buy/cgsh_order_operate.html?command=get_materiel&rest_code=00155&code=00101007125&supplier_code=00100002&order_time=2023-07-01 HTTP/1.1" 200 421
116.235.240.62 - - [01/Jul/2023:08:51:01 +0800] "POST /xingrg/dwr/call/plaincall/AjaxCheckService.setItemNumber.dwr HTTP/1.1" 200 78
222.70.180.90 - - [01/Jul/2023:08:51:01 +0800] "POST /xingrg/dwr/call/plaincall/AjaxCheckService.setItemNumber.dwr HTTP/1.1" 200 77
116.235.240.62 - - [01/Jul/2023:08:51:01 +0800] "POST /xingrg/dwr/call/plaincall/AjaxCheckService.setItemNumber.dwr HTTP/1.1" 200 78
114.83.222.52 - - [01/Jul/2023:08:51:01 +0800] "GET /xingrg/kc/buy/cgsh_order_add.html HTTP/1.1" 200 71708
114.83.222.52 - - [01/Jul/2023:08:51:02 +0800] "GET /xingrg/words/20230629174244_words.js HTTP/1.1" 304 -
101.83.145.52 - - [01/Jul/2023:08:51:02 +0800] "POST /xingrg/dwr/call/plaincall/AjaxCheckService.setItemNumber.dwr HTTP/1.1" 200 78
101.83.145.52 - - [01/Jul/2023:08:51:02 +0800] "POST /xingrg/dwr/call/plaincall/AjaxCheckService.setItemNumber.dwr HTTP/1.1" 200 78
114.83.222.52 - - [01/Jul/2023:08:51:02 +0800] "POST /xingrg/kc/buy/cgsh_order_operate.html HTTP/1.1" 200 8245
114.83.222.52 - - [01/Jul/2023:08:51:02 +0800] "GET /xingrg/javascript/easyui/themes/default/validatebox.css HTTP/1.1" 404 1104
114.83.222.52 - - [01/Jul/2023:08:51:02 +0800] "GET /xingrg/all/common/auto_word.html?type=employee&rest_code=00149 HTTP/1.1" 200 197
114.83.222.52 - - [01/Jul/2023:08:51:02 +0800] "GET /xingrg/all/common/auto_word.html?type=employee&rest_code=00149 HTTP/1.1" 200 197
101.83.145.52 - - [01/Jul/2023:08:51:02 +0800] "POST /xingrg/dwr/call/plaincall/AjaxCheckService.setItemNumber.dwr HTTP/1.1" 200 78
222.70.180.90 - - [01/Jul/2023:08:51:02 +0800] "POST /xingrg/dwr/call/plaincall/AjaxCheckService.setItemNumber.dwr HTTP/1.1" 200 77
101.83.145.52 - - [01/Jul/2023:08:51:02 +0800] "POST /xingrg/dwr/call/plaincall/AjaxCheckService.setItemNumber.dwr HTTP/1.1" 200 78
116.235.240.62 - - [01/Jul/2023:08:51:03 +0800] "POST /xingrg/dwr/call/plaincall/AjaxCheckService.setItemNumber.dwr HTTP/1.1" 200 78
101.83.145.52 - - [01/Jul/2023:08:51:03 +0800] "POST /xingrg/dwr/call/plaincall/AjaxCheckService.setItemNumber.dwr HTTP/1.1" 200 78
101.83.145.52 - - [01/Jul/2023:08:51:04 +0800] "POST /xingrg/dwr/call/plaincall/AjaxCheckService.setItemNumber.dwr HTTP/1.1" 200 78
222.70.180.90 - - [01/Jul/2023:08:51:04 +0800] "POST /xingrg/dwr/call/plaincall/AjaxCheckService.setItemNumber.dwr HTTP/1.1" 200 77
116.235.240.62 - - [01/Jul/2023:08:51:04 +0800] "POST /xingrg/dwr/call/plaincall/AjaxCheckService.setItemNumber.dwr HTTP/1.1" 200 78
116.235.240.62 - - [01/Jul/2023:08:51:05 +0800] "POST /xingrg/dwr/call/plaincall/AjaxCheckService.setItemNumber.dwr HTTP/1.1" 200 78
101.83.145.52 - - [01/Jul/2023:08:51:06 +0800] "POST /xingrg/dwr/call/plaincall/AjaxCheckService.setItemNumber.dwr HTTP/1.1" 200 78
116.235.240.62 - - [01/Jul/2023:08:51:06 +0800] "POST /xingrg/dwr/call/plaincall/AjaxCheckService.setItemNumber.dwr HTTP/1.1" 200 78
101.83.145.52 - - [01/Jul/2023:08:51:06 +0800] "POST /xingrg/dwr/call/plaincall/AjaxCheckService.setItemNumber.dwr HTTP/1.1" 200 78
222.70.180.90 - - [01/Jul/2023:08:51:06 +0800] "POST /xingrg/dwr/call/plaincall/AjaxCheckService.setItemNumber.dwr HTTP/1.1" 200 77
116.235.240.62 - - [01/Jul/2023:08:51:07 +0800] "GET /xingrg/all/function/internal_message.html?_=1688172688956&CODE_STATE=getMsg HTTP/1.1" 200 27
116.238.191.126 - - [01/Jul/2023:08:51:07 +0800] "GET /xingrg/all/function/internal_message.html?_=1688172583848&CODE_STATE=getMsg HTTP/1.1" 200 27
116.235.240.62 - - [01/Jul/2023:08:51:07 +0800] "POST /xingrg/dwr/call/plaincall/AjaxCheckService.setItemNumber.dwr HTTP/1.1" 200 78
222.70.180.90 - - [01/Jul/2023:08:51:07 +0800] "POST /xingrg/dwr/call/plaincall/AjaxCheckService.setItemNumber.dwr HTTP/1.1" 200 77
101.83.145.52 - - [01/Jul/2023:08:51:08 +0800] "POST /xingrg/dwr/call/plaincall/AjaxCheckService.setItemNumber.dwr HTTP/1.1" 200 78
116.232.195.127 - - [01/Jul/2023:08:51:09 +0800] "GET /xingrg/kc/buy/cgsh_order_operate.html?command=get_materiel&rest_code=00155&code=00101007072&supplier_code=00100002&order_time=2023-07-01 HTTP/1.1" 200 413
101.83.145.52 - - [01/Jul/2023:08:51:09 +0800] "POST /xingrg/dwr/call/plaincall/AjaxCheckService.setItemNumber.dwr HTTP/1.1" 200 78
116.238.191.126 - - [01/Jul/2023:08:51:09 +0800] "GET /xingrg/kc/buy/cgsh_order_operate.html?command=get_materiel&rest_code=00150&code=00101009016&supplier_code=00100022&order_time=2023-07-01 HTTP/1.1" 200 412
222.70.180.90 - - [01/Jul/2023:08:51:09 +0800] "POST /xingrg/dwr/call/plaincall/AjaxCheckService.setItemNumber.dwr HTTP/1.1" 200 77
101.83.145.52 - - [01/Jul/2023:08:51:09 +0800] "POST /xingrg/dwr/call/plaincall/AjaxCheckService.setItemNumber.dwr HTTP/1.1" 200 78
116.235.240.62 - - [01/Jul/2023:08:51:10 +0800] "POST /xingrg/dwr/call/plaincall/AjaxCheckService.setItemNumber.dwr HTTP/1.1" 200 78
116.232.195.127 - - [01/Jul/2023:08:51:10 +0800] "GET /xingrg/all/function/internal_message.html?_=1688172663113&CODE_STATE=getMsg HTTP/1.1" 200 27
222.70.180.90 - - [01/Jul/2023:08:51:10 +0800] "POST /xingrg/dwr/call/plaincall/AjaxCheckService.setItemNumber.dwr HTTP/1.1" 200 77
116.235.240.62 - - [01/Jul/2023:08:51:10 +0800] "POST /xingrg/dwr/call/plaincall/AjaxCheckService.setItemNumber.dwr HTTP/1.1" 200 78
116.235.240.62 - - [01/Jul/2023:08:51:11 +0800] "POST /xingrg/dwr/call/plaincall/AjaxCheckService.setItemNumber.dwr HTTP/1.1" 200 78
222.70.180.90 - - [01/Jul/2023:08:51:12 +0800] "POST /xingrg/dwr/call/plaincall/AjaxCheckService.setItemNumber.dwr HTTP/1.1" 200 77
