120.253.135.82 - - [28/Jun/2023:06:11:44 +0800] "GET /xingrg/javascript/jquery_easy_ui/themes/default/images/button_a_bg.gif HTTP/1.1" 304 -
120.253.135.82 - - [28/Jun/2023:06:11:44 +0800] "GET /xingrg/javascript/jquery_easy_ui/themes/default/images/button_span_bg.gif HTTP/1.1" 304 -
120.253.135.82 - - [28/Jun/2023:06:11:44 +0800] "GET /xingrg/javascript/jquery_easy_ui/themes/icons/search.png HTTP/1.1" 304 -
120.253.135.82 - - [28/Jun/2023:06:11:44 +0800] "GET /xingrg/javascript/jquery_easy_ui/themes/default/images/combo_arrow_dot.gif HTTP/1.1" 304 -
120.253.135.82 - - [28/Jun/2023:06:11:44 +0800] "GET /xingrg/javascript/jquery_easy_ui/themes/default/images/calendar_prevmonth.gif HTTP/1.1" 304 -
120.253.135.82 - - [28/Jun/2023:06:11:44 +0800] "GET /xingrg/javascript/jquery_easy_ui/themes/default/images/calendar_prevyear.gif HTTP/1.1" 304 -
120.253.135.82 - - [28/Jun/2023:06:11:44 +0800] "GET /xingrg/javascript/jquery_easy_ui/themes/default/images/calendar_nextmonth.gif HTTP/1.1" 304 -
120.253.135.82 - - [28/Jun/2023:06:11:44 +0800] "GET /xingrg/javascript/jquery_easy_ui/themes/default/images/calendar_nextyear.gif HTTP/1.1" 304 -
120.253.135.82 - - [28/Jun/2023:06:11:44 +0800] "POST /xingrg/all/common/load_tree.html?tree=area_rest_tree_json HTTP/1.1" 200 3499
120.253.135.82 - - [28/Jun/2023:06:11:44 +0800] "GET /xingrg/javascript/jquery_easy_ui/themes/default/images/datagrid_header_bg.gif HTTP/1.1" 304 -
120.253.135.82 - - [28/Jun/2023:06:11:44 +0800] "GET /xingrg/javascript/jquery_easy_ui/themes/default/images/pagination_loading.gif HTTP/1.1" 304 -
120.253.135.82 - - [28/Jun/2023:06:11:44 +0800] "GET /xingrg/javascript/jquery_easy_ui/themes/default/images/tree_checkbox_0.gif HTTP/1.1" 304 -
120.253.135.82 - - [28/Jun/2023:06:11:45 +0800] "POST /xingrg/kc/pszx/jzcl_ps_operate.html HTTP/1.1" 200 5655
120.253.135.82 - - [28/Jun/2023:06:11:45 +0800] "POST /xingrg/kc/pszx/jzcl_ps_operate.html HTTP/1.1" 200 5655
120.253.135.82 - - [28/Jun/2023:06:11:46 +0800] "GET /xingrg/javascript/jquery_easy_ui/themes/icons/rest.png HTTP/1.1" 304 -
124.77.245.69 - - [28/Jun/2023:06:11:49 +0800] "GET /xingrg/kc/base/wldb_order_operate.html?command=get_materiel&rest_code=00146&base_code=0010063&code=00101013141 HTTP/1.1" 200 428
120.253.135.82 - - [28/Jun/2023:06:11:51 +0800] "POST /xingrg/kc/pszx/jzcl_ps_operate.html HTTP/1.1" 200 4
120.253.135.82 - - [28/Jun/2023:06:11:51 +0800] "GET /xingrg/javascript/step/images/navBtn.gif HTTP/1.1" 200 361
120.253.135.82 - - [28/Jun/2023:06:11:51 +0800] "GET /xingrg/javascript/step/images/navLastDoneBtn.gif HTTP/1.1" 304 -
120.253.135.82 - - [28/Jun/2023:06:11:51 +0800] "GET /xingrg/javascript/step/images/navBtn.gif HTTP/1.1" 200 361
120.253.135.82 - - [28/Jun/2023:06:11:51 +0800] "GET /xingrg/javascript/step/images/navDoneBtn.gif HTTP/1.1" 304 -
124.77.245.69 - - [28/Jun/2023:06:11:58 +0800] "GET /xingrg/kc/base/wldb_order_operate.html?command=get_materiel&rest_code=00146&base_code=0010063&code=00101013065 HTTP/1.1" 200 434
120.253.135.82 - - [28/Jun/2023:06:11:58 +0800] "GET /xingrg/kc/pszx/mdps_order_list.html HTTP/1.1" 200 21032
120.253.135.82 - - [28/Jun/2023:06:11:59 +0800] "POST /xingrg/kc/pszx/jzcl_ps_operate.html HTTP/1.1" 200 5256
120.253.135.82 - - [28/Jun/2023:06:11:59 +0800] "POST /xingrg/kc/pszx/mdps_list_operate.html HTTP/1.1" 200 5293
124.77.245.69 - - [28/Jun/2023:06:12:01 +0800] "GET /xingrg/all/function/internal_message.html?_=1687903930738&CODE_STATE=getMsg HTTP/1.1" 200 27
120.253.135.82 - - [28/Jun/2023:06:12:06 +0800] "GET /xingrg/all/function/internal_message.html?_=1687903757184&CODE_STATE=getMsg HTTP/1.1" 200 27
120.253.135.82 - - [28/Jun/2023:06:12:07 +0800] "GET /xingrg/kc/pszx/mdqp_order_list.html?state=10 HTTP/1.1" 200 15187
120.253.135.82 - - [28/Jun/2023:06:12:07 +0800] "GET /xingrg/dwr/interface/AjaxQqpsService.js HTTP/1.1" 200 16326
120.253.135.82 - - [28/Jun/2023:06:12:07 +0800] "GET /xingrg/dwr/interface/AjaxReportQueryService.js HTTP/1.1" 200 13203
120.253.135.82 - - [28/Jun/2023:06:12:07 +0800] "GET /xingrg/dwr/engine.js HTTP/1.1" 200 43631
120.253.135.82 - - [28/Jun/2023:06:12:10 +0800] "GET /xingrg/kc/pszx/mdps_order_list.html?orderType=0 HTTP/1.1" 200 21032
120.253.135.82 - - [28/Jun/2023:06:12:10 +0800] "POST /xingrg/kc/pszx/mdps_list_operate.html HTTP/1.1" 200 5293
120.253.135.82 - - [28/Jun/2023:06:12:11 +0800] "GET /xingrg/javascript/auto/indicator.gif HTTP/1.1" 404 1066
124.77.245.69 - - [28/Jun/2023:06:12:15 +0800] "POST /xingrg/kc/base/wldb_order_operate.html HTTP/1.1" 200 37
124.77.245.69 - - [28/Jun/2023:06:12:23 +0800] "POST /xingrg/kc/base/wldb_order_operate.html HTTP/1.1" 200 12
124.77.245.69 - - [28/Jun/2023:06:12:23 +0800] "POST /xingrg/kc/base/wldb_order_operate.html HTTP/1.1" 200 7095
222.70.180.90 - - [28/Jun/2023:06:12:29 +0800] "GET /xingrg/all/function/internal_message.html?_=1687903947574&CODE_STATE=getMsg HTTP/1.1" 200 27
114.85.113.108 - - [28/Jun/2023:06:12:42 +0800] "GET /xingrg/all/function/internal_message.html?_=1687903957553&CODE_STATE=getMsg HTTP/1.1" 200 27
124.77.245.69 - - [28/Jun/2023:06:12:48 +0800] "GET /xingrg/kc/base/wldb_order_info.html?code=422023062802341 HTTP/1.1" 200 26266
124.77.245.69 - - [28/Jun/2023:06:12:49 +0800] "GET /xingrg/javascript/easyui/themes/default/validatebox.css HTTP/1.1" 404 1104
124.77.245.69 - - [28/Jun/2023:06:12:49 +0800] "POST /xingrg/kc/base/wldb_order_operate.html HTTP/1.1" 200 5279
124.77.245.69 - - [28/Jun/2023:06:12:55 +0800] "GET /xingrg/kc/base/wldb_order_add.html HTTP/1.1" 200 30387
124.77.245.69 - - [28/Jun/2023:06:12:55 +0800] "POST /xingrg/kc/base/wldb_order_operate.html HTTP/1.1" 200 6806
124.77.245.69 - - [28/Jun/2023:06:12:55 +0800] "GET /xingrg/javascript/easyui/themes/default/validatebox.css HTTP/1.1" 404 1104
120.253.135.82 - - [28/Jun/2023:06:13:01 +0800] "POST /xingrg/kc/pszx/mdps_list_operate.html HTTP/1.1" 200 4290
124.77.245.69 - - [28/Jun/2023:06:13:01 +0800] "GET /xingrg/all/function/internal_message.html?_=1687903990752&CODE_STATE=getMsg HTTP/1.1" 200 27
120.253.135.82 - - [28/Jun/2023:06:13:02 +0800] "POST /xingrg/kc/pszx/mdps_list_operate.html HTTP/1.1" 200 448
120.253.135.82 - - [28/Jun/2023:06:13:06 +0800] "GET /xingrg/all/function/internal_message.html?_=1687903817197&CODE_STATE=getMsg HTTP/1.1" 200 27
120.253.135.82 - - [28/Jun/2023:06:13:08 +0800] "POST /xingrg/kc/pszx/mdps_list_operate.html HTTP/1.1" 200 4290
120.253.135.82 - - [28/Jun/2023:06:13:09 +0800] "POST /xingrg/kc/pszx/mdps_list_operate.html HTTP/1.1" 200 205
124.77.245.69 - - [28/Jun/2023:06:13:10 +0800] "GET /xingrg/kc/base/wldb_order_operate.html?command=get_materiel&rest_code=00146&base_code=0010063&code=00101016001 HTTP/1.1" 200 458
120.253.135.82 - - [28/Jun/2023:06:13:11 +0800] "POST /xingrg/kc/pszx/mdps_list_operate.html HTTP/1.1" 200 221
120.253.135.82 - - [28/Jun/2023:06:13:13 +0800] "GET /xingrg/kc/pszx/mdps_order_info.html?code=312023062800538 HTTP/1.1" 200 23978
120.253.135.82 - - [28/Jun/2023:06:13:13 +0800] "GET /xingrg/javascript/json2.js HTTP/1.1" 304 -
120.253.135.82 - - [28/Jun/2023:06:13:13 +0800] "GET /xingrg/javascript/convert.js HTTP/1.1" 304 -
120.253.135.82 - - [28/Jun/2023:06:13:13 +0800] "GET /xingrg/javascript/jquery_tools/order_manager.js HTTP/1.1" 304 -
120.253.135.82 - - [28/Jun/2023:06:13:13 +0800] "GET /xingrg/words/20230627110348_words.js HTTP/1.1" 304 -
120.253.135.82 - - [28/Jun/2023:06:13:14 +0800] "GET /xingrg/javascript/easyui/themes/icons/print.png HTTP/1.1" 304 -
120.253.135.82 - - [28/Jun/2023:06:13:14 +0800] "GET /xingrg/javascript/easyui/themes/default/images/menu_downarrow.png HTTP/1.1" 304 -
120.253.135.82 - - [28/Jun/2023:06:13:14 +0800] "GET /xingrg/javascript/easyui/themes/icons/ok.png HTTP/1.1" 304 -
120.253.135.82 - - [28/Jun/2023:06:13:14 +0800] "GET /xingrg/javascript/easyui/themes/icons/cancel.png HTTP/1.1" 304 -
120.253.135.82 - - [28/Jun/2023:06:13:14 +0800] "GET /xingrg/javascript/easyui/themes/icons/copy_new.png HTTP/1.1" 304 -
120.253.135.82 - - [28/Jun/2023:06:13:14 +0800] "GET /xingrg/javascript/easyui/themes/default/validatebox.css HTTP/1.1" 404 1104
120.253.135.82 - - [28/Jun/2023:06:13:14 +0800] "GET /xingrg/javascript/easyui/plugins/jquery.validatebox.js HTTP/1.1" 304 -
120.253.135.82 - - [28/Jun/2023:06:13:14 +0800] "GET /xingrg/javascript/easyui/plugins/jquery.numberbox.js HTTP/1.1" 304 -
120.253.135.82 - - [28/Jun/2023:06:13:14 +0800] "GET /xingrg/all/common/auto_word.html?type=base&rest_code=00101 HTTP/1.1" 200 671
120.253.135.82 - - [28/Jun/2023:06:13:14 +0800] "POST /xingrg/kc/pszx/mdps_order_operate.html HTTP/1.1" 200 2303
120.253.135.82 - - [28/Jun/2023:06:13:14 +0800] "GET /xingrg/javascript/easyui/themes/icons/edit_remove.png HTTP/1.1" 304 -
120.253.135.82 - - [28/Jun/2023:06:13:17 +0800] "POST /xingrg/kc/pszx/mdps_order_operate.html HTTP/1.1" 200 37
120.253.135.82 - - [28/Jun/2023:06:13:19 +0800] "GET /xingrg/kc/pszx/mdps_order_info.html?code=312023062800538 HTTP/1.1" 200 23978
120.253.135.82 - - [28/Jun/2023:06:13:19 +0800] "GET /xingrg/javascript/easyui/themes/default/validatebox.css HTTP/1.1" 404 1104
120.253.135.82 - - [28/Jun/2023:06:13:19 +0800] "POST /xingrg/kc/pszx/mdps_order_operate.html HTTP/1.1" 200 2311
120.253.135.82 - - [28/Jun/2023:06:13:22 +0800] "GET /xingrg/kc/print/load_config.html?kc_code=mdps HTTP/1.1" 200 2390
120.253.135.82 - - [28/Jun/2023:06:13:23 +0800] "GET /xingrg/kc/print/load_data.html?order_code=312023062800538&kc_code=mdps&condition= HTTP/1.1" 200 708
124.77.245.69 - - [28/Jun/2023:06:13:25 +0800] "GET /xingrg/kc/base/wldb_order_operate.html?command=get_materiel&rest_code=00146&base_code=0010063&code=00101019425 HTTP/1.1" 200 458
222.70.180.90 - - [28/Jun/2023:06:13:29 +0800] "GET /xingrg/all/function/internal_message.html?_=1687904007572&CODE_STATE=getMsg HTTP/1.1" 200 27
124.77.245.69 - - [28/Jun/2023:06:13:34 +0800] "GET /xingrg/kc/base/wldb_order_operate.html?command=get_materiel&rest_code=00146&base_code=0010063&code=00101016049 HTTP/1.1" 200 445
114.85.113.108 - - [28/Jun/2023:06:13:42 +0800] "GET /xingrg/all/function/internal_message.html?_=1687904017525&CODE_STATE=getMsg HTTP/1.1" 200 27
124.77.245.69 - - [28/Jun/2023:06:13:45 +0800] "POST /xingrg/kc/base/wldb_order_operate.html HTTP/1.1" 200 37
124.77.245.69 - - [28/Jun/2023:06:13:51 +0800] "POST /xingrg/kc/base/wldb_order_operate.html HTTP/1.1" 200 12
124.77.245.69 - - [28/Jun/2023:06:13:52 +0800] "POST /xingrg/kc/base/wldb_order_operate.html HTTP/1.1" 200 3676
124.77.245.69 - - [28/Jun/2023:06:13:55 +0800] "GET /xingrg/kc/base/wldb_order_info.html?code=422023062802342 HTTP/1.1" 200 26266
124.77.245.69 - - [28/Jun/2023:06:13:56 +0800] "GET /xingrg/javascript/easyui/themes/default/validatebox.css HTTP/1.1" 404 1104
124.77.245.69 - - [28/Jun/2023:06:13:56 +0800] "POST /xingrg/kc/base/wldb_order_operate.html HTTP/1.1" 200 1940
124.77.245.69 - - [28/Jun/2023:06:13:59 +0800] "GET /xingrg/kc/base/wldb_order_add.html HTTP/1.1" 200 30387
124.77.245.69 - - [28/Jun/2023:06:13:59 +0800] "POST /xingrg/kc/base/wldb_order_operate.html HTTP/1.1" 200 6806
124.77.245.69 - - [28/Jun/2023:06:14:00 +0800] "GET /xingrg/javascript/easyui/themes/default/validatebox.css HTTP/1.1" 404 1104
124.77.245.69 - - [28/Jun/2023:06:14:01 +0800] "GET /xingrg/all/function/internal_message.html?_=1687904050765&CODE_STATE=getMsg HTTP/1.1" 200 27
120.253.135.82 - - [28/Jun/2023:06:14:06 +0800] "GET /xingrg/all/function/internal_message.html?_=1687903877265&CODE_STATE=getMsg HTTP/1.1" 200 27
124.77.245.69 - - [28/Jun/2023:06:14:17 +0800] "GET /xingrg/kc/base/wldb_order_operate.html?command=get_materiel&rest_code=00146&base_code=0010063&code=00101019535 HTTP/1.1" 200 476
222.70.180.90 - - [28/Jun/2023:06:14:29 +0800] "GET /xingrg/all/function/internal_message.html?_=1687904067573&CODE_STATE=getMsg HTTP/1.1" 200 27
124.77.245.69 - - [28/Jun/2023:06:14:31 +0800] "POST /xingrg/kc/base/wldb_order_operate.html HTTP/1.1" 200 37
124.77.245.69 - - [28/Jun/2023:06:14:39 +0800] "POST /xingrg/kc/base/wldb_order_operate.html HTTP/1.1" 200 12
124.77.245.69 - - [28/Jun/2023:06:14:39 +0800] "POST /xingrg/kc/base/wldb_order_operate.html HTTP/1.1" 200 2219
116.232.33.0 - - [28/Jun/2023:06:14:41 +0800] "POST /xingrg/services/DataTransmitService HTTP/1.1" 200 524
114.85.113.108 - - [28/Jun/2023:06:14:42 +0800] "GET /xingrg/all/function/internal_message.html?_=1687904077514&CODE_STATE=getMsg HTTP/1.1" 200 27
120.253.135.82 - - [28/Jun/2023:06:14:43 +0800] "POST /xingrg/kc/pszx/mdps_list_operate.html HTTP/1.1" 200 3553
120.253.135.82 - - [28/Jun/2023:06:14:45 +0800] "GET /xingrg/check_reg.html?_=1687903915947 HTTP/1.1" 200 22
124.77.245.69 - - [28/Jun/2023:06:14:45 +0800] "GET /xingrg/kc/base/wldb_order_info.html?code=422023062802343 HTTP/1.1" 200 26267
124.77.245.69 - - [28/Jun/2023:06:14:46 +0800] "GET /xingrg/javascript/easyui/themes/default/validatebox.css HTTP/1.1" 404 1104
120.253.135.82 - - [28/Jun/2023:06:14:46 +0800] "POST /xingrg/kc/pszx/mdps_list_operate.html HTTP/1.1" 200 377
124.77.245.69 - - [28/Jun/2023:06:14:46 +0800] "POST /xingrg/kc/base/wldb_order_operate.html HTTP/1.1" 200 513
120.253.135.82 - - [28/Jun/2023:06:14:48 +0800] "POST /xingrg/kc/pszx/mdps_list_operate.html HTTP/1.1" 200 212
124.77.245.69 - - [28/Jun/2023:06:14:48 +0800] "GET /xingrg/kc/base/wldb_order_add.html HTTP/1.1" 200 30387
124.77.245.69 - - [28/Jun/2023:06:14:49 +0800] "POST /xingrg/kc/base/wldb_order_operate.html HTTP/1.1" 200 6806
120.253.135.82 - - [28/Jun/2023:06:14:49 +0800] "POST /xingrg/kc/pszx/mdps_list_operate.html HTTP/1.1" 200 204
124.77.245.69 - - [28/Jun/2023:06:14:49 +0800] "GET /xingrg/javascript/easyui/themes/default/validatebox.css HTTP/1.1" 404 1104
124.77.245.69 - - [28/Jun/2023:06:15:01 +0800] "GET /xingrg/check_reg.html?_=1687904110377 HTTP/1.1" 200 22
124.77.245.69 - - [28/Jun/2023:06:15:01 +0800] "GET /xingrg/all/function/internal_message.html?_=1687904110779&CODE_STATE=getMsg HTTP/1.1" 200 27
120.253.135.82 - - [28/Jun/2023:06:15:06 +0800] "GET /xingrg/all/function/internal_message.html?_=1687903937271&CODE_STATE=getMsg HTTP/1.1" 200 27
120.253.135.82 - - [28/Jun/2023:06:15:09 +0800] "GET /xingrg/kc/pszx/mdqp_order_list.html?state=10 HTTP/1.1" 200 15187
120.253.135.82 - - [28/Jun/2023:06:15:09 +0800] "GET /xingrg/dwr/interface/AjaxQqpsService.js HTTP/1.1" 200 16326
120.253.135.82 - - [28/Jun/2023:06:15:09 +0800] "GET /xingrg/dwr/interface/AjaxReportQueryService.js HTTP/1.1" 200 13203
120.253.135.82 - - [28/Jun/2023:06:15:09 +0800] "GET /xingrg/dwr/engine.js HTTP/1.1" 200 43631
124.77.245.69 - - [28/Jun/2023:06:15:14 +0800] "POST /xingrg/kc/base/wldb_order_operate.html HTTP/1.1" 200 37
120.253.135.82 - - [28/Jun/2023:06:15:18 +0800] "GET /xingrg/kc/pszx/jzcl_ps.html HTTP/1.1" 200 7683
120.253.135.82 - - [28/Jun/2023:06:15:19 +0800] "POST /xingrg/all/common/load_tree.html?tree=area_rest_tree_json HTTP/1.1" 200 3499
120.253.135.82 - - [28/Jun/2023:06:15:19 +0800] "POST /xingrg/kc/pszx/jzcl_ps_operate.html HTTP/1.1" 200 5256
120.253.135.82 - - [28/Jun/2023:06:15:19 +0800] "POST /xingrg/kc/pszx/jzcl_ps_operate.html HTTP/1.1" 200 5256
124.77.245.69 - - [28/Jun/2023:06:15:21 +0800] "POST /xingrg/kc/base/wldb_order_operate.html HTTP/1.1" 200 12
124.77.245.69 - - [28/Jun/2023:06:15:21 +0800] "POST /xingrg/kc/base/wldb_order_operate.html HTTP/1.1" 200 2213
124.77.245.69 - - [28/Jun/2023:06:15:24 +0800] "GET /xingrg/kc/base/wldb_order_info.html?code=422023062802344 HTTP/1.1" 200 26266
124.77.245.69 - - [28/Jun/2023:06:15:25 +0800] "POST /xingrg/kc/base/wldb_order_operate.html HTTP/1.1" 200 508
124.77.245.69 - - [28/Jun/2023:06:15:25 +0800] "GET /xingrg/javascript/easyui/themes/default/validatebox.css HTTP/1.1" 404 1104
222.70.180.90 - - [28/Jun/2023:06:15:29 +0800] "GET /xingrg/all/function/internal_message.html?_=1687904127572&CODE_STATE=getMsg HTTP/1.1" 200 27
114.85.113.108 - - [28/Jun/2023:06:15:42 +0800] "GET /xingrg/all/function/internal_message.html?_=1687904137501&CODE_STATE=getMsg HTTP/1.1" 200 27
120.253.135.82 - - [28/Jun/2023:06:15:43 +0800] "POST /xingrg/kc/pszx/jzcl_ps_operate.html HTTP/1.1" 200 4
120.253.135.82 - - [28/Jun/2023:06:15:51 +0800] "GET /xingrg/kc/pszx/mdps_order_list.html HTTP/1.1" 200 21032
120.253.135.82 - - [28/Jun/2023:06:15:51 +0800] "POST /xingrg/kc/pszx/jzcl_ps_operate.html HTTP/1.1" 200 3987
120.253.135.82 - - [28/Jun/2023:06:15:51 +0800] "POST /xingrg/kc/pszx/mdps_list_operate.html HTTP/1.1" 200 5292
114.85.113.108 - - [28/Jun/2023:06:15:54 +0800] "GET /xingrg/check_reg.html?_=1687904148746 HTTP/1.1" 200 22
120.253.135.82 - - [28/Jun/2023:06:16:01 +0800] "POST /xingrg/kc/pszx/mdps_list_operate.html HTTP/1.1" 200 4663
124.77.245.69 - - [28/Jun/2023:06:16:01 +0800] "GET /xingrg/all/function/internal_message.html?_=1687904170792&CODE_STATE=getMsg HTTP/1.1" 200 27
120.253.135.82 - - [28/Jun/2023:06:16:05 +0800] "POST /xingrg/kc/pszx/mdps_list_operate.html HTTP/1.1" 200 205
120.253.135.82 - - [28/Jun/2023:06:16:06 +0800] "GET /xingrg/all/function/internal_message.html?_=1687903997341&CODE_STATE=getMsg HTTP/1.1" 200 27
120.253.135.82 - - [28/Jun/2023:06:16:06 +0800] "POST /xingrg/kc/pszx/mdps_list_operate.html HTTP/1.1" 200 379
120.253.135.82 - - [28/Jun/2023:06:16:09 +0800] "POST /xingrg/kc/pszx/mdps_list_operate.html HTTP/1.1" 200 203
120.253.135.82 - - [28/Jun/2023:06:16:11 +0800] "POST /xingrg/kc/pszx/mdps_list_operate.html HTTP/1.1" 200 536
120.253.135.82 - - [28/Jun/2023:06:16:12 +0800] "POST /xingrg/kc/pszx/mdps_list_operate.html HTTP/1.1" 200 542
120.253.135.82 - - [28/Jun/2023:06:16:13 +0800] "POST /xingrg/kc/pszx/mdps_list_operate.html HTTP/1.1" 200 660
120.253.135.82 - - [28/Jun/2023:06:16:25 +0800] "POST /xingrg/kc/pszx/mdps_list_operate.html HTTP/1.1" 200 290
120.253.135.82 - - [28/Jun/2023:06:16:26 +0800] "GET /xingrg/kc/pszx/mdps_order_info.html?code=312023062800539 HTTP/1.1" 200 23978
120.253.135.82 - - [28/Jun/2023:06:16:27 +0800] "GET /xingrg/javascript/easyui/themes/default/validatebox.css HTTP/1.1" 404 1104
120.253.135.82 - - [28/Jun/2023:06:16:27 +0800] "POST /xingrg/kc/pszx/mdps_order_operate.html HTTP/1.1" 200 2784
222.70.180.90 - - [28/Jun/2023:06:16:29 +0800] "GET /xingrg/all/function/internal_message.html?_=1687904187574&CODE_STATE=getMsg HTTP/1.1" 200 27
222.70.180.90 - - [28/Jun/2023:06:16:29 +0800] "GET /xingrg/check_reg.html?_=1687904187572 HTTP/1.1" 200 22
114.85.113.108 - - [28/Jun/2023:06:16:42 +0800] "GET /xingrg/all/function/internal_message.html?_=1687904197478&CODE_STATE=getMsg HTTP/1.1" 200 27
120.253.135.82 - - [28/Jun/2023:06:17:00 +0800] "POST /xingrg/kc/pszx/mdps_order_operate.html HTTP/1.1" 200 37
120.253.135.82 - - [28/Jun/2023:06:17:01 +0800] "GET /xingrg/kc/pszx/mdps_order_info.html?code=312023062800539 HTTP/1.1" 200 23978
124.77.245.69 - - [28/Jun/2023:06:17:01 +0800] "GET /xingrg/all/function/internal_message.html?_=1687904230805&CODE_STATE=getMsg HTTP/1.1" 200 27
120.253.135.82 - - [28/Jun/2023:06:17:02 +0800] "GET /xingrg/javascript/easyui/themes/default/validatebox.css HTTP/1.1" 404 1104
120.253.135.82 - - [28/Jun/2023:06:17:02 +0800] "POST /xingrg/kc/pszx/mdps_order_operate.html HTTP/1.1" 200 2799
120.253.135.82 - - [28/Jun/2023:06:17:06 +0800] "POST /xingrg/kc/pszx/mdps_list_operate.html HTTP/1.1" 200 587
120.253.135.82 - - [28/Jun/2023:06:17:06 +0800] "GET /xingrg/all/function/internal_message.html?_=1687904057345&CODE_STATE=getMsg HTTP/1.1" 200 27
120.253.135.82 - - [28/Jun/2023:06:17:09 +0800] "GET /xingrg/kc/pszx/mdps_order_info.html?code=312023062800540 HTTP/1.1" 200 23978
120.253.135.82 - - [28/Jun/2023:06:17:10 +0800] "GET /xingrg/javascript/easyui/themes/default/validatebox.css HTTP/1.1" 404 1104
120.253.135.82 - - [28/Jun/2023:06:17:10 +0800] "POST /xingrg/kc/pszx/mdps_order_operate.html HTTP/1.1" 200 6685
120.253.135.82 - - [28/Jun/2023:06:17:15 +0800] "POST /xingrg/kc/pszx/mdps_order_operate.html HTTP/1.1" 200 37
120.253.135.82 - - [28/Jun/2023:06:17:16 +0800] "GET /xingrg/kc/pszx/mdps_order_info.html?code=312023062800540 HTTP/1.1" 200 23978
120.253.135.82 - - [28/Jun/2023:06:17:17 +0800] "GET /xingrg/javascript/easyui/themes/default/validatebox.css HTTP/1.1" 404 1104
120.253.135.82 - - [28/Jun/2023:06:17:17 +0800] "POST /xingrg/kc/pszx/mdps_order_operate.html HTTP/1.1" 200 6761
222.70.180.90 - - [28/Jun/2023:06:17:29 +0800] "GET /xingrg/all/function/internal_message.html?_=1687904247573&CODE_STATE=getMsg HTTP/1.1" 200 27
120.253.135.82 - - [28/Jun/2023:06:17:31 +0800] "POST /xingrg/kc/pszx/mdps_list_operate.html HTTP/1.1" 200 4663
120.253.135.82 - - [28/Jun/2023:06:17:33 +0800] "POST /xingrg/kc/pszx/mdps_list_operate.html HTTP/1.1" 200 598
120.253.135.82 - - [28/Jun/2023:06:17:35 +0800] "POST /xingrg/kc/pszx/mdps_list_operate.html HTTP/1.1" 200 587
120.253.135.82 - - [28/Jun/2023:06:17:37 +0800] "POST /xingrg/kc/pszx/mdps_list_operate.html HTTP/1.1" 200 290
120.253.135.82 - - [28/Jun/2023:06:17:39 +0800] "POST /xingrg/kc/pszx/mdps_list_operate.html HTTP/1.1" 200 205
114.85.113.108 - - [28/Jun/2023:06:17:42 +0800] "GET /xingrg/all/function/internal_message.html?_=1687904257449&CODE_STATE=getMsg HTTP/1.1" 200 27
124.77.245.69 - - [28/Jun/2023:06:18:02 +0800] "GET /xingrg/all/function/internal_message.html?_=1687904291003&CODE_STATE=getMsg HTTP/1.1" 200 27
120.253.135.82 - - [28/Jun/2023:06:18:06 +0800] "GET /xingrg/all/function/internal_message.html?_=1687904117414&CODE_STATE=getMsg HTTP/1.1" 200 27
120.253.135.82 - - [28/Jun/2023:06:18:16 +0800] "GET /xingrg/kc/pszx/mdps_order_info.html?code=312023062800539 HTTP/1.1" 200 23978
120.253.135.82 - - [28/Jun/2023:06:18:17 +0800] "GET /xingrg/javascript/easyui/themes/default/validatebox.css HTTP/1.1" 404 1104
120.253.135.82 - - [28/Jun/2023:06:18:17 +0800] "POST /xingrg/kc/pszx/mdps_order_operate.html HTTP/1.1" 200 2799
120.253.135.82 - - [28/Jun/2023:06:18:18 +0800] "POST /xingrg/kc/pszx/mdps_list_operate.html HTTP/1.1" 200 4663
120.253.135.82 - - [28/Jun/2023:06:18:20 +0800] "POST /xingrg/kc/pszx/mdps_list_operate.html HTTP/1.1" 200 290
120.253.135.82 - - [28/Jun/2023:06:18:20 +0800] "GET /xingrg/kc/pszx/mdps_order_info.html?code=312023062800539 HTTP/1.1" 200 23978
120.253.135.82 - - [28/Jun/2023:06:18:21 +0800] "GET /xingrg/javascript/easyui/themes/default/validatebox.css HTTP/1.1" 404 1104
120.253.135.82 - - [28/Jun/2023:06:18:21 +0800] "POST /xingrg/kc/pszx/mdps_order_operate.html HTTP/1.1" 200 2799
120.253.135.82 - - [28/Jun/2023:06:18:24 +0800] "POST /xingrg/kc/pszx/mdps_list_operate.html HTTP/1.1" 200 4663
120.253.135.82 - - [28/Jun/2023:06:18:26 +0800] "POST /xingrg/kc/pszx/mdps_list_operate.html HTTP/1.1" 200 587
120.253.135.82 - - [28/Jun/2023:06:18:27 +0800] "GET /xingrg/kc/pszx/mdps_order_info.html?code=312023062800540 HTTP/1.1" 200 23978
120.253.135.82 - - [28/Jun/2023:06:18:28 +0800] "GET /xingrg/javascript/easyui/themes/default/validatebox.css HTTP/1.1" 404 1104
120.253.135.82 - - [28/Jun/2023:06:18:28 +0800] "POST /xingrg/kc/pszx/mdps_order_operate.html HTTP/1.1" 200 6761
222.70.180.90 - - [28/Jun/2023:06:18:29 +0800] "GET /xingrg/all/function/internal_message.html?_=1687904307572&CODE_STATE=getMsg HTTP/1.1" 200 27
114.85.113.108 - - [28/Jun/2023:06:18:42 +0800] "GET /xingrg/all/function/internal_message.html?_=1687904317430&CODE_STATE=getMsg HTTP/1.1" 200 27
124.77.245.69 - - [28/Jun/2023:06:19:02 +0800] "GET /xingrg/all/function/internal_message.html?_=1687904351004&CODE_STATE=getMsg HTTP/1.1" 200 27
120.253.135.82 - - [28/Jun/2023:06:19:06 +0800] "GET /xingrg/all/function/internal_message.html?_=1687904177418&CODE_STATE=getMsg HTTP/1.1" 200 27
120.253.135.82 - - [28/Jun/2023:06:19:22 +0800] "POST /xingrg/kc/pszx/mdps_list_operate.html HTTP/1.1" 200 4663
120.253.135.82 - - [28/Jun/2023:06:19:25 +0800] "POST /xingrg/kc/pszx/mdps_list_operate.html HTTP/1.1" 200 598
120.253.135.82 - - [28/Jun/2023:06:19:26 +0800] "GET /xingrg/kc/pszx/mdps_order_info.html?code=312023062800541 HTTP/1.1" 200 23978
120.253.135.82 - - [28/Jun/2023:06:19:27 +0800] "GET /xingrg/javascript/easyui/themes/default/validatebox.css HTTP/1.1" 404 1104
120.253.135.82 - - [28/Jun/2023:06:19:27 +0800] "POST /xingrg/kc/pszx/mdps_order_operate.html HTTP/1.1" 200 5727
222.70.180.90 - - [28/Jun/2023:06:19:29 +0800] "GET /xingrg/all/function/internal_message.html?_=1687904367572&CODE_STATE=getMsg HTTP/1.1" 200 27
120.253.135.82 - - [28/Jun/2023:06:19:30 +0800] "POST /xingrg/kc/pszx/mdps_order_operate.html HTTP/1.1" 200 37
120.253.135.82 - - [28/Jun/2023:06:19:31 +0800] "GET /xingrg/kc/pszx/mdps_order_info.html?code=312023062800541 HTTP/1.1" 200 23978
120.253.135.82 - - [28/Jun/2023:06:19:32 +0800] "GET /xingrg/javascript/easyui/themes/default/validatebox.css HTTP/1.1" 404 1104
120.253.135.82 - - [28/Jun/2023:06:19:32 +0800] "POST /xingrg/kc/pszx/mdps_order_operate.html HTTP/1.1" 200 5787
114.85.113.108 - - [28/Jun/2023:06:19:42 +0800] "GET /xingrg/all/function/internal_message.html?_=1687904377407&CODE_STATE=getMsg HTTP/1.1" 200 27
120.253.135.82 - - [28/Jun/2023:06:19:45 +0800] "GET /xingrg/check_reg.html?_=1687904216004 HTTP/1.1" 200 22
124.77.245.69 - - [28/Jun/2023:06:20:01 +0800] "GET /xingrg/check_reg.html?_=1687904410561 HTTP/1.1" 200 22
124.77.245.69 - - [28/Jun/2023:06:20:02 +0800] "GET /xingrg/all/function/internal_message.html?_=1687904411018&CODE_STATE=getMsg HTTP/1.1" 200 27
120.253.135.82 - - [28/Jun/2023:06:20:06 +0800] "GET /xingrg/all/function/internal_message.html?_=1687904237433&CODE_STATE=getMsg HTTP/1.1" 200 27
222.70.180.90 - - [28/Jun/2023:06:20:29 +0800] "GET /xingrg/all/function/internal_message.html?_=1687904427572&CODE_STATE=getMsg HTTP/1.1" 200 27
114.85.113.108 - - [28/Jun/2023:06:20:42 +0800] "GET /xingrg/all/function/internal_message.html?_=1687904437379&CODE_STATE=getMsg HTTP/1.1" 200 27
120.253.135.82 - - [28/Jun/2023:06:20:44 +0800] "GET /xingrg/kc/pszx/mdps_order_operate.html?command=get_materiel&pszx_code=00101&rest_code=00149&base_code=0010246&code=00101019521 HTTP/1.1" 200 418
114.85.113.108 - - [28/Jun/2023:06:20:53 +0800] "GET /xingrg/check_reg.html?_=1687904448745 HTTP/1.1" 200 22
124.77.245.69 - - [28/Jun/2023:06:21:02 +0800] "GET /xingrg/all/function/internal_message.html?_=1687904471031&CODE_STATE=getMsg HTTP/1.1" 200 27
120.253.135.82 - - [28/Jun/2023:06:21:06 +0800] "GET /xingrg/all/function/internal_message.html?_=1687904297446&CODE_STATE=getMsg HTTP/1.1" 200 27
120.253.135.82 - - [28/Jun/2023:06:21:21 +0800] "POST /xingrg/kc/pszx/mdps_order_operate.html HTTP/1.1" 200 37
120.253.135.82 - - [28/Jun/2023:06:21:22 +0800] "GET /xingrg/kc/pszx/mdps_order_info.html?code=312023062800541 HTTP/1.1" 200 23978
120.253.135.82 - - [28/Jun/2023:06:21:23 +0800] "GET /xingrg/javascript/easyui/themes/default/validatebox.css HTTP/1.1" 404 1104
120.253.135.82 - - [28/Jun/2023:06:21:23 +0800] "POST /xingrg/kc/pszx/mdps_order_operate.html HTTP/1.1" 200 5785
120.253.135.82 - - [28/Jun/2023:06:21:26 +0800] "POST /xingrg/kc/pszx/mdps_list_operate.html HTTP/1.1" 200 4663
120.253.135.82 - - [28/Jun/2023:06:21:27 +0800] "POST /xingrg/kc/pszx/mdps_list_operate.html HTTP/1.1" 200 587
120.253.135.82 - - [28/Jun/2023:06:21:28 +0800] "GET /xingrg/kc/pszx/mdps_order_info.html?code=312023062800540 HTTP/1.1" 200 23978
222.70.180.90 - - [28/Jun/2023:06:21:29 +0800] "GET /xingrg/check_reg.html?_=1687904487598 HTTP/1.1" 200 22
222.70.180.90 - - [28/Jun/2023:06:21:29 +0800] "GET /xingrg/all/function/internal_message.html?_=1687904487600&CODE_STATE=getMsg HTTP/1.1" 200 27
120.253.135.82 - - [28/Jun/2023:06:21:29 +0800] "GET /xingrg/javascript/easyui/themes/default/validatebox.css HTTP/1.1" 404 1104
120.253.135.82 - - [28/Jun/2023:06:21:29 +0800] "POST /xingrg/kc/pszx/mdps_order_operate.html HTTP/1.1" 200 6761
120.253.135.82 - - [28/Jun/2023:06:21:36 +0800] "GET /xingrg/kc/pszx/mdps_order_operate.html?command=get_materiel&pszx_code=00101&rest_code=00149&base_code=0010246&code=00101019401 HTTP/1.1" 200 461
120.253.135.82 - - [28/Jun/2023:06:21:42 +0800] "POST /xingrg/kc/pszx/mdps_order_operate.html HTTP/1.1" 200 37
114.85.113.108 - - [28/Jun/2023:06:21:42 +0800] "GET /xingrg/all/function/internal_message.html?_=1687904497357&CODE_STATE=getMsg HTTP/1.1" 200 27
120.253.135.82 - - [28/Jun/2023:06:21:43 +0800] "GET /xingrg/kc/pszx/mdps_order_info.html?code=312023062800540 HTTP/1.1" 200 23978
120.253.135.82 - - [28/Jun/2023:06:21:43 +0800] "GET /xingrg/javascript/easyui/themes/default/validatebox.css HTTP/1.1" 404 1104
120.253.135.82 - - [28/Jun/2023:06:21:44 +0800] "POST /xingrg/kc/pszx/mdps_order_operate.html HTTP/1.1" 200 7281
120.253.135.82 - - [28/Jun/2023:06:21:45 +0800] "POST /xingrg/kc/pszx/mdps_list_operate.html HTTP/1.1" 200 4664
120.253.135.82 - - [28/Jun/2023:06:21:52 +0800] "POST /xingrg/kc/pszx/mdps_list_operate.html HTTP/1.1" 200 587
120.253.135.82 - - [28/Jun/2023:06:21:54 +0800] "POST /xingrg/kc/pszx/mdps_list_operate.html HTTP/1.1" 200 597
120.253.135.82 - - [28/Jun/2023:06:21:58 +0800] "GET /xingrg/kc/pszx/mdps_order_info.html?code=312023062800541 HTTP/1.1" 200 23978
120.253.135.82 - - [28/Jun/2023:06:21:59 +0800] "GET /xingrg/javascript/easyui/themes/default/validatebox.css HTTP/1.1" 404 1104
120.253.135.82 - - [28/Jun/2023:06:21:59 +0800] "POST /xingrg/kc/pszx/mdps_order_operate.html HTTP/1.1" 200 5785
124.77.245.69 - - [28/Jun/2023:06:22:02 +0800] "GET /xingrg/all/function/internal_message.html?_=1687904531046&CODE_STATE=getMsg HTTP/1.1" 200 27
120.253.135.82 - - [28/Jun/2023:06:22:05 +0800] "POST /xingrg/kc/pszx/mdps_list_operate.html HTTP/1.1" 200 4664
120.253.135.82 - - [28/Jun/2023:06:22:07 +0800] "GET /xingrg/all/function/internal_message.html?_=1687904357516&CODE_STATE=getMsg HTTP/1.1" 200 27
120.253.135.82 - - [28/Jun/2023:06:22:07 +0800] "POST /xingrg/kc/pszx/mdps_list_operate.html HTTP/1.1" 200 587
120.253.135.82 - - [28/Jun/2023:06:22:08 +0800] "GET /xingrg/kc/pszx/mdps_order_info.html?code=312023062800540 HTTP/1.1" 200 23978
120.253.135.82 - - [28/Jun/2023:06:22:08 +0800] "GET /xingrg/javascript/easyui/themes/default/validatebox.css HTTP/1.1" 404 1104
120.253.135.82 - - [28/Jun/2023:06:22:08 +0800] "POST /xingrg/kc/pszx/mdps_order_operate.html HTTP/1.1" 200 7281
120.253.135.82 - - [28/Jun/2023:06:22:16 +0800] "GET /xingrg/kc/pszx/mdps_order_operate.html?command=get_materiel&pszx_code=00101&rest_code=00149&base_code=0010246&code=00101013154 HTTP/1.1" 200 446
120.253.135.82 - - [28/Jun/2023:06:22:25 +0800] "GET /xingrg/kc/pszx/mdps_order_operate.html?command=get_materiel&pszx_code=00101&rest_code=00149&base_code=0010246&code=00101016001 HTTP/1.1" 200 459
222.70.180.90 - - [28/Jun/2023:06:22:29 +0800] "GET /xingrg/all/function/internal_message.html?_=1687904547599&CODE_STATE=getMsg HTTP/1.1" 200 27
120.253.135.82 - - [28/Jun/2023:06:22:38 +0800] "GET /xingrg/kc/pszx/mdps_order_operate.html?command=get_materiel&pszx_code=00101&rest_code=00149&base_code=0010246&code=00101016064 HTTP/1.1" 200 457
120.253.135.82 - - [28/Jun/2023:06:22:41 +0800] "POST /xingrg/all/common/load_select.html HTTP/1.1" 200 25
114.85.113.108 - - [28/Jun/2023:06:22:42 +0800] "GET /xingrg/all/function/internal_message.html?_=1687904557357&CODE_STATE=getMsg HTTP/1.1" 200 27
120.253.135.82 - - [28/Jun/2023:06:22:43 +0800] "GET /xingrg/kc/pszx/mdps_order_operate.html?command=get_materiel_price&pszx_code=00101&rest_code=00149&base_code=0010246&code=00101016064&unit_code=00100017&order_time=2023-06-28 HTTP/1.1" 200 33
120.253.135.82 - - [28/Jun/2023:06:22:50 +0800] "POST /xingrg/kc/pszx/mdps_order_operate.html HTTP/1.1" 200 37
120.253.135.82 - - [28/Jun/2023:06:22:51 +0800] "GET /xingrg/kc/pszx/mdps_order_info.html?code=312023062800540 HTTP/1.1" 200 23978
120.253.135.82 - - [28/Jun/2023:06:22:52 +0800] "GET /xingrg/javascript/easyui/themes/default/validatebox.css HTTP/1.1" 404 1104
120.253.135.82 - - [28/Jun/2023:06:22:52 +0800] "POST /xingrg/kc/pszx/mdps_order_operate.html HTTP/1.1" 200 8813
120.253.135.82 - - [28/Jun/2023:06:23:00 +0800] "POST /xingrg/kc/pszx/mdps_order_operate.html HTTP/1.1" 200 37
124.77.245.69 - - [28/Jun/2023:06:23:02 +0800] "GET /xingrg/all/function/internal_message.html?_=1687904591263&CODE_STATE=getMsg HTTP/1.1" 200 27
120.253.135.82 - - [28/Jun/2023:06:23:02 +0800] "GET /xingrg/kc/pszx/mdps_order_info.html?code=312023062800540 HTTP/1.1" 200 23978
120.253.135.82 - - [28/Jun/2023:06:23:03 +0800] "GET /xingrg/javascript/easyui/themes/default/validatebox.css HTTP/1.1" 404 1104
120.253.135.82 - - [28/Jun/2023:06:23:03 +0800] "POST /xingrg/kc/pszx/mdps_order_operate.html HTTP/1.1" 200 8813
120.253.135.82 - - [28/Jun/2023:06:23:04 +0800] "POST /xingrg/kc/pszx/mdps_list_operate.html HTTP/1.1" 200 4665
120.253.135.82 - - [28/Jun/2023:06:23:06 +0800] "POST /xingrg/kc/pszx/mdps_list_operate.html HTTP/1.1" 200 597
120.253.135.82 - - [28/Jun/2023:06:23:07 +0800] "GET /xingrg/all/function/internal_message.html?_=1687904417520&CODE_STATE=getMsg HTTP/1.1" 200 27
120.253.135.82 - - [28/Jun/2023:06:23:07 +0800] "GET /xingrg/kc/pszx/mdps_order_info.html?code=312023062800541 HTTP/1.1" 200 23978
120.253.135.82 - - [28/Jun/2023:06:23:08 +0800] "GET /xingrg/javascript/easyui/themes/default/validatebox.css HTTP/1.1" 404 1104
120.253.135.82 - - [28/Jun/2023:06:23:08 +0800] "POST /xingrg/kc/pszx/mdps_order_operate.html HTTP/1.1" 200 5785
120.253.135.82 - - [28/Jun/2023:06:23:25 +0800] "POST /xingrg/kc/pszx/mdps_order_operate.html HTTP/1.1" 200 37
222.70.180.90 - - [28/Jun/2023:06:23:29 +0800] "GET /xingrg/all/function/internal_message.html?_=1687904607599&CODE_STATE=getMsg HTTP/1.1" 200 27
120.253.135.82 - - [28/Jun/2023:06:23:32 +0800] "GET /xingrg/kc/pszx/mdps_order_info.html?code=312023062800541 HTTP/1.1" 200 23978
120.253.135.82 - - [28/Jun/2023:06:23:32 +0800] "GET /xingrg/javascript/easyui/themes/default/validatebox.css HTTP/1.1" 404 1104
120.253.135.82 - - [28/Jun/2023:06:23:33 +0800] "POST /xingrg/kc/pszx/mdps_order_operate.html HTTP/1.1" 200 3742
114.85.113.108 - - [28/Jun/2023:06:23:42 +0800] "GET /xingrg/all/function/internal_message.html?_=1687904617349&CODE_STATE=getMsg HTTP/1.1" 200 27
120.253.135.82 - - [28/Jun/2023:06:23:43 +0800] "GET /xingrg/kc/pszx/mdps_order_operate.html?command=get_materiel&pszx_code=00101&rest_code=00149&base_code=0010246&code=00101019368 HTTP/1.1" 200 451
120.253.135.82 - - [28/Jun/2023:06:23:45 +0800] "POST /xingrg/all/common/load_select.html HTTP/1.1" 200 25
120.253.135.82 - - [28/Jun/2023:06:23:50 +0800] "GET /xingrg/kc/pszx/mdps_order_operate.html?command=get_materiel_price&pszx_code=00101&rest_code=00149&base_code=0010246&code=00101019368&unit_code=00100074&order_time=2023-06-28 HTTP/1.1" 200 35
124.77.245.69 - - [28/Jun/2023:06:24:02 +0800] "GET /xingrg/all/function/internal_message.html?_=1687904651275&CODE_STATE=getMsg HTTP/1.1" 200 27
120.253.135.82 - - [28/Jun/2023:06:24:05 +0800] "GET /xingrg/kc/pszx/mdps_order_operate.html?command=get_materiel&pszx_code=00101&rest_code=00149&base_code=0010246&code=00101020143 HTTP/1.1" 200 437
120.253.135.82 - - [28/Jun/2023:06:24:07 +0800] "GET /xingrg/all/function/internal_message.html?_=1687904477534&CODE_STATE=getMsg HTTP/1.1" 200 27
120.253.135.82 - - [28/Jun/2023:06:24:16 +0800] "GET /xingrg/kc/pszx/mdps_order_operate.html?command=get_materiel&pszx_code=00101&rest_code=00149&base_code=0010246&code=00101019020 HTTP/1.1" 200 453
120.253.135.82 - - [28/Jun/2023:06:24:22 +0800] "POST /xingrg/kc/pszx/mdps_order_operate.html HTTP/1.1" 200 37
120.253.135.82 - - [28/Jun/2023:06:24:23 +0800] "GET /xingrg/kc/pszx/mdps_order_info.html?code=312023062800541 HTTP/1.1" 200 23978
120.253.135.82 - - [28/Jun/2023:06:24:24 +0800] "GET /xingrg/javascript/easyui/themes/default/validatebox.css HTTP/1.1" 404 1104
120.253.135.82 - - [28/Jun/2023:06:24:24 +0800] "POST /xingrg/kc/pszx/mdps_order_operate.html HTTP/1.1" 200 5250
120.253.135.82 - - [28/Jun/2023:06:24:26 +0800] "POST /xingrg/kc/pszx/mdps_list_operate.html HTTP/1.1" 200 4665
120.253.135.82 - - [28/Jun/2023:06:24:28 +0800] "POST /xingrg/kc/pszx/mdps_list_operate.html HTTP/1.1" 200 587
222.70.180.90 - - [28/Jun/2023:06:24:29 +0800] "GET /xingrg/all/function/internal_message.html?_=1687904667598&CODE_STATE=getMsg HTTP/1.1" 200 27
120.253.135.82 - - [28/Jun/2023:06:24:29 +0800] "GET /xingrg/kc/pszx/mdps_order_info.html?code=312023062800540 HTTP/1.1" 200 23978
120.253.135.82 - - [28/Jun/2023:06:24:29 +0800] "GET /xingrg/javascript/easyui/themes/default/validatebox.css HTTP/1.1" 404 1104
120.253.135.82 - - [28/Jun/2023:06:24:30 +0800] "POST /xingrg/kc/pszx/mdps_order_operate.html HTTP/1.1" 200 8813
114.85.113.108 - - [28/Jun/2023:06:24:42 +0800] "GET /xingrg/all/function/internal_message.html?_=1687904677334&CODE_STATE=getMsg HTTP/1.1" 200 27
120.253.135.82 - - [28/Jun/2023:06:24:45 +0800] "GET /xingrg/check_reg.html?_=1687904516016 HTTP/1.1" 200 22
120.253.135.82 - - [28/Jun/2023:06:24:45 +0800] "POST /xingrg/kc/pszx/mdps_order_operate.html HTTP/1.1" 200 37
120.253.135.82 - - [28/Jun/2023:06:24:48 +0800] "GET /xingrg/kc/pszx/mdps_order_info.html?code=312023062800540 HTTP/1.1" 200 23978
120.253.135.82 - - [28/Jun/2023:06:24:48 +0800] "GET /xingrg/javascript/easyui/themes/default/validatebox.css HTTP/1.1" 404 1104
120.253.135.82 - - [28/Jun/2023:06:24:49 +0800] "POST /xingrg/kc/pszx/mdps_order_operate.html HTTP/1.1" 200 7274
124.77.245.69 - - [28/Jun/2023:06:25:01 +0800] "GET /xingrg/check_reg.html?_=1687904710796 HTTP/1.1" 200 22
124.77.245.69 - - [28/Jun/2023:06:25:02 +0800] "GET /xingrg/all/function/internal_message.html?_=1687904711289&CODE_STATE=getMsg HTTP/1.1" 200 27
120.253.135.82 - - [28/Jun/2023:06:25:07 +0800] "GET /xingrg/all/function/internal_message.html?_=1687904537547&CODE_STATE=getMsg HTTP/1.1" 200 27
120.253.135.82 - - [28/Jun/2023:06:25:17 +0800] "POST /xingrg/kc/pszx/mdps_order_operate.html HTTP/1.1" 200 37
120.253.135.82 - - [28/Jun/2023:06:25:18 +0800] "GET /xingrg/kc/pszx/mdps_order_info.html?code=312023062800540 HTTP/1.1" 200 23978
120.253.135.82 - - [28/Jun/2023:06:25:18 +0800] "GET /xingrg/javascript/easyui/themes/default/validatebox.css HTTP/1.1" 404 1104
120.253.135.82 - - [28/Jun/2023:06:25:19 +0800] "POST /xingrg/kc/pszx/mdps_order_operate.html HTTP/1.1" 200 7274
120.253.135.82 - - [28/Jun/2023:06:25:20 +0800] "POST /xingrg/kc/pszx/mdps_list_operate.html HTTP/1.1" 200 4664
120.253.135.82 - - [28/Jun/2023:06:25:22 +0800] "POST /xingrg/kc/pszx/mdps_list_operate.html HTTP/1.1" 200 290
120.253.135.82 - - [28/Jun/2023:06:25:24 +0800] "POST /xingrg/kc/pszx/mdps_list_operate.html HTTP/1.1" 200 205
120.253.135.82 - - [28/Jun/2023:06:25:27 +0800] "GET /xingrg/kc/pszx/mdps_order_info.html?code=312023062800539 HTTP/1.1" 200 23978
120.253.135.82 - - [28/Jun/2023:06:25:27 +0800] "GET /xingrg/javascript/easyui/themes/default/validatebox.css HTTP/1.1" 404 1104
120.253.135.82 - - [28/Jun/2023:06:25:28 +0800] "POST /xingrg/kc/pszx/mdps_order_operate.html HTTP/1.1" 200 2799
222.70.180.90 - - [28/Jun/2023:06:25:29 +0800] "GET /xingrg/all/function/internal_message.html?_=1687904727598&CODE_STATE=getMsg HTTP/1.1" 200 27
120.253.135.82 - - [28/Jun/2023:06:25:31 +0800] "GET /xingrg/kc/print/load_data.html?order_code=312023062800539&kc_code=mdps&condition= HTTP/1.1" 200 961
120.253.135.82 - - [28/Jun/2023:06:25:36 +0800] "POST /xingrg/kc/pszx/mdps_list_operate.html HTTP/1.1" 200 4664
120.253.135.82 - - [28/Jun/2023:06:25:38 +0800] "POST /xingrg/kc/pszx/mdps_list_operate.html HTTP/1.1" 200 572
114.85.113.108 - - [28/Jun/2023:06:25:42 +0800] "GET /xingrg/all/function/internal_message.html?_=1687904737308&CODE_STATE=getMsg HTTP/1.1" 200 27
120.253.135.82 - - [28/Jun/2023:06:25:43 +0800] "GET /xingrg/kc/pszx/mdps_order_info.html?code=312023062800540 HTTP/1.1" 200 23978
120.253.135.82 - - [28/Jun/2023:06:25:43 +0800] "GET /xingrg/javascript/easyui/themes/default/validatebox.css HTTP/1.1" 404 1104
120.253.135.82 - - [28/Jun/2023:06:25:44 +0800] "POST /xingrg/kc/pszx/mdps_order_operate.html HTTP/1.1" 200 7274
120.253.135.82 - - [28/Jun/2023:06:25:46 +0800] "GET /xingrg/kc/print/load_data.html?order_code=312023062800540&kc_code=mdps&condition= HTTP/1.1" 200 2974
114.85.113.108 - - [28/Jun/2023:06:25:53 +0800] "GET /xingrg/check_reg.html?_=1687904748764 HTTP/1.1" 200 22
124.77.245.69 - - [28/Jun/2023:06:26:02 +0800] "GET /xingrg/all/function/internal_message.html?_=1687904771303&CODE_STATE=getMsg HTTP/1.1" 200 27
120.253.135.82 - - [28/Jun/2023:06:26:07 +0800] "GET /xingrg/all/function/internal_message.html?_=1687904597651&CODE_STATE=getMsg HTTP/1.1" 200 27
222.70.180.90 - - [28/Jun/2023:06:26:29 +0800] "GET /xingrg/check_reg.html?_=1687904787597 HTTP/1.1" 200 22
222.70.180.90 - - [28/Jun/2023:06:26:29 +0800] "GET /xingrg/all/function/internal_message.html?_=1687904787599&CODE_STATE=getMsg HTTP/1.1" 200 27
114.85.113.108 - - [28/Jun/2023:06:26:42 +0800] "GET /xingrg/all/function/internal_message.html?_=1687904797291&CODE_STATE=getMsg HTTP/1.1" 200 27
124.77.245.69 - - [28/Jun/2023:06:27:02 +0800] "GET /xingrg/all/function/internal_message.html?_=1687904831316&CODE_STATE=getMsg HTTP/1.1" 200 27
120.253.135.82 - - [28/Jun/2023:06:27:07 +0800] "GET /xingrg/all/function/internal_message.html?_=1687904657653&CODE_STATE=getMsg HTTP/1.1" 200 27
222.70.180.90 - - [28/Jun/2023:06:27:29 +0800] "GET /xingrg/all/function/internal_message.html?_=1687904847598&CODE_STATE=getMsg HTTP/1.1" 200 27
114.85.113.108 - - [28/Jun/2023:06:27:42 +0800] "GET /xingrg/all/function/internal_message.html?_=1687904857282&CODE_STATE=getMsg HTTP/1.1" 200 27
124.77.245.69 - - [28/Jun/2023:06:28:02 +0800] "GET /xingrg/all/function/internal_message.html?_=1687904891516&CODE_STATE=getMsg HTTP/1.1" 200 27
120.253.135.82 - - [28/Jun/2023:06:28:07 +0800] "GET /xingrg/all/function/internal_message.html?_=1687904717789&CODE_STATE=getMsg HTTP/1.1" 200 27
222.70.180.90 - - [28/Jun/2023:06:28:29 +0800] "GET /xingrg/all/function/internal_message.html?_=1687904907596&CODE_STATE=getMsg HTTP/1.1" 200 27
114.85.113.108 - - [28/Jun/2023:06:28:42 +0800] "GET /xingrg/all/function/internal_message.html?_=1687904917282&CODE_STATE=getMsg HTTP/1.1" 200 27
124.77.245.69 - - [28/Jun/2023:06:29:02 +0800] "GET /xingrg/all/function/internal_message.html?_=1687904951530&CODE_STATE=getMsg HTTP/1.1" 200 27
120.253.135.82 - - [28/Jun/2023:06:29:07 +0800] "GET /xingrg/all/function/internal_message.html?_=1687904777805&CODE_STATE=getMsg HTTP/1.1" 200 27
120.253.135.82 - - [28/Jun/2023:06:29:25 +0800] "POST /xingrg/kc/pszx/mdps_list_operate.html HTTP/1.1" 200 4664
222.70.180.90 - - [28/Jun/2023:06:29:29 +0800] "GET /xingrg/all/function/internal_message.html?_=1687904967596&CODE_STATE=getMsg HTTP/1.1" 200 27
114.85.113.108 - - [28/Jun/2023:06:29:42 +0800] "GET /xingrg/all/function/internal_message.html?_=1687904977269&CODE_STATE=getMsg HTTP/1.1" 200 27
120.253.135.82 - - [28/Jun/2023:06:29:45 +0800] "GET /xingrg/check_reg.html?_=1687904816134 HTTP/1.1" 200 22
124.77.245.69 - - [28/Jun/2023:06:30:01 +0800] "GET /xingrg/check_reg.html?_=1687905010795 HTTP/1.1" 200 22
124.77.245.69 - - [28/Jun/2023:06:30:02 +0800] "GET /xingrg/all/function/internal_message.html?_=1687905011700&CODE_STATE=getMsg HTTP/1.1" 200 27
120.253.135.82 - - [28/Jun/2023:06:30:07 +0800] "GET /xingrg/all/function/internal_message.html?_=1687904837818&CODE_STATE=getMsg HTTP/1.1" 200 27
120.253.135.82 - - [28/Jun/2023:06:30:22 +0800] "GET /xingrg/kc/pszx/mdqp_order_list.html?state=10 HTTP/1.1" 200 13975
120.253.135.82 - - [28/Jun/2023:06:30:22 +0800] "GET /xingrg/dwr/interface/AjaxReportQueryService.js HTTP/1.1" 200 13203
120.253.135.82 - - [28/Jun/2023:06:30:22 +0800] "GET /xingrg/dwr/interface/AjaxQqpsService.js HTTP/1.1" 200 16326
120.253.135.82 - - [28/Jun/2023:06:30:22 +0800] "GET /xingrg/dwr/engine.js HTTP/1.1" 200 43631
120.253.135.82 - - [28/Jun/2023:06:30:25 +0800] "GET /xingrg/kc/pszx/mdqp_order_info.html?code=302023062600425 HTTP/1.1" 200 13363
120.253.135.82 - - [28/Jun/2023:06:30:25 +0800] "GET /xingrg/dwr/interface/AjaxQqpsService.js HTTP/1.1" 200 16326
120.253.135.82 - - [28/Jun/2023:06:30:25 +0800] "GET /xingrg/dwr/interface/AjaxComOrderService.js HTTP/1.1" 200 18264
120.253.135.82 - - [28/Jun/2023:06:30:25 +0800] "GET /xingrg/dwr/engine.js HTTP/1.1" 200 43631
120.253.135.82 - - [28/Jun/2023:06:30:26 +0800] "POST /xingrg/dwr/call/plaincall/AjaxQqpsService.loadMaterielItems.dwr HTTP/1.1" 200 3917
222.70.180.90 - - [28/Jun/2023:06:30:29 +0800] "GET /xingrg/all/function/internal_message.html?_=1687905027597&CODE_STATE=getMsg HTTP/1.1" 200 27
120.253.135.82 - - [28/Jun/2023:06:30:31 +0800] "GET /xingrg/kc/pszx/jzcl_ps.html HTTP/1.1" 200 7683
120.253.135.82 - - [28/Jun/2023:06:30:31 +0800] "POST /xingrg/all/common/load_tree.html?tree=area_rest_tree_json HTTP/1.1" 200 3499
120.253.135.82 - - [28/Jun/2023:06:30:32 +0800] "POST /xingrg/kc/pszx/jzcl_ps_operate.html HTTP/1.1" 200 3987
120.253.135.82 - - [28/Jun/2023:06:30:32 +0800] "POST /xingrg/kc/pszx/jzcl_ps_operate.html HTTP/1.1" 200 3987
114.85.113.108 - - [28/Jun/2023:06:30:42 +0800] "GET /xingrg/all/function/internal_message.html?_=1687905037266&CODE_STATE=getMsg HTTP/1.1" 200 27
114.85.113.108 - - [28/Jun/2023:06:30:53 +0800] "GET /xingrg/check_reg.html?_=1687905048768 HTTP/1.1" 200 22
120.253.135.82 - - [28/Jun/2023:06:30:56 +0800] "POST /xingrg/kc/pszx/jzcl_ps_operate.html HTTP/1.1" 200 4
120.253.135.82 - - [28/Jun/2023:06:30:58 +0800] "GET /xingrg/kc/pszx/mdps_order_list.html HTTP/1.1" 200 21032
120.253.135.82 - - [28/Jun/2023:06:30:59 +0800] "POST /xingrg/kc/pszx/jzcl_ps_operate.html HTTP/1.1" 200 3506
120.253.135.82 - - [28/Jun/2023:06:30:59 +0800] "POST /xingrg/kc/pszx/mdps_list_operate.html HTTP/1.1" 200 5313
124.77.245.69 - - [28/Jun/2023:06:31:02 +0800] "GET /xingrg/all/function/internal_message.html?_=1687905071870&CODE_STATE=getMsg HTTP/1.1" 200 27
120.253.135.82 - - [28/Jun/2023:06:31:07 +0800] "GET /xingrg/all/function/internal_message.html?_=1687904897832&CODE_STATE=getMsg HTTP/1.1" 200 27
120.253.135.82 - - [28/Jun/2023:06:31:09 +0800] "POST /xingrg/kc/pszx/mdps_list_operate.html HTTP/1.1" 200 1714
120.253.135.82 - - [28/Jun/2023:06:31:11 +0800] "POST /xingrg/kc/pszx/mdps_list_operate.html HTTP/1.1" 200 626
120.253.135.82 - - [28/Jun/2023:06:31:12 +0800] "GET /xingrg/kc/pszx/mdps_order_info.html?code=312023062800542 HTTP/1.1" 200 23993
120.253.135.82 - - [28/Jun/2023:06:31:13 +0800] "GET /xingrg/javascript/easyui/themes/default/validatebox.css HTTP/1.1" 404 1104
120.253.135.82 - - [28/Jun/2023:06:31:13 +0800] "POST /xingrg/kc/pszx/mdps_order_operate.html HTTP/1.1" 200 8179
120.253.135.82 - - [28/Jun/2023:06:31:16 +0800] "POST /xingrg/kc/pszx/mdps_order_operate.html HTTP/1.1" 200 37
120.253.135.82 - - [28/Jun/2023:06:31:17 +0800] "GET /xingrg/kc/pszx/mdps_order_info.html?code=312023062800542 HTTP/1.1" 200 23993
120.253.135.82 - - [28/Jun/2023:06:31:18 +0800] "GET /xingrg/javascript/easyui/themes/default/validatebox.css HTTP/1.1" 404 1104
120.253.135.82 - - [28/Jun/2023:06:31:18 +0800] "POST /xingrg/kc/pszx/mdps_order_operate.html HTTP/1.1" 200 8293
120.253.135.82 - - [28/Jun/2023:06:31:25 +0800] "GET /xingrg/kc/pszx/mdps_order_operate.html?command=get_materiel&pszx_code=00101&rest_code=00103&base_code=0010246&code=00101016094 HTTP/1.1" 200 468
120.253.135.82 - - [28/Jun/2023:06:31:27 +0800] "POST /xingrg/all/common/load_select.html HTTP/1.1" 200 25
222.70.180.90 - - [28/Jun/2023:06:31:29 +0800] "GET /xingrg/check_reg.html?_=1687905087596 HTTP/1.1" 200 22
222.70.180.90 - - [28/Jun/2023:06:31:29 +0800] "GET /xingrg/all/function/internal_message.html?_=1687905087598&CODE_STATE=getMsg HTTP/1.1" 200 27
120.253.135.82 - - [28/Jun/2023:06:31:29 +0800] "GET /xingrg/kc/pszx/mdps_order_operate.html?command=get_materiel_price&pszx_code=00101&rest_code=00103&base_code=0010246&code=00101016094&unit_code=00100161&order_time=2023-06-29 HTTP/1.1" 200 36
114.85.113.108 - - [28/Jun/2023:06:31:42 +0800] "GET /xingrg/all/function/internal_message.html?_=1687905097241&CODE_STATE=getMsg HTTP/1.1" 200 27
114.83.219.231 - - [28/Jun/2023:06:31:56 +0800] "POST /xingrg/services/DataTransmitService HTTP/1.1" 200 524
124.77.245.69 - - [28/Jun/2023:06:32:02 +0800] "GET /xingrg/all/function/internal_message.html?_=1687905131884&CODE_STATE=getMsg HTTP/1.1" 200 27
120.253.135.82 - - [28/Jun/2023:06:32:07 +0800] "GET /xingrg/all/function/internal_message.html?_=1687904957845&CODE_STATE=getMsg HTTP/1.1" 200 27
222.70.180.90 - - [28/Jun/2023:06:32:29 +0800] "GET /xingrg/all/function/internal_message.html?_=1687905147598&CODE_STATE=getMsg HTTP/1.1" 200 27
120.253.135.82 - - [28/Jun/2023:06:32:41 +0800] "POST /xingrg/kc/pszx/mdps_order_operate.html HTTP/1.1" 200 37
114.85.113.108 - - [28/Jun/2023:06:32:42 +0800] "GET /xingrg/all/function/internal_message.html?_=1687905157232&CODE_STATE=getMsg HTTP/1.1" 200 27
120.253.135.82 - - [28/Jun/2023:06:32:42 +0800] "GET /xingrg/kc/pszx/mdps_order_info.html?code=312023062800542 HTTP/1.1" 200 23993
120.253.135.82 - - [28/Jun/2023:06:32:43 +0800] "GET /xingrg/javascript/easyui/themes/default/validatebox.css HTTP/1.1" 404 1104
120.253.135.82 - - [28/Jun/2023:06:32:43 +0800] "POST /xingrg/kc/pszx/mdps_order_operate.html HTTP/1.1" 200 8296
124.77.245.69 - - [28/Jun/2023:06:33:03 +0800] "GET /xingrg/all/function/internal_message.html?_=1687905192058&CODE_STATE=getMsg HTTP/1.1" 200 27
120.253.135.82 - - [28/Jun/2023:06:33:07 +0800] "GET /xingrg/all/function/internal_message.html?_=1687905017858&CODE_STATE=getMsg HTTP/1.1" 200 27
222.70.180.90 - - [28/Jun/2023:06:33:15 +0800] "POST /xingrg/services/DataTransmitService HTTP/1.1" 200 524
222.70.180.90 - - [28/Jun/2023:06:33:29 +0800] "GET /xingrg/all/function/internal_message.html?_=1687905207597&CODE_STATE=getMsg HTTP/1.1" 200 27
114.85.113.108 - - [28/Jun/2023:06:33:42 +0800] "GET /xingrg/all/function/internal_message.html?_=1687905217229&CODE_STATE=getMsg HTTP/1.1" 200 27
120.253.135.82 - - [28/Jun/2023:06:33:55 +0800] "POST /xingrg/kc/pszx/mdps_order_operate.html HTTP/1.1" 200 37
120.253.135.82 - - [28/Jun/2023:06:33:56 +0800] "GET /xingrg/kc/pszx/mdps_order_info.html?code=312023062800542 HTTP/1.1" 200 23993
120.253.135.82 - - [28/Jun/2023:06:33:57 +0800] "GET /xingrg/javascript/easyui/themes/default/validatebox.css HTTP/1.1" 404 1104
