116.238.191.126 - - [28/Jun/2023:10:51:49 +0800] "GET /xingrg/check_reg.html?_=1687920629443 HTTP/1.1" 200 22
116.238.191.126 - - [28/Jun/2023:10:51:50 +0800] "GET /xingrg/all/function/internal_message.html?_=1687920630235&CODE_STATE=getMsg HTTP/1.1" 200 27
114.83.219.231 - - [28/Jun/2023:10:51:51 +0800] "GET /xingrg/kc/base/wldb_order_operate.html?command=get_materiel&rest_code=00149&base_code=0010394&code=00101019372 HTTP/1.1" 200 479
61.170.233.201 - - [28/Jun/2023:10:51:56 +0800] "GET /xingrg/all/function/internal_message.html?_=1687920716523&CODE_STATE=getMsg HTTP/1.1" 200 27
114.83.219.231 - - [28/Jun/2023:10:52:01 +0800] "GET /xingrg/kc/base/wldb_order_operate.html?command=get_materiel&rest_code=00149&base_code=0010394&code=00101019063 HTTP/1.1" 200 461
116.232.195.127 - - [28/Jun/2023:10:52:01 +0800] "GET /xingrg/all/function/internal_message.html?_=1687920705411&CODE_STATE=getMsg HTTP/1.1" 200 27
180.165.154.167 - - [28/Jun/2023:10:52:03 +0800] "GET /xingrg/all/function/internal_message.html?_=1687920723372&CODE_STATE=getMsg HTTP/1.1" 200 27
116.238.96.78 - - [28/Jun/2023:10:52:06 +0800] "GET /xingrg/kc/base/wldb_order_operate.html?command=get_materiel&rest_code=00102&base_code=0010476&code=00101019438 HTTP/1.1" 200 462
114.83.219.231 - - [28/Jun/2023:10:52:09 +0800] "GET /xingrg/kc/base/wldb_order_operate.html?command=get_materiel&rest_code=00149&base_code=0010394&code=00101019071 HTTP/1.1" 200 471
114.83.219.231 - - [28/Jun/2023:10:52:16 +0800] "GET /xingrg/kc/base/wldb_order_operate.html?command=get_materiel&rest_code=00149&base_code=0010394&code=00101019376 HTTP/1.1" 200 476
222.67.234.146 - - [28/Jun/2023:10:52:17 +0800] "GET /xingrg/all/function/internal_message.html?_=1687920225115&CODE_STATE=getMsg HTTP/1.1" 200 27
116.238.96.78 - - [28/Jun/2023:10:52:19 +0800] "GET /xingrg/kc/base/wldb_order_operate.html?command=get_materiel&rest_code=00102&base_code=0010476&code=00101019527 HTTP/1.1" 200 474
101.83.145.52 - - [28/Jun/2023:10:52:22 +0800] "POST /xingrg/kc/base/wldb_order_operate.html HTTP/1.1" 200 37
61.170.233.201 - - [28/Jun/2023:10:52:22 +0800] "GET /xingrg/all/function/internal_message.html?_=1687920740400&CODE_STATE=getMsg HTTP/1.1" 200 27
114.83.219.231 - - [28/Jun/2023:10:52:22 +0800] "GET /xingrg/all/function/internal_message.html?_=1687920742047&CODE_STATE=getMsg HTTP/1.1" 200 27
114.83.219.231 - - [28/Jun/2023:10:52:22 +0800] "GET /xingrg/kc/base/wldb_order_operate.html?command=get_materiel&rest_code=00149&base_code=0010394&code=00101019637 HTTP/1.1" 200 448
116.235.240.62 - - [28/Jun/2023:10:52:22 +0800] "GET /xingrg/all/function/internal_message.html?_=1687920752544&CODE_STATE=getMsg HTTP/1.1" 200 27
101.83.145.52 - - [28/Jun/2023:10:52:23 +0800] "POST /xingrg/kc/base/wldb_order_operate.html HTTP/1.1" 200 3189
101.83.145.52 - - [28/Jun/2023:10:52:25 +0800] "GET /xingrg/kc/base/wldb_order_info.html?code=422023062802362 HTTP/1.1" 200 30395
101.83.145.52 - - [28/Jun/2023:10:52:26 +0800] "GET /xingrg/words/20230628102723_words.js HTTP/1.1" 304 -
101.83.145.52 - - [28/Jun/2023:10:52:26 +0800] "GET /xingrg/javascript/easyui/themes/default/validatebox.css HTTP/1.1" 404 1104
101.83.145.52 - - [28/Jun/2023:10:52:27 +0800] "POST /xingrg/kc/base/wldb_order_operate.html HTTP/1.1" 200 3189
101.83.145.52 - - [28/Jun/2023:10:52:27 +0800] "GET /xingrg/all/function/internal_message.html?_=1687920568288&CODE_STATE=getMsg HTTP/1.1" 200 27
120.253.135.82 - - [28/Jun/2023:10:52:27 +0800] "GET /xingrg/all/function/internal_message.html?_=1687920578043&CODE_STATE=getMsg HTTP/1.1" 200 27
116.238.96.78 - - [28/Jun/2023:10:52:28 +0800] "GET /xingrg/all/function/internal_message.html?_=1687920749302&CODE_STATE=getMsg HTTP/1.1" 200 27
116.238.96.78 - - [28/Jun/2023:10:52:29 +0800] "GET /xingrg/check_reg.html?_=1687920750065 HTTP/1.1" 200 22
114.83.219.231 - - [28/Jun/2023:10:52:29 +0800] "GET /xingrg/kc/base/wldb_order_operate.html?command=get_materiel&rest_code=00149&base_code=0010394&code=00101019066 HTTP/1.1" 200 455
222.70.114.12 - - [28/Jun/2023:10:52:34 +0800] "GET /xingrg/all/function/internal_message.html?_=1687920758664&CODE_STATE=getMsg HTTP/1.1" 200 27
114.85.113.108 - - [28/Jun/2023:10:52:37 +0800] "GET /xingrg/all/function/internal_message.html?_=1687920752780&CODE_STATE=getMsg HTTP/1.1" 200 27
114.83.219.231 - - [28/Jun/2023:10:52:38 +0800] "GET /xingrg/kc/base/wldb_order_operate.html?command=get_materiel&rest_code=00149&base_code=0010394&code=00101016086 HTTP/1.1" 200 468
180.169.147.146 - - [28/Jun/2023:10:52:39 +0800] "GET /xingrg/all/function/internal_message.html?_=1687920758055&CODE_STATE=getMsg HTTP/1.1" 200 27
101.83.241.57 - - [28/Jun/2023:10:52:43 +0800] "GET /xingrg/all/function/internal_message.html?_=1687920877024&CODE_STATE=getMsg HTTP/1.1" 200 27
180.157.251.128 - - [28/Jun/2023:10:52:47 +0800] "GET /xingrg/all/function/internal_message.html?_=1687920768213&CODE_STATE=getMsg HTTP/1.1" 200 27
120.253.135.82 - - [28/Jun/2023:10:52:48 +0800] "GET /xingrg/check_reg.html?_=1687920598990 HTTP/1.1" 200 22
120.253.135.82 - - [28/Jun/2023:10:52:49 +0800] "GET /xingrg/all/function/internal_message.html?_=1687920599353&CODE_STATE=getMsg HTTP/1.1" 200 27
116.238.191.126 - - [28/Jun/2023:10:52:50 +0800] "GET /xingrg/all/function/internal_message.html?_=1687920690248&CODE_STATE=getMsg HTTP/1.1" 200 27
114.83.219.231 - - [28/Jun/2023:10:52:52 +0800] "GET /xingrg/kc/base/wldb_order_operate.html?command=get_materiel&rest_code=00149&base_code=0010394&code=00101019187 HTTP/1.1" 200 479
61.170.233.201 - - [28/Jun/2023:10:52:56 +0800] "GET /xingrg/all/function/internal_message.html?_=1687920776549&CODE_STATE=getMsg HTTP/1.1" 200 27
180.157.251.128 - - [28/Jun/2023:10:52:58 +0800] "GET /xingrg/kc/buy/cgsh_order_operate.html?command=get_materiel&rest_code=00148&code=00101008261&supplier_code=00100008&order_time=2023-06-28 HTTP/1.1" 200 408
116.238.96.78 - - [28/Jun/2023:10:52:58 +0800] "POST /xingrg/kc/base/wldb_order_operate.html HTTP/1.1" 200 37
116.232.195.127 - - [28/Jun/2023:10:53:01 +0800] "GET /xingrg/all/function/internal_message.html?_=1687920765383&CODE_STATE=getMsg HTTP/1.1" 200 27
180.165.154.167 - - [28/Jun/2023:10:53:03 +0800] "GET /xingrg/check_reg.html?_=1687920783363 HTTP/1.1" 200 22
180.165.154.167 - - [28/Jun/2023:10:53:03 +0800] "GET /xingrg/all/function/internal_message.html?_=1687920783365&CODE_STATE=getMsg HTTP/1.1" 200 27
180.157.251.128 - - [28/Jun/2023:10:53:13 +0800] "GET /xingrg/kc/buy/cgsh_order_operate.html?command=get_materiel&rest_code=00148&code=00101008302&supplier_code=00100008&order_time=2023-06-28 HTTP/1.1" 200 412
222.67.234.146 - - [28/Jun/2023:10:53:17 +0800] "GET /xingrg/all/function/internal_message.html?_=1687920285114&CODE_STATE=getMsg HTTP/1.1" 200 27
101.83.145.52 - - [28/Jun/2023:10:53:19 +0800] "GET /xingrg/kc/base/wldb_order_add.html HTTP/1.1" 200 30381
101.83.145.52 - - [28/Jun/2023:10:53:19 +0800] "POST /xingrg/kc/base/wldb_order_operate.html HTTP/1.1" 200 6806
101.83.145.52 - - [28/Jun/2023:10:53:19 +0800] "GET /xingrg/javascript/easyui/themes/default/validatebox.css HTTP/1.1" 404 1104
116.238.96.78 - - [28/Jun/2023:10:53:21 +0800] "POST /xingrg/kc/base/wldb_order_operate.html HTTP/1.1" 200 2086
114.83.219.231 - - [28/Jun/2023:10:53:22 +0800] "POST /xingrg/kc/base/wldb_order_operate.html HTTP/1.1" 200 37
61.170.233.201 - - [28/Jun/2023:10:53:22 +0800] "GET /xingrg/all/function/internal_message.html?_=1687920800378&CODE_STATE=getMsg HTTP/1.1" 200 27
114.83.219.231 - - [28/Jun/2023:10:53:22 +0800] "GET /xingrg/all/function/internal_message.html?_=1687920802046&CODE_STATE=getMsg HTTP/1.1" 200 27
114.83.219.231 - - [28/Jun/2023:10:53:22 +0800] "GET /xingrg/check_reg.html?_=1687920802043 HTTP/1.1" 200 22
61.170.233.201 - - [28/Jun/2023:10:53:22 +0800] "GET /xingrg/check_reg.html?_=1687920800881 HTTP/1.1" 200 22
116.235.240.62 - - [28/Jun/2023:10:53:23 +0800] "GET /xingrg/all/function/internal_message.html?_=1687920812754&CODE_STATE=getMsg HTTP/1.1" 200 27
116.238.96.78 - - [28/Jun/2023:10:53:26 +0800] "POST /xingrg/kc/base/wldb_order_operate.html HTTP/1.1" 200 12
114.83.219.231 - - [28/Jun/2023:10:53:26 +0800] "POST /xingrg/kc/base/wldb_order_operate.html HTTP/1.1" 200 6702
101.83.145.52 - - [28/Jun/2023:10:53:27 +0800] "GET /xingrg/all/function/internal_message.html?_=1687920628258&CODE_STATE=getMsg HTTP/1.1" 200 27
120.253.135.82 - - [28/Jun/2023:10:53:27 +0800] "GET /xingrg/check_reg.html?_=1687920637807 HTTP/1.1" 200 22
120.253.135.82 - - [28/Jun/2023:10:53:27 +0800] "GET /xingrg/all/function/internal_message.html?_=1687920638057&CODE_STATE=getMsg HTTP/1.1" 200 27
116.238.96.78 - - [28/Jun/2023:10:53:28 +0800] "GET /xingrg/all/function/internal_message.html?_=1687920809296&CODE_STATE=getMsg HTTP/1.1" 200 27
222.70.114.12 - - [28/Jun/2023:10:53:34 +0800] "GET /xingrg/all/function/internal_message.html?_=1687920818662&CODE_STATE=getMsg HTTP/1.1" 200 27
114.85.113.108 - - [28/Jun/2023:10:53:37 +0800] "GET /xingrg/all/function/internal_message.html?_=1687920812765&CODE_STATE=getMsg HTTP/1.1" 200 27
114.83.219.231 - - [28/Jun/2023:10:53:39 +0800] "POST /xingrg/kc/base/wldb_order_operate.html HTTP/1.1" 200 12
116.238.96.78 - - [28/Jun/2023:10:53:39 +0800] "GET /xingrg/kc/base/wldb_order_info.html?code=422023062802363 HTTP/1.1" 200 26254
180.169.147.146 - - [28/Jun/2023:10:53:39 +0800] "GET /xingrg/all/function/internal_message.html?_=1687920818057&CODE_STATE=getMsg HTTP/1.1" 200 27
116.238.96.78 - - [28/Jun/2023:10:53:40 +0800] "POST /xingrg/kc/base/wldb_list_operate.html HTTP/1.1" 200 928
114.83.219.231 - - [28/Jun/2023:10:53:42 +0800] "GET /xingrg/kc/base/wldb_order_info.html?code=422023062802364 HTTP/1.1" 200 26266
116.238.96.78 - - [28/Jun/2023:10:53:42 +0800] "POST /xingrg/kc/base/wldb_list_operate.html HTTP/1.1" 200 928
114.83.219.231 - - [28/Jun/2023:10:53:42 +0800] "GET /xingrg/words/20230628102723_words.js HTTP/1.1" 304 -
114.83.219.231 - - [28/Jun/2023:10:53:42 +0800] "GET /xingrg/javascript/easyui/themes/default/validatebox.css HTTP/1.1" 404 1104
101.83.241.57 - - [28/Jun/2023:10:53:43 +0800] "GET /xingrg/check_reg.html?_=1687920937041 HTTP/1.1" 200 22
101.83.241.57 - - [28/Jun/2023:10:53:43 +0800] "GET /xingrg/all/function/internal_message.html?_=1687920937039&CODE_STATE=getMsg HTTP/1.1" 200 27
114.83.219.231 - - [28/Jun/2023:10:53:43 +0800] "POST /xingrg/kc/base/wldb_order_operate.html HTTP/1.1" 200 4895
116.238.96.78 - - [28/Jun/2023:10:53:47 +0800] "POST /xingrg/kc/base/wldb_list_operate.html HTTP/1.1" 200 6111
180.157.251.128 - - [28/Jun/2023:10:53:47 +0800] "GET /xingrg/all/function/internal_message.html?_=1687920828207&CODE_STATE=getMsg HTTP/1.1" 200 27
120.253.135.82 - - [28/Jun/2023:10:53:49 +0800] "GET /xingrg/all/function/internal_message.html?_=1687920659366&CODE_STATE=getMsg HTTP/1.1" 200 27
114.83.219.231 - - [28/Jun/2023:10:53:50 +0800] "GET /xingrg/kc/base/wldb_order_add.html HTTP/1.1" 200 30387
116.238.191.126 - - [28/Jun/2023:10:53:50 +0800] "GET /xingrg/all/function/internal_message.html?_=1687920750262&CODE_STATE=getMsg HTTP/1.1" 200 27
114.83.219.231 - - [28/Jun/2023:10:53:50 +0800] "POST /xingrg/kc/base/wldb_order_operate.html HTTP/1.1" 200 6806
114.83.219.231 - - [28/Jun/2023:10:53:50 +0800] "GET /xingrg/javascript/easyui/themes/default/validatebox.css HTTP/1.1" 404 1104
114.83.219.231 - - [28/Jun/2023:10:53:54 +0800] "POST /xingrg/all/common/load_combo.html?type=base HTTP/1.1" 200 3409
61.170.233.201 - - [28/Jun/2023:10:53:56 +0800] "GET /xingrg/all/function/internal_message.html?_=1687920836547&CODE_STATE=getMsg HTTP/1.1" 200 27
180.157.251.128 - - [28/Jun/2023:10:53:57 +0800] "GET /xingrg/kc/buy/cgsh_order_operate.html?command=get_materiel&rest_code=00148&code=00101008210&supplier_code=00100008&order_time=2023-06-28 HTTP/1.1" 200 408
222.70.180.90 - - [28/Jun/2023:10:54:00 +0800] "GET /xingrg/login.html HTTP/1.1" 200 7641
222.70.180.90 - - [28/Jun/2023:10:54:00 +0800] "GET /favicon.ico HTTP/1.1" 404 -
116.232.195.127 - - [28/Jun/2023:10:54:01 +0800] "GET /xingrg/all/function/internal_message.html?_=1687920825369&CODE_STATE=getMsg HTTP/1.1" 200 27
180.165.154.167 - - [28/Jun/2023:10:54:03 +0800] "GET /xingrg/all/function/internal_message.html?_=1687920843358&CODE_STATE=getMsg HTTP/1.1" 200 27
116.238.96.78 - - [28/Jun/2023:10:54:05 +0800] "GET /xingrg/kc/base/wldb_order_add.html HTTP/1.1" 200 30377
116.238.96.78 - - [28/Jun/2023:10:54:05 +0800] "GET /xingrg/words/20230628102723_words.js HTTP/1.1" 304 -
116.238.96.78 - - [28/Jun/2023:10:54:06 +0800] "POST /xingrg/kc/base/wldb_order_operate.html HTTP/1.1" 200 6806
116.238.96.78 - - [28/Jun/2023:10:54:06 +0800] "GET /xingrg/javascript/easyui/themes/default/validatebox.css HTTP/1.1" 404 1104
116.238.96.78 - - [28/Jun/2023:10:54:08 +0800] "POST /xingrg/all/common/load_combo.html?type=base HTTP/1.1" 200 3321
116.238.96.78 - - [28/Jun/2023:10:54:10 +0800] "POST /xingrg/all/common/load_combo.html?type=base HTTP/1.1" 200 3321
114.83.219.231 - - [28/Jun/2023:10:54:12 +0800] "GET /xingrg/kc/base/wldb_order_operate.html?command=get_materiel&rest_code=00149&base_code=0010394&code=00101019133 HTTP/1.1" 200 480
222.70.180.90 - - [28/Jun/2023:10:54:13 +0800] "POST /xingrg/login.do HTTP/1.1" 302 -
222.70.180.90 - - [28/Jun/2023:10:54:13 +0800] "GET /xingrg/index.html?sysBaseUrl=http%3A%2F%2F180.169.147.146%3A18081%2Fxingrg%2F&costTime=1728×tamp=1687920853380 HTTP/1.1" 200 17173
222.70.180.90 - - [28/Jun/2023:10:54:13 +0800] "GET /favicon.ico HTTP/1.1" 404 -
222.70.180.90 - - [28/Jun/2023:10:54:13 +0800] "GET /xingrg/check_reg.html?_=1687920852079 HTTP/1.1" 200 22
222.70.180.90 - - [28/Jun/2023:10:54:13 +0800] "GET /xingrg/all/function/internal_message.html?_=1687920852078&CODE_STATE=count HTTP/1.1" 200 11
222.70.180.90 - - [28/Jun/2023:10:54:13 +0800] "POST /xingrg/all/common/load_tree.html?tree=area_rest_tree_json&manage=1 HTTP/1.1" 200 342
222.70.180.90 - - [28/Jun/2023:10:54:13 +0800] "POST /xingrg/load_menu.html HTTP/1.1" 200 5138
222.70.180.90 - - [28/Jun/2023:10:54:15 +0800] "GET /xingrg/kc/buy/buy_main.html HTTP/1.1" 200 12412
222.70.180.90 - - [28/Jun/2023:10:54:15 +0800] "GET /xingrg/css/new_ie.css HTTP/1.1" 404 1036
222.70.180.90 - - [28/Jun/2023:10:54:16 +0800] "GET /xingrg/images/yd/bt.gif HTTP/1.1" 404 1040
222.67.234.146 - - [28/Jun/2023:10:54:17 +0800] "GET /xingrg/all/function/internal_message.html?_=1687920345113&CODE_STATE=getMsg HTTP/1.1" 200 27
222.70.180.90 - - [28/Jun/2023:10:54:17 +0800] "GET /xingrg/kc/buy/cgsh_order_list.html HTTP/1.1" 200 55838
180.157.251.128 - - [28/Jun/2023:10:54:18 +0800] "GET /xingrg/kc/buy/cgsh_order_operate.html?command=get_materiel&rest_code=00148&code=00101008257&supplier_code=00100008&order_time=2023-06-28 HTTP/1.1" 200 416
116.238.96.78 - - [28/Jun/2023:10:54:21 +0800] "GET /xingrg/kc/base/wldb_order_operate.html?command=get_materiel&rest_code=00102&base_code=0010476&code=00101025022 HTTP/1.1" 200 485
61.170.233.201 - - [28/Jun/2023:10:54:22 +0800] "GET /xingrg/all/function/internal_message.html?_=1687920860350&CODE_STATE=getMsg HTTP/1.1" 200 27
114.83.219.231 - - [28/Jun/2023:10:54:22 +0800] "GET /xingrg/all/function/internal_message.html?_=1687920862041&CODE_STATE=getMsg HTTP/1.1" 200 27
116.235.240.62 - - [28/Jun/2023:10:54:23 +0800] "GET /xingrg/all/function/internal_message.html?_=1687920872758&CODE_STATE=getMsg HTTP/1.1" 200 27
222.70.180.90 - - [28/Jun/2023:10:54:23 +0800] "POST /xingrg/kc/buy/cgsh_list_operate.html HTTP/1.1" 200 3544
116.238.96.78 - - [28/Jun/2023:10:54:25 +0800] "GET /xingrg/kc/base/wldb_order_add.html HTTP/1.1" 200 30377
116.238.96.78 - - [28/Jun/2023:10:54:25 +0800] "POST /xingrg/kc/base/wldb_order_operate.html HTTP/1.1" 200 6806
116.238.96.78 - - [28/Jun/2023:10:54:25 +0800] "GET /xingrg/javascript/easyui/themes/default/validatebox.css HTTP/1.1" 404 1104
101.83.145.52 - - [28/Jun/2023:10:54:27 +0800] "GET /xingrg/all/function/internal_message.html?_=1687920688237&CODE_STATE=getMsg HTTP/1.1" 200 27
116.238.96.78 - - [28/Jun/2023:10:54:27 +0800] "POST /xingrg/all/common/load_combo.html?type=base HTTP/1.1" 200 3321
120.253.135.82 - - [28/Jun/2023:10:54:27 +0800] "GET /xingrg/all/function/internal_message.html?_=1687920698070&CODE_STATE=getMsg HTTP/1.1" 200 27
116.238.96.78 - - [28/Jun/2023:10:54:28 +0800] "GET /xingrg/all/function/internal_message.html?_=1687920869277&CODE_STATE=getMsg HTTP/1.1" 200 27
222.70.180.90 - - [28/Jun/2023:10:54:29 +0800] "GET /xingrg/kc/buy/cgsh_order_add.html HTTP/1.1" 200 71576
222.70.180.90 - - [28/Jun/2023:10:54:29 +0800] "GET /xingrg/words/20230628102723_words.js HTTP/1.1" 304 -
222.70.180.90 - - [28/Jun/2023:10:54:29 +0800] "POST /xingrg/kc/buy/cgsh_order_operate.html HTTP/1.1" 200 8245
222.70.180.90 - - [28/Jun/2023:10:54:29 +0800] "GET /xingrg/javascript/easyui/themes/default/validatebox.css HTTP/1.1" 404 1104
222.70.180.90 - - [28/Jun/2023:10:54:29 +0800] "GET /xingrg/all/common/auto_word.html?type=employee&rest_code=00111 HTTP/1.1" 200 155
222.70.180.90 - - [28/Jun/2023:10:54:29 +0800] "GET /xingrg/all/common/auto_word.html?type=employee&rest_code=00111 HTTP/1.1" 200 155
114.83.219.231 - - [28/Jun/2023:10:54:29 +0800] "POST /xingrg/kc/base/wldb_order_operate.html HTTP/1.1" 200 37
222.70.180.90 - - [28/Jun/2023:10:54:30 +0800] "GET /xingrg/javascript/auto/indicator.gif HTTP/1.1" 404 1066
116.238.96.78 - - [28/Jun/2023:10:54:30 +0800] "POST /xingrg/all/common/load_combo.html?type=base HTTP/1.1" 200 3321
222.70.180.90 - - [28/Jun/2023:10:54:31 +0800] "GET /xingrg/javascript/jquery_tools/images/prev.gif HTTP/1.1" 404 1086
222.70.180.90 - - [28/Jun/2023:10:54:31 +0800] "GET /xingrg/javascript/jquery_tools/images/next.gif HTTP/1.1" 404 1086
180.169.147.146 - - [28/Jun/2023:10:54:33 +0800] "GET /xingrg/check_reg.html?_=1687920872719 HTTP/1.1" 200 22
222.70.114.12 - - [28/Jun/2023:10:54:34 +0800] "GET /xingrg/all/function/internal_message.html?_=1687920878660&CODE_STATE=getMsg HTTP/1.1" 200 27
114.83.219.231 - - [28/Jun/2023:10:54:36 +0800] "POST /xingrg/kc/base/wldb_order_operate.html HTTP/1.1" 200 12
114.83.219.231 - - [28/Jun/2023:10:54:36 +0800] "POST /xingrg/kc/base/wldb_order_operate.html HTTP/1.1" 200 3225
114.85.113.108 - - [28/Jun/2023:10:54:37 +0800] "GET /xingrg/all/function/internal_message.html?_=1687920872751&CODE_STATE=getMsg HTTP/1.1" 200 27
116.238.96.78 - - [28/Jun/2023:10:54:38 +0800] "GET /xingrg/kc/base/wldb_order_operate.html?command=get_materiel&rest_code=00102&base_code=0010480&code=00101025022 HTTP/1.1" 200 485
114.83.219.231 - - [28/Jun/2023:10:54:39 +0800] "GET /xingrg/kc/base/wldb_order_info.html?code=422023062802365 HTTP/1.1" 200 26265
114.83.219.231 - - [28/Jun/2023:10:54:39 +0800] "GET /xingrg/javascript/easyui/themes/default/validatebox.css HTTP/1.1" 404 1104
180.169.147.146 - - [28/Jun/2023:10:54:39 +0800] "GET /xingrg/all/function/internal_message.html?_=1687920878057&CODE_STATE=getMsg HTTP/1.1" 200 27
114.83.219.231 - - [28/Jun/2023:10:54:39 +0800] "POST /xingrg/kc/base/wldb_order_operate.html HTTP/1.1" 200 1497
222.70.180.90 - - [28/Jun/2023:10:54:40 +0800] "GET /xingrg/kc/buy/cgsh_order_operate.html?command=get_materiel&rest_code=00111&code=00101001037&supplier_code=00100090&order_time=2023-06-28 HTTP/1.1" 200 418
114.83.219.231 - - [28/Jun/2023:10:54:42 +0800] "GET /xingrg/kc/base/wldb_order_add.html HTTP/1.1" 200 30387
114.83.219.231 - - [28/Jun/2023:10:54:43 +0800] "POST /xingrg/kc/base/wldb_order_operate.html HTTP/1.1" 200 6806
114.83.219.231 - - [28/Jun/2023:10:54:43 +0800] "GET /xingrg/javascript/easyui/themes/default/validatebox.css HTTP/1.1" 404 1104
101.83.241.57 - - [28/Jun/2023:10:54:43 +0800] "GET /xingrg/all/function/internal_message.html?_=1687920997034&CODE_STATE=getMsg HTTP/1.1" 200 27
180.157.251.128 - - [28/Jun/2023:10:54:47 +0800] "GET /xingrg/all/function/internal_message.html?_=1687920888206&CODE_STATE=getMsg HTTP/1.1" 200 27
116.238.96.78 - - [28/Jun/2023:10:54:48 +0800] "GET /xingrg/kc/base/wldb_order_operate.html?command=get_materiel&rest_code=00102&base_code=0010480&code=00101025043 HTTP/1.1" 200 463
120.253.135.82 - - [28/Jun/2023:10:54:49 +0800] "GET /xingrg/all/function/internal_message.html?_=1687920719380&CODE_STATE=getMsg HTTP/1.1" 200 27
116.238.191.126 - - [28/Jun/2023:10:54:50 +0800] "GET /xingrg/all/function/internal_message.html?_=1687920810292&CODE_STATE=getMsg HTTP/1.1" 200 27
116.235.240.62 - - [28/Jun/2023:10:54:52 +0800] "GET /xingrg/check_reg.html?_=1687920902715 HTTP/1.1" 200 22
114.83.219.231 - - [28/Jun/2023:10:54:54 +0800] "GET /xingrg/kc/base/wldb_order_operate.html?command=get_materiel&rest_code=00149&base_code=0010400&code=00101004101 HTTP/1.1" 200 435
61.170.233.201 - - [28/Jun/2023:10:54:56 +0800] "GET /xingrg/all/function/internal_message.html?_=1687920896544&CODE_STATE=getMsg HTTP/1.1" 200 27
61.170.233.201 - - [28/Jun/2023:10:54:56 +0800] "GET /xingrg/check_reg.html?_=1687920896545 HTTP/1.1" 200 22
116.238.96.78 - - [28/Jun/2023:10:54:57 +0800] "POST /xingrg/kc/base/wldb_order_operate.html HTTP/1.1" 200 37
116.232.195.127 - - [28/Jun/2023:10:55:00 +0800] "GET /xingrg/check_reg.html?_=1687920884144 HTTP/1.1" 200 22
116.232.195.127 - - [28/Jun/2023:10:55:01 +0800] "GET /xingrg/all/function/internal_message.html?_=1687920885348&CODE_STATE=getMsg HTTP/1.1" 200 27
116.238.96.78 - - [28/Jun/2023:10:55:03 +0800] "POST /xingrg/kc/base/wldb_order_operate.html HTTP/1.1" 200 12
114.83.219.231 - - [28/Jun/2023:10:55:03 +0800] "GET /xingrg/kc/base/wldb_order_operate.html?command=get_materiel&rest_code=00149&base_code=0010400&code=00101004104 HTTP/1.1" 200 430
116.238.96.78 - - [28/Jun/2023:10:55:03 +0800] "POST /xingrg/kc/base/wldb_order_operate.html HTTP/1.1" 200 2231
222.70.180.90 - - [28/Jun/2023:10:55:03 +0800] "POST /xingrg/kc/buy/cgsh_order_operate.html HTTP/1.1" 200 37
180.165.154.167 - - [28/Jun/2023:10:55:03 +0800] "GET /xingrg/all/function/internal_message.html?_=1687920903352&CODE_STATE=getMsg HTTP/1.1" 200 27
116.238.96.78 - - [28/Jun/2023:10:55:05 +0800] "GET /xingrg/kc/base/wldb_order_info.html?code=422023062802366 HTTP/1.1" 200 26254
116.238.96.78 - - [28/Jun/2023:10:55:05 +0800] "GET /xingrg/javascript/easyui/themes/default/validatebox.css HTTP/1.1" 404 1104
116.238.96.78 - - [28/Jun/2023:10:55:06 +0800] "POST /xingrg/kc/base/wldb_order_operate.html HTTP/1.1" 200 526
222.70.180.90 - - [28/Jun/2023:10:55:07 +0800] "POST /xingrg/kc/buy/cgsh_order_operate.html HTTP/1.1" 200 2665
222.70.180.90 - - [28/Jun/2023:10:55:08 +0800] "GET /xingrg/kc/print/load_config.html?kc_code=cgsh HTTP/1.1" 200 1924
222.70.180.90 - - [28/Jun/2023:10:55:09 +0800] "GET /xingrg/kc/print/load_data.html?order_code=212023062810355&kc_code=cgsh&condition= HTTP/1.1" 200 745
222.70.180.90 - - [28/Jun/2023:10:55:13 +0800] "GET /xingrg/all/function/internal_message.html?_=1687920912081&CODE_STATE=getMsg HTTP/1.1" 200 27
222.70.180.90 - - [28/Jun/2023:10:55:16 +0800] "GET /xingrg/kc/buy/cgsh_order_add.html HTTP/1.1" 200 71576
222.70.180.90 - - [28/Jun/2023:10:55:17 +0800] "POST /xingrg/kc/buy/cgsh_order_operate.html HTTP/1.1" 200 8245
222.70.180.90 - - [28/Jun/2023:10:55:17 +0800] "GET /xingrg/javascript/easyui/themes/default/validatebox.css HTTP/1.1" 404 1104
222.67.234.146 - - [28/Jun/2023:10:55:17 +0800] "GET /xingrg/all/function/internal_message.html?_=1687920405113&CODE_STATE=getMsg HTTP/1.1" 200 27
114.83.219.231 - - [28/Jun/2023:10:55:18 +0800] "POST /xingrg/kc/base/wldb_order_operate.html HTTP/1.1" 200 37
101.83.145.52 - - [28/Jun/2023:10:55:19 +0800] "GET /xingrg/kc/base/wldb_order_operate.html?command=get_materiel&rest_code=00105&base_code=0010508&code=00102001107 HTTP/1.1" 200 437
180.157.251.128 - - [28/Jun/2023:10:55:20 +0800] "GET /xingrg/kc/buy/cgsh_order_operate.html?command=get_materiel&rest_code=00148&code=00101008331&supplier_code=00100008&order_time=2023-06-28 HTTP/1.1" 200 416
61.170.233.201 - - [28/Jun/2023:10:55:22 +0800] "GET /xingrg/all/function/internal_message.html?_=1687920920338&CODE_STATE=getMsg HTTP/1.1" 200 27
114.83.219.231 - - [28/Jun/2023:10:55:22 +0800] "GET /xingrg/all/function/internal_message.html?_=1687920922045&CODE_STATE=getMsg HTTP/1.1" 200 27
116.235.240.62 - - [28/Jun/2023:10:55:23 +0800] "GET /xingrg/all/function/internal_message.html?_=1687920932772&CODE_STATE=getMsg HTTP/1.1" 200 27
114.83.219.231 - - [28/Jun/2023:10:55:24 +0800] "POST /xingrg/kc/base/wldb_order_operate.html HTTP/1.1" 200 12
114.83.219.231 - - [28/Jun/2023:10:55:24 +0800] "POST /xingrg/kc/base/wldb_order_operate.html HTTP/1.1" 200 2651
114.83.219.231 - - [28/Jun/2023:10:55:25 +0800] "GET /xingrg/kc/base/wldb_order_info.html?code=422023062802367 HTTP/1.1" 200 26264
114.83.219.231 - - [28/Jun/2023:10:55:26 +0800] "GET /xingrg/javascript/easyui/themes/default/validatebox.css HTTP/1.1" 404 1104
114.83.219.231 - - [28/Jun/2023:10:55:26 +0800] "POST /xingrg/kc/base/wldb_order_operate.html HTTP/1.1" 200 934
101.83.145.52 - - [28/Jun/2023:10:55:27 +0800] "GET /xingrg/all/function/internal_message.html?_=1687920748278&CODE_STATE=getMsg HTTP/1.1" 200 27
101.83.145.52 - - [28/Jun/2023:10:55:27 +0800] "GET /xingrg/check_reg.html?_=1687920748743 HTTP/1.1" 200 22
120.253.135.82 - - [28/Jun/2023:10:55:28 +0800] "GET /xingrg/all/function/internal_message.html?_=1687920758084&CODE_STATE=getMsg HTTP/1.1" 200 27
116.238.96.78 - - [28/Jun/2023:10:55:28 +0800] "GET /xingrg/all/function/internal_message.html?_=1687920929266&CODE_STATE=getMsg HTTP/1.1" 200 27
114.83.219.231 - - [28/Jun/2023:10:55:30 +0800] "GET /xingrg/kc/base/wldb_order_add.html HTTP/1.1" 200 30387
114.83.219.231 - - [28/Jun/2023:10:55:30 +0800] "POST /xingrg/kc/base/wldb_order_operate.html HTTP/1.1" 200 6806
114.83.219.231 - - [28/Jun/2023:10:55:30 +0800] "GET /xingrg/javascript/easyui/themes/default/validatebox.css HTTP/1.1" 404 1104
114.83.219.231 - - [28/Jun/2023:10:55:33 +0800] "POST /xingrg/all/common/load_combo.html?type=base HTTP/1.1" 200 3409
222.70.114.12 - - [28/Jun/2023:10:55:34 +0800] "GET /xingrg/all/function/internal_message.html?_=1687920938658&CODE_STATE=getMsg HTTP/1.1" 200 27
222.70.114.12 - - [28/Jun/2023:10:55:34 +0800] "GET /xingrg/check_reg.html?_=1687920938659 HTTP/1.1" 200 22
180.157.251.128 - - [28/Jun/2023:10:55:36 +0800] "GET /xingrg/kc/buy/cgsh_order_operate.html?command=get_materiel&rest_code=00148&code=00101008185&supplier_code=00100008&order_time=2023-06-28 HTTP/1.1" 200 408
114.85.113.108 - - [28/Jun/2023:10:55:37 +0800] "GET /xingrg/all/function/internal_message.html?_=1687920932735&CODE_STATE=getMsg HTTP/1.1" 200 27
222.70.180.90 - - [28/Jun/2023:10:55:38 +0800] "GET /xingrg/kc/buy/cgsh_order_operate.html?command=get_materiel&rest_code=00111&code=00101001125&supplier_code=00100319&order_time=2023-06-28 HTTP/1.1" 200 417
180.169.147.146 - - [28/Jun/2023:10:55:39 +0800] "GET /xingrg/all/function/internal_message.html?_=1687920938057&CODE_STATE=getMsg HTTP/1.1" 200 27
101.83.145.52 - - [28/Jun/2023:10:55:42 +0800] "GET /xingrg/kc/base/wldb_order_operate.html?command=get_materiel&rest_code=00105&base_code=0010508&code=00102001115 HTTP/1.1" 200 439
101.83.241.57 - - [28/Jun/2023:10:55:43 +0800] "GET /xingrg/all/function/internal_message.html?_=1687921057035&CODE_STATE=getMsg HTTP/1.1" 200 27
180.157.251.128 - - [28/Jun/2023:10:55:46 +0800] "GET /xingrg/kc/buy/cgsh_order_operate.html?command=get_materiel&rest_code=00148&code=00101008354&supplier_code=00100008&order_time=2023-06-28 HTTP/1.1" 200 412
114.83.219.231 - - [28/Jun/2023:10:55:46 +0800] "GET /xingrg/kc/base/wldb_order_operate.html?command=get_materiel&rest_code=00149&base_code=0010395&code=00102004018 HTTP/1.1" 200 444
180.157.251.128 - - [28/Jun/2023:10:55:47 +0800] "GET /xingrg/all/function/internal_message.html?_=1687920948272&CODE_STATE=getMsg HTTP/1.1" 200 27
120.253.135.82 - - [28/Jun/2023:10:55:49 +0800] "GET /xingrg/all/function/internal_message.html?_=1687920779416&CODE_STATE=getMsg HTTP/1.1" 200 27
116.238.191.126 - - [28/Jun/2023:10:55:50 +0800] "GET /xingrg/all/function/internal_message.html?_=1687920870305&CODE_STATE=getMsg HTTP/1.1" 200 27
114.85.113.108 - - [28/Jun/2023:10:55:54 +0800] "GET /xingrg/check_reg.html?_=1687920949102 HTTP/1.1" 200 22
61.170.233.201 - - [28/Jun/2023:10:55:56 +0800] "GET /xingrg/all/function/internal_message.html?_=1687920956558&CODE_STATE=getMsg HTTP/1.1" 200 27
116.232.195.127 - - [28/Jun/2023:10:56:01 +0800] "GET /xingrg/all/function/internal_message.html?_=1687920945319&CODE_STATE=getMsg HTTP/1.1" 200 27
222.70.180.90 - - [28/Jun/2023:10:56:02 +0800] "POST /xingrg/kc/buy/cgsh_order_operate.html HTTP/1.1" 200 37
180.165.154.167 - - [28/Jun/2023:10:56:03 +0800] "GET /xingrg/all/function/internal_message.html?_=1687920963362&CODE_STATE=getMsg HTTP/1.1" 200 27
101.83.145.52 - - [28/Jun/2023:10:56:05 +0800] "GET /xingrg/kc/base/wldb_order_operate.html?command=get_materiel&rest_code=00105&base_code=0010508&code=00102001105 HTTP/1.1" 200 432
222.70.180.90 - - [28/Jun/2023:10:56:06 +0800] "POST /xingrg/kc/buy/cgsh_order_operate.html HTTP/1.1" 200 2664
222.70.180.90 - - [28/Jun/2023:10:56:08 +0800] "GET /xingrg/kc/print/load_data.html?order_code=212023062810356&kc_code=cgsh&condition= HTTP/1.1" 200 681
222.70.180.90 - - [28/Jun/2023:10:56:13 +0800] "GET /xingrg/kc/buy/cgsh_order_add.html HTTP/1.1" 200 71576
222.70.180.90 - - [28/Jun/2023:10:56:13 +0800] "POST /xingrg/kc/buy/cgsh_order_operate.html HTTP/1.1" 200 8245
222.70.180.90 - - [28/Jun/2023:10:56:13 +0800] "GET /xingrg/javascript/easyui/themes/default/validatebox.css HTTP/1.1" 404 1104
222.70.180.90 - - [28/Jun/2023:10:56:13 +0800] "GET /xingrg/all/function/internal_message.html?_=1687920972120&CODE_STATE=getMsg HTTP/1.1" 200 27
114.83.219.231 - - [28/Jun/2023:10:56:15 +0800] "POST /xingrg/kc/base/wldb_order_operate.html HTTP/1.1" 200 37
114.83.219.231 - - [28/Jun/2023:10:56:15 +0800] "POST /xingrg/kc/base/wldb_order_operate.html HTTP/1.1" 200 2669
114.83.219.231 - - [28/Jun/2023:10:56:16 +0800] "GET /xingrg/kc/base/wldb_order_info.html?code=422023062802368 HTTP/1.1" 200 30401
114.83.219.231 - - [28/Jun/2023:10:56:17 +0800] "GET /xingrg/javascript/easyui/themes/default/validatebox.css HTTP/1.1" 404 1104
222.67.234.146 - - [28/Jun/2023:10:56:17 +0800] "GET /xingrg/all/function/internal_message.html?_=1687920465112&CODE_STATE=getMsg HTTP/1.1" 200 27
222.67.234.146 - - [28/Jun/2023:10:56:17 +0800] "GET /xingrg/check_reg.html?_=1687920465429 HTTP/1.1" 200 22
114.83.219.231 - - [28/Jun/2023:10:56:18 +0800] "POST /xingrg/kc/base/wldb_order_operate.html HTTP/1.1" 200 2669
114.83.219.231 - - [28/Jun/2023:10:56:20 +0800] "GET /xingrg/kc/base/wldb_order_add.html HTTP/1.1" 200 30387
114.83.219.231 - - [28/Jun/2023:10:56:21 +0800] "GET /xingrg/words/20230628102723_words.js HTTP/1.1" 304 -
114.83.219.231 - - [28/Jun/2023:10:56:21 +0800] "POST /xingrg/kc/base/wldb_order_operate.html HTTP/1.1" 200 6806
114.83.219.231 - - [28/Jun/2023:10:56:21 +0800] "GET /xingrg/javascript/easyui/themes/default/validatebox.css HTTP/1.1" 404 1104
222.70.180.90 - - [28/Jun/2023:10:56:21 +0800] "GET /xingrg/kc/buy/cgsh_order_operate.html?command=get_materiel&rest_code=00111&code=00101004046&supplier_code=00100312&order_time=2023-06-28 HTTP/1.1" 200 417
61.170.233.201 - - [28/Jun/2023:10:56:22 +0800] "GET /xingrg/all/function/internal_message.html?_=1687920980322&CODE_STATE=getMsg HTTP/1.1" 200 27
180.163.30.76 - - [28/Jun/2023:10:56:22 +0800] "GET /xingrg/all/function/internal_message.html?_=1687920920338&CODE_STATE=getMsg HTTP/1.1" 302 -
180.163.30.76 - - [28/Jun/2023:10:56:22 +0800] "GET /xingrg/login.html HTTP/1.1" 200 7641
114.83.219.231 - - [28/Jun/2023:10:56:22 +0800] "GET /xingrg/all/function/internal_message.html?_=1687920982044&CODE_STATE=getMsg HTTP/1.1" 200 27
114.83.219.231 - - [28/Jun/2023:10:56:23 +0800] "POST /xingrg/all/common/load_combo.html?type=base HTTP/1.1" 200 3409
116.235.240.62 - - [28/Jun/2023:10:56:23 +0800] "GET /xingrg/all/function/internal_message.html?_=1687920992786&CODE_STATE=getMsg HTTP/1.1" 200 27
101.83.145.52 - - [28/Jun/2023:10:56:27 +0800] "GET /xingrg/kc/base/wldb_order_operate.html?command=get_materiel&rest_code=00105&base_code=0010508&code=00102002041 HTTP/1.1" 200 435
101.83.145.52 - - [28/Jun/2023:10:56:27 +0800] "GET /xingrg/all/function/internal_message.html?_=1687920808249&CODE_STATE=getMsg HTTP/1.1" 200 27
120.253.135.82 - - [28/Jun/2023:10:56:28 +0800] "GET /xingrg/all/function/internal_message.html?_=1687920818161&CODE_STATE=getMsg HTTP/1.1" 200 27
116.238.96.78 - - [28/Jun/2023:10:56:28 +0800] "GET /xingrg/all/function/internal_message.html?_=1687920989238&CODE_STATE=getMsg HTTP/1.1" 200 27
222.70.180.90 - - [28/Jun/2023:10:56:33 +0800] "GET /xingrg/kc/buy/cgsh_order_operate.html?command=get_materiel&rest_code=00111&code=00101004038&supplier_code=00100312&order_time=2023-06-28 HTTP/1.1" 200 411
222.70.114.12 - - [28/Jun/2023:10:56:34 +0800] "GET /xingrg/all/function/internal_message.html?_=1687920998656&CODE_STATE=getMsg HTTP/1.1" 200 27
114.85.113.108 - - [28/Jun/2023:10:56:37 +0800] "GET /xingrg/all/function/internal_message.html?_=1687920992706&CODE_STATE=getMsg HTTP/1.1" 200 27
101.83.145.52 - - [28/Jun/2023:10:56:39 +0800] "POST /xingrg/kc/base/wldb_order_operate.html HTTP/1.1" 200 37
180.169.147.146 - - [28/Jun/2023:10:56:39 +0800] "GET /xingrg/check_reg.html?_=1687920998083 HTTP/1.1" 200 22
180.169.147.146 - - [28/Jun/2023:10:56:39 +0800] "GET /xingrg/all/function/internal_message.html?_=1687920998084&CODE_STATE=getMsg HTTP/1.1" 200 27
101.83.145.52 - - [28/Jun/2023:10:56:40 +0800] "POST /xingrg/kc/base/wldb_order_operate.html HTTP/1.1" 200 2651
101.83.145.52 - - [28/Jun/2023:10:56:40 +0800] "GET /xingrg/kc/base/wldb_order_info.html?code=422023062802369 HTTP/1.1" 200 30395
101.83.145.52 - - [28/Jun/2023:10:56:40 +0800] "GET /xingrg/words/20230628102723_words.js HTTP/1.1" 304 -
101.83.145.52 - - [28/Jun/2023:10:56:41 +0800] "GET /xingrg/javascript/easyui/themes/default/validatebox.css HTTP/1.1" 404 1104
114.83.219.231 - - [28/Jun/2023:10:56:41 +0800] "GET /xingrg/kc/base/wldb_order_operate.html?command=get_materiel&rest_code=00149&base_code=0010395&code=00102002254 HTTP/1.1" 200 449
101.83.145.52 - - [28/Jun/2023:10:56:42 +0800] "POST /xingrg/kc/base/wldb_order_operate.html HTTP/1.1" 200 2651
101.83.241.57 - - [28/Jun/2023:10:56:43 +0800] "GET /xingrg/all/function/internal_message.html?_=1687921117032&CODE_STATE=getMsg HTTP/1.1" 200 27
180.157.251.128 - - [28/Jun/2023:10:56:46 +0800] "GET /xingrg/kc/buy/cgsh_order_operate.html?command=get_materiel&rest_code=00148&code=00101008096&supplier_code=00100008&order_time=2023-06-28 HTTP/1.1" 200 413
180.157.251.128 - - [28/Jun/2023:10:56:47 +0800] "GET /xingrg/check_reg.html?_=1687921008212 HTTP/1.1" 200 22
180.157.251.128 - - [28/Jun/2023:10:56:47 +0800] "GET /xingrg/all/function/internal_message.html?_=1687921008246&CODE_STATE=getMsg HTTP/1.1" 200 27
120.253.135.82 - - [28/Jun/2023:10:56:49 +0800] "GET /xingrg/all/function/internal_message.html?_=1687920839422&CODE_STATE=getMsg HTTP/1.1" 200 27
116.238.191.126 - - [28/Jun/2023:10:56:49 +0800] "GET /xingrg/check_reg.html?_=1687920929445 HTTP/1.1" 200 22
116.238.191.126 - - [28/Jun/2023:10:56:50 +0800] "GET /xingrg/all/function/internal_message.html?_=1687920930318&CODE_STATE=getMsg HTTP/1.1" 200 27
114.83.219.231 - - [28/Jun/2023:10:56:51 +0800] "POST /xingrg/kc/base/wldb_order_operate.html HTTP/1.1" 200 37
114.83.219.231 - - [28/Jun/2023:10:56:52 +0800] "POST /xingrg/kc/base/wldb_order_operate.html HTTP/1.1" 200 2193
114.83.219.231 - - [28/Jun/2023:10:56:52 +0800] "GET /xingrg/kc/base/wldb_order_info.html?code=422023062802370 HTTP/1.1" 200 30403
114.83.219.231 - - [28/Jun/2023:10:56:52 +0800] "GET /xingrg/javascript/easyui/themes/default/validatebox.css HTTP/1.1" 404 1104
114.83.219.231 - - [28/Jun/2023:10:56:53 +0800] "POST /xingrg/kc/base/wldb_order_operate.html HTTP/1.1" 200 2193
61.170.233.201 - - [28/Jun/2023:10:56:56 +0800] "GET /xingrg/all/function/internal_message.html?_=1687921016557&CODE_STATE=getMsg HTTP/1.1" 200 27
116.232.195.127 - - [28/Jun/2023:10:57:01 +0800] "GET /xingrg/all/function/internal_message.html?_=1687921005293&CODE_STATE=getMsg HTTP/1.1" 200 27
116.235.240.62 - - [28/Jun/2023:10:57:03 +0800] "POST /xingrg/services/DataTransmitService HTTP/1.1" 200 524
180.165.154.167 - - [28/Jun/2023:10:57:03 +0800] "GET /xingrg/all/function/internal_message.html?_=1687921023367&CODE_STATE=getMsg HTTP/1.1" 200 27
116.235.240.62 - - [28/Jun/2023:10:57:04 +0800] "POST /xingrg/services/DataTransmitService HTTP/1.1" 200 412
114.83.219.231 - - [28/Jun/2023:10:57:07 +0800] "POST /xingrg/kc/base/wldb_list_operate.html HTTP/1.1" 200 2587
101.83.145.52 - - [28/Jun/2023:10:57:09 +0800] "GET /xingrg/kc/buy/buy_main.html HTTP/1.1" 200 12412
101.83.145.52 - - [28/Jun/2023:10:57:09 +0800] "GET /xingrg/css/new_ie.css HTTP/1.1" 404 1036
101.83.145.52 - - [28/Jun/2023:10:57:10 +0800] "GET /xingrg/images/yd/bt.gif HTTP/1.1" 404 1040
101.83.145.52 - - [28/Jun/2023:10:57:12 +0800] "GET /xingrg/kc/buy/cgsh_order_list.html HTTP/1.1" 200 55838
222.70.180.90 - - [28/Jun/2023:10:57:13 +0800] "GET /xingrg/all/function/internal_message.html?_=1687921032095&CODE_STATE=getMsg HTTP/1.1" 200 27
116.235.240.62 - - [28/Jun/2023:10:57:15 +0800] "POST /xingrg/services/DataTransmitService HTTP/1.1" 200 524
116.235.240.62 - - [28/Jun/2023:10:57:16 +0800] "POST /xingrg/services/DataTransmitService HTTP/1.1" 200 412
222.67.234.146 - - [28/Jun/2023:10:57:17 +0800] "GET /xingrg/all/function/internal_message.html?_=1687920525115&CODE_STATE=getMsg HTTP/1.1" 200 27
116.235.240.62 - - [28/Jun/2023:10:57:17 +0800] "POST /xingrg/services/DataTransmitService HTTP/1.1" 200 524
116.235.240.62 - - [28/Jun/2023:10:57:18 +0800] "POST /xingrg/services/DataTransmitService HTTP/1.1" 200 412
116.235.240.62 - - [28/Jun/2023:10:57:18 +0800] "POST /xingrg/services/DataTransmitService HTTP/1.1" 200 524
116.235.240.62 - - [28/Jun/2023:10:57:19 +0800] "POST /xingrg/services/DataTransmitService HTTP/1.1" 200 412
101.83.145.52 - - [28/Jun/2023:10:57:20 +0800] "POST /xingrg/kc/buy/cgsh_list_operate.html HTTP/1.1" 200 3120
116.235.240.62 - - [28/Jun/2023:10:57:21 +0800] "POST /xingrg/services/DataTransmitService HTTP/1.1" 200 524
116.235.240.62 - - [28/Jun/2023:10:57:22 +0800] "POST /xingrg/services/DataTransmitService HTTP/1.1" 200 412
61.170.233.201 - - [28/Jun/2023:10:57:22 +0800] "GET /xingrg/all/function/internal_message.html?_=1687921040315&CODE_STATE=getMsg HTTP/1.1" 200 27
116.235.240.62 - - [28/Jun/2023:10:57:22 +0800] "POST /xingrg/services/DataTransmitService HTTP/1.1" 200 524
116.235.240.62 - - [28/Jun/2023:10:57:23 +0800] "GET /xingrg/all/function/internal_message.html?_=1687921053019&CODE_STATE=getMsg HTTP/1.1" 200 27
116.235.240.62 - - [28/Jun/2023:10:57:23 +0800] "POST /xingrg/services/DataTransmitService HTTP/1.1" 200 412
101.83.145.52 - - [28/Jun/2023:10:57:27 +0800] "GET /xingrg/all/function/internal_message.html?_=1687920868242&CODE_STATE=getMsg HTTP/1.1" 200 27
120.253.135.82 - - [28/Jun/2023:10:57:28 +0800] "GET /xingrg/all/function/internal_message.html?_=1687920878174&CODE_STATE=getMsg HTTP/1.1" 200 27
116.238.96.78 - - [28/Jun/2023:10:57:28 +0800] "GET /xingrg/all/function/internal_message.html?_=1687921049218&CODE_STATE=getMsg HTTP/1.1" 200 27
101.83.145.52 - - [28/Jun/2023:10:57:29 +0800] "GET /xingrg/kc/buy/cgsh_order_add.html HTTP/1.1" 200 71702
116.238.96.78 - - [28/Jun/2023:10:57:29 +0800] "GET /xingrg/check_reg.html?_=1687921050065 HTTP/1.1" 200 22
101.83.145.52 - - [28/Jun/2023:10:57:29 +0800] "POST /xingrg/kc/buy/cgsh_order_operate.html HTTP/1.1" 200 8245
101.83.145.52 - - [28/Jun/2023:10:57:30 +0800] "GET /xingrg/javascript/easyui/themes/default/validatebox.css HTTP/1.1" 404 1104
222.70.114.12 - - [28/Jun/2023:10:57:34 +0800] "GET /xingrg/all/function/internal_message.html?_=1687921058670&CODE_STATE=getMsg HTTP/1.1" 200 27
101.83.145.52 - - [28/Jun/2023:10:57:35 +0800] "GET /xingrg/javascript/auto/indicator.gif HTTP/1.1" 404 1066
114.85.113.108 - - [28/Jun/2023:10:57:37 +0800] "GET /xingrg/all/function/internal_message.html?_=1687921052690&CODE_STATE=getMsg HTTP/1.1" 200 27
180.169.147.146 - - [28/Jun/2023:10:57:39 +0800] "GET /xingrg/all/function/internal_message.html?_=1687921058083&CODE_STATE=getMsg HTTP/1.1" 200 27
101.83.241.57 - - [28/Jun/2023:10:57:43 +0800] "GET /xingrg/all/function/internal_message.html?_=1687921177030&CODE_STATE=getMsg HTTP/1.1" 200 27
180.157.251.128 - - [28/Jun/2023:10:57:47 +0800] "GET /xingrg/all/function/internal_message.html?_=1687921068229&CODE_STATE=getMsg HTTP/1.1" 200 27
120.253.135.82 - - [28/Jun/2023:10:57:48 +0800] "GET /xingrg/check_reg.html?_=1687920899007 HTTP/1.1" 200 22
120.253.135.82 - - [28/Jun/2023:10:57:49 +0800] "GET /xingrg/all/function/internal_message.html?_=1687920899436&CODE_STATE=getMsg HTTP/1.1" 200 27
116.238.191.126 - - [28/Jun/2023:10:57:50 +0800] "GET /xingrg/all/function/internal_message.html?_=1687920990332&CODE_STATE=getMsg HTTP/1.1" 200 27
61.170.233.201 - - [28/Jun/2023:10:57:56 +0800] "GET /xingrg/all/function/internal_message.html?_=1687921076556&CODE_STATE=getMsg HTTP/1.1" 200 27
116.232.195.127 - - [28/Jun/2023:10:58:01 +0800] "GET /xingrg/all/function/internal_message.html?_=1687921065265&CODE_STATE=getMsg HTTP/1.1" 200 27
180.165.154.167 - - [28/Jun/2023:10:58:03 +0800] "GET /xingrg/check_reg.html?_=1687921083366 HTTP/1.1" 200 22
180.165.154.167 - - [28/Jun/2023:10:58:03 +0800] "GET /xingrg/all/function/internal_message.html?_=1687921083369&CODE_STATE=getMsg HTTP/1.1" 200 27
101.83.145.52 - - [28/Jun/2023:10:58:06 +0800] "GET /xingrg/system/info/materiel_import.html?isSelect=1&singleSelect=false HTTP/1.1" 200 5600
101.83.145.52 - - [28/Jun/2023:10:58:06 +0800] "GET /xingrg/css/xtree.css HTTP/1.1" 304 -
101.83.145.52 - - [28/Jun/2023:10:58:06 +0800] "GET /xingrg/javascript/jquery_ui/themes/base/base.css HTTP/1.1" 304 -
101.83.145.52 - - [28/Jun/2023:10:58:06 +0800] "GET /xingrg/javascript/jquery_easy_ui/themes/default/images/button_a_bg.gif HTTP/1.1" 200 1194
101.83.145.52 - - [28/Jun/2023:10:58:06 +0800] "GET /xingrg/javascript/jquery_easy_ui/themes/default/images/button_span_bg.gif HTTP/1.1" 200 2061
101.83.145.52 - - [28/Jun/2023:10:58:06 +0800] "GET /xingrg/javascript/jquery_easy_ui/themes/icons/check_new.png HTTP/1.1" 304 -
101.83.145.52 - - [28/Jun/2023:10:58:06 +0800] "GET /xingrg/javascript/jquery_easy_ui/themes/icons/search.png HTTP/1.1" 200 813
101.83.145.52 - - [28/Jun/2023:10:58:06 +0800] "GET /xingrg/javascript/jquery_easy_ui/themes/icons/edit_add.png HTTP/1.1" 200 1088
101.83.145.52 - - [28/Jun/2023:10:58:06 +0800] "GET /xingrg/javascript/jquery_easy_ui/themes/default/images/datagrid_header_bg.gif HTTP/1.1" 200 97
101.83.145.52 - - [28/Jun/2023:10:58:06 +0800] "GET /xingrg/javascript/jquery_easy_ui/themes/default/images/pagination_next.gif HTTP/1.1" 200 875
101.83.145.52 - - [28/Jun/2023:10:58:06 +0800] "GET /xingrg/javascript/jquery_easy_ui/themes/default/images/pagination_last.gif HTTP/1.1" 200 923
101.83.145.52 - - [28/Jun/2023:10:58:06 +0800] "GET /xingrg/javascript/jquery_easy_ui/themes/default/images/pagination_first.gif HTTP/1.1" 200 925
101.83.145.52 - - [28/Jun/2023:10:58:06 +0800] "GET /xingrg/javascript/jquery_easy_ui/themes/default/images/pagination_prev.gif HTTP/1.1" 200 879
101.83.145.52 - - [28/Jun/2023:10:58:06 +0800] "GET /favicon.ico HTTP/1.1" 404 -
101.83.145.52 - - [28/Jun/2023:10:58:06 +0800] "GET /xingrg/javascript/jquery_easy_ui/themes/default/images/pagination_load.png HTTP/1.1" 200 827
101.83.145.52 - - [28/Jun/2023:10:58:06 +0800] "POST /xingrg/all/common/load_tree.html?tree=materiel_sort_tree_json HTTP/1.1" 200 9500
116.235.240.62 - - [28/Jun/2023:10:58:08 +0800] "POST /xingrg/services/DataTransmitService HTTP/1.1" 200 524
116.235.240.62 - - [28/Jun/2023:10:58:09 +0800] "POST /xingrg/services/DataTransmitService HTTP/1.1" 200 2335
116.235.240.62 - - [28/Jun/2023:10:58:10 +0800] "POST /xingrg/services/DataTransmitService HTTP/1.1" 200 524
116.235.240.62 - - [28/Jun/2023:10:58:11 +0800] "POST /xingrg/services/DataTransmitService HTTP/1.1" 200 2335
116.235.240.62 - - [28/Jun/2023:10:58:11 +0800] "POST /xingrg/services/DataTransmitService HTTP/1.1" 200 524
116.235.240.62 - - [28/Jun/2023:10:58:12 +0800] "POST /xingrg/services/DataTransmitService HTTP/1.1" 200 2335
222.70.180.90 - - [28/Jun/2023:10:58:13 +0800] "GET /xingrg/all/function/internal_message.html?_=1687921092093&CODE_STATE=getMsg HTTP/1.1" 200 27
222.67.234.146 - - [28/Jun/2023:10:58:17 +0800] "GET /xingrg/all/function/internal_message.html?_=1687920585140&CODE_STATE=getMsg HTTP/1.1" 200 27
116.235.240.62 - - [28/Jun/2023:10:58:17 +0800] "POST /xingrg/services/DataTransmitService HTTP/1.1" 200 524
116.235.240.62 - - [28/Jun/2023:10:58:18 +0800] "POST /xingrg/services/DataTransmitService HTTP/1.1" 200 2335
116.235.240.62 - - [28/Jun/2023:10:58:20 +0800] "POST /xingrg/services/DataTransmitService HTTP/1.1" 200 524
116.235.240.62 - - [28/Jun/2023:10:58:21 +0800] "POST /xingrg/services/DataTransmitService HTTP/1.1" 200 2335
61.170.233.201 - - [28/Jun/2023:10:58:22 +0800] "GET /xingrg/all/function/internal_message.html?_=1687921100285&CODE_STATE=getMsg HTTP/1.1" 200 27
116.235.240.62 - - [28/Jun/2023:10:58:22 +0800] "POST /xingrg/services/DataTransmitService HTTP/1.1" 200 524
180.163.29.217 - - [28/Jun/2023:10:58:22 +0800] "GET /xingrg/all/function/internal_message.html?_=1687921040315&CODE_STATE=getMsg HTTP/1.1" 302 -
180.163.29.217 - - [28/Jun/2023:10:58:22 +0800] "GET /xingrg/login.html HTTP/1.1" 200 7641
61.170.233.201 - - [28/Jun/2023:10:58:22 +0800] "GET /xingrg/check_reg.html?_=1687921100867 HTTP/1.1" 200 22
116.235.240.62 - - [28/Jun/2023:10:58:23 +0800] "POST /xingrg/services/DataTransmitService HTTP/1.1" 200 2335
116.235.240.62 - - [28/Jun/2023:10:58:23 +0800] "POST /xingrg/services/DataTransmitService HTTP/1.1" 200 524
116.235.240.62 - - [28/Jun/2023:10:58:23 +0800] "GET /xingrg/all/function/internal_message.html?_=1687921113037&CODE_STATE=getMsg HTTP/1.1" 200 27
116.235.240.62 - - [28/Jun/2023:10:58:24 +0800] "POST /xingrg/services/DataTransmitService HTTP/1.1" 200 2335
101.83.145.52 - - [28/Jun/2023:10:58:27 +0800] "GET /xingrg/all/function/internal_message.html?_=1687920928207&CODE_STATE=getMsg HTTP/1.1" 200 27
222.70.180.90 - - [28/Jun/2023:10:58:27 +0800] "GET /xingrg/kc/buy/cgsh_order_operate.html?command=get_materiel&rest_code=00111&code=00101004030&supplier_code=00100312&order_time=2023-06-28 HTTP/1.1" 200 408
120.253.135.82 - - [28/Jun/2023:10:58:27 +0800] "GET /xingrg/check_reg.html?_=1687920937861 HTTP/1.1" 200 22
120.253.135.82 - - [28/Jun/2023:10:58:28 +0800] "GET /xingrg/all/function/internal_message.html?_=1687920938187&CODE_STATE=getMsg HTTP/1.1" 200 27
116.235.240.62 - - [28/Jun/2023:10:58:28 +0800] "POST /xingrg/services/DataTransmitService HTTP/1.1" 200 524
116.238.96.78 - - [28/Jun/2023:10:58:28 +0800] "GET /xingrg/all/function/internal_message.html?_=1687921109201&CODE_STATE=getMsg HTTP/1.1" 200 27
116.235.240.62 - - [28/Jun/2023:10:58:29 +0800] "POST /xingrg/services/DataTransmitService HTTP/1.1" 200 2335
101.83.145.52 - - [28/Jun/2023:10:58:32 +0800] "GET /xingrg/kc/buy/cgsh_order_operate.html?command=get_materiel&rest_code=00105&code=00101009001&supplier_code=00100024&order_time=2023-06-28 HTTP/1.1" 200 416
116.235.240.62 - - [28/Jun/2023:10:58:33 +0800] "POST /xingrg/services/DataTransmitService HTTP/1.1" 200 524
222.70.114.12 - - [28/Jun/2023:10:58:34 +0800] "GET /xingrg/all/function/internal_message.html?_=1687921118668&CODE_STATE=getMsg HTTP/1.1" 200 27
116.235.240.62 - - [28/Jun/2023:10:58:34 +0800] "POST /xingrg/services/DataTransmitService HTTP/1.1" 200 2335
116.235.240.62 - - [28/Jun/2023:10:58:35 +0800] "POST /xingrg/services/DataTransmitService HTTP/1.1" 200 524
222.70.180.90 - - [28/Jun/2023:10:58:35 +0800] "GET /xingrg/kc/buy/cgsh_order_operate.html?command=get_materiel&rest_code=00111&code=00101004057&supplier_code=00100312&order_time=2023-06-28 HTTP/1.1" 200 409
116.235.240.62 - - [28/Jun/2023:10:58:36 +0800] "POST /xingrg/services/DataTransmitService HTTP/1.1" 200 2335
114.85.113.108 - - [28/Jun/2023:10:58:37 +0800] "GET /xingrg/all/function/internal_message.html?_=1687921112674&CODE_STATE=getMsg HTTP/1.1" 200 27
180.169.147.146 - - [28/Jun/2023:10:58:39 +0800] "GET /xingrg/all/function/internal_message.html?_=1687921118083&CODE_STATE=getMsg HTTP/1.1" 200 27
101.83.241.57 - - [28/Jun/2023:10:58:43 +0800] "GET /xingrg/all/function/internal_message.html?_=1687921237028&CODE_STATE=getMsg HTTP/1.1" 200 27
101.83.241.57 - - [28/Jun/2023:10:58:43 +0800] "GET /xingrg/check_reg.html?_=1687921237029 HTTP/1.1" 200 22
180.157.251.128 - - [28/Jun/2023:10:58:47 +0800] "GET /xingrg/all/function/internal_message.html?_=1687921128209&CODE_STATE=getMsg HTTP/1.1" 200 27
222.70.180.90 - - [28/Jun/2023:10:58:47 +0800] "GET /xingrg/kc/buy/cgsh_order_operate.html?command=get_materiel&rest_code=00111&code=00101005017&supplier_code=00100312&order_time=2023-06-28 HTTP/1.1" 200 409
120.253.135.82 - - [28/Jun/2023:10:58:49 +0800] "GET /xingrg/all/function/internal_message.html?_=1687920959449&CODE_STATE=getMsg HTTP/1.1" 200 27
116.238.191.126 - - [28/Jun/2023:10:58:50 +0800] "GET /xingrg/all/function/internal_message.html?_=1687921050345&CODE_STATE=getMsg HTTP/1.1" 200 27
61.170.233.201 - - [28/Jun/2023:10:58:56 +0800] "GET /xingrg/all/function/internal_message.html?_=1687921136558&CODE_STATE=getMsg HTTP/1.1" 200 27
222.70.180.90 - - [28/Jun/2023:10:59:01 +0800] "GET /xingrg/kc/buy/cgsh_order_operate.html?command=get_materiel&rest_code=00111&code=00101004050&supplier_code=00100312&order_time=2023-06-28 HTTP/1.1" 200 411
116.232.195.127 - - [28/Jun/2023:10:59:01 +0800] "GET /xingrg/all/function/internal_message.html?_=1687921125240&CODE_STATE=getMsg HTTP/1.1" 200 27
180.165.154.167 - - [28/Jun/2023:10:59:03 +0800] "GET /xingrg/all/function/internal_message.html?_=1687921143362&CODE_STATE=getMsg HTTP/1.1" 200 27
101.83.145.52 - - [28/Jun/2023:10:59:06 +0800] "GET /xingrg/kc/buy/cgsh_order_operate.html?command=get_materiel&rest_code=00105&code=00101009062&supplier_code=00100024&order_time=2023-06-28 HTTP/1.1" 200 412
