116.238.96.78 - - [28/Jun/2023:11:09:41 +0800] "GET /xingrg/kc/print/load_data.html?_=1687921793480&order_code=452023062800277&kc_code=check&condition= HTTP/1.1" 200 22013
101.83.241.57 - - [28/Jun/2023:11:09:43 +0800] "GET /xingrg/all/function/internal_message.html?_=1687921897017&CODE_STATE=getMsg HTTP/1.1" 200 27
180.165.154.167 - - [28/Jun/2023:11:09:46 +0800] "GET /xingrg/kc/base/wldb_order_operate.html?command=get_materiel&rest_code=00108&base_code=0010538&code=00101019390 HTTP/1.1" 200 469
180.157.251.128 - - [28/Jun/2023:11:09:47 +0800] "GET /xingrg/all/function/internal_message.html?_=1687921788226&CODE_STATE=getMsg HTTP/1.1" 200 27
120.253.135.82 - - [28/Jun/2023:11:09:49 +0800] "GET /xingrg/all/function/internal_message.html?_=1687921619631&CODE_STATE=getMsg HTTP/1.1" 200 27
116.238.191.126 - - [28/Jun/2023:11:09:50 +0800] "GET /xingrg/all/function/internal_message.html?_=1687921710537&CODE_STATE=getMsg HTTP/1.1" 200 27
116.235.240.62 - - [28/Jun/2023:11:09:52 +0800] "GET /xingrg/check_reg.html?_=1687921802731 HTTP/1.1" 200 22
180.169.147.146 - - [28/Jun/2023:11:09:54 +0800] "POST /xingrg/kc/buy/cgsh_list_operate.html HTTP/1.1" 200 6389
180.165.154.167 - - [28/Jun/2023:11:09:55 +0800] "GET /xingrg/kc/base/wldb_order_operate.html?command=get_materiel&rest_code=00108&base_code=0010538&code=00101019529 HTTP/1.1" 200 474
120.253.135.82 - - [28/Jun/2023:11:09:55 +0800] "GET /xingrg/all/function/internal_message.html?_=1687921625652&CODE_STATE=getMsg HTTP/1.1" 200 27
61.170.233.201 - - [28/Jun/2023:11:09:56 +0800] "GET /xingrg/check_reg.html?_=1687921796577 HTTP/1.1" 200 22
61.170.233.201 - - [28/Jun/2023:11:09:56 +0800] "GET /xingrg/all/function/internal_message.html?_=1687921796580&CODE_STATE=getMsg HTTP/1.1" 200 27
116.232.195.127 - - [28/Jun/2023:11:10:00 +0800] "GET /xingrg/check_reg.html?_=1687921784155 HTTP/1.1" 200 22
116.232.195.127 - - [28/Jun/2023:11:10:01 +0800] "GET /xingrg/all/function/internal_message.html?_=1687921785054&CODE_STATE=getMsg HTTP/1.1" 200 27
180.165.154.167 - - [28/Jun/2023:11:10:03 +0800] "POST /xingrg/kc/base/wldb_order_operate.html HTTP/1.1" 200 37
101.229.22.40 - - [28/Jun/2023:11:10:03 +0800] "GET /xingrg/all/function/internal_message.html?_=1687921803047&CODE_STATE=getMsg HTTP/1.1" 200 27
180.165.154.167 - - [28/Jun/2023:11:10:03 +0800] "POST /xingrg/kc/base/wldb_order_operate.html HTTP/1.1" 200 3198
180.165.154.167 - - [28/Jun/2023:11:10:04 +0800] "GET /xingrg/kc/base/wldb_order_info.html?code=422023062802375 HTTP/1.1" 200 30405
180.165.154.167 - - [28/Jun/2023:11:10:04 +0800] "GET /xingrg/javascript/easyui/themes/default/validatebox.css HTTP/1.1" 404 1104
180.165.154.167 - - [28/Jun/2023:11:10:05 +0800] "POST /xingrg/kc/base/wldb_order_operate.html HTTP/1.1" 200 3198
180.169.147.146 - - [28/Jun/2023:11:10:11 +0800] "POST /xingrg/kc/buy/cgsh_list_operate.html HTTP/1.1" 200 6253
180.169.147.146 - - [28/Jun/2023:11:10:11 +0800] "GET /xingrg/all/function/internal_message.html?_=1687921810085&CODE_STATE=getMsg HTTP/1.1" 200 27
180.165.154.167 - - [28/Jun/2023:11:10:13 +0800] "GET /xingrg/kc/base/wldb_order_add.html HTTP/1.1" 200 30391
180.165.154.167 - - [28/Jun/2023:11:10:13 +0800] "POST /xingrg/kc/base/wldb_order_operate.html HTTP/1.1" 200 6806
180.165.154.167 - - [28/Jun/2023:11:10:13 +0800] "GET /xingrg/javascript/easyui/themes/default/validatebox.css HTTP/1.1" 404 1104
222.70.180.90 - - [28/Jun/2023:11:10:13 +0800] "GET /xingrg/all/function/internal_message.html?_=1687921812098&CODE_STATE=getMsg HTTP/1.1" 200 27
116.238.96.78 - - [28/Jun/2023:11:10:14 +0800] "GET /xingrg/check_reg.html?_=1687921826915 HTTP/1.1" 200 22
180.157.251.128 - - [28/Jun/2023:11:10:15 +0800] "GET /xingrg/kc/buy/cgsh_order_operate.html?command=get_materiel&rest_code=00148&code=00101008357&supplier_code=00100008&order_time=2023-06-28 HTTP/1.1" 200 408
222.67.234.146 - - [28/Jun/2023:11:10:17 +0800] "GET /xingrg/all/function/internal_message.html?_=1687921305163&CODE_STATE=getMsg HTTP/1.1" 200 27
61.170.233.201 - - [28/Jun/2023:11:10:21 +0800] "GET /xingrg/all/function/internal_message.html?_=1687921820020&CODE_STATE=getMsg HTTP/1.1" 200 27
180.165.154.167 - - [28/Jun/2023:11:10:22 +0800] "GET /xingrg/kc/base/wldb_order_operate.html?command=get_materiel&rest_code=00108&base_code=0010539&code=00102002441 HTTP/1.1" 200 448
116.235.240.62 - - [28/Jun/2023:11:10:24 +0800] "GET /xingrg/all/function/internal_message.html?_=1687921834427&CODE_STATE=getMsg HTTP/1.1" 200 27
116.238.96.78 - - [28/Jun/2023:11:10:25 +0800] "GET /xingrg/all/function/internal_message.html?_=1687921838461&CODE_STATE=getMsg HTTP/1.1" 200 27
101.83.145.52 - - [28/Jun/2023:11:10:27 +0800] "GET /xingrg/all/function/internal_message.html?_=1687921648067&CODE_STATE=getMsg HTTP/1.1" 200 27
101.83.145.52 - - [28/Jun/2023:11:10:27 +0800] "GET /xingrg/check_reg.html?_=1687921648717 HTTP/1.1" 200 22
116.238.96.78 - - [28/Jun/2023:11:10:28 +0800] "GET /xingrg/all/function/internal_message.html?_=1687921829017&CODE_STATE=getMsg HTTP/1.1" 200 27
116.238.96.78 - - [28/Jun/2023:11:10:28 +0800] "POST /xingrg/kc/base/check_list_operate.html HTTP/1.1" 200 1563
180.165.154.167 - - [28/Jun/2023:11:10:29 +0800] "POST /xingrg/kc/base/wldb_order_operate.html HTTP/1.1" 200 37
180.165.154.167 - - [28/Jun/2023:11:10:30 +0800] "POST /xingrg/kc/base/wldb_order_operate.html HTTP/1.1" 200 2199
180.165.154.167 - - [28/Jun/2023:11:10:31 +0800] "GET /xingrg/kc/base/wldb_order_info.html?code=422023062802376 HTTP/1.1" 200 30405
180.165.154.167 - - [28/Jun/2023:11:10:31 +0800] "GET /xingrg/javascript/easyui/themes/default/validatebox.css HTTP/1.1" 404 1104
180.165.154.167 - - [28/Jun/2023:11:10:32 +0800] "POST /xingrg/kc/base/wldb_order_operate.html HTTP/1.1" 200 2199
116.238.96.78 - - [28/Jun/2023:11:10:32 +0800] "POST /xingrg/kc/base/check_list_operate.html HTTP/1.1" 200 4
222.70.114.12 - - [28/Jun/2023:11:10:34 +0800] "GET /xingrg/check_reg.html?_=1687921838693 HTTP/1.1" 200 22
222.70.114.12 - - [28/Jun/2023:11:10:34 +0800] "GET /xingrg/all/function/internal_message.html?_=1687921838694&CODE_STATE=getMsg HTTP/1.1" 200 27
180.165.154.167 - - [28/Jun/2023:11:10:34 +0800] "GET /xingrg/kc/base/wldb_order_add.html HTTP/1.1" 200 30391
180.165.154.167 - - [28/Jun/2023:11:10:34 +0800] "POST /xingrg/kc/base/wldb_order_operate.html HTTP/1.1" 200 6806
180.165.154.167 - - [28/Jun/2023:11:10:34 +0800] "GET /xingrg/javascript/easyui/themes/default/validatebox.css HTTP/1.1" 404 1104
116.238.96.78 - - [28/Jun/2023:11:10:35 +0800] "POST /xingrg/kc/base/check_list_operate.html HTTP/1.1" 200 781
180.157.251.128 - - [28/Jun/2023:11:10:36 +0800] "POST /xingrg/kc/buy/cgsh_order_operate.html HTTP/1.1" 200 37
114.85.39.217 - - [28/Jun/2023:11:10:36 +0800] "GET /xingrg/all/function/internal_message.html?_=1687920616278&CODE_STATE=getMsg HTTP/1.1" 200 27
114.85.113.108 - - [28/Jun/2023:11:10:37 +0800] "GET /xingrg/all/function/internal_message.html?_=1687921832477&CODE_STATE=getMsg HTTP/1.1" 200 27
180.157.251.128 - - [28/Jun/2023:11:10:38 +0800] "POST /xingrg/kc/buy/cgsh_order_operate.html HTTP/1.1" 200 15658
101.83.145.52 - - [28/Jun/2023:11:10:43 +0800] "POST /xingrg/services/DataTransmitService HTTP/1.1" 200 524
101.83.241.57 - - [28/Jun/2023:11:10:43 +0800] "GET /xingrg/all/function/internal_message.html?_=1687921957026&CODE_STATE=getMsg HTTP/1.1" 200 27
101.83.145.52 - - [28/Jun/2023:11:10:44 +0800] "POST /xingrg/services/DataTransmitService HTTP/1.1" 200 412
180.165.154.167 - - [28/Jun/2023:11:10:46 +0800] "GET /xingrg/kc/base/wldb_order_operate.html?command=get_materiel&rest_code=00108&base_code=0010879&code=00101014040 HTTP/1.1" 200 434
180.157.251.128 - - [28/Jun/2023:11:10:47 +0800] "GET /xingrg/all/function/internal_message.html?_=1687921848227&CODE_STATE=getMsg HTTP/1.1" 200 27
120.253.135.82 - - [28/Jun/2023:11:10:49 +0800] "GET /xingrg/all/function/internal_message.html?_=1687921679659&CODE_STATE=getMsg HTTP/1.1" 200 27
116.238.191.126 - - [28/Jun/2023:11:10:50 +0800] "GET /xingrg/all/function/internal_message.html?_=1687921770540&CODE_STATE=getMsg HTTP/1.1" 200 27
180.157.251.128 - - [28/Jun/2023:11:10:52 +0800] "GET /xingrg/kc/buy/cgsh_order_operate.html?command=get_materiel&rest_code=00148&code=00101008286&supplier_code=00100008&order_time=2023-06-28 HTTP/1.1" 200 408
180.165.154.167 - - [28/Jun/2023:11:10:53 +0800] "POST /xingrg/kc/base/wldb_order_operate.html HTTP/1.1" 200 37
114.85.113.108 - - [28/Jun/2023:11:10:54 +0800] "GET /xingrg/check_reg.html?_=1687921849114 HTTP/1.1" 200 22
180.165.154.167 - - [28/Jun/2023:11:10:54 +0800] "POST /xingrg/kc/base/wldb_order_operate.html HTTP/1.1" 200 2184
120.253.135.82 - - [28/Jun/2023:11:10:55 +0800] "GET /xingrg/all/function/internal_message.html?_=1687921685666&CODE_STATE=getMsg HTTP/1.1" 200 27
61.170.233.201 - - [28/Jun/2023:11:10:56 +0800] "GET /xingrg/all/function/internal_message.html?_=1687921856580&CODE_STATE=getMsg HTTP/1.1" 200 27
180.165.154.167 - - [28/Jun/2023:11:10:57 +0800] "GET /xingrg/kc/base/wldb_order_info.html?code=422023062802377 HTTP/1.1" 200 30407
180.165.154.167 - - [28/Jun/2023:11:10:57 +0800] "GET /xingrg/javascript/easyui/themes/default/validatebox.css HTTP/1.1" 404 1104
180.165.154.167 - - [28/Jun/2023:11:10:58 +0800] "POST /xingrg/kc/base/wldb_order_operate.html HTTP/1.1" 200 2184
180.165.154.167 - - [28/Jun/2023:11:11:00 +0800] "GET /xingrg/kc/base/wldb_order_add.html HTTP/1.1" 200 30391
180.165.154.167 - - [28/Jun/2023:11:11:00 +0800] "POST /xingrg/kc/base/wldb_order_operate.html HTTP/1.1" 200 6806
180.165.154.167 - - [28/Jun/2023:11:11:00 +0800] "GET /xingrg/javascript/easyui/themes/default/validatebox.css HTTP/1.1" 404 1104
116.232.195.127 - - [28/Jun/2023:11:11:01 +0800] "GET /xingrg/all/function/internal_message.html?_=1687921845033&CODE_STATE=getMsg HTTP/1.1" 200 27
101.229.22.40 - - [28/Jun/2023:11:11:03 +0800] "GET /xingrg/all/function/internal_message.html?_=1687921863039&CODE_STATE=getMsg HTTP/1.1" 200 27
180.165.154.167 - - [28/Jun/2023:11:11:03 +0800] "GET /xingrg/all/function/internal_message.html?_=1687921863363&CODE_STATE=getMsg HTTP/1.1" 200 27
180.165.154.167 - - [28/Jun/2023:11:11:09 +0800] "GET /xingrg/kc/base/wldb_order_operate.html?command=get_materiel&rest_code=00108&base_code=0010539&code=00102004006 HTTP/1.1" 200 442
180.169.147.146 - - [28/Jun/2023:11:11:11 +0800] "GET /xingrg/all/function/internal_message.html?_=1687921870080&CODE_STATE=getMsg HTTP/1.1" 200 27
222.70.180.90 - - [28/Jun/2023:11:11:13 +0800] "GET /xingrg/all/function/internal_message.html?_=1687921872099&CODE_STATE=getMsg HTTP/1.1" 200 27
180.165.154.167 - - [28/Jun/2023:11:11:14 +0800] "GET /xingrg/kc/base/wldb_order_operate.html?command=get_materiel&rest_code=00108&base_code=0010539&code=00102002321 HTTP/1.1" 200 447
180.169.147.146 - - [28/Jun/2023:11:11:16 +0800] "POST /xingrg/kc/buy/cgsh_list_operate.html HTTP/1.1" 200 6342
222.67.234.146 - - [28/Jun/2023:11:11:17 +0800] "GET /xingrg/all/function/internal_message.html?_=1687921365162&CODE_STATE=getMsg HTTP/1.1" 200 27
222.67.234.146 - - [28/Jun/2023:11:11:17 +0800] "GET /xingrg/check_reg.html?_=1687921365405 HTTP/1.1" 200 22
180.165.154.167 - - [28/Jun/2023:11:11:20 +0800] "GET /xingrg/kc/base/wldb_order_operate.html?command=get_materiel&rest_code=00108&base_code=0010539&code=00102002448 HTTP/1.1" 200 440
61.170.233.201 - - [28/Jun/2023:11:11:21 +0800] "GET /xingrg/all/function/internal_message.html?_=1687921879991&CODE_STATE=getMsg HTTP/1.1" 200 27
180.163.29.234 - - [28/Jun/2023:11:11:22 +0800] "GET /xingrg/all/function/internal_message.html?_=1687921820020&CODE_STATE=getMsg HTTP/1.1" 302 -
180.163.29.234 - - [28/Jun/2023:11:11:22 +0800] "GET /xingrg/login.html HTTP/1.1" 200 7641
180.169.147.146 - - [28/Jun/2023:11:11:22 +0800] "POST /xingrg/kc/buy/cgsh_list_operate.html HTTP/1.1" 200 199
116.235.240.62 - - [28/Jun/2023:11:11:24 +0800] "GET /xingrg/all/function/internal_message.html?_=1687921894440&CODE_STATE=getMsg HTTP/1.1" 200 27
116.238.96.78 - - [28/Jun/2023:11:11:25 +0800] "GET /xingrg/all/function/internal_message.html?_=1687921898440&CODE_STATE=getMsg HTTP/1.1" 200 27
180.165.154.167 - - [28/Jun/2023:11:11:25 +0800] "GET /xingrg/kc/base/wldb_order_operate.html?command=get_materiel&rest_code=00108&base_code=0010539&code=00102002380 HTTP/1.1" 200 431
101.83.145.52 - - [28/Jun/2023:11:11:27 +0800] "GET /xingrg/all/function/internal_message.html?_=1687921708056&CODE_STATE=getMsg HTTP/1.1" 200 27
116.238.96.78 - - [28/Jun/2023:11:11:28 +0800] "GET /xingrg/all/function/internal_message.html?_=1687921888995&CODE_STATE=getMsg HTTP/1.1" 200 27
180.165.154.167 - - [28/Jun/2023:11:11:30 +0800] "GET /xingrg/kc/base/wldb_order_operate.html?command=get_materiel&rest_code=00108&base_code=0010539&code=00102001016 HTTP/1.1" 200 432
222.70.114.12 - - [28/Jun/2023:11:11:34 +0800] "GET /xingrg/all/function/internal_message.html?_=1687921898691&CODE_STATE=getMsg HTTP/1.1" 200 27
114.85.39.217 - - [28/Jun/2023:11:11:36 +0800] "GET /xingrg/all/function/internal_message.html?_=1687920676279&CODE_STATE=getMsg HTTP/1.1" 200 27
180.169.147.146 - - [28/Jun/2023:11:11:37 +0800] "POST /xingrg/kc/buy/cgsh_list_operate.html HTTP/1.1" 200 4
114.85.113.108 - - [28/Jun/2023:11:11:37 +0800] "GET /xingrg/all/function/internal_message.html?_=1687921892452&CODE_STATE=getMsg HTTP/1.1" 200 27
180.165.154.167 - - [28/Jun/2023:11:11:38 +0800] "POST /xingrg/kc/base/wldb_order_operate.html HTTP/1.1" 200 37
180.165.154.167 - - [28/Jun/2023:11:11:39 +0800] "POST /xingrg/kc/base/wldb_order_operate.html HTTP/1.1" 200 3156
180.165.154.167 - - [28/Jun/2023:11:11:39 +0800] "GET /xingrg/kc/base/wldb_order_info.html?code=422023062802378 HTTP/1.1" 200 30406
180.165.154.167 - - [28/Jun/2023:11:11:39 +0800] "GET /xingrg/javascript/easyui/themes/default/validatebox.css HTTP/1.1" 404 1104
180.165.154.167 - - [28/Jun/2023:11:11:40 +0800] "POST /xingrg/kc/base/wldb_order_operate.html HTTP/1.1" 200 3156
180.165.154.167 - - [28/Jun/2023:11:11:42 +0800] "GET /xingrg/kc/base/wldb_order_add.html HTTP/1.1" 200 30391
180.165.154.167 - - [28/Jun/2023:11:11:42 +0800] "POST /xingrg/kc/base/wldb_order_operate.html HTTP/1.1" 200 6806
180.165.154.167 - - [28/Jun/2023:11:11:42 +0800] "GET /xingrg/javascript/easyui/themes/default/validatebox.css HTTP/1.1" 404 1104
101.83.241.57 - - [28/Jun/2023:11:11:43 +0800] "GET /xingrg/all/function/internal_message.html?_=1687922017025&CODE_STATE=getMsg HTTP/1.1" 200 27
180.169.147.146 - - [28/Jun/2023:11:11:45 +0800] "POST /xingrg/kc/buy/cgsh_list_operate.html HTTP/1.1" 200 6333
180.157.251.128 - - [28/Jun/2023:11:11:47 +0800] "GET /xingrg/all/function/internal_message.html?_=1687921908236&CODE_STATE=getMsg HTTP/1.1" 200 27
180.157.251.128 - - [28/Jun/2023:11:11:47 +0800] "GET /xingrg/check_reg.html?_=1687921908241 HTTP/1.1" 200 22
120.253.135.82 - - [28/Jun/2023:11:11:49 +0800] "GET /xingrg/all/function/internal_message.html?_=1687921739674&CODE_STATE=getMsg HTTP/1.1" 200 27
116.238.191.126 - - [28/Jun/2023:11:11:49 +0800] "GET /xingrg/check_reg.html?_=1687921829510 HTTP/1.1" 200 22
116.238.191.126 - - [28/Jun/2023:11:11:50 +0800] "GET /xingrg/all/function/internal_message.html?_=1687921830553&CODE_STATE=getMsg HTTP/1.1" 200 27
180.165.154.167 - - [28/Jun/2023:11:11:51 +0800] "GET /xingrg/kc/base/wldb_order_operate.html?command=get_materiel&rest_code=00108&base_code=0010538&code=00101019391 HTTP/1.1" 200 485
180.169.147.146 - - [28/Jun/2023:11:11:53 +0800] "POST /xingrg/kc/buy/cgsh_list_operate.html HTTP/1.1" 200 1876
120.253.135.82 - - [28/Jun/2023:11:11:55 +0800] "GET /xingrg/all/function/internal_message.html?_=1687921745682&CODE_STATE=getMsg HTTP/1.1" 200 27
61.170.233.201 - - [28/Jun/2023:11:11:56 +0800] "GET /xingrg/all/function/internal_message.html?_=1687921916579&CODE_STATE=getMsg HTTP/1.1" 200 27
180.165.154.167 - - [28/Jun/2023:11:11:58 +0800] "GET /xingrg/kc/base/wldb_order_operate.html?command=get_materiel&rest_code=00108&base_code=0010538&code=00101019258 HTTP/1.1" 200 483
116.232.195.127 - - [28/Jun/2023:11:12:01 +0800] "GET /xingrg/all/function/internal_message.html?_=1687921905016&CODE_STATE=getMsg HTTP/1.1" 200 27
180.165.154.167 - - [28/Jun/2023:11:12:02 +0800] "GET /xingrg/kc/base/wldb_order_operate.html?command=get_materiel&rest_code=00108&base_code=0010538&code=00101019164 HTTP/1.1" 200 466
101.229.22.40 - - [28/Jun/2023:11:12:03 +0800] "GET /xingrg/all/function/internal_message.html?_=1687921923040&CODE_STATE=getMsg HTTP/1.1" 200 27
180.165.154.167 - - [28/Jun/2023:11:12:03 +0800] "GET /xingrg/all/function/internal_message.html?_=1687921923331&CODE_STATE=getMsg HTTP/1.1" 200 27
116.232.195.127 - - [28/Jun/2023:11:12:08 +0800] "GET /xingrg/kc/buy/cgsh_order_add.html HTTP/1.1" 200 71667
116.232.195.127 - - [28/Jun/2023:11:12:08 +0800] "GET /xingrg/words/20230628102723_words.js HTTP/1.1" 200 970900
180.157.251.128 - - [28/Jun/2023:11:12:08 +0800] "GET /xingrg/kc/buy/cgsh_order_operate.html?command=get_materiel&rest_code=00148&code=00101008131&supplier_code=00100008&order_time=2023-06-28 HTTP/1.1" 200 409
116.232.195.127 - - [28/Jun/2023:11:12:09 +0800] "POST /xingrg/kc/buy/cgsh_order_operate.html HTTP/1.1" 200 8245
116.232.195.127 - - [28/Jun/2023:11:12:09 +0800] "GET /xingrg/javascript/easyui/themes/default/validatebox.css HTTP/1.1" 404 1104
116.232.195.127 - - [28/Jun/2023:11:12:10 +0800] "GET /xingrg/javascript/auto/indicator.gif HTTP/1.1" 404 1066
116.232.195.127 - - [28/Jun/2023:11:12:11 +0800] "GET /xingrg/javascript/jquery_tools/images/prev.gif HTTP/1.1" 404 1086
116.232.195.127 - - [28/Jun/2023:11:12:11 +0800] "GET /xingrg/javascript/jquery_tools/images/next.gif HTTP/1.1" 404 1086
180.169.147.146 - - [28/Jun/2023:11:12:11 +0800] "GET /xingrg/all/function/internal_message.html?_=1687921930079&CODE_STATE=getMsg HTTP/1.1" 200 27
222.70.180.90 - - [28/Jun/2023:11:12:13 +0800] "GET /xingrg/all/function/internal_message.html?_=1687921932099&CODE_STATE=getMsg HTTP/1.1" 200 27
222.67.234.146 - - [28/Jun/2023:11:12:17 +0800] "GET /xingrg/all/function/internal_message.html?_=1687921425170&CODE_STATE=getMsg HTTP/1.1" 200 27
116.232.195.127 - - [28/Jun/2023:11:12:19 +0800] "GET /xingrg/kc/buy/cgsh_order_operate.html?command=get_materiel&rest_code=00155&code=00101001037&supplier_code=00100090&order_time=2023-06-28 HTTP/1.1" 200 418
114.85.39.217 - - [28/Jun/2023:11:12:21 +0800] "GET /xingrg HTTP/1.1" 302 -
114.85.39.217 - - [28/Jun/2023:11:12:21 +0800] "GET /favicon.ico HTTP/1.1" 404 -
114.85.39.217 - - [28/Jun/2023:11:12:21 +0800] "GET /xingrg/index.html HTTP/1.1" 200 17179
61.170.233.201 - - [28/Jun/2023:11:12:21 +0800] "GET /xingrg/all/function/internal_message.html?_=1687921939968&CODE_STATE=getMsg HTTP/1.1" 200 27
180.163.29.79 - - [28/Jun/2023:11:12:22 +0800] "GET /xingrg/all/function/internal_message.html?_=1687921879991&CODE_STATE=getMsg HTTP/1.1" 302 -
180.163.29.79 - - [28/Jun/2023:11:12:22 +0800] "GET /xingrg/login.html HTTP/1.1" 200 7641
114.85.39.217 - - [28/Jun/2023:11:12:22 +0800] "GET /xingrg/all/function/internal_message.html?_=1687920721746&CODE_STATE=count HTTP/1.1" 200 11
114.85.39.217 - - [28/Jun/2023:11:12:22 +0800] "GET /xingrg/check_reg.html?_=1687920721747 HTTP/1.1" 200 22
114.85.39.217 - - [28/Jun/2023:11:12:22 +0800] "GET /favicon.ico HTTP/1.1" 404 -
114.85.39.217 - - [28/Jun/2023:11:12:22 +0800] "POST /xingrg/all/common/load_tree.html?tree=area_rest_tree_json&manage=1 HTTP/1.1" 200 351
114.85.39.217 - - [28/Jun/2023:11:12:22 +0800] "POST /xingrg/load_menu.html HTTP/1.1" 200 5138
116.235.240.62 - - [28/Jun/2023:11:12:24 +0800] "GET /xingrg/all/function/internal_message.html?_=1687921954711&CODE_STATE=getMsg HTTP/1.1" 200 27
114.85.39.217 - - [28/Jun/2023:11:12:24 +0800] "GET /xingrg/kc/buy/buy_main.html HTTP/1.1" 200 12412
114.85.39.217 - - [28/Jun/2023:11:12:24 +0800] "GET /xingrg/css/new_ie.css HTTP/1.1" 404 1036
114.85.39.217 - - [28/Jun/2023:11:12:25 +0800] "GET /xingrg/images/yd/bt.gif HTTP/1.1" 404 1040
116.238.96.78 - - [28/Jun/2023:11:12:25 +0800] "GET /xingrg/all/function/internal_message.html?_=1687921958419&CODE_STATE=getMsg HTTP/1.1" 200 27
114.85.39.217 - - [28/Jun/2023:11:12:26 +0800] "GET /xingrg/kc/buy/cgsh_order_list.html HTTP/1.1" 200 55844
101.83.145.52 - - [28/Jun/2023:11:12:27 +0800] "GET /xingrg/all/function/internal_message.html?_=1687921768049&CODE_STATE=getMsg HTTP/1.1" 200 27
116.238.96.78 - - [28/Jun/2023:11:12:28 +0800] "GET /xingrg/all/function/internal_message.html?_=1687921948972&CODE_STATE=getMsg HTTP/1.1" 200 27
116.238.96.78 - - [28/Jun/2023:11:12:29 +0800] "GET /xingrg/check_reg.html?_=1687921950069 HTTP/1.1" 200 22
180.169.147.146 - - [28/Jun/2023:11:12:30 +0800] "POST /xingrg/kc/buy/cgsh_list_operate.html HTTP/1.1" 200 199
222.70.114.12 - - [28/Jun/2023:11:12:34 +0800] "GET /xingrg/all/function/internal_message.html?_=1687921958689&CODE_STATE=getMsg HTTP/1.1" 200 27
180.169.147.146 - - [28/Jun/2023:11:12:35 +0800] "POST /xingrg/kc/buy/cgsh_list_operate.html HTTP/1.1" 200 4
114.85.39.217 - - [28/Jun/2023:11:12:36 +0800] "GET /xingrg/check_reg.html?_=1687920736281 HTTP/1.1" 200 22
114.85.39.217 - - [28/Jun/2023:11:12:36 +0800] "GET /xingrg/all/function/internal_message.html?_=1687920736285&CODE_STATE=getMsg HTTP/1.1" 200 27
114.85.39.217 - - [28/Jun/2023:11:12:37 +0800] "POST /xingrg/kc/buy/cgsh_list_operate.html HTTP/1.1" 200 2312
114.85.113.108 - - [28/Jun/2023:11:12:37 +0800] "GET /xingrg/all/function/internal_message.html?_=1687921952426&CODE_STATE=getMsg HTTP/1.1" 200 27
116.232.195.127 - - [28/Jun/2023:11:12:37 +0800] "GET /xingrg/kc/buy/cgsh_order_operate.html?command=get_materiel&rest_code=00155&code=00101001140&supplier_code=00100090&order_time=2023-06-28 HTTP/1.1" 200 417
180.169.147.146 - - [28/Jun/2023:11:12:40 +0800] "POST /xingrg/kc/buy/cgsh_list_operate.html HTTP/1.1" 200 986
120.253.135.82 - - [28/Jun/2023:11:12:41 +0800] "GET /favicon.ico HTTP/1.1" 404 -
101.83.241.57 - - [28/Jun/2023:11:12:43 +0800] "GET /xingrg/all/function/internal_message.html?_=1687922077025&CODE_STATE=getMsg HTTP/1.1" 200 27
114.85.39.217 - - [28/Jun/2023:11:12:44 +0800] "GET /xingrg/kc/buy/cgsh_order_add.html HTTP/1.1" 200 70701
180.157.251.128 - - [28/Jun/2023:11:12:44 +0800] "GET /xingrg/kc/buy/cgsh_order_operate.html?command=get_materiel&rest_code=00148&code=00101008169&supplier_code=00100008&order_time=2023-06-28 HTTP/1.1" 200 412
114.85.39.217 - - [28/Jun/2023:11:12:44 +0800] "GET /xingrg/words/20230628102723_words.js HTTP/1.1" 304 -
114.85.39.217 - - [28/Jun/2023:11:12:45 +0800] "POST /xingrg/kc/buy/cgsh_order_operate.html HTTP/1.1" 200 8245
114.85.39.217 - - [28/Jun/2023:11:12:45 +0800] "GET /xingrg/javascript/easyui/themes/default/validatebox.css HTTP/1.1" 404 1104
114.85.39.217 - - [28/Jun/2023:11:12:45 +0800] "GET /xingrg/all/common/auto_word.html?type=employee&rest_code=00143 HTTP/1.1" 200 55
114.85.39.217 - - [28/Jun/2023:11:12:45 +0800] "GET /xingrg/all/common/auto_word.html?type=employee&rest_code=00143 HTTP/1.1" 200 55
180.157.251.128 - - [28/Jun/2023:11:12:47 +0800] "GET /xingrg/all/function/internal_message.html?_=1687921968238&CODE_STATE=getMsg HTTP/1.1" 200 27
120.253.135.82 - - [28/Jun/2023:11:12:48 +0800] "GET /xingrg/check_reg.html?_=1687921799071 HTTP/1.1" 200 22
120.253.135.82 - - [28/Jun/2023:11:12:49 +0800] "GET /xingrg/all/function/internal_message.html?_=1687921799686&CODE_STATE=getMsg HTTP/1.1" 200 27
114.85.39.217 - - [28/Jun/2023:11:12:49 +0800] "GET /xingrg/javascript/easyui/themes/default/tree.css HTTP/1.1" 404 1090
114.85.39.217 - - [28/Jun/2023:11:12:50 +0800] "POST /xingrg/all/common/load_tree.html?tree=supplier_tree_json&isDelete=1 HTTP/1.1" 200 74546
116.238.191.126 - - [28/Jun/2023:11:12:50 +0800] "GET /xingrg/all/function/internal_message.html?_=1687921890567&CODE_STATE=getMsg HTTP/1.1" 200 27
120.253.135.82 - - [28/Jun/2023:11:12:55 +0800] "GET /xingrg/all/function/internal_message.html?_=1687921805693&CODE_STATE=getMsg HTTP/1.1" 200 27
61.170.233.201 - - [28/Jun/2023:11:12:56 +0800] "GET /xingrg/all/function/internal_message.html?_=1687921976606&CODE_STATE=getMsg HTTP/1.1" 200 27
116.232.195.127 - - [28/Jun/2023:11:13:01 +0800] "GET /xingrg/all/function/internal_message.html?_=1687921964996&CODE_STATE=getMsg HTTP/1.1" 200 27
101.229.22.40 - - [28/Jun/2023:11:13:03 +0800] "GET /xingrg/all/function/internal_message.html?_=1687921983040&CODE_STATE=getMsg HTTP/1.1" 200 27
180.165.154.167 - - [28/Jun/2023:11:13:03 +0800] "GET /xingrg/all/function/internal_message.html?_=1687921983324&CODE_STATE=getMsg HTTP/1.1" 200 27
180.165.154.167 - - [28/Jun/2023:11:13:03 +0800] "GET /xingrg/check_reg.html?_=1687921983365 HTTP/1.1" 200 22
116.232.195.127 - - [28/Jun/2023:11:13:08 +0800] "GET /xingrg/kc/buy/cgsh_order_operate.html?command=get_materiel&rest_code=00155&code=00101001169&supplier_code=00100090&order_time=2023-06-28 HTTP/1.1" 200 417
180.169.147.146 - - [28/Jun/2023:11:13:11 +0800] "GET /xingrg/check_reg.html?_=1687921990073 HTTP/1.1" 200 22
180.169.147.146 - - [28/Jun/2023:11:13:11 +0800] "GET /xingrg/all/function/internal_message.html?_=1687921990074&CODE_STATE=getMsg HTTP/1.1" 200 27
222.70.180.90 - - [28/Jun/2023:11:13:13 +0800] "GET /xingrg/all/function/internal_message.html?_=1687921992099&CODE_STATE=getMsg HTTP/1.1" 200 27
222.67.234.146 - - [28/Jun/2023:11:13:17 +0800] "GET /xingrg/all/function/internal_message.html?_=1687921485172&CODE_STATE=getMsg HTTP/1.1" 200 27
116.232.195.127 - - [28/Jun/2023:11:13:21 +0800] "GET /xingrg/kc/buy/cgsh_order_operate.html?command=get_materiel&rest_code=00155&code=00101001093&supplier_code=00100090&order_time=2023-06-28 HTTP/1.1" 200 413
61.170.233.201 - - [28/Jun/2023:11:13:21 +0800] "GET /xingrg/all/function/internal_message.html?_=1687921999937&CODE_STATE=getMsg HTTP/1.1" 200 27
114.85.39.217 - - [28/Jun/2023:11:13:22 +0800] "GET /xingrg/all/function/internal_message.html?_=1687920781751&CODE_STATE=getMsg HTTP/1.1" 200 27
116.232.39.47 - - [28/Jun/2023:11:13:22 +0800] "POST /xingrg/services/DataTransmitService HTTP/1.1" 200 524
61.170.233.201 - - [28/Jun/2023:11:13:22 +0800] "GET /xingrg/check_reg.html?_=1687922000831 HTTP/1.1" 200 22
116.235.240.62 - - [28/Jun/2023:11:13:24 +0800] "GET /xingrg/all/function/internal_message.html?_=1687922014717&CODE_STATE=getMsg HTTP/1.1" 200 27
116.238.96.78 - - [28/Jun/2023:11:13:25 +0800] "GET /xingrg/all/function/internal_message.html?_=1687922018400&CODE_STATE=getMsg HTTP/1.1" 200 27
101.83.145.52 - - [28/Jun/2023:11:13:27 +0800] "GET /xingrg/all/function/internal_message.html?_=1687921828036&CODE_STATE=getMsg HTTP/1.1" 200 27
116.238.96.78 - - [28/Jun/2023:11:13:28 +0800] "GET /xingrg/all/function/internal_message.html?_=1687922008947&CODE_STATE=getMsg HTTP/1.1" 200 27
116.232.195.127 - - [28/Jun/2023:11:13:31 +0800] "GET /xingrg/kc/buy/cgsh_order_operate.html?command=get_materiel&rest_code=00155&code=00101004104&supplier_code=00100090&order_time=2023-06-28 HTTP/1.1" 200 428
222.70.114.12 - - [28/Jun/2023:11:13:34 +0800] "GET /xingrg/all/function/internal_message.html?_=1687922018688&CODE_STATE=getMsg HTTP/1.1" 200 27
114.85.39.217 - - [28/Jun/2023:11:13:36 +0800] "GET /xingrg/all/function/internal_message.html?_=1687920796276&CODE_STATE=getMsg HTTP/1.1" 200 27
114.85.113.108 - - [28/Jun/2023:11:13:37 +0800] "GET /xingrg/all/function/internal_message.html?_=1687922012409&CODE_STATE=getMsg HTTP/1.1" 200 27
120.253.135.82 - - [28/Jun/2023:11:13:39 +0800] "GET /xingrg/kc/pszx/mdqp_order_list.html?state=10 HTTP/1.1" 200 10275
120.253.135.82 - - [28/Jun/2023:11:13:39 +0800] "GET /xingrg/dwr/interface/AjaxReportQueryService.js HTTP/1.1" 200 13203
120.253.135.82 - - [28/Jun/2023:11:13:39 +0800] "GET /xingrg/dwr/interface/AjaxQqpsService.js HTTP/1.1" 200 16326
120.253.135.82 - - [28/Jun/2023:11:13:39 +0800] "GET /xingrg/dwr/engine.js HTTP/1.1" 200 43631
116.232.195.127 - - [28/Jun/2023:11:13:40 +0800] "POST /xingrg/kc/buy/cgsh_order_operate.html HTTP/1.1" 200 37
101.83.241.57 - - [28/Jun/2023:11:13:43 +0800] "GET /xingrg/all/function/internal_message.html?_=1687922137014&CODE_STATE=getMsg HTTP/1.1" 200 27
101.83.241.57 - - [28/Jun/2023:11:13:43 +0800] "GET /xingrg/check_reg.html?_=1687922137015 HTTP/1.1" 200 22
116.232.195.127 - - [28/Jun/2023:11:13:43 +0800] "POST /xingrg/kc/buy/cgsh_order_operate.html HTTP/1.1" 200 5046
116.232.195.127 - - [28/Jun/2023:11:13:45 +0800] "GET /xingrg/kc/print/load_data.html?order_code=212023062810364&kc_code=cgsh&condition= HTTP/1.1" 200 1669
180.165.154.167 - - [28/Jun/2023:11:13:47 +0800] "GET /xingrg/kc/base/wldb_order_operate.html?command=get_materiel&rest_code=00108&base_code=0010538&code=00101019142 HTTP/1.1" 200 463
180.157.251.128 - - [28/Jun/2023:11:13:47 +0800] "GET /xingrg/all/function/internal_message.html?_=1687922028234&CODE_STATE=getMsg HTTP/1.1" 200 27
116.232.195.127 - - [28/Jun/2023:11:13:48 +0800] "GET /xingrg/kc/buy/cgsh_order_add.html HTTP/1.1" 200 71667
116.232.195.127 - - [28/Jun/2023:11:13:49 +0800] "POST /xingrg/kc/buy/cgsh_order_operate.html HTTP/1.1" 200 8245
116.232.195.127 - - [28/Jun/2023:11:13:49 +0800] "GET /xingrg/javascript/easyui/themes/default/validatebox.css HTTP/1.1" 404 1104
120.253.135.82 - - [28/Jun/2023:11:13:49 +0800] "GET /xingrg/all/function/internal_message.html?_=1687921859701&CODE_STATE=getMsg HTTP/1.1" 200 27
116.238.191.126 - - [28/Jun/2023:11:13:50 +0800] "GET /xingrg/all/function/internal_message.html?_=1687921950581&CODE_STATE=getMsg HTTP/1.1" 200 27
120.253.135.82 - - [28/Jun/2023:11:13:55 +0800] "GET /xingrg/check_reg.html?_=1687921865644 HTTP/1.1" 200 22
120.253.135.82 - - [28/Jun/2023:11:13:55 +0800] "GET /xingrg/all/function/internal_message.html?_=1687921865707&CODE_STATE=getMsg HTTP/1.1" 200 27
61.170.233.201 - - [28/Jun/2023:11:13:56 +0800] "GET /xingrg/all/function/internal_message.html?_=1687922036606&CODE_STATE=getMsg HTTP/1.1" 200 27
116.232.195.127 - - [28/Jun/2023:11:13:58 +0800] "GET /xingrg/kc/buy/cgsh_order_operate.html?command=get_materiel&rest_code=00155&code=00101003003&supplier_code=00100093&order_time=2023-06-28 HTTP/1.1" 200 418
116.232.195.127 - - [28/Jun/2023:11:14:01 +0800] "GET /xingrg/all/function/internal_message.html?_=1687922024988&CODE_STATE=getMsg HTTP/1.1" 200 27
101.229.22.40 - - [28/Jun/2023:11:14:03 +0800] "GET /xingrg/check_reg.html?_=1687922043041 HTTP/1.1" 200 22
101.229.22.40 - - [28/Jun/2023:11:14:03 +0800] "GET /xingrg/all/function/internal_message.html?_=1687922043045&CODE_STATE=getMsg HTTP/1.1" 200 27
120.253.135.82 - - [28/Jun/2023:11:14:03 +0800] "GET /xingrg/index.html?sysBaseUrl=http%3A%2F%2F180.169.147.146%3A18081%2Fxingrg%2F&costTime=42×tamp=1677553372900 HTTP/1.1" 302 -
120.253.135.82 - - [28/Jun/2023:11:14:03 +0800] "GET /xingrg/login.html HTTP/1.1" 200 7641
180.165.154.167 - - [28/Jun/2023:11:14:03 +0800] "GET /xingrg/all/function/internal_message.html?_=1687922043305&CODE_STATE=getMsg HTTP/1.1" 200 27
120.253.135.82 - - [28/Jun/2023:11:14:04 +0800] "GET /favicon.ico HTTP/1.1" 404 -
124.79.243.110 - - [28/Jun/2023:11:14:05 +0800] "POST /xingrg/services/DataTransmitService HTTP/1.1" 200 524
124.79.243.110 - - [28/Jun/2023:11:14:06 +0800] "POST /xingrg/services/DataTransmitService HTTP/1.1" 200 412
116.232.195.127 - - [28/Jun/2023:11:14:09 +0800] "GET /xingrg/kc/buy/cgsh_order_operate.html?command=get_materiel&rest_code=00155&code=00101003040&supplier_code=00100093&order_time=2023-06-28 HTTP/1.1" 200 418
114.85.39.217 - - [28/Jun/2023:11:14:10 +0800] "GET /xingrg/javascript/auto/indicator.gif HTTP/1.1" 404 1066
180.169.147.146 - - [28/Jun/2023:11:14:11 +0800] "GET /xingrg/all/function/internal_message.html?_=1687922050087&CODE_STATE=getMsg HTTP/1.1" 200 27
180.157.251.128 - - [28/Jun/2023:11:14:12 +0800] "POST /xingrg/kc/buy/cgsh_order_operate.html HTTP/1.1" 200 2065
222.70.180.90 - - [28/Jun/2023:11:14:13 +0800] "GET /xingrg/check_reg.html?_=1687922052100 HTTP/1.1" 200 22
222.70.180.90 - - [28/Jun/2023:11:14:13 +0800] "GET /xingrg/all/function/internal_message.html?_=1687922052105&CODE_STATE=getMsg HTTP/1.1" 200 27
222.67.234.146 - - [28/Jun/2023:11:14:17 +0800] "GET /xingrg/all/function/internal_message.html?_=1687921545172&CODE_STATE=getMsg HTTP/1.1" 200 27
180.165.154.167 - - [28/Jun/2023:11:14:17 +0800] "GET /xingrg/kc/base/wldb_order_operate.html?command=get_materiel&rest_code=00108&base_code=0010538&code=00101019063 HTTP/1.1" 200 461
120.253.135.82 - - [28/Jun/2023:11:14:18 +0800] "POST /xingrg/login.do HTTP/1.1" 302 -
120.253.135.82 - - [28/Jun/2023:11:14:18 +0800] "GET /xingrg/index.html?sysBaseUrl=http%3A%2F%2F180.169.147.146%3A18081%2Fxingrg%2F&costTime=1654×tamp=1687922058171 HTTP/1.1" 200 17177
120.253.135.82 - - [28/Jun/2023:11:14:18 +0800] "GET /favicon.ico HTTP/1.1" 404 -
120.253.135.82 - - [28/Jun/2023:11:14:19 +0800] "POST /xingrg/all/common/load_tree.html?tree=area_rest_tree_json&manage=1 HTTP/1.1" 200 348
120.253.135.82 - - [28/Jun/2023:11:14:19 +0800] "GET /xingrg/check_reg.html?_=1687922086216 HTTP/1.1" 200 22
120.253.135.82 - - [28/Jun/2023:11:14:19 +0800] "GET /xingrg/all/function/internal_message.html?_=1687922086215&CODE_STATE=count HTTP/1.1" 200 11
120.253.135.82 - - [28/Jun/2023:11:14:20 +0800] "POST /xingrg/load_menu.html HTTP/1.1" 200 5138
116.232.195.127 - - [28/Jun/2023:11:14:20 +0800] "POST /xingrg/kc/buy/cgsh_order_operate.html HTTP/1.1" 200 37
180.163.29.219 - - [28/Jun/2023:11:14:21 +0800] "GET /xingrg/all/function/internal_message.html?_=1687921999937&CODE_STATE=getMsg HTTP/1.1" 302 -
180.163.29.219 - - [28/Jun/2023:11:14:21 +0800] "GET /xingrg/login.html HTTP/1.1" 200 7641
116.232.195.127 - - [28/Jun/2023:11:14:21 +0800] "POST /xingrg/kc/buy/cgsh_order_operate.html HTTP/1.1" 200 3267
61.170.233.201 - - [28/Jun/2023:11:14:21 +0800] "GET /xingrg/all/function/internal_message.html?_=1687922059909&CODE_STATE=getMsg HTTP/1.1" 200 27
114.85.39.217 - - [28/Jun/2023:11:14:22 +0800] "GET /xingrg/all/function/internal_message.html?_=1687920841765&CODE_STATE=getMsg HTTP/1.1" 200 27
180.163.29.79 - - [28/Jun/2023:11:14:22 +0800] "GET /xingrg/check_reg.html?_=1687922000831 HTTP/1.1" 302 -
180.163.29.79 - - [28/Jun/2023:11:14:22 +0800] "GET /xingrg/login.html HTTP/1.1" 200 7641
116.232.195.127 - - [28/Jun/2023:11:14:23 +0800] "GET /xingrg/kc/print/load_data.html?order_code=212023062810365&kc_code=cgsh&condition= HTTP/1.1" 200 977
180.165.154.167 - - [28/Jun/2023:11:14:23 +0800] "GET /xingrg/kc/base/wldb_order_operate.html?command=get_materiel&rest_code=00108&base_code=0010538&code=00101019183 HTTP/1.1" 200 448
180.157.251.128 - - [28/Jun/2023:11:14:23 +0800] "GET /xingrg/kc/buy/cgsh_order_operate.html?command=get_materiel&rest_code=00148&code=00101008291&supplier_code=00100008&order_time=2023-06-28 HTTP/1.1" 200 408
114.85.39.217 - - [28/Jun/2023:11:14:23 +0800] "GET /xingrg/kc/buy/cgsh_order_operate.html?command=get_materiel&rest_code=00143&code=00101006252&supplier_code=00100207&order_time=2023-06-28 HTTP/1.1" 200 411
116.235.240.62 - - [28/Jun/2023:11:14:25 +0800] "GET /xingrg/all/function/internal_message.html?_=1687922074970&CODE_STATE=getMsg HTTP/1.1" 200 27
116.238.96.78 - - [28/Jun/2023:11:14:25 +0800] "GET /xingrg/all/function/internal_message.html?_=1687922078373&CODE_STATE=getMsg HTTP/1.1" 200 27
116.232.195.127 - - [28/Jun/2023:11:14:26 +0800] "GET /xingrg/kc/buy/cgsh_order_add.html HTTP/1.1" 200 71667
116.232.195.127 - - [28/Jun/2023:11:14:26 +0800] "POST /xingrg/kc/buy/cgsh_order_operate.html HTTP/1.1" 200 8245
116.232.195.127 - - [28/Jun/2023:11:14:26 +0800] "GET /xingrg/javascript/easyui/themes/default/validatebox.css HTTP/1.1" 404 1104
101.83.145.52 - - [28/Jun/2023:11:14:27 +0800] "GET /xingrg/all/function/internal_message.html?_=1687921888030&CODE_STATE=getMsg HTTP/1.1" 200 27
116.238.96.78 - - [28/Jun/2023:11:14:28 +0800] "GET /xingrg/all/function/internal_message.html?_=1687922068926&CODE_STATE=getMsg HTTP/1.1" 200 27
180.165.154.167 - - [28/Jun/2023:11:14:30 +0800] "GET /xingrg/kc/base/wldb_order_operate.html?command=get_materiel&rest_code=00108&base_code=0010538&code=00101016040 HTTP/1.1" 200 459
180.169.147.146 - - [28/Jun/2023:11:14:33 +0800] "GET /xingrg/check_reg.html?_=1687922072648 HTTP/1.1" 200 22
222.70.114.12 - - [28/Jun/2023:11:14:34 +0800] "GET /xingrg/all/function/internal_message.html?_=1687922078712&CODE_STATE=getMsg HTTP/1.1" 200 27
116.232.195.127 - - [28/Jun/2023:11:14:35 +0800] "GET /xingrg/kc/buy/cgsh_order_operate.html?command=get_materiel&rest_code=00155&code=00101002006&supplier_code=00100091&order_time=2023-06-28 HTTP/1.1" 200 414
114.85.39.217 - - [28/Jun/2023:11:14:36 +0800] "GET /xingrg/all/function/internal_message.html?_=1687920856282&CODE_STATE=getMsg HTTP/1.1" 200 27
120.253.135.82 - - [28/Jun/2023:11:14:36 +0800] "GET /xingrg/kc/buy/buy_main.html HTTP/1.1" 200 12412
114.85.113.108 - - [28/Jun/2023:11:14:37 +0800] "GET /xingrg/all/function/internal_message.html?_=1687922072397&CODE_STATE=getMsg HTTP/1.1" 200 27
120.253.135.82 - - [28/Jun/2023:11:14:38 +0800] "GET /xingrg/css/new_ie.css HTTP/1.1" 404 1036
120.253.135.82 - - [28/Jun/2023:11:14:39 +0800] "GET /xingrg/images/blue/button/cgydd.gif HTTP/1.1" 200 2712
120.253.135.82 - - [28/Jun/2023:11:14:39 +0800] "GET /xingrg/images/blue/button/cgshd.gif HTTP/1.1" 200 2618
120.253.135.82 - - [28/Jun/2023:11:14:39 +0800] "GET /xingrg/images/blue/button/kc.gif HTTP/1.1" 200 2160
120.253.135.82 - - [28/Jun/2023:11:14:39 +0800] "GET /xingrg/images/blue/button/cgfkd.gif HTTP/1.1" 200 2075
120.253.135.82 - - [28/Jun/2023:11:14:39 +0800] "GET /xingrg/images/blue/button/ckthd.gif HTTP/1.1" 200 2045
120.253.135.82 - - [28/Jun/2023:11:14:40 +0800] "GET /xingrg/kc/mdqp/qp_main.html HTTP/1.1" 200 10633
120.253.135.82 - - [28/Jun/2023:11:14:42 +0800] "GET /xingrg/images/yd/bt.gif HTTP/1.1" 404 1040
120.253.135.82 - - [28/Jun/2023:11:14:42 +0800] "GET /xingrg/kc/mdqp/qqps_order_list.html HTTP/1.1" 200 9222
120.253.135.82 - - [28/Jun/2023:11:14:42 +0800] "GET /xingrg/dwr/interface/AjaxQqpsService.js HTTP/1.1" 200 16326
120.253.135.82 - - [28/Jun/2023:11:14:42 +0800] "GET /xingrg/dwr/interface/AjaxReportQueryService.js HTTP/1.1" 200 13203
120.253.135.82 - - [28/Jun/2023:11:14:42 +0800] "GET /xingrg/dwr/engine.js HTTP/1.1" 200 43631
120.253.135.82 - - [28/Jun/2023:11:14:42 +0800] "GET /xingrg/dwr/util.js HTTP/1.1" 200 35990
101.83.241.57 - - [28/Jun/2023:11:14:43 +0800] "GET /xingrg/all/function/internal_message.html?_=1687922197020&CODE_STATE=getMsg HTTP/1.1" 200 27
116.232.195.127 - - [28/Jun/2023:11:14:43 +0800] "POST /xingrg/kc/buy/cgsh_order_operate.html HTTP/1.1" 200 37
180.157.251.128 - - [28/Jun/2023:11:14:45 +0800] "GET /xingrg/kc/buy/cgsh_order_operate.html?command=get_materiel&rest_code=00148&code=00101008105&supplier_code=00100008&order_time=2023-06-28 HTTP/1.1" 200 412
116.232.195.127 - - [28/Jun/2023:11:14:46 +0800] "POST /xingrg/kc/buy/cgsh_order_operate.html HTTP/1.1" 200 2660
116.232.195.127 - - [28/Jun/2023:11:14:47 +0800] "GET /xingrg/kc/print/load_data.html?order_code=212023062810366&kc_code=cgsh&condition= HTTP/1.1" 200 751
180.165.154.167 - - [28/Jun/2023:11:14:47 +0800] "POST /xingrg/kc/base/wldb_order_operate.html HTTP/1.1" 200 37
180.157.251.128 - - [28/Jun/2023:11:14:47 +0800] "GET /xingrg/all/function/internal_message.html?_=1687922088228&CODE_STATE=getMsg HTTP/1.1" 200 27
180.165.154.167 - - [28/Jun/2023:11:14:48 +0800] "POST /xingrg/kc/base/wldb_order_operate.html HTTP/1.1" 200 5202
180.165.154.167 - - [28/Jun/2023:11:14:49 +0800] "GET /xingrg/kc/base/wldb_order_info.html?code=422023062802379 HTTP/1.1" 200 30406
120.253.135.82 - - [28/Jun/2023:11:14:49 +0800] "GET /xingrg/all/function/internal_message.html?_=1687921919714&CODE_STATE=getMsg HTTP/1.1" 200 27
180.165.154.167 - - [28/Jun/2023:11:14:49 +0800] "GET /xingrg/words/20230628102723_words.js HTTP/1.1" 304 -
180.165.154.167 - - [28/Jun/2023:11:14:49 +0800] "GET /xingrg/javascript/easyui/themes/default/validatebox.css HTTP/1.1" 404 1104
116.232.195.127 - - [28/Jun/2023:11:14:50 +0800] "GET /xingrg/kc/buy/cgsh_order_add.html HTTP/1.1" 200 71667
180.165.154.167 - - [28/Jun/2023:11:14:50 +0800] "POST /xingrg/kc/base/wldb_order_operate.html HTTP/1.1" 200 5202
116.232.195.127 - - [28/Jun/2023:11:14:50 +0800] "POST /xingrg/kc/buy/cgsh_order_operate.html HTTP/1.1" 200 8245
116.238.191.126 - - [28/Jun/2023:11:14:50 +0800] "GET /xingrg/all/function/internal_message.html?_=1687922010605&CODE_STATE=getMsg HTTP/1.1" 200 27
116.232.195.127 - - [28/Jun/2023:11:14:51 +0800] "GET /xingrg/javascript/easyui/themes/default/validatebox.css HTTP/1.1" 404 1104
120.253.135.82 - - [28/Jun/2023:11:14:51 +0800] "GET /xingrg/kc/mdqp/qqps_order_add.html HTTP/1.1" 200 26251
120.253.135.82 - - [28/Jun/2023:11:14:51 +0800] "GET /xingrg/dwr/interface/AjaxComOrderService.js HTTP/1.1" 200 18264
120.253.135.82 - - [28/Jun/2023:11:14:51 +0800] "GET /xingrg/dwr/interface/AjaxQqpsService.js HTTP/1.1" 200 16326
120.253.135.82 - - [28/Jun/2023:11:14:51 +0800] "GET /xingrg/dwr/engine.js HTTP/1.1" 200 43631
120.253.135.82 - - [28/Jun/2023:11:14:52 +0800] "GET /xingrg/words/20230628102723_words.js HTTP/1.1" 200 970900
116.235.240.62 - - [28/Jun/2023:11:14:52 +0800] "GET /xingrg/check_reg.html?_=1687922102737 HTTP/1.1" 200 22
180.157.251.128 - - [28/Jun/2023:11:14:55 +0800] "GET /xingrg/kc/buy/cgsh_order_operate.html?command=get_materiel&rest_code=00148&code=00101008119&supplier_code=00100008&order_time=2023-06-28 HTTP/1.1" 200 412
120.253.135.82 - - [28/Jun/2023:11:14:55 +0800] "GET /xingrg/all/function/internal_message.html?_=1687921925721&CODE_STATE=getMsg HTTP/1.1" 200 27
61.170.233.201 - - [28/Jun/2023:11:14:56 +0800] "GET /xingrg/check_reg.html?_=1687922096606 HTTP/1.1" 200 22
61.170.233.201 - - [28/Jun/2023:11:14:56 +0800] "GET /xingrg/all/function/internal_message.html?_=1687922096609&CODE_STATE=getMsg HTTP/1.1" 200 27
116.232.195.127 - - [28/Jun/2023:11:15:00 +0800] "GET /xingrg/check_reg.html?_=1687922084143 HTTP/1.1" 200 22
116.232.195.127 - - [28/Jun/2023:11:15:01 +0800] "GET /xingrg/all/function/internal_message.html?_=1687922084971&CODE_STATE=getMsg HTTP/1.1" 200 27
120.253.135.82 - - [28/Jun/2023:11:15:01 +0800] "GET /xingrg/javascript/auto/indicator.gif HTTP/1.1" 404 1066
116.232.195.127 - - [28/Jun/2023:11:15:01 +0800] "GET /xingrg/kc/buy/cgsh_order_operate.html?command=get_materiel&rest_code=00155&code=00101002038&supplier_code=00100087&order_time=2023-06-28 HTTP/1.1" 200 416
101.229.22.40 - - [28/Jun/2023:11:15:03 +0800] "GET /xingrg/all/function/internal_message.html?_=1687922103045&CODE_STATE=getMsg HTTP/1.1" 200 27
180.165.154.167 - - [28/Jun/2023:11:15:03 +0800] "GET /xingrg/all/function/internal_message.html?_=1687922103292&CODE_STATE=getMsg HTTP/1.1" 200 27
120.253.135.82 - - [28/Jun/2023:11:15:04 +0800] "POST /xingrg/dwr/call/plaincall/AjaxQqpsService.saveOrder.dwr HTTP/1.1" 200 78
180.169.147.146 - - [28/Jun/2023:11:15:11 +0800] "GET /xingrg/all/function/internal_message.html?_=1687922110072&CODE_STATE=getMsg HTTP/1.1" 200 27
120.253.135.82 - - [28/Jun/2023:11:15:12 +0800] "POST /xingrg/dwr/call/plaincall/AjaxQqpsService.getMaterielByCode.dwr HTTP/1.1" 200 1538
116.232.195.127 - - [28/Jun/2023:11:15:13 +0800] "POST /xingrg/kc/buy/cgsh_order_operate.html HTTP/1.1" 200 37
222.70.180.90 - - [28/Jun/2023:11:15:13 +0800] "GET /xingrg/all/function/internal_message.html?_=1687922112104&CODE_STATE=getMsg HTTP/1.1" 200 27
116.238.96.78 - - [28/Jun/2023:11:15:14 +0800] "GET /xingrg/check_reg.html?_=1687922126924 HTTP/1.1" 200 22
120.253.135.82 - - [28/Jun/2023:11:15:14 +0800] "POST /xingrg/dwr/call/plaincall/AjaxQqpsService.saveMaterielItem.dwr HTTP/1.1" 200 78
116.232.195.127 - - [28/Jun/2023:11:15:15 +0800] "POST /xingrg/kc/buy/cgsh_order_operate.html HTTP/1.1" 200 2666
120.253.135.82 - - [28/Jun/2023:11:15:17 +0800] "POST /xingrg/dwr/call/plaincall/AjaxQqpsService.getMaterielByCode.dwr HTTP/1.1" 200 1542
116.232.195.127 - - [28/Jun/2023:11:15:17 +0800] "GET /xingrg/kc/print/load_data.html?order_code=212023062810367&kc_code=cgsh&condition= HTTP/1.1" 200 735
222.67.234.146 - - [28/Jun/2023:11:15:17 +0800] "GET /xingrg/all/function/internal_message.html?_=1687921605172&CODE_STATE=getMsg HTTP/1.1" 200 27
120.253.135.82 - - [28/Jun/2023:11:15:19 +0800] "GET /xingrg/all/function/internal_message.html?_=1687922146222&CODE_STATE=getMsg HTTP/1.1" 200 27
116.232.195.127 - - [28/Jun/2023:11:15:20 +0800] "GET /xingrg/kc/buy/cgsh_order_add.html HTTP/1.1" 200 71667
120.253.135.82 - - [28/Jun/2023:11:15:20 +0800] "POST /xingrg/dwr/call/plaincall/AjaxQqpsService.saveMaterielItem.dwr HTTP/1.1" 200 78
116.232.195.127 - - [28/Jun/2023:11:15:21 +0800] "POST /xingrg/kc/buy/cgsh_order_operate.html HTTP/1.1" 200 8245
116.232.195.127 - - [28/Jun/2023:11:15:21 +0800] "GET /xingrg/javascript/easyui/themes/default/validatebox.css HTTP/1.1" 404 1104
61.170.233.201 - - [28/Jun/2023:11:15:21 +0800] "GET /xingrg/all/function/internal_message.html?_=1687922119895&CODE_STATE=getMsg HTTP/1.1" 200 27
114.85.39.217 - - [28/Jun/2023:11:15:22 +0800] "GET /xingrg/all/function/internal_message.html?_=1687920901745&CODE_STATE=getMsg HTTP/1.1" 200 27
120.253.135.82 - - [28/Jun/2023:11:15:22 +0800] "POST /xingrg/dwr/call/plaincall/AjaxQqpsService.getMaterielByCode.dwr HTTP/1.1" 200 1580
120.253.135.82 - - [28/Jun/2023:11:15:24 +0800] "POST /xingrg/dwr/call/plaincall/AjaxQqpsService.saveMaterielItem.dwr HTTP/1.1" 200 78
116.235.240.62 - - [28/Jun/2023:11:15:25 +0800] "GET /xingrg/all/function/internal_message.html?_=1687922134978&CODE_STATE=getMsg HTTP/1.1" 200 27
116.238.96.78 - - [28/Jun/2023:11:15:25 +0800] "GET /xingrg/all/function/internal_message.html?_=1687922138347&CODE_STATE=getMsg HTTP/1.1" 200 27
114.85.39.217 - - [28/Jun/2023:11:15:26 +0800] "GET /xingrg/kc/buy/cgsh_order_operate.html?command=get_materiel&rest_code=00143&code=00101003002&supplier_code=00100207&order_time=2023-06-28 HTTP/1.1" 200 411
101.83.145.52 - - [28/Jun/2023:11:15:27 +0800] "GET /xingrg/all/function/internal_message.html?_=1687921948018&CODE_STATE=getMsg HTTP/1.1" 200 27
116.232.195.127 - - [28/Jun/2023:11:15:27 +0800] "GET /xingrg/kc/buy/cgsh_order_operate.html?command=get_materiel&rest_code=00155&code=00101004034&supplier_code=00100085&order_time=2023-06-28 HTTP/1.1" 200 416
101.83.145.52 - - [28/Jun/2023:11:15:27 +0800] "GET /xingrg/check_reg.html?_=1687921948708 HTTP/1.1" 200 22
116.238.96.78 - - [28/Jun/2023:11:15:28 +0800] "GET /xingrg/all/function/internal_message.html?_=1687922128919&CODE_STATE=getMsg HTTP/1.1" 200 27
222.70.114.12 - - [28/Jun/2023:11:15:34 +0800] "GET /xingrg/all/function/internal_message.html?_=1687922138711&CODE_STATE=getMsg HTTP/1.1" 200 27
222.70.114.12 - - [28/Jun/2023:11:15:34 +0800] "GET /xingrg/check_reg.html?_=1687922138712 HTTP/1.1" 200 22
114.85.39.217 - - [28/Jun/2023:11:15:36 +0800] "GET /xingrg/all/function/internal_message.html?_=1687920916281&CODE_STATE=getMsg HTTP/1.1" 200 27
114.85.113.108 - - [28/Jun/2023:11:15:37 +0800] "GET /xingrg/all/function/internal_message.html?_=1687922132384&CODE_STATE=getMsg HTTP/1.1" 200 27
116.232.195.127 - - [28/Jun/2023:11:15:38 +0800] "POST /xingrg/kc/buy/cgsh_order_operate.html HTTP/1.1" 200 37
116.232.195.127 - - [28/Jun/2023:11:15:40 +0800] "POST /xingrg/kc/buy/cgsh_order_operate.html HTTP/1.1" 200 2663
116.232.195.127 - - [28/Jun/2023:11:15:41 +0800] "GET /xingrg/kc/print/load_data.html?order_code=212023062810368&kc_code=cgsh&condition= HTTP/1.1" 200 735
120.253.135.82 - - [28/Jun/2023:11:15:42 +0800] "POST /xingrg/dwr/call/plaincall/AjaxQqpsService.getMaterielByCode.dwr HTTP/1.1" 200 1605
101.83.241.57 - - [28/Jun/2023:11:15:43 +0800] "GET /xingrg/all/function/internal_message.html?_=1687922257027&CODE_STATE=getMsg HTTP/1.1" 200 27
116.232.195.127 - - [28/Jun/2023:11:15:45 +0800] "GET /xingrg/kc/buy/cgsh_order_add.html HTTP/1.1" 200 71667
116.232.195.127 - - [28/Jun/2023:11:15:45 +0800] "POST /xingrg/kc/buy/cgsh_order_operate.html HTTP/1.1" 200 8245
116.232.195.127 - - [28/Jun/2023:11:15:45 +0800] "GET /xingrg/javascript/easyui/themes/default/validatebox.css HTTP/1.1" 404 1104
120.253.135.82 - - [28/Jun/2023:11:15:45 +0800] "POST /xingrg/dwr/call/plaincall/AjaxQqpsService.saveMaterielItem.dwr HTTP/1.1" 200 78
180.157.251.128 - - [28/Jun/2023:11:15:47 +0800] "GET /xingrg/all/function/internal_message.html?_=1687922148230&CODE_STATE=getMsg HTTP/1.1" 200 27
120.253.135.82 - - [28/Jun/2023:11:15:49 +0800] "GET /xingrg/all/function/internal_message.html?_=1687921979748&CODE_STATE=getMsg HTTP/1.1" 200 27
116.238.191.126 - - [28/Jun/2023:11:15:50 +0800] "GET /xingrg/all/function/internal_message.html?_=1687922070608&CODE_STATE=getMsg HTTP/1.1" 200 27
114.85.113.108 - - [28/Jun/2023:11:15:54 +0800] "GET /xingrg/check_reg.html?_=1687922149126 HTTP/1.1" 200 22
120.253.135.82 - - [28/Jun/2023:11:15:55 +0800] "GET /xingrg/all/function/internal_message.html?_=1687921985733&CODE_STATE=getMsg HTTP/1.1" 200 27
180.157.251.128 - - [28/Jun/2023:11:15:56 +0800] "GET /xingrg/kc/buy/cgsh_order_operate.html?command=get_materiel&rest_code=00148&code=00101008509&supplier_code=00100008&order_time=2023-06-28 HTTP/1.1" 200 409
116.232.195.127 - - [28/Jun/2023:11:15:56 +0800] "GET /xingrg/kc/buy/cgsh_order_operate.html?command=get_materiel&rest_code=00155&code=00101002018&supplier_code=00100094&order_time=2023-06-28 HTTP/1.1" 200 416
180.169.147.146 - - [28/Jun/2023:11:15:57 +0800] "GET /xingrg/kc/report/report_main.html HTTP/1.1" 200 7340
116.232.195.127 - - [28/Jun/2023:11:16:01 +0800] "GET /xingrg/all/function/internal_message.html?_=1687922144953&CODE_STATE=getMsg HTTP/1.1" 200 27
180.169.147.146 - - [28/Jun/2023:11:16:02 +0800] "POST /xingrg/load_menu.html HTTP/1.1" 200 9695
101.229.22.40 - - [28/Jun/2023:11:16:03 +0800] "GET /xingrg/all/function/internal_message.html?_=1687922163046&CODE_STATE=getMsg HTTP/1.1" 200 27
180.169.147.146 - - [28/Jun/2023:11:16:03 +0800] "GET /xingrg/all/report/report_query.html?fileName=dma/new_5.0/menu/menu_category_hz.xml HTTP/1.1" 200 53064
180.169.147.146 - - [28/Jun/2023:11:16:03 +0800] "GET /xingrg/dwr/interface/AjaxReportQueryService.js HTTP/1.1" 200 13203
180.169.147.146 - - [28/Jun/2023:11:16:03 +0800] "GET /xingrg/dwr/engine.js HTTP/1.1" 200 43631
