180.165.154.167 - - [28/Jun/2023:09:52:04 +0800] "GET /xingrg/all/function/internal_message.html?_=1687917124097&CODE_STATE=getMsg HTTP/1.1" 200 27
58.39.108.151 - - [28/Jun/2023:09:52:08 +0800] "GET /xingrg/kc/buy/cgsh_order_operate.html?command=get_materiel&rest_code=00157&code=00101008353&supplier_code=00100556&order_time=2023-06-24 HTTP/1.1" 200 408
58.39.108.151 - - [28/Jun/2023:09:52:08 +0800] "GET /xingrg/all/function/internal_message.html?_=1687917128617&CODE_STATE=getMsg HTTP/1.1" 200 27
116.238.96.78 - - [28/Jun/2023:09:52:10 +0800] "GET /xingrg/javascript/jquery_tools/images/prev.gif HTTP/1.1" 404 1086
116.238.96.78 - - [28/Jun/2023:09:52:10 +0800] "GET /xingrg/javascript/jquery_tools/images/next.gif HTTP/1.1" 404 1086
222.67.234.146 - - [28/Jun/2023:09:52:10 +0800] "GET /xingrg/kc/buy/cgsh_order_operate.html?command=get_materiel&rest_code=00141&code=00101008041&supplier_code=00100007&order_time=2023-06-28 HTTP/1.1" 200 408
222.67.234.146 - - [28/Jun/2023:09:52:16 +0800] "POST /xingrg/kc/buy/cgsh_order_operate.html HTTP/1.1" 200 2065
222.67.234.146 - - [28/Jun/2023:09:52:17 +0800] "GET /xingrg/all/function/internal_message.html?_=1687916624920&CODE_STATE=getMsg HTTP/1.1" 200 27
116.238.191.126 - - [28/Jun/2023:09:52:18 +0800] "GET /xingrg/kc/buy/cgsh_order_list.html HTTP/1.1" 200 55842
116.235.240.62 - - [28/Jun/2023:09:52:18 +0800] "GET /xingrg/all/function/internal_message.html?_=1687917148354&CODE_STATE=getMsg HTTP/1.1" 200 27
58.39.108.151 - - [28/Jun/2023:09:52:18 +0800] "GET /xingrg/kc/buy/cgsh_order_operate.html?command=get_materiel&rest_code=00157&code=00101008298&supplier_code=00100556&order_time=2023-06-24 HTTP/1.1" 200 413
116.238.96.78 - - [28/Jun/2023:09:52:20 +0800] "GET /xingrg/kc/buy/cgsh_order_operate.html?command=get_materiel&rest_code=00102&code=00101002027&supplier_code=00100400&order_time=2023-06-28 HTTP/1.1" 200 413
116.238.191.126 - - [28/Jun/2023:09:52:20 +0800] "POST /xingrg/kc/buy/cgsh_list_operate.html HTTP/1.1" 200 986
222.67.234.146 - - [28/Jun/2023:09:52:21 +0800] "GET /xingrg/kc/buy/cgsh_order_operate.html?command=get_materiel&rest_code=00141&code=00101008036&supplier_code=00100007&order_time=2023-06-28 HTTP/1.1" 200 408
116.238.191.126 - - [28/Jun/2023:09:52:24 +0800] "GET /xingrg/kc/buy/cgsh_order_add.html HTTP/1.1" 200 71230
116.238.191.126 - - [28/Jun/2023:09:52:25 +0800] "POST /xingrg/kc/buy/cgsh_order_operate.html HTTP/1.1" 200 8245
116.238.191.126 - - [28/Jun/2023:09:52:25 +0800] "GET /xingrg/javascript/easyui/themes/default/validatebox.css HTTP/1.1" 404 1104
101.83.145.52 - - [28/Jun/2023:09:52:27 +0800] "GET /xingrg/all/function/internal_message.html?_=1687916968614&CODE_STATE=getMsg HTTP/1.1" 200 27
58.39.108.151 - - [28/Jun/2023:09:52:28 +0800] "GET /xingrg/kc/buy/cgsh_order_operate.html?command=get_materiel&rest_code=00157&code=00101008264&supplier_code=00100556&order_time=2023-06-24 HTTP/1.1" 200 412
116.238.191.126 - - [28/Jun/2023:09:52:29 +0800] "GET /xingrg/javascript/auto/indicator.gif HTTP/1.1" 404 1066
116.238.96.78 - - [28/Jun/2023:09:52:29 +0800] "GET /xingrg/check_reg.html?_=1687917150079 HTTP/1.1" 200 22
116.238.96.78 - - [28/Jun/2023:09:52:29 +0800] "GET /xingrg/all/function/internal_message.html?_=1687917150082&CODE_STATE=getMsg HTTP/1.1" 200 27
116.238.96.78 - - [28/Jun/2023:09:52:32 +0800] "GET /xingrg/kc/buy/cgsh_order_operate.html?command=get_materiel&rest_code=00102&code=00101002022&supplier_code=00100400&order_time=2023-06-28 HTTP/1.1" 200 409
222.70.114.12 - - [28/Jun/2023:09:52:34 +0800] "GET /xingrg/all/function/internal_message.html?_=1687917158529&CODE_STATE=getMsg HTTP/1.1" 200 27
222.67.234.146 - - [28/Jun/2023:09:52:37 +0800] "GET /xingrg/kc/buy/cgsh_order_operate.html?command=get_materiel&rest_code=00141&code=00101008350&supplier_code=00100007&order_time=2023-06-28 HTTP/1.1" 200 408
114.85.113.108 - - [28/Jun/2023:09:52:39 +0800] "GET /xingrg/all/function/internal_message.html?_=1687917153808&CODE_STATE=getMsg HTTP/1.1" 200 27
180.169.147.146 - - [28/Jun/2023:09:52:39 +0800] "GET /xingrg/all/function/internal_message.html?_=1687917157952&CODE_STATE=getMsg HTTP/1.1" 200 27
116.238.96.78 - - [28/Jun/2023:09:52:40 +0800] "GET /xingrg/kc/buy/cgsh_order_operate.html?command=get_materiel&rest_code=00102&code=00101010161&supplier_code=00100400&order_time=2023-06-28 HTTP/1.1" 200 409
58.39.108.151 - - [28/Jun/2023:09:52:43 +0800] "GET /xingrg/kc/buy/cgsh_order_operate.html?command=get_materiel&rest_code=00157&code=00101008351&supplier_code=00100556&order_time=2023-06-24 HTTP/1.1" 200 408
101.83.241.57 - - [28/Jun/2023:09:52:43 +0800] "GET /xingrg/all/function/internal_message.html?_=1687917277022&CODE_STATE=getMsg HTTP/1.1" 200 27
114.83.219.231 - - [28/Jun/2023:09:52:44 +0800] "GET /xingrg/all/function/internal_message.html?_=1687917164193&CODE_STATE=getMsg HTTP/1.1" 200 27
114.83.219.231 - - [28/Jun/2023:09:52:44 +0800] "GET /xingrg/check_reg.html?_=1687917164197 HTTP/1.1" 200 22
116.238.191.126 - - [28/Jun/2023:09:52:49 +0800] "GET /xingrg/all/function/internal_message.html?_=1687917089237&CODE_STATE=getMsg HTTP/1.1" 200 27
58.39.108.151 - - [28/Jun/2023:09:52:54 +0800] "POST /xingrg/kc/buy/cgsh_order_operate.html HTTP/1.1" 200 37
116.238.96.78 - - [28/Jun/2023:09:52:55 +0800] "GET /xingrg/all/function/internal_message.html?_=1687917187698&CODE_STATE=getMsg HTTP/1.1" 200 27
58.39.108.151 - - [28/Jun/2023:09:52:57 +0800] "POST /xingrg/kc/buy/cgsh_order_operate.html HTTP/1.1" 200 9149
58.39.108.151 - - [28/Jun/2023:09:52:59 +0800] "GET /xingrg/kc/print/load_data.html?order_code=212023062810316&kc_code=cgsh&condition= HTTP/1.1" 200 3107
222.67.234.146 - - [28/Jun/2023:09:53:00 +0800] "GET /xingrg/kc/buy/cgsh_order_operate.html?command=get_materiel&rest_code=00141&code=00101008323&supplier_code=00100007&order_time=2023-06-28 HTTP/1.1" 200 408
116.232.195.127 - - [28/Jun/2023:09:53:02 +0800] "GET /xingrg/all/function/internal_message.html?_=1687917166330&CODE_STATE=getMsg HTTP/1.1" 200 27
116.238.96.78 - - [28/Jun/2023:09:53:02 +0800] "GET /xingrg/kc/buy/cgsh_order_operate.html?command=get_materiel&rest_code=00102&code=00101005037&supplier_code=00100400&order_time=2023-06-28 HTTP/1.1" 200 409
180.165.154.167 - - [28/Jun/2023:09:53:03 +0800] "GET /xingrg/check_reg.html?_=1687917183363 HTTP/1.1" 200 22
180.165.154.167 - - [28/Jun/2023:09:53:04 +0800] "GET /xingrg/all/function/internal_message.html?_=1687917184078&CODE_STATE=getMsg HTTP/1.1" 200 27
58.39.108.151 - - [28/Jun/2023:09:53:08 +0800] "GET /xingrg/all/function/internal_message.html?_=1687917188608&CODE_STATE=getMsg HTTP/1.1" 200 27
58.39.108.151 - - [28/Jun/2023:09:53:08 +0800] "GET /xingrg/check_reg.html?_=1687917188701 HTTP/1.1" 200 22
222.67.234.146 - - [28/Jun/2023:09:53:15 +0800] "GET /xingrg/kc/buy/cgsh_order_operate.html?command=get_materiel&rest_code=00141&code=00101008132&supplier_code=00100007&order_time=2023-06-28 HTTP/1.1" 200 408
116.238.96.78 - - [28/Jun/2023:09:53:16 +0800] "GET /xingrg/kc/buy/cgsh_order_operate.html?command=get_materiel&rest_code=00102&code=00101001002&supplier_code=00100400&order_time=2023-06-28 HTTP/1.1" 200 413
222.67.234.146 - - [28/Jun/2023:09:53:17 +0800] "GET /xingrg/all/function/internal_message.html?_=1687916684926&CODE_STATE=getMsg HTTP/1.1" 200 27
116.235.240.62 - - [28/Jun/2023:09:53:18 +0800] "GET /xingrg/all/function/internal_message.html?_=1687917208358&CODE_STATE=getMsg HTTP/1.1" 200 27
116.238.96.78 - - [28/Jun/2023:09:53:27 +0800] "POST /xingrg/kc/buy/cgsh_order_operate.html HTTP/1.1" 200 37
101.83.145.52 - - [28/Jun/2023:09:53:27 +0800] "GET /xingrg/all/function/internal_message.html?_=1687917028607&CODE_STATE=getMsg HTTP/1.1" 200 27
222.67.234.146 - - [28/Jun/2023:09:53:29 +0800] "GET /xingrg/kc/buy/cgsh_order_operate.html?command=get_materiel&rest_code=00141&code=00101008244&supplier_code=00100007&order_time=2023-06-28 HTTP/1.1" 200 408
222.67.234.146 - - [28/Jun/2023:09:53:32 +0800] "POST /xingrg/kc/buy/cgsh_order_operate.html HTTP/1.1" 200 2065
222.70.114.12 - - [28/Jun/2023:09:53:34 +0800] "GET /xingrg/all/function/internal_message.html?_=1687917218528&CODE_STATE=getMsg HTTP/1.1" 200 27
116.238.96.78 - - [28/Jun/2023:09:53:38 +0800] "POST /xingrg/kc/buy/cgsh_order_operate.html HTTP/1.1" 200 12
114.85.113.108 - - [28/Jun/2023:09:53:39 +0800] "GET /xingrg/all/function/internal_message.html?_=1687917213801&CODE_STATE=getMsg HTTP/1.1" 200 27
180.169.147.146 - - [28/Jun/2023:09:53:39 +0800] "GET /xingrg/all/function/internal_message.html?_=1687917217952&CODE_STATE=getMsg HTTP/1.1" 200 27
116.238.96.78 - - [28/Jun/2023:09:53:40 +0800] "GET /xingrg/kc/buy/cgsh_order_info.html?code=212023062810317 HTTP/1.1" 200 66560
116.238.96.78 - - [28/Jun/2023:09:53:41 +0800] "GET /xingrg/javascript/easyui/themes/default/validatebox.css HTTP/1.1" 404 1104
116.238.96.78 - - [28/Jun/2023:09:53:42 +0800] "POST /xingrg/kc/buy/cgsh_order_operate.html HTTP/1.1" 200 2970
101.83.241.57 - - [28/Jun/2023:09:53:43 +0800] "GET /xingrg/check_reg.html?_=1687917337047 HTTP/1.1" 200 22
101.83.241.57 - - [28/Jun/2023:09:53:43 +0800] "GET /xingrg/all/function/internal_message.html?_=1687917337042&CODE_STATE=getMsg HTTP/1.1" 200 27
222.67.234.146 - - [28/Jun/2023:09:53:43 +0800] "GET /xingrg/kc/buy/cgsh_order_operate.html?command=get_materiel&rest_code=00141&code=00101008396&supplier_code=00100007&order_time=2023-06-28 HTTP/1.1" 200 412
114.83.219.231 - - [28/Jun/2023:09:53:44 +0800] "GET /xingrg/all/function/internal_message.html?_=1687917224202&CODE_STATE=getMsg HTTP/1.1" 200 27
116.238.191.126 - - [28/Jun/2023:09:53:49 +0800] "GET /xingrg/all/function/internal_message.html?_=1687917149243&CODE_STATE=getMsg HTTP/1.1" 200 27
116.238.191.126 - - [28/Jun/2023:09:53:52 +0800] "GET /xingrg/kc/buy/cgsh_order_operate.html?command=get_materiel&rest_code=00151&code=00101011001&supplier_code=00100047&order_time=2023-06-28 HTTP/1.1" 200 423
116.238.96.78 - - [28/Jun/2023:09:53:55 +0800] "GET /xingrg/all/function/internal_message.html?_=1687917247688&CODE_STATE=getMsg HTTP/1.1" 200 27
116.238.96.78 - - [28/Jun/2023:09:54:00 +0800] "GET /xingrg/kc/print/load_data.html?order_code=212023062810317&kc_code=cgsh&condition= HTTP/1.1" 200 1580
116.232.195.127 - - [28/Jun/2023:09:54:02 +0800] "GET /xingrg/all/function/internal_message.html?_=1687917226306&CODE_STATE=getMsg HTTP/1.1" 200 27
180.165.154.167 - - [28/Jun/2023:09:54:04 +0800] "GET /xingrg/all/function/internal_message.html?_=1687917244062&CODE_STATE=getMsg HTTP/1.1" 200 27
222.67.234.146 - - [28/Jun/2023:09:54:07 +0800] "GET /xingrg/kc/buy/cgsh_order_operate.html?command=get_materiel&rest_code=00141&code=00101008300&supplier_code=00100007&order_time=2023-06-28 HTTP/1.1" 200 412
58.39.108.151 - - [28/Jun/2023:09:54:08 +0800] "GET /xingrg/all/function/internal_message.html?_=1687917248592&CODE_STATE=getMsg HTTP/1.1" 200 27
222.67.234.146 - - [28/Jun/2023:09:54:10 +0800] "POST /xingrg/kc/buy/cgsh_order_operate.html HTTP/1.1" 200 2065
116.238.96.78 - - [28/Jun/2023:09:54:12 +0800] "GET /xingrg/kc/buy/cgsh_order_add.html HTTP/1.1" 200 71655
116.238.96.78 - - [28/Jun/2023:09:54:12 +0800] "POST /xingrg/kc/buy/cgsh_order_operate.html HTTP/1.1" 200 8245
116.238.96.78 - - [28/Jun/2023:09:54:12 +0800] "GET /xingrg/javascript/easyui/themes/default/validatebox.css HTTP/1.1" 404 1104
116.238.96.78 - - [28/Jun/2023:09:54:13 +0800] "GET /xingrg/javascript/easyui/themes/default/tree.css HTTP/1.1" 404 1090
116.238.96.78 - - [28/Jun/2023:09:54:14 +0800] "POST /xingrg/all/common/load_tree.html?tree=supplier_tree_json&isDelete=1 HTTP/1.1" 200 74546
222.67.234.146 - - [28/Jun/2023:09:54:17 +0800] "GET /xingrg/all/function/internal_message.html?_=1687916744927&CODE_STATE=getMsg HTTP/1.1" 200 27
116.238.191.126 - - [28/Jun/2023:09:54:17 +0800] "GET /xingrg/kc/buy/cgsh_order_operate.html?command=get_materiel&rest_code=00151&code=00101011010&supplier_code=00100047&order_time=2023-06-28 HTTP/1.1" 200 418
116.235.240.62 - - [28/Jun/2023:09:54:18 +0800] "GET /xingrg/all/function/internal_message.html?_=1687917268371&CODE_STATE=getMsg HTTP/1.1" 200 27
116.238.96.78 - - [28/Jun/2023:09:54:26 +0800] "GET /xingrg/kc/buy/cgsh_order_operate.html?command=get_materiel&rest_code=00102&code=00101011005&supplier_code=00100047&order_time=2023-06-28 HTTP/1.1" 200 408
101.83.145.52 - - [28/Jun/2023:09:54:27 +0800] "GET /xingrg/all/function/internal_message.html?_=1687917088616&CODE_STATE=getMsg HTTP/1.1" 200 27
116.238.96.78 - - [28/Jun/2023:09:54:29 +0800] "GET /xingrg/all/function/internal_message.html?_=1687917270095&CODE_STATE=getMsg HTTP/1.1" 200 27
116.238.191.126 - - [28/Jun/2023:09:54:33 +0800] "POST /xingrg/kc/buy/cgsh_order_operate.html HTTP/1.1" 200 37
222.67.234.146 - - [28/Jun/2023:09:54:33 +0800] "GET /xingrg/kc/buy/cgsh_order_operate.html?command=get_materiel&rest_code=00141&code=00101008131&supplier_code=00100007&order_time=2023-06-28 HTTP/1.1" 200 409
180.169.147.146 - - [28/Jun/2023:09:54:33 +0800] "GET /xingrg/check_reg.html?_=1687917272891 HTTP/1.1" 200 22
222.70.114.12 - - [28/Jun/2023:09:54:34 +0800] "GET /xingrg/all/function/internal_message.html?_=1687917278529&CODE_STATE=getMsg HTTP/1.1" 200 27
114.85.113.108 - - [28/Jun/2023:09:54:39 +0800] "GET /xingrg/all/function/internal_message.html?_=1687917273781&CODE_STATE=getMsg HTTP/1.1" 200 27
180.169.147.146 - - [28/Jun/2023:09:54:39 +0800] "GET /xingrg/all/function/internal_message.html?_=1687917277952&CODE_STATE=getMsg HTTP/1.1" 200 27
101.83.241.57 - - [28/Jun/2023:09:54:43 +0800] "GET /xingrg/all/function/internal_message.html?_=1687917397019&CODE_STATE=getMsg HTTP/1.1" 200 27
114.83.219.231 - - [28/Jun/2023:09:54:44 +0800] "GET /xingrg/all/function/internal_message.html?_=1687917284199&CODE_STATE=getMsg HTTP/1.1" 200 27
116.238.96.78 - - [28/Jun/2023:09:54:46 +0800] "POST /xingrg/kc/buy/cgsh_order_operate.html HTTP/1.1" 200 37
116.238.191.126 - - [28/Jun/2023:09:54:49 +0800] "GET /xingrg/all/function/internal_message.html?_=1687917209258&CODE_STATE=getMsg HTTP/1.1" 200 27
116.235.240.62 - - [28/Jun/2023:09:54:52 +0800] "GET /xingrg/check_reg.html?_=1687917302280 HTTP/1.1" 200 22
116.238.96.78 - - [28/Jun/2023:09:54:55 +0800] "GET /xingrg/all/function/internal_message.html?_=1687917307672&CODE_STATE=getMsg HTTP/1.1" 200 27
116.238.191.126 - - [28/Jun/2023:09:54:56 +0800] "POST /xingrg/kc/buy/cgsh_order_operate.html HTTP/1.1" 200 12
222.67.234.146 - - [28/Jun/2023:09:54:59 +0800] "GET /xingrg/kc/buy/cgsh_order_operate.html?command=get_materiel&rest_code=00141&code=00101008213&supplier_code=00100007&order_time=2023-06-28 HTTP/1.1" 200 412
116.232.195.127 - - [28/Jun/2023:09:55:00 +0800] "GET /xingrg/check_reg.html?_=1687917284158 HTTP/1.1" 200 22
116.238.96.78 - - [28/Jun/2023:09:55:00 +0800] "POST /xingrg/kc/buy/cgsh_order_operate.html HTTP/1.1" 200 12
116.238.191.126 - - [28/Jun/2023:09:55:01 +0800] "GET /xingrg/kc/buy/cgsh_order_info.html?code=212023062810318 HTTP/1.1" 200 66143
116.238.191.126 - - [28/Jun/2023:09:55:01 +0800] "GET /xingrg/javascript/easyui/themes/default/validatebox.css HTTP/1.1" 404 1104
116.232.195.127 - - [28/Jun/2023:09:55:02 +0800] "GET /xingrg/all/function/internal_message.html?_=1687917286301&CODE_STATE=getMsg HTTP/1.1" 200 27
116.238.96.78 - - [28/Jun/2023:09:55:02 +0800] "GET /xingrg/kc/buy/cgsh_order_info.html?code=212023062810319 HTTP/1.1" 200 66562
116.238.96.78 - - [28/Jun/2023:09:55:03 +0800] "GET /xingrg/javascript/easyui/themes/default/validatebox.css HTTP/1.1" 404 1104
116.238.191.126 - - [28/Jun/2023:09:55:03 +0800] "POST /xingrg/kc/buy/cgsh_order_operate.html HTTP/1.1" 200 1231
180.165.154.167 - - [28/Jun/2023:09:55:04 +0800] "GET /xingrg/all/function/internal_message.html?_=1687917304040&CODE_STATE=getMsg HTTP/1.1" 200 27
116.238.96.78 - - [28/Jun/2023:09:55:04 +0800] "POST /xingrg/kc/buy/cgsh_order_operate.html HTTP/1.1" 200 609
116.238.191.126 - - [28/Jun/2023:09:55:05 +0800] "GET /xingrg/kc/print/load_data.html?order_code=212023062810318&kc_code=cgsh&condition= HTTP/1.1" 200 1031
116.238.96.78 - - [28/Jun/2023:09:55:06 +0800] "GET /xingrg/kc/print/load_data.html?order_code=212023062810319&kc_code=cgsh&condition= HTTP/1.1" 200 741
58.39.108.151 - - [28/Jun/2023:09:55:08 +0800] "GET /xingrg/all/function/internal_message.html?_=1687917308564&CODE_STATE=getMsg HTTP/1.1" 200 27
222.67.234.146 - - [28/Jun/2023:09:55:09 +0800] "GET /xingrg/kc/buy/cgsh_order_operate.html?command=get_materiel&rest_code=00141&code=00101008403&supplier_code=00100007&order_time=2023-06-28 HTTP/1.1" 200 412
222.67.234.146 - - [28/Jun/2023:09:55:12 +0800] "POST /xingrg/kc/buy/cgsh_order_operate.html HTTP/1.1" 200 2065
222.67.234.146 - - [28/Jun/2023:09:55:17 +0800] "GET /xingrg/all/function/internal_message.html?_=1687916805045&CODE_STATE=getMsg HTTP/1.1" 200 27
222.67.234.146 - - [28/Jun/2023:09:55:18 +0800] "GET /xingrg/kc/buy/cgsh_order_operate.html?command=get_materiel&rest_code=00141&code=00101008283&supplier_code=00100007&order_time=2023-06-28 HTTP/1.1" 200 408
116.235.240.62 - - [28/Jun/2023:09:55:18 +0800] "GET /xingrg/all/function/internal_message.html?_=1687917328385&CODE_STATE=getMsg HTTP/1.1" 200 27
58.39.108.151 - - [28/Jun/2023:09:55:21 +0800] "POST /xingrg/kc/buy/cgsh_list_operate.html HTTP/1.1" 200 3135
101.83.145.52 - - [28/Jun/2023:09:55:27 +0800] "GET /xingrg/check_reg.html?_=1687917148603 HTTP/1.1" 200 22
101.83.145.52 - - [28/Jun/2023:09:55:27 +0800] "GET /xingrg/all/function/internal_message.html?_=1687917148607&CODE_STATE=getMsg HTTP/1.1" 200 27
116.238.96.78 - - [28/Jun/2023:09:55:29 +0800] "GET /xingrg/all/function/internal_message.html?_=1687917330095&CODE_STATE=getMsg HTTP/1.1" 200 27
222.67.234.146 - - [28/Jun/2023:09:55:29 +0800] "GET /xingrg/kc/buy/cgsh_order_operate.html?command=get_materiel&rest_code=00141&code=00101008199&supplier_code=00100007&order_time=2023-06-28 HTTP/1.1" 200 408
222.70.114.12 - - [28/Jun/2023:09:55:34 +0800] "GET /xingrg/all/function/internal_message.html?_=1687917338529&CODE_STATE=getMsg HTTP/1.1" 200 27
222.70.114.12 - - [28/Jun/2023:09:55:34 +0800] "GET /xingrg/check_reg.html?_=1687917338532 HTTP/1.1" 200 22
114.85.113.108 - - [28/Jun/2023:09:55:39 +0800] "GET /xingrg/all/function/internal_message.html?_=1687917333772&CODE_STATE=getMsg HTTP/1.1" 200 27
180.169.147.146 - - [28/Jun/2023:09:55:39 +0800] "GET /xingrg/all/function/internal_message.html?_=1687917337951&CODE_STATE=getMsg HTTP/1.1" 200 27
101.83.241.57 - - [28/Jun/2023:09:55:43 +0800] "GET /xingrg/all/function/internal_message.html?_=1687917457028&CODE_STATE=getMsg HTTP/1.1" 200 27
114.83.219.231 - - [28/Jun/2023:09:55:44 +0800] "GET /xingrg/all/function/internal_message.html?_=1687917344200&CODE_STATE=getMsg HTTP/1.1" 200 27
116.235.240.62 - - [28/Jun/2023:09:55:45 +0800] "POST /xingrg/services/DataTransmitService HTTP/1.1" 200 524
116.235.240.62 - - [28/Jun/2023:09:55:46 +0800] "POST /xingrg/services/DataTransmitService HTTP/1.1" 200 412
116.238.191.126 - - [28/Jun/2023:09:55:49 +0800] "GET /xingrg/all/function/internal_message.html?_=1687917269271&CODE_STATE=getMsg HTTP/1.1" 200 27
222.67.234.146 - - [28/Jun/2023:09:55:53 +0800] "GET /xingrg/kc/buy/cgsh_order_operate.html?command=get_materiel&rest_code=00141&code=00101008087&supplier_code=00100007&order_time=2023-06-28 HTTP/1.1" 200 412
114.85.113.108 - - [28/Jun/2023:09:55:54 +0800] "GET /xingrg/check_reg.html?_=1687917349025 HTTP/1.1" 200 22
58.39.108.151 - - [28/Jun/2023:09:55:54 +0800] "POST /xingrg/kc/buy/cgsh_list_operate.html HTTP/1.1" 200 4
116.238.96.78 - - [28/Jun/2023:09:55:55 +0800] "GET /xingrg/all/function/internal_message.html?_=1687917367659&CODE_STATE=getMsg HTTP/1.1" 200 27
58.39.108.151 - - [28/Jun/2023:09:55:58 +0800] "POST /xingrg/kc/buy/cgsh_list_operate.html HTTP/1.1" 200 986
58.39.108.151 - - [28/Jun/2023:09:56:00 +0800] "GET /xingrg/kc/buy/cgsh_order_add.html HTTP/1.1" 200 70743
58.39.108.151 - - [28/Jun/2023:09:56:00 +0800] "POST /xingrg/kc/buy/cgsh_order_operate.html HTTP/1.1" 200 8245
58.39.108.151 - - [28/Jun/2023:09:56:00 +0800] "GET /xingrg/javascript/easyui/themes/default/validatebox.css HTTP/1.1" 404 1104
116.232.195.127 - - [28/Jun/2023:09:56:02 +0800] "GET /xingrg/all/function/internal_message.html?_=1687917346294&CODE_STATE=getMsg HTTP/1.1" 200 27
180.165.154.167 - - [28/Jun/2023:09:56:04 +0800] "GET /xingrg/all/function/internal_message.html?_=1687917364027&CODE_STATE=getMsg HTTP/1.1" 200 27
222.67.234.146 - - [28/Jun/2023:09:56:05 +0800] "POST /xingrg/kc/buy/cgsh_order_operate.html HTTP/1.1" 200 2065
58.39.108.151 - - [28/Jun/2023:09:56:08 +0800] "GET /xingrg/all/function/internal_message.html?_=1687917368549&CODE_STATE=getMsg HTTP/1.1" 200 27
222.67.234.146 - - [28/Jun/2023:09:56:11 +0800] "GET /xingrg/kc/buy/cgsh_order_operate.html?command=get_materiel&rest_code=00141&code=00101008296&supplier_code=00100007&order_time=2023-06-28 HTTP/1.1" 200 416
58.39.108.151 - - [28/Jun/2023:09:56:11 +0800] "GET /xingrg/system/info/materiel_import.html?isSelect=1&singleSelect=false HTTP/1.1" 200 5600
58.39.108.151 - - [28/Jun/2023:09:56:11 +0800] "GET /xingrg/css/xtree.css HTTP/1.1" 200 880
58.39.108.151 - - [28/Jun/2023:09:56:12 +0800] "GET /xingrg/javascript/jquery_ui/themes/base/base.css HTTP/1.1" 200 28568
58.39.108.151 - - [28/Jun/2023:09:56:12 +0800] "GET /xingrg/javascript/jquery_easy_ui/themes/default/images/button_a_bg.gif HTTP/1.1" 200 1194
58.39.108.151 - - [28/Jun/2023:09:56:12 +0800] "GET /xingrg/javascript/jquery_easy_ui/themes/default/images/datagrid_header_bg.gif HTTP/1.1" 200 97
58.39.108.151 - - [28/Jun/2023:09:56:12 +0800] "GET /xingrg/javascript/jquery_easy_ui/themes/icons/edit_add.png HTTP/1.1" 200 1088
58.39.108.151 - - [28/Jun/2023:09:56:12 +0800] "GET /xingrg/javascript/jquery_easy_ui/themes/icons/search.png HTTP/1.1" 200 813
58.39.108.151 - - [28/Jun/2023:09:56:12 +0800] "GET /xingrg/javascript/jquery_easy_ui/themes/icons/check_new.png HTTP/1.1" 200 3224
58.39.108.151 - - [28/Jun/2023:09:56:12 +0800] "GET /xingrg/javascript/jquery_easy_ui/themes/default/images/button_span_bg.gif HTTP/1.1" 200 2061
58.39.108.151 - - [28/Jun/2023:09:56:12 +0800] "GET /xingrg/javascript/jquery_easy_ui/themes/default/images/pagination_first.gif HTTP/1.1" 200 925
58.39.108.151 - - [28/Jun/2023:09:56:12 +0800] "GET /xingrg/javascript/jquery_easy_ui/themes/default/images/pagination_next.gif HTTP/1.1" 200 875
58.39.108.151 - - [28/Jun/2023:09:56:12 +0800] "GET /xingrg/javascript/jquery_easy_ui/themes/default/images/pagination_prev.gif HTTP/1.1" 200 879
58.39.108.151 - - [28/Jun/2023:09:56:12 +0800] "GET /xingrg/javascript/jquery_easy_ui/themes/default/images/pagination_load.png HTTP/1.1" 200 827
58.39.108.151 - - [28/Jun/2023:09:56:12 +0800] "GET /xingrg/javascript/jquery_easy_ui/themes/default/images/pagination_last.gif HTTP/1.1" 200 923
58.39.108.151 - - [28/Jun/2023:09:56:12 +0800] "GET /favicon.ico HTTP/1.1" 404 -
58.39.108.151 - - [28/Jun/2023:09:56:12 +0800] "POST /xingrg/all/common/load_tree.html?tree=materiel_sort_tree_json HTTP/1.1" 200 9500
222.67.234.146 - - [28/Jun/2023:09:56:17 +0800] "GET /xingrg/check_reg.html?_=1687916865573 HTTP/1.1" 200 22
222.67.234.146 - - [28/Jun/2023:09:56:17 +0800] "GET /xingrg/all/function/internal_message.html?_=1687916865571&CODE_STATE=getMsg HTTP/1.1" 200 27
116.235.240.62 - - [28/Jun/2023:09:56:18 +0800] "GET /xingrg/all/function/internal_message.html?_=1687917388399&CODE_STATE=getMsg HTTP/1.1" 200 27
58.39.108.151 - - [28/Jun/2023:09:56:19 +0800] "GET /xingrg/kc/buy/cgsh_order_operate.html?command=get_materiel&rest_code=00157&code=00101011001&supplier_code=00100047&order_time=2023-06-25 HTTP/1.1" 200 423
222.67.234.146 - - [28/Jun/2023:09:56:24 +0800] "GET /xingrg/kc/buy/cgsh_order_operate.html?command=get_materiel&rest_code=00141&code=00101008144&supplier_code=00100007&order_time=2023-06-28 HTTP/1.1" 200 412
101.83.145.52 - - [28/Jun/2023:09:56:27 +0800] "GET /xingrg/all/function/internal_message.html?_=1687917208608&CODE_STATE=getMsg HTTP/1.1" 200 27
116.238.96.78 - - [28/Jun/2023:09:56:29 +0800] "GET /xingrg/all/function/internal_message.html?_=1687917390083&CODE_STATE=getMsg HTTP/1.1" 200 27
58.39.108.151 - - [28/Jun/2023:09:56:32 +0800] "POST /xingrg/kc/buy/cgsh_order_operate.html HTTP/1.1" 200 37
222.70.114.12 - - [28/Jun/2023:09:56:34 +0800] "GET /xingrg/all/function/internal_message.html?_=1687917398531&CODE_STATE=getMsg HTTP/1.1" 200 27
222.67.234.146 - - [28/Jun/2023:09:56:34 +0800] "GET /xingrg/kc/buy/cgsh_order_operate.html?command=get_materiel&rest_code=00141&code=00101015006&supplier_code=00100007&order_time=2023-06-28 HTTP/1.1" 200 413
58.39.108.151 - - [28/Jun/2023:09:56:35 +0800] "POST /xingrg/kc/buy/cgsh_order_operate.html HTTP/1.1" 200 2666
58.39.108.151 - - [28/Jun/2023:09:56:38 +0800] "GET /xingrg/kc/print/load_data.html?order_code=212023062810320&kc_code=cgsh&condition= HTTP/1.1" 200 730
114.85.113.108 - - [28/Jun/2023:09:56:38 +0800] "GET /xingrg/all/function/internal_message.html?_=1687917393750&CODE_STATE=getMsg HTTP/1.1" 200 27
180.169.147.146 - - [28/Jun/2023:09:56:39 +0800] "GET /xingrg/check_reg.html?_=1687917397953 HTTP/1.1" 200 22
180.169.147.146 - - [28/Jun/2023:09:56:39 +0800] "GET /xingrg/all/function/internal_message.html?_=1687917397958&CODE_STATE=getMsg HTTP/1.1" 200 27
101.83.241.57 - - [28/Jun/2023:09:56:43 +0800] "GET /xingrg/all/function/internal_message.html?_=1687917517025&CODE_STATE=getMsg HTTP/1.1" 200 27
42.236.10.78 - - [28/Jun/2023:09:56:43 +0800] "GET /xingrg/system/info/materiel_import.html HTTP/1.1" 302 -
27.115.124.101 - - [28/Jun/2023:09:56:44 +0800] "GET / HTTP/1.1" 404 -
27.115.124.101 - - [28/Jun/2023:09:56:44 +0800] "GET / HTTP/1.1" 404 -
42.236.10.84 - - [28/Jun/2023:09:56:44 +0800] "GET /xingrg/system/info/materiel_import.html HTTP/1.1" 302 -
42.236.10.84 - - [28/Jun/2023:09:56:44 +0800] "GET /xingrg/login.html HTTP/1.1" 200 2139
114.83.219.231 - - [28/Jun/2023:09:56:44 +0800] "GET /xingrg/all/function/internal_message.html?_=1687917404200&CODE_STATE=getMsg HTTP/1.1" 200 27
222.67.234.146 - - [28/Jun/2023:09:56:45 +0800] "GET /xingrg/kc/buy/cgsh_order_operate.html?command=get_materiel&rest_code=00141&code=00101019816&supplier_code=00100007&order_time=2023-06-28 HTTP/1.1" 200 447
42.236.10.93 - - [28/Jun/2023:09:56:45 +0800] "GET /xingrg/javascript/mobile/jquery.mobile-1.3.2.min.css HTTP/1.1" 200 94670
42.236.10.75 - - [28/Jun/2023:09:56:45 +0800] "GET /xingrg/javascript/mobile/jquery.mobile-1.3.2.min.js HTTP/1.1" 200 145396
42.236.10.78 - - [28/Jun/2023:09:56:45 +0800] "GET /xingrg/javascript/mobile/jquery-1.8.3.min.js HTTP/1.1" 200 93637
180.163.220.54 - - [28/Jun/2023:09:56:46 +0800] "GET / HTTP/1.1" 404 -
180.163.220.54 - - [28/Jun/2023:09:56:47 +0800] "GET / HTTP/1.1" 404 -
42.236.10.75 - - [28/Jun/2023:09:56:47 +0800] "GET /xingrg/javascript/mobile/images/ajax-loader.gif HTTP/1.1" 200 7825
116.238.191.126 - - [28/Jun/2023:09:56:49 +0800] "GET /xingrg/check_reg.html?_=1687917329250 HTTP/1.1" 200 22
116.238.191.126 - - [28/Jun/2023:09:56:49 +0800] "GET /xingrg/all/function/internal_message.html?_=1687917329285&CODE_STATE=getMsg HTTP/1.1" 200 27
116.238.96.78 - - [28/Jun/2023:09:56:55 +0800] "GET /xingrg/all/function/internal_message.html?_=1687917427644&CODE_STATE=getMsg HTTP/1.1" 200 27
116.238.96.78 - - [28/Jun/2023:09:56:55 +0800] "GET /xingrg/check_reg.html?_=1687917427747 HTTP/1.1" 200 22
116.232.195.127 - - [28/Jun/2023:09:57:02 +0800] "GET /xingrg/all/function/internal_message.html?_=1687917406283&CODE_STATE=getMsg HTTP/1.1" 200 27
222.67.234.146 - - [28/Jun/2023:09:57:03 +0800] "POST /xingrg/kc/buy/cgsh_order_operate.html HTTP/1.1" 200 37
180.165.154.167 - - [28/Jun/2023:09:57:04 +0800] "GET /xingrg/all/function/internal_message.html?_=1687917424015&CODE_STATE=getMsg HTTP/1.1" 200 27
222.67.234.146 - - [28/Jun/2023:09:57:08 +0800] "POST /xingrg/kc/buy/cgsh_order_operate.html HTTP/1.1" 200 33404
58.39.108.151 - - [28/Jun/2023:09:57:08 +0800] "GET /xingrg/all/function/internal_message.html?_=1687917428533&CODE_STATE=getMsg HTTP/1.1" 200 27
58.39.108.151 - - [28/Jun/2023:09:57:15 +0800] "GET /xingrg/kc/buy/cgsh_order_add.html HTTP/1.1" 200 70743
58.39.108.151 - - [28/Jun/2023:09:57:15 +0800] "POST /xingrg/kc/buy/cgsh_order_operate.html HTTP/1.1" 200 8245
58.39.108.151 - - [28/Jun/2023:09:57:15 +0800] "GET /xingrg/javascript/easyui/themes/default/validatebox.css HTTP/1.1" 404 1104
222.67.234.146 - - [28/Jun/2023:09:57:17 +0800] "GET /xingrg/all/function/internal_message.html?_=1687916925554&CODE_STATE=getMsg HTTP/1.1" 200 27
116.235.240.62 - - [28/Jun/2023:09:57:19 +0800] "GET /xingrg/all/function/internal_message.html?_=1687917448587&CODE_STATE=getMsg HTTP/1.1" 200 27
101.83.145.52 - - [28/Jun/2023:09:57:27 +0800] "GET /xingrg/all/function/internal_message.html?_=1687917268612&CODE_STATE=getMsg HTTP/1.1" 200 27
116.238.96.78 - - [28/Jun/2023:09:57:29 +0800] "GET /xingrg/check_reg.html?_=1687917450070 HTTP/1.1" 200 22
116.238.96.78 - - [28/Jun/2023:09:57:29 +0800] "GET /xingrg/all/function/internal_message.html?_=1687917450073&CODE_STATE=getMsg HTTP/1.1" 200 27
58.39.108.151 - - [28/Jun/2023:09:57:30 +0800] "GET /xingrg/kc/buy/cgsh_order_operate.html?command=get_materiel&rest_code=00157&code=00101010161&supplier_code=00100595&order_time=2023-06-25 HTTP/1.1" 200 409
222.70.114.12 - - [28/Jun/2023:09:57:34 +0800] "GET /xingrg/all/function/internal_message.html?_=1687917458557&CODE_STATE=getMsg HTTP/1.1" 200 27
114.85.113.108 - - [28/Jun/2023:09:57:39 +0800] "GET /xingrg/all/function/internal_message.html?_=1687917453730&CODE_STATE=getMsg HTTP/1.1" 200 27
180.169.147.146 - - [28/Jun/2023:09:57:39 +0800] "GET /xingrg/all/function/internal_message.html?_=1687917457943&CODE_STATE=getMsg HTTP/1.1" 200 27
58.39.108.151 - - [28/Jun/2023:09:57:41 +0800] "GET /xingrg/kc/buy/cgsh_order_operate.html?command=get_materiel&rest_code=00157&code=00101012029&supplier_code=00100595&order_time=2023-06-25 HTTP/1.1" 200 412
101.83.241.57 - - [28/Jun/2023:09:57:43 +0800] "GET /xingrg/all/function/internal_message.html?_=1687917577016&CODE_STATE=getMsg HTTP/1.1" 200 27
114.83.219.231 - - [28/Jun/2023:09:57:44 +0800] "GET /xingrg/all/function/internal_message.html?_=1687917464200&CODE_STATE=getMsg HTTP/1.1" 200 27
114.83.219.231 - - [28/Jun/2023:09:57:44 +0800] "GET /xingrg/check_reg.html?_=1687917464203 HTTP/1.1" 200 22
58.39.108.151 - - [28/Jun/2023:09:57:49 +0800] "POST /xingrg/kc/buy/cgsh_order_operate.html HTTP/1.1" 200 37
116.238.191.126 - - [28/Jun/2023:09:57:49 +0800] "GET /xingrg/all/function/internal_message.html?_=1687917389299&CODE_STATE=getMsg HTTP/1.1" 200 27
58.39.108.151 - - [28/Jun/2023:09:57:52 +0800] "POST /xingrg/kc/buy/cgsh_order_operate.html HTTP/1.1" 200 3245
116.238.96.78 - - [28/Jun/2023:09:57:55 +0800] "GET /xingrg/all/function/internal_message.html?_=1687917487628&CODE_STATE=getMsg HTTP/1.1" 200 27
58.39.108.151 - - [28/Jun/2023:09:57:56 +0800] "GET /xingrg/kc/print/load_data.html?order_code=212023062810322&kc_code=cgsh&condition= HTTP/1.1" 200 885
116.232.195.127 - - [28/Jun/2023:09:58:02 +0800] "GET /xingrg/all/function/internal_message.html?_=1687917466267&CODE_STATE=getMsg HTTP/1.1" 200 27
180.165.154.167 - - [28/Jun/2023:09:58:03 +0800] "GET /xingrg/check_reg.html?_=1687917483367 HTTP/1.1" 200 22
180.165.154.167 - - [28/Jun/2023:09:58:04 +0800] "GET /xingrg/all/function/internal_message.html?_=1687917484004&CODE_STATE=getMsg HTTP/1.1" 200 27
58.39.108.151 - - [28/Jun/2023:09:58:05 +0800] "GET /xingrg/kc/buy/cgsh_order_add.html HTTP/1.1" 200 70743
58.39.108.151 - - [28/Jun/2023:09:58:05 +0800] "POST /xingrg/kc/buy/cgsh_order_operate.html HTTP/1.1" 200 8245
58.39.108.151 - - [28/Jun/2023:09:58:06 +0800] "GET /xingrg/javascript/easyui/themes/default/validatebox.css HTTP/1.1" 404 1104
58.39.108.151 - - [28/Jun/2023:09:58:08 +0800] "GET /xingrg/all/function/internal_message.html?_=1687917488513&CODE_STATE=getMsg HTTP/1.1" 200 27
58.39.108.151 - - [28/Jun/2023:09:58:08 +0800] "GET /xingrg/check_reg.html?_=1687917488689 HTTP/1.1" 200 22
222.67.234.146 - - [28/Jun/2023:09:58:17 +0800] "GET /xingrg/all/function/internal_message.html?_=1687916985530&CODE_STATE=getMsg HTTP/1.1" 200 27
116.235.240.62 - - [28/Jun/2023:09:58:19 +0800] "GET /xingrg/all/function/internal_message.html?_=1687917508596&CODE_STATE=getMsg HTTP/1.1" 200 27
58.39.108.151 - - [28/Jun/2023:09:58:25 +0800] "GET /xingrg/kc/buy/cgsh_order_operate.html?command=get_materiel&rest_code=00157&code=00101006183&supplier_code=00100612&order_time=2023-06-25 HTTP/1.1" 200 408
101.83.145.52 - - [28/Jun/2023:09:58:27 +0800] "GET /xingrg/all/function/internal_message.html?_=1687917328617&CODE_STATE=getMsg HTTP/1.1" 200 27
116.238.96.78 - - [28/Jun/2023:09:58:29 +0800] "GET /xingrg/all/function/internal_message.html?_=1687917510059&CODE_STATE=getMsg HTTP/1.1" 200 27
222.70.114.12 - - [28/Jun/2023:09:58:34 +0800] "GET /xingrg/all/function/internal_message.html?_=1687917518556&CODE_STATE=getMsg HTTP/1.1" 200 27
58.39.108.151 - - [28/Jun/2023:09:58:36 +0800] "GET /xingrg/kc/buy/cgsh_order_operate.html?command=get_materiel&rest_code=00157&code=00101006177&supplier_code=00100612&order_time=2023-06-25 HTTP/1.1" 200 408
114.85.113.108 - - [28/Jun/2023:09:58:39 +0800] "GET /xingrg/all/function/internal_message.html?_=1687917513712&CODE_STATE=getMsg HTTP/1.1" 200 27
180.169.147.146 - - [28/Jun/2023:09:58:39 +0800] "GET /xingrg/all/function/internal_message.html?_=1687917517943&CODE_STATE=getMsg HTTP/1.1" 200 27
101.83.241.57 - - [28/Jun/2023:09:58:43 +0800] "GET /xingrg/all/function/internal_message.html?_=1687917637020&CODE_STATE=getMsg HTTP/1.1" 200 27
101.83.241.57 - - [28/Jun/2023:09:58:43 +0800] "GET /xingrg/check_reg.html?_=1687917637023 HTTP/1.1" 200 22
114.83.219.231 - - [28/Jun/2023:09:58:44 +0800] "GET /xingrg/all/function/internal_message.html?_=1687917524209&CODE_STATE=getMsg HTTP/1.1" 200 27
116.238.191.126 - - [28/Jun/2023:09:58:49 +0800] "GET /xingrg/all/function/internal_message.html?_=1687917449311&CODE_STATE=getMsg HTTP/1.1" 200 27
58.39.108.151 - - [28/Jun/2023:09:58:49 +0800] "GET /xingrg/kc/buy/cgsh_order_operate.html?command=get_materiel&rest_code=00157&code=00101006193&supplier_code=00100612&order_time=2023-06-25 HTTP/1.1" 200 409
116.238.96.78 - - [28/Jun/2023:09:58:55 +0800] "GET /xingrg/all/function/internal_message.html?_=1687917547615&CODE_STATE=getMsg HTTP/1.1" 200 27
58.39.108.151 - - [28/Jun/2023:09:58:57 +0800] "POST /xingrg/kc/buy/cgsh_order_operate.html HTTP/1.1" 200 37
116.232.195.127 - - [28/Jun/2023:09:59:02 +0800] "GET /xingrg/all/function/internal_message.html?_=1687917526250&CODE_STATE=getMsg HTTP/1.1" 200 27
116.238.96.78 - - [28/Jun/2023:09:59:03 +0800] "POST /xingrg/services/DataTransmitService HTTP/1.1" 200 524
180.165.154.167 - - [28/Jun/2023:09:59:04 +0800] "GET /xingrg/all/function/internal_message.html?_=1687917543978&CODE_STATE=getMsg HTTP/1.1" 200 27
222.67.234.146 - - [28/Jun/2023:09:59:17 +0800] "GET /xingrg/all/function/internal_message.html?_=1687917045499&CODE_STATE=getMsg HTTP/1.1" 200 27
116.235.240.62 - - [28/Jun/2023:09:59:19 +0800] "GET /xingrg/all/function/internal_message.html?_=1687917568777&CODE_STATE=getMsg HTTP/1.1" 200 27
58.39.108.151 - - [28/Jun/2023:09:59:21 +0800] "POST /xingrg/kc/buy/cgsh_order_operate.html HTTP/1.1" 200 3826
58.39.108.151 - - [28/Jun/2023:09:59:22 +0800] "GET /xingrg/kc/print/load_data.html?order_code=212023062810323&kc_code=cgsh&condition= HTTP/1.1" 200 1099
101.83.145.52 - - [28/Jun/2023:09:59:27 +0800] "GET /xingrg/all/function/internal_message.html?_=1687917388604&CODE_STATE=getMsg HTTP/1.1" 200 27
58.39.108.151 - - [28/Jun/2023:09:59:28 +0800] "GET /xingrg/kc/buy/cgsh_order_add.html HTTP/1.1" 200 70743
58.39.108.151 - - [28/Jun/2023:09:59:28 +0800] "POST /xingrg/kc/buy/cgsh_order_operate.html HTTP/1.1" 200 8245
58.39.108.151 - - [28/Jun/2023:09:59:28 +0800] "GET /xingrg/javascript/easyui/themes/default/validatebox.css HTTP/1.1" 404 1104
116.238.96.78 - - [28/Jun/2023:09:59:29 +0800] "GET /xingrg/all/function/internal_message.html?_=1687917570038&CODE_STATE=getMsg HTTP/1.1" 200 27
180.169.147.146 - - [28/Jun/2023:09:59:33 +0800] "GET /xingrg/check_reg.html?_=1687917572894 HTTP/1.1" 200 22
222.70.114.12 - - [28/Jun/2023:09:59:34 +0800] "GET /xingrg/all/function/internal_message.html?_=1687917578556&CODE_STATE=getMsg HTTP/1.1" 200 27
114.85.113.108 - - [28/Jun/2023:09:59:38 +0800] "GET /xingrg/all/function/internal_message.html?_=1687917573700&CODE_STATE=getMsg HTTP/1.1" 200 27
180.169.147.146 - - [28/Jun/2023:09:59:39 +0800] "GET /xingrg/all/function/internal_message.html?_=1687917577943&CODE_STATE=getMsg HTTP/1.1" 200 27
101.83.241.57 - - [28/Jun/2023:09:59:43 +0800] "GET /xingrg/all/function/internal_message.html?_=1687917697038&CODE_STATE=getMsg HTTP/1.1" 200 27
58.39.108.151 - - [28/Jun/2023:09:59:43 +0800] "GET /xingrg/kc/buy/cgsh_order_operate.html?command=get_materiel&rest_code=00157&code=00101007101&supplier_code=00100503&order_time=2023-06-25 HTTP/1.1" 200 414
114.83.219.231 - - [28/Jun/2023:09:59:44 +0800] "GET /xingrg/all/function/internal_message.html?_=1687917584211&CODE_STATE=getMsg HTTP/1.1" 200 27
116.238.191.126 - - [28/Jun/2023:09:59:49 +0800] "GET /xingrg/all/function/internal_message.html?_=1687917509345&CODE_STATE=getMsg HTTP/1.1" 200 27
116.235.240.62 - - [28/Jun/2023:09:59:52 +0800] "GET /xingrg/check_reg.html?_=1687917602276 HTTP/1.1" 200 22
116.238.96.78 - - [28/Jun/2023:09:59:54 +0800] "GET /xingrg/all/function/internal_message.html?_=1687917607594&CODE_STATE=getMsg HTTP/1.1" 200 27
58.39.108.151 - - [28/Jun/2023:09:59:57 +0800] "GET /xingrg/kc/buy/cgsh_order_operate.html?command=get_materiel&rest_code=00157&code=00101018023&supplier_code=00100503&order_time=2023-06-25 HTTP/1.1" 200 409
116.232.195.127 - - [28/Jun/2023:10:00:00 +0800] "GET /xingrg/check_reg.html?_=1687917584144 HTTP/1.1" 200 22
116.232.195.127 - - [28/Jun/2023:10:00:02 +0800] "GET /xingrg/all/function/internal_message.html?_=1687917586240&CODE_STATE=getMsg HTTP/1.1" 200 27
180.165.154.167 - - [28/Jun/2023:10:00:04 +0800] "GET /xingrg/all/function/internal_message.html?_=1687917603964&CODE_STATE=getMsg HTTP/1.1" 200 27
58.39.108.151 - - [28/Jun/2023:10:00:08 +0800] "GET /xingrg/all/function/internal_message.html?_=1687917608514&CODE_STATE=getMsg HTTP/1.1" 200 27
58.39.108.151 - - [28/Jun/2023:10:00:09 +0800] "POST /xingrg/kc/buy/cgsh_order_operate.html HTTP/1.1" 200 37
58.39.108.151 - - [28/Jun/2023:10:00:11 +0800] "POST /xingrg/kc/buy/cgsh_order_operate.html HTTP/1.1" 200 3248
222.67.234.146 - - [28/Jun/2023:10:00:17 +0800] "GET /xingrg/all/function/internal_message.html?_=1687917105476&CODE_STATE=getMsg HTTP/1.1" 200 27
116.235.240.62 - - [28/Jun/2023:10:00:19 +0800] "GET /xingrg/all/function/internal_message.html?_=1687917628780&CODE_STATE=getMsg HTTP/1.1" 200 27
58.39.108.151 - - [28/Jun/2023:10:00:20 +0800] "GET /xingrg/kc/print/load_data.html?order_code=212023062810324&kc_code=cgsh&condition= HTTP/1.1" 200 900
101.83.145.52 - - [28/Jun/2023:10:00:27 +0800] "GET /xingrg/check_reg.html?_=1687917448609 HTTP/1.1" 200 22
101.83.145.52 - - [28/Jun/2023:10:00:27 +0800] "GET /xingrg/all/function/internal_message.html?_=1687917448612&CODE_STATE=getMsg HTTP/1.1" 200 27
58.39.108.151 - - [28/Jun/2023:10:00:29 +0800] "GET /xingrg/kc/buy/cgsh_order_add.html HTTP/1.1" 200 70743
116.238.96.78 - - [28/Jun/2023:10:00:29 +0800] "GET /xingrg/all/function/internal_message.html?_=1687917630021&CODE_STATE=getMsg HTTP/1.1" 200 27
58.39.108.151 - - [28/Jun/2023:10:00:29 +0800] "POST /xingrg/kc/buy/cgsh_order_operate.html HTTP/1.1" 200 8245
58.39.108.151 - - [28/Jun/2023:10:00:29 +0800] "GET /xingrg/javascript/easyui/themes/default/validatebox.css HTTP/1.1" 404 1104
222.70.114.12 - - [28/Jun/2023:10:00:34 +0800] "GET /xingrg/all/function/internal_message.html?_=1687917638556&CODE_STATE=getMsg HTTP/1.1" 200 27
222.70.114.12 - - [28/Jun/2023:10:00:34 +0800] "GET /xingrg/check_reg.html?_=1687917638559 HTTP/1.1" 200 22
114.85.113.108 - - [28/Jun/2023:10:00:38 +0800] "GET /xingrg/all/function/internal_message.html?_=1687917633690&CODE_STATE=getMsg HTTP/1.1" 200 27
180.169.147.146 - - [28/Jun/2023:10:00:39 +0800] "GET /xingrg/all/function/internal_message.html?_=1687917637970&CODE_STATE=getMsg HTTP/1.1" 200 27
101.83.241.57 - - [28/Jun/2023:10:00:43 +0800] "GET /xingrg/all/function/internal_message.html?_=1687917757026&CODE_STATE=getMsg HTTP/1.1" 200 27
114.83.219.231 - - [28/Jun/2023:10:00:44 +0800] "GET /xingrg/all/function/internal_message.html?_=1687917644212&CODE_STATE=getMsg HTTP/1.1" 200 27
116.238.191.126 - - [28/Jun/2023:10:00:49 +0800] "GET /xingrg/all/function/internal_message.html?_=1687917569355&CODE_STATE=getMsg HTTP/1.1" 200 27
58.39.108.151 - - [28/Jun/2023:10:00:52 +0800] "GET /xingrg/kc/buy/cgsh_order_operate.html?command=get_materiel&rest_code=00157&code=00101008355&supplier_code=00100556&order_time=2023-06-25 HTTP/1.1" 200 408
114.85.113.108 - - [28/Jun/2023:10:00:54 +0800] "GET /xingrg/check_reg.html?_=1687917649034 HTTP/1.1" 200 22
116.238.96.78 - - [28/Jun/2023:10:00:54 +0800] "GET /xingrg/all/function/internal_message.html?_=1687917667564&CODE_STATE=getMsg HTTP/1.1" 200 27
222.70.180.90 - - [28/Jun/2023:10:00:59 +0800] "GET /favicon.ico HTTP/1.1" 404 -
58.39.108.151 - - [28/Jun/2023:10:01:00 +0800] "GET /xingrg/kc/buy/cgsh_order_operate.html?command=get_materiel&rest_code=00157&code=00101015070&supplier_code=00100556&order_time=2023-06-25 HTTP/1.1" 200 413
116.232.195.127 - - [28/Jun/2023:10:01:02 +0800] "GET /xingrg/all/function/internal_message.html?_=1687917646219&CODE_STATE=getMsg HTTP/1.1" 200 27
222.70.180.90 - - [28/Jun/2023:10:01:04 +0800] "GET /xingrg/login.html HTTP/1.1" 200 7641
180.165.154.167 - - [28/Jun/2023:10:01:04 +0800] "GET /xingrg/all/function/internal_message.html?_=1687917663948&CODE_STATE=getMsg HTTP/1.1" 200 27
222.70.180.90 - - [28/Jun/2023:10:01:05 +0800] "GET /favicon.ico HTTP/1.1" 404 -
58.39.108.151 - - [28/Jun/2023:10:01:08 +0800] "GET /xingrg/all/function/internal_message.html?_=1687917668490&CODE_STATE=getMsg HTTP/1.1" 200 27
222.70.180.90 - - [28/Jun/2023:10:01:12 +0800] "POST /xingrg/login.do HTTP/1.1" 302 -
222.70.180.90 - - [28/Jun/2023:10:01:12 +0800] "GET /xingrg/index.html?sysBaseUrl=http%3A%2F%2F180.169.147.146%3A18081%2Fxingrg%2F&costTime=1154×tamp=1687917672125 HTTP/1.1" 200 17173
222.70.180.90 - - [28/Jun/2023:10:01:12 +0800] "GET /favicon.ico HTTP/1.1" 404 -
222.70.180.90 - - [28/Jun/2023:10:01:12 +0800] "GET /xingrg/check_reg.html?_=1687917670793 HTTP/1.1" 200 22
222.70.180.90 - - [28/Jun/2023:10:01:12 +0800] "GET /xingrg/all/function/internal_message.html?_=1687917670792&CODE_STATE=count HTTP/1.1" 200 11
222.70.180.90 - - [28/Jun/2023:10:01:12 +0800] "POST /xingrg/all/common/load_tree.html?tree=area_rest_tree_json&manage=1 HTTP/1.1" 200 342
222.70.180.90 - - [28/Jun/2023:10:01:12 +0800] "POST /xingrg/load_menu.html HTTP/1.1" 200 5138
222.70.180.90 - - [28/Jun/2023:10:01:13 +0800] "GET /xingrg/kc/buy/buy_main.html HTTP/1.1" 200 12412
222.70.180.90 - - [28/Jun/2023:10:01:13 +0800] "GET /xingrg/css/new_ie.css HTTP/1.1" 404 1036
222.70.180.90 - - [28/Jun/2023:10:01:14 +0800] "GET /xingrg/images/yd/bt.gif HTTP/1.1" 404 1040
222.70.180.90 - - [28/Jun/2023:10:01:16 +0800] "GET /xingrg/kc/buy/cgsh_order_list.html HTTP/1.1" 200 55838
58.39.108.151 - - [28/Jun/2023:10:01:16 +0800] "GET /xingrg/kc/buy/cgsh_order_operate.html?command=get_materiel&rest_code=00157&code=00101008261&supplier_code=00100556&order_time=2023-06-25 HTTP/1.1" 200 408
222.67.234.146 - - [28/Jun/2023:10:01:17 +0800] "GET /xingrg/all/function/internal_message.html?_=1687917165455&CODE_STATE=getMsg HTTP/1.1" 200 27
222.67.234.146 - - [28/Jun/2023:10:01:17 +0800] "GET /xingrg/check_reg.html?_=1687917165545 HTTP/1.1" 200 22
116.235.240.62 - - [28/Jun/2023:10:01:19 +0800] "GET /xingrg/all/function/internal_message.html?_=1687917688794&CODE_STATE=getMsg HTTP/1.1" 200 27
222.70.180.90 - - [28/Jun/2023:10:01:19 +0800] "POST /xingrg/kc/buy/cgsh_list_operate.html HTTP/1.1" 200 986
222.70.180.90 - - [28/Jun/2023:10:01:21 +0800] "GET /xingrg/kc/buy/cgsh_order_add.html HTTP/1.1" 200 71576
222.70.180.90 - - [28/Jun/2023:10:01:21 +0800] "GET /xingrg/words/20230627110348_words.js HTTP/1.1" 304 -
222.70.180.90 - - [28/Jun/2023:10:01:21 +0800] "POST /xingrg/kc/buy/cgsh_order_operate.html HTTP/1.1" 200 8245
222.70.180.90 - - [28/Jun/2023:10:01:21 +0800] "GET /xingrg/javascript/easyui/themes/default/validatebox.css HTTP/1.1" 404 1104
222.70.180.90 - - [28/Jun/2023:10:01:21 +0800] "GET /xingrg/all/common/auto_word.html?type=employee&rest_code=00111 HTTP/1.1" 200 155
222.70.180.90 - - [28/Jun/2023:10:01:21 +0800] "GET /xingrg/all/common/auto_word.html?type=employee&rest_code=00111 HTTP/1.1" 200 155
222.70.180.90 - - [28/Jun/2023:10:01:23 +0800] "GET /xingrg/javascript/auto/indicator.gif HTTP/1.1" 404 1066
222.70.180.90 - - [28/Jun/2023:10:01:24 +0800] "GET /xingrg/index.html?sysBaseUrl=http%3A%2F%2F180.169.147.146%3A18081%2Fxingrg%2F&costTime=1154×tamp=1687917672125 HTTP/1.1" 200 17173
222.70.180.90 - - [28/Jun/2023:10:01:25 +0800] "GET /xingrg/login.html HTTP/1.1" 200 7641
222.70.180.90 - - [28/Jun/2023:10:01:25 +0800] "GET /favicon.ico HTTP/1.1" 404 -
222.70.180.90 - - [28/Jun/2023:10:01:27 +0800] "POST /xingrg/login.do HTTP/1.1" 302 -
101.83.145.52 - - [28/Jun/2023:10:01:27 +0800] "GET /xingrg/all/function/internal_message.html?_=1687917508640&CODE_STATE=getMsg HTTP/1.1" 200 27
222.70.180.90 - - [28/Jun/2023:10:01:27 +0800] "GET /xingrg/index.html?sysBaseUrl=http%3A%2F%2F180.169.147.146%3A18081%2Fxingrg%2F&costTime=877×tamp=1687917687783 HTTP/1.1" 200 17173
222.70.180.90 - - [28/Jun/2023:10:01:28 +0800] "GET /xingrg/check_reg.html?_=1687917686357 HTTP/1.1" 200 22
222.70.180.90 - - [28/Jun/2023:10:01:28 +0800] "GET /xingrg/all/function/internal_message.html?_=1687917686356&CODE_STATE=count HTTP/1.1" 200 11
58.39.108.151 - - [28/Jun/2023:10:01:28 +0800] "GET /xingrg/kc/buy/cgsh_order_operate.html?command=get_materiel&rest_code=00157&code=00101008049&supplier_code=00100556&order_time=2023-06-25 HTTP/1.1" 200 408
222.70.180.90 - - [28/Jun/2023:10:01:28 +0800] "POST /xingrg/all/common/load_tree.html?tree=area_rest_tree_json&manage=1 HTTP/1.1" 200 342
222.70.180.90 - - [28/Jun/2023:10:01:28 +0800] "GET /favicon.ico HTTP/1.1" 404 -
222.70.180.90 - - [28/Jun/2023:10:01:28 +0800] "POST /xingrg/load_menu.html HTTP/1.1" 200 5138
116.238.96.78 - - [28/Jun/2023:10:01:29 +0800] "GET /xingrg/all/function/internal_message.html?_=1687917689998&CODE_STATE=getMsg HTTP/1.1" 200 27
222.70.180.90 - - [28/Jun/2023:10:01:29 +0800] "GET /xingrg/kc/buy/buy_main.html HTTP/1.1" 200 12412
222.70.180.90 - - [28/Jun/2023:10:01:29 +0800] "GET /xingrg/css/new_ie.css HTTP/1.1" 404 1036
222.70.180.90 - - [28/Jun/2023:10:01:30 +0800] "GET /xingrg/images/yd/bt.gif HTTP/1.1" 404 1040
222.70.180.90 - - [28/Jun/2023:10:01:31 +0800] "GET /xingrg/kc/buy/cgsh_order_list.html HTTP/1.1" 200 55838
222.70.180.90 - - [28/Jun/2023:10:01:33 +0800] "POST /xingrg/kc/buy/cgsh_list_operate.html HTTP/1.1" 200 986
222.70.114.12 - - [28/Jun/2023:10:01:34 +0800] "GET /xingrg/all/function/internal_message.html?_=1687917698558&CODE_STATE=getMsg HTTP/1.1" 200 27
222.70.180.90 - - [28/Jun/2023:10:01:38 +0800] "GET /xingrg/kc/buy/cgsh_order_add.html HTTP/1.1" 200 71576
114.85.113.108 - - [28/Jun/2023:10:01:38 +0800] "GET /xingrg/all/function/internal_message.html?_=1687917693662&CODE_STATE=getMsg HTTP/1.1" 200 27
222.70.180.90 - - [28/Jun/2023:10:01:38 +0800] "POST /xingrg/kc/buy/cgsh_order_operate.html HTTP/1.1" 200 8245
222.70.180.90 - - [28/Jun/2023:10:01:38 +0800] "GET /xingrg/javascript/easyui/themes/default/validatebox.css HTTP/1.1" 404 1104
180.169.147.146 - - [28/Jun/2023:10:01:39 +0800] "GET /xingrg/all/function/internal_message.html?_=1687917697970&CODE_STATE=getMsg HTTP/1.1" 200 27
180.169.147.146 - - [28/Jun/2023:10:01:39 +0800] "GET /xingrg/check_reg.html?_=1687917697975 HTTP/1.1" 200 22
222.70.180.90 - - [28/Jun/2023:10:01:41 +0800] "GET /xingrg/javascript/auto/indicator.gif HTTP/1.1" 404 1066
222.70.180.90 - - [28/Jun/2023:10:01:42 +0800] "GET /xingrg/javascript/jquery_tools/images/prev.gif HTTP/1.1" 404 1086
222.70.180.90 - - [28/Jun/2023:10:01:42 +0800] "GET /xingrg/javascript/jquery_tools/images/next.gif HTTP/1.1" 404 1086
101.83.241.57 - - [28/Jun/2023:10:01:43 +0800] "GET /xingrg/all/function/internal_message.html?_=1687917817018&CODE_STATE=getMsg HTTP/1.1" 200 27
114.83.219.231 - - [28/Jun/2023:10:01:44 +0800] "GET /xingrg/all/function/internal_message.html?_=1687917704214&CODE_STATE=getMsg HTTP/1.1" 200 27
116.238.191.126 - - [28/Jun/2023:10:01:49 +0800] "GET /xingrg/check_reg.html?_=1687917629243 HTTP/1.1" 200 22
116.238.191.126 - - [28/Jun/2023:10:01:49 +0800] "GET /xingrg/all/function/internal_message.html?_=1687917629369&CODE_STATE=getMsg HTTP/1.1" 200 27
222.70.180.90 - - [28/Jun/2023:10:01:53 +0800] "GET /xingrg/kc/buy/cgsh_order_operate.html?command=get_materiel&rest_code=00111&code=00101007061&supplier_code=00100004&order_time=2023-06-28 HTTP/1.1" 200 409
116.238.96.78 - - [28/Jun/2023:10:01:54 +0800] "GET /xingrg/all/function/internal_message.html?_=1687917727558&CODE_STATE=getMsg HTTP/1.1" 200 27
116.238.96.78 - - [28/Jun/2023:10:01:55 +0800] "GET /xingrg/check_reg.html?_=1687917727737 HTTP/1.1" 200 22
116.232.195.127 - - [28/Jun/2023:10:02:02 +0800] "GET /xingrg/all/function/internal_message.html?_=1687917706198&CODE_STATE=getMsg HTTP/1.1" 200 27
180.165.154.167 - - [28/Jun/2023:10:02:04 +0800] "GET /xingrg/all/function/internal_message.html?_=1687917723927&CODE_STATE=getMsg HTTP/1.1" 200 27
222.70.180.90 - - [28/Jun/2023:10:02:06 +0800] "GET /xingrg/kc/buy/cgsh_order_operate.html?command=get_materiel&rest_code=00111&code=00101007081&supplier_code=00100004&order_time=2023-06-28 HTTP/1.1" 200 413
58.39.108.151 - - [28/Jun/2023:10:02:08 +0800] "GET /xingrg/all/function/internal_message.html?_=1687917728485&CODE_STATE=getMsg HTTP/1.1" 200 27
