61.170.233.201 - - [28/Jun/2023:10:30:22 +0800] "GET /xingrg/all/function/internal_message.html?_=1687919420752&CODE_STATE=getMsg HTTP/1.1" 200 27
120.253.135.82 - - [28/Jun/2023:10:30:27 +0800] "GET /xingrg/all/function/internal_message.html?_=1687919257557&CODE_STATE=getMsg HTTP/1.1" 200 27
180.169.147.146 - - [28/Jun/2023:10:30:27 +0800] "GET /xingrg/kc/buy/cgsh_order_operate.html?command=get_materiel&rest_code=00147&code=00101016025&supplier_code=00100242&order_time=2023-06-28 HTTP/1.1" 200 408
101.83.145.52 - - [28/Jun/2023:10:30:27 +0800] "GET /xingrg/all/function/internal_message.html?_=1687919248612&CODE_STATE=getMsg HTTP/1.1" 200 27
101.83.145.52 - - [28/Jun/2023:10:30:27 +0800] "GET /xingrg/check_reg.html?_=1687919248662 HTTP/1.1" 200 22
116.238.96.78 - - [28/Jun/2023:10:30:29 +0800] "GET /xingrg/all/function/internal_message.html?_=1687919429559&CODE_STATE=getMsg HTTP/1.1" 200 27
116.238.96.78 - - [28/Jun/2023:10:30:31 +0800] "POST /xingrg/services/DataTransmitService HTTP/1.1" 200 524
222.70.180.90 - - [28/Jun/2023:10:30:31 +0800] "GET /xingrg/all/function/internal_message.html?_=1687919429829&CODE_STATE=getMsg HTTP/1.1" 200 27
120.253.135.82 - - [28/Jun/2023:10:30:32 +0800] "GET /xingrg/kc/pszx/mdqp_order_list.html?state=10 HTTP/1.1" 200 10275
120.253.135.82 - - [28/Jun/2023:10:30:32 +0800] "GET /xingrg/dwr/interface/AjaxQqpsService.js HTTP/1.1" 200 16326
120.253.135.82 - - [28/Jun/2023:10:30:32 +0800] "GET /xingrg/dwr/interface/AjaxReportQueryService.js HTTP/1.1" 200 13203
120.253.135.82 - - [28/Jun/2023:10:30:32 +0800] "GET /xingrg/dwr/engine.js HTTP/1.1" 200 43631
222.70.114.12 - - [28/Jun/2023:10:30:34 +0800] "GET /xingrg/all/function/internal_message.html?_=1687919438617&CODE_STATE=getMsg HTTP/1.1" 200 27
222.70.114.12 - - [28/Jun/2023:10:30:34 +0800] "GET /xingrg/check_reg.html?_=1687919438620 HTTP/1.1" 200 22
120.253.135.82 - - [28/Jun/2023:10:30:34 +0800] "GET /xingrg/kc/pszx/mdps_order_list.html?orderType=0 HTTP/1.1" 200 21032
120.253.135.82 - - [28/Jun/2023:10:30:34 +0800] "GET /xingrg/javascript/easyui/themes/icons/uncheck_new.png HTTP/1.1" 304 -
120.253.135.82 - - [28/Jun/2023:10:30:35 +0800] "POST /xingrg/kc/pszx/mdps_list_operate.html HTTP/1.1" 200 5389
180.169.147.146 - - [28/Jun/2023:10:30:37 +0800] "GET /xingrg/kc/buy/cgsh_order_operate.html?command=get_materiel&rest_code=00147&code=00101008332&supplier_code=00100242&order_time=2023-06-28 HTTP/1.1" 200 412
114.85.113.108 - - [28/Jun/2023:10:30:38 +0800] "GET /xingrg/all/function/internal_message.html?_=1687919433166&CODE_STATE=getMsg HTTP/1.1" 200 27
222.70.180.90 - - [28/Jun/2023:10:30:39 +0800] "GET /xingrg/kc/buy/cgsh_order_operate.html?command=get_materiel&rest_code=00111&code=00101020218&supplier_code=00100037&order_time=2023-06-28 HTTP/1.1" 200 440
180.169.147.146 - - [28/Jun/2023:10:30:39 +0800] "GET /xingrg/all/function/internal_message.html?_=1687919438034&CODE_STATE=getMsg HTTP/1.1" 200 27
120.253.135.82 - - [28/Jun/2023:10:30:40 +0800] "GET /xingrg/kc/pszx/mdps_order_add.html HTTP/1.1" 200 29101
120.253.135.82 - - [28/Jun/2023:10:30:40 +0800] "POST /xingrg/kc/pszx/mdps_order_operate.html HTTP/1.1" 200 7126
120.253.135.82 - - [28/Jun/2023:10:30:40 +0800] "GET /xingrg/javascript/easyui/themes/default/validatebox.css HTTP/1.1" 404 1104
101.83.241.57 - - [28/Jun/2023:10:30:43 +0800] "GET /xingrg/all/function/internal_message.html?_=1687919557024&CODE_STATE=getMsg HTTP/1.1" 200 27
222.70.180.90 - - [28/Jun/2023:10:30:43 +0800] "POST /xingrg/all/common/load_select.html HTTP/1.1" 200 25
58.39.108.151 - - [28/Jun/2023:10:30:43 +0800] "POST /xingrg/kc/buy/cgsh_list_operate.html HTTP/1.1" 200 986
101.83.145.52 - - [28/Jun/2023:10:30:44 +0800] "GET /xingrg/kc/base/wldb_order_add.html HTTP/1.1" 200 30381
101.83.145.52 - - [28/Jun/2023:10:30:44 +0800] "GET /xingrg/words/20230628102723_words.js HTTP/1.1" 304 -
101.83.145.52 - - [28/Jun/2023:10:30:44 +0800] "POST /xingrg/kc/base/wldb_order_operate.html HTTP/1.1" 200 6806
101.83.145.52 - - [28/Jun/2023:10:30:44 +0800] "GET /xingrg/javascript/easyui/themes/default/validatebox.css HTTP/1.1" 404 1104
114.83.219.231 - - [28/Jun/2023:10:30:44 +0800] "GET /xingrg/all/function/internal_message.html?_=1687919444260&CODE_STATE=getMsg HTTP/1.1" 200 27
180.157.251.128 - - [28/Jun/2023:10:30:47 +0800] "GET /xingrg/all/function/internal_message.html?_=1687919448197&CODE_STATE=getMsg HTTP/1.1" 200 27
120.253.135.82 - - [28/Jun/2023:10:30:48 +0800] "GET /xingrg/all/function/internal_message.html?_=1687919278976&CODE_STATE=getMsg HTTP/1.1" 200 27
116.238.191.126 - - [28/Jun/2023:10:30:50 +0800] "GET /xingrg/all/function/internal_message.html?_=1687919369857&CODE_STATE=getMsg HTTP/1.1" 200 27
180.169.147.146 - - [28/Jun/2023:10:30:50 +0800] "GET /xingrg/kc/buy/cgsh_order_operate.html?command=get_materiel&rest_code=00147&code=00101012059&supplier_code=00100242&order_time=2023-06-28 HTTP/1.1" 200 413
222.70.180.90 - - [28/Jun/2023:10:30:51 +0800] "GET /xingrg/kc/buy/cgsh_order_operate.html?command=get_materiel_price&rest_code=00111&code=00101020218&unit_code=00100195&supplier_code=00100037&order_time=2023-06-28 HTTP/1.1" 200 28
120.253.135.82 - - [28/Jun/2023:10:30:53 +0800] "POST /xingrg/all/common/load_combo.html?type=base HTTP/1.1" 200 1169
114.85.113.108 - - [28/Jun/2023:10:30:54 +0800] "GET /xingrg/check_reg.html?_=1687919449068 HTTP/1.1" 200 22
116.235.240.62 - - [28/Jun/2023:10:30:54 +0800] "GET /xingrg/kc/buy/cgsh_order_add.html HTTP/1.1" 200 71620
116.235.240.62 - - [28/Jun/2023:10:30:55 +0800] "GET /xingrg/words/20230628102723_words.js HTTP/1.1" 200 970900
116.235.240.62 - - [28/Jun/2023:10:30:55 +0800] "POST /xingrg/kc/buy/cgsh_order_operate.html HTTP/1.1" 200 8245
116.235.240.62 - - [28/Jun/2023:10:30:55 +0800] "GET /xingrg/javascript/easyui/themes/default/validatebox.css HTTP/1.1" 404 1104
120.253.135.82 - - [28/Jun/2023:10:31:01 +0800] "GET /xingrg/kc/pszx/mdps_order_operate.html?command=get_materiel&pszx_code=00101&rest_code=00150&base_code=0010246&code=00101020144 HTTP/1.1" 200 435
116.232.195.127 - - [28/Jun/2023:10:31:01 +0800] "GET /xingrg/all/function/internal_message.html?_=1687919445748&CODE_STATE=getMsg HTTP/1.1" 200 27
180.169.147.146 - - [28/Jun/2023:10:31:02 +0800] "POST /xingrg/kc/buy/cgsh_order_operate.html HTTP/1.1" 200 37
180.165.154.167 - - [28/Jun/2023:10:31:04 +0800] "GET /xingrg/all/function/internal_message.html?_=1687919463487&CODE_STATE=getMsg HTTP/1.1" 200 27
180.169.147.146 - - [28/Jun/2023:10:31:05 +0800] "POST /xingrg/kc/buy/cgsh_order_operate.html HTTP/1.1" 200 5062
120.253.135.82 - - [28/Jun/2023:10:31:10 +0800] "GET /xingrg/kc/pszx/mdps_order_operate.html?command=get_materiel&pszx_code=00101&rest_code=00150&base_code=0010246&code=00101019976 HTTP/1.1" 200 418
180.169.147.146 - - [28/Jun/2023:10:31:11 +0800] "GET /xingrg/kc/print/load_data.html?order_code=212023062810350&kc_code=cgsh&condition= HTTP/1.1" 200 1610
116.235.240.62 - - [28/Jun/2023:10:31:16 +0800] "GET /xingrg/kc/buy/cgsh_order_operate.html?command=get_materiel&rest_code=00146&code=00101001009&supplier_code=00100041&order_time=2023-06-28 HTTP/1.1" 200 409
120.253.135.82 - - [28/Jun/2023:10:31:17 +0800] "POST /xingrg/kc/pszx/mdps_order_operate.html HTTP/1.1" 200 37
222.67.234.146 - - [28/Jun/2023:10:31:17 +0800] "GET /xingrg/all/function/internal_message.html?_=1687918965054&CODE_STATE=getMsg HTTP/1.1" 200 27
222.67.234.146 - - [28/Jun/2023:10:31:17 +0800] "GET /xingrg/check_reg.html?_=1687918965500 HTTP/1.1" 200 22
120.253.135.82 - - [28/Jun/2023:10:31:19 +0800] "GET /xingrg/kc/pszx/mdps_order_info.html?code=312023062800552 HTTP/1.1" 200 23978
120.253.135.82 - - [28/Jun/2023:10:31:19 +0800] "GET /xingrg/javascript/easyui/themes/default/validatebox.css HTTP/1.1" 404 1104
120.253.135.82 - - [28/Jun/2023:10:31:20 +0800] "POST /xingrg/kc/pszx/mdps_order_operate.html HTTP/1.1" 200 2771
116.235.240.62 - - [28/Jun/2023:10:31:21 +0800] "GET /xingrg/all/function/internal_message.html?_=1687919490980&CODE_STATE=getMsg HTTP/1.1" 200 27
61.170.233.201 - - [28/Jun/2023:10:31:22 +0800] "GET /xingrg/all/function/internal_message.html?_=1687919480722&CODE_STATE=getMsg HTTP/1.1" 200 27
120.253.135.82 - - [28/Jun/2023:10:31:27 +0800] "GET /xingrg/all/function/internal_message.html?_=1687919317570&CODE_STATE=getMsg HTTP/1.1" 200 27
101.83.145.52 - - [28/Jun/2023:10:31:27 +0800] "GET /xingrg/all/function/internal_message.html?_=1687919308592&CODE_STATE=getMsg HTTP/1.1" 200 27
116.238.96.78 - - [28/Jun/2023:10:31:29 +0800] "GET /xingrg/all/function/internal_message.html?_=1687919489556&CODE_STATE=getMsg HTTP/1.1" 200 27
222.70.180.90 - - [28/Jun/2023:10:31:31 +0800] "GET /xingrg/all/function/internal_message.html?_=1687919489806&CODE_STATE=getMsg HTTP/1.1" 200 27
222.70.114.12 - - [28/Jun/2023:10:31:34 +0800] "GET /xingrg/all/function/internal_message.html?_=1687919498604&CODE_STATE=getMsg HTTP/1.1" 200 27
114.85.113.108 - - [28/Jun/2023:10:31:38 +0800] "GET /xingrg/all/function/internal_message.html?_=1687919493144&CODE_STATE=getMsg HTTP/1.1" 200 27
116.235.240.62 - - [28/Jun/2023:10:31:39 +0800] "GET /xingrg/kc/buy/cgsh_order_operate.html?command=get_materiel&rest_code=00146&code=00101001032&supplier_code=00100041&order_time=2023-06-28 HTTP/1.1" 200 413
180.169.147.146 - - [28/Jun/2023:10:31:39 +0800] "GET /xingrg/all/function/internal_message.html?_=1687919498032&CODE_STATE=getMsg HTTP/1.1" 200 27
180.169.147.146 - - [28/Jun/2023:10:31:39 +0800] "GET /xingrg/check_reg.html?_=1687919498035 HTTP/1.1" 200 22
222.70.180.90 - - [28/Jun/2023:10:31:40 +0800] "GET /xingrg/kc/buy/cgsh_order_operate.html?command=get_materiel&rest_code=00111&code=00101011005&supplier_code=00100037&order_time=2023-06-28 HTTP/1.1" 200 408
101.83.241.57 - - [28/Jun/2023:10:31:43 +0800] "GET /xingrg/all/function/internal_message.html?_=1687919617042&CODE_STATE=getMsg HTTP/1.1" 200 27
120.253.135.82 - - [28/Jun/2023:10:31:44 +0800] "POST /xingrg/kc/pszx/mdps_list_operate.html HTTP/1.1" 200 1690
120.253.135.82 - - [28/Jun/2023:10:31:46 +0800] "GET /xingrg/kc/pszx/mdqp_order_list.html?state=10 HTTP/1.1" 200 10275
120.253.135.82 - - [28/Jun/2023:10:31:46 +0800] "GET /xingrg/dwr/interface/AjaxReportQueryService.js HTTP/1.1" 200 13203
120.253.135.82 - - [28/Jun/2023:10:31:46 +0800] "GET /xingrg/dwr/interface/AjaxQqpsService.js HTTP/1.1" 200 16326
120.253.135.82 - - [28/Jun/2023:10:31:46 +0800] "GET /xingrg/dwr/engine.js HTTP/1.1" 200 43631
180.157.251.128 - - [28/Jun/2023:10:31:47 +0800] "GET /xingrg/all/function/internal_message.html?_=1687919508197&CODE_STATE=getMsg HTTP/1.1" 200 27
180.157.251.128 - - [28/Jun/2023:10:31:47 +0800] "GET /xingrg/check_reg.html?_=1687919508201 HTTP/1.1" 200 22
101.83.145.52 - - [28/Jun/2023:10:31:48 +0800] "GET /xingrg/kc/base/wldb_order_operate.html?command=get_materiel&rest_code=00105&base_code=0010508&code=00102002254 HTTP/1.1" 200 449
120.253.135.82 - - [28/Jun/2023:10:31:48 +0800] "GET /xingrg/all/function/internal_message.html?_=1687919338990&CODE_STATE=getMsg HTTP/1.1" 200 27
116.238.191.126 - - [28/Jun/2023:10:31:49 +0800] "GET /xingrg/check_reg.html?_=1687919429374 HTTP/1.1" 200 22
116.238.191.126 - - [28/Jun/2023:10:31:50 +0800] "GET /xingrg/all/function/internal_message.html?_=1687919429869&CODE_STATE=getMsg HTTP/1.1" 200 27
120.253.135.82 - - [28/Jun/2023:10:31:51 +0800] "GET /xingrg/kc/pszx/mdps_order_list.html?orderType=0 HTTP/1.1" 200 21032
120.253.135.82 - - [28/Jun/2023:10:31:51 +0800] "POST /xingrg/kc/pszx/mdps_list_operate.html HTTP/1.1" 200 5389
116.235.240.62 - - [28/Jun/2023:10:31:58 +0800] "GET /xingrg/kc/buy/cgsh_order_operate.html?command=get_materiel&rest_code=00146&code=00101001075&supplier_code=00100041&order_time=2023-06-28 HTTP/1.1" 200 409
120.253.135.82 - - [28/Jun/2023:10:32:00 +0800] "POST /xingrg/kc/pszx/mdps_list_operate.html HTTP/1.1" 200 1690
101.83.145.52 - - [28/Jun/2023:10:32:01 +0800] "GET /xingrg/kc/base/wldb_order_operate.html?command=get_materiel&rest_code=00105&base_code=0010508&code=00102002439 HTTP/1.1" 200 472
120.253.135.82 - - [28/Jun/2023:10:32:01 +0800] "POST /xingrg/kc/pszx/mdps_list_operate.html HTTP/1.1" 200 277
116.232.195.127 - - [28/Jun/2023:10:32:01 +0800] "GET /xingrg/all/function/internal_message.html?_=1687919505744&CODE_STATE=getMsg HTTP/1.1" 200 27
120.253.135.82 - - [28/Jun/2023:10:32:03 +0800] "GET /xingrg/kc/pszx/mdps_order_info.html?code=312023062800552 HTTP/1.1" 200 23978
120.253.135.82 - - [28/Jun/2023:10:32:03 +0800] "GET /xingrg/javascript/easyui/themes/default/validatebox.css HTTP/1.1" 404 1104
120.253.135.82 - - [28/Jun/2023:10:32:03 +0800] "POST /xingrg/kc/pszx/mdps_order_operate.html HTTP/1.1" 200 2771
180.165.154.167 - - [28/Jun/2023:10:32:04 +0800] "GET /xingrg/all/function/internal_message.html?_=1687919523465&CODE_STATE=getMsg HTTP/1.1" 200 27
116.235.240.62 - - [28/Jun/2023:10:32:09 +0800] "GET /xingrg/kc/buy/cgsh_order_operate.html?command=get_materiel&rest_code=00146&code=00101004020&supplier_code=00100041&order_time=2023-06-28 HTTP/1.1" 200 409
222.67.234.146 - - [28/Jun/2023:10:32:17 +0800] "GET /xingrg/all/function/internal_message.html?_=1687919025062&CODE_STATE=getMsg HTTP/1.1" 200 27
116.235.240.62 - - [28/Jun/2023:10:32:21 +0800] "GET /xingrg/all/function/internal_message.html?_=1687919550993&CODE_STATE=getMsg HTTP/1.1" 200 27
120.253.135.82 - - [28/Jun/2023:10:32:21 +0800] "POST /xingrg/kc/pszx/mdps_order_operate.html HTTP/1.1" 200 37
61.170.233.201 - - [28/Jun/2023:10:32:22 +0800] "GET /xingrg/all/function/internal_message.html?_=1687919540707&CODE_STATE=getMsg HTTP/1.1" 200 27
120.253.135.82 - - [28/Jun/2023:10:32:24 +0800] "GET /xingrg/kc/pszx/mdps_order_info.html?code=312023062800552 HTTP/1.1" 200 23984
120.253.135.82 - - [28/Jun/2023:10:32:24 +0800] "GET /xingrg/javascript/easyui/themes/default/validatebox.css HTTP/1.1" 404 1104
120.253.135.82 - - [28/Jun/2023:10:32:25 +0800] "POST /xingrg/kc/pszx/mdps_order_operate.html HTTP/1.1" 200 2771
120.253.135.82 - - [28/Jun/2023:10:32:27 +0800] "GET /xingrg/all/function/internal_message.html?_=1687919377585&CODE_STATE=getMsg HTTP/1.1" 200 27
101.83.145.52 - - [28/Jun/2023:10:32:27 +0800] "GET /xingrg/all/function/internal_message.html?_=1687919368582&CODE_STATE=getMsg HTTP/1.1" 200 27
116.238.96.78 - - [28/Jun/2023:10:32:29 +0800] "GET /xingrg/all/function/internal_message.html?_=1687919549530&CODE_STATE=getMsg HTTP/1.1" 200 27
116.238.96.78 - - [28/Jun/2023:10:32:29 +0800] "GET /xingrg/check_reg.html?_=1687919550062 HTTP/1.1" 200 22
120.253.135.82 - - [28/Jun/2023:10:32:31 +0800] "GET /xingrg/kc/print/load_config.html?kc_code=mdps HTTP/1.1" 200 2390
222.70.180.90 - - [28/Jun/2023:10:32:31 +0800] "GET /xingrg/all/function/internal_message.html?_=1687919549799&CODE_STATE=getMsg HTTP/1.1" 200 27
120.253.135.82 - - [28/Jun/2023:10:32:31 +0800] "GET /xingrg/kc/print/load_data.html?order_code=312023062800552&kc_code=mdps&condition= HTTP/1.1" 200 910
222.70.114.12 - - [28/Jun/2023:10:32:34 +0800] "GET /xingrg/all/function/internal_message.html?_=1687919558604&CODE_STATE=getMsg HTTP/1.1" 200 27
114.85.113.108 - - [28/Jun/2023:10:32:38 +0800] "GET /xingrg/all/function/internal_message.html?_=1687919553134&CODE_STATE=getMsg HTTP/1.1" 200 27
116.235.240.62 - - [28/Jun/2023:10:32:39 +0800] "POST /xingrg/kc/buy/cgsh_order_operate.html HTTP/1.1" 200 37
180.169.147.146 - - [28/Jun/2023:10:32:39 +0800] "GET /xingrg/all/function/internal_message.html?_=1687919558035&CODE_STATE=getMsg HTTP/1.1" 200 27
101.83.241.57 - - [28/Jun/2023:10:32:43 +0800] "GET /xingrg/all/function/internal_message.html?_=1687919677042&CODE_STATE=getMsg HTTP/1.1" 200 27
116.235.240.62 - - [28/Jun/2023:10:32:44 +0800] "POST /xingrg/kc/buy/cgsh_order_operate.html HTTP/1.1" 200 4424
180.157.251.128 - - [28/Jun/2023:10:32:47 +0800] "GET /xingrg/all/function/internal_message.html?_=1687919568192&CODE_STATE=getMsg HTTP/1.1" 200 27
120.253.135.82 - - [28/Jun/2023:10:32:48 +0800] "GET /xingrg/check_reg.html?_=1687919398834 HTTP/1.1" 200 22
120.253.135.82 - - [28/Jun/2023:10:32:48 +0800] "GET /xingrg/all/function/internal_message.html?_=1687919399004&CODE_STATE=getMsg HTTP/1.1" 200 27
116.238.191.126 - - [28/Jun/2023:10:32:50 +0800] "GET /xingrg/all/function/internal_message.html?_=1687919489883&CODE_STATE=getMsg HTTP/1.1" 200 27
116.235.240.62 - - [28/Jun/2023:10:32:50 +0800] "GET /xingrg/kc/print/load_data.html?order_code=212023062810351&kc_code=cgsh&condition= HTTP/1.1" 200 1362
101.83.145.52 - - [28/Jun/2023:10:32:53 +0800] "GET /xingrg/kc/base/wldb_order_operate.html?command=get_materiel&rest_code=00105&base_code=0010508&code=00102002258 HTTP/1.1" 200 448
116.232.195.127 - - [28/Jun/2023:10:33:01 +0800] "GET /xingrg/all/function/internal_message.html?_=1687919565728&CODE_STATE=getMsg HTTP/1.1" 200 27
101.83.145.52 - - [28/Jun/2023:10:33:02 +0800] "POST /xingrg/kc/base/wldb_order_operate.html HTTP/1.1" 200 37
101.83.145.52 - - [28/Jun/2023:10:33:03 +0800] "POST /xingrg/kc/base/wldb_order_operate.html HTTP/1.1" 200 3174
101.83.145.52 - - [28/Jun/2023:10:33:03 +0800] "GET /xingrg/kc/base/wldb_order_info.html?code=422023062802348 HTTP/1.1" 200 30394
180.165.154.167 - - [28/Jun/2023:10:33:03 +0800] "GET /xingrg/check_reg.html?_=1687919583372 HTTP/1.1" 200 22
180.165.154.167 - - [28/Jun/2023:10:33:04 +0800] "GET /xingrg/all/function/internal_message.html?_=1687919583442&CODE_STATE=getMsg HTTP/1.1" 200 27
101.83.145.52 - - [28/Jun/2023:10:33:04 +0800] "GET /xingrg/words/20230628102723_words.js HTTP/1.1" 304 -
101.83.145.52 - - [28/Jun/2023:10:33:04 +0800] "GET /xingrg/javascript/easyui/themes/default/validatebox.css HTTP/1.1" 404 1104
101.83.145.52 - - [28/Jun/2023:10:33:05 +0800] "POST /xingrg/kc/base/wldb_order_operate.html HTTP/1.1" 200 3174
222.67.234.146 - - [28/Jun/2023:10:33:17 +0800] "GET /xingrg/all/function/internal_message.html?_=1687919085061&CODE_STATE=getMsg HTTP/1.1" 200 27
116.235.240.62 - - [28/Jun/2023:10:33:21 +0800] "GET /xingrg/all/function/internal_message.html?_=1687919611174&CODE_STATE=getMsg HTTP/1.1" 200 27
61.170.233.201 - - [28/Jun/2023:10:33:22 +0800] "GET /xingrg/all/function/internal_message.html?_=1687919600683&CODE_STATE=getMsg HTTP/1.1" 200 27
61.170.233.201 - - [28/Jun/2023:10:33:22 +0800] "GET /xingrg/check_reg.html?_=1687919600923 HTTP/1.1" 200 22
120.253.135.82 - - [28/Jun/2023:10:33:27 +0800] "GET /xingrg/check_reg.html?_=1687919437472 HTTP/1.1" 200 22
120.253.135.82 - - [28/Jun/2023:10:33:27 +0800] "GET /xingrg/all/function/internal_message.html?_=1687919437597&CODE_STATE=getMsg HTTP/1.1" 200 27
101.83.145.52 - - [28/Jun/2023:10:33:27 +0800] "GET /xingrg/all/function/internal_message.html?_=1687919428576&CODE_STATE=getMsg HTTP/1.1" 200 27
116.238.96.78 - - [28/Jun/2023:10:33:29 +0800] "GET /xingrg/all/function/internal_message.html?_=1687919609521&CODE_STATE=getMsg HTTP/1.1" 200 27
222.70.180.90 - - [28/Jun/2023:10:33:31 +0800] "GET /xingrg/check_reg.html?_=1687919609811 HTTP/1.1" 200 22
222.70.180.90 - - [28/Jun/2023:10:33:31 +0800] "GET /xingrg/all/function/internal_message.html?_=1687919609807&CODE_STATE=getMsg HTTP/1.1" 200 27
101.83.145.52 - - [28/Jun/2023:10:33:32 +0800] "POST /xingrg/kc/base/wldb_order_operate.html HTTP/1.1" 200 37
101.83.145.52 - - [28/Jun/2023:10:33:33 +0800] "POST /xingrg/kc/base/wldb_order_operate.html HTTP/1.1" 200 3174
222.70.114.12 - - [28/Jun/2023:10:33:34 +0800] "GET /xingrg/all/function/internal_message.html?_=1687919618604&CODE_STATE=getMsg HTTP/1.1" 200 27
101.83.145.52 - - [28/Jun/2023:10:33:34 +0800] "GET /xingrg/kc/base/wldb_order_info.html?code=422023062802348 HTTP/1.1" 200 30394
101.83.145.52 - - [28/Jun/2023:10:33:34 +0800] "GET /xingrg/words/20230628102723_words.js HTTP/1.1" 304 -
101.83.145.52 - - [28/Jun/2023:10:33:35 +0800] "GET /xingrg/javascript/easyui/themes/default/validatebox.css HTTP/1.1" 404 1104
101.83.145.52 - - [28/Jun/2023:10:33:36 +0800] "POST /xingrg/kc/base/wldb_order_operate.html HTTP/1.1" 200 3174
114.85.113.108 - - [28/Jun/2023:10:33:38 +0800] "GET /xingrg/all/function/internal_message.html?_=1687919613106&CODE_STATE=getMsg HTTP/1.1" 200 27
180.169.147.146 - - [28/Jun/2023:10:33:39 +0800] "GET /xingrg/all/function/internal_message.html?_=1687919618020&CODE_STATE=getMsg HTTP/1.1" 200 27
101.83.241.57 - - [28/Jun/2023:10:33:43 +0800] "GET /xingrg/check_reg.html?_=1687919737011 HTTP/1.1" 200 22
101.83.241.57 - - [28/Jun/2023:10:33:43 +0800] "GET /xingrg/all/function/internal_message.html?_=1687919737013&CODE_STATE=getMsg HTTP/1.1" 200 27
101.83.145.52 - - [28/Jun/2023:10:33:43 +0800] "GET /xingrg/kc/base/wldb_order_add.html HTTP/1.1" 200 30381
101.83.145.52 - - [28/Jun/2023:10:33:43 +0800] "POST /xingrg/kc/base/wldb_order_operate.html HTTP/1.1" 200 6806
101.83.145.52 - - [28/Jun/2023:10:33:44 +0800] "GET /xingrg/javascript/easyui/themes/default/validatebox.css HTTP/1.1" 404 1104
180.157.251.128 - - [28/Jun/2023:10:33:47 +0800] "GET /xingrg/all/function/internal_message.html?_=1687919628192&CODE_STATE=getMsg HTTP/1.1" 200 27
120.253.135.82 - - [28/Jun/2023:10:33:48 +0800] "GET /xingrg/all/function/internal_message.html?_=1687919459016&CODE_STATE=getMsg HTTP/1.1" 200 27
116.238.191.126 - - [28/Jun/2023:10:33:50 +0800] "GET /xingrg/all/function/internal_message.html?_=1687919549896&CODE_STATE=getMsg HTTP/1.1" 200 27
116.232.195.127 - - [28/Jun/2023:10:34:01 +0800] "GET /xingrg/all/function/internal_message.html?_=1687919625705&CODE_STATE=getMsg HTTP/1.1" 200 27
180.165.154.167 - - [28/Jun/2023:10:34:04 +0800] "GET /xingrg/all/function/internal_message.html?_=1687919643421&CODE_STATE=getMsg HTTP/1.1" 200 27
120.253.135.82 - - [28/Jun/2023:10:34:04 +0800] "POST /xingrg/kc/pszx/mdps_order_operate.html HTTP/1.1" 200 37
120.253.135.82 - - [28/Jun/2023:10:34:09 +0800] "POST /xingrg/kc/pszx/mdps_order_operate.html HTTP/1.1" 200 12
101.83.145.52 - - [28/Jun/2023:10:34:16 +0800] "GET /xingrg/javascript/jquery_tools/images/prev.gif HTTP/1.1" 404 1086
101.83.145.52 - - [28/Jun/2023:10:34:16 +0800] "GET /xingrg/javascript/jquery_tools/images/next.gif HTTP/1.1" 404 1086
222.67.234.146 - - [28/Jun/2023:10:34:17 +0800] "GET /xingrg/all/function/internal_message.html?_=1687919145061&CODE_STATE=getMsg HTTP/1.1" 200 27
116.235.240.62 - - [28/Jun/2023:10:34:21 +0800] "GET /xingrg/all/function/internal_message.html?_=1687919671176&CODE_STATE=getMsg HTTP/1.1" 200 27
120.253.135.82 - - [28/Jun/2023:10:34:22 +0800] "GET /xingrg/kc/pszx/mdps_order_info.html?code=312023062800552 HTTP/1.1" 200 19644
61.170.233.201 - - [28/Jun/2023:10:34:22 +0800] "GET /xingrg/all/function/internal_message.html?_=1687919660662&CODE_STATE=getMsg HTTP/1.1" 200 27
120.253.135.82 - - [28/Jun/2023:10:34:22 +0800] "GET /xingrg/javascript/easyui/themes/default/validatebox.css HTTP/1.1" 404 1104
222.67.234.146 - - [28/Jun/2023:10:34:23 +0800] "POST /xingrg/services/DataTransmitService HTTP/1.1" 200 524
120.253.135.82 - - [28/Jun/2023:10:34:23 +0800] "POST /xingrg/kc/pszx/mdps_order_operate.html HTTP/1.1" 200 988
120.253.135.82 - - [28/Jun/2023:10:34:27 +0800] "GET /xingrg/all/function/internal_message.html?_=1687919497612&CODE_STATE=getMsg HTTP/1.1" 200 27
120.253.135.82 - - [28/Jun/2023:10:34:27 +0800] "GET /xingrg/kc/pszx/mdps_order_info.html?code=312023062800552 HTTP/1.1" 200 19644
101.83.145.52 - - [28/Jun/2023:10:34:27 +0800] "GET /xingrg/all/function/internal_message.html?_=1687919488541&CODE_STATE=getMsg HTTP/1.1" 200 27
120.253.135.82 - - [28/Jun/2023:10:34:28 +0800] "GET /xingrg/javascript/easyui/themes/default/validatebox.css HTTP/1.1" 404 1104
120.253.135.82 - - [28/Jun/2023:10:34:28 +0800] "POST /xingrg/kc/pszx/mdps_order_operate.html HTTP/1.1" 200 988
116.238.96.78 - - [28/Jun/2023:10:34:29 +0800] "GET /xingrg/all/function/internal_message.html?_=1687919669509&CODE_STATE=getMsg HTTP/1.1" 200 27
222.70.180.90 - - [28/Jun/2023:10:34:31 +0800] "GET /xingrg/all/function/internal_message.html?_=1687919669808&CODE_STATE=getMsg HTTP/1.1" 200 27
101.83.145.52 - - [28/Jun/2023:10:34:33 +0800] "GET /xingrg/kc/base/wldb_order_operate.html?command=get_materiel&rest_code=00105&base_code=0010508&code=00102002082 HTTP/1.1" 200 453
180.169.147.146 - - [28/Jun/2023:10:34:33 +0800] "GET /xingrg/check_reg.html?_=1687919672779 HTTP/1.1" 200 22
222.70.114.12 - - [28/Jun/2023:10:34:34 +0800] "GET /xingrg/all/function/internal_message.html?_=1687919678604&CODE_STATE=getMsg HTTP/1.1" 200 27
120.253.135.82 - - [28/Jun/2023:10:34:35 +0800] "POST /xingrg/kc/pszx/mdps_list_operate.html HTTP/1.1" 200 868
61.170.233.201 - - [28/Jun/2023:10:34:37 +0800] "GET /favicon.ico HTTP/1.1" 404 -
120.253.135.82 - - [28/Jun/2023:10:34:38 +0800] "GET /xingrg/kc/pszx/mdqp_order_list.html?state=10 HTTP/1.1" 200 10275
120.253.135.82 - - [28/Jun/2023:10:34:38 +0800] "GET /xingrg/dwr/interface/AjaxQqpsService.js HTTP/1.1" 200 16326
120.253.135.82 - - [28/Jun/2023:10:34:38 +0800] "GET /xingrg/dwr/interface/AjaxReportQueryService.js HTTP/1.1" 200 13203
120.253.135.82 - - [28/Jun/2023:10:34:38 +0800] "GET /xingrg/dwr/engine.js HTTP/1.1" 200 43631
114.85.113.108 - - [28/Jun/2023:10:34:38 +0800] "GET /xingrg/all/function/internal_message.html?_=1687919673094&CODE_STATE=getMsg HTTP/1.1" 200 27
180.169.147.146 - - [28/Jun/2023:10:34:39 +0800] "GET /xingrg/all/function/internal_message.html?_=1687919678035&CODE_STATE=getMsg HTTP/1.1" 200 27
101.83.241.57 - - [28/Jun/2023:10:34:43 +0800] "GET /xingrg/all/function/internal_message.html?_=1687919797024&CODE_STATE=getMsg HTTP/1.1" 200 27
222.70.180.90 - - [28/Jun/2023:10:34:46 +0800] "POST /xingrg/kc/buy/cgsh_order_operate.html HTTP/1.1" 200 37
101.83.145.52 - - [28/Jun/2023:10:34:46 +0800] "GET /xingrg/kc/base/wldb_order_operate.html?command=get_materiel&rest_code=00105&base_code=0010508&code=00102002543 HTTP/1.1" 200 443
180.157.251.128 - - [28/Jun/2023:10:34:47 +0800] "GET /xingrg/all/function/internal_message.html?_=1687919688193&CODE_STATE=getMsg HTTP/1.1" 200 27
120.253.135.82 - - [28/Jun/2023:10:34:48 +0800] "GET /xingrg/all/function/internal_message.html?_=1687919519031&CODE_STATE=getMsg HTTP/1.1" 200 27
222.70.180.90 - - [28/Jun/2023:10:34:49 +0800] "POST /xingrg/kc/buy/cgsh_order_operate.html HTTP/1.1" 200 10428
116.238.191.126 - - [28/Jun/2023:10:34:50 +0800] "GET /xingrg/all/function/internal_message.html?_=1687919609926&CODE_STATE=getMsg HTTP/1.1" 200 27
124.79.73.155 - - [28/Jun/2023:10:34:50 +0800] "POST /xingrg/services/DataTransmitService HTTP/1.1" 200 524
124.79.73.155 - - [28/Jun/2023:10:34:51 +0800] "POST /xingrg/services/DataTransmitService HTTP/1.1" 200 501
222.70.180.90 - - [28/Jun/2023:10:34:51 +0800] "GET /xingrg/kc/print/load_data.html?order_code=212023062810352&kc_code=cgsh&condition= HTTP/1.1" 200 3693
61.170.233.201 - - [28/Jun/2023:10:34:51 +0800] "GET /xingrg/login.html?r=1 HTTP/1.1" 200 7641
61.170.233.201 - - [28/Jun/2023:10:34:51 +0800] "GET /xingrg/images/blue/jxLogo.png HTTP/1.1" 304 -
61.170.233.201 - - [28/Jun/2023:10:34:52 +0800] "GET /xingrg/images/blue/login_bg.png HTTP/1.1" 304 -
61.170.233.201 - - [28/Jun/2023:10:34:52 +0800] "GET /xingrg/images/blue/srbg.png HTTP/1.1" 304 -
61.170.233.201 - - [28/Jun/2023:10:34:52 +0800] "GET /xingrg/images/blue/hj.png HTTP/1.1" 304 -
61.170.233.201 - - [28/Jun/2023:10:34:52 +0800] "GET /favicon.ico HTTP/1.1" 404 -
116.235.240.62 - - [28/Jun/2023:10:34:52 +0800] "GET /xingrg/check_reg.html?_=1687919702503 HTTP/1.1" 200 22
61.170.233.201 - - [28/Jun/2023:10:34:56 +0800] "POST /xingrg/login.do HTTP/1.1" 302 -
61.170.233.201 - - [28/Jun/2023:10:34:56 +0800] "GET /xingrg/index.html?sysBaseUrl=http%3A%2F%2F180.169.147.146%3A18081%2Fxingrg%2F&costTime=855×tamp=1687919696063 HTTP/1.1" 200 17173
61.170.233.201 - - [28/Jun/2023:10:34:56 +0800] "GET /xingrg/javascript/jquery_easy_ui/themes/default/easyui.css HTTP/1.1" 304 -
61.170.233.201 - - [28/Jun/2023:10:34:56 +0800] "GET /xingrg/javascript/jquery_easy_ui/themes/icon.css HTTP/1.1" 304 -
61.170.233.201 - - [28/Jun/2023:10:34:56 +0800] "GET /xingrg/css/form.css HTTP/1.1" 304 -
61.170.233.201 - - [28/Jun/2023:10:34:56 +0800] "GET /xingrg/javascript/jquery-1.4.2.min.js HTTP/1.1" 304 -
61.170.233.201 - - [28/Jun/2023:10:34:56 +0800] "GET /xingrg/javascript/jquery_easy_ui/jquery.easyui.min.js HTTP/1.1" 304 -
61.170.233.201 - - [28/Jun/2023:10:34:56 +0800] "GET /xingrg/javascript/jquery_easy_ui/easyui-lang-zh_CN.js HTTP/1.1" 304 -
61.170.233.201 - - [28/Jun/2023:10:34:56 +0800] "GET /xingrg/javascript/jquery.form.js HTTP/1.1" 304 -
61.170.233.201 - - [28/Jun/2023:10:34:56 +0800] "GET /xingrg/javascript/jquery.utils.js HTTP/1.1" 304 -
61.170.233.201 - - [28/Jun/2023:10:34:56 +0800] "GET /xingrg/javascript/jquery.timers.js HTTP/1.1" 304 -
61.170.233.201 - - [28/Jun/2023:10:34:56 +0800] "GET /favicon.ico HTTP/1.1" 404 -
61.170.233.201 - - [28/Jun/2023:10:34:56 +0800] "GET /xingrg/javascript/jquery_easy_ui/themes/icons/settle_new.png HTTP/1.1" 304 -
61.170.233.201 - - [28/Jun/2023:10:34:56 +0800] "GET /xingrg/images/blue/navBackgound.jpg HTTP/1.1" 304 -
61.170.233.201 - - [28/Jun/2023:10:34:56 +0800] "GET /xingrg/all/function/internal_message.html?_=1687919699148&CODE_STATE=count HTTP/1.1" 200 11
61.170.233.201 - - [28/Jun/2023:10:34:56 +0800] "GET /xingrg/check_reg.html?_=1687919699149 HTTP/1.1" 200 22
61.170.233.201 - - [28/Jun/2023:10:34:56 +0800] "GET /xingrg/images/blue/pingpu.png HTTP/1.1" 304 -
61.170.233.201 - - [28/Jun/2023:10:34:56 +0800] "GET /xingrg/javascript/jquery_easy_ui/themes/default/images/tabs_leftarrow.png HTTP/1.1" 304 -
61.170.233.201 - - [28/Jun/2023:10:34:56 +0800] "GET /xingrg/javascript/jquery_easy_ui/themes/default/images/tabs_rightarrow.png HTTP/1.1" 304 -
61.170.233.201 - - [28/Jun/2023:10:34:56 +0800] "POST /xingrg/all/common/load_tree.html?tree=area_rest_tree_json&manage=1 HTTP/1.1" 200 342
61.170.233.201 - - [28/Jun/2023:10:34:56 +0800] "GET /xingrg/javascript/jquery_easy_ui/themes/default/images/panel_tool_collapse.gif HTTP/1.1" 304 -
61.170.233.201 - - [28/Jun/2023:10:34:56 +0800] "POST /xingrg/load_menu.html HTTP/1.1" 200 5138
61.170.233.201 - - [28/Jun/2023:10:34:56 +0800] "GET /xingrg/javascript/jquery_easy_ui/themes/default/images/tree_folder_open.gif HTTP/1.1" 304 -
61.170.233.201 - - [28/Jun/2023:10:34:56 +0800] "GET /xingrg/javascript/jquery_easy_ui/themes/default/images/tree_folder.gif HTTP/1.1" 304 -
61.170.233.201 - - [28/Jun/2023:10:34:56 +0800] "GET /xingrg/javascript/jquery_easy_ui/themes/icons/search_new.png HTTP/1.1" 304 -
61.170.233.201 - - [28/Jun/2023:10:34:56 +0800] "GET /xingrg/javascript/jquery_easy_ui/themes/default/images/tree_arrows.gif HTTP/1.1" 304 -
61.170.233.201 - - [28/Jun/2023:10:34:56 +0800] "GET /xingrg/javascript/jquery_easy_ui/themes/icons/storage_new.png HTTP/1.1" 304 -
61.170.233.201 - - [28/Jun/2023:10:34:56 +0800] "GET /xingrg/javascript/jquery_easy_ui/themes/icons/forms_new.png HTTP/1.1" 304 -
61.170.233.201 - - [28/Jun/2023:10:34:56 +0800] "GET /xingrg/javascript/jquery_easy_ui/themes/default/images/tree_file.gif HTTP/1.1" 304 -
101.83.145.52 - - [28/Jun/2023:10:34:57 +0800] "GET /xingrg/kc/base/wldb_order_operate.html?command=get_materiel&rest_code=00105&base_code=0010508&code=00102002441 HTTP/1.1" 200 448
120.253.135.82 - - [28/Jun/2023:10:34:59 +0800] "GET /xingrg/kc/pszx/mdqp_order_list.html?state=10 HTTP/1.1" 200 10275
120.253.135.82 - - [28/Jun/2023:10:34:59 +0800] "GET /xingrg/dwr/interface/AjaxReportQueryService.js HTTP/1.1" 200 13203
120.253.135.82 - - [28/Jun/2023:10:34:59 +0800] "GET /xingrg/dwr/interface/AjaxQqpsService.js HTTP/1.1" 200 16326
120.253.135.82 - - [28/Jun/2023:10:34:59 +0800] "GET /xingrg/dwr/engine.js HTTP/1.1" 200 43631
61.170.233.201 - - [28/Jun/2023:10:35:00 +0800] "GET /xingrg/kc/base/base_main.html HTTP/1.1" 200 12142
116.232.195.127 - - [28/Jun/2023:10:35:00 +0800] "GET /xingrg/check_reg.html?_=1687919684155 HTTP/1.1" 200 22
61.170.233.201 - - [28/Jun/2023:10:35:00 +0800] "GET /xingrg/javascript/jquery_easy_ui/themes/default/images/tabs_close.gif HTTP/1.1" 304 -
61.170.233.201 - - [28/Jun/2023:10:35:00 +0800] "GET /xingrg/css/blue.css HTTP/1.1" 304 -
61.170.233.201 - - [28/Jun/2023:10:35:00 +0800] "GET /xingrg/javascript/pic_change.js HTTP/1.1" 304 -
61.170.233.201 - - [28/Jun/2023:10:35:00 +0800] "GET /xingrg/javascript/myfunction.js HTTP/1.1" 304 -
61.170.233.201 - - [28/Jun/2023:10:35:00 +0800] "GET /xingrg/images/blue/button/wlsy.gif HTTP/1.1" 200 2536
61.170.233.201 - - [28/Jun/2023:10:35:00 +0800] "GET /xingrg/images/blue/button/ckpd.gif HTTP/1.1" 200 2051
61.170.233.201 - - [28/Jun/2023:10:35:00 +0800] "GET /xingrg/images/blue/button/kc.gif HTTP/1.1" 304 -
61.170.233.201 - - [28/Jun/2023:10:35:00 +0800] "GET /xingrg/images/blue/button/yddb.gif HTTP/1.1" 200 2040
61.170.233.201 - - [28/Jun/2023:10:35:00 +0800] "GET /xingrg/images/blue/button/ckdb.gif HTTP/1.1" 200 1950
61.170.233.201 - - [28/Jun/2023:10:35:00 +0800] "GET /xingrg/images/blue/pic_form2.gif HTTP/1.1" 304 -
61.170.233.201 - - [28/Jun/2023:10:35:00 +0800] "GET /xingrg/images/blue/bg_dotted.jpg HTTP/1.1" 304 -
61.170.233.201 - - [28/Jun/2023:10:35:00 +0800] "GET /xingrg/images/blue/button/down.jpg HTTP/1.1" 200 1560
61.170.233.201 - - [28/Jun/2023:10:35:00 +0800] "GET /xingrg/images/blue/button/left_ah.jpg HTTP/1.1" 200 1643
61.170.233.201 - - [28/Jun/2023:10:35:00 +0800] "GET /xingrg/images/blue/button/right_ah.jpg HTTP/1.1" 304 -
61.170.233.201 - - [28/Jun/2023:10:35:00 +0800] "GET /xingrg/images/blue/button/bottom_left.jpg HTTP/1.1" 200 1524
61.170.233.201 - - [28/Jun/2023:10:35:00 +0800] "GET /xingrg/images/blue/button/top_left.jpg HTTP/1.1" 200 1632
61.170.233.201 - - [28/Jun/2023:10:35:00 +0800] "GET /xingrg/images/blue/button/top_right.jpg HTTP/1.1" 200 1708
61.170.233.201 - - [28/Jun/2023:10:35:00 +0800] "GET /xingrg/images/blue/button/bottom_right.jpg HTTP/1.1" 200 1436
222.70.180.90 - - [28/Jun/2023:10:35:00 +0800] "GET /xingrg/kc/buy/cgsh_order_info.html?code=212023062810333 HTTP/1.1" 200 71585
222.70.180.90 - - [28/Jun/2023:10:35:00 +0800] "GET /xingrg/words/20230628102723_words.js HTTP/1.1" 200 970900
222.70.180.90 - - [28/Jun/2023:10:35:01 +0800] "GET /xingrg/javascript/easyui/themes/default/validatebox.css HTTP/1.1" 404 1104
116.232.195.127 - - [28/Jun/2023:10:35:01 +0800] "GET /xingrg/all/function/internal_message.html?_=1687919685705&CODE_STATE=getMsg HTTP/1.1" 200 27
61.170.233.201 - - [28/Jun/2023:10:35:01 +0800] "GET /xingrg/kc/base/wldb_order_list.html HTTP/1.1" 200 19098
61.170.233.201 - - [28/Jun/2023:10:35:01 +0800] "GET /xingrg/css/base.css HTTP/1.1" 304 -
61.170.233.201 - - [28/Jun/2023:10:35:01 +0800] "GET /xingrg/css/site.css HTTP/1.1" 304 -
61.170.233.201 - - [28/Jun/2023:10:35:01 +0800] "GET /xingrg/javascript/jquery_tools/datebox.css HTTP/1.1" 304 -
61.170.233.201 - - [28/Jun/2023:10:35:01 +0800] "GET /xingrg/javascript/easyui/themes/default/easyui.css HTTP/1.1" 304 -
61.170.233.201 - - [28/Jun/2023:10:35:01 +0800] "GET /xingrg/javascript/easyui/themes/icon.css HTTP/1.1" 304 -
61.170.233.201 - - [28/Jun/2023:10:35:01 +0800] "GET /xingrg/javascript/auto/jquery.autocomplete.css HTTP/1.1" 304 -
61.170.233.201 - - [28/Jun/2023:10:35:01 +0800] "GET /xingrg/javascript/jquery_tools/fix.css HTTP/1.1" 304 -
61.170.233.201 - - [28/Jun/2023:10:35:01 +0800] "GET /xingrg/javascript/jquery_tools/table.css HTTP/1.1" 304 -
61.170.233.201 - - [28/Jun/2023:10:35:01 +0800] "GET /xingrg/javascript/jquery_tools/jquery.tools.min.js HTTP/1.1" 304 -
61.170.233.201 - - [28/Jun/2023:10:35:01 +0800] "GET /xingrg/javascript/jquery_tools/jquery.tools.extend.js HTTP/1.1" 304 -
61.170.233.201 - - [28/Jun/2023:10:35:01 +0800] "GET /xingrg/javascript/jquery_tools/jquery.tools.table.js HTTP/1.1" 304 -
61.170.233.201 - - [28/Jun/2023:10:35:01 +0800] "GET /xingrg/javascript/jquery_tools/jquery.tools.hotkey.js HTTP/1.1" 304 -
61.170.233.201 - - [28/Jun/2023:10:35:01 +0800] "GET /xingrg/javascript/jquery_tools/list_manager.js HTTP/1.1" 304 -
61.170.233.201 - - [28/Jun/2023:10:35:01 +0800] "GET /xingrg/javascript/auto/jquery.autocomplete.js HTTP/1.1" 304 -
61.170.233.201 - - [28/Jun/2023:10:35:01 +0800] "GET /xingrg/javascript/easyui/easyloader.js HTTP/1.1" 304 -
61.170.233.201 - - [28/Jun/2023:10:35:01 +0800] "GET /xingrg/javascript/jquery.cookie.js HTTP/1.1" 304 -
61.170.233.201 - - [28/Jun/2023:10:35:01 +0800] "GET /xingrg/javascript/print/LodopFuncs.js HTTP/1.1" 304 -
61.170.233.201 - - [28/Jun/2023:10:35:02 +0800] "GET /xingrg/javascript/easyui/themes/icons/edit_add_new.png HTTP/1.1" 304 -
61.170.233.201 - - [28/Jun/2023:10:35:02 +0800] "GET /xingrg/javascript/easyui/themes/icons/field_new.png HTTP/1.1" 304 -
61.170.233.201 - - [28/Jun/2023:10:35:02 +0800] "GET /xingrg/javascript/easyui/themes/icons/import_new.png HTTP/1.1" 304 -
61.170.233.201 - - [28/Jun/2023:10:35:02 +0800] "GET /xingrg/javascript/easyui/themes/icons/check_new.png HTTP/1.1" 304 -
61.170.233.201 - - [28/Jun/2023:10:35:02 +0800] "GET /xingrg/javascript/easyui/themes/icons/cance_new.png HTTP/1.1" 304 -
61.170.233.201 - - [28/Jun/2023:10:35:02 +0800] "GET /xingrg/javascript/easyui/plugins/jquery.parser.js HTTP/1.1" 304 -
61.170.233.201 - - [28/Jun/2023:10:35:02 +0800] "GET /xingrg/images/control/ajaxLoader.gif HTTP/1.1" 304 -
222.70.180.90 - - [28/Jun/2023:10:35:02 +0800] "POST /xingrg/kc/buy/cgsh_order_operate.html HTTP/1.1" 200 29943
61.170.233.201 - - [28/Jun/2023:10:35:02 +0800] "POST /xingrg/kc/base/wldb_list_operate.html HTTP/1.1" 200 928
180.165.154.167 - - [28/Jun/2023:10:35:04 +0800] "GET /xingrg/all/function/internal_message.html?_=1687919703399&CODE_STATE=getMsg HTTP/1.1" 200 27
120.253.135.82 - - [28/Jun/2023:10:35:04 +0800] "GET /xingrg/kc/pszx/mdqp_order_list.html?state=10 HTTP/1.1" 200 10275
120.253.135.82 - - [28/Jun/2023:10:35:04 +0800] "GET /xingrg/dwr/interface/AjaxReportQueryService.js HTTP/1.1" 200 13203
120.253.135.82 - - [28/Jun/2023:10:35:04 +0800] "GET /xingrg/dwr/interface/AjaxQqpsService.js HTTP/1.1" 200 16326
120.253.135.82 - - [28/Jun/2023:10:35:04 +0800] "GET /xingrg/dwr/engine.js HTTP/1.1" 200 43631
61.170.233.201 - - [28/Jun/2023:10:35:04 +0800] "GET /xingrg/javascript/easyui/themes/default/images/button_plain_hover.png HTTP/1.1" 304 -
61.170.233.201 - - [28/Jun/2023:10:35:06 +0800] "GET /xingrg/kc/base/wldb_order_add.html HTTP/1.1" 200 30381
61.170.233.201 - - [28/Jun/2023:10:35:06 +0800] "GET /xingrg/javascript/jquery_tools/order_manager.js HTTP/1.1" 304 -
61.170.233.201 - - [28/Jun/2023:10:35:06 +0800] "GET /xingrg/javascript/convert.js HTTP/1.1" 304 -
61.170.233.201 - - [28/Jun/2023:10:35:06 +0800] "GET /xingrg/javascript/json2.js HTTP/1.1" 304 -
61.170.233.201 - - [28/Jun/2023:10:35:06 +0800] "GET /xingrg/javascript/print/kc_print.js HTTP/1.1" 304 -
61.170.233.201 - - [28/Jun/2023:10:35:06 +0800] "GET /xingrg/words/20230628102723_words.js HTTP/1.1" 200 970900
61.170.233.201 - - [28/Jun/2023:10:35:06 +0800] "GET /xingrg/javascript/easyui/themes/icons/ok.png HTTP/1.1" 200 883
61.170.233.201 - - [28/Jun/2023:10:35:06 +0800] "GET /xingrg/javascript/easyui/themes/icons/print.png HTTP/1.1" 304 -
61.170.233.201 - - [28/Jun/2023:10:35:06 +0800] "GET /xingrg/javascript/easyui/themes/icons/template_new.png HTTP/1.1" 200 3956
61.170.233.201 - - [28/Jun/2023:10:35:06 +0800] "GET /xingrg/javascript/easyui/themes/default/images/menu_downarrow.png HTTP/1.1" 304 -
61.170.233.201 - - [28/Jun/2023:10:35:06 +0800] "GET /xingrg/javascript/easyui/themes/icons/cancel.png HTTP/1.1" 304 -
61.170.233.201 - - [28/Jun/2023:10:35:06 +0800] "POST /xingrg/kc/base/wldb_order_operate.html HTTP/1.1" 200 6806
61.170.233.201 - - [28/Jun/2023:10:35:06 +0800] "GET /xingrg/all/common/auto_word.html?type=base&rest_code=00106 HTTP/1.1" 200 1799
61.170.233.201 - - [28/Jun/2023:10:35:06 +0800] "GET /xingrg/javascript/easyui/themes/default/validatebox.css HTTP/1.1" 404 1104
61.170.233.201 - - [28/Jun/2023:10:35:06 +0800] "GET /xingrg/javascript/easyui/plugins/jquery.validatebox.js HTTP/1.1" 304 -
61.170.233.201 - - [28/Jun/2023:10:35:06 +0800] "GET /xingrg/all/common/auto_word.html?type=base&rest_code=00106 HTTP/1.1" 200 1799
61.170.233.201 - - [28/Jun/2023:10:35:06 +0800] "GET /xingrg/javascript/easyui/plugins/jquery.numberbox.js HTTP/1.1" 304 -
61.170.233.201 - - [28/Jun/2023:10:35:06 +0800] "GET /xingrg/javascript/easyui/themes/icons/edit_remove.png HTTP/1.1" 304 -
120.253.135.82 - - [28/Jun/2023:10:35:09 +0800] "GET /xingrg/kc/pszx/mdqp_order_list.html?state=10 HTTP/1.1" 200 10275
120.253.135.82 - - [28/Jun/2023:10:35:09 +0800] "GET /xingrg/dwr/interface/AjaxQqpsService.js HTTP/1.1" 200 16326
120.253.135.82 - - [28/Jun/2023:10:35:09 +0800] "GET /xingrg/dwr/engine.js HTTP/1.1" 200 43631
120.253.135.82 - - [28/Jun/2023:10:35:09 +0800] "GET /xingrg/dwr/interface/AjaxReportQueryService.js HTTP/1.1" 200 13203
222.70.180.90 - - [28/Jun/2023:10:35:12 +0800] "GET /xingrg/kc/buy/cgsh_order_operate.html?command=get_materiel&rest_code=00111&code=00101008747&supplier_code=00100005&order_time=2023-06-28 HTTP/1.1" 200 399
61.170.233.201 - - [28/Jun/2023:10:35:15 +0800] "GET /xingrg/css/images/panel_loading.gif HTTP/1.1" 200 1737
61.170.233.201 - - [28/Jun/2023:10:35:15 +0800] "POST /xingrg/all/common/load_combo.html?type=base HTTP/1.1" 200 3227
222.67.234.146 - - [28/Jun/2023:10:35:17 +0800] "GET /xingrg/all/function/internal_message.html?_=1687919205060&CODE_STATE=getMsg HTTP/1.1" 200 27
120.253.135.82 - - [28/Jun/2023:10:35:17 +0800] "GET /xingrg/kc/pszx/mdqp_order_list.html?state=10 HTTP/1.1" 200 10275
120.253.135.82 - - [28/Jun/2023:10:35:17 +0800] "GET /xingrg/dwr/interface/AjaxReportQueryService.js HTTP/1.1" 200 13203
120.253.135.82 - - [28/Jun/2023:10:35:17 +0800] "GET /xingrg/dwr/engine.js HTTP/1.1" 200 43631
120.253.135.82 - - [28/Jun/2023:10:35:17 +0800] "GET /xingrg/dwr/interface/AjaxQqpsService.js HTTP/1.1" 200 16326
61.170.233.201 - - [28/Jun/2023:10:35:19 +0800] "POST /xingrg/all/common/load_combo.html?type=base HTTP/1.1" 200 3227
116.235.240.62 - - [28/Jun/2023:10:35:21 +0800] "GET /xingrg/all/function/internal_message.html?_=1687919731190&CODE_STATE=getMsg HTTP/1.1" 200 27
61.170.233.201 - - [28/Jun/2023:10:35:22 +0800] "GET /xingrg/all/function/internal_message.html?_=1687919720643&CODE_STATE=getMsg HTTP/1.1" 200 27
120.253.135.82 - - [28/Jun/2023:10:35:22 +0800] "GET /xingrg/kc/pszx/mdqp_order_list.html?state=10 HTTP/1.1" 200 10275
120.253.135.82 - - [28/Jun/2023:10:35:22 +0800] "GET /xingrg/dwr/interface/AjaxQqpsService.js HTTP/1.1" 200 16326
120.253.135.82 - - [28/Jun/2023:10:35:22 +0800] "GET /xingrg/dwr/engine.js HTTP/1.1" 200 43631
120.253.135.82 - - [28/Jun/2023:10:35:22 +0800] "GET /xingrg/dwr/interface/AjaxReportQueryService.js HTTP/1.1" 200 13203
120.253.135.82 - - [28/Jun/2023:10:35:25 +0800] "GET /xingrg/kc/pszx/mdps_order_list.html?orderType=0 HTTP/1.1" 200 21032
120.253.135.82 - - [28/Jun/2023:10:35:26 +0800] "POST /xingrg/kc/pszx/mdps_list_operate.html HTTP/1.1" 200 5389
120.253.135.82 - - [28/Jun/2023:10:35:27 +0800] "GET /xingrg/all/function/internal_message.html?_=1687919557625&CODE_STATE=getMsg HTTP/1.1" 200 27
101.83.145.52 - - [28/Jun/2023:10:35:27 +0800] "GET /xingrg/all/function/internal_message.html?_=1687919548513&CODE_STATE=getMsg HTTP/1.1" 200 27
101.83.145.52 - - [28/Jun/2023:10:35:27 +0800] "GET /xingrg/check_reg.html?_=1687919548673 HTTP/1.1" 200 22
116.238.96.78 - - [28/Jun/2023:10:35:29 +0800] "GET /xingrg/all/function/internal_message.html?_=1687919729480&CODE_STATE=getMsg HTTP/1.1" 200 27
222.70.180.90 - - [28/Jun/2023:10:35:31 +0800] "GET /xingrg/all/function/internal_message.html?_=1687919729810&CODE_STATE=getMsg HTTP/1.1" 200 27
222.70.114.12 - - [28/Jun/2023:10:35:34 +0800] "GET /xingrg/all/function/internal_message.html?_=1687919738605&CODE_STATE=getMsg HTTP/1.1" 200 27
222.70.114.12 - - [28/Jun/2023:10:35:34 +0800] "GET /xingrg/check_reg.html?_=1687919738633 HTTP/1.1" 200 22
61.170.233.201 - - [28/Jun/2023:10:35:35 +0800] "GET /xingrg/javascript/auto/indicator.gif HTTP/1.1" 404 1066
114.85.113.108 - - [28/Jun/2023:10:35:38 +0800] "GET /xingrg/all/function/internal_message.html?_=1687919733066&CODE_STATE=getMsg HTTP/1.1" 200 27
120.253.135.82 - - [28/Jun/2023:10:35:39 +0800] "GET /xingrg/kc/pszx/mdqp_order_list.html?state=10 HTTP/1.1" 200 10275
120.253.135.82 - - [28/Jun/2023:10:35:39 +0800] "GET /xingrg/dwr/interface/AjaxQqpsService.js HTTP/1.1" 200 16326
120.253.135.82 - - [28/Jun/2023:10:35:39 +0800] "GET /xingrg/dwr/engine.js HTTP/1.1" 200 43631
120.253.135.82 - - [28/Jun/2023:10:35:39 +0800] "GET /xingrg/dwr/interface/AjaxReportQueryService.js HTTP/1.1" 200 13203
180.169.147.146 - - [28/Jun/2023:10:35:39 +0800] "GET /xingrg/all/function/internal_message.html?_=1687919738034&CODE_STATE=getMsg HTTP/1.1" 200 27
61.170.233.201 - - [28/Jun/2023:10:35:40 +0800] "GET /xingrg/kc/base/wldb_order_operate.html?command=get_materiel&rest_code=00106&base_code=0010396&code=00101019492 HTTP/1.1" 200 455
101.83.241.57 - - [28/Jun/2023:10:35:43 +0800] "GET /xingrg/all/function/internal_message.html?_=1687919857026&CODE_STATE=getMsg HTTP/1.1" 200 27
120.253.135.82 - - [28/Jun/2023:10:35:44 +0800] "GET /xingrg/kc/pszx/mdqp_order_list.html?state=10 HTTP/1.1" 200 10275
120.253.135.82 - - [28/Jun/2023:10:35:44 +0800] "GET /xingrg/dwr/interface/AjaxQqpsService.js HTTP/1.1" 200 16326
120.253.135.82 - - [28/Jun/2023:10:35:44 +0800] "GET /xingrg/dwr/interface/AjaxReportQueryService.js HTTP/1.1" 200 13203
120.253.135.82 - - [28/Jun/2023:10:35:44 +0800] "GET /xingrg/dwr/engine.js HTTP/1.1" 200 43631
180.157.251.128 - - [28/Jun/2023:10:35:47 +0800] "GET /xingrg/all/function/internal_message.html?_=1687919748194&CODE_STATE=getMsg HTTP/1.1" 200 27
120.253.135.82 - - [28/Jun/2023:10:35:48 +0800] "GET /xingrg/all/function/internal_message.html?_=1687919579063&CODE_STATE=getMsg HTTP/1.1" 200 27
116.238.191.126 - - [28/Jun/2023:10:35:50 +0800] "GET /xingrg/all/function/internal_message.html?_=1687919669959&CODE_STATE=getMsg HTTP/1.1" 200 27
222.70.180.90 - - [28/Jun/2023:10:35:51 +0800] "POST /xingrg/kc/buy/cgsh_order_operate.html HTTP/1.1" 200 37
114.85.113.108 - - [28/Jun/2023:10:35:54 +0800] "GET /xingrg/check_reg.html?_=1687919749075 HTTP/1.1" 200 22
222.70.180.90 - - [28/Jun/2023:10:35:54 +0800] "POST /xingrg/kc/buy/cgsh_order_operate.html HTTP/1.1" 200 30536
61.170.233.201 - - [28/Jun/2023:10:35:56 +0800] "GET /xingrg/all/function/internal_message.html?_=1687919759156&CODE_STATE=getMsg HTTP/1.1" 200 27
222.70.180.90 - - [28/Jun/2023:10:35:56 +0800] "GET /xingrg/kc/print/load_data.html?order_code=212023062810333&kc_code=cgsh&condition= HTTP/1.1" 200 11308
61.170.233.201 - - [28/Jun/2023:10:36:00 +0800] "GET /xingrg/kc/base/wldb_order_operate.html?command=get_materiel&rest_code=00106&base_code=0010396&code=00101019476 HTTP/1.1" 200 480
116.232.195.127 - - [28/Jun/2023:10:36:01 +0800] "GET /xingrg/all/function/internal_message.html?_=1687919745682&CODE_STATE=getMsg HTTP/1.1" 200 27
180.165.154.167 - - [28/Jun/2023:10:36:03 +0800] "GET /xingrg/all/function/internal_message.html?_=1687919763378&CODE_STATE=getMsg HTTP/1.1" 200 27
101.83.145.52 - - [28/Jun/2023:10:36:07 +0800] "GET /xingrg/kc/base/wldb_order_operate.html?command=get_materiel&rest_code=00105&base_code=0010508&code=00102002556 HTTP/1.1" 200 444
222.70.180.90 - - [28/Jun/2023:10:36:11 +0800] "GET /xingrg/kc/buy/cgsh_order_add.html HTTP/1.1" 200 71576
222.70.180.90 - - [28/Jun/2023:10:36:12 +0800] "POST /xingrg/kc/buy/cgsh_order_operate.html HTTP/1.1" 200 8245
222.70.180.90 - - [28/Jun/2023:10:36:12 +0800] "GET /xingrg/javascript/easyui/themes/default/validatebox.css HTTP/1.1" 404 1104
61.170.233.201 - - [28/Jun/2023:10:36:13 +0800] "GET /xingrg/kc/base/wldb_order_operate.html?command=get_materiel&rest_code=00106&base_code=0010396&code=00101016094 HTTP/1.1" 200 470
222.67.234.146 - - [28/Jun/2023:10:36:17 +0800] "GET /xingrg/all/function/internal_message.html?_=1687919265058&CODE_STATE=getMsg HTTP/1.1" 200 27
61.170.233.201 - - [28/Jun/2023:10:36:17 +0800] "GET /xingrg/kc/buy/cgsh_order_operate.html?command=get_materiel&rest_code=00106&code=00101008201&supplier_code=00100007&order_time=2023-06-28 HTTP/1.1" 200 412
222.67.234.146 - - [28/Jun/2023:10:36:17 +0800] "GET /xingrg/check_reg.html?_=1687919265479 HTTP/1.1" 200 22
116.235.240.62 - - [28/Jun/2023:10:36:21 +0800] "GET /xingrg/all/function/internal_message.html?_=1687919791204&CODE_STATE=getMsg HTTP/1.1" 200 27
61.170.233.201 - - [28/Jun/2023:10:36:22 +0800] "GET /xingrg/all/function/internal_message.html?_=1687919780634&CODE_STATE=getMsg HTTP/1.1" 200 27
61.170.233.201 - - [28/Jun/2023:10:36:26 +0800] "GET /xingrg/kc/base/wldb_order_operate.html?command=get_materiel&rest_code=00106&base_code=0010396&code=00101019297 HTTP/1.1" 200 478
101.83.145.52 - - [28/Jun/2023:10:36:27 +0800] "POST /xingrg/kc/base/wldb_order_operate.html HTTP/1.1" 200 37
120.253.135.82 - - [28/Jun/2023:10:36:27 +0800] "GET /xingrg/all/function/internal_message.html?_=1687919617639&CODE_STATE=getMsg HTTP/1.1" 200 27
101.83.145.52 - - [28/Jun/2023:10:36:28 +0800] "POST /xingrg/kc/base/wldb_order_operate.html HTTP/1.1" 200 3644
101.83.145.52 - - [28/Jun/2023:10:36:28 +0800] "GET /xingrg/kc/base/wldb_order_info.html?code=422023062802349 HTTP/1.1" 200 30395
116.238.96.78 - - [28/Jun/2023:10:36:28 +0800] "GET /xingrg/all/function/internal_message.html?_=1687919789453&CODE_STATE=getMsg HTTP/1.1" 200 27
101.83.145.52 - - [28/Jun/2023:10:36:29 +0800] "GET /xingrg/words/20230628102723_words.js HTTP/1.1" 304 -
101.83.145.52 - - [28/Jun/2023:10:36:29 +0800] "GET /xingrg/javascript/easyui/themes/default/validatebox.css HTTP/1.1" 404 1104
61.170.233.201 - - [28/Jun/2023:10:36:29 +0800] "GET /xingrg/kc/buy/cgsh_order_operate.html?command=get_materiel&rest_code=00106&code=00101008230&supplier_code=00100007&order_time=2023-06-28 HTTP/1.1" 200 408
124.79.243.110 - - [28/Jun/2023:10:36:29 +0800] "GET /favicon.ico HTTP/1.1" 404 -
101.83.145.52 - - [28/Jun/2023:10:36:30 +0800] "POST /xingrg/kc/base/wldb_order_operate.html HTTP/1.1" 200 3644
222.70.180.90 - - [28/Jun/2023:10:36:30 +0800] "GET /xingrg/kc/buy/cgsh_order_operate.html?command=get_materiel&rest_code=00111&code=00101020113&supplier_code=00100151&order_time=2023-06-28 HTTP/1.1" 200 409
