222.67.234.146 - - [28/Jun/2023:09:46:22 +0800] "GET /xingrg/kc/print/load_data.html?order_code=212023062810308&kc_code=cgsh&condition= HTTP/1.1" 200 1487
180.165.154.167 - - [28/Jun/2023:09:46:23 +0800] "GET /xingrg/kc/buy/cgsh_order_add.html HTTP/1.1" 200 71712
180.165.154.167 - - [28/Jun/2023:09:46:23 +0800] "GET /xingrg/javascript/pic_change.js HTTP/1.1" 200 4739
180.165.154.167 - - [28/Jun/2023:09:46:23 +0800] "GET /xingrg/javascript/convert.js HTTP/1.1" 200 1239
180.165.154.167 - - [28/Jun/2023:09:46:23 +0800] "GET /xingrg/javascript/jquery_tools/order_manager.js HTTP/1.1" 200 11183
180.165.154.167 - - [28/Jun/2023:09:46:23 +0800] "GET /xingrg/javascript/print/kc_print.js HTTP/1.1" 200 11415
180.165.154.167 - - [28/Jun/2023:09:46:23 +0800] "GET /xingrg/javascript/json2.js HTTP/1.1" 200 11259
180.165.154.167 - - [28/Jun/2023:09:46:23 +0800] "GET /xingrg/words/20230627110348_words.js HTTP/1.1" 200 970843
180.165.154.167 - - [28/Jun/2023:09:46:23 +0800] "GET /xingrg/javascript/easyui/themes/icons/copy_new.png HTTP/1.1" 200 815
180.165.154.167 - - [28/Jun/2023:09:46:23 +0800] "GET /xingrg/javascript/easyui/themes/icons/template_new.png HTTP/1.1" 200 3956
180.165.154.167 - - [28/Jun/2023:09:46:23 +0800] "GET /xingrg/javascript/easyui/themes/icons/ok.png HTTP/1.1" 200 883
180.165.154.167 - - [28/Jun/2023:09:46:23 +0800] "GET /xingrg/javascript/easyui/themes/icons/print.png HTTP/1.1" 200 1057
180.165.154.167 - - [28/Jun/2023:09:46:23 +0800] "GET /xingrg/javascript/easyui/themes/default/images/menu_downarrow.png HTTP/1.1" 200 173
180.165.154.167 - - [28/Jun/2023:09:46:23 +0800] "GET /xingrg/javascript/easyui/themes/icons/cancel.png HTTP/1.1" 200 1133
180.165.154.167 - - [28/Jun/2023:09:46:23 +0800] "POST /xingrg/kc/buy/cgsh_order_operate.html HTTP/1.1" 200 8245
180.165.154.167 - - [28/Jun/2023:09:46:23 +0800] "GET /xingrg/javascript/easyui/themes/default/validatebox.css HTTP/1.1" 404 1104
180.165.154.167 - - [28/Jun/2023:09:46:23 +0800] "GET /xingrg/javascript/easyui/plugins/jquery.validatebox.js HTTP/1.1" 200 6103
180.165.154.167 - - [28/Jun/2023:09:46:23 +0800] "GET /xingrg/all/common/auto_word.html?type=employee&rest_code=00108 HTTP/1.1" 200 101
180.165.154.167 - - [28/Jun/2023:09:46:23 +0800] "GET /xingrg/javascript/easyui/plugins/jquery.numberbox.js HTTP/1.1" 200 5213
180.165.154.167 - - [28/Jun/2023:09:46:23 +0800] "GET /xingrg/all/common/auto_word.html?type=employee&rest_code=00108 HTTP/1.1" 200 101
180.165.154.167 - - [28/Jun/2023:09:46:23 +0800] "GET /xingrg/javascript/easyui/themes/icons/edit_remove.png HTTP/1.1" 200 625
222.67.234.146 - - [28/Jun/2023:09:46:26 +0800] "GET /xingrg/kc/buy/cgsh_order_add.html HTTP/1.1" 200 71620
222.67.234.146 - - [28/Jun/2023:09:46:27 +0800] "POST /xingrg/kc/buy/cgsh_order_operate.html HTTP/1.1" 200 8245
222.67.234.146 - - [28/Jun/2023:09:46:27 +0800] "GET /xingrg/javascript/easyui/themes/default/validatebox.css HTTP/1.1" 404 1104
101.83.145.52 - - [28/Jun/2023:09:46:27 +0800] "GET /xingrg/all/function/internal_message.html?_=1687916608615&CODE_STATE=getMsg HTTP/1.1" 200 27
180.169.147.146 - - [28/Jun/2023:09:46:30 +0800] "GET /xingrg/login.html HTTP/1.1" 200 7641
180.169.147.146 - - [28/Jun/2023:09:46:31 +0800] "GET /favicon.ico HTTP/1.1" 404 -
58.39.108.151 - - [28/Jun/2023:09:46:31 +0800] "POST /xingrg/kc/buy/cgsh_order_operate.html HTTP/1.1" 200 37
58.39.108.151 - - [28/Jun/2023:09:46:33 +0800] "POST /xingrg/kc/buy/cgsh_order_operate.html HTTP/1.1" 200 2666
180.165.154.167 - - [28/Jun/2023:09:46:33 +0800] "GET /xingrg/javascript/auto/indicator.gif HTTP/1.1" 404 1066
180.165.154.167 - - [28/Jun/2023:09:46:34 +0800] "GET /xingrg/javascript/jquery_tools/images/prev.gif HTTP/1.1" 404 1086
180.165.154.167 - - [28/Jun/2023:09:46:34 +0800] "GET /xingrg/javascript/jquery_tools/images/next.gif HTTP/1.1" 404 1086
222.70.114.12 - - [28/Jun/2023:09:46:34 +0800] "GET /xingrg/all/function/internal_message.html?_=1687916798538&CODE_STATE=getMsg HTTP/1.1" 200 27
116.238.191.126 - - [28/Jun/2023:09:46:35 +0800] "GET /xingrg/check_reg.html?_=1687916714859 HTTP/1.1" 200 22
116.238.191.126 - - [28/Jun/2023:09:46:35 +0800] "GET /xingrg/all/function/internal_message.html?_=1687916715498&CODE_STATE=getMsg HTTP/1.1" 200 27
58.39.108.151 - - [28/Jun/2023:09:46:36 +0800] "GET /xingrg/kc/print/load_data.html?order_code=212023062810309&kc_code=cgsh&condition= HTTP/1.1" 200 730
180.169.147.146 - - [28/Jun/2023:09:46:38 +0800] "POST /xingrg/login.do HTTP/1.1" 302 -
180.169.147.146 - - [28/Jun/2023:09:46:38 +0800] "GET /xingrg/index.html?sysBaseUrl=http%3A%2F%2F180.169.147.146%3A18081%2Fxingrg%2F&costTime=1556×tamp=1687916798586 HTTP/1.1" 200 17503
114.85.113.108 - - [28/Jun/2023:09:46:39 +0800] "GET /xingrg/all/function/internal_message.html?_=1687916793890&CODE_STATE=getMsg HTTP/1.1" 200 27
180.169.147.146 - - [28/Jun/2023:09:46:39 +0800] "GET /favicon.ico HTTP/1.1" 404 -
180.169.147.146 - - [28/Jun/2023:09:46:39 +0800] "GET /xingrg/check_reg.html?_=1687916797942 HTTP/1.1" 200 22
180.169.147.146 - - [28/Jun/2023:09:46:39 +0800] "POST /xingrg/all/common/load_tree.html?tree=area_rest_tree_json&manage=1 HTTP/1.1" 200 3499
180.169.147.146 - - [28/Jun/2023:09:46:39 +0800] "GET /xingrg/all/function/internal_message.html?_=1687916797941&CODE_STATE=count HTTP/1.1" 200 11
180.169.147.146 - - [28/Jun/2023:09:46:40 +0800] "POST /xingrg/load_menu.html HTTP/1.1" 200 11443
58.39.108.151 - - [28/Jun/2023:09:46:42 +0800] "GET /xingrg/kc/buy/cgsh_order_add.html HTTP/1.1" 200 70743
222.67.234.146 - - [28/Jun/2023:09:46:43 +0800] "GET /xingrg/kc/buy/cgsh_order_operate.html?command=get_materiel&rest_code=00141&code=00101008112&supplier_code=00100007&order_time=2023-06-28 HTTP/1.1" 200 412
58.39.108.151 - - [28/Jun/2023:09:46:43 +0800] "POST /xingrg/kc/buy/cgsh_order_operate.html HTTP/1.1" 200 8245
58.39.108.151 - - [28/Jun/2023:09:46:43 +0800] "GET /xingrg/javascript/easyui/themes/default/validatebox.css HTTP/1.1" 404 1104
101.83.241.57 - - [28/Jun/2023:09:46:43 +0800] "GET /xingrg/all/function/internal_message.html?_=1687916917033&CODE_STATE=getMsg HTTP/1.1" 200 27
114.83.219.231 - - [28/Jun/2023:09:46:44 +0800] "GET /xingrg/all/function/internal_message.html?_=1687916804185&CODE_STATE=getMsg HTTP/1.1" 200 27
180.165.154.167 - - [28/Jun/2023:09:46:46 +0800] "GET /xingrg/kc/buy/cgsh_order_operate.html?command=get_materiel&rest_code=00108&code=00101016105&supplier_code=00100593&order_time=2023-06-28 HTTP/1.1" 200 409
222.67.234.146 - - [28/Jun/2023:09:46:52 +0800] "GET /xingrg/kc/buy/cgsh_order_operate.html?command=get_materiel&rest_code=00141&code=00101008185&supplier_code=00100007&order_time=2023-06-28 HTTP/1.1" 200 408
124.79.73.155 - - [28/Jun/2023:09:46:54 +0800] "GET /favicon.ico HTTP/1.1" 404 -
116.238.96.78 - - [28/Jun/2023:09:46:55 +0800] "GET /xingrg/check_reg.html?_=1687916827777 HTTP/1.1" 200 22
116.238.96.78 - - [28/Jun/2023:09:46:55 +0800] "GET /xingrg/all/function/internal_message.html?_=1687916827797&CODE_STATE=getMsg HTTP/1.1" 200 27
180.165.154.167 - - [28/Jun/2023:09:46:58 +0800] "GET /xingrg/kc/buy/cgsh_order_operate.html?command=get_materiel&rest_code=00108&code=00101009113&supplier_code=00100593&order_time=2023-06-28 HTTP/1.1" 200 412
222.67.234.146 - - [28/Jun/2023:09:47:01 +0800] "GET /xingrg/kc/buy/cgsh_order_operate.html?command=get_materiel&rest_code=00141&code=00101008354&supplier_code=00100007&order_time=2023-06-28 HTTP/1.1" 200 412
116.232.195.127 - - [28/Jun/2023:09:47:02 +0800] "GET /xingrg/all/function/internal_message.html?_=1687916806413&CODE_STATE=getMsg HTTP/1.1" 200 27
180.165.154.167 - - [28/Jun/2023:09:47:04 +0800] "GET /xingrg/all/function/internal_message.html?_=1687916824206&CODE_STATE=getMsg HTTP/1.1" 200 27
58.39.108.151 - - [28/Jun/2023:09:47:08 +0800] "GET /xingrg/all/function/internal_message.html?_=1687916828677&CODE_STATE=getMsg HTTP/1.1" 200 27
222.67.234.146 - - [28/Jun/2023:09:47:10 +0800] "GET /xingrg/kc/buy/cgsh_order_operate.html?command=get_materiel&rest_code=00141&code=00101008096&supplier_code=00100007&order_time=2023-06-28 HTTP/1.1" 200 413
180.165.154.167 - - [28/Jun/2023:09:47:11 +0800] "GET /xingrg/kc/buy/cgsh_order_operate.html?command=get_materiel&rest_code=00108&code=00101012032&supplier_code=00100593&order_time=2023-06-28 HTTP/1.1" 200 416
180.169.147.146 - - [28/Jun/2023:09:47:15 +0800] "POST /xingrg/kc/buy/cgsh_list_operate.html HTTP/1.1" 200 4
180.169.147.146 - - [28/Jun/2023:09:47:17 +0800] "GET /xingrg/login.html HTTP/1.1" 200 7641
222.67.234.146 - - [28/Jun/2023:09:47:17 +0800] "GET /xingrg/all/function/internal_message.html?_=1687916324923&CODE_STATE=getMsg HTTP/1.1" 200 27
180.169.147.146 - - [28/Jun/2023:09:47:17 +0800] "GET /favicon.ico HTTP/1.1" 404 -
116.235.240.62 - - [28/Jun/2023:09:47:18 +0800] "GET /xingrg/all/function/internal_message.html?_=1687916847938&CODE_STATE=getMsg HTTP/1.1" 200 27
222.67.234.146 - - [28/Jun/2023:09:47:22 +0800] "GET /xingrg/kc/buy/cgsh_order_operate.html?command=get_materiel&rest_code=00141&code=00101008163&supplier_code=00100007&order_time=2023-06-28 HTTP/1.1" 200 409
116.238.96.78 - - [28/Jun/2023:09:47:27 +0800] "GET /xingrg/kc/buy/cgsh_order_list.html HTTP/1.1" 302 -
116.238.96.78 - - [28/Jun/2023:09:47:27 +0800] "GET /xingrg/login.html HTTP/1.1" 200 7641
116.238.96.78 - - [28/Jun/2023:09:47:27 +0800] "GET /xingrg/login.html HTTP/1.1" 200 7641
116.238.96.78 - - [28/Jun/2023:09:47:27 +0800] "GET /xingrg/images/blue/jxLogo.png HTTP/1.1" 200 6156
116.238.96.78 - - [28/Jun/2023:09:47:27 +0800] "GET /xingrg/images/blue/login_bg.png HTTP/1.1" 200 22101
116.238.96.78 - - [28/Jun/2023:09:47:27 +0800] "GET /xingrg/images/blue/srbg.png HTTP/1.1" 200 138
116.238.96.78 - - [28/Jun/2023:09:47:27 +0800] "GET /xingrg/images/blue/hj.png HTTP/1.1" 200 1014
116.238.96.78 - - [28/Jun/2023:09:47:27 +0800] "GET /favicon.ico HTTP/1.1" 404 -
101.83.145.52 - - [28/Jun/2023:09:47:27 +0800] "GET /xingrg/all/function/internal_message.html?_=1687916668610&CODE_STATE=getMsg HTTP/1.1" 200 27
116.238.96.78 - - [28/Jun/2023:09:47:29 +0800] "POST /xingrg/login.do HTTP/1.1" 302 -
116.238.96.78 - - [28/Jun/2023:09:47:29 +0800] "GET /xingrg/index.html?sysBaseUrl=http%3A%2F%2F180.169.147.146%3A18081%2Fxingrg%2F&costTime=825×tamp=1687916849198 HTTP/1.1" 200 17173
116.238.96.78 - - [28/Jun/2023:09:47:29 +0800] "GET /xingrg/css/form.css HTTP/1.1" 200 893
116.238.96.78 - - [28/Jun/2023:09:47:29 +0800] "GET /xingrg/javascript/jquery_easy_ui/themes/icon.css HTTP/1.1" 200 3949
116.238.96.78 - - [28/Jun/2023:09:47:29 +0800] "GET /xingrg/javascript/jquery_easy_ui/themes/default/easyui.css HTTP/1.1" 200 26500
116.238.96.78 - - [28/Jun/2023:09:47:29 +0800] "GET /xingrg/javascript/jquery_easy_ui/jquery.easyui.min.js HTTP/1.1" 200 213662
116.238.96.78 - - [28/Jun/2023:09:47:29 +0800] "GET /xingrg/javascript/jquery_easy_ui/easyui-lang-zh_CN.js HTTP/1.1" 200 1900
116.238.96.78 - - [28/Jun/2023:09:47:29 +0800] "GET /xingrg/javascript/jquery-1.4.2.min.js HTTP/1.1" 200 72205
116.238.96.78 - - [28/Jun/2023:09:47:29 +0800] "GET /xingrg/javascript/jquery.form.js HTTP/1.1" 200 23110
116.238.96.78 - - [28/Jun/2023:09:47:29 +0800] "GET /xingrg/javascript/jquery.utils.js HTTP/1.1" 200 11805
116.238.96.78 - - [28/Jun/2023:09:47:29 +0800] "GET /xingrg/javascript/jquery.timers.js HTTP/1.1" 200 3532
116.238.96.78 - - [28/Jun/2023:09:47:29 +0800] "GET /favicon.ico HTTP/1.1" 404 -
116.238.96.78 - - [28/Jun/2023:09:47:29 +0800] "GET /xingrg/images/blue/navBackgound.jpg HTTP/1.1" 200 12378
116.238.96.78 - - [28/Jun/2023:09:47:29 +0800] "GET /xingrg/javascript/jquery_easy_ui/themes/icons/settle_new.png HTTP/1.1" 200 826
116.238.96.78 - - [28/Jun/2023:09:47:29 +0800] "GET /xingrg/check_reg.html?_=1687916850059 HTTP/1.1" 200 22
116.238.96.78 - - [28/Jun/2023:09:47:29 +0800] "GET /xingrg/javascript/jquery_easy_ui/themes/default/images/panel_tool_collapse.gif HTTP/1.1" 200 246
116.238.96.78 - - [28/Jun/2023:09:47:29 +0800] "GET /xingrg/images/blue/pingpu.png HTTP/1.1" 200 231
116.238.96.78 - - [28/Jun/2023:09:47:29 +0800] "GET /xingrg/javascript/jquery_easy_ui/themes/default/images/tabs_leftarrow.png HTTP/1.1" 200 389
116.238.96.78 - - [28/Jun/2023:09:47:29 +0800] "GET /xingrg/javascript/jquery_easy_ui/themes/default/images/tabs_rightarrow.png HTTP/1.1" 200 395
116.238.96.78 - - [28/Jun/2023:09:47:29 +0800] "GET /xingrg/all/function/internal_message.html?_=1687916850058&CODE_STATE=count HTTP/1.1" 200 11
116.238.96.78 - - [28/Jun/2023:09:47:29 +0800] "POST /xingrg/load_menu.html HTTP/1.1" 200 5138
116.238.96.78 - - [28/Jun/2023:09:47:29 +0800] "POST /xingrg/all/common/load_tree.html?tree=area_rest_tree_json&manage=1 HTTP/1.1" 200 342
116.238.96.78 - - [28/Jun/2023:09:47:29 +0800] "GET /xingrg/javascript/jquery_easy_ui/themes/default/images/tree_folder.gif HTTP/1.1" 200 952
116.238.96.78 - - [28/Jun/2023:09:47:29 +0800] "GET /xingrg/javascript/jquery_easy_ui/themes/default/images/tree_arrows.gif HTTP/1.1" 200 1043
116.238.96.78 - - [28/Jun/2023:09:47:29 +0800] "GET /xingrg/javascript/jquery_easy_ui/themes/default/images/tree_folder_open.gif HTTP/1.1" 200 956
116.238.96.78 - - [28/Jun/2023:09:47:29 +0800] "GET /xingrg/javascript/jquery_easy_ui/themes/icons/storage_new.png HTTP/1.1" 200 853
116.238.96.78 - - [28/Jun/2023:09:47:29 +0800] "GET /xingrg/javascript/jquery_easy_ui/themes/icons/search_new.png HTTP/1.1" 200 586
116.238.96.78 - - [28/Jun/2023:09:47:29 +0800] "GET /xingrg/javascript/jquery_easy_ui/themes/default/images/tree_file.gif HTTP/1.1" 200 118
116.238.96.78 - - [28/Jun/2023:09:47:29 +0800] "GET /xingrg/javascript/jquery_easy_ui/themes/icons/forms_new.png HTTP/1.1" 200 350
222.67.234.146 - - [28/Jun/2023:09:47:32 +0800] "GET /xingrg/kc/buy/cgsh_order_operate.html?command=get_materiel&rest_code=00141&code=00101008038&supplier_code=00100007&order_time=2023-06-28 HTTP/1.1" 200 412
222.70.114.12 - - [28/Jun/2023:09:47:34 +0800] "GET /xingrg/all/function/internal_message.html?_=1687916858536&CODE_STATE=getMsg HTTP/1.1" 200 27
116.238.191.126 - - [28/Jun/2023:09:47:35 +0800] "GET /xingrg/all/function/internal_message.html?_=1687916775512&CODE_STATE=getMsg HTTP/1.1" 200 27
114.85.113.108 - - [28/Jun/2023:09:47:39 +0800] "GET /xingrg/all/function/internal_message.html?_=1687916853874&CODE_STATE=getMsg HTTP/1.1" 200 27
180.169.147.146 - - [28/Jun/2023:09:47:39 +0800] "GET /xingrg/all/function/internal_message.html?_=1687916857949&CODE_STATE=getMsg HTTP/1.1" 200 27
101.83.241.57 - - [28/Jun/2023:09:47:43 +0800] "GET /xingrg/all/function/internal_message.html?_=1687916977031&CODE_STATE=getMsg HTTP/1.1" 200 27
114.83.219.231 - - [28/Jun/2023:09:47:44 +0800] "GET /xingrg/check_reg.html?_=1687916864191 HTTP/1.1" 200 22
114.83.219.231 - - [28/Jun/2023:09:47:44 +0800] "GET /xingrg/all/function/internal_message.html?_=1687916864194&CODE_STATE=getMsg HTTP/1.1" 200 27
222.67.234.146 - - [28/Jun/2023:09:47:47 +0800] "GET /xingrg/kc/buy/cgsh_order_operate.html?command=get_materiel&rest_code=00141&code=00101008355&supplier_code=00100007&order_time=2023-06-28 HTTP/1.1" 200 408
180.169.147.146 - - [28/Jun/2023:09:47:49 +0800] "POST /xingrg/kc/buy/cgsh_list_operate.html HTTP/1.1" 200 986
180.165.154.167 - - [28/Jun/2023:09:47:49 +0800] "GET /xingrg/kc/buy/cgsh_order_operate.html?command=get_materiel&rest_code=00108&code=00101013256&supplier_code=00100593&order_time=2023-06-28 HTTP/1.1" 200 436
58.39.108.151 - - [28/Jun/2023:09:47:54 +0800] "GET /xingrg/kc/buy/cgsh_order_operate.html?command=get_materiel&rest_code=00157&code=00101006177&supplier_code=00100612&order_time=2023-06-24 HTTP/1.1" 200 408
116.238.96.78 - - [28/Jun/2023:09:47:55 +0800] "GET /xingrg/all/function/internal_message.html?_=1687916887785&CODE_STATE=getMsg HTTP/1.1" 200 27
222.67.234.146 - - [28/Jun/2023:09:47:55 +0800] "GET /xingrg/kc/buy/cgsh_order_operate.html?command=get_materiel&rest_code=00141&code=00101008264&supplier_code=00100007&order_time=2023-06-28 HTTP/1.1" 200 412
116.232.195.127 - - [28/Jun/2023:09:48:02 +0800] "GET /xingrg/all/function/internal_message.html?_=1687916866408&CODE_STATE=getMsg HTTP/1.1" 200 27
180.165.154.167 - - [28/Jun/2023:09:48:03 +0800] "GET /xingrg/check_reg.html?_=1687916883357 HTTP/1.1" 200 22
180.165.154.167 - - [28/Jun/2023:09:48:04 +0800] "GET /xingrg/all/function/internal_message.html?_=1687916884190&CODE_STATE=getMsg HTTP/1.1" 200 27
222.67.234.146 - - [28/Jun/2023:09:48:04 +0800] "GET /xingrg/kc/buy/cgsh_order_operate.html?command=get_materiel&rest_code=00141&code=00101008740&supplier_code=00100007&order_time=2023-06-28 HTTP/1.1" 200 399
180.165.154.167 - - [28/Jun/2023:09:48:05 +0800] "GET /xingrg/kc/buy/cgsh_order_operate.html?command=get_materiel&rest_code=00108&code=00101012033&supplier_code=00100593&order_time=2023-06-28 HTTP/1.1" 200 427
58.39.108.151 - - [28/Jun/2023:09:48:08 +0800] "GET /xingrg/all/function/internal_message.html?_=1687916888655&CODE_STATE=getMsg HTTP/1.1" 200 27
58.39.108.151 - - [28/Jun/2023:09:48:08 +0800] "GET /xingrg/check_reg.html?_=1687916888687 HTTP/1.1" 200 22
58.39.108.151 - - [28/Jun/2023:09:48:12 +0800] "GET /xingrg/kc/buy/cgsh_order_operate.html?command=get_materiel&rest_code=00157&code=00101006011&supplier_code=00100612&order_time=2023-06-24 HTTP/1.1" 200 409
222.67.234.146 - - [28/Jun/2023:09:48:12 +0800] "GET /xingrg/kc/buy/cgsh_order_operate.html?command=get_materiel&rest_code=00141&code=00101008069&supplier_code=00100007&order_time=2023-06-28 HTTP/1.1" 200 412
222.67.234.146 - - [28/Jun/2023:09:48:17 +0800] "GET /xingrg/all/function/internal_message.html?_=1687916384921&CODE_STATE=getMsg HTTP/1.1" 200 27
116.235.240.62 - - [28/Jun/2023:09:48:18 +0800] "GET /xingrg/all/function/internal_message.html?_=1687916907946&CODE_STATE=getMsg HTTP/1.1" 200 27
180.165.154.167 - - [28/Jun/2023:09:48:18 +0800] "POST /xingrg/kc/buy/cgsh_order_operate.html HTTP/1.1" 200 37
180.165.154.167 - - [28/Jun/2023:09:48:21 +0800] "POST /xingrg/kc/buy/cgsh_order_operate.html HTTP/1.1" 200 5032
180.165.154.167 - - [28/Jun/2023:09:48:22 +0800] "GET /xingrg/kc/print/load_config.html?kc_code=cgsh HTTP/1.1" 200 1924
180.165.154.167 - - [28/Jun/2023:09:48:23 +0800] "GET /xingrg/kc/print/load_data.html?order_code=212023062810310&kc_code=cgsh&condition= HTTP/1.1" 200 1594
58.39.108.151 - - [28/Jun/2023:09:48:26 +0800] "POST /xingrg/kc/buy/cgsh_order_operate.html HTTP/1.1" 200 37
222.67.234.146 - - [28/Jun/2023:09:48:26 +0800] "GET /xingrg/kc/buy/cgsh_order_operate.html?command=get_materiel&rest_code=00141&code=00101008077&supplier_code=00100007&order_time=2023-06-28 HTTP/1.1" 200 416
101.83.145.52 - - [28/Jun/2023:09:48:27 +0800] "GET /xingrg/all/function/internal_message.html?_=1687916728614&CODE_STATE=getMsg HTTP/1.1" 200 27
116.238.96.78 - - [28/Jun/2023:09:48:29 +0800] "GET /xingrg/all/function/internal_message.html?_=1687916910079&CODE_STATE=getMsg HTTP/1.1" 200 27
58.39.108.151 - - [28/Jun/2023:09:48:30 +0800] "POST /xingrg/kc/buy/cgsh_order_operate.html HTTP/1.1" 200 3241
180.165.154.167 - - [28/Jun/2023:09:48:31 +0800] "GET /xingrg/kc/buy/cgsh_order_add.html HTTP/1.1" 200 71712
180.165.154.167 - - [28/Jun/2023:09:48:32 +0800] "POST /xingrg/kc/buy/cgsh_order_operate.html HTTP/1.1" 200 8245
180.165.154.167 - - [28/Jun/2023:09:48:32 +0800] "GET /xingrg/javascript/easyui/themes/default/validatebox.css HTTP/1.1" 404 1104
58.39.108.151 - - [28/Jun/2023:09:48:33 +0800] "GET /xingrg/kc/print/load_data.html?order_code=212023062810311&kc_code=cgsh&condition= HTTP/1.1" 200 881
222.70.114.12 - - [28/Jun/2023:09:48:34 +0800] "GET /xingrg/all/function/internal_message.html?_=1687916918534&CODE_STATE=getMsg HTTP/1.1" 200 27
116.238.191.126 - - [28/Jun/2023:09:48:35 +0800] "GET /xingrg/all/function/internal_message.html?_=1687916835532&CODE_STATE=getMsg HTTP/1.1" 200 27
114.85.113.108 - - [28/Jun/2023:09:48:39 +0800] "GET /xingrg/all/function/internal_message.html?_=1687916913853&CODE_STATE=getMsg HTTP/1.1" 200 27
180.169.147.146 - - [28/Jun/2023:09:48:39 +0800] "GET /xingrg/all/function/internal_message.html?_=1687916917952&CODE_STATE=getMsg HTTP/1.1" 200 27
222.67.234.146 - - [28/Jun/2023:09:48:40 +0800] "GET /xingrg/kc/buy/cgsh_order_operate.html?command=get_materiel&rest_code=00141&code=00101008286&supplier_code=00100007&order_time=2023-06-28 HTTP/1.1" 200 408
101.83.241.57 - - [28/Jun/2023:09:48:43 +0800] "GET /xingrg/all/function/internal_message.html?_=1687917037026&CODE_STATE=getMsg HTTP/1.1" 200 27
101.83.241.57 - - [28/Jun/2023:09:48:43 +0800] "GET /xingrg/check_reg.html?_=1687917037028 HTTP/1.1" 200 22
180.165.154.167 - - [28/Jun/2023:09:48:43 +0800] "GET /xingrg/kc/buy/cgsh_order_operate.html?command=get_materiel&rest_code=00108&code=00101002027&supplier_code=00100012&order_time=2023-06-28 HTTP/1.1" 200 413
58.39.108.151 - - [28/Jun/2023:09:48:44 +0800] "GET /xingrg/kc/buy/cgsh_order_add.html HTTP/1.1" 200 70743
58.39.108.151 - - [28/Jun/2023:09:48:44 +0800] "POST /xingrg/kc/buy/cgsh_order_operate.html HTTP/1.1" 200 8245
58.39.108.151 - - [28/Jun/2023:09:48:44 +0800] "GET /xingrg/javascript/easyui/themes/default/validatebox.css HTTP/1.1" 404 1104
114.83.219.231 - - [28/Jun/2023:09:48:44 +0800] "GET /xingrg/all/function/internal_message.html?_=1687916924179&CODE_STATE=getMsg HTTP/1.1" 200 27
222.67.234.146 - - [28/Jun/2023:09:48:52 +0800] "GET /xingrg/kc/buy/cgsh_order_operate.html?command=get_materiel&rest_code=00141&code=00101008318&supplier_code=00100007&order_time=2023-06-28 HTTP/1.1" 200 408
116.238.96.78 - - [28/Jun/2023:09:48:55 +0800] "GET /xingrg/all/function/internal_message.html?_=1687916947778&CODE_STATE=getMsg HTTP/1.1" 200 27
180.165.154.167 - - [28/Jun/2023:09:48:57 +0800] "GET /xingrg/kc/buy/cgsh_order_operate.html?command=get_materiel&rest_code=00108&code=00101001075&supplier_code=00100012&order_time=2023-06-28 HTTP/1.1" 200 409
58.39.108.151 - - [28/Jun/2023:09:49:01 +0800] "GET /xingrg/kc/buy/cgsh_order_operate.html?command=get_materiel&rest_code=00157&code=00101005032&supplier_code=00100595&order_time=2023-06-24 HTTP/1.1" 200 409
116.232.195.127 - - [28/Jun/2023:09:49:02 +0800] "GET /xingrg/all/function/internal_message.html?_=1687916926394&CODE_STATE=getMsg HTTP/1.1" 200 27
222.67.234.146 - - [28/Jun/2023:09:49:03 +0800] "GET /xingrg/kc/buy/cgsh_order_operate.html?command=get_materiel&rest_code=00141&code=00101008005&supplier_code=00100007&order_time=2023-06-28 HTTP/1.1" 200 412
180.165.154.167 - - [28/Jun/2023:09:49:04 +0800] "GET /xingrg/all/function/internal_message.html?_=1687916944171&CODE_STATE=getMsg HTTP/1.1" 200 27
116.238.96.78 - - [28/Jun/2023:09:49:06 +0800] "GET /xingrg/javascript/jquery_easy_ui/themes/default/images/tabs_close.gif HTTP/1.1" 200 829
116.238.96.78 - - [28/Jun/2023:09:49:06 +0800] "GET /xingrg/kc/buy/cgsh_order_list.html HTTP/1.1" 200 55838
116.238.96.78 - - [28/Jun/2023:09:49:06 +0800] "GET /xingrg/css/site.css HTTP/1.1" 200 7541
116.238.96.78 - - [28/Jun/2023:09:49:06 +0800] "GET /xingrg/css/base.css HTTP/1.1" 200 2811
116.238.96.78 - - [28/Jun/2023:09:49:06 +0800] "GET /xingrg/javascript/easyui/themes/icon.css HTTP/1.1" 200 4483
116.238.96.78 - - [28/Jun/2023:09:49:06 +0800] "GET /xingrg/javascript/easyui/themes/default/easyui.css HTTP/1.1" 200 30432
116.238.96.78 - - [28/Jun/2023:09:49:06 +0800] "GET /xingrg/javascript/auto/jquery.autocomplete.css HTTP/1.1" 200 587
116.238.96.78 - - [28/Jun/2023:09:49:06 +0800] "GET /xingrg/javascript/jquery_tools/fix.css HTTP/1.1" 200 1702
116.238.96.78 - - [28/Jun/2023:09:49:06 +0800] "GET /xingrg/javascript/jquery_tools/table.css HTTP/1.1" 200 1032
116.238.96.78 - - [28/Jun/2023:09:49:06 +0800] "GET /xingrg/javascript/jquery_tools/datebox.css HTTP/1.1" 200 2597
116.238.96.78 - - [28/Jun/2023:09:49:06 +0800] "GET /xingrg/javascript/jquery_tools/jquery.tools.min.js HTTP/1.1" 200 138801
116.238.96.78 - - [28/Jun/2023:09:49:06 +0800] "GET /xingrg/javascript/jquery_tools/jquery.tools.extend.js HTTP/1.1" 200 15385
116.238.96.78 - - [28/Jun/2023:09:49:06 +0800] "GET /xingrg/javascript/jquery_tools/jquery.tools.hotkey.js HTTP/1.1" 200 3242
116.238.96.78 - - [28/Jun/2023:09:49:06 +0800] "GET /xingrg/javascript/jquery_tools/list_manager.js HTTP/1.1" 200 3652
116.238.96.78 - - [28/Jun/2023:09:49:06 +0800] "GET /xingrg/javascript/jquery_tools/jquery.tools.table.js HTTP/1.1" 200 6994
116.238.96.78 - - [28/Jun/2023:09:49:06 +0800] "GET /xingrg/javascript/auto/jquery.autocomplete.js HTTP/1.1" 200 21624
116.238.96.78 - - [28/Jun/2023:09:49:06 +0800] "GET /xingrg/javascript/easyui/easyloader.js HTTP/1.1" 200 5975
116.238.96.78 - - [28/Jun/2023:09:49:06 +0800] "GET /xingrg/javascript/jquery.cookie.js HTTP/1.1" 200 5513
116.238.96.78 - - [28/Jun/2023:09:49:06 +0800] "GET /xingrg/javascript/print/LodopFuncs.js HTTP/1.1" 200 5121
116.238.96.78 - - [28/Jun/2023:09:49:07 +0800] "GET /xingrg/javascript/easyui/themes/icons/import_new.png HTTP/1.1" 200 1247
116.238.96.78 - - [28/Jun/2023:09:49:07 +0800] "GET /xingrg/javascript/easyui/themes/icons/field_new.png HTTP/1.1" 200 1097
116.238.96.78 - - [28/Jun/2023:09:49:07 +0800] "GET /xingrg/javascript/easyui/themes/icons/check_new.png HTTP/1.1" 200 3224
116.238.96.78 - - [28/Jun/2023:09:49:07 +0800] "GET /xingrg/javascript/easyui/themes/icons/edit_add_new.png HTTP/1.1" 200 2997
116.238.96.78 - - [28/Jun/2023:09:49:07 +0800] "GET /xingrg/javascript/easyui/themes/icons/cance_new.png HTTP/1.1" 200 3986
116.238.96.78 - - [28/Jun/2023:09:49:07 +0800] "GET /xingrg/javascript/easyui/plugins/jquery.parser.js HTTP/1.1" 200 1142
116.238.96.78 - - [28/Jun/2023:09:49:07 +0800] "GET /xingrg/images/control/ajaxLoader.gif HTTP/1.1" 200 4659
58.39.108.151 - - [28/Jun/2023:09:49:08 +0800] "GET /xingrg/all/function/internal_message.html?_=1687916948639&CODE_STATE=getMsg HTTP/1.1" 200 27
58.39.108.151 - - [28/Jun/2023:09:49:14 +0800] "POST /xingrg/kc/buy/cgsh_order_operate.html HTTP/1.1" 200 37
180.165.154.167 - - [28/Jun/2023:09:49:14 +0800] "GET /xingrg/kc/buy/cgsh_order_operate.html?command=get_materiel&rest_code=00108&code=00101005037&supplier_code=00100012&order_time=2023-06-28 HTTP/1.1" 200 409
116.238.96.78 - - [28/Jun/2023:09:49:14 +0800] "POST /xingrg/kc/buy/cgsh_list_operate.html HTTP/1.1" 200 986
116.238.96.78 - - [28/Jun/2023:09:49:14 +0800] "GET /xingrg/javascript/easyui/themes/default/images/button_plain_hover.png HTTP/1.1" 200 144
116.238.96.78 - - [28/Jun/2023:09:49:16 +0800] "GET /xingrg/kc/buy/cgsh_order_add.html HTTP/1.1" 200 71655
116.238.96.78 - - [28/Jun/2023:09:49:16 +0800] "GET /xingrg/javascript/pic_change.js HTTP/1.1" 200 4739
116.238.96.78 - - [28/Jun/2023:09:49:16 +0800] "GET /xingrg/javascript/convert.js HTTP/1.1" 200 1239
116.238.96.78 - - [28/Jun/2023:09:49:16 +0800] "GET /xingrg/javascript/jquery_tools/order_manager.js HTTP/1.1" 200 11183
116.238.96.78 - - [28/Jun/2023:09:49:16 +0800] "GET /xingrg/javascript/json2.js HTTP/1.1" 200 11259
116.238.96.78 - - [28/Jun/2023:09:49:16 +0800] "GET /xingrg/javascript/print/kc_print.js HTTP/1.1" 200 11415
116.238.96.78 - - [28/Jun/2023:09:49:16 +0800] "GET /xingrg/words/20230627110348_words.js HTTP/1.1" 200 970843
116.238.96.78 - - [28/Jun/2023:09:49:16 +0800] "GET /xingrg/javascript/easyui/themes/default/images/menu_downarrow.png HTTP/1.1" 200 173
116.238.96.78 - - [28/Jun/2023:09:49:16 +0800] "GET /xingrg/javascript/easyui/themes/icons/print.png HTTP/1.1" 200 1057
116.238.96.78 - - [28/Jun/2023:09:49:16 +0800] "GET /xingrg/javascript/easyui/themes/icons/template_new.png HTTP/1.1" 200 3956
116.238.96.78 - - [28/Jun/2023:09:49:16 +0800] "GET /xingrg/javascript/easyui/themes/icons/ok.png HTTP/1.1" 200 883
116.238.96.78 - - [28/Jun/2023:09:49:16 +0800] "GET /xingrg/javascript/easyui/themes/icons/cancel.png HTTP/1.1" 200 1133
116.238.96.78 - - [28/Jun/2023:09:49:16 +0800] "GET /xingrg/javascript/easyui/themes/icons/copy_new.png HTTP/1.1" 200 815
116.238.96.78 - - [28/Jun/2023:09:49:16 +0800] "POST /xingrg/kc/buy/cgsh_order_operate.html HTTP/1.1" 200 8245
116.238.96.78 - - [28/Jun/2023:09:49:16 +0800] "GET /xingrg/javascript/easyui/themes/default/validatebox.css HTTP/1.1" 404 1104
116.238.96.78 - - [28/Jun/2023:09:49:16 +0800] "GET /xingrg/javascript/easyui/plugins/jquery.validatebox.js HTTP/1.1" 200 6103
116.238.96.78 - - [28/Jun/2023:09:49:16 +0800] "GET /xingrg/all/common/auto_word.html?type=employee&rest_code=00102 HTTP/1.1" 200 189
116.238.96.78 - - [28/Jun/2023:09:49:16 +0800] "GET /xingrg/javascript/easyui/themes/icons/edit_remove.png HTTP/1.1" 200 625
116.238.96.78 - - [28/Jun/2023:09:49:16 +0800] "GET /xingrg/javascript/easyui/plugins/jquery.numberbox.js HTTP/1.1" 200 5213
116.238.96.78 - - [28/Jun/2023:09:49:16 +0800] "GET /xingrg/all/common/auto_word.html?type=employee&rest_code=00102 HTTP/1.1" 200 189
222.67.234.146 - - [28/Jun/2023:09:49:17 +0800] "GET /xingrg/all/function/internal_message.html?_=1687916444980&CODE_STATE=getMsg HTTP/1.1" 200 27
222.67.234.146 - - [28/Jun/2023:09:49:17 +0800] "GET /xingrg/kc/buy/cgsh_order_operate.html?command=get_materiel&rest_code=00141&code=00101008098&supplier_code=00100007&order_time=2023-06-28 HTTP/1.1" 200 412
116.235.240.62 - - [28/Jun/2023:09:49:18 +0800] "GET /xingrg/all/function/internal_message.html?_=1687916968145&CODE_STATE=getMsg HTTP/1.1" 200 27
116.238.96.78 - - [28/Jun/2023:09:49:18 +0800] "GET /xingrg/javascript/auto/indicator.gif HTTP/1.1" 404 1066
58.39.108.151 - - [28/Jun/2023:09:49:25 +0800] "POST /xingrg/kc/buy/cgsh_order_operate.html HTTP/1.1" 200 2652
101.83.145.52 - - [28/Jun/2023:09:49:27 +0800] "GET /xingrg/all/function/internal_message.html?_=1687916788599&CODE_STATE=getMsg HTTP/1.1" 200 27
58.39.108.151 - - [28/Jun/2023:09:49:27 +0800] "GET /xingrg/kc/print/load_data.html?order_code=212023062810312&kc_code=cgsh&condition= HTTP/1.1" 200 649
222.67.234.146 - - [28/Jun/2023:09:49:29 +0800] "GET /xingrg/kc/buy/cgsh_order_operate.html?command=get_materiel&rest_code=00141&code=00101008353&supplier_code=00100007&order_time=2023-06-28 HTTP/1.1" 200 408
116.238.96.78 - - [28/Jun/2023:09:49:29 +0800] "GET /xingrg/all/function/internal_message.html?_=1687916970075&CODE_STATE=getMsg HTTP/1.1" 200 27
180.169.147.146 - - [28/Jun/2023:09:49:33 +0800] "GET /xingrg/check_reg.html?_=1687916972918 HTTP/1.1" 200 22
222.70.114.12 - - [28/Jun/2023:09:49:34 +0800] "GET /xingrg/all/function/internal_message.html?_=1687916978532&CODE_STATE=getMsg HTTP/1.1" 200 27
116.238.191.126 - - [28/Jun/2023:09:49:35 +0800] "GET /xingrg/all/function/internal_message.html?_=1687916895595&CODE_STATE=getMsg HTTP/1.1" 200 27
58.39.108.151 - - [28/Jun/2023:09:49:38 +0800] "GET /xingrg/kc/buy/cgsh_order_add.html HTTP/1.1" 200 70743
58.39.108.151 - - [28/Jun/2023:09:49:38 +0800] "POST /xingrg/kc/buy/cgsh_order_operate.html HTTP/1.1" 200 8245
58.39.108.151 - - [28/Jun/2023:09:49:38 +0800] "GET /xingrg/javascript/easyui/themes/default/validatebox.css HTTP/1.1" 404 1104
114.85.113.108 - - [28/Jun/2023:09:49:39 +0800] "GET /xingrg/all/function/internal_message.html?_=1687916973866&CODE_STATE=getMsg HTTP/1.1" 200 27
180.169.147.146 - - [28/Jun/2023:09:49:39 +0800] "GET /xingrg/all/function/internal_message.html?_=1687916977950&CODE_STATE=getMsg HTTP/1.1" 200 27
222.67.234.146 - - [28/Jun/2023:09:49:41 +0800] "GET /xingrg/kc/buy/cgsh_order_operate.html?command=get_materiel&rest_code=00141&code=00101008125&supplier_code=00100007&order_time=2023-06-28 HTTP/1.1" 200 413
101.83.241.57 - - [28/Jun/2023:09:49:43 +0800] "GET /xingrg/all/function/internal_message.html?_=1687917097017&CODE_STATE=getMsg HTTP/1.1" 200 27
114.83.219.231 - - [28/Jun/2023:09:49:44 +0800] "GET /xingrg/all/function/internal_message.html?_=1687916984184&CODE_STATE=getMsg HTTP/1.1" 200 27
116.238.96.78 - - [28/Jun/2023:09:49:46 +0800] "GET /xingrg/kc/buy/cgsh_order_operate.html?command=get_materiel&rest_code=00102&code=00101016030&supplier_code=00100096&order_time=2023-06-28 HTTP/1.1" 200 412
116.235.240.62 - - [28/Jun/2023:09:49:52 +0800] "GET /xingrg/check_reg.html?_=1687917002264 HTTP/1.1" 200 22
116.238.96.78 - - [28/Jun/2023:09:49:55 +0800] "GET /xingrg/all/function/internal_message.html?_=1687917007748&CODE_STATE=getMsg HTTP/1.1" 200 27
116.238.96.78 - - [28/Jun/2023:09:49:55 +0800] "GET /xingrg/kc/buy/cgsh_order_operate.html?command=get_materiel&rest_code=00102&code=00101012025&supplier_code=00100096&order_time=2023-06-28 HTTP/1.1" 200 413
222.67.234.146 - - [28/Jun/2023:09:49:58 +0800] "GET /xingrg/kc/buy/cgsh_order_operate.html?command=get_materiel&rest_code=00141&code=00101008331&supplier_code=00100007&order_time=2023-06-28 HTTP/1.1" 200 416
116.232.195.127 - - [28/Jun/2023:09:50:00 +0800] "GET /xingrg/check_reg.html?_=1687916984142 HTTP/1.1" 200 22
58.39.108.151 - - [28/Jun/2023:09:50:01 +0800] "GET /xingrg/kc/buy/cgsh_order_operate.html?command=get_materiel&rest_code=00157&code=00101008355&supplier_code=00100556&order_time=2023-06-24 HTTP/1.1" 200 408
116.232.195.127 - - [28/Jun/2023:09:50:02 +0800] "GET /xingrg/all/function/internal_message.html?_=1687916986372&CODE_STATE=getMsg HTTP/1.1" 200 27
180.165.154.167 - - [28/Jun/2023:09:50:04 +0800] "GET /xingrg/all/function/internal_message.html?_=1687917004140&CODE_STATE=getMsg HTTP/1.1" 200 27
180.165.154.167 - - [28/Jun/2023:09:50:06 +0800] "GET /xingrg/kc/buy/cgsh_order_operate.html?command=get_materiel&rest_code=00108&code=00101006055&supplier_code=00100012&order_time=2023-06-28 HTTP/1.1" 200 409
58.39.108.151 - - [28/Jun/2023:09:50:08 +0800] "GET /xingrg/all/function/internal_message.html?_=1687917008637&CODE_STATE=getMsg HTTP/1.1" 200 27
116.238.96.78 - - [28/Jun/2023:09:50:09 +0800] "GET /xingrg/kc/buy/cgsh_order_operate.html?command=get_materiel&rest_code=00102&code=00101018011&supplier_code=00100096&order_time=2023-06-28 HTTP/1.1" 200 413
222.67.234.146 - - [28/Jun/2023:09:50:11 +0800] "GET /xingrg/kc/buy/cgsh_order_operate.html?command=get_materiel&rest_code=00141&code=00101008224&supplier_code=00100007&order_time=2023-06-28 HTTP/1.1" 200 416
222.67.234.146 - - [28/Jun/2023:09:50:13 +0800] "POST /xingrg/kc/buy/cgsh_order_operate.html HTTP/1.1" 200 2065
222.67.234.146 - - [28/Jun/2023:09:50:17 +0800] "GET /xingrg/all/function/internal_message.html?_=1687916504961&CODE_STATE=getMsg HTTP/1.1" 200 27
116.235.240.62 - - [28/Jun/2023:09:50:18 +0800] "GET /xingrg/all/function/internal_message.html?_=1687917028145&CODE_STATE=getMsg HTTP/1.1" 200 27
180.165.154.167 - - [28/Jun/2023:09:50:18 +0800] "GET /xingrg/kc/buy/cgsh_order_operate.html?command=get_materiel&rest_code=00108&code=00101006065&supplier_code=00100012&order_time=2023-06-28 HTTP/1.1" 200 409
116.238.96.78 - - [28/Jun/2023:09:50:20 +0800] "GET /xingrg/kc/buy/cgsh_order_operate.html?command=get_materiel&rest_code=00102&code=00101006067&supplier_code=00100096&order_time=2023-06-28 HTTP/1.1" 200 409
222.67.234.146 - - [28/Jun/2023:09:50:20 +0800] "GET /xingrg/kc/buy/cgsh_order_operate.html?command=get_materiel&rest_code=00141&code=00101008356&supplier_code=00100007&order_time=2023-06-28 HTTP/1.1" 200 408
58.39.108.151 - - [28/Jun/2023:09:50:24 +0800] "GET /xingrg/kc/buy/cgsh_order_operate.html?command=get_materiel&rest_code=00157&code=00101008356&supplier_code=00100556&order_time=2023-06-24 HTTP/1.1" 200 408
116.238.191.126 - - [28/Jun/2023:09:50:25 +0800] "GET /xingrg/kc/buy/cgsh_order_add.html HTTP/1.1" 200 71676
116.238.191.126 - - [28/Jun/2023:09:50:25 +0800] "POST /xingrg/kc/buy/cgsh_order_operate.html HTTP/1.1" 200 8245
116.238.191.126 - - [28/Jun/2023:09:50:25 +0800] "GET /xingrg/javascript/easyui/themes/default/validatebox.css HTTP/1.1" 404 1104
101.83.145.52 - - [28/Jun/2023:09:50:27 +0800] "GET /xingrg/all/function/internal_message.html?_=1687916848606&CODE_STATE=getMsg HTTP/1.1" 200 27
101.83.145.52 - - [28/Jun/2023:09:50:27 +0800] "GET /xingrg/check_reg.html?_=1687916848609 HTTP/1.1" 200 22
116.238.96.78 - - [28/Jun/2023:09:50:29 +0800] "GET /xingrg/all/function/internal_message.html?_=1687917030088&CODE_STATE=getMsg HTTP/1.1" 200 27
180.165.154.167 - - [28/Jun/2023:09:50:32 +0800] "POST /xingrg/kc/buy/cgsh_order_operate.html HTTP/1.1" 200 37
116.238.96.78 - - [28/Jun/2023:09:50:34 +0800] "GET /xingrg/kc/buy/cgsh_order_operate.html?command=get_materiel&rest_code=00102&code=00101012029&supplier_code=00100096&order_time=2023-06-28 HTTP/1.1" 200 414
222.67.234.146 - - [28/Jun/2023:09:50:34 +0800] "GET /xingrg/kc/buy/cgsh_order_operate.html?command=get_materiel&rest_code=00141&code=00101008223&supplier_code=00100007&order_time=2023-06-28 HTTP/1.1" 200 412
222.70.114.12 - - [28/Jun/2023:09:50:34 +0800] "GET /xingrg/check_reg.html?_=1687917038531 HTTP/1.1" 200 22
222.70.114.12 - - [28/Jun/2023:09:50:34 +0800] "GET /xingrg/all/function/internal_message.html?_=1687917038531&CODE_STATE=getMsg HTTP/1.1" 200 27
180.165.154.167 - - [28/Jun/2023:09:50:34 +0800] "POST /xingrg/kc/buy/cgsh_order_operate.html HTTP/1.1" 200 5010
58.39.108.151 - - [28/Jun/2023:09:50:35 +0800] "GET /xingrg/kc/buy/cgsh_order_operate.html?command=get_materiel&rest_code=00157&code=00101008205&supplier_code=00100556&order_time=2023-06-24 HTTP/1.1" 200 412
116.238.191.126 - - [28/Jun/2023:09:50:35 +0800] "GET /xingrg/all/function/internal_message.html?_=1687916955599&CODE_STATE=getMsg HTTP/1.1" 200 27
180.165.154.167 - - [28/Jun/2023:09:50:36 +0800] "GET /xingrg/kc/print/load_data.html?order_code=212023062810313&kc_code=cgsh&condition= HTTP/1.1" 200 1665
116.238.191.126 - - [28/Jun/2023:09:50:37 +0800] "POST /xingrg/all/common/load_tree.html?tree=materiel_sort_tree_json HTTP/1.1" 200 9500
114.85.113.108 - - [28/Jun/2023:09:50:39 +0800] "GET /xingrg/all/function/internal_message.html?_=1687917033841&CODE_STATE=getMsg HTTP/1.1" 200 27
180.169.147.146 - - [28/Jun/2023:09:50:39 +0800] "GET /xingrg/all/function/internal_message.html?_=1687917037950&CODE_STATE=getMsg HTTP/1.1" 200 27
116.238.96.78 - - [28/Jun/2023:09:50:41 +0800] "GET /xingrg/javascript/jquery_easy_ui/themes/default/images/tabs_active.png HTTP/1.1" 200 2894
58.40.7.146 - - [28/Jun/2023:09:50:42 +0800] "POST /xingrg/services/DataTransmitService HTTP/1.1" 200 524
101.83.241.57 - - [28/Jun/2023:09:50:43 +0800] "GET /xingrg/all/function/internal_message.html?_=1687917157024&CODE_STATE=getMsg HTTP/1.1" 200 27
114.83.219.231 - - [28/Jun/2023:09:50:44 +0800] "GET /xingrg/all/function/internal_message.html?_=1687917044192&CODE_STATE=getMsg HTTP/1.1" 200 27
116.238.191.126 - - [28/Jun/2023:09:50:45 +0800] "GET /xingrg/kc/buy/cgsh_order_operate.html?command=get_materiel&rest_code=00150&code=00101011001&supplier_code=00100047&order_time=2023-06-28 HTTP/1.1" 200 423
222.67.234.146 - - [28/Jun/2023:09:50:47 +0800] "GET /xingrg/kc/buy/cgsh_order_operate.html?command=get_materiel&rest_code=00141&code=00101008168&supplier_code=00100007&order_time=2023-06-28 HTTP/1.1" 200 413
58.39.108.151 - - [28/Jun/2023:09:50:47 +0800] "GET /xingrg/kc/buy/cgsh_order_operate.html?command=get_materiel&rest_code=00157&code=00101015070&supplier_code=00100556&order_time=2023-06-24 HTTP/1.1" 200 413
114.85.113.108 - - [28/Jun/2023:09:50:54 +0800] "GET /xingrg/check_reg.html?_=1687917049024 HTTP/1.1" 200 22
116.238.96.78 - - [28/Jun/2023:09:50:55 +0800] "GET /xingrg/all/function/internal_message.html?_=1687917067733&CODE_STATE=getMsg HTTP/1.1" 200 27
116.238.96.78 - - [28/Jun/2023:09:50:57 +0800] "POST /xingrg/kc/buy/cgsh_order_operate.html HTTP/1.1" 200 37
58.39.108.151 - - [28/Jun/2023:09:51:01 +0800] "GET /xingrg/kc/buy/cgsh_order_operate.html?command=get_materiel&rest_code=00157&code=00101008261&supplier_code=00100556&order_time=2023-06-24 HTTP/1.1" 200 408
116.232.195.127 - - [28/Jun/2023:09:51:02 +0800] "GET /xingrg/all/function/internal_message.html?_=1687917046356&CODE_STATE=getMsg HTTP/1.1" 200 27
116.238.96.78 - - [28/Jun/2023:09:51:04 +0800] "POST /xingrg/kc/buy/cgsh_order_operate.html HTTP/1.1" 200 12
180.165.154.167 - - [28/Jun/2023:09:51:04 +0800] "GET /xingrg/all/function/internal_message.html?_=1687917064118&CODE_STATE=getMsg HTTP/1.1" 200 27
222.67.234.146 - - [28/Jun/2023:09:51:05 +0800] "GET /xingrg/kc/buy/cgsh_order_operate.html?command=get_materiel&rest_code=00141&code=00101008558&supplier_code=00100007&order_time=2023-06-28 HTTP/1.1" 200 409
116.238.96.78 - - [28/Jun/2023:09:51:06 +0800] "GET /xingrg/kc/buy/cgsh_order_info.html?code=212023062810314 HTTP/1.1" 200 66552
116.238.96.78 - - [28/Jun/2023:09:51:07 +0800] "GET /xingrg/javascript/easyui/themes/default/validatebox.css HTTP/1.1" 404 1104
58.39.108.151 - - [28/Jun/2023:09:51:08 +0800] "GET /xingrg/all/function/internal_message.html?_=1687917068632&CODE_STATE=getMsg HTTP/1.1" 200 27
116.238.191.126 - - [28/Jun/2023:09:51:12 +0800] "POST /xingrg/kc/buy/cgsh_order_operate.html HTTP/1.1" 200 37
116.238.96.78 - - [28/Jun/2023:09:51:12 +0800] "POST /xingrg/kc/buy/cgsh_order_operate.html HTTP/1.1" 200 2966
116.238.96.78 - - [28/Jun/2023:09:51:15 +0800] "GET /xingrg/kc/print/load_config.html?kc_code=cgsh HTTP/1.1" 200 1924
222.67.234.146 - - [28/Jun/2023:09:51:15 +0800] "GET /xingrg/kc/buy/cgsh_order_operate.html?command=get_materiel&rest_code=00141&code=00101008150&supplier_code=00100007&order_time=2023-06-28 HTTP/1.1" 200 409
116.238.96.78 - - [28/Jun/2023:09:51:15 +0800] "GET /xingrg/kc/print/load_data.html?order_code=212023062810314&kc_code=cgsh&condition= HTTP/1.1" 200 1555
222.67.234.146 - - [28/Jun/2023:09:51:17 +0800] "POST /xingrg/kc/buy/cgsh_order_operate.html HTTP/1.1" 200 2065
222.67.234.146 - - [28/Jun/2023:09:51:17 +0800] "GET /xingrg/check_reg.html?_=1687916564940 HTTP/1.1" 200 22
222.67.234.146 - - [28/Jun/2023:09:51:17 +0800] "GET /xingrg/all/function/internal_message.html?_=1687916564941&CODE_STATE=getMsg HTTP/1.1" 200 27
116.235.240.62 - - [28/Jun/2023:09:51:18 +0800] "GET /xingrg/all/function/internal_message.html?_=1687917088159&CODE_STATE=getMsg HTTP/1.1" 200 27
116.238.191.126 - - [28/Jun/2023:09:51:21 +0800] "POST /xingrg/kc/buy/cgsh_order_operate.html HTTP/1.1" 200 12
58.39.108.151 - - [28/Jun/2023:09:51:22 +0800] "GET /xingrg/kc/buy/cgsh_order_operate.html?command=get_materiel&rest_code=00157&code=00101008108&supplier_code=00100556&order_time=2023-06-24 HTTP/1.1" 200 412
222.67.234.146 - - [28/Jun/2023:09:51:23 +0800] "GET /xingrg/kc/buy/cgsh_order_operate.html?command=get_materiel&rest_code=00141&code=00101009118&supplier_code=00100007&order_time=2023-06-28 HTTP/1.1" 200 405
116.238.191.126 - - [28/Jun/2023:09:51:23 +0800] "GET /xingrg/kc/buy/cgsh_order_info.html?code=212023062810315 HTTP/1.1" 200 66589
116.238.191.126 - - [28/Jun/2023:09:51:24 +0800] "GET /xingrg/javascript/easyui/themes/default/validatebox.css HTTP/1.1" 404 1104
116.238.191.126 - - [28/Jun/2023:09:51:26 +0800] "POST /xingrg/kc/buy/cgsh_order_operate.html HTTP/1.1" 200 616
101.83.145.52 - - [28/Jun/2023:09:51:27 +0800] "GET /xingrg/all/function/internal_message.html?_=1687916908608&CODE_STATE=getMsg HTTP/1.1" 200 27
116.238.96.78 - - [28/Jun/2023:09:51:28 +0800] "GET /xingrg/kc/buy/cgsh_order_add.html HTTP/1.1" 200 71655
116.238.96.78 - - [28/Jun/2023:09:51:28 +0800] "POST /xingrg/kc/buy/cgsh_order_operate.html HTTP/1.1" 200 8245
116.238.191.126 - - [28/Jun/2023:09:51:28 +0800] "GET /xingrg/kc/print/load_data.html?order_code=212023062810315&kc_code=cgsh&condition= HTTP/1.1" 200 786
116.238.96.78 - - [28/Jun/2023:09:51:28 +0800] "GET /xingrg/javascript/easyui/themes/default/validatebox.css HTTP/1.1" 404 1104
116.238.96.78 - - [28/Jun/2023:09:51:29 +0800] "GET /xingrg/javascript/easyui/plugins/jquery.draggable.js HTTP/1.1" 200 6121
116.238.96.78 - - [28/Jun/2023:09:51:29 +0800] "GET /xingrg/css/images/panel_loading.gif HTTP/1.1" 200 1737
116.238.96.78 - - [28/Jun/2023:09:51:29 +0800] "GET /xingrg/javascript/easyui/plugins/jquery.droppable.js HTTP/1.1" 200 1167
116.238.96.78 - - [28/Jun/2023:09:51:29 +0800] "GET /xingrg/javascript/easyui/themes/default/tree.css HTTP/1.1" 404 1090
116.238.96.78 - - [28/Jun/2023:09:51:29 +0800] "GET /xingrg/javascript/easyui/plugins/jquery.tree.js HTTP/1.1" 200 20874
116.238.96.78 - - [28/Jun/2023:09:51:29 +0800] "GET /xingrg/all/function/internal_message.html?_=1687917090062&CODE_STATE=getMsg HTTP/1.1" 200 27
116.238.96.78 - - [28/Jun/2023:09:51:30 +0800] "POST /xingrg/all/common/load_tree.html?tree=supplier_tree_json&isDelete=1 HTTP/1.1" 200 74546
116.238.96.78 - - [28/Jun/2023:09:51:31 +0800] "GET /xingrg/javascript/easyui/themes/default/images/tree_file.gif HTTP/1.1" 200 118
116.238.96.78 - - [28/Jun/2023:09:51:31 +0800] "GET /xingrg/javascript/easyui/themes/default/images/tree_folder_open.gif HTTP/1.1" 200 956
116.238.96.78 - - [28/Jun/2023:09:51:31 +0800] "GET /xingrg/javascript/easyui/themes/default/images/tree_folder.gif HTTP/1.1" 200 952
116.238.96.78 - - [28/Jun/2023:09:51:31 +0800] "GET /xingrg/javascript/easyui/themes/default/images/tree_arrows.gif HTTP/1.1" 200 617
222.67.234.146 - - [28/Jun/2023:09:51:31 +0800] "GET /xingrg/kc/buy/cgsh_order_operate.html?command=get_materiel&rest_code=00141&code=00101009044&supplier_code=00100007&order_time=2023-06-28 HTTP/1.1" 200 413
222.70.114.12 - - [28/Jun/2023:09:51:34 +0800] "GET /xingrg/all/function/internal_message.html?_=1687917098529&CODE_STATE=getMsg HTTP/1.1" 200 27
116.238.191.126 - - [28/Jun/2023:09:51:35 +0800] "GET /xingrg/check_reg.html?_=1687917015022 HTTP/1.1" 200 22
116.238.191.126 - - [28/Jun/2023:09:51:35 +0800] "GET /xingrg/all/function/internal_message.html?_=1687917015613&CODE_STATE=getMsg HTTP/1.1" 200 27
58.39.108.151 - - [28/Jun/2023:09:51:39 +0800] "GET /xingrg/kc/buy/cgsh_order_operate.html?command=get_materiel&rest_code=00157&code=00101008059&supplier_code=00100556&order_time=2023-06-24 HTTP/1.1" 200 408
114.85.113.108 - - [28/Jun/2023:09:51:39 +0800] "GET /xingrg/all/function/internal_message.html?_=1687917093822&CODE_STATE=getMsg HTTP/1.1" 200 27
180.169.147.146 - - [28/Jun/2023:09:51:39 +0800] "GET /xingrg/check_reg.html?_=1687917097950 HTTP/1.1" 200 22
180.169.147.146 - - [28/Jun/2023:09:51:39 +0800] "GET /xingrg/all/function/internal_message.html?_=1687917097953&CODE_STATE=getMsg HTTP/1.1" 200 27
222.67.234.146 - - [28/Jun/2023:09:51:42 +0800] "GET /xingrg/kc/buy/cgsh_order_operate.html?command=get_materiel&rest_code=00141&code=00101009031&supplier_code=00100007&order_time=2023-06-28 HTTP/1.1" 200 408
101.83.241.57 - - [28/Jun/2023:09:51:43 +0800] "GET /xingrg/all/function/internal_message.html?_=1687917217030&CODE_STATE=getMsg HTTP/1.1" 200 27
114.83.219.231 - - [28/Jun/2023:09:51:44 +0800] "GET /xingrg/all/function/internal_message.html?_=1687917104195&CODE_STATE=getMsg HTTP/1.1" 200 27
116.238.191.126 - - [28/Jun/2023:09:51:48 +0800] "POST /xingrg/all/user/operate.html HTTP/1.1" 200 36
116.238.191.126 - - [28/Jun/2023:09:51:49 +0800] "GET /xingrg/index.html?sysBaseUrl=http%3A%2F%2F180.169.147.146%3A18081%2Fxingrg%2F&costTime=1002×tamp=1687910568207 HTTP/1.1" 200 17177
116.238.191.126 - - [28/Jun/2023:09:51:49 +0800] "GET /xingrg/javascript/jquery_easy_ui/themes/default/easyui.css HTTP/1.1" 304 -
116.238.191.126 - - [28/Jun/2023:09:51:49 +0800] "GET /xingrg/javascript/jquery_easy_ui/themes/icon.css HTTP/1.1" 304 -
116.238.191.126 - - [28/Jun/2023:09:51:49 +0800] "GET /xingrg/css/form.css HTTP/1.1" 304 -
116.238.191.126 - - [28/Jun/2023:09:51:49 +0800] "GET /xingrg/javascript/jquery-1.4.2.min.js HTTP/1.1" 304 -
116.238.191.126 - - [28/Jun/2023:09:51:49 +0800] "GET /xingrg/javascript/jquery_easy_ui/jquery.easyui.min.js HTTP/1.1" 304 -
116.238.191.126 - - [28/Jun/2023:09:51:49 +0800] "GET /xingrg/javascript/jquery_easy_ui/easyui-lang-zh_CN.js HTTP/1.1" 304 -
116.238.191.126 - - [28/Jun/2023:09:51:49 +0800] "GET /xingrg/javascript/jquery.form.js HTTP/1.1" 304 -
116.238.191.126 - - [28/Jun/2023:09:51:49 +0800] "GET /xingrg/javascript/jquery.utils.js HTTP/1.1" 304 -
116.238.191.126 - - [28/Jun/2023:09:51:49 +0800] "GET /xingrg/javascript/jquery.timers.js HTTP/1.1" 304 -
116.238.191.126 - - [28/Jun/2023:09:51:49 +0800] "GET /xingrg/images/blue/jxLogo.png HTTP/1.1" 304 -
116.238.191.126 - - [28/Jun/2023:09:51:49 +0800] "GET /xingrg/images/blue/navBackgound.jpg HTTP/1.1" 304 -
116.238.191.126 - - [28/Jun/2023:09:51:49 +0800] "GET /xingrg/javascript/jquery_easy_ui/themes/icons/settle_new.png HTTP/1.1" 304 -
116.238.191.126 - - [28/Jun/2023:09:51:49 +0800] "GET /xingrg/images/blue/pingpu.png HTTP/1.1" 304 -
116.238.191.126 - - [28/Jun/2023:09:51:49 +0800] "GET /xingrg/javascript/jquery_easy_ui/themes/default/images/tabs_leftarrow.png HTTP/1.1" 304 -
116.238.191.126 - - [28/Jun/2023:09:51:49 +0800] "GET /xingrg/javascript/jquery_easy_ui/themes/default/images/tabs_rightarrow.png HTTP/1.1" 304 -
116.238.191.126 - - [28/Jun/2023:09:51:49 +0800] "GET /xingrg/javascript/jquery_easy_ui/themes/default/images/panel_tool_collapse.gif HTTP/1.1" 304 -
116.238.191.126 - - [28/Jun/2023:09:51:49 +0800] "GET /xingrg/check_reg.html?_=1687917029219 HTTP/1.1" 200 22
116.238.191.126 - - [28/Jun/2023:09:51:49 +0800] "GET /xingrg/all/function/internal_message.html?_=1687917029218&CODE_STATE=count HTTP/1.1" 200 11
116.238.191.126 - - [28/Jun/2023:09:51:49 +0800] "POST /xingrg/all/common/load_tree.html?tree=area_rest_tree_json&manage=1 HTTP/1.1" 200 476
116.238.191.126 - - [28/Jun/2023:09:51:49 +0800] "POST /xingrg/load_menu.html HTTP/1.1" 200 5138
222.67.234.146 - - [28/Jun/2023:09:51:52 +0800] "GET /xingrg/kc/buy/cgsh_order_operate.html?command=get_materiel&rest_code=00141&code=00101009079&supplier_code=00100007&order_time=2023-06-28 HTTP/1.1" 200 409
58.39.108.151 - - [28/Jun/2023:09:51:54 +0800] "GET /xingrg/kc/buy/cgsh_order_operate.html?command=get_materiel&rest_code=00157&code=00101008268&supplier_code=00100556&order_time=2023-06-24 HTTP/1.1" 200 408
116.238.96.78 - - [28/Jun/2023:09:51:55 +0800] "GET /xingrg/all/function/internal_message.html?_=1687917127718&CODE_STATE=getMsg HTTP/1.1" 200 27
116.238.96.78 - - [28/Jun/2023:09:51:55 +0800] "GET /xingrg/check_reg.html?_=1687917127758 HTTP/1.1" 200 22
222.67.234.146 - - [28/Jun/2023:09:52:02 +0800] "GET /xingrg/kc/buy/cgsh_order_operate.html?command=get_materiel&rest_code=00141&code=00101008165&supplier_code=00100007&order_time=2023-06-28 HTTP/1.1" 200 416
116.232.195.127 - - [28/Jun/2023:09:52:02 +0800] "GET /xingrg/all/function/internal_message.html?_=1687917106347&CODE_STATE=getMsg HTTP/1.1" 200 27
