58.39.108.151 - - [28/Jun/2023:10:02:11 +0800] "GET /xingrg/kc/buy/cgsh_order_operate.html?command=get_materiel&rest_code=00157&code=00101008304&supplier_code=00100556&order_time=2023-06-25 HTTP/1.1" 200 413
222.70.180.90 - - [28/Jun/2023:10:02:16 +0800] "GET /xingrg/kc/buy/cgsh_order_operate.html?command=get_materiel&rest_code=00111&code=00101007085&supplier_code=00100004&order_time=2023-06-28 HTTP/1.1" 200 413
222.67.234.146 - - [28/Jun/2023:10:02:17 +0800] "GET /xingrg/all/function/internal_message.html?_=1687917225430&CODE_STATE=getMsg HTTP/1.1" 200 27
116.235.240.62 - - [28/Jun/2023:10:02:19 +0800] "GET /xingrg/all/function/internal_message.html?_=1687917748982&CODE_STATE=getMsg HTTP/1.1" 200 27
27.115.124.109 - - [28/Jun/2023:10:02:21 +0800] "GET /xingrg/index.html HTTP/1.1" 302 -
27.115.124.109 - - [28/Jun/2023:10:02:22 +0800] "GET /xingrg/login.html HTTP/1.1" 200 2139
27.115.124.38 - - [28/Jun/2023:10:02:22 +0800] "GET /xingrg/index.html HTTP/1.1" 302 -
27.115.124.38 - - [28/Jun/2023:10:02:22 +0800] "GET /xingrg/login.html HTTP/1.1" 200 2139
27.115.124.38 - - [28/Jun/2023:10:02:22 +0800] "GET /xingrg/javascript/mobile/jquery.mobile-1.3.2.min.css HTTP/1.1" 200 94670
27.115.124.38 - - [28/Jun/2023:10:02:22 +0800] "GET /xingrg/javascript/mobile/jquery.mobile-1.3.2.min.js HTTP/1.1" 200 145396
27.115.124.70 - - [28/Jun/2023:10:02:22 +0800] "GET /xingrg/javascript/mobile/jquery-1.8.3.min.js HTTP/1.1" 200 93637
27.115.124.70 - - [28/Jun/2023:10:02:23 +0800] "GET /xingrg/javascript/mobile/images/ajax-loader.gif HTTP/1.1" 200 7825
101.83.145.52 - - [28/Jun/2023:10:02:27 +0800] "GET /xingrg/all/function/internal_message.html?_=1687917568626&CODE_STATE=getMsg HTTP/1.1" 200 27
222.70.180.90 - - [28/Jun/2023:10:02:28 +0800] "GET /xingrg/all/function/internal_message.html?_=1687917746358&CODE_STATE=getMsg HTTP/1.1" 200 27
116.238.96.78 - - [28/Jun/2023:10:02:29 +0800] "GET /xingrg/all/function/internal_message.html?_=1687917749974&CODE_STATE=getMsg HTTP/1.1" 200 27
116.238.96.78 - - [28/Jun/2023:10:02:29 +0800] "GET /xingrg/check_reg.html?_=1687917750083 HTTP/1.1" 200 22
222.70.180.90 - - [28/Jun/2023:10:02:30 +0800] "GET /xingrg/kc/buy/cgsh_order_operate.html?command=get_materiel&rest_code=00111&code=00101010439&supplier_code=00100004&order_time=2023-06-28 HTTP/1.1" 200 428
222.70.114.12 - - [28/Jun/2023:10:02:34 +0800] "GET /xingrg/all/function/internal_message.html?_=1687917758559&CODE_STATE=getMsg HTTP/1.1" 200 27
58.39.108.151 - - [28/Jun/2023:10:02:35 +0800] "GET /xingrg/kc/buy/cgsh_order_operate.html?command=get_materiel&rest_code=00157&code=00101008108&supplier_code=00100556&order_time=2023-06-25 HTTP/1.1" 200 412
114.85.113.108 - - [28/Jun/2023:10:02:38 +0800] "GET /xingrg/all/function/internal_message.html?_=1687917753646&CODE_STATE=getMsg HTTP/1.1" 200 27
180.169.147.146 - - [28/Jun/2023:10:02:39 +0800] "GET /xingrg/all/function/internal_message.html?_=1687917757976&CODE_STATE=getMsg HTTP/1.1" 200 27
101.83.241.57 - - [28/Jun/2023:10:02:43 +0800] "GET /xingrg/all/function/internal_message.html?_=1687917877031&CODE_STATE=getMsg HTTP/1.1" 200 27
114.83.219.231 - - [28/Jun/2023:10:02:44 +0800] "GET /xingrg/check_reg.html?_=1687917764216 HTTP/1.1" 200 22
114.83.219.231 - - [28/Jun/2023:10:02:44 +0800] "GET /xingrg/all/function/internal_message.html?_=1687917764219&CODE_STATE=getMsg HTTP/1.1" 200 27
222.70.180.90 - - [28/Jun/2023:10:02:45 +0800] "POST /xingrg/kc/buy/cgsh_order_operate.html HTTP/1.1" 200 37
222.70.180.90 - - [28/Jun/2023:10:02:48 +0800] "POST /xingrg/kc/buy/cgsh_order_operate.html HTTP/1.1" 200 4440
116.238.191.126 - - [28/Jun/2023:10:02:49 +0800] "GET /xingrg/all/function/internal_message.html?_=1687917689381&CODE_STATE=getMsg HTTP/1.1" 200 27
222.70.180.90 - - [28/Jun/2023:10:02:50 +0800] "GET /xingrg/kc/print/load_config.html?kc_code=cgsh HTTP/1.1" 200 1924
58.39.108.151 - - [28/Jun/2023:10:02:51 +0800] "GET /xingrg/kc/buy/cgsh_order_operate.html?command=get_materiel&rest_code=00157&code=00101008059&supplier_code=00100556&order_time=2023-06-25 HTTP/1.1" 200 408
222.70.180.90 - - [28/Jun/2023:10:02:51 +0800] "GET /xingrg/kc/print/load_data.html?order_code=212023062810325&kc_code=cgsh&condition= HTTP/1.1" 200 1409
116.238.96.78 - - [28/Jun/2023:10:02:54 +0800] "GET /xingrg/all/function/internal_message.html?_=1687917787538&CODE_STATE=getMsg HTTP/1.1" 200 27
222.70.180.90 - - [28/Jun/2023:10:02:56 +0800] "GET /xingrg/kc/buy/cgsh_order_add.html HTTP/1.1" 200 71576
222.70.180.90 - - [28/Jun/2023:10:02:57 +0800] "POST /xingrg/kc/buy/cgsh_order_operate.html HTTP/1.1" 200 8245
222.70.180.90 - - [28/Jun/2023:10:02:57 +0800] "GET /xingrg/javascript/easyui/themes/default/validatebox.css HTTP/1.1" 404 1104
58.39.108.151 - - [28/Jun/2023:10:03:00 +0800] "GET /xingrg/kc/buy/cgsh_order_operate.html?command=get_materiel&rest_code=00157&code=00101008350&supplier_code=00100556&order_time=2023-06-25 HTTP/1.1" 200 408
116.232.195.127 - - [28/Jun/2023:10:03:02 +0800] "GET /xingrg/all/function/internal_message.html?_=1687917766173&CODE_STATE=getMsg HTTP/1.1" 200 27
180.165.154.167 - - [28/Jun/2023:10:03:03 +0800] "GET /xingrg/check_reg.html?_=1687917783354 HTTP/1.1" 200 22
180.165.154.167 - - [28/Jun/2023:10:03:04 +0800] "GET /xingrg/all/function/internal_message.html?_=1687917783916&CODE_STATE=getMsg HTTP/1.1" 200 27
58.39.108.151 - - [28/Jun/2023:10:03:08 +0800] "GET /xingrg/all/function/internal_message.html?_=1687917788470&CODE_STATE=getMsg HTTP/1.1" 200 27
58.39.108.151 - - [28/Jun/2023:10:03:08 +0800] "GET /xingrg/check_reg.html?_=1687917788685 HTTP/1.1" 200 22
222.70.180.90 - - [28/Jun/2023:10:03:10 +0800] "GET /xingrg/kc/buy/cgsh_order_operate.html?command=get_materiel&rest_code=00111&code=00101002027&supplier_code=00100199&order_time=2023-06-28 HTTP/1.1" 200 413
58.39.108.151 - - [28/Jun/2023:10:03:15 +0800] "GET /xingrg/kc/buy/cgsh_order_operate.html?command=get_materiel&rest_code=00157&code=00101008286&supplier_code=00100556&order_time=2023-06-25 HTTP/1.1" 200 408
222.67.234.146 - - [28/Jun/2023:10:03:17 +0800] "GET /xingrg/all/function/internal_message.html?_=1687917285410&CODE_STATE=getMsg HTTP/1.1" 200 27
116.235.240.62 - - [28/Jun/2023:10:03:19 +0800] "GET /xingrg/all/function/internal_message.html?_=1687917808993&CODE_STATE=getMsg HTTP/1.1" 200 27
101.83.145.52 - - [28/Jun/2023:10:03:27 +0800] "GET /xingrg/all/function/internal_message.html?_=1687917628631&CODE_STATE=getMsg HTTP/1.1" 200 27
222.70.180.90 - - [28/Jun/2023:10:03:28 +0800] "GET /xingrg/all/function/internal_message.html?_=1687917806369&CODE_STATE=getMsg HTTP/1.1" 200 27
58.39.108.151 - - [28/Jun/2023:10:03:28 +0800] "GET /xingrg/kc/buy/cgsh_order_operate.html?command=get_materiel&rest_code=00157&code=00101008152&supplier_code=00100556&order_time=2023-06-25 HTTP/1.1" 200 409
116.238.96.78 - - [28/Jun/2023:10:03:29 +0800] "GET /xingrg/all/function/internal_message.html?_=1687917809965&CODE_STATE=getMsg HTTP/1.1" 200 27
222.70.180.90 - - [28/Jun/2023:10:03:29 +0800] "GET /xingrg/kc/buy/cgsh_order_operate.html?command=get_materiel&rest_code=00111&code=00101002006&supplier_code=00100199&order_time=2023-06-28 HTTP/1.1" 200 415
222.70.114.12 - - [28/Jun/2023:10:03:34 +0800] "GET /xingrg/all/function/internal_message.html?_=1687917818559&CODE_STATE=getMsg HTTP/1.1" 200 27
114.85.113.108 - - [28/Jun/2023:10:03:38 +0800] "GET /xingrg/all/function/internal_message.html?_=1687917813641&CODE_STATE=getMsg HTTP/1.1" 200 27
180.169.147.146 - - [28/Jun/2023:10:03:39 +0800] "GET /xingrg/all/function/internal_message.html?_=1687917817976&CODE_STATE=getMsg HTTP/1.1" 200 27
222.70.180.90 - - [28/Jun/2023:10:03:40 +0800] "GET /xingrg/kc/buy/cgsh_order_operate.html?command=get_materiel&rest_code=00111&code=00101001069&supplier_code=00100199&order_time=2023-06-28 HTTP/1.1" 200 411
58.39.108.151 - - [28/Jun/2023:10:03:41 +0800] "GET /xingrg/kc/buy/cgsh_order_operate.html?command=get_materiel&rest_code=00157&code=00101008298&supplier_code=00100556&order_time=2023-06-25 HTTP/1.1" 200 413
101.83.241.57 - - [28/Jun/2023:10:03:43 +0800] "GET /xingrg/check_reg.html?_=1687917937025 HTTP/1.1" 200 22
101.83.241.57 - - [28/Jun/2023:10:03:43 +0800] "GET /xingrg/all/function/internal_message.html?_=1687917937026&CODE_STATE=getMsg HTTP/1.1" 200 27
114.83.219.231 - - [28/Jun/2023:10:03:44 +0800] "GET /xingrg/all/function/internal_message.html?_=1687917824205&CODE_STATE=getMsg HTTP/1.1" 200 27
116.238.191.126 - - [28/Jun/2023:10:03:49 +0800] "GET /xingrg/all/function/internal_message.html?_=1687917749395&CODE_STATE=getMsg HTTP/1.1" 200 27
222.70.180.90 - - [28/Jun/2023:10:03:54 +0800] "GET /xingrg/kc/buy/cgsh_order_operate.html?command=get_materiel&rest_code=00111&code=00101001008&supplier_code=00100199&order_time=2023-06-28 HTTP/1.1" 200 413
116.238.96.78 - - [28/Jun/2023:10:03:54 +0800] "GET /xingrg/all/function/internal_message.html?_=1687917847522&CODE_STATE=getMsg HTTP/1.1" 200 27
58.39.108.151 - - [28/Jun/2023:10:03:56 +0800] "GET /xingrg/kc/buy/cgsh_order_operate.html?command=get_materiel&rest_code=00157&code=00101008359&supplier_code=00100556&order_time=2023-06-25 HTTP/1.1" 200 408
116.232.195.127 - - [28/Jun/2023:10:04:02 +0800] "GET /xingrg/all/function/internal_message.html?_=1687917826158&CODE_STATE=getMsg HTTP/1.1" 200 27
180.165.154.167 - - [28/Jun/2023:10:04:04 +0800] "GET /xingrg/all/function/internal_message.html?_=1687917843892&CODE_STATE=getMsg HTTP/1.1" 200 27
58.39.108.151 - - [28/Jun/2023:10:04:08 +0800] "GET /xingrg/all/function/internal_message.html?_=1687917848457&CODE_STATE=getMsg HTTP/1.1" 200 27
222.70.180.90 - - [28/Jun/2023:10:04:10 +0800] "POST /xingrg/kc/buy/cgsh_order_operate.html HTTP/1.1" 200 37
58.39.108.151 - - [28/Jun/2023:10:04:12 +0800] "GET /xingrg/kc/buy/cgsh_order_operate.html?command=get_materiel&rest_code=00157&code=00101008302&supplier_code=00100556&order_time=2023-06-25 HTTP/1.1" 200 412
222.70.180.90 - - [28/Jun/2023:10:04:12 +0800] "POST /xingrg/kc/buy/cgsh_order_operate.html HTTP/1.1" 200 4444
222.70.180.90 - - [28/Jun/2023:10:04:14 +0800] "GET /xingrg/kc/print/load_data.html?order_code=212023062810326&kc_code=cgsh&condition= HTTP/1.1" 200 1349
222.67.234.146 - - [28/Jun/2023:10:04:17 +0800] "GET /xingrg/all/function/internal_message.html?_=1687917345417&CODE_STATE=getMsg HTTP/1.1" 200 27
222.70.180.90 - - [28/Jun/2023:10:04:19 +0800] "GET /xingrg/kc/buy/cgsh_order_add.html HTTP/1.1" 200 71576
116.235.240.62 - - [28/Jun/2023:10:04:19 +0800] "GET /xingrg/all/function/internal_message.html?_=1687917869181&CODE_STATE=getMsg HTTP/1.1" 200 27
222.70.180.90 - - [28/Jun/2023:10:04:19 +0800] "POST /xingrg/kc/buy/cgsh_order_operate.html HTTP/1.1" 200 8245
222.70.180.90 - - [28/Jun/2023:10:04:19 +0800] "GET /xingrg/javascript/easyui/themes/default/validatebox.css HTTP/1.1" 404 1104
101.83.145.52 - - [28/Jun/2023:10:04:27 +0800] "GET /xingrg/all/function/internal_message.html?_=1687917688638&CODE_STATE=getMsg HTTP/1.1" 200 27
222.70.180.90 - - [28/Jun/2023:10:04:28 +0800] "GET /xingrg/all/function/internal_message.html?_=1687917866403&CODE_STATE=getMsg HTTP/1.1" 200 27
58.39.108.151 - - [28/Jun/2023:10:04:28 +0800] "GET /xingrg/kc/buy/cgsh_order_operate.html?command=get_materiel&rest_code=00157&code=00101008351&supplier_code=00100556&order_time=2023-06-25 HTTP/1.1" 200 408
116.238.96.78 - - [28/Jun/2023:10:04:29 +0800] "GET /xingrg/all/function/internal_message.html?_=1687917869950&CODE_STATE=getMsg HTTP/1.1" 200 27
222.70.180.90 - - [28/Jun/2023:10:04:31 +0800] "GET /xingrg/kc/buy/cgsh_order_operate.html?command=get_materiel&rest_code=00111&code=00101008350&supplier_code=00100005&order_time=2023-06-28 HTTP/1.1" 200 408
180.169.147.146 - - [28/Jun/2023:10:04:33 +0800] "GET /xingrg/check_reg.html?_=1687917872869 HTTP/1.1" 200 22
222.70.114.12 - - [28/Jun/2023:10:04:34 +0800] "GET /xingrg/all/function/internal_message.html?_=1687917878559&CODE_STATE=getMsg HTTP/1.1" 200 27
58.40.7.146 - - [28/Jun/2023:10:04:34 +0800] "GET /favicon.ico HTTP/1.1" 404 -
114.85.113.108 - - [28/Jun/2023:10:04:38 +0800] "GET /xingrg/all/function/internal_message.html?_=1687917873640&CODE_STATE=getMsg HTTP/1.1" 200 27
180.169.147.146 - - [28/Jun/2023:10:04:39 +0800] "GET /xingrg/all/function/internal_message.html?_=1687917877976&CODE_STATE=getMsg HTTP/1.1" 200 27
58.39.108.151 - - [28/Jun/2023:10:04:41 +0800] "POST /xingrg/kc/buy/cgsh_order_operate.html HTTP/1.1" 200 37
101.83.241.57 - - [28/Jun/2023:10:04:43 +0800] "GET /xingrg/all/function/internal_message.html?_=1687917997023&CODE_STATE=getMsg HTTP/1.1" 200 27
58.39.108.151 - - [28/Jun/2023:10:04:44 +0800] "POST /xingrg/kc/buy/cgsh_order_operate.html HTTP/1.1" 200 10326
222.70.180.90 - - [28/Jun/2023:10:04:44 +0800] "GET /xingrg/kc/buy/cgsh_order_operate.html?command=get_materiel&rest_code=00111&code=00101008087&supplier_code=00100005&order_time=2023-06-28 HTTP/1.1" 200 412
114.83.219.231 - - [28/Jun/2023:10:04:44 +0800] "GET /xingrg/all/function/internal_message.html?_=1687917884209&CODE_STATE=getMsg HTTP/1.1" 200 27
58.39.108.151 - - [28/Jun/2023:10:04:47 +0800] "GET /xingrg/kc/print/load_data.html?order_code=212023062810327&kc_code=cgsh&condition= HTTP/1.1" 200 3550
116.238.191.126 - - [28/Jun/2023:10:04:49 +0800] "GET /xingrg/all/function/internal_message.html?_=1687917809429&CODE_STATE=getMsg HTTP/1.1" 200 27
116.235.240.62 - - [28/Jun/2023:10:04:52 +0800] "GET /xingrg/check_reg.html?_=1687917902285 HTTP/1.1" 200 22
116.238.96.78 - - [28/Jun/2023:10:04:54 +0800] "GET /xingrg/all/function/internal_message.html?_=1687917907514&CODE_STATE=getMsg HTTP/1.1" 200 27
222.70.180.90 - - [28/Jun/2023:10:04:56 +0800] "GET /xingrg/kc/buy/cgsh_order_operate.html?command=get_materiel&rest_code=00111&code=00101008261&supplier_code=00100005&order_time=2023-06-28 HTTP/1.1" 200 408
116.232.195.127 - - [28/Jun/2023:10:05:00 +0800] "GET /xingrg/check_reg.html?_=1687917884154 HTTP/1.1" 200 22
116.232.195.127 - - [28/Jun/2023:10:05:02 +0800] "GET /xingrg/all/function/internal_message.html?_=1687917886151&CODE_STATE=getMsg HTTP/1.1" 200 27
58.39.108.151 - - [28/Jun/2023:10:05:04 +0800] "POST /xingrg/kc/buy/cgsh_list_operate.html HTTP/1.1" 200 3573
180.165.154.167 - - [28/Jun/2023:10:05:04 +0800] "GET /xingrg/all/function/internal_message.html?_=1687917903879&CODE_STATE=getMsg HTTP/1.1" 200 27
222.70.180.90 - - [28/Jun/2023:10:05:07 +0800] "GET /xingrg/kc/buy/cgsh_order_operate.html?command=get_materiel&rest_code=00111&code=00101008003&supplier_code=00100005&order_time=2023-06-28 HTTP/1.1" 200 408
58.39.108.151 - - [28/Jun/2023:10:05:08 +0800] "GET /xingrg/all/function/internal_message.html?_=1687917908460&CODE_STATE=getMsg HTTP/1.1" 200 27
222.70.180.90 - - [28/Jun/2023:10:05:16 +0800] "GET /xingrg/kc/buy/cgsh_order_operate.html?command=get_materiel&rest_code=00111&code=00101008126&supplier_code=00100005&order_time=2023-06-28 HTTP/1.1" 200 412
222.67.234.146 - - [28/Jun/2023:10:05:17 +0800] "GET /xingrg/all/function/internal_message.html?_=1687917405399&CODE_STATE=getMsg HTTP/1.1" 200 27
116.235.240.62 - - [28/Jun/2023:10:05:19 +0800] "GET /xingrg/all/function/internal_message.html?_=1687917929191&CODE_STATE=getMsg HTTP/1.1" 200 27
101.83.145.52 - - [28/Jun/2023:10:05:27 +0800] "GET /xingrg/check_reg.html?_=1687917748638 HTTP/1.1" 200 22
101.83.145.52 - - [28/Jun/2023:10:05:27 +0800] "GET /xingrg/all/function/internal_message.html?_=1687917748641&CODE_STATE=getMsg HTTP/1.1" 200 27
222.70.180.90 - - [28/Jun/2023:10:05:28 +0800] "GET /xingrg/all/function/internal_message.html?_=1687917926377&CODE_STATE=getMsg HTTP/1.1" 200 27
116.238.96.78 - - [28/Jun/2023:10:05:29 +0800] "GET /xingrg/all/function/internal_message.html?_=1687917929935&CODE_STATE=getMsg HTTP/1.1" 200 27
222.70.114.12 - - [28/Jun/2023:10:05:34 +0800] "GET /xingrg/check_reg.html?_=1687917938560 HTTP/1.1" 200 22
222.70.114.12 - - [28/Jun/2023:10:05:34 +0800] "GET /xingrg/all/function/internal_message.html?_=1687917938563&CODE_STATE=getMsg HTTP/1.1" 200 27
222.70.180.90 - - [28/Jun/2023:10:05:37 +0800] "GET /xingrg/kc/buy/cgsh_order_operate.html?command=get_materiel&rest_code=00111&code=00101008096&supplier_code=00100005&order_time=2023-06-28 HTTP/1.1" 200 413
114.85.113.108 - - [28/Jun/2023:10:05:38 +0800] "GET /xingrg/all/function/internal_message.html?_=1687917933619&CODE_STATE=getMsg HTTP/1.1" 200 27
180.169.147.146 - - [28/Jun/2023:10:05:39 +0800] "GET /xingrg/all/function/internal_message.html?_=1687917937977&CODE_STATE=getMsg HTTP/1.1" 200 27
101.83.241.57 - - [28/Jun/2023:10:05:43 +0800] "GET /xingrg/all/function/internal_message.html?_=1687918057036&CODE_STATE=getMsg HTTP/1.1" 200 27
114.83.219.231 - - [28/Jun/2023:10:05:44 +0800] "GET /xingrg/all/function/internal_message.html?_=1687917944210&CODE_STATE=getMsg HTTP/1.1" 200 27
222.70.180.90 - - [28/Jun/2023:10:05:48 +0800] "GET /xingrg/kc/buy/cgsh_order_operate.html?command=get_materiel&rest_code=00111&code=00101008141&supplier_code=00100005&order_time=2023-06-28 HTTP/1.1" 200 412
116.238.191.126 - - [28/Jun/2023:10:05:49 +0800] "GET /xingrg/all/function/internal_message.html?_=1687917869439&CODE_STATE=getMsg HTTP/1.1" 200 27
114.85.113.108 - - [28/Jun/2023:10:05:54 +0800] "GET /xingrg/check_reg.html?_=1687917949038 HTTP/1.1" 200 22
116.238.96.78 - - [28/Jun/2023:10:05:54 +0800] "GET /xingrg/all/function/internal_message.html?_=1687917967501&CODE_STATE=getMsg HTTP/1.1" 200 27
116.232.195.127 - - [28/Jun/2023:10:06:02 +0800] "GET /xingrg/all/function/internal_message.html?_=1687917946147&CODE_STATE=getMsg HTTP/1.1" 200 27
222.70.180.90 - - [28/Jun/2023:10:06:04 +0800] "GET /xingrg/kc/buy/cgsh_order_operate.html?command=get_materiel&rest_code=00111&code=00101008036&supplier_code=00100005&order_time=2023-06-28 HTTP/1.1" 200 408
180.165.154.167 - - [28/Jun/2023:10:06:04 +0800] "GET /xingrg/all/function/internal_message.html?_=1687917963860&CODE_STATE=getMsg HTTP/1.1" 200 27
58.39.108.151 - - [28/Jun/2023:10:06:08 +0800] "GET /xingrg/all/function/internal_message.html?_=1687917968420&CODE_STATE=getMsg HTTP/1.1" 200 27
222.70.180.90 - - [28/Jun/2023:10:06:16 +0800] "GET /xingrg/kc/buy/cgsh_order_operate.html?command=get_materiel&rest_code=00111&code=00101008213&supplier_code=00100005&order_time=2023-06-28 HTTP/1.1" 200 412
222.67.234.146 - - [28/Jun/2023:10:06:17 +0800] "GET /xingrg/all/function/internal_message.html?_=1687917465368&CODE_STATE=getMsg HTTP/1.1" 200 27
222.67.234.146 - - [28/Jun/2023:10:06:17 +0800] "GET /xingrg/check_reg.html?_=1687917465548 HTTP/1.1" 200 22
116.235.240.62 - - [28/Jun/2023:10:06:19 +0800] "GET /xingrg/all/function/internal_message.html?_=1687917989204&CODE_STATE=getMsg HTTP/1.1" 200 27
222.70.180.90 - - [28/Jun/2023:10:06:25 +0800] "GET /xingrg/kc/buy/cgsh_order_operate.html?command=get_materiel&rest_code=00111&code=00101008283&supplier_code=00100005&order_time=2023-06-28 HTTP/1.1" 200 408
101.83.145.52 - - [28/Jun/2023:10:06:27 +0800] "GET /xingrg/all/function/internal_message.html?_=1687917808636&CODE_STATE=getMsg HTTP/1.1" 200 27
222.70.180.90 - - [28/Jun/2023:10:06:28 +0800] "GET /xingrg/check_reg.html?_=1687917986371 HTTP/1.1" 200 22
222.70.180.90 - - [28/Jun/2023:10:06:28 +0800] "GET /xingrg/all/function/internal_message.html?_=1687917986373&CODE_STATE=getMsg HTTP/1.1" 200 27
116.238.96.78 - - [28/Jun/2023:10:06:29 +0800] "GET /xingrg/all/function/internal_message.html?_=1687917989913&CODE_STATE=getMsg HTTP/1.1" 200 27
222.70.114.12 - - [28/Jun/2023:10:06:34 +0800] "GET /xingrg/all/function/internal_message.html?_=1687917998562&CODE_STATE=getMsg HTTP/1.1" 200 27
222.70.180.90 - - [28/Jun/2023:10:06:35 +0800] "GET /xingrg/kc/buy/cgsh_order_operate.html?command=get_materiel&rest_code=00111&code=00101008403&supplier_code=00100005&order_time=2023-06-28 HTTP/1.1" 200 412
114.85.113.108 - - [28/Jun/2023:10:06:38 +0800] "GET /xingrg/all/function/internal_message.html?_=1687917993597&CODE_STATE=getMsg HTTP/1.1" 200 27
180.169.147.146 - - [28/Jun/2023:10:06:39 +0800] "GET /xingrg/check_reg.html?_=1687917997977 HTTP/1.1" 200 22
180.169.147.146 - - [28/Jun/2023:10:06:39 +0800] "GET /xingrg/all/function/internal_message.html?_=1687917997983&CODE_STATE=getMsg HTTP/1.1" 200 27
101.83.241.57 - - [28/Jun/2023:10:06:43 +0800] "GET /xingrg/all/function/internal_message.html?_=1687918117029&CODE_STATE=getMsg HTTP/1.1" 200 27
114.83.219.231 - - [28/Jun/2023:10:06:44 +0800] "GET /xingrg/all/function/internal_message.html?_=1687918004219&CODE_STATE=getMsg HTTP/1.1" 200 27
222.70.180.90 - - [28/Jun/2023:10:06:45 +0800] "GET /xingrg/kc/buy/cgsh_order_operate.html?command=get_materiel&rest_code=00111&code=00101008190&supplier_code=00100005&order_time=2023-06-28 HTTP/1.1" 200 412
116.238.191.126 - - [28/Jun/2023:10:06:49 +0800] "GET /xingrg/check_reg.html?_=1687917929264 HTTP/1.1" 200 22
116.238.191.126 - - [28/Jun/2023:10:06:49 +0800] "GET /xingrg/all/function/internal_message.html?_=1687917929452&CODE_STATE=getMsg HTTP/1.1" 200 27
116.238.96.78 - - [28/Jun/2023:10:06:54 +0800] "GET /xingrg/all/function/internal_message.html?_=1687918027488&CODE_STATE=getMsg HTTP/1.1" 200 27
116.238.96.78 - - [28/Jun/2023:10:06:55 +0800] "GET /xingrg/check_reg.html?_=1687918027708 HTTP/1.1" 200 22
116.232.195.127 - - [28/Jun/2023:10:07:02 +0800] "GET /xingrg/all/function/internal_message.html?_=1687918006121&CODE_STATE=getMsg HTTP/1.1" 200 27
180.165.154.167 - - [28/Jun/2023:10:07:04 +0800] "GET /xingrg/all/function/internal_message.html?_=1687918023840&CODE_STATE=getMsg HTTP/1.1" 200 27
58.39.108.151 - - [28/Jun/2023:10:07:07 +0800] "POST /xingrg/kc/buy/cgsh_list_operate.html HTTP/1.1" 200 4
58.39.108.151 - - [28/Jun/2023:10:07:13 +0800] "POST /xingrg/kc/buy/cgsh_list_operate.html HTTP/1.1" 200 986
101.83.145.52 - - [28/Jun/2023:10:07:16 +0800] "POST /xingrg/services/DataTransmitService HTTP/1.1" 200 524
58.39.108.151 - - [28/Jun/2023:10:07:16 +0800] "GET /xingrg/kc/buy/cgsh_order_add.html HTTP/1.1" 200 70743
58.39.108.151 - - [28/Jun/2023:10:07:16 +0800] "POST /xingrg/kc/buy/cgsh_order_operate.html HTTP/1.1" 200 8245
58.39.108.151 - - [28/Jun/2023:10:07:16 +0800] "GET /xingrg/javascript/easyui/themes/default/validatebox.css HTTP/1.1" 404 1104
222.67.234.146 - - [28/Jun/2023:10:07:17 +0800] "GET /xingrg/all/function/internal_message.html?_=1687917525344&CODE_STATE=getMsg HTTP/1.1" 200 27
101.83.145.52 - - [28/Jun/2023:10:07:17 +0800] "POST /xingrg/services/DataTransmitService HTTP/1.1" 200 2315
116.235.240.62 - - [28/Jun/2023:10:07:19 +0800] "GET /xingrg/all/function/internal_message.html?_=1687918049386&CODE_STATE=getMsg HTTP/1.1" 200 27
58.39.108.151 - - [28/Jun/2023:10:07:27 +0800] "GET /xingrg/kc/buy/cgsh_order_operate.html?command=get_materiel&rest_code=00157&code=00101011001&supplier_code=00100047&order_time=2023-06-26 HTTP/1.1" 200 423
101.83.145.52 - - [28/Jun/2023:10:07:27 +0800] "GET /xingrg/all/function/internal_message.html?_=1687917868642&CODE_STATE=getMsg HTTP/1.1" 200 27
222.70.180.90 - - [28/Jun/2023:10:07:28 +0800] "GET /xingrg/all/function/internal_message.html?_=1687918046367&CODE_STATE=getMsg HTTP/1.1" 200 27
116.238.96.78 - - [28/Jun/2023:10:07:29 +0800] "GET /xingrg/all/function/internal_message.html?_=1687918049891&CODE_STATE=getMsg HTTP/1.1" 200 27
116.238.96.78 - - [28/Jun/2023:10:07:29 +0800] "GET /xingrg/check_reg.html?_=1687918050078 HTTP/1.1" 200 22
222.70.180.90 - - [28/Jun/2023:10:07:30 +0800] "GET /xingrg/kc/buy/cgsh_order_operate.html?command=get_materiel&rest_code=00111&code=00101008049&supplier_code=00100005&order_time=2023-06-28 HTTP/1.1" 200 408
222.70.114.12 - - [28/Jun/2023:10:07:34 +0800] "GET /xingrg/all/function/internal_message.html?_=1687918058562&CODE_STATE=getMsg HTTP/1.1" 200 27
58.39.108.151 - - [28/Jun/2023:10:07:36 +0800] "POST /xingrg/kc/buy/cgsh_order_operate.html HTTP/1.1" 200 37
114.85.113.108 - - [28/Jun/2023:10:07:38 +0800] "GET /xingrg/all/function/internal_message.html?_=1687918053579&CODE_STATE=getMsg HTTP/1.1" 200 27
222.70.180.90 - - [28/Jun/2023:10:07:39 +0800] "GET /xingrg/kc/buy/cgsh_order_operate.html?command=get_materiel&rest_code=00111&code=00101008117&supplier_code=00100005&order_time=2023-06-28 HTTP/1.1" 200 414
180.169.147.146 - - [28/Jun/2023:10:07:39 +0800] "GET /xingrg/all/function/internal_message.html?_=1687918057983&CODE_STATE=getMsg HTTP/1.1" 200 27
101.83.241.57 - - [28/Jun/2023:10:07:43 +0800] "GET /xingrg/all/function/internal_message.html?_=1687918177028&CODE_STATE=getMsg HTTP/1.1" 200 27
114.83.219.231 - - [28/Jun/2023:10:07:44 +0800] "GET /xingrg/all/function/internal_message.html?_=1687918064222&CODE_STATE=getMsg HTTP/1.1" 200 27
114.83.219.231 - - [28/Jun/2023:10:07:44 +0800] "GET /xingrg/check_reg.html?_=1687918064225 HTTP/1.1" 200 22
116.238.191.126 - - [28/Jun/2023:10:07:49 +0800] "GET /xingrg/all/function/internal_message.html?_=1687917989466&CODE_STATE=getMsg HTTP/1.1" 200 27
222.70.180.90 - - [28/Jun/2023:10:07:52 +0800] "GET /xingrg/kc/buy/cgsh_order_operate.html?command=get_materiel&rest_code=00111&code=00101008115&supplier_code=00100005&order_time=2023-06-28 HTTP/1.1" 200 412
116.238.96.78 - - [28/Jun/2023:10:07:54 +0800] "GET /xingrg/all/function/internal_message.html?_=1687918087466&CODE_STATE=getMsg HTTP/1.1" 200 27
58.39.108.151 - - [28/Jun/2023:10:07:56 +0800] "POST /xingrg/kc/buy/cgsh_order_operate.html HTTP/1.1" 200 2666
116.232.195.127 - - [28/Jun/2023:10:08:02 +0800] "GET /xingrg/all/function/internal_message.html?_=1687918066094&CODE_STATE=getMsg HTTP/1.1" 200 27
180.165.154.167 - - [28/Jun/2023:10:08:03 +0800] "GET /xingrg/check_reg.html?_=1687918083368 HTTP/1.1" 200 22
180.165.154.167 - - [28/Jun/2023:10:08:04 +0800] "GET /xingrg/all/function/internal_message.html?_=1687918083827&CODE_STATE=getMsg HTTP/1.1" 200 27
58.39.108.151 - - [28/Jun/2023:10:08:08 +0800] "GET /xingrg/all/function/internal_message.html?_=1687918088441&CODE_STATE=getMsg HTTP/1.1" 200 27
58.39.108.151 - - [28/Jun/2023:10:08:08 +0800] "GET /xingrg/check_reg.html?_=1687918088693 HTTP/1.1" 200 22
58.39.108.151 - - [28/Jun/2023:10:08:09 +0800] "GET /xingrg/kc/print/load_data.html?order_code=212023062810328&kc_code=cgsh&condition= HTTP/1.1" 200 730
222.70.180.90 - - [28/Jun/2023:10:08:17 +0800] "GET /xingrg/kc/buy/cgsh_order_operate.html?command=get_materiel&rest_code=00111&code=00101008298&supplier_code=00100005&order_time=2023-06-28 HTTP/1.1" 200 413
222.67.234.146 - - [28/Jun/2023:10:08:17 +0800] "GET /xingrg/all/function/internal_message.html?_=1687917585313&CODE_STATE=getMsg HTTP/1.1" 200 27
58.39.108.151 - - [28/Jun/2023:10:08:18 +0800] "GET /xingrg/kc/buy/cgsh_order_add.html HTTP/1.1" 200 70743
58.39.108.151 - - [28/Jun/2023:10:08:18 +0800] "POST /xingrg/kc/buy/cgsh_order_operate.html HTTP/1.1" 200 8245
58.39.108.151 - - [28/Jun/2023:10:08:18 +0800] "GET /xingrg/javascript/easyui/themes/default/validatebox.css HTTP/1.1" 404 1104
116.235.240.62 - - [28/Jun/2023:10:08:19 +0800] "GET /xingrg/all/function/internal_message.html?_=1687918109388&CODE_STATE=getMsg HTTP/1.1" 200 27
222.70.180.90 - - [28/Jun/2023:10:08:26 +0800] "GET /xingrg/kc/buy/cgsh_order_operate.html?command=get_materiel&rest_code=00111&code=00101008271&supplier_code=00100005&order_time=2023-06-28 HTTP/1.1" 200 408
101.83.145.52 - - [28/Jun/2023:10:08:27 +0800] "GET /xingrg/all/function/internal_message.html?_=1687917928628&CODE_STATE=getMsg HTTP/1.1" 200 27
222.70.180.90 - - [28/Jun/2023:10:08:28 +0800] "GET /xingrg/all/function/internal_message.html?_=1687918106365&CODE_STATE=getMsg HTTP/1.1" 200 27
116.238.96.78 - - [28/Jun/2023:10:08:29 +0800] "GET /xingrg/all/function/internal_message.html?_=1687918109863&CODE_STATE=getMsg HTTP/1.1" 200 27
222.70.180.90 - - [28/Jun/2023:10:08:30 +0800] "POST /xingrg/kc/buy/cgsh_order_operate.html HTTP/1.1" 200 2065
180.157.251.128 - - [28/Jun/2023:10:08:33 +0800] "POST /xingrg/services/DataTransmitService HTTP/1.1" 200 524
222.70.114.12 - - [28/Jun/2023:10:08:34 +0800] "GET /xingrg/all/function/internal_message.html?_=1687918118562&CODE_STATE=getMsg HTTP/1.1" 200 27
180.157.251.128 - - [28/Jun/2023:10:08:34 +0800] "POST /xingrg/services/DataTransmitService HTTP/1.1" 200 412
58.39.108.151 - - [28/Jun/2023:10:08:36 +0800] "GET /xingrg/kc/buy/cgsh_order_operate.html?command=get_materiel&rest_code=00157&code=00101006193&supplier_code=00100612&order_time=2023-06-26 HTTP/1.1" 200 409
114.85.113.108 - - [28/Jun/2023:10:08:38 +0800] "GET /xingrg/all/function/internal_message.html?_=1687918113567&CODE_STATE=getMsg HTTP/1.1" 200 27
180.169.147.146 - - [28/Jun/2023:10:08:39 +0800] "GET /xingrg/all/function/internal_message.html?_=1687918117983&CODE_STATE=getMsg HTTP/1.1" 200 27
101.83.241.57 - - [28/Jun/2023:10:08:43 +0800] "GET /xingrg/check_reg.html?_=1687918237027 HTTP/1.1" 200 22
101.83.241.57 - - [28/Jun/2023:10:08:43 +0800] "GET /xingrg/all/function/internal_message.html?_=1687918237030&CODE_STATE=getMsg HTTP/1.1" 200 27
114.83.219.231 - - [28/Jun/2023:10:08:44 +0800] "GET /xingrg/all/function/internal_message.html?_=1687918124224&CODE_STATE=getMsg HTTP/1.1" 200 27
58.39.108.151 - - [28/Jun/2023:10:08:45 +0800] "GET /xingrg/kc/buy/cgsh_order_operate.html?command=get_materiel&rest_code=00157&code=00101006177&supplier_code=00100612&order_time=2023-06-26 HTTP/1.1" 200 408
116.238.191.126 - - [28/Jun/2023:10:08:49 +0800] "GET /xingrg/all/function/internal_message.html?_=1687918049479&CODE_STATE=getMsg HTTP/1.1" 200 27
116.238.96.78 - - [28/Jun/2023:10:08:54 +0800] "GET /xingrg/all/function/internal_message.html?_=1687918147457&CODE_STATE=getMsg HTTP/1.1" 200 27
58.39.108.151 - - [28/Jun/2023:10:09:00 +0800] "POST /xingrg/kc/buy/cgsh_order_operate.html HTTP/1.1" 200 37
116.232.195.127 - - [28/Jun/2023:10:09:02 +0800] "GET /xingrg/all/function/internal_message.html?_=1687918126073&CODE_STATE=getMsg HTTP/1.1" 200 27
58.39.108.151 - - [28/Jun/2023:10:09:03 +0800] "POST /xingrg/kc/buy/cgsh_order_operate.html HTTP/1.1" 200 3239
180.165.154.167 - - [28/Jun/2023:10:09:04 +0800] "GET /xingrg/all/function/internal_message.html?_=1687918143803&CODE_STATE=getMsg HTTP/1.1" 200 27
58.39.108.151 - - [28/Jun/2023:10:09:06 +0800] "GET /xingrg/kc/print/load_data.html?order_code=212023062810329&kc_code=cgsh&condition= HTTP/1.1" 200 879
58.39.108.151 - - [28/Jun/2023:10:09:08 +0800] "GET /xingrg/all/function/internal_message.html?_=1687918148455&CODE_STATE=getMsg HTTP/1.1" 200 27
58.39.108.151 - - [28/Jun/2023:10:09:16 +0800] "GET /xingrg/kc/buy/cgsh_order_add.html HTTP/1.1" 200 70743
58.39.108.151 - - [28/Jun/2023:10:09:16 +0800] "POST /xingrg/kc/buy/cgsh_order_operate.html HTTP/1.1" 200 8245
58.39.108.151 - - [28/Jun/2023:10:09:16 +0800] "GET /xingrg/javascript/easyui/themes/default/validatebox.css HTTP/1.1" 404 1104
222.67.234.146 - - [28/Jun/2023:10:09:17 +0800] "GET /xingrg/all/function/internal_message.html?_=1687917645285&CODE_STATE=getMsg HTTP/1.1" 200 27
116.235.240.62 - - [28/Jun/2023:10:09:19 +0800] "GET /xingrg/all/function/internal_message.html?_=1687918169578&CODE_STATE=getMsg HTTP/1.1" 200 27
101.83.145.52 - - [28/Jun/2023:10:09:27 +0800] "GET /xingrg/all/function/internal_message.html?_=1687917988629&CODE_STATE=getMsg HTTP/1.1" 200 27
222.70.180.90 - - [28/Jun/2023:10:09:28 +0800] "GET /xingrg/all/function/internal_message.html?_=1687918166369&CODE_STATE=getMsg HTTP/1.1" 200 27
116.238.96.78 - - [28/Jun/2023:10:09:29 +0800] "GET /xingrg/all/function/internal_message.html?_=1687918169847&CODE_STATE=getMsg HTTP/1.1" 200 27
180.169.147.146 - - [28/Jun/2023:10:09:33 +0800] "GET /xingrg/check_reg.html?_=1687918172842 HTTP/1.1" 200 22
222.70.114.12 - - [28/Jun/2023:10:09:34 +0800] "GET /xingrg/all/function/internal_message.html?_=1687918178562&CODE_STATE=getMsg HTTP/1.1" 200 27
58.39.108.151 - - [28/Jun/2023:10:09:38 +0800] "GET /xingrg/kc/buy/cgsh_order_operate.html?command=get_materiel&rest_code=00157&code=00101008361&supplier_code=00100556&order_time=2023-06-26 HTTP/1.1" 200 408
114.85.113.108 - - [28/Jun/2023:10:09:38 +0800] "GET /xingrg/all/function/internal_message.html?_=1687918173551&CODE_STATE=getMsg HTTP/1.1" 200 27
180.169.147.146 - - [28/Jun/2023:10:09:39 +0800] "GET /xingrg/all/function/internal_message.html?_=1687918177983&CODE_STATE=getMsg HTTP/1.1" 200 27
101.83.241.57 - - [28/Jun/2023:10:09:43 +0800] "GET /xingrg/all/function/internal_message.html?_=1687918297028&CODE_STATE=getMsg HTTP/1.1" 200 27
114.83.219.231 - - [28/Jun/2023:10:09:44 +0800] "GET /xingrg/all/function/internal_message.html?_=1687918184229&CODE_STATE=getMsg HTTP/1.1" 200 27
116.238.191.126 - - [28/Jun/2023:10:09:49 +0800] "GET /xingrg/all/function/internal_message.html?_=1687918109510&CODE_STATE=getMsg HTTP/1.1" 200 27
58.39.108.151 - - [28/Jun/2023:10:09:51 +0800] "GET /xingrg/kc/buy/cgsh_order_operate.html?command=get_materiel&rest_code=00157&code=00101008370&supplier_code=00100556&order_time=2023-06-26 HTTP/1.1" 200 412
116.235.240.62 - - [28/Jun/2023:10:09:52 +0800] "GET /xingrg/check_reg.html?_=1687918202286 HTTP/1.1" 200 22
116.238.96.78 - - [28/Jun/2023:10:09:54 +0800] "GET /xingrg/all/function/internal_message.html?_=1687918207448&CODE_STATE=getMsg HTTP/1.1" 200 27
116.232.195.127 - - [28/Jun/2023:10:10:00 +0800] "GET /xingrg/check_reg.html?_=1687918184150 HTTP/1.1" 200 22
116.232.195.127 - - [28/Jun/2023:10:10:02 +0800] "GET /xingrg/all/function/internal_message.html?_=1687918186072&CODE_STATE=getMsg HTTP/1.1" 200 27
180.165.154.167 - - [28/Jun/2023:10:10:04 +0800] "GET /xingrg/all/function/internal_message.html?_=1687918203778&CODE_STATE=getMsg HTTP/1.1" 200 27
58.39.108.151 - - [28/Jun/2023:10:10:08 +0800] "GET /xingrg/all/function/internal_message.html?_=1687918208436&CODE_STATE=getMsg HTTP/1.1" 200 27
58.39.108.151 - - [28/Jun/2023:10:10:10 +0800] "GET /xingrg/kc/buy/cgsh_order_operate.html?command=get_materiel&rest_code=00157&code=00101008005&supplier_code=00100556&order_time=2023-06-26 HTTP/1.1" 200 412
222.67.234.146 - - [28/Jun/2023:10:10:17 +0800] "GET /xingrg/all/function/internal_message.html?_=1687917705258&CODE_STATE=getMsg HTTP/1.1" 200 27
116.235.240.62 - - [28/Jun/2023:10:10:19 +0800] "GET /xingrg/all/function/internal_message.html?_=1687918229586&CODE_STATE=getMsg HTTP/1.1" 200 27
101.83.145.52 - - [28/Jun/2023:10:10:27 +0800] "GET /xingrg/all/function/internal_message.html?_=1687918048636&CODE_STATE=getMsg HTTP/1.1" 200 27
101.83.145.52 - - [28/Jun/2023:10:10:27 +0800] "GET /xingrg/check_reg.html?_=1687918048639 HTTP/1.1" 200 22
222.70.180.90 - - [28/Jun/2023:10:10:28 +0800] "GET /xingrg/all/function/internal_message.html?_=1687918226364&CODE_STATE=getMsg HTTP/1.1" 200 27
58.39.108.151 - - [28/Jun/2023:10:10:28 +0800] "GET /xingrg/kc/buy/cgsh_order_operate.html?command=get_materiel&rest_code=00157&code=00101008350&supplier_code=00100556&order_time=2023-06-26 HTTP/1.1" 200 408
116.238.96.78 - - [28/Jun/2023:10:10:29 +0800] "GET /xingrg/all/function/internal_message.html?_=1687918229847&CODE_STATE=getMsg HTTP/1.1" 200 27
222.70.114.12 - - [28/Jun/2023:10:10:34 +0800] "GET /xingrg/check_reg.html?_=1687918238590 HTTP/1.1" 200 22
222.70.114.12 - - [28/Jun/2023:10:10:34 +0800] "GET /xingrg/all/function/internal_message.html?_=1687918238592&CODE_STATE=getMsg HTTP/1.1" 200 27
222.70.180.90 - - [28/Jun/2023:10:10:35 +0800] "GET /xingrg/kc/buy/cgsh_order_operate.html?command=get_materiel&rest_code=00111&code=00101008286&supplier_code=00100005&order_time=2023-06-28 HTTP/1.1" 200 408
114.85.113.108 - - [28/Jun/2023:10:10:38 +0800] "GET /xingrg/all/function/internal_message.html?_=1687918233543&CODE_STATE=getMsg HTTP/1.1" 200 27
180.169.147.146 - - [28/Jun/2023:10:10:39 +0800] "GET /xingrg/all/function/internal_message.html?_=1687918237983&CODE_STATE=getMsg HTTP/1.1" 200 27
101.83.241.57 - - [28/Jun/2023:10:10:43 +0800] "GET /xingrg/all/function/internal_message.html?_=1687918357023&CODE_STATE=getMsg HTTP/1.1" 200 27
58.39.108.151 - - [28/Jun/2023:10:10:43 +0800] "GET /xingrg/kc/buy/cgsh_order_operate.html?command=get_materiel&rest_code=00157&code=00101008036&supplier_code=00100556&order_time=2023-06-26 HTTP/1.1" 200 408
114.83.219.231 - - [28/Jun/2023:10:10:44 +0800] "GET /xingrg/all/function/internal_message.html?_=1687918244230&CODE_STATE=getMsg HTTP/1.1" 200 27
222.70.180.90 - - [28/Jun/2023:10:10:46 +0800] "GET /xingrg/kc/buy/cgsh_order_operate.html?command=get_materiel&rest_code=00111&code=00101008005&supplier_code=00100005&order_time=2023-06-28 HTTP/1.1" 200 412
116.238.191.126 - - [28/Jun/2023:10:10:49 +0800] "GET /xingrg/all/function/internal_message.html?_=1687918169522&CODE_STATE=getMsg HTTP/1.1" 200 27
114.85.113.108 - - [28/Jun/2023:10:10:54 +0800] "GET /xingrg/check_reg.html?_=1687918249051 HTTP/1.1" 200 22
116.238.96.78 - - [28/Jun/2023:10:10:54 +0800] "GET /xingrg/all/function/internal_message.html?_=1687918267443&CODE_STATE=getMsg HTTP/1.1" 200 27
114.83.219.231 - - [28/Jun/2023:10:10:55 +0800] "GET /xingrg/kc/buy/cgsh_order_operate.html?command=get_materiel&rest_code=00149&code=00101006193&supplier_code=00100096&order_time=2023-06-28 HTTP/1.1" 200 409
58.39.108.151 - - [28/Jun/2023:10:10:59 +0800] "GET /xingrg/kc/buy/cgsh_order_operate.html?command=get_materiel&rest_code=00157&code=00101008357&supplier_code=00100556&order_time=2023-06-26 HTTP/1.1" 200 408
116.232.195.127 - - [28/Jun/2023:10:11:02 +0800] "GET /xingrg/all/function/internal_message.html?_=1687918246048&CODE_STATE=getMsg HTTP/1.1" 200 27
180.165.154.167 - - [28/Jun/2023:10:11:04 +0800] "GET /xingrg/all/function/internal_message.html?_=1687918263764&CODE_STATE=getMsg HTTP/1.1" 200 27
222.70.180.90 - - [28/Jun/2023:10:11:05 +0800] "GET /xingrg/kc/buy/cgsh_order_operate.html?command=get_materiel&rest_code=00111&code=00101013326&supplier_code=00100005&order_time=2023-06-28 HTTP/1.1" 200 399
58.39.108.151 - - [28/Jun/2023:10:11:08 +0800] "GET /xingrg/all/function/internal_message.html?_=1687918268404&CODE_STATE=getMsg HTTP/1.1" 200 27
58.39.108.151 - - [28/Jun/2023:10:11:11 +0800] "GET /xingrg/kc/buy/cgsh_order_operate.html?command=get_materiel&rest_code=00157&code=00101008353&supplier_code=00100556&order_time=2023-06-26 HTTP/1.1" 200 408
222.67.234.146 - - [28/Jun/2023:10:11:17 +0800] "GET /xingrg/all/function/internal_message.html?_=1687917765230&CODE_STATE=getMsg HTTP/1.1" 200 27
222.67.234.146 - - [28/Jun/2023:10:11:17 +0800] "GET /xingrg/check_reg.html?_=1687917765516 HTTP/1.1" 200 22
222.70.180.90 - - [28/Jun/2023:10:11:19 +0800] "GET /xingrg/kc/buy/cgsh_order_operate.html?command=get_materiel&rest_code=00111&code=00101008131&supplier_code=00100005&order_time=2023-06-28 HTTP/1.1" 200 409
114.83.219.231 - - [28/Jun/2023:10:11:19 +0800] "GET /xingrg/kc/buy/cgsh_order_operate.html?command=get_materiel&rest_code=00149&code=00101007082&supplier_code=00100096&order_time=2023-06-28 HTTP/1.1" 200 428
116.235.240.62 - - [28/Jun/2023:10:11:20 +0800] "GET /xingrg/all/function/internal_message.html?_=1687918289601&CODE_STATE=getMsg HTTP/1.1" 200 27
58.39.108.151 - - [28/Jun/2023:10:11:27 +0800] "GET /xingrg/kc/buy/cgsh_order_operate.html?command=get_materiel&rest_code=00157&code=00101008152&supplier_code=00100556&order_time=2023-06-26 HTTP/1.1" 200 409
101.83.145.52 - - [28/Jun/2023:10:11:27 +0800] "GET /xingrg/all/function/internal_message.html?_=1687918108632&CODE_STATE=getMsg HTTP/1.1" 200 27
222.70.180.90 - - [28/Jun/2023:10:11:28 +0800] "GET /xingrg/all/function/internal_message.html?_=1687918286366&CODE_STATE=getMsg HTTP/1.1" 200 27
222.70.180.90 - - [28/Jun/2023:10:11:28 +0800] "GET /xingrg/check_reg.html?_=1687918286370 HTTP/1.1" 200 22
116.238.96.78 - - [28/Jun/2023:10:11:29 +0800] "GET /xingrg/all/function/internal_message.html?_=1687918289834&CODE_STATE=getMsg HTTP/1.1" 200 27
222.70.114.12 - - [28/Jun/2023:10:11:34 +0800] "GET /xingrg/all/function/internal_message.html?_=1687918298577&CODE_STATE=getMsg HTTP/1.1" 200 27
222.70.180.90 - - [28/Jun/2023:10:11:34 +0800] "GET /xingrg/kc/buy/cgsh_order_operate.html?command=get_materiel&rest_code=00111&code=00101008353&supplier_code=00100005&order_time=2023-06-28 HTTP/1.1" 200 408
222.70.180.90 - - [28/Jun/2023:10:11:38 +0800] "POST /xingrg/kc/buy/cgsh_order_operate.html HTTP/1.1" 200 2065
114.85.113.108 - - [28/Jun/2023:10:11:38 +0800] "GET /xingrg/all/function/internal_message.html?_=1687918293512&CODE_STATE=getMsg HTTP/1.1" 200 27
180.169.147.146 - - [28/Jun/2023:10:11:39 +0800] "GET /xingrg/check_reg.html?_=1687918297969 HTTP/1.1" 200 22
180.169.147.146 - - [28/Jun/2023:10:11:39 +0800] "GET /xingrg/all/function/internal_message.html?_=1687918297980&CODE_STATE=getMsg HTTP/1.1" 200 27
180.157.251.128 - - [28/Jun/2023:10:11:40 +0800] "GET /xingrg/login.html HTTP/1.1" 200 7641
180.157.251.128 - - [28/Jun/2023:10:11:41 +0800] "GET /favicon.ico HTTP/1.1" 404 -
58.39.108.151 - - [28/Jun/2023:10:11:43 +0800] "GET /xingrg/kc/buy/cgsh_order_operate.html?command=get_materiel&rest_code=00157&code=00101008358&supplier_code=00100556&order_time=2023-06-26 HTTP/1.1" 200 412
101.83.241.57 - - [28/Jun/2023:10:11:43 +0800] "GET /xingrg/all/function/internal_message.html?_=1687918417020&CODE_STATE=getMsg HTTP/1.1" 200 27
114.83.219.231 - - [28/Jun/2023:10:11:44 +0800] "GET /xingrg/all/function/internal_message.html?_=1687918304229&CODE_STATE=getMsg HTTP/1.1" 200 27
222.70.180.90 - - [28/Jun/2023:10:11:46 +0800] "GET /xingrg/kc/buy/cgsh_order_operate.html?command=get_materiel&rest_code=00111&code=00101008185&supplier_code=00100005&order_time=2023-06-28 HTTP/1.1" 200 408
180.157.251.128 - - [28/Jun/2023:10:11:47 +0800] "POST /xingrg/login.do HTTP/1.1" 302 -
180.157.251.128 - - [28/Jun/2023:10:11:47 +0800] "GET /xingrg/index.html?sysBaseUrl=http%3A%2F%2F180.169.147.146%3A18081%2Fxingrg%2F&costTime=1012×tamp=1687918307090 HTTP/1.1" 200 17179
180.157.251.128 - - [28/Jun/2023:10:11:47 +0800] "GET /favicon.ico HTTP/1.1" 404 -
180.157.251.128 - - [28/Jun/2023:10:11:47 +0800] "GET /xingrg/check_reg.html?_=1687918308167 HTTP/1.1" 200 22
180.157.251.128 - - [28/Jun/2023:10:11:47 +0800] "GET /xingrg/all/function/internal_message.html?_=1687918308165&CODE_STATE=count HTTP/1.1" 200 11
180.157.251.128 - - [28/Jun/2023:10:11:47 +0800] "POST /xingrg/all/common/load_tree.html?tree=area_rest_tree_json&manage=1 HTTP/1.1" 200 476
180.157.251.128 - - [28/Jun/2023:10:11:48 +0800] "POST /xingrg/load_menu.html HTTP/1.1" 200 5138
180.157.251.128 - - [28/Jun/2023:10:11:49 +0800] "GET /xingrg/kc/buy/buy_main.html HTTP/1.1" 200 12412
180.157.251.128 - - [28/Jun/2023:10:11:49 +0800] "GET /xingrg/css/new_ie.css HTTP/1.1" 404 1036
116.238.191.126 - - [28/Jun/2023:10:11:49 +0800] "GET /xingrg/check_reg.html?_=1687918229295 HTTP/1.1" 200 22
116.238.191.126 - - [28/Jun/2023:10:11:49 +0800] "GET /xingrg/all/function/internal_message.html?_=1687918229535&CODE_STATE=getMsg HTTP/1.1" 200 27
180.157.251.128 - - [28/Jun/2023:10:11:50 +0800] "GET /xingrg/images/yd/bt.gif HTTP/1.1" 404 1040
180.157.251.128 - - [28/Jun/2023:10:11:52 +0800] "GET /xingrg/kc/buy/cgsh_order_list.html HTTP/1.1" 200 8212
180.157.251.128 - - [28/Jun/2023:10:11:52 +0800] "GET /xingrg/kc/buy/cgsh_order_list.html HTTP/1.1" 200 55844
58.39.108.151 - - [28/Jun/2023:10:11:53 +0800] "GET /xingrg/kc/buy/cgsh_order_operate.html?command=get_materiel&rest_code=00157&code=00101008072&supplier_code=00100556&order_time=2023-06-26 HTTP/1.1" 200 408
116.238.96.78 - - [28/Jun/2023:10:11:54 +0800] "GET /xingrg/all/function/internal_message.html?_=1687918327428&CODE_STATE=getMsg HTTP/1.1" 200 27
116.238.96.78 - - [28/Jun/2023:10:11:55 +0800] "GET /xingrg/check_reg.html?_=1687918327691 HTTP/1.1" 200 22
116.232.195.127 - - [28/Jun/2023:10:12:02 +0800] "GET /xingrg/all/function/internal_message.html?_=1687918306040&CODE_STATE=getMsg HTTP/1.1" 200 27
180.165.154.167 - - [28/Jun/2023:10:12:04 +0800] "GET /xingrg/all/function/internal_message.html?_=1687918323747&CODE_STATE=getMsg HTTP/1.1" 200 27
114.83.219.231 - - [28/Jun/2023:10:12:06 +0800] "POST /xingrg/kc/buy/cgsh_order_operate.html HTTP/1.1" 200 37
58.39.108.151 - - [28/Jun/2023:10:12:08 +0800] "GET /xingrg/all/function/internal_message.html?_=1687918328390&CODE_STATE=getMsg HTTP/1.1" 200 27
58.39.108.151 - - [28/Jun/2023:10:12:16 +0800] "POST /xingrg/kc/buy/cgsh_order_operate.html HTTP/1.1" 200 37
222.70.180.90 - - [28/Jun/2023:10:12:16 +0800] "GET /xingrg/kc/buy/cgsh_order_operate.html?command=get_materiel&rest_code=00111&code=00101008144&supplier_code=00100005&order_time=2023-06-28 HTTP/1.1" 200 412
180.157.251.128 - - [28/Jun/2023:10:12:16 +0800] "POST /xingrg/kc/buy/cgsh_list_operate.html HTTP/1.1" 200 986
222.67.234.146 - - [28/Jun/2023:10:12:17 +0800] "GET /xingrg/all/function/internal_message.html?_=1687917825208&CODE_STATE=getMsg HTTP/1.1" 200 27
116.235.240.62 - - [28/Jun/2023:10:12:20 +0800] "GET /xingrg/all/function/internal_message.html?_=1687918349793&CODE_STATE=getMsg HTTP/1.1" 200 27
58.39.108.151 - - [28/Jun/2023:10:12:23 +0800] "POST /xingrg/kc/buy/cgsh_order_operate.html HTTP/1.1" 200 7943
114.83.219.231 - - [28/Jun/2023:10:12:25 +0800] "POST /xingrg/kc/buy/cgsh_order_operate.html HTTP/1.1" 200 12
58.39.108.151 - - [28/Jun/2023:10:12:26 +0800] "GET /xingrg/kc/print/load_data.html?order_code=212023062810331&kc_code=cgsh&condition= HTTP/1.1" 200 2651
101.83.145.52 - - [28/Jun/2023:10:12:27 +0800] "GET /xingrg/all/function/internal_message.html?_=1687918168639&CODE_STATE=getMsg HTTP/1.1" 200 27
222.70.180.90 - - [28/Jun/2023:10:12:28 +0800] "GET /xingrg/all/function/internal_message.html?_=1687918346363&CODE_STATE=getMsg HTTP/1.1" 200 27
116.238.96.78 - - [28/Jun/2023:10:12:29 +0800] "GET /xingrg/all/function/internal_message.html?_=1687918349810&CODE_STATE=getMsg HTTP/1.1" 200 27
116.238.96.78 - - [28/Jun/2023:10:12:29 +0800] "GET /xingrg/check_reg.html?_=1687918350075 HTTP/1.1" 200 22
114.83.219.231 - - [28/Jun/2023:10:12:29 +0800] "GET /xingrg/kc/buy/cgsh_order_info.html?code=212023062810330 HTTP/1.1" 200 66607
114.83.219.231 - - [28/Jun/2023:10:12:30 +0800] "GET /xingrg/javascript/easyui/themes/default/validatebox.css HTTP/1.1" 404 1104
114.83.219.231 - - [28/Jun/2023:10:12:31 +0800] "POST /xingrg/kc/buy/cgsh_order_operate.html HTTP/1.1" 200 5368
114.83.219.231 - - [28/Jun/2023:10:12:33 +0800] "GET /xingrg/kc/print/load_data.html?order_code=212023062810330&kc_code=cgsh&condition= HTTP/1.1" 200 2508
222.70.114.12 - - [28/Jun/2023:10:12:34 +0800] "GET /xingrg/all/function/internal_message.html?_=1687918358592&CODE_STATE=getMsg HTTP/1.1" 200 27
114.83.219.231 - - [28/Jun/2023:10:12:38 +0800] "GET /xingrg/kc/buy/cgsh_order_add.html HTTP/1.1" 200 71708
114.83.219.231 - - [28/Jun/2023:10:12:38 +0800] "POST /xingrg/kc/buy/cgsh_order_operate.html HTTP/1.1" 200 8245
114.83.219.231 - - [28/Jun/2023:10:12:38 +0800] "GET /xingrg/javascript/easyui/themes/default/validatebox.css HTTP/1.1" 404 1104
222.70.180.90 - - [28/Jun/2023:10:12:38 +0800] "GET /xingrg/kc/buy/cgsh_order_operate.html?command=get_materiel&rest_code=00111&code=00101008478&supplier_code=00100005&order_time=2023-06-28 HTTP/1.1" 200 413
114.85.113.108 - - [28/Jun/2023:10:12:38 +0800] "GET /xingrg/all/function/internal_message.html?_=1687918353494&CODE_STATE=getMsg HTTP/1.1" 200 27
58.39.108.151 - - [28/Jun/2023:10:12:39 +0800] "POST /xingrg/kc/buy/cgsh_list_operate.html HTTP/1.1" 200 2714
180.169.147.146 - - [28/Jun/2023:10:12:39 +0800] "GET /xingrg/all/function/internal_message.html?_=1687918357979&CODE_STATE=getMsg HTTP/1.1" 200 27
101.83.241.57 - - [28/Jun/2023:10:12:43 +0800] "GET /xingrg/all/function/internal_message.html?_=1687918477035&CODE_STATE=getMsg HTTP/1.1" 200 27
114.83.219.231 - - [28/Jun/2023:10:12:44 +0800] "GET /xingrg/all/function/internal_message.html?_=1687918364241&CODE_STATE=getMsg HTTP/1.1" 200 27
114.83.219.231 - - [28/Jun/2023:10:12:44 +0800] "GET /xingrg/check_reg.html?_=1687918364247 HTTP/1.1" 200 22
222.70.180.90 - - [28/Jun/2023:10:12:47 +0800] "GET /xingrg/kc/buy/cgsh_order_operate.html?command=get_materiel&rest_code=00111&code=00101008077&supplier_code=00100005&order_time=2023-06-28 HTTP/1.1" 200 416
180.157.251.128 - - [28/Jun/2023:10:12:47 +0800] "GET /xingrg/all/function/internal_message.html?_=1687918368172&CODE_STATE=getMsg HTTP/1.1" 200 27
116.238.191.126 - - [28/Jun/2023:10:12:49 +0800] "GET /xingrg/all/function/internal_message.html?_=1687918289549&CODE_STATE=getMsg HTTP/1.1" 200 27
116.238.96.78 - - [28/Jun/2023:10:12:54 +0800] "GET /xingrg/all/function/internal_message.html?_=1687918387443&CODE_STATE=getMsg HTTP/1.1" 200 27
116.232.195.127 - - [28/Jun/2023:10:13:02 +0800] "GET /xingrg/all/function/internal_message.html?_=1687918366016&CODE_STATE=getMsg HTTP/1.1" 200 27
180.165.154.167 - - [28/Jun/2023:10:13:03 +0800] "GET /xingrg/check_reg.html?_=1687918383368 HTTP/1.1" 200 22
180.165.154.167 - - [28/Jun/2023:10:13:04 +0800] "GET /xingrg/all/function/internal_message.html?_=1687918383732&CODE_STATE=getMsg HTTP/1.1" 200 27
222.70.180.90 - - [28/Jun/2023:10:13:04 +0800] "GET /xingrg/kc/buy/cgsh_order_operate.html?command=get_materiel&rest_code=00111&code=00101008238&supplier_code=00100005&order_time=2023-06-28 HTTP/1.1" 200 416
222.70.180.90 - - [28/Jun/2023:10:13:07 +0800] "POST /xingrg/kc/buy/cgsh_order_operate.html HTTP/1.1" 200 2065
58.39.108.151 - - [28/Jun/2023:10:13:08 +0800] "GET /xingrg/all/function/internal_message.html?_=1687918388375&CODE_STATE=getMsg HTTP/1.1" 200 27
58.39.108.151 - - [28/Jun/2023:10:13:08 +0800] "GET /xingrg/check_reg.html?_=1687918388690 HTTP/1.1" 200 22
222.70.180.90 - - [28/Jun/2023:10:13:12 +0800] "GET /xingrg/kc/buy/cgsh_order_operate.html?command=get_materiel&rest_code=00111&code=00101008264&supplier_code=00100005&order_time=2023-06-28 HTTP/1.1" 200 412
222.67.234.146 - - [28/Jun/2023:10:13:17 +0800] "GET /xingrg/all/function/internal_message.html?_=1687917885212&CODE_STATE=getMsg HTTP/1.1" 200 27
116.235.240.62 - - [28/Jun/2023:10:13:20 +0800] "GET /xingrg/all/function/internal_message.html?_=1687918409799&CODE_STATE=getMsg HTTP/1.1" 200 27
222.70.180.90 - - [28/Jun/2023:10:13:21 +0800] "GET /xingrg/kc/buy/cgsh_order_operate.html?command=get_materiel&rest_code=00111&code=00101008148&supplier_code=00100005&order_time=2023-06-28 HTTP/1.1" 200 416
