116.232.195.127 - - [28/Jun/2023:11:21:26 +0800] "GET /xingrg/kc/buy/cgsh_order_operate.html?command=get_materiel&rest_code=00155&code=00101016001&supplier_code=00100337&order_time=2023-06-28 HTTP/1.1" 200 456
101.83.145.52 - - [28/Jun/2023:11:21:27 +0800] "GET /xingrg/all/function/internal_message.html?_=1687922307955&CODE_STATE=getMsg HTTP/1.1" 200 27
116.238.96.78 - - [28/Jun/2023:11:21:28 +0800] "GET /xingrg/all/function/internal_message.html?_=1687922488853&CODE_STATE=getMsg HTTP/1.1" 200 27
180.165.154.167 - - [28/Jun/2023:11:21:34 +0800] "GET /xingrg/kc/base/wldb_order_operate.html?command=get_materiel&rest_code=00108&base_code=0010538&code=00101019098 HTTP/1.1" 200 478
222.70.114.12 - - [28/Jun/2023:11:21:34 +0800] "GET /xingrg/all/function/internal_message.html?_=1687922498716&CODE_STATE=getMsg HTTP/1.1" 200 27
116.232.195.127 - - [28/Jun/2023:11:21:36 +0800] "GET /xingrg/kc/buy/cgsh_order_operate.html?command=get_materiel&rest_code=00155&code=00101019110&supplier_code=00100337&order_time=2023-06-28 HTTP/1.1" 200 475
114.85.39.217 - - [28/Jun/2023:11:21:36 +0800] "GET /xingrg/all/function/internal_message.html?_=1687921276275&CODE_STATE=getMsg HTTP/1.1" 200 27
114.85.113.108 - - [28/Jun/2023:11:21:37 +0800] "GET /xingrg/all/function/internal_message.html?_=1687922492268&CODE_STATE=getMsg HTTP/1.1" 200 27
101.83.241.57 - - [28/Jun/2023:11:21:43 +0800] "GET /xingrg/all/function/internal_message.html?_=1687922617020&CODE_STATE=getMsg HTTP/1.1" 200 27
180.157.251.128 - - [28/Jun/2023:11:21:47 +0800] "GET /xingrg/check_reg.html?_=1687922508224 HTTP/1.1" 200 22
180.157.251.128 - - [28/Jun/2023:11:21:47 +0800] "GET /xingrg/all/function/internal_message.html?_=1687922508228&CODE_STATE=getMsg HTTP/1.1" 200 27
120.253.135.82 - - [28/Jun/2023:11:21:49 +0800] "GET /xingrg/all/function/internal_message.html?_=1687922339855&CODE_STATE=getMsg HTTP/1.1" 200 27
180.165.154.167 - - [28/Jun/2023:11:21:49 +0800] "GET /xingrg/kc/base/wldb_order_operate.html?command=get_materiel&rest_code=00108&base_code=0010538&code=00101019111 HTTP/1.1" 200 467
116.238.191.126 - - [28/Jun/2023:11:21:49 +0800] "GET /xingrg/check_reg.html?_=1687922429547 HTTP/1.1" 200 22
116.238.191.126 - - [28/Jun/2023:11:21:51 +0800] "GET /xingrg/all/function/internal_message.html?_=1687922430704&CODE_STATE=getMsg HTTP/1.1" 200 27
120.253.135.82 - - [28/Jun/2023:11:21:55 +0800] "GET /xingrg/all/function/internal_message.html?_=1687922345862&CODE_STATE=getMsg HTTP/1.1" 200 27
180.165.154.167 - - [28/Jun/2023:11:21:57 +0800] "GET /xingrg/kc/base/wldb_order_operate.html?command=get_materiel&rest_code=00108&base_code=0010538&code=00101019133 HTTP/1.1" 200 480
116.232.195.127 - - [28/Jun/2023:11:22:01 +0800] "GET /xingrg/all/function/internal_message.html?_=1687922504866&CODE_STATE=getMsg HTTP/1.1" 200 27
180.165.154.167 - - [28/Jun/2023:11:22:01 +0800] "POST /xingrg/kc/base/wldb_order_operate.html HTTP/1.1" 200 1710
101.229.22.40 - - [28/Jun/2023:11:22:03 +0800] "GET /xingrg/all/function/internal_message.html?_=1687922523040&CODE_STATE=getMsg HTTP/1.1" 200 27
180.165.154.167 - - [28/Jun/2023:11:22:03 +0800] "GET /xingrg/all/function/internal_message.html?_=1687922523175&CODE_STATE=getMsg HTTP/1.1" 200 27
180.165.154.167 - - [28/Jun/2023:11:22:05 +0800] "GET /xingrg/kc/base/wldb_order_operate.html?command=get_materiel&rest_code=00108&base_code=0010538&code=00101013182 HTTP/1.1" 200 428
222.70.180.90 - - [28/Jun/2023:11:22:13 +0800] "GET /xingrg/all/function/internal_message.html?_=1687922532093&CODE_STATE=getMsg HTTP/1.1" 200 27
116.232.195.127 - - [28/Jun/2023:11:22:15 +0800] "GET /xingrg/kc/buy/cgsh_order_operate.html?command=get_materiel&rest_code=00155&code=00101019881&supplier_code=00100337&order_time=2023-06-28 HTTP/1.1" 200 414
222.67.234.146 - - [28/Jun/2023:11:22:17 +0800] "GET /xingrg/all/function/internal_message.html?_=1687922025187&CODE_STATE=getMsg HTTP/1.1" 200 27
120.253.135.82 - - [28/Jun/2023:11:22:19 +0800] "GET /xingrg/all/function/internal_message.html?_=1687922566246&CODE_STATE=getMsg HTTP/1.1" 200 27
61.170.233.201 - - [28/Jun/2023:11:22:21 +0800] "GET /xingrg/all/function/internal_message.html?_=1687922539720&CODE_STATE=getMsg HTTP/1.1" 200 27
114.85.39.217 - - [28/Jun/2023:11:22:22 +0800] "GET /xingrg/all/function/internal_message.html?_=1687921321756&CODE_STATE=getMsg HTTP/1.1" 200 27
114.85.39.217 - - [28/Jun/2023:11:22:22 +0800] "GET /xingrg/check_reg.html?_=1687921321759 HTTP/1.1" 200 22
180.169.147.146 - - [28/Jun/2023:11:22:22 +0800] "GET /xingrg/check_reg.html?_=1687922540914 HTTP/1.1" 200 22
180.169.147.146 - - [28/Jun/2023:11:22:22 +0800] "GET /xingrg/all/function/internal_message.html?_=1687922540918&CODE_STATE=getMsg HTTP/1.1" 200 27
116.238.96.78 - - [28/Jun/2023:11:22:25 +0800] "GET /xingrg/all/function/internal_message.html?_=1687922558246&CODE_STATE=getMsg HTTP/1.1" 200 27
116.235.240.62 - - [28/Jun/2023:11:22:25 +0800] "GET /xingrg/all/function/internal_message.html?_=1687922555738&CODE_STATE=getMsg HTTP/1.1" 200 27
101.83.145.52 - - [28/Jun/2023:11:22:27 +0800] "GET /xingrg/all/function/internal_message.html?_=1687922367941&CODE_STATE=getMsg HTTP/1.1" 200 27
116.232.195.127 - - [28/Jun/2023:11:22:27 +0800] "POST /xingrg/kc/buy/cgsh_order_operate.html HTTP/1.1" 200 37
116.238.96.78 - - [28/Jun/2023:11:22:28 +0800] "GET /xingrg/all/function/internal_message.html?_=1687922548837&CODE_STATE=getMsg HTTP/1.1" 200 27
116.238.96.78 - - [28/Jun/2023:11:22:29 +0800] "GET /xingrg/check_reg.html?_=1687922550076 HTTP/1.1" 200 22
180.165.154.167 - - [28/Jun/2023:11:22:29 +0800] "GET /xingrg/kc/base/wldb_order_operate.html?command=get_materiel&rest_code=00108&base_code=0010538&code=00101019503 HTTP/1.1" 200 465
116.232.195.127 - - [28/Jun/2023:11:22:30 +0800] "POST /xingrg/kc/buy/cgsh_order_operate.html HTTP/1.1" 200 3894
116.232.195.127 - - [28/Jun/2023:11:22:31 +0800] "GET /xingrg/kc/print/load_data.html?order_code=212023062810376&kc_code=cgsh&condition= HTTP/1.1" 200 1177
222.70.114.12 - - [28/Jun/2023:11:22:34 +0800] "GET /xingrg/all/function/internal_message.html?_=1687922558715&CODE_STATE=getMsg HTTP/1.1" 200 27
116.232.195.127 - - [28/Jun/2023:11:22:35 +0800] "GET /xingrg/kc/buy/cgsh_order_add.html HTTP/1.1" 200 71667
116.232.195.127 - - [28/Jun/2023:11:22:35 +0800] "GET /xingrg/words/20230628102723_words.js HTTP/1.1" 304 -
116.232.195.127 - - [28/Jun/2023:11:22:35 +0800] "POST /xingrg/kc/buy/cgsh_order_operate.html HTTP/1.1" 200 8245
116.232.195.127 - - [28/Jun/2023:11:22:35 +0800] "GET /xingrg/javascript/easyui/themes/default/validatebox.css HTTP/1.1" 404 1104
114.85.113.108 - - [28/Jun/2023:11:22:37 +0800] "GET /xingrg/all/function/internal_message.html?_=1687922552245&CODE_STATE=getMsg HTTP/1.1" 200 27
180.165.154.167 - - [28/Jun/2023:11:22:39 +0800] "GET /xingrg/kc/base/wldb_order_operate.html?command=get_materiel&rest_code=00108&base_code=0010538&code=00101019530 HTTP/1.1" 200 480
101.83.145.52 - - [28/Jun/2023:11:22:40 +0800] "GET /xingrg/kc/buy/cgsh_order_add.html HTTP/1.1" 200 71702
101.83.145.52 - - [28/Jun/2023:11:22:41 +0800] "GET /xingrg/words/20230628102723_words.js HTTP/1.1" 304 -
101.83.145.52 - - [28/Jun/2023:11:22:41 +0800] "POST /xingrg/kc/buy/cgsh_order_operate.html HTTP/1.1" 200 8245
101.83.145.52 - - [28/Jun/2023:11:22:41 +0800] "GET /xingrg/javascript/easyui/themes/default/validatebox.css HTTP/1.1" 404 1104
180.165.154.167 - - [28/Jun/2023:11:22:41 +0800] "POST /xingrg/kc/base/wldb_order_operate.html HTTP/1.1" 200 1710
101.83.241.57 - - [28/Jun/2023:11:22:43 +0800] "GET /xingrg/all/function/internal_message.html?_=1687922677023&CODE_STATE=getMsg HTTP/1.1" 200 27
116.232.195.127 - - [28/Jun/2023:11:22:44 +0800] "GET /xingrg/kc/buy/cgsh_order_operate.html?command=get_materiel&rest_code=00155&code=00101010237&supplier_code=00100325&order_time=2023-06-28 HTTP/1.1" 200 413
180.165.154.167 - - [28/Jun/2023:11:22:45 +0800] "GET /xingrg/kc/base/wldb_order_operate.html?command=get_materiel&rest_code=00108&base_code=0010538&code=00101019750 HTTP/1.1" 200 456
180.157.251.128 - - [28/Jun/2023:11:22:47 +0800] "GET /xingrg/all/function/internal_message.html?_=1687922568229&CODE_STATE=getMsg HTTP/1.1" 200 27
120.253.135.82 - - [28/Jun/2023:11:22:49 +0800] "GET /xingrg/check_reg.html?_=1687922399110 HTTP/1.1" 200 22
120.253.135.82 - - [28/Jun/2023:11:22:49 +0800] "GET /xingrg/all/function/internal_message.html?_=1687922399870&CODE_STATE=getMsg HTTP/1.1" 200 27
116.238.191.126 - - [28/Jun/2023:11:22:51 +0800] "GET /xingrg/all/function/internal_message.html?_=1687922490718&CODE_STATE=getMsg HTTP/1.1" 200 27
180.165.154.167 - - [28/Jun/2023:11:22:51 +0800] "GET /xingrg/kc/base/wldb_order_operate.html?command=get_materiel&rest_code=00108&base_code=0010538&code=00101019907 HTTP/1.1" 200 460
116.232.195.127 - - [28/Jun/2023:11:22:54 +0800] "GET /xingrg/kc/buy/cgsh_order_operate.html?command=get_materiel&rest_code=00155&code=00101001261&supplier_code=00100325&order_time=2023-06-28 HTTP/1.1" 200 410
120.253.135.82 - - [28/Jun/2023:11:22:55 +0800] "GET /xingrg/all/function/internal_message.html?_=1687922405888&CODE_STATE=getMsg HTTP/1.1" 200 27
116.232.195.127 - - [28/Jun/2023:11:23:01 +0800] "GET /xingrg/all/function/internal_message.html?_=1687922564836&CODE_STATE=getMsg HTTP/1.1" 200 27
101.229.22.40 - - [28/Jun/2023:11:23:03 +0800] "GET /xingrg/all/function/internal_message.html?_=1687922583041&CODE_STATE=getMsg HTTP/1.1" 200 27
116.232.195.127 - - [28/Jun/2023:11:23:03 +0800] "POST /xingrg/kc/buy/cgsh_order_operate.html HTTP/1.1" 200 37
116.232.195.127 - - [28/Jun/2023:11:23:06 +0800] "POST /xingrg/kc/buy/cgsh_order_operate.html HTTP/1.1" 200 3247
180.165.154.167 - - [28/Jun/2023:11:23:08 +0800] "POST /xingrg/kc/base/wldb_order_operate.html HTTP/1.1" 200 37
101.83.145.52 - - [28/Jun/2023:11:23:08 +0800] "GET /xingrg/kc/buy/cgsh_order_operate.html?command=get_materiel&rest_code=00105&code=00101010079&supplier_code=00100336&order_time=2023-06-28 HTTP/1.1" 200 413
116.232.195.127 - - [28/Jun/2023:11:23:09 +0800] "GET /xingrg/kc/print/load_data.html?order_code=212023062810377&kc_code=cgsh&condition= HTTP/1.1" 200 911
180.165.154.167 - - [28/Jun/2023:11:23:09 +0800] "POST /xingrg/kc/base/wldb_order_operate.html HTTP/1.1" 200 10717
180.165.154.167 - - [28/Jun/2023:11:23:10 +0800] "GET /xingrg/kc/base/wldb_order_info.html?code=422023062802379 HTTP/1.1" 200 30406
180.165.154.167 - - [28/Jun/2023:11:23:10 +0800] "GET /xingrg/words/20230628102723_words.js HTTP/1.1" 304 -
180.165.154.167 - - [28/Jun/2023:11:23:10 +0800] "GET /xingrg/javascript/easyui/themes/default/validatebox.css HTTP/1.1" 404 1104
180.165.154.167 - - [28/Jun/2023:11:23:11 +0800] "POST /xingrg/kc/base/wldb_order_operate.html HTTP/1.1" 200 10717
222.70.180.90 - - [28/Jun/2023:11:23:13 +0800] "GET /xingrg/all/function/internal_message.html?_=1687922592094&CODE_STATE=getMsg HTTP/1.1" 200 27
114.85.39.217 - - [28/Jun/2023:11:23:15 +0800] "GET /xingrg/kc/buy/cgsh_order_operate.html?command=get_materiel&rest_code=00143&code=00101002048&supplier_code=00100207&order_time=2023-06-28 HTTP/1.1" 200 415
222.67.234.146 - - [28/Jun/2023:11:23:17 +0800] "GET /xingrg/all/function/internal_message.html?_=1687922085186&CODE_STATE=getMsg HTTP/1.1" 200 27
180.165.154.167 - - [28/Jun/2023:11:23:18 +0800] "POST /xingrg/kc/base/wldb_list_operate.html HTTP/1.1" 200 3828
120.253.135.82 - - [28/Jun/2023:11:23:19 +0800] "GET /xingrg/all/function/internal_message.html?_=1687922626222&CODE_STATE=getMsg HTTP/1.1" 200 27
61.170.233.201 - - [28/Jun/2023:11:23:21 +0800] "GET /xingrg/all/function/internal_message.html?_=1687922599694&CODE_STATE=getMsg HTTP/1.1" 200 27
114.85.39.217 - - [28/Jun/2023:11:23:22 +0800] "GET /xingrg/all/function/internal_message.html?_=1687921381755&CODE_STATE=getMsg HTTP/1.1" 200 27
180.169.147.146 - - [28/Jun/2023:11:23:22 +0800] "GET /xingrg/all/function/internal_message.html?_=1687922600903&CODE_STATE=getMsg HTTP/1.1" 200 27
61.170.233.201 - - [28/Jun/2023:11:23:22 +0800] "GET /xingrg/check_reg.html?_=1687922600797 HTTP/1.1" 200 22
101.83.145.52 - - [28/Jun/2023:11:23:23 +0800] "POST /xingrg/kc/buy/cgsh_order_operate.html HTTP/1.1" 200 37
116.238.96.78 - - [28/Jun/2023:11:23:25 +0800] "GET /xingrg/all/function/internal_message.html?_=1687922618222&CODE_STATE=getMsg HTTP/1.1" 200 27
101.83.145.52 - - [28/Jun/2023:11:23:25 +0800] "POST /xingrg/kc/buy/cgsh_order_operate.html HTTP/1.1" 200 2657
116.235.240.62 - - [28/Jun/2023:11:23:25 +0800] "GET /xingrg/all/function/internal_message.html?_=1687922615743&CODE_STATE=getMsg HTTP/1.1" 200 27
101.83.145.52 - - [28/Jun/2023:11:23:27 +0800] "GET /xingrg/all/function/internal_message.html?_=1687922427927&CODE_STATE=getMsg HTTP/1.1" 200 27
101.83.145.52 - - [28/Jun/2023:11:23:28 +0800] "GET /xingrg/kc/print/load_data.html?order_code=212023062810378&kc_code=cgsh&condition= HTTP/1.1" 200 664
116.238.96.78 - - [28/Jun/2023:11:23:28 +0800] "GET /xingrg/all/function/internal_message.html?_=1687922608816&CODE_STATE=getMsg HTTP/1.1" 200 27
222.70.114.12 - - [28/Jun/2023:11:23:34 +0800] "GET /xingrg/all/function/internal_message.html?_=1687922618714&CODE_STATE=getMsg HTTP/1.1" 200 27
114.85.113.108 - - [28/Jun/2023:11:23:37 +0800] "GET /xingrg/all/function/internal_message.html?_=1687922612229&CODE_STATE=getMsg HTTP/1.1" 200 27
180.157.251.128 - - [28/Jun/2023:11:23:39 +0800] "POST /xingrg/kc/buy/cgsh_order_operate.html HTTP/1.1" 200 37
180.157.251.128 - - [28/Jun/2023:11:23:42 +0800] "POST /xingrg/kc/buy/cgsh_order_operate.html HTTP/1.1" 200 25712
101.83.241.57 - - [28/Jun/2023:11:23:43 +0800] "GET /xingrg/check_reg.html?_=1687922737025 HTTP/1.1" 200 22
101.83.241.57 - - [28/Jun/2023:11:23:43 +0800] "GET /xingrg/all/function/internal_message.html?_=1687922737026&CODE_STATE=getMsg HTTP/1.1" 200 27
180.157.251.128 - - [28/Jun/2023:11:23:47 +0800] "GET /xingrg/all/function/internal_message.html?_=1687922628224&CODE_STATE=getMsg HTTP/1.1" 200 27
120.253.135.82 - - [28/Jun/2023:11:23:49 +0800] "GET /xingrg/all/function/internal_message.html?_=1687922459884&CODE_STATE=getMsg HTTP/1.1" 200 27
116.238.191.126 - - [28/Jun/2023:11:23:51 +0800] "GET /xingrg/all/function/internal_message.html?_=1687922550731&CODE_STATE=getMsg HTTP/1.1" 200 27
180.157.251.128 - - [28/Jun/2023:11:23:54 +0800] "GET /xingrg/kc/buy/cgsh_order_operate.html?command=get_materiel&rest_code=00148&code=00101008036&supplier_code=00100008&order_time=2023-06-28 HTTP/1.1" 200 408
120.253.135.82 - - [28/Jun/2023:11:23:55 +0800] "GET /xingrg/check_reg.html?_=1687922465663 HTTP/1.1" 200 22
120.253.135.82 - - [28/Jun/2023:11:23:55 +0800] "GET /xingrg/all/function/internal_message.html?_=1687922465913&CODE_STATE=getMsg HTTP/1.1" 200 27
116.232.195.127 - - [28/Jun/2023:11:24:01 +0800] "GET /xingrg/all/function/internal_message.html?_=1687922624826&CODE_STATE=getMsg HTTP/1.1" 200 27
101.229.22.40 - - [28/Jun/2023:11:24:03 +0800] "GET /xingrg/all/function/internal_message.html?_=1687922643043&CODE_STATE=getMsg HTTP/1.1" 200 27
101.229.22.40 - - [28/Jun/2023:11:24:03 +0800] "GET /xingrg/check_reg.html?_=1687922643047 HTTP/1.1" 200 22
180.165.154.167 - - [28/Jun/2023:11:24:03 +0800] "GET /xingrg/all/function/internal_message.html?_=1687922643199&CODE_STATE=getMsg HTTP/1.1" 200 27
180.157.251.128 - - [28/Jun/2023:11:24:05 +0800] "POST /xingrg/kc/buy/cgsh_order_operate.html HTTP/1.1" 200 37
180.157.251.128 - - [28/Jun/2023:11:24:08 +0800] "POST /xingrg/kc/buy/cgsh_order_operate.html HTTP/1.1" 200 26298
222.70.180.90 - - [28/Jun/2023:11:24:13 +0800] "GET /xingrg/all/function/internal_message.html?_=1687922652094&CODE_STATE=getMsg HTTP/1.1" 200 27
222.70.180.90 - - [28/Jun/2023:11:24:13 +0800] "GET /xingrg/check_reg.html?_=1687922652097 HTTP/1.1" 200 22
180.157.251.128 - - [28/Jun/2023:11:24:15 +0800] "GET /xingrg/kc/print/load_config.html?kc_code=cgsh HTTP/1.1" 200 1924
180.157.251.128 - - [28/Jun/2023:11:24:16 +0800] "GET /xingrg/kc/print/load_data.html?order_code=212023062810363&kc_code=cgsh&condition= HTTP/1.1" 200 9600
222.67.234.146 - - [28/Jun/2023:11:24:17 +0800] "GET /xingrg/all/function/internal_message.html?_=1687922145185&CODE_STATE=getMsg HTTP/1.1" 200 27
120.253.135.82 - - [28/Jun/2023:11:24:19 +0800] "GET /xingrg/check_reg.html?_=1687922686258 HTTP/1.1" 200 22
120.253.135.82 - - [28/Jun/2023:11:24:19 +0800] "GET /xingrg/all/function/internal_message.html?_=1687922686255&CODE_STATE=getMsg HTTP/1.1" 200 27
101.83.145.52 - - [28/Jun/2023:11:24:20 +0800] "GET /xingrg/kc/buy/cgsh_order_add.html HTTP/1.1" 200 71702
101.83.145.52 - - [28/Jun/2023:11:24:21 +0800] "POST /xingrg/kc/buy/cgsh_order_operate.html HTTP/1.1" 200 8245
101.83.145.52 - - [28/Jun/2023:11:24:21 +0800] "GET /xingrg/javascript/easyui/themes/default/validatebox.css HTTP/1.1" 404 1104
61.170.233.201 - - [28/Jun/2023:11:24:21 +0800] "GET /xingrg/all/function/internal_message.html?_=1687922659680&CODE_STATE=getMsg HTTP/1.1" 200 27
114.85.39.217 - - [28/Jun/2023:11:24:22 +0800] "GET /xingrg/all/function/internal_message.html?_=1687921441787&CODE_STATE=getMsg HTTP/1.1" 200 27
180.169.147.146 - - [28/Jun/2023:11:24:22 +0800] "GET /xingrg/all/function/internal_message.html?_=1687922660904&CODE_STATE=getMsg HTTP/1.1" 200 27
116.238.96.78 - - [28/Jun/2023:11:24:25 +0800] "GET /xingrg/all/function/internal_message.html?_=1687922678192&CODE_STATE=getMsg HTTP/1.1" 200 27
116.235.240.62 - - [28/Jun/2023:11:24:26 +0800] "GET /xingrg/all/function/internal_message.html?_=1687922676031&CODE_STATE=getMsg HTTP/1.1" 200 27
101.83.145.52 - - [28/Jun/2023:11:24:27 +0800] "GET /xingrg/all/function/internal_message.html?_=1687922487909&CODE_STATE=getMsg HTTP/1.1" 200 27
116.238.96.78 - - [28/Jun/2023:11:24:28 +0800] "GET /xingrg/all/function/internal_message.html?_=1687922668794&CODE_STATE=getMsg HTTP/1.1" 200 27
180.169.147.146 - - [28/Jun/2023:11:24:33 +0800] "GET /xingrg/check_reg.html?_=1687922672626 HTTP/1.1" 200 22
222.70.114.12 - - [28/Jun/2023:11:24:34 +0800] "GET /xingrg/all/function/internal_message.html?_=1687922678712&CODE_STATE=getMsg HTTP/1.1" 200 27
114.85.113.108 - - [28/Jun/2023:11:24:37 +0800] "GET /xingrg/all/function/internal_message.html?_=1687922672201&CODE_STATE=getMsg HTTP/1.1" 200 27
101.83.241.57 - - [28/Jun/2023:11:24:43 +0800] "GET /xingrg/all/function/internal_message.html?_=1687922797026&CODE_STATE=getMsg HTTP/1.1" 200 27
180.157.251.128 - - [28/Jun/2023:11:24:47 +0800] "GET /xingrg/all/function/internal_message.html?_=1687922688253&CODE_STATE=getMsg HTTP/1.1" 200 27
120.253.135.82 - - [28/Jun/2023:11:24:49 +0800] "GET /xingrg/all/function/internal_message.html?_=1687922519897&CODE_STATE=getMsg HTTP/1.1" 200 27
114.85.39.217 - - [28/Jun/2023:11:24:50 +0800] "GET /xingrg/kc/buy/cgsh_order_operate.html?command=get_materiel&rest_code=00143&code=00101009122&supplier_code=00100207&order_time=2023-06-28 HTTP/1.1" 200 407
116.238.191.126 - - [28/Jun/2023:11:24:51 +0800] "GET /xingrg/all/function/internal_message.html?_=1687922610745&CODE_STATE=getMsg HTTP/1.1" 200 27
116.238.191.126 - - [28/Jun/2023:11:24:52 +0800] "POST /xingrg/all/user/operate.html HTTP/1.1" 200 36
116.238.191.126 - - [28/Jun/2023:11:24:52 +0800] "GET /xingrg/index.html?sysBaseUrl=http%3A%2F%2F180.169.147.146%3A18081%2Fxingrg%2F&costTime=1002×tamp=1687910568207 HTTP/1.1" 200 17179
116.238.191.126 - - [28/Jun/2023:11:24:52 +0800] "GET /xingrg/javascript/jquery_easy_ui/themes/default/easyui.css HTTP/1.1" 304 -
116.238.191.126 - - [28/Jun/2023:11:24:52 +0800] "GET /xingrg/javascript/jquery_easy_ui/themes/icon.css HTTP/1.1" 304 -
116.238.191.126 - - [28/Jun/2023:11:24:52 +0800] "GET /xingrg/css/form.css HTTP/1.1" 304 -
116.238.191.126 - - [28/Jun/2023:11:24:52 +0800] "GET /xingrg/javascript/jquery-1.4.2.min.js HTTP/1.1" 304 -
116.235.240.62 - - [28/Jun/2023:11:24:52 +0800] "GET /xingrg/check_reg.html?_=1687922702743 HTTP/1.1" 200 22
116.238.191.126 - - [28/Jun/2023:11:24:52 +0800] "GET /xingrg/javascript/jquery_easy_ui/jquery.easyui.min.js HTTP/1.1" 304 -
116.238.191.126 - - [28/Jun/2023:11:24:52 +0800] "GET /xingrg/javascript/jquery_easy_ui/easyui-lang-zh_CN.js HTTP/1.1" 304 -
116.238.191.126 - - [28/Jun/2023:11:24:52 +0800] "GET /xingrg/javascript/jquery.form.js HTTP/1.1" 304 -
116.238.191.126 - - [28/Jun/2023:11:24:53 +0800] "GET /xingrg/javascript/jquery.utils.js HTTP/1.1" 304 -
116.238.191.126 - - [28/Jun/2023:11:24:53 +0800] "GET /xingrg/javascript/jquery.timers.js HTTP/1.1" 304 -
116.238.191.126 - - [28/Jun/2023:11:24:53 +0800] "GET /xingrg/images/blue/navBackgound.jpg HTTP/1.1" 304 -
116.238.191.126 - - [28/Jun/2023:11:24:53 +0800] "GET /xingrg/images/blue/jxLogo.png HTTP/1.1" 304 -
116.238.191.126 - - [28/Jun/2023:11:24:53 +0800] "GET /xingrg/javascript/jquery_easy_ui/themes/icons/settle_new.png HTTP/1.1" 304 -
116.238.191.126 - - [28/Jun/2023:11:24:53 +0800] "GET /xingrg/images/blue/pingpu.png HTTP/1.1" 304 -
116.238.191.126 - - [28/Jun/2023:11:24:53 +0800] "GET /xingrg/javascript/jquery_easy_ui/themes/default/images/tabs_leftarrow.png HTTP/1.1" 304 -
116.238.191.126 - - [28/Jun/2023:11:24:53 +0800] "GET /xingrg/javascript/jquery_easy_ui/themes/default/images/panel_tool_collapse.gif HTTP/1.1" 304 -
116.238.191.126 - - [28/Jun/2023:11:24:53 +0800] "GET /xingrg/javascript/jquery_easy_ui/themes/default/images/tabs_rightarrow.png HTTP/1.1" 304 -
116.238.191.126 - - [28/Jun/2023:11:24:53 +0800] "GET /xingrg/check_reg.html?_=1687922612732 HTTP/1.1" 200 22
116.238.191.126 - - [28/Jun/2023:11:24:53 +0800] "GET /xingrg/all/function/internal_message.html?_=1687922612731&CODE_STATE=count HTTP/1.1" 200 11
116.238.191.126 - - [28/Jun/2023:11:24:53 +0800] "POST /xingrg/all/common/load_tree.html?tree=area_rest_tree_json&manage=1 HTTP/1.1" 200 476
116.238.191.126 - - [28/Jun/2023:11:24:53 +0800] "POST /xingrg/load_menu.html HTTP/1.1" 200 5138
120.253.135.82 - - [28/Jun/2023:11:24:55 +0800] "GET /xingrg/all/function/internal_message.html?_=1687922525919&CODE_STATE=getMsg HTTP/1.1" 200 27
116.238.191.126 - - [28/Jun/2023:11:24:57 +0800] "GET /xingrg/kc/buy/cgsh_order_list.html HTTP/1.1" 200 55844
116.232.195.127 - - [28/Jun/2023:11:25:00 +0800] "GET /xingrg/check_reg.html?_=1687922684201 HTTP/1.1" 200 22
116.238.191.126 - - [28/Jun/2023:11:25:00 +0800] "POST /xingrg/kc/buy/cgsh_list_operate.html HTTP/1.1" 200 986
116.232.195.127 - - [28/Jun/2023:11:25:00 +0800] "GET /xingrg/all/function/internal_message.html?_=1687922684801&CODE_STATE=getMsg HTTP/1.1" 200 27
116.238.191.126 - - [28/Jun/2023:11:25:02 +0800] "GET /xingrg/kc/buy/cgsh_order_add.html HTTP/1.1" 200 71676
116.238.191.126 - - [28/Jun/2023:11:25:02 +0800] "GET /xingrg/words/20230628102723_words.js HTTP/1.1" 200 970900
116.238.191.126 - - [28/Jun/2023:11:25:03 +0800] "POST /xingrg/kc/buy/cgsh_order_operate.html HTTP/1.1" 200 8245
101.229.22.40 - - [28/Jun/2023:11:25:03 +0800] "GET /xingrg/all/function/internal_message.html?_=1687922703047&CODE_STATE=getMsg HTTP/1.1" 200 27
116.238.191.126 - - [28/Jun/2023:11:25:03 +0800] "GET /xingrg/javascript/easyui/themes/default/validatebox.css HTTP/1.1" 404 1104
180.165.154.167 - - [28/Jun/2023:11:25:03 +0800] "GET /xingrg/all/function/internal_message.html?_=1687922703170&CODE_STATE=getMsg HTTP/1.1" 200 27
116.238.191.126 - - [28/Jun/2023:11:25:04 +0800] "GET /xingrg/javascript/auto/indicator.gif HTTP/1.1" 404 1066
180.157.251.128 - - [28/Jun/2023:11:25:07 +0800] "GET /xingrg/kc/buy/cgsh_order_add.html HTTP/1.1" 200 71614
180.157.251.128 - - [28/Jun/2023:11:25:08 +0800] "POST /xingrg/kc/buy/cgsh_order_operate.html HTTP/1.1" 200 8245
180.157.251.128 - - [28/Jun/2023:11:25:08 +0800] "GET /xingrg/javascript/easyui/themes/default/validatebox.css HTTP/1.1" 404 1104
101.83.145.52 - - [28/Jun/2023:11:25:13 +0800] "GET /xingrg/kc/buy/cgsh_order_operate.html?command=get_materiel&rest_code=00105&code=00101021021&supplier_code=00100479&order_time=2023-06-28 HTTP/1.1" 200 416
222.70.180.90 - - [28/Jun/2023:11:25:13 +0800] "GET /xingrg/all/function/internal_message.html?_=1687922712097&CODE_STATE=getMsg HTTP/1.1" 200 27
116.238.96.78 - - [28/Jun/2023:11:25:13 +0800] "GET /xingrg/check_reg.html?_=1687922726928 HTTP/1.1" 200 22
116.238.191.126 - - [28/Jun/2023:11:25:14 +0800] "GET /xingrg/kc/buy/cgsh_order_operate.html?command=get_materiel&rest_code=00150&code=00101001037&supplier_code=00100090&order_time=2023-06-28 HTTP/1.1" 200 418
222.67.234.146 - - [28/Jun/2023:11:25:17 +0800] "GET /xingrg/all/function/internal_message.html?_=1687922205184&CODE_STATE=getMsg HTTP/1.1" 200 27
120.253.135.82 - - [28/Jun/2023:11:25:19 +0800] "GET /xingrg/all/function/internal_message.html?_=1687922746238&CODE_STATE=getMsg HTTP/1.1" 200 27
61.170.233.201 - - [28/Jun/2023:11:25:21 +0800] "GET /xingrg/all/function/internal_message.html?_=1687922719665&CODE_STATE=getMsg HTTP/1.1" 200 27
114.85.39.217 - - [28/Jun/2023:11:25:22 +0800] "GET /xingrg/all/function/internal_message.html?_=1687921501793&CODE_STATE=getMsg HTTP/1.1" 200 27
180.169.147.146 - - [28/Jun/2023:11:25:22 +0800] "GET /xingrg/all/function/internal_message.html?_=1687922720905&CODE_STATE=getMsg HTTP/1.1" 200 27
116.238.96.78 - - [28/Jun/2023:11:25:25 +0800] "GET /xingrg/all/function/internal_message.html?_=1687922738163&CODE_STATE=getMsg HTTP/1.1" 200 27
116.235.240.62 - - [28/Jun/2023:11:25:26 +0800] "GET /xingrg/all/function/internal_message.html?_=1687922736034&CODE_STATE=getMsg HTTP/1.1" 200 27
101.83.145.52 - - [28/Jun/2023:11:25:27 +0800] "GET /xingrg/all/function/internal_message.html?_=1687922547898&CODE_STATE=getMsg HTTP/1.1" 200 27
101.83.145.52 - - [28/Jun/2023:11:25:27 +0800] "GET /xingrg/check_reg.html?_=1687922548748 HTTP/1.1" 200 22
116.238.96.78 - - [28/Jun/2023:11:25:28 +0800] "GET /xingrg/all/function/internal_message.html?_=1687922728785&CODE_STATE=getMsg HTTP/1.1" 200 27
116.238.191.126 - - [28/Jun/2023:11:25:32 +0800] "POST /xingrg/kc/buy/cgsh_order_operate.html HTTP/1.1" 200 37
222.70.114.12 - - [28/Jun/2023:11:25:34 +0800] "GET /xingrg/all/function/internal_message.html?_=1687922738710&CODE_STATE=getMsg HTTP/1.1" 200 27
222.70.114.12 - - [28/Jun/2023:11:25:34 +0800] "GET /xingrg/check_reg.html?_=1687922738711 HTTP/1.1" 200 22
114.85.113.108 - - [28/Jun/2023:11:25:37 +0800] "GET /xingrg/all/function/internal_message.html?_=1687922732190&CODE_STATE=getMsg HTTP/1.1" 200 27
116.238.191.126 - - [28/Jun/2023:11:25:41 +0800] "POST /xingrg/kc/buy/cgsh_order_operate.html HTTP/1.1" 200 12
101.83.241.57 - - [28/Jun/2023:11:25:43 +0800] "GET /xingrg/all/function/internal_message.html?_=1687922857023&CODE_STATE=getMsg HTTP/1.1" 200 27
116.238.191.126 - - [28/Jun/2023:11:25:43 +0800] "GET /xingrg/kc/buy/cgsh_order_info.html?code=212023062810379 HTTP/1.1" 200 66593
116.238.191.126 - - [28/Jun/2023:11:25:44 +0800] "GET /xingrg/javascript/easyui/themes/default/validatebox.css HTTP/1.1" 404 1104
116.238.191.126 - - [28/Jun/2023:11:25:45 +0800] "POST /xingrg/kc/buy/cgsh_order_operate.html HTTP/1.1" 200 613
180.157.251.128 - - [28/Jun/2023:11:25:47 +0800] "GET /xingrg/all/function/internal_message.html?_=1687922748253&CODE_STATE=getMsg HTTP/1.1" 200 27
116.238.191.126 - - [28/Jun/2023:11:25:48 +0800] "GET /xingrg/kc/print/load_data.html?order_code=212023062810379&kc_code=cgsh&condition= HTTP/1.1" 200 807
120.253.135.82 - - [28/Jun/2023:11:25:49 +0800] "GET /xingrg/all/function/internal_message.html?_=1687922579943&CODE_STATE=getMsg HTTP/1.1" 200 27
116.238.191.126 - - [28/Jun/2023:11:25:53 +0800] "GET /xingrg/all/function/internal_message.html?_=1687922672799&CODE_STATE=getMsg HTTP/1.1" 200 27
114.85.113.108 - - [28/Jun/2023:11:25:54 +0800] "GET /xingrg/check_reg.html?_=1687922749135 HTTP/1.1" 200 22
120.253.135.82 - - [28/Jun/2023:11:25:55 +0800] "GET /xingrg/all/function/internal_message.html?_=1687922585931&CODE_STATE=getMsg HTTP/1.1" 200 27
116.238.191.126 - - [28/Jun/2023:11:25:56 +0800] "GET /xingrg/kc/buy/cgsh_order_add.html HTTP/1.1" 200 71676
116.238.191.126 - - [28/Jun/2023:11:25:56 +0800] "POST /xingrg/kc/buy/cgsh_order_operate.html HTTP/1.1" 200 8245
116.238.191.126 - - [28/Jun/2023:11:25:56 +0800] "GET /xingrg/javascript/easyui/themes/default/validatebox.css HTTP/1.1" 404 1104
114.85.39.217 - - [28/Jun/2023:11:26:00 +0800] "GET /xingrg/kc/buy/cgsh_order_operate.html?command=get_materiel&rest_code=00143&code=00101006128&supplier_code=00100207&order_time=2023-06-28 HTTP/1.1" 200 429
116.232.195.127 - - [28/Jun/2023:11:26:00 +0800] "GET /xingrg/all/function/internal_message.html?_=1687922744783&CODE_STATE=getMsg HTTP/1.1" 200 27
101.229.22.40 - - [28/Jun/2023:11:26:03 +0800] "GET /xingrg/all/function/internal_message.html?_=1687922763047&CODE_STATE=getMsg HTTP/1.1" 200 27
180.165.154.167 - - [28/Jun/2023:11:26:03 +0800] "GET /xingrg/all/function/internal_message.html?_=1687922763145&CODE_STATE=getMsg HTTP/1.1" 200 27
101.83.145.52 - - [28/Jun/2023:11:26:10 +0800] "POST /xingrg/kc/buy/cgsh_order_operate.html HTTP/1.1" 200 37
116.238.191.126 - - [28/Jun/2023:11:26:10 +0800] "GET /xingrg/kc/buy/cgsh_order_operate.html?command=get_materiel&rest_code=00150&code=00101002038&supplier_code=00100087&order_time=2023-06-28 HTTP/1.1" 200 418
101.83.145.52 - - [28/Jun/2023:11:26:12 +0800] "POST /xingrg/kc/buy/cgsh_order_operate.html HTTP/1.1" 200 2659
222.70.180.90 - - [28/Jun/2023:11:26:13 +0800] "GET /xingrg/all/function/internal_message.html?_=1687922772097&CODE_STATE=getMsg HTTP/1.1" 200 27
101.83.145.52 - - [28/Jun/2023:11:26:15 +0800] "GET /xingrg/kc/print/load_data.html?order_code=212023062810380&kc_code=cgsh&condition= HTTP/1.1" 200 675
222.67.234.146 - - [28/Jun/2023:11:26:17 +0800] "GET /xingrg/all/function/internal_message.html?_=1687922265210&CODE_STATE=getMsg HTTP/1.1" 200 27
222.67.234.146 - - [28/Jun/2023:11:26:17 +0800] "GET /xingrg/check_reg.html?_=1687922265374 HTTP/1.1" 200 22
120.253.135.82 - - [28/Jun/2023:11:26:19 +0800] "GET /xingrg/all/function/internal_message.html?_=1687922806231&CODE_STATE=getMsg HTTP/1.1" 200 27
61.170.233.201 - - [28/Jun/2023:11:26:21 +0800] "GET /xingrg/all/function/internal_message.html?_=1687922779639&CODE_STATE=getMsg HTTP/1.1" 200 27
114.85.39.217 - - [28/Jun/2023:11:26:22 +0800] "GET /xingrg/all/function/internal_message.html?_=1687921561776&CODE_STATE=getMsg HTTP/1.1" 200 27
180.169.147.146 - - [28/Jun/2023:11:26:22 +0800] "GET /xingrg/all/function/internal_message.html?_=1687922780905&CODE_STATE=getMsg HTTP/1.1" 200 27
116.238.96.78 - - [28/Jun/2023:11:26:25 +0800] "GET /xingrg/all/function/internal_message.html?_=1687922798151&CODE_STATE=getMsg HTTP/1.1" 200 27
116.235.240.62 - - [28/Jun/2023:11:26:26 +0800] "GET /xingrg/all/function/internal_message.html?_=1687922796048&CODE_STATE=getMsg HTTP/1.1" 200 27
101.83.145.52 - - [28/Jun/2023:11:26:27 +0800] "GET /xingrg/all/function/internal_message.html?_=1687922607871&CODE_STATE=getMsg HTTP/1.1" 200 27
116.238.96.78 - - [28/Jun/2023:11:26:28 +0800] "GET /xingrg/all/function/internal_message.html?_=1687922788761&CODE_STATE=getMsg HTTP/1.1" 200 27
116.238.191.126 - - [28/Jun/2023:11:26:31 +0800] "GET /xingrg/kc/buy/cgsh_order_operate.html?command=get_materiel&rest_code=00150&code=00101002003&supplier_code=00100087&order_time=2023-06-28 HTTP/1.1" 200 426
222.70.114.12 - - [28/Jun/2023:11:26:34 +0800] "GET /xingrg/all/function/internal_message.html?_=1687922798735&CODE_STATE=getMsg HTTP/1.1" 200 27
114.85.113.108 - - [28/Jun/2023:11:26:37 +0800] "GET /xingrg/all/function/internal_message.html?_=1687922792162&CODE_STATE=getMsg HTTP/1.1" 200 27
101.83.241.57 - - [28/Jun/2023:11:26:43 +0800] "GET /xingrg/all/function/internal_message.html?_=1687922917028&CODE_STATE=getMsg HTTP/1.1" 200 27
101.83.145.52 - - [28/Jun/2023:11:26:44 +0800] "GET /xingrg/kc/buy/cgsh_order_add.html HTTP/1.1" 200 71702
101.83.145.52 - - [28/Jun/2023:11:26:45 +0800] "POST /xingrg/kc/buy/cgsh_order_operate.html HTTP/1.1" 200 8245
101.83.145.52 - - [28/Jun/2023:11:26:45 +0800] "GET /xingrg/javascript/easyui/themes/default/validatebox.css HTTP/1.1" 404 1104
114.85.39.217 - - [28/Jun/2023:11:26:46 +0800] "GET /xingrg/kc/buy/cgsh_order_operate.html?command=get_materiel&rest_code=00143&code=00101006028&supplier_code=00100207&order_time=2023-06-28 HTTP/1.1" 200 417
180.157.251.128 - - [28/Jun/2023:11:26:47 +0800] "GET /xingrg/check_reg.html?_=1687922808243 HTTP/1.1" 200 22
180.157.251.128 - - [28/Jun/2023:11:26:47 +0800] "GET /xingrg/all/function/internal_message.html?_=1687922808246&CODE_STATE=getMsg HTTP/1.1" 200 27
120.253.135.82 - - [28/Jun/2023:11:26:49 +0800] "GET /xingrg/all/function/internal_message.html?_=1687922639954&CODE_STATE=getMsg HTTP/1.1" 200 27
116.238.191.126 - - [28/Jun/2023:11:26:51 +0800] "POST /xingrg/kc/buy/cgsh_order_operate.html HTTP/1.1" 200 37
120.253.135.82 - - [28/Jun/2023:11:26:55 +0800] "GET /xingrg/all/function/internal_message.html?_=1687922645947&CODE_STATE=getMsg HTTP/1.1" 200 27
116.232.195.127 - - [28/Jun/2023:11:27:00 +0800] "GET /xingrg/all/function/internal_message.html?_=1687922804775&CODE_STATE=getMsg HTTP/1.1" 200 27
101.229.22.40 - - [28/Jun/2023:11:27:03 +0800] "GET /xingrg/all/function/internal_message.html?_=1687922823072&CODE_STATE=getMsg HTTP/1.1" 200 27
180.165.154.167 - - [28/Jun/2023:11:27:03 +0800] "GET /xingrg/all/function/internal_message.html?_=1687922823127&CODE_STATE=getMsg HTTP/1.1" 200 27
116.238.191.126 - - [28/Jun/2023:11:27:11 +0800] "POST /xingrg/kc/buy/cgsh_order_operate.html HTTP/1.1" 200 12
101.83.145.52 - - [28/Jun/2023:11:27:12 +0800] "GET /xingrg/kc/buy/cgsh_order_operate.html?command=get_materiel&rest_code=00105&code=00101001141&supplier_code=00100327&order_time=2023-06-28 HTTP/1.1" 200 413
222.70.180.90 - - [28/Jun/2023:11:27:13 +0800] "GET /xingrg/all/function/internal_message.html?_=1687922832099&CODE_STATE=getMsg HTTP/1.1" 200 27
116.238.191.126 - - [28/Jun/2023:11:27:14 +0800] "GET /xingrg/all/function/internal_message.html?_=1687922754189&CODE_STATE=getMsg HTTP/1.1" 200 27
116.238.191.126 - - [28/Jun/2023:11:27:14 +0800] "GET /xingrg/kc/buy/cgsh_order_info.html?code=212023062810381 HTTP/1.1" 200 66589
116.238.191.126 - - [28/Jun/2023:11:27:15 +0800] "GET /xingrg/javascript/easyui/themes/default/validatebox.css HTTP/1.1" 404 1104
116.238.191.126 - - [28/Jun/2023:11:27:16 +0800] "POST /xingrg/kc/buy/cgsh_order_operate.html HTTP/1.1" 200 1227
222.67.234.146 - - [28/Jun/2023:11:27:17 +0800] "GET /xingrg/all/function/internal_message.html?_=1687922325218&CODE_STATE=getMsg HTTP/1.1" 200 27
120.253.135.82 - - [28/Jun/2023:11:27:19 +0800] "GET /xingrg/all/function/internal_message.html?_=1687922866231&CODE_STATE=getMsg HTTP/1.1" 200 27
61.170.233.201 - - [28/Jun/2023:11:27:21 +0800] "GET /xingrg/all/function/internal_message.html?_=1687922839625&CODE_STATE=getMsg HTTP/1.1" 200 27
114.85.39.217 - - [28/Jun/2023:11:27:22 +0800] "GET /xingrg/all/function/internal_message.html?_=1687921621775&CODE_STATE=getMsg HTTP/1.1" 200 27
114.85.39.217 - - [28/Jun/2023:11:27:22 +0800] "GET /xingrg/check_reg.html?_=1687921621785 HTTP/1.1" 200 22
180.169.147.146 - - [28/Jun/2023:11:27:22 +0800] "GET /xingrg/all/function/internal_message.html?_=1687922840905&CODE_STATE=getMsg HTTP/1.1" 200 27
180.169.147.146 - - [28/Jun/2023:11:27:22 +0800] "GET /xingrg/check_reg.html?_=1687922840906 HTTP/1.1" 200 22
116.238.96.78 - - [28/Jun/2023:11:27:25 +0800] "GET /xingrg/all/function/internal_message.html?_=1687922858134&CODE_STATE=getMsg HTTP/1.1" 200 27
116.235.240.62 - - [28/Jun/2023:11:27:26 +0800] "GET /xingrg/all/function/internal_message.html?_=1687922856290&CODE_STATE=getMsg HTTP/1.1" 200 27
101.83.145.52 - - [28/Jun/2023:11:27:27 +0800] "GET /xingrg/all/function/internal_message.html?_=1687922667866&CODE_STATE=getMsg HTTP/1.1" 200 27
116.238.96.78 - - [28/Jun/2023:11:27:28 +0800] "GET /xingrg/all/function/internal_message.html?_=1687922848761&CODE_STATE=getMsg HTTP/1.1" 200 27
116.238.191.126 - - [28/Jun/2023:11:27:28 +0800] "GET /xingrg/kc/print/load_data.html?order_code=212023062810381&kc_code=cgsh&condition= HTTP/1.1" 200 1036
116.238.96.78 - - [28/Jun/2023:11:27:29 +0800] "GET /xingrg/check_reg.html?_=1687922850071 HTTP/1.1" 200 22
222.70.114.12 - - [28/Jun/2023:11:27:34 +0800] "GET /xingrg/all/function/internal_message.html?_=1687922858748&CODE_STATE=getMsg HTTP/1.1" 200 27
180.157.251.128 - - [28/Jun/2023:11:27:37 +0800] "GET /xingrg/kc/buy/cgsh_order_operate.html?command=get_materiel&rest_code=00148&code=00101006111&supplier_code=00100096&order_time=2023-06-28 HTTP/1.1" 200 411
101.83.145.52 - - [28/Jun/2023:11:27:37 +0800] "GET /xingrg/kc/buy/cgsh_order_operate.html?command=get_materiel&rest_code=00105&code=00101015100&supplier_code=00100327&order_time=2023-06-28 HTTP/1.1" 200 426
114.85.113.108 - - [28/Jun/2023:11:27:37 +0800] "GET /xingrg/all/function/internal_message.html?_=1687922852143&CODE_STATE=getMsg HTTP/1.1" 200 27
101.83.241.57 - - [28/Jun/2023:11:27:43 +0800] "GET /xingrg/all/function/internal_message.html?_=1687922977022&CODE_STATE=getMsg HTTP/1.1" 200 27
180.157.251.128 - - [28/Jun/2023:11:27:47 +0800] "GET /xingrg/all/function/internal_message.html?_=1687922868239&CODE_STATE=getMsg HTTP/1.1" 200 27
120.253.135.82 - - [28/Jun/2023:11:27:49 +0800] "GET /xingrg/check_reg.html?_=1687922699127 HTTP/1.1" 200 22
120.253.135.82 - - [28/Jun/2023:11:27:49 +0800] "GET /xingrg/all/function/internal_message.html?_=1687922699969&CODE_STATE=getMsg HTTP/1.1" 200 27
120.253.135.82 - - [28/Jun/2023:11:27:55 +0800] "GET /xingrg/all/function/internal_message.html?_=1687922705959&CODE_STATE=getMsg HTTP/1.1" 200 27
116.232.195.127 - - [28/Jun/2023:11:28:00 +0800] "GET /xingrg/all/function/internal_message.html?_=1687922864756&CODE_STATE=getMsg HTTP/1.1" 200 27
101.229.22.40 - - [28/Jun/2023:11:28:03 +0800] "GET /xingrg/all/function/internal_message.html?_=1687922883072&CODE_STATE=getMsg HTTP/1.1" 200 27
180.165.154.167 - - [28/Jun/2023:11:28:03 +0800] "GET /xingrg/all/function/internal_message.html?_=1687922883113&CODE_STATE=getMsg HTTP/1.1" 200 27
180.165.154.167 - - [28/Jun/2023:11:28:03 +0800] "GET /xingrg/check_reg.html?_=1687922883369 HTTP/1.1" 200 22
116.238.191.126 - - [28/Jun/2023:11:28:08 +0800] "GET /xingrg/kc/buy/cgsh_order_add.html HTTP/1.1" 200 71676
116.238.191.126 - - [28/Jun/2023:11:28:08 +0800] "POST /xingrg/kc/buy/cgsh_order_operate.html HTTP/1.1" 200 8245
116.238.191.126 - - [28/Jun/2023:11:28:08 +0800] "GET /xingrg/javascript/easyui/themes/default/validatebox.css HTTP/1.1" 404 1104
222.70.180.90 - - [28/Jun/2023:11:28:13 +0800] "GET /xingrg/all/function/internal_message.html?_=1687922892099&CODE_STATE=getMsg HTTP/1.1" 200 27
116.238.191.126 - - [28/Jun/2023:11:28:14 +0800] "GET /xingrg/all/function/internal_message.html?_=1687922814201&CODE_STATE=getMsg HTTP/1.1" 200 27
222.67.234.146 - - [28/Jun/2023:11:28:17 +0800] "GET /xingrg/all/function/internal_message.html?_=1687922385216&CODE_STATE=getMsg HTTP/1.1" 200 27
120.253.135.82 - - [28/Jun/2023:11:28:19 +0800] "GET /xingrg/all/function/internal_message.html?_=1687922926230&CODE_STATE=getMsg HTTP/1.1" 200 27
101.83.145.52 - - [28/Jun/2023:11:28:20 +0800] "POST /xingrg/kc/buy/cgsh_order_operate.html HTTP/1.1" 200 37
61.170.233.201 - - [28/Jun/2023:11:28:21 +0800] "GET /xingrg/all/function/internal_message.html?_=1687922899599&CODE_STATE=getMsg HTTP/1.1" 200 27
114.85.39.217 - - [28/Jun/2023:11:28:22 +0800] "GET /xingrg/all/function/internal_message.html?_=1687921681775&CODE_STATE=getMsg HTTP/1.1" 200 27
180.169.147.146 - - [28/Jun/2023:11:28:22 +0800] "GET /xingrg/all/function/internal_message.html?_=1687922900904&CODE_STATE=getMsg HTTP/1.1" 200 27
61.170.233.201 - - [28/Jun/2023:11:28:22 +0800] "GET /xingrg/check_reg.html?_=1687922900775 HTTP/1.1" 200 22
101.83.145.52 - - [28/Jun/2023:11:28:23 +0800] "POST /xingrg/kc/buy/cgsh_order_operate.html HTTP/1.1" 200 3265
116.238.96.78 - - [28/Jun/2023:11:28:25 +0800] "GET /xingrg/all/function/internal_message.html?_=1687922918131&CODE_STATE=getMsg HTTP/1.1" 200 27
116.235.240.62 - - [28/Jun/2023:11:28:26 +0800] "GET /xingrg/all/function/internal_message.html?_=1687922916293&CODE_STATE=getMsg HTTP/1.1" 200 27
101.83.145.52 - - [28/Jun/2023:11:28:26 +0800] "GET /xingrg/kc/print/load_data.html?order_code=212023062810382&kc_code=cgsh&condition= HTTP/1.1" 200 906
101.83.145.52 - - [28/Jun/2023:11:28:27 +0800] "GET /xingrg/all/function/internal_message.html?_=1687922728328&CODE_STATE=getMsg HTTP/1.1" 200 27
120.253.135.82 - - [28/Jun/2023:11:28:28 +0800] "GET /xingrg/kc/pszx/mdqp_order_list.html?state=10 HTTP/1.1" 200 10275
120.253.135.82 - - [28/Jun/2023:11:28:28 +0800] "GET /xingrg/dwr/engine.js HTTP/1.1" 200 43631
120.253.135.82 - - [28/Jun/2023:11:28:28 +0800] "GET /xingrg/dwr/interface/AjaxReportQueryService.js HTTP/1.1" 200 13203
120.253.135.82 - - [28/Jun/2023:11:28:28 +0800] "GET /xingrg/dwr/interface/AjaxQqpsService.js HTTP/1.1" 200 16326
116.238.96.78 - - [28/Jun/2023:11:28:28 +0800] "GET /xingrg/all/function/internal_message.html?_=1687922908745&CODE_STATE=getMsg HTTP/1.1" 200 27
222.70.114.12 - - [28/Jun/2023:11:28:34 +0800] "GET /xingrg/all/function/internal_message.html?_=1687922918745&CODE_STATE=getMsg HTTP/1.1" 200 27
114.85.113.108 - - [28/Jun/2023:11:28:37 +0800] "GET /xingrg/all/function/internal_message.html?_=1687922912130&CODE_STATE=getMsg HTTP/1.1" 200 27
101.83.241.57 - - [28/Jun/2023:11:28:43 +0800] "GET /xingrg/all/function/internal_message.html?_=1687923037030&CODE_STATE=getMsg HTTP/1.1" 200 27
101.83.241.57 - - [28/Jun/2023:11:28:43 +0800] "GET /xingrg/check_reg.html?_=1687923037031 HTTP/1.1" 200 22
116.238.191.126 - - [28/Jun/2023:11:28:45 +0800] "GET /xingrg/kc/buy/cgsh_order_operate.html?command=get_materiel&rest_code=00150&code=00101002006&supplier_code=00100091&order_time=2023-06-28 HTTP/1.1" 200 415
180.157.251.128 - - [28/Jun/2023:11:28:47 +0800] "GET /xingrg/all/function/internal_message.html?_=1687922928250&CODE_STATE=getMsg HTTP/1.1" 200 27
120.253.135.82 - - [28/Jun/2023:11:28:49 +0800] "GET /xingrg/all/function/internal_message.html?_=1687922759982&CODE_STATE=getMsg HTTP/1.1" 200 27
120.253.135.82 - - [28/Jun/2023:11:28:55 +0800] "GET /xingrg/check_reg.html?_=1687922765682 HTTP/1.1" 200 22
120.253.135.82 - - [28/Jun/2023:11:28:55 +0800] "GET /xingrg/all/function/internal_message.html?_=1687922765973&CODE_STATE=getMsg HTTP/1.1" 200 27
116.238.191.126 - - [28/Jun/2023:11:28:57 +0800] "POST /xingrg/kc/buy/cgsh_order_operate.html HTTP/1.1" 200 37
116.232.195.127 - - [28/Jun/2023:11:29:00 +0800] "GET /xingrg/all/function/internal_message.html?_=1687922924742&CODE_STATE=getMsg HTTP/1.1" 200 27
101.229.22.40 - - [28/Jun/2023:11:29:03 +0800] "GET /xingrg/all/function/internal_message.html?_=1687922943073&CODE_STATE=getMsg HTTP/1.1" 200 27
101.229.22.40 - - [28/Jun/2023:11:29:03 +0800] "GET /xingrg/check_reg.html?_=1687922943077 HTTP/1.1" 200 22
116.238.96.78 - - [28/Jun/2023:11:29:03 +0800] "POST /xingrg/services/DataTransmitService HTTP/1.1" 200 524
180.165.154.167 - - [28/Jun/2023:11:29:03 +0800] "GET /xingrg/all/function/internal_message.html?_=1687922943106&CODE_STATE=getMsg HTTP/1.1" 200 27
116.238.191.126 - - [28/Jun/2023:11:29:05 +0800] "POST /xingrg/kc/buy/cgsh_order_operate.html HTTP/1.1" 200 12
116.238.96.78 - - [28/Jun/2023:11:29:05 +0800] "POST /xingrg/services/DataTransmitService HTTP/1.1" 200 412
116.238.191.126 - - [28/Jun/2023:11:29:07 +0800] "GET /xingrg/kc/buy/cgsh_order_info.html?code=212023062810383 HTTP/1.1" 200 66593
116.238.191.126 - - [28/Jun/2023:11:29:08 +0800] "GET /xingrg/javascript/easyui/themes/default/validatebox.css HTTP/1.1" 404 1104
116.238.191.126 - - [28/Jun/2023:11:29:09 +0800] "POST /xingrg/kc/buy/cgsh_order_operate.html HTTP/1.1" 200 610
116.238.191.126 - - [28/Jun/2023:11:29:11 +0800] "GET /xingrg/kc/print/load_data.html?order_code=212023062810383&kc_code=cgsh&condition= HTTP/1.1" 200 804
222.70.180.90 - - [28/Jun/2023:11:29:13 +0800] "GET /xingrg/check_reg.html?_=1687922952099 HTTP/1.1" 200 22
222.70.180.90 - - [28/Jun/2023:11:29:13 +0800] "GET /xingrg/all/function/internal_message.html?_=1687922952102&CODE_STATE=getMsg HTTP/1.1" 200 27
116.238.191.126 - - [28/Jun/2023:11:29:14 +0800] "GET /xingrg/all/function/internal_message.html?_=1687922874216&CODE_STATE=getMsg HTTP/1.1" 200 27
222.67.234.146 - - [28/Jun/2023:11:29:17 +0800] "GET /xingrg/all/function/internal_message.html?_=1687922445317&CODE_STATE=getMsg HTTP/1.1" 200 27
116.238.191.126 - - [28/Jun/2023:11:29:18 +0800] "GET /xingrg/kc/buy/cgsh_order_add.html HTTP/1.1" 200 71676
101.83.145.52 - - [28/Jun/2023:11:29:19 +0800] "GET /xingrg/kc/buy/cgsh_order_add.html HTTP/1.1" 200 71702
101.83.145.52 - - [28/Jun/2023:11:29:19 +0800] "GET /xingrg/words/20230628102723_words.js HTTP/1.1" 304 -
116.238.191.126 - - [28/Jun/2023:11:29:19 +0800] "POST /xingrg/kc/buy/cgsh_order_operate.html HTTP/1.1" 200 8245
101.83.145.52 - - [28/Jun/2023:11:29:19 +0800] "POST /xingrg/kc/buy/cgsh_order_operate.html HTTP/1.1" 200 8245
116.238.191.126 - - [28/Jun/2023:11:29:19 +0800] "GET /xingrg/javascript/easyui/themes/default/validatebox.css HTTP/1.1" 404 1104
101.83.145.52 - - [28/Jun/2023:11:29:19 +0800] "GET /xingrg/javascript/easyui/themes/default/validatebox.css HTTP/1.1" 404 1104
120.253.135.82 - - [28/Jun/2023:11:29:19 +0800] "GET /xingrg/check_reg.html?_=1687922986235 HTTP/1.1" 200 22
120.253.135.82 - - [28/Jun/2023:11:29:19 +0800] "GET /xingrg/all/function/internal_message.html?_=1687922986233&CODE_STATE=getMsg HTTP/1.1" 200 27
222.67.234.146 - - [28/Jun/2023:11:29:20 +0800] "POST /xingrg/kc/buy/cgsh_order_operate.html HTTP/1.1" 200 37
61.170.233.201 - - [28/Jun/2023:11:29:21 +0800] "GET /xingrg/all/function/internal_message.html?_=1687922959573&CODE_STATE=getMsg HTTP/1.1" 200 27
114.85.39.217 - - [28/Jun/2023:11:29:22 +0800] "GET /xingrg/all/function/internal_message.html?_=1687921741780&CODE_STATE=getMsg HTTP/1.1" 200 27
180.169.147.146 - - [28/Jun/2023:11:29:22 +0800] "GET /xingrg/all/function/internal_message.html?_=1687922960904&CODE_STATE=getMsg HTTP/1.1" 200 27
116.238.96.78 - - [28/Jun/2023:11:29:25 +0800] "GET /xingrg/all/function/internal_message.html?_=1687922978118&CODE_STATE=getMsg HTTP/1.1" 200 27
116.235.240.62 - - [28/Jun/2023:11:29:26 +0800] "GET /xingrg/all/function/internal_message.html?_=1687922976533&CODE_STATE=getMsg HTTP/1.1" 200 27
101.83.145.52 - - [28/Jun/2023:11:29:27 +0800] "GET /xingrg/all/function/internal_message.html?_=1687922788399&CODE_STATE=getMsg HTTP/1.1" 200 27
116.238.96.78 - - [28/Jun/2023:11:29:28 +0800] "GET /xingrg/all/function/internal_message.html?_=1687922968726&CODE_STATE=getMsg HTTP/1.1" 200 27
116.238.191.126 - - [28/Jun/2023:11:29:29 +0800] "GET /xingrg/kc/buy/cgsh_order_operate.html?command=get_materiel&rest_code=00150&code=00101004038&supplier_code=00100312&order_time=2023-06-28 HTTP/1.1" 200 409
222.67.234.146 - - [28/Jun/2023:11:29:30 +0800] "POST /xingrg/kc/buy/cgsh_order_operate.html HTTP/1.1" 200 12
180.169.147.146 - - [28/Jun/2023:11:29:33 +0800] "GET /xingrg/check_reg.html?_=1687922972600 HTTP/1.1" 200 22
222.70.114.12 - - [28/Jun/2023:11:29:34 +0800] "GET /xingrg/all/function/internal_message.html?_=1687922978742&CODE_STATE=getMsg HTTP/1.1" 200 27
114.85.113.108 - - [28/Jun/2023:11:29:37 +0800] "GET /xingrg/all/function/internal_message.html?_=1687922972116&CODE_STATE=getMsg HTTP/1.1" 200 27
222.67.234.146 - - [28/Jun/2023:11:29:40 +0800] "GET /xingrg/kc/buy/cgsh_order_info.html?code=212023062810321 HTTP/1.1" 200 66529
101.83.145.52 - - [28/Jun/2023:11:29:41 +0800] "GET /xingrg/kc/buy/cgsh_order_operate.html?command=get_materiel&rest_code=00105&code=00101004051&supplier_code=00100312&order_time=2023-06-28 HTTP/1.1" 200 408
222.67.234.146 - - [28/Jun/2023:11:29:41 +0800] "GET /xingrg/javascript/easyui/themes/default/validatebox.css HTTP/1.1" 404 1104
222.67.234.146 - - [28/Jun/2023:11:29:42 +0800] "POST /xingrg/kc/buy/cgsh_order_operate.html HTTP/1.1" 200 31342
116.238.191.126 - - [28/Jun/2023:11:29:43 +0800] "GET /xingrg/kc/buy/cgsh_order_operate.html?command=get_materiel&rest_code=00150&code=00101004067&supplier_code=00100312&order_time=2023-06-28 HTTP/1.1" 200 415
101.83.241.57 - - [28/Jun/2023:11:29:43 +0800] "GET /xingrg/all/function/internal_message.html?_=1687923097017&CODE_STATE=getMsg HTTP/1.1" 200 27
180.169.147.146 - - [28/Jun/2023:11:29:46 +0800] "GET /xingrg/all/report/report_query.html?isQuery=1&fileName=dma/new_5.0/menu/menu_hz.xml&queryString=(a.sale_day%2520between%252020230601%2520and%252020230630)%2520and%2520(a.sid%2520in%2520(18))%2520and%2520(a.tj_code%253D11)&queryText=%25E3%2580%2590%25E8%2590%25A5%25E4%25B8%259A%25E6%2597%25A5%25E6%259C%259F%253A2023-06-01%2520%25E8%2587%25B3%25202023-06-30%25E3%2580%2591%2520%25E5%25B9%25B6%25E4%25B8%2594%2520%2520%25E3%2580%2590%25E9%2597%25A8%25E5%25BA%2597%25E5%2590%258D%25E7%25A7%25B0%2520%253D%2520%25E6%25A6%2595%25E6%25B8%25AF%25E5%2590%258D%25E8%25BD%25A9%25E8%25BF%259C%25E6%25B4%258B%25E5%25BA%2597%25E3%2580%2591%2520%25E5%25B9%25B6%25E4%25B8%2594%2520%25E3%2580%2590%25E7%25BB%259F%25E8%25AE%25A1%25E7%25B1%25BB%25E5%2588%25AB%2520%253D%2520%25E7%25B2%25BD%25E5%25AD%2590%25E3%2580%2591 HTTP/1.1" 200 54116
180.169.147.146 - - [28/Jun/2023:11:29:46 +0800] "GET /xingrg/dwr/engine.js HTTP/1.1" 200 43631
180.169.147.146 - - [28/Jun/2023:11:29:47 +0800] "GET /favicon.ico HTTP/1.1" 404 -
180.169.147.146 - - [28/Jun/2023:11:29:47 +0800] "POST /xingrg/all/report/load_report_page.html HTTP/1.1" 200 45268
180.169.147.146 - - [28/Jun/2023:11:29:47 +0800] "GET /xingrg/servlets/image?cache=0.6632237826304259&image=px HTTP/1.1" 200 807
180.157.251.128 - - [28/Jun/2023:11:29:47 +0800] "GET /xingrg/all/function/internal_message.html?_=1687922988251&CODE_STATE=getMsg HTTP/1.1" 200 27
