61.170.233.201 - - [27/Jun/2023:09:09:31 +0800] "GET /xingrg/kc/buy/cgsh_order_operate.html?command=get_materiel&rest_code=00106&code=00101008038&supplier_code=00100007&order_time=2023-06-27 HTTP/1.1" 200 412
222.70.180.90 - - [27/Jun/2023:09:09:34 +0800] "GET /xingrg/kc/buy/cgsh_order_operate.html?command=get_materiel&rest_code=00111&code=00101008176&supplier_code=00100005&order_time=2023-06-27 HTTP/1.1" 200 413
222.67.234.146 - - [27/Jun/2023:09:09:40 +0800] "GET /xingrg/kc/buy/cgsh_order_operate.html?command=get_materiel&rest_code=00141&code=00101006055&supplier_code=00100012&order_time=2023-06-27 HTTP/1.1" 200 409
61.170.233.201 - - [27/Jun/2023:09:09:40 +0800] "GET /xingrg/kc/buy/cgsh_order_operate.html?command=get_materiel&rest_code=00106&code=00101008355&supplier_code=00100007&order_time=2023-06-27 HTTP/1.1" 200 408
180.156.213.241 - - [27/Jun/2023:09:09:43 +0800] "GET /xingrg/all/function/internal_message.html?_=1687828183540&CODE_STATE=getMsg HTTP/1.1" 302 -
222.70.180.90 - - [27/Jun/2023:09:09:45 +0800] "GET /xingrg/all/function/internal_message.html?_=1687828184473&CODE_STATE=getMsg HTTP/1.1" 200 27
124.77.245.69 - - [27/Jun/2023:09:09:45 +0800] "GET /xingrg/all/function/internal_message.html?_=1687828191361&CODE_STATE=getMsg HTTP/1.1" 200 27
101.83.145.52 - - [27/Jun/2023:09:09:47 +0800] "GET /xingrg/kc/buy/cgsh_order_operate.html?command=get_materiel&rest_code=00105&code=00101008036&supplier_code=00100203&order_time=2023-06-27 HTTP/1.1" 200 408
180.169.147.146 - - [27/Jun/2023:09:09:48 +0800] "GET /xingrg/all/function/internal_message.html?_=1687828187374&CODE_STATE=getMsg HTTP/1.1" 302 -
120.253.135.82 - - [27/Jun/2023:09:09:52 +0800] "GET /xingrg/kc/pszx/mdps_order_list.html?orderType=0 HTTP/1.1" 200 21032
120.253.135.82 - - [27/Jun/2023:09:09:53 +0800] "POST /xingrg/kc/pszx/mdps_list_operate.html HTTP/1.1" 200 5352
120.253.135.82 - - [27/Jun/2023:09:09:53 +0800] "GET /xingrg/check_reg.html?_=1687828024562 HTTP/1.1" 200 22
180.169.147.146 - - [27/Jun/2023:09:09:54 +0800] "GET /xingrg/all/function/internal_message.html?_=1687828193737&CODE_STATE=getMsg HTTP/1.1" 200 27
180.163.30.76 - - [27/Jun/2023:09:09:54 +0800] "GET /xingrg/all/function/internal_message.html?_=1687828133749&CODE_STATE=getMsg HTTP/1.1" 302 -
180.163.30.76 - - [27/Jun/2023:09:09:54 +0800] "GET /xingrg/login.html HTTP/1.1" 200 7641
222.67.234.146 - - [27/Jun/2023:09:09:59 +0800] "GET /xingrg/kc/buy/cgsh_order_operate.html?command=get_materiel&rest_code=00141&code=00101006065&supplier_code=00100012&order_time=2023-06-27 HTTP/1.1" 200 409
101.83.145.52 - - [27/Jun/2023:09:10:00 +0800] "GET /xingrg/kc/buy/cgsh_order_operate.html?command=get_materiel&rest_code=00105&code=00101008286&supplier_code=00100203&order_time=2023-06-27 HTTP/1.1" 200 408
124.79.243.110 - - [27/Jun/2023:09:10:04 +0800] "GET /xingrg/all/function/internal_message.html?_=1687828487587&CODE_STATE=getMsg HTTP/1.1" 200 27
222.67.234.146 - - [27/Jun/2023:09:10:07 +0800] "GET /xingrg/kc/buy/cgsh_order_operate.html?command=get_materiel&rest_code=00141&code=00101006111&supplier_code=00100012&order_time=2023-06-27 HTTP/1.1" 200 409
120.253.135.82 - - [27/Jun/2023:09:10:08 +0800] "POST /xingrg/kc/pszx/mdps_list_operate.html HTTP/1.1" 200 868
116.232.195.127 - - [27/Jun/2023:09:10:08 +0800] "GET /xingrg/all/function/internal_message.html?_=1687828194877&CODE_STATE=getMsg HTTP/1.1" 200 27
61.170.233.201 - - [27/Jun/2023:09:10:10 +0800] "GET /xingrg/kc/buy/cgsh_order_operate.html?command=get_materiel&rest_code=00106&code=00101008004&supplier_code=00100007&order_time=2023-06-27 HTTP/1.1" 200 416
114.85.113.108 - - [27/Jun/2023:09:10:11 +0800] "GET /xingrg/check_reg.html?_=1687828210808 HTTP/1.1" 200 22
114.85.113.108 - - [27/Jun/2023:09:10:11 +0800] "GET /xingrg/all/function/internal_message.html?_=1687828210820&CODE_STATE=getMsg HTTP/1.1" 200 27
101.83.145.52 - - [27/Jun/2023:09:10:11 +0800] "GET /xingrg/all/function/internal_message.html?_=1687828032152&CODE_STATE=getMsg HTTP/1.1" 200 27
180.169.147.146 - - [27/Jun/2023:09:10:13 +0800] "GET /xingrg/all/report/report_query.html?isQuery=1&fileName=kc/buy/wlcg_mx_rest.xml&queryString=(CONVERT(char(10)%2Ca.order_time%2C%20120)%3E%3D'2023-06-22')%20and%20(CONVERT(char(10)%2Ca.order_time%2C%20120)%3C%3D'2023-06-26')%20and%20(a.supplier_code%20in%20('00100547'))%20and%20(a.materiel_code%3D'00101001294')&queryText=%E3%80%90%E5%8D%95%E6%8D%AE%E6%97%A5%E6%9C%9F%3A2023-06-22%20%E8%87%B3%202023-06-26%E3%80%91%20%E5%B9%B6%E4%B8%94%20%20%E3%80%90%E4%BE%9B%E5%BA%94%E5%95%86%20%3D%20%E6%9E%97%E6%94%AF%E8%8E%BA%E3%80%91%20%E5%B9%B6%E4%B8%94%20%E3%80%90%E6%9D%90%E6%96%99%E5%90%8D%E7%A7%B0%20%3D%20%E9%B1%BC%E8%85%90%EF%BC%88%E6%96%A4%EF%BC%89%E3%80%91&rand=0.584055493430545 HTTP/1.1" 200 51150
180.169.147.146 - - [27/Jun/2023:09:10:13 +0800] "GET /xingrg/all/report/report_query.html?isQuery=1&fileName=kc/buy/wlcg_mx_rest.xml&queryString=(CONVERT(char(10)%2Ca.order_time%2C%20120)%3E%3D'2023-06-22')%20and%20(CONVERT(char(10)%2Ca.order_time%2C%20120)%3C%3D'2023-06-26')%20and%20(a.supplier_code%20in%20('00100547'))%20and%20(a.materiel_code%3D'00101001294')&queryText=%E3%80%90%E5%8D%95%E6%8D%AE%E6%97%A5%E6%9C%9F%3A2023-06-22%20%E8%87%B3%202023-06-26%E3%80%91%20%E5%B9%B6%E4%B8%94%20%20%E3%80%90%E4%BE%9B%E5%BA%94%E5%95%86%20%3D%20%E6%9E%97%E6%94%AF%E8%8E%BA%E3%80%91%20%E5%B9%B6%E4%B8%94%20%E3%80%90%E6%9D%90%E6%96%99%E5%90%8D%E7%A7%B0%20%3D%20%E9%B1%BC%E8%85%90%EF%BC%88%E6%96%A4%EF%BC%89%E3%80%91&rand=0.584055493430545 HTTP/1.1" 200 51150
180.169.147.146 - - [27/Jun/2023:09:10:13 +0800] "GET /xingrg/dwr/interface/AjaxReportQueryService.js HTTP/1.1" 200 13203
180.169.147.146 - - [27/Jun/2023:09:10:13 +0800] "GET /xingrg/dwr/engine.js HTTP/1.1" 200 43631
180.163.29.234 - - [27/Jun/2023:09:10:13 +0800] "GET /xingrg/kc/buy/cgsh_order_operate.html?command=get_materiel&rest_code=00106&code=00101008155&supplier_code=00100007&order_time=2023-06-27 HTTP/1.1" 302 -
180.163.29.234 - - [27/Jun/2023:09:10:13 +0800] "GET /xingrg/login.html HTTP/1.1" 200 7641
180.169.147.146 - - [27/Jun/2023:09:10:16 +0800] "POST /xingrg/all/report/load_report_page.html HTTP/1.1" 200 15910
180.169.147.146 - - [27/Jun/2023:09:10:16 +0800] "GET /xingrg/servlets/image?cache=0.6267369387529307&image=px HTTP/1.1" 200 807
116.238.191.126 - - [27/Jun/2023:09:10:18 +0800] "GET /xingrg/all/function/internal_message.html?_=1687828218171&CODE_STATE=getMsg HTTP/1.1" 200 27
61.170.233.201 - - [27/Jun/2023:09:10:18 +0800] "GET /xingrg/all/function/internal_message.html?_=1687828217868&CODE_STATE=getMsg HTTP/1.1" 200 27
222.70.180.90 - - [27/Jun/2023:09:10:18 +0800] "POST /xingrg/kc/buy/cgsh_order_operate.html HTTP/1.1" 200 2065
180.163.30.85 - - [27/Jun/2023:09:10:19 +0800] "GET /xingrg/all/function/internal_message.html?_=1687828157881&CODE_STATE=getMsg HTTP/1.1" 302 -
180.163.30.85 - - [27/Jun/2023:09:10:19 +0800] "GET /xingrg/login.html HTTP/1.1" 200 7641
180.169.147.146 - - [27/Jun/2023:09:10:20 +0800] "GET /xingrg/kc/buy/cgsh_order_info.html?isLook=1&code=212023062509293 HTTP/1.1" 200 66777
180.169.147.146 - - [27/Jun/2023:09:10:21 +0800] "GET /xingrg/words/20230625130449_words.js HTTP/1.1" 200 970677
180.169.147.146 - - [27/Jun/2023:09:10:22 +0800] "GET /favicon.ico HTTP/1.1" 404 -
180.169.147.146 - - [27/Jun/2023:09:10:22 +0800] "GET /xingrg/javascript/easyui/themes/default/validatebox.css HTTP/1.1" 404 1104
222.67.234.146 - - [27/Jun/2023:09:10:23 +0800] "POST /xingrg/kc/buy/cgsh_order_operate.html HTTP/1.1" 200 37
116.238.191.126 - - [27/Jun/2023:09:10:23 +0800] "GET /xingrg/all/function/internal_message.html?_=1687828144215&CODE_STATE=getMsg HTTP/1.1" 200 27
180.169.147.146 - - [27/Jun/2023:09:10:23 +0800] "POST /xingrg/kc/buy/cgsh_order_operate.html HTTP/1.1" 200 617
222.69.128.63 - - [27/Jun/2023:09:10:23 +0800] "GET /xingrg/check_reg.html?_=1687828223206 HTTP/1.1" 200 22
222.69.128.63 - - [27/Jun/2023:09:10:23 +0800] "GET /xingrg/all/function/internal_message.html?_=1687828223213&CODE_STATE=getMsg HTTP/1.1" 200 27
101.83.145.52 - - [27/Jun/2023:09:10:24 +0800] "GET /xingrg/kc/buy/cgsh_order_operate.html?command=get_materiel&rest_code=00105&code=00101008275&supplier_code=00100203&order_time=2023-06-27 HTTP/1.1" 200 416
124.77.245.69 - - [27/Jun/2023:09:10:27 +0800] "GET /xingrg/check_reg.html?_=1687828233174 HTTP/1.1" 200 22
180.169.147.146 - - [27/Jun/2023:09:10:28 +0800] "GET /xingrg/all/report/report_query.html?isQuery=1&fileName=kc/buy/wlcg_mx_rest.xml&queryString=(CONVERT(char(10)%2Ca.order_time%2C%20120)%3E%3D'2023-06-22')%20and%20(CONVERT(char(10)%2Ca.order_time%2C%20120)%3C%3D'2023-06-26')%20and%20(a.supplier_code%20in%20('00100547'))%20and%20(a.materiel_code%3D'00101021017')&queryText=%E3%80%90%E5%8D%95%E6%8D%AE%E6%97%A5%E6%9C%9F%3A2023-06-22%20%E8%87%B3%202023-06-26%E3%80%91%20%E5%B9%B6%E4%B8%94%20%20%E3%80%90%E4%BE%9B%E5%BA%94%E5%95%86%20%3D%20%E6%9E%97%E6%94%AF%E8%8E%BA%E3%80%91%20%E5%B9%B6%E4%B8%94%20%E3%80%90%E6%9D%90%E6%96%99%E5%90%8D%E7%A7%B0%20%3D%20%E9%B1%BC%E8%85%90%E3%80%91&rand=0.937312563389737 HTTP/1.1" 200 51138
180.169.147.146 - - [27/Jun/2023:09:10:28 +0800] "GET /xingrg/all/report/report_query.html?isQuery=1&fileName=kc/buy/wlcg_mx_rest.xml&queryString=(CONVERT(char(10)%2Ca.order_time%2C%20120)%3E%3D'2023-06-22')%20and%20(CONVERT(char(10)%2Ca.order_time%2C%20120)%3C%3D'2023-06-26')%20and%20(a.supplier_code%20in%20('00100547'))%20and%20(a.materiel_code%3D'00101021017')&queryText=%E3%80%90%E5%8D%95%E6%8D%AE%E6%97%A5%E6%9C%9F%3A2023-06-22%20%E8%87%B3%202023-06-26%E3%80%91%20%E5%B9%B6%E4%B8%94%20%20%E3%80%90%E4%BE%9B%E5%BA%94%E5%95%86%20%3D%20%E6%9E%97%E6%94%AF%E8%8E%BA%E3%80%91%20%E5%B9%B6%E4%B8%94%20%E3%80%90%E6%9D%90%E6%96%99%E5%90%8D%E7%A7%B0%20%3D%20%E9%B1%BC%E8%85%90%E3%80%91&rand=0.937312563389737 HTTP/1.1" 200 51138
180.169.147.146 - - [27/Jun/2023:09:10:28 +0800] "GET /xingrg/dwr/interface/AjaxReportQueryService.js HTTP/1.1" 200 13203
180.169.147.146 - - [27/Jun/2023:09:10:28 +0800] "GET /xingrg/dwr/engine.js HTTP/1.1" 200 43631
222.67.234.146 - - [27/Jun/2023:09:10:30 +0800] "GET /xingrg/all/function/internal_message.html?_=1687827719485&CODE_STATE=getMsg HTTP/1.1" 200 27
180.169.147.146 - - [27/Jun/2023:09:10:31 +0800] "POST /xingrg/all/report/load_report_page.html HTTP/1.1" 200 15901
180.169.147.146 - - [27/Jun/2023:09:10:31 +0800] "GET /xingrg/servlets/image?cache=0.8872261129540905&image=px HTTP/1.1" 200 807
222.70.180.90 - - [27/Jun/2023:09:10:31 +0800] "GET /xingrg/kc/buy/cgsh_order_operate.html?command=get_materiel&rest_code=00111&code=00101008746&supplier_code=00100005&order_time=2023-06-27 HTTP/1.1" 200 395
222.67.234.146 - - [27/Jun/2023:09:10:33 +0800] "POST /xingrg/kc/buy/cgsh_order_operate.html HTTP/1.1" 200 12
180.169.147.146 - - [27/Jun/2023:09:10:34 +0800] "GET /xingrg/kc/buy/cgsh_order_info.html?isLook=1&code=212023062408924 HTTP/1.1" 200 66818
180.169.147.146 - - [27/Jun/2023:09:10:35 +0800] "GET /favicon.ico HTTP/1.1" 404 -
180.169.147.146 - - [27/Jun/2023:09:10:35 +0800] "GET /xingrg/javascript/easyui/themes/default/validatebox.css HTTP/1.1" 404 1104
222.67.234.146 - - [27/Jun/2023:09:10:36 +0800] "GET /xingrg/kc/buy/cgsh_order_info.html?code=212023062709781 HTTP/1.1" 200 66487
180.169.147.146 - - [27/Jun/2023:09:10:36 +0800] "POST /xingrg/kc/buy/cgsh_order_operate.html HTTP/1.1" 200 601
222.67.234.146 - - [27/Jun/2023:09:10:37 +0800] "GET /xingrg/javascript/easyui/themes/default/validatebox.css HTTP/1.1" 404 1104
222.67.234.146 - - [27/Jun/2023:09:10:38 +0800] "POST /xingrg/kc/buy/cgsh_order_operate.html HTTP/1.1" 200 2389
180.156.213.241 - - [27/Jun/2023:09:10:43 +0800] "GET /xingrg/all/function/internal_message.html?_=1687828243521&CODE_STATE=getMsg HTTP/1.1" 302 -
180.156.213.241 - - [27/Jun/2023:09:10:44 +0800] "GET /xingrg/check_reg.html?_=1687828243818 HTTP/1.1" 302 -
222.70.180.90 - - [27/Jun/2023:09:10:45 +0800] "GET /xingrg/all/function/internal_message.html?_=1687828244448&CODE_STATE=getMsg HTTP/1.1" 200 27
124.77.245.69 - - [27/Jun/2023:09:10:45 +0800] "GET /xingrg/all/function/internal_message.html?_=1687828251362&CODE_STATE=getMsg HTTP/1.1" 200 27
101.83.145.52 - - [27/Jun/2023:09:10:48 +0800] "GET /xingrg/kc/buy/cgsh_order_operate.html?command=get_materiel&rest_code=00105&code=00101008044&supplier_code=00100203&order_time=2023-06-27 HTTP/1.1" 200 408
180.169.147.146 - - [27/Jun/2023:09:10:48 +0800] "GET /xingrg/all/function/internal_message.html?_=1687828247371&CODE_STATE=getMsg HTTP/1.1" 302 -
120.253.135.82 - - [27/Jun/2023:09:10:48 +0800] "POST /xingrg/kc/pszx/mdps_list_operate.html HTTP/1.1" 200 5938
120.253.135.82 - - [27/Jun/2023:09:10:53 +0800] "POST /xingrg/kc/pszx/mdps_list_operate.html HTTP/1.1" 200 384
180.163.30.27 - - [27/Jun/2023:09:10:54 +0800] "GET /xingrg/all/function/internal_message.html?_=1687828193737&CODE_STATE=getMsg HTTP/1.1" 302 -
180.169.147.146 - - [27/Jun/2023:09:10:54 +0800] "GET /xingrg/check_reg.html?_=1687828253738 HTTP/1.1" 200 22
180.169.147.146 - - [27/Jun/2023:09:10:54 +0800] "GET /xingrg/all/function/internal_message.html?_=1687828253737&CODE_STATE=getMsg HTTP/1.1" 200 27
180.163.30.27 - - [27/Jun/2023:09:10:54 +0800] "GET /xingrg/login.html HTTP/1.1" 200 7641
120.253.135.82 - - [27/Jun/2023:09:10:55 +0800] "POST /xingrg/kc/pszx/mdps_list_operate.html HTTP/1.1" 200 211
120.253.135.82 - - [27/Jun/2023:09:10:57 +0800] "POST /xingrg/kc/pszx/mdps_list_operate.html HTTP/1.1" 200 205
120.253.135.82 - - [27/Jun/2023:09:10:59 +0800] "POST /xingrg/kc/pszx/mdps_list_operate.html HTTP/1.1" 200 404
222.67.234.146 - - [27/Jun/2023:09:11:00 +0800] "GET /xingrg/kc/print/load_data.html?order_code=212023062709781&kc_code=cgsh&condition= HTTP/1.1" 200 1479
222.69.128.63 - - [27/Jun/2023:09:11:00 +0800] "GET /xingrg/kc/buy/cgsh_order_operate.html?command=get_materiel&rest_code=00149&code=00101008291&supplier_code=00100008&order_time=2023-06-27 HTTP/1.1" 200 408
120.253.135.82 - - [27/Jun/2023:09:11:02 +0800] "POST /xingrg/kc/pszx/mdps_list_operate.html HTTP/1.1" 200 619
61.170.233.201 - - [27/Jun/2023:09:11:03 +0800] "GET /xingrg/kc/buy/cgsh_order_operate.html?command=get_materiel&rest_code=00106&code=00101008356&supplier_code=00100007&order_time=2023-06-27 HTTP/1.1" 200 408
120.253.135.82 - - [27/Jun/2023:09:11:04 +0800] "POST /xingrg/kc/pszx/mdps_list_operate.html HTTP/1.1" 200 209
124.79.243.110 - - [27/Jun/2023:09:11:04 +0800] "GET /xingrg/all/function/internal_message.html?_=1687828547597&CODE_STATE=getMsg HTTP/1.1" 200 27
222.67.234.146 - - [27/Jun/2023:09:11:04 +0800] "GET /xingrg/kc/buy/cgsh_order_add.html HTTP/1.1" 200 71578
222.67.234.146 - - [27/Jun/2023:09:11:05 +0800] "POST /xingrg/kc/buy/cgsh_order_operate.html HTTP/1.1" 200 8245
222.67.234.146 - - [27/Jun/2023:09:11:05 +0800] "GET /xingrg/javascript/easyui/themes/default/validatebox.css HTTP/1.1" 404 1104
120.253.135.82 - - [27/Jun/2023:09:11:06 +0800] "POST /xingrg/kc/pszx/mdps_list_operate.html HTTP/1.1" 200 205
116.232.195.127 - - [27/Jun/2023:09:11:08 +0800] "GET /xingrg/all/function/internal_message.html?_=1687828254850&CODE_STATE=getMsg HTTP/1.1" 200 27
120.253.135.82 - - [27/Jun/2023:09:11:08 +0800] "POST /xingrg/kc/pszx/mdps_list_operate.html HTTP/1.1" 200 302
114.85.113.108 - - [27/Jun/2023:09:11:11 +0800] "GET /xingrg/all/function/internal_message.html?_=1687828270822&CODE_STATE=getMsg HTTP/1.1" 200 27
101.83.145.52 - - [27/Jun/2023:09:11:11 +0800] "GET /xingrg/all/function/internal_message.html?_=1687828092126&CODE_STATE=getMsg HTTP/1.1" 200 27
180.163.28.68 - - [27/Jun/2023:09:11:13 +0800] "GET /xingrg/all/report/report_query.html?isQuery=1&fileName=kc/buy/wlcg_mx_rest.xml&queryString=(CONVERT(char(10),a.order_time,120)>='2023-06-22')and(CONVERT(char(10),a.order_time,120)<='2023-06-26')and(a.supplier_codein('00100547'))and(a.materiel_code='00101001294')&queryText=???????????£¤???:2023-06-22¨¨?32023-06-26????1???????????o????=?????¡¥¨¨?o????1?????????????????¡ì¡ã=¨¦¡À?¨¨???????¡è??????&rand=0.584055493430545 HTTP/1.1" 302 -
180.163.28.68 - - [27/Jun/2023:09:11:13 +0800] "GET /xingrg/login.html HTTP/1.1" 200 7641
101.83.145.52 - - [27/Jun/2023:09:11:13 +0800] "GET /xingrg/kc/buy/cgsh_order_operate.html?command=get_materiel&rest_code=00105&code=00101008163&supplier_code=00100203&order_time=2023-06-27 HTTP/1.1" 200 409
61.170.233.201 - - [27/Jun/2023:09:11:14 +0800] "GET /xingrg/kc/buy/cgsh_order_operate.html?command=get_materiel&rest_code=00106&code=00101008357&supplier_code=00100007&order_time=2023-06-27 HTTP/1.1" 200 408
180.163.29.212 - - [27/Jun/2023:09:11:16 +0800] "GET /xingrg/servlets/image?cache=0.6267369387529307&image=px HTTP/1.1" 200 807
222.69.128.63 - - [27/Jun/2023:09:11:17 +0800] "GET /xingrg/kc/buy/cgsh_order_operate.html?command=get_materiel&rest_code=00149&code=00101008706&supplier_code=00100008&order_time=2023-06-27 HTTP/1.1" 200 413
116.238.191.126 - - [27/Jun/2023:09:11:18 +0800] "GET /xingrg/check_reg.html?_=1687828278181 HTTP/1.1" 200 22
116.238.191.126 - - [27/Jun/2023:09:11:18 +0800] "GET /xingrg/all/function/internal_message.html?_=1687828278182&CODE_STATE=getMsg HTTP/1.1" 200 27
61.170.233.201 - - [27/Jun/2023:09:11:18 +0800] "GET /xingrg/all/function/internal_message.html?_=1687828277843&CODE_STATE=getMsg HTTP/1.1" 200 27
61.170.233.201 - - [27/Jun/2023:09:11:19 +0800] "GET /xingrg/check_reg.html?_=1687828278394 HTTP/1.1" 200 22
222.67.234.146 - - [27/Jun/2023:09:11:21 +0800] "GET /xingrg/kc/buy/cgsh_order_operate.html?command=get_materiel&rest_code=00141&code=00101008256&supplier_code=00100007&order_time=2023-06-27 HTTP/1.1" 200 413
180.156.213.241 - - [27/Jun/2023:09:11:22 +0800] "GET /xingrg/login.html HTTP/1.1" 200 7641
116.238.191.126 - - [27/Jun/2023:09:11:23 +0800] "GET /xingrg/check_reg.html?_=1687828203901 HTTP/1.1" 200 22
180.156.213.241 - - [27/Jun/2023:09:11:23 +0800] "GET /favicon.ico HTTP/1.1" 404 -
116.238.191.126 - - [27/Jun/2023:09:11:23 +0800] "GET /xingrg/all/function/internal_message.html?_=1687828204228&CODE_STATE=getMsg HTTP/1.1" 200 27
222.69.128.63 - - [27/Jun/2023:09:11:24 +0800] "GET /xingrg/all/function/internal_message.html?_=1687828283273&CODE_STATE=getMsg HTTP/1.1" 200 27
61.170.233.201 - - [27/Jun/2023:09:11:24 +0800] "GET /xingrg/kc/buy/cgsh_order_operate.html?command=get_materiel&rest_code=00106&code=00101008069&supplier_code=00100007&order_time=2023-06-27 HTTP/1.1" 200 412
222.69.128.63 - - [27/Jun/2023:09:11:25 +0800] "POST /xingrg/kc/buy/cgsh_order_operate.html HTTP/1.1" 200 2065
180.156.213.241 - - [27/Jun/2023:09:11:26 +0800] "POST /xingrg/login.do HTTP/1.1" 302 -
180.156.213.241 - - [27/Jun/2023:09:11:26 +0800] "GET /xingrg/index.html?sysBaseUrl=http%3A%2F%2F180.169.147.146%3A18081%2Fxingrg%2F&costTime=1443×tamp=1687828286457 HTTP/1.1" 200 17173
180.156.213.241 - - [27/Jun/2023:09:11:27 +0800] "GET /favicon.ico HTTP/1.1" 404 -
180.156.213.241 - - [27/Jun/2023:09:11:27 +0800] "GET /xingrg/check_reg.html?_=1687828294561 HTTP/1.1" 200 22
180.156.213.241 - - [27/Jun/2023:09:11:27 +0800] "GET /xingrg/all/function/internal_message.html?_=1687828294559&CODE_STATE=count HTTP/1.1" 200 11
180.156.213.241 - - [27/Jun/2023:09:11:27 +0800] "POST /xingrg/all/common/load_tree.html?tree=area_rest_tree_json&manage=1 HTTP/1.1" 200 342
180.156.213.241 - - [27/Jun/2023:09:11:27 +0800] "POST /xingrg/load_menu.html HTTP/1.1" 200 5138
61.151.227.84 - - [27/Jun/2023:09:11:28 +0800] "GET /xingrg/all/report/report_query.html?isQuery=1&fileName=kc/buy/wlcg_mx_rest.xml&queryString=(CONVERT(char(10),a.order_time,120)>='2023-06-22')and(CONVERT(char(10),a.order_time,120)<='2023-06-26')and(a.supplier_codein('00100547'))and(a.materiel_code='00101021017')&queryText=???????????£¤???:2023-06-22¨¨?32023-06-26????1???????????o????=?????¡¥¨¨?o????1?????????????????¡ì¡ã=¨¦¡À?¨¨?????&rand=0.937312563389737 HTTP/1.1" 302 -
61.151.227.84 - - [27/Jun/2023:09:11:28 +0800] "GET /xingrg/login.html HTTP/1.1" 200 7641
222.67.234.146 - - [27/Jun/2023:09:11:30 +0800] "GET /xingrg/kc/buy/cgsh_order_operate.html?command=get_materiel&rest_code=00141&code=00101008185&supplier_code=00100007&order_time=2023-06-27 HTTP/1.1" 200 408
180.156.213.241 - - [27/Jun/2023:09:11:30 +0800] "GET /xingrg/kc/mdqp/pssh_order_list.html HTTP/1.1" 200 17888
222.67.234.146 - - [27/Jun/2023:09:11:30 +0800] "GET /xingrg/all/function/internal_message.html?_=1687827779481&CODE_STATE=getMsg HTTP/1.1" 200 27
180.163.30.100 - - [27/Jun/2023:09:11:31 +0800] "GET /xingrg/servlets/image?cache=0.8872261129540905&image=px HTTP/1.1" 200 807
180.156.213.241 - - [27/Jun/2023:09:11:32 +0800] "POST /xingrg/kc/mdqp/pssh_list_operate.html HTTP/1.1" 200 5490
61.170.233.201 - - [27/Jun/2023:09:11:35 +0800] "GET /xingrg/kc/buy/cgsh_order_operate.html?command=get_materiel&rest_code=00106&code=00101008286&supplier_code=00100007&order_time=2023-06-27 HTTP/1.1" 200 408
222.67.234.146 - - [27/Jun/2023:09:11:41 +0800] "GET /xingrg/kc/buy/cgsh_order_operate.html?command=get_materiel&rest_code=00141&code=00101008351&supplier_code=00100007&order_time=2023-06-27 HTTP/1.1" 200 408
101.83.145.52 - - [27/Jun/2023:09:11:41 +0800] "GET /xingrg/kc/buy/cgsh_order_operate.html?command=get_materiel&rest_code=00105&code=00101008355&supplier_code=00100203&order_time=2023-06-27 HTTP/1.1" 200 408
180.156.213.241 - - [27/Jun/2023:09:11:43 +0800] "GET /xingrg/all/function/internal_message.html?_=1687828303502&CODE_STATE=getMsg HTTP/1.1" 302 -
222.70.180.90 - - [27/Jun/2023:09:11:45 +0800] "GET /xingrg/all/function/internal_message.html?_=1687828304422&CODE_STATE=getMsg HTTP/1.1" 200 27
222.70.180.90 - - [27/Jun/2023:09:11:45 +0800] "GET /xingrg/check_reg.html?_=1687828304797 HTTP/1.1" 200 22
124.77.245.69 - - [27/Jun/2023:09:11:45 +0800] "GET /xingrg/all/function/internal_message.html?_=1687828311376&CODE_STATE=getMsg HTTP/1.1" 200 27
180.169.147.146 - - [27/Jun/2023:09:11:48 +0800] "GET /xingrg/all/function/internal_message.html?_=1687828307370&CODE_STATE=getMsg HTTP/1.1" 302 -
222.67.234.146 - - [27/Jun/2023:09:11:48 +0800] "GET /xingrg/kc/buy/cgsh_order_operate.html?command=get_materiel&rest_code=00141&code=00101008038&supplier_code=00100007&order_time=2023-06-27 HTTP/1.1" 200 412
61.170.233.201 - - [27/Jun/2023:09:11:50 +0800] "GET /xingrg/kc/buy/cgsh_order_operate.html?command=get_materiel&rest_code=00106&code=00101008036&supplier_code=00100007&order_time=2023-06-27 HTTP/1.1" 200 408
180.169.147.146 - - [27/Jun/2023:09:11:54 +0800] "GET /xingrg/all/function/internal_message.html?_=1687828313750&CODE_STATE=getMsg HTTP/1.1" 200 27
101.83.145.52 - - [27/Jun/2023:09:11:55 +0800] "GET /xingrg/kc/buy/cgsh_order_operate.html?command=get_materiel&rest_code=00105&code=00101008264&supplier_code=00100203&order_time=2023-06-27 HTTP/1.1" 200 412
180.163.30.100 - - [27/Jun/2023:09:11:58 +0800] "GET /xingrg/kc/buy/cgsh_order_operate.html?command=get_materiel&rest_code=00106&code=00101008356&supplier_code=00100007&order_time=2023-06-27 HTTP/1.1" 302 -
180.163.30.100 - - [27/Jun/2023:09:11:58 +0800] "GET /xingrg/login.html HTTP/1.1" 200 7641
61.170.233.201 - - [27/Jun/2023:09:11:59 +0800] "GET /xingrg/kc/buy/cgsh_order_operate.html?command=get_materiel&rest_code=00106&code=00101008352&supplier_code=00100007&order_time=2023-06-27 HTTP/1.1" 200 412
222.67.234.146 - - [27/Jun/2023:09:11:59 +0800] "GET /xingrg/kc/buy/cgsh_order_operate.html?command=get_materiel&rest_code=00141&code=00101008396&supplier_code=00100007&order_time=2023-06-27 HTTP/1.1" 200 412
124.79.243.110 - - [27/Jun/2023:09:12:04 +0800] "GET /xingrg/check_reg.html?_=1687828607597 HTTP/1.1" 200 22
124.79.243.110 - - [27/Jun/2023:09:12:04 +0800] "GET /xingrg/all/function/internal_message.html?_=1687828607598&CODE_STATE=getMsg HTTP/1.1" 200 27
116.232.33.0 - - [27/Jun/2023:09:12:08 +0800] "POST /xingrg/services/DataTransmitService HTTP/1.1" 200 524
116.232.195.127 - - [27/Jun/2023:09:12:08 +0800] "GET /xingrg/all/function/internal_message.html?_=1687828314830&CODE_STATE=getMsg HTTP/1.1" 200 27
61.170.233.201 - - [27/Jun/2023:09:12:08 +0800] "GET /xingrg/kc/buy/cgsh_order_operate.html?command=get_materiel&rest_code=00106&code=00101008005&supplier_code=00100007&order_time=2023-06-27 HTTP/1.1" 200 412
180.163.29.212 - - [27/Jun/2023:09:12:09 +0800] "GET /xingrg/kc/buy/cgsh_order_operate.html?command=get_materiel&rest_code=00106&code=00101008357&supplier_code=00100007&order_time=2023-06-27 HTTP/1.1" 302 -
180.163.29.212 - - [27/Jun/2023:09:12:09 +0800] "GET /xingrg/login.html HTTP/1.1" 200 7641
114.85.113.108 - - [27/Jun/2023:09:12:11 +0800] "GET /xingrg/all/function/internal_message.html?_=1687828330815&CODE_STATE=getMsg HTTP/1.1" 200 27
101.83.145.52 - - [27/Jun/2023:09:12:11 +0800] "GET /xingrg/kc/buy/cgsh_order_operate.html?command=get_materiel&rest_code=00105&code=00101008137&supplier_code=00100203&order_time=2023-06-27 HTTP/1.1" 200 408
101.83.145.52 - - [27/Jun/2023:09:12:11 +0800] "GET /xingrg/all/function/internal_message.html?_=1687828152116&CODE_STATE=getMsg HTTP/1.1" 200 27
222.67.234.146 - - [27/Jun/2023:09:12:15 +0800] "GET /xingrg/kc/buy/cgsh_order_operate.html?command=get_materiel&rest_code=00141&code=00101008163&supplier_code=00100007&order_time=2023-06-27 HTTP/1.1" 200 409
61.170.233.201 - - [27/Jun/2023:09:12:16 +0800] "GET /xingrg/kc/buy/cgsh_order_operate.html?command=get_materiel&rest_code=00106&code=00101008353&supplier_code=00100007&order_time=2023-06-27 HTTP/1.1" 200 408
116.238.191.126 - - [27/Jun/2023:09:12:18 +0800] "GET /xingrg/all/function/internal_message.html?_=1687828338181&CODE_STATE=getMsg HTTP/1.1" 200 27
61.170.233.201 - - [27/Jun/2023:09:12:18 +0800] "GET /xingrg/all/function/internal_message.html?_=1687828337831&CODE_STATE=getMsg HTTP/1.1" 200 27
222.70.180.90 - - [27/Jun/2023:09:12:19 +0800] "GET /xingrg/kc/buy/cgsh_order_operate.html?command=get_materiel&rest_code=00111&code=00101008356&supplier_code=00100005&order_time=2023-06-27 HTTP/1.1" 200 408
180.163.28.114 - - [27/Jun/2023:09:12:19 +0800] "GET /xingrg/check_reg.html?_=1687828278394 HTTP/1.1" 302 -
180.163.28.114 - - [27/Jun/2023:09:12:19 +0800] "GET /xingrg/login.html HTTP/1.1" 200 7641
180.163.30.76 - - [27/Jun/2023:09:12:19 +0800] "GET /xingrg/kc/buy/cgsh_order_operate.html?command=get_materiel&rest_code=00106&code=00101008069&supplier_code=00100007&order_time=2023-06-27 HTTP/1.1" 302 -
180.163.30.76 - - [27/Jun/2023:09:12:19 +0800] "GET /xingrg/login.html HTTP/1.1" 200 7641
116.238.191.126 - - [27/Jun/2023:09:12:23 +0800] "GET /xingrg/all/function/internal_message.html?_=1687828264242&CODE_STATE=getMsg HTTP/1.1" 200 27
222.69.128.63 - - [27/Jun/2023:09:12:23 +0800] "GET /xingrg/all/function/internal_message.html?_=1687828343238&CODE_STATE=getMsg HTTP/1.1" 200 27
180.156.213.241 - - [27/Jun/2023:09:12:27 +0800] "GET /xingrg/all/function/internal_message.html?_=1687828354568&CODE_STATE=getMsg HTTP/1.1" 200 27
61.170.233.201 - - [27/Jun/2023:09:12:27 +0800] "GET /xingrg/kc/buy/cgsh_order_operate.html?command=get_materiel&rest_code=00106&code=00101008125&supplier_code=00100007&order_time=2023-06-27 HTTP/1.1" 200 413
222.67.234.146 - - [27/Jun/2023:09:12:30 +0800] "GET /xingrg/all/function/internal_message.html?_=1687827839507&CODE_STATE=getMsg HTTP/1.1" 200 27
222.70.180.90 - - [27/Jun/2023:09:12:31 +0800] "GET /xingrg/kc/buy/cgsh_order_operate.html?command=get_materiel&rest_code=00111&code=00101008296&supplier_code=00100005&order_time=2023-06-27 HTTP/1.1" 200 416
101.83.145.52 - - [27/Jun/2023:09:12:35 +0800] "GET /xingrg/kc/buy/cgsh_order_operate.html?command=get_materiel&rest_code=00105&code=00101008196&supplier_code=00100203&order_time=2023-06-27 HTTP/1.1" 200 416
61.170.233.201 - - [27/Jun/2023:09:12:38 +0800] "GET /xingrg/kc/buy/cgsh_order_operate.html?command=get_materiel&rest_code=00106&code=00101008312&supplier_code=00100007&order_time=2023-06-27 HTTP/1.1" 200 412
222.70.180.90 - - [27/Jun/2023:09:12:39 +0800] "GET /xingrg/kc/buy/cgsh_order_operate.html?command=get_materiel&rest_code=00111&code=00101008739&supplier_code=00100005&order_time=2023-06-27 HTTP/1.1" 200 410
222.67.234.146 - - [27/Jun/2023:09:12:41 +0800] "GET /xingrg/kc/buy/cgsh_order_operate.html?command=get_materiel&rest_code=00141&code=00101008148&supplier_code=00100007&order_time=2023-06-27 HTTP/1.1" 200 416
222.70.180.90 - - [27/Jun/2023:09:12:42 +0800] "POST /xingrg/kc/buy/cgsh_order_operate.html HTTP/1.1" 200 2065
218.81.71.30 - - [27/Jun/2023:09:12:42 +0800] "POST /xingrg/services/DataTransmitService HTTP/1.1" 200 524
180.156.213.241 - - [27/Jun/2023:09:12:43 +0800] "GET /xingrg/all/function/internal_message.html?_=1687828363484&CODE_STATE=getMsg HTTP/1.1" 302 -
222.70.180.90 - - [27/Jun/2023:09:12:45 +0800] "GET /xingrg/all/function/internal_message.html?_=1687828364404&CODE_STATE=getMsg HTTP/1.1" 200 27
124.77.245.69 - - [27/Jun/2023:09:12:46 +0800] "GET /xingrg/all/function/internal_message.html?_=1687828371484&CODE_STATE=getMsg HTTP/1.1" 200 27
180.169.147.146 - - [27/Jun/2023:09:12:48 +0800] "GET /xingrg/check_reg.html?_=1687828367395 HTTP/1.1" 302 -
180.169.147.146 - - [27/Jun/2023:09:12:48 +0800] "GET /xingrg/all/function/internal_message.html?_=1687828367396&CODE_STATE=getMsg HTTP/1.1" 302 -
61.170.233.201 - - [27/Jun/2023:09:12:52 +0800] "POST /xingrg/kc/buy/cgsh_order_operate.html HTTP/1.1" 200 37
222.70.180.90 - - [27/Jun/2023:09:12:54 +0800] "GET /xingrg/kc/buy/cgsh_order_operate.html?command=get_materiel&rest_code=00111&code=00101009059&supplier_code=00100005&order_time=2023-06-27 HTTP/1.1" 200 409
222.67.234.146 - - [27/Jun/2023:09:12:54 +0800] "GET /xingrg/kc/buy/cgsh_order_operate.html?command=get_materiel&rest_code=00141&code=00101008137&supplier_code=00100007&order_time=2023-06-27 HTTP/1.1" 200 408
180.163.30.27 - - [27/Jun/2023:09:12:54 +0800] "GET /xingrg/all/function/internal_message.html?_=1687828313750&CODE_STATE=getMsg HTTP/1.1" 302 -
180.169.147.146 - - [27/Jun/2023:09:12:54 +0800] "GET /xingrg/all/function/internal_message.html?_=1687828373739&CODE_STATE=getMsg HTTP/1.1" 200 27
180.163.30.27 - - [27/Jun/2023:09:12:54 +0800] "GET /xingrg/login.html HTTP/1.1" 200 7641
101.83.145.52 - - [27/Jun/2023:09:12:55 +0800] "GET /xingrg/kc/buy/cgsh_order_operate.html?command=get_materiel&rest_code=00105&code=00101008136&supplier_code=00100203&order_time=2023-06-27 HTTP/1.1" 200 413
61.170.233.201 - - [27/Jun/2023:09:12:59 +0800] "POST /xingrg/kc/buy/cgsh_order_operate.html HTTP/1.1" 200 12108
222.70.180.90 - - [27/Jun/2023:09:13:02 +0800] "GET /xingrg/kc/buy/cgsh_order_operate.html?command=get_materiel&rest_code=00111&code=00101008225&supplier_code=00100005&order_time=2023-06-27 HTTP/1.1" 200 417
222.67.234.146 - - [27/Jun/2023:09:13:02 +0800] "GET /xingrg/kc/buy/cgsh_order_operate.html?command=get_materiel&rest_code=00141&code=00101008740&supplier_code=00100007&order_time=2023-06-27 HTTP/1.1" 200 399
180.169.147.146 - - [27/Jun/2023:09:13:03 +0800] "GET /xingrg/all/report/report_query.html?fileName=kc/buy/gys_amount_base_rest.xml HTTP/1.1" 200 51664
180.169.147.146 - - [27/Jun/2023:09:13:03 +0800] "GET /xingrg/dwr/interface/AjaxReportQueryService.js HTTP/1.1" 200 13203
180.169.147.146 - - [27/Jun/2023:09:13:03 +0800] "GET /xingrg/dwr/engine.js HTTP/1.1" 200 43631
116.232.195.127 - - [27/Jun/2023:09:13:04 +0800] "GET /xingrg/check_reg.html?_=1687828370712 HTTP/1.1" 200 22
180.169.147.146 - - [27/Jun/2023:09:13:04 +0800] "POST /xingrg/dwr/call/plaincall/AjaxReportQueryService.getFixDate.dwr HTTP/1.1" 200 111
124.79.243.110 - - [27/Jun/2023:09:13:04 +0800] "GET /xingrg/all/function/internal_message.html?_=1687828667605&CODE_STATE=getMsg HTTP/1.1" 200 27
180.169.147.146 - - [27/Jun/2023:09:13:04 +0800] "POST /xingrg/all/common/load_tree.html?tree=area_rest_tree_json&manage=1 HTTP/1.1" 200 3499
180.169.147.146 - - [27/Jun/2023:09:13:05 +0800] "POST /xingrg/all/common/load_tree.html?tree=supplier_tree_json&manage=1 HTTP/1.1" 200 76485
61.170.233.201 - - [27/Jun/2023:09:13:07 +0800] "GET /xingrg/kc/buy/cgsh_order_operate.html?command=get_materiel&rest_code=00106&code=00101011005&supplier_code=00100007&order_time=2023-06-27 HTTP/1.1" 200 429
116.232.195.127 - - [27/Jun/2023:09:13:07 +0800] "GET /xingrg/login.html HTTP/1.1" 200 7641
116.232.195.127 - - [27/Jun/2023:09:13:08 +0800] "GET /xingrg/all/function/internal_message.html?_=1687828374810&CODE_STATE=getMsg HTTP/1.1" 200 27
180.169.147.146 - - [27/Jun/2023:09:13:09 +0800] "GET /xingrg/all/report/report_query.html?fileName=kc/buy/wlcg_cate_hz_rest.xml&autoQuery=1 HTTP/1.1" 200 53789
180.169.147.146 - - [27/Jun/2023:09:13:09 +0800] "GET /xingrg/dwr/interface/AjaxReportQueryService.js HTTP/1.1" 200 13203
180.169.147.146 - - [27/Jun/2023:09:13:09 +0800] "GET /xingrg/dwr/engine.js HTTP/1.1" 200 43631
180.169.147.146 - - [27/Jun/2023:09:13:10 +0800] "POST /xingrg/dwr/call/plaincall/AjaxReportQueryService.getFixDate.dwr HTTP/1.1" 200 111
116.232.195.127 - - [27/Jun/2023:09:13:10 +0800] "GET /favicon.ico HTTP/1.1" 404 -
180.169.147.146 - - [27/Jun/2023:09:13:11 +0800] "POST /xingrg/all/common/load_tree.html?tree=area_rest_tree_json&manage=1 HTTP/1.1" 200 3499
180.169.147.146 - - [27/Jun/2023:09:13:11 +0800] "POST /xingrg/all/common/load_tree.html?tree=materiel_sort_tree_json HTTP/1.1" 200 9500
114.85.113.108 - - [27/Jun/2023:09:13:11 +0800] "GET /xingrg/all/function/internal_message.html?_=1687828390816&CODE_STATE=getMsg HTTP/1.1" 200 27
101.83.145.52 - - [27/Jun/2023:09:13:11 +0800] "GET /xingrg/all/function/internal_message.html?_=1687828212103&CODE_STATE=getMsg HTTP/1.1" 200 27
101.83.145.52 - - [27/Jun/2023:09:13:11 +0800] "GET /xingrg/check_reg.html?_=1687828212177 HTTP/1.1" 200 22
180.169.147.146 - - [27/Jun/2023:09:13:12 +0800] "POST /xingrg/all/common/load_tree.html?tree=supplier_tree_json&manage=1 HTTP/1.1" 200 76485
222.67.234.146 - - [27/Jun/2023:09:13:13 +0800] "GET /xingrg/kc/buy/cgsh_order_operate.html?command=get_materiel&rest_code=00141&code=00101008357&supplier_code=00100007&order_time=2023-06-27 HTTP/1.1" 200 408
180.169.147.146 - - [27/Jun/2023:09:13:13 +0800] "POST /xingrg/all/report/load_report_page.html HTTP/1.1" 200 8704
180.169.147.146 - - [27/Jun/2023:09:13:14 +0800] "GET /xingrg/servlets/image?cache=0.557699525238182&image=px HTTP/1.1" 200 807
222.70.180.90 - - [27/Jun/2023:09:13:15 +0800] "GET /xingrg/kc/buy/cgsh_order_operate.html?command=get_materiel&rest_code=00111&code=00101008132&supplier_code=00100005&order_time=2023-06-27 HTTP/1.1" 200 408
116.232.195.127 - - [27/Jun/2023:09:13:18 +0800] "POST /xingrg/login.do HTTP/1.1" 302 -
116.238.191.126 - - [27/Jun/2023:09:13:18 +0800] "GET /xingrg/all/function/internal_message.html?_=1687828398193&CODE_STATE=getMsg HTTP/1.1" 200 27
61.170.233.201 - - [27/Jun/2023:09:13:18 +0800] "GET /xingrg/all/function/internal_message.html?_=1687828397804&CODE_STATE=getMsg HTTP/1.1" 200 27
116.232.195.127 - - [27/Jun/2023:09:13:19 +0800] "POST /xingrg/login.do HTTP/1.1" 302 -
116.232.195.127 - - [27/Jun/2023:09:13:19 +0800] "GET /xingrg/index.html?sysBaseUrl=http%3A%2F%2F180.169.147.146%3A18081%2Fxingrg%2F&costTime=2399×tamp=1687828399795 HTTP/1.1" 200 17503
116.232.195.127 - - [27/Jun/2023:09:13:20 +0800] "GET /favicon.ico HTTP/1.1" 404 -
116.232.195.127 - - [27/Jun/2023:09:13:20 +0800] "GET /xingrg/all/function/internal_message.html?_=1687828400378&CODE_STATE=count HTTP/1.1" 200 11
116.232.195.127 - - [27/Jun/2023:09:13:20 +0800] "GET /xingrg/check_reg.html?_=1687828400380 HTTP/1.1" 200 22
101.83.145.52 - - [27/Jun/2023:09:13:20 +0800] "GET /xingrg/kc/buy/cgsh_order_operate.html?command=get_materiel&rest_code=00105&code=00101008069&supplier_code=00100203&order_time=2023-06-27 HTTP/1.1" 200 412
116.232.195.127 - - [27/Jun/2023:09:13:20 +0800] "POST /xingrg/all/common/load_tree.html?tree=area_rest_tree_json&manage=1 HTTP/1.1" 200 3499
116.232.195.127 - - [27/Jun/2023:09:13:21 +0800] "POST /xingrg/load_menu.html HTTP/1.1" 200 11443
116.232.195.127 - - [27/Jun/2023:09:13:21 +0800] "GET /xingrg/javascript/jquery_easy_ui/themes/default/images/tree_arrows.gif HTTP/1.1" 304 -
116.232.195.127 - - [27/Jun/2023:09:13:21 +0800] "GET /xingrg/javascript/jquery_easy_ui/themes/default/images/tree_folder_open.gif HTTP/1.1" 304 -
116.232.195.127 - - [27/Jun/2023:09:13:21 +0800] "GET /xingrg/javascript/jquery_easy_ui/themes/icons/search_new.png HTTP/1.1" 304 -
116.232.195.127 - - [27/Jun/2023:09:13:21 +0800] "GET /xingrg/javascript/jquery_easy_ui/themes/icons/storage_new.png HTTP/1.1" 304 -
116.232.195.127 - - [27/Jun/2023:09:13:21 +0800] "GET /xingrg/javascript/jquery_easy_ui/themes/icons/checkout_new.png HTTP/1.1" 304 -
116.232.195.127 - - [27/Jun/2023:09:13:21 +0800] "GET /xingrg/javascript/jquery_easy_ui/themes/icons/forms_new.png HTTP/1.1" 304 -
116.232.195.127 - - [27/Jun/2023:09:13:21 +0800] "GET /xingrg/javascript/jquery_easy_ui/themes/icons/setting_new.png HTTP/1.1" 304 -
116.232.195.127 - - [27/Jun/2023:09:13:21 +0800] "GET /xingrg/javascript/jquery_easy_ui/themes/icons/systemset_new.png HTTP/1.1" 304 -
116.232.195.127 - - [27/Jun/2023:09:13:21 +0800] "GET /xingrg/javascript/jquery_easy_ui/themes/default/images/tree_file.gif HTTP/1.1" 304 -
116.232.195.127 - - [27/Jun/2023:09:13:21 +0800] "GET /xingrg/javascript/jquery_easy_ui/themes/default/images/tree_folder.gif HTTP/1.1" 304 -
116.238.191.126 - - [27/Jun/2023:09:13:23 +0800] "GET /xingrg/all/function/internal_message.html?_=1687828324255&CODE_STATE=getMsg HTTP/1.1" 200 27
180.169.147.146 - - [27/Jun/2023:09:13:23 +0800] "POST /xingrg/dwr/call/plaincall/AjaxReportQueryService.refreshCache.dwr HTTP/1.1" 200 78
222.69.128.63 - - [27/Jun/2023:09:13:23 +0800] "GET /xingrg/all/function/internal_message.html?_=1687828403218&CODE_STATE=getMsg HTTP/1.1" 200 27
61.170.233.201 - - [27/Jun/2023:09:13:24 +0800] "GET /xingrg/kc/buy/cgsh_order_operate.html?command=get_materiel&rest_code=00106&code=00101008261&supplier_code=00100007&order_time=2023-06-27 HTTP/1.1" 200 408
180.163.30.76 - - [27/Jun/2023:09:13:25 +0800] "GET /xingrg/kc/buy/cgsh_order_operate.html?command=get_materiel&rest_code=00106&code=00101008125&supplier_code=00100007&order_time=2023-06-27 HTTP/1.1" 302 -
180.163.30.76 - - [27/Jun/2023:09:13:25 +0800] "GET /xingrg/login.html HTTP/1.1" 200 7641
116.232.195.127 - - [27/Jun/2023:09:13:26 +0800] "GET /xingrg/system/info/materiel_manager.html HTTP/1.1" 200 19497
116.232.195.127 - - [27/Jun/2023:09:13:27 +0800] "GET /xingrg/dwr/interface/AjaxBaseInfoService.js HTTP/1.1" 200 21363
116.232.195.127 - - [27/Jun/2023:09:13:27 +0800] "GET /xingrg/dwr/interface/AjaxComOrderService.js HTTP/1.1" 200 18264
116.232.195.127 - - [27/Jun/2023:09:13:27 +0800] "GET /xingrg/dwr/engine.js HTTP/1.1" 200 43631
116.232.195.127 - - [27/Jun/2023:09:13:27 +0800] "GET /xingrg/dwr/util.js HTTP/1.1" 304 -
116.232.195.127 - - [27/Jun/2023:09:13:27 +0800] "GET /xingrg/javascript/Calendar.js HTTP/1.1" 304 -
116.232.195.127 - - [27/Jun/2023:09:13:27 +0800] "GET /xingrg/javascript/Grid.js HTTP/1.1" 304 -
180.156.213.241 - - [27/Jun/2023:09:13:27 +0800] "GET /xingrg/all/function/internal_message.html?_=1687828414575&CODE_STATE=getMsg HTTP/1.1" 200 27
180.169.147.146 - - [27/Jun/2023:09:13:28 +0800] "POST /xingrg/all/report/load_report_page.html HTTP/1.1" 200 10907
180.169.147.146 - - [27/Jun/2023:09:13:28 +0800] "GET /xingrg/servlets/image?cache=0.31214163613184753&image=px HTTP/1.1" 200 807
116.232.195.127 - - [27/Jun/2023:09:13:28 +0800] "GET /xingrg/javascript/jquery_easy_ui/themes/icons/back_new.png HTTP/1.1" 304 -
116.232.195.127 - - [27/Jun/2023:09:13:28 +0800] "POST /xingrg/dwr/call/plaincall/AjaxBaseInfoService.getSubMaterielSorts.dwr HTTP/1.1" 200 219
116.232.195.127 - - [27/Jun/2023:09:13:29 +0800] "POST /xingrg/dwr/call/plaincall/AjaxBaseInfoService.getMateriels.dwr HTTP/1.1" 200 2930
180.169.147.146 - - [27/Jun/2023:09:13:29 +0800] "GET /xingrg/all/report/report_query.html?isQuery=1&fileName=kc/buy/wlcg_cate_small_hz_rest.xml&queryString=(CONVERT(char(10)%2Ca.order_time%2C%20120)%3E%3D'2023-06-24')%20and%20(CONVERT(char(10)%2Ca.order_time%2C%20120)%3C%3D'2023-06-26')%20and%20(a.big_sort%3D'00101')&queryText=%E3%80%90%E5%8D%95%E6%8D%AE%E6%97%A5%E6%9C%9F%3A2023-06-24%20%E8%87%B3%202023-06-26%E3%80%91%20%E5%B9%B6%E4%B8%94%20%E3%80%90%E6%9D%90%E6%96%99%E5%A4%A7%E7%B1%BB%20%3D%20%E6%88%90%E6%9C%AC%E7%B1%BB%E3%80%91&rand=0.3950962344943244 HTTP/1.1" 200 8211
180.169.147.146 - - [27/Jun/2023:09:13:29 +0800] "GET /xingrg/all/report/report_query.html?isQuery=1&fileName=kc/buy/wlcg_cate_small_hz_rest.xml&queryString=(CONVERT(char(10)%2Ca.order_time%2C%20120)%3E%3D'2023-06-24')%20and%20(CONVERT(char(10)%2Ca.order_time%2C%20120)%3C%3D'2023-06-26')%20and%20(a.big_sort%3D'00101')&queryText=%E3%80%90%E5%8D%95%E6%8D%AE%E6%97%A5%E6%9C%9F%3A2023-06-24%20%E8%87%B3%202023-06-26%E3%80%91%20%E5%B9%B6%E4%B8%94%20%E3%80%90%E6%9D%90%E6%96%99%E5%A4%A7%E7%B1%BB%20%3D%20%E6%88%90%E6%9C%AC%E7%B1%BB%E3%80%91&rand=0.3950962344943244 HTTP/1.1" 200 52837
180.169.147.146 - - [27/Jun/2023:09:13:29 +0800] "GET /xingrg/dwr/interface/AjaxReportQueryService.js HTTP/1.1" 200 13203
180.169.147.146 - - [27/Jun/2023:09:13:29 +0800] "GET /xingrg/dwr/engine.js HTTP/1.1" 200 43631
116.232.195.127 - - [27/Jun/2023:09:13:29 +0800] "POST /xingrg/dwr/call/plaincall/AjaxBaseInfoService.getSubMaterielSorts.dwr HTTP/1.1" 200 4044
222.67.234.146 - - [27/Jun/2023:09:13:30 +0800] "GET /xingrg/check_reg.html?_=1687827899513 HTTP/1.1" 200 22
222.67.234.146 - - [27/Jun/2023:09:13:30 +0800] "GET /xingrg/all/function/internal_message.html?_=1687827899515&CODE_STATE=getMsg HTTP/1.1" 200 27
116.232.195.127 - - [27/Jun/2023:09:13:30 +0800] "POST /xingrg/dwr/call/plaincall/AjaxBaseInfoService.getMateriels.dwr HTTP/1.1" 200 2928
180.169.147.146 - - [27/Jun/2023:09:13:34 +0800] "POST /xingrg/all/report/load_report_page.html HTTP/1.1" 200 71864
180.169.147.146 - - [27/Jun/2023:09:13:34 +0800] "GET /xingrg/servlets/image?cache=0.12423739120882393&image=px HTTP/1.1" 200 807
116.232.195.127 - - [27/Jun/2023:09:13:36 +0800] "POST /xingrg/dwr/call/plaincall/AjaxBaseInfoService.getMateriels.dwr HTTP/1.1" 200 3017
180.169.147.146 - - [27/Jun/2023:09:13:38 +0800] "GET /xingrg/all/report/report_query.html?isQuery=1&fileName=kc/buy/wlcg_hz_rest.xml&queryString=(CONVERT(char(10)%2Ca.order_time%2C%20120)%3E%3D'2023-06-24')%20and%20(CONVERT(char(10)%2Ca.order_time%2C%20120)%3C%3D'2023-06-26')%20and%20(a.big_sort%3D'00101')%20and%20(a.small_sort%3D'00101001')&queryText=%E3%80%90%E5%8D%95%E6%8D%AE%E6%97%A5%E6%9C%9F%3A2023-06-24%20%E8%87%B3%202023-06-26%E3%80%91%20%E5%B9%B6%E4%B8%94%20%E3%80%90%E6%9D%90%E6%96%99%E5%A4%A7%E7%B1%BB%20%3D%20%E6%88%90%E6%9C%AC%E7%B1%BB%E3%80%91%20%E5%B9%B6%E4%B8%94%20%E3%80%90%E6%9D%90%E6%96%99%E5%B0%8F%E7%B1%BB%20%3D%20%E6%B5%B7%E9%B2%9C%E7%B1%BB-%E9%B1%BC%E7%B1%BB%E3%80%91&rand=0.5172124615796474 HTTP/1.1" 200 52544
180.169.147.146 - - [27/Jun/2023:09:13:38 +0800] "GET /xingrg/all/report/report_query.html?isQuery=1&fileName=kc/buy/wlcg_hz_rest.xml&queryString=(CONVERT(char(10)%2Ca.order_time%2C%20120)%3E%3D'2023-06-24')%20and%20(CONVERT(char(10)%2Ca.order_time%2C%20120)%3C%3D'2023-06-26')%20and%20(a.big_sort%3D'00101')%20and%20(a.small_sort%3D'00101001')&queryText=%E3%80%90%E5%8D%95%E6%8D%AE%E6%97%A5%E6%9C%9F%3A2023-06-24%20%E8%87%B3%202023-06-26%E3%80%91%20%E5%B9%B6%E4%B8%94%20%E3%80%90%E6%9D%90%E6%96%99%E5%A4%A7%E7%B1%BB%20%3D%20%E6%88%90%E6%9C%AC%E7%B1%BB%E3%80%91%20%E5%B9%B6%E4%B8%94%20%E3%80%90%E6%9D%90%E6%96%99%E5%B0%8F%E7%B1%BB%20%3D%20%E6%B5%B7%E9%B2%9C%E7%B1%BB-%E9%B1%BC%E7%B1%BB%E3%80%91&rand=0.5172124615796474 HTTP/1.1" 200 52544
180.169.147.146 - - [27/Jun/2023:09:13:38 +0800] "GET /xingrg/dwr/interface/AjaxReportQueryService.js HTTP/1.1" 200 13203
180.169.147.146 - - [27/Jun/2023:09:13:38 +0800] "GET /xingrg/dwr/engine.js HTTP/1.1" 200 43631
116.232.195.127 - - [27/Jun/2023:09:13:38 +0800] "GET /xingrg/system/info/materiel_info.html?code=00101006&isAdd=1 HTTP/1.1" 200 37438
116.232.195.127 - - [27/Jun/2023:09:13:39 +0800] "GET /xingrg/dwr/interface/AjaxGetFirstChart.js HTTP/1.1" 200 631
116.232.195.127 - - [27/Jun/2023:09:13:39 +0800] "GET /xingrg/dwr/engine.js HTTP/1.1" 200 43631
116.232.195.127 - - [27/Jun/2023:09:13:39 +0800] "GET /favicon.ico HTTP/1.1" 404 -
116.232.195.127 - - [27/Jun/2023:09:13:40 +0800] "POST /xingrg/all/common/load_tree.html?tree=area_rest_tree_json HTTP/1.1" 200 3499
116.232.195.127 - - [27/Jun/2023:09:13:40 +0800] "POST /xingrg/dwr/call/plaincall/AjaxBaseInfoService.getMaterielInfo.dwr HTTP/1.1" 200 204
116.232.195.127 - - [27/Jun/2023:09:13:40 +0800] "POST /xingrg/all/common/load_tree.html?tree=area_rest_tree_json&defaultRests=undefined HTTP/1.1" 200 3499
180.169.147.146 - - [27/Jun/2023:09:13:41 +0800] "POST /xingrg/all/report/load_report_page.html HTTP/1.1" 200 117161
180.169.147.146 - - [27/Jun/2023:09:13:41 +0800] "GET /xingrg/servlets/image?cache=0.10561628407646217&image=px HTTP/1.1" 200 807
180.169.147.146 - - [27/Jun/2023:09:13:42 +0800] "POST /xingrg/dwr/call/plaincall/AjaxReportQueryService.getFixDate.dwr HTTP/1.1" 200 111
180.169.147.146 - - [27/Jun/2023:09:13:42 +0800] "POST /xingrg/dwr/call/plaincall/AjaxReportQueryService.getInitString.dwr HTTP/1.1" 200 125
180.169.147.146 - - [27/Jun/2023:09:13:42 +0800] "POST /xingrg/dwr/call/plaincall/AjaxReportQueryService.getInitString.dwr HTTP/1.1" 200 35057
180.169.147.146 - - [27/Jun/2023:09:13:43 +0800] "POST /xingrg/all/common/load_tree.html?tree=area_rest_tree_json&manage=1 HTTP/1.1" 200 3499
180.156.213.241 - - [27/Jun/2023:09:13:43 +0800] "GET /xingrg/all/function/internal_message.html?_=1687828423472&CODE_STATE=getMsg HTTP/1.1" 302 -
222.70.180.90 - - [27/Jun/2023:09:13:45 +0800] "GET /xingrg/all/function/internal_message.html?_=1687828424374&CODE_STATE=getMsg HTTP/1.1" 200 27
124.77.245.69 - - [27/Jun/2023:09:13:46 +0800] "GET /xingrg/all/function/internal_message.html?_=1687828431495&CODE_STATE=getMsg HTTP/1.1" 200 27
61.170.233.201 - - [27/Jun/2023:09:13:47 +0800] "GET /xingrg/kc/buy/cgsh_order_operate.html?command=get_materiel&rest_code=00106&code=00101008321&supplier_code=00100007&order_time=2023-06-27 HTTP/1.1" 200 412
116.232.195.127 - - [27/Jun/2023:09:13:48 +0800] "POST /xingrg/dwr/call/plaincall/AjaxBaseInfoService.getMateriels.dwr HTTP/1.1" 200 2980
180.169.147.146 - - [27/Jun/2023:09:13:48 +0800] "GET /xingrg/all/function/internal_message.html?_=1687828427393&CODE_STATE=getMsg HTTP/1.1" 302 -
116.232.195.127 - - [27/Jun/2023:09:13:49 +0800] "GET /xingrg/system/info/materiel_info.html?code=00101023&isAdd=1 HTTP/1.1" 200 37438
116.232.195.127 - - [27/Jun/2023:09:13:49 +0800] "GET /xingrg/dwr/engine.js HTTP/1.1" 200 43631
116.232.195.127 - - [27/Jun/2023:09:13:50 +0800] "GET /favicon.ico HTTP/1.1" 404 -
116.232.195.127 - - [27/Jun/2023:09:13:50 +0800] "POST /xingrg/all/common/load_tree.html?tree=area_rest_tree_json HTTP/1.1" 200 3499
116.232.195.127 - - [27/Jun/2023:09:13:50 +0800] "POST /xingrg/dwr/call/plaincall/AjaxBaseInfoService.getMaterielInfo.dwr HTTP/1.1" 200 216
116.232.195.127 - - [27/Jun/2023:09:13:50 +0800] "POST /xingrg/all/common/load_tree.html?tree=area_rest_tree_json&defaultRests=undefined HTTP/1.1" 200 3499
180.163.29.79 - - [27/Jun/2023:09:13:54 +0800] "GET /xingrg/all/function/internal_message.html?_=1687828373739&CODE_STATE=getMsg HTTP/1.1" 302 -
180.169.147.146 - - [27/Jun/2023:09:13:54 +0800] "GET /xingrg/all/function/internal_message.html?_=1687828433753&CODE_STATE=getMsg HTTP/1.1" 200 27
180.163.29.79 - - [27/Jun/2023:09:13:54 +0800] "GET /xingrg/login.html HTTP/1.1" 200 7641
180.169.147.146 - - [27/Jun/2023:09:13:55 +0800] "POST /xingrg/all/report/load_report_page.html HTTP/1.1" 200 29879
180.169.147.146 - - [27/Jun/2023:09:13:55 +0800] "GET /xingrg/servlets/image?cache=0.012445128847388132&image=px HTTP/1.1" 200 807
61.170.233.201 - - [27/Jun/2023:09:13:58 +0800] "GET /xingrg/kc/buy/cgsh_order_operate.html?command=get_materiel&rest_code=00106&code=00101008098&supplier_code=00100007&order_time=2023-06-27 HTTP/1.1" 200 412
61.170.233.201 - - [27/Jun/2023:09:14:00 +0800] "POST /xingrg/kc/buy/cgsh_order_operate.html HTTP/1.1" 200 2065
180.169.147.146 - - [27/Jun/2023:09:14:01 +0800] "POST /xingrg/all/report/load_report_page.html HTTP/1.1" 200 16427
180.169.147.146 - - [27/Jun/2023:09:14:01 +0800] "GET /xingrg/servlets/image?cache=0.011269428250657687&image=px HTTP/1.1" 200 807
116.232.195.127 - - [27/Jun/2023:09:14:02 +0800] "POST /xingrg/dwr/call/plaincall/AjaxGetFirstChart.getFirstChart.dwr HTTP/1.1" 200 78
180.163.28.114 - - [27/Jun/2023:09:14:03 +0800] "GET /xingrg/kc/buy/cgsh_order_operate.html?command=get_materiel&rest_code=00106&code=00101011005&supplier_code=00100007&order_time=2023-06-27 HTTP/1.1" 302 -
180.163.28.114 - - [27/Jun/2023:09:14:03 +0800] "GET /xingrg/login.html HTTP/1.1" 200 7641
124.79.243.110 - - [27/Jun/2023:09:14:04 +0800] "GET /xingrg/all/function/internal_message.html?_=1687828727590&CODE_STATE=getMsg HTTP/1.1" 200 27
180.169.147.146 - - [27/Jun/2023:09:14:04 +0800] "GET /xingrg/all/report/report_query.html?isQuery=1&fileName=kc/buy/wlcg_mx_rest.xml&queryString=(CONVERT(char(10)%2Corder_time%2C%20120)%3E%3D'2023-06-24')%20and%20(CONVERT(char(10)%2Corder_time%2C%20120)%3C%3D'2023-06-30')%20and%20(a.name%20like%20'%24bf%24%E4%B9%B3%E9%B8%BD%24bf%24')%20and%20(a.materiel_code%3D'00101007077')&queryText=%E3%80%90%E9%87%87%E8%B4%AD%E6%97%B6%E9%97%B4%3A2023-06-24%20%E8%87%B3%202023-06-30%E3%80%91%20%E5%B9%B6%E4%B8%94%20%20%E3%80%90%E6%9D%90%E6%96%99%E5%90%8D%E7%A7%B0%20%E5%8C%85%E5%90%AB%20%E4%B9%B3%E9%B8%BD%E3%80%91%20%E5%B9%B6%E4%B8%94%20%E3%80%90%E6%9D%90%E6%96%99%E5%90%8D%E7%A7%B0%20%3D%20%E4%B9%B3%E9%B8%BD6%E4%B8%A4%E3%80%91&rand=0.24675903426290807 HTTP/1.1" 200 51141
