180.156.213.241 - - [27/Jun/2023:09:19:43 +0800] "GET /xingrg/all/function/internal_message.html?_=1687828783382&CODE_STATE=getMsg HTTP/1.1" 302 -
124.77.245.69 - - [27/Jun/2023:09:19:44 +0800] "POST /xingrg/dwr/call/plaincall/AjaxReportQueryService.refreshCache.dwr HTTP/1.1" 200 78
222.70.180.90 - - [27/Jun/2023:09:19:45 +0800] "GET /xingrg/all/function/internal_message.html?_=1687828784245&CODE_STATE=getMsg HTTP/1.1" 200 27
124.77.245.69 - - [27/Jun/2023:09:19:46 +0800] "GET /xingrg/all/function/internal_message.html?_=1687828791845&CODE_STATE=getMsg HTTP/1.1" 200 27
180.169.147.146 - - [27/Jun/2023:09:19:48 +0800] "GET /xingrg/all/function/internal_message.html?_=1687828787386&CODE_STATE=getMsg HTTP/1.1" 302 -
101.83.145.52 - - [27/Jun/2023:09:19:51 +0800] "GET /xingrg/kc/buy/cgsh_order_operate.html?command=get_materiel&rest_code=00105&code=00101008224&supplier_code=00100203&order_time=2023-06-27 HTTP/1.1" 200 416
222.70.180.90 - - [27/Jun/2023:09:19:51 +0800] "GET /xingrg/kc/buy/cgsh_order_operate.html?command=get_materiel&rest_code=00111&code=00101008674&supplier_code=00100005&order_time=2023-06-27 HTTP/1.1" 200 412
120.253.135.82 - - [27/Jun/2023:09:19:53 +0800] "GET /xingrg/check_reg.html?_=1687828624573 HTTP/1.1" 200 22
180.163.29.219 - - [27/Jun/2023:09:19:54 +0800] "GET /xingrg/all/function/internal_message.html?_=1687828733741&CODE_STATE=getMsg HTTP/1.1" 302 -
180.169.147.146 - - [27/Jun/2023:09:19:54 +0800] "GET /xingrg/all/function/internal_message.html?_=1687828793737&CODE_STATE=getMsg HTTP/1.1" 200 27
180.163.29.219 - - [27/Jun/2023:09:19:54 +0800] "GET /xingrg/login.html HTTP/1.1" 200 7641
124.77.245.69 - - [27/Jun/2023:09:19:54 +0800] "POST /xingrg/all/report/load_report_page.html HTTP/1.1" 200 168129
124.77.245.69 - - [27/Jun/2023:09:19:54 +0800] "GET /xingrg/servlets/image?cache=0.9022876932483583&image=px HTTP/1.1" 200 807
116.232.195.127 - - [27/Jun/2023:09:19:56 +0800] "GET /xingrg/index.html?sysBaseUrl=http%3A%2F%2F180.169.147.146%3A18081%2Fxingrg%2F&costTime=1277×tamp=1606817596806 HTTP/1.1" 302 -
116.232.195.127 - - [27/Jun/2023:09:19:56 +0800] "GET /xingrg/login.html HTTP/1.1" 200 7641
116.232.195.127 - - [27/Jun/2023:09:19:57 +0800] "GET /favicon.ico HTTP/1.1" 404 -
180.163.28.180 - - [27/Jun/2023:09:20:01 +0800] "GET /xingrg/servlets/image?cache=0.8210617253420196&image=px HTTP/1.1" 200 807
116.232.195.127 - - [27/Jun/2023:09:20:03 +0800] "POST /xingrg/login.do HTTP/1.1" 302 -
116.232.195.127 - - [27/Jun/2023:09:20:03 +0800] "GET /xingrg/index.html?sysBaseUrl=http%3A%2F%2F180.169.147.146%3A18081%2Fxingrg%2F&costTime=1885×tamp=1687828803582 HTTP/1.1" 200 17179
116.232.195.127 - - [27/Jun/2023:09:20:04 +0800] "GET /favicon.ico HTTP/1.1" 404 -
116.232.195.127 - - [27/Jun/2023:09:20:04 +0800] "GET /xingrg/all/function/internal_message.html?_=1687828790442&CODE_STATE=count HTTP/1.1" 200 11
116.232.195.127 - - [27/Jun/2023:09:20:04 +0800] "GET /xingrg/check_reg.html?_=1687828790442 HTTP/1.1" 200 22
124.77.245.69 - - [27/Jun/2023:09:20:04 +0800] "POST /xingrg/all/report/report_print.html HTTP/1.1" 200 27684
116.232.195.127 - - [27/Jun/2023:09:20:04 +0800] "POST /xingrg/all/common/load_tree.html?tree=area_rest_tree_json&manage=1 HTTP/1.1" 200 479
116.232.195.127 - - [27/Jun/2023:09:20:04 +0800] "POST /xingrg/load_menu.html HTTP/1.1" 200 5138
124.79.243.110 - - [27/Jun/2023:09:20:04 +0800] "GET /xingrg/all/function/internal_message.html?_=1687829087588&CODE_STATE=getMsg HTTP/1.1" 200 27
101.83.145.52 - - [27/Jun/2023:09:20:06 +0800] "GET /xingrg/kc/buy/cgsh_order_operate.html?command=get_materiel&rest_code=00105&code=00101008003&supplier_code=00100203&order_time=2023-06-27 HTTP/1.1" 200 408
116.232.195.127 - - [27/Jun/2023:09:20:07 +0800] "GET /xingrg/kc/buy/cgsh_order_list.html HTTP/1.1" 200 55802
101.83.145.52 - - [27/Jun/2023:09:20:11 +0800] "POST /xingrg/kc/buy/cgsh_order_operate.html HTTP/1.1" 200 2065
101.83.145.52 - - [27/Jun/2023:09:20:11 +0800] "GET /xingrg/all/function/internal_message.html?_=1687828631987&CODE_STATE=getMsg HTTP/1.1" 200 27
114.85.113.108 - - [27/Jun/2023:09:20:11 +0800] "GET /xingrg/check_reg.html?_=1687828810833 HTTP/1.1" 200 22
114.85.113.108 - - [27/Jun/2023:09:20:11 +0800] "GET /xingrg/all/function/internal_message.html?_=1687828810836&CODE_STATE=getMsg HTTP/1.1" 200 27
116.232.195.127 - - [27/Jun/2023:09:20:11 +0800] "POST /xingrg/kc/buy/cgsh_list_operate.html HTTP/1.1" 200 4018
222.70.180.90 - - [27/Jun/2023:09:20:14 +0800] "GET /xingrg/kc/buy/cgsh_order_operate.html?command=get_materiel&rest_code=00111&code=00101008069&supplier_code=00100005&order_time=2023-06-27 HTTP/1.1" 200 412
222.69.145.249 - - [27/Jun/2023:09:20:16 +0800] "GET /xingrg/login.html HTTP/1.1" 200 7641
116.232.195.127 - - [27/Jun/2023:09:20:17 +0800] "POST /xingrg/kc/buy/cgsh_list_operate.html HTTP/1.1" 200 4018
222.70.180.90 - - [27/Jun/2023:09:20:17 +0800] "POST /xingrg/kc/buy/cgsh_order_operate.html HTTP/1.1" 200 2065
222.69.145.249 - - [27/Jun/2023:09:20:17 +0800] "GET /xingrg/images/blue/jxLogo.png HTTP/1.1" 200 6156
180.163.29.79 - - [27/Jun/2023:09:20:18 +0800] "GET /xingrg/all/function/internal_message.html?_=1687828757667&CODE_STATE=getMsg HTTP/1.1" 302 -
180.163.29.79 - - [27/Jun/2023:09:20:18 +0800] "GET /xingrg/login.html HTTP/1.1" 200 7641
222.69.145.249 - - [27/Jun/2023:09:20:18 +0800] "GET /xingrg/images/blue/login_bg.png HTTP/1.1" 200 22101
222.69.145.249 - - [27/Jun/2023:09:20:18 +0800] "GET /xingrg/images/blue/hj.png HTTP/1.1" 200 1014
222.69.145.249 - - [27/Jun/2023:09:20:18 +0800] "GET /xingrg/images/blue/srbg.png HTTP/1.1" 200 138
61.170.233.201 - - [27/Jun/2023:09:20:18 +0800] "GET /xingrg/all/function/internal_message.html?_=1687828817639&CODE_STATE=getMsg HTTP/1.1" 200 27
116.238.191.126 - - [27/Jun/2023:09:20:18 +0800] "GET /xingrg/all/function/internal_message.html?_=1687828818209&CODE_STATE=getMsg HTTP/1.1" 200 27
116.232.195.127 - - [27/Jun/2023:09:20:20 +0800] "GET /xingrg/all/function/internal_message.html?_=1687828820385&CODE_STATE=getMsg HTTP/1.1" 200 27
222.69.145.249 - - [27/Jun/2023:09:20:22 +0800] "GET /favicon.ico HTTP/1.1" 404 -
124.77.245.69 - - [27/Jun/2023:09:20:22 +0800] "GET /xingrg/all/function/internal_message.html?_=1687828827306&CODE_STATE=getMsg HTTP/1.1" 200 27
116.238.191.126 - - [27/Jun/2023:09:20:23 +0800] "GET /xingrg/all/function/internal_message.html?_=1687828744491&CODE_STATE=getMsg HTTP/1.1" 200 27
222.69.128.63 - - [27/Jun/2023:09:20:23 +0800] "GET /xingrg/check_reg.html?_=1687828823221 HTTP/1.1" 200 22
222.69.128.63 - - [27/Jun/2023:09:20:23 +0800] "GET /xingrg/all/function/internal_message.html?_=1687828823230&CODE_STATE=getMsg HTTP/1.1" 200 27
124.77.245.69 - - [27/Jun/2023:09:20:27 +0800] "GET /xingrg/check_reg.html?_=1687828833182 HTTP/1.1" 200 22
222.70.180.90 - - [27/Jun/2023:09:20:28 +0800] "GET /xingrg/kc/buy/cgsh_order_operate.html?command=get_materiel&rest_code=00111&code=00101008233&supplier_code=00100005&order_time=2023-06-27 HTTP/1.1" 200 408
222.67.234.146 - - [27/Jun/2023:09:20:30 +0800] "GET /xingrg/all/function/internal_message.html?_=1687828319511&CODE_STATE=getMsg HTTP/1.1" 200 27
222.69.145.249 - - [27/Jun/2023:09:20:33 +0800] "POST /xingrg/login.do HTTP/1.1" 302 -
222.69.145.249 - - [27/Jun/2023:09:20:33 +0800] "GET /xingrg/index.html?sysBaseUrl=http%3A%2F%2F180.169.147.146%3A18081%2Fxingrg%2F&costTime=1977×tamp=1687828833636 HTTP/1.1" 200 17179
101.83.145.52 - - [27/Jun/2023:09:20:34 +0800] "GET /xingrg/kc/buy/cgsh_order_operate.html?command=get_materiel&rest_code=00105&code=00101008357&supplier_code=00100203&order_time=2023-06-27 HTTP/1.1" 200 408
116.232.195.127 - - [27/Jun/2023:09:20:36 +0800] "POST /xingrg/kc/buy/cgsh_list_operate.html HTTP/1.1" 200 4018
222.69.145.249 - - [27/Jun/2023:09:20:39 +0800] "POST /xingrg/login.do HTTP/1.1" 302 -
222.69.145.249 - - [27/Jun/2023:09:20:39 +0800] "GET /xingrg/index.html?sysBaseUrl=http%3A%2F%2F180.169.147.146%3A18081%2Fxingrg%2F&costTime=1512×tamp=1687828839647 HTTP/1.1" 200 17179
222.70.180.90 - - [27/Jun/2023:09:20:40 +0800] "GET /xingrg/kc/buy/cgsh_order_operate.html?command=get_materiel&rest_code=00111&code=00101008098&supplier_code=00100005&order_time=2023-06-27 HTTP/1.1" 200 412
222.69.145.249 - - [27/Jun/2023:09:20:40 +0800] "GET /xingrg/javascript/jquery_easy_ui/themes/default/easyui.css HTTP/1.1" 200 26500
222.69.145.249 - - [27/Jun/2023:09:20:40 +0800] "GET /xingrg/javascript/jquery_easy_ui/themes/icon.css HTTP/1.1" 200 3949
222.69.145.249 - - [27/Jun/2023:09:20:40 +0800] "GET /xingrg/css/form.css HTTP/1.1" 200 893
222.69.145.249 - - [27/Jun/2023:09:20:40 +0800] "GET /xingrg/javascript/jquery_easy_ui/easyui-lang-zh_CN.js HTTP/1.1" 200 1900
222.69.145.249 - - [27/Jun/2023:09:20:40 +0800] "GET /xingrg/javascript/jquery-1.4.2.min.js HTTP/1.1" 200 72205
222.69.145.249 - - [27/Jun/2023:09:20:40 +0800] "GET /xingrg/javascript/jquery_easy_ui/jquery.easyui.min.js HTTP/1.1" 200 213662
222.69.145.249 - - [27/Jun/2023:09:20:40 +0800] "GET /xingrg/javascript/jquery.form.js HTTP/1.1" 200 23110
222.69.145.249 - - [27/Jun/2023:09:20:40 +0800] "GET /xingrg/javascript/jquery.utils.js HTTP/1.1" 200 11805
222.69.145.249 - - [27/Jun/2023:09:20:40 +0800] "GET /xingrg/javascript/jquery.timers.js HTTP/1.1" 200 3532
180.156.213.241 - - [27/Jun/2023:09:20:43 +0800] "GET /xingrg/all/function/internal_message.html?_=1687828843360&CODE_STATE=getMsg HTTP/1.1" 302 -
180.156.213.241 - - [27/Jun/2023:09:20:44 +0800] "GET /xingrg/check_reg.html?_=1687828843794 HTTP/1.1" 302 -
222.70.180.90 - - [27/Jun/2023:09:20:45 +0800] "GET /xingrg/all/function/internal_message.html?_=1687828844217&CODE_STATE=getMsg HTTP/1.1" 200 27
222.69.145.249 - - [27/Jun/2023:09:20:46 +0800] "GET /favicon.ico HTTP/1.1" 404 -
124.77.245.69 - - [27/Jun/2023:09:20:46 +0800] "GET /xingrg/all/function/internal_message.html?_=1687828851857&CODE_STATE=getMsg HTTP/1.1" 200 27
180.169.147.146 - - [27/Jun/2023:09:20:48 +0800] "GET /xingrg/all/function/internal_message.html?_=1687828847384&CODE_STATE=getMsg HTTP/1.1" 302 -
101.83.145.52 - - [27/Jun/2023:09:20:51 +0800] "GET /xingrg/kc/buy/cgsh_order_operate.html?command=get_materiel&rest_code=00105&code=00101008131&supplier_code=00100203&order_time=2023-06-27 HTTP/1.1" 200 409
180.163.29.103 - - [27/Jun/2023:09:20:54 +0800] "GET /xingrg/all/function/internal_message.html?_=1687828793737&CODE_STATE=getMsg HTTP/1.1" 302 -
180.163.29.103 - - [27/Jun/2023:09:20:54 +0800] "GET /xingrg/login.html HTTP/1.1" 200 7641
180.169.147.146 - - [27/Jun/2023:09:20:54 +0800] "GET /xingrg/all/function/internal_message.html?_=1687828853753&CODE_STATE=getMsg HTTP/1.1" 200 27
180.169.147.146 - - [27/Jun/2023:09:20:54 +0800] "GET /xingrg/check_reg.html?_=1687828853756 HTTP/1.1" 200 22
116.232.195.127 - - [27/Jun/2023:09:20:56 +0800] "POST /xingrg/kc/buy/cgsh_list_operate.html HTTP/1.1" 200 571
116.232.195.127 - - [27/Jun/2023:09:20:59 +0800] "GET /xingrg/kc/buy/cgsh_order_info.html?code=212023062709775 HTTP/1.1" 200 71636
116.232.195.127 - - [27/Jun/2023:09:20:59 +0800] "GET /xingrg/words/20230627091814_words.js HTTP/1.1" 200 970792
116.232.195.127 - - [27/Jun/2023:09:21:00 +0800] "GET /xingrg/javascript/easyui/themes/default/validatebox.css HTTP/1.1" 404 1104
116.232.195.127 - - [27/Jun/2023:09:21:00 +0800] "GET /xingrg/all/common/auto_word.html?type=employee&rest_code=00155 HTTP/1.1" 200 205
116.232.195.127 - - [27/Jun/2023:09:21:00 +0800] "GET /xingrg/all/common/auto_word.html?type=employee&rest_code=00155 HTTP/1.1" 200 205
116.232.195.127 - - [27/Jun/2023:09:21:04 +0800] "GET /xingrg/all/function/internal_message.html?_=1687828850446&CODE_STATE=getMsg HTTP/1.1" 200 27
180.165.154.167 - - [27/Jun/2023:09:21:04 +0800] "POST /xingrg/services/DataTransmitService HTTP/1.1" 200 524
124.79.243.110 - - [27/Jun/2023:09:21:04 +0800] "GET /xingrg/all/function/internal_message.html?_=1687829147586&CODE_STATE=getMsg HTTP/1.1" 200 27
222.69.128.63 - - [27/Jun/2023:09:21:08 +0800] "GET /xingrg/kc/buy/cgsh_order_add.html HTTP/1.1" 200 71666
222.69.128.63 - - [27/Jun/2023:09:21:08 +0800] "GET /xingrg/words/20230627091814_words.js HTTP/1.1" 304 -
222.69.128.63 - - [27/Jun/2023:09:21:08 +0800] "POST /xingrg/kc/buy/cgsh_order_operate.html HTTP/1.1" 200 8245
222.69.128.63 - - [27/Jun/2023:09:21:08 +0800] "GET /xingrg/javascript/easyui/themes/default/validatebox.css HTTP/1.1" 404 1104
101.83.145.52 - - [27/Jun/2023:09:21:11 +0800] "GET /xingrg/all/function/internal_message.html?_=1687828691965&CODE_STATE=getMsg HTTP/1.1" 200 27
114.85.113.108 - - [27/Jun/2023:09:21:11 +0800] "GET /xingrg/all/function/internal_message.html?_=1687828870820&CODE_STATE=getMsg HTTP/1.1" 200 27
222.70.180.90 - - [27/Jun/2023:09:21:12 +0800] "POST /xingrg/kc/buy/cgsh_order_operate.html HTTP/1.1" 200 37
116.232.195.127 - - [27/Jun/2023:09:21:12 +0800] "POST /xingrg/kc/buy/cgsh_order_operate.html HTTP/1.1" 200 6195
222.70.180.90 - - [27/Jun/2023:09:21:15 +0800] "POST /xingrg/kc/buy/cgsh_order_operate.html HTTP/1.1" 200 29297
101.83.145.52 - - [27/Jun/2023:09:21:15 +0800] "GET /xingrg/kc/buy/cgsh_order_operate.html?command=get_materiel&rest_code=00105&code=00101008108&supplier_code=00100203&order_time=2023-06-27 HTTP/1.1" 200 412
180.163.30.76 - - [27/Jun/2023:09:21:18 +0800] "GET /xingrg/all/function/internal_message.html?_=1687828817639&CODE_STATE=getMsg HTTP/1.1" 302 -
180.163.30.76 - - [27/Jun/2023:09:21:18 +0800] "GET /xingrg/login.html HTTP/1.1" 200 7641
61.170.233.201 - - [27/Jun/2023:09:21:18 +0800] "GET /xingrg/all/function/internal_message.html?_=1687828877611&CODE_STATE=getMsg HTTP/1.1" 200 27
116.238.191.126 - - [27/Jun/2023:09:21:18 +0800] "GET /xingrg/all/function/internal_message.html?_=1687828878223&CODE_STATE=getMsg HTTP/1.1" 200 27
116.238.191.126 - - [27/Jun/2023:09:21:18 +0800] "GET /xingrg/check_reg.html?_=1687828878230 HTTP/1.1" 200 22
61.170.233.201 - - [27/Jun/2023:09:21:19 +0800] "GET /xingrg/check_reg.html?_=1687828878364 HTTP/1.1" 200 22
222.69.145.249 - - [27/Jun/2023:09:21:19 +0800] "GET /xingrg/javascript/jquery_easy_ui/themes/icons/settle_new.png HTTP/1.1" 200 826
222.69.145.249 - - [27/Jun/2023:09:21:19 +0800] "GET /xingrg/images/blue/navBackgound.jpg HTTP/1.1" 200 12378
222.69.145.249 - - [27/Jun/2023:09:21:20 +0800] "POST /xingrg/all/common/load_tree.html?tree=area_rest_tree_json&manage=1 HTTP/1.1" 200 351
116.232.195.127 - - [27/Jun/2023:09:21:20 +0800] "GET /xingrg/all/function/internal_message.html?_=1687828880402&CODE_STATE=getMsg HTTP/1.1" 200 27
124.77.245.69 - - [27/Jun/2023:09:21:22 +0800] "GET /xingrg/all/function/internal_message.html?_=1687828887316&CODE_STATE=getMsg HTTP/1.1" 200 27
222.69.145.249 - - [27/Jun/2023:09:21:22 +0800] "GET /xingrg/all/function/internal_message.html?_=1687828995907&CODE_STATE=count HTTP/1.1" 200 11
222.69.145.249 - - [27/Jun/2023:09:21:22 +0800] "GET /xingrg/images/blue/pingpu.png HTTP/1.1" 200 231
222.69.145.249 - - [27/Jun/2023:09:21:22 +0800] "GET /xingrg/check_reg.html?_=1687828995907 HTTP/1.1" 200 22
222.69.145.249 - - [27/Jun/2023:09:21:22 +0800] "GET /xingrg/javascript/jquery_easy_ui/themes/default/images/tabs_leftarrow.png HTTP/1.1" 200 389
222.69.145.249 - - [27/Jun/2023:09:21:22 +0800] "GET /xingrg/javascript/jquery_easy_ui/themes/default/images/tabs_rightarrow.png HTTP/1.1" 200 395
222.69.145.249 - - [27/Jun/2023:09:21:22 +0800] "GET /xingrg/javascript/jquery_easy_ui/themes/default/images/panel_tool_collapse.gif HTTP/1.1" 200 246
222.69.145.249 - - [27/Jun/2023:09:21:23 +0800] "POST /xingrg/load_menu.html HTTP/1.1" 200 5138
116.238.191.126 - - [27/Jun/2023:09:21:23 +0800] "GET /xingrg/check_reg.html?_=1687828804069 HTTP/1.1" 200 22
116.238.191.126 - - [27/Jun/2023:09:21:23 +0800] "GET /xingrg/all/function/internal_message.html?_=1687828804505&CODE_STATE=getMsg HTTP/1.1" 200 27
222.69.128.63 - - [27/Jun/2023:09:21:23 +0800] "GET /xingrg/all/function/internal_message.html?_=1687828883235&CODE_STATE=getMsg HTTP/1.1" 200 27
222.69.145.249 - - [27/Jun/2023:09:21:26 +0800] "GET /xingrg/javascript/jquery_easy_ui/themes/default/images/tree_arrows.gif HTTP/1.1" 200 1043
222.69.145.249 - - [27/Jun/2023:09:21:26 +0800] "GET /xingrg/javascript/jquery_easy_ui/themes/default/images/tree_folder_open.gif HTTP/1.1" 200 956
222.69.145.249 - - [27/Jun/2023:09:21:26 +0800] "GET /xingrg/javascript/jquery_easy_ui/themes/icons/search_new.png HTTP/1.1" 200 586
222.69.145.249 - - [27/Jun/2023:09:21:26 +0800] "GET /xingrg/javascript/jquery_easy_ui/themes/default/images/tree_folder.gif HTTP/1.1" 200 952
222.69.145.249 - - [27/Jun/2023:09:21:26 +0800] "GET /xingrg/javascript/jquery_easy_ui/themes/icons/storage_new.png HTTP/1.1" 200 853
222.69.145.249 - - [27/Jun/2023:09:21:26 +0800] "GET /xingrg/javascript/jquery_easy_ui/themes/icons/forms_new.png HTTP/1.1" 200 350
222.69.145.249 - - [27/Jun/2023:09:21:26 +0800] "GET /xingrg/javascript/jquery_easy_ui/themes/default/images/tree_file.gif HTTP/1.1" 200 118
222.70.180.90 - - [27/Jun/2023:09:21:29 +0800] "GET /xingrg/kc/print/load_data.html?order_code=212023062709784&kc_code=cgsh&condition= HTTP/1.1" 200 10801
222.67.234.146 - - [27/Jun/2023:09:21:30 +0800] "GET /xingrg/all/function/internal_message.html?_=1687828379496&CODE_STATE=getMsg HTTP/1.1" 200 27
101.83.145.52 - - [27/Jun/2023:09:21:34 +0800] "GET /xingrg/kc/buy/cgsh_order_operate.html?command=get_materiel&rest_code=00105&code=00101008213&supplier_code=00100203&order_time=2023-06-27 HTTP/1.1" 200 412
116.232.195.127 - - [27/Jun/2023:09:21:35 +0800] "GET /xingrg/javascript/auto/indicator.gif HTTP/1.1" 404 1066
116.232.195.127 - - [27/Jun/2023:09:21:41 +0800] "GET /xingrg/kc/buy/cgsh_order_operate.html?command=get_materiel&rest_code=00155&code=00101009171&supplier_code=00100037&order_time=2023-06-27 HTTP/1.1" 200 404
180.156.213.241 - - [27/Jun/2023:09:21:43 +0800] "GET /xingrg/all/function/internal_message.html?_=1687828903349&CODE_STATE=getMsg HTTP/1.1" 302 -
222.70.180.90 - - [27/Jun/2023:09:21:45 +0800] "GET /xingrg/all/function/internal_message.html?_=1687828904209&CODE_STATE=getMsg HTTP/1.1" 200 27
222.70.180.90 - - [27/Jun/2023:09:21:45 +0800] "GET /xingrg/check_reg.html?_=1687828904772 HTTP/1.1" 200 22
124.77.245.69 - - [27/Jun/2023:09:21:46 +0800] "GET /xingrg/all/function/internal_message.html?_=1687828911869&CODE_STATE=getMsg HTTP/1.1" 200 27
180.169.147.146 - - [27/Jun/2023:09:21:48 +0800] "GET /xingrg/all/function/internal_message.html?_=1687828907399&CODE_STATE=getMsg HTTP/1.1" 302 -
116.232.195.127 - - [27/Jun/2023:09:21:53 +0800] "POST /xingrg/kc/buy/cgsh_order_operate.html HTTP/1.1" 200 37
180.169.147.146 - - [27/Jun/2023:09:21:54 +0800] "GET /xingrg/all/function/internal_message.html?_=1687828913746&CODE_STATE=getMsg HTTP/1.1" 200 27
180.163.30.100 - - [27/Jun/2023:09:21:54 +0800] "GET /xingrg/all/function/internal_message.html?_=1687828853753&CODE_STATE=getMsg HTTP/1.1" 302 -
180.163.30.100 - - [27/Jun/2023:09:21:54 +0800] "GET /xingrg/login.html HTTP/1.1" 200 7641
116.232.195.127 - - [27/Jun/2023:09:21:55 +0800] "POST /xingrg/kc/buy/cgsh_order_operate.html HTTP/1.1" 200 6201
101.83.145.52 - - [27/Jun/2023:09:21:56 +0800] "GET /xingrg/kc/buy/cgsh_order_operate.html?command=get_materiel&rest_code=00105&code=00101008004&supplier_code=00100203&order_time=2023-06-27 HTTP/1.1" 200 416
101.83.145.52 - - [27/Jun/2023:09:21:59 +0800] "POST /xingrg/kc/buy/cgsh_order_operate.html HTTP/1.1" 200 2065
116.232.195.127 - - [27/Jun/2023:09:22:04 +0800] "GET /xingrg/all/function/internal_message.html?_=1687828910460&CODE_STATE=getMsg HTTP/1.1" 200 27
124.79.243.110 - - [27/Jun/2023:09:22:04 +0800] "GET /xingrg/all/function/internal_message.html?_=1687829207585&CODE_STATE=getMsg HTTP/1.1" 200 27
124.79.243.110 - - [27/Jun/2023:09:22:04 +0800] "GET /xingrg/check_reg.html?_=1687829207586 HTTP/1.1" 200 22
101.83.145.52 - - [27/Jun/2023:09:22:11 +0800] "GET /xingrg/all/function/internal_message.html?_=1687828751957&CODE_STATE=getMsg HTTP/1.1" 200 27
114.85.113.108 - - [27/Jun/2023:09:22:11 +0800] "GET /xingrg/all/function/internal_message.html?_=1687828930833&CODE_STATE=getMsg HTTP/1.1" 200 27
101.83.145.52 - - [27/Jun/2023:09:22:12 +0800] "GET /xingrg/kc/buy/cgsh_order_operate.html?command=get_materiel&rest_code=00105&code=00101008188&supplier_code=00100203&order_time=2023-06-27 HTTP/1.1" 200 412
116.232.195.127 - - [27/Jun/2023:09:22:12 +0800] "GET /xingrg/index.html?sysBaseUrl=http%3A%2F%2F180.169.147.146%3A18081%2Fxingrg%2F&costTime=1779×tamp=1684631389383 HTTP/1.1" 200 17179
180.163.30.100 - - [27/Jun/2023:09:22:18 +0800] "GET /xingrg/all/function/internal_message.html?_=1687828877611&CODE_STATE=getMsg HTTP/1.1" 302 -
180.163.30.100 - - [27/Jun/2023:09:22:18 +0800] "GET /xingrg/login.html HTTP/1.1" 200 7641
61.170.233.201 - - [27/Jun/2023:09:22:18 +0800] "GET /xingrg/all/function/internal_message.html?_=1687828937592&CODE_STATE=getMsg HTTP/1.1" 200 27
116.238.191.126 - - [27/Jun/2023:09:22:18 +0800] "GET /xingrg/all/function/internal_message.html?_=1687828938217&CODE_STATE=getMsg HTTP/1.1" 200 27
116.232.195.127 - - [27/Jun/2023:09:22:20 +0800] "GET /xingrg/all/function/internal_message.html?_=1687828940400&CODE_STATE=getMsg HTTP/1.1" 200 27
124.77.245.69 - - [27/Jun/2023:09:22:22 +0800] "GET /xingrg/all/function/internal_message.html?_=1687828947333&CODE_STATE=getMsg HTTP/1.1" 200 27
222.69.145.249 - - [27/Jun/2023:09:22:22 +0800] "GET /xingrg/all/function/internal_message.html?_=1687829055931&CODE_STATE=getMsg HTTP/1.1" 200 27
116.238.191.126 - - [27/Jun/2023:09:22:23 +0800] "GET /xingrg/all/function/internal_message.html?_=1687828864518&CODE_STATE=getMsg HTTP/1.1" 200 27
222.69.128.63 - - [27/Jun/2023:09:22:23 +0800] "GET /xingrg/all/function/internal_message.html?_=1687828943231&CODE_STATE=getMsg HTTP/1.1" 200 27
222.67.234.146 - - [27/Jun/2023:09:22:30 +0800] "GET /xingrg/all/function/internal_message.html?_=1687828439490&CODE_STATE=getMsg HTTP/1.1" 200 27
101.83.145.52 - - [27/Jun/2023:09:22:36 +0800] "GET /xingrg/kc/buy/cgsh_order_operate.html?command=get_materiel&rest_code=00105&code=00101008305&supplier_code=00100203&order_time=2023-06-27 HTTP/1.1" 200 412
116.232.195.127 - - [27/Jun/2023:09:22:36 +0800] "GET /xingrg/index.html?sysBaseUrl=http%3A%2F%2F180.169.147.146%3A18081%2Fxingrg%2F&costTime=1277×tamp=1606817596806 HTTP/1.1" 302 -
116.232.195.127 - - [27/Jun/2023:09:22:36 +0800] "GET /xingrg/login.html HTTP/1.1" 200 7641
116.232.195.127 - - [27/Jun/2023:09:22:36 +0800] "GET /favicon.ico HTTP/1.1" 404 -
180.156.213.241 - - [27/Jun/2023:09:22:43 +0800] "GET /xingrg/all/function/internal_message.html?_=1687828963324&CODE_STATE=getMsg HTTP/1.1" 302 -
222.70.180.90 - - [27/Jun/2023:09:22:45 +0800] "GET /xingrg/all/function/internal_message.html?_=1687828964187&CODE_STATE=getMsg HTTP/1.1" 200 27
124.77.245.69 - - [27/Jun/2023:09:22:46 +0800] "GET /xingrg/all/function/internal_message.html?_=1687828971991&CODE_STATE=getMsg HTTP/1.1" 200 27
180.169.147.146 - - [27/Jun/2023:09:22:48 +0800] "GET /xingrg/check_reg.html?_=1687828967397 HTTP/1.1" 302 -
180.169.147.146 - - [27/Jun/2023:09:22:48 +0800] "GET /xingrg/all/function/internal_message.html?_=1687828967398&CODE_STATE=getMsg HTTP/1.1" 302 -
180.169.147.146 - - [27/Jun/2023:09:22:54 +0800] "GET /xingrg/all/function/internal_message.html?_=1687828973743&CODE_STATE=getMsg HTTP/1.1" 200 27
180.163.29.103 - - [27/Jun/2023:09:22:54 +0800] "GET /xingrg/all/function/internal_message.html?_=1687828913746&CODE_STATE=getMsg HTTP/1.1" 302 -
180.163.29.103 - - [27/Jun/2023:09:22:54 +0800] "GET /xingrg/login.html HTTP/1.1" 200 7641
101.83.145.52 - - [27/Jun/2023:09:22:55 +0800] "GET /xingrg/kc/buy/cgsh_order_operate.html?command=get_materiel&rest_code=00105&code=00101008297&supplier_code=00100203&order_time=2023-06-27 HTTP/1.1" 200 413
124.79.243.110 - - [27/Jun/2023:09:23:04 +0800] "GET /xingrg/all/function/internal_message.html?_=1687829267600&CODE_STATE=getMsg HTTP/1.1" 200 27
101.83.145.52 - - [27/Jun/2023:09:23:11 +0800] "GET /xingrg/all/function/internal_message.html?_=1687828811931&CODE_STATE=getMsg HTTP/1.1" 200 27
114.85.113.108 - - [27/Jun/2023:09:23:11 +0800] "GET /xingrg/all/function/internal_message.html?_=1687828990833&CODE_STATE=getMsg HTTP/1.1" 200 27
101.83.145.52 - - [27/Jun/2023:09:23:11 +0800] "GET /xingrg/check_reg.html?_=1687828812171 HTTP/1.1" 200 22
101.83.145.52 - - [27/Jun/2023:09:23:17 +0800] "GET /xingrg/kc/buy/cgsh_order_operate.html?command=get_materiel&rest_code=00105&code=00101016081&supplier_code=00100203&order_time=2023-06-27 HTTP/1.1" 200 447
61.170.233.201 - - [27/Jun/2023:09:23:18 +0800] "GET /xingrg/all/function/internal_message.html?_=1687828997567&CODE_STATE=getMsg HTTP/1.1" 200 27
116.238.191.126 - - [27/Jun/2023:09:23:18 +0800] "GET /xingrg/all/function/internal_message.html?_=1687828998221&CODE_STATE=getMsg HTTP/1.1" 200 27
116.232.195.127 - - [27/Jun/2023:09:23:20 +0800] "GET /xingrg/all/function/internal_message.html?_=1687829000392&CODE_STATE=getMsg HTTP/1.1" 200 27
116.232.195.127 - - [27/Jun/2023:09:23:20 +0800] "GET /xingrg/check_reg.html?_=1687829000395 HTTP/1.1" 200 22
124.77.245.69 - - [27/Jun/2023:09:23:22 +0800] "GET /xingrg/all/function/internal_message.html?_=1687829007343&CODE_STATE=getMsg HTTP/1.1" 200 27
222.69.145.249 - - [27/Jun/2023:09:23:22 +0800] "GET /xingrg/all/function/internal_message.html?_=1687829115926&CODE_STATE=getMsg HTTP/1.1" 200 27
116.238.191.126 - - [27/Jun/2023:09:23:23 +0800] "GET /xingrg/all/function/internal_message.html?_=1687828924533&CODE_STATE=getMsg HTTP/1.1" 200 27
222.69.128.63 - - [27/Jun/2023:09:23:23 +0800] "GET /xingrg/all/function/internal_message.html?_=1687829003247&CODE_STATE=getMsg HTTP/1.1" 200 27
222.67.234.146 - - [27/Jun/2023:09:23:30 +0800] "GET /xingrg/all/function/internal_message.html?_=1687828499508&CODE_STATE=getMsg HTTP/1.1" 200 27
222.67.234.146 - - [27/Jun/2023:09:23:30 +0800] "GET /xingrg/check_reg.html?_=1687828499510 HTTP/1.1" 200 22
222.69.128.63 - - [27/Jun/2023:09:23:32 +0800] "GET /xingrg/kc/buy/cgsh_order_operate.html?command=get_materiel&rest_code=00149&code=00101004038&supplier_code=00100083&order_time=2023-06-27 HTTP/1.1" 200 430
101.83.145.52 - - [27/Jun/2023:09:23:34 +0800] "GET /xingrg/kc/buy/cgsh_order_operate.html?command=get_materiel&rest_code=00105&code=00101008639&supplier_code=00100203&order_time=2023-06-27 HTTP/1.1" 200 409
101.83.145.52 - - [27/Jun/2023:09:23:42 +0800] "POST /xingrg/kc/buy/cgsh_order_operate.html HTTP/1.1" 200 2065
180.156.213.241 - - [27/Jun/2023:09:23:43 +0800] "GET /xingrg/all/function/internal_message.html?_=1687829023310&CODE_STATE=getMsg HTTP/1.1" 302 -
222.70.180.90 - - [27/Jun/2023:09:23:45 +0800] "GET /xingrg/all/function/internal_message.html?_=1687829024172&CODE_STATE=getMsg HTTP/1.1" 200 27
124.77.245.69 - - [27/Jun/2023:09:23:46 +0800] "GET /xingrg/all/function/internal_message.html?_=1687829031990&CODE_STATE=getMsg HTTP/1.1" 200 27
180.169.147.146 - - [27/Jun/2023:09:23:48 +0800] "GET /xingrg/all/function/internal_message.html?_=1687829027396&CODE_STATE=getMsg HTTP/1.1" 302 -
222.69.128.63 - - [27/Jun/2023:09:23:50 +0800] "GET /xingrg/kc/buy/cgsh_order_operate.html?command=get_materiel&rest_code=00149&code=00101004051&supplier_code=00100083&order_time=2023-06-27 HTTP/1.1" 200 408
180.169.147.146 - - [27/Jun/2023:09:23:54 +0800] "GET /xingrg/all/function/internal_message.html?_=1687829033737&CODE_STATE=getMsg HTTP/1.1" 200 27
101.83.145.52 - - [27/Jun/2023:09:24:02 +0800] "POST /xingrg/kc/buy/cgsh_order_operate.html HTTP/1.1" 200 37
124.79.243.110 - - [27/Jun/2023:09:24:04 +0800] "GET /xingrg/all/function/internal_message.html?_=1687829327592&CODE_STATE=getMsg HTTP/1.1" 200 27
222.69.128.63 - - [27/Jun/2023:09:24:08 +0800] "POST /xingrg/kc/buy/cgsh_order_operate.html HTTP/1.1" 200 37
114.85.113.108 - - [27/Jun/2023:09:24:11 +0800] "GET /xingrg/all/function/internal_message.html?_=1687829050831&CODE_STATE=getMsg HTTP/1.1" 200 27
180.163.28.109 - - [27/Jun/2023:09:24:18 +0800] "GET /xingrg/all/function/internal_message.html?_=1687828997567&CODE_STATE=getMsg HTTP/1.1" 302 -
180.163.28.109 - - [27/Jun/2023:09:24:18 +0800] "GET /xingrg/login.html HTTP/1.1" 200 7641
61.170.233.201 - - [27/Jun/2023:09:24:18 +0800] "GET /xingrg/all/function/internal_message.html?_=1687829057552&CODE_STATE=getMsg HTTP/1.1" 200 27
116.238.191.126 - - [27/Jun/2023:09:24:18 +0800] "GET /xingrg/all/function/internal_message.html?_=1687829058222&CODE_STATE=getMsg HTTP/1.1" 200 27
116.232.195.127 - - [27/Jun/2023:09:24:20 +0800] "GET /xingrg/all/function/internal_message.html?_=1687829060388&CODE_STATE=getMsg HTTP/1.1" 200 27
222.69.128.63 - - [27/Jun/2023:09:24:22 +0800] "POST /xingrg/kc/buy/cgsh_order_operate.html HTTP/1.1" 200 12
124.77.245.69 - - [27/Jun/2023:09:24:22 +0800] "GET /xingrg/check_reg.html?_=1687829067296 HTTP/1.1" 200 22
124.77.245.69 - - [27/Jun/2023:09:24:22 +0800] "GET /xingrg/all/function/internal_message.html?_=1687829067357&CODE_STATE=getMsg HTTP/1.1" 200 27
222.69.145.249 - - [27/Jun/2023:09:24:22 +0800] "GET /xingrg/all/function/internal_message.html?_=1687829175919&CODE_STATE=getMsg HTTP/1.1" 200 27
116.238.191.126 - - [27/Jun/2023:09:24:23 +0800] "GET /xingrg/all/function/internal_message.html?_=1687828984612&CODE_STATE=getMsg HTTP/1.1" 200 27
222.69.128.63 - - [27/Jun/2023:09:24:26 +0800] "GET /xingrg/kc/buy/cgsh_order_info.html?code=212023062709786 HTTP/1.1" 200 66573
222.69.128.63 - - [27/Jun/2023:09:24:26 +0800] "GET /xingrg/words/20230627091814_words.js HTTP/1.1" 304 -
222.69.128.63 - - [27/Jun/2023:09:24:26 +0800] "GET /xingrg/javascript/easyui/themes/default/validatebox.css HTTP/1.1" 404 1104
222.69.128.63 - - [27/Jun/2023:09:24:27 +0800] "POST /xingrg/kc/buy/cgsh_order_operate.html HTTP/1.1" 200 1197
222.70.114.12 - - [27/Jun/2023:09:24:28 +0800] "GET /xingrg/login.html HTTP/1.1" 200 7641
222.70.114.12 - - [27/Jun/2023:09:24:28 +0800] "GET /favicon.ico HTTP/1.1" 404 -
218.81.71.30 - - [27/Jun/2023:09:24:30 +0800] "GET /xingrg/check_reg.html?_=1687829071182 HTTP/1.1" 200 22
222.67.234.146 - - [27/Jun/2023:09:24:30 +0800] "GET /xingrg/all/function/internal_message.html?_=1687828559516&CODE_STATE=getMsg HTTP/1.1" 200 27
222.70.114.12 - - [27/Jun/2023:09:24:34 +0800] "POST /xingrg/login.do HTTP/1.1" 302 -
222.70.114.12 - - [27/Jun/2023:09:24:34 +0800] "GET /xingrg/index.html?sysBaseUrl=http%3A%2F%2F180.169.147.146%3A18081%2Fxingrg%2F&costTime=1512×tamp=1687829074355 HTTP/1.1" 200 17503
222.70.114.12 - - [27/Jun/2023:09:24:34 +0800] "GET /xingrg/all/function/internal_message.html?_=1687829076451&CODE_STATE=count HTTP/1.1" 200 11
222.70.114.12 - - [27/Jun/2023:09:24:34 +0800] "GET /xingrg/check_reg.html?_=1687829076452 HTTP/1.1" 200 22
222.70.114.12 - - [27/Jun/2023:09:24:34 +0800] "POST /xingrg/all/common/load_tree.html?tree=area_rest_tree_json&manage=1 HTTP/1.1" 200 2106
222.70.114.12 - - [27/Jun/2023:09:24:34 +0800] "POST /xingrg/load_menu.html HTTP/1.1" 200 11564
222.70.114.12 - - [27/Jun/2023:09:24:37 +0800] "POST /xingrg/load_menu.html HTTP/1.1" 200 10483
222.69.128.63 - - [27/Jun/2023:09:24:37 +0800] "GET /xingrg/kc/print/load_data.html?order_code=212023062709786&kc_code=cgsh&condition= HTTP/1.1" 200 942
222.70.114.12 - - [27/Jun/2023:09:24:39 +0800] "GET /xingrg/index.html?sysBaseUrl=http%3A%2F%2F180.169.147.146%3A18081%2Fxingrg%2F&costTime=1512×tamp=1687829074355 HTTP/1.1" 200 17503
222.70.114.12 - - [27/Jun/2023:09:24:39 +0800] "GET /xingrg/all/function/internal_message.html?_=1687829081792&CODE_STATE=count HTTP/1.1" 200 11
222.70.114.12 - - [27/Jun/2023:09:24:39 +0800] "GET /xingrg/check_reg.html?_=1687829081793 HTTP/1.1" 200 22
222.70.114.12 - - [27/Jun/2023:09:24:40 +0800] "POST /xingrg/all/common/load_tree.html?tree=area_rest_tree_json&manage=1 HTTP/1.1" 200 2106
222.70.114.12 - - [27/Jun/2023:09:24:40 +0800] "POST /xingrg/load_menu.html HTTP/1.1" 200 11564
222.70.114.12 - - [27/Jun/2023:09:24:43 +0800] "GET /xingrg/index.html?sysBaseUrl=http%3A%2F%2F180.169.147.146%3A18081%2Fxingrg%2F&costTime=1512×tamp=1687829074355 HTTP/1.1" 200 17503
222.70.114.12 - - [27/Jun/2023:09:24:43 +0800] "GET /xingrg/all/function/internal_message.html?_=1687829085389&CODE_STATE=count HTTP/1.1" 200 11
222.70.114.12 - - [27/Jun/2023:09:24:43 +0800] "GET /xingrg/check_reg.html?_=1687829085390 HTTP/1.1" 200 22
180.156.213.241 - - [27/Jun/2023:09:24:43 +0800] "GET /xingrg/all/function/internal_message.html?_=1687829083284&CODE_STATE=getMsg HTTP/1.1" 302 -
222.70.114.12 - - [27/Jun/2023:09:24:43 +0800] "POST /xingrg/all/common/load_tree.html?tree=area_rest_tree_json&manage=1 HTTP/1.1" 200 2106
222.70.114.12 - - [27/Jun/2023:09:24:43 +0800] "POST /xingrg/load_menu.html HTTP/1.1" 200 11564
222.70.180.90 - - [27/Jun/2023:09:24:45 +0800] "GET /xingrg/all/function/internal_message.html?_=1687829084156&CODE_STATE=getMsg HTTP/1.1" 200 27
222.70.114.12 - - [27/Jun/2023:09:24:45 +0800] "POST /xingrg/load_menu.html HTTP/1.1" 200 10483
222.70.114.12 - - [27/Jun/2023:09:24:46 +0800] "GET /xingrg/all/report/report_query.html?fileName=dma/new_5.0/yingye/yy_hz.xml&rw=1600 HTTP/1.1" 200 56155
222.70.114.12 - - [27/Jun/2023:09:24:46 +0800] "GET /xingrg/dwr/interface/AjaxReportQueryService.js HTTP/1.1" 200 13203
222.70.114.12 - - [27/Jun/2023:09:24:46 +0800] "GET /xingrg/dwr/engine.js HTTP/1.1" 200 43631
222.70.114.12 - - [27/Jun/2023:09:24:46 +0800] "GET /xingrg/dwr/util.js HTTP/1.1" 304 -
222.70.114.12 - - [27/Jun/2023:09:24:46 +0800] "POST /xingrg/dwr/call/plaincall/AjaxReportQueryService.getFixDate.dwr HTTP/1.1" 200 111
222.70.114.12 - - [27/Jun/2023:09:24:46 +0800] "POST /xingrg/all/common/load_tree.html?tree=area_station_tree_json&manage=1 HTTP/1.1" 200 2036
124.77.245.69 - - [27/Jun/2023:09:24:46 +0800] "GET /xingrg/all/function/internal_message.html?_=1687829092101&CODE_STATE=getMsg HTTP/1.1" 200 27
180.169.147.146 - - [27/Jun/2023:09:24:48 +0800] "GET /xingrg/all/function/internal_message.html?_=1687829087395&CODE_STATE=getMsg HTTP/1.1" 302 -
222.70.114.12 - - [27/Jun/2023:09:24:50 +0800] "POST /xingrg/dwr/call/plaincall/AjaxReportQueryService.getFixDate.dwr HTTP/1.1" 200 111
222.70.114.12 - - [27/Jun/2023:09:24:51 +0800] "POST /xingrg/dwr/call/plaincall/AjaxReportQueryService.refreshCache.dwr HTTP/1.1" 200 78
120.253.135.82 - - [27/Jun/2023:09:24:53 +0800] "GET /xingrg/check_reg.html?_=1687828924614 HTTP/1.1" 200 22
180.163.29.79 - - [27/Jun/2023:09:24:54 +0800] "GET /xingrg/all/function/internal_message.html?_=1687829033737&CODE_STATE=getMsg HTTP/1.1" 302 -
180.163.29.79 - - [27/Jun/2023:09:24:54 +0800] "GET /xingrg/login.html HTTP/1.1" 200 7641
180.169.147.146 - - [27/Jun/2023:09:24:54 +0800] "GET /xingrg/all/function/internal_message.html?_=1687829093743&CODE_STATE=getMsg HTTP/1.1" 200 27
124.79.243.110 - - [27/Jun/2023:09:25:04 +0800] "GET /xingrg/all/function/internal_message.html?_=1687829387591&CODE_STATE=getMsg HTTP/1.1" 200 27
222.70.114.12 - - [27/Jun/2023:09:25:09 +0800] "POST /xingrg/all/report/load_report_page.html HTTP/1.1" 200 145605
222.70.114.12 - - [27/Jun/2023:09:25:09 +0800] "GET /xingrg/servlets/image?cache=0.39498386067085456&image=px HTTP/1.1" 200 807
114.85.113.108 - - [27/Jun/2023:09:25:11 +0800] "GET /xingrg/all/function/internal_message.html?_=1687829110835&CODE_STATE=getMsg HTTP/1.1" 200 27
114.85.113.108 - - [27/Jun/2023:09:25:11 +0800] "GET /xingrg/check_reg.html?_=1687829110837 HTTP/1.1" 200 22
101.83.145.52 - - [27/Jun/2023:09:25:18 +0800] "POST /xingrg/services/DataTransmitService HTTP/1.1" 200 524
180.163.29.206 - - [27/Jun/2023:09:25:18 +0800] "GET /xingrg/all/function/internal_message.html?_=1687829057552&CODE_STATE=getMsg HTTP/1.1" 302 -
180.163.29.206 - - [27/Jun/2023:09:25:18 +0800] "GET /xingrg/login.html HTTP/1.1" 200 7641
61.170.233.201 - - [27/Jun/2023:09:25:18 +0800] "GET /xingrg/all/function/internal_message.html?_=1687829117523&CODE_STATE=getMsg HTTP/1.1" 200 27
101.83.145.52 - - [27/Jun/2023:09:25:18 +0800] "POST /xingrg/services/DataTransmitService HTTP/1.1" 200 2315
116.238.191.126 - - [27/Jun/2023:09:25:18 +0800] "GET /xingrg/all/function/internal_message.html?_=1687829118230&CODE_STATE=getMsg HTTP/1.1" 200 27
101.83.145.52 - - [27/Jun/2023:09:25:20 +0800] "POST /xingrg/services/DataTransmitService HTTP/1.1" 200 161868
116.232.195.127 - - [27/Jun/2023:09:25:20 +0800] "GET /xingrg/all/function/internal_message.html?_=1687829120394&CODE_STATE=getMsg HTTP/1.1" 200 27
124.77.245.69 - - [27/Jun/2023:09:25:22 +0800] "GET /xingrg/all/function/internal_message.html?_=1687829127370&CODE_STATE=getMsg HTTP/1.1" 200 27
222.69.145.249 - - [27/Jun/2023:09:25:22 +0800] "GET /xingrg/all/function/internal_message.html?_=1687829235925&CODE_STATE=getMsg HTTP/1.1" 200 27
116.238.191.126 - - [27/Jun/2023:09:25:23 +0800] "GET /xingrg/all/function/internal_message.html?_=1687829044622&CODE_STATE=getMsg HTTP/1.1" 200 27
222.69.128.63 - - [27/Jun/2023:09:25:23 +0800] "GET /xingrg/check_reg.html?_=1687829123231 HTTP/1.1" 200 22
222.69.128.63 - - [27/Jun/2023:09:25:23 +0800] "GET /xingrg/all/function/internal_message.html?_=1687829123251&CODE_STATE=getMsg HTTP/1.1" 200 27
180.156.213.241 - - [27/Jun/2023:09:25:24 +0800] "GET /favicon.ico HTTP/1.1" 404 -
124.77.245.69 - - [27/Jun/2023:09:25:27 +0800] "GET /xingrg/check_reg.html?_=1687829133192 HTTP/1.1" 200 22
222.67.234.146 - - [27/Jun/2023:09:25:30 +0800] "GET /xingrg/all/function/internal_message.html?_=1687828619512&CODE_STATE=getMsg HTTP/1.1" 200 27
222.70.180.90 - - [27/Jun/2023:09:25:37 +0800] "GET /xingrg/kc/buy/cgsh_order_add.html HTTP/1.1" 200 71534
222.70.180.90 - - [27/Jun/2023:09:25:37 +0800] "GET /xingrg/words/20230627091814_words.js HTTP/1.1" 200 970792
222.70.180.90 - - [27/Jun/2023:09:25:37 +0800] "POST /xingrg/kc/buy/cgsh_order_operate.html HTTP/1.1" 200 8245
222.70.180.90 - - [27/Jun/2023:09:25:37 +0800] "GET /xingrg/javascript/easyui/themes/default/validatebox.css HTTP/1.1" 404 1104
222.69.128.63 - - [27/Jun/2023:09:25:37 +0800] "GET /xingrg/kc/buy/cgsh_order_add.html HTTP/1.1" 200 71666
222.69.128.63 - - [27/Jun/2023:09:25:38 +0800] "GET /xingrg/words/20230627091814_words.js HTTP/1.1" 304 -
222.69.128.63 - - [27/Jun/2023:09:25:38 +0800] "POST /xingrg/kc/buy/cgsh_order_operate.html HTTP/1.1" 200 8245
222.69.128.63 - - [27/Jun/2023:09:25:38 +0800] "GET /xingrg/javascript/easyui/themes/default/validatebox.css HTTP/1.1" 404 1104
222.70.114.12 - - [27/Jun/2023:09:25:43 +0800] "GET /xingrg/all/function/internal_message.html?_=1687829145404&CODE_STATE=getMsg HTTP/1.1" 200 27
180.156.213.241 - - [27/Jun/2023:09:25:43 +0800] "GET /xingrg/all/function/internal_message.html?_=1687829143270&CODE_STATE=getMsg HTTP/1.1" 302 -
180.156.213.241 - - [27/Jun/2023:09:25:44 +0800] "GET /xingrg/check_reg.html?_=1687829143782 HTTP/1.1" 302 -
222.70.180.90 - - [27/Jun/2023:09:25:45 +0800] "GET /xingrg/all/function/internal_message.html?_=1687829144139&CODE_STATE=getMsg HTTP/1.1" 200 27
124.77.245.69 - - [27/Jun/2023:09:25:46 +0800] "GET /xingrg/all/function/internal_message.html?_=1687829152116&CODE_STATE=getMsg HTTP/1.1" 200 27
180.169.147.146 - - [27/Jun/2023:09:25:48 +0800] "GET /xingrg/all/function/internal_message.html?_=1687829147393&CODE_STATE=getMsg HTTP/1.1" 302 -
222.70.180.90 - - [27/Jun/2023:09:25:49 +0800] "GET /xingrg/kc/buy/cgsh_order_operate.html?command=get_materiel&rest_code=00111&code=00101002027&supplier_code=00100199&order_time=2023-06-27 HTTP/1.1" 200 413
222.70.114.12 - - [27/Jun/2023:09:25:52 +0800] "POST /xingrg/dwr/call/plaincall/AjaxReportQueryService.getFixDate.dwr HTTP/1.1" 200 111
222.69.128.63 - - [27/Jun/2023:09:25:52 +0800] "GET /xingrg/kc/buy/cgsh_order_operate.html?command=get_materiel&rest_code=00149&code=00101002027&supplier_code=00100039&order_time=2023-06-27 HTTP/1.1" 200 415
180.169.147.146 - - [27/Jun/2023:09:25:54 +0800] "GET /xingrg/all/function/internal_message.html?_=1687829153745&CODE_STATE=getMsg HTTP/1.1" 200 27
180.169.147.146 - - [27/Jun/2023:09:25:54 +0800] "GET /xingrg/check_reg.html?_=1687829153749 HTTP/1.1" 200 22
222.70.114.12 - - [27/Jun/2023:09:25:54 +0800] "POST /xingrg/dwr/call/plaincall/AjaxReportQueryService.refreshCache.dwr HTTP/1.1" 200 78
222.70.114.12 - - [27/Jun/2023:09:25:56 +0800] "POST /xingrg/all/report/load_report_page.html HTTP/1.1" 200 145854
222.70.114.12 - - [27/Jun/2023:09:25:56 +0800] "GET /xingrg/servlets/image?cache=0.11430268762492846&image=px HTTP/1.1" 200 807
124.79.243.110 - - [27/Jun/2023:09:26:04 +0800] "GET /xingrg/all/function/internal_message.html?_=1687829447590&CODE_STATE=getMsg HTTP/1.1" 200 27
222.69.128.63 - - [27/Jun/2023:09:26:09 +0800] "GET /xingrg/kc/buy/cgsh_order_operate.html?command=get_materiel&rest_code=00149&code=00101010161&supplier_code=00100039&order_time=2023-06-27 HTTP/1.1" 200 409
114.85.113.108 - - [27/Jun/2023:09:26:11 +0800] "GET /xingrg/all/function/internal_message.html?_=1687829170842&CODE_STATE=getMsg HTTP/1.1" 200 27
180.163.30.76 - - [27/Jun/2023:09:26:18 +0800] "GET /xingrg/all/function/internal_message.html?_=1687829117523&CODE_STATE=getMsg HTTP/1.1" 302 -
180.163.30.76 - - [27/Jun/2023:09:26:18 +0800] "GET /xingrg/login.html HTTP/1.1" 200 7641
61.170.233.201 - - [27/Jun/2023:09:26:18 +0800] "GET /xingrg/all/function/internal_message.html?_=1687829177494&CODE_STATE=getMsg HTTP/1.1" 200 27
116.238.191.126 - - [27/Jun/2023:09:26:18 +0800] "GET /xingrg/all/function/internal_message.html?_=1687829178230&CODE_STATE=getMsg HTTP/1.1" 200 27
116.238.191.126 - - [27/Jun/2023:09:26:18 +0800] "GET /xingrg/check_reg.html?_=1687829178240 HTTP/1.1" 200 22
61.170.233.201 - - [27/Jun/2023:09:26:19 +0800] "GET /xingrg/check_reg.html?_=1687829178356 HTTP/1.1" 200 22
116.232.195.127 - - [27/Jun/2023:09:26:20 +0800] "GET /xingrg/all/function/internal_message.html?_=1687829180397&CODE_STATE=getMsg HTTP/1.1" 200 27
124.77.245.69 - - [27/Jun/2023:09:26:22 +0800] "GET /xingrg/all/function/internal_message.html?_=1687829187384&CODE_STATE=getMsg HTTP/1.1" 200 27
222.69.145.249 - - [27/Jun/2023:09:26:22 +0800] "GET /xingrg/check_reg.html?_=1687829295920 HTTP/1.1" 200 22
222.69.145.249 - - [27/Jun/2023:09:26:22 +0800] "GET /xingrg/all/function/internal_message.html?_=1687829295922&CODE_STATE=getMsg HTTP/1.1" 200 27
116.238.191.126 - - [27/Jun/2023:09:26:23 +0800] "GET /xingrg/check_reg.html?_=1687829104152 HTTP/1.1" 200 22
116.238.191.126 - - [27/Jun/2023:09:26:23 +0800] "GET /xingrg/all/function/internal_message.html?_=1687829104636&CODE_STATE=getMsg HTTP/1.1" 200 27
222.70.180.90 - - [27/Jun/2023:09:26:23 +0800] "GET /xingrg/kc/buy/cgsh_order_operate.html?command=get_materiel&rest_code=00111&code=00101002006&supplier_code=00100199&order_time=2023-06-27 HTTP/1.1" 200 415
222.69.128.63 - - [27/Jun/2023:09:26:23 +0800] "GET /xingrg/all/function/internal_message.html?_=1687829183250&CODE_STATE=getMsg HTTP/1.1" 200 27
222.69.128.63 - - [27/Jun/2023:09:26:25 +0800] "GET /xingrg/kc/buy/cgsh_order_operate.html?command=get_materiel&rest_code=00149&code=00101005037&supplier_code=00100039&order_time=2023-06-27 HTTP/1.1" 200 409
222.67.234.146 - - [27/Jun/2023:09:26:30 +0800] "GET /xingrg/all/function/internal_message.html?_=1687828679507&CODE_STATE=getMsg HTTP/1.1" 200 27
116.238.191.126 - - [27/Jun/2023:09:26:32 +0800] "POST /xingrg/all/user/operate.html HTTP/1.1" 200 36
116.238.191.126 - - [27/Jun/2023:09:26:33 +0800] "GET /xingrg/index.html?sysBaseUrl=http%3A%2F%2F180.169.147.146%3A18081%2Fxingrg%2F&costTime=1499×tamp=1687826183431 HTTP/1.1" 200 17177
116.238.191.126 - - [27/Jun/2023:09:26:33 +0800] "GET /xingrg/javascript/jquery_easy_ui/themes/default/easyui.css HTTP/1.1" 304 -
116.238.191.126 - - [27/Jun/2023:09:26:33 +0800] "GET /xingrg/javascript/jquery_easy_ui/themes/icon.css HTTP/1.1" 304 -
116.238.191.126 - - [27/Jun/2023:09:26:33 +0800] "GET /xingrg/css/form.css HTTP/1.1" 304 -
116.238.191.126 - - [27/Jun/2023:09:26:33 +0800] "GET /xingrg/javascript/jquery-1.4.2.min.js HTTP/1.1" 304 -
116.238.191.126 - - [27/Jun/2023:09:26:33 +0800] "GET /xingrg/javascript/jquery_easy_ui/jquery.easyui.min.js HTTP/1.1" 304 -
116.238.191.126 - - [27/Jun/2023:09:26:33 +0800] "GET /xingrg/javascript/jquery_easy_ui/easyui-lang-zh_CN.js HTTP/1.1" 304 -
116.238.191.126 - - [27/Jun/2023:09:26:33 +0800] "GET /xingrg/javascript/jquery.form.js HTTP/1.1" 304 -
116.238.191.126 - - [27/Jun/2023:09:26:33 +0800] "GET /xingrg/javascript/jquery.utils.js HTTP/1.1" 304 -
116.238.191.126 - - [27/Jun/2023:09:26:33 +0800] "GET /xingrg/javascript/jquery.timers.js HTTP/1.1" 304 -
116.238.191.126 - - [27/Jun/2023:09:26:33 +0800] "GET /xingrg/images/blue/jxLogo.png HTTP/1.1" 304 -
116.238.191.126 - - [27/Jun/2023:09:26:33 +0800] "GET /xingrg/images/blue/navBackgound.jpg HTTP/1.1" 304 -
116.238.191.126 - - [27/Jun/2023:09:26:33 +0800] "GET /xingrg/javascript/jquery_easy_ui/themes/icons/settle_new.png HTTP/1.1" 304 -
116.238.191.126 - - [27/Jun/2023:09:26:33 +0800] "GET /xingrg/all/function/internal_message.html?_=1687829192867&CODE_STATE=count HTTP/1.1" 200 11
116.238.191.126 - - [27/Jun/2023:09:26:33 +0800] "GET /xingrg/check_reg.html?_=1687829192868 HTTP/1.1" 200 22
116.238.191.126 - - [27/Jun/2023:09:26:33 +0800] "GET /xingrg/images/blue/pingpu.png HTTP/1.1" 304 -
116.238.191.126 - - [27/Jun/2023:09:26:33 +0800] "GET /xingrg/javascript/jquery_easy_ui/themes/default/images/panel_tool_collapse.gif HTTP/1.1" 304 -
116.238.191.126 - - [27/Jun/2023:09:26:33 +0800] "GET /xingrg/javascript/jquery_easy_ui/themes/default/images/tabs_leftarrow.png HTTP/1.1" 304 -
116.238.191.126 - - [27/Jun/2023:09:26:33 +0800] "GET /xingrg/javascript/jquery_easy_ui/themes/default/images/tabs_rightarrow.png HTTP/1.1" 304 -
116.238.191.126 - - [27/Jun/2023:09:26:33 +0800] "POST /xingrg/all/common/load_tree.html?tree=area_rest_tree_json&manage=1 HTTP/1.1" 200 476
116.238.191.126 - - [27/Jun/2023:09:26:33 +0800] "POST /xingrg/load_menu.html HTTP/1.1" 200 5138
116.238.191.126 - - [27/Jun/2023:09:26:36 +0800] "GET /xingrg/kc/buy/cgsh_order_list.html HTTP/1.1" 200 55800
222.70.180.90 - - [27/Jun/2023:09:26:41 +0800] "POST /xingrg/kc/buy/cgsh_order_operate.html HTTP/1.1" 200 37
222.70.114.12 - - [27/Jun/2023:09:26:43 +0800] "GET /xingrg/all/function/internal_message.html?_=1687829205401&CODE_STATE=getMsg HTTP/1.1" 200 27
180.156.213.241 - - [27/Jun/2023:09:26:43 +0800] "GET /xingrg/all/function/internal_message.html?_=1687829203256&CODE_STATE=getMsg HTTP/1.1" 302 -
116.238.191.126 - - [27/Jun/2023:09:26:44 +0800] "POST /xingrg/kc/buy/cgsh_list_operate.html HTTP/1.1" 200 986
222.70.180.90 - - [27/Jun/2023:09:26:44 +0800] "POST /xingrg/kc/buy/cgsh_order_operate.html HTTP/1.1" 200 4446
222.70.180.90 - - [27/Jun/2023:09:26:45 +0800] "GET /xingrg/all/function/internal_message.html?_=1687829204120&CODE_STATE=getMsg HTTP/1.1" 200 27
222.70.180.90 - - [27/Jun/2023:09:26:45 +0800] "GET /xingrg/check_reg.html?_=1687829204750 HTTP/1.1" 200 22
124.77.245.69 - - [27/Jun/2023:09:26:46 +0800] "GET /xingrg/all/function/internal_message.html?_=1687829212124&CODE_STATE=getMsg HTTP/1.1" 200 27
116.238.191.126 - - [27/Jun/2023:09:26:46 +0800] "GET /xingrg/kc/buy/cgsh_order_add.html HTTP/1.1" 200 71176
116.238.191.126 - - [27/Jun/2023:09:26:46 +0800] "GET /xingrg/words/20230627091814_words.js HTTP/1.1" 200 970792
116.238.191.126 - - [27/Jun/2023:09:26:47 +0800] "POST /xingrg/kc/buy/cgsh_order_operate.html HTTP/1.1" 200 8245
116.238.191.126 - - [27/Jun/2023:09:26:47 +0800] "GET /xingrg/javascript/easyui/themes/default/validatebox.css HTTP/1.1" 404 1104
222.70.180.90 - - [27/Jun/2023:09:26:47 +0800] "GET /xingrg/kc/print/load_data.html?order_code=212023062709787&kc_code=cgsh&condition= HTTP/1.1" 200 1350
116.238.191.126 - - [27/Jun/2023:09:26:48 +0800] "GET /xingrg/javascript/auto/indicator.gif HTTP/1.1" 404 1066
180.169.147.146 - - [27/Jun/2023:09:26:48 +0800] "GET /xingrg/all/function/internal_message.html?_=1687829207418&CODE_STATE=getMsg HTTP/1.1" 302 -
180.169.147.146 - - [27/Jun/2023:09:26:54 +0800] "GET /xingrg/all/function/internal_message.html?_=1687829213746&CODE_STATE=getMsg HTTP/1.1" 200 27
180.163.28.143 - - [27/Jun/2023:09:26:54 +0800] "GET /xingrg/check_reg.html?_=1687829153749 HTTP/1.1" 302 -
180.163.29.79 - - [27/Jun/2023:09:26:54 +0800] "GET /xingrg/all/function/internal_message.html?_=1687829153745&CODE_STATE=getMsg HTTP/1.1" 302 -
180.163.29.79 - - [27/Jun/2023:09:26:54 +0800] "GET /xingrg/login.html HTTP/1.1" 200 7641
180.163.28.143 - - [27/Jun/2023:09:26:54 +0800] "GET /xingrg/login.html HTTP/1.1" 200 7641
116.238.191.126 - - [27/Jun/2023:09:27:00 +0800] "GET /xingrg/kc/buy/cgsh_order_operate.html?command=get_materiel&rest_code=00151&code=00101029062&supplier_code=00100282&order_time=2023-06-27 HTTP/1.1" 200 444
116.238.191.126 - - [27/Jun/2023:09:27:01 +0800] "POST /xingrg/all/common/load_select.html HTTP/1.1" 200 25
124.79.243.110 - - [27/Jun/2023:09:27:04 +0800] "GET /xingrg/check_reg.html?_=1687829507587 HTTP/1.1" 200 22
124.79.243.110 - - [27/Jun/2023:09:27:04 +0800] "GET /xingrg/all/function/internal_message.html?_=1687829507590&CODE_STATE=getMsg HTTP/1.1" 200 27
116.238.191.126 - - [27/Jun/2023:09:27:07 +0800] "GET /xingrg/kc/buy/cgsh_order_operate.html?command=get_materiel_price&rest_code=00151&code=00101029062&unit_code=00100179&supplier_code=00100282&order_time=2023-06-27 HTTP/1.1" 200 29
101.83.145.52 - - [27/Jun/2023:09:27:09 +0800] "POST /xingrg/kc/buy/cgsh_order_operate.html HTTP/1.1" 200 25123
101.83.145.52 - - [27/Jun/2023:09:27:11 +0800] "GET /xingrg/all/function/internal_message.html?_=1687829051977&CODE_STATE=getMsg HTTP/1.1" 200 27
114.85.113.108 - - [27/Jun/2023:09:27:11 +0800] "GET /xingrg/all/function/internal_message.html?_=1687829230830&CODE_STATE=getMsg HTTP/1.1" 200 27
180.163.28.114 - - [27/Jun/2023:09:27:18 +0800] "GET /xingrg/all/function/internal_message.html?_=1687829177494&CODE_STATE=getMsg HTTP/1.1" 302 -
180.163.28.114 - - [27/Jun/2023:09:27:18 +0800] "GET /xingrg/login.html HTTP/1.1" 200 7641
61.170.233.201 - - [27/Jun/2023:09:27:18 +0800] "GET /xingrg/all/function/internal_message.html?_=1687829237468&CODE_STATE=getMsg HTTP/1.1" 200 27
180.163.28.68 - - [27/Jun/2023:09:27:19 +0800] "GET /xingrg/check_reg.html?_=1687829178356 HTTP/1.1" 302 -
