222.69.128.63 - - [27/Jun/2023:09:37:23 +0800] "GET /xingrg/all/function/internal_message.html?_=1687829843120&CODE_STATE=getMsg HTTP/1.1" 200 27
116.238.191.126 - - [27/Jun/2023:09:37:24 +0800] "GET /xingrg/all/function/internal_message.html?_=1687829764925&CODE_STATE=getMsg HTTP/1.1" 200 27
120.253.135.82 - - [27/Jun/2023:09:37:26 +0800] "POST /xingrg/login.do HTTP/1.1" 302 -
120.253.135.82 - - [27/Jun/2023:09:37:26 +0800] "GET /xingrg/index.html?sysBaseUrl=http%3A%2F%2F180.169.147.146%3A18081%2Fxingrg%2F&costTime=2595×tamp=1687829846393 HTTP/1.1" 200 17173
120.253.135.82 - - [27/Jun/2023:09:37:26 +0800] "GET /xingrg/javascript/jquery_easy_ui/themes/default/easyui.css HTTP/1.1" 304 -
120.253.135.82 - - [27/Jun/2023:09:37:26 +0800] "GET /xingrg/javascript/jquery_easy_ui/themes/icon.css HTTP/1.1" 304 -
120.253.135.82 - - [27/Jun/2023:09:37:26 +0800] "GET /xingrg/css/form.css HTTP/1.1" 304 -
120.253.135.82 - - [27/Jun/2023:09:37:26 +0800] "GET /xingrg/javascript/jquery-1.4.2.min.js HTTP/1.1" 304 -
120.253.135.82 - - [27/Jun/2023:09:37:26 +0800] "GET /xingrg/javascript/jquery_easy_ui/jquery.easyui.min.js HTTP/1.1" 304 -
120.253.135.82 - - [27/Jun/2023:09:37:26 +0800] "GET /xingrg/javascript/jquery_easy_ui/easyui-lang-zh_CN.js HTTP/1.1" 304 -
120.253.135.82 - - [27/Jun/2023:09:37:26 +0800] "GET /xingrg/javascript/jquery.form.js HTTP/1.1" 304 -
120.253.135.82 - - [27/Jun/2023:09:37:26 +0800] "GET /xingrg/javascript/jquery.utils.js HTTP/1.1" 304 -
120.253.135.82 - - [27/Jun/2023:09:37:26 +0800] "GET /xingrg/javascript/jquery.timers.js HTTP/1.1" 304 -
120.253.135.82 - - [27/Jun/2023:09:37:27 +0800] "GET /favicon.ico HTTP/1.1" 404 -
120.253.135.82 - - [27/Jun/2023:09:37:27 +0800] "GET /xingrg/images/blue/navBackgound.jpg HTTP/1.1" 304 -
120.253.135.82 - - [27/Jun/2023:09:37:27 +0800] "GET /xingrg/javascript/jquery_easy_ui/themes/icons/settle_new.png HTTP/1.1" 304 -
120.253.135.82 - - [27/Jun/2023:09:37:27 +0800] "GET /xingrg/check_reg.html?_=1687829846824 HTTP/1.1" 200 22
120.253.135.82 - - [27/Jun/2023:09:37:27 +0800] "GET /xingrg/all/function/internal_message.html?_=1687829846823&CODE_STATE=count HTTP/1.1" 200 11
120.253.135.82 - - [27/Jun/2023:09:37:27 +0800] "GET /xingrg/images/blue/pingpu.png HTTP/1.1" 304 -
120.253.135.82 - - [27/Jun/2023:09:37:27 +0800] "GET /xingrg/javascript/jquery_easy_ui/themes/default/images/tabs_leftarrow.png HTTP/1.1" 304 -
120.253.135.82 - - [27/Jun/2023:09:37:27 +0800] "GET /xingrg/javascript/jquery_easy_ui/themes/default/images/tabs_rightarrow.png HTTP/1.1" 304 -
120.253.135.82 - - [27/Jun/2023:09:37:27 +0800] "GET /xingrg/javascript/jquery_easy_ui/themes/default/images/panel_tool_collapse.gif HTTP/1.1" 304 -
120.253.135.82 - - [27/Jun/2023:09:37:27 +0800] "POST /xingrg/all/common/load_tree.html?tree=area_rest_tree_json&manage=1 HTTP/1.1" 200 3499
120.253.135.82 - - [27/Jun/2023:09:37:28 +0800] "POST /xingrg/load_menu.html HTTP/1.1" 200 6743
120.253.135.82 - - [27/Jun/2023:09:37:28 +0800] "GET /xingrg/javascript/jquery_easy_ui/themes/default/images/tree_arrows.gif HTTP/1.1" 304 -
120.253.135.82 - - [27/Jun/2023:09:37:28 +0800] "GET /xingrg/javascript/jquery_easy_ui/themes/default/images/tree_folder_open.gif HTTP/1.1" 304 -
120.253.135.82 - - [27/Jun/2023:09:37:28 +0800] "GET /xingrg/javascript/jquery_easy_ui/themes/icons/search_new.png HTTP/1.1" 304 -
120.253.135.82 - - [27/Jun/2023:09:37:28 +0800] "GET /xingrg/javascript/jquery_easy_ui/themes/icons/delivery_new.png HTTP/1.1" 304 -
120.253.135.82 - - [27/Jun/2023:09:37:28 +0800] "GET /xingrg/javascript/jquery_easy_ui/themes/icons/storage_new.png HTTP/1.1" 304 -
120.253.135.82 - - [27/Jun/2023:09:37:28 +0800] "GET /xingrg/javascript/jquery_easy_ui/themes/icons/forms_new.png HTTP/1.1" 304 -
120.253.135.82 - - [27/Jun/2023:09:37:28 +0800] "GET /xingrg/javascript/jquery_easy_ui/themes/default/images/tree_file.gif HTTP/1.1" 304 -
120.253.135.82 - - [27/Jun/2023:09:37:28 +0800] "GET /xingrg/javascript/jquery_easy_ui/themes/default/images/tree_folder.gif HTTP/1.1" 304 -
120.253.135.82 - - [27/Jun/2023:09:37:32 +0800] "GET /xingrg/javascript/jquery_easy_ui/themes/icons/area.png HTTP/1.1" 200 262
120.253.135.82 - - [27/Jun/2023:09:37:32 +0800] "GET /xingrg/javascript/jquery_easy_ui/themes/icons/manage.png HTTP/1.1" 200 696
120.253.135.82 - - [27/Jun/2023:09:37:32 +0800] "GET /xingrg/javascript/jquery_easy_ui/themes/icons/rest.png HTTP/1.1" 200 695
120.253.135.82 - - [27/Jun/2023:09:37:32 +0800] "GET /xingrg/javascript/jquery_easy_ui/themes/default/images/button_span_bg.gif HTTP/1.1" 200 2061
120.253.135.82 - - [27/Jun/2023:09:37:32 +0800] "GET /xingrg/javascript/jquery_easy_ui/themes/default/images/button_a_bg.gif HTTP/1.1" 200 1194
120.253.135.82 - - [27/Jun/2023:09:37:32 +0800] "GET /xingrg/javascript/jquery_easy_ui/themes/icons/ok.png HTTP/1.1" 200 883
120.253.135.82 - - [27/Jun/2023:09:37:32 +0800] "GET /xingrg/javascript/jquery_easy_ui/themes/default/images/panel_title.png HTTP/1.1" 200 266
120.253.135.82 - - [27/Jun/2023:09:37:32 +0800] "GET /xingrg/javascript/jquery_easy_ui/themes/default/images/panel_tools.gif HTTP/1.1" 200 737
120.253.135.82 - - [27/Jun/2023:09:37:32 +0800] "GET /xingrg/all/function/internal_message.html?_=1687829994627&CODE_STATE=getMsg HTTP/1.1" 200 27
120.253.135.82 - - [27/Jun/2023:09:37:32 +0800] "GET /xingrg/check_reg.html?_=1687829994629 HTTP/1.1" 200 22
116.238.191.126 - - [27/Jun/2023:09:37:33 +0800] "GET /xingrg/all/function/internal_message.html?_=1687829852919&CODE_STATE=getMsg HTTP/1.1" 200 27
222.69.128.63 - - [27/Jun/2023:09:37:37 +0800] "POST /xingrg/kc/buy/cgsh_order_operate.html HTTP/1.1" 200 37
222.67.234.146 - - [27/Jun/2023:09:37:38 +0800] "GET /xingrg/kc/buy/cgsh_order_operate.html?command=get_materiel&rest_code=00141&code=00101008350&supplier_code=00100007&order_time=2023-06-27 HTTP/1.1" 200 408
222.67.234.146 - - [27/Jun/2023:09:37:41 +0800] "POST /xingrg/kc/buy/cgsh_order_operate.html HTTP/1.1" 200 2065
120.253.135.82 - - [27/Jun/2023:09:37:41 +0800] "GET /xingrg/images/control/ajaxLoader.gif HTTP/1.1" 304 -
120.253.135.82 - - [27/Jun/2023:09:37:41 +0800] "POST /xingrg/all/user/operate.html HTTP/1.1" 200 36
120.253.135.82 - - [27/Jun/2023:09:37:42 +0800] "GET /xingrg/index.html?sysBaseUrl=http%3A%2F%2F180.169.147.146%3A18081%2Fxingrg%2F&costTime=2595×tamp=1687829846393 HTTP/1.1" 200 17179
120.253.135.82 - - [27/Jun/2023:09:37:42 +0800] "GET /xingrg/javascript/jquery_easy_ui/themes/default/easyui.css HTTP/1.1" 304 -
120.253.135.82 - - [27/Jun/2023:09:37:42 +0800] "GET /xingrg/javascript/jquery_easy_ui/themes/icon.css HTTP/1.1" 304 -
120.253.135.82 - - [27/Jun/2023:09:37:42 +0800] "GET /xingrg/css/form.css HTTP/1.1" 304 -
120.253.135.82 - - [27/Jun/2023:09:37:42 +0800] "GET /xingrg/javascript/jquery-1.4.2.min.js HTTP/1.1" 304 -
120.253.135.82 - - [27/Jun/2023:09:37:42 +0800] "GET /xingrg/javascript/jquery_easy_ui/jquery.easyui.min.js HTTP/1.1" 304 -
120.253.135.82 - - [27/Jun/2023:09:37:42 +0800] "GET /xingrg/javascript/jquery_easy_ui/easyui-lang-zh_CN.js HTTP/1.1" 304 -
120.253.135.82 - - [27/Jun/2023:09:37:42 +0800] "GET /xingrg/javascript/jquery.form.js HTTP/1.1" 304 -
120.253.135.82 - - [27/Jun/2023:09:37:42 +0800] "GET /xingrg/javascript/jquery.utils.js HTTP/1.1" 304 -
120.253.135.82 - - [27/Jun/2023:09:37:42 +0800] "GET /xingrg/javascript/jquery.timers.js HTTP/1.1" 304 -
120.253.135.82 - - [27/Jun/2023:09:37:42 +0800] "GET /xingrg/images/blue/jxLogo.png HTTP/1.1" 304 -
120.253.135.82 - - [27/Jun/2023:09:37:42 +0800] "GET /xingrg/images/blue/navBackgound.jpg HTTP/1.1" 304 -
120.253.135.82 - - [27/Jun/2023:09:37:42 +0800] "GET /xingrg/javascript/jquery_easy_ui/themes/icons/settle_new.png HTTP/1.1" 304 -
120.253.135.82 - - [27/Jun/2023:09:37:42 +0800] "GET /xingrg/images/blue/pingpu.png HTTP/1.1" 304 -
120.253.135.82 - - [27/Jun/2023:09:37:42 +0800] "GET /xingrg/all/function/internal_message.html?_=1687829861520&CODE_STATE=count HTTP/1.1" 200 11
120.253.135.82 - - [27/Jun/2023:09:37:42 +0800] "GET /xingrg/check_reg.html?_=1687829861522 HTTP/1.1" 200 22
120.253.135.82 - - [27/Jun/2023:09:37:42 +0800] "GET /xingrg/javascript/jquery_easy_ui/themes/default/images/tabs_leftarrow.png HTTP/1.1" 304 -
120.253.135.82 - - [27/Jun/2023:09:37:42 +0800] "GET /xingrg/javascript/jquery_easy_ui/themes/default/images/tabs_rightarrow.png HTTP/1.1" 304 -
120.253.135.82 - - [27/Jun/2023:09:37:42 +0800] "GET /xingrg/javascript/jquery_easy_ui/themes/default/images/panel_tool_collapse.gif HTTP/1.1" 304 -
120.253.135.82 - - [27/Jun/2023:09:37:42 +0800] "POST /xingrg/all/common/load_tree.html?tree=area_rest_tree_json&manage=1 HTTP/1.1" 200 3499
120.253.135.82 - - [27/Jun/2023:09:37:42 +0800] "POST /xingrg/load_menu.html HTTP/1.1" 200 5138
180.156.213.241 - - [27/Jun/2023:09:37:43 +0800] "GET /xingrg/all/function/internal_message.html?_=1687829863017&CODE_STATE=getMsg HTTP/1.1" 302 -
222.70.114.12 - - [27/Jun/2023:09:37:43 +0800] "GET /xingrg/all/function/internal_message.html?_=1687829865429&CODE_STATE=getMsg HTTP/1.1" 200 27
120.253.135.82 - - [27/Jun/2023:09:37:44 +0800] "GET /xingrg/kc/buy/buy_main.html HTTP/1.1" 200 12412
120.253.135.82 - - [27/Jun/2023:09:37:44 +0800] "GET /xingrg/javascript/jquery_easy_ui/themes/default/images/tabs_close.gif HTTP/1.1" 304 -
120.253.135.82 - - [27/Jun/2023:09:37:44 +0800] "GET /xingrg/css/blue.css HTTP/1.1" 304 -
120.253.135.82 - - [27/Jun/2023:09:37:44 +0800] "GET /xingrg/css/new_ie.css HTTP/1.1" 404 1036
120.253.135.82 - - [27/Jun/2023:09:37:44 +0800] "GET /xingrg/javascript/jquery_ui/themes/humanity/humanity.css HTTP/1.1" 304 -
120.253.135.82 - - [27/Jun/2023:09:37:44 +0800] "GET /xingrg/javascript/pic_change.js HTTP/1.1" 304 -
120.253.135.82 - - [27/Jun/2023:09:37:45 +0800] "GET /xingrg/javascript/ToolTips.js HTTP/1.1" 304 -
120.253.135.82 - - [27/Jun/2023:09:37:45 +0800] "GET /xingrg/javascript/myfunction.js HTTP/1.1" 304 -
120.253.135.82 - - [27/Jun/2023:09:37:45 +0800] "GET /xingrg/javascript/jquery_ui/jquery-ui.min.js HTTP/1.1" 304 -
120.253.135.82 - - [27/Jun/2023:09:37:45 +0800] "GET /xingrg/images/blue/button/cgxqd.gif HTTP/1.1" 304 -
120.253.135.82 - - [27/Jun/2023:09:37:45 +0800] "GET /xingrg/images/blue/button/cgydd.gif HTTP/1.1" 304 -
120.253.135.82 - - [27/Jun/2023:09:37:45 +0800] "GET /xingrg/images/blue/button/cgshd.gif HTTP/1.1" 304 -
120.253.135.82 - - [27/Jun/2023:09:37:45 +0800] "GET /xingrg/images/blue/button/cgfkd.gif HTTP/1.1" 304 -
120.253.135.82 - - [27/Jun/2023:09:37:45 +0800] "GET /xingrg/images/blue/button/kc.gif HTTP/1.1" 304 -
120.253.135.82 - - [27/Jun/2023:09:37:45 +0800] "GET /xingrg/images/blue/button/ckthd.gif HTTP/1.1" 304 -
120.253.135.82 - - [27/Jun/2023:09:37:45 +0800] "GET /xingrg/images/blue/pic_form2.gif HTTP/1.1" 304 -
120.253.135.82 - - [27/Jun/2023:09:37:45 +0800] "GET /xingrg/javascript/jquery_ui/themes/humanity/images/ui-bg_inset-soft_100_f4f0ec_1x100.png HTTP/1.1" 304 -
120.253.135.82 - - [27/Jun/2023:09:37:45 +0800] "GET /xingrg/images/blue/button/down_ah.jpg HTTP/1.1" 304 -
120.253.135.82 - - [27/Jun/2023:09:37:45 +0800] "GET /xingrg/images/blue/bg_dotted.jpg HTTP/1.1" 304 -
120.253.135.82 - - [27/Jun/2023:09:37:45 +0800] "GET /xingrg/images/blue/button/right_ah.jpg HTTP/1.1" 304 -
120.253.135.82 - - [27/Jun/2023:09:37:45 +0800] "GET /xingrg/javascript/jquery_ui/themes/humanity/images/ui-iconsnew.jpg HTTP/1.1" 304 -
120.253.135.82 - - [27/Jun/2023:09:37:45 +0800] "GET /xingrg/javascript/jquery_ui/themes/humanity/images/ui-icons_c47a23_256x240.png HTTP/1.1" 304 -
120.253.135.82 - - [27/Jun/2023:09:37:45 +0800] "GET /xingrg/javascript/jquery_ui/themes/humanity/images/ui-icons_ffffff_256x240.png HTTP/1.1" 304 -
120.253.135.82 - - [27/Jun/2023:09:37:45 +0800] "GET /xingrg/javascript/jquery_ui/themes/humanity/images/ui-bg_glass_70_ede4d4_1x400.png HTTP/1.1" 304 -
120.253.135.82 - - [27/Jun/2023:09:37:45 +0800] "GET /xingrg/images/yd/bt.gif HTTP/1.1" 404 1040
124.77.245.69 - - [27/Jun/2023:09:37:47 +0800] "GET /xingrg/all/function/internal_message.html?_=1687829872718&CODE_STATE=getMsg HTTP/1.1" 200 27
120.253.135.82 - - [27/Jun/2023:09:37:48 +0800] "GET /xingrg/kc/buy/cgsh_order_list.html HTTP/1.1" 200 55802
120.253.135.82 - - [27/Jun/2023:09:37:48 +0800] "GET /xingrg/css/base.css HTTP/1.1" 304 -
120.253.135.82 - - [27/Jun/2023:09:37:48 +0800] "GET /xingrg/css/site.css HTTP/1.1" 304 -
120.253.135.82 - - [27/Jun/2023:09:37:48 +0800] "GET /xingrg/javascript/jquery_tools/datebox.css HTTP/1.1" 304 -
120.253.135.82 - - [27/Jun/2023:09:37:48 +0800] "GET /xingrg/javascript/easyui/themes/default/easyui.css HTTP/1.1" 304 -
120.253.135.82 - - [27/Jun/2023:09:37:48 +0800] "GET /xingrg/javascript/easyui/themes/icon.css HTTP/1.1" 304 -
120.253.135.82 - - [27/Jun/2023:09:37:48 +0800] "GET /xingrg/javascript/auto/jquery.autocomplete.css HTTP/1.1" 304 -
120.253.135.82 - - [27/Jun/2023:09:37:48 +0800] "GET /xingrg/javascript/jquery_tools/table.css HTTP/1.1" 304 -
120.253.135.82 - - [27/Jun/2023:09:37:48 +0800] "GET /xingrg/javascript/jquery_tools/fix.css HTTP/1.1" 304 -
120.253.135.82 - - [27/Jun/2023:09:37:48 +0800] "GET /xingrg/javascript/jquery_tools/jquery.tools.min.js HTTP/1.1" 304 -
120.253.135.82 - - [27/Jun/2023:09:37:48 +0800] "GET /xingrg/javascript/jquery_tools/jquery.tools.extend.js HTTP/1.1" 304 -
120.253.135.82 - - [27/Jun/2023:09:37:48 +0800] "GET /xingrg/javascript/jquery_tools/jquery.tools.hotkey.js HTTP/1.1" 304 -
120.253.135.82 - - [27/Jun/2023:09:37:48 +0800] "GET /xingrg/javascript/jquery_tools/jquery.tools.table.js HTTP/1.1" 304 -
120.253.135.82 - - [27/Jun/2023:09:37:48 +0800] "GET /xingrg/javascript/jquery_tools/list_manager.js HTTP/1.1" 304 -
120.253.135.82 - - [27/Jun/2023:09:37:48 +0800] "GET /xingrg/javascript/auto/jquery.autocomplete.js HTTP/1.1" 304 -
120.253.135.82 - - [27/Jun/2023:09:37:48 +0800] "GET /xingrg/javascript/easyui/easyloader.js HTTP/1.1" 304 -
120.253.135.82 - - [27/Jun/2023:09:37:48 +0800] "GET /xingrg/javascript/jquery.cookie.js HTTP/1.1" 304 -
120.253.135.82 - - [27/Jun/2023:09:37:48 +0800] "GET /xingrg/javascript/print/LodopFuncs.js HTTP/1.1" 304 -
180.169.147.146 - - [27/Jun/2023:09:37:48 +0800] "GET /xingrg/all/function/internal_message.html?_=1687829867418&CODE_STATE=getMsg HTTP/1.1" 302 -
180.169.147.146 - - [27/Jun/2023:09:37:48 +0800] "GET /xingrg/check_reg.html?_=1687829867419 HTTP/1.1" 302 -
120.253.135.82 - - [27/Jun/2023:09:37:49 +0800] "GET /xingrg/javascript/easyui/plugins/jquery.parser.js HTTP/1.1" 304 -
120.253.135.82 - - [27/Jun/2023:09:37:49 +0800] "GET /xingrg/javascript/easyui/themes/icons/check_new.png HTTP/1.1" 304 -
120.253.135.82 - - [27/Jun/2023:09:37:49 +0800] "GET /xingrg/javascript/easyui/themes/icons/cance_new.png HTTP/1.1" 304 -
120.253.135.82 - - [27/Jun/2023:09:37:49 +0800] "GET /xingrg/javascript/easyui/themes/icons/field_new.png HTTP/1.1" 304 -
120.253.135.82 - - [27/Jun/2023:09:37:49 +0800] "GET /xingrg/javascript/easyui/themes/icons/import_new.png HTTP/1.1" 304 -
120.253.135.82 - - [27/Jun/2023:09:37:49 +0800] "GET /xingrg/javascript/easyui/themes/icons/edit_add_new.png HTTP/1.1" 304 -
222.67.234.146 - - [27/Jun/2023:09:37:52 +0800] "GET /xingrg/kc/buy/cgsh_order_operate.html?command=get_materiel&rest_code=00141&code=00101008095&supplier_code=00100007&order_time=2023-06-27 HTTP/1.1" 200 412
222.69.128.63 - - [27/Jun/2023:09:37:53 +0800] "POST /xingrg/kc/buy/cgsh_order_operate.html HTTP/1.1" 200 12
180.163.28.55 - - [27/Jun/2023:09:37:54 +0800] "GET /xingrg/all/function/internal_message.html?_=1687829813739&CODE_STATE=getMsg HTTP/1.1" 302 -
180.163.28.55 - - [27/Jun/2023:09:37:54 +0800] "GET /xingrg/login.html HTTP/1.1" 200 7641
180.169.147.146 - - [27/Jun/2023:09:37:54 +0800] "GET /xingrg/all/function/internal_message.html?_=1687829873744&CODE_STATE=getMsg HTTP/1.1" 200 27
222.69.128.63 - - [27/Jun/2023:09:37:58 +0800] "GET /xingrg/kc/buy/cgsh_order_info.html?code=212023062709792 HTTP/1.1" 200 66565
222.69.128.63 - - [27/Jun/2023:09:37:58 +0800] "GET /xingrg/words/20230627091814_words.js HTTP/1.1" 304 -
222.69.128.63 - - [27/Jun/2023:09:37:58 +0800] "GET /xingrg/javascript/easyui/themes/default/validatebox.css HTTP/1.1" 404 1104
222.69.128.63 - - [27/Jun/2023:09:38:00 +0800] "POST /xingrg/kc/buy/cgsh_order_operate.html HTTP/1.1" 200 5361
222.69.128.63 - - [27/Jun/2023:09:38:02 +0800] "GET /xingrg/kc/print/load_data.html?order_code=212023062709792&kc_code=cgsh&condition= HTTP/1.1" 200 2497
222.67.234.146 - - [27/Jun/2023:09:38:03 +0800] "GET /xingrg/kc/buy/cgsh_order_operate.html?command=get_materiel&rest_code=00141&code=00101008114&supplier_code=00100007&order_time=2023-06-27 HTTP/1.1" 200 412
180.169.147.146 - - [27/Jun/2023:09:38:03 +0800] "GET /xingrg/all/report/report_query.html?fileName=kc/buy/gys_amount_base_rest.xml HTTP/1.1" 200 51664
180.169.147.146 - - [27/Jun/2023:09:38:03 +0800] "GET /xingrg/dwr/interface/AjaxReportQueryService.js HTTP/1.1" 200 13203
180.169.147.146 - - [27/Jun/2023:09:38:03 +0800] "GET /xingrg/dwr/engine.js HTTP/1.1" 200 43631
180.169.147.146 - - [27/Jun/2023:09:38:03 +0800] "POST /xingrg/dwr/call/plaincall/AjaxReportQueryService.getFixDate.dwr HTTP/1.1" 200 111
180.169.147.146 - - [27/Jun/2023:09:38:04 +0800] "POST /xingrg/all/common/load_tree.html?tree=area_rest_tree_json&manage=1 HTTP/1.1" 200 3499
124.79.243.110 - - [27/Jun/2023:09:38:04 +0800] "GET /xingrg/all/function/internal_message.html?_=1687830167586&CODE_STATE=getMsg HTTP/1.1" 200 27
180.169.147.146 - - [27/Jun/2023:09:38:05 +0800] "POST /xingrg/all/common/load_tree.html?tree=supplier_tree_json&manage=1 HTTP/1.1" 200 76485
101.83.145.52 - - [27/Jun/2023:09:38:11 +0800] "GET /xingrg/all/function/internal_message.html?_=1687829711798&CODE_STATE=getMsg HTTP/1.1" 200 27
114.85.113.108 - - [27/Jun/2023:09:38:11 +0800] "GET /xingrg/all/function/internal_message.html?_=1687829890852&CODE_STATE=getMsg HTTP/1.1" 200 27
101.83.145.52 - - [27/Jun/2023:09:38:11 +0800] "GET /xingrg/check_reg.html?_=1687829712197 HTTP/1.1" 200 22
222.67.234.146 - - [27/Jun/2023:09:38:16 +0800] "GET /xingrg/all/function/internal_message.html?_=1687829385536&CODE_STATE=getMsg HTTP/1.1" 200 27
222.67.234.146 - - [27/Jun/2023:09:38:17 +0800] "GET /xingrg/kc/buy/cgsh_order_operate.html?command=get_materiel&rest_code=00141&code=00101008150&supplier_code=00100007&order_time=2023-06-27 HTTP/1.1" 200 409
120.253.135.82 - - [27/Jun/2023:09:38:18 +0800] "POST /xingrg/kc/buy/cgsh_list_operate.html HTTP/1.1" 200 4018
61.170.233.201 - - [27/Jun/2023:09:38:18 +0800] "GET /xingrg/all/function/internal_message.html?_=1687829897204&CODE_STATE=getMsg HTTP/1.1" 200 27
180.169.147.146 - - [27/Jun/2023:09:38:18 +0800] "POST /xingrg/dwr/call/plaincall/AjaxReportQueryService.refreshCache.dwr HTTP/1.1" 200 78
116.232.195.127 - - [27/Jun/2023:09:38:20 +0800] "GET /xingrg/all/function/internal_message.html?_=1687829900450&CODE_STATE=getMsg HTTP/1.1" 200 27
116.232.195.127 - - [27/Jun/2023:09:38:20 +0800] "GET /xingrg/check_reg.html?_=1687829900452 HTTP/1.1" 200 22
222.69.128.63 - - [27/Jun/2023:09:38:23 +0800] "GET /xingrg/all/function/internal_message.html?_=1687829903103&CODE_STATE=getMsg HTTP/1.1" 200 27
116.238.191.126 - - [27/Jun/2023:09:38:24 +0800] "GET /xingrg/all/function/internal_message.html?_=1687829824939&CODE_STATE=getMsg HTTP/1.1" 200 27
101.83.145.52 - - [27/Jun/2023:09:38:24 +0800] "POST /xingrg/services/DataTransmitService HTTP/1.1" 200 501
120.253.135.82 - - [27/Jun/2023:09:38:26 +0800] "GET /xingrg/javascript/auto/indicator.gif HTTP/1.1" 404 1066
180.169.147.146 - - [27/Jun/2023:09:38:27 +0800] "POST /xingrg/all/report/load_report_page.html HTTP/1.1" 200 347830
180.169.147.146 - - [27/Jun/2023:09:38:28 +0800] "GET /xingrg/servlets/image?cache=0.12035212368718151&image=px HTTP/1.1" 200 807
120.253.135.82 - - [27/Jun/2023:09:38:32 +0800] "GET /xingrg/all/function/internal_message.html?_=1687830054629&CODE_STATE=getMsg HTTP/1.1" 200 27
116.238.191.126 - - [27/Jun/2023:09:38:33 +0800] "GET /xingrg/all/function/internal_message.html?_=1687829912927&CODE_STATE=getMsg HTTP/1.1" 200 27
222.67.234.146 - - [27/Jun/2023:09:38:34 +0800] "GET /xingrg/kc/buy/cgsh_order_operate.html?command=get_materiel&rest_code=00141&code=00101009031&supplier_code=00100007&order_time=2023-06-27 HTTP/1.1" 200 408
120.253.135.82 - - [27/Jun/2023:09:38:42 +0800] "GET /xingrg/all/function/internal_message.html?_=1687829921536&CODE_STATE=getMsg HTTP/1.1" 200 27
180.169.147.146 - - [27/Jun/2023:09:38:43 +0800] "POST /xingrg/all/report/report_print.html HTTP/1.1" 200 50236
180.156.213.241 - - [27/Jun/2023:09:38:43 +0800] "GET /xingrg/all/function/internal_message.html?_=1687829923003&CODE_STATE=getMsg HTTP/1.1" 302 -
222.70.114.12 - - [27/Jun/2023:09:38:43 +0800] "GET /xingrg/all/function/internal_message.html?_=1687829925427&CODE_STATE=getMsg HTTP/1.1" 200 27
124.77.245.69 - - [27/Jun/2023:09:38:47 +0800] "GET /xingrg/all/function/internal_message.html?_=1687829932724&CODE_STATE=getMsg HTTP/1.1" 200 27
180.169.147.146 - - [27/Jun/2023:09:38:48 +0800] "GET /xingrg/all/function/internal_message.html?_=1687829927418&CODE_STATE=getMsg HTTP/1.1" 302 -
120.253.135.82 - - [27/Jun/2023:09:38:49 +0800] "POST /xingrg/kc/buy/cgsh_list_operate.html HTTP/1.1" 200 11261
222.67.234.146 - - [27/Jun/2023:09:38:50 +0800] "GET /xingrg/kc/buy/cgsh_order_operate.html?command=get_materiel&rest_code=00141&code=00101008706&supplier_code=00100007&order_time=2023-06-27 HTTP/1.1" 200 413
180.169.147.146 - - [27/Jun/2023:09:38:54 +0800] "GET /xingrg/all/function/internal_message.html?_=1687829933736&CODE_STATE=getMsg HTTP/1.1" 200 27
222.67.234.146 - - [27/Jun/2023:09:38:57 +0800] "POST /xingrg/kc/buy/cgsh_order_operate.html HTTP/1.1" 200 2065
120.253.135.82 - - [27/Jun/2023:09:39:00 +0800] "POST /xingrg/kc/buy/cgsh_list_operate.html HTTP/1.1" 200 11424
116.232.195.127 - - [27/Jun/2023:09:39:02 +0800] "POST /xingrg/login.do HTTP/1.1" 302 -
116.232.195.127 - - [27/Jun/2023:09:39:02 +0800] "GET /xingrg/index.html?sysBaseUrl=http%3A%2F%2F180.169.147.146%3A18081%2Fxingrg%2F&costTime=1509×tamp=1687829942666 HTTP/1.1" 200 17179
116.232.195.127 - - [27/Jun/2023:09:39:02 +0800] "GET /favicon.ico HTTP/1.1" 404 -
116.232.195.127 - - [27/Jun/2023:09:39:03 +0800] "GET /xingrg/check_reg.html?_=1687829929255 HTTP/1.1" 200 22
116.232.195.127 - - [27/Jun/2023:09:39:03 +0800] "GET /xingrg/all/function/internal_message.html?_=1687829929254&CODE_STATE=count HTTP/1.1" 200 11
116.232.195.127 - - [27/Jun/2023:09:39:03 +0800] "POST /xingrg/all/common/load_tree.html?tree=area_rest_tree_json&manage=1 HTTP/1.1" 200 479
116.232.195.127 - - [27/Jun/2023:09:39:03 +0800] "POST /xingrg/load_menu.html HTTP/1.1" 200 5138
222.67.234.146 - - [27/Jun/2023:09:39:03 +0800] "GET /xingrg/kc/buy/cgsh_order_operate.html?command=get_materiel&rest_code=00141&code=00101009004&supplier_code=00100007&order_time=2023-06-27 HTTP/1.1" 200 409
124.79.243.110 - - [27/Jun/2023:09:39:04 +0800] "GET /xingrg/all/function/internal_message.html?_=1687830227600&CODE_STATE=getMsg HTTP/1.1" 200 27
116.232.195.127 - - [27/Jun/2023:09:39:06 +0800] "GET /xingrg/kc/buy/cgsh_order_list.html HTTP/1.1" 200 55802
120.253.135.82 - - [27/Jun/2023:09:39:09 +0800] "POST /xingrg/kc/buy/cgsh_list_operate.html HTTP/1.1" 200 583
101.83.145.52 - - [27/Jun/2023:09:39:10 +0800] "GET /xingrg/all/function/internal_message.html?_=1687829771785&CODE_STATE=getMsg HTTP/1.1" 200 27
114.85.113.108 - - [27/Jun/2023:09:39:11 +0800] "GET /xingrg/all/function/internal_message.html?_=1687829950852&CODE_STATE=getMsg HTTP/1.1" 200 27
222.67.234.146 - - [27/Jun/2023:09:39:13 +0800] "GET /xingrg/kc/buy/cgsh_order_operate.html?command=get_materiel&rest_code=00141&code=00101009079&supplier_code=00100007&order_time=2023-06-27 HTTP/1.1" 200 409
120.253.135.82 - - [27/Jun/2023:09:39:14 +0800] "GET /xingrg/kc/buy/cgsh_order_info.html?code=212022121404028 HTTP/1.1" 200 66536
120.253.135.82 - - [27/Jun/2023:09:39:14 +0800] "GET /xingrg/javascript/jquery_tools/order_manager.js HTTP/1.1" 304 -
120.253.135.82 - - [27/Jun/2023:09:39:14 +0800] "GET /xingrg/javascript/convert.js HTTP/1.1" 304 -
120.253.135.82 - - [27/Jun/2023:09:39:14 +0800] "GET /xingrg/javascript/print/kc_print.js HTTP/1.1" 304 -
120.253.135.82 - - [27/Jun/2023:09:39:14 +0800] "GET /xingrg/javascript/json2.js HTTP/1.1" 304 -
120.253.135.82 - - [27/Jun/2023:09:39:14 +0800] "GET /xingrg/words/20230627091814_words.js HTTP/1.1" 200 970792
120.253.135.82 - - [27/Jun/2023:09:39:14 +0800] "GET /xingrg/javascript/easyui/themes/default/images/menu_downarrow.png HTTP/1.1" 304 -
120.253.135.82 - - [27/Jun/2023:09:39:14 +0800] "GET /xingrg/javascript/easyui/themes/icons/copy_new.png HTTP/1.1" 304 -
120.253.135.82 - - [27/Jun/2023:09:39:14 +0800] "GET /xingrg/javascript/easyui/themes/icons/print.png HTTP/1.1" 304 -
120.253.135.82 - - [27/Jun/2023:09:39:14 +0800] "GET /xingrg/javascript/easyui/themes/icons/cancel.png HTTP/1.1" 304 -
222.67.234.146 - - [27/Jun/2023:09:39:16 +0800] "GET /xingrg/all/function/internal_message.html?_=1687829445573&CODE_STATE=getMsg HTTP/1.1" 200 27
120.253.135.82 - - [27/Jun/2023:09:39:17 +0800] "GET /xingrg/javascript/easyui/themes/default/validatebox.css HTTP/1.1" 404 1104
120.253.135.82 - - [27/Jun/2023:09:39:17 +0800] "GET /xingrg/javascript/easyui/plugins/jquery.validatebox.js HTTP/1.1" 304 -
120.253.135.82 - - [27/Jun/2023:09:39:17 +0800] "GET /xingrg/javascript/easyui/plugins/jquery.numberbox.js HTTP/1.1" 304 -
120.253.135.82 - - [27/Jun/2023:09:39:18 +0800] "POST /xingrg/kc/buy/cgsh_order_operate.html HTTP/1.1" 200 4799
120.253.135.82 - - [27/Jun/2023:09:39:18 +0800] "GET /xingrg/javascript/easyui/themes/icons/edit_remove.png HTTP/1.1" 304 -
61.170.233.201 - - [27/Jun/2023:09:39:18 +0800] "GET /xingrg/all/function/internal_message.html?_=1687829957187&CODE_STATE=getMsg HTTP/1.1" 200 27
116.232.195.127 - - [27/Jun/2023:09:39:20 +0800] "GET /xingrg/all/function/internal_message.html?_=1687829960452&CODE_STATE=getMsg HTTP/1.1" 200 27
120.253.135.82 - - [27/Jun/2023:09:39:23 +0800] "GET /xingrg/javascript/jquery_easy_ui/themes/default/images/tabs_active.png HTTP/1.1" 200 2894
222.69.128.63 - - [27/Jun/2023:09:39:23 +0800] "GET /xingrg/all/function/internal_message.html?_=1687829963076&CODE_STATE=getMsg HTTP/1.1" 200 27
116.238.191.126 - - [27/Jun/2023:09:39:24 +0800] "GET /xingrg/all/function/internal_message.html?_=1687829885035&CODE_STATE=getMsg HTTP/1.1" 200 27
218.81.71.30 - - [27/Jun/2023:09:39:30 +0800] "GET /xingrg/check_reg.html?_=1687829971142 HTTP/1.1" 200 22
120.253.135.82 - - [27/Jun/2023:09:39:32 +0800] "GET /xingrg/all/function/internal_message.html?_=1687830114630&CODE_STATE=getMsg HTTP/1.1" 200 27
116.238.191.126 - - [27/Jun/2023:09:39:33 +0800] "GET /xingrg/all/function/internal_message.html?_=1687829972927&CODE_STATE=getMsg HTTP/1.1" 200 27
116.232.195.127 - - [27/Jun/2023:09:39:35 +0800] "POST /xingrg/kc/buy/cgsh_list_operate.html HTTP/1.1" 200 4018
222.67.234.146 - - [27/Jun/2023:09:39:37 +0800] "GET /xingrg/kc/buy/cgsh_order_operate.html?command=get_materiel&rest_code=00141&code=00101008307&supplier_code=00100007&order_time=2023-06-27 HTTP/1.1" 200 420
120.253.135.82 - - [27/Jun/2023:09:39:42 +0800] "GET /xingrg/all/function/internal_message.html?_=1687829981530&CODE_STATE=getMsg HTTP/1.1" 200 27
180.156.213.241 - - [27/Jun/2023:09:39:43 +0800] "GET /xingrg/all/function/internal_message.html?_=1687829982985&CODE_STATE=getMsg HTTP/1.1" 302 -
222.70.114.12 - - [27/Jun/2023:09:39:43 +0800] "GET /xingrg/check_reg.html?_=1687829985427 HTTP/1.1" 200 22
222.70.114.12 - - [27/Jun/2023:09:39:43 +0800] "GET /xingrg/all/function/internal_message.html?_=1687829985429&CODE_STATE=getMsg HTTP/1.1" 200 27
120.253.135.82 - - [27/Jun/2023:09:39:43 +0800] "POST /xingrg/kc/buy/cgsh_list_operate.html HTTP/1.1" 200 581
124.77.245.69 - - [27/Jun/2023:09:39:47 +0800] "GET /xingrg/all/function/internal_message.html?_=1687829992827&CODE_STATE=getMsg HTTP/1.1" 200 27
120.253.135.82 - - [27/Jun/2023:09:39:47 +0800] "GET /xingrg/kc/buy/cgsh_order_info.html?code=212022120902309 HTTP/1.1" 200 66536
120.253.135.82 - - [27/Jun/2023:09:39:47 +0800] "GET /xingrg/javascript/easyui/themes/default/validatebox.css HTTP/1.1" 404 1104
180.169.147.146 - - [27/Jun/2023:09:39:48 +0800] "GET /xingrg/all/function/internal_message.html?_=1687829987416&CODE_STATE=getMsg HTTP/1.1" 302 -
120.253.135.82 - - [27/Jun/2023:09:39:49 +0800] "POST /xingrg/kc/buy/cgsh_order_operate.html HTTP/1.1" 200 10682
222.67.234.146 - - [27/Jun/2023:09:39:50 +0800] "GET /xingrg/kc/buy/cgsh_order_operate.html?command=get_materiel&rest_code=00141&code=00101009118&supplier_code=00100007&order_time=2023-06-27 HTTP/1.1" 200 405
120.253.135.82 - - [27/Jun/2023:09:39:53 +0800] "GET /xingrg/check_reg.html?_=1687829824626 HTTP/1.1" 200 22
180.169.147.146 - - [27/Jun/2023:09:39:54 +0800] "GET /xingrg/all/function/internal_message.html?_=1687829993748&CODE_STATE=getMsg HTTP/1.1" 200 27
180.163.29.206 - - [27/Jun/2023:09:39:54 +0800] "GET /xingrg/all/function/internal_message.html?_=1687829933736&CODE_STATE=getMsg HTTP/1.1" 302 -
180.163.29.206 - - [27/Jun/2023:09:39:54 +0800] "GET /xingrg/login.html HTTP/1.1" 200 7641
222.67.234.146 - - [27/Jun/2023:09:39:57 +0800] "POST /xingrg/kc/buy/cgsh_order_operate.html HTTP/1.1" 200 2065
116.232.195.127 - - [27/Jun/2023:09:40:03 +0800] "GET /xingrg/all/function/internal_message.html?_=1687829989268&CODE_STATE=getMsg HTTP/1.1" 200 27
124.79.243.110 - - [27/Jun/2023:09:40:04 +0800] "GET /xingrg/all/function/internal_message.html?_=1687830287599&CODE_STATE=getMsg HTTP/1.1" 200 27
222.67.234.146 - - [27/Jun/2023:09:40:05 +0800] "GET /xingrg/kc/buy/cgsh_order_operate.html?command=get_materiel&rest_code=00141&code=00101008353&supplier_code=00100007&order_time=2023-06-27 HTTP/1.1" 200 408
120.253.135.82 - - [27/Jun/2023:09:40:07 +0800] "POST /xingrg/kc/buy/cgsh_list_operate.html HTTP/1.1" 200 11424
101.83.145.52 - - [27/Jun/2023:09:40:10 +0800] "GET /xingrg/all/function/internal_message.html?_=1687829831772&CODE_STATE=getMsg HTTP/1.1" 200 27
114.85.113.108 - - [27/Jun/2023:09:40:11 +0800] "GET /xingrg/check_reg.html?_=1687830010862 HTTP/1.1" 200 22
114.85.113.108 - - [27/Jun/2023:09:40:11 +0800] "GET /xingrg/all/function/internal_message.html?_=1687830010860&CODE_STATE=getMsg HTTP/1.1" 200 27
222.67.234.146 - - [27/Jun/2023:09:40:16 +0800] "GET /xingrg/all/function/internal_message.html?_=1687829505549&CODE_STATE=getMsg HTTP/1.1" 200 27
120.253.135.82 - - [27/Jun/2023:09:40:17 +0800] "POST /xingrg/kc/buy/cgsh_list_operate.html HTTP/1.1" 200 11422
61.170.233.201 - - [27/Jun/2023:09:40:18 +0800] "GET /xingrg/all/function/internal_message.html?_=1687830017166&CODE_STATE=getMsg HTTP/1.1" 200 27
116.232.195.127 - - [27/Jun/2023:09:40:20 +0800] "GET /xingrg/all/function/internal_message.html?_=1687830020471&CODE_STATE=getMsg HTTP/1.1" 200 27
222.69.128.63 - - [27/Jun/2023:09:40:23 +0800] "GET /xingrg/all/function/internal_message.html?_=1687830023050&CODE_STATE=getMsg HTTP/1.1" 200 27
222.69.128.63 - - [27/Jun/2023:09:40:23 +0800] "GET /xingrg/check_reg.html?_=1687830023236 HTTP/1.1" 200 22
116.238.191.126 - - [27/Jun/2023:09:40:24 +0800] "GET /xingrg/all/function/internal_message.html?_=1687829945044&CODE_STATE=getMsg HTTP/1.1" 200 27
124.77.245.69 - - [27/Jun/2023:09:40:27 +0800] "GET /xingrg/check_reg.html?_=1687830033209 HTTP/1.1" 200 22
120.253.135.82 - - [27/Jun/2023:09:40:30 +0800] "POST /xingrg/kc/buy/cgsh_list_operate.html HTTP/1.1" 200 589
120.253.135.82 - - [27/Jun/2023:09:40:32 +0800] "GET /xingrg/all/function/internal_message.html?_=1687830174631&CODE_STATE=getMsg HTTP/1.1" 200 27
116.238.191.126 - - [27/Jun/2023:09:40:33 +0800] "GET /xingrg/all/function/internal_message.html?_=1687830032931&CODE_STATE=getMsg HTTP/1.1" 200 27
120.253.135.82 - - [27/Jun/2023:09:40:35 +0800] "GET /xingrg/kc/buy/cgsh_order_info.html?code=212023021203690 HTTP/1.1" 200 66536
120.253.135.82 - - [27/Jun/2023:09:40:35 +0800] "GET /xingrg/javascript/easyui/themes/default/validatebox.css HTTP/1.1" 404 1104
120.253.135.82 - - [27/Jun/2023:09:40:37 +0800] "POST /xingrg/kc/buy/cgsh_order_operate.html HTTP/1.1" 200 6012
222.67.234.146 - - [27/Jun/2023:09:40:38 +0800] "GET /xingrg/kc/buy/cgsh_order_operate.html?command=get_materiel&rest_code=00141&code=00101008323&supplier_code=00100007&order_time=2023-06-27 HTTP/1.1" 200 408
120.253.135.82 - - [27/Jun/2023:09:40:42 +0800] "GET /xingrg/all/function/internal_message.html?_=1687830041532&CODE_STATE=getMsg HTTP/1.1" 200 27
180.156.213.241 - - [27/Jun/2023:09:40:43 +0800] "GET /xingrg/all/function/internal_message.html?_=1687830042969&CODE_STATE=getMsg HTTP/1.1" 302 -
222.70.114.12 - - [27/Jun/2023:09:40:43 +0800] "GET /xingrg/all/function/internal_message.html?_=1687830045427&CODE_STATE=getMsg HTTP/1.1" 200 27
180.156.213.241 - - [27/Jun/2023:09:40:44 +0800] "GET /xingrg/check_reg.html?_=1687830043756 HTTP/1.1" 302 -
124.77.245.69 - - [27/Jun/2023:09:40:47 +0800] "GET /xingrg/all/function/internal_message.html?_=1687830052830&CODE_STATE=getMsg HTTP/1.1" 200 27
180.169.147.146 - - [27/Jun/2023:09:40:48 +0800] "GET /xingrg/all/function/internal_message.html?_=1687830047415&CODE_STATE=getMsg HTTP/1.1" 302 -
180.163.28.68 - - [27/Jun/2023:09:40:54 +0800] "GET /xingrg/all/function/internal_message.html?_=1687829993748&CODE_STATE=getMsg HTTP/1.1" 302 -
180.163.28.68 - - [27/Jun/2023:09:40:54 +0800] "GET /xingrg/login.html HTTP/1.1" 200 7641
180.169.147.146 - - [27/Jun/2023:09:40:54 +0800] "GET /xingrg/all/function/internal_message.html?_=1687830053741&CODE_STATE=getMsg HTTP/1.1" 200 27
180.169.147.146 - - [27/Jun/2023:09:40:54 +0800] "GET /xingrg/check_reg.html?_=1687830053738 HTTP/1.1" 200 22
222.67.234.146 - - [27/Jun/2023:09:40:56 +0800] "GET /xingrg/kc/buy/cgsh_order_operate.html?command=get_materiel&rest_code=00141&code=00101008244&supplier_code=00100007&order_time=2023-06-27 HTTP/1.1" 200 408
116.232.195.127 - - [27/Jun/2023:09:41:03 +0800] "GET /xingrg/all/function/internal_message.html?_=1687830049270&CODE_STATE=getMsg HTTP/1.1" 200 27
124.79.243.110 - - [27/Jun/2023:09:41:04 +0800] "GET /xingrg/all/function/internal_message.html?_=1687830347597&CODE_STATE=getMsg HTTP/1.1" 200 27
222.67.234.146 - - [27/Jun/2023:09:41:04 +0800] "GET /xingrg/kc/buy/cgsh_order_operate.html?command=get_materiel&rest_code=00141&code=00101008354&supplier_code=00100007&order_time=2023-06-27 HTTP/1.1" 200 412
101.83.145.52 - - [27/Jun/2023:09:41:10 +0800] "GET /xingrg/all/function/internal_message.html?_=1687829891759&CODE_STATE=getMsg HTTP/1.1" 200 27
114.85.113.108 - - [27/Jun/2023:09:41:11 +0800] "GET /xingrg/all/function/internal_message.html?_=1687830070846&CODE_STATE=getMsg HTTP/1.1" 200 27
222.67.234.146 - - [27/Jun/2023:09:41:16 +0800] "GET /xingrg/kc/buy/cgsh_order_operate.html?command=get_materiel&rest_code=00141&code=00101008096&supplier_code=00100007&order_time=2023-06-27 HTTP/1.1" 200 413
222.67.234.146 - - [27/Jun/2023:09:41:16 +0800] "GET /xingrg/check_reg.html?_=1687829565527 HTTP/1.1" 200 22
222.67.234.146 - - [27/Jun/2023:09:41:16 +0800] "GET /xingrg/all/function/internal_message.html?_=1687829565529&CODE_STATE=getMsg HTTP/1.1" 200 27
180.163.28.114 - - [27/Jun/2023:09:41:18 +0800] "GET /xingrg/all/function/internal_message.html?_=1687830017166&CODE_STATE=getMsg HTTP/1.1" 302 -
180.163.28.114 - - [27/Jun/2023:09:41:18 +0800] "GET /xingrg/login.html HTTP/1.1" 200 7641
61.170.233.201 - - [27/Jun/2023:09:41:18 +0800] "GET /xingrg/all/function/internal_message.html?_=1687830077142&CODE_STATE=getMsg HTTP/1.1" 200 27
222.67.234.146 - - [27/Jun/2023:09:41:18 +0800] "POST /xingrg/kc/buy/cgsh_order_operate.html HTTP/1.1" 200 2065
61.170.233.201 - - [27/Jun/2023:09:41:19 +0800] "GET /xingrg/check_reg.html?_=1687830078301 HTTP/1.1" 200 22
116.232.195.127 - - [27/Jun/2023:09:41:20 +0800] "GET /xingrg/all/function/internal_message.html?_=1687830080474&CODE_STATE=getMsg HTTP/1.1" 200 27
222.69.145.249 - - [27/Jun/2023:09:41:22 +0800] "GET /xingrg/check_reg.html?_=1687830195927 HTTP/1.1" 200 22
116.238.191.126 - - [27/Jun/2023:09:41:23 +0800] "GET /xingrg/check_reg.html?_=1687830004375 HTTP/1.1" 200 22
222.69.128.63 - - [27/Jun/2023:09:41:23 +0800] "GET /xingrg/all/function/internal_message.html?_=1687830083033&CODE_STATE=getMsg HTTP/1.1" 200 27
116.238.191.126 - - [27/Jun/2023:09:41:24 +0800] "GET /xingrg/all/function/internal_message.html?_=1687830005057&CODE_STATE=getMsg HTTP/1.1" 200 27
120.253.135.82 - - [27/Jun/2023:09:41:32 +0800] "GET /xingrg/all/function/internal_message.html?_=1687830234632&CODE_STATE=getMsg HTTP/1.1" 200 27
222.67.234.146 - - [27/Jun/2023:09:41:33 +0800] "GET /xingrg/kc/buy/cgsh_order_operate.html?command=get_materiel&rest_code=00141&code=00101008224&supplier_code=00100007&order_time=2023-06-27 HTTP/1.1" 200 416
116.238.191.126 - - [27/Jun/2023:09:41:33 +0800] "GET /xingrg/check_reg.html?_=1687830092930 HTTP/1.1" 200 22
116.238.191.126 - - [27/Jun/2023:09:41:33 +0800] "GET /xingrg/all/function/internal_message.html?_=1687830092932&CODE_STATE=getMsg HTTP/1.1" 200 27
180.156.213.241 - - [27/Jun/2023:09:41:43 +0800] "GET /xingrg/all/function/internal_message.html?_=1687830102954&CODE_STATE=getMsg HTTP/1.1" 302 -
222.70.114.12 - - [27/Jun/2023:09:41:43 +0800] "GET /xingrg/all/function/internal_message.html?_=1687830105426&CODE_STATE=getMsg HTTP/1.1" 200 27
222.67.234.146 - - [27/Jun/2023:09:41:45 +0800] "GET /xingrg/kc/buy/cgsh_order_operate.html?command=get_materiel&rest_code=00141&code=00101008370&supplier_code=00100007&order_time=2023-06-27 HTTP/1.1" 200 412
124.77.245.69 - - [27/Jun/2023:09:41:47 +0800] "GET /xingrg/all/function/internal_message.html?_=1687830112844&CODE_STATE=getMsg HTTP/1.1" 200 27
180.169.147.146 - - [27/Jun/2023:09:41:48 +0800] "GET /xingrg/all/function/internal_message.html?_=1687830107442&CODE_STATE=getMsg HTTP/1.1" 302 -
180.163.30.76 - - [27/Jun/2023:09:41:54 +0800] "GET /xingrg/all/function/internal_message.html?_=1687830053741&CODE_STATE=getMsg HTTP/1.1" 302 -
180.163.30.76 - - [27/Jun/2023:09:41:54 +0800] "GET /xingrg/login.html HTTP/1.1" 200 7641
180.169.147.146 - - [27/Jun/2023:09:41:54 +0800] "GET /xingrg/all/function/internal_message.html?_=1687830113746&CODE_STATE=getMsg HTTP/1.1" 200 27
222.67.234.146 - - [27/Jun/2023:09:41:57 +0800] "GET /xingrg/kc/buy/cgsh_order_operate.html?command=get_materiel&rest_code=00141&code=00101008356&supplier_code=00100007&order_time=2023-06-27 HTTP/1.1" 200 408
116.232.195.127 - - [27/Jun/2023:09:42:03 +0800] "GET /xingrg/all/function/internal_message.html?_=1687830109275&CODE_STATE=getMsg HTTP/1.1" 200 27
124.79.243.110 - - [27/Jun/2023:09:42:04 +0800] "GET /xingrg/all/function/internal_message.html?_=1687830407622&CODE_STATE=getMsg HTTP/1.1" 200 27
124.79.243.110 - - [27/Jun/2023:09:42:04 +0800] "GET /xingrg/check_reg.html?_=1687830407621 HTTP/1.1" 200 22
222.67.234.146 - - [27/Jun/2023:09:42:07 +0800] "GET /xingrg/kc/buy/cgsh_order_operate.html?command=get_materiel&rest_code=00141&code=00101008300&supplier_code=00100007&order_time=2023-06-27 HTTP/1.1" 200 412
101.83.145.52 - - [27/Jun/2023:09:42:10 +0800] "GET /xingrg/all/function/internal_message.html?_=1687829951738&CODE_STATE=getMsg HTTP/1.1" 200 27
114.85.113.108 - - [27/Jun/2023:09:42:11 +0800] "GET /xingrg/all/function/internal_message.html?_=1687830130865&CODE_STATE=getMsg HTTP/1.1" 200 27
222.67.234.146 - - [27/Jun/2023:09:42:16 +0800] "POST /xingrg/kc/buy/cgsh_order_operate.html HTTP/1.1" 200 2065
222.67.234.146 - - [27/Jun/2023:09:42:16 +0800] "GET /xingrg/all/function/internal_message.html?_=1687829625519&CODE_STATE=getMsg HTTP/1.1" 200 27
180.163.28.180 - - [27/Jun/2023:09:42:18 +0800] "GET /xingrg/all/function/internal_message.html?_=1687830077142&CODE_STATE=getMsg HTTP/1.1" 302 -
180.163.28.180 - - [27/Jun/2023:09:42:18 +0800] "GET /xingrg/login.html HTTP/1.1" 200 7641
61.170.233.201 - - [27/Jun/2023:09:42:18 +0800] "GET /xingrg/all/function/internal_message.html?_=1687830137120&CODE_STATE=getMsg HTTP/1.1" 200 27
180.163.29.234 - - [27/Jun/2023:09:42:19 +0800] "GET /xingrg/check_reg.html?_=1687830078301 HTTP/1.1" 302 -
180.163.29.234 - - [27/Jun/2023:09:42:19 +0800] "GET /xingrg/login.html HTTP/1.1" 200 7641
116.232.195.127 - - [27/Jun/2023:09:42:20 +0800] "GET /xingrg/all/function/internal_message.html?_=1687830140467&CODE_STATE=getMsg HTTP/1.1" 200 27
222.69.128.63 - - [27/Jun/2023:09:42:23 +0800] "GET /xingrg/all/function/internal_message.html?_=1687830143006&CODE_STATE=getMsg HTTP/1.1" 200 27
116.238.191.126 - - [27/Jun/2023:09:42:24 +0800] "GET /xingrg/all/function/internal_message.html?_=1687830065071&CODE_STATE=getMsg HTTP/1.1" 200 27
124.79.243.110 - - [27/Jun/2023:09:42:25 +0800] "POST /xingrg/services/DataTransmitService HTTP/1.1" 200 524
222.67.234.146 - - [27/Jun/2023:09:42:29 +0800] "GET /xingrg/kc/buy/cgsh_order_operate.html?command=get_materiel&rest_code=00141&code=00101008415&supplier_code=00100007&order_time=2023-06-27 HTTP/1.1" 200 412
120.253.135.82 - - [27/Jun/2023:09:42:32 +0800] "GET /xingrg/all/function/internal_message.html?_=1687830294635&CODE_STATE=getMsg HTTP/1.1" 200 27
120.253.135.82 - - [27/Jun/2023:09:42:32 +0800] "GET /xingrg/check_reg.html?_=1687830294636 HTTP/1.1" 200 22
116.238.191.126 - - [27/Jun/2023:09:42:33 +0800] "GET /xingrg/all/function/internal_message.html?_=1687830152946&CODE_STATE=getMsg HTTP/1.1" 200 27
222.67.234.146 - - [27/Jun/2023:09:42:37 +0800] "GET /xingrg/kc/buy/cgsh_order_operate.html?command=get_materiel&rest_code=00141&code=00101008069&supplier_code=00100007&order_time=2023-06-27 HTTP/1.1" 200 412
180.156.213.241 - - [27/Jun/2023:09:42:43 +0800] "GET /xingrg/all/function/internal_message.html?_=1687830162936&CODE_STATE=getMsg HTTP/1.1" 302 -
222.70.114.12 - - [27/Jun/2023:09:42:43 +0800] "GET /xingrg/all/function/internal_message.html?_=1687830165425&CODE_STATE=getMsg HTTP/1.1" 200 27
124.77.245.69 - - [27/Jun/2023:09:42:47 +0800] "GET /xingrg/all/function/internal_message.html?_=1687830172950&CODE_STATE=getMsg HTTP/1.1" 200 27
180.169.147.146 - - [27/Jun/2023:09:42:48 +0800] "GET /xingrg/all/function/internal_message.html?_=1687830167440&CODE_STATE=getMsg HTTP/1.1" 302 -
180.169.147.146 - - [27/Jun/2023:09:42:48 +0800] "GET /xingrg/check_reg.html?_=1687830167441 HTTP/1.1" 302 -
222.67.234.146 - - [27/Jun/2023:09:42:49 +0800] "GET /xingrg/kc/buy/cgsh_order_operate.html?command=get_materiel&rest_code=00141&code=00101008036&supplier_code=00100007&order_time=2023-06-27 HTTP/1.1" 200 408
180.169.147.146 - - [27/Jun/2023:09:42:54 +0800] "GET /xingrg/all/function/internal_message.html?_=1687830173745&CODE_STATE=getMsg HTTP/1.1" 200 27
222.67.234.146 - - [27/Jun/2023:09:42:59 +0800] "GET /xingrg/kc/buy/cgsh_order_operate.html?command=get_materiel&rest_code=00141&code=00101008296&supplier_code=00100007&order_time=2023-06-27 HTTP/1.1" 200 416
116.232.195.127 - - [27/Jun/2023:09:43:03 +0800] "GET /xingrg/all/function/internal_message.html?_=1687830169267&CODE_STATE=getMsg HTTP/1.1" 200 27
124.79.243.110 - - [27/Jun/2023:09:43:04 +0800] "GET /xingrg/all/function/internal_message.html?_=1687830467620&CODE_STATE=getMsg HTTP/1.1" 200 27
222.67.234.146 - - [27/Jun/2023:09:43:09 +0800] "GET /xingrg/kc/buy/cgsh_order_operate.html?command=get_materiel&rest_code=00141&code=00101008213&supplier_code=00100007&order_time=2023-06-27 HTTP/1.1" 200 412
101.83.145.52 - - [27/Jun/2023:09:43:10 +0800] "GET /xingrg/all/function/internal_message.html?_=1687830011710&CODE_STATE=getMsg HTTP/1.1" 200 27
114.85.113.108 - - [27/Jun/2023:09:43:11 +0800] "GET /xingrg/all/function/internal_message.html?_=1687830190852&CODE_STATE=getMsg HTTP/1.1" 200 27
101.83.145.52 - - [27/Jun/2023:09:43:11 +0800] "GET /xingrg/check_reg.html?_=1687830012200 HTTP/1.1" 200 22
222.67.234.146 - - [27/Jun/2023:09:43:12 +0800] "POST /xingrg/kc/buy/cgsh_order_operate.html HTTP/1.1" 200 2065
222.67.234.146 - - [27/Jun/2023:09:43:16 +0800] "GET /xingrg/all/function/internal_message.html?_=1687829685642&CODE_STATE=getMsg HTTP/1.1" 200 27
61.170.233.201 - - [27/Jun/2023:09:43:18 +0800] "GET /xingrg/all/function/internal_message.html?_=1687830197101&CODE_STATE=getMsg HTTP/1.1" 200 27
222.67.234.146 - - [27/Jun/2023:09:43:20 +0800] "GET /xingrg/kc/buy/cgsh_order_operate.html?command=get_materiel&rest_code=00141&code=00101008298&supplier_code=00100007&order_time=2023-06-27 HTTP/1.1" 200 413
116.232.195.127 - - [27/Jun/2023:09:43:20 +0800] "GET /xingrg/all/function/internal_message.html?_=1687830200485&CODE_STATE=getMsg HTTP/1.1" 200 27
116.232.195.127 - - [27/Jun/2023:09:43:20 +0800] "GET /xingrg/check_reg.html?_=1687830200485 HTTP/1.1" 200 22
222.69.128.63 - - [27/Jun/2023:09:43:23 +0800] "GET /xingrg/all/function/internal_message.html?_=1687830202984&CODE_STATE=getMsg HTTP/1.1" 200 27
116.238.191.126 - - [27/Jun/2023:09:43:24 +0800] "GET /xingrg/all/function/internal_message.html?_=1687830125084&CODE_STATE=getMsg HTTP/1.1" 200 27
222.67.234.146 - - [27/Jun/2023:09:43:30 +0800] "GET /xingrg/kc/buy/cgsh_order_operate.html?command=get_materiel&rest_code=00141&code=00101008306&supplier_code=00100007&order_time=2023-06-27 HTTP/1.1" 200 412
120.253.135.82 - - [27/Jun/2023:09:43:32 +0800] "GET /xingrg/all/function/internal_message.html?_=1687830354635&CODE_STATE=getMsg HTTP/1.1" 200 27
116.238.191.126 - - [27/Jun/2023:09:43:33 +0800] "GET /xingrg/all/function/internal_message.html?_=1687830212949&CODE_STATE=getMsg HTTP/1.1" 200 27
222.67.234.146 - - [27/Jun/2023:09:43:40 +0800] "GET /xingrg/kc/buy/cgsh_order_operate.html?command=get_materiel&rest_code=00141&code=00101008403&supplier_code=00100007&order_time=2023-06-27 HTTP/1.1" 200 412
180.156.213.241 - - [27/Jun/2023:09:43:43 +0800] "GET /xingrg/all/function/internal_message.html?_=1687830222912&CODE_STATE=getMsg HTTP/1.1" 302 -
222.70.114.12 - - [27/Jun/2023:09:43:43 +0800] "GET /xingrg/all/function/internal_message.html?_=1687830225424&CODE_STATE=getMsg HTTP/1.1" 200 27
124.77.245.69 - - [27/Jun/2023:09:43:47 +0800] "GET /xingrg/all/function/internal_message.html?_=1687830232964&CODE_STATE=getMsg HTTP/1.1" 200 27
180.169.147.146 - - [27/Jun/2023:09:43:48 +0800] "GET /xingrg/all/function/internal_message.html?_=1687830227439&CODE_STATE=getMsg HTTP/1.1" 302 -
180.169.147.146 - - [27/Jun/2023:09:43:54 +0800] "GET /xingrg/all/function/internal_message.html?_=1687830233736&CODE_STATE=getMsg HTTP/1.1" 200 27
222.67.234.146 - - [27/Jun/2023:09:43:57 +0800] "GET /xingrg/kc/buy/cgsh_order_operate.html?command=get_materiel&rest_code=00141&code=00101008283&supplier_code=00100007&order_time=2023-06-27 HTTP/1.1" 200 408
116.232.195.127 - - [27/Jun/2023:09:44:03 +0800] "GET /xingrg/check_reg.html?_=1687830229272 HTTP/1.1" 200 22
116.232.195.127 - - [27/Jun/2023:09:44:03 +0800] "GET /xingrg/all/function/internal_message.html?_=1687830229279&CODE_STATE=getMsg HTTP/1.1" 200 27
124.79.243.110 - - [27/Jun/2023:09:44:04 +0800] "GET /xingrg/all/function/internal_message.html?_=1687830527618&CODE_STATE=getMsg HTTP/1.1" 200 27
222.67.234.146 - - [27/Jun/2023:09:44:08 +0800] "GET /xingrg/kc/buy/cgsh_order_operate.html?command=get_materiel&rest_code=00141&code=00101008141&supplier_code=00100007&order_time=2023-06-27 HTTP/1.1" 200 412
180.156.213.241 - - [27/Jun/2023:09:44:08 +0800] "GET /xingrg/kc/buy/cgsh_order_list.html HTTP/1.1" 302 -
180.156.213.241 - - [27/Jun/2023:09:44:08 +0800] "GET /xingrg/login.html HTTP/1.1" 200 7641
180.156.213.241 - - [27/Jun/2023:09:44:08 +0800] "GET /xingrg/login.html HTTP/1.1" 200 7641
180.156.213.241 - - [27/Jun/2023:09:44:09 +0800] "GET /xingrg/images/blue/jxLogo.png HTTP/1.1" 200 6156
180.156.213.241 - - [27/Jun/2023:09:44:09 +0800] "GET /xingrg/images/blue/hj.png HTTP/1.1" 200 1014
180.156.213.241 - - [27/Jun/2023:09:44:09 +0800] "GET /xingrg/images/blue/login_bg.png HTTP/1.1" 200 22101
180.156.213.241 - - [27/Jun/2023:09:44:09 +0800] "GET /xingrg/images/blue/srbg.png HTTP/1.1" 200 138
180.156.213.241 - - [27/Jun/2023:09:44:09 +0800] "GET /favicon.ico HTTP/1.1" 404 -
101.83.145.52 - - [27/Jun/2023:09:44:10 +0800] "GET /xingrg/all/function/internal_message.html?_=1687830071687&CODE_STATE=getMsg HTTP/1.1" 200 27
114.85.113.108 - - [27/Jun/2023:09:44:11 +0800] "GET /xingrg/all/function/internal_message.html?_=1687830250851&CODE_STATE=getMsg HTTP/1.1" 200 27
180.156.213.241 - - [27/Jun/2023:09:44:12 +0800] "POST /xingrg/login.do HTTP/1.1" 302 -
180.156.213.241 - - [27/Jun/2023:09:44:12 +0800] "GET /xingrg/index.html?sysBaseUrl=http%3A%2F%2F180.169.147.146%3A18081%2Fxingrg%2F&costTime=1503×tamp=1687830252336 HTTP/1.1" 200 17173
180.156.213.241 - - [27/Jun/2023:09:44:12 +0800] "GET /xingrg/javascript/jquery_easy_ui/themes/default/easyui.css HTTP/1.1" 200 26500
180.156.213.241 - - [27/Jun/2023:09:44:12 +0800] "GET /xingrg/javascript/jquery_easy_ui/themes/icon.css HTTP/1.1" 200 3949
180.156.213.241 - - [27/Jun/2023:09:44:12 +0800] "GET /xingrg/css/form.css HTTP/1.1" 200 893
180.156.213.241 - - [27/Jun/2023:09:44:12 +0800] "GET /xingrg/javascript/jquery-1.4.2.min.js HTTP/1.1" 200 72205
180.156.213.241 - - [27/Jun/2023:09:44:12 +0800] "GET /xingrg/javascript/jquery_easy_ui/jquery.easyui.min.js HTTP/1.1" 200 213662
180.156.213.241 - - [27/Jun/2023:09:44:12 +0800] "GET /xingrg/javascript/jquery_easy_ui/easyui-lang-zh_CN.js HTTP/1.1" 200 1900
180.156.213.241 - - [27/Jun/2023:09:44:12 +0800] "GET /xingrg/javascript/jquery.form.js HTTP/1.1" 200 23110
180.156.213.241 - - [27/Jun/2023:09:44:12 +0800] "GET /xingrg/javascript/jquery.utils.js HTTP/1.1" 200 11805
180.156.213.241 - - [27/Jun/2023:09:44:12 +0800] "GET /xingrg/javascript/jquery.timers.js HTTP/1.1" 200 3532
180.156.213.241 - - [27/Jun/2023:09:44:12 +0800] "GET /favicon.ico HTTP/1.1" 404 -
180.156.213.241 - - [27/Jun/2023:09:44:12 +0800] "GET /xingrg/images/blue/navBackgound.jpg HTTP/1.1" 200 12378
180.156.213.241 - - [27/Jun/2023:09:44:12 +0800] "GET /xingrg/javascript/jquery_easy_ui/themes/icons/settle_new.png HTTP/1.1" 200 826
180.156.213.241 - - [27/Jun/2023:09:44:12 +0800] "GET /xingrg/all/function/internal_message.html?_=1687830252254&CODE_STATE=count HTTP/1.1" 200 11
