180.156.213.241 - - [27/Jun/2023:11:14:46 +0800] "GET /xingrg/all/report/report_query.html?isQuery=1&fileName=kc/buy/wlcg_cate_hz.xml&queryString=(CONVERT(char(10)%252Ca.order_time%252C%2520120)%253E%253D'2023-05-01')%2520and%2520(CONVERT(char(10)%252Ca.order_time%252C%2520120)%253C%253D'2023-05-15')%2520and%2520(a.supplier_code%2520in%2520('00100046'%252C'00100047'%252C'00100048'%252C'00100049'%252C'00100050'%252C'00100051'%252C'00100052'%252C'00100053'%252C'00100311'%252C'00100557'))%2520and%2520(a.number%253E0%2520and%2520a.supplier_code%253D'00100047')&queryText=%25E3%2580%2590%25E9%2587%2587%25E8%25B4%25AD%25E6%2597%25A5%25E6%259C%259F%253A2023-05-01%2520%25E8%2587%25B3%25202023-05-15%25E3%2580%2591%2520%25E5%25B9%25B6%25E4%25B8%2594%2520%2520%25E3%2580%2590%25E4%25BE%259B%25E5%25BA%2594%25E5%2595%2586%2520%253D%2520%25E9%25B8%25A1%25E8%259B%258B%25E7%25B1%25BB%2520%255B10%255D%252C%25E9%25B8%25A1%25E8%259B%258B%25EF%25BC%2588%25E5%2590%25B4%25E5%259B%25BD%25E5%258D%258E%25EF%25BC%2589%252C%25E9%25B8%25A1%25E8%259B%258B%25EF%25BC%2588%25E9%2599%25B6%25E6%25A2%25A6%25E5%25BC%25BA%25EF%25BC%2589%252C%25E9%25B8%25A1%25E8%259B%258B%25EF%25BC%2588%25E9%25A9%25AC%25E5%2581%25A5%25E5%2585%2589%25EF%25BC%2589%252C%25E9%25B8%25A1%25E8%259B%258B%25EF%25BC%2588%25E4%25B8%2581%25E5%2585%2583%25E6%2596%25B9%25EF%25BC%2589%252C%25E9%25B8%25A1%25E8%259B%258B%25EF%25BC%2588%25E6%259C%25B1%25E7%25BA%25A2%25E9%25BE%2599%25EF%25BC%2589%252C%25E9%25B8%25A1%25E8%259B%258B%25EF%25BC%2588%25E4%25B8%25A5%25E6%25B0%25B8%25E5%25B9%25B2%25EF%25BC%2589%252C%25E9%25B8%25A1%25E8%259B%258B%25EF%25BC%2588%25E7%25BD%2597%25E4%25B8%25BD%25EF%25BC%2589%252C%25E9%25B8%25A1%25E8%259B%258B%25EF%25BC%2588%25E6%259D%258E%25E8%25B4%25BB%25E5%258D%258E%25EF%25BC%2589%252C%25E9%25B9%258C%25E9%25B9%2591%25E8%259B%258B%25EF%25BC%2588%25E9%25BB%2584%25E4%25B9%2585%25E8%2590%258D%25EF%25BC%2589%252C%25E9%25B8%25A1%25E8%259B%258B%25EF%25BC%2588%25E5%25BC%25A0%25E5%258A%25A0%25E7%258E%2589%25EF%25BC%2589%25E3%2580%2591%2520%25E5%25B9%25B6%25E4%25B8%2594%2520%25E3%2580%2590%25E4%25BE%259B%25E5%25BA%2594%25E5%2595%2586%253D%25E9%25B8%25A1%25E8%259B%258B%25EF%25BC%2588%25E9%2599%25B6%25E6%25A2%25A6%25E5%25BC%25BA%25EF%25BC%2589%25E3%2580%2591 HTTP/1.1" 200 54873
180.156.213.241 - - [27/Jun/2023:11:14:46 +0800] "GET /xingrg/dwr/interface/AjaxReportQueryService.js HTTP/1.1" 200 13203
180.156.213.241 - - [27/Jun/2023:11:14:46 +0800] "GET /xingrg/dwr/engine.js HTTP/1.1" 200 43631
180.156.213.241 - - [27/Jun/2023:11:14:51 +0800] "POST /xingrg/all/report/load_report_page.html HTTP/1.1" 200 8728
180.156.213.241 - - [27/Jun/2023:11:14:51 +0800] "GET /xingrg/servlets/image?cache=0.009482174844576918&image=px HTTP/1.1" 200 807
180.163.30.27 - - [27/Jun/2023:11:14:54 +0800] "GET /xingrg/all/function/internal_message.html?_=1687835633744&CODE_STATE=getMsg HTTP/1.1" 302 -
180.163.30.27 - - [27/Jun/2023:11:14:54 +0800] "GET /xingrg/login.html HTTP/1.1" 200 7641
180.169.147.146 - - [27/Jun/2023:11:14:54 +0800] "GET /xingrg/all/function/internal_message.html?_=1687835693737&CODE_STATE=getMsg HTTP/1.1" 200 27
222.70.180.90 - - [27/Jun/2023:11:14:54 +0800] "GET /xingrg/all/function/internal_message.html?_=1687835762947&CODE_STATE=getMsg HTTP/1.1" 200 27
222.69.145.249 - - [27/Jun/2023:11:14:57 +0800] "GET /xingrg/all/function/internal_message.html?_=1687835810248&CODE_STATE=getMsg HTTP/1.1" 200 27
180.169.147.146 - - [27/Jun/2023:11:14:57 +0800] "GET /xingrg/all/function/internal_message.html?_=1687835697849&CODE_STATE=getMsg HTTP/1.1" 200 27
222.69.128.63 - - [27/Jun/2023:11:14:58 +0800] "GET /xingrg/all/function/internal_message.html?_=1687835698093&CODE_STATE=getMsg HTTP/1.1" 200 27
124.77.245.69 - - [27/Jun/2023:11:15:00 +0800] "GET /xingrg/kc/buy/cgsh_order_operate.html?command=get_materiel&rest_code=00146&code=00101007049&supplier_code=00100002&order_time=2023-06-27 HTTP/1.1" 200 428
101.229.22.40 - - [27/Jun/2023:11:15:03 +0800] "GET /xingrg/login.html HTTP/1.1" 200 7641
101.229.22.40 - - [27/Jun/2023:11:15:03 +0800] "GET /xingrg/images/blue/jxLogo.png HTTP/1.1" 304 -
116.232.195.127 - - [27/Jun/2023:11:15:03 +0800] "GET /xingrg/all/function/internal_message.html?_=1687835689282&CODE_STATE=getMsg HTTP/1.1" 200 27
101.229.22.40 - - [27/Jun/2023:11:15:03 +0800] "GET /xingrg/images/blue/login_bg.png HTTP/1.1" 304 -
101.229.22.40 - - [27/Jun/2023:11:15:03 +0800] "GET /xingrg/images/blue/hj.png HTTP/1.1" 304 -
101.229.22.40 - - [27/Jun/2023:11:15:03 +0800] "GET /xingrg/images/blue/srbg.png HTTP/1.1" 304 -
101.229.22.40 - - [27/Jun/2023:11:15:03 +0800] "GET /favicon.ico HTTP/1.1" 404 -
124.79.243.110 - - [27/Jun/2023:11:15:04 +0800] "GET /xingrg/all/function/internal_message.html?_=1687835987682&CODE_STATE=getMsg HTTP/1.1" 200 27
101.83.145.52 - - [27/Jun/2023:11:15:09 +0800] "GET /xingrg/all/function/internal_message.html?_=1687835530393&CODE_STATE=getMsg HTTP/1.1" 200 27
180.169.147.146 - - [27/Jun/2023:11:15:11 +0800] "GET /xingrg/kc/buy/cgsh_order_operate.html?command=get_materiel&rest_code=00147&code=00101007076&supplier_code=00100004&order_time=2023-06-27 HTTP/1.1" 200 408
180.156.213.241 - - [27/Jun/2023:11:15:12 +0800] "GET /xingrg/all/function/internal_message.html?_=1687835711941&CODE_STATE=getMsg HTTP/1.1" 200 27
124.77.245.69 - - [27/Jun/2023:11:15:12 +0800] "GET /xingrg/check_reg.html?_=1687835718473 HTTP/1.1" 200 22
124.77.245.69 - - [27/Jun/2023:11:15:13 +0800] "GET /xingrg/all/function/internal_message.html?_=1687835719534&CODE_STATE=getMsg HTTP/1.1" 200 27
114.85.39.217 - - [27/Jun/2023:11:15:14 +0800] "GET /xingrg/all/function/internal_message.html?_=1687834495258&CODE_STATE=getMsg HTTP/1.1" 200 27
180.163.28.143 - - [27/Jun/2023:11:15:16 +0800] "GET /xingrg/all/function/internal_message.html?_=1687835655041&CODE_STATE=getMsg HTTP/1.1" 302 -
180.163.28.143 - - [27/Jun/2023:11:15:16 +0800] "GET /xingrg/login.html HTTP/1.1" 200 7641
61.170.233.201 - - [27/Jun/2023:11:15:16 +0800] "GET /xingrg/all/function/internal_message.html?_=1687835715012&CODE_STATE=getMsg HTTP/1.1" 200 27
222.67.234.146 - - [27/Jun/2023:11:15:16 +0800] "GET /xingrg/all/function/internal_message.html?_=1687835205754&CODE_STATE=getMsg HTTP/1.1" 200 27
116.238.191.126 - - [27/Jun/2023:11:15:18 +0800] "GET /xingrg/check_reg.html?_=1687835717380 HTTP/1.1" 200 22
116.238.191.126 - - [27/Jun/2023:11:15:18 +0800] "GET /xingrg/all/function/internal_message.html?_=1687835717383&CODE_STATE=getMsg HTTP/1.1" 200 27
61.170.233.201 - - [27/Jun/2023:11:15:27 +0800] "GET /xingrg/all/function/internal_message.html?_=1687835729688&CODE_STATE=getMsg HTTP/1.1" 200 27
124.77.245.69 - - [27/Jun/2023:11:15:28 +0800] "POST /xingrg/kc/buy/cgsh_order_operate.html HTTP/1.1" 200 37
116.232.195.127 - - [27/Jun/2023:11:15:33 +0800] "GET /xingrg/all/function/internal_message.html?_=1687835733559&CODE_STATE=getMsg HTTP/1.1" 200 27
218.81.71.30 - - [27/Jun/2023:11:15:34 +0800] "GET /xingrg/all/function/internal_message.html?_=1687835736823&CODE_STATE=getMsg HTTP/1.1" 200 27
180.156.213.241 - - [27/Jun/2023:11:15:35 +0800] "POST /xingrg/kc/buy/cgsh_order_operate.html HTTP/1.1" 200 37
180.156.213.241 - - [27/Jun/2023:11:15:35 +0800] "GET /xingrg/check_reg.html?_=1687835738156 HTTP/1.1" 200 22
180.156.213.241 - - [27/Jun/2023:11:15:35 +0800] "GET /xingrg/all/function/internal_message.html?_=1687835738159&CODE_STATE=getMsg HTTP/1.1" 200 27
101.229.22.40 - - [27/Jun/2023:11:15:40 +0800] "POST /xingrg/login.do HTTP/1.1" 302 -
101.229.22.40 - - [27/Jun/2023:11:15:40 +0800] "GET /xingrg/index.html?sysBaseUrl=http%3A%2F%2F180.169.147.146%3A18081%2Fxingrg%2F&costTime=2292×tamp=1687835740090 HTTP/1.1" 200 17179
101.229.22.40 - - [27/Jun/2023:11:15:40 +0800] "GET /xingrg/javascript/jquery_easy_ui/themes/default/easyui.css HTTP/1.1" 304 -
101.229.22.40 - - [27/Jun/2023:11:15:40 +0800] "GET /xingrg/javascript/jquery_easy_ui/themes/icon.css HTTP/1.1" 304 -
101.229.22.40 - - [27/Jun/2023:11:15:40 +0800] "GET /xingrg/css/form.css HTTP/1.1" 304 -
101.229.22.40 - - [27/Jun/2023:11:15:40 +0800] "GET /xingrg/javascript/jquery-1.4.2.min.js HTTP/1.1" 304 -
101.229.22.40 - - [27/Jun/2023:11:15:40 +0800] "GET /xingrg/javascript/jquery.form.js HTTP/1.1" 304 -
101.229.22.40 - - [27/Jun/2023:11:15:40 +0800] "GET /xingrg/javascript/jquery.utils.js HTTP/1.1" 304 -
101.229.22.40 - - [27/Jun/2023:11:15:40 +0800] "GET /xingrg/javascript/jquery.timers.js HTTP/1.1" 304 -
101.229.22.40 - - [27/Jun/2023:11:15:40 +0800] "GET /xingrg/javascript/jquery_easy_ui/easyui-lang-zh_CN.js HTTP/1.1" 304 -
101.229.22.40 - - [27/Jun/2023:11:15:40 +0800] "GET /xingrg/javascript/jquery_easy_ui/jquery.easyui.min.js HTTP/1.1" 304 -
101.229.22.40 - - [27/Jun/2023:11:15:40 +0800] "GET /favicon.ico HTTP/1.1" 404 -
101.229.22.40 - - [27/Jun/2023:11:15:40 +0800] "GET /xingrg/images/blue/navBackgound.jpg HTTP/1.1" 304 -
101.229.22.40 - - [27/Jun/2023:11:15:40 +0800] "GET /xingrg/javascript/jquery_easy_ui/themes/icons/settle_new.png HTTP/1.1" 304 -
101.229.22.40 - - [27/Jun/2023:11:15:40 +0800] "GET /xingrg/all/function/internal_message.html?_=1687835738979&CODE_STATE=count HTTP/1.1" 200 11
101.229.22.40 - - [27/Jun/2023:11:15:40 +0800] "GET /xingrg/check_reg.html?_=1687835738980 HTTP/1.1" 200 22
101.229.22.40 - - [27/Jun/2023:11:15:40 +0800] "GET /xingrg/images/blue/pingpu.png HTTP/1.1" 304 -
101.229.22.40 - - [27/Jun/2023:11:15:40 +0800] "GET /xingrg/javascript/jquery_easy_ui/themes/default/images/tabs_leftarrow.png HTTP/1.1" 304 -
101.229.22.40 - - [27/Jun/2023:11:15:40 +0800] "GET /xingrg/javascript/jquery_easy_ui/themes/default/images/tabs_rightarrow.png HTTP/1.1" 304 -
101.229.22.40 - - [27/Jun/2023:11:15:40 +0800] "GET /xingrg/javascript/jquery_easy_ui/themes/default/images/panel_tool_collapse.gif HTTP/1.1" 304 -
101.229.22.40 - - [27/Jun/2023:11:15:40 +0800] "POST /xingrg/all/common/load_tree.html?tree=area_rest_tree_json&manage=1 HTTP/1.1" 200 351
101.229.22.40 - - [27/Jun/2023:11:15:40 +0800] "POST /xingrg/load_menu.html HTTP/1.1" 200 5138
101.229.22.40 - - [27/Jun/2023:11:15:40 +0800] "GET /xingrg/javascript/jquery_easy_ui/themes/icons/search_new.png HTTP/1.1" 304 -
101.229.22.40 - - [27/Jun/2023:11:15:40 +0800] "GET /xingrg/javascript/jquery_easy_ui/themes/default/images/tree_arrows.gif HTTP/1.1" 304 -
101.229.22.40 - - [27/Jun/2023:11:15:40 +0800] "GET /xingrg/javascript/jquery_easy_ui/themes/default/images/tree_folder.gif HTTP/1.1" 304 -
101.229.22.40 - - [27/Jun/2023:11:15:40 +0800] "GET /xingrg/javascript/jquery_easy_ui/themes/icons/storage_new.png HTTP/1.1" 304 -
101.229.22.40 - - [27/Jun/2023:11:15:40 +0800] "GET /xingrg/javascript/jquery_easy_ui/themes/default/images/tree_folder_open.gif HTTP/1.1" 304 -
101.229.22.40 - - [27/Jun/2023:11:15:40 +0800] "GET /xingrg/javascript/jquery_easy_ui/themes/icons/forms_new.png HTTP/1.1" 304 -
101.229.22.40 - - [27/Jun/2023:11:15:40 +0800] "GET /xingrg/javascript/jquery_easy_ui/themes/default/images/tree_file.gif HTTP/1.1" 304 -
222.70.114.12 - - [27/Jun/2023:11:15:43 +0800] "GET /xingrg/all/function/internal_message.html?_=1687835745658&CODE_STATE=getMsg HTTP/1.1" 200 27
180.156.213.241 - - [27/Jun/2023:11:15:44 +0800] "GET /xingrg/all/function/internal_message.html?_=1687835751657&CODE_STATE=getMsg HTTP/1.1" 200 27
114.85.39.217 - - [27/Jun/2023:11:15:44 +0800] "POST /xingrg/kc/buy/cgsh_order_operate.html HTTP/1.1" 200 37
124.77.245.69 - - [27/Jun/2023:11:15:44 +0800] "POST /xingrg/kc/buy/cgsh_order_operate.html HTTP/1.1" 200 5017
114.85.39.217 - - [27/Jun/2023:11:15:49 +0800] "POST /xingrg/kc/buy/cgsh_order_operate.html HTTP/1.1" 200 9331
180.156.213.241 - - [27/Jun/2023:11:15:53 +0800] "POST /xingrg/kc/buy/cgsh_order_operate.html HTTP/1.1" 200 12
180.169.147.146 - - [27/Jun/2023:11:15:54 +0800] "GET /xingrg/all/function/internal_message.html?_=1687835753753&CODE_STATE=getMsg HTTP/1.1" 200 27
180.169.147.146 - - [27/Jun/2023:11:15:54 +0800] "GET /xingrg/check_reg.html?_=1687835753757 HTTP/1.1" 200 22
222.70.180.90 - - [27/Jun/2023:11:15:54 +0800] "GET /xingrg/all/function/internal_message.html?_=1687835822951&CODE_STATE=getMsg HTTP/1.1" 200 27
222.69.145.249 - - [27/Jun/2023:11:15:57 +0800] "GET /xingrg/all/function/internal_message.html?_=1687835870249&CODE_STATE=getMsg HTTP/1.1" 200 27
180.169.147.146 - - [27/Jun/2023:11:15:57 +0800] "GET /xingrg/all/function/internal_message.html?_=1687835757838&CODE_STATE=getMsg HTTP/1.1" 200 27
180.156.213.241 - - [27/Jun/2023:11:15:58 +0800] "GET /xingrg/kc/buy/cgsh_order_info.html?code=212023062709829 HTTP/1.1" 200 66532
222.69.128.63 - - [27/Jun/2023:11:15:58 +0800] "GET /xingrg/all/function/internal_message.html?_=1687835758070&CODE_STATE=getMsg HTTP/1.1" 200 27
180.156.213.241 - - [27/Jun/2023:11:15:58 +0800] "GET /xingrg/javascript/easyui/themes/default/validatebox.css HTTP/1.1" 404 1104
180.156.213.241 - - [27/Jun/2023:11:15:59 +0800] "POST /xingrg/kc/buy/cgsh_order_operate.html HTTP/1.1" 200 2399
116.232.195.127 - - [27/Jun/2023:11:16:03 +0800] "GET /xingrg/all/function/internal_message.html?_=1687835749275&CODE_STATE=getMsg HTTP/1.1" 200 27
124.79.243.110 - - [27/Jun/2023:11:16:04 +0800] "GET /xingrg/all/function/internal_message.html?_=1687836047681&CODE_STATE=getMsg HTTP/1.1" 200 27
180.169.147.146 - - [27/Jun/2023:11:16:06 +0800] "POST /xingrg/kc/buy/cgsh_order_operate.html HTTP/1.1" 200 37
124.77.245.69 - - [27/Jun/2023:11:16:06 +0800] "GET /xingrg/kc/print/load_data.html?order_code=212023062709828&kc_code=cgsh&condition= HTTP/1.1" 200 1640
180.169.147.146 - - [27/Jun/2023:11:16:08 +0800] "POST /xingrg/kc/buy/cgsh_order_operate.html HTTP/1.1" 200 4421
101.83.145.52 - - [27/Jun/2023:11:16:09 +0800] "GET /xingrg/all/function/internal_message.html?_=1687835590374&CODE_STATE=getMsg HTTP/1.1" 200 27
180.156.213.241 - - [27/Jun/2023:11:16:12 +0800] "GET /xingrg/all/function/internal_message.html?_=1687835771916&CODE_STATE=getMsg HTTP/1.1" 200 27
124.77.245.69 - - [27/Jun/2023:11:16:13 +0800] "GET /xingrg/all/function/internal_message.html?_=1687835779549&CODE_STATE=getMsg HTTP/1.1" 200 27
114.85.39.217 - - [27/Jun/2023:11:16:14 +0800] "POST /xingrg/kc/buy/cgsh_order_operate.html HTTP/1.1" 200 37
114.85.39.217 - - [27/Jun/2023:11:16:15 +0800] "GET /xingrg/all/function/internal_message.html?_=1687834556399&CODE_STATE=getMsg HTTP/1.1" 200 27
61.170.233.201 - - [27/Jun/2023:11:16:16 +0800] "GET /xingrg/all/function/internal_message.html?_=1687835774982&CODE_STATE=getMsg HTTP/1.1" 200 27
222.67.234.146 - - [27/Jun/2023:11:16:16 +0800] "GET /xingrg/check_reg.html?_=1687835265754 HTTP/1.1" 200 22
222.67.234.146 - - [27/Jun/2023:11:16:16 +0800] "GET /xingrg/all/function/internal_message.html?_=1687835265755&CODE_STATE=getMsg HTTP/1.1" 200 27
116.238.191.126 - - [27/Jun/2023:11:16:18 +0800] "GET /xingrg/all/function/internal_message.html?_=1687835777386&CODE_STATE=getMsg HTTP/1.1" 200 27
61.170.233.201 - - [27/Jun/2023:11:16:19 +0800] "GET /xingrg/check_reg.html?_=1687835778092 HTTP/1.1" 200 22
124.78.139.242 - - [27/Jun/2023:11:16:20 +0800] "GET /favicon.ico HTTP/1.1" 404 -
124.78.139.242 - - [27/Jun/2023:11:16:21 +0800] "GET /favicon.ico HTTP/1.1" 404 -
124.78.139.242 - - [27/Jun/2023:11:16:21 +0800] "GET /favicon.ico HTTP/1.1" 404 -
124.78.139.242 - - [27/Jun/2023:11:16:22 +0800] "GET /favicon.ico HTTP/1.1" 404 -
124.78.139.242 - - [27/Jun/2023:11:16:23 +0800] "GET /favicon.ico HTTP/1.1" 404 -
114.85.39.217 - - [27/Jun/2023:11:16:24 +0800] "POST /xingrg/kc/buy/cgsh_order_operate.html HTTP/1.1" 200 12
61.170.233.201 - - [27/Jun/2023:11:16:27 +0800] "GET /xingrg/check_reg.html?_=1687835789688 HTTP/1.1" 200 22
61.170.233.201 - - [27/Jun/2023:11:16:27 +0800] "GET /xingrg/all/function/internal_message.html?_=1687835789691&CODE_STATE=getMsg HTTP/1.1" 200 27
114.85.39.217 - - [27/Jun/2023:11:16:28 +0800] "GET /xingrg/kc/buy/cgsh_order_info.html?code=212023062709830 HTTP/1.1" 200 65565
180.156.213.241 - - [27/Jun/2023:11:16:28 +0800] "POST /xingrg/all/report/load_report_page.html HTTP/1.1" 200 23168
180.156.213.241 - - [27/Jun/2023:11:16:28 +0800] "GET /xingrg/servlets/image?cache=0.1832674349549145&image=px HTTP/1.1" 200 807
114.85.39.217 - - [27/Jun/2023:11:16:29 +0800] "GET /xingrg/javascript/easyui/themes/default/validatebox.css HTTP/1.1" 404 1104
114.85.39.217 - - [27/Jun/2023:11:16:30 +0800] "POST /xingrg/kc/buy/cgsh_order_operate.html HTTP/1.1" 200 7256
116.232.195.127 - - [27/Jun/2023:11:16:33 +0800] "GET /xingrg/all/function/internal_message.html?_=1687835793570&CODE_STATE=getMsg HTTP/1.1" 200 27
180.156.213.241 - - [27/Jun/2023:11:16:34 +0800] "POST /xingrg/all/report/report_print.html HTTP/1.1" 200 6144
218.81.71.30 - - [27/Jun/2023:11:16:34 +0800] "GET /xingrg/all/function/internal_message.html?_=1687835796823&CODE_STATE=getMsg HTTP/1.1" 200 27
218.81.71.30 - - [27/Jun/2023:11:16:34 +0800] "GET /xingrg/check_reg.html?_=1687835796825 HTTP/1.1" 200 22
114.85.39.217 - - [27/Jun/2023:11:16:35 +0800] "GET /xingrg/kc/print/load_config.html?kc_code=cgsh HTTP/1.1" 200 1924
180.156.213.241 - - [27/Jun/2023:11:16:35 +0800] "GET /xingrg/all/function/internal_message.html?_=1687835798170&CODE_STATE=getMsg HTTP/1.1" 200 27
114.85.39.217 - - [27/Jun/2023:11:16:36 +0800] "GET /xingrg/kc/print/load_data.html?order_code=212023062709830&kc_code=cgsh&condition= HTTP/1.1" 200 3321
101.229.22.40 - - [27/Jun/2023:11:16:40 +0800] "GET /xingrg/all/function/internal_message.html?_=1687835798994&CODE_STATE=getMsg HTTP/1.1" 200 27
180.156.213.241 - - [27/Jun/2023:11:16:41 +0800] "GET /xingrg/kc/print/load_config.html?kc_code=cgsh HTTP/1.1" 200 1924
180.156.213.241 - - [27/Jun/2023:11:16:42 +0800] "GET /xingrg/kc/print/load_data.html?order_code=212023062709829&kc_code=cgsh&condition= HTTP/1.1" 200 1402
222.70.114.12 - - [27/Jun/2023:11:16:43 +0800] "GET /xingrg/all/function/internal_message.html?_=1687835805673&CODE_STATE=getMsg HTTP/1.1" 200 27
180.156.213.241 - - [27/Jun/2023:11:16:44 +0800] "GET /xingrg/all/function/internal_message.html?_=1687835811740&CODE_STATE=getMsg HTTP/1.1" 200 27
180.156.213.241 - - [27/Jun/2023:11:16:47 +0800] "GET /xingrg/kc/buy/cgsh_order_add.html HTTP/1.1" 200 71619
114.85.39.217 - - [27/Jun/2023:11:16:47 +0800] "GET /xingrg/javascript/jquery_easy_ui/themes/default/images/tabs_active.png HTTP/1.1" 304 -
180.156.213.241 - - [27/Jun/2023:11:16:47 +0800] "POST /xingrg/kc/buy/cgsh_order_operate.html HTTP/1.1" 200 8245
180.156.213.241 - - [27/Jun/2023:11:16:47 +0800] "GET /xingrg/javascript/easyui/themes/default/validatebox.css HTTP/1.1" 404 1104
180.169.147.146 - - [27/Jun/2023:11:16:54 +0800] "GET /xingrg/all/function/internal_message.html?_=1687835813745&CODE_STATE=getMsg HTTP/1.1" 200 27
180.163.30.27 - - [27/Jun/2023:11:16:54 +0800] "GET /xingrg/all/function/internal_message.html?_=1687835753753&CODE_STATE=getMsg HTTP/1.1" 302 -
180.163.30.27 - - [27/Jun/2023:11:16:54 +0800] "GET /xingrg/login.html HTTP/1.1" 200 7641
180.156.213.241 - - [27/Jun/2023:11:16:54 +0800] "GET /xingrg/kc/buy/cgsh_order_operate.html?command=get_materiel&rest_code=00102&code=00101026114&supplier_code=00100088&order_time=2023-06-26 HTTP/1.1" 200 472
222.70.180.90 - - [27/Jun/2023:11:16:54 +0800] "GET /xingrg/all/function/internal_message.html?_=1687835882967&CODE_STATE=getMsg HTTP/1.1" 200 27
180.156.213.241 - - [27/Jun/2023:11:16:56 +0800] "POST /xingrg/dwr/call/plaincall/AjaxReportQueryService.refreshCache.dwr HTTP/1.1" 200 79
222.69.145.249 - - [27/Jun/2023:11:16:57 +0800] "GET /xingrg/all/function/internal_message.html?_=1687835930255&CODE_STATE=getMsg HTTP/1.1" 200 27
180.169.147.146 - - [27/Jun/2023:11:16:57 +0800] "GET /xingrg/all/function/internal_message.html?_=1687835817844&CODE_STATE=getMsg HTTP/1.1" 200 27
180.169.147.146 - - [27/Jun/2023:11:16:57 +0800] "GET /xingrg/check_reg.html?_=1687835817845 HTTP/1.1" 200 22
222.69.128.63 - - [27/Jun/2023:11:16:58 +0800] "GET /xingrg/all/function/internal_message.html?_=1687835818045&CODE_STATE=getMsg HTTP/1.1" 200 27
180.156.213.241 - - [27/Jun/2023:11:16:59 +0800] "GET /xingrg/kc/buy/cgsh_order_operate.html?command=get_materiel&rest_code=00102&code=00101002009&supplier_code=00100088&order_time=2023-06-26 HTTP/1.1" 200 418
180.156.213.241 - - [27/Jun/2023:11:17:01 +0800] "POST /xingrg/all/report/load_report_page.html HTTP/1.1" 200 8928
180.156.213.241 - - [27/Jun/2023:11:17:01 +0800] "GET /xingrg/servlets/image?cache=0.02717074745438708&image=px HTTP/1.1" 200 807
116.232.195.127 - - [27/Jun/2023:11:17:03 +0800] "GET /xingrg/all/function/internal_message.html?_=1687835809278&CODE_STATE=getMsg HTTP/1.1" 200 27
124.79.243.110 - - [27/Jun/2023:11:17:04 +0800] "GET /xingrg/all/function/internal_message.html?_=1687836107679&CODE_STATE=getMsg HTTP/1.1" 200 27
124.79.243.110 - - [27/Jun/2023:11:17:04 +0800] "GET /xingrg/check_reg.html?_=1687836107680 HTTP/1.1" 200 22
180.156.213.241 - - [27/Jun/2023:11:17:06 +0800] "GET /xingrg/all/report/report_query.html?isQuery=1&fileName=kc/buy/wlcg_cate_hz.xml&queryString=(CONVERT(char(10)%252Ca.order_time%252C%2520120)%253E%253D'2023-05-16')%2520and%2520(CONVERT(char(10)%252Ca.order_time%252C%2520120)%253C%253D'2023-05-31')%2520and%2520(a.supplier_code%2520in%2520('00100046'%252C'00100047'%252C'00100048'%252C'00100049'%252C'00100050'%252C'00100051'%252C'00100052'%252C'00100053'%252C'00100311'%252C'00100557'))%2520and%2520(a.number%253E0%2520and%2520a.supplier_code%253D'00100047')&queryText=%25E3%2580%2590%25E9%2587%2587%25E8%25B4%25AD%25E6%2597%25A5%25E6%259C%259F%253A2023-05-16%2520%25E8%2587%25B3%25202023-05-31%25E3%2580%2591%2520%25E5%25B9%25B6%25E4%25B8%2594%2520%2520%25E3%2580%2590%25E4%25BE%259B%25E5%25BA%2594%25E5%2595%2586%2520%253D%2520%25E9%25B8%25A1%25E8%259B%258B%25E7%25B1%25BB%2520%255B10%255D%252C%25E9%25B8%25A1%25E8%259B%258B%25EF%25BC%2588%25E5%2590%25B4%25E5%259B%25BD%25E5%258D%258E%25EF%25BC%2589%252C%25E9%25B8%25A1%25E8%259B%258B%25EF%25BC%2588%25E9%2599%25B6%25E6%25A2%25A6%25E5%25BC%25BA%25EF%25BC%2589%252C%25E9%25B8%25A1%25E8%259B%258B%25EF%25BC%2588%25E9%25A9%25AC%25E5%2581%25A5%25E5%2585%2589%25EF%25BC%2589%252C%25E9%25B8%25A1%25E8%259B%258B%25EF%25BC%2588%25E4%25B8%2581%25E5%2585%2583%25E6%2596%25B9%25EF%25BC%2589%252C%25E9%25B8%25A1%25E8%259B%258B%25EF%25BC%2588%25E6%259C%25B1%25E7%25BA%25A2%25E9%25BE%2599%25EF%25BC%2589%252C%25E9%25B8%25A1%25E8%259B%258B%25EF%25BC%2588%25E4%25B8%25A5%25E6%25B0%25B8%25E5%25B9%25B2%25EF%25BC%2589%252C%25E9%25B8%25A1%25E8%259B%258B%25EF%25BC%2588%25E7%25BD%2597%25E4%25B8%25BD%25EF%25BC%2589%252C%25E9%25B8%25A1%25E8%259B%258B%25EF%25BC%2588%25E6%259D%258E%25E8%25B4%25BB%25E5%258D%258E%25EF%25BC%2589%252C%25E9%25B9%258C%25E9%25B9%2591%25E8%259B%258B%25EF%25BC%2588%25E9%25BB%2584%25E4%25B9%2585%25E8%2590%258D%25EF%25BC%2589%252C%25E9%25B8%25A1%25E8%259B%258B%25EF%25BC%2588%25E5%25BC%25A0%25E5%258A%25A0%25E7%258E%2589%25EF%25BC%2589%25E3%2580%2591%2520%25E5%25B9%25B6%25E4%25B8%2594%2520%25E3%2580%2590%25E4%25BE%259B%25E5%25BA%2594%25E5%2595%2586%253D%25E9%25B8%25A1%25E8%259B%258B%25EF%25BC%2588%25E9%2599%25B6%25E6%25A2%25A6%25E5%25BC%25BA%25EF%25BC%2589%25E3%2580%2591 HTTP/1.1" 200 54873
180.156.213.241 - - [27/Jun/2023:11:17:06 +0800] "GET /xingrg/dwr/interface/AjaxReportQueryService.js HTTP/1.1" 200 13203
180.156.213.241 - - [27/Jun/2023:11:17:06 +0800] "GET /xingrg/dwr/engine.js HTTP/1.1" 200 43631
101.83.145.52 - - [27/Jun/2023:11:17:09 +0800] "GET /xingrg/all/function/internal_message.html?_=1687835650355&CODE_STATE=getMsg HTTP/1.1" 200 27
180.156.213.241 - - [27/Jun/2023:11:17:10 +0800] "POST /xingrg/kc/buy/cgsh_order_operate.html HTTP/1.1" 200 37
180.156.213.241 - - [27/Jun/2023:11:17:11 +0800] "POST /xingrg/all/report/load_report_page.html HTTP/1.1" 200 8712
180.156.213.241 - - [27/Jun/2023:11:17:11 +0800] "GET /xingrg/servlets/image?cache=0.8649644341004479&image=px HTTP/1.1" 200 807
180.156.213.241 - - [27/Jun/2023:11:17:11 +0800] "POST /xingrg/all/report/load_report_page.html HTTP/1.1" 200 23140
180.156.213.241 - - [27/Jun/2023:11:17:11 +0800] "GET /xingrg/servlets/image?cache=0.28269335804539&image=px HTTP/1.1" 200 807
180.156.213.241 - - [27/Jun/2023:11:17:12 +0800] "GET /xingrg/all/function/internal_message.html?_=1687835831907&CODE_STATE=getMsg HTTP/1.1" 200 27
124.77.245.69 - - [27/Jun/2023:11:17:14 +0800] "GET /xingrg/all/function/internal_message.html?_=1687835839741&CODE_STATE=getMsg HTTP/1.1" 200 27
114.85.39.217 - - [27/Jun/2023:11:17:15 +0800] "GET /xingrg/all/function/internal_message.html?_=1687834616410&CODE_STATE=getMsg HTTP/1.1" 200 27
61.170.233.201 - - [27/Jun/2023:11:17:16 +0800] "GET /xingrg/all/function/internal_message.html?_=1687835834969&CODE_STATE=getMsg HTTP/1.1" 200 27
222.67.234.146 - - [27/Jun/2023:11:17:16 +0800] "GET /xingrg/all/function/internal_message.html?_=1687835325754&CODE_STATE=getMsg HTTP/1.1" 200 27
116.238.191.126 - - [27/Jun/2023:11:17:18 +0800] "GET /xingrg/all/function/internal_message.html?_=1687835837387&CODE_STATE=getMsg HTTP/1.1" 200 27
180.156.213.241 - - [27/Jun/2023:11:17:18 +0800] "POST /xingrg/kc/buy/cgsh_order_operate.html HTTP/1.1" 200 12
180.163.29.217 - - [27/Jun/2023:11:17:19 +0800] "GET /xingrg/check_reg.html?_=1687835778092 HTTP/1.1" 302 -
180.163.29.217 - - [27/Jun/2023:11:17:19 +0800] "GET /xingrg/login.html HTTP/1.1" 200 7641
180.156.213.241 - - [27/Jun/2023:11:17:21 +0800] "GET /xingrg/kc/buy/cgsh_order_info.html?code=212023062709832 HTTP/1.1" 200 66530
180.156.213.241 - - [27/Jun/2023:11:17:22 +0800] "GET /xingrg/javascript/easyui/themes/default/validatebox.css HTTP/1.1" 404 1104
120.253.135.82 - - [27/Jun/2023:11:17:23 +0800] "GET /xingrg/kc/pszx/mdps_order_list.html?orderType=0 HTTP/1.1" 200 21032
180.156.213.241 - - [27/Jun/2023:11:17:24 +0800] "POST /xingrg/kc/buy/cgsh_order_operate.html HTTP/1.1" 200 615
120.253.135.82 - - [27/Jun/2023:11:17:24 +0800] "POST /xingrg/kc/pszx/mdps_list_operate.html HTTP/1.1" 200 5411
180.156.213.241 - - [27/Jun/2023:11:17:25 +0800] "GET /xingrg/kc/print/load_data.html?order_code=212023062709832&kc_code=cgsh&condition= HTTP/1.1" 200 782
61.170.233.201 - - [27/Jun/2023:11:17:27 +0800] "GET /xingrg/all/function/internal_message.html?_=1687835849677&CODE_STATE=getMsg HTTP/1.1" 200 27
180.156.213.241 - - [27/Jun/2023:11:17:31 +0800] "GET /xingrg/kc/buy/cgsh_order_add.html HTTP/1.1" 200 71619
180.156.213.241 - - [27/Jun/2023:11:17:32 +0800] "POST /xingrg/kc/buy/cgsh_order_operate.html HTTP/1.1" 200 8245
180.156.213.241 - - [27/Jun/2023:11:17:32 +0800] "GET /xingrg/javascript/easyui/themes/default/validatebox.css HTTP/1.1" 404 1104
116.232.195.127 - - [27/Jun/2023:11:17:33 +0800] "GET /xingrg/all/function/internal_message.html?_=1687835853549&CODE_STATE=getMsg HTTP/1.1" 200 27
218.81.71.30 - - [27/Jun/2023:11:17:34 +0800] "GET /xingrg/all/function/internal_message.html?_=1687835856822&CODE_STATE=getMsg HTTP/1.1" 200 27
180.156.213.241 - - [27/Jun/2023:11:17:35 +0800] "GET /xingrg/all/function/internal_message.html?_=1687835858160&CODE_STATE=getMsg HTTP/1.1" 200 27
120.253.135.82 - - [27/Jun/2023:11:17:36 +0800] "POST /xingrg/kc/pszx/mdps_list_operate.html HTTP/1.1" 200 1692
120.253.135.82 - - [27/Jun/2023:11:17:37 +0800] "POST /xingrg/kc/pszx/mdps_list_operate.html HTTP/1.1" 200 215
120.253.135.82 - - [27/Jun/2023:11:17:38 +0800] "GET /xingrg/kc/pszx/mdps_order_info.html?code=312023062700533 HTTP/1.1" 200 23978
120.253.135.82 - - [27/Jun/2023:11:17:38 +0800] "GET /xingrg/words/20230627110348_words.js HTTP/1.1" 200 970843
120.253.135.82 - - [27/Jun/2023:11:17:39 +0800] "GET /xingrg/javascript/easyui/themes/default/validatebox.css HTTP/1.1" 404 1104
120.253.135.82 - - [27/Jun/2023:11:17:39 +0800] "POST /xingrg/kc/pszx/mdps_order_operate.html HTTP/1.1" 200 2307
101.229.22.40 - - [27/Jun/2023:11:17:40 +0800] "GET /xingrg/all/function/internal_message.html?_=1687835858994&CODE_STATE=getMsg HTTP/1.1" 200 27
222.70.180.90 - - [27/Jun/2023:11:17:42 +0800] "GET /xingrg/login.html HTTP/1.1" 200 7641
222.70.114.12 - - [27/Jun/2023:11:17:43 +0800] "GET /xingrg/all/function/internal_message.html?_=1687835865670&CODE_STATE=getMsg HTTP/1.1" 200 27
222.70.180.90 - - [27/Jun/2023:11:17:43 +0800] "GET /favicon.ico HTTP/1.1" 404 -
120.253.135.82 - - [27/Jun/2023:11:17:43 +0800] "POST /xingrg/kc/pszx/mdps_order_operate.html HTTP/1.1" 200 37
180.156.213.241 - - [27/Jun/2023:11:17:44 +0800] "GET /xingrg/all/function/internal_message.html?_=1687835871715&CODE_STATE=getMsg HTTP/1.1" 200 27
180.156.213.241 - - [27/Jun/2023:11:17:48 +0800] "GET /xingrg/kc/buy/cgsh_order_operate.html?command=get_materiel&rest_code=00102&code=00101002006&supplier_code=00100091&order_time=2023-06-26 HTTP/1.1" 200 415
222.70.180.90 - - [27/Jun/2023:11:17:50 +0800] "POST /xingrg/login.do HTTP/1.1" 302 -
222.70.180.90 - - [27/Jun/2023:11:17:50 +0800] "GET /xingrg/index.html?sysBaseUrl=http%3A%2F%2F180.169.147.146%3A18081%2Fxingrg%2F&costTime=1700×tamp=1687835870196 HTTP/1.1" 200 17173
222.70.180.90 - - [27/Jun/2023:11:17:50 +0800] "GET /favicon.ico HTTP/1.1" 404 -
222.70.180.90 - - [27/Jun/2023:11:17:50 +0800] "GET /xingrg/all/function/internal_message.html?_=1687835869558&CODE_STATE=count HTTP/1.1" 200 11
222.70.180.90 - - [27/Jun/2023:11:17:50 +0800] "GET /xingrg/check_reg.html?_=1687835869559 HTTP/1.1" 200 22
222.70.180.90 - - [27/Jun/2023:11:17:50 +0800] "POST /xingrg/all/common/load_tree.html?tree=area_rest_tree_json&manage=1 HTTP/1.1" 200 342
222.70.180.90 - - [27/Jun/2023:11:17:50 +0800] "POST /xingrg/load_menu.html HTTP/1.1" 200 5138
120.253.135.82 - - [27/Jun/2023:11:17:51 +0800] "POST /xingrg/kc/pszx/mdps_order_operate.html HTTP/1.1" 200 12
222.70.180.90 - - [27/Jun/2023:11:17:53 +0800] "GET /xingrg/kc/base/wldb_order_list.html HTTP/1.1" 200 19098
180.163.29.206 - - [27/Jun/2023:11:17:54 +0800] "GET /xingrg/all/function/internal_message.html?_=1687835813745&CODE_STATE=getMsg HTTP/1.1" 302 -
180.163.29.206 - - [27/Jun/2023:11:17:54 +0800] "GET /xingrg/login.html HTTP/1.1" 200 7641
180.169.147.146 - - [27/Jun/2023:11:17:54 +0800] "GET /xingrg/all/function/internal_message.html?_=1687835873743&CODE_STATE=getMsg HTTP/1.1" 200 27
222.70.180.90 - - [27/Jun/2023:11:17:54 +0800] "POST /xingrg/kc/base/wldb_list_operate.html HTTP/1.1" 200 2956
222.70.180.90 - - [27/Jun/2023:11:17:54 +0800] "GET /xingrg/check_reg.html?_=1687835942967 HTTP/1.1" 200 22
222.70.180.90 - - [27/Jun/2023:11:17:54 +0800] "GET /xingrg/all/function/internal_message.html?_=1687835942970&CODE_STATE=getMsg HTTP/1.1" 200 27
222.70.180.90 - - [27/Jun/2023:11:17:56 +0800] "GET /xingrg/kc/base/wldb_order_add.html HTTP/1.1" 200 30381
222.70.180.90 - - [27/Jun/2023:11:17:56 +0800] "GET /xingrg/words/20230627110348_words.js HTTP/1.1" 304 -
222.70.180.90 - - [27/Jun/2023:11:17:56 +0800] "POST /xingrg/kc/base/wldb_order_operate.html HTTP/1.1" 200 6806
222.70.180.90 - - [27/Jun/2023:11:17:57 +0800] "GET /xingrg/javascript/easyui/themes/default/validatebox.css HTTP/1.1" 404 1104
222.70.180.90 - - [27/Jun/2023:11:17:57 +0800] "GET /xingrg/all/common/auto_word.html?type=base&rest_code=00111 HTTP/1.1" 200 1753
222.70.180.90 - - [27/Jun/2023:11:17:57 +0800] "GET /xingrg/all/common/auto_word.html?type=base&rest_code=00111 HTTP/1.1" 200 1753
222.69.145.249 - - [27/Jun/2023:11:17:57 +0800] "GET /xingrg/all/function/internal_message.html?_=1687835990243&CODE_STATE=getMsg HTTP/1.1" 200 27
180.169.147.146 - - [27/Jun/2023:11:17:57 +0800] "GET /xingrg/all/function/internal_message.html?_=1687835877844&CODE_STATE=getMsg HTTP/1.1" 200 27
222.69.128.63 - - [27/Jun/2023:11:17:58 +0800] "GET /xingrg/all/function/internal_message.html?_=1687835878018&CODE_STATE=getMsg HTTP/1.1" 200 27
180.156.213.241 - - [27/Jun/2023:11:17:59 +0800] "POST /xingrg/kc/buy/cgsh_order_operate.html HTTP/1.1" 200 37
222.70.180.90 - - [27/Jun/2023:11:17:59 +0800] "GET /xingrg/javascript/auto/indicator.gif HTTP/1.1" 404 1066
222.70.180.90 - - [27/Jun/2023:11:18:03 +0800] "GET /xingrg/javascript/jquery_tools/images/prev.gif HTTP/1.1" 404 1086
222.70.180.90 - - [27/Jun/2023:11:18:03 +0800] "GET /xingrg/javascript/jquery_tools/images/next.gif HTTP/1.1" 404 1086
116.232.195.127 - - [27/Jun/2023:11:18:03 +0800] "GET /xingrg/all/function/internal_message.html?_=1687835869277&CODE_STATE=getMsg HTTP/1.1" 200 27
124.79.243.110 - - [27/Jun/2023:11:18:04 +0800] "GET /xingrg/all/function/internal_message.html?_=1687836167678&CODE_STATE=getMsg HTTP/1.1" 200 27
222.70.180.90 - - [27/Jun/2023:11:18:07 +0800] "GET /xingrg/kc/base/wldb_order_operate.html?command=get_materiel&rest_code=00111&base_code=0010299&code=00101002027 HTTP/1.1" 200 436
120.253.135.82 - - [27/Jun/2023:11:18:09 +0800] "GET /xingrg/kc/pszx/mdps_order_info.html?code=312023062700533 HTTP/1.1" 200 19638
101.83.145.52 - - [27/Jun/2023:11:18:09 +0800] "GET /xingrg/all/function/internal_message.html?_=1687835710373&CODE_STATE=getMsg HTTP/1.1" 200 27
120.253.135.82 - - [27/Jun/2023:11:18:09 +0800] "GET /xingrg/javascript/easyui/themes/default/validatebox.css HTTP/1.1" 404 1104
120.253.135.82 - - [27/Jun/2023:11:18:10 +0800] "POST /xingrg/kc/pszx/mdps_order_operate.html HTTP/1.1" 200 527
101.83.145.52 - - [27/Jun/2023:11:18:11 +0800] "GET /xingrg/check_reg.html?_=1687835712333 HTTP/1.1" 200 22
180.156.213.241 - - [27/Jun/2023:11:18:12 +0800] "GET /xingrg/all/function/internal_message.html?_=1687835891889&CODE_STATE=getMsg HTTP/1.1" 200 27
124.77.245.69 - - [27/Jun/2023:11:18:14 +0800] "GET /xingrg/all/function/internal_message.html?_=1687835899748&CODE_STATE=getMsg HTTP/1.1" 200 27
180.156.213.241 - - [27/Jun/2023:11:18:15 +0800] "POST /xingrg/kc/buy/cgsh_order_operate.html HTTP/1.1" 200 12
114.85.39.217 - - [27/Jun/2023:11:18:15 +0800] "GET /xingrg/all/function/internal_message.html?_=1687834676390&CODE_STATE=getMsg HTTP/1.1" 200 27
61.170.233.201 - - [27/Jun/2023:11:18:16 +0800] "GET /xingrg/all/function/internal_message.html?_=1687835894939&CODE_STATE=getMsg HTTP/1.1" 200 27
222.67.234.146 - - [27/Jun/2023:11:18:16 +0800] "GET /xingrg/all/function/internal_message.html?_=1687835385759&CODE_STATE=getMsg HTTP/1.1" 200 27
120.253.135.82 - - [27/Jun/2023:11:18:17 +0800] "GET /xingrg/kc/pszx/mdps_order_info.html?code=312023062700533 HTTP/1.1" 200 19638
120.253.135.82 - - [27/Jun/2023:11:18:17 +0800] "GET /xingrg/javascript/easyui/themes/default/validatebox.css HTTP/1.1" 404 1104
116.238.191.126 - - [27/Jun/2023:11:18:18 +0800] "GET /xingrg/all/function/internal_message.html?_=1687835897392&CODE_STATE=getMsg HTTP/1.1" 200 27
120.253.135.82 - - [27/Jun/2023:11:18:18 +0800] "POST /xingrg/kc/pszx/mdps_order_operate.html HTTP/1.1" 200 527
180.156.213.241 - - [27/Jun/2023:11:18:18 +0800] "GET /xingrg/kc/buy/cgsh_order_info.html?code=212023062709833 HTTP/1.1" 200 66532
180.156.213.241 - - [27/Jun/2023:11:18:19 +0800] "GET /xingrg/javascript/easyui/themes/default/validatebox.css HTTP/1.1" 404 1104
222.70.180.90 - - [27/Jun/2023:11:18:19 +0800] "GET /xingrg/kc/base/wldb_order_operate.html?command=get_materiel&rest_code=00111&base_code=0010299&code=00101009053 HTTP/1.1" 200 430
180.156.213.241 - - [27/Jun/2023:11:18:20 +0800] "POST /xingrg/kc/buy/cgsh_order_operate.html HTTP/1.1" 200 610
180.156.213.241 - - [27/Jun/2023:11:18:22 +0800] "GET /xingrg/kc/print/load_data.html?order_code=212023062709833&kc_code=cgsh&condition= HTTP/1.1" 200 768
180.156.213.241 - - [27/Jun/2023:11:18:24 +0800] "POST /xingrg/dwr/call/plaincall/AjaxReportQueryService.getFixDate.dwr HTTP/1.1" 200 111
180.156.213.241 - - [27/Jun/2023:11:18:25 +0800] "POST /xingrg/all/common/load_tree.html?tree=base_tree_json HTTP/1.1" 200 3866
120.253.135.82 - - [27/Jun/2023:11:18:25 +0800] "POST /xingrg/kc/pszx/mdps_list_operate.html HTTP/1.1" 200 868
180.156.213.241 - - [27/Jun/2023:11:18:25 +0800] "POST /xingrg/all/common/load_tree.html?tree=supplier_tree_json&manage=1 HTTP/1.1" 200 76485
180.156.213.241 - - [27/Jun/2023:11:18:25 +0800] "POST /xingrg/all/common/load_tree.html?tree=materiel_sort_tree_json HTTP/1.1" 200 9500
180.156.213.241 - - [27/Jun/2023:11:18:26 +0800] "GET /xingrg/kc/buy/cgsh_order_add.html HTTP/1.1" 200 71619
180.156.213.241 - - [27/Jun/2023:11:18:27 +0800] "POST /xingrg/kc/buy/cgsh_order_operate.html HTTP/1.1" 200 8245
180.156.213.241 - - [27/Jun/2023:11:18:27 +0800] "GET /xingrg/javascript/easyui/themes/default/validatebox.css HTTP/1.1" 404 1104
61.170.233.201 - - [27/Jun/2023:11:18:27 +0800] "GET /xingrg/all/function/internal_message.html?_=1687835909706&CODE_STATE=getMsg HTTP/1.1" 200 27
120.253.135.82 - - [27/Jun/2023:11:18:27 +0800] "GET /xingrg/kc/pszx/mdqp_order_list.html?state=10 HTTP/1.1" 200 10728
120.253.135.82 - - [27/Jun/2023:11:18:27 +0800] "GET /xingrg/dwr/interface/AjaxQqpsService.js HTTP/1.1" 200 16326
120.253.135.82 - - [27/Jun/2023:11:18:27 +0800] "GET /xingrg/dwr/interface/AjaxReportQueryService.js HTTP/1.1" 200 13203
120.253.135.82 - - [27/Jun/2023:11:18:27 +0800] "GET /xingrg/dwr/engine.js HTTP/1.1" 200 43631
120.253.135.82 - - [27/Jun/2023:11:18:30 +0800] "GET /xingrg/kc/pszx/mdps_order_list.html?orderType=0 HTTP/1.1" 200 21032
120.253.135.82 - - [27/Jun/2023:11:18:30 +0800] "POST /xingrg/kc/pszx/mdps_list_operate.html HTTP/1.1" 200 5411
222.70.180.90 - - [27/Jun/2023:11:18:30 +0800] "GET /xingrg/kc/report/report_main.html HTTP/1.1" 200 7340
222.70.180.90 - - [27/Jun/2023:11:18:32 +0800] "GET /xingrg/kc/base/kc_stocks.html HTTP/1.1" 200 16506
222.70.180.90 - - [27/Jun/2023:11:18:32 +0800] "GET /xingrg/javascript/easyui/themes/default/tree.css HTTP/1.1" 404 1090
222.70.180.90 - - [27/Jun/2023:11:18:32 +0800] "POST /xingrg/all/common/load_tree.html?tree=materiel_sort_tree_json HTTP/1.1" 200 9500
116.232.195.127 - - [27/Jun/2023:11:18:33 +0800] "GET /xingrg/all/function/internal_message.html?_=1687835913536&CODE_STATE=getMsg HTTP/1.1" 200 27
180.156.213.241 - - [27/Jun/2023:11:18:33 +0800] "GET /xingrg/all/report/report_query.html?isQuery=1&fileName=kc/buy/wlcg_cate_hz.xml&queryString=(CONVERT(char(10)%252Ca.order_time%252C%2520120)%253E%253D'2023-05-16')%2520and%2520(CONVERT(char(10)%252Ca.order_time%252C%2520120)%253C%253D'2023-05-31')%2520and%2520(a.supplier_code%2520in%2520('00100046'%252C'00100047'%252C'00100048'%252C'00100049'%252C'00100050'%252C'00100051'%252C'00100052'%252C'00100053'%252C'00100311'%252C'00100557'))%2520and%2520(a.number%253E0%2520and%2520a.supplier_code%253D'00100047')&queryText=%25E3%2580%2590%25E9%2587%2587%25E8%25B4%25AD%25E6%2597%25A5%25E6%259C%259F%253A2023-05-16%2520%25E8%2587%25B3%25202023-05-31%25E3%2580%2591%2520%25E5%25B9%25B6%25E4%25B8%2594%2520%2520%25E3%2580%2590%25E4%25BE%259B%25E5%25BA%2594%25E5%2595%2586%2520%253D%2520%25E9%25B8%25A1%25E8%259B%258B%25E7%25B1%25BB%2520%255B10%255D%252C%25E9%25B8%25A1%25E8%259B%258B%25EF%25BC%2588%25E5%2590%25B4%25E5%259B%25BD%25E5%258D%258E%25EF%25BC%2589%252C%25E9%25B8%25A1%25E8%259B%258B%25EF%25BC%2588%25E9%2599%25B6%25E6%25A2%25A6%25E5%25BC%25BA%25EF%25BC%2589%252C%25E9%25B8%25A1%25E8%259B%258B%25EF%25BC%2588%25E9%25A9%25AC%25E5%2581%25A5%25E5%2585%2589%25EF%25BC%2589%252C%25E9%25B8%25A1%25E8%259B%258B%25EF%25BC%2588%25E4%25B8%2581%25E5%2585%2583%25E6%2596%25B9%25EF%25BC%2589%252C%25E9%25B8%25A1%25E8%259B%258B%25EF%25BC%2588%25E6%259C%25B1%25E7%25BA%25A2%25E9%25BE%2599%25EF%25BC%2589%252C%25E9%25B8%25A1%25E8%259B%258B%25EF%25BC%2588%25E4%25B8%25A5%25E6%25B0%25B8%25E5%25B9%25B2%25EF%25BC%2589%252C%25E9%25B8%25A1%25E8%259B%258B%25EF%25BC%2588%25E7%25BD%2597%25E4%25B8%25BD%25EF%25BC%2589%252C%25E9%25B8%25A1%25E8%259B%258B%25EF%25BC%2588%25E6%259D%258E%25E8%25B4%25BB%25E5%258D%258E%25EF%25BC%2589%252C%25E9%25B9%258C%25E9%25B9%2591%25E8%259B%258B%25EF%25BC%2588%25E9%25BB%2584%25E4%25B9%2585%25E8%2590%258D%25EF%25BC%2589%252C%25E9%25B8%25A1%25E8%259B%258B%25EF%25BC%2588%25E5%25BC%25A0%25E5%258A%25A0%25E7%258E%2589%25EF%25BC%2589%25E3%2580%2591%2520%25E5%25B9%25B6%25E4%25B8%2594%2520%25E3%2580%2590%25E4%25BE%259B%25E5%25BA%2594%25E5%2595%2586%253D%25E9%25B8%25A1%25E8%259B%258B%25EF%25BC%2588%25E9%2599%25B6%25E6%25A2%25A6%25E5%25BC%25BA%25EF%25BC%2589%25E3%2580%2591 HTTP/1.1" 200 54873
180.156.213.241 - - [27/Jun/2023:11:18:33 +0800] "GET /xingrg/dwr/interface/AjaxReportQueryService.js HTTP/1.1" 200 13203
180.156.213.241 - - [27/Jun/2023:11:18:33 +0800] "GET /xingrg/dwr/engine.js HTTP/1.1" 200 43631
218.81.71.30 - - [27/Jun/2023:11:18:34 +0800] "GET /xingrg/all/function/internal_message.html?_=1687835916820&CODE_STATE=getMsg HTTP/1.1" 200 27
180.156.213.241 - - [27/Jun/2023:11:18:35 +0800] "GET /xingrg/all/function/internal_message.html?_=1687835918163&CODE_STATE=getMsg HTTP/1.1" 200 27
180.156.213.241 - - [27/Jun/2023:11:18:36 +0800] "GET /xingrg/kc/buy/cgsh_order_operate.html?command=get_materiel&rest_code=00102&code=00102002286&supplier_code=00100486&order_time=2023-06-26 HTTP/1.1" 200 414
180.156.213.241 - - [27/Jun/2023:11:18:36 +0800] "POST /xingrg/all/report/load_report_page.html HTTP/1.1" 200 8720
180.156.213.241 - - [27/Jun/2023:11:18:36 +0800] "GET /xingrg/servlets/image?cache=0.07865628635104438&image=px HTTP/1.1" 200 807
180.156.213.241 - - [27/Jun/2023:11:18:37 +0800] "POST /xingrg/all/report/load_report_page.html HTTP/1.1" 200 23168
180.156.213.241 - - [27/Jun/2023:11:18:37 +0800] "GET /xingrg/servlets/image?cache=0.6182122408114682&image=px HTTP/1.1" 200 807
120.253.135.82 - - [27/Jun/2023:11:18:39 +0800] "GET /xingrg/kc/pszx/mdqp_order_list.html?state=10 HTTP/1.1" 200 10728
120.253.135.82 - - [27/Jun/2023:11:18:39 +0800] "GET /xingrg/dwr/interface/AjaxReportQueryService.js HTTP/1.1" 200 13203
120.253.135.82 - - [27/Jun/2023:11:18:39 +0800] "GET /xingrg/dwr/interface/AjaxQqpsService.js HTTP/1.1" 200 16326
120.253.135.82 - - [27/Jun/2023:11:18:39 +0800] "GET /xingrg/dwr/engine.js HTTP/1.1" 200 43631
101.229.22.40 - - [27/Jun/2023:11:18:40 +0800] "GET /xingrg/all/function/internal_message.html?_=1687835918994&CODE_STATE=getMsg HTTP/1.1" 200 27
222.70.180.90 - - [27/Jun/2023:11:18:43 +0800] "POST /xingrg/kc/base/stock_operate.html HTTP/1.1" 200 2826
222.70.114.12 - - [27/Jun/2023:11:18:43 +0800] "GET /xingrg/all/function/internal_message.html?_=1687835925660&CODE_STATE=getMsg HTTP/1.1" 200 27
180.156.213.241 - - [27/Jun/2023:11:18:44 +0800] "GET /xingrg/all/function/internal_message.html?_=1687835931694&CODE_STATE=getMsg HTTP/1.1" 200 27
180.156.213.241 - - [27/Jun/2023:11:18:45 +0800] "POST /xingrg/kc/buy/cgsh_order_operate.html HTTP/1.1" 200 37
180.156.213.241 - - [27/Jun/2023:11:18:46 +0800] "POST /xingrg/all/report/report_print.html HTTP/1.1" 200 6144
222.70.180.90 - - [27/Jun/2023:11:18:46 +0800] "GET /xingrg/kc/base/stock_detail.html?m=00101009053 HTTP/1.1" 200 7315
222.70.180.90 - - [27/Jun/2023:11:18:47 +0800] "GET /xingrg/kc/base/stock_operate.html?_=1687835926748&command=get_report_file&start_day=20230601 HTTP/1.1" 200 53
222.70.180.90 - - [27/Jun/2023:11:18:48 +0800] "GET /xingrg/all/report/report_query.html?isQuery=1&onlyBody=1&rh=2000&fileName=kc/base/kc_stock_detail_new.xml&queryString=(1=1)&queryText=&tableQueryString=init_table$sp1$$sp$crk_table$sp1$order_day%20between%2020230601%20and%2020230630&varString=start_day:20230601,materiel_code:00101009053,cost_id:4396,end_date:20230531 HTTP/1.1" 200 48701
222.70.180.90 - - [27/Jun/2023:11:18:48 +0800] "GET /xingrg/dwr/interface/AjaxReportQueryService.js HTTP/1.1" 200 13203
222.70.180.90 - - [27/Jun/2023:11:18:48 +0800] "GET /xingrg/dwr/engine.js HTTP/1.1" 200 43631
120.253.135.82 - - [27/Jun/2023:11:18:49 +0800] "GET /xingrg/check_reg.html?_=1687835760017 HTTP/1.1" 200 22
222.70.180.90 - - [27/Jun/2023:11:18:50 +0800] "POST /xingrg/all/report/load_report_page.html HTTP/1.1" 200 39815
222.70.180.90 - - [27/Jun/2023:11:18:50 +0800] "GET /xingrg/servlets/image?cache=0.6416352755616199&image=px HTTP/1.1" 200 807
222.70.180.90 - - [27/Jun/2023:11:18:50 +0800] "GET /xingrg/all/function/internal_message.html?_=1687835929561&CODE_STATE=getMsg HTTP/1.1" 200 27
180.169.147.146 - - [27/Jun/2023:11:18:54 +0800] "GET /xingrg/all/function/internal_message.html?_=1687835933733&CODE_STATE=getMsg HTTP/1.1" 200 27
222.70.180.90 - - [27/Jun/2023:11:18:54 +0800] "GET /xingrg/all/function/internal_message.html?_=1687836002961&CODE_STATE=getMsg HTTP/1.1" 200 27
180.156.213.241 - - [27/Jun/2023:11:18:55 +0800] "POST /xingrg/kc/buy/cgsh_order_operate.html HTTP/1.1" 200 12
222.69.145.249 - - [27/Jun/2023:11:18:57 +0800] "GET /xingrg/all/function/internal_message.html?_=1687836050250&CODE_STATE=getMsg HTTP/1.1" 200 27
222.69.145.249 - - [27/Jun/2023:11:18:57 +0800] "GET /xingrg/check_reg.html?_=1687836050251 HTTP/1.1" 200 22
180.169.147.146 - - [27/Jun/2023:11:18:57 +0800] "GET /xingrg/all/function/internal_message.html?_=1687835937843&CODE_STATE=getMsg HTTP/1.1" 200 27
222.69.128.63 - - [27/Jun/2023:11:18:58 +0800] "GET /xingrg/all/function/internal_message.html?_=1687835937988&CODE_STATE=getMsg HTTP/1.1" 200 27
180.156.213.241 - - [27/Jun/2023:11:19:00 +0800] "GET /xingrg/kc/buy/cgsh_order_info.html?code=212023062709834 HTTP/1.1" 200 66534
180.156.213.241 - - [27/Jun/2023:11:19:01 +0800] "GET /xingrg/javascript/easyui/themes/default/validatebox.css HTTP/1.1" 404 1104
180.156.213.241 - - [27/Jun/2023:11:19:02 +0800] "POST /xingrg/kc/buy/cgsh_order_operate.html HTTP/1.1" 200 611
222.70.180.90 - - [27/Jun/2023:11:19:02 +0800] "GET /xingrg/kc/base/wldb_order_list.html HTTP/1.1" 200 19098
116.232.195.127 - - [27/Jun/2023:11:19:03 +0800] "GET /xingrg/check_reg.html?_=1687835929272 HTTP/1.1" 200 22
116.232.195.127 - - [27/Jun/2023:11:19:03 +0800] "GET /xingrg/all/function/internal_message.html?_=1687835929275&CODE_STATE=getMsg HTTP/1.1" 200 27
222.70.180.90 - - [27/Jun/2023:11:19:04 +0800] "POST /xingrg/kc/base/wldb_list_operate.html HTTP/1.1" 200 2956
180.156.213.241 - - [27/Jun/2023:11:19:04 +0800] "GET /xingrg/kc/print/load_data.html?order_code=212023062709834&kc_code=cgsh HTTP/1.1" 200 703
124.79.243.110 - - [27/Jun/2023:11:19:04 +0800] "GET /xingrg/all/function/internal_message.html?_=1687836227676&CODE_STATE=getMsg HTTP/1.1" 200 27
222.70.180.90 - - [27/Jun/2023:11:19:05 +0800] "GET /xingrg/kc/base/wldb_order_add.html HTTP/1.1" 200 30381
222.69.128.63 - - [27/Jun/2023:11:19:05 +0800] "GET /xingrg/check_reg.html?_=1687835945038 HTTP/1.1" 200 22
222.70.180.90 - - [27/Jun/2023:11:19:05 +0800] "POST /xingrg/kc/base/wldb_order_operate.html HTTP/1.1" 200 6806
222.70.180.90 - - [27/Jun/2023:11:19:05 +0800] "GET /xingrg/javascript/easyui/themes/default/validatebox.css HTTP/1.1" 404 1104
180.156.213.241 - - [27/Jun/2023:11:19:08 +0800] "GET /xingrg/kc/print/load_data.html?order_code=212023062709834&kc_code=cgsh&condition= HTTP/1.1" 200 703
101.83.145.52 - - [27/Jun/2023:11:19:09 +0800] "GET /xingrg/all/function/internal_message.html?_=1687835770352&CODE_STATE=getMsg HTTP/1.1" 200 27
180.156.213.241 - - [27/Jun/2023:11:19:11 +0800] "GET /xingrg/kc/buy/cgsh_order_add.html HTTP/1.1" 200 71619
180.156.213.241 - - [27/Jun/2023:11:19:12 +0800] "POST /xingrg/kc/buy/cgsh_order_operate.html HTTP/1.1" 200 8245
180.156.213.241 - - [27/Jun/2023:11:19:12 +0800] "GET /xingrg/all/function/internal_message.html?_=1687835951872&CODE_STATE=getMsg HTTP/1.1" 200 27
180.156.213.241 - - [27/Jun/2023:11:19:12 +0800] "GET /xingrg/javascript/easyui/themes/default/validatebox.css HTTP/1.1" 404 1104
180.156.213.241 - - [27/Jun/2023:11:19:12 +0800] "GET /xingrg/check_reg.html?_=1687835952277 HTTP/1.1" 200 22
124.77.245.69 - - [27/Jun/2023:11:19:14 +0800] "GET /xingrg/all/function/internal_message.html?_=1687835959930&CODE_STATE=getMsg HTTP/1.1" 200 27
114.85.39.217 - - [27/Jun/2023:11:19:14 +0800] "GET /xingrg/check_reg.html?_=1687834735200 HTTP/1.1" 200 22
114.85.39.217 - - [27/Jun/2023:11:19:15 +0800] "GET /xingrg/all/function/internal_message.html?_=1687834736385&CODE_STATE=getMsg HTTP/1.1" 200 27
180.163.28.68 - - [27/Jun/2023:11:19:16 +0800] "GET /xingrg/all/function/internal_message.html?_=1687835894939&CODE_STATE=getMsg HTTP/1.1" 302 -
180.163.28.68 - - [27/Jun/2023:11:19:16 +0800] "GET /xingrg/login.html HTTP/1.1" 200 7641
61.170.233.201 - - [27/Jun/2023:11:19:16 +0800] "GET /xingrg/all/function/internal_message.html?_=1687835954910&CODE_STATE=getMsg HTTP/1.1" 200 27
116.238.191.126 - - [27/Jun/2023:11:19:18 +0800] "GET /xingrg/all/function/internal_message.html?_=1687835957399&CODE_STATE=getMsg HTTP/1.1" 200 27
222.70.180.90 - - [27/Jun/2023:11:19:18 +0800] "GET /xingrg/javascript/jquery_tools/images/next.gif HTTP/1.1" 404 1086
222.70.180.90 - - [27/Jun/2023:11:19:18 +0800] "GET /xingrg/javascript/jquery_tools/images/prev.gif HTTP/1.1" 404 1086
180.156.213.241 - - [27/Jun/2023:11:19:21 +0800] "GET /xingrg/kc/buy/cgsh_order_operate.html?command=get_materiel&rest_code=00102&code=00101005022&supplier_code=00100312&order_time=2023-06-26 HTTP/1.1" 200 417
120.253.135.82 - - [27/Jun/2023:11:19:22 +0800] "GET /xingrg/kc/pszx/mdps_order_list.html?orderType=0 HTTP/1.1" 200 21032
120.253.135.82 - - [27/Jun/2023:11:19:22 +0800] "POST /xingrg/kc/pszx/mdps_list_operate.html HTTP/1.1" 200 5411
116.232.195.127 - - [27/Jun/2023:11:19:28 +0800] "GET /xingrg/check_reg.html?_=1687835968920 HTTP/1.1" 200 22
120.253.135.82 - - [27/Jun/2023:11:19:31 +0800] "POST /xingrg/kc/pszx/mdps_list_operate.html HTTP/1.1" 200 4220
116.232.195.127 - - [27/Jun/2023:11:19:33 +0800] "GET /xingrg/all/function/internal_message.html?_=1687835973526&CODE_STATE=getMsg HTTP/1.1" 200 27
218.81.71.30 - - [27/Jun/2023:11:19:34 +0800] "GET /xingrg/all/function/internal_message.html?_=1687835976818&CODE_STATE=getMsg HTTP/1.1" 200 27
180.156.213.241 - - [27/Jun/2023:11:19:35 +0800] "GET /xingrg/all/function/internal_message.html?_=1687835978159&CODE_STATE=getMsg HTTP/1.1" 200 27
101.83.145.52 - - [27/Jun/2023:11:19:36 +0800] "POST /xingrg/kc/buy/cgsh_order_operate.html HTTP/1.1" 200 37
222.70.180.90 - - [27/Jun/2023:11:19:36 +0800] "POST /xingrg/kc/base/wldb_order_operate.html HTTP/1.1" 200 37
222.70.180.90 - - [27/Jun/2023:11:19:37 +0800] "POST /xingrg/kc/base/wldb_order_operate.html HTTP/1.1" 200 2658
222.70.180.90 - - [27/Jun/2023:11:19:38 +0800] "GET /xingrg/kc/base/wldb_order_info.html?code=422023062702295 HTTP/1.1" 200 30394
120.253.135.82 - - [27/Jun/2023:11:19:38 +0800] "POST /xingrg/kc/pszx/mdps_list_operate.html HTTP/1.1" 200 652
