222.69.128.63 - - [27/Jun/2023:09:03:15 +0800] "GET /xingrg/kc/buy/cgsh_order_operate.html?command=get_materiel&rest_code=00149&code=00101008004&supplier_code=00100008&order_time=2023-06-27 HTTP/1.1" 200 416
218.81.71.30 - - [27/Jun/2023:09:03:18 +0800] "POST /xingrg/dwr/call/plaincall/AjaxQqpsService.getMaterielByCode.dwr HTTP/1.1" 200 2509
116.238.191.126 - - [27/Jun/2023:09:03:18 +0800] "GET /xingrg/all/function/internal_message.html?_=1687827798138&CODE_STATE=getMsg HTTP/1.1" 200 27
116.238.191.126 - - [27/Jun/2023:09:03:18 +0800] "GET /xingrg/kc/buy/cgsh_order_operate.html?command=get_materiel&rest_code=00151&code=00101008096&supplier_code=00100008&order_time=2023-06-27 HTTP/1.1" 200 413
61.170.233.201 - - [27/Jun/2023:09:03:19 +0800] "GET /xingrg/all/function/internal_message.html?_=1687827798035&CODE_STATE=getMsg HTTP/1.1" 200 27
218.81.71.30 - - [27/Jun/2023:09:03:21 +0800] "POST /xingrg/dwr/call/plaincall/AjaxQqpsService.saveMaterielItem.dwr HTTP/1.1" 200 79
116.238.191.126 - - [27/Jun/2023:09:03:22 +0800] "POST /xingrg/kc/buy/cgsh_order_operate.html HTTP/1.1" 200 12
116.238.191.126 - - [27/Jun/2023:09:03:23 +0800] "GET /xingrg/all/function/internal_message.html?_=1687827723918&CODE_STATE=getMsg HTTP/1.1" 200 27
222.69.128.63 - - [27/Jun/2023:09:03:23 +0800] "GET /xingrg/all/function/internal_message.html?_=1687827803188&CODE_STATE=getMsg HTTP/1.1" 200 27
218.81.71.30 - - [27/Jun/2023:09:03:23 +0800] "POST /xingrg/dwr/call/plaincall/AjaxQqpsService.getMaterielByCode.dwr HTTP/1.1" 200 2508
222.67.234.146 - - [27/Jun/2023:09:03:25 +0800] "GET /xingrg/login.html HTTP/1.1" 200 7641
222.67.234.146 - - [27/Jun/2023:09:03:25 +0800] "GET /favicon.ico HTTP/1.1" 404 -
218.81.71.30 - - [27/Jun/2023:09:03:29 +0800] "POST /xingrg/dwr/call/plaincall/AjaxQqpsService.saveMaterielItem.dwr HTTP/1.1" 200 79
116.238.191.126 - - [27/Jun/2023:09:03:29 +0800] "GET /xingrg/kc/buy/cgsh_order_info.html?code=212023062709776 HTTP/1.1" 200 66531
116.238.191.126 - - [27/Jun/2023:09:03:29 +0800] "GET /xingrg/kc/buy/cgsh_order_operate.html?command=get_materiel&rest_code=00151&code=00101008087&supplier_code=00100008&order_time=2023-06-27 HTTP/1.1" 200 412
116.238.191.126 - - [27/Jun/2023:09:03:29 +0800] "GET /xingrg/javascript/easyui/themes/default/validatebox.css HTTP/1.1" 404 1104
222.67.234.146 - - [27/Jun/2023:09:03:30 +0800] "POST /xingrg/login.do HTTP/1.1" 302 -
222.67.234.146 - - [27/Jun/2023:09:03:30 +0800] "GET /xingrg/index.html?sysBaseUrl=http%3A%2F%2F180.169.147.146%3A18081%2Fxingrg%2F&costTime=3811×tamp=1687827810377 HTTP/1.1" 200 17179
222.67.234.146 - - [27/Jun/2023:09:03:30 +0800] "GET /favicon.ico HTTP/1.1" 404 -
116.238.191.126 - - [27/Jun/2023:09:03:30 +0800] "POST /xingrg/kc/buy/cgsh_order_operate.html HTTP/1.1" 200 14793
222.67.234.146 - - [27/Jun/2023:09:03:30 +0800] "GET /xingrg/all/function/internal_message.html?_=1687827299461&CODE_STATE=count HTTP/1.1" 200 11
222.67.234.146 - - [27/Jun/2023:09:03:30 +0800] "GET /xingrg/check_reg.html?_=1687827299462 HTTP/1.1" 200 22
222.67.234.146 - - [27/Jun/2023:09:03:30 +0800] "POST /xingrg/all/common/load_tree.html?tree=area_rest_tree_json&manage=1 HTTP/1.1" 200 351
222.67.234.146 - - [27/Jun/2023:09:03:30 +0800] "POST /xingrg/load_menu.html HTTP/1.1" 200 5138
218.81.71.30 - - [27/Jun/2023:09:03:32 +0800] "POST /xingrg/dwr/call/plaincall/AjaxQqpsService.getMaterielByCode.dwr HTTP/1.1" 200 2507
222.69.128.63 - - [27/Jun/2023:09:03:32 +0800] "GET /xingrg/kc/buy/cgsh_order_operate.html?command=get_materiel&rest_code=00149&code=00101008059&supplier_code=00100008&order_time=2023-06-27 HTTP/1.1" 200 408
218.81.71.30 - - [27/Jun/2023:09:03:36 +0800] "POST /xingrg/dwr/call/plaincall/AjaxQqpsService.saveMaterielItem.dwr HTTP/1.1" 200 79
218.81.71.30 - - [27/Jun/2023:09:03:41 +0800] "POST /xingrg/dwr/call/plaincall/AjaxQqpsService.getMaterielByCode.dwr HTTP/1.1" 200 2463
116.238.191.126 - - [27/Jun/2023:09:03:42 +0800] "GET /xingrg/kc/buy/cgsh_order_operate.html?command=get_materiel&rest_code=00151&code=00101008264&supplier_code=00100008&order_time=2023-06-27 HTTP/1.1" 200 412
124.79.73.155 - - [27/Jun/2023:09:03:42 +0800] "POST /xingrg/services/DataTransmitService HTTP/1.1" 200 524
180.169.147.146 - - [27/Jun/2023:09:03:43 +0800] "POST /xingrg/dwr/call/plaincall/AjaxReportQueryService.refreshCache.dwr HTTP/1.1" 200 78
180.156.213.241 - - [27/Jun/2023:09:03:44 +0800] "GET /xingrg/all/function/internal_message.html?_=1687827823663&CODE_STATE=getMsg HTTP/1.1" 302 -
222.70.180.90 - - [27/Jun/2023:09:03:45 +0800] "GET /xingrg/all/function/internal_message.html?_=1687827824590&CODE_STATE=getMsg HTTP/1.1" 200 27
124.77.245.69 - - [27/Jun/2023:09:03:45 +0800] "GET /xingrg/all/function/internal_message.html?_=1687827831063&CODE_STATE=getMsg HTTP/1.1" 200 27
180.169.147.146 - - [27/Jun/2023:09:03:46 +0800] "POST /xingrg/all/report/load_report_page.html HTTP/1.1" 200 51093
180.169.147.146 - - [27/Jun/2023:09:03:46 +0800] "GET /xingrg/servlets/image?cache=0.1059377407851324&image=px HTTP/1.1" 200 807
218.81.71.30 - - [27/Jun/2023:09:03:46 +0800] "POST /xingrg/dwr/call/plaincall/AjaxQqpsService.saveMaterielItem.dwr HTTP/1.1" 200 79
180.169.147.146 - - [27/Jun/2023:09:03:48 +0800] "GET /xingrg/all/function/internal_message.html?_=1687827827362&CODE_STATE=getMsg HTTP/1.1" 302 -
218.81.71.30 - - [27/Jun/2023:09:03:49 +0800] "POST /xingrg/dwr/call/plaincall/AjaxQqpsService.getMaterielByCode.dwr HTTP/1.1" 200 2463
218.81.71.30 - - [27/Jun/2023:09:03:53 +0800] "POST /xingrg/dwr/call/plaincall/AjaxQqpsService.saveMaterielItem.dwr HTTP/1.1" 200 79
180.169.147.146 - - [27/Jun/2023:09:03:54 +0800] "GET /xingrg/all/function/internal_message.html?_=1687827833745&CODE_STATE=getMsg HTTP/1.1" 200 27
180.163.29.206 - - [27/Jun/2023:09:03:54 +0800] "GET /xingrg/all/function/internal_message.html?_=1687827773763&CODE_STATE=getMsg HTTP/1.1" 302 -
180.163.29.206 - - [27/Jun/2023:09:03:54 +0800] "GET /xingrg/login.html HTTP/1.1" 200 7641
222.69.128.63 - - [27/Jun/2023:09:03:55 +0800] "GET /xingrg/kc/buy/cgsh_order_operate.html?command=get_materiel&rest_code=00149&code=00101008223&supplier_code=00100008&order_time=2023-06-27 HTTP/1.1" 200 412
180.163.30.100 - - [27/Jun/2023:09:03:56 +0800] "GET /xingrg/servlets/image?cache=0.31666014411813304&image=px HTTP/1.1" 200 807
218.81.71.30 - - [27/Jun/2023:09:03:57 +0800] "POST /xingrg/dwr/call/plaincall/AjaxQqpsService.getMaterielByCode.dwr HTTP/1.1" 200 2457
222.70.180.90 - - [27/Jun/2023:09:03:57 +0800] "POST /xingrg/kc/buy/cgsh_order_operate.html HTTP/1.1" 200 37
218.81.71.30 - - [27/Jun/2023:09:03:59 +0800] "POST /xingrg/dwr/call/plaincall/AjaxQqpsService.saveMaterielItem.dwr HTTP/1.1" 200 79
222.70.180.90 - - [27/Jun/2023:09:04:00 +0800] "POST /xingrg/kc/buy/cgsh_order_operate.html HTTP/1.1" 200 4432
116.238.191.126 - - [27/Jun/2023:09:04:01 +0800] "GET /xingrg/kc/buy/cgsh_order_operate.html?command=get_materiel&rest_code=00151&code=00101008356&supplier_code=00100008&order_time=2023-06-27 HTTP/1.1" 200 408
218.81.71.30 - - [27/Jun/2023:09:04:01 +0800] "POST /xingrg/dwr/call/plaincall/AjaxQqpsService.getMaterielByCode.dwr HTTP/1.1" 200 2506
222.70.180.90 - - [27/Jun/2023:09:04:02 +0800] "GET /xingrg/kc/print/load_data.html?order_code=212023062709774&kc_code=cgsh&condition= HTTP/1.1" 200 1398
124.79.243.110 - - [27/Jun/2023:09:04:04 +0800] "GET /xingrg/all/function/internal_message.html?_=1687828127563&CODE_STATE=getMsg HTTP/1.1" 200 27
218.81.71.30 - - [27/Jun/2023:09:04:06 +0800] "POST /xingrg/dwr/call/plaincall/AjaxQqpsService.saveMaterielItem.dwr HTTP/1.1" 200 79
222.70.180.90 - - [27/Jun/2023:09:04:08 +0800] "GET /xingrg/kc/buy/cgsh_order_add.html HTTP/1.1" 200 71534
116.232.195.127 - - [27/Jun/2023:09:04:08 +0800] "GET /xingrg/all/function/internal_message.html?_=1687827834981&CODE_STATE=getMsg HTTP/1.1" 200 27
222.70.180.90 - - [27/Jun/2023:09:04:08 +0800] "POST /xingrg/kc/buy/cgsh_order_operate.html HTTP/1.1" 200 8245
222.70.180.90 - - [27/Jun/2023:09:04:08 +0800] "GET /xingrg/javascript/easyui/themes/default/validatebox.css HTTP/1.1" 404 1104
101.83.145.52 - - [27/Jun/2023:09:04:10 +0800] "GET /xingrg/kc/buy/cgsh_order_add.html HTTP/1.1" 200 71660
101.83.145.52 - - [27/Jun/2023:09:04:11 +0800] "POST /xingrg/kc/buy/cgsh_order_operate.html HTTP/1.1" 200 8245
101.83.145.52 - - [27/Jun/2023:09:04:11 +0800] "GET /xingrg/javascript/easyui/themes/default/validatebox.css HTTP/1.1" 404 1104
114.85.113.108 - - [27/Jun/2023:09:04:11 +0800] "GET /xingrg/all/function/internal_message.html?_=1687827850801&CODE_STATE=getMsg HTTP/1.1" 200 27
101.83.145.52 - - [27/Jun/2023:09:04:11 +0800] "GET /xingrg/all/function/internal_message.html?_=1687827672165&CODE_STATE=getMsg HTTP/1.1" 200 27
116.238.191.126 - - [27/Jun/2023:09:04:14 +0800] "GET /xingrg/kc/buy/cgsh_order_operate.html?command=get_materiel&rest_code=00151&code=00101008137&supplier_code=00100008&order_time=2023-06-27 HTTP/1.1" 200 408
116.238.191.126 - - [27/Jun/2023:09:04:18 +0800] "GET /xingrg/all/function/internal_message.html?_=1687827858150&CODE_STATE=getMsg HTTP/1.1" 200 27
222.69.128.63 - - [27/Jun/2023:09:04:19 +0800] "GET /xingrg/kc/buy/cgsh_order_operate.html?command=get_materiel&rest_code=00149&code=00101008330&supplier_code=00100008&order_time=2023-06-27 HTTP/1.1" 200 408
61.170.233.201 - - [27/Jun/2023:09:04:19 +0800] "GET /xingrg/all/function/internal_message.html?_=1687827858007&CODE_STATE=getMsg HTTP/1.1" 200 27
180.163.29.212 - - [27/Jun/2023:09:04:22 +0800] "GET /xingrg/all/function/internal_message.html?_=1687827798035&CODE_STATE=getMsg HTTP/1.1" 302 -
180.163.29.212 - - [27/Jun/2023:09:04:22 +0800] "GET /xingrg/login.html HTTP/1.1" 200 7641
222.70.180.90 - - [27/Jun/2023:09:04:22 +0800] "GET /xingrg/kc/buy/cgsh_order_operate.html?command=get_materiel&rest_code=00111&code=00101008261&supplier_code=00100005&order_time=2023-06-27 HTTP/1.1" 200 408
116.238.191.126 - - [27/Jun/2023:09:04:22 +0800] "GET /xingrg/kc/buy/cgsh_order_operate.html?command=get_materiel&rest_code=00151&code=00101008362&supplier_code=00100008&order_time=2023-06-27 HTTP/1.1" 200 408
116.238.191.126 - - [27/Jun/2023:09:04:23 +0800] "GET /xingrg/all/function/internal_message.html?_=1687827783930&CODE_STATE=getMsg HTTP/1.1" 200 27
222.69.128.63 - - [27/Jun/2023:09:04:23 +0800] "GET /xingrg/all/function/internal_message.html?_=1687827863191&CODE_STATE=getMsg HTTP/1.1" 200 27
218.81.71.30 - - [27/Jun/2023:09:04:28 +0800] "POST /xingrg/dwr/call/plaincall/AjaxQqpsService.checkOrder.dwr HTTP/1.1" 200 79
101.83.145.52 - - [27/Jun/2023:09:04:29 +0800] "GET /xingrg/kc/buy/cgsh_order_operate.html?command=get_materiel&rest_code=00105&code=00101002027&supplier_code=00100397&order_time=2023-06-27 HTTP/1.1" 200 413
218.81.71.30 - - [27/Jun/2023:09:04:30 +0800] "GET /xingrg/check_reg.html?_=1687827871253 HTTP/1.1" 200 22
222.67.234.146 - - [27/Jun/2023:09:04:30 +0800] "GET /xingrg/all/function/internal_message.html?_=1687827359475&CODE_STATE=getMsg HTTP/1.1" 200 27
218.81.71.30 - - [27/Jun/2023:09:04:30 +0800] "GET /xingrg/kc/mdqp/qqps_order_info.html?code=302023062600425 HTTP/1.1" 200 24083
218.81.71.30 - - [27/Jun/2023:09:04:30 +0800] "GET /xingrg/dwr/interface/AjaxComOrderService.js HTTP/1.1" 200 18264
218.81.71.30 - - [27/Jun/2023:09:04:30 +0800] "GET /xingrg/dwr/interface/AjaxQqpsService.js HTTP/1.1" 200 16326
218.81.71.30 - - [27/Jun/2023:09:04:31 +0800] "GET /xingrg/dwr/engine.js HTTP/1.1" 200 43631
218.81.71.30 - - [27/Jun/2023:09:04:31 +0800] "GET /xingrg/words/20230625130449_words.js HTTP/1.1" 304 -
218.81.71.30 - - [27/Jun/2023:09:04:32 +0800] "POST /xingrg/dwr/call/plaincall/AjaxQqpsService.loadMaterielItems.dwr HTTP/1.1" 200 3917
116.238.191.126 - - [27/Jun/2023:09:04:32 +0800] "GET /xingrg/kc/buy/cgsh_order_operate.html?command=get_materiel&rest_code=00151&code=00101008077&supplier_code=00100008&order_time=2023-06-27 HTTP/1.1" 200 416
222.70.180.90 - - [27/Jun/2023:09:04:32 +0800] "GET /xingrg/kc/buy/cgsh_order_operate.html?command=get_materiel&rest_code=00111&code=00101008372&supplier_code=00100005&order_time=2023-06-27 HTTP/1.1" 200 410
180.165.154.167 - - [27/Jun/2023:09:04:41 +0800] "POST /xingrg/services/DataTransmitService HTTP/1.1" 200 524
116.238.191.126 - - [27/Jun/2023:09:04:42 +0800] "GET /xingrg/kc/buy/cgsh_order_operate.html?command=get_materiel&rest_code=00151&code=00101008223&supplier_code=00100008&order_time=2023-06-27 HTTP/1.1" 200 412
222.70.180.90 - - [27/Jun/2023:09:04:43 +0800] "GET /xingrg/kc/buy/cgsh_order_operate.html?command=get_materiel&rest_code=00111&code=00101008169&supplier_code=00100005&order_time=2023-06-27 HTTP/1.1" 200 412
180.156.213.241 - - [27/Jun/2023:09:04:44 +0800] "GET /xingrg/all/function/internal_message.html?_=1687827883636&CODE_STATE=getMsg HTTP/1.1" 302 -
222.69.128.63 - - [27/Jun/2023:09:04:45 +0800] "GET /xingrg/kc/buy/cgsh_order_operate.html?command=get_materiel&rest_code=00149&code=00101008357&supplier_code=00100008&order_time=2023-06-27 HTTP/1.1" 200 408
222.70.180.90 - - [27/Jun/2023:09:04:45 +0800] "GET /xingrg/all/function/internal_message.html?_=1687827884574&CODE_STATE=getMsg HTTP/1.1" 200 27
124.77.245.69 - - [27/Jun/2023:09:04:45 +0800] "GET /xingrg/all/function/internal_message.html?_=1687827891161&CODE_STATE=getMsg HTTP/1.1" 200 27
180.163.29.103 - - [27/Jun/2023:09:04:46 +0800] "GET /xingrg/servlets/image?cache=0.1059377407851324&image=px HTTP/1.1" 200 807
180.169.147.146 - - [27/Jun/2023:09:04:47 +0800] "POST /xingrg/dwr/call/plaincall/AjaxReportQueryService.refreshCache.dwr HTTP/1.1" 200 78
180.169.147.146 - - [27/Jun/2023:09:04:48 +0800] "GET /xingrg/all/function/internal_message.html?_=1687827887359&CODE_STATE=getMsg HTTP/1.1" 302 -
180.169.147.146 - - [27/Jun/2023:09:04:51 +0800] "POST /xingrg/all/report/load_report_page.html HTTP/1.1" 200 51275
180.169.147.146 - - [27/Jun/2023:09:04:51 +0800] "GET /xingrg/servlets/image?cache=0.6543608930913383&image=px HTTP/1.1" 200 807
222.70.180.90 - - [27/Jun/2023:09:04:53 +0800] "GET /xingrg/kc/buy/cgsh_order_operate.html?command=get_materiel&rest_code=00111&code=00101008003&supplier_code=00100005&order_time=2023-06-27 HTTP/1.1" 200 408
120.253.135.82 - - [27/Jun/2023:09:04:53 +0800] "GET /xingrg/check_reg.html?_=1687827724556 HTTP/1.1" 200 22
180.169.147.146 - - [27/Jun/2023:09:04:54 +0800] "GET /xingrg/all/function/internal_message.html?_=1687827893755&CODE_STATE=getMsg HTTP/1.1" 200 27
101.83.145.52 - - [27/Jun/2023:09:04:57 +0800] "GET /xingrg/kc/buy/cgsh_order_operate.html?command=get_materiel&rest_code=00105&code=00101001023&supplier_code=00100397&order_time=2023-06-27 HTTP/1.1" 200 413
116.238.191.126 - - [27/Jun/2023:09:05:03 +0800] "GET /xingrg/kc/buy/cgsh_order_operate.html?command=get_materiel&rest_code=00151&code=00101008169&supplier_code=00100008&order_time=2023-06-27 HTTP/1.1" 200 412
124.79.243.110 - - [27/Jun/2023:09:05:04 +0800] "GET /xingrg/all/function/internal_message.html?_=1687828187562&CODE_STATE=getMsg HTTP/1.1" 200 27
222.67.234.146 - - [27/Jun/2023:09:05:05 +0800] "GET /xingrg/kc/buy/buy_main.html HTTP/1.1" 200 12412
222.67.234.146 - - [27/Jun/2023:09:05:05 +0800] "GET /xingrg/css/new_ie.css HTTP/1.1" 404 1036
222.67.234.146 - - [27/Jun/2023:09:05:05 +0800] "GET /xingrg/images/yd/bt.gif HTTP/1.1" 404 1040
222.70.180.90 - - [27/Jun/2023:09:05:06 +0800] "GET /xingrg/kc/buy/cgsh_order_operate.html?command=get_materiel&rest_code=00111&code=00101008270&supplier_code=00100005&order_time=2023-06-27 HTTP/1.1" 200 412
222.67.234.146 - - [27/Jun/2023:09:05:07 +0800] "GET /xingrg/kc/buy/cgsh_order_list.html HTTP/1.1" 200 55802
116.232.195.127 - - [27/Jun/2023:09:05:08 +0800] "GET /xingrg/all/function/internal_message.html?_=1687827894964&CODE_STATE=getMsg HTTP/1.1" 200 27
116.238.191.126 - - [27/Jun/2023:09:05:10 +0800] "GET /xingrg/kc/buy/cgsh_order_operate.html?command=get_materiel&rest_code=00151&code=00101008318&supplier_code=00100008&order_time=2023-06-27 HTTP/1.1" 200 408
222.67.234.146 - - [27/Jun/2023:09:05:10 +0800] "POST /xingrg/kc/buy/cgsh_list_operate.html HTTP/1.1" 200 986
114.85.113.108 - - [27/Jun/2023:09:05:11 +0800] "GET /xingrg/all/function/internal_message.html?_=1687827910800&CODE_STATE=getMsg HTTP/1.1" 200 27
114.85.113.108 - - [27/Jun/2023:09:05:11 +0800] "GET /xingrg/check_reg.html?_=1687827910803 HTTP/1.1" 200 22
101.83.145.52 - - [27/Jun/2023:09:05:11 +0800] "GET /xingrg/all/function/internal_message.html?_=1687827732172&CODE_STATE=getMsg HTTP/1.1" 200 27
222.67.234.146 - - [27/Jun/2023:09:05:12 +0800] "GET /xingrg/kc/buy/cgsh_order_add.html HTTP/1.1" 200 71578
222.67.234.146 - - [27/Jun/2023:09:05:12 +0800] "GET /xingrg/words/20230625130449_words.js HTTP/1.1" 304 -
222.67.234.146 - - [27/Jun/2023:09:05:12 +0800] "GET /xingrg/javascript/easyui/themes/default/validatebox.css HTTP/1.1" 404 1104
222.67.234.146 - - [27/Jun/2023:09:05:12 +0800] "POST /xingrg/kc/buy/cgsh_order_operate.html HTTP/1.1" 200 8245
222.67.234.146 - - [27/Jun/2023:09:05:12 +0800] "GET /xingrg/all/common/auto_word.html?type=employee&rest_code=00141 HTTP/1.1" 200 201
222.67.234.146 - - [27/Jun/2023:09:05:12 +0800] "GET /xingrg/all/common/auto_word.html?type=employee&rest_code=00141 HTTP/1.1" 200 201
222.69.128.63 - - [27/Jun/2023:09:05:15 +0800] "POST /xingrg/kc/buy/cgsh_order_operate.html HTTP/1.1" 200 2065
222.67.234.146 - - [27/Jun/2023:09:05:18 +0800] "GET /xingrg/javascript/auto/indicator.gif HTTP/1.1" 404 1066
116.238.191.126 - - [27/Jun/2023:09:05:18 +0800] "GET /xingrg/all/function/internal_message.html?_=1687827918155&CODE_STATE=getMsg HTTP/1.1" 200 27
61.170.233.201 - - [27/Jun/2023:09:05:19 +0800] "GET /xingrg/all/function/internal_message.html?_=1687827917980&CODE_STATE=getMsg HTTP/1.1" 200 27
116.238.191.126 - - [27/Jun/2023:09:05:19 +0800] "GET /xingrg/kc/buy/cgsh_order_operate.html?command=get_materiel&rest_code=00151&code=00101008352&supplier_code=00100008&order_time=2023-06-27 HTTP/1.1" 200 412
222.67.234.146 - - [27/Jun/2023:09:05:21 +0800] "GET /xingrg/javascript/jquery_tools/images/next.gif HTTP/1.1" 404 1086
222.67.234.146 - - [27/Jun/2023:09:05:21 +0800] "GET /xingrg/javascript/jquery_tools/images/prev.gif HTTP/1.1" 404 1086
180.169.147.146 - - [27/Jun/2023:09:05:21 +0800] "POST /xingrg/dwr/call/plaincall/AjaxReportQueryService.refreshCache.dwr HTTP/1.1" 200 78
116.238.191.126 - - [27/Jun/2023:09:05:23 +0800] "GET /xingrg/all/function/internal_message.html?_=1687827843944&CODE_STATE=getMsg HTTP/1.1" 200 27
222.69.128.63 - - [27/Jun/2023:09:05:23 +0800] "GET /xingrg/check_reg.html?_=1687827923197 HTTP/1.1" 200 22
222.69.128.63 - - [27/Jun/2023:09:05:23 +0800] "GET /xingrg/all/function/internal_message.html?_=1687827923192&CODE_STATE=getMsg HTTP/1.1" 200 27
180.169.147.146 - - [27/Jun/2023:09:05:25 +0800] "POST /xingrg/all/report/load_report_page.html HTTP/1.1" 200 51101
180.169.147.146 - - [27/Jun/2023:09:05:25 +0800] "GET /xingrg/servlets/image?cache=0.195799131351873&image=px HTTP/1.1" 200 807
222.70.180.90 - - [27/Jun/2023:09:05:25 +0800] "GET /xingrg/kc/buy/cgsh_order_operate.html?command=get_materiel&rest_code=00111&code=00101008087&supplier_code=00100005&order_time=2023-06-27 HTTP/1.1" 200 412
222.67.234.146 - - [27/Jun/2023:09:05:27 +0800] "GET /xingrg/kc/buy/cgsh_order_operate.html?command=get_materiel&rest_code=00141&code=00101010092&supplier_code=00100036&order_time=2023-06-27 HTTP/1.1" 200 449
124.77.245.69 - - [27/Jun/2023:09:05:27 +0800] "GET /xingrg/check_reg.html?_=1687827933174 HTTP/1.1" 200 22
222.67.234.146 - - [27/Jun/2023:09:05:30 +0800] "GET /xingrg/all/function/internal_message.html?_=1687827419470&CODE_STATE=getMsg HTTP/1.1" 200 27
116.238.191.126 - - [27/Jun/2023:09:05:36 +0800] "GET /xingrg/kc/buy/cgsh_order_operate.html?command=get_materiel&rest_code=00151&code=00101008364&supplier_code=00100008&order_time=2023-06-27 HTTP/1.1" 200 413
222.67.234.146 - - [27/Jun/2023:09:05:38 +0800] "GET /xingrg/kc/buy/cgsh_order_operate.html?command=get_materiel&rest_code=00141&code=00101012002&supplier_code=00100036&order_time=2023-06-27 HTTP/1.1" 200 419
101.83.145.52 - - [27/Jun/2023:09:05:42 +0800] "GET /xingrg/kc/buy/cgsh_order_operate.html?command=get_materiel&rest_code=00105&code=00101003035&supplier_code=00100397&order_time=2023-06-27 HTTP/1.1" 200 412
180.156.213.241 - - [27/Jun/2023:09:05:44 +0800] "GET /xingrg/all/function/internal_message.html?_=1687827943621&CODE_STATE=getMsg HTTP/1.1" 302 -
180.156.213.241 - - [27/Jun/2023:09:05:44 +0800] "GET /xingrg/check_reg.html?_=1687827943822 HTTP/1.1" 302 -
180.169.147.146 - - [27/Jun/2023:09:05:44 +0800] "POST /xingrg/dwr/call/plaincall/AjaxReportQueryService.refreshCache.dwr HTTP/1.1" 200 78
222.70.180.90 - - [27/Jun/2023:09:05:45 +0800] "GET /xingrg/all/function/internal_message.html?_=1687827944553&CODE_STATE=getMsg HTTP/1.1" 200 27
124.77.245.69 - - [27/Jun/2023:09:05:45 +0800] "GET /xingrg/all/function/internal_message.html?_=1687827951169&CODE_STATE=getMsg HTTP/1.1" 200 27
222.69.128.63 - - [27/Jun/2023:09:05:46 +0800] "GET /xingrg/kc/buy/cgsh_order_operate.html?command=get_materiel&rest_code=00149&code=00101008069&supplier_code=00100008&order_time=2023-06-27 HTTP/1.1" 200 412
222.70.180.90 - - [27/Jun/2023:09:05:46 +0800] "GET /xingrg/kc/buy/cgsh_order_operate.html?command=get_materiel&rest_code=00111&code=00101008353&supplier_code=00100005&order_time=2023-06-27 HTTP/1.1" 200 408
180.169.147.146 - - [27/Jun/2023:09:05:48 +0800] "POST /xingrg/all/report/load_report_page.html HTTP/1.1" 200 51186
180.169.147.146 - - [27/Jun/2023:09:05:48 +0800] "GET /xingrg/servlets/image?cache=0.8105543125389615&image=px HTTP/1.1" 200 807
180.169.147.146 - - [27/Jun/2023:09:05:48 +0800] "GET /xingrg/all/function/internal_message.html?_=1687827947374&CODE_STATE=getMsg HTTP/1.1" 302 -
180.163.29.212 - - [27/Jun/2023:09:05:51 +0800] "GET /xingrg/servlets/image?cache=0.6543608930913383&image=px HTTP/1.1" 200 807
116.238.191.126 - - [27/Jun/2023:09:05:51 +0800] "GET /xingrg/kc/buy/cgsh_order_operate.html?command=get_materiel&rest_code=00151&code=00101037149&supplier_code=00100008&order_time=2023-06-27 HTTP/1.1" 200 418
180.169.147.146 - - [27/Jun/2023:09:05:54 +0800] "GET /xingrg/check_reg.html?_=1687827953739 HTTP/1.1" 200 22
180.169.147.146 - - [27/Jun/2023:09:05:54 +0800] "GET /xingrg/all/function/internal_message.html?_=1687827953744&CODE_STATE=getMsg HTTP/1.1" 200 27
222.67.234.146 - - [27/Jun/2023:09:05:54 +0800] "GET /xingrg/kc/buy/cgsh_order_operate.html?command=get_materiel&rest_code=00141&code=00101012025&supplier_code=00100036&order_time=2023-06-27 HTTP/1.1" 200 412
222.70.180.90 - - [27/Jun/2023:09:05:56 +0800] "GET /xingrg/kc/buy/cgsh_order_operate.html?command=get_materiel&rest_code=00111&code=00101008213&supplier_code=00100005&order_time=2023-06-27 HTTP/1.1" 200 412
180.169.147.146 - - [27/Jun/2023:09:06:00 +0800] "POST /xingrg/dwr/call/plaincall/AjaxReportQueryService.refreshCache.dwr HTTP/1.1" 200 78
124.79.243.110 - - [27/Jun/2023:09:06:04 +0800] "GET /xingrg/all/function/internal_message.html?_=1687828247563&CODE_STATE=getMsg HTTP/1.1" 200 27
116.238.191.126 - - [27/Jun/2023:09:06:07 +0800] "POST /xingrg/kc/buy/cgsh_order_operate.html HTTP/1.1" 200 37
180.169.147.146 - - [27/Jun/2023:09:06:08 +0800] "POST /xingrg/all/report/load_report_page.html HTTP/1.1" 200 51327
180.169.147.146 - - [27/Jun/2023:09:06:08 +0800] "GET /xingrg/servlets/image?cache=0.14490608068182598&image=px HTTP/1.1" 200 807
116.232.195.127 - - [27/Jun/2023:09:06:08 +0800] "GET /xingrg/all/function/internal_message.html?_=1687827954954&CODE_STATE=getMsg HTTP/1.1" 200 27
222.67.234.146 - - [27/Jun/2023:09:06:09 +0800] "GET /xingrg/kc/buy/cgsh_order_operate.html?command=get_materiel&rest_code=00141&code=00101012026&supplier_code=00100036&order_time=2023-06-27 HTTP/1.1" 200 408
116.238.191.126 - - [27/Jun/2023:09:06:09 +0800] "POST /xingrg/kc/buy/cgsh_order_operate.html HTTP/1.1" 200 14036
222.69.128.63 - - [27/Jun/2023:09:06:11 +0800] "GET /xingrg/kc/buy/cgsh_order_operate.html?command=get_materiel&rest_code=00149&code=00101008286&supplier_code=00100008&order_time=2023-06-27 HTTP/1.1" 200 408
114.85.113.108 - - [27/Jun/2023:09:06:11 +0800] "GET /xingrg/all/function/internal_message.html?_=1687827970803&CODE_STATE=getMsg HTTP/1.1" 200 27
101.83.145.52 - - [27/Jun/2023:09:06:11 +0800] "GET /xingrg/all/function/internal_message.html?_=1687827792173&CODE_STATE=getMsg HTTP/1.1" 200 27
101.83.145.52 - - [27/Jun/2023:09:06:14 +0800] "GET /xingrg/kc/buy/cgsh_order_operate.html?command=get_materiel&rest_code=00105&code=00101001191&supplier_code=00100397&order_time=2023-06-27 HTTP/1.1" 200 415
222.70.180.90 - - [27/Jun/2023:09:06:16 +0800] "GET /xingrg/kc/buy/cgsh_order_operate.html?command=get_materiel&rest_code=00111&code=00101008190&supplier_code=00100005&order_time=2023-06-27 HTTP/1.1" 200 412
116.238.191.126 - - [27/Jun/2023:09:06:18 +0800] "GET /xingrg/check_reg.html?_=1687827978159 HTTP/1.1" 200 22
116.238.191.126 - - [27/Jun/2023:09:06:18 +0800] "GET /xingrg/all/function/internal_message.html?_=1687827978161&CODE_STATE=getMsg HTTP/1.1" 200 27
61.170.233.201 - - [27/Jun/2023:09:06:19 +0800] "GET /xingrg/all/function/internal_message.html?_=1687827977949&CODE_STATE=getMsg HTTP/1.1" 200 27
180.163.30.27 - - [27/Jun/2023:09:06:19 +0800] "GET /xingrg/all/function/internal_message.html?_=1687827917980&CODE_STATE=getMsg HTTP/1.1" 302 -
180.163.30.27 - - [27/Jun/2023:09:06:19 +0800] "GET /xingrg/login.html HTTP/1.1" 200 7641
116.238.191.126 - - [27/Jun/2023:09:06:19 +0800] "GET /xingrg/kc/buy/cgsh_order_operate.html?command=get_materiel&rest_code=00151&code=00101008403&supplier_code=00100008&order_time=2023-06-27 HTTP/1.1" 200 412
61.170.233.201 - - [27/Jun/2023:09:06:19 +0800] "GET /xingrg/check_reg.html?_=1687827978410 HTTP/1.1" 200 22
222.67.234.146 - - [27/Jun/2023:09:06:21 +0800] "GET /xingrg/kc/buy/cgsh_order_operate.html?command=get_materiel&rest_code=00141&code=00101011010&supplier_code=00100036&order_time=2023-06-27 HTTP/1.1" 200 418
116.238.191.126 - - [27/Jun/2023:09:06:23 +0800] "GET /xingrg/check_reg.html?_=1687827903909 HTTP/1.1" 200 22
116.238.191.126 - - [27/Jun/2023:09:06:23 +0800] "GET /xingrg/all/function/internal_message.html?_=1687827903957&CODE_STATE=getMsg HTTP/1.1" 200 27
222.69.128.63 - - [27/Jun/2023:09:06:23 +0800] "GET /xingrg/all/function/internal_message.html?_=1687827983207&CODE_STATE=getMsg HTTP/1.1" 200 27
180.163.28.180 - - [27/Jun/2023:09:06:25 +0800] "GET /xingrg/servlets/image?cache=0.195799131351873&image=px HTTP/1.1" 200 807
222.70.180.90 - - [27/Jun/2023:09:06:26 +0800] "GET /xingrg/kc/buy/cgsh_order_operate.html?command=get_materiel&rest_code=00111&code=00101008403&supplier_code=00100005&order_time=2023-06-27 HTTP/1.1" 200 412
222.67.234.146 - - [27/Jun/2023:09:06:28 +0800] "GET /xingrg/kc/buy/cgsh_order_operate.html?command=get_materiel&rest_code=00141&code=00102016409&supplier_code=00100036&order_time=2023-06-27 HTTP/1.1" 200 408
222.67.234.146 - - [27/Jun/2023:09:06:30 +0800] "GET /xingrg/all/function/internal_message.html?_=1687827479481&CODE_STATE=getMsg HTTP/1.1" 200 27
116.238.191.126 - - [27/Jun/2023:09:06:32 +0800] "GET /xingrg/kc/buy/cgsh_order_operate.html?command=get_materiel&rest_code=00151&code=00101008085&supplier_code=00100008&order_time=2023-06-27 HTTP/1.1" 200 412
222.70.180.90 - - [27/Jun/2023:09:06:35 +0800] "GET /xingrg/kc/buy/cgsh_order_operate.html?command=get_materiel&rest_code=00111&code=00101008144&supplier_code=00100005&order_time=2023-06-27 HTTP/1.1" 200 412
222.67.234.146 - - [27/Jun/2023:09:06:36 +0800] "GET /xingrg/kc/buy/cgsh_order_operate.html?command=get_materiel&rest_code=00141&code=00101016025&supplier_code=00100036&order_time=2023-06-27 HTTP/1.1" 200 408
180.156.213.241 - - [27/Jun/2023:09:06:44 +0800] "GET /xingrg/all/function/internal_message.html?_=1687828003612&CODE_STATE=getMsg HTTP/1.1" 302 -
222.70.180.90 - - [27/Jun/2023:09:06:45 +0800] "GET /xingrg/all/function/internal_message.html?_=1687828004531&CODE_STATE=getMsg HTTP/1.1" 200 27
124.77.245.69 - - [27/Jun/2023:09:06:45 +0800] "GET /xingrg/all/function/internal_message.html?_=1687828011182&CODE_STATE=getMsg HTTP/1.1" 200 27
222.70.180.90 - - [27/Jun/2023:09:06:45 +0800] "GET /xingrg/check_reg.html?_=1687828004824 HTTP/1.1" 200 22
222.67.234.146 - - [27/Jun/2023:09:06:47 +0800] "POST /xingrg/kc/buy/cgsh_order_operate.html HTTP/1.1" 200 37
180.163.28.114 - - [27/Jun/2023:09:06:48 +0800] "GET /xingrg/servlets/image?cache=0.8105543125389615&image=px HTTP/1.1" 200 807
180.169.147.146 - - [27/Jun/2023:09:06:48 +0800] "GET /xingrg/all/function/internal_message.html?_=1687828007374&CODE_STATE=getMsg HTTP/1.1" 302 -
180.169.147.146 - - [27/Jun/2023:09:06:50 +0800] "GET /xingrg/kc/report/report_main.html HTTP/1.1" 200 8599
222.70.180.90 - - [27/Jun/2023:09:06:52 +0800] "GET /xingrg/kc/buy/cgsh_order_operate.html?command=get_materiel&rest_code=00111&code=00101008185&supplier_code=00100005&order_time=2023-06-27 HTTP/1.1" 200 408
180.163.28.68 - - [27/Jun/2023:09:06:54 +0800] "GET /xingrg/all/function/internal_message.html?_=1687827953744&CODE_STATE=getMsg HTTP/1.1" 302 -
180.169.147.146 - - [27/Jun/2023:09:06:54 +0800] "GET /xingrg/all/function/internal_message.html?_=1687828013738&CODE_STATE=getMsg HTTP/1.1" 200 27
180.163.28.68 - - [27/Jun/2023:09:06:54 +0800] "GET /xingrg/login.html HTTP/1.1" 200 7641
180.169.147.146 - - [27/Jun/2023:09:06:56 +0800] "GET /xingrg/all/report/report_query.html?fileName=kc/buy/wlcg_cate_hz_rest.xml&autoQuery=1 HTTP/1.1" 200 53789
180.169.147.146 - - [27/Jun/2023:09:06:56 +0800] "GET /xingrg/dwr/interface/AjaxReportQueryService.js HTTP/1.1" 200 13203
180.169.147.146 - - [27/Jun/2023:09:06:56 +0800] "GET /xingrg/dwr/engine.js HTTP/1.1" 200 43631
180.169.147.146 - - [27/Jun/2023:09:06:57 +0800] "POST /xingrg/dwr/call/plaincall/AjaxReportQueryService.getFixDate.dwr HTTP/1.1" 200 111
180.169.147.146 - - [27/Jun/2023:09:06:57 +0800] "POST /xingrg/all/common/load_tree.html?tree=area_rest_tree_json&manage=1 HTTP/1.1" 200 3499
222.67.234.146 - - [27/Jun/2023:09:06:57 +0800] "POST /xingrg/kc/buy/cgsh_order_operate.html HTTP/1.1" 200 116
180.169.147.146 - - [27/Jun/2023:09:06:59 +0800] "POST /xingrg/all/common/load_tree.html?tree=supplier_tree_json&manage=1 HTTP/1.1" 200 76485
180.169.147.146 - - [27/Jun/2023:09:07:00 +0800] "POST /xingrg/all/common/load_tree.html?tree=materiel_sort_tree_json HTTP/1.1" 200 9500
222.67.234.146 - - [27/Jun/2023:09:07:03 +0800] "GET /xingrg/kc/buy/buy_main.html HTTP/1.1" 200 12412
222.67.234.146 - - [27/Jun/2023:09:07:03 +0800] "GET /xingrg/css/new_ie.css HTTP/1.1" 404 1036
222.67.234.146 - - [27/Jun/2023:09:07:03 +0800] "GET /xingrg/images/yd/bt.gif HTTP/1.1" 404 1040
124.79.243.110 - - [27/Jun/2023:09:07:04 +0800] "GET /xingrg/all/function/internal_message.html?_=1687828307561&CODE_STATE=getMsg HTTP/1.1" 200 27
124.79.243.110 - - [27/Jun/2023:09:07:04 +0800] "GET /xingrg/check_reg.html?_=1687828307565 HTTP/1.1" 200 22
116.238.191.126 - - [27/Jun/2023:09:07:07 +0800] "POST /xingrg/kc/buy/cgsh_order_operate.html HTTP/1.1" 200 64
116.232.195.127 - - [27/Jun/2023:09:07:08 +0800] "GET /xingrg/all/function/internal_message.html?_=1687828014931&CODE_STATE=getMsg HTTP/1.1" 200 27
101.83.145.52 - - [27/Jun/2023:09:07:08 +0800] "POST /xingrg/kc/buy/cgsh_order_operate.html HTTP/1.1" 200 37
180.169.147.146 - - [27/Jun/2023:09:07:09 +0800] "POST /xingrg/all/report/load_report_page.html HTTP/1.1" 200 8712
180.169.147.146 - - [27/Jun/2023:09:07:09 +0800] "GET /xingrg/servlets/image?cache=0.7946504803802197&image=px HTTP/1.1" 200 807
222.67.234.146 - - [27/Jun/2023:09:07:09 +0800] "GET /xingrg/kc/buy/cgsh_order_list.html HTTP/1.1" 200 8212
61.170.233.201 - - [27/Jun/2023:09:07:09 +0800] "GET /xingrg/kc/buy/cgsh_order_add.html HTTP/1.1" 200 8212
222.67.234.146 - - [27/Jun/2023:09:07:10 +0800] "GET /xingrg/kc/buy/cgsh_order_list.html HTTP/1.1" 200 55802
61.170.233.201 - - [27/Jun/2023:09:07:10 +0800] "GET /xingrg/kc/buy/cgsh_order_add.html HTTP/1.1" 200 71578
61.170.233.201 - - [27/Jun/2023:09:07:10 +0800] "POST /xingrg/kc/buy/cgsh_order_operate.html HTTP/1.1" 200 8245
61.170.233.201 - - [27/Jun/2023:09:07:10 +0800] "GET /xingrg/javascript/easyui/themes/default/validatebox.css HTTP/1.1" 404 1104
222.70.180.90 - - [27/Jun/2023:09:07:10 +0800] "GET /xingrg/kc/buy/cgsh_order_operate.html?command=get_materiel&rest_code=00111&code=00101008361&supplier_code=00100005&order_time=2023-06-27 HTTP/1.1" 200 408
114.85.113.108 - - [27/Jun/2023:09:07:11 +0800] "GET /xingrg/all/function/internal_message.html?_=1687828030806&CODE_STATE=getMsg HTTP/1.1" 200 27
61.170.233.201 - - [27/Jun/2023:09:07:12 +0800] "GET /xingrg/javascript/easyui/themes/default/tree.css HTTP/1.1" 404 1090
222.69.128.63 - - [27/Jun/2023:09:07:13 +0800] "GET /xingrg/kc/buy/cgsh_order_operate.html?command=get_materiel&rest_code=00149&code=00101008036&supplier_code=00100008&order_time=2023-06-27 HTTP/1.1" 200 408
61.170.233.201 - - [27/Jun/2023:09:07:14 +0800] "POST /xingrg/all/common/load_tree.html?tree=supplier_tree_json&isDelete=1 HTTP/1.1" 200 74442
222.67.234.146 - - [27/Jun/2023:09:07:16 +0800] "POST /xingrg/kc/buy/cgsh_list_operate.html HTTP/1.1" 200 1870
116.238.191.126 - - [27/Jun/2023:09:07:18 +0800] "GET /xingrg/all/function/internal_message.html?_=1687828038165&CODE_STATE=getMsg HTTP/1.1" 200 27
61.170.233.201 - - [27/Jun/2023:09:07:19 +0800] "GET /xingrg/all/function/internal_message.html?_=1687828037935&CODE_STATE=getMsg HTTP/1.1" 200 27
180.163.28.68 - - [27/Jun/2023:09:07:19 +0800] "GET /xingrg/all/function/internal_message.html?_=1687827977949&CODE_STATE=getMsg HTTP/1.1" 302 -
180.163.28.68 - - [27/Jun/2023:09:07:19 +0800] "GET /xingrg/login.html HTTP/1.1" 200 7641
180.163.29.206 - - [27/Jun/2023:09:07:19 +0800] "GET /xingrg/check_reg.html?_=1687827978410 HTTP/1.1" 302 -
180.163.29.206 - - [27/Jun/2023:09:07:19 +0800] "GET /xingrg/login.html HTTP/1.1" 200 7641
180.169.147.146 - - [27/Jun/2023:09:07:20 +0800] "POST /xingrg/dwr/call/plaincall/AjaxReportQueryService.refreshCache.dwr HTTP/1.1" 200 78
116.238.191.126 - - [27/Jun/2023:09:07:23 +0800] "GET /xingrg/all/function/internal_message.html?_=1687827964040&CODE_STATE=getMsg HTTP/1.1" 200 27
222.69.128.63 - - [27/Jun/2023:09:07:23 +0800] "GET /xingrg/all/function/internal_message.html?_=1687828043200&CODE_STATE=getMsg HTTP/1.1" 200 27
116.238.191.126 - - [27/Jun/2023:09:07:27 +0800] "POST /xingrg/kc/buy/cgsh_order_operate.html HTTP/1.1" 200 37
222.67.234.146 - - [27/Jun/2023:09:07:27 +0800] "POST /xingrg/kc/buy/cgsh_list_operate.html HTTP/1.1" 200 580
101.83.145.52 - - [27/Jun/2023:09:07:27 +0800] "POST /xingrg/kc/buy/cgsh_order_operate.html HTTP/1.1" 200 5030
180.169.147.146 - - [27/Jun/2023:09:07:28 +0800] "POST /xingrg/all/report/load_report_page.html HTTP/1.1" 200 8715
180.169.147.146 - - [27/Jun/2023:09:07:28 +0800] "GET /xingrg/servlets/image?cache=0.2561925449066942&image=px HTTP/1.1" 200 807
222.67.234.146 - - [27/Jun/2023:09:07:30 +0800] "GET /xingrg/all/function/internal_message.html?_=1687827539517&CODE_STATE=getMsg HTTP/1.1" 200 27
222.69.128.63 - - [27/Jun/2023:09:07:32 +0800] "GET /xingrg/kc/buy/cgsh_order_operate.html?command=get_materiel&rest_code=00149&code=00101008318&supplier_code=00100008&order_time=2023-06-27 HTTP/1.1" 200 408
61.170.233.201 - - [27/Jun/2023:09:07:32 +0800] "GET /xingrg/kc/buy/cgsh_order_operate.html?command=get_materiel&rest_code=00106&code=00101008091&supplier_code=00100007&order_time=2023-06-27 HTTP/1.1" 200 413
116.238.191.126 - - [27/Jun/2023:09:07:33 +0800] "POST /xingrg/kc/buy/cgsh_order_operate.html HTTP/1.1" 200 15237
222.70.180.90 - - [27/Jun/2023:09:07:33 +0800] "GET /xingrg/kc/buy/cgsh_order_operate.html?command=get_materiel&rest_code=00111&code=00101008155&supplier_code=00100005&order_time=2023-06-27 HTTP/1.1" 200 23
101.83.145.52 - - [27/Jun/2023:09:07:34 +0800] "GET /xingrg/kc/print/load_data.html?order_code=212023062709779&kc_code=cgsh&condition= HTTP/1.1" 200 1571
222.67.234.146 - - [27/Jun/2023:09:07:34 +0800] "GET /xingrg/kc/buy/cgsh_order_info.html?code=212023062709778 HTTP/1.1" 200 71589
222.67.234.146 - - [27/Jun/2023:09:07:34 +0800] "GET /xingrg/javascript/easyui/themes/default/validatebox.css HTTP/1.1" 404 1104
222.67.234.146 - - [27/Jun/2023:09:07:35 +0800] "POST /xingrg/kc/buy/cgsh_order_operate.html HTTP/1.1" 200 5634
222.69.128.63 - - [27/Jun/2023:09:07:38 +0800] "POST /xingrg/kc/buy/cgsh_order_operate.html HTTP/1.1" 200 2065
222.67.234.146 - - [27/Jun/2023:09:07:42 +0800] "POST /xingrg/kc/buy/cgsh_order_operate.html HTTP/1.1" 200 37
180.156.213.241 - - [27/Jun/2023:09:07:43 +0800] "GET /xingrg/all/function/internal_message.html?_=1687828063584&CODE_STATE=getMsg HTTP/1.1" 302 -
61.170.233.201 - - [27/Jun/2023:09:07:45 +0800] "GET /xingrg/kc/buy/cgsh_order_operate.html?command=get_materiel&rest_code=00106&code=00101008256&supplier_code=00100007&order_time=2023-06-27 HTTP/1.1" 200 413
222.70.180.90 - - [27/Jun/2023:09:07:45 +0800] "GET /xingrg/all/function/internal_message.html?_=1687828064514&CODE_STATE=getMsg HTTP/1.1" 200 27
124.77.245.69 - - [27/Jun/2023:09:07:45 +0800] "GET /xingrg/all/function/internal_message.html?_=1687828071269&CODE_STATE=getMsg HTTP/1.1" 200 27
222.69.128.63 - - [27/Jun/2023:09:07:48 +0800] "GET /xingrg/kc/buy/cgsh_order_operate.html?command=get_materiel&rest_code=00149&code=00101008098&supplier_code=00100008&order_time=2023-06-27 HTTP/1.1" 200 412
222.70.180.90 - - [27/Jun/2023:09:07:48 +0800] "GET /xingrg/kc/buy/cgsh_order_operate.html?command=get_materiel&rest_code=00111&code=00101008156&supplier_code=00100005&order_time=2023-06-27 HTTP/1.1" 200 414
180.169.147.146 - - [27/Jun/2023:09:07:48 +0800] "GET /xingrg/check_reg.html?_=1687828067359 HTTP/1.1" 302 -
180.169.147.146 - - [27/Jun/2023:09:07:48 +0800] "GET /xingrg/all/function/internal_message.html?_=1687828067360&CODE_STATE=getMsg HTTP/1.1" 302 -
222.67.234.146 - - [27/Jun/2023:09:07:52 +0800] "POST /xingrg/kc/buy/cgsh_order_operate.html HTTP/1.1" 200 12
180.169.147.146 - - [27/Jun/2023:09:07:54 +0800] "GET /xingrg/all/function/internal_message.html?_=1687828073743&CODE_STATE=getMsg HTTP/1.1" 200 27
180.163.30.100 - - [27/Jun/2023:09:07:54 +0800] "GET /xingrg/all/function/internal_message.html?_=1687828013738&CODE_STATE=getMsg HTTP/1.1" 302 -
180.163.30.100 - - [27/Jun/2023:09:07:54 +0800] "GET /xingrg/login.html HTTP/1.1" 200 7641
222.67.234.146 - - [27/Jun/2023:09:07:55 +0800] "GET /xingrg/kc/buy/cgsh_order_info.html?code=212023062709778 HTTP/1.1" 200 66489
222.67.234.146 - - [27/Jun/2023:09:07:55 +0800] "GET /xingrg/javascript/easyui/themes/default/validatebox.css HTTP/1.1" 404 1104
61.170.233.201 - - [27/Jun/2023:09:07:56 +0800] "GET /xingrg/kc/buy/cgsh_order_operate.html?command=get_materiel&rest_code=00106&code=00101008234&supplier_code=00100007&order_time=2023-06-27 HTTP/1.1" 200 408
222.67.234.146 - - [27/Jun/2023:09:07:57 +0800] "POST /xingrg/kc/buy/cgsh_order_operate.html HTTP/1.1" 200 3582
222.67.234.146 - - [27/Jun/2023:09:07:58 +0800] "GET /xingrg/kc/print/load_config.html?kc_code=cgsh HTTP/1.1" 200 1924
222.67.234.146 - - [27/Jun/2023:09:07:59 +0800] "GET /xingrg/kc/print/load_data.html?order_code=212023062709778&kc_code=cgsh&condition= HTTP/1.1" 200 1921
222.70.180.90 - - [27/Jun/2023:09:08:02 +0800] "GET /xingrg/kc/buy/cgsh_order_operate.html?command=get_materiel&rest_code=00111&code=00101008312&supplier_code=00100005&order_time=2023-06-27 HTTP/1.1" 200 412
222.69.128.63 - - [27/Jun/2023:09:08:03 +0800] "GET /xingrg/kc/buy/cgsh_order_operate.html?command=get_materiel&rest_code=00149&code=00101008005&supplier_code=00100008&order_time=2023-06-27 HTTP/1.1" 200 412
116.232.195.127 - - [27/Jun/2023:09:08:04 +0800] "GET /xingrg/check_reg.html?_=1687828070702 HTTP/1.1" 200 22
124.79.243.110 - - [27/Jun/2023:09:08:04 +0800] "GET /xingrg/all/function/internal_message.html?_=1687828367564&CODE_STATE=getMsg HTTP/1.1" 200 27
222.67.234.146 - - [27/Jun/2023:09:08:06 +0800] "GET /xingrg/kc/buy/cgsh_order_add.html HTTP/1.1" 200 71578
222.67.234.146 - - [27/Jun/2023:09:08:06 +0800] "POST /xingrg/kc/buy/cgsh_order_operate.html HTTP/1.1" 200 8245
222.67.234.146 - - [27/Jun/2023:09:08:06 +0800] "GET /xingrg/javascript/easyui/themes/default/validatebox.css HTTP/1.1" 404 1104
61.170.233.201 - - [27/Jun/2023:09:08:06 +0800] "GET /xingrg/kc/buy/cgsh_order_operate.html?command=get_materiel&rest_code=00106&code=00101008175&supplier_code=00100007&order_time=2023-06-27 HTTP/1.1" 200 412
180.163.29.217 - - [27/Jun/2023:09:08:07 +0800] "GET /xingrg/kc/buy/cgsh_order_add.html HTTP/1.1" 302 -
180.163.29.217 - - [27/Jun/2023:09:08:07 +0800] "GET /xingrg/login.html HTTP/1.1" 200 7641
116.232.195.127 - - [27/Jun/2023:09:08:08 +0800] "GET /xingrg/all/function/internal_message.html?_=1687828074911&CODE_STATE=getMsg HTTP/1.1" 200 27
114.85.113.108 - - [27/Jun/2023:09:08:11 +0800] "GET /xingrg/all/function/internal_message.html?_=1687828090806&CODE_STATE=getMsg HTTP/1.1" 200 27
101.83.145.52 - - [27/Jun/2023:09:08:11 +0800] "GET /xingrg/check_reg.html?_=1687827912163 HTTP/1.1" 200 22
101.83.145.52 - - [27/Jun/2023:09:08:11 +0800] "GET /xingrg/all/function/internal_message.html?_=1687827912183&CODE_STATE=getMsg HTTP/1.1" 200 27
222.70.180.90 - - [27/Jun/2023:09:08:12 +0800] "GET /xingrg/kc/buy/cgsh_order_operate.html?command=get_materiel&rest_code=00111&code=00101008010&supplier_code=00100005&order_time=2023-06-27 HTTP/1.1" 200 412
101.83.145.52 - - [27/Jun/2023:09:08:15 +0800] "GET /xingrg/kc/buy/cgsh_order_add.html HTTP/1.1" 200 71660
101.83.145.52 - - [27/Jun/2023:09:08:16 +0800] "POST /xingrg/kc/buy/cgsh_order_operate.html HTTP/1.1" 200 8245
101.83.145.52 - - [27/Jun/2023:09:08:16 +0800] "GET /xingrg/javascript/easyui/themes/default/validatebox.css HTTP/1.1" 404 1104
116.238.191.126 - - [27/Jun/2023:09:08:18 +0800] "GET /xingrg/all/function/internal_message.html?_=1687828098165&CODE_STATE=getMsg HTTP/1.1" 200 27
61.170.233.201 - - [27/Jun/2023:09:08:18 +0800] "GET /xingrg/all/function/internal_message.html?_=1687828097911&CODE_STATE=getMsg HTTP/1.1" 200 27
180.163.29.79 - - [27/Jun/2023:09:08:19 +0800] "GET /xingrg/all/function/internal_message.html?_=1687828037935&CODE_STATE=getMsg HTTP/1.1" 302 -
180.163.29.79 - - [27/Jun/2023:09:08:19 +0800] "GET /xingrg/login.html HTTP/1.1" 200 7641
222.67.234.146 - - [27/Jun/2023:09:08:22 +0800] "GET /xingrg/kc/buy/cgsh_order_operate.html?command=get_materiel&rest_code=00141&code=00101001075&supplier_code=00100040&order_time=2023-06-27 HTTP/1.1" 200 409
116.238.191.126 - - [27/Jun/2023:09:08:23 +0800] "GET /xingrg/all/function/internal_message.html?_=1687828024047&CODE_STATE=getMsg HTTP/1.1" 200 27
180.169.147.146 - - [27/Jun/2023:09:08:23 +0800] "POST /xingrg/all/report/load_report_page.html HTTP/1.1" 200 33206
180.169.147.146 - - [27/Jun/2023:09:08:23 +0800] "GET /xingrg/servlets/image?cache=0.564203569085786&image=px HTTP/1.1" 200 807
222.69.128.63 - - [27/Jun/2023:09:08:23 +0800] "GET /xingrg/all/function/internal_message.html?_=1687828103212&CODE_STATE=getMsg HTTP/1.1" 200 27
222.70.180.90 - - [27/Jun/2023:09:08:25 +0800] "GET /xingrg/kc/buy/cgsh_order_operate.html?command=get_materiel&rest_code=00111&code=00101008351&supplier_code=00100005&order_time=2023-06-27 HTTP/1.1" 200 408
180.163.29.217 - - [27/Jun/2023:09:08:28 +0800] "GET /xingrg/servlets/image?cache=0.2561925449066942&image=px HTTP/1.1" 200 807
222.67.234.146 - - [27/Jun/2023:09:08:30 +0800] "GET /xingrg/check_reg.html?_=1687827599476 HTTP/1.1" 200 22
222.67.234.146 - - [27/Jun/2023:09:08:30 +0800] "GET /xingrg/all/function/internal_message.html?_=1687827599478&CODE_STATE=getMsg HTTP/1.1" 200 27
222.69.128.63 - - [27/Jun/2023:09:08:34 +0800] "GET /xingrg/kc/buy/cgsh_order_operate.html?command=get_materiel&rest_code=00149&code=00101008353&supplier_code=00100008&order_time=2023-06-27 HTTP/1.1" 200 408
180.169.147.146 - - [27/Jun/2023:09:08:34 +0800] "POST /xingrg/all/report/report_print.html HTTP/1.1" 200 6144
222.67.234.146 - - [27/Jun/2023:09:08:41 +0800] "POST /xingrg/kc/buy/cgsh_order_operate.html HTTP/1.1" 200 37
101.83.145.52 - - [27/Jun/2023:09:08:41 +0800] "GET /xingrg/kc/buy/cgsh_order_operate.html?command=get_materiel&rest_code=00105&code=00101008312&supplier_code=00100203&order_time=2023-06-27 HTTP/1.1" 200 412
222.70.180.90 - - [27/Jun/2023:09:08:41 +0800] "GET /xingrg/kc/buy/cgsh_order_operate.html?command=get_materiel&rest_code=00111&code=00101008360&supplier_code=00100005&order_time=2023-06-27 HTTP/1.1" 200 412
180.156.213.241 - - [27/Jun/2023:09:08:43 +0800] "GET /xingrg/all/function/internal_message.html?_=1687828123567&CODE_STATE=getMsg HTTP/1.1" 302 -
222.70.180.90 - - [27/Jun/2023:09:08:44 +0800] "POST /xingrg/kc/buy/cgsh_order_operate.html HTTP/1.1" 200 2065
222.70.180.90 - - [27/Jun/2023:09:08:45 +0800] "GET /xingrg/all/function/internal_message.html?_=1687828124494&CODE_STATE=getMsg HTTP/1.1" 200 27
124.77.245.69 - - [27/Jun/2023:09:08:45 +0800] "GET /xingrg/all/function/internal_message.html?_=1687828131272&CODE_STATE=getMsg HTTP/1.1" 200 27
180.169.147.146 - - [27/Jun/2023:09:08:48 +0800] "GET /xingrg/all/function/internal_message.html?_=1687828127359&CODE_STATE=getMsg HTTP/1.1" 302 -
116.238.191.126 - - [27/Jun/2023:09:08:51 +0800] "POST /xingrg/kc/buy/cgsh_order_operate.html HTTP/1.1" 200 37
222.67.234.146 - - [27/Jun/2023:09:08:52 +0800] "POST /xingrg/kc/buy/cgsh_order_operate.html HTTP/1.1" 200 12
222.70.180.90 - - [27/Jun/2023:09:08:54 +0800] "GET /xingrg/kc/buy/cgsh_order_operate.html?command=get_materiel&rest_code=00111&code=00101008210&supplier_code=00100005&order_time=2023-06-27 HTTP/1.1" 200 408
180.169.147.146 - - [27/Jun/2023:09:08:54 +0800] "GET /xingrg/all/function/internal_message.html?_=1687828133749&CODE_STATE=getMsg HTTP/1.1" 200 27
222.70.180.90 - - [27/Jun/2023:09:09:04 +0800] "GET /xingrg/kc/buy/cgsh_order_operate.html?command=get_materiel&rest_code=00111&code=00101008148&supplier_code=00100005&order_time=2023-06-27 HTTP/1.1" 200 416
101.83.145.52 - - [27/Jun/2023:09:09:04 +0800] "GET /xingrg/kc/buy/cgsh_order_operate.html?command=get_materiel&rest_code=00105&code=00101008038&supplier_code=00100203&order_time=2023-06-27 HTTP/1.1" 200 412
124.79.243.110 - - [27/Jun/2023:09:09:04 +0800] "GET /xingrg/all/function/internal_message.html?_=1687828427590&CODE_STATE=getMsg HTTP/1.1" 200 27
116.238.191.126 - - [27/Jun/2023:09:09:07 +0800] "POST /xingrg/kc/buy/cgsh_order_operate.html HTTP/1.1" 200 12
222.67.234.146 - - [27/Jun/2023:09:09:08 +0800] "GET /xingrg/kc/buy/cgsh_order_info.html?code=212023062709780 HTTP/1.1" 200 66487
116.232.195.127 - - [27/Jun/2023:09:09:08 +0800] "GET /xingrg/all/function/internal_message.html?_=1687828134893&CODE_STATE=getMsg HTTP/1.1" 200 27
222.67.234.146 - - [27/Jun/2023:09:09:08 +0800] "GET /xingrg/javascript/easyui/themes/default/validatebox.css HTTP/1.1" 404 1104
222.67.234.146 - - [27/Jun/2023:09:09:10 +0800] "POST /xingrg/kc/buy/cgsh_order_operate.html HTTP/1.1" 200 604
116.238.191.126 - - [27/Jun/2023:09:09:11 +0800] "GET /xingrg/kc/buy/cgsh_order_info.html?code=212023062709777 HTTP/1.1" 200 66101
114.85.113.108 - - [27/Jun/2023:09:09:11 +0800] "GET /xingrg/all/function/internal_message.html?_=1687828150805&CODE_STATE=getMsg HTTP/1.1" 200 27
101.83.145.52 - - [27/Jun/2023:09:09:11 +0800] "GET /xingrg/all/function/internal_message.html?_=1687827972174&CODE_STATE=getMsg HTTP/1.1" 200 27
116.238.191.126 - - [27/Jun/2023:09:09:11 +0800] "GET /xingrg/javascript/easyui/themes/default/validatebox.css HTTP/1.1" 404 1104
116.238.191.126 - - [27/Jun/2023:09:09:13 +0800] "POST /xingrg/kc/buy/cgsh_order_operate.html HTTP/1.1" 200 13182
222.67.234.146 - - [27/Jun/2023:09:09:14 +0800] "GET /xingrg/kc/print/load_data.html?order_code=212023062709780&kc_code=cgsh&condition= HTTP/1.1" 200 776
116.238.191.126 - - [27/Jun/2023:09:09:15 +0800] "GET /xingrg/kc/print/load_config.html?kc_code=cgsh HTTP/1.1" 200 1924
222.70.180.90 - - [27/Jun/2023:09:09:16 +0800] "GET /xingrg/kc/buy/cgsh_order_operate.html?command=get_materiel&rest_code=00111&code=00101008238&supplier_code=00100005&order_time=2023-06-27 HTTP/1.1" 200 416
116.238.191.126 - - [27/Jun/2023:09:09:16 +0800] "GET /xingrg/kc/print/load_data.html?order_code=212023062709777&kc_code=cgsh&condition= HTTP/1.1" 200 5587
116.238.191.126 - - [27/Jun/2023:09:09:18 +0800] "GET /xingrg/all/function/internal_message.html?_=1687828158164&CODE_STATE=getMsg HTTP/1.1" 200 27
61.170.233.201 - - [27/Jun/2023:09:09:18 +0800] "GET /xingrg/all/function/internal_message.html?_=1687828157881&CODE_STATE=getMsg HTTP/1.1" 200 27
222.67.234.146 - - [27/Jun/2023:09:09:19 +0800] "GET /xingrg/kc/buy/cgsh_order_add.html HTTP/1.1" 200 71578
61.170.233.201 - - [27/Jun/2023:09:09:19 +0800] "GET /xingrg/kc/buy/cgsh_order_operate.html?command=get_materiel&rest_code=00106&code=00101008155&supplier_code=00100007&order_time=2023-06-27 HTTP/1.1" 200 408
222.67.234.146 - - [27/Jun/2023:09:09:19 +0800] "POST /xingrg/kc/buy/cgsh_order_operate.html HTTP/1.1" 200 8245
222.67.234.146 - - [27/Jun/2023:09:09:19 +0800] "GET /xingrg/javascript/easyui/themes/default/validatebox.css HTTP/1.1" 404 1104
116.238.191.126 - - [27/Jun/2023:09:09:23 +0800] "GET /xingrg/all/function/internal_message.html?_=1687828084123&CODE_STATE=getMsg HTTP/1.1" 200 27
222.69.128.63 - - [27/Jun/2023:09:09:23 +0800] "GET /xingrg/all/function/internal_message.html?_=1687828163210&CODE_STATE=getMsg HTTP/1.1" 200 27
101.83.145.52 - - [27/Jun/2023:09:09:24 +0800] "GET /xingrg/kc/buy/cgsh_order_operate.html?command=get_materiel&rest_code=00105&code=00101008356&supplier_code=00100203&order_time=2023-06-27 HTTP/1.1" 200 408
222.67.234.146 - - [27/Jun/2023:09:09:30 +0800] "GET /xingrg/kc/buy/cgsh_order_operate.html?command=get_materiel&rest_code=00141&code=00101006293&supplier_code=00100012&order_time=2023-06-27 HTTP/1.1" 200 430
218.81.71.30 - - [27/Jun/2023:09:09:30 +0800] "GET /xingrg/check_reg.html?_=1687828171251 HTTP/1.1" 200 22
222.67.234.146 - - [27/Jun/2023:09:09:30 +0800] "GET /xingrg/all/function/internal_message.html?_=1687827659479&CODE_STATE=getMsg HTTP/1.1" 200 27
