116.232.195.127 - - [26/Jun/2023:08:33:09 +0800] "GET /xingrg/kc/buy/cgsh_order_operate.html?command=get_materiel&rest_code=00155&code=00101007072&supplier_code=00100002&order_time=2023-06-26 HTTP/1.1" 200 413
124.77.245.69 - - [26/Jun/2023:08:33:11 +0800] "GET /xingrg/check_reg.html?_=1687739592502 HTTP/1.1" 200 22
116.238.191.126 - - [26/Jun/2023:08:33:17 +0800] "POST /xingrg/kc/buy/cgsh_order_operate.html HTTP/1.1" 200 12
58.40.7.146 - - [26/Jun/2023:08:33:17 +0800] "GET /xingrg/all/function/internal_message.html?_=1687739597743&CODE_STATE=getMsg HTTP/1.1" 200 27
116.232.195.127 - - [26/Jun/2023:08:33:21 +0800] "POST /xingrg/kc/buy/cgsh_order_operate.html HTTP/1.1" 200 37
120.253.135.82 - - [26/Jun/2023:08:33:22 +0800] "GET /xingrg/login.html HTTP/1.1" 200 7641
120.253.135.82 - - [26/Jun/2023:08:33:22 +0800] "GET /xingrg/images/blue/jxLogo.png HTTP/1.1" 304 -
120.253.135.82 - - [26/Jun/2023:08:33:23 +0800] "GET /xingrg/images/blue/login_bg.png HTTP/1.1" 304 -
120.253.135.82 - - [26/Jun/2023:08:33:23 +0800] "GET /xingrg/images/blue/hj.png HTTP/1.1" 304 -
120.253.135.82 - - [26/Jun/2023:08:33:23 +0800] "GET /xingrg/images/blue/srbg.png HTTP/1.1" 304 -
120.253.135.82 - - [26/Jun/2023:08:33:23 +0800] "GET /favicon.ico HTTP/1.1" 404 -
116.232.195.127 - - [26/Jun/2023:08:33:23 +0800] "POST /xingrg/kc/buy/cgsh_order_operate.html HTTP/1.1" 200 3246
116.238.191.126 - - [26/Jun/2023:08:33:24 +0800] "GET /xingrg/kc/buy/cgsh_order_info.html?code=212023062609494 HTTP/1.1" 200 66545
116.238.191.126 - - [26/Jun/2023:08:33:24 +0800] "GET /xingrg/javascript/easyui/themes/default/validatebox.css HTTP/1.1" 404 1104
116.238.191.126 - - [26/Jun/2023:08:33:25 +0800] "POST /xingrg/kc/buy/cgsh_order_operate.html HTTP/1.1" 200 2973
116.232.195.127 - - [26/Jun/2023:08:33:26 +0800] "GET /xingrg/kc/print/load_data.html?order_code=212023062609495&kc_code=cgsh&condition= HTTP/1.1" 200 977
120.253.135.82 - - [26/Jun/2023:08:33:27 +0800] "POST /xingrg/login.do HTTP/1.1" 302 -
120.253.135.82 - - [26/Jun/2023:08:33:27 +0800] "GET /xingrg/index.html?sysBaseUrl=http%3A%2F%2F180.169.147.146%3A18081%2Fxingrg%2F&costTime=2029×tamp=1687739607410 HTTP/1.1" 200 17173
120.253.135.82 - - [26/Jun/2023:08:33:27 +0800] "GET /xingrg/javascript/jquery_easy_ui/themes/icon.css HTTP/1.1" 304 -
120.253.135.82 - - [26/Jun/2023:08:33:27 +0800] "GET /xingrg/javascript/jquery_easy_ui/themes/default/easyui.css HTTP/1.1" 304 -
120.253.135.82 - - [26/Jun/2023:08:33:27 +0800] "GET /xingrg/css/form.css HTTP/1.1" 304 -
120.253.135.82 - - [26/Jun/2023:08:33:27 +0800] "GET /xingrg/javascript/jquery-1.4.2.min.js HTTP/1.1" 304 -
120.253.135.82 - - [26/Jun/2023:08:33:27 +0800] "GET /xingrg/javascript/jquery_easy_ui/jquery.easyui.min.js HTTP/1.1" 304 -
120.253.135.82 - - [26/Jun/2023:08:33:27 +0800] "GET /xingrg/javascript/jquery_easy_ui/easyui-lang-zh_CN.js HTTP/1.1" 304 -
120.253.135.82 - - [26/Jun/2023:08:33:27 +0800] "GET /xingrg/javascript/jquery.timers.js HTTP/1.1" 304 -
120.253.135.82 - - [26/Jun/2023:08:33:27 +0800] "GET /xingrg/javascript/jquery.form.js HTTP/1.1" 304 -
120.253.135.82 - - [26/Jun/2023:08:33:27 +0800] "GET /xingrg/javascript/jquery.utils.js HTTP/1.1" 304 -
120.253.135.82 - - [26/Jun/2023:08:33:27 +0800] "GET /xingrg/images/blue/navBackgound.jpg HTTP/1.1" 304 -
120.253.135.82 - - [26/Jun/2023:08:33:27 +0800] "GET /xingrg/javascript/jquery_easy_ui/themes/icons/settle_new.png HTTP/1.1" 304 -
120.253.135.82 - - [26/Jun/2023:08:33:27 +0800] "GET /favicon.ico HTTP/1.1" 404 -
120.253.135.82 - - [26/Jun/2023:08:33:27 +0800] "GET /xingrg/images/blue/pingpu.png HTTP/1.1" 304 -
120.253.135.82 - - [26/Jun/2023:08:33:27 +0800] "GET /xingrg/javascript/jquery_easy_ui/themes/default/images/tabs_leftarrow.png HTTP/1.1" 304 -
120.253.135.82 - - [26/Jun/2023:08:33:27 +0800] "GET /xingrg/javascript/jquery_easy_ui/themes/default/images/tabs_rightarrow.png HTTP/1.1" 304 -
120.253.135.82 - - [26/Jun/2023:08:33:27 +0800] "GET /xingrg/javascript/jquery_easy_ui/themes/default/images/panel_tool_collapse.gif HTTP/1.1" 304 -
120.253.135.82 - - [26/Jun/2023:08:33:27 +0800] "GET /xingrg/check_reg.html?_=1687739439323 HTTP/1.1" 200 22
120.253.135.82 - - [26/Jun/2023:08:33:27 +0800] "GET /xingrg/all/function/internal_message.html?_=1687739439323&CODE_STATE=count HTTP/1.1" 200 11
120.253.135.82 - - [26/Jun/2023:08:33:27 +0800] "POST /xingrg/all/common/load_tree.html?tree=area_rest_tree_json&manage=1 HTTP/1.1" 200 344
120.253.135.82 - - [26/Jun/2023:08:33:27 +0800] "GET /xingrg/javascript/jquery_easy_ui/themes/default/images/tree_arrows.gif HTTP/1.1" 304 -
120.253.135.82 - - [26/Jun/2023:08:33:28 +0800] "POST /xingrg/load_menu.html HTTP/1.1" 200 6743
120.253.135.82 - - [26/Jun/2023:08:33:28 +0800] "GET /xingrg/javascript/jquery_easy_ui/themes/icons/search_new.png HTTP/1.1" 304 -
120.253.135.82 - - [26/Jun/2023:08:33:28 +0800] "GET /xingrg/javascript/jquery_easy_ui/themes/default/images/tree_folder_open.gif HTTP/1.1" 304 -
120.253.135.82 - - [26/Jun/2023:08:33:28 +0800] "GET /xingrg/javascript/jquery_easy_ui/themes/icons/storage_new.png HTTP/1.1" 304 -
120.253.135.82 - - [26/Jun/2023:08:33:28 +0800] "GET /xingrg/javascript/jquery_easy_ui/themes/icons/forms_new.png HTTP/1.1" 304 -
120.253.135.82 - - [26/Jun/2023:08:33:28 +0800] "GET /xingrg/javascript/jquery_easy_ui/themes/default/images/tree_file.gif HTTP/1.1" 304 -
120.253.135.82 - - [26/Jun/2023:08:33:28 +0800] "GET /xingrg/javascript/jquery_easy_ui/themes/icons/delivery_new.png HTTP/1.1" 304 -
120.253.135.82 - - [26/Jun/2023:08:33:28 +0800] "GET /xingrg/javascript/jquery_easy_ui/themes/default/images/tree_folder.gif HTTP/1.1" 304 -
114.85.113.108 - - [26/Jun/2023:08:33:29 +0800] "GET /xingrg/all/function/internal_message.html?_=1687739609420&CODE_STATE=getMsg HTTP/1.1" 200 27
116.232.195.127 - - [26/Jun/2023:08:33:29 +0800] "GET /xingrg/kc/print/load_data.html?order_code=212023062609495&kc_code=cgsh HTTP/1.1" 200 977
116.238.191.126 - - [26/Jun/2023:08:33:30 +0800] "GET /xingrg/kc/print/load_config.html?kc_code=cgsh HTTP/1.1" 200 1924
116.238.191.126 - - [26/Jun/2023:08:33:31 +0800] "GET /xingrg/kc/print/load_data.html?order_code=212023062609494&kc_code=cgsh&condition= HTTP/1.1" 200 1662
120.253.135.82 - - [26/Jun/2023:08:33:36 +0800] "GET /xingrg/javascript/jquery_easy_ui/themes/default/images/tabs_close.gif HTTP/1.1" 304 -
120.253.135.82 - - [26/Jun/2023:08:33:36 +0800] "GET /xingrg/kc/base/wldb_order_list.html HTTP/1.1" 200 19098
120.253.135.82 - - [26/Jun/2023:08:33:36 +0800] "GET /xingrg/css/base.css HTTP/1.1" 304 -
120.253.135.82 - - [26/Jun/2023:08:33:36 +0800] "GET /xingrg/javascript/jquery_tools/datebox.css HTTP/1.1" 304 -
120.253.135.82 - - [26/Jun/2023:08:33:36 +0800] "GET /xingrg/javascript/easyui/themes/default/easyui.css HTTP/1.1" 304 -
120.253.135.82 - - [26/Jun/2023:08:33:36 +0800] "GET /xingrg/javascript/jquery_tools/fix.css HTTP/1.1" 304 -
120.253.135.82 - - [26/Jun/2023:08:33:36 +0800] "GET /xingrg/javascript/easyui/themes/icon.css HTTP/1.1" 304 -
120.253.135.82 - - [26/Jun/2023:08:33:36 +0800] "GET /xingrg/javascript/auto/jquery.autocomplete.css HTTP/1.1" 304 -
120.253.135.82 - - [26/Jun/2023:08:33:36 +0800] "GET /xingrg/javascript/jquery_tools/table.css HTTP/1.1" 304 -
120.253.135.82 - - [26/Jun/2023:08:33:36 +0800] "GET /xingrg/css/site.css HTTP/1.1" 304 -
120.253.135.82 - - [26/Jun/2023:08:33:36 +0800] "GET /xingrg/javascript/jquery_tools/list_manager.js HTTP/1.1" 304 -
120.253.135.82 - - [26/Jun/2023:08:33:36 +0800] "GET /xingrg/javascript/jquery_tools/jquery.tools.table.js HTTP/1.1" 304 -
120.253.135.82 - - [26/Jun/2023:08:33:36 +0800] "GET /xingrg/javascript/auto/jquery.autocomplete.js HTTP/1.1" 304 -
120.253.135.82 - - [26/Jun/2023:08:33:36 +0800] "GET /xingrg/javascript/easyui/easyloader.js HTTP/1.1" 304 -
120.253.135.82 - - [26/Jun/2023:08:33:36 +0800] "GET /xingrg/javascript/jquery_tools/jquery.tools.hotkey.js HTTP/1.1" 304 -
120.253.135.82 - - [26/Jun/2023:08:33:36 +0800] "GET /xingrg/javascript/jquery_tools/jquery.tools.min.js HTTP/1.1" 304 -
120.253.135.82 - - [26/Jun/2023:08:33:36 +0800] "GET /xingrg/javascript/jquery_tools/jquery.tools.extend.js HTTP/1.1" 304 -
120.253.135.82 - - [26/Jun/2023:08:33:36 +0800] "GET /xingrg/javascript/print/LodopFuncs.js HTTP/1.1" 304 -
120.253.135.82 - - [26/Jun/2023:08:33:36 +0800] "GET /xingrg/javascript/jquery.cookie.js HTTP/1.1" 304 -
120.253.135.82 - - [26/Jun/2023:08:33:37 +0800] "GET /xingrg/javascript/easyui/themes/icons/edit_add_new.png HTTP/1.1" 304 -
120.253.135.82 - - [26/Jun/2023:08:33:37 +0800] "GET /xingrg/javascript/easyui/themes/icons/cance_new.png HTTP/1.1" 304 -
120.253.135.82 - - [26/Jun/2023:08:33:37 +0800] "GET /xingrg/javascript/easyui/themes/icons/field_new.png HTTP/1.1" 304 -
120.253.135.82 - - [26/Jun/2023:08:33:37 +0800] "GET /xingrg/javascript/easyui/themes/icons/check_new.png HTTP/1.1" 304 -
120.253.135.82 - - [26/Jun/2023:08:33:37 +0800] "GET /xingrg/javascript/easyui/themes/icons/import_new.png HTTP/1.1" 304 -
120.253.135.82 - - [26/Jun/2023:08:33:37 +0800] "GET /xingrg/javascript/jquery_easy_ui/themes/icons/area.png HTTP/1.1" 304 -
120.253.135.82 - - [26/Jun/2023:08:33:37 +0800] "GET /xingrg/javascript/jquery_easy_ui/themes/icons/manage.png HTTP/1.1" 304 -
120.253.135.82 - - [26/Jun/2023:08:33:37 +0800] "GET /xingrg/javascript/easyui/plugins/jquery.parser.js HTTP/1.1" 304 -
120.253.135.82 - - [26/Jun/2023:08:33:37 +0800] "GET /xingrg/images/control/ajaxLoader.gif HTTP/1.1" 304 -
120.253.135.82 - - [26/Jun/2023:08:33:38 +0800] "POST /xingrg/kc/base/wldb_list_operate.html HTTP/1.1" 200 1772
120.253.135.82 - - [26/Jun/2023:08:33:40 +0800] "POST /xingrg/kc/base/wldb_list_operate.html HTTP/1.1" 200 233
116.238.191.126 - - [26/Jun/2023:08:33:40 +0800] "GET /xingrg/all/function/internal_message.html?_=1687739543072&CODE_STATE=getMsg HTTP/1.1" 200 27
120.253.135.82 - - [26/Jun/2023:08:33:41 +0800] "GET /xingrg/kc/base/wldb_order_info.html?code=422023062602187 HTTP/1.1" 200 30393
120.253.135.82 - - [26/Jun/2023:08:33:41 +0800] "GET /xingrg/javascript/pic_change.js HTTP/1.1" 304 -
120.253.135.82 - - [26/Jun/2023:08:33:41 +0800] "GET /xingrg/javascript/print/kc_print.js HTTP/1.1" 304 -
120.253.135.82 - - [26/Jun/2023:08:33:41 +0800] "GET /xingrg/javascript/jquery_tools/order_manager.js HTTP/1.1" 304 -
120.253.135.82 - - [26/Jun/2023:08:33:41 +0800] "GET /xingrg/javascript/convert.js HTTP/1.1" 304 -
120.253.135.82 - - [26/Jun/2023:08:33:41 +0800] "GET /xingrg/javascript/json2.js HTTP/1.1" 304 -
120.253.135.82 - - [26/Jun/2023:08:33:41 +0800] "GET /xingrg/words/20230625130449_words.js HTTP/1.1" 304 -
120.253.135.82 - - [26/Jun/2023:08:33:42 +0800] "GET /xingrg/javascript/easyui/themes/icons/template_new.png HTTP/1.1" 304 -
120.253.135.82 - - [26/Jun/2023:08:33:42 +0800] "GET /xingrg/javascript/easyui/themes/icons/ok.png HTTP/1.1" 304 -
120.253.135.82 - - [26/Jun/2023:08:33:42 +0800] "GET /xingrg/javascript/easyui/themes/icons/print.png HTTP/1.1" 304 -
120.253.135.82 - - [26/Jun/2023:08:33:42 +0800] "GET /xingrg/javascript/easyui/themes/icons/cancel.png HTTP/1.1" 304 -
120.253.135.82 - - [26/Jun/2023:08:33:42 +0800] "GET /xingrg/javascript/easyui/themes/default/images/menu_downarrow.png HTTP/1.1" 304 -
116.232.195.127 - - [26/Jun/2023:08:33:42 +0800] "GET /xingrg/check_reg.html?_=1687739610956 HTTP/1.1" 200 22
116.232.195.127 - - [26/Jun/2023:08:33:42 +0800] "GET /xingrg/all/function/internal_message.html?_=1687739610960&CODE_STATE=getMsg HTTP/1.1" 200 27
120.253.135.82 - - [26/Jun/2023:08:33:42 +0800] "GET /xingrg/all/common/auto_word.html?type=base&rest_code=00101 HTTP/1.1" 200 671
120.253.135.82 - - [26/Jun/2023:08:33:42 +0800] "GET /xingrg/javascript/easyui/themes/default/validatebox.css HTTP/1.1" 404 1104
120.253.135.82 - - [26/Jun/2023:08:33:42 +0800] "GET /xingrg/javascript/easyui/plugins/jquery.validatebox.js HTTP/1.1" 304 -
120.253.135.82 - - [26/Jun/2023:08:33:42 +0800] "GET /xingrg/javascript/easyui/plugins/jquery.numberbox.js HTTP/1.1" 304 -
120.253.135.82 - - [26/Jun/2023:08:33:42 +0800] "GET /xingrg/all/common/auto_word.html?type=base&rest_code=00101 HTTP/1.1" 200 671
120.253.135.82 - - [26/Jun/2023:08:33:42 +0800] "POST /xingrg/kc/base/wldb_order_operate.html HTTP/1.1" 200 2236
120.253.135.82 - - [26/Jun/2023:08:33:42 +0800] "GET /xingrg/javascript/easyui/themes/icons/edit_remove.png HTTP/1.1" 304 -
120.253.135.82 - - [26/Jun/2023:08:33:44 +0800] "GET /xingrg/javascript/easyui/themes/default/images/button_plain_hover.png HTTP/1.1" 304 -
120.253.135.82 - - [26/Jun/2023:08:33:45 +0800] "GET /xingrg/kc/print/report_design.html?orderType=wldb HTTP/1.1" 200 8625
114.85.113.108 - - [26/Jun/2023:08:33:46 +0800] "GET /xingrg/check_reg.html?_=1687739626255 HTTP/1.1" 200 22
120.253.135.82 - - [26/Jun/2023:08:33:46 +0800] "GET /xingrg/css/design.css HTTP/1.1" 304 -
120.253.135.82 - - [26/Jun/2023:08:33:46 +0800] "GET /xingrg/javascript/easyui/themes/sunny/easyui.css HTTP/1.1" 304 -
120.253.135.82 - - [26/Jun/2023:08:33:46 +0800] "GET /xingrg/javascript/print/report.js HTTP/1.1" 304 -
120.253.135.82 - - [26/Jun/2023:08:33:46 +0800] "GET /xingrg/javascript/easyui/jquery.easyui.min.js HTTP/1.1" 304 -
120.253.135.82 - - [26/Jun/2023:08:33:46 +0800] "GET /xingrg/javascript/print/report.helper.js HTTP/1.1" 304 -
120.253.135.82 - - [26/Jun/2023:08:33:46 +0800] "GET /xingrg/javascript/easyui/themes/sunny/images/ui-bg_highlight-soft_100_feeebd_1x100.png HTTP/1.1" 304 -
120.253.135.82 - - [26/Jun/2023:08:33:46 +0800] "GET /xingrg/javascript/easyui/themes/sunny/images/ui-icons_fadc7a_256x240.png HTTP/1.1" 304 -
120.253.135.82 - - [26/Jun/2023:08:33:46 +0800] "GET /xingrg/javascript/easyui/themes/sunny/images/blank.gif HTTP/1.1" 304 -
120.253.135.82 - - [26/Jun/2023:08:33:46 +0800] "GET /xingrg/javascript/easyui/themes/sunny/images/ui-bg_gloss-wave_45_817865_500x100.png HTTP/1.1" 304 -
120.253.135.82 - - [26/Jun/2023:08:33:46 +0800] "GET /xingrg/javascript/easyui/themes/sunny/images/ui-icons_bd7b00_256x240.png HTTP/1.1" 304 -
120.253.135.82 - - [26/Jun/2023:08:33:46 +0800] "GET /xingrg/javascript/easyui/themes/sunny/images/ui-bg_gloss-wave_70_ffdd57_500x100.png HTTP/1.1" 304 -
120.253.135.82 - - [26/Jun/2023:08:33:46 +0800] "GET /favicon.ico HTTP/1.1" 404 -
120.253.135.82 - - [26/Jun/2023:08:33:46 +0800] "GET /xingrg/kc/print/design_operate.html?_=1687739458236&command=load_config&code=wldb HTTP/1.1" 200 2989
120.253.135.82 - - [26/Jun/2023:08:33:46 +0800] "GET /xingrg/css/images/background.png HTTP/1.1" 304 -
116.238.191.126 - - [26/Jun/2023:08:33:47 +0800] "GET /xingrg/javascript/jquery_easy_ui/themes/default/images/button_a_bg.gif HTTP/1.1" 304 -
116.238.191.126 - - [26/Jun/2023:08:33:47 +0800] "GET /xingrg/javascript/jquery_easy_ui/themes/default/images/button_span_bg.gif HTTP/1.1" 304 -
116.238.191.126 - - [26/Jun/2023:08:33:47 +0800] "GET /xingrg/javascript/jquery_easy_ui/themes/icons/ok.png HTTP/1.1" 304 -
116.238.191.126 - - [26/Jun/2023:08:33:47 +0800] "GET /xingrg/javascript/jquery_easy_ui/themes/default/images/panel_tools.gif HTTP/1.1" 304 -
116.238.191.126 - - [26/Jun/2023:08:33:47 +0800] "GET /xingrg/javascript/jquery_easy_ui/themes/default/images/panel_title.png HTTP/1.1" 304 -
116.238.191.126 - - [26/Jun/2023:08:33:50 +0800] "POST /xingrg/all/user/operate.html HTTP/1.1" 200 36
116.238.191.126 - - [26/Jun/2023:08:33:50 +0800] "GET /xingrg/index.html?sysBaseUrl=http%3A%2F%2F180.169.147.146%3A18081%2Fxingrg%2F&costTime=1497×tamp=1687739498709 HTTP/1.1" 200 17177
116.238.191.126 - - [26/Jun/2023:08:33:50 +0800] "GET /xingrg/javascript/jquery_easy_ui/themes/default/easyui.css HTTP/1.1" 304 -
116.238.191.126 - - [26/Jun/2023:08:33:50 +0800] "GET /xingrg/javascript/jquery_easy_ui/themes/icon.css HTTP/1.1" 304 -
116.238.191.126 - - [26/Jun/2023:08:33:50 +0800] "GET /xingrg/css/form.css HTTP/1.1" 304 -
116.238.191.126 - - [26/Jun/2023:08:33:50 +0800] "GET /xingrg/javascript/jquery-1.4.2.min.js HTTP/1.1" 304 -
116.238.191.126 - - [26/Jun/2023:08:33:50 +0800] "GET /xingrg/javascript/jquery_easy_ui/jquery.easyui.min.js HTTP/1.1" 304 -
116.238.191.126 - - [26/Jun/2023:08:33:50 +0800] "GET /xingrg/javascript/jquery_easy_ui/easyui-lang-zh_CN.js HTTP/1.1" 304 -
116.238.191.126 - - [26/Jun/2023:08:33:50 +0800] "GET /xingrg/javascript/jquery.form.js HTTP/1.1" 304 -
116.238.191.126 - - [26/Jun/2023:08:33:50 +0800] "GET /xingrg/javascript/jquery.utils.js HTTP/1.1" 304 -
116.238.191.126 - - [26/Jun/2023:08:33:50 +0800] "GET /xingrg/javascript/jquery.timers.js HTTP/1.1" 304 -
116.238.191.126 - - [26/Jun/2023:08:33:50 +0800] "GET /xingrg/images/blue/navBackgound.jpg HTTP/1.1" 304 -
116.238.191.126 - - [26/Jun/2023:08:33:50 +0800] "GET /xingrg/images/blue/jxLogo.png HTTP/1.1" 304 -
116.238.191.126 - - [26/Jun/2023:08:33:50 +0800] "GET /xingrg/javascript/jquery_easy_ui/themes/icons/settle_new.png HTTP/1.1" 304 -
116.238.191.126 - - [26/Jun/2023:08:33:50 +0800] "GET /xingrg/images/blue/pingpu.png HTTP/1.1" 304 -
116.238.191.126 - - [26/Jun/2023:08:33:50 +0800] "GET /xingrg/javascript/jquery_easy_ui/themes/default/images/tabs_leftarrow.png HTTP/1.1" 304 -
116.238.191.126 - - [26/Jun/2023:08:33:50 +0800] "GET /xingrg/javascript/jquery_easy_ui/themes/default/images/tabs_rightarrow.png HTTP/1.1" 304 -
116.238.191.126 - - [26/Jun/2023:08:33:50 +0800] "GET /xingrg/javascript/jquery_easy_ui/themes/default/images/panel_tool_collapse.gif HTTP/1.1" 304 -
116.238.191.126 - - [26/Jun/2023:08:33:50 +0800] "GET /xingrg/all/function/internal_message.html?_=1687739552705&CODE_STATE=count HTTP/1.1" 200 11
116.238.191.126 - - [26/Jun/2023:08:33:50 +0800] "GET /xingrg/check_reg.html?_=1687739552706 HTTP/1.1" 200 22
116.238.191.126 - - [26/Jun/2023:08:33:50 +0800] "POST /xingrg/all/common/load_tree.html?tree=area_rest_tree_json&manage=1 HTTP/1.1" 200 476
116.238.191.126 - - [26/Jun/2023:08:33:50 +0800] "POST /xingrg/load_menu.html HTTP/1.1" 200 5138
116.238.191.126 - - [26/Jun/2023:08:33:55 +0800] "GET /xingrg/kc/buy/cgsh_order_list.html HTTP/1.1" 200 55800
116.232.195.127 - - [26/Jun/2023:08:33:55 +0800] "GET /xingrg/kc/buy/cgsh_order_add.html HTTP/1.1" 200 71625
116.232.195.127 - - [26/Jun/2023:08:33:57 +0800] "POST /xingrg/kc/buy/cgsh_order_operate.html HTTP/1.1" 200 8245
116.232.195.127 - - [26/Jun/2023:08:33:57 +0800] "GET /xingrg/javascript/easyui/themes/default/validatebox.css HTTP/1.1" 404 1104
116.238.191.126 - - [26/Jun/2023:08:33:58 +0800] "POST /xingrg/kc/buy/cgsh_list_operate.html HTTP/1.1" 200 986
116.238.191.126 - - [26/Jun/2023:08:34:01 +0800] "GET /xingrg/kc/buy/cgsh_order_add.html HTTP/1.1" 200 71188
116.238.191.126 - - [26/Jun/2023:08:34:01 +0800] "POST /xingrg/kc/buy/cgsh_order_operate.html HTTP/1.1" 200 8245
116.238.191.126 - - [26/Jun/2023:08:34:01 +0800] "GET /xingrg/javascript/easyui/themes/default/validatebox.css HTTP/1.1" 404 1104
116.238.191.126 - - [26/Jun/2023:08:34:01 +0800] "GET /xingrg/all/common/auto_word.html?type=employee&rest_code=00151 HTTP/1.1" 200 293
116.238.191.126 - - [26/Jun/2023:08:34:01 +0800] "GET /xingrg/all/common/auto_word.html?type=employee&rest_code=00151 HTTP/1.1" 200 293
180.156.213.241 - - [26/Jun/2023:08:34:01 +0800] "GET /xingrg/all/function/internal_message.html?_=1687739641898&CODE_STATE=getMsg HTTP/1.1" 200 27
116.238.191.126 - - [26/Jun/2023:08:34:02 +0800] "GET /xingrg/javascript/auto/indicator.gif HTTP/1.1" 404 1066
116.232.195.127 - - [26/Jun/2023:08:34:07 +0800] "GET /xingrg/kc/buy/cgsh_order_operate.html?command=get_materiel&rest_code=00155&code=00101006056&supplier_code=00100012&order_time=2023-06-26 HTTP/1.1" 200 413
124.77.245.69 - - [26/Jun/2023:08:34:08 +0800] "GET /xingrg/all/function/internal_message.html?_=1687739649626&CODE_STATE=getMsg HTTP/1.1" 200 27
120.253.135.82 - - [26/Jun/2023:08:34:09 +0800] "GET /xingrg/kc/print/load_config.html?kc_code=wldb HTTP/1.1" 200 2261
120.253.135.82 - - [26/Jun/2023:08:34:10 +0800] "GET /xingrg/kc/print/load_data.html?order_code=422023062602187&kc_code=wldb&condition= HTTP/1.1" 200 572
116.238.191.126 - - [26/Jun/2023:08:34:12 +0800] "GET /xingrg/kc/buy/cgsh_order_operate.html?command=get_materiel&rest_code=00151&code=00101009007&supplier_code=00100022&order_time=2023-06-26 HTTP/1.1" 200 408
116.232.195.127 - - [26/Jun/2023:08:34:16 +0800] "GET /xingrg/kc/buy/cgsh_order_operate.html?command=get_materiel&rest_code=00155&code=00101006109&supplier_code=00100012&order_time=2023-06-26 HTTP/1.1" 200 409
58.40.7.146 - - [26/Jun/2023:08:34:17 +0800] "GET /xingrg/check_reg.html?_=1687739657747 HTTP/1.1" 200 22
58.40.7.146 - - [26/Jun/2023:08:34:17 +0800] "GET /xingrg/all/function/internal_message.html?_=1687739657748&CODE_STATE=getMsg HTTP/1.1" 200 27
116.232.195.127 - - [26/Jun/2023:08:34:23 +0800] "GET /xingrg/kc/buy/cgsh_order_operate.html?command=get_materiel&rest_code=00155&code=00101006124&supplier_code=00100012&order_time=2023-06-26 HTTP/1.1" 200 409
116.238.191.126 - - [26/Jun/2023:08:34:26 +0800] "GET /xingrg/kc/buy/cgsh_order_operate.html?command=get_materiel&rest_code=00151&code=00101009053&supplier_code=00100022&order_time=2023-06-26 HTTP/1.1" 200 408
120.253.135.82 - - [26/Jun/2023:08:34:27 +0800] "GET /xingrg/all/function/internal_message.html?_=1687739499330&CODE_STATE=getMsg HTTP/1.1" 200 27
114.85.113.108 - - [26/Jun/2023:08:34:29 +0800] "GET /xingrg/all/function/internal_message.html?_=1687739669406&CODE_STATE=getMsg HTTP/1.1" 200 27
116.232.195.127 - - [26/Jun/2023:08:34:35 +0800] "GET /xingrg/kc/buy/cgsh_order_operate.html?command=get_materiel&rest_code=00155&code=00101006065&supplier_code=00100012&order_time=2023-06-26 HTTP/1.1" 200 409
116.238.191.126 - - [26/Jun/2023:08:34:40 +0800] "GET /xingrg/kc/buy/cgsh_order_operate.html?command=get_materiel&rest_code=00151&code=00101009001&supplier_code=00100022&order_time=2023-06-26 HTTP/1.1" 200 416
218.81.77.0 - - [26/Jun/2023:08:34:40 +0800] "POST /xingrg/services/DataTransmitService HTTP/1.1" 200 524
116.232.195.127 - - [26/Jun/2023:08:34:42 +0800] "GET /xingrg/all/function/internal_message.html?_=1687739670930&CODE_STATE=getMsg HTTP/1.1" 200 27
116.232.195.127 - - [26/Jun/2023:08:34:45 +0800] "GET /xingrg/kc/buy/cgsh_order_operate.html?command=get_materiel&rest_code=00155&code=00101006113&supplier_code=00100012&order_time=2023-06-26 HTTP/1.1" 200 413
116.238.191.126 - - [26/Jun/2023:08:34:50 +0800] "GET /xingrg/all/function/internal_message.html?_=1687739612712&CODE_STATE=getMsg HTTP/1.1" 200 27
180.156.213.241 - - [26/Jun/2023:08:35:01 +0800] "GET /xingrg/all/function/internal_message.html?_=1687739701894&CODE_STATE=getMsg HTTP/1.1" 200 27
180.169.147.146 - - [26/Jun/2023:08:35:04 +0800] "GET /xingrg/check_reg.html?_=1687739705318 HTTP/1.1" 200 22
124.77.245.69 - - [26/Jun/2023:08:35:08 +0800] "GET /xingrg/all/function/internal_message.html?_=1687739709640&CODE_STATE=getMsg HTTP/1.1" 200 27
116.232.195.127 - - [26/Jun/2023:08:35:11 +0800] "GET /xingrg/kc/buy/cgsh_order_operate.html?command=get_materiel&rest_code=00155&code=00101006055&supplier_code=00100012&order_time=2023-06-26 HTTP/1.1" 200 409
58.40.7.146 - - [26/Jun/2023:08:35:17 +0800] "GET /xingrg/all/function/internal_message.html?_=1687739717749&CODE_STATE=getMsg HTTP/1.1" 200 27
116.238.191.126 - - [26/Jun/2023:08:35:18 +0800] "POST /xingrg/kc/buy/cgsh_order_operate.html HTTP/1.1" 200 37
116.232.195.127 - - [26/Jun/2023:08:35:22 +0800] "GET /xingrg/kc/buy/cgsh_order_operate.html?command=get_materiel&rest_code=00155&code=00101006111&supplier_code=00100012&order_time=2023-06-26 HTTP/1.1" 200 409
116.238.191.126 - - [26/Jun/2023:08:35:26 +0800] "POST /xingrg/kc/buy/cgsh_order_operate.html HTTP/1.1" 200 12
120.253.135.82 - - [26/Jun/2023:08:35:27 +0800] "GET /xingrg/all/function/internal_message.html?_=1687739559344&CODE_STATE=getMsg HTTP/1.1" 200 27
114.85.113.108 - - [26/Jun/2023:08:35:29 +0800] "GET /xingrg/all/function/internal_message.html?_=1687739729391&CODE_STATE=getMsg HTTP/1.1" 200 27
116.232.195.127 - - [26/Jun/2023:08:35:36 +0800] "POST /xingrg/kc/buy/cgsh_order_operate.html HTTP/1.1" 200 37
116.238.191.126 - - [26/Jun/2023:08:35:37 +0800] "GET /xingrg/kc/buy/cgsh_order_info.html?code=212023062609496 HTTP/1.1" 200 66099
116.238.191.126 - - [26/Jun/2023:08:35:38 +0800] "GET /xingrg/javascript/easyui/themes/default/validatebox.css HTTP/1.1" 404 1104
116.238.191.126 - - [26/Jun/2023:08:35:39 +0800] "POST /xingrg/kc/buy/cgsh_order_operate.html HTTP/1.1" 200 1812
116.232.195.127 - - [26/Jun/2023:08:35:41 +0800] "POST /xingrg/kc/buy/cgsh_order_operate.html HTTP/1.1" 200 6192
116.232.195.127 - - [26/Jun/2023:08:35:42 +0800] "GET /xingrg/all/function/internal_message.html?_=1687739730903&CODE_STATE=getMsg HTTP/1.1" 200 27
116.232.195.127 - - [26/Jun/2023:08:35:42 +0800] "GET /xingrg/kc/print/load_data.html?order_code=212023062609497&kc_code=cgsh&condition= HTTP/1.1" 200 2103
116.238.191.126 - - [26/Jun/2023:08:35:44 +0800] "GET /xingrg/kc/print/load_data.html?order_code=212023062609496&kc_code=cgsh&condition= HTTP/1.1" 200 1238
116.232.195.127 - - [26/Jun/2023:08:35:47 +0800] "GET /xingrg/kc/print/load_data.html?order_code=212023062609497&kc_code=cgsh HTTP/1.1" 200 2103
116.238.191.126 - - [26/Jun/2023:08:35:50 +0800] "GET /xingrg/all/function/internal_message.html?_=1687739672725&CODE_STATE=getMsg HTTP/1.1" 200 27
116.232.195.127 - - [26/Jun/2023:08:36:00 +0800] "GET /xingrg/kc/buy/cgsh_order_add.html HTTP/1.1" 200 71625
116.232.195.127 - - [26/Jun/2023:08:36:00 +0800] "POST /xingrg/kc/buy/cgsh_order_operate.html HTTP/1.1" 200 8245
116.232.195.127 - - [26/Jun/2023:08:36:01 +0800] "GET /xingrg/javascript/easyui/themes/default/validatebox.css HTTP/1.1" 404 1104
124.77.245.69 - - [26/Jun/2023:08:36:08 +0800] "GET /xingrg/all/function/internal_message.html?_=1687739769789&CODE_STATE=getMsg HTTP/1.1" 200 27
116.232.195.127 - - [26/Jun/2023:08:36:10 +0800] "GET /xingrg/kc/buy/cgsh_order_operate.html?command=get_materiel&rest_code=00155&code=00101008155&supplier_code=00100005&order_time=2023-06-26 HTTP/1.1" 200 408
58.40.7.146 - - [26/Jun/2023:08:36:17 +0800] "GET /xingrg/all/function/internal_message.html?_=1687739777735&CODE_STATE=getMsg HTTP/1.1" 200 27
120.253.135.82 - - [26/Jun/2023:08:36:27 +0800] "GET /xingrg/all/function/internal_message.html?_=1687739619357&CODE_STATE=getMsg HTTP/1.1" 200 27
114.85.113.108 - - [26/Jun/2023:08:36:29 +0800] "GET /xingrg/all/function/internal_message.html?_=1687739789364&CODE_STATE=getMsg HTTP/1.1" 200 27
116.232.195.127 - - [26/Jun/2023:08:36:33 +0800] "GET /xingrg/kc/buy/cgsh_order_operate.html?command=get_materiel&rest_code=00155&code=00101008156&supplier_code=00100005&order_time=2023-06-26 HTTP/1.1" 200 414
116.232.195.127 - - [26/Jun/2023:08:36:42 +0800] "GET /xingrg/all/function/internal_message.html?_=1687739790880&CODE_STATE=getMsg HTTP/1.1" 200 27
116.232.195.127 - - [26/Jun/2023:08:36:46 +0800] "GET /xingrg/kc/buy/cgsh_order_operate.html?command=get_materiel&rest_code=00155&code=00101008331&supplier_code=00100005&order_time=2023-06-26 HTTP/1.1" 200 416
116.238.191.126 - - [26/Jun/2023:08:36:50 +0800] "GET /xingrg/all/function/internal_message.html?_=1687739732758&CODE_STATE=getMsg HTTP/1.1" 200 27
124.77.245.69 - - [26/Jun/2023:08:37:08 +0800] "GET /xingrg/all/function/internal_message.html?_=1687739829792&CODE_STATE=getMsg HTTP/1.1" 200 27
58.40.7.146 - - [26/Jun/2023:08:37:17 +0800] "GET /xingrg/all/function/internal_message.html?_=1687739837737&CODE_STATE=getMsg HTTP/1.1" 200 27
120.253.135.82 - - [26/Jun/2023:08:37:27 +0800] "GET /xingrg/all/function/internal_message.html?_=1687739679377&CODE_STATE=getMsg HTTP/1.1" 200 27
114.85.113.108 - - [26/Jun/2023:08:37:29 +0800] "GET /xingrg/all/function/internal_message.html?_=1687739849349&CODE_STATE=getMsg HTTP/1.1" 200 27
116.232.195.127 - - [26/Jun/2023:08:37:42 +0800] "GET /xingrg/all/function/internal_message.html?_=1687739850865&CODE_STATE=getMsg HTTP/1.1" 200 27
116.238.191.126 - - [26/Jun/2023:08:37:50 +0800] "GET /xingrg/all/function/internal_message.html?_=1687739792767&CODE_STATE=getMsg HTTP/1.1" 200 27
116.232.195.127 - - [26/Jun/2023:08:37:54 +0800] "GET /xingrg/kc/buy/cgsh_order_operate.html?command=get_materiel&rest_code=00155&code=00101008087&supplier_code=00100005&order_time=2023-06-26 HTTP/1.1" 200 412
116.232.195.127 - - [26/Jun/2023:08:38:04 +0800] "GET /xingrg/kc/buy/cgsh_order_operate.html?command=get_materiel&rest_code=00155&code=00101008332&supplier_code=00100005&order_time=2023-06-26 HTTP/1.1" 200 412
124.77.245.69 - - [26/Jun/2023:08:38:08 +0800] "GET /xingrg/all/function/internal_message.html?_=1687739889926&CODE_STATE=getMsg HTTP/1.1" 200 27
124.77.245.69 - - [26/Jun/2023:08:38:11 +0800] "GET /xingrg/check_reg.html?_=1687739892504 HTTP/1.1" 200 22
116.232.195.127 - - [26/Jun/2023:08:38:13 +0800] "GET /xingrg/kc/buy/cgsh_order_operate.html?command=get_materiel&rest_code=00155&code=00101008558&supplier_code=00100005&order_time=2023-06-26 HTTP/1.1" 200 409
58.40.7.146 - - [26/Jun/2023:08:38:17 +0800] "GET /xingrg/all/function/internal_message.html?_=1687739897739&CODE_STATE=getMsg HTTP/1.1" 200 27
120.253.135.82 - - [26/Jun/2023:08:38:27 +0800] "GET /xingrg/check_reg.html?_=1687739739326 HTTP/1.1" 200 22
120.253.135.82 - - [26/Jun/2023:08:38:27 +0800] "GET /xingrg/all/function/internal_message.html?_=1687739739384&CODE_STATE=getMsg HTTP/1.1" 200 27
116.232.195.127 - - [26/Jun/2023:08:38:29 +0800] "GET /xingrg/kc/buy/cgsh_order_operate.html?command=get_materiel&rest_code=00155&code=00101008257&supplier_code=00100005&order_time=2023-06-26 HTTP/1.1" 200 416
114.85.113.108 - - [26/Jun/2023:08:38:29 +0800] "GET /xingrg/all/function/internal_message.html?_=1687739909335&CODE_STATE=getMsg HTTP/1.1" 200 27
116.238.191.126 - - [26/Jun/2023:08:38:34 +0800] "GET /xingrg/index.html?sysBaseUrl=http%3A%2F%2F180.169.147.146%3A18081%2Fxingrg%2F&costTime=1498×tamp=1687664856413 HTTP/1.1" 302 -
116.238.191.126 - - [26/Jun/2023:08:38:34 +0800] "GET /xingrg/login.html HTTP/1.1" 200 7641
116.238.191.126 - - [26/Jun/2023:08:38:35 +0800] "GET /favicon.ico HTTP/1.1" 404 -
116.232.195.127 - - [26/Jun/2023:08:38:40 +0800] "GET /xingrg/kc/buy/cgsh_order_operate.html?command=get_materiel&rest_code=00155&code=00101008185&supplier_code=00100005&order_time=2023-06-26 HTTP/1.1" 200 408
116.232.195.127 - - [26/Jun/2023:08:38:42 +0800] "GET /xingrg/all/function/internal_message.html?_=1687739910847&CODE_STATE=getMsg HTTP/1.1" 200 27
116.232.195.127 - - [26/Jun/2023:08:38:42 +0800] "GET /xingrg/check_reg.html?_=1687739910949 HTTP/1.1" 200 22
116.238.191.126 - - [26/Jun/2023:08:38:46 +0800] "POST /xingrg/login.do HTTP/1.1" 302 -
116.238.191.126 - - [26/Jun/2023:08:38:46 +0800] "GET /xingrg/index.html?sysBaseUrl=http%3A%2F%2F180.169.147.146%3A18081%2Fxingrg%2F&costTime=1479×tamp=1687739926200 HTTP/1.1" 200 17177
114.85.113.108 - - [26/Jun/2023:08:38:46 +0800] "GET /xingrg/check_reg.html?_=1687739926233 HTTP/1.1" 200 22
116.238.191.126 - - [26/Jun/2023:08:38:46 +0800] "GET /xingrg/all/function/internal_message.html?_=1687739925934&CODE_STATE=count HTTP/1.1" 200 11
116.238.191.126 - - [26/Jun/2023:08:38:46 +0800] "GET /xingrg/check_reg.html?_=1687739925935 HTTP/1.1" 200 22
116.238.191.126 - - [26/Jun/2023:08:38:46 +0800] "GET /favicon.ico HTTP/1.1" 404 -
116.238.191.126 - - [26/Jun/2023:08:38:46 +0800] "POST /xingrg/all/common/load_tree.html?tree=area_rest_tree_json&manage=1 HTTP/1.1" 200 476
116.238.191.126 - - [26/Jun/2023:08:38:46 +0800] "POST /xingrg/load_menu.html HTTP/1.1" 200 5138
116.238.191.126 - - [26/Jun/2023:08:38:50 +0800] "GET /xingrg/check_reg.html?_=1687739852705 HTTP/1.1" 200 22
116.238.191.126 - - [26/Jun/2023:08:38:50 +0800] "GET /xingrg/all/function/internal_message.html?_=1687739852782&CODE_STATE=getMsg HTTP/1.1" 200 27
124.77.245.69 - - [26/Jun/2023:08:39:08 +0800] "GET /xingrg/all/function/internal_message.html?_=1687739949928&CODE_STATE=getMsg HTTP/1.1" 200 27
58.40.7.146 - - [26/Jun/2023:08:39:17 +0800] "GET /xingrg/all/function/internal_message.html?_=1687739957741&CODE_STATE=getMsg HTTP/1.1" 200 27
58.40.7.146 - - [26/Jun/2023:08:39:17 +0800] "GET /xingrg/check_reg.html?_=1687739957744 HTTP/1.1" 200 22
116.232.195.127 - - [26/Jun/2023:08:39:20 +0800] "GET /xingrg/kc/buy/cgsh_order_operate.html?command=get_materiel&rest_code=00155&code=00101008646&supplier_code=00100005&order_time=2023-06-26 HTTP/1.1" 200 413
120.253.135.82 - - [26/Jun/2023:08:39:27 +0800] "GET /xingrg/all/function/internal_message.html?_=1687739799398&CODE_STATE=getMsg HTTP/1.1" 200 27
114.85.113.108 - - [26/Jun/2023:08:39:29 +0800] "GET /xingrg/all/function/internal_message.html?_=1687739969305&CODE_STATE=getMsg HTTP/1.1" 200 27
116.232.195.127 - - [26/Jun/2023:08:39:30 +0800] "GET /xingrg/kc/buy/cgsh_order_operate.html?command=get_materiel&rest_code=00155&code=00101008010&supplier_code=00100005&order_time=2023-06-26 HTTP/1.1" 200 412
116.232.195.127 - - [26/Jun/2023:08:39:40 +0800] "GET /xingrg/kc/buy/cgsh_order_operate.html?command=get_materiel&rest_code=00155&code=00101008144&supplier_code=00100005&order_time=2023-06-26 HTTP/1.1" 200 412
116.232.195.127 - - [26/Jun/2023:08:39:42 +0800] "GET /xingrg/all/function/internal_message.html?_=1687739970838&CODE_STATE=getMsg HTTP/1.1" 200 27
116.238.191.126 - - [26/Jun/2023:08:39:46 +0800] "GET /xingrg/all/function/internal_message.html?_=1687739985943&CODE_STATE=getMsg HTTP/1.1" 200 27
116.232.195.127 - - [26/Jun/2023:08:39:47 +0800] "GET /xingrg/kc/buy/cgsh_order_operate.html?command=get_materiel&rest_code=00155&code=00101008024&supplier_code=00100005&order_time=2023-06-26 HTTP/1.1" 200 408
116.238.191.126 - - [26/Jun/2023:08:39:50 +0800] "GET /xingrg/all/function/internal_message.html?_=1687739912795&CODE_STATE=getMsg HTTP/1.1" 200 27
116.232.195.127 - - [26/Jun/2023:08:39:56 +0800] "GET /xingrg/kc/buy/cgsh_order_operate.html?command=get_materiel&rest_code=00155&code=00101008356&supplier_code=00100005&order_time=2023-06-26 HTTP/1.1" 200 408
180.169.147.146 - - [26/Jun/2023:08:40:04 +0800] "GET /xingrg/check_reg.html?_=1687740005318 HTTP/1.1" 200 22
116.232.195.127 - - [26/Jun/2023:08:40:04 +0800] "GET /xingrg/kc/buy/cgsh_order_operate.html?command=get_materiel&rest_code=00155&code=00101008137&supplier_code=00100005&order_time=2023-06-26 HTTP/1.1" 200 408
124.77.245.69 - - [26/Jun/2023:08:40:08 +0800] "GET /xingrg/all/function/internal_message.html?_=1687740009942&CODE_STATE=getMsg HTTP/1.1" 200 27
58.40.7.146 - - [26/Jun/2023:08:40:17 +0800] "GET /xingrg/all/function/internal_message.html?_=1687740017745&CODE_STATE=getMsg HTTP/1.1" 200 27
116.232.195.127 - - [26/Jun/2023:08:40:18 +0800] "GET /xingrg/kc/buy/cgsh_order_operate.html?command=get_materiel&rest_code=00155&code=00101008360&supplier_code=00100005&order_time=2023-06-26 HTTP/1.1" 200 412
116.232.195.127 - - [26/Jun/2023:08:40:25 +0800] "GET /xingrg/kc/buy/cgsh_order_operate.html?command=get_materiel&rest_code=00155&code=00101008196&supplier_code=00100005&order_time=2023-06-26 HTTP/1.1" 200 416
120.253.135.82 - - [26/Jun/2023:08:40:27 +0800] "GET /xingrg/all/function/internal_message.html?_=1687739859414&CODE_STATE=getMsg HTTP/1.1" 200 27
114.85.113.108 - - [26/Jun/2023:08:40:29 +0800] "GET /xingrg/all/function/internal_message.html?_=1687740029290&CODE_STATE=getMsg HTTP/1.1" 200 27
116.232.195.127 - - [26/Jun/2023:08:40:33 +0800] "GET /xingrg/kc/buy/cgsh_order_operate.html?command=get_materiel&rest_code=00155&code=00101008069&supplier_code=00100005&order_time=2023-06-26 HTTP/1.1" 200 412
116.232.195.127 - - [26/Jun/2023:08:40:42 +0800] "GET /xingrg/all/function/internal_message.html?_=1687740030820&CODE_STATE=getMsg HTTP/1.1" 200 27
116.238.191.126 - - [26/Jun/2023:08:40:46 +0800] "GET /xingrg/all/function/internal_message.html?_=1687740045944&CODE_STATE=getMsg HTTP/1.1" 200 27
116.238.191.126 - - [26/Jun/2023:08:40:50 +0800] "GET /xingrg/all/function/internal_message.html?_=1687739972810&CODE_STATE=getMsg HTTP/1.1" 200 27
124.77.245.69 - - [26/Jun/2023:08:41:08 +0800] "GET /xingrg/all/function/internal_message.html?_=1687740070078&CODE_STATE=getMsg HTTP/1.1" 200 27
58.40.7.146 - - [26/Jun/2023:08:41:17 +0800] "GET /xingrg/all/function/internal_message.html?_=1687740077748&CODE_STATE=getMsg HTTP/1.1" 200 27
120.253.135.82 - - [26/Jun/2023:08:41:27 +0800] "GET /xingrg/all/function/internal_message.html?_=1687739919432&CODE_STATE=getMsg HTTP/1.1" 200 27
114.85.113.108 - - [26/Jun/2023:08:41:29 +0800] "GET /xingrg/all/function/internal_message.html?_=1687740089261&CODE_STATE=getMsg HTTP/1.1" 200 27
116.232.195.127 - - [26/Jun/2023:08:41:42 +0800] "GET /xingrg/all/function/internal_message.html?_=1687740090804&CODE_STATE=getMsg HTTP/1.1" 200 27
116.238.191.126 - - [26/Jun/2023:08:41:46 +0800] "GET /xingrg/all/function/internal_message.html?_=1687740105954&CODE_STATE=getMsg HTTP/1.1" 200 27
116.238.191.126 - - [26/Jun/2023:08:41:50 +0800] "GET /xingrg/all/function/internal_message.html?_=1687740032847&CODE_STATE=getMsg HTTP/1.1" 200 27
124.77.245.69 - - [26/Jun/2023:08:42:08 +0800] "GET /xingrg/all/function/internal_message.html?_=1687740130093&CODE_STATE=getMsg HTTP/1.1" 200 27
58.40.7.146 - - [26/Jun/2023:08:42:17 +0800] "GET /xingrg/all/function/internal_message.html?_=1687740137750&CODE_STATE=getMsg HTTP/1.1" 200 27
120.253.135.82 - - [26/Jun/2023:08:42:27 +0800] "GET /xingrg/all/function/internal_message.html?_=1687739979440&CODE_STATE=getMsg HTTP/1.1" 200 27
114.85.113.108 - - [26/Jun/2023:08:42:29 +0800] "GET /xingrg/all/function/internal_message.html?_=1687740149247&CODE_STATE=getMsg HTTP/1.1" 200 27
116.232.195.127 - - [26/Jun/2023:08:42:42 +0800] "GET /xingrg/all/function/internal_message.html?_=1687740150799&CODE_STATE=getMsg HTTP/1.1" 200 27
116.232.195.127 - - [26/Jun/2023:08:42:43 +0800] "GET /xingrg/kc/buy/cgsh_order_operate.html?command=get_materiel&rest_code=00155&code=00101008006&supplier_code=00100005&order_time=2023-06-26 HTTP/1.1" 200 416
116.238.191.126 - - [26/Jun/2023:08:42:46 +0800] "GET /xingrg/all/function/internal_message.html?_=1687740165960&CODE_STATE=getMsg HTTP/1.1" 200 27
116.238.191.126 - - [26/Jun/2023:08:42:50 +0800] "GET /xingrg/all/function/internal_message.html?_=1687740092852&CODE_STATE=getMsg HTTP/1.1" 200 27
116.232.195.127 - - [26/Jun/2023:08:42:52 +0800] "GET /xingrg/kc/buy/cgsh_order_operate.html?command=get_materiel&rest_code=00155&code=00101008131&supplier_code=00100005&order_time=2023-06-26 HTTP/1.1" 200 409
116.232.195.127 - - [26/Jun/2023:08:42:59 +0800] "GET /xingrg/kc/buy/cgsh_order_operate.html?command=get_materiel&rest_code=00155&code=00101008108&supplier_code=00100005&order_time=2023-06-26 HTTP/1.1" 200 412
116.232.195.127 - - [26/Jun/2023:08:43:01 +0800] "POST /xingrg/kc/buy/cgsh_order_operate.html HTTP/1.1" 200 2065
124.77.245.69 - - [26/Jun/2023:08:43:08 +0800] "GET /xingrg/all/function/internal_message.html?_=1687740190215&CODE_STATE=getMsg HTTP/1.1" 200 27
116.232.195.127 - - [26/Jun/2023:08:43:09 +0800] "GET /xingrg/kc/buy/cgsh_order_operate.html?command=get_materiel&rest_code=00155&code=00101008318&supplier_code=00100005&order_time=2023-06-26 HTTP/1.1" 200 408
124.77.245.69 - - [26/Jun/2023:08:43:11 +0800] "GET /xingrg/check_reg.html?_=1687740192509 HTTP/1.1" 200 22
116.232.195.127 - - [26/Jun/2023:08:43:16 +0800] "GET /xingrg/kc/buy/cgsh_order_operate.html?command=get_materiel&rest_code=00155&code=00101008352&supplier_code=00100005&order_time=2023-06-26 HTTP/1.1" 200 412
58.40.7.146 - - [26/Jun/2023:08:43:17 +0800] "GET /xingrg/all/function/internal_message.html?_=1687740197739&CODE_STATE=getMsg HTTP/1.1" 200 27
116.232.195.127 - - [26/Jun/2023:08:43:25 +0800] "GET /xingrg/kc/buy/cgsh_order_operate.html?command=get_materiel&rest_code=00155&code=00101008005&supplier_code=00100005&order_time=2023-06-26 HTTP/1.1" 200 412
120.253.135.82 - - [26/Jun/2023:08:43:27 +0800] "GET /xingrg/check_reg.html?_=1687740039334 HTTP/1.1" 200 22
120.253.135.82 - - [26/Jun/2023:08:43:27 +0800] "GET /xingrg/all/function/internal_message.html?_=1687740039452&CODE_STATE=getMsg HTTP/1.1" 200 27
114.85.113.108 - - [26/Jun/2023:08:43:29 +0800] "GET /xingrg/all/function/internal_message.html?_=1687740209239&CODE_STATE=getMsg HTTP/1.1" 200 27
116.232.195.127 - - [26/Jun/2023:08:43:32 +0800] "GET /xingrg/kc/buy/cgsh_order_operate.html?command=get_materiel&rest_code=00155&code=00101008353&supplier_code=00100005&order_time=2023-06-26 HTTP/1.1" 200 408
116.232.195.127 - - [26/Jun/2023:08:43:42 +0800] "GET /xingrg/all/function/internal_message.html?_=1687740210787&CODE_STATE=getMsg HTTP/1.1" 200 27
116.232.195.127 - - [26/Jun/2023:08:43:42 +0800] "GET /xingrg/check_reg.html?_=1687740210933 HTTP/1.1" 200 22
114.85.113.108 - - [26/Jun/2023:08:43:46 +0800] "GET /xingrg/check_reg.html?_=1687740226215 HTTP/1.1" 200 22
116.238.191.126 - - [26/Jun/2023:08:43:46 +0800] "GET /xingrg/check_reg.html?_=1687740225960 HTTP/1.1" 200 22
116.238.191.126 - - [26/Jun/2023:08:43:46 +0800] "GET /xingrg/all/function/internal_message.html?_=1687740225963&CODE_STATE=getMsg HTTP/1.1" 200 27
116.238.191.126 - - [26/Jun/2023:08:43:50 +0800] "GET /xingrg/check_reg.html?_=1687740152740 HTTP/1.1" 200 22
116.238.191.126 - - [26/Jun/2023:08:43:50 +0800] "GET /xingrg/all/function/internal_message.html?_=1687740152865&CODE_STATE=getMsg HTTP/1.1" 200 27
116.232.195.127 - - [26/Jun/2023:08:43:59 +0800] "GET /xingrg/kc/buy/cgsh_order_operate.html?command=get_materiel&rest_code=00155&code=00101008213&supplier_code=00100005&order_time=2023-06-26 HTTP/1.1" 200 412
116.232.195.127 - - [26/Jun/2023:08:44:00 +0800] "POST /xingrg/kc/buy/cgsh_order_operate.html HTTP/1.1" 200 2065
116.232.195.127 - - [26/Jun/2023:08:44:08 +0800] "GET /xingrg/kc/buy/cgsh_order_operate.html?command=get_materiel&rest_code=00155&code=00101008095&supplier_code=00100005&order_time=2023-06-26 HTTP/1.1" 200 412
124.77.245.69 - - [26/Jun/2023:08:44:08 +0800] "GET /xingrg/all/function/internal_message.html?_=1687740250229&CODE_STATE=getMsg HTTP/1.1" 200 27
58.40.7.146 - - [26/Jun/2023:08:44:17 +0800] "GET /xingrg/all/function/internal_message.html?_=1687740257742&CODE_STATE=getMsg HTTP/1.1" 200 27
58.40.7.146 - - [26/Jun/2023:08:44:17 +0800] "GET /xingrg/check_reg.html?_=1687740257742 HTTP/1.1" 200 22
116.232.195.127 - - [26/Jun/2023:08:44:20 +0800] "GET /xingrg/kc/buy/cgsh_order_operate.html?command=get_materiel&rest_code=00155&code=00101008283&supplier_code=00100005&order_time=2023-06-26 HTTP/1.1" 200 408
222.70.180.90 - - [26/Jun/2023:08:44:22 +0800] "GET /xingrg/login.html HTTP/1.1" 200 7641
222.70.180.90 - - [26/Jun/2023:08:44:23 +0800] "GET /favicon.ico HTTP/1.1" 404 -
120.253.135.82 - - [26/Jun/2023:08:44:27 +0800] "GET /xingrg/all/function/internal_message.html?_=1687740099467&CODE_STATE=getMsg HTTP/1.1" 200 27
114.85.113.108 - - [26/Jun/2023:08:44:29 +0800] "GET /xingrg/all/function/internal_message.html?_=1687740269209&CODE_STATE=getMsg HTTP/1.1" 200 27
116.232.195.127 - - [26/Jun/2023:08:44:35 +0800] "GET /xingrg/kc/buy/cgsh_order_operate.html?command=get_materiel&rest_code=00155&code=00101008125&supplier_code=00100005&order_time=2023-06-26 HTTP/1.1" 200 413
116.232.195.127 - - [26/Jun/2023:08:44:42 +0800] "GET /xingrg/all/function/internal_message.html?_=1687740270747&CODE_STATE=getMsg HTTP/1.1" 200 27
116.232.195.127 - - [26/Jun/2023:08:44:44 +0800] "GET /xingrg/kc/buy/cgsh_order_operate.html?command=get_materiel&rest_code=00155&code=00101008134&supplier_code=00100005&order_time=2023-06-26 HTTP/1.1" 200 412
116.238.191.126 - - [26/Jun/2023:08:44:46 +0800] "GET /xingrg/all/function/internal_message.html?_=1687740285972&CODE_STATE=getMsg HTTP/1.1" 200 27
116.232.195.127 - - [26/Jun/2023:08:44:47 +0800] "POST /xingrg/kc/buy/cgsh_order_operate.html HTTP/1.1" 200 2065
116.238.191.126 - - [26/Jun/2023:08:44:50 +0800] "GET /xingrg/all/function/internal_message.html?_=1687740212878&CODE_STATE=getMsg HTTP/1.1" 200 27
116.232.195.127 - - [26/Jun/2023:08:44:53 +0800] "GET /xingrg/kc/buy/cgsh_order_operate.html?command=get_materiel&rest_code=00155&code=00101008223&supplier_code=00100005&order_time=2023-06-26 HTTP/1.1" 200 412
116.232.195.127 - - [26/Jun/2023:08:45:03 +0800] "GET /xingrg/kc/buy/cgsh_order_operate.html?command=get_materiel&rest_code=00155&code=00101008175&supplier_code=00100005&order_time=2023-06-26 HTTP/1.1" 200 412
180.169.147.146 - - [26/Jun/2023:08:45:04 +0800] "GET /xingrg/check_reg.html?_=1687740305294 HTTP/1.1" 200 22
124.77.245.69 - - [26/Jun/2023:08:45:08 +0800] "GET /xingrg/all/function/internal_message.html?_=1687740310243&CODE_STATE=getMsg HTTP/1.1" 200 27
58.40.7.146 - - [26/Jun/2023:08:45:17 +0800] "GET /xingrg/all/function/internal_message.html?_=1687740317746&CODE_STATE=getMsg HTTP/1.1" 200 27
116.232.195.127 - - [26/Jun/2023:08:45:23 +0800] "POST /xingrg/kc/buy/cgsh_order_operate.html HTTP/1.1" 200 2065
120.253.135.82 - - [26/Jun/2023:08:45:28 +0800] "GET /xingrg/all/function/internal_message.html?_=1687740159479&CODE_STATE=getMsg HTTP/1.1" 200 27
114.85.113.108 - - [26/Jun/2023:08:45:29 +0800] "GET /xingrg/all/function/internal_message.html?_=1687740329196&CODE_STATE=getMsg HTTP/1.1" 200 27
116.232.195.127 - - [26/Jun/2023:08:45:41 +0800] "POST /xingrg/kc/buy/cgsh_order_operate.html HTTP/1.1" 200 37
116.232.195.127 - - [26/Jun/2023:08:45:42 +0800] "GET /xingrg/all/function/internal_message.html?_=1687740330730&CODE_STATE=getMsg HTTP/1.1" 200 27
116.232.195.127 - - [26/Jun/2023:08:45:42 +0800] "POST /xingrg/kc/buy/cgsh_order_operate.html HTTP/1.1" 200 22177
116.232.195.127 - - [26/Jun/2023:08:45:45 +0800] "GET /xingrg/kc/print/load_data.html?order_code=212023062609498&kc_code=cgsh&condition= HTTP/1.1" 200 8101
116.238.191.126 - - [26/Jun/2023:08:45:46 +0800] "GET /xingrg/all/function/internal_message.html?_=1687740345977&CODE_STATE=getMsg HTTP/1.1" 200 27
116.232.195.127 - - [26/Jun/2023:08:45:49 +0800] "GET /xingrg/kc/print/load_data.html?order_code=212023062609498&kc_code=cgsh HTTP/1.1" 200 8101
116.238.191.126 - - [26/Jun/2023:08:45:50 +0800] "GET /xingrg/all/function/internal_message.html?_=1687740272894&CODE_STATE=getMsg HTTP/1.1" 200 27
124.77.245.69 - - [26/Jun/2023:08:46:09 +0800] "GET /xingrg/all/function/internal_message.html?_=1687740370364&CODE_STATE=getMsg HTTP/1.1" 200 27
116.232.195.127 - - [26/Jun/2023:08:46:16 +0800] "GET /xingrg/kc/buy/cgsh_order_add.html HTTP/1.1" 200 71625
116.232.195.127 - - [26/Jun/2023:08:46:17 +0800] "POST /xingrg/kc/buy/cgsh_order_operate.html HTTP/1.1" 200 8245
116.232.195.127 - - [26/Jun/2023:08:46:17 +0800] "GET /xingrg/javascript/easyui/themes/default/validatebox.css HTTP/1.1" 404 1104
58.40.7.146 - - [26/Jun/2023:08:46:17 +0800] "GET /xingrg/all/function/internal_message.html?_=1687740377748&CODE_STATE=getMsg HTTP/1.1" 200 27
222.67.234.146 - - [26/Jun/2023:08:46:21 +0800] "POST /xingrg/services/DataTransmitService HTTP/1.1" 200 524
116.232.195.127 - - [26/Jun/2023:08:46:27 +0800] "GET /xingrg/kc/buy/cgsh_order_operate.html?command=get_materiel&rest_code=00155&code=00101002027&supplier_code=00100199&order_time=2023-06-26 HTTP/1.1" 200 413
120.253.135.82 - - [26/Jun/2023:08:46:28 +0800] "GET /xingrg/all/function/internal_message.html?_=1687740219493&CODE_STATE=getMsg HTTP/1.1" 200 27
114.85.113.108 - - [26/Jun/2023:08:46:29 +0800] "GET /xingrg/all/function/internal_message.html?_=1687740389182&CODE_STATE=getMsg HTTP/1.1" 200 27
116.232.195.127 - - [26/Jun/2023:08:46:39 +0800] "GET /xingrg/kc/buy/cgsh_order_operate.html?command=get_materiel&rest_code=00155&code=00101002064&supplier_code=00100199&order_time=2023-06-26 HTTP/1.1" 200 415
116.232.195.127 - - [26/Jun/2023:08:46:42 +0800] "GET /xingrg/all/function/internal_message.html?_=1687740390723&CODE_STATE=getMsg HTTP/1.1" 200 27
120.253.135.82 - - [26/Jun/2023:08:46:46 +0800] "POST /xingrg/kc/base/wldb_order_operate.html HTTP/1.1" 200 37
116.238.191.126 - - [26/Jun/2023:08:46:46 +0800] "GET /xingrg/all/function/internal_message.html?_=1687740405983&CODE_STATE=getMsg HTTP/1.1" 200 27
116.232.195.127 - - [26/Jun/2023:08:46:47 +0800] "GET /xingrg/kc/buy/cgsh_order_operate.html?command=get_materiel&rest_code=00155&code=00101001052&supplier_code=00100199&order_time=2023-06-26 HTTP/1.1" 200 428
116.238.191.126 - - [26/Jun/2023:08:46:50 +0800] "GET /xingrg/all/function/internal_message.html?_=1687740332929&CODE_STATE=getMsg HTTP/1.1" 200 27
120.253.135.82 - - [26/Jun/2023:08:46:53 +0800] "POST /xingrg/kc/base/wldb_order_operate.html HTTP/1.1" 200 12
120.253.135.82 - - [26/Jun/2023:08:46:53 +0800] "POST /xingrg/kc/base/wldb_order_operate.html HTTP/1.1" 200 2236
116.232.195.127 - - [26/Jun/2023:08:46:57 +0800] "GET /xingrg/kc/buy/cgsh_order_operate.html?command=get_materiel&rest_code=00155&code=00101004038&supplier_code=00100199&order_time=2023-06-26 HTTP/1.1" 200 430
124.77.245.69 - - [26/Jun/2023:08:47:09 +0800] "GET /xingrg/all/function/internal_message.html?_=1687740430364&CODE_STATE=getMsg HTTP/1.1" 200 27
116.232.195.127 - - [26/Jun/2023:08:47:09 +0800] "POST /xingrg/kc/buy/cgsh_order_operate.html HTTP/1.1" 200 37
116.232.195.127 - - [26/Jun/2023:08:47:11 +0800] "POST /xingrg/kc/buy/cgsh_order_operate.html HTTP/1.1" 200 4441
116.232.195.127 - - [26/Jun/2023:08:47:13 +0800] "GET /xingrg/kc/print/load_data.html?order_code=212023062609499&kc_code=cgsh&condition= HTTP/1.1" 200 1357
58.40.7.146 - - [26/Jun/2023:08:47:17 +0800] "GET /xingrg/all/function/internal_message.html?_=1687740437750&CODE_STATE=getMsg HTTP/1.1" 200 27
120.253.135.82 - - [26/Jun/2023:08:47:28 +0800] "GET /xingrg/kc/base/wldb_order_info.html?code=422023062602187 HTTP/1.1" 200 26257
114.85.113.108 - - [26/Jun/2023:08:47:29 +0800] "GET /xingrg/all/function/internal_message.html?_=1687740449166&CODE_STATE=getMsg HTTP/1.1" 200 27
120.253.135.82 - - [26/Jun/2023:08:47:29 +0800] "GET /xingrg/javascript/easyui/themes/default/validatebox.css HTTP/1.1" 404 1104
120.253.135.82 - - [26/Jun/2023:08:47:29 +0800] "GET /xingrg/all/function/internal_message.html?_=1687740281146&CODE_STATE=getMsg HTTP/1.1" 200 27
120.253.135.82 - - [26/Jun/2023:08:47:29 +0800] "POST /xingrg/kc/base/wldb_order_operate.html HTTP/1.1" 200 529
120.253.135.82 - - [26/Jun/2023:08:47:35 +0800] "POST /xingrg/kc/base/wldb_list_operate.html HTTP/1.1" 200 928
