120.253.135.82 - - [26/Jun/2023:06:01:05 +0800] "GET /xingrg/kc/pszx/mdqp_order_list.html?isBack=1 HTTP/1.1" 302 -
120.253.135.82 - - [26/Jun/2023:06:01:05 +0800] "GET /xingrg/images/yd/bt2.gif HTTP/1.1" 404 1042
120.253.135.82 - - [26/Jun/2023:06:01:05 +0800] "GET /xingrg/images/yd/bt.gif HTTP/1.1" 404 1040
120.253.135.82 - - [26/Jun/2023:06:01:06 +0800] "GET /xingrg/kc/pszx/mdqp_order_list.html?state=10 HTTP/1.1" 200 16467
120.253.135.82 - - [26/Jun/2023:06:01:06 +0800] "GET /xingrg/dwr/interface/AjaxQqpsService.js HTTP/1.1" 200 16326
120.253.135.82 - - [26/Jun/2023:06:01:06 +0800] "GET /xingrg/dwr/interface/AjaxReportQueryService.js HTTP/1.1" 200 13203
120.253.135.82 - - [26/Jun/2023:06:01:06 +0800] "GET /xingrg/dwr/engine.js HTTP/1.1" 200 43631
120.253.135.82 - - [26/Jun/2023:06:01:11 +0800] "GET /xingrg/kc/pszx/jzcl_ps.html HTTP/1.1" 200 7683
120.253.135.82 - - [26/Jun/2023:06:01:11 +0800] "POST /xingrg/all/common/load_tree.html?tree=area_rest_tree_json HTTP/1.1" 200 3499
120.253.135.82 - - [26/Jun/2023:06:01:12 +0800] "POST /xingrg/kc/pszx/jzcl_ps_operate.html HTTP/1.1" 200 8996
120.253.135.82 - - [26/Jun/2023:06:01:12 +0800] "POST /xingrg/kc/pszx/jzcl_ps_operate.html HTTP/1.1" 200 8996
120.253.135.82 - - [26/Jun/2023:06:01:14 +0800] "GET /xingrg/check_reg.html?_=1687730305821 HTTP/1.1" 200 22
120.253.135.82 - - [26/Jun/2023:06:01:14 +0800] "GET /xingrg/all/function/internal_message.html?_=1687730306066&CODE_STATE=getMsg HTTP/1.1" 200 27
58.40.7.146 - - [26/Jun/2023:06:01:17 +0800] "GET /xingrg/all/function/internal_message.html?_=1687730477676&CODE_STATE=getMsg HTTP/1.1" 200 27
124.77.245.69 - - [26/Jun/2023:06:01:17 +0800] "GET /xingrg/all/function/internal_message.html?_=1687730478826&CODE_STATE=getMsg HTTP/1.1" 200 27
124.79.73.155 - - [26/Jun/2023:06:01:22 +0800] "POST /xingrg/services/DataTransmitService HTTP/1.1" 200 524
114.85.113.108 - - [26/Jun/2023:06:01:32 +0800] "GET /xingrg/all/function/internal_message.html?_=1687730491938&CODE_STATE=getMsg HTTP/1.1" 200 27
116.232.195.127 - - [26/Jun/2023:06:01:48 +0800] "GET /xingrg/all/function/internal_message.html?_=1687730497523&CODE_STATE=getMsg HTTP/1.1" 200 27
120.253.135.82 - - [26/Jun/2023:06:02:02 +0800] "POST /xingrg/kc/pszx/jzcl_ps_operate.html HTTP/1.1" 200 4
120.253.135.82 - - [26/Jun/2023:06:02:05 +0800] "GET /xingrg/kc/pszx/mdps_order_list.html HTTP/1.1" 200 21032
120.253.135.82 - - [26/Jun/2023:06:02:05 +0800] "POST /xingrg/kc/pszx/jzcl_ps_operate.html HTTP/1.1" 200 7217
120.253.135.82 - - [26/Jun/2023:06:02:05 +0800] "POST /xingrg/kc/pszx/mdps_list_operate.html HTTP/1.1" 200 5230
120.253.135.82 - - [26/Jun/2023:06:02:11 +0800] "POST /xingrg/kc/pszx/mdps_list_operate.html HTTP/1.1" 200 2772
120.253.135.82 - - [26/Jun/2023:06:02:13 +0800] "POST /xingrg/kc/pszx/mdps_list_operate.html HTTP/1.1" 200 634
120.253.135.82 - - [26/Jun/2023:06:02:14 +0800] "GET /xingrg/kc/pszx/mdps_order_info.html?code=312023062600494 HTTP/1.1" 200 23972
120.253.135.82 - - [26/Jun/2023:06:02:14 +0800] "GET /xingrg/all/function/internal_message.html?_=1687730366144&CODE_STATE=getMsg HTTP/1.1" 200 27
120.253.135.82 - - [26/Jun/2023:06:02:15 +0800] "GET /xingrg/javascript/easyui/themes/default/validatebox.css HTTP/1.1" 404 1104
120.253.135.82 - - [26/Jun/2023:06:02:15 +0800] "POST /xingrg/kc/pszx/mdps_order_operate.html HTTP/1.1" 200 9203
58.40.7.146 - - [26/Jun/2023:06:02:17 +0800] "GET /xingrg/all/function/internal_message.html?_=1687730537678&CODE_STATE=getMsg HTTP/1.1" 200 27
124.77.245.69 - - [26/Jun/2023:06:02:18 +0800] "GET /xingrg/all/function/internal_message.html?_=1687730538847&CODE_STATE=getMsg HTTP/1.1" 200 27
120.253.135.82 - - [26/Jun/2023:06:02:19 +0800] "POST /xingrg/kc/pszx/mdps_order_operate.html HTTP/1.1" 200 37
120.253.135.82 - - [26/Jun/2023:06:02:20 +0800] "GET /xingrg/kc/pszx/mdps_order_info.html?code=312023062600494 HTTP/1.1" 200 23972
120.253.135.82 - - [26/Jun/2023:06:02:21 +0800] "GET /xingrg/javascript/easyui/themes/default/validatebox.css HTTP/1.1" 404 1104
120.253.135.82 - - [26/Jun/2023:06:02:22 +0800] "POST /xingrg/kc/pszx/mdps_order_operate.html HTTP/1.1" 200 9314
114.85.113.108 - - [26/Jun/2023:06:02:32 +0800] "GET /xingrg/all/function/internal_message.html?_=1687730551919&CODE_STATE=getMsg HTTP/1.1" 200 27
116.232.195.127 - - [26/Jun/2023:06:02:48 +0800] "GET /xingrg/all/function/internal_message.html?_=1687730557498&CODE_STATE=getMsg HTTP/1.1" 200 27
116.232.195.127 - - [26/Jun/2023:06:02:53 +0800] "GET /xingrg/check_reg.html?_=1687730561921 HTTP/1.1" 200 22
124.77.245.69 - - [26/Jun/2023:06:03:11 +0800] "GET /xingrg/check_reg.html?_=1687730592177 HTTP/1.1" 200 22
120.253.135.82 - - [26/Jun/2023:06:03:14 +0800] "GET /xingrg/all/function/internal_message.html?_=1687730426156&CODE_STATE=getMsg HTTP/1.1" 200 27
58.40.7.146 - - [26/Jun/2023:06:03:17 +0800] "GET /xingrg/all/function/internal_message.html?_=1687730597681&CODE_STATE=getMsg HTTP/1.1" 200 27
124.77.245.69 - - [26/Jun/2023:06:03:18 +0800] "GET /xingrg/all/function/internal_message.html?_=1687730598854&CODE_STATE=getMsg HTTP/1.1" 200 27
114.85.113.108 - - [26/Jun/2023:06:03:31 +0800] "GET /xingrg/all/function/internal_message.html?_=1687730611903&CODE_STATE=getMsg HTTP/1.1" 200 27
114.85.113.108 - - [26/Jun/2023:06:03:46 +0800] "GET /xingrg/check_reg.html?_=1687730626647 HTTP/1.1" 200 22
116.232.195.127 - - [26/Jun/2023:06:03:48 +0800] "GET /xingrg/all/function/internal_message.html?_=1687730617486&CODE_STATE=getMsg HTTP/1.1" 200 27
120.253.135.82 - - [26/Jun/2023:06:04:14 +0800] "GET /xingrg/all/function/internal_message.html?_=1687730486191&CODE_STATE=getMsg HTTP/1.1" 200 27
58.40.7.146 - - [26/Jun/2023:06:04:17 +0800] "GET /xingrg/all/function/internal_message.html?_=1687730657683&CODE_STATE=getMsg HTTP/1.1" 200 27
58.40.7.146 - - [26/Jun/2023:06:04:17 +0800] "GET /xingrg/check_reg.html?_=1687730657684 HTTP/1.1" 200 22
124.77.245.69 - - [26/Jun/2023:06:04:18 +0800] "GET /xingrg/all/function/internal_message.html?_=1687730658867&CODE_STATE=getMsg HTTP/1.1" 200 27
114.85.113.108 - - [26/Jun/2023:06:04:31 +0800] "GET /xingrg/all/function/internal_message.html?_=1687730671874&CODE_STATE=getMsg HTTP/1.1" 200 27
116.232.195.127 - - [26/Jun/2023:06:04:48 +0800] "GET /xingrg/all/function/internal_message.html?_=1687730677461&CODE_STATE=getMsg HTTP/1.1" 200 27
120.253.135.82 - - [26/Jun/2023:06:04:53 +0800] "POST /xingrg/kc/pszx/mdps_list_operate.html HTTP/1.1" 200 647
120.253.135.82 - - [26/Jun/2023:06:04:54 +0800] "GET /xingrg/kc/pszx/mdps_order_info.html?code=312023062600495 HTTP/1.1" 200 23972
120.253.135.82 - - [26/Jun/2023:06:04:55 +0800] "GET /xingrg/javascript/easyui/themes/default/validatebox.css HTTP/1.1" 404 1104
120.253.135.82 - - [26/Jun/2023:06:04:55 +0800] "POST /xingrg/kc/pszx/mdps_order_operate.html HTTP/1.1" 200 8895
120.253.135.82 - - [26/Jun/2023:06:04:58 +0800] "POST /xingrg/kc/pszx/mdps_order_operate.html HTTP/1.1" 200 37
120.253.135.82 - - [26/Jun/2023:06:05:00 +0800] "GET /xingrg/kc/pszx/mdps_order_info.html?code=312023062600495 HTTP/1.1" 200 23972
120.253.135.82 - - [26/Jun/2023:06:05:00 +0800] "GET /xingrg/javascript/easyui/themes/default/validatebox.css HTTP/1.1" 404 1104
120.253.135.82 - - [26/Jun/2023:06:05:01 +0800] "POST /xingrg/kc/pszx/mdps_order_operate.html HTTP/1.1" 200 9006
180.169.147.146 - - [26/Jun/2023:06:05:05 +0800] "GET /xingrg/check_reg.html?_=1687730705861 HTTP/1.1" 200 22
222.70.180.90 - - [26/Jun/2023:06:05:09 +0800] "POST /xingrg/services/DataTransmitService HTTP/1.1" 200 524
120.253.135.82 - - [26/Jun/2023:06:05:14 +0800] "GET /xingrg/all/function/internal_message.html?_=1687730546199&CODE_STATE=getMsg HTTP/1.1" 200 27
58.40.7.146 - - [26/Jun/2023:06:05:17 +0800] "GET /xingrg/all/function/internal_message.html?_=1687730717686&CODE_STATE=getMsg HTTP/1.1" 200 27
124.77.245.69 - - [26/Jun/2023:06:05:18 +0800] "GET /xingrg/all/function/internal_message.html?_=1687730718884&CODE_STATE=getMsg HTTP/1.1" 200 27
114.85.113.108 - - [26/Jun/2023:06:05:31 +0800] "GET /xingrg/all/function/internal_message.html?_=1687730731858&CODE_STATE=getMsg HTTP/1.1" 200 27
116.232.195.127 - - [26/Jun/2023:06:05:48 +0800] "GET /xingrg/all/function/internal_message.html?_=1687730737452&CODE_STATE=getMsg HTTP/1.1" 200 27
120.253.135.82 - - [26/Jun/2023:06:06:00 +0800] "POST /xingrg/kc/pszx/mdps_list_operate.html HTTP/1.1" 200 2772
120.253.135.82 - - [26/Jun/2023:06:06:01 +0800] "POST /xingrg/kc/pszx/mdps_list_operate.html HTTP/1.1" 200 284
120.253.135.82 - - [26/Jun/2023:06:06:03 +0800] "GET /xingrg/kc/pszx/mdps_order_info.html?code=312023062600496 HTTP/1.1" 200 23972
120.253.135.82 - - [26/Jun/2023:06:06:04 +0800] "GET /xingrg/javascript/easyui/themes/default/validatebox.css HTTP/1.1" 404 1104
120.253.135.82 - - [26/Jun/2023:06:06:04 +0800] "POST /xingrg/kc/pszx/mdps_order_operate.html HTTP/1.1" 200 2770
120.253.135.82 - - [26/Jun/2023:06:06:07 +0800] "POST /xingrg/kc/pszx/mdps_order_operate.html HTTP/1.1" 200 37
120.253.135.82 - - [26/Jun/2023:06:06:09 +0800] "GET /xingrg/kc/pszx/mdps_order_info.html?code=312023062600496 HTTP/1.1" 200 23972
120.253.135.82 - - [26/Jun/2023:06:06:09 +0800] "GET /xingrg/javascript/easyui/themes/default/validatebox.css HTTP/1.1" 404 1104
120.253.135.82 - - [26/Jun/2023:06:06:10 +0800] "POST /xingrg/kc/pszx/mdps_order_operate.html HTTP/1.1" 200 2785
120.253.135.82 - - [26/Jun/2023:06:06:13 +0800] "POST /xingrg/kc/pszx/mdps_list_operate.html HTTP/1.1" 200 2772
120.253.135.82 - - [26/Jun/2023:06:06:14 +0800] "GET /xingrg/check_reg.html?_=1687730605823 HTTP/1.1" 200 22
120.253.135.82 - - [26/Jun/2023:06:06:14 +0800] "GET /xingrg/all/function/internal_message.html?_=1687730606212&CODE_STATE=getMsg HTTP/1.1" 200 27
120.253.135.82 - - [26/Jun/2023:06:06:15 +0800] "POST /xingrg/kc/pszx/mdps_list_operate.html HTTP/1.1" 200 626
120.253.135.82 - - [26/Jun/2023:06:06:17 +0800] "GET /xingrg/kc/pszx/mdps_order_info.html?code=312023062600497 HTTP/1.1" 200 23972
58.40.7.146 - - [26/Jun/2023:06:06:17 +0800] "GET /xingrg/all/function/internal_message.html?_=1687730777688&CODE_STATE=getMsg HTTP/1.1" 200 27
124.77.245.69 - - [26/Jun/2023:06:06:18 +0800] "GET /xingrg/all/function/internal_message.html?_=1687730778895&CODE_STATE=getMsg HTTP/1.1" 200 27
120.253.135.82 - - [26/Jun/2023:06:06:18 +0800] "GET /xingrg/javascript/easyui/themes/default/validatebox.css HTTP/1.1" 404 1104
120.253.135.82 - - [26/Jun/2023:06:06:18 +0800] "POST /xingrg/kc/pszx/mdps_order_operate.html HTTP/1.1" 200 9733
120.253.135.82 - - [26/Jun/2023:06:06:19 +0800] "POST /xingrg/all/common/load_combo.html?type=base HTTP/1.1" 200 1169
120.253.135.82 - - [26/Jun/2023:06:06:25 +0800] "POST /xingrg/kc/pszx/mdps_order_operate.html HTTP/1.1" 200 37
120.253.135.82 - - [26/Jun/2023:06:06:27 +0800] "GET /xingrg/kc/pszx/mdps_order_info.html?code=312023062600497 HTTP/1.1" 200 23972
120.253.135.82 - - [26/Jun/2023:06:06:28 +0800] "GET /xingrg/javascript/easyui/themes/default/validatebox.css HTTP/1.1" 404 1104
120.253.135.82 - - [26/Jun/2023:06:06:28 +0800] "POST /xingrg/kc/pszx/mdps_order_operate.html HTTP/1.1" 200 9860
114.85.113.108 - - [26/Jun/2023:06:06:31 +0800] "GET /xingrg/all/function/internal_message.html?_=1687730791838&CODE_STATE=getMsg HTTP/1.1" 200 27
120.253.135.82 - - [26/Jun/2023:06:06:41 +0800] "GET /xingrg/kc/pszx/mdps_order_operate.html?command=get_materiel&pszx_code=00101&rest_code=00105&base_code=0010250&code=00102002940 HTTP/1.1" 200 446
116.232.195.127 - - [26/Jun/2023:06:06:48 +0800] "GET /xingrg/all/function/internal_message.html?_=1687730797426&CODE_STATE=getMsg HTTP/1.1" 200 27
222.64.56.248 - - [26/Jun/2023:06:06:55 +0800] "POST /xingrg/services/DataTransmitService HTTP/1.1" 200 524
120.253.135.82 - - [26/Jun/2023:06:07:14 +0800] "GET /xingrg/all/function/internal_message.html?_=1687730666226&CODE_STATE=getMsg HTTP/1.1" 200 27
58.40.7.146 - - [26/Jun/2023:06:07:17 +0800] "GET /xingrg/all/function/internal_message.html?_=1687730837689&CODE_STATE=getMsg HTTP/1.1" 200 27
124.77.245.69 - - [26/Jun/2023:06:07:18 +0800] "GET /xingrg/all/function/internal_message.html?_=1687730838911&CODE_STATE=getMsg HTTP/1.1" 200 27
120.253.135.82 - - [26/Jun/2023:06:07:18 +0800] "POST /xingrg/kc/pszx/mdps_order_operate.html HTTP/1.1" 200 37
120.253.135.82 - - [26/Jun/2023:06:07:20 +0800] "GET /xingrg/kc/pszx/mdps_order_info.html?code=312023062600497 HTTP/1.1" 200 23972
120.253.135.82 - - [26/Jun/2023:06:07:20 +0800] "GET /xingrg/javascript/easyui/themes/default/validatebox.css HTTP/1.1" 404 1104
120.253.135.82 - - [26/Jun/2023:06:07:21 +0800] "POST /xingrg/kc/pszx/mdps_order_operate.html HTTP/1.1" 200 9864
114.85.113.108 - - [26/Jun/2023:06:07:31 +0800] "GET /xingrg/all/function/internal_message.html?_=1687730851831&CODE_STATE=getMsg HTTP/1.1" 200 27
120.253.135.82 - - [26/Jun/2023:06:07:40 +0800] "POST /xingrg/kc/pszx/mdps_order_operate.html HTTP/1.1" 200 37
120.253.135.82 - - [26/Jun/2023:06:07:43 +0800] "GET /xingrg/kc/pszx/mdps_order_info.html?code=312023062600497 HTTP/1.1" 200 23972
120.253.135.82 - - [26/Jun/2023:06:07:43 +0800] "GET /xingrg/javascript/easyui/themes/default/validatebox.css HTTP/1.1" 404 1104
120.253.135.82 - - [26/Jun/2023:06:07:44 +0800] "POST /xingrg/kc/pszx/mdps_order_operate.html HTTP/1.1" 200 9864
120.253.135.82 - - [26/Jun/2023:06:07:46 +0800] "POST /xingrg/kc/pszx/mdps_list_operate.html HTTP/1.1" 200 2772
116.232.195.127 - - [26/Jun/2023:06:07:48 +0800] "GET /xingrg/all/function/internal_message.html?_=1687730857402&CODE_STATE=getMsg HTTP/1.1" 200 27
120.253.135.82 - - [26/Jun/2023:06:07:49 +0800] "POST /xingrg/kc/pszx/mdps_list_operate.html HTTP/1.1" 200 647
120.253.135.82 - - [26/Jun/2023:06:07:50 +0800] "POST /xingrg/kc/pszx/mdps_list_operate.html HTTP/1.1" 200 634
120.253.135.82 - - [26/Jun/2023:06:07:52 +0800] "GET /xingrg/kc/pszx/mdps_order_info.html?code=312023062600494 HTTP/1.1" 200 23972
116.232.195.127 - - [26/Jun/2023:06:07:53 +0800] "GET /xingrg/check_reg.html?_=1687730861923 HTTP/1.1" 200 22
120.253.135.82 - - [26/Jun/2023:06:07:53 +0800] "GET /xingrg/javascript/easyui/themes/default/validatebox.css HTTP/1.1" 404 1104
120.253.135.82 - - [26/Jun/2023:06:07:54 +0800] "POST /xingrg/kc/pszx/mdps_order_operate.html HTTP/1.1" 200 9314
120.253.135.82 - - [26/Jun/2023:06:08:05 +0800] "POST /xingrg/kc/pszx/mdps_order_operate.html HTTP/1.1" 200 37
120.253.135.82 - - [26/Jun/2023:06:08:06 +0800] "GET /xingrg/kc/pszx/mdps_order_info.html?code=312023062600494 HTTP/1.1" 200 23972
120.253.135.82 - - [26/Jun/2023:06:08:07 +0800] "GET /xingrg/javascript/easyui/themes/default/validatebox.css HTTP/1.1" 404 1104
120.253.135.82 - - [26/Jun/2023:06:08:08 +0800] "POST /xingrg/kc/pszx/mdps_order_operate.html HTTP/1.1" 200 8823
120.253.135.82 - - [26/Jun/2023:06:08:10 +0800] "POST /xingrg/kc/pszx/mdps_list_operate.html HTTP/1.1" 200 2772
124.77.245.69 - - [26/Jun/2023:06:08:11 +0800] "GET /xingrg/check_reg.html?_=1687730892185 HTTP/1.1" 200 22
120.253.135.82 - - [26/Jun/2023:06:08:11 +0800] "POST /xingrg/kc/pszx/mdps_list_operate.html HTTP/1.1" 200 626
120.253.135.82 - - [26/Jun/2023:06:08:12 +0800] "GET /xingrg/kc/pszx/mdps_order_info.html?code=312023062600497 HTTP/1.1" 200 23972
120.253.135.82 - - [26/Jun/2023:06:08:13 +0800] "GET /xingrg/javascript/easyui/themes/default/validatebox.css HTTP/1.1" 404 1104
120.253.135.82 - - [26/Jun/2023:06:08:13 +0800] "POST /xingrg/kc/pszx/mdps_order_operate.html HTTP/1.1" 200 9864
120.253.135.82 - - [26/Jun/2023:06:08:14 +0800] "GET /xingrg/all/function/internal_message.html?_=1687730726239&CODE_STATE=getMsg HTTP/1.1" 200 27
58.40.7.146 - - [26/Jun/2023:06:08:17 +0800] "GET /xingrg/all/function/internal_message.html?_=1687730897692&CODE_STATE=getMsg HTTP/1.1" 200 27
124.77.245.69 - - [26/Jun/2023:06:08:18 +0800] "GET /xingrg/all/function/internal_message.html?_=1687730898921&CODE_STATE=getMsg HTTP/1.1" 200 27
120.253.135.82 - - [26/Jun/2023:06:08:20 +0800] "GET /xingrg/kc/pszx/mdps_order_operate.html?command=get_materiel&pszx_code=00101&rest_code=00105&base_code=0010250&code=00102002550 HTTP/1.1" 200 438
120.253.135.82 - - [26/Jun/2023:06:08:27 +0800] "POST /xingrg/kc/pszx/mdps_order_operate.html HTTP/1.1" 200 37
120.253.135.82 - - [26/Jun/2023:06:08:29 +0800] "GET /xingrg/kc/pszx/mdps_order_info.html?code=312023062600497 HTTP/1.1" 200 23972
120.253.135.82 - - [26/Jun/2023:06:08:29 +0800] "GET /xingrg/javascript/easyui/themes/default/validatebox.css HTTP/1.1" 404 1104
120.253.135.82 - - [26/Jun/2023:06:08:30 +0800] "POST /xingrg/kc/pszx/mdps_order_operate.html HTTP/1.1" 200 10353
120.253.135.82 - - [26/Jun/2023:06:08:31 +0800] "POST /xingrg/kc/pszx/mdps_list_operate.html HTTP/1.1" 200 2772
114.85.113.108 - - [26/Jun/2023:06:08:31 +0800] "GET /xingrg/all/function/internal_message.html?_=1687730911818&CODE_STATE=getMsg HTTP/1.1" 200 27
120.253.135.82 - - [26/Jun/2023:06:08:37 +0800] "GET /xingrg/kc/pszx/mdqp_order_list.html?state=10 HTTP/1.1" 200 16467
120.253.135.82 - - [26/Jun/2023:06:08:37 +0800] "GET /xingrg/dwr/interface/AjaxQqpsService.js HTTP/1.1" 200 16326
120.253.135.82 - - [26/Jun/2023:06:08:37 +0800] "GET /xingrg/dwr/engine.js HTTP/1.1" 200 43631
120.253.135.82 - - [26/Jun/2023:06:08:37 +0800] "GET /xingrg/dwr/interface/AjaxReportQueryService.js HTTP/1.1" 200 13203
120.253.135.82 - - [26/Jun/2023:06:08:41 +0800] "GET /xingrg/kc/pszx/mdqp_order_info.html?code=302023062500399 HTTP/1.1" 200 13338
120.253.135.82 - - [26/Jun/2023:06:08:41 +0800] "GET /xingrg/dwr/interface/AjaxQqpsService.js HTTP/1.1" 200 16326
120.253.135.82 - - [26/Jun/2023:06:08:41 +0800] "GET /xingrg/dwr/interface/AjaxComOrderService.js HTTP/1.1" 200 18264
120.253.135.82 - - [26/Jun/2023:06:08:41 +0800] "GET /xingrg/dwr/engine.js HTTP/1.1" 200 43631
120.253.135.82 - - [26/Jun/2023:06:08:42 +0800] "POST /xingrg/dwr/call/plaincall/AjaxQqpsService.loadMaterielItems.dwr HTTP/1.1" 200 3504
114.85.113.108 - - [26/Jun/2023:06:08:46 +0800] "GET /xingrg/check_reg.html?_=1687730926638 HTTP/1.1" 200 22
116.232.195.127 - - [26/Jun/2023:06:08:48 +0800] "GET /xingrg/all/function/internal_message.html?_=1687730917384&CODE_STATE=getMsg HTTP/1.1" 200 27
120.253.135.82 - - [26/Jun/2023:06:08:50 +0800] "GET /xingrg/images/yd/bt.gif HTTP/1.1" 404 1040
120.253.135.82 - - [26/Jun/2023:06:08:50 +0800] "GET /xingrg/images/yd/bt2.gif HTTP/1.1" 404 1042
120.253.135.82 - - [26/Jun/2023:06:09:07 +0800] "GET /xingrg/kc/pszx/mdqp_order_list.html?isBack=1 HTTP/1.1" 302 -
120.253.135.82 - - [26/Jun/2023:06:09:07 +0800] "GET /xingrg/kc/pszx/mdqp_order_list.html?state=10 HTTP/1.1" 200 16467
120.253.135.82 - - [26/Jun/2023:06:09:07 +0800] "GET /xingrg/dwr/interface/AjaxReportQueryService.js HTTP/1.1" 200 13203
120.253.135.82 - - [26/Jun/2023:06:09:07 +0800] "GET /xingrg/dwr/interface/AjaxQqpsService.js HTTP/1.1" 200 16326
120.253.135.82 - - [26/Jun/2023:06:09:07 +0800] "GET /xingrg/dwr/engine.js HTTP/1.1" 200 43631
120.253.135.82 - - [26/Jun/2023:06:09:11 +0800] "GET /xingrg/kc/pszx/jzcl_ps.html HTTP/1.1" 200 7683
120.253.135.82 - - [26/Jun/2023:06:09:11 +0800] "POST /xingrg/all/common/load_tree.html?tree=area_rest_tree_json HTTP/1.1" 200 3499
120.253.135.82 - - [26/Jun/2023:06:09:12 +0800] "POST /xingrg/kc/pszx/jzcl_ps_operate.html HTTP/1.1" 200 7217
120.253.135.82 - - [26/Jun/2023:06:09:12 +0800] "POST /xingrg/kc/pszx/jzcl_ps_operate.html HTTP/1.1" 200 7217
120.253.135.82 - - [26/Jun/2023:06:09:14 +0800] "GET /xingrg/all/function/internal_message.html?_=1687730786252&CODE_STATE=getMsg HTTP/1.1" 200 27
58.40.7.146 - - [26/Jun/2023:06:09:17 +0800] "GET /xingrg/check_reg.html?_=1687730957679 HTTP/1.1" 200 22
58.40.7.146 - - [26/Jun/2023:06:09:17 +0800] "GET /xingrg/all/function/internal_message.html?_=1687730957679&CODE_STATE=getMsg HTTP/1.1" 200 27
124.77.245.69 - - [26/Jun/2023:06:09:18 +0800] "GET /xingrg/all/function/internal_message.html?_=1687730958936&CODE_STATE=getMsg HTTP/1.1" 200 27
114.85.113.108 - - [26/Jun/2023:06:09:31 +0800] "GET /xingrg/all/function/internal_message.html?_=1687730971802&CODE_STATE=getMsg HTTP/1.1" 200 27
116.232.195.127 - - [26/Jun/2023:06:09:48 +0800] "GET /xingrg/all/function/internal_message.html?_=1687730977372&CODE_STATE=getMsg HTTP/1.1" 200 27
180.169.147.146 - - [26/Jun/2023:06:10:05 +0800] "GET /xingrg/check_reg.html?_=1687731005834 HTTP/1.1" 200 22
120.253.135.82 - - [26/Jun/2023:06:10:12 +0800] "POST /xingrg/kc/pszx/jzcl_ps_operate.html HTTP/1.1" 200 4
120.253.135.82 - - [26/Jun/2023:06:10:15 +0800] "GET /xingrg/kc/pszx/mdps_order_list.html HTTP/1.1" 200 21032
120.253.135.82 - - [26/Jun/2023:06:10:15 +0800] "POST /xingrg/kc/pszx/jzcl_ps_operate.html HTTP/1.1" 200 3850
120.253.135.82 - - [26/Jun/2023:06:10:15 +0800] "POST /xingrg/kc/pszx/mdps_list_operate.html HTTP/1.1" 200 5256
120.253.135.82 - - [26/Jun/2023:06:10:16 +0800] "GET /xingrg/all/function/internal_message.html?_=1687730847395&CODE_STATE=getMsg HTTP/1.1" 200 27
58.40.7.146 - - [26/Jun/2023:06:10:17 +0800] "GET /xingrg/all/function/internal_message.html?_=1687731017682&CODE_STATE=getMsg HTTP/1.1" 200 27
124.77.245.69 - - [26/Jun/2023:06:10:18 +0800] "GET /xingrg/all/function/internal_message.html?_=1687731018961&CODE_STATE=getMsg HTTP/1.1" 200 27
120.253.135.82 - - [26/Jun/2023:06:10:20 +0800] "POST /xingrg/kc/pszx/mdps_list_operate.html HTTP/1.1" 200 4223
120.253.135.82 - - [26/Jun/2023:06:10:22 +0800] "POST /xingrg/kc/pszx/mdps_list_operate.html HTTP/1.1" 200 601
120.253.135.82 - - [26/Jun/2023:06:10:24 +0800] "GET /xingrg/kc/pszx/mdps_order_info.html?code=312023062600498 HTTP/1.1" 200 23972
120.253.135.82 - - [26/Jun/2023:06:10:24 +0800] "GET /xingrg/javascript/easyui/themes/default/validatebox.css HTTP/1.1" 404 1104
120.253.135.82 - - [26/Jun/2023:06:10:25 +0800] "POST /xingrg/kc/pszx/mdps_order_operate.html HTTP/1.1" 200 7703
120.253.135.82 - - [26/Jun/2023:06:10:26 +0800] "POST /xingrg/all/common/load_combo.html?type=base HTTP/1.1" 200 1169
120.253.135.82 - - [26/Jun/2023:06:10:30 +0800] "POST /xingrg/kc/pszx/mdps_order_operate.html HTTP/1.1" 200 37
114.85.113.108 - - [26/Jun/2023:06:10:31 +0800] "GET /xingrg/all/function/internal_message.html?_=1687731031788&CODE_STATE=getMsg HTTP/1.1" 200 27
120.253.135.82 - - [26/Jun/2023:06:10:32 +0800] "GET /xingrg/kc/pszx/mdps_order_info.html?code=312023062600498 HTTP/1.1" 200 23972
120.253.135.82 - - [26/Jun/2023:06:10:32 +0800] "GET /xingrg/javascript/easyui/themes/default/validatebox.css HTTP/1.1" 404 1104
120.253.135.82 - - [26/Jun/2023:06:10:33 +0800] "POST /xingrg/kc/pszx/mdps_order_operate.html HTTP/1.1" 200 7803
116.232.195.127 - - [26/Jun/2023:06:10:48 +0800] "GET /xingrg/all/function/internal_message.html?_=1687731037350&CODE_STATE=getMsg HTTP/1.1" 200 27
120.253.135.82 - - [26/Jun/2023:06:10:56 +0800] "POST /xingrg/kc/pszx/mdps_list_operate.html HTTP/1.1" 200 652
120.253.135.82 - - [26/Jun/2023:06:10:57 +0800] "GET /xingrg/kc/pszx/mdps_order_info.html?code=312023062600499 HTTP/1.1" 200 23972
120.253.135.82 - - [26/Jun/2023:06:10:58 +0800] "GET /xingrg/javascript/easyui/themes/default/validatebox.css HTTP/1.1" 404 1104
120.253.135.82 - - [26/Jun/2023:06:10:58 +0800] "POST /xingrg/kc/pszx/mdps_order_operate.html HTTP/1.1" 200 6894
120.253.135.82 - - [26/Jun/2023:06:11:01 +0800] "POST /xingrg/kc/pszx/mdps_order_operate.html HTTP/1.1" 200 37
120.253.135.82 - - [26/Jun/2023:06:11:02 +0800] "GET /xingrg/kc/pszx/mdps_order_info.html?code=312023062600499 HTTP/1.1" 200 23972
120.253.135.82 - - [26/Jun/2023:06:11:03 +0800] "GET /xingrg/javascript/easyui/themes/default/validatebox.css HTTP/1.1" 404 1104
120.253.135.82 - - [26/Jun/2023:06:11:04 +0800] "POST /xingrg/kc/pszx/mdps_order_operate.html HTTP/1.1" 200 6974
120.253.135.82 - - [26/Jun/2023:06:11:14 +0800] "GET /xingrg/check_reg.html?_=1687730905827 HTTP/1.1" 200 22
120.253.135.82 - - [26/Jun/2023:06:11:16 +0800] "GET /xingrg/all/function/internal_message.html?_=1687730907403&CODE_STATE=getMsg HTTP/1.1" 200 27
58.40.7.146 - - [26/Jun/2023:06:11:17 +0800] "GET /xingrg/all/function/internal_message.html?_=1687731077685&CODE_STATE=getMsg HTTP/1.1" 200 27
124.77.245.69 - - [26/Jun/2023:06:11:18 +0800] "GET /xingrg/all/function/internal_message.html?_=1687731078978&CODE_STATE=getMsg HTTP/1.1" 200 27
120.253.135.82 - - [26/Jun/2023:06:11:22 +0800] "POST /xingrg/kc/pszx/mdps_list_operate.html HTTP/1.1" 200 4223
120.253.135.82 - - [26/Jun/2023:06:11:23 +0800] "POST /xingrg/kc/pszx/mdps_list_operate.html HTTP/1.1" 200 217
120.253.135.82 - - [26/Jun/2023:06:11:25 +0800] "GET /xingrg/kc/pszx/mdps_order_info.html?code=312023062600500 HTTP/1.1" 200 23972
120.253.135.82 - - [26/Jun/2023:06:11:25 +0800] "GET /xingrg/javascript/easyui/themes/default/validatebox.css HTTP/1.1" 404 1104
120.253.135.82 - - [26/Jun/2023:06:11:26 +0800] "POST /xingrg/kc/pszx/mdps_order_operate.html HTTP/1.1" 200 2296
120.253.135.82 - - [26/Jun/2023:06:11:27 +0800] "POST /xingrg/all/common/load_combo.html?type=base HTTP/1.1" 200 1169
114.85.113.108 - - [26/Jun/2023:06:11:31 +0800] "GET /xingrg/all/function/internal_message.html?_=1687731091772&CODE_STATE=getMsg HTTP/1.1" 200 27
120.253.135.82 - - [26/Jun/2023:06:11:34 +0800] "POST /xingrg/kc/pszx/mdps_order_operate.html HTTP/1.1" 200 37
120.253.135.82 - - [26/Jun/2023:06:11:36 +0800] "GET /xingrg/kc/pszx/mdps_order_info.html?code=312023062600500 HTTP/1.1" 200 23970
120.253.135.82 - - [26/Jun/2023:06:11:36 +0800] "GET /xingrg/javascript/easyui/themes/default/validatebox.css HTTP/1.1" 404 1104
120.253.135.82 - - [26/Jun/2023:06:11:37 +0800] "POST /xingrg/kc/pszx/mdps_order_operate.html HTTP/1.1" 200 2305
120.253.135.82 - - [26/Jun/2023:06:11:43 +0800] "POST /xingrg/kc/pszx/mdps_list_operate.html HTTP/1.1" 200 4220
120.253.135.82 - - [26/Jun/2023:06:11:44 +0800] "POST /xingrg/kc/pszx/mdps_list_operate.html HTTP/1.1" 200 287
120.253.135.82 - - [26/Jun/2023:06:11:46 +0800] "GET /xingrg/kc/pszx/mdps_order_info.html?code=312023062600501 HTTP/1.1" 200 23972
120.253.135.82 - - [26/Jun/2023:06:11:46 +0800] "GET /xingrg/javascript/easyui/themes/default/validatebox.css HTTP/1.1" 404 1104
120.253.135.82 - - [26/Jun/2023:06:11:47 +0800] "POST /xingrg/kc/pszx/mdps_order_operate.html HTTP/1.1" 200 2766
116.232.195.127 - - [26/Jun/2023:06:11:48 +0800] "GET /xingrg/all/function/internal_message.html?_=1687731097326&CODE_STATE=getMsg HTTP/1.1" 200 27
120.253.135.82 - - [26/Jun/2023:06:11:50 +0800] "POST /xingrg/kc/pszx/mdps_order_operate.html HTTP/1.1" 200 37
120.253.135.82 - - [26/Jun/2023:06:11:52 +0800] "GET /xingrg/kc/pszx/mdps_order_info.html?code=312023062600501 HTTP/1.1" 200 23972
120.253.135.82 - - [26/Jun/2023:06:11:52 +0800] "GET /xingrg/javascript/easyui/themes/default/validatebox.css HTTP/1.1" 404 1104
120.253.135.82 - - [26/Jun/2023:06:11:53 +0800] "POST /xingrg/kc/pszx/mdps_order_operate.html HTTP/1.1" 200 2783
120.253.135.82 - - [26/Jun/2023:06:11:55 +0800] "POST /xingrg/kc/pszx/mdps_list_operate.html HTTP/1.1" 200 4220
120.253.135.82 - - [26/Jun/2023:06:11:56 +0800] "POST /xingrg/kc/pszx/mdps_list_operate.html HTTP/1.1" 200 510
120.253.135.82 - - [26/Jun/2023:06:11:58 +0800] "GET /xingrg/kc/pszx/mdps_order_info.html?code=312023062600502 HTTP/1.1" 200 23972
120.253.135.82 - - [26/Jun/2023:06:11:58 +0800] "GET /xingrg/javascript/easyui/themes/default/validatebox.css HTTP/1.1" 404 1104
120.253.135.82 - - [26/Jun/2023:06:11:59 +0800] "POST /xingrg/kc/pszx/mdps_order_operate.html HTTP/1.1" 200 4209
120.253.135.82 - - [26/Jun/2023:06:12:02 +0800] "POST /xingrg/kc/pszx/mdps_order_operate.html HTTP/1.1" 200 37
120.253.135.82 - - [26/Jun/2023:06:12:04 +0800] "GET /xingrg/kc/pszx/mdps_order_info.html?code=312023062600502 HTTP/1.1" 200 23972
120.253.135.82 - - [26/Jun/2023:06:12:04 +0800] "GET /xingrg/javascript/easyui/themes/default/validatebox.css HTTP/1.1" 404 1104
120.253.135.82 - - [26/Jun/2023:06:12:05 +0800] "POST /xingrg/kc/pszx/mdps_order_operate.html HTTP/1.1" 200 4246
120.253.135.82 - - [26/Jun/2023:06:12:16 +0800] "GET /xingrg/all/function/internal_message.html?_=1687730967417&CODE_STATE=getMsg HTTP/1.1" 200 27
58.40.7.146 - - [26/Jun/2023:06:12:17 +0800] "GET /xingrg/all/function/internal_message.html?_=1687731137688&CODE_STATE=getMsg HTTP/1.1" 200 27
124.77.245.69 - - [26/Jun/2023:06:12:18 +0800] "GET /xingrg/all/function/internal_message.html?_=1687731139001&CODE_STATE=getMsg HTTP/1.1" 200 27
114.85.113.108 - - [26/Jun/2023:06:12:31 +0800] "GET /xingrg/all/function/internal_message.html?_=1687731151756&CODE_STATE=getMsg HTTP/1.1" 200 27
116.232.195.127 - - [26/Jun/2023:06:12:48 +0800] "GET /xingrg/all/function/internal_message.html?_=1687731157311&CODE_STATE=getMsg HTTP/1.1" 200 27
116.232.195.127 - - [26/Jun/2023:06:12:53 +0800] "GET /xingrg/check_reg.html?_=1687731161919 HTTP/1.1" 200 22
120.253.135.82 - - [26/Jun/2023:06:13:03 +0800] "GET /xingrg/kc/pszx/mdps_order_operate.html?command=get_materiel&pszx_code=00101&rest_code=00106&base_code=0010246&code=00101008559 HTTP/1.1" 200 432
124.77.245.69 - - [26/Jun/2023:06:13:11 +0800] "GET /xingrg/check_reg.html?_=1687731192189 HTTP/1.1" 200 22
120.253.135.82 - - [26/Jun/2023:06:13:12 +0800] "POST /xingrg/kc/pszx/mdps_order_operate.html HTTP/1.1" 200 37
58.40.7.146 - - [26/Jun/2023:06:13:17 +0800] "GET /xingrg/all/function/internal_message.html?_=1687731197692&CODE_STATE=getMsg HTTP/1.1" 200 27
124.77.245.69 - - [26/Jun/2023:06:13:18 +0800] "GET /xingrg/all/function/internal_message.html?_=1687731199005&CODE_STATE=getMsg HTTP/1.1" 200 27
120.253.135.82 - - [26/Jun/2023:06:13:19 +0800] "GET /xingrg/kc/pszx/mdps_order_info.html?code=312023062600502 HTTP/1.1" 200 23972
120.253.135.82 - - [26/Jun/2023:06:13:20 +0800] "GET /xingrg/all/function/internal_message.html?_=1687731031606&CODE_STATE=getMsg HTTP/1.1" 200 27
120.253.135.82 - - [26/Jun/2023:06:13:20 +0800] "GET /xingrg/javascript/easyui/themes/default/validatebox.css HTTP/1.1" 404 1104
120.253.135.82 - - [26/Jun/2023:06:13:20 +0800] "POST /xingrg/kc/pszx/mdps_order_operate.html HTTP/1.1" 200 4248
114.85.113.108 - - [26/Jun/2023:06:13:31 +0800] "GET /xingrg/all/function/internal_message.html?_=1687731211741&CODE_STATE=getMsg HTTP/1.1" 200 27
114.85.113.108 - - [26/Jun/2023:06:13:46 +0800] "GET /xingrg/check_reg.html?_=1687731226625 HTTP/1.1" 200 22
116.232.195.127 - - [26/Jun/2023:06:13:48 +0800] "GET /xingrg/all/function/internal_message.html?_=1687731217296&CODE_STATE=getMsg HTTP/1.1" 200 27
120.253.135.82 - - [26/Jun/2023:06:13:49 +0800] "POST /xingrg/kc/pszx/mdps_order_operate.html HTTP/1.1" 200 37
120.253.135.82 - - [26/Jun/2023:06:13:51 +0800] "GET /xingrg/kc/pszx/mdps_order_info.html?code=312023062600502 HTTP/1.1" 200 23972
120.253.135.82 - - [26/Jun/2023:06:13:52 +0800] "GET /xingrg/javascript/easyui/themes/default/validatebox.css HTTP/1.1" 404 1104
120.253.135.82 - - [26/Jun/2023:06:13:52 +0800] "POST /xingrg/kc/pszx/mdps_order_operate.html HTTP/1.1" 200 4247
120.253.135.82 - - [26/Jun/2023:06:13:54 +0800] "POST /xingrg/kc/pszx/mdps_list_operate.html HTTP/1.1" 200 4220
120.253.135.82 - - [26/Jun/2023:06:13:56 +0800] "POST /xingrg/kc/pszx/mdps_list_operate.html HTTP/1.1" 200 508
120.253.135.82 - - [26/Jun/2023:06:14:03 +0800] "GET /xingrg/kc/pszx/mdps_order_info.html?code=312023062600502 HTTP/1.1" 200 23972
120.253.135.82 - - [26/Jun/2023:06:14:03 +0800] "GET /xingrg/javascript/easyui/themes/default/validatebox.css HTTP/1.1" 404 1104
120.253.135.82 - - [26/Jun/2023:06:14:04 +0800] "POST /xingrg/kc/pszx/mdps_order_operate.html HTTP/1.1" 200 4247
120.253.135.82 - - [26/Jun/2023:06:14:07 +0800] "POST /xingrg/kc/pszx/mdps_list_operate.html HTTP/1.1" 200 4220
120.253.135.82 - - [26/Jun/2023:06:14:09 +0800] "POST /xingrg/kc/pszx/mdps_list_operate.html HTTP/1.1" 200 614
120.253.135.82 - - [26/Jun/2023:06:14:11 +0800] "GET /xingrg/kc/pszx/mdps_order_info.html?code=312023062600503 HTTP/1.1" 200 23972
120.253.135.82 - - [26/Jun/2023:06:14:11 +0800] "GET /xingrg/javascript/easyui/themes/default/validatebox.css HTTP/1.1" 404 1104
120.253.135.82 - - [26/Jun/2023:06:14:12 +0800] "POST /xingrg/kc/pszx/mdps_order_operate.html HTTP/1.1" 200 5226
120.253.135.82 - - [26/Jun/2023:06:14:15 +0800] "POST /xingrg/kc/pszx/mdps_order_operate.html HTTP/1.1" 200 37
120.253.135.82 - - [26/Jun/2023:06:14:17 +0800] "GET /xingrg/kc/pszx/mdps_order_info.html?code=312023062600503 HTTP/1.1" 200 23972
58.40.7.146 - - [26/Jun/2023:06:14:17 +0800] "GET /xingrg/check_reg.html?_=1687731257694 HTTP/1.1" 200 22
58.40.7.146 - - [26/Jun/2023:06:14:17 +0800] "GET /xingrg/all/function/internal_message.html?_=1687731257696&CODE_STATE=getMsg HTTP/1.1" 200 27
120.253.135.82 - - [26/Jun/2023:06:14:17 +0800] "GET /xingrg/javascript/easyui/themes/default/validatebox.css HTTP/1.1" 404 1104
124.77.245.69 - - [26/Jun/2023:06:14:18 +0800] "GET /xingrg/all/function/internal_message.html?_=1687731259019&CODE_STATE=getMsg HTTP/1.1" 200 27
120.253.135.82 - - [26/Jun/2023:06:14:18 +0800] "POST /xingrg/kc/pszx/mdps_order_operate.html HTTP/1.1" 200 5277
120.253.135.82 - - [26/Jun/2023:06:14:20 +0800] "GET /xingrg/all/function/internal_message.html?_=1687731091609&CODE_STATE=getMsg HTTP/1.1" 200 27
114.85.113.108 - - [26/Jun/2023:06:14:31 +0800] "GET /xingrg/all/function/internal_message.html?_=1687731271721&CODE_STATE=getMsg HTTP/1.1" 200 27
116.232.195.127 - - [26/Jun/2023:06:14:48 +0800] "GET /xingrg/all/function/internal_message.html?_=1687731277276&CODE_STATE=getMsg HTTP/1.1" 200 27
120.253.135.82 - - [26/Jun/2023:06:14:57 +0800] "GET /xingrg/kc/pszx/mdps_order_operate.html?command=get_materiel&pszx_code=00101&rest_code=00106&base_code=0010246&code=00101019142 HTTP/1.1" 200 476
120.253.135.82 - - [26/Jun/2023:06:14:59 +0800] "POST /xingrg/all/common/load_select.html HTTP/1.1" 200 25
120.253.135.82 - - [26/Jun/2023:06:15:01 +0800] "GET /xingrg/javascript/jquery_tools/images/prev.gif HTTP/1.1" 404 1086
120.253.135.82 - - [26/Jun/2023:06:15:01 +0800] "GET /xingrg/javascript/jquery_tools/images/next.gif HTTP/1.1" 404 1086
120.253.135.82 - - [26/Jun/2023:06:15:01 +0800] "GET /xingrg/kc/pszx/mdps_order_operate.html?command=get_materiel_price&pszx_code=00101&rest_code=00106&base_code=0010246&code=00101019142&unit_code=00100211&order_time=2023-06-27 HTTP/1.1" 200 47
180.169.147.146 - - [26/Jun/2023:06:15:05 +0800] "GET /xingrg/check_reg.html?_=1687731305811 HTTP/1.1" 200 22
58.40.7.146 - - [26/Jun/2023:06:15:17 +0800] "GET /xingrg/all/function/internal_message.html?_=1687731317681&CODE_STATE=getMsg HTTP/1.1" 200 27
124.77.245.69 - - [26/Jun/2023:06:15:18 +0800] "GET /xingrg/all/function/internal_message.html?_=1687731319032&CODE_STATE=getMsg HTTP/1.1" 200 27
120.253.135.82 - - [26/Jun/2023:06:15:20 +0800] "GET /xingrg/all/function/internal_message.html?_=1687731151623&CODE_STATE=getMsg HTTP/1.1" 200 27
120.253.135.82 - - [26/Jun/2023:06:15:20 +0800] "GET /xingrg/kc/pszx/mdps_order_operate.html?command=get_materiel&pszx_code=00101&rest_code=00106&base_code=0010246&code=00101013073 HTTP/1.1" 200 433
124.77.245.69 - - [26/Jun/2023:06:15:25 +0800] "GET /xingrg/kc/base/wldb_order_list.html HTTP/1.1" 200 19104
124.77.245.69 - - [26/Jun/2023:06:15:26 +0800] "POST /xingrg/kc/base/wldb_list_operate.html HTTP/1.1" 200 928
120.253.135.82 - - [26/Jun/2023:06:15:28 +0800] "POST /xingrg/kc/pszx/mdps_order_operate.html HTTP/1.1" 200 37
124.77.245.69 - - [26/Jun/2023:06:15:28 +0800] "GET /xingrg/kc/base/wldb_order_add.html HTTP/1.1" 200 30387
124.77.245.69 - - [26/Jun/2023:06:15:28 +0800] "GET /xingrg/javascript/jquery_tools/order_manager.js HTTP/1.1" 304 -
124.77.245.69 - - [26/Jun/2023:06:15:28 +0800] "GET /xingrg/javascript/convert.js HTTP/1.1" 304 -
124.77.245.69 - - [26/Jun/2023:06:15:28 +0800] "GET /xingrg/javascript/json2.js HTTP/1.1" 304 -
124.77.245.69 - - [26/Jun/2023:06:15:28 +0800] "POST /xingrg/kc/base/wldb_order_operate.html HTTP/1.1" 200 6806
124.77.245.69 - - [26/Jun/2023:06:15:28 +0800] "GET /xingrg/all/common/auto_word.html?type=base&rest_code=00146 HTTP/1.1" 200 1799
124.77.245.69 - - [26/Jun/2023:06:15:28 +0800] "GET /xingrg/all/common/auto_word.html?type=base&rest_code=00146 HTTP/1.1" 200 1799
124.77.245.69 - - [26/Jun/2023:06:15:29 +0800] "GET /xingrg/javascript/easyui/themes/default/validatebox.css HTTP/1.1" 404 1104
124.77.245.69 - - [26/Jun/2023:06:15:29 +0800] "GET /xingrg/javascript/easyui/plugins/jquery.validatebox.js HTTP/1.1" 304 -
124.77.245.69 - - [26/Jun/2023:06:15:29 +0800] "GET /xingrg/javascript/easyui/plugins/jquery.numberbox.js HTTP/1.1" 304 -
120.253.135.82 - - [26/Jun/2023:06:15:29 +0800] "GET /xingrg/kc/pszx/mdps_order_info.html?code=312023062600503 HTTP/1.1" 200 23972
120.253.135.82 - - [26/Jun/2023:06:15:30 +0800] "GET /xingrg/javascript/easyui/themes/default/validatebox.css HTTP/1.1" 404 1104
120.253.135.82 - - [26/Jun/2023:06:15:30 +0800] "POST /xingrg/kc/pszx/mdps_order_operate.html HTTP/1.1" 200 5285
114.85.113.108 - - [26/Jun/2023:06:15:31 +0800] "GET /xingrg/all/function/internal_message.html?_=1687731331713&CODE_STATE=getMsg HTTP/1.1" 200 27
124.77.245.69 - - [26/Jun/2023:06:15:32 +0800] "GET /xingrg/javascript/auto/indicator.gif HTTP/1.1" 404 1066
124.77.245.69 - - [26/Jun/2023:06:15:38 +0800] "GET /xingrg/javascript/jquery_tools/images/prev.gif HTTP/1.1" 404 1086
124.77.245.69 - - [26/Jun/2023:06:15:38 +0800] "GET /xingrg/javascript/jquery_tools/images/next.gif HTTP/1.1" 404 1086
124.77.245.69 - - [26/Jun/2023:06:15:47 +0800] "GET /xingrg/kc/base/wldb_order_operate.html?command=get_materiel&rest_code=00146&base_code=0010063&code=00101019133 HTTP/1.1" 200 480
116.232.195.127 - - [26/Jun/2023:06:15:48 +0800] "GET /xingrg/all/function/internal_message.html?_=1687731337257&CODE_STATE=getMsg HTTP/1.1" 200 27
124.77.245.69 - - [26/Jun/2023:06:15:56 +0800] "GET /xingrg/kc/base/wldb_order_operate.html?command=get_materiel&rest_code=00146&base_code=0010063&code=00101019391 HTTP/1.1" 200 485
124.77.245.69 - - [26/Jun/2023:06:16:04 +0800] "GET /xingrg/kc/base/wldb_order_operate.html?command=get_materiel&rest_code=00146&base_code=0010063&code=00101019267 HTTP/1.1" 200 479
120.253.135.82 - - [26/Jun/2023:06:16:14 +0800] "GET /xingrg/check_reg.html?_=1687731205832 HTTP/1.1" 200 22
120.253.135.82 - - [26/Jun/2023:06:16:16 +0800] "POST /xingrg/kc/pszx/mdps_order_operate.html HTTP/1.1" 200 37
58.40.7.146 - - [26/Jun/2023:06:16:17 +0800] "GET /xingrg/all/function/internal_message.html?_=1687731377684&CODE_STATE=getMsg HTTP/1.1" 200 27
124.77.245.69 - - [26/Jun/2023:06:16:18 +0800] "GET /xingrg/all/function/internal_message.html?_=1687731379209&CODE_STATE=getMsg HTTP/1.1" 200 27
120.253.135.82 - - [26/Jun/2023:06:16:18 +0800] "GET /xingrg/kc/pszx/mdps_order_info.html?code=312023062600503 HTTP/1.1" 200 23972
120.253.135.82 - - [26/Jun/2023:06:16:18 +0800] "GET /xingrg/javascript/easyui/themes/default/validatebox.css HTTP/1.1" 404 1104
120.253.135.82 - - [26/Jun/2023:06:16:19 +0800] "POST /xingrg/kc/pszx/mdps_order_operate.html HTTP/1.1" 200 5285
120.253.135.82 - - [26/Jun/2023:06:16:20 +0800] "GET /xingrg/all/function/internal_message.html?_=1687731211637&CODE_STATE=getMsg HTTP/1.1" 200 27
124.77.245.69 - - [26/Jun/2023:06:16:20 +0800] "GET /xingrg/kc/base/wldb_order_operate.html?command=get_materiel&rest_code=00146&base_code=0010063&code=00101016094 HTTP/1.1" 200 469
120.253.135.82 - - [26/Jun/2023:06:16:21 +0800] "POST /xingrg/kc/pszx/mdps_list_operate.html HTTP/1.1" 200 4220
120.253.135.82 - - [26/Jun/2023:06:16:22 +0800] "POST /xingrg/kc/pszx/mdps_list_operate.html HTTP/1.1" 200 619
120.253.135.82 - - [26/Jun/2023:06:16:25 +0800] "GET /xingrg/kc/pszx/mdps_order_info.html?code=312023062600503 HTTP/1.1" 200 23972
120.253.135.82 - - [26/Jun/2023:06:16:26 +0800] "GET /xingrg/javascript/easyui/themes/default/validatebox.css HTTP/1.1" 404 1104
120.253.135.82 - - [26/Jun/2023:06:16:27 +0800] "POST /xingrg/kc/pszx/mdps_order_operate.html HTTP/1.1" 200 5285
124.77.245.69 - - [26/Jun/2023:06:16:30 +0800] "GET /xingrg/kc/base/wldb_order_operate.html?command=get_materiel&rest_code=00146&base_code=0010063&code=00101019315 HTTP/1.1" 200 475
120.253.135.82 - - [26/Jun/2023:06:16:30 +0800] "POST /xingrg/kc/pszx/mdps_list_operate.html HTTP/1.1" 200 4220
120.253.135.82 - - [26/Jun/2023:06:16:31 +0800] "POST /xingrg/kc/pszx/mdps_list_operate.html HTTP/1.1" 200 280
114.85.113.108 - - [26/Jun/2023:06:16:31 +0800] "GET /xingrg/all/function/internal_message.html?_=1687731391695&CODE_STATE=getMsg HTTP/1.1" 200 27
120.253.135.82 - - [26/Jun/2023:06:16:33 +0800] "GET /xingrg/kc/pszx/mdps_order_info.html?code=312023062600504 HTTP/1.1" 200 23972
120.253.135.82 - - [26/Jun/2023:06:16:33 +0800] "GET /xingrg/javascript/easyui/themes/default/validatebox.css HTTP/1.1" 404 1104
120.253.135.82 - - [26/Jun/2023:06:16:34 +0800] "POST /xingrg/kc/pszx/mdps_order_operate.html HTTP/1.1" 200 2763
120.253.135.82 - - [26/Jun/2023:06:16:37 +0800] "POST /xingrg/kc/pszx/mdps_order_operate.html HTTP/1.1" 200 37
124.77.245.69 - - [26/Jun/2023:06:16:39 +0800] "GET /xingrg/kc/base/wldb_order_operate.html?command=get_materiel&rest_code=00146&base_code=0010063&code=00101019222 HTTP/1.1" 200 454
120.253.135.82 - - [26/Jun/2023:06:16:39 +0800] "GET /xingrg/kc/pszx/mdps_order_info.html?code=312023062600504 HTTP/1.1" 200 23972
120.253.135.82 - - [26/Jun/2023:06:16:39 +0800] "GET /xingrg/javascript/easyui/themes/default/validatebox.css HTTP/1.1" 404 1104
120.253.135.82 - - [26/Jun/2023:06:16:40 +0800] "POST /xingrg/kc/pszx/mdps_order_operate.html HTTP/1.1" 200 2779
120.253.135.82 - - [26/Jun/2023:06:16:45 +0800] "POST /xingrg/kc/pszx/mdps_list_operate.html HTTP/1.1" 200 4220
120.253.135.82 - - [26/Jun/2023:06:16:47 +0800] "POST /xingrg/kc/pszx/mdps_list_operate.html HTTP/1.1" 200 455
116.232.195.127 - - [26/Jun/2023:06:16:48 +0800] "GET /xingrg/all/function/internal_message.html?_=1687731397234&CODE_STATE=getMsg HTTP/1.1" 200 27
120.253.135.82 - - [26/Jun/2023:06:16:48 +0800] "GET /xingrg/kc/pszx/mdps_order_info.html?code=312023062600505 HTTP/1.1" 200 23972
124.77.245.69 - - [26/Jun/2023:06:16:48 +0800] "GET /xingrg/kc/base/wldb_order_operate.html?command=get_materiel&rest_code=00146&base_code=0010063&code=00101019503 HTTP/1.1" 200 467
120.253.135.82 - - [26/Jun/2023:06:16:49 +0800] "GET /xingrg/javascript/easyui/themes/default/validatebox.css HTTP/1.1" 404 1104
120.253.135.82 - - [26/Jun/2023:06:16:49 +0800] "POST /xingrg/kc/pszx/mdps_order_operate.html HTTP/1.1" 200 3770
120.253.135.82 - - [26/Jun/2023:06:16:52 +0800] "POST /xingrg/kc/pszx/mdps_order_operate.html HTTP/1.1" 200 37
120.253.135.82 - - [26/Jun/2023:06:16:54 +0800] "GET /xingrg/kc/pszx/mdps_order_info.html?code=312023062600505 HTTP/1.1" 200 23972
120.253.135.82 - - [26/Jun/2023:06:16:55 +0800] "GET /xingrg/javascript/easyui/themes/default/validatebox.css HTTP/1.1" 404 1104
120.253.135.82 - - [26/Jun/2023:06:16:56 +0800] "POST /xingrg/kc/pszx/mdps_order_operate.html HTTP/1.1" 200 3803
124.77.245.69 - - [26/Jun/2023:06:17:02 +0800] "GET /xingrg/kc/base/wldb_order_operate.html?command=get_materiel&rest_code=00146&base_code=0010063&code=00101019400 HTTP/1.1" 200 465
58.40.7.146 - - [26/Jun/2023:06:17:17 +0800] "GET /xingrg/all/function/internal_message.html?_=1687731437685&CODE_STATE=getMsg HTTP/1.1" 200 27
124.77.245.69 - - [26/Jun/2023:06:17:18 +0800] "GET /xingrg/all/function/internal_message.html?_=1687731439216&CODE_STATE=getMsg HTTP/1.1" 200 27
120.253.135.82 - - [26/Jun/2023:06:17:20 +0800] "GET /xingrg/all/function/internal_message.html?_=1687731271650&CODE_STATE=getMsg HTTP/1.1" 200 27
120.253.135.82 - - [26/Jun/2023:06:17:22 +0800] "POST /xingrg/kc/pszx/mdps_list_operate.html HTTP/1.1" 200 4220
120.253.135.82 - - [26/Jun/2023:06:17:23 +0800] "POST /xingrg/kc/pszx/mdps_list_operate.html HTTP/1.1" 200 455
114.85.113.108 - - [26/Jun/2023:06:17:31 +0800] "GET /xingrg/all/function/internal_message.html?_=1687731451681&CODE_STATE=getMsg HTTP/1.1" 200 27
120.253.135.82 - - [26/Jun/2023:06:17:38 +0800] "GET /xingrg/kc/pszx/mdqp_order_list.html?state=10 HTTP/1.1" 200 13948
120.253.135.82 - - [26/Jun/2023:06:17:38 +0800] "GET /xingrg/dwr/interface/AjaxQqpsService.js HTTP/1.1" 200 16326
120.253.135.82 - - [26/Jun/2023:06:17:38 +0800] "GET /xingrg/dwr/interface/AjaxReportQueryService.js HTTP/1.1" 200 13203
120.253.135.82 - - [26/Jun/2023:06:17:38 +0800] "GET /xingrg/dwr/engine.js HTTP/1.1" 200 43631
120.253.135.82 - - [26/Jun/2023:06:17:42 +0800] "GET /xingrg/kc/pszx/mdqp_order_info.html?code=302023062500420 HTTP/1.1" 200 13350
120.253.135.82 - - [26/Jun/2023:06:17:42 +0800] "GET /xingrg/dwr/interface/AjaxComOrderService.js HTTP/1.1" 200 18264
120.253.135.82 - - [26/Jun/2023:06:17:42 +0800] "GET /xingrg/dwr/engine.js HTTP/1.1" 200 43631
120.253.135.82 - - [26/Jun/2023:06:17:42 +0800] "GET /xingrg/dwr/interface/AjaxQqpsService.js HTTP/1.1" 200 16326
120.253.135.82 - - [26/Jun/2023:06:17:43 +0800] "POST /xingrg/dwr/call/plaincall/AjaxQqpsService.loadMaterielItems.dwr HTTP/1.1" 200 2082
116.232.195.127 - - [26/Jun/2023:06:17:48 +0800] "GET /xingrg/all/function/internal_message.html?_=1687731457211&CODE_STATE=getMsg HTTP/1.1" 200 27
124.77.245.69 - - [26/Jun/2023:06:17:51 +0800] "GET /xingrg/kc/base/wldb_order_operate.html?command=get_materiel&rest_code=00146&base_code=0010063&code=00101019258 HTTP/1.1" 200 482
116.232.195.127 - - [26/Jun/2023:06:17:53 +0800] "GET /xingrg/check_reg.html?_=1687731461932 HTTP/1.1" 200 22
124.77.245.69 - - [26/Jun/2023:06:18:00 +0800] "GET /xingrg/kc/base/wldb_order_operate.html?command=get_materiel&rest_code=00146&base_code=0010063&code=00101019297 HTTP/1.1" 200 478
124.77.245.69 - - [26/Jun/2023:06:18:07 +0800] "GET /xingrg/kc/base/wldb_order_operate.html?command=get_materiel&rest_code=00146&base_code=0010063&code=00101019438 HTTP/1.1" 200 462
124.77.245.69 - - [26/Jun/2023:06:18:11 +0800] "GET /xingrg/check_reg.html?_=1687731492196 HTTP/1.1" 200 22
58.40.7.146 - - [26/Jun/2023:06:18:17 +0800] "GET /xingrg/all/function/internal_message.html?_=1687731497697&CODE_STATE=getMsg HTTP/1.1" 200 27
124.77.245.69 - - [26/Jun/2023:06:18:18 +0800] "GET /xingrg/all/function/internal_message.html?_=1687731499231&CODE_STATE=getMsg HTTP/1.1" 200 27
120.253.135.82 - - [26/Jun/2023:06:18:20 +0800] "GET /xingrg/all/function/internal_message.html?_=1687731331664&CODE_STATE=getMsg HTTP/1.1" 200 27
120.253.135.82 - - [26/Jun/2023:06:18:27 +0800] "GET /xingrg/kc/pszx/mdqp_order_list.html?isBack=1 HTTP/1.1" 302 -
120.253.135.82 - - [26/Jun/2023:06:18:27 +0800] "GET /xingrg/kc/pszx/mdqp_order_list.html?state=10 HTTP/1.1" 200 13948
120.253.135.82 - - [26/Jun/2023:06:18:28 +0800] "GET /xingrg/dwr/interface/AjaxReportQueryService.js HTTP/1.1" 200 13203
120.253.135.82 - - [26/Jun/2023:06:18:28 +0800] "GET /xingrg/dwr/interface/AjaxQqpsService.js HTTP/1.1" 200 16326
120.253.135.82 - - [26/Jun/2023:06:18:28 +0800] "GET /xingrg/dwr/engine.js HTTP/1.1" 200 43631
120.253.135.82 - - [26/Jun/2023:06:18:30 +0800] "GET /xingrg/kc/pszx/mdqp_order_info.html?code=302023062500421 HTTP/1.1" 200 13350
120.253.135.82 - - [26/Jun/2023:06:18:30 +0800] "GET /xingrg/dwr/engine.js HTTP/1.1" 200 43631
120.253.135.82 - - [26/Jun/2023:06:18:30 +0800] "GET /xingrg/dwr/interface/AjaxComOrderService.js HTTP/1.1" 200 18264
120.253.135.82 - - [26/Jun/2023:06:18:30 +0800] "GET /xingrg/dwr/interface/AjaxQqpsService.js HTTP/1.1" 200 16326
120.253.135.82 - - [26/Jun/2023:06:18:31 +0800] "POST /xingrg/dwr/call/plaincall/AjaxQqpsService.loadMaterielItems.dwr HTTP/1.1" 200 10219
114.85.113.108 - - [26/Jun/2023:06:18:31 +0800] "GET /xingrg/all/function/internal_message.html?_=1687731511666&CODE_STATE=getMsg HTTP/1.1" 200 27
124.77.245.69 - - [26/Jun/2023:06:18:35 +0800] "POST /xingrg/kc/base/wldb_order_operate.html HTTP/1.1" 200 37
120.253.135.82 - - [26/Jun/2023:06:18:36 +0800] "GET /xingrg/images/yd/bt.gif HTTP/1.1" 404 1040
120.253.135.82 - - [26/Jun/2023:06:18:36 +0800] "GET /xingrg/images/yd/bt2.gif HTTP/1.1" 404 1042
124.77.245.69 - - [26/Jun/2023:06:18:45 +0800] "POST /xingrg/kc/base/wldb_order_operate.html HTTP/1.1" 200 12
124.77.245.69 - - [26/Jun/2023:06:18:45 +0800] "POST /xingrg/kc/base/wldb_order_operate.html HTTP/1.1" 200 7770
114.85.113.108 - - [26/Jun/2023:06:18:46 +0800] "GET /xingrg/check_reg.html?_=1687731526613 HTTP/1.1" 200 22
116.232.195.127 - - [26/Jun/2023:06:18:48 +0800] "GET /xingrg/all/function/internal_message.html?_=1687731517199&CODE_STATE=getMsg HTTP/1.1" 200 27
120.253.135.82 - - [26/Jun/2023:06:18:49 +0800] "GET /xingrg/kc/pszx/mdqp_order_list.html?isBack=1 HTTP/1.1" 302 -
120.253.135.82 - - [26/Jun/2023:06:18:49 +0800] "GET /xingrg/kc/pszx/mdqp_order_list.html?state=10 HTTP/1.1" 200 13948
120.253.135.82 - - [26/Jun/2023:06:18:49 +0800] "GET /xingrg/dwr/interface/AjaxQqpsService.js HTTP/1.1" 200 16326
120.253.135.82 - - [26/Jun/2023:06:18:49 +0800] "GET /xingrg/dwr/interface/AjaxReportQueryService.js HTTP/1.1" 200 13203
120.253.135.82 - - [26/Jun/2023:06:18:49 +0800] "GET /xingrg/dwr/engine.js HTTP/1.1" 200 43631
120.253.135.82 - - [26/Jun/2023:06:18:56 +0800] "GET /xingrg/kc/pszx/jzcl_ps.html HTTP/1.1" 200 7683
120.253.135.82 - - [26/Jun/2023:06:18:56 +0800] "POST /xingrg/all/common/load_tree.html?tree=area_rest_tree_json HTTP/1.1" 200 3499
120.253.135.82 - - [26/Jun/2023:06:18:57 +0800] "POST /xingrg/kc/pszx/jzcl_ps_operate.html HTTP/1.1" 200 3850
120.253.135.82 - - [26/Jun/2023:06:18:57 +0800] "POST /xingrg/kc/pszx/jzcl_ps_operate.html HTTP/1.1" 200 3850
124.77.245.69 - - [26/Jun/2023:06:19:14 +0800] "GET /xingrg/kc/base/wldb_order_info.html?code=422023062602182 HTTP/1.1" 200 26266
124.77.245.69 - - [26/Jun/2023:06:19:14 +0800] "GET /xingrg/javascript/easyui/themes/default/validatebox.css HTTP/1.1" 404 1104
124.77.245.69 - - [26/Jun/2023:06:19:14 +0800] "POST /xingrg/kc/base/wldb_order_operate.html HTTP/1.1" 200 5943
58.40.7.146 - - [26/Jun/2023:06:19:17 +0800] "GET /xingrg/all/function/internal_message.html?_=1687731557684&CODE_STATE=getMsg HTTP/1.1" 200 27
58.40.7.146 - - [26/Jun/2023:06:19:17 +0800] "GET /xingrg/check_reg.html?_=1687731557685 HTTP/1.1" 200 22
124.77.245.69 - - [26/Jun/2023:06:19:18 +0800] "GET /xingrg/all/function/internal_message.html?_=1687731559243&CODE_STATE=getMsg HTTP/1.1" 200 27
