61.170.233.201 - - [26/Jun/2023:11:04:13 +0800] "GET /xingrg/kc/buy/cgsh_order_info.html?code=212023062609520 HTTP/1.1" 200 71587
101.83.145.52 - - [26/Jun/2023:11:04:13 +0800] "GET /xingrg/all/function/internal_message.html?_=1687748475556&CODE_STATE=getMsg HTTP/1.1" 200 27
61.170.233.201 - - [26/Jun/2023:11:04:13 +0800] "GET /xingrg/javascript/easyui/themes/default/validatebox.css HTTP/1.1" 404 1104
61.170.233.201 - - [26/Jun/2023:11:04:15 +0800] "POST /xingrg/kc/buy/cgsh_order_operate.html HTTP/1.1" 200 19250
222.70.180.90 - - [26/Jun/2023:11:04:16 +0800] "GET /xingrg/kc/buy/cgsh_order_operate.html?command=get_materiel&rest_code=00111&code=00101004046&supplier_code=00100312&order_time=2023-06-26 HTTP/1.1" 200 417
61.170.233.201 - - [26/Jun/2023:11:04:18 +0800] "GET /xingrg/all/function/internal_message.html?_=1687748658441&CODE_STATE=getMsg HTTP/1.1" 200 27
101.229.22.40 - - [26/Jun/2023:11:04:21 +0800] "POST /xingrg/login.do HTTP/1.1" 302 -
101.229.22.40 - - [26/Jun/2023:11:04:21 +0800] "GET /xingrg/index.html?sysBaseUrl=http%3A%2F%2F180.169.147.146%3A18081%2Fxingrg%2F&costTime=1473×tamp=1687748661811 HTTP/1.1" 200 17179
101.229.22.40 - - [26/Jun/2023:11:04:21 +0800] "GET /xingrg/javascript/jquery_easy_ui/themes/default/easyui.css HTTP/1.1" 304 -
101.229.22.40 - - [26/Jun/2023:11:04:21 +0800] "GET /xingrg/javascript/jquery_easy_ui/themes/icon.css HTTP/1.1" 304 -
101.229.22.40 - - [26/Jun/2023:11:04:21 +0800] "GET /xingrg/javascript/jquery_easy_ui/easyui-lang-zh_CN.js HTTP/1.1" 304 -
101.229.22.40 - - [26/Jun/2023:11:04:21 +0800] "GET /xingrg/javascript/jquery_easy_ui/jquery.easyui.min.js HTTP/1.1" 304 -
101.229.22.40 - - [26/Jun/2023:11:04:21 +0800] "GET /xingrg/css/form.css HTTP/1.1" 304 -
101.229.22.40 - - [26/Jun/2023:11:04:21 +0800] "GET /xingrg/javascript/jquery.form.js HTTP/1.1" 304 -
101.229.22.40 - - [26/Jun/2023:11:04:21 +0800] "GET /xingrg/javascript/jquery-1.4.2.min.js HTTP/1.1" 304 -
101.229.22.40 - - [26/Jun/2023:11:04:21 +0800] "GET /xingrg/javascript/jquery.utils.js HTTP/1.1" 304 -
101.229.22.40 - - [26/Jun/2023:11:04:21 +0800] "GET /xingrg/javascript/jquery.timers.js HTTP/1.1" 304 -
101.229.22.40 - - [26/Jun/2023:11:04:22 +0800] "GET /favicon.ico HTTP/1.1" 404 -
101.229.22.40 - - [26/Jun/2023:11:04:22 +0800] "GET /xingrg/javascript/jquery_easy_ui/themes/icons/settle_new.png HTTP/1.1" 304 -
101.229.22.40 - - [26/Jun/2023:11:04:22 +0800] "GET /xingrg/images/blue/navBackgound.jpg HTTP/1.1" 304 -
101.229.22.40 - - [26/Jun/2023:11:04:22 +0800] "GET /xingrg/check_reg.html?_=1687748662603 HTTP/1.1" 200 22
101.229.22.40 - - [26/Jun/2023:11:04:22 +0800] "GET /xingrg/all/function/internal_message.html?_=1687748662602&CODE_STATE=count HTTP/1.1" 200 11
101.229.22.40 - - [26/Jun/2023:11:04:22 +0800] "GET /xingrg/javascript/jquery_easy_ui/themes/default/images/tabs_leftarrow.png HTTP/1.1" 304 -
101.229.22.40 - - [26/Jun/2023:11:04:22 +0800] "GET /xingrg/images/blue/pingpu.png HTTP/1.1" 304 -
101.229.22.40 - - [26/Jun/2023:11:04:22 +0800] "GET /xingrg/javascript/jquery_easy_ui/themes/default/images/tabs_rightarrow.png HTTP/1.1" 304 -
101.229.22.40 - - [26/Jun/2023:11:04:22 +0800] "GET /xingrg/javascript/jquery_easy_ui/themes/default/images/panel_tool_collapse.gif HTTP/1.1" 304 -
101.229.22.40 - - [26/Jun/2023:11:04:23 +0800] "POST /xingrg/all/common/load_tree.html?tree=area_rest_tree_json&manage=1 HTTP/1.1" 200 351
101.229.22.40 - - [26/Jun/2023:11:04:23 +0800] "POST /xingrg/load_menu.html HTTP/1.1" 200 5138
101.229.22.40 - - [26/Jun/2023:11:04:23 +0800] "GET /xingrg/javascript/jquery_easy_ui/themes/default/images/tree_arrows.gif HTTP/1.1" 304 -
101.229.22.40 - - [26/Jun/2023:11:04:23 +0800] "GET /xingrg/javascript/jquery_easy_ui/themes/icons/search_new.png HTTP/1.1" 304 -
101.229.22.40 - - [26/Jun/2023:11:04:23 +0800] "GET /xingrg/javascript/jquery_easy_ui/themes/default/images/tree_folder_open.gif HTTP/1.1" 304 -
101.229.22.40 - - [26/Jun/2023:11:04:23 +0800] "GET /xingrg/javascript/jquery_easy_ui/themes/default/images/tree_folder.gif HTTP/1.1" 304 -
101.229.22.40 - - [26/Jun/2023:11:04:23 +0800] "GET /xingrg/javascript/jquery_easy_ui/themes/icons/forms_new.png HTTP/1.1" 304 -
101.229.22.40 - - [26/Jun/2023:11:04:23 +0800] "GET /xingrg/javascript/jquery_easy_ui/themes/icons/storage_new.png HTTP/1.1" 304 -
101.229.22.40 - - [26/Jun/2023:11:04:23 +0800] "GET /xingrg/javascript/jquery_easy_ui/themes/default/images/tree_file.gif HTTP/1.1" 304 -
120.253.135.82 - - [26/Jun/2023:11:04:23 +0800] "GET /xingrg/all/function/internal_message.html?_=1687748494691&CODE_STATE=getMsg HTTP/1.1" 200 27
222.70.180.90 - - [26/Jun/2023:11:04:26 +0800] "GET /xingrg/all/function/internal_message.html?_=1687748665857&CODE_STATE=getMsg HTTP/1.1" 200 27
101.229.22.40 - - [26/Jun/2023:11:04:26 +0800] "GET /xingrg/javascript/jquery_easy_ui/themes/icons/rest.png HTTP/1.1" 304 -
101.229.22.40 - - [26/Jun/2023:11:04:26 +0800] "GET /xingrg/javascript/jquery_easy_ui/themes/icons/area.png HTTP/1.1" 304 -
101.83.145.52 - - [26/Jun/2023:11:04:26 +0800] "POST /xingrg/kc/buy/cgsh_order_operate.html HTTP/1.1" 200 37
114.85.113.108 - - [26/Jun/2023:11:04:27 +0800] "GET /xingrg/all/function/internal_message.html?_=1687748667745&CODE_STATE=getMsg HTTP/1.1" 200 27
116.238.191.126 - - [26/Jun/2023:11:04:28 +0800] "GET /xingrg/all/function/internal_message.html?_=1687748667504&CODE_STATE=getMsg HTTP/1.1" 200 27
116.238.191.126 - - [26/Jun/2023:11:04:28 +0800] "GET /xingrg/check_reg.html?_=1687748667589 HTTP/1.1" 200 22
222.70.180.90 - - [26/Jun/2023:11:04:28 +0800] "GET /xingrg/kc/buy/cgsh_order_operate.html?command=get_materiel&rest_code=00111&code=00101004038&supplier_code=00100312&order_time=2023-06-26 HTTP/1.1" 200 430
101.83.145.52 - - [26/Jun/2023:11:04:30 +0800] "POST /xingrg/kc/buy/cgsh_order_operate.html HTTP/1.1" 200 2662
101.229.22.40 - - [26/Jun/2023:11:04:32 +0800] "GET /xingrg/javascript/jquery_easy_ui/themes/default/images/tabs_close.gif HTTP/1.1" 304 -
101.229.22.40 - - [26/Jun/2023:11:04:32 +0800] "GET /xingrg/kc/base/wldb_order_list.html HTTP/1.1" 200 19104
101.229.22.40 - - [26/Jun/2023:11:04:32 +0800] "GET /xingrg/css/base.css HTTP/1.1" 304 -
101.229.22.40 - - [26/Jun/2023:11:04:32 +0800] "GET /xingrg/css/site.css HTTP/1.1" 304 -
101.229.22.40 - - [26/Jun/2023:11:04:32 +0800] "GET /xingrg/javascript/jquery_tools/datebox.css HTTP/1.1" 304 -
101.229.22.40 - - [26/Jun/2023:11:04:32 +0800] "GET /xingrg/javascript/easyui/themes/default/easyui.css HTTP/1.1" 304 -
101.229.22.40 - - [26/Jun/2023:11:04:32 +0800] "GET /xingrg/javascript/easyui/themes/icon.css HTTP/1.1" 304 -
101.229.22.40 - - [26/Jun/2023:11:04:32 +0800] "GET /xingrg/javascript/jquery_tools/fix.css HTTP/1.1" 304 -
101.229.22.40 - - [26/Jun/2023:11:04:32 +0800] "GET /xingrg/javascript/auto/jquery.autocomplete.css HTTP/1.1" 304 -
101.229.22.40 - - [26/Jun/2023:11:04:32 +0800] "GET /xingrg/javascript/jquery_tools/table.css HTTP/1.1" 304 -
101.229.22.40 - - [26/Jun/2023:11:04:32 +0800] "GET /xingrg/javascript/jquery_tools/jquery.tools.min.js HTTP/1.1" 304 -
101.229.22.40 - - [26/Jun/2023:11:04:32 +0800] "GET /xingrg/javascript/jquery_tools/jquery.tools.extend.js HTTP/1.1" 304 -
101.229.22.40 - - [26/Jun/2023:11:04:32 +0800] "GET /xingrg/javascript/jquery_tools/jquery.tools.table.js HTTP/1.1" 304 -
101.229.22.40 - - [26/Jun/2023:11:04:32 +0800] "GET /xingrg/javascript/jquery_tools/jquery.tools.hotkey.js HTTP/1.1" 304 -
101.229.22.40 - - [26/Jun/2023:11:04:32 +0800] "GET /xingrg/javascript/jquery_tools/list_manager.js HTTP/1.1" 304 -
101.229.22.40 - - [26/Jun/2023:11:04:32 +0800] "GET /xingrg/javascript/easyui/easyloader.js HTTP/1.1" 304 -
101.229.22.40 - - [26/Jun/2023:11:04:32 +0800] "GET /xingrg/javascript/auto/jquery.autocomplete.js HTTP/1.1" 304 -
101.229.22.40 - - [26/Jun/2023:11:04:32 +0800] "GET /xingrg/javascript/jquery.cookie.js HTTP/1.1" 304 -
101.229.22.40 - - [26/Jun/2023:11:04:32 +0800] "GET /xingrg/javascript/print/LodopFuncs.js HTTP/1.1" 304 -
180.169.147.146 - - [26/Jun/2023:11:04:32 +0800] "GET /xingrg/all/function/internal_message.html?_=1687748668758&CODE_STATE=getMsg HTTP/1.1" 302 -
101.229.22.40 - - [26/Jun/2023:11:04:32 +0800] "GET /xingrg/javascript/easyui/themes/icons/edit_add_new.png HTTP/1.1" 304 -
101.229.22.40 - - [26/Jun/2023:11:04:32 +0800] "GET /xingrg/javascript/easyui/themes/icons/check_new.png HTTP/1.1" 304 -
101.229.22.40 - - [26/Jun/2023:11:04:32 +0800] "GET /xingrg/javascript/easyui/themes/icons/cance_new.png HTTP/1.1" 304 -
101.229.22.40 - - [26/Jun/2023:11:04:32 +0800] "GET /xingrg/javascript/easyui/themes/icons/field_new.png HTTP/1.1" 304 -
101.229.22.40 - - [26/Jun/2023:11:04:32 +0800] "GET /xingrg/javascript/easyui/themes/icons/import_new.png HTTP/1.1" 304 -
101.229.22.40 - - [26/Jun/2023:11:04:32 +0800] "GET /xingrg/javascript/easyui/plugins/jquery.parser.js HTTP/1.1" 304 -
101.229.22.40 - - [26/Jun/2023:11:04:32 +0800] "GET /xingrg/images/control/ajaxLoader.gif HTTP/1.1" 304 -
101.229.22.40 - - [26/Jun/2023:11:04:34 +0800] "POST /xingrg/kc/base/wldb_list_operate.html HTTP/1.1" 200 928
101.83.145.52 - - [26/Jun/2023:11:04:34 +0800] "GET /xingrg/kc/print/load_data.html?order_code=212023062609542&kc_code=cgsh&condition= HTTP/1.1" 200 673
222.70.114.12 - - [26/Jun/2023:11:04:34 +0800] "GET /xingrg/all/function/internal_message.html?_=1687748674999&CODE_STATE=getMsg HTTP/1.1" 200 27
124.77.245.69 - - [26/Jun/2023:11:04:36 +0800] "GET /xingrg/all/function/internal_message.html?_=1687748678387&CODE_STATE=getMsg HTTP/1.1" 200 27
222.70.180.90 - - [26/Jun/2023:11:04:36 +0800] "GET /xingrg/kc/buy/cgsh_order_operate.html?command=get_materiel&rest_code=00111&code=00101004067&supplier_code=00100312&order_time=2023-06-26 HTTP/1.1" 200 433
222.67.234.146 - - [26/Jun/2023:11:04:39 +0800] "GET /xingrg/all/function/internal_message.html?_=1687748169417&CODE_STATE=getMsg HTTP/1.1" 200 27
116.232.195.127 - - [26/Jun/2023:11:04:41 +0800] "GET /xingrg/all/function/internal_message.html?_=1687748670138&CODE_STATE=getMsg HTTP/1.1" 200 27
180.156.213.241 - - [26/Jun/2023:11:04:43 +0800] "GET /xingrg/all/function/internal_message.html?_=1687748683315&CODE_STATE=getMsg HTTP/1.1" 200 27
116.238.191.126 - - [26/Jun/2023:11:04:46 +0800] "GET /xingrg/all/function/internal_message.html?_=1687748608010&CODE_STATE=getMsg HTTP/1.1" 200 27
61.170.233.201 - - [26/Jun/2023:11:04:47 +0800] "GET /xingrg/check_reg.html?_=1687748686870 HTTP/1.1" 200 22
180.156.213.241 - - [26/Jun/2023:11:04:47 +0800] "GET /xingrg/all/function/internal_message.html?_=1687748690110&CODE_STATE=getMsg HTTP/1.1" 200 27
222.70.180.90 - - [26/Jun/2023:11:04:51 +0800] "GET /xingrg/kc/buy/cgsh_order_operate.html?command=get_materiel&rest_code=00111&code=00101004050&supplier_code=00100312&order_time=2023-06-26 HTTP/1.1" 200 411
61.170.233.201 - - [26/Jun/2023:11:05:01 +0800] "GET /xingrg/all/function/internal_message.html?_=1687748703013&CODE_STATE=getMsg HTTP/1.1" 200 27
114.83.221.127 - - [26/Jun/2023:11:05:02 +0800] "GET /xingrg/all/function/internal_message.html?_=1687748702827&CODE_STATE=getMsg HTTP/1.1" 200 27
101.83.145.52 - - [26/Jun/2023:11:05:03 +0800] "GET /xingrg/kc/buy/cgsh_order_add.html HTTP/1.1" 200 71660
101.83.145.52 - - [26/Jun/2023:11:05:03 +0800] "POST /xingrg/kc/buy/cgsh_order_operate.html HTTP/1.1" 200 8245
101.83.145.52 - - [26/Jun/2023:11:05:03 +0800] "GET /xingrg/javascript/easyui/themes/default/validatebox.css HTTP/1.1" 404 1104
180.169.147.146 - - [26/Jun/2023:11:05:04 +0800] "GET /xingrg/check_reg.html?_=1687748704846 HTTP/1.1" 200 22
61.170.233.201 - - [26/Jun/2023:11:05:08 +0800] "POST /xingrg/kc/buy/cgsh_order_operate.html HTTP/1.1" 200 37
61.170.233.201 - - [26/Jun/2023:11:05:10 +0800] "POST /xingrg/kc/buy/cgsh_order_operate.html HTTP/1.1" 200 19250
101.83.145.52 - - [26/Jun/2023:11:05:13 +0800] "GET /xingrg/all/function/internal_message.html?_=1687748535544&CODE_STATE=getMsg HTTP/1.1" 200 27
222.70.180.90 - - [26/Jun/2023:11:05:16 +0800] "GET /xingrg/kc/buy/cgsh_order_operate.html?command=get_materiel&rest_code=00111&code=00101004030&supplier_code=00100312&order_time=2023-06-26 HTTP/1.1" 200 408
180.163.30.85 - - [26/Jun/2023:11:05:18 +0800] "GET /xingrg/all/function/internal_message.html?_=1687748658441&CODE_STATE=getMsg HTTP/1.1" 302 -
180.163.30.85 - - [26/Jun/2023:11:05:18 +0800] "GET /xingrg/login.html HTTP/1.1" 200 7641
61.170.233.201 - - [26/Jun/2023:11:05:18 +0800] "GET /xingrg/all/function/internal_message.html?_=1687748718418&CODE_STATE=getMsg HTTP/1.1" 200 27
101.229.22.40 - - [26/Jun/2023:11:05:22 +0800] "GET /xingrg/all/function/internal_message.html?_=1687748722608&CODE_STATE=getMsg HTTP/1.1" 200 27
101.83.145.52 - - [26/Jun/2023:11:05:23 +0800] "GET /xingrg/kc/buy/cgsh_order_operate.html?command=get_materiel&rest_code=00105&code=00101016057&supplier_code=00100430&order_time=2023-06-26 HTTP/1.1" 200 408
120.253.135.82 - - [26/Jun/2023:11:05:23 +0800] "GET /xingrg/all/function/internal_message.html?_=1687748554704&CODE_STATE=getMsg HTTP/1.1" 200 27
222.70.180.90 - - [26/Jun/2023:11:05:26 +0800] "GET /xingrg/all/function/internal_message.html?_=1687748725864&CODE_STATE=getMsg HTTP/1.1" 200 27
222.70.180.90 - - [26/Jun/2023:11:05:26 +0800] "GET /xingrg/check_reg.html?_=1687748725867 HTTP/1.1" 200 22
114.85.113.108 - - [26/Jun/2023:11:05:27 +0800] "GET /xingrg/all/function/internal_message.html?_=1687748727729&CODE_STATE=getMsg HTTP/1.1" 200 27
116.238.191.126 - - [26/Jun/2023:11:05:28 +0800] "GET /xingrg/all/function/internal_message.html?_=1687748727480&CODE_STATE=getMsg HTTP/1.1" 200 27
180.169.147.146 - - [26/Jun/2023:11:05:32 +0800] "GET /xingrg/all/function/internal_message.html?_=1687748728762&CODE_STATE=getMsg HTTP/1.1" 302 -
222.70.114.12 - - [26/Jun/2023:11:05:34 +0800] "GET /xingrg/all/function/internal_message.html?_=1687748735008&CODE_STATE=getMsg HTTP/1.1" 200 27
124.77.245.69 - - [26/Jun/2023:11:05:37 +0800] "GET /xingrg/all/function/internal_message.html?_=1687748738790&CODE_STATE=getMsg HTTP/1.1" 200 27
222.67.234.146 - - [26/Jun/2023:11:05:39 +0800] "GET /xingrg/all/function/internal_message.html?_=1687748229397&CODE_STATE=getMsg HTTP/1.1" 200 27
116.232.195.127 - - [26/Jun/2023:11:05:41 +0800] "GET /xingrg/all/function/internal_message.html?_=1687748730136&CODE_STATE=getMsg HTTP/1.1" 200 27
180.156.213.241 - - [26/Jun/2023:11:05:43 +0800] "GET /xingrg/all/function/internal_message.html?_=1687748743304&CODE_STATE=getMsg HTTP/1.1" 200 27
101.83.145.52 - - [26/Jun/2023:11:05:44 +0800] "GET /xingrg/kc/buy/cgsh_order_operate.html?command=get_materiel&rest_code=00105&code=00101014083&supplier_code=00100430&order_time=2023-06-26 HTTP/1.1" 200 409
116.238.191.126 - - [26/Jun/2023:11:05:46 +0800] "GET /xingrg/all/function/internal_message.html?_=1687748668024&CODE_STATE=getMsg HTTP/1.1" 200 27
180.156.213.241 - - [26/Jun/2023:11:05:47 +0800] "GET /xingrg/all/function/internal_message.html?_=1687748750110&CODE_STATE=getMsg HTTP/1.1" 200 27
222.70.180.90 - - [26/Jun/2023:11:05:48 +0800] "GET /xingrg/kc/buy/cgsh_order_operate.html?command=get_materiel&rest_code=00111&code=00101004057&supplier_code=00100312&order_time=2023-06-26 HTTP/1.1" 200 409
222.70.180.90 - - [26/Jun/2023:11:06:00 +0800] "GET /xingrg/kc/buy/cgsh_order_operate.html?command=get_materiel&rest_code=00111&code=00101004093&supplier_code=00100312&order_time=2023-06-26 HTTP/1.1" 200 413
61.170.233.201 - - [26/Jun/2023:11:06:01 +0800] "GET /xingrg/all/function/internal_message.html?_=1687748763013&CODE_STATE=getMsg HTTP/1.1" 200 27
114.83.221.127 - - [26/Jun/2023:11:06:02 +0800] "GET /xingrg/all/function/internal_message.html?_=1687748762796&CODE_STATE=getMsg HTTP/1.1" 200 27
222.70.180.90 - - [26/Jun/2023:11:06:11 +0800] "GET /xingrg/kc/buy/cgsh_order_operate.html?command=get_materiel&rest_code=00111&code=00101005022&supplier_code=00100312&order_time=2023-06-26 HTTP/1.1" 200 419
101.83.145.52 - - [26/Jun/2023:11:06:13 +0800] "GET /xingrg/check_reg.html?_=1687748595453 HTTP/1.1" 200 22
101.83.145.52 - - [26/Jun/2023:11:06:13 +0800] "GET /xingrg/all/function/internal_message.html?_=1687748595523&CODE_STATE=getMsg HTTP/1.1" 200 27
61.170.233.201 - - [26/Jun/2023:11:06:18 +0800] "GET /xingrg/all/function/internal_message.html?_=1687748778390&CODE_STATE=getMsg HTTP/1.1" 200 27
101.229.22.40 - - [26/Jun/2023:11:06:22 +0800] "GET /xingrg/all/function/internal_message.html?_=1687748782610&CODE_STATE=getMsg HTTP/1.1" 200 27
120.253.135.82 - - [26/Jun/2023:11:06:23 +0800] "GET /xingrg/all/function/internal_message.html?_=1687748614721&CODE_STATE=getMsg HTTP/1.1" 200 27
222.70.180.90 - - [26/Jun/2023:11:06:26 +0800] "GET /xingrg/all/function/internal_message.html?_=1687748785867&CODE_STATE=getMsg HTTP/1.1" 200 27
114.85.113.108 - - [26/Jun/2023:11:06:27 +0800] "GET /xingrg/all/function/internal_message.html?_=1687748787713&CODE_STATE=getMsg HTTP/1.1" 200 27
101.83.145.52 - - [26/Jun/2023:11:06:27 +0800] "POST /xingrg/kc/buy/cgsh_order_operate.html HTTP/1.1" 200 37
116.238.191.126 - - [26/Jun/2023:11:06:28 +0800] "GET /xingrg/all/function/internal_message.html?_=1687748787450&CODE_STATE=getMsg HTTP/1.1" 200 27
180.169.147.146 - - [26/Jun/2023:11:06:32 +0800] "GET /xingrg/all/function/internal_message.html?_=1687748788759&CODE_STATE=getMsg HTTP/1.1" 302 -
222.70.180.90 - - [26/Jun/2023:11:06:32 +0800] "GET /xingrg/kc/buy/cgsh_order_operate.html?command=get_materiel&rest_code=00111&code=00101001029&supplier_code=00100312&order_time=2023-06-26 HTTP/1.1" 200 417
101.83.145.52 - - [26/Jun/2023:11:06:34 +0800] "POST /xingrg/kc/buy/cgsh_order_operate.html HTTP/1.1" 200 3243
222.70.114.12 - - [26/Jun/2023:11:06:34 +0800] "GET /xingrg/all/function/internal_message.html?_=1687748795008&CODE_STATE=getMsg HTTP/1.1" 200 27
124.77.245.69 - - [26/Jun/2023:11:06:37 +0800] "GET /xingrg/all/function/internal_message.html?_=1687748798803&CODE_STATE=getMsg HTTP/1.1" 200 27
101.83.145.52 - - [26/Jun/2023:11:06:38 +0800] "GET /xingrg/kc/print/load_data.html?order_code=212023062609543&kc_code=cgsh&condition= HTTP/1.1" 200 862
222.67.234.146 - - [26/Jun/2023:11:06:39 +0800] "GET /xingrg/all/function/internal_message.html?_=1687748289367&CODE_STATE=getMsg HTTP/1.1" 200 27
222.67.234.146 - - [26/Jun/2023:11:06:40 +0800] "GET /xingrg/check_reg.html?_=1687748290289 HTTP/1.1" 200 22
116.232.195.127 - - [26/Jun/2023:11:06:41 +0800] "GET /xingrg/all/function/internal_message.html?_=1687748790131&CODE_STATE=getMsg HTTP/1.1" 200 27
180.156.213.241 - - [26/Jun/2023:11:06:43 +0800] "GET /xingrg/all/function/internal_message.html?_=1687748803297&CODE_STATE=getMsg HTTP/1.1" 200 27
116.238.191.126 - - [26/Jun/2023:11:06:46 +0800] "GET /xingrg/all/function/internal_message.html?_=1687748728041&CODE_STATE=getMsg HTTP/1.1" 200 27
180.156.213.241 - - [26/Jun/2023:11:06:47 +0800] "GET /xingrg/check_reg.html?_=1687748810116 HTTP/1.1" 200 22
180.156.213.241 - - [26/Jun/2023:11:06:47 +0800] "GET /xingrg/all/function/internal_message.html?_=1687748810114&CODE_STATE=getMsg HTTP/1.1" 200 27
222.70.180.90 - - [26/Jun/2023:11:06:51 +0800] "GET /xingrg/kc/buy/cgsh_order_operate.html?command=get_materiel&rest_code=00111&code=00101001156&supplier_code=00100312&order_time=2023-06-26 HTTP/1.1" 200 409
101.83.145.52 - - [26/Jun/2023:11:06:58 +0800] "GET /xingrg/kc/buy/cgsh_order_add.html HTTP/1.1" 200 71660
101.83.145.52 - - [26/Jun/2023:11:06:58 +0800] "POST /xingrg/kc/buy/cgsh_order_operate.html HTTP/1.1" 200 8245
101.83.145.52 - - [26/Jun/2023:11:06:58 +0800] "GET /xingrg/javascript/easyui/themes/default/validatebox.css HTTP/1.1" 404 1104
61.170.233.201 - - [26/Jun/2023:11:07:01 +0800] "GET /xingrg/all/function/internal_message.html?_=1687748823013&CODE_STATE=getMsg HTTP/1.1" 200 27
114.83.221.127 - - [26/Jun/2023:11:07:02 +0800] "GET /xingrg/all/function/internal_message.html?_=1687748822785&CODE_STATE=getMsg HTTP/1.1" 200 27
114.83.221.127 - - [26/Jun/2023:11:07:04 +0800] "GET /xingrg/check_reg.html?_=1687748824443 HTTP/1.1" 200 22
222.70.180.90 - - [26/Jun/2023:11:07:10 +0800] "POST /xingrg/kc/buy/cgsh_order_operate.html HTTP/1.1" 200 37
222.67.234.146 - - [26/Jun/2023:11:07:11 +0800] "GET /xingrg/kc/buy/buy_main.html HTTP/1.1" 200 12412
222.67.234.146 - - [26/Jun/2023:11:07:11 +0800] "GET /xingrg/css/new_ie.css HTTP/1.1" 404 1036
222.67.234.146 - - [26/Jun/2023:11:07:11 +0800] "GET /xingrg/images/yd/bt.gif HTTP/1.1" 404 1040
222.67.234.146 - - [26/Jun/2023:11:07:13 +0800] "GET /xingrg/kc/buy/cgsh_order_list.html HTTP/1.1" 200 55802
101.83.145.52 - - [26/Jun/2023:11:07:13 +0800] "GET /xingrg/all/function/internal_message.html?_=1687748655502&CODE_STATE=getMsg HTTP/1.1" 200 27
222.70.180.90 - - [26/Jun/2023:11:07:13 +0800] "POST /xingrg/kc/buy/cgsh_order_operate.html HTTP/1.1" 200 8011
222.70.180.90 - - [26/Jun/2023:11:07:16 +0800] "GET /xingrg/kc/print/load_data.html?order_code=212023062609544&kc_code=cgsh&condition= HTTP/1.1" 200 2725
101.83.145.52 - - [26/Jun/2023:11:07:16 +0800] "GET /xingrg/kc/buy/cgsh_order_operate.html?command=get_materiel&rest_code=00105&code=00101004038&supplier_code=00100312&order_time=2023-06-26 HTTP/1.1" 200 430
222.67.234.146 - - [26/Jun/2023:11:07:18 +0800] "POST /xingrg/kc/buy/cgsh_list_operate.html HTTP/1.1" 200 1869
180.163.28.180 - - [26/Jun/2023:11:07:18 +0800] "GET /xingrg/all/function/internal_message.html?_=1687748778390&CODE_STATE=getMsg HTTP/1.1" 302 -
180.163.28.180 - - [26/Jun/2023:11:07:18 +0800] "GET /xingrg/login.html HTTP/1.1" 200 7641
61.170.233.201 - - [26/Jun/2023:11:07:18 +0800] "GET /xingrg/all/function/internal_message.html?_=1687748838369&CODE_STATE=getMsg HTTP/1.1" 200 27
222.70.180.90 - - [26/Jun/2023:11:07:22 +0800] "GET /xingrg/kc/buy/cgsh_order_add.html HTTP/1.1" 200 71534
222.70.180.90 - - [26/Jun/2023:11:07:22 +0800] "POST /xingrg/kc/buy/cgsh_order_operate.html HTTP/1.1" 200 8245
222.70.180.90 - - [26/Jun/2023:11:07:22 +0800] "GET /xingrg/javascript/easyui/themes/default/validatebox.css HTTP/1.1" 404 1104
101.229.22.40 - - [26/Jun/2023:11:07:22 +0800] "GET /xingrg/all/function/internal_message.html?_=1687748842609&CODE_STATE=getMsg HTTP/1.1" 200 27
120.253.135.82 - - [26/Jun/2023:11:07:23 +0800] "GET /xingrg/all/function/internal_message.html?_=1687748674732&CODE_STATE=getMsg HTTP/1.1" 200 27
222.70.180.90 - - [26/Jun/2023:11:07:26 +0800] "GET /xingrg/all/function/internal_message.html?_=1687748845887&CODE_STATE=getMsg HTTP/1.1" 200 27
114.85.113.108 - - [26/Jun/2023:11:07:27 +0800] "GET /xingrg/all/function/internal_message.html?_=1687748847698&CODE_STATE=getMsg HTTP/1.1" 200 27
116.238.191.126 - - [26/Jun/2023:11:07:28 +0800] "GET /xingrg/all/function/internal_message.html?_=1687748847481&CODE_STATE=getMsg HTTP/1.1" 200 27
116.232.195.127 - - [26/Jun/2023:11:07:29 +0800] "GET /xingrg/kc/buy/cgsh_order_add.html HTTP/1.1" 200 71625
222.67.234.146 - - [26/Jun/2023:11:07:29 +0800] "POST /xingrg/kc/buy/cgsh_list_operate.html HTTP/1.1" 200 566
116.232.195.127 - - [26/Jun/2023:11:07:30 +0800] "GET /xingrg/words/20230625130449_words.js HTTP/1.1" 304 -
116.232.195.127 - - [26/Jun/2023:11:07:30 +0800] "POST /xingrg/kc/buy/cgsh_order_operate.html HTTP/1.1" 200 8245
116.232.195.127 - - [26/Jun/2023:11:07:30 +0800] "GET /xingrg/javascript/easyui/themes/default/validatebox.css HTTP/1.1" 404 1104
222.67.234.146 - - [26/Jun/2023:11:07:31 +0800] "GET /xingrg/kc/buy/cgsh_order_info.html?code=212023062609521 HTTP/1.1" 200 71587
222.67.234.146 - - [26/Jun/2023:11:07:32 +0800] "GET /xingrg/javascript/easyui/themes/default/validatebox.css HTTP/1.1" 404 1104
180.169.147.146 - - [26/Jun/2023:11:07:32 +0800] "GET /xingrg/all/function/internal_message.html?_=1687748848762&CODE_STATE=getMsg HTTP/1.1" 302 -
222.70.114.12 - - [26/Jun/2023:11:07:32 +0800] "POST /xingrg/dwr/call/plaincall/AjaxReportQueryService.refreshCache.dwr HTTP/1.1" 200 78
222.67.234.146 - - [26/Jun/2023:11:07:33 +0800] "POST /xingrg/kc/buy/cgsh_order_operate.html HTTP/1.1" 200 26906
222.70.114.12 - - [26/Jun/2023:11:07:34 +0800] "GET /xingrg/all/function/internal_message.html?_=1687748855004&CODE_STATE=getMsg HTTP/1.1" 200 27
116.238.191.126 - - [26/Jun/2023:11:07:34 +0800] "POST /xingrg/all/user/operate.html HTTP/1.1" 200 36
222.70.180.90 - - [26/Jun/2023:11:07:34 +0800] "GET /xingrg/kc/buy/cgsh_order_operate.html?command=get_materiel&rest_code=00111&code=00101004034&supplier_code=00100085&order_time=2023-06-26 HTTP/1.1" 200 416
116.238.191.126 - - [26/Jun/2023:11:07:35 +0800] "GET /xingrg/index.html?sysBaseUrl=http%3A%2F%2F180.169.147.146%3A18081%2Fxingrg%2F&costTime=1479×tamp=1687739926200 HTTP/1.1" 200 17177
116.238.191.126 - - [26/Jun/2023:11:07:35 +0800] "GET /xingrg/javascript/jquery_easy_ui/themes/default/easyui.css HTTP/1.1" 304 -
116.238.191.126 - - [26/Jun/2023:11:07:35 +0800] "GET /xingrg/javascript/jquery_easy_ui/themes/icon.css HTTP/1.1" 304 -
116.238.191.126 - - [26/Jun/2023:11:07:35 +0800] "GET /xingrg/css/form.css HTTP/1.1" 304 -
116.238.191.126 - - [26/Jun/2023:11:07:35 +0800] "GET /xingrg/javascript/jquery-1.4.2.min.js HTTP/1.1" 304 -
116.238.191.126 - - [26/Jun/2023:11:07:35 +0800] "GET /xingrg/javascript/jquery_easy_ui/jquery.easyui.min.js HTTP/1.1" 304 -
116.238.191.126 - - [26/Jun/2023:11:07:35 +0800] "GET /xingrg/javascript/jquery_easy_ui/easyui-lang-zh_CN.js HTTP/1.1" 304 -
116.238.191.126 - - [26/Jun/2023:11:07:35 +0800] "GET /xingrg/javascript/jquery.form.js HTTP/1.1" 304 -
116.238.191.126 - - [26/Jun/2023:11:07:35 +0800] "GET /xingrg/javascript/jquery.utils.js HTTP/1.1" 304 -
116.238.191.126 - - [26/Jun/2023:11:07:35 +0800] "GET /xingrg/javascript/jquery.timers.js HTTP/1.1" 304 -
116.238.191.126 - - [26/Jun/2023:11:07:35 +0800] "GET /xingrg/images/blue/jxLogo.png HTTP/1.1" 304 -
116.238.191.126 - - [26/Jun/2023:11:07:35 +0800] "GET /xingrg/images/blue/navBackgound.jpg HTTP/1.1" 304 -
116.238.191.126 - - [26/Jun/2023:11:07:35 +0800] "GET /xingrg/javascript/jquery_easy_ui/themes/icons/settle_new.png HTTP/1.1" 304 -
116.238.191.126 - - [26/Jun/2023:11:07:35 +0800] "GET /xingrg/all/function/internal_message.html?_=1687748854812&CODE_STATE=count HTTP/1.1" 200 11
116.238.191.126 - - [26/Jun/2023:11:07:35 +0800] "GET /xingrg/check_reg.html?_=1687748854813 HTTP/1.1" 200 22
116.238.191.126 - - [26/Jun/2023:11:07:35 +0800] "GET /xingrg/javascript/jquery_easy_ui/themes/default/images/tabs_rightarrow.png HTTP/1.1" 304 -
116.238.191.126 - - [26/Jun/2023:11:07:35 +0800] "GET /xingrg/images/blue/pingpu.png HTTP/1.1" 304 -
116.238.191.126 - - [26/Jun/2023:11:07:35 +0800] "GET /xingrg/javascript/jquery_easy_ui/themes/default/images/tabs_leftarrow.png HTTP/1.1" 304 -
116.238.191.126 - - [26/Jun/2023:11:07:35 +0800] "GET /xingrg/javascript/jquery_easy_ui/themes/default/images/panel_tool_collapse.gif HTTP/1.1" 304 -
222.70.114.12 - - [26/Jun/2023:11:07:35 +0800] "POST /xingrg/all/report/load_report_page.html HTTP/1.1" 200 145728
116.238.191.126 - - [26/Jun/2023:11:07:35 +0800] "POST /xingrg/all/common/load_tree.html?tree=area_rest_tree_json&manage=1 HTTP/1.1" 200 476
222.70.114.12 - - [26/Jun/2023:11:07:35 +0800] "GET /xingrg/servlets/image?cache=0.0664069873779487&image=px HTTP/1.1" 200 807
116.238.191.126 - - [26/Jun/2023:11:07:35 +0800] "POST /xingrg/load_menu.html HTTP/1.1" 200 5138
101.83.145.52 - - [26/Jun/2023:11:07:36 +0800] "GET /xingrg/kc/buy/cgsh_order_operate.html?command=get_materiel&rest_code=00105&code=00101004103&supplier_code=00100312&order_time=2023-06-26 HTTP/1.1" 200 434
124.77.245.69 - - [26/Jun/2023:11:07:37 +0800] "GET /xingrg/all/function/internal_message.html?_=1687748859184&CODE_STATE=getMsg HTTP/1.1" 200 27
116.238.191.126 - - [26/Jun/2023:11:07:37 +0800] "GET /xingrg/kc/base/yddb_order_list.html HTTP/1.1" 200 16708
116.238.191.126 - - [26/Jun/2023:11:07:38 +0800] "POST /xingrg/kc/base/yddb_list_operate.html HTTP/1.1" 200 636
222.67.234.146 - - [26/Jun/2023:11:07:39 +0800] "GET /xingrg/all/function/internal_message.html?_=1687748349368&CODE_STATE=getMsg HTTP/1.1" 200 27
116.238.191.126 - - [26/Jun/2023:11:07:39 +0800] "GET /xingrg/kc/base/yddb_order_add.html HTTP/1.1" 200 29953
116.238.191.126 - - [26/Jun/2023:11:07:39 +0800] "GET /xingrg/dwr/interface/AjaxComOrderService.js HTTP/1.1" 200 18264
116.238.191.126 - - [26/Jun/2023:11:07:39 +0800] "GET /xingrg/dwr/interface/AjaxYddbService.js HTTP/1.1" 200 13201
116.238.191.126 - - [26/Jun/2023:11:07:39 +0800] "GET /xingrg/dwr/engine.js HTTP/1.1" 200 43631
222.70.114.12 - - [26/Jun/2023:11:07:40 +0800] "POST /xingrg/dwr/call/plaincall/AjaxReportQueryService.getFixDate.dwr HTTP/1.1" 200 111
116.232.195.127 - - [26/Jun/2023:11:07:41 +0800] "GET /xingrg/all/function/internal_message.html?_=1687748850137&CODE_STATE=getMsg HTTP/1.1" 200 27
222.70.114.12 - - [26/Jun/2023:11:07:41 +0800] "POST /xingrg/dwr/call/plaincall/AjaxReportQueryService.refreshCache.dwr HTTP/1.1" 200 78
180.156.213.241 - - [26/Jun/2023:11:07:43 +0800] "GET /xingrg/all/function/internal_message.html?_=1687748863276&CODE_STATE=getMsg HTTP/1.1" 200 27
116.238.191.126 - - [26/Jun/2023:11:07:46 +0800] "GET /xingrg/all/function/internal_message.html?_=1687748788050&CODE_STATE=getMsg HTTP/1.1" 200 27
180.156.213.241 - - [26/Jun/2023:11:07:47 +0800] "GET /xingrg/all/function/internal_message.html?_=1687748870107&CODE_STATE=getMsg HTTP/1.1" 200 27
222.70.180.90 - - [26/Jun/2023:11:07:58 +0800] "POST /xingrg/kc/buy/cgsh_order_operate.html HTTP/1.1" 200 37
222.70.180.90 - - [26/Jun/2023:11:08:01 +0800] "POST /xingrg/kc/buy/cgsh_order_operate.html HTTP/1.1" 200 2664
114.83.221.127 - - [26/Jun/2023:11:08:02 +0800] "GET /xingrg/all/function/internal_message.html?_=1687748882757&CODE_STATE=getMsg HTTP/1.1" 200 27
222.70.180.90 - - [26/Jun/2023:11:08:03 +0800] "GET /xingrg/kc/print/load_data.html?order_code=212023062609545&kc_code=cgsh&condition= HTTP/1.1" 200 734
222.70.180.90 - - [26/Jun/2023:11:08:10 +0800] "GET /xingrg/kc/buy/cgsh_order_add.html HTTP/1.1" 200 71534
222.70.180.90 - - [26/Jun/2023:11:08:10 +0800] "POST /xingrg/kc/buy/cgsh_order_operate.html HTTP/1.1" 200 8245
222.70.180.90 - - [26/Jun/2023:11:08:10 +0800] "GET /xingrg/javascript/easyui/themes/default/validatebox.css HTTP/1.1" 404 1104
222.70.114.12 - - [26/Jun/2023:11:08:12 +0800] "POST /xingrg/all/report/load_report_page.html HTTP/1.1" 200 145590
222.70.114.12 - - [26/Jun/2023:11:08:12 +0800] "GET /xingrg/servlets/image?cache=0.08928859413288115&image=px HTTP/1.1" 200 807
124.77.245.69 - - [26/Jun/2023:11:08:12 +0800] "GET /xingrg/check_reg.html?_=1687748894619 HTTP/1.1" 200 22
101.83.145.52 - - [26/Jun/2023:11:08:13 +0800] "GET /xingrg/all/function/internal_message.html?_=1687748715484&CODE_STATE=getMsg HTTP/1.1" 200 27
101.83.145.52 - - [26/Jun/2023:11:08:17 +0800] "GET /xingrg/kc/buy/cgsh_order_operate.html?command=get_materiel&rest_code=00105&code=00101004049&supplier_code=00100312&order_time=2023-06-26 HTTP/1.1" 200 413
180.163.29.79 - - [26/Jun/2023:11:08:18 +0800] "GET /xingrg/all/function/internal_message.html?_=1687748838369&CODE_STATE=getMsg HTTP/1.1" 302 -
180.163.29.79 - - [26/Jun/2023:11:08:18 +0800] "GET /xingrg/login.html HTTP/1.1" 200 7641
61.170.233.201 - - [26/Jun/2023:11:08:18 +0800] "GET /xingrg/all/function/internal_message.html?_=1687748898346&CODE_STATE=getMsg HTTP/1.1" 200 27
101.229.22.40 - - [26/Jun/2023:11:08:22 +0800] "GET /xingrg/all/function/internal_message.html?_=1687748902609&CODE_STATE=getMsg HTTP/1.1" 200 27
120.253.135.82 - - [26/Jun/2023:11:08:23 +0800] "GET /xingrg/check_reg.html?_=1687748734501 HTTP/1.1" 200 22
120.253.135.82 - - [26/Jun/2023:11:08:23 +0800] "GET /xingrg/all/function/internal_message.html?_=1687748734745&CODE_STATE=getMsg HTTP/1.1" 200 27
222.70.180.90 - - [26/Jun/2023:11:08:26 +0800] "GET /xingrg/all/function/internal_message.html?_=1687748905866&CODE_STATE=getMsg HTTP/1.1" 200 27
114.85.113.108 - - [26/Jun/2023:11:08:27 +0800] "GET /xingrg/all/function/internal_message.html?_=1687748907668&CODE_STATE=getMsg HTTP/1.1" 200 27
222.67.234.146 - - [26/Jun/2023:11:08:32 +0800] "POST /xingrg/kc/buy/cgsh_order_operate.html HTTP/1.1" 200 37
180.169.147.146 - - [26/Jun/2023:11:08:32 +0800] "GET /xingrg/all/function/internal_message.html?_=1687748908761&CODE_STATE=getMsg HTTP/1.1" 302 -
180.169.147.146 - - [26/Jun/2023:11:08:32 +0800] "GET /xingrg/check_reg.html?_=1687748908763 HTTP/1.1" 302 -
222.70.114.12 - - [26/Jun/2023:11:08:34 +0800] "GET /xingrg/check_reg.html?_=1687748915005 HTTP/1.1" 200 22
222.70.114.12 - - [26/Jun/2023:11:08:34 +0800] "GET /xingrg/all/function/internal_message.html?_=1687748915015&CODE_STATE=getMsg HTTP/1.1" 200 27
116.238.191.126 - - [26/Jun/2023:11:08:35 +0800] "GET /xingrg/all/function/internal_message.html?_=1687748914827&CODE_STATE=getMsg HTTP/1.1" 200 27
124.77.245.69 - - [26/Jun/2023:11:08:37 +0800] "GET /xingrg/all/function/internal_message.html?_=1687748919191&CODE_STATE=getMsg HTTP/1.1" 200 27
101.83.145.52 - - [26/Jun/2023:11:08:38 +0800] "GET /xingrg/kc/buy/cgsh_order_operate.html?command=get_materiel&rest_code=00105&code=00101004030&supplier_code=00100312&order_time=2023-06-26 HTTP/1.1" 200 408
222.67.234.146 - - [26/Jun/2023:11:08:39 +0800] "GET /xingrg/all/function/internal_message.html?_=1687748409338&CODE_STATE=getMsg HTTP/1.1" 200 27
222.70.180.90 - - [26/Jun/2023:11:08:41 +0800] "GET /xingrg/kc/buy/cgsh_order_operate.html?command=get_materiel&rest_code=00111&code=00102005835&supplier_code=00100098&order_time=2023-06-26 HTTP/1.1" 200 415
116.232.195.127 - - [26/Jun/2023:11:08:41 +0800] "GET /xingrg/all/function/internal_message.html?_=1687748910131&CODE_STATE=getMsg HTTP/1.1" 200 27
116.232.195.127 - - [26/Jun/2023:11:08:42 +0800] "GET /xingrg/check_reg.html?_=1687748910538 HTTP/1.1" 200 22
180.156.213.241 - - [26/Jun/2023:11:08:43 +0800] "GET /xingrg/all/function/internal_message.html?_=1687748923248&CODE_STATE=getMsg HTTP/1.1" 200 27
222.70.114.12 - - [26/Jun/2023:11:08:44 +0800] "POST /xingrg/dwr/call/plaincall/AjaxReportQueryService.getFixDate.dwr HTTP/1.1" 200 111
116.238.191.126 - - [26/Jun/2023:11:08:44 +0800] "GET /xingrg/check_reg.html?_=1687748846820 HTTP/1.1" 200 22
180.156.213.241 - - [26/Jun/2023:11:08:45 +0800] "GET /xingrg/check_reg.html?_=1687748925006 HTTP/1.1" 200 22
222.67.234.146 - - [26/Jun/2023:11:08:45 +0800] "POST /xingrg/kc/buy/cgsh_order_operate.html HTTP/1.1" 200 12
116.238.191.126 - - [26/Jun/2023:11:08:46 +0800] "GET /xingrg/all/function/internal_message.html?_=1687748848065&CODE_STATE=getMsg HTTP/1.1" 200 27
114.85.113.108 - - [26/Jun/2023:11:08:46 +0800] "GET /xingrg/check_reg.html?_=1687748926006 HTTP/1.1" 200 22
222.70.114.12 - - [26/Jun/2023:11:08:46 +0800] "POST /xingrg/dwr/call/plaincall/AjaxReportQueryService.refreshCache.dwr HTTP/1.1" 200 78
180.156.213.241 - - [26/Jun/2023:11:08:47 +0800] "GET /xingrg/all/function/internal_message.html?_=1687748930115&CODE_STATE=getMsg HTTP/1.1" 200 27
222.70.114.12 - - [26/Jun/2023:11:08:48 +0800] "POST /xingrg/all/report/load_report_page.html HTTP/1.1" 200 145728
222.70.114.12 - - [26/Jun/2023:11:08:48 +0800] "GET /xingrg/servlets/image?cache=0.5832067914103631&image=px HTTP/1.1" 200 807
222.67.234.146 - - [26/Jun/2023:11:08:55 +0800] "GET /xingrg/kc/buy/cgsh_order_info.html?code=212023062609521 HTTP/1.1" 200 66487
222.67.234.146 - - [26/Jun/2023:11:08:55 +0800] "GET /xingrg/javascript/easyui/themes/default/validatebox.css HTTP/1.1" 404 1104
222.67.234.146 - - [26/Jun/2023:11:08:56 +0800] "POST /xingrg/kc/buy/cgsh_order_operate.html HTTP/1.1" 200 24850
222.70.180.90 - - [26/Jun/2023:11:09:00 +0800] "GET /xingrg/kc/buy/cgsh_order_operate.html?command=get_materiel&rest_code=00111&code=00102006035&supplier_code=00100098&order_time=2023-06-26 HTTP/1.1" 200 416
114.83.221.127 - - [26/Jun/2023:11:09:02 +0800] "GET /xingrg/all/function/internal_message.html?_=1687748942728&CODE_STATE=getMsg HTTP/1.1" 200 27
101.83.145.52 - - [26/Jun/2023:11:09:12 +0800] "POST /xingrg/kc/buy/cgsh_order_operate.html HTTP/1.1" 200 37
222.67.234.146 - - [26/Jun/2023:11:09:13 +0800] "GET /xingrg/kc/print/load_data.html?order_code=212023062609521&kc_code=cgsh&condition= HTTP/1.1" 200 9931
101.83.145.52 - - [26/Jun/2023:11:09:15 +0800] "POST /xingrg/kc/buy/cgsh_order_operate.html HTTP/1.1" 200 4440
180.163.28.109 - - [26/Jun/2023:11:09:18 +0800] "GET /xingrg/all/function/internal_message.html?_=1687748898346&CODE_STATE=getMsg HTTP/1.1" 302 -
180.163.28.109 - - [26/Jun/2023:11:09:18 +0800] "GET /xingrg/login.html HTTP/1.1" 200 7641
61.170.233.201 - - [26/Jun/2023:11:09:18 +0800] "GET /xingrg/all/function/internal_message.html?_=1687748958319&CODE_STATE=getMsg HTTP/1.1" 200 27
101.229.22.40 - - [26/Jun/2023:11:09:22 +0800] "GET /xingrg/check_reg.html?_=1687748962609 HTTP/1.1" 200 22
101.229.22.40 - - [26/Jun/2023:11:09:22 +0800] "GET /xingrg/all/function/internal_message.html?_=1687748962610&CODE_STATE=getMsg HTTP/1.1" 200 27
101.83.145.52 - - [26/Jun/2023:11:09:23 +0800] "GET /xingrg/kc/print/load_data.html?order_code=212023062609546&kc_code=cgsh&condition= HTTP/1.1" 200 1354
120.253.135.82 - - [26/Jun/2023:11:09:23 +0800] "GET /xingrg/all/function/internal_message.html?_=1687748794758&CODE_STATE=getMsg HTTP/1.1" 200 27
124.79.243.110 - - [26/Jun/2023:11:09:24 +0800] "POST /xingrg/services/DataTransmitService HTTP/1.1" 200 524
124.79.243.110 - - [26/Jun/2023:11:09:26 +0800] "POST /xingrg/services/DataTransmitService HTTP/1.1" 200 412
222.70.180.90 - - [26/Jun/2023:11:09:26 +0800] "GET /xingrg/all/function/internal_message.html?_=1687748965865&CODE_STATE=getMsg HTTP/1.1" 200 27
101.229.22.40 - - [26/Jun/2023:11:09:26 +0800] "GET /xingrg/javascript/easyui/themes/default/images/button_plain_hover.png HTTP/1.1" 304 -
114.85.113.108 - - [26/Jun/2023:11:09:27 +0800] "GET /xingrg/all/function/internal_message.html?_=1687748967645&CODE_STATE=getMsg HTTP/1.1" 200 27
180.169.147.146 - - [26/Jun/2023:11:09:32 +0800] "GET /xingrg/all/function/internal_message.html?_=1687748968763&CODE_STATE=getMsg HTTP/1.1" 302 -
222.70.114.12 - - [26/Jun/2023:11:09:34 +0800] "GET /xingrg/all/function/internal_message.html?_=1687748975027&CODE_STATE=getMsg HTTP/1.1" 200 27
116.238.191.126 - - [26/Jun/2023:11:09:35 +0800] "GET /xingrg/all/function/internal_message.html?_=1687748974824&CODE_STATE=getMsg HTTP/1.1" 200 27
124.77.245.69 - - [26/Jun/2023:11:09:37 +0800] "GET /xingrg/all/function/internal_message.html?_=1687748979203&CODE_STATE=getMsg HTTP/1.1" 200 27
222.67.234.146 - - [26/Jun/2023:11:09:39 +0800] "GET /xingrg/all/function/internal_message.html?_=1687748469316&CODE_STATE=getMsg HTTP/1.1" 200 27
116.232.195.127 - - [26/Jun/2023:11:09:41 +0800] "GET /xingrg/all/function/internal_message.html?_=1687748970122&CODE_STATE=getMsg HTTP/1.1" 200 27
180.156.213.241 - - [26/Jun/2023:11:09:43 +0800] "GET /xingrg/all/function/internal_message.html?_=1687748983226&CODE_STATE=getMsg HTTP/1.1" 200 27
222.70.180.90 - - [26/Jun/2023:11:09:45 +0800] "POST /xingrg/kc/buy/cgsh_order_operate.html HTTP/1.1" 200 37
116.238.191.126 - - [26/Jun/2023:11:09:46 +0800] "GET /xingrg/all/function/internal_message.html?_=1687748908078&CODE_STATE=getMsg HTTP/1.1" 200 27
61.170.233.201 - - [26/Jun/2023:11:09:47 +0800] "GET /xingrg/check_reg.html?_=1687748986858 HTTP/1.1" 200 22
180.156.213.241 - - [26/Jun/2023:11:09:47 +0800] "GET /xingrg/all/function/internal_message.html?_=1687748990118&CODE_STATE=getMsg HTTP/1.1" 200 27
222.70.180.90 - - [26/Jun/2023:11:09:52 +0800] "POST /xingrg/kc/buy/cgsh_order_operate.html HTTP/1.1" 200 3254
222.70.180.90 - - [26/Jun/2023:11:09:54 +0800] "GET /xingrg/kc/print/load_data.html?order_code=212023062609547&kc_code=cgsh&condition= HTTP/1.1" 200 879
222.67.234.146 - - [26/Jun/2023:11:10:02 +0800] "GET /xingrg/kc/buy/cgsh_order_add.html HTTP/1.1" 200 71578
222.67.234.146 - - [26/Jun/2023:11:10:02 +0800] "POST /xingrg/kc/buy/cgsh_order_operate.html HTTP/1.1" 200 8245
222.67.234.146 - - [26/Jun/2023:11:10:02 +0800] "GET /xingrg/javascript/easyui/themes/default/validatebox.css HTTP/1.1" 404 1104
114.83.221.127 - - [26/Jun/2023:11:10:02 +0800] "GET /xingrg/all/function/internal_message.html?_=1687749002710&CODE_STATE=getMsg HTTP/1.1" 200 27
180.169.147.146 - - [26/Jun/2023:11:10:04 +0800] "GET /xingrg/check_reg.html?_=1687749004821 HTTP/1.1" 200 22
101.83.145.52 - - [26/Jun/2023:11:10:13 +0800] "GET /xingrg/all/function/internal_message.html?_=1687748835496&CODE_STATE=getMsg HTTP/1.1" 200 27
222.67.234.146 - - [26/Jun/2023:11:10:14 +0800] "GET /xingrg/kc/buy/cgsh_order_operate.html?command=get_materiel&rest_code=00141&code=00101004104&supplier_code=00100090&order_time=2023-06-26 HTTP/1.1" 200 428
180.163.29.234 - - [26/Jun/2023:11:10:18 +0800] "GET /xingrg/all/function/internal_message.html?_=1687748958319&CODE_STATE=getMsg HTTP/1.1" 302 -
180.163.29.234 - - [26/Jun/2023:11:10:18 +0800] "GET /xingrg/login.html HTTP/1.1" 200 7641
61.170.233.201 - - [26/Jun/2023:11:10:18 +0800] "GET /xingrg/all/function/internal_message.html?_=1687749018296&CODE_STATE=getMsg HTTP/1.1" 200 27
101.229.22.40 - - [26/Jun/2023:11:10:22 +0800] "GET /xingrg/all/function/internal_message.html?_=1687749022615&CODE_STATE=getMsg HTTP/1.1" 200 27
120.253.135.82 - - [26/Jun/2023:11:10:23 +0800] "GET /xingrg/all/function/internal_message.html?_=1687748854772&CODE_STATE=getMsg HTTP/1.1" 200 27
222.70.180.90 - - [26/Jun/2023:11:10:26 +0800] "GET /xingrg/all/function/internal_message.html?_=1687749025869&CODE_STATE=getMsg HTTP/1.1" 200 27
222.70.180.90 - - [26/Jun/2023:11:10:26 +0800] "GET /xingrg/check_reg.html?_=1687749025872 HTTP/1.1" 200 22
114.85.113.108 - - [26/Jun/2023:11:10:27 +0800] "GET /xingrg/all/function/internal_message.html?_=1687749027629&CODE_STATE=getMsg HTTP/1.1" 200 27
222.67.234.146 - - [26/Jun/2023:11:10:27 +0800] "GET /xingrg/kc/buy/cgsh_order_operate.html?command=get_materiel&rest_code=00141&code=00101001125&supplier_code=00100090&order_time=2023-06-26 HTTP/1.1" 200 417
180.169.147.146 - - [26/Jun/2023:11:10:32 +0800] "GET /xingrg/all/function/internal_message.html?_=1687749028757&CODE_STATE=getMsg HTTP/1.1" 302 -
222.70.114.12 - - [26/Jun/2023:11:10:34 +0800] "GET /xingrg/all/function/internal_message.html?_=1687749035028&CODE_STATE=getMsg HTTP/1.1" 200 27
116.238.191.126 - - [26/Jun/2023:11:10:35 +0800] "GET /xingrg/all/function/internal_message.html?_=1687749034832&CODE_STATE=getMsg HTTP/1.1" 200 27
124.77.245.69 - - [26/Jun/2023:11:10:37 +0800] "GET /xingrg/all/function/internal_message.html?_=1687749039573&CODE_STATE=getMsg HTTP/1.1" 200 27
101.83.145.52 - - [26/Jun/2023:11:10:37 +0800] "GET /xingrg/kc/buy/cgsh_order_add.html HTTP/1.1" 200 71660
101.83.145.52 - - [26/Jun/2023:11:10:38 +0800] "POST /xingrg/kc/buy/cgsh_order_operate.html HTTP/1.1" 200 8245
101.83.145.52 - - [26/Jun/2023:11:10:38 +0800] "GET /xingrg/javascript/easyui/themes/default/validatebox.css HTTP/1.1" 404 1104
222.67.234.146 - - [26/Jun/2023:11:10:39 +0800] "GET /xingrg/all/function/internal_message.html?_=1687748529307&CODE_STATE=getMsg HTTP/1.1" 200 27
116.232.195.127 - - [26/Jun/2023:11:10:41 +0800] "GET /xingrg/all/function/internal_message.html?_=1687749030129&CODE_STATE=getMsg HTTP/1.1" 200 27
116.238.191.126 - - [26/Jun/2023:11:10:41 +0800] "POST /xingrg/all/user/operate.html HTTP/1.1" 200 36
116.238.191.126 - - [26/Jun/2023:11:10:42 +0800] "GET /xingrg/index.html?sysBaseUrl=http%3A%2F%2F180.169.147.146%3A18081%2Fxingrg%2F&costTime=1479×tamp=1687739926200 HTTP/1.1" 200 17179
116.238.191.126 - - [26/Jun/2023:11:10:42 +0800] "GET /xingrg/javascript/jquery_easy_ui/themes/default/easyui.css HTTP/1.1" 304 -
116.238.191.126 - - [26/Jun/2023:11:10:42 +0800] "GET /xingrg/javascript/jquery_easy_ui/themes/icon.css HTTP/1.1" 304 -
116.238.191.126 - - [26/Jun/2023:11:10:42 +0800] "GET /xingrg/css/form.css HTTP/1.1" 304 -
116.238.191.126 - - [26/Jun/2023:11:10:42 +0800] "GET /xingrg/javascript/jquery-1.4.2.min.js HTTP/1.1" 304 -
116.238.191.126 - - [26/Jun/2023:11:10:42 +0800] "GET /xingrg/javascript/jquery_easy_ui/jquery.easyui.min.js HTTP/1.1" 304 -
116.238.191.126 - - [26/Jun/2023:11:10:42 +0800] "GET /xingrg/javascript/jquery_easy_ui/easyui-lang-zh_CN.js HTTP/1.1" 304 -
116.238.191.126 - - [26/Jun/2023:11:10:42 +0800] "GET /xingrg/javascript/jquery.form.js HTTP/1.1" 304 -
116.238.191.126 - - [26/Jun/2023:11:10:42 +0800] "GET /xingrg/javascript/jquery.utils.js HTTP/1.1" 304 -
116.238.191.126 - - [26/Jun/2023:11:10:42 +0800] "GET /xingrg/javascript/jquery.timers.js HTTP/1.1" 304 -
116.238.191.126 - - [26/Jun/2023:11:10:42 +0800] "GET /xingrg/images/blue/jxLogo.png HTTP/1.1" 304 -
116.238.191.126 - - [26/Jun/2023:11:10:42 +0800] "GET /xingrg/images/blue/navBackgound.jpg HTTP/1.1" 304 -
116.238.191.126 - - [26/Jun/2023:11:10:42 +0800] "GET /xingrg/javascript/jquery_easy_ui/themes/icons/settle_new.png HTTP/1.1" 304 -
116.238.191.126 - - [26/Jun/2023:11:10:42 +0800] "GET /xingrg/all/function/internal_message.html?_=1687749041789&CODE_STATE=count HTTP/1.1" 200 11
116.238.191.126 - - [26/Jun/2023:11:10:42 +0800] "GET /xingrg/check_reg.html?_=1687749041790 HTTP/1.1" 200 22
116.238.191.126 - - [26/Jun/2023:11:10:42 +0800] "GET /xingrg/javascript/jquery_easy_ui/themes/default/images/tabs_rightarrow.png HTTP/1.1" 304 -
116.238.191.126 - - [26/Jun/2023:11:10:42 +0800] "GET /xingrg/images/blue/pingpu.png HTTP/1.1" 304 -
116.238.191.126 - - [26/Jun/2023:11:10:42 +0800] "GET /xingrg/javascript/jquery_easy_ui/themes/default/images/tabs_leftarrow.png HTTP/1.1" 304 -
116.238.191.126 - - [26/Jun/2023:11:10:42 +0800] "GET /xingrg/javascript/jquery_easy_ui/themes/default/images/panel_tool_collapse.gif HTTP/1.1" 304 -
116.238.191.126 - - [26/Jun/2023:11:10:42 +0800] "POST /xingrg/all/common/load_tree.html?tree=area_rest_tree_json&manage=1 HTTP/1.1" 200 476
222.67.234.146 - - [26/Jun/2023:11:10:42 +0800] "GET /xingrg/kc/buy/cgsh_order_operate.html?command=get_materiel&rest_code=00141&code=00101001037&supplier_code=00100090&order_time=2023-06-26 HTTP/1.1" 200 417
116.238.191.126 - - [26/Jun/2023:11:10:42 +0800] "POST /xingrg/load_menu.html HTTP/1.1" 200 5138
180.156.213.241 - - [26/Jun/2023:11:10:43 +0800] "GET /xingrg/all/function/internal_message.html?_=1687749043210&CODE_STATE=getMsg HTTP/1.1" 200 27
116.238.191.126 - - [26/Jun/2023:11:10:44 +0800] "GET /xingrg/kc/base/wldb_order_list.html HTTP/1.1" 200 19104
116.238.191.126 - - [26/Jun/2023:11:10:45 +0800] "POST /xingrg/kc/base/wldb_list_operate.html HTTP/1.1" 200 928
116.238.191.126 - - [26/Jun/2023:11:10:46 +0800] "GET /xingrg/all/function/internal_message.html?_=1687748968092&CODE_STATE=getMsg HTTP/1.1" 200 27
116.238.191.126 - - [26/Jun/2023:11:10:46 +0800] "GET /xingrg/kc/base/wldb_order_add.html HTTP/1.1" 200 30387
116.238.191.126 - - [26/Jun/2023:11:10:46 +0800] "POST /xingrg/kc/base/wldb_order_operate.html HTTP/1.1" 200 6806
116.238.191.126 - - [26/Jun/2023:11:10:46 +0800] "GET /xingrg/javascript/easyui/themes/default/validatebox.css HTTP/1.1" 404 1104
116.238.191.126 - - [26/Jun/2023:11:10:47 +0800] "GET /xingrg/javascript/auto/indicator.gif HTTP/1.1" 404 1066
180.163.28.180 - - [26/Jun/2023:11:10:47 +0800] "GET /xingrg/check_reg.html?_=1687748986858 HTTP/1.1" 302 -
180.163.28.180 - - [26/Jun/2023:11:10:47 +0800] "GET /xingrg/login.html HTTP/1.1" 200 7641
180.156.213.241 - - [26/Jun/2023:11:10:47 +0800] "GET /xingrg/all/function/internal_message.html?_=1687749050107&CODE_STATE=getMsg HTTP/1.1" 200 27
116.238.191.126 - - [26/Jun/2023:11:10:51 +0800] "GET /xingrg/kc/base/wldb_order_operate.html?command=get_materiel&rest_code=00150&base_code=0010445&code=00101013139 HTTP/1.1" 200 451
116.238.191.126 - - [26/Jun/2023:11:10:56 +0800] "POST /xingrg/all/user/operate.html HTTP/1.1" 200 36
116.238.191.126 - - [26/Jun/2023:11:10:56 +0800] "GET /xingrg/index.html?sysBaseUrl=http%3A%2F%2F180.169.147.146%3A18081%2Fxingrg%2F&costTime=1479×tamp=1687739926200 HTTP/1.1" 200 17177
116.238.191.126 - - [26/Jun/2023:11:10:56 +0800] "GET /xingrg/javascript/jquery_easy_ui/themes/default/easyui.css HTTP/1.1" 304 -
116.238.191.126 - - [26/Jun/2023:11:10:56 +0800] "GET /xingrg/javascript/jquery_easy_ui/themes/icon.css HTTP/1.1" 304 -
116.238.191.126 - - [26/Jun/2023:11:10:56 +0800] "GET /xingrg/css/form.css HTTP/1.1" 304 -
116.238.191.126 - - [26/Jun/2023:11:10:56 +0800] "GET /xingrg/javascript/jquery-1.4.2.min.js HTTP/1.1" 304 -
116.238.191.126 - - [26/Jun/2023:11:10:56 +0800] "GET /xingrg/javascript/jquery_easy_ui/jquery.easyui.min.js HTTP/1.1" 304 -
116.238.191.126 - - [26/Jun/2023:11:10:56 +0800] "GET /xingrg/javascript/jquery_easy_ui/easyui-lang-zh_CN.js HTTP/1.1" 304 -
116.238.191.126 - - [26/Jun/2023:11:10:56 +0800] "GET /xingrg/javascript/jquery.form.js HTTP/1.1" 304 -
116.238.191.126 - - [26/Jun/2023:11:10:56 +0800] "GET /xingrg/javascript/jquery.utils.js HTTP/1.1" 304 -
116.238.191.126 - - [26/Jun/2023:11:10:56 +0800] "GET /xingrg/javascript/jquery.timers.js HTTP/1.1" 304 -
116.238.191.126 - - [26/Jun/2023:11:10:56 +0800] "GET /xingrg/images/blue/jxLogo.png HTTP/1.1" 304 -
116.238.191.126 - - [26/Jun/2023:11:10:56 +0800] "GET /xingrg/javascript/jquery_easy_ui/themes/icons/settle_new.png HTTP/1.1" 304 -
116.238.191.126 - - [26/Jun/2023:11:10:56 +0800] "GET /xingrg/images/blue/navBackgound.jpg HTTP/1.1" 304 -
180.156.213.241 - - [26/Jun/2023:11:10:56 +0800] "GET /xingrg/kc/mdqp/psth_order_list1.html HTTP/1.1" 200 17952
116.238.191.126 - - [26/Jun/2023:11:10:56 +0800] "GET /xingrg/all/function/internal_message.html?_=1687749055892&CODE_STATE=count HTTP/1.1" 200 11
116.238.191.126 - - [26/Jun/2023:11:10:56 +0800] "GET /xingrg/javascript/jquery_easy_ui/themes/default/images/tabs_leftarrow.png HTTP/1.1" 304 -
116.238.191.126 - - [26/Jun/2023:11:10:56 +0800] "GET /xingrg/javascript/jquery_easy_ui/themes/default/images/panel_tool_collapse.gif HTTP/1.1" 304 -
116.238.191.126 - - [26/Jun/2023:11:10:56 +0800] "GET /xingrg/check_reg.html?_=1687749055893 HTTP/1.1" 200 22
116.238.191.126 - - [26/Jun/2023:11:10:56 +0800] "GET /xingrg/images/blue/pingpu.png HTTP/1.1" 304 -
180.156.213.241 - - [26/Jun/2023:11:10:56 +0800] "GET /xingrg/javascript/easyui/themes/icons/uncheck_new.png HTTP/1.1" 200 3197
116.238.191.126 - - [26/Jun/2023:11:10:56 +0800] "GET /xingrg/javascript/jquery_easy_ui/themes/default/images/tabs_rightarrow.png HTTP/1.1" 304 -
