180.169.147.146 - - [26/Jun/2023:10:09:32 +0800] "GET /xingrg/all/function/internal_message.html?_=1687745368757&CODE_STATE=getMsg HTTP/1.1" 200 27
222.67.234.146 - - [26/Jun/2023:10:09:40 +0800] "GET /xingrg/all/function/internal_message.html?_=1687744870143&CODE_STATE=getMsg HTTP/1.1" 200 27
116.232.195.127 - - [26/Jun/2023:10:09:41 +0800] "GET /xingrg/all/function/internal_message.html?_=1687745370126&CODE_STATE=getMsg HTTP/1.1" 200 27
180.156.213.241 - - [26/Jun/2023:10:09:44 +0800] "GET /xingrg/all/function/internal_message.html?_=1687745384140&CODE_STATE=getMsg HTTP/1.1" 200 27
116.238.191.126 - - [26/Jun/2023:10:09:45 +0800] "GET /xingrg/all/function/internal_message.html?_=1687745307263&CODE_STATE=getMsg HTTP/1.1" 200 27
114.83.221.127 - - [26/Jun/2023:10:10:03 +0800] "GET /xingrg/all/function/internal_message.html?_=1687745403928&CODE_STATE=getMsg HTTP/1.1" 200 27
180.169.147.146 - - [26/Jun/2023:10:10:04 +0800] "GET /xingrg/check_reg.html?_=1687745405036 HTTP/1.1" 200 22
222.70.114.12 - - [26/Jun/2023:10:10:09 +0800] "GET /xingrg/all/function/internal_message.html?_=1687745410181&CODE_STATE=getMsg HTTP/1.1" 302 -
124.77.245.69 - - [26/Jun/2023:10:10:12 +0800] "GET /xingrg/all/function/internal_message.html?_=1687745414424&CODE_STATE=getMsg HTTP/1.1" 200 27
101.83.145.52 - - [26/Jun/2023:10:10:13 +0800] "GET /xingrg/all/function/internal_message.html?_=1687745235458&CODE_STATE=getMsg HTTP/1.1" 200 27
114.83.221.127 - - [26/Jun/2023:10:10:22 +0800] "GET /xingrg/all/function/internal_message.html?_=1687745422293&CODE_STATE=getMsg HTTP/1.1" 200 27
222.70.180.90 - - [26/Jun/2023:10:10:26 +0800] "GET /xingrg/all/function/internal_message.html?_=1687745425790&CODE_STATE=getMsg HTTP/1.1" 200 27
222.70.180.90 - - [26/Jun/2023:10:10:26 +0800] "GET /xingrg/check_reg.html?_=1687745425791 HTTP/1.1" 200 22
58.40.7.146 - - [26/Jun/2023:10:10:27 +0800] "GET /xingrg/all/function/internal_message.html?_=1687745427643&CODE_STATE=getMsg HTTP/1.1" 200 27
116.238.191.126 - - [26/Jun/2023:10:10:28 +0800] "GET /xingrg/all/function/internal_message.html?_=1687745427333&CODE_STATE=getMsg HTTP/1.1" 200 27
114.85.113.108 - - [26/Jun/2023:10:10:28 +0800] "GET /xingrg/all/function/internal_message.html?_=1687745428662&CODE_STATE=getMsg HTTP/1.1" 200 27
120.253.135.82 - - [26/Jun/2023:10:10:32 +0800] "GET /xingrg/all/function/internal_message.html?_=1687745263567&CODE_STATE=getMsg HTTP/1.1" 200 27
180.169.147.146 - - [26/Jun/2023:10:10:32 +0800] "GET /xingrg/all/function/internal_message.html?_=1687745428762&CODE_STATE=getMsg HTTP/1.1" 200 27
222.67.234.146 - - [26/Jun/2023:10:10:40 +0800] "GET /xingrg/all/function/internal_message.html?_=1687744930176&CODE_STATE=getMsg HTTP/1.1" 200 27
116.232.195.127 - - [26/Jun/2023:10:10:41 +0800] "GET /xingrg/all/function/internal_message.html?_=1687745430136&CODE_STATE=getMsg HTTP/1.1" 200 27
180.156.213.241 - - [26/Jun/2023:10:10:44 +0800] "GET /xingrg/all/function/internal_message.html?_=1687745444119&CODE_STATE=getMsg HTTP/1.1" 200 27
116.238.191.126 - - [26/Jun/2023:10:10:45 +0800] "GET /xingrg/all/function/internal_message.html?_=1687745367276&CODE_STATE=getMsg HTTP/1.1" 200 27
114.83.221.127 - - [26/Jun/2023:10:11:03 +0800] "GET /xingrg/all/function/internal_message.html?_=1687745463900&CODE_STATE=getMsg HTTP/1.1" 200 27
222.70.114.12 - - [26/Jun/2023:10:11:09 +0800] "GET /xingrg/all/function/internal_message.html?_=1687745470171&CODE_STATE=getMsg HTTP/1.1" 302 -
124.77.245.69 - - [26/Jun/2023:10:11:13 +0800] "GET /xingrg/all/function/internal_message.html?_=1687745474581&CODE_STATE=getMsg HTTP/1.1" 200 27
101.83.145.52 - - [26/Jun/2023:10:11:13 +0800] "GET /xingrg/check_reg.html?_=1687745295364 HTTP/1.1" 200 22
101.83.145.52 - - [26/Jun/2023:10:11:13 +0800] "GET /xingrg/all/function/internal_message.html?_=1687745295434&CODE_STATE=getMsg HTTP/1.1" 200 27
114.83.221.127 - - [26/Jun/2023:10:11:22 +0800] "GET /xingrg/all/function/internal_message.html?_=1687745482305&CODE_STATE=getMsg HTTP/1.1" 200 27
222.70.180.90 - - [26/Jun/2023:10:11:26 +0800] "GET /xingrg/all/function/internal_message.html?_=1687745485790&CODE_STATE=getMsg HTTP/1.1" 200 27
58.40.7.146 - - [26/Jun/2023:10:11:27 +0800] "GET /xingrg/all/function/internal_message.html?_=1687745487629&CODE_STATE=getMsg HTTP/1.1" 200 27
116.238.191.126 - - [26/Jun/2023:10:11:28 +0800] "GET /xingrg/all/function/internal_message.html?_=1687745487333&CODE_STATE=getMsg HTTP/1.1" 200 27
114.85.113.108 - - [26/Jun/2023:10:11:28 +0800] "GET /xingrg/all/function/internal_message.html?_=1687745488645&CODE_STATE=getMsg HTTP/1.1" 200 27
120.253.135.82 - - [26/Jun/2023:10:11:32 +0800] "GET /xingrg/all/function/internal_message.html?_=1687745323580&CODE_STATE=getMsg HTTP/1.1" 200 27
180.169.147.146 - - [26/Jun/2023:10:11:32 +0800] "GET /xingrg/all/function/internal_message.html?_=1687745488761&CODE_STATE=getMsg HTTP/1.1" 200 27
222.67.234.146 - - [26/Jun/2023:10:11:40 +0800] "GET /xingrg/all/function/internal_message.html?_=1687744990182&CODE_STATE=getMsg HTTP/1.1" 200 27
222.67.234.146 - - [26/Jun/2023:10:11:40 +0800] "GET /xingrg/check_reg.html?_=1687744990184 HTTP/1.1" 200 22
101.83.145.52 - - [26/Jun/2023:10:11:41 +0800] "GET /favicon.ico HTTP/1.1" 404 -
116.232.195.127 - - [26/Jun/2023:10:11:41 +0800] "GET /xingrg/all/function/internal_message.html?_=1687745490131&CODE_STATE=getMsg HTTP/1.1" 200 27
180.156.213.241 - - [26/Jun/2023:10:11:44 +0800] "GET /xingrg/all/function/internal_message.html?_=1687745504096&CODE_STATE=getMsg HTTP/1.1" 200 27
116.238.191.126 - - [26/Jun/2023:10:11:45 +0800] "GET /xingrg/all/function/internal_message.html?_=1687745427294&CODE_STATE=getMsg HTTP/1.1" 200 27
114.83.221.127 - - [26/Jun/2023:10:12:03 +0800] "GET /xingrg/all/function/internal_message.html?_=1687745523890&CODE_STATE=getMsg HTTP/1.1" 200 27
114.83.221.127 - - [26/Jun/2023:10:12:04 +0800] "GET /xingrg/check_reg.html?_=1687745524595 HTTP/1.1" 200 22
222.70.114.12 - - [26/Jun/2023:10:12:09 +0800] "GET /xingrg/all/function/internal_message.html?_=1687745530177&CODE_STATE=getMsg HTTP/1.1" 302 -
124.77.245.69 - - [26/Jun/2023:10:12:13 +0800] "GET /xingrg/all/function/internal_message.html?_=1687745534593&CODE_STATE=getMsg HTTP/1.1" 200 27
101.83.145.52 - - [26/Jun/2023:10:12:13 +0800] "GET /xingrg/all/function/internal_message.html?_=1687745355426&CODE_STATE=getMsg HTTP/1.1" 200 27
114.83.221.127 - - [26/Jun/2023:10:12:22 +0800] "GET /xingrg/all/function/internal_message.html?_=1687745542296&CODE_STATE=getMsg HTTP/1.1" 200 27
222.70.180.90 - - [26/Jun/2023:10:12:26 +0800] "GET /xingrg/all/function/internal_message.html?_=1687745545788&CODE_STATE=getMsg HTTP/1.1" 200 27
58.40.7.146 - - [26/Jun/2023:10:12:27 +0800] "GET /xingrg/all/function/internal_message.html?_=1687745547616&CODE_STATE=getMsg HTTP/1.1" 200 27
116.238.191.126 - - [26/Jun/2023:10:12:28 +0800] "GET /xingrg/all/function/internal_message.html?_=1687745547354&CODE_STATE=getMsg HTTP/1.1" 200 27
114.85.113.108 - - [26/Jun/2023:10:12:28 +0800] "GET /xingrg/all/function/internal_message.html?_=1687745548634&CODE_STATE=getMsg HTTP/1.1" 200 27
120.253.135.82 - - [26/Jun/2023:10:12:32 +0800] "GET /xingrg/all/function/internal_message.html?_=1687745383672&CODE_STATE=getMsg HTTP/1.1" 200 27
180.169.147.146 - - [26/Jun/2023:10:12:32 +0800] "GET /xingrg/all/function/internal_message.html?_=1687745548779&CODE_STATE=getMsg HTTP/1.1" 200 27
222.67.234.146 - - [26/Jun/2023:10:12:40 +0800] "GET /xingrg/all/function/internal_message.html?_=1687745050183&CODE_STATE=getMsg HTTP/1.1" 200 27
116.232.195.127 - - [26/Jun/2023:10:12:41 +0800] "GET /xingrg/all/function/internal_message.html?_=1687745550147&CODE_STATE=getMsg HTTP/1.1" 200 27
180.156.213.241 - - [26/Jun/2023:10:12:44 +0800] "GET /xingrg/all/function/internal_message.html?_=1687745564091&CODE_STATE=getMsg HTTP/1.1" 200 27
116.238.191.126 - - [26/Jun/2023:10:12:45 +0800] "GET /xingrg/all/function/internal_message.html?_=1687745487304&CODE_STATE=getMsg HTTP/1.1" 200 27
114.83.221.127 - - [26/Jun/2023:10:13:03 +0800] "GET /xingrg/all/function/internal_message.html?_=1687745583862&CODE_STATE=getMsg HTTP/1.1" 200 27
222.70.114.12 - - [26/Jun/2023:10:13:09 +0800] "GET /xingrg/check_reg.html?_=1687745590167 HTTP/1.1" 302 -
222.70.114.12 - - [26/Jun/2023:10:13:09 +0800] "GET /xingrg/all/function/internal_message.html?_=1687745590175&CODE_STATE=getMsg HTTP/1.1" 302 -
124.77.245.69 - - [26/Jun/2023:10:13:12 +0800] "GET /xingrg/check_reg.html?_=1687745593894 HTTP/1.1" 200 22
124.77.245.69 - - [26/Jun/2023:10:13:13 +0800] "GET /xingrg/all/function/internal_message.html?_=1687745594607&CODE_STATE=getMsg HTTP/1.1" 200 27
101.83.145.52 - - [26/Jun/2023:10:13:13 +0800] "GET /xingrg/all/function/internal_message.html?_=1687745415402&CODE_STATE=getMsg HTTP/1.1" 200 27
114.83.221.127 - - [26/Jun/2023:10:13:22 +0800] "GET /xingrg/all/function/internal_message.html?_=1687745602313&CODE_STATE=getMsg HTTP/1.1" 200 27
114.83.221.127 - - [26/Jun/2023:10:13:22 +0800] "GET /xingrg/check_reg.html?_=1687745602315 HTTP/1.1" 200 22
222.70.180.90 - - [26/Jun/2023:10:13:26 +0800] "GET /xingrg/all/function/internal_message.html?_=1687745605788&CODE_STATE=getMsg HTTP/1.1" 200 27
58.40.7.146 - - [26/Jun/2023:10:13:27 +0800] "GET /xingrg/all/function/internal_message.html?_=1687745607601&CODE_STATE=getMsg HTTP/1.1" 200 27
116.238.191.126 - - [26/Jun/2023:10:13:28 +0800] "GET /xingrg/all/function/internal_message.html?_=1687745607354&CODE_STATE=getMsg HTTP/1.1" 200 27
114.85.113.108 - - [26/Jun/2023:10:13:28 +0800] "GET /xingrg/all/function/internal_message.html?_=1687745608618&CODE_STATE=getMsg HTTP/1.1" 200 27
120.253.135.82 - - [26/Jun/2023:10:13:28 +0800] "GET /xingrg/check_reg.html?_=1687745440128 HTTP/1.1" 200 22
120.253.135.82 - - [26/Jun/2023:10:13:32 +0800] "GET /xingrg/all/function/internal_message.html?_=1687745443686&CODE_STATE=getMsg HTTP/1.1" 200 27
180.169.147.146 - - [26/Jun/2023:10:13:32 +0800] "GET /xingrg/check_reg.html?_=1687745608769 HTTP/1.1" 200 22
180.169.147.146 - - [26/Jun/2023:10:13:32 +0800] "GET /xingrg/all/function/internal_message.html?_=1687745608776&CODE_STATE=getMsg HTTP/1.1" 200 27
222.67.234.146 - - [26/Jun/2023:10:13:40 +0800] "GET /xingrg/all/function/internal_message.html?_=1687745110174&CODE_STATE=getMsg HTTP/1.1" 200 27
116.232.195.127 - - [26/Jun/2023:10:13:41 +0800] "GET /xingrg/all/function/internal_message.html?_=1687745610145&CODE_STATE=getMsg HTTP/1.1" 200 27
116.232.195.127 - - [26/Jun/2023:10:13:42 +0800] "GET /xingrg/check_reg.html?_=1687745610696 HTTP/1.1" 200 22
180.156.213.241 - - [26/Jun/2023:10:13:44 +0800] "GET /xingrg/all/function/internal_message.html?_=1687745624081&CODE_STATE=getMsg HTTP/1.1" 200 27
116.238.191.126 - - [26/Jun/2023:10:13:44 +0800] "GET /xingrg/check_reg.html?_=1687745546760 HTTP/1.1" 200 22
116.238.191.126 - - [26/Jun/2023:10:13:45 +0800] "GET /xingrg/all/function/internal_message.html?_=1687745547317&CODE_STATE=getMsg HTTP/1.1" 200 27
180.156.213.241 - - [26/Jun/2023:10:13:45 +0800] "GET /xingrg/check_reg.html?_=1687745625151 HTTP/1.1" 200 22
114.85.113.108 - - [26/Jun/2023:10:13:46 +0800] "GET /xingrg/check_reg.html?_=1687745625952 HTTP/1.1" 200 22
114.83.221.127 - - [26/Jun/2023:10:14:03 +0800] "GET /xingrg/all/function/internal_message.html?_=1687745643848&CODE_STATE=getMsg HTTP/1.1" 200 27
222.70.114.12 - - [26/Jun/2023:10:14:09 +0800] "GET /xingrg/all/function/internal_message.html?_=1687745650175&CODE_STATE=getMsg HTTP/1.1" 302 -
124.77.245.69 - - [26/Jun/2023:10:14:13 +0800] "GET /xingrg/all/function/internal_message.html?_=1687745654619&CODE_STATE=getMsg HTTP/1.1" 200 27
101.83.145.52 - - [26/Jun/2023:10:14:13 +0800] "GET /xingrg/all/function/internal_message.html?_=1687745475388&CODE_STATE=getMsg HTTP/1.1" 200 27
58.40.7.146 - - [26/Jun/2023:10:14:18 +0800] "GET /xingrg/check_reg.html?_=1687745658729 HTTP/1.1" 200 22
114.83.221.127 - - [26/Jun/2023:10:14:22 +0800] "GET /xingrg/all/function/internal_message.html?_=1687745662290&CODE_STATE=getMsg HTTP/1.1" 200 27
222.70.180.90 - - [26/Jun/2023:10:14:26 +0800] "GET /xingrg/all/function/internal_message.html?_=1687745665788&CODE_STATE=getMsg HTTP/1.1" 200 27
58.40.7.146 - - [26/Jun/2023:10:14:27 +0800] "GET /xingrg/all/function/internal_message.html?_=1687745667573&CODE_STATE=getMsg HTTP/1.1" 200 27
116.238.191.126 - - [26/Jun/2023:10:14:28 +0800] "GET /xingrg/check_reg.html?_=1687745667365 HTTP/1.1" 200 22
116.238.191.126 - - [26/Jun/2023:10:14:28 +0800] "GET /xingrg/all/function/internal_message.html?_=1687745667366&CODE_STATE=getMsg HTTP/1.1" 200 27
114.85.113.108 - - [26/Jun/2023:10:14:28 +0800] "GET /xingrg/all/function/internal_message.html?_=1687745668594&CODE_STATE=getMsg HTTP/1.1" 200 27
120.253.135.82 - - [26/Jun/2023:10:14:32 +0800] "GET /xingrg/all/function/internal_message.html?_=1687745503699&CODE_STATE=getMsg HTTP/1.1" 200 27
180.169.147.146 - - [26/Jun/2023:10:14:32 +0800] "GET /xingrg/all/function/internal_message.html?_=1687745668770&CODE_STATE=getMsg HTTP/1.1" 200 27
222.67.234.146 - - [26/Jun/2023:10:14:40 +0800] "GET /xingrg/all/function/internal_message.html?_=1687745170173&CODE_STATE=getMsg HTTP/1.1" 200 27
116.232.195.127 - - [26/Jun/2023:10:14:41 +0800] "GET /xingrg/all/function/internal_message.html?_=1687745670148&CODE_STATE=getMsg HTTP/1.1" 200 27
180.156.213.241 - - [26/Jun/2023:10:14:44 +0800] "GET /xingrg/all/function/internal_message.html?_=1687745684066&CODE_STATE=getMsg HTTP/1.1" 200 27
116.238.191.126 - - [26/Jun/2023:10:14:45 +0800] "GET /xingrg/all/function/internal_message.html?_=1687745607330&CODE_STATE=getMsg HTTP/1.1" 200 27
222.67.234.146 - - [26/Jun/2023:10:14:48 +0800] "GET /xingrg/kc/buy/buy_main.html HTTP/1.1" 200 12412
222.67.234.146 - - [26/Jun/2023:10:14:48 +0800] "GET /xingrg/css/new_ie.css HTTP/1.1" 404 1036
222.67.234.146 - - [26/Jun/2023:10:14:49 +0800] "GET /xingrg/images/yd/bt.gif HTTP/1.1" 404 1040
222.67.234.146 - - [26/Jun/2023:10:14:51 +0800] "GET /xingrg/kc/buy/cgsh_order_list.html HTTP/1.1" 200 55802
222.67.234.146 - - [26/Jun/2023:10:14:54 +0800] "POST /xingrg/kc/buy/cgsh_list_operate.html HTTP/1.1" 200 986
222.67.234.146 - - [26/Jun/2023:10:15:00 +0800] "GET /xingrg/kc/buy/cgsh_order_add.html HTTP/1.1" 200 71578
222.67.234.146 - - [26/Jun/2023:10:15:01 +0800] "GET /xingrg/words/20230625130449_words.js HTTP/1.1" 304 -
222.67.234.146 - - [26/Jun/2023:10:15:01 +0800] "POST /xingrg/kc/buy/cgsh_order_operate.html HTTP/1.1" 200 8245
222.67.234.146 - - [26/Jun/2023:10:15:01 +0800] "GET /xingrg/javascript/easyui/themes/default/validatebox.css HTTP/1.1" 404 1104
222.67.234.146 - - [26/Jun/2023:10:15:01 +0800] "GET /xingrg/all/common/auto_word.html?type=employee&rest_code=00141 HTTP/1.1" 200 201
222.67.234.146 - - [26/Jun/2023:10:15:01 +0800] "GET /xingrg/all/common/auto_word.html?type=employee&rest_code=00141 HTTP/1.1" 200 201
114.83.221.127 - - [26/Jun/2023:10:15:03 +0800] "GET /xingrg/all/function/internal_message.html?_=1687745703834&CODE_STATE=getMsg HTTP/1.1" 200 27
180.169.147.146 - - [26/Jun/2023:10:15:04 +0800] "GET /xingrg/check_reg.html?_=1687745705036 HTTP/1.1" 200 22
222.70.114.12 - - [26/Jun/2023:10:15:09 +0800] "GET /xingrg/all/function/internal_message.html?_=1687745710175&CODE_STATE=getMsg HTTP/1.1" 302 -
124.77.245.69 - - [26/Jun/2023:10:15:13 +0800] "GET /xingrg/all/function/internal_message.html?_=1687745714633&CODE_STATE=getMsg HTTP/1.1" 200 27
101.83.145.52 - - [26/Jun/2023:10:15:13 +0800] "GET /xingrg/all/function/internal_message.html?_=1687745535374&CODE_STATE=getMsg HTTP/1.1" 200 27
114.83.221.127 - - [26/Jun/2023:10:15:22 +0800] "GET /xingrg/all/function/internal_message.html?_=1687745722304&CODE_STATE=getMsg HTTP/1.1" 200 27
222.70.180.90 - - [26/Jun/2023:10:15:26 +0800] "GET /xingrg/all/function/internal_message.html?_=1687745725787&CODE_STATE=getMsg HTTP/1.1" 200 27
222.70.180.90 - - [26/Jun/2023:10:15:26 +0800] "GET /xingrg/check_reg.html?_=1687745725790 HTTP/1.1" 200 22
58.40.7.146 - - [26/Jun/2023:10:15:27 +0800] "GET /xingrg/all/function/internal_message.html?_=1687745727559&CODE_STATE=getMsg HTTP/1.1" 200 27
116.238.191.126 - - [26/Jun/2023:10:15:28 +0800] "GET /xingrg/all/function/internal_message.html?_=1687745727368&CODE_STATE=getMsg HTTP/1.1" 200 27
114.85.113.108 - - [26/Jun/2023:10:15:28 +0800] "GET /xingrg/all/function/internal_message.html?_=1687745728578&CODE_STATE=getMsg HTTP/1.1" 200 27
180.169.147.146 - - [26/Jun/2023:10:15:32 +0800] "GET /xingrg/all/function/internal_message.html?_=1687745728763&CODE_STATE=getMsg HTTP/1.1" 200 27
120.253.135.82 - - [26/Jun/2023:10:15:32 +0800] "GET /xingrg/all/function/internal_message.html?_=1687745563824&CODE_STATE=getMsg HTTP/1.1" 200 27
222.67.234.146 - - [26/Jun/2023:10:15:40 +0800] "GET /xingrg/all/function/internal_message.html?_=1687745230196&CODE_STATE=getMsg HTTP/1.1" 200 27
116.232.195.127 - - [26/Jun/2023:10:15:41 +0800] "GET /xingrg/all/function/internal_message.html?_=1687745730138&CODE_STATE=getMsg HTTP/1.1" 200 27
180.156.213.241 - - [26/Jun/2023:10:15:44 +0800] "GET /xingrg/all/function/internal_message.html?_=1687745744037&CODE_STATE=getMsg HTTP/1.1" 200 27
116.238.191.126 - - [26/Jun/2023:10:15:45 +0800] "GET /xingrg/all/function/internal_message.html?_=1687745667345&CODE_STATE=getMsg HTTP/1.1" 200 27
114.83.221.127 - - [26/Jun/2023:10:16:03 +0800] "GET /xingrg/all/function/internal_message.html?_=1687745763820&CODE_STATE=getMsg HTTP/1.1" 200 27
222.70.114.12 - - [26/Jun/2023:10:16:09 +0800] "GET /xingrg/all/function/internal_message.html?_=1687745770181&CODE_STATE=getMsg HTTP/1.1" 302 -
124.77.245.69 - - [26/Jun/2023:10:16:13 +0800] "GET /xingrg/all/function/internal_message.html?_=1687745774789&CODE_STATE=getMsg HTTP/1.1" 200 27
101.83.145.52 - - [26/Jun/2023:10:16:13 +0800] "GET /xingrg/check_reg.html?_=1687745595360 HTTP/1.1" 200 22
101.83.145.52 - - [26/Jun/2023:10:16:13 +0800] "GET /xingrg/all/function/internal_message.html?_=1687745595363&CODE_STATE=getMsg HTTP/1.1" 200 27
114.83.221.127 - - [26/Jun/2023:10:16:22 +0800] "GET /xingrg/all/function/internal_message.html?_=1687745782298&CODE_STATE=getMsg HTTP/1.1" 200 27
222.70.180.90 - - [26/Jun/2023:10:16:26 +0800] "GET /xingrg/all/function/internal_message.html?_=1687745785789&CODE_STATE=getMsg HTTP/1.1" 200 27
58.40.7.146 - - [26/Jun/2023:10:16:27 +0800] "GET /xingrg/all/function/internal_message.html?_=1687745787528&CODE_STATE=getMsg HTTP/1.1" 200 27
116.238.191.126 - - [26/Jun/2023:10:16:28 +0800] "GET /xingrg/all/function/internal_message.html?_=1687745787368&CODE_STATE=getMsg HTTP/1.1" 200 27
114.85.113.108 - - [26/Jun/2023:10:16:28 +0800] "GET /xingrg/all/function/internal_message.html?_=1687745788564&CODE_STATE=getMsg HTTP/1.1" 200 27
180.169.147.146 - - [26/Jun/2023:10:16:32 +0800] "GET /xingrg/all/function/internal_message.html?_=1687745788761&CODE_STATE=getMsg HTTP/1.1" 200 27
120.253.135.82 - - [26/Jun/2023:10:16:32 +0800] "GET /xingrg/all/function/internal_message.html?_=1687745623836&CODE_STATE=getMsg HTTP/1.1" 200 27
222.67.234.146 - - [26/Jun/2023:10:16:40 +0800] "GET /xingrg/all/function/internal_message.html?_=1687745290183&CODE_STATE=getMsg HTTP/1.1" 200 27
222.67.234.146 - - [26/Jun/2023:10:16:40 +0800] "GET /xingrg/check_reg.html?_=1687745290185 HTTP/1.1" 200 22
116.232.195.127 - - [26/Jun/2023:10:16:41 +0800] "GET /xingrg/all/function/internal_message.html?_=1687745790136&CODE_STATE=getMsg HTTP/1.1" 200 27
180.156.213.241 - - [26/Jun/2023:10:16:44 +0800] "GET /xingrg/all/function/internal_message.html?_=1687745804025&CODE_STATE=getMsg HTTP/1.1" 200 27
116.238.191.126 - - [26/Jun/2023:10:16:45 +0800] "GET /xingrg/all/function/internal_message.html?_=1687745727361&CODE_STATE=getMsg HTTP/1.1" 200 27
222.67.234.146 - - [26/Jun/2023:10:16:46 +0800] "GET /xingrg/javascript/auto/indicator.gif HTTP/1.1" 404 1066
222.67.234.146 - - [26/Jun/2023:10:16:47 +0800] "GET /xingrg/javascript/jquery_tools/images/next.gif HTTP/1.1" 404 1086
222.67.234.146 - - [26/Jun/2023:10:16:47 +0800] "GET /xingrg/javascript/jquery_tools/images/prev.gif HTTP/1.1" 404 1086
222.67.234.146 - - [26/Jun/2023:10:16:57 +0800] "GET /xingrg/kc/buy/cgsh_order_operate.html?command=get_materiel&rest_code=00141&code=00101007061&supplier_code=00100004&order_time=2023-06-26 HTTP/1.1" 200 409
114.83.221.127 - - [26/Jun/2023:10:17:03 +0800] "GET /xingrg/all/function/internal_message.html?_=1687745823814&CODE_STATE=getMsg HTTP/1.1" 200 27
114.83.221.127 - - [26/Jun/2023:10:17:04 +0800] "GET /xingrg/check_reg.html?_=1687745824582 HTTP/1.1" 200 22
222.67.234.146 - - [26/Jun/2023:10:17:07 +0800] "GET /xingrg/kc/buy/cgsh_order_operate.html?command=get_materiel&rest_code=00141&code=00101007027&supplier_code=00100004&order_time=2023-06-26 HTTP/1.1" 200 421
222.70.114.12 - - [26/Jun/2023:10:17:09 +0800] "GET /xingrg/all/function/internal_message.html?_=1687745830172&CODE_STATE=getMsg HTTP/1.1" 302 -
124.77.245.69 - - [26/Jun/2023:10:17:13 +0800] "GET /xingrg/all/function/internal_message.html?_=1687745834801&CODE_STATE=getMsg HTTP/1.1" 200 27
101.83.145.52 - - [26/Jun/2023:10:17:13 +0800] "GET /xingrg/all/function/internal_message.html?_=1687745655365&CODE_STATE=getMsg HTTP/1.1" 200 27
114.83.221.127 - - [26/Jun/2023:10:17:22 +0800] "GET /xingrg/all/function/internal_message.html?_=1687745842291&CODE_STATE=getMsg HTTP/1.1" 200 27
222.70.180.90 - - [26/Jun/2023:10:17:26 +0800] "GET /xingrg/all/function/internal_message.html?_=1687745845813&CODE_STATE=getMsg HTTP/1.1" 200 27
58.40.7.146 - - [26/Jun/2023:10:17:27 +0800] "GET /xingrg/all/function/internal_message.html?_=1687745847517&CODE_STATE=getMsg HTTP/1.1" 200 27
116.238.191.126 - - [26/Jun/2023:10:17:28 +0800] "GET /xingrg/all/function/internal_message.html?_=1687745847369&CODE_STATE=getMsg HTTP/1.1" 200 27
114.85.113.108 - - [26/Jun/2023:10:17:28 +0800] "GET /xingrg/all/function/internal_message.html?_=1687745848549&CODE_STATE=getMsg HTTP/1.1" 200 27
180.169.147.146 - - [26/Jun/2023:10:17:32 +0800] "GET /xingrg/all/function/internal_message.html?_=1687745848769&CODE_STATE=getMsg HTTP/1.1" 200 27
120.253.135.82 - - [26/Jun/2023:10:17:32 +0800] "GET /xingrg/all/function/internal_message.html?_=1687745683927&CODE_STATE=getMsg HTTP/1.1" 200 27
222.67.234.146 - - [26/Jun/2023:10:17:40 +0800] "GET /xingrg/all/function/internal_message.html?_=1687745350188&CODE_STATE=getMsg HTTP/1.1" 200 27
116.232.195.127 - - [26/Jun/2023:10:17:41 +0800] "GET /xingrg/all/function/internal_message.html?_=1687745850132&CODE_STATE=getMsg HTTP/1.1" 200 27
222.67.234.146 - - [26/Jun/2023:10:17:42 +0800] "POST /xingrg/kc/buy/cgsh_order_operate.html HTTP/1.1" 200 37
180.156.213.241 - - [26/Jun/2023:10:17:44 +0800] "GET /xingrg/all/function/internal_message.html?_=1687745864009&CODE_STATE=getMsg HTTP/1.1" 200 27
116.238.191.126 - - [26/Jun/2023:10:17:45 +0800] "GET /xingrg/all/function/internal_message.html?_=1687745787372&CODE_STATE=getMsg HTTP/1.1" 200 27
222.67.234.146 - - [26/Jun/2023:10:17:52 +0800] "POST /xingrg/kc/buy/cgsh_order_operate.html HTTP/1.1" 200 12
222.67.234.146 - - [26/Jun/2023:10:17:55 +0800] "GET /xingrg/kc/buy/cgsh_order_info.html?code=212023062609516 HTTP/1.1" 200 66487
222.67.234.146 - - [26/Jun/2023:10:17:56 +0800] "GET /xingrg/javascript/easyui/themes/default/validatebox.css HTTP/1.1" 404 1104
222.67.234.146 - - [26/Jun/2023:10:17:57 +0800] "POST /xingrg/kc/buy/cgsh_order_operate.html HTTP/1.1" 200 1802
114.83.221.127 - - [26/Jun/2023:10:18:03 +0800] "GET /xingrg/all/function/internal_message.html?_=1687745883788&CODE_STATE=getMsg HTTP/1.1" 200 27
222.70.114.12 - - [26/Jun/2023:10:18:09 +0800] "GET /xingrg/check_reg.html?_=1687745890178 HTTP/1.1" 302 -
222.70.114.12 - - [26/Jun/2023:10:18:09 +0800] "GET /xingrg/all/function/internal_message.html?_=1687745890186&CODE_STATE=getMsg HTTP/1.1" 302 -
124.77.245.69 - - [26/Jun/2023:10:18:12 +0800] "GET /xingrg/check_reg.html?_=1687745894022 HTTP/1.1" 200 22
124.77.245.69 - - [26/Jun/2023:10:18:13 +0800] "GET /xingrg/all/function/internal_message.html?_=1687745894814&CODE_STATE=getMsg HTTP/1.1" 200 27
101.83.145.52 - - [26/Jun/2023:10:18:13 +0800] "GET /xingrg/all/function/internal_message.html?_=1687745715397&CODE_STATE=getMsg HTTP/1.1" 200 27
222.67.234.146 - - [26/Jun/2023:10:18:13 +0800] "GET /xingrg/kc/print/load_config.html?kc_code=cgsh HTTP/1.1" 200 1924
222.67.234.146 - - [26/Jun/2023:10:18:14 +0800] "GET /xingrg/kc/print/load_data.html?order_code=212023062609516&kc_code=cgsh&condition= HTTP/1.1" 200 1220
222.67.234.146 - - [26/Jun/2023:10:18:19 +0800] "GET /xingrg/kc/buy/cgsh_order_add.html HTTP/1.1" 200 71578
222.67.234.146 - - [26/Jun/2023:10:18:19 +0800] "POST /xingrg/kc/buy/cgsh_order_operate.html HTTP/1.1" 200 8245
222.67.234.146 - - [26/Jun/2023:10:18:19 +0800] "GET /xingrg/javascript/easyui/themes/default/validatebox.css HTTP/1.1" 404 1104
114.83.221.127 - - [26/Jun/2023:10:18:22 +0800] "GET /xingrg/all/function/internal_message.html?_=1687745902306&CODE_STATE=getMsg HTTP/1.1" 200 27
114.83.221.127 - - [26/Jun/2023:10:18:22 +0800] "GET /xingrg/check_reg.html?_=1687745902312 HTTP/1.1" 200 22
222.70.180.90 - - [26/Jun/2023:10:18:26 +0800] "GET /xingrg/all/function/internal_message.html?_=1687745905827&CODE_STATE=getMsg HTTP/1.1" 200 27
58.40.7.146 - - [26/Jun/2023:10:18:27 +0800] "GET /xingrg/all/function/internal_message.html?_=1687745907505&CODE_STATE=getMsg HTTP/1.1" 200 27
116.238.191.126 - - [26/Jun/2023:10:18:28 +0800] "GET /xingrg/all/function/internal_message.html?_=1687745907369&CODE_STATE=getMsg HTTP/1.1" 200 27
114.85.113.108 - - [26/Jun/2023:10:18:28 +0800] "GET /xingrg/all/function/internal_message.html?_=1687745908518&CODE_STATE=getMsg HTTP/1.1" 200 27
120.253.135.82 - - [26/Jun/2023:10:18:28 +0800] "GET /xingrg/check_reg.html?_=1687745740230 HTTP/1.1" 200 22
180.169.147.146 - - [26/Jun/2023:10:18:32 +0800] "GET /xingrg/check_reg.html?_=1687745908765 HTTP/1.1" 200 22
180.169.147.146 - - [26/Jun/2023:10:18:32 +0800] "GET /xingrg/all/function/internal_message.html?_=1687745908767&CODE_STATE=getMsg HTTP/1.1" 200 27
120.253.135.82 - - [26/Jun/2023:10:18:32 +0800] "GET /xingrg/all/function/internal_message.html?_=1687745743941&CODE_STATE=getMsg HTTP/1.1" 200 27
222.67.234.146 - - [26/Jun/2023:10:18:38 +0800] "GET /xingrg/kc/buy/cgsh_order_operate.html?command=get_materiel&rest_code=00141&code=00101005037&supplier_code=00100040&order_time=2023-06-26 HTTP/1.1" 200 409
222.67.234.146 - - [26/Jun/2023:10:18:40 +0800] "GET /xingrg/all/function/internal_message.html?_=1687745410189&CODE_STATE=getMsg HTTP/1.1" 200 27
116.232.195.127 - - [26/Jun/2023:10:18:41 +0800] "GET /xingrg/all/function/internal_message.html?_=1687745910149&CODE_STATE=getMsg HTTP/1.1" 200 27
116.232.195.127 - - [26/Jun/2023:10:18:42 +0800] "GET /xingrg/check_reg.html?_=1687745910672 HTTP/1.1" 200 22
180.156.213.241 - - [26/Jun/2023:10:18:44 +0800] "GET /xingrg/all/function/internal_message.html?_=1687745924003&CODE_STATE=getMsg HTTP/1.1" 200 27
116.238.191.126 - - [26/Jun/2023:10:18:44 +0800] "GET /xingrg/check_reg.html?_=1687745846768 HTTP/1.1" 200 22
180.156.213.241 - - [26/Jun/2023:10:18:45 +0800] "GET /xingrg/check_reg.html?_=1687745925139 HTTP/1.1" 200 22
116.238.191.126 - - [26/Jun/2023:10:18:45 +0800] "GET /xingrg/all/function/internal_message.html?_=1687745847385&CODE_STATE=getMsg HTTP/1.1" 200 27
114.85.113.108 - - [26/Jun/2023:10:18:46 +0800] "GET /xingrg/check_reg.html?_=1687745925931 HTTP/1.1" 200 22
222.67.234.146 - - [26/Jun/2023:10:18:48 +0800] "GET /xingrg/kc/buy/cgsh_order_operate.html?command=get_materiel&rest_code=00141&code=00101005036&supplier_code=00100040&order_time=2023-06-26 HTTP/1.1" 200 409
222.67.234.146 - - [26/Jun/2023:10:19:00 +0800] "GET /xingrg/kc/buy/cgsh_order_operate.html?command=get_materiel&rest_code=00141&code=00101001010&supplier_code=00100040&order_time=2023-06-26 HTTP/1.1" 200 409
114.83.221.127 - - [26/Jun/2023:10:19:03 +0800] "GET /xingrg/all/function/internal_message.html?_=1687745943774&CODE_STATE=getMsg HTTP/1.1" 200 27
222.70.114.12 - - [26/Jun/2023:10:19:09 +0800] "GET /xingrg/all/function/internal_message.html?_=1687745950198&CODE_STATE=getMsg HTTP/1.1" 302 -
222.67.234.146 - - [26/Jun/2023:10:19:13 +0800] "POST /xingrg/kc/buy/cgsh_order_operate.html HTTP/1.1" 200 37
124.77.245.69 - - [26/Jun/2023:10:19:13 +0800] "GET /xingrg/all/function/internal_message.html?_=1687745954828&CODE_STATE=getMsg HTTP/1.1" 200 27
101.83.145.52 - - [26/Jun/2023:10:19:13 +0800] "GET /xingrg/all/function/internal_message.html?_=1687745775399&CODE_STATE=getMsg HTTP/1.1" 200 27
61.170.233.201 - - [26/Jun/2023:10:19:18 +0800] "GET /xingrg/login.html HTTP/1.1" 200 7641
58.40.7.146 - - [26/Jun/2023:10:19:18 +0800] "GET /xingrg/check_reg.html?_=1687745958710 HTTP/1.1" 200 22
114.83.221.127 - - [26/Jun/2023:10:19:22 +0800] "GET /xingrg/all/function/internal_message.html?_=1687745962296&CODE_STATE=getMsg HTTP/1.1" 200 27
61.170.233.201 - - [26/Jun/2023:10:19:22 +0800] "GET /favicon.ico HTTP/1.1" 404 -
222.67.234.146 - - [26/Jun/2023:10:19:25 +0800] "POST /xingrg/kc/buy/cgsh_order_operate.html HTTP/1.1" 200 12
222.70.180.90 - - [26/Jun/2023:10:19:26 +0800] "GET /xingrg/all/function/internal_message.html?_=1687745965811&CODE_STATE=getMsg HTTP/1.1" 200 27
58.40.7.146 - - [26/Jun/2023:10:19:27 +0800] "GET /xingrg/all/function/internal_message.html?_=1687745967476&CODE_STATE=getMsg HTTP/1.1" 200 27
116.238.191.126 - - [26/Jun/2023:10:19:28 +0800] "GET /xingrg/check_reg.html?_=1687745967395 HTTP/1.1" 200 22
116.238.191.126 - - [26/Jun/2023:10:19:28 +0800] "GET /xingrg/all/function/internal_message.html?_=1687745967399&CODE_STATE=getMsg HTTP/1.1" 200 27
114.85.113.108 - - [26/Jun/2023:10:19:28 +0800] "GET /xingrg/all/function/internal_message.html?_=1687745968487&CODE_STATE=getMsg HTTP/1.1" 200 27
222.67.234.146 - - [26/Jun/2023:10:19:29 +0800] "GET /xingrg/kc/buy/cgsh_order_info.html?code=212023062609517 HTTP/1.1" 200 66487
222.67.234.146 - - [26/Jun/2023:10:19:30 +0800] "GET /xingrg/javascript/easyui/themes/default/validatebox.css HTTP/1.1" 404 1104
222.67.234.146 - - [26/Jun/2023:10:19:31 +0800] "POST /xingrg/kc/buy/cgsh_order_operate.html HTTP/1.1" 200 1781
180.169.147.146 - - [26/Jun/2023:10:19:32 +0800] "GET /xingrg/all/function/internal_message.html?_=1687745968763&CODE_STATE=getMsg HTTP/1.1" 200 27
120.253.135.82 - - [26/Jun/2023:10:19:32 +0800] "GET /xingrg/all/function/internal_message.html?_=1687745803954&CODE_STATE=getMsg HTTP/1.1" 200 27
222.67.234.146 - - [26/Jun/2023:10:19:33 +0800] "GET /xingrg/kc/print/load_data.html?order_code=212023062609517&kc_code=cgsh&condition= HTTP/1.1" 200 1222
222.67.234.146 - - [26/Jun/2023:10:19:38 +0800] "GET /xingrg/kc/buy/cgsh_order_add.html HTTP/1.1" 200 71578
222.67.234.146 - - [26/Jun/2023:10:19:39 +0800] "POST /xingrg/kc/buy/cgsh_order_operate.html HTTP/1.1" 200 8245
222.67.234.146 - - [26/Jun/2023:10:19:39 +0800] "GET /xingrg/javascript/easyui/themes/default/validatebox.css HTTP/1.1" 404 1104
61.170.233.201 - - [26/Jun/2023:10:19:39 +0800] "POST /xingrg/login.do HTTP/1.1" 302 -
61.170.233.201 - - [26/Jun/2023:10:19:40 +0800] "POST /xingrg/login.do HTTP/1.1" 302 -
61.170.233.201 - - [26/Jun/2023:10:19:40 +0800] "GET /xingrg/index.html?sysBaseUrl=http%3A%2F%2F180.169.147.146%3A18081%2Fxingrg%2F&costTime=2993×tamp=1687745979726 HTTP/1.1" 200 17173
222.67.234.146 - - [26/Jun/2023:10:19:40 +0800] "GET /xingrg/all/function/internal_message.html?_=1687745470192&CODE_STATE=getMsg HTTP/1.1" 200 27
116.232.195.127 - - [26/Jun/2023:10:19:41 +0800] "GET /xingrg/all/function/internal_message.html?_=1687745970139&CODE_STATE=getMsg HTTP/1.1" 200 27
61.170.233.201 - - [26/Jun/2023:10:19:41 +0800] "POST /xingrg/login.do HTTP/1.1" 302 -
61.170.233.201 - - [26/Jun/2023:10:19:42 +0800] "GET /xingrg/index.html?sysBaseUrl=http%3A%2F%2F180.169.147.146%3A18081%2Fxingrg%2F&costTime=1528×tamp=1687745981864 HTTP/1.1" 200 17173
180.156.213.241 - - [26/Jun/2023:10:19:44 +0800] "GET /xingrg/all/function/internal_message.html?_=1687745984000&CODE_STATE=getMsg HTTP/1.1" 200 27
61.170.233.201 - - [26/Jun/2023:10:19:44 +0800] "GET /favicon.ico HTTP/1.1" 404 -
116.238.191.126 - - [26/Jun/2023:10:19:45 +0800] "GET /xingrg/all/function/internal_message.html?_=1687745907398&CODE_STATE=getMsg HTTP/1.1" 200 27
61.170.233.201 - - [26/Jun/2023:10:19:45 +0800] "POST /xingrg/all/common/load_tree.html?tree=area_rest_tree_json&manage=1 HTTP/1.1" 200 342
61.170.233.201 - - [26/Jun/2023:10:19:47 +0800] "GET /xingrg/check_reg.html?_=1687745986923 HTTP/1.1" 200 22
61.170.233.201 - - [26/Jun/2023:10:19:47 +0800] "GET /xingrg/all/function/internal_message.html?_=1687745986921&CODE_STATE=count HTTP/1.1" 200 11
61.170.233.201 - - [26/Jun/2023:10:19:48 +0800] "POST /xingrg/load_menu.html HTTP/1.1" 200 5138
222.67.234.146 - - [26/Jun/2023:10:19:50 +0800] "GET /xingrg/kc/buy/cgsh_order_operate.html?command=get_materiel&rest_code=00141&code=00101018011&supplier_code=00100012&order_time=2023-06-26 HTTP/1.1" 200 413
61.170.233.201 - - [26/Jun/2023:10:19:51 +0800] "GET /xingrg/kc/buy/buy_main.html HTTP/1.1" 200 12412
61.170.233.201 - - [26/Jun/2023:10:19:51 +0800] "GET /xingrg/css/new_ie.css HTTP/1.1" 404 1036
61.170.233.201 - - [26/Jun/2023:10:19:54 +0800] "GET /xingrg/images/yd/bt.gif HTTP/1.1" 404 1040
61.170.233.201 - - [26/Jun/2023:10:19:55 +0800] "GET /xingrg/kc/buy/cgsh_order_list.html HTTP/1.1" 200 55796
61.170.233.201 - - [26/Jun/2023:10:20:01 +0800] "POST /xingrg/kc/buy/cgsh_list_operate.html HTTP/1.1" 200 986
222.67.234.146 - - [26/Jun/2023:10:20:01 +0800] "GET /xingrg/kc/buy/cgsh_order_operate.html?command=get_materiel&rest_code=00141&code=00101018007&supplier_code=00100012&order_time=2023-06-26 HTTP/1.1" 200 409
114.83.221.127 - - [26/Jun/2023:10:20:03 +0800] "GET /xingrg/all/function/internal_message.html?_=1687746003750&CODE_STATE=getMsg HTTP/1.1" 200 27
180.169.147.146 - - [26/Jun/2023:10:20:04 +0800] "GET /xingrg/check_reg.html?_=1687746005014 HTTP/1.1" 200 22
222.70.114.12 - - [26/Jun/2023:10:20:09 +0800] "GET /xingrg/all/function/internal_message.html?_=1687746010203&CODE_STATE=getMsg HTTP/1.1" 302 -
222.67.234.146 - - [26/Jun/2023:10:20:12 +0800] "GET /xingrg/kc/buy/cgsh_order_operate.html?command=get_materiel&rest_code=00141&code=00101006293&supplier_code=00100012&order_time=2023-06-26 HTTP/1.1" 200 432
124.77.245.69 - - [26/Jun/2023:10:20:13 +0800] "GET /xingrg/all/function/internal_message.html?_=1687746014841&CODE_STATE=getMsg HTTP/1.1" 200 27
101.83.145.52 - - [26/Jun/2023:10:20:13 +0800] "GET /xingrg/all/function/internal_message.html?_=1687745835388&CODE_STATE=getMsg HTTP/1.1" 200 27
61.170.233.201 - - [26/Jun/2023:10:20:14 +0800] "GET /xingrg/kc/buy/cgsh_order_add.html HTTP/1.1" 200 71578
61.170.233.201 - - [26/Jun/2023:10:20:15 +0800] "GET /xingrg/words/20230625130449_words.js HTTP/1.1" 304 -
61.170.233.201 - - [26/Jun/2023:10:20:15 +0800] "POST /xingrg/kc/buy/cgsh_order_operate.html HTTP/1.1" 200 8245
61.170.233.201 - - [26/Jun/2023:10:20:15 +0800] "GET /xingrg/javascript/easyui/themes/default/validatebox.css HTTP/1.1" 404 1104
61.170.233.201 - - [26/Jun/2023:10:20:15 +0800] "GET /xingrg/all/common/auto_word.html?type=employee&rest_code=00106 HTTP/1.1" 200 205
61.170.233.201 - - [26/Jun/2023:10:20:15 +0800] "GET /xingrg/all/common/auto_word.html?type=employee&rest_code=00106 HTTP/1.1" 200 205
61.170.233.201 - - [26/Jun/2023:10:20:17 +0800] "GET /xingrg/javascript/easyui/themes/default/tree.css HTTP/1.1" 404 1090
61.170.233.201 - - [26/Jun/2023:10:20:18 +0800] "POST /xingrg/all/common/load_tree.html?tree=supplier_tree_json&isDelete=1 HTTP/1.1" 200 74442
61.170.233.201 - - [26/Jun/2023:10:20:21 +0800] "POST /xingrg/services/DataTransmitService HTTP/1.1" 200 524
114.83.221.127 - - [26/Jun/2023:10:20:22 +0800] "GET /xingrg/all/function/internal_message.html?_=1687746022312&CODE_STATE=getMsg HTTP/1.1" 200 27
61.170.233.201 - - [26/Jun/2023:10:20:22 +0800] "POST /xingrg/services/DataTransmitService HTTP/1.1" 200 412
222.70.180.90 - - [26/Jun/2023:10:20:26 +0800] "GET /xingrg/all/function/internal_message.html?_=1687746025826&CODE_STATE=getMsg HTTP/1.1" 200 27
222.70.180.90 - - [26/Jun/2023:10:20:26 +0800] "GET /xingrg/check_reg.html?_=1687746025827 HTTP/1.1" 200 22
58.40.7.146 - - [26/Jun/2023:10:20:27 +0800] "GET /xingrg/all/function/internal_message.html?_=1687746027463&CODE_STATE=getMsg HTTP/1.1" 200 27
116.238.191.126 - - [26/Jun/2023:10:20:28 +0800] "GET /xingrg/all/function/internal_message.html?_=1687746027384&CODE_STATE=getMsg HTTP/1.1" 200 27
114.85.113.108 - - [26/Jun/2023:10:20:28 +0800] "GET /xingrg/all/function/internal_message.html?_=1687746028479&CODE_STATE=getMsg HTTP/1.1" 200 27
222.67.234.146 - - [26/Jun/2023:10:20:29 +0800] "GET /xingrg/kc/buy/cgsh_order_operate.html?command=get_materiel&rest_code=00141&code=00101007043&supplier_code=00100012&order_time=2023-06-26 HTTP/1.1" 200 408
180.169.147.146 - - [26/Jun/2023:10:20:32 +0800] "GET /xingrg/all/function/internal_message.html?_=1687746028751&CODE_STATE=getMsg HTTP/1.1" 200 27
120.253.135.82 - - [26/Jun/2023:10:20:32 +0800] "GET /xingrg/all/function/internal_message.html?_=1687745864059&CODE_STATE=getMsg HTTP/1.1" 200 27
222.67.234.146 - - [26/Jun/2023:10:20:40 +0800] "GET /xingrg/all/function/internal_message.html?_=1687745530211&CODE_STATE=getMsg HTTP/1.1" 200 27
222.67.234.146 - - [26/Jun/2023:10:20:40 +0800] "GET /xingrg/kc/buy/cgsh_order_operate.html?command=get_materiel&rest_code=00141&code=00101006111&supplier_code=00100012&order_time=2023-06-26 HTTP/1.1" 200 409
116.232.195.127 - - [26/Jun/2023:10:20:41 +0800] "GET /xingrg/all/function/internal_message.html?_=1687746030138&CODE_STATE=getMsg HTTP/1.1" 200 27
180.156.213.241 - - [26/Jun/2023:10:20:44 +0800] "GET /xingrg/all/function/internal_message.html?_=1687746043985&CODE_STATE=getMsg HTTP/1.1" 200 27
116.238.191.126 - - [26/Jun/2023:10:20:45 +0800] "GET /xingrg/all/function/internal_message.html?_=1687745967412&CODE_STATE=getMsg HTTP/1.1" 200 27
180.163.28.114 - - [26/Jun/2023:10:20:47 +0800] "GET /xingrg/all/function/internal_message.html?_=1687745986921&CODE_STATE=count HTTP/1.1" 302 -
180.163.28.114 - - [26/Jun/2023:10:20:47 +0800] "GET /xingrg/login.html HTTP/1.1" 200 7641
180.163.30.100 - - [26/Jun/2023:10:20:47 +0800] "GET /xingrg/check_reg.html?_=1687745986923 HTTP/1.1" 302 -
180.163.30.100 - - [26/Jun/2023:10:20:47 +0800] "GET /xingrg/login.html HTTP/1.1" 200 7641
61.170.233.201 - - [26/Jun/2023:10:20:47 +0800] "GET /xingrg/all/function/internal_message.html?_=1687746046933&CODE_STATE=getMsg HTTP/1.1" 200 27
42.236.10.125 - - [26/Jun/2023:10:20:50 +0800] "GET /xingrg/index.html HTTP/1.1" 302 -
42.236.10.125 - - [26/Jun/2023:10:20:50 +0800] "GET /xingrg/index.html HTTP/1.1" 302 -
42.236.10.125 - - [26/Jun/2023:10:20:51 +0800] "GET /xingrg/login.html HTTP/1.1" 200 2139
42.236.10.125 - - [26/Jun/2023:10:20:52 +0800] "GET /xingrg/javascript/mobile/jquery.mobile-1.3.2.min.css HTTP/1.1" 200 94670
42.236.10.114 - - [26/Jun/2023:10:20:52 +0800] "GET /xingrg/javascript/mobile/jquery.mobile-1.3.2.min.js HTTP/1.1" 200 145396
42.236.10.117 - - [26/Jun/2023:10:20:52 +0800] "GET /xingrg/javascript/mobile/jquery-1.8.3.min.js HTTP/1.1" 200 93637
42.236.10.114 - - [26/Jun/2023:10:20:53 +0800] "GET /xingrg/javascript/mobile/images/ajax-loader.gif HTTP/1.1" 200 7825
180.163.29.79 - - [26/Jun/2023:10:20:54 +0800] "GET /xingrg/kc/buy/cgsh_order_list.html HTTP/1.1" 302 -
180.163.29.79 - - [26/Jun/2023:10:20:54 +0800] "GET /xingrg/login.html HTTP/1.1" 200 7641
222.67.234.146 - - [26/Jun/2023:10:20:56 +0800] "POST /xingrg/kc/buy/cgsh_order_operate.html HTTP/1.1" 200 37
124.77.245.69 - - [26/Jun/2023:10:20:59 +0800] "GET /xingrg/kc/base/wldb_order_add.html HTTP/1.1" 200 30387
124.77.245.69 - - [26/Jun/2023:10:20:59 +0800] "GET /xingrg/javascript/easyui/themes/default/easyui.css HTTP/1.1" 304 -
124.77.245.69 - - [26/Jun/2023:10:20:59 +0800] "GET /xingrg/css/base.css HTTP/1.1" 304 -
124.77.245.69 - - [26/Jun/2023:10:20:59 +0800] "GET /xingrg/css/site.css HTTP/1.1" 304 -
124.77.245.69 - - [26/Jun/2023:10:20:59 +0800] "GET /xingrg/javascript/jquery_tools/datebox.css HTTP/1.1" 304 -
124.77.245.69 - - [26/Jun/2023:10:20:59 +0800] "GET /xingrg/javascript/pic_change.js HTTP/1.1" 304 -
124.77.245.69 - - [26/Jun/2023:10:20:59 +0800] "GET /xingrg/javascript/jquery_tools/jquery.tools.extend.js HTTP/1.1" 304 -
124.77.245.69 - - [26/Jun/2023:10:20:59 +0800] "GET /xingrg/javascript/jquery_tools/jquery.tools.min.js HTTP/1.1" 304 -
124.77.245.69 - - [26/Jun/2023:10:20:59 +0800] "GET /xingrg/javascript/auto/jquery.autocomplete.js HTTP/1.1" 304 -
124.77.245.69 - - [26/Jun/2023:10:20:59 +0800] "GET /xingrg/javascript/jquery_tools/table.css HTTP/1.1" 304 -
124.77.245.69 - - [26/Jun/2023:10:20:59 +0800] "GET /xingrg/javascript/easyui/themes/icon.css HTTP/1.1" 304 -
124.77.245.69 - - [26/Jun/2023:10:20:59 +0800] "GET /xingrg/javascript/auto/jquery.autocomplete.css HTTP/1.1" 304 -
124.77.245.69 - - [26/Jun/2023:10:20:59 +0800] "GET /xingrg/javascript/jquery_tools/fix.css HTTP/1.1" 304 -
124.77.245.69 - - [26/Jun/2023:10:20:59 +0800] "GET /xingrg/javascript/jquery_tools/jquery.tools.hotkey.js HTTP/1.1" 304 -
124.77.245.69 - - [26/Jun/2023:10:20:59 +0800] "GET /xingrg/javascript/jquery.utils.js HTTP/1.1" 304 -
124.77.245.69 - - [26/Jun/2023:10:20:59 +0800] "GET /xingrg/javascript/jquery_tools/jquery.tools.table.js HTTP/1.1" 304 -
124.77.245.69 - - [26/Jun/2023:10:20:59 +0800] "GET /xingrg/javascript/print/kc_print.js HTTP/1.1" 304 -
124.77.245.69 - - [26/Jun/2023:10:20:59 +0800] "GET /xingrg/javascript/print/LodopFuncs.js HTTP/1.1" 304 -
124.77.245.69 - - [26/Jun/2023:10:20:59 +0800] "GET /xingrg/javascript/easyui/easyloader.js HTTP/1.1" 304 -
124.77.245.69 - - [26/Jun/2023:10:20:59 +0800] "GET /xingrg/words/20230625130449_words.js HTTP/1.1" 304 -
124.77.245.69 - - [26/Jun/2023:10:21:00 +0800] "GET /xingrg/javascript/easyui/plugins/jquery.parser.js HTTP/1.1" 304 -
124.77.245.69 - - [26/Jun/2023:10:21:00 +0800] "POST /xingrg/kc/base/wldb_order_operate.html HTTP/1.1" 200 6806
124.77.245.69 - - [26/Jun/2023:10:21:00 +0800] "GET /xingrg/javascript/easyui/themes/default/validatebox.css HTTP/1.1" 404 1104
114.83.221.127 - - [26/Jun/2023:10:21:03 +0800] "GET /xingrg/all/function/internal_message.html?_=1687746063723&CODE_STATE=getMsg HTTP/1.1" 200 27
42.236.10.78 - - [26/Jun/2023:10:21:03 +0800] "GET / HTTP/1.1" 404 -
42.236.10.78 - - [26/Jun/2023:10:21:04 +0800] "GET / HTTP/1.1" 404 -
222.67.234.146 - - [26/Jun/2023:10:21:08 +0800] "POST /xingrg/kc/buy/cgsh_order_operate.html HTTP/1.1" 200 12
222.70.114.12 - - [26/Jun/2023:10:21:09 +0800] "GET /xingrg/all/function/internal_message.html?_=1687746070209&CODE_STATE=getMsg HTTP/1.1" 302 -
222.67.234.146 - - [26/Jun/2023:10:21:11 +0800] "GET /xingrg/kc/buy/cgsh_order_info.html?code=212023062609518 HTTP/1.1" 200 66487
222.67.234.146 - - [26/Jun/2023:10:21:11 +0800] "GET /xingrg/javascript/easyui/themes/default/validatebox.css HTTP/1.1" 404 1104
222.67.234.146 - - [26/Jun/2023:10:21:12 +0800] "POST /xingrg/kc/buy/cgsh_order_operate.html HTTP/1.1" 200 2985
124.77.245.69 - - [26/Jun/2023:10:21:13 +0800] "GET /xingrg/all/function/internal_message.html?_=1687746074855&CODE_STATE=getMsg HTTP/1.1" 200 27
101.83.145.52 - - [26/Jun/2023:10:21:13 +0800] "GET /xingrg/check_reg.html?_=1687745895390 HTTP/1.1" 200 22
101.83.145.52 - - [26/Jun/2023:10:21:13 +0800] "GET /xingrg/all/function/internal_message.html?_=1687745895394&CODE_STATE=getMsg HTTP/1.1" 200 27
222.67.234.146 - - [26/Jun/2023:10:21:15 +0800] "GET /xingrg/kc/print/load_data.html?order_code=212023062609518&kc_code=cgsh&condition= HTTP/1.1" 200 1712
180.163.29.219 - - [26/Jun/2023:10:21:15 +0800] "GET /xingrg/all/common/auto_word.html?type=employee&rest_code=00106 HTTP/1.1" 302 -
180.163.29.219 - - [26/Jun/2023:10:21:15 +0800] "GET /xingrg/login.html HTTP/1.1" 200 7641
124.77.245.69 - - [26/Jun/2023:10:21:19 +0800] "GET /xingrg/kc/buy/cgsh_order_list.html HTTP/1.1" 200 55802
124.77.245.69 - - [26/Jun/2023:10:21:19 +0800] "GET /xingrg/javascript/jquery_tools/list_manager.js HTTP/1.1" 304 -
124.77.245.69 - - [26/Jun/2023:10:21:19 +0800] "GET /xingrg/javascript/jquery.cookie.js HTTP/1.1" 304 -
222.67.234.146 - - [26/Jun/2023:10:21:19 +0800] "GET /xingrg/kc/buy/cgsh_order_add.html HTTP/1.1" 200 71578
222.67.234.146 - - [26/Jun/2023:10:21:19 +0800] "POST /xingrg/kc/buy/cgsh_order_operate.html HTTP/1.1" 200 8245
222.67.234.146 - - [26/Jun/2023:10:21:19 +0800] "GET /xingrg/javascript/easyui/themes/default/validatebox.css HTTP/1.1" 404 1104
114.83.221.127 - - [26/Jun/2023:10:21:22 +0800] "GET /xingrg/all/function/internal_message.html?_=1687746082296&CODE_STATE=getMsg HTTP/1.1" 200 27
124.77.245.69 - - [26/Jun/2023:10:21:23 +0800] "POST /xingrg/kc/buy/cgsh_list_operate.html HTTP/1.1" 200 986
222.70.180.90 - - [26/Jun/2023:10:21:26 +0800] "GET /xingrg/all/function/internal_message.html?_=1687746085825&CODE_STATE=getMsg HTTP/1.1" 200 27
58.40.7.146 - - [26/Jun/2023:10:21:27 +0800] "GET /xingrg/all/function/internal_message.html?_=1687746087435&CODE_STATE=getMsg HTTP/1.1" 200 27
116.238.191.126 - - [26/Jun/2023:10:21:28 +0800] "GET /xingrg/all/function/internal_message.html?_=1687746087385&CODE_STATE=getMsg HTTP/1.1" 200 27
114.85.113.108 - - [26/Jun/2023:10:21:28 +0800] "GET /xingrg/all/function/internal_message.html?_=1687746088448&CODE_STATE=getMsg HTTP/1.1" 200 27
222.67.234.146 - - [26/Jun/2023:10:21:30 +0800] "GET /xingrg/kc/buy/cgsh_order_operate.html?command=get_materiel&rest_code=00141&code=00101010092&supplier_code=00100036&order_time=2023-06-26 HTTP/1.1" 200 450
180.169.147.146 - - [26/Jun/2023:10:21:32 +0800] "GET /xingrg/all/function/internal_message.html?_=1687746088764&CODE_STATE=getMsg HTTP/1.1" 200 27
120.253.135.82 - - [26/Jun/2023:10:21:32 +0800] "GET /xingrg/all/function/internal_message.html?_=1687745924060&CODE_STATE=getMsg HTTP/1.1" 200 27
124.77.245.69 - - [26/Jun/2023:10:21:33 +0800] "GET /xingrg/kc/buy/cgsh_order_add.html HTTP/1.1" 200 71578
124.77.245.69 - - [26/Jun/2023:10:21:33 +0800] "POST /xingrg/kc/buy/cgsh_order_operate.html HTTP/1.1" 200 8245
124.77.245.69 - - [26/Jun/2023:10:21:33 +0800] "GET /xingrg/javascript/easyui/themes/default/validatebox.css HTTP/1.1" 404 1104
124.77.245.69 - - [26/Jun/2023:10:21:33 +0800] "GET /xingrg/all/common/auto_word.html?type=employee&rest_code=00146 HTTP/1.1" 200 101
124.77.245.69 - - [26/Jun/2023:10:21:34 +0800] "GET /xingrg/all/common/auto_word.html?type=employee&rest_code=00146 HTTP/1.1" 200 101
222.67.234.146 - - [26/Jun/2023:10:21:40 +0800] "GET /xingrg/all/function/internal_message.html?_=1687745590218&CODE_STATE=getMsg HTTP/1.1" 200 27
222.67.234.146 - - [26/Jun/2023:10:21:40 +0800] "GET /xingrg/check_reg.html?_=1687745590220 HTTP/1.1" 200 22
116.232.195.127 - - [26/Jun/2023:10:21:41 +0800] "GET /xingrg/all/function/internal_message.html?_=1687746090137&CODE_STATE=getMsg HTTP/1.1" 200 27
180.156.213.241 - - [26/Jun/2023:10:21:44 +0800] "GET /xingrg/all/function/internal_message.html?_=1687746103966&CODE_STATE=getMsg HTTP/1.1" 200 27
116.238.191.126 - - [26/Jun/2023:10:21:45 +0800] "GET /xingrg/all/function/internal_message.html?_=1687746027430&CODE_STATE=getMsg HTTP/1.1" 200 27
222.67.234.146 - - [26/Jun/2023:10:21:45 +0800] "GET /xingrg/kc/buy/cgsh_order_operate.html?command=get_materiel&rest_code=00141&code=00101016025&supplier_code=00100036&order_time=2023-06-26 HTTP/1.1" 200 408
180.163.29.79 - - [26/Jun/2023:10:21:47 +0800] "GET /xingrg/all/function/internal_message.html?_=1687746046933&CODE_STATE=getMsg HTTP/1.1" 302 -
180.163.29.79 - - [26/Jun/2023:10:21:47 +0800] "GET /xingrg/login.html HTTP/1.1" 200 7641
61.170.233.201 - - [26/Jun/2023:10:21:47 +0800] "GET /xingrg/all/function/internal_message.html?_=1687746106925&CODE_STATE=getMsg HTTP/1.1" 200 27
222.67.234.146 - - [26/Jun/2023:10:21:57 +0800] "GET /xingrg/kc/buy/cgsh_order_operate.html?command=get_materiel&rest_code=00141&code=00101016010&supplier_code=00100036&order_time=2023-06-26 HTTP/1.1" 200 408
124.77.245.69 - - [26/Jun/2023:10:21:58 +0800] "GET /xingrg/kc/buy/cgsh_order_operate.html?command=get_materiel&rest_code=00146&code=00101008502&supplier_code=00100005&order_time=2023-06-26 HTTP/1.1" 200 412
114.83.221.127 - - [26/Jun/2023:10:22:03 +0800] "GET /xingrg/all/function/internal_message.html?_=1687746123707&CODE_STATE=getMsg HTTP/1.1" 200 27
114.83.221.127 - - [26/Jun/2023:10:22:04 +0800] "GET /xingrg/check_reg.html?_=1687746124571 HTTP/1.1" 200 22
101.83.145.52 - - [26/Jun/2023:10:22:04 +0800] "POST /xingrg/kc/base/wldb_list_operate.html HTTP/1.1" 200 199
101.83.145.52 - - [26/Jun/2023:10:22:06 +0800] "GET /xingrg/kc/base/wldb_order_info.html?code=422023062602189 HTTP/1.1" 200 30391
101.83.145.52 - - [26/Jun/2023:10:22:06 +0800] "GET /xingrg/javascript/easyui/themes/default/validatebox.css HTTP/1.1" 404 1104
101.83.145.52 - - [26/Jun/2023:10:22:07 +0800] "POST /xingrg/kc/base/wldb_order_operate.html HTTP/1.1" 200 2179
222.67.234.146 - - [26/Jun/2023:10:22:07 +0800] "GET /xingrg/kc/buy/cgsh_order_operate.html?command=get_materiel&rest_code=00141&code=00101011005&supplier_code=00100036&order_time=2023-06-26 HTTP/1.1" 200 429
222.70.114.12 - - [26/Jun/2023:10:22:09 +0800] "GET /xingrg/all/function/internal_message.html?_=1687746130198&CODE_STATE=getMsg HTTP/1.1" 302 -
124.77.245.69 - - [26/Jun/2023:10:22:13 +0800] "GET /xingrg/all/function/internal_message.html?_=1687746134869&CODE_STATE=getMsg HTTP/1.1" 200 27
101.83.145.52 - - [26/Jun/2023:10:22:13 +0800] "GET /xingrg/all/function/internal_message.html?_=1687745955399&CODE_STATE=getMsg HTTP/1.1" 200 27
222.67.234.146 - - [26/Jun/2023:10:22:15 +0800] "GET /xingrg/kc/buy/cgsh_order_operate.html?command=get_materiel&rest_code=00141&code=00101012051&supplier_code=00100036&order_time=2023-06-26 HTTP/1.1" 200 408
101.83.145.52 - - [26/Jun/2023:10:22:16 +0800] "GET /xingrg/javascript/auto/indicator.gif HTTP/1.1" 404 1066
124.77.245.69 - - [26/Jun/2023:10:22:17 +0800] "GET /xingrg/kc/buy/cgsh_order_operate.html?command=get_materiel&rest_code=00146&code=00101008004&supplier_code=00100005&order_time=2023-06-26 HTTP/1.1" 200 416
