222.70.114.12 - - [26/Jun/2023:11:15:01 +0800] "POST /xingrg/kc/mdqp/pssh_list_operate.html HTTP/1.1" 200 5282
116.232.195.127 - - [26/Jun/2023:11:15:01 +0800] "POST /xingrg/kc/buy/cgsh_order_operate.html HTTP/1.1" 200 37
114.83.221.127 - - [26/Jun/2023:11:15:02 +0800] "GET /xingrg/all/function/internal_message.html?_=1687749302656&CODE_STATE=getMsg HTTP/1.1" 200 27
222.70.114.12 - - [26/Jun/2023:11:15:03 +0800] "POST /xingrg/kc/mdqp/pssh_list_operate.html HTTP/1.1" 200 264
180.169.147.146 - - [26/Jun/2023:11:15:04 +0800] "GET /xingrg/check_reg.html?_=1687749304822 HTTP/1.1" 200 22
116.232.195.127 - - [26/Jun/2023:11:15:04 +0800] "POST /xingrg/kc/buy/cgsh_order_operate.html HTTP/1.1" 200 2672
101.83.145.52 - - [26/Jun/2023:11:15:05 +0800] "GET /xingrg/kc/buy/cgsh_order_operate.html?command=get_materiel&rest_code=00105&code=00101010063&supplier_code=00100323&order_time=2023-06-26 HTTP/1.1" 200 409
222.67.234.146 - - [26/Jun/2023:11:15:06 +0800] "GET /xingrg/kc/buy/cgsh_order_operate.html?command=get_materiel&rest_code=00141&code=00101002007&supplier_code=00100442&order_time=2023-06-26 HTTP/1.1" 200 409
222.70.114.12 - - [26/Jun/2023:11:15:06 +0800] "POST /xingrg/kc/mdqp/pssh_list_operate.html HTTP/1.1" 200 268
114.83.221.127 - - [26/Jun/2023:11:15:07 +0800] "POST /xingrg/kc/base/wldb_order_operate.html HTTP/1.1" 200 37
114.83.221.127 - - [26/Jun/2023:11:15:08 +0800] "POST /xingrg/kc/base/wldb_order_operate.html HTTP/1.1" 200 4743
114.83.221.127 - - [26/Jun/2023:11:15:08 +0800] "GET /xingrg/kc/base/wldb_order_info.html?code=422023062602210 HTTP/1.1" 200 30401
114.83.221.127 - - [26/Jun/2023:11:15:08 +0800] "GET /xingrg/javascript/easyui/themes/default/validatebox.css HTTP/1.1" 404 1104
114.83.221.127 - - [26/Jun/2023:11:15:10 +0800] "POST /xingrg/kc/base/wldb_order_operate.html HTTP/1.1" 200 4743
222.70.114.12 - - [26/Jun/2023:11:15:10 +0800] "POST /xingrg/kc/mdqp/pssh_list_operate.html HTTP/1.1" 200 784
116.232.195.127 - - [26/Jun/2023:11:15:11 +0800] "GET /xingrg/kc/print/load_data.html?order_code=212023062609557&kc_code=cgsh&condition= HTTP/1.1" 200 704
114.83.221.127 - - [26/Jun/2023:11:15:11 +0800] "GET /xingrg/kc/base/wldb_order_add.html HTTP/1.1" 200 30387
114.83.221.127 - - [26/Jun/2023:11:15:12 +0800] "POST /xingrg/kc/base/wldb_order_operate.html HTTP/1.1" 200 6806
114.83.221.127 - - [26/Jun/2023:11:15:12 +0800] "GET /xingrg/javascript/easyui/themes/default/validatebox.css HTTP/1.1" 404 1104
101.83.145.52 - - [26/Jun/2023:11:15:13 +0800] "GET /xingrg/all/function/internal_message.html?_=1687749135411&CODE_STATE=getMsg HTTP/1.1" 200 27
120.253.135.82 - - [26/Jun/2023:11:15:16 +0800] "GET /xingrg/kc/pszx/mdps_order_info.html?code=312023062600516 HTTP/1.1" 200 19636
222.70.114.12 - - [26/Jun/2023:11:15:17 +0800] "GET /xingrg/kc/mdqp/pssh_order_info.html?code=312023062500476 HTTP/1.1" 200 17303
222.70.114.12 - - [26/Jun/2023:11:15:17 +0800] "GET /xingrg/javascript/jquery_tools/jquery-1.4.2.min.js HTTP/1.1" 404 1094
222.70.114.12 - - [26/Jun/2023:11:15:17 +0800] "GET /xingrg/words/20230625130449_words.js HTTP/1.1" 200 970677
120.253.135.82 - - [26/Jun/2023:11:15:17 +0800] "GET /xingrg/javascript/easyui/themes/default/validatebox.css HTTP/1.1" 404 1104
222.70.114.12 - - [26/Jun/2023:11:15:17 +0800] "GET /xingrg/javascript/easyui/themes/default/validatebox.css HTTP/1.1" 404 1104
222.70.114.12 - - [26/Jun/2023:11:15:17 +0800] "GET /xingrg/all/common/auto_word.html?type=base&rest_code=00156&rest_code=00156 HTTP/1.1" 200 1903
222.70.114.12 - - [26/Jun/2023:11:15:18 +0800] "GET /xingrg/all/common/auto_word.html?type=employee&rest_code=00156 HTTP/1.1" 200 97
120.253.135.82 - - [26/Jun/2023:11:15:18 +0800] "POST /xingrg/kc/pszx/mdps_order_operate.html HTTP/1.1" 200 1012
222.70.114.12 - - [26/Jun/2023:11:15:18 +0800] "POST /xingrg/kc/mdqp/pssh_order_operate.html HTTP/1.1" 200 9073
180.163.29.206 - - [26/Jun/2023:11:15:18 +0800] "GET /xingrg/all/function/internal_message.html?_=1687749258233&CODE_STATE=getMsg HTTP/1.1" 302 -
180.163.29.206 - - [26/Jun/2023:11:15:18 +0800] "GET /xingrg/login.html HTTP/1.1" 200 7641
61.170.233.201 - - [26/Jun/2023:11:15:18 +0800] "GET /xingrg/all/function/internal_message.html?_=1687749318210&CODE_STATE=getMsg HTTP/1.1" 200 27
114.83.221.127 - - [26/Jun/2023:11:15:19 +0800] "GET /xingrg/kc/base/wldb_order_operate.html?command=get_materiel&rest_code=00149&base_code=0010436&code=00101014041 HTTP/1.1" 200 434
222.67.234.146 - - [26/Jun/2023:11:15:19 +0800] "POST /xingrg/kc/buy/cgsh_order_operate.html HTTP/1.1" 200 37
120.253.135.82 - - [26/Jun/2023:11:15:22 +0800] "POST /xingrg/kc/pszx/mdps_list_operate.html HTTP/1.1" 200 868
101.229.22.40 - - [26/Jun/2023:11:15:22 +0800] "GET /xingrg/all/function/internal_message.html?_=1687749322618&CODE_STATE=getMsg HTTP/1.1" 200 27
120.253.135.82 - - [26/Jun/2023:11:15:23 +0800] "GET /xingrg/all/function/internal_message.html?_=1687749154840&CODE_STATE=getMsg HTTP/1.1" 200 27
222.70.180.90 - - [26/Jun/2023:11:15:26 +0800] "GET /xingrg/all/function/internal_message.html?_=1687749325879&CODE_STATE=getMsg HTTP/1.1" 200 27
222.70.180.90 - - [26/Jun/2023:11:15:26 +0800] "GET /xingrg/check_reg.html?_=1687749325881 HTTP/1.1" 200 22
222.67.234.146 - - [26/Jun/2023:11:15:27 +0800] "POST /xingrg/kc/buy/cgsh_order_operate.html HTTP/1.1" 200 12
114.85.113.108 - - [26/Jun/2023:11:15:27 +0800] "GET /xingrg/all/function/internal_message.html?_=1687749327535&CODE_STATE=getMsg HTTP/1.1" 200 27
222.67.234.146 - - [26/Jun/2023:11:15:30 +0800] "GET /xingrg/kc/buy/cgsh_order_info.html?code=212023062609558 HTTP/1.1" 200 66489
222.67.234.146 - - [26/Jun/2023:11:15:30 +0800] "GET /xingrg/javascript/easyui/themes/default/validatebox.css HTTP/1.1" 404 1104
222.67.234.146 - - [26/Jun/2023:11:15:31 +0800] "POST /xingrg/kc/buy/cgsh_order_operate.html HTTP/1.1" 200 606
180.169.147.146 - - [26/Jun/2023:11:15:32 +0800] "GET /xingrg/all/function/internal_message.html?_=1687749328762&CODE_STATE=getMsg HTTP/1.1" 302 -
114.83.221.127 - - [26/Jun/2023:11:15:33 +0800] "POST /xingrg/kc/base/wldb_order_operate.html HTTP/1.1" 200 37
222.67.234.146 - - [26/Jun/2023:11:15:33 +0800] "GET /xingrg/kc/print/load_data.html?order_code=212023062609558&kc_code=cgsh&condition= HTTP/1.1" 200 710
114.83.221.127 - - [26/Jun/2023:11:15:33 +0800] "POST /xingrg/kc/base/wldb_order_operate.html HTTP/1.1" 200 2185
114.83.221.127 - - [26/Jun/2023:11:15:34 +0800] "GET /xingrg/kc/base/wldb_order_info.html?code=422023062602211 HTTP/1.1" 200 30401
114.83.221.127 - - [26/Jun/2023:11:15:34 +0800] "GET /xingrg/javascript/easyui/themes/default/validatebox.css HTTP/1.1" 404 1104
114.83.221.127 - - [26/Jun/2023:11:15:35 +0800] "POST /xingrg/kc/base/wldb_order_operate.html HTTP/1.1" 200 2185
222.67.234.146 - - [26/Jun/2023:11:15:38 +0800] "GET /xingrg/kc/buy/cgsh_order_add.html HTTP/1.1" 200 71578
222.67.234.146 - - [26/Jun/2023:11:15:38 +0800] "POST /xingrg/kc/buy/cgsh_order_operate.html HTTP/1.1" 200 8245
222.67.234.146 - - [26/Jun/2023:11:15:38 +0800] "GET /xingrg/javascript/easyui/themes/default/validatebox.css HTTP/1.1" 404 1104
114.83.221.127 - - [26/Jun/2023:11:15:38 +0800] "GET /xingrg/kc/base/wldb_order_add.html HTTP/1.1" 200 30387
124.77.245.69 - - [26/Jun/2023:11:15:38 +0800] "GET /xingrg/all/function/internal_message.html?_=1687749340369&CODE_STATE=getMsg HTTP/1.1" 200 27
114.83.221.127 - - [26/Jun/2023:11:15:38 +0800] "POST /xingrg/kc/base/wldb_order_operate.html HTTP/1.1" 200 6806
114.83.221.127 - - [26/Jun/2023:11:15:39 +0800] "GET /xingrg/javascript/easyui/themes/default/validatebox.css HTTP/1.1" 404 1104
222.67.234.146 - - [26/Jun/2023:11:15:39 +0800] "GET /xingrg/all/function/internal_message.html?_=1687748829172&CODE_STATE=getMsg HTTP/1.1" 200 27
116.232.195.127 - - [26/Jun/2023:11:15:41 +0800] "GET /xingrg/all/function/internal_message.html?_=1687749330257&CODE_STATE=getMsg HTTP/1.1" 200 27
180.156.213.241 - - [26/Jun/2023:11:15:43 +0800] "GET /xingrg/all/function/internal_message.html?_=1687749343142&CODE_STATE=getMsg HTTP/1.1" 200 27
222.70.114.12 - - [26/Jun/2023:11:15:45 +0800] "GET /xingrg/all/function/internal_message.html?_=1687749345689&CODE_STATE=getMsg HTTP/1.1" 200 27
116.238.191.126 - - [26/Jun/2023:11:15:46 +0800] "GET /xingrg/all/function/internal_message.html?_=1687749268159&CODE_STATE=getMsg HTTP/1.1" 200 27
222.67.234.146 - - [26/Jun/2023:11:15:46 +0800] "GET /xingrg/kc/buy/cgsh_order_operate.html?command=get_materiel&rest_code=00141&code=00101012046&supplier_code=00100487&order_time=2023-06-26 HTTP/1.1" 200 417
180.163.29.234 - - [26/Jun/2023:11:15:47 +0800] "GET /xingrg/check_reg.html?_=1687749286851 HTTP/1.1" 302 -
180.163.29.234 - - [26/Jun/2023:11:15:47 +0800] "GET /xingrg/login.html HTTP/1.1" 200 7641
180.156.213.241 - - [26/Jun/2023:11:15:47 +0800] "GET /xingrg/all/function/internal_message.html?_=1687749350104&CODE_STATE=getMsg HTTP/1.1" 200 27
101.83.145.52 - - [26/Jun/2023:11:15:47 +0800] "GET /xingrg/kc/buy/cgsh_order_operate.html?command=get_materiel&rest_code=00105&code=00101020115&supplier_code=00100323&order_time=2023-06-26 HTTP/1.1" 200 409
114.83.221.127 - - [26/Jun/2023:11:15:50 +0800] "GET /xingrg/kc/base/wldb_order_operate.html?command=get_materiel&rest_code=00149&base_code=0010394&code=00101019637 HTTP/1.1" 200 449
114.83.221.127 - - [26/Jun/2023:11:15:53 +0800] "GET /xingrg/kc/base/wldb_order_operate.html?command=get_materiel&rest_code=00149&base_code=0010394&code=00101019422 HTTP/1.1" 200 472
116.238.191.126 - - [26/Jun/2023:11:15:56 +0800] "GET /xingrg/check_reg.html?_=1687749355913 HTTP/1.1" 200 22
116.238.191.126 - - [26/Jun/2023:11:15:56 +0800] "GET /xingrg/all/function/internal_message.html?_=1687749355915&CODE_STATE=getMsg HTTP/1.1" 200 27
222.67.234.146 - - [26/Jun/2023:11:15:57 +0800] "GET /xingrg/kc/buy/cgsh_order_operate.html?command=get_materiel&rest_code=00141&code=00101012101&supplier_code=00100487&order_time=2023-06-26 HTTP/1.1" 200 418
114.83.221.127 - - [26/Jun/2023:11:16:00 +0800] "GET /xingrg/kc/base/wldb_order_operate.html?command=get_materiel&rest_code=00149&base_code=0010394&code=00101016029 HTTP/1.1" 200 461
114.83.221.127 - - [26/Jun/2023:11:16:02 +0800] "GET /xingrg/all/function/internal_message.html?_=1687749362630&CODE_STATE=getMsg HTTP/1.1" 200 27
222.67.234.146 - - [26/Jun/2023:11:16:07 +0800] "POST /xingrg/kc/buy/cgsh_order_operate.html HTTP/1.1" 200 37
222.70.114.12 - - [26/Jun/2023:11:16:09 +0800] "GET /xingrg/kc/mdqp/pssh_order_list.html?isBack=1 HTTP/1.1" 200 17926
222.70.114.12 - - [26/Jun/2023:11:16:09 +0800] "POST /xingrg/kc/mdqp/pssh_list_operate.html HTTP/1.1" 200 5282
222.70.114.12 - - [26/Jun/2023:11:16:11 +0800] "POST /xingrg/kc/mdqp/pssh_list_operate.html HTTP/1.1" 200 268
101.83.145.52 - - [26/Jun/2023:11:16:13 +0800] "GET /xingrg/all/function/internal_message.html?_=1687749195397&CODE_STATE=getMsg HTTP/1.1" 200 27
101.83.145.52 - - [26/Jun/2023:11:16:13 +0800] "GET /xingrg/check_reg.html?_=1687749195459 HTTP/1.1" 200 22
222.70.114.12 - - [26/Jun/2023:11:16:14 +0800] "POST /xingrg/kc/mdqp/pssh_list_operate.html HTTP/1.1" 200 759
222.70.180.90 - - [26/Jun/2023:11:16:14 +0800] "GET /xingrg/kc/mdqp/pssh_order_list.html HTTP/1.1" 200 17806
222.70.180.90 - - [26/Jun/2023:11:16:15 +0800] "POST /xingrg/kc/mdqp/pssh_list_operate.html HTTP/1.1" 200 5318
114.83.221.127 - - [26/Jun/2023:11:16:16 +0800] "POST /xingrg/kc/base/wldb_order_operate.html HTTP/1.1" 200 37
222.70.180.90 - - [26/Jun/2023:11:16:17 +0800] "POST /xingrg/kc/mdqp/pssh_list_operate.html HTTP/1.1" 200 264
114.83.221.127 - - [26/Jun/2023:11:16:18 +0800] "GET /xingrg/kc/base/wldb_order_info.html?code=422023062602212 HTTP/1.1" 200 30402
114.83.221.127 - - [26/Jun/2023:11:16:18 +0800] "GET /xingrg/javascript/easyui/themes/default/validatebox.css HTTP/1.1" 404 1104
61.170.233.201 - - [26/Jun/2023:11:16:18 +0800] "GET /xingrg/all/function/internal_message.html?_=1687749378185&CODE_STATE=getMsg HTTP/1.1" 200 27
222.70.114.12 - - [26/Jun/2023:11:16:20 +0800] "POST /xingrg/kc/mdqp/pssh_list_operate.html HTTP/1.1" 200 350
222.67.234.146 - - [26/Jun/2023:11:16:20 +0800] "POST /xingrg/kc/buy/cgsh_order_operate.html HTTP/1.1" 200 12
114.83.221.127 - - [26/Jun/2023:11:16:20 +0800] "POST /xingrg/kc/base/wldb_order_operate.html HTTP/1.1" 200 4203
114.83.221.127 - - [26/Jun/2023:11:16:20 +0800] "POST /xingrg/kc/base/wldb_order_operate.html HTTP/1.1" 200 4203
222.70.180.90 - - [26/Jun/2023:11:16:20 +0800] "GET /xingrg/kc/mdqp/pssh_order_info.html?code=312023062200446 HTTP/1.1" 200 17272
222.70.180.90 - - [26/Jun/2023:11:16:20 +0800] "GET /xingrg/javascript/jquery_tools/jquery-1.4.2.min.js HTTP/1.1" 404 1094
222.70.180.90 - - [26/Jun/2023:11:16:20 +0800] "GET /xingrg/javascript/easyui/themes/default/validatebox.css HTTP/1.1" 404 1104
222.70.180.90 - - [26/Jun/2023:11:16:21 +0800] "GET /xingrg/all/common/auto_word.html?type=base&rest_code=00111&rest_code=00111 HTTP/1.1" 200 1753
222.70.180.90 - - [26/Jun/2023:11:16:21 +0800] "POST /xingrg/kc/mdqp/pssh_order_operate.html HTTP/1.1" 200 532
101.229.22.40 - - [26/Jun/2023:11:16:22 +0800] "GET /xingrg/all/function/internal_message.html?_=1687749382617&CODE_STATE=getMsg HTTP/1.1" 200 27
222.67.234.146 - - [26/Jun/2023:11:16:23 +0800] "GET /xingrg/kc/buy/cgsh_order_info.html?code=212023062609559 HTTP/1.1" 200 66497
114.83.221.127 - - [26/Jun/2023:11:16:23 +0800] "GET /xingrg/kc/base/wldb_order_add.html HTTP/1.1" 200 30387
222.70.180.90 - - [26/Jun/2023:11:16:23 +0800] "POST /xingrg/all/common/load_combo.html?type=base&rest_code=00111 HTTP/1.1" 200 3142
120.253.135.82 - - [26/Jun/2023:11:16:23 +0800] "GET /xingrg/all/function/internal_message.html?_=1687749214879&CODE_STATE=getMsg HTTP/1.1" 200 27
114.83.221.127 - - [26/Jun/2023:11:16:23 +0800] "POST /xingrg/kc/base/wldb_order_operate.html HTTP/1.1" 200 6806
222.67.234.146 - - [26/Jun/2023:11:16:23 +0800] "GET /xingrg/javascript/easyui/themes/default/validatebox.css HTTP/1.1" 404 1104
114.83.221.127 - - [26/Jun/2023:11:16:23 +0800] "GET /xingrg/javascript/easyui/themes/default/validatebox.css HTTP/1.1" 404 1104
222.67.234.146 - - [26/Jun/2023:11:16:24 +0800] "POST /xingrg/kc/buy/cgsh_order_operate.html HTTP/1.1" 200 1206
222.70.180.90 - - [26/Jun/2023:11:16:26 +0800] "GET /xingrg/all/function/internal_message.html?_=1687749385879&CODE_STATE=getMsg HTTP/1.1" 200 27
222.67.234.146 - - [26/Jun/2023:11:16:26 +0800] "GET /xingrg/kc/print/load_data.html?order_code=212023062609559&kc_code=cgsh&condition= HTTP/1.1" 200 949
114.85.113.108 - - [26/Jun/2023:11:16:27 +0800] "GET /xingrg/all/function/internal_message.html?_=1687749387522&CODE_STATE=getMsg HTTP/1.1" 200 27
222.70.180.90 - - [26/Jun/2023:11:16:28 +0800] "POST /xingrg/all/common/load_combo.html?type=employee HTTP/1.1" 200 277
114.83.221.127 - - [26/Jun/2023:11:16:29 +0800] "GET /xingrg/kc/base/wldb_order_operate.html?command=get_materiel&rest_code=00149&base_code=0010400&code=00101004065 HTTP/1.1" 200 434
222.67.234.146 - - [26/Jun/2023:11:16:31 +0800] "GET /xingrg/kc/buy/cgsh_order_add.html HTTP/1.1" 200 8212
180.169.147.146 - - [26/Jun/2023:11:16:32 +0800] "GET /xingrg/all/function/internal_message.html?_=1687749388760&CODE_STATE=getMsg HTTP/1.1" 302 -
222.67.234.146 - - [26/Jun/2023:11:16:32 +0800] "GET /xingrg/kc/buy/cgsh_order_add.html HTTP/1.1" 200 71578
222.67.234.146 - - [26/Jun/2023:11:16:32 +0800] "POST /xingrg/kc/buy/cgsh_order_operate.html HTTP/1.1" 200 8245
222.67.234.146 - - [26/Jun/2023:11:16:32 +0800] "GET /xingrg/javascript/easyui/themes/default/validatebox.css HTTP/1.1" 404 1104
222.70.180.90 - - [26/Jun/2023:11:16:32 +0800] "POST /xingrg/kc/mdqp/pssh_order_operate.html HTTP/1.1" 200 37
222.70.180.90 - - [26/Jun/2023:11:16:33 +0800] "POST /xingrg/kc/mdqp/pssh_order_operate.html HTTP/1.1" 200 532
114.83.221.127 - - [26/Jun/2023:11:16:36 +0800] "GET /xingrg/kc/base/wldb_order_operate.html?command=get_materiel&rest_code=00149&base_code=0010400&code=00101010616 HTTP/1.1" 200 431
222.70.180.90 - - [26/Jun/2023:11:16:37 +0800] "POST /xingrg/kc/mdqp/pssh_order_operate.html HTTP/1.1" 200 37
124.77.245.69 - - [26/Jun/2023:11:16:38 +0800] "GET /xingrg/all/function/internal_message.html?_=1687749400375&CODE_STATE=getMsg HTTP/1.1" 200 27
222.67.234.146 - - [26/Jun/2023:11:16:39 +0800] "GET /xingrg/all/function/internal_message.html?_=1687748889157&CODE_STATE=getMsg HTTP/1.1" 200 27
222.67.234.146 - - [26/Jun/2023:11:16:40 +0800] "GET /xingrg/check_reg.html?_=1687748890324 HTTP/1.1" 200 22
114.83.221.127 - - [26/Jun/2023:11:16:40 +0800] "GET /xingrg/kc/base/wldb_order_operate.html?command=get_materiel&rest_code=00149&base_code=0010400&code=00101004103 HTTP/1.1" 200 434
116.232.195.127 - - [26/Jun/2023:11:16:41 +0800] "GET /xingrg/all/function/internal_message.html?_=1687749390234&CODE_STATE=getMsg HTTP/1.1" 200 27
222.67.234.146 - - [26/Jun/2023:11:16:42 +0800] "GET /xingrg/kc/buy/cgsh_order_operate.html?command=get_materiel&rest_code=00141&code=00101010161&supplier_code=00100334&order_time=2023-06-26 HTTP/1.1" 200 409
222.70.180.90 - - [26/Jun/2023:11:16:42 +0800] "POST /xingrg/kc/mdqp/pssh_order_operate.html HTTP/1.1" 200 12
180.156.213.241 - - [26/Jun/2023:11:16:43 +0800] "GET /xingrg/all/function/internal_message.html?_=1687749403118&CODE_STATE=getMsg HTTP/1.1" 200 27
222.70.180.90 - - [26/Jun/2023:11:16:44 +0800] "GET /xingrg/kc/mdqp/pssh_order_info.html?code=312023062200446 HTTP/1.1" 200 14388
222.70.180.90 - - [26/Jun/2023:11:16:44 +0800] "GET /xingrg/javascript/jquery_tools/jquery-1.4.2.min.js HTTP/1.1" 404 1094
222.70.180.90 - - [26/Jun/2023:11:16:44 +0800] "GET /xingrg/javascript/easyui/themes/default/validatebox.css HTTP/1.1" 404 1104
222.70.180.90 - - [26/Jun/2023:11:16:45 +0800] "POST /xingrg/kc/mdqp/pssh_order_operate.html HTTP/1.1" 200 532
222.70.114.12 - - [26/Jun/2023:11:16:45 +0800] "GET /xingrg/all/function/internal_message.html?_=1687749405695&CODE_STATE=getMsg HTTP/1.1" 200 27
116.238.191.126 - - [26/Jun/2023:11:16:46 +0800] "GET /xingrg/all/function/internal_message.html?_=1687749328178&CODE_STATE=getMsg HTTP/1.1" 200 27
222.70.180.90 - - [26/Jun/2023:11:16:46 +0800] "GET /xingrg/kc/print/load_config.html?kc_code=pssh HTTP/1.1" 200 2368
222.70.180.90 - - [26/Jun/2023:11:16:47 +0800] "GET /xingrg/kc/print/load_data.html?order_code=312023062200446&kc_code=pssh&condition= HTTP/1.1" 200 656
180.156.213.241 - - [26/Jun/2023:11:16:47 +0800] "GET /xingrg/all/function/internal_message.html?_=1687749410109&CODE_STATE=getMsg HTTP/1.1" 200 27
180.156.213.241 - - [26/Jun/2023:11:16:47 +0800] "GET /xingrg/check_reg.html?_=1687749410112 HTTP/1.1" 200 22
222.70.180.90 - - [26/Jun/2023:11:16:52 +0800] "GET /xingrg/kc/mdqp/pssh_order_list.html?isBack=1 HTTP/1.1" 200 17806
222.70.180.90 - - [26/Jun/2023:11:16:53 +0800] "POST /xingrg/kc/mdqp/pssh_list_operate.html HTTP/1.1" 200 5349
222.70.180.90 - - [26/Jun/2023:11:16:56 +0800] "POST /xingrg/kc/mdqp/pssh_list_operate.html HTTP/1.1" 200 803
116.238.191.126 - - [26/Jun/2023:11:16:56 +0800] "GET /xingrg/all/function/internal_message.html?_=1687749415904&CODE_STATE=getMsg HTTP/1.1" 200 27
222.70.180.90 - - [26/Jun/2023:11:16:58 +0800] "GET /xingrg/kc/mdqp/pssh_order_info.html?code=312023062500479 HTTP/1.1" 200 17297
222.70.180.90 - - [26/Jun/2023:11:16:58 +0800] "GET /xingrg/javascript/jquery_tools/jquery-1.4.2.min.js HTTP/1.1" 404 1094
222.70.180.90 - - [26/Jun/2023:11:16:58 +0800] "GET /xingrg/javascript/easyui/themes/default/validatebox.css HTTP/1.1" 404 1104
222.70.180.90 - - [26/Jun/2023:11:16:58 +0800] "POST /xingrg/kc/mdqp/pssh_order_operate.html HTTP/1.1" 200 9151
114.83.221.127 - - [26/Jun/2023:11:16:58 +0800] "POST /xingrg/kc/base/wldb_order_operate.html HTTP/1.1" 200 37
114.83.221.127 - - [26/Jun/2023:11:16:59 +0800] "POST /xingrg/kc/base/wldb_order_operate.html HTTP/1.1" 200 3125
114.83.221.127 - - [26/Jun/2023:11:17:02 +0800] "GET /xingrg/kc/base/wldb_order_info.html?code=422023062602213 HTTP/1.1" 200 30400
114.83.221.127 - - [26/Jun/2023:11:17:02 +0800] "GET /xingrg/javascript/easyui/themes/default/validatebox.css HTTP/1.1" 404 1104
114.83.221.127 - - [26/Jun/2023:11:17:02 +0800] "GET /xingrg/all/function/internal_message.html?_=1687749422631&CODE_STATE=getMsg HTTP/1.1" 200 27
114.83.221.127 - - [26/Jun/2023:11:17:03 +0800] "POST /xingrg/kc/base/wldb_order_operate.html HTTP/1.1" 200 3125
114.83.221.127 - - [26/Jun/2023:11:17:04 +0800] "GET /xingrg/check_reg.html?_=1687749424433 HTTP/1.1" 200 22
116.232.195.127 - - [26/Jun/2023:11:17:10 +0800] "GET /xingrg/kc/buy/cgsh_order_add.html HTTP/1.1" 200 71625
114.83.221.127 - - [26/Jun/2023:11:17:10 +0800] "GET /xingrg/kc/base/wldb_order_add.html HTTP/1.1" 200 30387
116.232.195.127 - - [26/Jun/2023:11:17:10 +0800] "POST /xingrg/kc/buy/cgsh_order_operate.html HTTP/1.1" 200 8245
116.232.195.127 - - [26/Jun/2023:11:17:10 +0800] "GET /xingrg/javascript/easyui/themes/default/validatebox.css HTTP/1.1" 404 1104
114.83.221.127 - - [26/Jun/2023:11:17:10 +0800] "POST /xingrg/kc/base/wldb_order_operate.html HTTP/1.1" 200 6806
114.83.221.127 - - [26/Jun/2023:11:17:10 +0800] "GET /xingrg/javascript/easyui/themes/default/validatebox.css HTTP/1.1" 404 1104
101.83.145.52 - - [26/Jun/2023:11:17:13 +0800] "GET /xingrg/all/function/internal_message.html?_=1687749255371&CODE_STATE=getMsg HTTP/1.1" 200 27
222.67.234.146 - - [26/Jun/2023:11:17:16 +0800] "POST /xingrg/kc/buy/cgsh_order_operate.html HTTP/1.1" 200 37
222.70.180.90 - - [26/Jun/2023:11:17:17 +0800] "POST /xingrg/all/common/load_combo.html?type=employee HTTP/1.1" 200 277
180.163.28.109 - - [26/Jun/2023:11:17:18 +0800] "GET /xingrg/all/function/internal_message.html?_=1687749378185&CODE_STATE=getMsg HTTP/1.1" 302 -
180.163.28.109 - - [26/Jun/2023:11:17:18 +0800] "GET /xingrg/login.html HTTP/1.1" 200 7641
101.229.22.40 - - [26/Jun/2023:11:17:22 +0800] "GET /xingrg/all/function/internal_message.html?_=1687749442618&CODE_STATE=getMsg HTTP/1.1" 200 27
120.253.135.82 - - [26/Jun/2023:11:17:23 +0800] "GET /xingrg/all/function/internal_message.html?_=1687749274883&CODE_STATE=getMsg HTTP/1.1" 200 27
222.70.180.90 - - [26/Jun/2023:11:17:23 +0800] "POST /xingrg/kc/mdqp/pssh_order_operate.html HTTP/1.1" 200 37
101.83.145.52 - - [26/Jun/2023:11:17:24 +0800] "GET /xingrg/kc/buy/cgsh_order_operate.html?command=get_materiel&rest_code=00105&code=00101021027&supplier_code=00100323&order_time=2023-06-26 HTTP/1.1" 200 414
114.83.221.127 - - [26/Jun/2023:11:17:26 +0800] "GET /xingrg/kc/base/wldb_order_operate.html?command=get_materiel&rest_code=00149&base_code=0010395&code=00102002082 HTTP/1.1" 200 453
222.70.180.90 - - [26/Jun/2023:11:17:26 +0800] "GET /xingrg/all/function/internal_message.html?_=1687749445876&CODE_STATE=getMsg HTTP/1.1" 200 27
114.85.113.108 - - [26/Jun/2023:11:17:27 +0800] "GET /xingrg/all/function/internal_message.html?_=1687749447507&CODE_STATE=getMsg HTTP/1.1" 200 27
222.70.180.90 - - [26/Jun/2023:11:17:30 +0800] "POST /xingrg/kc/mdqp/pssh_order_operate.html HTTP/1.1" 200 12
180.169.147.146 - - [26/Jun/2023:11:17:32 +0800] "GET /xingrg/all/function/internal_message.html?_=1687749448780&CODE_STATE=getMsg HTTP/1.1" 302 -
114.83.221.127 - - [26/Jun/2023:11:17:32 +0800] "GET /xingrg/kc/base/wldb_order_operate.html?command=get_materiel&rest_code=00149&base_code=0010395&code=00102002441 HTTP/1.1" 200 448
222.70.180.90 - - [26/Jun/2023:11:17:33 +0800] "GET /xingrg/kc/mdqp/pssh_order_info.html?code=312023062500479 HTTP/1.1" 200 14386
222.70.180.90 - - [26/Jun/2023:11:17:33 +0800] "GET /xingrg/javascript/jquery_tools/jquery-1.4.2.min.js HTTP/1.1" 404 1094
222.70.180.90 - - [26/Jun/2023:11:17:33 +0800] "GET /xingrg/javascript/easyui/themes/default/validatebox.css HTTP/1.1" 404 1104
222.70.180.90 - - [26/Jun/2023:11:17:33 +0800] "POST /xingrg/kc/mdqp/pssh_order_operate.html HTTP/1.1" 200 9151
222.70.180.90 - - [26/Jun/2023:11:17:36 +0800] "GET /xingrg/kc/print/load_data.html?order_code=312023062500479&kc_code=pssh&condition= HTTP/1.1" 200 3753
116.232.195.127 - - [26/Jun/2023:11:17:36 +0800] "GET /xingrg/kc/buy/cgsh_order_operate.html?command=get_materiel&rest_code=00155&code=00101010616&supplier_code=00100566&order_time=2023-06-26 HTTP/1.1" 200 429
124.77.245.69 - - [26/Jun/2023:11:17:39 +0800] "GET /xingrg/all/function/internal_message.html?_=1687749460765&CODE_STATE=getMsg HTTP/1.1" 200 27
114.83.221.127 - - [26/Jun/2023:11:17:40 +0800] "GET /xingrg/kc/base/wldb_order_operate.html?command=get_materiel&rest_code=00149&base_code=0010395&code=00102002106 HTTP/1.1" 200 444
116.232.195.127 - - [26/Jun/2023:11:17:41 +0800] "GET /xingrg/all/function/internal_message.html?_=1687749450241&CODE_STATE=getMsg HTTP/1.1" 200 27
222.70.180.90 - - [26/Jun/2023:11:17:42 +0800] "GET /xingrg/kc/mdqp/pssh_order_list.html?isBack=1 HTTP/1.1" 200 17806
222.70.180.90 - - [26/Jun/2023:11:17:42 +0800] "POST /xingrg/kc/mdqp/pssh_list_operate.html HTTP/1.1" 200 5374
180.156.213.241 - - [26/Jun/2023:11:17:43 +0800] "GET /xingrg/all/function/internal_message.html?_=1687749463095&CODE_STATE=getMsg HTTP/1.1" 200 27
222.70.180.90 - - [26/Jun/2023:11:17:43 +0800] "POST /xingrg/kc/mdqp/pssh_list_operate.html HTTP/1.1" 200 258
222.70.180.90 - - [26/Jun/2023:11:17:44 +0800] "POST /xingrg/kc/mdqp/pssh_list_operate.html HTTP/1.1" 200 1583
61.170.233.201 - - [26/Jun/2023:11:17:45 +0800] "GET /xingrg/index.html?sysBaseUrl=http%3A%2F%2F180.169.147.146%3A18081%2Fxingrg%2F&costTime=1528×tamp=1687745981864 HTTP/1.1" 200 17173
222.70.114.12 - - [26/Jun/2023:11:17:45 +0800] "GET /xingrg/all/function/internal_message.html?_=1687749465695&CODE_STATE=getMsg HTTP/1.1" 200 27
116.238.191.126 - - [26/Jun/2023:11:17:46 +0800] "GET /xingrg/all/function/internal_message.html?_=1687749388186&CODE_STATE=getMsg HTTP/1.1" 200 27
222.70.180.90 - - [26/Jun/2023:11:17:46 +0800] "GET /xingrg/kc/mdqp/pssh_order_info.html?code=312023062500483 HTTP/1.1" 200 17293
222.70.180.90 - - [26/Jun/2023:11:17:46 +0800] "GET /xingrg/javascript/jquery_tools/jquery-1.4.2.min.js HTTP/1.1" 404 1094
222.70.180.90 - - [26/Jun/2023:11:17:46 +0800] "GET /xingrg/javascript/easyui/themes/default/validatebox.css HTTP/1.1" 404 1104
222.70.180.90 - - [26/Jun/2023:11:17:46 +0800] "POST /xingrg/kc/mdqp/pssh_order_operate.html HTTP/1.1" 200 533
61.170.233.201 - - [26/Jun/2023:11:17:47 +0800] "POST /xingrg/all/common/load_tree.html?tree=area_rest_tree_json&manage=1 HTTP/1.1" 200 342
61.170.233.201 - - [26/Jun/2023:11:17:47 +0800] "GET /xingrg/check_reg.html?_=1687749466861 HTTP/1.1" 200 22
61.170.233.201 - - [26/Jun/2023:11:17:47 +0800] "GET /xingrg/all/function/internal_message.html?_=1687749466847&CODE_STATE=count HTTP/1.1" 200 11
61.170.233.201 - - [26/Jun/2023:11:17:47 +0800] "POST /xingrg/load_menu.html HTTP/1.1" 200 5138
180.156.213.241 - - [26/Jun/2023:11:17:47 +0800] "GET /xingrg/all/function/internal_message.html?_=1687749470112&CODE_STATE=getMsg HTTP/1.1" 200 27
61.170.233.201 - - [26/Jun/2023:11:17:48 +0800] "GET /favicon.ico HTTP/1.1" 404 -
114.83.221.127 - - [26/Jun/2023:11:17:48 +0800] "GET /xingrg/kc/base/wldb_order_operate.html?command=get_materiel&rest_code=00149&base_code=0010395&code=00102002150 HTTP/1.1" 200 447
222.70.180.90 - - [26/Jun/2023:11:17:49 +0800] "POST /xingrg/all/common/load_combo.html?type=employee HTTP/1.1" 200 277
116.232.195.127 - - [26/Jun/2023:11:17:52 +0800] "POST /xingrg/kc/buy/cgsh_order_operate.html HTTP/1.1" 200 37
222.70.180.90 - - [26/Jun/2023:11:17:53 +0800] "POST /xingrg/kc/mdqp/pssh_order_operate.html HTTP/1.1" 200 37
116.232.195.127 - - [26/Jun/2023:11:17:55 +0800] "POST /xingrg/kc/buy/cgsh_order_operate.html HTTP/1.1" 200 2658
116.238.191.126 - - [26/Jun/2023:11:17:56 +0800] "GET /xingrg/all/function/internal_message.html?_=1687749475878&CODE_STATE=getMsg HTTP/1.1" 200 27
116.232.195.127 - - [26/Jun/2023:11:17:58 +0800] "GET /xingrg/kc/print/load_data.html?order_code=212023062609561&kc_code=cgsh&condition= HTTP/1.1" 200 687
222.70.180.90 - - [26/Jun/2023:11:17:59 +0800] "POST /xingrg/kc/mdqp/pssh_order_operate.html HTTP/1.1" 200 12
114.83.221.127 - - [26/Jun/2023:11:18:02 +0800] "GET /xingrg/all/function/internal_message.html?_=1687749482652&CODE_STATE=getMsg HTTP/1.1" 200 27
222.70.180.90 - - [26/Jun/2023:11:18:03 +0800] "GET /xingrg/kc/mdqp/pssh_order_info.html?code=312023062500483 HTTP/1.1" 200 14382
222.70.180.90 - - [26/Jun/2023:11:18:03 +0800] "GET /xingrg/javascript/jquery_tools/jquery-1.4.2.min.js HTTP/1.1" 404 1094
116.232.195.127 - - [26/Jun/2023:11:18:03 +0800] "GET /xingrg/kc/buy/cgsh_order_add.html HTTP/1.1" 200 71625
222.70.180.90 - - [26/Jun/2023:11:18:03 +0800] "GET /xingrg/javascript/easyui/themes/default/validatebox.css HTTP/1.1" 404 1104
222.70.180.90 - - [26/Jun/2023:11:18:03 +0800] "POST /xingrg/kc/mdqp/pssh_order_operate.html HTTP/1.1" 200 533
116.232.195.127 - - [26/Jun/2023:11:18:04 +0800] "POST /xingrg/kc/buy/cgsh_order_operate.html HTTP/1.1" 200 8245
116.232.195.127 - - [26/Jun/2023:11:18:04 +0800] "GET /xingrg/javascript/easyui/themes/default/validatebox.css HTTP/1.1" 404 1104
101.83.145.52 - - [26/Jun/2023:11:18:06 +0800] "POST /xingrg/kc/buy/cgsh_order_operate.html HTTP/1.1" 200 37
222.70.180.90 - - [26/Jun/2023:11:18:07 +0800] "GET /xingrg/kc/print/load_data.html?order_code=312023062500483&kc_code=pssh&condition= HTTP/1.1" 200 649
114.83.221.127 - - [26/Jun/2023:11:18:08 +0800] "POST /xingrg/kc/base/wldb_order_operate.html HTTP/1.1" 200 37
114.83.221.127 - - [26/Jun/2023:11:18:09 +0800] "POST /xingrg/kc/base/wldb_order_operate.html HTTP/1.1" 200 3664
101.83.145.52 - - [26/Jun/2023:11:18:09 +0800] "POST /xingrg/kc/buy/cgsh_order_operate.html HTTP/1.1" 200 6230
116.232.195.127 - - [26/Jun/2023:11:18:12 +0800] "GET /xingrg/kc/buy/cgsh_order_operate.html?command=get_materiel&rest_code=00155&code=00101004046&supplier_code=00100312&order_time=2023-06-26 HTTP/1.1" 200 417
124.77.245.69 - - [26/Jun/2023:11:18:12 +0800] "GET /xingrg/check_reg.html?_=1687749494635 HTTP/1.1" 200 22
101.83.145.52 - - [26/Jun/2023:11:18:13 +0800] "GET /xingrg/all/function/internal_message.html?_=1687749315354&CODE_STATE=getMsg HTTP/1.1" 200 27
222.70.180.90 - - [26/Jun/2023:11:18:14 +0800] "GET /xingrg/kc/mdqp/pssh_order_list.html?isBack=1 HTTP/1.1" 200 17806
222.70.180.90 - - [26/Jun/2023:11:18:14 +0800] "POST /xingrg/kc/mdqp/pssh_list_operate.html HTTP/1.1" 200 5399
222.70.180.90 - - [26/Jun/2023:11:18:16 +0800] "POST /xingrg/kc/mdqp/pssh_list_operate.html HTTP/1.1" 200 456
222.70.180.90 - - [26/Jun/2023:11:18:18 +0800] "POST /xingrg/kc/mdqp/pssh_list_operate.html HTTP/1.1" 200 1583
222.70.180.90 - - [26/Jun/2023:11:18:18 +0800] "GET /xingrg/kc/mdqp/pssh_order_info.html?code=312023062500481 HTTP/1.1" 200 17293
222.70.180.90 - - [26/Jun/2023:11:18:18 +0800] "GET /xingrg/javascript/jquery_tools/jquery-1.4.2.min.js HTTP/1.1" 404 1094
222.70.180.90 - - [26/Jun/2023:11:18:19 +0800] "GET /xingrg/javascript/easyui/themes/default/validatebox.css HTTP/1.1" 404 1104
222.70.180.90 - - [26/Jun/2023:11:18:19 +0800] "POST /xingrg/kc/mdqp/pssh_order_operate.html HTTP/1.1" 200 1569
114.83.221.127 - - [26/Jun/2023:11:18:19 +0800] "GET /xingrg/kc/base/wldb_order_info.html?code=422023062602214 HTTP/1.1" 200 30402
114.83.221.127 - - [26/Jun/2023:11:18:20 +0800] "GET /xingrg/javascript/easyui/themes/default/validatebox.css HTTP/1.1" 404 1104
114.83.221.127 - - [26/Jun/2023:11:18:20 +0800] "POST /xingrg/kc/base/wldb_order_operate.html HTTP/1.1" 200 3664
116.232.195.127 - - [26/Jun/2023:11:18:21 +0800] "GET /xingrg/kc/buy/cgsh_order_operate.html?command=get_materiel&rest_code=00155&code=00101004103&supplier_code=00100312&order_time=2023-06-26 HTTP/1.1" 200 432
222.70.180.90 - - [26/Jun/2023:11:18:21 +0800] "POST /xingrg/all/common/load_combo.html?type=employee HTTP/1.1" 200 277
101.229.22.40 - - [26/Jun/2023:11:18:22 +0800] "GET /xingrg/all/function/internal_message.html?_=1687749502618&CODE_STATE=getMsg HTTP/1.1" 200 27
120.253.135.82 - - [26/Jun/2023:11:18:23 +0800] "GET /xingrg/check_reg.html?_=1687749334537 HTTP/1.1" 200 22
120.253.135.82 - - [26/Jun/2023:11:18:23 +0800] "GET /xingrg/all/function/internal_message.html?_=1687749334897&CODE_STATE=getMsg HTTP/1.1" 200 27
222.70.180.90 - - [26/Jun/2023:11:18:26 +0800] "GET /xingrg/all/function/internal_message.html?_=1687749505873&CODE_STATE=getMsg HTTP/1.1" 200 27
222.70.180.90 - - [26/Jun/2023:11:18:27 +0800] "POST /xingrg/kc/mdqp/pssh_order_operate.html HTTP/1.1" 200 37
114.85.113.108 - - [26/Jun/2023:11:18:27 +0800] "GET /xingrg/all/function/internal_message.html?_=1687749507481&CODE_STATE=getMsg HTTP/1.1" 200 27
116.232.195.127 - - [26/Jun/2023:11:18:31 +0800] "GET /xingrg/kc/buy/cgsh_order_operate.html?command=get_materiel&rest_code=00155&code=00101005055&supplier_code=00100312&order_time=2023-06-26 HTTP/1.1" 200 406
180.169.147.146 - - [26/Jun/2023:11:18:32 +0800] "GET /xingrg/check_reg.html?_=1687749508760 HTTP/1.1" 302 -
180.169.147.146 - - [26/Jun/2023:11:18:32 +0800] "GET /xingrg/all/function/internal_message.html?_=1687749508762&CODE_STATE=getMsg HTTP/1.1" 302 -
222.70.180.90 - - [26/Jun/2023:11:18:32 +0800] "POST /xingrg/kc/mdqp/pssh_order_operate.html HTTP/1.1" 200 12
114.83.221.127 - - [26/Jun/2023:11:18:34 +0800] "POST /xingrg/kc/base/wldb_list_operate.html HTTP/1.1" 200 4193
222.70.180.90 - - [26/Jun/2023:11:18:35 +0800] "GET /xingrg/kc/mdqp/pssh_order_info.html?code=312023062500481 HTTP/1.1" 200 14382
222.70.180.90 - - [26/Jun/2023:11:18:35 +0800] "GET /xingrg/javascript/jquery_tools/jquery-1.4.2.min.js HTTP/1.1" 404 1094
101.83.145.52 - - [26/Jun/2023:11:18:35 +0800] "POST /xingrg/kc/buy/cgsh_order_operate.html HTTP/1.1" 200 37
222.70.180.90 - - [26/Jun/2023:11:18:35 +0800] "GET /xingrg/javascript/easyui/themes/default/validatebox.css HTTP/1.1" 404 1104
222.70.180.90 - - [26/Jun/2023:11:18:35 +0800] "POST /xingrg/kc/mdqp/pssh_order_operate.html HTTP/1.1" 200 1569
101.83.145.52 - - [26/Jun/2023:11:18:37 +0800] "POST /xingrg/kc/buy/cgsh_order_operate.html HTTP/1.1" 200 6230
222.70.180.90 - - [26/Jun/2023:11:18:38 +0800] "GET /xingrg/kc/print/load_data.html?order_code=312023062500481&kc_code=pssh&condition= HTTP/1.1" 200 1000
124.77.245.69 - - [26/Jun/2023:11:18:39 +0800] "GET /xingrg/all/function/internal_message.html?_=1687749520777&CODE_STATE=getMsg HTTP/1.1" 200 27
218.81.77.0 - - [26/Jun/2023:11:18:41 +0800] "POST /xingrg/services/DataTransmitService HTTP/1.1" 200 524
101.83.145.52 - - [26/Jun/2023:11:18:41 +0800] "GET /xingrg/kc/print/load_data.html?order_code=212023062609562&kc_code=cgsh&condition= HTTP/1.1" 200 2045
116.232.195.127 - - [26/Jun/2023:11:18:41 +0800] "GET /xingrg/all/function/internal_message.html?_=1687749510229&CODE_STATE=getMsg HTTP/1.1" 200 27
116.232.195.127 - - [26/Jun/2023:11:18:42 +0800] "GET /xingrg/check_reg.html?_=1687749510527 HTTP/1.1" 200 22
116.232.195.127 - - [26/Jun/2023:11:18:43 +0800] "GET /xingrg/kc/buy/cgsh_order_operate.html?command=get_materiel&rest_code=00155&code=00101001016&supplier_code=00100312&order_time=2023-06-26 HTTP/1.1" 200 415
180.156.213.241 - - [26/Jun/2023:11:18:43 +0800] "GET /xingrg/all/function/internal_message.html?_=1687749523079&CODE_STATE=getMsg HTTP/1.1" 200 27
222.70.180.90 - - [26/Jun/2023:11:18:43 +0800] "GET /xingrg/kc/mdqp/pssh_order_list.html?isBack=1 HTTP/1.1" 200 17806
222.70.180.90 - - [26/Jun/2023:11:18:44 +0800] "POST /xingrg/kc/mdqp/pssh_list_operate.html HTTP/1.1" 200 5424
180.163.28.143 - - [26/Jun/2023:11:18:44 +0800] "GET /xingrg/index.html?sysBaseUrl=http://180.169.147.146:18081/xingrg/&costTime=1528×tamp=1687745981864 HTTP/1.1" 302 -
180.163.28.143 - - [26/Jun/2023:11:18:44 +0800] "GET /xingrg/login.html HTTP/1.1" 200 7641
116.238.191.126 - - [26/Jun/2023:11:18:44 +0800] "GET /xingrg/check_reg.html?_=1687749446842 HTTP/1.1" 200 22
180.156.213.241 - - [26/Jun/2023:11:18:45 +0800] "GET /xingrg/check_reg.html?_=1687749524985 HTTP/1.1" 200 22
222.70.114.12 - - [26/Jun/2023:11:18:45 +0800] "GET /xingrg/all/function/internal_message.html?_=1687749525686&CODE_STATE=getMsg HTTP/1.1" 200 27
222.70.180.90 - - [26/Jun/2023:11:18:45 +0800] "POST /xingrg/kc/mdqp/pssh_list_operate.html HTTP/1.1" 200 764
114.85.113.108 - - [26/Jun/2023:11:18:46 +0800] "GET /xingrg/check_reg.html?_=1687749525984 HTTP/1.1" 200 22
116.238.191.126 - - [26/Jun/2023:11:18:46 +0800] "GET /xingrg/all/function/internal_message.html?_=1687749448200&CODE_STATE=getMsg HTTP/1.1" 200 27
222.70.180.90 - - [26/Jun/2023:11:18:46 +0800] "POST /xingrg/kc/mdqp/pssh_list_operate.html HTTP/1.1" 200 1583
180.163.28.109 - - [26/Jun/2023:11:18:47 +0800] "GET /xingrg/check_reg.html?_=1687749466861 HTTP/1.1" 302 -
222.70.180.90 - - [26/Jun/2023:11:18:47 +0800] "GET /xingrg/kc/mdqp/pssh_order_info.html?code=312023062500482 HTTP/1.1" 200 17271
222.70.180.90 - - [26/Jun/2023:11:18:47 +0800] "GET /xingrg/javascript/jquery_tools/jquery-1.4.2.min.js HTTP/1.1" 404 1094
61.170.233.201 - - [26/Jun/2023:11:18:47 +0800] "GET /xingrg/all/function/internal_message.html?_=1687749526871&CODE_STATE=getMsg HTTP/1.1" 200 27
101.226.151.166 - - [26/Jun/2023:11:18:47 +0800] "GET /xingrg/all/function/internal_message.html?_=1687749466847&CODE_STATE=count HTTP/1.1" 302 -
180.163.28.109 - - [26/Jun/2023:11:18:47 +0800] "GET /xingrg/login.html HTTP/1.1" 200 7641
101.226.151.166 - - [26/Jun/2023:11:18:47 +0800] "GET /xingrg/login.html HTTP/1.1" 200 7641
222.70.180.90 - - [26/Jun/2023:11:18:47 +0800] "GET /xingrg/javascript/easyui/themes/default/validatebox.css HTTP/1.1" 404 1104
222.70.180.90 - - [26/Jun/2023:11:18:47 +0800] "POST /xingrg/kc/mdqp/pssh_order_operate.html HTTP/1.1" 200 3681
180.156.213.241 - - [26/Jun/2023:11:18:47 +0800] "GET /xingrg/all/function/internal_message.html?_=1687749530120&CODE_STATE=getMsg HTTP/1.1" 200 27
116.238.191.126 - - [26/Jun/2023:11:18:56 +0800] "GET /xingrg/all/function/internal_message.html?_=1687749535864&CODE_STATE=getMsg HTTP/1.1" 200 27
114.83.221.127 - - [26/Jun/2023:11:19:02 +0800] "GET /xingrg/all/function/internal_message.html?_=1687749542629&CODE_STATE=getMsg HTTP/1.1" 200 27
101.83.145.52 - - [26/Jun/2023:11:19:08 +0800] "GET /xingrg/kc/buy/cgsh_order_add.html HTTP/1.1" 200 71660
101.83.145.52 - - [26/Jun/2023:11:19:08 +0800] "POST /xingrg/kc/buy/cgsh_order_operate.html HTTP/1.1" 200 8245
101.83.145.52 - - [26/Jun/2023:11:19:08 +0800] "GET /xingrg/javascript/easyui/themes/default/validatebox.css HTTP/1.1" 404 1104
101.83.145.52 - - [26/Jun/2023:11:19:13 +0800] "GET /xingrg/all/function/internal_message.html?_=1687749375353&CODE_STATE=getMsg HTTP/1.1" 200 27
222.70.180.90 - - [26/Jun/2023:11:19:14 +0800] "POST /xingrg/all/common/load_combo.html?type=employee HTTP/1.1" 200 277
222.67.234.146 - - [26/Jun/2023:11:19:15 +0800] "POST /xingrg/kc/buy/cgsh_order_operate.html HTTP/1.1" 200 12
222.67.234.146 - - [26/Jun/2023:11:19:19 +0800] "GET /xingrg/kc/buy/cgsh_order_info.html?code=212023062609560 HTTP/1.1" 200 66491
222.67.234.146 - - [26/Jun/2023:11:19:19 +0800] "GET /xingrg/javascript/easyui/themes/default/validatebox.css HTTP/1.1" 404 1104
222.67.234.146 - - [26/Jun/2023:11:19:21 +0800] "POST /xingrg/kc/buy/cgsh_order_operate.html HTTP/1.1" 200 604
101.229.22.40 - - [26/Jun/2023:11:19:22 +0800] "GET /xingrg/check_reg.html?_=1687749562618 HTTP/1.1" 200 22
101.229.22.40 - - [26/Jun/2023:11:19:22 +0800] "GET /xingrg/all/function/internal_message.html?_=1687749562621&CODE_STATE=getMsg HTTP/1.1" 200 27
120.253.135.82 - - [26/Jun/2023:11:19:23 +0800] "GET /xingrg/all/function/internal_message.html?_=1687749394909&CODE_STATE=getMsg HTTP/1.1" 200 27
222.67.234.146 - - [26/Jun/2023:11:19:24 +0800] "GET /xingrg/kc/print/load_data.html?order_code=212023062609560&kc_code=cgsh&condition= HTTP/1.1" 200 711
101.83.145.52 - - [26/Jun/2023:11:19:25 +0800] "GET /xingrg/kc/buy/cgsh_order_operate.html?command=get_materiel&rest_code=00105&code=00101005037&supplier_code=00100334&order_time=2023-06-26 HTTP/1.1" 200 409
114.85.113.108 - - [26/Jun/2023:11:19:27 +0800] "GET /xingrg/all/function/internal_message.html?_=1687749567468&CODE_STATE=getMsg HTTP/1.1" 200 27
180.156.213.241 - - [26/Jun/2023:11:19:28 +0800] "GET /xingrg/kc/buy/cgsh_order_list.html HTTP/1.1" 200 55796
222.67.234.146 - - [26/Jun/2023:11:19:30 +0800] "GET /xingrg/kc/buy/cgsh_order_add.html HTTP/1.1" 200 71578
222.67.234.146 - - [26/Jun/2023:11:19:30 +0800] "POST /xingrg/kc/buy/cgsh_order_operate.html HTTP/1.1" 200 8245
222.67.234.146 - - [26/Jun/2023:11:19:30 +0800] "GET /xingrg/javascript/easyui/themes/default/validatebox.css HTTP/1.1" 404 1104
180.156.213.241 - - [26/Jun/2023:11:19:31 +0800] "POST /xingrg/kc/buy/cgsh_list_operate.html HTTP/1.1" 200 986
180.169.147.146 - - [26/Jun/2023:11:19:32 +0800] "GET /xingrg/all/function/internal_message.html?_=1687749568764&CODE_STATE=getMsg HTTP/1.1" 302 -
180.156.213.241 - - [26/Jun/2023:11:19:36 +0800] "GET /xingrg/kc/buy/cgsh_order_add.html HTTP/1.1" 200 71613
180.156.213.241 - - [26/Jun/2023:11:19:37 +0800] "POST /xingrg/kc/buy/cgsh_order_operate.html HTTP/1.1" 200 8245
180.156.213.241 - - [26/Jun/2023:11:19:37 +0800] "GET /xingrg/javascript/easyui/themes/default/validatebox.css HTTP/1.1" 404 1104
222.70.180.90 - - [26/Jun/2023:11:19:37 +0800] "POST /xingrg/kc/mdqp/pssh_order_operate.html HTTP/1.1" 200 37
222.70.180.90 - - [26/Jun/2023:11:19:37 +0800] "POST /xingrg/kc/mdqp/pssh_order_operate.html HTTP/1.1" 200 104
180.156.213.241 - - [26/Jun/2023:11:19:38 +0800] "GET /xingrg/javascript/easyui/themes/default/tree.css HTTP/1.1" 404 1090
124.77.245.69 - - [26/Jun/2023:11:19:39 +0800] "GET /xingrg/all/function/internal_message.html?_=1687749580790&CODE_STATE=getMsg HTTP/1.1" 200 27
222.67.234.146 - - [26/Jun/2023:11:19:39 +0800] "GET /xingrg/all/function/internal_message.html?_=1687749069177&CODE_STATE=getMsg HTTP/1.1" 200 27
222.67.234.146 - - [26/Jun/2023:11:19:39 +0800] "GET /xingrg/kc/buy/cgsh_order_operate.html?command=get_materiel&rest_code=00141&code=00101004038&supplier_code=00100312&order_time=2023-06-26 HTTP/1.1" 200 430
180.156.213.241 - - [26/Jun/2023:11:19:40 +0800] "POST /xingrg/all/common/load_tree.html?tree=supplier_tree_json&isDelete=1 HTTP/1.1" 200 74442
116.232.195.127 - - [26/Jun/2023:11:19:41 +0800] "GET /xingrg/all/function/internal_message.html?_=1687749570211&CODE_STATE=getMsg HTTP/1.1" 200 27
180.156.213.241 - - [26/Jun/2023:11:19:43 +0800] "GET /xingrg/all/function/internal_message.html?_=1687749583063&CODE_STATE=getMsg HTTP/1.1" 200 27
222.70.114.12 - - [26/Jun/2023:11:19:45 +0800] "GET /xingrg/check_reg.html?_=1687749585691 HTTP/1.1" 200 22
222.70.114.12 - - [26/Jun/2023:11:19:45 +0800] "GET /xingrg/all/function/internal_message.html?_=1687749585699&CODE_STATE=getMsg HTTP/1.1" 200 27
116.238.191.126 - - [26/Jun/2023:11:19:46 +0800] "GET /xingrg/all/function/internal_message.html?_=1687749508214&CODE_STATE=getMsg HTTP/1.1" 200 27
222.70.180.90 - - [26/Jun/2023:11:19:46 +0800] "POST /xingrg/kc/mdqp/pssh_list_operate.html HTTP/1.1" 200 1602
61.170.233.201 - - [26/Jun/2023:11:19:47 +0800] "GET /xingrg/all/function/internal_message.html?_=1687749586879&CODE_STATE=getMsg HTTP/1.1" 200 27
180.156.213.241 - - [26/Jun/2023:11:19:47 +0800] "GET /xingrg/all/function/internal_message.html?_=1687749590132&CODE_STATE=getMsg HTTP/1.1" 200 27
101.83.145.52 - - [26/Jun/2023:11:19:47 +0800] "POST /xingrg/kc/buy/cgsh_order_operate.html HTTP/1.1" 200 37
222.67.234.146 - - [26/Jun/2023:11:19:50 +0800] "GET /xingrg/kc/buy/cgsh_order_operate.html?command=get_materiel&rest_code=00141&code=00101005017&supplier_code=00100312&order_time=2023-06-26 HTTP/1.1" 200 409
101.83.145.52 - - [26/Jun/2023:11:19:50 +0800] "POST /xingrg/kc/buy/cgsh_order_operate.html HTTP/1.1" 200 2653
222.70.180.90 - - [26/Jun/2023:11:19:50 +0800] "POST /xingrg/kc/mdqp/pssh_list_operate.html HTTP/1.1" 200 1602
222.70.180.90 - - [26/Jun/2023:11:19:51 +0800] "POST /xingrg/kc/mdqp/pssh_list_operate.html HTTP/1.1" 200 1602
222.70.180.90 - - [26/Jun/2023:11:19:54 +0800] "POST /xingrg/kc/mdqp/pssh_list_operate.html HTTP/1.1" 200 764
101.83.145.52 - - [26/Jun/2023:11:19:54 +0800] "GET /xingrg/kc/print/load_data.html?order_code=212023062609563&kc_code=cgsh&condition= HTTP/1.1" 200 666
222.70.180.90 - - [26/Jun/2023:11:19:56 +0800] "GET /xingrg/kc/mdqp/pssh_order_info.html?code=312023062500482 HTTP/1.1" 200 17300
222.70.180.90 - - [26/Jun/2023:11:19:56 +0800] "GET /xingrg/javascript/jquery_tools/jquery-1.4.2.min.js HTTP/1.1" 404 1094
116.238.191.126 - - [26/Jun/2023:11:19:56 +0800] "GET /xingrg/all/function/internal_message.html?_=1687749595859&CODE_STATE=getMsg HTTP/1.1" 200 27
222.70.180.90 - - [26/Jun/2023:11:19:56 +0800] "GET /xingrg/javascript/easyui/themes/default/validatebox.css HTTP/1.1" 404 1104
222.70.180.90 - - [26/Jun/2023:11:19:56 +0800] "POST /xingrg/kc/mdqp/pssh_order_operate.html HTTP/1.1" 200 3681
114.83.221.127 - - [26/Jun/2023:11:20:02 +0800] "GET /xingrg/all/function/internal_message.html?_=1687749602610&CODE_STATE=getMsg HTTP/1.1" 200 27
180.169.147.146 - - [26/Jun/2023:11:20:04 +0800] "GET /xingrg/check_reg.html?_=1687749604797 HTTP/1.1" 200 22
114.83.221.127 - - [26/Jun/2023:11:20:06 +0800] "POST /xingrg/kc/base/wldb_list_operate.html HTTP/1.1" 200 4
114.83.221.127 - - [26/Jun/2023:11:20:09 +0800] "POST /xingrg/kc/base/wldb_list_operate.html HTTP/1.1" 200 928
101.83.145.52 - - [26/Jun/2023:11:20:12 +0800] "GET /xingrg/kc/buy/cgsh_order_add.html HTTP/1.1" 200 71660
101.83.145.52 - - [26/Jun/2023:11:20:13 +0800] "POST /xingrg/kc/buy/cgsh_order_operate.html HTTP/1.1" 200 8245
101.83.145.52 - - [26/Jun/2023:11:20:13 +0800] "GET /xingrg/all/function/internal_message.html?_=1687749435413&CODE_STATE=getMsg HTTP/1.1" 200 27
101.83.145.52 - - [26/Jun/2023:11:20:13 +0800] "GET /xingrg/javascript/easyui/themes/default/validatebox.css HTTP/1.1" 404 1104
101.229.22.40 - - [26/Jun/2023:11:20:22 +0800] "GET /xingrg/all/function/internal_message.html?_=1687749622606&CODE_STATE=getMsg HTTP/1.1" 200 27
120.253.135.82 - - [26/Jun/2023:11:20:23 +0800] "GET /xingrg/all/function/internal_message.html?_=1687749454924&CODE_STATE=getMsg HTTP/1.1" 200 27
222.70.180.90 - - [26/Jun/2023:11:20:26 +0800] "GET /xingrg/all/function/internal_message.html?_=1687749625885&CODE_STATE=getMsg HTTP/1.1" 200 27
222.70.180.90 - - [26/Jun/2023:11:20:26 +0800] "GET /xingrg/check_reg.html?_=1687749625889 HTTP/1.1" 200 22
114.85.113.108 - - [26/Jun/2023:11:20:27 +0800] "GET /xingrg/all/function/internal_message.html?_=1687749627451&CODE_STATE=getMsg HTTP/1.1" 200 27
180.169.147.146 - - [26/Jun/2023:11:20:32 +0800] "GET /xingrg/all/function/internal_message.html?_=1687749628763&CODE_STATE=getMsg HTTP/1.1" 302 -
222.70.180.90 - - [26/Jun/2023:11:20:32 +0800] "POST /xingrg/kc/mdqp/pssh_list_operate.html HTTP/1.1" 200 1602
101.83.145.52 - - [26/Jun/2023:11:20:33 +0800] "GET /xingrg/kc/buy/cgsh_order_operate.html?command=get_materiel&rest_code=00105&code=00101002006&supplier_code=00100091&order_time=2023-06-26 HTTP/1.1" 200 413
222.70.180.90 - - [26/Jun/2023:11:20:36 +0800] "GET /xingrg/kc/mdqp/pssh_order_list.html HTTP/1.1" 200 17806
222.70.180.90 - - [26/Jun/2023:11:20:37 +0800] "POST /xingrg/kc/mdqp/pssh_list_operate.html HTTP/1.1" 200 5443
124.77.245.69 - - [26/Jun/2023:11:20:39 +0800] "GET /xingrg/all/function/internal_message.html?_=1687749641117&CODE_STATE=getMsg HTTP/1.1" 200 27
222.67.234.146 - - [26/Jun/2023:11:20:39 +0800] "GET /xingrg/all/function/internal_message.html?_=1687749129146&CODE_STATE=getMsg HTTP/1.1" 200 27
116.232.195.127 - - [26/Jun/2023:11:20:41 +0800] "GET /xingrg/all/function/internal_message.html?_=1687749630188&CODE_STATE=getMsg HTTP/1.1" 200 27
180.156.213.241 - - [26/Jun/2023:11:20:43 +0800] "GET /xingrg/all/function/internal_message.html?_=1687749643031&CODE_STATE=getMsg HTTP/1.1" 200 27
222.70.114.12 - - [26/Jun/2023:11:20:45 +0800] "GET /xingrg/all/function/internal_message.html?_=1687749645699&CODE_STATE=getMsg HTTP/1.1" 200 27
116.238.191.126 - - [26/Jun/2023:11:20:46 +0800] "GET /xingrg/all/function/internal_message.html?_=1687749568228&CODE_STATE=getMsg HTTP/1.1" 200 27
180.163.29.206 - - [26/Jun/2023:11:20:47 +0800] "GET /xingrg/all/function/internal_message.html?_=1687749586879&CODE_STATE=getMsg HTTP/1.1" 302 -
180.163.29.206 - - [26/Jun/2023:11:20:47 +0800] "GET /xingrg/login.html HTTP/1.1" 200 7641
61.170.233.201 - - [26/Jun/2023:11:20:47 +0800] "GET /xingrg/all/function/internal_message.html?_=1687749646866&CODE_STATE=getMsg HTTP/1.1" 200 27
180.156.213.241 - - [26/Jun/2023:11:20:47 +0800] "GET /xingrg/kc/report/report_main.html HTTP/1.1" 200 7340
180.156.213.241 - - [26/Jun/2023:11:20:47 +0800] "GET /xingrg/css/blue.css HTTP/1.1" 200 15949
180.156.213.241 - - [26/Jun/2023:11:20:47 +0800] "GET /xingrg/javascript/jquery_ui/themes/humanity/humanity.css HTTP/1.1" 200 27801
180.156.213.241 - - [26/Jun/2023:11:20:47 +0800] "GET /xingrg/javascript/myfunction.js HTTP/1.1" 200 24559
180.156.213.241 - - [26/Jun/2023:11:20:47 +0800] "GET /xingrg/javascript/jquery-1.4.2.min.js HTTP/1.1" 200 72205
180.156.213.241 - - [26/Jun/2023:11:20:47 +0800] "GET /xingrg/javascript/jquery_easy_ui/themes/icon.css HTTP/1.1" 200 3949
180.156.213.241 - - [26/Jun/2023:11:20:47 +0800] "GET /xingrg/javascript/jquery_easy_ui/themes/default/easyui.css HTTP/1.1" 200 26500
180.156.213.241 - - [26/Jun/2023:11:20:47 +0800] "GET /xingrg/all/function/internal_message.html?_=1687749650137&CODE_STATE=getMsg HTTP/1.1" 200 27
180.156.213.241 - - [26/Jun/2023:11:20:48 +0800] "GET /xingrg/all/report/report_query.html?fileName=kc/buy/gys_amount_base.xml&rh=99999 HTTP/1.1" 200 51871
180.156.213.241 - - [26/Jun/2023:11:20:48 +0800] "GET /xingrg/javascript/multi_select/jqueryMultiSelect.css HTTP/1.1" 200 951
180.156.213.241 - - [26/Jun/2023:11:20:48 +0800] "GET /xingrg/css/form.css HTTP/1.1" 200 893
180.156.213.241 - - [26/Jun/2023:11:20:48 +0800] "GET /xingrg/javascript/calendar/timePicker.css HTTP/1.1" 200 523
180.156.213.241 - - [26/Jun/2023:11:20:48 +0800] "GET /xingrg/javascript/bigrid/fix.css HTTP/1.1" 200 1702
180.156.213.241 - - [26/Jun/2023:11:20:48 +0800] "GET /xingrg/dwr/interface/AjaxReportQueryService.js HTTP/1.1" 200 13203
180.156.213.241 - - [26/Jun/2023:11:20:48 +0800] "GET /xingrg/dwr/engine.js HTTP/1.1" 200 43631
180.156.213.241 - - [26/Jun/2023:11:20:48 +0800] "GET /xingrg/dwr/util.js HTTP/1.1" 200 35990
