120.253.135.82 - - [26/Jun/2023:09:34:30 +0800] "GET /xingrg/all/function/internal_message.html?_=1687743102423&CODE_STATE=getMsg HTTP/1.1" 200 27
116.238.191.126 - - [26/Jun/2023:09:34:31 +0800] "GET /xingrg/kc/mdqp/pssh_order_list.html HTTP/1.1" 200 17886
116.238.191.126 - - [26/Jun/2023:09:34:32 +0800] "POST /xingrg/kc/mdqp/pssh_list_operate.html HTTP/1.1" 200 5542
116.238.191.126 - - [26/Jun/2023:09:34:37 +0800] "POST /xingrg/kc/mdqp/pssh_list_operate.html HTTP/1.1" 200 257
58.40.7.146 - - [26/Jun/2023:09:34:39 +0800] "GET /xingrg/all/function/internal_message.html?_=1687743275909&CODE_STATE=getMsg HTTP/1.1" 200 27
58.40.7.146 - - [26/Jun/2023:09:34:39 +0800] "GET /xingrg/check_reg.html?_=1687743275912 HTTP/1.1" 200 22
116.238.191.126 - - [26/Jun/2023:09:34:40 +0800] "GET /xingrg/kc/mdqp/pssh_order_info.html?code=312023062500490 HTTP/1.1" 200 14400
116.238.191.126 - - [26/Jun/2023:09:34:40 +0800] "GET /xingrg/javascript/jquery_tools/jquery-1.4.2.min.js HTTP/1.1" 404 1094
116.238.191.126 - - [26/Jun/2023:09:34:40 +0800] "GET /xingrg/javascript/easyui/themes/default/validatebox.css HTTP/1.1" 404 1104
222.67.234.146 - - [26/Jun/2023:09:34:40 +0800] "GET /xingrg/all/function/internal_message.html?_=1687742770077&CODE_STATE=getMsg HTTP/1.1" 200 27
116.238.191.126 - - [26/Jun/2023:09:34:40 +0800] "POST /xingrg/kc/mdqp/pssh_order_operate.html HTTP/1.1" 200 526
116.232.195.127 - - [26/Jun/2023:09:34:41 +0800] "GET /xingrg/all/function/internal_message.html?_=1687743270339&CODE_STATE=getMsg HTTP/1.1" 200 27
116.238.191.126 - - [26/Jun/2023:09:34:44 +0800] "GET /xingrg/all/function/internal_message.html?_=1687743206787&CODE_STATE=getMsg HTTP/1.1" 200 27
180.156.213.241 - - [26/Jun/2023:09:34:44 +0800] "GET /xingrg/all/function/internal_message.html?_=1687743284655&CODE_STATE=getMsg HTTP/1.1" 200 27
180.169.147.146 - - [26/Jun/2023:09:34:52 +0800] "POST /xingrg/kc/buy/cgsh_list_operate.html HTTP/1.1" 200 5903
101.83.145.52 - - [26/Jun/2023:09:35:01 +0800] "GET /xingrg/kc/base/base_main.html HTTP/1.1" 200 12142
101.83.145.52 - - [26/Jun/2023:09:35:03 +0800] "GET /xingrg/kc/base/wldb_order_list.html HTTP/1.1" 200 19098
180.169.147.146 - - [26/Jun/2023:09:35:04 +0800] "GET /xingrg/check_reg.html?_=1687743305120 HTTP/1.1" 200 22
114.83.221.127 - - [26/Jun/2023:09:35:04 +0800] "GET /xingrg/all/function/internal_message.html?_=1687743304559&CODE_STATE=getMsg HTTP/1.1" 200 27
101.83.145.52 - - [26/Jun/2023:09:35:04 +0800] "POST /xingrg/kc/base/wldb_list_operate.html HTTP/1.1" 200 2544
101.83.145.52 - - [26/Jun/2023:09:35:09 +0800] "POST /xingrg/kc/base/wldb_list_operate.html HTTP/1.1" 200 275
222.70.114.12 - - [26/Jun/2023:09:35:10 +0800] "GET /xingrg/all/function/internal_message.html?_=1687743310100&CODE_STATE=getMsg HTTP/1.1" 200 27
124.77.245.69 - - [26/Jun/2023:09:35:11 +0800] "GET /xingrg/all/function/internal_message.html?_=1687743313092&CODE_STATE=getMsg HTTP/1.1" 200 27
101.83.145.52 - - [26/Jun/2023:09:35:13 +0800] "GET /xingrg/all/function/internal_message.html?_=1687743135956&CODE_STATE=getMsg HTTP/1.1" 200 27
222.70.180.90 - - [26/Jun/2023:09:35:26 +0800] "GET /xingrg/check_reg.html?_=1687743325762 HTTP/1.1" 200 22
222.70.180.90 - - [26/Jun/2023:09:35:26 +0800] "GET /xingrg/all/function/internal_message.html?_=1687743325795&CODE_STATE=getMsg HTTP/1.1" 200 27
116.238.191.126 - - [26/Jun/2023:09:35:27 +0800] "GET /xingrg/all/function/internal_message.html?_=1687743327194&CODE_STATE=getMsg HTTP/1.1" 200 27
58.40.7.146 - - [26/Jun/2023:09:35:28 +0800] "GET /xingrg/all/function/internal_message.html?_=1687743328341&CODE_STATE=getMsg HTTP/1.1" 200 27
114.85.113.108 - - [26/Jun/2023:09:35:29 +0800] "GET /xingrg/all/function/internal_message.html?_=1687743329246&CODE_STATE=getMsg HTTP/1.1" 200 27
120.253.135.82 - - [26/Jun/2023:09:35:30 +0800] "GET /xingrg/all/function/internal_message.html?_=1687743162436&CODE_STATE=getMsg HTTP/1.1" 200 27
114.83.221.127 - - [26/Jun/2023:09:35:35 +0800] "GET /xingrg/kc/buy/cgsh_order_operate.html?command=get_materiel&rest_code=00149&code=00101006144&supplier_code=00100096&order_time=2023-06-26 HTTP/1.1" 200 411
116.238.191.126 - - [26/Jun/2023:09:35:37 +0800] "POST /xingrg/kc/mdqp/pssh_order_operate.html HTTP/1.1" 200 12
58.40.7.146 - - [26/Jun/2023:09:35:39 +0800] "GET /xingrg/all/function/internal_message.html?_=1687743335898&CODE_STATE=getMsg HTTP/1.1" 200 27
116.238.191.126 - - [26/Jun/2023:09:35:39 +0800] "GET /xingrg/kc/mdqp/pssh_order_info.html?code=312023062500490 HTTP/1.1" 200 17324
116.238.191.126 - - [26/Jun/2023:09:35:39 +0800] "GET /xingrg/javascript/jquery_tools/jquery-1.4.2.min.js HTTP/1.1" 404 1094
116.238.191.126 - - [26/Jun/2023:09:35:40 +0800] "GET /xingrg/javascript/easyui/themes/default/validatebox.css HTTP/1.1" 404 1104
116.238.191.126 - - [26/Jun/2023:09:35:40 +0800] "GET /xingrg/all/common/auto_word.html?type=base&rest_code=00150&rest_code=00150 HTTP/1.1" 200 1853
116.238.191.126 - - [26/Jun/2023:09:35:40 +0800] "POST /xingrg/kc/mdqp/pssh_order_operate.html HTTP/1.1" 200 526
222.67.234.146 - - [26/Jun/2023:09:35:40 +0800] "GET /xingrg/all/function/internal_message.html?_=1687742830076&CODE_STATE=getMsg HTTP/1.1" 200 27
116.232.195.127 - - [26/Jun/2023:09:35:41 +0800] "GET /xingrg/all/function/internal_message.html?_=1687743330311&CODE_STATE=getMsg HTTP/1.1" 200 27
116.238.191.126 - - [26/Jun/2023:09:35:44 +0800] "GET /xingrg/all/function/internal_message.html?_=1687743266801&CODE_STATE=getMsg HTTP/1.1" 200 27
180.156.213.241 - - [26/Jun/2023:09:35:44 +0800] "GET /xingrg/all/function/internal_message.html?_=1687743344630&CODE_STATE=getMsg HTTP/1.1" 200 27
114.83.221.127 - - [26/Jun/2023:09:35:50 +0800] "GET /xingrg/kc/buy/cgsh_order_operate.html?command=get_materiel&rest_code=00149&code=00101006109&supplier_code=00100096&order_time=2023-06-26 HTTP/1.1" 200 411
116.238.191.126 - - [26/Jun/2023:09:35:51 +0800] "GET /xingrg/kc/base/wldb_order_list.html HTTP/1.1" 200 19104
116.238.191.126 - - [26/Jun/2023:09:35:52 +0800] "POST /xingrg/kc/base/wldb_list_operate.html HTTP/1.1" 200 928
180.169.147.146 - - [26/Jun/2023:09:35:56 +0800] "GET /favicon.ico HTTP/1.1" 404 -
116.238.191.126 - - [26/Jun/2023:09:36:02 +0800] "GET /xingrg/kc/base/wldb_order_add.html HTTP/1.1" 200 30387
116.238.191.126 - - [26/Jun/2023:09:36:03 +0800] "POST /xingrg/kc/base/wldb_order_operate.html HTTP/1.1" 200 6806
116.238.191.126 - - [26/Jun/2023:09:36:03 +0800] "GET /xingrg/javascript/easyui/themes/default/validatebox.css HTTP/1.1" 404 1104
116.238.191.126 - - [26/Jun/2023:09:36:03 +0800] "GET /xingrg/all/common/auto_word.html?type=base&rest_code=00150 HTTP/1.1" 200 1853
116.238.191.126 - - [26/Jun/2023:09:36:03 +0800] "GET /xingrg/all/common/auto_word.html?type=base&rest_code=00150 HTTP/1.1" 200 1853
114.83.221.127 - - [26/Jun/2023:09:36:04 +0800] "GET /xingrg/all/function/internal_message.html?_=1687743364551&CODE_STATE=getMsg HTTP/1.1" 200 27
116.238.191.126 - - [26/Jun/2023:09:36:04 +0800] "GET /xingrg/javascript/auto/indicator.gif HTTP/1.1" 404 1066
180.156.213.241 - - [26/Jun/2023:09:36:05 +0800] "GET /xingrg/kc/buy/cgsh_order_list.html HTTP/1.1" 200 55796
180.156.213.241 - - [26/Jun/2023:09:36:05 +0800] "GET /xingrg/css/base.css HTTP/1.1" 200 2811
180.156.213.241 - - [26/Jun/2023:09:36:05 +0800] "GET /xingrg/css/site.css HTTP/1.1" 200 7541
180.156.213.241 - - [26/Jun/2023:09:36:05 +0800] "GET /xingrg/javascript/jquery_tools/datebox.css HTTP/1.1" 200 2597
180.156.213.241 - - [26/Jun/2023:09:36:05 +0800] "GET /xingrg/javascript/jquery_tools/fix.css HTTP/1.1" 200 1702
180.156.213.241 - - [26/Jun/2023:09:36:05 +0800] "GET /xingrg/javascript/auto/jquery.autocomplete.css HTTP/1.1" 200 587
180.156.213.241 - - [26/Jun/2023:09:36:05 +0800] "GET /xingrg/javascript/easyui/themes/icon.css HTTP/1.1" 200 4483
180.156.213.241 - - [26/Jun/2023:09:36:05 +0800] "GET /xingrg/javascript/easyui/themes/default/easyui.css HTTP/1.1" 200 30432
180.156.213.241 - - [26/Jun/2023:09:36:05 +0800] "GET /xingrg/javascript/jquery_tools/jquery.tools.min.js HTTP/1.1" 200 138801
180.156.213.241 - - [26/Jun/2023:09:36:05 +0800] "GET /xingrg/javascript/jquery_tools/jquery.tools.hotkey.js HTTP/1.1" 200 3242
180.156.213.241 - - [26/Jun/2023:09:36:05 +0800] "GET /xingrg/javascript/jquery_tools/table.css HTTP/1.1" 200 1032
180.156.213.241 - - [26/Jun/2023:09:36:05 +0800] "GET /xingrg/javascript/jquery_tools/jquery.tools.extend.js HTTP/1.1" 200 15385
180.156.213.241 - - [26/Jun/2023:09:36:05 +0800] "GET /xingrg/javascript/jquery_tools/jquery.tools.table.js HTTP/1.1" 200 6994
180.156.213.241 - - [26/Jun/2023:09:36:05 +0800] "GET /xingrg/javascript/jquery_tools/list_manager.js HTTP/1.1" 200 3652
180.156.213.241 - - [26/Jun/2023:09:36:05 +0800] "GET /xingrg/javascript/easyui/easyloader.js HTTP/1.1" 200 5975
180.156.213.241 - - [26/Jun/2023:09:36:05 +0800] "GET /xingrg/javascript/auto/jquery.autocomplete.js HTTP/1.1" 200 21624
180.156.213.241 - - [26/Jun/2023:09:36:05 +0800] "GET /xingrg/javascript/jquery.utils.js HTTP/1.1" 200 11805
180.156.213.241 - - [26/Jun/2023:09:36:05 +0800] "GET /xingrg/javascript/jquery.cookie.js HTTP/1.1" 200 5513
180.156.213.241 - - [26/Jun/2023:09:36:05 +0800] "GET /xingrg/javascript/print/LodopFuncs.js HTTP/1.1" 200 5121
180.156.213.241 - - [26/Jun/2023:09:36:06 +0800] "GET /xingrg/javascript/easyui/themes/icons/import_new.png HTTP/1.1" 200 1247
180.156.213.241 - - [26/Jun/2023:09:36:06 +0800] "GET /xingrg/javascript/easyui/plugins/jquery.parser.js HTTP/1.1" 200 1142
114.83.221.127 - - [26/Jun/2023:09:36:06 +0800] "GET /xingrg/kc/buy/cgsh_order_operate.html?command=get_materiel&rest_code=00149&code=00101006112&supplier_code=00100096&order_time=2023-06-26 HTTP/1.1" 200 411
116.238.191.126 - - [26/Jun/2023:09:36:09 +0800] "GET /xingrg/kc/base/wldb_order_operate.html?command=get_materiel&rest_code=00150&base_code=0010446&code=00102001093 HTTP/1.1" 200 427
222.70.114.12 - - [26/Jun/2023:09:36:09 +0800] "GET /xingrg/all/function/internal_message.html?_=1687743370097&CODE_STATE=getMsg HTTP/1.1" 200 27
124.77.245.69 - - [26/Jun/2023:09:36:11 +0800] "GET /xingrg/all/function/internal_message.html?_=1687743373225&CODE_STATE=getMsg HTTP/1.1" 200 27
101.83.145.52 - - [26/Jun/2023:09:36:13 +0800] "GET /xingrg/check_reg.html?_=1687743195347 HTTP/1.1" 200 22
101.83.145.52 - - [26/Jun/2023:09:36:13 +0800] "GET /xingrg/all/function/internal_message.html?_=1687743195927&CODE_STATE=getMsg HTTP/1.1" 200 27
116.238.191.126 - - [26/Jun/2023:09:36:14 +0800] "GET /xingrg/kc/base/wldb_order_operate.html?command=get_materiel&rest_code=00150&base_code=0010446&code=00102001146 HTTP/1.1" 200 442
180.156.213.241 - - [26/Jun/2023:09:36:23 +0800] "POST /xingrg/kc/buy/cgsh_list_operate.html HTTP/1.1" 200 986
180.156.213.241 - - [26/Jun/2023:09:36:23 +0800] "GET /xingrg/javascript/easyui/themes/default/images/button_plain_hover.png HTTP/1.1" 200 144
222.70.180.90 - - [26/Jun/2023:09:36:26 +0800] "GET /xingrg/all/function/internal_message.html?_=1687743385778&CODE_STATE=getMsg HTTP/1.1" 200 27
180.156.213.241 - - [26/Jun/2023:09:36:27 +0800] "GET /xingrg/kc/buy/cgsh_order_add.html HTTP/1.1" 200 71613
180.156.213.241 - - [26/Jun/2023:09:36:27 +0800] "GET /xingrg/javascript/pic_change.js HTTP/1.1" 200 4739
180.156.213.241 - - [26/Jun/2023:09:36:27 +0800] "GET /xingrg/javascript/convert.js HTTP/1.1" 200 1239
180.156.213.241 - - [26/Jun/2023:09:36:27 +0800] "GET /xingrg/javascript/jquery_tools/order_manager.js HTTP/1.1" 200 11183
180.156.213.241 - - [26/Jun/2023:09:36:27 +0800] "GET /xingrg/javascript/json2.js HTTP/1.1" 200 11259
180.156.213.241 - - [26/Jun/2023:09:36:27 +0800] "GET /xingrg/javascript/print/kc_print.js HTTP/1.1" 200 11415
180.156.213.241 - - [26/Jun/2023:09:36:27 +0800] "GET /xingrg/words/20230625130449_words.js HTTP/1.1" 200 970677
180.156.213.241 - - [26/Jun/2023:09:36:27 +0800] "GET /xingrg/javascript/easyui/themes/icons/template_new.png HTTP/1.1" 200 3956
180.156.213.241 - - [26/Jun/2023:09:36:27 +0800] "GET /xingrg/javascript/easyui/themes/icons/copy_new.png HTTP/1.1" 200 815
180.156.213.241 - - [26/Jun/2023:09:36:27 +0800] "GET /xingrg/javascript/easyui/themes/icons/print.png HTTP/1.1" 200 1057
180.156.213.241 - - [26/Jun/2023:09:36:27 +0800] "GET /xingrg/javascript/easyui/themes/icons/ok.png HTTP/1.1" 200 883
180.156.213.241 - - [26/Jun/2023:09:36:27 +0800] "GET /xingrg/javascript/easyui/themes/default/images/menu_downarrow.png HTTP/1.1" 200 173
180.156.213.241 - - [26/Jun/2023:09:36:27 +0800] "GET /xingrg/javascript/easyui/themes/icons/cancel.png HTTP/1.1" 200 1133
180.156.213.241 - - [26/Jun/2023:09:36:27 +0800] "POST /xingrg/kc/buy/cgsh_order_operate.html HTTP/1.1" 200 8245
180.156.213.241 - - [26/Jun/2023:09:36:27 +0800] "GET /xingrg/javascript/easyui/themes/default/validatebox.css HTTP/1.1" 404 1104
180.156.213.241 - - [26/Jun/2023:09:36:27 +0800] "GET /xingrg/javascript/easyui/plugins/jquery.validatebox.js HTTP/1.1" 200 6103
180.156.213.241 - - [26/Jun/2023:09:36:27 +0800] "GET /xingrg/javascript/easyui/plugins/jquery.numberbox.js HTTP/1.1" 200 5213
180.156.213.241 - - [26/Jun/2023:09:36:27 +0800] "GET /xingrg/javascript/easyui/themes/icons/edit_remove.png HTTP/1.1" 200 625
180.156.213.241 - - [26/Jun/2023:09:36:27 +0800] "GET /xingrg/all/common/auto_word.html?type=employee&rest_code=00102 HTTP/1.1" 200 189
180.156.213.241 - - [26/Jun/2023:09:36:27 +0800] "GET /xingrg/all/common/auto_word.html?type=employee&rest_code=00102 HTTP/1.1" 200 189
114.83.221.127 - - [26/Jun/2023:09:36:27 +0800] "GET /xingrg/kc/buy/cgsh_order_operate.html?command=get_materiel&rest_code=00149&code=00101007082&supplier_code=00100096&order_time=2023-06-26 HTTP/1.1" 200 426
116.238.191.126 - - [26/Jun/2023:09:36:27 +0800] "GET /xingrg/all/function/internal_message.html?_=1687743387189&CODE_STATE=getMsg HTTP/1.1" 200 27
58.40.7.146 - - [26/Jun/2023:09:36:28 +0800] "GET /xingrg/all/function/internal_message.html?_=1687743388315&CODE_STATE=getMsg HTTP/1.1" 200 27
180.156.213.241 - - [26/Jun/2023:09:36:28 +0800] "GET /xingrg/javascript/auto/indicator.gif HTTP/1.1" 404 1066
114.85.113.108 - - [26/Jun/2023:09:36:29 +0800] "GET /xingrg/all/function/internal_message.html?_=1687743389231&CODE_STATE=getMsg HTTP/1.1" 200 27
120.253.135.82 - - [26/Jun/2023:09:36:31 +0800] "GET /xingrg/all/function/internal_message.html?_=1687743222525&CODE_STATE=getMsg HTTP/1.1" 200 27
58.40.7.146 - - [26/Jun/2023:09:36:39 +0800] "GET /xingrg/all/function/internal_message.html?_=1687743395905&CODE_STATE=getMsg HTTP/1.1" 200 27
222.67.234.146 - - [26/Jun/2023:09:36:40 +0800] "GET /xingrg/all/function/internal_message.html?_=1687742890100&CODE_STATE=getMsg HTTP/1.1" 200 27
222.67.234.146 - - [26/Jun/2023:09:36:40 +0800] "GET /xingrg/check_reg.html?_=1687742890102 HTTP/1.1" 200 22
116.232.195.127 - - [26/Jun/2023:09:36:41 +0800] "GET /xingrg/all/function/internal_message.html?_=1687743390310&CODE_STATE=getMsg HTTP/1.1" 200 27
116.238.191.126 - - [26/Jun/2023:09:36:44 +0800] "GET /xingrg/all/function/internal_message.html?_=1687743326818&CODE_STATE=getMsg HTTP/1.1" 200 27
180.156.213.241 - - [26/Jun/2023:09:36:44 +0800] "GET /xingrg/all/function/internal_message.html?_=1687743404611&CODE_STATE=getMsg HTTP/1.1" 200 27
114.83.221.127 - - [26/Jun/2023:09:36:52 +0800] "GET /xingrg/kc/buy/cgsh_order_operate.html?command=get_materiel&rest_code=00149&code=00101007106&supplier_code=00100096&order_time=2023-06-26 HTTP/1.1" 200 410
180.169.147.146 - - [26/Jun/2023:09:36:57 +0800] "POST /xingrg/kc/buy/cgsh_list_operate.html HTTP/1.1" 200 4
114.83.221.127 - - [26/Jun/2023:09:37:04 +0800] "GET /xingrg/all/function/internal_message.html?_=1687743424515&CODE_STATE=getMsg HTTP/1.1" 200 27
114.83.221.127 - - [26/Jun/2023:09:37:04 +0800] "GET /xingrg/check_reg.html?_=1687743424687 HTTP/1.1" 200 22
114.83.221.127 - - [26/Jun/2023:09:37:09 +0800] "POST /xingrg/kc/buy/cgsh_order_operate.html HTTP/1.1" 200 37
222.70.114.12 - - [26/Jun/2023:09:37:09 +0800] "GET /xingrg/all/function/internal_message.html?_=1687743430097&CODE_STATE=getMsg HTTP/1.1" 200 27
124.77.245.69 - - [26/Jun/2023:09:37:11 +0800] "GET /xingrg/all/function/internal_message.html?_=1687743433227&CODE_STATE=getMsg HTTP/1.1" 200 27
101.83.145.52 - - [26/Jun/2023:09:37:13 +0800] "GET /xingrg/all/function/internal_message.html?_=1687743255916&CODE_STATE=getMsg HTTP/1.1" 200 27
114.83.221.127 - - [26/Jun/2023:09:37:21 +0800] "POST /xingrg/kc/buy/cgsh_order_operate.html HTTP/1.1" 200 12
180.169.147.146 - - [26/Jun/2023:09:37:23 +0800] "POST /xingrg/kc/buy/cgsh_list_operate.html HTTP/1.1" 200 3161
114.83.221.127 - - [26/Jun/2023:09:37:25 +0800] "GET /xingrg/kc/buy/cgsh_order_info.html?code=212023062609514 HTTP/1.1" 200 66565
222.70.180.90 - - [26/Jun/2023:09:37:26 +0800] "GET /xingrg/all/function/internal_message.html?_=1687743445763&CODE_STATE=getMsg HTTP/1.1" 200 27
114.83.221.127 - - [26/Jun/2023:09:37:26 +0800] "GET /xingrg/javascript/easyui/themes/default/validatebox.css HTTP/1.1" 404 1104
114.83.221.127 - - [26/Jun/2023:09:37:27 +0800] "POST /xingrg/kc/buy/cgsh_order_operate.html HTTP/1.1" 200 4790
116.238.191.126 - - [26/Jun/2023:09:37:27 +0800] "GET /xingrg/all/function/internal_message.html?_=1687743447201&CODE_STATE=getMsg HTTP/1.1" 200 27
58.40.7.146 - - [26/Jun/2023:09:37:28 +0800] "GET /xingrg/all/function/internal_message.html?_=1687743448288&CODE_STATE=getMsg HTTP/1.1" 200 27
114.85.113.108 - - [26/Jun/2023:09:37:29 +0800] "GET /xingrg/all/function/internal_message.html?_=1687743449216&CODE_STATE=getMsg HTTP/1.1" 200 27
120.253.135.82 - - [26/Jun/2023:09:37:31 +0800] "GET /xingrg/all/function/internal_message.html?_=1687743282526&CODE_STATE=getMsg HTTP/1.1" 200 27
180.156.213.241 - - [26/Jun/2023:09:37:34 +0800] "GET /xingrg/kc/buy/cgsh_order_operate.html?command=get_materiel&rest_code=00102&code=00101006133&supplier_code=00100096&order_time=2023-06-26 HTTP/1.1" 200 413
180.169.147.146 - - [26/Jun/2023:09:37:35 +0800] "GET /xingrg/login.html HTTP/1.1" 200 7641
180.169.147.146 - - [26/Jun/2023:09:37:36 +0800] "GET /favicon.ico HTTP/1.1" 404 -
58.40.7.146 - - [26/Jun/2023:09:37:39 +0800] "GET /xingrg/all/function/internal_message.html?_=1687743455898&CODE_STATE=getMsg HTTP/1.1" 200 27
222.67.234.146 - - [26/Jun/2023:09:37:40 +0800] "GET /xingrg/all/function/internal_message.html?_=1687742950100&CODE_STATE=getMsg HTTP/1.1" 200 27
116.232.195.127 - - [26/Jun/2023:09:37:41 +0800] "GET /xingrg/all/function/internal_message.html?_=1687743450295&CODE_STATE=getMsg HTTP/1.1" 200 27
180.169.147.146 - - [26/Jun/2023:09:37:43 +0800] "POST /xingrg/login.do HTTP/1.1" 200 2421
180.169.147.146 - - [26/Jun/2023:09:37:43 +0800] "GET /xingrg/images/blue/pic_top.gif HTTP/1.1" 200 3656
180.169.147.146 - - [26/Jun/2023:09:37:43 +0800] "GET /xingrg/images/blue/pic_notice.jpg HTTP/1.1" 200 3583
180.169.147.146 - - [26/Jun/2023:09:37:43 +0800] "GET /xingrg/images/blue/error_mid.gif HTTP/1.1" 200 215
180.169.147.146 - - [26/Jun/2023:09:37:43 +0800] "GET /xingrg/images/blue/error_top.gif HTTP/1.1" 200 1790
180.169.147.146 - - [26/Jun/2023:09:37:43 +0800] "GET /xingrg/images/blue/error_buttom.gif HTTP/1.1" 200 1750
180.169.147.146 - - [26/Jun/2023:09:37:43 +0800] "GET /favicon.ico HTTP/1.1" 404 -
180.169.147.146 - - [26/Jun/2023:09:37:44 +0800] "GET /xingrg/login.html HTTP/1.1" 200 7641
180.169.147.146 - - [26/Jun/2023:09:37:44 +0800] "GET /favicon.ico HTTP/1.1" 404 -
116.238.191.126 - - [26/Jun/2023:09:37:44 +0800] "GET /xingrg/all/function/internal_message.html?_=1687743386828&CODE_STATE=getMsg HTTP/1.1" 200 27
180.156.213.241 - - [26/Jun/2023:09:37:44 +0800] "GET /xingrg/all/function/internal_message.html?_=1687743464606&CODE_STATE=getMsg HTTP/1.1" 200 27
180.169.147.146 - - [26/Jun/2023:09:37:52 +0800] "POST /xingrg/login.do HTTP/1.1" 302 -
180.169.147.146 - - [26/Jun/2023:09:37:52 +0800] "GET /xingrg/index.html?sysBaseUrl=http%3A%2F%2F180.169.147.146%3A18081%2Fxingrg%2F&costTime=3171×tamp=1687743472067 HTTP/1.1" 200 17503
180.169.147.146 - - [26/Jun/2023:09:37:52 +0800] "GET /favicon.ico HTTP/1.1" 404 -
180.169.147.146 - - [26/Jun/2023:09:37:52 +0800] "GET /xingrg/all/function/internal_message.html?_=1687743468947&CODE_STATE=count HTTP/1.1" 200 11
180.169.147.146 - - [26/Jun/2023:09:37:52 +0800] "GET /xingrg/check_reg.html?_=1687743468947 HTTP/1.1" 200 22
180.169.147.146 - - [26/Jun/2023:09:37:52 +0800] "POST /xingrg/all/common/load_tree.html?tree=area_rest_tree_json&manage=1 HTTP/1.1" 200 2106
180.169.147.146 - - [26/Jun/2023:09:37:52 +0800] "POST /xingrg/load_menu.html HTTP/1.1" 200 11564
180.169.147.146 - - [26/Jun/2023:09:37:54 +0800] "GET /xingrg/kc/report/report_main.html HTTP/1.1" 200 8599
180.169.147.146 - - [26/Jun/2023:09:37:56 +0800] "GET /xingrg/kc/base/kc_stocks.html HTTP/1.1" 200 16506
180.169.147.146 - - [26/Jun/2023:09:37:57 +0800] "GET /xingrg/javascript/easyui/themes/default/tree.css HTTP/1.1" 404 1090
180.169.147.146 - - [26/Jun/2023:09:37:57 +0800] "GET /xingrg/all/common/auto_word.html?type=base&rest_code=00101 HTTP/1.1" 200 671
180.169.147.146 - - [26/Jun/2023:09:37:57 +0800] "POST /xingrg/all/common/load_tree.html?tree=materiel_sort_tree_json HTTP/1.1" 200 9500
114.83.221.127 - - [26/Jun/2023:09:38:04 +0800] "GET /xingrg/all/function/internal_message.html?_=1687743484500&CODE_STATE=getMsg HTTP/1.1" 200 27
180.169.147.146 - - [26/Jun/2023:09:38:08 +0800] "POST /xingrg/kc/buy/cgsh_list_operate.html HTTP/1.1" 200 4
180.169.147.146 - - [26/Jun/2023:09:38:09 +0800] "POST /xingrg/kc/base/stock_operate.html HTTP/1.1" 200 1675
222.70.114.12 - - [26/Jun/2023:09:38:10 +0800] "GET /xingrg/all/function/internal_message.html?_=1687743490095&CODE_STATE=getMsg HTTP/1.1" 302 -
222.70.114.12 - - [26/Jun/2023:09:38:10 +0800] "GET /xingrg/check_reg.html?_=1687743490098 HTTP/1.1" 302 -
222.70.114.12 - - [26/Jun/2023:09:38:10 +0800] "GET /xingrg/login.html HTTP/1.1" 200 7641
222.70.114.12 - - [26/Jun/2023:09:38:10 +0800] "GET /xingrg/login.html HTTP/1.1" 200 7641
124.77.245.69 - - [26/Jun/2023:09:38:11 +0800] "GET /xingrg/check_reg.html?_=1687743493023 HTTP/1.1" 200 22
180.169.147.146 - - [26/Jun/2023:09:38:11 +0800] "GET /xingrg/kc/base/stock_detail.html?m=00101005061 HTTP/1.1" 200 6433
124.77.245.69 - - [26/Jun/2023:09:38:11 +0800] "GET /xingrg/all/function/internal_message.html?_=1687743493242&CODE_STATE=getMsg HTTP/1.1" 200 27
101.83.145.52 - - [26/Jun/2023:09:38:13 +0800] "GET /xingrg/all/function/internal_message.html?_=1687743315907&CODE_STATE=getMsg HTTP/1.1" 200 27
180.169.147.146 - - [26/Jun/2023:09:38:19 +0800] "GET /xingrg/kc/base/stock_operate.html?_=1687743495756&command=get_report_file&start_day=20230601 HTTP/1.1" 200 53
180.169.147.146 - - [26/Jun/2023:09:38:19 +0800] "GET /xingrg/all/report/report_query.html?isQuery=1&onlyBody=1&rh=2000&fileName=kc/base/kc_stock_detail_new.xml&queryString=(1=1)&queryText=&tableQueryString=init_table$sp1$$sp$crk_table$sp1$order_day%20between%2020230601%20and%2020230630&varString=start_day:20230601,materiel_code:00101005061,cost_id:4412,end_date:20230430 HTTP/1.1" 200 48701
180.169.147.146 - - [26/Jun/2023:09:38:19 +0800] "GET /xingrg/dwr/interface/AjaxReportQueryService.js HTTP/1.1" 200 13203
180.169.147.146 - - [26/Jun/2023:09:38:19 +0800] "GET /xingrg/dwr/engine.js HTTP/1.1" 200 43631
180.169.147.146 - - [26/Jun/2023:09:38:19 +0800] "GET /xingrg/dwr/util.js HTTP/1.1" 304 -
180.169.147.146 - - [26/Jun/2023:09:38:21 +0800] "POST /xingrg/all/report/load_report_page.html HTTP/1.1" 200 89
116.238.191.126 - - [26/Jun/2023:09:38:22 +0800] "GET /xingrg/kc/mdqp/qqps_order_list.html HTTP/1.1" 200 9222
116.238.191.126 - - [26/Jun/2023:09:38:22 +0800] "GET /xingrg/dwr/interface/AjaxQqpsService.js HTTP/1.1" 200 16326
116.238.191.126 - - [26/Jun/2023:09:38:22 +0800] "GET /xingrg/dwr/util.js HTTP/1.1" 304 -
116.238.191.126 - - [26/Jun/2023:09:38:22 +0800] "GET /xingrg/dwr/interface/AjaxReportQueryService.js HTTP/1.1" 200 13203
116.238.191.126 - - [26/Jun/2023:09:38:22 +0800] "GET /xingrg/dwr/engine.js HTTP/1.1" 200 43631
116.238.191.126 - - [26/Jun/2023:09:38:23 +0800] "GET /xingrg/kc/mdqp/pssh_order_list.html HTTP/1.1" 200 17886
116.238.191.126 - - [26/Jun/2023:09:38:23 +0800] "POST /xingrg/kc/mdqp/pssh_list_operate.html HTTP/1.1" 200 5526
222.70.180.90 - - [26/Jun/2023:09:38:26 +0800] "GET /xingrg/all/function/internal_message.html?_=1687743505763&CODE_STATE=getMsg HTTP/1.1" 200 27
116.238.191.126 - - [26/Jun/2023:09:38:27 +0800] "GET /xingrg/all/function/internal_message.html?_=1687743507199&CODE_STATE=getMsg HTTP/1.1" 200 27
58.40.7.146 - - [26/Jun/2023:09:38:28 +0800] "GET /xingrg/all/function/internal_message.html?_=1687743508259&CODE_STATE=getMsg HTTP/1.1" 200 27
120.253.135.82 - - [26/Jun/2023:09:38:28 +0800] "GET /xingrg/check_reg.html?_=1687743339764 HTTP/1.1" 200 22
114.85.113.108 - - [26/Jun/2023:09:38:29 +0800] "GET /xingrg/all/function/internal_message.html?_=1687743509202&CODE_STATE=getMsg HTTP/1.1" 200 27
120.253.135.82 - - [26/Jun/2023:09:38:31 +0800] "GET /xingrg/all/function/internal_message.html?_=1687743342539&CODE_STATE=getMsg HTTP/1.1" 200 27
180.169.147.146 - - [26/Jun/2023:09:38:31 +0800] "POST /xingrg/all/user/operate.html HTTP/1.1" 200 36
180.169.147.146 - - [26/Jun/2023:09:38:32 +0800] "GET /xingrg/index.html?sysBaseUrl=http%3A%2F%2F180.169.147.146%3A18081%2Fxingrg%2F&costTime=3171×tamp=1687743472067 HTTP/1.1" 200 17503
180.169.147.146 - - [26/Jun/2023:09:38:32 +0800] "GET /xingrg/javascript/jquery_easy_ui/themes/default/easyui.css HTTP/1.1" 304 -
180.169.147.146 - - [26/Jun/2023:09:38:32 +0800] "GET /xingrg/javascript/jquery_easy_ui/themes/icon.css HTTP/1.1" 304 -
180.169.147.146 - - [26/Jun/2023:09:38:32 +0800] "GET /xingrg/css/form.css HTTP/1.1" 304 -
180.169.147.146 - - [26/Jun/2023:09:38:32 +0800] "GET /xingrg/javascript/jquery-1.4.2.min.js HTTP/1.1" 304 -
180.169.147.146 - - [26/Jun/2023:09:38:32 +0800] "GET /xingrg/javascript/jquery_easy_ui/jquery.easyui.min.js HTTP/1.1" 304 -
180.169.147.146 - - [26/Jun/2023:09:38:32 +0800] "GET /xingrg/javascript/jquery_easy_ui/easyui-lang-zh_CN.js HTTP/1.1" 304 -
180.169.147.146 - - [26/Jun/2023:09:38:32 +0800] "GET /xingrg/javascript/jquery.form.js HTTP/1.1" 304 -
180.169.147.146 - - [26/Jun/2023:09:38:32 +0800] "GET /xingrg/javascript/jquery.utils.js HTTP/1.1" 304 -
180.169.147.146 - - [26/Jun/2023:09:38:32 +0800] "GET /xingrg/javascript/jquery.timers.js HTTP/1.1" 304 -
180.169.147.146 - - [26/Jun/2023:09:38:32 +0800] "GET /xingrg/images/blue/jxLogo.png HTTP/1.1" 304 -
180.169.147.146 - - [26/Jun/2023:09:38:32 +0800] "GET /xingrg/images/blue/navBackgound.jpg HTTP/1.1" 304 -
180.169.147.146 - - [26/Jun/2023:09:38:32 +0800] "GET /xingrg/javascript/jquery_easy_ui/themes/icons/settle_new.png HTTP/1.1" 304 -
180.169.147.146 - - [26/Jun/2023:09:38:32 +0800] "GET /xingrg/all/function/internal_message.html?_=1687743508745&CODE_STATE=count HTTP/1.1" 200 11
180.169.147.146 - - [26/Jun/2023:09:38:32 +0800] "GET /xingrg/check_reg.html?_=1687743508747 HTTP/1.1" 200 22
180.169.147.146 - - [26/Jun/2023:09:38:32 +0800] "GET /xingrg/javascript/jquery_easy_ui/themes/default/images/tabs_leftarrow.png HTTP/1.1" 304 -
180.169.147.146 - - [26/Jun/2023:09:38:32 +0800] "GET /xingrg/javascript/jquery_easy_ui/themes/default/images/tabs_rightarrow.png HTTP/1.1" 304 -
180.169.147.146 - - [26/Jun/2023:09:38:32 +0800] "GET /xingrg/javascript/jquery_easy_ui/themes/default/images/panel_tool_expand.gif HTTP/1.1" 304 -
180.169.147.146 - - [26/Jun/2023:09:38:32 +0800] "GET /xingrg/javascript/jquery_easy_ui/themes/default/images/panel_tool_collapse.gif HTTP/1.1" 304 -
180.169.147.146 - - [26/Jun/2023:09:38:32 +0800] "GET /xingrg/images/blue/pingpu.png HTTP/1.1" 304 -
180.169.147.146 - - [26/Jun/2023:09:38:32 +0800] "POST /xingrg/all/common/load_tree.html?tree=area_rest_tree_json&manage=1 HTTP/1.1" 200 2106
180.169.147.146 - - [26/Jun/2023:09:38:32 +0800] "POST /xingrg/load_menu.html HTTP/1.1" 200 9959
180.169.147.146 - - [26/Jun/2023:09:38:33 +0800] "GET /xingrg/kc/report/report_main.html HTTP/1.1" 200 7340
180.169.147.146 - - [26/Jun/2023:09:38:34 +0800] "GET /xingrg/kc/base/kc_stocks.html HTTP/1.1" 200 16506
180.169.147.146 - - [26/Jun/2023:09:38:35 +0800] "GET /xingrg/javascript/easyui/themes/default/tree.css HTTP/1.1" 404 1090
180.169.147.146 - - [26/Jun/2023:09:38:35 +0800] "GET /xingrg/all/common/auto_word.html?type=base&rest_code=00105 HTTP/1.1" 200 1907
180.169.147.146 - - [26/Jun/2023:09:38:35 +0800] "POST /xingrg/all/common/load_tree.html?tree=materiel_sort_tree_json HTTP/1.1" 200 9500
58.40.7.146 - - [26/Jun/2023:09:38:39 +0800] "GET /xingrg/all/function/internal_message.html?_=1687743515913&CODE_STATE=getMsg HTTP/1.1" 200 27
222.67.234.146 - - [26/Jun/2023:09:38:40 +0800] "GET /xingrg/all/function/internal_message.html?_=1687743010099&CODE_STATE=getMsg HTTP/1.1" 200 27
180.169.147.146 - - [26/Jun/2023:09:38:41 +0800] "POST /xingrg/kc/base/stock_operate.html HTTP/1.1" 200 1710
116.232.195.127 - - [26/Jun/2023:09:38:41 +0800] "GET /xingrg/all/function/internal_message.html?_=1687743510297&CODE_STATE=getMsg HTTP/1.1" 200 27
116.232.195.127 - - [26/Jun/2023:09:38:42 +0800] "GET /xingrg/check_reg.html?_=1687743510814 HTTP/1.1" 200 22
180.169.147.146 - - [26/Jun/2023:09:38:43 +0800] "GET /xingrg/kc/base/stock_detail.html?m=00101005061 HTTP/1.1" 200 7399
116.238.191.126 - - [26/Jun/2023:09:38:44 +0800] "GET /xingrg/check_reg.html?_=1687743446720 HTTP/1.1" 200 22
180.156.213.241 - - [26/Jun/2023:09:38:44 +0800] "GET /xingrg/all/function/internal_message.html?_=1687743524601&CODE_STATE=getMsg HTTP/1.1" 200 27
116.238.191.126 - - [26/Jun/2023:09:38:44 +0800] "GET /xingrg/all/function/internal_message.html?_=1687743446841&CODE_STATE=getMsg HTTP/1.1" 200 27
180.169.147.146 - - [26/Jun/2023:09:38:45 +0800] "GET /xingrg/kc/base/stock_operate.html?_=1687743521739&command=get_report_file&start_day=20230601 HTTP/1.1" 200 53
180.169.147.146 - - [26/Jun/2023:09:38:45 +0800] "GET /xingrg/all/report/report_query.html?isQuery=1&onlyBody=1&rh=2000&fileName=kc/base/kc_stock_detail_new.xml&queryString=(1=1)&queryText=&tableQueryString=init_table$sp1$$sp$crk_table$sp1$order_day%20between%2020230601%20and%2020230630&varString=start_day:20230601,materiel_code:00101005061,cost_id:4378,end_date:20230531 HTTP/1.1" 200 48701
180.156.213.241 - - [26/Jun/2023:09:38:45 +0800] "GET /xingrg/check_reg.html?_=1687743525265 HTTP/1.1" 200 22
180.169.147.146 - - [26/Jun/2023:09:38:45 +0800] "GET /xingrg/dwr/interface/AjaxReportQueryService.js HTTP/1.1" 200 13203
180.169.147.146 - - [26/Jun/2023:09:38:45 +0800] "GET /xingrg/dwr/engine.js HTTP/1.1" 200 43631
114.85.113.108 - - [26/Jun/2023:09:38:46 +0800] "GET /xingrg/check_reg.html?_=1687743526040 HTTP/1.1" 200 22
180.169.147.146 - - [26/Jun/2023:09:38:47 +0800] "POST /xingrg/all/report/load_report_page.html HTTP/1.1" 200 20152
180.169.147.146 - - [26/Jun/2023:09:38:47 +0800] "GET /xingrg/servlets/image?cache=0.7607507939281735&image=px HTTP/1.1" 200 807
180.169.147.146 - - [26/Jun/2023:09:38:57 +0800] "GET /xingrg/kc/base/stock_detail.html?m=00101010592 HTTP/1.1" 200 7403
180.156.213.241 - - [26/Jun/2023:09:38:57 +0800] "GET /xingrg/kc/buy/cgsh_order_operate.html?command=get_materiel&rest_code=00102&code=00101016104&supplier_code=00100096&order_time=2023-06-26 HTTP/1.1" 200 408
180.169.147.146 - - [26/Jun/2023:09:38:59 +0800] "GET /xingrg/kc/base/stock_operate.html?_=1687743535458&command=get_report_file&start_day=20230601 HTTP/1.1" 200 53
180.169.147.146 - - [26/Jun/2023:09:38:59 +0800] "GET /xingrg/all/report/report_query.html?isQuery=1&onlyBody=1&rh=2000&fileName=kc/base/kc_stock_detail_new.xml&queryString=(1=1)&queryText=&tableQueryString=init_table$sp1$$sp$crk_table$sp1$order_day%20between%2020230601%20and%2020230630&varString=start_day:20230601,materiel_code:00101010592,cost_id:4378,end_date:20230531 HTTP/1.1" 200 48701
180.169.147.146 - - [26/Jun/2023:09:38:59 +0800] "GET /xingrg/dwr/interface/AjaxReportQueryService.js HTTP/1.1" 200 13203
180.169.147.146 - - [26/Jun/2023:09:38:59 +0800] "GET /xingrg/dwr/engine.js HTTP/1.1" 200 43631
180.169.147.146 - - [26/Jun/2023:09:39:01 +0800] "POST /xingrg/all/report/load_report_page.html HTTP/1.1" 200 20263
180.169.147.146 - - [26/Jun/2023:09:39:01 +0800] "GET /xingrg/servlets/image?cache=0.13848479269803293&image=px HTTP/1.1" 200 807
114.83.221.127 - - [26/Jun/2023:09:39:04 +0800] "GET /xingrg/all/function/internal_message.html?_=1687743544472&CODE_STATE=getMsg HTTP/1.1" 200 27
222.70.114.12 - - [26/Jun/2023:09:39:09 +0800] "GET /xingrg/all/function/internal_message.html?_=1687743550097&CODE_STATE=getMsg HTTP/1.1" 302 -
180.169.147.146 - - [26/Jun/2023:09:39:10 +0800] "GET /xingrg/javascript/easyui/themes/sunny/images/ui-bg_gloss-wave_60_fece2f_500x100.png HTTP/1.1" 200 3512
124.77.245.69 - - [26/Jun/2023:09:39:11 +0800] "GET /xingrg/all/function/internal_message.html?_=1687743553255&CODE_STATE=getMsg HTTP/1.1" 200 27
101.83.145.52 - - [26/Jun/2023:09:39:13 +0800] "GET /xingrg/all/function/internal_message.html?_=1687743375895&CODE_STATE=getMsg HTTP/1.1" 200 27
180.169.147.146 - - [26/Jun/2023:09:39:15 +0800] "GET /xingrg/kc/base/stock_detail.html?m=00101005061 HTTP/1.1" 200 7399
180.169.147.146 - - [26/Jun/2023:09:39:17 +0800] "GET /xingrg/kc/base/stock_operate.html?_=1687743553495&command=get_report_file&start_day=20230601 HTTP/1.1" 200 53
180.169.147.146 - - [26/Jun/2023:09:39:17 +0800] "GET /xingrg/all/report/report_query.html?isQuery=1&onlyBody=1&rh=2000&fileName=kc/base/kc_stock_detail_new.xml&queryString=(1=1)&queryText=&tableQueryString=init_table$sp1$$sp$crk_table$sp1$order_day%20between%2020230601%20and%2020230630&varString=start_day:20230601,materiel_code:00101005061,cost_id:4378,end_date:20230531 HTTP/1.1" 200 48701
180.169.147.146 - - [26/Jun/2023:09:39:17 +0800] "GET /xingrg/dwr/interface/AjaxReportQueryService.js HTTP/1.1" 200 13203
180.169.147.146 - - [26/Jun/2023:09:39:17 +0800] "GET /xingrg/dwr/engine.js HTTP/1.1" 200 43631
58.40.7.146 - - [26/Jun/2023:09:39:18 +0800] "GET /xingrg/check_reg.html?_=1687743558854 HTTP/1.1" 200 22
180.169.147.146 - - [26/Jun/2023:09:39:19 +0800] "POST /xingrg/all/report/load_report_page.html HTTP/1.1" 200 20152
180.169.147.146 - - [26/Jun/2023:09:39:19 +0800] "GET /xingrg/servlets/image?cache=0.4304798794491994&image=px HTTP/1.1" 200 807
180.169.147.146 - - [26/Jun/2023:09:39:23 +0800] "GET /xingrg/kc/base/wldb_order_list.html HTTP/1.1" 200 19353
180.169.147.146 - - [26/Jun/2023:09:39:24 +0800] "POST /xingrg/kc/base/wldb_list_operate.html HTTP/1.1" 200 2544
124.79.243.110 - - [26/Jun/2023:09:39:24 +0800] "POST /xingrg/services/DataTransmitService HTTP/1.1" 200 524
222.70.180.90 - - [26/Jun/2023:09:39:26 +0800] "GET /xingrg/all/function/internal_message.html?_=1687743565764&CODE_STATE=getMsg HTTP/1.1" 200 27
180.169.147.146 - - [26/Jun/2023:09:39:26 +0800] "GET /xingrg/kc/base/wldb_order_add.html HTTP/1.1" 200 30381
180.169.147.146 - - [26/Jun/2023:09:39:27 +0800] "GET /xingrg/words/20230625130449_words.js HTTP/1.1" 200 970677
180.169.147.146 - - [26/Jun/2023:09:39:27 +0800] "GET /xingrg/javascript/easyui/themes/icons/template_new.png HTTP/1.1" 200 3956
180.169.147.146 - - [26/Jun/2023:09:39:27 +0800] "GET /xingrg/javascript/easyui/themes/icons/ok.png HTTP/1.1" 200 883
180.169.147.146 - - [26/Jun/2023:09:39:27 +0800] "GET /xingrg/javascript/easyui/themes/default/validatebox.css HTTP/1.1" 404 1104
180.169.147.146 - - [26/Jun/2023:09:39:27 +0800] "POST /xingrg/kc/base/wldb_order_operate.html HTTP/1.1" 200 6806
116.238.191.126 - - [26/Jun/2023:09:39:27 +0800] "GET /xingrg/check_reg.html?_=1687743567204 HTTP/1.1" 200 22
116.238.191.126 - - [26/Jun/2023:09:39:27 +0800] "GET /xingrg/all/function/internal_message.html?_=1687743567208&CODE_STATE=getMsg HTTP/1.1" 200 27
58.40.7.146 - - [26/Jun/2023:09:39:28 +0800] "GET /xingrg/all/function/internal_message.html?_=1687743568232&CODE_STATE=getMsg HTTP/1.1" 200 27
180.156.213.241 - - [26/Jun/2023:09:39:28 +0800] "GET /xingrg/kc/buy/cgsh_order_operate.html?command=get_materiel&rest_code=00102&code=00101006193&supplier_code=00100096&order_time=2023-06-26 HTTP/1.1" 200 409
114.85.113.108 - - [26/Jun/2023:09:39:29 +0800] "GET /xingrg/all/function/internal_message.html?_=1687743569177&CODE_STATE=getMsg HTTP/1.1" 200 27
180.169.147.146 - - [26/Jun/2023:09:39:29 +0800] "GET /xingrg/javascript/auto/indicator.gif HTTP/1.1" 404 1066
120.253.135.82 - - [26/Jun/2023:09:39:31 +0800] "GET /xingrg/all/function/internal_message.html?_=1687743402553&CODE_STATE=getMsg HTTP/1.1" 200 27
180.169.147.146 - - [26/Jun/2023:09:39:32 +0800] "GET /xingrg/all/function/internal_message.html?_=1687743568760&CODE_STATE=getMsg HTTP/1.1" 200 27
180.169.147.146 - - [26/Jun/2023:09:39:33 +0800] "GET /xingrg/kc/base/wldb_order_operate.html?command=get_materiel&rest_code=00105&base_code=&code=00101005061 HTTP/1.1" 200 432
58.40.7.146 - - [26/Jun/2023:09:39:39 +0800] "GET /xingrg/check_reg.html?_=1687743575914 HTTP/1.1" 200 22
58.40.7.146 - - [26/Jun/2023:09:39:39 +0800] "GET /xingrg/all/function/internal_message.html?_=1687743575916&CODE_STATE=getMsg HTTP/1.1" 200 27
180.169.147.146 - - [26/Jun/2023:09:39:39 +0800] "GET /xingrg/kc/base/wldb_order_operate.html?command=get_materiel&rest_code=00105&base_code=&code=00101010592 HTTP/1.1" 200 440
222.67.234.146 - - [26/Jun/2023:09:39:40 +0800] "GET /xingrg/all/function/internal_message.html?_=1687743070098&CODE_STATE=getMsg HTTP/1.1" 200 27
116.232.195.127 - - [26/Jun/2023:09:39:41 +0800] "GET /xingrg/all/function/internal_message.html?_=1687743570277&CODE_STATE=getMsg HTTP/1.1" 200 27
180.156.213.241 - - [26/Jun/2023:09:39:44 +0800] "GET /xingrg/all/function/internal_message.html?_=1687743584594&CODE_STATE=getMsg HTTP/1.1" 200 27
116.238.191.126 - - [26/Jun/2023:09:39:44 +0800] "GET /xingrg/all/function/internal_message.html?_=1687743506856&CODE_STATE=getMsg HTTP/1.1" 200 27
180.169.147.146 - - [26/Jun/2023:09:40:03 +0800] "GET /xingrg/kc/base/check_order_list.html HTTP/1.1" 200 16478
180.169.147.146 - - [26/Jun/2023:09:40:04 +0800] "POST /xingrg/kc/base/check_list_operate.html HTTP/1.1" 200 781
114.83.221.127 - - [26/Jun/2023:09:40:04 +0800] "GET /xingrg/all/function/internal_message.html?_=1687743604456&CODE_STATE=getMsg HTTP/1.1" 200 27
180.169.147.146 - - [26/Jun/2023:09:40:07 +0800] "POST /xingrg/kc/base/check_list_operate.html HTTP/1.1" 200 5343
222.70.114.12 - - [26/Jun/2023:09:40:09 +0800] "GET /xingrg/all/function/internal_message.html?_=1687743610096&CODE_STATE=getMsg HTTP/1.1" 302 -
124.77.245.69 - - [26/Jun/2023:09:40:11 +0800] "GET /xingrg/all/function/internal_message.html?_=1687743613268&CODE_STATE=getMsg HTTP/1.1" 200 27
101.83.145.52 - - [26/Jun/2023:09:40:13 +0800] "GET /xingrg/all/function/internal_message.html?_=1687743435887&CODE_STATE=getMsg HTTP/1.1" 200 27
180.169.147.146 - - [26/Jun/2023:09:40:14 +0800] "GET /xingrg/kc/base/check_order_info.html?code=452023053100345 HTTP/1.1" 200 23114
180.169.147.146 - - [26/Jun/2023:09:40:14 +0800] "GET /xingrg/dwr/interface/AjaxComOrderService.js HTTP/1.1" 200 18264
180.169.147.146 - - [26/Jun/2023:09:40:14 +0800] "GET /xingrg/dwr/engine.js HTTP/1.1" 200 43631
180.169.147.146 - - [26/Jun/2023:09:40:14 +0800] "GET /xingrg/dwr/interface/AjaxCheckService.js HTTP/1.1" 200 14003
180.169.147.146 - - [26/Jun/2023:09:40:14 +0800] "GET /xingrg/javascript/AjaxInfoList.js HTTP/1.1" 200 3774
180.169.147.146 - - [26/Jun/2023:09:40:14 +0800] "GET /xingrg/javascript/jquery_easy_ui/themes/icons/exam_new.png HTTP/1.1" 200 756
180.169.147.146 - - [26/Jun/2023:09:40:14 +0800] "POST /xingrg/dwr/call/plaincall/AjaxCheckService.loadOrderItems.dwr HTTP/1.1" 200 90147
222.70.180.90 - - [26/Jun/2023:09:40:26 +0800] "GET /xingrg/check_reg.html?_=1687743625764 HTTP/1.1" 200 22
222.70.180.90 - - [26/Jun/2023:09:40:26 +0800] "GET /xingrg/all/function/internal_message.html?_=1687743625764&CODE_STATE=getMsg HTTP/1.1" 200 27
116.238.191.126 - - [26/Jun/2023:09:40:27 +0800] "GET /xingrg/all/function/internal_message.html?_=1687743627211&CODE_STATE=getMsg HTTP/1.1" 200 27
58.40.7.146 - - [26/Jun/2023:09:40:28 +0800] "GET /xingrg/all/function/internal_message.html?_=1687743628202&CODE_STATE=getMsg HTTP/1.1" 200 27
114.85.113.108 - - [26/Jun/2023:09:40:29 +0800] "GET /xingrg/all/function/internal_message.html?_=1687743629162&CODE_STATE=getMsg HTTP/1.1" 200 27
120.253.135.82 - - [26/Jun/2023:09:40:31 +0800] "GET /xingrg/all/function/internal_message.html?_=1687743462567&CODE_STATE=getMsg HTTP/1.1" 200 27
180.169.147.146 - - [26/Jun/2023:09:40:32 +0800] "GET /xingrg/all/function/internal_message.html?_=1687743628759&CODE_STATE=getMsg HTTP/1.1" 200 27
58.40.7.146 - - [26/Jun/2023:09:40:39 +0800] "GET /xingrg/all/function/internal_message.html?_=1687743635916&CODE_STATE=getMsg HTTP/1.1" 200 27
222.67.234.146 - - [26/Jun/2023:09:40:40 +0800] "GET /xingrg/all/function/internal_message.html?_=1687743130097&CODE_STATE=getMsg HTTP/1.1" 200 27
116.232.195.127 - - [26/Jun/2023:09:40:41 +0800] "GET /xingrg/all/function/internal_message.html?_=1687743630255&CODE_STATE=getMsg HTTP/1.1" 200 27
180.156.213.241 - - [26/Jun/2023:09:40:44 +0800] "GET /xingrg/kc/buy/cgsh_order_operate.html?command=get_materiel&rest_code=00102&code=00101006112&supplier_code=00100096&order_time=2023-06-26 HTTP/1.1" 200 409
180.156.213.241 - - [26/Jun/2023:09:40:44 +0800] "GET /xingrg/all/function/internal_message.html?_=1687743644582&CODE_STATE=getMsg HTTP/1.1" 200 27
116.238.191.126 - - [26/Jun/2023:09:40:44 +0800] "GET /xingrg/all/function/internal_message.html?_=1687743566868&CODE_STATE=getMsg HTTP/1.1" 200 27
180.156.213.241 - - [26/Jun/2023:09:41:02 +0800] "GET /xingrg/kc/buy/cgsh_order_operate.html?command=get_materiel&rest_code=00102&code=00101006111&supplier_code=00100096&order_time=2023-06-26 HTTP/1.1" 200 411
114.83.221.127 - - [26/Jun/2023:09:41:04 +0800] "GET /xingrg/all/function/internal_message.html?_=1687743664442&CODE_STATE=getMsg HTTP/1.1" 200 27
222.70.114.12 - - [26/Jun/2023:09:41:09 +0800] "GET /xingrg/all/function/internal_message.html?_=1687743670095&CODE_STATE=getMsg HTTP/1.1" 302 -
124.77.245.69 - - [26/Jun/2023:09:41:11 +0800] "GET /xingrg/all/function/internal_message.html?_=1687743673393&CODE_STATE=getMsg HTTP/1.1" 200 27
101.83.145.52 - - [26/Jun/2023:09:41:13 +0800] "GET /xingrg/check_reg.html?_=1687743495348 HTTP/1.1" 200 22
101.83.145.52 - - [26/Jun/2023:09:41:13 +0800] "GET /xingrg/all/function/internal_message.html?_=1687743495868&CODE_STATE=getMsg HTTP/1.1" 200 27
180.169.147.146 - - [26/Jun/2023:09:41:16 +0800] "GET /xingrg/kc/report/report_main.html HTTP/1.1" 200 7340
180.169.147.146 - - [26/Jun/2023:09:41:19 +0800] "GET /xingrg/kc/base/kc_stocks.html HTTP/1.1" 200 16506
180.169.147.146 - - [26/Jun/2023:09:41:19 +0800] "GET /xingrg/javascript/easyui/themes/default/tree.css HTTP/1.1" 404 1090
180.169.147.146 - - [26/Jun/2023:09:41:19 +0800] "POST /xingrg/all/common/load_tree.html?tree=materiel_sort_tree_json HTTP/1.1" 200 9500
180.169.147.146 - - [26/Jun/2023:09:41:25 +0800] "POST /xingrg/kc/base/stock_operate.html HTTP/1.1" 200 1710
222.70.180.90 - - [26/Jun/2023:09:41:26 +0800] "GET /xingrg/all/function/internal_message.html?_=1687743685762&CODE_STATE=getMsg HTTP/1.1" 200 27
116.238.191.126 - - [26/Jun/2023:09:41:27 +0800] "GET /xingrg/all/function/internal_message.html?_=1687743687213&CODE_STATE=getMsg HTTP/1.1" 200 27
58.40.7.146 - - [26/Jun/2023:09:41:28 +0800] "GET /xingrg/all/function/internal_message.html?_=1687743688175&CODE_STATE=getMsg HTTP/1.1" 200 27
114.85.113.108 - - [26/Jun/2023:09:41:29 +0800] "GET /xingrg/all/function/internal_message.html?_=1687743689144&CODE_STATE=getMsg HTTP/1.1" 200 27
120.253.135.82 - - [26/Jun/2023:09:41:31 +0800] "GET /xingrg/all/function/internal_message.html?_=1687743522651&CODE_STATE=getMsg HTTP/1.1" 200 27
180.169.147.146 - - [26/Jun/2023:09:41:32 +0800] "GET /xingrg/all/function/internal_message.html?_=1687743688745&CODE_STATE=getMsg HTTP/1.1" 200 27
180.169.147.146 - - [26/Jun/2023:09:41:33 +0800] "GET /xingrg/kc/base/stock_detail.html?m=00101010592 HTTP/1.1" 200 7403
180.169.147.146 - - [26/Jun/2023:09:41:37 +0800] "GET /xingrg/kc/base/stock_operate.html?_=1687743694045&command=get_report_file&start_day=20230501 HTTP/1.1" 200 53
180.169.147.146 - - [26/Jun/2023:09:41:37 +0800] "GET /xingrg/all/report/report_query.html?isQuery=1&onlyBody=1&rh=2000&fileName=kc/base/kc_stock_detail_new.xml&queryString=(1=1)&queryText=&tableQueryString=init_table$sp1$$sp$crk_table$sp1$order_day%20between%2020230501%20and%2020230630&varString=start_day:20230501,materiel_code:00101010592,cost_id:4329,end_date:20230430 HTTP/1.1" 200 48701
180.169.147.146 - - [26/Jun/2023:09:41:37 +0800] "GET /xingrg/dwr/interface/AjaxReportQueryService.js HTTP/1.1" 200 13203
180.169.147.146 - - [26/Jun/2023:09:41:37 +0800] "GET /xingrg/dwr/engine.js HTTP/1.1" 200 43631
58.40.7.146 - - [26/Jun/2023:09:41:39 +0800] "GET /xingrg/all/function/internal_message.html?_=1687743695909&CODE_STATE=getMsg HTTP/1.1" 200 27
180.169.147.146 - - [26/Jun/2023:09:41:40 +0800] "POST /xingrg/all/report/load_report_page.html HTTP/1.1" 200 25133
180.169.147.146 - - [26/Jun/2023:09:41:40 +0800] "GET /xingrg/servlets/image?cache=0.3691267415636277&image=px HTTP/1.1" 200 807
222.67.234.146 - - [26/Jun/2023:09:41:40 +0800] "GET /xingrg/all/function/internal_message.html?_=1687743190096&CODE_STATE=getMsg HTTP/1.1" 200 27
222.67.234.146 - - [26/Jun/2023:09:41:40 +0800] "GET /xingrg/check_reg.html?_=1687743190098 HTTP/1.1" 200 22
116.232.195.127 - - [26/Jun/2023:09:41:41 +0800] "GET /xingrg/all/function/internal_message.html?_=1687743690246&CODE_STATE=getMsg HTTP/1.1" 200 27
180.156.213.241 - - [26/Jun/2023:09:41:44 +0800] "GET /xingrg/all/function/internal_message.html?_=1687743704564&CODE_STATE=getMsg HTTP/1.1" 200 27
116.238.191.126 - - [26/Jun/2023:09:41:44 +0800] "GET /xingrg/all/function/internal_message.html?_=1687743626886&CODE_STATE=getMsg HTTP/1.1" 200 27
180.169.147.146 - - [26/Jun/2023:09:41:45 +0800] "GET /xingrg/kc/guide/show_order.html?code=452023053100345&type=45 HTTP/1.1" 302 -
180.169.147.146 - - [26/Jun/2023:09:41:46 +0800] "GET /xingrg/kc/base/check_order_info.html?code=452023053100345&sysBaseUrl=http%3A%2F%2F180.169.147.146%3A18081%2Fxingrg%2F&costTime=0×tamp=1687743705750 HTTP/1.1" 200 23114
180.169.147.146 - - [26/Jun/2023:09:41:46 +0800] "GET /xingrg/dwr/engine.js HTTP/1.1" 200 43631
180.169.147.146 - - [26/Jun/2023:09:41:46 +0800] "GET /favicon.ico HTTP/1.1" 404 -
180.169.147.146 - - [26/Jun/2023:09:41:46 +0800] "POST /xingrg/dwr/call/plaincall/AjaxCheckService.loadOrderItems.dwr HTTP/1.1" 200 90147
114.83.221.127 - - [26/Jun/2023:09:42:04 +0800] "GET /xingrg/all/function/internal_message.html?_=1687743724419&CODE_STATE=getMsg HTTP/1.1" 200 27
114.83.221.127 - - [26/Jun/2023:09:42:04 +0800] "GET /xingrg/check_reg.html?_=1687743724675 HTTP/1.1" 200 22
222.70.114.12 - - [26/Jun/2023:09:42:09 +0800] "GET /xingrg/all/function/internal_message.html?_=1687743730094&CODE_STATE=getMsg HTTP/1.1" 302 -
180.169.147.146 - - [26/Jun/2023:09:42:11 +0800] "POST /xingrg/kc/buy/cgsh_list_operate.html HTTP/1.1" 200 986
124.77.245.69 - - [26/Jun/2023:09:42:11 +0800] "GET /xingrg/all/function/internal_message.html?_=1687743733405&CODE_STATE=getMsg HTTP/1.1" 200 27
101.83.145.52 - - [26/Jun/2023:09:42:13 +0800] "GET /xingrg/all/function/internal_message.html?_=1687743555855&CODE_STATE=getMsg HTTP/1.1" 200 27
222.70.180.90 - - [26/Jun/2023:09:42:26 +0800] "GET /xingrg/all/function/internal_message.html?_=1687743745762&CODE_STATE=getMsg HTTP/1.1" 200 27
116.238.191.126 - - [26/Jun/2023:09:42:27 +0800] "GET /xingrg/all/function/internal_message.html?_=1687743747222&CODE_STATE=getMsg HTTP/1.1" 200 27
58.40.7.146 - - [26/Jun/2023:09:42:28 +0800] "GET /xingrg/all/function/internal_message.html?_=1687743748146&CODE_STATE=getMsg HTTP/1.1" 200 27
114.85.113.108 - - [26/Jun/2023:09:42:29 +0800] "GET /xingrg/all/function/internal_message.html?_=1687743749132&CODE_STATE=getMsg HTTP/1.1" 200 27
120.253.135.82 - - [26/Jun/2023:09:42:31 +0800] "GET /xingrg/all/function/internal_message.html?_=1687743582656&CODE_STATE=getMsg HTTP/1.1" 200 27
180.169.147.146 - - [26/Jun/2023:09:42:32 +0800] "GET /xingrg/all/function/internal_message.html?_=1687743748791&CODE_STATE=getMsg HTTP/1.1" 200 27
58.40.7.146 - - [26/Jun/2023:09:42:39 +0800] "GET /xingrg/all/function/internal_message.html?_=1687743755906&CODE_STATE=getMsg HTTP/1.1" 200 27
222.67.234.146 - - [26/Jun/2023:09:42:40 +0800] "GET /xingrg/all/function/internal_message.html?_=1687743250097&CODE_STATE=getMsg HTTP/1.1" 200 27
116.232.195.127 - - [26/Jun/2023:09:42:41 +0800] "GET /xingrg/all/function/internal_message.html?_=1687743750232&CODE_STATE=getMsg HTTP/1.1" 200 27
180.169.147.146 - - [26/Jun/2023:09:42:44 +0800] "GET /xingrg/kc/base/wldb_order_list.html HTTP/1.1" 200 19353
180.156.213.241 - - [26/Jun/2023:09:42:44 +0800] "GET /xingrg/all/function/internal_message.html?_=1687743764548&CODE_STATE=getMsg HTTP/1.1" 200 27
116.238.191.126 - - [26/Jun/2023:09:42:44 +0800] "GET /xingrg/all/function/internal_message.html?_=1687743686896&CODE_STATE=getMsg HTTP/1.1" 200 27
180.169.147.146 - - [26/Jun/2023:09:42:45 +0800] "POST /xingrg/kc/base/wldb_list_operate.html HTTP/1.1" 200 2544
180.169.147.146 - - [26/Jun/2023:09:42:46 +0800] "GET /xingrg/kc/base/wldb_order_add.html HTTP/1.1" 200 30381
180.169.147.146 - - [26/Jun/2023:09:42:47 +0800] "GET /xingrg/javascript/easyui/themes/default/validatebox.css HTTP/1.1" 404 1104
180.169.147.146 - - [26/Jun/2023:09:42:47 +0800] "POST /xingrg/kc/base/wldb_order_operate.html HTTP/1.1" 200 6806
114.83.221.127 - - [26/Jun/2023:09:43:04 +0800] "GET /xingrg/all/function/internal_message.html?_=1687743784398&CODE_STATE=getMsg HTTP/1.1" 200 27
222.70.114.12 - - [26/Jun/2023:09:43:09 +0800] "GET /xingrg/all/function/internal_message.html?_=1687743790093&CODE_STATE=getMsg HTTP/1.1" 302 -
222.70.114.12 - - [26/Jun/2023:09:43:09 +0800] "GET /xingrg/check_reg.html?_=1687743790095 HTTP/1.1" 302 -
124.77.245.69 - - [26/Jun/2023:09:43:11 +0800] "GET /xingrg/check_reg.html?_=1687743793136 HTTP/1.1" 200 22
