120.253.135.82 - - [26/Jun/2023:06:19:20 +0800] "GET /xingrg/all/function/internal_message.html?_=1687731391758&CODE_STATE=getMsg HTTP/1.1" 200 27
120.253.135.82 - - [26/Jun/2023:06:19:24 +0800] "POST /xingrg/kc/pszx/jzcl_ps_operate.html HTTP/1.1" 200 4
120.253.135.82 - - [26/Jun/2023:06:19:28 +0800] "GET /xingrg/kc/pszx/mdps_order_list.html HTTP/1.1" 200 21032
120.253.135.82 - - [26/Jun/2023:06:19:28 +0800] "POST /xingrg/kc/pszx/jzcl_ps_operate.html HTTP/1.1" 200 2942
120.253.135.82 - - [26/Jun/2023:06:19:28 +0800] "POST /xingrg/kc/pszx/mdps_list_operate.html HTTP/1.1" 200 5253
114.85.113.108 - - [26/Jun/2023:06:19:31 +0800] "GET /xingrg/all/function/internal_message.html?_=1687731571651&CODE_STATE=getMsg HTTP/1.1" 200 27
120.253.135.82 - - [26/Jun/2023:06:19:38 +0800] "POST /xingrg/kc/pszx/mdps_list_operate.html HTTP/1.1" 200 2064
120.253.135.82 - - [26/Jun/2023:06:19:39 +0800] "POST /xingrg/kc/pszx/mdps_list_operate.html HTTP/1.1" 200 621
120.253.135.82 - - [26/Jun/2023:06:19:40 +0800] "GET /xingrg/kc/pszx/mdps_order_info.html?code=312023062600506 HTTP/1.1" 200 23978
120.253.135.82 - - [26/Jun/2023:06:19:41 +0800] "GET /xingrg/javascript/easyui/themes/default/validatebox.css HTTP/1.1" 404 1104
120.253.135.82 - - [26/Jun/2023:06:19:42 +0800] "POST /xingrg/kc/pszx/mdps_order_operate.html HTTP/1.1" 200 17946
120.253.135.82 - - [26/Jun/2023:06:19:45 +0800] "POST /xingrg/kc/pszx/mdps_order_operate.html HTTP/1.1" 200 37
120.253.135.82 - - [26/Jun/2023:06:19:46 +0800] "GET /xingrg/kc/pszx/mdps_order_info.html?code=312023062600506 HTTP/1.1" 200 23978
120.253.135.82 - - [26/Jun/2023:06:19:47 +0800] "GET /xingrg/javascript/easyui/themes/default/validatebox.css HTTP/1.1" 404 1104
120.253.135.82 - - [26/Jun/2023:06:19:47 +0800] "POST /xingrg/kc/pszx/mdps_order_operate.html HTTP/1.1" 200 18199
116.232.195.127 - - [26/Jun/2023:06:19:48 +0800] "GET /xingrg/all/function/internal_message.html?_=1687731577176&CODE_STATE=getMsg HTTP/1.1" 200 27
180.169.147.146 - - [26/Jun/2023:06:20:05 +0800] "GET /xingrg/check_reg.html?_=1687731605815 HTTP/1.1" 200 22
58.40.7.146 - - [26/Jun/2023:06:20:17 +0800] "GET /xingrg/all/function/internal_message.html?_=1687731617685&CODE_STATE=getMsg HTTP/1.1" 200 27
124.77.245.69 - - [26/Jun/2023:06:20:18 +0800] "GET /xingrg/all/function/internal_message.html?_=1687731619257&CODE_STATE=getMsg HTTP/1.1" 200 27
120.253.135.82 - - [26/Jun/2023:06:20:20 +0800] "GET /xingrg/all/function/internal_message.html?_=1687731451769&CODE_STATE=getMsg HTTP/1.1" 200 27
114.85.113.108 - - [26/Jun/2023:06:20:31 +0800] "GET /xingrg/all/function/internal_message.html?_=1687731631635&CODE_STATE=getMsg HTTP/1.1" 200 27
120.253.135.82 - - [26/Jun/2023:06:20:37 +0800] "POST /xingrg/kc/pszx/mdps_order_operate.html HTTP/1.1" 200 37
120.253.135.82 - - [26/Jun/2023:06:20:39 +0800] "GET /xingrg/kc/pszx/mdps_order_info.html?code=312023062600506 HTTP/1.1" 200 23978
120.253.135.82 - - [26/Jun/2023:06:20:40 +0800] "GET /xingrg/javascript/easyui/themes/default/validatebox.css HTTP/1.1" 404 1104
120.253.135.82 - - [26/Jun/2023:06:20:41 +0800] "POST /xingrg/kc/pszx/mdps_order_operate.html HTTP/1.1" 200 18199
116.232.195.127 - - [26/Jun/2023:06:20:48 +0800] "GET /xingrg/all/function/internal_message.html?_=1687731637160&CODE_STATE=getMsg HTTP/1.1" 200 27
120.253.135.82 - - [26/Jun/2023:06:21:14 +0800] "GET /xingrg/check_reg.html?_=1687731505944 HTTP/1.1" 200 22
58.40.7.146 - - [26/Jun/2023:06:21:17 +0800] "GET /xingrg/all/function/internal_message.html?_=1687731677692&CODE_STATE=getMsg HTTP/1.1" 200 27
124.77.245.69 - - [26/Jun/2023:06:21:18 +0800] "GET /xingrg/all/function/internal_message.html?_=1687731679340&CODE_STATE=getMsg HTTP/1.1" 200 27
120.253.135.82 - - [26/Jun/2023:06:21:20 +0800] "GET /xingrg/all/function/internal_message.html?_=1687731511782&CODE_STATE=getMsg HTTP/1.1" 200 27
114.85.113.108 - - [26/Jun/2023:06:21:31 +0800] "GET /xingrg/all/function/internal_message.html?_=1687731691623&CODE_STATE=getMsg HTTP/1.1" 200 27
116.232.195.127 - - [26/Jun/2023:06:21:48 +0800] "GET /xingrg/all/function/internal_message.html?_=1687731697139&CODE_STATE=getMsg HTTP/1.1" 200 27
120.253.135.82 - - [26/Jun/2023:06:22:00 +0800] "POST /xingrg/kc/pszx/mdps_order_operate.html HTTP/1.1" 200 37
120.253.135.82 - - [26/Jun/2023:06:22:03 +0800] "GET /xingrg/kc/pszx/mdps_order_info.html?code=312023062600506 HTTP/1.1" 200 23978
120.253.135.82 - - [26/Jun/2023:06:22:03 +0800] "GET /xingrg/javascript/easyui/themes/default/validatebox.css HTTP/1.1" 404 1104
120.253.135.82 - - [26/Jun/2023:06:22:04 +0800] "POST /xingrg/kc/pszx/mdps_order_operate.html HTTP/1.1" 200 18199
120.253.135.82 - - [26/Jun/2023:06:22:13 +0800] "POST /xingrg/kc/pszx/mdps_list_operate.html HTTP/1.1" 200 617
120.253.135.82 - - [26/Jun/2023:06:22:15 +0800] "GET /xingrg/kc/pszx/mdps_order_info.html?code=312023062600507 HTTP/1.1" 200 23978
120.253.135.82 - - [26/Jun/2023:06:22:15 +0800] "GET /xingrg/javascript/easyui/themes/default/validatebox.css HTTP/1.1" 404 1104
120.253.135.82 - - [26/Jun/2023:06:22:16 +0800] "POST /xingrg/kc/pszx/mdps_order_operate.html HTTP/1.1" 200 5243
58.40.7.146 - - [26/Jun/2023:06:22:17 +0800] "GET /xingrg/all/function/internal_message.html?_=1687731737694&CODE_STATE=getMsg HTTP/1.1" 200 27
124.77.245.69 - - [26/Jun/2023:06:22:18 +0800] "GET /xingrg/all/function/internal_message.html?_=1687731739346&CODE_STATE=getMsg HTTP/1.1" 200 27
120.253.135.82 - - [26/Jun/2023:06:22:18 +0800] "POST /xingrg/all/common/load_combo.html?type=base HTTP/1.1" 200 1169
120.253.135.82 - - [26/Jun/2023:06:22:20 +0800] "GET /xingrg/all/function/internal_message.html?_=1687731571796&CODE_STATE=getMsg HTTP/1.1" 200 27
120.253.135.82 - - [26/Jun/2023:06:22:28 +0800] "POST /xingrg/kc/pszx/mdps_order_operate.html HTTP/1.1" 200 37
120.253.135.82 - - [26/Jun/2023:06:22:30 +0800] "GET /xingrg/kc/pszx/mdps_order_info.html?code=312023062600507 HTTP/1.1" 200 23978
120.253.135.82 - - [26/Jun/2023:06:22:31 +0800] "GET /xingrg/javascript/easyui/themes/default/validatebox.css HTTP/1.1" 404 1104
114.85.113.108 - - [26/Jun/2023:06:22:31 +0800] "GET /xingrg/all/function/internal_message.html?_=1687731751603&CODE_STATE=getMsg HTTP/1.1" 200 27
120.253.135.82 - - [26/Jun/2023:06:22:31 +0800] "POST /xingrg/kc/pszx/mdps_order_operate.html HTTP/1.1" 200 5300
116.232.195.127 - - [26/Jun/2023:06:22:48 +0800] "GET /xingrg/all/function/internal_message.html?_=1687731757121&CODE_STATE=getMsg HTTP/1.1" 200 27
120.253.135.82 - - [26/Jun/2023:06:22:51 +0800] "GET /xingrg/kc/pszx/mdps_order_operate.html?command=get_materiel&pszx_code=00101&rest_code=00146&base_code=0010250&code=00102002940 HTTP/1.1" 200 446
116.232.195.127 - - [26/Jun/2023:06:22:53 +0800] "GET /xingrg/check_reg.html?_=1687731761928 HTTP/1.1" 200 22
120.253.135.82 - - [26/Jun/2023:06:23:00 +0800] "POST /xingrg/kc/pszx/mdps_order_operate.html HTTP/1.1" 200 37
120.253.135.82 - - [26/Jun/2023:06:23:02 +0800] "GET /xingrg/kc/pszx/mdps_order_info.html?code=312023062600507 HTTP/1.1" 200 23978
120.253.135.82 - - [26/Jun/2023:06:23:03 +0800] "GET /xingrg/javascript/easyui/themes/default/validatebox.css HTTP/1.1" 404 1104
120.253.135.82 - - [26/Jun/2023:06:23:03 +0800] "POST /xingrg/kc/pszx/mdps_order_operate.html HTTP/1.1" 200 4812
124.77.245.69 - - [26/Jun/2023:06:23:11 +0800] "GET /xingrg/check_reg.html?_=1687731792254 HTTP/1.1" 200 22
120.253.135.82 - - [26/Jun/2023:06:23:13 +0800] "POST /xingrg/kc/pszx/mdps_order_operate.html HTTP/1.1" 200 37
58.40.7.146 - - [26/Jun/2023:06:23:17 +0800] "GET /xingrg/all/function/internal_message.html?_=1687731797696&CODE_STATE=getMsg HTTP/1.1" 200 27
120.253.135.82 - - [26/Jun/2023:06:23:17 +0800] "GET /xingrg/kc/pszx/mdps_order_info.html?code=312023062600507 HTTP/1.1" 200 23978
124.77.245.69 - - [26/Jun/2023:06:23:18 +0800] "GET /xingrg/all/function/internal_message.html?_=1687731799360&CODE_STATE=getMsg HTTP/1.1" 200 27
120.253.135.82 - - [26/Jun/2023:06:23:18 +0800] "GET /xingrg/javascript/easyui/themes/default/validatebox.css HTTP/1.1" 404 1104
120.253.135.82 - - [26/Jun/2023:06:23:19 +0800] "POST /xingrg/kc/pszx/mdps_order_operate.html HTTP/1.1" 200 4812
120.253.135.82 - - [26/Jun/2023:06:23:20 +0800] "POST /xingrg/kc/pszx/mdps_list_operate.html HTTP/1.1" 200 2064
120.253.135.82 - - [26/Jun/2023:06:23:20 +0800] "GET /xingrg/all/function/internal_message.html?_=1687731631876&CODE_STATE=getMsg HTTP/1.1" 200 27
120.253.135.82 - - [26/Jun/2023:06:23:23 +0800] "GET /xingrg/kc/pszx/mdqp_order_list.html?state=10 HTTP/1.1" 200 13140
120.253.135.82 - - [26/Jun/2023:06:23:23 +0800] "GET /xingrg/dwr/interface/AjaxQqpsService.js HTTP/1.1" 200 16326
120.253.135.82 - - [26/Jun/2023:06:23:23 +0800] "GET /xingrg/dwr/interface/AjaxReportQueryService.js HTTP/1.1" 200 13203
120.253.135.82 - - [26/Jun/2023:06:23:23 +0800] "GET /xingrg/dwr/engine.js HTTP/1.1" 200 43631
120.253.135.82 - - [26/Jun/2023:06:23:25 +0800] "GET /xingrg/kc/pszx/mdqp_order_info.html?code=302023062500408 HTTP/1.1" 200 13350
120.253.135.82 - - [26/Jun/2023:06:23:25 +0800] "GET /xingrg/dwr/interface/AjaxQqpsService.js HTTP/1.1" 200 16326
120.253.135.82 - - [26/Jun/2023:06:23:25 +0800] "GET /xingrg/dwr/interface/AjaxComOrderService.js HTTP/1.1" 200 18264
120.253.135.82 - - [26/Jun/2023:06:23:25 +0800] "GET /xingrg/dwr/engine.js HTTP/1.1" 200 43631
120.253.135.82 - - [26/Jun/2023:06:23:26 +0800] "POST /xingrg/dwr/call/plaincall/AjaxQqpsService.loadMaterielItems.dwr HTTP/1.1" 200 957
120.253.135.82 - - [26/Jun/2023:06:23:31 +0800] "GET /xingrg/kc/pszx/mdqp_order_list.html?isBack=1 HTTP/1.1" 302 -
114.85.113.108 - - [26/Jun/2023:06:23:31 +0800] "GET /xingrg/all/function/internal_message.html?_=1687731811587&CODE_STATE=getMsg HTTP/1.1" 200 27
120.253.135.82 - - [26/Jun/2023:06:23:31 +0800] "GET /xingrg/kc/pszx/mdqp_order_list.html?state=10 HTTP/1.1" 200 13140
120.253.135.82 - - [26/Jun/2023:06:23:31 +0800] "GET /xingrg/dwr/interface/AjaxReportQueryService.js HTTP/1.1" 200 13203
120.253.135.82 - - [26/Jun/2023:06:23:31 +0800] "GET /xingrg/dwr/interface/AjaxQqpsService.js HTTP/1.1" 200 16326
120.253.135.82 - - [26/Jun/2023:06:23:31 +0800] "GET /xingrg/dwr/engine.js HTTP/1.1" 200 43631
120.253.135.82 - - [26/Jun/2023:06:23:33 +0800] "GET /xingrg/kc/pszx/mdqp_order_info.html?code=302023062500409 HTTP/1.1" 200 13350
120.253.135.82 - - [26/Jun/2023:06:23:33 +0800] "GET /xingrg/dwr/interface/AjaxComOrderService.js HTTP/1.1" 200 18264
120.253.135.82 - - [26/Jun/2023:06:23:33 +0800] "GET /xingrg/dwr/interface/AjaxQqpsService.js HTTP/1.1" 200 16326
120.253.135.82 - - [26/Jun/2023:06:23:33 +0800] "GET /xingrg/dwr/engine.js HTTP/1.1" 200 43631
120.253.135.82 - - [26/Jun/2023:06:23:34 +0800] "POST /xingrg/dwr/call/plaincall/AjaxQqpsService.loadMaterielItems.dwr HTTP/1.1" 200 5501
120.253.135.82 - - [26/Jun/2023:06:23:36 +0800] "GET /xingrg/images/yd/bt.gif HTTP/1.1" 404 1040
120.253.135.82 - - [26/Jun/2023:06:23:36 +0800] "GET /xingrg/images/yd/bt2.gif HTTP/1.1" 404 1042
114.85.113.108 - - [26/Jun/2023:06:23:46 +0800] "GET /xingrg/check_reg.html?_=1687731826591 HTTP/1.1" 200 22
116.232.195.127 - - [26/Jun/2023:06:23:48 +0800] "GET /xingrg/all/function/internal_message.html?_=1687731817106&CODE_STATE=getMsg HTTP/1.1" 200 27
120.253.135.82 - - [26/Jun/2023:06:23:49 +0800] "GET /xingrg/kc/pszx/mdqp_order_list.html?isBack=1 HTTP/1.1" 302 -
120.253.135.82 - - [26/Jun/2023:06:23:50 +0800] "GET /xingrg/kc/pszx/mdqp_order_list.html?state=10 HTTP/1.1" 200 13140
120.253.135.82 - - [26/Jun/2023:06:23:50 +0800] "GET /xingrg/dwr/interface/AjaxReportQueryService.js HTTP/1.1" 200 13203
120.253.135.82 - - [26/Jun/2023:06:23:50 +0800] "GET /xingrg/dwr/engine.js HTTP/1.1" 200 43631
120.253.135.82 - - [26/Jun/2023:06:23:50 +0800] "GET /xingrg/dwr/interface/AjaxQqpsService.js HTTP/1.1" 200 16326
120.253.135.82 - - [26/Jun/2023:06:23:52 +0800] "GET /xingrg/kc/pszx/mdqp_order_info.html?code=302023062500411 HTTP/1.1" 200 13350
120.253.135.82 - - [26/Jun/2023:06:23:52 +0800] "GET /xingrg/dwr/interface/AjaxComOrderService.js HTTP/1.1" 200 18264
120.253.135.82 - - [26/Jun/2023:06:23:52 +0800] "GET /xingrg/dwr/interface/AjaxQqpsService.js HTTP/1.1" 200 16326
120.253.135.82 - - [26/Jun/2023:06:23:52 +0800] "GET /xingrg/dwr/engine.js HTTP/1.1" 200 43631
120.253.135.82 - - [26/Jun/2023:06:23:53 +0800] "POST /xingrg/dwr/call/plaincall/AjaxQqpsService.loadMaterielItems.dwr HTTP/1.1" 200 2580
120.253.135.82 - - [26/Jun/2023:06:23:54 +0800] "GET /xingrg/images/yd/bt.gif HTTP/1.1" 404 1040
120.253.135.82 - - [26/Jun/2023:06:23:54 +0800] "GET /xingrg/images/yd/bt2.gif HTTP/1.1" 404 1042
120.253.135.82 - - [26/Jun/2023:06:24:04 +0800] "GET /xingrg/kc/pszx/mdqp_order_list.html?isBack=1 HTTP/1.1" 302 -
120.253.135.82 - - [26/Jun/2023:06:24:04 +0800] "GET /xingrg/kc/pszx/mdqp_order_list.html?state=10 HTTP/1.1" 200 13140
120.253.135.82 - - [26/Jun/2023:06:24:04 +0800] "GET /xingrg/dwr/interface/AjaxReportQueryService.js HTTP/1.1" 200 13203
120.253.135.82 - - [26/Jun/2023:06:24:04 +0800] "GET /xingrg/dwr/interface/AjaxQqpsService.js HTTP/1.1" 200 16326
120.253.135.82 - - [26/Jun/2023:06:24:04 +0800] "GET /xingrg/dwr/engine.js HTTP/1.1" 200 43631
120.253.135.82 - - [26/Jun/2023:06:24:08 +0800] "GET /xingrg/kc/pszx/mdqp_order_info.html?code=302023062500414 HTTP/1.1" 200 13350
120.253.135.82 - - [26/Jun/2023:06:24:08 +0800] "GET /xingrg/dwr/interface/AjaxComOrderService.js HTTP/1.1" 200 18264
120.253.135.82 - - [26/Jun/2023:06:24:08 +0800] "GET /xingrg/dwr/interface/AjaxQqpsService.js HTTP/1.1" 200 16326
120.253.135.82 - - [26/Jun/2023:06:24:08 +0800] "GET /xingrg/dwr/engine.js HTTP/1.1" 200 43631
120.253.135.82 - - [26/Jun/2023:06:24:09 +0800] "POST /xingrg/dwr/call/plaincall/AjaxQqpsService.loadMaterielItems.dwr HTTP/1.1" 200 633
120.253.135.82 - - [26/Jun/2023:06:24:12 +0800] "GET /xingrg/kc/pszx/mdqp_order_list.html?isBack=1 HTTP/1.1" 302 -
120.253.135.82 - - [26/Jun/2023:06:24:12 +0800] "GET /xingrg/kc/pszx/mdqp_order_list.html?state=10 HTTP/1.1" 200 13140
120.253.135.82 - - [26/Jun/2023:06:24:12 +0800] "GET /xingrg/dwr/interface/AjaxQqpsService.js HTTP/1.1" 200 16326
120.253.135.82 - - [26/Jun/2023:06:24:12 +0800] "GET /xingrg/dwr/interface/AjaxReportQueryService.js HTTP/1.1" 200 13203
120.253.135.82 - - [26/Jun/2023:06:24:12 +0800] "GET /xingrg/dwr/engine.js HTTP/1.1" 200 43631
120.253.135.82 - - [26/Jun/2023:06:24:17 +0800] "GET /xingrg/kc/pszx/mdqp_order_info.html?code=302023062500415 HTTP/1.1" 200 13350
120.253.135.82 - - [26/Jun/2023:06:24:17 +0800] "GET /xingrg/dwr/interface/AjaxComOrderService.js HTTP/1.1" 200 18264
120.253.135.82 - - [26/Jun/2023:06:24:17 +0800] "GET /xingrg/dwr/interface/AjaxQqpsService.js HTTP/1.1" 200 16326
120.253.135.82 - - [26/Jun/2023:06:24:17 +0800] "GET /xingrg/dwr/engine.js HTTP/1.1" 200 43631
58.40.7.146 - - [26/Jun/2023:06:24:17 +0800] "GET /xingrg/check_reg.html?_=1687731857698 HTTP/1.1" 200 22
58.40.7.146 - - [26/Jun/2023:06:24:17 +0800] "GET /xingrg/all/function/internal_message.html?_=1687731857699&CODE_STATE=getMsg HTTP/1.1" 200 27
120.253.135.82 - - [26/Jun/2023:06:24:18 +0800] "POST /xingrg/dwr/call/plaincall/AjaxQqpsService.loadMaterielItems.dwr HTTP/1.1" 200 336
124.77.245.69 - - [26/Jun/2023:06:24:18 +0800] "GET /xingrg/all/function/internal_message.html?_=1687731859373&CODE_STATE=getMsg HTTP/1.1" 200 27
120.253.135.82 - - [26/Jun/2023:06:24:20 +0800] "GET /xingrg/all/function/internal_message.html?_=1687731691886&CODE_STATE=getMsg HTTP/1.1" 200 27
120.253.135.82 - - [26/Jun/2023:06:24:21 +0800] "GET /xingrg/kc/pszx/mdqp_order_list.html?isBack=1 HTTP/1.1" 302 -
120.253.135.82 - - [26/Jun/2023:06:24:21 +0800] "GET /xingrg/images/yd/bt.gif HTTP/1.1" 404 1040
120.253.135.82 - - [26/Jun/2023:06:24:21 +0800] "GET /xingrg/images/yd/bt2.gif HTTP/1.1" 404 1042
120.253.135.82 - - [26/Jun/2023:06:24:21 +0800] "GET /xingrg/kc/pszx/mdqp_order_list.html?state=10 HTTP/1.1" 200 13140
120.253.135.82 - - [26/Jun/2023:06:24:21 +0800] "GET /xingrg/dwr/interface/AjaxReportQueryService.js HTTP/1.1" 200 13203
120.253.135.82 - - [26/Jun/2023:06:24:21 +0800] "GET /xingrg/dwr/engine.js HTTP/1.1" 200 43631
120.253.135.82 - - [26/Jun/2023:06:24:21 +0800] "GET /xingrg/dwr/interface/AjaxQqpsService.js HTTP/1.1" 200 16326
120.253.135.82 - - [26/Jun/2023:06:24:24 +0800] "GET /xingrg/kc/pszx/mdqp_order_info.html?code=302023062500416 HTTP/1.1" 200 13350
120.253.135.82 - - [26/Jun/2023:06:24:24 +0800] "GET /xingrg/dwr/interface/AjaxQqpsService.js HTTP/1.1" 200 16326
120.253.135.82 - - [26/Jun/2023:06:24:24 +0800] "GET /xingrg/dwr/interface/AjaxComOrderService.js HTTP/1.1" 200 18264
120.253.135.82 - - [26/Jun/2023:06:24:24 +0800] "GET /xingrg/dwr/engine.js HTTP/1.1" 200 43631
120.253.135.82 - - [26/Jun/2023:06:24:25 +0800] "POST /xingrg/dwr/call/plaincall/AjaxQqpsService.loadMaterielItems.dwr HTTP/1.1" 200 940
120.253.135.82 - - [26/Jun/2023:06:24:28 +0800] "GET /xingrg/images/yd/bt.gif HTTP/1.1" 404 1040
120.253.135.82 - - [26/Jun/2023:06:24:28 +0800] "GET /xingrg/images/yd/bt2.gif HTTP/1.1" 404 1042
120.253.135.82 - - [26/Jun/2023:06:24:30 +0800] "GET /xingrg/kc/pszx/mdqp_order_list.html?isBack=1 HTTP/1.1" 302 -
120.253.135.82 - - [26/Jun/2023:06:24:30 +0800] "GET /xingrg/kc/pszx/mdqp_order_list.html?state=10 HTTP/1.1" 200 13140
120.253.135.82 - - [26/Jun/2023:06:24:30 +0800] "GET /xingrg/dwr/interface/AjaxReportQueryService.js HTTP/1.1" 200 13203
120.253.135.82 - - [26/Jun/2023:06:24:30 +0800] "GET /xingrg/dwr/interface/AjaxQqpsService.js HTTP/1.1" 200 16326
120.253.135.82 - - [26/Jun/2023:06:24:30 +0800] "GET /xingrg/dwr/engine.js HTTP/1.1" 200 43631
114.85.113.108 - - [26/Jun/2023:06:24:31 +0800] "GET /xingrg/all/function/internal_message.html?_=1687731871568&CODE_STATE=getMsg HTTP/1.1" 200 27
120.253.135.82 - - [26/Jun/2023:06:24:33 +0800] "GET /xingrg/kc/pszx/mdqp_order_info.html?code=302023062500417 HTTP/1.1" 200 13350
120.253.135.82 - - [26/Jun/2023:06:24:33 +0800] "GET /xingrg/dwr/interface/AjaxComOrderService.js HTTP/1.1" 200 18264
120.253.135.82 - - [26/Jun/2023:06:24:33 +0800] "GET /xingrg/dwr/interface/AjaxQqpsService.js HTTP/1.1" 200 16326
120.253.135.82 - - [26/Jun/2023:06:24:33 +0800] "GET /xingrg/dwr/engine.js HTTP/1.1" 200 43631
120.253.135.82 - - [26/Jun/2023:06:24:34 +0800] "POST /xingrg/dwr/call/plaincall/AjaxQqpsService.loadMaterielItems.dwr HTTP/1.1" 200 384
120.253.135.82 - - [26/Jun/2023:06:24:37 +0800] "GET /xingrg/kc/pszx/mdqp_order_list.html?isBack=1 HTTP/1.1" 302 -
120.253.135.82 - - [26/Jun/2023:06:24:37 +0800] "GET /xingrg/images/yd/bt.gif HTTP/1.1" 404 1040
120.253.135.82 - - [26/Jun/2023:06:24:37 +0800] "GET /xingrg/images/yd/bt2.gif HTTP/1.1" 404 1042
120.253.135.82 - - [26/Jun/2023:06:24:38 +0800] "GET /xingrg/kc/pszx/mdqp_order_list.html?state=10 HTTP/1.1" 200 13140
120.253.135.82 - - [26/Jun/2023:06:24:38 +0800] "GET /xingrg/dwr/interface/AjaxQqpsService.js HTTP/1.1" 200 16326
120.253.135.82 - - [26/Jun/2023:06:24:38 +0800] "GET /xingrg/dwr/interface/AjaxReportQueryService.js HTTP/1.1" 200 13203
120.253.135.82 - - [26/Jun/2023:06:24:38 +0800] "GET /xingrg/dwr/engine.js HTTP/1.1" 200 43631
120.253.135.82 - - [26/Jun/2023:06:24:41 +0800] "GET /xingrg/kc/pszx/jzcl_ps.html HTTP/1.1" 200 7683
120.253.135.82 - - [26/Jun/2023:06:24:41 +0800] "POST /xingrg/all/common/load_tree.html?tree=area_rest_tree_json HTTP/1.1" 200 3499
120.253.135.82 - - [26/Jun/2023:06:24:42 +0800] "POST /xingrg/kc/pszx/jzcl_ps_operate.html HTTP/1.1" 200 2942
120.253.135.82 - - [26/Jun/2023:06:24:42 +0800] "POST /xingrg/kc/pszx/jzcl_ps_operate.html HTTP/1.1" 200 2942
116.232.195.127 - - [26/Jun/2023:06:24:48 +0800] "GET /xingrg/all/function/internal_message.html?_=1687731877083&CODE_STATE=getMsg HTTP/1.1" 200 27
180.169.147.146 - - [26/Jun/2023:06:25:05 +0800] "GET /xingrg/check_reg.html?_=1687731905790 HTTP/1.1" 200 22
58.40.7.146 - - [26/Jun/2023:06:25:17 +0800] "GET /xingrg/all/function/internal_message.html?_=1687731917685&CODE_STATE=getMsg HTTP/1.1" 200 27
124.77.245.69 - - [26/Jun/2023:06:25:18 +0800] "GET /xingrg/all/function/internal_message.html?_=1687731919386&CODE_STATE=getMsg HTTP/1.1" 200 27
120.253.135.82 - - [26/Jun/2023:06:25:20 +0800] "GET /xingrg/all/function/internal_message.html?_=1687731752017&CODE_STATE=getMsg HTTP/1.1" 200 27
120.253.135.82 - - [26/Jun/2023:06:25:27 +0800] "POST /xingrg/kc/pszx/jzcl_ps_operate.html HTTP/1.1" 200 4
120.253.135.82 - - [26/Jun/2023:06:25:27 +0800] "GET /xingrg/javascript/step/images/navBtn.gif HTTP/1.1" 200 361
120.253.135.82 - - [26/Jun/2023:06:25:30 +0800] "POST /xingrg/kc/pszx/jzcl_ps_operate.html HTTP/1.1" 200 21
120.253.135.82 - - [26/Jun/2023:06:25:30 +0800] "GET /xingrg/kc/pszx/mdps_order_list.html HTTP/1.1" 200 21032
120.253.135.82 - - [26/Jun/2023:06:25:30 +0800] "POST /xingrg/kc/pszx/mdps_list_operate.html HTTP/1.1" 200 5374
114.85.113.108 - - [26/Jun/2023:06:25:31 +0800] "GET /xingrg/all/function/internal_message.html?_=1687731931552&CODE_STATE=getMsg HTTP/1.1" 200 27
120.253.135.82 - - [26/Jun/2023:06:25:39 +0800] "POST /xingrg/kc/pszx/mdps_list_operate.html HTTP/1.1" 200 3919
120.253.135.82 - - [26/Jun/2023:06:25:42 +0800] "POST /xingrg/kc/pszx/mdps_list_operate.html HTTP/1.1" 200 207
120.253.135.82 - - [26/Jun/2023:06:25:43 +0800] "GET /xingrg/kc/pszx/mdps_order_info.html?code=312023062600508 HTTP/1.1" 200 23978
120.253.135.82 - - [26/Jun/2023:06:25:44 +0800] "GET /xingrg/javascript/easyui/themes/default/validatebox.css HTTP/1.1" 404 1104
120.253.135.82 - - [26/Jun/2023:06:25:45 +0800] "POST /xingrg/kc/pszx/mdps_order_operate.html HTTP/1.1" 200 2292
120.253.135.82 - - [26/Jun/2023:06:25:47 +0800] "POST /xingrg/kc/pszx/mdps_order_operate.html HTTP/1.1" 200 37
116.232.195.127 - - [26/Jun/2023:06:25:48 +0800] "GET /xingrg/all/function/internal_message.html?_=1687731937061&CODE_STATE=getMsg HTTP/1.1" 200 27
120.253.135.82 - - [26/Jun/2023:06:25:49 +0800] "GET /xingrg/kc/pszx/mdps_order_info.html?code=312023062600508 HTTP/1.1" 200 23978
120.253.135.82 - - [26/Jun/2023:06:25:49 +0800] "GET /xingrg/javascript/easyui/themes/default/validatebox.css HTTP/1.1" 404 1104
120.253.135.82 - - [26/Jun/2023:06:25:50 +0800] "POST /xingrg/kc/pszx/mdps_order_operate.html HTTP/1.1" 200 2300
120.253.135.82 - - [26/Jun/2023:06:25:54 +0800] "POST /xingrg/kc/pszx/mdps_list_operate.html HTTP/1.1" 200 366
120.253.135.82 - - [26/Jun/2023:06:25:56 +0800] "GET /xingrg/kc/pszx/mdps_order_info.html?code=312023062600509 HTTP/1.1" 200 23978
120.253.135.82 - - [26/Jun/2023:06:25:56 +0800] "GET /xingrg/javascript/easyui/themes/default/validatebox.css HTTP/1.1" 404 1104
120.253.135.82 - - [26/Jun/2023:06:25:57 +0800] "POST /xingrg/kc/pszx/mdps_order_operate.html HTTP/1.1" 200 3265
120.253.135.82 - - [26/Jun/2023:06:26:00 +0800] "POST /xingrg/kc/pszx/mdps_order_operate.html HTTP/1.1" 200 37
120.253.135.82 - - [26/Jun/2023:06:26:01 +0800] "GET /xingrg/kc/pszx/mdps_order_info.html?code=312023062600509 HTTP/1.1" 200 23978
120.253.135.82 - - [26/Jun/2023:06:26:02 +0800] "GET /xingrg/javascript/easyui/themes/default/validatebox.css HTTP/1.1" 404 1104
120.253.135.82 - - [26/Jun/2023:06:26:03 +0800] "POST /xingrg/kc/pszx/mdps_order_operate.html HTTP/1.1" 200 3289
120.253.135.82 - - [26/Jun/2023:06:26:13 +0800] "POST /xingrg/kc/pszx/mdps_list_operate.html HTTP/1.1" 200 3919
120.253.135.82 - - [26/Jun/2023:06:26:14 +0800] "GET /xingrg/check_reg.html?_=1687731805940 HTTP/1.1" 200 22
120.253.135.82 - - [26/Jun/2023:06:26:14 +0800] "POST /xingrg/kc/pszx/mdps_list_operate.html HTTP/1.1" 200 283
120.253.135.82 - - [26/Jun/2023:06:26:17 +0800] "GET /xingrg/kc/pszx/mdps_order_info.html?code=312023062600510 HTTP/1.1" 200 23978
120.253.135.82 - - [26/Jun/2023:06:26:17 +0800] "GET /xingrg/javascript/easyui/themes/default/validatebox.css HTTP/1.1" 404 1104
58.40.7.146 - - [26/Jun/2023:06:26:17 +0800] "GET /xingrg/all/function/internal_message.html?_=1687731977688&CODE_STATE=getMsg HTTP/1.1" 200 27
120.253.135.82 - - [26/Jun/2023:06:26:18 +0800] "POST /xingrg/kc/pszx/mdps_order_operate.html HTTP/1.1" 200 2760
124.77.245.69 - - [26/Jun/2023:06:26:18 +0800] "GET /xingrg/all/function/internal_message.html?_=1687731979404&CODE_STATE=getMsg HTTP/1.1" 200 27
120.253.135.82 - - [26/Jun/2023:06:26:20 +0800] "GET /xingrg/all/function/internal_message.html?_=1687731812022&CODE_STATE=getMsg HTTP/1.1" 200 27
120.253.135.82 - - [26/Jun/2023:06:26:20 +0800] "POST /xingrg/kc/pszx/mdps_order_operate.html HTTP/1.1" 200 37
120.253.135.82 - - [26/Jun/2023:06:26:22 +0800] "GET /xingrg/kc/pszx/mdps_order_info.html?code=312023062600510 HTTP/1.1" 200 23978
120.253.135.82 - - [26/Jun/2023:06:26:22 +0800] "GET /xingrg/javascript/easyui/themes/default/validatebox.css HTTP/1.1" 404 1104
120.253.135.82 - - [26/Jun/2023:06:26:23 +0800] "POST /xingrg/kc/pszx/mdps_order_operate.html HTTP/1.1" 200 2776
120.253.135.82 - - [26/Jun/2023:06:26:26 +0800] "POST /xingrg/kc/pszx/mdps_list_operate.html HTTP/1.1" 200 3919
120.253.135.82 - - [26/Jun/2023:06:26:28 +0800] "POST /xingrg/kc/pszx/mdps_list_operate.html HTTP/1.1" 200 204
120.253.135.82 - - [26/Jun/2023:06:26:29 +0800] "GET /xingrg/kc/pszx/mdps_order_info.html?code=312023062600511 HTTP/1.1" 200 23978
120.253.135.82 - - [26/Jun/2023:06:26:30 +0800] "GET /xingrg/javascript/easyui/themes/default/validatebox.css HTTP/1.1" 404 1104
120.253.135.82 - - [26/Jun/2023:06:26:30 +0800] "POST /xingrg/kc/pszx/mdps_order_operate.html HTTP/1.1" 200 2272
114.85.113.108 - - [26/Jun/2023:06:26:31 +0800] "GET /xingrg/all/function/internal_message.html?_=1687731991536&CODE_STATE=getMsg HTTP/1.1" 200 27
120.253.135.82 - - [26/Jun/2023:06:26:33 +0800] "POST /xingrg/kc/pszx/mdps_order_operate.html HTTP/1.1" 200 37
120.253.135.82 - - [26/Jun/2023:06:26:35 +0800] "GET /xingrg/kc/pszx/mdps_order_info.html?code=312023062600511 HTTP/1.1" 200 23978
120.253.135.82 - - [26/Jun/2023:06:26:36 +0800] "GET /xingrg/javascript/easyui/themes/default/validatebox.css HTTP/1.1" 404 1104
120.253.135.82 - - [26/Jun/2023:06:26:37 +0800] "POST /xingrg/kc/pszx/mdps_order_operate.html HTTP/1.1" 200 2279
116.232.195.127 - - [26/Jun/2023:06:26:48 +0800] "GET /xingrg/all/function/internal_message.html?_=1687731997061&CODE_STATE=getMsg HTTP/1.1" 200 27
120.253.135.82 - - [26/Jun/2023:06:26:51 +0800] "POST /xingrg/kc/pszx/mdps_list_operate.html HTTP/1.1" 200 3919
120.253.135.82 - - [26/Jun/2023:06:26:53 +0800] "POST /xingrg/kc/pszx/mdps_list_operate.html HTTP/1.1" 200 207
120.253.135.82 - - [26/Jun/2023:06:26:55 +0800] "GET /xingrg/kc/pszx/mdps_order_info.html?code=312023062600508 HTTP/1.1" 200 23978
120.253.135.82 - - [26/Jun/2023:06:26:56 +0800] "GET /xingrg/javascript/easyui/themes/default/validatebox.css HTTP/1.1" 404 1104
120.253.135.82 - - [26/Jun/2023:06:26:56 +0800] "POST /xingrg/kc/pszx/mdps_order_operate.html HTTP/1.1" 200 2300
120.253.135.82 - - [26/Jun/2023:06:27:06 +0800] "GET /xingrg/kc/pszx/mdps_order_operate.html?command=get_materiel&pszx_code=00101&rest_code=00141&base_code=0010246&code=00101010880 HTTP/1.1" 200 437
120.253.135.82 - - [26/Jun/2023:06:27:16 +0800] "POST /xingrg/kc/pszx/mdps_order_operate.html HTTP/1.1" 200 37
120.253.135.82 - - [26/Jun/2023:06:27:17 +0800] "GET /xingrg/kc/pszx/mdps_order_info.html?code=312023062600508 HTTP/1.1" 200 23978
58.40.7.146 - - [26/Jun/2023:06:27:17 +0800] "GET /xingrg/all/function/internal_message.html?_=1687732037689&CODE_STATE=getMsg HTTP/1.1" 200 27
120.253.135.82 - - [26/Jun/2023:06:27:18 +0800] "GET /xingrg/javascript/easyui/themes/default/validatebox.css HTTP/1.1" 404 1104
124.77.245.69 - - [26/Jun/2023:06:27:18 +0800] "GET /xingrg/all/function/internal_message.html?_=1687732039476&CODE_STATE=getMsg HTTP/1.1" 200 27
120.253.135.82 - - [26/Jun/2023:06:27:18 +0800] "POST /xingrg/kc/pszx/mdps_order_operate.html HTTP/1.1" 200 2787
120.253.135.82 - - [26/Jun/2023:06:27:20 +0800] "POST /xingrg/kc/pszx/mdps_list_operate.html HTTP/1.1" 200 3920
120.253.135.82 - - [26/Jun/2023:06:27:20 +0800] "GET /xingrg/all/function/internal_message.html?_=1687731872036&CODE_STATE=getMsg HTTP/1.1" 200 27
120.253.135.82 - - [26/Jun/2023:06:27:21 +0800] "POST /xingrg/kc/pszx/mdps_list_operate.html HTTP/1.1" 200 204
120.253.135.82 - - [26/Jun/2023:06:27:23 +0800] "GET /xingrg/kc/pszx/mdps_order_info.html?code=312023062600511 HTTP/1.1" 200 23978
120.253.135.82 - - [26/Jun/2023:06:27:23 +0800] "GET /xingrg/javascript/easyui/themes/default/validatebox.css HTTP/1.1" 404 1104
120.253.135.82 - - [26/Jun/2023:06:27:24 +0800] "POST /xingrg/kc/pszx/mdps_order_operate.html HTTP/1.1" 200 2279
120.253.135.82 - - [26/Jun/2023:06:27:27 +0800] "POST /xingrg/kc/pszx/mdps_order_operate.html HTTP/1.1" 200 12
120.253.135.82 - - [26/Jun/2023:06:27:28 +0800] "POST /xingrg/kc/pszx/mdps_list_operate.html HTTP/1.1" 200 3550
114.85.113.108 - - [26/Jun/2023:06:27:31 +0800] "GET /xingrg/all/function/internal_message.html?_=1687732051520&CODE_STATE=getMsg HTTP/1.1" 200 27
120.253.135.82 - - [26/Jun/2023:06:27:31 +0800] "POST /xingrg/kc/pszx/mdps_list_operate.html HTTP/1.1" 200 283
120.253.135.82 - - [26/Jun/2023:06:27:33 +0800] "POST /xingrg/kc/pszx/mdps_list_operate.html HTTP/1.1" 200 618
120.253.135.82 - - [26/Jun/2023:06:27:36 +0800] "GET /xingrg/kc/pszx/mdps_order_info.html?code=312023062600512 HTTP/1.1" 200 23978
120.253.135.82 - - [26/Jun/2023:06:27:36 +0800] "GET /xingrg/javascript/easyui/themes/default/validatebox.css HTTP/1.1" 404 1104
120.253.135.82 - - [26/Jun/2023:06:27:37 +0800] "POST /xingrg/kc/pszx/mdps_order_operate.html HTTP/1.1" 200 6200
120.253.135.82 - - [26/Jun/2023:06:27:38 +0800] "POST /xingrg/all/common/load_combo.html?type=base HTTP/1.1" 200 1169
120.253.135.82 - - [26/Jun/2023:06:27:42 +0800] "POST /xingrg/kc/pszx/mdps_order_operate.html HTTP/1.1" 200 37
120.253.135.82 - - [26/Jun/2023:06:27:44 +0800] "GET /xingrg/kc/pszx/mdps_order_info.html?code=312023062600512 HTTP/1.1" 200 23978
120.253.135.82 - - [26/Jun/2023:06:27:44 +0800] "GET /xingrg/javascript/easyui/themes/default/validatebox.css HTTP/1.1" 404 1104
120.253.135.82 - - [26/Jun/2023:06:27:45 +0800] "POST /xingrg/kc/pszx/mdps_order_operate.html HTTP/1.1" 200 6275
116.232.195.127 - - [26/Jun/2023:06:27:48 +0800] "GET /xingrg/all/function/internal_message.html?_=1687732057043&CODE_STATE=getMsg HTTP/1.1" 200 27
116.232.195.127 - - [26/Jun/2023:06:27:53 +0800] "GET /xingrg/check_reg.html?_=1687732061932 HTTP/1.1" 200 22
120.253.135.82 - - [26/Jun/2023:06:27:57 +0800] "POST /xingrg/all/common/load_select.html HTTP/1.1" 200 25
120.253.135.82 - - [26/Jun/2023:06:27:59 +0800] "GET /xingrg/kc/pszx/mdps_order_operate.html?command=get_materiel_price&pszx_code=00101&rest_code=00141&base_code=0010250&code=00102002685&unit_code=00100348&order_time=2023-06-28 HTTP/1.1" 200 35
124.77.245.69 - - [26/Jun/2023:06:28:11 +0800] "GET /xingrg/check_reg.html?_=1687732092253 HTTP/1.1" 200 22
58.40.7.146 - - [26/Jun/2023:06:28:17 +0800] "GET /xingrg/all/function/internal_message.html?_=1687732097691&CODE_STATE=getMsg HTTP/1.1" 200 27
124.77.245.69 - - [26/Jun/2023:06:28:18 +0800] "GET /xingrg/all/function/internal_message.html?_=1687732099490&CODE_STATE=getMsg HTTP/1.1" 200 27
120.253.135.82 - - [26/Jun/2023:06:28:20 +0800] "GET /xingrg/all/function/internal_message.html?_=1687731932049&CODE_STATE=getMsg HTTP/1.1" 200 27
120.253.135.82 - - [26/Jun/2023:06:28:29 +0800] "POST /xingrg/kc/pszx/mdps_order_operate.html HTTP/1.1" 200 37
120.253.135.82 - - [26/Jun/2023:06:28:30 +0800] "GET /xingrg/kc/pszx/mdps_order_info.html?code=312023062600512 HTTP/1.1" 200 23978
120.253.135.82 - - [26/Jun/2023:06:28:31 +0800] "GET /xingrg/javascript/easyui/themes/default/validatebox.css HTTP/1.1" 404 1104
114.85.113.108 - - [26/Jun/2023:06:28:31 +0800] "GET /xingrg/all/function/internal_message.html?_=1687732111500&CODE_STATE=getMsg HTTP/1.1" 200 27
120.253.135.82 - - [26/Jun/2023:06:28:32 +0800] "POST /xingrg/kc/pszx/mdps_order_operate.html HTTP/1.1" 200 5787
120.253.135.82 - - [26/Jun/2023:06:28:33 +0800] "POST /xingrg/kc/pszx/mdps_list_operate.html HTTP/1.1" 200 3550
120.253.135.82 - - [26/Jun/2023:06:28:34 +0800] "POST /xingrg/kc/pszx/mdps_list_operate.html HTTP/1.1" 200 615
120.253.135.82 - - [26/Jun/2023:06:28:36 +0800] "GET /xingrg/kc/pszx/mdps_order_info.html?code=312023062600513 HTTP/1.1" 200 23978
120.253.135.82 - - [26/Jun/2023:06:28:36 +0800] "GET /xingrg/javascript/easyui/themes/default/validatebox.css HTTP/1.1" 404 1104
120.253.135.82 - - [26/Jun/2023:06:28:37 +0800] "POST /xingrg/kc/pszx/mdps_order_operate.html HTTP/1.1" 200 10450
120.253.135.82 - - [26/Jun/2023:06:28:40 +0800] "POST /xingrg/kc/pszx/mdps_order_operate.html HTTP/1.1" 200 37
120.253.135.82 - - [26/Jun/2023:06:28:41 +0800] "GET /xingrg/kc/pszx/mdps_order_info.html?code=312023062600513 HTTP/1.1" 200 23978
120.253.135.82 - - [26/Jun/2023:06:28:42 +0800] "GET /xingrg/javascript/easyui/themes/default/validatebox.css HTTP/1.1" 404 1104
120.253.135.82 - - [26/Jun/2023:06:28:43 +0800] "POST /xingrg/kc/pszx/mdps_order_operate.html HTTP/1.1" 200 10587
114.85.113.108 - - [26/Jun/2023:06:28:46 +0800] "GET /xingrg/check_reg.html?_=1687732126572 HTTP/1.1" 200 22
116.232.195.127 - - [26/Jun/2023:06:28:48 +0800] "GET /xingrg/all/function/internal_message.html?_=1687732117017&CODE_STATE=getMsg HTTP/1.1" 200 27
120.253.135.82 - - [26/Jun/2023:06:29:08 +0800] "POST /xingrg/kc/pszx/mdps_order_operate.html HTTP/1.1" 200 37
120.253.135.82 - - [26/Jun/2023:06:29:10 +0800] "GET /xingrg/kc/pszx/mdps_order_info.html?code=312023062600513 HTTP/1.1" 200 23978
120.253.135.82 - - [26/Jun/2023:06:29:11 +0800] "GET /xingrg/javascript/easyui/themes/default/validatebox.css HTTP/1.1" 404 1104
120.253.135.82 - - [26/Jun/2023:06:29:12 +0800] "POST /xingrg/kc/pszx/mdps_order_operate.html HTTP/1.1" 200 10587
58.40.7.146 - - [26/Jun/2023:06:29:17 +0800] "GET /xingrg/all/function/internal_message.html?_=1687732157695&CODE_STATE=getMsg HTTP/1.1" 200 27
58.40.7.146 - - [26/Jun/2023:06:29:17 +0800] "GET /xingrg/check_reg.html?_=1687732157696 HTTP/1.1" 200 22
124.77.245.69 - - [26/Jun/2023:06:29:18 +0800] "GET /xingrg/all/function/internal_message.html?_=1687732159503&CODE_STATE=getMsg HTTP/1.1" 200 27
120.253.135.82 - - [26/Jun/2023:06:29:19 +0800] "POST /xingrg/all/common/load_select.html HTTP/1.1" 200 25
120.253.135.82 - - [26/Jun/2023:06:29:20 +0800] "GET /xingrg/all/function/internal_message.html?_=1687731992078&CODE_STATE=getMsg HTTP/1.1" 200 27
120.253.135.82 - - [26/Jun/2023:06:29:21 +0800] "GET /xingrg/kc/pszx/mdps_order_operate.html?command=get_materiel_price&pszx_code=00101&rest_code=00141&base_code=0010246&code=00101019184&unit_code=00100037&order_time=2023-06-28 HTTP/1.1" 200 35
120.253.135.82 - - [26/Jun/2023:06:29:30 +0800] "POST /xingrg/all/common/load_select.html HTTP/1.1" 200 25
114.85.113.108 - - [26/Jun/2023:06:29:31 +0800] "GET /xingrg/all/function/internal_message.html?_=1687732171487&CODE_STATE=getMsg HTTP/1.1" 200 27
120.253.135.82 - - [26/Jun/2023:06:29:33 +0800] "GET /xingrg/kc/pszx/mdps_order_operate.html?command=get_materiel_price&pszx_code=00101&rest_code=00141&base_code=0010246&code=00101019133&unit_code=00100189&order_time=2023-06-28 HTTP/1.1" 200 35
120.253.135.82 - - [26/Jun/2023:06:29:43 +0800] "POST /xingrg/kc/pszx/mdps_order_operate.html HTTP/1.1" 200 37
120.253.135.82 - - [26/Jun/2023:06:29:44 +0800] "GET /xingrg/kc/pszx/mdps_order_info.html?code=312023062600513 HTTP/1.1" 200 23978
120.253.135.82 - - [26/Jun/2023:06:29:45 +0800] "GET /xingrg/javascript/easyui/themes/default/validatebox.css HTTP/1.1" 404 1104
120.253.135.82 - - [26/Jun/2023:06:29:46 +0800] "POST /xingrg/kc/pszx/mdps_order_operate.html HTTP/1.1" 200 10583
120.253.135.82 - - [26/Jun/2023:06:29:47 +0800] "POST /xingrg/kc/pszx/mdps_list_operate.html HTTP/1.1" 200 3550
116.232.195.127 - - [26/Jun/2023:06:29:48 +0800] "GET /xingrg/all/function/internal_message.html?_=1687732176992&CODE_STATE=getMsg HTTP/1.1" 200 27
120.253.135.82 - - [26/Jun/2023:06:29:48 +0800] "POST /xingrg/kc/pszx/mdps_list_operate.html HTTP/1.1" 200 389
120.253.135.82 - - [26/Jun/2023:06:29:54 +0800] "GET /xingrg/kc/pszx/mdps_order_info.html?code=312023062600514 HTTP/1.1" 200 23978
120.253.135.82 - - [26/Jun/2023:06:29:55 +0800] "GET /xingrg/javascript/easyui/themes/default/validatebox.css HTTP/1.1" 404 1104
120.253.135.82 - - [26/Jun/2023:06:29:55 +0800] "POST /xingrg/kc/pszx/mdps_order_operate.html HTTP/1.1" 200 3298
120.253.135.82 - - [26/Jun/2023:06:29:57 +0800] "POST /xingrg/all/common/load_combo.html?type=base HTTP/1.1" 200 1169
120.253.135.82 - - [26/Jun/2023:06:30:01 +0800] "POST /xingrg/kc/pszx/mdps_order_operate.html HTTP/1.1" 200 37
120.253.135.82 - - [26/Jun/2023:06:30:03 +0800] "GET /xingrg/kc/pszx/mdps_order_info.html?code=312023062600514 HTTP/1.1" 200 23978
120.253.135.82 - - [26/Jun/2023:06:30:03 +0800] "GET /xingrg/javascript/easyui/themes/default/validatebox.css HTTP/1.1" 404 1104
120.253.135.82 - - [26/Jun/2023:06:30:04 +0800] "POST /xingrg/kc/pszx/mdps_order_operate.html HTTP/1.1" 200 3324
180.169.147.146 - - [26/Jun/2023:06:30:05 +0800] "GET /xingrg/check_reg.html?_=1687732205766 HTTP/1.1" 200 22
120.253.135.82 - - [26/Jun/2023:06:30:11 +0800] "POST /xingrg/kc/pszx/mdps_list_operate.html HTTP/1.1" 200 3550
120.253.135.82 - - [26/Jun/2023:06:30:13 +0800] "POST /xingrg/kc/pszx/mdps_list_operate.html HTTP/1.1" 200 285
120.253.135.82 - - [26/Jun/2023:06:30:15 +0800] "POST /xingrg/kc/pszx/mdps_list_operate.html HTTP/1.1" 200 283
58.40.7.146 - - [26/Jun/2023:06:30:17 +0800] "GET /xingrg/all/function/internal_message.html?_=1687732217697&CODE_STATE=getMsg HTTP/1.1" 200 27
124.77.245.69 - - [26/Jun/2023:06:30:18 +0800] "GET /xingrg/all/function/internal_message.html?_=1687732219573&CODE_STATE=getMsg HTTP/1.1" 200 27
120.253.135.82 - - [26/Jun/2023:06:30:20 +0800] "GET /xingrg/all/function/internal_message.html?_=1687732052242&CODE_STATE=getMsg HTTP/1.1" 200 27
120.253.135.82 - - [26/Jun/2023:06:30:31 +0800] "GET /xingrg/kc/pszx/mdqp_order_list.html?state=10 HTTP/1.1" 200 10275
120.253.135.82 - - [26/Jun/2023:06:30:31 +0800] "GET /xingrg/dwr/interface/AjaxQqpsService.js HTTP/1.1" 200 16326
120.253.135.82 - - [26/Jun/2023:06:30:31 +0800] "GET /xingrg/dwr/interface/AjaxReportQueryService.js HTTP/1.1" 200 13203
120.253.135.82 - - [26/Jun/2023:06:30:31 +0800] "GET /xingrg/dwr/engine.js HTTP/1.1" 200 43631
114.85.113.108 - - [26/Jun/2023:06:30:31 +0800] "GET /xingrg/all/function/internal_message.html?_=1687732231474&CODE_STATE=getMsg HTTP/1.1" 200 27
120.253.135.82 - - [26/Jun/2023:06:30:33 +0800] "GET /xingrg/kc/pszx/mdps_order_list.html?orderType=0 HTTP/1.1" 200 21032
120.253.135.82 - - [26/Jun/2023:06:30:34 +0800] "POST /xingrg/kc/pszx/mdps_list_operate.html HTTP/1.1" 200 5368
116.232.195.127 - - [26/Jun/2023:06:30:48 +0800] "GET /xingrg/all/function/internal_message.html?_=1687732236965&CODE_STATE=getMsg HTTP/1.1" 200 27
120.253.135.82 - - [26/Jun/2023:06:30:51 +0800] "GET /xingrg/kc/buy/buy_main.html HTTP/1.1" 200 12341
120.253.135.82 - - [26/Jun/2023:06:30:51 +0800] "GET /xingrg/css/new_ie.css HTTP/1.1" 404 1036
120.253.135.82 - - [26/Jun/2023:06:30:51 +0800] "GET /xingrg/javascript/jquery_ui/themes/humanity/humanity.css HTTP/1.1" 304 -
120.253.135.82 - - [26/Jun/2023:06:30:51 +0800] "GET /xingrg/javascript/jquery_ui/jquery-ui.min.js HTTP/1.1" 200 186181
120.253.135.82 - - [26/Jun/2023:06:30:51 +0800] "GET /xingrg/images/blue/button/cgxqd.gif HTTP/1.1" 200 2619
120.253.135.82 - - [26/Jun/2023:06:30:51 +0800] "GET /xingrg/images/blue/button/cgydd.gif HTTP/1.1" 200 2712
120.253.135.82 - - [26/Jun/2023:06:30:51 +0800] "GET /xingrg/images/blue/button/down_ah.jpg HTTP/1.1" 200 1732
120.253.135.82 - - [26/Jun/2023:06:30:51 +0800] "GET /xingrg/images/blue/button/cgshd.gif HTTP/1.1" 200 2618
120.253.135.82 - - [26/Jun/2023:06:30:51 +0800] "GET /xingrg/images/blue/pic_form2.gif HTTP/1.1" 200 1853
120.253.135.82 - - [26/Jun/2023:06:30:51 +0800] "GET /xingrg/images/blue/button/cgfkd.gif HTTP/1.1" 200 2075
120.253.135.82 - - [26/Jun/2023:06:30:51 +0800] "GET /xingrg/images/blue/button/kc.gif HTTP/1.1" 200 2160
120.253.135.82 - - [26/Jun/2023:06:30:51 +0800] "GET /xingrg/images/blue/bg_dotted.jpg HTTP/1.1" 200 319
120.253.135.82 - - [26/Jun/2023:06:30:51 +0800] "GET /xingrg/images/blue/button/right_ah.jpg HTTP/1.1" 200 1744
120.253.135.82 - - [26/Jun/2023:06:30:51 +0800] "GET /xingrg/images/blue/button/ckthd.gif HTTP/1.1" 200 2045
120.253.135.82 - - [26/Jun/2023:06:30:51 +0800] "GET /xingrg/javascript/jquery_ui/themes/humanity/images/ui-bg_inset-soft_100_f4f0ec_1x100.png HTTP/1.1" 200 141
120.253.135.82 - - [26/Jun/2023:06:30:51 +0800] "GET /xingrg/javascript/jquery_ui/themes/humanity/images/ui-iconsnew.jpg HTTP/1.1" 200 337
120.253.135.82 - - [26/Jun/2023:06:30:51 +0800] "GET /xingrg/javascript/jquery_ui/themes/humanity/images/ui-icons_ffffff_256x240.png HTTP/1.1" 200 4369
120.253.135.82 - - [26/Jun/2023:06:30:51 +0800] "GET /xingrg/javascript/jquery_ui/themes/humanity/images/ui-icons_c47a23_256x240.png HTTP/1.1" 200 5355
120.253.135.82 - - [26/Jun/2023:06:30:51 +0800] "GET /xingrg/javascript/jquery_ui/themes/humanity/images/ui-bg_glass_70_ede4d4_1x400.png HTTP/1.1" 200 161
120.253.135.82 - - [26/Jun/2023:06:30:52 +0800] "GET /xingrg/images/yd/bt.gif HTTP/1.1" 404 1040
120.253.135.82 - - [26/Jun/2023:06:30:53 +0800] "GET /xingrg/kc/buy/cgsh_order_list.html HTTP/1.1" 200 55796
120.253.135.82 - - [26/Jun/2023:06:30:57 +0800] "POST /xingrg/kc/buy/cgsh_list_operate.html HTTP/1.1" 200 986
120.253.135.82 - - [26/Jun/2023:06:30:59 +0800] "GET /xingrg/kc/buy/cgsh_order_add.html HTTP/1.1" 200 70642
120.253.135.82 - - [26/Jun/2023:06:31:00 +0800] "GET /xingrg/javascript/easyui/themes/icons/template_new.png HTTP/1.1" 304 -
120.253.135.82 - - [26/Jun/2023:06:31:00 +0800] "POST /xingrg/kc/buy/cgsh_order_operate.html HTTP/1.1" 200 8245
120.253.135.82 - - [26/Jun/2023:06:31:00 +0800] "GET /xingrg/javascript/easyui/themes/default/validatebox.css HTTP/1.1" 404 1104
120.253.135.82 - - [26/Jun/2023:06:31:00 +0800] "GET /xingrg/all/common/auto_word.html?type=employee&rest_code=00101 HTTP/1.1" 200 927
120.253.135.82 - - [26/Jun/2023:06:31:00 +0800] "GET /xingrg/all/common/auto_word.html?type=employee&rest_code=00101 HTTP/1.1" 200 927
120.253.135.82 - - [26/Jun/2023:06:31:11 +0800] "GET /xingrg/kc/buy/cgsh_order_operate.html?command=get_materiel&rest_code=00101&code=00101013011&supplier_code=&order_time=2023-06-26 HTTP/1.1" 200 450
120.253.135.82 - - [26/Jun/2023:06:31:14 +0800] "GET /xingrg/check_reg.html?_=1687732105943 HTTP/1.1" 200 22
120.253.135.82 - - [26/Jun/2023:06:31:15 +0800] "POST /xingrg/all/common/load_select.html HTTP/1.1" 200 25
58.40.7.146 - - [26/Jun/2023:06:31:17 +0800] "GET /xingrg/all/function/internal_message.html?_=1687732277700&CODE_STATE=getMsg HTTP/1.1" 200 27
124.77.245.69 - - [26/Jun/2023:06:31:18 +0800] "GET /xingrg/all/function/internal_message.html?_=1687732279578&CODE_STATE=getMsg HTTP/1.1" 200 27
120.253.135.82 - - [26/Jun/2023:06:31:20 +0800] "GET /xingrg/all/function/internal_message.html?_=1687732112246&CODE_STATE=getMsg HTTP/1.1" 200 27
120.253.135.82 - - [26/Jun/2023:06:31:22 +0800] "GET /xingrg/kc/buy/cgsh_order_operate.html?command=get_materiel_price&rest_code=00101&code=00101013011&unit_code=00100088&supplier_code=&order_time=2023-06-26 HTTP/1.1" 200 30
116.232.195.127 - - [26/Jun/2023:06:31:22 +0800] "POST /xingrg/services/DataTransmitService HTTP/1.1" 200 524
114.85.113.108 - - [26/Jun/2023:06:31:31 +0800] "GET /xingrg/all/function/internal_message.html?_=1687732291458&CODE_STATE=getMsg HTTP/1.1" 200 27
120.253.135.82 - - [26/Jun/2023:06:31:36 +0800] "GET /xingrg/kc/pszx/mdps_order_list.html?orderType=0 HTTP/1.1" 200 21032
120.253.135.82 - - [26/Jun/2023:06:31:37 +0800] "POST /xingrg/kc/pszx/mdps_list_operate.html HTTP/1.1" 200 5368
120.253.135.82 - - [26/Jun/2023:06:31:41 +0800] "GET /xingrg/kc/report/report_main.html HTTP/1.1" 200 8599
120.253.135.82 - - [26/Jun/2023:06:31:43 +0800] "GET /xingrg/kc/base/kc_stocks.html HTTP/1.1" 200 16506
120.253.135.82 - - [26/Jun/2023:06:31:43 +0800] "GET /xingrg/javascript/easyui/themes/sunny/easyui.css HTTP/1.1" 304 -
120.253.135.82 - - [26/Jun/2023:06:31:43 +0800] "GET /xingrg/javascript/easyui/themes/icons/print_new.png HTTP/1.1" 304 -
120.253.135.82 - - [26/Jun/2023:06:31:43 +0800] "GET /xingrg/javascript/easyui/themes/icons/filter_new.png HTTP/1.1" 304 -
120.253.135.82 - - [26/Jun/2023:06:31:43 +0800] "GET /xingrg/javascript/easyui/themes/icons/refresh_new.png HTTP/1.1" 304 -
120.253.135.82 - - [26/Jun/2023:06:31:43 +0800] "GET /xingrg/javascript/easyui/plugins/jquery.draggable.js HTTP/1.1" 304 -
120.253.135.82 - - [26/Jun/2023:06:31:43 +0800] "GET /xingrg/javascript/easyui/plugins/jquery.droppable.js HTTP/1.1" 304 -
120.253.135.82 - - [26/Jun/2023:06:31:43 +0800] "GET /xingrg/javascript/easyui/plugins/jquery.tree.js HTTP/1.1" 304 -
120.253.135.82 - - [26/Jun/2023:06:31:43 +0800] "GET /xingrg/javascript/easyui/themes/default/tree.css HTTP/1.1" 404 1090
120.253.135.82 - - [26/Jun/2023:06:31:43 +0800] "POST /xingrg/all/common/load_tree.html?tree=materiel_sort_tree_json HTTP/1.1" 200 9500
120.253.135.82 - - [26/Jun/2023:06:31:43 +0800] "GET /xingrg/javascript/easyui/themes/sunny/images/tree_arrows.gif HTTP/1.1" 304 -
120.253.135.82 - - [26/Jun/2023:06:31:43 +0800] "GET /xingrg/javascript/easyui/themes/sunny/images/tree_folder_open.gif HTTP/1.1" 304 -
120.253.135.82 - - [26/Jun/2023:06:31:43 +0800] "GET /xingrg/javascript/easyui/themes/sunny/images/tree_folder.gif HTTP/1.1" 304 -
120.253.135.82 - - [26/Jun/2023:06:31:43 +0800] "GET /xingrg/javascript/easyui/themes/sunny/images/tree_file.gif HTTP/1.1" 304 -
120.253.135.82 - - [26/Jun/2023:06:31:44 +0800] "POST /xingrg/all/common/load_combo.html?type=base HTTP/1.1" 200 1169
116.232.195.127 - - [26/Jun/2023:06:31:48 +0800] "GET /xingrg/all/function/internal_message.html?_=1687732296942&CODE_STATE=getMsg HTTP/1.1" 200 27
58.40.7.146 - - [26/Jun/2023:06:32:17 +0800] "GET /xingrg/all/function/internal_message.html?_=1687732337702&CODE_STATE=getMsg HTTP/1.1" 200 27
124.77.245.69 - - [26/Jun/2023:06:32:18 +0800] "GET /xingrg/all/function/internal_message.html?_=1687732339664&CODE_STATE=getMsg HTTP/1.1" 200 27
120.253.135.82 - - [26/Jun/2023:06:32:21 +0800] "GET /xingrg/all/function/internal_message.html?_=1687732172406&CODE_STATE=getMsg HTTP/1.1" 200 27
114.85.113.108 - - [26/Jun/2023:06:32:31 +0800] "GET /xingrg/all/function/internal_message.html?_=1687732351441&CODE_STATE=getMsg HTTP/1.1" 200 27
101.83.145.52 - - [26/Jun/2023:06:32:33 +0800] "POST /xingrg/services/DataTransmitService HTTP/1.1" 200 524
120.253.135.82 - - [26/Jun/2023:06:32:37 +0800] "POST /xingrg/kc/base/stock_operate.html HTTP/1.1" 200 1732
120.253.135.82 - - [26/Jun/2023:06:32:37 +0800] "GET /xingrg/javascript/jquery_tools/fix_table.js HTTP/1.1" 304 -
116.232.195.127 - - [26/Jun/2023:06:32:48 +0800] "GET /xingrg/all/function/internal_message.html?_=1687732356924&CODE_STATE=getMsg HTTP/1.1" 200 27
116.232.195.127 - - [26/Jun/2023:06:32:53 +0800] "GET /xingrg/check_reg.html?_=1687732361919 HTTP/1.1" 200 22
124.77.245.69 - - [26/Jun/2023:06:33:11 +0800] "GET /xingrg/check_reg.html?_=1687732392261 HTTP/1.1" 200 22
58.40.7.146 - - [26/Jun/2023:06:33:17 +0800] "GET /xingrg/all/function/internal_message.html?_=1687732397688&CODE_STATE=getMsg HTTP/1.1" 200 27
124.77.245.69 - - [26/Jun/2023:06:33:18 +0800] "GET /xingrg/all/function/internal_message.html?_=1687732399667&CODE_STATE=getMsg HTTP/1.1" 200 27
120.253.135.82 - - [26/Jun/2023:06:33:21 +0800] "GET /xingrg/all/function/internal_message.html?_=1687732232413&CODE_STATE=getMsg HTTP/1.1" 200 27
114.85.113.108 - - [26/Jun/2023:06:33:31 +0800] "GET /xingrg/all/function/internal_message.html?_=1687732411425&CODE_STATE=getMsg HTTP/1.1" 200 27
114.85.113.108 - - [26/Jun/2023:06:33:46 +0800] "GET /xingrg/check_reg.html?_=1687732426562 HTTP/1.1" 200 22
116.232.195.127 - - [26/Jun/2023:06:33:48 +0800] "GET /xingrg/all/function/internal_message.html?_=1687732416919&CODE_STATE=getMsg HTTP/1.1" 200 27
58.40.7.146 - - [26/Jun/2023:06:34:17 +0800] "GET /xingrg/all/function/internal_message.html?_=1687732457690&CODE_STATE=getMsg HTTP/1.1" 200 27
58.40.7.146 - - [26/Jun/2023:06:34:17 +0800] "GET /xingrg/check_reg.html?_=1687732457691 HTTP/1.1" 200 22
124.77.245.69 - - [26/Jun/2023:06:34:18 +0800] "GET /xingrg/all/function/internal_message.html?_=1687732459681&CODE_STATE=getMsg HTTP/1.1" 200 27
120.253.135.82 - - [26/Jun/2023:06:34:21 +0800] "GET /xingrg/all/function/internal_message.html?_=1687732292597&CODE_STATE=getMsg HTTP/1.1" 200 27
114.85.113.108 - - [26/Jun/2023:06:34:31 +0800] "GET /xingrg/all/function/internal_message.html?_=1687732471400&CODE_STATE=getMsg HTTP/1.1" 200 27
116.232.195.127 - - [26/Jun/2023:06:34:48 +0800] "GET /xingrg/all/function/internal_message.html?_=1687732476900&CODE_STATE=getMsg HTTP/1.1" 200 27
180.169.147.146 - - [26/Jun/2023:06:35:05 +0800] "GET /xingrg/check_reg.html?_=1687732505743 HTTP/1.1" 200 22
58.40.7.146 - - [26/Jun/2023:06:35:17 +0800] "GET /xingrg/all/function/internal_message.html?_=1687732517692&CODE_STATE=getMsg HTTP/1.1" 200 27
124.77.245.69 - - [26/Jun/2023:06:35:18 +0800] "GET /xingrg/all/function/internal_message.html?_=1687732519753&CODE_STATE=getMsg HTTP/1.1" 200 27
120.253.135.82 - - [26/Jun/2023:06:35:21 +0800] "GET /xingrg/all/function/internal_message.html?_=1687732352596&CODE_STATE=getMsg HTTP/1.1" 200 27
114.85.113.108 - - [26/Jun/2023:06:35:31 +0800] "GET /xingrg/all/function/internal_message.html?_=1687732531385&CODE_STATE=getMsg HTTP/1.1" 200 27
116.232.195.127 - - [26/Jun/2023:06:35:48 +0800] "GET /xingrg/all/function/internal_message.html?_=1687732536876&CODE_STATE=getMsg HTTP/1.1" 200 27
120.253.135.82 - - [26/Jun/2023:06:36:14 +0800] "GET /xingrg/check_reg.html?_=1687732406132 HTTP/1.1" 200 22
58.40.7.146 - - [26/Jun/2023:06:36:17 +0800] "GET /xingrg/all/function/internal_message.html?_=1687732577695&CODE_STATE=getMsg HTTP/1.1" 200 27
124.77.245.69 - - [26/Jun/2023:06:36:18 +0800] "GET /xingrg/all/function/internal_message.html?_=1687732579755&CODE_STATE=getMsg HTTP/1.1" 200 27
120.253.135.82 - - [26/Jun/2023:06:36:21 +0800] "GET /xingrg/all/function/internal_message.html?_=1687732412609&CODE_STATE=getMsg HTTP/1.1" 200 27
