180.156.213.241 - - [26/Jun/2023:12:00:27 +0800] "GET /xingrg/dwr/interface/AjaxComOrderService.js HTTP/1.1" 200 18264
180.156.213.241 - - [26/Jun/2023:12:00:27 +0800] "GET /xingrg/dwr/interface/AjaxQqpsService.js HTTP/1.1" 200 16326
180.156.213.241 - - [26/Jun/2023:12:00:27 +0800] "GET /xingrg/dwr/engine.js HTTP/1.1" 200 43631
180.156.213.241 - - [26/Jun/2023:12:00:27 +0800] "GET /xingrg/javascript/Grid.js HTTP/1.1" 200 58908
180.156.213.241 - - [26/Jun/2023:12:00:27 +0800] "GET /xingrg/words/20230625130449_words.js HTTP/1.1" 304 -
180.156.213.241 - - [26/Jun/2023:12:00:27 +0800] "GET /xingrg/javascript/jquery_easy_ui/themes/icons/template_new.png HTTP/1.1" 200 3956
180.156.213.241 - - [26/Jun/2023:12:00:27 +0800] "GET /xingrg/javascript/jquery_easy_ui/themes/icons/copy_new.png HTTP/1.1" 200 815
180.156.213.241 - - [26/Jun/2023:12:00:28 +0800] "GET /xingrg/images/blue/wait.gif HTTP/1.1" 200 1100
180.156.213.241 - - [26/Jun/2023:12:00:28 +0800] "GET /xingrg/images/blue/kc_tab_left.gif HTTP/1.1" 200 188
180.156.213.241 - - [26/Jun/2023:12:00:28 +0800] "GET /xingrg/images/blue/kc_tab_mid.gif HTTP/1.1" 200 44
180.156.213.241 - - [26/Jun/2023:12:00:28 +0800] "GET /xingrg/images/blue/kc_tab_right.gif HTTP/1.1" 200 643
120.253.135.82 - - [26/Jun/2023:12:00:28 +0800] "GET /xingrg/all/function/internal_message.html?_=1687752170698&CODE_STATE=getMsg HTTP/1.1" 200 27
120.253.135.82 - - [26/Jun/2023:12:00:28 +0800] "POST /xingrg/all/common/load_combo.html?type=employee HTTP/1.1" 200 1664
180.156.213.241 - - [26/Jun/2023:12:00:28 +0800] "POST /xingrg/dwr/call/plaincall/AjaxQqpsService.loadMaterielItems.dwr HTTP/1.1" 200 3512
180.169.147.146 - - [26/Jun/2023:12:00:32 +0800] "GET /xingrg/all/function/internal_message.html?_=1687752028765&CODE_STATE=getMsg HTTP/1.1" 302 -
116.238.191.126 - - [26/Jun/2023:12:00:35 +0800] "GET /xingrg/all/function/internal_message.html?_=1687752034476&CODE_STATE=getMsg HTTP/1.1" 200 27
222.67.234.146 - - [26/Jun/2023:12:00:38 +0800] "GET /xingrg/all/function/internal_message.html?_=1687751528439&CODE_STATE=getMsg HTTP/1.1" 200 27
180.165.154.167 - - [26/Jun/2023:12:00:40 +0800] "GET /xingrg/all/function/internal_message.html?_=1687752040079&CODE_STATE=getMsg HTTP/1.1" 200 27
116.232.195.127 - - [26/Jun/2023:12:00:41 +0800] "GET /xingrg/all/function/internal_message.html?_=1687752029664&CODE_STATE=getMsg HTTP/1.1" 200 27
120.253.135.82 - - [26/Jun/2023:12:00:42 +0800] "GET /xingrg/all/function/internal_message.html?_=1687751873933&CODE_STATE=getMsg HTTP/1.1" 200 27
180.156.213.241 - - [26/Jun/2023:12:00:42 +0800] "GET /xingrg/all/function/internal_message.html?_=1687752042351&CODE_STATE=getMsg HTTP/1.1" 200 27
61.170.233.201 - - [26/Jun/2023:12:00:43 +0800] "POST /xingrg/kc/buy/cgsh_order_operate.html HTTP/1.1" 200 37
114.83.221.127 - - [26/Jun/2023:12:00:43 +0800] "GET /xingrg/kc/buy/cgsh_order_operate.html?command=get_materiel&rest_code=00149&code=00101003035&supplier_code=00100497&order_time=2023-06-26 HTTP/1.1" 200 411
222.70.114.12 - - [26/Jun/2023:12:00:45 +0800] "GET /xingrg/all/function/internal_message.html?_=1687752045805&CODE_STATE=getMsg HTTP/1.1" 200 27
124.77.245.69 - - [26/Jun/2023:12:00:45 +0800] "GET /xingrg/all/function/internal_message.html?_=1687752047178&CODE_STATE=getMsg HTTP/1.1" 200 27
101.83.145.52 - - [26/Jun/2023:12:00:46 +0800] "POST /xingrg/kc/buy/cgsh_order_operate.html HTTP/1.1" 200 37
116.238.191.126 - - [26/Jun/2023:12:00:46 +0800] "GET /xingrg/all/function/internal_message.html?_=1687751968771&CODE_STATE=getMsg HTTP/1.1" 200 27
61.170.233.201 - - [26/Jun/2023:12:00:47 +0800] "GET /xingrg/all/function/internal_message.html?_=1687752046939&CODE_STATE=getMsg HTTP/1.1" 200 27
180.156.213.241 - - [26/Jun/2023:12:00:47 +0800] "GET /xingrg/all/function/internal_message.html?_=1687752050158&CODE_STATE=getMsg HTTP/1.1" 200 27
120.253.135.82 - - [26/Jun/2023:12:00:48 +0800] "GET /xingrg/kc/buy/cgsh_order_operate.html?command=get_materiel&rest_code=00101&code=00101008559&supplier_code=00100112&order_time=2023-06-26 HTTP/1.1" 200 432
101.83.145.52 - - [26/Jun/2023:12:00:49 +0800] "POST /xingrg/kc/buy/cgsh_order_operate.html HTTP/1.1" 200 2666
101.83.145.52 - - [26/Jun/2023:12:00:53 +0800] "GET /xingrg/kc/print/load_data.html?order_code=212023062609630&kc_code=cgsh&condition= HTTP/1.1" 200 680
61.170.233.201 - - [26/Jun/2023:12:00:53 +0800] "GET /xingrg/all/function/internal_message.html?_=1687752054738&CODE_STATE=getMsg HTTP/1.1" 200 27
61.170.233.201 - - [26/Jun/2023:12:00:54 +0800] "POST /xingrg/kc/buy/cgsh_order_operate.html HTTP/1.1" 200 12
61.170.233.201 - - [26/Jun/2023:12:00:57 +0800] "GET /xingrg/kc/buy/cgsh_order_info.html?code=212023062609629 HTTP/1.1" 200 66484
61.170.233.201 - - [26/Jun/2023:12:00:57 +0800] "GET /xingrg/javascript/easyui/themes/default/validatebox.css HTTP/1.1" 404 1104
61.170.233.201 - - [26/Jun/2023:12:00:59 +0800] "POST /xingrg/kc/buy/cgsh_order_operate.html HTTP/1.1" 200 1808
114.83.221.127 - - [26/Jun/2023:12:00:59 +0800] "GET /xingrg/kc/buy/cgsh_order_operate.html?command=get_materiel&rest_code=00149&code=00101003006&supplier_code=00100497&order_time=2023-06-26 HTTP/1.1" 200 414
114.83.221.127 - - [26/Jun/2023:12:01:01 +0800] "GET /xingrg/all/function/internal_message.html?_=1687752062075&CODE_STATE=getMsg HTTP/1.1" 200 27
61.170.233.201 - - [26/Jun/2023:12:01:02 +0800] "GET /xingrg/kc/print/load_data.html?order_code=212023062609629&kc_code=cgsh&condition= HTTP/1.1" 200 1171
61.170.233.201 - - [26/Jun/2023:12:01:08 +0800] "GET /xingrg/kc/buy/buy_main.html HTTP/1.1" 200 12412
61.170.233.201 - - [26/Jun/2023:12:01:08 +0800] "GET /xingrg/css/new_ie.css HTTP/1.1" 404 1036
180.165.154.167 - - [26/Jun/2023:12:01:10 +0800] "POST /xingrg/kc/base/wldb_order_operate.html HTTP/1.1" 200 37
61.170.233.201 - - [26/Jun/2023:12:01:10 +0800] "GET /xingrg/images/yd/bt.gif HTTP/1.1" 404 1040
180.165.154.167 - - [26/Jun/2023:12:01:11 +0800] "POST /xingrg/kc/base/wldb_order_operate.html HTTP/1.1" 200 5189
101.83.145.52 - - [26/Jun/2023:12:01:12 +0800] "GET /xingrg/all/function/internal_message.html?_=1687751894791&CODE_STATE=getMsg HTTP/1.1" 200 27
61.170.233.201 - - [26/Jun/2023:12:01:13 +0800] "GET /xingrg/kc/buy/cgsh_order_list.html HTTP/1.1" 200 55796
180.165.154.167 - - [26/Jun/2023:12:01:13 +0800] "GET /xingrg/kc/base/wldb_order_info.html?code=422023062602222 HTTP/1.1" 200 30406
180.165.154.167 - - [26/Jun/2023:12:01:13 +0800] "GET /xingrg/javascript/easyui/themes/default/validatebox.css HTTP/1.1" 404 1104
101.83.145.52 - - [26/Jun/2023:12:01:13 +0800] "GET /xingrg/check_reg.html?_=1687751895521 HTTP/1.1" 200 22
222.70.180.90 - - [26/Jun/2023:12:01:14 +0800] "GET /xingrg/all/function/internal_message.html?_=1687752073766&CODE_STATE=getMsg HTTP/1.1" 200 27
180.165.154.167 - - [26/Jun/2023:12:01:14 +0800] "POST /xingrg/kc/base/wldb_order_operate.html HTTP/1.1" 200 5189
114.83.221.127 - - [26/Jun/2023:12:01:15 +0800] "POST /xingrg/kc/buy/cgsh_order_operate.html HTTP/1.1" 200 37
120.253.135.82 - - [26/Jun/2023:12:01:15 +0800] "GET /xingrg/kc/buy/cgsh_order_operate.html?command=get_materiel&rest_code=00101&code=00101013073&supplier_code=00100112&order_time=2023-06-26 HTTP/1.1" 200 433
61.170.233.201 - - [26/Jun/2023:12:01:20 +0800] "POST /xingrg/kc/buy/cgsh_list_operate.html HTTP/1.1" 200 1869
101.229.22.40 - - [26/Jun/2023:12:01:22 +0800] "GET /xingrg/all/function/internal_message.html?_=1687752082637&CODE_STATE=getMsg HTTP/1.1" 200 27
124.79.73.155 - - [26/Jun/2023:12:01:23 +0800] "POST /xingrg/services/DataTransmitService HTTP/1.1" 200 524
114.83.221.127 - - [26/Jun/2023:12:01:23 +0800] "POST /xingrg/kc/buy/cgsh_order_operate.html HTTP/1.1" 200 3259
124.79.73.155 - - [26/Jun/2023:12:01:23 +0800] "POST /xingrg/services/DataTransmitService HTTP/1.1" 200 501
114.85.113.108 - - [26/Jun/2023:12:01:26 +0800] "GET /xingrg/all/function/internal_message.html?_=1687752086723&CODE_STATE=getMsg HTTP/1.1" 200 27
120.253.135.82 - - [26/Jun/2023:12:01:28 +0800] "GET /xingrg/all/function/internal_message.html?_=1687752230708&CODE_STATE=getMsg HTTP/1.1" 200 27
114.83.221.127 - - [26/Jun/2023:12:01:28 +0800] "GET /xingrg/kc/print/load_data.html?order_code=212023062609631&kc_code=cgsh&condition= HTTP/1.1" 200 917
120.253.135.82 - - [26/Jun/2023:12:01:28 +0800] "GET /xingrg/kc/buy/cgsh_order_operate.html?command=get_materiel&rest_code=00101&code=00101013324&supplier_code=00100112&order_time=2023-06-26 HTTP/1.1" 200 416
180.165.154.167 - - [26/Jun/2023:12:01:31 +0800] "POST /xingrg/kc/base/wldb_order_operate.html HTTP/1.1" 200 37
180.165.154.167 - - [26/Jun/2023:12:01:31 +0800] "POST /xingrg/kc/base/wldb_order_operate.html HTTP/1.1" 200 5189
180.169.147.146 - - [26/Jun/2023:12:01:32 +0800] "GET /xingrg/all/function/internal_message.html?_=1687752088753&CODE_STATE=getMsg HTTP/1.1" 302 -
180.165.154.167 - - [26/Jun/2023:12:01:32 +0800] "GET /xingrg/kc/base/wldb_order_info.html?code=422023062602222 HTTP/1.1" 200 30406
180.165.154.167 - - [26/Jun/2023:12:01:33 +0800] "GET /xingrg/javascript/easyui/themes/default/validatebox.css HTTP/1.1" 404 1104
180.165.154.167 - - [26/Jun/2023:12:01:34 +0800] "POST /xingrg/kc/base/wldb_order_operate.html HTTP/1.1" 200 5189
116.238.191.126 - - [26/Jun/2023:12:01:35 +0800] "GET /xingrg/all/function/internal_message.html?_=1687752094478&CODE_STATE=getMsg HTTP/1.1" 200 27
114.83.221.127 - - [26/Jun/2023:12:01:38 +0800] "GET /xingrg/kc/buy/cgsh_order_add.html HTTP/1.1" 200 71666
222.67.234.146 - - [26/Jun/2023:12:01:38 +0800] "GET /xingrg/all/function/internal_message.html?_=1687751588422&CODE_STATE=getMsg HTTP/1.1" 200 27
114.83.221.127 - - [26/Jun/2023:12:01:38 +0800] "POST /xingrg/kc/buy/cgsh_order_operate.html HTTP/1.1" 200 8245
114.83.221.127 - - [26/Jun/2023:12:01:38 +0800] "GET /xingrg/javascript/easyui/themes/default/validatebox.css HTTP/1.1" 404 1104
180.165.154.167 - - [26/Jun/2023:12:01:40 +0800] "GET /xingrg/all/function/internal_message.html?_=1687752100069&CODE_STATE=getMsg HTTP/1.1" 200 27
222.67.234.146 - - [26/Jun/2023:12:01:40 +0800] "GET /xingrg/check_reg.html?_=1687751590415 HTTP/1.1" 200 22
116.232.195.127 - - [26/Jun/2023:12:01:41 +0800] "GET /xingrg/all/function/internal_message.html?_=1687752089664&CODE_STATE=getMsg HTTP/1.1" 200 27
120.253.135.82 - - [26/Jun/2023:12:01:42 +0800] "GET /xingrg/all/function/internal_message.html?_=1687751933938&CODE_STATE=getMsg HTTP/1.1" 200 27
180.156.213.241 - - [26/Jun/2023:12:01:42 +0800] "GET /xingrg/all/function/internal_message.html?_=1687752102349&CODE_STATE=getMsg HTTP/1.1" 200 27
222.70.114.12 - - [26/Jun/2023:12:01:45 +0800] "GET /xingrg/all/function/internal_message.html?_=1687752105796&CODE_STATE=getMsg HTTP/1.1" 200 27
124.77.245.69 - - [26/Jun/2023:12:01:45 +0800] "GET /xingrg/all/function/internal_message.html?_=1687752107179&CODE_STATE=getMsg HTTP/1.1" 200 27
116.238.191.126 - - [26/Jun/2023:12:01:46 +0800] "GET /xingrg/all/function/internal_message.html?_=1687752028789&CODE_STATE=getMsg HTTP/1.1" 200 27
61.170.233.201 - - [26/Jun/2023:12:01:47 +0800] "GET /xingrg/all/function/internal_message.html?_=1687752106940&CODE_STATE=getMsg HTTP/1.1" 200 27
180.156.213.241 - - [26/Jun/2023:12:01:47 +0800] "GET /xingrg/all/function/internal_message.html?_=1687752110161&CODE_STATE=getMsg HTTP/1.1" 200 27
180.156.213.241 - - [26/Jun/2023:12:01:47 +0800] "GET /xingrg/check_reg.html?_=1687752110163 HTTP/1.1" 200 22
120.253.135.82 - - [26/Jun/2023:12:01:49 +0800] "POST /xingrg/kc/buy/cgsh_order_operate.html HTTP/1.1" 200 37
61.170.233.201 - - [26/Jun/2023:12:01:52 +0800] "POST /xingrg/kc/buy/cgsh_list_operate.html HTTP/1.1" 200 1869
120.253.135.82 - - [26/Jun/2023:12:01:53 +0800] "POST /xingrg/kc/buy/cgsh_order_operate.html HTTP/1.1" 200 3861
61.170.233.201 - - [26/Jun/2023:12:01:53 +0800] "GET /xingrg/all/function/internal_message.html?_=1687752114715&CODE_STATE=getMsg HTTP/1.1" 200 27
61.170.233.201 - - [26/Jun/2023:12:01:55 +0800] "GET /xingrg/kc/buy/buy_main.html HTTP/1.1" 200 12412
61.170.233.201 - - [26/Jun/2023:12:01:55 +0800] "GET /xingrg/css/new_ie.css HTTP/1.1" 404 1036
114.83.221.127 - - [26/Jun/2023:12:01:55 +0800] "GET /xingrg/kc/buy/cgsh_order_operate.html?command=get_materiel&rest_code=00149&code=00101004090&supplier_code=00100312&order_time=2023-06-26 HTTP/1.1" 200 405
116.232.195.127 - - [26/Jun/2023:12:01:56 +0800] "GET /xingrg/kc/report/report_main.html HTTP/1.1" 200 7340
120.253.135.82 - - [26/Jun/2023:12:01:57 +0800] "GET /xingrg/kc/buy/cgsh_order_list.html HTTP/1.1" 200 55796
116.232.195.127 - - [26/Jun/2023:12:01:58 +0800] "GET /xingrg/kc/base/kc_stocks.html HTTP/1.1" 200 16512
116.232.195.127 - - [26/Jun/2023:12:01:58 +0800] "GET /xingrg/javascript/easyui/themes/default/tree.css HTTP/1.1" 404 1090
116.232.195.127 - - [26/Jun/2023:12:01:58 +0800] "POST /xingrg/all/common/load_tree.html?tree=materiel_sort_tree_json HTTP/1.1" 200 9500
114.83.221.127 - - [26/Jun/2023:12:02:01 +0800] "GET /xingrg/all/function/internal_message.html?_=1687752122059&CODE_STATE=getMsg HTTP/1.1" 200 27
120.253.135.82 - - [26/Jun/2023:12:02:03 +0800] "POST /xingrg/kc/buy/cgsh_list_operate.html HTTP/1.1" 200 2275
114.83.221.127 - - [26/Jun/2023:12:02:05 +0800] "GET /xingrg/check_reg.html?_=1687752125155 HTTP/1.1" 200 22
120.253.135.82 - - [26/Jun/2023:12:02:07 +0800] "GET /xingrg/kc/buy/cgsh_order_add.html HTTP/1.1" 200 70636
120.253.135.82 - - [26/Jun/2023:12:02:07 +0800] "POST /xingrg/kc/buy/cgsh_order_operate.html HTTP/1.1" 200 8245
120.253.135.82 - - [26/Jun/2023:12:02:07 +0800] "GET /xingrg/javascript/easyui/themes/default/validatebox.css HTTP/1.1" 404 1104
120.253.135.82 - - [26/Jun/2023:12:02:07 +0800] "GET /xingrg/all/common/auto_word.html?type=employee&rest_code=00101 HTTP/1.1" 200 927
120.253.135.82 - - [26/Jun/2023:12:02:08 +0800] "GET /xingrg/all/common/auto_word.html?type=employee&rest_code=00101 HTTP/1.1" 200 927
120.253.135.82 - - [26/Jun/2023:12:02:10 +0800] "POST /xingrg/all/common/load_combo.html?type=employee HTTP/1.1" 200 1664
101.83.145.52 - - [26/Jun/2023:12:02:12 +0800] "GET /xingrg/all/function/internal_message.html?_=1687751954778&CODE_STATE=getMsg HTTP/1.1" 200 27
222.70.180.90 - - [26/Jun/2023:12:02:14 +0800] "GET /xingrg/all/function/internal_message.html?_=1687752133765&CODE_STATE=getMsg HTTP/1.1" 200 27
101.229.22.40 - - [26/Jun/2023:12:02:22 +0800] "GET /xingrg/all/function/internal_message.html?_=1687752142637&CODE_STATE=getMsg HTTP/1.1" 200 27
114.85.113.108 - - [26/Jun/2023:12:02:26 +0800] "GET /xingrg/all/function/internal_message.html?_=1687752146707&CODE_STATE=getMsg HTTP/1.1" 200 27
120.253.135.82 - - [26/Jun/2023:12:02:27 +0800] "GET /xingrg/kc/buy/cgsh_order_operate.html?command=get_materiel&rest_code=00101&code=00101010059&supplier_code=00100115&order_time=2023-06-26 HTTP/1.1" 200 433
116.232.195.127 - - [26/Jun/2023:12:02:27 +0800] "POST /xingrg/kc/base/stock_operate.html HTTP/1.1" 200 2652
120.253.135.82 - - [26/Jun/2023:12:02:28 +0800] "GET /xingrg/all/function/internal_message.html?_=1687752290710&CODE_STATE=getMsg HTTP/1.1" 200 27
120.253.135.82 - - [26/Jun/2023:12:02:28 +0800] "GET /xingrg/check_reg.html?_=1687752290712 HTTP/1.1" 200 22
180.169.147.146 - - [26/Jun/2023:12:02:32 +0800] "GET /xingrg/all/function/internal_message.html?_=1687752148764&CODE_STATE=getMsg HTTP/1.1" 302 -
116.238.191.126 - - [26/Jun/2023:12:02:35 +0800] "GET /xingrg/check_reg.html?_=1687752154493 HTTP/1.1" 200 22
116.238.191.126 - - [26/Jun/2023:12:02:35 +0800] "GET /xingrg/all/function/internal_message.html?_=1687752154496&CODE_STATE=getMsg HTTP/1.1" 200 27
116.232.195.127 - - [26/Jun/2023:12:02:35 +0800] "GET /xingrg/kc/base/stock_detail.html?m=00101001138 HTTP/1.1" 200 7399
116.232.195.127 - - [26/Jun/2023:12:02:37 +0800] "GET /xingrg/kc/base/stock_operate.html?_=1687752145317&command=get_report_file&start_day=20230601 HTTP/1.1" 200 53
116.232.195.127 - - [26/Jun/2023:12:02:37 +0800] "GET /xingrg/all/report/report_query.html?isQuery=1&onlyBody=1&rh=2000&fileName=kc/base/kc_stock_detail_new.xml&queryString=(1=1)&queryText=&tableQueryString=init_table$sp1$$sp$crk_table$sp1$order_day%20between%2020230601%20and%2020230630&varString=start_day:20230601,materiel_code:00101001138,cost_id:4397,end_date:20230531 HTTP/1.1" 200 48701
116.232.195.127 - - [26/Jun/2023:12:02:37 +0800] "GET /xingrg/dwr/interface/AjaxReportQueryService.js HTTP/1.1" 200 13203
116.232.195.127 - - [26/Jun/2023:12:02:37 +0800] "GET /xingrg/dwr/engine.js HTTP/1.1" 200 43631
222.67.234.146 - - [26/Jun/2023:12:02:38 +0800] "GET /xingrg/all/function/internal_message.html?_=1687751648396&CODE_STATE=getMsg HTTP/1.1" 200 27
116.232.195.127 - - [26/Jun/2023:12:02:39 +0800] "POST /xingrg/all/report/load_report_page.html HTTP/1.1" 200 83743
116.232.195.127 - - [26/Jun/2023:12:02:39 +0800] "GET /xingrg/servlets/image?cache=0.5450682983112863&image=px HTTP/1.1" 200 807
180.165.154.167 - - [26/Jun/2023:12:02:40 +0800] "GET /xingrg/all/function/internal_message.html?_=1687752160062&CODE_STATE=getMsg HTTP/1.1" 200 27
116.232.195.127 - - [26/Jun/2023:12:02:41 +0800] "GET /xingrg/all/function/internal_message.html?_=1687752149659&CODE_STATE=getMsg HTTP/1.1" 200 27
180.156.213.241 - - [26/Jun/2023:12:02:42 +0800] "GET /xingrg/all/function/internal_message.html?_=1687752162316&CODE_STATE=getMsg HTTP/1.1" 200 27
120.253.135.82 - - [26/Jun/2023:12:02:42 +0800] "GET /xingrg/all/function/internal_message.html?_=1687751993994&CODE_STATE=getMsg HTTP/1.1" 200 27
120.253.135.82 - - [26/Jun/2023:12:02:43 +0800] "POST /xingrg/kc/buy/cgsh_order_operate.html HTTP/1.1" 200 37
180.165.154.167 - - [26/Jun/2023:12:02:44 +0800] "POST /xingrg/services/DataTransmitService HTTP/1.1" 200 524
114.83.221.127 - - [26/Jun/2023:12:02:44 +0800] "GET /xingrg/kc/buy/cgsh_order_operate.html?command=get_materiel&rest_code=00149&code=00101004046&supplier_code=00100312&order_time=2023-06-26 HTTP/1.1" 200 417
180.165.154.167 - - [26/Jun/2023:12:02:45 +0800] "POST /xingrg/services/DataTransmitService HTTP/1.1" 200 412
222.70.114.12 - - [26/Jun/2023:12:02:45 +0800] "GET /xingrg/all/function/internal_message.html?_=1687752165801&CODE_STATE=getMsg HTTP/1.1" 200 27
124.77.245.69 - - [26/Jun/2023:12:02:45 +0800] "GET /xingrg/all/function/internal_message.html?_=1687752167529&CODE_STATE=getMsg HTTP/1.1" 200 27
120.253.135.82 - - [26/Jun/2023:12:02:46 +0800] "POST /xingrg/kc/buy/cgsh_order_operate.html HTTP/1.1" 200 2666
116.238.191.126 - - [26/Jun/2023:12:02:46 +0800] "GET /xingrg/all/function/internal_message.html?_=1687752088797&CODE_STATE=getMsg HTTP/1.1" 200 27
180.163.29.234 - - [26/Jun/2023:12:02:47 +0800] "GET /xingrg/all/function/internal_message.html?_=1687752106940&CODE_STATE=getMsg HTTP/1.1" 302 -
180.163.29.234 - - [26/Jun/2023:12:02:47 +0800] "GET /xingrg/login.html HTTP/1.1" 200 7641
61.170.233.201 - - [26/Jun/2023:12:02:47 +0800] "GET /xingrg/check_reg.html?_=1687752166943 HTTP/1.1" 200 22
61.170.233.201 - - [26/Jun/2023:12:02:47 +0800] "GET /xingrg/all/function/internal_message.html?_=1687752166948&CODE_STATE=getMsg HTTP/1.1" 200 27
116.232.195.127 - - [26/Jun/2023:12:02:47 +0800] "GET /xingrg/kc/guide/show_order.html?code=212023062509450&type=21 HTTP/1.1" 302 -
180.156.213.241 - - [26/Jun/2023:12:02:47 +0800] "GET /xingrg/all/function/internal_message.html?_=1687752170167&CODE_STATE=getMsg HTTP/1.1" 200 27
120.253.135.82 - - [26/Jun/2023:12:02:50 +0800] "GET /xingrg/kc/buy/cgsh_order_add.html HTTP/1.1" 200 70636
116.232.195.127 - - [26/Jun/2023:12:02:50 +0800] "GET /xingrg/kc/buy/cgsh_order_info.html?code=212023062509450&sysBaseUrl=http%3A%2F%2F180.169.147.146%3A18081%2Fxingrg%2F&costTime=0×tamp=1687752167619 HTTP/1.1" 200 66538
120.253.135.82 - - [26/Jun/2023:12:02:50 +0800] "POST /xingrg/kc/buy/cgsh_order_operate.html HTTP/1.1" 200 8245
120.253.135.82 - - [26/Jun/2023:12:02:50 +0800] "GET /xingrg/javascript/easyui/themes/default/validatebox.css HTTP/1.1" 404 1104
116.232.195.127 - - [26/Jun/2023:12:02:50 +0800] "GET /favicon.ico HTTP/1.1" 404 -
120.253.135.82 - - [26/Jun/2023:12:02:50 +0800] "GET /xingrg/all/common/auto_word.html?type=employee&rest_code=00101 HTTP/1.1" 200 927
120.253.135.82 - - [26/Jun/2023:12:02:50 +0800] "GET /xingrg/all/common/auto_word.html?type=employee&rest_code=00101 HTTP/1.1" 200 927
116.232.195.127 - - [26/Jun/2023:12:02:50 +0800] "GET /xingrg/javascript/easyui/themes/default/validatebox.css HTTP/1.1" 404 1104
120.253.135.82 - - [26/Jun/2023:12:02:51 +0800] "POST /xingrg/all/common/load_combo.html?type=employee HTTP/1.1" 200 1664
116.232.195.127 - - [26/Jun/2023:12:02:52 +0800] "POST /xingrg/kc/buy/cgsh_order_operate.html HTTP/1.1" 200 1206
114.83.221.127 - - [26/Jun/2023:12:02:53 +0800] "GET /xingrg/kc/buy/cgsh_order_operate.html?command=get_materiel&rest_code=00149&code=00101004038&supplier_code=00100312&order_time=2023-06-26 HTTP/1.1" 200 430
61.170.233.201 - - [26/Jun/2023:12:02:53 +0800] "GET /xingrg/all/function/internal_message.html?_=1687752174699&CODE_STATE=getMsg HTTP/1.1" 200 27
61.170.233.201 - - [26/Jun/2023:12:02:53 +0800] "GET /xingrg/check_reg.html?_=1687752174999 HTTP/1.1" 200 22
114.83.221.127 - - [26/Jun/2023:12:03:01 +0800] "GET /xingrg/all/function/internal_message.html?_=1687752182045&CODE_STATE=getMsg HTTP/1.1" 200 27
114.83.221.127 - - [26/Jun/2023:12:03:02 +0800] "GET /xingrg/kc/buy/cgsh_order_operate.html?command=get_materiel&rest_code=00149&code=00101004103&supplier_code=00100312&order_time=2023-06-26 HTTP/1.1" 200 432
116.232.195.127 - - [26/Jun/2023:12:03:03 +0800] "POST /xingrg/kc/base/stock_operate.html HTTP/1.1" 200 1459
116.232.195.127 - - [26/Jun/2023:12:03:09 +0800] "GET /xingrg/kc/base/stock_detail.html?m=00101001135 HTTP/1.1" 200 7399
116.232.195.127 - - [26/Jun/2023:12:03:10 +0800] "GET /xingrg/kc/base/stock_operate.html?_=1687752178391&command=get_report_file&start_day=20230601 HTTP/1.1" 200 53
116.232.195.127 - - [26/Jun/2023:12:03:10 +0800] "GET /xingrg/all/report/report_query.html?isQuery=1&onlyBody=1&rh=2000&fileName=kc/base/kc_stock_detail_new.xml&queryString=(1=1)&queryText=&tableQueryString=init_table$sp1$$sp$crk_table$sp1$order_day%20between%2020230601%20and%2020230630&varString=start_day:20230601,materiel_code:00101001135,cost_id:4397,end_date:20230531 HTTP/1.1" 200 48701
116.232.195.127 - - [26/Jun/2023:12:03:10 +0800] "GET /xingrg/dwr/interface/AjaxReportQueryService.js HTTP/1.1" 200 13203
116.232.195.127 - - [26/Jun/2023:12:03:10 +0800] "GET /xingrg/dwr/engine.js HTTP/1.1" 200 43631
120.253.135.82 - - [26/Jun/2023:12:03:12 +0800] "GET /xingrg/kc/buy/cgsh_order_operate.html?command=get_materiel&rest_code=00101&code=00101008710&supplier_code=00100106&order_time=2023-06-26 HTTP/1.1" 200 445
116.232.195.127 - - [26/Jun/2023:12:03:12 +0800] "POST /xingrg/all/report/load_report_page.html HTTP/1.1" 200 78846
116.232.195.127 - - [26/Jun/2023:12:03:12 +0800] "GET /xingrg/servlets/image?cache=0.00468571388391692&image=px HTTP/1.1" 200 807
101.83.145.52 - - [26/Jun/2023:12:03:12 +0800] "GET /xingrg/all/function/internal_message.html?_=1687752014749&CODE_STATE=getMsg HTTP/1.1" 200 27
124.77.245.69 - - [26/Jun/2023:12:03:12 +0800] "GET /xingrg/check_reg.html?_=1687752194680 HTTP/1.1" 200 22
222.70.180.90 - - [26/Jun/2023:12:03:14 +0800] "GET /xingrg/all/function/internal_message.html?_=1687752193765&CODE_STATE=getMsg HTTP/1.1" 200 27
114.83.221.127 - - [26/Jun/2023:12:03:15 +0800] "GET /xingrg/kc/buy/cgsh_order_operate.html?command=get_materiel&rest_code=00149&code=00101004071&supplier_code=00100312&order_time=2023-06-26 HTTP/1.1" 200 411
116.232.195.127 - - [26/Jun/2023:12:03:18 +0800] "GET /xingrg/kc/guide/show_order.html?code=212023061706121&type=21 HTTP/1.1" 302 -
116.232.195.127 - - [26/Jun/2023:12:03:20 +0800] "GET /xingrg/kc/buy/cgsh_order_info.html?code=212023061706121&sysBaseUrl=http%3A%2F%2F180.169.147.146%3A18081%2Fxingrg%2F&costTime=0×tamp=1687752198541 HTTP/1.1" 200 66538
116.232.195.127 - - [26/Jun/2023:12:03:20 +0800] "GET /favicon.ico HTTP/1.1" 404 -
116.232.195.127 - - [26/Jun/2023:12:03:20 +0800] "GET /xingrg/javascript/easyui/themes/default/validatebox.css HTTP/1.1" 404 1104
116.232.195.127 - - [26/Jun/2023:12:03:21 +0800] "POST /xingrg/kc/buy/cgsh_order_operate.html HTTP/1.1" 200 2398
101.229.22.40 - - [26/Jun/2023:12:03:22 +0800] "GET /xingrg/all/function/internal_message.html?_=1687752202637&CODE_STATE=getMsg HTTP/1.1" 200 27
120.253.135.82 - - [26/Jun/2023:12:03:23 +0800] "GET /xingrg/check_reg.html?_=1687752034746 HTTP/1.1" 200 22
114.85.113.108 - - [26/Jun/2023:12:03:26 +0800] "GET /xingrg/all/function/internal_message.html?_=1687752206684&CODE_STATE=getMsg HTTP/1.1" 200 27
120.253.135.82 - - [26/Jun/2023:12:03:28 +0800] "GET /xingrg/all/function/internal_message.html?_=1687752350716&CODE_STATE=getMsg HTTP/1.1" 200 27
114.83.221.127 - - [26/Jun/2023:12:03:31 +0800] "POST /xingrg/kc/buy/cgsh_order_operate.html HTTP/1.1" 200 37
116.232.195.127 - - [26/Jun/2023:12:03:32 +0800] "GET /xingrg/kc/guide/show_order.html?code=212023061605636&type=21 HTTP/1.1" 302 -
180.169.147.146 - - [26/Jun/2023:12:03:32 +0800] "GET /xingrg/all/function/internal_message.html?_=1687752208760&CODE_STATE=getMsg HTTP/1.1" 302 -
180.169.147.146 - - [26/Jun/2023:12:03:32 +0800] "GET /xingrg/check_reg.html?_=1687752208763 HTTP/1.1" 302 -
116.232.195.127 - - [26/Jun/2023:12:03:34 +0800] "GET /xingrg/kc/buy/cgsh_order_info.html?code=212023061605636&sysBaseUrl=http%3A%2F%2F180.169.147.146%3A18081%2Fxingrg%2F&costTime=0×tamp=1687752212264 HTTP/1.1" 200 66538
116.232.195.127 - - [26/Jun/2023:12:03:34 +0800] "GET /favicon.ico HTTP/1.1" 404 -
116.232.195.127 - - [26/Jun/2023:12:03:34 +0800] "GET /xingrg/javascript/easyui/themes/default/validatebox.css HTTP/1.1" 404 1104
114.83.221.127 - - [26/Jun/2023:12:03:34 +0800] "POST /xingrg/kc/buy/cgsh_order_operate.html HTTP/1.1" 200 5033
120.253.135.82 - - [26/Jun/2023:12:03:34 +0800] "GET /xingrg/kc/buy/cgsh_order_operate.html?command=get_materiel&rest_code=00101&code=00101019173&supplier_code=00100106&order_time=2023-06-26 HTTP/1.1" 200 413
116.238.191.126 - - [26/Jun/2023:12:03:35 +0800] "GET /xingrg/all/function/internal_message.html?_=1687752214502&CODE_STATE=getMsg HTTP/1.1" 200 27
116.232.195.127 - - [26/Jun/2023:12:03:35 +0800] "POST /xingrg/kc/buy/cgsh_order_operate.html HTTP/1.1" 200 2388
114.83.221.127 - - [26/Jun/2023:12:03:38 +0800] "GET /xingrg/kc/print/load_data.html?order_code=212023062609634&kc_code=cgsh&condition= HTTP/1.1" 200 1595
222.67.234.146 - - [26/Jun/2023:12:03:38 +0800] "GET /xingrg/all/function/internal_message.html?_=1687751708369&CODE_STATE=getMsg HTTP/1.1" 200 27
180.165.154.167 - - [26/Jun/2023:12:03:40 +0800] "GET /xingrg/check_reg.html?_=1687752220081 HTTP/1.1" 200 22
180.165.154.167 - - [26/Jun/2023:12:03:40 +0800] "GET /xingrg/all/function/internal_message.html?_=1687752220078&CODE_STATE=getMsg HTTP/1.1" 200 27
116.232.195.127 - - [26/Jun/2023:12:03:41 +0800] "GET /xingrg/all/function/internal_message.html?_=1687752209647&CODE_STATE=getMsg HTTP/1.1" 200 27
116.232.195.127 - - [26/Jun/2023:12:03:42 +0800] "GET /xingrg/check_reg.html?_=1687752210454 HTTP/1.1" 200 22
180.156.213.241 - - [26/Jun/2023:12:03:42 +0800] "GET /xingrg/all/function/internal_message.html?_=1687752222290&CODE_STATE=getMsg HTTP/1.1" 200 27
120.253.135.82 - - [26/Jun/2023:12:03:42 +0800] "GET /xingrg/all/function/internal_message.html?_=1687752053994&CODE_STATE=getMsg HTTP/1.1" 200 27
114.83.221.127 - - [26/Jun/2023:12:03:44 +0800] "GET /xingrg/kc/buy/cgsh_order_add.html HTTP/1.1" 200 71666
116.238.191.126 - - [26/Jun/2023:12:03:44 +0800] "GET /xingrg/check_reg.html?_=1687752146904 HTTP/1.1" 200 22
114.83.221.127 - - [26/Jun/2023:12:03:44 +0800] "POST /xingrg/kc/buy/cgsh_order_operate.html HTTP/1.1" 200 8245
114.83.221.127 - - [26/Jun/2023:12:03:45 +0800] "GET /xingrg/javascript/easyui/themes/default/validatebox.css HTTP/1.1" 404 1104
180.156.213.241 - - [26/Jun/2023:12:03:45 +0800] "GET /xingrg/check_reg.html?_=1687752224859 HTTP/1.1" 200 22
222.70.114.12 - - [26/Jun/2023:12:03:45 +0800] "GET /xingrg/all/function/internal_message.html?_=1687752225807&CODE_STATE=getMsg HTTP/1.1" 200 27
124.77.245.69 - - [26/Jun/2023:12:03:45 +0800] "GET /xingrg/all/function/internal_message.html?_=1687752227535&CODE_STATE=getMsg HTTP/1.1" 200 27
114.85.113.108 - - [26/Jun/2023:12:03:46 +0800] "GET /xingrg/check_reg.html?_=1687752225843 HTTP/1.1" 200 22
116.238.191.126 - - [26/Jun/2023:12:03:46 +0800] "GET /xingrg/all/function/internal_message.html?_=1687752148811&CODE_STATE=getMsg HTTP/1.1" 200 27
61.170.233.201 - - [26/Jun/2023:12:03:47 +0800] "GET /xingrg/all/function/internal_message.html?_=1687752226946&CODE_STATE=getMsg HTTP/1.1" 200 27
180.156.213.241 - - [26/Jun/2023:12:03:47 +0800] "GET /xingrg/all/function/internal_message.html?_=1687752230152&CODE_STATE=getMsg HTTP/1.1" 200 27
61.170.233.201 - - [26/Jun/2023:12:03:53 +0800] "GET /xingrg/all/function/internal_message.html?_=1687752234671&CODE_STATE=getMsg HTTP/1.1" 200 27
114.83.221.127 - - [26/Jun/2023:12:03:57 +0800] "GET /xingrg/kc/buy/cgsh_order_operate.html?command=get_materiel&rest_code=00149&code=00101012046&supplier_code=00100487&order_time=2023-06-26 HTTP/1.1" 200 417
120.253.135.82 - - [26/Jun/2023:12:03:57 +0800] "GET /xingrg/kc/buy/cgsh_order_operate.html?command=get_materiel&rest_code=00101&code=00101013169&supplier_code=00100106&order_time=2023-06-26 HTTP/1.1" 200 417
116.232.195.127 - - [26/Jun/2023:12:03:58 +0800] "POST /xingrg/kc/base/stock_operate.html HTTP/1.1" 200 1694
116.232.195.127 - - [26/Jun/2023:12:04:01 +0800] "GET /xingrg/kc/base/stock_detail.html?m=00101001022 HTTP/1.1" 200 7401
114.83.221.127 - - [26/Jun/2023:12:04:01 +0800] "GET /xingrg/all/function/internal_message.html?_=1687752242026&CODE_STATE=getMsg HTTP/1.1" 200 27
116.232.195.127 - - [26/Jun/2023:12:04:02 +0800] "GET /xingrg/kc/base/stock_operate.html?_=1687752230664&command=get_report_file&start_day=20230601 HTTP/1.1" 200 53
116.232.195.127 - - [26/Jun/2023:12:04:02 +0800] "GET /xingrg/all/report/report_query.html?isQuery=1&onlyBody=1&rh=2000&fileName=kc/base/kc_stock_detail_new.xml&queryString=(1=1)&queryText=&tableQueryString=init_table$sp1$$sp$crk_table$sp1$order_day%20between%2020230601%20and%2020230630&varString=start_day:20230601,materiel_code:00101001022,cost_id:4397,end_date:20230531 HTTP/1.1" 200 48701
116.232.195.127 - - [26/Jun/2023:12:04:02 +0800] "GET /xingrg/dwr/interface/AjaxReportQueryService.js HTTP/1.1" 200 13203
116.232.195.127 - - [26/Jun/2023:12:04:02 +0800] "GET /xingrg/dwr/engine.js HTTP/1.1" 200 43631
116.232.195.127 - - [26/Jun/2023:12:04:04 +0800] "POST /xingrg/all/report/load_report_page.html HTTP/1.1" 200 34918
116.232.195.127 - - [26/Jun/2023:12:04:04 +0800] "GET /xingrg/servlets/image?cache=0.9070257593440685&image=px HTTP/1.1" 200 807
114.83.221.127 - - [26/Jun/2023:12:04:07 +0800] "GET /xingrg/kc/buy/cgsh_order_operate.html?command=get_materiel&rest_code=00149&code=00101008302&supplier_code=00100487&order_time=2023-06-26 HTTP/1.1" 200 412
101.83.145.52 - - [26/Jun/2023:12:04:12 +0800] "GET /xingrg/all/function/internal_message.html?_=1687752074736&CODE_STATE=getMsg HTTP/1.1" 200 27
222.70.180.90 - - [26/Jun/2023:12:04:14 +0800] "GET /xingrg/all/function/internal_message.html?_=1687752253793&CODE_STATE=getMsg HTTP/1.1" 200 27
120.253.135.82 - - [26/Jun/2023:12:04:15 +0800] "GET /xingrg/kc/buy/cgsh_order_operate.html?command=get_materiel&rest_code=00101&code=00101013115&supplier_code=00100106&order_time=2023-06-26 HTTP/1.1" 200 432
114.83.221.127 - - [26/Jun/2023:12:04:15 +0800] "GET /xingrg/kc/buy/cgsh_order_operate.html?command=get_materiel&rest_code=00149&code=00101012101&supplier_code=00100487&order_time=2023-06-26 HTTP/1.1" 200 418
101.229.22.40 - - [26/Jun/2023:12:04:22 +0800] "GET /xingrg/check_reg.html?_=1687752262638 HTTP/1.1" 200 22
101.229.22.40 - - [26/Jun/2023:12:04:22 +0800] "GET /xingrg/all/function/internal_message.html?_=1687752262642&CODE_STATE=getMsg HTTP/1.1" 200 27
114.85.113.108 - - [26/Jun/2023:12:04:26 +0800] "GET /xingrg/all/function/internal_message.html?_=1687752266671&CODE_STATE=getMsg HTTP/1.1" 200 27
101.83.145.52 - - [26/Jun/2023:12:04:27 +0800] "GET /xingrg/kc/mdqp/qp_main.html HTTP/1.1" 200 10633
101.83.145.52 - - [26/Jun/2023:12:04:27 +0800] "GET /xingrg/images/blue/button/qqpsd.gif HTTP/1.1" 304 -
101.83.145.52 - - [26/Jun/2023:12:04:27 +0800] "GET /xingrg/images/blue/button/pszx.gif HTTP/1.1" 304 -
101.83.145.52 - - [26/Jun/2023:12:04:27 +0800] "GET /xingrg/images/blue/button/psshd.gif HTTP/1.1" 304 -
101.83.145.52 - - [26/Jun/2023:12:04:28 +0800] "GET /xingrg/kc/base/base_main.html HTTP/1.1" 200 12142
120.253.135.82 - - [26/Jun/2023:12:04:28 +0800] "GET /xingrg/all/function/internal_message.html?_=1687752410722&CODE_STATE=getMsg HTTP/1.1" 200 27
114.83.221.127 - - [26/Jun/2023:12:04:28 +0800] "POST /xingrg/kc/buy/cgsh_order_operate.html HTTP/1.1" 200 37
114.83.221.127 - - [26/Jun/2023:12:04:31 +0800] "POST /xingrg/kc/buy/cgsh_order_operate.html HTTP/1.1" 200 3258
120.253.135.82 - - [26/Jun/2023:12:04:31 +0800] "GET /xingrg/kc/buy/cgsh_order_operate.html?command=get_materiel&rest_code=00101&code=00101020335&supplier_code=00100106&order_time=2023-06-26 HTTP/1.1" 200 455
180.169.147.146 - - [26/Jun/2023:12:04:32 +0800] "GET /xingrg/all/function/internal_message.html?_=1687752268762&CODE_STATE=getMsg HTTP/1.1" 302 -
120.253.135.82 - - [26/Jun/2023:12:04:33 +0800] "POST /xingrg/all/common/load_select.html HTTP/1.1" 200 25
116.238.191.126 - - [26/Jun/2023:12:04:35 +0800] "GET /xingrg/all/function/internal_message.html?_=1687752274504&CODE_STATE=getMsg HTTP/1.1" 200 27
101.83.145.52 - - [26/Jun/2023:12:04:35 +0800] "GET /xingrg/kc/base/wldb_order_list.html HTTP/1.1" 200 19098
101.83.145.52 - - [26/Jun/2023:12:04:36 +0800] "POST /xingrg/kc/base/wldb_list_operate.html HTTP/1.1" 200 4506
114.83.221.127 - - [26/Jun/2023:12:04:37 +0800] "GET /xingrg/kc/print/load_data.html?order_code=212023062609635&kc_code=cgsh&condition= HTTP/1.1" 200 922
222.67.234.146 - - [26/Jun/2023:12:04:38 +0800] "GET /xingrg/all/function/internal_message.html?_=1687751768340&CODE_STATE=getMsg HTTP/1.1" 200 27
101.83.145.52 - - [26/Jun/2023:12:04:39 +0800] "GET /xingrg/kc/base/wldb_order_add.html HTTP/1.1" 200 30381
120.253.135.82 - - [26/Jun/2023:12:04:40 +0800] "GET /xingrg/kc/buy/cgsh_order_operate.html?command=get_materiel_price&rest_code=00101&code=00101020335&unit_code=00100179&supplier_code=00100106&order_time=2023-06-26 HTTP/1.1" 200 30
180.165.154.167 - - [26/Jun/2023:12:04:40 +0800] "GET /xingrg/all/function/internal_message.html?_=1687752280069&CODE_STATE=getMsg HTTP/1.1" 200 27
101.83.145.52 - - [26/Jun/2023:12:04:40 +0800] "POST /xingrg/kc/base/wldb_order_operate.html HTTP/1.1" 200 6806
101.83.145.52 - - [26/Jun/2023:12:04:40 +0800] "GET /xingrg/javascript/easyui/themes/default/validatebox.css HTTP/1.1" 404 1104
116.232.195.127 - - [26/Jun/2023:12:04:41 +0800] "GET /xingrg/all/function/internal_message.html?_=1687752269632&CODE_STATE=getMsg HTTP/1.1" 200 27
180.156.213.241 - - [26/Jun/2023:12:04:42 +0800] "GET /xingrg/all/function/internal_message.html?_=1687752282266&CODE_STATE=getMsg HTTP/1.1" 200 27
120.253.135.82 - - [26/Jun/2023:12:04:42 +0800] "GET /xingrg/all/function/internal_message.html?_=1687752114008&CODE_STATE=getMsg HTTP/1.1" 200 27
101.83.145.52 - - [26/Jun/2023:12:04:44 +0800] "GET /xingrg/javascript/auto/indicator.gif HTTP/1.1" 404 1066
222.70.114.12 - - [26/Jun/2023:12:04:45 +0800] "GET /xingrg/check_reg.html?_=1687752285797 HTTP/1.1" 200 22
222.70.114.12 - - [26/Jun/2023:12:04:45 +0800] "GET /xingrg/all/function/internal_message.html?_=1687752285800&CODE_STATE=getMsg HTTP/1.1" 200 27
124.77.245.69 - - [26/Jun/2023:12:04:45 +0800] "GET /xingrg/all/function/internal_message.html?_=1687752287554&CODE_STATE=getMsg HTTP/1.1" 200 27
116.238.191.126 - - [26/Jun/2023:12:04:46 +0800] "GET /xingrg/all/function/internal_message.html?_=1687752208826&CODE_STATE=getMsg HTTP/1.1" 200 27
180.163.29.206 - - [26/Jun/2023:12:04:47 +0800] "GET /xingrg/all/function/internal_message.html?_=1687752226946&CODE_STATE=getMsg HTTP/1.1" 302 -
180.163.29.206 - - [26/Jun/2023:12:04:47 +0800] "GET /xingrg/login.html HTTP/1.1" 200 7641
61.170.233.201 - - [26/Jun/2023:12:04:47 +0800] "GET /xingrg/all/function/internal_message.html?_=1687752286949&CODE_STATE=getMsg HTTP/1.1" 200 27
180.156.213.241 - - [26/Jun/2023:12:04:47 +0800] "GET /xingrg/all/function/internal_message.html?_=1687752290156&CODE_STATE=getMsg HTTP/1.1" 200 27
101.83.145.52 - - [26/Jun/2023:12:04:50 +0800] "GET /xingrg/javascript/jquery_tools/images/next.gif HTTP/1.1" 404 1086
101.83.145.52 - - [26/Jun/2023:12:04:50 +0800] "GET /xingrg/javascript/jquery_tools/images/prev.gif HTTP/1.1" 404 1086
120.253.135.82 - - [26/Jun/2023:12:04:51 +0800] "GET /xingrg/kc/buy/cgsh_order_list.html HTTP/1.1" 200 55796
61.170.233.201 - - [26/Jun/2023:12:04:53 +0800] "GET /xingrg/all/function/internal_message.html?_=1687752294656&CODE_STATE=getMsg HTTP/1.1" 200 27
120.253.135.82 - - [26/Jun/2023:12:04:57 +0800] "POST /xingrg/kc/buy/cgsh_order_operate.html HTTP/1.1" 200 37
120.253.135.82 - - [26/Jun/2023:12:05:00 +0800] "POST /xingrg/kc/buy/cgsh_order_operate.html HTTP/1.1" 200 5092
114.83.221.127 - - [26/Jun/2023:12:05:01 +0800] "GET /xingrg/all/function/internal_message.html?_=1687752302013&CODE_STATE=getMsg HTTP/1.1" 200 27
120.253.135.82 - - [26/Jun/2023:12:05:02 +0800] "GET /xingrg/kc/buy/cgsh_order_add.html HTTP/1.1" 200 70636
120.253.135.82 - - [26/Jun/2023:12:05:02 +0800] "POST /xingrg/kc/buy/cgsh_order_operate.html HTTP/1.1" 200 8245
120.253.135.82 - - [26/Jun/2023:12:05:02 +0800] "GET /xingrg/javascript/easyui/themes/default/validatebox.css HTTP/1.1" 404 1104
120.253.135.82 - - [26/Jun/2023:12:05:02 +0800] "GET /xingrg/all/common/auto_word.html?type=employee&rest_code=00101 HTTP/1.1" 200 927
120.253.135.82 - - [26/Jun/2023:12:05:02 +0800] "GET /xingrg/all/common/auto_word.html?type=employee&rest_code=00101 HTTP/1.1" 200 927
180.169.147.146 - - [26/Jun/2023:12:05:03 +0800] "GET /xingrg/check_reg.html?_=1687752304624 HTTP/1.1" 200 22
120.253.135.82 - - [26/Jun/2023:12:05:04 +0800] "POST /xingrg/all/common/load_combo.html?type=employee HTTP/1.1" 200 1664
120.253.135.82 - - [26/Jun/2023:12:05:07 +0800] "POST /xingrg/kc/buy/cgsh_list_operate.html HTTP/1.1" 200 3105
101.83.145.52 - - [26/Jun/2023:12:05:10 +0800] "GET /xingrg/kc/base/wldb_order_operate.html?command=get_materiel&rest_code=00105&base_code=0010508&code=00102015006 HTTP/1.1" 200 440
101.83.145.52 - - [26/Jun/2023:12:05:12 +0800] "GET /xingrg/all/function/internal_message.html?_=1687752134723&CODE_STATE=getMsg HTTP/1.1" 200 27
222.70.180.90 - - [26/Jun/2023:12:05:14 +0800] "GET /xingrg/check_reg.html?_=1687752313793 HTTP/1.1" 200 22
222.70.180.90 - - [26/Jun/2023:12:05:14 +0800] "GET /xingrg/all/function/internal_message.html?_=1687752313794&CODE_STATE=getMsg HTTP/1.1" 200 27
120.253.135.82 - - [26/Jun/2023:12:05:17 +0800] "POST /xingrg/kc/buy/cgsh_list_operate.html HTTP/1.1" 200 275
120.253.135.82 - - [26/Jun/2023:12:05:20 +0800] "GET /xingrg/kc/buy/cgsh_order_info.html?code=212023062609628 HTTP/1.1" 200 70651
120.253.135.82 - - [26/Jun/2023:12:05:20 +0800] "GET /xingrg/javascript/easyui/themes/icons/template_new.png HTTP/1.1" 304 -
120.253.135.82 - - [26/Jun/2023:12:05:20 +0800] "GET /xingrg/javascript/easyui/themes/default/validatebox.css HTTP/1.1" 404 1104
120.253.135.82 - - [26/Jun/2023:12:05:20 +0800] "GET /xingrg/all/common/auto_word.html?type=employee&rest_code=00101 HTTP/1.1" 200 927
120.253.135.82 - - [26/Jun/2023:12:05:21 +0800] "GET /xingrg/all/common/auto_word.html?type=employee&rest_code=00101 HTTP/1.1" 200 927
120.253.135.82 - - [26/Jun/2023:12:05:22 +0800] "POST /xingrg/kc/buy/cgsh_order_operate.html HTTP/1.1" 200 3258
101.229.22.40 - - [26/Jun/2023:12:05:22 +0800] "GET /xingrg/all/function/internal_message.html?_=1687752322641&CODE_STATE=getMsg HTTP/1.1" 200 27
114.85.113.108 - - [26/Jun/2023:12:05:26 +0800] "GET /xingrg/all/function/internal_message.html?_=1687752326656&CODE_STATE=getMsg HTTP/1.1" 200 27
120.253.135.82 - - [26/Jun/2023:12:05:28 +0800] "GET /xingrg/all/function/internal_message.html?_=1687752470725&CODE_STATE=getMsg HTTP/1.1" 200 27
120.253.135.82 - - [26/Jun/2023:12:05:30 +0800] "GET /xingrg/kc/buy/cgsh_order_operate.html?command=get_materiel&rest_code=00101&code=00101019079&supplier_code=00100210&order_time=2023-06-26 HTTP/1.1" 200 479
120.253.135.82 - - [26/Jun/2023:12:05:32 +0800] "POST /xingrg/all/common/load_select.html HTTP/1.1" 200 25
180.169.147.146 - - [26/Jun/2023:12:05:32 +0800] "GET /xingrg/all/function/internal_message.html?_=1687752328779&CODE_STATE=getMsg HTTP/1.1" 302 -
101.83.145.52 - - [26/Jun/2023:12:05:34 +0800] "POST /xingrg/kc/base/wldb_order_operate.html HTTP/1.1" 200 37
116.238.191.126 - - [26/Jun/2023:12:05:35 +0800] "GET /xingrg/all/function/internal_message.html?_=1687752334508&CODE_STATE=getMsg HTTP/1.1" 200 27
101.83.145.52 - - [26/Jun/2023:12:05:35 +0800] "POST /xingrg/kc/base/wldb_order_operate.html HTTP/1.1" 200 2187
101.83.145.52 - - [26/Jun/2023:12:05:36 +0800] "GET /xingrg/kc/base/wldb_order_info.html?code=422023062602223 HTTP/1.1" 200 30394
101.83.145.52 - - [26/Jun/2023:12:05:37 +0800] "GET /xingrg/javascript/easyui/themes/default/validatebox.css HTTP/1.1" 404 1104
120.253.135.82 - - [26/Jun/2023:12:05:37 +0800] "GET /xingrg/kc/buy/cgsh_order_operate.html?command=get_materiel_price&rest_code=00101&code=00101019079&unit_code=00100189&supplier_code=00100210&order_time=2023-06-26 HTTP/1.1" 200 28
101.83.145.52 - - [26/Jun/2023:12:05:37 +0800] "POST /xingrg/kc/base/wldb_order_operate.html HTTP/1.1" 200 2187
222.67.234.146 - - [26/Jun/2023:12:05:38 +0800] "GET /xingrg/all/function/internal_message.html?_=1687751828317&CODE_STATE=getMsg HTTP/1.1" 200 27
180.165.154.167 - - [26/Jun/2023:12:05:40 +0800] "GET /xingrg/all/function/internal_message.html?_=1687752340062&CODE_STATE=getMsg HTTP/1.1" 200 27
114.83.221.127 - - [26/Jun/2023:12:05:40 +0800] "GET /xingrg/kc/buy/cgsh_order_add.html HTTP/1.1" 200 71666
114.83.221.127 - - [26/Jun/2023:12:05:40 +0800] "POST /xingrg/kc/buy/cgsh_order_operate.html HTTP/1.1" 200 8245
114.83.221.127 - - [26/Jun/2023:12:05:40 +0800] "GET /xingrg/javascript/easyui/themes/default/validatebox.css HTTP/1.1" 404 1104
116.232.195.127 - - [26/Jun/2023:12:05:41 +0800] "GET /xingrg/all/function/internal_message.html?_=1687752329629&CODE_STATE=getMsg HTTP/1.1" 200 27
114.83.221.127 - - [26/Jun/2023:12:05:41 +0800] "GET /xingrg/javascript/auto/indicator.gif HTTP/1.1" 404 1066
180.156.213.241 - - [26/Jun/2023:12:05:42 +0800] "GET /xingrg/all/function/internal_message.html?_=1687752342244&CODE_STATE=getMsg HTTP/1.1" 200 27
120.253.135.82 - - [26/Jun/2023:12:05:42 +0800] "GET /xingrg/all/function/internal_message.html?_=1687752174021&CODE_STATE=getMsg HTTP/1.1" 200 27
120.253.135.82 - - [26/Jun/2023:12:05:43 +0800] "POST /xingrg/kc/buy/cgsh_order_operate.html HTTP/1.1" 200 37
114.83.221.127 - - [26/Jun/2023:12:05:43 +0800] "GET /xingrg/javascript/jquery_tools/images/prev.gif HTTP/1.1" 404 1086
114.83.221.127 - - [26/Jun/2023:12:05:43 +0800] "GET /xingrg/javascript/jquery_tools/images/next.gif HTTP/1.1" 404 1086
222.70.114.12 - - [26/Jun/2023:12:05:45 +0800] "GET /xingrg/all/function/internal_message.html?_=1687752345800&CODE_STATE=getMsg HTTP/1.1" 200 27
124.77.245.69 - - [26/Jun/2023:12:05:46 +0800] "GET /xingrg/all/function/internal_message.html?_=1687752347932&CODE_STATE=getMsg HTTP/1.1" 200 27
116.238.191.126 - - [26/Jun/2023:12:05:46 +0800] "GET /xingrg/all/function/internal_message.html?_=1687752268838&CODE_STATE=getMsg HTTP/1.1" 200 27
180.163.29.103 - - [26/Jun/2023:12:05:47 +0800] "GET /xingrg/all/function/internal_message.html?_=1687752286949&CODE_STATE=getMsg HTTP/1.1" 302 -
180.163.29.103 - - [26/Jun/2023:12:05:47 +0800] "GET /xingrg/login.html HTTP/1.1" 200 7641
61.170.233.201 - - [26/Jun/2023:12:05:47 +0800] "GET /xingrg/all/function/internal_message.html?_=1687752346955&CODE_STATE=getMsg HTTP/1.1" 200 27
180.156.213.241 - - [26/Jun/2023:12:05:47 +0800] "GET /xingrg/all/function/internal_message.html?_=1687752350159&CODE_STATE=getMsg HTTP/1.1" 200 27
61.170.233.201 - - [26/Jun/2023:12:05:53 +0800] "GET /xingrg/all/function/internal_message.html?_=1687752354639&CODE_STATE=getMsg HTTP/1.1" 200 27
120.253.135.82 - - [26/Jun/2023:12:05:53 +0800] "POST /xingrg/kc/buy/cgsh_order_operate.html HTTP/1.1" 200 37
120.253.135.82 - - [26/Jun/2023:12:05:53 +0800] "POST /xingrg/kc/buy/cgsh_order_operate.html HTTP/1.1" 200 3258
120.253.135.82 - - [26/Jun/2023:12:05:56 +0800] "GET /xingrg/kc/print/load_config.html?kc_code=cgsh HTTP/1.1" 200 1924
120.253.135.82 - - [26/Jun/2023:12:05:57 +0800] "POST /xingrg/kc/buy/cgsh_order_operate.html HTTP/1.1" 200 2704
114.83.221.127 - - [26/Jun/2023:12:05:57 +0800] "GET /xingrg/kc/buy/cgsh_order_operate.html?command=get_materiel&rest_code=00149&code=00101002038&supplier_code=00100087&order_time=2023-06-26 HTTP/1.1" 200 416
120.253.135.82 - - [26/Jun/2023:12:05:57 +0800] "GET /xingrg/kc/print/load_data.html?order_code=212023062609628&kc_code=cgsh&condition= HTTP/1.1" 200 938
114.83.221.127 - - [26/Jun/2023:12:06:01 +0800] "GET /xingrg/all/function/internal_message.html?_=1687752361997&CODE_STATE=getMsg HTTP/1.1" 200 27
120.253.135.82 - - [26/Jun/2023:12:06:10 +0800] "POST /xingrg/kc/buy/cgsh_order_operate.html HTTP/1.1" 200 37
101.83.145.52 - - [26/Jun/2023:12:06:12 +0800] "GET /xingrg/all/function/internal_message.html?_=1687752194701&CODE_STATE=getMsg HTTP/1.1" 200 27
101.83.145.52 - - [26/Jun/2023:12:06:13 +0800] "GET /xingrg/check_reg.html?_=1687752195571 HTTP/1.1" 200 22
222.70.180.90 - - [26/Jun/2023:12:06:14 +0800] "GET /xingrg/all/function/internal_message.html?_=1687752373792&CODE_STATE=getMsg HTTP/1.1" 200 27
114.83.221.127 - - [26/Jun/2023:12:06:21 +0800] "POST /xingrg/kc/buy/cgsh_order_operate.html HTTP/1.1" 200 37
101.229.22.40 - - [26/Jun/2023:12:06:22 +0800] "GET /xingrg/all/function/internal_message.html?_=1687752382667&CODE_STATE=getMsg HTTP/1.1" 200 27
120.253.135.82 - - [26/Jun/2023:12:06:22 +0800] "POST /xingrg/kc/buy/cgsh_order_operate.html HTTP/1.1" 200 12
114.83.221.127 - - [26/Jun/2023:12:06:26 +0800] "POST /xingrg/kc/buy/cgsh_order_operate.html HTTP/1.1" 200 2665
120.253.135.82 - - [26/Jun/2023:12:06:26 +0800] "GET /xingrg/kc/buy/cgsh_order_info.html?code=212023062609628 HTTP/1.1" 200 65544
120.253.135.82 - - [26/Jun/2023:12:06:26 +0800] "POST /xingrg/kc/buy/cgsh_order_operate.html HTTP/1.1" 200 37
114.85.113.108 - - [26/Jun/2023:12:06:26 +0800] "GET /xingrg/all/function/internal_message.html?_=1687752386643&CODE_STATE=getMsg HTTP/1.1" 200 27
120.253.135.82 - - [26/Jun/2023:12:06:27 +0800] "GET /xingrg/javascript/easyui/themes/default/validatebox.css HTTP/1.1" 404 1104
120.253.135.82 - - [26/Jun/2023:12:06:28 +0800] "POST /xingrg/kc/buy/cgsh_order_operate.html HTTP/1.1" 200 1208
180.169.147.146 - - [26/Jun/2023:12:06:32 +0800] "GET /xingrg/all/function/internal_message.html?_=1687752388754&CODE_STATE=getMsg HTTP/1.1" 302 -
120.253.135.82 - - [26/Jun/2023:12:06:33 +0800] "POST /xingrg/kc/buy/cgsh_list_operate.html HTTP/1.1" 200 354
116.238.191.126 - - [26/Jun/2023:12:06:35 +0800] "GET /xingrg/all/function/internal_message.html?_=1687752394509&CODE_STATE=getMsg HTTP/1.1" 200 27
120.253.135.82 - - [26/Jun/2023:12:06:35 +0800] "GET /xingrg/kc/buy/cgsh_order_info.html?code=212023062609632 HTTP/1.1" 200 70649
120.253.135.82 - - [26/Jun/2023:12:06:36 +0800] "GET /xingrg/javascript/easyui/themes/default/validatebox.css HTTP/1.1" 404 1104
120.253.135.82 - - [26/Jun/2023:12:06:37 +0800] "POST /xingrg/kc/buy/cgsh_order_operate.html HTTP/1.1" 200 3861
120.253.135.82 - - [26/Jun/2023:12:06:37 +0800] "GET /xingrg/all/function/internal_message.html?_=1687752539546&CODE_STATE=getMsg HTTP/1.1" 200 27
222.67.234.146 - - [26/Jun/2023:12:06:38 +0800] "GET /xingrg/all/function/internal_message.html?_=1687751888289&CODE_STATE=getMsg HTTP/1.1" 200 27
120.253.135.82 - - [26/Jun/2023:12:06:38 +0800] "POST /xingrg/kc/buy/cgsh_order_operate.html HTTP/1.1" 200 2704
180.165.154.167 - - [26/Jun/2023:12:06:40 +0800] "GET /xingrg/all/function/internal_message.html?_=1687752400081&CODE_STATE=getMsg HTTP/1.1" 200 27
222.67.234.146 - - [26/Jun/2023:12:06:40 +0800] "GET /xingrg/check_reg.html?_=1687751890409 HTTP/1.1" 200 22
116.232.195.127 - - [26/Jun/2023:12:06:41 +0800] "GET /xingrg/all/function/internal_message.html?_=1687752389608&CODE_STATE=getMsg HTTP/1.1" 200 27
180.156.213.241 - - [26/Jun/2023:12:06:42 +0800] "GET /xingrg/all/function/internal_message.html?_=1687752402214&CODE_STATE=getMsg HTTP/1.1" 200 27
120.253.135.82 - - [26/Jun/2023:12:06:42 +0800] "GET /xingrg/all/function/internal_message.html?_=1687752234035&CODE_STATE=getMsg HTTP/1.1" 200 27
222.70.114.12 - - [26/Jun/2023:12:06:45 +0800] "GET /xingrg/all/function/internal_message.html?_=1687752405799&CODE_STATE=getMsg HTTP/1.1" 200 27
124.77.245.69 - - [26/Jun/2023:12:06:46 +0800] "GET /xingrg/all/function/internal_message.html?_=1687752407938&CODE_STATE=getMsg HTTP/1.1" 200 27
116.238.191.126 - - [26/Jun/2023:12:06:46 +0800] "GET /xingrg/all/function/internal_message.html?_=1687752328857&CODE_STATE=getMsg HTTP/1.1" 200 27
61.170.233.201 - - [26/Jun/2023:12:06:47 +0800] "GET /xingrg/all/function/internal_message.html?_=1687752406957&CODE_STATE=getMsg HTTP/1.1" 200 27
180.156.213.241 - - [26/Jun/2023:12:06:47 +0800] "GET /xingrg/check_reg.html?_=1687752410161 HTTP/1.1" 200 22
180.156.213.241 - - [26/Jun/2023:12:06:47 +0800] "GET /xingrg/all/function/internal_message.html?_=1687752410159&CODE_STATE=getMsg HTTP/1.1" 200 27
120.253.135.82 - - [26/Jun/2023:12:06:52 +0800] "GET /xingrg/kc/print/load_data.html?order_code=212023062609632&kc_code=cgsh&condition= HTTP/1.1" 200 1179
61.170.233.201 - - [26/Jun/2023:12:06:53 +0800] "GET /xingrg/all/function/internal_message.html?_=1687752414623&CODE_STATE=getMsg HTTP/1.1" 200 27
120.253.135.82 - - [26/Jun/2023:12:06:55 +0800] "POST /xingrg/kc/buy/cgsh_order_operate.html HTTP/1.1" 200 37
116.232.33.0 - - [26/Jun/2023:12:06:57 +0800] "POST /xingrg/services/DataTransmitService HTTP/1.1" 200 524
