222.70.180.90 - - [24/Jun/2023:11:37:29 +0800] "GET /xingrg/kc/buy/cgsh_order_operate.html?command=get_materiel&rest_code=00111&code=00101008168&supplier_code=00100005&order_time=2023-06-24 HTTP/1.1" 200 413
180.169.147.146 - - [24/Jun/2023:11:37:31 +0800] "GET /xingrg/all/function/internal_message.html?_=1687577843310&CODE_STATE=getMsg HTTP/1.1" 200 27
61.170.233.201 - - [24/Jun/2023:11:37:31 +0800] "POST /xingrg/services/DataTransmitService HTTP/1.1" 200 524
101.83.145.52 - - [24/Jun/2023:11:37:32 +0800] "GET /xingrg/check_reg.html?_=1687577854930 HTTP/1.1" 200 22
101.83.145.52 - - [24/Jun/2023:11:37:32 +0800] "GET /xingrg/all/function/internal_message.html?_=1687577854934&CODE_STATE=getMsg HTTP/1.1" 200 27
222.70.180.90 - - [24/Jun/2023:11:37:34 +0800] "GET /xingrg/all/function/internal_message.html?_=1687577892407&CODE_STATE=getMsg HTTP/1.1" 200 27
222.69.132.13 - - [24/Jun/2023:11:37:35 +0800] "GET /xingrg/all/function/internal_message.html?_=1687577965488&CODE_STATE=getMsg HTTP/1.1" 200 27
222.69.131.199 - - [24/Jun/2023:11:37:36 +0800] "GET /xingrg/all/function/internal_message.html?_=1687577854814&CODE_STATE=getMsg HTTP/1.1" 200 27
101.83.145.52 - - [24/Jun/2023:11:37:36 +0800] "GET /xingrg/all/function/internal_message.html?_=1687577679324&CODE_STATE=getMsg HTTP/1.1" 200 27
116.232.195.127 - - [24/Jun/2023:11:37:44 +0800] "GET /xingrg/all/function/internal_message.html?_=1687577857244&CODE_STATE=getMsg HTTP/1.1" 200 27
222.67.234.146 - - [24/Jun/2023:11:37:48 +0800] "GET /xingrg/all/function/internal_message.html?_=1687577358528&CODE_STATE=getMsg HTTP/1.1" 200 27
124.79.241.217 - - [24/Jun/2023:11:37:48 +0800] "GET /xingrg/all/function/internal_message.html?_=1687578150868&CODE_STATE=getMsg HTTP/1.1" 200 27
124.79.241.217 - - [24/Jun/2023:11:37:48 +0800] "GET /xingrg/check_reg.html?_=1687578150869 HTTP/1.1" 200 22
101.229.22.40 - - [24/Jun/2023:11:37:50 +0800] "GET /xingrg/all/function/internal_message.html?_=1687577870231&CODE_STATE=getMsg HTTP/1.1" 200 27
180.169.147.146 - - [24/Jun/2023:11:37:50 +0800] "GET /xingrg/all/function/internal_message.html?_=1687577873394&CODE_STATE=getMsg HTTP/1.1" 200 27
101.83.145.52 - - [24/Jun/2023:11:37:52 +0800] "GET /xingrg/kc/base/wldb_order_operate.html?command=get_materiel&rest_code=00105&base_code=0010507&code=00101019125 HTTP/1.1" 200 481
222.70.180.90 - - [24/Jun/2023:11:37:52 +0800] "GET /xingrg/all/function/internal_message.html?_=1687577868644&CODE_STATE=getMsg HTTP/1.1" 200 27
180.163.30.27 - - [24/Jun/2023:11:37:53 +0800] "GET /xingrg/kc/print/load_data.html?order_code=212023062408720&kc_code=cgsh&condition= HTTP/1.1" 302 -
180.163.30.27 - - [24/Jun/2023:11:37:53 +0800] "GET /xingrg/login.html HTTP/1.1" 200 7641
222.70.180.90 - - [24/Jun/2023:11:37:54 +0800] "GET /xingrg/kc/buy/cgsh_order_operate.html?command=get_materiel&rest_code=00111&code=00101008331&supplier_code=00100005&order_time=2023-06-24 HTTP/1.1" 200 416
222.70.180.90 - - [24/Jun/2023:11:37:55 +0800] "GET /xingrg/check_reg.html?_=1687577871485 HTTP/1.1" 200 22
222.70.180.90 - - [24/Jun/2023:11:37:58 +0800] "POST /xingrg/kc/buy/cgsh_order_operate.html HTTP/1.1" 200 2065
180.163.28.143 - - [24/Jun/2023:11:37:59 +0800] "GET /xingrg/kc/print/load_data.html?order_code=212023062408720&kc_code=cgsh HTTP/1.1" 302 -
180.163.28.143 - - [24/Jun/2023:11:37:59 +0800] "GET /xingrg/login.html HTTP/1.1" 200 7641
180.163.28.109 - - [24/Jun/2023:11:38:00 +0800] "GET /xingrg/all/function/internal_message.html?_=1687577815954&CODE_STATE=getMsg HTTP/1.1" 302 -
180.163.28.109 - - [24/Jun/2023:11:38:00 +0800] "GET /xingrg/login.html HTTP/1.1" 200 7641
61.170.233.201 - - [24/Jun/2023:11:38:00 +0800] "GET /xingrg/all/function/internal_message.html?_=1687577875937&CODE_STATE=getMsg HTTP/1.1" 200 27
61.170.233.201 - - [24/Jun/2023:11:38:00 +0800] "GET /xingrg/check_reg.html?_=1687577876100 HTTP/1.1" 200 22
218.81.73.96 - - [24/Jun/2023:11:38:01 +0800] "GET /xingrg/all/function/internal_message.html?_=1687577882709&CODE_STATE=getMsg HTTP/1.1" 200 27
101.83.145.52 - - [24/Jun/2023:11:38:02 +0800] "GET /xingrg/kc/base/wldb_order_operate.html?command=get_materiel&rest_code=00105&base_code=0010507&code=00101019400 HTTP/1.1" 200 465
116.238.191.126 - - [24/Jun/2023:11:38:02 +0800] "GET /xingrg/all/function/internal_message.html?_=1687577806727&CODE_STATE=getMsg HTTP/1.1" 200 27
180.169.147.146 - - [24/Jun/2023:11:38:09 +0800] "GET /xingrg/check_reg.html?_=1687577892364 HTTP/1.1" 200 22
101.83.145.52 - - [24/Jun/2023:11:38:12 +0800] "POST /xingrg/kc/base/wldb_order_operate.html HTTP/1.1" 200 37
101.83.145.52 - - [24/Jun/2023:11:38:13 +0800] "POST /xingrg/kc/base/wldb_order_operate.html HTTP/1.1" 200 3192
101.83.145.52 - - [24/Jun/2023:11:38:14 +0800] "GET /xingrg/kc/base/wldb_order_info.html?code=422023062401964 HTTP/1.1" 200 30396
101.83.145.52 - - [24/Jun/2023:11:38:14 +0800] "GET /xingrg/javascript/easyui/themes/default/validatebox.css HTTP/1.1" 404 1104
101.83.145.52 - - [24/Jun/2023:11:38:15 +0800] "POST /xingrg/kc/base/wldb_order_operate.html HTTP/1.1" 200 3192
58.40.7.146 - - [24/Jun/2023:11:38:16 +0800] "GET /xingrg/all/function/internal_message.html?_=1687577896796&CODE_STATE=getMsg HTTP/1.1" 200 27
218.81.73.96 - - [24/Jun/2023:11:38:17 +0800] "GET /xingrg/all/function/internal_message.html?_=1687577899705&CODE_STATE=getMsg HTTP/1.1" 200 27
114.85.113.108 - - [24/Jun/2023:11:38:17 +0800] "GET /xingrg/all/function/internal_message.html?_=1687577895359&CODE_STATE=getMsg HTTP/1.1" 200 27
222.70.180.90 - - [24/Jun/2023:11:38:20 +0800] "GET /xingrg/all/function/internal_message.html?_=1687577896920&CODE_STATE=getMsg HTTP/1.1" 200 27
222.70.180.90 - - [24/Jun/2023:11:38:22 +0800] "GET /xingrg/kc/buy/cgsh_order_operate.html?command=get_materiel&rest_code=00111&code=00101008633&supplier_code=00100005&order_time=2023-06-24 HTTP/1.1" 200 414
172.20.0.100 - - [24/Jun/2023:11:38:23 +0800] "GET /xingrg/all/function/internal_message.html?_=1687577902252&CODE_STATE=getMsg HTTP/1.1" 200 27
124.77.245.69 - - [24/Jun/2023:11:38:27 +0800] "GET /xingrg/all/function/internal_message.html?_=1687577929301&CODE_STATE=getMsg HTTP/1.1" 200 27
222.70.114.12 - - [24/Jun/2023:11:38:28 +0800] "GET /xingrg/all/function/internal_message.html?_=1687577919743&CODE_STATE=getMsg HTTP/1.1" 200 27
180.162.231.188 - - [24/Jun/2023:11:38:29 +0800] "GET /xingrg/all/function/internal_message.html?_=1687577909026&CODE_STATE=getMsg HTTP/1.1" 200 27
180.162.231.188 - - [24/Jun/2023:11:38:30 +0800] "GET /xingrg/check_reg.html?_=1687577910612 HTTP/1.1" 200 22
180.169.147.146 - - [24/Jun/2023:11:38:31 +0800] "GET /xingrg/all/function/internal_message.html?_=1687577903311&CODE_STATE=getMsg HTTP/1.1" 200 27
101.83.145.52 - - [24/Jun/2023:11:38:32 +0800] "GET /xingrg/all/function/internal_message.html?_=1687577914918&CODE_STATE=getMsg HTTP/1.1" 200 27
222.70.180.90 - - [24/Jun/2023:11:38:34 +0800] "GET /xingrg/all/function/internal_message.html?_=1687577952394&CODE_STATE=getMsg HTTP/1.1" 200 27
222.69.132.13 - - [24/Jun/2023:11:38:35 +0800] "GET /xingrg/all/function/internal_message.html?_=1687578025503&CODE_STATE=getMsg HTTP/1.1" 200 27
222.69.131.199 - - [24/Jun/2023:11:38:36 +0800] "GET /xingrg/all/function/internal_message.html?_=1687577914800&CODE_STATE=getMsg HTTP/1.1" 200 27
101.83.145.52 - - [24/Jun/2023:11:38:36 +0800] "GET /xingrg/kc/base/wldb_order_add.html HTTP/1.1" 200 30381
101.83.145.52 - - [24/Jun/2023:11:38:36 +0800] "POST /xingrg/kc/base/wldb_order_operate.html HTTP/1.1" 200 6806
101.83.145.52 - - [24/Jun/2023:11:38:36 +0800] "GET /xingrg/javascript/easyui/themes/default/validatebox.css HTTP/1.1" 404 1104
101.83.145.52 - - [24/Jun/2023:11:38:37 +0800] "GET /xingrg/all/function/internal_message.html?_=1687577739339&CODE_STATE=getMsg HTTP/1.1" 200 27
101.83.145.52 - - [24/Jun/2023:11:38:38 +0800] "GET /xingrg/check_reg.html?_=1687577740788 HTTP/1.1" 200 22
222.70.180.90 - - [24/Jun/2023:11:38:39 +0800] "GET /xingrg/kc/buy/cgsh_order_operate.html?command=get_materiel&rest_code=00111&code=00101008350&supplier_code=00100005&order_time=2023-06-24 HTTP/1.1" 200 408
61.170.233.201 - - [24/Jun/2023:11:38:39 +0800] "POST /xingrg/services/DataTransmitService HTTP/1.1" 200 501
116.232.195.127 - - [24/Jun/2023:11:38:44 +0800] "GET /xingrg/all/function/internal_message.html?_=1687577917261&CODE_STATE=getMsg HTTP/1.1" 200 27
222.67.234.146 - - [24/Jun/2023:11:38:48 +0800] "GET /xingrg/all/function/internal_message.html?_=1687577418528&CODE_STATE=getMsg HTTP/1.1" 200 27
124.79.241.217 - - [24/Jun/2023:11:38:48 +0800] "GET /xingrg/all/function/internal_message.html?_=1687578210867&CODE_STATE=getMsg HTTP/1.1" 200 27
101.229.22.40 - - [24/Jun/2023:11:38:50 +0800] "GET /xingrg/all/function/internal_message.html?_=1687577930233&CODE_STATE=getMsg HTTP/1.1" 200 27
180.169.147.146 - - [24/Jun/2023:11:38:50 +0800] "GET /xingrg/all/function/internal_message.html?_=1687577933378&CODE_STATE=getMsg HTTP/1.1" 200 27
222.70.180.90 - - [24/Jun/2023:11:38:52 +0800] "GET /xingrg/kc/buy/cgsh_order_operate.html?command=get_materiel&rest_code=00111&code=00101008061&supplier_code=00100005&order_time=2023-06-24 HTTP/1.1" 200 422
222.70.180.90 - - [24/Jun/2023:11:38:52 +0800] "GET /xingrg/all/function/internal_message.html?_=1687577928622&CODE_STATE=getMsg HTTP/1.1" 200 27
114.85.113.108 - - [24/Jun/2023:11:38:54 +0800] "GET /xingrg/check_reg.html?_=1687577931867 HTTP/1.1" 200 22
101.83.145.52 - - [24/Jun/2023:11:38:55 +0800] "GET /xingrg/kc/base/wldb_order_operate.html?command=get_materiel&rest_code=00105&base_code=0010507&code=00101016037 HTTP/1.1" 200 452
101.83.145.52 - - [24/Jun/2023:11:38:59 +0800] "POST /xingrg/all/common/load_select.html HTTP/1.1" 200 25
180.163.28.143 - - [24/Jun/2023:11:39:00 +0800] "GET /xingrg/check_reg.html?_=1687577876100 HTTP/1.1" 302 -
61.170.233.201 - - [24/Jun/2023:11:39:00 +0800] "GET /xingrg/all/function/internal_message.html?_=1687577935915&CODE_STATE=getMsg HTTP/1.1" 200 27
180.163.28.143 - - [24/Jun/2023:11:39:00 +0800] "GET /xingrg/login.html HTTP/1.1" 200 7641
116.238.191.126 - - [24/Jun/2023:11:39:00 +0800] "GET /xingrg/check_reg.html?_=1687577864969 HTTP/1.1" 200 22
218.81.73.96 - - [24/Jun/2023:11:39:01 +0800] "GET /xingrg/check_reg.html?_=1687577942701 HTTP/1.1" 200 22
218.81.73.96 - - [24/Jun/2023:11:39:01 +0800] "GET /xingrg/all/function/internal_message.html?_=1687577942696&CODE_STATE=getMsg HTTP/1.1" 200 27
116.238.191.126 - - [24/Jun/2023:11:39:02 +0800] "GET /xingrg/all/function/internal_message.html?_=1687577866740&CODE_STATE=getMsg HTTP/1.1" 200 27
101.83.145.52 - - [24/Jun/2023:11:39:05 +0800] "GET /xingrg/kc/base/wldb_order_operate.html?command=get_materiel_price&rest_code=00105&base_code=0010507&code=00101016037&unit_code=00100098 HTTP/1.1" 200 37
222.70.180.90 - - [24/Jun/2023:11:39:12 +0800] "POST /xingrg/kc/buy/cgsh_order_operate.html HTTP/1.1" 200 2065
61.170.233.201 - - [24/Jun/2023:11:39:13 +0800] "GET /xingrg/kc/base/base_main.html HTTP/1.1" 200 12142
61.170.233.201 - - [24/Jun/2023:11:39:15 +0800] "GET /xingrg/kc/base/wldb_order_list.html HTTP/1.1" 200 19098
58.40.7.146 - - [24/Jun/2023:11:39:16 +0800] "GET /xingrg/all/function/internal_message.html?_=1687577956799&CODE_STATE=getMsg HTTP/1.1" 200 27
58.40.7.146 - - [24/Jun/2023:11:39:16 +0800] "GET /xingrg/check_reg.html?_=1687577956818 HTTP/1.1" 200 22
101.83.145.52 - - [24/Jun/2023:11:39:17 +0800] "POST /xingrg/kc/base/wldb_order_operate.html HTTP/1.1" 200 37
218.81.73.96 - - [24/Jun/2023:11:39:17 +0800] "GET /xingrg/all/function/internal_message.html?_=1687577959689&CODE_STATE=getMsg HTTP/1.1" 200 27
114.85.113.108 - - [24/Jun/2023:11:39:17 +0800] "GET /xingrg/all/function/internal_message.html?_=1687577955334&CODE_STATE=getMsg HTTP/1.1" 200 27
61.170.233.201 - - [24/Jun/2023:11:39:17 +0800] "POST /xingrg/kc/base/wldb_list_operate.html HTTP/1.1" 200 2557
101.83.145.52 - - [24/Jun/2023:11:39:18 +0800] "POST /xingrg/kc/base/wldb_order_operate.html HTTP/1.1" 200 2195
101.83.145.52 - - [24/Jun/2023:11:39:19 +0800] "GET /xingrg/kc/base/wldb_order_info.html?code=422023062401965 HTTP/1.1" 200 30396
61.170.233.201 - - [24/Jun/2023:11:39:19 +0800] "GET /xingrg/kc/base/wldb_order_add.html HTTP/1.1" 200 30385
101.83.145.52 - - [24/Jun/2023:11:39:19 +0800] "GET /xingrg/javascript/easyui/themes/default/validatebox.css HTTP/1.1" 404 1104
61.170.233.201 - - [24/Jun/2023:11:39:19 +0800] "GET /xingrg/javascript/easyui/themes/default/validatebox.css HTTP/1.1" 404 1104
61.170.233.201 - - [24/Jun/2023:11:39:19 +0800] "POST /xingrg/kc/base/wldb_order_operate.html HTTP/1.1" 200 6806
61.170.233.201 - - [24/Jun/2023:11:39:19 +0800] "GET /xingrg/all/common/auto_word.html?type=base&rest_code=00106 HTTP/1.1" 200 1799
61.170.233.201 - - [24/Jun/2023:11:39:20 +0800] "GET /xingrg/all/common/auto_word.html?type=base&rest_code=00106 HTTP/1.1" 200 1799
222.70.180.90 - - [24/Jun/2023:11:39:20 +0800] "GET /xingrg/all/function/internal_message.html?_=1687577956921&CODE_STATE=getMsg HTTP/1.1" 200 27
101.83.145.52 - - [24/Jun/2023:11:39:20 +0800] "POST /xingrg/kc/base/wldb_order_operate.html HTTP/1.1" 200 2195
61.170.233.201 - - [24/Jun/2023:11:39:21 +0800] "POST /xingrg/all/common/load_combo.html?type=base HTTP/1.1" 200 3227
172.20.0.100 - - [24/Jun/2023:11:39:23 +0800] "GET /xingrg/all/function/internal_message.html?_=1687577962252&CODE_STATE=getMsg HTTP/1.1" 200 27
61.170.233.201 - - [24/Jun/2023:11:39:23 +0800] "POST /xingrg/all/common/load_combo.html?type=base HTTP/1.1" 200 3227
61.170.233.201 - - [24/Jun/2023:11:39:27 +0800] "GET /xingrg/javascript/auto/indicator.gif HTTP/1.1" 404 1066
124.77.245.69 - - [24/Jun/2023:11:39:27 +0800] "GET /xingrg/all/function/internal_message.html?_=1687577989307&CODE_STATE=getMsg HTTP/1.1" 200 27
222.70.114.12 - - [24/Jun/2023:11:39:28 +0800] "GET /xingrg/all/function/internal_message.html?_=1687577979769&CODE_STATE=getMsg HTTP/1.1" 200 27
180.162.231.188 - - [24/Jun/2023:11:39:29 +0800] "GET /xingrg/all/function/internal_message.html?_=1687577969006&CODE_STATE=getMsg HTTP/1.1" 200 27
61.170.233.201 - - [24/Jun/2023:11:39:30 +0800] "GET /xingrg/kc/base/wldb_order_operate.html?command=get_materiel&rest_code=00106&base_code=0010397&code=00102004030 HTTP/1.1" 200 443
180.169.147.146 - - [24/Jun/2023:11:39:31 +0800] "GET /xingrg/all/function/internal_message.html?_=1687577963311&CODE_STATE=getMsg HTTP/1.1" 200 27
101.83.145.52 - - [24/Jun/2023:11:39:32 +0800] "GET /xingrg/all/function/internal_message.html?_=1687577974919&CODE_STATE=getMsg HTTP/1.1" 200 27
222.70.180.90 - - [24/Jun/2023:11:39:33 +0800] "GET /xingrg/kc/buy/cgsh_order_operate.html?command=get_materiel&rest_code=00111&code=00101008114&supplier_code=00100005&order_time=2023-06-24 HTTP/1.1" 200 412
222.70.180.90 - - [24/Jun/2023:11:39:34 +0800] "GET /xingrg/all/function/internal_message.html?_=1687578012374&CODE_STATE=getMsg HTTP/1.1" 200 27
222.69.132.13 - - [24/Jun/2023:11:39:35 +0800] "GET /xingrg/check_reg.html?_=1687578085499 HTTP/1.1" 200 22
222.69.132.13 - - [24/Jun/2023:11:39:35 +0800] "GET /xingrg/all/function/internal_message.html?_=1687578085500&CODE_STATE=getMsg HTTP/1.1" 200 27
222.69.131.199 - - [24/Jun/2023:11:39:36 +0800] "GET /xingrg/all/function/internal_message.html?_=1687577974775&CODE_STATE=getMsg HTTP/1.1" 200 27
222.69.131.199 - - [24/Jun/2023:11:39:36 +0800] "GET /xingrg/check_reg.html?_=1687577975037 HTTP/1.1" 200 22
101.83.145.52 - - [24/Jun/2023:11:39:36 +0800] "GET /xingrg/all/function/internal_message.html?_=1687577799305&CODE_STATE=getMsg HTTP/1.1" 200 27
61.170.233.201 - - [24/Jun/2023:11:39:38 +0800] "POST /xingrg/kc/base/wldb_order_operate.html HTTP/1.1" 200 37
61.170.233.201 - - [24/Jun/2023:11:39:40 +0800] "POST /xingrg/kc/base/wldb_order_operate.html HTTP/1.1" 200 2190
61.170.233.201 - - [24/Jun/2023:11:39:41 +0800] "GET /xingrg/kc/base/wldb_order_info.html?code=422023062401966 HTTP/1.1" 200 30397
61.170.233.201 - - [24/Jun/2023:11:39:41 +0800] "GET /xingrg/javascript/easyui/themes/default/validatebox.css HTTP/1.1" 404 1104
61.170.233.201 - - [24/Jun/2023:11:39:43 +0800] "POST /xingrg/kc/base/wldb_order_operate.html HTTP/1.1" 200 2190
116.232.195.127 - - [24/Jun/2023:11:39:44 +0800] "GET /xingrg/check_reg.html?_=1687577977249 HTTP/1.1" 200 22
116.232.195.127 - - [24/Jun/2023:11:39:44 +0800] "GET /xingrg/all/function/internal_message.html?_=1687577977250&CODE_STATE=getMsg HTTP/1.1" 200 27
61.170.233.201 - - [24/Jun/2023:11:39:46 +0800] "GET /xingrg/kc/base/wldb_order_add.html HTTP/1.1" 200 30385
61.170.233.201 - - [24/Jun/2023:11:39:46 +0800] "POST /xingrg/kc/base/wldb_order_operate.html HTTP/1.1" 200 6806
61.170.233.201 - - [24/Jun/2023:11:39:46 +0800] "GET /xingrg/javascript/easyui/themes/default/validatebox.css HTTP/1.1" 404 1104
61.170.233.201 - - [24/Jun/2023:11:39:47 +0800] "POST /xingrg/all/common/load_combo.html?type=base HTTP/1.1" 200 3227
101.83.145.52 - - [24/Jun/2023:11:39:47 +0800] "GET /xingrg/kc/base/wldb_order_add.html HTTP/1.1" 200 30381
222.67.234.146 - - [24/Jun/2023:11:39:48 +0800] "GET /xingrg/all/function/internal_message.html?_=1687577478528&CODE_STATE=getMsg HTTP/1.1" 200 27
222.67.234.146 - - [24/Jun/2023:11:39:48 +0800] "GET /xingrg/check_reg.html?_=1687577478530 HTTP/1.1" 200 22
124.79.241.217 - - [24/Jun/2023:11:39:48 +0800] "GET /xingrg/all/function/internal_message.html?_=1687578270865&CODE_STATE=getMsg HTTP/1.1" 200 27
101.83.145.52 - - [24/Jun/2023:11:39:48 +0800] "POST /xingrg/kc/base/wldb_order_operate.html HTTP/1.1" 200 6806
101.83.145.52 - - [24/Jun/2023:11:39:48 +0800] "GET /xingrg/javascript/easyui/themes/default/validatebox.css HTTP/1.1" 404 1104
61.170.233.201 - - [24/Jun/2023:11:39:49 +0800] "POST /xingrg/all/common/load_combo.html?type=base HTTP/1.1" 200 3227
101.229.22.40 - - [24/Jun/2023:11:39:50 +0800] "GET /xingrg/all/function/internal_message.html?_=1687577990235&CODE_STATE=getMsg HTTP/1.1" 200 27
180.169.147.146 - - [24/Jun/2023:11:39:50 +0800] "GET /xingrg/all/function/internal_message.html?_=1687577993361&CODE_STATE=getMsg HTTP/1.1" 200 27
222.70.180.90 - - [24/Jun/2023:11:39:52 +0800] "GET /xingrg/all/function/internal_message.html?_=1687577988596&CODE_STATE=getMsg HTTP/1.1" 200 27
61.170.233.201 - - [24/Jun/2023:11:39:55 +0800] "GET /xingrg/kc/base/wldb_order_operate.html?command=get_materiel&rest_code=00106&base_code=0010397&code=00102002453 HTTP/1.1" 200 433
180.163.28.114 - - [24/Jun/2023:11:40:00 +0800] "GET /xingrg/all/function/internal_message.html?_=1687577935915&CODE_STATE=getMsg HTTP/1.1" 302 -
180.163.28.114 - - [24/Jun/2023:11:40:00 +0800] "GET /xingrg/login.html HTTP/1.1" 200 7641
61.170.233.201 - - [24/Jun/2023:11:40:00 +0800] "GET /xingrg/all/function/internal_message.html?_=1687577995894&CODE_STATE=getMsg HTTP/1.1" 200 27
218.81.73.96 - - [24/Jun/2023:11:40:01 +0800] "GET /xingrg/all/function/internal_message.html?_=1687578002701&CODE_STATE=getMsg HTTP/1.1" 200 27
116.238.191.126 - - [24/Jun/2023:11:40:02 +0800] "GET /xingrg/all/function/internal_message.html?_=1687577926755&CODE_STATE=getMsg HTTP/1.1" 200 27
61.170.233.201 - - [24/Jun/2023:11:40:04 +0800] "GET /xingrg/kc/base/wldb_order_operate.html?command=get_materiel&rest_code=00106&base_code=0010397&code=00102002238 HTTP/1.1" 200 434
101.83.145.52 - - [24/Jun/2023:11:40:06 +0800] "GET /xingrg/kc/base/wldb_order_operate.html?command=get_materiel&rest_code=00105&base_code=0010507&code=00101019175 HTTP/1.1" 200 439
61.170.233.201 - - [24/Jun/2023:11:40:10 +0800] "GET /xingrg/kc/base/wldb_order_operate.html?command=get_materiel&rest_code=00106&base_code=0010397&code=00102002362 HTTP/1.1" 200 434
222.70.180.90 - - [24/Jun/2023:11:40:10 +0800] "POST /xingrg/kc/buy/cgsh_order_operate.html HTTP/1.1" 200 37
222.70.180.90 - - [24/Jun/2023:11:40:15 +0800] "POST /xingrg/kc/buy/cgsh_order_operate.html HTTP/1.1" 200 32250
218.81.73.96 - - [24/Jun/2023:11:40:15 +0800] "GET /xingrg/check_reg.html?_=1687578018433 HTTP/1.1" 200 22
61.170.233.201 - - [24/Jun/2023:11:40:16 +0800] "GET /xingrg/kc/base/wldb_order_operate.html?command=get_materiel&rest_code=00106&base_code=0010397&code=00102002586 HTTP/1.1" 200 439
58.40.7.146 - - [24/Jun/2023:11:40:16 +0800] "GET /xingrg/all/function/internal_message.html?_=1687578016803&CODE_STATE=getMsg HTTP/1.1" 200 27
218.81.73.96 - - [24/Jun/2023:11:40:17 +0800] "GET /xingrg/all/function/internal_message.html?_=1687578019667&CODE_STATE=getMsg HTTP/1.1" 200 27
114.85.113.108 - - [24/Jun/2023:11:40:17 +0800] "GET /xingrg/all/function/internal_message.html?_=1687578015318&CODE_STATE=getMsg HTTP/1.1" 200 27
222.70.180.90 - - [24/Jun/2023:11:40:20 +0800] "GET /xingrg/all/function/internal_message.html?_=1687578016931&CODE_STATE=getMsg HTTP/1.1" 200 27
101.83.145.52 - - [24/Jun/2023:11:40:20 +0800] "GET /xingrg/kc/base/wldb_order_operate.html?command=get_materiel&rest_code=00105&base_code=0010507&code=00101019438 HTTP/1.1" 200 462
222.70.180.90 - - [24/Jun/2023:11:40:21 +0800] "GET /xingrg/check_reg.html?_=1687578059549 HTTP/1.1" 200 22
172.20.0.100 - - [24/Jun/2023:11:40:23 +0800] "GET /xingrg/all/function/internal_message.html?_=1687578022252&CODE_STATE=getMsg HTTP/1.1" 200 27
61.170.233.201 - - [24/Jun/2023:11:40:25 +0800] "POST /xingrg/kc/base/wldb_order_operate.html HTTP/1.1" 200 37
61.170.233.201 - - [24/Jun/2023:11:40:26 +0800] "POST /xingrg/kc/base/wldb_order_operate.html HTTP/1.1" 200 3605
61.170.233.201 - - [24/Jun/2023:11:40:26 +0800] "GET /xingrg/kc/base/wldb_order_info.html?code=422023062401967 HTTP/1.1" 200 30402
61.170.233.201 - - [24/Jun/2023:11:40:26 +0800] "GET /xingrg/javascript/easyui/themes/default/validatebox.css HTTP/1.1" 404 1104
124.77.245.69 - - [24/Jun/2023:11:40:27 +0800] "GET /xingrg/check_reg.html?_=1687578049005 HTTP/1.1" 200 22
124.77.245.69 - - [24/Jun/2023:11:40:27 +0800] "GET /xingrg/all/function/internal_message.html?_=1687578049321&CODE_STATE=getMsg HTTP/1.1" 200 27
61.170.233.201 - - [24/Jun/2023:11:40:27 +0800] "POST /xingrg/kc/base/wldb_order_operate.html HTTP/1.1" 200 3605
222.70.114.12 - - [24/Jun/2023:11:40:28 +0800] "GET /xingrg/all/function/internal_message.html?_=1687578039767&CODE_STATE=getMsg HTTP/1.1" 200 27
180.162.231.188 - - [24/Jun/2023:11:40:29 +0800] "GET /xingrg/all/function/internal_message.html?_=1687578028987&CODE_STATE=getMsg HTTP/1.1" 200 27
180.163.29.206 - - [24/Jun/2023:11:40:30 +0800] "GET /xingrg/kc/base/wldb_order_operate.html?command=get_materiel&rest_code=00106&base_code=0010397&code=00102004030 HTTP/1.1" 302 -
180.163.29.206 - - [24/Jun/2023:11:40:30 +0800] "GET /xingrg/login.html HTTP/1.1" 200 7641
180.169.147.146 - - [24/Jun/2023:11:40:31 +0800] "GET /xingrg/all/function/internal_message.html?_=1687578023310&CODE_STATE=getMsg HTTP/1.1" 200 27
180.169.147.146 - - [24/Jun/2023:11:40:31 +0800] "GET /xingrg/check_reg.html?_=1687578023313 HTTP/1.1" 200 22
101.83.145.52 - - [24/Jun/2023:11:40:32 +0800] "GET /xingrg/all/function/internal_message.html?_=1687578034920&CODE_STATE=getMsg HTTP/1.1" 200 27
101.83.145.52 - - [24/Jun/2023:11:40:34 +0800] "GET /xingrg/kc/base/wldb_order_operate.html?command=get_materiel&rest_code=00105&base_code=0010507&code=00101019267 HTTP/1.1" 200 482
222.70.180.90 - - [24/Jun/2023:11:40:34 +0800] "GET /xingrg/all/function/internal_message.html?_=1687578072360&CODE_STATE=getMsg HTTP/1.1" 200 27
222.69.132.13 - - [24/Jun/2023:11:40:35 +0800] "GET /xingrg/all/function/internal_message.html?_=1687578145498&CODE_STATE=getMsg HTTP/1.1" 200 27
222.69.131.199 - - [24/Jun/2023:11:40:36 +0800] "GET /xingrg/all/function/internal_message.html?_=1687578034755&CODE_STATE=getMsg HTTP/1.1" 200 27
101.83.145.52 - - [24/Jun/2023:11:40:36 +0800] "GET /xingrg/all/function/internal_message.html?_=1687577859292&CODE_STATE=getMsg HTTP/1.1" 200 27
222.70.114.12 - - [24/Jun/2023:11:40:38 +0800] "GET /xingrg/login.html HTTP/1.1" 200 7641
180.163.30.27 - - [24/Jun/2023:11:40:40 +0800] "GET /xingrg/kc/base/wldb_order_info.html?code=422023062401966 HTTP/1.1" 302 -
180.163.30.27 - - [24/Jun/2023:11:40:40 +0800] "GET /xingrg/login.html HTTP/1.1" 200 7641
101.83.145.52 - - [24/Jun/2023:11:40:43 +0800] "GET /xingrg/kc/base/wldb_order_operate.html?command=get_materiel&rest_code=00105&base_code=0010507&code=00101019185 HTTP/1.1" 200 469
61.170.233.201 - - [24/Jun/2023:11:40:43 +0800] "POST /xingrg/kc/base/wldb_order_operate.html HTTP/1.1" 200 37
116.232.195.127 - - [24/Jun/2023:11:40:44 +0800] "GET /xingrg/all/function/internal_message.html?_=1687578037261&CODE_STATE=getMsg HTTP/1.1" 200 27
61.170.233.201 - - [24/Jun/2023:11:40:44 +0800] "GET /xingrg/kc/base/wldb_order_info.html?code=422023062401967 HTTP/1.1" 200 30402
61.170.233.201 - - [24/Jun/2023:11:40:44 +0800] "POST /xingrg/kc/base/wldb_order_operate.html HTTP/1.1" 200 3605
61.170.233.201 - - [24/Jun/2023:11:40:45 +0800] "GET /xingrg/javascript/easyui/themes/default/validatebox.css HTTP/1.1" 404 1104
61.170.233.201 - - [24/Jun/2023:11:40:45 +0800] "POST /xingrg/kc/base/wldb_order_operate.html HTTP/1.1" 200 3605
222.70.114.12 - - [24/Jun/2023:11:40:47 +0800] "POST /xingrg/login.do HTTP/1.1" 302 -
222.70.114.12 - - [24/Jun/2023:11:40:47 +0800] "GET /xingrg/index.html?sysBaseUrl=http%3A%2F%2F180.169.147.146%3A18081%2Fxingrg%2F&costTime=1486×tamp=1687578047773 HTTP/1.1" 200 17179
222.70.114.12 - - [24/Jun/2023:11:40:48 +0800] "GET /xingrg/check_reg.html?_=1687578059672 HTTP/1.1" 200 22
222.70.114.12 - - [24/Jun/2023:11:40:48 +0800] "GET /xingrg/all/function/internal_message.html?_=1687578059672&CODE_STATE=count HTTP/1.1" 200 11
222.67.234.146 - - [24/Jun/2023:11:40:48 +0800] "GET /xingrg/all/function/internal_message.html?_=1687577538528&CODE_STATE=getMsg HTTP/1.1" 200 27
124.79.241.217 - - [24/Jun/2023:11:40:48 +0800] "GET /xingrg/all/function/internal_message.html?_=1687578330869&CODE_STATE=getMsg HTTP/1.1" 200 27
222.70.114.12 - - [24/Jun/2023:11:40:48 +0800] "POST /xingrg/all/common/load_tree.html?tree=area_rest_tree_json&manage=1 HTTP/1.1" 200 351
222.70.114.12 - - [24/Jun/2023:11:40:48 +0800] "POST /xingrg/load_menu.html HTTP/1.1" 200 5138
101.229.22.40 - - [24/Jun/2023:11:40:50 +0800] "GET /xingrg/all/function/internal_message.html?_=1687578050267&CODE_STATE=getMsg HTTP/1.1" 200 27
101.229.22.40 - - [24/Jun/2023:11:40:50 +0800] "GET /xingrg/check_reg.html?_=1687578050263 HTTP/1.1" 200 22
180.169.147.146 - - [24/Jun/2023:11:40:50 +0800] "GET /xingrg/all/function/internal_message.html?_=1687578053345&CODE_STATE=getMsg HTTP/1.1" 200 27
222.70.114.12 - - [24/Jun/2023:11:40:51 +0800] "GET /xingrg/kc/base/base_main.html HTTP/1.1" 200 12142
222.70.180.90 - - [24/Jun/2023:11:40:52 +0800] "GET /xingrg/all/function/internal_message.html?_=1687578048574&CODE_STATE=getMsg HTTP/1.1" 200 27
101.83.145.52 - - [24/Jun/2023:11:40:53 +0800] "GET /xingrg/kc/base/wldb_order_operate.html?command=get_materiel&rest_code=00105&base_code=0010507&code=00101019258 HTTP/1.1" 200 483
222.70.114.12 - - [24/Jun/2023:11:40:54 +0800] "GET /xingrg/kc/base/wldb_order_list.html HTTP/1.1" 200 19104
180.163.28.114 - - [24/Jun/2023:11:40:55 +0800] "GET /xingrg/kc/base/wldb_order_operate.html?command=get_materiel&rest_code=00106&base_code=0010397&code=00102002453 HTTP/1.1" 302 -
180.163.28.114 - - [24/Jun/2023:11:40:55 +0800] "GET /xingrg/login.html HTTP/1.1" 200 7641
222.70.114.12 - - [24/Jun/2023:11:40:55 +0800] "POST /xingrg/kc/base/wldb_list_operate.html HTTP/1.1" 200 928
222.70.114.12 - - [24/Jun/2023:11:40:57 +0800] "GET /xingrg/kc/base/wldb_order_add.html HTTP/1.1" 200 30383
222.70.114.12 - - [24/Jun/2023:11:40:57 +0800] "GET /xingrg/words/20230623125100_words.js HTTP/1.1" 200 970037
222.70.114.12 - - [24/Jun/2023:11:40:57 +0800] "GET /xingrg/javascript/easyui/themes/default/validatebox.css HTTP/1.1" 404 1104
222.70.114.12 - - [24/Jun/2023:11:40:57 +0800] "POST /xingrg/kc/base/wldb_order_operate.html HTTP/1.1" 200 6806
222.70.114.12 - - [24/Jun/2023:11:40:57 +0800] "GET /xingrg/all/common/auto_word.html?type=base&rest_code=00156 HTTP/1.1" 200 1903
222.70.114.12 - - [24/Jun/2023:11:40:58 +0800] "GET /xingrg/all/common/auto_word.html?type=base&rest_code=00156 HTTP/1.1" 200 1903
222.70.114.12 - - [24/Jun/2023:11:40:59 +0800] "GET /xingrg/javascript/auto/indicator.gif HTTP/1.1" 404 1066
61.170.233.201 - - [24/Jun/2023:11:41:00 +0800] "GET /xingrg/kc/base/wldb_order_add.html HTTP/1.1" 200 30385
61.170.233.201 - - [24/Jun/2023:11:41:00 +0800] "GET /xingrg/all/function/internal_message.html?_=1687578055869&CODE_STATE=getMsg HTTP/1.1" 200 27
61.170.233.201 - - [24/Jun/2023:11:41:00 +0800] "POST /xingrg/kc/base/wldb_order_operate.html HTTP/1.1" 200 6806
61.170.233.201 - - [24/Jun/2023:11:41:00 +0800] "GET /xingrg/javascript/easyui/themes/default/validatebox.css HTTP/1.1" 404 1104
218.81.73.96 - - [24/Jun/2023:11:41:01 +0800] "GET /xingrg/all/function/internal_message.html?_=1687578062704&CODE_STATE=getMsg HTTP/1.1" 200 27
101.83.145.52 - - [24/Jun/2023:11:41:02 +0800] "GET /xingrg/kc/base/wldb_order_operate.html?command=get_materiel&rest_code=00105&base_code=0010507&code=00101019222 HTTP/1.1" 200 454
222.70.114.12 - - [24/Jun/2023:11:41:02 +0800] "GET /xingrg/javascript/jquery_tools/images/prev.gif HTTP/1.1" 404 1086
222.70.114.12 - - [24/Jun/2023:11:41:02 +0800] "GET /xingrg/javascript/jquery_tools/images/next.gif HTTP/1.1" 404 1086
116.238.191.126 - - [24/Jun/2023:11:41:02 +0800] "GET /xingrg/all/function/internal_message.html?_=1687577986768&CODE_STATE=getMsg HTTP/1.1" 200 27
61.170.233.201 - - [24/Jun/2023:11:41:05 +0800] "POST /xingrg/kc/base/wldb_list_operate.html HTTP/1.1" 200 3357
222.70.114.12 - - [24/Jun/2023:11:41:06 +0800] "GET /xingrg/kc/base/wldb_order_operate.html?command=get_materiel&rest_code=00156&base_code=0010781&code=00101014114 HTTP/1.1" 200 448
61.170.233.201 - - [24/Jun/2023:11:41:06 +0800] "POST /xingrg/kc/base/wldb_list_operate.html HTTP/1.1" 200 430
61.170.233.201 - - [24/Jun/2023:11:41:07 +0800] "GET /xingrg/kc/base/wldb_order_info.html?code=422023062401967 HTTP/1.1" 200 30402
61.170.233.201 - - [24/Jun/2023:11:41:08 +0800] "GET /xingrg/javascript/easyui/themes/default/validatebox.css HTTP/1.1" 404 1104
61.170.233.201 - - [24/Jun/2023:11:41:09 +0800] "POST /xingrg/kc/base/wldb_order_operate.html HTTP/1.1" 200 3605
61.170.233.201 - - [24/Jun/2023:11:41:15 +0800] "GET /xingrg/kc/base/wldb_order_add.html HTTP/1.1" 200 30385
61.170.233.201 - - [24/Jun/2023:11:41:15 +0800] "POST /xingrg/kc/base/wldb_order_operate.html HTTP/1.1" 200 6806
61.170.233.201 - - [24/Jun/2023:11:41:15 +0800] "GET /xingrg/javascript/easyui/themes/default/validatebox.css HTTP/1.1" 404 1104
222.70.114.12 - - [24/Jun/2023:11:41:16 +0800] "GET /xingrg/kc/base/wldb_order_operate.html?command=get_materiel&rest_code=00156&base_code=0010781&code=00101014075 HTTP/1.1" 200 453
58.40.7.146 - - [24/Jun/2023:11:41:16 +0800] "GET /xingrg/all/function/internal_message.html?_=1687578076805&CODE_STATE=getMsg HTTP/1.1" 200 27
61.170.233.201 - - [24/Jun/2023:11:41:17 +0800] "POST /xingrg/all/common/load_combo.html?type=base HTTP/1.1" 200 3227
218.81.73.96 - - [24/Jun/2023:11:41:17 +0800] "GET /xingrg/all/function/internal_message.html?_=1687578079676&CODE_STATE=getMsg HTTP/1.1" 200 27
114.85.113.108 - - [24/Jun/2023:11:41:17 +0800] "GET /xingrg/all/function/internal_message.html?_=1687578075303&CODE_STATE=getMsg HTTP/1.1" 200 27
222.70.180.90 - - [24/Jun/2023:11:41:19 +0800] "GET /xingrg/kc/print/load_data.html?order_code=212023062408729&kc_code=cgsh&condition= HTTP/1.1" 200 11921
61.170.233.201 - - [24/Jun/2023:11:41:19 +0800] "POST /xingrg/all/common/load_combo.html?type=base HTTP/1.1" 200 3227
222.70.180.90 - - [24/Jun/2023:11:41:20 +0800] "GET /xingrg/all/function/internal_message.html?_=1687578076983&CODE_STATE=getMsg HTTP/1.1" 200 27
101.83.145.52 - - [24/Jun/2023:11:41:23 +0800] "GET /xingrg/kc/base/wldb_order_operate.html?command=get_materiel&rest_code=00105&base_code=0010507&code=00101019183 HTTP/1.1" 200 449
172.20.0.100 - - [24/Jun/2023:11:41:23 +0800] "GET /xingrg/all/function/internal_message.html?_=1687578082252&CODE_STATE=getMsg HTTP/1.1" 200 27
172.20.0.100 - - [24/Jun/2023:11:41:23 +0800] "GET /xingrg/check_reg.html?_=1687578082252 HTTP/1.1" 200 22
222.70.114.12 - - [24/Jun/2023:11:41:25 +0800] "GET /xingrg/kc/base/wldb_order_operate.html?command=get_materiel&rest_code=00156&base_code=0010781&code=00101014054 HTTP/1.1" 200 437
124.77.245.69 - - [24/Jun/2023:11:41:27 +0800] "GET /xingrg/all/function/internal_message.html?_=1687578109335&CODE_STATE=getMsg HTTP/1.1" 200 27
180.162.231.188 - - [24/Jun/2023:11:41:29 +0800] "GET /xingrg/all/function/internal_message.html?_=1687578088963&CODE_STATE=getMsg HTTP/1.1" 200 27
180.169.147.146 - - [24/Jun/2023:11:41:31 +0800] "GET /xingrg/all/function/internal_message.html?_=1687578083312&CODE_STATE=getMsg HTTP/1.1" 200 27
61.170.233.201 - - [24/Jun/2023:11:41:32 +0800] "GET /xingrg/kc/base/wldb_order_operate.html?command=get_materiel&rest_code=00106&base_code=0010397&code=00102002448 HTTP/1.1" 200 440
101.83.145.52 - - [24/Jun/2023:11:41:32 +0800] "GET /xingrg/all/function/internal_message.html?_=1687578094921&CODE_STATE=getMsg HTTP/1.1" 200 27
222.70.180.90 - - [24/Jun/2023:11:41:34 +0800] "GET /xingrg/all/function/internal_message.html?_=1687578132358&CODE_STATE=getMsg HTTP/1.1" 200 27
222.69.132.13 - - [24/Jun/2023:11:41:35 +0800] "GET /xingrg/all/function/internal_message.html?_=1687578205497&CODE_STATE=getMsg HTTP/1.1" 200 27
222.69.131.199 - - [24/Jun/2023:11:41:36 +0800] "GET /xingrg/all/function/internal_message.html?_=1687578094726&CODE_STATE=getMsg HTTP/1.1" 200 27
101.83.145.52 - - [24/Jun/2023:11:41:36 +0800] "GET /xingrg/all/function/internal_message.html?_=1687577919272&CODE_STATE=getMsg HTTP/1.1" 200 27
116.232.195.127 - - [24/Jun/2023:11:41:44 +0800] "GET /xingrg/all/function/internal_message.html?_=1687578097266&CODE_STATE=getMsg HTTP/1.1" 200 27
101.83.145.52 - - [24/Jun/2023:11:41:44 +0800] "GET /xingrg/kc/base/wldb_order_operate.html?command=get_materiel&rest_code=00105&base_code=0010507&code=00101019133 HTTP/1.1" 200 480
180.169.147.146 - - [24/Jun/2023:11:41:44 +0800] "GET /xingrg/kc/report/report_main.html HTTP/1.1" 200 7340
222.70.114.12 - - [24/Jun/2023:11:41:48 +0800] "GET /xingrg/all/function/internal_message.html?_=1687578119682&CODE_STATE=getMsg HTTP/1.1" 200 27
180.169.147.146 - - [24/Jun/2023:11:41:48 +0800] "GET /xingrg/all/report/report_query.html?fileName=kc/base/kc_ck_db_cate.xml HTTP/1.1" 200 54156
222.67.234.146 - - [24/Jun/2023:11:41:48 +0800] "GET /xingrg/all/function/internal_message.html?_=1687577598528&CODE_STATE=getMsg HTTP/1.1" 200 27
180.169.147.146 - - [24/Jun/2023:11:41:48 +0800] "GET /xingrg/dwr/interface/AjaxReportQueryService.js HTTP/1.1" 200 13203
180.169.147.146 - - [24/Jun/2023:11:41:48 +0800] "GET /xingrg/dwr/engine.js HTTP/1.1" 200 43631
124.79.241.217 - - [24/Jun/2023:11:41:48 +0800] "GET /xingrg/all/function/internal_message.html?_=1687578390867&CODE_STATE=getMsg HTTP/1.1" 200 27
180.169.147.146 - - [24/Jun/2023:11:41:48 +0800] "POST /xingrg/dwr/call/plaincall/AjaxReportQueryService.getFixDate.dwr HTTP/1.1" 200 111
180.169.147.146 - - [24/Jun/2023:11:41:48 +0800] "POST /xingrg/dwr/call/plaincall/AjaxReportQueryService.getInitString.dwr HTTP/1.1" 200 1062
180.169.147.146 - - [24/Jun/2023:11:41:48 +0800] "POST /xingrg/dwr/call/plaincall/AjaxReportQueryService.getInitString.dwr HTTP/1.1" 200 1062
180.169.147.146 - - [24/Jun/2023:11:41:48 +0800] "POST /xingrg/all/common/load_tree.html?tree=materiel_sort_tree_json HTTP/1.1" 200 9500
101.229.22.40 - - [24/Jun/2023:11:41:50 +0800] "GET /xingrg/all/function/internal_message.html?_=1687578110252&CODE_STATE=getMsg HTTP/1.1" 200 27
180.169.147.146 - - [24/Jun/2023:11:41:50 +0800] "GET /xingrg/all/function/internal_message.html?_=1687578113328&CODE_STATE=getMsg HTTP/1.1" 200 27
222.70.180.90 - - [24/Jun/2023:11:41:52 +0800] "GET /xingrg/all/function/internal_message.html?_=1687578108553&CODE_STATE=getMsg HTTP/1.1" 200 27
101.83.145.52 - - [24/Jun/2023:11:41:57 +0800] "GET /xingrg/kc/base/wldb_order_operate.html?command=get_materiel&rest_code=00105&base_code=0010507&code=00101019536 HTTP/1.1" 200 471
180.163.30.76 - - [24/Jun/2023:11:42:00 +0800] "GET /xingrg/all/function/internal_message.html?_=1687578055869&CODE_STATE=getMsg HTTP/1.1" 302 -
180.163.30.76 - - [24/Jun/2023:11:42:00 +0800] "GET /xingrg/login.html HTTP/1.1" 200 7641
61.170.233.201 - - [24/Jun/2023:11:42:00 +0800] "GET /xingrg/all/function/internal_message.html?_=1687578115844&CODE_STATE=getMsg HTTP/1.1" 200 27
218.81.73.96 - - [24/Jun/2023:11:42:01 +0800] "GET /xingrg/all/function/internal_message.html?_=1687578122706&CODE_STATE=getMsg HTTP/1.1" 200 27
116.238.191.126 - - [24/Jun/2023:11:42:02 +0800] "GET /xingrg/all/function/internal_message.html?_=1687578046847&CODE_STATE=getMsg HTTP/1.1" 200 27
101.83.145.52 - - [24/Jun/2023:11:42:06 +0800] "GET /xingrg/kc/base/wldb_order_operate.html?command=get_materiel&rest_code=00105&base_code=0010507&code=00101019390 HTTP/1.1" 200 470
180.169.147.146 - - [24/Jun/2023:11:42:07 +0800] "POST /xingrg/dwr/call/plaincall/AjaxReportQueryService.refreshCache.dwr HTTP/1.1" 200 78
180.169.147.146 - - [24/Jun/2023:11:42:08 +0800] "POST /xingrg/all/report/load_report_page.html HTTP/1.1" 200 7113
180.169.147.146 - - [24/Jun/2023:11:42:08 +0800] "GET /xingrg/servlets/image?cache=0.18243196099749126&image=px HTTP/1.1" 200 807
180.169.147.146 - - [24/Jun/2023:11:42:13 +0800] "POST /xingrg/all/report/load_report_page.html HTTP/1.1" 200 138650
180.169.147.146 - - [24/Jun/2023:11:42:13 +0800] "GET /xingrg/servlets/image?cache=0.7093774599726972&image=px HTTP/1.1" 200 807
58.40.7.146 - - [24/Jun/2023:11:42:16 +0800] "GET /xingrg/all/function/internal_message.html?_=1687578136792&CODE_STATE=getMsg HTTP/1.1" 200 27
218.81.73.96 - - [24/Jun/2023:11:42:17 +0800] "GET /xingrg/all/function/internal_message.html?_=1687578139672&CODE_STATE=getMsg HTTP/1.1" 200 27
101.83.145.52 - - [24/Jun/2023:11:42:17 +0800] "GET /xingrg/kc/base/wldb_order_operate.html?command=get_materiel&rest_code=00105&base_code=0010507&code=00101016020 HTTP/1.1" 200 448
114.85.113.108 - - [24/Jun/2023:11:42:17 +0800] "GET /xingrg/all/function/internal_message.html?_=1687578135287&CODE_STATE=getMsg HTTP/1.1" 200 27
180.169.147.146 - - [24/Jun/2023:11:42:18 +0800] "POST /xingrg/all/report/report_print.html HTTP/1.1" 200 27684
180.169.147.146 - - [24/Jun/2023:11:42:18 +0800] "GET /favicon.ico HTTP/1.1" 404 -
61.170.233.201 - - [24/Jun/2023:11:42:19 +0800] "GET /xingrg/kc/base/wldb_order_operate.html?command=get_materiel&rest_code=00106&base_code=0010397&code=00102002204 HTTP/1.1" 200 447
222.70.180.90 - - [24/Jun/2023:11:42:20 +0800] "GET /xingrg/check_reg.html?_=1687578136952 HTTP/1.1" 200 22
222.70.180.90 - - [24/Jun/2023:11:42:20 +0800] "GET /xingrg/all/function/internal_message.html?_=1687578136955&CODE_STATE=getMsg HTTP/1.1" 200 27
172.20.0.100 - - [24/Jun/2023:11:42:23 +0800] "GET /xingrg/all/function/internal_message.html?_=1687578142252&CODE_STATE=getMsg HTTP/1.1" 200 27
101.83.145.52 - - [24/Jun/2023:11:42:26 +0800] "GET /xingrg/kc/base/wldb_order_operate.html?command=get_materiel&rest_code=00105&base_code=0010507&code=00101016019 HTTP/1.1" 200 451
124.77.245.69 - - [24/Jun/2023:11:42:27 +0800] "GET /xingrg/all/function/internal_message.html?_=1687578169348&CODE_STATE=getMsg HTTP/1.1" 200 27
61.170.233.201 - - [24/Jun/2023:11:42:28 +0800] "POST /xingrg/kc/base/wldb_order_operate.html HTTP/1.1" 200 37
61.170.233.201 - - [24/Jun/2023:11:42:30 +0800] "GET /xingrg/kc/base/wldb_order_info.html?code=422023062401968 HTTP/1.1" 200 30399
61.170.233.201 - - [24/Jun/2023:11:42:30 +0800] "POST /xingrg/kc/base/wldb_order_operate.html HTTP/1.1" 200 2677
61.170.233.201 - - [24/Jun/2023:11:42:30 +0800] "GET /xingrg/javascript/easyui/themes/default/validatebox.css HTTP/1.1" 404 1104
61.170.233.201 - - [24/Jun/2023:11:42:31 +0800] "POST /xingrg/kc/base/wldb_order_operate.html HTTP/1.1" 200 2677
180.169.147.146 - - [24/Jun/2023:11:42:31 +0800] "GET /xingrg/all/function/internal_message.html?_=1687578143388&CODE_STATE=getMsg HTTP/1.1" 200 27
101.83.145.52 - - [24/Jun/2023:11:42:32 +0800] "GET /xingrg/all/function/internal_message.html?_=1687578154923&CODE_STATE=getMsg HTTP/1.1" 200 27
101.83.145.52 - - [24/Jun/2023:11:42:32 +0800] "GET /xingrg/check_reg.html?_=1687578154926 HTTP/1.1" 200 22
222.70.180.90 - - [24/Jun/2023:11:42:34 +0800] "GET /xingrg/all/function/internal_message.html?_=1687578192336&CODE_STATE=getMsg HTTP/1.1" 200 27
222.69.132.13 - - [24/Jun/2023:11:42:35 +0800] "GET /xingrg/all/function/internal_message.html?_=1687578265482&CODE_STATE=getMsg HTTP/1.1" 200 27
222.69.131.199 - - [24/Jun/2023:11:42:36 +0800] "GET /xingrg/all/function/internal_message.html?_=1687578154711&CODE_STATE=getMsg HTTP/1.1" 200 27
101.83.145.52 - - [24/Jun/2023:11:42:36 +0800] "GET /xingrg/all/function/internal_message.html?_=1687577979266&CODE_STATE=getMsg HTTP/1.1" 200 27
101.83.145.52 - - [24/Jun/2023:11:42:38 +0800] "POST /xingrg/kc/base/wldb_order_operate.html HTTP/1.1" 200 37
101.83.145.52 - - [24/Jun/2023:11:42:39 +0800] "POST /xingrg/kc/base/wldb_order_operate.html HTTP/1.1" 200 8163
101.83.145.52 - - [24/Jun/2023:11:42:39 +0800] "GET /xingrg/kc/base/wldb_order_info.html?code=422023062401969 HTTP/1.1" 200 30396
101.83.145.52 - - [24/Jun/2023:11:42:40 +0800] "GET /xingrg/javascript/easyui/themes/default/validatebox.css HTTP/1.1" 404 1104
101.83.145.52 - - [24/Jun/2023:11:42:41 +0800] "POST /xingrg/kc/base/wldb_order_operate.html HTTP/1.1" 200 8163
116.232.195.127 - - [24/Jun/2023:11:42:44 +0800] "GET /xingrg/all/function/internal_message.html?_=1687578157259&CODE_STATE=getMsg HTTP/1.1" 200 27
222.70.180.90 - - [24/Jun/2023:11:42:45 +0800] "GET /xingrg/kc/buy/cgsh_order_add.html HTTP/1.1" 200 71592
222.70.180.90 - - [24/Jun/2023:11:42:45 +0800] "POST /xingrg/kc/buy/cgsh_order_operate.html HTTP/1.1" 200 8245
222.70.180.90 - - [24/Jun/2023:11:42:45 +0800] "GET /xingrg/javascript/easyui/themes/default/validatebox.css HTTP/1.1" 404 1104
222.70.114.12 - - [24/Jun/2023:11:42:48 +0800] "GET /xingrg/all/function/internal_message.html?_=1687578179686&CODE_STATE=getMsg HTTP/1.1" 200 27
222.67.234.146 - - [24/Jun/2023:11:42:48 +0800] "GET /xingrg/all/function/internal_message.html?_=1687577658554&CODE_STATE=getMsg HTTP/1.1" 200 27
124.79.241.217 - - [24/Jun/2023:11:42:48 +0800] "GET /xingrg/check_reg.html?_=1687578450866 HTTP/1.1" 200 22
124.79.241.217 - - [24/Jun/2023:11:42:48 +0800] "GET /xingrg/all/function/internal_message.html?_=1687578450865&CODE_STATE=getMsg HTTP/1.1" 200 27
61.170.233.201 - - [24/Jun/2023:11:42:48 +0800] "GET /xingrg/kc/base/wldb_order_add.html HTTP/1.1" 200 30385
61.170.233.201 - - [24/Jun/2023:11:42:49 +0800] "POST /xingrg/kc/base/wldb_order_operate.html HTTP/1.1" 200 6806
61.170.233.201 - - [24/Jun/2023:11:42:49 +0800] "GET /xingrg/javascript/easyui/themes/default/validatebox.css HTTP/1.1" 404 1104
61.170.233.201 - - [24/Jun/2023:11:42:49 +0800] "POST /xingrg/all/common/load_combo.html?type=base HTTP/1.1" 200 3227
101.229.22.40 - - [24/Jun/2023:11:42:50 +0800] "GET /xingrg/all/function/internal_message.html?_=1687578170264&CODE_STATE=getMsg HTTP/1.1" 200 27
180.169.147.146 - - [24/Jun/2023:11:42:50 +0800] "GET /xingrg/all/function/internal_message.html?_=1687578173312&CODE_STATE=getMsg HTTP/1.1" 200 27
61.170.233.201 - - [24/Jun/2023:11:42:52 +0800] "POST /xingrg/all/common/load_combo.html?type=base HTTP/1.1" 200 3227
222.70.180.90 - - [24/Jun/2023:11:42:52 +0800] "GET /xingrg/all/function/internal_message.html?_=1687578168525&CODE_STATE=getMsg HTTP/1.1" 200 27
222.70.180.90 - - [24/Jun/2023:11:42:55 +0800] "GET /xingrg/check_reg.html?_=1687578171469 HTTP/1.1" 200 22
61.170.233.201 - - [24/Jun/2023:11:43:00 +0800] "GET /xingrg/all/function/internal_message.html?_=1687578175831&CODE_STATE=getMsg HTTP/1.1" 200 27
61.170.233.201 - - [24/Jun/2023:11:43:00 +0800] "GET /xingrg/kc/base/wldb_order_operate.html?command=get_materiel&rest_code=00106&base_code=0010397&code=00102012050 HTTP/1.1" 200 443
61.170.233.201 - - [24/Jun/2023:11:43:00 +0800] "GET /xingrg/check_reg.html?_=1687578176121 HTTP/1.1" 200 22
218.81.73.96 - - [24/Jun/2023:11:43:01 +0800] "GET /xingrg/all/function/internal_message.html?_=1687578182710&CODE_STATE=getMsg HTTP/1.1" 200 27
116.238.191.126 - - [24/Jun/2023:11:43:02 +0800] "GET /xingrg/all/function/internal_message.html?_=1687578106858&CODE_STATE=getMsg HTTP/1.1" 200 27
180.169.147.146 - - [24/Jun/2023:11:43:09 +0800] "GET /xingrg/check_reg.html?_=1687578192348 HTTP/1.1" 200 22
61.170.233.201 - - [24/Jun/2023:11:43:09 +0800] "GET /xingrg/kc/base/wldb_order_operate.html?command=get_materiel&rest_code=00106&base_code=0010397&code=00102002610 HTTP/1.1" 200 443
58.40.7.146 - - [24/Jun/2023:11:43:16 +0800] "GET /xingrg/all/function/internal_message.html?_=1687578196794&CODE_STATE=getMsg HTTP/1.1" 200 27
218.81.73.96 - - [24/Jun/2023:11:43:17 +0800] "GET /xingrg/all/function/internal_message.html?_=1687578199655&CODE_STATE=getMsg HTTP/1.1" 200 27
114.85.113.108 - - [24/Jun/2023:11:43:17 +0800] "GET /xingrg/all/function/internal_message.html?_=1687578195271&CODE_STATE=getMsg HTTP/1.1" 200 27
101.83.145.52 - - [24/Jun/2023:11:43:20 +0800] "GET /xingrg/kc/base/wldb_order_add.html HTTP/1.1" 200 30381
222.70.180.90 - - [24/Jun/2023:11:43:20 +0800] "GET /xingrg/all/function/internal_message.html?_=1687578196998&CODE_STATE=getMsg HTTP/1.1" 200 27
101.83.145.52 - - [24/Jun/2023:11:43:21 +0800] "POST /xingrg/kc/base/wldb_order_operate.html HTTP/1.1" 200 6806
101.83.145.52 - - [24/Jun/2023:11:43:21 +0800] "GET /xingrg/javascript/easyui/themes/default/validatebox.css HTTP/1.1" 404 1104
172.20.0.100 - - [24/Jun/2023:11:43:23 +0800] "GET /xingrg/all/function/internal_message.html?_=1687578202252&CODE_STATE=getMsg HTTP/1.1" 200 27
124.77.245.69 - - [24/Jun/2023:11:43:27 +0800] "GET /xingrg/all/function/internal_message.html?_=1687578229383&CODE_STATE=getMsg HTTP/1.1" 200 27
180.163.28.109 - - [24/Jun/2023:11:43:29 +0800] "GET /xingrg/kc/base/wldb_order_info.html?code=422023062401968 HTTP/1.1" 302 -
180.163.28.109 - - [24/Jun/2023:11:43:29 +0800] "GET /xingrg/login.html HTTP/1.1" 200 7641
180.169.147.146 - - [24/Jun/2023:11:43:31 +0800] "GET /xingrg/all/function/internal_message.html?_=1687578203365&CODE_STATE=getMsg HTTP/1.1" 200 27
101.83.145.52 - - [24/Jun/2023:11:43:32 +0800] "GET /xingrg/all/function/internal_message.html?_=1687578214925&CODE_STATE=getMsg HTTP/1.1" 200 27
222.70.180.90 - - [24/Jun/2023:11:43:34 +0800] "GET /xingrg/all/function/internal_message.html?_=1687578252338&CODE_STATE=getMsg HTTP/1.1" 200 27
222.70.180.90 - - [24/Jun/2023:11:43:34 +0800] "GET /xingrg/kc/buy/cgsh_order_operate.html?command=get_materiel&rest_code=00111&code=00101002027&supplier_code=00100199&order_time=2023-06-24 HTTP/1.1" 200 413
222.69.132.13 - - [24/Jun/2023:11:43:35 +0800] "GET /xingrg/all/function/internal_message.html?_=1687578325492&CODE_STATE=getMsg HTTP/1.1" 200 27
61.170.233.201 - - [24/Jun/2023:11:43:35 +0800] "POST /xingrg/kc/base/wldb_order_operate.html HTTP/1.1" 200 37
222.69.131.199 - - [24/Jun/2023:11:43:36 +0800] "GET /xingrg/all/function/internal_message.html?_=1687578214696&CODE_STATE=getMsg HTTP/1.1" 200 27
61.170.233.201 - - [24/Jun/2023:11:43:36 +0800] "POST /xingrg/kc/base/wldb_order_operate.html HTTP/1.1" 200 2674
61.170.233.201 - - [24/Jun/2023:11:43:36 +0800] "GET /xingrg/kc/base/wldb_order_info.html?code=422023062401970 HTTP/1.1" 200 30402
101.83.145.52 - - [24/Jun/2023:11:43:36 +0800] "GET /xingrg/all/function/internal_message.html?_=1687578039266&CODE_STATE=getMsg HTTP/1.1" 200 27
61.170.233.201 - - [24/Jun/2023:11:43:37 +0800] "GET /xingrg/javascript/easyui/themes/default/validatebox.css HTTP/1.1" 404 1104
61.170.233.201 - - [24/Jun/2023:11:43:37 +0800] "POST /xingrg/kc/base/wldb_order_operate.html HTTP/1.1" 200 2674
101.83.145.52 - - [24/Jun/2023:11:43:38 +0800] "GET /xingrg/check_reg.html?_=1687578040776 HTTP/1.1" 200 22
116.232.195.127 - - [24/Jun/2023:11:43:44 +0800] "GET /xingrg/all/function/internal_message.html?_=1687578217253&CODE_STATE=getMsg HTTP/1.1" 200 27
101.83.145.52 - - [24/Jun/2023:11:43:46 +0800] "GET /xingrg/kc/base/wldb_order_operate.html?command=get_materiel&rest_code=00105&base_code=0010508&code=00102002118 HTTP/1.1" 200 466
222.70.114.12 - - [24/Jun/2023:11:43:48 +0800] "GET /xingrg/all/function/internal_message.html?_=1687578239678&CODE_STATE=getMsg HTTP/1.1" 200 27
222.67.234.146 - - [24/Jun/2023:11:43:48 +0800] "GET /xingrg/all/function/internal_message.html?_=1687577718561&CODE_STATE=getMsg HTTP/1.1" 200 27
124.79.241.217 - - [24/Jun/2023:11:43:48 +0800] "GET /xingrg/all/function/internal_message.html?_=1687578510865&CODE_STATE=getMsg HTTP/1.1" 200 27
101.229.22.40 - - [24/Jun/2023:11:43:50 +0800] "GET /xingrg/all/function/internal_message.html?_=1687578230266&CODE_STATE=getMsg HTTP/1.1" 200 27
180.169.147.146 - - [24/Jun/2023:11:43:50 +0800] "GET /xingrg/all/function/internal_message.html?_=1687578233283&CODE_STATE=getMsg HTTP/1.1" 200 27
61.170.233.201 - - [24/Jun/2023:11:43:51 +0800] "POST /xingrg/kc/base/wldb_list_operate.html HTTP/1.1" 200 4158
222.70.180.90 - - [24/Jun/2023:11:43:52 +0800] "GET /xingrg/all/function/internal_message.html?_=1687578228506&CODE_STATE=getMsg HTTP/1.1" 200 27
124.77.245.69 - - [24/Jun/2023:11:43:53 +0800] "POST /xingrg/services/DataTransmitService HTTP/1.1" 200 524
114.85.113.108 - - [24/Jun/2023:11:43:54 +0800] "GET /xingrg/check_reg.html?_=1687578231854 HTTP/1.1" 200 22
61.170.233.201 - - [24/Jun/2023:11:44:00 +0800] "GET /xingrg/all/function/internal_message.html?_=1687578235817&CODE_STATE=getMsg HTTP/1.1" 200 27
180.163.28.109 - - [24/Jun/2023:11:44:00 +0800] "GET /xingrg/all/function/internal_message.html?_=1687578175831&CODE_STATE=getMsg HTTP/1.1" 302 -
180.163.28.109 - - [24/Jun/2023:11:44:00 +0800] "GET /xingrg/login.html HTTP/1.1" 200 7641
116.238.191.126 - - [24/Jun/2023:11:44:00 +0800] "GET /xingrg/check_reg.html?_=1687578165033 HTTP/1.1" 200 22
218.81.73.96 - - [24/Jun/2023:11:44:01 +0800] "GET /xingrg/all/function/internal_message.html?_=1687578242705&CODE_STATE=getMsg HTTP/1.1" 200 27
