58.40.7.146 - - [24/Jun/2023:09:13:16 +0800] "GET /xingrg/all/function/internal_message.html?_=1687569196743&CODE_STATE=getMsg HTTP/1.1" 200 27
116.238.191.126 - - [24/Jun/2023:09:13:16 +0800] "POST /xingrg/kc/buy/cgsh_order_operate.html HTTP/1.1" 200 37
114.85.113.108 - - [24/Jun/2023:09:13:20 +0800] "GET /xingrg/all/function/internal_message.html?_=1687569197988&CODE_STATE=getMsg HTTP/1.1" 200 27
172.20.0.100 - - [24/Jun/2023:09:13:22 +0800] "GET /xingrg/all/function/internal_message.html?_=1687569202251&CODE_STATE=getMsg HTTP/1.1" 200 27
116.238.191.126 - - [24/Jun/2023:09:13:27 +0800] "POST /xingrg/kc/buy/cgsh_order_operate.html HTTP/1.1" 200 12
180.162.231.188 - - [24/Jun/2023:09:13:30 +0800] "GET /xingrg/all/function/internal_message.html?_=1687569210617&CODE_STATE=getMsg HTTP/1.1" 200 27
180.162.231.188 - - [24/Jun/2023:09:13:30 +0800] "GET /xingrg/check_reg.html?_=1687569210618 HTTP/1.1" 200 22
101.83.145.52 - - [24/Jun/2023:09:13:32 +0800] "GET /xingrg/all/function/internal_message.html?_=1687569214880&CODE_STATE=getMsg HTTP/1.1" 200 27
124.77.245.69 - - [24/Jun/2023:09:13:33 +0800] "GET /xingrg/all/function/internal_message.html?_=1687569234531&CODE_STATE=getMsg HTTP/1.1" 200 27
222.69.131.199 - - [24/Jun/2023:09:13:35 +0800] "GET /xingrg/all/function/internal_message.html?_=1687569213565&CODE_STATE=getMsg HTTP/1.1" 200 27
222.69.132.13 - - [24/Jun/2023:09:13:35 +0800] "GET /xingrg/all/function/internal_message.html?_=1687569325500&CODE_STATE=getMsg HTTP/1.1" 200 27
101.83.145.52 - - [24/Jun/2023:09:13:38 +0800] "GET /xingrg/kc/buy/cgsh_order_add.html HTTP/1.1" 200 71718
116.238.191.126 - - [24/Jun/2023:09:13:38 +0800] "GET /xingrg/kc/buy/cgsh_order_info.html?code=212023062408683 HTTP/1.1" 200 66157
116.238.191.126 - - [24/Jun/2023:09:13:38 +0800] "GET /xingrg/javascript/easyui/themes/default/validatebox.css HTTP/1.1" 404 1104
101.83.145.52 - - [24/Jun/2023:09:13:38 +0800] "POST /xingrg/kc/buy/cgsh_order_operate.html HTTP/1.1" 200 8245
101.83.145.52 - - [24/Jun/2023:09:13:38 +0800] "GET /xingrg/javascript/easyui/themes/default/validatebox.css HTTP/1.1" 404 1104
101.83.145.52 - - [24/Jun/2023:09:13:38 +0800] "GET /xingrg/all/function/internal_message.html?_=1687569041017&CODE_STATE=getMsg HTTP/1.1" 200 27
101.83.145.52 - - [24/Jun/2023:09:13:38 +0800] "GET /xingrg/check_reg.html?_=1687569041025 HTTP/1.1" 200 22
116.238.191.126 - - [24/Jun/2023:09:13:39 +0800] "POST /xingrg/kc/buy/cgsh_order_operate.html HTTP/1.1" 200 3021
116.238.191.126 - - [24/Jun/2023:09:13:43 +0800] "GET /xingrg/kc/print/load_data.html?order_code=212023062408683&kc_code=cgsh&condition= HTTP/1.1" 200 1715
116.232.195.127 - - [24/Jun/2023:09:13:44 +0800] "GET /xingrg/all/function/internal_message.html?_=1687569217254&CODE_STATE=getMsg HTTP/1.1" 200 27
180.169.147.146 - - [24/Jun/2023:09:13:53 +0800] "GET /xingrg/all/function/internal_message.html?_=1687569235746&CODE_STATE=getMsg HTTP/1.1" 200 27
114.85.113.108 - - [24/Jun/2023:09:13:54 +0800] "GET /xingrg/check_reg.html?_=1687569232296 HTTP/1.1" 200 22
222.70.180.90 - - [24/Jun/2023:09:13:55 +0800] "GET /xingrg/all/function/internal_message.html?_=1687569231598&CODE_STATE=getMsg HTTP/1.1" 302 -
180.163.28.143 - - [24/Jun/2023:09:14:00 +0800] "GET /xingrg/check_reg.html?_=1687569176241 HTTP/1.1" 302 -
180.163.28.143 - - [24/Jun/2023:09:14:00 +0800] "GET /xingrg/login.html HTTP/1.1" 200 7641
116.238.191.126 - - [24/Jun/2023:09:14:03 +0800] "GET /xingrg/all/function/internal_message.html?_=1687569168124&CODE_STATE=getMsg HTTP/1.1" 200 27
101.83.145.52 - - [24/Jun/2023:09:14:10 +0800] "GET /xingrg/kc/buy/cgsh_order_operate.html?command=get_materiel&rest_code=00105&code=00101002027&supplier_code=00100397&order_time=2023-06-24 HTTP/1.1" 200 413
58.40.7.146 - - [24/Jun/2023:09:14:16 +0800] "GET /xingrg/all/function/internal_message.html?_=1687569256745&CODE_STATE=getMsg HTTP/1.1" 200 27
58.40.7.146 - - [24/Jun/2023:09:14:16 +0800] "GET /xingrg/check_reg.html?_=1687569256746 HTTP/1.1" 200 22
114.85.113.108 - - [24/Jun/2023:09:14:20 +0800] "GET /xingrg/all/function/internal_message.html?_=1687569257960&CODE_STATE=getMsg HTTP/1.1" 200 27
172.20.0.100 - - [24/Jun/2023:09:14:22 +0800] "GET /xingrg/all/function/internal_message.html?_=1687569262251&CODE_STATE=getMsg HTTP/1.1" 200 27
180.162.231.188 - - [24/Jun/2023:09:14:30 +0800] "GET /xingrg/all/function/internal_message.html?_=1687569270608&CODE_STATE=getMsg HTTP/1.1" 200 27
101.83.145.52 - - [24/Jun/2023:09:14:32 +0800] "GET /xingrg/all/function/internal_message.html?_=1687569274880&CODE_STATE=getMsg HTTP/1.1" 200 27
124.77.245.69 - - [24/Jun/2023:09:14:33 +0800] "GET /xingrg/all/function/internal_message.html?_=1687569294685&CODE_STATE=getMsg HTTP/1.1" 200 27
222.69.131.199 - - [24/Jun/2023:09:14:34 +0800] "GET /xingrg/all/function/internal_message.html?_=1687569273556&CODE_STATE=getMsg HTTP/1.1" 200 27
222.69.132.13 - - [24/Jun/2023:09:14:35 +0800] "GET /xingrg/check_reg.html?_=1687569385499 HTTP/1.1" 200 22
222.69.132.13 - - [24/Jun/2023:09:14:35 +0800] "GET /xingrg/all/function/internal_message.html?_=1687569385501&CODE_STATE=getMsg HTTP/1.1" 200 27
101.83.145.52 - - [24/Jun/2023:09:14:38 +0800] "GET /xingrg/all/function/internal_message.html?_=1687569100993&CODE_STATE=getMsg HTTP/1.1" 200 27
116.232.195.127 - - [24/Jun/2023:09:14:44 +0800] "GET /xingrg/check_reg.html?_=1687569277254 HTTP/1.1" 200 22
116.232.195.127 - - [24/Jun/2023:09:14:44 +0800] "GET /xingrg/all/function/internal_message.html?_=1687569277255&CODE_STATE=getMsg HTTP/1.1" 200 27
101.83.145.52 - - [24/Jun/2023:09:14:45 +0800] "GET /xingrg/kc/buy/cgsh_order_operate.html?command=get_materiel&rest_code=00105&code=00101001191&supplier_code=00100397&order_time=2023-06-24 HTTP/1.1" 200 413
180.169.147.146 - - [24/Jun/2023:09:14:53 +0800] "GET /xingrg/all/function/internal_message.html?_=1687569295730&CODE_STATE=getMsg HTTP/1.1" 200 27
222.70.180.90 - - [24/Jun/2023:09:14:55 +0800] "GET /xingrg/all/function/internal_message.html?_=1687569291576&CODE_STATE=getMsg HTTP/1.1" 302 -
116.238.191.126 - - [24/Jun/2023:09:15:03 +0800] "GET /xingrg/all/function/internal_message.html?_=1687569228165&CODE_STATE=getMsg HTTP/1.1" 200 27
58.40.7.146 - - [24/Jun/2023:09:15:16 +0800] "GET /xingrg/all/function/internal_message.html?_=1687569316747&CODE_STATE=getMsg HTTP/1.1" 200 27
114.85.113.108 - - [24/Jun/2023:09:15:20 +0800] "GET /xingrg/all/function/internal_message.html?_=1687569317952&CODE_STATE=getMsg HTTP/1.1" 200 27
172.20.0.100 - - [24/Jun/2023:09:15:22 +0800] "GET /xingrg/all/function/internal_message.html?_=1687569322252&CODE_STATE=getMsg HTTP/1.1" 200 27
180.162.231.188 - - [24/Jun/2023:09:15:30 +0800] "GET /xingrg/all/function/internal_message.html?_=1687569330616&CODE_STATE=getMsg HTTP/1.1" 200 27
101.83.145.52 - - [24/Jun/2023:09:15:32 +0800] "GET /xingrg/all/function/internal_message.html?_=1687569334866&CODE_STATE=getMsg HTTP/1.1" 200 27
124.77.245.69 - - [24/Jun/2023:09:15:33 +0800] "GET /xingrg/all/function/internal_message.html?_=1687569354699&CODE_STATE=getMsg HTTP/1.1" 200 27
222.69.131.199 - - [24/Jun/2023:09:15:35 +0800] "GET /xingrg/all/function/internal_message.html?_=1687569333570&CODE_STATE=getMsg HTTP/1.1" 200 27
222.69.131.199 - - [24/Jun/2023:09:15:35 +0800] "GET /xingrg/check_reg.html?_=1687569333574 HTTP/1.1" 200 22
222.69.132.13 - - [24/Jun/2023:09:15:35 +0800] "GET /xingrg/all/function/internal_message.html?_=1687569445493&CODE_STATE=getMsg HTTP/1.1" 200 27
101.83.145.52 - - [24/Jun/2023:09:15:38 +0800] "GET /xingrg/all/function/internal_message.html?_=1687569160971&CODE_STATE=getMsg HTTP/1.1" 200 27
116.238.191.126 - - [24/Jun/2023:09:15:39 +0800] "POST /xingrg/all/user/operate.html HTTP/1.1" 200 36
116.238.191.126 - - [24/Jun/2023:09:15:39 +0800] "GET /xingrg/index.html?sysBaseUrl=http%3A%2F%2F180.169.147.146%3A18081%2Fxingrg%2F&costTime=1491×tamp=1687566924427 HTTP/1.1" 200 17179
116.238.191.126 - - [24/Jun/2023:09:15:39 +0800] "GET /xingrg/javascript/jquery_easy_ui/themes/default/easyui.css HTTP/1.1" 304 -
116.238.191.126 - - [24/Jun/2023:09:15:39 +0800] "GET /xingrg/javascript/jquery_easy_ui/themes/icon.css HTTP/1.1" 304 -
116.238.191.126 - - [24/Jun/2023:09:15:39 +0800] "GET /xingrg/css/form.css HTTP/1.1" 304 -
116.238.191.126 - - [24/Jun/2023:09:15:39 +0800] "GET /xingrg/javascript/jquery-1.4.2.min.js HTTP/1.1" 304 -
116.238.191.126 - - [24/Jun/2023:09:15:39 +0800] "GET /xingrg/javascript/jquery_easy_ui/jquery.easyui.min.js HTTP/1.1" 304 -
116.238.191.126 - - [24/Jun/2023:09:15:39 +0800] "GET /xingrg/javascript/jquery_easy_ui/easyui-lang-zh_CN.js HTTP/1.1" 304 -
116.238.191.126 - - [24/Jun/2023:09:15:39 +0800] "GET /xingrg/javascript/jquery.form.js HTTP/1.1" 304 -
116.238.191.126 - - [24/Jun/2023:09:15:39 +0800] "GET /xingrg/javascript/jquery.utils.js HTTP/1.1" 304 -
116.238.191.126 - - [24/Jun/2023:09:15:39 +0800] "GET /xingrg/javascript/jquery.timers.js HTTP/1.1" 304 -
116.238.191.126 - - [24/Jun/2023:09:15:39 +0800] "GET /xingrg/images/blue/jxLogo.png HTTP/1.1" 304 -
116.238.191.126 - - [24/Jun/2023:09:15:39 +0800] "GET /xingrg/images/blue/navBackgound.jpg HTTP/1.1" 304 -
116.238.191.126 - - [24/Jun/2023:09:15:39 +0800] "GET /xingrg/javascript/jquery_easy_ui/themes/icons/settle_new.png HTTP/1.1" 304 -
116.238.191.126 - - [24/Jun/2023:09:15:39 +0800] "GET /xingrg/images/blue/pingpu.png HTTP/1.1" 304 -
116.238.191.126 - - [24/Jun/2023:09:15:39 +0800] "GET /xingrg/javascript/jquery_easy_ui/themes/default/images/tabs_leftarrow.png HTTP/1.1" 304 -
116.238.191.126 - - [24/Jun/2023:09:15:39 +0800] "GET /xingrg/javascript/jquery_easy_ui/themes/default/images/tabs_rightarrow.png HTTP/1.1" 304 -
116.238.191.126 - - [24/Jun/2023:09:15:39 +0800] "GET /xingrg/javascript/jquery_easy_ui/themes/default/images/panel_tool_collapse.gif HTTP/1.1" 304 -
116.238.191.126 - - [24/Jun/2023:09:15:39 +0800] "GET /xingrg/check_reg.html?_=1687569264125 HTTP/1.1" 200 22
116.238.191.126 - - [24/Jun/2023:09:15:39 +0800] "GET /xingrg/all/function/internal_message.html?_=1687569264124&CODE_STATE=count HTTP/1.1" 200 11
116.238.191.126 - - [24/Jun/2023:09:15:39 +0800] "POST /xingrg/all/common/load_tree.html?tree=area_rest_tree_json&manage=1 HTTP/1.1" 200 476
116.238.191.126 - - [24/Jun/2023:09:15:39 +0800] "POST /xingrg/load_menu.html HTTP/1.1" 200 5138
116.232.195.127 - - [24/Jun/2023:09:15:44 +0800] "GET /xingrg/all/function/internal_message.html?_=1687569337257&CODE_STATE=getMsg HTTP/1.1" 200 27
116.238.191.126 - - [24/Jun/2023:09:15:44 +0800] "GET /xingrg/kc/buy/cgsh_order_list.html HTTP/1.1" 200 55860
101.83.145.52 - - [24/Jun/2023:09:15:50 +0800] "POST /xingrg/kc/buy/cgsh_order_operate.html HTTP/1.1" 200 37
116.238.191.126 - - [24/Jun/2023:09:15:51 +0800] "POST /xingrg/kc/buy/cgsh_list_operate.html HTTP/1.1" 200 986
101.83.145.52 - - [24/Jun/2023:09:15:52 +0800] "POST /xingrg/kc/buy/cgsh_order_operate.html HTTP/1.1" 200 3253
180.169.147.146 - - [24/Jun/2023:09:15:53 +0800] "GET /xingrg/all/function/internal_message.html?_=1687569355713&CODE_STATE=getMsg HTTP/1.1" 200 27
116.238.191.126 - - [24/Jun/2023:09:15:55 +0800] "GET /xingrg/javascript/jquery_tools/images/prev.gif HTTP/1.1" 404 1086
116.238.191.126 - - [24/Jun/2023:09:15:55 +0800] "GET /xingrg/javascript/jquery_tools/images/next.gif HTTP/1.1" 404 1086
222.70.180.90 - - [24/Jun/2023:09:15:55 +0800] "GET /xingrg/all/function/internal_message.html?_=1687569351555&CODE_STATE=getMsg HTTP/1.1" 302 -
101.83.145.52 - - [24/Jun/2023:09:15:56 +0800] "GET /xingrg/kc/print/load_data.html?order_code=212023062408685&kc_code=cgsh&condition= HTTP/1.1" 200 900
116.238.191.126 - - [24/Jun/2023:09:16:05 +0800] "POST /xingrg/kc/buy/cgsh_list_operate.html HTTP/1.1" 200 2859
116.238.191.126 - - [24/Jun/2023:09:16:08 +0800] "POST /xingrg/kc/buy/cgsh_list_operate.html HTTP/1.1" 200 422
116.238.191.126 - - [24/Jun/2023:09:16:14 +0800] "GET /xingrg/kc/buy/cgsh_order_info.html?code=212023062408682 HTTP/1.1" 200 66603
116.238.191.126 - - [24/Jun/2023:09:16:14 +0800] "GET /xingrg/javascript/easyui/themes/default/validatebox.css HTTP/1.1" 404 1104
116.238.191.126 - - [24/Jun/2023:09:16:15 +0800] "POST /xingrg/kc/buy/cgsh_order_operate.html HTTP/1.1" 200 2375
58.40.7.146 - - [24/Jun/2023:09:16:16 +0800] "GET /xingrg/all/function/internal_message.html?_=1687569376749&CODE_STATE=getMsg HTTP/1.1" 200 27
114.85.113.108 - - [24/Jun/2023:09:16:20 +0800] "GET /xingrg/all/function/internal_message.html?_=1687569377937&CODE_STATE=getMsg HTTP/1.1" 200 27
172.20.0.100 - - [24/Jun/2023:09:16:22 +0800] "GET /xingrg/all/function/internal_message.html?_=1687569382251&CODE_STATE=getMsg HTTP/1.1" 200 27
172.20.0.100 - - [24/Jun/2023:09:16:22 +0800] "GET /xingrg/check_reg.html?_=1687569382252 HTTP/1.1" 200 22
116.238.191.126 - - [24/Jun/2023:09:16:24 +0800] "POST /xingrg/kc/buy/cgsh_order_operate.html HTTP/1.1" 200 12
116.238.191.126 - - [24/Jun/2023:09:16:27 +0800] "GET /xingrg/kc/buy/cgsh_order_info.html?code=212023062408682 HTTP/1.1" 200 71699
116.238.191.126 - - [24/Jun/2023:09:16:27 +0800] "GET /xingrg/javascript/easyui/themes/default/validatebox.css HTTP/1.1" 404 1104
116.238.191.126 - - [24/Jun/2023:09:16:29 +0800] "POST /xingrg/kc/buy/cgsh_order_operate.html HTTP/1.1" 200 4425
180.162.231.188 - - [24/Jun/2023:09:16:30 +0800] "GET /xingrg/all/function/internal_message.html?_=1687569390606&CODE_STATE=getMsg HTTP/1.1" 200 27
101.83.145.52 - - [24/Jun/2023:09:16:32 +0800] "GET /xingrg/all/function/internal_message.html?_=1687569394881&CODE_STATE=getMsg HTTP/1.1" 200 27
124.77.245.69 - - [24/Jun/2023:09:16:32 +0800] "GET /xingrg/check_reg.html?_=1687569414380 HTTP/1.1" 200 22
124.77.245.69 - - [24/Jun/2023:09:16:33 +0800] "GET /xingrg/all/function/internal_message.html?_=1687569414838&CODE_STATE=getMsg HTTP/1.1" 200 27
222.69.131.199 - - [24/Jun/2023:09:16:35 +0800] "GET /xingrg/all/function/internal_message.html?_=1687569393563&CODE_STATE=getMsg HTTP/1.1" 200 27
222.69.132.13 - - [24/Jun/2023:09:16:35 +0800] "GET /xingrg/all/function/internal_message.html?_=1687569505489&CODE_STATE=getMsg HTTP/1.1" 200 27
124.79.241.217 - - [24/Jun/2023:09:16:35 +0800] "GET /xingrg/login.html HTTP/1.1" 200 7641
101.83.145.52 - - [24/Jun/2023:09:16:38 +0800] "GET /xingrg/all/function/internal_message.html?_=1687569220959&CODE_STATE=getMsg HTTP/1.1" 200 27
116.238.191.126 - - [24/Jun/2023:09:16:39 +0800] "GET /xingrg/all/function/internal_message.html?_=1687569324125&CODE_STATE=getMsg HTTP/1.1" 200 27
116.238.191.126 - - [24/Jun/2023:09:16:42 +0800] "POST /xingrg/kc/buy/cgsh_order_operate.html HTTP/1.1" 200 37
124.79.241.217 - - [24/Jun/2023:09:16:44 +0800] "GET /favicon.ico HTTP/1.1" 404 -
116.232.195.127 - - [24/Jun/2023:09:16:44 +0800] "GET /xingrg/all/function/internal_message.html?_=1687569397269&CODE_STATE=getMsg HTTP/1.1" 200 27
180.169.147.146 - - [24/Jun/2023:09:16:53 +0800] "GET /xingrg/all/function/internal_message.html?_=1687569415696&CODE_STATE=getMsg HTTP/1.1" 200 27
222.70.180.90 - - [24/Jun/2023:09:16:55 +0800] "GET /xingrg/all/function/internal_message.html?_=1687569411536&CODE_STATE=getMsg HTTP/1.1" 302 -
116.238.191.126 - - [24/Jun/2023:09:17:13 +0800] "POST /xingrg/kc/buy/cgsh_order_operate.html HTTP/1.1" 200 12
58.40.7.146 - - [24/Jun/2023:09:17:16 +0800] "GET /xingrg/all/function/internal_message.html?_=1687569436751&CODE_STATE=getMsg HTTP/1.1" 200 27
114.85.113.108 - - [24/Jun/2023:09:17:20 +0800] "GET /xingrg/all/function/internal_message.html?_=1687569437923&CODE_STATE=getMsg HTTP/1.1" 200 27
172.20.0.100 - - [24/Jun/2023:09:17:22 +0800] "GET /xingrg/all/function/internal_message.html?_=1687569442252&CODE_STATE=getMsg HTTP/1.1" 200 27
180.162.231.188 - - [24/Jun/2023:09:17:30 +0800] "GET /xingrg/all/function/internal_message.html?_=1687569450608&CODE_STATE=getMsg HTTP/1.1" 200 27
101.83.145.52 - - [24/Jun/2023:09:17:32 +0800] "GET /xingrg/check_reg.html?_=1687569454867 HTTP/1.1" 200 22
101.83.145.52 - - [24/Jun/2023:09:17:32 +0800] "GET /xingrg/all/function/internal_message.html?_=1687569454870&CODE_STATE=getMsg HTTP/1.1" 200 27
124.77.245.69 - - [24/Jun/2023:09:17:33 +0800] "GET /xingrg/all/function/internal_message.html?_=1687569474929&CODE_STATE=getMsg HTTP/1.1" 200 27
222.69.131.199 - - [24/Jun/2023:09:17:35 +0800] "GET /xingrg/all/function/internal_message.html?_=1687569453575&CODE_STATE=getMsg HTTP/1.1" 200 27
222.69.132.13 - - [24/Jun/2023:09:17:35 +0800] "GET /xingrg/all/function/internal_message.html?_=1687569565495&CODE_STATE=getMsg HTTP/1.1" 200 27
101.83.145.52 - - [24/Jun/2023:09:17:38 +0800] "GET /xingrg/all/function/internal_message.html?_=1687569280934&CODE_STATE=getMsg HTTP/1.1" 200 27
101.83.145.52 - - [24/Jun/2023:09:17:41 +0800] "GET /xingrg/kc/buy/cgsh_order_add.html HTTP/1.1" 200 71718
101.83.145.52 - - [24/Jun/2023:09:17:42 +0800] "POST /xingrg/kc/buy/cgsh_order_operate.html HTTP/1.1" 200 8245
101.83.145.52 - - [24/Jun/2023:09:17:42 +0800] "GET /xingrg/javascript/easyui/themes/default/validatebox.css HTTP/1.1" 404 1104
116.232.195.127 - - [24/Jun/2023:09:17:44 +0800] "GET /xingrg/all/function/internal_message.html?_=1687569457257&CODE_STATE=getMsg HTTP/1.1" 200 27
124.79.241.217 - - [24/Jun/2023:09:17:44 +0800] "POST /xingrg/login.do HTTP/1.1" 302 -
124.79.241.217 - - [24/Jun/2023:09:17:44 +0800] "GET /xingrg/index.html?sysBaseUrl=http%3A%2F%2F180.169.147.146%3A18081%2Fxingrg%2F&costTime=1474×tamp=1687569464528 HTTP/1.1" 200 17179
124.79.241.217 - - [24/Jun/2023:09:17:46 +0800] "POST /xingrg/login.do HTTP/1.1" 302 -
124.79.241.217 - - [24/Jun/2023:09:17:46 +0800] "GET /xingrg/index.html?sysBaseUrl=http%3A%2F%2F180.169.147.146%3A18081%2Fxingrg%2F&costTime=1525×tamp=1687569466266 HTTP/1.1" 200 17179
124.79.241.217 - - [24/Jun/2023:09:17:46 +0800] "GET /favicon.ico HTTP/1.1" 404 -
124.79.241.217 - - [24/Jun/2023:09:17:47 +0800] "POST /xingrg/all/common/load_tree.html?tree=area_rest_tree_json&manage=1 HTTP/1.1" 200 351
124.79.241.217 - - [24/Jun/2023:09:17:47 +0800] "GET /xingrg/check_reg.html?_=1687569750657 HTTP/1.1" 200 22
124.79.241.217 - - [24/Jun/2023:09:17:47 +0800] "GET /xingrg/all/function/internal_message.html?_=1687569750656&CODE_STATE=count HTTP/1.1" 200 11
124.79.241.217 - - [24/Jun/2023:09:17:48 +0800] "POST /xingrg/load_menu.html HTTP/1.1" 200 5138
116.238.191.126 - - [24/Jun/2023:09:17:49 +0800] "GET /xingrg/all/function/internal_message.html?_=1687569394014&CODE_STATE=getMsg HTTP/1.1" 200 27
116.238.191.126 - - [24/Jun/2023:09:17:50 +0800] "GET /xingrg/kc/buy/cgsh_order_info.html?code=212023062408682 HTTP/1.1" 200 66603
116.238.191.126 - - [24/Jun/2023:09:17:50 +0800] "GET /xingrg/javascript/easyui/themes/default/validatebox.css HTTP/1.1" 404 1104
116.238.191.126 - - [24/Jun/2023:09:17:52 +0800] "POST /xingrg/kc/buy/cgsh_order_operate.html HTTP/1.1" 200 2375
180.169.147.146 - - [24/Jun/2023:09:17:53 +0800] "GET /xingrg/all/function/internal_message.html?_=1687569475679&CODE_STATE=getMsg HTTP/1.1" 200 27
222.70.180.90 - - [24/Jun/2023:09:17:55 +0800] "GET /xingrg/all/function/internal_message.html?_=1687569471517&CODE_STATE=getMsg HTTP/1.1" 302 -
222.70.180.90 - - [24/Jun/2023:09:17:55 +0800] "GET /xingrg/check_reg.html?_=1687569471861 HTTP/1.1" 302 -
180.169.147.146 - - [24/Jun/2023:09:18:10 +0800] "GET /xingrg/check_reg.html?_=1687569492687 HTTP/1.1" 200 22
222.69.131.199 - - [24/Jun/2023:09:18:14 +0800] "GET /xingrg/kc/buy/cgsh_order_operate.html?command=get_materiel&rest_code=00149&code=00101004051&supplier_code=00100083&order_time=2023-06-24 HTTP/1.1" 200 408
58.40.7.146 - - [24/Jun/2023:09:18:16 +0800] "GET /xingrg/all/function/internal_message.html?_=1687569496739&CODE_STATE=getMsg HTTP/1.1" 200 27
114.85.113.108 - - [24/Jun/2023:09:18:20 +0800] "GET /xingrg/all/function/internal_message.html?_=1687569497912&CODE_STATE=getMsg HTTP/1.1" 200 27
172.20.0.100 - - [24/Jun/2023:09:18:22 +0800] "GET /xingrg/all/function/internal_message.html?_=1687569502252&CODE_STATE=getMsg HTTP/1.1" 200 27
222.69.131.199 - - [24/Jun/2023:09:18:26 +0800] "POST /xingrg/kc/buy/cgsh_order_operate.html HTTP/1.1" 200 37
180.162.231.188 - - [24/Jun/2023:09:18:30 +0800] "GET /xingrg/all/function/internal_message.html?_=1687569510616&CODE_STATE=getMsg HTTP/1.1" 200 27
180.162.231.188 - - [24/Jun/2023:09:18:30 +0800] "GET /xingrg/check_reg.html?_=1687569510621 HTTP/1.1" 200 22
101.83.145.52 - - [24/Jun/2023:09:18:32 +0800] "GET /xingrg/all/function/internal_message.html?_=1687569514871&CODE_STATE=getMsg HTTP/1.1" 200 27
124.77.245.69 - - [24/Jun/2023:09:18:33 +0800] "GET /xingrg/all/function/internal_message.html?_=1687569534943&CODE_STATE=getMsg HTTP/1.1" 200 27
101.83.145.52 - - [24/Jun/2023:09:18:33 +0800] "GET /xingrg/kc/buy/cgsh_order_operate.html?command=get_materiel&rest_code=00105&code=00101008230&supplier_code=00100203&order_time=2023-06-24 HTTP/1.1" 200 408
222.69.132.13 - - [24/Jun/2023:09:18:35 +0800] "GET /xingrg/all/function/internal_message.html?_=1687569625491&CODE_STATE=getMsg HTTP/1.1" 200 27
101.83.145.52 - - [24/Jun/2023:09:18:38 +0800] "GET /xingrg/all/function/internal_message.html?_=1687569340928&CODE_STATE=getMsg HTTP/1.1" 200 27
101.83.145.52 - - [24/Jun/2023:09:18:38 +0800] "GET /xingrg/check_reg.html?_=1687569341018 HTTP/1.1" 200 22
116.232.195.127 - - [24/Jun/2023:09:18:44 +0800] "GET /xingrg/all/function/internal_message.html?_=1687569517252&CODE_STATE=getMsg HTTP/1.1" 200 27
222.69.131.199 - - [24/Jun/2023:09:18:45 +0800] "POST /xingrg/kc/buy/cgsh_order_operate.html HTTP/1.1" 200 12
124.79.241.217 - - [24/Jun/2023:09:18:47 +0800] "GET /xingrg/all/function/internal_message.html?_=1687569810684&CODE_STATE=getMsg HTTP/1.1" 200 27
222.69.131.199 - - [24/Jun/2023:09:18:49 +0800] "GET /xingrg/kc/buy/cgsh_order_info.html?code=212023062408686 HTTP/1.1" 200 66631
222.69.131.199 - - [24/Jun/2023:09:18:49 +0800] "GET /xingrg/javascript/easyui/themes/default/validatebox.css HTTP/1.1" 404 1104
116.238.191.126 - - [24/Jun/2023:09:18:49 +0800] "GET /xingrg/all/function/internal_message.html?_=1687569454027&CODE_STATE=getMsg HTTP/1.1" 200 27
222.69.131.199 - - [24/Jun/2023:09:18:50 +0800] "POST /xingrg/kc/buy/cgsh_order_operate.html HTTP/1.1" 200 606
180.169.147.146 - - [24/Jun/2023:09:18:52 +0800] "GET /xingrg/all/function/internal_message.html?_=1687569535651&CODE_STATE=getMsg HTTP/1.1" 200 27
114.85.113.108 - - [24/Jun/2023:09:18:54 +0800] "GET /xingrg/check_reg.html?_=1687569532281 HTTP/1.1" 200 22
222.67.234.146 - - [24/Jun/2023:09:18:54 +0800] "GET /favicon.ico HTTP/1.1" 404 -
222.70.180.90 - - [24/Jun/2023:09:18:55 +0800] "GET /xingrg/all/function/internal_message.html?_=1687569531499&CODE_STATE=getMsg HTTP/1.1" 302 -
222.69.131.199 - - [24/Jun/2023:09:18:55 +0800] "GET /xingrg/kc/print/load_data.html?order_code=212023062408686&kc_code=cgsh&condition= HTTP/1.1" 200 709
222.67.234.146 - - [24/Jun/2023:09:18:59 +0800] "GET /xingrg/login.html HTTP/1.1" 200 7641
222.67.234.146 - - [24/Jun/2023:09:19:00 +0800] "GET /xingrg/images/blue/jxLogo.png HTTP/1.1" 200 6156
222.67.234.146 - - [24/Jun/2023:09:19:00 +0800] "GET /xingrg/images/blue/login_bg.png HTTP/1.1" 200 22101
222.67.234.146 - - [24/Jun/2023:09:19:00 +0800] "GET /xingrg/images/blue/hj.png HTTP/1.1" 200 1014
222.67.234.146 - - [24/Jun/2023:09:19:00 +0800] "GET /xingrg/images/blue/srbg.png HTTP/1.1" 200 138
222.67.234.146 - - [24/Jun/2023:09:19:00 +0800] "GET /favicon.ico HTTP/1.1" 404 -
222.67.234.146 - - [24/Jun/2023:09:19:05 +0800] "POST /xingrg/login.do HTTP/1.1" 302 -
222.67.234.146 - - [24/Jun/2023:09:19:05 +0800] "GET /xingrg/index.html?sysBaseUrl=http%3A%2F%2F180.169.147.146%3A18081%2Fxingrg%2F&costTime=1443×tamp=1687569545088 HTTP/1.1" 200 17179
222.67.234.146 - - [24/Jun/2023:09:19:05 +0800] "GET /xingrg/javascript/jquery_easy_ui/themes/default/easyui.css HTTP/1.1" 200 26500
222.67.234.146 - - [24/Jun/2023:09:19:05 +0800] "GET /xingrg/css/form.css HTTP/1.1" 200 893
222.67.234.146 - - [24/Jun/2023:09:19:05 +0800] "GET /xingrg/javascript/jquery-1.4.2.min.js HTTP/1.1" 200 72205
222.67.234.146 - - [24/Jun/2023:09:19:05 +0800] "GET /xingrg/javascript/jquery_easy_ui/easyui-lang-zh_CN.js HTTP/1.1" 200 1900
222.67.234.146 - - [24/Jun/2023:09:19:05 +0800] "GET /xingrg/javascript/jquery_easy_ui/jquery.easyui.min.js HTTP/1.1" 200 213662
222.67.234.146 - - [24/Jun/2023:09:19:05 +0800] "GET /xingrg/javascript/jquery_easy_ui/themes/icon.css HTTP/1.1" 200 3949
222.67.234.146 - - [24/Jun/2023:09:19:05 +0800] "GET /xingrg/javascript/jquery.form.js HTTP/1.1" 200 23110
222.67.234.146 - - [24/Jun/2023:09:19:05 +0800] "GET /xingrg/javascript/jquery.utils.js HTTP/1.1" 200 11805
222.67.234.146 - - [24/Jun/2023:09:19:05 +0800] "GET /xingrg/javascript/jquery.timers.js HTTP/1.1" 200 3532
222.67.234.146 - - [24/Jun/2023:09:19:05 +0800] "GET /favicon.ico HTTP/1.1" 404 -
222.67.234.146 - - [24/Jun/2023:09:19:05 +0800] "GET /xingrg/javascript/jquery_easy_ui/themes/icons/settle_new.png HTTP/1.1" 200 826
222.67.234.146 - - [24/Jun/2023:09:19:05 +0800] "GET /xingrg/images/blue/navBackgound.jpg HTTP/1.1" 200 12378
222.67.234.146 - - [24/Jun/2023:09:19:05 +0800] "GET /xingrg/all/function/internal_message.html?_=1687569035989&CODE_STATE=count HTTP/1.1" 200 11
222.67.234.146 - - [24/Jun/2023:09:19:05 +0800] "GET /xingrg/check_reg.html?_=1687569035991 HTTP/1.1" 200 22
222.67.234.146 - - [24/Jun/2023:09:19:05 +0800] "GET /xingrg/images/blue/pingpu.png HTTP/1.1" 200 231
222.67.234.146 - - [24/Jun/2023:09:19:05 +0800] "GET /xingrg/javascript/jquery_easy_ui/themes/default/images/tabs_leftarrow.png HTTP/1.1" 200 389
222.67.234.146 - - [24/Jun/2023:09:19:05 +0800] "GET /xingrg/javascript/jquery_easy_ui/themes/default/images/tabs_rightarrow.png HTTP/1.1" 200 395
222.67.234.146 - - [24/Jun/2023:09:19:05 +0800] "GET /xingrg/javascript/jquery_easy_ui/themes/default/images/panel_tool_collapse.gif HTTP/1.1" 200 246
222.67.234.146 - - [24/Jun/2023:09:19:05 +0800] "POST /xingrg/all/common/load_tree.html?tree=area_rest_tree_json&manage=1 HTTP/1.1" 200 351
222.67.234.146 - - [24/Jun/2023:09:19:05 +0800] "GET /xingrg/javascript/jquery_easy_ui/themes/default/images/tree_arrows.gif HTTP/1.1" 200 1043
222.67.234.146 - - [24/Jun/2023:09:19:05 +0800] "POST /xingrg/load_menu.html HTTP/1.1" 200 5138
222.67.234.146 - - [24/Jun/2023:09:19:06 +0800] "GET /xingrg/javascript/jquery_easy_ui/themes/default/images/tree_folder_open.gif HTTP/1.1" 200 956
222.67.234.146 - - [24/Jun/2023:09:19:06 +0800] "GET /xingrg/javascript/jquery_easy_ui/themes/icons/search_new.png HTTP/1.1" 200 586
222.67.234.146 - - [24/Jun/2023:09:19:06 +0800] "GET /xingrg/javascript/jquery_easy_ui/themes/icons/storage_new.png HTTP/1.1" 200 853
222.67.234.146 - - [24/Jun/2023:09:19:06 +0800] "GET /xingrg/javascript/jquery_easy_ui/themes/default/images/tree_folder.gif HTTP/1.1" 200 952
222.67.234.146 - - [24/Jun/2023:09:19:06 +0800] "GET /xingrg/javascript/jquery_easy_ui/themes/icons/forms_new.png HTTP/1.1" 200 350
222.67.234.146 - - [24/Jun/2023:09:19:06 +0800] "GET /xingrg/javascript/jquery_easy_ui/themes/default/images/tree_file.gif HTTP/1.1" 200 118
222.69.131.199 - - [24/Jun/2023:09:19:16 +0800] "GET /xingrg/kc/buy/cgsh_order_add.html HTTP/1.1" 200 71724
58.40.7.146 - - [24/Jun/2023:09:19:16 +0800] "GET /xingrg/all/function/internal_message.html?_=1687569556740&CODE_STATE=getMsg HTTP/1.1" 200 27
58.40.7.146 - - [24/Jun/2023:09:19:16 +0800] "GET /xingrg/check_reg.html?_=1687569556741 HTTP/1.1" 200 22
222.69.131.199 - - [24/Jun/2023:09:19:16 +0800] "POST /xingrg/kc/buy/cgsh_order_operate.html HTTP/1.1" 200 8245
222.69.131.199 - - [24/Jun/2023:09:19:16 +0800] "GET /xingrg/javascript/easyui/themes/default/validatebox.css HTTP/1.1" 404 1104
114.85.113.108 - - [24/Jun/2023:09:19:20 +0800] "GET /xingrg/all/function/internal_message.html?_=1687569557888&CODE_STATE=getMsg HTTP/1.1" 200 27
222.67.234.146 - - [24/Jun/2023:09:19:20 +0800] "GET /xingrg/kc/buy/buy_main.html HTTP/1.1" 200 12412
222.67.234.146 - - [24/Jun/2023:09:19:20 +0800] "GET /xingrg/javascript/jquery_easy_ui/themes/default/images/tabs_close.gif HTTP/1.1" 200 829
222.67.234.146 - - [24/Jun/2023:09:19:20 +0800] "GET /xingrg/css/new_ie.css HTTP/1.1" 404 1036
222.67.234.146 - - [24/Jun/2023:09:19:20 +0800] "GET /xingrg/javascript/jquery_ui/themes/humanity/humanity.css HTTP/1.1" 200 27801
222.67.234.146 - - [24/Jun/2023:09:19:20 +0800] "GET /xingrg/javascript/pic_change.js HTTP/1.1" 200 4739
222.67.234.146 - - [24/Jun/2023:09:19:20 +0800] "GET /xingrg/javascript/myfunction.js HTTP/1.1" 200 24559
222.67.234.146 - - [24/Jun/2023:09:19:20 +0800] "GET /xingrg/css/blue.css HTTP/1.1" 200 15949
222.67.234.146 - - [24/Jun/2023:09:19:20 +0800] "GET /xingrg/javascript/ToolTips.js HTTP/1.1" 200 5615
222.67.234.146 - - [24/Jun/2023:09:19:20 +0800] "GET /xingrg/javascript/jquery_ui/jquery-ui.min.js HTTP/1.1" 200 186181
222.67.234.146 - - [24/Jun/2023:09:19:20 +0800] "GET /xingrg/images/blue/button/cgydd.gif HTTP/1.1" 200 2712
222.67.234.146 - - [24/Jun/2023:09:19:20 +0800] "GET /xingrg/images/blue/button/cgshd.gif HTTP/1.1" 200 2618
222.67.234.146 - - [24/Jun/2023:09:19:20 +0800] "GET /xingrg/images/blue/button/cgfkd.gif HTTP/1.1" 200 2075
222.67.234.146 - - [24/Jun/2023:09:19:20 +0800] "GET /xingrg/images/blue/button/ckthd.gif HTTP/1.1" 200 2045
222.67.234.146 - - [24/Jun/2023:09:19:20 +0800] "GET /xingrg/images/blue/button/cgxqd.gif HTTP/1.1" 200 2619
222.67.234.146 - - [24/Jun/2023:09:19:20 +0800] "GET /xingrg/images/blue/pic_form2.gif HTTP/1.1" 200 1853
222.67.234.146 - - [24/Jun/2023:09:19:20 +0800] "GET /xingrg/images/blue/button/kc.gif HTTP/1.1" 200 2160
222.67.234.146 - - [24/Jun/2023:09:19:20 +0800] "GET /xingrg/javascript/jquery_ui/themes/humanity/images/ui-bg_inset-soft_100_f4f0ec_1x100.png HTTP/1.1" 200 141
222.67.234.146 - - [24/Jun/2023:09:19:20 +0800] "GET /xingrg/images/blue/bg_dotted.jpg HTTP/1.1" 200 319
222.67.234.146 - - [24/Jun/2023:09:19:20 +0800] "GET /xingrg/images/blue/button/right_ah.jpg HTTP/1.1" 200 1744
222.67.234.146 - - [24/Jun/2023:09:19:20 +0800] "GET /xingrg/images/blue/button/down_ah.jpg HTTP/1.1" 200 1732
222.67.234.146 - - [24/Jun/2023:09:19:21 +0800] "GET /xingrg/javascript/jquery_ui/themes/humanity/images/ui-iconsnew.jpg HTTP/1.1" 200 337
222.67.234.146 - - [24/Jun/2023:09:19:21 +0800] "GET /xingrg/javascript/jquery_ui/themes/humanity/images/ui-icons_ffffff_256x240.png HTTP/1.1" 200 4369
222.67.234.146 - - [24/Jun/2023:09:19:21 +0800] "GET /xingrg/javascript/jquery_ui/themes/humanity/images/ui-icons_c47a23_256x240.png HTTP/1.1" 200 5355
222.67.234.146 - - [24/Jun/2023:09:19:21 +0800] "GET /xingrg/javascript/jquery_ui/themes/humanity/images/ui-bg_glass_70_ede4d4_1x400.png HTTP/1.1" 200 161
222.67.234.146 - - [24/Jun/2023:09:19:22 +0800] "GET /xingrg/images/yd/bt.gif HTTP/1.1" 404 1040
172.20.0.100 - - [24/Jun/2023:09:19:22 +0800] "GET /xingrg/all/function/internal_message.html?_=1687569562251&CODE_STATE=getMsg HTTP/1.1" 200 27
222.67.234.146 - - [24/Jun/2023:09:19:23 +0800] "GET /xingrg/kc/buy/cgsh_order_list.html HTTP/1.1" 200 55860
222.67.234.146 - - [24/Jun/2023:09:19:23 +0800] "GET /xingrg/css/base.css HTTP/1.1" 200 2811
222.67.234.146 - - [24/Jun/2023:09:19:23 +0800] "GET /xingrg/css/site.css HTTP/1.1" 200 7541
222.67.234.146 - - [24/Jun/2023:09:19:23 +0800] "GET /xingrg/javascript/easyui/themes/default/easyui.css HTTP/1.1" 200 30432
222.67.234.146 - - [24/Jun/2023:09:19:23 +0800] "GET /xingrg/javascript/jquery_tools/datebox.css HTTP/1.1" 200 2597
222.67.234.146 - - [24/Jun/2023:09:19:23 +0800] "GET /xingrg/javascript/easyui/themes/icon.css HTTP/1.1" 200 4483
222.67.234.146 - - [24/Jun/2023:09:19:23 +0800] "GET /xingrg/javascript/auto/jquery.autocomplete.css HTTP/1.1" 200 587
222.67.234.146 - - [24/Jun/2023:09:19:23 +0800] "GET /xingrg/javascript/jquery_tools/fix.css HTTP/1.1" 200 1702
222.67.234.146 - - [24/Jun/2023:09:19:23 +0800] "GET /xingrg/javascript/jquery_tools/table.css HTTP/1.1" 200 1032
222.67.234.146 - - [24/Jun/2023:09:19:23 +0800] "GET /xingrg/javascript/jquery_tools/jquery.tools.min.js HTTP/1.1" 200 138801
222.67.234.146 - - [24/Jun/2023:09:19:23 +0800] "GET /xingrg/javascript/jquery_tools/jquery.tools.extend.js HTTP/1.1" 200 15385
222.67.234.146 - - [24/Jun/2023:09:19:23 +0800] "GET /xingrg/javascript/jquery_tools/jquery.tools.table.js HTTP/1.1" 200 6994
222.67.234.146 - - [24/Jun/2023:09:19:23 +0800] "GET /xingrg/javascript/jquery_tools/list_manager.js HTTP/1.1" 200 3652
222.67.234.146 - - [24/Jun/2023:09:19:23 +0800] "GET /xingrg/javascript/jquery.cookie.js HTTP/1.1" 200 5513
222.67.234.146 - - [24/Jun/2023:09:19:23 +0800] "GET /xingrg/javascript/easyui/easyloader.js HTTP/1.1" 200 5975
222.67.234.146 - - [24/Jun/2023:09:19:23 +0800] "GET /xingrg/javascript/print/LodopFuncs.js HTTP/1.1" 200 5121
222.67.234.146 - - [24/Jun/2023:09:19:23 +0800] "GET /xingrg/javascript/auto/jquery.autocomplete.js HTTP/1.1" 200 21624
222.67.234.146 - - [24/Jun/2023:09:19:23 +0800] "GET /xingrg/javascript/jquery_tools/jquery.tools.hotkey.js HTTP/1.1" 200 3242
222.67.234.146 - - [24/Jun/2023:09:19:24 +0800] "GET /xingrg/javascript/easyui/plugins/jquery.parser.js HTTP/1.1" 200 1142
222.67.234.146 - - [24/Jun/2023:09:19:24 +0800] "GET /xingrg/images/control/ajaxLoader.gif HTTP/1.1" 200 4659
222.67.234.146 - - [24/Jun/2023:09:19:24 +0800] "GET /xingrg/javascript/easyui/themes/icons/import_new.png HTTP/1.1" 200 1247
222.67.234.146 - - [24/Jun/2023:09:19:24 +0800] "GET /xingrg/javascript/easyui/themes/icons/field_new.png HTTP/1.1" 200 1097
222.67.234.146 - - [24/Jun/2023:09:19:24 +0800] "GET /xingrg/javascript/easyui/themes/icons/check_new.png HTTP/1.1" 200 3224
222.67.234.146 - - [24/Jun/2023:09:19:24 +0800] "GET /xingrg/javascript/easyui/themes/icons/cance_new.png HTTP/1.1" 200 3986
222.67.234.146 - - [24/Jun/2023:09:19:24 +0800] "GET /xingrg/javascript/easyui/themes/icons/edit_add_new.png HTTP/1.1" 200 2997
222.67.234.146 - - [24/Jun/2023:09:19:26 +0800] "POST /xingrg/kc/buy/cgsh_list_operate.html HTTP/1.1" 200 986
101.83.145.52 - - [24/Jun/2023:09:19:26 +0800] "GET /xingrg/kc/buy/cgsh_order_operate.html?command=get_materiel&rest_code=00105&code=00101008036&supplier_code=00100203&order_time=2023-06-24 HTTP/1.1" 200 408
222.67.234.146 - - [24/Jun/2023:09:19:28 +0800] "GET /xingrg/javascript/easyui/themes/default/images/button_plain_hover.png HTTP/1.1" 200 144
222.67.234.146 - - [24/Jun/2023:09:19:30 +0800] "GET /xingrg/kc/buy/cgsh_order_add.html HTTP/1.1" 200 71636
222.67.234.146 - - [24/Jun/2023:09:19:30 +0800] "GET /xingrg/javascript/jquery_tools/order_manager.js HTTP/1.1" 200 11183
222.67.234.146 - - [24/Jun/2023:09:19:30 +0800] "GET /xingrg/javascript/json2.js HTTP/1.1" 200 11259
222.67.234.146 - - [24/Jun/2023:09:19:30 +0800] "GET /xingrg/javascript/convert.js HTTP/1.1" 200 1239
222.67.234.146 - - [24/Jun/2023:09:19:30 +0800] "GET /xingrg/javascript/print/kc_print.js HTTP/1.1" 200 11415
222.67.234.146 - - [24/Jun/2023:09:19:30 +0800] "GET /xingrg/words/20230623125100_words.js HTTP/1.1" 200 970037
222.67.234.146 - - [24/Jun/2023:09:19:30 +0800] "GET /xingrg/javascript/easyui/themes/icons/ok.png HTTP/1.1" 200 883
222.67.234.146 - - [24/Jun/2023:09:19:30 +0800] "GET /xingrg/javascript/easyui/themes/icons/print.png HTTP/1.1" 200 1057
222.67.234.146 - - [24/Jun/2023:09:19:30 +0800] "GET /xingrg/javascript/easyui/themes/icons/copy_new.png HTTP/1.1" 200 815
222.67.234.146 - - [24/Jun/2023:09:19:30 +0800] "GET /xingrg/javascript/easyui/themes/default/images/menu_downarrow.png HTTP/1.1" 200 173
222.67.234.146 - - [24/Jun/2023:09:19:30 +0800] "GET /xingrg/javascript/easyui/themes/icons/cancel.png HTTP/1.1" 200 1133
222.67.234.146 - - [24/Jun/2023:09:19:30 +0800] "GET /xingrg/javascript/easyui/themes/icons/template_new.png HTTP/1.1" 200 3956
222.67.234.146 - - [24/Jun/2023:09:19:30 +0800] "POST /xingrg/kc/buy/cgsh_order_operate.html HTTP/1.1" 200 8245
180.162.231.188 - - [24/Jun/2023:09:19:30 +0800] "GET /xingrg/all/function/internal_message.html?_=1687569570617&CODE_STATE=getMsg HTTP/1.1" 200 27
222.67.234.146 - - [24/Jun/2023:09:19:30 +0800] "GET /xingrg/javascript/easyui/plugins/jquery.validatebox.js HTTP/1.1" 200 6103
222.67.234.146 - - [24/Jun/2023:09:19:30 +0800] "GET /xingrg/javascript/easyui/themes/default/validatebox.css HTTP/1.1" 404 1104
222.67.234.146 - - [24/Jun/2023:09:19:30 +0800] "GET /xingrg/all/common/auto_word.html?type=employee&rest_code=00141 HTTP/1.1" 200 201
222.67.234.146 - - [24/Jun/2023:09:19:30 +0800] "GET /xingrg/javascript/easyui/themes/icons/edit_remove.png HTTP/1.1" 200 625
222.67.234.146 - - [24/Jun/2023:09:19:30 +0800] "GET /xingrg/javascript/easyui/plugins/jquery.numberbox.js HTTP/1.1" 200 5213
222.67.234.146 - - [24/Jun/2023:09:19:30 +0800] "GET /xingrg/all/common/auto_word.html?type=employee&rest_code=00141 HTTP/1.1" 200 201
222.69.131.199 - - [24/Jun/2023:09:19:31 +0800] "GET /xingrg/kc/buy/cgsh_order_operate.html?command=get_materiel&rest_code=00149&code=00101011005&supplier_code=00100051&order_time=2023-06-24 HTTP/1.1" 200 428
101.83.145.52 - - [24/Jun/2023:09:19:32 +0800] "GET /xingrg/all/function/internal_message.html?_=1687569574872&CODE_STATE=getMsg HTTP/1.1" 200 27
124.77.245.69 - - [24/Jun/2023:09:19:33 +0800] "GET /xingrg/all/function/internal_message.html?_=1687569595033&CODE_STATE=getMsg HTTP/1.1" 200 27
222.69.131.199 - - [24/Jun/2023:09:19:35 +0800] "GET /xingrg/all/function/internal_message.html?_=1687569573582&CODE_STATE=getMsg HTTP/1.1" 200 27
222.69.132.13 - - [24/Jun/2023:09:19:35 +0800] "GET /xingrg/all/function/internal_message.html?_=1687569685486&CODE_STATE=getMsg HTTP/1.1" 200 27
222.69.132.13 - - [24/Jun/2023:09:19:35 +0800] "GET /xingrg/check_reg.html?_=1687569685495 HTTP/1.1" 200 22
101.83.145.52 - - [24/Jun/2023:09:19:38 +0800] "GET /xingrg/all/function/internal_message.html?_=1687569400915&CODE_STATE=getMsg HTTP/1.1" 200 27
116.232.195.127 - - [24/Jun/2023:09:19:44 +0800] "GET /xingrg/all/function/internal_message.html?_=1687569577252&CODE_STATE=getMsg HTTP/1.1" 200 27
116.232.195.127 - - [24/Jun/2023:09:19:44 +0800] "GET /xingrg/check_reg.html?_=1687569577255 HTTP/1.1" 200 22
222.69.131.199 - - [24/Jun/2023:09:19:47 +0800] "GET /xingrg/kc/buy/cgsh_order_operate.html?command=get_materiel&rest_code=00149&code=00101011003&supplier_code=00100051&order_time=2023-06-24 HTTP/1.1" 200 413
124.79.241.217 - - [24/Jun/2023:09:19:47 +0800] "GET /xingrg/all/function/internal_message.html?_=1687569870668&CODE_STATE=getMsg HTTP/1.1" 200 27
116.238.191.126 - - [24/Jun/2023:09:19:49 +0800] "GET /xingrg/all/function/internal_message.html?_=1687569514042&CODE_STATE=getMsg HTTP/1.1" 200 27
101.83.145.52 - - [24/Jun/2023:09:19:52 +0800] "GET /xingrg/kc/buy/cgsh_order_operate.html?command=get_materiel&rest_code=00105&code=00101008275&supplier_code=00100203&order_time=2023-06-24 HTTP/1.1" 200 416
180.169.147.146 - - [24/Jun/2023:09:19:52 +0800] "GET /xingrg/all/function/internal_message.html?_=1687569595635&CODE_STATE=getMsg HTTP/1.1" 200 27
222.70.180.90 - - [24/Jun/2023:09:19:55 +0800] "GET /xingrg/all/function/internal_message.html?_=1687569591473&CODE_STATE=getMsg HTTP/1.1" 302 -
222.67.234.146 - - [24/Jun/2023:09:19:58 +0800] "GET /xingrg/javascript/jquery_easy_ui/themes/default/images/tabs_active.png HTTP/1.1" 200 2894
222.67.234.146 - - [24/Jun/2023:09:19:59 +0800] "GET /xingrg/javascript/jquery_easy_ui/themes/icons/area.png HTTP/1.1" 200 262
222.67.234.146 - - [24/Jun/2023:09:19:59 +0800] "GET /xingrg/javascript/jquery_easy_ui/themes/icons/rest.png HTTP/1.1" 200 695
222.69.131.199 - - [24/Jun/2023:09:20:05 +0800] "POST /xingrg/kc/buy/cgsh_order_operate.html HTTP/1.1" 200 37
222.67.234.146 - - [24/Jun/2023:09:20:05 +0800] "GET /xingrg/all/function/internal_message.html?_=1687569096021&CODE_STATE=getMsg HTTP/1.1" 200 27
222.67.234.146 - - [24/Jun/2023:09:20:07 +0800] "GET /xingrg/javascript/auto/indicator.gif HTTP/1.1" 404 1066
222.67.234.146 - - [24/Jun/2023:09:20:08 +0800] "GET /xingrg/javascript/jquery_tools/images/prev.gif HTTP/1.1" 404 1086
222.67.234.146 - - [24/Jun/2023:09:20:08 +0800] "GET /xingrg/javascript/jquery_tools/images/next.gif HTTP/1.1" 404 1086
222.69.131.199 - - [24/Jun/2023:09:20:13 +0800] "POST /xingrg/kc/buy/cgsh_order_operate.html HTTP/1.1" 200 12
58.40.7.146 - - [24/Jun/2023:09:20:16 +0800] "GET /xingrg/all/function/internal_message.html?_=1687569616742&CODE_STATE=getMsg HTTP/1.1" 200 27
114.85.113.108 - - [24/Jun/2023:09:20:20 +0800] "GET /xingrg/all/function/internal_message.html?_=1687569617858&CODE_STATE=getMsg HTTP/1.1" 200 27
222.69.131.199 - - [24/Jun/2023:09:20:20 +0800] "GET /xingrg/kc/buy/cgsh_order_info.html?code=212023062408687 HTTP/1.1" 200 66633
222.69.131.199 - - [24/Jun/2023:09:20:20 +0800] "GET /xingrg/javascript/easyui/themes/default/validatebox.css HTTP/1.1" 404 1104
222.69.131.199 - - [24/Jun/2023:09:20:22 +0800] "POST /xingrg/kc/buy/cgsh_order_operate.html HTTP/1.1" 200 1198
222.67.234.146 - - [24/Jun/2023:09:20:22 +0800] "GET /xingrg/kc/buy/cgsh_order_operate.html?command=get_materiel&rest_code=00141&code=00101028016&supplier_code=00100017&order_time=2023-06-24 HTTP/1.1" 200 447
172.20.0.100 - - [24/Jun/2023:09:20:22 +0800] "GET /xingrg/all/function/internal_message.html?_=1687569622252&CODE_STATE=getMsg HTTP/1.1" 200 27
222.69.131.199 - - [24/Jun/2023:09:20:24 +0800] "GET /xingrg/kc/print/load_data.html?order_code=212023062408687&kc_code=cgsh&condition= HTTP/1.1" 200 949
180.162.231.188 - - [24/Jun/2023:09:20:30 +0800] "GET /xingrg/all/function/internal_message.html?_=1687569630613&CODE_STATE=getMsg HTTP/1.1" 200 27
101.83.145.52 - - [24/Jun/2023:09:20:32 +0800] "GET /xingrg/all/function/internal_message.html?_=1687569634873&CODE_STATE=getMsg HTTP/1.1" 200 27
124.77.245.69 - - [24/Jun/2023:09:20:33 +0800] "GET /xingrg/all/function/internal_message.html?_=1687569655048&CODE_STATE=getMsg HTTP/1.1" 200 27
222.69.131.199 - - [24/Jun/2023:09:20:33 +0800] "GET /xingrg/kc/buy/cgsh_order_add.html HTTP/1.1" 200 71724
222.69.131.199 - - [24/Jun/2023:09:20:34 +0800] "POST /xingrg/kc/buy/cgsh_order_operate.html HTTP/1.1" 200 8245
222.69.131.199 - - [24/Jun/2023:09:20:34 +0800] "GET /xingrg/javascript/easyui/themes/default/validatebox.css HTTP/1.1" 404 1104
222.69.131.199 - - [24/Jun/2023:09:20:35 +0800] "GET /xingrg/all/function/internal_message.html?_=1687569633574&CODE_STATE=getMsg HTTP/1.1" 200 27
222.69.131.199 - - [24/Jun/2023:09:20:35 +0800] "GET /xingrg/check_reg.html?_=1687569633579 HTTP/1.1" 200 22
222.69.132.13 - - [24/Jun/2023:09:20:35 +0800] "GET /xingrg/all/function/internal_message.html?_=1687569745487&CODE_STATE=getMsg HTTP/1.1" 200 27
222.67.234.146 - - [24/Jun/2023:09:20:38 +0800] "GET /xingrg/kc/buy/cgsh_order_operate.html?command=get_materiel&rest_code=00141&code=00101028012&supplier_code=00100017&order_time=2023-06-24 HTTP/1.1" 200 456
101.83.145.52 - - [24/Jun/2023:09:20:38 +0800] "GET /xingrg/all/function/internal_message.html?_=1687569460909&CODE_STATE=getMsg HTTP/1.1" 200 27
101.83.145.52 - - [24/Jun/2023:09:20:39 +0800] "GET /xingrg/kc/buy/cgsh_order_operate.html?command=get_materiel&rest_code=00105&code=00101008256&supplier_code=00100203&order_time=2023-06-24 HTTP/1.1" 200 413
116.238.191.126 - - [24/Jun/2023:09:20:39 +0800] "GET /xingrg/check_reg.html?_=1687569564122 HTTP/1.1" 200 22
116.232.195.127 - - [24/Jun/2023:09:20:44 +0800] "GET /xingrg/all/function/internal_message.html?_=1687569637263&CODE_STATE=getMsg HTTP/1.1" 200 27
124.79.241.217 - - [24/Jun/2023:09:20:47 +0800] "GET /xingrg/all/function/internal_message.html?_=1687569930666&CODE_STATE=getMsg HTTP/1.1" 200 27
116.238.191.126 - - [24/Jun/2023:09:20:49 +0800] "GET /xingrg/all/function/internal_message.html?_=1687569574055&CODE_STATE=getMsg HTTP/1.1" 200 27
222.67.234.146 - - [24/Jun/2023:09:20:50 +0800] "GET /xingrg/kc/buy/cgsh_order_operate.html?command=get_materiel&rest_code=00141&code=00101029017&supplier_code=00100017&order_time=2023-06-24 HTTP/1.1" 200 448
180.169.147.146 - - [24/Jun/2023:09:20:52 +0800] "GET /xingrg/all/function/internal_message.html?_=1687569655619&CODE_STATE=getMsg HTTP/1.1" 200 27
222.70.180.90 - - [24/Jun/2023:09:20:55 +0800] "GET /xingrg/all/function/internal_message.html?_=1687569651446&CODE_STATE=getMsg HTTP/1.1" 302 -
222.67.234.146 - - [24/Jun/2023:09:21:02 +0800] "GET /xingrg/kc/buy/cgsh_order_operate.html?command=get_materiel&rest_code=00141&code=00101029005&supplier_code=00100017&order_time=2023-06-24 HTTP/1.1" 200 436
222.67.234.146 - - [24/Jun/2023:09:21:05 +0800] "GET /xingrg/all/function/internal_message.html?_=1687569156033&CODE_STATE=getMsg HTTP/1.1" 200 27
222.67.234.146 - - [24/Jun/2023:09:21:16 +0800] "POST /xingrg/kc/buy/cgsh_order_operate.html HTTP/1.1" 200 37
58.40.7.146 - - [24/Jun/2023:09:21:16 +0800] "GET /xingrg/all/function/internal_message.html?_=1687569676752&CODE_STATE=getMsg HTTP/1.1" 200 27
114.85.113.108 - - [24/Jun/2023:09:21:20 +0800] "GET /xingrg/all/function/internal_message.html?_=1687569677843&CODE_STATE=getMsg HTTP/1.1" 200 27
172.20.0.100 - - [24/Jun/2023:09:21:22 +0800] "GET /xingrg/all/function/internal_message.html?_=1687569682251&CODE_STATE=getMsg HTTP/1.1" 200 27
172.20.0.100 - - [24/Jun/2023:09:21:22 +0800] "GET /xingrg/check_reg.html?_=1687569682251 HTTP/1.1" 200 22
222.67.234.146 - - [24/Jun/2023:09:21:29 +0800] "POST /xingrg/kc/buy/cgsh_order_operate.html HTTP/1.1" 200 12
180.162.231.188 - - [24/Jun/2023:09:21:30 +0800] "GET /xingrg/all/function/internal_message.html?_=1687569690608&CODE_STATE=getMsg HTTP/1.1" 200 27
101.83.145.52 - - [24/Jun/2023:09:21:32 +0800] "GET /xingrg/all/function/internal_message.html?_=1687569694874&CODE_STATE=getMsg HTTP/1.1" 200 27
124.77.245.69 - - [24/Jun/2023:09:21:33 +0800] "GET /xingrg/check_reg.html?_=1687569714462 HTTP/1.1" 200 22
124.77.245.69 - - [24/Jun/2023:09:21:33 +0800] "GET /xingrg/all/function/internal_message.html?_=1687569715062&CODE_STATE=getMsg HTTP/1.1" 200 27
222.67.234.146 - - [24/Jun/2023:09:21:33 +0800] "GET /xingrg/kc/buy/cgsh_order_info.html?code=212023062408688 HTTP/1.1" 200 66543
222.67.234.146 - - [24/Jun/2023:09:21:34 +0800] "GET /xingrg/javascript/easyui/themes/default/validatebox.css HTTP/1.1" 404 1104
222.69.131.199 - - [24/Jun/2023:09:21:34 +0800] "GET /xingrg/all/function/internal_message.html?_=1687569693549&CODE_STATE=getMsg HTTP/1.1" 200 27
222.67.234.146 - - [24/Jun/2023:09:21:35 +0800] "POST /xingrg/kc/buy/cgsh_order_operate.html HTTP/1.1" 200 2502
222.69.132.13 - - [24/Jun/2023:09:21:35 +0800] "GET /xingrg/all/function/internal_message.html?_=1687569805498&CODE_STATE=getMsg HTTP/1.1" 200 27
101.83.145.52 - - [24/Jun/2023:09:21:38 +0800] "GET /xingrg/all/function/internal_message.html?_=1687569520892&CODE_STATE=getMsg HTTP/1.1" 200 27
116.232.195.127 - - [24/Jun/2023:09:21:44 +0800] "GET /xingrg/all/function/internal_message.html?_=1687569697264&CODE_STATE=getMsg HTTP/1.1" 200 27
124.79.241.217 - - [24/Jun/2023:09:21:47 +0800] "GET /xingrg/all/function/internal_message.html?_=1687569990664&CODE_STATE=getMsg HTTP/1.1" 200 27
116.238.191.126 - - [24/Jun/2023:09:21:49 +0800] "GET /xingrg/all/function/internal_message.html?_=1687569634069&CODE_STATE=getMsg HTTP/1.1" 200 27
116.232.195.127 - - [24/Jun/2023:09:21:49 +0800] "POST /xingrg/services/DataTransmitService HTTP/1.1" 200 524
180.169.147.146 - - [24/Jun/2023:09:21:52 +0800] "GET /xingrg/all/function/internal_message.html?_=1687569715628&CODE_STATE=getMsg HTTP/1.1" 200 27
222.67.234.146 - - [24/Jun/2023:09:21:54 +0800] "GET /xingrg/kc/print/load_config.html?kc_code=cgsh HTTP/1.1" 200 1924
222.70.180.90 - - [24/Jun/2023:09:21:55 +0800] "GET /xingrg/all/function/internal_message.html?_=1687569711415&CODE_STATE=getMsg HTTP/1.1" 302 -
222.67.234.146 - - [24/Jun/2023:09:21:55 +0800] "GET /xingrg/kc/print/load_data.html?order_code=212023062408688&kc_code=cgsh&condition= HTTP/1.1" 200 1563
116.238.191.126 - - [24/Jun/2023:09:21:58 +0800] "POST /xingrg/all/user/operate.html HTTP/1.1" 200 36
116.238.191.126 - - [24/Jun/2023:09:21:58 +0800] "GET /xingrg/index.html?sysBaseUrl=http%3A%2F%2F180.169.147.146%3A18081%2Fxingrg%2F&costTime=1491×tamp=1687566924427 HTTP/1.1" 200 17177
116.238.191.126 - - [24/Jun/2023:09:21:58 +0800] "GET /xingrg/javascript/jquery_easy_ui/themes/default/easyui.css HTTP/1.1" 304 -
116.238.191.126 - - [24/Jun/2023:09:21:58 +0800] "GET /xingrg/javascript/jquery_easy_ui/themes/icon.css HTTP/1.1" 304 -
116.238.191.126 - - [24/Jun/2023:09:21:58 +0800] "GET /xingrg/css/form.css HTTP/1.1" 304 -
116.238.191.126 - - [24/Jun/2023:09:21:58 +0800] "GET /xingrg/javascript/jquery-1.4.2.min.js HTTP/1.1" 304 -
116.238.191.126 - - [24/Jun/2023:09:21:59 +0800] "GET /xingrg/javascript/jquery_easy_ui/jquery.easyui.min.js HTTP/1.1" 304 -
116.238.191.126 - - [24/Jun/2023:09:21:59 +0800] "GET /xingrg/javascript/jquery_easy_ui/easyui-lang-zh_CN.js HTTP/1.1" 304 -
116.238.191.126 - - [24/Jun/2023:09:21:59 +0800] "GET /xingrg/javascript/jquery.form.js HTTP/1.1" 304 -
116.238.191.126 - - [24/Jun/2023:09:21:59 +0800] "GET /xingrg/javascript/jquery.utils.js HTTP/1.1" 304 -
116.238.191.126 - - [24/Jun/2023:09:21:59 +0800] "GET /xingrg/javascript/jquery.timers.js HTTP/1.1" 304 -
116.238.191.126 - - [24/Jun/2023:09:21:59 +0800] "GET /xingrg/images/blue/jxLogo.png HTTP/1.1" 304 -
116.238.191.126 - - [24/Jun/2023:09:21:59 +0800] "GET /xingrg/images/blue/navBackgound.jpg HTTP/1.1" 304 -
116.238.191.126 - - [24/Jun/2023:09:21:59 +0800] "GET /xingrg/javascript/jquery_easy_ui/themes/icons/settle_new.png HTTP/1.1" 304 -
116.238.191.126 - - [24/Jun/2023:09:21:59 +0800] "GET /xingrg/images/blue/pingpu.png HTTP/1.1" 304 -
116.238.191.126 - - [24/Jun/2023:09:21:59 +0800] "GET /xingrg/javascript/jquery_easy_ui/themes/default/images/tabs_leftarrow.png HTTP/1.1" 304 -
116.238.191.126 - - [24/Jun/2023:09:21:59 +0800] "GET /xingrg/javascript/jquery_easy_ui/themes/default/images/tabs_rightarrow.png HTTP/1.1" 304 -
116.238.191.126 - - [24/Jun/2023:09:21:59 +0800] "GET /xingrg/javascript/jquery_easy_ui/themes/default/images/panel_tool_collapse.gif HTTP/1.1" 304 -
116.238.191.126 - - [24/Jun/2023:09:21:59 +0800] "GET /xingrg/all/function/internal_message.html?_=1687569643573&CODE_STATE=count HTTP/1.1" 200 11
