218.81.73.96 - - [24/Jun/2023:09:49:56 +0800] "GET /xingrg/login.html HTTP/1.1" 200 7641
116.238.191.126 - - [24/Jun/2023:09:49:59 +0800] "GET /xingrg/all/function/internal_message.html?_=1687571323950&CODE_STATE=getMsg HTTP/1.1" 200 27
61.170.233.201 - - [24/Jun/2023:09:50:00 +0800] "GET /xingrg/all/function/internal_message.html?_=1687571395820&CODE_STATE=getMsg HTTP/1.1" 200 27
218.81.73.96 - - [24/Jun/2023:09:50:01 +0800] "GET /xingrg/all/function/internal_message.html?_=1687571402594&CODE_STATE=getMsg HTTP/1.1" 200 27
222.67.234.146 - - [24/Jun/2023:09:50:02 +0800] "GET /xingrg/kc/buy/cgsh_order_operate.html?command=get_materiel&rest_code=00141&code=00101008005&supplier_code=00100007&order_time=2023-06-24 HTTP/1.1" 200 412
180.163.30.27 - - [24/Jun/2023:09:50:03 +0800] "GET /xingrg/all/function/internal_message.html?_=1687571335850&CODE_STATE=getMsg HTTP/1.1" 302 -
180.163.30.27 - - [24/Jun/2023:09:50:03 +0800] "GET /xingrg/login.html HTTP/1.1" 200 7641
124.77.245.69 - - [24/Jun/2023:09:50:16 +0800] "POST /xingrg/kc/buy/cgsh_order_operate.html HTTP/1.1" 200 37
58.40.7.146 - - [24/Jun/2023:09:50:16 +0800] "GET /xingrg/all/function/internal_message.html?_=1687571416757&CODE_STATE=getMsg HTTP/1.1" 200 27
222.67.234.146 - - [24/Jun/2023:09:50:18 +0800] "GET /xingrg/kc/buy/cgsh_order_operate.html?command=get_materiel&rest_code=00141&code=00101008041&supplier_code=00100007&order_time=2023-06-24 HTTP/1.1" 200 408
114.85.113.108 - - [24/Jun/2023:09:50:19 +0800] "GET /xingrg/all/function/internal_message.html?_=1687571417268&CODE_STATE=getMsg HTTP/1.1" 200 27
222.70.180.90 - - [24/Jun/2023:09:50:20 +0800] "GET /xingrg/all/function/internal_message.html?_=1687571416831&CODE_STATE=getMsg HTTP/1.1" 200 27
172.20.0.100 - - [24/Jun/2023:09:50:22 +0800] "GET /xingrg/all/function/internal_message.html?_=1687571422252&CODE_STATE=getMsg HTTP/1.1" 200 27
124.77.245.69 - - [24/Jun/2023:09:50:24 +0800] "POST /xingrg/kc/buy/cgsh_order_operate.html HTTP/1.1" 200 6801
222.67.234.146 - - [24/Jun/2023:09:50:26 +0800] "GET /xingrg/all/function/internal_message.html?_=1687570917249&CODE_STATE=getMsg HTTP/1.1" 200 27
124.77.245.69 - - [24/Jun/2023:09:50:27 +0800] "GET /xingrg/kc/print/load_data.html?order_code=212023062408705&kc_code=cgsh&condition= HTTP/1.1" 200 2261
222.67.234.146 - - [24/Jun/2023:09:50:27 +0800] "GET /xingrg/kc/buy/cgsh_order_operate.html?command=get_materiel&rest_code=00141&code=00101009018&supplier_code=00100007&order_time=2023-06-24 HTTP/1.1" 200 409
180.162.231.188 - - [24/Jun/2023:09:50:30 +0800] "GET /xingrg/all/function/internal_message.html?_=1687571430465&CODE_STATE=getMsg HTTP/1.1" 200 27
101.83.145.52 - - [24/Jun/2023:09:50:32 +0800] "GET /xingrg/all/function/internal_message.html?_=1687571434891&CODE_STATE=getMsg HTTP/1.1" 200 27
124.77.245.69 - - [24/Jun/2023:09:50:34 +0800] "GET /xingrg/all/function/internal_message.html?_=1687571455845&CODE_STATE=getMsg HTTP/1.1" 200 27
222.69.132.13 - - [24/Jun/2023:09:50:35 +0800] "GET /xingrg/all/function/internal_message.html?_=1687571545484&CODE_STATE=getMsg HTTP/1.1" 200 27
222.67.234.146 - - [24/Jun/2023:09:50:37 +0800] "GET /xingrg/kc/buy/cgsh_order_operate.html?command=get_materiel&rest_code=00141&code=00101009118&supplier_code=00100007&order_time=2023-06-24 HTTP/1.1" 200 405
101.83.145.52 - - [24/Jun/2023:09:50:38 +0800] "GET /xingrg/all/function/internal_message.html?_=1687571260596&CODE_STATE=getMsg HTTP/1.1" 200 27
116.232.195.127 - - [24/Jun/2023:09:50:44 +0800] "GET /xingrg/all/function/internal_message.html?_=1687571437251&CODE_STATE=getMsg HTTP/1.1" 200 27
124.79.241.217 - - [24/Jun/2023:09:50:48 +0800] "GET /xingrg/all/function/internal_message.html?_=1687571730693&CODE_STATE=getMsg HTTP/1.1" 200 27
180.169.147.146 - - [24/Jun/2023:09:50:52 +0800] "GET /xingrg/all/function/internal_message.html?_=1687571455144&CODE_STATE=getMsg HTTP/1.1" 200 27
222.70.180.90 - - [24/Jun/2023:09:50:54 +0800] "GET /xingrg/all/function/internal_message.html?_=1687571450834&CODE_STATE=getMsg HTTP/1.1" 200 27
222.67.234.146 - - [24/Jun/2023:09:50:54 +0800] "POST /xingrg/kc/buy/cgsh_order_operate.html HTTP/1.1" 200 2065
116.238.191.126 - - [24/Jun/2023:09:50:59 +0800] "GET /xingrg/all/function/internal_message.html?_=1687571383964&CODE_STATE=getMsg HTTP/1.1" 200 27
61.170.233.201 - - [24/Jun/2023:09:51:00 +0800] "GET /xingrg/all/function/internal_message.html?_=1687571455792&CODE_STATE=getMsg HTTP/1.1" 200 27
180.163.28.55 - - [24/Jun/2023:09:51:01 +0800] "GET /xingrg/all/function/internal_message.html?_=1687571395820&CODE_STATE=getMsg HTTP/1.1" 302 -
180.163.28.55 - - [24/Jun/2023:09:51:01 +0800] "GET /xingrg/login.html HTTP/1.1" 200 7641
218.81.73.96 - - [24/Jun/2023:09:51:01 +0800] "GET /xingrg/all/function/internal_message.html?_=1687571462600&CODE_STATE=getMsg HTTP/1.1" 200 27
222.67.234.146 - - [24/Jun/2023:09:51:03 +0800] "GET /xingrg/kc/buy/cgsh_order_operate.html?command=get_materiel&rest_code=00141&code=00101008350&supplier_code=00100007&order_time=2023-06-24 HTTP/1.1" 200 408
58.40.7.146 - - [24/Jun/2023:09:51:16 +0800] "GET /xingrg/all/function/internal_message.html?_=1687571476759&CODE_STATE=getMsg HTTP/1.1" 200 27
124.77.245.69 - - [24/Jun/2023:09:51:18 +0800] "GET /xingrg/kc/buy/cgsh_order_add.html HTTP/1.1" 200 71636
124.77.245.69 - - [24/Jun/2023:09:51:18 +0800] "POST /xingrg/kc/buy/cgsh_order_operate.html HTTP/1.1" 200 8245
124.77.245.69 - - [24/Jun/2023:09:51:18 +0800] "GET /xingrg/javascript/easyui/themes/default/validatebox.css HTTP/1.1" 404 1104
114.85.113.108 - - [24/Jun/2023:09:51:19 +0800] "GET /xingrg/all/function/internal_message.html?_=1687571477252&CODE_STATE=getMsg HTTP/1.1" 200 27
222.70.180.90 - - [24/Jun/2023:09:51:20 +0800] "GET /xingrg/all/function/internal_message.html?_=1687571476830&CODE_STATE=getMsg HTTP/1.1" 200 27
172.20.0.100 - - [24/Jun/2023:09:51:22 +0800] "GET /xingrg/all/function/internal_message.html?_=1687571482252&CODE_STATE=getMsg HTTP/1.1" 200 27
172.20.0.100 - - [24/Jun/2023:09:51:22 +0800] "GET /xingrg/check_reg.html?_=1687571482252 HTTP/1.1" 200 22
222.67.234.146 - - [24/Jun/2023:09:51:26 +0800] "GET /xingrg/all/function/internal_message.html?_=1687570977137&CODE_STATE=getMsg HTTP/1.1" 200 27
222.67.234.146 - - [24/Jun/2023:09:51:27 +0800] "POST /xingrg/kc/buy/cgsh_order_operate.html HTTP/1.1" 200 37
180.162.231.188 - - [24/Jun/2023:09:51:30 +0800] "GET /xingrg/all/function/internal_message.html?_=1687571490450&CODE_STATE=getMsg HTTP/1.1" 200 27
222.67.234.146 - - [24/Jun/2023:09:51:30 +0800] "POST /xingrg/kc/buy/cgsh_order_operate.html HTTP/1.1" 200 32240
101.83.145.52 - - [24/Jun/2023:09:51:32 +0800] "GET /xingrg/all/function/internal_message.html?_=1687571494891&CODE_STATE=getMsg HTTP/1.1" 200 27
124.77.245.69 - - [24/Jun/2023:09:51:33 +0800] "GET /xingrg/check_reg.html?_=1687571514798 HTTP/1.1" 200 22
124.77.245.69 - - [24/Jun/2023:09:51:34 +0800] "GET /xingrg/all/function/internal_message.html?_=1687571515859&CODE_STATE=getMsg HTTP/1.1" 200 27
222.69.132.13 - - [24/Jun/2023:09:51:35 +0800] "GET /xingrg/all/function/internal_message.html?_=1687571605500&CODE_STATE=getMsg HTTP/1.1" 200 27
124.77.245.69 - - [24/Jun/2023:09:51:37 +0800] "GET /xingrg/kc/buy/cgsh_order_operate.html?command=get_materiel&rest_code=00146&code=00101006372&supplier_code=00100012&order_time=2023-06-24 HTTP/1.1" 200 407
222.67.234.146 - - [24/Jun/2023:09:51:37 +0800] "GET /xingrg/kc/buy/buy_main.html HTTP/1.1" 200 12412
222.67.234.146 - - [24/Jun/2023:09:51:37 +0800] "GET /xingrg/css/new_ie.css HTTP/1.1" 404 1036
101.83.145.52 - - [24/Jun/2023:09:51:38 +0800] "GET /xingrg/all/function/internal_message.html?_=1687571320581&CODE_STATE=getMsg HTTP/1.1" 200 27
222.67.234.146 - - [24/Jun/2023:09:51:38 +0800] "GET /xingrg/images/yd/bt.gif HTTP/1.1" 404 1040
222.67.234.146 - - [24/Jun/2023:09:51:39 +0800] "GET /xingrg/kc/buy/cgsh_order_list.html HTTP/1.1" 200 55860
116.232.195.127 - - [24/Jun/2023:09:51:44 +0800] "GET /xingrg/all/function/internal_message.html?_=1687571497255&CODE_STATE=getMsg HTTP/1.1" 200 27
222.67.234.146 - - [24/Jun/2023:09:51:45 +0800] "POST /xingrg/kc/buy/cgsh_list_operate.html HTTP/1.1" 200 1869
124.79.241.217 - - [24/Jun/2023:09:51:48 +0800] "GET /xingrg/all/function/internal_message.html?_=1687571790714&CODE_STATE=getMsg HTTP/1.1" 200 27
222.67.234.146 - - [24/Jun/2023:09:51:50 +0800] "POST /xingrg/kc/buy/cgsh_list_operate.html HTTP/1.1" 200 573
180.169.147.146 - - [24/Jun/2023:09:51:52 +0800] "GET /xingrg/all/function/internal_message.html?_=1687571515128&CODE_STATE=getMsg HTTP/1.1" 200 27
222.67.234.146 - - [24/Jun/2023:09:51:52 +0800] "GET /xingrg/kc/buy/cgsh_order_info.html?code=212023062408703 HTTP/1.1" 200 71645
222.67.234.146 - - [24/Jun/2023:09:51:53 +0800] "GET /xingrg/javascript/easyui/themes/default/validatebox.css HTTP/1.1" 404 1104
222.70.180.90 - - [24/Jun/2023:09:51:54 +0800] "GET /xingrg/all/function/internal_message.html?_=1687571510804&CODE_STATE=getMsg HTTP/1.1" 200 27
222.67.234.146 - - [24/Jun/2023:09:51:55 +0800] "POST /xingrg/kc/buy/cgsh_order_operate.html HTTP/1.1" 200 32240
124.77.245.69 - - [24/Jun/2023:09:51:55 +0800] "GET /xingrg/kc/buy/cgsh_order_operate.html?command=get_materiel&rest_code=00146&code=00101006174&supplier_code=00100012&order_time=2023-06-24 HTTP/1.1" 200 414
116.238.191.126 - - [24/Jun/2023:09:51:59 +0800] "GET /xingrg/all/function/internal_message.html?_=1687571443977&CODE_STATE=getMsg HTTP/1.1" 200 27
61.170.233.201 - - [24/Jun/2023:09:51:59 +0800] "GET /xingrg/all/function/internal_message.html?_=1687571515768&CODE_STATE=getMsg HTTP/1.1" 200 27
180.163.30.76 - - [24/Jun/2023:09:52:00 +0800] "GET /xingrg/all/function/internal_message.html?_=1687571455792&CODE_STATE=getMsg HTTP/1.1" 302 -
180.163.30.76 - - [24/Jun/2023:09:52:00 +0800] "GET /xingrg/login.html HTTP/1.1" 200 7641
218.81.73.96 - - [24/Jun/2023:09:52:01 +0800] "GET /xingrg/all/function/internal_message.html?_=1687571522605&CODE_STATE=getMsg HTTP/1.1" 200 27
124.77.245.69 - - [24/Jun/2023:09:52:10 +0800] "GET /xingrg/kc/buy/cgsh_order_operate.html?command=get_materiel&rest_code=00146&code=00101006177&supplier_code=00100012&order_time=2023-06-24 HTTP/1.1" 200 408
58.40.7.146 - - [24/Jun/2023:09:52:16 +0800] "GET /xingrg/all/function/internal_message.html?_=1687571536761&CODE_STATE=getMsg HTTP/1.1" 200 27
114.85.113.108 - - [24/Jun/2023:09:52:19 +0800] "GET /xingrg/all/function/internal_message.html?_=1687571537236&CODE_STATE=getMsg HTTP/1.1" 200 27
222.70.180.90 - - [24/Jun/2023:09:52:20 +0800] "GET /xingrg/all/function/internal_message.html?_=1687571536831&CODE_STATE=getMsg HTTP/1.1" 200 27
172.20.0.100 - - [24/Jun/2023:09:52:22 +0800] "GET /xingrg/all/function/internal_message.html?_=1687571542251&CODE_STATE=getMsg HTTP/1.1" 200 27
222.67.234.146 - - [24/Jun/2023:09:52:26 +0800] "GET /xingrg/all/function/internal_message.html?_=1687571037239&CODE_STATE=getMsg HTTP/1.1" 200 27
124.77.245.69 - - [24/Jun/2023:09:52:27 +0800] "GET /xingrg/kc/buy/cgsh_order_operate.html?command=get_materiel&rest_code=00146&code=00101006111&supplier_code=00100012&order_time=2023-06-24 HTTP/1.1" 200 409
222.70.180.90 - - [24/Jun/2023:09:52:29 +0800] "GET /xingrg/check_reg.html?_=1687571536834 HTTP/1.1" 200 22
180.162.231.188 - - [24/Jun/2023:09:52:30 +0800] "GET /xingrg/all/function/internal_message.html?_=1687571550427&CODE_STATE=getMsg HTTP/1.1" 200 27
101.83.145.52 - - [24/Jun/2023:09:52:32 +0800] "GET /xingrg/all/function/internal_message.html?_=1687571554894&CODE_STATE=getMsg HTTP/1.1" 200 27
101.83.145.52 - - [24/Jun/2023:09:52:32 +0800] "GET /xingrg/check_reg.html?_=1687571554898 HTTP/1.1" 200 22
124.77.245.69 - - [24/Jun/2023:09:52:34 +0800] "GET /xingrg/all/function/internal_message.html?_=1687571575872&CODE_STATE=getMsg HTTP/1.1" 200 27
222.69.132.13 - - [24/Jun/2023:09:52:35 +0800] "GET /xingrg/all/function/internal_message.html?_=1687571665489&CODE_STATE=getMsg HTTP/1.1" 200 27
101.83.145.52 - - [24/Jun/2023:09:52:38 +0800] "GET /xingrg/all/function/internal_message.html?_=1687571380564&CODE_STATE=getMsg HTTP/1.1" 200 27
218.81.73.96 - - [24/Jun/2023:09:52:39 +0800] "GET /xingrg/index.html?sysBaseUrl=http%3A%2F%2F180.169.147.146%3A18081%2Fxingrg%2F&costTime=44×tamp=1622098168715 HTTP/1.1" 302 -
218.81.73.96 - - [24/Jun/2023:09:52:39 +0800] "GET /xingrg/login.html HTTP/1.1" 200 7641
218.81.73.96 - - [24/Jun/2023:09:52:39 +0800] "GET /favicon.ico HTTP/1.1" 404 -
116.232.195.127 - - [24/Jun/2023:09:52:44 +0800] "GET /xingrg/all/function/internal_message.html?_=1687571557266&CODE_STATE=getMsg HTTP/1.1" 200 27
218.81.73.96 - - [24/Jun/2023:09:52:44 +0800] "POST /xingrg/login.do HTTP/1.1" 302 -
218.81.73.96 - - [24/Jun/2023:09:52:44 +0800] "GET /xingrg/index.html?sysBaseUrl=http%3A%2F%2F180.169.147.146%3A18081%2Fxingrg%2F&costTime=1555×tamp=1687571564548 HTTP/1.1" 200 17179
218.81.73.96 - - [24/Jun/2023:09:52:44 +0800] "GET /favicon.ico HTTP/1.1" 404 -
218.81.73.96 - - [24/Jun/2023:09:52:44 +0800] "GET /xingrg/all/function/internal_message.html?_=1687571567344&CODE_STATE=count HTTP/1.1" 200 11
218.81.73.96 - - [24/Jun/2023:09:52:44 +0800] "GET /xingrg/check_reg.html?_=1687571567344 HTTP/1.1" 200 22
218.81.73.96 - - [24/Jun/2023:09:52:45 +0800] "POST /xingrg/all/common/load_tree.html?tree=area_rest_tree_json&manage=1 HTTP/1.1" 200 351
218.81.73.96 - - [24/Jun/2023:09:52:45 +0800] "POST /xingrg/load_menu.html HTTP/1.1" 200 5138
124.79.241.217 - - [24/Jun/2023:09:52:48 +0800] "GET /xingrg/all/function/internal_message.html?_=1687571850732&CODE_STATE=getMsg HTTP/1.1" 200 27
124.79.241.217 - - [24/Jun/2023:09:52:48 +0800] "GET /xingrg/check_reg.html?_=1687571850751 HTTP/1.1" 200 22
218.81.73.96 - - [24/Jun/2023:09:52:48 +0800] "GET /xingrg/kc/mdqp/qqps_order_list.html HTTP/1.1" 200 9222
218.81.73.96 - - [24/Jun/2023:09:52:48 +0800] "GET /xingrg/dwr/interface/AjaxQqpsService.js HTTP/1.1" 200 16326
218.81.73.96 - - [24/Jun/2023:09:52:48 +0800] "GET /xingrg/dwr/interface/AjaxReportQueryService.js HTTP/1.1" 200 13203
218.81.73.96 - - [24/Jun/2023:09:52:48 +0800] "GET /xingrg/dwr/engine.js HTTP/1.1" 200 43631
218.81.73.96 - - [24/Jun/2023:09:52:48 +0800] "GET /xingrg/dwr/util.js HTTP/1.1" 304 -
124.77.245.69 - - [24/Jun/2023:09:52:48 +0800] "GET /xingrg/kc/buy/cgsh_order_operate.html?command=get_materiel&rest_code=00146&code=00101006065&supplier_code=00100012&order_time=2023-06-24 HTTP/1.1" 200 409
218.81.73.96 - - [24/Jun/2023:09:52:49 +0800] "GET /xingrg/kc/mdqp/pssh_order_list.html HTTP/1.1" 200 17844
218.81.73.96 - - [24/Jun/2023:09:52:49 +0800] "POST /xingrg/kc/mdqp/pssh_list_operate.html HTTP/1.1" 200 5273
218.81.73.96 - - [24/Jun/2023:09:52:51 +0800] "POST /xingrg/kc/mdqp/pssh_list_operate.html HTTP/1.1" 200 260
180.169.147.146 - - [24/Jun/2023:09:52:52 +0800] "GET /xingrg/all/function/internal_message.html?_=1687571575115&CODE_STATE=getMsg HTTP/1.1" 200 27
218.81.73.96 - - [24/Jun/2023:09:52:53 +0800] "POST /xingrg/kc/mdqp/pssh_list_operate.html HTTP/1.1" 200 262
222.70.180.90 - - [24/Jun/2023:09:52:54 +0800] "GET /xingrg/all/function/internal_message.html?_=1687571570793&CODE_STATE=getMsg HTTP/1.1" 200 27
218.81.73.96 - - [24/Jun/2023:09:52:55 +0800] "GET /xingrg/kc/mdqp/pssh_order_info.html?code=312023062400470 HTTP/1.1" 200 17303
218.81.73.96 - - [24/Jun/2023:09:52:55 +0800] "GET /xingrg/javascript/jquery_tools/jquery-1.4.2.min.js HTTP/1.1" 404 1094
218.81.73.96 - - [24/Jun/2023:09:52:55 +0800] "GET /xingrg/words/20230623125100_words.js HTTP/1.1" 200 970037
222.70.180.90 - - [24/Jun/2023:09:52:55 +0800] "GET /xingrg/check_reg.html?_=1687571571760 HTTP/1.1" 200 22
218.81.73.96 - - [24/Jun/2023:09:52:55 +0800] "GET /xingrg/javascript/easyui/themes/default/validatebox.css HTTP/1.1" 404 1104
218.81.73.96 - - [24/Jun/2023:09:52:56 +0800] "GET /xingrg/all/common/auto_word.html?type=employee&rest_code=00148 HTTP/1.1" 200 243
218.81.73.96 - - [24/Jun/2023:09:52:56 +0800] "GET /xingrg/all/common/auto_word.html?type=base&rest_code=00148&rest_code=00148 HTTP/1.1" 200 1799
218.81.73.96 - - [24/Jun/2023:09:52:56 +0800] "POST /xingrg/kc/mdqp/pssh_order_operate.html HTTP/1.1" 200 541
218.81.73.96 - - [24/Jun/2023:09:52:58 +0800] "POST /xingrg/all/common/load_combo.html?type=employee HTTP/1.1" 200 444
116.238.191.126 - - [24/Jun/2023:09:52:59 +0800] "GET /xingrg/all/function/internal_message.html?_=1687571503990&CODE_STATE=getMsg HTTP/1.1" 200 27
61.170.233.201 - - [24/Jun/2023:09:52:59 +0800] "GET /xingrg/all/function/internal_message.html?_=1687571575741&CODE_STATE=getMsg HTTP/1.1" 200 27
180.163.29.234 - - [24/Jun/2023:09:53:00 +0800] "GET /xingrg/all/function/internal_message.html?_=1687571515768&CODE_STATE=getMsg HTTP/1.1" 302 -
180.163.29.234 - - [24/Jun/2023:09:53:00 +0800] "GET /xingrg/login.html HTTP/1.1" 200 7641
61.170.233.201 - - [24/Jun/2023:09:53:00 +0800] "GET /xingrg/check_reg.html?_=1687571576228 HTTP/1.1" 200 22
218.81.73.96 - - [24/Jun/2023:09:53:01 +0800] "GET /xingrg/all/function/internal_message.html?_=1687571582594&CODE_STATE=getMsg HTTP/1.1" 200 27
218.81.73.96 - - [24/Jun/2023:09:53:04 +0800] "POST /xingrg/kc/mdqp/pssh_order_operate.html HTTP/1.1" 200 37
124.77.245.69 - - [24/Jun/2023:09:53:08 +0800] "GET /xingrg/kc/buy/cgsh_order_operate.html?command=get_materiel&rest_code=00146&code=00101006184&supplier_code=00100012&order_time=2023-06-24 HTTP/1.1" 200 408
218.81.73.96 - - [24/Jun/2023:09:53:08 +0800] "POST /xingrg/kc/mdqp/pssh_order_operate.html HTTP/1.1" 200 12
180.169.147.146 - - [24/Jun/2023:09:53:09 +0800] "GET /xingrg/check_reg.html?_=1687571592619 HTTP/1.1" 200 22
218.81.73.96 - - [24/Jun/2023:09:53:12 +0800] "GET /xingrg/kc/mdqp/pssh_order_info.html?code=312023062400470 HTTP/1.1" 200 14388
218.81.73.96 - - [24/Jun/2023:09:53:12 +0800] "GET /xingrg/javascript/jquery_tools/jquery-1.4.2.min.js HTTP/1.1" 404 1094
218.81.73.96 - - [24/Jun/2023:09:53:12 +0800] "GET /xingrg/javascript/easyui/themes/default/validatebox.css HTTP/1.1" 404 1104
218.81.73.96 - - [24/Jun/2023:09:53:12 +0800] "POST /xingrg/kc/mdqp/pssh_order_operate.html HTTP/1.1" 200 541
218.81.73.96 - - [24/Jun/2023:09:53:13 +0800] "GET /xingrg/kc/print/load_config.html?kc_code=pssh HTTP/1.1" 200 2368
218.81.73.96 - - [24/Jun/2023:09:53:14 +0800] "GET /xingrg/kc/print/load_data.html?order_code=312023062400470&kc_code=pssh&condition= HTTP/1.1" 200 668
58.40.7.146 - - [24/Jun/2023:09:53:16 +0800] "GET /xingrg/all/function/internal_message.html?_=1687571596764&CODE_STATE=getMsg HTTP/1.1" 200 27
218.81.73.96 - - [24/Jun/2023:09:53:18 +0800] "GET /xingrg/kc/mdqp/pssh_order_list.html?isBack=1 HTTP/1.1" 200 17844
218.81.73.96 - - [24/Jun/2023:09:53:19 +0800] "POST /xingrg/kc/mdqp/pssh_list_operate.html HTTP/1.1" 200 5295
114.85.113.108 - - [24/Jun/2023:09:53:19 +0800] "GET /xingrg/all/function/internal_message.html?_=1687571597219&CODE_STATE=getMsg HTTP/1.1" 200 27
218.81.73.96 - - [24/Jun/2023:09:53:20 +0800] "POST /xingrg/kc/mdqp/pssh_list_operate.html HTTP/1.1" 200 260
222.70.180.90 - - [24/Jun/2023:09:53:20 +0800] "GET /xingrg/all/function/internal_message.html?_=1687571596834&CODE_STATE=getMsg HTTP/1.1" 200 27
218.81.73.96 - - [24/Jun/2023:09:53:21 +0800] "POST /xingrg/kc/mdqp/pssh_list_operate.html HTTP/1.1" 200 768
172.20.0.100 - - [24/Jun/2023:09:53:22 +0800] "GET /xingrg/all/function/internal_message.html?_=1687571602252&CODE_STATE=getMsg HTTP/1.1" 200 27
124.77.245.69 - - [24/Jun/2023:09:53:23 +0800] "GET /xingrg/kc/buy/cgsh_order_operate.html?command=get_materiel&rest_code=00146&code=00101006055&supplier_code=00100012&order_time=2023-06-24 HTTP/1.1" 200 410
218.81.73.96 - - [24/Jun/2023:09:53:23 +0800] "GET /xingrg/kc/mdqp/pssh_order_info.html?code=312023062300460 HTTP/1.1" 200 17303
218.81.73.96 - - [24/Jun/2023:09:53:23 +0800] "GET /xingrg/javascript/jquery_tools/jquery-1.4.2.min.js HTTP/1.1" 404 1094
218.81.73.96 - - [24/Jun/2023:09:53:23 +0800] "GET /xingrg/javascript/easyui/themes/default/validatebox.css HTTP/1.1" 404 1104
218.81.73.96 - - [24/Jun/2023:09:53:23 +0800] "POST /xingrg/kc/mdqp/pssh_order_operate.html HTTP/1.1" 200 4717
218.81.73.96 - - [24/Jun/2023:09:53:25 +0800] "POST /xingrg/all/common/load_combo.html?type=employee HTTP/1.1" 200 444
222.67.234.146 - - [24/Jun/2023:09:53:26 +0800] "GET /xingrg/all/function/internal_message.html?_=1687571097114&CODE_STATE=getMsg HTTP/1.1" 200 27
218.81.73.96 - - [24/Jun/2023:09:53:28 +0800] "POST /xingrg/kc/mdqp/pssh_order_operate.html HTTP/1.1" 200 37
180.162.231.188 - - [24/Jun/2023:09:53:30 +0800] "GET /xingrg/all/function/internal_message.html?_=1687571610427&CODE_STATE=getMsg HTTP/1.1" 200 27
180.162.231.188 - - [24/Jun/2023:09:53:30 +0800] "GET /xingrg/check_reg.html?_=1687571610612 HTTP/1.1" 200 22
101.83.145.52 - - [24/Jun/2023:09:53:32 +0800] "GET /xingrg/all/function/internal_message.html?_=1687571614897&CODE_STATE=getMsg HTTP/1.1" 200 27
218.81.73.96 - - [24/Jun/2023:09:53:34 +0800] "POST /xingrg/kc/mdqp/pssh_order_operate.html HTTP/1.1" 200 12
222.69.132.13 - - [24/Jun/2023:09:53:35 +0800] "GET /xingrg/all/function/internal_message.html?_=1687571725483&CODE_STATE=getMsg HTTP/1.1" 200 27
124.77.245.69 - - [24/Jun/2023:09:53:35 +0800] "GET /xingrg/all/function/internal_message.html?_=1687571637196&CODE_STATE=getMsg HTTP/1.1" 200 27
218.81.73.96 - - [24/Jun/2023:09:53:38 +0800] "GET /xingrg/kc/mdqp/pssh_order_info.html?code=312023062300460 HTTP/1.1" 200 14388
218.81.73.96 - - [24/Jun/2023:09:53:38 +0800] "GET /xingrg/javascript/jquery_tools/jquery-1.4.2.min.js HTTP/1.1" 404 1094
101.83.145.52 - - [24/Jun/2023:09:53:38 +0800] "GET /xingrg/all/function/internal_message.html?_=1687571440553&CODE_STATE=getMsg HTTP/1.1" 200 27
218.81.73.96 - - [24/Jun/2023:09:53:38 +0800] "GET /xingrg/javascript/easyui/themes/default/validatebox.css HTTP/1.1" 404 1104
124.79.73.155 - - [24/Jun/2023:09:53:38 +0800] "GET /favicon.ico HTTP/1.1" 404 -
101.83.145.52 - - [24/Jun/2023:09:53:38 +0800] "GET /xingrg/check_reg.html?_=1687571440953 HTTP/1.1" 200 22
218.81.73.96 - - [24/Jun/2023:09:53:38 +0800] "POST /xingrg/kc/mdqp/pssh_order_operate.html HTTP/1.1" 200 4717
218.81.73.96 - - [24/Jun/2023:09:53:42 +0800] "GET /xingrg/kc/print/load_data.html?order_code=312023062300460&kc_code=pssh&condition= HTTP/1.1" 200 2080
124.77.245.69 - - [24/Jun/2023:09:53:43 +0800] "POST /xingrg/kc/buy/cgsh_order_operate.html HTTP/1.1" 200 37
116.232.195.127 - - [24/Jun/2023:09:53:44 +0800] "GET /xingrg/all/function/internal_message.html?_=1687571617264&CODE_STATE=getMsg HTTP/1.1" 200 27
218.81.73.96 - - [24/Jun/2023:09:53:45 +0800] "GET /xingrg/all/function/internal_message.html?_=1687571627624&CODE_STATE=getMsg HTTP/1.1" 200 27
124.79.241.217 - - [24/Jun/2023:09:53:48 +0800] "GET /xingrg/all/function/internal_message.html?_=1687571910723&CODE_STATE=getMsg HTTP/1.1" 200 27
124.77.245.69 - - [24/Jun/2023:09:53:49 +0800] "POST /xingrg/kc/buy/cgsh_order_operate.html HTTP/1.1" 200 6203
180.169.147.146 - - [24/Jun/2023:09:53:52 +0800] "GET /xingrg/all/function/internal_message.html?_=1687571635098&CODE_STATE=getMsg HTTP/1.1" 200 27
114.85.113.108 - - [24/Jun/2023:09:53:54 +0800] "GET /xingrg/check_reg.html?_=1687571632168 HTTP/1.1" 200 22
222.70.180.90 - - [24/Jun/2023:09:53:54 +0800] "GET /xingrg/all/function/internal_message.html?_=1687571630775&CODE_STATE=getMsg HTTP/1.1" 200 27
124.77.245.69 - - [24/Jun/2023:09:53:55 +0800] "GET /xingrg/kc/print/load_data.html?order_code=212023062408706&kc_code=cgsh&condition= HTTP/1.1" 200 2112
218.81.73.96 - - [24/Jun/2023:09:53:55 +0800] "GET /xingrg/kc/mdqp/pssh_order_list.html?isBack=1 HTTP/1.1" 200 17844
218.81.73.96 - - [24/Jun/2023:09:53:56 +0800] "POST /xingrg/kc/mdqp/pssh_list_operate.html HTTP/1.1" 200 5317
218.81.73.96 - - [24/Jun/2023:09:53:57 +0800] "POST /xingrg/kc/mdqp/pssh_list_operate.html HTTP/1.1" 200 264
116.238.191.126 - - [24/Jun/2023:09:53:59 +0800] "GET /xingrg/check_reg.html?_=1687571563587 HTTP/1.1" 200 22
180.163.29.79 - - [24/Jun/2023:09:53:59 +0800] "GET /xingrg/all/function/internal_message.html?_=1687571575741&CODE_STATE=getMsg HTTP/1.1" 302 -
180.163.29.79 - - [24/Jun/2023:09:53:59 +0800] "GET /xingrg/login.html HTTP/1.1" 200 7641
116.238.191.126 - - [24/Jun/2023:09:53:59 +0800] "GET /xingrg/all/function/internal_message.html?_=1687571564004&CODE_STATE=getMsg HTTP/1.1" 200 27
218.81.73.96 - - [24/Jun/2023:09:53:59 +0800] "POST /xingrg/kc/mdqp/pssh_list_operate.html HTTP/1.1" 200 1575
61.170.233.201 - - [24/Jun/2023:09:53:59 +0800] "GET /xingrg/all/function/internal_message.html?_=1687571635715&CODE_STATE=getMsg HTTP/1.1" 200 27
218.81.73.96 - - [24/Jun/2023:09:54:00 +0800] "GET /xingrg/kc/mdqp/pssh_order_info.html?code=312023062200442 HTTP/1.1" 200 17272
218.81.73.96 - - [24/Jun/2023:09:54:00 +0800] "GET /xingrg/javascript/jquery_tools/jquery-1.4.2.min.js HTTP/1.1" 404 1094
218.81.73.96 - - [24/Jun/2023:09:54:00 +0800] "GET /xingrg/javascript/easyui/themes/default/validatebox.css HTTP/1.1" 404 1104
218.81.73.96 - - [24/Jun/2023:09:54:00 +0800] "POST /xingrg/kc/mdqp/pssh_order_operate.html HTTP/1.1" 200 532
218.81.73.96 - - [24/Jun/2023:09:54:01 +0800] "GET /xingrg/check_reg.html?_=1687571642597 HTTP/1.1" 200 22
218.81.73.96 - - [24/Jun/2023:09:54:01 +0800] "GET /xingrg/all/function/internal_message.html?_=1687571642604&CODE_STATE=getMsg HTTP/1.1" 200 27
218.81.73.96 - - [24/Jun/2023:09:54:01 +0800] "POST /xingrg/all/common/load_combo.html?type=base&rest_code=00148 HTTP/1.1" 200 3227
124.77.245.69 - - [24/Jun/2023:09:54:03 +0800] "GET /xingrg/kc/buy/cgsh_order_add.html HTTP/1.1" 200 71636
124.77.245.69 - - [24/Jun/2023:09:54:04 +0800] "POST /xingrg/kc/buy/cgsh_order_operate.html HTTP/1.1" 200 8245
124.77.245.69 - - [24/Jun/2023:09:54:04 +0800] "GET /xingrg/javascript/easyui/themes/default/validatebox.css HTTP/1.1" 404 1104
218.81.73.96 - - [24/Jun/2023:09:54:09 +0800] "POST /xingrg/all/common/load_combo.html?type=employee HTTP/1.1" 200 444
218.81.73.96 - - [24/Jun/2023:09:54:13 +0800] "POST /xingrg/kc/mdqp/pssh_order_operate.html HTTP/1.1" 200 37
58.40.7.146 - - [24/Jun/2023:09:54:16 +0800] "GET /xingrg/check_reg.html?_=1687571656765 HTTP/1.1" 200 22
58.40.7.146 - - [24/Jun/2023:09:54:16 +0800] "GET /xingrg/all/function/internal_message.html?_=1687571656766&CODE_STATE=getMsg HTTP/1.1" 200 27
218.81.73.96 - - [24/Jun/2023:09:54:17 +0800] "POST /xingrg/kc/mdqp/pssh_order_operate.html HTTP/1.1" 200 12
218.81.73.96 - - [24/Jun/2023:09:54:19 +0800] "GET /xingrg/kc/mdqp/pssh_order_info.html?code=312023062200442 HTTP/1.1" 200 14384
218.81.73.96 - - [24/Jun/2023:09:54:19 +0800] "GET /xingrg/javascript/jquery_tools/jquery-1.4.2.min.js HTTP/1.1" 404 1094
114.85.113.108 - - [24/Jun/2023:09:54:19 +0800] "GET /xingrg/all/function/internal_message.html?_=1687571657193&CODE_STATE=getMsg HTTP/1.1" 200 27
218.81.73.96 - - [24/Jun/2023:09:54:19 +0800] "GET /xingrg/javascript/easyui/themes/default/validatebox.css HTTP/1.1" 404 1104
218.81.73.96 - - [24/Jun/2023:09:54:19 +0800] "POST /xingrg/kc/mdqp/pssh_order_operate.html HTTP/1.1" 200 532
222.70.180.90 - - [24/Jun/2023:09:54:20 +0800] "GET /xingrg/all/function/internal_message.html?_=1687571656834&CODE_STATE=getMsg HTTP/1.1" 200 27
218.81.73.96 - - [24/Jun/2023:09:54:21 +0800] "GET /xingrg/kc/print/load_data.html?order_code=312023062200442&kc_code=pssh&condition= HTTP/1.1" 200 650
172.20.0.100 - - [24/Jun/2023:09:54:22 +0800] "GET /xingrg/all/function/internal_message.html?_=1687571662252&CODE_STATE=getMsg HTTP/1.1" 200 27
218.81.73.96 - - [24/Jun/2023:09:54:25 +0800] "GET /xingrg/kc/mdqp/pssh_order_list.html?isBack=1 HTTP/1.1" 200 17844
124.77.245.69 - - [24/Jun/2023:09:54:25 +0800] "GET /xingrg/kc/buy/cgsh_order_operate.html?command=get_materiel&rest_code=00146&code=00101007022&supplier_code=00100002&order_time=2023-06-24 HTTP/1.1" 200 415
218.81.73.96 - - [24/Jun/2023:09:54:25 +0800] "POST /xingrg/kc/mdqp/pssh_list_operate.html HTTP/1.1" 200 5345
222.67.234.146 - - [24/Jun/2023:09:54:26 +0800] "GET /xingrg/check_reg.html?_=1687571157115 HTTP/1.1" 200 22
222.67.234.146 - - [24/Jun/2023:09:54:26 +0800] "GET /xingrg/all/function/internal_message.html?_=1687571157114&CODE_STATE=getMsg HTTP/1.1" 200 27
218.81.73.96 - - [24/Jun/2023:09:54:26 +0800] "POST /xingrg/kc/mdqp/pssh_list_operate.html HTTP/1.1" 200 760
218.81.73.96 - - [24/Jun/2023:09:54:28 +0800] "POST /xingrg/kc/mdqp/pssh_list_operate.html HTTP/1.1" 200 1575
218.81.73.96 - - [24/Jun/2023:09:54:29 +0800] "GET /xingrg/kc/mdqp/pssh_order_info.html?code=312023062300459 HTTP/1.1" 200 17303
218.81.73.96 - - [24/Jun/2023:09:54:29 +0800] "GET /xingrg/javascript/jquery_tools/jquery-1.4.2.min.js HTTP/1.1" 404 1094
218.81.73.96 - - [24/Jun/2023:09:54:29 +0800] "GET /xingrg/javascript/easyui/themes/default/validatebox.css HTTP/1.1" 404 1104
218.81.73.96 - - [24/Jun/2023:09:54:29 +0800] "POST /xingrg/kc/mdqp/pssh_order_operate.html HTTP/1.1" 200 9991
180.162.231.188 - - [24/Jun/2023:09:54:30 +0800] "GET /xingrg/all/function/internal_message.html?_=1687571670421&CODE_STATE=getMsg HTTP/1.1" 200 27
218.81.73.96 - - [24/Jun/2023:09:54:31 +0800] "POST /xingrg/all/common/load_combo.html?type=employee HTTP/1.1" 200 444
101.83.145.52 - - [24/Jun/2023:09:54:32 +0800] "GET /xingrg/all/function/internal_message.html?_=1687571674898&CODE_STATE=getMsg HTTP/1.1" 200 27
218.81.73.96 - - [24/Jun/2023:09:54:34 +0800] "POST /xingrg/kc/mdqp/pssh_order_operate.html HTTP/1.1" 200 37
222.69.132.13 - - [24/Jun/2023:09:54:35 +0800] "GET /xingrg/check_reg.html?_=1687571785488 HTTP/1.1" 200 22
222.69.132.13 - - [24/Jun/2023:09:54:35 +0800] "GET /xingrg/all/function/internal_message.html?_=1687571785489&CODE_STATE=getMsg HTTP/1.1" 200 27
124.77.245.69 - - [24/Jun/2023:09:54:35 +0800] "GET /xingrg/all/function/internal_message.html?_=1687571697210&CODE_STATE=getMsg HTTP/1.1" 200 27
101.83.145.52 - - [24/Jun/2023:09:54:38 +0800] "GET /xingrg/all/function/internal_message.html?_=1687571500537&CODE_STATE=getMsg HTTP/1.1" 200 27
218.81.73.96 - - [24/Jun/2023:09:54:40 +0800] "POST /xingrg/kc/mdqp/pssh_order_operate.html HTTP/1.1" 200 12
218.81.73.96 - - [24/Jun/2023:09:54:42 +0800] "GET /xingrg/kc/mdqp/pssh_order_info.html?code=312023062300459 HTTP/1.1" 200 14388
218.81.73.96 - - [24/Jun/2023:09:54:42 +0800] "GET /xingrg/javascript/jquery_tools/jquery-1.4.2.min.js HTTP/1.1" 404 1094
218.81.73.96 - - [24/Jun/2023:09:54:42 +0800] "GET /xingrg/javascript/easyui/themes/default/validatebox.css HTTP/1.1" 404 1104
218.81.73.96 - - [24/Jun/2023:09:54:42 +0800] "POST /xingrg/kc/mdqp/pssh_order_operate.html HTTP/1.1" 200 9991
116.232.195.127 - - [24/Jun/2023:09:54:44 +0800] "GET /xingrg/check_reg.html?_=1687571677259 HTTP/1.1" 200 22
116.232.195.127 - - [24/Jun/2023:09:54:44 +0800] "GET /xingrg/all/function/internal_message.html?_=1687571677263&CODE_STATE=getMsg HTTP/1.1" 200 27
218.81.73.96 - - [24/Jun/2023:09:54:44 +0800] "GET /xingrg/kc/print/load_data.html?order_code=312023062300459&kc_code=pssh&condition= HTTP/1.1" 200 3855
218.81.73.96 - - [24/Jun/2023:09:54:45 +0800] "GET /xingrg/all/function/internal_message.html?_=1687571687940&CODE_STATE=getMsg HTTP/1.1" 200 27
124.79.241.217 - - [24/Jun/2023:09:54:48 +0800] "GET /xingrg/all/function/internal_message.html?_=1687571970729&CODE_STATE=getMsg HTTP/1.1" 200 27
218.81.73.96 - - [24/Jun/2023:09:54:48 +0800] "GET /xingrg/kc/mdqp/pssh_order_list.html?isBack=1 HTTP/1.1" 200 17844
218.81.73.96 - - [24/Jun/2023:09:54:49 +0800] "POST /xingrg/kc/mdqp/pssh_list_operate.html HTTP/1.1" 200 5367
218.81.73.96 - - [24/Jun/2023:09:54:49 +0800] "POST /xingrg/kc/mdqp/pssh_list_operate.html HTTP/1.1" 200 796
218.81.73.96 - - [24/Jun/2023:09:54:51 +0800] "POST /xingrg/kc/mdqp/pssh_list_operate.html HTTP/1.1" 200 1575
124.77.245.69 - - [24/Jun/2023:09:54:52 +0800] "GET /xingrg/kc/buy/cgsh_order_operate.html?command=get_materiel&rest_code=00146&code=00101007090&supplier_code=00100002&order_time=2023-06-24 HTTP/1.1" 200 413
218.81.73.96 - - [24/Jun/2023:09:54:52 +0800] "GET /xingrg/kc/mdqp/pssh_order_info.html?code=312023062300461 HTTP/1.1" 200 17303
218.81.73.96 - - [24/Jun/2023:09:54:52 +0800] "GET /xingrg/javascript/jquery_tools/jquery-1.4.2.min.js HTTP/1.1" 404 1094
180.169.147.146 - - [24/Jun/2023:09:54:52 +0800] "GET /xingrg/all/function/internal_message.html?_=1687571695082&CODE_STATE=getMsg HTTP/1.1" 200 27
218.81.73.96 - - [24/Jun/2023:09:54:52 +0800] "GET /xingrg/javascript/easyui/themes/default/validatebox.css HTTP/1.1" 404 1104
218.81.73.96 - - [24/Jun/2023:09:54:52 +0800] "POST /xingrg/kc/mdqp/pssh_order_operate.html HTTP/1.1" 200 8004
222.70.180.90 - - [24/Jun/2023:09:54:54 +0800] "GET /xingrg/all/function/internal_message.html?_=1687571690754&CODE_STATE=getMsg HTTP/1.1" 200 27
218.81.73.96 - - [24/Jun/2023:09:54:55 +0800] "POST /xingrg/all/common/load_combo.html?type=employee HTTP/1.1" 200 444
218.81.73.96 - - [24/Jun/2023:09:54:59 +0800] "POST /xingrg/kc/mdqp/pssh_order_operate.html HTTP/1.1" 200 37
116.238.191.126 - - [24/Jun/2023:09:54:59 +0800] "GET /xingrg/all/function/internal_message.html?_=1687571624018&CODE_STATE=getMsg HTTP/1.1" 200 27
61.170.233.201 - - [24/Jun/2023:09:54:59 +0800] "GET /xingrg/all/function/internal_message.html?_=1687571695686&CODE_STATE=getMsg HTTP/1.1" 200 27
218.81.73.96 - - [24/Jun/2023:09:55:01 +0800] "GET /xingrg/all/function/internal_message.html?_=1687571702605&CODE_STATE=getMsg HTTP/1.1" 200 27
218.81.73.96 - - [24/Jun/2023:09:55:05 +0800] "POST /xingrg/kc/mdqp/pssh_order_operate.html HTTP/1.1" 200 12
218.81.73.96 - - [24/Jun/2023:09:55:07 +0800] "GET /xingrg/kc/mdqp/pssh_order_info.html?code=312023062300461 HTTP/1.1" 200 14388
218.81.73.96 - - [24/Jun/2023:09:55:07 +0800] "GET /xingrg/javascript/jquery_tools/jquery-1.4.2.min.js HTTP/1.1" 404 1094
218.81.73.96 - - [24/Jun/2023:09:55:07 +0800] "GET /xingrg/javascript/easyui/themes/default/validatebox.css HTTP/1.1" 404 1104
218.81.73.96 - - [24/Jun/2023:09:55:08 +0800] "POST /xingrg/kc/mdqp/pssh_order_operate.html HTTP/1.1" 200 8004
218.81.73.96 - - [24/Jun/2023:09:55:10 +0800] "GET /xingrg/kc/print/load_data.html?order_code=312023062300461&kc_code=pssh&condition= HTTP/1.1" 200 3304
218.81.73.96 - - [24/Jun/2023:09:55:15 +0800] "GET /xingrg/kc/mdqp/pssh_order_list.html?isBack=1 HTTP/1.1" 200 17844
218.81.73.96 - - [24/Jun/2023:09:55:16 +0800] "POST /xingrg/kc/mdqp/pssh_list_operate.html HTTP/1.1" 200 5389
58.40.7.146 - - [24/Jun/2023:09:55:16 +0800] "GET /xingrg/all/function/internal_message.html?_=1687571716752&CODE_STATE=getMsg HTTP/1.1" 200 27
218.81.73.96 - - [24/Jun/2023:09:55:17 +0800] "POST /xingrg/kc/mdqp/pssh_list_operate.html HTTP/1.1" 200 354
114.85.113.108 - - [24/Jun/2023:09:55:19 +0800] "GET /xingrg/all/function/internal_message.html?_=1687571717179&CODE_STATE=getMsg HTTP/1.1" 200 27
218.81.73.96 - - [24/Jun/2023:09:55:19 +0800] "POST /xingrg/kc/mdqp/pssh_list_operate.html HTTP/1.1" 200 1575
218.81.73.96 - - [24/Jun/2023:09:55:20 +0800] "GET /xingrg/kc/mdqp/pssh_order_info.html?code=312023062300462 HTTP/1.1" 200 17272
218.81.73.96 - - [24/Jun/2023:09:55:20 +0800] "GET /xingrg/javascript/jquery_tools/jquery-1.4.2.min.js HTTP/1.1" 404 1094
218.81.73.96 - - [24/Jun/2023:09:55:20 +0800] "GET /xingrg/javascript/easyui/themes/default/validatebox.css HTTP/1.1" 404 1104
218.81.73.96 - - [24/Jun/2023:09:55:20 +0800] "POST /xingrg/kc/mdqp/pssh_order_operate.html HTTP/1.1" 200 1039
222.70.180.90 - - [24/Jun/2023:09:55:20 +0800] "GET /xingrg/all/function/internal_message.html?_=1687571716832&CODE_STATE=getMsg HTTP/1.1" 200 27
218.81.73.96 - - [24/Jun/2023:09:55:22 +0800] "POST /xingrg/all/common/load_combo.html?type=base&rest_code=00148 HTTP/1.1" 200 3227
172.20.0.100 - - [24/Jun/2023:09:55:22 +0800] "GET /xingrg/all/function/internal_message.html?_=1687571722251&CODE_STATE=getMsg HTTP/1.1" 200 27
218.81.73.96 - - [24/Jun/2023:09:55:24 +0800] "POST /xingrg/all/common/load_combo.html?type=employee HTTP/1.1" 200 444
124.77.245.69 - - [24/Jun/2023:09:55:24 +0800] "GET /xingrg/kc/buy/cgsh_order_operate.html?command=get_materiel&rest_code=00146&code=00101007032&supplier_code=00100002&order_time=2023-06-24 HTTP/1.1" 200 413
222.67.234.146 - - [24/Jun/2023:09:55:26 +0800] "GET /xingrg/all/function/internal_message.html?_=1687571217122&CODE_STATE=getMsg HTTP/1.1" 200 27
218.81.73.96 - - [24/Jun/2023:09:55:27 +0800] "POST /xingrg/kc/mdqp/pssh_order_operate.html HTTP/1.1" 200 37
180.162.231.188 - - [24/Jun/2023:09:55:30 +0800] "GET /xingrg/all/function/internal_message.html?_=1687571730416&CODE_STATE=getMsg HTTP/1.1" 200 27
101.83.145.52 - - [24/Jun/2023:09:55:32 +0800] "GET /xingrg/all/function/internal_message.html?_=1687571734900&CODE_STATE=getMsg HTTP/1.1" 200 27
218.81.73.96 - - [24/Jun/2023:09:55:32 +0800] "POST /xingrg/kc/mdqp/pssh_order_operate.html HTTP/1.1" 200 12
222.69.132.13 - - [24/Jun/2023:09:55:35 +0800] "GET /xingrg/all/function/internal_message.html?_=1687571845497&CODE_STATE=getMsg HTTP/1.1" 200 27
124.77.245.69 - - [24/Jun/2023:09:55:35 +0800] "GET /xingrg/all/function/internal_message.html?_=1687571757249&CODE_STATE=getMsg HTTP/1.1" 200 27
218.81.73.96 - - [24/Jun/2023:09:55:36 +0800] "GET /xingrg/kc/mdqp/pssh_order_info.html?code=312023062300462 HTTP/1.1" 200 14388
218.81.73.96 - - [24/Jun/2023:09:55:36 +0800] "GET /xingrg/javascript/jquery_tools/jquery-1.4.2.min.js HTTP/1.1" 404 1094
218.81.73.96 - - [24/Jun/2023:09:55:36 +0800] "GET /xingrg/javascript/easyui/themes/default/validatebox.css HTTP/1.1" 404 1104
218.81.73.96 - - [24/Jun/2023:09:55:36 +0800] "POST /xingrg/kc/mdqp/pssh_order_operate.html HTTP/1.1" 200 1039
101.83.145.52 - - [24/Jun/2023:09:55:38 +0800] "GET /xingrg/all/function/internal_message.html?_=1687571560524&CODE_STATE=getMsg HTTP/1.1" 200 27
218.81.73.96 - - [24/Jun/2023:09:55:38 +0800] "GET /xingrg/kc/print/load_data.html?order_code=312023062300462&kc_code=pssh&condition= HTTP/1.1" 200 828
124.77.245.69 - - [24/Jun/2023:09:55:41 +0800] "GET /xingrg/kc/buy/cgsh_order_operate.html?command=get_materiel&rest_code=00146&code=00101007061&supplier_code=00100002&order_time=2023-06-24 HTTP/1.1" 200 409
218.81.73.96 - - [24/Jun/2023:09:55:42 +0800] "GET /xingrg/kc/mdqp/pssh_order_list.html?isBack=1 HTTP/1.1" 200 17844
218.81.73.96 - - [24/Jun/2023:09:55:43 +0800] "POST /xingrg/kc/mdqp/pssh_list_operate.html HTTP/1.1" 200 5423
116.232.195.127 - - [24/Jun/2023:09:55:44 +0800] "GET /xingrg/all/function/internal_message.html?_=1687571737248&CODE_STATE=getMsg HTTP/1.1" 200 27
218.81.73.96 - - [24/Jun/2023:09:55:44 +0800] "POST /xingrg/kc/mdqp/pssh_list_operate.html HTTP/1.1" 200 260
218.81.73.96 - - [24/Jun/2023:09:55:45 +0800] "GET /xingrg/all/function/internal_message.html?_=1687571747930&CODE_STATE=getMsg HTTP/1.1" 200 27
124.79.241.217 - - [24/Jun/2023:09:55:48 +0800] "GET /xingrg/all/function/internal_message.html?_=1687572030734&CODE_STATE=getMsg HTTP/1.1" 200 27
180.169.147.146 - - [24/Jun/2023:09:55:52 +0800] "GET /xingrg/all/function/internal_message.html?_=1687571755066&CODE_STATE=getMsg HTTP/1.1" 200 27
222.70.180.90 - - [24/Jun/2023:09:55:54 +0800] "GET /xingrg/all/function/internal_message.html?_=1687571750740&CODE_STATE=getMsg HTTP/1.1" 200 27
124.77.245.69 - - [24/Jun/2023:09:55:57 +0800] "GET /xingrg/kc/buy/cgsh_order_operate.html?command=get_materiel&rest_code=00146&code=00101007049&supplier_code=00100002&order_time=2023-06-24 HTTP/1.1" 200 428
116.238.191.126 - - [24/Jun/2023:09:55:59 +0800] "GET /xingrg/all/function/internal_message.html?_=1687571684031&CODE_STATE=getMsg HTTP/1.1" 200 27
61.170.233.201 - - [24/Jun/2023:09:55:59 +0800] "GET /xingrg/all/function/internal_message.html?_=1687571755658&CODE_STATE=getMsg HTTP/1.1" 200 27
218.81.73.96 - - [24/Jun/2023:09:56:01 +0800] "GET /xingrg/all/function/internal_message.html?_=1687571762596&CODE_STATE=getMsg HTTP/1.1" 200 27
124.77.245.69 - - [24/Jun/2023:09:56:13 +0800] "POST /xingrg/kc/buy/cgsh_order_operate.html HTTP/1.1" 200 37
58.40.7.146 - - [24/Jun/2023:09:56:16 +0800] "GET /xingrg/all/function/internal_message.html?_=1687571776760&CODE_STATE=getMsg HTTP/1.1" 200 27
114.85.113.108 - - [24/Jun/2023:09:56:19 +0800] "GET /xingrg/all/function/internal_message.html?_=1687571777163&CODE_STATE=getMsg HTTP/1.1" 200 27
172.20.0.100 - - [24/Jun/2023:09:56:22 +0800] "GET /xingrg/all/function/internal_message.html?_=1687571782251&CODE_STATE=getMsg HTTP/1.1" 200 27
172.20.0.100 - - [24/Jun/2023:09:56:22 +0800] "GET /xingrg/check_reg.html?_=1687571782251 HTTP/1.1" 200 22
222.70.180.90 - - [24/Jun/2023:09:56:23 +0800] "GET /xingrg/all/function/internal_message.html?_=1687571776855&CODE_STATE=getMsg HTTP/1.1" 200 27
124.77.245.69 - - [24/Jun/2023:09:56:25 +0800] "POST /xingrg/kc/buy/cgsh_order_operate.html HTTP/1.1" 200 5022
222.67.234.146 - - [24/Jun/2023:09:56:26 +0800] "GET /xingrg/all/function/internal_message.html?_=1687571277124&CODE_STATE=getMsg HTTP/1.1" 200 27
124.77.245.69 - - [24/Jun/2023:09:56:29 +0800] "GET /xingrg/kc/print/load_data.html?order_code=212023062408707&kc_code=cgsh&condition= HTTP/1.1" 200 1651
180.162.231.188 - - [24/Jun/2023:09:56:30 +0800] "GET /xingrg/all/function/internal_message.html?_=1687571790406&CODE_STATE=getMsg HTTP/1.1" 200 27
101.83.145.52 - - [24/Jun/2023:09:56:32 +0800] "GET /xingrg/all/function/internal_message.html?_=1687571794901&CODE_STATE=getMsg HTTP/1.1" 200 27
124.77.245.69 - - [24/Jun/2023:09:56:33 +0800] "GET /xingrg/check_reg.html?_=1687571814803 HTTP/1.1" 200 22
222.69.132.13 - - [24/Jun/2023:09:56:35 +0800] "GET /xingrg/all/function/internal_message.html?_=1687571905490&CODE_STATE=getMsg HTTP/1.1" 200 27
124.77.245.69 - - [24/Jun/2023:09:56:35 +0800] "GET /xingrg/all/function/internal_message.html?_=1687571817253&CODE_STATE=getMsg HTTP/1.1" 200 27
101.83.145.52 - - [24/Jun/2023:09:56:38 +0800] "GET /xingrg/all/function/internal_message.html?_=1687571620509&CODE_STATE=getMsg HTTP/1.1" 200 27
116.232.195.127 - - [24/Jun/2023:09:56:44 +0800] "GET /xingrg/all/function/internal_message.html?_=1687571797257&CODE_STATE=getMsg HTTP/1.1" 200 27
218.81.73.96 - - [24/Jun/2023:09:56:45 +0800] "GET /xingrg/all/function/internal_message.html?_=1687571807906&CODE_STATE=getMsg HTTP/1.1" 200 27
124.79.241.217 - - [24/Jun/2023:09:56:48 +0800] "GET /xingrg/all/function/internal_message.html?_=1687572090718&CODE_STATE=getMsg HTTP/1.1" 200 27
180.169.147.146 - - [24/Jun/2023:09:56:52 +0800] "GET /xingrg/all/function/internal_message.html?_=1687571815049&CODE_STATE=getMsg HTTP/1.1" 200 27
222.70.180.90 - - [24/Jun/2023:09:56:54 +0800] "GET /xingrg/all/function/internal_message.html?_=1687571810708&CODE_STATE=getMsg HTTP/1.1" 200 27
180.163.29.103 - - [24/Jun/2023:09:56:59 +0800] "GET /xingrg/all/function/internal_message.html?_=1687571755658&CODE_STATE=getMsg HTTP/1.1" 302 -
180.163.29.103 - - [24/Jun/2023:09:56:59 +0800] "GET /xingrg/login.html HTTP/1.1" 200 7641
116.238.191.126 - - [24/Jun/2023:09:56:59 +0800] "GET /xingrg/all/function/internal_message.html?_=1687571744115&CODE_STATE=getMsg HTTP/1.1" 200 27
218.81.73.96 - - [24/Jun/2023:09:57:01 +0800] "GET /xingrg/all/function/internal_message.html?_=1687571822606&CODE_STATE=getMsg HTTP/1.1" 200 27
58.40.7.146 - - [24/Jun/2023:09:57:16 +0800] "GET /xingrg/all/function/internal_message.html?_=1687571836762&CODE_STATE=getMsg HTTP/1.1" 200 27
114.85.113.108 - - [24/Jun/2023:09:57:19 +0800] "GET /xingrg/all/function/internal_message.html?_=1687571837146&CODE_STATE=getMsg HTTP/1.1" 200 27
222.70.180.90 - - [24/Jun/2023:09:57:20 +0800] "GET /xingrg/check_reg.html?_=1687571836839 HTTP/1.1" 200 22
222.70.180.90 - - [24/Jun/2023:09:57:20 +0800] "GET /xingrg/all/function/internal_message.html?_=1687571836841&CODE_STATE=getMsg HTTP/1.1" 200 27
61.170.233.201 - - [24/Jun/2023:09:57:20 +0800] "GET /xingrg/all/function/internal_message.html?_=1687571815634&CODE_STATE=getMsg HTTP/1.1" 200 27
172.20.0.100 - - [24/Jun/2023:09:57:22 +0800] "GET /xingrg/all/function/internal_message.html?_=1687571842252&CODE_STATE=getMsg HTTP/1.1" 200 27
222.67.234.146 - - [24/Jun/2023:09:57:26 +0800] "GET /xingrg/all/function/internal_message.html?_=1687571337123&CODE_STATE=getMsg HTTP/1.1" 200 27
180.162.231.188 - - [24/Jun/2023:09:57:30 +0800] "GET /xingrg/all/function/internal_message.html?_=1687571850405&CODE_STATE=getMsg HTTP/1.1" 200 27
101.83.145.52 - - [24/Jun/2023:09:57:32 +0800] "GET /xingrg/check_reg.html?_=1687571854902 HTTP/1.1" 200 22
101.83.145.52 - - [24/Jun/2023:09:57:32 +0800] "GET /xingrg/all/function/internal_message.html?_=1687571854906&CODE_STATE=getMsg HTTP/1.1" 200 27
222.69.132.13 - - [24/Jun/2023:09:57:35 +0800] "GET /xingrg/all/function/internal_message.html?_=1687571965488&CODE_STATE=getMsg HTTP/1.1" 200 27
124.77.245.69 - - [24/Jun/2023:09:57:35 +0800] "GET /xingrg/all/function/internal_message.html?_=1687571877267&CODE_STATE=getMsg HTTP/1.1" 200 27
101.83.145.52 - - [24/Jun/2023:09:57:38 +0800] "GET /xingrg/all/function/internal_message.html?_=1687571680502&CODE_STATE=getMsg HTTP/1.1" 200 27
116.232.195.127 - - [24/Jun/2023:09:57:44 +0800] "GET /xingrg/all/function/internal_message.html?_=1687571857246&CODE_STATE=getMsg HTTP/1.1" 200 27
218.81.73.96 - - [24/Jun/2023:09:57:44 +0800] "GET /xingrg/check_reg.html?_=1687571867354 HTTP/1.1" 200 22
218.81.73.96 - - [24/Jun/2023:09:57:45 +0800] "GET /xingrg/all/function/internal_message.html?_=1687571867887&CODE_STATE=getMsg HTTP/1.1" 200 27
124.79.241.217 - - [24/Jun/2023:09:57:48 +0800] "GET /xingrg/all/function/internal_message.html?_=1687572150736&CODE_STATE=getMsg HTTP/1.1" 200 27
124.79.241.217 - - [24/Jun/2023:09:57:48 +0800] "GET /xingrg/check_reg.html?_=1687572150745 HTTP/1.1" 200 22
180.169.147.146 - - [24/Jun/2023:09:57:52 +0800] "GET /xingrg/all/function/internal_message.html?_=1687571875033&CODE_STATE=getMsg HTTP/1.1" 200 27
222.70.180.90 - - [24/Jun/2023:09:57:54 +0800] "GET /xingrg/all/function/internal_message.html?_=1687571870698&CODE_STATE=getMsg HTTP/1.1" 200 27
222.70.180.90 - - [24/Jun/2023:09:57:55 +0800] "GET /xingrg/check_reg.html?_=1687571871733 HTTP/1.1" 200 22
116.238.191.126 - - [24/Jun/2023:09:57:59 +0800] "GET /xingrg/all/function/internal_message.html?_=1687571804120&CODE_STATE=getMsg HTTP/1.1" 200 27
61.170.233.201 - - [24/Jun/2023:09:57:59 +0800] "GET /xingrg/all/function/internal_message.html?_=1687571875604&CODE_STATE=getMsg HTTP/1.1" 200 27
61.170.233.201 - - [24/Jun/2023:09:58:00 +0800] "GET /xingrg/check_reg.html?_=1687571876216 HTTP/1.1" 200 22
218.81.73.96 - - [24/Jun/2023:09:58:01 +0800] "GET /xingrg/all/function/internal_message.html?_=1687571882602&CODE_STATE=getMsg HTTP/1.1" 200 27
180.169.147.146 - - [24/Jun/2023:09:58:09 +0800] "GET /xingrg/check_reg.html?_=1687571892603 HTTP/1.1" 200 22
58.40.7.146 - - [24/Jun/2023:09:58:16 +0800] "GET /xingrg/all/function/internal_message.html?_=1687571896766&CODE_STATE=getMsg HTTP/1.1" 200 27
114.85.113.108 - - [24/Jun/2023:09:58:19 +0800] "GET /xingrg/all/function/internal_message.html?_=1687571897131&CODE_STATE=getMsg HTTP/1.1" 200 27
180.163.29.219 - - [24/Jun/2023:09:58:20 +0800] "GET /xingrg/all/function/internal_message.html?_=1687571815634&CODE_STATE=getMsg HTTP/1.1" 302 -
180.163.29.219 - - [24/Jun/2023:09:58:20 +0800] "GET /xingrg/login.html HTTP/1.1" 200 7641
222.70.180.90 - - [24/Jun/2023:09:58:20 +0800] "GET /xingrg/all/function/internal_message.html?_=1687571896840&CODE_STATE=getMsg HTTP/1.1" 200 27
218.81.73.96 - - [24/Jun/2023:09:58:20 +0800] "POST /xingrg/kc/mdqp/pssh_list_operate.html HTTP/1.1" 200 1575
218.81.73.96 - - [24/Jun/2023:09:58:21 +0800] "GET /xingrg/kc/mdqp/pssh_order_info.html?code=312023062300463 HTTP/1.1" 200 17250
218.81.73.96 - - [24/Jun/2023:09:58:21 +0800] "GET /xingrg/javascript/jquery_tools/jquery-1.4.2.min.js HTTP/1.1" 404 1094
218.81.73.96 - - [24/Jun/2023:09:58:21 +0800] "GET /xingrg/javascript/easyui/themes/default/validatebox.css HTTP/1.1" 404 1104
218.81.73.96 - - [24/Jun/2023:09:58:21 +0800] "POST /xingrg/kc/mdqp/pssh_order_operate.html HTTP/1.1" 200 532
172.20.0.100 - - [24/Jun/2023:09:58:22 +0800] "GET /xingrg/all/function/internal_message.html?_=1687571902252&CODE_STATE=getMsg HTTP/1.1" 200 27
218.81.73.96 - - [24/Jun/2023:09:58:23 +0800] "GET /xingrg/kc/mdqp/pssh_order_list.html?isBack=1 HTTP/1.1" 200 17844
218.81.73.96 - - [24/Jun/2023:09:58:24 +0800] "POST /xingrg/kc/mdqp/pssh_list_operate.html HTTP/1.1" 200 5423
222.67.234.146 - - [24/Jun/2023:09:58:26 +0800] "GET /xingrg/all/function/internal_message.html?_=1687571397122&CODE_STATE=getMsg HTTP/1.1" 200 27
180.162.231.188 - - [24/Jun/2023:09:58:30 +0800] "GET /xingrg/all/function/internal_message.html?_=1687571910394&CODE_STATE=getMsg HTTP/1.1" 200 27
180.162.231.188 - - [24/Jun/2023:09:58:30 +0800] "GET /xingrg/check_reg.html?_=1687571910612 HTTP/1.1" 200 22
101.83.145.52 - - [24/Jun/2023:09:58:32 +0800] "GET /xingrg/all/function/internal_message.html?_=1687571914891&CODE_STATE=getMsg HTTP/1.1" 200 27
222.69.132.13 - - [24/Jun/2023:09:58:35 +0800] "GET /xingrg/all/function/internal_message.html?_=1687572025500&CODE_STATE=getMsg HTTP/1.1" 200 27
124.77.245.69 - - [24/Jun/2023:09:58:35 +0800] "GET /xingrg/all/function/internal_message.html?_=1687571937280&CODE_STATE=getMsg HTTP/1.1" 200 27
101.83.145.52 - - [24/Jun/2023:09:58:38 +0800] "GET /xingrg/all/function/internal_message.html?_=1687571740492&CODE_STATE=getMsg HTTP/1.1" 200 27
101.83.145.52 - - [24/Jun/2023:09:58:38 +0800] "GET /xingrg/check_reg.html?_=1687571740932 HTTP/1.1" 200 22
116.232.195.127 - - [24/Jun/2023:09:58:44 +0800] "GET /xingrg/all/function/internal_message.html?_=1687571917249&CODE_STATE=getMsg HTTP/1.1" 200 27
218.81.73.96 - - [24/Jun/2023:09:58:45 +0800] "GET /xingrg/all/function/internal_message.html?_=1687571927859&CODE_STATE=getMsg HTTP/1.1" 200 27
124.79.241.217 - - [24/Jun/2023:09:58:47 +0800] "GET /xingrg/all/function/internal_message.html?_=1687572210712&CODE_STATE=getMsg HTTP/1.1" 200 27
180.169.147.146 - - [24/Jun/2023:09:58:52 +0800] "GET /xingrg/all/function/internal_message.html?_=1687571935004&CODE_STATE=getMsg HTTP/1.1" 200 27
114.85.113.108 - - [24/Jun/2023:09:58:54 +0800] "GET /xingrg/check_reg.html?_=1687571932161 HTTP/1.1" 200 22
