180.163.30.27 - - [24/Jun/2023:08:54:00 +0800] "GET /xingrg/all/function/internal_message.html?_=1687567976195&CODE_STATE=count HTTP/1.1" 302 -
180.163.30.27 - - [24/Jun/2023:08:54:00 +0800] "GET /xingrg/login.html HTTP/1.1" 200 7641
180.163.29.103 - - [24/Jun/2023:08:54:00 +0800] "GET /xingrg/check_reg.html?_=1687567976204 HTTP/1.1" 302 -
180.163.29.103 - - [24/Jun/2023:08:54:00 +0800] "GET /xingrg/login.html HTTP/1.1" 200 7641
61.170.233.201 - - [24/Jun/2023:08:54:00 +0800] "GET /xingrg/all/function/internal_message.html?_=1687568036212&CODE_STATE=getMsg HTTP/1.1" 200 27
116.238.191.126 - - [24/Jun/2023:08:54:01 +0800] "GET /xingrg/kc/buy/cgsh_order_operate.html?command=get_materiel&rest_code=00150&code=00101007061&supplier_code=00100096&order_time=2023-06-24 HTTP/1.1" 200 411
61.170.233.201 - - [24/Jun/2023:08:54:01 +0800] "GET /xingrg/kc/buy/cgsh_order_operate.html?command=get_materiel&rest_code=00106&code=00101008155&supplier_code=00100007&order_time=2023-06-24 HTTP/1.1" 200 408
180.163.30.100 - - [24/Jun/2023:08:54:02 +0800] "GET /xingrg/kc/buy/buy_main.html HTTP/1.1" 302 -
180.163.30.100 - - [24/Jun/2023:08:54:02 +0800] "GET /xingrg/login.html HTTP/1.1" 200 7641
124.77.245.69 - - [24/Jun/2023:08:54:04 +0800] "GET /xingrg/kc/buy/cgsh_order_operate.html?command=get_materiel&rest_code=00146&code=00101008004&supplier_code=00100005&order_time=2023-06-24 HTTP/1.1" 200 418
61.170.233.201 - - [24/Jun/2023:08:54:11 +0800] "GET /xingrg/kc/buy/cgsh_order_operate.html?command=get_materiel&rest_code=00106&code=00101008185&supplier_code=00100007&order_time=2023-06-24 HTTP/1.1" 200 408
180.163.28.180 - - [24/Jun/2023:08:54:15 +0800] "GET /xingrg/kc/buy/cgsh_order_add.html HTTP/1.1" 302 -
180.163.28.180 - - [24/Jun/2023:08:54:15 +0800] "GET /xingrg/login.html HTTP/1.1" 200 7641
116.238.191.126 - - [24/Jun/2023:08:54:15 +0800] "GET /xingrg/kc/buy/cgsh_order_operate.html?command=get_materiel&rest_code=00150&code=00101007125&supplier_code=00100096&order_time=2023-06-24 HTTP/1.1" 200 408
58.40.7.146 - - [24/Jun/2023:08:54:16 +0800] "GET /xingrg/check_reg.html?_=1687568056738 HTTP/1.1" 200 22
58.40.7.146 - - [24/Jun/2023:08:54:16 +0800] "GET /xingrg/all/function/internal_message.html?_=1687568056739&CODE_STATE=getMsg HTTP/1.1" 200 27
180.163.29.212 - - [24/Jun/2023:08:54:17 +0800] "GET /xingrg/all/common/auto_word.html?type=employee&rest_code=00106 HTTP/1.1" 302 -
180.163.29.212 - - [24/Jun/2023:08:54:17 +0800] "GET /xingrg/login.html HTTP/1.1" 200 7641
124.77.245.69 - - [24/Jun/2023:08:54:20 +0800] "GET /xingrg/kc/buy/cgsh_order_operate.html?command=get_materiel&rest_code=00146&code=00101008356&supplier_code=00100005&order_time=2023-06-24 HTTP/1.1" 200 408
114.85.113.108 - - [24/Jun/2023:08:54:20 +0800] "GET /xingrg/all/function/internal_message.html?_=1687568058322&CODE_STATE=getMsg HTTP/1.1" 200 27
61.170.233.201 - - [24/Jun/2023:08:54:20 +0800] "GET /xingrg/kc/buy/cgsh_order_operate.html?command=get_materiel&rest_code=00106&code=00101008224&supplier_code=00100007&order_time=2023-06-24 HTTP/1.1" 200 416
172.20.0.100 - - [24/Jun/2023:08:54:22 +0800] "GET /xingrg/all/function/internal_message.html?_=1687568062251&CODE_STATE=getMsg HTTP/1.1" 200 27
124.77.245.69 - - [24/Jun/2023:08:54:23 +0800] "POST /xingrg/kc/buy/cgsh_order_operate.html HTTP/1.1" 200 2065
116.238.191.126 - - [24/Jun/2023:08:54:27 +0800] "GET /xingrg/all/function/internal_message.html?_=1687567991987&CODE_STATE=getMsg HTTP/1.1" 200 27
61.170.233.201 - - [24/Jun/2023:08:54:27 +0800] "GET /xingrg/kc/buy/cgsh_order_operate.html?command=get_materiel&rest_code=00106&code=00101008163&supplier_code=00100007&order_time=2023-06-24 HTTP/1.1" 200 409
116.238.191.126 - - [24/Jun/2023:08:54:28 +0800] "GET /xingrg/kc/buy/cgsh_order_operate.html?command=get_materiel&rest_code=00150&code=00101007049&supplier_code=00100096&order_time=2023-06-24 HTTP/1.1" 200 428
180.163.28.55 - - [24/Jun/2023:08:54:30 +0800] "GET /xingrg/kc/buy/cgsh_order_operate.html?command=get_materiel&rest_code=00106&code=00101008091&supplier_code=00100007&order_time=2023-06-24 HTTP/1.1" 302 -
180.163.28.55 - - [24/Jun/2023:08:54:30 +0800] "GET /xingrg/login.html HTTP/1.1" 200 7641
124.77.245.69 - - [24/Jun/2023:08:54:30 +0800] "GET /xingrg/all/function/internal_message.html?_=1687568091637&CODE_STATE=getMsg HTTP/1.1" 200 27
180.162.231.188 - - [24/Jun/2023:08:54:30 +0800] "GET /xingrg/all/function/internal_message.html?_=1687568070614&CODE_STATE=getMsg HTTP/1.1" 200 27
101.83.145.52 - - [24/Jun/2023:08:54:32 +0800] "GET /xingrg/all/function/internal_message.html?_=1687568074874&CODE_STATE=getMsg HTTP/1.1" 200 27
124.77.245.69 - - [24/Jun/2023:08:54:34 +0800] "GET /xingrg/kc/buy/cgsh_order_operate.html?command=get_materiel&rest_code=00146&code=00101008196&supplier_code=00100005&order_time=2023-06-24 HTTP/1.1" 200 416
222.69.131.199 - - [24/Jun/2023:08:54:34 +0800] "GET /xingrg/all/function/internal_message.html?_=1687568073526&CODE_STATE=getMsg HTTP/1.1" 200 27
61.170.233.201 - - [24/Jun/2023:08:54:37 +0800] "GET /xingrg/kc/buy/cgsh_order_operate.html?command=get_materiel&rest_code=00106&code=00101008004&supplier_code=00100007&order_time=2023-06-24 HTTP/1.1" 200 416
101.83.145.52 - - [24/Jun/2023:08:54:37 +0800] "GET /xingrg/all/function/internal_message.html?_=1687567900331&CODE_STATE=getMsg HTTP/1.1" 200 27
116.232.195.127 - - [24/Jun/2023:08:54:44 +0800] "GET /xingrg/check_reg.html?_=1687568077248 HTTP/1.1" 200 22
116.232.195.127 - - [24/Jun/2023:08:54:44 +0800] "GET /xingrg/all/function/internal_message.html?_=1687568077251&CODE_STATE=getMsg HTTP/1.1" 200 27
61.170.233.201 - - [24/Jun/2023:08:54:45 +0800] "GET /xingrg/kc/buy/cgsh_order_operate.html?command=get_materiel&rest_code=00106&code=00101008264&supplier_code=00100007&order_time=2023-06-24 HTTP/1.1" 200 412
124.77.245.69 - - [24/Jun/2023:08:54:47 +0800] "GET /xingrg/kc/buy/cgsh_order_operate.html?command=get_materiel&rest_code=00146&code=00101008197&supplier_code=00100005&order_time=2023-06-24 HTTP/1.1" 200 416
180.169.147.146 - - [24/Jun/2023:08:54:53 +0800] "GET /xingrg/all/function/internal_message.html?_=1687568096068&CODE_STATE=getMsg HTTP/1.1" 200 27
61.170.233.201 - - [24/Jun/2023:08:54:58 +0800] "GET /xingrg/kc/buy/cgsh_order_operate.html?command=get_materiel&rest_code=00106&code=00101008439&supplier_code=00100007&order_time=2023-06-24 HTTP/1.1" 200 413
61.170.233.201 - - [24/Jun/2023:08:55:00 +0800] "GET /xingrg/all/function/internal_message.html?_=1687568096220&CODE_STATE=getMsg HTTP/1.1" 200 27
116.238.191.126 - - [24/Jun/2023:08:55:04 +0800] "POST /xingrg/kc/buy/cgsh_order_operate.html HTTP/1.1" 200 37
222.69.131.199 - - [24/Jun/2023:08:55:04 +0800] "GET /xingrg/kc/buy/cgsh_order_operate.html?command=get_materiel&rest_code=00149&code=00101009004&supplier_code=00100008&order_time=2023-06-24 HTTP/1.1" 200 409
124.77.245.69 - - [24/Jun/2023:08:55:06 +0800] "GET /xingrg/kc/buy/cgsh_order_operate.html?command=get_materiel&rest_code=00146&code=00101008286&supplier_code=00100005&order_time=2023-06-24 HTTP/1.1" 200 408
61.170.233.201 - - [24/Jun/2023:08:55:12 +0800] "GET /xingrg/kc/buy/cgsh_order_operate.html?command=get_materiel&rest_code=00106&code=00101008230&supplier_code=00100007&order_time=2023-06-24 HTTP/1.1" 200 408
58.40.7.146 - - [24/Jun/2023:08:55:16 +0800] "GET /xingrg/all/function/internal_message.html?_=1687568116741&CODE_STATE=getMsg HTTP/1.1" 200 27
124.77.245.69 - - [24/Jun/2023:08:55:16 +0800] "GET /xingrg/kc/buy/cgsh_order_operate.html?command=get_materiel&rest_code=00146&code=00101008036&supplier_code=00100005&order_time=2023-06-24 HTTP/1.1" 200 408
116.238.191.126 - - [24/Jun/2023:08:55:16 +0800] "POST /xingrg/kc/buy/cgsh_order_operate.html HTTP/1.1" 200 12
114.85.113.108 - - [24/Jun/2023:08:55:20 +0800] "GET /xingrg/all/function/internal_message.html?_=1687568118305&CODE_STATE=getMsg HTTP/1.1" 200 27
116.238.191.126 - - [24/Jun/2023:08:55:21 +0800] "GET /xingrg/kc/buy/cgsh_order_info.html?code=212023062408677 HTTP/1.1" 200 66595
116.238.191.126 - - [24/Jun/2023:08:55:22 +0800] "GET /xingrg/javascript/easyui/themes/default/validatebox.css HTTP/1.1" 404 1104
172.20.0.100 - - [24/Jun/2023:08:55:22 +0800] "GET /xingrg/all/function/internal_message.html?_=1687568122251&CODE_STATE=getMsg HTTP/1.1" 200 27
116.238.191.126 - - [24/Jun/2023:08:55:27 +0800] "GET /xingrg/check_reg.html?_=1687568051706 HTTP/1.1" 200 22
116.238.191.126 - - [24/Jun/2023:08:55:27 +0800] "GET /xingrg/all/function/internal_message.html?_=1687568052000&CODE_STATE=getMsg HTTP/1.1" 200 27
124.77.245.69 - - [24/Jun/2023:08:55:30 +0800] "GET /xingrg/all/function/internal_message.html?_=1687568151650&CODE_STATE=getMsg HTTP/1.1" 200 27
180.162.231.188 - - [24/Jun/2023:08:55:30 +0800] "GET /xingrg/all/function/internal_message.html?_=1687568130605&CODE_STATE=getMsg HTTP/1.1" 200 27
101.83.145.52 - - [24/Jun/2023:08:55:31 +0800] "POST /xingrg/services/DataTransmitService HTTP/1.1" 200 524
116.238.191.126 - - [24/Jun/2023:08:55:32 +0800] "POST /xingrg/kc/buy/cgsh_order_operate.html HTTP/1.1" 200 15
101.83.145.52 - - [24/Jun/2023:08:55:32 +0800] "GET /xingrg/all/function/internal_message.html?_=1687568134875&CODE_STATE=getMsg HTTP/1.1" 200 27
124.79.73.155 - - [24/Jun/2023:08:55:33 +0800] "POST /xingrg/services/DataTransmitService HTTP/1.1" 200 524
180.163.28.143 - - [24/Jun/2023:08:55:34 +0800] "GET /xingrg/kc/buy/cgsh_order_operate.html?command=get_materiel&rest_code=00106&code=00101008004&supplier_code=00100007&order_time=2023-06-24 HTTP/1.1" 302 -
180.163.28.143 - - [24/Jun/2023:08:55:34 +0800] "GET /xingrg/login.html HTTP/1.1" 200 7641
222.69.131.199 - - [24/Jun/2023:08:55:34 +0800] "GET /xingrg/all/function/internal_message.html?_=1687568133530&CODE_STATE=getMsg HTTP/1.1" 200 27
222.69.131.199 - - [24/Jun/2023:08:55:34 +0800] "GET /xingrg/check_reg.html?_=1687568133533 HTTP/1.1" 200 22
101.83.145.52 - - [24/Jun/2023:08:55:37 +0800] "GET /xingrg/all/function/internal_message.html?_=1687567960314&CODE_STATE=getMsg HTTP/1.1" 200 27
222.69.131.199 - - [24/Jun/2023:08:55:38 +0800] "POST /xingrg/kc/buy/cgsh_order_operate.html HTTP/1.1" 200 37
61.170.233.201 - - [24/Jun/2023:08:55:42 +0800] "GET /xingrg/kc/buy/cgsh_order_operate.html?command=get_materiel&rest_code=00106&code=00101008286&supplier_code=00100007&order_time=2023-06-24 HTTP/1.1" 200 408
116.238.191.126 - - [24/Jun/2023:08:55:43 +0800] "GET /xingrg/kc/print/load_data.html?order_code=212023062408677&kc_code=cgsh&condition= HTTP/1.1" 200 3626
116.232.195.127 - - [24/Jun/2023:08:55:44 +0800] "GET /xingrg/all/function/internal_message.html?_=1687568137257&CODE_STATE=getMsg HTTP/1.1" 200 27
124.77.245.69 - - [24/Jun/2023:08:55:44 +0800] "GET /xingrg/kc/buy/cgsh_order_operate.html?command=get_materiel&rest_code=00146&code=00101008131&supplier_code=00100005&order_time=2023-06-24 HTTP/1.1" 200 23
180.169.147.146 - - [24/Jun/2023:08:55:53 +0800] "GET /xingrg/all/function/internal_message.html?_=1687568156051&CODE_STATE=getMsg HTTP/1.1" 200 27
61.170.233.201 - - [24/Jun/2023:08:56:00 +0800] "GET /xingrg/all/function/internal_message.html?_=1687568156238&CODE_STATE=getMsg HTTP/1.1" 200 27
222.70.180.90 - - [24/Jun/2023:08:56:02 +0800] "POST /xingrg/kc/buy/cgsh_list_operate.html HTTP/1.1" 302 -
222.70.180.90 - - [24/Jun/2023:08:56:02 +0800] "GET /xingrg/login.html HTTP/1.1" 200 7641
222.70.180.90 - - [24/Jun/2023:08:56:02 +0800] "GET /xingrg/kc/buy/images/blue/login_bg.png HTTP/1.1" 404 1070
222.70.180.90 - - [24/Jun/2023:08:56:02 +0800] "GET /xingrg/kc/buy/images/blue/srbg.png HTTP/1.1" 404 1062
222.70.180.90 - - [24/Jun/2023:08:56:02 +0800] "GET /xingrg/kc/buy/images/blue/hj.png HTTP/1.1" 404 1058
222.70.180.90 - - [24/Jun/2023:08:56:03 +0800] "GET /xingrg/javascript/jquery_tools/images/next.gif HTTP/1.1" 404 1086
222.70.180.90 - - [24/Jun/2023:08:56:03 +0800] "GET /xingrg/javascript/jquery_tools/images/prev.gif HTTP/1.1" 404 1086
124.77.245.69 - - [24/Jun/2023:08:56:04 +0800] "POST /xingrg/kc/buy/cgsh_order_operate.html HTTP/1.1" 200 37
222.69.131.199 - - [24/Jun/2023:08:56:05 +0800] "POST /xingrg/kc/buy/cgsh_order_operate.html HTTP/1.1" 200 12
61.170.233.201 - - [24/Jun/2023:08:56:06 +0800] "GET /xingrg/kc/buy/cgsh_order_operate.html?command=get_materiel&rest_code=00106&code=00101008036&supplier_code=00100007&order_time=2023-06-24 HTTP/1.1" 200 408
180.163.28.143 - - [24/Jun/2023:08:56:07 +0800] "GET /xingrg/kc/buy/cgsh_order_operate.html?command=get_materiel&rest_code=00106&code=00101008230&supplier_code=00100007&order_time=2023-06-24 HTTP/1.1" 302 -
180.163.28.143 - - [24/Jun/2023:08:56:07 +0800] "GET /xingrg/login.html HTTP/1.1" 200 7641
222.69.131.199 - - [24/Jun/2023:08:56:11 +0800] "GET /xingrg/kc/buy/cgsh_order_info.html?code=212023062408676 HTTP/1.1" 200 66633
222.69.131.199 - - [24/Jun/2023:08:56:12 +0800] "GET /xingrg/javascript/easyui/themes/default/validatebox.css HTTP/1.1" 404 1104
124.77.245.69 - - [24/Jun/2023:08:56:12 +0800] "POST /xingrg/kc/buy/cgsh_order_operate.html HTTP/1.1" 200 21590
222.69.131.199 - - [24/Jun/2023:08:56:13 +0800] "POST /xingrg/kc/buy/cgsh_order_operate.html HTTP/1.1" 200 33135
58.40.7.146 - - [24/Jun/2023:08:56:16 +0800] "GET /xingrg/all/function/internal_message.html?_=1687568176742&CODE_STATE=getMsg HTTP/1.1" 200 27
61.170.233.201 - - [24/Jun/2023:08:56:19 +0800] "GET /xingrg/kc/buy/cgsh_order_operate.html?command=get_materiel&rest_code=00106&code=00101008318&supplier_code=00100007&order_time=2023-06-24 HTTP/1.1" 200 408
114.85.113.108 - - [24/Jun/2023:08:56:20 +0800] "GET /xingrg/all/function/internal_message.html?_=1687568178279&CODE_STATE=getMsg HTTP/1.1" 200 27
222.69.131.199 - - [24/Jun/2023:08:56:22 +0800] "GET /xingrg/kc/print/load_config.html?kc_code=cgsh HTTP/1.1" 200 1924
172.20.0.100 - - [24/Jun/2023:08:56:22 +0800] "GET /xingrg/all/function/internal_message.html?_=1687568182252&CODE_STATE=getMsg HTTP/1.1" 200 27
172.20.0.100 - - [24/Jun/2023:08:56:22 +0800] "GET /xingrg/check_reg.html?_=1687568182252 HTTP/1.1" 200 22
222.69.131.199 - - [24/Jun/2023:08:56:23 +0800] "GET /xingrg/kc/print/load_data.html?order_code=212023062408676&kc_code=cgsh&condition= HTTP/1.1" 200 13002
116.238.191.126 - - [24/Jun/2023:08:56:27 +0800] "GET /xingrg/all/function/internal_message.html?_=1687568112014&CODE_STATE=getMsg HTTP/1.1" 200 27
124.77.245.69 - - [24/Jun/2023:08:56:29 +0800] "GET /xingrg/login.html HTTP/1.1" 200 7641
124.77.245.69 - - [24/Jun/2023:08:56:29 +0800] "GET /favicon.ico HTTP/1.1" 404 -
180.162.231.188 - - [24/Jun/2023:08:56:30 +0800] "GET /xingrg/all/function/internal_message.html?_=1687568190620&CODE_STATE=getMsg HTTP/1.1" 200 27
61.170.233.201 - - [24/Jun/2023:08:56:30 +0800] "GET /xingrg/kc/buy/cgsh_order_operate.html?command=get_materiel&rest_code=00106&code=00101008352&supplier_code=00100007&order_time=2023-06-24 HTTP/1.1" 200 412
101.83.145.52 - - [24/Jun/2023:08:56:32 +0800] "GET /xingrg/all/function/internal_message.html?_=1687568194876&CODE_STATE=getMsg HTTP/1.1" 200 27
124.77.245.69 - - [24/Jun/2023:08:56:32 +0800] "POST /xingrg/login.do HTTP/1.1" 302 -
124.77.245.69 - - [24/Jun/2023:08:56:32 +0800] "GET /xingrg/index.html?sysBaseUrl=http%3A%2F%2F180.169.147.146%3A18081%2Fxingrg%2F&costTime=1466×tamp=1687568192493 HTTP/1.1" 200 17179
124.77.245.69 - - [24/Jun/2023:08:56:32 +0800] "GET /xingrg/javascript/jquery_easy_ui/themes/default/easyui.css HTTP/1.1" 304 -
124.77.245.69 - - [24/Jun/2023:08:56:32 +0800] "GET /xingrg/css/form.css HTTP/1.1" 304 -
124.77.245.69 - - [24/Jun/2023:08:56:32 +0800] "GET /xingrg/javascript/jquery_easy_ui/themes/icon.css HTTP/1.1" 304 -
124.77.245.69 - - [24/Jun/2023:08:56:32 +0800] "GET /xingrg/javascript/jquery.form.js HTTP/1.1" 304 -
124.77.245.69 - - [24/Jun/2023:08:56:32 +0800] "GET /xingrg/javascript/jquery-1.4.2.min.js HTTP/1.1" 304 -
124.77.245.69 - - [24/Jun/2023:08:56:32 +0800] "GET /xingrg/javascript/jquery_easy_ui/jquery.easyui.min.js HTTP/1.1" 304 -
124.77.245.69 - - [24/Jun/2023:08:56:32 +0800] "GET /xingrg/javascript/jquery_easy_ui/easyui-lang-zh_CN.js HTTP/1.1" 304 -
124.77.245.69 - - [24/Jun/2023:08:56:32 +0800] "GET /xingrg/javascript/jquery.utils.js HTTP/1.1" 304 -
124.77.245.69 - - [24/Jun/2023:08:56:32 +0800] "GET /xingrg/javascript/jquery.timers.js HTTP/1.1" 304 -
124.77.245.69 - - [24/Jun/2023:08:56:32 +0800] "GET /favicon.ico HTTP/1.1" 404 -
124.77.245.69 - - [24/Jun/2023:08:56:32 +0800] "GET /xingrg/all/function/internal_message.html?_=1687568214179&CODE_STATE=count HTTP/1.1" 200 11
124.77.245.69 - - [24/Jun/2023:08:56:32 +0800] "GET /xingrg/check_reg.html?_=1687568214180 HTTP/1.1" 200 22
124.77.245.69 - - [24/Jun/2023:08:56:32 +0800] "POST /xingrg/all/common/load_tree.html?tree=area_rest_tree_json&manage=1 HTTP/1.1" 200 479
124.77.245.69 - - [24/Jun/2023:08:56:33 +0800] "POST /xingrg/load_menu.html HTTP/1.1" 200 5138
222.69.131.199 - - [24/Jun/2023:08:56:34 +0800] "GET /xingrg/all/function/internal_message.html?_=1687568193525&CODE_STATE=getMsg HTTP/1.1" 200 27
101.83.145.52 - - [24/Jun/2023:08:56:37 +0800] "GET /xingrg/all/function/internal_message.html?_=1687568020332&CODE_STATE=getMsg HTTP/1.1" 200 27
124.77.245.69 - - [24/Jun/2023:08:56:38 +0800] "GET /xingrg/kc/buy/cgsh_order_list.html HTTP/1.1" 200 55860
124.77.245.69 - - [24/Jun/2023:08:56:38 +0800] "GET /xingrg/css/base.css HTTP/1.1" 304 -
124.77.245.69 - - [24/Jun/2023:08:56:38 +0800] "GET /xingrg/javascript/jquery_tools/datebox.css HTTP/1.1" 304 -
124.77.245.69 - - [24/Jun/2023:08:56:38 +0800] "GET /xingrg/javascript/easyui/themes/default/easyui.css HTTP/1.1" 304 -
124.77.245.69 - - [24/Jun/2023:08:56:38 +0800] "GET /xingrg/javascript/easyui/themes/icon.css HTTP/1.1" 304 -
124.77.245.69 - - [24/Jun/2023:08:56:38 +0800] "GET /xingrg/css/site.css HTTP/1.1" 304 -
124.77.245.69 - - [24/Jun/2023:08:56:38 +0800] "GET /xingrg/javascript/auto/jquery.autocomplete.css HTTP/1.1" 304 -
124.77.245.69 - - [24/Jun/2023:08:56:38 +0800] "GET /xingrg/javascript/jquery_tools/fix.css HTTP/1.1" 304 -
124.77.245.69 - - [24/Jun/2023:08:56:38 +0800] "GET /xingrg/javascript/jquery_tools/table.css HTTP/1.1" 304 -
124.77.245.69 - - [24/Jun/2023:08:56:38 +0800] "GET /xingrg/javascript/jquery_tools/jquery.tools.min.js HTTP/1.1" 304 -
124.77.245.69 - - [24/Jun/2023:08:56:38 +0800] "GET /xingrg/javascript/jquery_tools/jquery.tools.extend.js HTTP/1.1" 304 -
124.77.245.69 - - [24/Jun/2023:08:56:38 +0800] "GET /xingrg/javascript/jquery_tools/jquery.tools.table.js HTTP/1.1" 304 -
124.77.245.69 - - [24/Jun/2023:08:56:38 +0800] "GET /xingrg/javascript/jquery_tools/jquery.tools.hotkey.js HTTP/1.1" 304 -
124.77.245.69 - - [24/Jun/2023:08:56:38 +0800] "GET /xingrg/javascript/jquery_tools/list_manager.js HTTP/1.1" 304 -
124.77.245.69 - - [24/Jun/2023:08:56:38 +0800] "GET /xingrg/javascript/auto/jquery.autocomplete.js HTTP/1.1" 304 -
124.77.245.69 - - [24/Jun/2023:08:56:38 +0800] "GET /xingrg/javascript/jquery.cookie.js HTTP/1.1" 304 -
124.77.245.69 - - [24/Jun/2023:08:56:38 +0800] "GET /xingrg/javascript/easyui/easyloader.js HTTP/1.1" 304 -
124.77.245.69 - - [24/Jun/2023:08:56:38 +0800] "GET /xingrg/javascript/print/LodopFuncs.js HTTP/1.1" 304 -
61.170.233.201 - - [24/Jun/2023:08:56:38 +0800] "GET /xingrg/kc/buy/cgsh_order_operate.html?command=get_materiel&rest_code=00106&code=00101008005&supplier_code=00100007&order_time=2023-06-24 HTTP/1.1" 200 412
124.77.245.69 - - [24/Jun/2023:08:56:38 +0800] "GET /xingrg/javascript/easyui/plugins/jquery.parser.js HTTP/1.1" 304 -
124.77.245.69 - - [24/Jun/2023:08:56:43 +0800] "POST /xingrg/kc/buy/cgsh_list_operate.html HTTP/1.1" 200 1867
116.232.195.127 - - [24/Jun/2023:08:56:44 +0800] "GET /xingrg/all/function/internal_message.html?_=1687568197261&CODE_STATE=getMsg HTTP/1.1" 200 27
61.170.233.201 - - [24/Jun/2023:08:56:49 +0800] "POST /xingrg/kc/buy/cgsh_order_operate.html HTTP/1.1" 200 37
180.169.147.146 - - [24/Jun/2023:08:56:53 +0800] "GET /xingrg/all/function/internal_message.html?_=1687568216034&CODE_STATE=getMsg HTTP/1.1" 200 27
222.70.180.90 - - [24/Jun/2023:08:56:54 +0800] "POST /xingrg/services/DataTransmitService HTTP/1.1" 200 524
61.170.233.201 - - [24/Jun/2023:08:56:54 +0800] "POST /xingrg/kc/buy/cgsh_order_operate.html HTTP/1.1" 200 10339
222.70.180.90 - - [24/Jun/2023:08:56:55 +0800] "GET /xingrg/all/function/internal_message.html?_=1687568211925&CODE_STATE=getMsg HTTP/1.1" 302 -
222.70.180.90 - - [24/Jun/2023:08:56:55 +0800] "GET /xingrg/login.html HTTP/1.1" 200 7641
124.77.245.69 - - [24/Jun/2023:08:56:57 +0800] "POST /xingrg/kc/buy/cgsh_list_operate.html HTTP/1.1" 200 571
180.163.30.85 - - [24/Jun/2023:08:57:00 +0800] "GET /xingrg/all/function/internal_message.html?_=1687568156238&CODE_STATE=getMsg HTTP/1.1" 302 -
180.163.30.85 - - [24/Jun/2023:08:57:00 +0800] "GET /xingrg/login.html HTTP/1.1" 200 7641
124.77.245.69 - - [24/Jun/2023:08:57:00 +0800] "GET /xingrg/kc/buy/cgsh_order_info.html?code=212023062408678 HTTP/1.1" 200 71645
124.77.245.69 - - [24/Jun/2023:08:57:00 +0800] "GET /xingrg/javascript/pic_change.js HTTP/1.1" 304 -
124.77.245.69 - - [24/Jun/2023:08:57:00 +0800] "GET /xingrg/javascript/jquery_tools/order_manager.js HTTP/1.1" 304 -
124.77.245.69 - - [24/Jun/2023:08:57:00 +0800] "GET /xingrg/javascript/convert.js HTTP/1.1" 304 -
124.77.245.69 - - [24/Jun/2023:08:57:00 +0800] "GET /xingrg/javascript/json2.js HTTP/1.1" 304 -
124.77.245.69 - - [24/Jun/2023:08:57:00 +0800] "GET /xingrg/javascript/print/kc_print.js HTTP/1.1" 304 -
124.77.245.69 - - [24/Jun/2023:08:57:00 +0800] "GET /xingrg/words/20230623125100_words.js HTTP/1.1" 304 -
61.170.233.201 - - [24/Jun/2023:08:57:00 +0800] "GET /xingrg/all/function/internal_message.html?_=1687568216214&CODE_STATE=getMsg HTTP/1.1" 200 27
124.77.245.69 - - [24/Jun/2023:08:57:00 +0800] "GET /xingrg/javascript/easyui/themes/default/validatebox.css HTTP/1.1" 404 1104
124.77.245.69 - - [24/Jun/2023:08:57:00 +0800] "GET /xingrg/javascript/easyui/plugins/jquery.validatebox.js HTTP/1.1" 304 -
124.77.245.69 - - [24/Jun/2023:08:57:00 +0800] "GET /xingrg/javascript/easyui/plugins/jquery.numberbox.js HTTP/1.1" 304 -
124.77.245.69 - - [24/Jun/2023:08:57:00 +0800] "GET /xingrg/all/common/auto_word.html?type=employee&rest_code=00146 HTTP/1.1" 200 101
124.77.245.69 - - [24/Jun/2023:08:57:00 +0800] "GET /xingrg/all/common/auto_word.html?type=employee&rest_code=00146 HTTP/1.1" 200 101
124.77.245.69 - - [24/Jun/2023:08:57:01 +0800] "POST /xingrg/kc/buy/cgsh_order_operate.html HTTP/1.1" 200 21590
61.170.233.201 - - [24/Jun/2023:08:57:04 +0800] "GET /xingrg/kc/buy/cgsh_order_operate.html?command=get_materiel&rest_code=00106&code=00101008085&supplier_code=00100007&order_time=2023-06-24 HTTP/1.1" 200 412
124.77.245.69 - - [24/Jun/2023:08:57:12 +0800] "GET /xingrg/javascript/auto/indicator.gif HTTP/1.1" 404 1066
58.40.7.146 - - [24/Jun/2023:08:57:16 +0800] "GET /xingrg/all/function/internal_message.html?_=1687568236728&CODE_STATE=getMsg HTTP/1.1" 200 27
124.77.245.69 - - [24/Jun/2023:08:57:17 +0800] "GET /xingrg/kc/buy/cgsh_order_operate.html?command=get_materiel&rest_code=00146&code=00101008131&supplier_code=00100005&order_time=2023-06-24 HTTP/1.1" 200 409
61.170.233.201 - - [24/Jun/2023:08:57:18 +0800] "GET /xingrg/kc/buy/cgsh_order_operate.html?command=get_materiel&rest_code=00106&code=00101008353&supplier_code=00100007&order_time=2023-06-24 HTTP/1.1" 200 408
114.85.113.108 - - [24/Jun/2023:08:57:20 +0800] "GET /xingrg/all/function/internal_message.html?_=1687568238266&CODE_STATE=getMsg HTTP/1.1" 200 27
172.20.0.100 - - [24/Jun/2023:08:57:22 +0800] "GET /xingrg/all/function/internal_message.html?_=1687568242252&CODE_STATE=getMsg HTTP/1.1" 200 27
116.238.191.126 - - [24/Jun/2023:08:57:27 +0800] "GET /xingrg/all/function/internal_message.html?_=1687568172190&CODE_STATE=getMsg HTTP/1.1" 200 27
61.170.233.201 - - [24/Jun/2023:08:57:28 +0800] "GET /xingrg/kc/buy/cgsh_order_operate.html?command=get_materiel&rest_code=00106&code=00101008114&supplier_code=00100007&order_time=2023-06-24 HTTP/1.1" 200 412
180.162.231.188 - - [24/Jun/2023:08:57:30 +0800] "GET /xingrg/all/function/internal_message.html?_=1687568250614&CODE_STATE=getMsg HTTP/1.1" 200 27
101.83.145.52 - - [24/Jun/2023:08:57:32 +0800] "GET /xingrg/all/function/internal_message.html?_=1687568254881&CODE_STATE=getMsg HTTP/1.1" 200 27
101.83.145.52 - - [24/Jun/2023:08:57:32 +0800] "GET /xingrg/check_reg.html?_=1687568254877 HTTP/1.1" 200 22
124.77.245.69 - - [24/Jun/2023:08:57:32 +0800] "GET /xingrg/all/function/internal_message.html?_=1687568274191&CODE_STATE=getMsg HTTP/1.1" 200 27
222.69.131.199 - - [24/Jun/2023:08:57:34 +0800] "GET /xingrg/all/function/internal_message.html?_=1687568253526&CODE_STATE=getMsg HTTP/1.1" 200 27
222.70.180.90 - - [24/Jun/2023:08:57:37 +0800] "POST /xingrg/services/DataTransmitService HTTP/1.1" 200 501
101.83.145.52 - - [24/Jun/2023:08:57:37 +0800] "GET /xingrg/all/function/internal_message.html?_=1687568080319&CODE_STATE=getMsg HTTP/1.1" 200 27
61.170.233.201 - - [24/Jun/2023:08:57:39 +0800] "GET /xingrg/kc/buy/cgsh_order_operate.html?command=get_materiel&rest_code=00106&code=00101008201&supplier_code=00100007&order_time=2023-06-24 HTTP/1.1" 200 412
222.70.180.90 - - [24/Jun/2023:08:57:39 +0800] "POST /xingrg/services/DataTransmitService HTTP/1.1" 200 501
124.77.245.69 - - [24/Jun/2023:08:57:40 +0800] "GET /xingrg/kc/buy/cgsh_order_operate.html?command=get_materiel&rest_code=00146&code=00101008352&supplier_code=00100005&order_time=2023-06-24 HTTP/1.1" 200 414
61.170.233.201 - - [24/Jun/2023:08:57:42 +0800] "POST /xingrg/kc/buy/cgsh_order_operate.html HTTP/1.1" 200 2065
116.232.195.127 - - [24/Jun/2023:08:57:44 +0800] "GET /xingrg/all/function/internal_message.html?_=1687568257253&CODE_STATE=getMsg HTTP/1.1" 200 27
61.170.233.201 - - [24/Jun/2023:08:57:51 +0800] "GET /xingrg/kc/buy/cgsh_order_operate.html?command=get_materiel&rest_code=00106&code=00101008312&supplier_code=00100007&order_time=2023-06-24 HTTP/1.1" 200 412
180.169.147.146 - - [24/Jun/2023:08:57:53 +0800] "GET /xingrg/all/function/internal_message.html?_=1687568276017&CODE_STATE=getMsg HTTP/1.1" 200 27
222.70.180.90 - - [24/Jun/2023:08:57:55 +0800] "GET /xingrg/all/function/internal_message.html?_=1687568271906&CODE_STATE=getMsg HTTP/1.1" 302 -
222.70.180.90 - - [24/Jun/2023:08:57:55 +0800] "GET /xingrg/check_reg.html?_=1687568271937 HTTP/1.1" 302 -
180.163.29.212 - - [24/Jun/2023:08:57:59 +0800] "GET /xingrg/kc/buy/cgsh_order_operate.html?command=get_materiel&rest_code=00106&code=00101008085&supplier_code=00100007&order_time=2023-06-24 HTTP/1.1" 302 -
180.163.29.212 - - [24/Jun/2023:08:57:59 +0800] "GET /xingrg/login.html HTTP/1.1" 200 7641
61.170.233.201 - - [24/Jun/2023:08:58:00 +0800] "GET /xingrg/check_reg.html?_=1687568276225 HTTP/1.1" 200 22
61.170.233.201 - - [24/Jun/2023:08:58:00 +0800] "GET /xingrg/all/function/internal_message.html?_=1687568276227&CODE_STATE=getMsg HTTP/1.1" 200 27
124.77.245.69 - - [24/Jun/2023:08:58:00 +0800] "GET /xingrg/kc/buy/cgsh_order_operate.html?command=get_materiel&rest_code=00146&code=00101008005&supplier_code=00100005&order_time=2023-06-24 HTTP/1.1" 200 412
61.170.233.201 - - [24/Jun/2023:08:58:01 +0800] "GET /xingrg/kc/buy/cgsh_order_operate.html?command=get_materiel&rest_code=00106&code=00101011001&supplier_code=00100007&order_time=2023-06-24 HTTP/1.1" 200 423
180.169.147.146 - - [24/Jun/2023:08:58:10 +0800] "GET /xingrg/check_reg.html?_=1687568292743 HTTP/1.1" 200 22
222.70.180.90 - - [24/Jun/2023:08:58:12 +0800] "POST /xingrg/services/DataTransmitService HTTP/1.1" 200 501
124.77.245.69 - - [24/Jun/2023:08:58:12 +0800] "GET /xingrg/kc/buy/cgsh_order_operate.html?command=get_materiel&rest_code=00146&code=00101008353&supplier_code=00100005&order_time=2023-06-24 HTTP/1.1" 200 408
61.170.233.201 - - [24/Jun/2023:08:58:16 +0800] "GET /xingrg/kc/buy/cgsh_order_operate.html?command=get_materiel&rest_code=00106&code=00101008134&supplier_code=00100007&order_time=2023-06-24 HTTP/1.1" 200 412
58.40.7.146 - - [24/Jun/2023:08:58:16 +0800] "GET /xingrg/all/function/internal_message.html?_=1687568296731&CODE_STATE=getMsg HTTP/1.1" 200 27
124.77.245.69 - - [24/Jun/2023:08:58:17 +0800] "POST /xingrg/kc/buy/cgsh_order_operate.html HTTP/1.1" 200 2065
114.85.113.108 - - [24/Jun/2023:08:58:20 +0800] "GET /xingrg/all/function/internal_message.html?_=1687568298251&CODE_STATE=getMsg HTTP/1.1" 200 27
172.20.0.100 - - [24/Jun/2023:08:58:22 +0800] "GET /xingrg/all/function/internal_message.html?_=1687568302251&CODE_STATE=getMsg HTTP/1.1" 200 27
61.170.233.201 - - [24/Jun/2023:08:58:27 +0800] "GET /xingrg/kc/buy/cgsh_order_operate.html?command=get_materiel&rest_code=00106&code=00101011005&supplier_code=00100007&order_time=2023-06-24 HTTP/1.1" 200 428
116.238.191.126 - - [24/Jun/2023:08:58:27 +0800] "GET /xingrg/all/function/internal_message.html?_=1687568232196&CODE_STATE=getMsg HTTP/1.1" 200 27
180.162.231.188 - - [24/Jun/2023:08:58:30 +0800] "GET /xingrg/all/function/internal_message.html?_=1687568310615&CODE_STATE=getMsg HTTP/1.1" 200 27
180.162.231.188 - - [24/Jun/2023:08:58:30 +0800] "GET /xingrg/check_reg.html?_=1687568310617 HTTP/1.1" 200 22
101.83.145.52 - - [24/Jun/2023:08:58:32 +0800] "GET /xingrg/all/function/internal_message.html?_=1687568314880&CODE_STATE=getMsg HTTP/1.1" 200 27
124.77.245.69 - - [24/Jun/2023:08:58:32 +0800] "GET /xingrg/all/function/internal_message.html?_=1687568334203&CODE_STATE=getMsg HTTP/1.1" 200 27
124.77.245.69 - - [24/Jun/2023:08:58:33 +0800] "GET /xingrg/kc/buy/cgsh_order_operate.html?command=get_materiel&rest_code=00146&code=00101008036&supplier_code=00100005&order_time=2023-06-24 HTTP/1.1" 200 408
222.69.131.199 - - [24/Jun/2023:08:58:34 +0800] "GET /xingrg/all/function/internal_message.html?_=1687568313526&CODE_STATE=getMsg HTTP/1.1" 200 27
101.83.145.52 - - [24/Jun/2023:08:58:37 +0800] "GET /xingrg/all/function/internal_message.html?_=1687568140317&CODE_STATE=getMsg HTTP/1.1" 200 27
101.83.145.52 - - [24/Jun/2023:08:58:37 +0800] "GET /xingrg/check_reg.html?_=1687568140320 HTTP/1.1" 200 22
116.232.195.127 - - [24/Jun/2023:08:58:44 +0800] "GET /xingrg/all/function/internal_message.html?_=1687568317252&CODE_STATE=getMsg HTTP/1.1" 200 27
222.70.180.90 - - [24/Jun/2023:08:58:44 +0800] "POST /xingrg/services/DataTransmitService HTTP/1.1" 200 501
222.70.180.90 - - [24/Jun/2023:08:58:47 +0800] "POST /xingrg/services/DataTransmitService HTTP/1.1" 200 501
222.70.180.90 - - [24/Jun/2023:08:58:47 +0800] "POST /xingrg/services/DataTransmitService HTTP/1.1" 200 501
124.77.245.69 - - [24/Jun/2023:08:58:50 +0800] "GET /xingrg/kc/buy/cgsh_order_operate.html?command=get_materiel&rest_code=00146&code=00101008350&supplier_code=00100005&order_time=2023-06-24 HTTP/1.1" 200 408
222.69.131.199 - - [24/Jun/2023:08:58:52 +0800] "GET /xingrg/kc/buy/cgsh_order_add.html HTTP/1.1" 200 71724
222.69.131.199 - - [24/Jun/2023:08:58:52 +0800] "POST /xingrg/kc/buy/cgsh_order_operate.html HTTP/1.1" 200 8245
222.69.131.199 - - [24/Jun/2023:08:58:52 +0800] "GET /xingrg/javascript/easyui/themes/default/validatebox.css HTTP/1.1" 404 1104
61.170.233.201 - - [24/Jun/2023:08:58:53 +0800] "GET /xingrg/kc/buy/cgsh_order_operate.html?command=get_materiel&rest_code=00106&code=00101008248&supplier_code=00100007&order_time=2023-06-24 HTTP/1.1" 200 412
180.169.147.146 - - [24/Jun/2023:08:58:53 +0800] "GET /xingrg/all/function/internal_message.html?_=1687568335990&CODE_STATE=getMsg HTTP/1.1" 200 27
114.85.113.108 - - [24/Jun/2023:08:58:54 +0800] "GET /xingrg/check_reg.html?_=1687568332347 HTTP/1.1" 200 22
222.70.180.90 - - [24/Jun/2023:08:58:55 +0800] "GET /xingrg/all/function/internal_message.html?_=1687568331890&CODE_STATE=getMsg HTTP/1.1" 302 -
180.163.30.100 - - [24/Jun/2023:08:59:00 +0800] "GET /xingrg/all/function/internal_message.html?_=1687568276227&CODE_STATE=getMsg HTTP/1.1" 302 -
180.163.30.100 - - [24/Jun/2023:08:59:00 +0800] "GET /xingrg/login.html HTTP/1.1" 200 7641
61.170.233.201 - - [24/Jun/2023:08:59:00 +0800] "GET /xingrg/all/function/internal_message.html?_=1687568336220&CODE_STATE=getMsg HTTP/1.1" 200 27
222.70.180.90 - - [24/Jun/2023:08:59:01 +0800] "POST /xingrg/services/DataTransmitService HTTP/1.1" 200 501
222.70.180.90 - - [24/Jun/2023:08:59:03 +0800] "POST /xingrg/services/DataTransmitService HTTP/1.1" 200 501
124.77.245.69 - - [24/Jun/2023:08:59:04 +0800] "GET /xingrg/kc/buy/cgsh_order_operate.html?command=get_materiel&rest_code=00146&code=00101015006&supplier_code=00100005&order_time=2023-06-24 HTTP/1.1" 200 413
222.70.180.90 - - [24/Jun/2023:08:59:04 +0800] "POST /xingrg/services/DataTransmitService HTTP/1.1" 200 501
222.70.180.90 - - [24/Jun/2023:08:59:05 +0800] "POST /xingrg/services/DataTransmitService HTTP/1.1" 200 412
61.170.233.201 - - [24/Jun/2023:08:59:09 +0800] "POST /xingrg/kc/buy/cgsh_order_operate.html HTTP/1.1" 200 2065
222.64.56.248 - - [24/Jun/2023:08:59:12 +0800] "POST /xingrg/services/DataTransmitService HTTP/1.1" 200 524
58.40.7.146 - - [24/Jun/2023:08:59:16 +0800] "GET /xingrg/all/function/internal_message.html?_=1687568356733&CODE_STATE=getMsg HTTP/1.1" 200 27
58.40.7.146 - - [24/Jun/2023:08:59:16 +0800] "GET /xingrg/check_reg.html?_=1687568356735 HTTP/1.1" 200 22
114.85.113.108 - - [24/Jun/2023:08:59:20 +0800] "GET /xingrg/all/function/internal_message.html?_=1687568358239&CODE_STATE=getMsg HTTP/1.1" 200 27
61.170.233.201 - - [24/Jun/2023:08:59:20 +0800] "POST /xingrg/kc/buy/cgsh_order_operate.html HTTP/1.1" 200 37
172.20.0.100 - - [24/Jun/2023:08:59:22 +0800] "GET /xingrg/all/function/internal_message.html?_=1687568362253&CODE_STATE=getMsg HTTP/1.1" 200 27
180.163.29.103 - - [24/Jun/2023:08:59:24 +0800] "GET /xingrg/kc/buy/cgsh_order_operate.html?command=get_materiel&rest_code=00106&code=00101011005&supplier_code=00100007&order_time=2023-06-24 HTTP/1.1" 302 -
180.163.29.103 - - [24/Jun/2023:08:59:24 +0800] "GET /xingrg/login.html HTTP/1.1" 200 7641
116.238.191.126 - - [24/Jun/2023:08:59:27 +0800] "GET /xingrg/all/function/internal_message.html?_=1687568292383&CODE_STATE=getMsg HTTP/1.1" 200 27
180.162.231.188 - - [24/Jun/2023:08:59:30 +0800] "GET /xingrg/all/function/internal_message.html?_=1687568370616&CODE_STATE=getMsg HTTP/1.1" 200 27
101.83.145.52 - - [24/Jun/2023:08:59:32 +0800] "GET /xingrg/all/function/internal_message.html?_=1687568374869&CODE_STATE=getMsg HTTP/1.1" 200 27
124.77.245.69 - - [24/Jun/2023:08:59:32 +0800] "GET /xingrg/all/function/internal_message.html?_=1687568394216&CODE_STATE=getMsg HTTP/1.1" 200 27
222.69.131.199 - - [24/Jun/2023:08:59:34 +0800] "GET /xingrg/all/function/internal_message.html?_=1687568373528&CODE_STATE=getMsg HTTP/1.1" 200 27
101.83.145.52 - - [24/Jun/2023:08:59:37 +0800] "GET /xingrg/all/function/internal_message.html?_=1687568200318&CODE_STATE=getMsg HTTP/1.1" 200 27
116.232.195.127 - - [24/Jun/2023:08:59:44 +0800] "GET /xingrg/check_reg.html?_=1687568377252 HTTP/1.1" 200 22
116.232.195.127 - - [24/Jun/2023:08:59:44 +0800] "GET /xingrg/all/function/internal_message.html?_=1687568377256&CODE_STATE=getMsg HTTP/1.1" 200 27
180.169.147.146 - - [24/Jun/2023:08:59:53 +0800] "GET /xingrg/all/function/internal_message.html?_=1687568395975&CODE_STATE=getMsg HTTP/1.1" 200 27
222.70.180.90 - - [24/Jun/2023:08:59:55 +0800] "GET /xingrg/all/function/internal_message.html?_=1687568391879&CODE_STATE=getMsg HTTP/1.1" 302 -
124.77.245.69 - - [24/Jun/2023:09:00:04 +0800] "GET /xingrg/kc/buy/cgsh_order_operate.html?command=get_materiel&rest_code=00146&code=00101008069&supplier_code=00100005&order_time=2023-06-24 HTTP/1.1" 200 412
61.170.233.201 - - [24/Jun/2023:09:00:10 +0800] "POST /xingrg/kc/buy/cgsh_order_operate.html HTTP/1.1" 200 15673
58.40.7.146 - - [24/Jun/2023:09:00:16 +0800] "GET /xingrg/all/function/internal_message.html?_=1687568416738&CODE_STATE=getMsg HTTP/1.1" 200 27
124.77.245.69 - - [24/Jun/2023:09:00:18 +0800] "POST /xingrg/kc/buy/cgsh_order_operate.html HTTP/1.1" 200 2065
114.85.113.108 - - [24/Jun/2023:09:00:20 +0800] "GET /xingrg/all/function/internal_message.html?_=1687568418225&CODE_STATE=getMsg HTTP/1.1" 200 27
172.20.0.100 - - [24/Jun/2023:09:00:22 +0800] "GET /xingrg/all/function/internal_message.html?_=1687568422252&CODE_STATE=getMsg HTTP/1.1" 200 27
116.238.191.126 - - [24/Jun/2023:09:00:27 +0800] "GET /xingrg/check_reg.html?_=1687568351709 HTTP/1.1" 200 22
116.238.191.126 - - [24/Jun/2023:09:00:28 +0800] "GET /xingrg/all/function/internal_message.html?_=1687568352564&CODE_STATE=getMsg HTTP/1.1" 200 27
180.162.231.188 - - [24/Jun/2023:09:00:30 +0800] "GET /xingrg/all/function/internal_message.html?_=1687568430610&CODE_STATE=getMsg HTTP/1.1" 200 27
101.83.145.52 - - [24/Jun/2023:09:00:32 +0800] "GET /xingrg/all/function/internal_message.html?_=1687568434871&CODE_STATE=getMsg HTTP/1.1" 200 27
124.77.245.69 - - [24/Jun/2023:09:00:32 +0800] "GET /xingrg/all/function/internal_message.html?_=1687568454280&CODE_STATE=getMsg HTTP/1.1" 200 27
124.77.245.69 - - [24/Jun/2023:09:00:33 +0800] "GET /xingrg/kc/buy/cgsh_order_operate.html?command=get_materiel&rest_code=00146&code=00101008233&supplier_code=00100005&order_time=2023-06-24 HTTP/1.1" 200 408
61.170.233.201 - - [24/Jun/2023:09:00:33 +0800] "GET /xingrg/kc/buy/cgsh_order_operate.html?command=get_materiel&rest_code=00106&code=00101008049&supplier_code=00100007&order_time=2023-06-24 HTTP/1.1" 200 408
222.69.131.199 - - [24/Jun/2023:09:00:35 +0800] "GET /xingrg/all/function/internal_message.html?_=1687568433542&CODE_STATE=getMsg HTTP/1.1" 200 27
222.69.131.199 - - [24/Jun/2023:09:00:35 +0800] "GET /xingrg/check_reg.html?_=1687568433554 HTTP/1.1" 200 22
101.83.145.52 - - [24/Jun/2023:09:00:37 +0800] "GET /xingrg/all/function/internal_message.html?_=1687568260316&CODE_STATE=getMsg HTTP/1.1" 200 27
116.232.195.127 - - [24/Jun/2023:09:00:44 +0800] "GET /xingrg/all/function/internal_message.html?_=1687568437252&CODE_STATE=getMsg HTTP/1.1" 200 27
61.170.233.201 - - [24/Jun/2023:09:00:50 +0800] "GET /xingrg/kc/buy/cgsh_order_operate.html?command=get_materiel&rest_code=00106&code=00101008087&supplier_code=00100007&order_time=2023-06-24 HTTP/1.1" 200 412
180.169.147.146 - - [24/Jun/2023:09:00:53 +0800] "GET /xingrg/all/function/internal_message.html?_=1687568455959&CODE_STATE=getMsg HTTP/1.1" 200 27
124.77.245.69 - - [24/Jun/2023:09:00:53 +0800] "GET /xingrg/kc/buy/cgsh_order_operate.html?command=get_materiel&rest_code=00146&code=00101008098&supplier_code=00100005&order_time=2023-06-24 HTTP/1.1" 200 412
222.70.180.90 - - [24/Jun/2023:09:00:55 +0800] "GET /xingrg/all/function/internal_message.html?_=1687568451850&CODE_STATE=getMsg HTTP/1.1" 302 -
61.170.233.201 - - [24/Jun/2023:09:01:00 +0800] "GET /xingrg/all/function/internal_message.html?_=1687568456230&CODE_STATE=getMsg HTTP/1.1" 200 27
58.40.7.146 - - [24/Jun/2023:09:01:16 +0800] "GET /xingrg/all/function/internal_message.html?_=1687568476739&CODE_STATE=getMsg HTTP/1.1" 200 27
114.85.113.108 - - [24/Jun/2023:09:01:20 +0800] "GET /xingrg/all/function/internal_message.html?_=1687568478210&CODE_STATE=getMsg HTTP/1.1" 200 27
222.69.131.199 - - [24/Jun/2023:09:01:21 +0800] "GET /xingrg/javascript/jquery_tools/images/prev.gif HTTP/1.1" 404 1086
222.69.131.199 - - [24/Jun/2023:09:01:21 +0800] "GET /xingrg/javascript/jquery_tools/images/next.gif HTTP/1.1" 404 1086
172.20.0.100 - - [24/Jun/2023:09:01:22 +0800] "GET /xingrg/all/function/internal_message.html?_=1687568482251&CODE_STATE=getMsg HTTP/1.1" 200 27
172.20.0.100 - - [24/Jun/2023:09:01:22 +0800] "GET /xingrg/check_reg.html?_=1687568482251 HTTP/1.1" 200 22
61.170.233.201 - - [24/Jun/2023:09:01:27 +0800] "GET /xingrg/kc/buy/cgsh_order_operate.html?command=get_materiel&rest_code=00106&code=00101008207&supplier_code=00100007&order_time=2023-06-24 HTTP/1.1" 200 408
116.238.191.126 - - [24/Jun/2023:09:01:28 +0800] "GET /xingrg/all/function/internal_message.html?_=1687568412566&CODE_STATE=getMsg HTTP/1.1" 200 27
180.162.231.188 - - [24/Jun/2023:09:01:30 +0800] "GET /xingrg/all/function/internal_message.html?_=1687568490618&CODE_STATE=getMsg HTTP/1.1" 200 27
101.83.145.52 - - [24/Jun/2023:09:01:32 +0800] "GET /xingrg/all/function/internal_message.html?_=1687568494871&CODE_STATE=getMsg HTTP/1.1" 200 27
124.77.245.69 - - [24/Jun/2023:09:01:32 +0800] "GET /xingrg/check_reg.html?_=1687568514181 HTTP/1.1" 200 22
124.77.245.69 - - [24/Jun/2023:09:01:32 +0800] "GET /xingrg/all/function/internal_message.html?_=1687568514291&CODE_STATE=getMsg HTTP/1.1" 200 27
222.69.131.199 - - [24/Jun/2023:09:01:34 +0800] "GET /xingrg/all/function/internal_message.html?_=1687568493536&CODE_STATE=getMsg HTTP/1.1" 200 27
101.83.145.52 - - [24/Jun/2023:09:01:37 +0800] "GET /xingrg/all/function/internal_message.html?_=1687568320321&CODE_STATE=getMsg HTTP/1.1" 200 27
61.170.233.201 - - [24/Jun/2023:09:01:43 +0800] "GET /xingrg/kc/buy/cgsh_order_operate.html?command=get_materiel&rest_code=00106&code=00101008350&supplier_code=00100007&order_time=2023-06-24 HTTP/1.1" 200 408
116.232.195.127 - - [24/Jun/2023:09:01:44 +0800] "GET /xingrg/all/function/internal_message.html?_=1687568497252&CODE_STATE=getMsg HTTP/1.1" 200 27
61.170.233.201 - - [24/Jun/2023:09:01:46 +0800] "POST /xingrg/kc/buy/cgsh_order_operate.html HTTP/1.1" 200 2065
124.77.245.69 - - [24/Jun/2023:09:01:52 +0800] "GET /xingrg/kc/buy/cgsh_order_operate.html?command=get_materiel&rest_code=00146&code=00101008563&supplier_code=00100005&order_time=2023-06-24 HTTP/1.1" 200 413
222.69.131.199 - - [24/Jun/2023:09:01:54 +0800] "GET /xingrg/kc/buy/cgsh_order_operate.html?command=get_materiel&rest_code=00149&code=00101031001&supplier_code=00100151&order_time=2023-06-24 HTTP/1.1" 200 420
124.77.245.69 - - [24/Jun/2023:09:01:55 +0800] "POST /xingrg/kc/buy/cgsh_order_operate.html HTTP/1.1" 200 2065
222.70.180.90 - - [24/Jun/2023:09:01:55 +0800] "GET /xingrg/all/function/internal_message.html?_=1687568511829&CODE_STATE=getMsg HTTP/1.1" 302 -
61.170.233.201 - - [24/Jun/2023:09:02:00 +0800] "GET /xingrg/all/function/internal_message.html?_=1687568516211&CODE_STATE=getMsg HTTP/1.1" 200 27
180.169.147.146 - - [24/Jun/2023:09:02:02 +0800] "GET /xingrg/all/function/internal_message.html?_=1687568515942&CODE_STATE=getMsg HTTP/1.1" 200 27
124.77.245.69 - - [24/Jun/2023:09:02:10 +0800] "GET /xingrg/kc/buy/cgsh_order_operate.html?command=get_materiel&rest_code=00146&code=00101010058&supplier_code=00100005&order_time=2023-06-24 HTTP/1.1" 200 412
222.69.131.199 - - [24/Jun/2023:09:02:15 +0800] "GET /xingrg/kc/buy/cgsh_order_operate.html?command=get_materiel&rest_code=00149&code=00101002027&supplier_code=00100151&order_time=2023-06-24 HTTP/1.1" 200 413
58.40.7.146 - - [24/Jun/2023:09:02:16 +0800] "GET /xingrg/all/function/internal_message.html?_=1687568536741&CODE_STATE=getMsg HTTP/1.1" 200 27
180.163.28.143 - - [24/Jun/2023:09:02:20 +0800] "GET /xingrg/kc/buy/cgsh_order_operate.html?command=get_materiel&rest_code=00106&code=00101008207&supplier_code=00100007&order_time=2023-06-24 HTTP/1.1" 302 -
180.163.28.143 - - [24/Jun/2023:09:02:20 +0800] "GET /xingrg/login.html HTTP/1.1" 200 7641
114.85.113.108 - - [24/Jun/2023:09:02:20 +0800] "GET /xingrg/all/function/internal_message.html?_=1687568538197&CODE_STATE=getMsg HTTP/1.1" 200 27
172.20.0.100 - - [24/Jun/2023:09:02:22 +0800] "GET /xingrg/all/function/internal_message.html?_=1687568542251&CODE_STATE=getMsg HTTP/1.1" 200 27
116.238.191.126 - - [24/Jun/2023:09:02:28 +0800] "GET /xingrg/all/function/internal_message.html?_=1687568472579&CODE_STATE=getMsg HTTP/1.1" 200 27
124.77.245.69 - - [24/Jun/2023:09:02:30 +0800] "GET /xingrg/kc/buy/cgsh_order_operate.html?command=get_materiel&rest_code=00146&code=00101008114&supplier_code=00100005&order_time=2023-06-24 HTTP/1.1" 200 412
180.162.231.188 - - [24/Jun/2023:09:02:30 +0800] "GET /xingrg/all/function/internal_message.html?_=1687568550620&CODE_STATE=getMsg HTTP/1.1" 200 27
101.83.145.52 - - [24/Jun/2023:09:02:32 +0800] "GET /xingrg/all/function/internal_message.html?_=1687568554872&CODE_STATE=getMsg HTTP/1.1" 200 27
101.83.145.52 - - [24/Jun/2023:09:02:32 +0800] "GET /xingrg/check_reg.html?_=1687568554876 HTTP/1.1" 200 22
124.77.245.69 - - [24/Jun/2023:09:02:32 +0800] "GET /xingrg/all/function/internal_message.html?_=1687568574306&CODE_STATE=getMsg HTTP/1.1" 200 27
222.69.131.199 - - [24/Jun/2023:09:02:33 +0800] "GET /xingrg/kc/buy/cgsh_order_operate.html?command=get_materiel&rest_code=00149&code=00101008108&supplier_code=00100151&order_time=2023-06-24 HTTP/1.1" 200 412
222.69.131.199 - - [24/Jun/2023:09:02:34 +0800] "GET /xingrg/all/function/internal_message.html?_=1687568553539&CODE_STATE=getMsg HTTP/1.1" 200 27
101.83.145.52 - - [24/Jun/2023:09:02:37 +0800] "GET /xingrg/all/function/internal_message.html?_=1687568380350&CODE_STATE=getMsg HTTP/1.1" 200 27
116.232.195.127 - - [24/Jun/2023:09:02:44 +0800] "GET /xingrg/all/function/internal_message.html?_=1687568557268&CODE_STATE=getMsg HTTP/1.1" 200 27
124.77.245.69 - - [24/Jun/2023:09:02:47 +0800] "GET /xingrg/kc/buy/cgsh_order_operate.html?command=get_materiel&rest_code=00146&code=00101008290&supplier_code=00100005&order_time=2023-06-24 HTTP/1.1" 200 416
222.69.131.199 - - [24/Jun/2023:09:02:49 +0800] "GET /xingrg/kc/buy/cgsh_order_operate.html?command=get_materiel&rest_code=00149&code=00102026001&supplier_code=00100151&order_time=2023-06-24 HTTP/1.1" 200 409
180.169.147.146 - - [24/Jun/2023:09:02:53 +0800] "GET /xingrg/all/function/internal_message.html?_=1687568575925&CODE_STATE=getMsg HTTP/1.1" 200 27
222.70.180.90 - - [24/Jun/2023:09:02:55 +0800] "GET /xingrg/all/function/internal_message.html?_=1687568571812&CODE_STATE=getMsg HTTP/1.1" 302 -
222.70.180.90 - - [24/Jun/2023:09:02:55 +0800] "GET /xingrg/check_reg.html?_=1687568571906 HTTP/1.1" 302 -
180.163.30.76 - - [24/Jun/2023:09:03:00 +0800] "GET /xingrg/all/function/internal_message.html?_=1687568516211&CODE_STATE=getMsg HTTP/1.1" 302 -
180.163.30.76 - - [24/Jun/2023:09:03:00 +0800] "GET /xingrg/login.html HTTP/1.1" 200 7641
61.170.233.201 - - [24/Jun/2023:09:03:00 +0800] "GET /xingrg/all/function/internal_message.html?_=1687568576194&CODE_STATE=getMsg HTTP/1.1" 200 27
61.170.233.201 - - [24/Jun/2023:09:03:00 +0800] "GET /xingrg/check_reg.html?_=1687568576231 HTTP/1.1" 200 22
124.77.245.69 - - [24/Jun/2023:09:03:07 +0800] "GET /xingrg/kc/buy/cgsh_order_operate.html?command=get_materiel&rest_code=00146&code=00101008175&supplier_code=00100005&order_time=2023-06-24 HTTP/1.1" 200 412
180.169.147.146 - - [24/Jun/2023:09:03:10 +0800] "GET /xingrg/check_reg.html?_=1687568592738 HTTP/1.1" 200 22
58.40.7.146 - - [24/Jun/2023:09:03:16 +0800] "GET /xingrg/all/function/internal_message.html?_=1687568596744&CODE_STATE=getMsg HTTP/1.1" 200 27
114.85.113.108 - - [24/Jun/2023:09:03:20 +0800] "GET /xingrg/all/function/internal_message.html?_=1687568598175&CODE_STATE=getMsg HTTP/1.1" 200 27
172.20.0.100 - - [24/Jun/2023:09:03:22 +0800] "GET /xingrg/all/function/internal_message.html?_=1687568602252&CODE_STATE=getMsg HTTP/1.1" 200 27
124.77.245.69 - - [24/Jun/2023:09:03:23 +0800] "GET /xingrg/kc/buy/cgsh_order_operate.html?command=get_materiel&rest_code=00146&code=00101008095&supplier_code=00100005&order_time=2023-06-24 HTTP/1.1" 200 412
222.69.131.199 - - [24/Jun/2023:09:03:24 +0800] "GET /xingrg/kc/buy/cgsh_order_operate.html?command=get_materiel&rest_code=00149&code=00101006088&supplier_code=00100151&order_time=2023-06-24 HTTP/1.1" 200 409
116.238.191.126 - - [24/Jun/2023:09:03:28 +0800] "GET /xingrg/all/function/internal_message.html?_=1687568532753&CODE_STATE=getMsg HTTP/1.1" 200 27
180.162.231.188 - - [24/Jun/2023:09:03:30 +0800] "GET /xingrg/check_reg.html?_=1687568610620 HTTP/1.1" 200 22
180.162.231.188 - - [24/Jun/2023:09:03:30 +0800] "GET /xingrg/all/function/internal_message.html?_=1687568610625&CODE_STATE=getMsg HTTP/1.1" 200 27
101.83.145.52 - - [24/Jun/2023:09:03:32 +0800] "GET /xingrg/all/function/internal_message.html?_=1687568614875&CODE_STATE=getMsg HTTP/1.1" 200 27
124.77.245.69 - - [24/Jun/2023:09:03:32 +0800] "GET /xingrg/all/function/internal_message.html?_=1687568634317&CODE_STATE=getMsg HTTP/1.1" 200 27
222.69.131.199 - - [24/Jun/2023:09:03:34 +0800] "GET /xingrg/all/function/internal_message.html?_=1687568613542&CODE_STATE=getMsg HTTP/1.1" 200 27
101.83.145.52 - - [24/Jun/2023:09:03:37 +0800] "GET /xingrg/check_reg.html?_=1687568440348 HTTP/1.1" 200 22
101.83.145.52 - - [24/Jun/2023:09:03:37 +0800] "GET /xingrg/all/function/internal_message.html?_=1687568440351&CODE_STATE=getMsg HTTP/1.1" 200 27
124.77.245.69 - - [24/Jun/2023:09:03:41 +0800] "GET /xingrg/kc/buy/cgsh_order_operate.html?command=get_materiel&rest_code=00146&code=00101008110&supplier_code=00100005&order_time=2023-06-24 HTTP/1.1" 200 408
116.232.195.127 - - [24/Jun/2023:09:03:44 +0800] "GET /xingrg/all/function/internal_message.html?_=1687568617250&CODE_STATE=getMsg HTTP/1.1" 200 27
124.77.245.69 - - [24/Jun/2023:09:03:45 +0800] "POST /xingrg/kc/buy/cgsh_order_operate.html HTTP/1.1" 200 2065
180.169.147.146 - - [24/Jun/2023:09:03:53 +0800] "GET /xingrg/all/function/internal_message.html?_=1687568635935&CODE_STATE=getMsg HTTP/1.1" 200 27
114.85.113.108 - - [24/Jun/2023:09:03:54 +0800] "GET /xingrg/check_reg.html?_=1687568632327 HTTP/1.1" 200 22
222.70.180.90 - - [24/Jun/2023:09:03:55 +0800] "GET /xingrg/all/function/internal_message.html?_=1687568631794&CODE_STATE=getMsg HTTP/1.1" 302 -
222.69.131.199 - - [24/Jun/2023:09:03:59 +0800] "POST /xingrg/kc/buy/cgsh_order_operate.html HTTP/1.1" 200 37
61.170.233.201 - - [24/Jun/2023:09:04:00 +0800] "GET /xingrg/all/function/internal_message.html?_=1687568636178&CODE_STATE=getMsg HTTP/1.1" 200 27
124.77.245.69 - - [24/Jun/2023:09:04:02 +0800] "GET /xingrg/kc/buy/cgsh_order_operate.html?command=get_materiel&rest_code=00146&code=00101008061&supplier_code=00100005&order_time=2023-06-24 HTTP/1.1" 200 422
61.170.233.201 - - [24/Jun/2023:09:04:05 +0800] "GET /xingrg/kc/buy/cgsh_order_operate.html?command=get_materiel&rest_code=00106&code=00101008126&supplier_code=00100007&order_time=2023-06-24 HTTP/1.1" 200 412
222.69.131.199 - - [24/Jun/2023:09:04:12 +0800] "POST /xingrg/kc/buy/cgsh_order_operate.html HTTP/1.1" 200 12
