172.20.0.100 - - [24/Jun/2023:09:40:22 +0800] "GET /xingrg/all/function/internal_message.html?_=1687570822252&CODE_STATE=getMsg HTTP/1.1" 200 27
180.162.231.188 - - [24/Jun/2023:09:40:22 +0800] "POST /xingrg/kc/buy/cgsh_order_operate.html HTTP/1.1" 200 1208
222.69.131.199 - - [24/Jun/2023:09:40:23 +0800] "GET /xingrg/kc/buy/cgsh_order_operate.html?command=get_materiel&rest_code=00149&code=00101006184&supplier_code=00100096&order_time=2023-06-24 HTTP/1.1" 200 410
222.67.234.146 - - [24/Jun/2023:09:40:26 +0800] "GET /xingrg/kc/buy/cgsh_order_operate.html?command=get_materiel&rest_code=00141&code=00101008229&supplier_code=00100007&order_time=2023-06-24 HTTP/1.1" 200 420
116.238.191.126 - - [24/Jun/2023:09:40:30 +0800] "GET /xingrg/kc/buy/cgsh_order_operate.html?command=get_materiel&rest_code=00151&code=00101015038&supplier_code=00100008&order_time=2023-06-24 HTTP/1.1" 200 418
180.162.231.188 - - [24/Jun/2023:09:40:30 +0800] "GET /xingrg/all/function/internal_message.html?_=1687570830603&CODE_STATE=getMsg HTTP/1.1" 200 27
101.83.145.52 - - [24/Jun/2023:09:40:32 +0800] "GET /xingrg/all/function/internal_message.html?_=1687570834867&CODE_STATE=getMsg HTTP/1.1" 200 27
124.77.245.69 - - [24/Jun/2023:09:40:34 +0800] "GET /xingrg/all/function/internal_message.html?_=1687570855631&CODE_STATE=getMsg HTTP/1.1" 200 27
222.69.131.199 - - [24/Jun/2023:09:40:34 +0800] "GET /xingrg/all/function/internal_message.html?_=1687570833176&CODE_STATE=getMsg HTTP/1.1" 200 27
222.69.131.199 - - [24/Jun/2023:09:40:35 +0800] "GET /xingrg/check_reg.html?_=1687570833610 HTTP/1.1" 200 22
222.69.132.13 - - [24/Jun/2023:09:40:35 +0800] "GET /xingrg/all/function/internal_message.html?_=1687570945484&CODE_STATE=getMsg HTTP/1.1" 200 27
222.69.131.199 - - [24/Jun/2023:09:40:38 +0800] "GET /xingrg/kc/buy/cgsh_order_operate.html?command=get_materiel&rest_code=00149&code=00101006039&supplier_code=00100096&order_time=2023-06-24 HTTP/1.1" 200 415
101.83.145.52 - - [24/Jun/2023:09:40:38 +0800] "GET /xingrg/all/function/internal_message.html?_=1687570660739&CODE_STATE=getMsg HTTP/1.1" 200 27
116.238.191.126 - - [24/Jun/2023:09:40:39 +0800] "GET /xingrg/kc/buy/cgsh_order_operate.html?command=get_materiel&rest_code=00151&code=00101008283&supplier_code=00100008&order_time=2023-06-24 HTTP/1.1" 200 408
116.232.195.127 - - [24/Jun/2023:09:40:44 +0800] "GET /xingrg/all/function/internal_message.html?_=1687570837263&CODE_STATE=getMsg HTTP/1.1" 200 27
124.79.241.217 - - [24/Jun/2023:09:40:48 +0800] "GET /xingrg/all/function/internal_message.html?_=1687571130813&CODE_STATE=getMsg HTTP/1.1" 200 27
116.238.191.126 - - [24/Jun/2023:09:40:48 +0800] "GET /xingrg/kc/buy/cgsh_order_operate.html?command=get_materiel&rest_code=00151&code=00101008096&supplier_code=00100008&order_time=2023-06-24 HTTP/1.1" 200 413
180.169.147.146 - - [24/Jun/2023:09:40:52 +0800] "GET /xingrg/all/function/internal_message.html?_=1687570855321&CODE_STATE=getMsg HTTP/1.1" 200 27
222.70.180.90 - - [24/Jun/2023:09:40:54 +0800] "GET /xingrg/all/function/internal_message.html?_=1687570851037&CODE_STATE=getMsg HTTP/1.1" 200 27
116.238.191.126 - - [24/Jun/2023:09:40:58 +0800] "GET /xingrg/kc/buy/cgsh_order_operate.html?command=get_materiel&rest_code=00151&code=00101008370&supplier_code=00100008&order_time=2023-06-24 HTTP/1.1" 200 412
116.238.191.126 - - [24/Jun/2023:09:40:59 +0800] "GET /xingrg/all/function/internal_message.html?_=1687570783625&CODE_STATE=getMsg HTTP/1.1" 200 27
180.163.29.234 - - [24/Jun/2023:09:41:00 +0800] "GET /xingrg/all/function/internal_message.html?_=1687570796040&CODE_STATE=getMsg HTTP/1.1" 302 -
180.163.29.234 - - [24/Jun/2023:09:41:00 +0800] "GET /xingrg/login.html HTTP/1.1" 200 7641
61.170.233.201 - - [24/Jun/2023:09:41:00 +0800] "GET /xingrg/all/function/internal_message.html?_=1687570856013&CODE_STATE=getMsg HTTP/1.1" 200 27
222.67.234.146 - - [24/Jun/2023:09:41:05 +0800] "GET /xingrg/all/function/internal_message.html?_=1687570356287&CODE_STATE=getMsg HTTP/1.1" 200 27
116.238.191.126 - - [24/Jun/2023:09:41:11 +0800] "GET /xingrg/kc/buy/cgsh_order_operate.html?command=get_materiel&rest_code=00151&code=00101008264&supplier_code=00100008&order_time=2023-06-24 HTTP/1.1" 200 412
58.40.7.146 - - [24/Jun/2023:09:41:16 +0800] "GET /xingrg/all/function/internal_message.html?_=1687570876753&CODE_STATE=getMsg HTTP/1.1" 200 27
114.85.113.108 - - [24/Jun/2023:09:41:19 +0800] "GET /xingrg/all/function/internal_message.html?_=1687570877462&CODE_STATE=getMsg HTTP/1.1" 200 27
222.70.180.90 - - [24/Jun/2023:09:41:20 +0800] "GET /xingrg/all/function/internal_message.html?_=1687570876804&CODE_STATE=getMsg HTTP/1.1" 200 27
116.238.191.126 - - [24/Jun/2023:09:41:22 +0800] "GET /xingrg/kc/buy/cgsh_order_operate.html?command=get_materiel&rest_code=00151&code=00101008356&supplier_code=00100008&order_time=2023-06-24 HTTP/1.1" 200 408
172.20.0.100 - - [24/Jun/2023:09:41:22 +0800] "GET /xingrg/all/function/internal_message.html?_=1687570882251&CODE_STATE=getMsg HTTP/1.1" 200 27
172.20.0.100 - - [24/Jun/2023:09:41:22 +0800] "GET /xingrg/check_reg.html?_=1687570882252 HTTP/1.1" 200 22
180.162.231.188 - - [24/Jun/2023:09:41:30 +0800] "GET /xingrg/all/function/internal_message.html?_=1687570890583&CODE_STATE=getMsg HTTP/1.1" 200 27
222.69.131.199 - - [24/Jun/2023:09:41:31 +0800] "POST /xingrg/kc/buy/cgsh_order_operate.html HTTP/1.1" 200 37
101.83.145.52 - - [24/Jun/2023:09:41:32 +0800] "GET /xingrg/all/function/internal_message.html?_=1687570894868&CODE_STATE=getMsg HTTP/1.1" 200 27
124.77.245.69 - - [24/Jun/2023:09:41:33 +0800] "GET /xingrg/check_reg.html?_=1687570914791 HTTP/1.1" 200 22
116.238.191.126 - - [24/Jun/2023:09:41:33 +0800] "GET /xingrg/kc/buy/cgsh_order_operate.html?command=get_materiel&rest_code=00151&code=00101008223&supplier_code=00100008&order_time=2023-06-24 HTTP/1.1" 200 412
124.77.245.69 - - [24/Jun/2023:09:41:34 +0800] "GET /xingrg/all/function/internal_message.html?_=1687570915646&CODE_STATE=getMsg HTTP/1.1" 200 27
222.69.131.199 - - [24/Jun/2023:09:41:34 +0800] "GET /xingrg/all/function/internal_message.html?_=1687570893175&CODE_STATE=getMsg HTTP/1.1" 200 27
222.69.132.13 - - [24/Jun/2023:09:41:35 +0800] "GET /xingrg/all/function/internal_message.html?_=1687571005500&CODE_STATE=getMsg HTTP/1.1" 200 27
101.83.145.52 - - [24/Jun/2023:09:41:38 +0800] "GET /xingrg/all/function/internal_message.html?_=1687570720728&CODE_STATE=getMsg HTTP/1.1" 200 27
222.67.234.146 - - [24/Jun/2023:09:41:41 +0800] "GET /xingrg/kc/buy/cgsh_order_operate.html?command=get_materiel&rest_code=00141&code=00101019319&supplier_code=00100007&order_time=2023-06-24 HTTP/1.1" 200 436
116.232.195.127 - - [24/Jun/2023:09:41:44 +0800] "GET /xingrg/all/function/internal_message.html?_=1687570897262&CODE_STATE=getMsg HTTP/1.1" 200 27
180.162.231.188 - - [24/Jun/2023:09:41:44 +0800] "GET /xingrg/kc/print/load_data.html?order_code=212023062408700&kc_code=cgsh&condition= HTTP/1.1" 200 966
222.69.131.199 - - [24/Jun/2023:09:41:45 +0800] "POST /xingrg/kc/buy/cgsh_order_operate.html HTTP/1.1" 200 12
116.238.191.126 - - [24/Jun/2023:09:41:46 +0800] "GET /xingrg/kc/buy/cgsh_order_operate.html?command=get_materiel&rest_code=00151&code=00101008286&supplier_code=00100008&order_time=2023-06-24 HTTP/1.1" 200 408
124.79.241.217 - - [24/Jun/2023:09:41:48 +0800] "GET /xingrg/all/function/internal_message.html?_=1687571190777&CODE_STATE=getMsg HTTP/1.1" 200 27
180.169.147.146 - - [24/Jun/2023:09:41:52 +0800] "GET /xingrg/all/function/internal_message.html?_=1687570915304&CODE_STATE=getMsg HTTP/1.1" 200 27
222.70.180.90 - - [24/Jun/2023:09:41:54 +0800] "GET /xingrg/all/function/internal_message.html?_=1687570911006&CODE_STATE=getMsg HTTP/1.1" 200 27
222.69.131.199 - - [24/Jun/2023:09:41:55 +0800] "GET /xingrg/kc/buy/cgsh_order_info.html?code=212023062408701 HTTP/1.1" 200 66623
222.69.131.199 - - [24/Jun/2023:09:41:55 +0800] "GET /xingrg/javascript/easyui/themes/default/validatebox.css HTTP/1.1" 404 1104
180.162.231.188 - - [24/Jun/2023:09:41:56 +0800] "GET /xingrg/kc/buy/cgsh_order_add.html HTTP/1.1" 200 71671
222.69.131.199 - - [24/Jun/2023:09:41:56 +0800] "POST /xingrg/kc/buy/cgsh_order_operate.html HTTP/1.1" 200 7148
180.162.231.188 - - [24/Jun/2023:09:41:56 +0800] "POST /xingrg/kc/buy/cgsh_order_operate.html HTTP/1.1" 200 8245
180.162.231.188 - - [24/Jun/2023:09:41:56 +0800] "GET /xingrg/javascript/easyui/themes/default/validatebox.css HTTP/1.1" 404 1104
116.238.191.126 - - [24/Jun/2023:09:41:57 +0800] "GET /xingrg/kc/buy/cgsh_order_operate.html?command=get_materiel&rest_code=00151&code=00101008169&supplier_code=00100008&order_time=2023-06-24 HTTP/1.1" 200 412
222.69.131.199 - - [24/Jun/2023:09:41:58 +0800] "GET /xingrg/kc/print/load_data.html?order_code=212023062408701&kc_code=cgsh&condition= HTTP/1.1" 200 3178
116.238.191.126 - - [24/Jun/2023:09:41:59 +0800] "GET /xingrg/all/function/internal_message.html?_=1687570843638&CODE_STATE=getMsg HTTP/1.1" 200 27
180.163.29.206 - - [24/Jun/2023:09:42:00 +0800] "GET /xingrg/all/function/internal_message.html?_=1687570856013&CODE_STATE=getMsg HTTP/1.1" 302 -
180.163.29.206 - - [24/Jun/2023:09:42:00 +0800] "GET /xingrg/login.html HTTP/1.1" 200 7641
61.170.233.201 - - [24/Jun/2023:09:42:00 +0800] "GET /xingrg/all/function/internal_message.html?_=1687570915987&CODE_STATE=getMsg HTTP/1.1" 200 27
222.67.234.146 - - [24/Jun/2023:09:42:05 +0800] "GET /xingrg/all/function/internal_message.html?_=1687570416265&CODE_STATE=getMsg HTTP/1.1" 200 27
116.238.191.126 - - [24/Jun/2023:09:42:08 +0800] "GET /xingrg/kc/buy/cgsh_order_operate.html?command=get_materiel&rest_code=00151&code=00101008371&supplier_code=00100008&order_time=2023-06-24 HTTP/1.1" 200 412
222.67.234.146 - - [24/Jun/2023:09:42:09 +0800] "GET /xingrg/kc/buy/cgsh_order_operate.html?command=get_materiel&rest_code=00141&code=00101019815&supplier_code=00100007&order_time=2023-06-24 HTTP/1.1" 200 416
58.40.7.146 - - [24/Jun/2023:09:42:16 +0800] "GET /xingrg/all/function/internal_message.html?_=1687570936755&CODE_STATE=getMsg HTTP/1.1" 200 27
116.238.191.126 - - [24/Jun/2023:09:42:16 +0800] "GET /xingrg/kc/buy/cgsh_order_operate.html?command=get_materiel&rest_code=00151&code=00101008005&supplier_code=00100008&order_time=2023-06-24 HTTP/1.1" 200 412
114.85.113.108 - - [24/Jun/2023:09:42:19 +0800] "GET /xingrg/all/function/internal_message.html?_=1687570937432&CODE_STATE=getMsg HTTP/1.1" 200 27
222.70.180.90 - - [24/Jun/2023:09:42:20 +0800] "GET /xingrg/all/function/internal_message.html?_=1687570936803&CODE_STATE=getMsg HTTP/1.1" 200 27
222.70.180.90 - - [24/Jun/2023:09:42:20 +0800] "GET /xingrg/check_reg.html?_=1687570936805 HTTP/1.1" 200 22
172.20.0.100 - - [24/Jun/2023:09:42:22 +0800] "GET /xingrg/all/function/internal_message.html?_=1687570942252&CODE_STATE=getMsg HTTP/1.1" 200 27
116.238.191.126 - - [24/Jun/2023:09:42:27 +0800] "GET /xingrg/kc/buy/cgsh_order_operate.html?command=get_materiel&rest_code=00151&code=00101008271&supplier_code=00100008&order_time=2023-06-24 HTTP/1.1" 200 408
180.162.231.188 - - [24/Jun/2023:09:42:30 +0800] "GET /xingrg/all/function/internal_message.html?_=1687570950568&CODE_STATE=getMsg HTTP/1.1" 200 27
101.83.145.52 - - [24/Jun/2023:09:42:32 +0800] "GET /xingrg/all/function/internal_message.html?_=1687570954869&CODE_STATE=getMsg HTTP/1.1" 200 27
101.83.145.52 - - [24/Jun/2023:09:42:32 +0800] "GET /xingrg/check_reg.html?_=1687570954873 HTTP/1.1" 200 22
124.77.245.69 - - [24/Jun/2023:09:42:34 +0800] "GET /xingrg/all/function/internal_message.html?_=1687570975658&CODE_STATE=getMsg HTTP/1.1" 200 27
222.69.131.199 - - [24/Jun/2023:09:42:34 +0800] "GET /xingrg/all/function/internal_message.html?_=1687570953157&CODE_STATE=getMsg HTTP/1.1" 200 27
222.69.131.199 - - [24/Jun/2023:09:42:35 +0800] "GET /xingrg/kc/buy/cgsh_order_add.html HTTP/1.1" 200 71724
222.69.132.13 - - [24/Jun/2023:09:42:35 +0800] "GET /xingrg/all/function/internal_message.html?_=1687571065487&CODE_STATE=getMsg HTTP/1.1" 200 27
222.69.131.199 - - [24/Jun/2023:09:42:35 +0800] "POST /xingrg/kc/buy/cgsh_order_operate.html HTTP/1.1" 200 8245
222.69.131.199 - - [24/Jun/2023:09:42:35 +0800] "GET /xingrg/javascript/easyui/themes/default/validatebox.css HTTP/1.1" 404 1104
101.83.145.52 - - [24/Jun/2023:09:42:38 +0800] "GET /xingrg/all/function/internal_message.html?_=1687570780715&CODE_STATE=getMsg HTTP/1.1" 200 27
116.232.195.127 - - [24/Jun/2023:09:42:44 +0800] "GET /xingrg/all/function/internal_message.html?_=1687570957252&CODE_STATE=getMsg HTTP/1.1" 200 27
116.238.191.126 - - [24/Jun/2023:09:42:44 +0800] "GET /xingrg/kc/buy/cgsh_order_operate.html?command=get_materiel&rest_code=00151&code=00101008213&supplier_code=00100008&order_time=2023-06-24 HTTP/1.1" 200 412
124.79.241.217 - - [24/Jun/2023:09:42:47 +0800] "GET /xingrg/check_reg.html?_=1687571250706 HTTP/1.1" 200 22
124.79.241.217 - - [24/Jun/2023:09:42:48 +0800] "GET /xingrg/all/function/internal_message.html?_=1687571250756&CODE_STATE=getMsg HTTP/1.1" 200 27
180.169.147.146 - - [24/Jun/2023:09:42:52 +0800] "GET /xingrg/all/function/internal_message.html?_=1687570975289&CODE_STATE=getMsg HTTP/1.1" 200 27
116.238.191.126 - - [24/Jun/2023:09:42:52 +0800] "GET /xingrg/kc/buy/cgsh_order_operate.html?command=get_materiel&rest_code=00151&code=00101008312&supplier_code=00100008&order_time=2023-06-24 HTTP/1.1" 200 412
222.70.180.90 - - [24/Jun/2023:09:42:54 +0800] "GET /xingrg/all/function/internal_message.html?_=1687570970985&CODE_STATE=getMsg HTTP/1.1" 200 27
222.70.180.90 - - [24/Jun/2023:09:42:55 +0800] "GET /xingrg/check_reg.html?_=1687570971766 HTTP/1.1" 200 22
116.238.191.126 - - [24/Jun/2023:09:42:59 +0800] "GET /xingrg/all/function/internal_message.html?_=1687570903652&CODE_STATE=getMsg HTTP/1.1" 200 27
61.170.233.201 - - [24/Jun/2023:09:43:00 +0800] "GET /xingrg/all/function/internal_message.html?_=1687570975962&CODE_STATE=getMsg HTTP/1.1" 200 27
61.170.233.201 - - [24/Jun/2023:09:43:00 +0800] "GET /xingrg/check_reg.html?_=1687570976248 HTTP/1.1" 200 22
116.238.191.126 - - [24/Jun/2023:09:43:01 +0800] "GET /xingrg/kc/buy/cgsh_order_operate.html?command=get_materiel&rest_code=00151&code=00101008095&supplier_code=00100008&order_time=2023-06-24 HTTP/1.1" 200 412
222.67.234.146 - - [24/Jun/2023:09:43:05 +0800] "GET /xingrg/all/function/internal_message.html?_=1687570476237&CODE_STATE=getMsg HTTP/1.1" 200 27
116.238.191.126 - - [24/Jun/2023:09:43:08 +0800] "GET /xingrg/kc/buy/cgsh_order_operate.html?command=get_materiel&rest_code=00151&code=00101008110&supplier_code=00100008&order_time=2023-06-24 HTTP/1.1" 200 408
180.169.147.146 - - [24/Jun/2023:09:43:09 +0800] "GET /xingrg/check_reg.html?_=1687570992653 HTTP/1.1" 200 22
58.40.7.146 - - [24/Jun/2023:09:43:16 +0800] "GET /xingrg/all/function/internal_message.html?_=1687570996757&CODE_STATE=getMsg HTTP/1.1" 200 27
114.85.113.108 - - [24/Jun/2023:09:43:19 +0800] "GET /xingrg/all/function/internal_message.html?_=1687570997415&CODE_STATE=getMsg HTTP/1.1" 200 27
180.162.231.188 - - [24/Jun/2023:09:43:19 +0800] "GET /xingrg/javascript/easyui/themes/default/tree.css HTTP/1.1" 404 1090
222.70.180.90 - - [24/Jun/2023:09:43:20 +0800] "GET /xingrg/all/function/internal_message.html?_=1687570996803&CODE_STATE=getMsg HTTP/1.1" 200 27
116.238.191.126 - - [24/Jun/2023:09:43:20 +0800] "GET /xingrg/kc/buy/cgsh_order_operate.html?command=get_materiel&rest_code=00151&code=00101008221&supplier_code=00100008&order_time=2023-06-24 HTTP/1.1" 200 412
180.162.231.188 - - [24/Jun/2023:09:43:20 +0800] "POST /xingrg/all/common/load_tree.html?tree=supplier_tree_json&isDelete=1 HTTP/1.1" 200 74560
172.20.0.100 - - [24/Jun/2023:09:43:22 +0800] "GET /xingrg/all/function/internal_message.html?_=1687571002251&CODE_STATE=getMsg HTTP/1.1" 200 27
180.162.231.188 - - [24/Jun/2023:09:43:30 +0800] "GET /xingrg/all/function/internal_message.html?_=1687571010548&CODE_STATE=getMsg HTTP/1.1" 200 27
180.162.231.188 - - [24/Jun/2023:09:43:30 +0800] "GET /xingrg/check_reg.html?_=1687571010611 HTTP/1.1" 200 22
101.83.145.52 - - [24/Jun/2023:09:43:32 +0800] "GET /xingrg/all/function/internal_message.html?_=1687571014872&CODE_STATE=getMsg HTTP/1.1" 200 27
116.238.191.126 - - [24/Jun/2023:09:43:33 +0800] "POST /xingrg/kc/buy/cgsh_order_operate.html HTTP/1.1" 200 37
124.77.245.69 - - [24/Jun/2023:09:43:34 +0800] "GET /xingrg/all/function/internal_message.html?_=1687571035672&CODE_STATE=getMsg HTTP/1.1" 200 27
222.69.132.13 - - [24/Jun/2023:09:43:35 +0800] "GET /xingrg/all/function/internal_message.html?_=1687571125484&CODE_STATE=getMsg HTTP/1.1" 200 27
116.238.191.126 - - [24/Jun/2023:09:43:35 +0800] "POST /xingrg/kc/buy/cgsh_order_operate.html HTTP/1.1" 200 14008
222.67.234.146 - - [24/Jun/2023:09:43:35 +0800] "GET /xingrg/kc/buy/cgsh_order_operate.html?command=get_materiel&rest_code=00141&code=00101008261&supplier_code=00100007&order_time=2023-06-24 HTTP/1.1" 200 408
101.83.145.52 - - [24/Jun/2023:09:43:38 +0800] "GET /xingrg/all/function/internal_message.html?_=1687570840690&CODE_STATE=getMsg HTTP/1.1" 200 27
101.83.145.52 - - [24/Jun/2023:09:43:38 +0800] "GET /xingrg/check_reg.html?_=1687570840960 HTTP/1.1" 200 22
222.67.234.146 - - [24/Jun/2023:09:43:40 +0800] "POST /xingrg/kc/buy/cgsh_order_operate.html HTTP/1.1" 200 2065
116.232.195.127 - - [24/Jun/2023:09:43:44 +0800] "GET /xingrg/all/function/internal_message.html?_=1687571017248&CODE_STATE=getMsg HTTP/1.1" 200 27
116.238.191.126 - - [24/Jun/2023:09:43:45 +0800] "GET /xingrg/kc/buy/cgsh_order_operate.html?command=get_materiel&rest_code=00151&code=00101008150&supplier_code=00100008&order_time=2023-06-24 HTTP/1.1" 200 409
124.79.241.217 - - [24/Jun/2023:09:43:48 +0800] "GET /xingrg/all/function/internal_message.html?_=1687571310741&CODE_STATE=getMsg HTTP/1.1" 200 27
180.162.231.188 - - [24/Jun/2023:09:43:48 +0800] "GET /xingrg/kc/buy/cgsh_order_operate.html?command=get_materiel&rest_code=00102&code=00101015047&supplier_code=00100054&order_time=2023-06-24 HTTP/1.1" 200 410
180.169.147.146 - - [24/Jun/2023:09:43:52 +0800] "GET /xingrg/all/function/internal_message.html?_=1687571035273&CODE_STATE=getMsg HTTP/1.1" 200 27
114.85.113.108 - - [24/Jun/2023:09:43:54 +0800] "GET /xingrg/check_reg.html?_=1687571032190 HTTP/1.1" 200 22
222.70.180.90 - - [24/Jun/2023:09:43:54 +0800] "GET /xingrg/all/function/internal_message.html?_=1687571030971&CODE_STATE=getMsg HTTP/1.1" 200 27
116.238.191.126 - - [24/Jun/2023:09:43:59 +0800] "GET /xingrg/check_reg.html?_=1687570963575 HTTP/1.1" 200 22
116.238.191.126 - - [24/Jun/2023:09:43:59 +0800] "GET /xingrg/all/function/internal_message.html?_=1687570963665&CODE_STATE=getMsg HTTP/1.1" 200 27
116.238.191.126 - - [24/Jun/2023:09:43:59 +0800] "POST /xingrg/kc/buy/cgsh_order_operate.html HTTP/1.1" 200 37
180.163.30.27 - - [24/Jun/2023:09:44:00 +0800] "GET /xingrg/all/function/internal_message.html?_=1687570975962&CODE_STATE=getMsg HTTP/1.1" 302 -
180.163.30.27 - - [24/Jun/2023:09:44:00 +0800] "GET /xingrg/login.html HTTP/1.1" 200 7641
61.170.233.201 - - [24/Jun/2023:09:44:00 +0800] "GET /xingrg/all/function/internal_message.html?_=1687571035941&CODE_STATE=getMsg HTTP/1.1" 200 27
222.67.234.146 - - [24/Jun/2023:09:44:04 +0800] "GET /xingrg/kc/buy/cgsh_order_operate.html?command=get_materiel&rest_code=00141&code=00101008199&supplier_code=00100007&order_time=2023-06-24 HTTP/1.1" 200 23
222.67.234.146 - - [24/Jun/2023:09:44:05 +0800] "GET /xingrg/all/function/internal_message.html?_=1687570536253&CODE_STATE=getMsg HTTP/1.1" 200 27
222.67.234.146 - - [24/Jun/2023:09:44:16 +0800] "POST /xingrg/kc/buy/cgsh_order_operate.html HTTP/1.1" 200 37
58.40.7.146 - - [24/Jun/2023:09:44:16 +0800] "GET /xingrg/check_reg.html?_=1687571056759 HTTP/1.1" 200 22
58.40.7.146 - - [24/Jun/2023:09:44:16 +0800] "GET /xingrg/all/function/internal_message.html?_=1687571056760&CODE_STATE=getMsg HTTP/1.1" 200 27
114.85.113.108 - - [24/Jun/2023:09:44:19 +0800] "GET /xingrg/all/function/internal_message.html?_=1687571057392&CODE_STATE=getMsg HTTP/1.1" 200 27
222.67.234.146 - - [24/Jun/2023:09:44:19 +0800] "POST /xingrg/kc/buy/cgsh_order_operate.html HTTP/1.1" 200 14512
222.70.180.90 - - [24/Jun/2023:09:44:20 +0800] "GET /xingrg/all/function/internal_message.html?_=1687571056803&CODE_STATE=getMsg HTTP/1.1" 200 27
172.20.0.100 - - [24/Jun/2023:09:44:22 +0800] "GET /xingrg/all/function/internal_message.html?_=1687571062252&CODE_STATE=getMsg HTTP/1.1" 200 27
222.67.234.146 - - [24/Jun/2023:09:44:23 +0800] "GET /xingrg/login.html HTTP/1.1" 200 7641
222.67.234.146 - - [24/Jun/2023:09:44:23 +0800] "GET /favicon.ico HTTP/1.1" 404 -
222.67.234.146 - - [24/Jun/2023:09:44:26 +0800] "POST /xingrg/login.do HTTP/1.1" 302 -
222.67.234.146 - - [24/Jun/2023:09:44:26 +0800] "GET /xingrg/index.html?sysBaseUrl=http%3A%2F%2F180.169.147.146%3A18081%2Fxingrg%2F&costTime=1440×tamp=1687571066182 HTTP/1.1" 200 17179
222.67.234.146 - - [24/Jun/2023:09:44:26 +0800] "GET /favicon.ico HTTP/1.1" 404 -
222.67.234.146 - - [24/Jun/2023:09:44:26 +0800] "GET /xingrg/all/function/internal_message.html?_=1687570557086&CODE_STATE=count HTTP/1.1" 200 11
222.67.234.146 - - [24/Jun/2023:09:44:26 +0800] "GET /xingrg/check_reg.html?_=1687570557087 HTTP/1.1" 200 22
222.67.234.146 - - [24/Jun/2023:09:44:26 +0800] "POST /xingrg/all/common/load_tree.html?tree=area_rest_tree_json&manage=1 HTTP/1.1" 200 351
222.67.234.146 - - [24/Jun/2023:09:44:26 +0800] "POST /xingrg/load_menu.html HTTP/1.1" 200 5138
222.67.234.146 - - [24/Jun/2023:09:44:28 +0800] "GET /xingrg/kc/buy/buy_main.html HTTP/1.1" 200 12412
222.67.234.146 - - [24/Jun/2023:09:44:28 +0800] "GET /xingrg/css/new_ie.css HTTP/1.1" 404 1036
222.67.234.146 - - [24/Jun/2023:09:44:28 +0800] "GET /xingrg/images/yd/bt.gif HTTP/1.1" 404 1040
222.67.234.146 - - [24/Jun/2023:09:44:30 +0800] "GET /xingrg/kc/buy/cgsh_order_list.html HTTP/1.1" 200 55860
180.162.231.188 - - [24/Jun/2023:09:44:30 +0800] "GET /xingrg/all/function/internal_message.html?_=1687571070536&CODE_STATE=getMsg HTTP/1.1" 200 27
116.238.191.126 - - [24/Jun/2023:09:44:31 +0800] "POST /xingrg/kc/buy/cgsh_order_operate.html HTTP/1.1" 200 14605
101.83.145.52 - - [24/Jun/2023:09:44:32 +0800] "GET /xingrg/all/function/internal_message.html?_=1687571074873&CODE_STATE=getMsg HTTP/1.1" 200 27
124.77.245.69 - - [24/Jun/2023:09:44:34 +0800] "GET /xingrg/all/function/internal_message.html?_=1687571095763&CODE_STATE=getMsg HTTP/1.1" 200 27
222.69.132.13 - - [24/Jun/2023:09:44:35 +0800] "GET /xingrg/all/function/internal_message.html?_=1687571185498&CODE_STATE=getMsg HTTP/1.1" 200 27
222.69.132.13 - - [24/Jun/2023:09:44:35 +0800] "GET /xingrg/check_reg.html?_=1687571185500 HTTP/1.1" 200 22
222.67.234.146 - - [24/Jun/2023:09:44:35 +0800] "POST /xingrg/kc/buy/cgsh_list_operate.html HTTP/1.1" 200 1869
101.83.145.52 - - [24/Jun/2023:09:44:38 +0800] "GET /xingrg/all/function/internal_message.html?_=1687570900666&CODE_STATE=getMsg HTTP/1.1" 200 27
222.67.234.146 - - [24/Jun/2023:09:44:39 +0800] "POST /xingrg/kc/buy/cgsh_list_operate.html HTTP/1.1" 200 573
222.67.234.146 - - [24/Jun/2023:09:44:41 +0800] "GET /xingrg/kc/buy/cgsh_order_info.html?code=212023062408703 HTTP/1.1" 200 71645
222.67.234.146 - - [24/Jun/2023:09:44:42 +0800] "GET /xingrg/javascript/easyui/themes/default/validatebox.css HTTP/1.1" 404 1104
222.67.234.146 - - [24/Jun/2023:09:44:42 +0800] "GET /xingrg/all/common/auto_word.html?type=employee&rest_code=00141 HTTP/1.1" 200 201
222.67.234.146 - - [24/Jun/2023:09:44:42 +0800] "GET /xingrg/all/common/auto_word.html?type=employee&rest_code=00141 HTTP/1.1" 200 201
222.67.234.146 - - [24/Jun/2023:09:44:43 +0800] "POST /xingrg/kc/buy/cgsh_order_operate.html HTTP/1.1" 200 14512
116.232.195.127 - - [24/Jun/2023:09:44:44 +0800] "GET /xingrg/check_reg.html?_=1687571077253 HTTP/1.1" 200 22
116.232.195.127 - - [24/Jun/2023:09:44:44 +0800] "GET /xingrg/all/function/internal_message.html?_=1687571077256&CODE_STATE=getMsg HTTP/1.1" 200 27
124.79.241.217 - - [24/Jun/2023:09:44:47 +0800] "GET /xingrg/all/function/internal_message.html?_=1687571370716&CODE_STATE=getMsg HTTP/1.1" 200 27
180.169.147.146 - - [24/Jun/2023:09:44:52 +0800] "GET /xingrg/all/function/internal_message.html?_=1687571095257&CODE_STATE=getMsg HTTP/1.1" 200 27
222.70.180.90 - - [24/Jun/2023:09:44:54 +0800] "GET /xingrg/all/function/internal_message.html?_=1687571090948&CODE_STATE=getMsg HTTP/1.1" 200 27
116.238.191.126 - - [24/Jun/2023:09:44:59 +0800] "GET /xingrg/all/function/internal_message.html?_=1687571023708&CODE_STATE=getMsg HTTP/1.1" 200 27
222.67.234.146 - - [24/Jun/2023:09:45:00 +0800] "GET /xingrg/javascript/auto/indicator.gif HTTP/1.1" 404 1066
61.170.233.201 - - [24/Jun/2023:09:45:00 +0800] "GET /xingrg/all/function/internal_message.html?_=1687571095926&CODE_STATE=getMsg HTTP/1.1" 200 27
222.67.234.146 - - [24/Jun/2023:09:45:04 +0800] "GET /xingrg/kc/buy/cgsh_order_operate.html?command=get_materiel&rest_code=00141&code=00101008199&supplier_code=00100007&order_time=2023-06-24 HTTP/1.1" 200 408
58.40.7.146 - - [24/Jun/2023:09:45:16 +0800] "GET /xingrg/all/function/internal_message.html?_=1687571116762&CODE_STATE=getMsg HTTP/1.1" 200 27
222.67.234.146 - - [24/Jun/2023:09:45:17 +0800] "GET /xingrg/kc/buy/cgsh_order_operate.html?command=get_materiel&rest_code=00141&code=00101008141&supplier_code=00100007&order_time=2023-06-24 HTTP/1.1" 200 412
114.85.113.108 - - [24/Jun/2023:09:45:19 +0800] "GET /xingrg/all/function/internal_message.html?_=1687571117367&CODE_STATE=getMsg HTTP/1.1" 200 27
116.238.191.126 - - [24/Jun/2023:09:45:20 +0800] "POST /xingrg/kc/buy/cgsh_order_operate.html HTTP/1.1" 200 37
222.70.180.90 - - [24/Jun/2023:09:45:20 +0800] "GET /xingrg/all/function/internal_message.html?_=1687571116803&CODE_STATE=getMsg HTTP/1.1" 200 27
172.20.0.100 - - [24/Jun/2023:09:45:22 +0800] "GET /xingrg/all/function/internal_message.html?_=1687571122251&CODE_STATE=getMsg HTTP/1.1" 200 27
222.67.234.146 - - [24/Jun/2023:09:45:26 +0800] "GET /xingrg/all/function/internal_message.html?_=1687570617106&CODE_STATE=getMsg HTTP/1.1" 200 27
180.162.231.188 - - [24/Jun/2023:09:45:30 +0800] "GET /xingrg/all/function/internal_message.html?_=1687571130532&CODE_STATE=getMsg HTTP/1.1" 200 27
222.67.234.146 - - [24/Jun/2023:09:45:31 +0800] "GET /xingrg/kc/buy/cgsh_order_operate.html?command=get_materiel&rest_code=00141&code=00101008361&supplier_code=00100007&order_time=2023-06-24 HTTP/1.1" 200 408
116.238.191.126 - - [24/Jun/2023:09:45:31 +0800] "POST /xingrg/kc/buy/cgsh_order_operate.html HTTP/1.1" 200 12
101.83.145.52 - - [24/Jun/2023:09:45:32 +0800] "GET /xingrg/all/function/internal_message.html?_=1687571134874&CODE_STATE=getMsg HTTP/1.1" 200 27
124.77.245.69 - - [24/Jun/2023:09:45:34 +0800] "GET /xingrg/all/function/internal_message.html?_=1687571155779&CODE_STATE=getMsg HTTP/1.1" 200 27
116.238.191.126 - - [24/Jun/2023:09:45:35 +0800] "GET /xingrg/kc/buy/cgsh_order_info.html?code=212023062408702 HTTP/1.1" 200 66159
222.69.132.13 - - [24/Jun/2023:09:45:35 +0800] "GET /xingrg/all/function/internal_message.html?_=1687571245489&CODE_STATE=getMsg HTTP/1.1" 200 27
116.238.191.126 - - [24/Jun/2023:09:45:35 +0800] "GET /xingrg/javascript/easyui/themes/default/validatebox.css HTTP/1.1" 404 1104
116.238.191.126 - - [24/Jun/2023:09:45:36 +0800] "POST /xingrg/kc/buy/cgsh_order_operate.html HTTP/1.1" 200 12550
101.83.145.52 - - [24/Jun/2023:09:45:38 +0800] "GET /xingrg/all/function/internal_message.html?_=1687570960653&CODE_STATE=getMsg HTTP/1.1" 200 27
222.67.234.146 - - [24/Jun/2023:09:45:40 +0800] "GET /xingrg/kc/buy/cgsh_order_operate.html?command=get_materiel&rest_code=00141&code=00101008357&supplier_code=00100007&order_time=2023-06-24 HTTP/1.1" 200 408
116.238.191.126 - - [24/Jun/2023:09:45:40 +0800] "GET /xingrg/kc/print/load_data.html?order_code=212023062408702&kc_code=cgsh&condition= HTTP/1.1" 200 5323
222.67.234.146 - - [24/Jun/2023:09:45:42 +0800] "POST /xingrg/kc/buy/cgsh_order_operate.html HTTP/1.1" 200 2065
116.232.195.127 - - [24/Jun/2023:09:45:44 +0800] "GET /xingrg/all/function/internal_message.html?_=1687571137250&CODE_STATE=getMsg HTTP/1.1" 200 27
124.79.241.217 - - [24/Jun/2023:09:45:47 +0800] "GET /xingrg/all/function/internal_message.html?_=1687571430683&CODE_STATE=getMsg HTTP/1.1" 200 27
222.67.234.146 - - [24/Jun/2023:09:45:50 +0800] "GET /xingrg/kc/buy/cgsh_order_operate.html?command=get_materiel&rest_code=00141&code=00101008213&supplier_code=00100007&order_time=2023-06-24 HTTP/1.1" 200 412
180.169.147.146 - - [24/Jun/2023:09:45:52 +0800] "GET /xingrg/all/function/internal_message.html?_=1687571155240&CODE_STATE=getMsg HTTP/1.1" 200 27
222.70.180.90 - - [24/Jun/2023:09:45:54 +0800] "GET /xingrg/all/function/internal_message.html?_=1687571150927&CODE_STATE=getMsg HTTP/1.1" 200 27
180.162.231.188 - - [24/Jun/2023:09:45:59 +0800] "POST /xingrg/kc/buy/cgsh_order_operate.html HTTP/1.1" 200 37
116.238.191.126 - - [24/Jun/2023:09:45:59 +0800] "GET /xingrg/all/function/internal_message.html?_=1687571083777&CODE_STATE=getMsg HTTP/1.1" 200 27
180.162.231.188 - - [24/Jun/2023:09:46:00 +0800] "POST /xingrg/services/DataTransmitService HTTP/1.1" 200 524
61.170.233.201 - - [24/Jun/2023:09:46:00 +0800] "GET /xingrg/all/function/internal_message.html?_=1687571155912&CODE_STATE=getMsg HTTP/1.1" 200 27
222.67.234.146 - - [24/Jun/2023:09:46:02 +0800] "GET /xingrg/kc/buy/cgsh_order_operate.html?command=get_materiel&rest_code=00141&code=00101008298&supplier_code=00100007&order_time=2023-06-24 HTTP/1.1" 200 413
58.40.7.146 - - [24/Jun/2023:09:46:16 +0800] "GET /xingrg/all/function/internal_message.html?_=1687571176748&CODE_STATE=getMsg HTTP/1.1" 200 27
180.162.231.188 - - [24/Jun/2023:09:46:17 +0800] "POST /xingrg/kc/buy/cgsh_order_operate.html HTTP/1.1" 200 12
222.67.234.146 - - [24/Jun/2023:09:46:19 +0800] "GET /xingrg/kc/buy/cgsh_order_operate.html?command=get_materiel&rest_code=00141&code=00101008144&supplier_code=00100007&order_time=2023-06-24 HTTP/1.1" 200 412
114.85.113.108 - - [24/Jun/2023:09:46:19 +0800] "GET /xingrg/all/function/internal_message.html?_=1687571177345&CODE_STATE=getMsg HTTP/1.1" 200 27
180.162.231.188 - - [24/Jun/2023:09:46:20 +0800] "GET /xingrg/kc/buy/cgsh_order_info.html?code=212023062408704 HTTP/1.1" 200 66576
222.70.180.90 - - [24/Jun/2023:09:46:20 +0800] "GET /xingrg/all/function/internal_message.html?_=1687571176801&CODE_STATE=getMsg HTTP/1.1" 200 27
180.162.231.188 - - [24/Jun/2023:09:46:20 +0800] "GET /xingrg/javascript/easyui/themes/default/validatebox.css HTTP/1.1" 404 1104
180.162.231.188 - - [24/Jun/2023:09:46:21 +0800] "POST /xingrg/kc/buy/cgsh_order_operate.html HTTP/1.1" 200 604
172.20.0.100 - - [24/Jun/2023:09:46:22 +0800] "GET /xingrg/all/function/internal_message.html?_=1687571182252&CODE_STATE=getMsg HTTP/1.1" 200 27
172.20.0.100 - - [24/Jun/2023:09:46:22 +0800] "GET /xingrg/check_reg.html?_=1687571182252 HTTP/1.1" 200 22
180.162.231.188 - - [24/Jun/2023:09:46:24 +0800] "GET /xingrg/kc/print/load_data.html?order_code=212023062408704&kc_code=cgsh&condition= HTTP/1.1" 200 681
222.67.234.146 - - [24/Jun/2023:09:46:26 +0800] "GET /xingrg/all/function/internal_message.html?_=1687570677101&CODE_STATE=getMsg HTTP/1.1" 200 27
124.77.245.69 - - [24/Jun/2023:09:46:28 +0800] "GET /xingrg/kc/buy/cgsh_order_add.html HTTP/1.1" 200 71636
124.77.245.69 - - [24/Jun/2023:09:46:29 +0800] "POST /xingrg/kc/buy/cgsh_order_operate.html HTTP/1.1" 200 8245
124.77.245.69 - - [24/Jun/2023:09:46:29 +0800] "GET /xingrg/javascript/easyui/themes/default/validatebox.css HTTP/1.1" 404 1104
222.67.234.146 - - [24/Jun/2023:09:46:29 +0800] "GET /xingrg/kc/buy/cgsh_order_operate.html?command=get_materiel&rest_code=00141&code=00101008372&supplier_code=00100007&order_time=2023-06-24 HTTP/1.1" 200 408
180.162.231.188 - - [24/Jun/2023:09:46:30 +0800] "GET /xingrg/all/function/internal_message.html?_=1687571190516&CODE_STATE=getMsg HTTP/1.1" 200 27
101.83.145.52 - - [24/Jun/2023:09:46:32 +0800] "GET /xingrg/all/function/internal_message.html?_=1687571194875&CODE_STATE=getMsg HTTP/1.1" 200 27
124.77.245.69 - - [24/Jun/2023:09:46:33 +0800] "GET /xingrg/check_reg.html?_=1687571214799 HTTP/1.1" 200 22
124.77.245.69 - - [24/Jun/2023:09:46:34 +0800] "GET /xingrg/all/function/internal_message.html?_=1687571215791&CODE_STATE=getMsg HTTP/1.1" 200 27
222.69.132.13 - - [24/Jun/2023:09:46:35 +0800] "GET /xingrg/all/function/internal_message.html?_=1687571305499&CODE_STATE=getMsg HTTP/1.1" 200 27
101.83.145.52 - - [24/Jun/2023:09:46:38 +0800] "GET /xingrg/all/function/internal_message.html?_=1687571020639&CODE_STATE=getMsg HTTP/1.1" 200 27
180.162.231.188 - - [24/Jun/2023:09:46:40 +0800] "GET /xingrg/kc/buy/cgsh_order_add.html HTTP/1.1" 200 71671
180.162.231.188 - - [24/Jun/2023:09:46:40 +0800] "POST /xingrg/kc/buy/cgsh_order_operate.html HTTP/1.1" 200 8245
180.162.231.188 - - [24/Jun/2023:09:46:40 +0800] "GET /xingrg/javascript/easyui/themes/default/validatebox.css HTTP/1.1" 404 1104
116.232.195.127 - - [24/Jun/2023:09:46:44 +0800] "GET /xingrg/all/function/internal_message.html?_=1687571197251&CODE_STATE=getMsg HTTP/1.1" 200 27
124.77.245.69 - - [24/Jun/2023:09:46:47 +0800] "GET /xingrg/javascript/jquery_tools/images/prev.gif HTTP/1.1" 404 1086
124.77.245.69 - - [24/Jun/2023:09:46:47 +0800] "GET /xingrg/javascript/jquery_tools/images/next.gif HTTP/1.1" 404 1086
124.79.241.217 - - [24/Jun/2023:09:46:48 +0800] "GET /xingrg/all/function/internal_message.html?_=1687571490716&CODE_STATE=getMsg HTTP/1.1" 200 27
180.169.147.146 - - [24/Jun/2023:09:46:52 +0800] "GET /xingrg/all/function/internal_message.html?_=1687571215223&CODE_STATE=getMsg HTTP/1.1" 200 27
222.70.180.90 - - [24/Jun/2023:09:46:54 +0800] "GET /xingrg/all/function/internal_message.html?_=1687571210908&CODE_STATE=getMsg HTTP/1.1" 200 27
222.67.234.146 - - [24/Jun/2023:09:46:56 +0800] "GET /xingrg/kc/buy/cgsh_order_operate.html?command=get_materiel&rest_code=00141&code=00101008323&supplier_code=00100007&order_time=2023-06-24 HTTP/1.1" 200 408
124.77.245.69 - - [24/Jun/2023:09:46:56 +0800] "GET /xingrg/kc/buy/cgsh_order_operate.html?command=get_materiel&rest_code=00146&code=00101002027&supplier_code=00100041&order_time=2023-06-24 HTTP/1.1" 200 415
116.238.191.126 - - [24/Jun/2023:09:46:59 +0800] "GET /xingrg/all/function/internal_message.html?_=1687571143784&CODE_STATE=getMsg HTTP/1.1" 200 27
180.163.29.212 - - [24/Jun/2023:09:47:00 +0800] "GET /xingrg/all/function/internal_message.html?_=1687571155912&CODE_STATE=getMsg HTTP/1.1" 302 -
180.163.29.212 - - [24/Jun/2023:09:47:00 +0800] "GET /xingrg/login.html HTTP/1.1" 200 7641
61.170.233.201 - - [24/Jun/2023:09:47:00 +0800] "GET /xingrg/all/function/internal_message.html?_=1687571215897&CODE_STATE=getMsg HTTP/1.1" 200 27
222.67.234.146 - - [24/Jun/2023:09:47:01 +0800] "POST /xingrg/kc/buy/cgsh_order_operate.html HTTP/1.1" 200 2065
222.67.234.146 - - [24/Jun/2023:09:47:08 +0800] "GET /xingrg/kc/buy/cgsh_order_operate.html?command=get_materiel&rest_code=00141&code=00101008224&supplier_code=00100007&order_time=2023-06-24 HTTP/1.1" 200 416
124.77.245.69 - - [24/Jun/2023:09:47:16 +0800] "GET /xingrg/kc/buy/cgsh_order_operate.html?command=get_materiel&rest_code=00146&code=00101002006&supplier_code=00100041&order_time=2023-06-24 HTTP/1.1" 200 413
58.40.7.146 - - [24/Jun/2023:09:47:16 +0800] "GET /xingrg/all/function/internal_message.html?_=1687571236750&CODE_STATE=getMsg HTTP/1.1" 200 27
222.67.234.146 - - [24/Jun/2023:09:47:18 +0800] "GET /xingrg/kc/buy/cgsh_order_operate.html?command=get_materiel&rest_code=00141&code=00101008370&supplier_code=00100007&order_time=2023-06-24 HTTP/1.1" 200 412
114.85.113.108 - - [24/Jun/2023:09:47:19 +0800] "GET /xingrg/all/function/internal_message.html?_=1687571237329&CODE_STATE=getMsg HTTP/1.1" 200 27
222.70.180.90 - - [24/Jun/2023:09:47:20 +0800] "GET /xingrg/all/function/internal_message.html?_=1687571236817&CODE_STATE=getMsg HTTP/1.1" 200 27
222.70.180.90 - - [24/Jun/2023:09:47:20 +0800] "GET /xingrg/check_reg.html?_=1687571236820 HTTP/1.1" 200 22
172.20.0.100 - - [24/Jun/2023:09:47:22 +0800] "GET /xingrg/all/function/internal_message.html?_=1687571242252&CODE_STATE=getMsg HTTP/1.1" 200 27
222.67.234.146 - - [24/Jun/2023:09:47:26 +0800] "GET /xingrg/all/function/internal_message.html?_=1687570737105&CODE_STATE=getMsg HTTP/1.1" 200 27
180.162.231.188 - - [24/Jun/2023:09:47:30 +0800] "GET /xingrg/all/function/internal_message.html?_=1687571250509&CODE_STATE=getMsg HTTP/1.1" 200 27
101.83.145.52 - - [24/Jun/2023:09:47:32 +0800] "GET /xingrg/check_reg.html?_=1687571254901 HTTP/1.1" 200 22
101.83.145.52 - - [24/Jun/2023:09:47:32 +0800] "GET /xingrg/all/function/internal_message.html?_=1687571254905&CODE_STATE=getMsg HTTP/1.1" 200 27
124.77.245.69 - - [24/Jun/2023:09:47:34 +0800] "GET /xingrg/all/function/internal_message.html?_=1687571275804&CODE_STATE=getMsg HTTP/1.1" 200 27
222.69.132.13 - - [24/Jun/2023:09:47:35 +0800] "GET /xingrg/all/function/internal_message.html?_=1687571365493&CODE_STATE=getMsg HTTP/1.1" 200 27
124.77.245.69 - - [24/Jun/2023:09:47:37 +0800] "GET /xingrg/kc/buy/cgsh_order_operate.html?command=get_materiel&rest_code=00146&code=00101002007&supplier_code=00100041&order_time=2023-06-24 HTTP/1.1" 200 409
101.83.145.52 - - [24/Jun/2023:09:47:38 +0800] "GET /xingrg/all/function/internal_message.html?_=1687571080628&CODE_STATE=getMsg HTTP/1.1" 200 27
222.67.234.146 - - [24/Jun/2023:09:47:40 +0800] "GET /xingrg/kc/buy/cgsh_order_operate.html?command=get_materiel&rest_code=00141&code=00101008300&supplier_code=00100007&order_time=2023-06-24 HTTP/1.1" 200 412
116.232.195.127 - - [24/Jun/2023:09:47:44 +0800] "GET /xingrg/all/function/internal_message.html?_=1687571257249&CODE_STATE=getMsg HTTP/1.1" 200 27
124.79.241.217 - - [24/Jun/2023:09:47:48 +0800] "GET /xingrg/all/function/internal_message.html?_=1687571550714&CODE_STATE=getMsg HTTP/1.1" 200 27
124.79.241.217 - - [24/Jun/2023:09:47:48 +0800] "GET /xingrg/check_reg.html?_=1687571550689 HTTP/1.1" 200 22
222.67.234.146 - - [24/Jun/2023:09:47:51 +0800] "GET /xingrg/kc/buy/cgsh_order_operate.html?command=get_materiel&rest_code=00141&code=00101008415&supplier_code=00100007&order_time=2023-06-24 HTTP/1.1" 200 412
180.169.147.146 - - [24/Jun/2023:09:47:52 +0800] "GET /xingrg/all/function/internal_message.html?_=1687571275206&CODE_STATE=getMsg HTTP/1.1" 200 27
222.67.234.146 - - [24/Jun/2023:09:47:54 +0800] "POST /xingrg/kc/buy/cgsh_order_operate.html HTTP/1.1" 200 2065
222.70.180.90 - - [24/Jun/2023:09:47:54 +0800] "GET /xingrg/all/function/internal_message.html?_=1687571270904&CODE_STATE=getMsg HTTP/1.1" 200 27
222.70.180.90 - - [24/Jun/2023:09:47:55 +0800] "GET /xingrg/check_reg.html?_=1687571271776 HTTP/1.1" 200 22
116.238.191.126 - - [24/Jun/2023:09:47:59 +0800] "GET /xingrg/all/function/internal_message.html?_=1687571203865&CODE_STATE=getMsg HTTP/1.1" 200 27
180.163.29.234 - - [24/Jun/2023:09:48:00 +0800] "GET /xingrg/all/function/internal_message.html?_=1687571215897&CODE_STATE=getMsg HTTP/1.1" 302 -
180.163.29.234 - - [24/Jun/2023:09:48:00 +0800] "GET /xingrg/login.html HTTP/1.1" 200 7641
61.170.233.201 - - [24/Jun/2023:09:48:00 +0800] "GET /xingrg/all/function/internal_message.html?_=1687571275868&CODE_STATE=getMsg HTTP/1.1" 200 27
61.170.233.201 - - [24/Jun/2023:09:48:00 +0800] "GET /xingrg/check_reg.html?_=1687571276239 HTTP/1.1" 200 22
124.77.245.69 - - [24/Jun/2023:09:48:02 +0800] "GET /xingrg/kc/buy/cgsh_order_operate.html?command=get_materiel&rest_code=00146&code=00101002041&supplier_code=00100041&order_time=2023-06-24 HTTP/1.1" 200 411
222.67.234.146 - - [24/Jun/2023:09:48:02 +0800] "GET /xingrg/kc/buy/cgsh_order_operate.html?command=get_materiel&rest_code=00141&code=00101008069&supplier_code=00100007&order_time=2023-06-24 HTTP/1.1" 200 412
180.169.147.146 - - [24/Jun/2023:09:48:09 +0800] "GET /xingrg/check_reg.html?_=1687571292635 HTTP/1.1" 200 22
58.40.7.146 - - [24/Jun/2023:09:48:16 +0800] "GET /xingrg/all/function/internal_message.html?_=1687571296752&CODE_STATE=getMsg HTTP/1.1" 200 27
124.77.245.69 - - [24/Jun/2023:09:48:18 +0800] "GET /xingrg/kc/buy/cgsh_order_operate.html?command=get_materiel&rest_code=00146&code=00101002022&supplier_code=00100041&order_time=2023-06-24 HTTP/1.1" 200 409
222.67.234.146 - - [24/Jun/2023:09:48:18 +0800] "GET /xingrg/kc/buy/cgsh_order_operate.html?command=get_materiel&rest_code=00141&code=00101008296&supplier_code=00100007&order_time=2023-06-24 HTTP/1.1" 200 416
114.85.113.108 - - [24/Jun/2023:09:48:19 +0800] "GET /xingrg/all/function/internal_message.html?_=1687571297309&CODE_STATE=getMsg HTTP/1.1" 200 27
222.70.180.90 - - [24/Jun/2023:09:48:20 +0800] "GET /xingrg/all/function/internal_message.html?_=1687571296804&CODE_STATE=getMsg HTTP/1.1" 200 27
172.20.0.100 - - [24/Jun/2023:09:48:22 +0800] "GET /xingrg/all/function/internal_message.html?_=1687571302252&CODE_STATE=getMsg HTTP/1.1" 200 27
222.67.234.146 - - [24/Jun/2023:09:48:26 +0800] "GET /xingrg/all/function/internal_message.html?_=1687570797140&CODE_STATE=getMsg HTTP/1.1" 200 27
222.67.234.146 - - [24/Jun/2023:09:48:28 +0800] "GET /xingrg/kc/buy/cgsh_order_operate.html?command=get_materiel&rest_code=00141&code=00101008353&supplier_code=00100007&order_time=2023-06-24 HTTP/1.1" 200 408
180.162.231.188 - - [24/Jun/2023:09:48:30 +0800] "GET /xingrg/all/function/internal_message.html?_=1687571310504&CODE_STATE=getMsg HTTP/1.1" 200 27
180.162.231.188 - - [24/Jun/2023:09:48:30 +0800] "GET /xingrg/check_reg.html?_=1687571310602 HTTP/1.1" 200 22
101.83.145.52 - - [24/Jun/2023:09:48:32 +0800] "GET /xingrg/all/function/internal_message.html?_=1687571314904&CODE_STATE=getMsg HTTP/1.1" 200 27
218.81.73.96 - - [24/Jun/2023:09:48:32 +0800] "POST /xingrg/kc/base/wldb_list_operate.html HTTP/1.1" 302 -
218.81.73.96 - - [24/Jun/2023:09:48:32 +0800] "GET /xingrg/login.html HTTP/1.1" 200 7641
218.81.73.96 - - [24/Jun/2023:09:48:32 +0800] "GET /xingrg/kc/base/images/blue/srbg.png HTTP/1.1" 404 1064
218.81.73.96 - - [24/Jun/2023:09:48:32 +0800] "GET /xingrg/kc/base/images/blue/hj.png HTTP/1.1" 404 1060
218.81.73.96 - - [24/Jun/2023:09:48:32 +0800] "GET /xingrg/kc/base/images/blue/login_bg.png HTTP/1.1" 404 1072
124.77.245.69 - - [24/Jun/2023:09:48:34 +0800] "GET /xingrg/all/function/internal_message.html?_=1687571335818&CODE_STATE=getMsg HTTP/1.1" 200 27
222.69.132.13 - - [24/Jun/2023:09:48:35 +0800] "GET /xingrg/all/function/internal_message.html?_=1687571425492&CODE_STATE=getMsg HTTP/1.1" 200 27
218.81.73.96 - - [24/Jun/2023:09:48:36 +0800] "GET /xingrg/kc/buy/buy_main.html HTTP/1.1" 302 -
218.81.73.96 - - [24/Jun/2023:09:48:36 +0800] "GET /xingrg/login.html HTTP/1.1" 200 7641
218.81.73.96 - - [24/Jun/2023:09:48:36 +0800] "GET /xingrg/login.html HTTP/1.1" 200 7641
218.81.73.96 - - [24/Jun/2023:09:48:37 +0800] "GET /favicon.ico HTTP/1.1" 404 -
101.83.145.52 - - [24/Jun/2023:09:48:38 +0800] "GET /xingrg/all/function/internal_message.html?_=1687571140606&CODE_STATE=getMsg HTTP/1.1" 200 27
101.83.145.52 - - [24/Jun/2023:09:48:38 +0800] "GET /xingrg/check_reg.html?_=1687571140936 HTTP/1.1" 200 22
124.77.245.69 - - [24/Jun/2023:09:48:38 +0800] "GET /xingrg/kc/buy/cgsh_order_operate.html?command=get_materiel&rest_code=00146&code=00101004038&supplier_code=00100041&order_time=2023-06-24 HTTP/1.1" 200 409
116.232.195.127 - - [24/Jun/2023:09:48:44 +0800] "GET /xingrg/all/function/internal_message.html?_=1687571317250&CODE_STATE=getMsg HTTP/1.1" 200 27
222.67.234.146 - - [24/Jun/2023:09:48:46 +0800] "GET /xingrg/kc/buy/cgsh_order_operate.html?command=get_materiel&rest_code=00141&code=00101008403&supplier_code=00100007&order_time=2023-06-24 HTTP/1.1" 200 412
124.79.241.217 - - [24/Jun/2023:09:48:48 +0800] "GET /xingrg/all/function/internal_message.html?_=1687571610697&CODE_STATE=getMsg HTTP/1.1" 200 27
222.67.234.146 - - [24/Jun/2023:09:48:50 +0800] "POST /xingrg/kc/buy/cgsh_order_operate.html HTTP/1.1" 200 2065
180.169.147.146 - - [24/Jun/2023:09:48:52 +0800] "GET /xingrg/all/function/internal_message.html?_=1687571335178&CODE_STATE=getMsg HTTP/1.1" 200 27
114.85.113.108 - - [24/Jun/2023:09:48:54 +0800] "GET /xingrg/check_reg.html?_=1687571332179 HTTP/1.1" 200 22
222.70.180.90 - - [24/Jun/2023:09:48:54 +0800] "GET /xingrg/all/function/internal_message.html?_=1687571330885&CODE_STATE=getMsg HTTP/1.1" 200 27
222.67.234.146 - - [24/Jun/2023:09:48:58 +0800] "GET /xingrg/kc/buy/cgsh_order_operate.html?command=get_materiel&rest_code=00141&code=00101008283&supplier_code=00100007&order_time=2023-06-24 HTTP/1.1" 200 408
116.238.191.126 - - [24/Jun/2023:09:48:59 +0800] "GET /xingrg/check_reg.html?_=1687571263577 HTTP/1.1" 200 22
124.77.245.69 - - [24/Jun/2023:09:48:59 +0800] "GET /xingrg/kc/buy/cgsh_order_operate.html?command=get_materiel&rest_code=00146&code=00101004030&supplier_code=00100041&order_time=2023-06-24 HTTP/1.1" 200 408
116.238.191.126 - - [24/Jun/2023:09:48:59 +0800] "GET /xingrg/all/function/internal_message.html?_=1687571263937&CODE_STATE=getMsg HTTP/1.1" 200 27
218.81.73.96 - - [24/Jun/2023:09:49:01 +0800] "POST /xingrg/login.do HTTP/1.1" 302 -
218.81.73.96 - - [24/Jun/2023:09:49:01 +0800] "GET /xingrg/index.html?sysBaseUrl=http%3A%2F%2F180.169.147.146%3A18081%2Fxingrg%2F&costTime=1464×tamp=1687571341102 HTTP/1.1" 200 17179
218.81.73.96 - - [24/Jun/2023:09:49:01 +0800] "GET /xingrg/all/function/internal_message.html?_=1687571342590&CODE_STATE=count HTTP/1.1" 200 11
218.81.73.96 - - [24/Jun/2023:09:49:01 +0800] "GET /xingrg/check_reg.html?_=1687571342592 HTTP/1.1" 200 22
218.81.73.96 - - [24/Jun/2023:09:49:01 +0800] "GET /favicon.ico HTTP/1.1" 404 -
218.81.73.96 - - [24/Jun/2023:09:49:01 +0800] "POST /xingrg/all/common/load_tree.html?tree=area_rest_tree_json&manage=1 HTTP/1.1" 200 476
218.81.73.96 - - [24/Jun/2023:09:49:01 +0800] "POST /xingrg/load_menu.html HTTP/1.1" 200 5138
61.170.233.201 - - [24/Jun/2023:09:49:03 +0800] "GET /xingrg/all/function/internal_message.html?_=1687571335850&CODE_STATE=getMsg HTTP/1.1" 200 27
124.77.245.69 - - [24/Jun/2023:09:49:10 +0800] "GET /xingrg/kc/buy/cgsh_order_operate.html?command=get_materiel&rest_code=00146&code=00101005055&supplier_code=00100041&order_time=2023-06-24 HTTP/1.1" 200 406
222.67.234.146 - - [24/Jun/2023:09:49:11 +0800] "GET /xingrg/kc/buy/cgsh_order_operate.html?command=get_materiel&rest_code=00141&code=00101008265&supplier_code=00100007&order_time=2023-06-24 HTTP/1.1" 200 409
58.40.7.146 - - [24/Jun/2023:09:49:16 +0800] "GET /xingrg/all/function/internal_message.html?_=1687571356754&CODE_STATE=getMsg HTTP/1.1" 200 27
58.40.7.146 - - [24/Jun/2023:09:49:16 +0800] "GET /xingrg/check_reg.html?_=1687571356755 HTTP/1.1" 200 22
218.81.73.96 - - [24/Jun/2023:09:49:18 +0800] "GET /xingrg/kc/buy/buy_main.html HTTP/1.1" 200 12412
218.81.73.96 - - [24/Jun/2023:09:49:18 +0800] "GET /xingrg/css/new_ie.css HTTP/1.1" 404 1036
218.81.73.96 - - [24/Jun/2023:09:49:19 +0800] "GET /xingrg/images/yd/bt.gif HTTP/1.1" 404 1040
114.85.113.108 - - [24/Jun/2023:09:49:19 +0800] "GET /xingrg/all/function/internal_message.html?_=1687571357281&CODE_STATE=getMsg HTTP/1.1" 200 27
222.70.180.90 - - [24/Jun/2023:09:49:20 +0800] "GET /xingrg/all/function/internal_message.html?_=1687571356832&CODE_STATE=getMsg HTTP/1.1" 200 27
218.81.73.96 - - [24/Jun/2023:09:49:21 +0800] "GET /xingrg/kc/buy/cgsh_order_list.html HTTP/1.1" 200 55860
222.67.234.146 - - [24/Jun/2023:09:49:21 +0800] "GET /xingrg/kc/buy/cgsh_order_operate.html?command=get_materiel&rest_code=00141&code=00101008309&supplier_code=00100007&order_time=2023-06-24 HTTP/1.1" 200 421
172.20.0.100 - - [24/Jun/2023:09:49:22 +0800] "GET /xingrg/all/function/internal_message.html?_=1687571362252&CODE_STATE=getMsg HTTP/1.1" 200 27
218.81.73.96 - - [24/Jun/2023:09:49:25 +0800] "POST /xingrg/kc/buy/cgsh_list_operate.html HTTP/1.1" 200 986
222.67.234.146 - - [24/Jun/2023:09:49:26 +0800] "GET /xingrg/check_reg.html?_=1687570857179 HTTP/1.1" 200 22
222.67.234.146 - - [24/Jun/2023:09:49:26 +0800] "GET /xingrg/all/function/internal_message.html?_=1687570857181&CODE_STATE=getMsg HTTP/1.1" 200 27
180.162.231.188 - - [24/Jun/2023:09:49:30 +0800] "GET /xingrg/all/function/internal_message.html?_=1687571370472&CODE_STATE=getMsg HTTP/1.1" 200 27
101.83.145.52 - - [24/Jun/2023:09:49:32 +0800] "GET /xingrg/all/function/internal_message.html?_=1687571374905&CODE_STATE=getMsg HTTP/1.1" 200 27
124.77.245.69 - - [24/Jun/2023:09:49:34 +0800] "GET /xingrg/all/function/internal_message.html?_=1687571395831&CODE_STATE=getMsg HTTP/1.1" 200 27
222.67.234.146 - - [24/Jun/2023:09:49:34 +0800] "GET /xingrg/kc/buy/cgsh_order_operate.html?command=get_materiel&rest_code=00141&code=00101008286&supplier_code=00100007&order_time=2023-06-24 HTTP/1.1" 200 408
222.69.132.13 - - [24/Jun/2023:09:49:35 +0800] "GET /xingrg/all/function/internal_message.html?_=1687571485479&CODE_STATE=getMsg HTTP/1.1" 200 27
222.69.132.13 - - [24/Jun/2023:09:49:35 +0800] "GET /xingrg/check_reg.html?_=1687571485481 HTTP/1.1" 200 22
101.83.145.52 - - [24/Jun/2023:09:49:38 +0800] "GET /xingrg/all/function/internal_message.html?_=1687571200610&CODE_STATE=getMsg HTTP/1.1" 200 27
116.232.195.127 - - [24/Jun/2023:09:49:44 +0800] "GET /xingrg/all/function/internal_message.html?_=1687571377251&CODE_STATE=getMsg HTTP/1.1" 200 27
116.232.195.127 - - [24/Jun/2023:09:49:44 +0800] "GET /xingrg/check_reg.html?_=1687571377253 HTTP/1.1" 200 22
124.79.241.217 - - [24/Jun/2023:09:49:48 +0800] "GET /xingrg/all/function/internal_message.html?_=1687571670756&CODE_STATE=getMsg HTTP/1.1" 200 27
222.67.234.146 - - [24/Jun/2023:09:49:49 +0800] "GET /xingrg/kc/buy/cgsh_order_operate.html?command=get_materiel&rest_code=00141&code=00101008036&supplier_code=00100007&order_time=2023-06-24 HTTP/1.1" 200 408
180.169.147.146 - - [24/Jun/2023:09:49:52 +0800] "GET /xingrg/all/function/internal_message.html?_=1687571395161&CODE_STATE=getMsg HTTP/1.1" 200 27
222.67.234.146 - - [24/Jun/2023:09:49:53 +0800] "POST /xingrg/kc/buy/cgsh_order_operate.html HTTP/1.1" 200 2065
222.70.180.90 - - [24/Jun/2023:09:49:54 +0800] "GET /xingrg/all/function/internal_message.html?_=1687571390864&CODE_STATE=getMsg HTTP/1.1" 200 27
218.81.73.96 - - [24/Jun/2023:09:49:56 +0800] "GET /xingrg/check_reg.html?_=1687571398941 HTTP/1.1" 302 -
