218.81.73.96 - - [24/Jun/2023:10:42:01 +0800] "GET /xingrg/all/function/internal_message.html?_=1687574522660&CODE_STATE=getMsg HTTP/1.1" 200 27
180.169.147.146 - - [24/Jun/2023:10:42:09 +0800] "POST /xingrg/kc/base/wldb_list_operate.html HTTP/1.1" 200 208
180.169.147.146 - - [24/Jun/2023:10:42:11 +0800] "POST /xingrg/kc/base/wldb_list_operate.html HTTP/1.1" 200 458
180.163.28.180 - - [24/Jun/2023:10:42:11 +0800] "GET /xingrg/all/function/internal_message.html?_=1687574454542&CODE_STATE=getMsg HTTP/1.1" 302 -
180.163.28.180 - - [24/Jun/2023:10:42:11 +0800] "GET /xingrg/login.html HTTP/1.1" 200 7641
180.169.147.146 - - [24/Jun/2023:10:42:13 +0800] "GET /xingrg/kc/base/wldb_order_info.html?code=422023061100900 HTTP/1.1" 200 26523
180.169.147.146 - - [24/Jun/2023:10:42:13 +0800] "GET /xingrg/javascript/easyui/themes/default/validatebox.css HTTP/1.1" 404 1104
180.169.147.146 - - [24/Jun/2023:10:42:13 +0800] "POST /xingrg/kc/base/wldb_order_operate.html HTTP/1.1" 200 1952
58.40.7.146 - - [24/Jun/2023:10:42:16 +0800] "GET /xingrg/all/function/internal_message.html?_=1687574536781&CODE_STATE=getMsg HTTP/1.1" 200 27
218.81.73.96 - - [24/Jun/2023:10:42:17 +0800] "GET /xingrg/all/function/internal_message.html?_=1687574540270&CODE_STATE=getMsg HTTP/1.1" 200 27
114.85.113.108 - - [24/Jun/2023:10:42:18 +0800] "GET /xingrg/all/function/internal_message.html?_=1687574536338&CODE_STATE=getMsg HTTP/1.1" 200 27
222.70.180.90 - - [24/Jun/2023:10:42:20 +0800] "GET /xingrg/check_reg.html?_=1687574536874 HTTP/1.1" 200 22
222.70.180.90 - - [24/Jun/2023:10:42:20 +0800] "GET /xingrg/all/function/internal_message.html?_=1687574536877&CODE_STATE=getMsg HTTP/1.1" 200 27
172.20.0.100 - - [24/Jun/2023:10:42:22 +0800] "GET /xingrg/all/function/internal_message.html?_=1687574542252&CODE_STATE=getMsg HTTP/1.1" 200 27
124.77.245.69 - - [24/Jun/2023:10:42:29 +0800] "POST /xingrg/kc/buy/cgsh_order_operate.html HTTP/1.1" 200 37
180.162.231.188 - - [24/Jun/2023:10:42:29 +0800] "GET /xingrg/all/function/internal_message.html?_=1687574549783&CODE_STATE=getMsg HTTP/1.1" 200 27
180.169.147.146 - - [24/Jun/2023:10:42:31 +0800] "GET /xingrg/all/function/internal_message.html?_=1687574543221&CODE_STATE=getMsg HTTP/1.1" 200 27
101.83.145.52 - - [24/Jun/2023:10:42:32 +0800] "GET /xingrg/all/function/internal_message.html?_=1687574554901&CODE_STATE=getMsg HTTP/1.1" 200 27
101.83.145.52 - - [24/Jun/2023:10:42:32 +0800] "GET /xingrg/check_reg.html?_=1687574554905 HTTP/1.1" 200 22
222.70.180.90 - - [24/Jun/2023:10:42:35 +0800] "GET /xingrg/all/function/internal_message.html?_=1687574593344&CODE_STATE=getMsg HTTP/1.1" 200 27
222.69.132.13 - - [24/Jun/2023:10:42:35 +0800] "GET /xingrg/all/function/internal_message.html?_=1687574665488&CODE_STATE=getMsg HTTP/1.1" 200 27
101.83.145.52 - - [24/Jun/2023:10:42:37 +0800] "GET /xingrg/all/function/internal_message.html?_=1687574379945&CODE_STATE=getMsg HTTP/1.1" 200 27
124.77.245.69 - - [24/Jun/2023:10:42:38 +0800] "GET /xingrg/all/function/internal_message.html?_=1687574580280&CODE_STATE=getMsg HTTP/1.1" 200 27
124.77.245.69 - - [24/Jun/2023:10:42:39 +0800] "POST /xingrg/kc/buy/cgsh_order_operate.html HTTP/1.1" 200 4426
124.77.245.69 - - [24/Jun/2023:10:42:43 +0800] "GET /xingrg/kc/print/load_data.html?order_code=212023062408716&kc_code=cgsh&condition= HTTP/1.1" 200 1371
116.232.195.127 - - [24/Jun/2023:10:42:44 +0800] "GET /xingrg/all/function/internal_message.html?_=1687574557245&CODE_STATE=getMsg HTTP/1.1" 200 27
124.79.241.217 - - [24/Jun/2023:10:42:48 +0800] "GET /xingrg/check_reg.html?_=1687574850800 HTTP/1.1" 200 22
124.79.241.217 - - [24/Jun/2023:10:42:48 +0800] "GET /xingrg/all/function/internal_message.html?_=1687574850797&CODE_STATE=getMsg HTTP/1.1" 200 27
124.77.245.69 - - [24/Jun/2023:10:42:51 +0800] "GET /xingrg/kc/buy/cgsh_order_add.html HTTP/1.1" 200 71636
180.169.147.146 - - [24/Jun/2023:10:42:51 +0800] "GET /xingrg/all/function/internal_message.html?_=1687574574314&CODE_STATE=getMsg HTTP/1.1" 200 27
124.77.245.69 - - [24/Jun/2023:10:42:51 +0800] "POST /xingrg/kc/buy/cgsh_order_operate.html HTTP/1.1" 200 8245
124.77.245.69 - - [24/Jun/2023:10:42:51 +0800] "GET /xingrg/javascript/easyui/themes/default/validatebox.css HTTP/1.1" 404 1104
222.69.131.199 - - [24/Jun/2023:10:42:52 +0800] "GET /xingrg/all/function/internal_message.html?_=1687574571457&CODE_STATE=getMsg HTTP/1.1" 200 27
222.70.180.90 - - [24/Jun/2023:10:42:53 +0800] "GET /xingrg/all/function/internal_message.html?_=1687574569834&CODE_STATE=getMsg HTTP/1.1" 200 27
222.70.180.90 - - [24/Jun/2023:10:42:55 +0800] "GET /xingrg/check_reg.html?_=1687574571629 HTTP/1.1" 200 22
61.170.233.201 - - [24/Jun/2023:10:42:56 +0800] "GET /xingrg/all/function/internal_message.html?_=1687574576071&CODE_STATE=getMsg HTTP/1.1" 200 27
180.163.29.217 - - [24/Jun/2023:10:42:58 +0800] "GET /xingrg/all/function/internal_message.html?_=1687574514518&CODE_STATE=getMsg HTTP/1.1" 302 -
180.163.29.217 - - [24/Jun/2023:10:42:58 +0800] "GET /xingrg/login.html HTTP/1.1" 200 7641
61.170.233.201 - - [24/Jun/2023:10:42:58 +0800] "GET /xingrg/all/function/internal_message.html?_=1687574574490&CODE_STATE=getMsg HTTP/1.1" 200 27
61.170.233.201 - - [24/Jun/2023:10:43:00 +0800] "GET /xingrg/check_reg.html?_=1687574576086 HTTP/1.1" 200 22
116.238.191.126 - - [24/Jun/2023:10:43:00 +0800] "GET /xingrg/all/function/internal_message.html?_=1687574505293&CODE_STATE=getMsg HTTP/1.1" 200 27
180.162.231.188 - - [24/Jun/2023:10:43:01 +0800] "GET /xingrg/kc/base/wldb_order_list.html HTTP/1.1" 200 19098
218.81.73.96 - - [24/Jun/2023:10:43:01 +0800] "GET /xingrg/all/function/internal_message.html?_=1687574582648&CODE_STATE=getMsg HTTP/1.1" 200 27
180.162.231.188 - - [24/Jun/2023:10:43:02 +0800] "POST /xingrg/kc/base/wldb_list_operate.html HTTP/1.1" 200 928
180.162.231.188 - - [24/Jun/2023:10:43:03 +0800] "GET /xingrg/kc/base/wldb_order_add.html HTTP/1.1" 200 30377
180.162.231.188 - - [24/Jun/2023:10:43:03 +0800] "POST /xingrg/kc/base/wldb_order_operate.html HTTP/1.1" 200 6806
180.162.231.188 - - [24/Jun/2023:10:43:03 +0800] "GET /xingrg/javascript/easyui/themes/default/validatebox.css HTTP/1.1" 404 1104
180.162.231.188 - - [24/Jun/2023:10:43:03 +0800] "GET /xingrg/all/common/auto_word.html?type=base&rest_code=00102 HTTP/1.1" 200 1857
180.162.231.188 - - [24/Jun/2023:10:43:03 +0800] "GET /xingrg/all/common/auto_word.html?type=base&rest_code=00102 HTTP/1.1" 200 1857
180.162.231.188 - - [24/Jun/2023:10:43:04 +0800] "POST /xingrg/all/common/load_combo.html?type=base HTTP/1.1" 200 3321
180.162.231.188 - - [24/Jun/2023:10:43:07 +0800] "POST /xingrg/all/common/load_combo.html?type=base HTTP/1.1" 200 3321
124.77.245.69 - - [24/Jun/2023:10:43:07 +0800] "GET /xingrg/kc/buy/cgsh_order_operate.html?command=get_materiel&rest_code=00146&code=00101012029&supplier_code=00100033&order_time=2023-06-24 HTTP/1.1" 200 412
180.169.147.146 - - [24/Jun/2023:10:43:09 +0800] "GET /xingrg/check_reg.html?_=1687574592506 HTTP/1.1" 200 22
58.40.7.146 - - [24/Jun/2023:10:43:16 +0800] "GET /xingrg/all/function/internal_message.html?_=1687574596782&CODE_STATE=getMsg HTTP/1.1" 200 27
218.81.73.96 - - [24/Jun/2023:10:43:17 +0800] "GET /xingrg/all/function/internal_message.html?_=1687574600254&CODE_STATE=getMsg HTTP/1.1" 200 27
114.85.113.108 - - [24/Jun/2023:10:43:18 +0800] "GET /xingrg/all/function/internal_message.html?_=1687574596324&CODE_STATE=getMsg HTTP/1.1" 200 27
222.70.180.90 - - [24/Jun/2023:10:43:20 +0800] "GET /xingrg/all/function/internal_message.html?_=1687574596885&CODE_STATE=getMsg HTTP/1.1" 200 27
124.77.245.69 - - [24/Jun/2023:10:43:21 +0800] "GET /xingrg/kc/buy/cgsh_order_operate.html?command=get_materiel&rest_code=00146&code=00101012025&supplier_code=00100033&order_time=2023-06-24 HTTP/1.1" 200 412
172.20.0.100 - - [24/Jun/2023:10:43:22 +0800] "GET /xingrg/all/function/internal_message.html?_=1687574602252&CODE_STATE=getMsg HTTP/1.1" 200 27
180.162.231.188 - - [24/Jun/2023:10:43:29 +0800] "GET /xingrg/all/function/internal_message.html?_=1687574609773&CODE_STATE=getMsg HTTP/1.1" 200 27
180.162.231.188 - - [24/Jun/2023:10:43:30 +0800] "GET /xingrg/check_reg.html?_=1687574610606 HTTP/1.1" 200 22
180.169.147.146 - - [24/Jun/2023:10:43:31 +0800] "GET /xingrg/all/function/internal_message.html?_=1687574603225&CODE_STATE=getMsg HTTP/1.1" 200 27
101.83.145.52 - - [24/Jun/2023:10:43:32 +0800] "GET /xingrg/all/function/internal_message.html?_=1687574614904&CODE_STATE=getMsg HTTP/1.1" 200 27
222.70.180.90 - - [24/Jun/2023:10:43:35 +0800] "GET /xingrg/all/function/internal_message.html?_=1687574653334&CODE_STATE=getMsg HTTP/1.1" 200 27
222.69.132.13 - - [24/Jun/2023:10:43:35 +0800] "GET /xingrg/all/function/internal_message.html?_=1687574725490&CODE_STATE=getMsg HTTP/1.1" 200 27
101.83.145.52 - - [24/Jun/2023:10:43:37 +0800] "GET /xingrg/all/function/internal_message.html?_=1687574439925&CODE_STATE=getMsg HTTP/1.1" 200 27
101.83.145.52 - - [24/Jun/2023:10:43:38 +0800] "GET /xingrg/check_reg.html?_=1687574440915 HTTP/1.1" 200 22
124.77.245.69 - - [24/Jun/2023:10:43:38 +0800] "GET /xingrg/all/function/internal_message.html?_=1687574640342&CODE_STATE=getMsg HTTP/1.1" 200 27
124.77.245.69 - - [24/Jun/2023:10:43:40 +0800] "GET /xingrg/kc/buy/cgsh_order_operate.html?command=get_materiel&rest_code=00146&code=00101016080&supplier_code=00100033&order_time=2023-06-24 HTTP/1.1" 200 408
116.232.195.127 - - [24/Jun/2023:10:43:44 +0800] "GET /xingrg/all/function/internal_message.html?_=1687574617263&CODE_STATE=getMsg HTTP/1.1" 200 27
124.79.241.217 - - [24/Jun/2023:10:43:48 +0800] "GET /xingrg/all/function/internal_message.html?_=1687574910798&CODE_STATE=getMsg HTTP/1.1" 200 27
180.169.147.146 - - [24/Jun/2023:10:43:51 +0800] "GET /xingrg/all/function/internal_message.html?_=1687574634284&CODE_STATE=getMsg HTTP/1.1" 200 27
222.69.131.199 - - [24/Jun/2023:10:43:52 +0800] "GET /xingrg/all/function/internal_message.html?_=1687574631447&CODE_STATE=getMsg HTTP/1.1" 200 27
124.77.245.69 - - [24/Jun/2023:10:43:53 +0800] "GET /xingrg/kc/buy/cgsh_order_operate.html?command=get_materiel&rest_code=00146&code=00101010263&supplier_code=00100033&order_time=2023-06-24 HTTP/1.1" 200 408
222.70.180.90 - - [24/Jun/2023:10:43:53 +0800] "GET /xingrg/all/function/internal_message.html?_=1687574629802&CODE_STATE=getMsg HTTP/1.1" 200 27
114.85.113.108 - - [24/Jun/2023:10:43:54 +0800] "GET /xingrg/check_reg.html?_=1687574632003 HTTP/1.1" 200 22
61.170.233.201 - - [24/Jun/2023:10:43:56 +0800] "GET /xingrg/all/function/internal_message.html?_=1687574636056&CODE_STATE=getMsg HTTP/1.1" 200 27
180.163.29.79 - - [24/Jun/2023:10:43:58 +0800] "GET /xingrg/all/function/internal_message.html?_=1687574574490&CODE_STATE=getMsg HTTP/1.1" 302 -
180.163.29.79 - - [24/Jun/2023:10:43:58 +0800] "GET /xingrg/login.html HTTP/1.1" 200 7641
61.170.233.201 - - [24/Jun/2023:10:43:58 +0800] "GET /xingrg/all/function/internal_message.html?_=1687574634465&CODE_STATE=getMsg HTTP/1.1" 200 27
116.238.191.126 - - [24/Jun/2023:10:43:59 +0800] "GET /xingrg/check_reg.html?_=1687574564170 HTTP/1.1" 200 22
180.163.30.76 - - [24/Jun/2023:10:44:00 +0800] "GET /xingrg/check_reg.html?_=1687574576086 HTTP/1.1" 302 -
180.163.30.76 - - [24/Jun/2023:10:44:00 +0800] "GET /xingrg/login.html HTTP/1.1" 200 7641
116.238.191.126 - - [24/Jun/2023:10:44:01 +0800] "GET /xingrg/all/function/internal_message.html?_=1687574565307&CODE_STATE=getMsg HTTP/1.1" 200 27
218.81.73.96 - - [24/Jun/2023:10:44:01 +0800] "GET /xingrg/check_reg.html?_=1687574642656 HTTP/1.1" 200 22
218.81.73.96 - - [24/Jun/2023:10:44:01 +0800] "GET /xingrg/all/function/internal_message.html?_=1687574642650&CODE_STATE=getMsg HTTP/1.1" 200 27
124.77.245.69 - - [24/Jun/2023:10:44:06 +0800] "GET /xingrg/kc/buy/cgsh_order_operate.html?command=get_materiel&rest_code=00146&code=00101016025&supplier_code=00100033&order_time=2023-06-24 HTTP/1.1" 200 408
180.169.147.146 - - [24/Jun/2023:10:44:08 +0800] "POST /xingrg/kc/base/wldb_list_operate.html HTTP/1.1" 200 371
180.169.147.146 - - [24/Jun/2023:10:44:08 +0800] "GET /xingrg/kc/base/wldb_order_info.html?code=422023061100908 HTTP/1.1" 200 26522
180.169.147.146 - - [24/Jun/2023:10:44:09 +0800] "GET /xingrg/javascript/easyui/themes/default/validatebox.css HTTP/1.1" 404 1104
180.169.147.146 - - [24/Jun/2023:10:44:09 +0800] "POST /xingrg/kc/base/wldb_order_operate.html HTTP/1.1" 200 1460
58.40.7.146 - - [24/Jun/2023:10:44:16 +0800] "GET /xingrg/check_reg.html?_=1687574656785 HTTP/1.1" 200 22
58.40.7.146 - - [24/Jun/2023:10:44:16 +0800] "GET /xingrg/all/function/internal_message.html?_=1687574656786&CODE_STATE=getMsg HTTP/1.1" 200 27
218.81.73.96 - - [24/Jun/2023:10:44:17 +0800] "GET /xingrg/all/function/internal_message.html?_=1687574660247&CODE_STATE=getMsg HTTP/1.1" 200 27
114.85.113.108 - - [24/Jun/2023:10:44:18 +0800] "GET /xingrg/all/function/internal_message.html?_=1687574656299&CODE_STATE=getMsg HTTP/1.1" 200 27
222.70.180.90 - - [24/Jun/2023:10:44:20 +0800] "GET /xingrg/all/function/internal_message.html?_=1687574656887&CODE_STATE=getMsg HTTP/1.1" 200 27
172.20.0.100 - - [24/Jun/2023:10:44:22 +0800] "GET /xingrg/all/function/internal_message.html?_=1687574662252&CODE_STATE=getMsg HTTP/1.1" 200 27
124.77.245.69 - - [24/Jun/2023:10:44:27 +0800] "POST /xingrg/kc/buy/cgsh_order_operate.html HTTP/1.1" 200 37
180.162.231.188 - - [24/Jun/2023:10:44:29 +0800] "GET /xingrg/all/function/internal_message.html?_=1687574669757&CODE_STATE=getMsg HTTP/1.1" 200 27
180.169.147.146 - - [24/Jun/2023:10:44:31 +0800] "GET /xingrg/all/function/internal_message.html?_=1687574663221&CODE_STATE=getMsg HTTP/1.1" 200 27
101.83.145.52 - - [24/Jun/2023:10:44:32 +0800] "GET /xingrg/all/function/internal_message.html?_=1687574674904&CODE_STATE=getMsg HTTP/1.1" 200 27
124.77.245.69 - - [24/Jun/2023:10:44:33 +0800] "POST /xingrg/kc/buy/cgsh_order_operate.html HTTP/1.1" 200 5007
222.70.180.90 - - [24/Jun/2023:10:44:35 +0800] "GET /xingrg/all/function/internal_message.html?_=1687574713314&CODE_STATE=getMsg HTTP/1.1" 200 27
222.69.132.13 - - [24/Jun/2023:10:44:35 +0800] "GET /xingrg/all/function/internal_message.html?_=1687574785477&CODE_STATE=getMsg HTTP/1.1" 200 27
222.69.132.13 - - [24/Jun/2023:10:44:35 +0800] "GET /xingrg/check_reg.html?_=1687574785478 HTTP/1.1" 200 22
101.83.145.52 - - [24/Jun/2023:10:44:37 +0800] "GET /xingrg/all/function/internal_message.html?_=1687574499908&CODE_STATE=getMsg HTTP/1.1" 200 27
124.77.245.69 - - [24/Jun/2023:10:44:38 +0800] "GET /xingrg/all/function/internal_message.html?_=1687574700354&CODE_STATE=getMsg HTTP/1.1" 200 27
124.77.245.69 - - [24/Jun/2023:10:44:40 +0800] "GET /xingrg/kc/print/load_data.html?order_code=212023062408717&kc_code=cgsh&condition= HTTP/1.1" 200 1595
116.232.195.127 - - [24/Jun/2023:10:44:44 +0800] "GET /xingrg/check_reg.html?_=1687574677260 HTTP/1.1" 200 22
116.232.195.127 - - [24/Jun/2023:10:44:44 +0800] "GET /xingrg/all/function/internal_message.html?_=1687574677263&CODE_STATE=getMsg HTTP/1.1" 200 27
124.79.241.217 - - [24/Jun/2023:10:44:48 +0800] "GET /xingrg/all/function/internal_message.html?_=1687574970796&CODE_STATE=getMsg HTTP/1.1" 200 27
180.169.147.146 - - [24/Jun/2023:10:44:51 +0800] "GET /xingrg/all/function/internal_message.html?_=1687574694267&CODE_STATE=getMsg HTTP/1.1" 200 27
222.67.234.146 - - [24/Jun/2023:10:44:52 +0800] "GET /favicon.ico HTTP/1.1" 404 -
222.69.131.199 - - [24/Jun/2023:10:44:52 +0800] "GET /xingrg/all/function/internal_message.html?_=1687574691446&CODE_STATE=getMsg HTTP/1.1" 200 27
222.70.180.90 - - [24/Jun/2023:10:44:53 +0800] "GET /xingrg/all/function/internal_message.html?_=1687574689785&CODE_STATE=getMsg HTTP/1.1" 200 27
61.170.233.201 - - [24/Jun/2023:10:44:56 +0800] "GET /xingrg/all/function/internal_message.html?_=1687574696041&CODE_STATE=getMsg HTTP/1.1" 200 27
61.170.233.201 - - [24/Jun/2023:10:44:58 +0800] "GET /xingrg/all/function/internal_message.html?_=1687574694455&CODE_STATE=getMsg HTTP/1.1" 200 27
222.67.234.146 - - [24/Jun/2023:10:45:00 +0800] "GET /xingrg/login.html HTTP/1.1" 200 7641
222.67.234.146 - - [24/Jun/2023:10:45:00 +0800] "GET /xingrg/images/blue/jxLogo.png HTTP/1.1" 200 6156
180.162.231.188 - - [24/Jun/2023:10:45:00 +0800] "GET /xingrg/kc/base/wldb_order_operate.html?command=get_materiel&rest_code=00102&base_code=0010476&code=00101019026 HTTP/1.1" 200 481
116.238.191.126 - - [24/Jun/2023:10:45:00 +0800] "GET /xingrg/all/function/internal_message.html?_=1687574625320&CODE_STATE=getMsg HTTP/1.1" 200 27
222.67.234.146 - - [24/Jun/2023:10:45:01 +0800] "GET /xingrg/images/blue/login_bg.png HTTP/1.1" 200 22101
222.67.234.146 - - [24/Jun/2023:10:45:01 +0800] "GET /xingrg/images/blue/srbg.png HTTP/1.1" 200 138
222.67.234.146 - - [24/Jun/2023:10:45:01 +0800] "GET /xingrg/images/blue/hj.png HTTP/1.1" 200 1014
222.67.234.146 - - [24/Jun/2023:10:45:01 +0800] "GET /favicon.ico HTTP/1.1" 404 -
218.81.73.96 - - [24/Jun/2023:10:45:01 +0800] "GET /xingrg/all/function/internal_message.html?_=1687574702655&CODE_STATE=getMsg HTTP/1.1" 200 27
180.162.231.188 - - [24/Jun/2023:10:45:15 +0800] "GET /xingrg/kc/base/wldb_order_operate.html?command=get_materiel&rest_code=00102&base_code=0010476&code=00101019134 HTTP/1.1" 200 478
218.81.73.96 - - [24/Jun/2023:10:45:15 +0800] "GET /xingrg/check_reg.html?_=1687574718356 HTTP/1.1" 200 22
58.40.7.146 - - [24/Jun/2023:10:45:16 +0800] "GET /xingrg/all/function/internal_message.html?_=1687574716771&CODE_STATE=getMsg HTTP/1.1" 200 27
218.81.73.96 - - [24/Jun/2023:10:45:17 +0800] "GET /xingrg/all/function/internal_message.html?_=1687574720256&CODE_STATE=getMsg HTTP/1.1" 200 27
114.85.113.108 - - [24/Jun/2023:10:45:18 +0800] "GET /xingrg/all/function/internal_message.html?_=1687574716285&CODE_STATE=getMsg HTTP/1.1" 200 27
222.67.234.146 - - [24/Jun/2023:10:45:20 +0800] "POST /xingrg/login.do HTTP/1.1" 302 -
222.70.180.90 - - [24/Jun/2023:10:45:20 +0800] "GET /xingrg/all/function/internal_message.html?_=1687574716882&CODE_STATE=getMsg HTTP/1.1" 200 27
222.70.180.90 - - [24/Jun/2023:10:45:21 +0800] "GET /xingrg/check_reg.html?_=1687574759550 HTTP/1.1" 200 22
222.67.234.146 - - [24/Jun/2023:10:45:21 +0800] "POST /xingrg/login.do HTTP/1.1" 302 -
222.67.234.146 - - [24/Jun/2023:10:45:21 +0800] "GET /xingrg/javascript/jquery_easy_ui/themes/default/easyui.css HTTP/1.1" 200 26500
222.67.234.146 - - [24/Jun/2023:10:45:21 +0800] "GET /xingrg/javascript/jquery_easy_ui/themes/icon.css HTTP/1.1" 200 3949
222.67.234.146 - - [24/Jun/2023:10:45:21 +0800] "GET /xingrg/css/form.css HTTP/1.1" 200 893
222.67.234.146 - - [24/Jun/2023:10:45:21 +0800] "GET /xingrg/javascript/jquery_easy_ui/easyui-lang-zh_CN.js HTTP/1.1" 200 1900
222.67.234.146 - - [24/Jun/2023:10:45:21 +0800] "GET /xingrg/javascript/jquery.form.js HTTP/1.1" 200 23110
222.67.234.146 - - [24/Jun/2023:10:45:21 +0800] "GET /xingrg/javascript/jquery_easy_ui/jquery.easyui.min.js HTTP/1.1" 200 213662
222.67.234.146 - - [24/Jun/2023:10:45:21 +0800] "GET /xingrg/javascript/jquery.utils.js HTTP/1.1" 200 11805
222.67.234.146 - - [24/Jun/2023:10:45:21 +0800] "GET /xingrg/javascript/jquery-1.4.2.min.js HTTP/1.1" 200 72205
222.67.234.146 - - [24/Jun/2023:10:45:21 +0800] "GET /xingrg/javascript/jquery.timers.js HTTP/1.1" 200 3532
222.67.234.146 - - [24/Jun/2023:10:45:21 +0800] "GET /xingrg/index.html?sysBaseUrl=http%3A%2F%2F180.169.147.146%3A18081%2Fxingrg%2F&costTime=2021×tamp=1687574721668 HTTP/1.1" 200 17179
222.67.234.146 - - [24/Jun/2023:10:45:22 +0800] "GET /favicon.ico HTTP/1.1" 404 -
222.67.234.146 - - [24/Jun/2023:10:45:22 +0800] "GET /xingrg/javascript/jquery_easy_ui/themes/icons/settle_new.png HTTP/1.1" 200 826
222.67.234.146 - - [24/Jun/2023:10:45:22 +0800] "GET /xingrg/images/blue/navBackgound.jpg HTTP/1.1" 200 12378
222.67.234.146 - - [24/Jun/2023:10:45:22 +0800] "GET /xingrg/all/function/internal_message.html?_=1687574212795&CODE_STATE=count HTTP/1.1" 200 11
222.67.234.146 - - [24/Jun/2023:10:45:22 +0800] "GET /xingrg/check_reg.html?_=1687574212797 HTTP/1.1" 200 22
222.67.234.146 - - [24/Jun/2023:10:45:22 +0800] "GET /xingrg/images/blue/pingpu.png HTTP/1.1" 200 231
222.67.234.146 - - [24/Jun/2023:10:45:22 +0800] "GET /xingrg/javascript/jquery_easy_ui/themes/default/images/tabs_leftarrow.png HTTP/1.1" 200 389
222.67.234.146 - - [24/Jun/2023:10:45:22 +0800] "GET /xingrg/javascript/jquery_easy_ui/themes/default/images/tabs_rightarrow.png HTTP/1.1" 200 395
222.67.234.146 - - [24/Jun/2023:10:45:22 +0800] "GET /xingrg/javascript/jquery_easy_ui/themes/default/images/panel_tool_collapse.gif HTTP/1.1" 200 246
222.67.234.146 - - [24/Jun/2023:10:45:22 +0800] "POST /xingrg/all/common/load_tree.html?tree=area_rest_tree_json&manage=1 HTTP/1.1" 200 351
222.67.234.146 - - [24/Jun/2023:10:45:22 +0800] "GET /xingrg/javascript/jquery_easy_ui/themes/default/images/tree_arrows.gif HTTP/1.1" 200 1043
222.67.234.146 - - [24/Jun/2023:10:45:22 +0800] "POST /xingrg/load_menu.html HTTP/1.1" 200 5138
172.20.0.100 - - [24/Jun/2023:10:45:22 +0800] "GET /xingrg/all/function/internal_message.html?_=1687574722251&CODE_STATE=getMsg HTTP/1.1" 200 27
222.67.234.146 - - [24/Jun/2023:10:45:23 +0800] "GET /xingrg/javascript/jquery_easy_ui/themes/icons/search_new.png HTTP/1.1" 200 586
222.67.234.146 - - [24/Jun/2023:10:45:23 +0800] "GET /xingrg/javascript/jquery_easy_ui/themes/default/images/tree_folder.gif HTTP/1.1" 200 952
222.67.234.146 - - [24/Jun/2023:10:45:23 +0800] "GET /xingrg/javascript/jquery_easy_ui/themes/default/images/tree_folder_open.gif HTTP/1.1" 200 956
222.67.234.146 - - [24/Jun/2023:10:45:23 +0800] "GET /xingrg/javascript/jquery_easy_ui/themes/default/images/tree_file.gif HTTP/1.1" 200 118
222.67.234.146 - - [24/Jun/2023:10:45:23 +0800] "GET /xingrg/javascript/jquery_easy_ui/themes/icons/storage_new.png HTTP/1.1" 200 853
222.67.234.146 - - [24/Jun/2023:10:45:23 +0800] "GET /xingrg/javascript/jquery_easy_ui/themes/icons/forms_new.png HTTP/1.1" 200 350
180.162.231.188 - - [24/Jun/2023:10:45:29 +0800] "GET /xingrg/all/function/internal_message.html?_=1687574729738&CODE_STATE=getMsg HTTP/1.1" 200 27
180.169.147.146 - - [24/Jun/2023:10:45:31 +0800] "GET /xingrg/all/function/internal_message.html?_=1687574723234&CODE_STATE=getMsg HTTP/1.1" 200 27
180.169.147.146 - - [24/Jun/2023:10:45:31 +0800] "GET /xingrg/check_reg.html?_=1687574723237 HTTP/1.1" 200 22
101.83.145.52 - - [24/Jun/2023:10:45:32 +0800] "GET /xingrg/all/function/internal_message.html?_=1687574734905&CODE_STATE=getMsg HTTP/1.1" 200 27
222.70.180.90 - - [24/Jun/2023:10:45:35 +0800] "GET /xingrg/all/function/internal_message.html?_=1687574773291&CODE_STATE=getMsg HTTP/1.1" 200 27
222.69.132.13 - - [24/Jun/2023:10:45:35 +0800] "GET /xingrg/all/function/internal_message.html?_=1687574845488&CODE_STATE=getMsg HTTP/1.1" 200 27
101.83.145.52 - - [24/Jun/2023:10:45:37 +0800] "GET /xingrg/all/function/internal_message.html?_=1687574559891&CODE_STATE=getMsg HTTP/1.1" 200 27
124.77.245.69 - - [24/Jun/2023:10:45:38 +0800] "GET /xingrg/all/function/internal_message.html?_=1687574760527&CODE_STATE=getMsg HTTP/1.1" 200 27
180.162.231.188 - - [24/Jun/2023:10:45:40 +0800] "GET /xingrg/kc/base/wldb_order_operate.html?command=get_materiel&rest_code=00102&base_code=0010476&code=00101019438 HTTP/1.1" 200 462
116.232.195.127 - - [24/Jun/2023:10:45:44 +0800] "GET /xingrg/all/function/internal_message.html?_=1687574737265&CODE_STATE=getMsg HTTP/1.1" 200 27
101.83.145.52 - - [24/Jun/2023:10:45:47 +0800] "GET /xingrg/kc/buy/cgsh_order_operate.html?command=get_materiel&rest_code=00105&code=00101008224&supplier_code=00100203&order_time=2023-06-24 HTTP/1.1" 200 416
124.79.241.217 - - [24/Jun/2023:10:45:48 +0800] "GET /xingrg/all/function/internal_message.html?_=1687575030801&CODE_STATE=getMsg HTTP/1.1" 200 27
180.169.147.146 - - [24/Jun/2023:10:45:51 +0800] "GET /xingrg/all/function/internal_message.html?_=1687574754250&CODE_STATE=getMsg HTTP/1.1" 200 27
116.232.195.127 - - [24/Jun/2023:10:45:52 +0800] "POST /xingrg/services/DataTransmitService HTTP/1.1" 200 524
222.69.131.199 - - [24/Jun/2023:10:45:52 +0800] "GET /xingrg/all/function/internal_message.html?_=1687574751462&CODE_STATE=getMsg HTTP/1.1" 200 27
222.67.234.146 - - [24/Jun/2023:10:45:52 +0800] "GET /xingrg/kc/buy/buy_main.html HTTP/1.1" 200 12412
222.67.234.146 - - [24/Jun/2023:10:45:52 +0800] "GET /xingrg/javascript/jquery_easy_ui/themes/default/images/tabs_close.gif HTTP/1.1" 200 829
222.67.234.146 - - [24/Jun/2023:10:45:52 +0800] "GET /xingrg/css/new_ie.css HTTP/1.1" 404 1036
222.67.234.146 - - [24/Jun/2023:10:45:52 +0800] "GET /xingrg/css/blue.css HTTP/1.1" 200 15949
222.67.234.146 - - [24/Jun/2023:10:45:52 +0800] "GET /xingrg/javascript/jquery_ui/themes/humanity/humanity.css HTTP/1.1" 200 27801
222.67.234.146 - - [24/Jun/2023:10:45:52 +0800] "GET /xingrg/javascript/ToolTips.js HTTP/1.1" 200 5615
222.67.234.146 - - [24/Jun/2023:10:45:52 +0800] "GET /xingrg/javascript/myfunction.js HTTP/1.1" 200 24559
222.67.234.146 - - [24/Jun/2023:10:45:52 +0800] "GET /xingrg/javascript/pic_change.js HTTP/1.1" 200 4739
222.67.234.146 - - [24/Jun/2023:10:45:52 +0800] "GET /xingrg/javascript/jquery_ui/jquery-ui.min.js HTTP/1.1" 200 186181
222.67.234.146 - - [24/Jun/2023:10:45:52 +0800] "GET /xingrg/images/blue/button/cgxqd.gif HTTP/1.1" 200 2619
222.67.234.146 - - [24/Jun/2023:10:45:52 +0800] "GET /xingrg/images/blue/button/cgydd.gif HTTP/1.1" 200 2712
222.67.234.146 - - [24/Jun/2023:10:45:52 +0800] "GET /xingrg/images/blue/button/cgshd.gif HTTP/1.1" 200 2618
222.67.234.146 - - [24/Jun/2023:10:45:53 +0800] "GET /xingrg/images/blue/button/cgfkd.gif HTTP/1.1" 200 2075
222.67.234.146 - - [24/Jun/2023:10:45:53 +0800] "GET /xingrg/images/blue/button/kc.gif HTTP/1.1" 200 2160
222.67.234.146 - - [24/Jun/2023:10:45:53 +0800] "GET /xingrg/images/blue/pic_form2.gif HTTP/1.1" 200 1853
222.67.234.146 - - [24/Jun/2023:10:45:53 +0800] "GET /xingrg/images/blue/button/ckthd.gif HTTP/1.1" 200 2045
180.162.231.188 - - [24/Jun/2023:10:45:53 +0800] "GET /xingrg/kc/base/wldb_order_operate.html?command=get_materiel&rest_code=00102&base_code=0010476&code=00101019295 HTTP/1.1" 200 475
222.67.234.146 - - [24/Jun/2023:10:45:53 +0800] "GET /xingrg/images/blue/bg_dotted.jpg HTTP/1.1" 200 319
222.67.234.146 - - [24/Jun/2023:10:45:53 +0800] "GET /xingrg/javascript/jquery_ui/themes/humanity/images/ui-bg_inset-soft_100_f4f0ec_1x100.png HTTP/1.1" 200 141
222.67.234.146 - - [24/Jun/2023:10:45:53 +0800] "GET /xingrg/images/blue/button/right_ah.jpg HTTP/1.1" 200 1744
222.67.234.146 - - [24/Jun/2023:10:45:53 +0800] "GET /xingrg/images/blue/button/down_ah.jpg HTTP/1.1" 200 1732
222.67.234.146 - - [24/Jun/2023:10:45:53 +0800] "GET /xingrg/javascript/jquery_ui/themes/humanity/images/ui-iconsnew.jpg HTTP/1.1" 200 337
222.67.234.146 - - [24/Jun/2023:10:45:53 +0800] "GET /xingrg/javascript/jquery_ui/themes/humanity/images/ui-icons_ffffff_256x240.png HTTP/1.1" 200 4369
222.67.234.146 - - [24/Jun/2023:10:45:53 +0800] "GET /xingrg/javascript/jquery_ui/themes/humanity/images/ui-icons_c47a23_256x240.png HTTP/1.1" 200 5355
222.67.234.146 - - [24/Jun/2023:10:45:53 +0800] "GET /xingrg/javascript/jquery_ui/themes/humanity/images/ui-bg_glass_70_ede4d4_1x400.png HTTP/1.1" 200 161
116.232.195.127 - - [24/Jun/2023:10:45:53 +0800] "POST /xingrg/services/DataTransmitService HTTP/1.1" 200 2067
222.67.234.146 - - [24/Jun/2023:10:45:53 +0800] "GET /xingrg/images/yd/bt.gif HTTP/1.1" 404 1040
222.70.180.90 - - [24/Jun/2023:10:45:53 +0800] "GET /xingrg/all/function/internal_message.html?_=1687574749765&CODE_STATE=getMsg HTTP/1.1" 200 27
61.170.233.201 - - [24/Jun/2023:10:45:56 +0800] "GET /xingrg/all/function/internal_message.html?_=1687574756012&CODE_STATE=getMsg HTTP/1.1" 200 27
116.232.195.127 - - [24/Jun/2023:10:45:56 +0800] "POST /xingrg/services/DataTransmitService HTTP/1.1" 200 154532
222.67.234.146 - - [24/Jun/2023:10:45:56 +0800] "GET /xingrg/css/base.css HTTP/1.1" 200 2811
222.67.234.146 - - [24/Jun/2023:10:45:56 +0800] "GET /xingrg/css/site.css HTTP/1.1" 200 7541
222.67.234.146 - - [24/Jun/2023:10:45:56 +0800] "GET /xingrg/javascript/auto/jquery.autocomplete.css HTTP/1.1" 200 587
222.67.234.146 - - [24/Jun/2023:10:45:56 +0800] "GET /xingrg/javascript/easyui/themes/default/easyui.css HTTP/1.1" 200 30432
222.67.234.146 - - [24/Jun/2023:10:45:56 +0800] "GET /xingrg/javascript/jquery_tools/datebox.css HTTP/1.1" 200 2597
222.67.234.146 - - [24/Jun/2023:10:45:56 +0800] "GET /xingrg/kc/buy/cgsh_order_list.html HTTP/1.1" 200 55860
222.67.234.146 - - [24/Jun/2023:10:45:56 +0800] "GET /xingrg/javascript/easyui/themes/icon.css HTTP/1.1" 200 4483
222.67.234.146 - - [24/Jun/2023:10:45:56 +0800] "GET /xingrg/javascript/jquery_tools/fix.css HTTP/1.1" 200 1702
222.67.234.146 - - [24/Jun/2023:10:45:56 +0800] "GET /xingrg/javascript/jquery_tools/jquery.tools.extend.js HTTP/1.1" 200 15385
222.67.234.146 - - [24/Jun/2023:10:45:56 +0800] "GET /xingrg/javascript/jquery_tools/jquery.tools.min.js HTTP/1.1" 200 138801
222.67.234.146 - - [24/Jun/2023:10:45:56 +0800] "GET /xingrg/javascript/jquery_tools/jquery.tools.table.js HTTP/1.1" 200 6994
222.67.234.146 - - [24/Jun/2023:10:45:56 +0800] "GET /xingrg/javascript/jquery_tools/jquery.tools.hotkey.js HTTP/1.1" 200 3242
222.67.234.146 - - [24/Jun/2023:10:45:56 +0800] "GET /xingrg/javascript/jquery_tools/list_manager.js HTTP/1.1" 200 3652
222.67.234.146 - - [24/Jun/2023:10:45:56 +0800] "GET /xingrg/javascript/jquery.cookie.js HTTP/1.1" 200 5513
222.67.234.146 - - [24/Jun/2023:10:45:56 +0800] "GET /xingrg/javascript/auto/jquery.autocomplete.js HTTP/1.1" 200 21624
222.67.234.146 - - [24/Jun/2023:10:45:56 +0800] "GET /xingrg/javascript/easyui/easyloader.js HTTP/1.1" 200 5975
222.67.234.146 - - [24/Jun/2023:10:45:56 +0800] "GET /xingrg/javascript/jquery_tools/table.css HTTP/1.1" 200 1032
222.67.234.146 - - [24/Jun/2023:10:45:56 +0800] "GET /xingrg/javascript/print/LodopFuncs.js HTTP/1.1" 200 5121
61.170.233.201 - - [24/Jun/2023:10:45:56 +0800] "GET /xingrg/check_reg.html?_=1687574756529 HTTP/1.1" 200 22
222.67.234.146 - - [24/Jun/2023:10:45:57 +0800] "GET /xingrg/javascript/easyui/themes/icons/import_new.png HTTP/1.1" 200 1247
222.67.234.146 - - [24/Jun/2023:10:45:57 +0800] "GET /xingrg/javascript/easyui/themes/icons/field_new.png HTTP/1.1" 200 1097
222.67.234.146 - - [24/Jun/2023:10:45:57 +0800] "GET /xingrg/javascript/easyui/themes/icons/check_new.png HTTP/1.1" 200 3224
222.67.234.146 - - [24/Jun/2023:10:45:57 +0800] "GET /xingrg/javascript/easyui/themes/icons/cance_new.png HTTP/1.1" 200 3986
222.67.234.146 - - [24/Jun/2023:10:45:57 +0800] "GET /xingrg/javascript/easyui/themes/icons/edit_add_new.png HTTP/1.1" 200 2997
180.162.231.188 - - [24/Jun/2023:10:45:57 +0800] "GET /xingrg/kc/base/wldb_order_operate.html?command=get_materiel&rest_code=00102&base_code=0010476&code=00101016076 HTTP/1.1" 200 477
222.67.234.146 - - [24/Jun/2023:10:45:57 +0800] "GET /xingrg/javascript/easyui/plugins/jquery.parser.js HTTP/1.1" 200 1142
222.67.234.146 - - [24/Jun/2023:10:45:57 +0800] "GET /xingrg/images/control/ajaxLoader.gif HTTP/1.1" 200 4659
222.67.234.146 - - [24/Jun/2023:10:45:58 +0800] "GET /xingrg/javascript/jquery_easy_ui/themes/icons/rest.png HTTP/1.1" 200 695
222.67.234.146 - - [24/Jun/2023:10:45:58 +0800] "GET /xingrg/javascript/jquery_easy_ui/themes/icons/area.png HTTP/1.1" 200 262
180.163.30.85 - - [24/Jun/2023:10:45:58 +0800] "GET /xingrg/all/function/internal_message.html?_=1687574694455&CODE_STATE=getMsg HTTP/1.1" 302 -
180.163.30.85 - - [24/Jun/2023:10:45:58 +0800] "GET /xingrg/login.html HTTP/1.1" 200 7641
61.170.233.201 - - [24/Jun/2023:10:45:58 +0800] "GET /xingrg/all/function/internal_message.html?_=1687574754430&CODE_STATE=getMsg HTTP/1.1" 200 27
116.238.191.126 - - [24/Jun/2023:10:46:01 +0800] "GET /xingrg/all/function/internal_message.html?_=1687574685334&CODE_STATE=getMsg HTTP/1.1" 200 27
218.81.73.96 - - [24/Jun/2023:10:46:01 +0800] "GET /xingrg/all/function/internal_message.html?_=1687574762658&CODE_STATE=getMsg HTTP/1.1" 200 27
180.162.231.188 - - [24/Jun/2023:10:46:03 +0800] "GET /xingrg/kc/base/wldb_order_operate.html?command=get_materiel&rest_code=00102&base_code=0010476&code=00101019405 HTTP/1.1" 200 481
222.67.234.146 - - [24/Jun/2023:10:46:06 +0800] "POST /xingrg/kc/buy/cgsh_list_operate.html HTTP/1.1" 200 1869
101.83.145.52 - - [24/Jun/2023:10:46:09 +0800] "POST /xingrg/kc/buy/cgsh_order_operate.html HTTP/1.1" 200 2065
180.162.231.188 - - [24/Jun/2023:10:46:10 +0800] "GET /xingrg/kc/base/wldb_order_operate.html?command=get_materiel&rest_code=00102&base_code=0010476&code=00101019430 HTTP/1.1" 200 477
222.67.234.146 - - [24/Jun/2023:10:46:14 +0800] "POST /xingrg/kc/buy/cgsh_list_operate.html HTTP/1.1" 200 573
222.67.234.146 - - [24/Jun/2023:10:46:15 +0800] "GET /xingrg/javascript/easyui/themes/default/images/button_plain_hover.png HTTP/1.1" 200 144
58.40.7.146 - - [24/Jun/2023:10:46:16 +0800] "GET /xingrg/all/function/internal_message.html?_=1687574776775&CODE_STATE=getMsg HTTP/1.1" 200 27
218.81.73.96 - - [24/Jun/2023:10:46:17 +0800] "GET /xingrg/all/function/internal_message.html?_=1687574780234&CODE_STATE=getMsg HTTP/1.1" 200 27
222.67.234.146 - - [24/Jun/2023:10:46:18 +0800] "GET /xingrg/kc/buy/cgsh_order_add.html HTTP/1.1" 200 71636
222.67.234.146 - - [24/Jun/2023:10:46:18 +0800] "GET /xingrg/javascript/jquery_tools/order_manager.js HTTP/1.1" 200 11183
222.67.234.146 - - [24/Jun/2023:10:46:18 +0800] "GET /xingrg/javascript/convert.js HTTP/1.1" 200 1239
222.67.234.146 - - [24/Jun/2023:10:46:18 +0800] "GET /xingrg/javascript/print/kc_print.js HTTP/1.1" 200 11415
222.67.234.146 - - [24/Jun/2023:10:46:18 +0800] "GET /xingrg/javascript/json2.js HTTP/1.1" 200 11259
114.85.113.108 - - [24/Jun/2023:10:46:18 +0800] "GET /xingrg/all/function/internal_message.html?_=1687574776270&CODE_STATE=getMsg HTTP/1.1" 200 27
222.67.234.146 - - [24/Jun/2023:10:46:18 +0800] "GET /xingrg/words/20230623125100_words.js HTTP/1.1" 200 970037
180.162.231.188 - - [24/Jun/2023:10:46:18 +0800] "GET /xingrg/kc/base/wldb_order_operate.html?command=get_materiel&rest_code=00102&base_code=0010476&code=00101013093 HTTP/1.1" 200 450
222.67.234.146 - - [24/Jun/2023:10:46:18 +0800] "GET /xingrg/javascript/easyui/themes/icons/copy_new.png HTTP/1.1" 200 815
222.67.234.146 - - [24/Jun/2023:10:46:18 +0800] "GET /xingrg/javascript/easyui/themes/icons/template_new.png HTTP/1.1" 200 3956
222.67.234.146 - - [24/Jun/2023:10:46:18 +0800] "GET /xingrg/javascript/easyui/themes/icons/ok.png HTTP/1.1" 200 883
222.67.234.146 - - [24/Jun/2023:10:46:18 +0800] "GET /xingrg/javascript/easyui/themes/icons/print.png HTTP/1.1" 200 1057
222.67.234.146 - - [24/Jun/2023:10:46:18 +0800] "GET /xingrg/javascript/easyui/themes/default/images/menu_downarrow.png HTTP/1.1" 200 173
222.67.234.146 - - [24/Jun/2023:10:46:18 +0800] "GET /xingrg/javascript/easyui/themes/icons/cancel.png HTTP/1.1" 200 1133
222.67.234.146 - - [24/Jun/2023:10:46:18 +0800] "GET /xingrg/javascript/easyui/themes/default/validatebox.css HTTP/1.1" 404 1104
222.67.234.146 - - [24/Jun/2023:10:46:18 +0800] "GET /xingrg/javascript/easyui/plugins/jquery.validatebox.js HTTP/1.1" 200 6103
222.67.234.146 - - [24/Jun/2023:10:46:18 +0800] "GET /xingrg/javascript/easyui/plugins/jquery.numberbox.js HTTP/1.1" 200 5213
222.67.234.146 - - [24/Jun/2023:10:46:19 +0800] "POST /xingrg/kc/buy/cgsh_order_operate.html HTTP/1.1" 200 8245
222.67.234.146 - - [24/Jun/2023:10:46:19 +0800] "GET /xingrg/all/common/auto_word.html?type=employee&rest_code=00141 HTTP/1.1" 200 201
222.67.234.146 - - [24/Jun/2023:10:46:19 +0800] "GET /xingrg/all/common/auto_word.html?type=employee&rest_code=00141 HTTP/1.1" 200 201
222.67.234.146 - - [24/Jun/2023:10:46:19 +0800] "GET /xingrg/javascript/easyui/themes/icons/edit_remove.png HTTP/1.1" 200 625
222.67.234.146 - - [24/Jun/2023:10:46:20 +0800] "GET /xingrg/javascript/auto/indicator.gif HTTP/1.1" 404 1066
222.70.180.90 - - [24/Jun/2023:10:46:20 +0800] "GET /xingrg/all/function/internal_message.html?_=1687574776876&CODE_STATE=getMsg HTTP/1.1" 200 27
222.67.234.146 - - [24/Jun/2023:10:46:22 +0800] "GET /xingrg/all/function/internal_message.html?_=1687574272824&CODE_STATE=getMsg HTTP/1.1" 200 27
172.20.0.100 - - [24/Jun/2023:10:46:22 +0800] "GET /xingrg/all/function/internal_message.html?_=1687574782251&CODE_STATE=getMsg HTTP/1.1" 200 27
172.20.0.100 - - [24/Jun/2023:10:46:22 +0800] "GET /xingrg/check_reg.html?_=1687574782251 HTTP/1.1" 200 22
222.67.234.146 - - [24/Jun/2023:10:46:27 +0800] "GET /xingrg/javascript/jquery_tools/images/prev.gif HTTP/1.1" 404 1086
222.67.234.146 - - [24/Jun/2023:10:46:27 +0800] "GET /xingrg/javascript/jquery_tools/images/next.gif HTTP/1.1" 404 1086
180.162.231.188 - - [24/Jun/2023:10:46:29 +0800] "GET /xingrg/all/function/internal_message.html?_=1687574789713&CODE_STATE=getMsg HTTP/1.1" 200 27
180.169.147.146 - - [24/Jun/2023:10:46:31 +0800] "GET /xingrg/all/function/internal_message.html?_=1687574783222&CODE_STATE=getMsg HTTP/1.1" 200 27
101.83.145.52 - - [24/Jun/2023:10:46:32 +0800] "GET /xingrg/all/function/internal_message.html?_=1687574794905&CODE_STATE=getMsg HTTP/1.1" 200 27
124.77.245.69 - - [24/Jun/2023:10:46:33 +0800] "GET /xingrg/check_reg.html?_=1687574815002 HTTP/1.1" 200 22
222.70.180.90 - - [24/Jun/2023:10:46:35 +0800] "GET /xingrg/all/function/internal_message.html?_=1687574833283&CODE_STATE=getMsg HTTP/1.1" 200 27
222.69.132.13 - - [24/Jun/2023:10:46:35 +0800] "GET /xingrg/all/function/internal_message.html?_=1687574905503&CODE_STATE=getMsg HTTP/1.1" 200 27
101.83.145.52 - - [24/Jun/2023:10:46:37 +0800] "GET /xingrg/all/function/internal_message.html?_=1687574619869&CODE_STATE=getMsg HTTP/1.1" 200 27
101.83.145.52 - - [24/Jun/2023:10:46:37 +0800] "GET /xingrg/kc/buy/cgsh_order_operate.html?command=get_materiel&rest_code=00105&code=00101008356&supplier_code=00100203&order_time=2023-06-24 HTTP/1.1" 200 408
222.67.234.146 - - [24/Jun/2023:10:46:37 +0800] "GET /xingrg/kc/buy/cgsh_order_operate.html?command=get_materiel&rest_code=00141&code=00101007023&supplier_code=00100004&order_time=2023-06-24 HTTP/1.1" 200 409
124.77.245.69 - - [24/Jun/2023:10:46:38 +0800] "GET /xingrg/all/function/internal_message.html?_=1687574820537&CODE_STATE=getMsg HTTP/1.1" 200 27
180.162.231.188 - - [24/Jun/2023:10:46:39 +0800] "POST /xingrg/kc/base/wldb_order_operate.html HTTP/1.1" 200 37
180.162.231.188 - - [24/Jun/2023:10:46:40 +0800] "POST /xingrg/kc/base/wldb_order_operate.html HTTP/1.1" 200 5754
116.232.195.127 - - [24/Jun/2023:10:46:44 +0800] "GET /xingrg/all/function/internal_message.html?_=1687574797248&CODE_STATE=getMsg HTTP/1.1" 200 27
124.79.241.217 - - [24/Jun/2023:10:46:48 +0800] "GET /xingrg/all/function/internal_message.html?_=1687575090787&CODE_STATE=getMsg HTTP/1.1" 200 27
180.169.147.146 - - [24/Jun/2023:10:46:51 +0800] "GET /xingrg/all/function/internal_message.html?_=1687574814233&CODE_STATE=getMsg HTTP/1.1" 200 27
222.69.131.199 - - [24/Jun/2023:10:46:52 +0800] "GET /xingrg/check_reg.html?_=1687574811465 HTTP/1.1" 200 22
222.69.131.199 - - [24/Jun/2023:10:46:52 +0800] "GET /xingrg/all/function/internal_message.html?_=1687574811469&CODE_STATE=getMsg HTTP/1.1" 200 27
222.70.180.90 - - [24/Jun/2023:10:46:53 +0800] "GET /xingrg/all/function/internal_message.html?_=1687574809749&CODE_STATE=getMsg HTTP/1.1" 200 27
61.170.233.201 - - [24/Jun/2023:10:46:56 +0800] "GET /xingrg/all/function/internal_message.html?_=1687574815983&CODE_STATE=getMsg HTTP/1.1" 200 27
180.162.231.188 - - [24/Jun/2023:10:46:57 +0800] "POST /xingrg/kc/base/wldb_order_operate.html HTTP/1.1" 200 12
180.163.30.27 - - [24/Jun/2023:10:46:58 +0800] "GET /xingrg/all/function/internal_message.html?_=1687574754430&CODE_STATE=getMsg HTTP/1.1" 302 -
180.163.30.27 - - [24/Jun/2023:10:46:58 +0800] "GET /xingrg/login.html HTTP/1.1" 200 7641
61.170.233.201 - - [24/Jun/2023:10:46:58 +0800] "GET /xingrg/all/function/internal_message.html?_=1687574814405&CODE_STATE=getMsg HTTP/1.1" 200 27
180.162.231.188 - - [24/Jun/2023:10:46:59 +0800] "GET /xingrg/kc/base/wldb_order_info.html?code=422023062401947 HTTP/1.1" 200 26254
180.162.231.188 - - [24/Jun/2023:10:46:59 +0800] "GET /xingrg/javascript/easyui/themes/default/validatebox.css HTTP/1.1" 404 1104
180.162.231.188 - - [24/Jun/2023:10:47:00 +0800] "POST /xingrg/kc/base/wldb_order_operate.html HTTP/1.1" 200 3968
116.238.191.126 - - [24/Jun/2023:10:47:01 +0800] "GET /xingrg/all/function/internal_message.html?_=1687574745417&CODE_STATE=getMsg HTTP/1.1" 200 27
180.169.147.146 - - [24/Jun/2023:10:47:01 +0800] "POST /xingrg/kc/base/wldb_list_operate.html HTTP/1.1" 200 565
218.81.73.96 - - [24/Jun/2023:10:47:01 +0800] "GET /xingrg/all/function/internal_message.html?_=1687574822645&CODE_STATE=getMsg HTTP/1.1" 200 27
101.83.145.52 - - [24/Jun/2023:10:47:02 +0800] "GET /xingrg/kc/buy/cgsh_order_operate.html?command=get_materiel&rest_code=00105&code=00101008223&supplier_code=00100203&order_time=2023-06-24 HTTP/1.1" 200 412
180.169.147.146 - - [24/Jun/2023:10:47:02 +0800] "GET /xingrg/kc/base/wldb_order_info.html?code=422023061501201 HTTP/1.1" 200 26522
180.162.231.188 - - [24/Jun/2023:10:47:02 +0800] "GET /xingrg/kc/base/wldb_order_add.html HTTP/1.1" 200 30377
180.162.231.188 - - [24/Jun/2023:10:47:03 +0800] "POST /xingrg/kc/base/wldb_order_operate.html HTTP/1.1" 200 6806
180.169.147.146 - - [24/Jun/2023:10:47:03 +0800] "GET /xingrg/javascript/easyui/themes/default/validatebox.css HTTP/1.1" 404 1104
180.162.231.188 - - [24/Jun/2023:10:47:03 +0800] "GET /xingrg/javascript/easyui/themes/default/validatebox.css HTTP/1.1" 404 1104
180.169.147.146 - - [24/Jun/2023:10:47:04 +0800] "POST /xingrg/kc/base/wldb_order_operate.html HTTP/1.1" 200 2496
180.162.231.188 - - [24/Jun/2023:10:47:07 +0800] "POST /xingrg/all/common/load_combo.html?type=base HTTP/1.1" 200 3321
180.162.231.188 - - [24/Jun/2023:10:47:09 +0800] "POST /xingrg/all/common/load_combo.html?type=base HTTP/1.1" 200 3321
180.162.231.188 - - [24/Jun/2023:10:47:14 +0800] "GET /xingrg/kc/base/wldb_order_operate.html?command=get_materiel&rest_code=00102&base_code=0010476&code=00101019400 HTTP/1.1" 200 464
58.40.7.146 - - [24/Jun/2023:10:47:16 +0800] "GET /xingrg/all/function/internal_message.html?_=1687574836780&CODE_STATE=getMsg HTTP/1.1" 200 27
180.162.231.188 - - [24/Jun/2023:10:47:17 +0800] "GET /xingrg/kc/base/wldb_order_operate.html?command=get_materiel&rest_code=00102&base_code=0010476&code=00101019184 HTTP/1.1" 200 456
218.81.73.96 - - [24/Jun/2023:10:47:17 +0800] "GET /xingrg/all/function/internal_message.html?_=1687574840233&CODE_STATE=getMsg HTTP/1.1" 200 27
222.67.234.146 - - [24/Jun/2023:10:47:17 +0800] "GET /xingrg/kc/buy/cgsh_order_operate.html?command=get_materiel&rest_code=00141&code=00101007027&supplier_code=00100004&order_time=2023-06-24 HTTP/1.1" 200 421
114.85.113.108 - - [24/Jun/2023:10:47:18 +0800] "GET /xingrg/all/function/internal_message.html?_=1687574836254&CODE_STATE=getMsg HTTP/1.1" 200 27
222.70.180.90 - - [24/Jun/2023:10:47:20 +0800] "GET /xingrg/check_reg.html?_=1687574836888 HTTP/1.1" 200 22
222.70.180.90 - - [24/Jun/2023:10:47:20 +0800] "GET /xingrg/all/function/internal_message.html?_=1687574836889&CODE_STATE=getMsg HTTP/1.1" 200 27
180.162.231.188 - - [24/Jun/2023:10:47:22 +0800] "GET /xingrg/kc/base/wldb_order_operate.html?command=get_materiel&rest_code=00102&base_code=0010476&code=00101019183 HTTP/1.1" 200 448
222.67.234.146 - - [24/Jun/2023:10:47:22 +0800] "GET /xingrg/all/function/internal_message.html?_=1687574332923&CODE_STATE=getMsg HTTP/1.1" 200 27
172.20.0.100 - - [24/Jun/2023:10:47:22 +0800] "GET /xingrg/all/function/internal_message.html?_=1687574842252&CODE_STATE=getMsg HTTP/1.1" 200 27
180.162.231.188 - - [24/Jun/2023:10:47:27 +0800] "GET /xingrg/kc/base/wldb_order_operate.html?command=get_materiel&rest_code=00102&base_code=0010476&code=00101016019 HTTP/1.1" 200 451
180.162.231.188 - - [24/Jun/2023:10:47:29 +0800] "GET /xingrg/all/function/internal_message.html?_=1687574849704&CODE_STATE=getMsg HTTP/1.1" 200 27
180.169.147.146 - - [24/Jun/2023:10:47:31 +0800] "GET /xingrg/all/function/internal_message.html?_=1687574843227&CODE_STATE=getMsg HTTP/1.1" 200 27
101.83.145.52 - - [24/Jun/2023:10:47:32 +0800] "GET /xingrg/check_reg.html?_=1687574854891 HTTP/1.1" 200 22
101.83.145.52 - - [24/Jun/2023:10:47:32 +0800] "GET /xingrg/all/function/internal_message.html?_=1687574854895&CODE_STATE=getMsg HTTP/1.1" 200 27
222.70.180.90 - - [24/Jun/2023:10:47:35 +0800] "GET /xingrg/all/function/internal_message.html?_=1687574893266&CODE_STATE=getMsg HTTP/1.1" 200 27
222.69.132.13 - - [24/Jun/2023:10:47:35 +0800] "GET /xingrg/all/function/internal_message.html?_=1687574965493&CODE_STATE=getMsg HTTP/1.1" 200 27
222.67.234.146 - - [24/Jun/2023:10:47:36 +0800] "GET /xingrg/kc/buy/cgsh_order_operate.html?command=get_materiel&rest_code=00141&code=00101007077&supplier_code=00100004&order_time=2023-06-24 HTTP/1.1" 200 415
101.83.145.52 - - [24/Jun/2023:10:47:37 +0800] "GET /xingrg/all/function/internal_message.html?_=1687574679854&CODE_STATE=getMsg HTTP/1.1" 200 27
124.77.245.69 - - [24/Jun/2023:10:47:38 +0800] "GET /xingrg/all/function/internal_message.html?_=1687574880551&CODE_STATE=getMsg HTTP/1.1" 200 27
180.162.231.188 - - [24/Jun/2023:10:47:39 +0800] "GET /xingrg/kc/base/wldb_order_operate.html?command=get_materiel&rest_code=00102&base_code=0010476&code=00101019185 HTTP/1.1" 200 469
116.232.195.127 - - [24/Jun/2023:10:47:44 +0800] "GET /xingrg/all/function/internal_message.html?_=1687574857256&CODE_STATE=getMsg HTTP/1.1" 200 27
124.79.241.217 - - [24/Jun/2023:10:47:48 +0800] "GET /xingrg/check_reg.html?_=1687575150796 HTTP/1.1" 200 22
124.79.241.217 - - [24/Jun/2023:10:47:48 +0800] "GET /xingrg/all/function/internal_message.html?_=1687575150795&CODE_STATE=getMsg HTTP/1.1" 200 27
180.169.147.146 - - [24/Jun/2023:10:47:51 +0800] "GET /xingrg/all/function/internal_message.html?_=1687574874217&CODE_STATE=getMsg HTTP/1.1" 200 27
222.69.131.199 - - [24/Jun/2023:10:47:52 +0800] "GET /xingrg/all/function/internal_message.html?_=1687574871454&CODE_STATE=getMsg HTTP/1.1" 200 27
222.70.180.90 - - [24/Jun/2023:10:47:53 +0800] "GET /xingrg/all/function/internal_message.html?_=1687574869728&CODE_STATE=getMsg HTTP/1.1" 200 27
222.70.180.90 - - [24/Jun/2023:10:47:55 +0800] "GET /xingrg/check_reg.html?_=1687574871600 HTTP/1.1" 200 22
222.67.234.146 - - [24/Jun/2023:10:47:55 +0800] "GET /xingrg/kc/buy/cgsh_order_operate.html?command=get_materiel&rest_code=00141&code=00101007061&supplier_code=00100004&order_time=2023-06-24 HTTP/1.1" 200 409
61.170.233.201 - - [24/Jun/2023:10:47:56 +0800] "GET /xingrg/all/function/internal_message.html?_=1687574875953&CODE_STATE=getMsg HTTP/1.1" 200 27
61.170.233.201 - - [24/Jun/2023:10:47:58 +0800] "GET /xingrg/all/function/internal_message.html?_=1687574874375&CODE_STATE=getMsg HTTP/1.1" 200 27
180.163.28.55 - - [24/Jun/2023:10:47:58 +0800] "GET /xingrg/all/function/internal_message.html?_=1687574814405&CODE_STATE=getMsg HTTP/1.1" 302 -
180.163.28.55 - - [24/Jun/2023:10:47:58 +0800] "GET /xingrg/login.html HTTP/1.1" 200 7641
61.170.233.201 - - [24/Jun/2023:10:48:00 +0800] "GET /xingrg/check_reg.html?_=1687574876080 HTTP/1.1" 200 22
180.162.231.188 - - [24/Jun/2023:10:48:00 +0800] "GET /xingrg/kc/base/wldb_order_operate.html?command=get_materiel&rest_code=00102&base_code=0010476&code=00101019131 HTTP/1.1" 200 466
116.238.191.126 - - [24/Jun/2023:10:48:01 +0800] "GET /xingrg/all/function/internal_message.html?_=1687574805424&CODE_STATE=getMsg HTTP/1.1" 200 27
218.81.73.96 - - [24/Jun/2023:10:48:01 +0800] "GET /xingrg/all/function/internal_message.html?_=1687574882649&CODE_STATE=getMsg HTTP/1.1" 200 27
222.67.234.146 - - [24/Jun/2023:10:48:09 +0800] "GET /xingrg/kc/buy/cgsh_order_operate.html?command=get_materiel&rest_code=00141&code=00101007125&supplier_code=00100004&order_time=2023-06-24 HTTP/1.1" 200 406
180.169.147.146 - - [24/Jun/2023:10:48:09 +0800] "GET /xingrg/check_reg.html?_=1687574892487 HTTP/1.1" 200 22
58.40.7.146 - - [24/Jun/2023:10:48:16 +0800] "GET /xingrg/all/function/internal_message.html?_=1687574896782&CODE_STATE=getMsg HTTP/1.1" 200 27
218.81.73.96 - - [24/Jun/2023:10:48:17 +0800] "GET /xingrg/all/function/internal_message.html?_=1687574900232&CODE_STATE=getMsg HTTP/1.1" 200 27
114.85.113.108 - - [24/Jun/2023:10:48:18 +0800] "GET /xingrg/all/function/internal_message.html?_=1687574896231&CODE_STATE=getMsg HTTP/1.1" 200 27
222.70.180.90 - - [24/Jun/2023:10:48:20 +0800] "GET /xingrg/all/function/internal_message.html?_=1687574896886&CODE_STATE=getMsg HTTP/1.1" 200 27
222.67.234.146 - - [24/Jun/2023:10:48:22 +0800] "GET /xingrg/all/function/internal_message.html?_=1687574392902&CODE_STATE=getMsg HTTP/1.1" 200 27
172.20.0.100 - - [24/Jun/2023:10:48:22 +0800] "GET /xingrg/all/function/internal_message.html?_=1687574902252&CODE_STATE=getMsg HTTP/1.1" 200 27
222.67.234.146 - - [24/Jun/2023:10:48:23 +0800] "GET /xingrg/kc/buy/cgsh_order_operate.html?command=get_materiel&rest_code=00141&code=00101007060&supplier_code=00100004&order_time=2023-06-24 HTTP/1.1" 200 409
180.162.231.188 - - [24/Jun/2023:10:48:29 +0800] "GET /xingrg/all/function/internal_message.html?_=1687574909705&CODE_STATE=getMsg HTTP/1.1" 200 27
180.162.231.188 - - [24/Jun/2023:10:48:30 +0800] "GET /xingrg/check_reg.html?_=1687574910624 HTTP/1.1" 200 22
180.169.147.146 - - [24/Jun/2023:10:48:31 +0800] "GET /xingrg/all/function/internal_message.html?_=1687574903228&CODE_STATE=getMsg HTTP/1.1" 200 27
101.83.145.52 - - [24/Jun/2023:10:48:32 +0800] "GET /xingrg/all/function/internal_message.html?_=1687574914920&CODE_STATE=getMsg HTTP/1.1" 200 27
222.70.180.90 - - [24/Jun/2023:10:48:35 +0800] "GET /xingrg/all/function/internal_message.html?_=1687574953266&CODE_STATE=getMsg HTTP/1.1" 200 27
222.69.132.13 - - [24/Jun/2023:10:48:35 +0800] "GET /xingrg/all/function/internal_message.html?_=1687575025485&CODE_STATE=getMsg HTTP/1.1" 200 27
101.83.145.52 - - [24/Jun/2023:10:48:37 +0800] "GET /xingrg/all/function/internal_message.html?_=1687574739857&CODE_STATE=getMsg HTTP/1.1" 200 27
101.83.145.52 - - [24/Jun/2023:10:48:38 +0800] "GET /xingrg/check_reg.html?_=1687574740891 HTTP/1.1" 200 22
