114.85.113.108 - - [24/Jun/2023:09:33:19 +0800] "GET /xingrg/all/function/internal_message.html?_=1687570397633&CODE_STATE=getMsg HTTP/1.1" 200 27
222.69.131.199 - - [24/Jun/2023:09:33:20 +0800] "GET /xingrg/javascript/easyui/themes/default/validatebox.css HTTP/1.1" 404 1104
222.70.180.90 - - [24/Jun/2023:09:33:20 +0800] "GET /xingrg/all/function/internal_message.html?_=1687570396813&CODE_STATE=getMsg HTTP/1.1" 200 27
222.69.131.199 - - [24/Jun/2023:09:33:21 +0800] "POST /xingrg/kc/buy/cgsh_order_operate.html HTTP/1.1" 200 3568
172.20.0.100 - - [24/Jun/2023:09:33:22 +0800] "GET /xingrg/all/function/internal_message.html?_=1687570402252&CODE_STATE=getMsg HTTP/1.1" 200 27
116.238.191.126 - - [24/Jun/2023:09:33:24 +0800] "GET /xingrg/kc/buy/cgsh_order_operate.html?command=get_materiel&rest_code=00151&code=00101012044&supplier_code=00100096&order_time=2023-06-24 HTTP/1.1" 200 408
222.69.131.199 - - [24/Jun/2023:09:33:25 +0800] "GET /xingrg/kc/print/load_data.html?order_code=212023062408691&kc_code=cgsh&condition= HTTP/1.1" 200 1852
180.162.231.188 - - [24/Jun/2023:09:33:30 +0800] "GET /xingrg/check_reg.html?_=1687570410618 HTTP/1.1" 200 22
180.162.231.188 - - [24/Jun/2023:09:33:30 +0800] "GET /xingrg/all/function/internal_message.html?_=1687570410621&CODE_STATE=getMsg HTTP/1.1" 200 27
101.83.145.52 - - [24/Jun/2023:09:33:32 +0800] "GET /xingrg/all/function/internal_message.html?_=1687570414879&CODE_STATE=getMsg HTTP/1.1" 200 27
222.69.131.199 - - [24/Jun/2023:09:33:33 +0800] "GET /xingrg/kc/buy/cgsh_order_add.html HTTP/1.1" 200 71724
222.69.131.199 - - [24/Jun/2023:09:33:33 +0800] "POST /xingrg/kc/buy/cgsh_order_operate.html HTTP/1.1" 200 8245
222.69.131.199 - - [24/Jun/2023:09:33:33 +0800] "GET /xingrg/javascript/easyui/themes/default/validatebox.css HTTP/1.1" 404 1104
124.77.245.69 - - [24/Jun/2023:09:33:33 +0800] "GET /xingrg/all/function/internal_message.html?_=1687570435396&CODE_STATE=getMsg HTTP/1.1" 200 27
222.69.131.199 - - [24/Jun/2023:09:33:34 +0800] "GET /xingrg/all/function/internal_message.html?_=1687570413317&CODE_STATE=getMsg HTTP/1.1" 200 27
222.69.132.13 - - [24/Jun/2023:09:33:35 +0800] "GET /xingrg/all/function/internal_message.html?_=1687570525501&CODE_STATE=getMsg HTTP/1.1" 200 27
101.83.145.52 - - [24/Jun/2023:09:33:38 +0800] "GET /xingrg/all/function/internal_message.html?_=1687570240723&CODE_STATE=getMsg HTTP/1.1" 200 27
101.83.145.52 - - [24/Jun/2023:09:33:38 +0800] "GET /xingrg/check_reg.html?_=1687570240983 HTTP/1.1" 200 22
116.238.191.126 - - [24/Jun/2023:09:33:43 +0800] "GET /xingrg/kc/buy/cgsh_order_operate.html?command=get_materiel&rest_code=00151&code=00101001075&supplier_code=00100096&order_time=2023-06-24 HTTP/1.1" 200 410
116.232.195.127 - - [24/Jun/2023:09:33:44 +0800] "GET /xingrg/all/function/internal_message.html?_=1687570417259&CODE_STATE=getMsg HTTP/1.1" 200 27
124.79.241.217 - - [24/Jun/2023:09:33:48 +0800] "GET /xingrg/all/function/internal_message.html?_=1687570710944&CODE_STATE=getMsg HTTP/1.1" 200 27
180.169.147.146 - - [24/Jun/2023:09:33:52 +0800] "GET /xingrg/all/function/internal_message.html?_=1687570435406&CODE_STATE=getMsg HTTP/1.1" 200 27
114.85.113.108 - - [24/Jun/2023:09:33:54 +0800] "GET /xingrg/check_reg.html?_=1687570432224 HTTP/1.1" 200 22
222.70.180.90 - - [24/Jun/2023:09:33:55 +0800] "GET /xingrg/all/function/internal_message.html?_=1687570431186&CODE_STATE=getMsg HTTP/1.1" 200 27
116.238.191.126 - - [24/Jun/2023:09:33:59 +0800] "GET /xingrg/all/function/internal_message.html?_=1687570363732&CODE_STATE=getMsg HTTP/1.1" 200 27
180.163.30.27 - - [24/Jun/2023:09:34:00 +0800] "GET /xingrg/all/function/internal_message.html?_=1687570376198&CODE_STATE=getMsg HTTP/1.1" 302 -
180.163.30.27 - - [24/Jun/2023:09:34:00 +0800] "GET /xingrg/login.html HTTP/1.1" 200 7641
61.170.233.201 - - [24/Jun/2023:09:34:00 +0800] "GET /xingrg/all/function/internal_message.html?_=1687570436181&CODE_STATE=getMsg HTTP/1.1" 200 27
116.238.191.126 - - [24/Jun/2023:09:34:01 +0800] "GET /xingrg/kc/buy/cgsh_order_operate.html?command=get_materiel&rest_code=00151&code=00101006129&supplier_code=00100096&order_time=2023-06-24 HTTP/1.1" 200 431
222.67.234.146 - - [24/Jun/2023:09:34:05 +0800] "GET /xingrg/check_reg.html?_=1687569936068 HTTP/1.1" 200 22
222.67.234.146 - - [24/Jun/2023:09:34:05 +0800] "GET /xingrg/all/function/internal_message.html?_=1687569936070&CODE_STATE=getMsg HTTP/1.1" 200 27
222.69.131.199 - - [24/Jun/2023:09:34:08 +0800] "GET /xingrg/kc/buy/cgsh_order_operate.html?command=get_materiel&rest_code=00149&code=00101009001&supplier_code=00100201&order_time=2023-06-24 HTTP/1.1" 200 416
116.238.191.126 - - [24/Jun/2023:09:34:16 +0800] "GET /xingrg/kc/buy/cgsh_order_operate.html?command=get_materiel&rest_code=00151&code=00101010711&supplier_code=00100096&order_time=2023-06-24 HTTP/1.1" 200 408
58.40.7.146 - - [24/Jun/2023:09:34:16 +0800] "GET /xingrg/all/function/internal_message.html?_=1687570456748&CODE_STATE=getMsg HTTP/1.1" 200 27
58.40.7.146 - - [24/Jun/2023:09:34:16 +0800] "GET /xingrg/check_reg.html?_=1687570456749 HTTP/1.1" 200 22
114.85.113.108 - - [24/Jun/2023:09:34:19 +0800] "GET /xingrg/all/function/internal_message.html?_=1687570457614&CODE_STATE=getMsg HTTP/1.1" 200 27
222.70.180.90 - - [24/Jun/2023:09:34:20 +0800] "GET /xingrg/all/function/internal_message.html?_=1687570456811&CODE_STATE=getMsg HTTP/1.1" 200 27
172.20.0.100 - - [24/Jun/2023:09:34:22 +0800] "GET /xingrg/all/function/internal_message.html?_=1687570462252&CODE_STATE=getMsg HTTP/1.1" 200 27
222.67.234.146 - - [24/Jun/2023:09:34:25 +0800] "POST /xingrg/kc/buy/cgsh_order_operate.html HTTP/1.1" 200 37
222.69.131.199 - - [24/Jun/2023:09:34:26 +0800] "GET /xingrg/kc/buy/cgsh_order_operate.html?command=get_materiel&rest_code=00149&code=00101009062&supplier_code=00100201&order_time=2023-06-24 HTTP/1.1" 200 412
180.162.231.188 - - [24/Jun/2023:09:34:30 +0800] "GET /xingrg/all/function/internal_message.html?_=1687570470621&CODE_STATE=getMsg HTTP/1.1" 200 27
116.238.191.126 - - [24/Jun/2023:09:34:31 +0800] "GET /xingrg/kc/buy/cgsh_order_operate.html?command=get_materiel&rest_code=00151&code=00101006013&supplier_code=00100096&order_time=2023-06-24 HTTP/1.1" 200 411
101.83.145.52 - - [24/Jun/2023:09:34:32 +0800] "GET /xingrg/all/function/internal_message.html?_=1687570474881&CODE_STATE=getMsg HTTP/1.1" 200 27
124.77.245.69 - - [24/Jun/2023:09:34:34 +0800] "GET /xingrg/all/function/internal_message.html?_=1687570495495&CODE_STATE=getMsg HTTP/1.1" 200 27
222.69.131.199 - - [24/Jun/2023:09:34:34 +0800] "GET /xingrg/all/function/internal_message.html?_=1687570473289&CODE_STATE=getMsg HTTP/1.1" 200 27
222.69.132.13 - - [24/Jun/2023:09:34:35 +0800] "GET /xingrg/all/function/internal_message.html?_=1687570585487&CODE_STATE=getMsg HTTP/1.1" 200 27
222.69.132.13 - - [24/Jun/2023:09:34:35 +0800] "GET /xingrg/check_reg.html?_=1687570585489 HTTP/1.1" 200 22
101.83.145.52 - - [24/Jun/2023:09:34:37 +0800] "POST /xingrg/kc/buy/cgsh_order_operate.html HTTP/1.1" 200 37
101.83.145.52 - - [24/Jun/2023:09:34:40 +0800] "POST /xingrg/kc/buy/cgsh_order_operate.html HTTP/1.1" 200 10927
222.69.131.199 - - [24/Jun/2023:09:34:40 +0800] "GET /xingrg/kc/buy/cgsh_order_operate.html?command=get_materiel&rest_code=00149&code=00101009011&supplier_code=00100201&order_time=2023-06-24 HTTP/1.1" 200 416
116.238.191.126 - - [24/Jun/2023:09:34:44 +0800] "GET /xingrg/kc/buy/cgsh_order_operate.html?command=get_materiel&rest_code=00151&code=00101006056&supplier_code=00100096&order_time=2023-06-24 HTTP/1.1" 200 415
101.83.145.52 - - [24/Jun/2023:09:34:44 +0800] "GET /xingrg/kc/buy/cgsh_order_add.html HTTP/1.1" 200 71718
116.232.195.127 - - [24/Jun/2023:09:34:44 +0800] "GET /xingrg/check_reg.html?_=1687570477259 HTTP/1.1" 200 22
116.232.195.127 - - [24/Jun/2023:09:34:44 +0800] "GET /xingrg/all/function/internal_message.html?_=1687570477263&CODE_STATE=getMsg HTTP/1.1" 200 27
101.83.145.52 - - [24/Jun/2023:09:34:44 +0800] "POST /xingrg/kc/buy/cgsh_order_operate.html HTTP/1.1" 200 8245
101.83.145.52 - - [24/Jun/2023:09:34:44 +0800] "GET /xingrg/javascript/easyui/themes/default/validatebox.css HTTP/1.1" 404 1104
124.79.241.217 - - [24/Jun/2023:09:34:48 +0800] "GET /xingrg/all/function/internal_message.html?_=1687570770943&CODE_STATE=getMsg HTTP/1.1" 200 27
180.169.147.146 - - [24/Jun/2023:09:34:52 +0800] "GET /xingrg/all/function/internal_message.html?_=1687570495389&CODE_STATE=getMsg HTTP/1.1" 200 27
222.69.131.199 - - [24/Jun/2023:09:34:54 +0800] "GET /xingrg/kc/buy/cgsh_order_operate.html?command=get_materiel&rest_code=00149&code=00101009122&supplier_code=00100201&order_time=2023-06-24 HTTP/1.1" 200 405
222.70.180.90 - - [24/Jun/2023:09:34:54 +0800] "GET /xingrg/all/function/internal_message.html?_=1687570491165&CODE_STATE=getMsg HTTP/1.1" 200 27
222.67.234.146 - - [24/Jun/2023:09:34:58 +0800] "POST /xingrg/kc/buy/cgsh_order_operate.html HTTP/1.1" 200 12
124.79.241.217 - - [24/Jun/2023:09:34:59 +0800] "POST /xingrg/services/DataTransmitService HTTP/1.1" 200 524
116.238.191.126 - - [24/Jun/2023:09:34:59 +0800] "GET /xingrg/all/function/internal_message.html?_=1687570423746&CODE_STATE=getMsg HTTP/1.1" 200 27
61.170.233.201 - - [24/Jun/2023:09:35:00 +0800] "GET /xingrg/all/function/internal_message.html?_=1687570496168&CODE_STATE=getMsg HTTP/1.1" 200 27
222.69.131.199 - - [24/Jun/2023:09:35:01 +0800] "POST /xingrg/services/DataTransmitService HTTP/1.1" 200 524
222.67.234.146 - - [24/Jun/2023:09:35:02 +0800] "GET /xingrg/kc/buy/cgsh_order_info.html?code=212023062408692 HTTP/1.1" 200 66547
222.67.234.146 - - [24/Jun/2023:09:35:02 +0800] "GET /xingrg/javascript/easyui/themes/default/validatebox.css HTTP/1.1" 404 1104
222.67.234.146 - - [24/Jun/2023:09:35:03 +0800] "POST /xingrg/kc/buy/cgsh_order_operate.html HTTP/1.1" 200 4171
222.67.234.146 - - [24/Jun/2023:09:35:05 +0800] "GET /xingrg/kc/print/load_data.html?order_code=212023062408692&kc_code=cgsh&condition= HTTP/1.1" 200 2137
222.67.234.146 - - [24/Jun/2023:09:35:06 +0800] "GET /xingrg/all/function/internal_message.html?_=1687569996401&CODE_STATE=getMsg HTTP/1.1" 200 27
222.67.234.146 - - [24/Jun/2023:09:35:11 +0800] "GET /xingrg/kc/buy/cgsh_order_add.html HTTP/1.1" 200 71636
222.67.234.146 - - [24/Jun/2023:09:35:11 +0800] "GET /xingrg/javascript/easyui/themes/default/validatebox.css HTTP/1.1" 404 1104
222.67.234.146 - - [24/Jun/2023:09:35:11 +0800] "POST /xingrg/kc/buy/cgsh_order_operate.html HTTP/1.1" 200 8245
116.238.191.126 - - [24/Jun/2023:09:35:13 +0800] "POST /xingrg/kc/buy/cgsh_order_operate.html HTTP/1.1" 200 37
101.83.145.52 - - [24/Jun/2023:09:35:15 +0800] "GET /xingrg/kc/buy/cgsh_order_operate.html?command=get_materiel&rest_code=00105&code=00101007061&supplier_code=00100002&order_time=2023-06-24 HTTP/1.1" 200 409
58.40.7.146 - - [24/Jun/2023:09:35:16 +0800] "GET /xingrg/all/function/internal_message.html?_=1687570516752&CODE_STATE=getMsg HTTP/1.1" 200 27
114.85.113.108 - - [24/Jun/2023:09:35:19 +0800] "GET /xingrg/all/function/internal_message.html?_=1687570517584&CODE_STATE=getMsg HTTP/1.1" 200 27
222.70.180.90 - - [24/Jun/2023:09:35:20 +0800] "GET /xingrg/all/function/internal_message.html?_=1687570516802&CODE_STATE=getMsg HTTP/1.1" 200 27
172.20.0.100 - - [24/Jun/2023:09:35:22 +0800] "GET /xingrg/all/function/internal_message.html?_=1687570522251&CODE_STATE=getMsg HTTP/1.1" 200 27
222.69.131.199 - - [24/Jun/2023:09:35:23 +0800] "POST /xingrg/kc/buy/cgsh_order_operate.html HTTP/1.1" 200 37
222.67.234.146 - - [24/Jun/2023:09:35:29 +0800] "GET /xingrg/kc/buy/cgsh_order_operate.html?command=get_materiel&rest_code=00141&code=00101006129&supplier_code=00100012&order_time=2023-06-24 HTTP/1.1" 200 431
180.162.231.188 - - [24/Jun/2023:09:35:30 +0800] "GET /xingrg/all/function/internal_message.html?_=1687570530624&CODE_STATE=getMsg HTTP/1.1" 200 27
101.83.145.52 - - [24/Jun/2023:09:35:32 +0800] "GET /xingrg/all/function/internal_message.html?_=1687570534868&CODE_STATE=getMsg HTTP/1.1" 200 27
116.238.191.126 - - [24/Jun/2023:09:35:32 +0800] "POST /xingrg/kc/buy/cgsh_order_operate.html HTTP/1.1" 200 12
124.77.245.69 - - [24/Jun/2023:09:35:34 +0800] "GET /xingrg/all/function/internal_message.html?_=1687570555501&CODE_STATE=getMsg HTTP/1.1" 200 27
222.69.131.199 - - [24/Jun/2023:09:35:34 +0800] "GET /xingrg/all/function/internal_message.html?_=1687570533276&CODE_STATE=getMsg HTTP/1.1" 200 27
222.69.131.199 - - [24/Jun/2023:09:35:35 +0800] "GET /xingrg/check_reg.html?_=1687570533604 HTTP/1.1" 200 22
222.69.132.13 - - [24/Jun/2023:09:35:35 +0800] "GET /xingrg/all/function/internal_message.html?_=1687570645496&CODE_STATE=getMsg HTTP/1.1" 200 27
222.69.131.199 - - [24/Jun/2023:09:35:37 +0800] "POST /xingrg/kc/buy/cgsh_order_operate.html HTTP/1.1" 200 12
101.83.145.52 - - [24/Jun/2023:09:35:38 +0800] "GET /xingrg/all/function/internal_message.html?_=1687570360821&CODE_STATE=getMsg HTTP/1.1" 200 27
116.238.191.126 - - [24/Jun/2023:09:35:39 +0800] "GET /xingrg/kc/buy/cgsh_order_info.html?code=212023062408694 HTTP/1.1" 200 66149
116.238.191.126 - - [24/Jun/2023:09:35:39 +0800] "GET /xingrg/javascript/easyui/themes/default/validatebox.css HTTP/1.1" 404 1104
116.238.191.126 - - [24/Jun/2023:09:35:40 +0800] "POST /xingrg/kc/buy/cgsh_order_operate.html HTTP/1.1" 200 7798
222.69.131.199 - - [24/Jun/2023:09:35:42 +0800] "GET /xingrg/kc/buy/cgsh_order_info.html?code=212023062408695 HTTP/1.1" 200 66633
222.69.131.199 - - [24/Jun/2023:09:35:42 +0800] "GET /xingrg/javascript/easyui/themes/default/validatebox.css HTTP/1.1" 404 1104
116.232.195.127 - - [24/Jun/2023:09:35:44 +0800] "GET /xingrg/all/function/internal_message.html?_=1687570537262&CODE_STATE=getMsg HTTP/1.1" 200 27
101.83.145.52 - - [24/Jun/2023:09:35:45 +0800] "POST /xingrg/kc/buy/cgsh_order_operate.html HTTP/1.1" 200 37
222.69.131.199 - - [24/Jun/2023:09:35:45 +0800] "POST /xingrg/kc/buy/cgsh_order_operate.html HTTP/1.1" 200 2963
116.238.191.126 - - [24/Jun/2023:09:35:46 +0800] "GET /xingrg/kc/print/load_data.html?order_code=212023062408694&kc_code=cgsh&condition= HTTP/1.1" 200 3490
222.69.131.199 - - [24/Jun/2023:09:35:46 +0800] "GET /xingrg/kc/print/load_data.html?order_code=212023062408695&kc_code=cgsh&condition= HTTP/1.1" 200 1605
180.162.231.188 - - [24/Jun/2023:09:35:46 +0800] "GET /xingrg/kc/buy/cgsh_order_operate.html?command=get_materiel&rest_code=00102&code=00101016030&supplier_code=00100096&order_time=2023-06-24 HTTP/1.1" 200 412
222.69.131.199 - - [24/Jun/2023:09:35:47 +0800] "GET /xingrg/kc/print/load_data.html?order_code=212023062408695&kc_code=cgsh&condition= HTTP/1.1" 200 1605
101.83.145.52 - - [24/Jun/2023:09:35:48 +0800] "POST /xingrg/kc/buy/cgsh_order_operate.html HTTP/1.1" 200 2653
124.79.241.217 - - [24/Jun/2023:09:35:48 +0800] "GET /xingrg/all/function/internal_message.html?_=1687570830930&CODE_STATE=getMsg HTTP/1.1" 200 27
222.67.234.146 - - [24/Jun/2023:09:35:50 +0800] "GET /xingrg/kc/buy/cgsh_order_operate.html?command=get_materiel&rest_code=00141&code=00101018007&supplier_code=00100012&order_time=2023-06-24 HTTP/1.1" 200 409
101.83.145.52 - - [24/Jun/2023:09:35:51 +0800] "GET /xingrg/kc/print/load_data.html?order_code=212023062408696&kc_code=cgsh&condition= HTTP/1.1" 200 736
180.169.147.146 - - [24/Jun/2023:09:35:52 +0800] "GET /xingrg/all/function/internal_message.html?_=1687570555373&CODE_STATE=getMsg HTTP/1.1" 200 27
222.69.131.199 - - [24/Jun/2023:09:35:53 +0800] "GET /xingrg/kc/buy/cgsh_order_add.html HTTP/1.1" 200 71724
222.69.131.199 - - [24/Jun/2023:09:35:53 +0800] "GET /xingrg/javascript/easyui/themes/default/validatebox.css HTTP/1.1" 404 1104
222.69.131.199 - - [24/Jun/2023:09:35:53 +0800] "POST /xingrg/kc/buy/cgsh_order_operate.html HTTP/1.1" 200 8245
222.70.180.90 - - [24/Jun/2023:09:35:54 +0800] "GET /xingrg/all/function/internal_message.html?_=1687570551146&CODE_STATE=getMsg HTTP/1.1" 200 27
116.238.191.126 - - [24/Jun/2023:09:35:58 +0800] "POST /xingrg/all/user/operate.html HTTP/1.1" 200 36
116.238.191.126 - - [24/Jun/2023:09:35:59 +0800] "GET /xingrg/index.html?sysBaseUrl=http%3A%2F%2F180.169.147.146%3A18081%2Fxingrg%2F&costTime=1491×tamp=1687566924427 HTTP/1.1" 200 17179
116.238.191.126 - - [24/Jun/2023:09:35:59 +0800] "GET /xingrg/javascript/jquery_easy_ui/themes/default/easyui.css HTTP/1.1" 304 -
116.238.191.126 - - [24/Jun/2023:09:35:59 +0800] "GET /xingrg/javascript/jquery_easy_ui/themes/icon.css HTTP/1.1" 304 -
116.238.191.126 - - [24/Jun/2023:09:35:59 +0800] "GET /xingrg/css/form.css HTTP/1.1" 304 -
116.238.191.126 - - [24/Jun/2023:09:35:59 +0800] "GET /xingrg/javascript/jquery-1.4.2.min.js HTTP/1.1" 304 -
116.238.191.126 - - [24/Jun/2023:09:35:59 +0800] "GET /xingrg/javascript/jquery_easy_ui/jquery.easyui.min.js HTTP/1.1" 304 -
116.238.191.126 - - [24/Jun/2023:09:35:59 +0800] "GET /xingrg/javascript/jquery_easy_ui/easyui-lang-zh_CN.js HTTP/1.1" 304 -
116.238.191.126 - - [24/Jun/2023:09:35:59 +0800] "GET /xingrg/javascript/jquery.form.js HTTP/1.1" 304 -
116.238.191.126 - - [24/Jun/2023:09:35:59 +0800] "GET /xingrg/javascript/jquery.utils.js HTTP/1.1" 304 -
116.238.191.126 - - [24/Jun/2023:09:35:59 +0800] "GET /xingrg/javascript/jquery.timers.js HTTP/1.1" 304 -
116.238.191.126 - - [24/Jun/2023:09:35:59 +0800] "GET /xingrg/javascript/jquery_easy_ui/themes/icons/settle_new.png HTTP/1.1" 304 -
116.238.191.126 - - [24/Jun/2023:09:35:59 +0800] "GET /xingrg/images/blue/jxLogo.png HTTP/1.1" 304 -
116.238.191.126 - - [24/Jun/2023:09:35:59 +0800] "GET /xingrg/images/blue/navBackgound.jpg HTTP/1.1" 304 -
116.238.191.126 - - [24/Jun/2023:09:35:59 +0800] "GET /xingrg/images/blue/pingpu.png HTTP/1.1" 304 -
116.238.191.126 - - [24/Jun/2023:09:35:59 +0800] "GET /xingrg/javascript/jquery_easy_ui/themes/default/images/tabs_leftarrow.png HTTP/1.1" 304 -
116.238.191.126 - - [24/Jun/2023:09:35:59 +0800] "GET /xingrg/javascript/jquery_easy_ui/themes/default/images/tabs_rightarrow.png HTTP/1.1" 304 -
116.238.191.126 - - [24/Jun/2023:09:35:59 +0800] "GET /xingrg/javascript/jquery_easy_ui/themes/default/images/panel_tool_collapse.gif HTTP/1.1" 304 -
116.238.191.126 - - [24/Jun/2023:09:35:59 +0800] "GET /xingrg/all/function/internal_message.html?_=1687570484002&CODE_STATE=count HTTP/1.1" 200 11
116.238.191.126 - - [24/Jun/2023:09:35:59 +0800] "GET /xingrg/check_reg.html?_=1687570484003 HTTP/1.1" 200 22
116.238.191.126 - - [24/Jun/2023:09:35:59 +0800] "POST /xingrg/load_menu.html HTTP/1.1" 200 5138
116.238.191.126 - - [24/Jun/2023:09:36:00 +0800] "POST /xingrg/all/common/load_tree.html?tree=area_rest_tree_json&manage=1 HTTP/1.1" 200 476
61.170.233.201 - - [24/Jun/2023:09:36:00 +0800] "GET /xingrg/all/function/internal_message.html?_=1687570556142&CODE_STATE=getMsg HTTP/1.1" 200 27
116.238.191.126 - - [24/Jun/2023:09:36:03 +0800] "GET /xingrg/kc/buy/cgsh_order_list.html HTTP/1.1" 200 55860
180.162.231.188 - - [24/Jun/2023:09:36:05 +0800] "POST /xingrg/kc/buy/cgsh_order_operate.html HTTP/1.1" 200 37
222.67.234.146 - - [24/Jun/2023:09:36:05 +0800] "GET /xingrg/kc/buy/cgsh_order_operate.html?command=get_materiel&rest_code=00141&code=00101006067&supplier_code=00100012&order_time=2023-06-24 HTTP/1.1" 200 409
222.67.234.146 - - [24/Jun/2023:09:36:06 +0800] "GET /xingrg/all/function/internal_message.html?_=1687570056386&CODE_STATE=getMsg HTTP/1.1" 200 27
116.238.191.126 - - [24/Jun/2023:09:36:07 +0800] "POST /xingrg/kc/buy/cgsh_list_operate.html HTTP/1.1" 200 986
116.238.191.126 - - [24/Jun/2023:09:36:09 +0800] "GET /xingrg/kc/buy/cgsh_order_add.html HTTP/1.1" 200 71692
116.238.191.126 - - [24/Jun/2023:09:36:10 +0800] "POST /xingrg/kc/buy/cgsh_order_operate.html HTTP/1.1" 200 8245
116.238.191.126 - - [24/Jun/2023:09:36:10 +0800] "GET /xingrg/javascript/easyui/themes/default/validatebox.css HTTP/1.1" 404 1104
116.238.191.126 - - [24/Jun/2023:09:36:11 +0800] "GET /xingrg/javascript/auto/indicator.gif HTTP/1.1" 404 1066
180.162.231.188 - - [24/Jun/2023:09:36:15 +0800] "POST /xingrg/kc/buy/cgsh_order_operate.html HTTP/1.1" 200 12
58.40.7.146 - - [24/Jun/2023:09:36:16 +0800] "GET /xingrg/all/function/internal_message.html?_=1687570576754&CODE_STATE=getMsg HTTP/1.1" 200 27
222.67.234.146 - - [24/Jun/2023:09:36:17 +0800] "GET /xingrg/kc/buy/cgsh_order_operate.html?command=get_materiel&rest_code=00141&code=00101006055&supplier_code=00100012&order_time=2023-06-24 HTTP/1.1" 200 409
116.238.191.126 - - [24/Jun/2023:09:36:19 +0800] "GET /xingrg/kc/buy/cgsh_order_operate.html?command=get_materiel&rest_code=00150&code=00101001040&supplier_code=00100400&order_time=2023-06-24 HTTP/1.1" 200 417
114.85.113.108 - - [24/Jun/2023:09:36:19 +0800] "GET /xingrg/all/function/internal_message.html?_=1687570577568&CODE_STATE=getMsg HTTP/1.1" 200 27
222.70.180.90 - - [24/Jun/2023:09:36:20 +0800] "GET /xingrg/all/function/internal_message.html?_=1687570576801&CODE_STATE=getMsg HTTP/1.1" 200 27
172.20.0.100 - - [24/Jun/2023:09:36:22 +0800] "GET /xingrg/all/function/internal_message.html?_=1687570582252&CODE_STATE=getMsg HTTP/1.1" 200 27
172.20.0.100 - - [24/Jun/2023:09:36:22 +0800] "GET /xingrg/check_reg.html?_=1687570582252 HTTP/1.1" 200 22
222.67.234.146 - - [24/Jun/2023:09:36:25 +0800] "GET /xingrg/kc/buy/cgsh_order_operate.html?command=get_materiel&rest_code=00141&code=00101006065&supplier_code=00100012&order_time=2023-06-24 HTTP/1.1" 200 409
101.83.145.52 - - [24/Jun/2023:09:36:32 +0800] "GET /xingrg/all/function/internal_message.html?_=1687570594869&CODE_STATE=getMsg HTTP/1.1" 200 27
124.77.245.69 - - [24/Jun/2023:09:36:33 +0800] "GET /xingrg/check_reg.html?_=1687570614707 HTTP/1.1" 200 22
124.77.245.69 - - [24/Jun/2023:09:36:34 +0800] "GET /xingrg/all/function/internal_message.html?_=1687570615515&CODE_STATE=getMsg HTTP/1.1" 200 27
222.69.131.199 - - [24/Jun/2023:09:36:34 +0800] "GET /xingrg/all/function/internal_message.html?_=1687570593252&CODE_STATE=getMsg HTTP/1.1" 200 27
222.67.234.146 - - [24/Jun/2023:09:36:34 +0800] "GET /xingrg/kc/buy/cgsh_order_operate.html?command=get_materiel&rest_code=00141&code=00101006111&supplier_code=00100012&order_time=2023-06-24 HTTP/1.1" 200 409
222.69.132.13 - - [24/Jun/2023:09:36:35 +0800] "GET /xingrg/all/function/internal_message.html?_=1687570705483&CODE_STATE=getMsg HTTP/1.1" 200 27
101.83.145.52 - - [24/Jun/2023:09:36:38 +0800] "GET /xingrg/all/function/internal_message.html?_=1687570420811&CODE_STATE=getMsg HTTP/1.1" 200 27
116.232.195.127 - - [24/Jun/2023:09:36:44 +0800] "GET /xingrg/all/function/internal_message.html?_=1687570597255&CODE_STATE=getMsg HTTP/1.1" 200 27
180.162.231.188 - - [24/Jun/2023:09:36:46 +0800] "GET /xingrg/kc/buy/cgsh_order_info.html?code=212023062408697 HTTP/1.1" 200 66568
180.162.231.188 - - [24/Jun/2023:09:36:46 +0800] "GET /xingrg/javascript/easyui/themes/default/validatebox.css HTTP/1.1" 404 1104
124.79.241.217 - - [24/Jun/2023:09:36:48 +0800] "GET /xingrg/all/function/internal_message.html?_=1687570890904&CODE_STATE=getMsg HTTP/1.1" 200 27
222.67.234.146 - - [24/Jun/2023:09:36:52 +0800] "POST /xingrg/kc/buy/cgsh_order_operate.html HTTP/1.1" 200 37
180.162.231.188 - - [24/Jun/2023:09:36:52 +0800] "POST /xingrg/kc/buy/cgsh_order_operate.html HTTP/1.1" 200 1784
180.169.147.146 - - [24/Jun/2023:09:36:52 +0800] "GET /xingrg/all/function/internal_message.html?_=1687570615356&CODE_STATE=getMsg HTTP/1.1" 200 27
222.70.180.90 - - [24/Jun/2023:09:36:54 +0800] "GET /xingrg/all/function/internal_message.html?_=1687570611127&CODE_STATE=getMsg HTTP/1.1" 200 27
180.162.231.188 - - [24/Jun/2023:09:36:59 +0800] "GET /xingrg/kc/print/load_config.html?kc_code=cgsh HTTP/1.1" 200 1924
180.163.29.79 - - [24/Jun/2023:09:37:00 +0800] "GET /xingrg/all/function/internal_message.html?_=1687570556142&CODE_STATE=getMsg HTTP/1.1" 302 -
180.163.29.79 - - [24/Jun/2023:09:37:00 +0800] "GET /xingrg/login.html HTTP/1.1" 200 7641
61.170.233.201 - - [24/Jun/2023:09:37:00 +0800] "GET /xingrg/all/function/internal_message.html?_=1687570616114&CODE_STATE=getMsg HTTP/1.1" 200 27
180.162.231.188 - - [24/Jun/2023:09:37:00 +0800] "GET /xingrg/kc/print/load_data.html?order_code=212023062408697&kc_code=cgsh&condition= HTTP/1.1" 200 1104
222.67.234.146 - - [24/Jun/2023:09:37:01 +0800] "POST /xingrg/kc/buy/cgsh_order_operate.html HTTP/1.1" 200 12
116.238.191.126 - - [24/Jun/2023:09:37:04 +0800] "POST /xingrg/kc/buy/cgsh_order_operate.html HTTP/1.1" 200 37
222.67.234.146 - - [24/Jun/2023:09:37:06 +0800] "GET /xingrg/all/function/internal_message.html?_=1687570116364&CODE_STATE=getMsg HTTP/1.1" 200 27
222.67.234.146 - - [24/Jun/2023:09:37:06 +0800] "GET /xingrg/kc/buy/cgsh_order_info.html?code=212023062408698 HTTP/1.1" 200 66545
222.67.234.146 - - [24/Jun/2023:09:37:07 +0800] "GET /xingrg/javascript/easyui/themes/default/validatebox.css HTTP/1.1" 404 1104
222.67.234.146 - - [24/Jun/2023:09:37:08 +0800] "POST /xingrg/kc/buy/cgsh_order_operate.html HTTP/1.1" 200 3569
222.69.131.199 - - [24/Jun/2023:09:37:10 +0800] "GET /xingrg/kc/buy/cgsh_order_operate.html?command=get_materiel&rest_code=00149&code=00101010092&supplier_code=00100096&order_time=2023-06-24 HTTP/1.1" 200 451
222.67.234.146 - - [24/Jun/2023:09:37:11 +0800] "GET /xingrg/kc/print/load_data.html?order_code=212023062408698&kc_code=cgsh&condition= HTTP/1.1" 200 1927
116.238.191.126 - - [24/Jun/2023:09:37:14 +0800] "POST /xingrg/kc/buy/cgsh_order_operate.html HTTP/1.1" 200 12
116.238.191.126 - - [24/Jun/2023:09:37:16 +0800] "GET /xingrg/all/function/internal_message.html?_=1687570560667&CODE_STATE=getMsg HTTP/1.1" 200 27
58.40.7.146 - - [24/Jun/2023:09:37:16 +0800] "GET /xingrg/all/function/internal_message.html?_=1687570636756&CODE_STATE=getMsg HTTP/1.1" 200 27
180.162.231.188 - - [24/Jun/2023:09:37:18 +0800] "GET /xingrg/kc/buy/cgsh_order_add.html HTTP/1.1" 200 71671
180.162.231.188 - - [24/Jun/2023:09:37:18 +0800] "POST /xingrg/kc/buy/cgsh_order_operate.html HTTP/1.1" 200 8245
180.162.231.188 - - [24/Jun/2023:09:37:18 +0800] "GET /xingrg/javascript/easyui/themes/default/validatebox.css HTTP/1.1" 404 1104
222.67.234.146 - - [24/Jun/2023:09:37:18 +0800] "GET /xingrg/kc/buy/cgsh_order_add.html HTTP/1.1" 200 71636
116.238.191.126 - - [24/Jun/2023:09:37:18 +0800] "GET /xingrg/kc/buy/cgsh_order_info.html?code=212023062408699 HTTP/1.1" 200 66603
116.238.191.126 - - [24/Jun/2023:09:37:19 +0800] "GET /xingrg/javascript/easyui/themes/default/validatebox.css HTTP/1.1" 404 1104
222.67.234.146 - - [24/Jun/2023:09:37:19 +0800] "GET /xingrg/javascript/easyui/themes/default/validatebox.css HTTP/1.1" 404 1104
222.67.234.146 - - [24/Jun/2023:09:37:19 +0800] "POST /xingrg/kc/buy/cgsh_order_operate.html HTTP/1.1" 200 8245
114.85.113.108 - - [24/Jun/2023:09:37:19 +0800] "GET /xingrg/all/function/internal_message.html?_=1687570637553&CODE_STATE=getMsg HTTP/1.1" 200 27
222.70.180.90 - - [24/Jun/2023:09:37:20 +0800] "GET /xingrg/all/function/internal_message.html?_=1687570636815&CODE_STATE=getMsg HTTP/1.1" 200 27
222.70.180.90 - - [24/Jun/2023:09:37:20 +0800] "GET /xingrg/check_reg.html?_=1687570636818 HTTP/1.1" 200 22
116.238.191.126 - - [24/Jun/2023:09:37:20 +0800] "POST /xingrg/kc/buy/cgsh_order_operate.html HTTP/1.1" 200 612
116.238.191.126 - - [24/Jun/2023:09:37:22 +0800] "GET /xingrg/kc/print/load_data.html?order_code=212023062408699&kc_code=cgsh&condition= HTTP/1.1" 200 728
172.20.0.100 - - [24/Jun/2023:09:37:22 +0800] "GET /xingrg/all/function/internal_message.html?_=1687570642252&CODE_STATE=getMsg HTTP/1.1" 200 27
222.69.131.199 - - [24/Jun/2023:09:37:25 +0800] "GET /xingrg/kc/buy/cgsh_order_operate.html?command=get_materiel&rest_code=00149&code=00101016030&supplier_code=00100096&order_time=2023-06-24 HTTP/1.1" 200 412
180.162.231.188 - - [24/Jun/2023:09:37:30 +0800] "GET /xingrg/all/function/internal_message.html?_=1687570650637&CODE_STATE=getMsg HTTP/1.1" 200 27
101.83.145.52 - - [24/Jun/2023:09:37:32 +0800] "GET /xingrg/all/function/internal_message.html?_=1687570654873&CODE_STATE=getMsg HTTP/1.1" 200 27
101.83.145.52 - - [24/Jun/2023:09:37:32 +0800] "GET /xingrg/check_reg.html?_=1687570654877 HTTP/1.1" 200 22
124.77.245.69 - - [24/Jun/2023:09:37:34 +0800] "GET /xingrg/all/function/internal_message.html?_=1687570675529&CODE_STATE=getMsg HTTP/1.1" 200 27
222.69.131.199 - - [24/Jun/2023:09:37:34 +0800] "GET /xingrg/all/function/internal_message.html?_=1687570653232&CODE_STATE=getMsg HTTP/1.1" 200 27
222.69.132.13 - - [24/Jun/2023:09:37:35 +0800] "GET /xingrg/all/function/internal_message.html?_=1687570765489&CODE_STATE=getMsg HTTP/1.1" 200 27
222.67.234.146 - - [24/Jun/2023:09:37:37 +0800] "GET /xingrg/kc/buy/cgsh_order_operate.html?command=get_materiel&rest_code=00141&code=00101008185&supplier_code=00100007&order_time=2023-06-24 HTTP/1.1" 200 408
101.83.145.52 - - [24/Jun/2023:09:37:38 +0800] "GET /xingrg/all/function/internal_message.html?_=1687570480794&CODE_STATE=getMsg HTTP/1.1" 200 27
222.69.131.199 - - [24/Jun/2023:09:37:41 +0800] "GET /xingrg/kc/buy/cgsh_order_operate.html?command=get_materiel&rest_code=00149&code=00101016038&supplier_code=00100096&order_time=2023-06-24 HTTP/1.1" 200 408
116.232.195.127 - - [24/Jun/2023:09:37:44 +0800] "GET /xingrg/all/function/internal_message.html?_=1687570657248&CODE_STATE=getMsg HTTP/1.1" 200 27
124.79.241.217 - - [24/Jun/2023:09:37:47 +0800] "GET /xingrg/check_reg.html?_=1687570950711 HTTP/1.1" 200 22
124.79.241.217 - - [24/Jun/2023:09:37:48 +0800] "GET /xingrg/all/function/internal_message.html?_=1687570950873&CODE_STATE=getMsg HTTP/1.1" 200 27
222.67.234.146 - - [24/Jun/2023:09:37:51 +0800] "GET /xingrg/kc/buy/cgsh_order_operate.html?command=get_materiel&rest_code=00141&code=00101008095&supplier_code=00100007&order_time=2023-06-24 HTTP/1.1" 200 412
180.169.147.146 - - [24/Jun/2023:09:37:52 +0800] "GET /xingrg/all/function/internal_message.html?_=1687570675342&CODE_STATE=getMsg HTTP/1.1" 200 27
222.70.180.90 - - [24/Jun/2023:09:37:54 +0800] "GET /xingrg/all/function/internal_message.html?_=1687570671095&CODE_STATE=getMsg HTTP/1.1" 200 27
222.70.180.90 - - [24/Jun/2023:09:37:55 +0800] "GET /xingrg/check_reg.html?_=1687570671782 HTTP/1.1" 200 22
222.67.234.146 - - [24/Jun/2023:09:37:58 +0800] "GET /xingrg/kc/buy/cgsh_order_operate.html?command=get_materiel&rest_code=00141&code=00101015060&supplier_code=00100007&order_time=2023-06-24 HTTP/1.1" 200 413
180.163.28.180 - - [24/Jun/2023:09:38:00 +0800] "GET /xingrg/all/function/internal_message.html?_=1687570616114&CODE_STATE=getMsg HTTP/1.1" 302 -
180.163.28.180 - - [24/Jun/2023:09:38:00 +0800] "GET /xingrg/login.html HTTP/1.1" 200 7641
61.170.233.201 - - [24/Jun/2023:09:38:00 +0800] "GET /xingrg/all/function/internal_message.html?_=1687570676091&CODE_STATE=getMsg HTTP/1.1" 200 27
61.170.233.201 - - [24/Jun/2023:09:38:00 +0800] "GET /xingrg/check_reg.html?_=1687570676270 HTTP/1.1" 200 22
222.67.234.146 - - [24/Jun/2023:09:38:06 +0800] "GET /xingrg/all/function/internal_message.html?_=1687570176358&CODE_STATE=getMsg HTTP/1.1" 200 27
222.67.234.146 - - [24/Jun/2023:09:38:08 +0800] "GET /xingrg/kc/buy/cgsh_order_operate.html?command=get_materiel&rest_code=00141&code=00101008740&supplier_code=00100007&order_time=2023-06-24 HTTP/1.1" 200 399
222.69.131.199 - - [24/Jun/2023:09:38:09 +0800] "GET /xingrg/kc/buy/cgsh_order_operate.html?command=get_materiel&rest_code=00149&code=00101007061&supplier_code=00100096&order_time=2023-06-24 HTTP/1.1" 200 409
180.169.147.146 - - [24/Jun/2023:09:38:09 +0800] "GET /xingrg/check_reg.html?_=1687570692643 HTTP/1.1" 200 22
116.238.191.126 - - [24/Jun/2023:09:38:11 +0800] "GET /xingrg/kc/mdqp/pssh_order_list.html HTTP/1.1" 200 17886
116.238.191.126 - - [24/Jun/2023:09:38:11 +0800] "POST /xingrg/kc/mdqp/pssh_list_operate.html HTTP/1.1" 200 5489
180.162.231.188 - - [24/Jun/2023:09:38:11 +0800] "GET /xingrg/javascript/easyui/plugins/jquery.draggable.js HTTP/1.1" 200 6121
180.162.231.188 - - [24/Jun/2023:09:38:12 +0800] "GET /xingrg/javascript/easyui/plugins/jquery.droppable.js HTTP/1.1" 200 1167
180.162.231.188 - - [24/Jun/2023:09:38:12 +0800] "GET /xingrg/javascript/easyui/themes/default/tree.css HTTP/1.1" 404 1090
180.162.231.188 - - [24/Jun/2023:09:38:12 +0800] "GET /xingrg/javascript/easyui/plugins/jquery.tree.js HTTP/1.1" 200 20874
180.162.231.188 - - [24/Jun/2023:09:38:13 +0800] "POST /xingrg/all/common/load_tree.html?tree=supplier_tree_json&isDelete=1 HTTP/1.1" 200 74560
116.238.191.126 - - [24/Jun/2023:09:38:13 +0800] "POST /xingrg/kc/mdqp/pssh_list_operate.html HTTP/1.1" 200 263
180.162.231.188 - - [24/Jun/2023:09:38:14 +0800] "GET /xingrg/javascript/easyui/themes/default/images/tree_folder_open.gif HTTP/1.1" 200 956
180.162.231.188 - - [24/Jun/2023:09:38:14 +0800] "GET /xingrg/javascript/easyui/themes/default/images/tree_file.gif HTTP/1.1" 200 118
180.162.231.188 - - [24/Jun/2023:09:38:14 +0800] "GET /xingrg/javascript/easyui/themes/default/images/tree_folder.gif HTTP/1.1" 200 952
180.162.231.188 - - [24/Jun/2023:09:38:14 +0800] "GET /xingrg/javascript/easyui/themes/default/images/tree_arrows.gif HTTP/1.1" 200 617
116.238.191.126 - - [24/Jun/2023:09:38:16 +0800] "GET /xingrg/kc/mdqp/pssh_order_info.html?code=312023062300469 HTTP/1.1" 200 17272
116.238.191.126 - - [24/Jun/2023:09:38:16 +0800] "GET /xingrg/javascript/jquery_tools/jquery-1.4.2.min.js HTTP/1.1" 404 1094
116.238.191.126 - - [24/Jun/2023:09:38:16 +0800] "GET /xingrg/javascript/easyui/themes/icons/back_new.png HTTP/1.1" 304 -
116.238.191.126 - - [24/Jun/2023:09:38:16 +0800] "GET /xingrg/all/function/internal_message.html?_=1687570620916&CODE_STATE=getMsg HTTP/1.1" 200 27
116.238.191.126 - - [24/Jun/2023:09:38:16 +0800] "GET /xingrg/javascript/easyui/themes/default/validatebox.css HTTP/1.1" 404 1104
116.238.191.126 - - [24/Jun/2023:09:38:16 +0800] "GET /xingrg/all/common/auto_word.html?type=base&rest_code=00150&rest_code=00150 HTTP/1.1" 200 1853
116.238.191.126 - - [24/Jun/2023:09:38:16 +0800] "POST /xingrg/kc/mdqp/pssh_order_operate.html HTTP/1.1" 200 547
58.40.7.146 - - [24/Jun/2023:09:38:16 +0800] "GET /xingrg/all/function/internal_message.html?_=1687570696758&CODE_STATE=getMsg HTTP/1.1" 200 27
116.238.191.126 - - [24/Jun/2023:09:38:18 +0800] "GET /xingrg/css/images/panel_loading.gif HTTP/1.1" 304 -
116.238.191.126 - - [24/Jun/2023:09:38:18 +0800] "POST /xingrg/all/common/load_combo.html?type=base&rest_code=00150 HTTP/1.1" 200 3318
222.67.234.146 - - [24/Jun/2023:09:38:18 +0800] "GET /xingrg/kc/buy/cgsh_order_operate.html?command=get_materiel&rest_code=00141&code=00101008131&supplier_code=00100007&order_time=2023-06-24 HTTP/1.1" 200 409
114.85.113.108 - - [24/Jun/2023:09:38:19 +0800] "GET /xingrg/all/function/internal_message.html?_=1687570697527&CODE_STATE=getMsg HTTP/1.1" 200 27
222.70.180.90 - - [24/Jun/2023:09:38:20 +0800] "GET /xingrg/all/function/internal_message.html?_=1687570696805&CODE_STATE=getMsg HTTP/1.1" 200 27
172.20.0.100 - - [24/Jun/2023:09:38:22 +0800] "GET /xingrg/all/function/internal_message.html?_=1687570702252&CODE_STATE=getMsg HTTP/1.1" 200 27
222.69.131.199 - - [24/Jun/2023:09:38:24 +0800] "GET /xingrg/kc/buy/cgsh_order_operate.html?command=get_materiel&rest_code=00149&code=00101007083&supplier_code=00100096&order_time=2023-06-24 HTTP/1.1" 200 423
116.238.191.126 - - [24/Jun/2023:09:38:26 +0800] "POST /xingrg/all/common/load_combo.html?type=employee HTTP/1.1" 200 280
180.162.231.188 - - [24/Jun/2023:09:38:26 +0800] "GET /xingrg/kc/buy/cgsh_order_operate.html?command=get_materiel&rest_code=00102&code=00101031001&supplier_code=00100064&order_time=2023-06-24 HTTP/1.1" 200 419
222.67.234.146 - - [24/Jun/2023:09:38:27 +0800] "GET /xingrg/kc/buy/cgsh_order_operate.html?command=get_materiel&rest_code=00141&code=00101008005&supplier_code=00100007&order_time=2023-06-24 HTTP/1.1" 200 412
180.162.231.188 - - [24/Jun/2023:09:38:30 +0800] "GET /xingrg/check_reg.html?_=1687570710617 HTTP/1.1" 200 22
180.162.231.188 - - [24/Jun/2023:09:38:30 +0800] "GET /xingrg/all/function/internal_message.html?_=1687570710621&CODE_STATE=getMsg HTTP/1.1" 200 27
116.238.191.126 - - [24/Jun/2023:09:38:30 +0800] "POST /xingrg/kc/mdqp/pssh_order_operate.html HTTP/1.1" 200 37
101.83.145.52 - - [24/Jun/2023:09:38:32 +0800] "GET /xingrg/all/function/internal_message.html?_=1687570714877&CODE_STATE=getMsg HTTP/1.1" 200 27
124.77.245.69 - - [24/Jun/2023:09:38:34 +0800] "GET /xingrg/all/function/internal_message.html?_=1687570735542&CODE_STATE=getMsg HTTP/1.1" 200 27
222.69.131.199 - - [24/Jun/2023:09:38:34 +0800] "GET /xingrg/all/function/internal_message.html?_=1687570713205&CODE_STATE=getMsg HTTP/1.1" 200 27
222.67.234.146 - - [24/Jun/2023:09:38:35 +0800] "GET /xingrg/kc/buy/cgsh_order_operate.html?command=get_materiel&rest_code=00141&code=00101008144&supplier_code=00100007&order_time=2023-06-24 HTTP/1.1" 200 412
222.69.132.13 - - [24/Jun/2023:09:38:35 +0800] "GET /xingrg/all/function/internal_message.html?_=1687570825485&CODE_STATE=getMsg HTTP/1.1" 200 27
116.238.191.126 - - [24/Jun/2023:09:38:35 +0800] "POST /xingrg/kc/mdqp/pssh_order_operate.html HTTP/1.1" 200 12
222.69.131.199 - - [24/Jun/2023:09:38:36 +0800] "GET /xingrg/kc/buy/cgsh_order_operate.html?command=get_materiel&rest_code=00149&code=00101007023&supplier_code=00100096&order_time=2023-06-24 HTTP/1.1" 200 411
116.238.191.126 - - [24/Jun/2023:09:38:37 +0800] "GET /xingrg/kc/mdqp/pssh_order_info.html?code=312023062300469 HTTP/1.1" 200 14396
116.238.191.126 - - [24/Jun/2023:09:38:37 +0800] "GET /xingrg/javascript/jquery_tools/jquery-1.4.2.min.js HTTP/1.1" 404 1094
116.238.191.126 - - [24/Jun/2023:09:38:37 +0800] "GET /xingrg/javascript/easyui/themes/icons/uncheck_new.png HTTP/1.1" 304 -
116.238.191.126 - - [24/Jun/2023:09:38:37 +0800] "GET /xingrg/javascript/easyui/themes/default/validatebox.css HTTP/1.1" 404 1104
116.238.191.126 - - [24/Jun/2023:09:38:38 +0800] "POST /xingrg/kc/mdqp/pssh_order_operate.html HTTP/1.1" 200 547
101.83.145.52 - - [24/Jun/2023:09:38:38 +0800] "GET /xingrg/all/function/internal_message.html?_=1687570540783&CODE_STATE=getMsg HTTP/1.1" 200 27
101.83.145.52 - - [24/Jun/2023:09:38:38 +0800] "GET /xingrg/check_reg.html?_=1687570540973 HTTP/1.1" 200 22
116.238.191.126 - - [24/Jun/2023:09:38:42 +0800] "GET /xingrg/kc/print/load_config.html?kc_code=pssh HTTP/1.1" 200 2368
116.238.191.126 - - [24/Jun/2023:09:38:43 +0800] "GET /xingrg/kc/print/load_data.html?order_code=312023062300469&kc_code=pssh&condition= HTTP/1.1" 200 692
116.232.195.127 - - [24/Jun/2023:09:38:44 +0800] "GET /xingrg/all/function/internal_message.html?_=1687570717258&CODE_STATE=getMsg HTTP/1.1" 200 27
124.79.241.217 - - [24/Jun/2023:09:38:48 +0800] "GET /xingrg/all/function/internal_message.html?_=1687571010867&CODE_STATE=getMsg HTTP/1.1" 200 27
222.67.234.146 - - [24/Jun/2023:09:38:48 +0800] "GET /xingrg/kc/buy/cgsh_order_operate.html?command=get_materiel&rest_code=00141&code=00101008283&supplier_code=00100007&order_time=2023-06-24 HTTP/1.1" 200 408
222.69.131.199 - - [24/Jun/2023:09:38:49 +0800] "GET /xingrg/kc/buy/cgsh_order_operate.html?command=get_materiel&rest_code=00149&code=00101007049&supplier_code=00100096&order_time=2023-06-24 HTTP/1.1" 200 428
180.169.147.146 - - [24/Jun/2023:09:38:52 +0800] "GET /xingrg/all/function/internal_message.html?_=1687570735326&CODE_STATE=getMsg HTTP/1.1" 200 27
114.85.113.108 - - [24/Jun/2023:09:38:54 +0800] "GET /xingrg/check_reg.html?_=1687570732208 HTTP/1.1" 200 22
222.70.180.90 - - [24/Jun/2023:09:38:54 +0800] "GET /xingrg/all/function/internal_message.html?_=1687570731080&CODE_STATE=getMsg HTTP/1.1" 200 27
116.238.191.126 - - [24/Jun/2023:09:38:58 +0800] "POST /xingrg/all/user/operate.html HTTP/1.1" 200 36
116.238.191.126 - - [24/Jun/2023:09:38:58 +0800] "GET /xingrg/index.html?sysBaseUrl=http%3A%2F%2F180.169.147.146%3A18081%2Fxingrg%2F&costTime=1491×tamp=1687566924427 HTTP/1.1" 200 17177
116.238.191.126 - - [24/Jun/2023:09:38:58 +0800] "GET /xingrg/javascript/jquery_easy_ui/themes/default/easyui.css HTTP/1.1" 304 -
116.238.191.126 - - [24/Jun/2023:09:38:58 +0800] "GET /xingrg/javascript/jquery_easy_ui/themes/icon.css HTTP/1.1" 304 -
116.238.191.126 - - [24/Jun/2023:09:38:58 +0800] "GET /xingrg/css/form.css HTTP/1.1" 304 -
116.238.191.126 - - [24/Jun/2023:09:38:58 +0800] "GET /xingrg/javascript/jquery-1.4.2.min.js HTTP/1.1" 304 -
116.238.191.126 - - [24/Jun/2023:09:38:59 +0800] "GET /xingrg/javascript/jquery_easy_ui/jquery.easyui.min.js HTTP/1.1" 304 -
116.238.191.126 - - [24/Jun/2023:09:38:59 +0800] "GET /xingrg/javascript/jquery_easy_ui/easyui-lang-zh_CN.js HTTP/1.1" 304 -
116.238.191.126 - - [24/Jun/2023:09:38:59 +0800] "GET /xingrg/javascript/jquery.form.js HTTP/1.1" 304 -
116.238.191.126 - - [24/Jun/2023:09:38:59 +0800] "GET /xingrg/javascript/jquery.utils.js HTTP/1.1" 304 -
116.238.191.126 - - [24/Jun/2023:09:38:59 +0800] "GET /xingrg/javascript/jquery.timers.js HTTP/1.1" 304 -
116.238.191.126 - - [24/Jun/2023:09:38:59 +0800] "GET /xingrg/images/blue/navBackgound.jpg HTTP/1.1" 304 -
116.238.191.126 - - [24/Jun/2023:09:38:59 +0800] "GET /xingrg/images/blue/jxLogo.png HTTP/1.1" 304 -
116.238.191.126 - - [24/Jun/2023:09:38:59 +0800] "GET /xingrg/javascript/jquery_easy_ui/themes/icons/settle_new.png HTTP/1.1" 304 -
116.238.191.126 - - [24/Jun/2023:09:38:59 +0800] "GET /xingrg/images/blue/pingpu.png HTTP/1.1" 304 -
116.238.191.126 - - [24/Jun/2023:09:38:59 +0800] "GET /xingrg/javascript/jquery_easy_ui/themes/default/images/tabs_leftarrow.png HTTP/1.1" 304 -
116.238.191.126 - - [24/Jun/2023:09:38:59 +0800] "GET /xingrg/javascript/jquery_easy_ui/themes/default/images/panel_tool_collapse.gif HTTP/1.1" 304 -
116.238.191.126 - - [24/Jun/2023:09:38:59 +0800] "GET /xingrg/javascript/jquery_easy_ui/themes/default/images/tabs_rightarrow.png HTTP/1.1" 304 -
116.238.191.126 - - [24/Jun/2023:09:38:59 +0800] "GET /xingrg/check_reg.html?_=1687570663571 HTTP/1.1" 200 22
116.238.191.126 - - [24/Jun/2023:09:38:59 +0800] "GET /xingrg/all/function/internal_message.html?_=1687570663570&CODE_STATE=count HTTP/1.1" 200 11
222.67.234.146 - - [24/Jun/2023:09:38:59 +0800] "GET /xingrg/kc/buy/cgsh_order_operate.html?command=get_materiel&rest_code=00141&code=00101008331&supplier_code=00100007&order_time=2023-06-24 HTTP/1.1" 200 416
116.238.191.126 - - [24/Jun/2023:09:38:59 +0800] "POST /xingrg/all/common/load_tree.html?tree=area_rest_tree_json&manage=1 HTTP/1.1" 200 476
116.238.191.126 - - [24/Jun/2023:09:38:59 +0800] "POST /xingrg/load_menu.html HTTP/1.1" 200 5138
61.170.233.201 - - [24/Jun/2023:09:39:00 +0800] "GET /xingrg/all/function/internal_message.html?_=1687570736069&CODE_STATE=getMsg HTTP/1.1" 200 27
222.69.131.199 - - [24/Jun/2023:09:39:03 +0800] "GET /xingrg/kc/buy/cgsh_order_operate.html?command=get_materiel&rest_code=00149&code=00101007038&supplier_code=00100096&order_time=2023-06-24 HTTP/1.1" 200 421
222.67.234.146 - - [24/Jun/2023:09:39:05 +0800] "GET /xingrg/check_reg.html?_=1687570236059 HTTP/1.1" 200 22
222.67.234.146 - - [24/Jun/2023:09:39:05 +0800] "GET /xingrg/all/function/internal_message.html?_=1687570236330&CODE_STATE=getMsg HTTP/1.1" 200 27
222.67.234.146 - - [24/Jun/2023:09:39:10 +0800] "GET /xingrg/kc/buy/cgsh_order_operate.html?command=get_materiel&rest_code=00141&code=00101008350&supplier_code=00100007&order_time=2023-06-24 HTTP/1.1" 200 408
116.238.191.126 - - [24/Jun/2023:09:39:15 +0800] "GET /xingrg/kc/buy/cgsh_order_list.html HTTP/1.1" 200 55858
58.40.7.146 - - [24/Jun/2023:09:39:16 +0800] "GET /xingrg/check_reg.html?_=1687570756748 HTTP/1.1" 200 22
58.40.7.146 - - [24/Jun/2023:09:39:16 +0800] "GET /xingrg/all/function/internal_message.html?_=1687570756748&CODE_STATE=getMsg HTTP/1.1" 200 27
116.238.191.126 - - [24/Jun/2023:09:39:18 +0800] "POST /xingrg/kc/buy/cgsh_list_operate.html HTTP/1.1" 200 986
222.67.234.146 - - [24/Jun/2023:09:39:19 +0800] "GET /xingrg/kc/buy/cgsh_order_operate.html?command=get_materiel&rest_code=00141&code=00101008224&supplier_code=00100007&order_time=2023-06-24 HTTP/1.1" 200 416
114.85.113.108 - - [24/Jun/2023:09:39:19 +0800] "GET /xingrg/all/function/internal_message.html?_=1687570757499&CODE_STATE=getMsg HTTP/1.1" 200 27
116.238.191.126 - - [24/Jun/2023:09:39:19 +0800] "GET /xingrg/kc/buy/cgsh_order_add.html HTTP/1.1" 200 71246
116.238.191.126 - - [24/Jun/2023:09:39:20 +0800] "POST /xingrg/kc/buy/cgsh_order_operate.html HTTP/1.1" 200 8245
116.238.191.126 - - [24/Jun/2023:09:39:20 +0800] "GET /xingrg/javascript/easyui/themes/default/validatebox.css HTTP/1.1" 404 1104
222.70.180.90 - - [24/Jun/2023:09:39:20 +0800] "GET /xingrg/all/function/internal_message.html?_=1687570756804&CODE_STATE=getMsg HTTP/1.1" 200 27
116.238.191.126 - - [24/Jun/2023:09:39:21 +0800] "GET /xingrg/javascript/auto/indicator.gif HTTP/1.1" 404 1066
172.20.0.100 - - [24/Jun/2023:09:39:22 +0800] "GET /xingrg/all/function/internal_message.html?_=1687570762252&CODE_STATE=getMsg HTTP/1.1" 200 27
222.67.234.146 - - [24/Jun/2023:09:39:27 +0800] "GET /xingrg/kc/buy/cgsh_order_operate.html?command=get_materiel&rest_code=00141&code=00101008223&supplier_code=00100007&order_time=2023-06-24 HTTP/1.1" 200 412
180.162.231.188 - - [24/Jun/2023:09:39:30 +0800] "GET /xingrg/all/function/internal_message.html?_=1687570770612&CODE_STATE=getMsg HTTP/1.1" 200 27
101.83.145.52 - - [24/Jun/2023:09:39:32 +0800] "GET /xingrg/all/function/internal_message.html?_=1687570774881&CODE_STATE=getMsg HTTP/1.1" 200 27
124.77.245.69 - - [24/Jun/2023:09:39:34 +0800] "GET /xingrg/all/function/internal_message.html?_=1687570795631&CODE_STATE=getMsg HTTP/1.1" 200 27
116.238.191.126 - - [24/Jun/2023:09:39:34 +0800] "GET /xingrg/kc/buy/cgsh_order_operate.html?command=get_materiel&rest_code=00151&code=00101008323&supplier_code=00100008&order_time=2023-06-24 HTTP/1.1" 200 408
222.69.131.199 - - [24/Jun/2023:09:39:34 +0800] "GET /xingrg/all/function/internal_message.html?_=1687570773200&CODE_STATE=getMsg HTTP/1.1" 200 27
222.69.132.13 - - [24/Jun/2023:09:39:35 +0800] "GET /xingrg/all/function/internal_message.html?_=1687570885491&CODE_STATE=getMsg HTTP/1.1" 200 27
222.69.132.13 - - [24/Jun/2023:09:39:35 +0800] "GET /xingrg/check_reg.html?_=1687570885494 HTTP/1.1" 200 22
101.83.145.52 - - [24/Jun/2023:09:39:38 +0800] "GET /xingrg/all/function/internal_message.html?_=1687570600762&CODE_STATE=getMsg HTTP/1.1" 200 27
222.69.131.199 - - [24/Jun/2023:09:39:38 +0800] "GET /xingrg/kc/buy/cgsh_order_operate.html?command=get_materiel&rest_code=00149&code=00101006240&supplier_code=00100096&order_time=2023-06-24 HTTP/1.1" 200 422
222.67.234.146 - - [24/Jun/2023:09:39:39 +0800] "GET /xingrg/kc/buy/cgsh_order_operate.html?command=get_materiel&rest_code=00141&code=00101008558&supplier_code=00100007&order_time=2023-06-24 HTTP/1.1" 200 409
180.162.231.188 - - [24/Jun/2023:09:39:39 +0800] "GET /xingrg/kc/buy/cgsh_order_operate.html?command=get_materiel&rest_code=00102&code=00101031006&supplier_code=00100064&order_time=2023-06-24 HTTP/1.1" 200 417
116.232.195.127 - - [24/Jun/2023:09:39:44 +0800] "GET /xingrg/all/function/internal_message.html?_=1687570777246&CODE_STATE=getMsg HTTP/1.1" 200 27
116.232.195.127 - - [24/Jun/2023:09:39:44 +0800] "GET /xingrg/check_reg.html?_=1687570777248 HTTP/1.1" 200 22
124.79.241.217 - - [24/Jun/2023:09:39:48 +0800] "GET /xingrg/all/function/internal_message.html?_=1687571070818&CODE_STATE=getMsg HTTP/1.1" 200 27
222.67.234.146 - - [24/Jun/2023:09:39:50 +0800] "GET /xingrg/kc/buy/cgsh_order_operate.html?command=get_materiel&rest_code=00141&code=00101009004&supplier_code=00100007&order_time=2023-06-24 HTTP/1.1" 200 409
180.169.147.146 - - [24/Jun/2023:09:39:52 +0800] "GET /xingrg/all/function/internal_message.html?_=1687570795310&CODE_STATE=getMsg HTTP/1.1" 200 27
222.70.180.90 - - [24/Jun/2023:09:39:54 +0800] "GET /xingrg/all/function/internal_message.html?_=1687570791057&CODE_STATE=getMsg HTTP/1.1" 200 27
116.238.191.126 - - [24/Jun/2023:09:39:59 +0800] "GET /xingrg/all/function/internal_message.html?_=1687570723610&CODE_STATE=getMsg HTTP/1.1" 200 27
222.69.131.199 - - [24/Jun/2023:09:39:59 +0800] "GET /xingrg/kc/buy/cgsh_order_operate.html?command=get_materiel&rest_code=00149&code=00101006112&supplier_code=00100096&order_time=2023-06-24 HTTP/1.1" 200 411
61.170.233.201 - - [24/Jun/2023:09:40:00 +0800] "GET /xingrg/all/function/internal_message.html?_=1687570796040&CODE_STATE=getMsg HTTP/1.1" 200 27
222.67.234.146 - - [24/Jun/2023:09:40:00 +0800] "GET /xingrg/kc/buy/cgsh_order_operate.html?command=get_materiel&rest_code=00141&code=00101009079&supplier_code=00100007&order_time=2023-06-24 HTTP/1.1" 200 409
180.162.231.188 - - [24/Jun/2023:09:40:05 +0800] "POST /xingrg/kc/buy/cgsh_order_operate.html HTTP/1.1" 200 37
222.67.234.146 - - [24/Jun/2023:09:40:05 +0800] "GET /xingrg/all/function/internal_message.html?_=1687570296313&CODE_STATE=getMsg HTTP/1.1" 200 27
116.238.191.126 - - [24/Jun/2023:09:40:08 +0800] "GET /xingrg/kc/buy/cgsh_order_operate.html?command=get_materiel&rest_code=00151&code=00101008631&supplier_code=00100008&order_time=2023-06-24 HTTP/1.1" 200 405
180.162.231.188 - - [24/Jun/2023:09:40:15 +0800] "POST /xingrg/kc/buy/cgsh_order_operate.html HTTP/1.1" 200 12
58.40.7.146 - - [24/Jun/2023:09:40:16 +0800] "GET /xingrg/all/function/internal_message.html?_=1687570816750&CODE_STATE=getMsg HTTP/1.1" 200 27
222.67.234.146 - - [24/Jun/2023:09:40:17 +0800] "GET /xingrg/kc/buy/cgsh_order_operate.html?command=get_materiel&rest_code=00141&code=00101008165&supplier_code=00100007&order_time=2023-06-24 HTTP/1.1" 200 416
116.238.191.126 - - [24/Jun/2023:09:40:19 +0800] "GET /xingrg/kc/buy/cgsh_order_operate.html?command=get_materiel&rest_code=00151&code=00101008137&supplier_code=00100008&order_time=2023-06-24 HTTP/1.1" 200 408
114.85.113.108 - - [24/Jun/2023:09:40:19 +0800] "GET /xingrg/all/function/internal_message.html?_=1687570817469&CODE_STATE=getMsg HTTP/1.1" 200 27
222.70.180.90 - - [24/Jun/2023:09:40:20 +0800] "GET /xingrg/all/function/internal_message.html?_=1687570816805&CODE_STATE=getMsg HTTP/1.1" 200 27
180.162.231.188 - - [24/Jun/2023:09:40:21 +0800] "GET /xingrg/kc/buy/cgsh_order_info.html?code=212023062408700 HTTP/1.1" 200 66578
180.162.231.188 - - [24/Jun/2023:09:40:22 +0800] "GET /xingrg/javascript/easyui/themes/default/validatebox.css HTTP/1.1" 404 1104
