116.232.195.127 - - [22/Jun/2023:10:18:54 +0800] "GET /favicon.ico HTTP/1.1" 404 -
222.70.114.12 - - [22/Jun/2023:10:18:54 +0800] "GET /xingrg/all/function/internal_message.html?_=1687400342042&CODE_STATE=getMsg HTTP/1.1" 200 27
114.85.115.2 - - [22/Jun/2023:10:18:58 +0800] "POST /xingrg/kc/buy/cgsh_order_operate.html HTTP/1.1" 200 12
120.253.135.82 - - [22/Jun/2023:10:18:58 +0800] "POST /xingrg/kc/base/stock_operate.html HTTP/1.1" 200 1483
114.85.115.2 - - [22/Jun/2023:10:19:03 +0800] "GET /xingrg/kc/buy/cgsh_order_info.html?code=212023062207869 HTTP/1.1" 200 66576
222.70.180.90 - - [22/Jun/2023:10:19:03 +0800] "GET /xingrg/all/function/internal_message.html?_=1687400340906&CODE_STATE=getMsg HTTP/1.1" 200 27
114.85.115.2 - - [22/Jun/2023:10:19:03 +0800] "GET /xingrg/words/20230622091157_words.js HTTP/1.1" 304 -
114.85.115.2 - - [22/Jun/2023:10:19:03 +0800] "GET /xingrg/javascript/easyui/themes/default/validatebox.css HTTP/1.1" 404 1104
116.232.195.127 - - [22/Jun/2023:10:19:06 +0800] "POST /xingrg/login.do HTTP/1.1" 302 -
120.253.135.82 - - [22/Jun/2023:10:19:07 +0800] "GET /xingrg/all/function/internal_message.html?_=1687400179851&CODE_STATE=getMsg HTTP/1.1" 200 27
218.81.71.23 - - [22/Jun/2023:10:19:07 +0800] "GET /xingrg/all/function/internal_message.html?_=1687400347124&CODE_STATE=getMsg HTTP/1.1" 200 27
116.232.195.127 - - [22/Jun/2023:10:19:08 +0800] "POST /xingrg/login.do HTTP/1.1" 302 -
116.232.195.127 - - [22/Jun/2023:10:19:09 +0800] "GET /xingrg/index.html?sysBaseUrl=http%3A%2F%2F180.169.147.146%3A18081%2Fxingrg%2F&costTime=3786×tamp=1687400348555 HTTP/1.1" 200 17503
116.232.195.127 - - [22/Jun/2023:10:19:09 +0800] "GET /favicon.ico HTTP/1.1" 404 -
61.170.233.201 - - [22/Jun/2023:10:19:09 +0800] "GET /xingrg/all/function/internal_message.html?_=1687400351021&CODE_STATE=getMsg HTTP/1.1" 200 27
116.232.195.127 - - [22/Jun/2023:10:19:09 +0800] "GET /xingrg/all/function/internal_message.html?_=1687400349685&CODE_STATE=count HTTP/1.1" 200 11
116.232.195.127 - - [22/Jun/2023:10:19:09 +0800] "GET /xingrg/check_reg.html?_=1687400349687 HTTP/1.1" 200 22
101.83.145.52 - - [22/Jun/2023:10:19:10 +0800] "POST /xingrg/kc/base/yddb_list_operate.html HTTP/1.1" 200 1354
116.232.195.127 - - [22/Jun/2023:10:19:10 +0800] "POST /xingrg/all/common/load_tree.html?tree=area_rest_tree_json&manage=1 HTTP/1.1" 200 3499
116.232.195.127 - - [22/Jun/2023:10:19:10 +0800] "POST /xingrg/load_menu.html HTTP/1.1" 200 11443
101.83.145.52 - - [22/Jun/2023:10:19:14 +0800] "POST /xingrg/kc/base/yddb_list_operate.html HTTP/1.1" 200 639
124.79.241.217 - - [22/Jun/2023:10:19:14 +0800] "GET /xingrg/all/function/internal_message.html?_=1687400353088&CODE_STATE=getMsg HTTP/1.1" 302 -
116.232.195.127 - - [22/Jun/2023:10:19:15 +0800] "POST /xingrg/all/user/operate.html HTTP/1.1" 200 36
116.232.195.127 - - [22/Jun/2023:10:19:15 +0800] "GET /xingrg/index.html?sysBaseUrl=http%3A%2F%2F180.169.147.146%3A18081%2Fxingrg%2F&costTime=3786×tamp=1687400348555 HTTP/1.1" 200 17509
116.232.195.127 - - [22/Jun/2023:10:19:15 +0800] "GET /xingrg/javascript/jquery_easy_ui/themes/default/easyui.css HTTP/1.1" 304 -
116.232.195.127 - - [22/Jun/2023:10:19:15 +0800] "GET /xingrg/javascript/jquery_easy_ui/themes/icon.css HTTP/1.1" 304 -
116.232.195.127 - - [22/Jun/2023:10:19:15 +0800] "GET /xingrg/css/form.css HTTP/1.1" 304 -
116.232.195.127 - - [22/Jun/2023:10:19:15 +0800] "GET /xingrg/javascript/jquery-1.4.2.min.js HTTP/1.1" 304 -
116.232.195.127 - - [22/Jun/2023:10:19:15 +0800] "GET /xingrg/javascript/jquery_easy_ui/jquery.easyui.min.js HTTP/1.1" 304 -
116.232.195.127 - - [22/Jun/2023:10:19:15 +0800] "GET /xingrg/javascript/jquery_easy_ui/easyui-lang-zh_CN.js HTTP/1.1" 304 -
116.232.195.127 - - [22/Jun/2023:10:19:15 +0800] "GET /xingrg/javascript/jquery.form.js HTTP/1.1" 304 -
116.232.195.127 - - [22/Jun/2023:10:19:15 +0800] "GET /xingrg/javascript/jquery.utils.js HTTP/1.1" 304 -
116.232.195.127 - - [22/Jun/2023:10:19:15 +0800] "GET /xingrg/javascript/jquery.timers.js HTTP/1.1" 304 -
116.232.195.127 - - [22/Jun/2023:10:19:15 +0800] "GET /xingrg/images/blue/jxLogo.png HTTP/1.1" 304 -
116.232.195.127 - - [22/Jun/2023:10:19:15 +0800] "GET /xingrg/images/blue/navBackgound.jpg HTTP/1.1" 304 -
116.232.195.127 - - [22/Jun/2023:10:19:15 +0800] "GET /xingrg/javascript/jquery_easy_ui/themes/icons/settle_new.png HTTP/1.1" 304 -
58.40.7.146 - - [22/Jun/2023:10:19:15 +0800] "GET /xingrg/check_reg.html?_=1687400355813 HTTP/1.1" 200 22
116.232.195.127 - - [22/Jun/2023:10:19:15 +0800] "GET /xingrg/all/function/internal_message.html?_=1687400355861&CODE_STATE=count HTTP/1.1" 200 11
116.232.195.127 - - [22/Jun/2023:10:19:15 +0800] "GET /xingrg/check_reg.html?_=1687400355862 HTTP/1.1" 200 22
116.232.195.127 - - [22/Jun/2023:10:19:15 +0800] "GET /xingrg/javascript/jquery_easy_ui/themes/default/images/tabs_rightarrow.png HTTP/1.1" 304 -
116.232.195.127 - - [22/Jun/2023:10:19:15 +0800] "GET /xingrg/javascript/jquery_easy_ui/themes/default/images/panel_tool_expand.gif HTTP/1.1" 304 -
116.232.195.127 - - [22/Jun/2023:10:19:15 +0800] "GET /xingrg/javascript/jquery_easy_ui/themes/default/images/panel_tool_collapse.gif HTTP/1.1" 304 -
116.232.195.127 - - [22/Jun/2023:10:19:15 +0800] "GET /xingrg/javascript/jquery_easy_ui/themes/default/images/tabs_leftarrow.png HTTP/1.1" 304 -
116.232.195.127 - - [22/Jun/2023:10:19:15 +0800] "GET /xingrg/images/blue/pingpu.png HTTP/1.1" 304 -
58.40.7.146 - - [22/Jun/2023:10:19:15 +0800] "GET /xingrg/all/function/internal_message.html?_=1687400355876&CODE_STATE=getMsg HTTP/1.1" 200 27
222.67.234.146 - - [22/Jun/2023:10:19:16 +0800] "GET /xingrg/all/function/internal_message.html?_=1687399848025&CODE_STATE=getMsg HTTP/1.1" 200 27
101.83.145.52 - - [22/Jun/2023:10:19:16 +0800] "GET /xingrg/kc/base/yddb_order_info.html?code=482023061800136 HTTP/1.1" 200 31963
101.83.145.52 - - [22/Jun/2023:10:19:16 +0800] "GET /xingrg/css/blue.css HTTP/1.1" 200 15949
101.83.145.52 - - [22/Jun/2023:10:19:16 +0800] "GET /xingrg/javascript/pic_change.js HTTP/1.1" 200 4739
101.83.145.52 - - [22/Jun/2023:10:19:16 +0800] "GET /xingrg/dwr/interface/AjaxYddbService.js HTTP/1.1" 200 13201
101.83.145.52 - - [22/Jun/2023:10:19:16 +0800] "GET /xingrg/dwr/interface/AjaxComOrderService.js HTTP/1.1" 200 18264
101.83.145.52 - - [22/Jun/2023:10:19:16 +0800] "GET /xingrg/dwr/util.js HTTP/1.1" 200 35990
101.83.145.52 - - [22/Jun/2023:10:19:16 +0800] "GET /xingrg/dwr/engine.js HTTP/1.1" 200 43631
101.83.145.52 - - [22/Jun/2023:10:19:16 +0800] "GET /xingrg/javascript/Calendar.js HTTP/1.1" 200 31561
101.83.145.52 - - [22/Jun/2023:10:19:16 +0800] "GET /xingrg/javascript/AjaxInfoList.js HTTP/1.1" 200 3774
101.83.145.52 - - [22/Jun/2023:10:19:16 +0800] "GET /xingrg/javascript/myfunction.js HTTP/1.1" 200 24559
101.83.145.52 - - [22/Jun/2023:10:19:16 +0800] "GET /xingrg/javascript/checkform.js HTTP/1.1" 200 18351
101.83.145.52 - - [22/Jun/2023:10:19:16 +0800] "GET /xingrg/javascript/Grid.js HTTP/1.1" 200 58908
101.83.145.52 - - [22/Jun/2023:10:19:16 +0800] "GET /xingrg/javascript/ToolTips.js HTTP/1.1" 200 5615
101.83.145.52 - - [22/Jun/2023:10:19:16 +0800] "GET /xingrg/javascript/jquery_easy_ui/themes/icons/edit_add_new.png HTTP/1.1" 200 2997
101.83.145.52 - - [22/Jun/2023:10:19:16 +0800] "GET /xingrg/javascript/jquery_easy_ui/themes/icons/print.png HTTP/1.1" 200 1057
101.83.145.52 - - [22/Jun/2023:10:19:16 +0800] "GET /xingrg/javascript/jquery_easy_ui/themes/default/images/menu_downarrow.png HTTP/1.1" 200 173
116.232.195.127 - - [22/Jun/2023:10:19:16 +0800] "POST /xingrg/all/common/load_tree.html?tree=area_rest_tree_json&manage=1 HTTP/1.1" 200 3499
101.83.145.52 - - [22/Jun/2023:10:19:16 +0800] "GET /xingrg/javascript/jquery_easy_ui/themes/icons/back_new.png HTTP/1.1" 200 3414
101.83.145.52 - - [22/Jun/2023:10:19:16 +0800] "GET /xingrg/images/blue/wait.gif HTTP/1.1" 200 1100
101.83.145.52 - - [22/Jun/2023:10:19:16 +0800] "GET /xingrg/images/blue/kc_tab_mid.gif HTTP/1.1" 200 44
101.83.145.52 - - [22/Jun/2023:10:19:16 +0800] "GET /xingrg/images/blue/kc_tab_left.gif HTTP/1.1" 200 188
101.83.145.52 - - [22/Jun/2023:10:19:16 +0800] "GET /xingrg/images/blue/kc_tab_right.gif HTTP/1.1" 200 643
116.232.195.127 - - [22/Jun/2023:10:19:16 +0800] "POST /xingrg/load_menu.html HTTP/1.1" 200 9959
114.83.217.23 - - [22/Jun/2023:10:19:16 +0800] "POST /xingrg/kc/buy/cgsh_order_operate.html HTTP/1.1" 200 37
114.85.115.2 - - [22/Jun/2023:10:19:16 +0800] "POST /xingrg/kc/buy/cgsh_order_operate.html HTTP/1.1" 200 5340
101.83.145.52 - - [22/Jun/2023:10:19:17 +0800] "POST /xingrg/dwr/call/plaincall/AjaxYddbService.loadMaterielItems.dwr HTTP/1.1" 200 2548
124.79.73.155 - - [22/Jun/2023:10:19:20 +0800] "POST /xingrg/services/DataTransmitService HTTP/1.1" 200 524
114.85.115.2 - - [22/Jun/2023:10:19:20 +0800] "GET /xingrg/kc/print/load_data.html?order_code=212023062207869&kc_code=cgsh&condition= HTTP/1.1" 200 2511
116.232.195.127 - - [22/Jun/2023:10:19:21 +0800] "GET /xingrg/kc/buy/buy_main.html HTTP/1.1" 200 12412
116.232.195.127 - - [22/Jun/2023:10:19:21 +0800] "GET /xingrg/css/new_ie.css HTTP/1.1" 404 1036
116.232.195.127 - - [22/Jun/2023:10:19:22 +0800] "GET /xingrg/images/yd/bt.gif HTTP/1.1" 404 1040
116.238.191.126 - - [22/Jun/2023:10:19:23 +0800] "GET /xingrg/all/function/internal_message.html?_=1687400290319&CODE_STATE=getMsg HTTP/1.1" 200 27
120.253.135.82 - - [22/Jun/2023:10:19:24 +0800] "GET /xingrg/kc/pszx/mdqp_order_list.html?state=10 HTTP/1.1" 200 10275
120.253.135.82 - - [22/Jun/2023:10:19:24 +0800] "GET /xingrg/dwr/interface/AjaxQqpsService.js HTTP/1.1" 200 16326
120.253.135.82 - - [22/Jun/2023:10:19:24 +0800] "GET /xingrg/dwr/engine.js HTTP/1.1" 200 43631
120.253.135.82 - - [22/Jun/2023:10:19:24 +0800] "GET /xingrg/dwr/util.js HTTP/1.1" 304 -
120.253.135.82 - - [22/Jun/2023:10:19:24 +0800] "GET /xingrg/javascript/Calendar.js HTTP/1.1" 304 -
120.253.135.82 - - [22/Jun/2023:10:19:24 +0800] "GET /xingrg/dwr/interface/AjaxReportQueryService.js HTTP/1.1" 200 13203
120.253.135.82 - - [22/Jun/2023:10:19:24 +0800] "GET /xingrg/javascript/jquery_easy_ui/themes/icons/uncheck_new.png HTTP/1.1" 304 -
120.253.135.82 - - [22/Jun/2023:10:19:24 +0800] "GET /xingrg/javascript/jquery_easy_ui/themes/icons/check_new.png HTTP/1.1" 304 -
101.83.145.52 - - [22/Jun/2023:10:19:24 +0800] "GET /xingrg/kc/base/yddb_order_report.html?fileType=servlets/rtf&code=482023061800136&reportName=ck_order_report&subName=yddb HTTP/1.1" 302 -
101.83.145.52 - - [22/Jun/2023:10:19:24 +0800] "GET /xingrg/servlets/rtf?sysBaseUrl=http%3A%2F%2F180.169.147.146%3A18081%2Fxingrg%2F&costTime=2707×tamp=1687400364974 HTTP/1.1" 200 42262
101.83.145.52 - - [22/Jun/2023:10:19:25 +0800] "GET /favicon.ico HTTP/1.1" 404 -
116.232.195.127 - - [22/Jun/2023:10:19:25 +0800] "GET /xingrg/kc/buy/cgsh_order_list.html HTTP/1.1" 200 8212
116.232.195.127 - - [22/Jun/2023:10:19:26 +0800] "GET /xingrg/kc/buy/cgsh_order_list.html HTTP/1.1" 200 56115
180.169.147.146 - - [22/Jun/2023:10:19:27 +0800] "GET /xingrg/all/function/internal_message.html?_=1687400368992&CODE_STATE=getMsg HTTP/1.1" 200 27
101.83.145.52 - - [22/Jun/2023:10:19:27 +0800] "GET /xingrg/all/function/internal_message.html?_=1687400369118&CODE_STATE=getMsg HTTP/1.1" 200 27
114.85.115.2 - - [22/Jun/2023:10:19:27 +0800] "GET /xingrg/kc/buy/cgsh_order_add.html HTTP/1.1" 200 71671
114.85.115.2 - - [22/Jun/2023:10:19:27 +0800] "POST /xingrg/kc/buy/cgsh_order_operate.html HTTP/1.1" 200 8245
114.85.115.2 - - [22/Jun/2023:10:19:27 +0800] "GET /xingrg/javascript/easyui/themes/default/validatebox.css HTTP/1.1" 404 1104
114.85.115.2 - - [22/Jun/2023:10:19:28 +0800] "GET /xingrg/javascript/easyui/themes/default/tree.css HTTP/1.1" 404 1090
120.253.135.82 - - [22/Jun/2023:10:19:30 +0800] "GET /xingrg/kc/pszx/mdqp_order_list.html?state=10 HTTP/1.1" 200 10275
120.253.135.82 - - [22/Jun/2023:10:19:30 +0800] "GET /xingrg/dwr/interface/AjaxQqpsService.js HTTP/1.1" 200 16326
120.253.135.82 - - [22/Jun/2023:10:19:30 +0800] "GET /xingrg/dwr/interface/AjaxReportQueryService.js HTTP/1.1" 200 13203
120.253.135.82 - - [22/Jun/2023:10:19:30 +0800] "GET /xingrg/dwr/engine.js HTTP/1.1" 200 43631
114.85.115.2 - - [22/Jun/2023:10:19:30 +0800] "POST /xingrg/all/common/load_tree.html?tree=supplier_tree_json&isDelete=1 HTTP/1.1" 200 74560
58.40.7.146 - - [22/Jun/2023:10:19:30 +0800] "GET /favicon.ico HTTP/1.1" 404 -
120.253.135.82 - - [22/Jun/2023:10:19:33 +0800] "GET /xingrg/kc/pszx/mdps_order_list.html?orderType=0 HTTP/1.1" 200 21032
120.253.135.82 - - [22/Jun/2023:10:19:33 +0800] "GET /xingrg/javascript/easyui/themes/icons/uncheck_new.png HTTP/1.1" 304 -
120.253.135.82 - - [22/Jun/2023:10:19:33 +0800] "POST /xingrg/kc/pszx/mdps_list_operate.html HTTP/1.1" 200 5497
180.163.30.85 - - [22/Jun/2023:10:19:35 +0800] "GET /xingrg/all/function/internal_message.html?_=1687400312403&CODE_STATE=getMsg HTTP/1.1" 302 -
61.170.233.201 - - [22/Jun/2023:10:19:35 +0800] "GET /xingrg/all/function/internal_message.html?_=1687400372376&CODE_STATE=getMsg HTTP/1.1" 200 27
180.163.30.85 - - [22/Jun/2023:10:19:35 +0800] "GET /xingrg/login.html HTTP/1.1" 200 7641
120.253.135.82 - - [22/Jun/2023:10:19:35 +0800] "GET /xingrg/kc/pszx/mdps_order_add.html HTTP/1.1" 200 29101
120.253.135.82 - - [22/Jun/2023:10:19:36 +0800] "POST /xingrg/kc/pszx/mdps_order_operate.html HTTP/1.1" 200 7126
120.253.135.82 - - [22/Jun/2023:10:19:36 +0800] "GET /xingrg/javascript/easyui/themes/default/validatebox.css HTTP/1.1" 404 1104
61.170.233.201 - - [22/Jun/2023:10:19:36 +0800] "GET /xingrg/kc/base/wldb_order_list.html HTTP/1.1" 200 19098
61.170.233.201 - - [22/Jun/2023:10:19:37 +0800] "POST /xingrg/kc/base/wldb_list_operate.html HTTP/1.1" 200 928
114.83.217.23 - - [22/Jun/2023:10:19:37 +0800] "POST /xingrg/kc/buy/cgsh_order_operate.html HTTP/1.1" 200 12
101.83.145.52 - - [22/Jun/2023:10:19:39 +0800] "GET /xingrg/all/function/internal_message.html?_=1687400202436&CODE_STATE=getMsg HTTP/1.1" 200 27
116.232.195.127 - - [22/Jun/2023:10:19:40 +0800] "POST /xingrg/kc/buy/cgsh_list_operate.html HTTP/1.1" 200 986
114.85.115.2 - - [22/Jun/2023:10:19:43 +0800] "GET /xingrg/all/function/internal_message.html?_=1687400382932&CODE_STATE=getMsg HTTP/1.1" 200 27
120.253.135.82 - - [22/Jun/2023:10:19:44 +0800] "GET /xingrg/javascript/jquery_tools/images/next.gif HTTP/1.1" 404 1086
120.253.135.82 - - [22/Jun/2023:10:19:44 +0800] "GET /xingrg/javascript/jquery_tools/images/prev.gif HTTP/1.1" 404 1086
116.232.195.127 - - [22/Jun/2023:10:19:44 +0800] "GET /xingrg/all/function/internal_message.html?_=1687400381971&CODE_STATE=getMsg HTTP/1.1" 200 27
116.232.195.127 - - [22/Jun/2023:10:19:44 +0800] "GET /xingrg/javascript/jquery_tools/images/prev.gif HTTP/1.1" 404 1086
116.232.195.127 - - [22/Jun/2023:10:19:44 +0800] "GET /xingrg/javascript/jquery_tools/images/next.gif HTTP/1.1" 404 1086
124.77.240.39 - - [22/Jun/2023:10:19:45 +0800] "GET /xingrg/check_reg.html?_=1687400398736 HTTP/1.1" 200 22
124.77.240.39 - - [22/Jun/2023:10:19:45 +0800] "GET /xingrg/all/function/internal_message.html?_=1687400399220&CODE_STATE=getMsg HTTP/1.1" 200 27
124.79.241.217 - - [22/Jun/2023:10:19:46 +0800] "GET /xingrg/check_reg.html?_=1687400668466 HTTP/1.1" 200 22
124.79.241.217 - - [22/Jun/2023:10:19:46 +0800] "GET /xingrg/all/function/internal_message.html?_=1687400668465&CODE_STATE=getMsg HTTP/1.1" 200 27
120.253.135.82 - - [22/Jun/2023:10:19:46 +0800] "POST /xingrg/all/common/load_combo.html?type=base HTTP/1.1" 200 1169
114.85.115.2 - - [22/Jun/2023:10:19:47 +0800] "GET /xingrg/kc/buy/cgsh_order_operate.html?command=get_materiel&rest_code=00102&code=00101029085&supplier_code=00100406&order_time=2023-06-22 HTTP/1.1" 200 447
114.83.217.23 - - [22/Jun/2023:10:19:48 +0800] "GET /xingrg/all/function/internal_message.html?_=1687400498000&CODE_STATE=getMsg HTTP/1.1" 200 27
114.83.217.23 - - [22/Jun/2023:10:19:50 +0800] "GET /xingrg/kc/buy/cgsh_order_info.html?code=212023062207870 HTTP/1.1" 200 65750
114.83.217.23 - - [22/Jun/2023:10:19:50 +0800] "GET /xingrg/words/20230622091157_words.js HTTP/1.1" 304 -
114.83.217.23 - - [22/Jun/2023:10:19:50 +0800] "GET /xingrg/javascript/easyui/themes/default/validatebox.css HTTP/1.1" 404 1104
101.229.22.40 - - [22/Jun/2023:10:19:51 +0800] "GET /xingrg/all/function/internal_message.html?_=1687400391736&CODE_STATE=getMsg HTTP/1.1" 200 27
114.83.217.23 - - [22/Jun/2023:10:19:52 +0800] "POST /xingrg/kc/buy/cgsh_order_operate.html HTTP/1.1" 200 12995
101.83.241.65 - - [22/Jun/2023:10:19:53 +0800] "GET /xingrg/all/function/internal_message.html?_=1687400392366&CODE_STATE=getMsg HTTP/1.1" 200 27
116.238.191.126 - - [22/Jun/2023:10:19:53 +0800] "GET /xingrg/all/function/internal_message.html?_=1687400393200&CODE_STATE=getMsg HTTP/1.1" 200 27
114.83.217.23 - - [22/Jun/2023:10:19:54 +0800] "GET /xingrg/kc/print/load_config.html?kc_code=cgsh HTTP/1.1" 200 1924
222.70.114.12 - - [22/Jun/2023:10:19:54 +0800] "GET /xingrg/all/function/internal_message.html?_=1687400402041&CODE_STATE=getMsg HTTP/1.1" 200 27
114.83.217.23 - - [22/Jun/2023:10:19:55 +0800] "GET /xingrg/kc/print/load_data.html?order_code=212023062207870&kc_code=cgsh&condition= HTTP/1.1" 200 5354
116.232.195.127 - - [22/Jun/2023:10:19:55 +0800] "POST /xingrg/kc/buy/cgsh_list_operate.html HTTP/1.1" 200 6257
124.77.240.39 - - [22/Jun/2023:10:19:59 +0800] "GET /xingrg/kc/buy/cgsh_order_add.html HTTP/1.1" 200 71636
120.253.135.82 - - [22/Jun/2023:10:19:59 +0800] "GET /xingrg/kc/pszx/mdps_order_operate.html?command=get_materiel&pszx_code=00101&rest_code=00104&base_code=0010250&code=00102034105 HTTP/1.1" 200 430
124.77.240.39 - - [22/Jun/2023:10:20:00 +0800] "POST /xingrg/kc/buy/cgsh_order_operate.html HTTP/1.1" 200 8245
124.77.240.39 - - [22/Jun/2023:10:20:00 +0800] "GET /xingrg/javascript/easyui/themes/default/validatebox.css HTTP/1.1" 404 1104
114.85.115.2 - - [22/Jun/2023:10:20:02 +0800] "POST /xingrg/kc/buy/cgsh_order_operate.html HTTP/1.1" 200 37
222.70.180.90 - - [22/Jun/2023:10:20:03 +0800] "GET /xingrg/all/function/internal_message.html?_=1687400400887&CODE_STATE=getMsg HTTP/1.1" 200 27
120.253.135.82 - - [22/Jun/2023:10:20:07 +0800] "GET /xingrg/all/function/internal_message.html?_=1687400239866&CODE_STATE=getMsg HTTP/1.1" 200 27
218.81.71.23 - - [22/Jun/2023:10:20:07 +0800] "GET /xingrg/all/function/internal_message.html?_=1687400407118&CODE_STATE=getMsg HTTP/1.1" 200 27
61.170.233.201 - - [22/Jun/2023:10:20:09 +0800] "GET /xingrg/all/function/internal_message.html?_=1687400410997&CODE_STATE=getMsg HTTP/1.1" 200 27
114.85.115.2 - - [22/Jun/2023:10:20:10 +0800] "POST /xingrg/kc/buy/cgsh_order_operate.html HTTP/1.1" 200 12
120.253.135.82 - - [22/Jun/2023:10:20:12 +0800] "POST /xingrg/kc/pszx/mdps_order_operate.html HTTP/1.1" 200 37
124.79.241.217 - - [22/Jun/2023:10:20:14 +0800] "GET /xingrg/check_reg.html?_=1687400413094 HTTP/1.1" 302 -
124.79.241.217 - - [22/Jun/2023:10:20:14 +0800] "GET /xingrg/all/function/internal_message.html?_=1687400413090&CODE_STATE=getMsg HTTP/1.1" 302 -
61.170.233.201 - - [22/Jun/2023:10:20:15 +0800] "GET /xingrg/kc/base/base_main.html HTTP/1.1" 200 12142
120.253.135.82 - - [22/Jun/2023:10:20:15 +0800] "GET /xingrg/kc/pszx/mdps_order_info.html?code=312023062200439 HTTP/1.1" 200 23978
58.40.7.146 - - [22/Jun/2023:10:20:15 +0800] "GET /xingrg/all/function/internal_message.html?_=1687400415863&CODE_STATE=getMsg HTTP/1.1" 200 27
116.232.195.127 - - [22/Jun/2023:10:20:15 +0800] "GET /xingrg/all/function/internal_message.html?_=1687400415876&CODE_STATE=getMsg HTTP/1.1" 200 27
114.85.115.2 - - [22/Jun/2023:10:20:15 +0800] "GET /xingrg/kc/buy/cgsh_order_info.html?code=212023062207871 HTTP/1.1" 200 66584
222.67.234.146 - - [22/Jun/2023:10:20:16 +0800] "GET /xingrg/all/function/internal_message.html?_=1687399908019&CODE_STATE=getMsg HTTP/1.1" 200 27
114.85.115.2 - - [22/Jun/2023:10:20:16 +0800] "GET /xingrg/javascript/easyui/themes/default/validatebox.css HTTP/1.1" 404 1104
120.253.135.82 - - [22/Jun/2023:10:20:16 +0800] "GET /xingrg/javascript/easyui/themes/default/validatebox.css HTTP/1.1" 404 1104
116.232.195.127 - - [22/Jun/2023:10:20:16 +0800] "POST /xingrg/kc/buy/cgsh_list_operate.html HTTP/1.1" 200 6379
116.238.191.126 - - [22/Jun/2023:10:20:16 +0800] "GET /xingrg/kc/buy/cgsh_order_operate.html?command=get_materiel&rest_code=00150&code=00101008353&supplier_code=00100008&order_time=2023-06-22 HTTP/1.1" 200 408
120.253.135.82 - - [22/Jun/2023:10:20:16 +0800] "POST /xingrg/kc/pszx/mdps_order_operate.html HTTP/1.1" 200 2285
61.170.233.201 - - [22/Jun/2023:10:20:17 +0800] "GET /xingrg/kc/base/wldb_order_list.html HTTP/1.1" 200 19098
61.170.233.201 - - [22/Jun/2023:10:20:17 +0800] "POST /xingrg/kc/base/wldb_list_operate.html HTTP/1.1" 200 928
114.85.115.2 - - [22/Jun/2023:10:20:17 +0800] "POST /xingrg/kc/buy/cgsh_order_operate.html HTTP/1.1" 200 636
61.170.233.201 - - [22/Jun/2023:10:20:19 +0800] "GET /xingrg/javascript/easyui/themes/default/images/button_plain_hover.png HTTP/1.1" 304 -
61.170.233.201 - - [22/Jun/2023:10:20:20 +0800] "GET /xingrg/kc/base/wldb_order_add.html HTTP/1.1" 200 30381
61.170.233.201 - - [22/Jun/2023:10:20:20 +0800] "GET /xingrg/javascript/jquery_tools/order_manager.js HTTP/1.1" 304 -
61.170.233.201 - - [22/Jun/2023:10:20:20 +0800] "GET /xingrg/javascript/convert.js HTTP/1.1" 304 -
61.170.233.201 - - [22/Jun/2023:10:20:20 +0800] "GET /xingrg/javascript/print/kc_print.js HTTP/1.1" 304 -
61.170.233.201 - - [22/Jun/2023:10:20:20 +0800] "GET /xingrg/words/20230622091157_words.js HTTP/1.1" 200 969740
61.170.233.201 - - [22/Jun/2023:10:20:20 +0800] "GET /xingrg/javascript/easyui/themes/icons/cancel.png HTTP/1.1" 304 -
61.170.233.201 - - [22/Jun/2023:10:20:20 +0800] "GET /xingrg/javascript/easyui/themes/default/images/menu_downarrow.png HTTP/1.1" 304 -
61.170.233.201 - - [22/Jun/2023:10:20:20 +0800] "GET /xingrg/javascript/easyui/themes/icons/ok.png HTTP/1.1" 200 883
61.170.233.201 - - [22/Jun/2023:10:20:20 +0800] "GET /xingrg/javascript/easyui/themes/icons/template_new.png HTTP/1.1" 200 3956
61.170.233.201 - - [22/Jun/2023:10:20:20 +0800] "GET /xingrg/javascript/easyui/themes/icons/print.png HTTP/1.1" 304 -
61.170.233.201 - - [22/Jun/2023:10:20:20 +0800] "POST /xingrg/kc/base/wldb_order_operate.html HTTP/1.1" 200 6806
61.170.233.201 - - [22/Jun/2023:10:20:20 +0800] "GET /xingrg/javascript/easyui/themes/default/validatebox.css HTTP/1.1" 404 1104
61.170.233.201 - - [22/Jun/2023:10:20:20 +0800] "GET /xingrg/javascript/easyui/plugins/jquery.validatebox.js HTTP/1.1" 304 -
61.170.233.201 - - [22/Jun/2023:10:20:20 +0800] "GET /xingrg/all/common/auto_word.html?type=base&rest_code=00106 HTTP/1.1" 200 1799
61.170.233.201 - - [22/Jun/2023:10:20:20 +0800] "GET /xingrg/all/common/auto_word.html?type=base&rest_code=00106 HTTP/1.1" 200 1799
61.170.233.201 - - [22/Jun/2023:10:20:20 +0800] "GET /xingrg/javascript/easyui/themes/icons/edit_remove.png HTTP/1.1" 304 -
61.170.233.201 - - [22/Jun/2023:10:20:20 +0800] "GET /xingrg/javascript/easyui/plugins/jquery.numberbox.js HTTP/1.1" 304 -
114.85.115.2 - - [22/Jun/2023:10:20:21 +0800] "GET /xingrg/kc/print/load_data.html?order_code=212023062207871&kc_code=cgsh&condition= HTTP/1.1" 200 716
61.170.233.201 - - [22/Jun/2023:10:20:21 +0800] "GET /xingrg/css/images/panel_loading.gif HTTP/1.1" 200 1737
61.170.233.201 - - [22/Jun/2023:10:20:21 +0800] "POST /xingrg/all/common/load_combo.html?type=base HTTP/1.1" 200 3227
116.238.191.126 - - [22/Jun/2023:10:20:23 +0800] "GET /xingrg/all/function/internal_message.html?_=1687400350347&CODE_STATE=getMsg HTTP/1.1" 200 27
180.169.147.146 - - [22/Jun/2023:10:20:27 +0800] "GET /xingrg/all/function/internal_message.html?_=1687400428976&CODE_STATE=getMsg HTTP/1.1" 200 27
101.83.145.52 - - [22/Jun/2023:10:20:27 +0800] "GET /xingrg/all/function/internal_message.html?_=1687400429119&CODE_STATE=getMsg HTTP/1.1" 200 27
61.170.233.201 - - [22/Jun/2023:10:20:29 +0800] "POST /xingrg/all/common/load_combo.html?type=base HTTP/1.1" 200 3227
180.163.28.143 - - [22/Jun/2023:10:20:35 +0800] "GET /xingrg/all/function/internal_message.html?_=1687400372376&CODE_STATE=getMsg HTTP/1.1" 302 -
180.163.28.143 - - [22/Jun/2023:10:20:35 +0800] "GET /xingrg/login.html HTTP/1.1" 200 7641
61.170.233.201 - - [22/Jun/2023:10:20:35 +0800] "GET /xingrg/all/function/internal_message.html?_=1687400432351&CODE_STATE=getMsg HTTP/1.1" 200 27
116.238.191.126 - - [22/Jun/2023:10:20:36 +0800] "GET /xingrg/kc/buy/cgsh_order_operate.html?command=get_materiel&rest_code=00150&code=00101008213&supplier_code=00100008&order_time=2023-06-22 HTTP/1.1" 200 412
124.77.240.39 - - [22/Jun/2023:10:20:37 +0800] "GET /xingrg/javascript/jquery_tools/images/prev.gif HTTP/1.1" 404 1086
124.77.240.39 - - [22/Jun/2023:10:20:37 +0800] "GET /xingrg/javascript/jquery_tools/images/next.gif HTTP/1.1" 404 1086
101.83.145.52 - - [22/Jun/2023:10:20:39 +0800] "GET /xingrg/all/function/internal_message.html?_=1687400262435&CODE_STATE=getMsg HTTP/1.1" 200 27
116.232.195.127 - - [22/Jun/2023:10:20:42 +0800] "POST /xingrg/kc/buy/cgsh_list_operate.html HTTP/1.1" 200 212
114.85.115.2 - - [22/Jun/2023:10:20:43 +0800] "GET /xingrg/all/function/internal_message.html?_=1687400442925&CODE_STATE=getMsg HTTP/1.1" 200 27
114.85.115.2 - - [22/Jun/2023:10:20:44 +0800] "GET /xingrg/check_reg.html?_=1687400443219 HTTP/1.1" 200 22
116.232.195.127 - - [22/Jun/2023:10:20:44 +0800] "GET /xingrg/all/function/internal_message.html?_=1687400441960&CODE_STATE=getMsg HTTP/1.1" 200 27
120.253.135.82 - - [22/Jun/2023:10:20:45 +0800] "POST /xingrg/kc/pszx/mdps_order_operate.html HTTP/1.1" 200 37
124.77.240.39 - - [22/Jun/2023:10:20:45 +0800] "GET /xingrg/all/function/internal_message.html?_=1687400459233&CODE_STATE=getMsg HTTP/1.1" 200 27
120.253.135.82 - - [22/Jun/2023:10:20:47 +0800] "GET /xingrg/kc/pszx/mdps_order_info.html?code=312023062200439 HTTP/1.1" 200 23978
114.83.217.23 - - [22/Jun/2023:10:20:48 +0800] "GET /xingrg/all/function/internal_message.html?_=1687400557979&CODE_STATE=getMsg HTTP/1.1" 200 27
120.253.135.82 - - [22/Jun/2023:10:20:48 +0800] "GET /xingrg/javascript/easyui/themes/default/validatebox.css HTTP/1.1" 404 1104
120.253.135.82 - - [22/Jun/2023:10:20:49 +0800] "POST /xingrg/kc/pszx/mdps_order_operate.html HTTP/1.1" 200 2285
101.229.22.40 - - [22/Jun/2023:10:20:51 +0800] "GET /xingrg/all/function/internal_message.html?_=1687400451736&CODE_STATE=getMsg HTTP/1.1" 200 27
116.232.195.127 - - [22/Jun/2023:10:20:51 +0800] "POST /xingrg/kc/buy/cgsh_list_operate.html HTTP/1.1" 200 4
101.83.241.65 - - [22/Jun/2023:10:20:53 +0800] "GET /xingrg/all/function/internal_message.html?_=1687400452351&CODE_STATE=getMsg HTTP/1.1" 200 27
116.238.191.126 - - [22/Jun/2023:10:20:53 +0800] "GET /xingrg/all/function/internal_message.html?_=1687400453191&CODE_STATE=getMsg HTTP/1.1" 200 27
116.238.191.126 - - [22/Jun/2023:10:20:54 +0800] "GET /xingrg/check_reg.html?_=1687400453920 HTTP/1.1" 200 22
222.70.114.12 - - [22/Jun/2023:10:20:54 +0800] "GET /xingrg/all/function/internal_message.html?_=1687400462042&CODE_STATE=getMsg HTTP/1.1" 200 27
116.238.191.126 - - [22/Jun/2023:10:20:55 +0800] "GET /xingrg/kc/buy/cgsh_order_operate.html?command=get_materiel&rest_code=00150&code=00101008291&supplier_code=00100008&order_time=2023-06-22 HTTP/1.1" 200 408
124.77.240.39 - - [22/Jun/2023:10:20:55 +0800] "GET /xingrg/kc/buy/cgsh_order_operate.html?command=get_materiel&rest_code=00146&code=00101010161&supplier_code=00100041&order_time=2023-06-22 HTTP/1.1" 200 409
61.170.233.201 - - [22/Jun/2023:10:20:55 +0800] "GET /xingrg/javascript/auto/indicator.gif HTTP/1.1" 404 1066
120.253.135.82 - - [22/Jun/2023:10:20:58 +0800] "POST /xingrg/kc/pszx/mdps_list_operate.html HTTP/1.1" 200 3175
114.83.217.23 - - [22/Jun/2023:10:20:59 +0800] "GET /xingrg/login.html HTTP/1.1" 200 7641
120.253.135.82 - - [22/Jun/2023:10:21:00 +0800] "POST /xingrg/kc/pszx/mdps_list_operate.html HTTP/1.1" 200 210
114.83.217.23 - - [22/Jun/2023:10:21:00 +0800] "GET /favicon.ico HTTP/1.1" 404 -
222.70.180.90 - - [22/Jun/2023:10:21:03 +0800] "GET /xingrg/check_reg.html?_=1687400460857 HTTP/1.1" 200 22
222.70.180.90 - - [22/Jun/2023:10:21:03 +0800] "GET /xingrg/all/function/internal_message.html?_=1687400460858&CODE_STATE=getMsg HTTP/1.1" 200 27
114.83.217.23 - - [22/Jun/2023:10:21:03 +0800] "POST /xingrg/login.do HTTP/1.1" 302 -
114.83.217.23 - - [22/Jun/2023:10:21:03 +0800] "GET /xingrg/index.html?sysBaseUrl=http%3A%2F%2F180.169.147.146%3A18081%2Fxingrg%2F&costTime=1812×tamp=1687400463517 HTTP/1.1" 200 17179
114.83.217.23 - - [22/Jun/2023:10:21:03 +0800] "GET /favicon.ico HTTP/1.1" 404 -
114.83.217.23 - - [22/Jun/2023:10:21:03 +0800] "GET /xingrg/all/function/internal_message.html?_=1687400573633&CODE_STATE=count HTTP/1.1" 200 11
114.83.217.23 - - [22/Jun/2023:10:21:03 +0800] "GET /xingrg/check_reg.html?_=1687400573634 HTTP/1.1" 200 22
114.83.217.23 - - [22/Jun/2023:10:21:04 +0800] "POST /xingrg/all/common/load_tree.html?tree=area_rest_tree_json&manage=1 HTTP/1.1" 200 351
114.83.217.23 - - [22/Jun/2023:10:21:04 +0800] "POST /xingrg/load_menu.html HTTP/1.1" 200 5138
120.253.135.82 - - [22/Jun/2023:10:21:07 +0800] "GET /xingrg/check_reg.html?_=1687400299755 HTTP/1.1" 200 22
120.253.135.82 - - [22/Jun/2023:10:21:07 +0800] "GET /xingrg/all/function/internal_message.html?_=1687400299878&CODE_STATE=getMsg HTTP/1.1" 200 27
218.81.71.23 - - [22/Jun/2023:10:21:07 +0800] "GET /xingrg/all/function/internal_message.html?_=1687400467113&CODE_STATE=getMsg HTTP/1.1" 200 27
116.232.195.127 - - [22/Jun/2023:10:21:07 +0800] "POST /xingrg/kc/buy/cgsh_list_operate.html HTTP/1.1" 200 6257
61.170.233.201 - - [22/Jun/2023:10:21:07 +0800] "GET /xingrg/kc/base/wldb_order_operate.html?command=get_materiel&rest_code=00106&base_code=0010396&code=00101019127 HTTP/1.1" 200 480
114.85.115.2 - - [22/Jun/2023:10:21:08 +0800] "GET /xingrg/kc/base/wldb_order_list.html HTTP/1.1" 200 19098
114.83.217.23 - - [22/Jun/2023:10:21:08 +0800] "GET /xingrg/kc/buy/cgsh_order_list.html HTTP/1.1" 200 55860
61.170.233.201 - - [22/Jun/2023:10:21:09 +0800] "GET /xingrg/check_reg.html?_=1687400470612 HTTP/1.1" 200 22
61.170.233.201 - - [22/Jun/2023:10:21:09 +0800] "GET /xingrg/all/function/internal_message.html?_=1687400470973&CODE_STATE=getMsg HTTP/1.1" 200 27
114.85.115.2 - - [22/Jun/2023:10:21:10 +0800] "POST /xingrg/kc/base/wldb_list_operate.html HTTP/1.1" 200 928
114.85.115.2 - - [22/Jun/2023:10:21:12 +0800] "GET /xingrg/kc/base/wldb_order_add.html HTTP/1.1" 200 30377
114.85.115.2 - - [22/Jun/2023:10:21:12 +0800] "POST /xingrg/kc/base/wldb_order_operate.html HTTP/1.1" 200 6806
114.85.115.2 - - [22/Jun/2023:10:21:12 +0800] "GET /xingrg/javascript/easyui/themes/default/validatebox.css HTTP/1.1" 404 1104
114.85.115.2 - - [22/Jun/2023:10:21:13 +0800] "GET /xingrg/all/common/auto_word.html?type=base&rest_code=00102 HTTP/1.1" 200 1857
114.85.115.2 - - [22/Jun/2023:10:21:13 +0800] "GET /xingrg/all/common/auto_word.html?type=base&rest_code=00102 HTTP/1.1" 200 1857
114.83.217.23 - - [22/Jun/2023:10:21:13 +0800] "POST /xingrg/kc/buy/cgsh_list_operate.html HTTP/1.1" 200 986
120.253.135.82 - - [22/Jun/2023:10:21:13 +0800] "POST /xingrg/kc/pszx/mdps_list_operate.html HTTP/1.1" 200 868
114.85.115.2 - - [22/Jun/2023:10:21:14 +0800] "POST /xingrg/all/common/load_combo.html?type=base HTTP/1.1" 200 3321
124.79.241.217 - - [22/Jun/2023:10:21:14 +0800] "GET /xingrg/all/function/internal_message.html?_=1687400473091&CODE_STATE=getMsg HTTP/1.1" 302 -
58.40.7.146 - - [22/Jun/2023:10:21:15 +0800] "GET /xingrg/all/function/internal_message.html?_=1687400475833&CODE_STATE=getMsg HTTP/1.1" 200 27
116.232.195.127 - - [22/Jun/2023:10:21:15 +0800] "GET /xingrg/all/function/internal_message.html?_=1687400475882&CODE_STATE=getMsg HTTP/1.1" 200 27
222.67.234.146 - - [22/Jun/2023:10:21:16 +0800] "GET /xingrg/all/function/internal_message.html?_=1687399968058&CODE_STATE=getMsg HTTP/1.1" 200 27
114.85.115.2 - - [22/Jun/2023:10:21:16 +0800] "POST /xingrg/all/common/load_combo.html?type=base HTTP/1.1" 200 3321
114.85.115.2 - - [22/Jun/2023:10:21:21 +0800] "GET /xingrg/kc/base/wldb_order_operate.html?command=get_materiel&rest_code=00102&base_code=0010476&code=00101019391 HTTP/1.1" 200 485
120.253.135.82 - - [22/Jun/2023:10:21:22 +0800] "POST /xingrg/kc/pszx/mdps_list_operate.html HTTP/1.1" 200 3177
116.238.191.126 - - [22/Jun/2023:10:21:23 +0800] "GET /xingrg/all/function/internal_message.html?_=1687400410362&CODE_STATE=getMsg HTTP/1.1" 200 27
120.253.135.82 - - [22/Jun/2023:10:21:24 +0800] "POST /xingrg/kc/pszx/mdps_list_operate.html HTTP/1.1" 200 202
101.83.241.65 - - [22/Jun/2023:10:21:25 +0800] "GET /xingrg/login.html HTTP/1.1" 200 7641
101.83.241.65 - - [22/Jun/2023:10:21:25 +0800] "GET /favicon.ico HTTP/1.1" 404 -
120.253.135.82 - - [22/Jun/2023:10:21:27 +0800] "GET /xingrg/kc/pszx/mdps_order_add.html HTTP/1.1" 200 29101
180.169.147.146 - - [22/Jun/2023:10:21:27 +0800] "GET /xingrg/all/function/internal_message.html?_=1687400488985&CODE_STATE=getMsg HTTP/1.1" 200 27
120.253.135.82 - - [22/Jun/2023:10:21:27 +0800] "POST /xingrg/kc/pszx/mdps_order_operate.html HTTP/1.1" 200 7126
120.253.135.82 - - [22/Jun/2023:10:21:27 +0800] "GET /xingrg/javascript/easyui/themes/default/validatebox.css HTTP/1.1" 404 1104
180.169.147.146 - - [22/Jun/2023:10:21:28 +0800] "GET /xingrg/check_reg.html?_=1687400489657 HTTP/1.1" 200 22
114.85.115.2 - - [22/Jun/2023:10:21:28 +0800] "GET /xingrg/kc/base/wldb_order_operate.html?command=get_materiel&rest_code=00102&base_code=0010476&code=00101019258 HTTP/1.1" 200 483
61.170.233.201 - - [22/Jun/2023:10:21:35 +0800] "GET /xingrg/all/function/internal_message.html?_=1687400492321&CODE_STATE=getMsg HTTP/1.1" 200 27
180.163.30.76 - - [22/Jun/2023:10:21:35 +0800] "GET /xingrg/all/function/internal_message.html?_=1687400432351&CODE_STATE=getMsg HTTP/1.1" 302 -
180.163.30.76 - - [22/Jun/2023:10:21:35 +0800] "GET /xingrg/login.html HTTP/1.1" 200 7641
124.77.240.39 - - [22/Jun/2023:10:21:35 +0800] "GET /xingrg/kc/buy/cgsh_order_operate.html?command=get_materiel&rest_code=00146&code=00101001032&supplier_code=00100041&order_time=2023-06-22 HTTP/1.1" 200 413
61.170.233.201 - - [22/Jun/2023:10:21:35 +0800] "GET /xingrg/check_reg.html?_=1687400493245 HTTP/1.1" 200 22
101.83.145.52 - - [22/Jun/2023:10:21:39 +0800] "GET /xingrg/index.html?sysBaseUrl=http%3A%2F%2F180.169.147.146%3A18081%2Fxingrg%2F&costTime=36×tamp=1585222720700 HTTP/1.1" 302 -
101.83.145.52 - - [22/Jun/2023:10:21:39 +0800] "GET /xingrg/login.html HTTP/1.1" 200 7641
101.83.145.52 - - [22/Jun/2023:10:21:39 +0800] "GET /xingrg/all/function/internal_message.html?_=1687400322444&CODE_STATE=getMsg HTTP/1.1" 200 27
101.83.145.52 - - [22/Jun/2023:10:21:39 +0800] "GET /favicon.ico HTTP/1.1" 404 -
61.170.233.201 - - [22/Jun/2023:10:21:40 +0800] "GET /xingrg/kc/base/wldb_order_operate.html?command=get_materiel&rest_code=00106&base_code=0010396&code=00101019185 HTTP/1.1" 200 469
120.253.135.82 - - [22/Jun/2023:10:21:42 +0800] "POST /xingrg/all/common/load_combo.html?type=base HTTP/1.1" 200 1169
114.85.115.2 - - [22/Jun/2023:10:21:43 +0800] "GET /xingrg/all/function/internal_message.html?_=1687400502900&CODE_STATE=getMsg HTTP/1.1" 200 27
114.85.115.2 - - [22/Jun/2023:10:21:43 +0800] "GET /xingrg/kc/base/wldb_order_operate.html?command=get_materiel&rest_code=00102&base_code=0010476&code=00101019071 HTTP/1.1" 200 471
101.83.145.52 - - [22/Jun/2023:10:21:44 +0800] "POST /xingrg/login.do HTTP/1.1" 302 -
116.232.195.127 - - [22/Jun/2023:10:21:44 +0800] "GET /xingrg/all/function/internal_message.html?_=1687400501944&CODE_STATE=getMsg HTTP/1.1" 200 27
124.77.240.39 - - [22/Jun/2023:10:21:45 +0800] "GET /xingrg/all/function/internal_message.html?_=1687400519247&CODE_STATE=getMsg HTTP/1.1" 200 27
101.83.145.52 - - [22/Jun/2023:10:21:46 +0800] "POST /xingrg/login.do HTTP/1.1" 302 -
101.83.145.52 - - [22/Jun/2023:10:21:51 +0800] "POST /xingrg/login.do HTTP/1.1" 302 -
101.229.22.40 - - [22/Jun/2023:10:21:51 +0800] "GET /xingrg/all/function/internal_message.html?_=1687400511736&CODE_STATE=getMsg HTTP/1.1" 200 27
114.85.115.2 - - [22/Jun/2023:10:21:52 +0800] "GET /xingrg/kc/base/wldb_order_operate.html?command=get_materiel&rest_code=00102&base_code=0010476&code=00101019529 HTTP/1.1" 200 475
116.238.191.126 - - [22/Jun/2023:10:21:53 +0800] "GET /xingrg/all/function/internal_message.html?_=1687400513165&CODE_STATE=getMsg HTTP/1.1" 200 27
101.83.145.52 - - [22/Jun/2023:10:21:53 +0800] "POST /xingrg/login.do HTTP/1.1" 302 -
120.253.135.82 - - [22/Jun/2023:10:21:53 +0800] "GET /xingrg/kc/pszx/mdps_order_operate.html?command=get_materiel&pszx_code=00101&rest_code=00149&base_code=0010250&code=00102034105 HTTP/1.1" 200 430
222.70.114.12 - - [22/Jun/2023:10:21:54 +0800] "GET /xingrg/all/function/internal_message.html?_=1687400522041&CODE_STATE=getMsg HTTP/1.1" 200 27
101.83.145.52 - - [22/Jun/2023:10:21:55 +0800] "POST /xingrg/login.do HTTP/1.1" 302 -
101.83.145.52 - - [22/Jun/2023:10:21:55 +0800] "POST /xingrg/login.do HTTP/1.1" 302 -
222.67.234.146 - - [22/Jun/2023:10:21:55 +0800] "GET /xingrg/javascript/auto/indicator.gif HTTP/1.1" 404 1066
222.67.234.146 - - [22/Jun/2023:10:21:56 +0800] "GET /xingrg/javascript/jquery_tools/images/prev.gif HTTP/1.1" 404 1086
222.67.234.146 - - [22/Jun/2023:10:21:56 +0800] "GET /xingrg/javascript/jquery_tools/images/next.gif HTTP/1.1" 404 1086
101.83.145.52 - - [22/Jun/2023:10:21:56 +0800] "POST /xingrg/login.do HTTP/1.1" 302 -
101.83.145.52 - - [22/Jun/2023:10:21:56 +0800] "POST /xingrg/login.do HTTP/1.1" 302 -
114.85.115.2 - - [22/Jun/2023:10:21:57 +0800] "GET /xingrg/kc/base/wldb_order_operate.html?command=get_materiel&rest_code=00102&base_code=0010476&code=00101019438 HTTP/1.1" 200 462
124.77.240.39 - - [22/Jun/2023:10:21:59 +0800] "GET /xingrg/kc/buy/cgsh_order_operate.html?command=get_materiel&rest_code=00146&code=00101005037&supplier_code=00100041&order_time=2023-06-22 HTTP/1.1" 200 409
101.83.145.52 - - [22/Jun/2023:10:22:00 +0800] "GET /xingrg/index.html?sysBaseUrl=http%3A%2F%2F180.169.147.146%3A18081%2Fxingrg%2F&costTime=36×tamp=1585222720700 HTTP/1.1" 302 -
101.83.145.52 - - [22/Jun/2023:10:22:00 +0800] "GET /xingrg/login.html HTTP/1.1" 200 7641
101.83.145.52 - - [22/Jun/2023:10:22:00 +0800] "GET /favicon.ico HTTP/1.1" 404 -
101.83.145.52 - - [22/Jun/2023:10:22:01 +0800] "GET /xingrg/index.html?sysBaseUrl=http%3A%2F%2F180.169.147.146%3A18081%2Fxingrg%2F&costTime=36×tamp=1585222720700 HTTP/1.1" 302 -
101.83.145.52 - - [22/Jun/2023:10:22:01 +0800] "GET /xingrg/login.html HTTP/1.1" 200 7641
101.83.145.52 - - [22/Jun/2023:10:22:01 +0800] "GET /favicon.ico HTTP/1.1" 404 -
222.70.180.90 - - [22/Jun/2023:10:22:03 +0800] "GET /xingrg/all/function/internal_message.html?_=1687400520856&CODE_STATE=getMsg HTTP/1.1" 200 27
114.83.217.23 - - [22/Jun/2023:10:22:03 +0800] "GET /xingrg/all/function/internal_message.html?_=1687400633663&CODE_STATE=getMsg HTTP/1.1" 200 27
120.253.135.82 - - [22/Jun/2023:10:22:03 +0800] "POST /xingrg/kc/pszx/mdps_order_operate.html HTTP/1.1" 200 37
114.85.115.2 - - [22/Jun/2023:10:22:04 +0800] "GET /xingrg/kc/base/wldb_order_operate.html?command=get_materiel&rest_code=00102&base_code=0010476&code=00101019527 HTTP/1.1" 200 474
101.83.145.52 - - [22/Jun/2023:10:22:06 +0800] "POST /xingrg/login.do HTTP/1.1" 302 -
120.253.135.82 - - [22/Jun/2023:10:22:06 +0800] "GET /xingrg/kc/pszx/mdps_order_info.html?code=312023062200440 HTTP/1.1" 200 23978
120.253.135.82 - - [22/Jun/2023:10:22:07 +0800] "GET /xingrg/all/function/internal_message.html?_=1687400360049&CODE_STATE=getMsg HTTP/1.1" 200 27
120.253.135.82 - - [22/Jun/2023:10:22:07 +0800] "GET /xingrg/javascript/easyui/themes/default/validatebox.css HTTP/1.1" 404 1104
61.170.233.201 - - [22/Jun/2023:10:22:09 +0800] "GET /xingrg/all/function/internal_message.html?_=1687400530947&CODE_STATE=getMsg HTTP/1.1" 200 27
120.253.135.82 - - [22/Jun/2023:10:22:09 +0800] "POST /xingrg/kc/pszx/mdps_order_operate.html HTTP/1.1" 200 2285
114.85.115.2 - - [22/Jun/2023:10:22:10 +0800] "GET /xingrg/kc/base/wldb_order_operate.html?command=get_materiel&rest_code=00102&base_code=0010476&code=00101019185 HTTP/1.1" 200 469
101.83.145.52 - - [22/Jun/2023:10:22:13 +0800] "POST /xingrg/login.do HTTP/1.1" 302 -
124.79.241.217 - - [22/Jun/2023:10:22:14 +0800] "GET /xingrg/all/function/internal_message.html?_=1687400533092&CODE_STATE=getMsg HTTP/1.1" 302 -
101.83.145.52 - - [22/Jun/2023:10:22:14 +0800] "POST /xingrg/login.do HTTP/1.1" 302 -
101.83.145.52 - - [22/Jun/2023:10:22:15 +0800] "POST /xingrg/login.do HTTP/1.1" 302 -
101.83.145.52 - - [22/Jun/2023:10:22:15 +0800] "POST /xingrg/login.do HTTP/1.1" 302 -
58.40.7.146 - - [22/Jun/2023:10:22:15 +0800] "GET /xingrg/all/function/internal_message.html?_=1687400535821&CODE_STATE=getMsg HTTP/1.1" 200 27
116.232.195.127 - - [22/Jun/2023:10:22:15 +0800] "GET /xingrg/all/function/internal_message.html?_=1687400535874&CODE_STATE=getMsg HTTP/1.1" 200 27
222.67.234.146 - - [22/Jun/2023:10:22:16 +0800] "GET /xingrg/all/function/internal_message.html?_=1687400028047&CODE_STATE=getMsg HTTP/1.1" 200 27
101.83.145.52 - - [22/Jun/2023:10:22:16 +0800] "GET /xingrg/index.html?sysBaseUrl=http%3A%2F%2F180.169.147.146%3A18081%2Fxingrg%2F&costTime=36×tamp=1585222720700 HTTP/1.1" 302 -
101.83.145.52 - - [22/Jun/2023:10:22:16 +0800] "GET /xingrg/login.html HTTP/1.1" 200 7641
114.85.115.2 - - [22/Jun/2023:10:22:16 +0800] "GET /xingrg/kc/base/wldb_order_operate.html?command=get_materiel&rest_code=00102&base_code=0010476&code=00101019134 HTTP/1.1" 200 478
101.83.145.52 - - [22/Jun/2023:10:22:16 +0800] "GET /favicon.ico HTTP/1.1" 404 -
61.170.233.201 - - [22/Jun/2023:10:22:20 +0800] "GET /xingrg/kc/base/wldb_order_operate.html?command=get_materiel&rest_code=00106&base_code=0010396&code=00101019492 HTTP/1.1" 200 456
114.85.115.2 - - [22/Jun/2023:10:22:22 +0800] "GET /xingrg/kc/base/wldb_order_operate.html?command=get_materiel&rest_code=00102&base_code=0010476&code=00101019131 HTTP/1.1" 200 466
116.238.191.126 - - [22/Jun/2023:10:22:23 +0800] "GET /xingrg/all/function/internal_message.html?_=1687400470387&CODE_STATE=getMsg HTTP/1.1" 200 27
120.253.135.82 - - [22/Jun/2023:10:22:24 +0800] "POST /xingrg/kc/pszx/mdps_order_operate.html HTTP/1.1" 200 37
120.253.135.82 - - [22/Jun/2023:10:22:27 +0800] "GET /xingrg/kc/pszx/mdps_order_info.html?code=312023062200440 HTTP/1.1" 200 23984
101.83.145.52 - - [22/Jun/2023:10:22:27 +0800] "GET /xingrg/index.html?sysBaseUrl=http%3A%2F%2F180.169.147.146%3A18081%2Fxingrg%2F&costTime=36×tamp=1585222720700 HTTP/1.1" 302 -
101.83.145.52 - - [22/Jun/2023:10:22:27 +0800] "GET /xingrg/login.html HTTP/1.1" 200 7641
180.169.147.146 - - [22/Jun/2023:10:22:27 +0800] "GET /xingrg/all/function/internal_message.html?_=1687400548969&CODE_STATE=getMsg HTTP/1.1" 200 27
101.83.145.52 - - [22/Jun/2023:10:22:27 +0800] "GET /favicon.ico HTTP/1.1" 404 -
120.253.135.82 - - [22/Jun/2023:10:22:27 +0800] "GET /xingrg/javascript/easyui/themes/default/validatebox.css HTTP/1.1" 404 1104
222.67.234.146 - - [22/Jun/2023:10:22:28 +0800] "GET /xingrg/kc/buy/cgsh_order_operate.html?command=get_materiel&rest_code=00141&code=00101006259&supplier_code=00100004&order_time=2023-06-22 HTTP/1.1" 200 409
101.83.241.65 - - [22/Jun/2023:10:22:28 +0800] "POST /xingrg/login.do HTTP/1.1" 302 -
101.83.241.65 - - [22/Jun/2023:10:22:28 +0800] "GET /xingrg/index.html?sysBaseUrl=http%3A%2F%2F180.169.147.146%3A18081%2Fxingrg%2F&costTime=3201×tamp=1687400548554 HTTP/1.1" 200 17179
120.253.135.82 - - [22/Jun/2023:10:22:28 +0800] "POST /xingrg/kc/pszx/mdps_order_operate.html HTTP/1.1" 200 2285
101.83.241.65 - - [22/Jun/2023:10:22:28 +0800] "GET /favicon.ico HTTP/1.1" 404 -
101.83.241.65 - - [22/Jun/2023:10:22:29 +0800] "GET /xingrg/check_reg.html?_=1687400548324 HTTP/1.1" 200 22
101.83.241.65 - - [22/Jun/2023:10:22:29 +0800] "GET /xingrg/all/function/internal_message.html?_=1687400548322&CODE_STATE=count HTTP/1.1" 200 11
101.83.241.65 - - [22/Jun/2023:10:22:29 +0800] "POST /xingrg/all/common/load_tree.html?tree=area_rest_tree_json&manage=1 HTTP/1.1" 200 351
101.83.241.65 - - [22/Jun/2023:10:22:29 +0800] "POST /xingrg/load_menu.html HTTP/1.1" 200 5138
101.83.145.52 - - [22/Jun/2023:10:22:31 +0800] "POST /xingrg/login.do HTTP/1.1" 302 -
120.253.135.82 - - [22/Jun/2023:10:22:31 +0800] "POST /xingrg/kc/pszx/mdps_list_operate.html HTTP/1.1" 200 3556
101.83.145.52 - - [22/Jun/2023:10:22:31 +0800] "GET /xingrg/index.html?sysBaseUrl=http%3A%2F%2F180.169.147.146%3A18081%2Fxingrg%2F&costTime=1935×tamp=1687400551417 HTTP/1.1" 200 17173
101.83.145.52 - - [22/Jun/2023:10:22:31 +0800] "GET /favicon.ico HTTP/1.1" 404 -
101.83.145.52 - - [22/Jun/2023:10:22:32 +0800] "GET /xingrg/all/function/internal_message.html?_=1687400553708&CODE_STATE=count HTTP/1.1" 200 11
101.83.145.52 - - [22/Jun/2023:10:22:32 +0800] "GET /xingrg/check_reg.html?_=1687400553709 HTTP/1.1" 200 22
101.83.145.52 - - [22/Jun/2023:10:22:32 +0800] "POST /xingrg/all/common/load_tree.html?tree=area_rest_tree_json&manage=1 HTTP/1.1" 200 3499
101.83.145.52 - - [22/Jun/2023:10:22:32 +0800] "POST /xingrg/load_menu.html HTTP/1.1" 200 5138
61.170.233.201 - - [22/Jun/2023:10:22:35 +0800] "GET /xingrg/all/function/internal_message.html?_=1687400552296&CODE_STATE=getMsg HTTP/1.1" 200 27
180.163.28.114 - - [22/Jun/2023:10:22:35 +0800] "GET /xingrg/all/function/internal_message.html?_=1687400492321&CODE_STATE=getMsg HTTP/1.1" 302 -
180.163.28.114 - - [22/Jun/2023:10:22:35 +0800] "GET /xingrg/login.html HTTP/1.1" 200 7641
61.170.233.201 - - [22/Jun/2023:10:22:36 +0800] "GET /xingrg/kc/base/wldb_order_operate.html?command=get_materiel&rest_code=00106&base_code=0010396&code=00101019405 HTTP/1.1" 200 482
124.77.240.39 - - [22/Jun/2023:10:22:36 +0800] "GET /xingrg/kc/buy/cgsh_order_operate.html?command=get_materiel&rest_code=00146&code=00101018019&supplier_code=00100041&order_time=2023-06-22 HTTP/1.1" 200 421
101.83.145.52 - - [22/Jun/2023:10:22:39 +0800] "GET /xingrg/check_reg.html?_=1687400382435 HTTP/1.1" 200 22
101.83.145.52 - - [22/Jun/2023:10:22:39 +0800] "GET /xingrg/all/function/internal_message.html?_=1687400382439&CODE_STATE=getMsg HTTP/1.1" 200 27
101.83.145.52 - - [22/Jun/2023:10:22:41 +0800] "GET /xingrg/kc/base/yddb_order_list.html HTTP/1.1" 200 16704
116.232.195.127 - - [22/Jun/2023:10:22:42 +0800] "GET /xingrg/check_reg.html?_=1687400559696 HTTP/1.1" 200 22
101.83.145.52 - - [22/Jun/2023:10:22:42 +0800] "POST /xingrg/kc/base/yddb_list_operate.html HTTP/1.1" 200 636
101.83.145.52 - - [22/Jun/2023:10:22:43 +0800] "GET /xingrg/javascript/jquery_tools/images/next.gif HTTP/1.1" 404 1086
101.83.145.52 - - [22/Jun/2023:10:22:43 +0800] "GET /xingrg/javascript/jquery_tools/images/prev.gif HTTP/1.1" 404 1086
114.85.115.2 - - [22/Jun/2023:10:22:43 +0800] "GET /xingrg/all/function/internal_message.html?_=1687400562883&CODE_STATE=getMsg HTTP/1.1" 200 27
116.232.195.127 - - [22/Jun/2023:10:22:44 +0800] "GET /xingrg/all/function/internal_message.html?_=1687400561922&CODE_STATE=getMsg HTTP/1.1" 200 27
124.77.240.39 - - [22/Jun/2023:10:22:45 +0800] "GET /xingrg/all/function/internal_message.html?_=1687400579260&CODE_STATE=getMsg HTTP/1.1" 200 27
114.85.115.2 - - [22/Jun/2023:10:22:46 +0800] "GET /xingrg/kc/base/wldb_order_operate.html?command=get_materiel&rest_code=00102&base_code=0010476&code=00101016076 HTTP/1.1" 200 477
101.83.145.52 - - [22/Jun/2023:10:22:48 +0800] "POST /xingrg/kc/base/yddb_list_operate.html HTTP/1.1" 200 636
222.67.234.146 - - [22/Jun/2023:10:22:50 +0800] "GET /xingrg/kc/buy/cgsh_order_operate.html?command=get_materiel&rest_code=00141&code=00101007027&supplier_code=00100004&order_time=2023-06-22 HTTP/1.1" 200 421
114.85.115.2 - - [22/Jun/2023:10:22:51 +0800] "GET /xingrg/kc/base/wldb_order_operate.html?command=get_materiel&rest_code=00102&base_code=0010476&code=00101016001 HTTP/1.1" 200 458
101.229.22.40 - - [22/Jun/2023:10:22:51 +0800] "GET /xingrg/all/function/internal_message.html?_=1687400571736&CODE_STATE=getMsg HTTP/1.1" 200 27
101.83.145.52 - - [22/Jun/2023:10:22:52 +0800] "POST /xingrg/kc/base/yddb_list_operate.html HTTP/1.1" 200 636
101.83.241.65 - - [22/Jun/2023:10:22:53 +0800] "GET /xingrg/kc/buy/cgsh_order_list.html HTTP/1.1" 200 55860
116.238.191.126 - - [22/Jun/2023:10:22:53 +0800] "GET /xingrg/all/function/internal_message.html?_=1687400573145&CODE_STATE=getMsg HTTP/1.1" 200 27
124.77.240.39 - - [22/Jun/2023:10:22:54 +0800] "GET /xingrg/kc/buy/cgsh_order_operate.html?command=get_materiel&rest_code=00146&code=00101004020&supplier_code=00100041&order_time=2023-06-22 HTTP/1.1" 200 409
222.70.114.12 - - [22/Jun/2023:10:22:54 +0800] "GET /xingrg/check_reg.html?_=1687400582042 HTTP/1.1" 200 22
222.70.114.12 - - [22/Jun/2023:10:22:54 +0800] "GET /xingrg/all/function/internal_message.html?_=1687400582045&CODE_STATE=getMsg HTTP/1.1" 200 27
114.85.115.2 - - [22/Jun/2023:10:22:57 +0800] "GET /xingrg/kc/base/wldb_order_operate.html?command=get_materiel&rest_code=00102&base_code=0010476&code=00101019199 HTTP/1.1" 200 472
101.83.145.52 - - [22/Jun/2023:10:22:57 +0800] "POST /xingrg/kc/base/yddb_list_operate.html HTTP/1.1" 200 636
101.83.241.65 - - [22/Jun/2023:10:22:58 +0800] "POST /xingrg/kc/buy/cgsh_list_operate.html HTTP/1.1" 200 986
101.83.145.52 - - [22/Jun/2023:10:23:02 +0800] "POST /xingrg/kc/base/yddb_list_operate.html HTTP/1.1" 200 636
114.85.115.2 - - [22/Jun/2023:10:23:02 +0800] "GET /xingrg/kc/base/wldb_order_operate.html?command=get_materiel&rest_code=00102&base_code=0010476&code=00101013257 HTTP/1.1" 200 443
101.83.241.65 - - [22/Jun/2023:10:23:02 +0800] "GET /xingrg/kc/buy/cgsh_order_add.html HTTP/1.1" 200 71724
101.83.241.65 - - [22/Jun/2023:10:23:03 +0800] "GET /xingrg/words/20230622091157_words.js HTTP/1.1" 304 -
222.70.180.90 - - [22/Jun/2023:10:23:03 +0800] "GET /xingrg/all/function/internal_message.html?_=1687400580855&CODE_STATE=getMsg HTTP/1.1" 200 27
101.83.241.65 - - [22/Jun/2023:10:23:03 +0800] "GET /xingrg/javascript/easyui/themes/default/validatebox.css HTTP/1.1" 404 1104
114.83.217.23 - - [22/Jun/2023:10:23:03 +0800] "GET /xingrg/all/function/internal_message.html?_=1687400693649&CODE_STATE=getMsg HTTP/1.1" 200 27
