101.83.145.52 - - [22/Jun/2023:11:10:32 +0800] "GET /xingrg/all/function/internal_message.html?_=1687403433720&CODE_STATE=getMsg HTTP/1.1" 200 27
101.83.241.65 - - [22/Jun/2023:11:10:32 +0800] "GET /xingrg/kc/base/wldb_order_info.html?code=422023062201745 HTTP/1.1" 200 26266
101.83.241.65 - - [22/Jun/2023:11:10:32 +0800] "GET /xingrg/javascript/easyui/themes/default/validatebox.css HTTP/1.1" 404 1104
101.83.241.65 - - [22/Jun/2023:11:10:33 +0800] "POST /xingrg/kc/base/wldb_order_operate.html HTTP/1.1" 200 4425
61.170.233.201 - - [22/Jun/2023:11:10:34 +0800] "GET /xingrg/all/function/internal_message.html?_=1687403431461&CODE_STATE=getMsg HTTP/1.1" 200 27
180.169.147.146 - - [22/Jun/2023:11:10:35 +0800] "GET /xingrg/kc/buy/cgsh_order_operate.html?command=get_materiel&rest_code=00147&code=00101016105&supplier_code=00100242&order_time=2023-06-22 HTTP/1.1" 200 409
180.169.147.146 - - [22/Jun/2023:11:10:36 +0800] "GET /xingrg/all/function/internal_message.html?_=1687403435539&CODE_STATE=getMsg HTTP/1.1" 200 27
180.169.147.146 - - [22/Jun/2023:11:10:36 +0800] "GET /xingrg/check_reg.html?_=1687403435541 HTTP/1.1" 200 22
114.85.115.2 - - [22/Jun/2023:11:10:37 +0800] "GET /xingrg/kc/buy/cgsh_order_operate.html?command=get_materiel&rest_code=00102&code=00101008248&supplier_code=00100008&order_time=2023-06-19 HTTP/1.1" 200 412
222.67.234.146 - - [22/Jun/2023:11:10:37 +0800] "GET /xingrg/kc/buy/cgsh_order_operate.html?command=get_materiel&rest_code=00141&code=00101008300&supplier_code=00100007&order_time=2023-06-22 HTTP/1.1" 200 412
101.83.145.52 - - [22/Jun/2023:11:10:39 +0800] "GET /xingrg/all/function/internal_message.html?_=1687403262508&CODE_STATE=getMsg HTTP/1.1" 200 27
114.85.115.2 - - [22/Jun/2023:11:10:40 +0800] "POST /xingrg/kc/buy/cgsh_order_operate.html HTTP/1.1" 200 2065
114.85.115.2 - - [22/Jun/2023:11:10:41 +0800] "GET /xingrg/all/function/internal_message.html?_=1687403459548&CODE_STATE=getMsg HTTP/1.1" 200 27
114.85.115.2 - - [22/Jun/2023:11:10:43 +0800] "GET /xingrg/all/function/internal_message.html?_=1687403442136&CODE_STATE=getMsg HTTP/1.1" 200 27
114.85.115.2 - - [22/Jun/2023:11:10:44 +0800] "GET /xingrg/check_reg.html?_=1687403443217 HTTP/1.1" 200 22
101.83.241.65 - - [22/Jun/2023:11:10:45 +0800] "GET /xingrg/kc/base/wldb_order_add.html HTTP/1.1" 200 30387
101.83.241.65 - - [22/Jun/2023:11:10:45 +0800] "POST /xingrg/kc/base/wldb_order_operate.html HTTP/1.1" 200 6806
101.83.241.65 - - [22/Jun/2023:11:10:45 +0800] "GET /xingrg/javascript/easyui/themes/default/validatebox.css HTTP/1.1" 404 1104
180.169.147.146 - - [22/Jun/2023:11:10:48 +0800] "GET /xingrg/kc/buy/cgsh_order_operate.html?command=get_materiel&rest_code=00147&code=00101020019&supplier_code=00100242&order_time=2023-06-22 HTTP/1.1" 200 424
114.85.115.2 - - [22/Jun/2023:11:10:49 +0800] "GET /xingrg/kc/buy/cgsh_order_operate.html?command=get_materiel&rest_code=00102&code=00101008072&supplier_code=00100008&order_time=2023-06-19 HTTP/1.1" 200 408
101.83.241.65 - - [22/Jun/2023:11:10:50 +0800] "POST /xingrg/all/common/load_combo.html?type=base HTTP/1.1" 200 3409
101.229.22.40 - - [22/Jun/2023:11:10:51 +0800] "GET /xingrg/all/function/internal_message.html?_=1687403451803&CODE_STATE=getMsg HTTP/1.1" 200 27
222.67.234.146 - - [22/Jun/2023:11:10:54 +0800] "POST /xingrg/kc/buy/cgsh_order_operate.html HTTP/1.1" 200 2065
222.70.114.12 - - [22/Jun/2023:11:10:54 +0800] "GET /xingrg/all/function/internal_message.html?_=1687403462153&CODE_STATE=getMsg HTTP/1.1" 302 -
180.164.3.199 - - [22/Jun/2023:11:10:59 +0800] "GET /xingrg/all/function/internal_message.html?_=1687403458954&CODE_STATE=getMsg HTTP/1.1" 200 27
180.164.3.199 - - [22/Jun/2023:11:10:59 +0800] "GET /xingrg/check_reg.html?_=1687403459690 HTTP/1.1" 200 22
101.83.241.65 - - [22/Jun/2023:11:11:00 +0800] "GET /xingrg/kc/base/wldb_order_operate.html?command=get_materiel&rest_code=00149&base_code=0010394&code=00101019243 HTTP/1.1" 200 463
116.238.191.126 - - [22/Jun/2023:11:11:01 +0800] "GET /xingrg/all/function/internal_message.html?_=1687403460806&CODE_STATE=getMsg HTTP/1.1" 200 27
114.85.115.2 - - [22/Jun/2023:11:11:01 +0800] "GET /xingrg/kc/buy/cgsh_order_operate.html?command=get_materiel&rest_code=00102&code=00101008155&supplier_code=00100008&order_time=2023-06-19 HTTP/1.1" 200 408
222.70.180.90 - - [22/Jun/2023:11:11:03 +0800] "GET /xingrg/check_reg.html?_=1687403460903 HTTP/1.1" 200 22
222.70.180.90 - - [22/Jun/2023:11:11:03 +0800] "GET /xingrg/all/function/internal_message.html?_=1687403460906&CODE_STATE=getMsg HTTP/1.1" 200 27
116.232.195.127 - - [22/Jun/2023:11:11:04 +0800] "GET /xingrg/all/function/internal_message.html?_=1687403462026&CODE_STATE=getMsg HTTP/1.1" 200 27
101.83.241.65 - - [22/Jun/2023:11:11:05 +0800] "GET /xingrg/kc/base/wldb_order_operate.html?command=get_materiel&rest_code=00149&base_code=0010394&code=00101019222 HTTP/1.1" 200 453
222.67.234.146 - - [22/Jun/2023:11:11:05 +0800] "GET /xingrg/kc/buy/cgsh_order_operate.html?command=get_materiel&rest_code=00141&code=00101008036&supplier_code=00100007&order_time=2023-06-22 HTTP/1.1" 200 408
120.253.135.82 - - [22/Jun/2023:11:11:08 +0800] "GET /xingrg/check_reg.html?_=1687403300481 HTTP/1.1" 200 22
61.170.233.201 - - [22/Jun/2023:11:11:09 +0800] "GET /xingrg/all/function/internal_message.html?_=1687403470739&CODE_STATE=getMsg HTTP/1.1" 200 27
61.170.233.201 - - [22/Jun/2023:11:11:09 +0800] "GET /xingrg/check_reg.html?_=1687403470742 HTTP/1.1" 200 22
114.83.217.23 - - [22/Jun/2023:11:11:10 +0800] "GET /xingrg/all/function/internal_message.html?_=1687403580314&CODE_STATE=getMsg HTTP/1.1" 200 27
114.85.115.2 - - [22/Jun/2023:11:11:11 +0800] "GET /xingrg/kc/buy/cgsh_order_operate.html?command=get_materiel&rest_code=00102&code=00101008358&supplier_code=00100008&order_time=2023-06-19 HTTP/1.1" 200 412
120.253.135.82 - - [22/Jun/2023:11:11:14 +0800] "GET /xingrg/all/function/internal_message.html?_=1687403307313&CODE_STATE=getMsg HTTP/1.1" 200 27
124.79.241.217 - - [22/Jun/2023:11:11:15 +0800] "GET /xingrg/all/function/internal_message.html?_=1687403473092&CODE_STATE=getMsg HTTP/1.1" 302 -
222.67.234.146 - - [22/Jun/2023:11:11:15 +0800] "GET /xingrg/all/function/internal_message.html?_=1687402967618&CODE_STATE=getMsg HTTP/1.1" 200 27
222.67.234.146 - - [22/Jun/2023:11:11:15 +0800] "GET /xingrg/kc/buy/cgsh_order_operate.html?command=get_materiel&rest_code=00141&code=00101008296&supplier_code=00100007&order_time=2023-06-22 HTTP/1.1" 200 416
58.40.7.146 - - [22/Jun/2023:11:11:15 +0800] "GET /xingrg/all/function/internal_message.html?_=1687403475827&CODE_STATE=getMsg HTTP/1.1" 200 27
116.232.195.127 - - [22/Jun/2023:11:11:15 +0800] "GET /xingrg/all/function/internal_message.html?_=1687403475868&CODE_STATE=getMsg HTTP/1.1" 200 27
222.70.180.90 - - [22/Jun/2023:11:11:20 +0800] "GET /xingrg/kc/buy/buy_main.html HTTP/1.1" 200 12412
222.70.180.90 - - [22/Jun/2023:11:11:20 +0800] "GET /xingrg/css/new_ie.css HTTP/1.1" 404 1036
114.85.115.2 - - [22/Jun/2023:11:11:21 +0800] "GET /xingrg/kc/buy/cgsh_order_operate.html?command=get_materiel&rest_code=00102&code=00101008224&supplier_code=00100008&order_time=2023-06-19 HTTP/1.1" 200 416
222.70.180.90 - - [22/Jun/2023:11:11:21 +0800] "GET /xingrg/images/yd/bt.gif HTTP/1.1" 404 1040
222.70.180.90 - - [22/Jun/2023:11:11:22 +0800] "GET /xingrg/kc/buy/cgsh_order_list.html HTTP/1.1" 200 55854
116.238.191.126 - - [22/Jun/2023:11:11:24 +0800] "GET /xingrg/all/function/internal_message.html?_=1687403411196&CODE_STATE=getMsg HTTP/1.1" 200 27
180.169.147.146 - - [22/Jun/2023:11:11:26 +0800] "GET /xingrg/all/function/internal_message.html?_=1687403488246&CODE_STATE=getMsg HTTP/1.1" 200 27
101.83.241.65 - - [22/Jun/2023:11:11:28 +0800] "GET /xingrg/kc/base/wldb_order_operate.html?command=get_materiel&rest_code=00149&base_code=0010394&code=00101019253 HTTP/1.1" 200 482
180.169.147.146 - - [22/Jun/2023:11:11:28 +0800] "GET /xingrg/check_reg.html?_=1687403489711 HTTP/1.1" 200 22
101.83.241.65 - - [22/Jun/2023:11:11:28 +0800] "GET /xingrg/all/function/internal_message.html?_=1687403487703&CODE_STATE=getMsg HTTP/1.1" 200 27
222.70.180.90 - - [22/Jun/2023:11:11:29 +0800] "POST /xingrg/kc/buy/cgsh_list_operate.html HTTP/1.1" 200 2709
124.77.240.39 - - [22/Jun/2023:11:11:29 +0800] "GET /xingrg/all/function/internal_message.html?_=1687403503515&CODE_STATE=getMsg HTTP/1.1" 200 27
101.83.145.52 - - [22/Jun/2023:11:11:32 +0800] "GET /xingrg/all/function/internal_message.html?_=1687403493716&CODE_STATE=getMsg HTTP/1.1" 200 27
114.85.115.2 - - [22/Jun/2023:11:11:32 +0800] "GET /xingrg/kc/buy/cgsh_order_operate.html?command=get_materiel&rest_code=00102&code=00101008003&supplier_code=00100008&order_time=2023-06-19 HTTP/1.1" 200 408
222.70.180.90 - - [22/Jun/2023:11:11:33 +0800] "POST /xingrg/kc/buy/cgsh_list_operate.html HTTP/1.1" 200 574
61.170.233.201 - - [22/Jun/2023:11:11:34 +0800] "GET /xingrg/all/function/internal_message.html?_=1687403491445&CODE_STATE=getMsg HTTP/1.1" 200 27
61.170.233.201 - - [22/Jun/2023:11:11:35 +0800] "GET /xingrg/check_reg.html?_=1687403493119 HTTP/1.1" 200 22
222.70.180.90 - - [22/Jun/2023:11:11:35 +0800] "GET /xingrg/kc/buy/cgsh_order_info.html?code=212023062207865 HTTP/1.1" 200 71601
222.70.180.90 - - [22/Jun/2023:11:11:36 +0800] "GET /xingrg/javascript/easyui/themes/default/validatebox.css HTTP/1.1" 404 1104
180.169.147.146 - - [22/Jun/2023:11:11:36 +0800] "GET /xingrg/all/function/internal_message.html?_=1687403495529&CODE_STATE=getMsg HTTP/1.1" 200 27
222.70.180.90 - - [22/Jun/2023:11:11:38 +0800] "POST /xingrg/kc/buy/cgsh_order_operate.html HTTP/1.1" 200 5617
101.83.241.65 - - [22/Jun/2023:11:11:39 +0800] "POST /xingrg/kc/base/wldb_order_operate.html HTTP/1.1" 200 37
101.83.145.52 - - [22/Jun/2023:11:11:39 +0800] "GET /xingrg/all/function/internal_message.html?_=1687403322509&CODE_STATE=getMsg HTTP/1.1" 200 27
101.83.241.65 - - [22/Jun/2023:11:11:40 +0800] "POST /xingrg/kc/base/wldb_order_operate.html HTTP/1.1" 200 4206
114.85.115.2 - - [22/Jun/2023:11:11:41 +0800] "GET /xingrg/all/function/internal_message.html?_=1687403519517&CODE_STATE=getMsg HTTP/1.1" 200 27
114.85.115.2 - - [22/Jun/2023:11:11:42 +0800] "GET /xingrg/all/function/internal_message.html?_=1687403502116&CODE_STATE=getMsg HTTP/1.1" 200 27
114.85.115.2 - - [22/Jun/2023:11:11:45 +0800] "POST /xingrg/kc/buy/cgsh_order_operate.html HTTP/1.1" 200 2065
124.79.241.217 - - [22/Jun/2023:11:11:49 +0800] "POST /xingrg/services/DataTransmitService HTTP/1.1" 200 524
124.79.241.217 - - [22/Jun/2023:11:11:50 +0800] "POST /xingrg/services/DataTransmitService HTTP/1.1" 200 2315
101.229.22.40 - - [22/Jun/2023:11:11:51 +0800] "GET /xingrg/all/function/internal_message.html?_=1687403511803&CODE_STATE=getMsg HTTP/1.1" 200 27
101.83.241.65 - - [22/Jun/2023:11:11:52 +0800] "POST /xingrg/kc/base/wldb_order_operate.html HTTP/1.1" 200 12
222.70.180.90 - - [22/Jun/2023:11:11:52 +0800] "POST /xingrg/kc/buy/cgsh_list_operate.html HTTP/1.1" 200 571
114.85.115.2 - - [22/Jun/2023:11:11:52 +0800] "GET /xingrg/kc/buy/cgsh_order_operate.html?command=get_materiel&rest_code=00102&code=00101008126&supplier_code=00100008&order_time=2023-06-19 HTTP/1.1" 200 412
124.79.241.217 - - [22/Jun/2023:11:11:52 +0800] "POST /xingrg/services/DataTransmitService HTTP/1.1" 200 129332
222.70.114.12 - - [22/Jun/2023:11:11:54 +0800] "GET /xingrg/all/function/internal_message.html?_=1687403522150&CODE_STATE=getMsg HTTP/1.1" 302 -
101.83.241.65 - - [22/Jun/2023:11:11:55 +0800] "GET /xingrg/kc/base/wldb_order_info.html?code=422023062201746 HTTP/1.1" 200 26266
222.70.180.90 - - [22/Jun/2023:11:11:55 +0800] "GET /xingrg/kc/buy/cgsh_order_info.html?code=212023062207856 HTTP/1.1" 200 71601
101.83.241.65 - - [22/Jun/2023:11:11:55 +0800] "GET /xingrg/javascript/easyui/themes/default/validatebox.css HTTP/1.1" 404 1104
101.83.241.65 - - [22/Jun/2023:11:11:55 +0800] "POST /xingrg/kc/base/wldb_order_operate.html HTTP/1.1" 200 2456
222.70.180.90 - - [22/Jun/2023:11:11:55 +0800] "GET /xingrg/javascript/easyui/themes/default/validatebox.css HTTP/1.1" 404 1104
222.67.234.146 - - [22/Jun/2023:11:11:56 +0800] "GET /xingrg/kc/buy/cgsh_order_operate.html?command=get_materiel&rest_code=00141&code=00101008213&supplier_code=00100007&order_time=2023-06-22 HTTP/1.1" 200 412
222.70.180.90 - - [22/Jun/2023:11:11:57 +0800] "POST /xingrg/kc/buy/cgsh_order_operate.html HTTP/1.1" 200 44650
101.83.241.65 - - [22/Jun/2023:11:11:58 +0800] "GET /xingrg/kc/base/wldb_order_add.html HTTP/1.1" 200 30387
180.164.3.199 - - [22/Jun/2023:11:11:59 +0800] "GET /xingrg/all/function/internal_message.html?_=1687403518942&CODE_STATE=getMsg HTTP/1.1" 200 27
101.83.241.65 - - [22/Jun/2023:11:11:59 +0800] "POST /xingrg/kc/base/wldb_order_operate.html HTTP/1.1" 200 6806
101.83.241.65 - - [22/Jun/2023:11:11:59 +0800] "GET /xingrg/javascript/easyui/themes/default/validatebox.css HTTP/1.1" 404 1104
101.83.241.65 - - [22/Jun/2023:11:12:00 +0800] "POST /xingrg/all/common/load_combo.html?type=base HTTP/1.1" 200 3409
116.238.191.126 - - [22/Jun/2023:11:12:01 +0800] "GET /xingrg/all/function/internal_message.html?_=1687403520804&CODE_STATE=getMsg HTTP/1.1" 200 27
222.70.180.90 - - [22/Jun/2023:11:12:03 +0800] "GET /xingrg/all/function/internal_message.html?_=1687403520922&CODE_STATE=getMsg HTTP/1.1" 200 27
116.232.195.127 - - [22/Jun/2023:11:12:04 +0800] "GET /xingrg/all/function/internal_message.html?_=1687403522014&CODE_STATE=getMsg HTTP/1.1" 200 27
222.70.180.90 - - [22/Jun/2023:11:12:07 +0800] "GET /xingrg/kc/buy/cgsh_order_add.html HTTP/1.1" 200 71592
222.70.180.90 - - [22/Jun/2023:11:12:07 +0800] "POST /xingrg/kc/buy/cgsh_order_operate.html HTTP/1.1" 200 8245
222.70.180.90 - - [22/Jun/2023:11:12:07 +0800] "GET /xingrg/javascript/easyui/themes/default/validatebox.css HTTP/1.1" 404 1104
61.170.233.201 - - [22/Jun/2023:11:12:09 +0800] "GET /xingrg/all/function/internal_message.html?_=1687403530768&CODE_STATE=getMsg HTTP/1.1" 200 27
114.83.217.23 - - [22/Jun/2023:11:12:10 +0800] "GET /xingrg/check_reg.html?_=1687403640298 HTTP/1.1" 200 22
114.83.217.23 - - [22/Jun/2023:11:12:10 +0800] "GET /xingrg/all/function/internal_message.html?_=1687403640299&CODE_STATE=getMsg HTTP/1.1" 200 27
222.70.180.90 - - [22/Jun/2023:11:12:10 +0800] "GET /xingrg/javascript/jquery_tools/images/next.gif HTTP/1.1" 404 1086
222.70.180.90 - - [22/Jun/2023:11:12:10 +0800] "GET /xingrg/javascript/jquery_tools/images/prev.gif HTTP/1.1" 404 1086
222.67.234.146 - - [22/Jun/2023:11:12:12 +0800] "GET /xingrg/kc/buy/cgsh_order_operate.html?command=get_materiel&rest_code=00141&code=00101008298&supplier_code=00100007&order_time=2023-06-22 HTTP/1.1" 200 413
101.83.241.65 - - [22/Jun/2023:11:12:13 +0800] "GET /xingrg/kc/base/wldb_order_operate.html?command=get_materiel&rest_code=00149&base_code=0010394&code=00101019058 HTTP/1.1" 200 453
120.253.135.82 - - [22/Jun/2023:11:12:14 +0800] "GET /xingrg/all/function/internal_message.html?_=1687403367325&CODE_STATE=getMsg HTTP/1.1" 200 27
124.79.241.217 - - [22/Jun/2023:11:12:15 +0800] "GET /xingrg/all/function/internal_message.html?_=1687403533087&CODE_STATE=getMsg HTTP/1.1" 302 -
222.67.234.146 - - [22/Jun/2023:11:12:15 +0800] "GET /xingrg/all/function/internal_message.html?_=1687403027738&CODE_STATE=getMsg HTTP/1.1" 200 27
58.40.7.146 - - [22/Jun/2023:11:12:15 +0800] "GET /xingrg/all/function/internal_message.html?_=1687403535829&CODE_STATE=getMsg HTTP/1.1" 200 27
116.232.195.127 - - [22/Jun/2023:11:12:15 +0800] "GET /xingrg/all/function/internal_message.html?_=1687403535887&CODE_STATE=getMsg HTTP/1.1" 200 27
222.67.234.146 - - [22/Jun/2023:11:12:16 +0800] "POST /xingrg/kc/buy/cgsh_order_operate.html HTTP/1.1" 200 2065
180.169.147.146 - - [22/Jun/2023:11:12:20 +0800] "POST /xingrg/kc/buy/cgsh_order_operate.html HTTP/1.1" 200 37
101.83.241.65 - - [22/Jun/2023:11:12:20 +0800] "GET /xingrg/kc/base/wldb_order_operate.html?command=get_materiel&rest_code=00149&base_code=0010394&code=00101019079 HTTP/1.1" 200 479
116.238.191.126 - - [22/Jun/2023:11:12:24 +0800] "GET /xingrg/all/function/internal_message.html?_=1687403471223&CODE_STATE=getMsg HTTP/1.1" 200 27
180.169.147.146 - - [22/Jun/2023:11:12:26 +0800] "GET /xingrg/all/function/internal_message.html?_=1687403548219&CODE_STATE=getMsg HTTP/1.1" 200 27
222.67.234.146 - - [22/Jun/2023:11:12:27 +0800] "GET /xingrg/kc/buy/cgsh_order_operate.html?command=get_materiel&rest_code=00141&code=00101008306&supplier_code=00100007&order_time=2023-06-22 HTTP/1.1" 200 412
180.169.147.146 - - [22/Jun/2023:11:12:27 +0800] "POST /xingrg/kc/buy/cgsh_order_operate.html HTTP/1.1" 200 6800
101.83.241.65 - - [22/Jun/2023:11:12:27 +0800] "GET /xingrg/kc/base/wldb_order_operate.html?command=get_materiel&rest_code=00149&base_code=0010394&code=00101019306 HTTP/1.1" 200 479
101.83.241.65 - - [22/Jun/2023:11:12:28 +0800] "GET /xingrg/all/function/internal_message.html?_=1687403547682&CODE_STATE=getMsg HTTP/1.1" 200 27
101.83.241.65 - - [22/Jun/2023:11:12:29 +0800] "GET /xingrg/check_reg.html?_=1687403548445 HTTP/1.1" 200 22
124.77.240.39 - - [22/Jun/2023:11:12:29 +0800] "GET /xingrg/all/function/internal_message.html?_=1687403563529&CODE_STATE=getMsg HTTP/1.1" 200 27
180.169.147.146 - - [22/Jun/2023:11:12:31 +0800] "GET /xingrg/kc/print/load_data.html?order_code=212023062207895&kc_code=cgsh&condition= HTTP/1.1" 200 2234
101.83.145.52 - - [22/Jun/2023:11:12:32 +0800] "GET /xingrg/all/function/internal_message.html?_=1687403553718&CODE_STATE=getMsg HTTP/1.1" 200 27
101.83.145.52 - - [22/Jun/2023:11:12:32 +0800] "GET /xingrg/check_reg.html?_=1687403553722 HTTP/1.1" 200 22
180.163.29.212 - - [22/Jun/2023:11:12:34 +0800] "GET /xingrg/all/function/internal_message.html?_=1687403491445&CODE_STATE=getMsg HTTP/1.1" 302 -
180.163.29.212 - - [22/Jun/2023:11:12:34 +0800] "GET /xingrg/login.html HTTP/1.1" 200 7641
61.170.233.201 - - [22/Jun/2023:11:12:34 +0800] "GET /xingrg/all/function/internal_message.html?_=1687403551427&CODE_STATE=getMsg HTTP/1.1" 200 27
180.163.29.103 - - [22/Jun/2023:11:12:35 +0800] "GET /xingrg/check_reg.html?_=1687403493119 HTTP/1.1" 302 -
180.163.29.103 - - [22/Jun/2023:11:12:35 +0800] "GET /xingrg/login.html HTTP/1.1" 200 7641
180.169.147.146 - - [22/Jun/2023:11:12:36 +0800] "GET /xingrg/all/function/internal_message.html?_=1687403555536&CODE_STATE=getMsg HTTP/1.1" 200 27
101.83.145.52 - - [22/Jun/2023:11:12:39 +0800] "GET /xingrg/all/function/internal_message.html?_=1687403382511&CODE_STATE=getMsg HTTP/1.1" 200 27
101.83.145.52 - - [22/Jun/2023:11:12:39 +0800] "GET /xingrg/check_reg.html?_=1687403382514 HTTP/1.1" 200 22
114.85.115.2 - - [22/Jun/2023:11:12:40 +0800] "GET /xingrg/check_reg.html?_=1687403579173 HTTP/1.1" 200 22
114.85.115.2 - - [22/Jun/2023:11:12:41 +0800] "GET /xingrg/all/function/internal_message.html?_=1687403579498&CODE_STATE=getMsg HTTP/1.1" 200 27
114.85.115.2 - - [22/Jun/2023:11:12:42 +0800] "GET /xingrg/all/function/internal_message.html?_=1687403562090&CODE_STATE=getMsg HTTP/1.1" 200 27
222.67.234.146 - - [22/Jun/2023:11:12:45 +0800] "GET /xingrg/kc/buy/cgsh_order_operate.html?command=get_materiel&rest_code=00141&code=00101008403&supplier_code=00100007&order_time=2023-06-22 HTTP/1.1" 200 412
114.85.115.2 - - [22/Jun/2023:11:12:45 +0800] "GET /xingrg/kc/buy/cgsh_order_operate.html?command=get_materiel&rest_code=00102&code=00101008355&supplier_code=00100008&order_time=2023-06-19 HTTP/1.1" 200 409
101.229.22.40 - - [22/Jun/2023:11:12:51 +0800] "GET /xingrg/all/function/internal_message.html?_=1687403571803&CODE_STATE=getMsg HTTP/1.1" 200 27
222.70.114.12 - - [22/Jun/2023:11:12:54 +0800] "GET /xingrg/check_reg.html?_=1687403582149 HTTP/1.1" 302 -
222.70.114.12 - - [22/Jun/2023:11:12:54 +0800] "GET /xingrg/all/function/internal_message.html?_=1687403582150&CODE_STATE=getMsg HTTP/1.1" 302 -
180.164.3.199 - - [22/Jun/2023:11:12:59 +0800] "GET /xingrg/all/function/internal_message.html?_=1687403578916&CODE_STATE=getMsg HTTP/1.1" 200 27
116.238.191.126 - - [22/Jun/2023:11:13:01 +0800] "GET /xingrg/all/function/internal_message.html?_=1687403580820&CODE_STATE=getMsg HTTP/1.1" 200 27
180.169.147.146 - - [22/Jun/2023:11:13:03 +0800] "GET /xingrg/kc/buy/cgsh_order_add.html HTTP/1.1" 200 71639
222.70.180.90 - - [22/Jun/2023:11:13:03 +0800] "GET /xingrg/all/function/internal_message.html?_=1687403580912&CODE_STATE=getMsg HTTP/1.1" 200 27
180.169.147.146 - - [22/Jun/2023:11:13:03 +0800] "POST /xingrg/kc/buy/cgsh_order_operate.html HTTP/1.1" 200 8245
180.169.147.146 - - [22/Jun/2023:11:13:03 +0800] "GET /xingrg/javascript/easyui/themes/default/validatebox.css HTTP/1.1" 404 1104
116.232.195.127 - - [22/Jun/2023:11:13:04 +0800] "GET /xingrg/all/function/internal_message.html?_=1687403582004&CODE_STATE=getMsg HTTP/1.1" 200 27
116.232.195.127 - - [22/Jun/2023:11:13:04 +0800] "GET /xingrg/check_reg.html?_=1687403582006 HTTP/1.1" 200 22
101.83.241.65 - - [22/Jun/2023:11:13:07 +0800] "GET /favicon.ico HTTP/1.1" 404 -
61.170.233.201 - - [22/Jun/2023:11:13:09 +0800] "GET /xingrg/all/function/internal_message.html?_=1687403590768&CODE_STATE=getMsg HTTP/1.1" 200 27
222.67.234.146 - - [22/Jun/2023:11:13:10 +0800] "GET /xingrg/kc/buy/cgsh_order_operate.html?command=get_materiel&rest_code=00141&code=00101008265&supplier_code=00100007&order_time=2023-06-22 HTTP/1.1" 200 409
114.83.217.23 - - [22/Jun/2023:11:13:10 +0800] "GET /xingrg/all/function/internal_message.html?_=1687403700300&CODE_STATE=getMsg HTTP/1.1" 200 27
116.238.191.126 - - [22/Jun/2023:11:13:10 +0800] "GET /xingrg/check_reg.html?_=1687403517636 HTTP/1.1" 200 22
114.85.115.2 - - [22/Jun/2023:11:13:12 +0800] "GET /xingrg/kc/buy/cgsh_order_operate.html?command=get_materiel&rest_code=00102&code=00101008357&supplier_code=00100008&order_time=2023-06-19 HTTP/1.1" 200 408
101.83.241.65 - - [22/Jun/2023:11:13:13 +0800] "POST /xingrg/kc/base/wldb_order_operate.html HTTP/1.1" 200 37
101.83.241.65 - - [22/Jun/2023:11:13:13 +0800] "POST /xingrg/kc/base/wldb_order_operate.html HTTP/1.1" 200 5249
120.253.135.82 - - [22/Jun/2023:11:13:14 +0800] "GET /xingrg/all/function/internal_message.html?_=1687403427514&CODE_STATE=getMsg HTTP/1.1" 200 27
124.79.241.217 - - [22/Jun/2023:11:13:15 +0800] "GET /xingrg/all/function/internal_message.html?_=1687403593090&CODE_STATE=getMsg HTTP/1.1" 302 -
222.67.234.146 - - [22/Jun/2023:11:13:15 +0800] "GET /xingrg/all/function/internal_message.html?_=1687403087861&CODE_STATE=getMsg HTTP/1.1" 200 27
58.40.7.146 - - [22/Jun/2023:11:13:15 +0800] "GET /xingrg/all/function/internal_message.html?_=1687403595831&CODE_STATE=getMsg HTTP/1.1" 200 27
116.232.195.127 - - [22/Jun/2023:11:13:15 +0800] "GET /xingrg/all/function/internal_message.html?_=1687403595861&CODE_STATE=getMsg HTTP/1.1" 200 27
222.67.234.146 - - [22/Jun/2023:11:13:15 +0800] "GET /xingrg/check_reg.html?_=1687403088012 HTTP/1.1" 200 22
222.67.234.146 - - [22/Jun/2023:11:13:19 +0800] "GET /xingrg/kc/buy/cgsh_order_operate.html?command=get_materiel&rest_code=00141&code=00101008639&supplier_code=00100007&order_time=2023-06-22 HTTP/1.1" 200 409
180.169.147.146 - - [22/Jun/2023:11:13:22 +0800] "GET /xingrg/kc/buy/cgsh_order_operate.html?command=get_materiel&rest_code=00147&code=00101008176&supplier_code=00100007&order_time=2023-06-22 HTTP/1.1" 200 413
222.67.234.146 - - [22/Jun/2023:11:13:22 +0800] "POST /xingrg/kc/buy/cgsh_order_operate.html HTTP/1.1" 200 2065
114.83.217.23 - - [22/Jun/2023:11:13:23 +0800] "GET /xingrg/kc/buy/cgsh_order_operate.html?command=get_materiel&rest_code=00154&code=00101008323&supplier_code=00100417&order_time=2023-06-22 HTTP/1.1" 200 408
116.238.191.126 - - [22/Jun/2023:11:13:24 +0800] "GET /xingrg/all/function/internal_message.html?_=1687403531223&CODE_STATE=getMsg HTTP/1.1" 200 27
101.83.241.65 - - [22/Jun/2023:11:13:25 +0800] "POST /xingrg/kc/base/wldb_order_operate.html HTTP/1.1" 200 12
180.169.147.146 - - [22/Jun/2023:11:13:26 +0800] "GET /xingrg/all/function/internal_message.html?_=1687403608206&CODE_STATE=getMsg HTTP/1.1" 200 27
114.85.115.2 - - [22/Jun/2023:11:13:27 +0800] "GET /xingrg/kc/buy/cgsh_order_operate.html?command=get_materiel&rest_code=00102&code=00101008169&supplier_code=00100008&order_time=2023-06-19 HTTP/1.1" 200 414
101.83.241.65 - - [22/Jun/2023:11:13:27 +0800] "GET /xingrg/kc/base/wldb_order_info.html?code=422023062201747 HTTP/1.1" 200 26266
101.83.241.65 - - [22/Jun/2023:11:13:28 +0800] "GET /xingrg/javascript/easyui/themes/default/validatebox.css HTTP/1.1" 404 1104
101.83.241.65 - - [22/Jun/2023:11:13:28 +0800] "GET /xingrg/all/function/internal_message.html?_=1687403607662&CODE_STATE=getMsg HTTP/1.1" 200 27
101.83.241.65 - - [22/Jun/2023:11:13:28 +0800] "POST /xingrg/kc/base/wldb_order_operate.html HTTP/1.1" 200 3473
124.77.240.39 - - [22/Jun/2023:11:13:29 +0800] "GET /xingrg/all/function/internal_message.html?_=1687403623652&CODE_STATE=getMsg HTTP/1.1" 200 27
124.79.241.217 - - [22/Jun/2023:11:13:31 +0800] "POST /xingrg/services/DataTransmitService HTTP/1.1" 200 524
101.83.145.52 - - [22/Jun/2023:11:13:32 +0800] "GET /xingrg/all/function/internal_message.html?_=1687403613711&CODE_STATE=getMsg HTTP/1.1" 200 27
222.67.234.146 - - [22/Jun/2023:11:13:32 +0800] "GET /xingrg/kc/buy/cgsh_order_operate.html?command=get_materiel&rest_code=00141&code=00101013103&supplier_code=00100007&order_time=2023-06-22 HTTP/1.1" 200 413
124.79.241.217 - - [22/Jun/2023:11:13:32 +0800] "POST /xingrg/services/DataTransmitService HTTP/1.1" 200 2315
61.170.233.201 - - [22/Jun/2023:11:13:34 +0800] "GET /xingrg/all/function/internal_message.html?_=1687403611410&CODE_STATE=getMsg HTTP/1.1" 200 27
124.79.241.217 - - [22/Jun/2023:11:13:34 +0800] "POST /xingrg/services/DataTransmitService HTTP/1.1" 200 129336
101.83.241.65 - - [22/Jun/2023:11:13:34 +0800] "GET /xingrg/kc/base/wldb_order_add.html HTTP/1.1" 200 30387
101.83.241.65 - - [22/Jun/2023:11:13:35 +0800] "POST /xingrg/kc/base/wldb_order_operate.html HTTP/1.1" 200 6806
101.83.241.65 - - [22/Jun/2023:11:13:35 +0800] "GET /xingrg/javascript/easyui/themes/default/validatebox.css HTTP/1.1" 404 1104
180.169.147.146 - - [22/Jun/2023:11:13:36 +0800] "GET /xingrg/all/function/internal_message.html?_=1687403615540&CODE_STATE=getMsg HTTP/1.1" 200 27
101.83.241.65 - - [22/Jun/2023:11:13:38 +0800] "POST /xingrg/all/common/load_combo.html?type=base HTTP/1.1" 200 3409
114.85.115.2 - - [22/Jun/2023:11:13:38 +0800] "GET /xingrg/kc/buy/cgsh_order_operate.html?command=get_materiel&rest_code=00102&code=00101008353&supplier_code=00100008&order_time=2023-06-19 HTTP/1.1" 200 408
114.83.217.23 - - [22/Jun/2023:11:13:38 +0800] "GET /xingrg/kc/buy/cgsh_order_operate.html?command=get_materiel&rest_code=00154&code=00101008355&supplier_code=00100417&order_time=2023-06-22 HTTP/1.1" 200 408
101.83.145.52 - - [22/Jun/2023:11:13:39 +0800] "GET /xingrg/all/function/internal_message.html?_=1687403442511&CODE_STATE=getMsg HTTP/1.1" 200 27
180.169.147.146 - - [22/Jun/2023:11:13:40 +0800] "GET /xingrg/kc/buy/cgsh_order_operate.html?command=get_materiel&rest_code=00147&code=00101008132&supplier_code=00100007&order_time=2023-06-22 HTTP/1.1" 200 408
114.85.115.2 - - [22/Jun/2023:11:13:41 +0800] "GET /xingrg/all/function/internal_message.html?_=1687403639482&CODE_STATE=getMsg HTTP/1.1" 200 27
114.85.115.2 - - [22/Jun/2023:11:13:42 +0800] "GET /xingrg/all/function/internal_message.html?_=1687403622066&CODE_STATE=getMsg HTTP/1.1" 200 27
222.67.234.146 - - [22/Jun/2023:11:13:45 +0800] "GET /xingrg/kc/buy/cgsh_order_operate.html?command=get_materiel&rest_code=00141&code=00101008309&supplier_code=00100007&order_time=2023-06-22 HTTP/1.1" 200 421
218.81.71.23 - - [22/Jun/2023:11:13:45 +0800] "GET /favicon.ico HTTP/1.1" 404 -
101.83.241.65 - - [22/Jun/2023:11:13:47 +0800] "GET /xingrg/kc/base/wldb_order_operate.html?command=get_materiel&rest_code=00149&base_code=0010394&code=00101016049 HTTP/1.1" 200 445
180.169.147.146 - - [22/Jun/2023:11:13:48 +0800] "GET /xingrg/kc/buy/cgsh_order_operate.html?command=get_materiel&rest_code=00147&code=00101008080&supplier_code=00100007&order_time=2023-06-22 HTTP/1.1" 200 416
101.229.22.40 - - [22/Jun/2023:11:13:50 +0800] "GET /xingrg/javascript/jquery_easy_ui/themes/default/images/tabs_close.gif HTTP/1.1" 304 -
101.229.22.40 - - [22/Jun/2023:11:13:51 +0800] "GET /xingrg/kc/buy/cgsh_order_list.html HTTP/1.1" 200 55860
101.229.22.40 - - [22/Jun/2023:11:13:51 +0800] "GET /xingrg/css/base.css HTTP/1.1" 304 -
101.229.22.40 - - [22/Jun/2023:11:13:51 +0800] "GET /xingrg/javascript/auto/jquery.autocomplete.css HTTP/1.1" 304 -
101.229.22.40 - - [22/Jun/2023:11:13:51 +0800] "GET /xingrg/css/site.css HTTP/1.1" 304 -
101.229.22.40 - - [22/Jun/2023:11:13:51 +0800] "GET /xingrg/javascript/jquery_tools/datebox.css HTTP/1.1" 304 -
101.229.22.40 - - [22/Jun/2023:11:13:51 +0800] "GET /xingrg/javascript/easyui/themes/default/easyui.css HTTP/1.1" 304 -
101.229.22.40 - - [22/Jun/2023:11:13:51 +0800] "GET /xingrg/javascript/easyui/themes/icon.css HTTP/1.1" 304 -
101.229.22.40 - - [22/Jun/2023:11:13:51 +0800] "GET /xingrg/javascript/jquery_tools/table.css HTTP/1.1" 304 -
101.229.22.40 - - [22/Jun/2023:11:13:51 +0800] "GET /xingrg/javascript/jquery_tools/fix.css HTTP/1.1" 304 -
101.229.22.40 - - [22/Jun/2023:11:13:51 +0800] "GET /xingrg/javascript/jquery_tools/jquery.tools.min.js HTTP/1.1" 304 -
101.229.22.40 - - [22/Jun/2023:11:13:51 +0800] "GET /xingrg/javascript/jquery_tools/jquery.tools.extend.js HTTP/1.1" 304 -
101.229.22.40 - - [22/Jun/2023:11:13:51 +0800] "GET /xingrg/javascript/jquery_tools/jquery.tools.hotkey.js HTTP/1.1" 304 -
101.229.22.40 - - [22/Jun/2023:11:13:51 +0800] "GET /xingrg/javascript/jquery_tools/jquery.tools.table.js HTTP/1.1" 304 -
101.229.22.40 - - [22/Jun/2023:11:13:51 +0800] "GET /xingrg/javascript/jquery_tools/list_manager.js HTTP/1.1" 304 -
101.229.22.40 - - [22/Jun/2023:11:13:51 +0800] "GET /xingrg/javascript/auto/jquery.autocomplete.js HTTP/1.1" 304 -
101.229.22.40 - - [22/Jun/2023:11:13:51 +0800] "GET /xingrg/javascript/easyui/easyloader.js HTTP/1.1" 304 -
101.229.22.40 - - [22/Jun/2023:11:13:51 +0800] "GET /xingrg/javascript/jquery.cookie.js HTTP/1.1" 304 -
101.229.22.40 - - [22/Jun/2023:11:13:51 +0800] "GET /xingrg/javascript/print/LodopFuncs.js HTTP/1.1" 304 -
101.229.22.40 - - [22/Jun/2023:11:13:51 +0800] "GET /xingrg/javascript/easyui/themes/icons/cance_new.png HTTP/1.1" 304 -
101.229.22.40 - - [22/Jun/2023:11:13:51 +0800] "GET /xingrg/javascript/easyui/themes/icons/edit_add_new.png HTTP/1.1" 304 -
101.229.22.40 - - [22/Jun/2023:11:13:51 +0800] "GET /xingrg/javascript/easyui/themes/icons/import_new.png HTTP/1.1" 304 -
101.229.22.40 - - [22/Jun/2023:11:13:51 +0800] "GET /xingrg/javascript/easyui/themes/icons/check_new.png HTTP/1.1" 304 -
101.229.22.40 - - [22/Jun/2023:11:13:51 +0800] "GET /xingrg/javascript/easyui/themes/icons/field_new.png HTTP/1.1" 304 -
101.229.22.40 - - [22/Jun/2023:11:13:51 +0800] "GET /xingrg/javascript/easyui/plugins/jquery.parser.js HTTP/1.1" 304 -
101.229.22.40 - - [22/Jun/2023:11:13:51 +0800] "GET /xingrg/images/control/ajaxLoader.gif HTTP/1.1" 304 -
101.229.22.40 - - [22/Jun/2023:11:13:51 +0800] "GET /xingrg/all/function/internal_message.html?_=1687403631825&CODE_STATE=getMsg HTTP/1.1" 200 27
101.229.22.40 - - [22/Jun/2023:11:13:51 +0800] "GET /xingrg/check_reg.html?_=1687403631826 HTTP/1.1" 200 22
222.70.114.12 - - [22/Jun/2023:11:13:54 +0800] "GET /xingrg/all/function/internal_message.html?_=1687403642175&CODE_STATE=getMsg HTTP/1.1" 302 -
124.77.240.39 - - [22/Jun/2023:11:13:55 +0800] "GET /xingrg/check_reg.html?_=1687403649610 HTTP/1.1" 200 22
101.229.22.40 - - [22/Jun/2023:11:13:58 +0800] "POST /xingrg/kc/buy/cgsh_list_operate.html HTTP/1.1" 200 1873
180.164.3.199 - - [22/Jun/2023:11:13:58 +0800] "GET /xingrg/all/function/internal_message.html?_=1687403638891&CODE_STATE=getMsg HTTP/1.1" 200 27
180.169.147.146 - - [22/Jun/2023:11:14:00 +0800] "GET /xingrg/kc/buy/cgsh_order_operate.html?command=get_materiel&rest_code=00147&code=00101008331&supplier_code=00100007&order_time=2023-06-22 HTTP/1.1" 200 416
116.238.191.126 - - [22/Jun/2023:11:14:01 +0800] "GET /xingrg/all/function/internal_message.html?_=1687403640834&CODE_STATE=getMsg HTTP/1.1" 200 27
116.238.191.126 - - [22/Jun/2023:11:14:01 +0800] "GET /xingrg/check_reg.html?_=1687403640837 HTTP/1.1" 200 22
114.83.217.23 - - [22/Jun/2023:11:14:03 +0800] "GET /xingrg/kc/buy/cgsh_order_operate.html?command=get_materiel&rest_code=00154&code=00101005094&supplier_code=00100417&order_time=2023-06-22 HTTP/1.1" 200 418
222.70.180.90 - - [22/Jun/2023:11:14:03 +0800] "GET /xingrg/all/function/internal_message.html?_=1687403640905&CODE_STATE=getMsg HTTP/1.1" 200 27
101.83.241.65 - - [22/Jun/2023:11:14:03 +0800] "POST /xingrg/kc/base/wldb_order_operate.html HTTP/1.1" 200 37
116.232.195.127 - - [22/Jun/2023:11:14:04 +0800] "GET /xingrg/all/function/internal_message.html?_=1687403642014&CODE_STATE=getMsg HTTP/1.1" 200 27
61.170.233.201 - - [22/Jun/2023:11:14:09 +0800] "GET /xingrg/all/function/internal_message.html?_=1687403650768&CODE_STATE=getMsg HTTP/1.1" 200 27
180.169.147.146 - - [22/Jun/2023:11:14:09 +0800] "GET /xingrg/kc/buy/cgsh_order_operate.html?command=get_materiel&rest_code=00147&code=00101008244&supplier_code=00100007&order_time=2023-06-22 HTTP/1.1" 200 408
114.83.217.23 - - [22/Jun/2023:11:14:10 +0800] "GET /xingrg/all/function/internal_message.html?_=1687403760311&CODE_STATE=getMsg HTTP/1.1" 200 27
101.83.241.65 - - [22/Jun/2023:11:14:11 +0800] "POST /xingrg/kc/base/wldb_order_operate.html HTTP/1.1" 200 12
101.83.241.65 - - [22/Jun/2023:11:14:12 +0800] "POST /xingrg/kc/base/wldb_order_operate.html HTTP/1.1" 200 2194
101.83.241.65 - - [22/Jun/2023:11:14:13 +0800] "GET /xingrg/kc/base/wldb_order_info.html?code=422023062201748 HTTP/1.1" 200 26263
101.83.241.65 - - [22/Jun/2023:11:14:13 +0800] "GET /xingrg/javascript/easyui/themes/default/validatebox.css HTTP/1.1" 404 1104
101.83.241.65 - - [22/Jun/2023:11:14:14 +0800] "POST /xingrg/kc/base/wldb_order_operate.html HTTP/1.1" 200 489
120.253.135.82 - - [22/Jun/2023:11:14:14 +0800] "GET /xingrg/all/function/internal_message.html?_=1687403487526&CODE_STATE=getMsg HTTP/1.1" 200 27
124.79.241.217 - - [22/Jun/2023:11:14:15 +0800] "GET /xingrg/all/function/internal_message.html?_=1687403653086&CODE_STATE=getMsg HTTP/1.1" 302 -
222.67.234.146 - - [22/Jun/2023:11:14:15 +0800] "GET /xingrg/all/function/internal_message.html?_=1687403147780&CODE_STATE=getMsg HTTP/1.1" 200 27
58.40.7.146 - - [22/Jun/2023:11:14:15 +0800] "GET /xingrg/all/function/internal_message.html?_=1687403655837&CODE_STATE=getMsg HTTP/1.1" 200 27
58.40.7.146 - - [22/Jun/2023:11:14:15 +0800] "GET /xingrg/check_reg.html?_=1687403655840 HTTP/1.1" 200 22
116.232.195.127 - - [22/Jun/2023:11:14:15 +0800] "GET /xingrg/all/function/internal_message.html?_=1687403655851&CODE_STATE=getMsg HTTP/1.1" 200 27
116.232.195.127 - - [22/Jun/2023:11:14:15 +0800] "GET /xingrg/check_reg.html?_=1687403655855 HTTP/1.1" 200 22
114.83.217.23 - - [22/Jun/2023:11:14:17 +0800] "GET /xingrg/kc/buy/cgsh_order_operate.html?command=get_materiel&rest_code=00154&code=00101008351&supplier_code=00100417&order_time=2023-06-22 HTTP/1.1" 200 408
180.169.147.146 - - [22/Jun/2023:11:14:18 +0800] "GET /xingrg/kc/buy/cgsh_order_operate.html?command=get_materiel&rest_code=00147&code=00101008185&supplier_code=00100007&order_time=2023-06-22 HTTP/1.1" 200 408
101.83.241.65 - - [22/Jun/2023:11:14:18 +0800] "GET /xingrg/kc/base/wldb_order_add.html HTTP/1.1" 200 30387
101.83.241.65 - - [22/Jun/2023:11:14:18 +0800] "POST /xingrg/kc/base/wldb_order_operate.html HTTP/1.1" 200 6806
101.83.241.65 - - [22/Jun/2023:11:14:18 +0800] "GET /xingrg/javascript/easyui/themes/default/validatebox.css HTTP/1.1" 404 1104
222.67.234.146 - - [22/Jun/2023:11:14:22 +0800] "GET /xingrg/kc/buy/cgsh_order_operate.html?command=get_materiel&rest_code=00141&code=00101008331&supplier_code=00100007&order_time=2023-06-22 HTTP/1.1" 200 416
116.238.191.126 - - [22/Jun/2023:11:14:24 +0800] "GET /xingrg/all/function/internal_message.html?_=1687403591238&CODE_STATE=getMsg HTTP/1.1" 200 27
180.169.147.146 - - [22/Jun/2023:11:14:26 +0800] "GET /xingrg/all/function/internal_message.html?_=1687403668183&CODE_STATE=getMsg HTTP/1.1" 200 27
101.83.241.65 - - [22/Jun/2023:11:14:28 +0800] "GET /xingrg/all/function/internal_message.html?_=1687403667669&CODE_STATE=getMsg HTTP/1.1" 200 27
180.169.147.146 - - [22/Jun/2023:11:14:28 +0800] "GET /xingrg/kc/buy/cgsh_order_operate.html?command=get_materiel&rest_code=00147&code=00101008354&supplier_code=00100007&order_time=2023-06-22 HTTP/1.1" 200 412
124.77.240.39 - - [22/Jun/2023:11:14:29 +0800] "GET /xingrg/all/function/internal_message.html?_=1687403683665&CODE_STATE=getMsg HTTP/1.1" 200 27
101.83.241.65 - - [22/Jun/2023:11:14:30 +0800] "GET /xingrg/kc/base/wldb_order_operate.html?command=get_materiel&rest_code=00149&base_code=0010400&code=00101004101 HTTP/1.1" 200 433
101.83.145.52 - - [22/Jun/2023:11:14:32 +0800] "GET /xingrg/all/function/internal_message.html?_=1687403673710&CODE_STATE=getMsg HTTP/1.1" 200 27
222.70.180.90 - - [22/Jun/2023:11:14:33 +0800] "GET /xingrg/kc/buy/cgsh_order_operate.html?command=get_materiel&rest_code=00111&code=00101005055&supplier_code=00100199&order_time=2023-06-22 HTTP/1.1" 200 406
180.163.28.180 - - [22/Jun/2023:11:14:34 +0800] "GET /xingrg/all/function/internal_message.html?_=1687403611410&CODE_STATE=getMsg HTTP/1.1" 302 -
61.170.233.201 - - [22/Jun/2023:11:14:34 +0800] "GET /xingrg/all/function/internal_message.html?_=1687403671398&CODE_STATE=getMsg HTTP/1.1" 200 27
180.163.28.180 - - [22/Jun/2023:11:14:34 +0800] "GET /xingrg/login.html HTTP/1.1" 200 7641
180.169.147.146 - - [22/Jun/2023:11:14:36 +0800] "GET /xingrg/all/function/internal_message.html?_=1687403675539&CODE_STATE=getMsg HTTP/1.1" 200 27
180.169.147.146 - - [22/Jun/2023:11:14:39 +0800] "GET /xingrg/kc/buy/cgsh_order_operate.html?command=get_materiel&rest_code=00147&code=00101008119&supplier_code=00100007&order_time=2023-06-22 HTTP/1.1" 200 412
101.83.145.52 - - [22/Jun/2023:11:14:39 +0800] "GET /xingrg/all/function/internal_message.html?_=1687403502512&CODE_STATE=getMsg HTTP/1.1" 200 27
101.83.241.65 - - [22/Jun/2023:11:14:40 +0800] "GET /xingrg/kc/base/wldb_order_operate.html?command=get_materiel&rest_code=00149&base_code=0010400&code=00101004011 HTTP/1.1" 200 436
114.83.217.23 - - [22/Jun/2023:11:14:40 +0800] "GET /xingrg/kc/buy/cgsh_order_operate.html?command=get_materiel&rest_code=00154&code=00101008199&supplier_code=00100417&order_time=2023-06-22 HTTP/1.1" 200 408
114.85.115.2 - - [22/Jun/2023:11:14:41 +0800] "GET /xingrg/all/function/internal_message.html?_=1687403699461&CODE_STATE=getMsg HTTP/1.1" 200 27
114.85.115.2 - - [22/Jun/2023:11:14:42 +0800] "GET /xingrg/all/function/internal_message.html?_=1687403682045&CODE_STATE=getMsg HTTP/1.1" 200 27
222.70.180.90 - - [22/Jun/2023:11:14:49 +0800] "GET /xingrg/kc/buy/cgsh_order_operate.html?command=get_materiel&rest_code=00111&code=00101002027&supplier_code=00100199&order_time=2023-06-22 HTTP/1.1" 200 413
180.169.147.146 - - [22/Jun/2023:11:14:50 +0800] "GET /xingrg/kc/buy/cgsh_order_operate.html?command=get_materiel&rest_code=00147&code=00101008038&supplier_code=00100007&order_time=2023-06-22 HTTP/1.1" 200 412
222.67.234.146 - - [22/Jun/2023:11:14:51 +0800] "GET /xingrg/kc/buy/cgsh_order_operate.html?command=get_materiel&rest_code=00141&code=00101008350&supplier_code=00100007&order_time=2023-06-22 HTTP/1.1" 200 408
101.229.22.40 - - [22/Jun/2023:11:14:51 +0800] "GET /xingrg/all/function/internal_message.html?_=1687403691819&CODE_STATE=getMsg HTTP/1.1" 200 27
114.83.217.23 - - [22/Jun/2023:11:14:53 +0800] "GET /xingrg/kc/buy/cgsh_order_operate.html?command=get_materiel&rest_code=00154&code=00101008234&supplier_code=00100417&order_time=2023-06-22 HTTP/1.1" 200 408
222.70.114.12 - - [22/Jun/2023:11:14:54 +0800] "GET /xingrg/all/function/internal_message.html?_=1687403702173&CODE_STATE=getMsg HTTP/1.1" 302 -
101.83.241.65 - - [22/Jun/2023:11:14:54 +0800] "POST /xingrg/kc/base/wldb_order_operate.html HTTP/1.1" 200 37
180.169.147.146 - - [22/Jun/2023:11:14:58 +0800] "GET /xingrg/kc/buy/cgsh_order_operate.html?command=get_materiel&rest_code=00147&code=00101008224&supplier_code=00100007&order_time=2023-06-22 HTTP/1.1" 200 416
180.164.3.199 - - [22/Jun/2023:11:14:58 +0800] "GET /xingrg/all/function/internal_message.html?_=1687403698879&CODE_STATE=getMsg HTTP/1.1" 200 27
116.238.191.126 - - [22/Jun/2023:11:15:01 +0800] "GET /xingrg/all/function/internal_message.html?_=1687403700839&CODE_STATE=getMsg HTTP/1.1" 200 27
222.67.234.146 - - [22/Jun/2023:11:15:03 +0800] "GET /xingrg/kc/buy/cgsh_order_operate.html?command=get_materiel&rest_code=00141&code=00101008095&supplier_code=00100007&order_time=2023-06-22 HTTP/1.1" 200 412
222.70.180.90 - - [22/Jun/2023:11:15:03 +0800] "GET /xingrg/all/function/internal_message.html?_=1687403700903&CODE_STATE=getMsg HTTP/1.1" 200 27
116.232.195.127 - - [22/Jun/2023:11:15:04 +0800] "GET /xingrg/all/function/internal_message.html?_=1687403702032&CODE_STATE=getMsg HTTP/1.1" 200 27
101.83.241.65 - - [22/Jun/2023:11:15:05 +0800] "POST /xingrg/kc/base/wldb_order_operate.html HTTP/1.1" 200 12
101.83.241.65 - - [22/Jun/2023:11:15:05 +0800] "POST /xingrg/kc/base/wldb_order_operate.html HTTP/1.1" 200 2656
180.169.147.146 - - [22/Jun/2023:11:15:05 +0800] "GET /xingrg/kc/buy/cgsh_order_operate.html?command=get_materiel&rest_code=00147&code=00101008190&supplier_code=00100007&order_time=2023-06-22 HTTP/1.1" 200 412
101.83.241.65 - - [22/Jun/2023:11:15:08 +0800] "GET /xingrg/kc/base/wldb_order_info.html?code=422023062201749 HTTP/1.1" 200 26264
101.83.241.65 - - [22/Jun/2023:11:15:08 +0800] "GET /xingrg/javascript/easyui/themes/default/validatebox.css HTTP/1.1" 404 1104
61.170.233.201 - - [22/Jun/2023:11:15:09 +0800] "GET /xingrg/all/function/internal_message.html?_=1687403710768&CODE_STATE=getMsg HTTP/1.1" 200 27
101.83.241.65 - - [22/Jun/2023:11:15:09 +0800] "POST /xingrg/kc/base/wldb_order_operate.html HTTP/1.1" 200 940
114.83.217.23 - - [22/Jun/2023:11:15:10 +0800] "GET /xingrg/all/function/internal_message.html?_=1687403820311&CODE_STATE=getMsg HTTP/1.1" 200 27
101.83.241.65 - - [22/Jun/2023:11:15:11 +0800] "GET /xingrg/kc/base/wldb_order_add.html HTTP/1.1" 200 30387
101.83.241.65 - - [22/Jun/2023:11:15:11 +0800] "POST /xingrg/kc/base/wldb_order_operate.html HTTP/1.1" 200 6806
101.83.241.65 - - [22/Jun/2023:11:15:12 +0800] "GET /xingrg/javascript/easyui/themes/default/validatebox.css HTTP/1.1" 404 1104
180.169.147.146 - - [22/Jun/2023:11:15:14 +0800] "GET /xingrg/kc/buy/cgsh_order_operate.html?command=get_materiel&rest_code=00147&code=00101008355&supplier_code=00100007&order_time=2023-06-22 HTTP/1.1" 200 408
124.79.241.217 - - [22/Jun/2023:11:15:15 +0800] "GET /xingrg/check_reg.html?_=1687403713085 HTTP/1.1" 302 -
124.79.241.217 - - [22/Jun/2023:11:15:15 +0800] "GET /xingrg/all/function/internal_message.html?_=1687403713080&CODE_STATE=getMsg HTTP/1.1" 302 -
120.253.135.82 - - [22/Jun/2023:11:15:15 +0800] "GET /xingrg/all/function/internal_message.html?_=1687403547742&CODE_STATE=getMsg HTTP/1.1" 200 27
222.67.234.146 - - [22/Jun/2023:11:15:15 +0800] "GET /xingrg/all/function/internal_message.html?_=1687403207760&CODE_STATE=getMsg HTTP/1.1" 200 27
58.40.7.146 - - [22/Jun/2023:11:15:15 +0800] "GET /xingrg/all/function/internal_message.html?_=1687403715841&CODE_STATE=getMsg HTTP/1.1" 200 27
116.232.195.127 - - [22/Jun/2023:11:15:15 +0800] "GET /xingrg/all/function/internal_message.html?_=1687403715871&CODE_STATE=getMsg HTTP/1.1" 200 27
222.67.234.146 - - [22/Jun/2023:11:15:16 +0800] "GET /xingrg/kc/buy/cgsh_order_operate.html?command=get_materiel&rest_code=00141&code=00101008096&supplier_code=00100007&order_time=2023-06-22 HTTP/1.1" 200 413
222.67.234.146 - - [22/Jun/2023:11:15:19 +0800] "POST /xingrg/kc/buy/cgsh_order_operate.html HTTP/1.1" 200 2065
101.83.241.65 - - [22/Jun/2023:11:15:20 +0800] "GET /xingrg/javascript/jquery_tools/images/prev.gif HTTP/1.1" 404 1086
101.83.241.65 - - [22/Jun/2023:11:15:20 +0800] "GET /xingrg/javascript/jquery_tools/images/next.gif HTTP/1.1" 404 1086
114.85.115.2 - - [22/Jun/2023:11:15:21 +0800] "POST /xingrg/kc/buy/cgsh_order_operate.html HTTP/1.1" 200 2065
114.83.217.23 - - [22/Jun/2023:11:15:23 +0800] "GET /xingrg/kc/buy/cgsh_order_operate.html?command=get_materiel&rest_code=00154&code=00101008207&supplier_code=00100417&order_time=2023-06-22 HTTP/1.1" 200 408
180.169.147.146 - - [22/Jun/2023:11:15:23 +0800] "GET /xingrg/kc/buy/cgsh_order_operate.html?command=get_materiel&rest_code=00147&code=00101008144&supplier_code=00100007&order_time=2023-06-22 HTTP/1.1" 200 412
116.238.191.126 - - [22/Jun/2023:11:15:24 +0800] "GET /xingrg/all/function/internal_message.html?_=1687403651262&CODE_STATE=getMsg HTTP/1.1" 200 27
180.169.147.146 - - [22/Jun/2023:11:15:26 +0800] "GET /xingrg/all/function/internal_message.html?_=1687403728161&CODE_STATE=getMsg HTTP/1.1" 200 27
114.85.115.2 - - [22/Jun/2023:11:15:28 +0800] "GET /xingrg/kc/buy/cgsh_order_operate.html?command=get_materiel&rest_code=00102&code=00101020126&supplier_code=00100008&order_time=2023-06-19 HTTP/1.1" 200 412
101.83.241.65 - - [22/Jun/2023:11:15:28 +0800] "GET /xingrg/all/function/internal_message.html?_=1687403727646&CODE_STATE=getMsg HTTP/1.1" 200 27
124.77.240.39 - - [22/Jun/2023:11:15:30 +0800] "GET /xingrg/all/function/internal_message.html?_=1687403743678&CODE_STATE=getMsg HTTP/1.1" 200 27
101.83.145.52 - - [22/Jun/2023:11:15:32 +0800] "GET /xingrg/all/function/internal_message.html?_=1687403733724&CODE_STATE=getMsg HTTP/1.1" 200 27
114.83.217.23 - - [22/Jun/2023:11:15:33 +0800] "GET /xingrg/kc/buy/cgsh_order_operate.html?command=get_materiel&rest_code=00154&code=00101008354&supplier_code=00100417&order_time=2023-06-22 HTTP/1.1" 200 412
180.163.29.206 - - [22/Jun/2023:11:15:34 +0800] "GET /xingrg/all/function/internal_message.html?_=1687403671398&CODE_STATE=getMsg HTTP/1.1" 302 -
180.163.29.206 - - [22/Jun/2023:11:15:34 +0800] "GET /xingrg/login.html HTTP/1.1" 200 7641
101.83.241.65 - - [22/Jun/2023:11:15:34 +0800] "GET /xingrg/kc/base/wldb_order_operate.html?command=get_materiel&rest_code=00149&base_code=0010407&code=00101033002 HTTP/1.1" 200 451
180.169.147.146 - - [22/Jun/2023:11:15:36 +0800] "GET /xingrg/all/function/internal_message.html?_=1687403735537&CODE_STATE=getMsg HTTP/1.1" 200 27
180.169.147.146 - - [22/Jun/2023:11:15:36 +0800] "GET /xingrg/check_reg.html?_=1687403735544 HTTP/1.1" 200 22
222.67.234.146 - - [22/Jun/2023:11:15:38 +0800] "GET /xingrg/kc/buy/cgsh_order_operate.html?command=get_materiel&rest_code=00141&code=00101008223&supplier_code=00100007&order_time=2023-06-22 HTTP/1.1" 200 412
180.169.147.146 - - [22/Jun/2023:11:15:39 +0800] "GET /xingrg/kc/buy/cgsh_order_operate.html?command=get_materiel&rest_code=00147&code=00101008264&supplier_code=00100007&order_time=2023-06-22 HTTP/1.1" 200 412
101.83.145.52 - - [22/Jun/2023:11:15:39 +0800] "GET /xingrg/all/function/internal_message.html?_=1687403562510&CODE_STATE=getMsg HTTP/1.1" 200 27
114.85.115.2 - - [22/Jun/2023:11:15:41 +0800] "GET /xingrg/all/function/internal_message.html?_=1687403759438&CODE_STATE=getMsg HTTP/1.1" 200 27
114.85.115.2 - - [22/Jun/2023:11:15:42 +0800] "GET /xingrg/all/function/internal_message.html?_=1687403742025&CODE_STATE=getMsg HTTP/1.1" 200 27
114.85.115.2 - - [22/Jun/2023:11:15:44 +0800] "GET /xingrg/check_reg.html?_=1687403743207 HTTP/1.1" 200 22
101.83.241.65 - - [22/Jun/2023:11:15:45 +0800] "POST /xingrg/all/common/load_select.html HTTP/1.1" 200 25
101.83.241.65 - - [22/Jun/2023:11:15:48 +0800] "GET /xingrg/kc/base/wldb_order_operate.html?command=get_materiel_price&rest_code=00149&base_code=0010407&code=00101033002&unit_code=00100409 HTTP/1.1" 200 35
101.229.22.40 - - [22/Jun/2023:11:15:51 +0800] "GET /xingrg/all/function/internal_message.html?_=1687403751819&CODE_STATE=getMsg HTTP/1.1" 200 27
222.70.114.12 - - [22/Jun/2023:11:15:54 +0800] "GET /xingrg/all/function/internal_message.html?_=1687403762170&CODE_STATE=getMsg HTTP/1.1" 302 -
114.85.115.2 - - [22/Jun/2023:11:15:55 +0800] "POST /xingrg/kc/buy/cgsh_order_operate.html HTTP/1.1" 200 37
180.164.3.199 - - [22/Jun/2023:11:15:58 +0800] "GET /xingrg/all/function/internal_message.html?_=1687403758859&CODE_STATE=getMsg HTTP/1.1" 200 27
180.169.147.146 - - [22/Jun/2023:11:15:59 +0800] "GET /xingrg/kc/buy/cgsh_order_operate.html?command=get_materiel&rest_code=00147&code=00101015004&supplier_code=00100007&order_time=2023-06-22 HTTP/1.1" 200 409
114.83.217.23 - - [22/Jun/2023:11:15:59 +0800] "GET /xingrg/kc/buy/cgsh_order_operate.html?command=get_materiel&rest_code=00154&code=00101008057&supplier_code=00100417&order_time=2023-06-22 HTTP/1.1" 200 409
101.83.241.65 - - [22/Jun/2023:11:15:59 +0800] "GET /xingrg/kc/base/wldb_order_operate.html?command=get_materiel&rest_code=00149&base_code=0010407&code=00101033005 HTTP/1.1" 200 451
180.164.3.199 - - [22/Jun/2023:11:15:59 +0800] "GET /xingrg/check_reg.html?_=1687403759685 HTTP/1.1" 200 22
116.238.191.126 - - [22/Jun/2023:11:16:01 +0800] "GET /xingrg/all/function/internal_message.html?_=1687403760847&CODE_STATE=getMsg HTTP/1.1" 200 27
222.70.180.90 - - [22/Jun/2023:11:16:03 +0800] "GET /xingrg/check_reg.html?_=1687403760927 HTTP/1.1" 200 22
222.70.180.90 - - [22/Jun/2023:11:16:03 +0800] "GET /xingrg/all/function/internal_message.html?_=1687403760924&CODE_STATE=getMsg HTTP/1.1" 200 27
116.232.195.127 - - [22/Jun/2023:11:16:04 +0800] "GET /xingrg/all/function/internal_message.html?_=1687403762021&CODE_STATE=getMsg HTTP/1.1" 200 27
120.253.135.82 - - [22/Jun/2023:11:16:08 +0800] "GET /xingrg/check_reg.html?_=1687403600655 HTTP/1.1" 200 22
61.170.233.201 - - [22/Jun/2023:11:16:09 +0800] "GET /xingrg/check_reg.html?_=1687403770771 HTTP/1.1" 200 22
61.170.233.201 - - [22/Jun/2023:11:16:09 +0800] "GET /xingrg/all/function/internal_message.html?_=1687403770773&CODE_STATE=getMsg HTTP/1.1" 200 27
114.83.217.23 - - [22/Jun/2023:11:16:10 +0800] "GET /xingrg/all/function/internal_message.html?_=1687403880297&CODE_STATE=getMsg HTTP/1.1" 200 27
