101.229.22.40 - - [22/Jun/2023:10:37:51 +0800] "GET /xingrg/all/function/internal_message.html?_=1687401471761&CODE_STATE=getMsg HTTP/1.1" 200 27
124.77.240.39 - - [22/Jun/2023:10:37:52 +0800] "GET /favicon.ico HTTP/1.1" 404 -
116.238.191.126 - - [22/Jun/2023:10:37:53 +0800] "GET /xingrg/all/function/internal_message.html?_=1687401472933&CODE_STATE=getMsg HTTP/1.1" 200 27
222.70.114.12 - - [22/Jun/2023:10:37:54 +0800] "GET /xingrg/all/function/internal_message.html?_=1687401482062&CODE_STATE=getMsg HTTP/1.1" 200 27
222.70.114.12 - - [22/Jun/2023:10:37:54 +0800] "GET /xingrg/check_reg.html?_=1687401482063 HTTP/1.1" 200 22
124.77.240.39 - - [22/Jun/2023:10:37:55 +0800] "POST /xingrg/login.do HTTP/1.1" 302 -
124.77.240.39 - - [22/Jun/2023:10:37:55 +0800] "GET /xingrg/index.html?sysBaseUrl=http%3A%2F%2F180.169.147.146%3A18081%2Fxingrg%2F&costTime=1578×tamp=1687401475278 HTTP/1.1" 200 17179
124.77.240.39 - - [22/Jun/2023:10:37:55 +0800] "GET /xingrg/javascript/jquery_easy_ui/themes/default/easyui.css HTTP/1.1" 304 -
124.77.240.39 - - [22/Jun/2023:10:37:55 +0800] "GET /xingrg/javascript/jquery_easy_ui/jquery.easyui.min.js HTTP/1.1" 304 -
124.77.240.39 - - [22/Jun/2023:10:37:55 +0800] "GET /xingrg/javascript/jquery_easy_ui/themes/icon.css HTTP/1.1" 304 -
124.77.240.39 - - [22/Jun/2023:10:37:55 +0800] "GET /xingrg/javascript/jquery-1.4.2.min.js HTTP/1.1" 304 -
124.77.240.39 - - [22/Jun/2023:10:37:55 +0800] "GET /xingrg/css/form.css HTTP/1.1" 304 -
124.77.240.39 - - [22/Jun/2023:10:37:55 +0800] "GET /xingrg/javascript/jquery_easy_ui/easyui-lang-zh_CN.js HTTP/1.1" 304 -
124.77.240.39 - - [22/Jun/2023:10:37:55 +0800] "GET /xingrg/javascript/jquery.form.js HTTP/1.1" 304 -
124.77.240.39 - - [22/Jun/2023:10:37:55 +0800] "GET /xingrg/javascript/jquery.utils.js HTTP/1.1" 304 -
124.77.240.39 - - [22/Jun/2023:10:37:55 +0800] "GET /xingrg/javascript/jquery.timers.js HTTP/1.1" 304 -
124.77.240.39 - - [22/Jun/2023:10:37:55 +0800] "GET /favicon.ico HTTP/1.1" 404 -
124.77.240.39 - - [22/Jun/2023:10:37:55 +0800] "GET /xingrg/all/function/internal_message.html?_=1687401489161&CODE_STATE=count HTTP/1.1" 200 11
124.77.240.39 - - [22/Jun/2023:10:37:55 +0800] "GET /xingrg/check_reg.html?_=1687401489162 HTTP/1.1" 200 22
124.77.240.39 - - [22/Jun/2023:10:37:55 +0800] "POST /xingrg/all/common/load_tree.html?tree=area_rest_tree_json&manage=1 HTTP/1.1" 200 479
116.238.191.126 - - [22/Jun/2023:10:37:55 +0800] "POST /xingrg/kc/buy/cgsh_order_operate.html HTTP/1.1" 200 12
124.77.240.39 - - [22/Jun/2023:10:37:56 +0800] "POST /xingrg/load_menu.html HTTP/1.1" 200 5138
116.238.191.126 - - [22/Jun/2023:10:37:58 +0800] "GET /xingrg/kc/buy/cgsh_order_info.html?code=212023062207858 HTTP/1.1" 200 66589
116.238.191.126 - - [22/Jun/2023:10:37:59 +0800] "GET /xingrg/words/20230622091157_words.js HTTP/1.1" 304 -
116.238.191.126 - - [22/Jun/2023:10:37:59 +0800] "GET /xingrg/javascript/easyui/themes/default/validatebox.css HTTP/1.1" 404 1104
180.164.3.199 - - [22/Jun/2023:10:37:59 +0800] "GET /xingrg/all/function/internal_message.html?_=1687401479596&CODE_STATE=getMsg HTTP/1.1" 200 27
116.238.191.126 - - [22/Jun/2023:10:38:00 +0800] "POST /xingrg/kc/buy/cgsh_order_operate.html HTTP/1.1" 200 38440
222.70.180.90 - - [22/Jun/2023:10:38:03 +0800] "GET /xingrg/all/function/internal_message.html?_=1687401480861&CODE_STATE=getMsg HTTP/1.1" 200 27
114.83.217.23 - - [22/Jun/2023:10:38:03 +0800] "GET /xingrg/all/function/internal_message.html?_=1687401593648&CODE_STATE=getMsg HTTP/1.1" 200 27
61.170.233.201 - - [22/Jun/2023:10:38:08 +0800] "POST /xingrg/all/common/load_combo.html?type=base HTTP/1.1" 200 3227
61.170.233.201 - - [22/Jun/2023:10:38:09 +0800] "GET /xingrg/all/function/internal_message.html?_=1687401490676&CODE_STATE=getMsg HTTP/1.1" 200 27
116.238.191.126 - - [22/Jun/2023:10:38:10 +0800] "GET /xingrg/check_reg.html?_=1687401417598 HTTP/1.1" 200 22
120.253.135.82 - - [22/Jun/2023:10:38:12 +0800] "GET /xingrg/all/function/internal_message.html?_=1687401324835&CODE_STATE=getMsg HTTP/1.1" 200 27
101.83.145.52 - - [22/Jun/2023:10:38:13 +0800] "GET /xingrg/kc/buy/cgsh_order_operate.html?command=get_materiel&rest_code=00105&code=00101008149&supplier_code=00100203&order_time=2023-06-22 HTTP/1.1" 200 408
124.77.240.39 - - [22/Jun/2023:10:38:13 +0800] "GET /xingrg/kc/buy/cgsh_order_list.html HTTP/1.1" 200 55860
124.77.240.39 - - [22/Jun/2023:10:38:13 +0800] "GET /xingrg/css/site.css HTTP/1.1" 304 -
124.77.240.39 - - [22/Jun/2023:10:38:13 +0800] "GET /xingrg/javascript/jquery_tools/datebox.css HTTP/1.1" 304 -
124.77.240.39 - - [22/Jun/2023:10:38:13 +0800] "GET /xingrg/javascript/easyui/themes/icon.css HTTP/1.1" 304 -
124.77.240.39 - - [22/Jun/2023:10:38:13 +0800] "GET /xingrg/javascript/easyui/themes/default/easyui.css HTTP/1.1" 304 -
124.77.240.39 - - [22/Jun/2023:10:38:13 +0800] "GET /xingrg/javascript/auto/jquery.autocomplete.css HTTP/1.1" 304 -
124.77.240.39 - - [22/Jun/2023:10:38:13 +0800] "GET /xingrg/css/base.css HTTP/1.1" 304 -
124.77.240.39 - - [22/Jun/2023:10:38:13 +0800] "GET /xingrg/javascript/jquery_tools/table.css HTTP/1.1" 304 -
124.77.240.39 - - [22/Jun/2023:10:38:13 +0800] "GET /xingrg/javascript/jquery_tools/jquery.tools.hotkey.js HTTP/1.1" 304 -
124.77.240.39 - - [22/Jun/2023:10:38:13 +0800] "GET /xingrg/javascript/jquery_tools/list_manager.js HTTP/1.1" 304 -
124.77.240.39 - - [22/Jun/2023:10:38:13 +0800] "GET /xingrg/javascript/jquery_tools/fix.css HTTP/1.1" 304 -
124.77.240.39 - - [22/Jun/2023:10:38:13 +0800] "GET /xingrg/javascript/jquery_tools/jquery.tools.min.js HTTP/1.1" 304 -
124.77.240.39 - - [22/Jun/2023:10:38:13 +0800] "GET /xingrg/javascript/auto/jquery.autocomplete.js HTTP/1.1" 304 -
124.77.240.39 - - [22/Jun/2023:10:38:13 +0800] "GET /xingrg/javascript/easyui/easyloader.js HTTP/1.1" 304 -
124.77.240.39 - - [22/Jun/2023:10:38:13 +0800] "GET /xingrg/javascript/jquery.cookie.js HTTP/1.1" 304 -
124.77.240.39 - - [22/Jun/2023:10:38:13 +0800] "GET /xingrg/javascript/jquery_tools/jquery.tools.extend.js HTTP/1.1" 304 -
124.77.240.39 - - [22/Jun/2023:10:38:13 +0800] "GET /xingrg/javascript/jquery_tools/jquery.tools.table.js HTTP/1.1" 304 -
124.77.240.39 - - [22/Jun/2023:10:38:13 +0800] "GET /xingrg/javascript/print/LodopFuncs.js HTTP/1.1" 304 -
124.77.240.39 - - [22/Jun/2023:10:38:13 +0800] "GET /xingrg/javascript/easyui/plugins/jquery.parser.js HTTP/1.1" 304 -
124.79.241.217 - - [22/Jun/2023:10:38:14 +0800] "GET /xingrg/all/function/internal_message.html?_=1687401493083&CODE_STATE=getMsg HTTP/1.1" 302 -
58.40.7.146 - - [22/Jun/2023:10:38:15 +0800] "GET /xingrg/all/function/internal_message.html?_=1687401495827&CODE_STATE=getMsg HTTP/1.1" 200 27
116.232.195.127 - - [22/Jun/2023:10:38:15 +0800] "GET /xingrg/all/function/internal_message.html?_=1687401495872&CODE_STATE=getMsg HTTP/1.1" 200 27
222.67.234.146 - - [22/Jun/2023:10:38:15 +0800] "GET /xingrg/all/function/internal_message.html?_=1687400987897&CODE_STATE=getMsg HTTP/1.1" 200 27
222.67.234.146 - - [22/Jun/2023:10:38:16 +0800] "GET /xingrg/check_reg.html?_=1687400988067 HTTP/1.1" 200 22
116.238.191.126 - - [22/Jun/2023:10:38:16 +0800] "POST /xingrg/kc/buy/cgsh_order_operate.html HTTP/1.1" 200 12
116.238.191.126 - - [22/Jun/2023:10:38:19 +0800] "GET /xingrg/kc/buy/cgsh_order_info.html?code=212023062207858 HTTP/1.1" 200 71689
124.77.240.39 - - [22/Jun/2023:10:38:19 +0800] "POST /xingrg/kc/buy/cgsh_list_operate.html HTTP/1.1" 200 2297
116.238.191.126 - - [22/Jun/2023:10:38:20 +0800] "GET /xingrg/javascript/easyui/themes/default/validatebox.css HTTP/1.1" 404 1104
101.83.241.65 - - [22/Jun/2023:10:38:20 +0800] "GET /xingrg/kc/buy/cgsh_order_operate.html?command=get_materiel&rest_code=00149&code=00101014031&supplier_code=00100363&order_time=2023-06-22 HTTP/1.1" 200 413
116.238.191.126 - - [22/Jun/2023:10:38:22 +0800] "POST /xingrg/kc/buy/cgsh_order_operate.html HTTP/1.1" 200 40495
116.238.191.126 - - [22/Jun/2023:10:38:23 +0800] "GET /xingrg/all/function/internal_message.html?_=1687401430671&CODE_STATE=getMsg HTTP/1.1" 200 27
180.169.147.146 - - [22/Jun/2023:10:38:27 +0800] "GET /xingrg/all/function/internal_message.html?_=1687401508786&CODE_STATE=getMsg HTTP/1.1" 200 27
101.83.241.65 - - [22/Jun/2023:10:38:29 +0800] "GET /xingrg/all/function/internal_message.html?_=1687401508354&CODE_STATE=getMsg HTTP/1.1" 200 27
101.83.145.52 - - [22/Jun/2023:10:38:31 +0800] "POST /xingrg/kc/buy/cgsh_order_operate.html HTTP/1.1" 200 2065
101.83.145.52 - - [22/Jun/2023:10:38:32 +0800] "GET /xingrg/all/function/internal_message.html?_=1687401513712&CODE_STATE=getMsg HTTP/1.1" 200 27
61.170.233.201 - - [22/Jun/2023:10:38:34 +0800] "GET /xingrg/all/function/internal_message.html?_=1687401511937&CODE_STATE=getMsg HTTP/1.1" 200 27
101.83.145.52 - - [22/Jun/2023:10:38:39 +0800] "GET /xingrg/all/function/internal_message.html?_=1687401342522&CODE_STATE=getMsg HTTP/1.1" 200 27
114.85.115.2 - - [22/Jun/2023:10:38:43 +0800] "GET /xingrg/all/function/internal_message.html?_=1687401522665&CODE_STATE=getMsg HTTP/1.1" 200 27
116.232.195.127 - - [22/Jun/2023:10:38:44 +0800] "GET /xingrg/all/function/internal_message.html?_=1687401521651&CODE_STATE=getMsg HTTP/1.1" 200 27
116.238.191.126 - - [22/Jun/2023:10:38:44 +0800] "POST /xingrg/kc/buy/cgsh_order_operate.html HTTP/1.1" 200 37
124.77.240.39 - - [22/Jun/2023:10:38:47 +0800] "GET /xingrg/kc/buy/cgsh_order_add.html HTTP/1.1" 200 71636
124.77.240.39 - - [22/Jun/2023:10:38:47 +0800] "GET /xingrg/javascript/pic_change.js HTTP/1.1" 304 -
124.77.240.39 - - [22/Jun/2023:10:38:47 +0800] "GET /xingrg/javascript/jquery_tools/order_manager.js HTTP/1.1" 304 -
124.77.240.39 - - [22/Jun/2023:10:38:47 +0800] "GET /xingrg/javascript/convert.js HTTP/1.1" 304 -
124.77.240.39 - - [22/Jun/2023:10:38:47 +0800] "GET /xingrg/javascript/json2.js HTTP/1.1" 304 -
124.77.240.39 - - [22/Jun/2023:10:38:47 +0800] "GET /xingrg/javascript/print/kc_print.js HTTP/1.1" 304 -
124.77.240.39 - - [22/Jun/2023:10:38:47 +0800] "GET /xingrg/words/20230622091157_words.js HTTP/1.1" 304 -
116.238.191.126 - - [22/Jun/2023:10:38:47 +0800] "POST /xingrg/kc/buy/cgsh_order_operate.html HTTP/1.1" 200 40495
124.77.240.39 - - [22/Jun/2023:10:38:47 +0800] "POST /xingrg/kc/buy/cgsh_order_operate.html HTTP/1.1" 200 8245
124.77.240.39 - - [22/Jun/2023:10:38:47 +0800] "GET /xingrg/javascript/easyui/themes/default/validatebox.css HTTP/1.1" 404 1104
124.77.240.39 - - [22/Jun/2023:10:38:47 +0800] "GET /xingrg/javascript/easyui/plugins/jquery.validatebox.js HTTP/1.1" 304 -
124.77.240.39 - - [22/Jun/2023:10:38:47 +0800] "GET /xingrg/all/common/auto_word.html?type=employee&rest_code=00146 HTTP/1.1" 200 101
124.77.240.39 - - [22/Jun/2023:10:38:47 +0800] "GET /xingrg/javascript/easyui/plugins/jquery.numberbox.js HTTP/1.1" 304 -
124.77.240.39 - - [22/Jun/2023:10:38:47 +0800] "GET /xingrg/all/common/auto_word.html?type=employee&rest_code=00146 HTTP/1.1" 200 101
101.229.22.40 - - [22/Jun/2023:10:38:51 +0800] "GET /xingrg/check_reg.html?_=1687401531761 HTTP/1.1" 200 22
101.229.22.40 - - [22/Jun/2023:10:38:51 +0800] "GET /xingrg/all/function/internal_message.html?_=1687401531764&CODE_STATE=getMsg HTTP/1.1" 200 27
222.67.234.146 - - [22/Jun/2023:10:38:52 +0800] "GET /xingrg/kc/buy/cgsh_order_operate.html?command=get_materiel&rest_code=00141&code=00101001075&supplier_code=00100040&order_time=2023-06-22 HTTP/1.1" 200 411
116.238.191.126 - - [22/Jun/2023:10:38:53 +0800] "GET /xingrg/all/function/internal_message.html?_=1687401532996&CODE_STATE=getMsg HTTP/1.1" 200 27
101.83.145.52 - - [22/Jun/2023:10:38:53 +0800] "GET /xingrg/kc/buy/cgsh_order_operate.html?command=get_materiel&rest_code=00105&code=00101008354&supplier_code=00100203&order_time=2023-06-22 HTTP/1.1" 200 412
222.70.114.12 - - [22/Jun/2023:10:38:54 +0800] "GET /xingrg/all/function/internal_message.html?_=1687401542060&CODE_STATE=getMsg HTTP/1.1" 200 27
124.77.240.39 - - [22/Jun/2023:10:38:55 +0800] "GET /xingrg/all/function/internal_message.html?_=1687401549168&CODE_STATE=getMsg HTTP/1.1" 200 27
180.164.3.199 - - [22/Jun/2023:10:38:59 +0800] "GET /xingrg/all/function/internal_message.html?_=1687401539571&CODE_STATE=getMsg HTTP/1.1" 200 27
116.238.191.126 - - [22/Jun/2023:10:39:01 +0800] "POST /xingrg/kc/buy/cgsh_order_operate.html HTTP/1.1" 200 37
222.70.180.90 - - [22/Jun/2023:10:39:03 +0800] "GET /xingrg/all/function/internal_message.html?_=1687401540847&CODE_STATE=getMsg HTTP/1.1" 200 27
114.83.217.23 - - [22/Jun/2023:10:39:03 +0800] "GET /xingrg/all/function/internal_message.html?_=1687401653658&CODE_STATE=getMsg HTTP/1.1" 200 27
101.83.241.65 - - [22/Jun/2023:10:39:05 +0800] "GET /xingrg/kc/buy/cgsh_order_operate.html?command=get_materiel&rest_code=00149&code=00101014131&supplier_code=00100363&order_time=2023-06-22 HTTP/1.1" 200 424
61.170.233.201 - - [22/Jun/2023:10:39:09 +0800] "GET /xingrg/all/function/internal_message.html?_=1687401550675&CODE_STATE=getMsg HTTP/1.1" 200 27
120.253.135.82 - - [22/Jun/2023:10:39:12 +0800] "GET /xingrg/all/function/internal_message.html?_=1687401384993&CODE_STATE=getMsg HTTP/1.1" 200 27
124.79.241.217 - - [22/Jun/2023:10:39:14 +0800] "GET /xingrg/all/function/internal_message.html?_=1687401553071&CODE_STATE=getMsg HTTP/1.1" 302 -
58.40.7.146 - - [22/Jun/2023:10:39:15 +0800] "GET /xingrg/check_reg.html?_=1687401555813 HTTP/1.1" 200 22
58.40.7.146 - - [22/Jun/2023:10:39:15 +0800] "GET /xingrg/all/function/internal_message.html?_=1687401555815&CODE_STATE=getMsg HTTP/1.1" 200 27
116.232.195.127 - - [22/Jun/2023:10:39:15 +0800] "GET /xingrg/check_reg.html?_=1687401555869 HTTP/1.1" 200 22
116.232.195.127 - - [22/Jun/2023:10:39:15 +0800] "GET /xingrg/all/function/internal_message.html?_=1687401555872&CODE_STATE=getMsg HTTP/1.1" 200 27
222.67.234.146 - - [22/Jun/2023:10:39:15 +0800] "GET /xingrg/all/function/internal_message.html?_=1687401047881&CODE_STATE=getMsg HTTP/1.1" 200 27
116.232.195.127 - - [22/Jun/2023:10:39:16 +0800] "GET /xingrg/kc/buy/cgsh_order_operate.html?command=get_materiel&rest_code=00155&code=00101009113&supplier_code=00100037&order_time=2023-06-22 HTTP/1.1" 200 412
116.238.191.126 - - [22/Jun/2023:10:39:20 +0800] "POST /xingrg/kc/buy/cgsh_order_operate.html HTTP/1.1" 200 12
116.238.191.126 - - [22/Jun/2023:10:39:24 +0800] "GET /xingrg/all/function/internal_message.html?_=1687401490684&CODE_STATE=getMsg HTTP/1.1" 200 27
116.238.191.126 - - [22/Jun/2023:10:39:24 +0800] "GET /xingrg/kc/buy/cgsh_order_info.html?code=212023062207858 HTTP/1.1" 200 66589
116.238.191.126 - - [22/Jun/2023:10:39:24 +0800] "GET /xingrg/javascript/easyui/themes/default/validatebox.css HTTP/1.1" 404 1104
180.169.147.146 - - [22/Jun/2023:10:39:27 +0800] "GET /xingrg/all/function/internal_message.html?_=1687401568769&CODE_STATE=getMsg HTTP/1.1" 200 27
101.83.241.65 - - [22/Jun/2023:10:39:29 +0800] "GET /xingrg/all/function/internal_message.html?_=1687401568329&CODE_STATE=getMsg HTTP/1.1" 200 27
222.67.234.146 - - [22/Jun/2023:10:39:31 +0800] "POST /xingrg/kc/buy/cgsh_order_operate.html HTTP/1.1" 200 37
116.238.191.126 - - [22/Jun/2023:10:39:31 +0800] "POST /xingrg/kc/buy/cgsh_order_operate.html HTTP/1.1" 200 38440
101.83.145.52 - - [22/Jun/2023:10:39:32 +0800] "GET /xingrg/all/function/internal_message.html?_=1687401573718&CODE_STATE=getMsg HTTP/1.1" 200 27
61.170.233.201 - - [22/Jun/2023:10:39:34 +0800] "GET /xingrg/all/function/internal_message.html?_=1687401571925&CODE_STATE=getMsg HTTP/1.1" 200 27
101.83.241.65 - - [22/Jun/2023:10:39:36 +0800] "POST /xingrg/kc/buy/cgsh_order_operate.html HTTP/1.1" 200 37
116.238.191.126 - - [22/Jun/2023:10:39:37 +0800] "GET /xingrg/kc/print/load_data.html?order_code=212023062207858&kc_code=cgsh&condition= HTTP/1.1" 200 14993
101.83.145.52 - - [22/Jun/2023:10:39:39 +0800] "GET /xingrg/all/function/internal_message.html?_=1687401402500&CODE_STATE=getMsg HTTP/1.1" 200 27
114.85.115.2 - - [22/Jun/2023:10:39:43 +0800] "GET /xingrg/all/function/internal_message.html?_=1687401582639&CODE_STATE=getMsg HTTP/1.1" 200 27
116.232.195.127 - - [22/Jun/2023:10:39:44 +0800] "GET /xingrg/all/function/internal_message.html?_=1687401581622&CODE_STATE=getMsg HTTP/1.1" 200 27
116.232.195.127 - - [22/Jun/2023:10:39:45 +0800] "GET /xingrg/kc/buy/cgsh_order_operate.html?command=get_materiel&rest_code=00155&code=00101013017&supplier_code=00100037&order_time=2023-06-22 HTTP/1.1" 200 432
116.238.191.126 - - [22/Jun/2023:10:39:46 +0800] "POST /xingrg/all/user/operate.html HTTP/1.1" 200 36
116.238.191.126 - - [22/Jun/2023:10:39:46 +0800] "GET /xingrg/index.html?sysBaseUrl=http%3A%2F%2F180.169.147.146%3A18081%2Fxingrg%2F&costTime=1614×tamp=1687397150236 HTTP/1.1" 200 17177
116.238.191.126 - - [22/Jun/2023:10:39:46 +0800] "GET /xingrg/javascript/jquery_easy_ui/themes/default/easyui.css HTTP/1.1" 304 -
116.238.191.126 - - [22/Jun/2023:10:39:46 +0800] "GET /xingrg/javascript/jquery_easy_ui/themes/icon.css HTTP/1.1" 304 -
116.238.191.126 - - [22/Jun/2023:10:39:46 +0800] "GET /xingrg/css/form.css HTTP/1.1" 304 -
116.238.191.126 - - [22/Jun/2023:10:39:46 +0800] "GET /xingrg/javascript/jquery-1.4.2.min.js HTTP/1.1" 304 -
116.238.191.126 - - [22/Jun/2023:10:39:46 +0800] "GET /xingrg/javascript/jquery_easy_ui/jquery.easyui.min.js HTTP/1.1" 304 -
116.238.191.126 - - [22/Jun/2023:10:39:46 +0800] "GET /xingrg/javascript/jquery_easy_ui/easyui-lang-zh_CN.js HTTP/1.1" 304 -
116.238.191.126 - - [22/Jun/2023:10:39:46 +0800] "GET /xingrg/javascript/jquery.form.js HTTP/1.1" 304 -
116.238.191.126 - - [22/Jun/2023:10:39:46 +0800] "GET /xingrg/javascript/jquery.utils.js HTTP/1.1" 304 -
116.238.191.126 - - [22/Jun/2023:10:39:46 +0800] "GET /xingrg/javascript/jquery.timers.js HTTP/1.1" 304 -
116.238.191.126 - - [22/Jun/2023:10:39:46 +0800] "GET /xingrg/images/blue/jxLogo.png HTTP/1.1" 304 -
116.238.191.126 - - [22/Jun/2023:10:39:46 +0800] "GET /xingrg/javascript/jquery_easy_ui/themes/icons/settle_new.png HTTP/1.1" 304 -
116.238.191.126 - - [22/Jun/2023:10:39:46 +0800] "GET /xingrg/images/blue/navBackgound.jpg HTTP/1.1" 304 -
116.238.191.126 - - [22/Jun/2023:10:39:46 +0800] "GET /xingrg/all/function/internal_message.html?_=1687401586375&CODE_STATE=count HTTP/1.1" 200 11
116.238.191.126 - - [22/Jun/2023:10:39:46 +0800] "GET /xingrg/check_reg.html?_=1687401586377 HTTP/1.1" 200 22
116.238.191.126 - - [22/Jun/2023:10:39:46 +0800] "GET /xingrg/images/blue/pingpu.png HTTP/1.1" 304 -
116.238.191.126 - - [22/Jun/2023:10:39:46 +0800] "GET /xingrg/javascript/jquery_easy_ui/themes/default/images/tabs_rightarrow.png HTTP/1.1" 304 -
116.238.191.126 - - [22/Jun/2023:10:39:46 +0800] "GET /xingrg/javascript/jquery_easy_ui/themes/default/images/panel_tool_collapse.gif HTTP/1.1" 304 -
116.238.191.126 - - [22/Jun/2023:10:39:46 +0800] "GET /xingrg/javascript/jquery_easy_ui/themes/default/images/tabs_leftarrow.png HTTP/1.1" 304 -
116.238.191.126 - - [22/Jun/2023:10:39:46 +0800] "POST /xingrg/all/common/load_tree.html?tree=area_rest_tree_json&manage=1 HTTP/1.1" 200 476
116.238.191.126 - - [22/Jun/2023:10:39:47 +0800] "POST /xingrg/load_menu.html HTTP/1.1" 200 5138
101.83.241.65 - - [22/Jun/2023:10:39:47 +0800] "POST /xingrg/kc/buy/cgsh_order_operate.html HTTP/1.1" 200 12
116.238.191.126 - - [22/Jun/2023:10:39:49 +0800] "GET /xingrg/kc/buy/cgsh_order_list.html HTTP/1.1" 200 55858
101.229.22.40 - - [22/Jun/2023:10:39:51 +0800] "GET /xingrg/all/function/internal_message.html?_=1687401591764&CODE_STATE=getMsg HTTP/1.1" 200 27
116.238.191.126 - - [22/Jun/2023:10:39:53 +0800] "POST /xingrg/kc/buy/cgsh_list_operate.html HTTP/1.1" 200 986
222.70.114.12 - - [22/Jun/2023:10:39:54 +0800] "GET /xingrg/all/function/internal_message.html?_=1687401602076&CODE_STATE=getMsg HTTP/1.1" 200 27
124.77.240.39 - - [22/Jun/2023:10:39:55 +0800] "GET /xingrg/all/function/internal_message.html?_=1687401609189&CODE_STATE=getMsg HTTP/1.1" 200 27
180.164.3.199 - - [22/Jun/2023:10:39:59 +0800] "GET /xingrg/all/function/internal_message.html?_=1687401599546&CODE_STATE=getMsg HTTP/1.1" 200 27
222.70.180.90 - - [22/Jun/2023:10:40:03 +0800] "GET /xingrg/all/function/internal_message.html?_=1687401600847&CODE_STATE=getMsg HTTP/1.1" 200 27
116.232.195.127 - - [22/Jun/2023:10:40:03 +0800] "GET /xingrg/kc/buy/cgsh_order_operate.html?command=get_materiel&rest_code=00155&code=00101016030&supplier_code=00100037&order_time=2023-06-22 HTTP/1.1" 200 412
114.83.217.23 - - [22/Jun/2023:10:40:03 +0800] "GET /xingrg/all/function/internal_message.html?_=1687401713658&CODE_STATE=getMsg HTTP/1.1" 200 27
61.170.233.201 - - [22/Jun/2023:10:40:09 +0800] "GET /xingrg/all/function/internal_message.html?_=1687401610667&CODE_STATE=getMsg HTTP/1.1" 200 27
120.253.135.82 - - [22/Jun/2023:10:40:12 +0800] "GET /xingrg/all/function/internal_message.html?_=1687401445003&CODE_STATE=getMsg HTTP/1.1" 200 27
180.164.3.199 - - [22/Jun/2023:10:40:12 +0800] "GET /favicon.ico HTTP/1.1" 404 -
101.83.241.65 - - [22/Jun/2023:10:40:13 +0800] "GET /xingrg/kc/buy/cgsh_order_info.html?code=212023062207878 HTTP/1.1" 200 66639
101.83.145.52 - - [22/Jun/2023:10:40:13 +0800] "GET /xingrg/kc/buy/cgsh_order_operate.html?command=get_materiel&rest_code=00105&code=00101008502&supplier_code=00100203&order_time=2023-06-22 HTTP/1.1" 200 412
124.79.241.217 - - [22/Jun/2023:10:40:15 +0800] "GET /xingrg/all/function/internal_message.html?_=1687401613091&CODE_STATE=getMsg HTTP/1.1" 302 -
124.79.241.217 - - [22/Jun/2023:10:40:15 +0800] "GET /xingrg/check_reg.html?_=1687401613098 HTTP/1.1" 302 -
58.40.7.146 - - [22/Jun/2023:10:40:15 +0800] "GET /xingrg/all/function/internal_message.html?_=1687401615815&CODE_STATE=getMsg HTTP/1.1" 200 27
116.232.195.127 - - [22/Jun/2023:10:40:15 +0800] "GET /xingrg/all/function/internal_message.html?_=1687401615872&CODE_STATE=getMsg HTTP/1.1" 200 27
101.83.241.65 - - [22/Jun/2023:10:40:16 +0800] "GET /xingrg/javascript/easyui/themes/default/validatebox.css HTTP/1.1" 404 1104
101.83.241.65 - - [22/Jun/2023:10:40:18 +0800] "POST /xingrg/kc/buy/cgsh_order_operate.html HTTP/1.1" 200 620
116.232.195.127 - - [22/Jun/2023:10:40:21 +0800] "GET /xingrg/kc/buy/cgsh_order_operate.html?command=get_materiel&rest_code=00155&code=00101028026&supplier_code=00100037&order_time=2023-06-22 HTTP/1.1" 200 442
124.77.240.39 - - [22/Jun/2023:10:40:23 +0800] "GET /favicon.ico HTTP/1.1" 404 -
116.238.191.126 - - [22/Jun/2023:10:40:24 +0800] "GET /xingrg/all/function/internal_message.html?_=1687401550710&CODE_STATE=getMsg HTTP/1.1" 200 27
180.169.147.146 - - [22/Jun/2023:10:40:27 +0800] "GET /xingrg/all/function/internal_message.html?_=1687401628752&CODE_STATE=getMsg HTTP/1.1" 200 27
101.83.241.65 - - [22/Jun/2023:10:40:29 +0800] "GET /xingrg/all/function/internal_message.html?_=1687401628406&CODE_STATE=getMsg HTTP/1.1" 200 27
101.83.241.65 - - [22/Jun/2023:10:40:32 +0800] "GET /xingrg/kc/print/load_data.html?order_code=212023062207878&kc_code=cgsh&condition= HTTP/1.1" 200 729
101.83.145.52 - - [22/Jun/2023:10:40:32 +0800] "GET /xingrg/all/function/internal_message.html?_=1687401633717&CODE_STATE=getMsg HTTP/1.1" 200 27
61.170.233.201 - - [22/Jun/2023:10:40:34 +0800] "GET /xingrg/all/function/internal_message.html?_=1687401631896&CODE_STATE=getMsg HTTP/1.1" 200 27
101.83.145.52 - - [22/Jun/2023:10:40:39 +0800] "GET /xingrg/all/function/internal_message.html?_=1687401462513&CODE_STATE=getMsg HTTP/1.1" 200 27
114.85.115.2 - - [22/Jun/2023:10:40:43 +0800] "GET /xingrg/all/function/internal_message.html?_=1687401642616&CODE_STATE=getMsg HTTP/1.1" 200 27
114.85.115.2 - - [22/Jun/2023:10:40:44 +0800] "GET /xingrg/check_reg.html?_=1687401643205 HTTP/1.1" 200 22
116.232.195.127 - - [22/Jun/2023:10:40:44 +0800] "GET /xingrg/all/function/internal_message.html?_=1687401641607&CODE_STATE=getMsg HTTP/1.1" 200 27
116.238.191.126 - - [22/Jun/2023:10:40:46 +0800] "GET /xingrg/all/function/internal_message.html?_=1687401646390&CODE_STATE=getMsg HTTP/1.1" 200 27
101.229.22.40 - - [22/Jun/2023:10:40:51 +0800] "GET /xingrg/all/function/internal_message.html?_=1687401651764&CODE_STATE=getMsg HTTP/1.1" 200 27
222.70.114.12 - - [22/Jun/2023:10:40:54 +0800] "GET /xingrg/all/function/internal_message.html?_=1687401662088&CODE_STATE=getMsg HTTP/1.1" 200 27
124.77.240.39 - - [22/Jun/2023:10:40:55 +0800] "GET /xingrg/all/function/internal_message.html?_=1687401669193&CODE_STATE=getMsg HTTP/1.1" 200 27
180.164.3.199 - - [22/Jun/2023:10:40:59 +0800] "GET /xingrg/all/function/internal_message.html?_=1687401659527&CODE_STATE=getMsg HTTP/1.1" 200 27
180.164.3.199 - - [22/Jun/2023:10:40:59 +0800] "GET /xingrg/check_reg.html?_=1687401659765 HTTP/1.1" 200 22
222.70.180.90 - - [22/Jun/2023:10:41:03 +0800] "GET /xingrg/all/function/internal_message.html?_=1687401660848&CODE_STATE=getMsg HTTP/1.1" 200 27
222.70.180.90 - - [22/Jun/2023:10:41:03 +0800] "GET /xingrg/check_reg.html?_=1687401660850 HTTP/1.1" 200 22
114.83.217.23 - - [22/Jun/2023:10:41:03 +0800] "GET /xingrg/check_reg.html?_=1687401773647 HTTP/1.1" 200 22
114.83.217.23 - - [22/Jun/2023:10:41:03 +0800] "GET /xingrg/all/function/internal_message.html?_=1687401773649&CODE_STATE=getMsg HTTP/1.1" 200 27
101.83.145.52 - - [22/Jun/2023:10:41:04 +0800] "GET /xingrg/kc/buy/cgsh_order_operate.html?command=get_materiel&rest_code=00105&code=00101008333&supplier_code=00100203&order_time=2023-06-22 HTTP/1.1" 200 412
120.253.135.82 - - [22/Jun/2023:10:41:07 +0800] "GET /xingrg/check_reg.html?_=1687401500167 HTTP/1.1" 200 22
61.170.233.201 - - [22/Jun/2023:10:41:09 +0800] "GET /xingrg/check_reg.html?_=1687401670664 HTTP/1.1" 200 22
61.170.233.201 - - [22/Jun/2023:10:41:09 +0800] "GET /xingrg/all/function/internal_message.html?_=1687401670667&CODE_STATE=getMsg HTTP/1.1" 200 27
120.253.135.82 - - [22/Jun/2023:10:41:12 +0800] "GET /xingrg/all/function/internal_message.html?_=1687401505016&CODE_STATE=getMsg HTTP/1.1" 200 27
116.238.191.126 - - [22/Jun/2023:10:41:14 +0800] "GET /xingrg/kc/buy/cgsh_order_add.html HTTP/1.1" 200 71234
124.79.241.217 - - [22/Jun/2023:10:41:14 +0800] "GET /xingrg/all/function/internal_message.html?_=1687401673085&CODE_STATE=getMsg HTTP/1.1" 302 -
116.238.191.126 - - [22/Jun/2023:10:41:15 +0800] "POST /xingrg/kc/buy/cgsh_order_operate.html HTTP/1.1" 200 8245
116.238.191.126 - - [22/Jun/2023:10:41:15 +0800] "GET /xingrg/javascript/easyui/themes/default/validatebox.css HTTP/1.1" 404 1104
116.238.191.126 - - [22/Jun/2023:10:41:15 +0800] "GET /xingrg/all/common/auto_word.html?type=employee&rest_code=00151 HTTP/1.1" 200 293
116.238.191.126 - - [22/Jun/2023:10:41:15 +0800] "GET /xingrg/all/common/auto_word.html?type=employee&rest_code=00151 HTTP/1.1" 200 293
58.40.7.146 - - [22/Jun/2023:10:41:15 +0800] "GET /xingrg/all/function/internal_message.html?_=1687401675818&CODE_STATE=getMsg HTTP/1.1" 200 27
116.232.195.127 - - [22/Jun/2023:10:41:15 +0800] "GET /xingrg/all/function/internal_message.html?_=1687401675867&CODE_STATE=getMsg HTTP/1.1" 200 27
116.238.191.126 - - [22/Jun/2023:10:41:16 +0800] "GET /xingrg/javascript/auto/indicator.gif HTTP/1.1" 404 1066
101.83.145.52 - - [22/Jun/2023:10:41:22 +0800] "GET /xingrg/kc/buy/cgsh_order_operate.html?command=get_materiel&rest_code=00105&code=00101008064&supplier_code=00100203&order_time=2023-06-22 HTTP/1.1" 200 412
101.83.241.65 - - [22/Jun/2023:10:41:23 +0800] "GET /xingrg/kc/mdqp/qqps_order_list.html HTTP/1.1" 200 9222
101.83.241.65 - - [22/Jun/2023:10:41:23 +0800] "GET /xingrg/dwr/interface/AjaxQqpsService.js HTTP/1.1" 200 16326
101.83.241.65 - - [22/Jun/2023:10:41:23 +0800] "GET /xingrg/dwr/interface/AjaxReportQueryService.js HTTP/1.1" 200 13203
101.83.241.65 - - [22/Jun/2023:10:41:23 +0800] "GET /xingrg/dwr/engine.js HTTP/1.1" 200 43631
101.83.241.65 - - [22/Jun/2023:10:41:24 +0800] "GET /xingrg/dwr/util.js HTTP/1.1" 304 -
116.238.191.126 - - [22/Jun/2023:10:41:24 +0800] "GET /xingrg/all/function/internal_message.html?_=1687401610726&CODE_STATE=getMsg HTTP/1.1" 200 27
101.83.145.52 - - [22/Jun/2023:10:41:26 +0800] "POST /xingrg/kc/buy/cgsh_order_operate.html HTTP/1.1" 200 2065
180.169.147.146 - - [22/Jun/2023:10:41:27 +0800] "GET /xingrg/all/function/internal_message.html?_=1687401688735&CODE_STATE=getMsg HTTP/1.1" 200 27
116.238.191.126 - - [22/Jun/2023:10:41:27 +0800] "GET /xingrg/kc/buy/cgsh_order_operate.html?command=get_materiel&rest_code=00151&code=00101008350&supplier_code=00100008&order_time=2023-06-22 HTTP/1.1" 200 408
180.169.147.146 - - [22/Jun/2023:10:41:28 +0800] "GET /xingrg/check_reg.html?_=1687401689656 HTTP/1.1" 200 22
101.83.241.65 - - [22/Jun/2023:10:41:29 +0800] "GET /xingrg/all/function/internal_message.html?_=1687401688283&CODE_STATE=getMsg HTTP/1.1" 200 27
101.83.145.52 - - [22/Jun/2023:10:41:32 +0800] "GET /xingrg/all/function/internal_message.html?_=1687401693714&CODE_STATE=getMsg HTTP/1.1" 200 27
61.170.233.201 - - [22/Jun/2023:10:41:34 +0800] "GET /xingrg/all/function/internal_message.html?_=1687401691880&CODE_STATE=getMsg HTTP/1.1" 200 27
61.170.233.201 - - [22/Jun/2023:10:41:35 +0800] "GET /xingrg/check_reg.html?_=1687401693198 HTTP/1.1" 200 22
101.83.145.52 - - [22/Jun/2023:10:41:39 +0800] "GET /xingrg/all/function/internal_message.html?_=1687401522474&CODE_STATE=getMsg HTTP/1.1" 200 27
114.85.115.2 - - [22/Jun/2023:10:41:43 +0800] "GET /xingrg/all/function/internal_message.html?_=1687401702603&CODE_STATE=getMsg HTTP/1.1" 200 27
116.232.195.127 - - [22/Jun/2023:10:41:44 +0800] "GET /xingrg/all/function/internal_message.html?_=1687401701584&CODE_STATE=getMsg HTTP/1.1" 200 27
116.238.191.126 - - [22/Jun/2023:10:41:46 +0800] "GET /xingrg/all/function/internal_message.html?_=1687401706391&CODE_STATE=getMsg HTTP/1.1" 200 27
101.229.22.40 - - [22/Jun/2023:10:41:51 +0800] "GET /xingrg/all/function/internal_message.html?_=1687401711764&CODE_STATE=getMsg HTTP/1.1" 200 27
222.70.114.12 - - [22/Jun/2023:10:41:54 +0800] "GET /xingrg/all/function/internal_message.html?_=1687401722089&CODE_STATE=getMsg HTTP/1.1" 200 27
124.77.240.39 - - [22/Jun/2023:10:41:55 +0800] "GET /xingrg/all/function/internal_message.html?_=1687401729215&CODE_STATE=getMsg HTTP/1.1" 200 27
180.164.3.199 - - [22/Jun/2023:10:41:59 +0800] "GET /xingrg/all/function/internal_message.html?_=1687401719508&CODE_STATE=getMsg HTTP/1.1" 200 27
222.70.180.90 - - [22/Jun/2023:10:42:03 +0800] "GET /xingrg/all/function/internal_message.html?_=1687401720849&CODE_STATE=getMsg HTTP/1.1" 200 27
114.83.217.23 - - [22/Jun/2023:10:42:03 +0800] "GET /xingrg/all/function/internal_message.html?_=1687401833651&CODE_STATE=getMsg HTTP/1.1" 200 27
61.170.233.201 - - [22/Jun/2023:10:42:09 +0800] "GET /xingrg/all/function/internal_message.html?_=1687401730664&CODE_STATE=getMsg HTTP/1.1" 200 27
120.253.135.82 - - [22/Jun/2023:10:42:12 +0800] "GET /xingrg/all/function/internal_message.html?_=1687401565030&CODE_STATE=getMsg HTTP/1.1" 200 27
124.79.241.217 - - [22/Jun/2023:10:42:14 +0800] "GET /xingrg/all/function/internal_message.html?_=1687401733081&CODE_STATE=getMsg HTTP/1.1" 302 -
58.40.7.146 - - [22/Jun/2023:10:42:15 +0800] "GET /xingrg/all/function/internal_message.html?_=1687401735820&CODE_STATE=getMsg HTTP/1.1" 200 27
116.232.195.127 - - [22/Jun/2023:10:42:15 +0800] "GET /xingrg/all/function/internal_message.html?_=1687401735880&CODE_STATE=getMsg HTTP/1.1" 200 27
61.170.233.201 - - [22/Jun/2023:10:42:17 +0800] "GET /xingrg/kc/base/wldb_order_operate.html?command=get_materiel&rest_code=00106&base_code=0010396&code=00101013139 HTTP/1.1" 200 451
116.238.191.126 - - [22/Jun/2023:10:42:24 +0800] "GET /xingrg/all/function/internal_message.html?_=1687401670752&CODE_STATE=getMsg HTTP/1.1" 200 27
180.169.147.146 - - [22/Jun/2023:10:42:27 +0800] "GET /xingrg/all/function/internal_message.html?_=1687401748718&CODE_STATE=getMsg HTTP/1.1" 200 27
101.83.241.65 - - [22/Jun/2023:10:42:28 +0800] "GET /xingrg/all/function/internal_message.html?_=1687401748254&CODE_STATE=getMsg HTTP/1.1" 200 27
101.83.241.65 - - [22/Jun/2023:10:42:29 +0800] "GET /xingrg/check_reg.html?_=1687401748366 HTTP/1.1" 200 22
61.170.233.201 - - [22/Jun/2023:10:42:31 +0800] "GET /xingrg/kc/base/wldb_order_operate.html?command=get_materiel&rest_code=00106&base_code=0010396&code=00101027001 HTTP/1.1" 200 472
101.83.145.52 - - [22/Jun/2023:10:42:32 +0800] "GET /xingrg/all/function/internal_message.html?_=1687401753709&CODE_STATE=getMsg HTTP/1.1" 200 27
101.83.145.52 - - [22/Jun/2023:10:42:32 +0800] "GET /xingrg/check_reg.html?_=1687401753715 HTTP/1.1" 200 22
180.163.30.27 - - [22/Jun/2023:10:42:34 +0800] "GET /xingrg/all/function/internal_message.html?_=1687401691880&CODE_STATE=getMsg HTTP/1.1" 302 -
180.163.30.27 - - [22/Jun/2023:10:42:34 +0800] "GET /xingrg/login.html HTTP/1.1" 200 7641
61.170.233.201 - - [22/Jun/2023:10:42:34 +0800] "GET /xingrg/all/function/internal_message.html?_=1687401751866&CODE_STATE=getMsg HTTP/1.1" 200 27
180.163.28.114 - - [22/Jun/2023:10:42:35 +0800] "GET /xingrg/check_reg.html?_=1687401693198 HTTP/1.1" 302 -
180.163.28.114 - - [22/Jun/2023:10:42:35 +0800] "GET /xingrg/login.html HTTP/1.1" 200 7641
101.83.145.52 - - [22/Jun/2023:10:42:38 +0800] "GET /xingrg/kc/buy/cgsh_order_operate.html?command=get_materiel&rest_code=00105&code=00101008131&supplier_code=00100203&order_time=2023-06-22 HTTP/1.1" 200 409
101.83.145.52 - - [22/Jun/2023:10:42:39 +0800] "GET /xingrg/check_reg.html?_=1687401582465 HTTP/1.1" 200 22
101.83.145.52 - - [22/Jun/2023:10:42:39 +0800] "GET /xingrg/all/function/internal_message.html?_=1687401582468&CODE_STATE=getMsg HTTP/1.1" 200 27
116.232.195.127 - - [22/Jun/2023:10:42:42 +0800] "GET /xingrg/check_reg.html?_=1687401759690 HTTP/1.1" 200 22
114.85.115.2 - - [22/Jun/2023:10:42:43 +0800] "GET /xingrg/all/function/internal_message.html?_=1687401762602&CODE_STATE=getMsg HTTP/1.1" 200 27
116.232.195.127 - - [22/Jun/2023:10:42:44 +0800] "GET /xingrg/all/function/internal_message.html?_=1687401761571&CODE_STATE=getMsg HTTP/1.1" 200 27
116.238.191.126 - - [22/Jun/2023:10:42:46 +0800] "GET /xingrg/all/function/internal_message.html?_=1687401766407&CODE_STATE=getMsg HTTP/1.1" 200 27
116.238.191.126 - - [22/Jun/2023:10:42:47 +0800] "GET /xingrg/kc/buy/cgsh_order_operate.html?command=get_materiel&rest_code=00151&code=00101008186&supplier_code=00100008&order_time=2023-06-22 HTTP/1.1" 200 408
101.229.22.40 - - [22/Jun/2023:10:42:51 +0800] "GET /xingrg/all/function/internal_message.html?_=1687401771764&CODE_STATE=getMsg HTTP/1.1" 200 27
61.170.233.201 - - [22/Jun/2023:10:42:54 +0800] "GET /xingrg/kc/base/wldb_order_operate.html?command=get_materiel&rest_code=00106&base_code=0010396&code=00101019079 HTTP/1.1" 200 479
222.70.114.12 - - [22/Jun/2023:10:42:54 +0800] "GET /xingrg/all/function/internal_message.html?_=1687401782088&CODE_STATE=getMsg HTTP/1.1" 200 27
222.70.114.12 - - [22/Jun/2023:10:42:54 +0800] "GET /xingrg/check_reg.html?_=1687401782091 HTTP/1.1" 200 22
124.77.240.39 - - [22/Jun/2023:10:42:55 +0800] "GET /xingrg/check_reg.html?_=1687401789167 HTTP/1.1" 200 22
124.77.240.39 - - [22/Jun/2023:10:42:55 +0800] "GET /xingrg/all/function/internal_message.html?_=1687401789220&CODE_STATE=getMsg HTTP/1.1" 200 27
180.164.3.199 - - [22/Jun/2023:10:42:59 +0800] "GET /xingrg/all/function/internal_message.html?_=1687401779482&CODE_STATE=getMsg HTTP/1.1" 200 27
124.77.240.39 - - [22/Jun/2023:10:42:59 +0800] "GET /xingrg/javascript/auto/indicator.gif HTTP/1.1" 404 1066
124.77.240.39 - - [22/Jun/2023:10:43:02 +0800] "GET /xingrg/javascript/jquery_tools/images/prev.gif HTTP/1.1" 404 1086
124.77.240.39 - - [22/Jun/2023:10:43:02 +0800] "GET /xingrg/javascript/jquery_tools/images/next.gif HTTP/1.1" 404 1086
222.70.180.90 - - [22/Jun/2023:10:43:03 +0800] "GET /xingrg/all/function/internal_message.html?_=1687401780848&CODE_STATE=getMsg HTTP/1.1" 200 27
114.83.217.23 - - [22/Jun/2023:10:43:03 +0800] "GET /xingrg/all/function/internal_message.html?_=1687401893649&CODE_STATE=getMsg HTTP/1.1" 200 27
61.170.233.201 - - [22/Jun/2023:10:43:07 +0800] "POST /xingrg/kc/base/wldb_order_operate.html HTTP/1.1" 200 37
61.170.233.201 - - [22/Jun/2023:10:43:08 +0800] "POST /xingrg/kc/base/wldb_order_operate.html HTTP/1.1" 200 3698
61.170.233.201 - - [22/Jun/2023:10:43:09 +0800] "GET /xingrg/kc/base/wldb_order_info.html?code=422023062201740 HTTP/1.1" 200 30396
61.170.233.201 - - [22/Jun/2023:10:43:09 +0800] "GET /xingrg/all/function/internal_message.html?_=1687401790701&CODE_STATE=getMsg HTTP/1.1" 200 27
61.170.233.201 - - [22/Jun/2023:10:43:09 +0800] "GET /xingrg/javascript/easyui/themes/default/validatebox.css HTTP/1.1" 404 1104
61.170.233.201 - - [22/Jun/2023:10:43:10 +0800] "POST /xingrg/kc/base/wldb_order_operate.html HTTP/1.1" 200 3698
116.238.191.126 - - [22/Jun/2023:10:43:10 +0800] "GET /xingrg/check_reg.html?_=1687401717607 HTTP/1.1" 200 22
120.253.135.82 - - [22/Jun/2023:10:43:12 +0800] "GET /xingrg/all/function/internal_message.html?_=1687401625245&CODE_STATE=getMsg HTTP/1.1" 200 27
101.83.145.52 - - [22/Jun/2023:10:43:13 +0800] "GET /xingrg/kc/buy/cgsh_order_operate.html?command=get_materiel&rest_code=00105&code=00101008213&supplier_code=00100203&order_time=2023-06-22 HTTP/1.1" 200 412
124.77.240.39 - - [22/Jun/2023:10:43:14 +0800] "GET /xingrg/kc/buy/cgsh_order_operate.html?command=get_materiel&rest_code=00146&code=00101012029&supplier_code=00100033&order_time=2023-06-22 HTTP/1.1" 200 412
61.170.233.201 - - [22/Jun/2023:10:43:14 +0800] "GET /xingrg/kc/base/base_main.html HTTP/1.1" 200 12142
124.79.241.217 - - [22/Jun/2023:10:43:14 +0800] "GET /xingrg/all/function/internal_message.html?_=1687401793078&CODE_STATE=getMsg HTTP/1.1" 302 -
58.40.7.146 - - [22/Jun/2023:10:43:15 +0800] "GET /xingrg/all/function/internal_message.html?_=1687401795825&CODE_STATE=getMsg HTTP/1.1" 200 27
116.232.195.127 - - [22/Jun/2023:10:43:15 +0800] "GET /xingrg/all/function/internal_message.html?_=1687401795884&CODE_STATE=getMsg HTTP/1.1" 200 27
61.170.233.201 - - [22/Jun/2023:10:43:15 +0800] "GET /xingrg/kc/base/wldb_order_list.html HTTP/1.1" 200 19098
61.170.233.201 - - [22/Jun/2023:10:43:17 +0800] "POST /xingrg/kc/base/wldb_list_operate.html HTTP/1.1" 200 2560
101.83.145.52 - - [22/Jun/2023:10:43:17 +0800] "POST /xingrg/kc/buy/cgsh_order_operate.html HTTP/1.1" 200 2065
116.238.191.126 - - [22/Jun/2023:10:43:24 +0800] "GET /xingrg/all/function/internal_message.html?_=1687401730754&CODE_STATE=getMsg HTTP/1.1" 200 27
180.169.147.146 - - [22/Jun/2023:10:43:27 +0800] "GET /xingrg/all/function/internal_message.html?_=1687401808702&CODE_STATE=getMsg HTTP/1.1" 200 27
101.83.241.65 - - [22/Jun/2023:10:43:28 +0800] "GET /xingrg/all/function/internal_message.html?_=1687401808227&CODE_STATE=getMsg HTTP/1.1" 200 27
101.83.145.52 - - [22/Jun/2023:10:43:32 +0800] "GET /xingrg/all/function/internal_message.html?_=1687401813711&CODE_STATE=getMsg HTTP/1.1" 200 27
124.77.240.39 - - [22/Jun/2023:10:43:32 +0800] "GET /xingrg/kc/buy/cgsh_order_operate.html?command=get_materiel&rest_code=00146&code=00101012025&supplier_code=00100033&order_time=2023-06-22 HTTP/1.1" 200 412
61.170.233.201 - - [22/Jun/2023:10:43:34 +0800] "GET /xingrg/all/function/internal_message.html?_=1687401811840&CODE_STATE=getMsg HTTP/1.1" 200 27
101.83.145.52 - - [22/Jun/2023:10:43:39 +0800] "GET /xingrg/all/function/internal_message.html?_=1687401642467&CODE_STATE=getMsg HTTP/1.1" 200 27
114.85.115.2 - - [22/Jun/2023:10:43:43 +0800] "GET /xingrg/all/function/internal_message.html?_=1687401822577&CODE_STATE=getMsg HTTP/1.1" 200 27
116.232.195.127 - - [22/Jun/2023:10:43:44 +0800] "GET /xingrg/all/function/internal_message.html?_=1687401821544&CODE_STATE=getMsg HTTP/1.1" 200 27
116.238.191.126 - - [22/Jun/2023:10:43:46 +0800] "GET /xingrg/all/function/internal_message.html?_=1687401826391&CODE_STATE=getMsg HTTP/1.1" 200 27
101.229.22.40 - - [22/Jun/2023:10:43:51 +0800] "GET /xingrg/check_reg.html?_=1687401831790 HTTP/1.1" 200 22
101.229.22.40 - - [22/Jun/2023:10:43:51 +0800] "GET /xingrg/all/function/internal_message.html?_=1687401831792&CODE_STATE=getMsg HTTP/1.1" 200 27
124.77.240.39 - - [22/Jun/2023:10:43:54 +0800] "GET /xingrg/kc/buy/cgsh_order_operate.html?command=get_materiel&rest_code=00146&code=00101012040&supplier_code=00100033&order_time=2023-06-22 HTTP/1.1" 200 412
222.70.114.12 - - [22/Jun/2023:10:43:54 +0800] "GET /xingrg/all/function/internal_message.html?_=1687401842090&CODE_STATE=getMsg HTTP/1.1" 200 27
124.77.240.39 - - [22/Jun/2023:10:43:55 +0800] "GET /xingrg/all/function/internal_message.html?_=1687401849234&CODE_STATE=getMsg HTTP/1.1" 200 27
180.164.3.199 - - [22/Jun/2023:10:43:59 +0800] "GET /xingrg/all/function/internal_message.html?_=1687401839459&CODE_STATE=getMsg HTTP/1.1" 200 27
222.70.180.90 - - [22/Jun/2023:10:44:03 +0800] "GET /xingrg/all/function/internal_message.html?_=1687401840873&CODE_STATE=getMsg HTTP/1.1" 200 27
114.83.217.23 - - [22/Jun/2023:10:44:03 +0800] "GET /xingrg/all/function/internal_message.html?_=1687401953649&CODE_STATE=getMsg HTTP/1.1" 200 27
116.238.191.126 - - [22/Jun/2023:10:44:08 +0800] "GET /xingrg/kc/buy/cgsh_order_operate.html?command=get_materiel&rest_code=00151&code=00101008036&supplier_code=00100008&order_time=2023-06-22 HTTP/1.1" 200 408
61.170.233.201 - - [22/Jun/2023:10:44:09 +0800] "GET /xingrg/all/function/internal_message.html?_=1687401850687&CODE_STATE=getMsg HTTP/1.1" 200 27
124.77.240.39 - - [22/Jun/2023:10:44:10 +0800] "GET /xingrg/kc/buy/cgsh_order_operate.html?command=get_materiel&rest_code=00146&code=00101012051&supplier_code=00100033&order_time=2023-06-22 HTTP/1.1" 200 408
120.253.135.82 - - [22/Jun/2023:10:44:12 +0800] "GET /xingrg/all/function/internal_message.html?_=1687401685260&CODE_STATE=getMsg HTTP/1.1" 200 27
124.79.241.217 - - [22/Jun/2023:10:44:14 +0800] "GET /xingrg/all/function/internal_message.html?_=1687401853085&CODE_STATE=getMsg HTTP/1.1" 302 -
58.40.7.146 - - [22/Jun/2023:10:44:15 +0800] "GET /xingrg/check_reg.html?_=1687401855827 HTTP/1.1" 200 22
58.40.7.146 - - [22/Jun/2023:10:44:15 +0800] "GET /xingrg/all/function/internal_message.html?_=1687401855828&CODE_STATE=getMsg HTTP/1.1" 200 27
116.232.195.127 - - [22/Jun/2023:10:44:15 +0800] "GET /xingrg/check_reg.html?_=1687401855858 HTTP/1.1" 200 22
116.232.195.127 - - [22/Jun/2023:10:44:15 +0800] "GET /xingrg/all/function/internal_message.html?_=1687401855861&CODE_STATE=getMsg HTTP/1.1" 200 27
116.238.191.126 - - [22/Jun/2023:10:44:17 +0800] "GET /xingrg/kc/buy/cgsh_order_operate.html?command=get_materiel&rest_code=00151&code=00101008087&supplier_code=00100008&order_time=2023-06-22 HTTP/1.1" 200 412
116.238.191.126 - - [22/Jun/2023:10:44:24 +0800] "GET /xingrg/all/function/internal_message.html?_=1687401790768&CODE_STATE=getMsg HTTP/1.1" 200 27
180.169.147.146 - - [22/Jun/2023:10:44:27 +0800] "GET /xingrg/all/function/internal_message.html?_=1687401868685&CODE_STATE=getMsg HTTP/1.1" 200 27
101.83.241.65 - - [22/Jun/2023:10:44:28 +0800] "GET /xingrg/all/function/internal_message.html?_=1687401868215&CODE_STATE=getMsg HTTP/1.1" 200 27
116.238.191.126 - - [22/Jun/2023:10:44:29 +0800] "GET /xingrg/kc/buy/cgsh_order_operate.html?command=get_materiel&rest_code=00151&code=00101008355&supplier_code=00100008&order_time=2023-06-22 HTTP/1.1" 200 408
124.77.240.39 - - [22/Jun/2023:10:44:31 +0800] "GET /xingrg/kc/buy/cgsh_order_operate.html?command=get_materiel&rest_code=00146&code=00101019435&supplier_code=00100033&order_time=2023-06-22 HTTP/1.1" 200 417
101.83.145.52 - - [22/Jun/2023:10:44:32 +0800] "GET /xingrg/all/function/internal_message.html?_=1687401873715&CODE_STATE=getMsg HTTP/1.1" 200 27
180.163.30.27 - - [22/Jun/2023:10:44:34 +0800] "GET /xingrg/all/function/internal_message.html?_=1687401811840&CODE_STATE=getMsg HTTP/1.1" 302 -
180.163.30.27 - - [22/Jun/2023:10:44:34 +0800] "GET /xingrg/login.html HTTP/1.1" 200 7641
61.170.233.201 - - [22/Jun/2023:10:44:34 +0800] "GET /xingrg/all/function/internal_message.html?_=1687401871818&CODE_STATE=getMsg HTTP/1.1" 200 27
116.232.195.127 - - [22/Jun/2023:10:44:38 +0800] "POST /xingrg/services/DataTransmitService HTTP/1.1" 200 524
116.238.191.126 - - [22/Jun/2023:10:44:38 +0800] "GET /xingrg/kc/buy/cgsh_order_operate.html?command=get_materiel&rest_code=00151&code=00101008356&supplier_code=00100008&order_time=2023-06-22 HTTP/1.1" 200 408
101.83.145.52 - - [22/Jun/2023:10:44:39 +0800] "GET /xingrg/all/function/internal_message.html?_=1687401702462&CODE_STATE=getMsg HTTP/1.1" 200 27
116.232.195.127 - - [22/Jun/2023:10:44:40 +0800] "POST /xingrg/services/DataTransmitService HTTP/1.1" 200 501
114.85.115.2 - - [22/Jun/2023:10:44:43 +0800] "GET /xingrg/all/function/internal_message.html?_=1687401882557&CODE_STATE=getMsg HTTP/1.1" 200 27
116.232.195.127 - - [22/Jun/2023:10:44:44 +0800] "GET /xingrg/all/function/internal_message.html?_=1687401881521&CODE_STATE=getMsg HTTP/1.1" 200 27
116.238.191.126 - - [22/Jun/2023:10:44:46 +0800] "GET /xingrg/check_reg.html?_=1687401886400 HTTP/1.1" 200 22
116.238.191.126 - - [22/Jun/2023:10:44:46 +0800] "GET /xingrg/all/function/internal_message.html?_=1687401886403&CODE_STATE=getMsg HTTP/1.1" 200 27
124.77.240.39 - - [22/Jun/2023:10:44:47 +0800] "GET /xingrg/kc/buy/cgsh_order_operate.html?command=get_materiel&rest_code=00146&code=00101016025&supplier_code=00100033&order_time=2023-06-22 HTTP/1.1" 200 408
116.238.191.126 - - [22/Jun/2023:10:44:48 +0800] "GET /xingrg/kc/buy/cgsh_order_operate.html?command=get_materiel&rest_code=00151&code=00101008300&supplier_code=00100008&order_time=2023-06-22 HTTP/1.1" 200 412
101.229.22.40 - - [22/Jun/2023:10:44:51 +0800] "GET /xingrg/all/function/internal_message.html?_=1687401891776&CODE_STATE=getMsg HTTP/1.1" 200 27
222.70.114.12 - - [22/Jun/2023:10:44:54 +0800] "GET /xingrg/all/function/internal_message.html?_=1687401902091&CODE_STATE=getMsg HTTP/1.1" 200 27
124.77.240.39 - - [22/Jun/2023:10:44:55 +0800] "GET /xingrg/all/function/internal_message.html?_=1687401909247&CODE_STATE=getMsg HTTP/1.1" 200 27
116.238.191.126 - - [22/Jun/2023:10:44:57 +0800] "GET /xingrg/kc/buy/cgsh_order_operate.html?command=get_materiel&rest_code=00151&code=00101008137&supplier_code=00100008&order_time=2023-06-22 HTTP/1.1" 200 408
180.164.3.199 - - [22/Jun/2023:10:44:59 +0800] "GET /xingrg/all/function/internal_message.html?_=1687401899439&CODE_STATE=getMsg HTTP/1.1" 200 27
222.70.180.90 - - [22/Jun/2023:10:45:03 +0800] "GET /xingrg/all/function/internal_message.html?_=1687401900873&CODE_STATE=getMsg HTTP/1.1" 200 27
114.83.217.23 - - [22/Jun/2023:10:45:03 +0800] "GET /xingrg/all/function/internal_message.html?_=1687402013659&CODE_STATE=getMsg HTTP/1.1" 200 27
114.83.217.23 - - [22/Jun/2023:10:45:06 +0800] "GET /xingrg/kc/buy/cgsh_order_add.html HTTP/1.1" 200 70840
114.83.217.23 - - [22/Jun/2023:10:45:06 +0800] "GET /xingrg/words/20230622091157_words.js HTTP/1.1" 304 -
124.77.240.39 - - [22/Jun/2023:10:45:07 +0800] "POST /xingrg/kc/buy/cgsh_order_operate.html HTTP/1.1" 200 37
114.83.217.23 - - [22/Jun/2023:10:45:07 +0800] "POST /xingrg/kc/buy/cgsh_order_operate.html HTTP/1.1" 200 8245
114.83.217.23 - - [22/Jun/2023:10:45:07 +0800] "GET /xingrg/javascript/easyui/themes/default/validatebox.css HTTP/1.1" 404 1104
114.83.217.23 - - [22/Jun/2023:10:45:07 +0800] "GET /xingrg/all/common/auto_word.html?type=employee&rest_code=00154 HTTP/1.1" 200 101
114.83.217.23 - - [22/Jun/2023:10:45:07 +0800] "GET /xingrg/all/common/auto_word.html?type=employee&rest_code=00154 HTTP/1.1" 200 101
61.170.233.201 - - [22/Jun/2023:10:45:09 +0800] "GET /xingrg/all/function/internal_message.html?_=1687401910690&CODE_STATE=getMsg HTTP/1.1" 200 27
116.238.191.126 - - [22/Jun/2023:10:45:10 +0800] "GET /xingrg/kc/buy/cgsh_order_operate.html?command=get_materiel&rest_code=00151&code=00101008362&supplier_code=00100008&order_time=2023-06-22 HTTP/1.1" 200 408
120.253.135.82 - - [22/Jun/2023:10:45:12 +0800] "GET /xingrg/all/function/internal_message.html?_=1687401745443&CODE_STATE=getMsg HTTP/1.1" 200 27
124.77.240.39 - - [22/Jun/2023:10:45:12 +0800] "POST /xingrg/kc/buy/cgsh_order_operate.html HTTP/1.1" 200 5608
114.83.217.23 - - [22/Jun/2023:10:45:13 +0800] "GET /xingrg/javascript/auto/indicator.gif HTTP/1.1" 404 1066
124.79.241.217 - - [22/Jun/2023:10:45:14 +0800] "GET /xingrg/check_reg.html?_=1687401913090 HTTP/1.1" 302 -
124.79.241.217 - - [22/Jun/2023:10:45:15 +0800] "GET /xingrg/all/function/internal_message.html?_=1687401913084&CODE_STATE=getMsg HTTP/1.1" 302 -
58.40.7.146 - - [22/Jun/2023:10:45:15 +0800] "GET /xingrg/all/function/internal_message.html?_=1687401915831&CODE_STATE=getMsg HTTP/1.1" 200 27
116.232.195.127 - - [22/Jun/2023:10:45:15 +0800] "GET /xingrg/all/function/internal_message.html?_=1687401915867&CODE_STATE=getMsg HTTP/1.1" 200 27
124.77.240.39 - - [22/Jun/2023:10:45:16 +0800] "GET /xingrg/kc/print/load_config.html?kc_code=cgsh HTTP/1.1" 200 1924
124.77.240.39 - - [22/Jun/2023:10:45:17 +0800] "GET /xingrg/kc/print/load_data.html?order_code=212023062207879&kc_code=cgsh&condition= HTTP/1.1" 200 1841
116.238.191.126 - - [22/Jun/2023:10:45:23 +0800] "GET /xingrg/kc/buy/cgsh_order_operate.html?command=get_materiel&rest_code=00151&code=00101008223&supplier_code=00100008&order_time=2023-06-22 HTTP/1.1" 200 412
116.238.191.126 - - [22/Jun/2023:10:45:24 +0800] "GET /xingrg/all/function/internal_message.html?_=1687401850789&CODE_STATE=getMsg HTTP/1.1" 200 27
124.77.240.39 - - [22/Jun/2023:10:45:24 +0800] "GET /xingrg/kc/buy/cgsh_order_add.html HTTP/1.1" 200 71636
124.77.240.39 - - [22/Jun/2023:10:45:24 +0800] "POST /xingrg/kc/buy/cgsh_order_operate.html HTTP/1.1" 200 8245
124.77.240.39 - - [22/Jun/2023:10:45:24 +0800] "GET /xingrg/javascript/easyui/themes/default/validatebox.css HTTP/1.1" 404 1104
61.170.233.201 - - [22/Jun/2023:10:45:25 +0800] "GET /xingrg/kc/base/base_main.html HTTP/1.1" 200 12142
61.170.233.201 - - [22/Jun/2023:10:45:27 +0800] "GET /xingrg/kc/base/wldb_order_list.html HTTP/1.1" 200 19098
180.169.147.146 - - [22/Jun/2023:10:45:27 +0800] "GET /xingrg/all/function/internal_message.html?_=1687401928668&CODE_STATE=getMsg HTTP/1.1" 200 27
61.170.233.201 - - [22/Jun/2023:10:45:27 +0800] "POST /xingrg/kc/base/wldb_list_operate.html HTTP/1.1" 200 2560
101.83.241.65 - - [22/Jun/2023:10:45:28 +0800] "GET /xingrg/all/function/internal_message.html?_=1687401928199&CODE_STATE=getMsg HTTP/1.1" 200 27
