180.169.147.146 - - [20/Jun/2023:11:30:34 +0800] "GET /xingrg/all/function/internal_message.html?_=1687231833351&CODE_STATE=getMsg HTTP/1.1" 200 27
180.169.147.146 - - [20/Jun/2023:11:30:36 +0800] "GET /xingrg/check_reg.html?_=1687231836400 HTTP/1.1" 200 22
180.169.147.146 - - [20/Jun/2023:11:30:36 +0800] "GET /xingrg/all/function/internal_message.html?_=1687231836401&CODE_STATE=getMsg HTTP/1.1" 200 27
116.232.195.127 - - [20/Jun/2023:11:30:38 +0800] "GET /xingrg/all/function/internal_message.html?_=1687231840173&CODE_STATE=getMsg HTTP/1.1" 200 27
61.170.233.201 - - [20/Jun/2023:11:30:39 +0800] "POST /xingrg/all/report/report_print.html HTTP/1.1" 200 26148
222.67.234.146 - - [20/Jun/2023:11:30:40 +0800] "GET /xingrg/all/function/internal_message.html?_=1687231334138&CODE_STATE=getMsg HTTP/1.1" 200 27
114.83.219.231 - - [20/Jun/2023:11:30:42 +0800] "POST /xingrg/kc/base/wldb_order_operate.html HTTP/1.1" 200 12
114.83.219.231 - - [20/Jun/2023:11:30:42 +0800] "POST /xingrg/kc/base/wldb_order_operate.html HTTP/1.1" 200 3125
114.83.219.231 - - [20/Jun/2023:11:30:44 +0800] "GET /xingrg/kc/base/wldb_order_info.html?code=422023062001594 HTTP/1.1" 200 26264
180.169.147.146 - - [20/Jun/2023:11:30:44 +0800] "GET /xingrg/kc/buy/cgsh_order_operate.html?command=get_materiel&rest_code=00147&code=00101008132&supplier_code=00100007&order_time=2023-06-20 HTTP/1.1" 200 408
114.83.219.231 - - [20/Jun/2023:11:30:44 +0800] "GET /xingrg/javascript/easyui/themes/default/validatebox.css HTTP/1.1" 404 1104
114.83.219.231 - - [20/Jun/2023:11:30:44 +0800] "POST /xingrg/kc/base/wldb_order_operate.html HTTP/1.1" 200 1399
61.170.233.201 - - [20/Jun/2023:11:30:48 +0800] "GET /xingrg/all/function/internal_message.html?_=1687231854741&CODE_STATE=getMsg HTTP/1.1" 200 27
61.170.233.201 - - [20/Jun/2023:11:30:48 +0800] "GET /xingrg/check_reg.html?_=1687231854748 HTTP/1.1" 200 22
116.238.191.126 - - [20/Jun/2023:11:30:50 +0800] "GET /xingrg/check_reg.html?_=1687231778963 HTTP/1.1" 200 22
116.238.191.126 - - [20/Jun/2023:11:30:51 +0800] "GET /xingrg/all/function/internal_message.html?_=1687231779989&CODE_STATE=getMsg HTTP/1.1" 200 27
61.170.233.201 - - [20/Jun/2023:11:30:56 +0800] "GET /xingrg/all/function/internal_message.html?_=1687231857001&CODE_STATE=getMsg HTTP/1.1" 200 27
180.164.3.199 - - [20/Jun/2023:11:30:59 +0800] "GET /xingrg/all/function/internal_message.html?_=1687231859210&CODE_STATE=getMsg HTTP/1.1" 200 27
222.70.114.12 - - [20/Jun/2023:11:30:59 +0800] "GET /xingrg/check_reg.html?_=1687231862629 HTTP/1.1" 302 -
222.70.114.12 - - [20/Jun/2023:11:30:59 +0800] "GET /xingrg/all/function/internal_message.html?_=1687231862634&CODE_STATE=getMsg HTTP/1.1" 302 -
101.83.145.52 - - [20/Jun/2023:11:31:01 +0800] "POST /xingrg/services/DataTransmitService HTTP/1.1" 200 524
61.170.233.201 - - [20/Jun/2023:11:31:01 +0800] "GET /xingrg/all/report/report_query.html?fileName=kc/buy/gys_amount.xml&rh=99999 HTTP/1.1" 200 52006
61.170.233.201 - - [20/Jun/2023:11:31:01 +0800] "GET /xingrg/dwr/interface/AjaxReportQueryService.js HTTP/1.1" 200 13203
61.170.233.201 - - [20/Jun/2023:11:31:01 +0800] "GET /xingrg/dwr/engine.js HTTP/1.1" 200 43631
61.170.233.201 - - [20/Jun/2023:11:31:01 +0800] "POST /xingrg/dwr/call/plaincall/AjaxReportQueryService.getFixDate.dwr HTTP/1.1" 200 111
101.83.145.52 - - [20/Jun/2023:11:31:02 +0800] "POST /xingrg/services/DataTransmitService HTTP/1.1" 200 2315
61.170.233.201 - - [20/Jun/2023:11:31:02 +0800] "POST /xingrg/dwr/call/plaincall/AjaxReportQueryService.getInitString.dwr HTTP/1.1" 200 1023
61.170.233.201 - - [20/Jun/2023:11:31:03 +0800] "POST /xingrg/all/common/load_tree.html?tree=materiel_sort_tree_json HTTP/1.1" 200 9500
61.170.233.201 - - [20/Jun/2023:11:31:03 +0800] "POST /xingrg/all/common/load_tree.html?tree=supplier_tree_json&manage=1 HTTP/1.1" 200 76485
101.83.145.52 - - [20/Jun/2023:11:31:04 +0800] "POST /xingrg/services/DataTransmitService HTTP/1.1" 200 161520
120.253.135.82 - - [20/Jun/2023:11:31:06 +0800] "GET /xingrg/all/function/internal_message.html?_=1687231698576&CODE_STATE=getMsg HTTP/1.1" 200 27
180.169.147.146 - - [20/Jun/2023:11:31:06 +0800] "GET /xingrg/kc/buy/cgsh_order_operate.html?command=get_materiel&rest_code=00147&code=00101008257&supplier_code=00100007&order_time=2023-06-20 HTTP/1.1" 200 416
61.170.233.201 - - [20/Jun/2023:11:31:06 +0800] "POST /xingrg/dwr/call/plaincall/AjaxReportQueryService.getFixDate.dwr HTTP/1.1" 200 111
61.170.233.201 - - [20/Jun/2023:11:31:08 +0800] "GET /xingrg/all/function/internal_message.html?_=1687231867777&CODE_STATE=getMsg HTTP/1.1" 200 27
61.170.233.201 - - [20/Jun/2023:11:31:15 +0800] "POST /xingrg/dwr/call/plaincall/AjaxReportQueryService.refreshCache.dwr HTTP/1.1" 200 78
101.229.22.40 - - [20/Jun/2023:11:31:18 +0800] "GET /xingrg/all/function/internal_message.html?_=1687231877947&CODE_STATE=getMsg HTTP/1.1" 200 27
61.170.233.201 - - [20/Jun/2023:11:31:18 +0800] "POST /xingrg/all/report/load_report_page.html HTTP/1.1" 200 8924
61.170.233.201 - - [20/Jun/2023:11:31:18 +0800] "GET /xingrg/servlets/image?cache=0.7177461693426662&image=px HTTP/1.1" 200 807
180.169.147.146 - - [20/Jun/2023:11:31:19 +0800] "GET /xingrg/kc/buy/cgsh_order_operate.html?command=get_materiel&rest_code=00147&code=00101008080&supplier_code=00100007&order_time=2023-06-20 HTTP/1.1" 200 416
222.70.180.90 - - [20/Jun/2023:11:31:19 +0800] "GET /xingrg/all/function/internal_message.html?_=1687231878811&CODE_STATE=getMsg HTTP/1.1" 200 27
61.170.233.201 - - [20/Jun/2023:11:31:22 +0800] "GET /xingrg/all/report/report_query.html?isQuery=1&fileName=kc/buy/wlcg_cate_hz.xml&queryString=(CONVERT(char(10)%252Ca.order_time%252C%2520120)%253E%253D'2023-05-01')%2520and%2520(CONVERT(char(10)%252Ca.order_time%252C%2520120)%253C%253D'2023-05-31')%2520and%2520(a.supplier_code%2520in%2520('00100007'))%2520and%2520(a.number%253E0%2520and%2520a.supplier_code%253D'00100007')&queryText=%25E3%2580%2590%25E9%2587%2587%25E8%25B4%25AD%25E6%2597%25A5%25E6%259C%259F%253A2023-05-01%2520%25E8%2587%25B3%25202023-05-31%25E3%2580%2591%2520%25E5%25B9%25B6%25E4%25B8%2594%2520%2520%25E3%2580%2590%25E4%25BE%259B%25E5%25BA%2594%25E5%2595%2586%2520%253D%2520%25E8%2594%25AC%25E8%258F%259C%25EF%25BC%2588%25E6%25AD%25A6%25E9%2587%2591%25E7%25BA%25A2%25EF%25BC%2589%25E3%2580%2591%2520%25E5%25B9%25B6%25E4%25B8%2594%2520%25E3%2580%2590%25E4%25BE%259B%25E5%25BA%2594%25E5%2595%2586%253D%25E8%2594%25AC%25E8%258F%259C%25EF%25BC%2588%25E6%25AD%25A6%25E9%2587%2591%25E7%25BA%25A2%25EF%25BC%2589%25E3%2580%2591 HTTP/1.1" 200 54480
61.170.233.201 - - [20/Jun/2023:11:31:22 +0800] "GET /xingrg/dwr/interface/AjaxReportQueryService.js HTTP/1.1" 200 13203
61.170.233.201 - - [20/Jun/2023:11:31:22 +0800] "GET /xingrg/dwr/engine.js HTTP/1.1" 200 43631
116.238.191.126 - - [20/Jun/2023:11:31:23 +0800] "GET /xingrg/all/function/internal_message.html?_=1687231883123&CODE_STATE=getMsg HTTP/1.1" 200 27
114.83.219.231 - - [20/Jun/2023:11:31:23 +0800] "GET /xingrg/all/function/internal_message.html?_=1687231883626&CODE_STATE=getMsg HTTP/1.1" 200 27
124.77.240.38 - - [20/Jun/2023:11:31:24 +0800] "GET /xingrg/all/function/internal_message.html?_=1687231890394&CODE_STATE=getMsg HTTP/1.1" 200 27
180.169.147.146 - - [20/Jun/2023:11:31:28 +0800] "GET /xingrg/kc/buy/cgsh_order_operate.html?command=get_materiel&rest_code=00147&code=00101008244&supplier_code=00100007&order_time=2023-06-20 HTTP/1.1" 200 408
61.170.233.201 - - [20/Jun/2023:11:31:28 +0800] "POST /xingrg/all/report/load_report_page.html HTTP/1.1" 200 10891
61.170.233.201 - - [20/Jun/2023:11:31:28 +0800] "GET /xingrg/servlets/image?cache=0.8689348671482108&image=px HTTP/1.1" 200 807
180.169.147.146 - - [20/Jun/2023:11:31:28 +0800] "GET /xingrg/all/function/internal_message.html?_=1687231888922&CODE_STATE=getMsg HTTP/1.1" 200 27
114.83.219.231 - - [20/Jun/2023:11:31:30 +0800] "GET /xingrg/kc/base/wldb_order_add.html HTTP/1.1" 200 30387
114.83.219.231 - - [20/Jun/2023:11:31:31 +0800] "GET /xingrg/words/20230620111023_words.js HTTP/1.1" 304 -
114.83.219.231 - - [20/Jun/2023:11:31:31 +0800] "POST /xingrg/kc/base/wldb_order_operate.html HTTP/1.1" 200 6806
114.83.219.231 - - [20/Jun/2023:11:31:31 +0800] "GET /xingrg/javascript/easyui/themes/default/validatebox.css HTTP/1.1" 404 1104
116.232.195.127 - - [20/Jun/2023:11:31:33 +0800] "GET /xingrg/all/function/internal_message.html?_=1687231893537&CODE_STATE=getMsg HTTP/1.1" 200 27
61.170.233.201 - - [20/Jun/2023:11:31:33 +0800] "POST /xingrg/all/report/load_report_page.html HTTP/1.1" 200 117007
61.170.233.201 - - [20/Jun/2023:11:31:33 +0800] "GET /xingrg/servlets/image?cache=0.7350073161185943&image=px HTTP/1.1" 200 807
180.169.147.146 - - [20/Jun/2023:11:31:34 +0800] "GET /xingrg/check_reg.html?_=1687231893352 HTTP/1.1" 200 22
180.169.147.146 - - [20/Jun/2023:11:31:34 +0800] "GET /xingrg/all/function/internal_message.html?_=1687231893360&CODE_STATE=getMsg HTTP/1.1" 200 27
114.83.219.231 - - [20/Jun/2023:11:31:34 +0800] "POST /xingrg/all/common/load_combo.html?type=base HTTP/1.1" 200 3409
180.169.147.146 - - [20/Jun/2023:11:31:36 +0800] "GET /xingrg/all/function/internal_message.html?_=1687231896392&CODE_STATE=getMsg HTTP/1.1" 200 27
116.232.195.127 - - [20/Jun/2023:11:31:38 +0800] "GET /xingrg/all/function/internal_message.html?_=1687231900162&CODE_STATE=getMsg HTTP/1.1" 200 27
180.169.147.146 - - [20/Jun/2023:11:31:40 +0800] "GET /xingrg/kc/buy/cgsh_order_operate.html?command=get_materiel&rest_code=00147&code=00101008185&supplier_code=00100007&order_time=2023-06-20 HTTP/1.1" 200 408
222.67.234.146 - - [20/Jun/2023:11:31:40 +0800] "GET /xingrg/all/function/internal_message.html?_=1687231394048&CODE_STATE=getMsg HTTP/1.1" 200 27
222.67.234.146 - - [20/Jun/2023:11:31:40 +0800] "GET /xingrg/check_reg.html?_=1687231394050 HTTP/1.1" 200 22
61.170.233.201 - - [20/Jun/2023:11:31:48 +0800] "GET /xingrg/all/function/internal_message.html?_=1687231914740&CODE_STATE=getMsg HTTP/1.1" 200 27
116.238.191.126 - - [20/Jun/2023:11:31:51 +0800] "GET /xingrg/all/function/internal_message.html?_=1687231840003&CODE_STATE=getMsg HTTP/1.1" 200 27
180.169.147.146 - - [20/Jun/2023:11:31:54 +0800] "GET /xingrg/kc/buy/cgsh_order_operate.html?command=get_materiel&rest_code=00147&code=00101008119&supplier_code=00100007&order_time=2023-06-20 HTTP/1.1" 200 412
61.170.233.201 - - [20/Jun/2023:11:31:56 +0800] "GET /xingrg/all/function/internal_message.html?_=1687231916986&CODE_STATE=getMsg HTTP/1.1" 200 27
114.85.113.108 - - [20/Jun/2023:11:31:57 +0800] "GET /xingrg/check_reg.html?_=1687231916106 HTTP/1.1" 302 -
101.229.22.40 - - [20/Jun/2023:11:31:57 +0800] "POST /xingrg/kc/buy/cgsh_list_operate.html HTTP/1.1" 200 561
101.229.22.40 - - [20/Jun/2023:11:31:59 +0800] "GET /xingrg/kc/buy/cgsh_order_info.html?code=212023062007155 HTTP/1.1" 200 70760
180.164.3.199 - - [20/Jun/2023:11:31:59 +0800] "GET /xingrg/all/function/internal_message.html?_=1687231919217&CODE_STATE=getMsg HTTP/1.1" 200 27
222.70.114.12 - - [20/Jun/2023:11:31:59 +0800] "GET /xingrg/all/function/internal_message.html?_=1687231922618&CODE_STATE=getMsg HTTP/1.1" 302 -
101.229.22.40 - - [20/Jun/2023:11:31:59 +0800] "GET /xingrg/words/20230620111023_words.js HTTP/1.1" 200 969229
101.229.22.40 - - [20/Jun/2023:11:32:01 +0800] "GET /xingrg/javascript/easyui/themes/default/validatebox.css HTTP/1.1" 404 1104
101.229.22.40 - - [20/Jun/2023:11:32:02 +0800] "POST /xingrg/kc/buy/cgsh_order_operate.html HTTP/1.1" 200 7939
180.169.147.146 - - [20/Jun/2023:11:32:04 +0800] "GET /xingrg/kc/buy/cgsh_order_operate.html?command=get_materiel&rest_code=00147&code=00101008038&supplier_code=00100007&order_time=2023-06-20 HTTP/1.1" 200 412
120.253.135.82 - - [20/Jun/2023:11:32:06 +0800] "GET /xingrg/all/function/internal_message.html?_=1687231758588&CODE_STATE=getMsg HTTP/1.1" 200 27
61.170.233.201 - - [20/Jun/2023:11:32:08 +0800] "POST /xingrg/dwr/call/plaincall/AjaxReportQueryService.refreshCache.dwr HTTP/1.1" 200 78
61.170.233.201 - - [20/Jun/2023:11:32:08 +0800] "GET /xingrg/all/function/internal_message.html?_=1687231927766&CODE_STATE=getMsg HTTP/1.1" 200 27
61.170.233.201 - - [20/Jun/2023:11:32:11 +0800] "POST /xingrg/all/report/load_report_page.html HTTP/1.1" 200 8924
61.170.233.201 - - [20/Jun/2023:11:32:11 +0800] "GET /xingrg/servlets/image?cache=0.7550082358571657&image=px HTTP/1.1" 200 807
61.170.233.201 - - [20/Jun/2023:11:32:11 +0800] "GET /xingrg/check_reg.html?_=1687231930439 HTTP/1.1" 200 22
180.169.147.146 - - [20/Jun/2023:11:32:13 +0800] "GET /xingrg/kc/buy/cgsh_order_operate.html?command=get_materiel&rest_code=00147&code=00101008163&supplier_code=00100007&order_time=2023-06-20 HTTP/1.1" 200 409
101.229.22.40 - - [20/Jun/2023:11:32:18 +0800] "GET /xingrg/check_reg.html?_=1687231937955 HTTP/1.1" 200 22
101.229.22.40 - - [20/Jun/2023:11:32:18 +0800] "GET /xingrg/all/function/internal_message.html?_=1687231937958&CODE_STATE=getMsg HTTP/1.1" 200 27
222.70.180.90 - - [20/Jun/2023:11:32:19 +0800] "GET /xingrg/all/function/internal_message.html?_=1687231938785&CODE_STATE=getMsg HTTP/1.1" 200 27
222.70.180.90 - - [20/Jun/2023:11:32:21 +0800] "GET /xingrg/check_reg.html?_=1687231940332 HTTP/1.1" 200 22
101.229.22.40 - - [20/Jun/2023:11:32:22 +0800] "GET /xingrg/kc/buy/cgsh_order_operate.html?command=get_materiel&rest_code=00142&code=00101008353&supplier_code=00100161&order_time=2023-06-20 HTTP/1.1" 200 408
116.238.191.126 - - [20/Jun/2023:11:32:23 +0800] "GET /xingrg/all/function/internal_message.html?_=1687231943123&CODE_STATE=getMsg HTTP/1.1" 200 27
114.83.219.231 - - [20/Jun/2023:11:32:23 +0800] "GET /xingrg/all/function/internal_message.html?_=1687231943615&CODE_STATE=getMsg HTTP/1.1" 200 27
180.169.147.146 - - [20/Jun/2023:11:32:24 +0800] "GET /xingrg/kc/buy/cgsh_order_operate.html?command=get_materiel&rest_code=00147&code=00101008355&supplier_code=00100007&order_time=2023-06-20 HTTP/1.1" 200 408
114.83.219.231 - - [20/Jun/2023:11:32:24 +0800] "GET /xingrg/check_reg.html?_=1687231944675 HTTP/1.1" 200 22
124.77.240.38 - - [20/Jun/2023:11:32:24 +0800] "GET /xingrg/all/function/internal_message.html?_=1687231950401&CODE_STATE=getMsg HTTP/1.1" 200 27
180.169.147.146 - - [20/Jun/2023:11:32:28 +0800] "GET /xingrg/all/function/internal_message.html?_=1687231948916&CODE_STATE=getMsg HTTP/1.1" 200 27
124.79.242.2 - - [20/Jun/2023:11:32:29 +0800] "GET /xingrg/login.html HTTP/1.1" 200 7641
124.79.242.2 - - [20/Jun/2023:11:32:30 +0800] "GET /favicon.ico HTTP/1.1" 404 -
116.232.195.127 - - [20/Jun/2023:11:32:33 +0800] "GET /xingrg/all/function/internal_message.html?_=1687231953550&CODE_STATE=getMsg HTTP/1.1" 200 27
180.169.147.146 - - [20/Jun/2023:11:32:34 +0800] "GET /xingrg/all/function/internal_message.html?_=1687231953343&CODE_STATE=getMsg HTTP/1.1" 200 27
180.169.147.146 - - [20/Jun/2023:11:32:36 +0800] "GET /xingrg/all/function/internal_message.html?_=1687231956407&CODE_STATE=getMsg HTTP/1.1" 200 27
114.83.219.231 - - [20/Jun/2023:11:32:36 +0800] "POST /xingrg/kc/base/wldb_order_operate.html HTTP/1.1" 200 37
116.232.195.127 - - [20/Jun/2023:11:32:38 +0800] "GET /xingrg/all/function/internal_message.html?_=1687231960167&CODE_STATE=getMsg HTTP/1.1" 200 27
180.169.147.146 - - [20/Jun/2023:11:32:40 +0800] "GET /xingrg/kc/buy/cgsh_order_operate.html?command=get_materiel&rest_code=00147&code=00101008264&supplier_code=00100007&order_time=2023-06-20 HTTP/1.1" 200 412
222.67.234.146 - - [20/Jun/2023:11:32:40 +0800] "GET /xingrg/all/function/internal_message.html?_=1687231454034&CODE_STATE=getMsg HTTP/1.1" 200 27
101.229.22.40 - - [20/Jun/2023:11:32:42 +0800] "GET /xingrg/kc/buy/cgsh_order_operate.html?command=get_materiel&rest_code=00142&code=00101008350&supplier_code=00100161&order_time=2023-06-20 HTTP/1.1" 200 408
114.83.219.231 - - [20/Jun/2023:11:32:46 +0800] "POST /xingrg/kc/base/wldb_order_operate.html HTTP/1.1" 200 12
114.83.219.231 - - [20/Jun/2023:11:32:47 +0800] "POST /xingrg/kc/base/wldb_order_operate.html HTTP/1.1" 200 2697
114.83.219.231 - - [20/Jun/2023:11:32:48 +0800] "GET /xingrg/kc/base/wldb_order_info.html?code=422023062001595 HTTP/1.1" 200 26266
61.170.233.201 - - [20/Jun/2023:11:32:48 +0800] "GET /xingrg/all/function/internal_message.html?_=1687231974746&CODE_STATE=getMsg HTTP/1.1" 200 27
114.83.219.231 - - [20/Jun/2023:11:32:48 +0800] "GET /xingrg/javascript/easyui/themes/default/validatebox.css HTTP/1.1" 404 1104
114.83.219.231 - - [20/Jun/2023:11:32:49 +0800] "POST /xingrg/kc/base/wldb_order_operate.html HTTP/1.1" 200 981
116.238.191.126 - - [20/Jun/2023:11:32:51 +0800] "GET /xingrg/all/function/internal_message.html?_=1687231900015&CODE_STATE=getMsg HTTP/1.1" 200 27
124.79.242.2 - - [20/Jun/2023:11:32:52 +0800] "POST /xingrg/login.do HTTP/1.1" 302 -
124.79.242.2 - - [20/Jun/2023:11:32:53 +0800] "POST /xingrg/login.do HTTP/1.1" 302 -
114.83.219.231 - - [20/Jun/2023:11:32:53 +0800] "GET /xingrg/kc/base/wldb_order_add.html HTTP/1.1" 200 30387
124.79.242.2 - - [20/Jun/2023:11:32:53 +0800] "GET /xingrg/index.html?sysBaseUrl=http%3A%2F%2F180.169.147.146%3A18081%2Fxingrg%2F&costTime=2343×tamp=1687231973097 HTTP/1.1" 200 17179
114.83.219.231 - - [20/Jun/2023:11:32:53 +0800] "POST /xingrg/kc/base/wldb_order_operate.html HTTP/1.1" 200 6806
124.79.242.2 - - [20/Jun/2023:11:32:53 +0800] "GET /favicon.ico HTTP/1.1" 404 -
114.83.219.231 - - [20/Jun/2023:11:32:53 +0800] "GET /xingrg/javascript/easyui/themes/default/validatebox.css HTTP/1.1" 404 1104
180.169.147.146 - - [20/Jun/2023:11:32:53 +0800] "GET /xingrg/kc/buy/cgsh_order_operate.html?command=get_materiel&rest_code=00147&code=00101008137&supplier_code=00100007&order_time=2023-06-20 HTTP/1.1" 200 408
124.79.242.2 - - [20/Jun/2023:11:32:53 +0800] "GET /xingrg/all/function/internal_message.html?_=1687232255256&CODE_STATE=count HTTP/1.1" 200 11
124.79.242.2 - - [20/Jun/2023:11:32:53 +0800] "GET /xingrg/check_reg.html?_=1687232255257 HTTP/1.1" 200 22
124.79.242.2 - - [20/Jun/2023:11:32:53 +0800] "POST /xingrg/all/common/load_tree.html?tree=area_rest_tree_json&manage=1 HTTP/1.1" 200 351
124.79.242.2 - - [20/Jun/2023:11:32:54 +0800] "POST /xingrg/load_menu.html HTTP/1.1" 200 5138
101.229.22.40 - - [20/Jun/2023:11:32:54 +0800] "GET /xingrg/kc/buy/cgsh_order_operate.html?command=get_materiel&rest_code=00142&code=00101008264&supplier_code=00100161&order_time=2023-06-20 HTTP/1.1" 200 412
61.170.233.201 - - [20/Jun/2023:11:32:56 +0800] "GET /xingrg/all/function/internal_message.html?_=1687231976971&CODE_STATE=getMsg HTTP/1.1" 200 27
114.83.219.231 - - [20/Jun/2023:11:32:56 +0800] "POST /xingrg/all/common/load_combo.html?type=base HTTP/1.1" 200 3409
124.79.242.2 - - [20/Jun/2023:11:32:58 +0800] "GET /xingrg/kc/buy/cgsh_order_list.html HTTP/1.1" 200 55860
180.164.3.199 - - [20/Jun/2023:11:32:59 +0800] "GET /xingrg/all/function/internal_message.html?_=1687231979194&CODE_STATE=getMsg HTTP/1.1" 200 27
222.70.114.12 - - [20/Jun/2023:11:32:59 +0800] "GET /xingrg/all/function/internal_message.html?_=1687231982618&CODE_STATE=getMsg HTTP/1.1" 302 -
124.79.242.2 - - [20/Jun/2023:11:33:04 +0800] "POST /xingrg/kc/buy/cgsh_list_operate.html HTTP/1.1" 200 986
120.253.135.82 - - [20/Jun/2023:11:33:05 +0800] "GET /xingrg/check_reg.html?_=1687231817827 HTTP/1.1" 200 22
120.253.135.82 - - [20/Jun/2023:11:33:06 +0800] "GET /xingrg/all/function/internal_message.html?_=1687231818602&CODE_STATE=getMsg HTTP/1.1" 200 27
101.229.22.40 - - [20/Jun/2023:11:33:06 +0800] "GET /xingrg/kc/buy/cgsh_order_operate.html?command=get_materiel&rest_code=00142&code=00101008298&supplier_code=00100161&order_time=2023-06-20 HTTP/1.1" 200 413
61.170.233.201 - - [20/Jun/2023:11:33:08 +0800] "GET /xingrg/all/function/internal_message.html?_=1687231987741&CODE_STATE=getMsg HTTP/1.1" 200 27
180.169.147.146 - - [20/Jun/2023:11:33:10 +0800] "GET /xingrg/kc/buy/cgsh_order_operate.html?command=get_materiel&rest_code=00147&code=00101008136&supplier_code=00100007&order_time=2023-06-20 HTTP/1.1" 200 413
180.163.29.234 - - [20/Jun/2023:11:33:11 +0800] "GET /xingrg/check_reg.html?_=1687231930439 HTTP/1.1" 302 -
180.163.29.234 - - [20/Jun/2023:11:33:11 +0800] "GET /xingrg/login.html HTTP/1.1" 200 7641
114.83.219.231 - - [20/Jun/2023:11:33:11 +0800] "GET /xingrg/kc/base/wldb_order_operate.html?command=get_materiel&rest_code=00149&base_code=0010395&code=00102002439 HTTP/1.1" 200 472
120.253.135.82 - - [20/Jun/2023:11:33:13 +0800] "GET /xingrg/kc/buy/cgsh_order_list.html HTTP/1.1" 200 55854
101.229.22.40 - - [20/Jun/2023:11:33:15 +0800] "POST /xingrg/kc/buy/cgsh_order_operate.html HTTP/1.1" 200 2065
120.253.135.82 - - [20/Jun/2023:11:33:16 +0800] "POST /xingrg/kc/buy/cgsh_list_operate.html HTTP/1.1" 200 986
101.229.22.40 - - [20/Jun/2023:11:33:18 +0800] "GET /xingrg/all/function/internal_message.html?_=1687231997962&CODE_STATE=getMsg HTTP/1.1" 200 27
222.70.180.90 - - [20/Jun/2023:11:33:19 +0800] "GET /xingrg/all/function/internal_message.html?_=1687231998756&CODE_STATE=getMsg HTTP/1.1" 200 27
120.253.135.82 - - [20/Jun/2023:11:33:20 +0800] "GET /xingrg/kc/pszx/mdqp_order_list.html?state=10 HTTP/1.1" 200 11513
120.253.135.82 - - [20/Jun/2023:11:33:20 +0800] "GET /xingrg/dwr/interface/AjaxQqpsService.js HTTP/1.1" 200 16326
120.253.135.82 - - [20/Jun/2023:11:33:20 +0800] "GET /xingrg/dwr/interface/AjaxReportQueryService.js HTTP/1.1" 200 13203
120.253.135.82 - - [20/Jun/2023:11:33:20 +0800] "GET /xingrg/dwr/engine.js HTTP/1.1" 200 43631
101.229.22.40 - - [20/Jun/2023:11:33:21 +0800] "GET /xingrg/kc/buy/cgsh_order_operate.html?command=get_materiel&rest_code=00142&code=00101008092&supplier_code=00100161&order_time=2023-06-20 HTTP/1.1" 200 413
180.169.147.146 - - [20/Jun/2023:11:33:22 +0800] "GET /xingrg/kc/buy/cgsh_order_operate.html?command=get_materiel&rest_code=00147&code=00101008740&supplier_code=00100007&order_time=2023-06-20 HTTP/1.1" 200 399
116.238.191.126 - - [20/Jun/2023:11:33:23 +0800] "GET /xingrg/check_reg.html?_=1687232003142 HTTP/1.1" 200 22
116.238.191.126 - - [20/Jun/2023:11:33:23 +0800] "GET /xingrg/all/function/internal_message.html?_=1687232003146&CODE_STATE=getMsg HTTP/1.1" 200 27
114.83.219.231 - - [20/Jun/2023:11:33:23 +0800] "GET /xingrg/all/function/internal_message.html?_=1687232003611&CODE_STATE=getMsg HTTP/1.1" 200 27
124.77.240.38 - - [20/Jun/2023:11:33:25 +0800] "GET /xingrg/all/function/internal_message.html?_=1687232010972&CODE_STATE=getMsg HTTP/1.1" 200 27
120.253.135.82 - - [20/Jun/2023:11:33:25 +0800] "GET /xingrg/kc/pszx/mdqp_order_info.html?code=302023062000317 HTTP/1.1" 200 13338
120.253.135.82 - - [20/Jun/2023:11:33:25 +0800] "GET /xingrg/dwr/interface/AjaxQqpsService.js HTTP/1.1" 200 16326
120.253.135.82 - - [20/Jun/2023:11:33:25 +0800] "GET /xingrg/dwr/interface/AjaxComOrderService.js HTTP/1.1" 200 18264
120.253.135.82 - - [20/Jun/2023:11:33:25 +0800] "GET /xingrg/dwr/engine.js HTTP/1.1" 200 43631
120.253.135.82 - - [20/Jun/2023:11:33:27 +0800] "POST /xingrg/dwr/call/plaincall/AjaxQqpsService.loadMaterielItems.dwr HTTP/1.1" 200 1619
114.83.219.231 - - [20/Jun/2023:11:33:27 +0800] "GET /xingrg/kc/base/wldb_order_operate.html?command=get_materiel&rest_code=00149&base_code=0010395&code=00102002603 HTTP/1.1" 200 430
180.169.147.146 - - [20/Jun/2023:11:33:28 +0800] "GET /xingrg/all/function/internal_message.html?_=1687232008929&CODE_STATE=getMsg HTTP/1.1" 200 27
116.232.195.127 - - [20/Jun/2023:11:33:33 +0800] "GET /xingrg/all/function/internal_message.html?_=1687232013544&CODE_STATE=getMsg HTTP/1.1" 200 27
180.169.147.146 - - [20/Jun/2023:11:33:34 +0800] "GET /xingrg/all/function/internal_message.html?_=1687232013352&CODE_STATE=getMsg HTTP/1.1" 200 27
180.169.147.146 - - [20/Jun/2023:11:33:34 +0800] "GET /xingrg/kc/buy/cgsh_order_operate.html?command=get_materiel&rest_code=00147&code=00101008286&supplier_code=00100007&order_time=2023-06-20 HTTP/1.1" 200 408
101.229.22.40 - - [20/Jun/2023:11:33:35 +0800] "GET /xingrg/kc/buy/cgsh_order_operate.html?command=get_materiel&rest_code=00142&code=00101008352&supplier_code=00100161&order_time=2023-06-20 HTTP/1.1" 200 412
180.169.147.146 - - [20/Jun/2023:11:33:36 +0800] "GET /xingrg/all/function/internal_message.html?_=1687232016410&CODE_STATE=getMsg HTTP/1.1" 200 27
116.232.195.127 - - [20/Jun/2023:11:33:38 +0800] "GET /xingrg/check_reg.html?_=1687232020157 HTTP/1.1" 200 22
116.232.195.127 - - [20/Jun/2023:11:33:38 +0800] "GET /xingrg/all/function/internal_message.html?_=1687232020161&CODE_STATE=getMsg HTTP/1.1" 200 27
222.67.234.146 - - [20/Jun/2023:11:33:40 +0800] "GET /xingrg/all/function/internal_message.html?_=1687231514059&CODE_STATE=getMsg HTTP/1.1" 200 27
101.229.22.40 - - [20/Jun/2023:11:33:46 +0800] "GET /xingrg/kc/buy/cgsh_order_operate.html?command=get_materiel&rest_code=00142&code=00101008323&supplier_code=00100161&order_time=2023-06-20 HTTP/1.1" 200 408
180.169.147.146 - - [20/Jun/2023:11:33:46 +0800] "GET /xingrg/kc/buy/cgsh_order_operate.html?command=get_materiel&rest_code=00147&code=00101008131&supplier_code=00100007&order_time=2023-06-20 HTTP/1.1" 200 409
114.83.219.231 - - [20/Jun/2023:11:33:47 +0800] "GET /xingrg/kc/base/wldb_order_operate.html?command=get_materiel&rest_code=00149&base_code=0010395&code=00102002150 HTTP/1.1" 200 447
61.170.233.201 - - [20/Jun/2023:11:33:48 +0800] "GET /xingrg/all/function/internal_message.html?_=1687232034741&CODE_STATE=getMsg HTTP/1.1" 200 27
116.238.191.126 - - [20/Jun/2023:11:33:51 +0800] "GET /xingrg/all/function/internal_message.html?_=1687231960110&CODE_STATE=getMsg HTTP/1.1" 200 27
61.170.233.201 - - [20/Jun/2023:11:33:53 +0800] "POST /xingrg/dwr/call/plaincall/AjaxReportQueryService.refreshCache.dwr HTTP/1.1" 200 78
124.79.242.2 - - [20/Jun/2023:11:33:53 +0800] "GET /xingrg/all/function/internal_message.html?_=1687232315264&CODE_STATE=getMsg HTTP/1.1" 200 27
61.170.233.201 - - [20/Jun/2023:11:33:55 +0800] "POST /xingrg/all/report/load_report_page.html HTTP/1.1" 200 8940
61.170.233.201 - - [20/Jun/2023:11:33:55 +0800] "GET /xingrg/servlets/image?cache=0.030784657925538084&image=px HTTP/1.1" 200 807
61.170.233.201 - - [20/Jun/2023:11:33:56 +0800] "GET /xingrg/all/function/internal_message.html?_=1687232036955&CODE_STATE=getMsg HTTP/1.1" 200 27
61.170.233.201 - - [20/Jun/2023:11:33:57 +0800] "GET /xingrg/all/report/report_query.html?isQuery=1&fileName=kc/buy/wlcg_cate_hz.xml&queryString=(CONVERT(char(10)%252Ca.order_time%252C%2520120)%253E%253D'2023-05-01')%2520and%2520(CONVERT(char(10)%252Ca.order_time%252C%2520120)%253C%253D'2023-05-15')%2520and%2520(a.supplier_code%2520in%2520('00100007'))%2520and%2520(a.number%253E0%2520and%2520a.supplier_code%253D'00100007')&queryText=%25E3%2580%2590%25E9%2587%2587%25E8%25B4%25AD%25E6%2597%25A5%25E6%259C%259F%253A2023-05-01%2520%25E8%2587%25B3%25202023-05-15%25E3%2580%2591%2520%25E5%25B9%25B6%25E4%25B8%2594%2520%2520%25E3%2580%2590%25E4%25BE%259B%25E5%25BA%2594%25E5%2595%2586%2520%253D%2520%25E8%2594%25AC%25E8%258F%259C%25EF%25BC%2588%25E6%25AD%25A6%25E9%2587%2591%25E7%25BA%25A2%25EF%25BC%2589%25E3%2580%2591%2520%25E5%25B9%25B6%25E4%25B8%2594%2520%25E3%2580%2590%25E4%25BE%259B%25E5%25BA%2594%25E5%2595%2586%253D%25E8%2594%25AC%25E8%258F%259C%25EF%25BC%2588%25E6%25AD%25A6%25E9%2587%2591%25E7%25BA%25A2%25EF%25BC%2589%25E3%2580%2591 HTTP/1.1" 200 54480
61.170.233.201 - - [20/Jun/2023:11:33:57 +0800] "GET /xingrg/dwr/engine.js HTTP/1.1" 200 43631
61.170.233.201 - - [20/Jun/2023:11:33:57 +0800] "GET /xingrg/dwr/interface/AjaxReportQueryService.js HTTP/1.1" 200 13203
180.169.147.146 - - [20/Jun/2023:11:33:57 +0800] "GET /xingrg/kc/buy/cgsh_order_operate.html?command=get_materiel&rest_code=00147&code=00101008296&supplier_code=00100007&order_time=2023-06-20 HTTP/1.1" 200 416
180.164.3.199 - - [20/Jun/2023:11:33:59 +0800] "GET /xingrg/all/function/internal_message.html?_=1687232039211&CODE_STATE=getMsg HTTP/1.1" 200 27
180.164.3.199 - - [20/Jun/2023:11:33:59 +0800] "GET /xingrg/check_reg.html?_=1687232039215 HTTP/1.1" 200 22
222.70.114.12 - - [20/Jun/2023:11:33:59 +0800] "GET /xingrg/all/function/internal_message.html?_=1687232042619&CODE_STATE=getMsg HTTP/1.1" 302 -
180.171.130.106 - - [20/Jun/2023:11:33:59 +0800] "POST /xingrg/services/DataTransmitService HTTP/1.1" 200 524
180.171.130.106 - - [20/Jun/2023:11:34:00 +0800] "POST /xingrg/services/DataTransmitService HTTP/1.1" 200 501
101.229.22.40 - - [20/Jun/2023:11:34:00 +0800] "GET /xingrg/kc/buy/cgsh_order_operate.html?command=get_materiel&rest_code=00142&code=00101012029&supplier_code=00100161&order_time=2023-06-20 HTTP/1.1" 200 412
61.170.233.201 - - [20/Jun/2023:11:34:00 +0800] "POST /xingrg/all/report/load_report_page.html HTTP/1.1" 200 10888
61.170.233.201 - - [20/Jun/2023:11:34:00 +0800] "GET /xingrg/servlets/image?cache=0.4384907934165363&image=px HTTP/1.1" 200 807
114.85.115.2 - - [20/Jun/2023:11:34:00 +0800] "GET /xingrg/check_reg.html?_=1687232041845 HTTP/1.1" 200 22
61.170.233.201 - - [20/Jun/2023:11:34:05 +0800] "POST /xingrg/all/report/load_report_page.html HTTP/1.1" 200 116986
61.170.233.201 - - [20/Jun/2023:11:34:05 +0800] "GET /xingrg/servlets/image?cache=0.08168765436658221&image=px HTTP/1.1" 200 807
120.253.135.82 - - [20/Jun/2023:11:34:06 +0800] "GET /xingrg/all/function/internal_message.html?_=1687231878616&CODE_STATE=getMsg HTTP/1.1" 200 27
61.170.233.201 - - [20/Jun/2023:11:34:08 +0800] "GET /xingrg/all/function/internal_message.html?_=1687232047711&CODE_STATE=getMsg HTTP/1.1" 200 27
114.83.219.231 - - [20/Jun/2023:11:34:10 +0800] "GET /xingrg/kc/base/wldb_order_operate.html?command=get_materiel&rest_code=00149&base_code=0010395&code=00102002238 HTTP/1.1" 200 434
61.170.233.201 - - [20/Jun/2023:11:34:10 +0800] "POST /xingrg/all/report/report_print.html HTTP/1.1" 200 33324
101.229.22.40 - - [20/Jun/2023:11:34:11 +0800] "GET /xingrg/kc/buy/cgsh_order_operate.html?command=get_materiel&rest_code=00142&code=00101012024&supplier_code=00100161&order_time=2023-06-20 HTTP/1.1" 200 408
180.169.147.146 - - [20/Jun/2023:11:34:12 +0800] "GET /xingrg/kc/buy/cgsh_order_operate.html?command=get_materiel&rest_code=00147&code=00101008318&supplier_code=00100007&order_time=2023-06-20 HTTP/1.1" 200 408
101.229.22.40 - - [20/Jun/2023:11:34:15 +0800] "POST /xingrg/kc/buy/cgsh_order_operate.html HTTP/1.1" 200 2065
114.83.219.231 - - [20/Jun/2023:11:34:16 +0800] "GET /xingrg/kc/base/wldb_order_operate.html?command=get_materiel&rest_code=00149&base_code=0010395&code=00102002441 HTTP/1.1" 200 447
101.229.22.40 - - [20/Jun/2023:11:34:18 +0800] "GET /xingrg/all/function/internal_message.html?_=1687232057976&CODE_STATE=getMsg HTTP/1.1" 200 27
222.70.180.90 - - [20/Jun/2023:11:34:19 +0800] "GET /xingrg/all/function/internal_message.html?_=1687232058742&CODE_STATE=getMsg HTTP/1.1" 200 27
101.229.22.40 - - [20/Jun/2023:11:34:22 +0800] "GET /xingrg/kc/buy/cgsh_order_operate.html?command=get_materiel&rest_code=00142&code=00101016025&supplier_code=00100161&order_time=2023-06-20 HTTP/1.1" 200 408
180.169.147.146 - - [20/Jun/2023:11:34:22 +0800] "GET /xingrg/kc/buy/cgsh_order_operate.html?command=get_materiel&rest_code=00147&code=00101008353&supplier_code=00100007&order_time=2023-06-20 HTTP/1.1" 200 408
116.238.191.126 - - [20/Jun/2023:11:34:23 +0800] "GET /xingrg/all/function/internal_message.html?_=1687232063151&CODE_STATE=getMsg HTTP/1.1" 200 27
114.83.219.231 - - [20/Jun/2023:11:34:23 +0800] "GET /xingrg/all/function/internal_message.html?_=1687232063592&CODE_STATE=getMsg HTTP/1.1" 200 27
180.169.147.146 - - [20/Jun/2023:11:34:24 +0800] "POST /xingrg/kc/buy/cgsh_order_operate.html HTTP/1.1" 200 2065
114.83.219.231 - - [20/Jun/2023:11:34:24 +0800] "GET /xingrg/kc/base/wldb_order_operate.html?command=get_materiel&rest_code=00149&base_code=0010395&code=00102002082 HTTP/1.1" 200 453
124.77.240.38 - - [20/Jun/2023:11:34:25 +0800] "GET /xingrg/all/function/internal_message.html?_=1687232070975&CODE_STATE=getMsg HTTP/1.1" 200 27
180.169.147.146 - - [20/Jun/2023:11:34:28 +0800] "GET /xingrg/all/function/internal_message.html?_=1687232068910&CODE_STATE=getMsg HTTP/1.1" 200 27
61.170.233.201 - - [20/Jun/2023:11:34:29 +0800] "POST /xingrg/dwr/call/plaincall/AjaxReportQueryService.refreshCache.dwr HTTP/1.1" 200 78
116.232.195.127 - - [20/Jun/2023:11:34:33 +0800] "GET /xingrg/all/function/internal_message.html?_=1687232073541&CODE_STATE=getMsg HTTP/1.1" 200 27
116.232.195.127 - - [20/Jun/2023:11:34:33 +0800] "GET /xingrg/check_reg.html?_=1687232073546 HTTP/1.1" 200 22
180.169.147.146 - - [20/Jun/2023:11:34:34 +0800] "GET /xingrg/all/function/internal_message.html?_=1687232073352&CODE_STATE=getMsg HTTP/1.1" 200 27
180.169.147.146 - - [20/Jun/2023:11:34:36 +0800] "GET /xingrg/all/function/internal_message.html?_=1687232076413&CODE_STATE=getMsg HTTP/1.1" 200 27
101.229.22.40 - - [20/Jun/2023:11:34:38 +0800] "POST /xingrg/kc/buy/cgsh_order_operate.html HTTP/1.1" 200 37
180.169.147.146 - - [20/Jun/2023:11:34:38 +0800] "GET /xingrg/kc/buy/cgsh_order_operate.html?command=get_materiel&rest_code=00147&code=00101008101&supplier_code=00100007&order_time=2023-06-20 HTTP/1.1" 200 412
116.232.195.127 - - [20/Jun/2023:11:34:38 +0800] "GET /xingrg/all/function/internal_message.html?_=1687232080178&CODE_STATE=getMsg HTTP/1.1" 200 27
61.170.233.201 - - [20/Jun/2023:11:34:38 +0800] "POST /xingrg/all/report/load_report_page.html HTTP/1.1" 200 8924
61.170.233.201 - - [20/Jun/2023:11:34:38 +0800] "GET /xingrg/servlets/image?cache=0.8793270255512962&image=px HTTP/1.1" 200 807
101.229.22.40 - - [20/Jun/2023:11:34:40 +0800] "POST /xingrg/kc/buy/cgsh_order_operate.html HTTP/1.1" 200 13852
222.67.234.146 - - [20/Jun/2023:11:34:40 +0800] "GET /xingrg/all/function/internal_message.html?_=1687231574067&CODE_STATE=getMsg HTTP/1.1" 200 27
61.170.233.201 - - [20/Jun/2023:11:34:42 +0800] "GET /xingrg/all/report/report_query.html?isQuery=1&fileName=kc/buy/wlcg_cate_hz.xml&queryString=(CONVERT(char(10)%252Ca.order_time%252C%2520120)%253E%253D'2023-05-16')%2520and%2520(CONVERT(char(10)%252Ca.order_time%252C%2520120)%253C%253D'2023-05-31')%2520and%2520(a.supplier_code%2520in%2520('00100007'))%2520and%2520(a.number%253E0%2520and%2520a.supplier_code%253D'00100007')&queryText=%25E3%2580%2590%25E9%2587%2587%25E8%25B4%25AD%25E6%2597%25A5%25E6%259C%259F%253A2023-05-16%2520%25E8%2587%25B3%25202023-05-31%25E3%2580%2591%2520%25E5%25B9%25B6%25E4%25B8%2594%2520%2520%25E3%2580%2590%25E4%25BE%259B%25E5%25BA%2594%25E5%2595%2586%2520%253D%2520%25E8%2594%25AC%25E8%258F%259C%25EF%25BC%2588%25E6%25AD%25A6%25E9%2587%2591%25E7%25BA%25A2%25EF%25BC%2589%25E3%2580%2591%2520%25E5%25B9%25B6%25E4%25B8%2594%2520%25E3%2580%2590%25E4%25BE%259B%25E5%25BA%2594%25E5%2595%2586%253D%25E8%2594%25AC%25E8%258F%259C%25EF%25BC%2588%25E6%25AD%25A6%25E9%2587%2591%25E7%25BA%25A2%25EF%25BC%2589%25E3%2580%2591 HTTP/1.1" 200 54480
61.170.233.201 - - [20/Jun/2023:11:34:42 +0800] "GET /xingrg/dwr/interface/AjaxReportQueryService.js HTTP/1.1" 200 13203
61.170.233.201 - - [20/Jun/2023:11:34:42 +0800] "GET /xingrg/dwr/engine.js HTTP/1.1" 200 43631
180.169.147.146 - - [20/Jun/2023:11:34:47 +0800] "GET /xingrg/kc/buy/cgsh_order_operate.html?command=get_materiel&rest_code=00147&code=00101008182&supplier_code=00100007&order_time=2023-06-20 HTTP/1.1" 200 413
61.170.233.201 - - [20/Jun/2023:11:34:47 +0800] "POST /xingrg/all/report/load_report_page.html HTTP/1.1" 200 10897
61.170.233.201 - - [20/Jun/2023:11:34:47 +0800] "GET /xingrg/servlets/image?cache=0.27514403941040366&image=px HTTP/1.1" 200 807
114.83.219.231 - - [20/Jun/2023:11:34:47 +0800] "POST /xingrg/kc/base/wldb_order_operate.html HTTP/1.1" 200 37
61.170.233.201 - - [20/Jun/2023:11:34:48 +0800] "GET /xingrg/all/function/internal_message.html?_=1687232094737&CODE_STATE=getMsg HTTP/1.1" 200 27
114.83.219.231 - - [20/Jun/2023:11:34:48 +0800] "POST /xingrg/kc/base/wldb_order_operate.html HTTP/1.1" 200 4620
101.229.22.40 - - [20/Jun/2023:11:34:50 +0800] "POST /xingrg/kc/buy/cgsh_order_operate.html HTTP/1.1" 200 37
116.238.191.126 - - [20/Jun/2023:11:34:51 +0800] "GET /xingrg/all/function/internal_message.html?_=1687232020120&CODE_STATE=getMsg HTTP/1.1" 200 27
101.229.22.40 - - [20/Jun/2023:11:34:53 +0800] "POST /xingrg/kc/buy/cgsh_order_operate.html HTTP/1.1" 200 13852
61.170.233.201 - - [20/Jun/2023:11:34:54 +0800] "POST /xingrg/all/report/load_report_page.html HTTP/1.1" 200 116979
61.170.233.201 - - [20/Jun/2023:11:34:54 +0800] "GET /xingrg/servlets/image?cache=0.9886875450893708&image=px HTTP/1.1" 200 807
61.170.233.201 - - [20/Jun/2023:11:34:56 +0800] "GET /xingrg/check_reg.html?_=1687232096721 HTTP/1.1" 200 22
61.170.233.201 - - [20/Jun/2023:11:34:56 +0800] "GET /xingrg/all/function/internal_message.html?_=1687232096925&CODE_STATE=getMsg HTTP/1.1" 200 27
180.169.147.146 - - [20/Jun/2023:11:34:58 +0800] "GET /xingrg/kc/buy/cgsh_order_operate.html?command=get_materiel&rest_code=00147&code=00101008283&supplier_code=00100007&order_time=2023-06-20 HTTP/1.1" 200 408
180.164.3.199 - - [20/Jun/2023:11:34:59 +0800] "GET /xingrg/all/function/internal_message.html?_=1687232099204&CODE_STATE=getMsg HTTP/1.1" 200 27
222.70.114.12 - - [20/Jun/2023:11:34:59 +0800] "GET /xingrg/all/function/internal_message.html?_=1687232102619&CODE_STATE=getMsg HTTP/1.1" 302 -
114.83.219.231 - - [20/Jun/2023:11:35:00 +0800] "POST /xingrg/kc/base/wldb_order_operate.html HTTP/1.1" 200 12
61.170.233.201 - - [20/Jun/2023:11:35:02 +0800] "POST /xingrg/all/report/report_print.html HTTP/1.1" 200 31269
114.83.219.231 - - [20/Jun/2023:11:35:03 +0800] "GET /xingrg/kc/base/wldb_order_info.html?code=422023062001596 HTTP/1.1" 200 26266
114.83.219.231 - - [20/Jun/2023:11:35:03 +0800] "GET /xingrg/words/20230620111023_words.js HTTP/1.1" 304 -
114.83.219.231 - - [20/Jun/2023:11:35:03 +0800] "GET /xingrg/javascript/easyui/themes/default/validatebox.css HTTP/1.1" 404 1104
114.83.219.231 - - [20/Jun/2023:11:35:04 +0800] "POST /xingrg/kc/base/wldb_order_operate.html HTTP/1.1" 200 2855
101.229.22.40 - - [20/Jun/2023:11:35:05 +0800] "POST /xingrg/kc/buy/cgsh_list_operate.html HTTP/1.1" 200 2737
120.253.135.82 - - [20/Jun/2023:11:35:06 +0800] "GET /xingrg/all/function/internal_message.html?_=1687231938628&CODE_STATE=getMsg HTTP/1.1" 200 27
124.79.242.2 - - [20/Jun/2023:11:35:07 +0800] "GET /xingrg/all/function/internal_message.html?_=1687232375293&CODE_STATE=getMsg HTTP/1.1" 200 27
61.170.233.201 - - [20/Jun/2023:11:35:08 +0800] "GET /xingrg/all/function/internal_message.html?_=1687232107688&CODE_STATE=getMsg HTTP/1.1" 200 27
180.164.3.199 - - [20/Jun/2023:11:35:14 +0800] "GET /xingrg/check_reg.html?_=1687232114418 HTTP/1.1" 302 -
101.229.22.40 - - [20/Jun/2023:11:35:18 +0800] "GET /xingrg/all/function/internal_message.html?_=1687232117957&CODE_STATE=getMsg HTTP/1.1" 200 27
222.70.180.90 - - [20/Jun/2023:11:35:19 +0800] "GET /xingrg/all/function/internal_message.html?_=1687232118726&CODE_STATE=getMsg HTTP/1.1" 200 27
61.170.233.201 - - [20/Jun/2023:11:35:21 +0800] "POST /xingrg/dwr/call/plaincall/AjaxReportQueryService.refreshCache.dwr HTTP/1.1" 200 78
124.77.240.38 - - [20/Jun/2023:11:35:23 +0800] "GET /xingrg/check_reg.html?_=1687232128769 HTTP/1.1" 200 22
116.238.191.126 - - [20/Jun/2023:11:35:23 +0800] "GET /xingrg/all/function/internal_message.html?_=1687232123152&CODE_STATE=getMsg HTTP/1.1" 200 27
114.83.219.231 - - [20/Jun/2023:11:35:23 +0800] "GET /xingrg/all/function/internal_message.html?_=1687232123569&CODE_STATE=getMsg HTTP/1.1" 200 27
124.77.240.38 - - [20/Jun/2023:11:35:25 +0800] "GET /xingrg/all/function/internal_message.html?_=1687232130988&CODE_STATE=getMsg HTTP/1.1" 200 27
180.169.147.146 - - [20/Jun/2023:11:35:28 +0800] "GET /xingrg/check_reg.html?_=1687232128919 HTTP/1.1" 200 22
180.169.147.146 - - [20/Jun/2023:11:35:28 +0800] "GET /xingrg/all/function/internal_message.html?_=1687232128918&CODE_STATE=getMsg HTTP/1.1" 200 27
180.169.147.146 - - [20/Jun/2023:11:35:28 +0800] "GET /xingrg/kc/buy/cgsh_order_operate.html?command=get_materiel&rest_code=00147&code=00101008229&supplier_code=00100007&order_time=2023-06-20 HTTP/1.1" 200 420
61.170.233.201 - - [20/Jun/2023:11:35:31 +0800] "POST /xingrg/all/report/load_report_page.html HTTP/1.1" 200 159398
61.170.233.201 - - [20/Jun/2023:11:35:32 +0800] "GET /xingrg/servlets/image?cache=0.38191434975396255&image=px HTTP/1.1" 200 807
116.232.195.127 - - [20/Jun/2023:11:35:33 +0800] "GET /xingrg/all/function/internal_message.html?_=1687232133525&CODE_STATE=getMsg HTTP/1.1" 200 27
180.169.147.146 - - [20/Jun/2023:11:35:34 +0800] "GET /xingrg/all/function/internal_message.html?_=1687232133352&CODE_STATE=getMsg HTTP/1.1" 200 27
180.169.147.146 - - [20/Jun/2023:11:35:36 +0800] "GET /xingrg/all/function/internal_message.html?_=1687232136423&CODE_STATE=getMsg HTTP/1.1" 200 27
180.169.147.146 - - [20/Jun/2023:11:35:36 +0800] "GET /xingrg/check_reg.html?_=1687232136425 HTTP/1.1" 200 22
116.232.195.127 - - [20/Jun/2023:11:35:38 +0800] "GET /xingrg/all/function/internal_message.html?_=1687232140170&CODE_STATE=getMsg HTTP/1.1" 200 27
180.169.147.146 - - [20/Jun/2023:11:35:39 +0800] "POST /xingrg/kc/buy/cgsh_order_operate.html HTTP/1.1" 200 2065
222.67.234.146 - - [20/Jun/2023:11:35:40 +0800] "GET /xingrg/all/function/internal_message.html?_=1687231634068&CODE_STATE=getMsg HTTP/1.1" 200 27
61.170.233.201 - - [20/Jun/2023:11:35:48 +0800] "GET /xingrg/all/function/internal_message.html?_=1687232154734&CODE_STATE=getMsg HTTP/1.1" 200 27
61.170.233.201 - - [20/Jun/2023:11:35:48 +0800] "GET /xingrg/check_reg.html?_=1687232154736 HTTP/1.1" 200 22
180.169.147.146 - - [20/Jun/2023:11:35:48 +0800] "GET /xingrg/kc/buy/cgsh_order_operate.html?command=get_materiel&rest_code=00147&code=00101015110&supplier_code=00100007&order_time=2023-06-20 HTTP/1.1" 200 413
116.238.191.126 - - [20/Jun/2023:11:35:50 +0800] "GET /xingrg/check_reg.html?_=1687232079052 HTTP/1.1" 200 22
116.238.191.126 - - [20/Jun/2023:11:35:51 +0800] "GET /xingrg/all/function/internal_message.html?_=1687232080134&CODE_STATE=getMsg HTTP/1.1" 200 27
124.79.242.2 - - [20/Jun/2023:11:35:53 +0800] "GET /xingrg/all/function/internal_message.html?_=1687232435264&CODE_STATE=getMsg HTTP/1.1" 200 27
61.170.233.201 - - [20/Jun/2023:11:35:56 +0800] "GET /xingrg/all/function/internal_message.html?_=1687232156937&CODE_STATE=getMsg HTTP/1.1" 200 27
180.164.3.199 - - [20/Jun/2023:11:35:59 +0800] "GET /xingrg/all/function/internal_message.html?_=1687232159202&CODE_STATE=getMsg HTTP/1.1" 200 27
222.70.114.12 - - [20/Jun/2023:11:35:59 +0800] "GET /xingrg/all/function/internal_message.html?_=1687232162620&CODE_STATE=getMsg HTTP/1.1" 302 -
222.70.114.12 - - [20/Jun/2023:11:35:59 +0800] "GET /xingrg/check_reg.html?_=1687232162623 HTTP/1.1" 302 -
180.169.147.146 - - [20/Jun/2023:11:36:01 +0800] "GET /xingrg/kc/buy/cgsh_order_operate.html?command=get_materiel&rest_code=00147&code=00101008005&supplier_code=00100007&order_time=2023-06-20 HTTP/1.1" 200 412
120.253.135.82 - - [20/Jun/2023:11:36:06 +0800] "GET /xingrg/all/function/internal_message.html?_=1687231998763&CODE_STATE=getMsg HTTP/1.1" 200 27
180.163.28.55 - - [20/Jun/2023:11:36:08 +0800] "GET /xingrg/all/function/internal_message.html?_=1687232107688&CODE_STATE=getMsg HTTP/1.1" 302 -
180.163.28.55 - - [20/Jun/2023:11:36:08 +0800] "GET /xingrg/login.html HTTP/1.1" 200 7641
61.170.233.201 - - [20/Jun/2023:11:36:08 +0800] "GET /xingrg/all/function/internal_message.html?_=1687232167661&CODE_STATE=getMsg HTTP/1.1" 200 27
180.169.147.146 - - [20/Jun/2023:11:36:13 +0800] "GET /xingrg/kc/buy/cgsh_order_operate.html?command=get_materiel&rest_code=00147&code=00101008036&supplier_code=00100007&order_time=2023-06-20 HTTP/1.1" 200 408
101.229.22.40 - - [20/Jun/2023:11:36:18 +0800] "GET /xingrg/all/function/internal_message.html?_=1687232177957&CODE_STATE=getMsg HTTP/1.1" 200 27
222.70.180.90 - - [20/Jun/2023:11:36:19 +0800] "GET /xingrg/all/function/internal_message.html?_=1687232178710&CODE_STATE=getMsg HTTP/1.1" 200 27
116.238.191.126 - - [20/Jun/2023:11:36:23 +0800] "GET /xingrg/all/function/internal_message.html?_=1687232183152&CODE_STATE=getMsg HTTP/1.1" 200 27
114.83.219.231 - - [20/Jun/2023:11:36:23 +0800] "GET /xingrg/all/function/internal_message.html?_=1687232183556&CODE_STATE=getMsg HTTP/1.1" 200 27
124.77.240.38 - - [20/Jun/2023:11:36:25 +0800] "GET /xingrg/all/function/internal_message.html?_=1687232191002&CODE_STATE=getMsg HTTP/1.1" 200 27
180.169.147.146 - - [20/Jun/2023:11:36:27 +0800] "GET /xingrg/kc/buy/cgsh_order_operate.html?command=get_materiel&rest_code=00147&code=00101020082&supplier_code=00100007&order_time=2023-06-20 HTTP/1.1" 200 409
180.169.147.146 - - [20/Jun/2023:11:36:28 +0800] "GET /xingrg/all/function/internal_message.html?_=1687232188904&CODE_STATE=getMsg HTTP/1.1" 200 27
116.232.195.127 - - [20/Jun/2023:11:36:33 +0800] "GET /xingrg/all/function/internal_message.html?_=1687232193540&CODE_STATE=getMsg HTTP/1.1" 200 27
180.169.147.146 - - [20/Jun/2023:11:36:34 +0800] "GET /xingrg/check_reg.html?_=1687232193351 HTTP/1.1" 200 22
180.169.147.146 - - [20/Jun/2023:11:36:34 +0800] "GET /xingrg/all/function/internal_message.html?_=1687232193355&CODE_STATE=getMsg HTTP/1.1" 200 27
180.169.147.146 - - [20/Jun/2023:11:36:36 +0800] "GET /xingrg/all/function/internal_message.html?_=1687232196429&CODE_STATE=getMsg HTTP/1.1" 200 27
61.170.233.201 - - [20/Jun/2023:11:36:37 +0800] "GET /xingrg/index.html?sysBaseUrl=http%3A%2F%2F180.169.147.146%3A18081%2Fxingrg%2F&costTime=1941×tamp=1687227639959 HTTP/1.1" 200 17509
61.170.233.201 - - [20/Jun/2023:11:36:37 +0800] "GET /xingrg/javascript/jquery_easy_ui/themes/default/easyui.css HTTP/1.1" 304 -
61.170.233.201 - - [20/Jun/2023:11:36:38 +0800] "GET /xingrg/javascript/jquery_easy_ui/themes/icon.css HTTP/1.1" 304 -
61.170.233.201 - - [20/Jun/2023:11:36:38 +0800] "GET /xingrg/css/form.css HTTP/1.1" 304 -
61.170.233.201 - - [20/Jun/2023:11:36:38 +0800] "GET /xingrg/javascript/jquery-1.4.2.min.js HTTP/1.1" 304 -
116.232.195.127 - - [20/Jun/2023:11:36:38 +0800] "GET /xingrg/all/function/internal_message.html?_=1687232200166&CODE_STATE=getMsg HTTP/1.1" 200 27
61.170.233.201 - - [20/Jun/2023:11:36:38 +0800] "GET /xingrg/javascript/jquery_easy_ui/jquery.easyui.min.js HTTP/1.1" 304 -
61.170.233.201 - - [20/Jun/2023:11:36:38 +0800] "GET /xingrg/javascript/jquery_easy_ui/easyui-lang-zh_CN.js HTTP/1.1" 304 -
61.170.233.201 - - [20/Jun/2023:11:36:38 +0800] "GET /xingrg/javascript/jquery.form.js HTTP/1.1" 304 -
61.170.233.201 - - [20/Jun/2023:11:36:38 +0800] "GET /xingrg/javascript/jquery.utils.js HTTP/1.1" 304 -
61.170.233.201 - - [20/Jun/2023:11:36:38 +0800] "GET /xingrg/javascript/jquery.timers.js HTTP/1.1" 304 -
61.170.233.201 - - [20/Jun/2023:11:36:39 +0800] "GET /xingrg/images/blue/jxLogo.png HTTP/1.1" 304 -
61.170.233.201 - - [20/Jun/2023:11:36:39 +0800] "GET /xingrg/javascript/jquery_easy_ui/themes/icons/settle_new.png HTTP/1.1" 304 -
61.170.233.201 - - [20/Jun/2023:11:36:39 +0800] "GET /xingrg/images/blue/navBackgound.jpg HTTP/1.1" 304 -
61.170.233.201 - - [20/Jun/2023:11:36:39 +0800] "GET /xingrg/javascript/jquery_easy_ui/themes/default/images/tabs_rightarrow.png HTTP/1.1" 304 -
61.170.233.201 - - [20/Jun/2023:11:36:39 +0800] "GET /xingrg/javascript/jquery_easy_ui/themes/default/images/panel_tool_collapse.gif HTTP/1.1" 304 -
61.170.233.201 - - [20/Jun/2023:11:36:39 +0800] "GET /xingrg/javascript/jquery_easy_ui/themes/default/images/panel_tool_expand.gif HTTP/1.1" 304 -
61.170.233.201 - - [20/Jun/2023:11:36:39 +0800] "GET /xingrg/javascript/jquery_easy_ui/themes/default/images/tabs_leftarrow.png HTTP/1.1" 304 -
61.170.233.201 - - [20/Jun/2023:11:36:39 +0800] "GET /xingrg/images/blue/pingpu.png HTTP/1.1" 304 -
61.170.233.201 - - [20/Jun/2023:11:36:39 +0800] "GET /xingrg/check_reg.html?_=1687232205333 HTTP/1.1" 200 22
61.170.233.201 - - [20/Jun/2023:11:36:39 +0800] "GET /xingrg/all/function/internal_message.html?_=1687232205332&CODE_STATE=count HTTP/1.1" 200 11
61.170.233.201 - - [20/Jun/2023:11:36:39 +0800] "POST /xingrg/all/common/load_tree.html?tree=area_rest_tree_json&manage=1 HTTP/1.1" 200 3499
61.170.233.201 - - [20/Jun/2023:11:36:39 +0800] "POST /xingrg/load_menu.html HTTP/1.1" 200 9959
222.67.234.146 - - [20/Jun/2023:11:36:40 +0800] "GET /xingrg/all/function/internal_message.html?_=1687231694067&CODE_STATE=getMsg HTTP/1.1" 200 27
222.67.234.146 - - [20/Jun/2023:11:36:40 +0800] "GET /xingrg/check_reg.html?_=1687231694068 HTTP/1.1" 200 22
61.170.233.201 - - [20/Jun/2023:11:36:43 +0800] "GET /xingrg/kc/report/report_main.html HTTP/1.1" 200 7340
61.170.233.201 - - [20/Jun/2023:11:36:47 +0800] "GET /xingrg/all/report/report_query.html?fileName=kc/buy/gys_amount.xml&rh=99999 HTTP/1.1" 200 52006
61.170.233.201 - - [20/Jun/2023:11:36:47 +0800] "GET /xingrg/dwr/interface/AjaxReportQueryService.js HTTP/1.1" 200 13203
61.170.233.201 - - [20/Jun/2023:11:36:47 +0800] "GET /xingrg/dwr/engine.js HTTP/1.1" 200 43631
61.170.233.201 - - [20/Jun/2023:11:36:47 +0800] "POST /xingrg/dwr/call/plaincall/AjaxReportQueryService.getFixDate.dwr HTTP/1.1" 200 111
61.170.233.201 - - [20/Jun/2023:11:36:49 +0800] "POST /xingrg/dwr/call/plaincall/AjaxReportQueryService.getInitString.dwr HTTP/1.1" 200 1023
61.170.233.201 - - [20/Jun/2023:11:36:49 +0800] "POST /xingrg/all/common/load_tree.html?tree=materiel_sort_tree_json HTTP/1.1" 200 9500
61.170.233.201 - - [20/Jun/2023:11:36:49 +0800] "POST /xingrg/all/common/load_tree.html?tree=supplier_tree_json&manage=1 HTTP/1.1" 200 76485
116.238.191.126 - - [20/Jun/2023:11:36:51 +0800] "GET /xingrg/all/function/internal_message.html?_=1687232140149&CODE_STATE=getMsg HTTP/1.1" 200 27
61.170.233.201 - - [20/Jun/2023:11:36:51 +0800] "POST /xingrg/dwr/call/plaincall/AjaxReportQueryService.getFixDate.dwr HTTP/1.1" 200 111
124.79.242.2 - - [20/Jun/2023:11:36:53 +0800] "GET /xingrg/all/function/internal_message.html?_=1687232495263&CODE_STATE=getMsg HTTP/1.1" 200 27
61.170.233.201 - - [20/Jun/2023:11:36:56 +0800] "GET /xingrg/all/function/internal_message.html?_=1687232216922&CODE_STATE=getMsg HTTP/1.1" 200 27
61.170.233.201 - - [20/Jun/2023:11:36:56 +0800] "POST /xingrg/dwr/call/plaincall/AjaxReportQueryService.refreshCache.dwr HTTP/1.1" 200 78
114.85.113.108 - - [20/Jun/2023:11:36:57 +0800] "GET /xingrg/check_reg.html?_=1687232216102 HTTP/1.1" 302 -
