120.253.135.82 - - [20/Jun/2023:07:26:08 +0800] "GET /xingrg/kc/print/load_data.html?order_code=212023061906828&kc_code=cgsh&condition= HTTP/1.1" 200 761
124.79.242.2 - - [20/Jun/2023:07:26:20 +0800] "GET /xingrg/all/function/internal_message.html?_=1687217180163&CODE_STATE=getMsg HTTP/1.1" 302 -
124.79.242.2 - - [20/Jun/2023:07:26:27 +0800] "GET /xingrg/all/function/internal_message.html?_=1687217187373&CODE_STATE=getMsg HTTP/1.1" 302 -
116.238.191.126 - - [20/Jun/2023:07:26:30 +0800] "GET /xingrg/all/function/internal_message.html?_=1687217119898&CODE_STATE=getMsg HTTP/1.1" 200 27
120.253.135.82 - - [20/Jun/2023:07:26:37 +0800] "GET /xingrg/all/function/internal_message.html?_=1687217029847&CODE_STATE=getMsg HTTP/1.1" 200 27
124.77.240.38 - - [20/Jun/2023:07:26:53 +0800] "GET /xingrg/all/function/internal_message.html?_=1687217218213&CODE_STATE=getMsg HTTP/1.1" 200 27
116.232.195.127 - - [20/Jun/2023:07:26:57 +0800] "GET /xingrg/all/function/internal_message.html?_=1687217219415&CODE_STATE=getMsg HTTP/1.1" 200 27
114.85.113.108 - - [20/Jun/2023:07:26:57 +0800] "GET /xingrg/check_reg.html?_=1687217216829 HTTP/1.1" 302 -
120.253.135.82 - - [20/Jun/2023:07:27:02 +0800] "GET /xingrg/all/function/internal_message.html?_=1687217055088&CODE_STATE=getMsg HTTP/1.1" 200 27
124.79.242.2 - - [20/Jun/2023:07:27:20 +0800] "GET /xingrg/all/function/internal_message.html?_=1687217240140&CODE_STATE=getMsg HTTP/1.1" 302 -
124.79.242.2 - - [20/Jun/2023:07:27:27 +0800] "GET /xingrg/all/function/internal_message.html?_=1687217247369&CODE_STATE=getMsg HTTP/1.1" 302 -
116.238.191.126 - - [20/Jun/2023:07:27:30 +0800] "GET /xingrg/all/function/internal_message.html?_=1687217179902&CODE_STATE=getMsg HTTP/1.1" 200 27
120.253.135.82 - - [20/Jun/2023:07:27:31 +0800] "POST /xingrg/kc/buy/cgsh_order_operate.html HTTP/1.1" 200 37
120.253.135.82 - - [20/Jun/2023:07:27:36 +0800] "GET /xingrg/check_reg.html?_=1687217089470 HTTP/1.1" 200 22
120.253.135.82 - - [20/Jun/2023:07:27:37 +0800] "GET /xingrg/all/function/internal_message.html?_=1687217089861&CODE_STATE=getMsg HTTP/1.1" 200 27
120.253.135.82 - - [20/Jun/2023:07:27:41 +0800] "POST /xingrg/kc/buy/cgsh_order_operate.html HTTP/1.1" 200 12
120.253.135.82 - - [20/Jun/2023:07:27:45 +0800] "GET /xingrg/kc/buy/cgsh_order_info.html?code=212023061906828 HTTP/1.1" 200 65598
120.253.135.82 - - [20/Jun/2023:07:27:45 +0800] "GET /xingrg/javascript/easyui/themes/default/validatebox.css HTTP/1.1" 404 1104
120.253.135.82 - - [20/Jun/2023:07:27:46 +0800] "POST /xingrg/kc/buy/cgsh_order_operate.html HTTP/1.1" 200 625
124.77.240.38 - - [20/Jun/2023:07:27:52 +0800] "GET /xingrg/check_reg.html?_=1687217277900 HTTP/1.1" 200 22
124.77.240.38 - - [20/Jun/2023:07:27:53 +0800] "GET /xingrg/all/function/internal_message.html?_=1687217278226&CODE_STATE=getMsg HTTP/1.1" 200 27
116.232.195.127 - - [20/Jun/2023:07:27:57 +0800] "GET /xingrg/all/function/internal_message.html?_=1687217279411&CODE_STATE=getMsg HTTP/1.1" 200 27
120.253.135.82 - - [20/Jun/2023:07:28:02 +0800] "GET /xingrg/all/function/internal_message.html?_=1687217115293&CODE_STATE=getMsg HTTP/1.1" 200 27
120.253.135.82 - - [20/Jun/2023:07:28:09 +0800] "GET /xingrg/kc/buy/cgsh_order_info.html?code=212023061906828 HTTP/1.1" 200 65598
120.253.135.82 - - [20/Jun/2023:07:28:09 +0800] "GET /xingrg/javascript/easyui/themes/default/validatebox.css HTTP/1.1" 404 1104
120.253.135.82 - - [20/Jun/2023:07:28:11 +0800] "POST /xingrg/kc/buy/cgsh_order_operate.html HTTP/1.1" 200 625
124.79.242.2 - - [20/Jun/2023:07:28:20 +0800] "GET /xingrg/all/function/internal_message.html?_=1687217300123&CODE_STATE=getMsg HTTP/1.1" 302 -
120.253.135.82 - - [20/Jun/2023:07:28:22 +0800] "POST /xingrg/kc/buy/cgsh_list_operate.html HTTP/1.1" 200 2239
120.253.135.82 - - [20/Jun/2023:07:28:26 +0800] "POST /xingrg/kc/buy/cgsh_list_operate.html HTTP/1.1" 200 210
124.79.242.2 - - [20/Jun/2023:07:28:27 +0800] "GET /xingrg/all/function/internal_message.html?_=1687217307359&CODE_STATE=getMsg HTTP/1.1" 302 -
120.253.135.82 - - [20/Jun/2023:07:28:28 +0800] "GET /xingrg/kc/buy/cgsh_order_info.html?code=212023061907068 HTTP/1.1" 200 70695
120.253.135.82 - - [20/Jun/2023:07:28:29 +0800] "GET /xingrg/javascript/easyui/themes/default/validatebox.css HTTP/1.1" 404 1104
120.253.135.82 - - [20/Jun/2023:07:28:30 +0800] "POST /xingrg/kc/buy/cgsh_order_operate.html HTTP/1.1" 200 2691
116.238.191.126 - - [20/Jun/2023:07:28:30 +0800] "GET /xingrg/all/function/internal_message.html?_=1687217239925&CODE_STATE=getMsg HTTP/1.1" 200 27
120.253.135.82 - - [20/Jun/2023:07:28:37 +0800] "GET /xingrg/all/function/internal_message.html?_=1687217149875&CODE_STATE=getMsg HTTP/1.1" 200 27
120.253.135.82 - - [20/Jun/2023:07:28:49 +0800] "GET /xingrg/check_reg.html?_=1687217162182 HTTP/1.1" 200 22
124.77.240.38 - - [20/Jun/2023:07:28:53 +0800] "GET /xingrg/all/function/internal_message.html?_=1687217338240&CODE_STATE=getMsg HTTP/1.1" 200 27
116.232.195.127 - - [20/Jun/2023:07:28:57 +0800] "GET /xingrg/all/function/internal_message.html?_=1687217339414&CODE_STATE=getMsg HTTP/1.1" 200 27
120.253.135.82 - - [20/Jun/2023:07:29:02 +0800] "GET /xingrg/all/function/internal_message.html?_=1687217175302&CODE_STATE=getMsg HTTP/1.1" 200 27
124.79.242.2 - - [20/Jun/2023:07:29:20 +0800] "GET /xingrg/all/function/internal_message.html?_=1687217360112&CODE_STATE=getMsg HTTP/1.1" 302 -
116.238.191.126 - - [20/Jun/2023:07:29:21 +0800] "GET /xingrg/check_reg.html?_=1687217291116 HTTP/1.1" 200 22
124.79.242.2 - - [20/Jun/2023:07:29:27 +0800] "GET /xingrg/all/function/internal_message.html?_=1687217367371&CODE_STATE=getMsg HTTP/1.1" 302 -
116.238.191.126 - - [20/Jun/2023:07:29:30 +0800] "GET /xingrg/all/function/internal_message.html?_=1687217299929&CODE_STATE=getMsg HTTP/1.1" 200 27
120.253.135.82 - - [20/Jun/2023:07:29:36 +0800] "POST /xingrg/kc/buy/cgsh_list_operate.html HTTP/1.1" 200 2239
120.253.135.82 - - [20/Jun/2023:07:29:37 +0800] "GET /xingrg/all/function/internal_message.html?_=1687217209887&CODE_STATE=getMsg HTTP/1.1" 200 27
120.253.135.82 - - [20/Jun/2023:07:29:39 +0800] "POST /xingrg/kc/buy/cgsh_list_operate.html HTTP/1.1" 200 210
120.253.135.82 - - [20/Jun/2023:07:29:42 +0800] "GET /xingrg/kc/buy/cgsh_order_info.html?code=212023061907068 HTTP/1.1" 200 70695
120.253.135.82 - - [20/Jun/2023:07:29:43 +0800] "GET /xingrg/javascript/easyui/themes/default/validatebox.css HTTP/1.1" 404 1104
120.253.135.82 - - [20/Jun/2023:07:29:43 +0800] "POST /xingrg/kc/buy/cgsh_order_operate.html HTTP/1.1" 200 2691
120.253.135.82 - - [20/Jun/2023:07:29:49 +0800] "GET /xingrg/javascript/auto/indicator.gif HTTP/1.1" 404 1066
124.77.240.38 - - [20/Jun/2023:07:29:53 +0800] "GET /xingrg/all/function/internal_message.html?_=1687217398253&CODE_STATE=getMsg HTTP/1.1" 200 27
116.232.195.127 - - [20/Jun/2023:07:29:57 +0800] "GET /xingrg/all/function/internal_message.html?_=1687217399403&CODE_STATE=getMsg HTTP/1.1" 200 27
120.253.135.82 - - [20/Jun/2023:07:30:02 +0800] "GET /xingrg/all/function/internal_message.html?_=1687217235315&CODE_STATE=getMsg HTTP/1.1" 200 27
120.253.135.82 - - [20/Jun/2023:07:30:04 +0800] "POST /xingrg/kc/buy/cgsh_order_operate.html HTTP/1.1" 200 37
120.253.135.82 - - [20/Jun/2023:07:30:06 +0800] "POST /xingrg/kc/buy/cgsh_order_operate.html HTTP/1.1" 200 2691
120.253.135.82 - - [20/Jun/2023:07:30:14 +0800] "POST /xingrg/kc/buy/cgsh_list_operate.html HTTP/1.1" 200 2242
180.164.3.199 - - [20/Jun/2023:07:30:15 +0800] "GET /xingrg/check_reg.html?_=1687217415156 HTTP/1.1" 302 -
120.253.135.82 - - [20/Jun/2023:07:30:17 +0800] "POST /xingrg/kc/buy/cgsh_list_operate.html HTTP/1.1" 200 204
124.79.242.2 - - [20/Jun/2023:07:30:20 +0800] "GET /xingrg/all/function/internal_message.html?_=1687217420096&CODE_STATE=getMsg HTTP/1.1" 302 -
120.253.135.82 - - [20/Jun/2023:07:30:21 +0800] "GET /xingrg/kc/buy/cgsh_order_info.html?code=212023061907071 HTTP/1.1" 200 70695
120.253.135.82 - - [20/Jun/2023:07:30:21 +0800] "GET /xingrg/javascript/easyui/themes/default/validatebox.css HTTP/1.1" 404 1104
120.253.135.82 - - [20/Jun/2023:07:30:22 +0800] "POST /xingrg/kc/buy/cgsh_order_operate.html HTTP/1.1" 200 2670
124.79.242.2 - - [20/Jun/2023:07:30:27 +0800] "GET /xingrg/all/function/internal_message.html?_=1687217427376&CODE_STATE=getMsg HTTP/1.1" 302 -
124.79.242.2 - - [20/Jun/2023:07:30:27 +0800] "GET /xingrg/check_reg.html?_=1687217427379 HTTP/1.1" 302 -
116.238.191.126 - - [20/Jun/2023:07:30:30 +0800] "GET /xingrg/all/function/internal_message.html?_=1687217359943&CODE_STATE=getMsg HTTP/1.1" 200 27
124.79.242.2 - - [20/Jun/2023:07:30:36 +0800] "GET /xingrg/check_reg.html?_=1687217436129 HTTP/1.1" 302 -
120.253.135.82 - - [20/Jun/2023:07:30:36 +0800] "POST /xingrg/kc/buy/cgsh_order_operate.html HTTP/1.1" 200 37
120.253.135.82 - - [20/Jun/2023:07:30:38 +0800] "POST /xingrg/kc/buy/cgsh_order_operate.html HTTP/1.1" 200 2670
120.253.135.82 - - [20/Jun/2023:07:30:41 +0800] "GET /xingrg/all/function/internal_message.html?_=1687217273895&CODE_STATE=getMsg HTTP/1.1" 200 27
120.253.135.82 - - [20/Jun/2023:07:30:48 +0800] "POST /xingrg/kc/buy/cgsh_list_operate.html HTTP/1.1" 200 2245
120.253.135.82 - - [20/Jun/2023:07:30:51 +0800] "GET /xingrg/kc/report/report_main.html HTTP/1.1" 200 8599
120.253.135.82 - - [20/Jun/2023:07:30:52 +0800] "GET /xingrg/kc/base/kc_stocks.html HTTP/1.1" 200 16506
120.253.135.82 - - [20/Jun/2023:07:30:52 +0800] "GET /xingrg/javascript/easyui/themes/default/tree.css HTTP/1.1" 404 1090
120.253.135.82 - - [20/Jun/2023:07:30:53 +0800] "POST /xingrg/all/common/load_tree.html?tree=materiel_sort_tree_json HTTP/1.1" 200 9500
124.77.240.38 - - [20/Jun/2023:07:30:53 +0800] "GET /xingrg/all/function/internal_message.html?_=1687217458537&CODE_STATE=getMsg HTTP/1.1" 200 27
120.253.135.82 - - [20/Jun/2023:07:30:54 +0800] "POST /xingrg/all/common/load_combo.html?type=base HTTP/1.1" 200 1169
116.232.195.127 - - [20/Jun/2023:07:30:57 +0800] "GET /xingrg/all/function/internal_message.html?_=1687217459414&CODE_STATE=getMsg HTTP/1.1" 200 27
116.232.195.127 - - [20/Jun/2023:07:30:57 +0800] "GET /xingrg/check_reg.html?_=1687217459417 HTTP/1.1" 200 22
120.253.135.82 - - [20/Jun/2023:07:30:58 +0800] "POST /xingrg/kc/buy/cgsh_list_operate.html HTTP/1.1" 200 2245
120.253.135.82 - - [20/Jun/2023:07:31:02 +0800] "POST /xingrg/kc/base/stock_operate.html HTTP/1.1" 200 1716
120.253.135.82 - - [20/Jun/2023:07:31:02 +0800] "GET /xingrg/all/function/internal_message.html?_=1687217295491&CODE_STATE=getMsg HTTP/1.1" 200 27
120.253.135.82 - - [20/Jun/2023:07:31:15 +0800] "POST /xingrg/kc/base/stock_operate.html HTTP/1.1" 200 1471
124.79.242.2 - - [20/Jun/2023:07:31:20 +0800] "GET /xingrg/all/function/internal_message.html?_=1687217480079&CODE_STATE=getMsg HTTP/1.1" 302 -
124.79.242.2 - - [20/Jun/2023:07:31:27 +0800] "GET /xingrg/all/function/internal_message.html?_=1687217487375&CODE_STATE=getMsg HTTP/1.1" 302 -
116.238.191.126 - - [20/Jun/2023:07:31:30 +0800] "GET /xingrg/all/function/internal_message.html?_=1687217419965&CODE_STATE=getMsg HTTP/1.1" 200 27
120.253.135.82 - - [20/Jun/2023:07:31:41 +0800] "GET /xingrg/all/function/internal_message.html?_=1687217333908&CODE_STATE=getMsg HTTP/1.1" 200 27
120.253.135.82 - - [20/Jun/2023:07:31:50 +0800] "GET /xingrg/kc/buy/cgsh_order_list.html HTTP/1.1" 200 55854
124.77.240.38 - - [20/Jun/2023:07:31:53 +0800] "GET /xingrg/all/function/internal_message.html?_=1687217518546&CODE_STATE=getMsg HTTP/1.1" 200 27
120.253.135.82 - - [20/Jun/2023:07:31:57 +0800] "POST /xingrg/kc/buy/cgsh_list_operate.html HTTP/1.1" 200 2245
116.232.195.127 - - [20/Jun/2023:07:31:57 +0800] "GET /xingrg/all/function/internal_message.html?_=1687217519410&CODE_STATE=getMsg HTTP/1.1" 200 27
114.85.113.108 - - [20/Jun/2023:07:31:57 +0800] "GET /xingrg/check_reg.html?_=1687217516819 HTTP/1.1" 302 -
120.253.135.82 - - [20/Jun/2023:07:32:00 +0800] "POST /xingrg/kc/buy/cgsh_list_operate.html HTTP/1.1" 200 210
120.253.135.82 - - [20/Jun/2023:07:32:02 +0800] "GET /xingrg/kc/buy/cgsh_order_info.html?code=212023061907068 HTTP/1.1" 200 70697
120.253.135.82 - - [20/Jun/2023:07:32:02 +0800] "GET /xingrg/all/function/internal_message.html?_=1687217355499&CODE_STATE=getMsg HTTP/1.1" 200 27
120.253.135.82 - - [20/Jun/2023:07:32:02 +0800] "GET /xingrg/javascript/easyui/themes/default/validatebox.css HTTP/1.1" 404 1104
120.253.135.82 - - [20/Jun/2023:07:32:03 +0800] "POST /xingrg/kc/buy/cgsh_order_operate.html HTTP/1.1" 200 2691
120.253.135.82 - - [20/Jun/2023:07:32:07 +0800] "GET /xingrg/kc/print/load_data.html?order_code=212023061907068&kc_code=cgsh&condition= HTTP/1.1" 200 679
124.79.242.2 - - [20/Jun/2023:07:32:20 +0800] "GET /xingrg/all/function/internal_message.html?_=1687217540060&CODE_STATE=getMsg HTTP/1.1" 302 -
124.79.242.2 - - [20/Jun/2023:07:32:27 +0800] "GET /xingrg/all/function/internal_message.html?_=1687217547367&CODE_STATE=getMsg HTTP/1.1" 302 -
116.238.191.126 - - [20/Jun/2023:07:32:30 +0800] "GET /xingrg/all/function/internal_message.html?_=1687217479969&CODE_STATE=getMsg HTTP/1.1" 200 27
120.253.135.82 - - [20/Jun/2023:07:32:36 +0800] "GET /xingrg/check_reg.html?_=1687217389513 HTTP/1.1" 200 22
120.253.135.82 - - [20/Jun/2023:07:32:41 +0800] "GET /xingrg/all/function/internal_message.html?_=1687217393923&CODE_STATE=getMsg HTTP/1.1" 200 27
124.77.240.38 - - [20/Jun/2023:07:32:53 +0800] "GET /xingrg/check_reg.html?_=1687217578139 HTTP/1.1" 200 22
124.77.240.38 - - [20/Jun/2023:07:32:53 +0800] "GET /xingrg/all/function/internal_message.html?_=1687217578559&CODE_STATE=getMsg HTTP/1.1" 200 27
116.232.195.127 - - [20/Jun/2023:07:32:57 +0800] "GET /xingrg/all/function/internal_message.html?_=1687217579412&CODE_STATE=getMsg HTTP/1.1" 200 27
120.253.135.82 - - [20/Jun/2023:07:33:03 +0800] "GET /xingrg/all/function/internal_message.html?_=1687217415697&CODE_STATE=getMsg HTTP/1.1" 200 27
124.79.242.2 - - [20/Jun/2023:07:33:20 +0800] "GET /xingrg/all/function/internal_message.html?_=1687217600038&CODE_STATE=getMsg HTTP/1.1" 302 -
124.79.242.2 - - [20/Jun/2023:07:33:27 +0800] "GET /xingrg/all/function/internal_message.html?_=1687217607376&CODE_STATE=getMsg HTTP/1.1" 302 -
116.238.191.126 - - [20/Jun/2023:07:33:30 +0800] "GET /xingrg/all/function/internal_message.html?_=1687217539992&CODE_STATE=getMsg HTTP/1.1" 200 27
120.253.135.82 - - [20/Jun/2023:07:33:41 +0800] "GET /xingrg/all/function/internal_message.html?_=1687217453938&CODE_STATE=getMsg HTTP/1.1" 200 27
120.253.135.82 - - [20/Jun/2023:07:33:46 +0800] "POST /xingrg/kc/buy/cgsh_order_operate.html HTTP/1.1" 200 37
120.253.135.82 - - [20/Jun/2023:07:33:49 +0800] "GET /xingrg/check_reg.html?_=1687217462187 HTTP/1.1" 200 22
124.77.240.38 - - [20/Jun/2023:07:33:53 +0800] "GET /xingrg/all/function/internal_message.html?_=1687217638574&CODE_STATE=getMsg HTTP/1.1" 200 27
116.232.195.127 - - [20/Jun/2023:07:33:57 +0800] "GET /xingrg/all/function/internal_message.html?_=1687217639414&CODE_STATE=getMsg HTTP/1.1" 200 27
120.253.135.82 - - [20/Jun/2023:07:34:03 +0800] "GET /xingrg/all/function/internal_message.html?_=1687217475698&CODE_STATE=getMsg HTTP/1.1" 200 27
120.253.135.82 - - [20/Jun/2023:07:34:18 +0800] "POST /xingrg/kc/buy/cgsh_order_operate.html HTTP/1.1" 200 12
124.79.242.2 - - [20/Jun/2023:07:34:20 +0800] "GET /xingrg/all/function/internal_message.html?_=1687217660024&CODE_STATE=getMsg HTTP/1.1" 302 -
120.253.135.82 - - [20/Jun/2023:07:34:21 +0800] "GET /xingrg/kc/buy/cgsh_order_info.html?code=212023061907068 HTTP/1.1" 200 65590
116.238.191.126 - - [20/Jun/2023:07:34:22 +0800] "GET /xingrg/check_reg.html?_=1687217591120 HTTP/1.1" 200 22
120.253.135.82 - - [20/Jun/2023:07:34:22 +0800] "GET /xingrg/javascript/easyui/themes/default/validatebox.css HTTP/1.1" 404 1104
120.253.135.82 - - [20/Jun/2023:07:34:22 +0800] "POST /xingrg/kc/buy/cgsh_order_operate.html HTTP/1.1" 200 641
124.79.242.2 - - [20/Jun/2023:07:34:27 +0800] "GET /xingrg/all/function/internal_message.html?_=1687217667380&CODE_STATE=getMsg HTTP/1.1" 302 -
120.253.135.82 - - [20/Jun/2023:07:34:28 +0800] "POST /xingrg/kc/buy/cgsh_list_operate.html HTTP/1.1" 200 204
116.238.191.126 - - [20/Jun/2023:07:34:30 +0800] "GET /xingrg/all/function/internal_message.html?_=1687217599996&CODE_STATE=getMsg HTTP/1.1" 200 27
120.253.135.82 - - [20/Jun/2023:07:34:31 +0800] "GET /xingrg/kc/buy/cgsh_order_info.html?code=212023061907071 HTTP/1.1" 200 70697
120.253.135.82 - - [20/Jun/2023:07:34:31 +0800] "GET /xingrg/javascript/easyui/themes/default/validatebox.css HTTP/1.1" 404 1104
120.253.135.82 - - [20/Jun/2023:07:34:33 +0800] "POST /xingrg/kc/buy/cgsh_order_operate.html HTTP/1.1" 200 2670
120.253.135.82 - - [20/Jun/2023:07:34:38 +0800] "GET /xingrg/kc/print/load_data.html?order_code=212023061907071&kc_code=cgsh&condition= HTTP/1.1" 200 672
120.253.135.82 - - [20/Jun/2023:07:34:41 +0800] "GET /xingrg/all/function/internal_message.html?_=1687217513949&CODE_STATE=getMsg HTTP/1.1" 200 27
120.253.135.82 - - [20/Jun/2023:07:34:51 +0800] "POST /xingrg/kc/buy/cgsh_order_operate.html HTTP/1.1" 200 37
124.77.240.38 - - [20/Jun/2023:07:34:53 +0800] "GET /xingrg/all/function/internal_message.html?_=1687217698587&CODE_STATE=getMsg HTTP/1.1" 200 27
116.232.195.127 - - [20/Jun/2023:07:34:57 +0800] "GET /xingrg/all/function/internal_message.html?_=1687217699408&CODE_STATE=getMsg HTTP/1.1" 200 27
120.253.135.82 - - [20/Jun/2023:07:35:03 +0800] "GET /xingrg/all/function/internal_message.html?_=1687217535711&CODE_STATE=getMsg HTTP/1.1" 200 27
180.164.3.199 - - [20/Jun/2023:07:35:15 +0800] "GET /xingrg/check_reg.html?_=1687217715147 HTTP/1.1" 302 -
124.79.242.2 - - [20/Jun/2023:07:35:20 +0800] "GET /xingrg/all/function/internal_message.html?_=1687217720014&CODE_STATE=getMsg HTTP/1.1" 302 -
124.79.242.2 - - [20/Jun/2023:07:35:27 +0800] "GET /xingrg/check_reg.html?_=1687217727385 HTTP/1.1" 302 -
124.79.242.2 - - [20/Jun/2023:07:35:27 +0800] "GET /xingrg/all/function/internal_message.html?_=1687217727387&CODE_STATE=getMsg HTTP/1.1" 302 -
116.238.191.126 - - [20/Jun/2023:07:35:30 +0800] "GET /xingrg/all/function/internal_message.html?_=1687217660010&CODE_STATE=getMsg HTTP/1.1" 200 27
124.79.242.2 - - [20/Jun/2023:07:35:36 +0800] "GET /xingrg/check_reg.html?_=1687217736125 HTTP/1.1" 302 -
124.77.240.38 - - [20/Jun/2023:07:35:53 +0800] "GET /xingrg/all/function/internal_message.html?_=1687217758818&CODE_STATE=getMsg HTTP/1.1" 200 27
116.232.195.127 - - [20/Jun/2023:07:35:57 +0800] "GET /xingrg/all/function/internal_message.html?_=1687217759417&CODE_STATE=getMsg HTTP/1.1" 200 27
116.232.195.127 - - [20/Jun/2023:07:35:57 +0800] "GET /xingrg/check_reg.html?_=1687217759418 HTTP/1.1" 200 22
120.253.135.82 - - [20/Jun/2023:07:36:03 +0800] "GET /xingrg/all/function/internal_message.html?_=1687217595920&CODE_STATE=getMsg HTTP/1.1" 200 27
124.79.242.2 - - [20/Jun/2023:07:36:20 +0800] "GET /xingrg/all/function/internal_message.html?_=1687217779997&CODE_STATE=getMsg HTTP/1.1" 302 -
124.79.242.2 - - [20/Jun/2023:07:36:27 +0800] "GET /xingrg/all/function/internal_message.html?_=1687217787383&CODE_STATE=getMsg HTTP/1.1" 302 -
116.238.191.126 - - [20/Jun/2023:07:36:30 +0800] "GET /xingrg/all/function/internal_message.html?_=1687217720033&CODE_STATE=getMsg HTTP/1.1" 200 27
120.253.135.82 - - [20/Jun/2023:07:36:32 +0800] "POST /xingrg/kc/buy/cgsh_order_operate.html HTTP/1.1" 200 12
124.77.240.38 - - [20/Jun/2023:07:36:53 +0800] "GET /xingrg/all/function/internal_message.html?_=1687217818832&CODE_STATE=getMsg HTTP/1.1" 200 27
116.232.195.127 - - [20/Jun/2023:07:36:57 +0800] "GET /xingrg/all/function/internal_message.html?_=1687217819410&CODE_STATE=getMsg HTTP/1.1" 200 27
114.85.113.108 - - [20/Jun/2023:07:36:57 +0800] "GET /xingrg/check_reg.html?_=1687217816806 HTTP/1.1" 302 -
120.253.135.82 - - [20/Jun/2023:07:37:03 +0800] "GET /xingrg/all/function/internal_message.html?_=1687217655926&CODE_STATE=getMsg HTTP/1.1" 200 27
116.232.195.127 - - [20/Jun/2023:07:37:16 +0800] "POST /xingrg/services/DataTransmitService HTTP/1.1" 200 524
124.79.242.2 - - [20/Jun/2023:07:37:20 +0800] "GET /xingrg/all/function/internal_message.html?_=1687217839974&CODE_STATE=getMsg HTTP/1.1" 302 -
124.79.242.2 - - [20/Jun/2023:07:37:27 +0800] "GET /xingrg/all/function/internal_message.html?_=1687217847374&CODE_STATE=getMsg HTTP/1.1" 302 -
116.238.191.126 - - [20/Jun/2023:07:37:30 +0800] "GET /xingrg/all/function/internal_message.html?_=1687217780037&CODE_STATE=getMsg HTTP/1.1" 200 27
124.77.240.38 - - [20/Jun/2023:07:37:53 +0800] "GET /xingrg/check_reg.html?_=1687217878427 HTTP/1.1" 200 22
124.77.240.38 - - [20/Jun/2023:07:37:53 +0800] "GET /xingrg/all/function/internal_message.html?_=1687217878845&CODE_STATE=getMsg HTTP/1.1" 200 27
116.232.195.127 - - [20/Jun/2023:07:37:57 +0800] "GET /xingrg/all/function/internal_message.html?_=1687217879423&CODE_STATE=getMsg HTTP/1.1" 200 27
120.253.135.82 - - [20/Jun/2023:07:38:00 +0800] "GET /xingrg/all/function/internal_message.html?_=1687217713287&CODE_STATE=getMsg HTTP/1.1" 200 27
120.253.135.82 - - [20/Jun/2023:07:38:00 +0800] "GET /xingrg/check_reg.html?_=1687217713290 HTTP/1.1" 200 22
120.253.135.82 - - [20/Jun/2023:07:38:01 +0800] "GET /xingrg/kc/buy/cgsh_order_info.html?code=212023061907071 HTTP/1.1" 200 65590
120.253.135.82 - - [20/Jun/2023:07:38:01 +0800] "GET /xingrg/javascript/easyui/themes/default/validatebox.css HTTP/1.1" 404 1104
120.253.135.82 - - [20/Jun/2023:07:38:02 +0800] "POST /xingrg/kc/buy/cgsh_order_operate.html HTTP/1.1" 200 620
120.253.135.82 - - [20/Jun/2023:07:38:03 +0800] "GET /xingrg/all/function/internal_message.html?_=1687217716141&CODE_STATE=getMsg HTTP/1.1" 200 27
120.253.135.82 - - [20/Jun/2023:07:38:09 +0800] "POST /xingrg/kc/buy/cgsh_list_operate.html HTTP/1.1" 200 986
120.253.135.82 - - [20/Jun/2023:07:38:13 +0800] "GET /xingrg/kc/buy/cgsh_order_add.html HTTP/1.1" 200 70700
120.253.135.82 - - [20/Jun/2023:07:38:13 +0800] "POST /xingrg/kc/buy/cgsh_order_operate.html HTTP/1.1" 200 8245
120.253.135.82 - - [20/Jun/2023:07:38:13 +0800] "GET /xingrg/javascript/easyui/themes/default/validatebox.css HTTP/1.1" 404 1104
124.79.242.2 - - [20/Jun/2023:07:38:20 +0800] "GET /xingrg/all/function/internal_message.html?_=1687217899951&CODE_STATE=getMsg HTTP/1.1" 302 -
120.253.135.82 - - [20/Jun/2023:07:38:22 +0800] "POST /xingrg/all/common/load_combo.html?type=employee HTTP/1.1" 200 1664
124.79.242.2 - - [20/Jun/2023:07:38:27 +0800] "GET /xingrg/all/function/internal_message.html?_=1687217907375&CODE_STATE=getMsg HTTP/1.1" 302 -
116.238.191.126 - - [20/Jun/2023:07:38:30 +0800] "GET /xingrg/all/function/internal_message.html?_=1687217840060&CODE_STATE=getMsg HTTP/1.1" 200 27
120.253.135.82 - - [20/Jun/2023:07:38:39 +0800] "GET /xingrg/kc/buy/cgsh_order_operate.html?command=get_materiel&rest_code=00101&code=00101016060&supplier_code=00100147&order_time=2023-06-20 HTTP/1.1" 200 445
120.253.135.82 - - [20/Jun/2023:07:38:42 +0800] "POST /xingrg/all/common/load_select.html HTTP/1.1" 200 25
120.253.135.82 - - [20/Jun/2023:07:38:47 +0800] "GET /xingrg/kc/buy/cgsh_order_operate.html?command=get_materiel_price&rest_code=00101&code=00101016060&unit_code=00100138&supplier_code=00100147&order_time=2023-06-20 HTTP/1.1" 200 30
120.253.135.82 - - [20/Jun/2023:07:38:49 +0800] "GET /xingrg/check_reg.html?_=1687217762196 HTTP/1.1" 200 22
124.77.240.38 - - [20/Jun/2023:07:38:53 +0800] "GET /xingrg/all/function/internal_message.html?_=1687217938861&CODE_STATE=getMsg HTTP/1.1" 200 27
116.232.195.127 - - [20/Jun/2023:07:38:57 +0800] "GET /xingrg/all/function/internal_message.html?_=1687217939419&CODE_STATE=getMsg HTTP/1.1" 200 27
120.253.135.82 - - [20/Jun/2023:07:39:00 +0800] "POST /xingrg/kc/buy/cgsh_order_operate.html HTTP/1.1" 200 37
120.253.135.82 - - [20/Jun/2023:07:39:02 +0800] "POST /xingrg/kc/buy/cgsh_order_operate.html HTTP/1.1" 200 2694
120.253.135.82 - - [20/Jun/2023:07:39:03 +0800] "GET /xingrg/all/function/internal_message.html?_=1687217776155&CODE_STATE=getMsg HTTP/1.1" 200 27
120.253.135.82 - - [20/Jun/2023:07:39:03 +0800] "GET /xingrg/all/function/internal_message.html?_=1687217776524&CODE_STATE=getMsg HTTP/1.1" 200 27
120.253.135.82 - - [20/Jun/2023:07:39:04 +0800] "GET /xingrg/kc/print/load_data.html?order_code=212023062007108&kc_code=cgsh&condition= HTTP/1.1" 200 776
124.79.242.2 - - [20/Jun/2023:07:39:20 +0800] "GET /xingrg/all/function/internal_message.html?_=1687217959937&CODE_STATE=getMsg HTTP/1.1" 302 -
116.238.191.126 - - [20/Jun/2023:07:39:22 +0800] "GET /xingrg/check_reg.html?_=1687217891132 HTTP/1.1" 200 22
124.79.242.2 - - [20/Jun/2023:07:39:27 +0800] "GET /xingrg/all/function/internal_message.html?_=1687217967374&CODE_STATE=getMsg HTTP/1.1" 302 -
116.238.191.126 - - [20/Jun/2023:07:39:30 +0800] "GET /xingrg/all/function/internal_message.html?_=1687217900064&CODE_STATE=getMsg HTTP/1.1" 200 27
124.77.240.38 - - [20/Jun/2023:07:39:53 +0800] "GET /xingrg/all/function/internal_message.html?_=1687217998878&CODE_STATE=getMsg HTTP/1.1" 200 27
116.232.195.127 - - [20/Jun/2023:07:39:57 +0800] "GET /xingrg/all/function/internal_message.html?_=1687217999420&CODE_STATE=getMsg HTTP/1.1" 200 27
120.253.135.82 - - [20/Jun/2023:07:40:03 +0800] "GET /xingrg/all/function/internal_message.html?_=1687217836169&CODE_STATE=getMsg HTTP/1.1" 200 27
120.253.135.82 - - [20/Jun/2023:07:40:03 +0800] "GET /xingrg/all/function/internal_message.html?_=1687217836564&CODE_STATE=getMsg HTTP/1.1" 200 27
180.164.3.199 - - [20/Jun/2023:07:40:15 +0800] "GET /xingrg/check_reg.html?_=1687218015138 HTTP/1.1" 302 -
124.79.242.2 - - [20/Jun/2023:07:40:20 +0800] "GET /xingrg/all/function/internal_message.html?_=1687218019924&CODE_STATE=getMsg HTTP/1.1" 302 -
120.253.135.82 - - [20/Jun/2023:07:40:22 +0800] "POST /xingrg/kc/buy/cgsh_order_operate.html HTTP/1.1" 200 37
124.79.242.2 - - [20/Jun/2023:07:40:27 +0800] "GET /xingrg/all/function/internal_message.html?_=1687218027365&CODE_STATE=getMsg HTTP/1.1" 302 -
124.79.242.2 - - [20/Jun/2023:07:40:27 +0800] "GET /xingrg/check_reg.html?_=1687218027367 HTTP/1.1" 302 -
116.238.191.126 - - [20/Jun/2023:07:40:30 +0800] "GET /xingrg/all/function/internal_message.html?_=1687217960079&CODE_STATE=getMsg HTTP/1.1" 200 27
124.79.242.2 - - [20/Jun/2023:07:40:36 +0800] "GET /xingrg/check_reg.html?_=1687218036128 HTTP/1.1" 302 -
124.77.240.38 - - [20/Jun/2023:07:40:54 +0800] "GET /xingrg/all/function/internal_message.html?_=1687218059098&CODE_STATE=getMsg HTTP/1.1" 200 27
116.232.195.127 - - [20/Jun/2023:07:40:57 +0800] "GET /xingrg/check_reg.html?_=1687218059417 HTTP/1.1" 200 22
116.232.195.127 - - [20/Jun/2023:07:40:57 +0800] "GET /xingrg/all/function/internal_message.html?_=1687218059421&CODE_STATE=getMsg HTTP/1.1" 200 27
120.253.135.82 - - [20/Jun/2023:07:41:03 +0800] "GET /xingrg/all/function/internal_message.html?_=1687217896369&CODE_STATE=getMsg HTTP/1.1" 200 27
124.79.242.2 - - [20/Jun/2023:07:41:20 +0800] "GET /xingrg/all/function/internal_message.html?_=1687218079905&CODE_STATE=getMsg HTTP/1.1" 302 -
124.79.242.2 - - [20/Jun/2023:07:41:27 +0800] "GET /xingrg/all/function/internal_message.html?_=1687218087378&CODE_STATE=getMsg HTTP/1.1" 302 -
116.238.191.126 - - [20/Jun/2023:07:41:30 +0800] "GET /xingrg/all/function/internal_message.html?_=1687218020100&CODE_STATE=getMsg HTTP/1.1" 200 27
120.253.135.82 - - [20/Jun/2023:07:41:36 +0800] "POST /xingrg/kc/buy/cgsh_order_operate.html HTTP/1.1" 200 12
124.79.242.2 - - [20/Jun/2023:07:41:38 +0800] "POST /xingrg/services/DataTransmitService HTTP/1.1" 200 524
120.253.135.82 - - [20/Jun/2023:07:41:39 +0800] "GET /xingrg/all/function/internal_message.html?_=1687217931813&CODE_STATE=getMsg HTTP/1.1" 200 27
120.253.135.82 - - [20/Jun/2023:07:41:40 +0800] "GET /xingrg/kc/buy/cgsh_order_info.html?code=212023062007108 HTTP/1.1" 200 65611
120.253.135.82 - - [20/Jun/2023:07:41:40 +0800] "GET /xingrg/javascript/easyui/themes/default/validatebox.css HTTP/1.1" 404 1104
120.253.135.82 - - [20/Jun/2023:07:41:42 +0800] "POST /xingrg/kc/buy/cgsh_order_operate.html HTTP/1.1" 200 644
120.253.135.82 - - [20/Jun/2023:07:41:46 +0800] "POST /xingrg/kc/buy/cgsh_list_operate.html HTTP/1.1" 200 986
120.253.135.82 - - [20/Jun/2023:07:41:49 +0800] "GET /xingrg/kc/buy/cgsh_order_add.html HTTP/1.1" 200 70700
120.253.135.82 - - [20/Jun/2023:07:41:50 +0800] "POST /xingrg/kc/buy/cgsh_order_operate.html HTTP/1.1" 200 8245
120.253.135.82 - - [20/Jun/2023:07:41:50 +0800] "GET /xingrg/javascript/easyui/themes/default/validatebox.css HTTP/1.1" 404 1104
124.77.240.38 - - [20/Jun/2023:07:41:54 +0800] "GET /xingrg/all/function/internal_message.html?_=1687218119102&CODE_STATE=getMsg HTTP/1.1" 200 27
116.232.195.127 - - [20/Jun/2023:07:41:57 +0800] "GET /xingrg/all/function/internal_message.html?_=1687218119420&CODE_STATE=getMsg HTTP/1.1" 200 27
114.85.113.108 - - [20/Jun/2023:07:41:57 +0800] "GET /xingrg/check_reg.html?_=1687218116784 HTTP/1.1" 302 -
120.253.135.82 - - [20/Jun/2023:07:41:59 +0800] "POST /xingrg/all/common/load_combo.html?type=employee HTTP/1.1" 200 1664
120.253.135.82 - - [20/Jun/2023:07:42:03 +0800] "GET /xingrg/all/function/internal_message.html?_=1687217956385&CODE_STATE=getMsg HTTP/1.1" 200 27
120.253.135.82 - - [20/Jun/2023:07:42:15 +0800] "GET /xingrg/kc/buy/cgsh_order_operate.html?command=get_materiel&rest_code=00101&code=00101010880&supplier_code=00100430&order_time=2023-06-20 HTTP/1.1" 200 417
124.79.242.2 - - [20/Jun/2023:07:42:20 +0800] "GET /xingrg/all/function/internal_message.html?_=1687218139883&CODE_STATE=getMsg HTTP/1.1" 302 -
124.79.242.2 - - [20/Jun/2023:07:42:27 +0800] "GET /xingrg/all/function/internal_message.html?_=1687218147381&CODE_STATE=getMsg HTTP/1.1" 302 -
116.238.191.126 - - [20/Jun/2023:07:42:30 +0800] "GET /xingrg/all/function/internal_message.html?_=1687218080106&CODE_STATE=getMsg HTTP/1.1" 200 27
120.253.135.82 - - [20/Jun/2023:07:42:35 +0800] "POST /xingrg/kc/buy/cgsh_order_operate.html HTTP/1.1" 200 37
120.253.135.82 - - [20/Jun/2023:07:42:38 +0800] "POST /xingrg/kc/buy/cgsh_order_operate.html HTTP/1.1" 200 2669
120.253.135.82 - - [20/Jun/2023:07:42:39 +0800] "GET /xingrg/all/function/internal_message.html?_=1687217991828&CODE_STATE=getMsg HTTP/1.1" 200 27
120.253.135.82 - - [20/Jun/2023:07:42:42 +0800] "GET /xingrg/kc/print/load_data.html?order_code=212023062007109&kc_code=cgsh&condition= HTTP/1.1" 200 668
124.77.240.38 - - [20/Jun/2023:07:42:53 +0800] "GET /xingrg/check_reg.html?_=1687218178706 HTTP/1.1" 200 22
124.77.240.38 - - [20/Jun/2023:07:42:54 +0800] "GET /xingrg/all/function/internal_message.html?_=1687218179116&CODE_STATE=getMsg HTTP/1.1" 200 27
116.232.195.127 - - [20/Jun/2023:07:42:57 +0800] "GET /xingrg/all/function/internal_message.html?_=1687218179409&CODE_STATE=getMsg HTTP/1.1" 200 27
120.253.135.82 - - [20/Jun/2023:07:43:00 +0800] "GET /xingrg/check_reg.html?_=1687218013295 HTTP/1.1" 200 22
120.253.135.82 - - [20/Jun/2023:07:43:01 +0800] "POST /xingrg/kc/buy/cgsh_order_operate.html HTTP/1.1" 200 37
120.253.135.82 - - [20/Jun/2023:07:43:03 +0800] "GET /xingrg/all/function/internal_message.html?_=1687218016565&CODE_STATE=getMsg HTTP/1.1" 200 27
120.253.135.82 - - [20/Jun/2023:07:43:12 +0800] "POST /xingrg/kc/buy/cgsh_order_operate.html HTTP/1.1" 200 12
120.253.135.82 - - [20/Jun/2023:07:43:15 +0800] "GET /xingrg/kc/buy/cgsh_order_info.html?code=212023062007109 HTTP/1.1" 200 65594
120.253.135.82 - - [20/Jun/2023:07:43:16 +0800] "GET /xingrg/javascript/easyui/themes/default/validatebox.css HTTP/1.1" 404 1104
120.253.135.82 - - [20/Jun/2023:07:43:17 +0800] "POST /xingrg/kc/buy/cgsh_order_operate.html HTTP/1.1" 200 619
124.79.242.2 - - [20/Jun/2023:07:43:20 +0800] "GET /xingrg/all/function/internal_message.html?_=1687218199867&CODE_STATE=getMsg HTTP/1.1" 302 -
124.79.242.2 - - [20/Jun/2023:07:43:27 +0800] "GET /xingrg/all/function/internal_message.html?_=1687218207381&CODE_STATE=getMsg HTTP/1.1" 302 -
116.238.191.126 - - [20/Jun/2023:07:43:31 +0800] "GET /xingrg/all/function/internal_message.html?_=1687218140128&CODE_STATE=getMsg HTTP/1.1" 200 27
120.253.135.82 - - [20/Jun/2023:07:43:39 +0800] "GET /xingrg/all/function/internal_message.html?_=1687218051841&CODE_STATE=getMsg HTTP/1.1" 200 27
120.253.135.82 - - [20/Jun/2023:07:43:49 +0800] "GET /xingrg/check_reg.html?_=1687218062199 HTTP/1.1" 200 22
124.77.240.38 - - [20/Jun/2023:07:43:54 +0800] "GET /xingrg/all/function/internal_message.html?_=1687218239131&CODE_STATE=getMsg HTTP/1.1" 200 27
116.232.195.127 - - [20/Jun/2023:07:43:57 +0800] "GET /xingrg/all/function/internal_message.html?_=1687218239424&CODE_STATE=getMsg HTTP/1.1" 200 27
120.253.135.82 - - [20/Jun/2023:07:44:03 +0800] "GET /xingrg/all/function/internal_message.html?_=1687218076567&CODE_STATE=getMsg HTTP/1.1" 200 27
124.79.242.2 - - [20/Jun/2023:07:44:20 +0800] "GET /xingrg/all/function/internal_message.html?_=1687218259855&CODE_STATE=getMsg HTTP/1.1" 302 -
116.238.191.126 - - [20/Jun/2023:07:44:22 +0800] "GET /xingrg/check_reg.html?_=1687218191134 HTTP/1.1" 200 22
124.79.242.2 - - [20/Jun/2023:07:44:27 +0800] "GET /xingrg/all/function/internal_message.html?_=1687218267374&CODE_STATE=getMsg HTTP/1.1" 302 -
116.238.191.126 - - [20/Jun/2023:07:44:31 +0800] "GET /xingrg/all/function/internal_message.html?_=1687218200133&CODE_STATE=getMsg HTTP/1.1" 200 27
120.253.135.82 - - [20/Jun/2023:07:44:39 +0800] "GET /xingrg/all/function/internal_message.html?_=1687218111854&CODE_STATE=getMsg HTTP/1.1" 200 27
120.253.135.82 - - [20/Jun/2023:07:44:39 +0800] "POST /xingrg/kc/buy/cgsh_list_operate.html HTTP/1.1" 200 986
120.253.135.82 - - [20/Jun/2023:07:44:42 +0800] "GET /xingrg/kc/report/report_main.html HTTP/1.1" 200 8599
120.253.135.82 - - [20/Jun/2023:07:44:44 +0800] "GET /xingrg/kc/base/kc_stocks.html HTTP/1.1" 200 16506
120.253.135.82 - - [20/Jun/2023:07:44:44 +0800] "GET /xingrg/javascript/easyui/themes/default/tree.css HTTP/1.1" 404 1090
120.253.135.82 - - [20/Jun/2023:07:44:45 +0800] "POST /xingrg/all/common/load_tree.html?tree=materiel_sort_tree_json HTTP/1.1" 200 9500
120.253.135.82 - - [20/Jun/2023:07:44:45 +0800] "POST /xingrg/kc/buy/cgsh_list_operate.html HTTP/1.1" 200 986
120.253.135.82 - - [20/Jun/2023:07:44:46 +0800] "POST /xingrg/all/common/load_combo.html?type=base HTTP/1.1" 200 1169
124.77.240.38 - - [20/Jun/2023:07:44:54 +0800] "GET /xingrg/all/function/internal_message.html?_=1687218299143&CODE_STATE=getMsg HTTP/1.1" 200 27
120.253.135.82 - - [20/Jun/2023:07:44:55 +0800] "POST /xingrg/kc/base/stock_operate.html HTTP/1.1" 200 1772
116.232.195.127 - - [20/Jun/2023:07:44:57 +0800] "GET /xingrg/all/function/internal_message.html?_=1687218299415&CODE_STATE=getMsg HTTP/1.1" 200 27
120.253.135.82 - - [20/Jun/2023:07:45:03 +0800] "GET /xingrg/all/function/internal_message.html?_=1687218136580&CODE_STATE=getMsg HTTP/1.1" 200 27
180.164.3.199 - - [20/Jun/2023:07:45:15 +0800] "GET /xingrg/check_reg.html?_=1687218315126 HTTP/1.1" 302 -
124.79.242.2 - - [20/Jun/2023:07:45:20 +0800] "GET /xingrg/all/function/internal_message.html?_=1687218319829&CODE_STATE=getMsg HTTP/1.1" 302 -
124.79.242.2 - - [20/Jun/2023:07:45:27 +0800] "GET /xingrg/check_reg.html?_=1687218327363 HTTP/1.1" 302 -
124.79.242.2 - - [20/Jun/2023:07:45:27 +0800] "GET /xingrg/all/function/internal_message.html?_=1687218327367&CODE_STATE=getMsg HTTP/1.1" 302 -
116.238.191.126 - - [20/Jun/2023:07:45:31 +0800] "GET /xingrg/all/function/internal_message.html?_=1687218260146&CODE_STATE=getMsg HTTP/1.1" 200 27
124.79.242.2 - - [20/Jun/2023:07:45:36 +0800] "GET /xingrg/check_reg.html?_=1687218336126 HTTP/1.1" 302 -
120.253.135.82 - - [20/Jun/2023:07:45:39 +0800] "GET /xingrg/all/function/internal_message.html?_=1687218171868&CODE_STATE=getMsg HTTP/1.1" 200 27
124.77.240.38 - - [20/Jun/2023:07:45:54 +0800] "GET /xingrg/all/function/internal_message.html?_=1687218359415&CODE_STATE=getMsg HTTP/1.1" 200 27
116.232.195.127 - - [20/Jun/2023:07:45:57 +0800] "GET /xingrg/all/function/internal_message.html?_=1687218359414&CODE_STATE=getMsg HTTP/1.1" 200 27
116.232.195.127 - - [20/Jun/2023:07:45:57 +0800] "GET /xingrg/check_reg.html?_=1687218359417 HTTP/1.1" 200 22
120.253.135.82 - - [20/Jun/2023:07:46:04 +0800] "GET /xingrg/all/function/internal_message.html?_=1687218196781&CODE_STATE=getMsg HTTP/1.1" 200 27
120.253.135.82 - - [20/Jun/2023:07:46:08 +0800] "POST /xingrg/kc/base/stock_operate.html HTTP/1.1" 200 1757
124.79.242.2 - - [20/Jun/2023:07:46:20 +0800] "GET /xingrg/all/function/internal_message.html?_=1687218379814&CODE_STATE=getMsg HTTP/1.1" 302 -
124.79.242.2 - - [20/Jun/2023:07:46:27 +0800] "GET /xingrg/all/function/internal_message.html?_=1687218387385&CODE_STATE=getMsg HTTP/1.1" 302 -
116.238.191.126 - - [20/Jun/2023:07:46:31 +0800] "GET /xingrg/all/function/internal_message.html?_=1687218320169&CODE_STATE=getMsg HTTP/1.1" 200 27
120.253.135.82 - - [20/Jun/2023:07:46:39 +0800] "GET /xingrg/all/function/internal_message.html?_=1687218231881&CODE_STATE=getMsg HTTP/1.1" 200 27
120.253.135.82 - - [20/Jun/2023:07:46:50 +0800] "POST /xingrg/kc/base/stock_operate.html HTTP/1.1" 200 1475
124.77.240.38 - - [20/Jun/2023:07:46:54 +0800] "GET /xingrg/all/function/internal_message.html?_=1687218419420&CODE_STATE=getMsg HTTP/1.1" 200 27
116.232.195.127 - - [20/Jun/2023:07:46:57 +0800] "GET /xingrg/all/function/internal_message.html?_=1687218419407&CODE_STATE=getMsg HTTP/1.1" 200 27
114.85.113.108 - - [20/Jun/2023:07:46:57 +0800] "GET /xingrg/check_reg.html?_=1687218416767 HTTP/1.1" 302 -
120.253.135.82 - - [20/Jun/2023:07:47:04 +0800] "GET /xingrg/all/function/internal_message.html?_=1687218256795&CODE_STATE=getMsg HTTP/1.1" 200 27
120.253.135.82 - - [20/Jun/2023:07:47:08 +0800] "POST /xingrg/kc/base/stock_operate.html HTTP/1.1" 200 2008
124.79.242.2 - - [20/Jun/2023:07:47:20 +0800] "GET /xingrg/all/function/internal_message.html?_=1687218439793&CODE_STATE=getMsg HTTP/1.1" 302 -
120.253.135.82 - - [20/Jun/2023:07:47:21 +0800] "POST /xingrg/kc/base/stock_operate.html HTTP/1.1" 200 2204
124.79.242.2 - - [20/Jun/2023:07:47:27 +0800] "GET /xingrg/all/function/internal_message.html?_=1687218447367&CODE_STATE=getMsg HTTP/1.1" 302 -
116.238.191.126 - - [20/Jun/2023:07:47:31 +0800] "GET /xingrg/all/function/internal_message.html?_=1687218380173&CODE_STATE=getMsg HTTP/1.1" 200 27
120.253.135.82 - - [20/Jun/2023:07:47:39 +0800] "GET /xingrg/all/function/internal_message.html?_=1687218291895&CODE_STATE=getMsg HTTP/1.1" 200 27
124.77.240.38 - - [20/Jun/2023:07:47:53 +0800] "GET /xingrg/check_reg.html?_=1687218478961 HTTP/1.1" 200 22
124.77.240.38 - - [20/Jun/2023:07:47:54 +0800] "GET /xingrg/all/function/internal_message.html?_=1687218479434&CODE_STATE=getMsg HTTP/1.1" 200 27
116.232.195.127 - - [20/Jun/2023:07:47:57 +0800] "GET /xingrg/all/function/internal_message.html?_=1687218479411&CODE_STATE=getMsg HTTP/1.1" 200 27
120.253.135.82 - - [20/Jun/2023:07:48:00 +0800] "GET /xingrg/check_reg.html?_=1687218313349 HTTP/1.1" 200 22
120.253.135.82 - - [20/Jun/2023:07:48:04 +0800] "GET /xingrg/all/function/internal_message.html?_=1687218317002&CODE_STATE=getMsg HTTP/1.1" 200 27
124.79.242.2 - - [20/Jun/2023:07:48:20 +0800] "GET /xingrg/all/function/internal_message.html?_=1687218499780&CODE_STATE=getMsg HTTP/1.1" 302 -
124.79.242.2 - - [20/Jun/2023:07:48:27 +0800] "GET /xingrg/all/function/internal_message.html?_=1687218507379&CODE_STATE=getMsg HTTP/1.1" 302 -
120.253.135.82 - - [20/Jun/2023:07:48:30 +0800] "POST /xingrg/kc/base/stock_operate.html HTTP/1.1" 200 1471
116.238.191.126 - - [20/Jun/2023:07:48:31 +0800] "GET /xingrg/all/function/internal_message.html?_=1687218440196&CODE_STATE=getMsg HTTP/1.1" 200 27
120.253.135.82 - - [20/Jun/2023:07:48:39 +0800] "GET /xingrg/all/function/internal_message.html?_=1687218351909&CODE_STATE=getMsg HTTP/1.1" 200 27
120.253.135.82 - - [20/Jun/2023:07:48:49 +0800] "GET /xingrg/check_reg.html?_=1687218362207 HTTP/1.1" 200 22
124.77.240.38 - - [20/Jun/2023:07:48:54 +0800] "GET /xingrg/all/function/internal_message.html?_=1687218539447&CODE_STATE=getMsg HTTP/1.1" 200 27
116.232.195.127 - - [20/Jun/2023:07:48:57 +0800] "GET /xingrg/all/function/internal_message.html?_=1687218539403&CODE_STATE=getMsg HTTP/1.1" 200 27
120.253.135.82 - - [20/Jun/2023:07:49:04 +0800] "GET /xingrg/all/function/internal_message.html?_=1687218377009&CODE_STATE=getMsg HTTP/1.1" 200 27
120.253.135.82 - - [20/Jun/2023:07:49:07 +0800] "POST /xingrg/kc/base/stock_operate.html HTTP/1.1" 200 765
120.253.135.82 - - [20/Jun/2023:07:49:18 +0800] "POST /xingrg/kc/base/stock_operate.html HTTP/1.1" 200 1481
124.79.242.2 - - [20/Jun/2023:07:49:20 +0800] "GET /xingrg/all/function/internal_message.html?_=1687218559756&CODE_STATE=getMsg HTTP/1.1" 302 -
116.238.191.126 - - [20/Jun/2023:07:49:22 +0800] "GET /xingrg/check_reg.html?_=1687218491142 HTTP/1.1" 200 22
124.79.242.2 - - [20/Jun/2023:07:49:27 +0800] "GET /xingrg/all/function/internal_message.html?_=1687218567368&CODE_STATE=getMsg HTTP/1.1" 302 -
116.238.191.126 - - [20/Jun/2023:07:49:31 +0800] "GET /xingrg/all/function/internal_message.html?_=1687218500200&CODE_STATE=getMsg HTTP/1.1" 200 27
120.253.135.82 - - [20/Jun/2023:07:49:39 +0800] "GET /xingrg/all/function/internal_message.html?_=1687218411922&CODE_STATE=getMsg HTTP/1.1" 200 27
124.77.240.38 - - [20/Jun/2023:07:49:54 +0800] "GET /xingrg/all/function/internal_message.html?_=1687218599463&CODE_STATE=getMsg HTTP/1.1" 200 27
116.232.195.127 - - [20/Jun/2023:07:49:57 +0800] "GET /xingrg/all/function/internal_message.html?_=1687218599412&CODE_STATE=getMsg HTTP/1.1" 200 27
120.253.135.82 - - [20/Jun/2023:07:50:04 +0800] "GET /xingrg/all/function/internal_message.html?_=1687218437023&CODE_STATE=getMsg HTTP/1.1" 200 27
180.164.3.199 - - [20/Jun/2023:07:50:15 +0800] "GET /xingrg/check_reg.html?_=1687218615104 HTTP/1.1" 302 -
124.79.242.2 - - [20/Jun/2023:07:50:19 +0800] "GET /xingrg/all/function/internal_message.html?_=1687218619733&CODE_STATE=getMsg HTTP/1.1" 302 -
120.253.135.82 - - [20/Jun/2023:07:50:21 +0800] "POST /xingrg/kc/base/stock_operate.html HTTP/1.1" 200 1478
124.79.242.2 - - [20/Jun/2023:07:50:27 +0800] "GET /xingrg/all/function/internal_message.html?_=1687218627374&CODE_STATE=getMsg HTTP/1.1" 302 -
124.79.242.2 - - [20/Jun/2023:07:50:27 +0800] "GET /xingrg/check_reg.html?_=1687218627369 HTTP/1.1" 302 -
116.238.191.126 - - [20/Jun/2023:07:50:31 +0800] "GET /xingrg/all/function/internal_message.html?_=1687218560215&CODE_STATE=getMsg HTTP/1.1" 200 27
124.79.242.2 - - [20/Jun/2023:07:50:36 +0800] "GET /xingrg/check_reg.html?_=1687218636116 HTTP/1.1" 302 -
120.253.135.82 - - [20/Jun/2023:07:50:39 +0800] "GET /xingrg/all/function/internal_message.html?_=1687218471936&CODE_STATE=getMsg HTTP/1.1" 200 27
124.77.240.38 - - [20/Jun/2023:07:50:54 +0800] "GET /xingrg/all/function/internal_message.html?_=1687218659720&CODE_STATE=getMsg HTTP/1.1" 200 27
116.232.195.127 - - [20/Jun/2023:07:50:57 +0800] "GET /xingrg/all/function/internal_message.html?_=1687218659400&CODE_STATE=getMsg HTTP/1.1" 200 27
116.232.195.127 - - [20/Jun/2023:07:50:57 +0800] "GET /xingrg/check_reg.html?_=1687218659401 HTTP/1.1" 200 22
120.253.135.82 - - [20/Jun/2023:07:51:04 +0800] "GET /xingrg/all/function/internal_message.html?_=1687218497234&CODE_STATE=getMsg HTTP/1.1" 200 27
124.79.242.2 - - [20/Jun/2023:07:51:19 +0800] "GET /xingrg/all/function/internal_message.html?_=1687218679739&CODE_STATE=getMsg HTTP/1.1" 302 -
124.79.242.2 - - [20/Jun/2023:07:51:27 +0800] "GET /xingrg/all/function/internal_message.html?_=1687218687372&CODE_STATE=getMsg HTTP/1.1" 302 -
116.238.191.126 - - [20/Jun/2023:07:51:31 +0800] "GET /xingrg/all/function/internal_message.html?_=1687218620237&CODE_STATE=getMsg HTTP/1.1" 200 27
120.253.135.82 - - [20/Jun/2023:07:51:39 +0800] "GET /xingrg/all/function/internal_message.html?_=1687218531950&CODE_STATE=getMsg HTTP/1.1" 200 27
124.77.240.38 - - [20/Jun/2023:07:51:54 +0800] "GET /xingrg/all/function/internal_message.html?_=1687218719722&CODE_STATE=getMsg HTTP/1.1" 200 27
116.232.195.127 - - [20/Jun/2023:07:51:57 +0800] "GET /xingrg/all/function/internal_message.html?_=1687218719415&CODE_STATE=getMsg HTTP/1.1" 200 27
114.85.113.108 - - [20/Jun/2023:07:51:57 +0800] "GET /xingrg/check_reg.html?_=1687218716768 HTTP/1.1" 302 -
120.253.135.82 - - [20/Jun/2023:07:52:04 +0800] "GET /xingrg/all/function/internal_message.html?_=1687218557237&CODE_STATE=getMsg HTTP/1.1" 200 27
124.79.242.2 - - [20/Jun/2023:07:52:19 +0800] "GET /xingrg/all/function/internal_message.html?_=1687218739729&CODE_STATE=getMsg HTTP/1.1" 302 -
124.79.242.2 - - [20/Jun/2023:07:52:27 +0800] "GET /xingrg/all/function/internal_message.html?_=1687218747360&CODE_STATE=getMsg HTTP/1.1" 302 -
116.238.191.126 - - [20/Jun/2023:07:52:31 +0800] "GET /xingrg/all/function/internal_message.html?_=1687218680241&CODE_STATE=getMsg HTTP/1.1" 200 27
120.253.135.82 - - [20/Jun/2023:07:52:39 +0800] "GET /xingrg/all/function/internal_message.html?_=1687218592021&CODE_STATE=getMsg HTTP/1.1" 200 27
124.77.240.38 - - [20/Jun/2023:07:52:54 +0800] "GET /xingrg/check_reg.html?_=1687218779217 HTTP/1.1" 200 22
124.77.240.38 - - [20/Jun/2023:07:52:54 +0800] "GET /xingrg/all/function/internal_message.html?_=1687218779736&CODE_STATE=getMsg HTTP/1.1" 200 27
116.232.195.127 - - [20/Jun/2023:07:52:57 +0800] "GET /xingrg/all/function/internal_message.html?_=1687218779419&CODE_STATE=getMsg HTTP/1.1" 200 27
120.253.135.82 - - [20/Jun/2023:07:53:00 +0800] "GET /xingrg/check_reg.html?_=1687218613350 HTTP/1.1" 200 22
120.253.135.82 - - [20/Jun/2023:07:53:04 +0800] "GET /xingrg/all/function/internal_message.html?_=1687218617445&CODE_STATE=getMsg HTTP/1.1" 200 27
114.85.115.2 - - [20/Jun/2023:07:53:07 +0800] "POST /xingrg/services/DataTransmitService HTTP/1.1" 200 524
124.79.242.2 - - [20/Jun/2023:07:53:19 +0800] "GET /xingrg/all/function/internal_message.html?_=1687218799716&CODE_STATE=getMsg HTTP/1.1" 302 -
124.79.242.2 - - [20/Jun/2023:07:53:27 +0800] "GET /xingrg/all/function/internal_message.html?_=1687218807370&CODE_STATE=getMsg HTTP/1.1" 302 -
116.238.191.126 - - [20/Jun/2023:07:53:31 +0800] "GET /xingrg/all/function/internal_message.html?_=1687218740263&CODE_STATE=getMsg HTTP/1.1" 200 27
120.253.135.82 - - [20/Jun/2023:07:53:39 +0800] "GET /xingrg/all/function/internal_message.html?_=1687218652024&CODE_STATE=getMsg HTTP/1.1" 200 27
120.253.135.82 - - [20/Jun/2023:07:53:49 +0800] "GET /xingrg/check_reg.html?_=1687218662210 HTTP/1.1" 200 22
124.77.240.38 - - [20/Jun/2023:07:53:54 +0800] "GET /xingrg/all/function/internal_message.html?_=1687218839749&CODE_STATE=getMsg HTTP/1.1" 200 27
116.232.195.127 - - [20/Jun/2023:07:53:57 +0800] "GET /xingrg/all/function/internal_message.html?_=1687218839418&CODE_STATE=getMsg HTTP/1.1" 200 27
120.253.135.82 - - [20/Jun/2023:07:54:04 +0800] "GET /xingrg/all/function/internal_message.html?_=1687218677451&CODE_STATE=getMsg HTTP/1.1" 200 27
124.79.242.2 - - [20/Jun/2023:07:54:19 +0800] "GET /xingrg/all/function/internal_message.html?_=1687218859697&CODE_STATE=getMsg HTTP/1.1" 302 -
116.238.191.126 - - [20/Jun/2023:07:54:22 +0800] "GET /xingrg/check_reg.html?_=1687218791151 HTTP/1.1" 200 22
124.79.242.2 - - [20/Jun/2023:07:54:27 +0800] "GET /xingrg/all/function/internal_message.html?_=1687218867362&CODE_STATE=getMsg HTTP/1.1" 302 -
116.238.191.126 - - [20/Jun/2023:07:54:31 +0800] "GET /xingrg/all/function/internal_message.html?_=1687218800269&CODE_STATE=getMsg HTTP/1.1" 200 27
120.253.135.82 - - [20/Jun/2023:07:54:39 +0800] "GET /xingrg/all/function/internal_message.html?_=1687218712037&CODE_STATE=getMsg HTTP/1.1" 200 27
120.253.135.82 - - [20/Jun/2023:07:54:53 +0800] "POST /xingrg/kc/base/stock_operate.html HTTP/1.1" 200 1460
124.77.240.38 - - [20/Jun/2023:07:54:54 +0800] "GET /xingrg/all/function/internal_message.html?_=1687218899763&CODE_STATE=getMsg HTTP/1.1" 200 27
116.232.195.127 - - [20/Jun/2023:07:54:57 +0800] "GET /xingrg/all/function/internal_message.html?_=1687218899407&CODE_STATE=getMsg HTTP/1.1" 200 27
120.253.135.82 - - [20/Jun/2023:07:55:04 +0800] "GET /xingrg/all/function/internal_message.html?_=1687218737465&CODE_STATE=getMsg HTTP/1.1" 200 27
120.253.135.82 - - [20/Jun/2023:07:55:10 +0800] "POST /xingrg/kc/base/stock_operate.html HTTP/1.1" 200 1463
180.164.3.199 - - [20/Jun/2023:07:55:15 +0800] "GET /xingrg/check_reg.html?_=1687218915090 HTTP/1.1" 302 -
124.79.242.2 - - [20/Jun/2023:07:55:19 +0800] "GET /xingrg/all/function/internal_message.html?_=1687218919681&CODE_STATE=getMsg HTTP/1.1" 302 -
124.79.242.2 - - [20/Jun/2023:07:55:27 +0800] "GET /xingrg/all/function/internal_message.html?_=1687218927372&CODE_STATE=getMsg HTTP/1.1" 302 -
124.79.242.2 - - [20/Jun/2023:07:55:27 +0800] "GET /xingrg/check_reg.html?_=1687218927376 HTTP/1.1" 302 -
116.238.191.126 - - [20/Jun/2023:07:55:31 +0800] "GET /xingrg/all/function/internal_message.html?_=1687218860283&CODE_STATE=getMsg HTTP/1.1" 200 27
120.253.135.82 - - [20/Jun/2023:07:55:36 +0800] "POST /xingrg/kc/base/stock_operate.html HTTP/1.1" 200 1483
124.79.242.2 - - [20/Jun/2023:07:55:36 +0800] "GET /xingrg/check_reg.html?_=1687218936121 HTTP/1.1" 302 -
120.253.135.82 - - [20/Jun/2023:07:55:39 +0800] "GET /xingrg/all/function/internal_message.html?_=1687218772050&CODE_STATE=getMsg HTTP/1.1" 200 27
120.253.135.82 - - [20/Jun/2023:07:55:47 +0800] "POST /xingrg/kc/base/stock_operate.html HTTP/1.1" 200 1455
124.77.240.38 - - [20/Jun/2023:07:55:54 +0800] "GET /xingrg/all/function/internal_message.html?_=1687218959991&CODE_STATE=getMsg HTTP/1.1" 200 27
116.232.195.127 - - [20/Jun/2023:07:55:57 +0800] "GET /xingrg/check_reg.html?_=1687218959426 HTTP/1.1" 200 22
116.232.195.127 - - [20/Jun/2023:07:55:57 +0800] "GET /xingrg/all/function/internal_message.html?_=1687218959430&CODE_STATE=getMsg HTTP/1.1" 200 27
120.253.135.82 - - [20/Jun/2023:07:56:05 +0800] "GET /xingrg/all/function/internal_message.html?_=1687218797667&CODE_STATE=getMsg HTTP/1.1" 200 27
124.79.242.2 - - [20/Jun/2023:07:56:19 +0800] "GET /xingrg/all/function/internal_message.html?_=1687218979658&CODE_STATE=getMsg HTTP/1.1" 302 -
58.40.7.146 - - [20/Jun/2023:07:56:26 +0800] "POST /xingrg/services/DataTransmitService HTTP/1.1" 200 524
