222.70.180.90 - - [20/Jun/2023:11:02:20 +0800] "GET /xingrg/all/function/internal_message.html?_=1687230139266&CODE_STATE=getMsg HTTP/1.1" 200 27
222.70.180.90 - - [20/Jun/2023:11:02:21 +0800] "GET /xingrg/check_reg.html?_=1687230140454 HTTP/1.1" 200 22
116.238.191.126 - - [20/Jun/2023:11:02:23 +0800] "GET /xingrg/all/function/internal_message.html?_=1687230143004&CODE_STATE=getMsg HTTP/1.1" 200 27
114.83.219.231 - - [20/Jun/2023:11:02:23 +0800] "GET /xingrg/all/function/internal_message.html?_=1687230144061&CODE_STATE=getMsg HTTP/1.1" 200 27
124.77.240.38 - - [20/Jun/2023:11:02:24 +0800] "POST /xingrg/kc/buy/cgsh_order_operate.html HTTP/1.1" 200 37
180.164.3.199 - - [20/Jun/2023:11:02:24 +0800] "GET /xingrg/kc/buy/cgsh_order_operate.html?command=get_materiel&rest_code=00108&code=00101008331&supplier_code=00100007&order_time=2023-06-20 HTTP/1.1" 200 416
114.83.219.231 - - [20/Jun/2023:11:02:24 +0800] "GET /xingrg/check_reg.html?_=1687230144726 HTTP/1.1" 200 22
114.85.115.2 - - [20/Jun/2023:11:02:25 +0800] "POST /xingrg/kc/base/wldb_order_operate.html HTTP/1.1" 200 12
114.85.115.2 - - [20/Jun/2023:11:02:25 +0800] "POST /xingrg/kc/base/wldb_order_operate.html HTTP/1.1" 200 5679
114.85.115.2 - - [20/Jun/2023:11:02:28 +0800] "GET /xingrg/kc/base/wldb_order_info.html?code=422023062001581 HTTP/1.1" 200 26254
180.169.147.146 - - [20/Jun/2023:11:02:28 +0800] "GET /xingrg/all/function/internal_message.html?_=1687230148863&CODE_STATE=getMsg HTTP/1.1" 200 27
114.85.115.2 - - [20/Jun/2023:11:02:28 +0800] "GET /xingrg/javascript/easyui/themes/default/validatebox.css HTTP/1.1" 404 1104
114.85.115.2 - - [20/Jun/2023:11:02:28 +0800] "POST /xingrg/kc/base/wldb_order_operate.html HTTP/1.1" 200 3897
124.77.240.38 - - [20/Jun/2023:11:02:30 +0800] "POST /xingrg/kc/buy/cgsh_order_operate.html HTTP/1.1" 200 5015
114.85.115.2 - - [20/Jun/2023:11:02:30 +0800] "GET /xingrg/kc/base/wldb_order_add.html HTTP/1.1" 200 30377
114.85.115.2 - - [20/Jun/2023:11:02:30 +0800] "GET /xingrg/javascript/easyui/themes/default/validatebox.css HTTP/1.1" 404 1104
114.85.115.2 - - [20/Jun/2023:11:02:30 +0800] "POST /xingrg/kc/base/wldb_order_operate.html HTTP/1.1" 200 6806
114.85.115.2 - - [20/Jun/2023:11:02:31 +0800] "POST /xingrg/all/common/load_combo.html?type=base HTTP/1.1" 200 3321
116.232.195.127 - - [20/Jun/2023:11:02:33 +0800] "GET /xingrg/all/function/internal_message.html?_=1687230153549&CODE_STATE=getMsg HTTP/1.1" 200 27
114.85.115.2 - - [20/Jun/2023:11:02:33 +0800] "POST /xingrg/all/common/load_combo.html?type=base HTTP/1.1" 200 3321
124.77.240.38 - - [20/Jun/2023:11:02:34 +0800] "GET /xingrg/kc/print/load_data.html?order_code=212023062007159&kc_code=cgsh&condition= HTTP/1.1" 200 1610
101.229.22.40 - - [20/Jun/2023:11:02:36 +0800] "GET /xingrg/javascript/jquery_easy_ui/themes/default/images/tabs_active.png HTTP/1.1" 304 -
180.169.147.146 - - [20/Jun/2023:11:02:36 +0800] "GET /xingrg/all/function/internal_message.html?_=1687230156196&CODE_STATE=getMsg HTTP/1.1" 200 27
116.232.195.127 - - [20/Jun/2023:11:02:38 +0800] "GET /xingrg/all/function/internal_message.html?_=1687230160160&CODE_STATE=getMsg HTTP/1.1" 200 27
222.70.180.90 - - [20/Jun/2023:11:02:39 +0800] "GET /xingrg/kc/mdqp/qqps_order_list.html HTTP/1.1" 200 9222
222.70.180.90 - - [20/Jun/2023:11:02:39 +0800] "GET /xingrg/dwr/interface/AjaxQqpsService.js HTTP/1.1" 200 16326
222.70.180.90 - - [20/Jun/2023:11:02:39 +0800] "GET /xingrg/dwr/interface/AjaxReportQueryService.js HTTP/1.1" 200 13203
222.70.180.90 - - [20/Jun/2023:11:02:39 +0800] "GET /xingrg/dwr/engine.js HTTP/1.1" 200 43631
222.70.180.90 - - [20/Jun/2023:11:02:39 +0800] "GET /xingrg/dwr/util.js HTTP/1.1" 200 35990
222.70.180.90 - - [20/Jun/2023:11:02:40 +0800] "GET /xingrg/kc/mdqp/qqps_order_add.html HTTP/1.1" 200 28079
222.70.180.90 - - [20/Jun/2023:11:02:40 +0800] "GET /xingrg/dwr/interface/AjaxComOrderService.js HTTP/1.1" 200 18264
222.70.180.90 - - [20/Jun/2023:11:02:40 +0800] "GET /xingrg/dwr/interface/AjaxQqpsService.js HTTP/1.1" 200 16326
222.70.180.90 - - [20/Jun/2023:11:02:40 +0800] "GET /xingrg/dwr/engine.js HTTP/1.1" 200 43631
222.67.234.146 - - [20/Jun/2023:11:02:40 +0800] "GET /xingrg/all/function/internal_message.html?_=1687229653964&CODE_STATE=getMsg HTTP/1.1" 200 27
61.170.233.201 - - [20/Jun/2023:11:02:44 +0800] "GET /xingrg/all/function/internal_message.html?_=1687230170855&CODE_STATE=getMsg HTTP/1.1" 200 27
114.85.115.2 - - [20/Jun/2023:11:02:44 +0800] "GET /xingrg/kc/base/wldb_order_operate.html?command=get_materiel&rest_code=00102&base_code=0010476&code=00101019066 HTTP/1.1" 200 455
180.164.3.199 - - [20/Jun/2023:11:02:46 +0800] "GET /xingrg/kc/buy/cgsh_order_operate.html?command=get_materiel&rest_code=00108&code=00101008095&supplier_code=00100007&order_time=2023-06-20 HTTP/1.1" 200 412
101.229.22.40 - - [20/Jun/2023:11:02:48 +0800] "POST /xingrg/kc/buy/cgsh_list_operate.html HTTP/1.1" 200 2737
116.238.191.126 - - [20/Jun/2023:11:02:50 +0800] "GET /xingrg/all/function/internal_message.html?_=1687230099155&CODE_STATE=getMsg HTTP/1.1" 200 27
222.70.180.90 - - [20/Jun/2023:11:02:51 +0800] "POST /xingrg/dwr/call/plaincall/AjaxQqpsService.saveOrder.dwr HTTP/1.1" 200 78
124.77.240.38 - - [20/Jun/2023:11:02:52 +0800] "GET /xingrg/all/function/internal_message.html?_=1687230178499&CODE_STATE=getMsg HTTP/1.1" 200 27
114.85.115.2 - - [20/Jun/2023:11:02:53 +0800] "GET /xingrg/kc/base/wldb_order_operate.html?command=get_materiel&rest_code=00102&base_code=0010476&code=00101019079 HTTP/1.1" 200 479
61.170.233.201 - - [20/Jun/2023:11:02:55 +0800] "POST /xingrg/dwr/call/plaincall/AjaxQqpsService.saveOrder.dwr HTTP/1.1" 200 78
61.170.233.201 - - [20/Jun/2023:11:02:57 +0800] "GET /xingrg/all/function/internal_message.html?_=1687230177529&CODE_STATE=getMsg HTTP/1.1" 200 27
180.164.3.199 - - [20/Jun/2023:11:02:58 +0800] "GET /xingrg/kc/buy/cgsh_order_operate.html?command=get_materiel&rest_code=00108&code=00101008674&supplier_code=00100007&order_time=2023-06-20 HTTP/1.1" 200 412
114.85.115.2 - - [20/Jun/2023:11:02:59 +0800] "GET /xingrg/kc/base/wldb_order_operate.html?command=get_materiel&rest_code=00102&base_code=0010476&code=00101013093 HTTP/1.1" 200 450
180.164.3.199 - - [20/Jun/2023:11:02:59 +0800] "GET /xingrg/all/function/internal_message.html?_=1687230179193&CODE_STATE=getMsg HTTP/1.1" 200 27
222.70.114.12 - - [20/Jun/2023:11:02:59 +0800] "GET /xingrg/all/function/internal_message.html?_=1687230182568&CODE_STATE=getMsg HTTP/1.1" 200 27
114.85.115.2 - - [20/Jun/2023:11:03:03 +0800] "GET /xingrg/kc/base/wldb_order_operate.html?command=get_materiel&rest_code=00102&base_code=0010476&code=00101019063 HTTP/1.1" 200 461
120.253.135.82 - - [20/Jun/2023:11:03:04 +0800] "GET /xingrg/check_reg.html?_=1687230017104 HTTP/1.1" 200 22
120.253.135.82 - - [20/Jun/2023:11:03:05 +0800] "GET /xingrg/all/function/internal_message.html?_=1687230017664&CODE_STATE=getMsg HTTP/1.1" 200 27
114.85.115.2 - - [20/Jun/2023:11:03:09 +0800] "GET /xingrg/kc/base/wldb_order_operate.html?command=get_materiel&rest_code=00102&base_code=0010476&code=00101019187 HTTP/1.1" 200 479
61.170.233.201 - - [20/Jun/2023:11:03:09 +0800] "GET /xingrg/all/function/internal_message.html?_=1687230188409&CODE_STATE=getMsg HTTP/1.1" 200 27
124.77.240.38 - - [20/Jun/2023:11:03:10 +0800] "GET /xingrg/kc/buy/cgsh_order_add.html HTTP/1.1" 200 71636
180.163.28.143 - - [20/Jun/2023:11:03:11 +0800] "GET /xingrg/check_reg.html?_=1687230130514 HTTP/1.1" 302 -
180.163.28.143 - - [20/Jun/2023:11:03:11 +0800] "GET /xingrg/login.html HTTP/1.1" 200 7641
124.77.240.38 - - [20/Jun/2023:11:03:11 +0800] "POST /xingrg/kc/buy/cgsh_order_operate.html HTTP/1.1" 200 8245
124.77.240.38 - - [20/Jun/2023:11:03:11 +0800] "GET /xingrg/javascript/easyui/themes/default/validatebox.css HTTP/1.1" 404 1104
180.164.3.199 - - [20/Jun/2023:11:03:17 +0800] "GET /xingrg/kc/buy/cgsh_order_operate.html?command=get_materiel&rest_code=00108&code=00101008356&supplier_code=00100007&order_time=2023-06-20 HTTP/1.1" 200 408
101.229.22.40 - - [20/Jun/2023:11:03:18 +0800] "GET /xingrg/all/function/internal_message.html?_=1687230197922&CODE_STATE=getMsg HTTP/1.1" 200 27
222.70.180.90 - - [20/Jun/2023:11:03:20 +0800] "GET /xingrg/all/function/internal_message.html?_=1687230199266&CODE_STATE=getMsg HTTP/1.1" 200 27
116.238.191.126 - - [20/Jun/2023:11:03:23 +0800] "GET /xingrg/check_reg.html?_=1687230203005 HTTP/1.1" 200 22
116.238.191.126 - - [20/Jun/2023:11:03:23 +0800] "GET /xingrg/all/function/internal_message.html?_=1687230203008&CODE_STATE=getMsg HTTP/1.1" 200 27
114.83.219.231 - - [20/Jun/2023:11:03:23 +0800] "GET /xingrg/all/function/internal_message.html?_=1687230204054&CODE_STATE=getMsg HTTP/1.1" 200 27
114.85.115.2 - - [20/Jun/2023:11:03:24 +0800] "POST /xingrg/kc/base/wldb_order_operate.html HTTP/1.1" 200 37
180.169.147.146 - - [20/Jun/2023:11:03:28 +0800] "GET /xingrg/all/function/internal_message.html?_=1687230208878&CODE_STATE=getMsg HTTP/1.1" 200 27
124.77.240.38 - - [20/Jun/2023:11:03:29 +0800] "GET /xingrg/kc/buy/cgsh_order_operate.html?command=get_materiel&rest_code=00146&code=00101010161&supplier_code=00100041&order_time=2023-06-20 HTTP/1.1" 200 409
116.232.195.127 - - [20/Jun/2023:11:03:33 +0800] "GET /xingrg/all/function/internal_message.html?_=1687230213535&CODE_STATE=getMsg HTTP/1.1" 200 27
114.85.115.2 - - [20/Jun/2023:11:03:33 +0800] "POST /xingrg/kc/base/wldb_order_operate.html HTTP/1.1" 200 12
222.70.180.90 - - [20/Jun/2023:11:03:33 +0800] "POST /xingrg/dwr/call/plaincall/AjaxQqpsService.getMaterielByCode.dwr HTTP/1.1" 200 2624
114.85.115.2 - - [20/Jun/2023:11:03:33 +0800] "POST /xingrg/kc/base/wldb_order_operate.html HTTP/1.1" 200 4718
180.163.28.180 - - [20/Jun/2023:11:03:36 +0800] "GET /xingrg/all/function/internal_message.html?_=1687230156196&CODE_STATE=getMsg HTTP/1.1" 302 -
180.163.28.180 - - [20/Jun/2023:11:03:36 +0800] "GET /xingrg/login.html HTTP/1.1" 200 7641
180.169.147.146 - - [20/Jun/2023:11:03:36 +0800] "GET /xingrg/all/function/internal_message.html?_=1687230216205&CODE_STATE=getMsg HTTP/1.1" 200 27
114.85.115.2 - - [20/Jun/2023:11:03:37 +0800] "GET /xingrg/kc/base/wldb_order_info.html?code=422023062001582 HTTP/1.1" 200 26254
114.85.115.2 - - [20/Jun/2023:11:03:38 +0800] "GET /xingrg/javascript/easyui/themes/default/validatebox.css HTTP/1.1" 404 1104
116.232.195.127 - - [20/Jun/2023:11:03:38 +0800] "GET /xingrg/all/function/internal_message.html?_=1687230220165&CODE_STATE=getMsg HTTP/1.1" 200 27
116.232.195.127 - - [20/Jun/2023:11:03:38 +0800] "GET /xingrg/check_reg.html?_=1687230220166 HTTP/1.1" 200 22
114.85.115.2 - - [20/Jun/2023:11:03:38 +0800] "POST /xingrg/kc/base/wldb_order_operate.html HTTP/1.1" 200 2958
222.67.234.146 - - [20/Jun/2023:11:03:40 +0800] "GET /xingrg/all/function/internal_message.html?_=1687229713989&CODE_STATE=getMsg HTTP/1.1" 200 27
61.170.233.201 - - [20/Jun/2023:11:03:44 +0800] "GET /xingrg/all/function/internal_message.html?_=1687230230857&CODE_STATE=getMsg HTTP/1.1" 200 27
180.164.3.199 - - [20/Jun/2023:11:03:47 +0800] "GET /xingrg/kc/buy/cgsh_order_operate.html?command=get_materiel&rest_code=00108&code=00101008077&supplier_code=00100007&order_time=2023-06-20 HTTP/1.1" 200 416
222.70.180.90 - - [20/Jun/2023:11:03:48 +0800] "POST /xingrg/dwr/call/plaincall/AjaxQqpsService.saveMaterielItem.dwr HTTP/1.1" 200 78
116.238.191.126 - - [20/Jun/2023:11:03:50 +0800] "GET /xingrg/all/function/internal_message.html?_=1687230159245&CODE_STATE=getMsg HTTP/1.1" 200 27
124.77.240.38 - - [20/Jun/2023:11:03:52 +0800] "GET /xingrg/all/function/internal_message.html?_=1687230238509&CODE_STATE=getMsg HTTP/1.1" 200 27
124.77.240.38 - - [20/Jun/2023:11:03:56 +0800] "GET /xingrg/kc/buy/cgsh_order_operate.html?command=get_materiel&rest_code=00146&code=00101005037&supplier_code=00100041&order_time=2023-06-20 HTTP/1.1" 200 409
61.170.233.201 - - [20/Jun/2023:11:03:57 +0800] "GET /xingrg/all/function/internal_message.html?_=1687230237500&CODE_STATE=getMsg HTTP/1.1" 200 27
180.164.3.199 - - [20/Jun/2023:11:03:59 +0800] "GET /xingrg/check_reg.html?_=1687230239213 HTTP/1.1" 200 22
180.164.3.199 - - [20/Jun/2023:11:03:59 +0800] "GET /xingrg/all/function/internal_message.html?_=1687230239211&CODE_STATE=getMsg HTTP/1.1" 200 27
222.70.114.12 - - [20/Jun/2023:11:03:59 +0800] "GET /xingrg/all/function/internal_message.html?_=1687230242566&CODE_STATE=getMsg HTTP/1.1" 200 27
180.164.3.199 - - [20/Jun/2023:11:04:00 +0800] "GET /xingrg/kc/buy/cgsh_order_operate.html?command=get_materiel&rest_code=00108&code=00101008223&supplier_code=00100007&order_time=2023-06-20 HTTP/1.1" 200 412
114.85.115.2 - - [20/Jun/2023:11:04:01 +0800] "GET /xingrg/check_reg.html?_=1687230241941 HTTP/1.1" 200 22
222.70.180.90 - - [20/Jun/2023:11:04:01 +0800] "POST /xingrg/dwr/call/plaincall/AjaxQqpsService.getMaterielByCode.dwr HTTP/1.1" 200 2662
120.253.135.82 - - [20/Jun/2023:11:04:05 +0800] "GET /xingrg/all/function/internal_message.html?_=1687230077678&CODE_STATE=getMsg HTTP/1.1" 200 27
222.70.180.90 - - [20/Jun/2023:11:04:05 +0800] "POST /xingrg/dwr/call/plaincall/AjaxQqpsService.saveMaterielItem.dwr HTTP/1.1" 200 78
180.163.28.180 - - [20/Jun/2023:11:04:09 +0800] "GET /xingrg/all/function/internal_message.html?_=1687230188409&CODE_STATE=getMsg HTTP/1.1" 302 -
180.163.28.180 - - [20/Jun/2023:11:04:09 +0800] "GET /xingrg/login.html HTTP/1.1" 200 7641
61.170.233.201 - - [20/Jun/2023:11:04:09 +0800] "GET /xingrg/all/function/internal_message.html?_=1687230248380&CODE_STATE=getMsg HTTP/1.1" 200 27
222.70.180.90 - - [20/Jun/2023:11:04:09 +0800] "POST /xingrg/dwr/call/plaincall/AjaxQqpsService.getMaterielByCode.dwr HTTP/1.1" 200 2686
124.77.240.38 - - [20/Jun/2023:11:04:13 +0800] "GET /xingrg/kc/buy/cgsh_order_operate.html?command=get_materiel&rest_code=00146&code=00101018019&supplier_code=00100041&order_time=2023-06-20 HTTP/1.1" 200 421
222.70.180.90 - - [20/Jun/2023:11:04:15 +0800] "POST /xingrg/dwr/call/plaincall/AjaxQqpsService.saveMaterielItem.dwr HTTP/1.1" 200 78
101.229.22.40 - - [20/Jun/2023:11:04:18 +0800] "GET /xingrg/all/function/internal_message.html?_=1687230257922&CODE_STATE=getMsg HTTP/1.1" 200 27
222.70.180.90 - - [20/Jun/2023:11:04:20 +0800] "GET /xingrg/all/function/internal_message.html?_=1687230259238&CODE_STATE=getMsg HTTP/1.1" 200 27
222.70.180.90 - - [20/Jun/2023:11:04:20 +0800] "POST /xingrg/dwr/call/plaincall/AjaxQqpsService.getMaterielByCode.dwr HTTP/1.1" 200 2671
116.238.191.126 - - [20/Jun/2023:11:04:21 +0800] "GET /xingrg/kc/mdqp/qqps_order_list.html HTTP/1.1" 200 9222
116.238.191.126 - - [20/Jun/2023:11:04:21 +0800] "GET /xingrg/dwr/interface/AjaxQqpsService.js HTTP/1.1" 200 16326
116.238.191.126 - - [20/Jun/2023:11:04:21 +0800] "GET /xingrg/dwr/interface/AjaxReportQueryService.js HTTP/1.1" 200 13203
116.238.191.126 - - [20/Jun/2023:11:04:21 +0800] "GET /xingrg/dwr/engine.js HTTP/1.1" 200 43631
116.238.191.126 - - [20/Jun/2023:11:04:21 +0800] "GET /xingrg/dwr/util.js HTTP/1.1" 200 35990
61.170.233.201 - - [20/Jun/2023:11:04:22 +0800] "POST /xingrg/services/DataTransmitService HTTP/1.1" 200 524
116.238.191.126 - - [20/Jun/2023:11:04:23 +0800] "GET /xingrg/all/function/internal_message.html?_=1687230263016&CODE_STATE=getMsg HTTP/1.1" 200 27
180.164.3.199 - - [20/Jun/2023:11:04:23 +0800] "GET /xingrg/kc/buy/cgsh_order_operate.html?command=get_materiel&rest_code=00108&code=00101008069&supplier_code=00100007&order_time=2023-06-20 HTTP/1.1" 200 412
114.83.219.231 - - [20/Jun/2023:11:04:23 +0800] "GET /xingrg/all/function/internal_message.html?_=1687230264040&CODE_STATE=getMsg HTTP/1.1" 200 27
61.170.233.201 - - [20/Jun/2023:11:04:24 +0800] "POST /xingrg/services/DataTransmitService HTTP/1.1" 200 412
116.238.191.126 - - [20/Jun/2023:11:04:25 +0800] "GET /xingrg/kc/mdqp/qqps_order_list.html?isQuery=1&timeSelect=1&orderTime=day&startTime=2023-06-19&endTime=2023-06-20&state=all&query=%C8%B7++%B6%A8 HTTP/1.1" 200 10194
116.238.191.126 - - [20/Jun/2023:11:04:25 +0800] "GET /xingrg/dwr/interface/AjaxQqpsService.js HTTP/1.1" 200 16326
116.238.191.126 - - [20/Jun/2023:11:04:25 +0800] "GET /xingrg/dwr/interface/AjaxReportQueryService.js HTTP/1.1" 200 13203
116.238.191.126 - - [20/Jun/2023:11:04:25 +0800] "GET /xingrg/dwr/engine.js HTTP/1.1" 200 43631
124.77.240.38 - - [20/Jun/2023:11:04:26 +0800] "GET /xingrg/kc/buy/cgsh_order_operate.html?command=get_materiel&rest_code=00146&code=00101001075&supplier_code=00100041&order_time=2023-06-20 HTTP/1.1" 200 409
180.169.147.146 - - [20/Jun/2023:11:04:28 +0800] "GET /xingrg/all/function/internal_message.html?_=1687230268877&CODE_STATE=getMsg HTTP/1.1" 200 27
116.238.191.126 - - [20/Jun/2023:11:04:33 +0800] "GET /xingrg/kc/base/yddb_order_list.html HTTP/1.1" 200 16708
116.232.195.127 - - [20/Jun/2023:11:04:33 +0800] "GET /xingrg/all/function/internal_message.html?_=1687230273535&CODE_STATE=getMsg HTTP/1.1" 200 27
116.232.195.127 - - [20/Jun/2023:11:04:33 +0800] "GET /xingrg/check_reg.html?_=1687230273531 HTTP/1.1" 200 22
116.238.191.126 - - [20/Jun/2023:11:04:34 +0800] "POST /xingrg/kc/base/yddb_list_operate.html HTTP/1.1" 200 636
116.238.191.126 - - [20/Jun/2023:11:04:36 +0800] "GET /xingrg/kc/base/yddb_order_add.html HTTP/1.1" 200 29953
116.238.191.126 - - [20/Jun/2023:11:04:36 +0800] "GET /xingrg/dwr/interface/AjaxComOrderService.js HTTP/1.1" 200 18264
116.238.191.126 - - [20/Jun/2023:11:04:36 +0800] "GET /xingrg/dwr/interface/AjaxYddbService.js HTTP/1.1" 200 13201
116.238.191.126 - - [20/Jun/2023:11:04:36 +0800] "GET /xingrg/dwr/engine.js HTTP/1.1" 200 43631
180.169.147.146 - - [20/Jun/2023:11:04:36 +0800] "GET /xingrg/all/function/internal_message.html?_=1687230276225&CODE_STATE=getMsg HTTP/1.1" 200 27
180.164.3.199 - - [20/Jun/2023:11:04:37 +0800] "GET /xingrg/kc/buy/cgsh_order_operate.html?command=get_materiel&rest_code=00108&code=00101008286&supplier_code=00100007&order_time=2023-06-20 HTTP/1.1" 200 408
116.232.195.127 - - [20/Jun/2023:11:04:38 +0800] "GET /xingrg/all/function/internal_message.html?_=1687230280173&CODE_STATE=getMsg HTTP/1.1" 200 27
116.238.191.126 - - [20/Jun/2023:11:04:38 +0800] "POST /xingrg/dwr/call/plaincall/AjaxYddbService.getRestBases.dwr HTTP/1.1" 200 1649
222.67.234.146 - - [20/Jun/2023:11:04:40 +0800] "GET /xingrg/all/function/internal_message.html?_=1687229773986&CODE_STATE=getMsg HTTP/1.1" 200 27
116.238.191.126 - - [20/Jun/2023:11:04:44 +0800] "POST /xingrg/dwr/call/plaincall/AjaxYddbService.saveOrder.dwr HTTP/1.1" 200 78
116.238.191.126 - - [20/Jun/2023:11:04:44 +0800] "GET /xingrg/images/yd/bt.gif HTTP/1.1" 404 1040
61.170.233.201 - - [20/Jun/2023:11:04:44 +0800] "GET /xingrg/all/function/internal_message.html?_=1687230290848&CODE_STATE=getMsg HTTP/1.1" 200 27
124.77.240.38 - - [20/Jun/2023:11:04:46 +0800] "POST /xingrg/kc/buy/cgsh_order_operate.html HTTP/1.1" 200 37
116.238.191.126 - - [20/Jun/2023:11:04:47 +0800] "POST /xingrg/dwr/call/plaincall/AjaxComOrderService.getMaterielSearchList.dwr HTTP/1.1" 200 6557
116.238.191.126 - - [20/Jun/2023:11:04:48 +0800] "POST /xingrg/dwr/call/plaincall/AjaxComOrderService.getMaterielSearchList.dwr HTTP/1.1" 200 1079
124.77.240.38 - - [20/Jun/2023:11:04:49 +0800] "POST /xingrg/kc/buy/cgsh_order_operate.html HTTP/1.1" 200 4428
116.238.191.126 - - [20/Jun/2023:11:04:49 +0800] "POST /xingrg/dwr/call/plaincall/AjaxYddbService.getMaterielByMap.dwr HTTP/1.1" 200 2342
116.238.191.126 - - [20/Jun/2023:11:04:50 +0800] "GET /xingrg/all/function/internal_message.html?_=1687230219245&CODE_STATE=getMsg HTTP/1.1" 200 27
116.238.191.126 - - [20/Jun/2023:11:04:52 +0800] "POST /xingrg/dwr/call/plaincall/AjaxYddbService.saveMaterielItem.dwr HTTP/1.1" 200 78
124.77.240.38 - - [20/Jun/2023:11:04:52 +0800] "GET /xingrg/check_reg.html?_=1687230298181 HTTP/1.1" 200 22
124.77.240.38 - - [20/Jun/2023:11:04:52 +0800] "GET /xingrg/all/function/internal_message.html?_=1687230298522&CODE_STATE=getMsg HTTP/1.1" 200 27
180.164.3.199 - - [20/Jun/2023:11:04:53 +0800] "GET /xingrg/kc/buy/cgsh_order_operate.html?command=get_materiel&rest_code=00108&code=00101008131&supplier_code=00100007&order_time=2023-06-20 HTTP/1.1" 200 409
61.170.233.201 - - [20/Jun/2023:11:04:55 +0800] "GET /xingrg/check_reg.html?_=1687230295753 HTTP/1.1" 200 22
61.170.233.201 - - [20/Jun/2023:11:04:57 +0800] "GET /xingrg/all/function/internal_message.html?_=1687230297472&CODE_STATE=getMsg HTTP/1.1" 200 27
116.238.191.126 - - [20/Jun/2023:11:04:57 +0800] "POST /xingrg/dwr/call/plaincall/AjaxComOrderService.getMaterielSearchList.dwr HTTP/1.1" 200 7716
116.238.191.126 - - [20/Jun/2023:11:04:58 +0800] "POST /xingrg/dwr/call/plaincall/AjaxComOrderService.getMaterielSearchList.dwr HTTP/1.1" 200 1042
180.164.3.199 - - [20/Jun/2023:11:04:59 +0800] "GET /xingrg/all/function/internal_message.html?_=1687230299208&CODE_STATE=getMsg HTTP/1.1" 200 27
222.70.114.12 - - [20/Jun/2023:11:04:59 +0800] "GET /xingrg/all/function/internal_message.html?_=1687230302564&CODE_STATE=getMsg HTTP/1.1" 200 27
222.70.180.90 - - [20/Jun/2023:11:05:01 +0800] "POST /xingrg/dwr/call/plaincall/AjaxQqpsService.removeMaterielItem.dwr HTTP/1.1" 200 78
124.77.240.38 - - [20/Jun/2023:11:05:01 +0800] "GET /xingrg/kc/print/load_data.html?order_code=212023062007160&kc_code=cgsh&condition= HTTP/1.1" 200 1363
116.238.191.126 - - [20/Jun/2023:11:05:02 +0800] "POST /xingrg/dwr/call/plaincall/AjaxYddbService.getMaterielByMap.dwr HTTP/1.1" 200 2354
116.238.191.126 - - [20/Jun/2023:11:05:03 +0800] "POST /xingrg/dwr/call/plaincall/AjaxYddbService.getUnitPrice.dwr HTTP/1.1" 200 86
222.70.180.90 - - [20/Jun/2023:11:05:03 +0800] "POST /xingrg/dwr/call/plaincall/AjaxQqpsService.saveOrder.dwr HTTP/1.1" 200 78
120.253.135.82 - - [20/Jun/2023:11:05:05 +0800] "GET /xingrg/all/function/internal_message.html?_=1687230137691&CODE_STATE=getMsg HTTP/1.1" 200 27
116.238.191.126 - - [20/Jun/2023:11:05:07 +0800] "POST /xingrg/dwr/call/plaincall/AjaxYddbService.saveMaterielItem.dwr HTTP/1.1" 200 79
222.70.180.90 - - [20/Jun/2023:11:05:08 +0800] "POST /xingrg/dwr/call/plaincall/AjaxQqpsService.checkOrder.dwr HTTP/1.1" 200 79
61.170.233.201 - - [20/Jun/2023:11:05:09 +0800] "GET /xingrg/all/function/internal_message.html?_=1687230308356&CODE_STATE=getMsg HTTP/1.1" 200 27
116.238.191.126 - - [20/Jun/2023:11:05:10 +0800] "POST /xingrg/dwr/call/plaincall/AjaxComOrderService.getMaterielSearchList.dwr HTTP/1.1" 200 19564
180.164.3.199 - - [20/Jun/2023:11:05:11 +0800] "GET /xingrg/kc/buy/cgsh_order_operate.html?command=get_materiel&rest_code=00108&code=00101008005&supplier_code=00100007&order_time=2023-06-20 HTTP/1.1" 200 412
116.238.191.126 - - [20/Jun/2023:11:05:11 +0800] "POST /xingrg/dwr/call/plaincall/AjaxComOrderService.getMaterielSearchList.dwr HTTP/1.1" 200 963
124.77.240.38 - - [20/Jun/2023:11:05:11 +0800] "GET /xingrg/kc/buy/cgsh_order_add.html HTTP/1.1" 200 71636
222.70.180.90 - - [20/Jun/2023:11:05:12 +0800] "GET /xingrg/kc/mdqp/qqps_order_info.html?code=302023062000315 HTTP/1.1" 200 26482
222.70.180.90 - - [20/Jun/2023:11:05:12 +0800] "GET /xingrg/dwr/interface/AjaxComOrderService.js HTTP/1.1" 200 18264
222.70.180.90 - - [20/Jun/2023:11:05:12 +0800] "GET /xingrg/dwr/engine.js HTTP/1.1" 200 43631
222.70.180.90 - - [20/Jun/2023:11:05:12 +0800] "GET /xingrg/dwr/interface/AjaxQqpsService.js HTTP/1.1" 200 16326
124.77.240.38 - - [20/Jun/2023:11:05:12 +0800] "POST /xingrg/kc/buy/cgsh_order_operate.html HTTP/1.1" 200 8245
124.77.240.38 - - [20/Jun/2023:11:05:12 +0800] "GET /xingrg/javascript/easyui/themes/default/validatebox.css HTTP/1.1" 404 1104
222.70.180.90 - - [20/Jun/2023:11:05:13 +0800] "POST /xingrg/dwr/call/plaincall/AjaxQqpsService.loadMaterielItems.dwr HTTP/1.1" 200 931
116.238.191.126 - - [20/Jun/2023:11:05:14 +0800] "POST /xingrg/dwr/call/plaincall/AjaxYddbService.getMaterielByMap.dwr HTTP/1.1" 200 2283
180.164.3.199 - - [20/Jun/2023:11:05:14 +0800] "GET /xingrg/check_reg.html?_=1687230314502 HTTP/1.1" 302 -
222.70.180.90 - - [20/Jun/2023:11:05:17 +0800] "GET /xingrg/kc/buy/buy_main.html HTTP/1.1" 200 12412
222.70.180.90 - - [20/Jun/2023:11:05:17 +0800] "GET /xingrg/css/new_ie.css HTTP/1.1" 404 1036
222.70.180.90 - - [20/Jun/2023:11:05:17 +0800] "GET /xingrg/images/yd/bt.gif HTTP/1.1" 404 1040
101.229.22.40 - - [20/Jun/2023:11:05:18 +0800] "GET /xingrg/all/function/internal_message.html?_=1687230317922&CODE_STATE=getMsg HTTP/1.1" 200 27
116.238.191.126 - - [20/Jun/2023:11:05:18 +0800] "POST /xingrg/dwr/call/plaincall/AjaxYddbService.saveMaterielItem.dwr HTTP/1.1" 200 79
222.70.180.90 - - [20/Jun/2023:11:05:19 +0800] "GET /xingrg/kc/buy/cgsh_order_list.html HTTP/1.1" 200 55854
222.70.180.90 - - [20/Jun/2023:11:05:20 +0800] "GET /xingrg/all/function/internal_message.html?_=1687230319222&CODE_STATE=getMsg HTTP/1.1" 200 27
116.238.191.126 - - [20/Jun/2023:11:05:22 +0800] "POST /xingrg/dwr/call/plaincall/AjaxComOrderService.getMaterielSearchList.dwr HTTP/1.1" 200 26833
116.238.191.126 - - [20/Jun/2023:11:05:23 +0800] "GET /xingrg/all/function/internal_message.html?_=1687230323029&CODE_STATE=getMsg HTTP/1.1" 200 27
114.83.219.231 - - [20/Jun/2023:11:05:23 +0800] "GET /xingrg/all/function/internal_message.html?_=1687230324026&CODE_STATE=getMsg HTTP/1.1" 200 27
222.70.180.90 - - [20/Jun/2023:11:05:25 +0800] "POST /xingrg/kc/buy/cgsh_list_operate.html HTTP/1.1" 200 3546
180.169.147.146 - - [20/Jun/2023:11:05:27 +0800] "GET /xingrg/login.html HTTP/1.1" 200 7641
180.169.147.146 - - [20/Jun/2023:11:05:28 +0800] "GET /xingrg/images/blue/jxLogo.png HTTP/1.1" 200 6156
180.169.147.146 - - [20/Jun/2023:11:05:28 +0800] "GET /xingrg/images/blue/login_bg.png HTTP/1.1" 200 22101
180.169.147.146 - - [20/Jun/2023:11:05:28 +0800] "GET /xingrg/images/blue/hj.png HTTP/1.1" 200 1014
180.169.147.146 - - [20/Jun/2023:11:05:28 +0800] "GET /xingrg/images/blue/srbg.png HTTP/1.1" 200 138
180.169.147.146 - - [20/Jun/2023:11:05:28 +0800] "GET /xingrg/check_reg.html?_=1687230328876 HTTP/1.1" 200 22
180.169.147.146 - - [20/Jun/2023:11:05:28 +0800] "GET /xingrg/all/function/internal_message.html?_=1687230328877&CODE_STATE=getMsg HTTP/1.1" 200 27
116.238.191.126 - - [20/Jun/2023:11:05:29 +0800] "POST /xingrg/dwr/call/plaincall/AjaxYddbService.getMaterielByMap.dwr HTTP/1.1" 200 2274
116.238.191.126 - - [20/Jun/2023:11:05:32 +0800] "POST /xingrg/dwr/call/plaincall/AjaxYddbService.saveMaterielItem.dwr HTTP/1.1" 200 79
222.70.180.90 - - [20/Jun/2023:11:05:33 +0800] "GET /xingrg/kc/buy/cgsh_order_add.html HTTP/1.1" 200 71592
222.70.180.90 - - [20/Jun/2023:11:05:33 +0800] "POST /xingrg/kc/buy/cgsh_order_operate.html HTTP/1.1" 200 8245
116.232.195.127 - - [20/Jun/2023:11:05:33 +0800] "GET /xingrg/all/function/internal_message.html?_=1687230333538&CODE_STATE=getMsg HTTP/1.1" 200 27
222.70.180.90 - - [20/Jun/2023:11:05:33 +0800] "GET /xingrg/javascript/easyui/themes/default/validatebox.css HTTP/1.1" 404 1104
116.238.191.126 - - [20/Jun/2023:11:05:34 +0800] "POST /xingrg/dwr/call/plaincall/AjaxComOrderService.getMaterielSearchList.dwr HTTP/1.1" 200 572
116.238.191.126 - - [20/Jun/2023:11:05:36 +0800] "POST /xingrg/dwr/call/plaincall/AjaxYddbService.getMaterielByMap.dwr HTTP/1.1" 200 2295
180.169.147.146 - - [20/Jun/2023:11:05:36 +0800] "GET /xingrg/all/function/internal_message.html?_=1687230336240&CODE_STATE=getMsg HTTP/1.1" 200 27
180.169.147.146 - - [20/Jun/2023:11:05:36 +0800] "GET /xingrg/check_reg.html?_=1687230336244 HTTP/1.1" 200 22
124.77.240.38 - - [20/Jun/2023:11:05:38 +0800] "GET /xingrg/kc/buy/cgsh_order_operate.html?command=get_materiel&rest_code=00146&code=00101009050&supplier_code=00100023&order_time=2023-06-20 HTTP/1.1" 200 408
116.232.195.127 - - [20/Jun/2023:11:05:38 +0800] "GET /xingrg/all/function/internal_message.html?_=1687230340176&CODE_STATE=getMsg HTTP/1.1" 200 27
116.238.191.126 - - [20/Jun/2023:11:05:39 +0800] "POST /xingrg/dwr/call/plaincall/AjaxYddbService.saveMaterielItem.dwr HTTP/1.1" 200 79
222.67.234.146 - - [20/Jun/2023:11:05:40 +0800] "GET /xingrg/all/function/internal_message.html?_=1687229833984&CODE_STATE=getMsg HTTP/1.1" 200 27
116.238.191.126 - - [20/Jun/2023:11:05:41 +0800] "POST /xingrg/dwr/call/plaincall/AjaxComOrderService.getMaterielSearchList.dwr HTTP/1.1" 200 8752
116.238.191.126 - - [20/Jun/2023:11:05:41 +0800] "POST /xingrg/dwr/call/plaincall/AjaxComOrderService.getMaterielSearchList.dwr HTTP/1.1" 200 699
116.238.191.126 - - [20/Jun/2023:11:05:43 +0800] "POST /xingrg/dwr/call/plaincall/AjaxYddbService.getMaterielByMap.dwr HTTP/1.1" 200 2334
61.170.233.201 - - [20/Jun/2023:11:05:44 +0800] "GET /xingrg/all/function/internal_message.html?_=1687230350855&CODE_STATE=getMsg HTTP/1.1" 200 27
61.170.233.201 - - [20/Jun/2023:11:05:44 +0800] "GET /xingrg/check_reg.html?_=1687230350859 HTTP/1.1" 200 22
116.238.191.126 - - [20/Jun/2023:11:05:45 +0800] "POST /xingrg/dwr/call/plaincall/AjaxYddbService.saveMaterielItem.dwr HTTP/1.1" 200 79
222.70.180.90 - - [20/Jun/2023:11:05:47 +0800] "GET /xingrg/javascript/jquery_tools/images/next.gif HTTP/1.1" 404 1086
222.70.180.90 - - [20/Jun/2023:11:05:47 +0800] "GET /xingrg/javascript/jquery_tools/images/prev.gif HTTP/1.1" 404 1086
116.238.191.126 - - [20/Jun/2023:11:05:49 +0800] "GET /xingrg/check_reg.html?_=1687230278574 HTTP/1.1" 200 22
116.238.191.126 - - [20/Jun/2023:11:05:50 +0800] "GET /xingrg/all/function/internal_message.html?_=1687230279259&CODE_STATE=getMsg HTTP/1.1" 200 27
180.164.3.199 - - [20/Jun/2023:11:05:51 +0800] "GET /xingrg/kc/buy/cgsh_order_operate.html?command=get_materiel&rest_code=00108&code=00101008168&supplier_code=00100007&order_time=2023-06-20 HTTP/1.1" 200 413
124.77.240.38 - - [20/Jun/2023:11:05:52 +0800] "GET /xingrg/all/function/internal_message.html?_=1687230358571&CODE_STATE=getMsg HTTP/1.1" 200 27
222.70.114.12 - - [20/Jun/2023:11:05:55 +0800] "POST /xingrg/dwr/call/plaincall/AjaxReportQueryService.getFixDate.dwr HTTP/1.1" 200 111
124.77.240.38 - - [20/Jun/2023:11:05:55 +0800] "GET /xingrg/kc/buy/cgsh_order_operate.html?command=get_materiel&rest_code=00146&code=00101009062&supplier_code=00100023&order_time=2023-06-20 HTTP/1.1" 200 412
61.170.233.201 - - [20/Jun/2023:11:05:57 +0800] "GET /xingrg/all/function/internal_message.html?_=1687230357445&CODE_STATE=getMsg HTTP/1.1" 200 27
222.70.114.12 - - [20/Jun/2023:11:05:57 +0800] "POST /xingrg/dwr/call/plaincall/AjaxReportQueryService.refreshCache.dwr HTTP/1.1" 200 78
222.70.180.90 - - [20/Jun/2023:11:05:57 +0800] "GET /xingrg/kc/buy/cgsh_order_operate.html?command=get_materiel&rest_code=00111&code=00101001111&supplier_code=00100042&order_time=2023-06-20 HTTP/1.1" 200 409
180.164.3.199 - - [20/Jun/2023:11:05:59 +0800] "GET /xingrg/all/function/internal_message.html?_=1687230359207&CODE_STATE=getMsg HTTP/1.1" 200 27
222.70.114.12 - - [20/Jun/2023:11:05:59 +0800] "GET /xingrg/check_reg.html?_=1687230362575 HTTP/1.1" 200 22
222.70.114.12 - - [20/Jun/2023:11:05:59 +0800] "GET /xingrg/all/function/internal_message.html?_=1687230362573&CODE_STATE=getMsg HTTP/1.1" 200 27
222.70.114.12 - - [20/Jun/2023:11:06:00 +0800] "POST /xingrg/all/report/load_report_page.html HTTP/1.1" 200 145712
222.70.114.12 - - [20/Jun/2023:11:06:00 +0800] "GET /xingrg/servlets/image?cache=0.6251311099885232&image=px HTTP/1.1" 200 807
116.238.191.126 - - [20/Jun/2023:11:06:01 +0800] "POST /xingrg/dwr/call/plaincall/AjaxYddbService.checkOrder.dwr HTTP/1.1" 200 79
180.169.147.146 - - [20/Jun/2023:11:06:04 +0800] "GET /xingrg/login.html HTTP/1.1" 200 7641
120.253.135.82 - - [20/Jun/2023:11:06:05 +0800] "GET /xingrg/all/function/internal_message.html?_=1687230197812&CODE_STATE=getMsg HTTP/1.1" 200 27
180.169.147.146 - - [20/Jun/2023:11:06:05 +0800] "GET /xingrg/images/blue/jxLogo.png HTTP/1.1" 200 6156
180.169.147.146 - - [20/Jun/2023:11:06:05 +0800] "GET /xingrg/images/blue/login_bg.png HTTP/1.1" 200 22101
180.169.147.146 - - [20/Jun/2023:11:06:05 +0800] "GET /xingrg/images/blue/hj.png HTTP/1.1" 200 1014
180.169.147.146 - - [20/Jun/2023:11:06:05 +0800] "GET /xingrg/images/blue/srbg.png HTTP/1.1" 200 138
180.169.147.146 - - [20/Jun/2023:11:06:06 +0800] "GET /favicon.ico HTTP/1.1" 404 -
61.170.233.201 - - [20/Jun/2023:11:06:09 +0800] "GET /xingrg/all/function/internal_message.html?_=1687230368326&CODE_STATE=getMsg HTTP/1.1" 200 27
116.238.191.126 - - [20/Jun/2023:11:06:10 +0800] "GET /xingrg/kc/base/yddb_order_info.html?code=482023062000151 HTTP/1.1" 200 31308
116.238.191.126 - - [20/Jun/2023:11:06:10 +0800] "GET /xingrg/dwr/interface/AjaxComOrderService.js HTTP/1.1" 200 18264
116.238.191.126 - - [20/Jun/2023:11:06:10 +0800] "GET /xingrg/dwr/interface/AjaxYddbService.js HTTP/1.1" 200 13201
116.238.191.126 - - [20/Jun/2023:11:06:10 +0800] "GET /xingrg/dwr/engine.js HTTP/1.1" 200 43631
116.238.191.126 - - [20/Jun/2023:11:06:11 +0800] "POST /xingrg/dwr/call/plaincall/AjaxYddbService.loadMaterielItems.dwr HTTP/1.1" 200 2110
116.238.191.126 - - [20/Jun/2023:11:06:14 +0800] "POST /xingrg/dwr/call/plaincall/AjaxYddbService.saveOrder.dwr HTTP/1.1" 200 78
180.169.147.146 - - [20/Jun/2023:11:06:15 +0800] "POST /xingrg/login.do HTTP/1.1" 302 -
180.169.147.146 - - [20/Jun/2023:11:06:15 +0800] "GET /xingrg/index.html?sysBaseUrl=http%3A%2F%2F180.169.147.146%3A18081%2Fxingrg%2F&costTime=2177×tamp=1687230375150 HTTP/1.1" 200 17503
180.169.147.146 - - [20/Jun/2023:11:06:15 +0800] "GET /xingrg/javascript/jquery_easy_ui/themes/default/easyui.css HTTP/1.1" 200 26500
180.169.147.146 - - [20/Jun/2023:11:06:15 +0800] "GET /xingrg/javascript/jquery-1.4.2.min.js HTTP/1.1" 200 72205
180.169.147.146 - - [20/Jun/2023:11:06:15 +0800] "GET /xingrg/css/form.css HTTP/1.1" 200 893
180.169.147.146 - - [20/Jun/2023:11:06:15 +0800] "GET /xingrg/javascript/jquery_easy_ui/themes/icon.css HTTP/1.1" 200 3949
180.169.147.146 - - [20/Jun/2023:11:06:15 +0800] "GET /xingrg/javascript/jquery.form.js HTTP/1.1" 200 23110
180.169.147.146 - - [20/Jun/2023:11:06:15 +0800] "GET /xingrg/javascript/jquery.utils.js HTTP/1.1" 200 11805
180.169.147.146 - - [20/Jun/2023:11:06:15 +0800] "GET /xingrg/javascript/jquery_easy_ui/jquery.easyui.min.js HTTP/1.1" 200 213662
180.169.147.146 - - [20/Jun/2023:11:06:15 +0800] "GET /xingrg/javascript/jquery_easy_ui/easyui-lang-zh_CN.js HTTP/1.1" 200 1900
180.169.147.146 - - [20/Jun/2023:11:06:15 +0800] "GET /xingrg/javascript/jquery.timers.js HTTP/1.1" 200 3532
180.169.147.146 - - [20/Jun/2023:11:06:15 +0800] "GET /favicon.ico HTTP/1.1" 404 -
180.169.147.146 - - [20/Jun/2023:11:06:15 +0800] "GET /xingrg/javascript/jquery_easy_ui/themes/icons/settle_new.png HTTP/1.1" 200 826
180.169.147.146 - - [20/Jun/2023:11:06:15 +0800] "GET /xingrg/images/blue/navBackgound.jpg HTTP/1.1" 200 12378
180.169.147.146 - - [20/Jun/2023:11:06:15 +0800] "GET /xingrg/all/function/internal_message.html?_=1687230374857&CODE_STATE=count HTTP/1.1" 200 11
180.169.147.146 - - [20/Jun/2023:11:06:15 +0800] "GET /xingrg/check_reg.html?_=1687230374859 HTTP/1.1" 200 22
180.169.147.146 - - [20/Jun/2023:11:06:15 +0800] "GET /xingrg/javascript/jquery_easy_ui/themes/default/images/tabs_rightarrow.png HTTP/1.1" 200 395
180.169.147.146 - - [20/Jun/2023:11:06:15 +0800] "GET /xingrg/javascript/jquery_easy_ui/themes/default/images/tabs_leftarrow.png HTTP/1.1" 200 389
180.169.147.146 - - [20/Jun/2023:11:06:15 +0800] "GET /xingrg/images/blue/pingpu.png HTTP/1.1" 200 231
180.169.147.146 - - [20/Jun/2023:11:06:15 +0800] "GET /xingrg/javascript/jquery_easy_ui/themes/default/images/panel_tool_collapse.gif HTTP/1.1" 200 246
180.169.147.146 - - [20/Jun/2023:11:06:15 +0800] "GET /xingrg/javascript/jquery_easy_ui/themes/default/images/panel_tool_expand.gif HTTP/1.1" 200 247
180.169.147.146 - - [20/Jun/2023:11:06:15 +0800] "POST /xingrg/all/common/load_tree.html?tree=area_rest_tree_json&manage=1 HTTP/1.1" 200 2106
180.169.147.146 - - [20/Jun/2023:11:06:15 +0800] "POST /xingrg/load_menu.html HTTP/1.1" 200 11564
222.70.180.90 - - [20/Jun/2023:11:06:16 +0800] "POST /xingrg/kc/buy/cgsh_order_operate.html HTTP/1.1" 200 37
180.169.147.146 - - [20/Jun/2023:11:06:16 +0800] "GET /xingrg/javascript/jquery_easy_ui/themes/icons/search_new.png HTTP/1.1" 200 586
180.169.147.146 - - [20/Jun/2023:11:06:16 +0800] "GET /xingrg/javascript/jquery_easy_ui/themes/icons/checkout_new.png HTTP/1.1" 200 744
180.169.147.146 - - [20/Jun/2023:11:06:16 +0800] "GET /xingrg/javascript/jquery_easy_ui/themes/icons/delivery_new.png HTTP/1.1" 200 700
180.169.147.146 - - [20/Jun/2023:11:06:16 +0800] "GET /xingrg/javascript/jquery_easy_ui/themes/icons/setting_new.png HTTP/1.1" 200 450
180.169.147.146 - - [20/Jun/2023:11:06:16 +0800] "GET /xingrg/javascript/jquery_easy_ui/themes/default/images/tree_folder_open.gif HTTP/1.1" 200 956
180.169.147.146 - - [20/Jun/2023:11:06:16 +0800] "GET /xingrg/javascript/jquery_easy_ui/themes/default/images/tree_arrows.gif HTTP/1.1" 200 1043
180.169.147.146 - - [20/Jun/2023:11:06:16 +0800] "GET /xingrg/javascript/jquery_easy_ui/themes/icons/forms_new.png HTTP/1.1" 200 350
180.169.147.146 - - [20/Jun/2023:11:06:16 +0800] "GET /xingrg/javascript/jquery_easy_ui/themes/icons/storage_new.png HTTP/1.1" 200 853
180.169.147.146 - - [20/Jun/2023:11:06:16 +0800] "GET /xingrg/javascript/jquery_easy_ui/themes/icons/systemset_new.png HTTP/1.1" 200 606
180.169.147.146 - - [20/Jun/2023:11:06:16 +0800] "GET /xingrg/javascript/jquery_easy_ui/themes/default/images/tree_folder.gif HTTP/1.1" 200 952
180.169.147.146 - - [20/Jun/2023:11:06:16 +0800] "GET /xingrg/javascript/jquery_easy_ui/themes/default/images/tree_file.gif HTTP/1.1" 200 118
101.229.22.40 - - [20/Jun/2023:11:06:18 +0800] "GET /xingrg/all/function/internal_message.html?_=1687230377922&CODE_STATE=getMsg HTTP/1.1" 200 27
222.70.180.90 - - [20/Jun/2023:11:06:20 +0800] "GET /xingrg/all/function/internal_message.html?_=1687230379196&CODE_STATE=getMsg HTTP/1.1" 200 27
116.238.191.126 - - [20/Jun/2023:11:06:23 +0800] "GET /xingrg/all/function/internal_message.html?_=1687230383025&CODE_STATE=getMsg HTTP/1.1" 200 27
124.77.240.38 - - [20/Jun/2023:11:06:23 +0800] "POST /xingrg/kc/buy/cgsh_order_operate.html HTTP/1.1" 200 88
114.83.219.231 - - [20/Jun/2023:11:06:23 +0800] "GET /xingrg/all/function/internal_message.html?_=1687230384002&CODE_STATE=getMsg HTTP/1.1" 200 27
222.70.180.90 - - [20/Jun/2023:11:06:24 +0800] "POST /xingrg/kc/buy/cgsh_order_operate.html HTTP/1.1" 200 2654
222.70.180.90 - - [20/Jun/2023:11:06:27 +0800] "GET /xingrg/kc/print/load_data.html?order_code=212023062007161&kc_code=cgsh&condition= HTTP/1.1" 200 703
116.238.191.126 - - [20/Jun/2023:11:06:28 +0800] "POST /xingrg/dwr/call/plaincall/AjaxYddbService.objCheckOrder.dwr HTTP/1.1" 200 78
180.169.147.146 - - [20/Jun/2023:11:06:28 +0800] "GET /xingrg/all/function/internal_message.html?_=1687230388876&CODE_STATE=getMsg HTTP/1.1" 200 27
180.169.147.146 - - [20/Jun/2023:11:06:31 +0800] "GET /xingrg/javascript/jquery_easy_ui/themes/icons/area.png HTTP/1.1" 200 262
180.169.147.146 - - [20/Jun/2023:11:06:31 +0800] "GET /xingrg/javascript/jquery_easy_ui/themes/icons/manage.png HTTP/1.1" 200 696
180.169.147.146 - - [20/Jun/2023:11:06:31 +0800] "GET /xingrg/javascript/jquery_easy_ui/themes/icons/rest.png HTTP/1.1" 200 695
180.169.147.146 - - [20/Jun/2023:11:06:31 +0800] "GET /xingrg/javascript/jquery_easy_ui/themes/default/images/button_a_bg.gif HTTP/1.1" 200 1194
180.169.147.146 - - [20/Jun/2023:11:06:31 +0800] "GET /xingrg/javascript/jquery_easy_ui/themes/default/images/button_span_bg.gif HTTP/1.1" 200 2061
180.169.147.146 - - [20/Jun/2023:11:06:31 +0800] "GET /xingrg/javascript/jquery_easy_ui/themes/icons/ok.png HTTP/1.1" 200 883
180.169.147.146 - - [20/Jun/2023:11:06:31 +0800] "GET /xingrg/javascript/jquery_easy_ui/themes/default/images/panel_tools.gif HTTP/1.1" 200 737
180.169.147.146 - - [20/Jun/2023:11:06:31 +0800] "GET /xingrg/javascript/jquery_easy_ui/themes/default/images/panel_title.png HTTP/1.1" 200 266
116.232.195.127 - - [20/Jun/2023:11:06:33 +0800] "GET /xingrg/all/function/internal_message.html?_=1687230393562&CODE_STATE=getMsg HTTP/1.1" 200 27
180.169.147.146 - - [20/Jun/2023:11:06:33 +0800] "GET /xingrg/images/control/ajaxLoader.gif HTTP/1.1" 200 4659
180.169.147.146 - - [20/Jun/2023:11:06:33 +0800] "POST /xingrg/all/user/operate.html HTTP/1.1" 200 36
180.169.147.146 - - [20/Jun/2023:11:06:34 +0800] "GET /xingrg/index.html?sysBaseUrl=http%3A%2F%2F180.169.147.146%3A18081%2Fxingrg%2F&costTime=2177×tamp=1687230375150 HTTP/1.1" 200 17503
180.169.147.146 - - [20/Jun/2023:11:06:34 +0800] "GET /xingrg/javascript/jquery_easy_ui/themes/default/easyui.css HTTP/1.1" 304 -
180.169.147.146 - - [20/Jun/2023:11:06:34 +0800] "GET /xingrg/javascript/jquery_easy_ui/themes/icon.css HTTP/1.1" 304 -
180.169.147.146 - - [20/Jun/2023:11:06:34 +0800] "GET /xingrg/css/form.css HTTP/1.1" 304 -
180.169.147.146 - - [20/Jun/2023:11:06:34 +0800] "GET /xingrg/javascript/jquery-1.4.2.min.js HTTP/1.1" 304 -
180.169.147.146 - - [20/Jun/2023:11:06:34 +0800] "GET /xingrg/javascript/jquery_easy_ui/jquery.easyui.min.js HTTP/1.1" 304 -
180.169.147.146 - - [20/Jun/2023:11:06:34 +0800] "GET /xingrg/javascript/jquery_easy_ui/easyui-lang-zh_CN.js HTTP/1.1" 304 -
180.169.147.146 - - [20/Jun/2023:11:06:34 +0800] "GET /xingrg/javascript/jquery.form.js HTTP/1.1" 304 -
180.169.147.146 - - [20/Jun/2023:11:06:34 +0800] "GET /xingrg/javascript/jquery.utils.js HTTP/1.1" 304 -
180.169.147.146 - - [20/Jun/2023:11:06:34 +0800] "GET /xingrg/javascript/jquery.timers.js HTTP/1.1" 304 -
180.169.147.146 - - [20/Jun/2023:11:06:34 +0800] "GET /xingrg/images/blue/jxLogo.png HTTP/1.1" 304 -
180.169.147.146 - - [20/Jun/2023:11:06:34 +0800] "GET /xingrg/images/blue/navBackgound.jpg HTTP/1.1" 304 -
180.169.147.146 - - [20/Jun/2023:11:06:34 +0800] "GET /xingrg/javascript/jquery_easy_ui/themes/icons/settle_new.png HTTP/1.1" 304 -
180.169.147.146 - - [20/Jun/2023:11:06:34 +0800] "GET /xingrg/all/function/internal_message.html?_=1687230393327&CODE_STATE=count HTTP/1.1" 200 11
180.169.147.146 - - [20/Jun/2023:11:06:34 +0800] "GET /xingrg/javascript/jquery_easy_ui/themes/default/images/tabs_leftarrow.png HTTP/1.1" 304 -
180.169.147.146 - - [20/Jun/2023:11:06:34 +0800] "GET /xingrg/check_reg.html?_=1687230393329 HTTP/1.1" 200 22
180.169.147.146 - - [20/Jun/2023:11:06:34 +0800] "GET /xingrg/javascript/jquery_easy_ui/themes/default/images/panel_tool_expand.gif HTTP/1.1" 304 -
180.169.147.146 - - [20/Jun/2023:11:06:34 +0800] "GET /xingrg/javascript/jquery_easy_ui/themes/default/images/panel_tool_collapse.gif HTTP/1.1" 304 -
180.169.147.146 - - [20/Jun/2023:11:06:34 +0800] "GET /xingrg/javascript/jquery_easy_ui/themes/default/images/tabs_rightarrow.png HTTP/1.1" 304 -
180.169.147.146 - - [20/Jun/2023:11:06:34 +0800] "GET /xingrg/images/blue/pingpu.png HTTP/1.1" 304 -
180.169.147.146 - - [20/Jun/2023:11:06:34 +0800] "POST /xingrg/all/common/load_tree.html?tree=area_rest_tree_json&manage=1 HTTP/1.1" 200 2106
180.169.147.146 - - [20/Jun/2023:11:06:34 +0800] "POST /xingrg/load_menu.html HTTP/1.1" 200 9959
180.169.147.146 - - [20/Jun/2023:11:06:35 +0800] "GET /xingrg/javascript/jquery_easy_ui/themes/default/images/tabs_close.gif HTTP/1.1" 200 829
180.169.147.146 - - [20/Jun/2023:11:06:35 +0800] "GET /xingrg/kc/report/report_main.html HTTP/1.1" 200 7340
180.169.147.146 - - [20/Jun/2023:11:06:35 +0800] "GET /xingrg/css/blue.css HTTP/1.1" 200 15949
180.169.147.146 - - [20/Jun/2023:11:06:35 +0800] "GET /xingrg/javascript/jquery_ui/themes/humanity/humanity.css HTTP/1.1" 200 27801
180.169.147.146 - - [20/Jun/2023:11:06:35 +0800] "GET /xingrg/javascript/pic_change.js HTTP/1.1" 200 4739
180.169.147.146 - - [20/Jun/2023:11:06:35 +0800] "GET /xingrg/javascript/myfunction.js HTTP/1.1" 200 24559
180.169.147.146 - - [20/Jun/2023:11:06:35 +0800] "GET /xingrg/javascript/json2.js HTTP/1.1" 200 11259
180.169.147.146 - - [20/Jun/2023:11:06:35 +0800] "GET /xingrg/javascript/jquery_easy_ui/themes/icons/back_new.png HTTP/1.1" 200 3414
222.70.180.90 - - [20/Jun/2023:11:06:36 +0800] "GET /xingrg/kc/base/wldb_order_list.html HTTP/1.1" 200 19098
124.77.240.38 - - [20/Jun/2023:11:06:36 +0800] "POST /xingrg/kc/buy/cgsh_order_operate.html HTTP/1.1" 200 37
180.169.147.146 - - [20/Jun/2023:11:06:36 +0800] "GET /xingrg/all/function/internal_message.html?_=1687230396211&CODE_STATE=getMsg HTTP/1.1" 200 27
222.70.180.90 - - [20/Jun/2023:11:06:37 +0800] "POST /xingrg/kc/base/wldb_list_operate.html HTTP/1.1" 200 928
222.70.180.90 - - [20/Jun/2023:11:06:37 +0800] "GET /xingrg/kc/base/wldb_order_add.html HTTP/1.1" 200 30381
222.70.180.90 - - [20/Jun/2023:11:06:38 +0800] "POST /xingrg/kc/base/wldb_order_operate.html HTTP/1.1" 200 6806
180.164.3.199 - - [20/Jun/2023:11:06:38 +0800] "GET /xingrg/kc/buy/cgsh_order_operate.html?command=get_materiel&rest_code=00108&code=00101008061&supplier_code=00100007&order_time=2023-06-20 HTTP/1.1" 200 422
116.232.195.127 - - [20/Jun/2023:11:06:38 +0800] "GET /xingrg/all/function/internal_message.html?_=1687230400168&CODE_STATE=getMsg HTTP/1.1" 200 27
222.70.180.90 - - [20/Jun/2023:11:06:38 +0800] "GET /xingrg/javascript/easyui/themes/default/validatebox.css HTTP/1.1" 404 1104
222.70.180.90 - - [20/Jun/2023:11:06:38 +0800] "GET /xingrg/all/common/auto_word.html?type=base&rest_code=00111 HTTP/1.1" 200 1753
222.70.180.90 - - [20/Jun/2023:11:06:38 +0800] "GET /xingrg/all/common/auto_word.html?type=base&rest_code=00111 HTTP/1.1" 200 1753
222.67.234.146 - - [20/Jun/2023:11:06:40 +0800] "GET /xingrg/check_reg.html?_=1687229893986 HTTP/1.1" 200 22
222.67.234.146 - - [20/Jun/2023:11:06:40 +0800] "GET /xingrg/all/function/internal_message.html?_=1687229893984&CODE_STATE=getMsg HTTP/1.1" 200 27
124.77.240.38 - - [20/Jun/2023:11:06:43 +0800] "POST /xingrg/kc/buy/cgsh_order_operate.html HTTP/1.1" 200 3244
61.170.233.201 - - [20/Jun/2023:11:06:44 +0800] "GET /xingrg/all/function/internal_message.html?_=1687230410846&CODE_STATE=getMsg HTTP/1.1" 200 27
124.77.240.38 - - [20/Jun/2023:11:06:47 +0800] "GET /xingrg/kc/print/load_data.html?order_code=212023062007163&kc_code=cgsh&condition= HTTP/1.1" 200 916
116.238.191.126 - - [20/Jun/2023:11:06:50 +0800] "GET /xingrg/all/function/internal_message.html?_=1687230339272&CODE_STATE=getMsg HTTP/1.1" 200 27
116.238.191.126 - - [20/Jun/2023:11:06:51 +0800] "GET /xingrg/kc/base/yddb_order_info.html?code=482023062000151 HTTP/1.1" 200 31429
116.238.191.126 - - [20/Jun/2023:11:06:51 +0800] "GET /xingrg/dwr/interface/AjaxYddbService.js HTTP/1.1" 200 13201
116.238.191.126 - - [20/Jun/2023:11:06:51 +0800] "GET /xingrg/dwr/interface/AjaxComOrderService.js HTTP/1.1" 200 18264
116.238.191.126 - - [20/Jun/2023:11:06:51 +0800] "GET /xingrg/dwr/engine.js HTTP/1.1" 200 43631
116.238.191.126 - - [20/Jun/2023:11:06:52 +0800] "POST /xingrg/dwr/call/plaincall/AjaxYddbService.loadMaterielItems.dwr HTTP/1.1" 200 2110
124.77.240.38 - - [20/Jun/2023:11:06:52 +0800] "GET /xingrg/all/function/internal_message.html?_=1687230418580&CODE_STATE=getMsg HTTP/1.1" 200 27
61.170.233.201 - - [20/Jun/2023:11:06:57 +0800] "GET /xingrg/all/function/internal_message.html?_=1687230417419&CODE_STATE=getMsg HTTP/1.1" 200 27
114.85.113.108 - - [20/Jun/2023:11:06:57 +0800] "GET /xingrg/check_reg.html?_=1687230416168 HTTP/1.1" 302 -
180.164.3.199 - - [20/Jun/2023:11:06:57 +0800] "GET /xingrg/kc/buy/cgsh_order_operate.html?command=get_materiel&rest_code=00108&code=00101008633&supplier_code=00100007&order_time=2023-06-20 HTTP/1.1" 200 414
180.164.3.199 - - [20/Jun/2023:11:06:59 +0800] "GET /xingrg/all/function/internal_message.html?_=1687230419211&CODE_STATE=getMsg HTTP/1.1" 200 27
222.70.114.12 - - [20/Jun/2023:11:06:59 +0800] "GET /xingrg/all/function/internal_message.html?_=1687230422577&CODE_STATE=getMsg HTTP/1.1" 302 -
124.77.240.38 - - [20/Jun/2023:11:07:00 +0800] "GET /xingrg/kc/buy/cgsh_order_add.html HTTP/1.1" 200 71636
124.77.240.38 - - [20/Jun/2023:11:07:01 +0800] "POST /xingrg/kc/buy/cgsh_order_operate.html HTTP/1.1" 200 8245
124.77.240.38 - - [20/Jun/2023:11:07:01 +0800] "GET /xingrg/javascript/easyui/themes/default/validatebox.css HTTP/1.1" 404 1104
120.253.135.82 - - [20/Jun/2023:11:07:05 +0800] "GET /xingrg/all/function/internal_message.html?_=1687230257826&CODE_STATE=getMsg HTTP/1.1" 200 27
180.164.3.199 - - [20/Jun/2023:11:07:05 +0800] "POST /xingrg/kc/buy/cgsh_order_operate.html HTTP/1.1" 200 2065
61.170.233.201 - - [20/Jun/2023:11:07:09 +0800] "GET /xingrg/all/function/internal_message.html?_=1687230428304&CODE_STATE=getMsg HTTP/1.1" 200 27
61.170.233.201 - - [20/Jun/2023:11:07:11 +0800] "GET /xingrg/check_reg.html?_=1687230430493 HTTP/1.1" 200 22
114.83.219.231 - - [20/Jun/2023:11:07:12 +0800] "POST /xingrg/services/DataTransmitService HTTP/1.1" 200 524
124.77.240.38 - - [20/Jun/2023:11:07:15 +0800] "GET /xingrg/kc/buy/cgsh_order_operate.html?command=get_materiel&rest_code=00146&code=00101006109&supplier_code=00100012&order_time=2023-06-20 HTTP/1.1" 200 409
101.229.22.40 - - [20/Jun/2023:11:07:18 +0800] "GET /xingrg/all/function/internal_message.html?_=1687230437922&CODE_STATE=getMsg HTTP/1.1" 200 27
101.229.22.40 - - [20/Jun/2023:11:07:18 +0800] "GET /xingrg/check_reg.html?_=1687230437925 HTTP/1.1" 200 22
222.70.180.90 - - [20/Jun/2023:11:07:20 +0800] "GET /xingrg/all/function/internal_message.html?_=1687230439169&CODE_STATE=getMsg HTTP/1.1" 200 27
222.70.180.90 - - [20/Jun/2023:11:07:21 +0800] "GET /xingrg/check_reg.html?_=1687230440452 HTTP/1.1" 200 22
116.238.191.126 - - [20/Jun/2023:11:07:23 +0800] "GET /xingrg/all/function/internal_message.html?_=1687230443019&CODE_STATE=getMsg HTTP/1.1" 200 27
114.83.219.231 - - [20/Jun/2023:11:07:23 +0800] "GET /xingrg/all/function/internal_message.html?_=1687230443986&CODE_STATE=getMsg HTTP/1.1" 200 27
114.83.219.231 - - [20/Jun/2023:11:07:24 +0800] "GET /xingrg/check_reg.html?_=1687230444724 HTTP/1.1" 200 22
180.164.3.199 - - [20/Jun/2023:11:07:27 +0800] "GET /xingrg/kc/buy/cgsh_order_operate.html?command=get_materiel&rest_code=00108&code=00101008397&supplier_code=00100007&order_time=2023-06-20 HTTP/1.1" 200 417
180.169.147.146 - - [20/Jun/2023:11:07:28 +0800] "GET /xingrg/all/function/internal_message.html?_=1687230448874&CODE_STATE=getMsg HTTP/1.1" 200 27
124.77.240.38 - - [20/Jun/2023:11:07:33 +0800] "GET /xingrg/kc/buy/cgsh_order_operate.html?command=get_materiel&rest_code=00146&code=00101006111&supplier_code=00100012&order_time=2023-06-20 HTTP/1.1" 200 409
