61.170.233.201 - - [20/Jun/2023:08:56:07 +0800] "GET /xingrg/kc/buy/cgsh_order_operate.html?command=get_materiel&rest_code=00106&code=00101008085&supplier_code=00100007&order_time=2023-06-20 HTTP/1.1" 200 412
114.83.219.231 - - [20/Jun/2023:08:56:09 +0800] "GET /xingrg/javascript/auto/indicator.gif HTTP/1.1" 404 1066
120.253.135.82 - - [20/Jun/2023:08:56:11 +0800] "GET /xingrg/all/function/internal_message.html?_=1687222403723&CODE_STATE=getMsg HTTP/1.1" 200 27
61.170.233.201 - - [20/Jun/2023:08:56:11 +0800] "GET /xingrg/all/function/internal_message.html?_=1687222570838&CODE_STATE=getMsg HTTP/1.1" 200 27
61.170.233.201 - - [20/Jun/2023:08:56:13 +0800] "POST /xingrg/kc/buy/cgsh_order_operate.html HTTP/1.1" 200 2065
116.238.191.126 - - [20/Jun/2023:08:56:17 +0800] "GET /xingrg/kc/buy/cgsh_order_operate.html?command=get_materiel&rest_code=00150&code=00101006055&supplier_code=00100096&order_time=2023-06-20 HTTP/1.1" 200 411
61.170.233.201 - - [20/Jun/2023:08:56:18 +0800] "GET /xingrg/kc/buy/cgsh_order_operate.html?command=get_materiel&rest_code=00106&code=00101011001&supplier_code=00100007&order_time=2023-06-20 HTTP/1.1" 200 423
124.79.242.2 - - [20/Jun/2023:08:56:18 +0800] "GET /xingrg/all/function/internal_message.html?_=1687222578654&CODE_STATE=getMsg HTTP/1.1" 302 -
114.83.219.231 - - [20/Jun/2023:08:56:23 +0800] "GET /xingrg/kc/buy/cgsh_order_operate.html?command=get_materiel&rest_code=00149&code=00101008323&supplier_code=00100008&order_time=2023-06-20 HTTP/1.1" 200 408
124.79.242.2 - - [20/Jun/2023:08:56:27 +0800] "GET /xingrg/all/function/internal_message.html?_=1687222587379&CODE_STATE=getMsg HTTP/1.1" 302 -
222.70.111.174 - - [20/Jun/2023:08:56:29 +0800] "POST /xingrg/services/DataTransmitService HTTP/1.1" 200 524
116.238.191.126 - - [20/Jun/2023:08:56:32 +0800] "GET /xingrg/all/function/internal_message.html?_=1687222521236&CODE_STATE=getMsg HTTP/1.1" 200 27
61.170.233.201 - - [20/Jun/2023:08:56:32 +0800] "POST /xingrg/kc/buy/cgsh_order_operate.html HTTP/1.1" 200 37
116.238.191.126 - - [20/Jun/2023:08:56:33 +0800] "GET /xingrg/all/function/internal_message.html?_=1687222593440&CODE_STATE=getMsg HTTP/1.1" 200 27
116.238.191.126 - - [20/Jun/2023:08:56:34 +0800] "GET /xingrg/kc/buy/cgsh_order_operate.html?command=get_materiel&rest_code=00150&code=00101006109&supplier_code=00100096&order_time=2023-06-20 HTTP/1.1" 200 409
116.232.195.127 - - [20/Jun/2023:08:56:38 +0800] "GET /xingrg/all/function/internal_message.html?_=1687222600173&CODE_STATE=getMsg HTTP/1.1" 200 27
120.253.135.82 - - [20/Jun/2023:08:56:40 +0800] "GET /xingrg/all/function/internal_message.html?_=1687222433534&CODE_STATE=getMsg HTTP/1.1" 200 27
124.77.240.38 - - [20/Jun/2023:08:56:47 +0800] "GET /xingrg/all/function/internal_message.html?_=1687222611577&CODE_STATE=getMsg HTTP/1.1" 200 27
116.238.191.126 - - [20/Jun/2023:08:56:50 +0800] "GET /xingrg/kc/buy/cgsh_order_operate.html?command=get_materiel&rest_code=00150&code=00101006062&supplier_code=00100096&order_time=2023-06-20 HTTP/1.1" 200 409
114.85.115.2 - - [20/Jun/2023:08:56:50 +0800] "GET /xingrg/all/function/internal_message.html?_=1687222611918&CODE_STATE=getMsg HTTP/1.1" 200 27
114.83.219.231 - - [20/Jun/2023:08:56:52 +0800] "GET /xingrg/kc/buy/cgsh_order_operate.html?command=get_materiel&rest_code=00149&code=00101008261&supplier_code=00100008&order_time=2023-06-20 HTTP/1.1" 200 408
114.83.219.231 - - [20/Jun/2023:08:56:54 +0800] "GET /xingrg/all/function/internal_message.html?_=1687222614739&CODE_STATE=getMsg HTTP/1.1" 200 27
114.85.113.108 - - [20/Jun/2023:08:56:57 +0800] "GET /xingrg/check_reg.html?_=1687222616585 HTTP/1.1" 302 -
124.77.240.38 - - [20/Jun/2023:08:56:58 +0800] "GET /xingrg/all/function/internal_message.html?_=1687222623679&CODE_STATE=getMsg HTTP/1.1" 200 27
116.238.191.126 - - [20/Jun/2023:08:57:08 +0800] "GET /xingrg/kc/buy/cgsh_order_operate.html?command=get_materiel&rest_code=00150&code=00101006111&supplier_code=00100096&order_time=2023-06-20 HTTP/1.1" 200 409
120.253.135.82 - - [20/Jun/2023:08:57:11 +0800] "GET /xingrg/all/function/internal_message.html?_=1687222463736&CODE_STATE=getMsg HTTP/1.1" 200 27
124.79.242.2 - - [20/Jun/2023:08:57:18 +0800] "GET /xingrg/all/function/internal_message.html?_=1687222638628&CODE_STATE=getMsg HTTP/1.1" 302 -
116.238.191.126 - - [20/Jun/2023:08:57:23 +0800] "GET /xingrg/kc/buy/cgsh_order_operate.html?command=get_materiel&rest_code=00150&code=00101007061&supplier_code=00100096&order_time=2023-06-20 HTTP/1.1" 200 411
114.83.219.231 - - [20/Jun/2023:08:57:25 +0800] "GET /xingrg/kc/buy/cgsh_order_operate.html?command=get_materiel&rest_code=00149&code=00101008302&supplier_code=00100008&order_time=2023-06-20 HTTP/1.1" 200 412
116.238.191.126 - - [20/Jun/2023:08:57:25 +0800] "POST /xingrg/all/common/load_select.html HTTP/1.1" 200 12
124.79.242.2 - - [20/Jun/2023:08:57:27 +0800] "GET /xingrg/all/function/internal_message.html?_=1687222647375&CODE_STATE=getMsg HTTP/1.1" 302 -
116.238.191.126 - - [20/Jun/2023:08:57:32 +0800] "GET /xingrg/kc/buy/cgsh_order_operate.html?command=get_materiel_price&rest_code=00150&code=00101008131&unit_code=00100001&supplier_code=00100008&order_time=2023-06-20 HTTP/1.1" 200 28
116.238.191.126 - - [20/Jun/2023:08:57:32 +0800] "GET /xingrg/all/function/internal_message.html?_=1687222581285&CODE_STATE=getMsg HTTP/1.1" 200 27
116.238.191.126 - - [20/Jun/2023:08:57:33 +0800] "GET /xingrg/all/function/internal_message.html?_=1687222653567&CODE_STATE=getMsg HTTP/1.1" 200 27
116.232.195.127 - - [20/Jun/2023:08:57:38 +0800] "GET /xingrg/all/function/internal_message.html?_=1687222660170&CODE_STATE=getMsg HTTP/1.1" 200 27
116.238.191.126 - - [20/Jun/2023:08:57:38 +0800] "GET /xingrg/kc/buy/cgsh_order_operate.html?command=get_materiel&rest_code=00150&code=00101007082&supplier_code=00100096&order_time=2023-06-20 HTTP/1.1" 200 428
120.253.135.82 - - [20/Jun/2023:08:57:41 +0800] "GET /xingrg/all/function/internal_message.html?_=1687222493635&CODE_STATE=getMsg HTTP/1.1" 200 27
116.238.191.126 - - [20/Jun/2023:08:57:45 +0800] "POST /xingrg/kc/buy/cgsh_order_operate.html HTTP/1.1" 200 75
124.77.240.38 - - [20/Jun/2023:08:57:47 +0800] "GET /xingrg/all/function/internal_message.html?_=1687222671587&CODE_STATE=getMsg HTTP/1.1" 200 27
114.85.115.2 - - [20/Jun/2023:08:57:50 +0800] "GET /xingrg/all/function/internal_message.html?_=1687222671927&CODE_STATE=getMsg HTTP/1.1" 200 27
116.238.191.126 - - [20/Jun/2023:08:57:51 +0800] "GET /xingrg/kc/buy/cgsh_order_operate.html?command=get_materiel&rest_code=00150&code=00101007081&supplier_code=00100096&order_time=2023-06-20 HTTP/1.1" 200 415
114.83.219.231 - - [20/Jun/2023:08:57:54 +0800] "GET /xingrg/all/function/internal_message.html?_=1687222674731&CODE_STATE=getMsg HTTP/1.1" 200 27
124.77.240.38 - - [20/Jun/2023:08:57:57 +0800] "GET /xingrg/check_reg.html?_=1687222682504 HTTP/1.1" 200 22
61.170.233.201 - - [20/Jun/2023:08:57:57 +0800] "POST /xingrg/kc/buy/cgsh_order_operate.html HTTP/1.1" 200 12708
124.77.240.38 - - [20/Jun/2023:08:57:58 +0800] "GET /xingrg/all/function/internal_message.html?_=1687222683692&CODE_STATE=getMsg HTTP/1.1" 200 27
120.253.135.82 - - [20/Jun/2023:08:58:01 +0800] "GET /xingrg/check_reg.html?_=1687222513703 HTTP/1.1" 200 22
116.238.191.126 - - [20/Jun/2023:08:58:03 +0800] "POST /xingrg/kc/buy/cgsh_order_operate.html HTTP/1.1" 200 37
116.238.191.126 - - [20/Jun/2023:08:58:07 +0800] "GET /xingrg/kc/buy/cgsh_order_operate.html?command=get_materiel&rest_code=00150&code=00101007181&supplier_code=00100096&order_time=2023-06-20 HTTP/1.1" 200 412
120.253.135.82 - - [20/Jun/2023:08:58:11 +0800] "GET /xingrg/all/function/internal_message.html?_=1687222523992&CODE_STATE=getMsg HTTP/1.1" 200 27
61.170.233.201 - - [20/Jun/2023:08:58:11 +0800] "GET /xingrg/all/function/internal_message.html?_=1687222690871&CODE_STATE=getMsg HTTP/1.1" 200 27
116.238.191.126 - - [20/Jun/2023:08:58:16 +0800] "POST /xingrg/kc/buy/cgsh_order_operate.html HTTP/1.1" 200 12
124.79.242.2 - - [20/Jun/2023:08:58:18 +0800] "GET /xingrg/all/function/internal_message.html?_=1687222698614&CODE_STATE=getMsg HTTP/1.1" 302 -
116.238.191.126 - - [20/Jun/2023:08:58:20 +0800] "GET /xingrg/kc/buy/cgsh_order_info.html?code=212023062007118 HTTP/1.1" 200 66605
116.238.191.126 - - [20/Jun/2023:08:58:21 +0800] "GET /xingrg/javascript/easyui/themes/default/validatebox.css HTTP/1.1" 404 1104
116.238.191.126 - - [20/Jun/2023:08:58:22 +0800] "POST /xingrg/kc/buy/cgsh_order_operate.html HTTP/1.1" 200 27208
116.238.191.126 - - [20/Jun/2023:08:58:25 +0800] "GET /xingrg/kc/print/load_data.html?order_code=212023062007118&kc_code=cgsh&condition= HTTP/1.1" 200 10798
124.79.242.2 - - [20/Jun/2023:08:58:27 +0800] "GET /xingrg/all/function/internal_message.html?_=1687222707364&CODE_STATE=getMsg HTTP/1.1" 302 -
116.238.191.126 - - [20/Jun/2023:08:58:32 +0800] "GET /xingrg/all/function/internal_message.html?_=1687222641294&CODE_STATE=getMsg HTTP/1.1" 200 27
116.238.191.126 - - [20/Jun/2023:08:58:33 +0800] "GET /xingrg/all/function/internal_message.html?_=1687222713554&CODE_STATE=getMsg HTTP/1.1" 200 27
116.232.195.127 - - [20/Jun/2023:08:58:38 +0800] "GET /xingrg/check_reg.html?_=1687222720160 HTTP/1.1" 200 22
116.232.195.127 - - [20/Jun/2023:08:58:38 +0800] "GET /xingrg/all/function/internal_message.html?_=1687222720171&CODE_STATE=getMsg HTTP/1.1" 200 27
116.238.191.126 - - [20/Jun/2023:08:58:38 +0800] "GET /xingrg/javascript/jquery_easy_ui/themes/default/images/button_a_bg.gif HTTP/1.1" 304 -
116.238.191.126 - - [20/Jun/2023:08:58:38 +0800] "GET /xingrg/javascript/jquery_easy_ui/themes/icons/ok.png HTTP/1.1" 304 -
116.238.191.126 - - [20/Jun/2023:08:58:38 +0800] "GET /xingrg/javascript/jquery_easy_ui/themes/default/images/button_span_bg.gif HTTP/1.1" 304 -
116.238.191.126 - - [20/Jun/2023:08:58:38 +0800] "GET /xingrg/javascript/jquery_easy_ui/themes/default/images/panel_tools.gif HTTP/1.1" 304 -
116.238.191.126 - - [20/Jun/2023:08:58:38 +0800] "GET /xingrg/javascript/jquery_easy_ui/themes/default/images/panel_title.png HTTP/1.1" 304 -
120.253.135.82 - - [20/Jun/2023:08:58:41 +0800] "GET /xingrg/all/function/internal_message.html?_=1687222553641&CODE_STATE=getMsg HTTP/1.1" 200 27
116.238.191.126 - - [20/Jun/2023:08:58:42 +0800] "POST /xingrg/all/user/operate.html HTTP/1.1" 200 36
116.238.191.126 - - [20/Jun/2023:08:58:43 +0800] "GET /xingrg/index.html?sysBaseUrl=http%3A%2F%2F180.169.147.146%3A18081%2Fxingrg%2F&costTime=817×tamp=1687171393485 HTTP/1.1" 200 17177
116.238.191.126 - - [20/Jun/2023:08:58:43 +0800] "GET /xingrg/javascript/jquery_easy_ui/themes/default/easyui.css HTTP/1.1" 304 -
116.238.191.126 - - [20/Jun/2023:08:58:43 +0800] "GET /xingrg/javascript/jquery_easy_ui/themes/icon.css HTTP/1.1" 304 -
116.238.191.126 - - [20/Jun/2023:08:58:43 +0800] "GET /xingrg/css/form.css HTTP/1.1" 304 -
116.238.191.126 - - [20/Jun/2023:08:58:43 +0800] "GET /xingrg/javascript/jquery-1.4.2.min.js HTTP/1.1" 304 -
116.238.191.126 - - [20/Jun/2023:08:58:43 +0800] "GET /xingrg/javascript/jquery_easy_ui/jquery.easyui.min.js HTTP/1.1" 304 -
116.238.191.126 - - [20/Jun/2023:08:58:43 +0800] "GET /xingrg/javascript/jquery_easy_ui/easyui-lang-zh_CN.js HTTP/1.1" 304 -
116.238.191.126 - - [20/Jun/2023:08:58:43 +0800] "GET /xingrg/javascript/jquery.form.js HTTP/1.1" 304 -
116.238.191.126 - - [20/Jun/2023:08:58:43 +0800] "GET /xingrg/javascript/jquery.utils.js HTTP/1.1" 304 -
116.238.191.126 - - [20/Jun/2023:08:58:43 +0800] "GET /xingrg/javascript/jquery.timers.js HTTP/1.1" 304 -
116.238.191.126 - - [20/Jun/2023:08:58:43 +0800] "GET /xingrg/images/blue/jxLogo.png HTTP/1.1" 304 -
116.238.191.126 - - [20/Jun/2023:08:58:43 +0800] "GET /xingrg/images/blue/navBackgound.jpg HTTP/1.1" 304 -
116.238.191.126 - - [20/Jun/2023:08:58:43 +0800] "GET /xingrg/javascript/jquery_easy_ui/themes/icons/settle_new.png HTTP/1.1" 304 -
116.238.191.126 - - [20/Jun/2023:08:58:44 +0800] "GET /xingrg/images/blue/pingpu.png HTTP/1.1" 304 -
116.238.191.126 - - [20/Jun/2023:08:58:44 +0800] "GET /xingrg/javascript/jquery_easy_ui/themes/default/images/tabs_leftarrow.png HTTP/1.1" 304 -
116.238.191.126 - - [20/Jun/2023:08:58:44 +0800] "GET /xingrg/javascript/jquery_easy_ui/themes/default/images/tabs_rightarrow.png HTTP/1.1" 304 -
116.238.191.126 - - [20/Jun/2023:08:58:44 +0800] "GET /xingrg/javascript/jquery_easy_ui/themes/default/images/panel_tool_collapse.gif HTTP/1.1" 304 -
116.238.191.126 - - [20/Jun/2023:08:58:44 +0800] "GET /xingrg/all/function/internal_message.html?_=1687222653144&CODE_STATE=count HTTP/1.1" 200 11
116.238.191.126 - - [20/Jun/2023:08:58:44 +0800] "GET /xingrg/check_reg.html?_=1687222653145 HTTP/1.1" 200 22
116.238.191.126 - - [20/Jun/2023:08:58:44 +0800] "POST /xingrg/all/common/load_tree.html?tree=area_rest_tree_json&manage=1 HTTP/1.1" 200 476
116.238.191.126 - - [20/Jun/2023:08:58:44 +0800] "GET /xingrg/javascript/jquery_easy_ui/themes/default/images/tree_arrows.gif HTTP/1.1" 304 -
116.238.191.126 - - [20/Jun/2023:08:58:44 +0800] "POST /xingrg/load_menu.html HTTP/1.1" 200 5138
116.238.191.126 - - [20/Jun/2023:08:58:44 +0800] "GET /xingrg/javascript/jquery_easy_ui/themes/default/images/tree_folder_open.gif HTTP/1.1" 304 -
116.238.191.126 - - [20/Jun/2023:08:58:44 +0800] "GET /xingrg/javascript/jquery_easy_ui/themes/icons/search_new.png HTTP/1.1" 304 -
116.238.191.126 - - [20/Jun/2023:08:58:44 +0800] "GET /xingrg/javascript/jquery_easy_ui/themes/default/images/tree_folder.gif HTTP/1.1" 304 -
116.238.191.126 - - [20/Jun/2023:08:58:44 +0800] "GET /xingrg/javascript/jquery_easy_ui/themes/icons/storage_new.png HTTP/1.1" 304 -
116.238.191.126 - - [20/Jun/2023:08:58:44 +0800] "GET /xingrg/javascript/jquery_easy_ui/themes/icons/forms_new.png HTTP/1.1" 304 -
116.238.191.126 - - [20/Jun/2023:08:58:44 +0800] "GET /xingrg/javascript/jquery_easy_ui/themes/default/images/tree_file.gif HTTP/1.1" 304 -
116.238.191.126 - - [20/Jun/2023:08:58:46 +0800] "GET /xingrg/javascript/jquery_easy_ui/themes/default/images/tabs_close.gif HTTP/1.1" 304 -
124.77.240.38 - - [20/Jun/2023:08:58:47 +0800] "GET /xingrg/check_reg.html?_=1687222731478 HTTP/1.1" 200 22
124.77.240.38 - - [20/Jun/2023:08:58:47 +0800] "GET /xingrg/all/function/internal_message.html?_=1687222731600&CODE_STATE=getMsg HTTP/1.1" 200 27
116.238.191.126 - - [20/Jun/2023:08:58:47 +0800] "GET /xingrg/kc/buy/cgsh_order_list.html HTTP/1.1" 200 55858
120.253.135.82 - - [20/Jun/2023:08:58:49 +0800] "GET /xingrg/check_reg.html?_=1687222562287 HTTP/1.1" 200 22
116.238.191.126 - - [20/Jun/2023:08:58:50 +0800] "POST /xingrg/kc/buy/cgsh_list_operate.html HTTP/1.1" 200 986
114.85.115.2 - - [20/Jun/2023:08:58:50 +0800] "GET /xingrg/all/function/internal_message.html?_=1687222731920&CODE_STATE=getMsg HTTP/1.1" 200 27
116.238.191.126 - - [20/Jun/2023:08:58:52 +0800] "GET /xingrg/kc/buy/cgsh_order_add.html HTTP/1.1" 200 71246
116.238.191.126 - - [20/Jun/2023:08:58:52 +0800] "POST /xingrg/kc/buy/cgsh_order_operate.html HTTP/1.1" 200 8245
116.238.191.126 - - [20/Jun/2023:08:58:52 +0800] "GET /xingrg/javascript/easyui/themes/default/validatebox.css HTTP/1.1" 404 1104
116.238.191.126 - - [20/Jun/2023:08:58:52 +0800] "GET /xingrg/all/common/auto_word.html?type=employee&rest_code=00151 HTTP/1.1" 200 293
116.238.191.126 - - [20/Jun/2023:08:58:52 +0800] "GET /xingrg/all/common/auto_word.html?type=employee&rest_code=00151 HTTP/1.1" 200 293
116.238.191.126 - - [20/Jun/2023:08:58:54 +0800] "GET /xingrg/javascript/auto/indicator.gif HTTP/1.1" 404 1066
114.83.219.231 - - [20/Jun/2023:08:58:54 +0800] "GET /xingrg/all/function/internal_message.html?_=1687222734707&CODE_STATE=getMsg HTTP/1.1" 200 27
124.77.240.38 - - [20/Jun/2023:08:58:58 +0800] "GET /xingrg/all/function/internal_message.html?_=1687222743706&CODE_STATE=getMsg HTTP/1.1" 200 27
116.238.191.126 - - [20/Jun/2023:08:59:07 +0800] "GET /xingrg/kc/buy/cgsh_order_operate.html?command=get_materiel&rest_code=00151&code=00101031036&supplier_code=00100393&order_time=2023-06-20 HTTP/1.1" 200 413
120.253.135.82 - - [20/Jun/2023:08:59:11 +0800] "GET /xingrg/all/function/internal_message.html?_=1687222583997&CODE_STATE=getMsg HTTP/1.1" 200 27
61.170.233.201 - - [20/Jun/2023:08:59:11 +0800] "GET /xingrg/all/function/internal_message.html?_=1687222750830&CODE_STATE=getMsg HTTP/1.1" 200 27
39.144.40.191 - - [20/Jun/2023:08:59:18 +0800] "GET /xingrg HTTP/1.1" 302 -
39.144.40.191 - - [20/Jun/2023:08:59:18 +0800] "GET /xingrg/ HTTP/1.1" 200 292
39.144.40.191 - - [20/Jun/2023:08:59:18 +0800] "GET /xingrg/index.html HTTP/1.1" 302 -
39.144.40.191 - - [20/Jun/2023:08:59:18 +0800] "GET /xingrg/login.html HTTP/1.1" 200 2139
39.144.40.191 - - [20/Jun/2023:08:59:18 +0800] "GET /xingrg/javascript/mobile/jquery.mobile-1.3.2.min.css HTTP/1.1" 200 94670
39.144.40.191 - - [20/Jun/2023:08:59:18 +0800] "GET /xingrg/javascript/mobile/jquery-1.8.3.min.js HTTP/1.1" 200 93637
39.144.40.191 - - [20/Jun/2023:08:59:18 +0800] "GET /xingrg/javascript/mobile/jquery.mobile-1.3.2.min.js HTTP/1.1" 200 145396
124.79.242.2 - - [20/Jun/2023:08:59:18 +0800] "GET /xingrg/all/function/internal_message.html?_=1687222758598&CODE_STATE=getMsg HTTP/1.1" 302 -
116.238.191.126 - - [20/Jun/2023:08:59:20 +0800] "GET /xingrg/kc/buy/cgsh_order_operate.html?command=get_materiel&rest_code=00151&code=00101031037&supplier_code=00100393&order_time=2023-06-20 HTTP/1.1" 200 417
39.144.40.191 - - [20/Jun/2023:08:59:25 +0800] "GET /xingrg/javascript/mobile/images/ajax-loader.gif HTTP/1.1" 200 7825
39.144.40.191 - - [20/Jun/2023:08:59:25 +0800] "GET /favicon.ico HTTP/1.1" 404 -
124.79.242.2 - - [20/Jun/2023:08:59:27 +0800] "GET /xingrg/all/function/internal_message.html?_=1687222767377&CODE_STATE=getMsg HTTP/1.1" 302 -
39.144.40.191 - - [20/Jun/2023:08:59:29 +0800] "POST /xingrg/login.do HTTP/1.1" 302 -
39.144.40.191 - - [20/Jun/2023:08:59:30 +0800] "GET /xingrg/index_mobile.html?sysBaseUrl=http%3A%2F%2F180.169.147.146%3A18081%2Fxingrg%2F&costTime=1711×tamp=1687222769910 HTTP/1.1" 200 3182
39.144.40.191 - - [20/Jun/2023:08:59:30 +0800] "GET /xingrg/javascript/mobile/mobile.css HTTP/1.1" 200 347
39.144.40.191 - - [20/Jun/2023:08:59:30 +0800] "GET /xingrg/javascript/mobile/mobiscroll/mobiscroll.custom-2.6.2.min.css HTTP/1.1" 200 38004
39.144.40.191 - - [20/Jun/2023:08:59:30 +0800] "GET /xingrg/javascript/mobile/mobiscroll/mobiscroll.custom-2.6.2.min.js HTTP/1.1" 200 43737
39.144.40.191 - - [20/Jun/2023:08:59:30 +0800] "GET /xingrg/javascript/convert.js HTTP/1.1" 200 1239
116.238.191.126 - - [20/Jun/2023:08:59:31 +0800] "GET /xingrg/kc/buy/cgsh_order_operate.html?command=get_materiel&rest_code=00151&code=00101031025&supplier_code=00100393&order_time=2023-06-20 HTTP/1.1" 200 417
39.144.40.191 - - [20/Jun/2023:08:59:31 +0800] "GET /xingrg/javascript/mobile/images/album-k.jpg HTTP/1.1" 200 4120
39.144.40.191 - - [20/Jun/2023:08:59:32 +0800] "GET /xingrg/javascript/mobile/images/icons-36-white.png HTTP/1.1" 200 3861
116.238.191.126 - - [20/Jun/2023:08:59:33 +0800] "GET /xingrg/all/function/internal_message.html?_=1687222773532&CODE_STATE=getMsg HTTP/1.1" 200 27
39.144.40.191 - - [20/Jun/2023:08:59:33 +0800] "GET /xingrg/dma/mobile/column_pie.html?type=yyfx&title=%D3%AA%D2%B5%B7%D6%CE%F6 HTTP/1.1" 200 10245
39.144.40.191 - - [20/Jun/2023:08:59:33 +0800] "GET /xingrg/javascript/mobile/js/highcharts.js HTTP/1.1" 200 134656
39.144.40.191 - - [20/Jun/2023:08:59:33 +0800] "GET /xingrg/javascript/mobile/mobile-common.js HTTP/1.1" 200 1484
39.144.40.191 - - [20/Jun/2023:08:59:33 +0800] "GET /xingrg/javascript/mobile/js/modules/exporting.js HTTP/1.1" 200 7123
39.144.40.191 - - [20/Jun/2023:08:59:37 +0800] "POST /xingrg/dma/mobile/report_query.html HTTP/1.1" 200 121
116.232.195.127 - - [20/Jun/2023:08:59:38 +0800] "GET /xingrg/all/function/internal_message.html?_=1687222780162&CODE_STATE=getMsg HTTP/1.1" 200 27
120.253.135.82 - - [20/Jun/2023:08:59:41 +0800] "GET /xingrg/all/function/internal_message.html?_=1687222613655&CODE_STATE=getMsg HTTP/1.1" 200 27
116.238.191.126 - - [20/Jun/2023:08:59:43 +0800] "GET /xingrg/kc/buy/cgsh_order_operate.html?command=get_materiel&rest_code=00151&code=00101020313&supplier_code=00100393&order_time=2023-06-20 HTTP/1.1" 200 430
116.238.191.126 - - [20/Jun/2023:08:59:44 +0800] "GET /xingrg/all/function/internal_message.html?_=1687222713148&CODE_STATE=getMsg HTTP/1.1" 200 27
124.77.240.38 - - [20/Jun/2023:08:59:47 +0800] "GET /xingrg/all/function/internal_message.html?_=1687222791614&CODE_STATE=getMsg HTTP/1.1" 200 27
114.85.115.2 - - [20/Jun/2023:08:59:50 +0800] "GET /xingrg/check_reg.html?_=1687222791905 HTTP/1.1" 200 22
114.85.115.2 - - [20/Jun/2023:08:59:50 +0800] "GET /xingrg/all/function/internal_message.html?_=1687222791907&CODE_STATE=getMsg HTTP/1.1" 200 27
114.83.219.231 - - [20/Jun/2023:08:59:54 +0800] "GET /xingrg/all/function/internal_message.html?_=1687222794713&CODE_STATE=getMsg HTTP/1.1" 200 27
116.238.191.126 - - [20/Jun/2023:08:59:57 +0800] "GET /xingrg/kc/buy/cgsh_order_operate.html?command=get_materiel&rest_code=00151&code=00101031030&supplier_code=00100393&order_time=2023-06-20 HTTP/1.1" 200 409
39.144.40.191 - - [20/Jun/2023:08:59:57 +0800] "POST /xingrg/dma/mobile/report_query.html HTTP/1.1" 200 372
124.77.240.38 - - [20/Jun/2023:08:59:58 +0800] "GET /xingrg/all/function/internal_message.html?_=1687222803719&CODE_STATE=getMsg HTTP/1.1" 200 27
116.238.191.126 - - [20/Jun/2023:09:00:11 +0800] "GET /xingrg/kc/buy/cgsh_order_operate.html?command=get_materiel&rest_code=00151&code=00101020311&supplier_code=00100393&order_time=2023-06-20 HTTP/1.1" 200 418
120.253.135.82 - - [20/Jun/2023:09:00:11 +0800] "GET /xingrg/all/function/internal_message.html?_=1687222644011&CODE_STATE=getMsg HTTP/1.1" 200 27
61.170.233.201 - - [20/Jun/2023:09:00:11 +0800] "GET /xingrg/all/function/internal_message.html?_=1687222810803&CODE_STATE=getMsg HTTP/1.1" 200 27
180.164.3.199 - - [20/Jun/2023:09:00:15 +0800] "GET /xingrg/check_reg.html?_=1687222814935 HTTP/1.1" 302 -
124.79.242.2 - - [20/Jun/2023:09:00:18 +0800] "GET /xingrg/all/function/internal_message.html?_=1687222818575&CODE_STATE=getMsg HTTP/1.1" 302 -
116.238.191.126 - - [20/Jun/2023:09:00:26 +0800] "GET /xingrg/kc/buy/cgsh_order_operate.html?command=get_materiel&rest_code=00151&code=00101037262&supplier_code=00100393&order_time=2023-06-20 HTTP/1.1" 200 422
124.79.242.2 - - [20/Jun/2023:09:00:27 +0800] "GET /xingrg/all/function/internal_message.html?_=1687222827376&CODE_STATE=getMsg HTTP/1.1" 302 -
124.79.242.2 - - [20/Jun/2023:09:00:27 +0800] "GET /xingrg/check_reg.html?_=1687222827381 HTTP/1.1" 302 -
27.115.124.38 - - [20/Jun/2023:09:00:32 +0800] "GET /xingrg HTTP/1.1" 302 -
27.115.124.38 - - [20/Jun/2023:09:00:32 +0800] "GET /xingrg/ HTTP/1.1" 200 292
27.115.124.38 - - [20/Jun/2023:09:00:32 +0800] "GET /xingrg HTTP/1.1" 302 -
27.115.124.38 - - [20/Jun/2023:09:00:32 +0800] "GET /xingrg/ HTTP/1.1" 200 292
27.115.124.38 - - [20/Jun/2023:09:00:33 +0800] "GET /xingrg/index.html HTTP/1.1" 302 -
27.115.124.38 - - [20/Jun/2023:09:00:33 +0800] "GET /xingrg/login.html HTTP/1.1" 200 2139
27.115.124.38 - - [20/Jun/2023:09:00:33 +0800] "GET /xingrg/javascript/mobile/jquery.mobile-1.3.2.min.css HTTP/1.1" 200 94670
27.115.124.53 - - [20/Jun/2023:09:00:33 +0800] "GET /xingrg/javascript/mobile/jquery-1.8.3.min.js HTTP/1.1" 200 93637
27.115.124.53 - - [20/Jun/2023:09:00:33 +0800] "GET /xingrg/javascript/mobile/jquery.mobile-1.3.2.min.js HTTP/1.1" 200 145396
116.238.191.126 - - [20/Jun/2023:09:00:33 +0800] "GET /xingrg/check_reg.html?_=1687222833447 HTTP/1.1" 200 22
116.238.191.126 - - [20/Jun/2023:09:00:33 +0800] "GET /xingrg/all/function/internal_message.html?_=1687222833512&CODE_STATE=getMsg HTTP/1.1" 200 27
27.115.124.53 - - [20/Jun/2023:09:00:34 +0800] "GET /xingrg/javascript/mobile/images/ajax-loader.gif HTTP/1.1" 200 7825
124.79.242.2 - - [20/Jun/2023:09:00:36 +0800] "GET /xingrg/check_reg.html?_=1687222836111 HTTP/1.1" 302 -
116.232.195.127 - - [20/Jun/2023:09:00:38 +0800] "GET /xingrg/all/function/internal_message.html?_=1687222840165&CODE_STATE=getMsg HTTP/1.1" 200 27
42.236.10.114 - - [20/Jun/2023:09:00:38 +0800] "GET /xingrg/index_mobile.html HTTP/1.1" 200 8527
42.236.10.125 - - [20/Jun/2023:09:00:39 +0800] "GET /xingrg/index_mobile.html HTTP/1.1" 200 8527
120.253.135.82 - - [20/Jun/2023:09:00:41 +0800] "GET /xingrg/all/function/internal_message.html?_=1687222673743&CODE_STATE=getMsg HTTP/1.1" 200 27
116.238.191.126 - - [20/Jun/2023:09:00:44 +0800] "GET /xingrg/all/function/internal_message.html?_=1687222773163&CODE_STATE=getMsg HTTP/1.1" 200 27
39.144.40.191 - - [20/Jun/2023:09:00:44 +0800] "POST /xingrg/dma/mobile/report_query.html HTTP/1.1" 200 591
116.238.191.126 - - [20/Jun/2023:09:00:44 +0800] "GET /xingrg/kc/buy/cgsh_order_operate.html?command=get_materiel&rest_code=00151&code=00101037263&supplier_code=00100393&order_time=2023-06-20 HTTP/1.1" 200 426
27.115.124.101 - - [20/Jun/2023:09:00:45 +0800] "GET /xingrg/dma/mobile/column_pie.html HTTP/1.1" 200 10229
27.115.124.53 - - [20/Jun/2023:09:00:46 +0800] "GET /xingrg/javascript/mobile/mobile.css HTTP/1.1" 200 347
27.115.124.38 - - [20/Jun/2023:09:00:46 +0800] "GET /xingrg/javascript/mobile/mobiscroll/mobiscroll.custom-2.6.2.min.css HTTP/1.1" 200 38004
27.115.124.70 - - [20/Jun/2023:09:00:46 +0800] "GET /xingrg/javascript/mobile/jquery.mobile-1.3.2.min.css HTTP/1.1" 200 94670
27.115.124.53 - - [20/Jun/2023:09:00:46 +0800] "GET /xingrg/javascript/mobile/jquery-1.8.3.min.js HTTP/1.1" 200 93637
27.115.124.109 - - [20/Jun/2023:09:00:46 +0800] "GET /xingrg/javascript/mobile/jquery.mobile-1.3.2.min.js HTTP/1.1" 200 145396
27.115.124.70 - - [20/Jun/2023:09:00:46 +0800] "GET /xingrg/javascript/convert.js HTTP/1.1" 200 1239
27.115.124.53 - - [20/Jun/2023:09:00:46 +0800] "GET /xingrg/dma/mobile/column_pie.html HTTP/1.1" 200 10229
27.115.124.70 - - [20/Jun/2023:09:00:46 +0800] "GET /xingrg/javascript/mobile/mobiscroll/mobiscroll.custom-2.6.2.min.js HTTP/1.1" 200 43737
27.115.124.38 - - [20/Jun/2023:09:00:46 +0800] "GET /xingrg/javascript/mobile/js/highcharts.js HTTP/1.1" 200 134656
27.115.124.70 - - [20/Jun/2023:09:00:46 +0800] "GET /xingrg/javascript/mobile/js/modules/exporting.js HTTP/1.1" 200 7123
27.115.124.53 - - [20/Jun/2023:09:00:46 +0800] "GET /xingrg/javascript/mobile/mobile-common.js HTTP/1.1" 200 1484
27.115.124.53 - - [20/Jun/2023:09:00:47 +0800] "GET /xingrg/javascript/mobile/mobile.css HTTP/1.1" 200 347
27.115.124.109 - - [20/Jun/2023:09:00:47 +0800] "GET /xingrg/javascript/mobile/jquery.mobile-1.3.2.min.css HTTP/1.1" 200 94670
27.115.124.70 - - [20/Jun/2023:09:00:47 +0800] "GET /xingrg/javascript/mobile/jquery-1.8.3.min.js HTTP/1.1" 200 93637
27.115.124.70 - - [20/Jun/2023:09:00:47 +0800] "GET /xingrg/javascript/mobile/mobiscroll/mobiscroll.custom-2.6.2.min.css HTTP/1.1" 200 38004
124.77.240.38 - - [20/Jun/2023:09:00:47 +0800] "GET /xingrg/all/function/internal_message.html?_=1687222851627&CODE_STATE=getMsg HTTP/1.1" 200 27
27.115.124.6 - - [20/Jun/2023:09:00:47 +0800] "GET /xingrg/javascript/convert.js HTTP/1.1" 200 1239
27.115.124.45 - - [20/Jun/2023:09:00:47 +0800] "GET /xingrg/javascript/mobile/jquery.mobile-1.3.2.min.js HTTP/1.1" 200 145396
27.115.124.53 - - [20/Jun/2023:09:00:47 +0800] "GET /xingrg/javascript/mobile/mobiscroll/mobiscroll.custom-2.6.2.min.js HTTP/1.1" 200 43737
27.115.124.6 - - [20/Jun/2023:09:00:47 +0800] "GET /xingrg/javascript/mobile/js/highcharts.js HTTP/1.1" 200 134656
27.115.124.70 - - [20/Jun/2023:09:00:47 +0800] "GET /xingrg/javascript/mobile/js/modules/exporting.js HTTP/1.1" 200 7123
27.115.124.109 - - [20/Jun/2023:09:00:47 +0800] "GET /xingrg/javascript/mobile/mobile-common.js HTTP/1.1" 200 1484
27.115.124.53 - - [20/Jun/2023:09:00:48 +0800] "GET /xingrg/index_mobile.html HTTP/1.1" 200 8527
27.115.124.38 - - [20/Jun/2023:09:00:48 +0800] "GET /xingrg/javascript/convert.js HTTP/1.1" 200 1239
27.115.124.53 - - [20/Jun/2023:09:00:48 +0800] "GET /xingrg/javascript/mobile/mobile.css HTTP/1.1" 200 347
27.115.124.38 - - [20/Jun/2023:09:00:48 +0800] "GET /xingrg/javascript/mobile/mobiscroll/mobiscroll.custom-2.6.2.min.css HTTP/1.1" 200 38004
27.115.124.45 - - [20/Jun/2023:09:00:48 +0800] "GET /xingrg/javascript/mobile/jquery.mobile-1.3.2.min.css HTTP/1.1" 200 94670
27.115.124.6 - - [20/Jun/2023:09:00:48 +0800] "GET /xingrg/javascript/mobile/jquery.mobile-1.3.2.min.js HTTP/1.1" 200 145396
27.115.124.53 - - [20/Jun/2023:09:00:48 +0800] "GET /xingrg/javascript/mobile/jquery-1.8.3.min.js HTTP/1.1" 200 93637
27.115.124.6 - - [20/Jun/2023:09:00:48 +0800] "GET /xingrg/javascript/mobile/images/ajax-loader.gif HTTP/1.1" 200 7825
27.115.124.53 - - [20/Jun/2023:09:00:48 +0800] "GET /xingrg/javascript/mobile/mobiscroll/mobiscroll.custom-2.6.2.min.js HTTP/1.1" 200 43737
27.115.124.6 - - [20/Jun/2023:09:00:49 +0800] "GET /xingrg/javascript/mobile/images/icons-18-white.png HTTP/1.1" 200 1988
27.115.124.45 - - [20/Jun/2023:09:00:49 +0800] "POST /xingrg/dma/mobile/report_query.html HTTP/1.1" 200 2
114.85.115.2 - - [20/Jun/2023:09:00:50 +0800] "GET /xingrg/all/function/internal_message.html?_=1687222851916&CODE_STATE=getMsg HTTP/1.1" 200 27
114.83.219.231 - - [20/Jun/2023:09:00:54 +0800] "GET /xingrg/check_reg.html?_=1687222854722 HTTP/1.1" 200 22
114.83.219.231 - - [20/Jun/2023:09:00:54 +0800] "GET /xingrg/all/function/internal_message.html?_=1687222854725&CODE_STATE=getMsg HTTP/1.1" 200 27
124.77.240.38 - - [20/Jun/2023:09:00:58 +0800] "GET /xingrg/all/function/internal_message.html?_=1687222863998&CODE_STATE=getMsg HTTP/1.1" 200 27
39.144.40.191 - - [20/Jun/2023:09:01:03 +0800] "POST /xingrg/dma/mobile/report_query.html HTTP/1.1" 200 591
116.232.195.127 - - [20/Jun/2023:09:01:09 +0800] "POST /xingrg/kc/buy/cgsh_list_operate.html HTTP/1.1" 200 3591
120.253.135.82 - - [20/Jun/2023:09:01:11 +0800] "GET /xingrg/all/function/internal_message.html?_=1687222704313&CODE_STATE=getMsg HTTP/1.1" 200 27
61.170.233.201 - - [20/Jun/2023:09:01:11 +0800] "GET /xingrg/all/function/internal_message.html?_=1687222870772&CODE_STATE=getMsg HTTP/1.1" 200 27
124.79.242.2 - - [20/Jun/2023:09:01:18 +0800] "GET /xingrg/all/function/internal_message.html?_=1687222878554&CODE_STATE=getMsg HTTP/1.1" 302 -
124.79.242.2 - - [20/Jun/2023:09:01:27 +0800] "GET /xingrg/all/function/internal_message.html?_=1687222887376&CODE_STATE=getMsg HTTP/1.1" 302 -
39.144.40.191 - - [20/Jun/2023:09:01:29 +0800] "POST /xingrg/dma/mobile/report_query.html HTTP/1.1" 200 506
116.232.195.127 - - [20/Jun/2023:09:01:38 +0800] "GET /xingrg/all/function/internal_message.html?_=1687222900177&CODE_STATE=getMsg HTTP/1.1" 200 27
120.253.135.82 - - [20/Jun/2023:09:01:41 +0800] "GET /xingrg/all/function/internal_message.html?_=1687222733742&CODE_STATE=getMsg HTTP/1.1" 200 27
116.238.191.126 - - [20/Jun/2023:09:01:43 +0800] "POST /xingrg/kc/buy/cgsh_order_operate.html HTTP/1.1" 200 37
116.238.191.126 - - [20/Jun/2023:09:01:44 +0800] "GET /xingrg/all/function/internal_message.html?_=1687222833175&CODE_STATE=getMsg HTTP/1.1" 200 27
124.77.240.38 - - [20/Jun/2023:09:01:47 +0800] "GET /xingrg/all/function/internal_message.html?_=1687222911645&CODE_STATE=getMsg HTTP/1.1" 200 27
114.85.115.2 - - [20/Jun/2023:09:01:50 +0800] "GET /xingrg/all/function/internal_message.html?_=1687222911918&CODE_STATE=getMsg HTTP/1.1" 200 27
114.83.219.231 - - [20/Jun/2023:09:01:54 +0800] "GET /xingrg/all/function/internal_message.html?_=1687222914719&CODE_STATE=getMsg HTTP/1.1" 200 27
116.238.191.126 - - [20/Jun/2023:09:01:55 +0800] "POST /xingrg/kc/buy/cgsh_order_operate.html HTTP/1.1" 200 12
114.85.113.108 - - [20/Jun/2023:09:01:57 +0800] "GET /xingrg/check_reg.html?_=1687222916585 HTTP/1.1" 302 -
116.238.191.126 - - [20/Jun/2023:09:01:58 +0800] "GET /xingrg/kc/buy/cgsh_order_info.html?code=212023062007123 HTTP/1.1" 200 66579
116.238.191.126 - - [20/Jun/2023:09:01:58 +0800] "GET /xingrg/javascript/easyui/themes/default/validatebox.css HTTP/1.1" 404 1104
124.77.240.38 - - [20/Jun/2023:09:01:58 +0800] "GET /xingrg/all/function/internal_message.html?_=1687222924013&CODE_STATE=getMsg HTTP/1.1" 200 27
116.238.191.126 - - [20/Jun/2023:09:02:00 +0800] "POST /xingrg/kc/buy/cgsh_order_operate.html HTTP/1.1" 200 8354
39.144.40.191 - - [20/Jun/2023:09:02:01 +0800] "GET /xingrg/dma/mobile/column_pie.html?type=yyfx&title=%D3%AA%D2%B5%B7%D6%CE%F6 HTTP/1.1" 200 10245
39.144.40.191 - - [20/Jun/2023:09:02:02 +0800] "POST /xingrg/dma/mobile/report_query.html HTTP/1.1" 200 121
116.238.191.126 - - [20/Jun/2023:09:02:02 +0800] "GET /xingrg/kc/print/load_data.html?order_code=212023062007123&kc_code=cgsh&condition= HTTP/1.1" 200 3630
114.83.219.231 - - [20/Jun/2023:09:02:02 +0800] "GET /xingrg/kc/buy/cgsh_order_operate.html?command=get_materiel&rest_code=00149&code=00101008132&supplier_code=00100008&order_time=2023-06-20 HTTP/1.1" 200 408
116.238.191.126 - - [20/Jun/2023:09:02:09 +0800] "GET /xingrg/javascript/jquery_easy_ui/themes/icons/rest.png HTTP/1.1" 304 -
116.238.191.126 - - [20/Jun/2023:09:02:09 +0800] "GET /xingrg/javascript/jquery_easy_ui/themes/icons/area.png HTTP/1.1" 304 -
116.238.191.126 - - [20/Jun/2023:09:02:10 +0800] "POST /xingrg/all/user/operate.html HTTP/1.1" 200 36
116.238.191.126 - - [20/Jun/2023:09:02:10 +0800] "GET /xingrg/index.html?sysBaseUrl=http%3A%2F%2F180.169.147.146%3A18081%2Fxingrg%2F&costTime=2495×tamp=1687222147881 HTTP/1.1" 200 17177
116.238.191.126 - - [20/Jun/2023:09:02:10 +0800] "GET /xingrg/javascript/jquery_easy_ui/themes/default/easyui.css HTTP/1.1" 304 -
116.238.191.126 - - [20/Jun/2023:09:02:10 +0800] "GET /xingrg/javascript/jquery_easy_ui/themes/icon.css HTTP/1.1" 304 -
116.238.191.126 - - [20/Jun/2023:09:02:10 +0800] "GET /xingrg/css/form.css HTTP/1.1" 304 -
116.238.191.126 - - [20/Jun/2023:09:02:10 +0800] "GET /xingrg/javascript/jquery-1.4.2.min.js HTTP/1.1" 304 -
116.238.191.126 - - [20/Jun/2023:09:02:10 +0800] "GET /xingrg/javascript/jquery_easy_ui/jquery.easyui.min.js HTTP/1.1" 304 -
116.238.191.126 - - [20/Jun/2023:09:02:10 +0800] "GET /xingrg/javascript/jquery_easy_ui/easyui-lang-zh_CN.js HTTP/1.1" 304 -
116.238.191.126 - - [20/Jun/2023:09:02:10 +0800] "GET /xingrg/javascript/jquery.form.js HTTP/1.1" 304 -
116.238.191.126 - - [20/Jun/2023:09:02:10 +0800] "GET /xingrg/javascript/jquery.utils.js HTTP/1.1" 304 -
116.238.191.126 - - [20/Jun/2023:09:02:10 +0800] "GET /xingrg/javascript/jquery.timers.js HTTP/1.1" 304 -
116.238.191.126 - - [20/Jun/2023:09:02:10 +0800] "GET /xingrg/images/blue/jxLogo.png HTTP/1.1" 304 -
116.238.191.126 - - [20/Jun/2023:09:02:10 +0800] "GET /xingrg/images/blue/navBackgound.jpg HTTP/1.1" 304 -
116.238.191.126 - - [20/Jun/2023:09:02:10 +0800] "GET /xingrg/javascript/jquery_easy_ui/themes/icons/settle_new.png HTTP/1.1" 304 -
116.238.191.126 - - [20/Jun/2023:09:02:10 +0800] "GET /xingrg/all/function/internal_message.html?_=1687222930945&CODE_STATE=count HTTP/1.1" 200 11
116.238.191.126 - - [20/Jun/2023:09:02:10 +0800] "GET /xingrg/check_reg.html?_=1687222930946 HTTP/1.1" 200 22
116.238.191.126 - - [20/Jun/2023:09:02:10 +0800] "GET /xingrg/images/blue/pingpu.png HTTP/1.1" 304 -
116.238.191.126 - - [20/Jun/2023:09:02:10 +0800] "GET /xingrg/javascript/jquery_easy_ui/themes/default/images/panel_tool_collapse.gif HTTP/1.1" 304 -
116.238.191.126 - - [20/Jun/2023:09:02:10 +0800] "GET /xingrg/javascript/jquery_easy_ui/themes/default/images/tabs_leftarrow.png HTTP/1.1" 304 -
116.238.191.126 - - [20/Jun/2023:09:02:10 +0800] "GET /xingrg/javascript/jquery_easy_ui/themes/default/images/tabs_rightarrow.png HTTP/1.1" 304 -
116.238.191.126 - - [20/Jun/2023:09:02:11 +0800] "POST /xingrg/all/common/load_tree.html?tree=area_rest_tree_json&manage=1 HTTP/1.1" 200 476
116.238.191.126 - - [20/Jun/2023:09:02:11 +0800] "POST /xingrg/load_menu.html HTTP/1.1" 200 5138
120.253.135.82 - - [20/Jun/2023:09:02:11 +0800] "GET /xingrg/all/function/internal_message.html?_=1687222764320&CODE_STATE=getMsg HTTP/1.1" 200 27
61.170.233.201 - - [20/Jun/2023:09:02:11 +0800] "GET /xingrg/all/function/internal_message.html?_=1687222930748&CODE_STATE=getMsg HTTP/1.1" 200 27
61.170.233.201 - - [20/Jun/2023:09:02:11 +0800] "GET /xingrg/check_reg.html?_=1687222930808 HTTP/1.1" 200 22
116.238.191.126 - - [20/Jun/2023:09:02:14 +0800] "GET /xingrg/kc/buy/cgsh_order_list.html HTTP/1.1" 200 55858
124.79.242.2 - - [20/Jun/2023:09:02:18 +0800] "GET /xingrg/all/function/internal_message.html?_=1687222938548&CODE_STATE=getMsg HTTP/1.1" 302 -
116.238.191.126 - - [20/Jun/2023:09:02:21 +0800] "POST /xingrg/kc/buy/cgsh_order_operate.html HTTP/1.1" 200 37
39.144.40.191 - - [20/Jun/2023:09:02:22 +0800] "POST /xingrg/dma/mobile/report_query.html HTTP/1.1" 200 591
124.79.242.2 - - [20/Jun/2023:09:02:27 +0800] "GET /xingrg/all/function/internal_message.html?_=1687222947371&CODE_STATE=getMsg HTTP/1.1" 302 -
116.232.195.127 - - [20/Jun/2023:09:02:38 +0800] "GET /xingrg/all/function/internal_message.html?_=1687222960169&CODE_STATE=getMsg HTTP/1.1" 200 27
116.238.191.126 - - [20/Jun/2023:09:02:38 +0800] "POST /xingrg/kc/buy/cgsh_list_operate.html HTTP/1.1" 200 1899
120.253.135.82 - - [20/Jun/2023:09:02:41 +0800] "GET /xingrg/all/function/internal_message.html?_=1687222793833&CODE_STATE=getMsg HTTP/1.1" 200 27
116.238.191.126 - - [20/Jun/2023:09:02:43 +0800] "POST /xingrg/kc/buy/cgsh_order_operate.html HTTP/1.1" 200 6324
116.238.191.126 - - [20/Jun/2023:09:02:43 +0800] "GET /xingrg/kc/buy/cgsh_order_add.html HTTP/1.1" 200 71234
116.238.191.126 - - [20/Jun/2023:09:02:43 +0800] "POST /xingrg/kc/buy/cgsh_order_operate.html HTTP/1.1" 200 8245
116.238.191.126 - - [20/Jun/2023:09:02:43 +0800] "GET /xingrg/javascript/easyui/themes/default/validatebox.css HTTP/1.1" 404 1104
116.238.191.126 - - [20/Jun/2023:09:02:43 +0800] "GET /xingrg/all/common/auto_word.html?type=employee&rest_code=00151 HTTP/1.1" 200 293
116.238.191.126 - - [20/Jun/2023:09:02:43 +0800] "GET /xingrg/all/common/auto_word.html?type=employee&rest_code=00151 HTTP/1.1" 200 293
116.238.191.126 - - [20/Jun/2023:09:02:44 +0800] "GET /xingrg/all/function/internal_message.html?_=1687222893188&CODE_STATE=getMsg HTTP/1.1" 200 27
116.238.191.126 - - [20/Jun/2023:09:02:46 +0800] "GET /xingrg/javascript/auto/indicator.gif HTTP/1.1" 404 1066
124.77.240.38 - - [20/Jun/2023:09:02:47 +0800] "GET /xingrg/all/function/internal_message.html?_=1687222971655&CODE_STATE=getMsg HTTP/1.1" 200 27
116.238.191.126 - - [20/Jun/2023:09:02:49 +0800] "GET /xingrg/kc/buy/cgsh_order_add.html HTTP/1.1" 200 71246
116.238.191.126 - - [20/Jun/2023:09:02:49 +0800] "POST /xingrg/kc/buy/cgsh_order_operate.html HTTP/1.1" 200 8245
116.238.191.126 - - [20/Jun/2023:09:02:49 +0800] "GET /xingrg/javascript/easyui/themes/default/validatebox.css HTTP/1.1" 404 1104
114.85.115.2 - - [20/Jun/2023:09:02:50 +0800] "GET /xingrg/all/function/internal_message.html?_=1687222971910&CODE_STATE=getMsg HTTP/1.1" 200 27
114.83.219.231 - - [20/Jun/2023:09:02:53 +0800] "GET /xingrg/kc/buy/cgsh_order_operate.html?command=get_materiel&rest_code=00149&code=00101008080&supplier_code=00100008&order_time=2023-06-20 HTTP/1.1" 200 416
114.83.219.231 - - [20/Jun/2023:09:02:54 +0800] "GET /xingrg/all/function/internal_message.html?_=1687222974724&CODE_STATE=getMsg HTTP/1.1" 200 27
124.77.240.38 - - [20/Jun/2023:09:02:57 +0800] "GET /xingrg/check_reg.html?_=1687222982752 HTTP/1.1" 200 22
124.77.240.38 - - [20/Jun/2023:09:02:58 +0800] "GET /xingrg/all/function/internal_message.html?_=1687222984025&CODE_STATE=getMsg HTTP/1.1" 200 27
120.253.135.82 - - [20/Jun/2023:09:03:01 +0800] "GET /xingrg/check_reg.html?_=1687222813712 HTTP/1.1" 200 22
116.238.191.126 - - [20/Jun/2023:09:03:05 +0800] "GET /xingrg/kc/buy/cgsh_order_operate.html?command=get_materiel&rest_code=00151&code=00101008323&supplier_code=00100008&order_time=2023-06-20 HTTP/1.1" 200 408
114.83.219.231 - - [20/Jun/2023:09:03:08 +0800] "GET /xingrg/kc/buy/cgsh_order_operate.html?command=get_materiel&rest_code=00149&code=00101008331&supplier_code=00100008&order_time=2023-06-20 HTTP/1.1" 200 416
116.238.191.126 - - [20/Jun/2023:09:03:10 +0800] "GET /xingrg/all/function/internal_message.html?_=1687222990959&CODE_STATE=getMsg HTTP/1.1" 200 27
61.170.233.201 - - [20/Jun/2023:09:03:11 +0800] "GET /xingrg/all/function/internal_message.html?_=1687222990726&CODE_STATE=getMsg HTTP/1.1" 200 27
120.253.135.82 - - [20/Jun/2023:09:03:12 +0800] "GET /xingrg/all/function/internal_message.html?_=1687222824612&CODE_STATE=getMsg HTTP/1.1" 200 27
61.170.233.201 - - [20/Jun/2023:09:03:13 +0800] "GET /xingrg/kc/buy/cgsh_order_operate.html?command=get_materiel&rest_code=00106&code=00101011005&supplier_code=00100007&order_time=2023-06-20 HTTP/1.1" 200 408
124.79.242.2 - - [20/Jun/2023:09:03:18 +0800] "GET /xingrg/all/function/internal_message.html?_=1687222998535&CODE_STATE=getMsg HTTP/1.1" 302 -
116.238.191.126 - - [20/Jun/2023:09:03:19 +0800] "GET /xingrg/kc/buy/cgsh_order_operate.html?command=get_materiel&rest_code=00151&code=00101008089&supplier_code=00100008&order_time=2023-06-20 HTTP/1.1" 200 408
61.170.233.201 - - [20/Jun/2023:09:03:25 +0800] "GET /xingrg/kc/buy/cgsh_order_operate.html?command=get_materiel&rest_code=00106&code=00101008083&supplier_code=00100007&order_time=2023-06-20 HTTP/1.1" 200 428
124.79.242.2 - - [20/Jun/2023:09:03:27 +0800] "GET /xingrg/all/function/internal_message.html?_=1687223007359&CODE_STATE=getMsg HTTP/1.1" 302 -
116.238.191.126 - - [20/Jun/2023:09:03:28 +0800] "GET /xingrg/kc/buy/cgsh_order_operate.html?command=get_materiel&rest_code=00151&code=00101008257&supplier_code=00100008&order_time=2023-06-20 HTTP/1.1" 200 416
61.170.233.201 - - [20/Jun/2023:09:03:29 +0800] "POST /xingrg/all/common/load_select.html HTTP/1.1" 200 25
114.83.219.231 - - [20/Jun/2023:09:03:31 +0800] "GET /xingrg/kc/buy/cgsh_order_operate.html?command=get_materiel&rest_code=00149&code=00101008349&supplier_code=00100008&order_time=2023-06-20 HTTP/1.1" 200 414
61.170.233.201 - - [20/Jun/2023:09:03:34 +0800] "GET /xingrg/kc/buy/cgsh_order_operate.html?command=get_materiel_price&rest_code=00106&code=00101008083&unit_code=00100026&supplier_code=00100007&order_time=2023-06-20 HTTP/1.1" 200 27
116.238.191.126 - - [20/Jun/2023:09:03:37 +0800] "GET /xingrg/kc/buy/cgsh_order_operate.html?command=get_materiel&rest_code=00151&code=00101008350&supplier_code=00100008&order_time=2023-06-20 HTTP/1.1" 200 408
116.232.195.127 - - [20/Jun/2023:09:03:38 +0800] "GET /xingrg/check_reg.html?_=1687223020161 HTTP/1.1" 200 22
116.232.195.127 - - [20/Jun/2023:09:03:38 +0800] "GET /xingrg/all/function/internal_message.html?_=1687223020162&CODE_STATE=getMsg HTTP/1.1" 200 27
120.253.135.82 - - [20/Jun/2023:09:03:41 +0800] "GET /xingrg/all/function/internal_message.html?_=1687222853849&CODE_STATE=getMsg HTTP/1.1" 200 27
116.238.191.126 - - [20/Jun/2023:09:03:44 +0800] "GET /xingrg/check_reg.html?_=1687222953142 HTTP/1.1" 200 22
116.238.191.126 - - [20/Jun/2023:09:03:44 +0800] "GET /xingrg/all/function/internal_message.html?_=1687222953202&CODE_STATE=getMsg HTTP/1.1" 200 27
116.238.191.126 - - [20/Jun/2023:09:03:45 +0800] "GET /xingrg/kc/buy/cgsh_order_operate.html?command=get_materiel&rest_code=00151&code=00101008084&supplier_code=00100096&order_time=2023-06-20 HTTP/1.1" 200 412
61.170.233.201 - - [20/Jun/2023:09:03:45 +0800] "GET /xingrg/kc/buy/cgsh_order_operate.html?command=get_materiel&rest_code=00106&code=00101008087&supplier_code=00100007&order_time=2023-06-20 HTTP/1.1" 200 412
124.77.240.38 - - [20/Jun/2023:09:03:47 +0800] "GET /xingrg/check_reg.html?_=1687223031487 HTTP/1.1" 200 22
124.77.240.38 - - [20/Jun/2023:09:03:47 +0800] "GET /xingrg/all/function/internal_message.html?_=1687223031668&CODE_STATE=getMsg HTTP/1.1" 200 27
120.253.135.82 - - [20/Jun/2023:09:03:49 +0800] "GET /xingrg/check_reg.html?_=1687222862289 HTTP/1.1" 200 22
114.85.115.2 - - [20/Jun/2023:09:03:50 +0800] "GET /xingrg/all/function/internal_message.html?_=1687223031926&CODE_STATE=getMsg HTTP/1.1" 200 27
116.238.191.126 - - [20/Jun/2023:09:03:51 +0800] "GET /xingrg/kc/buy/cgsh_order_operate.html?command=get_materiel&rest_code=00151&code=00101008358&supplier_code=00100008&order_time=2023-06-20 HTTP/1.1" 200 412
114.83.219.231 - - [20/Jun/2023:09:03:54 +0800] "GET /xingrg/all/function/internal_message.html?_=1687223034728&CODE_STATE=getMsg HTTP/1.1" 200 27
61.170.233.201 - - [20/Jun/2023:09:03:56 +0800] "GET /xingrg/kc/buy/cgsh_order_operate.html?command=get_materiel&rest_code=00106&code=00101008300&supplier_code=00100007&order_time=2023-06-20 HTTP/1.1" 200 412
124.77.240.38 - - [20/Jun/2023:09:03:58 +0800] "GET /xingrg/all/function/internal_message.html?_=1687223044039&CODE_STATE=getMsg HTTP/1.1" 200 27
61.170.233.201 - - [20/Jun/2023:09:03:59 +0800] "POST /xingrg/kc/buy/cgsh_order_operate.html HTTP/1.1" 200 2065
116.238.191.126 - - [20/Jun/2023:09:03:59 +0800] "GET /xingrg/kc/buy/cgsh_order_operate.html?command=get_materiel&rest_code=00151&code=00101008087&supplier_code=00100008&order_time=2023-06-20 HTTP/1.1" 200 412
116.238.191.126 - - [20/Jun/2023:09:04:00 +0800] "GET /xingrg/kc/buy/cgsh_order_operate.html?command=get_materiel&rest_code=00151&code=00101012060&supplier_code=00100096&order_time=2023-06-20 HTTP/1.1" 200 408
61.170.233.201 - - [20/Jun/2023:09:04:07 +0800] "GET /xingrg/kc/buy/cgsh_order_operate.html?command=get_materiel&rest_code=00106&code=00101008137&supplier_code=00100007&order_time=2023-06-20 HTTP/1.1" 200 408
116.238.191.126 - - [20/Jun/2023:09:04:08 +0800] "GET /xingrg/kc/buy/cgsh_order_operate.html?command=get_materiel&rest_code=00151&code=00101008300&supplier_code=00100008&order_time=2023-06-20 HTTP/1.1" 200 412
116.238.191.126 - - [20/Jun/2023:09:04:10 +0800] "GET /xingrg/all/function/internal_message.html?_=1687223050958&CODE_STATE=getMsg HTTP/1.1" 200 27
116.238.191.126 - - [20/Jun/2023:09:04:11 +0800] "GET /xingrg/kc/buy/cgsh_order_operate.html?command=get_materiel&rest_code=00151&code=00101016025&supplier_code=00100096&order_time=2023-06-20 HTTP/1.1" 200 408
61.170.233.201 - - [20/Jun/2023:09:04:11 +0800] "GET /xingrg/all/function/internal_message.html?_=1687223050705&CODE_STATE=getMsg HTTP/1.1" 200 27
120.253.135.82 - - [20/Jun/2023:09:04:11 +0800] "GET /xingrg/all/function/internal_message.html?_=1687222884627&CODE_STATE=getMsg HTTP/1.1" 200 27
61.170.233.201 - - [20/Jun/2023:09:04:16 +0800] "GET /xingrg/kc/buy/cgsh_order_operate.html?command=get_materiel&rest_code=00106&code=00101008059&supplier_code=00100007&order_time=2023-06-20 HTTP/1.1" 200 408
124.79.242.2 - - [20/Jun/2023:09:04:18 +0800] "GET /xingrg/all/function/internal_message.html?_=1687223058519&CODE_STATE=getMsg HTTP/1.1" 302 -
116.238.191.126 - - [20/Jun/2023:09:04:18 +0800] "GET /xingrg/kc/buy/cgsh_order_operate.html?command=get_materiel&rest_code=00151&code=00101008137&supplier_code=00100008&order_time=2023-06-20 HTTP/1.1" 200 408
116.238.191.126 - - [20/Jun/2023:09:04:23 +0800] "GET /xingrg/kc/buy/cgsh_order_operate.html?command=get_materiel&rest_code=00151&code=00101012039&supplier_code=00100096&order_time=2023-06-20 HTTP/1.1" 200 408
124.79.242.2 - - [20/Jun/2023:09:04:27 +0800] "GET /xingrg/all/function/internal_message.html?_=1687223067382&CODE_STATE=getMsg HTTP/1.1" 302 -
61.170.233.201 - - [20/Jun/2023:09:04:28 +0800] "GET /xingrg/kc/buy/cgsh_order_operate.html?command=get_materiel&rest_code=00106&code=00101008169&supplier_code=00100007&order_time=2023-06-20 HTTP/1.1" 200 412
116.238.191.126 - - [20/Jun/2023:09:04:28 +0800] "GET /xingrg/kc/buy/cgsh_order_operate.html?command=get_materiel&rest_code=00151&code=00101008362&supplier_code=00100008&order_time=2023-06-20 HTTP/1.1" 200 408
116.238.191.126 - - [20/Jun/2023:09:04:34 +0800] "GET /xingrg/kc/buy/cgsh_order_operate.html?command=get_materiel&rest_code=00151&code=00101016038&supplier_code=00100096&order_time=2023-06-20 HTTP/1.1" 200 408
116.232.195.127 - - [20/Jun/2023:09:04:38 +0800] "GET /xingrg/all/function/internal_message.html?_=1687223080165&CODE_STATE=getMsg HTTP/1.1" 200 27
116.238.191.126 - - [20/Jun/2023:09:04:39 +0800] "GET /xingrg/kc/buy/cgsh_order_operate.html?command=get_materiel&rest_code=00151&code=00101008077&supplier_code=00100008&order_time=2023-06-20 HTTP/1.1" 200 416
120.253.135.82 - - [20/Jun/2023:09:04:41 +0800] "GET /xingrg/all/function/internal_message.html?_=1687222913861&CODE_STATE=getMsg HTTP/1.1" 200 27
61.170.233.201 - - [20/Jun/2023:09:04:43 +0800] "GET /xingrg/kc/buy/cgsh_order_operate.html?command=get_materiel&rest_code=00106&code=00101020349&supplier_code=00100007&order_time=2023-06-20 HTTP/1.1" 200 409
116.238.191.126 - - [20/Jun/2023:09:04:43 +0800] "GET /xingrg/kc/buy/cgsh_order_operate.html?command=get_materiel&rest_code=00151&code=00101016051&supplier_code=00100096&order_time=2023-06-20 HTTP/1.1" 200 408
116.238.191.126 - - [20/Jun/2023:09:04:44 +0800] "GET /xingrg/all/function/internal_message.html?_=1687223013261&CODE_STATE=getMsg HTTP/1.1" 200 27
124.77.240.38 - - [20/Jun/2023:09:04:47 +0800] "GET /xingrg/all/function/internal_message.html?_=1687223091681&CODE_STATE=getMsg HTTP/1.1" 200 27
116.238.191.126 - - [20/Jun/2023:09:04:49 +0800] "GET /xingrg/kc/buy/cgsh_order_operate.html?command=get_materiel&rest_code=00151&code=00101008223&supplier_code=00100008&order_time=2023-06-20 HTTP/1.1" 200 412
120.253.135.82 - - [20/Jun/2023:09:04:50 +0800] "GET /xingrg/kc/pszx/mdqp_order_list.html?state=10 HTTP/1.1" 200 10275
120.253.135.82 - - [20/Jun/2023:09:04:50 +0800] "GET /xingrg/dwr/interface/AjaxQqpsService.js HTTP/1.1" 200 16326
120.253.135.82 - - [20/Jun/2023:09:04:50 +0800] "GET /xingrg/dwr/interface/AjaxReportQueryService.js HTTP/1.1" 200 13203
120.253.135.82 - - [20/Jun/2023:09:04:50 +0800] "GET /xingrg/dwr/engine.js HTTP/1.1" 200 43631
114.85.115.2 - - [20/Jun/2023:09:04:50 +0800] "GET /xingrg/check_reg.html?_=1687223091923 HTTP/1.1" 200 22
114.85.115.2 - - [20/Jun/2023:09:04:50 +0800] "GET /xingrg/all/function/internal_message.html?_=1687223091926&CODE_STATE=getMsg HTTP/1.1" 200 27
120.253.135.82 - - [20/Jun/2023:09:04:50 +0800] "GET /xingrg/javascript/jquery_easy_ui/themes/icons/uncheck_new.png HTTP/1.1" 304 -
