222.67.234.146 - - [20/Jun/2023:10:11:54 +0800] "GET /xingrg/all/common/auto_word.html?type=employee&rest_code=00141 HTTP/1.1" 200 201
222.67.234.146 - - [20/Jun/2023:10:11:54 +0800] "GET /xingrg/all/common/auto_word.html?type=employee&rest_code=00141 HTTP/1.1" 200 201
114.85.113.108 - - [20/Jun/2023:10:11:57 +0800] "GET /xingrg/check_reg.html?_=1687227116359 HTTP/1.1" 302 -
222.70.114.12 - - [20/Jun/2023:10:11:59 +0800] "GET /xingrg/all/function/internal_message.html?_=1687227122471&CODE_STATE=getMsg HTTP/1.1" 200 27
222.67.234.146 - - [20/Jun/2023:10:11:59 +0800] "GET /xingrg/javascript/jquery_tools/images/next.gif HTTP/1.1" 404 1086
222.67.234.146 - - [20/Jun/2023:10:11:59 +0800] "GET /xingrg/javascript/jquery_tools/images/prev.gif HTTP/1.1" 404 1086
124.77.240.38 - - [20/Jun/2023:10:12:03 +0800] "GET /xingrg/all/function/internal_message.html?_=1687227128659&CODE_STATE=getMsg HTTP/1.1" 200 27
114.85.115.2 - - [20/Jun/2023:10:12:07 +0800] "GET /xingrg/javascript/jquery_easy_ui/themes/default/images/tabs_active.png HTTP/1.1" 200 2894
222.67.234.146 - - [20/Jun/2023:10:12:09 +0800] "POST /xingrg/kc/buy/cgsh_list_operate.html HTTP/1.1" 200 3265
61.170.233.201 - - [20/Jun/2023:10:12:10 +0800] "GET /xingrg/all/function/internal_message.html?_=1687227129602&CODE_STATE=getMsg HTTP/1.1" 200 27
116.238.191.126 - - [20/Jun/2023:10:12:10 +0800] "GET /xingrg/all/function/internal_message.html?_=1687227130975&CODE_STATE=getMsg HTTP/1.1" 200 27
114.85.115.2 - - [20/Jun/2023:10:12:11 +0800] "GET /xingrg/kc/buy/cgsh_order_list.html HTTP/1.1" 200 55854
114.85.115.2 - - [20/Jun/2023:10:12:11 +0800] "GET /xingrg/css/base.css HTTP/1.1" 200 2811
114.85.115.2 - - [20/Jun/2023:10:12:11 +0800] "GET /xingrg/css/site.css HTTP/1.1" 200 7541
114.85.115.2 - - [20/Jun/2023:10:12:11 +0800] "GET /xingrg/javascript/jquery_tools/datebox.css HTTP/1.1" 200 2597
114.85.115.2 - - [20/Jun/2023:10:12:11 +0800] "GET /xingrg/javascript/easyui/themes/default/easyui.css HTTP/1.1" 200 30432
114.85.115.2 - - [20/Jun/2023:10:12:11 +0800] "GET /xingrg/javascript/jquery_tools/table.css HTTP/1.1" 200 1032
114.85.115.2 - - [20/Jun/2023:10:12:11 +0800] "GET /xingrg/javascript/easyui/themes/icon.css HTTP/1.1" 200 4483
114.85.115.2 - - [20/Jun/2023:10:12:11 +0800] "GET /xingrg/javascript/jquery_tools/fix.css HTTP/1.1" 200 1702
114.85.115.2 - - [20/Jun/2023:10:12:11 +0800] "GET /xingrg/javascript/jquery_tools/jquery.tools.min.js HTTP/1.1" 200 138801
114.85.115.2 - - [20/Jun/2023:10:12:11 +0800] "GET /xingrg/javascript/jquery_tools/jquery.tools.extend.js HTTP/1.1" 200 15385
114.85.115.2 - - [20/Jun/2023:10:12:11 +0800] "GET /xingrg/javascript/jquery_tools/jquery.tools.hotkey.js HTTP/1.1" 200 3242
114.85.115.2 - - [20/Jun/2023:10:12:11 +0800] "GET /xingrg/javascript/jquery_tools/jquery.tools.table.js HTTP/1.1" 200 6994
114.85.115.2 - - [20/Jun/2023:10:12:11 +0800] "GET /xingrg/javascript/jquery_tools/list_manager.js HTTP/1.1" 200 3652
114.85.115.2 - - [20/Jun/2023:10:12:11 +0800] "GET /xingrg/javascript/easyui/easyloader.js HTTP/1.1" 200 5975
114.85.115.2 - - [20/Jun/2023:10:12:11 +0800] "GET /xingrg/javascript/jquery.cookie.js HTTP/1.1" 200 5513
114.85.115.2 - - [20/Jun/2023:10:12:11 +0800] "GET /xingrg/javascript/easyui/themes/icons/edit_add_new.png HTTP/1.1" 200 2997
114.85.115.2 - - [20/Jun/2023:10:12:11 +0800] "GET /xingrg/javascript/easyui/themes/icons/import_new.png HTTP/1.1" 200 1247
114.85.115.2 - - [20/Jun/2023:10:12:11 +0800] "GET /xingrg/javascript/easyui/themes/icons/check_new.png HTTP/1.1" 200 3224
114.85.115.2 - - [20/Jun/2023:10:12:11 +0800] "GET /xingrg/javascript/easyui/themes/icons/field_new.png HTTP/1.1" 200 1097
114.85.115.2 - - [20/Jun/2023:10:12:11 +0800] "GET /xingrg/javascript/easyui/themes/icons/cance_new.png HTTP/1.1" 200 3986
114.85.115.2 - - [20/Jun/2023:10:12:11 +0800] "GET /xingrg/javascript/easyui/plugins/jquery.parser.js HTTP/1.1" 200 1142
114.85.115.2 - - [20/Jun/2023:10:12:11 +0800] "GET /xingrg/images/control/ajaxLoader.gif HTTP/1.1" 200 4659
61.170.233.201 - - [20/Jun/2023:10:12:11 +0800] "GET /xingrg/check_reg.html?_=1687227130634 HTTP/1.1" 200 22
58.40.7.146 - - [20/Jun/2023:10:12:13 +0800] "GET /xingrg/all/function/internal_message.html?_=1687227133763&CODE_STATE=getMsg HTTP/1.1" 200 27
180.169.147.146 - - [20/Jun/2023:10:12:15 +0800] "POST /xingrg/all/report/report_print.html HTTP/1.1" 200 7168
114.85.115.2 - - [20/Jun/2023:10:12:15 +0800] "POST /xingrg/kc/buy/cgsh_list_operate.html HTTP/1.1" 200 986
222.70.180.90 - - [20/Jun/2023:10:12:18 +0800] "GET /xingrg/kc/buy/cgsh_order_add.html HTTP/1.1" 200 71592
222.70.180.90 - - [20/Jun/2023:10:12:18 +0800] "POST /xingrg/kc/buy/cgsh_order_operate.html HTTP/1.1" 200 8245
222.70.180.90 - - [20/Jun/2023:10:12:18 +0800] "GET /xingrg/javascript/easyui/themes/default/validatebox.css HTTP/1.1" 404 1104
114.85.115.2 - - [20/Jun/2023:10:12:19 +0800] "GET /xingrg/javascript/easyui/themes/default/images/button_plain_hover.png HTTP/1.1" 200 144
222.70.180.90 - - [20/Jun/2023:10:12:21 +0800] "GET /xingrg/all/function/internal_message.html?_=1687227140229&CODE_STATE=getMsg HTTP/1.1" 200 27
222.67.234.146 - - [20/Jun/2023:10:12:21 +0800] "POST /xingrg/kc/buy/cgsh_list_operate.html HTTP/1.1" 200 561
114.85.115.2 - - [20/Jun/2023:10:12:21 +0800] "GET /xingrg/kc/buy/cgsh_order_add.html HTTP/1.1" 200 71671
222.70.180.90 - - [20/Jun/2023:10:12:21 +0800] "GET /xingrg/check_reg.html?_=1687227140666 HTTP/1.1" 200 22
114.85.115.2 - - [20/Jun/2023:10:12:21 +0800] "GET /xingrg/javascript/convert.js HTTP/1.1" 200 1239
114.85.115.2 - - [20/Jun/2023:10:12:21 +0800] "GET /xingrg/javascript/jquery_tools/order_manager.js HTTP/1.1" 200 11183
114.85.115.2 - - [20/Jun/2023:10:12:21 +0800] "GET /xingrg/javascript/json2.js HTTP/1.1" 200 11259
114.85.115.2 - - [20/Jun/2023:10:12:21 +0800] "GET /xingrg/words/20230620092939_words.js HTTP/1.1" 200 969178
114.85.115.2 - - [20/Jun/2023:10:12:21 +0800] "GET /xingrg/javascript/easyui/themes/default/images/menu_downarrow.png HTTP/1.1" 200 173
114.85.115.2 - - [20/Jun/2023:10:12:21 +0800] "GET /xingrg/javascript/easyui/themes/icons/copy_new.png HTTP/1.1" 200 815
114.85.115.2 - - [20/Jun/2023:10:12:21 +0800] "GET /xingrg/javascript/easyui/themes/icons/template_new.png HTTP/1.1" 200 3956
114.85.115.2 - - [20/Jun/2023:10:12:21 +0800] "GET /xingrg/javascript/easyui/themes/icons/cancel.png HTTP/1.1" 200 1133
114.85.115.2 - - [20/Jun/2023:10:12:21 +0800] "GET /xingrg/javascript/easyui/themes/icons/ok.png HTTP/1.1" 200 883
114.85.115.2 - - [20/Jun/2023:10:12:21 +0800] "GET /xingrg/javascript/easyui/themes/icons/print.png HTTP/1.1" 200 1057
114.85.115.2 - - [20/Jun/2023:10:12:21 +0800] "POST /xingrg/kc/buy/cgsh_order_operate.html HTTP/1.1" 200 8245
114.85.115.2 - - [20/Jun/2023:10:12:22 +0800] "GET /xingrg/javascript/easyui/themes/default/validatebox.css HTTP/1.1" 404 1104
114.85.115.2 - - [20/Jun/2023:10:12:22 +0800] "GET /xingrg/javascript/easyui/plugins/jquery.validatebox.js HTTP/1.1" 200 6103
114.85.115.2 - - [20/Jun/2023:10:12:22 +0800] "GET /xingrg/javascript/easyui/themes/icons/edit_remove.png HTTP/1.1" 200 625
114.85.115.2 - - [20/Jun/2023:10:12:22 +0800] "GET /xingrg/javascript/easyui/plugins/jquery.numberbox.js HTTP/1.1" 200 5213
114.85.115.2 - - [20/Jun/2023:10:12:22 +0800] "GET /xingrg/all/common/auto_word.html?type=employee&rest_code=00102 HTTP/1.1" 200 189
114.85.115.2 - - [20/Jun/2023:10:12:22 +0800] "GET /xingrg/all/common/auto_word.html?type=employee&rest_code=00102 HTTP/1.1" 200 189
114.85.115.2 - - [20/Jun/2023:10:12:22 +0800] "GET /xingrg/javascript/auto/indicator.gif HTTP/1.1" 404 1066
114.83.219.231 - - [20/Jun/2023:10:12:24 +0800] "GET /xingrg/check_reg.html?_=1687227144801 HTTP/1.1" 200 22
114.83.219.231 - - [20/Jun/2023:10:12:24 +0800] "GET /xingrg/all/function/internal_message.html?_=1687227144804&CODE_STATE=getMsg HTTP/1.1" 200 27
114.83.219.231 - - [20/Jun/2023:10:12:25 +0800] "GET /xingrg/kc/buy/cgsh_order_add.html HTTP/1.1" 200 71724
114.83.219.231 - - [20/Jun/2023:10:12:26 +0800] "POST /xingrg/kc/buy/cgsh_order_operate.html HTTP/1.1" 200 8245
114.83.219.231 - - [20/Jun/2023:10:12:26 +0800] "GET /xingrg/javascript/easyui/themes/default/validatebox.css HTTP/1.1" 404 1104
222.67.234.146 - - [20/Jun/2023:10:12:26 +0800] "GET /xingrg/kc/buy/cgsh_order_info.html?code=212023062007137 HTTP/1.1" 200 66545
222.67.234.146 - - [20/Jun/2023:10:12:26 +0800] "GET /xingrg/javascript/easyui/themes/default/validatebox.css HTTP/1.1" 404 1104
180.169.147.146 - - [20/Jun/2023:10:12:28 +0800] "GET /xingrg/all/function/internal_message.html?_=1687227148793&CODE_STATE=getMsg HTTP/1.1" 200 27
222.67.234.146 - - [20/Jun/2023:10:12:28 +0800] "POST /xingrg/kc/buy/cgsh_order_operate.html HTTP/1.1" 200 3551
222.67.234.146 - - [20/Jun/2023:10:12:29 +0800] "POST /xingrg/kc/buy/cgsh_list_operate.html HTTP/1.1" 200 3265
61.170.233.201 - - [20/Jun/2023:10:12:29 +0800] "GET /xingrg/all/function/internal_message.html?_=1687227150159&CODE_STATE=getMsg HTTP/1.1" 200 27
114.85.115.2 - - [20/Jun/2023:10:12:31 +0800] "GET /xingrg/kc/buy/cgsh_order_operate.html?command=get_materiel&rest_code=00102&code=00101016030&supplier_code=00100096&order_time=2023-06-20 HTTP/1.1" 200 412
116.232.195.127 - - [20/Jun/2023:10:12:33 +0800] "GET /xingrg/all/function/internal_message.html?_=1687227153543&CODE_STATE=getMsg HTTP/1.1" 200 27
222.67.234.146 - - [20/Jun/2023:10:12:34 +0800] "GET /xingrg/kc/print/load_config.html?kc_code=cgsh HTTP/1.1" 200 1924
222.67.234.146 - - [20/Jun/2023:10:12:35 +0800] "GET /xingrg/kc/print/load_data.html?order_code=212023062007137&kc_code=cgsh&condition= HTTP/1.1" 200 1911
180.169.147.146 - - [20/Jun/2023:10:12:36 +0800] "GET /xingrg/all/function/internal_message.html?_=1687227155935&CODE_STATE=getMsg HTTP/1.1" 200 27
120.253.135.82 - - [20/Jun/2023:10:12:37 +0800] "GET /xingrg/login.html HTTP/1.1" 200 7641
120.253.135.82 - - [20/Jun/2023:10:12:37 +0800] "GET /xingrg/images/blue/jxLogo.png HTTP/1.1" 304 -
120.253.135.82 - - [20/Jun/2023:10:12:37 +0800] "GET /xingrg/images/blue/login_bg.png HTTP/1.1" 304 -
120.253.135.82 - - [20/Jun/2023:10:12:37 +0800] "GET /xingrg/images/blue/hj.png HTTP/1.1" 304 -
120.253.135.82 - - [20/Jun/2023:10:12:37 +0800] "GET /xingrg/images/blue/srbg.png HTTP/1.1" 304 -
120.253.135.82 - - [20/Jun/2023:10:12:37 +0800] "GET /favicon.ico HTTP/1.1" 404 -
116.232.195.127 - - [20/Jun/2023:10:12:38 +0800] "GET /xingrg/all/function/internal_message.html?_=1687227160162&CODE_STATE=getMsg HTTP/1.1" 200 27
114.83.219.231 - - [20/Jun/2023:10:12:39 +0800] "GET /xingrg/kc/buy/cgsh_order_operate.html?command=get_materiel&rest_code=00149&code=00101002027&supplier_code=00100039&order_time=2023-06-20 HTTP/1.1" 200 413
222.67.234.146 - - [20/Jun/2023:10:12:40 +0800] "GET /xingrg/kc/buy/cgsh_order_add.html HTTP/1.1" 200 71636
222.67.234.146 - - [20/Jun/2023:10:12:40 +0800] "GET /xingrg/all/function/internal_message.html?_=1687226653886&CODE_STATE=getMsg HTTP/1.1" 200 27
222.67.234.146 - - [20/Jun/2023:10:12:40 +0800] "POST /xingrg/kc/buy/cgsh_order_operate.html HTTP/1.1" 200 8245
222.67.234.146 - - [20/Jun/2023:10:12:40 +0800] "GET /xingrg/javascript/easyui/themes/default/validatebox.css HTTP/1.1" 404 1104
222.67.234.146 - - [20/Jun/2023:10:12:42 +0800] "GET /xingrg/javascript/auto/indicator.gif HTTP/1.1" 404 1066
222.70.180.90 - - [20/Jun/2023:10:12:48 +0800] "GET /xingrg/kc/buy/cgsh_order_operate.html?command=get_materiel&rest_code=00111&code=00101019396&supplier_code=00100037&order_time=2023-06-20 HTTP/1.1" 200 420
222.67.234.146 - - [20/Jun/2023:10:12:49 +0800] "GET /xingrg/kc/buy/cgsh_order_operate.html?command=get_materiel&rest_code=00141&code=00101007027&supplier_code=00100004&order_time=2023-06-20 HTTP/1.1" 200 421
222.70.180.90 - - [20/Jun/2023:10:12:58 +0800] "GET /xingrg/kc/buy/cgsh_order_operate.html?command=get_materiel&rest_code=00111&code=00101012029&supplier_code=00100037&order_time=2023-06-20 HTTP/1.1" 200 414
114.83.219.231 - - [20/Jun/2023:10:12:58 +0800] "GET /xingrg/kc/buy/cgsh_order_operate.html?command=get_materiel&rest_code=00149&code=00101010161&supplier_code=00100039&order_time=2023-06-20 HTTP/1.1" 200 409
222.70.114.12 - - [20/Jun/2023:10:12:59 +0800] "GET /xingrg/all/function/internal_message.html?_=1687227182469&CODE_STATE=getMsg HTTP/1.1" 200 27
222.70.111.174 - - [20/Jun/2023:10:12:59 +0800] "POST /xingrg/services/DataTransmitService HTTP/1.1" 200 524
124.77.240.38 - - [20/Jun/2023:10:13:00 +0800] "GET /xingrg/check_reg.html?_=1687227186238 HTTP/1.1" 200 22
124.77.240.38 - - [20/Jun/2023:10:13:03 +0800] "GET /xingrg/all/function/internal_message.html?_=1687227188673&CODE_STATE=getMsg HTTP/1.1" 200 27
218.81.76.111 - - [20/Jun/2023:10:13:04 +0800] "GET /favicon.ico HTTP/1.1" 404 -
222.67.234.146 - - [20/Jun/2023:10:13:08 +0800] "GET /xingrg/kc/buy/cgsh_order_operate.html?command=get_materiel&rest_code=00141&code=00101007081&supplier_code=00100004&order_time=2023-06-20 HTTP/1.1" 200 413
180.163.29.206 - - [20/Jun/2023:10:13:10 +0800] "GET /xingrg/all/function/internal_message.html?_=1687227129602&CODE_STATE=getMsg HTTP/1.1" 302 -
180.163.29.206 - - [20/Jun/2023:10:13:10 +0800] "GET /xingrg/login.html HTTP/1.1" 200 7641
61.170.233.201 - - [20/Jun/2023:10:13:10 +0800] "GET /xingrg/all/function/internal_message.html?_=1687227189580&CODE_STATE=getMsg HTTP/1.1" 200 27
116.238.191.126 - - [20/Jun/2023:10:13:10 +0800] "GET /xingrg/all/function/internal_message.html?_=1687227190980&CODE_STATE=getMsg HTTP/1.1" 200 27
222.70.180.90 - - [20/Jun/2023:10:13:15 +0800] "GET /xingrg/kc/buy/cgsh_order_operate.html?command=get_materiel&rest_code=00111&code=00101009113&supplier_code=00100037&order_time=2023-06-20 HTTP/1.1" 200 412
222.70.180.90 - - [20/Jun/2023:10:13:21 +0800] "GET /xingrg/all/function/internal_message.html?_=1687227200201&CODE_STATE=getMsg HTTP/1.1" 200 27
58.40.7.146 - - [20/Jun/2023:10:13:21 +0800] "GET /xingrg/all/function/internal_message.html?_=1687227194471&CODE_STATE=getMsg HTTP/1.1" 200 27
114.83.219.231 - - [20/Jun/2023:10:13:24 +0800] "GET /xingrg/all/function/internal_message.html?_=1687227204787&CODE_STATE=getMsg HTTP/1.1" 200 27
124.77.240.38 - - [20/Jun/2023:10:13:25 +0800] "POST /xingrg/services/DataTransmitService HTTP/1.1" 200 501
114.83.219.231 - - [20/Jun/2023:10:13:25 +0800] "GET /xingrg/kc/buy/cgsh_order_operate.html?command=get_materiel&rest_code=00149&code=00101005037&supplier_code=00100039&order_time=2023-06-20 HTTP/1.1" 200 409
222.67.234.146 - - [20/Jun/2023:10:13:25 +0800] "GET /xingrg/kc/buy/cgsh_order_operate.html?command=get_materiel&rest_code=00141&code=00101007125&supplier_code=00100004&order_time=2023-06-20 HTTP/1.1" 200 406
124.77.240.38 - - [20/Jun/2023:10:13:27 +0800] "POST /xingrg/services/DataTransmitService HTTP/1.1" 200 501
180.169.147.146 - - [20/Jun/2023:10:13:28 +0800] "GET /xingrg/all/function/internal_message.html?_=1687227208791&CODE_STATE=getMsg HTTP/1.1" 200 27
61.170.233.201 - - [20/Jun/2023:10:13:29 +0800] "GET /xingrg/all/function/internal_message.html?_=1687227210161&CODE_STATE=getMsg HTTP/1.1" 200 27
222.70.180.90 - - [20/Jun/2023:10:13:29 +0800] "GET /xingrg/kc/buy/cgsh_order_operate.html?command=get_materiel&rest_code=00111&code=00101020131&supplier_code=00100037&order_time=2023-06-20 HTTP/1.1" 200 416
116.232.195.127 - - [20/Jun/2023:10:13:33 +0800] "GET /xingrg/all/function/internal_message.html?_=1687227213536&CODE_STATE=getMsg HTTP/1.1" 200 27
180.169.147.146 - - [20/Jun/2023:10:13:36 +0800] "GET /xingrg/all/function/internal_message.html?_=1687227215948&CODE_STATE=getMsg HTTP/1.1" 200 27
116.232.195.127 - - [20/Jun/2023:10:13:38 +0800] "GET /xingrg/all/function/internal_message.html?_=1687227220180&CODE_STATE=getMsg HTTP/1.1" 200 27
116.232.195.127 - - [20/Jun/2023:10:13:38 +0800] "GET /xingrg/check_reg.html?_=1687227220181 HTTP/1.1" 200 22
222.70.180.90 - - [20/Jun/2023:10:13:38 +0800] "GET /xingrg/kc/buy/cgsh_order_operate.html?command=get_materiel&rest_code=00111&code=00101015046&supplier_code=00100037&order_time=2023-06-20 HTTP/1.1" 200 412
222.67.234.146 - - [20/Jun/2023:10:13:40 +0800] "GET /xingrg/all/function/internal_message.html?_=1687226713856&CODE_STATE=getMsg HTTP/1.1" 200 27
120.253.135.82 - - [20/Jun/2023:10:13:40 +0800] "POST /xingrg/login.do HTTP/1.1" 302 -
120.253.135.82 - - [20/Jun/2023:10:13:41 +0800] "GET /xingrg/index.html?sysBaseUrl=http%3A%2F%2F180.169.147.146%3A18081%2Fxingrg%2F&costTime=2781×tamp=1687227220874 HTTP/1.1" 200 17173
120.253.135.82 - - [20/Jun/2023:10:13:41 +0800] "GET /xingrg/css/form.css HTTP/1.1" 304 -
120.253.135.82 - - [20/Jun/2023:10:13:41 +0800] "GET /xingrg/javascript/jquery.form.js HTTP/1.1" 304 -
120.253.135.82 - - [20/Jun/2023:10:13:41 +0800] "GET /xingrg/javascript/jquery_easy_ui/themes/default/easyui.css HTTP/1.1" 304 -
120.253.135.82 - - [20/Jun/2023:10:13:41 +0800] "GET /xingrg/javascript/jquery_easy_ui/themes/icon.css HTTP/1.1" 304 -
120.253.135.82 - - [20/Jun/2023:10:13:41 +0800] "GET /xingrg/javascript/jquery_easy_ui/easyui-lang-zh_CN.js HTTP/1.1" 304 -
120.253.135.82 - - [20/Jun/2023:10:13:41 +0800] "GET /xingrg/javascript/jquery-1.4.2.min.js HTTP/1.1" 304 -
120.253.135.82 - - [20/Jun/2023:10:13:41 +0800] "GET /xingrg/javascript/jquery.utils.js HTTP/1.1" 304 -
120.253.135.82 - - [20/Jun/2023:10:13:41 +0800] "GET /xingrg/javascript/jquery_easy_ui/jquery.easyui.min.js HTTP/1.1" 304 -
120.253.135.82 - - [20/Jun/2023:10:13:41 +0800] "GET /xingrg/javascript/jquery.timers.js HTTP/1.1" 304 -
120.253.135.82 - - [20/Jun/2023:10:13:41 +0800] "GET /xingrg/javascript/jquery_easy_ui/themes/icons/settle_new.png HTTP/1.1" 304 -
120.253.135.82 - - [20/Jun/2023:10:13:41 +0800] "GET /xingrg/images/blue/pingpu.png HTTP/1.1" 304 -
120.253.135.82 - - [20/Jun/2023:10:13:41 +0800] "GET /xingrg/javascript/jquery_easy_ui/themes/default/images/tabs_leftarrow.png HTTP/1.1" 304 -
120.253.135.82 - - [20/Jun/2023:10:13:41 +0800] "GET /xingrg/javascript/jquery_easy_ui/themes/default/images/tabs_rightarrow.png HTTP/1.1" 304 -
120.253.135.82 - - [20/Jun/2023:10:13:41 +0800] "GET /xingrg/images/blue/navBackgound.jpg HTTP/1.1" 304 -
120.253.135.82 - - [20/Jun/2023:10:13:41 +0800] "GET /xingrg/javascript/jquery_easy_ui/themes/default/images/panel_tool_collapse.gif HTTP/1.1" 304 -
120.253.135.82 - - [20/Jun/2023:10:13:41 +0800] "GET /favicon.ico HTTP/1.1" 404 -
120.253.135.82 - - [20/Jun/2023:10:13:41 +0800] "GET /xingrg/all/function/internal_message.html?_=1687227053960&CODE_STATE=count HTTP/1.1" 200 11
120.253.135.82 - - [20/Jun/2023:10:13:41 +0800] "GET /xingrg/check_reg.html?_=1687227053961 HTTP/1.1" 200 22
120.253.135.82 - - [20/Jun/2023:10:13:41 +0800] "POST /xingrg/all/common/load_tree.html?tree=area_rest_tree_json&manage=1 HTTP/1.1" 200 344
120.253.135.82 - - [20/Jun/2023:10:13:41 +0800] "GET /xingrg/javascript/jquery_easy_ui/themes/default/images/tree_arrows.gif HTTP/1.1" 304 -
120.253.135.82 - - [20/Jun/2023:10:13:41 +0800] "POST /xingrg/load_menu.html HTTP/1.1" 200 6743
120.253.135.82 - - [20/Jun/2023:10:13:42 +0800] "GET /xingrg/javascript/jquery_easy_ui/themes/default/images/tree_folder_open.gif HTTP/1.1" 304 -
120.253.135.82 - - [20/Jun/2023:10:13:42 +0800] "GET /xingrg/javascript/jquery_easy_ui/themes/icons/search_new.png HTTP/1.1" 304 -
120.253.135.82 - - [20/Jun/2023:10:13:42 +0800] "GET /xingrg/javascript/jquery_easy_ui/themes/icons/storage_new.png HTTP/1.1" 304 -
120.253.135.82 - - [20/Jun/2023:10:13:42 +0800] "GET /xingrg/javascript/jquery_easy_ui/themes/icons/delivery_new.png HTTP/1.1" 304 -
120.253.135.82 - - [20/Jun/2023:10:13:42 +0800] "GET /xingrg/javascript/jquery_easy_ui/themes/icons/forms_new.png HTTP/1.1" 304 -
120.253.135.82 - - [20/Jun/2023:10:13:42 +0800] "GET /xingrg/javascript/jquery_easy_ui/themes/default/images/tree_folder.gif HTTP/1.1" 304 -
120.253.135.82 - - [20/Jun/2023:10:13:42 +0800] "GET /xingrg/javascript/jquery_easy_ui/themes/default/images/tree_file.gif HTTP/1.1" 304 -
222.67.234.146 - - [20/Jun/2023:10:13:42 +0800] "GET /xingrg/kc/buy/cgsh_order_operate.html?command=get_materiel&rest_code=00141&code=00101007038&supplier_code=00100004&order_time=2023-06-20 HTTP/1.1" 200 420
114.83.219.231 - - [20/Jun/2023:10:13:42 +0800] "GET /xingrg/kc/buy/cgsh_order_operate.html?command=get_materiel&rest_code=00149&code=00101001061&supplier_code=00100039&order_time=2023-06-20 HTTP/1.1" 200 419
120.253.135.82 - - [20/Jun/2023:10:13:45 +0800] "GET /xingrg/javascript/jquery_easy_ui/themes/default/images/tabs_close.gif HTTP/1.1" 304 -
120.253.135.82 - - [20/Jun/2023:10:13:46 +0800] "GET /xingrg/kc/pszx/mdqp_order_list.html?state=10 HTTP/1.1" 200 10719
120.253.135.82 - - [20/Jun/2023:10:13:46 +0800] "GET /xingrg/css/blue.css HTTP/1.1" 304 -
120.253.135.82 - - [20/Jun/2023:10:13:46 +0800] "GET /xingrg/javascript/pic_change.js HTTP/1.1" 304 -
120.253.135.82 - - [20/Jun/2023:10:13:46 +0800] "GET /xingrg/dwr/interface/AjaxQqpsService.js HTTP/1.1" 200 16326
120.253.135.82 - - [20/Jun/2023:10:13:46 +0800] "GET /xingrg/dwr/interface/AjaxReportQueryService.js HTTP/1.1" 200 13203
120.253.135.82 - - [20/Jun/2023:10:13:46 +0800] "GET /xingrg/javascript/Calendar.js HTTP/1.1" 304 -
120.253.135.82 - - [20/Jun/2023:10:13:46 +0800] "GET /xingrg/dwr/engine.js HTTP/1.1" 200 43631
120.253.135.82 - - [20/Jun/2023:10:13:46 +0800] "GET /xingrg/javascript/myfunction.js HTTP/1.1" 304 -
120.253.135.82 - - [20/Jun/2023:10:13:46 +0800] "GET /xingrg/dwr/util.js HTTP/1.1" 304 -
120.253.135.82 - - [20/Jun/2023:10:13:46 +0800] "GET /xingrg/javascript/jquery_easy_ui/themes/icons/check_new.png HTTP/1.1" 304 -
120.253.135.82 - - [20/Jun/2023:10:13:46 +0800] "GET /xingrg/javascript/jquery_easy_ui/themes/icons/back_new.png HTTP/1.1" 304 -
120.253.135.82 - - [20/Jun/2023:10:13:46 +0800] "GET /xingrg/javascript/jquery_easy_ui/themes/icons/uncheck_new.png HTTP/1.1" 304 -
222.70.180.90 - - [20/Jun/2023:10:13:48 +0800] "GET /xingrg/kc/buy/cgsh_order_operate.html?command=get_materiel&rest_code=00111&code=00101015044&supplier_code=00100037&order_time=2023-06-20 HTTP/1.1" 200 408
120.253.135.82 - - [20/Jun/2023:10:13:51 +0800] "GET /xingrg/kc/pszx/mdqp_order_info.html?code=302023062000311 HTTP/1.1" 200 13350
120.253.135.82 - - [20/Jun/2023:10:13:51 +0800] "GET /xingrg/javascript/auto/jquery.autocomplete.js HTTP/1.1" 304 -
120.253.135.82 - - [20/Jun/2023:10:13:51 +0800] "GET /xingrg/dwr/interface/AjaxComOrderService.js HTTP/1.1" 200 18264
120.253.135.82 - - [20/Jun/2023:10:13:51 +0800] "GET /xingrg/javascript/tools/jquery.qtip-1.0.0-rc3.min.js HTTP/1.1" 304 -
120.253.135.82 - - [20/Jun/2023:10:13:51 +0800] "GET /xingrg/dwr/interface/AjaxQqpsService.js HTTP/1.1" 200 16326
120.253.135.82 - - [20/Jun/2023:10:13:51 +0800] "GET /xingrg/javascript/checkform.js HTTP/1.1" 304 -
120.253.135.82 - - [20/Jun/2023:10:13:51 +0800] "GET /xingrg/dwr/engine.js HTTP/1.1" 200 43631
120.253.135.82 - - [20/Jun/2023:10:13:51 +0800] "GET /xingrg/javascript/print/kc_print.js HTTP/1.1" 304 -
120.253.135.82 - - [20/Jun/2023:10:13:51 +0800] "GET /xingrg/javascript/ToolTips.js HTTP/1.1" 304 -
120.253.135.82 - - [20/Jun/2023:10:13:51 +0800] "GET /xingrg/javascript/Grid.js HTTP/1.1" 304 -
120.253.135.82 - - [20/Jun/2023:10:13:51 +0800] "GET /xingrg/javascript/print/LodopFuncs.js HTTP/1.1" 304 -
120.253.135.82 - - [20/Jun/2023:10:13:51 +0800] "GET /xingrg/javascript/AjaxInfoList.js HTTP/1.1" 304 -
120.253.135.82 - - [20/Jun/2023:10:13:51 +0800] "GET /xingrg/javascript/jquery_easy_ui/themes/icons/print.png HTTP/1.1" 304 -
120.253.135.82 - - [20/Jun/2023:10:13:51 +0800] "GET /xingrg/javascript/jquery_easy_ui/themes/default/images/menu_downarrow.png HTTP/1.1" 304 -
120.253.135.82 - - [20/Jun/2023:10:13:51 +0800] "GET /xingrg/images/blue/button/kc_tab_edit.gif HTTP/1.1" 304 -
120.253.135.82 - - [20/Jun/2023:10:13:51 +0800] "GET /xingrg/images/blue/button/kc_tab_save.gif HTTP/1.1" 304 -
120.253.135.82 - - [20/Jun/2023:10:13:51 +0800] "GET /xingrg/images/blue/kc_tab_left.gif HTTP/1.1" 304 -
120.253.135.82 - - [20/Jun/2023:10:13:51 +0800] "GET /xingrg/images/blue/kc_tab_mid.gif HTTP/1.1" 304 -
120.253.135.82 - - [20/Jun/2023:10:13:51 +0800] "GET /xingrg/images/blue/kc_tab2_left.gif HTTP/1.1" 304 -
120.253.135.82 - - [20/Jun/2023:10:13:51 +0800] "GET /xingrg/images/blue/kc_tab_right.gif HTTP/1.1" 304 -
120.253.135.82 - - [20/Jun/2023:10:13:51 +0800] "GET /xingrg/images/blue/kc_tab2_right.gif HTTP/1.1" 304 -
120.253.135.82 - - [20/Jun/2023:10:13:51 +0800] "GET /xingrg/images/blue/wait.gif HTTP/1.1" 304 -
120.253.135.82 - - [20/Jun/2023:10:13:52 +0800] "POST /xingrg/dwr/call/plaincall/AjaxQqpsService.loadMaterielItems.dwr HTTP/1.1" 200 331
222.70.114.12 - - [20/Jun/2023:10:13:59 +0800] "GET /xingrg/all/function/internal_message.html?_=1687227242466&CODE_STATE=getMsg HTTP/1.1" 200 27
222.67.234.146 - - [20/Jun/2023:10:13:59 +0800] "POST /xingrg/kc/buy/cgsh_order_operate.html HTTP/1.1" 200 37
114.85.115.2 - - [20/Jun/2023:10:14:01 +0800] "GET /xingrg/check_reg.html?_=1687227242111 HTTP/1.1" 200 22
124.77.240.38 - - [20/Jun/2023:10:14:02 +0800] "POST /xingrg/services/DataTransmitService HTTP/1.1" 200 501
124.77.240.38 - - [20/Jun/2023:10:14:03 +0800] "GET /xingrg/all/function/internal_message.html?_=1687227248687&CODE_STATE=getMsg HTTP/1.1" 200 27
222.70.180.90 - - [20/Jun/2023:10:14:07 +0800] "GET /xingrg/kc/buy/cgsh_order_operate.html?command=get_materiel&rest_code=00111&code=00101016105&supplier_code=00100037&order_time=2023-06-20 HTTP/1.1" 200 409
114.83.219.231 - - [20/Jun/2023:10:14:09 +0800] "GET /xingrg/kc/buy/cgsh_order_operate.html?command=get_materiel&rest_code=00149&code=00101001010&supplier_code=00100039&order_time=2023-06-20 HTTP/1.1" 200 411
120.253.135.82 - - [20/Jun/2023:10:14:10 +0800] "GET /xingrg/javascript/jquery_easy_ui/themes/default/images/button_plain_hover.png HTTP/1.1" 304 -
61.170.233.201 - - [20/Jun/2023:10:14:10 +0800] "GET /xingrg/all/function/internal_message.html?_=1687227249551&CODE_STATE=getMsg HTTP/1.1" 200 27
116.238.191.126 - - [20/Jun/2023:10:14:10 +0800] "GET /xingrg/all/function/internal_message.html?_=1687227250985&CODE_STATE=getMsg HTTP/1.1" 200 27
120.253.135.82 - - [20/Jun/2023:10:14:11 +0800] "GET /xingrg/kc/pszx/mdqp_order_list.html?isBack=1 HTTP/1.1" 302 -
120.253.135.82 - - [20/Jun/2023:10:14:11 +0800] "GET /xingrg/images/yd/bt2.gif HTTP/1.1" 404 1042
120.253.135.82 - - [20/Jun/2023:10:14:11 +0800] "GET /xingrg/images/yd/bt.gif HTTP/1.1" 404 1040
222.67.234.146 - - [20/Jun/2023:10:14:11 +0800] "POST /xingrg/kc/buy/cgsh_order_operate.html HTTP/1.1" 200 12
120.253.135.82 - - [20/Jun/2023:10:14:12 +0800] "GET /xingrg/kc/pszx/mdqp_order_list.html?state=10 HTTP/1.1" 200 10719
120.253.135.82 - - [20/Jun/2023:10:14:12 +0800] "GET /xingrg/dwr/interface/AjaxQqpsService.js HTTP/1.1" 200 16326
120.253.135.82 - - [20/Jun/2023:10:14:12 +0800] "GET /xingrg/dwr/interface/AjaxReportQueryService.js HTTP/1.1" 200 13203
120.253.135.82 - - [20/Jun/2023:10:14:12 +0800] "GET /xingrg/dwr/engine.js HTTP/1.1" 200 43631
58.40.7.146 - - [20/Jun/2023:10:14:14 +0800] "GET /xingrg/all/function/internal_message.html?_=1687227254491&CODE_STATE=getMsg HTTP/1.1" 200 27
222.67.234.146 - - [20/Jun/2023:10:14:15 +0800] "GET /xingrg/kc/buy/cgsh_order_info.html?code=212023062007144 HTTP/1.1" 200 66545
222.67.234.146 - - [20/Jun/2023:10:14:15 +0800] "GET /xingrg/javascript/easyui/themes/default/validatebox.css HTTP/1.1" 404 1104
222.67.234.146 - - [20/Jun/2023:10:14:17 +0800] "POST /xingrg/kc/buy/cgsh_order_operate.html HTTP/1.1" 200 2384
222.70.180.90 - - [20/Jun/2023:10:14:20 +0800] "GET /xingrg/kc/buy/cgsh_order_operate.html?command=get_materiel&rest_code=00111&code=00101020153&supplier_code=00100037&order_time=2023-06-20 HTTP/1.1" 200 408
222.70.180.90 - - [20/Jun/2023:10:14:21 +0800] "GET /xingrg/all/function/internal_message.html?_=1687227260174&CODE_STATE=getMsg HTTP/1.1" 200 27
114.83.219.231 - - [20/Jun/2023:10:14:24 +0800] "GET /xingrg/all/function/internal_message.html?_=1687227264804&CODE_STATE=getMsg HTTP/1.1" 200 27
222.67.234.146 - - [20/Jun/2023:10:14:24 +0800] "GET /xingrg/kc/print/load_data.html?order_code=212023062007144&kc_code=cgsh&condition= HTTP/1.1" 200 1441
180.169.147.146 - - [20/Jun/2023:10:14:28 +0800] "GET /xingrg/all/function/internal_message.html?_=1687227268789&CODE_STATE=getMsg HTTP/1.1" 200 27
61.170.233.201 - - [20/Jun/2023:10:14:29 +0800] "GET /xingrg/all/function/internal_message.html?_=1687227270163&CODE_STATE=getMsg HTTP/1.1" 200 27
222.70.180.90 - - [20/Jun/2023:10:14:32 +0800] "GET /xingrg/kc/buy/cgsh_order_operate.html?command=get_materiel&rest_code=00111&code=00101007109&supplier_code=00100037&order_time=2023-06-20 HTTP/1.1" 200 408
116.232.195.127 - - [20/Jun/2023:10:14:33 +0800] "GET /xingrg/all/function/internal_message.html?_=1687227273532&CODE_STATE=getMsg HTTP/1.1" 200 27
116.232.195.127 - - [20/Jun/2023:10:14:33 +0800] "GET /xingrg/check_reg.html?_=1687227273537 HTTP/1.1" 200 22
180.169.147.146 - - [20/Jun/2023:10:14:36 +0800] "GET /xingrg/all/function/internal_message.html?_=1687227275945&CODE_STATE=getMsg HTTP/1.1" 200 27
116.232.195.127 - - [20/Jun/2023:10:14:38 +0800] "GET /xingrg/all/function/internal_message.html?_=1687227280177&CODE_STATE=getMsg HTTP/1.1" 200 27
124.77.240.38 - - [20/Jun/2023:10:14:39 +0800] "POST /xingrg/services/DataTransmitService HTTP/1.1" 200 501
114.83.219.231 - - [20/Jun/2023:10:14:39 +0800] "POST /xingrg/kc/buy/cgsh_order_operate.html HTTP/1.1" 200 37
222.67.234.146 - - [20/Jun/2023:10:14:40 +0800] "GET /xingrg/all/function/internal_message.html?_=1687226773865&CODE_STATE=getMsg HTTP/1.1" 200 27
120.253.135.82 - - [20/Jun/2023:10:14:41 +0800] "GET /xingrg/all/function/internal_message.html?_=1687227113971&CODE_STATE=getMsg HTTP/1.1" 200 27
124.77.240.38 - - [20/Jun/2023:10:14:43 +0800] "POST /xingrg/services/DataTransmitService HTTP/1.1" 200 501
222.70.180.90 - - [20/Jun/2023:10:14:43 +0800] "GET /xingrg/kc/buy/cgsh_order_operate.html?command=get_materiel&rest_code=00111&code=00101007037&supplier_code=00100037&order_time=2023-06-20 HTTP/1.1" 200 413
124.77.240.38 - - [20/Jun/2023:10:14:44 +0800] "POST /xingrg/services/DataTransmitService HTTP/1.1" 200 501
114.83.219.231 - - [20/Jun/2023:10:14:55 +0800] "POST /xingrg/kc/buy/cgsh_order_operate.html HTTP/1.1" 200 12
222.70.180.90 - - [20/Jun/2023:10:14:57 +0800] "GET /xingrg/kc/buy/cgsh_order_operate.html?command=get_materiel&rest_code=00111&code=00101012025&supplier_code=00100037&order_time=2023-06-20 HTTP/1.1" 200 412
124.77.240.38 - - [20/Jun/2023:10:14:57 +0800] "POST /xingrg/services/DataTransmitService HTTP/1.1" 200 501
222.70.114.12 - - [20/Jun/2023:10:14:59 +0800] "GET /xingrg/all/function/internal_message.html?_=1687227302464&CODE_STATE=getMsg HTTP/1.1" 200 27
124.77.240.38 - - [20/Jun/2023:10:14:59 +0800] "POST /xingrg/services/DataTransmitService HTTP/1.1" 200 501
124.77.240.38 - - [20/Jun/2023:10:15:01 +0800] "POST /xingrg/services/DataTransmitService HTTP/1.1" 200 501
124.77.240.38 - - [20/Jun/2023:10:15:01 +0800] "POST /xingrg/services/DataTransmitService HTTP/1.1" 200 412
124.77.240.38 - - [20/Jun/2023:10:15:03 +0800] "GET /xingrg/all/function/internal_message.html?_=1687227308701&CODE_STATE=getMsg HTTP/1.1" 200 27
61.170.233.201 - - [20/Jun/2023:10:15:10 +0800] "GET /xingrg/all/function/internal_message.html?_=1687227309524&CODE_STATE=getMsg HTTP/1.1" 200 27
116.238.191.126 - - [20/Jun/2023:10:15:10 +0800] "GET /xingrg/all/function/internal_message.html?_=1687227310990&CODE_STATE=getMsg HTTP/1.1" 200 27
114.83.219.231 - - [20/Jun/2023:10:15:13 +0800] "GET /xingrg/kc/buy/cgsh_order_info.html?code=212023062007145 HTTP/1.1" 200 66633
114.83.219.231 - - [20/Jun/2023:10:15:14 +0800] "GET /xingrg/javascript/easyui/themes/default/validatebox.css HTTP/1.1" 404 1104
180.164.3.199 - - [20/Jun/2023:10:15:15 +0800] "GET /xingrg/check_reg.html?_=1687227314665 HTTP/1.1" 302 -
114.83.219.231 - - [20/Jun/2023:10:15:15 +0800] "POST /xingrg/kc/buy/cgsh_order_operate.html HTTP/1.1" 200 2976
58.40.7.146 - - [20/Jun/2023:10:15:15 +0800] "GET /xingrg/all/function/internal_message.html?_=1687227314575&CODE_STATE=getMsg HTTP/1.1" 200 27
222.70.180.90 - - [20/Jun/2023:10:15:16 +0800] "GET /xingrg/kc/buy/cgsh_order_operate.html?command=get_materiel&rest_code=00111&code=00101008131&supplier_code=00100037&order_time=2023-06-20 HTTP/1.1" 200 409
116.238.191.126 - - [20/Jun/2023:10:15:18 +0800] "GET /favicon.ico HTTP/1.1" 404 -
114.83.219.231 - - [20/Jun/2023:10:15:18 +0800] "GET /xingrg/kc/print/load_data.html?order_code=212023062007145&kc_code=cgsh&condition= HTTP/1.1" 200 1626
222.70.180.90 - - [20/Jun/2023:10:15:21 +0800] "GET /xingrg/all/function/internal_message.html?_=1687227320149&CODE_STATE=getMsg HTTP/1.1" 200 27
114.83.219.231 - - [20/Jun/2023:10:15:24 +0800] "GET /xingrg/all/function/internal_message.html?_=1687227324814&CODE_STATE=getMsg HTTP/1.1" 200 27
116.238.191.126 - - [20/Jun/2023:10:15:28 +0800] "GET /xingrg/login.html HTTP/1.1" 200 7641
180.169.147.146 - - [20/Jun/2023:10:15:28 +0800] "GET /xingrg/all/function/internal_message.html?_=1687227328788&CODE_STATE=getMsg HTTP/1.1" 200 27
180.169.147.146 - - [20/Jun/2023:10:15:28 +0800] "GET /xingrg/check_reg.html?_=1687227328789 HTTP/1.1" 200 22
61.170.233.201 - - [20/Jun/2023:10:15:29 +0800] "GET /xingrg/all/function/internal_message.html?_=1687227330162&CODE_STATE=getMsg HTTP/1.1" 200 27
116.238.191.126 - - [20/Jun/2023:10:15:31 +0800] "GET /xingrg/images/blue/jxLogo.png HTTP/1.1" 304 -
116.238.191.126 - - [20/Jun/2023:10:15:32 +0800] "GET /xingrg/images/blue/login_bg.png HTTP/1.1" 304 -
116.238.191.126 - - [20/Jun/2023:10:15:32 +0800] "GET /xingrg/images/blue/hj.png HTTP/1.1" 304 -
116.238.191.126 - - [20/Jun/2023:10:15:32 +0800] "GET /xingrg/images/blue/srbg.png HTTP/1.1" 304 -
116.238.191.126 - - [20/Jun/2023:10:15:33 +0800] "GET /favicon.ico HTTP/1.1" 404 -
116.232.195.127 - - [20/Jun/2023:10:15:33 +0800] "GET /xingrg/all/function/internal_message.html?_=1687227333535&CODE_STATE=getMsg HTTP/1.1" 200 27
180.169.147.146 - - [20/Jun/2023:10:15:36 +0800] "GET /xingrg/check_reg.html?_=1687227335937 HTTP/1.1" 200 22
180.169.147.146 - - [20/Jun/2023:10:15:36 +0800] "GET /xingrg/all/function/internal_message.html?_=1687227335938&CODE_STATE=getMsg HTTP/1.1" 200 27
116.232.195.127 - - [20/Jun/2023:10:15:38 +0800] "GET /xingrg/all/function/internal_message.html?_=1687227340164&CODE_STATE=getMsg HTTP/1.1" 200 27
116.238.191.126 - - [20/Jun/2023:10:15:40 +0800] "POST /xingrg/login.do HTTP/1.1" 302 -
222.67.234.146 - - [20/Jun/2023:10:15:40 +0800] "GET /xingrg/all/function/internal_message.html?_=1687226833869&CODE_STATE=getMsg HTTP/1.1" 200 27
120.253.135.82 - - [20/Jun/2023:10:15:41 +0800] "GET /xingrg/all/function/internal_message.html?_=1687227173984&CODE_STATE=getMsg HTTP/1.1" 200 27
116.238.191.126 - - [20/Jun/2023:10:15:45 +0800] "POST /xingrg/login.do HTTP/1.1" 302 -
116.238.191.126 - - [20/Jun/2023:10:15:46 +0800] "POST /xingrg/login.do HTTP/1.1" 302 -
116.238.191.126 - - [20/Jun/2023:10:15:46 +0800] "POST /xingrg/login.do HTTP/1.1" 200 2098
116.238.191.126 - - [20/Jun/2023:10:15:47 +0800] "POST /xingrg/login.do HTTP/1.1" 302 -
116.238.191.126 - - [20/Jun/2023:10:15:47 +0800] "GET /xingrg/index.html?sysBaseUrl=http%3A%2F%2F180.169.147.146%3A18081%2Fxingrg%2F&costTime=3704×tamp=1687227347050 HTTP/1.1" 200 17179
116.238.191.126 - - [20/Jun/2023:10:15:47 +0800] "GET /xingrg/javascript/jquery_easy_ui/themes/icon.css HTTP/1.1" 304 -
116.238.191.126 - - [20/Jun/2023:10:15:47 +0800] "GET /xingrg/javascript/jquery_easy_ui/themes/default/easyui.css HTTP/1.1" 304 -
116.238.191.126 - - [20/Jun/2023:10:15:47 +0800] "GET /xingrg/javascript/jquery_easy_ui/jquery.easyui.min.js HTTP/1.1" 304 -
116.238.191.126 - - [20/Jun/2023:10:15:47 +0800] "GET /xingrg/javascript/jquery_easy_ui/easyui-lang-zh_CN.js HTTP/1.1" 304 -
116.238.191.126 - - [20/Jun/2023:10:15:47 +0800] "GET /xingrg/css/form.css HTTP/1.1" 304 -
116.238.191.126 - - [20/Jun/2023:10:15:47 +0800] "GET /xingrg/javascript/jquery.form.js HTTP/1.1" 304 -
116.238.191.126 - - [20/Jun/2023:10:15:47 +0800] "GET /xingrg/javascript/jquery-1.4.2.min.js HTTP/1.1" 304 -
116.238.191.126 - - [20/Jun/2023:10:15:47 +0800] "GET /xingrg/javascript/jquery.utils.js HTTP/1.1" 304 -
116.238.191.126 - - [20/Jun/2023:10:15:47 +0800] "GET /xingrg/javascript/jquery.timers.js HTTP/1.1" 304 -
116.238.191.126 - - [20/Jun/2023:10:15:47 +0800] "GET /xingrg/images/blue/navBackgound.jpg HTTP/1.1" 304 -
116.238.191.126 - - [20/Jun/2023:10:15:47 +0800] "GET /favicon.ico HTTP/1.1" 404 -
116.238.191.126 - - [20/Jun/2023:10:15:47 +0800] "GET /xingrg/javascript/jquery_easy_ui/themes/icons/settle_new.png HTTP/1.1" 304 -
116.238.191.126 - - [20/Jun/2023:10:15:47 +0800] "GET /xingrg/images/blue/pingpu.png HTTP/1.1" 304 -
116.238.191.126 - - [20/Jun/2023:10:15:47 +0800] "GET /xingrg/javascript/jquery_easy_ui/themes/default/images/tabs_rightarrow.png HTTP/1.1" 304 -
116.238.191.126 - - [20/Jun/2023:10:15:47 +0800] "GET /xingrg/javascript/jquery_easy_ui/themes/default/images/tabs_leftarrow.png HTTP/1.1" 304 -
116.238.191.126 - - [20/Jun/2023:10:15:47 +0800] "GET /xingrg/javascript/jquery_easy_ui/themes/default/images/panel_tool_collapse.gif HTTP/1.1" 304 -
116.238.191.126 - - [20/Jun/2023:10:15:47 +0800] "GET /xingrg/all/function/internal_message.html?_=1687227276578&CODE_STATE=count HTTP/1.1" 200 11
116.238.191.126 - - [20/Jun/2023:10:15:47 +0800] "GET /xingrg/check_reg.html?_=1687227276579 HTTP/1.1" 200 22
116.238.191.126 - - [20/Jun/2023:10:15:47 +0800] "POST /xingrg/all/common/load_tree.html?tree=area_rest_tree_json&manage=1 HTTP/1.1" 200 476
116.238.191.126 - - [20/Jun/2023:10:15:47 +0800] "GET /xingrg/javascript/jquery_easy_ui/themes/default/images/tree_arrows.gif HTTP/1.1" 304 -
116.238.191.126 - - [20/Jun/2023:10:15:47 +0800] "POST /xingrg/load_menu.html HTTP/1.1" 200 5138
116.238.191.126 - - [20/Jun/2023:10:15:47 +0800] "GET /xingrg/javascript/jquery_easy_ui/themes/default/images/tree_folder_open.gif HTTP/1.1" 304 -
116.238.191.126 - - [20/Jun/2023:10:15:47 +0800] "GET /xingrg/javascript/jquery_easy_ui/themes/default/images/tree_folder.gif HTTP/1.1" 304 -
116.238.191.126 - - [20/Jun/2023:10:15:47 +0800] "GET /xingrg/javascript/jquery_easy_ui/themes/icons/search_new.png HTTP/1.1" 304 -
116.238.191.126 - - [20/Jun/2023:10:15:47 +0800] "GET /xingrg/javascript/jquery_easy_ui/themes/icons/storage_new.png HTTP/1.1" 304 -
116.238.191.126 - - [20/Jun/2023:10:15:47 +0800] "GET /xingrg/javascript/jquery_easy_ui/themes/icons/forms_new.png HTTP/1.1" 304 -
116.238.191.126 - - [20/Jun/2023:10:15:47 +0800] "GET /xingrg/javascript/jquery_easy_ui/themes/default/images/tree_file.gif HTTP/1.1" 304 -
222.70.180.90 - - [20/Jun/2023:10:15:48 +0800] "POST /xingrg/kc/buy/cgsh_order_operate.html HTTP/1.1" 200 37
116.238.191.126 - - [20/Jun/2023:10:15:49 +0800] "GET /xingrg/javascript/jquery_easy_ui/themes/default/images/tabs_active.png HTTP/1.1" 304 -
116.238.191.126 - - [20/Jun/2023:10:15:49 +0800] "GET /xingrg/javascript/jquery_easy_ui/themes/default/images/tabs_active.png HTTP/1.1" 304 -
116.238.191.126 - - [20/Jun/2023:10:15:49 +0800] "GET /xingrg/javascript/jquery_easy_ui/themes/default/images/tabs_active.png HTTP/1.1" 304 -
116.238.191.126 - - [20/Jun/2023:10:15:51 +0800] "GET /xingrg/javascript/jquery_easy_ui/themes/default/images/tabs_close.gif HTTP/1.1" 304 -
116.238.191.126 - - [20/Jun/2023:10:15:53 +0800] "GET /xingrg/kc/buy/cgsh_order_list.html HTTP/1.1" 200 55860
116.238.191.126 - - [20/Jun/2023:10:15:53 +0800] "GET /xingrg/css/base.css HTTP/1.1" 304 -
116.238.191.126 - - [20/Jun/2023:10:15:53 +0800] "GET /xingrg/css/site.css HTTP/1.1" 304 -
116.238.191.126 - - [20/Jun/2023:10:15:53 +0800] "GET /xingrg/javascript/jquery_tools/datebox.css HTTP/1.1" 304 -
116.238.191.126 - - [20/Jun/2023:10:15:53 +0800] "GET /xingrg/javascript/easyui/themes/icon.css HTTP/1.1" 304 -
116.238.191.126 - - [20/Jun/2023:10:15:53 +0800] "GET /xingrg/javascript/easyui/themes/default/easyui.css HTTP/1.1" 304 -
116.238.191.126 - - [20/Jun/2023:10:15:53 +0800] "GET /xingrg/javascript/auto/jquery.autocomplete.css HTTP/1.1" 304 -
116.238.191.126 - - [20/Jun/2023:10:15:53 +0800] "GET /xingrg/javascript/jquery_tools/fix.css HTTP/1.1" 304 -
116.238.191.126 - - [20/Jun/2023:10:15:53 +0800] "GET /xingrg/javascript/jquery_tools/table.css HTTP/1.1" 304 -
116.238.191.126 - - [20/Jun/2023:10:15:53 +0800] "GET /xingrg/javascript/jquery_tools/jquery.tools.min.js HTTP/1.1" 304 -
116.238.191.126 - - [20/Jun/2023:10:15:53 +0800] "GET /xingrg/javascript/jquery_tools/jquery.tools.extend.js HTTP/1.1" 304 -
116.238.191.126 - - [20/Jun/2023:10:15:53 +0800] "GET /xingrg/javascript/jquery_tools/jquery.tools.table.js HTTP/1.1" 304 -
116.238.191.126 - - [20/Jun/2023:10:15:53 +0800] "GET /xingrg/javascript/jquery_tools/jquery.tools.hotkey.js HTTP/1.1" 304 -
116.238.191.126 - - [20/Jun/2023:10:15:53 +0800] "GET /xingrg/javascript/jquery.cookie.js HTTP/1.1" 304 -
116.238.191.126 - - [20/Jun/2023:10:15:53 +0800] "GET /xingrg/javascript/print/LodopFuncs.js HTTP/1.1" 304 -
116.238.191.126 - - [20/Jun/2023:10:15:53 +0800] "GET /xingrg/javascript/jquery_tools/list_manager.js HTTP/1.1" 304 -
116.238.191.126 - - [20/Jun/2023:10:15:53 +0800] "GET /xingrg/javascript/auto/jquery.autocomplete.js HTTP/1.1" 304 -
116.238.191.126 - - [20/Jun/2023:10:15:53 +0800] "GET /xingrg/javascript/easyui/easyloader.js HTTP/1.1" 304 -
116.238.191.126 - - [20/Jun/2023:10:15:53 +0800] "GET /xingrg/javascript/easyui/themes/icons/edit_add_new.png HTTP/1.1" 304 -
116.238.191.126 - - [20/Jun/2023:10:15:53 +0800] "GET /xingrg/javascript/easyui/themes/icons/cance_new.png HTTP/1.1" 304 -
116.238.191.126 - - [20/Jun/2023:10:15:53 +0800] "GET /xingrg/javascript/easyui/themes/icons/check_new.png HTTP/1.1" 304 -
116.238.191.126 - - [20/Jun/2023:10:15:53 +0800] "GET /xingrg/javascript/easyui/themes/icons/import_new.png HTTP/1.1" 304 -
116.238.191.126 - - [20/Jun/2023:10:15:53 +0800] "GET /xingrg/javascript/easyui/themes/icons/field_new.png HTTP/1.1" 304 -
116.238.191.126 - - [20/Jun/2023:10:15:53 +0800] "GET /xingrg/javascript/easyui/plugins/jquery.parser.js HTTP/1.1" 304 -
116.238.191.126 - - [20/Jun/2023:10:15:53 +0800] "GET /xingrg/images/control/ajaxLoader.gif HTTP/1.1" 304 -
116.238.191.126 - - [20/Jun/2023:10:15:53 +0800] "GET /xingrg/javascript/jquery_easy_ui/themes/icons/area.png HTTP/1.1" 304 -
116.238.191.126 - - [20/Jun/2023:10:15:53 +0800] "GET /xingrg/javascript/jquery_easy_ui/themes/icons/rest.png HTTP/1.1" 304 -
222.70.180.90 - - [20/Jun/2023:10:15:54 +0800] "POST /xingrg/kc/buy/cgsh_order_operate.html HTTP/1.1" 200 9168
116.238.191.126 - - [20/Jun/2023:10:15:56 +0800] "POST /xingrg/kc/buy/cgsh_list_operate.html HTTP/1.1" 200 986
222.70.114.12 - - [20/Jun/2023:10:15:59 +0800] "GET /xingrg/all/function/internal_message.html?_=1687227362461&CODE_STATE=getMsg HTTP/1.1" 200 27
222.70.114.12 - - [20/Jun/2023:10:15:59 +0800] "GET /xingrg/check_reg.html?_=1687227362462 HTTP/1.1" 200 22
124.77.240.38 - - [20/Jun/2023:10:16:03 +0800] "GET /xingrg/all/function/internal_message.html?_=1687227368969&CODE_STATE=getMsg HTTP/1.1" 200 27
222.70.180.90 - - [20/Jun/2023:10:16:03 +0800] "GET /xingrg/kc/print/load_data.html?order_code=212023062007146&kc_code=cgsh&condition= HTTP/1.1" 200 3176
61.170.233.201 - - [20/Jun/2023:10:16:10 +0800] "GET /xingrg/all/function/internal_message.html?_=1687227369496&CODE_STATE=getMsg HTTP/1.1" 200 27
116.238.191.126 - - [20/Jun/2023:10:16:11 +0800] "GET /xingrg/all/function/internal_message.html?_=1687227370991&CODE_STATE=getMsg HTTP/1.1" 200 27
116.238.191.126 - - [20/Jun/2023:10:16:11 +0800] "GET /xingrg/check_reg.html?_=1687227370995 HTTP/1.1" 200 22
58.40.7.146 - - [20/Jun/2023:10:16:14 +0800] "GET /xingrg/check_reg.html?_=1687227373779 HTTP/1.1" 200 22
116.238.191.126 - - [20/Jun/2023:10:16:15 +0800] "GET /xingrg/javascript/easyui/themes/default/images/button_plain_hover.png HTTP/1.1" 304 -
116.238.191.126 - - [20/Jun/2023:10:16:15 +0800] "GET /xingrg/javascript/easyui/themes/default/images/button_plain_hover.png HTTP/1.1" 304 -
58.40.7.146 - - [20/Jun/2023:10:16:15 +0800] "GET /xingrg/all/function/internal_message.html?_=1687227374710&CODE_STATE=getMsg HTTP/1.1" 200 27
116.238.191.126 - - [20/Jun/2023:10:16:16 +0800] "GET /xingrg/javascript/jquery_easy_ui/themes/default/images/button_a_bg.gif HTTP/1.1" 304 -
116.238.191.126 - - [20/Jun/2023:10:16:16 +0800] "GET /xingrg/javascript/jquery_easy_ui/themes/default/images/panel_tools.gif HTTP/1.1" 304 -
116.238.191.126 - - [20/Jun/2023:10:16:16 +0800] "GET /xingrg/javascript/jquery_easy_ui/themes/icons/ok.png HTTP/1.1" 304 -
116.238.191.126 - - [20/Jun/2023:10:16:16 +0800] "GET /xingrg/javascript/jquery_easy_ui/themes/default/images/panel_title.png HTTP/1.1" 304 -
116.238.191.126 - - [20/Jun/2023:10:16:17 +0800] "GET /xingrg/javascript/jquery_easy_ui/themes/default/images/button_span_bg.gif HTTP/1.1" 304 -
222.70.180.90 - - [20/Jun/2023:10:16:21 +0800] "GET /xingrg/all/function/internal_message.html?_=1687227380125&CODE_STATE=getMsg HTTP/1.1" 200 27
114.83.219.231 - - [20/Jun/2023:10:16:24 +0800] "GET /xingrg/all/function/internal_message.html?_=1687227384823&CODE_STATE=getMsg HTTP/1.1" 200 27
116.238.191.126 - - [20/Jun/2023:10:16:27 +0800] "GET /xingrg/kc/base/wldb_order_list.html HTTP/1.1" 200 19104
116.238.191.126 - - [20/Jun/2023:10:16:28 +0800] "POST /xingrg/kc/base/wldb_list_operate.html HTTP/1.1" 200 928
180.169.147.146 - - [20/Jun/2023:10:16:28 +0800] "GET /xingrg/all/function/internal_message.html?_=1687227388787&CODE_STATE=getMsg HTTP/1.1" 200 27
61.170.233.201 - - [20/Jun/2023:10:16:29 +0800] "GET /xingrg/check_reg.html?_=1687227390162 HTTP/1.1" 200 22
61.170.233.201 - - [20/Jun/2023:10:16:29 +0800] "GET /xingrg/all/function/internal_message.html?_=1687227390165&CODE_STATE=getMsg HTTP/1.1" 200 27
116.238.191.126 - - [20/Jun/2023:10:16:30 +0800] "GET /xingrg/kc/base/wldb_order_add.html HTTP/1.1" 200 30395
116.238.191.126 - - [20/Jun/2023:10:16:30 +0800] "GET /xingrg/javascript/pic_change.js HTTP/1.1" 304 -
116.238.191.126 - - [20/Jun/2023:10:16:30 +0800] "GET /xingrg/javascript/print/kc_print.js HTTP/1.1" 304 -
116.238.191.126 - - [20/Jun/2023:10:16:30 +0800] "GET /xingrg/javascript/json2.js HTTP/1.1" 304 -
116.238.191.126 - - [20/Jun/2023:10:16:30 +0800] "GET /xingrg/javascript/convert.js HTTP/1.1" 304 -
116.238.191.126 - - [20/Jun/2023:10:16:30 +0800] "GET /xingrg/javascript/jquery_tools/order_manager.js HTTP/1.1" 304 -
116.238.191.126 - - [20/Jun/2023:10:16:30 +0800] "GET /xingrg/words/20230620092939_words.js HTTP/1.1" 304 -
116.238.191.126 - - [20/Jun/2023:10:16:31 +0800] "GET /xingrg/javascript/easyui/themes/icons/ok.png HTTP/1.1" 304 -
116.238.191.126 - - [20/Jun/2023:10:16:31 +0800] "GET /xingrg/javascript/easyui/themes/icons/template_new.png HTTP/1.1" 304 -
116.238.191.126 - - [20/Jun/2023:10:16:31 +0800] "GET /xingrg/javascript/easyui/themes/default/images/menu_downarrow.png HTTP/1.1" 304 -
116.238.191.126 - - [20/Jun/2023:10:16:31 +0800] "GET /xingrg/javascript/easyui/themes/icons/print.png HTTP/1.1" 304 -
116.238.191.126 - - [20/Jun/2023:10:16:31 +0800] "GET /xingrg/javascript/easyui/themes/icons/cancel.png HTTP/1.1" 304 -
116.238.191.126 - - [20/Jun/2023:10:16:31 +0800] "POST /xingrg/kc/base/wldb_order_operate.html HTTP/1.1" 200 6806
116.238.191.126 - - [20/Jun/2023:10:16:31 +0800] "GET /xingrg/javascript/easyui/themes/icons/edit_remove.png HTTP/1.1" 304 -
116.238.191.126 - - [20/Jun/2023:10:16:31 +0800] "GET /xingrg/all/common/auto_word.html?type=base&rest_code=00150 HTTP/1.1" 200 1853
116.238.191.126 - - [20/Jun/2023:10:16:31 +0800] "GET /xingrg/all/common/auto_word.html?type=base&rest_code=00150 HTTP/1.1" 200 1853
116.238.191.126 - - [20/Jun/2023:10:16:31 +0800] "GET /xingrg/javascript/easyui/themes/default/validatebox.css HTTP/1.1" 404 1104
116.238.191.126 - - [20/Jun/2023:10:16:31 +0800] "GET /xingrg/javascript/easyui/plugins/jquery.validatebox.js HTTP/1.1" 304 -
116.238.191.126 - - [20/Jun/2023:10:16:31 +0800] "GET /xingrg/javascript/easyui/plugins/jquery.numberbox.js HTTP/1.1" 304 -
116.238.191.126 - - [20/Jun/2023:10:16:32 +0800] "GET /xingrg/css/images/panel_loading.gif HTTP/1.1" 304 -
116.238.191.126 - - [20/Jun/2023:10:16:32 +0800] "POST /xingrg/all/common/load_combo.html?type=base HTTP/1.1" 200 3318
116.232.195.127 - - [20/Jun/2023:10:16:33 +0800] "GET /xingrg/all/function/internal_message.html?_=1687227393534&CODE_STATE=getMsg HTTP/1.1" 200 27
180.163.28.109 - - [20/Jun/2023:10:16:36 +0800] "GET /xingrg/check_reg.html?_=1687227335937 HTTP/1.1" 302 -
180.163.28.109 - - [20/Jun/2023:10:16:36 +0800] "GET /xingrg/login.html HTTP/1.1" 200 7641
61.170.233.201 - - [20/Jun/2023:10:16:36 +0800] "GET /xingrg/kc/mdqp/qp_main.html HTTP/1.1" 200 10633
180.169.147.146 - - [20/Jun/2023:10:16:36 +0800] "GET /xingrg/all/function/internal_message.html?_=1687227395936&CODE_STATE=getMsg HTTP/1.1" 200 27
61.170.233.201 - - [20/Jun/2023:10:16:37 +0800] "GET /xingrg/images/yd/bt.gif HTTP/1.1" 404 1040
61.170.233.201 - - [20/Jun/2023:10:16:37 +0800] "GET /xingrg/kc/mdqp/pssh_order_list.html HTTP/1.1" 200 17844
116.232.195.127 - - [20/Jun/2023:10:16:38 +0800] "GET /xingrg/all/function/internal_message.html?_=1687227400174&CODE_STATE=getMsg HTTP/1.1" 200 27
61.170.233.201 - - [20/Jun/2023:10:16:38 +0800] "POST /xingrg/kc/mdqp/pssh_list_operate.html HTTP/1.1" 200 5475
222.67.234.146 - - [20/Jun/2023:10:16:40 +0800] "GET /xingrg/check_reg.html?_=1687226893859 HTTP/1.1" 200 22
222.67.234.146 - - [20/Jun/2023:10:16:40 +0800] "GET /xingrg/all/function/internal_message.html?_=1687226893860&CODE_STATE=getMsg HTTP/1.1" 200 27
120.253.135.82 - - [20/Jun/2023:10:16:41 +0800] "GET /xingrg/all/function/internal_message.html?_=1687227234000&CODE_STATE=getMsg HTTP/1.1" 200 27
114.83.219.231 - - [20/Jun/2023:10:16:45 +0800] "GET /xingrg/kc/buy/cgsh_order_add.html HTTP/1.1" 200 71724
114.83.219.231 - - [20/Jun/2023:10:16:45 +0800] "GET /xingrg/words/20230620092939_words.js HTTP/1.1" 304 -
114.83.219.231 - - [20/Jun/2023:10:16:45 +0800] "POST /xingrg/kc/buy/cgsh_order_operate.html HTTP/1.1" 200 8245
