180.169.147.146 - - [20/Jun/2023:09:48:53 +0800] "POST /xingrg/all/report/report_print.html HTTP/1.1" 200 7168
222.67.234.146 - - [20/Jun/2023:09:48:53 +0800] "GET /xingrg/all/function/internal_message.html?_=1687225227068&CODE_STATE=getMsg HTTP/1.1" 200 27
222.70.114.12 - - [20/Jun/2023:09:48:59 +0800] "GET /xingrg/all/function/internal_message.html?_=1687225742413&CODE_STATE=getMsg HTTP/1.1" 200 27
114.85.115.2 - - [20/Jun/2023:09:49:01 +0800] "GET /xingrg/check_reg.html?_=1687225742186 HTTP/1.1" 200 22
124.77.240.38 - - [20/Jun/2023:09:49:01 +0800] "GET /xingrg/all/function/internal_message.html?_=1687225746943&CODE_STATE=getMsg HTTP/1.1" 200 27
180.169.147.146 - - [20/Jun/2023:09:49:03 +0800] "GET /xingrg/all/function/internal_message.html?_=1687225743196&CODE_STATE=getMsg HTTP/1.1" 200 27
180.169.147.146 - - [20/Jun/2023:09:49:03 +0800] "GET /xingrg/check_reg.html?_=1687225743192 HTTP/1.1" 200 22
222.70.180.90 - - [20/Jun/2023:09:49:10 +0800] "POST /xingrg/kc/buy/cgsh_order_operate.html HTTP/1.1" 200 37
116.238.191.126 - - [20/Jun/2023:09:49:10 +0800] "GET /xingrg/all/function/internal_message.html?_=1687225750875&CODE_STATE=getMsg HTTP/1.1" 200 27
61.170.233.201 - - [20/Jun/2023:09:49:10 +0800] "GET /xingrg/kc/buy/cgsh_order_operate.html?command=get_materiel&rest_code=00106&code=00101006109&supplier_code=00100096&order_time=2023-06-20 HTTP/1.1" 200 409
61.170.233.201 - - [20/Jun/2023:09:49:11 +0800] "GET /xingrg/all/function/internal_message.html?_=1687225750100&CODE_STATE=getMsg HTTP/1.1" 200 27
222.67.234.146 - - [20/Jun/2023:09:49:11 +0800] "POST /xingrg/services/DataTransmitService HTTP/1.1" 200 524
222.70.180.90 - - [20/Jun/2023:09:49:12 +0800] "POST /xingrg/kc/buy/cgsh_order_operate.html HTTP/1.1" 200 10401
58.40.7.146 - - [20/Jun/2023:09:49:13 +0800] "GET /xingrg/all/function/internal_message.html?_=1687225753677&CODE_STATE=getMsg HTTP/1.1" 200 27
101.229.22.40 - - [20/Jun/2023:09:49:14 +0800] "GET /favicon.ico HTTP/1.1" 404 -
222.70.180.90 - - [20/Jun/2023:09:49:14 +0800] "GET /xingrg/kc/print/load_data.html?order_code=212023062007139&kc_code=cgsh&condition= HTTP/1.1" 200 3711
101.229.22.40 - - [20/Jun/2023:09:49:15 +0800] "GET /xingrg/login.html HTTP/1.1" 200 7641
101.229.22.40 - - [20/Jun/2023:09:49:16 +0800] "GET /xingrg/images/blue/jxLogo.png HTTP/1.1" 304 -
101.229.22.40 - - [20/Jun/2023:09:49:16 +0800] "GET /xingrg/images/blue/login_bg.png HTTP/1.1" 304 -
101.229.22.40 - - [20/Jun/2023:09:49:16 +0800] "GET /xingrg/images/blue/srbg.png HTTP/1.1" 304 -
101.229.22.40 - - [20/Jun/2023:09:49:16 +0800] "GET /xingrg/images/blue/hj.png HTTP/1.1" 304 -
101.229.22.40 - - [20/Jun/2023:09:49:17 +0800] "GET /favicon.ico HTTP/1.1" 404 -
222.70.180.90 - - [20/Jun/2023:09:49:21 +0800] "GET /xingrg/all/function/internal_message.html?_=1687225760658&CODE_STATE=getMsg HTTP/1.1" 200 27
114.83.219.231 - - [20/Jun/2023:09:49:24 +0800] "GET /xingrg/all/function/internal_message.html?_=1687225764743&CODE_STATE=getMsg HTTP/1.1" 200 27
222.70.180.90 - - [20/Jun/2023:09:49:25 +0800] "GET /xingrg/kc/buy/cgsh_order_add.html HTTP/1.1" 200 71592
222.70.180.90 - - [20/Jun/2023:09:49:25 +0800] "POST /xingrg/kc/buy/cgsh_order_operate.html HTTP/1.1" 200 8245
222.70.180.90 - - [20/Jun/2023:09:49:26 +0800] "GET /xingrg/javascript/easyui/themes/default/validatebox.css HTTP/1.1" 404 1104
61.170.233.201 - - [20/Jun/2023:09:49:29 +0800] "GET /xingrg/kc/buy/cgsh_order_operate.html?command=get_materiel&rest_code=00106&code=00101006065&supplier_code=00100096&order_time=2023-06-20 HTTP/1.1" 200 409
116.232.195.127 - - [20/Jun/2023:09:49:33 +0800] "GET /xingrg/all/function/internal_message.html?_=1687225773520&CODE_STATE=getMsg HTTP/1.1" 200 27
116.232.195.127 - - [20/Jun/2023:09:49:33 +0800] "GET /xingrg/check_reg.html?_=1687225773526 HTTP/1.1" 200 22
116.232.195.127 - - [20/Jun/2023:09:49:38 +0800] "GET /xingrg/all/function/internal_message.html?_=1687225780167&CODE_STATE=getMsg HTTP/1.1" 200 27
222.70.180.90 - - [20/Jun/2023:09:49:40 +0800] "GET /xingrg/kc/buy/cgsh_order_operate.html?command=get_materiel&rest_code=00111&code=00101007023&supplier_code=00100004&order_time=2023-06-20 HTTP/1.1" 200 411
61.170.233.201 - - [20/Jun/2023:09:49:41 +0800] "GET /xingrg/kc/buy/cgsh_order_operate.html?command=get_materiel&rest_code=00106&code=00101006112&supplier_code=00100096&order_time=2023-06-20 HTTP/1.1" 200 411
222.67.234.146 - - [20/Jun/2023:09:49:53 +0800] "GET /xingrg/all/function/internal_message.html?_=1687225287095&CODE_STATE=getMsg HTTP/1.1" 200 27
222.67.234.146 - - [20/Jun/2023:09:49:53 +0800] "GET /xingrg/check_reg.html?_=1687225287096 HTTP/1.1" 200 22
222.70.180.90 - - [20/Jun/2023:09:49:58 +0800] "GET /xingrg/kc/buy/cgsh_order_operate.html?command=get_materiel&rest_code=00111&code=00101007085&supplier_code=00100004&order_time=2023-06-20 HTTP/1.1" 200 413
222.70.114.12 - - [20/Jun/2023:09:49:59 +0800] "GET /xingrg/all/function/internal_message.html?_=1687225802413&CODE_STATE=getMsg HTTP/1.1" 200 27
124.77.240.38 - - [20/Jun/2023:09:50:01 +0800] "GET /xingrg/all/function/internal_message.html?_=1687225806957&CODE_STATE=getMsg HTTP/1.1" 200 27
222.70.111.174 - - [20/Jun/2023:09:50:02 +0800] "GET /favicon.ico HTTP/1.1" 404 -
180.163.30.27 - - [20/Jun/2023:09:50:03 +0800] "GET /xingrg/check_reg.html?_=1687225743192 HTTP/1.1" 302 -
180.163.30.27 - - [20/Jun/2023:09:50:03 +0800] "GET /xingrg/login.html HTTP/1.1" 200 7641
180.169.147.146 - - [20/Jun/2023:09:50:03 +0800] "GET /xingrg/all/function/internal_message.html?_=1687225803181&CODE_STATE=getMsg HTTP/1.1" 200 27
222.70.180.90 - - [20/Jun/2023:09:50:08 +0800] "GET /xingrg/kc/buy/cgsh_order_operate.html?command=get_materiel&rest_code=00111&code=00101007022&supplier_code=00100004&order_time=2023-06-20 HTTP/1.1" 200 413
61.170.233.201 - - [20/Jun/2023:09:50:09 +0800] "GET /xingrg/kc/buy/cgsh_order_operate.html?command=get_materiel&rest_code=00106&code=00101006293&supplier_code=00100096&order_time=2023-06-20 HTTP/1.1" 200 432
116.238.191.126 - - [20/Jun/2023:09:50:10 +0800] "GET /xingrg/all/function/internal_message.html?_=1687225810861&CODE_STATE=getMsg HTTP/1.1" 200 27
61.170.233.201 - - [20/Jun/2023:09:50:11 +0800] "GET /xingrg/all/function/internal_message.html?_=1687225810082&CODE_STATE=getMsg HTTP/1.1" 200 27
58.40.7.146 - - [20/Jun/2023:09:50:13 +0800] "GET /xingrg/all/function/internal_message.html?_=1687225813683&CODE_STATE=getMsg HTTP/1.1" 200 27
180.164.3.199 - - [20/Jun/2023:09:50:15 +0800] "GET /xingrg/check_reg.html?_=1687225814741 HTTP/1.1" 302 -
222.70.180.90 - - [20/Jun/2023:09:50:21 +0800] "GET /xingrg/all/function/internal_message.html?_=1687225820634&CODE_STATE=getMsg HTTP/1.1" 200 27
180.169.147.146 - - [20/Jun/2023:09:50:23 +0800] "POST /xingrg/kc/base/wldb_list_operate.html HTTP/1.1" 302 -
180.169.147.146 - - [20/Jun/2023:09:50:23 +0800] "GET /xingrg/login.html HTTP/1.1" 200 7641
180.169.147.146 - - [20/Jun/2023:09:50:23 +0800] "GET /xingrg/kc/base/images/blue/login_bg.png HTTP/1.1" 404 1072
180.169.147.146 - - [20/Jun/2023:09:50:23 +0800] "GET /xingrg/kc/base/images/blue/srbg.png HTTP/1.1" 404 1064
180.169.147.146 - - [20/Jun/2023:09:50:23 +0800] "GET /xingrg/kc/base/images/blue/hj.png HTTP/1.1" 404 1060
180.169.147.146 - - [20/Jun/2023:09:50:23 +0800] "GET /xingrg/kc/buy/buy_main.html HTTP/1.1" 302 -
180.169.147.146 - - [20/Jun/2023:09:50:23 +0800] "GET /xingrg/login.html HTTP/1.1" 200 7641
180.169.147.146 - - [20/Jun/2023:09:50:23 +0800] "GET /xingrg/login.html HTTP/1.1" 200 7641
114.83.219.231 - - [20/Jun/2023:09:50:24 +0800] "GET /xingrg/all/function/internal_message.html?_=1687225824758&CODE_STATE=getMsg HTTP/1.1" 200 27
222.70.180.90 - - [20/Jun/2023:09:50:25 +0800] "GET /xingrg/kc/buy/cgsh_order_operate.html?command=get_materiel&rest_code=00111&code=00101007061&supplier_code=00100004&order_time=2023-06-20 HTTP/1.1" 200 409
180.169.147.146 - - [20/Jun/2023:09:50:25 +0800] "GET /favicon.ico HTTP/1.1" 404 -
180.169.147.146 - - [20/Jun/2023:09:50:28 +0800] "POST /xingrg/login.do HTTP/1.1" 302 -
180.169.147.146 - - [20/Jun/2023:09:50:28 +0800] "GET /xingrg/index.html?sysBaseUrl=http%3A%2F%2F180.169.147.146%3A18081%2Fxingrg%2F&costTime=1524×tamp=1687225827999 HTTP/1.1" 200 17179
180.169.147.146 - - [20/Jun/2023:09:50:28 +0800] "GET /favicon.ico HTTP/1.1" 404 -
180.169.147.146 - - [20/Jun/2023:09:50:28 +0800] "GET /xingrg/all/function/internal_message.html?_=1687225828767&CODE_STATE=count HTTP/1.1" 200 11
180.169.147.146 - - [20/Jun/2023:09:50:28 +0800] "GET /xingrg/check_reg.html?_=1687225828768 HTTP/1.1" 200 22
180.169.147.146 - - [20/Jun/2023:09:50:28 +0800] "POST /xingrg/all/common/load_tree.html?tree=area_rest_tree_json&manage=1 HTTP/1.1" 200 351
180.169.147.146 - - [20/Jun/2023:09:50:28 +0800] "POST /xingrg/load_menu.html HTTP/1.1" 200 5138
180.169.147.146 - - [20/Jun/2023:09:50:29 +0800] "GET /xingrg/kc/buy/buy_main.html HTTP/1.1" 200 12412
180.169.147.146 - - [20/Jun/2023:09:50:29 +0800] "GET /xingrg/css/new_ie.css HTTP/1.1" 404 1036
180.169.147.146 - - [20/Jun/2023:09:50:29 +0800] "GET /xingrg/images/yd/bt.gif HTTP/1.1" 404 1040
180.169.147.146 - - [20/Jun/2023:09:50:32 +0800] "GET /xingrg/kc/buy/cgsh_order_list.html HTTP/1.1" 200 8212
180.169.147.146 - - [20/Jun/2023:09:50:32 +0800] "GET /xingrg/kc/buy/cgsh_order_list.html HTTP/1.1" 200 8212
180.169.147.146 - - [20/Jun/2023:09:50:33 +0800] "GET /xingrg/kc/buy/cgsh_order_list.html HTTP/1.1" 200 55860
116.232.195.127 - - [20/Jun/2023:09:50:33 +0800] "GET /xingrg/all/function/internal_message.html?_=1687225833535&CODE_STATE=getMsg HTTP/1.1" 200 27
116.232.195.127 - - [20/Jun/2023:09:50:38 +0800] "GET /xingrg/all/function/internal_message.html?_=1687225840174&CODE_STATE=getMsg HTTP/1.1" 200 27
180.169.147.146 - - [20/Jun/2023:09:50:38 +0800] "POST /xingrg/kc/buy/cgsh_list_operate.html HTTP/1.1" 200 6020
222.70.180.90 - - [20/Jun/2023:09:50:39 +0800] "GET /xingrg/kc/buy/cgsh_order_operate.html?command=get_materiel&rest_code=00111&code=00101007081&supplier_code=00100004&order_time=2023-06-20 HTTP/1.1" 200 413
222.67.234.146 - - [20/Jun/2023:09:50:53 +0800] "GET /xingrg/all/function/internal_message.html?_=1687225347103&CODE_STATE=getMsg HTTP/1.1" 200 27
120.253.135.82 - - [20/Jun/2023:09:50:54 +0800] "GET /favicon.ico HTTP/1.1" 404 -
222.70.114.12 - - [20/Jun/2023:09:50:59 +0800] "GET /xingrg/check_reg.html?_=1687225862414 HTTP/1.1" 200 22
222.70.114.12 - - [20/Jun/2023:09:50:59 +0800] "GET /xingrg/all/function/internal_message.html?_=1687225862417&CODE_STATE=getMsg HTTP/1.1" 200 27
124.77.240.38 - - [20/Jun/2023:09:51:01 +0800] "GET /xingrg/all/function/internal_message.html?_=1687225867225&CODE_STATE=getMsg HTTP/1.1" 200 27
180.169.147.146 - - [20/Jun/2023:09:51:03 +0800] "GET /xingrg/all/function/internal_message.html?_=1687225863184&CODE_STATE=getMsg HTTP/1.1" 200 27
116.238.191.126 - - [20/Jun/2023:09:51:10 +0800] "GET /xingrg/check_reg.html?_=1687225870876 HTTP/1.1" 200 22
116.238.191.126 - - [20/Jun/2023:09:51:10 +0800] "GET /xingrg/all/function/internal_message.html?_=1687225870879&CODE_STATE=getMsg HTTP/1.1" 200 27
58.40.7.146 - - [20/Jun/2023:09:51:13 +0800] "GET /xingrg/all/function/internal_message.html?_=1687225873684&CODE_STATE=getMsg HTTP/1.1" 200 27
58.40.7.146 - - [20/Jun/2023:09:51:13 +0800] "GET /xingrg/check_reg.html?_=1687225873685 HTTP/1.1" 200 22
222.70.180.90 - - [20/Jun/2023:09:51:21 +0800] "GET /xingrg/all/function/internal_message.html?_=1687225880610&CODE_STATE=getMsg HTTP/1.1" 200 27
61.170.233.201 - - [20/Jun/2023:09:51:23 +0800] "GET /xingrg/all/function/internal_message.html?_=1687225870056&CODE_STATE=getMsg HTTP/1.1" 200 27
114.83.219.231 - - [20/Jun/2023:09:51:24 +0800] "GET /xingrg/all/function/internal_message.html?_=1687225884769&CODE_STATE=getMsg HTTP/1.1" 200 27
222.70.180.90 - - [20/Jun/2023:09:51:26 +0800] "POST /xingrg/kc/buy/cgsh_order_operate.html HTTP/1.1" 200 37
180.169.147.146 - - [20/Jun/2023:09:51:28 +0800] "GET /xingrg/all/function/internal_message.html?_=1687225888777&CODE_STATE=getMsg HTTP/1.1" 200 27
61.170.233.201 - - [20/Jun/2023:09:51:30 +0800] "GET /xingrg/kc/buy/cgsh_order_operate.html?command=get_materiel&rest_code=00106&code=00101006111&supplier_code=00100096&order_time=2023-06-20 HTTP/1.1" 200 411
222.70.180.90 - - [20/Jun/2023:09:51:31 +0800] "POST /xingrg/kc/buy/cgsh_order_operate.html HTTP/1.1" 200 5021
116.232.195.127 - - [20/Jun/2023:09:51:33 +0800] "GET /xingrg/all/function/internal_message.html?_=1687225893527&CODE_STATE=getMsg HTTP/1.1" 200 27
222.70.180.90 - - [20/Jun/2023:09:51:34 +0800] "GET /xingrg/kc/print/load_data.html?order_code=212023062007140&kc_code=cgsh&condition= HTTP/1.1" 200 1624
116.232.195.127 - - [20/Jun/2023:09:51:38 +0800] "GET /xingrg/all/function/internal_message.html?_=1687225900163&CODE_STATE=getMsg HTTP/1.1" 200 27
222.67.234.146 - - [20/Jun/2023:09:51:53 +0800] "GET /xingrg/all/function/internal_message.html?_=1687225407095&CODE_STATE=getMsg HTTP/1.1" 200 27
114.85.113.108 - - [20/Jun/2023:09:51:57 +0800] "GET /xingrg/check_reg.html?_=1687225916418 HTTP/1.1" 302 -
114.85.113.108 - - [20/Jun/2023:09:51:57 +0800] "GET /xingrg/login.html HTTP/1.1" 200 7641
222.70.114.12 - - [20/Jun/2023:09:51:59 +0800] "GET /xingrg/all/function/internal_message.html?_=1687225922411&CODE_STATE=getMsg HTTP/1.1" 200 27
61.170.233.201 - - [20/Jun/2023:09:52:00 +0800] "GET /xingrg/kc/buy/cgsh_order_operate.html?command=get_materiel&rest_code=00106&code=00101006168&supplier_code=00100096&order_time=2023-06-20 HTTP/1.1" 200 423
124.77.240.38 - - [20/Jun/2023:09:52:01 +0800] "GET /xingrg/all/function/internal_message.html?_=1687225927234&CODE_STATE=getMsg HTTP/1.1" 200 27
180.169.147.146 - - [20/Jun/2023:09:52:03 +0800] "GET /xingrg/all/function/internal_message.html?_=1687225923183&CODE_STATE=getMsg HTTP/1.1" 200 27
116.238.191.126 - - [20/Jun/2023:09:52:10 +0800] "GET /xingrg/all/function/internal_message.html?_=1687225930879&CODE_STATE=getMsg HTTP/1.1" 200 27
61.170.233.201 - - [20/Jun/2023:09:52:11 +0800] "GET /xingrg/all/function/internal_message.html?_=1687225930046&CODE_STATE=getMsg HTTP/1.1" 200 27
61.170.233.201 - - [20/Jun/2023:09:52:11 +0800] "GET /xingrg/check_reg.html?_=1687225930676 HTTP/1.1" 200 22
58.40.7.146 - - [20/Jun/2023:09:52:13 +0800] "GET /xingrg/all/function/internal_message.html?_=1687225933686&CODE_STATE=getMsg HTTP/1.1" 200 27
61.170.233.201 - - [20/Jun/2023:09:52:20 +0800] "GET /xingrg/kc/buy/cgsh_order_operate.html?command=get_materiel&rest_code=00106&code=00101006193&supplier_code=00100096&order_time=2023-06-20 HTTP/1.1" 200 411
222.70.180.90 - - [20/Jun/2023:09:52:21 +0800] "GET /xingrg/all/function/internal_message.html?_=1687225940589&CODE_STATE=getMsg HTTP/1.1" 200 27
222.70.180.90 - - [20/Jun/2023:09:52:21 +0800] "GET /xingrg/check_reg.html?_=1687225940749 HTTP/1.1" 200 22
180.163.29.219 - - [20/Jun/2023:09:52:23 +0800] "GET /xingrg/kc/buy/cgsh_order_operate.html?command=get_materiel&rest_code=00106&code=00101006111&supplier_code=00100096&order_time=2023-06-20 HTTP/1.1" 302 -
180.163.29.219 - - [20/Jun/2023:09:52:23 +0800] "GET /xingrg/login.html HTTP/1.1" 200 7641
114.83.219.231 - - [20/Jun/2023:09:52:24 +0800] "GET /xingrg/all/function/internal_message.html?_=1687225944757&CODE_STATE=getMsg HTTP/1.1" 200 27
114.83.219.231 - - [20/Jun/2023:09:52:24 +0800] "GET /xingrg/check_reg.html?_=1687225944761 HTTP/1.1" 200 22
180.169.147.146 - - [20/Jun/2023:09:52:28 +0800] "GET /xingrg/all/function/internal_message.html?_=1687225948771&CODE_STATE=getMsg HTTP/1.1" 200 27
116.232.195.127 - - [20/Jun/2023:09:52:33 +0800] "GET /xingrg/all/function/internal_message.html?_=1687225953531&CODE_STATE=getMsg HTTP/1.1" 200 27
116.232.195.127 - - [20/Jun/2023:09:52:38 +0800] "GET /xingrg/all/function/internal_message.html?_=1687225960177&CODE_STATE=getMsg HTTP/1.1" 200 27
180.169.147.146 - - [20/Jun/2023:09:52:42 +0800] "POST /xingrg/kc/buy/cgsh_list_operate.html HTTP/1.1" 200 4
222.67.234.146 - - [20/Jun/2023:09:52:53 +0800] "GET /xingrg/all/function/internal_message.html?_=1687225467092&CODE_STATE=getMsg HTTP/1.1" 200 27
180.169.147.146 - - [20/Jun/2023:09:52:58 +0800] "POST /xingrg/kc/buy/cgsh_list_operate.html HTTP/1.1" 200 5971
222.70.114.12 - - [20/Jun/2023:09:52:59 +0800] "GET /xingrg/all/function/internal_message.html?_=1687225982408&CODE_STATE=getMsg HTTP/1.1" 200 27
124.77.240.38 - - [20/Jun/2023:09:52:59 +0800] "GET /xingrg/check_reg.html?_=1687225985335 HTTP/1.1" 200 22
124.77.240.38 - - [20/Jun/2023:09:53:01 +0800] "GET /xingrg/all/function/internal_message.html?_=1687225987249&CODE_STATE=getMsg HTTP/1.1" 200 27
180.169.147.146 - - [20/Jun/2023:09:53:03 +0800] "GET /xingrg/all/function/internal_message.html?_=1687225983179&CODE_STATE=getMsg HTTP/1.1" 200 27
116.238.191.126 - - [20/Jun/2023:09:53:10 +0800] "GET /xingrg/all/function/internal_message.html?_=1687225990880&CODE_STATE=getMsg HTTP/1.1" 200 27
61.170.233.201 - - [20/Jun/2023:09:53:11 +0800] "GET /xingrg/all/function/internal_message.html?_=1687225990001&CODE_STATE=getMsg HTTP/1.1" 200 27
58.40.7.146 - - [20/Jun/2023:09:53:13 +0800] "GET /xingrg/all/function/internal_message.html?_=1687225993675&CODE_STATE=getMsg HTTP/1.1" 200 27
222.70.180.90 - - [20/Jun/2023:09:53:21 +0800] "GET /xingrg/all/function/internal_message.html?_=1687226000562&CODE_STATE=getMsg HTTP/1.1" 200 27
114.83.219.231 - - [20/Jun/2023:09:53:24 +0800] "GET /xingrg/all/function/internal_message.html?_=1687226004765&CODE_STATE=getMsg HTTP/1.1" 200 27
180.169.147.146 - - [20/Jun/2023:09:53:28 +0800] "GET /xingrg/all/function/internal_message.html?_=1687226008770&CODE_STATE=getMsg HTTP/1.1" 200 27
116.232.195.127 - - [20/Jun/2023:09:53:33 +0800] "GET /xingrg/all/function/internal_message.html?_=1687226013520&CODE_STATE=getMsg HTTP/1.1" 200 27
116.232.195.127 - - [20/Jun/2023:09:53:38 +0800] "GET /xingrg/check_reg.html?_=1687226020178 HTTP/1.1" 200 22
116.232.195.127 - - [20/Jun/2023:09:53:38 +0800] "GET /xingrg/all/function/internal_message.html?_=1687226020181&CODE_STATE=getMsg HTTP/1.1" 200 27
222.67.234.146 - - [20/Jun/2023:09:53:53 +0800] "GET /xingrg/all/function/internal_message.html?_=1687225527120&CODE_STATE=getMsg HTTP/1.1" 200 27
222.70.114.12 - - [20/Jun/2023:09:53:59 +0800] "GET /xingrg/all/function/internal_message.html?_=1687226042410&CODE_STATE=getMsg HTTP/1.1" 200 27
114.85.115.2 - - [20/Jun/2023:09:54:01 +0800] "GET /xingrg/check_reg.html?_=1687226042162 HTTP/1.1" 200 22
124.77.240.38 - - [20/Jun/2023:09:54:01 +0800] "GET /xingrg/all/function/internal_message.html?_=1687226047261&CODE_STATE=getMsg HTTP/1.1" 200 27
180.169.147.146 - - [20/Jun/2023:09:54:03 +0800] "GET /xingrg/all/function/internal_message.html?_=1687226043182&CODE_STATE=getMsg HTTP/1.1" 200 27
180.169.147.146 - - [20/Jun/2023:09:54:03 +0800] "GET /xingrg/check_reg.html?_=1687226043184 HTTP/1.1" 200 22
116.238.191.126 - - [20/Jun/2023:09:54:10 +0800] "GET /xingrg/all/function/internal_message.html?_=1687226050880&CODE_STATE=getMsg HTTP/1.1" 200 27
61.170.233.201 - - [20/Jun/2023:09:54:11 +0800] "GET /xingrg/all/function/internal_message.html?_=1687226049972&CODE_STATE=getMsg HTTP/1.1" 200 27
58.40.7.146 - - [20/Jun/2023:09:54:13 +0800] "GET /xingrg/all/function/internal_message.html?_=1687226053677&CODE_STATE=getMsg HTTP/1.1" 200 27
116.238.191.126 - - [20/Jun/2023:09:54:21 +0800] "POST /xingrg/kc/buy/cgsh_list_operate.html HTTP/1.1" 200 606
61.170.233.201 - - [20/Jun/2023:09:54:21 +0800] "GET /xingrg/kc/buy/cgsh_order_operate.html?command=get_materiel&rest_code=00106&code=00101007027&supplier_code=00100096&order_time=2023-06-20 HTTP/1.1" 200 421
222.70.180.90 - - [20/Jun/2023:09:54:21 +0800] "GET /xingrg/all/function/internal_message.html?_=1687226060547&CODE_STATE=getMsg HTTP/1.1" 200 27
116.238.191.126 - - [20/Jun/2023:09:54:24 +0800] "GET /xingrg/kc/buy/cgsh_order_info.html?code=212023062007124 HTTP/1.1" 200 71265
116.238.191.126 - - [20/Jun/2023:09:54:24 +0800] "GET /xingrg/words/20230620092939_words.js HTTP/1.1" 304 -
116.238.191.126 - - [20/Jun/2023:09:54:24 +0800] "GET /xingrg/javascript/easyui/themes/default/validatebox.css HTTP/1.1" 404 1104
114.83.219.231 - - [20/Jun/2023:09:54:24 +0800] "GET /xingrg/all/function/internal_message.html?_=1687226064776&CODE_STATE=getMsg HTTP/1.1" 200 27
116.238.191.126 - - [20/Jun/2023:09:54:25 +0800] "POST /xingrg/kc/buy/cgsh_order_operate.html HTTP/1.1" 200 6324
180.169.147.146 - - [20/Jun/2023:09:54:28 +0800] "GET /xingrg/all/function/internal_message.html?_=1687226068797&CODE_STATE=getMsg HTTP/1.1" 200 27
116.232.195.127 - - [20/Jun/2023:09:54:33 +0800] "GET /xingrg/all/function/internal_message.html?_=1687226073529&CODE_STATE=getMsg HTTP/1.1" 200 27
116.232.195.127 - - [20/Jun/2023:09:54:33 +0800] "GET /xingrg/check_reg.html?_=1687226073532 HTTP/1.1" 200 22
61.170.233.201 - - [20/Jun/2023:09:54:37 +0800] "GET /xingrg/kc/buy/cgsh_order_operate.html?command=get_materiel&rest_code=00106&code=00101007061&supplier_code=00100096&order_time=2023-06-20 HTTP/1.1" 200 411
116.232.195.127 - - [20/Jun/2023:09:54:38 +0800] "GET /xingrg/all/function/internal_message.html?_=1687226080164&CODE_STATE=getMsg HTTP/1.1" 200 27
180.169.147.146 - - [20/Jun/2023:09:54:50 +0800] "POST /xingrg/kc/buy/cgsh_list_operate.html HTTP/1.1" 200 4
222.67.234.146 - - [20/Jun/2023:09:54:53 +0800] "GET /xingrg/check_reg.html?_=1687225587112 HTTP/1.1" 200 22
222.67.234.146 - - [20/Jun/2023:09:54:53 +0800] "GET /xingrg/all/function/internal_message.html?_=1687225587114&CODE_STATE=getMsg HTTP/1.1" 200 27
61.170.233.201 - - [20/Jun/2023:09:54:58 +0800] "GET /xingrg/kc/buy/cgsh_order_operate.html?command=get_materiel&rest_code=00106&code=00101007081&supplier_code=00100096&order_time=2023-06-20 HTTP/1.1" 200 415
222.70.114.12 - - [20/Jun/2023:09:54:59 +0800] "GET /xingrg/all/function/internal_message.html?_=1687226102417&CODE_STATE=getMsg HTTP/1.1" 200 27
124.77.240.38 - - [20/Jun/2023:09:55:01 +0800] "GET /xingrg/all/function/internal_message.html?_=1687226107274&CODE_STATE=getMsg HTTP/1.1" 200 27
180.169.147.146 - - [20/Jun/2023:09:55:03 +0800] "GET /xingrg/all/function/internal_message.html?_=1687226103181&CODE_STATE=getMsg HTTP/1.1" 200 27
116.238.191.126 - - [20/Jun/2023:09:55:10 +0800] "GET /xingrg/all/function/internal_message.html?_=1687226110899&CODE_STATE=getMsg HTTP/1.1" 200 27
61.170.233.201 - - [20/Jun/2023:09:55:11 +0800] "GET /xingrg/all/function/internal_message.html?_=1687226109948&CODE_STATE=getMsg HTTP/1.1" 200 27
58.40.7.146 - - [20/Jun/2023:09:55:13 +0800] "GET /xingrg/all/function/internal_message.html?_=1687226113680&CODE_STATE=getMsg HTTP/1.1" 200 27
61.170.233.201 - - [20/Jun/2023:09:55:15 +0800] "GET /xingrg/kc/buy/cgsh_order_operate.html?command=get_materiel&rest_code=00106&code=00101007049&supplier_code=00100096&order_time=2023-06-20 HTTP/1.1" 200 409
180.164.3.199 - - [20/Jun/2023:09:55:15 +0800] "GET /xingrg/check_reg.html?_=1687226114731 HTTP/1.1" 302 -
180.169.147.146 - - [20/Jun/2023:09:55:17 +0800] "POST /xingrg/kc/buy/cgsh_list_operate.html HTTP/1.1" 200 1867
222.70.180.90 - - [20/Jun/2023:09:55:21 +0800] "GET /xingrg/all/function/internal_message.html?_=1687226120532&CODE_STATE=getMsg HTTP/1.1" 200 27
116.238.191.126 - - [20/Jun/2023:09:55:23 +0800] "GET /xingrg/javascript/auto/indicator.gif HTTP/1.1" 404 1066
114.83.219.231 - - [20/Jun/2023:09:55:24 +0800] "GET /xingrg/all/function/internal_message.html?_=1687226124765&CODE_STATE=getMsg HTTP/1.1" 200 27
180.169.147.146 - - [20/Jun/2023:09:55:28 +0800] "GET /xingrg/check_reg.html?_=1687226128785 HTTP/1.1" 200 22
180.169.147.146 - - [20/Jun/2023:09:55:28 +0800] "GET /xingrg/all/function/internal_message.html?_=1687226128786&CODE_STATE=getMsg HTTP/1.1" 200 27
116.238.191.126 - - [20/Jun/2023:09:55:30 +0800] "GET /xingrg/kc/buy/cgsh_order_operate.html?command=get_materiel&rest_code=00151&code=00101037331&supplier_code=00100393&order_time=2023-06-20 HTTP/1.1" 200 432
116.232.195.127 - - [20/Jun/2023:09:55:33 +0800] "GET /xingrg/all/function/internal_message.html?_=1687226133528&CODE_STATE=getMsg HTTP/1.1" 200 27
116.238.191.126 - - [20/Jun/2023:09:55:36 +0800] "POST /xingrg/all/common/load_select.html HTTP/1.1" 200 25
61.170.233.201 - - [20/Jun/2023:09:55:37 +0800] "GET /xingrg/kc/buy/cgsh_order_operate.html?command=get_materiel&rest_code=00106&code=00101007082&supplier_code=00100096&order_time=2023-06-20 HTTP/1.1" 200 426
116.232.195.127 - - [20/Jun/2023:09:55:38 +0800] "GET /xingrg/all/function/internal_message.html?_=1687226140175&CODE_STATE=getMsg HTTP/1.1" 200 27
180.169.147.146 - - [20/Jun/2023:09:55:39 +0800] "POST /xingrg/kc/buy/cgsh_list_operate.html HTTP/1.1" 200 604
180.169.147.146 - - [20/Jun/2023:09:55:41 +0800] "GET /xingrg/kc/buy/cgsh_order_info.html?code=212023061906802 HTTP/1.1" 200 71646
180.169.147.146 - - [20/Jun/2023:09:55:41 +0800] "GET /xingrg/words/20230620092939_words.js HTTP/1.1" 200 969178
180.169.147.146 - - [20/Jun/2023:09:55:42 +0800] "GET /xingrg/javascript/easyui/themes/default/validatebox.css HTTP/1.1" 404 1104
180.169.147.146 - - [20/Jun/2023:09:55:42 +0800] "GET /xingrg/all/common/auto_word.html?type=employee&rest_code=00147 HTTP/1.1" 200 101
180.169.147.146 - - [20/Jun/2023:09:55:42 +0800] "GET /xingrg/all/common/auto_word.html?type=employee&rest_code=00147 HTTP/1.1" 200 101
180.169.147.146 - - [20/Jun/2023:09:55:43 +0800] "POST /xingrg/kc/buy/cgsh_order_operate.html HTTP/1.1" 200 6828
116.238.191.126 - - [20/Jun/2023:09:55:43 +0800] "GET /xingrg/kc/buy/cgsh_order_operate.html?command=get_materiel_price&rest_code=00151&code=00101037331&unit_code=00100721&supplier_code=00100393&order_time=2023-06-20 HTTP/1.1" 200 27
222.67.234.146 - - [20/Jun/2023:09:55:53 +0800] "GET /xingrg/all/function/internal_message.html?_=1687225647099&CODE_STATE=getMsg HTTP/1.1" 200 27
222.70.114.12 - - [20/Jun/2023:09:55:59 +0800] "GET /xingrg/check_reg.html?_=1687226162411 HTTP/1.1" 200 22
222.70.114.12 - - [20/Jun/2023:09:55:59 +0800] "GET /xingrg/all/function/internal_message.html?_=1687226162415&CODE_STATE=getMsg HTTP/1.1" 200 27
124.77.240.38 - - [20/Jun/2023:09:56:02 +0800] "GET /xingrg/all/function/internal_message.html?_=1687226167534&CODE_STATE=getMsg HTTP/1.1" 200 27
180.163.30.100 - - [20/Jun/2023:09:56:03 +0800] "GET /xingrg/all/function/internal_message.html?_=1687226103181&CODE_STATE=getMsg HTTP/1.1" 302 -
180.163.30.100 - - [20/Jun/2023:09:56:03 +0800] "GET /xingrg/login.html HTTP/1.1" 200 7641
180.169.147.146 - - [20/Jun/2023:09:56:03 +0800] "GET /xingrg/all/function/internal_message.html?_=1687226163170&CODE_STATE=getMsg HTTP/1.1" 200 27
61.170.233.201 - - [20/Jun/2023:09:56:08 +0800] "POST /xingrg/kc/buy/cgsh_order_operate.html HTTP/1.1" 200 37
116.238.191.126 - - [20/Jun/2023:09:56:10 +0800] "GET /xingrg/kc/buy/cgsh_order_operate.html?command=get_materiel&rest_code=00151&code=00101037332&supplier_code=00100393&order_time=2023-06-20 HTTP/1.1" 200 436
116.238.191.126 - - [20/Jun/2023:09:56:10 +0800] "GET /xingrg/check_reg.html?_=1687226170982 HTTP/1.1" 200 22
61.170.233.201 - - [20/Jun/2023:09:56:10 +0800] "GET /xingrg/all/function/internal_message.html?_=1687226169929&CODE_STATE=getMsg HTTP/1.1" 200 27
116.238.191.126 - - [20/Jun/2023:09:56:10 +0800] "GET /xingrg/all/function/internal_message.html?_=1687226170983&CODE_STATE=getMsg HTTP/1.1" 200 27
180.163.29.234 - - [20/Jun/2023:09:56:11 +0800] "GET /xingrg/all/function/internal_message.html?_=1687226109948&CODE_STATE=getMsg HTTP/1.1" 302 -
180.163.29.234 - - [20/Jun/2023:09:56:11 +0800] "GET /xingrg/login.html HTTP/1.1" 200 7641
61.170.233.201 - - [20/Jun/2023:09:56:11 +0800] "POST /xingrg/kc/buy/cgsh_order_operate.html HTTP/1.1" 200 11028
58.40.7.146 - - [20/Jun/2023:09:56:13 +0800] "GET /xingrg/all/function/internal_message.html?_=1687226173685&CODE_STATE=getMsg HTTP/1.1" 200 27
58.40.7.146 - - [20/Jun/2023:09:56:13 +0800] "GET /xingrg/check_reg.html?_=1687226173686 HTTP/1.1" 200 22
222.70.180.90 - - [20/Jun/2023:09:56:21 +0800] "GET /xingrg/all/function/internal_message.html?_=1687226180517&CODE_STATE=getMsg HTTP/1.1" 200 27
114.83.219.231 - - [20/Jun/2023:09:56:24 +0800] "GET /xingrg/all/function/internal_message.html?_=1687226184760&CODE_STATE=getMsg HTTP/1.1" 200 27
180.169.147.146 - - [20/Jun/2023:09:56:28 +0800] "GET /xingrg/all/function/internal_message.html?_=1687226188877&CODE_STATE=getMsg HTTP/1.1" 200 27
116.238.191.126 - - [20/Jun/2023:09:56:29 +0800] "GET /xingrg/kc/buy/cgsh_order_operate.html?command=get_materiel&rest_code=00151&code=00101037333&supplier_code=00100393&order_time=2023-06-20 HTTP/1.1" 200 436
180.169.147.146 - - [20/Jun/2023:09:56:33 +0800] "POST /xingrg/dwr/call/plaincall/AjaxReportQueryService.refreshCache.dwr HTTP/1.1" 200 78
116.232.195.127 - - [20/Jun/2023:09:56:33 +0800] "GET /xingrg/all/function/internal_message.html?_=1687226193524&CODE_STATE=getMsg HTTP/1.1" 200 27
180.169.147.146 - - [20/Jun/2023:09:56:33 +0800] "POST /xingrg/dwr/call/plaincall/AjaxReportQueryService.refreshCache.dwr HTTP/1.1" 200 78
116.232.195.127 - - [20/Jun/2023:09:56:38 +0800] "GET /xingrg/all/function/internal_message.html?_=1687226200166&CODE_STATE=getMsg HTTP/1.1" 200 27
116.238.191.126 - - [20/Jun/2023:09:56:38 +0800] "POST /xingrg/services/DataTransmitService HTTP/1.1" 200 524
61.170.233.201 - - [20/Jun/2023:09:56:44 +0800] "POST /xingrg/kc/buy/cgsh_order_operate.html HTTP/1.1" 200 37
180.169.147.146 - - [20/Jun/2023:09:56:44 +0800] "POST /xingrg/all/report/load_report_page.html HTTP/1.1" 200 51327
180.169.147.146 - - [20/Jun/2023:09:56:44 +0800] "POST /xingrg/all/report/load_report_page.html HTTP/1.1" 200 51223
180.169.147.146 - - [20/Jun/2023:09:56:44 +0800] "GET /xingrg/servlets/image?cache=0.49997166481830235&image=px HTTP/1.1" 200 807
180.169.147.146 - - [20/Jun/2023:09:56:44 +0800] "GET /xingrg/servlets/image?cache=0.947023843444357&image=px HTTP/1.1" 200 807
61.170.233.201 - - [20/Jun/2023:09:56:51 +0800] "POST /xingrg/kc/buy/cgsh_order_operate.html HTTP/1.1" 200 11028
222.67.234.146 - - [20/Jun/2023:09:56:53 +0800] "GET /xingrg/all/function/internal_message.html?_=1687225707089&CODE_STATE=getMsg HTTP/1.1" 200 27
114.85.113.108 - - [20/Jun/2023:09:56:57 +0800] "GET /xingrg/check_reg.html?_=1687226216401 HTTP/1.1" 302 -
222.70.114.12 - - [20/Jun/2023:09:56:59 +0800] "GET /xingrg/all/function/internal_message.html?_=1687226222413&CODE_STATE=getMsg HTTP/1.1" 200 27
124.77.240.38 - - [20/Jun/2023:09:57:02 +0800] "GET /xingrg/all/function/internal_message.html?_=1687226227535&CODE_STATE=getMsg HTTP/1.1" 200 27
180.169.147.146 - - [20/Jun/2023:09:57:03 +0800] "GET /xingrg/all/function/internal_message.html?_=1687226223162&CODE_STATE=getMsg HTTP/1.1" 200 27
180.169.147.146 - - [20/Jun/2023:09:57:06 +0800] "GET /xingrg/all/report/report_query.html?fileName=kc/buy/gys_amount_base_rest.xml HTTP/1.1" 200 51664
180.169.147.146 - - [20/Jun/2023:09:57:06 +0800] "GET /xingrg/dwr/interface/AjaxReportQueryService.js HTTP/1.1" 200 13203
180.169.147.146 - - [20/Jun/2023:09:57:06 +0800] "GET /xingrg/dwr/engine.js HTTP/1.1" 200 43631
180.169.147.146 - - [20/Jun/2023:09:57:06 +0800] "POST /xingrg/dwr/call/plaincall/AjaxReportQueryService.getFixDate.dwr HTTP/1.1" 200 111
180.169.147.146 - - [20/Jun/2023:09:57:07 +0800] "POST /xingrg/all/common/load_tree.html?tree=area_rest_tree_json&manage=1 HTTP/1.1" 200 3499
180.169.147.146 - - [20/Jun/2023:09:57:08 +0800] "POST /xingrg/all/common/load_tree.html?tree=supplier_tree_json&manage=1 HTTP/1.1" 200 76485
61.170.233.201 - - [20/Jun/2023:09:57:08 +0800] "POST /xingrg/kc/buy/cgsh_order_operate.html HTTP/1.1" 200 37
116.238.191.126 - - [20/Jun/2023:09:57:10 +0800] "GET /xingrg/all/function/internal_message.html?_=1687226230959&CODE_STATE=getMsg HTTP/1.1" 200 27
61.170.233.201 - - [20/Jun/2023:09:57:10 +0800] "GET /xingrg/all/function/internal_message.html?_=1687226229910&CODE_STATE=getMsg HTTP/1.1" 200 27
61.170.233.201 - - [20/Jun/2023:09:57:11 +0800] "GET /xingrg/check_reg.html?_=1687226230668 HTTP/1.1" 200 22
58.40.7.146 - - [20/Jun/2023:09:57:13 +0800] "GET /xingrg/all/function/internal_message.html?_=1687226233684&CODE_STATE=getMsg HTTP/1.1" 200 27
116.238.191.126 - - [20/Jun/2023:09:57:15 +0800] "POST /xingrg/kc/buy/cgsh_order_operate.html HTTP/1.1" 200 37
61.170.233.201 - - [20/Jun/2023:09:57:15 +0800] "POST /xingrg/kc/buy/cgsh_order_operate.html HTTP/1.1" 200 11028
222.70.180.90 - - [20/Jun/2023:09:57:21 +0800] "GET /xingrg/all/function/internal_message.html?_=1687226240501&CODE_STATE=getMsg HTTP/1.1" 200 27
222.70.180.90 - - [20/Jun/2023:09:57:21 +0800] "GET /xingrg/check_reg.html?_=1687226240723 HTTP/1.1" 200 22
114.83.219.231 - - [20/Jun/2023:09:57:24 +0800] "GET /xingrg/all/function/internal_message.html?_=1687226244783&CODE_STATE=getMsg HTTP/1.1" 200 27
114.83.219.231 - - [20/Jun/2023:09:57:24 +0800] "GET /xingrg/check_reg.html?_=1687226244786 HTTP/1.1" 200 22
180.169.147.146 - - [20/Jun/2023:09:57:24 +0800] "POST /xingrg/dwr/call/plaincall/AjaxReportQueryService.refreshCache.dwr HTTP/1.1" 200 78
116.238.191.126 - - [20/Jun/2023:09:57:28 +0800] "POST /xingrg/kc/buy/cgsh_order_operate.html HTTP/1.1" 200 12
180.169.147.146 - - [20/Jun/2023:09:57:28 +0800] "GET /xingrg/all/function/internal_message.html?_=1687226248777&CODE_STATE=getMsg HTTP/1.1" 200 27
180.169.147.146 - - [20/Jun/2023:09:57:28 +0800] "POST /xingrg/all/report/load_report_page.html HTTP/1.1" 200 51275
180.169.147.146 - - [20/Jun/2023:09:57:28 +0800] "GET /xingrg/servlets/image?cache=0.9923223870586625&image=px HTTP/1.1" 200 807
180.169.147.146 - - [20/Jun/2023:09:57:30 +0800] "GET /xingrg/javascript/jquery_tools/images/prev.gif HTTP/1.1" 404 1086
180.169.147.146 - - [20/Jun/2023:09:57:30 +0800] "GET /xingrg/javascript/jquery_tools/images/next.gif HTTP/1.1" 404 1086
116.232.195.127 - - [20/Jun/2023:09:57:33 +0800] "GET /xingrg/all/function/internal_message.html?_=1687226253538&CODE_STATE=getMsg HTTP/1.1" 200 27
180.169.147.146 - - [20/Jun/2023:09:57:35 +0800] "POST /xingrg/all/report/report_print.html HTTP/1.1" 200 7680
116.232.195.127 - - [20/Jun/2023:09:57:38 +0800] "GET /xingrg/all/function/internal_message.html?_=1687226260152&CODE_STATE=getMsg HTTP/1.1" 200 27
116.238.191.126 - - [20/Jun/2023:09:57:39 +0800] "GET /xingrg/kc/buy/cgsh_order_info.html?code=212023062007124 HTTP/1.1" 200 66165
116.238.191.126 - - [20/Jun/2023:09:57:39 +0800] "GET /xingrg/words/20230620092939_words.js HTTP/1.1" 304 -
116.238.191.126 - - [20/Jun/2023:09:57:40 +0800] "GET /xingrg/javascript/easyui/themes/default/validatebox.css HTTP/1.1" 404 1104
116.238.191.126 - - [20/Jun/2023:09:57:41 +0800] "POST /xingrg/kc/buy/cgsh_order_operate.html HTTP/1.1" 200 6152
180.169.147.146 - - [20/Jun/2023:09:57:42 +0800] "POST /xingrg/kc/buy/cgsh_list_operate.html HTTP/1.1" 200 6202
116.238.191.126 - - [20/Jun/2023:09:57:43 +0800] "GET /xingrg/kc/print/load_data.html?order_code=212023062007124&kc_code=cgsh&condition= HTTP/1.1" 200 3002
180.169.147.146 - - [20/Jun/2023:09:57:45 +0800] "POST /xingrg/all/report/report_print.html HTTP/1.1" 200 7680
180.169.147.146 - - [20/Jun/2023:09:57:52 +0800] "POST /xingrg/kc/buy/cgsh_list_operate.html HTTP/1.1" 200 5712
222.67.234.146 - - [20/Jun/2023:09:57:53 +0800] "GET /xingrg/all/function/internal_message.html?_=1687225767093&CODE_STATE=getMsg HTTP/1.1" 200 27
180.169.147.146 - - [20/Jun/2023:09:57:56 +0800] "POST /xingrg/kc/buy/cgsh_list_operate.html HTTP/1.1" 200 604
222.70.114.12 - - [20/Jun/2023:09:57:59 +0800] "GET /xingrg/all/function/internal_message.html?_=1687226282422&CODE_STATE=getMsg HTTP/1.1" 200 27
124.77.240.38 - - [20/Jun/2023:09:58:00 +0800] "GET /xingrg/check_reg.html?_=1687226285729 HTTP/1.1" 200 22
124.77.240.38 - - [20/Jun/2023:09:58:02 +0800] "GET /xingrg/all/function/internal_message.html?_=1687226287551&CODE_STATE=getMsg HTTP/1.1" 200 27
180.169.147.146 - - [20/Jun/2023:09:58:02 +0800] "POST /xingrg/kc/buy/cgsh_list_operate.html HTTP/1.1" 200 604
180.169.147.146 - - [20/Jun/2023:09:58:07 +0800] "GET /xingrg/kc/buy/cgsh_order_info.html?code=212023061906802 HTTP/1.1" 200 71646
180.169.147.146 - - [20/Jun/2023:09:58:07 +0800] "GET /xingrg/javascript/easyui/themes/default/validatebox.css HTTP/1.1" 404 1104
180.169.147.146 - - [20/Jun/2023:09:58:09 +0800] "POST /xingrg/kc/buy/cgsh_order_operate.html HTTP/1.1" 200 6828
116.238.191.126 - - [20/Jun/2023:09:58:10 +0800] "GET /xingrg/all/function/internal_message.html?_=1687226290947&CODE_STATE=getMsg HTTP/1.1" 200 27
61.170.233.201 - - [20/Jun/2023:09:58:10 +0800] "GET /xingrg/all/function/internal_message.html?_=1687226289881&CODE_STATE=getMsg HTTP/1.1" 200 27
180.163.30.27 - - [20/Jun/2023:09:58:11 +0800] "GET /xingrg/check_reg.html?_=1687226230668 HTTP/1.1" 302 -
180.163.30.27 - - [20/Jun/2023:09:58:11 +0800] "GET /xingrg/login.html HTTP/1.1" 200 7641
58.40.7.146 - - [20/Jun/2023:09:58:13 +0800] "GET /xingrg/all/function/internal_message.html?_=1687226293688&CODE_STATE=getMsg HTTP/1.1" 200 27
222.70.180.90 - - [20/Jun/2023:09:58:21 +0800] "GET /xingrg/all/function/internal_message.html?_=1687226300474&CODE_STATE=getMsg HTTP/1.1" 200 27
114.83.219.231 - - [20/Jun/2023:09:58:24 +0800] "GET /xingrg/all/function/internal_message.html?_=1687226304772&CODE_STATE=getMsg HTTP/1.1" 200 27
180.169.147.146 - - [20/Jun/2023:09:58:28 +0800] "GET /xingrg/all/function/internal_message.html?_=1687226308791&CODE_STATE=getMsg HTTP/1.1" 200 27
180.169.147.146 - - [20/Jun/2023:09:58:32 +0800] "GET /xingrg/javascript/auto/indicator.gif HTTP/1.1" 404 1066
116.232.195.127 - - [20/Jun/2023:09:58:33 +0800] "GET /xingrg/all/function/internal_message.html?_=1687226313541&CODE_STATE=getMsg HTTP/1.1" 200 27
116.232.195.127 - - [20/Jun/2023:09:58:38 +0800] "GET /xingrg/check_reg.html?_=1687226320171 HTTP/1.1" 200 22
116.232.195.127 - - [20/Jun/2023:09:58:38 +0800] "GET /xingrg/all/function/internal_message.html?_=1687226320169&CODE_STATE=getMsg HTTP/1.1" 200 27
180.169.147.146 - - [20/Jun/2023:09:58:39 +0800] "GET /xingrg/kc/buy/cgsh_order_operate.html?command=get_materiel&rest_code=00147&code=00101006284&supplier_code=00100558&order_time=2023-06-18 HTTP/1.1" 200 418
180.169.147.146 - - [20/Jun/2023:09:58:53 +0800] "GET /xingrg/kc/buy/cgsh_order_operate.html?command=get_materiel&rest_code=00147&code=00101006334&supplier_code=00100558&order_time=2023-06-18 HTTP/1.1" 200 414
222.67.234.146 - - [20/Jun/2023:09:58:53 +0800] "GET /xingrg/all/function/internal_message.html?_=1687225827088&CODE_STATE=getMsg HTTP/1.1" 200 27
222.70.114.12 - - [20/Jun/2023:09:58:59 +0800] "GET /xingrg/all/function/internal_message.html?_=1687226342437&CODE_STATE=getMsg HTTP/1.1" 200 27
114.85.115.2 - - [20/Jun/2023:09:59:01 +0800] "GET /xingrg/check_reg.html?_=1687226342146 HTTP/1.1" 200 22
124.77.240.38 - - [20/Jun/2023:09:59:02 +0800] "GET /xingrg/all/function/internal_message.html?_=1687226347563&CODE_STATE=getMsg HTTP/1.1" 200 27
180.169.147.146 - - [20/Jun/2023:09:59:08 +0800] "GET /xingrg/kc/buy/cgsh_order_operate.html?command=get_materiel&rest_code=00147&code=00101006335&supplier_code=00100558&order_time=2023-06-18 HTTP/1.1" 200 414
61.170.233.201 - - [20/Jun/2023:09:59:10 +0800] "GET /xingrg/all/function/internal_message.html?_=1687226349852&CODE_STATE=getMsg HTTP/1.1" 200 27
116.238.191.126 - - [20/Jun/2023:09:59:10 +0800] "GET /xingrg/all/function/internal_message.html?_=1687226350935&CODE_STATE=getMsg HTTP/1.1" 200 27
58.40.7.146 - - [20/Jun/2023:09:59:13 +0800] "GET /xingrg/all/function/internal_message.html?_=1687226353680&CODE_STATE=getMsg HTTP/1.1" 200 27
180.169.147.146 - - [20/Jun/2023:09:59:18 +0800] "GET /xingrg/kc/buy/cgsh_order_operate.html?command=get_materiel&rest_code=00147&code=00101006282&supplier_code=00100558&order_time=2023-06-18 HTTP/1.1" 200 418
222.70.180.90 - - [20/Jun/2023:09:59:21 +0800] "GET /xingrg/all/function/internal_message.html?_=1687226360457&CODE_STATE=getMsg HTTP/1.1" 200 27
114.83.219.231 - - [20/Jun/2023:09:59:24 +0800] "GET /xingrg/all/function/internal_message.html?_=1687226364765&CODE_STATE=getMsg HTTP/1.1" 200 27
180.169.147.146 - - [20/Jun/2023:09:59:28 +0800] "GET /xingrg/all/function/internal_message.html?_=1687226368795&CODE_STATE=getMsg HTTP/1.1" 200 27
180.169.147.146 - - [20/Jun/2023:09:59:29 +0800] "GET /xingrg/kc/buy/cgsh_order_operate.html?command=get_materiel&rest_code=00147&code=00101006285&supplier_code=00100558&order_time=2023-06-18 HTTP/1.1" 200 410
116.232.195.127 - - [20/Jun/2023:09:59:33 +0800] "GET /xingrg/check_reg.html?_=1687226373526 HTTP/1.1" 200 22
116.232.195.127 - - [20/Jun/2023:09:59:33 +0800] "GET /xingrg/all/function/internal_message.html?_=1687226373532&CODE_STATE=getMsg HTTP/1.1" 200 27
116.232.195.127 - - [20/Jun/2023:09:59:38 +0800] "GET /xingrg/all/function/internal_message.html?_=1687226380179&CODE_STATE=getMsg HTTP/1.1" 200 27
180.169.147.146 - - [20/Jun/2023:09:59:38 +0800] "GET /xingrg/kc/buy/cgsh_order_operate.html?command=get_materiel&rest_code=00147&code=00102026001&supplier_code=00100558&order_time=2023-06-18 HTTP/1.1" 200 409
61.170.233.201 - - [20/Jun/2023:09:59:40 +0800] "GET /favicon.ico HTTP/1.1" 404 -
61.170.233.201 - - [20/Jun/2023:09:59:49 +0800] "GET /favicon.ico HTTP/1.1" 404 -
222.67.234.146 - - [20/Jun/2023:09:59:53 +0800] "GET /xingrg/all/function/internal_message.html?_=1687225887132&CODE_STATE=getMsg HTTP/1.1" 200 27
222.67.234.146 - - [20/Jun/2023:09:59:53 +0800] "GET /xingrg/check_reg.html?_=1687225887133 HTTP/1.1" 200 22
180.169.147.146 - - [20/Jun/2023:09:59:57 +0800] "POST /xingrg/kc/buy/cgsh_order_operate.html HTTP/1.1" 200 37
180.169.147.146 - - [20/Jun/2023:09:59:59 +0800] "POST /xingrg/kc/buy/cgsh_order_operate.html HTTP/1.1" 200 5628
222.70.114.12 - - [20/Jun/2023:09:59:59 +0800] "GET /xingrg/all/function/internal_message.html?_=1687226402441&CODE_STATE=getMsg HTTP/1.1" 200 27
124.77.240.38 - - [20/Jun/2023:10:00:02 +0800] "GET /xingrg/all/function/internal_message.html?_=1687226407576&CODE_STATE=getMsg HTTP/1.1" 200 27
61.170.233.201 - - [20/Jun/2023:10:00:10 +0800] "GET /xingrg/all/function/internal_message.html?_=1687226409828&CODE_STATE=getMsg HTTP/1.1" 200 27
116.238.191.126 - - [20/Jun/2023:10:00:10 +0800] "GET /xingrg/all/function/internal_message.html?_=1687226410924&CODE_STATE=getMsg HTTP/1.1" 200 27
58.40.7.146 - - [20/Jun/2023:10:00:13 +0800] "GET /xingrg/all/function/internal_message.html?_=1687226413680&CODE_STATE=getMsg HTTP/1.1" 200 27
180.164.3.199 - - [20/Jun/2023:10:00:15 +0800] "GET /xingrg/check_reg.html?_=1687226414709 HTTP/1.1" 302 -
180.169.147.146 - - [20/Jun/2023:10:00:16 +0800] "POST /xingrg/kc/buy/cgsh_list_operate.html HTTP/1.1" 200 5712
180.169.147.146 - - [20/Jun/2023:10:00:20 +0800] "POST /xingrg/kc/buy/cgsh_list_operate.html HTTP/1.1" 200 592
222.70.180.90 - - [20/Jun/2023:10:00:21 +0800] "GET /xingrg/all/function/internal_message.html?_=1687226420443&CODE_STATE=getMsg HTTP/1.1" 200 27
114.83.219.231 - - [20/Jun/2023:10:00:24 +0800] "GET /xingrg/all/function/internal_message.html?_=1687226424778&CODE_STATE=getMsg HTTP/1.1" 200 27
180.169.147.146 - - [20/Jun/2023:10:00:28 +0800] "GET /xingrg/all/function/internal_message.html?_=1687226428788&CODE_STATE=getMsg HTTP/1.1" 200 27
180.169.147.146 - - [20/Jun/2023:10:00:28 +0800] "GET /xingrg/check_reg.html?_=1687226428789 HTTP/1.1" 200 22
180.169.147.146 - - [20/Jun/2023:10:00:28 +0800] "GET /xingrg/kc/buy/cgsh_order_info.html?code=212023061906802 HTTP/1.1" 200 71646
180.169.147.146 - - [20/Jun/2023:10:00:29 +0800] "GET /xingrg/words/20230620092939_words.js HTTP/1.1" 304 -
180.169.147.146 - - [20/Jun/2023:10:00:29 +0800] "GET /xingrg/javascript/easyui/themes/default/validatebox.css HTTP/1.1" 404 1104
180.169.147.146 - - [20/Jun/2023:10:00:30 +0800] "POST /xingrg/kc/buy/cgsh_order_operate.html HTTP/1.1" 200 5628
180.169.147.146 - - [20/Jun/2023:10:00:32 +0800] "GET /xingrg/kc/print/load_config.html?kc_code=cgsh HTTP/1.1" 200 1924
180.169.147.146 - - [20/Jun/2023:10:00:33 +0800] "GET /xingrg/kc/print/load_data.html?order_code=212023061906802&kc_code=cgsh&condition= HTTP/1.1" 200 1814
116.232.195.127 - - [20/Jun/2023:10:00:33 +0800] "GET /xingrg/all/function/internal_message.html?_=1687226433535&CODE_STATE=getMsg HTTP/1.1" 200 27
116.232.195.127 - - [20/Jun/2023:10:00:38 +0800] "GET /xingrg/all/function/internal_message.html?_=1687226440174&CODE_STATE=getMsg HTTP/1.1" 200 27
222.67.234.146 - - [20/Jun/2023:10:00:53 +0800] "GET /xingrg/all/function/internal_message.html?_=1687225947130&CODE_STATE=getMsg HTTP/1.1" 200 27
222.70.114.12 - - [20/Jun/2023:10:00:59 +0800] "GET /xingrg/check_reg.html?_=1687226462441 HTTP/1.1" 200 22
222.70.114.12 - - [20/Jun/2023:10:00:59 +0800] "GET /xingrg/all/function/internal_message.html?_=1687226462444&CODE_STATE=getMsg HTTP/1.1" 200 27
124.77.240.38 - - [20/Jun/2023:10:01:02 +0800] "GET /xingrg/all/function/internal_message.html?_=1687226467847&CODE_STATE=getMsg HTTP/1.1" 200 27
61.170.233.201 - - [20/Jun/2023:10:01:10 +0800] "GET /xingrg/all/function/internal_message.html?_=1687226469797&CODE_STATE=getMsg HTTP/1.1" 200 27
116.238.191.126 - - [20/Jun/2023:10:01:10 +0800] "GET /xingrg/all/function/internal_message.html?_=1687226470925&CODE_STATE=getMsg HTTP/1.1" 200 27
116.238.191.126 - - [20/Jun/2023:10:01:10 +0800] "GET /xingrg/check_reg.html?_=1687226470983 HTTP/1.1" 200 22
58.40.7.146 - - [20/Jun/2023:10:01:13 +0800] "GET /xingrg/all/function/internal_message.html?_=1687226473683&CODE_STATE=getMsg HTTP/1.1" 200 27
58.40.7.146 - - [20/Jun/2023:10:01:13 +0800] "GET /xingrg/check_reg.html?_=1687226473685 HTTP/1.1" 200 22
222.70.180.90 - - [20/Jun/2023:10:01:21 +0800] "GET /xingrg/all/function/internal_message.html?_=1687226480428&CODE_STATE=getMsg HTTP/1.1" 200 27
114.83.219.231 - - [20/Jun/2023:10:01:24 +0800] "GET /xingrg/all/function/internal_message.html?_=1687226484772&CODE_STATE=getMsg HTTP/1.1" 200 27
180.169.147.146 - - [20/Jun/2023:10:01:28 +0800] "GET /xingrg/all/function/internal_message.html?_=1687226488786&CODE_STATE=getMsg HTTP/1.1" 200 27
116.232.195.127 - - [20/Jun/2023:10:01:33 +0800] "GET /xingrg/all/function/internal_message.html?_=1687226493533&CODE_STATE=getMsg HTTP/1.1" 200 27
116.232.195.127 - - [20/Jun/2023:10:01:38 +0800] "GET /xingrg/all/function/internal_message.html?_=1687226500166&CODE_STATE=getMsg HTTP/1.1" 200 27
180.169.147.146 - - [20/Jun/2023:10:01:38 +0800] "POST /xingrg/kc/buy/cgsh_order_operate.html HTTP/1.1" 200 37
222.67.234.146 - - [20/Jun/2023:10:01:53 +0800] "GET /xingrg/all/function/internal_message.html?_=1687226007129&CODE_STATE=getMsg HTTP/1.1" 200 27
114.85.113.108 - - [20/Jun/2023:10:01:57 +0800] "GET /xingrg/check_reg.html?_=1687226516376 HTTP/1.1" 302 -
222.70.114.12 - - [20/Jun/2023:10:01:59 +0800] "GET /xingrg/all/function/internal_message.html?_=1687226522444&CODE_STATE=getMsg HTTP/1.1" 200 27
124.77.240.38 - - [20/Jun/2023:10:02:02 +0800] "GET /xingrg/all/function/internal_message.html?_=1687226528023&CODE_STATE=getMsg HTTP/1.1" 200 27
180.169.147.146 - - [20/Jun/2023:10:02:05 +0800] "POST /xingrg/kc/buy/cgsh_order_operate.html HTTP/1.1" 200 12
180.169.147.146 - - [20/Jun/2023:10:02:10 +0800] "GET /xingrg/kc/buy/cgsh_order_info.html?code=212023061906802 HTTP/1.1" 200 66546
180.169.147.146 - - [20/Jun/2023:10:02:10 +0800] "GET /xingrg/javascript/easyui/themes/default/validatebox.css HTTP/1.1" 404 1104
61.170.233.201 - - [20/Jun/2023:10:02:10 +0800] "GET /xingrg/all/function/internal_message.html?_=1687226529777&CODE_STATE=getMsg HTTP/1.1" 200 27
116.238.191.126 - - [20/Jun/2023:10:02:10 +0800] "GET /xingrg/all/function/internal_message.html?_=1687226530936&CODE_STATE=getMsg HTTP/1.1" 200 27
61.170.233.201 - - [20/Jun/2023:10:02:11 +0800] "GET /xingrg/check_reg.html?_=1687226530656 HTTP/1.1" 200 22
180.169.147.146 - - [20/Jun/2023:10:02:11 +0800] "POST /xingrg/kc/buy/cgsh_order_operate.html HTTP/1.1" 200 3576
58.40.7.146 - - [20/Jun/2023:10:02:13 +0800] "GET /xingrg/all/function/internal_message.html?_=1687226533686&CODE_STATE=getMsg HTTP/1.1" 200 27
222.70.180.90 - - [20/Jun/2023:10:02:21 +0800] "GET /xingrg/all/function/internal_message.html?_=1687226540401&CODE_STATE=getMsg HTTP/1.1" 200 27
222.70.180.90 - - [20/Jun/2023:10:02:21 +0800] "GET /xingrg/check_reg.html?_=1687226540700 HTTP/1.1" 200 22
114.83.219.231 - - [20/Jun/2023:10:02:24 +0800] "GET /xingrg/all/function/internal_message.html?_=1687226544767&CODE_STATE=getMsg HTTP/1.1" 200 27
114.83.219.231 - - [20/Jun/2023:10:02:24 +0800] "GET /xingrg/check_reg.html?_=1687226544771 HTTP/1.1" 200 22
180.169.147.146 - - [20/Jun/2023:10:02:28 +0800] "GET /xingrg/all/function/internal_message.html?_=1687226548790&CODE_STATE=getMsg HTTP/1.1" 200 27
116.232.195.127 - - [20/Jun/2023:10:02:33 +0800] "GET /xingrg/all/function/internal_message.html?_=1687226553524&CODE_STATE=getMsg HTTP/1.1" 200 27
116.232.195.127 - - [20/Jun/2023:10:02:38 +0800] "GET /xingrg/all/function/internal_message.html?_=1687226560161&CODE_STATE=getMsg HTTP/1.1" 200 27
222.67.234.146 - - [20/Jun/2023:10:02:53 +0800] "GET /xingrg/all/function/internal_message.html?_=1687226067119&CODE_STATE=getMsg HTTP/1.1" 200 27
222.70.114.12 - - [20/Jun/2023:10:02:59 +0800] "GET /xingrg/all/function/internal_message.html?_=1687226582445&CODE_STATE=getMsg HTTP/1.1" 200 27
124.77.240.38 - - [20/Jun/2023:10:03:00 +0800] "GET /xingrg/check_reg.html?_=1687226585732 HTTP/1.1" 200 22
124.77.240.38 - - [20/Jun/2023:10:03:02 +0800] "GET /xingrg/all/function/internal_message.html?_=1687226588038&CODE_STATE=getMsg HTTP/1.1" 200 27
180.163.29.219 - - [20/Jun/2023:10:03:10 +0800] "GET /xingrg/all/function/internal_message.html?_=1687226529777&CODE_STATE=getMsg HTTP/1.1" 302 -
180.163.29.219 - - [20/Jun/2023:10:03:10 +0800] "GET /xingrg/login.html HTTP/1.1" 200 7641
116.238.191.126 - - [20/Jun/2023:10:03:10 +0800] "GET /xingrg/all/function/internal_message.html?_=1687226590936&CODE_STATE=getMsg HTTP/1.1" 200 27
58.40.7.146 - - [20/Jun/2023:10:03:13 +0800] "GET /xingrg/all/function/internal_message.html?_=1687226593689&CODE_STATE=getMsg HTTP/1.1" 200 27
222.70.180.90 - - [20/Jun/2023:10:03:21 +0800] "GET /xingrg/all/function/internal_message.html?_=1687226600373&CODE_STATE=getMsg HTTP/1.1" 200 27
