116.232.195.127 - - [16/Jun/2023:08:38:08 +0800] "GET /xingrg/all/function/internal_message.html?_=1686875899205&CODE_STATE=getMsg HTTP/1.1" 200 27
116.230.113.48 - - [16/Jun/2023:08:38:09 +0800] "GET /xingrg/all/function/internal_message.html?_=1686875903088&CODE_STATE=getMsg HTTP/1.1" 200 27
58.40.7.146 - - [16/Jun/2023:08:38:13 +0800] "GET /xingrg/all/function/internal_message.html?_=1686875893450&CODE_STATE=getMsg HTTP/1.1" 200 27
101.83.145.52 - - [16/Jun/2023:08:38:15 +0800] "GET /xingrg/all/function/internal_message.html?_=1686875720397&CODE_STATE=getMsg HTTP/1.1" 200 27
116.232.195.127 - - [16/Jun/2023:08:38:21 +0800] "POST /xingrg/services/DataTransmitService HTTP/1.1" 200 524
116.238.191.126 - - [16/Jun/2023:08:38:27 +0800] "GET /xingrg/kc/buy/cgsh_order_operate.html?command=get_materiel&rest_code=00150&code=00101012029&supplier_code=00100096&order_time=2023-06-16 HTTP/1.1" 200 412
116.230.113.48 - - [16/Jun/2023:08:38:31 +0800] "POST /xingrg/dwr/call/plaincall/AjaxYddbService.saveMaterielItem.dwr HTTP/1.1" 200 79
116.238.191.126 - - [16/Jun/2023:08:38:32 +0800] "GET /xingrg/all/function/internal_message.html?_=1686875845990&CODE_STATE=getMsg HTTP/1.1" 200 27
116.238.191.126 - - [16/Jun/2023:08:38:34 +0800] "GET /xingrg/javascript/jquery_easy_ui/themes/default/images/button_a_bg.gif HTTP/1.1" 200 1194
116.238.191.126 - - [16/Jun/2023:08:38:34 +0800] "GET /xingrg/javascript/jquery_easy_ui/themes/default/images/button_span_bg.gif HTTP/1.1" 200 2061
116.238.191.126 - - [16/Jun/2023:08:38:34 +0800] "GET /xingrg/javascript/jquery_easy_ui/themes/icons/ok.png HTTP/1.1" 200 883
116.238.191.126 - - [16/Jun/2023:08:38:34 +0800] "GET /xingrg/javascript/jquery_easy_ui/themes/default/images/panel_tools.gif HTTP/1.1" 200 737
116.238.191.126 - - [16/Jun/2023:08:38:34 +0800] "GET /xingrg/javascript/jquery_easy_ui/themes/default/images/panel_title.png HTTP/1.1" 200 266
116.238.191.126 - - [16/Jun/2023:08:38:36 +0800] "POST /xingrg/all/user/operate.html HTTP/1.1" 200 36
116.238.191.126 - - [16/Jun/2023:08:38:38 +0800] "GET /xingrg/index.html?sysBaseUrl=http%3A%2F%2F180.169.147.146%3A18081%2Fxingrg%2F&costTime=1100×tamp=1686874162112 HTTP/1.1" 200 17177
116.238.191.126 - - [16/Jun/2023:08:38:38 +0800] "GET /xingrg/javascript/jquery_easy_ui/themes/default/easyui.css HTTP/1.1" 304 -
116.238.191.126 - - [16/Jun/2023:08:38:38 +0800] "GET /xingrg/javascript/jquery_easy_ui/themes/icon.css HTTP/1.1" 304 -
116.238.191.126 - - [16/Jun/2023:08:38:38 +0800] "GET /xingrg/css/form.css HTTP/1.1" 304 -
116.238.191.126 - - [16/Jun/2023:08:38:38 +0800] "GET /xingrg/javascript/jquery-1.4.2.min.js HTTP/1.1" 304 -
116.238.191.126 - - [16/Jun/2023:08:38:38 +0800] "GET /xingrg/javascript/jquery_easy_ui/jquery.easyui.min.js HTTP/1.1" 304 -
116.238.191.126 - - [16/Jun/2023:08:38:38 +0800] "GET /xingrg/javascript/jquery_easy_ui/easyui-lang-zh_CN.js HTTP/1.1" 304 -
116.238.191.126 - - [16/Jun/2023:08:38:38 +0800] "GET /xingrg/javascript/jquery.form.js HTTP/1.1" 304 -
116.238.191.126 - - [16/Jun/2023:08:38:38 +0800] "GET /xingrg/javascript/jquery.utils.js HTTP/1.1" 304 -
116.238.191.126 - - [16/Jun/2023:08:38:38 +0800] "GET /xingrg/javascript/jquery.timers.js HTTP/1.1" 304 -
116.238.191.126 - - [16/Jun/2023:08:38:38 +0800] "GET /xingrg/images/blue/navBackgound.jpg HTTP/1.1" 304 -
116.238.191.126 - - [16/Jun/2023:08:38:38 +0800] "GET /xingrg/images/blue/jxLogo.png HTTP/1.1" 304 -
116.238.191.126 - - [16/Jun/2023:08:38:38 +0800] "GET /xingrg/javascript/jquery_easy_ui/themes/icons/settle_new.png HTTP/1.1" 304 -
116.238.191.126 - - [16/Jun/2023:08:38:38 +0800] "GET /xingrg/images/blue/pingpu.png HTTP/1.1" 304 -
116.238.191.126 - - [16/Jun/2023:08:38:38 +0800] "GET /xingrg/javascript/jquery_easy_ui/themes/default/images/tabs_leftarrow.png HTTP/1.1" 304 -
116.238.191.126 - - [16/Jun/2023:08:38:38 +0800] "GET /xingrg/javascript/jquery_easy_ui/themes/default/images/tabs_rightarrow.png HTTP/1.1" 304 -
116.238.191.126 - - [16/Jun/2023:08:38:38 +0800] "GET /xingrg/javascript/jquery_easy_ui/themes/default/images/panel_tool_collapse.gif HTTP/1.1" 304 -
116.238.191.126 - - [16/Jun/2023:08:38:38 +0800] "GET /xingrg/check_reg.html?_=1686875852435 HTTP/1.1" 200 22
116.238.191.126 - - [16/Jun/2023:08:38:38 +0800] "GET /xingrg/all/function/internal_message.html?_=1686875852435&CODE_STATE=count HTTP/1.1" 200 11
116.238.191.126 - - [16/Jun/2023:08:38:38 +0800] "POST /xingrg/all/common/load_tree.html?tree=area_rest_tree_json&manage=1 HTTP/1.1" 200 476
116.238.191.126 - - [16/Jun/2023:08:38:38 +0800] "POST /xingrg/load_menu.html HTTP/1.1" 200 5138
116.238.191.126 - - [16/Jun/2023:08:38:42 +0800] "GET /xingrg/kc/buy/cgsh_order_list.html HTTP/1.1" 200 55858
124.79.244.240 - - [16/Jun/2023:08:38:43 +0800] "GET /xingrg/all/function/internal_message.html?_=1686875926514&CODE_STATE=getMsg HTTP/1.1" 302 -
124.79.244.240 - - [16/Jun/2023:08:38:43 +0800] "GET /xingrg/login.html HTTP/1.1" 200 7641
120.253.135.82 - - [16/Jun/2023:08:38:43 +0800] "GET /xingrg/all/function/internal_message.html?_=1686875758340&CODE_STATE=getMsg HTTP/1.1" 200 27
116.238.191.126 - - [16/Jun/2023:08:38:44 +0800] "POST /xingrg/kc/buy/cgsh_list_operate.html HTTP/1.1" 200 986
116.238.191.126 - - [16/Jun/2023:08:38:46 +0800] "GET /xingrg/kc/buy/cgsh_order_add.html HTTP/1.1" 200 71246
116.238.191.126 - - [16/Jun/2023:08:38:46 +0800] "POST /xingrg/kc/buy/cgsh_order_operate.html HTTP/1.1" 200 8245
116.238.191.126 - - [16/Jun/2023:08:38:47 +0800] "GET /xingrg/all/common/auto_word.html?type=employee&rest_code=00151 HTTP/1.1" 200 293
116.238.191.126 - - [16/Jun/2023:08:38:47 +0800] "GET /xingrg/javascript/easyui/themes/default/validatebox.css HTTP/1.1" 404 1104
116.238.191.126 - - [16/Jun/2023:08:38:47 +0800] "GET /xingrg/all/common/auto_word.html?type=employee&rest_code=00151 HTTP/1.1" 200 293
116.238.191.126 - - [16/Jun/2023:08:38:48 +0800] "GET /xingrg/javascript/auto/indicator.gif HTTP/1.1" 404 1066
116.230.113.48 - - [16/Jun/2023:08:38:51 +0800] "POST /xingrg/dwr/call/plaincall/AjaxYddbService.checkOrder.dwr HTTP/1.1" 200 79
116.230.113.48 - - [16/Jun/2023:08:38:53 +0800] "GET /xingrg/kc/base/yddb_order_info.html?code=482023061600106 HTTP/1.1" 200 29702
116.230.113.48 - - [16/Jun/2023:08:38:53 +0800] "GET /xingrg/dwr/interface/AjaxYddbService.js HTTP/1.1" 200 13201
116.230.113.48 - - [16/Jun/2023:08:38:53 +0800] "GET /xingrg/dwr/engine.js HTTP/1.1" 200 43631
116.230.113.48 - - [16/Jun/2023:08:38:53 +0800] "GET /xingrg/dwr/interface/AjaxComOrderService.js HTTP/1.1" 200 18264
116.230.113.48 - - [16/Jun/2023:08:38:54 +0800] "POST /xingrg/dwr/call/plaincall/AjaxYddbService.loadMaterielItems.dwr HTTP/1.1" 200 3261
116.238.191.126 - - [16/Jun/2023:08:38:56 +0800] "GET /xingrg/kc/buy/cgsh_order_operate.html?command=get_materiel&rest_code=00151&code=00101008323&supplier_code=00100008&order_time=2023-06-16 HTTP/1.1" 200 408
116.238.191.126 - - [16/Jun/2023:08:38:57 +0800] "GET /xingrg/kc/buy/cgsh_order_operate.html?command=get_materiel&rest_code=00150&code=00101006129&supplier_code=00100096&order_time=2023-06-16 HTTP/1.1" 200 431
116.238.191.126 - - [16/Jun/2023:08:39:01 +0800] "GET /xingrg/all/function/internal_message.html?_=1686875941779&CODE_STATE=getMsg HTTP/1.1" 200 27
114.85.113.108 - - [16/Jun/2023:08:39:07 +0800] "GET /xingrg/all/function/internal_message.html?_=1686875946118&CODE_STATE=getMsg HTTP/1.1" 200 27
116.238.191.126 - - [16/Jun/2023:08:39:08 +0800] "GET /xingrg/kc/buy/cgsh_order_operate.html?command=get_materiel&rest_code=00151&code=00101008612&supplier_code=00100008&order_time=2023-06-16 HTTP/1.1" 200 420
116.232.195.127 - - [16/Jun/2023:08:39:08 +0800] "GET /xingrg/all/function/internal_message.html?_=1686875959203&CODE_STATE=getMsg HTTP/1.1" 200 27
116.232.195.127 - - [16/Jun/2023:08:39:08 +0800] "GET /xingrg/check_reg.html?_=1686875959205 HTTP/1.1" 200 22
116.230.113.48 - - [16/Jun/2023:08:39:09 +0800] "GET /xingrg/all/function/internal_message.html?_=1686875963102&CODE_STATE=getMsg HTTP/1.1" 200 27
116.238.191.126 - - [16/Jun/2023:08:39:10 +0800] "GET /xingrg/kc/buy/cgsh_order_operate.html?command=get_materiel&rest_code=00150&code=00101006240&supplier_code=00100096&order_time=2023-06-16 HTTP/1.1" 200 422
116.232.195.127 - - [16/Jun/2023:08:39:11 +0800] "GET /xingrg/kc/buy/cgsh_order_operate.html?command=get_materiel&rest_code=00155&code=00101006299&supplier_code=00100012&order_time=2023-06-16 HTTP/1.1" 200 420
58.40.7.146 - - [16/Jun/2023:08:39:13 +0800] "GET /xingrg/all/function/internal_message.html?_=1686875953450&CODE_STATE=getMsg HTTP/1.1" 200 27
101.83.145.52 - - [16/Jun/2023:08:39:15 +0800] "GET /xingrg/all/function/internal_message.html?_=1686875780406&CODE_STATE=getMsg HTTP/1.1" 200 27
116.238.191.126 - - [16/Jun/2023:08:39:16 +0800] "GET /xingrg/kc/buy/cgsh_order_operate.html?command=get_materiel&rest_code=00151&code=00101008186&supplier_code=00100008&order_time=2023-06-16 HTTP/1.1" 200 408
116.232.195.127 - - [16/Jun/2023:08:39:21 +0800] "POST /xingrg/kc/buy/cgsh_order_operate.html HTTP/1.1" 200 37
116.232.195.127 - - [16/Jun/2023:08:39:22 +0800] "POST /xingrg/kc/buy/cgsh_order_operate.html HTTP/1.1" 200 2662
116.238.191.126 - - [16/Jun/2023:08:39:25 +0800] "GET /xingrg/kc/buy/cgsh_order_operate.html?command=get_materiel&rest_code=00151&code=00101008358&supplier_code=00100008&order_time=2023-06-16 HTTP/1.1" 200 412
116.230.113.48 - - [16/Jun/2023:08:39:25 +0800] "GET /xingrg/kc/base/yddb_order_add.html HTTP/1.1" 200 29953
116.230.113.48 - - [16/Jun/2023:08:39:25 +0800] "GET /xingrg/dwr/interface/AjaxYddbService.js HTTP/1.1" 200 13201
116.230.113.48 - - [16/Jun/2023:08:39:25 +0800] "GET /xingrg/dwr/interface/AjaxComOrderService.js HTTP/1.1" 200 18264
116.230.113.48 - - [16/Jun/2023:08:39:25 +0800] "GET /xingrg/dwr/engine.js HTTP/1.1" 200 43631
116.230.113.48 - - [16/Jun/2023:08:39:30 +0800] "POST /xingrg/dwr/call/plaincall/AjaxYddbService.getRestBases.dwr HTTP/1.1" 200 1055
116.238.191.126 - - [16/Jun/2023:08:39:33 +0800] "GET /xingrg/kc/buy/cgsh_order_operate.html?command=get_materiel&rest_code=00151&code=00101008036&supplier_code=00100008&order_time=2023-06-16 HTTP/1.1" 200 408
116.232.195.127 - - [16/Jun/2023:08:39:33 +0800] "GET /xingrg/kc/print/load_data.html?order_code=212023061605556&kc_code=cgsh&condition= HTTP/1.1" 200 778
116.238.191.126 - - [16/Jun/2023:08:39:34 +0800] "GET /xingrg/kc/buy/cgsh_order_operate.html?command=get_materiel&rest_code=00150&code=00101006065&supplier_code=00100096&order_time=2023-06-16 HTTP/1.1" 200 411
116.238.191.126 - - [16/Jun/2023:08:39:38 +0800] "GET /xingrg/all/function/internal_message.html?_=1686875912441&CODE_STATE=getMsg HTTP/1.1" 200 27
116.232.195.127 - - [16/Jun/2023:08:39:39 +0800] "GET /xingrg/kc/print/load_data.html?order_code=212023061605556&kc_code=cgsh HTTP/1.1" 200 778
124.79.244.240 - - [16/Jun/2023:08:39:43 +0800] "GET /xingrg/all/function/internal_message.html?_=1686875986517&CODE_STATE=getMsg HTTP/1.1" 302 -
124.79.244.240 - - [16/Jun/2023:08:39:43 +0800] "GET /xingrg/login.html HTTP/1.1" 200 7641
120.253.135.82 - - [16/Jun/2023:08:39:44 +0800] "GET /xingrg/all/function/internal_message.html?_=1686875818641&CODE_STATE=getMsg HTTP/1.1" 200 27
116.238.191.126 - - [16/Jun/2023:08:39:45 +0800] "GET /xingrg/kc/buy/cgsh_order_operate.html?command=get_materiel&rest_code=00151&code=00101008087&supplier_code=00100008&order_time=2023-06-16 HTTP/1.1" 200 412
116.238.191.126 - - [16/Jun/2023:08:39:49 +0800] "GET /xingrg/kc/buy/cgsh_order_operate.html?command=get_materiel&rest_code=00150&code=00101006055&supplier_code=00100096&order_time=2023-06-16 HTTP/1.1" 200 409
116.230.113.48 - - [16/Jun/2023:08:39:53 +0800] "POST /xingrg/dwr/call/plaincall/AjaxYddbService.saveOrder.dwr HTTP/1.1" 200 78
116.238.191.126 - - [16/Jun/2023:08:39:55 +0800] "GET /xingrg/kc/buy/cgsh_order_operate.html?command=get_materiel&rest_code=00151&code=00101008264&supplier_code=00100008&order_time=2023-06-16 HTTP/1.1" 200 412
116.230.113.48 - - [16/Jun/2023:08:39:59 +0800] "POST /xingrg/dwr/call/plaincall/AjaxComOrderService.getMaterielSearchList.dwr HTTP/1.1" 200 531394
116.238.191.126 - - [16/Jun/2023:08:40:00 +0800] "GET /xingrg/kc/buy/cgsh_order_operate.html?command=get_materiel&rest_code=00150&code=00101006177&supplier_code=00100096&order_time=2023-06-16 HTTP/1.1" 200 408
116.230.113.48 - - [16/Jun/2023:08:40:01 +0800] "POST /xingrg/dwr/call/plaincall/AjaxComOrderService.getMaterielSearchList.dwr HTTP/1.1" 200 444
116.238.191.126 - - [16/Jun/2023:08:40:01 +0800] "GET /xingrg/all/function/internal_message.html?_=1686876001800&CODE_STATE=getMsg HTTP/1.1" 200 27
116.238.191.126 - - [16/Jun/2023:08:40:05 +0800] "GET /xingrg/kc/buy/cgsh_order_operate.html?command=get_materiel&rest_code=00151&code=00101008137&supplier_code=00100008&order_time=2023-06-16 HTTP/1.1" 200 408
116.230.113.48 - - [16/Jun/2023:08:40:06 +0800] "POST /xingrg/dwr/call/plaincall/AjaxYddbService.getMaterielByMap.dwr HTTP/1.1" 200 2808
116.232.195.127 - - [16/Jun/2023:08:40:06 +0800] "GET /xingrg/kc/buy/cgsh_order_add.html HTTP/1.1" 200 71683
116.232.195.127 - - [16/Jun/2023:08:40:07 +0800] "POST /xingrg/kc/buy/cgsh_order_operate.html HTTP/1.1" 200 8245
116.232.195.127 - - [16/Jun/2023:08:40:07 +0800] "GET /xingrg/javascript/easyui/themes/default/validatebox.css HTTP/1.1" 404 1104
114.85.113.108 - - [16/Jun/2023:08:40:07 +0800] "GET /xingrg/all/function/internal_message.html?_=1686876006122&CODE_STATE=getMsg HTTP/1.1" 200 27
116.232.195.127 - - [16/Jun/2023:08:40:08 +0800] "GET /xingrg/all/function/internal_message.html?_=1686876019226&CODE_STATE=getMsg HTTP/1.1" 200 27
116.230.113.48 - - [16/Jun/2023:08:40:09 +0800] "GET /xingrg/all/function/internal_message.html?_=1686876023115&CODE_STATE=getMsg HTTP/1.1" 200 27
58.40.7.146 - - [16/Jun/2023:08:40:13 +0800] "GET /xingrg/all/function/internal_message.html?_=1686876013452&CODE_STATE=getMsg HTTP/1.1" 200 27
116.238.191.126 - - [16/Jun/2023:08:40:13 +0800] "GET /xingrg/kc/buy/cgsh_order_operate.html?command=get_materiel&rest_code=00151&code=00101008077&supplier_code=00100008&order_time=2023-06-16 HTTP/1.1" 200 416
120.253.135.82 - - [16/Jun/2023:08:40:15 +0800] "GET /xingrg/check_reg.html?_=1686875849834 HTTP/1.1" 200 22
116.238.191.126 - - [16/Jun/2023:08:40:15 +0800] "GET /xingrg/kc/buy/cgsh_order_operate.html?command=get_materiel&rest_code=00150&code=00101007061&supplier_code=00100096&order_time=2023-06-16 HTTP/1.1" 200 411
101.83.145.52 - - [16/Jun/2023:08:40:15 +0800] "GET /xingrg/all/function/internal_message.html?_=1686875840394&CODE_STATE=getMsg HTTP/1.1" 200 27
116.238.191.126 - - [16/Jun/2023:08:40:22 +0800] "GET /xingrg/kc/buy/cgsh_order_operate.html?command=get_materiel&rest_code=00151&code=00101008131&supplier_code=00100008&order_time=2023-06-16 HTTP/1.1" 200 409
116.238.191.126 - - [16/Jun/2023:08:40:25 +0800] "GET /xingrg/kc/buy/cgsh_order_operate.html?command=get_materiel&rest_code=00150&code=00101007125&supplier_code=00100096&order_time=2023-06-16 HTTP/1.1" 200 408
116.238.191.126 - - [16/Jun/2023:08:40:30 +0800] "GET /xingrg/kc/buy/cgsh_order_operate.html?command=get_materiel&rest_code=00151&code=00101008169&supplier_code=00100008&order_time=2023-06-16 HTTP/1.1" 200 412
116.232.195.127 - - [16/Jun/2023:08:40:32 +0800] "GET /xingrg/kc/buy/cgsh_order_operate.html?command=get_materiel&rest_code=00155&code=00101008261&supplier_code=00100005&order_time=2023-06-16 HTTP/1.1" 200 408
116.238.191.126 - - [16/Jun/2023:08:40:38 +0800] "GET /xingrg/all/function/internal_message.html?_=1686875972455&CODE_STATE=getMsg HTTP/1.1" 200 27
116.238.191.126 - - [16/Jun/2023:08:40:38 +0800] "GET /xingrg/kc/buy/cgsh_order_operate.html?command=get_materiel&rest_code=00151&code=00101008344&supplier_code=00100008&order_time=2023-06-16 HTTP/1.1" 200 412
124.79.244.240 - - [16/Jun/2023:08:40:43 +0800] "GET /xingrg/all/function/internal_message.html?_=1686876046520&CODE_STATE=getMsg HTTP/1.1" 302 -
124.79.244.240 - - [16/Jun/2023:08:40:43 +0800] "GET /xingrg/login.html HTTP/1.1" 200 7641
116.232.195.127 - - [16/Jun/2023:08:40:43 +0800] "GET /xingrg/kc/buy/cgsh_order_operate.html?command=get_materiel&rest_code=00155&code=00101008358&supplier_code=00100005&order_time=2023-06-16 HTTP/1.1" 200 412
120.253.135.82 - - [16/Jun/2023:08:40:43 +0800] "GET /xingrg/all/function/internal_message.html?_=1686875878649&CODE_STATE=getMsg HTTP/1.1" 200 27
116.238.191.126 - - [16/Jun/2023:08:40:48 +0800] "GET /xingrg/kc/buy/cgsh_order_operate.html?command=get_materiel&rest_code=00150&code=00101007049&supplier_code=00100096&order_time=2023-06-16 HTTP/1.1" 200 409
116.232.195.127 - - [16/Jun/2023:08:40:52 +0800] "GET /xingrg/kc/buy/cgsh_order_operate.html?command=get_materiel&rest_code=00155&code=00101008003&supplier_code=00100005&order_time=2023-06-16 HTTP/1.1" 200 408
116.238.191.126 - - [16/Jun/2023:08:40:53 +0800] "GET /xingrg/kc/buy/cgsh_order_operate.html?command=get_materiel&rest_code=00151&code=00101008100&supplier_code=00100008&order_time=2023-06-16 HTTP/1.1" 200 408
116.238.191.126 - - [16/Jun/2023:08:40:56 +0800] "GET /xingrg/kc/buy/cgsh_order_operate.html?command=get_materiel&rest_code=00150&code=00101007071&supplier_code=00100096&order_time=2023-06-16 HTTP/1.1" 200 417
116.232.195.127 - - [16/Jun/2023:08:41:00 +0800] "GET /xingrg/kc/buy/cgsh_order_operate.html?command=get_materiel&rest_code=00155&code=00101008361&supplier_code=00100005&order_time=2023-06-16 HTTP/1.1" 200 408
116.238.191.126 - - [16/Jun/2023:08:41:01 +0800] "GET /xingrg/all/function/internal_message.html?_=1686876061826&CODE_STATE=getMsg HTTP/1.1" 200 27
116.238.191.126 - - [16/Jun/2023:08:41:04 +0800] "GET /xingrg/kc/buy/cgsh_order_operate.html?command=get_materiel&rest_code=00151&code=00101013019&supplier_code=00100008&order_time=2023-06-16 HTTP/1.1" 200 413
114.85.113.108 - - [16/Jun/2023:08:41:07 +0800] "GET /xingrg/all/function/internal_message.html?_=1686876066128&CODE_STATE=getMsg HTTP/1.1" 200 27
116.232.195.127 - - [16/Jun/2023:08:41:08 +0800] "GET /xingrg/all/function/internal_message.html?_=1686876079221&CODE_STATE=getMsg HTTP/1.1" 200 27
116.232.195.127 - - [16/Jun/2023:08:41:09 +0800] "GET /xingrg/kc/buy/cgsh_order_operate.html?command=get_materiel&rest_code=00155&code=00101008148&supplier_code=00100005&order_time=2023-06-16 HTTP/1.1" 200 416
116.230.113.48 - - [16/Jun/2023:08:41:09 +0800] "GET /xingrg/check_reg.html?_=1686876082696 HTTP/1.1" 200 22
116.230.113.48 - - [16/Jun/2023:08:41:09 +0800] "GET /xingrg/all/function/internal_message.html?_=1686876083128&CODE_STATE=getMsg HTTP/1.1" 200 27
116.238.191.126 - - [16/Jun/2023:08:41:13 +0800] "GET /xingrg/kc/buy/cgsh_order_operate.html?command=get_materiel&rest_code=00150&code=00101007181&supplier_code=00100096&order_time=2023-06-16 HTTP/1.1" 200 412
58.40.7.146 - - [16/Jun/2023:08:41:13 +0800] "GET /xingrg/check_reg.html?_=1686876073455 HTTP/1.1" 200 22
58.40.7.146 - - [16/Jun/2023:08:41:13 +0800] "GET /xingrg/all/function/internal_message.html?_=1686876073456&CODE_STATE=getMsg HTTP/1.1" 200 27
101.83.145.52 - - [16/Jun/2023:08:41:15 +0800] "GET /xingrg/check_reg.html?_=1686875900400 HTTP/1.1" 200 22
101.83.145.52 - - [16/Jun/2023:08:41:15 +0800] "GET /xingrg/all/function/internal_message.html?_=1686875900404&CODE_STATE=getMsg HTTP/1.1" 200 27
116.238.191.126 - - [16/Jun/2023:08:41:16 +0800] "GET /xingrg/kc/buy/cgsh_order_operate.html?command=get_materiel&rest_code=00151&code=00101008445&supplier_code=00100008&order_time=2023-06-16 HTTP/1.1" 200 417
116.232.195.127 - - [16/Jun/2023:08:41:17 +0800] "GET /xingrg/kc/buy/cgsh_order_operate.html?command=get_materiel&rest_code=00155&code=00101008257&supplier_code=00100005&order_time=2023-06-16 HTTP/1.1" 200 416
180.156.206.188 - - [16/Jun/2023:08:41:23 +0800] "GET /xingrg/check_reg.html?_=1686876084162 HTTP/1.1" 302 -
116.238.191.126 - - [16/Jun/2023:08:41:28 +0800] "GET /xingrg/kc/buy/cgsh_order_operate.html?command=get_materiel&rest_code=00151&code=00101008085&supplier_code=00100008&order_time=2023-06-16 HTTP/1.1" 200 412
116.232.195.127 - - [16/Jun/2023:08:41:28 +0800] "GET /xingrg/kc/buy/cgsh_order_operate.html?command=get_materiel&rest_code=00155&code=00101008080&supplier_code=00100005&order_time=2023-06-16 HTTP/1.1" 200 416
116.238.191.126 - - [16/Jun/2023:08:41:31 +0800] "GET /xingrg/kc/buy/cgsh_order_operate.html?command=get_materiel&rest_code=00150&code=00101007081&supplier_code=00100096&order_time=2023-06-16 HTTP/1.1" 200 415
116.232.195.127 - - [16/Jun/2023:08:41:36 +0800] "GET /xingrg/kc/buy/cgsh_order_operate.html?command=get_materiel&rest_code=00155&code=00101008349&supplier_code=00100005&order_time=2023-06-16 HTTP/1.1" 200 412
116.238.191.126 - - [16/Jun/2023:08:41:37 +0800] "GET /xingrg/kc/buy/cgsh_order_operate.html?command=get_materiel&rest_code=00151&code=00101008125&supplier_code=00100008&order_time=2023-06-16 HTTP/1.1" 200 413
116.238.191.126 - - [16/Jun/2023:08:41:38 +0800] "GET /xingrg/all/function/internal_message.html?_=1686876032470&CODE_STATE=getMsg HTTP/1.1" 200 27
124.79.244.240 - - [16/Jun/2023:08:41:43 +0800] "GET /xingrg/all/function/internal_message.html?_=1686876106521&CODE_STATE=getMsg HTTP/1.1" 302 -
124.79.244.240 - - [16/Jun/2023:08:41:43 +0800] "GET /xingrg/login.html HTTP/1.1" 200 7641
120.253.135.82 - - [16/Jun/2023:08:41:43 +0800] "GET /xingrg/all/function/internal_message.html?_=1686875938663&CODE_STATE=getMsg HTTP/1.1" 200 27
116.238.191.126 - - [16/Jun/2023:08:41:46 +0800] "POST /xingrg/kc/buy/cgsh_order_operate.html HTTP/1.1" 200 37
116.232.195.127 - - [16/Jun/2023:08:41:48 +0800] "GET /xingrg/kc/buy/cgsh_order_operate.html?command=get_materiel&rest_code=00155&code=00101008185&supplier_code=00100005&order_time=2023-06-16 HTTP/1.1" 200 408
101.83.145.52 - - [16/Jun/2023:08:41:49 +0800] "GET /xingrg/javascript/easyui/themes/default/images/button_plain_hover.png HTTP/1.1" 304 -
101.83.145.52 - - [16/Jun/2023:08:41:52 +0800] "GET /xingrg/kc/buy/cgsh_order_add.html HTTP/1.1" 200 71718
101.83.145.52 - - [16/Jun/2023:08:41:52 +0800] "GET /xingrg/javascript/jquery_tools/order_manager.js HTTP/1.1" 304 -
101.83.145.52 - - [16/Jun/2023:08:41:52 +0800] "GET /xingrg/javascript/convert.js HTTP/1.1" 304 -
101.83.145.52 - - [16/Jun/2023:08:41:52 +0800] "GET /xingrg/javascript/json2.js HTTP/1.1" 304 -
101.83.145.52 - - [16/Jun/2023:08:41:52 +0800] "GET /xingrg/javascript/print/kc_print.js HTTP/1.1" 304 -
101.83.145.52 - - [16/Jun/2023:08:41:52 +0800] "GET /xingrg/words/20230615135254_words.js HTTP/1.1" 200 968433
101.83.145.52 - - [16/Jun/2023:08:41:52 +0800] "GET /xingrg/javascript/easyui/themes/icons/template_new.png HTTP/1.1" 304 -
101.83.145.52 - - [16/Jun/2023:08:41:52 +0800] "GET /xingrg/javascript/easyui/themes/icons/ok.png HTTP/1.1" 304 -
101.83.145.52 - - [16/Jun/2023:08:41:52 +0800] "GET /xingrg/javascript/easyui/themes/icons/copy_new.png HTTP/1.1" 304 -
101.83.145.52 - - [16/Jun/2023:08:41:52 +0800] "GET /xingrg/javascript/easyui/themes/icons/print.png HTTP/1.1" 304 -
101.83.145.52 - - [16/Jun/2023:08:41:52 +0800] "GET /xingrg/javascript/easyui/themes/default/images/menu_downarrow.png HTTP/1.1" 304 -
101.83.145.52 - - [16/Jun/2023:08:41:52 +0800] "GET /xingrg/javascript/easyui/themes/icons/cancel.png HTTP/1.1" 304 -
101.83.145.52 - - [16/Jun/2023:08:41:53 +0800] "POST /xingrg/kc/buy/cgsh_order_operate.html HTTP/1.1" 200 8245
101.83.145.52 - - [16/Jun/2023:08:41:53 +0800] "GET /xingrg/javascript/easyui/themes/default/validatebox.css HTTP/1.1" 404 1104
101.83.145.52 - - [16/Jun/2023:08:41:53 +0800] "GET /xingrg/javascript/easyui/plugins/jquery.validatebox.js HTTP/1.1" 304 -
101.83.145.52 - - [16/Jun/2023:08:41:53 +0800] "GET /xingrg/all/common/auto_word.html?type=employee&rest_code=00105 HTTP/1.1" 200 193
101.83.145.52 - - [16/Jun/2023:08:41:53 +0800] "GET /xingrg/javascript/easyui/plugins/jquery.numberbox.js HTTP/1.1" 304 -
101.83.145.52 - - [16/Jun/2023:08:41:53 +0800] "GET /xingrg/all/common/auto_word.html?type=employee&rest_code=00105 HTTP/1.1" 200 193
101.83.145.52 - - [16/Jun/2023:08:41:53 +0800] "GET /xingrg/javascript/easyui/themes/icons/edit_remove.png HTTP/1.1" 304 -
116.232.195.127 - - [16/Jun/2023:08:41:55 +0800] "GET /xingrg/kc/buy/cgsh_order_operate.html?command=get_materiel&rest_code=00155&code=00101008010&supplier_code=00100005&order_time=2023-06-16 HTTP/1.1" 200 412
116.230.113.48 - - [16/Jun/2023:08:41:56 +0800] "POST /xingrg/dwr/call/plaincall/AjaxYddbService.saveMaterielItem.dwr HTTP/1.1" 200 78
116.230.113.48 - - [16/Jun/2023:08:41:56 +0800] "GET /xingrg/images/yd/bt.gif HTTP/1.1" 404 1040
116.238.191.126 - - [16/Jun/2023:08:42:01 +0800] "GET /xingrg/check_reg.html?_=1686876121805 HTTP/1.1" 200 22
116.238.191.126 - - [16/Jun/2023:08:42:01 +0800] "GET /xingrg/all/function/internal_message.html?_=1686876121810&CODE_STATE=getMsg HTTP/1.1" 200 27
101.83.145.52 - - [16/Jun/2023:08:42:02 +0800] "GET /xingrg/javascript/auto/indicator.gif HTTP/1.1" 404 1066
116.230.113.48 - - [16/Jun/2023:08:42:03 +0800] "POST /xingrg/dwr/call/plaincall/AjaxComOrderService.getMaterielSearchList.dwr HTTP/1.1" 200 552323
116.230.113.48 - - [16/Jun/2023:08:42:03 +0800] "POST /xingrg/dwr/call/plaincall/AjaxComOrderService.getMaterielSearchList.dwr HTTP/1.1" 200 1236
116.230.113.48 - - [16/Jun/2023:08:42:04 +0800] "POST /xingrg/dwr/call/plaincall/AjaxComOrderService.getMaterielSearchList.dwr HTTP/1.1" 200 297
116.230.113.48 - - [16/Jun/2023:08:42:05 +0800] "POST /xingrg/dwr/call/plaincall/AjaxComOrderService.getMaterielSearchList.dwr HTTP/1.1" 200 297
116.230.113.48 - - [16/Jun/2023:08:42:06 +0800] "POST /xingrg/dwr/call/plaincall/AjaxYddbService.getMaterielByMap.dwr HTTP/1.1" 200 2809
114.85.113.108 - - [16/Jun/2023:08:42:07 +0800] "GET /xingrg/all/function/internal_message.html?_=1686876126145&CODE_STATE=getMsg HTTP/1.1" 200 27
116.232.195.127 - - [16/Jun/2023:08:42:08 +0800] "GET /xingrg/all/function/internal_message.html?_=1686876139199&CODE_STATE=getMsg HTTP/1.1" 200 27
116.230.113.48 - - [16/Jun/2023:08:42:09 +0800] "GET /xingrg/all/function/internal_message.html?_=1686876143142&CODE_STATE=getMsg HTTP/1.1" 200 27
58.40.7.146 - - [16/Jun/2023:08:42:13 +0800] "GET /xingrg/all/function/internal_message.html?_=1686876133458&CODE_STATE=getMsg HTTP/1.1" 200 27
116.230.113.48 - - [16/Jun/2023:08:42:14 +0800] "POST /xingrg/dwr/call/plaincall/AjaxYddbService.saveMaterielItem.dwr HTTP/1.1" 200 79
101.83.145.52 - - [16/Jun/2023:08:42:15 +0800] "GET /xingrg/all/function/internal_message.html?_=1686875960407&CODE_STATE=getMsg HTTP/1.1" 200 27
116.232.195.127 - - [16/Jun/2023:08:42:17 +0800] "GET /xingrg/kc/buy/cgsh_order_operate.html?command=get_materiel&rest_code=00155&code=00101008646&supplier_code=00100005&order_time=2023-06-16 HTTP/1.1" 200 413
116.230.113.48 - - [16/Jun/2023:08:42:25 +0800] "POST /xingrg/dwr/call/plaincall/AjaxComOrderService.getMaterielSearchList.dwr HTTP/1.1" 200 27410
101.83.145.52 - - [16/Jun/2023:08:42:25 +0800] "GET /xingrg/kc/buy/cgsh_order_operate.html?command=get_materiel&rest_code=00105&code=00101012033&supplier_code=00100034&order_time=2023-06-16 HTTP/1.1" 200 426
116.232.195.127 - - [16/Jun/2023:08:42:25 +0800] "GET /xingrg/kc/buy/cgsh_order_operate.html?command=get_materiel&rest_code=00155&code=00101008096&supplier_code=00100005&order_time=2023-06-16 HTTP/1.1" 200 413
116.230.113.48 - - [16/Jun/2023:08:42:26 +0800] "POST /xingrg/dwr/call/plaincall/AjaxComOrderService.getMaterielSearchList.dwr HTTP/1.1" 200 572
116.230.113.48 - - [16/Jun/2023:08:42:28 +0800] "POST /xingrg/dwr/call/plaincall/AjaxYddbService.getMaterielByMap.dwr HTTP/1.1" 200 2809
116.232.195.127 - - [16/Jun/2023:08:42:35 +0800] "GET /xingrg/kc/buy/cgsh_order_operate.html?command=get_materiel&rest_code=00155&code=00101008560&supplier_code=00100005&order_time=2023-06-16 HTTP/1.1" 200 412
116.238.191.126 - - [16/Jun/2023:08:42:37 +0800] "POST /xingrg/kc/buy/cgsh_order_operate.html HTTP/1.1" 200 12273
116.230.113.48 - - [16/Jun/2023:08:42:38 +0800] "POST /xingrg/dwr/call/plaincall/AjaxYddbService.saveMaterielItem.dwr HTTP/1.1" 200 79
116.238.191.126 - - [16/Jun/2023:08:42:38 +0800] "GET /xingrg/all/function/internal_message.html?_=1686876092482&CODE_STATE=getMsg HTTP/1.1" 200 27
124.79.244.240 - - [16/Jun/2023:08:42:43 +0800] "GET /xingrg/all/function/internal_message.html?_=1686876166526&CODE_STATE=getMsg HTTP/1.1" 302 -
124.79.244.240 - - [16/Jun/2023:08:42:43 +0800] "GET /xingrg/check_reg.html?_=1686876166527 HTTP/1.1" 302 -
124.79.244.240 - - [16/Jun/2023:08:42:43 +0800] "GET /xingrg/login.html HTTP/1.1" 200 7641
124.79.244.240 - - [16/Jun/2023:08:42:43 +0800] "GET /xingrg/login.html HTTP/1.1" 200 7641
116.230.113.48 - - [16/Jun/2023:08:42:43 +0800] "POST /xingrg/dwr/call/plaincall/AjaxComOrderService.getMaterielSearchList.dwr HTTP/1.1" 200 307145
120.253.135.82 - - [16/Jun/2023:08:42:44 +0800] "GET /xingrg/all/function/internal_message.html?_=1686875998948&CODE_STATE=getMsg HTTP/1.1" 200 27
116.230.113.48 - - [16/Jun/2023:08:42:44 +0800] "POST /xingrg/dwr/call/plaincall/AjaxComOrderService.getMaterielSearchList.dwr HTTP/1.1" 200 995
116.238.191.126 - - [16/Jun/2023:08:42:44 +0800] "POST /xingrg/kc/buy/cgsh_order_operate.html HTTP/1.1" 200 37
116.230.113.48 - - [16/Jun/2023:08:42:45 +0800] "POST /xingrg/dwr/call/plaincall/AjaxComOrderService.getMaterielSearchList.dwr HTTP/1.1" 200 567
116.230.113.48 - - [16/Jun/2023:08:42:47 +0800] "POST /xingrg/dwr/call/plaincall/AjaxYddbService.getMaterielByMap.dwr HTTP/1.1" 200 2796
116.230.113.48 - - [16/Jun/2023:08:42:52 +0800] "POST /xingrg/dwr/call/plaincall/AjaxYddbService.saveMaterielItem.dwr HTTP/1.1" 200 79
116.238.191.126 - - [16/Jun/2023:08:42:55 +0800] "POST /xingrg/kc/buy/cgsh_order_operate.html HTTP/1.1" 200 12
116.232.195.127 - - [16/Jun/2023:08:42:57 +0800] "GET /xingrg/kc/buy/cgsh_order_operate.html?command=get_materiel&rest_code=00155&code=00101008144&supplier_code=00100005&order_time=2023-06-16 HTTP/1.1" 200 412
116.238.191.126 - - [16/Jun/2023:08:42:57 +0800] "GET /xingrg/kc/buy/cgsh_order_info.html?code=212023061605557 HTTP/1.1" 200 66159
116.230.113.48 - - [16/Jun/2023:08:42:58 +0800] "POST /xingrg/dwr/call/plaincall/AjaxComOrderService.getMaterielSearchList.dwr HTTP/1.1" 200 531395
116.238.191.126 - - [16/Jun/2023:08:42:58 +0800] "GET /xingrg/javascript/easyui/themes/default/validatebox.css HTTP/1.1" 404 1104
116.230.113.48 - - [16/Jun/2023:08:42:58 +0800] "POST /xingrg/dwr/call/plaincall/AjaxComOrderService.getMaterielSearchList.dwr HTTP/1.1" 200 2777
116.230.113.48 - - [16/Jun/2023:08:42:58 +0800] "POST /xingrg/dwr/call/plaincall/AjaxComOrderService.getMaterielSearchList.dwr HTTP/1.1" 200 2777
116.238.191.126 - - [16/Jun/2023:08:42:59 +0800] "POST /xingrg/kc/buy/cgsh_order_operate.html HTTP/1.1" 200 10218
116.238.191.126 - - [16/Jun/2023:08:43:01 +0800] "GET /xingrg/kc/print/load_data.html?order_code=212023061605557&kc_code=cgsh&condition= HTTP/1.1" 200 4464
114.85.113.108 - - [16/Jun/2023:08:43:01 +0800] "GET /xingrg/check_reg.html?_=1686876180706 HTTP/1.1" 200 22
116.238.191.126 - - [16/Jun/2023:08:43:01 +0800] "GET /xingrg/all/function/internal_message.html?_=1686876181852&CODE_STATE=getMsg HTTP/1.1" 200 27
101.83.145.52 - - [16/Jun/2023:08:43:02 +0800] "GET /xingrg/kc/buy/cgsh_order_operate.html?command=get_materiel&rest_code=00105&code=00101016030&supplier_code=00100034&order_time=2023-06-16 HTTP/1.1" 200 412
116.232.195.127 - - [16/Jun/2023:08:43:05 +0800] "GET /xingrg/kc/buy/cgsh_order_operate.html?command=get_materiel&rest_code=00155&code=00101008264&supplier_code=00100005&order_time=2023-06-16 HTTP/1.1" 200 412
116.230.113.48 - - [16/Jun/2023:08:43:05 +0800] "POST /xingrg/dwr/call/plaincall/AjaxYddbService.getMaterielByMap.dwr HTTP/1.1" 200 2781
114.85.113.108 - - [16/Jun/2023:08:43:07 +0800] "GET /xingrg/all/function/internal_message.html?_=1686876186139&CODE_STATE=getMsg HTTP/1.1" 200 27
116.232.195.127 - - [16/Jun/2023:08:43:08 +0800] "GET /xingrg/all/function/internal_message.html?_=1686876199224&CODE_STATE=getMsg HTTP/1.1" 200 27
116.230.113.48 - - [16/Jun/2023:08:43:09 +0800] "GET /xingrg/all/function/internal_message.html?_=1686876203156&CODE_STATE=getMsg HTTP/1.1" 200 27
58.40.7.146 - - [16/Jun/2023:08:43:13 +0800] "GET /xingrg/all/function/internal_message.html?_=1686876193462&CODE_STATE=getMsg HTTP/1.1" 200 27
116.232.195.127 - - [16/Jun/2023:08:43:14 +0800] "GET /xingrg/kc/buy/cgsh_order_operate.html?command=get_materiel&rest_code=00155&code=00101013175&supplier_code=00100005&order_time=2023-06-16 HTTP/1.1" 200 431
116.230.113.48 - - [16/Jun/2023:08:43:14 +0800] "POST /xingrg/dwr/call/plaincall/AjaxYddbService.saveMaterielItem.dwr HTTP/1.1" 200 79
101.83.145.52 - - [16/Jun/2023:08:43:15 +0800] "GET /xingrg/all/function/internal_message.html?_=1686876020395&CODE_STATE=getMsg HTTP/1.1" 200 27
101.83.145.52 - - [16/Jun/2023:08:43:23 +0800] "POST /xingrg/kc/buy/cgsh_order_operate.html HTTP/1.1" 200 37
101.83.145.52 - - [16/Jun/2023:08:43:25 +0800] "POST /xingrg/kc/buy/cgsh_order_operate.html HTTP/1.1" 200 3255
116.238.191.126 - - [16/Jun/2023:08:43:25 +0800] "GET /xingrg/kc/buy/cgsh_order_operate.html?command=get_materiel&rest_code=00150&code=00101012025&supplier_code=00100096&order_time=2023-06-16 HTTP/1.1" 200 412
101.83.145.52 - - [16/Jun/2023:08:43:28 +0800] "GET /xingrg/kc/print/load_config.html?kc_code=cgsh HTTP/1.1" 200 1924
101.83.145.52 - - [16/Jun/2023:08:43:28 +0800] "GET /xingrg/kc/print/load_data.html?order_code=212023061605558&kc_code=cgsh&condition= HTTP/1.1" 200 940
116.230.113.48 - - [16/Jun/2023:08:43:29 +0800] "POST /xingrg/dwr/call/plaincall/AjaxComOrderService.getMaterielSearchList.dwr HTTP/1.1" 200 531483
116.230.113.48 - - [16/Jun/2023:08:43:30 +0800] "POST /xingrg/dwr/call/plaincall/AjaxComOrderService.getMaterielSearchList.dwr HTTP/1.1" 200 1068
116.232.195.127 - - [16/Jun/2023:08:43:32 +0800] "GET /xingrg/kc/buy/cgsh_order_operate.html?command=get_materiel&rest_code=00155&code=00101008198&supplier_code=00100005&order_time=2023-06-16 HTTP/1.1" 200 413
116.230.113.48 - - [16/Jun/2023:08:43:33 +0800] "POST /xingrg/dwr/call/plaincall/AjaxYddbService.getMaterielByMap.dwr HTTP/1.1" 200 2806
61.170.233.201 - - [16/Jun/2023:08:43:37 +0800] "GET /xingrg/login.html HTTP/1.1" 200 7641
116.238.191.126 - - [16/Jun/2023:08:43:38 +0800] "GET /xingrg/check_reg.html?_=1686876152439 HTTP/1.1" 200 22
116.238.191.126 - - [16/Jun/2023:08:43:38 +0800] "GET /xingrg/all/function/internal_message.html?_=1686876152497&CODE_STATE=getMsg HTTP/1.1" 200 27
116.230.113.48 - - [16/Jun/2023:08:43:40 +0800] "POST /xingrg/dwr/call/plaincall/AjaxYddbService.saveMaterielItem.dwr HTTP/1.1" 200 79
116.230.113.48 - - [16/Jun/2023:08:43:42 +0800] "POST /xingrg/dwr/call/plaincall/AjaxComOrderService.getMaterielSearchList.dwr HTTP/1.1" 200 531483
116.230.113.48 - - [16/Jun/2023:08:43:43 +0800] "POST /xingrg/dwr/call/plaincall/AjaxComOrderService.getMaterielSearchList.dwr HTTP/1.1" 200 1068
124.79.244.240 - - [16/Jun/2023:08:43:43 +0800] "GET /xingrg/all/function/internal_message.html?_=1686876226529&CODE_STATE=getMsg HTTP/1.1" 302 -
124.79.244.240 - - [16/Jun/2023:08:43:43 +0800] "GET /xingrg/login.html HTTP/1.1" 200 7641
120.253.135.82 - - [16/Jun/2023:08:43:44 +0800] "GET /xingrg/all/function/internal_message.html?_=1686876058954&CODE_STATE=getMsg HTTP/1.1" 200 27
61.170.233.201 - - [16/Jun/2023:08:43:49 +0800] "GET /favicon.ico HTTP/1.1" 404 -
116.230.113.48 - - [16/Jun/2023:08:43:50 +0800] "POST /xingrg/dwr/call/plaincall/AjaxYddbService.getMaterielByMap.dwr HTTP/1.1" 200 2777
61.170.233.201 - - [16/Jun/2023:08:43:53 +0800] "POST /xingrg/login.do HTTP/1.1" 302 -
61.170.233.201 - - [16/Jun/2023:08:43:54 +0800] "GET /xingrg/index.html?sysBaseUrl=http%3A%2F%2F180.169.147.146%3A18081%2Fxingrg%2F&costTime=796×tamp=1686876233983 HTTP/1.1" 200 17173
61.170.233.201 - - [16/Jun/2023:08:43:54 +0800] "GET /favicon.ico HTTP/1.1" 404 -
61.170.233.201 - - [16/Jun/2023:08:43:55 +0800] "POST /xingrg/all/common/load_tree.html?tree=area_rest_tree_json&manage=1 HTTP/1.1" 200 342
61.170.233.201 - - [16/Jun/2023:08:43:55 +0800] "GET /xingrg/all/function/internal_message.html?_=1686876232180&CODE_STATE=count HTTP/1.1" 200 11
61.170.233.201 - - [16/Jun/2023:08:43:55 +0800] "GET /xingrg/check_reg.html?_=1686876232200 HTTP/1.1" 200 22
61.170.233.201 - - [16/Jun/2023:08:43:55 +0800] "POST /xingrg/load_menu.html HTTP/1.1" 200 5138
116.238.191.126 - - [16/Jun/2023:08:44:01 +0800] "GET /xingrg/all/function/internal_message.html?_=1686876241842&CODE_STATE=getMsg HTTP/1.1" 200 27
116.230.113.48 - - [16/Jun/2023:08:44:05 +0800] "GET /xingrg/images/yd/bt2.gif HTTP/1.1" 404 1042
61.170.233.201 - - [16/Jun/2023:08:44:06 +0800] "GET /xingrg/kc/buy/buy_main.html HTTP/1.1" 200 12412
61.170.233.201 - - [16/Jun/2023:08:44:06 +0800] "GET /xingrg/css/new_ie.css HTTP/1.1" 404 1036
114.85.113.108 - - [16/Jun/2023:08:44:07 +0800] "GET /xingrg/all/function/internal_message.html?_=1686876246146&CODE_STATE=getMsg HTTP/1.1" 200 27
116.230.113.48 - - [16/Jun/2023:08:44:07 +0800] "POST /xingrg/dwr/call/plaincall/AjaxYddbService.saveMaterielItem.dwr HTTP/1.1" 200 79
61.170.233.201 - - [16/Jun/2023:08:44:07 +0800] "GET /xingrg/kc/buy/cgsh_order_list.html HTTP/1.1" 200 55854
116.232.195.127 - - [16/Jun/2023:08:44:08 +0800] "GET /xingrg/check_reg.html?_=1686876259205 HTTP/1.1" 200 22
116.232.195.127 - - [16/Jun/2023:08:44:08 +0800] "GET /xingrg/all/function/internal_message.html?_=1686876259211&CODE_STATE=getMsg HTTP/1.1" 200 27
116.230.113.48 - - [16/Jun/2023:08:44:09 +0800] "GET /xingrg/all/function/internal_message.html?_=1686876263171&CODE_STATE=getMsg HTTP/1.1" 200 27
61.170.233.201 - - [16/Jun/2023:08:44:10 +0800] "POST /xingrg/kc/buy/cgsh_list_operate.html HTTP/1.1" 200 986
58.40.7.146 - - [16/Jun/2023:08:44:13 +0800] "GET /xingrg/all/function/internal_message.html?_=1686876253465&CODE_STATE=getMsg HTTP/1.1" 200 27
61.170.233.201 - - [16/Jun/2023:08:44:14 +0800] "GET /xingrg/kc/buy/cgsh_order_add.html HTTP/1.1" 200 71636
61.170.233.201 - - [16/Jun/2023:08:44:14 +0800] "GET /xingrg/words/20230615135254_words.js HTTP/1.1" 304 -
61.170.233.201 - - [16/Jun/2023:08:44:14 +0800] "POST /xingrg/kc/buy/cgsh_order_operate.html HTTP/1.1" 200 8245
61.170.233.201 - - [16/Jun/2023:08:44:14 +0800] "GET /xingrg/javascript/easyui/themes/default/validatebox.css HTTP/1.1" 404 1104
61.170.233.201 - - [16/Jun/2023:08:44:14 +0800] "GET /xingrg/all/common/auto_word.html?type=employee&rest_code=00106 HTTP/1.1" 200 205
61.170.233.201 - - [16/Jun/2023:08:44:14 +0800] "GET /xingrg/all/common/auto_word.html?type=employee&rest_code=00106 HTTP/1.1" 200 205
116.232.195.127 - - [16/Jun/2023:08:44:15 +0800] "GET /xingrg/kc/buy/cgsh_order_operate.html?command=get_materiel&rest_code=00155&code=00101008741&supplier_code=00100005&order_time=2023-06-16 HTTP/1.1" 200 398
101.83.145.52 - - [16/Jun/2023:08:44:15 +0800] "GET /xingrg/all/function/internal_message.html?_=1686876080409&CODE_STATE=getMsg HTTP/1.1" 200 27
222.70.180.90 - - [16/Jun/2023:08:44:16 +0800] "GET /xingrg/login.html HTTP/1.1" 200 7641
61.170.233.201 - - [16/Jun/2023:08:44:16 +0800] "GET /xingrg/javascript/easyui/themes/default/tree.css HTTP/1.1" 404 1090
222.70.180.90 - - [16/Jun/2023:08:44:16 +0800] "GET /favicon.ico HTTP/1.1" 404 -
61.170.233.201 - - [16/Jun/2023:08:44:17 +0800] "POST /xingrg/all/common/load_tree.html?tree=supplier_tree_json&isDelete=1 HTTP/1.1" 200 74560
116.232.195.127 - - [16/Jun/2023:08:44:17 +0800] "POST /xingrg/kc/buy/cgsh_order_operate.html HTTP/1.1" 200 2065
116.230.113.48 - - [16/Jun/2023:08:44:19 +0800] "POST /xingrg/dwr/call/plaincall/AjaxYddbService.checkOrder.dwr HTTP/1.1" 200 79
222.70.180.90 - - [16/Jun/2023:08:44:19 +0800] "POST /xingrg/login.do HTTP/1.1" 302 -
222.70.180.90 - - [16/Jun/2023:08:44:19 +0800] "GET /xingrg/index.html?sysBaseUrl=http%3A%2F%2F180.169.147.146%3A18081%2Fxingrg%2F&costTime=971×tamp=1686876259370 HTTP/1.1" 200 17173
222.70.180.90 - - [16/Jun/2023:08:44:19 +0800] "GET /favicon.ico HTTP/1.1" 404 -
222.70.180.90 - - [16/Jun/2023:08:44:19 +0800] "GET /xingrg/all/function/internal_message.html?_=1686876255898&CODE_STATE=count HTTP/1.1" 200 11
222.70.180.90 - - [16/Jun/2023:08:44:19 +0800] "GET /xingrg/check_reg.html?_=1686876255899 HTTP/1.1" 200 22
222.70.180.90 - - [16/Jun/2023:08:44:19 +0800] "POST /xingrg/all/common/load_tree.html?tree=area_rest_tree_json&manage=1 HTTP/1.1" 200 342
222.70.180.90 - - [16/Jun/2023:08:44:19 +0800] "POST /xingrg/load_menu.html HTTP/1.1" 200 5138
116.230.113.48 - - [16/Jun/2023:08:44:20 +0800] "GET /xingrg/kc/base/yddb_order_info.html?code=482023061600107 HTTP/1.1" 200 29702
116.230.113.48 - - [16/Jun/2023:08:44:20 +0800] "GET /xingrg/dwr/interface/AjaxComOrderService.js HTTP/1.1" 200 18264
116.230.113.48 - - [16/Jun/2023:08:44:20 +0800] "GET /xingrg/dwr/engine.js HTTP/1.1" 200 43631
116.230.113.48 - - [16/Jun/2023:08:44:20 +0800] "GET /xingrg/dwr/interface/AjaxYddbService.js HTTP/1.1" 200 13201
116.230.113.48 - - [16/Jun/2023:08:44:21 +0800] "POST /xingrg/dwr/call/plaincall/AjaxYddbService.loadMaterielItems.dwr HTTP/1.1" 200 2548
222.70.180.90 - - [16/Jun/2023:08:44:21 +0800] "GET /xingrg/kc/buy/buy_main.html HTTP/1.1" 200 12412
222.70.180.90 - - [16/Jun/2023:08:44:21 +0800] "GET /xingrg/css/new_ie.css HTTP/1.1" 404 1036
222.70.180.90 - - [16/Jun/2023:08:44:22 +0800] "GET /xingrg/images/yd/bt.gif HTTP/1.1" 404 1040
222.70.180.90 - - [16/Jun/2023:08:44:23 +0800] "GET /xingrg/kc/buy/cgsh_order_list.html HTTP/1.1" 200 55854
116.232.195.127 - - [16/Jun/2023:08:44:24 +0800] "GET /xingrg/kc/buy/cgsh_order_operate.html?command=get_materiel&rest_code=00155&code=00101008360&supplier_code=00100005&order_time=2023-06-16 HTTP/1.1" 200 412
222.70.180.90 - - [16/Jun/2023:08:44:25 +0800] "POST /xingrg/kc/buy/cgsh_list_operate.html HTTP/1.1" 200 986
61.170.233.201 - - [16/Jun/2023:08:44:31 +0800] "GET /xingrg/javascript/auto/indicator.gif HTTP/1.1" 404 1066
116.232.195.127 - - [16/Jun/2023:08:44:36 +0800] "GET /xingrg/kc/buy/cgsh_order_operate.html?command=get_materiel&rest_code=00155&code=00101008270&supplier_code=00100005&order_time=2023-06-16 HTTP/1.1" 200 412
222.70.180.90 - - [16/Jun/2023:08:44:36 +0800] "GET /xingrg/kc/buy/cgsh_order_add.html HTTP/1.1" 200 71592
222.70.180.90 - - [16/Jun/2023:08:44:37 +0800] "GET /xingrg/words/20230615135254_words.js HTTP/1.1" 304 -
222.70.180.90 - - [16/Jun/2023:08:44:37 +0800] "POST /xingrg/kc/buy/cgsh_order_operate.html HTTP/1.1" 200 8245
222.70.180.90 - - [16/Jun/2023:08:44:37 +0800] "GET /xingrg/javascript/easyui/themes/default/validatebox.css HTTP/1.1" 404 1104
222.70.180.90 - - [16/Jun/2023:08:44:37 +0800] "GET /xingrg/all/common/auto_word.html?type=employee&rest_code=00111 HTTP/1.1" 200 155
222.70.180.90 - - [16/Jun/2023:08:44:37 +0800] "GET /xingrg/all/common/auto_word.html?type=employee&rest_code=00111 HTTP/1.1" 200 155
61.170.233.201 - - [16/Jun/2023:08:44:37 +0800] "GET /xingrg/kc/buy/cgsh_order_operate.html?command=get_materiel&rest_code=00106&code=00101008234&supplier_code=00100007&order_time=2023-06-16 HTTP/1.1" 200 408
116.238.191.126 - - [16/Jun/2023:08:44:38 +0800] "GET /xingrg/all/function/internal_message.html?_=1686876212510&CODE_STATE=getMsg HTTP/1.1" 200 27
222.70.180.90 - - [16/Jun/2023:08:44:42 +0800] "GET /xingrg/javascript/auto/indicator.gif HTTP/1.1" 404 1066
124.79.244.240 - - [16/Jun/2023:08:44:43 +0800] "GET /xingrg/all/function/internal_message.html?_=1686876286528&CODE_STATE=getMsg HTTP/1.1" 302 -
124.79.244.240 - - [16/Jun/2023:08:44:43 +0800] "GET /xingrg/login.html HTTP/1.1" 200 7641
222.70.180.90 - - [16/Jun/2023:08:44:43 +0800] "GET /xingrg/javascript/jquery_tools/images/prev.gif HTTP/1.1" 404 1086
222.70.180.90 - - [16/Jun/2023:08:44:43 +0800] "GET /xingrg/javascript/jquery_tools/images/next.gif HTTP/1.1" 404 1086
120.253.135.82 - - [16/Jun/2023:08:44:44 +0800] "GET /xingrg/all/function/internal_message.html?_=1686876119304&CODE_STATE=getMsg HTTP/1.1" 200 27
61.170.233.201 - - [16/Jun/2023:08:44:46 +0800] "GET /xingrg/kc/buy/cgsh_order_operate.html?command=get_materiel&rest_code=00106&code=00101008155&supplier_code=00100007&order_time=2023-06-16 HTTP/1.1" 200 408
116.232.195.127 - - [16/Jun/2023:08:44:48 +0800] "GET /xingrg/kc/buy/cgsh_order_operate.html?command=get_materiel&rest_code=00155&code=00101008196&supplier_code=00100005&order_time=2023-06-16 HTTP/1.1" 200 416
180.163.30.76 - - [16/Jun/2023:08:44:55 +0800] "GET /xingrg/all/function/internal_message.html?_=1686876232180&CODE_STATE=count HTTP/1.1" 302 -
180.163.28.55 - - [16/Jun/2023:08:44:55 +0800] "GET /xingrg/check_reg.html?_=1686876232200 HTTP/1.1" 302 -
180.163.28.55 - - [16/Jun/2023:08:44:55 +0800] "GET /xingrg/login.html HTTP/1.1" 200 7641
180.163.30.76 - - [16/Jun/2023:08:44:55 +0800] "GET /xingrg/login.html HTTP/1.1" 200 7641
61.170.233.201 - - [16/Jun/2023:08:44:55 +0800] "GET /xingrg/all/function/internal_message.html?_=1686876292291&CODE_STATE=getMsg HTTP/1.1" 200 27
116.232.195.127 - - [16/Jun/2023:08:44:56 +0800] "GET /xingrg/kc/buy/cgsh_order_operate.html?command=get_materiel&rest_code=00155&code=00101008136&supplier_code=00100005&order_time=2023-06-16 HTTP/1.1" 200 413
116.238.191.126 - - [16/Jun/2023:08:45:01 +0800] "GET /xingrg/all/function/internal_message.html?_=1686876301821&CODE_STATE=getMsg HTTP/1.1" 200 27
61.170.233.201 - - [16/Jun/2023:08:45:02 +0800] "GET /xingrg/kc/buy/cgsh_order_operate.html?command=get_materiel&rest_code=00106&code=00101008163&supplier_code=00100007&order_time=2023-06-16 HTTP/1.1" 200 409
222.70.180.90 - - [16/Jun/2023:08:45:02 +0800] "GET /xingrg/kc/buy/cgsh_order_operate.html?command=get_materiel&rest_code=00111&code=00101007081&supplier_code=00100004&order_time=2023-06-16 HTTP/1.1" 200 415
116.232.195.127 - - [16/Jun/2023:08:45:06 +0800] "GET /xingrg/kc/buy/cgsh_order_operate.html?command=get_materiel&rest_code=00155&code=00101008584&supplier_code=00100005&order_time=2023-06-16 HTTP/1.1" 200 410
114.85.113.108 - - [16/Jun/2023:08:45:07 +0800] "GET /xingrg/all/function/internal_message.html?_=1686876306134&CODE_STATE=getMsg HTTP/1.1" 200 27
116.232.195.127 - - [16/Jun/2023:08:45:08 +0800] "POST /xingrg/kc/buy/cgsh_order_operate.html HTTP/1.1" 200 2065
116.232.195.127 - - [16/Jun/2023:08:45:08 +0800] "GET /xingrg/all/function/internal_message.html?_=1686876319210&CODE_STATE=getMsg HTTP/1.1" 200 27
116.230.113.48 - - [16/Jun/2023:08:45:09 +0800] "GET /xingrg/all/function/internal_message.html?_=1686876323183&CODE_STATE=getMsg HTTP/1.1" 200 27
116.232.195.127 - - [16/Jun/2023:08:45:12 +0800] "GET /xingrg/kc/buy/cgsh_order_operate.html?command=get_materiel&rest_code=00155&code=00101008006&supplier_code=00100005&order_time=2023-06-16 HTTP/1.1" 200 416
58.40.7.146 - - [16/Jun/2023:08:45:13 +0800] "GET /xingrg/all/function/internal_message.html?_=1686876313451&CODE_STATE=getMsg HTTP/1.1" 200 27
222.70.180.90 - - [16/Jun/2023:08:45:15 +0800] "GET /xingrg/kc/buy/cgsh_order_operate.html?command=get_materiel&rest_code=00111&code=00101007061&supplier_code=00100004&order_time=2023-06-16 HTTP/1.1" 200 409
120.253.135.82 - - [16/Jun/2023:08:45:15 +0800] "GET /xingrg/check_reg.html?_=1686876149839 HTTP/1.1" 200 22
61.170.233.201 - - [16/Jun/2023:08:45:15 +0800] "GET /xingrg/kc/buy/cgsh_order_operate.html?command=get_materiel&rest_code=00106&code=00101008355&supplier_code=00100007&order_time=2023-06-16 HTTP/1.1" 200 408
101.83.145.52 - - [16/Jun/2023:08:45:15 +0800] "GET /xingrg/all/function/internal_message.html?_=1686876140413&CODE_STATE=getMsg HTTP/1.1" 200 27
222.70.180.90 - - [16/Jun/2023:08:45:19 +0800] "GET /xingrg/all/function/internal_message.html?_=1686876315910&CODE_STATE=getMsg HTTP/1.1" 200 27
116.232.195.127 - - [16/Jun/2023:08:45:19 +0800] "GET /xingrg/kc/buy/cgsh_order_operate.html?command=get_materiel&rest_code=00155&code=00101008131&supplier_code=00100005&order_time=2023-06-16 HTTP/1.1" 200 409
116.232.195.127 - - [16/Jun/2023:08:45:28 +0800] "GET /xingrg/kc/buy/cgsh_order_operate.html?command=get_materiel&rest_code=00155&code=00101008108&supplier_code=00100005&order_time=2023-06-16 HTTP/1.1" 200 412
222.70.180.90 - - [16/Jun/2023:08:45:32 +0800] "GET /xingrg/kc/buy/cgsh_order_operate.html?command=get_materiel&rest_code=00111&code=00101007125&supplier_code=00100004&order_time=2023-06-16 HTTP/1.1" 200 406
180.163.28.143 - - [16/Jun/2023:08:45:34 +0800] "GET /xingrg/kc/buy/cgsh_order_operate.html?command=get_materiel&rest_code=00106&code=00101008234&supplier_code=00100007&order_time=2023-06-16 HTTP/1.1" 302 -
180.163.28.143 - - [16/Jun/2023:08:45:34 +0800] "GET /xingrg/login.html HTTP/1.1" 200 7641
116.232.195.127 - - [16/Jun/2023:08:45:36 +0800] "GET /xingrg/kc/buy/cgsh_order_operate.html?command=get_materiel&rest_code=00155&code=00101008318&supplier_code=00100005&order_time=2023-06-16 HTTP/1.1" 200 408
116.238.191.126 - - [16/Jun/2023:08:45:38 +0800] "GET /xingrg/all/function/internal_message.html?_=1686876272523&CODE_STATE=getMsg HTTP/1.1" 200 27
124.79.244.240 - - [16/Jun/2023:08:45:43 +0800] "GET /xingrg/all/function/internal_message.html?_=1686876346530&CODE_STATE=getMsg HTTP/1.1" 302 -
124.79.244.240 - - [16/Jun/2023:08:45:43 +0800] "GET /xingrg/login.html HTTP/1.1" 200 7641
120.253.135.82 - - [16/Jun/2023:08:45:44 +0800] "GET /xingrg/all/function/internal_message.html?_=1686876179324&CODE_STATE=getMsg HTTP/1.1" 200 27
116.232.195.127 - - [16/Jun/2023:08:45:45 +0800] "GET /xingrg/kc/buy/cgsh_order_operate.html?command=get_materiel&rest_code=00155&code=00101008352&supplier_code=00100005&order_time=2023-06-16 HTTP/1.1" 200 412
116.232.195.127 - - [16/Jun/2023:08:45:48 +0800] "POST /xingrg/kc/buy/cgsh_order_operate.html HTTP/1.1" 200 2065
116.232.195.127 - - [16/Jun/2023:08:45:54 +0800] "GET /xingrg/kc/buy/cgsh_order_operate.html?command=get_materiel&rest_code=00155&code=00101008005&supplier_code=00100005&order_time=2023-06-16 HTTP/1.1" 200 412
61.170.233.201 - - [16/Jun/2023:08:45:55 +0800] "GET /xingrg/kc/buy/cgsh_order_operate.html?command=get_materiel&rest_code=00106&code=00101008004&supplier_code=00100007&order_time=2023-06-16 HTTP/1.1" 200 416
