116.230.113.48 - - [16/Jun/2023:10:50:44 +0800] "GET /xingrg/kc/buy/cgsh_order_operate.html?command=get_materiel&rest_code=00146&code=00101008355&supplier_code=00100005&order_time=2023-06-16 HTTP/1.1" 200 408
61.170.233.201 - - [16/Jun/2023:10:50:54 +0800] "GET /xingrg/login.html?r=1 HTTP/1.1" 200 7641
61.170.233.201 - - [16/Jun/2023:10:50:54 +0800] "GET /xingrg/login.html?r=1 HTTP/1.1" 200 7641
61.170.233.201 - - [16/Jun/2023:10:50:54 +0800] "GET /xingrg/images/blue/jxLogo.png HTTP/1.1" 304 -
61.170.233.201 - - [16/Jun/2023:10:50:54 +0800] "GET /xingrg/images/blue/jxLogo.png HTTP/1.1" 304 -
61.170.233.201 - - [16/Jun/2023:10:50:54 +0800] "GET /xingrg/images/blue/login_bg.png HTTP/1.1" 304 -
61.170.233.201 - - [16/Jun/2023:10:50:54 +0800] "GET /xingrg/images/blue/login_bg.png HTTP/1.1" 304 -
61.170.233.201 - - [16/Jun/2023:10:50:54 +0800] "GET /xingrg/images/blue/hj.png HTTP/1.1" 304 -
61.170.233.201 - - [16/Jun/2023:10:50:54 +0800] "GET /xingrg/images/blue/srbg.png HTTP/1.1" 304 -
61.170.233.201 - - [16/Jun/2023:10:50:54 +0800] "GET /xingrg/images/blue/srbg.png HTTP/1.1" 304 -
61.170.233.201 - - [16/Jun/2023:10:50:54 +0800] "GET /xingrg/images/blue/hj.png HTTP/1.1" 304 -
61.170.233.201 - - [16/Jun/2023:10:50:54 +0800] "GET /favicon.ico HTTP/1.1" 404 -
61.170.233.201 - - [16/Jun/2023:10:50:54 +0800] "GET /favicon.ico HTTP/1.1" 404 -
180.169.147.146 - - [16/Jun/2023:10:50:56 +0800] "GET /xingrg/all/function/internal_message.html?_=1686883855250&CODE_STATE=getMsg HTTP/1.1" 200 27
116.230.113.48 - - [16/Jun/2023:10:50:56 +0800] "GET /xingrg/kc/buy/cgsh_order_operate.html?command=get_materiel&rest_code=00146&code=00101008137&supplier_code=00100005&order_time=2023-06-16 HTTP/1.1" 200 408
61.170.233.201 - - [16/Jun/2023:10:50:57 +0800] "POST /xingrg/login.do HTTP/1.1" 302 -
61.170.233.201 - - [16/Jun/2023:10:50:57 +0800] "GET /xingrg/index.html?sysBaseUrl=http%3A%2F%2F180.169.147.146%3A18081%2Fxingrg%2F&costTime=810×tamp=1686883857633 HTTP/1.1" 200 17173
61.170.233.201 - - [16/Jun/2023:10:50:57 +0800] "GET /xingrg/javascript/jquery_easy_ui/themes/default/easyui.css HTTP/1.1" 304 -
61.170.233.201 - - [16/Jun/2023:10:50:57 +0800] "GET /xingrg/javascript/jquery_easy_ui/themes/icon.css HTTP/1.1" 304 -
61.170.233.201 - - [16/Jun/2023:10:50:57 +0800] "GET /xingrg/css/form.css HTTP/1.1" 304 -
61.170.233.201 - - [16/Jun/2023:10:50:57 +0800] "GET /xingrg/javascript/jquery_easy_ui/jquery.easyui.min.js HTTP/1.1" 304 -
61.170.233.201 - - [16/Jun/2023:10:50:57 +0800] "GET /xingrg/javascript/jquery-1.4.2.min.js HTTP/1.1" 304 -
61.170.233.201 - - [16/Jun/2023:10:50:57 +0800] "GET /xingrg/javascript/jquery_easy_ui/easyui-lang-zh_CN.js HTTP/1.1" 304 -
61.170.233.201 - - [16/Jun/2023:10:50:57 +0800] "GET /xingrg/javascript/jquery.form.js HTTP/1.1" 304 -
61.170.233.201 - - [16/Jun/2023:10:50:57 +0800] "GET /xingrg/javascript/jquery.utils.js HTTP/1.1" 304 -
61.170.233.201 - - [16/Jun/2023:10:50:57 +0800] "GET /xingrg/javascript/jquery.timers.js HTTP/1.1" 304 -
61.170.233.201 - - [16/Jun/2023:10:50:57 +0800] "GET /favicon.ico HTTP/1.1" 404 -
61.170.233.201 - - [16/Jun/2023:10:50:57 +0800] "GET /xingrg/javascript/jquery_easy_ui/themes/icons/settle_new.png HTTP/1.1" 304 -
61.170.233.201 - - [16/Jun/2023:10:50:57 +0800] "GET /xingrg/images/blue/navBackgound.jpg HTTP/1.1" 304 -
61.170.233.201 - - [16/Jun/2023:10:50:58 +0800] "GET /xingrg/all/function/internal_message.html?_=1686883859359&CODE_STATE=count HTTP/1.1" 200 11
61.170.233.201 - - [16/Jun/2023:10:50:58 +0800] "GET /xingrg/check_reg.html?_=1686883859360 HTTP/1.1" 200 22
61.170.233.201 - - [16/Jun/2023:10:50:58 +0800] "POST /xingrg/all/common/load_tree.html?tree=area_rest_tree_json&manage=1 HTTP/1.1" 200 342
61.170.233.201 - - [16/Jun/2023:10:50:58 +0800] "GET /xingrg/images/blue/pingpu.png HTTP/1.1" 304 -
61.170.233.201 - - [16/Jun/2023:10:50:58 +0800] "GET /xingrg/javascript/jquery_easy_ui/themes/default/images/tabs_leftarrow.png HTTP/1.1" 304 -
61.170.233.201 - - [16/Jun/2023:10:50:58 +0800] "GET /xingrg/javascript/jquery_easy_ui/themes/default/images/tabs_rightarrow.png HTTP/1.1" 304 -
61.170.233.201 - - [16/Jun/2023:10:50:58 +0800] "GET /xingrg/javascript/jquery_easy_ui/themes/default/images/panel_tool_collapse.gif HTTP/1.1" 304 -
61.170.233.201 - - [16/Jun/2023:10:50:58 +0800] "POST /xingrg/load_menu.html HTTP/1.1" 200 5138
61.170.233.201 - - [16/Jun/2023:10:50:58 +0800] "GET /xingrg/javascript/jquery_easy_ui/themes/default/images/tree_arrows.gif HTTP/1.1" 304 -
61.170.233.201 - - [16/Jun/2023:10:50:58 +0800] "GET /xingrg/javascript/jquery_easy_ui/themes/default/images/tree_folder_open.gif HTTP/1.1" 304 -
61.170.233.201 - - [16/Jun/2023:10:50:58 +0800] "GET /xingrg/javascript/jquery_easy_ui/themes/icons/search_new.png HTTP/1.1" 304 -
61.170.233.201 - - [16/Jun/2023:10:50:58 +0800] "GET /xingrg/javascript/jquery_easy_ui/themes/default/images/tree_folder.gif HTTP/1.1" 304 -
61.170.233.201 - - [16/Jun/2023:10:50:58 +0800] "GET /xingrg/javascript/jquery_easy_ui/themes/icons/storage_new.png HTTP/1.1" 304 -
61.170.233.201 - - [16/Jun/2023:10:50:58 +0800] "GET /xingrg/javascript/jquery_easy_ui/themes/icons/forms_new.png HTTP/1.1" 304 -
61.170.233.201 - - [16/Jun/2023:10:50:58 +0800] "GET /xingrg/javascript/jquery_easy_ui/themes/default/images/tree_file.gif HTTP/1.1" 304 -
180.156.206.188 - - [16/Jun/2023:10:50:58 +0800] "GET /xingrg/kc/mdqp/qqps_order_list.html HTTP/1.1" 200 9668
180.156.206.188 - - [16/Jun/2023:10:50:58 +0800] "GET /xingrg/dwr/interface/AjaxQqpsService.js HTTP/1.1" 200 16326
180.156.206.188 - - [16/Jun/2023:10:50:58 +0800] "GET /xingrg/dwr/interface/AjaxReportQueryService.js HTTP/1.1" 200 13203
180.156.206.188 - - [16/Jun/2023:10:50:58 +0800] "GET /xingrg/dwr/engine.js HTTP/1.1" 200 43631
180.169.147.146 - - [16/Jun/2023:10:51:00 +0800] "GET /xingrg/all/function/internal_message.html?_=1686883876298&CODE_STATE=getMsg HTTP/1.1" 200 27
61.170.233.201 - - [16/Jun/2023:10:51:00 +0800] "GET /xingrg/kc/base/base_main.html HTTP/1.1" 200 12142
61.170.233.201 - - [16/Jun/2023:10:51:00 +0800] "GET /xingrg/javascript/jquery_easy_ui/themes/default/images/tabs_close.gif HTTP/1.1" 304 -
61.170.233.201 - - [16/Jun/2023:10:51:00 +0800] "GET /xingrg/css/blue.css HTTP/1.1" 304 -
61.170.233.201 - - [16/Jun/2023:10:51:00 +0800] "GET /xingrg/javascript/pic_change.js HTTP/1.1" 304 -
61.170.233.201 - - [16/Jun/2023:10:51:00 +0800] "GET /xingrg/javascript/myfunction.js HTTP/1.1" 304 -
61.170.233.201 - - [16/Jun/2023:10:51:00 +0800] "GET /xingrg/images/blue/button/wlsy.gif HTTP/1.1" 200 2536
61.170.233.201 - - [16/Jun/2023:10:51:00 +0800] "GET /xingrg/images/blue/button/ckpd.gif HTTP/1.1" 200 2051
61.170.233.201 - - [16/Jun/2023:10:51:00 +0800] "GET /xingrg/images/blue/button/ckdb.gif HTTP/1.1" 200 1950
61.170.233.201 - - [16/Jun/2023:10:51:00 +0800] "GET /xingrg/images/blue/button/kc.gif HTTP/1.1" 304 -
61.170.233.201 - - [16/Jun/2023:10:51:00 +0800] "GET /xingrg/images/blue/button/yddb.gif HTTP/1.1" 200 2040
61.170.233.201 - - [16/Jun/2023:10:51:00 +0800] "GET /xingrg/images/blue/pic_form2.gif HTTP/1.1" 304 -
61.170.233.201 - - [16/Jun/2023:10:51:00 +0800] "GET /xingrg/images/blue/bg_dotted.jpg HTTP/1.1" 304 -
61.170.233.201 - - [16/Jun/2023:10:51:00 +0800] "GET /xingrg/images/blue/button/top_left.jpg HTTP/1.1" 200 1632
61.170.233.201 - - [16/Jun/2023:10:51:00 +0800] "GET /xingrg/images/blue/button/top_right.jpg HTTP/1.1" 200 1708
61.170.233.201 - - [16/Jun/2023:10:51:00 +0800] "GET /xingrg/images/blue/button/down.jpg HTTP/1.1" 200 1560
61.170.233.201 - - [16/Jun/2023:10:51:00 +0800] "GET /xingrg/images/blue/button/right_ah.jpg HTTP/1.1" 304 -
61.170.233.201 - - [16/Jun/2023:10:51:00 +0800] "GET /xingrg/images/blue/button/bottom_left.jpg HTTP/1.1" 200 1524
61.170.233.201 - - [16/Jun/2023:10:51:00 +0800] "GET /xingrg/images/blue/button/left_ah.jpg HTTP/1.1" 200 1643
61.170.233.201 - - [16/Jun/2023:10:51:00 +0800] "GET /xingrg/images/blue/button/bottom_right.jpg HTTP/1.1" 200 1436
61.170.233.201 - - [16/Jun/2023:10:51:02 +0800] "GET /xingrg/kc/base/wldb_order_list.html HTTP/1.1" 200 19098
61.170.233.201 - - [16/Jun/2023:10:51:02 +0800] "GET /xingrg/css/base.css HTTP/1.1" 304 -
61.170.233.201 - - [16/Jun/2023:10:51:02 +0800] "GET /xingrg/css/site.css HTTP/1.1" 304 -
61.170.233.201 - - [16/Jun/2023:10:51:02 +0800] "GET /xingrg/javascript/jquery_tools/datebox.css HTTP/1.1" 304 -
61.170.233.201 - - [16/Jun/2023:10:51:02 +0800] "GET /xingrg/javascript/easyui/themes/default/easyui.css HTTP/1.1" 304 -
61.170.233.201 - - [16/Jun/2023:10:51:02 +0800] "GET /xingrg/javascript/easyui/themes/icon.css HTTP/1.1" 304 -
61.170.233.201 - - [16/Jun/2023:10:51:02 +0800] "GET /xingrg/javascript/auto/jquery.autocomplete.css HTTP/1.1" 304 -
61.170.233.201 - - [16/Jun/2023:10:51:02 +0800] "GET /xingrg/javascript/jquery_tools/fix.css HTTP/1.1" 304 -
61.170.233.201 - - [16/Jun/2023:10:51:02 +0800] "GET /xingrg/javascript/jquery_tools/table.css HTTP/1.1" 304 -
61.170.233.201 - - [16/Jun/2023:10:51:02 +0800] "GET /xingrg/javascript/jquery_tools/jquery.tools.min.js HTTP/1.1" 304 -
61.170.233.201 - - [16/Jun/2023:10:51:02 +0800] "GET /xingrg/javascript/jquery_tools/jquery.tools.extend.js HTTP/1.1" 304 -
61.170.233.201 - - [16/Jun/2023:10:51:02 +0800] "GET /xingrg/javascript/jquery_tools/jquery.tools.hotkey.js HTTP/1.1" 304 -
61.170.233.201 - - [16/Jun/2023:10:51:02 +0800] "GET /xingrg/javascript/jquery_tools/jquery.tools.table.js HTTP/1.1" 304 -
61.170.233.201 - - [16/Jun/2023:10:51:02 +0800] "GET /xingrg/javascript/jquery_tools/list_manager.js HTTP/1.1" 304 -
61.170.233.201 - - [16/Jun/2023:10:51:02 +0800] "GET /xingrg/javascript/auto/jquery.autocomplete.js HTTP/1.1" 304 -
61.170.233.201 - - [16/Jun/2023:10:51:02 +0800] "GET /xingrg/javascript/jquery.cookie.js HTTP/1.1" 304 -
61.170.233.201 - - [16/Jun/2023:10:51:02 +0800] "GET /xingrg/javascript/print/LodopFuncs.js HTTP/1.1" 304 -
61.170.233.201 - - [16/Jun/2023:10:51:02 +0800] "GET /xingrg/javascript/easyui/easyloader.js HTTP/1.1" 304 -
120.253.135.82 - - [16/Jun/2023:10:51:02 +0800] "GET /xingrg/all/function/internal_message.html?_=1686883697169&CODE_STATE=getMsg HTTP/1.1" 200 27
61.170.233.201 - - [16/Jun/2023:10:51:02 +0800] "GET /xingrg/javascript/easyui/themes/icons/edit_add_new.png HTTP/1.1" 304 -
61.170.233.201 - - [16/Jun/2023:10:51:02 +0800] "GET /xingrg/javascript/easyui/themes/icons/field_new.png HTTP/1.1" 304 -
61.170.233.201 - - [16/Jun/2023:10:51:02 +0800] "GET /xingrg/javascript/easyui/themes/icons/import_new.png HTTP/1.1" 304 -
61.170.233.201 - - [16/Jun/2023:10:51:02 +0800] "GET /xingrg/javascript/easyui/themes/icons/check_new.png HTTP/1.1" 304 -
61.170.233.201 - - [16/Jun/2023:10:51:02 +0800] "GET /xingrg/javascript/easyui/themes/icons/cance_new.png HTTP/1.1" 304 -
61.170.233.201 - - [16/Jun/2023:10:51:02 +0800] "GET /xingrg/javascript/easyui/plugins/jquery.parser.js HTTP/1.1" 304 -
61.170.233.201 - - [16/Jun/2023:10:51:02 +0800] "GET /xingrg/images/control/ajaxLoader.gif HTTP/1.1" 304 -
61.170.233.201 - - [16/Jun/2023:10:51:03 +0800] "POST /xingrg/kc/base/wldb_list_operate.html HTTP/1.1" 200 928
114.83.219.47 - - [16/Jun/2023:10:51:03 +0800] "GET /xingrg/all/function/internal_message.html?_=1686883970127&CODE_STATE=getMsg HTTP/1.1" 200 27
61.170.233.201 - - [16/Jun/2023:10:51:04 +0800] "GET /xingrg/javascript/easyui/themes/default/images/button_plain_hover.png HTTP/1.1" 304 -
61.170.233.201 - - [16/Jun/2023:10:51:05 +0800] "GET /xingrg/kc/base/wldb_order_add.html HTTP/1.1" 200 30381
61.170.233.201 - - [16/Jun/2023:10:51:05 +0800] "GET /xingrg/javascript/jquery_tools/order_manager.js HTTP/1.1" 304 -
61.170.233.201 - - [16/Jun/2023:10:51:05 +0800] "GET /xingrg/javascript/convert.js HTTP/1.1" 304 -
61.170.233.201 - - [16/Jun/2023:10:51:05 +0800] "GET /xingrg/javascript/json2.js HTTP/1.1" 304 -
61.170.233.201 - - [16/Jun/2023:10:51:05 +0800] "GET /xingrg/javascript/print/kc_print.js HTTP/1.1" 304 -
61.170.233.201 - - [16/Jun/2023:10:51:05 +0800] "GET /xingrg/words/20230615135254_words.js HTTP/1.1" 200 968433
61.170.233.201 - - [16/Jun/2023:10:51:05 +0800] "GET /xingrg/javascript/easyui/themes/icons/template_new.png HTTP/1.1" 200 3956
61.170.233.201 - - [16/Jun/2023:10:51:05 +0800] "GET /xingrg/javascript/easyui/themes/icons/ok.png HTTP/1.1" 200 883
61.170.233.201 - - [16/Jun/2023:10:51:05 +0800] "GET /xingrg/javascript/easyui/themes/icons/print.png HTTP/1.1" 304 -
61.170.233.201 - - [16/Jun/2023:10:51:05 +0800] "GET /xingrg/javascript/easyui/themes/default/images/menu_downarrow.png HTTP/1.1" 304 -
61.170.233.201 - - [16/Jun/2023:10:51:05 +0800] "GET /xingrg/javascript/easyui/themes/icons/cancel.png HTTP/1.1" 304 -
61.170.233.201 - - [16/Jun/2023:10:51:05 +0800] "POST /xingrg/kc/base/wldb_order_operate.html HTTP/1.1" 200 6806
61.170.233.201 - - [16/Jun/2023:10:51:05 +0800] "GET /xingrg/all/common/auto_word.html?type=base&rest_code=00106 HTTP/1.1" 200 1799
61.170.233.201 - - [16/Jun/2023:10:51:05 +0800] "GET /xingrg/all/common/auto_word.html?type=base&rest_code=00106 HTTP/1.1" 200 1799
61.170.233.201 - - [16/Jun/2023:10:51:05 +0800] "GET /xingrg/javascript/easyui/themes/default/validatebox.css HTTP/1.1" 404 1104
61.170.233.201 - - [16/Jun/2023:10:51:05 +0800] "GET /xingrg/javascript/easyui/plugins/jquery.validatebox.js HTTP/1.1" 304 -
61.170.233.201 - - [16/Jun/2023:10:51:05 +0800] "GET /xingrg/javascript/easyui/plugins/jquery.numberbox.js HTTP/1.1" 304 -
61.170.233.201 - - [16/Jun/2023:10:51:06 +0800] "GET /xingrg/javascript/easyui/themes/icons/edit_remove.png HTTP/1.1" 304 -
61.170.233.201 - - [16/Jun/2023:10:51:06 +0800] "GET /xingrg/all/function/internal_message.html?_=1686883863290&CODE_STATE=getMsg HTTP/1.1" 200 27
114.85.113.108 - - [16/Jun/2023:10:51:07 +0800] "GET /xingrg/all/function/internal_message.html?_=1686883866382&CODE_STATE=getMsg HTTP/1.1" 200 27
61.170.233.201 - - [16/Jun/2023:10:51:07 +0800] "GET /xingrg/css/images/panel_loading.gif HTTP/1.1" 200 1737
61.170.233.201 - - [16/Jun/2023:10:51:07 +0800] "POST /xingrg/all/common/load_combo.html?type=base HTTP/1.1" 200 3227
116.232.195.127 - - [16/Jun/2023:10:51:08 +0800] "GET /xingrg/all/function/internal_message.html?_=1686883879206&CODE_STATE=getMsg HTTP/1.1" 200 27
116.230.113.48 - - [16/Jun/2023:10:51:09 +0800] "GET /xingrg/check_reg.html?_=1686883882836 HTTP/1.1" 200 22
116.238.191.126 - - [16/Jun/2023:10:51:09 +0800] "GET /xingrg/all/function/internal_message.html?_=1686883869597&CODE_STATE=getMsg HTTP/1.1" 200 27
180.157.249.10 - - [16/Jun/2023:10:51:09 +0800] "GET /xingrg/all/function/internal_message.html?_=1686883870312&CODE_STATE=getMsg HTTP/1.1" 200 27
116.230.113.48 - - [16/Jun/2023:10:51:11 +0800] "GET /xingrg/all/function/internal_message.html?_=1686883884894&CODE_STATE=getMsg HTTP/1.1" 200 27
58.40.7.146 - - [16/Jun/2023:10:51:13 +0800] "GET /xingrg/check_reg.html?_=1686883873508 HTTP/1.1" 200 22
58.40.7.146 - - [16/Jun/2023:10:51:13 +0800] "GET /xingrg/all/function/internal_message.html?_=1686883873510&CODE_STATE=getMsg HTTP/1.1" 200 27
61.170.233.201 - - [16/Jun/2023:10:51:14 +0800] "POST /xingrg/all/common/load_combo.html?type=base HTTP/1.1" 200 3227
101.83.145.52 - - [16/Jun/2023:10:51:15 +0800] "GET /xingrg/all/function/internal_message.html?_=1686883700601&CODE_STATE=getMsg HTTP/1.1" 200 27
101.83.145.52 - - [16/Jun/2023:10:51:15 +0800] "GET /xingrg/check_reg.html?_=1686883700671 HTTP/1.1" 200 22
120.253.135.82 - - [16/Jun/2023:10:51:16 +0800] "GET /xingrg/all/function/internal_message.html?_=1686883711038&CODE_STATE=getMsg HTTP/1.1" 200 27
116.230.113.48 - - [16/Jun/2023:10:51:16 +0800] "GET /xingrg/kc/buy/cgsh_order_operate.html?command=get_materiel&rest_code=00146&code=00101008290&supplier_code=00100005&order_time=2023-06-16 HTTP/1.1" 200 416
180.156.206.188 - - [16/Jun/2023:10:51:17 +0800] "GET /xingrg/check_reg.html?_=1686883900584 HTTP/1.1" 200 22
180.156.206.188 - - [16/Jun/2023:10:51:17 +0800] "GET /xingrg/all/function/internal_message.html?_=1686883900582&CODE_STATE=getMsg HTTP/1.1" 200 27
58.40.7.146 - - [16/Jun/2023:10:51:21 +0800] "GET /xingrg/all/function/internal_message.html?_=1686883881837&CODE_STATE=getMsg HTTP/1.1" 200 27
222.70.114.12 - - [16/Jun/2023:10:51:23 +0800] "GET /xingrg/all/function/internal_message.html?_=1686883891578&CODE_STATE=getMsg HTTP/1.1" 302 -
61.170.233.201 - - [16/Jun/2023:10:51:30 +0800] "GET /xingrg/javascript/auto/indicator.gif HTTP/1.1" 404 1066
180.169.147.146 - - [16/Jun/2023:10:51:32 +0800] "GET /xingrg/all/function/internal_message.html?_=1686883891655&CODE_STATE=getMsg HTTP/1.1" 200 27
101.229.22.40 - - [16/Jun/2023:10:51:32 +0800] "GET /xingrg/all/function/internal_message.html?_=1686883892715&CODE_STATE=getMsg HTTP/1.1" 200 27
222.70.180.90 - - [16/Jun/2023:10:51:32 +0800] "GET /xingrg/all/function/internal_message.html?_=1686883889097&CODE_STATE=getMsg HTTP/1.1" 200 27
61.170.233.201 - - [16/Jun/2023:10:51:35 +0800] "GET /xingrg/kc/base/wldb_order_operate.html?command=get_materiel&rest_code=00106&base_code=0010396&code=00101019391 HTTP/1.1" 200 485
222.67.234.146 - - [16/Jun/2023:10:51:37 +0800] "GET /xingrg/all/function/internal_message.html?_=1686883393254&CODE_STATE=getMsg HTTP/1.1" 200 27
180.163.29.217 - - [16/Jun/2023:10:51:38 +0800] "GET /xingrg/check_reg.html?_=1686883838715 HTTP/1.1" 302 -
180.163.29.217 - - [16/Jun/2023:10:51:38 +0800] "GET /xingrg/login.html HTTP/1.1" 200 7641
180.163.28.109 - - [16/Jun/2023:10:51:38 +0800] "GET /xingrg/all/function/internal_message.html?_=1686883838712&CODE_STATE=getMsg HTTP/1.1" 302 -
180.163.28.109 - - [16/Jun/2023:10:51:38 +0800] "GET /xingrg/login.html HTTP/1.1" 200 7641
180.169.147.146 - - [16/Jun/2023:10:51:38 +0800] "GET /xingrg/all/function/internal_message.html?_=1686883898711&CODE_STATE=getMsg HTTP/1.1" 200 27
116.230.113.48 - - [16/Jun/2023:10:51:39 +0800] "GET /xingrg/kc/buy/cgsh_order_operate.html?command=get_materiel&rest_code=00146&code=00101008351&supplier_code=00100005&order_time=2023-06-16 HTTP/1.1" 200 408
116.238.191.126 - - [16/Jun/2023:10:51:41 +0800] "GET /xingrg/all/function/internal_message.html?_=1686883835554&CODE_STATE=getMsg HTTP/1.1" 200 27
180.164.3.199 - - [16/Jun/2023:10:51:43 +0800] "GET /xingrg/all/function/internal_message.html?_=1686883903100&CODE_STATE=getMsg HTTP/1.1" 200 27
114.83.219.241 - - [16/Jun/2023:10:51:44 +0800] "GET /xingrg/all/function/internal_message.html?_=1686883900570&CODE_STATE=getMsg HTTP/1.1" 200 27
101.83.145.52 - - [16/Jun/2023:10:51:52 +0800] "GET /xingrg/kc/buy/cgsh_order_operate.html?command=get_materiel&rest_code=00105&code=00101008041&supplier_code=00100203&order_time=2023-06-16 HTTP/1.1" 200 408
61.170.233.201 - - [16/Jun/2023:10:51:52 +0800] "GET /xingrg/kc/base/wldb_order_operate.html?command=get_materiel&rest_code=00106&base_code=0010396&code=00101019133 HTTP/1.1" 200 480
180.169.147.146 - - [16/Jun/2023:10:51:56 +0800] "GET /xingrg/all/function/internal_message.html?_=1686883915262&CODE_STATE=getMsg HTTP/1.1" 200 27
180.169.147.146 - - [16/Jun/2023:10:51:56 +0800] "GET /xingrg/check_reg.html?_=1686883915529 HTTP/1.1" 200 22
61.170.233.201 - - [16/Jun/2023:10:51:58 +0800] "GET /xingrg/all/function/internal_message.html?_=1686883919373&CODE_STATE=getMsg HTTP/1.1" 200 27
180.169.147.146 - - [16/Jun/2023:10:51:59 +0800] "GET /xingrg/check_reg.html?_=1686883935415 HTTP/1.1" 200 22
180.169.147.146 - - [16/Jun/2023:10:52:00 +0800] "GET /xingrg/all/function/internal_message.html?_=1686883936310&CODE_STATE=getMsg HTTP/1.1" 200 27
120.253.135.82 - - [16/Jun/2023:10:52:02 +0800] "GET /xingrg/all/function/internal_message.html?_=1686883757189&CODE_STATE=getMsg HTTP/1.1" 200 27
114.83.219.47 - - [16/Jun/2023:10:52:03 +0800] "GET /xingrg/all/function/internal_message.html?_=1686884030136&CODE_STATE=getMsg HTTP/1.1" 200 27
114.83.219.47 - - [16/Jun/2023:10:52:03 +0800] "GET /xingrg/check_reg.html?_=1686884030137 HTTP/1.1" 200 22
61.170.233.201 - - [16/Jun/2023:10:52:06 +0800] "GET /xingrg/all/function/internal_message.html?_=1686883923269&CODE_STATE=getMsg HTTP/1.1" 200 27
114.85.113.108 - - [16/Jun/2023:10:52:07 +0800] "GET /xingrg/all/function/internal_message.html?_=1686883926386&CODE_STATE=getMsg HTTP/1.1" 200 27
61.170.233.201 - - [16/Jun/2023:10:52:08 +0800] "GET /xingrg/kc/base/wldb_order_operate.html?command=get_materiel&rest_code=00106&base_code=0010396&code=00101019127 HTTP/1.1" 200 480
116.232.195.127 - - [16/Jun/2023:10:52:08 +0800] "GET /xingrg/all/function/internal_message.html?_=1686883939210&CODE_STATE=getMsg HTTP/1.1" 200 27
116.238.191.126 - - [16/Jun/2023:10:52:09 +0800] "GET /xingrg/all/function/internal_message.html?_=1686883929583&CODE_STATE=getMsg HTTP/1.1" 200 27
180.157.249.10 - - [16/Jun/2023:10:52:09 +0800] "GET /xingrg/all/function/internal_message.html?_=1686883930295&CODE_STATE=getMsg HTTP/1.1" 200 27
116.230.113.48 - - [16/Jun/2023:10:52:11 +0800] "GET /xingrg/all/function/internal_message.html?_=1686883944958&CODE_STATE=getMsg HTTP/1.1" 200 27
180.156.206.188 - - [16/Jun/2023:10:52:12 +0800] "GET /xingrg/check_reg.html?_=1686883932650 HTTP/1.1" 200 22
101.83.145.52 - - [16/Jun/2023:10:52:12 +0800] "POST /xingrg/kc/buy/cgsh_order_operate.html HTTP/1.1" 200 2065
58.40.7.146 - - [16/Jun/2023:10:52:13 +0800] "GET /xingrg/all/function/internal_message.html?_=1686883933511&CODE_STATE=getMsg HTTP/1.1" 200 27
101.83.145.52 - - [16/Jun/2023:10:52:15 +0800] "GET /xingrg/all/function/internal_message.html?_=1686883760611&CODE_STATE=getMsg HTTP/1.1" 200 27
120.253.135.82 - - [16/Jun/2023:10:52:16 +0800] "GET /xingrg/all/function/internal_message.html?_=1686883771050&CODE_STATE=getMsg HTTP/1.1" 200 27
180.156.206.188 - - [16/Jun/2023:10:52:17 +0800] "GET /xingrg/all/function/internal_message.html?_=1686883960569&CODE_STATE=getMsg HTTP/1.1" 200 27
61.170.233.201 - - [16/Jun/2023:10:52:20 +0800] "GET /xingrg/kc/base/wldb_order_operate.html?command=get_materiel&rest_code=00106&base_code=0010396&code=00101019400 HTTP/1.1" 200 465
58.40.7.146 - - [16/Jun/2023:10:52:21 +0800] "GET /xingrg/all/function/internal_message.html?_=1686883941854&CODE_STATE=getMsg HTTP/1.1" 200 27
222.70.114.12 - - [16/Jun/2023:10:52:23 +0800] "GET /xingrg/all/function/internal_message.html?_=1686883951579&CODE_STATE=getMsg HTTP/1.1" 302 -
61.170.233.201 - - [16/Jun/2023:10:52:26 +0800] "POST /xingrg/kc/buy/cgsh_order_operate.html HTTP/1.1" 200 37
180.169.147.146 - - [16/Jun/2023:10:52:32 +0800] "GET /xingrg/all/function/internal_message.html?_=1686883951650&CODE_STATE=getMsg HTTP/1.1" 200 27
180.169.147.146 - - [16/Jun/2023:10:52:32 +0800] "GET /xingrg/check_reg.html?_=1686883951652 HTTP/1.1" 200 22
101.229.22.40 - - [16/Jun/2023:10:52:32 +0800] "GET /xingrg/all/function/internal_message.html?_=1686883952730&CODE_STATE=getMsg HTTP/1.1" 200 27
101.229.22.40 - - [16/Jun/2023:10:52:32 +0800] "GET /xingrg/check_reg.html?_=1686883952733 HTTP/1.1" 200 22
222.70.180.90 - - [16/Jun/2023:10:52:32 +0800] "GET /xingrg/all/function/internal_message.html?_=1686883949081&CODE_STATE=getMsg HTTP/1.1" 200 27
61.170.233.201 - - [16/Jun/2023:10:52:35 +0800] "POST /xingrg/kc/buy/cgsh_order_operate.html HTTP/1.1" 200 12
222.67.234.146 - - [16/Jun/2023:10:52:37 +0800] "GET /xingrg/all/function/internal_message.html?_=1686883453257&CODE_STATE=getMsg HTTP/1.1" 200 27
180.163.29.234 - - [16/Jun/2023:10:52:38 +0800] "GET /xingrg/all/function/internal_message.html?_=1686883898711&CODE_STATE=getMsg HTTP/1.1" 302 -
180.163.29.234 - - [16/Jun/2023:10:52:38 +0800] "GET /xingrg/login.html HTTP/1.1" 200 7641
61.170.233.201 - - [16/Jun/2023:10:52:38 +0800] "GET /xingrg/kc/buy/cgsh_order_info.html?code=212023061605602 HTTP/1.1" 200 66537
61.170.233.201 - - [16/Jun/2023:10:52:38 +0800] "GET /xingrg/words/20230615135254_words.js HTTP/1.1" 304 -
180.169.147.146 - - [16/Jun/2023:10:52:38 +0800] "GET /xingrg/all/function/internal_message.html?_=1686883958702&CODE_STATE=getMsg HTTP/1.1" 200 27
61.170.233.201 - - [16/Jun/2023:10:52:38 +0800] "GET /xingrg/javascript/easyui/themes/default/validatebox.css HTTP/1.1" 404 1104
61.170.233.201 - - [16/Jun/2023:10:52:39 +0800] "POST /xingrg/kc/buy/cgsh_order_operate.html HTTP/1.1" 200 13661
61.170.233.201 - - [16/Jun/2023:10:52:40 +0800] "GET /xingrg/kc/base/wldb_order_operate.html?command=get_materiel&rest_code=00106&base_code=0010396&code=00101019258 HTTP/1.1" 200 482
116.238.191.126 - - [16/Jun/2023:10:52:41 +0800] "GET /xingrg/all/function/internal_message.html?_=1686883895559&CODE_STATE=getMsg HTTP/1.1" 200 27
180.164.3.199 - - [16/Jun/2023:10:52:43 +0800] "GET /xingrg/check_reg.html?_=1686883963100 HTTP/1.1" 200 22
180.164.3.199 - - [16/Jun/2023:10:52:43 +0800] "GET /xingrg/all/function/internal_message.html?_=1686883963103&CODE_STATE=getMsg HTTP/1.1" 200 27
114.83.219.241 - - [16/Jun/2023:10:52:44 +0800] "GET /xingrg/all/function/internal_message.html?_=1686883960588&CODE_STATE=getMsg HTTP/1.1" 200 27
61.170.233.201 - - [16/Jun/2023:10:52:51 +0800] "GET /xingrg/kc/print/load_data.html?order_code=212023061605602&kc_code=cgsh&condition= HTTP/1.1" 200 5621
180.169.147.146 - - [16/Jun/2023:10:52:56 +0800] "GET /xingrg/all/function/internal_message.html?_=1686883975231&CODE_STATE=getMsg HTTP/1.1" 200 27
61.170.233.201 - - [16/Jun/2023:10:52:57 +0800] "GET /xingrg/kc/print/load_data.html?order_code=212023061605602&kc_code=cgsh HTTP/1.1" 200 5621
61.170.233.201 - - [16/Jun/2023:10:52:58 +0800] "GET /xingrg/all/function/internal_message.html?_=1686883979364&CODE_STATE=getMsg HTTP/1.1" 200 27
61.170.233.201 - - [16/Jun/2023:10:52:59 +0800] "GET /xingrg/kc/base/wldb_order_operate.html?command=get_materiel&rest_code=00106&base_code=0010396&code=00101019185 HTTP/1.1" 200 469
180.169.147.146 - - [16/Jun/2023:10:53:00 +0800] "GET /xingrg/all/function/internal_message.html?_=1686883996324&CODE_STATE=getMsg HTTP/1.1" 200 27
114.85.113.108 - - [16/Jun/2023:10:53:01 +0800] "GET /xingrg/check_reg.html?_=1686883980331 HTTP/1.1" 200 22
120.253.135.82 - - [16/Jun/2023:10:53:02 +0800] "GET /xingrg/all/function/internal_message.html?_=1686883817231&CODE_STATE=getMsg HTTP/1.1" 200 27
114.83.219.47 - - [16/Jun/2023:10:53:03 +0800] "GET /xingrg/all/function/internal_message.html?_=1686884090129&CODE_STATE=getMsg HTTP/1.1" 200 27
180.163.29.79 - - [16/Jun/2023:10:53:06 +0800] "GET /xingrg/all/function/internal_message.html?_=1686883923269&CODE_STATE=getMsg HTTP/1.1" 302 -
180.163.29.79 - - [16/Jun/2023:10:53:06 +0800] "GET /xingrg/login.html HTTP/1.1" 200 7641
114.85.113.108 - - [16/Jun/2023:10:53:07 +0800] "GET /xingrg/all/function/internal_message.html?_=1686883986379&CODE_STATE=getMsg HTTP/1.1" 200 27
116.232.195.127 - - [16/Jun/2023:10:53:08 +0800] "GET /xingrg/all/function/internal_message.html?_=1686883999198&CODE_STATE=getMsg HTTP/1.1" 200 27
116.238.191.126 - - [16/Jun/2023:10:53:09 +0800] "GET /xingrg/all/function/internal_message.html?_=1686883989555&CODE_STATE=getMsg HTTP/1.1" 200 27
180.157.249.10 - - [16/Jun/2023:10:53:09 +0800] "GET /xingrg/all/function/internal_message.html?_=1686883990291&CODE_STATE=getMsg HTTP/1.1" 200 27
180.157.249.10 - - [16/Jun/2023:10:53:10 +0800] "GET /xingrg/check_reg.html?_=1686883990691 HTTP/1.1" 200 22
116.230.113.48 - - [16/Jun/2023:10:53:11 +0800] "GET /xingrg/all/function/internal_message.html?_=1686884004969&CODE_STATE=getMsg HTTP/1.1" 200 27
61.170.233.201 - - [16/Jun/2023:10:53:11 +0800] "GET /xingrg/all/function/internal_message.html?_=1686883988199&CODE_STATE=getMsg HTTP/1.1" 200 27
61.170.233.201 - - [16/Jun/2023:10:53:12 +0800] "GET /xingrg/kc/base/wldb_order_operate.html?command=get_materiel&rest_code=00106&base_code=0010396&code=00101016094 HTTP/1.1" 200 470
58.40.7.146 - - [16/Jun/2023:10:53:13 +0800] "GET /xingrg/all/function/internal_message.html?_=1686883993512&CODE_STATE=getMsg HTTP/1.1" 200 27
101.83.145.52 - - [16/Jun/2023:10:53:15 +0800] "GET /xingrg/all/function/internal_message.html?_=1686883820617&CODE_STATE=getMsg HTTP/1.1" 200 27
120.253.135.82 - - [16/Jun/2023:10:53:16 +0800] "GET /xingrg/all/function/internal_message.html?_=1686883831083&CODE_STATE=getMsg HTTP/1.1" 200 27
180.156.206.188 - - [16/Jun/2023:10:53:17 +0800] "GET /xingrg/all/function/internal_message.html?_=1686884020578&CODE_STATE=getMsg HTTP/1.1" 200 27
58.40.7.146 - - [16/Jun/2023:10:53:21 +0800] "GET /xingrg/all/function/internal_message.html?_=1686884001842&CODE_STATE=getMsg HTTP/1.1" 200 27
222.70.114.12 - - [16/Jun/2023:10:53:23 +0800] "GET /xingrg/all/function/internal_message.html?_=1686884011578&CODE_STATE=getMsg HTTP/1.1" 302 -
61.170.233.201 - - [16/Jun/2023:10:53:30 +0800] "POST /xingrg/kc/base/wldb_order_operate.html HTTP/1.1" 200 37
61.170.233.201 - - [16/Jun/2023:10:53:30 +0800] "POST /xingrg/kc/base/wldb_order_operate.html HTTP/1.1" 200 5276
61.170.233.201 - - [16/Jun/2023:10:53:31 +0800] "GET /xingrg/kc/base/wldb_order_info.html?code=422023061601222 HTTP/1.1" 200 30396
61.170.233.201 - - [16/Jun/2023:10:53:32 +0800] "GET /xingrg/javascript/easyui/themes/default/validatebox.css HTTP/1.1" 404 1104
180.169.147.146 - - [16/Jun/2023:10:53:32 +0800] "GET /xingrg/all/function/internal_message.html?_=1686884011661&CODE_STATE=getMsg HTTP/1.1" 200 27
61.170.233.201 - - [16/Jun/2023:10:53:32 +0800] "POST /xingrg/kc/base/wldb_order_operate.html HTTP/1.1" 200 5276
101.229.22.40 - - [16/Jun/2023:10:53:32 +0800] "GET /xingrg/all/function/internal_message.html?_=1686884012719&CODE_STATE=getMsg HTTP/1.1" 200 27
222.70.180.90 - - [16/Jun/2023:10:53:32 +0800] "GET /xingrg/all/function/internal_message.html?_=1686884009065&CODE_STATE=getMsg HTTP/1.1" 200 27
222.67.234.146 - - [16/Jun/2023:10:53:37 +0800] "GET /xingrg/all/function/internal_message.html?_=1686883513263&CODE_STATE=getMsg HTTP/1.1" 200 27
61.170.233.201 - - [16/Jun/2023:10:53:37 +0800] "GET /xingrg/kc/base/wldb_order_add.html HTTP/1.1" 200 30381
61.170.233.201 - - [16/Jun/2023:10:53:37 +0800] "POST /xingrg/kc/base/wldb_order_operate.html HTTP/1.1" 200 6806
61.170.233.201 - - [16/Jun/2023:10:53:37 +0800] "GET /xingrg/javascript/easyui/themes/default/validatebox.css HTTP/1.1" 404 1104
180.163.29.79 - - [16/Jun/2023:10:53:38 +0800] "GET /xingrg/all/function/internal_message.html?_=1686883958702&CODE_STATE=getMsg HTTP/1.1" 302 -
180.163.29.79 - - [16/Jun/2023:10:53:38 +0800] "GET /xingrg/login.html HTTP/1.1" 200 7641
180.169.147.146 - - [16/Jun/2023:10:53:38 +0800] "GET /xingrg/all/function/internal_message.html?_=1686884018692&CODE_STATE=getMsg HTTP/1.1" 200 27
61.170.233.201 - - [16/Jun/2023:10:53:40 +0800] "POST /xingrg/all/common/load_combo.html?type=base HTTP/1.1" 200 3227
116.238.191.126 - - [16/Jun/2023:10:53:40 +0800] "GET /xingrg/check_reg.html?_=1686883953990 HTTP/1.1" 200 22
116.238.191.126 - - [16/Jun/2023:10:53:41 +0800] "GET /xingrg/all/function/internal_message.html?_=1686883955573&CODE_STATE=getMsg HTTP/1.1" 200 27
180.164.3.199 - - [16/Jun/2023:10:53:43 +0800] "GET /xingrg/all/function/internal_message.html?_=1686884023090&CODE_STATE=getMsg HTTP/1.1" 200 27
114.83.219.241 - - [16/Jun/2023:10:53:44 +0800] "GET /xingrg/all/function/internal_message.html?_=1686884020574&CODE_STATE=getMsg HTTP/1.1" 200 27
61.170.233.201 - - [16/Jun/2023:10:53:51 +0800] "POST /xingrg/all/common/load_combo.html?type=base HTTP/1.1" 200 3227
61.170.233.201 - - [16/Jun/2023:10:53:55 +0800] "GET /xingrg/check_reg.html?_=1686884032460 HTTP/1.1" 200 22
180.169.147.146 - - [16/Jun/2023:10:53:56 +0800] "GET /xingrg/all/function/internal_message.html?_=1686884035216&CODE_STATE=getMsg HTTP/1.1" 200 27
61.170.233.201 - - [16/Jun/2023:10:53:58 +0800] "GET /xingrg/all/function/internal_message.html?_=1686884039382&CODE_STATE=getMsg HTTP/1.1" 200 27
180.169.147.146 - - [16/Jun/2023:10:54:00 +0800] "GET /xingrg/all/function/internal_message.html?_=1686884056338&CODE_STATE=getMsg HTTP/1.1" 200 27
120.253.135.82 - - [16/Jun/2023:10:54:02 +0800] "GET /xingrg/all/function/internal_message.html?_=1686883877241&CODE_STATE=getMsg HTTP/1.1" 200 27
114.83.219.47 - - [16/Jun/2023:10:54:03 +0800] "GET /xingrg/all/function/internal_message.html?_=1686884150132&CODE_STATE=getMsg HTTP/1.1" 200 27
101.83.145.52 - - [16/Jun/2023:10:54:05 +0800] "POST /xingrg/kc/buy/cgsh_order_operate.html HTTP/1.1" 200 2065
61.170.233.201 - - [16/Jun/2023:10:54:06 +0800] "GET /xingrg/kc/base/wldb_order_operate.html?command=get_materiel&rest_code=00106&base_code=0010396&code=00101019184 HTTP/1.1" 200 456
114.85.113.108 - - [16/Jun/2023:10:54:07 +0800] "GET /xingrg/all/function/internal_message.html?_=1686884046378&CODE_STATE=getMsg HTTP/1.1" 200 27
116.232.195.127 - - [16/Jun/2023:10:54:08 +0800] "GET /xingrg/all/function/internal_message.html?_=1686884059219&CODE_STATE=getMsg HTTP/1.1" 200 27
116.232.195.127 - - [16/Jun/2023:10:54:08 +0800] "GET /xingrg/check_reg.html?_=1686884059224 HTTP/1.1" 200 22
116.238.191.126 - - [16/Jun/2023:10:54:09 +0800] "GET /xingrg/all/function/internal_message.html?_=1686884049529&CODE_STATE=getMsg HTTP/1.1" 200 27
180.157.249.10 - - [16/Jun/2023:10:54:09 +0800] "GET /xingrg/all/function/internal_message.html?_=1686884050274&CODE_STATE=getMsg HTTP/1.1" 200 27
180.163.28.180 - - [16/Jun/2023:10:54:11 +0800] "GET /xingrg/all/function/internal_message.html?_=1686883988199&CODE_STATE=getMsg HTTP/1.1" 302 -
180.163.28.180 - - [16/Jun/2023:10:54:11 +0800] "GET /xingrg/login.html HTTP/1.1" 200 7641
116.230.113.48 - - [16/Jun/2023:10:54:11 +0800] "GET /xingrg/all/function/internal_message.html?_=1686884065028&CODE_STATE=getMsg HTTP/1.1" 200 27
61.170.233.201 - - [16/Jun/2023:10:54:11 +0800] "GET /xingrg/all/function/internal_message.html?_=1686884048174&CODE_STATE=getMsg HTTP/1.1" 200 27
58.40.7.146 - - [16/Jun/2023:10:54:13 +0800] "GET /xingrg/all/function/internal_message.html?_=1686884053500&CODE_STATE=getMsg HTTP/1.1" 200 27
101.83.145.52 - - [16/Jun/2023:10:54:15 +0800] "GET /xingrg/all/function/internal_message.html?_=1686883880607&CODE_STATE=getMsg HTTP/1.1" 200 27
120.253.135.82 - - [16/Jun/2023:10:54:16 +0800] "GET /xingrg/all/function/internal_message.html?_=1686883891094&CODE_STATE=getMsg HTTP/1.1" 200 27
180.156.206.188 - - [16/Jun/2023:10:54:17 +0800] "GET /xingrg/all/function/internal_message.html?_=1686884080562&CODE_STATE=getMsg HTTP/1.1" 200 27
222.70.180.90 - - [16/Jun/2023:10:54:19 +0800] "GET /xingrg/check_reg.html?_=1686884056023 HTTP/1.1" 200 22
58.40.7.146 - - [16/Jun/2023:10:54:21 +0800] "GET /xingrg/all/function/internal_message.html?_=1686884061848&CODE_STATE=getMsg HTTP/1.1" 200 27
222.70.114.12 - - [16/Jun/2023:10:54:23 +0800] "GET /xingrg/all/function/internal_message.html?_=1686884071577&CODE_STATE=getMsg HTTP/1.1" 302 -
180.169.147.146 - - [16/Jun/2023:10:54:32 +0800] "GET /xingrg/all/function/internal_message.html?_=1686884071662&CODE_STATE=getMsg HTTP/1.1" 200 27
101.229.22.40 - - [16/Jun/2023:10:54:32 +0800] "GET /xingrg/all/function/internal_message.html?_=1686884072731&CODE_STATE=getMsg HTTP/1.1" 200 27
222.70.180.90 - - [16/Jun/2023:10:54:32 +0800] "GET /xingrg/all/function/internal_message.html?_=1686884069051&CODE_STATE=getMsg HTTP/1.1" 200 27
222.67.234.146 - - [16/Jun/2023:10:54:37 +0800] "GET /xingrg/all/function/internal_message.html?_=1686883573251&CODE_STATE=getMsg HTTP/1.1" 200 27
222.67.234.146 - - [16/Jun/2023:10:54:37 +0800] "GET /xingrg/check_reg.html?_=1686883573253 HTTP/1.1" 200 22
180.169.147.146 - - [16/Jun/2023:10:54:38 +0800] "GET /xingrg/all/function/internal_message.html?_=1686884078699&CODE_STATE=getMsg HTTP/1.1" 200 27
116.238.191.126 - - [16/Jun/2023:10:54:41 +0800] "GET /xingrg/all/function/internal_message.html?_=1686884015586&CODE_STATE=getMsg HTTP/1.1" 200 27
180.164.3.199 - - [16/Jun/2023:10:54:43 +0800] "GET /xingrg/all/function/internal_message.html?_=1686884083084&CODE_STATE=getMsg HTTP/1.1" 200 27
114.83.219.241 - - [16/Jun/2023:10:54:44 +0800] "GET /xingrg/all/function/internal_message.html?_=1686884080579&CODE_STATE=getMsg HTTP/1.1" 200 27
61.170.233.201 - - [16/Jun/2023:10:54:45 +0800] "POST /xingrg/kc/base/wldb_order_operate.html HTTP/1.1" 200 37
61.170.233.201 - - [16/Jun/2023:10:54:46 +0800] "POST /xingrg/kc/base/wldb_order_operate.html HTTP/1.1" 200 3200
61.170.233.201 - - [16/Jun/2023:10:54:47 +0800] "GET /xingrg/kc/base/wldb_order_info.html?code=422023061601223 HTTP/1.1" 200 30396
61.170.233.201 - - [16/Jun/2023:10:54:48 +0800] "GET /xingrg/javascript/easyui/themes/default/validatebox.css HTTP/1.1" 404 1104
61.170.233.201 - - [16/Jun/2023:10:54:48 +0800] "POST /xingrg/kc/base/wldb_order_operate.html HTTP/1.1" 200 3200
61.170.233.201 - - [16/Jun/2023:10:54:50 +0800] "GET /xingrg/kc/base/base_main.html HTTP/1.1" 200 12142
61.170.233.201 - - [16/Jun/2023:10:54:52 +0800] "GET /xingrg/kc/mdqp/qp_main.html HTTP/1.1" 200 10633
61.170.233.201 - - [16/Jun/2023:10:54:52 +0800] "GET /xingrg/javascript/jquery_ui/themes/humanity/humanity.css HTTP/1.1" 304 -
61.170.233.201 - - [16/Jun/2023:10:54:52 +0800] "GET /xingrg/javascript/jquery_ui/jquery-ui.min.js HTTP/1.1" 304 -
61.170.233.201 - - [16/Jun/2023:10:54:52 +0800] "GET /xingrg/javascript/ToolTips.js HTTP/1.1" 304 -
61.170.233.201 - - [16/Jun/2023:10:54:52 +0800] "GET /xingrg/images/blue/button/qqpsd.gif HTTP/1.1" 200 2548
61.170.233.201 - - [16/Jun/2023:10:54:52 +0800] "GET /xingrg/images/blue/button/pszx.gif HTTP/1.1" 200 2648
61.170.233.201 - - [16/Jun/2023:10:54:52 +0800] "GET /xingrg/images/blue/button/psshd.gif HTTP/1.1" 200 2692
61.170.233.201 - - [16/Jun/2023:10:54:52 +0800] "GET /xingrg/images/blue/button/cgxqd.gif HTTP/1.1" 304 -
61.170.233.201 - - [16/Jun/2023:10:54:52 +0800] "GET /xingrg/images/blue/button/down_ah.jpg HTTP/1.1" 304 -
61.170.233.201 - - [16/Jun/2023:10:54:52 +0800] "GET /xingrg/javascript/jquery_ui/themes/humanity/images/ui-bg_inset-soft_100_f4f0ec_1x100.png HTTP/1.1" 304 -
61.170.233.201 - - [16/Jun/2023:10:54:52 +0800] "GET /xingrg/javascript/jquery_ui/themes/humanity/images/ui-icons_ffffff_256x240.png HTTP/1.1" 304 -
61.170.233.201 - - [16/Jun/2023:10:54:52 +0800] "GET /xingrg/javascript/jquery_ui/themes/humanity/images/ui-bg_glass_70_ede4d4_1x400.png HTTP/1.1" 304 -
61.170.233.201 - - [16/Jun/2023:10:54:52 +0800] "GET /xingrg/javascript/jquery_ui/themes/humanity/images/ui-iconsnew.jpg HTTP/1.1" 304 -
61.170.233.201 - - [16/Jun/2023:10:54:52 +0800] "GET /xingrg/javascript/jquery_ui/themes/humanity/images/ui-icons_c47a23_256x240.png HTTP/1.1" 304 -
61.170.233.201 - - [16/Jun/2023:10:54:53 +0800] "GET /xingrg/images/yd/bt.gif HTTP/1.1" 404 1040
101.83.145.52 - - [16/Jun/2023:10:54:54 +0800] "GET /xingrg/kc/buy/cgsh_order_operate.html?command=get_materiel&rest_code=00105&code=00101008105&supplier_code=00100203&order_time=2023-06-16 HTTP/1.1" 200 412
180.169.147.146 - - [16/Jun/2023:10:54:56 +0800] "GET /xingrg/all/function/internal_message.html?_=1686884095202&CODE_STATE=getMsg HTTP/1.1" 200 27
61.170.233.201 - - [16/Jun/2023:10:54:56 +0800] "GET /xingrg/kc/mdqp/qqps_order_list.html HTTP/1.1" 200 9222
61.170.233.201 - - [16/Jun/2023:10:54:56 +0800] "GET /xingrg/dwr/interface/AjaxQqpsService.js HTTP/1.1" 200 16326
61.170.233.201 - - [16/Jun/2023:10:54:56 +0800] "GET /xingrg/dwr/interface/AjaxReportQueryService.js HTTP/1.1" 200 13203
61.170.233.201 - - [16/Jun/2023:10:54:56 +0800] "GET /xingrg/dwr/engine.js HTTP/1.1" 200 43631
61.170.233.201 - - [16/Jun/2023:10:54:56 +0800] "GET /xingrg/dwr/util.js HTTP/1.1" 200 35990
61.170.233.201 - - [16/Jun/2023:10:54:56 +0800] "GET /xingrg/javascript/Calendar.js HTTP/1.1" 200 31561
61.170.233.201 - - [16/Jun/2023:10:54:56 +0800] "GET /xingrg/javascript/jquery_easy_ui/themes/icons/uncheck_new.png HTTP/1.1" 200 3197
61.170.233.201 - - [16/Jun/2023:10:54:56 +0800] "GET /xingrg/javascript/jquery_easy_ui/themes/icons/check_new.png HTTP/1.1" 200 3224
61.170.233.201 - - [16/Jun/2023:10:54:56 +0800] "GET /xingrg/javascript/jquery_easy_ui/themes/icons/cance_new.png HTTP/1.1" 200 3986
61.170.233.201 - - [16/Jun/2023:10:54:56 +0800] "GET /xingrg/javascript/jquery_easy_ui/themes/icons/edit_add_new.png HTTP/1.1" 200 2997
61.170.233.201 - - [16/Jun/2023:10:54:58 +0800] "GET /xingrg/all/function/internal_message.html?_=1686884099378&CODE_STATE=getMsg HTTP/1.1" 200 27
61.170.233.201 - - [16/Jun/2023:10:55:00 +0800] "GET /xingrg/kc/base/yddb_order_list.html HTTP/1.1" 200 16704
180.169.147.146 - - [16/Jun/2023:10:55:00 +0800] "GET /xingrg/all/function/internal_message.html?_=1686884116361&CODE_STATE=getMsg HTTP/1.1" 200 27
61.170.233.201 - - [16/Jun/2023:10:55:00 +0800] "POST /xingrg/kc/base/yddb_list_operate.html HTTP/1.1" 200 1327
120.253.135.82 - - [16/Jun/2023:10:55:02 +0800] "GET /xingrg/check_reg.html?_=1686883937064 HTTP/1.1" 200 22
120.253.135.82 - - [16/Jun/2023:10:55:02 +0800] "GET /xingrg/all/function/internal_message.html?_=1686883937253&CODE_STATE=getMsg HTTP/1.1" 200 27
114.83.219.47 - - [16/Jun/2023:10:55:03 +0800] "GET /xingrg/all/function/internal_message.html?_=1686884210119&CODE_STATE=getMsg HTTP/1.1" 200 27
61.170.233.201 - - [16/Jun/2023:10:55:04 +0800] "POST /xingrg/kc/base/yddb_list_operate.html HTTP/1.1" 200 4336
114.85.113.108 - - [16/Jun/2023:10:55:07 +0800] "GET /xingrg/all/function/internal_message.html?_=1686884106391&CODE_STATE=getMsg HTTP/1.1" 200 27
180.156.206.188 - - [16/Jun/2023:10:55:07 +0800] "GET /xingrg/kc/buy/cgsh_order_add.html HTTP/1.1" 200 71671
180.156.206.188 - - [16/Jun/2023:10:55:07 +0800] "GET /xingrg/words/20230615135254_words.js HTTP/1.1" 304 -
180.156.206.188 - - [16/Jun/2023:10:55:08 +0800] "POST /xingrg/kc/buy/cgsh_order_operate.html HTTP/1.1" 200 8245
180.156.206.188 - - [16/Jun/2023:10:55:08 +0800] "GET /xingrg/javascript/easyui/themes/default/validatebox.css HTTP/1.1" 404 1104
116.232.195.127 - - [16/Jun/2023:10:55:08 +0800] "GET /xingrg/all/function/internal_message.html?_=1686884119212&CODE_STATE=getMsg HTTP/1.1" 200 27
116.238.191.126 - - [16/Jun/2023:10:55:09 +0800] "GET /xingrg/all/function/internal_message.html?_=1686884109500&CODE_STATE=getMsg HTTP/1.1" 200 27
180.157.249.10 - - [16/Jun/2023:10:55:09 +0800] "GET /xingrg/all/function/internal_message.html?_=1686884110269&CODE_STATE=getMsg HTTP/1.1" 200 27
116.238.191.126 - - [16/Jun/2023:10:55:10 +0800] "GET /xingrg/check_reg.html?_=1686884109771 HTTP/1.1" 200 22
116.230.113.48 - - [16/Jun/2023:10:55:11 +0800] "GET /xingrg/all/function/internal_message.html?_=1686884125043&CODE_STATE=getMsg HTTP/1.1" 200 27
61.170.233.201 - - [16/Jun/2023:10:55:11 +0800] "GET /xingrg/all/function/internal_message.html?_=1686884108159&CODE_STATE=getMsg HTTP/1.1" 200 27
58.40.7.146 - - [16/Jun/2023:10:55:13 +0800] "GET /xingrg/all/function/internal_message.html?_=1686884113501&CODE_STATE=getMsg HTTP/1.1" 200 27
120.253.135.82 - - [16/Jun/2023:10:55:15 +0800] "GET /xingrg/check_reg.html?_=1686883950537 HTTP/1.1" 200 22
101.83.145.52 - - [16/Jun/2023:10:55:15 +0800] "GET /xingrg/all/function/internal_message.html?_=1686883940623&CODE_STATE=getMsg HTTP/1.1" 200 27
120.253.135.82 - - [16/Jun/2023:10:55:16 +0800] "GET /xingrg/all/function/internal_message.html?_=1686883951107&CODE_STATE=getMsg HTTP/1.1" 200 27
61.170.233.201 - - [16/Jun/2023:10:55:18 +0800] "GET /xingrg/kc/base/base_main.html HTTP/1.1" 200 12142
58.40.7.146 - - [16/Jun/2023:10:55:21 +0800] "GET /xingrg/check_reg.html?_=1686884121836 HTTP/1.1" 200 22
58.40.7.146 - - [16/Jun/2023:10:55:21 +0800] "GET /xingrg/all/function/internal_message.html?_=1686884121838&CODE_STATE=getMsg HTTP/1.1" 200 27
222.70.114.12 - - [16/Jun/2023:10:55:23 +0800] "GET /xingrg/check_reg.html?_=1686884131578 HTTP/1.1" 302 -
222.70.114.12 - - [16/Jun/2023:10:55:23 +0800] "GET /xingrg/all/function/internal_message.html?_=1686884131577&CODE_STATE=getMsg HTTP/1.1" 302 -
61.170.233.201 - - [16/Jun/2023:10:55:24 +0800] "GET /xingrg/javascript/jquery_easy_ui/themes/default/images/tabs_active.png HTTP/1.1" 304 -
180.169.147.146 - - [16/Jun/2023:10:55:32 +0800] "GET /xingrg/all/function/internal_message.html?_=1686884131655&CODE_STATE=getMsg HTTP/1.1" 200 27
101.229.22.40 - - [16/Jun/2023:10:55:32 +0800] "GET /xingrg/all/function/internal_message.html?_=1686884132743&CODE_STATE=getMsg HTTP/1.1" 200 27
222.70.180.90 - - [16/Jun/2023:10:55:32 +0800] "GET /xingrg/all/function/internal_message.html?_=1686884129034&CODE_STATE=getMsg HTTP/1.1" 200 27
180.157.249.10 - - [16/Jun/2023:10:55:36 +0800] "GET /favicon.ico HTTP/1.1" 404 -
222.67.234.146 - - [16/Jun/2023:10:55:37 +0800] "GET /xingrg/all/function/internal_message.html?_=1686883633255&CODE_STATE=getMsg HTTP/1.1" 200 27
180.169.147.146 - - [16/Jun/2023:10:55:38 +0800] "GET /xingrg/all/function/internal_message.html?_=1686884138705&CODE_STATE=getMsg HTTP/1.1" 200 27
180.169.147.146 - - [16/Jun/2023:10:55:38 +0800] "GET /xingrg/check_reg.html?_=1686884138709 HTTP/1.1" 200 22
116.238.191.126 - - [16/Jun/2023:10:55:41 +0800] "GET /xingrg/all/function/internal_message.html?_=1686884075599&CODE_STATE=getMsg HTTP/1.1" 200 27
180.164.3.199 - - [16/Jun/2023:10:55:43 +0800] "GET /xingrg/all/function/internal_message.html?_=1686884143090&CODE_STATE=getMsg HTTP/1.1" 200 27
114.83.219.241 - - [16/Jun/2023:10:55:44 +0800] "GET /xingrg/all/function/internal_message.html?_=1686884140579&CODE_STATE=getMsg HTTP/1.1" 200 27
114.83.219.241 - - [16/Jun/2023:10:55:44 +0800] "GET /xingrg/check_reg.html?_=1686884140583 HTTP/1.1" 200 22
101.83.145.52 - - [16/Jun/2023:10:55:52 +0800] "GET /xingrg/kc/buy/cgsh_order_operate.html?command=get_materiel&rest_code=00105&code=00101008397&supplier_code=00100203&order_time=2023-06-16 HTTP/1.1" 200 418
180.169.147.146 - - [16/Jun/2023:10:55:56 +0800] "GET /xingrg/all/function/internal_message.html?_=1686884155185&CODE_STATE=getMsg HTTP/1.1" 200 27
180.169.147.146 - - [16/Jun/2023:10:56:00 +0800] "GET /xingrg/all/function/internal_message.html?_=1686884176365&CODE_STATE=getMsg HTTP/1.1" 200 27
120.253.135.82 - - [16/Jun/2023:10:56:02 +0800] "GET /xingrg/all/function/internal_message.html?_=1686883997269&CODE_STATE=getMsg HTTP/1.1" 200 27
114.83.219.47 - - [16/Jun/2023:10:56:03 +0800] "GET /xingrg/all/function/internal_message.html?_=1686884270133&CODE_STATE=getMsg HTTP/1.1" 200 27
114.85.113.108 - - [16/Jun/2023:10:56:07 +0800] "GET /xingrg/all/function/internal_message.html?_=1686884166385&CODE_STATE=getMsg HTTP/1.1" 200 27
116.230.113.48 - - [16/Jun/2023:10:56:09 +0800] "GET /xingrg/check_reg.html?_=1686884182897 HTTP/1.1" 200 22
116.238.191.126 - - [16/Jun/2023:10:56:09 +0800] "GET /xingrg/all/function/internal_message.html?_=1686884169499&CODE_STATE=getMsg HTTP/1.1" 200 27
180.157.249.10 - - [16/Jun/2023:10:56:09 +0800] "GET /xingrg/all/function/internal_message.html?_=1686884170254&CODE_STATE=getMsg HTTP/1.1" 200 27
180.163.29.206 - - [16/Jun/2023:10:56:11 +0800] "GET /xingrg/all/function/internal_message.html?_=1686884108159&CODE_STATE=getMsg HTTP/1.1" 302 -
180.163.29.206 - - [16/Jun/2023:10:56:11 +0800] "GET /xingrg/login.html HTTP/1.1" 200 7641
116.232.195.127 - - [16/Jun/2023:10:56:11 +0800] "GET /xingrg/all/function/internal_message.html?_=1686884179212&CODE_STATE=getMsg HTTP/1.1" 200 27
116.230.113.48 - - [16/Jun/2023:10:56:11 +0800] "GET /xingrg/all/function/internal_message.html?_=1686884185057&CODE_STATE=getMsg HTTP/1.1" 200 27
61.170.233.201 - - [16/Jun/2023:10:56:11 +0800] "GET /xingrg/all/function/internal_message.html?_=1686884168144&CODE_STATE=getMsg HTTP/1.1" 200 27
58.40.7.146 - - [16/Jun/2023:10:56:13 +0800] "GET /xingrg/all/function/internal_message.html?_=1686884173504&CODE_STATE=getMsg HTTP/1.1" 200 27
58.40.7.146 - - [16/Jun/2023:10:56:13 +0800] "GET /xingrg/check_reg.html?_=1686884173504 HTTP/1.1" 200 22
101.83.145.52 - - [16/Jun/2023:10:56:15 +0800] "GET /xingrg/all/function/internal_message.html?_=1686884000640&CODE_STATE=getMsg HTTP/1.1" 200 27
101.83.145.52 - - [16/Jun/2023:10:56:15 +0800] "GET /xingrg/check_reg.html?_=1686884000680 HTTP/1.1" 200 22
120.253.135.82 - - [16/Jun/2023:10:56:16 +0800] "GET /xingrg/all/function/internal_message.html?_=1686884011121&CODE_STATE=getMsg HTTP/1.1" 200 27
58.40.7.146 - - [16/Jun/2023:10:56:21 +0800] "GET /xingrg/all/function/internal_message.html?_=1686884181842&CODE_STATE=getMsg HTTP/1.1" 200 27
222.70.114.12 - - [16/Jun/2023:10:56:23 +0800] "GET /xingrg/all/function/internal_message.html?_=1686884191576&CODE_STATE=getMsg HTTP/1.1" 302 -
180.169.147.146 - - [16/Jun/2023:10:56:32 +0800] "GET /xingrg/all/function/internal_message.html?_=1686884191666&CODE_STATE=getMsg HTTP/1.1" 200 27
101.229.22.40 - - [16/Jun/2023:10:56:32 +0800] "GET /xingrg/all/function/internal_message.html?_=1686884192743&CODE_STATE=getMsg HTTP/1.1" 200 27
222.70.180.90 - - [16/Jun/2023:10:56:32 +0800] "GET /xingrg/all/function/internal_message.html?_=1686884189018&CODE_STATE=getMsg HTTP/1.1" 200 27
222.67.234.146 - - [16/Jun/2023:10:56:37 +0800] "GET /xingrg/all/function/internal_message.html?_=1686883693283&CODE_STATE=getMsg HTTP/1.1" 200 27
180.163.29.103 - - [16/Jun/2023:10:56:38 +0800] "GET /xingrg/check_reg.html?_=1686884138709 HTTP/1.1" 302 -
180.163.29.103 - - [16/Jun/2023:10:56:38 +0800] "GET /xingrg/login.html HTTP/1.1" 200 7641
180.169.147.146 - - [16/Jun/2023:10:56:38 +0800] "GET /xingrg/all/function/internal_message.html?_=1686884198702&CODE_STATE=getMsg HTTP/1.1" 200 27
116.238.191.126 - - [16/Jun/2023:10:56:42 +0800] "GET /xingrg/all/function/internal_message.html?_=1686884135669&CODE_STATE=getMsg HTTP/1.1" 200 27
180.164.3.199 - - [16/Jun/2023:10:56:43 +0800] "GET /xingrg/all/function/internal_message.html?_=1686884203087&CODE_STATE=getMsg HTTP/1.1" 200 27
114.83.219.241 - - [16/Jun/2023:10:56:44 +0800] "GET /xingrg/all/function/internal_message.html?_=1686884200592&CODE_STATE=getMsg HTTP/1.1" 200 27
101.83.145.52 - - [16/Jun/2023:10:56:47 +0800] "GET /xingrg/kc/buy/cgsh_order_operate.html?command=get_materiel&rest_code=00105&code=00101008175&supplier_code=00100203&order_time=2023-06-16 HTTP/1.1" 200 412
180.169.147.146 - - [16/Jun/2023:10:56:55 +0800] "GET /xingrg/all/function/internal_message.html?_=1686884215169&CODE_STATE=getMsg HTTP/1.1" 200 27
180.169.147.146 - - [16/Jun/2023:10:56:56 +0800] "GET /xingrg/check_reg.html?_=1686884215514 HTTP/1.1" 200 22
180.169.147.146 - - [16/Jun/2023:10:56:59 +0800] "GET /xingrg/check_reg.html?_=1686884235421 HTTP/1.1" 200 22
