61.170.233.201 - - [16/Jun/2023:08:45:55 +0800] "GET /xingrg/all/function/internal_message.html?_=1686876352323&CODE_STATE=getMsg HTTP/1.1" 200 27
116.238.191.126 - - [16/Jun/2023:08:46:01 +0800] "GET /xingrg/all/function/internal_message.html?_=1686876361826&CODE_STATE=getMsg HTTP/1.1" 200 27
116.238.191.126 - - [16/Jun/2023:08:46:03 +0800] "POST /xingrg/kc/buy/cgsh_order_operate.html HTTP/1.1" 200 37
116.232.195.127 - - [16/Jun/2023:08:46:04 +0800] "GET /xingrg/kc/buy/cgsh_order_operate.html?command=get_materiel&rest_code=00155&code=00101008271&supplier_code=00100005&order_time=2023-06-16 HTTP/1.1" 200 408
114.85.113.108 - - [16/Jun/2023:08:46:07 +0800] "GET /xingrg/all/function/internal_message.html?_=1686876366151&CODE_STATE=getMsg HTTP/1.1" 200 27
116.232.195.127 - - [16/Jun/2023:08:46:08 +0800] "GET /xingrg/all/function/internal_message.html?_=1686876379215&CODE_STATE=getMsg HTTP/1.1" 200 27
116.230.113.48 - - [16/Jun/2023:08:46:09 +0800] "GET /xingrg/check_reg.html?_=1686876382706 HTTP/1.1" 200 22
116.230.113.48 - - [16/Jun/2023:08:46:09 +0800] "GET /xingrg/all/function/internal_message.html?_=1686876383196&CODE_STATE=getMsg HTTP/1.1" 200 27
116.238.191.126 - - [16/Jun/2023:08:46:10 +0800] "POST /xingrg/kc/buy/cgsh_order_operate.html HTTP/1.1" 200 12
116.238.191.126 - - [16/Jun/2023:08:46:12 +0800] "GET /xingrg/kc/buy/cgsh_order_info.html?code=212023061605559 HTTP/1.1" 200 66579
116.238.191.126 - - [16/Jun/2023:08:46:12 +0800] "GET /xingrg/javascript/easyui/themes/default/validatebox.css HTTP/1.1" 404 1104
58.40.7.146 - - [16/Jun/2023:08:46:13 +0800] "GET /xingrg/all/function/internal_message.html?_=1686876373453&CODE_STATE=getMsg HTTP/1.1" 200 27
58.40.7.146 - - [16/Jun/2023:08:46:13 +0800] "GET /xingrg/check_reg.html?_=1686876373454 HTTP/1.1" 200 22
116.238.191.126 - - [16/Jun/2023:08:46:13 +0800] "POST /xingrg/kc/buy/cgsh_order_operate.html HTTP/1.1" 200 8920
116.232.195.127 - - [16/Jun/2023:08:46:14 +0800] "GET /xingrg/kc/buy/cgsh_order_operate.html?command=get_materiel&rest_code=00155&code=00101008353&supplier_code=00100005&order_time=2023-06-16 HTTP/1.1" 200 408
101.83.145.52 - - [16/Jun/2023:08:46:15 +0800] "GET /xingrg/check_reg.html?_=1686876200399 HTTP/1.1" 200 22
101.83.145.52 - - [16/Jun/2023:08:46:15 +0800] "GET /xingrg/all/function/internal_message.html?_=1686876200402&CODE_STATE=getMsg HTTP/1.1" 200 27
116.238.191.126 - - [16/Jun/2023:08:46:15 +0800] "GET /xingrg/kc/print/load_config.html?kc_code=cgsh HTTP/1.1" 200 1924
116.238.191.126 - - [16/Jun/2023:08:46:16 +0800] "GET /xingrg/kc/print/load_data.html?order_code=212023061605559&kc_code=cgsh&condition= HTTP/1.1" 200 3831
222.70.180.90 - - [16/Jun/2023:08:46:19 +0800] "GET /xingrg/all/function/internal_message.html?_=1686876375909&CODE_STATE=getMsg HTTP/1.1" 200 27
116.238.191.126 - - [16/Jun/2023:08:46:22 +0800] "GET /xingrg/kc/buy/cgsh_order_add.html HTTP/1.1" 200 71680
116.238.191.126 - - [16/Jun/2023:08:46:22 +0800] "POST /xingrg/kc/buy/cgsh_order_operate.html HTTP/1.1" 200 8245
116.238.191.126 - - [16/Jun/2023:08:46:22 +0800] "GET /xingrg/javascript/easyui/themes/default/validatebox.css HTTP/1.1" 404 1104
116.232.195.127 - - [16/Jun/2023:08:46:23 +0800] "GET /xingrg/kc/buy/cgsh_order_operate.html?command=get_materiel&rest_code=00155&code=00101008283&supplier_code=00100005&order_time=2023-06-16 HTTP/1.1" 200 408
180.156.206.188 - - [16/Jun/2023:08:46:23 +0800] "GET /xingrg/check_reg.html?_=1686876384148 HTTP/1.1" 302 -
116.232.195.127 - - [16/Jun/2023:08:46:31 +0800] "POST /xingrg/kc/buy/cgsh_order_operate.html HTTP/1.1" 200 2065
116.238.191.126 - - [16/Jun/2023:08:46:33 +0800] "GET /xingrg/kc/buy/cgsh_order_operate.html?command=get_materiel&rest_code=00150&code=00101031012&supplier_code=00100054&order_time=2023-06-16 HTTP/1.1" 200 417
61.170.233.201 - - [16/Jun/2023:08:46:35 +0800] "GET /xingrg/kc/buy/cgsh_order_operate.html?command=get_materiel&rest_code=00106&code=00101008356&supplier_code=00100007&order_time=2023-06-16 HTTP/1.1" 200 408
116.232.195.127 - - [16/Jun/2023:08:46:36 +0800] "GET /xingrg/kc/buy/cgsh_order_operate.html?command=get_materiel&rest_code=00155&code=00101008134&supplier_code=00100005&order_time=2023-06-16 HTTP/1.1" 200 412
116.238.191.126 - - [16/Jun/2023:08:46:38 +0800] "GET /xingrg/all/function/internal_message.html?_=1686876332593&CODE_STATE=getMsg HTTP/1.1" 200 27
116.238.191.126 - - [16/Jun/2023:08:46:41 +0800] "POST /xingrg/kc/buy/cgsh_order_operate.html HTTP/1.1" 200 37
124.79.244.240 - - [16/Jun/2023:08:46:43 +0800] "GET /xingrg/all/function/internal_message.html?_=1686876406531&CODE_STATE=getMsg HTTP/1.1" 302 -
124.79.244.240 - - [16/Jun/2023:08:46:43 +0800] "GET /xingrg/login.html HTTP/1.1" 200 7641
116.232.195.127 - - [16/Jun/2023:08:46:43 +0800] "GET /xingrg/kc/buy/cgsh_order_operate.html?command=get_materiel&rest_code=00155&code=00101008049&supplier_code=00100005&order_time=2023-06-16 HTTP/1.1" 200 408
61.170.233.201 - - [16/Jun/2023:08:46:43 +0800] "GET /xingrg/kc/buy/cgsh_order_operate.html?command=get_materiel&rest_code=00106&code=00101008439&supplier_code=00100007&order_time=2023-06-16 HTTP/1.1" 200 413
120.253.135.82 - - [16/Jun/2023:08:46:44 +0800] "GET /xingrg/all/function/internal_message.html?_=1686876239338&CODE_STATE=getMsg HTTP/1.1" 200 27
116.238.191.126 - - [16/Jun/2023:08:46:49 +0800] "POST /xingrg/kc/buy/cgsh_order_operate.html HTTP/1.1" 200 12
116.238.191.126 - - [16/Jun/2023:08:46:51 +0800] "GET /xingrg/kc/buy/cgsh_order_info.html?code=212023061605560 HTTP/1.1" 200 66587
116.238.191.126 - - [16/Jun/2023:08:46:52 +0800] "GET /xingrg/javascript/easyui/themes/default/validatebox.css HTTP/1.1" 404 1104
116.232.195.127 - - [16/Jun/2023:08:46:52 +0800] "GET /xingrg/kc/buy/cgsh_order_operate.html?command=get_materiel&rest_code=00155&code=00101008175&supplier_code=00100005&order_time=2023-06-16 HTTP/1.1" 200 412
116.238.191.126 - - [16/Jun/2023:08:46:53 +0800] "POST /xingrg/kc/buy/cgsh_order_operate.html HTTP/1.1" 200 613
61.170.233.201 - - [16/Jun/2023:08:46:54 +0800] "GET /xingrg/kc/buy/cgsh_order_operate.html?command=get_materiel&rest_code=00106&code=00101008357&supplier_code=00100007&order_time=2023-06-16 HTTP/1.1" 200 408
116.238.191.126 - - [16/Jun/2023:08:46:55 +0800] "GET /xingrg/kc/print/load_data.html?order_code=212023061605560&kc_code=cgsh&condition= HTTP/1.1" 200 704
61.170.233.201 - - [16/Jun/2023:08:46:55 +0800] "GET /xingrg/all/function/internal_message.html?_=1686876412292&CODE_STATE=getMsg HTTP/1.1" 200 27
116.232.195.127 - - [16/Jun/2023:08:46:59 +0800] "GET /xingrg/kc/buy/cgsh_order_operate.html?command=get_materiel&rest_code=00155&code=00101008192&supplier_code=00100005&order_time=2023-06-16 HTTP/1.1" 200 416
116.238.191.126 - - [16/Jun/2023:08:47:01 +0800] "GET /xingrg/check_reg.html?_=1686876421814 HTTP/1.1" 200 22
116.238.191.126 - - [16/Jun/2023:08:47:01 +0800] "GET /xingrg/all/function/internal_message.html?_=1686876421817&CODE_STATE=getMsg HTTP/1.1" 200 27
116.238.191.126 - - [16/Jun/2023:08:47:02 +0800] "POST /xingrg/all/user/operate.html HTTP/1.1" 200 36
116.238.191.126 - - [16/Jun/2023:08:47:02 +0800] "GET /xingrg/index.html?sysBaseUrl=http%3A%2F%2F180.169.147.146%3A18081%2Fxingrg%2F&costTime=895×tamp=1686792691145 HTTP/1.1" 200 17177
116.238.191.126 - - [16/Jun/2023:08:47:02 +0800] "GET /xingrg/javascript/jquery_easy_ui/themes/default/easyui.css HTTP/1.1" 304 -
116.238.191.126 - - [16/Jun/2023:08:47:02 +0800] "GET /xingrg/javascript/jquery_easy_ui/themes/icon.css HTTP/1.1" 304 -
116.238.191.126 - - [16/Jun/2023:08:47:02 +0800] "GET /xingrg/css/form.css HTTP/1.1" 304 -
116.238.191.126 - - [16/Jun/2023:08:47:02 +0800] "GET /xingrg/javascript/jquery-1.4.2.min.js HTTP/1.1" 304 -
116.238.191.126 - - [16/Jun/2023:08:47:02 +0800] "GET /xingrg/javascript/jquery_easy_ui/jquery.easyui.min.js HTTP/1.1" 304 -
116.238.191.126 - - [16/Jun/2023:08:47:02 +0800] "GET /xingrg/javascript/jquery_easy_ui/easyui-lang-zh_CN.js HTTP/1.1" 304 -
116.238.191.126 - - [16/Jun/2023:08:47:02 +0800] "GET /xingrg/javascript/jquery.form.js HTTP/1.1" 304 -
116.238.191.126 - - [16/Jun/2023:08:47:02 +0800] "GET /xingrg/javascript/jquery.utils.js HTTP/1.1" 304 -
116.238.191.126 - - [16/Jun/2023:08:47:02 +0800] "GET /xingrg/javascript/jquery.timers.js HTTP/1.1" 304 -
116.238.191.126 - - [16/Jun/2023:08:47:02 +0800] "GET /xingrg/images/blue/jxLogo.png HTTP/1.1" 304 -
116.238.191.126 - - [16/Jun/2023:08:47:02 +0800] "GET /xingrg/images/blue/navBackgound.jpg HTTP/1.1" 304 -
116.238.191.126 - - [16/Jun/2023:08:47:02 +0800] "GET /xingrg/javascript/jquery_easy_ui/themes/icons/settle_new.png HTTP/1.1" 304 -
116.238.191.126 - - [16/Jun/2023:08:47:02 +0800] "GET /xingrg/all/function/internal_message.html?_=1686876422603&CODE_STATE=count HTTP/1.1" 200 11
116.238.191.126 - - [16/Jun/2023:08:47:02 +0800] "GET /xingrg/check_reg.html?_=1686876422604 HTTP/1.1" 200 22
116.238.191.126 - - [16/Jun/2023:08:47:02 +0800] "GET /xingrg/images/blue/pingpu.png HTTP/1.1" 304 -
116.238.191.126 - - [16/Jun/2023:08:47:02 +0800] "GET /xingrg/javascript/jquery_easy_ui/themes/default/images/tabs_rightarrow.png HTTP/1.1" 304 -
116.238.191.126 - - [16/Jun/2023:08:47:02 +0800] "GET /xingrg/javascript/jquery_easy_ui/themes/default/images/panel_tool_collapse.gif HTTP/1.1" 304 -
116.238.191.126 - - [16/Jun/2023:08:47:02 +0800] "GET /xingrg/javascript/jquery_easy_ui/themes/default/images/tabs_leftarrow.png HTTP/1.1" 304 -
116.238.191.126 - - [16/Jun/2023:08:47:02 +0800] "POST /xingrg/all/common/load_tree.html?tree=area_rest_tree_json&manage=1 HTTP/1.1" 200 476
116.238.191.126 - - [16/Jun/2023:08:47:02 +0800] "POST /xingrg/load_menu.html HTTP/1.1" 200 5138
116.238.191.126 - - [16/Jun/2023:08:47:05 +0800] "GET /xingrg/kc/buy/cgsh_order_list.html HTTP/1.1" 200 55858
114.85.113.108 - - [16/Jun/2023:08:47:07 +0800] "GET /xingrg/all/function/internal_message.html?_=1686876426142&CODE_STATE=getMsg HTTP/1.1" 200 27
116.238.191.126 - - [16/Jun/2023:08:47:07 +0800] "POST /xingrg/kc/buy/cgsh_list_operate.html HTTP/1.1" 200 986
61.170.233.201 - - [16/Jun/2023:08:47:08 +0800] "GET /xingrg/kc/buy/cgsh_order_operate.html?command=get_materiel&rest_code=00106&code=00101008286&supplier_code=00100007&order_time=2023-06-16 HTTP/1.1" 200 408
116.232.195.127 - - [16/Jun/2023:08:47:08 +0800] "GET /xingrg/all/function/internal_message.html?_=1686876439198&CODE_STATE=getMsg HTTP/1.1" 200 27
116.238.191.126 - - [16/Jun/2023:08:47:09 +0800] "GET /xingrg/kc/buy/cgsh_order_add.html HTTP/1.1" 200 71234
180.156.206.188 - - [16/Jun/2023:08:47:09 +0800] "GET /xingrg/kc/buy/cgsh_order_list.html HTTP/1.1" 302 -
180.156.206.188 - - [16/Jun/2023:08:47:09 +0800] "GET /xingrg/login.html HTTP/1.1" 200 7641
180.156.206.188 - - [16/Jun/2023:08:47:09 +0800] "GET /xingrg/login.html HTTP/1.1" 200 7641
180.156.206.188 - - [16/Jun/2023:08:47:09 +0800] "GET /xingrg/images/blue/jxLogo.png HTTP/1.1" 200 6156
116.238.191.126 - - [16/Jun/2023:08:47:09 +0800] "POST /xingrg/kc/buy/cgsh_order_operate.html HTTP/1.1" 200 8245
180.156.206.188 - - [16/Jun/2023:08:47:09 +0800] "GET /xingrg/images/blue/login_bg.png HTTP/1.1" 200 22101
180.156.206.188 - - [16/Jun/2023:08:47:09 +0800] "GET /xingrg/images/blue/srbg.png HTTP/1.1" 200 138
180.156.206.188 - - [16/Jun/2023:08:47:09 +0800] "GET /xingrg/images/blue/hj.png HTTP/1.1" 200 1014
116.238.191.126 - - [16/Jun/2023:08:47:09 +0800] "GET /xingrg/javascript/easyui/themes/default/validatebox.css HTTP/1.1" 404 1104
180.156.206.188 - - [16/Jun/2023:08:47:09 +0800] "GET /favicon.ico HTTP/1.1" 404 -
116.238.191.126 - - [16/Jun/2023:08:47:09 +0800] "GET /xingrg/all/common/auto_word.html?type=employee&rest_code=00151 HTTP/1.1" 200 293
116.238.191.126 - - [16/Jun/2023:08:47:09 +0800] "GET /xingrg/all/common/auto_word.html?type=employee&rest_code=00151 HTTP/1.1" 200 293
116.230.113.48 - - [16/Jun/2023:08:47:09 +0800] "GET /xingrg/all/function/internal_message.html?_=1686876443211&CODE_STATE=getMsg HTTP/1.1" 200 27
116.238.191.126 - - [16/Jun/2023:08:47:10 +0800] "GET /xingrg/javascript/auto/indicator.gif HTTP/1.1" 404 1066
180.156.206.188 - - [16/Jun/2023:08:47:11 +0800] "POST /xingrg/login.do HTTP/1.1" 302 -
180.156.206.188 - - [16/Jun/2023:08:47:11 +0800] "GET /xingrg/index.html?sysBaseUrl=http%3A%2F%2F180.169.147.146%3A18081%2Fxingrg%2F&costTime=851×tamp=1686876431799 HTTP/1.1" 200 17173
180.156.206.188 - - [16/Jun/2023:08:47:11 +0800] "GET /xingrg/javascript/jquery_easy_ui/themes/default/easyui.css HTTP/1.1" 200 26500
180.156.206.188 - - [16/Jun/2023:08:47:11 +0800] "GET /xingrg/css/form.css HTTP/1.1" 200 893
180.156.206.188 - - [16/Jun/2023:08:47:11 +0800] "GET /xingrg/javascript/jquery_easy_ui/themes/icon.css HTTP/1.1" 200 3949
180.156.206.188 - - [16/Jun/2023:08:47:11 +0800] "GET /xingrg/javascript/jquery_easy_ui/jquery.easyui.min.js HTTP/1.1" 200 213662
180.156.206.188 - - [16/Jun/2023:08:47:11 +0800] "GET /xingrg/javascript/jquery.form.js HTTP/1.1" 200 23110
180.156.206.188 - - [16/Jun/2023:08:47:11 +0800] "GET /xingrg/javascript/jquery_easy_ui/easyui-lang-zh_CN.js HTTP/1.1" 200 1900
180.156.206.188 - - [16/Jun/2023:08:47:11 +0800] "GET /xingrg/javascript/jquery-1.4.2.min.js HTTP/1.1" 200 72205
180.156.206.188 - - [16/Jun/2023:08:47:11 +0800] "GET /xingrg/javascript/jquery.utils.js HTTP/1.1" 200 11805
180.156.206.188 - - [16/Jun/2023:08:47:11 +0800] "GET /xingrg/javascript/jquery.timers.js HTTP/1.1" 200 3532
180.156.206.188 - - [16/Jun/2023:08:47:12 +0800] "GET /favicon.ico HTTP/1.1" 404 -
180.156.206.188 - - [16/Jun/2023:08:47:12 +0800] "GET /xingrg/javascript/jquery_easy_ui/themes/icons/settle_new.png HTTP/1.1" 200 826
180.156.206.188 - - [16/Jun/2023:08:47:12 +0800] "GET /xingrg/images/blue/navBackgound.jpg HTTP/1.1" 200 12378
180.156.206.188 - - [16/Jun/2023:08:47:12 +0800] "GET /xingrg/javascript/jquery_easy_ui/themes/default/images/tabs_rightarrow.png HTTP/1.1" 200 395
180.156.206.188 - - [16/Jun/2023:08:47:12 +0800] "GET /xingrg/javascript/jquery_easy_ui/themes/default/images/panel_tool_collapse.gif HTTP/1.1" 200 246
180.156.206.188 - - [16/Jun/2023:08:47:12 +0800] "GET /xingrg/all/function/internal_message.html?_=1686876432632&CODE_STATE=count HTTP/1.1" 200 11
180.156.206.188 - - [16/Jun/2023:08:47:12 +0800] "GET /xingrg/check_reg.html?_=1686876432633 HTTP/1.1" 200 22
180.156.206.188 - - [16/Jun/2023:08:47:12 +0800] "GET /xingrg/javascript/jquery_easy_ui/themes/default/images/tabs_leftarrow.png HTTP/1.1" 200 389
180.156.206.188 - - [16/Jun/2023:08:47:12 +0800] "GET /xingrg/images/blue/pingpu.png HTTP/1.1" 200 231
180.156.206.188 - - [16/Jun/2023:08:47:12 +0800] "POST /xingrg/all/common/load_tree.html?tree=area_rest_tree_json&manage=1 HTTP/1.1" 200 342
180.156.206.188 - - [16/Jun/2023:08:47:12 +0800] "POST /xingrg/load_menu.html HTTP/1.1" 200 5138
180.156.206.188 - - [16/Jun/2023:08:47:12 +0800] "GET /xingrg/javascript/jquery_easy_ui/themes/icons/search_new.png HTTP/1.1" 200 586
180.156.206.188 - - [16/Jun/2023:08:47:12 +0800] "GET /xingrg/javascript/jquery_easy_ui/themes/default/images/tree_file.gif HTTP/1.1" 200 118
180.156.206.188 - - [16/Jun/2023:08:47:12 +0800] "GET /xingrg/javascript/jquery_easy_ui/themes/icons/forms_new.png HTTP/1.1" 200 350
180.156.206.188 - - [16/Jun/2023:08:47:12 +0800] "GET /xingrg/javascript/jquery_easy_ui/themes/icons/storage_new.png HTTP/1.1" 200 853
180.156.206.188 - - [16/Jun/2023:08:47:12 +0800] "GET /xingrg/javascript/jquery_easy_ui/themes/default/images/tree_folder.gif HTTP/1.1" 200 952
180.156.206.188 - - [16/Jun/2023:08:47:12 +0800] "GET /xingrg/javascript/jquery_easy_ui/themes/default/images/tree_arrows.gif HTTP/1.1" 200 1043
180.156.206.188 - - [16/Jun/2023:08:47:12 +0800] "GET /xingrg/javascript/jquery_easy_ui/themes/default/images/tree_folder_open.gif HTTP/1.1" 200 956
58.40.7.146 - - [16/Jun/2023:08:47:13 +0800] "GET /xingrg/all/function/internal_message.html?_=1686876433454&CODE_STATE=getMsg HTTP/1.1" 200 27
116.232.195.127 - - [16/Jun/2023:08:47:14 +0800] "GET /xingrg/kc/buy/cgsh_order_operate.html?command=get_materiel&rest_code=00155&code=00101008168&supplier_code=00100005&order_time=2023-06-16 HTTP/1.1" 200 413
101.83.145.52 - - [16/Jun/2023:08:47:15 +0800] "GET /xingrg/all/function/internal_message.html?_=1686876260407&CODE_STATE=getMsg HTTP/1.1" 200 27
116.232.195.127 - - [16/Jun/2023:08:47:17 +0800] "POST /xingrg/kc/buy/cgsh_order_operate.html HTTP/1.1" 200 2065
222.70.180.90 - - [16/Jun/2023:08:47:19 +0800] "GET /xingrg/all/function/internal_message.html?_=1686876435917&CODE_STATE=getMsg HTTP/1.1" 200 27
61.170.233.201 - - [16/Jun/2023:08:47:19 +0800] "GET /xingrg/kc/buy/cgsh_order_operate.html?command=get_materiel&rest_code=00106&code=00101008036&supplier_code=00100007&order_time=2023-06-16 HTTP/1.1" 200 408
116.238.191.126 - - [16/Jun/2023:08:47:21 +0800] "GET /xingrg/kc/buy/cgsh_order_operate.html?command=get_materiel&rest_code=00151&code=00101012060&supplier_code=00100096&order_time=2023-06-16 HTTP/1.1" 200 408
116.232.195.127 - - [16/Jun/2023:08:47:23 +0800] "GET /xingrg/kc/buy/cgsh_order_operate.html?command=get_materiel&rest_code=00155&code=00101008356&supplier_code=00100005&order_time=2023-06-16 HTTP/1.1" 200 408
180.163.28.180 - - [16/Jun/2023:08:47:32 +0800] "GET /xingrg/kc/buy/cgsh_order_operate.html?command=get_materiel&rest_code=00106&code=00101008356&supplier_code=00100007&order_time=2023-06-16 HTTP/1.1" 302 -
180.163.28.180 - - [16/Jun/2023:08:47:32 +0800] "GET /xingrg/login.html HTTP/1.1" 200 7641
116.232.195.127 - - [16/Jun/2023:08:47:37 +0800] "POST /xingrg/kc/buy/cgsh_order_operate.html HTTP/1.1" 200 37
116.238.191.126 - - [16/Jun/2023:08:47:38 +0800] "GET /xingrg/all/function/internal_message.html?_=1686876392597&CODE_STATE=getMsg HTTP/1.1" 200 27
116.238.191.126 - - [16/Jun/2023:08:47:39 +0800] "GET /xingrg/kc/buy/cgsh_order_operate.html?command=get_materiel&rest_code=00151&code=00101012039&supplier_code=00100096&order_time=2023-06-16 HTTP/1.1" 200 408
116.232.195.127 - - [16/Jun/2023:08:47:39 +0800] "POST /xingrg/kc/buy/cgsh_order_operate.html HTTP/1.1" 200 25739
61.170.233.201 - - [16/Jun/2023:08:47:39 +0800] "GET /xingrg/kc/buy/cgsh_order_operate.html?command=get_materiel&rest_code=00106&code=00101008005&supplier_code=00100007&order_time=2023-06-16 HTTP/1.1" 200 412
116.232.195.127 - - [16/Jun/2023:08:47:40 +0800] "GET /xingrg/kc/print/load_data.html?order_code=212023061605561&kc_code=cgsh&condition= HTTP/1.1" 200 9462
124.79.244.240 - - [16/Jun/2023:08:47:43 +0800] "GET /xingrg/all/function/internal_message.html?_=1686876466534&CODE_STATE=getMsg HTTP/1.1" 302 -
124.79.244.240 - - [16/Jun/2023:08:47:43 +0800] "GET /xingrg/check_reg.html?_=1686876466535 HTTP/1.1" 302 -
124.79.244.240 - - [16/Jun/2023:08:47:43 +0800] "GET /xingrg/login.html HTTP/1.1" 200 7641
124.79.244.240 - - [16/Jun/2023:08:47:43 +0800] "GET /xingrg/login.html HTTP/1.1" 200 7641
120.253.135.82 - - [16/Jun/2023:08:47:45 +0800] "GET /xingrg/all/function/internal_message.html?_=1686876299650&CODE_STATE=getMsg HTTP/1.1" 200 27
116.238.191.126 - - [16/Jun/2023:08:47:46 +0800] "GET /xingrg/kc/buy/cgsh_order_operate.html?command=get_materiel&rest_code=00151&code=00101016038&supplier_code=00100096&order_time=2023-06-16 HTTP/1.1" 200 408
222.70.180.90 - - [16/Jun/2023:08:47:47 +0800] "GET /xingrg/kc/buy/cgsh_order_operate.html?command=get_materiel&rest_code=00111&code=00101007085&supplier_code=00100004&order_time=2023-06-16 HTTP/1.1" 200 413
61.170.233.201 - - [16/Jun/2023:08:47:50 +0800] "GET /xingrg/kc/buy/cgsh_order_operate.html?command=get_materiel&rest_code=00106&code=00101008201&supplier_code=00100007&order_time=2023-06-16 HTTP/1.1" 200 412
116.238.191.126 - - [16/Jun/2023:08:47:53 +0800] "GET /xingrg/kc/buy/cgsh_order_operate.html?command=get_materiel&rest_code=00151&code=00101016051&supplier_code=00100096&order_time=2023-06-16 HTTP/1.1" 200 408
61.170.233.201 - - [16/Jun/2023:08:47:55 +0800] "GET /xingrg/all/function/internal_message.html?_=1686876472385&CODE_STATE=getMsg HTTP/1.1" 200 27
61.170.233.201 - - [16/Jun/2023:08:47:59 +0800] "GET /xingrg/kc/buy/cgsh_order_operate.html?command=get_materiel&rest_code=00106&code=00101008312&supplier_code=00100007&order_time=2023-06-16 HTTP/1.1" 200 412
114.85.113.108 - - [16/Jun/2023:08:48:01 +0800] "GET /xingrg/check_reg.html?_=1686876480707 HTTP/1.1" 200 22
116.238.191.126 - - [16/Jun/2023:08:48:02 +0800] "GET /xingrg/all/function/internal_message.html?_=1686876482639&CODE_STATE=getMsg HTTP/1.1" 200 27
180.163.28.114 - - [16/Jun/2023:08:48:05 +0800] "GET /xingrg/kc/buy/cgsh_order_operate.html?command=get_materiel&rest_code=00106&code=00101008286&supplier_code=00100007&order_time=2023-06-16 HTTP/1.1" 302 -
180.163.28.114 - - [16/Jun/2023:08:48:05 +0800] "GET /xingrg/login.html HTTP/1.1" 200 7641
114.85.113.108 - - [16/Jun/2023:08:48:07 +0800] "GET /xingrg/all/function/internal_message.html?_=1686876486165&CODE_STATE=getMsg HTTP/1.1" 200 27
116.238.191.126 - - [16/Jun/2023:08:48:07 +0800] "GET /xingrg/kc/buy/cgsh_order_operate.html?command=get_materiel&rest_code=00151&code=00101012059&supplier_code=00100096&order_time=2023-06-16 HTTP/1.1" 200 412
116.232.195.127 - - [16/Jun/2023:08:48:08 +0800] "GET /xingrg/all/function/internal_message.html?_=1686876499210&CODE_STATE=getMsg HTTP/1.1" 200 27
61.170.233.201 - - [16/Jun/2023:08:48:09 +0800] "GET /xingrg/kc/buy/cgsh_order_operate.html?command=get_materiel&rest_code=00106&code=00101008114&supplier_code=00100007&order_time=2023-06-16 HTTP/1.1" 200 413
116.230.113.48 - - [16/Jun/2023:08:48:09 +0800] "GET /xingrg/all/function/internal_message.html?_=1686876503223&CODE_STATE=getMsg HTTP/1.1" 200 27
180.156.206.188 - - [16/Jun/2023:08:48:12 +0800] "GET /xingrg/all/function/internal_message.html?_=1686876492650&CODE_STATE=getMsg HTTP/1.1" 200 27
58.40.7.146 - - [16/Jun/2023:08:48:13 +0800] "GET /xingrg/all/function/internal_message.html?_=1686876493456&CODE_STATE=getMsg HTTP/1.1" 200 27
222.70.180.90 - - [16/Jun/2023:08:48:14 +0800] "GET /xingrg/kc/buy/cgsh_order_operate.html?command=get_materiel&rest_code=00111&code=00101007023&supplier_code=00100004&order_time=2023-06-16 HTTP/1.1" 200 409
101.83.145.52 - - [16/Jun/2023:08:48:15 +0800] "GET /xingrg/all/function/internal_message.html?_=1686876320407&CODE_STATE=getMsg HTTP/1.1" 200 27
61.170.233.201 - - [16/Jun/2023:08:48:18 +0800] "GET /xingrg/kc/buy/cgsh_order_operate.html?command=get_materiel&rest_code=00106&code=00101011005&supplier_code=00100007&order_time=2023-06-16 HTTP/1.1" 200 428
222.70.180.90 - - [16/Jun/2023:08:48:19 +0800] "GET /xingrg/all/function/internal_message.html?_=1686876495929&CODE_STATE=getMsg HTTP/1.1" 200 27
61.170.233.201 - - [16/Jun/2023:08:48:30 +0800] "GET /xingrg/kc/buy/cgsh_order_operate.html?command=get_materiel&rest_code=00106&code=00101008207&supplier_code=00100007&order_time=2023-06-16 HTTP/1.1" 200 408
222.70.180.90 - - [16/Jun/2023:08:48:35 +0800] "GET /xingrg/kc/buy/cgsh_order_operate.html?command=get_materiel&rest_code=00111&code=00101007043&supplier_code=00100004&order_time=2023-06-16 HTTP/1.1" 200 409
116.238.191.126 - - [16/Jun/2023:08:48:38 +0800] "GET /xingrg/kc/buy/cgsh_order_operate.html?command=get_materiel&rest_code=00151&code=00101001075&supplier_code=00100096&order_time=2023-06-16 HTTP/1.1" 200 411
116.238.191.126 - - [16/Jun/2023:08:48:38 +0800] "GET /xingrg/check_reg.html?_=1686876452555 HTTP/1.1" 200 22
116.238.191.126 - - [16/Jun/2023:08:48:38 +0800] "GET /xingrg/all/function/internal_message.html?_=1686876452610&CODE_STATE=getMsg HTTP/1.1" 200 27
124.79.244.240 - - [16/Jun/2023:08:48:43 +0800] "GET /xingrg/all/function/internal_message.html?_=1686876526536&CODE_STATE=getMsg HTTP/1.1" 302 -
124.79.244.240 - - [16/Jun/2023:08:48:43 +0800] "GET /xingrg/login.html HTTP/1.1" 200 7641
120.253.135.82 - - [16/Jun/2023:08:48:45 +0800] "GET /xingrg/all/function/internal_message.html?_=1686876359661&CODE_STATE=getMsg HTTP/1.1" 200 27
61.170.233.201 - - [16/Jun/2023:08:48:46 +0800] "POST /xingrg/kc/buy/cgsh_order_operate.html HTTP/1.1" 200 37
116.232.195.127 - - [16/Jun/2023:08:48:46 +0800] "GET /xingrg/kc/print/load_data.html?order_code=212023061605561&kc_code=cgsh HTTP/1.1" 200 9462
180.163.29.219 - - [16/Jun/2023:08:48:56 +0800] "GET /xingrg/kc/buy/cgsh_order_operate.html?command=get_materiel&rest_code=00106&code=00101008312&supplier_code=00100007&order_time=2023-06-16 HTTP/1.1" 302 -
180.163.29.219 - - [16/Jun/2023:08:48:56 +0800] "GET /xingrg/login.html HTTP/1.1" 200 7641
222.70.180.90 - - [16/Jun/2023:08:48:59 +0800] "GET /xingrg/kc/buy/cgsh_order_operate.html?command=get_materiel&rest_code=00111&code=00101007077&supplier_code=00100004&order_time=2023-06-16 HTTP/1.1" 200 415
116.238.191.126 - - [16/Jun/2023:08:49:03 +0800] "GET /xingrg/kc/buy/cgsh_order_operate.html?command=get_materiel&rest_code=00151&code=00101006129&supplier_code=00100096&order_time=2023-06-16 HTTP/1.1" 200 431
116.238.191.126 - - [16/Jun/2023:08:49:05 +0800] "GET /xingrg/all/function/internal_message.html?_=1686876542620&CODE_STATE=getMsg HTTP/1.1" 200 27
114.85.113.108 - - [16/Jun/2023:08:49:07 +0800] "GET /xingrg/all/function/internal_message.html?_=1686876546146&CODE_STATE=getMsg HTTP/1.1" 200 27
116.232.195.127 - - [16/Jun/2023:08:49:08 +0800] "GET /xingrg/check_reg.html?_=1686876559213 HTTP/1.1" 200 22
116.232.195.127 - - [16/Jun/2023:08:49:08 +0800] "GET /xingrg/all/function/internal_message.html?_=1686876559222&CODE_STATE=getMsg HTTP/1.1" 200 27
116.230.113.48 - - [16/Jun/2023:08:49:09 +0800] "GET /xingrg/all/function/internal_message.html?_=1686876563242&CODE_STATE=getMsg HTTP/1.1" 200 27
222.70.180.90 - - [16/Jun/2023:08:49:10 +0800] "GET /xingrg/kc/buy/cgsh_order_operate.html?command=get_materiel&rest_code=00111&code=00101007072&supplier_code=00100004&order_time=2023-06-16 HTTP/1.1" 200 413
180.156.206.188 - - [16/Jun/2023:08:49:12 +0800] "GET /xingrg/all/function/internal_message.html?_=1686876552638&CODE_STATE=getMsg HTTP/1.1" 200 27
58.40.7.146 - - [16/Jun/2023:08:49:13 +0800] "GET /xingrg/all/function/internal_message.html?_=1686876553459&CODE_STATE=getMsg HTTP/1.1" 200 27
101.83.145.52 - - [16/Jun/2023:08:49:15 +0800] "GET /xingrg/all/function/internal_message.html?_=1686876380417&CODE_STATE=getMsg HTTP/1.1" 200 27
116.238.191.126 - - [16/Jun/2023:08:49:18 +0800] "GET /xingrg/kc/buy/cgsh_order_operate.html?command=get_materiel&rest_code=00151&code=00101010711&supplier_code=00100096&order_time=2023-06-16 HTTP/1.1" 200 408
61.170.233.201 - - [16/Jun/2023:08:49:19 +0800] "POST /xingrg/kc/buy/cgsh_order_operate.html HTTP/1.1" 200 11518
222.70.180.90 - - [16/Jun/2023:08:49:19 +0800] "GET /xingrg/check_reg.html?_=1686876555912 HTTP/1.1" 200 22
222.70.180.90 - - [16/Jun/2023:08:49:19 +0800] "GET /xingrg/all/function/internal_message.html?_=1686876555914&CODE_STATE=getMsg HTTP/1.1" 200 27
61.170.233.201 - - [16/Jun/2023:08:49:26 +0800] "GET /xingrg/kc/buy/cgsh_order_operate.html?command=get_materiel&rest_code=00106&code=00101008199&supplier_code=00100007&order_time=2023-06-16 HTTP/1.1" 200 408
116.238.191.126 - - [16/Jun/2023:08:49:32 +0800] "GET /xingrg/kc/buy/cgsh_order_operate.html?command=get_materiel&rest_code=00151&code=00101006055&supplier_code=00100096&order_time=2023-06-16 HTTP/1.1" 200 411
116.238.191.126 - - [16/Jun/2023:08:49:38 +0800] "GET /xingrg/all/function/internal_message.html?_=1686876512625&CODE_STATE=getMsg HTTP/1.1" 200 27
124.79.244.240 - - [16/Jun/2023:08:49:43 +0800] "GET /xingrg/all/function/internal_message.html?_=1686876586538&CODE_STATE=getMsg HTTP/1.1" 302 -
124.79.244.240 - - [16/Jun/2023:08:49:43 +0800] "GET /xingrg/login.html HTTP/1.1" 200 7641
116.238.191.126 - - [16/Jun/2023:08:49:44 +0800] "GET /xingrg/kc/buy/cgsh_order_operate.html?command=get_materiel&rest_code=00151&code=00101007125&supplier_code=00100096&order_time=2023-06-16 HTTP/1.1" 200 408
120.253.135.82 - - [16/Jun/2023:08:49:45 +0800] "GET /xingrg/all/function/internal_message.html?_=1686876419964&CODE_STATE=getMsg HTTP/1.1" 200 27
61.170.233.201 - - [16/Jun/2023:08:49:55 +0800] "GET /xingrg/all/function/internal_message.html?_=1686876592415&CODE_STATE=getMsg HTTP/1.1" 200 27
61.170.233.201 - - [16/Jun/2023:08:49:58 +0800] "GET /xingrg/kc/buy/cgsh_order_operate.html?command=get_materiel&rest_code=00106&code=00101008224&supplier_code=00100007&order_time=2023-06-16 HTTP/1.1" 200 416
116.238.191.126 - - [16/Jun/2023:08:49:58 +0800] "GET /xingrg/kc/buy/cgsh_order_operate.html?command=get_materiel&rest_code=00151&code=00101007061&supplier_code=00100096&order_time=2023-06-16 HTTP/1.1" 200 411
116.238.191.126 - - [16/Jun/2023:08:50:02 +0800] "GET /xingrg/all/function/internal_message.html?_=1686876602625&CODE_STATE=getMsg HTTP/1.1" 200 27
114.85.113.108 - - [16/Jun/2023:08:50:07 +0800] "GET /xingrg/all/function/internal_message.html?_=1686876606151&CODE_STATE=getMsg HTTP/1.1" 200 27
61.170.233.201 - - [16/Jun/2023:08:50:07 +0800] "GET /xingrg/kc/buy/cgsh_order_operate.html?command=get_materiel&rest_code=00106&code=00101008370&supplier_code=00100007&order_time=2023-06-16 HTTP/1.1" 200 412
116.232.195.127 - - [16/Jun/2023:08:50:08 +0800] "GET /xingrg/all/function/internal_message.html?_=1686876619203&CODE_STATE=getMsg HTTP/1.1" 200 27
116.230.113.48 - - [16/Jun/2023:08:50:09 +0800] "GET /xingrg/all/function/internal_message.html?_=1686876623251&CODE_STATE=getMsg HTTP/1.1" 200 27
180.156.206.188 - - [16/Jun/2023:08:50:12 +0800] "GET /xingrg/all/function/internal_message.html?_=1686876612643&CODE_STATE=getMsg HTTP/1.1" 200 27
58.40.7.146 - - [16/Jun/2023:08:50:13 +0800] "GET /xingrg/all/function/internal_message.html?_=1686876613459&CODE_STATE=getMsg HTTP/1.1" 200 27
61.170.233.201 - - [16/Jun/2023:08:50:14 +0800] "GET /xingrg/kc/buy/cgsh_order_operate.html?command=get_materiel&rest_code=00106&code=00101008126&supplier_code=00100007&order_time=2023-06-16 HTTP/1.1" 200 412
120.253.135.82 - - [16/Jun/2023:08:50:15 +0800] "GET /xingrg/check_reg.html?_=1686876449846 HTTP/1.1" 200 22
101.83.145.52 - - [16/Jun/2023:08:50:15 +0800] "GET /xingrg/all/function/internal_message.html?_=1686876440405&CODE_STATE=getMsg HTTP/1.1" 200 27
222.70.180.90 - - [16/Jun/2023:08:50:19 +0800] "GET /xingrg/all/function/internal_message.html?_=1686876615927&CODE_STATE=getMsg HTTP/1.1" 200 27
61.170.233.201 - - [16/Jun/2023:08:50:21 +0800] "POST /xingrg/kc/buy/cgsh_order_operate.html HTTP/1.1" 200 2065
116.238.191.126 - - [16/Jun/2023:08:50:28 +0800] "POST /xingrg/kc/buy/cgsh_order_operate.html HTTP/1.1" 200 37
61.170.233.201 - - [16/Jun/2023:08:50:30 +0800] "GET /xingrg/kc/buy/cgsh_order_operate.html?command=get_materiel&rest_code=00106&code=00101008321&supplier_code=00100007&order_time=2023-06-16 HTTP/1.1" 200 412
116.238.191.126 - - [16/Jun/2023:08:50:35 +0800] "POST /xingrg/kc/buy/cgsh_order_operate.html HTTP/1.1" 200 12
116.238.191.126 - - [16/Jun/2023:08:50:37 +0800] "GET /xingrg/kc/buy/cgsh_order_info.html?code=212023061605563 HTTP/1.1" 200 66133
116.238.191.126 - - [16/Jun/2023:08:50:37 +0800] "GET /xingrg/javascript/easyui/themes/default/validatebox.css HTTP/1.1" 404 1104
116.238.191.126 - - [16/Jun/2023:08:50:38 +0800] "POST /xingrg/kc/buy/cgsh_order_operate.html HTTP/1.1" 200 6006
116.238.191.126 - - [16/Jun/2023:08:50:38 +0800] "GET /xingrg/all/function/internal_message.html?_=1686876572638&CODE_STATE=getMsg HTTP/1.1" 200 27
222.70.180.90 - - [16/Jun/2023:08:50:42 +0800] "GET /xingrg/kc/buy/cgsh_order_operate.html?command=get_materiel&rest_code=00111&code=00101010247&supplier_code=00100004&order_time=2023-06-16 HTTP/1.1" 200 408
61.170.233.201 - - [16/Jun/2023:08:50:43 +0800] "GET /xingrg/kc/buy/cgsh_order_operate.html?command=get_materiel&rest_code=00106&code=00101008283&supplier_code=00100007&order_time=2023-06-16 HTTP/1.1" 200 408
124.79.244.240 - - [16/Jun/2023:08:50:43 +0800] "GET /xingrg/all/function/internal_message.html?_=1686876646540&CODE_STATE=getMsg HTTP/1.1" 302 -
124.79.244.240 - - [16/Jun/2023:08:50:43 +0800] "GET /xingrg/login.html HTTP/1.1" 200 7641
120.253.135.82 - - [16/Jun/2023:08:50:45 +0800] "GET /xingrg/all/function/internal_message.html?_=1686876479970&CODE_STATE=getMsg HTTP/1.1" 200 27
180.156.206.188 - - [16/Jun/2023:08:50:54 +0800] "GET /xingrg/javascript/jquery_easy_ui/themes/default/images/tabs_close.gif HTTP/1.1" 200 829
180.156.206.188 - - [16/Jun/2023:08:50:54 +0800] "GET /xingrg/kc/mdqp/qqps_order_list.html HTTP/1.1" 200 9222
180.156.206.188 - - [16/Jun/2023:08:50:54 +0800] "GET /xingrg/css/blue.css HTTP/1.1" 200 15949
180.156.206.188 - - [16/Jun/2023:08:50:54 +0800] "GET /xingrg/javascript/pic_change.js HTTP/1.1" 200 4739
180.156.206.188 - - [16/Jun/2023:08:50:54 +0800] "GET /xingrg/javascript/Calendar.js HTTP/1.1" 200 31561
180.156.206.188 - - [16/Jun/2023:08:50:54 +0800] "GET /xingrg/dwr/interface/AjaxReportQueryService.js HTTP/1.1" 200 13203
180.156.206.188 - - [16/Jun/2023:08:50:54 +0800] "GET /xingrg/dwr/util.js HTTP/1.1" 200 35990
180.156.206.188 - - [16/Jun/2023:08:50:54 +0800] "GET /xingrg/javascript/myfunction.js HTTP/1.1" 200 24559
180.156.206.188 - - [16/Jun/2023:08:50:54 +0800] "GET /xingrg/dwr/interface/AjaxQqpsService.js HTTP/1.1" 200 16326
180.156.206.188 - - [16/Jun/2023:08:50:54 +0800] "GET /xingrg/dwr/engine.js HTTP/1.1" 200 43631
180.156.206.188 - - [16/Jun/2023:08:50:54 +0800] "GET /xingrg/javascript/ToolTips.js HTTP/1.1" 200 5615
180.156.206.188 - - [16/Jun/2023:08:50:55 +0800] "GET /xingrg/javascript/jquery_easy_ui/themes/icons/cance_new.png HTTP/1.1" 200 3986
180.156.206.188 - - [16/Jun/2023:08:50:55 +0800] "GET /xingrg/javascript/jquery_easy_ui/themes/icons/uncheck_new.png HTTP/1.1" 200 3197
180.156.206.188 - - [16/Jun/2023:08:50:55 +0800] "GET /xingrg/javascript/jquery_easy_ui/themes/icons/check_new.png HTTP/1.1" 200 3224
180.156.206.188 - - [16/Jun/2023:08:50:55 +0800] "GET /xingrg/javascript/jquery_easy_ui/themes/icons/edit_add_new.png HTTP/1.1" 200 2997
180.163.28.143 - - [16/Jun/2023:08:50:55 +0800] "GET /xingrg/all/function/internal_message.html?_=1686876592415&CODE_STATE=getMsg HTTP/1.1" 302 -
180.163.28.143 - - [16/Jun/2023:08:50:55 +0800] "GET /xingrg/login.html HTTP/1.1" 200 7641
61.170.233.201 - - [16/Jun/2023:08:50:55 +0800] "GET /xingrg/all/function/internal_message.html?_=1686876652378&CODE_STATE=getMsg HTTP/1.1" 200 27
222.70.114.12 - - [16/Jun/2023:08:50:57 +0800] "GET /favicon.ico HTTP/1.1" 404 -
61.170.233.201 - - [16/Jun/2023:08:50:59 +0800] "GET /xingrg/kc/buy/cgsh_order_operate.html?command=get_materiel&rest_code=00106&code=00101008096&supplier_code=00100007&order_time=2023-06-16 HTTP/1.1" 200 413
222.70.114.12 - - [16/Jun/2023:08:50:59 +0800] "GET /xingrg/login.html HTTP/1.1" 200 7641
222.70.114.12 - - [16/Jun/2023:08:51:00 +0800] "GET /favicon.ico HTTP/1.1" 404 -
180.156.206.188 - - [16/Jun/2023:08:51:00 +0800] "GET /xingrg/kc/mdqp/qqps_order_list.html?isQuery=1&timeSelect=1&orderTime=day&startTime=2023-06-15&endTime=2023-06-15&state=all&query=%C8%B7++%B6%A8 HTTP/1.1" 200 9321
180.156.206.188 - - [16/Jun/2023:08:51:00 +0800] "GET /xingrg/dwr/interface/AjaxQqpsService.js HTTP/1.1" 200 16326
180.156.206.188 - - [16/Jun/2023:08:51:00 +0800] "GET /xingrg/dwr/interface/AjaxReportQueryService.js HTTP/1.1" 200 13203
180.156.206.188 - - [16/Jun/2023:08:51:00 +0800] "GET /xingrg/dwr/engine.js HTTP/1.1" 200 43631
180.156.206.188 - - [16/Jun/2023:08:51:02 +0800] "GET /xingrg/kc/mdqp/qqps_order_list.html?isQuery=1&timeSelect=1&orderTime=day&startTime=2023-06-15&endTime=2023-06-15&state=all&query=%C8%B7++%B6%A8 HTTP/1.1" 200 9321
180.156.206.188 - - [16/Jun/2023:08:51:02 +0800] "GET /xingrg/dwr/interface/AjaxQqpsService.js HTTP/1.1" 200 16326
180.156.206.188 - - [16/Jun/2023:08:51:02 +0800] "GET /xingrg/dwr/interface/AjaxReportQueryService.js HTTP/1.1" 200 13203
180.156.206.188 - - [16/Jun/2023:08:51:02 +0800] "GET /xingrg/dwr/engine.js HTTP/1.1" 200 43631
116.238.191.126 - - [16/Jun/2023:08:51:02 +0800] "GET /xingrg/all/function/internal_message.html?_=1686876662626&CODE_STATE=getMsg HTTP/1.1" 200 27
222.70.180.90 - - [16/Jun/2023:08:51:03 +0800] "POST /xingrg/kc/buy/cgsh_order_operate.html HTTP/1.1" 200 37
222.70.114.12 - - [16/Jun/2023:08:51:06 +0800] "POST /xingrg/login.do HTTP/1.1" 302 -
222.70.114.12 - - [16/Jun/2023:08:51:06 +0800] "GET /xingrg/index.html?sysBaseUrl=http%3A%2F%2F180.169.147.146%3A18081%2Fxingrg%2F&costTime=804×tamp=1686876666223 HTTP/1.1" 200 17179
222.70.114.12 - - [16/Jun/2023:08:51:06 +0800] "GET /favicon.ico HTTP/1.1" 404 -
222.70.114.12 - - [16/Jun/2023:08:51:06 +0800] "POST /xingrg/all/common/load_tree.html?tree=area_rest_tree_json&manage=1 HTTP/1.1" 200 351
222.70.114.12 - - [16/Jun/2023:08:51:06 +0800] "GET /xingrg/check_reg.html?_=1686876674225 HTTP/1.1" 200 22
222.70.114.12 - - [16/Jun/2023:08:51:06 +0800] "GET /xingrg/all/function/internal_message.html?_=1686876674225&CODE_STATE=count HTTP/1.1" 200 11
222.70.114.12 - - [16/Jun/2023:08:51:06 +0800] "POST /xingrg/load_menu.html HTTP/1.1" 200 5138
180.156.206.188 - - [16/Jun/2023:08:51:07 +0800] "GET /xingrg/kc/mdqp/qqps_order_list.html?isQuery=1&timeSelect=1&orderTime=day&startTime=2023-06-14&endTime=2023-06-14&state=all&query=%C8%B7++%B6%A8 HTTP/1.1" 200 10174
180.156.206.188 - - [16/Jun/2023:08:51:07 +0800] "GET /xingrg/dwr/interface/AjaxReportQueryService.js HTTP/1.1" 200 13203
180.156.206.188 - - [16/Jun/2023:08:51:07 +0800] "GET /xingrg/dwr/interface/AjaxQqpsService.js HTTP/1.1" 200 16326
180.156.206.188 - - [16/Jun/2023:08:51:07 +0800] "GET /xingrg/dwr/engine.js HTTP/1.1" 200 43631
114.85.113.108 - - [16/Jun/2023:08:51:07 +0800] "GET /xingrg/all/function/internal_message.html?_=1686876666160&CODE_STATE=getMsg HTTP/1.1" 200 27
222.70.114.12 - - [16/Jun/2023:08:51:08 +0800] "GET /xingrg/kc/base/base_main.html HTTP/1.1" 200 12142
116.232.195.127 - - [16/Jun/2023:08:51:08 +0800] "GET /xingrg/all/function/internal_message.html?_=1686876679204&CODE_STATE=getMsg HTTP/1.1" 200 27
180.156.206.188 - - [16/Jun/2023:08:51:08 +0800] "GET /xingrg/kc/mdqp/qqps_order_info.html?code=302023061400222 HTTP/1.1" 200 26710
180.156.206.188 - - [16/Jun/2023:08:51:08 +0800] "GET /xingrg/javascript/auto/jquery.autocomplete.css HTTP/1.1" 200 587
180.156.206.188 - - [16/Jun/2023:08:51:08 +0800] "GET /xingrg/javascript/auto/jquery.autocomplete.js HTTP/1.1" 200 21624
180.156.206.188 - - [16/Jun/2023:08:51:08 +0800] "GET /xingrg/javascript/tools/jquery.qtip-1.0.0-rc3.min.js HTTP/1.1" 200 38404
180.156.206.188 - - [16/Jun/2023:08:51:08 +0800] "GET /xingrg/dwr/interface/AjaxComOrderService.js HTTP/1.1" 200 18264
180.156.206.188 - - [16/Jun/2023:08:51:08 +0800] "GET /xingrg/dwr/interface/AjaxQqpsService.js HTTP/1.1" 200 16326
180.156.206.188 - - [16/Jun/2023:08:51:08 +0800] "GET /xingrg/dwr/engine.js HTTP/1.1" 200 43631
180.156.206.188 - - [16/Jun/2023:08:51:08 +0800] "GET /xingrg/javascript/AjaxInfoList.js HTTP/1.1" 200 3774
180.156.206.188 - - [16/Jun/2023:08:51:08 +0800] "GET /xingrg/javascript/Grid.js HTTP/1.1" 200 58908
180.156.206.188 - - [16/Jun/2023:08:51:08 +0800] "GET /xingrg/javascript/print/kc_print.js HTTP/1.1" 200 11415
180.156.206.188 - - [16/Jun/2023:08:51:08 +0800] "GET /xingrg/javascript/print/LodopFuncs.js HTTP/1.1" 200 5121
180.156.206.188 - - [16/Jun/2023:08:51:09 +0800] "GET /xingrg/words/20230615135254_words.js HTTP/1.1" 200 968433
180.156.206.188 - - [16/Jun/2023:08:51:09 +0800] "GET /xingrg/javascript/jquery_easy_ui/themes/default/images/menu_downarrow.png HTTP/1.1" 200 173
180.156.206.188 - - [16/Jun/2023:08:51:09 +0800] "GET /xingrg/javascript/jquery_easy_ui/themes/icons/back_new.png HTTP/1.1" 200 3414
180.156.206.188 - - [16/Jun/2023:08:51:09 +0800] "GET /xingrg/javascript/jquery_easy_ui/themes/icons/copy_new.png HTTP/1.1" 200 815
180.156.206.188 - - [16/Jun/2023:08:51:09 +0800] "GET /xingrg/javascript/jquery_easy_ui/themes/icons/print.png HTTP/1.1" 200 1057
180.156.206.188 - - [16/Jun/2023:08:51:09 +0800] "GET /xingrg/javascript/jquery_easy_ui/themes/icons/template_new.png HTTP/1.1" 200 3956
222.70.114.12 - - [16/Jun/2023:08:51:09 +0800] "GET /xingrg/kc/base/check_order_list.html HTTP/1.1" 200 16223
116.230.113.48 - - [16/Jun/2023:08:51:09 +0800] "GET /xingrg/check_reg.html?_=1686876682706 HTTP/1.1" 200 22
120.253.135.82 - - [16/Jun/2023:08:51:09 +0800] "GET /xingrg/kc/pszx/mdqp_order_list.html?state=10 HTTP/1.1" 200 10275
180.156.206.188 - - [16/Jun/2023:08:51:09 +0800] "GET /xingrg/images/blue/wait.gif HTTP/1.1" 200 1100
180.156.206.188 - - [16/Jun/2023:08:51:09 +0800] "GET /xingrg/javascript/jquery_easy_ui/themes/default/images/combo_arrow_dot.gif HTTP/1.1" 200 79
180.156.206.188 - - [16/Jun/2023:08:51:09 +0800] "GET /xingrg/images/blue/kc_tab_mid.gif HTTP/1.1" 200 44
180.156.206.188 - - [16/Jun/2023:08:51:09 +0800] "GET /xingrg/images/blue/kc_tab_left.gif HTTP/1.1" 200 188
180.156.206.188 - - [16/Jun/2023:08:51:09 +0800] "GET /xingrg/images/blue/kc_tab_right.gif HTTP/1.1" 200 643
120.253.135.82 - - [16/Jun/2023:08:51:09 +0800] "GET /xingrg/dwr/interface/AjaxQqpsService.js HTTP/1.1" 200 16326
120.253.135.82 - - [16/Jun/2023:08:51:09 +0800] "GET /xingrg/dwr/interface/AjaxReportQueryService.js HTTP/1.1" 200 13203
120.253.135.82 - - [16/Jun/2023:08:51:09 +0800] "GET /xingrg/dwr/engine.js HTTP/1.1" 200 43631
222.70.114.12 - - [16/Jun/2023:08:51:09 +0800] "POST /xingrg/kc/base/check_list_operate.html HTTP/1.1" 200 781
116.230.113.48 - - [16/Jun/2023:08:51:09 +0800] "GET /xingrg/all/function/internal_message.html?_=1686876683265&CODE_STATE=getMsg HTTP/1.1" 200 27
180.156.206.188 - - [16/Jun/2023:08:51:09 +0800] "POST /xingrg/dwr/call/plaincall/AjaxQqpsService.loadMaterielItems.dwr HTTP/1.1" 200 2942
180.156.206.188 - - [16/Jun/2023:08:51:11 +0800] "GET /xingrg/javascript/jquery_easy_ui/themes/default/images/tabs_active.png HTTP/1.1" 200 2894
120.253.135.82 - - [16/Jun/2023:08:51:11 +0800] "GET /xingrg/kc/pszx/mdqp_order_list.html?state=10 HTTP/1.1" 200 10275
120.253.135.82 - - [16/Jun/2023:08:51:11 +0800] "GET /xingrg/dwr/interface/AjaxQqpsService.js HTTP/1.1" 200 16326
120.253.135.82 - - [16/Jun/2023:08:51:11 +0800] "GET /xingrg/dwr/interface/AjaxReportQueryService.js HTTP/1.1" 200 13203
120.253.135.82 - - [16/Jun/2023:08:51:11 +0800] "GET /xingrg/dwr/engine.js HTTP/1.1" 200 43631
180.156.206.188 - - [16/Jun/2023:08:51:12 +0800] "GET /xingrg/all/function/internal_message.html?_=1686876672639&CODE_STATE=getMsg HTTP/1.1" 200 27
58.40.7.146 - - [16/Jun/2023:08:51:13 +0800] "GET /xingrg/all/function/internal_message.html?_=1686876673464&CODE_STATE=getMsg HTTP/1.1" 200 27
58.40.7.146 - - [16/Jun/2023:08:51:13 +0800] "GET /xingrg/check_reg.html?_=1686876673463 HTTP/1.1" 200 22
101.83.145.52 - - [16/Jun/2023:08:51:15 +0800] "GET /xingrg/check_reg.html?_=1686876500414 HTTP/1.1" 200 22
101.83.145.52 - - [16/Jun/2023:08:51:15 +0800] "GET /xingrg/all/function/internal_message.html?_=1686876500417&CODE_STATE=getMsg HTTP/1.1" 200 27
222.70.114.12 - - [16/Jun/2023:08:51:19 +0800] "POST /xingrg/kc/base/check_list_operate.html HTTP/1.1" 200 4944
222.70.114.12 - - [16/Jun/2023:08:51:22 +0800] "GET /xingrg/kc/base/check_order_info.html?code=452023052100180 HTTP/1.1" 200 22854
222.70.114.12 - - [16/Jun/2023:08:51:22 +0800] "GET /xingrg/css/table.css HTTP/1.1" 200 3684
222.70.114.12 - - [16/Jun/2023:08:51:22 +0800] "GET /xingrg/dwr/interface/AjaxComOrderService.js HTTP/1.1" 200 18264
222.70.114.12 - - [16/Jun/2023:08:51:22 +0800] "GET /xingrg/dwr/interface/AjaxCheckService.js HTTP/1.1" 200 14003
222.70.114.12 - - [16/Jun/2023:08:51:22 +0800] "GET /xingrg/dwr/engine.js HTTP/1.1" 200 43631
222.70.114.12 - - [16/Jun/2023:08:51:22 +0800] "GET /xingrg/dwr/util.js HTTP/1.1" 304 -
222.70.114.12 - - [16/Jun/2023:08:51:22 +0800] "GET /xingrg/javascript/jquery_easy_ui/themes/icons/exam_new.png HTTP/1.1" 200 756
222.70.114.12 - - [16/Jun/2023:08:51:22 +0800] "POST /xingrg/dwr/call/plaincall/AjaxCheckService.loadOrderItems.dwr HTTP/1.1" 200 74125
180.163.30.100 - - [16/Jun/2023:08:51:25 +0800] "GET /xingrg/kc/buy/cgsh_order_operate.html?command=get_materiel&rest_code=00106&code=00101008321&supplier_code=00100007&order_time=2023-06-16 HTTP/1.1" 302 -
61.170.233.201 - - [16/Jun/2023:08:51:25 +0800] "POST /xingrg/kc/buy/cgsh_order_operate.html HTTP/1.1" 200 2065
180.163.30.100 - - [16/Jun/2023:08:51:25 +0800] "GET /xingrg/login.html HTTP/1.1" 200 7641
222.70.114.12 - - [16/Jun/2023:08:51:30 +0800] "GET /xingrg/kc/print/load_config.html?_=1686876697902&kc_code=check HTTP/1.1" 200 2488
222.70.114.12 - - [16/Jun/2023:08:51:31 +0800] "GET /xingrg/kc/print/load_data.html?_=1686876698017&order_code=452023052100180&kc_code=check&condition= HTTP/1.1" 200 43037
61.170.233.201 - - [16/Jun/2023:08:51:33 +0800] "POST /xingrg/kc/buy/cgsh_order_operate.html HTTP/1.1" 200 37
222.70.180.90 - - [16/Jun/2023:08:51:34 +0800] "GET /xingrg/all/function/internal_message.html?_=1686876691082&CODE_STATE=getMsg HTTP/1.1" 200 27
222.70.180.90 - - [16/Jun/2023:08:51:35 +0800] "POST /xingrg/kc/buy/cgsh_order_operate.html HTTP/1.1" 200 6798
61.170.233.201 - - [16/Jun/2023:08:51:36 +0800] "POST /xingrg/kc/buy/cgsh_order_operate.html HTTP/1.1" 200 16869
116.238.191.126 - - [16/Jun/2023:08:51:38 +0800] "POST /xingrg/all/user/operate.html HTTP/1.1" 200 36
116.238.191.126 - - [16/Jun/2023:08:51:38 +0800] "GET /xingrg/all/function/internal_message.html?_=1686876632706&CODE_STATE=getMsg HTTP/1.1" 200 27
116.238.191.126 - - [16/Jun/2023:08:51:39 +0800] "GET /xingrg/index.html?sysBaseUrl=http%3A%2F%2F180.169.147.146%3A18081%2Fxingrg%2F&costTime=895×tamp=1686792691145 HTTP/1.1" 200 17179
116.238.191.126 - - [16/Jun/2023:08:51:39 +0800] "GET /xingrg/javascript/jquery_easy_ui/themes/default/easyui.css HTTP/1.1" 304 -
116.238.191.126 - - [16/Jun/2023:08:51:39 +0800] "GET /xingrg/javascript/jquery_easy_ui/themes/icon.css HTTP/1.1" 304 -
116.238.191.126 - - [16/Jun/2023:08:51:39 +0800] "GET /xingrg/css/form.css HTTP/1.1" 304 -
116.238.191.126 - - [16/Jun/2023:08:51:39 +0800] "GET /xingrg/javascript/jquery-1.4.2.min.js HTTP/1.1" 304 -
116.238.191.126 - - [16/Jun/2023:08:51:39 +0800] "GET /xingrg/javascript/jquery_easy_ui/jquery.easyui.min.js HTTP/1.1" 304 -
116.238.191.126 - - [16/Jun/2023:08:51:39 +0800] "GET /xingrg/javascript/jquery_easy_ui/easyui-lang-zh_CN.js HTTP/1.1" 304 -
116.238.191.126 - - [16/Jun/2023:08:51:39 +0800] "GET /xingrg/javascript/jquery.form.js HTTP/1.1" 304 -
116.238.191.126 - - [16/Jun/2023:08:51:39 +0800] "GET /xingrg/javascript/jquery.utils.js HTTP/1.1" 304 -
116.238.191.126 - - [16/Jun/2023:08:51:39 +0800] "GET /xingrg/javascript/jquery.timers.js HTTP/1.1" 304 -
116.238.191.126 - - [16/Jun/2023:08:51:39 +0800] "GET /xingrg/images/blue/jxLogo.png HTTP/1.1" 304 -
116.238.191.126 - - [16/Jun/2023:08:51:39 +0800] "GET /xingrg/javascript/jquery_easy_ui/themes/icons/settle_new.png HTTP/1.1" 304 -
116.238.191.126 - - [16/Jun/2023:08:51:39 +0800] "GET /xingrg/images/blue/navBackgound.jpg HTTP/1.1" 304 -
116.238.191.126 - - [16/Jun/2023:08:51:39 +0800] "GET /xingrg/all/function/internal_message.html?_=1686876699263&CODE_STATE=count HTTP/1.1" 200 11
116.238.191.126 - - [16/Jun/2023:08:51:39 +0800] "GET /xingrg/check_reg.html?_=1686876699265 HTTP/1.1" 200 22
116.238.191.126 - - [16/Jun/2023:08:51:39 +0800] "GET /xingrg/javascript/jquery_easy_ui/themes/default/images/tabs_leftarrow.png HTTP/1.1" 304 -
116.238.191.126 - - [16/Jun/2023:08:51:39 +0800] "GET /xingrg/javascript/jquery_easy_ui/themes/default/images/tabs_rightarrow.png HTTP/1.1" 304 -
116.238.191.126 - - [16/Jun/2023:08:51:39 +0800] "GET /xingrg/images/blue/pingpu.png HTTP/1.1" 304 -
116.238.191.126 - - [16/Jun/2023:08:51:39 +0800] "GET /xingrg/javascript/jquery_easy_ui/themes/default/images/panel_tool_collapse.gif HTTP/1.1" 304 -
116.238.191.126 - - [16/Jun/2023:08:51:39 +0800] "POST /xingrg/all/common/load_tree.html?tree=area_rest_tree_json&manage=1 HTTP/1.1" 200 476
116.238.191.126 - - [16/Jun/2023:08:51:39 +0800] "POST /xingrg/load_menu.html HTTP/1.1" 200 5138
222.70.114.12 - - [16/Jun/2023:08:51:42 +0800] "GET /xingrg/kc/base/check_order_list.html?isBack=1 HTTP/1.1" 200 16223
222.70.114.12 - - [16/Jun/2023:08:51:42 +0800] "POST /xingrg/kc/base/check_list_operate.html HTTP/1.1" 200 781
222.70.180.90 - - [16/Jun/2023:08:51:42 +0800] "GET /xingrg/kc/print/load_config.html?kc_code=cgsh HTTP/1.1" 200 1924
222.70.180.90 - - [16/Jun/2023:08:51:43 +0800] "GET /xingrg/kc/print/load_data.html?order_code=212023061605564&kc_code=cgsh&condition= HTTP/1.1" 200 2291
124.79.244.240 - - [16/Jun/2023:08:51:43 +0800] "GET /xingrg/all/function/internal_message.html?_=1686876706545&CODE_STATE=getMsg HTTP/1.1" 302 -
124.79.244.240 - - [16/Jun/2023:08:51:43 +0800] "GET /xingrg/login.html HTTP/1.1" 200 7641
116.238.191.126 - - [16/Jun/2023:08:51:43 +0800] "GET /xingrg/kc/base/wldb_order_list.html HTTP/1.1" 200 19104
116.238.191.126 - - [16/Jun/2023:08:51:44 +0800] "POST /xingrg/kc/base/wldb_list_operate.html HTTP/1.1" 200 928
120.253.135.82 - - [16/Jun/2023:08:51:45 +0800] "GET /xingrg/all/function/internal_message.html?_=1686876539983&CODE_STATE=getMsg HTTP/1.1" 200 27
120.253.135.82 - - [16/Jun/2023:08:51:46 +0800] "GET /xingrg/kc/pszx/mdqp_order_list.html?state=10 HTTP/1.1" 200 10275
120.253.135.82 - - [16/Jun/2023:08:51:46 +0800] "GET /xingrg/dwr/interface/AjaxQqpsService.js HTTP/1.1" 200 16326
120.253.135.82 - - [16/Jun/2023:08:51:46 +0800] "GET /xingrg/dwr/interface/AjaxReportQueryService.js HTTP/1.1" 200 13203
120.253.135.82 - - [16/Jun/2023:08:51:46 +0800] "GET /xingrg/dwr/engine.js HTTP/1.1" 200 43631
116.238.191.126 - - [16/Jun/2023:08:51:47 +0800] "GET /xingrg/kc/base/wldb_order_add.html HTTP/1.1" 200 30387
116.238.191.126 - - [16/Jun/2023:08:51:47 +0800] "POST /xingrg/kc/base/wldb_order_operate.html HTTP/1.1" 200 6806
116.238.191.126 - - [16/Jun/2023:08:51:47 +0800] "GET /xingrg/all/common/auto_word.html?type=base&rest_code=00150 HTTP/1.1" 200 1853
116.238.191.126 - - [16/Jun/2023:08:51:47 +0800] "GET /xingrg/all/common/auto_word.html?type=base&rest_code=00150 HTTP/1.1" 200 1853
116.238.191.126 - - [16/Jun/2023:08:51:47 +0800] "GET /xingrg/javascript/easyui/themes/default/validatebox.css HTTP/1.1" 404 1104
120.253.135.82 - - [16/Jun/2023:08:51:48 +0800] "GET /xingrg/kc/pszx/mdps_order_list.html?orderType=0 HTTP/1.1" 200 21032
