180.169.147.146 - - [16/Jun/2023:09:05:16 +0800] "POST /xingrg/all/common/load_tree.html?tree=area_rest_tree_json&manage=1 HTTP/1.1" 200 3499
180.169.147.146 - - [16/Jun/2023:09:05:17 +0800] "POST /xingrg/load_menu.html HTTP/1.1" 200 11564
180.169.147.146 - - [16/Jun/2023:09:05:19 +0800] "GET /xingrg/kc/report/report_main.html HTTP/1.1" 200 8599
116.238.191.126 - - [16/Jun/2023:09:05:21 +0800] "GET /xingrg/all/function/internal_message.html?_=1686877521262&CODE_STATE=getMsg HTTP/1.1" 200 27
180.164.3.199 - - [16/Jun/2023:09:05:23 +0800] "POST /xingrg/kc/buy/cgsh_list_operate.html HTTP/1.1" 200 4
180.164.3.199 - - [16/Jun/2023:09:05:28 +0800] "POST /xingrg/kc/buy/cgsh_list_operate.html HTTP/1.1" 200 4528
114.83.219.47 - - [16/Jun/2023:09:05:29 +0800] "GET /xingrg/all/function/internal_message.html?_=1686877635322&CODE_STATE=getMsg HTTP/1.1" 200 27
114.83.219.241 - - [16/Jun/2023:09:05:30 +0800] "GET /xingrg/kc/buy/cgsh_order_operate.html?command=get_materiel&rest_code=00149&code=00101008739&supplier_code=00100008&order_time=2023-06-16 HTTP/1.1" 200 410
222.70.180.90 - - [16/Jun/2023:09:05:34 +0800] "GET /xingrg/all/function/internal_message.html?_=1686877530826&CODE_STATE=getMsg HTTP/1.1" 200 27
180.169.147.146 - - [16/Jun/2023:09:05:38 +0800] "POST /xingrg/all/user/operate.html HTTP/1.1" 200 36
180.169.147.146 - - [16/Jun/2023:09:05:38 +0800] "GET /xingrg/index.html?sysBaseUrl=http%3A%2F%2F180.169.147.146%3A18081%2Fxingrg%2F&costTime=1352×tamp=1686877516549 HTTP/1.1" 200 17509
180.169.147.146 - - [16/Jun/2023:09:05:38 +0800] "GET /xingrg/javascript/jquery_easy_ui/themes/default/easyui.css HTTP/1.1" 304 -
180.169.147.146 - - [16/Jun/2023:09:05:38 +0800] "GET /xingrg/javascript/jquery_easy_ui/themes/icon.css HTTP/1.1" 304 -
180.169.147.146 - - [16/Jun/2023:09:05:38 +0800] "GET /xingrg/css/form.css HTTP/1.1" 304 -
180.169.147.146 - - [16/Jun/2023:09:05:38 +0800] "GET /xingrg/javascript/jquery-1.4.2.min.js HTTP/1.1" 304 -
180.169.147.146 - - [16/Jun/2023:09:05:38 +0800] "GET /xingrg/javascript/jquery_easy_ui/jquery.easyui.min.js HTTP/1.1" 304 -
180.169.147.146 - - [16/Jun/2023:09:05:38 +0800] "GET /xingrg/javascript/jquery_easy_ui/easyui-lang-zh_CN.js HTTP/1.1" 304 -
180.169.147.146 - - [16/Jun/2023:09:05:38 +0800] "GET /xingrg/javascript/jquery.form.js HTTP/1.1" 304 -
180.169.147.146 - - [16/Jun/2023:09:05:38 +0800] "GET /xingrg/javascript/jquery.utils.js HTTP/1.1" 304 -
180.169.147.146 - - [16/Jun/2023:09:05:38 +0800] "GET /xingrg/javascript/jquery.timers.js HTTP/1.1" 304 -
180.169.147.146 - - [16/Jun/2023:09:05:38 +0800] "GET /xingrg/images/blue/jxLogo.png HTTP/1.1" 304 -
180.169.147.146 - - [16/Jun/2023:09:05:38 +0800] "GET /xingrg/images/blue/navBackgound.jpg HTTP/1.1" 304 -
180.169.147.146 - - [16/Jun/2023:09:05:38 +0800] "GET /xingrg/javascript/jquery_easy_ui/themes/icons/settle_new.png HTTP/1.1" 304 -
180.169.147.146 - - [16/Jun/2023:09:05:38 +0800] "GET /xingrg/check_reg.html?_=1686877538644 HTTP/1.1" 200 22
180.169.147.146 - - [16/Jun/2023:09:05:38 +0800] "GET /xingrg/all/function/internal_message.html?_=1686877538643&CODE_STATE=count HTTP/1.1" 200 11
180.169.147.146 - - [16/Jun/2023:09:05:38 +0800] "GET /xingrg/javascript/jquery_easy_ui/themes/default/images/panel_tool_expand.gif HTTP/1.1" 304 -
180.169.147.146 - - [16/Jun/2023:09:05:38 +0800] "GET /xingrg/javascript/jquery_easy_ui/themes/default/images/panel_tool_collapse.gif HTTP/1.1" 304 -
180.169.147.146 - - [16/Jun/2023:09:05:38 +0800] "GET /xingrg/images/blue/pingpu.png HTTP/1.1" 304 -
180.169.147.146 - - [16/Jun/2023:09:05:38 +0800] "GET /xingrg/javascript/jquery_easy_ui/themes/default/images/tabs_rightarrow.png HTTP/1.1" 304 -
180.169.147.146 - - [16/Jun/2023:09:05:38 +0800] "GET /xingrg/javascript/jquery_easy_ui/themes/default/images/tabs_leftarrow.png HTTP/1.1" 304 -
180.169.147.146 - - [16/Jun/2023:09:05:38 +0800] "POST /xingrg/all/common/load_tree.html?tree=area_rest_tree_json&manage=1 HTTP/1.1" 200 3499
180.169.147.146 - - [16/Jun/2023:09:05:38 +0800] "POST /xingrg/load_menu.html HTTP/1.1" 200 9959
116.238.191.126 - - [16/Jun/2023:09:05:39 +0800] "GET /xingrg/all/function/internal_message.html?_=1686877472998&CODE_STATE=getMsg HTTP/1.1" 200 27
180.169.147.146 - - [16/Jun/2023:09:05:40 +0800] "GET /xingrg/kc/report/report_main.html HTTP/1.1" 200 7340
114.83.219.241 - - [16/Jun/2023:09:05:40 +0800] "GET /xingrg/kc/buy/cgsh_order_operate.html?command=get_materiel&rest_code=00149&code=00101008330&supplier_code=00100008&order_time=2023-06-16 HTTP/1.1" 200 408
180.164.3.199 - - [16/Jun/2023:09:05:43 +0800] "GET /xingrg/all/function/internal_message.html?_=1686877542010&CODE_STATE=getMsg HTTP/1.1" 200 27
124.79.244.240 - - [16/Jun/2023:09:05:43 +0800] "GET /xingrg/all/function/internal_message.html?_=1686877546572&CODE_STATE=getMsg HTTP/1.1" 302 -
124.79.244.240 - - [16/Jun/2023:09:05:43 +0800] "GET /xingrg/login.html HTTP/1.1" 200 7641
120.253.135.82 - - [16/Jun/2023:09:05:46 +0800] "GET /xingrg/all/function/internal_message.html?_=1686877381170&CODE_STATE=getMsg HTTP/1.1" 200 27
222.70.180.90 - - [16/Jun/2023:09:05:49 +0800] "GET /xingrg/kc/buy/cgsh_order_operate.html?command=get_materiel&rest_code=00111&code=00101008223&supplier_code=00100005&order_time=2023-06-16 HTTP/1.1" 200 412
180.156.206.188 - - [16/Jun/2023:09:05:50 +0800] "GET /xingrg/kc/buy/cgsh_order_add.html HTTP/1.1" 200 71671
180.156.206.188 - - [16/Jun/2023:09:05:50 +0800] "POST /xingrg/kc/buy/cgsh_order_operate.html HTTP/1.1" 200 8245
180.156.206.188 - - [16/Jun/2023:09:05:50 +0800] "GET /xingrg/javascript/easyui/themes/default/validatebox.css HTTP/1.1" 404 1104
114.83.219.241 - - [16/Jun/2023:09:05:51 +0800] "GET /xingrg/all/function/internal_message.html?_=1686877548363&CODE_STATE=getMsg HTTP/1.1" 200 27
114.83.219.241 - - [16/Jun/2023:09:05:51 +0800] "GET /xingrg/check_reg.html?_=1686877548369 HTTP/1.1" 200 22
222.70.114.12 - - [16/Jun/2023:09:06:06 +0800] "GET /xingrg/check_reg.html?_=1686877574255 HTTP/1.1" 200 22
222.70.114.12 - - [16/Jun/2023:09:06:07 +0800] "GET /xingrg/all/function/internal_message.html?_=1686877574796&CODE_STATE=getMsg HTTP/1.1" 200 27
114.85.113.108 - - [16/Jun/2023:09:06:07 +0800] "GET /xingrg/all/function/internal_message.html?_=1686877566173&CODE_STATE=getMsg HTTP/1.1" 200 27
116.232.195.127 - - [16/Jun/2023:09:06:08 +0800] "GET /xingrg/all/function/internal_message.html?_=1686877579223&CODE_STATE=getMsg HTTP/1.1" 200 27
116.230.113.48 - - [16/Jun/2023:09:06:09 +0800] "GET /xingrg/check_reg.html?_=1686877582721 HTTP/1.1" 200 22
116.230.113.48 - - [16/Jun/2023:09:06:10 +0800] "GET /xingrg/all/function/internal_message.html?_=1686877583469&CODE_STATE=getMsg HTTP/1.1" 200 27
180.164.3.199 - - [16/Jun/2023:09:06:11 +0800] "POST /xingrg/kc/buy/cgsh_list_operate.html HTTP/1.1" 200 4
180.156.206.188 - - [16/Jun/2023:09:06:12 +0800] "GET /xingrg/all/function/internal_message.html?_=1686877572652&CODE_STATE=getMsg HTTP/1.1" 200 27
114.83.219.241 - - [16/Jun/2023:09:06:12 +0800] "GET /xingrg/kc/buy/cgsh_order_operate.html?command=get_materiel&rest_code=00149&code=00101008357&supplier_code=00100008&order_time=2023-06-16 HTTP/1.1" 200 408
58.40.7.146 - - [16/Jun/2023:09:06:13 +0800] "GET /xingrg/check_reg.html?_=1686877573466 HTTP/1.1" 200 22
58.40.7.146 - - [16/Jun/2023:09:06:13 +0800] "GET /xingrg/all/function/internal_message.html?_=1686877573467&CODE_STATE=getMsg HTTP/1.1" 200 27
180.164.3.199 - - [16/Jun/2023:09:06:14 +0800] "POST /xingrg/kc/buy/cgsh_list_operate.html HTTP/1.1" 200 986
101.83.145.52 - - [16/Jun/2023:09:06:15 +0800] "GET /xingrg/check_reg.html?_=1686877400458 HTTP/1.1" 200 22
101.83.145.52 - - [16/Jun/2023:09:06:15 +0800] "GET /xingrg/all/function/internal_message.html?_=1686877400454&CODE_STATE=getMsg HTTP/1.1" 200 27
180.163.29.219 - - [16/Jun/2023:09:06:19 +0800] "GET /xingrg/kc/report/report_main.html HTTP/1.1" 302 -
180.163.29.219 - - [16/Jun/2023:09:06:19 +0800] "GET /xingrg/login.html HTTP/1.1" 200 7641
116.238.191.126 - - [16/Jun/2023:09:06:21 +0800] "GET /xingrg/all/function/internal_message.html?_=1686877581262&CODE_STATE=getMsg HTTP/1.1" 200 27
114.83.219.241 - - [16/Jun/2023:09:06:25 +0800] "POST /xingrg/kc/buy/cgsh_order_operate.html HTTP/1.1" 200 2065
222.70.180.90 - - [16/Jun/2023:09:06:26 +0800] "GET /xingrg/kc/buy/cgsh_order_operate.html?command=get_materiel&rest_code=00111&code=00101008168&supplier_code=00100005&order_time=2023-06-16 HTTP/1.1" 200 413
180.164.3.199 - - [16/Jun/2023:09:06:27 +0800] "GET /xingrg/kc/buy/cgth_order_list.html HTTP/1.1" 200 55267
180.164.3.199 - - [16/Jun/2023:09:06:28 +0800] "POST /xingrg/kc/buy/cgth_list_operate.html HTTP/1.1" 200 1035
114.83.219.47 - - [16/Jun/2023:09:06:29 +0800] "GET /xingrg/all/function/internal_message.html?_=1686877695320&CODE_STATE=getMsg HTTP/1.1" 200 27
101.83.145.52 - - [16/Jun/2023:09:06:29 +0800] "GET /xingrg/kc/buy/cgsh_order_operate.html?command=get_materiel&rest_code=00105&code=00101003025&supplier_code=00100397&order_time=2023-06-16 HTTP/1.1" 200 409
114.83.219.241 - - [16/Jun/2023:09:06:32 +0800] "GET /xingrg/kc/buy/cgsh_order_operate.html?command=get_materiel&rest_code=00149&code=00101008286&supplier_code=00100008&order_time=2023-06-16 HTTP/1.1" 200 408
180.164.3.199 - - [16/Jun/2023:09:06:33 +0800] "GET /xingrg/kc/buy/cgsh_order_list.html HTTP/1.1" 200 55864
222.70.180.90 - - [16/Jun/2023:09:06:33 +0800] "POST /xingrg/kc/buy/cgsh_order_operate.html HTTP/1.1" 200 2065
222.70.180.90 - - [16/Jun/2023:09:06:34 +0800] "GET /xingrg/all/function/internal_message.html?_=1686877590803&CODE_STATE=getMsg HTTP/1.1" 200 27
180.164.3.199 - - [16/Jun/2023:09:06:35 +0800] "POST /xingrg/kc/buy/cgsh_list_operate.html HTTP/1.1" 200 986
180.163.29.234 - - [16/Jun/2023:09:06:38 +0800] "GET /xingrg/all/function/internal_message.html?_=1686877538643&CODE_STATE=count HTTP/1.1" 302 -
180.163.29.234 - - [16/Jun/2023:09:06:38 +0800] "GET /xingrg/login.html HTTP/1.1" 200 7641
180.169.147.146 - - [16/Jun/2023:09:06:38 +0800] "GET /xingrg/all/function/internal_message.html?_=1686877598669&CODE_STATE=getMsg HTTP/1.1" 200 27
116.238.191.126 - - [16/Jun/2023:09:06:39 +0800] "GET /xingrg/all/function/internal_message.html?_=1686877533070&CODE_STATE=getMsg HTTP/1.1" 200 27
180.164.3.199 - - [16/Jun/2023:09:06:41 +0800] "GET /xingrg/kc/buy/cgsh_order_add.html HTTP/1.1" 200 71728
180.164.3.199 - - [16/Jun/2023:09:06:41 +0800] "POST /xingrg/kc/buy/cgsh_order_operate.html HTTP/1.1" 200 8245
180.164.3.199 - - [16/Jun/2023:09:06:41 +0800] "GET /xingrg/javascript/easyui/themes/default/validatebox.css HTTP/1.1" 404 1104
180.164.3.199 - - [16/Jun/2023:09:06:43 +0800] "GET /xingrg/all/function/internal_message.html?_=1686877602029&CODE_STATE=getMsg HTTP/1.1" 200 27
124.79.244.240 - - [16/Jun/2023:09:06:43 +0800] "GET /xingrg/all/function/internal_message.html?_=1686877606573&CODE_STATE=getMsg HTTP/1.1" 302 -
124.79.244.240 - - [16/Jun/2023:09:06:43 +0800] "GET /xingrg/login.html HTTP/1.1" 200 7641
114.83.219.241 - - [16/Jun/2023:09:06:44 +0800] "GET /xingrg/kc/buy/cgsh_order_operate.html?command=get_materiel&rest_code=00149&code=00101008131&supplier_code=00100008&order_time=2023-06-16 HTTP/1.1" 200 409
120.253.135.82 - - [16/Jun/2023:09:06:46 +0800] "GET /xingrg/all/function/internal_message.html?_=1686877441185&CODE_STATE=getMsg HTTP/1.1" 200 27
114.83.219.241 - - [16/Jun/2023:09:06:51 +0800] "GET /xingrg/all/function/internal_message.html?_=1686877608362&CODE_STATE=getMsg HTTP/1.1" 200 27
222.70.180.90 - - [16/Jun/2023:09:06:54 +0800] "GET /xingrg/kc/buy/cgsh_order_operate.html?command=get_materiel&rest_code=00111&code=00101008150&supplier_code=00100005&order_time=2023-06-16 HTTP/1.1" 200 409
114.83.219.241 - - [16/Jun/2023:09:06:57 +0800] "GET /xingrg/kc/buy/cgsh_order_operate.html?command=get_materiel&rest_code=00149&code=00101008296&supplier_code=00100008&order_time=2023-06-16 HTTP/1.1" 200 416
101.83.145.52 - - [16/Jun/2023:09:07:03 +0800] "POST /xingrg/kc/buy/cgsh_order_operate.html HTTP/1.1" 200 37
101.83.145.52 - - [16/Jun/2023:09:07:06 +0800] "POST /xingrg/kc/buy/cgsh_order_operate.html HTTP/1.1" 200 5022
222.70.180.90 - - [16/Jun/2023:09:07:06 +0800] "GET /xingrg/kc/buy/cgsh_order_operate.html?command=get_materiel&rest_code=00111&code=00101008095&supplier_code=00100005&order_time=2023-06-16 HTTP/1.1" 200 412
222.70.114.12 - - [16/Jun/2023:09:07:07 +0800] "GET /xingrg/all/function/internal_message.html?_=1686877634781&CODE_STATE=getMsg HTTP/1.1" 200 27
114.85.113.108 - - [16/Jun/2023:09:07:07 +0800] "GET /xingrg/all/function/internal_message.html?_=1686877626186&CODE_STATE=getMsg HTTP/1.1" 200 27
116.232.195.127 - - [16/Jun/2023:09:07:08 +0800] "GET /xingrg/all/function/internal_message.html?_=1686877639210&CODE_STATE=getMsg HTTP/1.1" 200 27
120.253.135.82 - - [16/Jun/2023:09:07:09 +0800] "GET /xingrg/kc/buy/cgsh_order_list.html HTTP/1.1" 200 55854
116.230.113.48 - - [16/Jun/2023:09:07:10 +0800] "GET /xingrg/all/function/internal_message.html?_=1686877643482&CODE_STATE=getMsg HTTP/1.1" 200 27
101.83.145.52 - - [16/Jun/2023:09:07:11 +0800] "GET /xingrg/kc/print/load_data.html?order_code=212023061605567&kc_code=cgsh&condition= HTTP/1.1" 200 1569
120.253.135.82 - - [16/Jun/2023:09:07:11 +0800] "POST /xingrg/kc/buy/cgsh_list_operate.html HTTP/1.1" 200 986
180.156.206.188 - - [16/Jun/2023:09:07:12 +0800] "GET /xingrg/all/function/internal_message.html?_=1686877632640&CODE_STATE=getMsg HTTP/1.1" 200 27
180.156.206.188 - - [16/Jun/2023:09:07:12 +0800] "GET /xingrg/check_reg.html?_=1686877632641 HTTP/1.1" 200 22
58.40.7.146 - - [16/Jun/2023:09:07:13 +0800] "GET /xingrg/all/function/internal_message.html?_=1686877633470&CODE_STATE=getMsg HTTP/1.1" 200 27
101.83.145.52 - - [16/Jun/2023:09:07:16 +0800] "GET /xingrg/all/function/internal_message.html?_=1686877460797&CODE_STATE=getMsg HTTP/1.1" 200 27
180.156.206.188 - - [16/Jun/2023:09:07:17 +0800] "POST /xingrg/services/DataTransmitService HTTP/1.1" 200 524
222.70.180.90 - - [16/Jun/2023:09:07:17 +0800] "GET /xingrg/kc/buy/cgsh_order_operate.html?command=get_materiel&rest_code=00111&code=00101008674&supplier_code=00100005&order_time=2023-06-16 HTTP/1.1" 200 412
120.253.135.82 - - [16/Jun/2023:09:07:17 +0800] "POST /xingrg/kc/buy/cgsh_list_operate.html HTTP/1.1" 200 986
120.253.135.82 - - [16/Jun/2023:09:07:20 +0800] "GET /xingrg/kc/buy/cgsh_order_add.html HTTP/1.1" 200 70700
120.253.135.82 - - [16/Jun/2023:09:07:20 +0800] "POST /xingrg/kc/buy/cgsh_order_operate.html HTTP/1.1" 200 8245
120.253.135.82 - - [16/Jun/2023:09:07:20 +0800] "GET /xingrg/javascript/easyui/themes/default/validatebox.css HTTP/1.1" 404 1104
116.238.191.126 - - [16/Jun/2023:09:07:21 +0800] "GET /xingrg/all/function/internal_message.html?_=1686877641264&CODE_STATE=getMsg HTTP/1.1" 200 27
114.83.219.47 - - [16/Jun/2023:09:07:29 +0800] "GET /xingrg/all/function/internal_message.html?_=1686877755319&CODE_STATE=getMsg HTTP/1.1" 200 27
120.253.135.82 - - [16/Jun/2023:09:07:33 +0800] "POST /xingrg/all/common/load_combo.html?type=employee HTTP/1.1" 200 1664
222.70.180.90 - - [16/Jun/2023:09:07:34 +0800] "GET /xingrg/all/function/internal_message.html?_=1686877650784&CODE_STATE=getMsg HTTP/1.1" 200 27
114.83.219.241 - - [16/Jun/2023:09:07:35 +0800] "GET /xingrg/kc/buy/cgsh_order_operate.html?command=get_materiel&rest_code=00149&code=00101008318&supplier_code=00100008&order_time=2023-06-16 HTTP/1.1" 200 408
180.169.147.146 - - [16/Jun/2023:09:07:38 +0800] "GET /xingrg/all/function/internal_message.html?_=1686877658672&CODE_STATE=getMsg HTTP/1.1" 200 27
116.238.191.126 - - [16/Jun/2023:09:07:39 +0800] "GET /xingrg/all/function/internal_message.html?_=1686877593072&CODE_STATE=getMsg HTTP/1.1" 200 27
180.164.3.199 - - [16/Jun/2023:09:07:43 +0800] "GET /xingrg/check_reg.html?_=1686877662027 HTTP/1.1" 200 22
180.164.3.199 - - [16/Jun/2023:09:07:43 +0800] "GET /xingrg/all/function/internal_message.html?_=1686877662030&CODE_STATE=getMsg HTTP/1.1" 200 27
124.79.244.240 - - [16/Jun/2023:09:07:43 +0800] "GET /xingrg/all/function/internal_message.html?_=1686877666575&CODE_STATE=getMsg HTTP/1.1" 302 -
124.79.244.240 - - [16/Jun/2023:09:07:43 +0800] "GET /xingrg/check_reg.html?_=1686877666576 HTTP/1.1" 302 -
124.79.244.240 - - [16/Jun/2023:09:07:43 +0800] "GET /xingrg/login.html HTTP/1.1" 200 7641
124.79.244.240 - - [16/Jun/2023:09:07:43 +0800] "GET /xingrg/login.html HTTP/1.1" 200 7641
222.70.180.90 - - [16/Jun/2023:09:07:43 +0800] "GET /xingrg/kc/buy/cgsh_order_operate.html?command=get_materiel&rest_code=00111&code=00101008061&supplier_code=00100005&order_time=2023-06-16 HTTP/1.1" 200 422
120.253.135.82 - - [16/Jun/2023:09:07:46 +0800] "GET /xingrg/all/function/internal_message.html?_=1686877501198&CODE_STATE=getMsg HTTP/1.1" 200 27
120.253.135.82 - - [16/Jun/2023:09:07:46 +0800] "GET /xingrg/kc/buy/cgsh_order_operate.html?command=get_materiel&rest_code=00101&code=00101036002&supplier_code=00100373&order_time=2023-06-16 HTTP/1.1" 200 439
114.83.219.241 - - [16/Jun/2023:09:07:49 +0800] "GET /xingrg/kc/buy/cgsh_order_operate.html?command=get_materiel&rest_code=00149&code=00101008352&supplier_code=00100008&order_time=2023-06-16 HTTP/1.1" 200 412
114.83.219.241 - - [16/Jun/2023:09:07:51 +0800] "GET /xingrg/all/function/internal_message.html?_=1686877668360&CODE_STATE=getMsg HTTP/1.1" 200 27
222.70.180.90 - - [16/Jun/2023:09:07:52 +0800] "POST /xingrg/kc/buy/cgsh_order_operate.html HTTP/1.1" 200 2065
114.83.219.241 - - [16/Jun/2023:09:07:52 +0800] "POST /xingrg/kc/buy/cgsh_order_operate.html HTTP/1.1" 200 2065
114.83.219.241 - - [16/Jun/2023:09:07:57 +0800] "GET /xingrg/kc/buy/cgsh_order_operate.html?command=get_materiel&rest_code=00149&code=00101008098&supplier_code=00100008&order_time=2023-06-16 HTTP/1.1" 200 412
222.70.180.90 - - [16/Jun/2023:09:07:59 +0800] "GET /xingrg/kc/buy/cgsh_order_operate.html?command=get_materiel&rest_code=00111&code=00101008290&supplier_code=00100005&order_time=2023-06-16 HTTP/1.1" 200 416
114.85.113.108 - - [16/Jun/2023:09:08:01 +0800] "GET /xingrg/check_reg.html?_=1686877680649 HTTP/1.1" 200 22
120.253.135.82 - - [16/Jun/2023:09:08:05 +0800] "GET /xingrg/kc/buy/cgsh_order_operate.html?command=get_materiel&rest_code=00101&code=00101036003&supplier_code=00100373&order_time=2023-06-16 HTTP/1.1" 200 440
222.70.114.12 - - [16/Jun/2023:09:08:07 +0800] "GET /xingrg/all/function/internal_message.html?_=1686877694755&CODE_STATE=getMsg HTTP/1.1" 200 27
114.85.113.108 - - [16/Jun/2023:09:08:07 +0800] "GET /xingrg/all/function/internal_message.html?_=1686877686190&CODE_STATE=getMsg HTTP/1.1" 200 27
114.83.219.241 - - [16/Jun/2023:09:08:07 +0800] "GET /xingrg/kc/buy/cgsh_order_operate.html?command=get_materiel&rest_code=00149&code=00101008353&supplier_code=00100008&order_time=2023-06-16 HTTP/1.1" 200 408
116.232.195.127 - - [16/Jun/2023:09:08:08 +0800] "GET /xingrg/all/function/internal_message.html?_=1686877699212&CODE_STATE=getMsg HTTP/1.1" 200 27
116.230.113.48 - - [16/Jun/2023:09:08:10 +0800] "GET /xingrg/all/function/internal_message.html?_=1686877703496&CODE_STATE=getMsg HTTP/1.1" 200 27
180.156.206.188 - - [16/Jun/2023:09:08:12 +0800] "GET /xingrg/all/function/internal_message.html?_=1686877692639&CODE_STATE=getMsg HTTP/1.1" 200 27
58.40.7.146 - - [16/Jun/2023:09:08:13 +0800] "GET /xingrg/all/function/internal_message.html?_=1686877693473&CODE_STATE=getMsg HTTP/1.1" 200 27
101.83.145.52 - - [16/Jun/2023:09:08:16 +0800] "GET /xingrg/all/function/internal_message.html?_=1686877520774&CODE_STATE=getMsg HTTP/1.1" 200 27
120.253.135.82 - - [16/Jun/2023:09:08:20 +0800] "POST /xingrg/kc/buy/cgsh_order_operate.html HTTP/1.1" 200 37
116.238.191.126 - - [16/Jun/2023:09:08:21 +0800] "GET /xingrg/all/function/internal_message.html?_=1686877701291&CODE_STATE=getMsg HTTP/1.1" 200 27
114.83.219.241 - - [16/Jun/2023:09:08:23 +0800] "GET /xingrg/kc/buy/cgsh_order_operate.html?command=get_materiel&rest_code=00149&code=00101008359&supplier_code=00100008&order_time=2023-06-16 HTTP/1.1" 200 408
120.253.135.82 - - [16/Jun/2023:09:08:23 +0800] "POST /xingrg/kc/buy/cgsh_order_operate.html HTTP/1.1" 200 3258
120.253.135.82 - - [16/Jun/2023:09:08:26 +0800] "GET /xingrg/kc/print/load_config.html?kc_code=cgsh HTTP/1.1" 200 1924
120.253.135.82 - - [16/Jun/2023:09:08:26 +0800] "GET /xingrg/kc/print/load_data.html?order_code=212023061605568&kc_code=cgsh&condition= HTTP/1.1" 200 930
222.70.114.12 - - [16/Jun/2023:09:08:27 +0800] "GET /xingrg/logout.do HTTP/1.1" 302 -
222.70.114.12 - - [16/Jun/2023:09:08:27 +0800] "GET /xingrg/login.html?sysBaseUrl=http%3A%2F%2F180.169.147.146%3A18081%2Fxingrg%2F&costTime=33×tamp=1686877707713 HTTP/1.1" 200 7641
222.70.114.12 - - [16/Jun/2023:09:08:27 +0800] "GET /favicon.ico HTTP/1.1" 404 -
114.83.219.47 - - [16/Jun/2023:09:08:29 +0800] "GET /xingrg/check_reg.html?_=1686877815313 HTTP/1.1" 200 22
114.83.219.47 - - [16/Jun/2023:09:08:29 +0800] "GET /xingrg/all/function/internal_message.html?_=1686877815314&CODE_STATE=getMsg HTTP/1.1" 200 27
114.83.219.241 - - [16/Jun/2023:09:08:30 +0800] "GET /xingrg/kc/buy/cgsh_order_operate.html?command=get_materiel&rest_code=00149&code=00101008213&supplier_code=00100008&order_time=2023-06-16 HTTP/1.1" 200 412
114.83.219.241 - - [16/Jun/2023:09:08:33 +0800] "POST /xingrg/kc/buy/cgsh_order_operate.html HTTP/1.1" 200 2065
222.70.180.90 - - [16/Jun/2023:09:08:34 +0800] "GET /xingrg/all/function/internal_message.html?_=1686877710793&CODE_STATE=getMsg HTTP/1.1" 200 27
180.163.28.55 - - [16/Jun/2023:09:08:38 +0800] "GET /xingrg/all/function/internal_message.html?_=1686877658672&CODE_STATE=getMsg HTTP/1.1" 302 -
180.163.28.55 - - [16/Jun/2023:09:08:38 +0800] "GET /xingrg/login.html HTTP/1.1" 200 7641
180.169.147.146 - - [16/Jun/2023:09:08:38 +0800] "GET /xingrg/all/function/internal_message.html?_=1686877718665&CODE_STATE=getMsg HTTP/1.1" 200 27
116.238.191.126 - - [16/Jun/2023:09:08:39 +0800] "GET /xingrg/check_reg.html?_=1686877652801 HTTP/1.1" 200 22
116.238.191.126 - - [16/Jun/2023:09:08:39 +0800] "GET /xingrg/all/function/internal_message.html?_=1686877653085&CODE_STATE=getMsg HTTP/1.1" 200 27
222.70.180.90 - - [16/Jun/2023:09:08:42 +0800] "POST /xingrg/kc/buy/cgsh_order_operate.html HTTP/1.1" 200 2065
180.164.3.199 - - [16/Jun/2023:09:08:43 +0800] "GET /xingrg/all/function/internal_message.html?_=1686877722030&CODE_STATE=getMsg HTTP/1.1" 200 27
124.79.244.240 - - [16/Jun/2023:09:08:43 +0800] "GET /xingrg/all/function/internal_message.html?_=1686877726578&CODE_STATE=getMsg HTTP/1.1" 302 -
124.79.244.240 - - [16/Jun/2023:09:08:43 +0800] "GET /xingrg/login.html HTTP/1.1" 200 7641
120.253.135.82 - - [16/Jun/2023:09:08:46 +0800] "GET /xingrg/all/function/internal_message.html?_=1686877561411&CODE_STATE=getMsg HTTP/1.1" 200 27
114.83.219.241 - - [16/Jun/2023:09:08:51 +0800] "GET /xingrg/all/function/internal_message.html?_=1686877728362&CODE_STATE=getMsg HTTP/1.1" 200 27
222.70.180.90 - - [16/Jun/2023:09:09:01 +0800] "POST /xingrg/kc/buy/cgsh_order_operate.html HTTP/1.1" 200 37
114.83.219.241 - - [16/Jun/2023:09:09:03 +0800] "GET /xingrg/kc/buy/cgsh_order_operate.html?command=get_materiel&rest_code=00149&code=00101008095&supplier_code=00100008&order_time=2023-06-16 HTTP/1.1" 200 412
222.70.180.90 - - [16/Jun/2023:09:09:04 +0800] "POST /xingrg/kc/buy/cgsh_order_operate.html HTTP/1.1" 200 40012
222.70.180.90 - - [16/Jun/2023:09:09:06 +0800] "GET /xingrg/kc/print/load_data.html?order_code=212023061605569&kc_code=cgsh&condition= HTTP/1.1" 200 14891
114.85.113.108 - - [16/Jun/2023:09:09:07 +0800] "GET /xingrg/all/function/internal_message.html?_=1686877746184&CODE_STATE=getMsg HTTP/1.1" 200 27
116.232.195.127 - - [16/Jun/2023:09:09:08 +0800] "GET /xingrg/check_reg.html?_=1686877759206 HTTP/1.1" 200 22
116.232.195.127 - - [16/Jun/2023:09:09:08 +0800] "GET /xingrg/all/function/internal_message.html?_=1686877759211&CODE_STATE=getMsg HTTP/1.1" 200 27
116.230.113.48 - - [16/Jun/2023:09:09:10 +0800] "GET /xingrg/all/function/internal_message.html?_=1686877763513&CODE_STATE=getMsg HTTP/1.1" 200 27
180.156.206.188 - - [16/Jun/2023:09:09:12 +0800] "GET /xingrg/all/function/internal_message.html?_=1686877752653&CODE_STATE=getMsg HTTP/1.1" 200 27
114.83.219.241 - - [16/Jun/2023:09:09:12 +0800] "GET /xingrg/kc/buy/cgsh_order_operate.html?command=get_materiel&rest_code=00149&code=00101008674&supplier_code=00100008&order_time=2023-06-16 HTTP/1.1" 200 412
58.40.7.146 - - [16/Jun/2023:09:09:13 +0800] "GET /xingrg/all/function/internal_message.html?_=1686877753458&CODE_STATE=getMsg HTTP/1.1" 200 27
101.83.145.52 - - [16/Jun/2023:09:09:16 +0800] "GET /xingrg/all/function/internal_message.html?_=1686877580765&CODE_STATE=getMsg HTTP/1.1" 200 27
180.164.3.199 - - [16/Jun/2023:09:09:17 +0800] "GET /xingrg/kc/base/wldb_order_list.html HTTP/1.1" 200 19108
180.164.3.199 - - [16/Jun/2023:09:09:17 +0800] "POST /xingrg/kc/base/wldb_list_operate.html HTTP/1.1" 200 5056
222.70.180.90 - - [16/Jun/2023:09:09:19 +0800] "GET /xingrg/check_reg.html?_=1686877755940 HTTP/1.1" 200 22
114.83.219.241 - - [16/Jun/2023:09:09:19 +0800] "GET /xingrg/kc/buy/cgsh_order_operate.html?command=get_materiel&rest_code=00149&code=00101015044&supplier_code=00100008&order_time=2023-06-16 HTTP/1.1" 200 408
116.238.191.126 - - [16/Jun/2023:09:09:21 +0800] "GET /xingrg/check_reg.html?_=1686877761292 HTTP/1.1" 200 22
116.238.191.126 - - [16/Jun/2023:09:09:21 +0800] "GET /xingrg/all/function/internal_message.html?_=1686877761295&CODE_STATE=getMsg HTTP/1.1" 200 27
114.83.219.47 - - [16/Jun/2023:09:09:29 +0800] "GET /xingrg/all/function/internal_message.html?_=1686877875308&CODE_STATE=getMsg HTTP/1.1" 200 27
114.83.219.241 - - [16/Jun/2023:09:09:29 +0800] "GET /xingrg/kc/buy/cgsh_order_operate.html?command=get_materiel&rest_code=00149&code=00101008509&supplier_code=00100008&order_time=2023-06-16 HTTP/1.1" 200 409
114.83.219.241 - - [16/Jun/2023:09:09:32 +0800] "POST /xingrg/kc/buy/cgsh_order_operate.html HTTP/1.1" 200 2065
222.70.180.90 - - [16/Jun/2023:09:09:33 +0800] "GET /xingrg/kc/buy/cgsh_order_add.html HTTP/1.1" 200 71592
222.70.180.90 - - [16/Jun/2023:09:09:33 +0800] "POST /xingrg/kc/buy/cgsh_order_operate.html HTTP/1.1" 200 8245
222.70.180.90 - - [16/Jun/2023:09:09:33 +0800] "GET /xingrg/javascript/easyui/themes/default/validatebox.css HTTP/1.1" 404 1104
222.70.180.90 - - [16/Jun/2023:09:09:34 +0800] "GET /xingrg/all/function/internal_message.html?_=1686877770759&CODE_STATE=getMsg HTTP/1.1" 200 27
180.163.29.206 - - [16/Jun/2023:09:09:38 +0800] "GET /xingrg/all/function/internal_message.html?_=1686877718665&CODE_STATE=getMsg HTTP/1.1" 302 -
180.163.29.206 - - [16/Jun/2023:09:09:38 +0800] "GET /xingrg/login.html HTTP/1.1" 200 7641
180.169.147.146 - - [16/Jun/2023:09:09:38 +0800] "GET /xingrg/all/function/internal_message.html?_=1686877778653&CODE_STATE=getMsg HTTP/1.1" 200 27
114.83.219.241 - - [16/Jun/2023:09:09:39 +0800] "GET /xingrg/kc/buy/cgsh_order_operate.html?command=get_materiel&rest_code=00149&code=00101008284&supplier_code=00100008&order_time=2023-06-16 HTTP/1.1" 200 412
116.238.191.126 - - [16/Jun/2023:09:09:39 +0800] "GET /xingrg/all/function/internal_message.html?_=1686877713099&CODE_STATE=getMsg HTTP/1.1" 200 27
180.164.3.199 - - [16/Jun/2023:09:09:43 +0800] "GET /xingrg/all/function/internal_message.html?_=1686877782011&CODE_STATE=getMsg HTTP/1.1" 200 27
124.79.244.240 - - [16/Jun/2023:09:09:43 +0800] "GET /xingrg/all/function/internal_message.html?_=1686877786582&CODE_STATE=getMsg HTTP/1.1" 302 -
124.79.244.240 - - [16/Jun/2023:09:09:43 +0800] "GET /xingrg/login.html HTTP/1.1" 200 7641
222.70.180.90 - - [16/Jun/2023:09:09:44 +0800] "GET /xingrg/kc/buy/cgsh_order_operate.html?command=get_materiel&rest_code=00111&code=00101002027&supplier_code=00100199&order_time=2023-06-16 HTTP/1.1" 200 413
120.253.135.82 - - [16/Jun/2023:09:09:46 +0800] "GET /xingrg/all/function/internal_message.html?_=1686877621412&CODE_STATE=getMsg HTTP/1.1" 200 27
114.83.219.241 - - [16/Jun/2023:09:09:48 +0800] "GET /xingrg/kc/buy/cgsh_order_operate.html?command=get_materiel&rest_code=00149&code=00101008229&supplier_code=00100008&order_time=2023-06-16 HTTP/1.1" 200 420
114.83.219.241 - - [16/Jun/2023:09:09:51 +0800] "GET /xingrg/all/function/internal_message.html?_=1686877788365&CODE_STATE=getMsg HTTP/1.1" 200 27
114.83.219.241 - - [16/Jun/2023:09:09:56 +0800] "GET /xingrg/kc/buy/cgsh_order_operate.html?command=get_materiel&rest_code=00149&code=00101009004&supplier_code=00100008&order_time=2023-06-16 HTTP/1.1" 200 409
222.70.180.90 - - [16/Jun/2023:09:09:57 +0800] "GET /xingrg/kc/buy/cgsh_order_operate.html?command=get_materiel&rest_code=00111&code=00101002006&supplier_code=00100199&order_time=2023-06-16 HTTP/1.1" 200 414
114.85.113.108 - - [16/Jun/2023:09:10:07 +0800] "GET /xingrg/all/function/internal_message.html?_=1686877806184&CODE_STATE=getMsg HTTP/1.1" 200 27
116.232.195.127 - - [16/Jun/2023:09:10:08 +0800] "GET /xingrg/all/function/internal_message.html?_=1686877819224&CODE_STATE=getMsg HTTP/1.1" 200 27
116.230.113.48 - - [16/Jun/2023:09:10:10 +0800] "GET /xingrg/all/function/internal_message.html?_=1686877823527&CODE_STATE=getMsg HTTP/1.1" 200 27
222.70.180.90 - - [16/Jun/2023:09:10:11 +0800] "GET /xingrg/kc/buy/cgsh_order_operate.html?command=get_materiel&rest_code=00111&code=00101001069&supplier_code=00100199&order_time=2023-06-16 HTTP/1.1" 200 409
180.156.206.188 - - [16/Jun/2023:09:10:12 +0800] "GET /xingrg/all/function/internal_message.html?_=1686877812642&CODE_STATE=getMsg HTTP/1.1" 200 27
58.40.7.146 - - [16/Jun/2023:09:10:13 +0800] "GET /xingrg/all/function/internal_message.html?_=1686877813460&CODE_STATE=getMsg HTTP/1.1" 200 27
180.164.3.199 - - [16/Jun/2023:09:10:13 +0800] "POST /xingrg/kc/base/wldb_list_operate.html HTTP/1.1" 200 4
120.253.135.82 - - [16/Jun/2023:09:10:14 +0800] "POST /xingrg/kc/buy/cgsh_order_operate.html HTTP/1.1" 200 37
101.83.145.52 - - [16/Jun/2023:09:10:16 +0800] "GET /xingrg/all/function/internal_message.html?_=1686877640754&CODE_STATE=getMsg HTTP/1.1" 200 27
180.164.3.199 - - [16/Jun/2023:09:10:16 +0800] "POST /xingrg/kc/base/wldb_list_operate.html HTTP/1.1" 200 928
116.238.191.126 - - [16/Jun/2023:09:10:21 +0800] "GET /xingrg/all/function/internal_message.html?_=1686877821294&CODE_STATE=getMsg HTTP/1.1" 200 27
222.70.114.12 - - [16/Jun/2023:09:10:23 +0800] "POST /xingrg/login.do HTTP/1.1" 302 -
222.70.114.12 - - [16/Jun/2023:09:10:23 +0800] "GET /xingrg/index.html?sysBaseUrl=http%3A%2F%2F180.169.147.146%3A18081%2Fxingrg%2F&costTime=833×tamp=1686877823366 HTTP/1.1" 200 17503
222.70.114.12 - - [16/Jun/2023:09:10:23 +0800] "GET /favicon.ico HTTP/1.1" 404 -
222.70.114.12 - - [16/Jun/2023:09:10:23 +0800] "GET /xingrg/all/function/internal_message.html?_=1686877831304&CODE_STATE=count HTTP/1.1" 200 11
222.70.114.12 - - [16/Jun/2023:09:10:23 +0800] "GET /xingrg/check_reg.html?_=1686877831305 HTTP/1.1" 200 22
222.70.114.12 - - [16/Jun/2023:09:10:23 +0800] "POST /xingrg/all/common/load_tree.html?tree=area_rest_tree_json&manage=1 HTTP/1.1" 200 2106
222.70.114.12 - - [16/Jun/2023:09:10:23 +0800] "POST /xingrg/load_menu.html HTTP/1.1" 200 11564
114.83.219.241 - - [16/Jun/2023:09:10:24 +0800] "POST /xingrg/kc/buy/cgsh_order_operate.html HTTP/1.1" 200 37
120.253.135.82 - - [16/Jun/2023:09:10:27 +0800] "POST /xingrg/kc/buy/cgsh_order_operate.html HTTP/1.1" 200 12
222.70.180.90 - - [16/Jun/2023:09:10:28 +0800] "GET /xingrg/kc/buy/cgsh_order_operate.html?command=get_materiel&rest_code=00111&code=00101005055&supplier_code=00100199&order_time=2023-06-16 HTTP/1.1" 200 406
114.83.219.47 - - [16/Jun/2023:09:10:29 +0800] "GET /xingrg/all/function/internal_message.html?_=1686877935325&CODE_STATE=getMsg HTTP/1.1" 200 27
114.83.219.241 - - [16/Jun/2023:09:10:29 +0800] "POST /xingrg/kc/buy/cgsh_order_operate.html HTTP/1.1" 200 29837
120.253.135.82 - - [16/Jun/2023:09:10:30 +0800] "GET /xingrg/check_reg.html?_=1686877665093 HTTP/1.1" 200 22
120.253.135.82 - - [16/Jun/2023:09:10:30 +0800] "GET /xingrg/kc/buy/cgsh_order_info.html?code=212023061605568 HTTP/1.1" 200 65613
120.253.135.82 - - [16/Jun/2023:09:10:31 +0800] "GET /xingrg/javascript/easyui/themes/default/validatebox.css HTTP/1.1" 404 1104
120.253.135.82 - - [16/Jun/2023:09:10:32 +0800] "POST /xingrg/kc/buy/cgsh_order_operate.html HTTP/1.1" 200 1208
180.169.147.146 - - [16/Jun/2023:09:10:32 +0800] "GET /xingrg/kc/cost/crk_report.html HTTP/1.1" 200 22627
180.169.147.146 - - [16/Jun/2023:09:10:32 +0800] "GET /xingrg/javascript/step/step.css HTTP/1.1" 200 999
180.169.147.146 - - [16/Jun/2023:09:10:32 +0800] "POST /xingrg/kc/cost/cost_operate.html?command=get_base_tree HTTP/1.1" 200 2722
180.169.147.146 - - [16/Jun/2023:09:10:32 +0800] "POST /xingrg/all/common/load_tree.html?tree=materiel_sort_tree_json HTTP/1.1" 200 9500
180.169.147.146 - - [16/Jun/2023:09:10:32 +0800] "POST /xingrg/kc/cost/cost_operate.html HTTP/1.1" 200 37
222.70.180.90 - - [16/Jun/2023:09:10:34 +0800] "GET /xingrg/all/function/internal_message.html?_=1686877830737&CODE_STATE=getMsg HTTP/1.1" 200 27
120.253.135.82 - - [16/Jun/2023:09:10:36 +0800] "POST /xingrg/kc/buy/cgsh_list_operate.html HTTP/1.1" 200 986
222.70.114.12 - - [16/Jun/2023:09:10:38 +0800] "POST /xingrg/load_menu.html HTTP/1.1" 200 10483
180.163.28.180 - - [16/Jun/2023:09:10:38 +0800] "GET /xingrg/all/function/internal_message.html?_=1686877778653&CODE_STATE=getMsg HTTP/1.1" 302 -
180.163.28.180 - - [16/Jun/2023:09:10:38 +0800] "GET /xingrg/login.html HTTP/1.1" 200 7641
180.169.147.146 - - [16/Jun/2023:09:10:38 +0800] "GET /xingrg/check_reg.html?_=1686877838653 HTTP/1.1" 200 22
180.169.147.146 - - [16/Jun/2023:09:10:38 +0800] "GET /xingrg/all/function/internal_message.html?_=1686877838655&CODE_STATE=getMsg HTTP/1.1" 200 27
116.238.191.126 - - [16/Jun/2023:09:10:39 +0800] "GET /xingrg/all/function/internal_message.html?_=1686877773113&CODE_STATE=getMsg HTTP/1.1" 200 27
222.70.114.12 - - [16/Jun/2023:09:10:39 +0800] "GET /xingrg/all/report/report_query.html?fileName=dma/new_5.0/yingye/yy_hz.xml&rw=1600 HTTP/1.1" 200 56155
222.70.114.12 - - [16/Jun/2023:09:10:39 +0800] "GET /xingrg/dwr/interface/AjaxReportQueryService.js HTTP/1.1" 200 13203
222.70.114.12 - - [16/Jun/2023:09:10:39 +0800] "GET /xingrg/dwr/engine.js HTTP/1.1" 200 43631
222.70.114.12 - - [16/Jun/2023:09:10:39 +0800] "POST /xingrg/dwr/call/plaincall/AjaxReportQueryService.getFixDate.dwr HTTP/1.1" 200 111
120.253.135.82 - - [16/Jun/2023:09:10:40 +0800] "GET /xingrg/kc/pszx/mdqp_order_list.html?state=10 HTTP/1.1" 200 10275
120.253.135.82 - - [16/Jun/2023:09:10:40 +0800] "GET /xingrg/dwr/interface/AjaxQqpsService.js HTTP/1.1" 200 16326
120.253.135.82 - - [16/Jun/2023:09:10:40 +0800] "GET /xingrg/dwr/engine.js HTTP/1.1" 200 43631
120.253.135.82 - - [16/Jun/2023:09:10:40 +0800] "GET /xingrg/dwr/interface/AjaxReportQueryService.js HTTP/1.1" 200 13203
222.70.114.12 - - [16/Jun/2023:09:10:40 +0800] "POST /xingrg/all/common/load_tree.html?tree=area_station_tree_json&manage=1 HTTP/1.1" 200 2036
180.169.147.146 - - [16/Jun/2023:09:10:42 +0800] "GET /xingrg/all/report/report_query.html?isQuery=1&onlyBody=1&rh=99999&varString=cost_id:4373,rk_cost:cgsh_rk_money-cgth_ck_money$add$pssh_rk_money-psth_ck_money$add$yddb_rk_money$add$qt_rk_money$add$wldb_rk_money$add$check_rk_money,ck_cost:cgsh_rk_money-cgth_ck_money$add$pssh_rk_money-psth_ck_money$add$yddb_rk_money$add$qt_rk_money$add$wldb_rk_money$add$check_rk_money,rk_nums:cgsh_rk_number-cgth_ck_number$add$pssh_rk_number-psth_ck_number$add$yddb_rk_number$add$qt_rk_number$add$wldb_rk_number$add$check_rk_number,ck_nums:cgsh_rk_number-cgth_ck_number$add$pssh_rk_number-psth_ck_number$add$yddb_rk_number$add$qt_rk_number$add$wldb_rk_number$add$check_rk_number&fileName=kc/cost/crk_define_by_base.xml&queryString=%20a.base_code%20in%20('0010781')%20&queryText=Ô·ݣº2023Äê5ÔÂ%20²Ö¿â£ºÑ౫³á¿â&tableQueryString=materiel_table$sp1$$sp$before_table$sp1$$sp$crk_table$sp1$order_day%20between%2020230522%20and%2020230531 HTTP/1.1" 200 49093
180.169.147.146 - - [16/Jun/2023:09:10:42 +0800] "GET /xingrg/dwr/interface/AjaxReportQueryService.js HTTP/1.1" 200 13203
180.169.147.146 - - [16/Jun/2023:09:10:42 +0800] "GET /xingrg/dwr/engine.js HTTP/1.1" 200 43631
180.169.147.146 - - [16/Jun/2023:09:10:42 +0800] "GET /xingrg/dwr/util.js HTTP/1.1" 304 -
222.70.114.12 - - [16/Jun/2023:09:10:42 +0800] "POST /xingrg/dwr/call/plaincall/AjaxReportQueryService.getFixDate.dwr HTTP/1.1" 200 111
180.164.3.199 - - [16/Jun/2023:09:10:43 +0800] "GET /xingrg/all/function/internal_message.html?_=1686877842019&CODE_STATE=getMsg HTTP/1.1" 200 27
124.79.244.240 - - [16/Jun/2023:09:10:43 +0800] "GET /xingrg/all/function/internal_message.html?_=1686877846584&CODE_STATE=getMsg HTTP/1.1" 302 -
124.79.244.240 - - [16/Jun/2023:09:10:43 +0800] "GET /xingrg/login.html HTTP/1.1" 200 7641
222.70.180.90 - - [16/Jun/2023:09:10:45 +0800] "POST /xingrg/kc/buy/cgsh_order_operate.html HTTP/1.1" 200 37
180.169.147.146 - - [16/Jun/2023:09:10:45 +0800] "POST /xingrg/all/report/load_report_page.html HTTP/1.1" 200 19832
180.169.147.146 - - [16/Jun/2023:09:10:45 +0800] "GET /xingrg/servlets/image?cache=0.7396347305911072&image=px HTTP/1.1" 200 807
120.253.135.82 - - [16/Jun/2023:09:10:45 +0800] "GET /xingrg/kc/pszx/mdqp_order_list.html?state=10 HTTP/1.1" 200 10275
120.253.135.82 - - [16/Jun/2023:09:10:45 +0800] "GET /xingrg/dwr/interface/AjaxReportQueryService.js HTTP/1.1" 200 13203
120.253.135.82 - - [16/Jun/2023:09:10:45 +0800] "GET /xingrg/dwr/interface/AjaxQqpsService.js HTTP/1.1" 200 16326
120.253.135.82 - - [16/Jun/2023:09:10:45 +0800] "GET /xingrg/dwr/engine.js HTTP/1.1" 200 43631
222.70.114.12 - - [16/Jun/2023:09:10:45 +0800] "POST /xingrg/dwr/call/plaincall/AjaxReportQueryService.getFixDate.dwr HTTP/1.1" 200 111
114.83.219.241 - - [16/Jun/2023:09:10:46 +0800] "GET /xingrg/kc/buy/cgsh_order_operate.html?command=get_materiel&rest_code=00149&code=00101008060&supplier_code=00100008&order_time=2023-06-16 HTTP/1.1" 200 416
120.253.135.82 - - [16/Jun/2023:09:10:46 +0800] "GET /xingrg/all/function/internal_message.html?_=1686877681426&CODE_STATE=getMsg HTTP/1.1" 200 27
222.70.180.90 - - [16/Jun/2023:09:10:47 +0800] "POST /xingrg/kc/buy/cgsh_order_operate.html HTTP/1.1" 200 4433
222.70.114.12 - - [16/Jun/2023:09:10:47 +0800] "POST /xingrg/dwr/call/plaincall/AjaxReportQueryService.refreshCache.dwr HTTP/1.1" 200 78
222.70.114.12 - - [16/Jun/2023:09:10:48 +0800] "POST /xingrg/all/report/load_report_page.html HTTP/1.1" 200 145464
222.70.114.12 - - [16/Jun/2023:09:10:48 +0800] "GET /xingrg/servlets/image?cache=0.7878748919295748&image=px HTTP/1.1" 200 807
120.253.135.82 - - [16/Jun/2023:09:10:49 +0800] "GET /xingrg/kc/buy/cgsh_order_list.html HTTP/1.1" 200 55854
222.70.180.90 - - [16/Jun/2023:09:10:49 +0800] "GET /xingrg/kc/print/load_data.html?order_code=212023061605571&kc_code=cgsh&condition= HTTP/1.1" 200 1340
120.253.135.82 - - [16/Jun/2023:09:10:51 +0800] "POST /xingrg/kc/buy/cgsh_list_operate.html HTTP/1.1" 200 986
114.83.219.241 - - [16/Jun/2023:09:10:51 +0800] "GET /xingrg/all/function/internal_message.html?_=1686877848371&CODE_STATE=getMsg HTTP/1.1" 200 27
114.83.219.241 - - [16/Jun/2023:09:10:51 +0800] "GET /xingrg/check_reg.html?_=1686877848377 HTTP/1.1" 200 22
120.253.135.82 - - [16/Jun/2023:09:10:54 +0800] "GET /xingrg/kc/pszx/mdqp_order_list.html?state=10 HTTP/1.1" 200 10275
120.253.135.82 - - [16/Jun/2023:09:10:54 +0800] "GET /xingrg/dwr/interface/AjaxReportQueryService.js HTTP/1.1" 200 13203
120.253.135.82 - - [16/Jun/2023:09:10:54 +0800] "GET /xingrg/dwr/interface/AjaxQqpsService.js HTTP/1.1" 200 16326
120.253.135.82 - - [16/Jun/2023:09:10:54 +0800] "GET /xingrg/dwr/engine.js HTTP/1.1" 200 43631
114.83.219.241 - - [16/Jun/2023:09:11:03 +0800] "GET /xingrg/kc/buy/cgsh_order_operate.html?command=get_materiel&rest_code=00149&code=00101008738&supplier_code=00100008&order_time=2023-06-16 HTTP/1.1" 200 399
222.70.180.90 - - [16/Jun/2023:09:11:04 +0800] "GET /xingrg/kc/buy/buy_main.html HTTP/1.1" 200 12412
222.70.180.90 - - [16/Jun/2023:09:11:04 +0800] "GET /xingrg/css/new_ie.css HTTP/1.1" 404 1036
222.70.180.90 - - [16/Jun/2023:09:11:05 +0800] "GET /xingrg/images/yd/bt.gif HTTP/1.1" 404 1040
222.70.180.90 - - [16/Jun/2023:09:11:06 +0800] "GET /xingrg/kc/buy/cgsh_order_list.html HTTP/1.1" 200 55854
114.85.113.108 - - [16/Jun/2023:09:11:07 +0800] "GET /xingrg/all/function/internal_message.html?_=1686877866186&CODE_STATE=getMsg HTTP/1.1" 200 27
116.232.195.127 - - [16/Jun/2023:09:11:08 +0800] "GET /xingrg/all/function/internal_message.html?_=1686877879211&CODE_STATE=getMsg HTTP/1.1" 200 27
116.230.113.48 - - [16/Jun/2023:09:11:09 +0800] "GET /xingrg/check_reg.html?_=1686877882730 HTTP/1.1" 200 22
222.70.180.90 - - [16/Jun/2023:09:11:09 +0800] "POST /xingrg/kc/buy/cgsh_list_operate.html HTTP/1.1" 200 3130
116.230.113.48 - - [16/Jun/2023:09:11:10 +0800] "GET /xingrg/all/function/internal_message.html?_=1686877883536&CODE_STATE=getMsg HTTP/1.1" 200 27
180.156.206.188 - - [16/Jun/2023:09:11:12 +0800] "GET /xingrg/all/function/internal_message.html?_=1686877872648&CODE_STATE=getMsg HTTP/1.1" 200 27
222.70.114.12 - - [16/Jun/2023:09:11:12 +0800] "POST /xingrg/dwr/call/plaincall/AjaxReportQueryService.getFixDate.dwr HTTP/1.1" 200 111
222.70.180.90 - - [16/Jun/2023:09:11:13 +0800] "POST /xingrg/kc/buy/cgsh_list_operate.html HTTP/1.1" 200 572
58.40.7.146 - - [16/Jun/2023:09:11:13 +0800] "GET /xingrg/all/function/internal_message.html?_=1686877873462&CODE_STATE=getMsg HTTP/1.1" 200 27
58.40.7.146 - - [16/Jun/2023:09:11:13 +0800] "GET /xingrg/check_reg.html?_=1686877873463 HTTP/1.1" 200 22
222.70.114.12 - - [16/Jun/2023:09:11:13 +0800] "POST /xingrg/dwr/call/plaincall/AjaxReportQueryService.refreshCache.dwr HTTP/1.1" 200 78
222.70.114.12 - - [16/Jun/2023:09:11:15 +0800] "POST /xingrg/all/report/load_report_page.html HTTP/1.1" 200 145693
222.70.114.12 - - [16/Jun/2023:09:11:15 +0800] "GET /xingrg/servlets/image?cache=0.7011289474687028&image=px HTTP/1.1" 200 807
222.70.180.90 - - [16/Jun/2023:09:11:15 +0800] "GET /xingrg/kc/buy/cgsh_order_info.html?code=212023061605569 HTTP/1.1" 200 71601
101.83.145.52 - - [16/Jun/2023:09:11:15 +0800] "GET /xingrg/check_reg.html?_=1686877700447 HTTP/1.1" 200 22
114.83.219.241 - - [16/Jun/2023:09:11:15 +0800] "GET /xingrg/kc/buy/cgsh_order_operate.html?command=get_materiel&rest_code=00149&code=00101008589&supplier_code=00100008&order_time=2023-06-16 HTTP/1.1" 200 409
222.70.180.90 - - [16/Jun/2023:09:11:15 +0800] "GET /xingrg/javascript/easyui/themes/default/validatebox.css HTTP/1.1" 404 1104
101.83.145.52 - - [16/Jun/2023:09:11:16 +0800] "GET /xingrg/all/function/internal_message.html?_=1686877700736&CODE_STATE=getMsg HTTP/1.1" 200 27
222.70.180.90 - - [16/Jun/2023:09:11:16 +0800] "POST /xingrg/kc/buy/cgsh_order_operate.html HTTP/1.1" 200 40012
116.238.191.126 - - [16/Jun/2023:09:11:21 +0800] "GET /xingrg/all/function/internal_message.html?_=1686877881291&CODE_STATE=getMsg HTTP/1.1" 200 27
222.70.114.12 - - [16/Jun/2023:09:11:23 +0800] "GET /xingrg/all/function/internal_message.html?_=1686877891311&CODE_STATE=getMsg HTTP/1.1" 200 27
114.83.219.241 - - [16/Jun/2023:09:11:26 +0800] "GET /xingrg/kc/buy/cgsh_order_operate.html?command=get_materiel&rest_code=00149&code=00101008706&supplier_code=00100008&order_time=2023-06-16 HTTP/1.1" 200 413
114.83.219.47 - - [16/Jun/2023:09:11:29 +0800] "GET /xingrg/all/function/internal_message.html?_=1686877995305&CODE_STATE=getMsg HTTP/1.1" 200 27
114.83.219.241 - - [16/Jun/2023:09:11:29 +0800] "POST /xingrg/kc/buy/cgsh_order_operate.html HTTP/1.1" 200 2065
180.163.28.143 - - [16/Jun/2023:09:11:32 +0800] "GET /xingrg/kc/cost/crk_report.html HTTP/1.1" 302 -
180.163.28.143 - - [16/Jun/2023:09:11:32 +0800] "GET /xingrg/login.html HTTP/1.1" 200 7641
222.70.180.90 - - [16/Jun/2023:09:11:34 +0800] "GET /xingrg/all/function/internal_message.html?_=1686877890725&CODE_STATE=getMsg HTTP/1.1" 200 27
114.83.219.241 - - [16/Jun/2023:09:11:36 +0800] "GET /xingrg/kc/buy/cgsh_order_operate.html?command=get_materiel&rest_code=00149&code=00101012026&supplier_code=00100008&order_time=2023-06-16 HTTP/1.1" 200 408
180.169.147.146 - - [16/Jun/2023:09:11:38 +0800] "GET /xingrg/all/function/internal_message.html?_=1686877898671&CODE_STATE=getMsg HTTP/1.1" 200 27
116.238.191.126 - - [16/Jun/2023:09:11:39 +0800] "GET /xingrg/all/function/internal_message.html?_=1686877833177&CODE_STATE=getMsg HTTP/1.1" 200 27
180.163.29.206 - - [16/Jun/2023:09:11:42 +0800] "GET /xingrg/all/report/report_query.html?isQuery=1&onlyBody=1&rh=99999&varString=cost_id:4373,rk_cost:cgsh_rk_money-cgth_ck_money$add$pssh_rk_money-psth_ck_money$add$yddb_rk_money$add$qt_rk_money$add$wldb_rk_money$add$check_rk_money,ck_cost:cgsh_rk_money-cgth_ck_money$add$pssh_rk_money-psth_ck_money$add$yddb_rk_money$add$qt_rk_money$add$wldb_rk_money$add$check_rk_money,rk_nums:cgsh_rk_number-cgth_ck_number$add$pssh_rk_number-psth_ck_number$add$yddb_rk_number$add$qt_rk_number$add$wldb_rk_number$add$check_rk_number,ck_nums:cgsh_rk_number-cgth_ck_number$add$pssh_rk_number-psth_ck_number$add$yddb_rk_number$add$qt_rk_number$add$wldb_rk_number$add$check_rk_number&fileName=kc/cost/crk_define_by_base.xml&queryString=a.base_codein('0010781')&queryText=Ô·ݣº2023Äê5Ô²ֿ⣺Ñ౫³á¿â&tableQueryString=materiel_table$sp1$$sp$before_table$sp1$$sp$crk_table$sp1$order_daybetween20230522and20230531 HTTP/1.1" 302 -
180.163.29.206 - - [16/Jun/2023:09:11:42 +0800] "GET /xingrg/login.html HTTP/1.1" 200 7641
180.164.3.199 - - [16/Jun/2023:09:11:43 +0800] "GET /xingrg/all/function/internal_message.html?_=1686877902034&CODE_STATE=getMsg HTTP/1.1" 200 27
124.79.244.240 - - [16/Jun/2023:09:11:43 +0800] "GET /xingrg/all/function/internal_message.html?_=1686877906587&CODE_STATE=getMsg HTTP/1.1" 302 -
124.79.244.240 - - [16/Jun/2023:09:11:43 +0800] "GET /xingrg/login.html HTTP/1.1" 200 7641
120.253.135.82 - - [16/Jun/2023:09:11:46 +0800] "GET /xingrg/all/function/internal_message.html?_=1686877741651&CODE_STATE=getMsg HTTP/1.1" 200 27
114.83.219.241 - - [16/Jun/2023:09:11:51 +0800] "GET /xingrg/all/function/internal_message.html?_=1686877908373&CODE_STATE=getMsg HTTP/1.1" 200 27
114.83.219.241 - - [16/Jun/2023:09:11:52 +0800] "GET /xingrg/kc/buy/cgsh_order_operate.html?command=get_materiel&rest_code=00149&code=00101008167&supplier_code=00100008&order_time=2023-06-16 HTTP/1.1" 200 413
116.232.32.89 - - [16/Jun/2023:09:11:56 +0800] "POST /xingrg/services/DataTransmitService HTTP/1.1" 200 524
116.238.191.126 - - [16/Jun/2023:09:11:56 +0800] "POST /xingrg/services/DataTransmitService HTTP/1.1" 200 524
114.85.113.108 - - [16/Jun/2023:09:12:07 +0800] "GET /xingrg/all/function/internal_message.html?_=1686877926191&CODE_STATE=getMsg HTTP/1.1" 200 27
116.232.195.127 - - [16/Jun/2023:09:12:08 +0800] "GET /xingrg/all/function/internal_message.html?_=1686877939198&CODE_STATE=getMsg HTTP/1.1" 200 27
116.230.113.48 - - [16/Jun/2023:09:12:10 +0800] "GET /xingrg/all/function/internal_message.html?_=1686877943550&CODE_STATE=getMsg HTTP/1.1" 200 27
180.156.206.188 - - [16/Jun/2023:09:12:12 +0800] "GET /xingrg/check_reg.html?_=1686877932638 HTTP/1.1" 200 22
180.156.206.188 - - [16/Jun/2023:09:12:12 +0800] "GET /xingrg/all/function/internal_message.html?_=1686877932640&CODE_STATE=getMsg HTTP/1.1" 200 27
58.40.7.146 - - [16/Jun/2023:09:12:13 +0800] "GET /xingrg/all/function/internal_message.html?_=1686877933465&CODE_STATE=getMsg HTTP/1.1" 200 27
101.83.145.52 - - [16/Jun/2023:09:12:16 +0800] "GET /xingrg/all/function/internal_message.html?_=1686877760723&CODE_STATE=getMsg HTTP/1.1" 200 27
116.238.191.126 - - [16/Jun/2023:09:12:21 +0800] "GET /xingrg/all/function/internal_message.html?_=1686877941298&CODE_STATE=getMsg HTTP/1.1" 200 27
222.70.114.12 - - [16/Jun/2023:09:12:23 +0800] "GET /xingrg/all/function/internal_message.html?_=1686877951314&CODE_STATE=getMsg HTTP/1.1" 200 27
114.83.219.47 - - [16/Jun/2023:09:12:29 +0800] "GET /xingrg/all/function/internal_message.html?_=1686878055317&CODE_STATE=getMsg HTTP/1.1" 200 27
222.70.180.90 - - [16/Jun/2023:09:12:34 +0800] "GET /xingrg/all/function/internal_message.html?_=1686877950716&CODE_STATE=getMsg HTTP/1.1" 200 27
114.83.219.47 - - [16/Jun/2023:09:12:35 +0800] "GET /xingrg/login.html HTTP/1.1" 200 7641
114.83.219.47 - - [16/Jun/2023:09:12:36 +0800] "GET /favicon.ico HTTP/1.1" 404 -
180.169.147.146 - - [16/Jun/2023:09:12:38 +0800] "GET /xingrg/all/function/internal_message.html?_=1686877958666&CODE_STATE=getMsg HTTP/1.1" 200 27
116.238.191.126 - - [16/Jun/2023:09:12:39 +0800] "GET /xingrg/all/function/internal_message.html?_=1686877893186&CODE_STATE=getMsg HTTP/1.1" 200 27
180.164.3.199 - - [16/Jun/2023:09:12:43 +0800] "GET /xingrg/check_reg.html?_=1686877962025 HTTP/1.1" 200 22
180.164.3.199 - - [16/Jun/2023:09:12:43 +0800] "GET /xingrg/all/function/internal_message.html?_=1686877962027&CODE_STATE=getMsg HTTP/1.1" 200 27
120.253.135.82 - - [16/Jun/2023:09:12:47 +0800] "GET /xingrg/all/function/internal_message.html?_=1686877801657&CODE_STATE=getMsg HTTP/1.1" 200 27
114.83.219.241 - - [16/Jun/2023:09:12:51 +0800] "GET /xingrg/all/function/internal_message.html?_=1686877968387&CODE_STATE=getMsg HTTP/1.1" 200 27
114.83.219.241 - - [16/Jun/2023:09:12:59 +0800] "POST /xingrg/kc/buy/cgsh_order_operate.html HTTP/1.1" 200 37
114.85.113.108 - - [16/Jun/2023:09:13:01 +0800] "GET /xingrg/check_reg.html?_=1686877980629 HTTP/1.1" 200 22
114.85.113.108 - - [16/Jun/2023:09:13:07 +0800] "GET /xingrg/all/function/internal_message.html?_=1686877986191&CODE_STATE=getMsg HTTP/1.1" 200 27
116.232.195.127 - - [16/Jun/2023:09:13:08 +0800] "GET /xingrg/all/function/internal_message.html?_=1686877999210&CODE_STATE=getMsg HTTP/1.1" 200 27
116.230.113.48 - - [16/Jun/2023:09:13:10 +0800] "GET /xingrg/all/function/internal_message.html?_=1686878003564&CODE_STATE=getMsg HTTP/1.1" 200 27
114.83.219.241 - - [16/Jun/2023:09:13:11 +0800] "POST /xingrg/kc/buy/cgsh_order_operate.html HTTP/1.1" 200 12
180.156.206.188 - - [16/Jun/2023:09:13:12 +0800] "GET /xingrg/all/function/internal_message.html?_=1686877992661&CODE_STATE=getMsg HTTP/1.1" 200 27
