120.253.135.82 - - [16/Jun/2023:08:51:49 +0800] "POST /xingrg/kc/pszx/mdps_list_operate.html HTTP/1.1" 200 5333
222.70.114.12 - - [16/Jun/2023:08:51:51 +0800] "POST /xingrg/kc/base/check_list_operate.html HTTP/1.1" 200 4944
61.170.233.201 - - [16/Jun/2023:08:51:55 +0800] "GET /xingrg/all/function/internal_message.html?_=1686876712355&CODE_STATE=getMsg HTTP/1.1" 200 27
116.238.191.126 - - [16/Jun/2023:08:51:55 +0800] "GET /xingrg/javascript/auto/indicator.gif HTTP/1.1" 404 1066
180.163.29.219 - - [16/Jun/2023:08:51:56 +0800] "GET /xingrg/kc/buy/cgsh_order_operate.html?command=get_materiel&rest_code=00106&code=00101008096&supplier_code=00100007&order_time=2023-06-16 HTTP/1.1" 302 -
180.163.29.219 - - [16/Jun/2023:08:51:56 +0800] "GET /xingrg/login.html HTTP/1.1" 200 7641
61.170.233.201 - - [16/Jun/2023:08:51:58 +0800] "POST /xingrg/kc/buy/cgsh_order_operate.html HTTP/1.1" 200 37
222.70.114.12 - - [16/Jun/2023:08:51:59 +0800] "GET /xingrg/kc/base/check_order_info.html?code=452023052100179 HTTP/1.1" 200 22858
222.70.114.12 - - [16/Jun/2023:08:51:59 +0800] "GET /xingrg/dwr/interface/AjaxComOrderService.js HTTP/1.1" 200 18264
222.70.114.12 - - [16/Jun/2023:08:51:59 +0800] "GET /xingrg/dwr/interface/AjaxCheckService.js HTTP/1.1" 200 14003
222.70.114.12 - - [16/Jun/2023:08:51:59 +0800] "GET /xingrg/dwr/engine.js HTTP/1.1" 200 43631
222.70.114.12 - - [16/Jun/2023:08:51:59 +0800] "POST /xingrg/dwr/call/plaincall/AjaxCheckService.loadOrderItems.dwr HTTP/1.1" 200 7346
222.70.114.12 - - [16/Jun/2023:08:52:01 +0800] "GET /xingrg/kc/print/load_config.html?_=1686876728767&kc_code=check HTTP/1.1" 200 2488
222.70.114.12 - - [16/Jun/2023:08:52:01 +0800] "GET /xingrg/kc/print/load_data.html?_=1686876728829&order_code=452023052100179&kc_code=check&condition= HTTP/1.1" 200 4366
61.170.233.201 - - [16/Jun/2023:08:52:02 +0800] "POST /xingrg/kc/buy/cgsh_order_operate.html HTTP/1.1" 200 16868
116.238.191.126 - - [16/Jun/2023:08:52:05 +0800] "GET /xingrg/kc/base/wldb_order_operate.html?command=get_materiel&rest_code=00150&base_code=0010446&code=00102001084 HTTP/1.1" 200 432
114.85.113.108 - - [16/Jun/2023:08:52:07 +0800] "GET /xingrg/all/function/internal_message.html?_=1686876726149&CODE_STATE=getMsg HTTP/1.1" 200 27
222.70.114.12 - - [16/Jun/2023:08:52:07 +0800] "GET /xingrg/all/function/internal_message.html?_=1686876734879&CODE_STATE=getMsg HTTP/1.1" 200 27
116.232.195.127 - - [16/Jun/2023:08:52:08 +0800] "GET /xingrg/all/function/internal_message.html?_=1686876739222&CODE_STATE=getMsg HTTP/1.1" 200 27
116.230.113.48 - - [16/Jun/2023:08:52:09 +0800] "GET /xingrg/all/function/internal_message.html?_=1686876743279&CODE_STATE=getMsg HTTP/1.1" 200 27
222.70.114.12 - - [16/Jun/2023:08:52:10 +0800] "GET /xingrg/kc/base/check_order_list.html?isBack=1 HTTP/1.1" 200 16223
222.70.114.12 - - [16/Jun/2023:08:52:10 +0800] "POST /xingrg/kc/base/check_list_operate.html HTTP/1.1" 200 781
61.170.233.201 - - [16/Jun/2023:08:52:11 +0800] "GET /xingrg/kc/buy/cgsh_order_operate.html?command=get_materiel&rest_code=00106&code=00101008350&supplier_code=00100007&order_time=2023-06-16 HTTP/1.1" 200 408
116.238.191.126 - - [16/Jun/2023:08:52:11 +0800] "POST /xingrg/kc/base/wldb_order_operate.html HTTP/1.1" 200 37
180.156.206.188 - - [16/Jun/2023:08:52:12 +0800] "GET /xingrg/check_reg.html?_=1686876732651 HTTP/1.1" 200 22
180.156.206.188 - - [16/Jun/2023:08:52:12 +0800] "GET /xingrg/all/function/internal_message.html?_=1686876732653&CODE_STATE=getMsg HTTP/1.1" 200 27
58.40.7.146 - - [16/Jun/2023:08:52:13 +0800] "GET /xingrg/all/function/internal_message.html?_=1686876733467&CODE_STATE=getMsg HTTP/1.1" 200 27
101.83.145.52 - - [16/Jun/2023:08:52:15 +0800] "GET /xingrg/all/function/internal_message.html?_=1686876560412&CODE_STATE=getMsg HTTP/1.1" 200 27
222.70.114.12 - - [16/Jun/2023:08:52:16 +0800] "POST /xingrg/kc/base/check_list_operate.html HTTP/1.1" 200 4944
116.238.191.126 - - [16/Jun/2023:08:52:16 +0800] "POST /xingrg/kc/base/wldb_order_operate.html HTTP/1.1" 200 12
116.238.191.126 - - [16/Jun/2023:08:52:16 +0800] "POST /xingrg/kc/base/wldb_order_operate.html HTTP/1.1" 200 2179
116.238.191.126 - - [16/Jun/2023:08:52:18 +0800] "GET /xingrg/kc/base/wldb_order_info.html?code=422023061601215 HTTP/1.1" 200 26263
116.238.191.126 - - [16/Jun/2023:08:52:18 +0800] "GET /xingrg/javascript/easyui/themes/default/validatebox.css HTTP/1.1" 404 1104
222.70.114.12 - - [16/Jun/2023:08:52:18 +0800] "GET /xingrg/kc/base/check_order_info.html?code=452023052100181 HTTP/1.1" 200 22854
222.70.114.12 - - [16/Jun/2023:08:52:18 +0800] "GET /xingrg/dwr/interface/AjaxComOrderService.js HTTP/1.1" 200 18264
222.70.114.12 - - [16/Jun/2023:08:52:18 +0800] "GET /xingrg/dwr/interface/AjaxCheckService.js HTTP/1.1" 200 14003
222.70.114.12 - - [16/Jun/2023:08:52:18 +0800] "GET /xingrg/dwr/engine.js HTTP/1.1" 200 43631
116.238.191.126 - - [16/Jun/2023:08:52:18 +0800] "POST /xingrg/kc/base/wldb_order_operate.html HTTP/1.1" 200 473
222.70.114.12 - - [16/Jun/2023:08:52:19 +0800] "POST /xingrg/dwr/call/plaincall/AjaxCheckService.loadOrderItems.dwr HTTP/1.1" 200 44557
222.70.114.12 - - [16/Jun/2023:08:52:21 +0800] "GET /xingrg/kc/print/load_config.html?_=1686876748971&kc_code=check HTTP/1.1" 200 2488
222.70.114.12 - - [16/Jun/2023:08:52:21 +0800] "GET /xingrg/kc/print/load_data.html?_=1686876749052&order_code=452023052100181&kc_code=check&condition= HTTP/1.1" 200 25904
222.70.114.12 - - [16/Jun/2023:08:52:28 +0800] "GET /xingrg/kc/print/load_config.html?_=1686876756034&kc_code=check HTTP/1.1" 200 2488
222.70.114.12 - - [16/Jun/2023:08:52:28 +0800] "GET /xingrg/kc/print/load_data.html?_=1686876756112&order_code=452023052100181&kc_code=check&condition= HTTP/1.1" 200 25904
61.170.233.201 - - [16/Jun/2023:08:52:30 +0800] "GET /xingrg/kc/buy/cgsh_order_operate.html?command=get_materiel&rest_code=00106&code=00101008229&supplier_code=00100007&order_time=2023-06-16 HTTP/1.1" 200 420
222.70.180.90 - - [16/Jun/2023:08:52:34 +0800] "GET /xingrg/all/function/internal_message.html?_=1686876751064&CODE_STATE=getMsg HTTP/1.1" 200 27
120.253.135.82 - - [16/Jun/2023:08:52:36 +0800] "POST /xingrg/kc/pszx/mdps_list_operate.html HTTP/1.1" 200 2066
222.70.114.12 - - [16/Jun/2023:08:52:36 +0800] "GET /xingrg/kc/base/check_order_list.html?isBack=1 HTTP/1.1" 200 16223
222.70.114.12 - - [16/Jun/2023:08:52:37 +0800] "POST /xingrg/kc/base/check_list_operate.html HTTP/1.1" 200 781
116.238.191.126 - - [16/Jun/2023:08:52:38 +0800] "GET /xingrg/all/function/internal_message.html?_=1686876692712&CODE_STATE=getMsg HTTP/1.1" 200 27
116.238.191.126 - - [16/Jun/2023:08:52:39 +0800] "GET /xingrg/all/function/internal_message.html?_=1686876759283&CODE_STATE=getMsg HTTP/1.1" 200 27
222.70.114.12 - - [16/Jun/2023:08:52:41 +0800] "POST /xingrg/kc/base/check_list_operate.html HTTP/1.1" 200 4944
120.253.135.82 - - [16/Jun/2023:08:52:41 +0800] "POST /xingrg/kc/pszx/mdps_list_operate.html HTTP/1.1" 200 614
120.253.135.82 - - [16/Jun/2023:08:52:43 +0800] "GET /xingrg/kc/pszx/mdps_order_info.html?code=312023061500275 HTTP/1.1" 200 23978
124.79.244.240 - - [16/Jun/2023:08:52:43 +0800] "GET /xingrg/all/function/internal_message.html?_=1686876766544&CODE_STATE=getMsg HTTP/1.1" 302 -
124.79.244.240 - - [16/Jun/2023:08:52:43 +0800] "GET /xingrg/check_reg.html?_=1686876766547 HTTP/1.1" 302 -
124.79.244.240 - - [16/Jun/2023:08:52:43 +0800] "GET /xingrg/login.html HTTP/1.1" 200 7641
124.79.244.240 - - [16/Jun/2023:08:52:43 +0800] "GET /xingrg/login.html HTTP/1.1" 200 7641
120.253.135.82 - - [16/Jun/2023:08:52:43 +0800] "GET /xingrg/javascript/easyui/themes/default/validatebox.css HTTP/1.1" 404 1104
120.253.135.82 - - [16/Jun/2023:08:52:44 +0800] "POST /xingrg/kc/pszx/mdps_order_operate.html HTTP/1.1" 200 4797
222.70.114.12 - - [16/Jun/2023:08:52:44 +0800] "GET /xingrg/kc/base/check_order_info.html?code=452023052100183 HTTP/1.1" 200 22854
222.70.114.12 - - [16/Jun/2023:08:52:44 +0800] "GET /xingrg/dwr/interface/AjaxComOrderService.js HTTP/1.1" 200 18264
222.70.114.12 - - [16/Jun/2023:08:52:44 +0800] "GET /xingrg/dwr/interface/AjaxCheckService.js HTTP/1.1" 200 14003
222.70.114.12 - - [16/Jun/2023:08:52:44 +0800] "GET /xingrg/dwr/engine.js HTTP/1.1" 200 43631
222.70.180.90 - - [16/Jun/2023:08:52:44 +0800] "GET /xingrg/kc/buy/cgsh_order_add.html HTTP/1.1" 200 71592
222.70.114.12 - - [16/Jun/2023:08:52:45 +0800] "POST /xingrg/dwr/call/plaincall/AjaxCheckService.loadOrderItems.dwr HTTP/1.1" 200 12194
222.70.180.90 - - [16/Jun/2023:08:52:45 +0800] "POST /xingrg/kc/buy/cgsh_order_operate.html HTTP/1.1" 200 8245
222.70.180.90 - - [16/Jun/2023:08:52:45 +0800] "GET /xingrg/javascript/easyui/themes/default/validatebox.css HTTP/1.1" 404 1104
120.253.135.82 - - [16/Jun/2023:08:52:45 +0800] "GET /xingrg/all/function/internal_message.html?_=1686876599996&CODE_STATE=getMsg HTTP/1.1" 200 27
222.70.114.12 - - [16/Jun/2023:08:52:46 +0800] "GET /xingrg/kc/print/load_config.html?_=1686876774483&kc_code=check HTTP/1.1" 200 2488
222.70.114.12 - - [16/Jun/2023:08:52:47 +0800] "GET /xingrg/kc/print/load_data.html?_=1686876774556&order_code=452023052100183&kc_code=check&condition= HTTP/1.1" 200 7171
120.253.135.82 - - [16/Jun/2023:08:52:49 +0800] "POST /xingrg/kc/pszx/mdps_order_operate.html HTTP/1.1" 200 37
120.253.135.82 - - [16/Jun/2023:08:52:53 +0800] "POST /xingrg/kc/pszx/mdps_order_operate.html HTTP/1.1" 200 12
222.70.114.12 - - [16/Jun/2023:08:52:53 +0800] "GET /xingrg/kc/base/check_order_list.html?isBack=1 HTTP/1.1" 200 16223
222.70.114.12 - - [16/Jun/2023:08:52:53 +0800] "POST /xingrg/kc/base/check_list_operate.html HTTP/1.1" 200 781
180.163.29.234 - - [16/Jun/2023:08:52:55 +0800] "GET /xingrg/all/function/internal_message.html?_=1686876712355&CODE_STATE=getMsg HTTP/1.1" 302 -
180.163.29.234 - - [16/Jun/2023:08:52:55 +0800] "GET /xingrg/login.html HTTP/1.1" 200 7641
61.170.233.201 - - [16/Jun/2023:08:52:55 +0800] "GET /xingrg/all/function/internal_message.html?_=1686876772327&CODE_STATE=getMsg HTTP/1.1" 200 27
222.70.114.12 - - [16/Jun/2023:08:52:57 +0800] "POST /xingrg/kc/base/check_list_operate.html HTTP/1.1" 200 5439
222.70.180.90 - - [16/Jun/2023:08:53:00 +0800] "GET /xingrg/kc/buy/cgsh_order_operate.html?command=get_materiel&rest_code=00111&code=00101014140&supplier_code=00100571&order_time=2023-06-16 HTTP/1.1" 200 412
114.85.113.108 - - [16/Jun/2023:08:53:01 +0800] "GET /xingrg/check_reg.html?_=1686876780695 HTTP/1.1" 200 22
120.253.135.82 - - [16/Jun/2023:08:53:03 +0800] "GET /xingrg/kc/pszx/mdps_order_info.html?code=312023061500275 HTTP/1.1" 200 19638
120.253.135.82 - - [16/Jun/2023:08:53:04 +0800] "GET /xingrg/javascript/easyui/themes/default/validatebox.css HTTP/1.1" 404 1104
120.253.135.82 - - [16/Jun/2023:08:53:04 +0800] "POST /xingrg/kc/pszx/mdps_order_operate.html HTTP/1.1" 200 2991
222.70.114.12 - - [16/Jun/2023:08:53:06 +0800] "POST /xingrg/kc/base/check_list_operate.html HTTP/1.1" 200 4944
222.70.114.12 - - [16/Jun/2023:08:53:07 +0800] "GET /xingrg/all/function/internal_message.html?_=1686876794866&CODE_STATE=getMsg HTTP/1.1" 200 27
114.85.113.108 - - [16/Jun/2023:08:53:07 +0800] "GET /xingrg/all/function/internal_message.html?_=1686876786161&CODE_STATE=getMsg HTTP/1.1" 200 27
120.253.135.82 - - [16/Jun/2023:08:53:07 +0800] "POST /xingrg/kc/pszx/mdps_list_operate.html HTTP/1.1" 200 637
180.163.28.143 - - [16/Jun/2023:08:53:08 +0800] "GET /xingrg/kc/buy/cgsh_order_operate.html?command=get_materiel&rest_code=00106&code=00101008350&supplier_code=00100007&order_time=2023-06-16 HTTP/1.1" 302 -
180.163.28.143 - - [16/Jun/2023:08:53:08 +0800] "GET /xingrg/login.html HTTP/1.1" 200 7641
120.253.135.82 - - [16/Jun/2023:08:53:08 +0800] "GET /xingrg/kc/pszx/mdps_order_info.html?code=312023061500274 HTTP/1.1" 200 23978
116.232.195.127 - - [16/Jun/2023:08:53:08 +0800] "GET /xingrg/all/function/internal_message.html?_=1686876799212&CODE_STATE=getMsg HTTP/1.1" 200 27
120.253.135.82 - - [16/Jun/2023:08:53:08 +0800] "GET /xingrg/javascript/easyui/themes/default/validatebox.css HTTP/1.1" 404 1104
120.253.135.82 - - [16/Jun/2023:08:53:09 +0800] "POST /xingrg/kc/pszx/mdps_order_operate.html HTTP/1.1" 200 18128
116.230.113.48 - - [16/Jun/2023:08:53:09 +0800] "GET /xingrg/all/function/internal_message.html?_=1686876803291&CODE_STATE=getMsg HTTP/1.1" 200 27
222.70.114.12 - - [16/Jun/2023:08:53:10 +0800] "GET /xingrg/kc/base/check_order_info.html?code=452023052100182 HTTP/1.1" 200 22854
222.70.114.12 - - [16/Jun/2023:08:53:10 +0800] "GET /xingrg/dwr/interface/AjaxComOrderService.js HTTP/1.1" 200 18264
222.70.114.12 - - [16/Jun/2023:08:53:10 +0800] "GET /xingrg/dwr/interface/AjaxCheckService.js HTTP/1.1" 200 14003
222.70.114.12 - - [16/Jun/2023:08:53:10 +0800] "GET /xingrg/dwr/engine.js HTTP/1.1" 200 43631
222.70.114.12 - - [16/Jun/2023:08:53:10 +0800] "POST /xingrg/dwr/call/plaincall/AjaxCheckService.loadOrderItems.dwr HTTP/1.1" 200 12729
180.156.206.188 - - [16/Jun/2023:08:53:12 +0800] "GET /xingrg/all/function/internal_message.html?_=1686876792651&CODE_STATE=getMsg HTTP/1.1" 200 27
222.70.114.12 - - [16/Jun/2023:08:53:12 +0800] "GET /xingrg/kc/print/load_config.html?_=1686876799722&kc_code=check HTTP/1.1" 200 2488
222.70.114.12 - - [16/Jun/2023:08:53:12 +0800] "GET /xingrg/kc/print/load_data.html?_=1686876799830&order_code=452023052100182&kc_code=check&condition= HTTP/1.1" 200 7485
58.40.7.146 - - [16/Jun/2023:08:53:13 +0800] "GET /xingrg/all/function/internal_message.html?_=1686876793453&CODE_STATE=getMsg HTTP/1.1" 200 27
222.70.180.90 - - [16/Jun/2023:08:53:13 +0800] "POST /xingrg/kc/buy/cgsh_order_operate.html HTTP/1.1" 200 37
101.83.145.52 - - [16/Jun/2023:08:53:15 +0800] "GET /xingrg/all/function/internal_message.html?_=1686876620401&CODE_STATE=getMsg HTTP/1.1" 200 27
222.70.180.90 - - [16/Jun/2023:08:53:15 +0800] "POST /xingrg/kc/buy/cgsh_order_operate.html HTTP/1.1" 200 2661
222.70.180.90 - - [16/Jun/2023:08:53:17 +0800] "GET /xingrg/kc/print/load_data.html?order_code=212023061605565&kc_code=cgsh&condition= HTTP/1.1" 200 676
222.70.114.12 - - [16/Jun/2023:08:53:19 +0800] "GET /xingrg/kc/base/check_order_list.html?isBack=1 HTTP/1.1" 200 16223
222.70.114.12 - - [16/Jun/2023:08:53:19 +0800] "POST /xingrg/kc/base/check_list_operate.html HTTP/1.1" 200 781
120.253.135.82 - - [16/Jun/2023:08:53:21 +0800] "POST /xingrg/kc/pszx/mdps_order_operate.html HTTP/1.1" 200 37
222.70.180.90 - - [16/Jun/2023:08:53:22 +0800] "GET /xingrg/kc/buy/cgsh_order_add.html HTTP/1.1" 200 71592
222.70.180.90 - - [16/Jun/2023:08:53:22 +0800] "POST /xingrg/kc/buy/cgsh_order_operate.html HTTP/1.1" 200 8245
222.70.180.90 - - [16/Jun/2023:08:53:22 +0800] "GET /xingrg/javascript/easyui/themes/default/validatebox.css HTTP/1.1" 404 1104
222.70.114.12 - - [16/Jun/2023:08:53:24 +0800] "POST /xingrg/kc/base/check_list_operate.html HTTP/1.1" 200 4944
120.253.135.82 - - [16/Jun/2023:08:53:27 +0800] "POST /xingrg/kc/pszx/mdps_order_operate.html HTTP/1.1" 200 12
120.253.135.82 - - [16/Jun/2023:08:53:30 +0800] "GET /xingrg/kc/pszx/mdps_order_info.html?code=312023061500274 HTTP/1.1" 200 19638
120.253.135.82 - - [16/Jun/2023:08:53:31 +0800] "GET /xingrg/javascript/easyui/themes/default/validatebox.css HTTP/1.1" 404 1104
120.253.135.82 - - [16/Jun/2023:08:53:32 +0800] "POST /xingrg/kc/pszx/mdps_order_operate.html HTTP/1.1" 200 16215
120.253.135.82 - - [16/Jun/2023:08:53:33 +0800] "POST /xingrg/kc/pszx/mdps_list_operate.html HTTP/1.1" 200 868
222.70.180.90 - - [16/Jun/2023:08:53:34 +0800] "GET /xingrg/all/function/internal_message.html?_=1686876811037&CODE_STATE=getMsg HTTP/1.1" 200 27
222.70.180.90 - - [16/Jun/2023:08:53:34 +0800] "GET /xingrg/kc/buy/cgsh_order_operate.html?command=get_materiel&rest_code=00111&code=00101008361&supplier_code=00100005&order_time=2023-06-16 HTTP/1.1" 200 408
116.238.191.126 - - [16/Jun/2023:08:53:38 +0800] "GET /xingrg/check_reg.html?_=1686876752609 HTTP/1.1" 200 22
116.238.191.126 - - [16/Jun/2023:08:53:38 +0800] "GET /xingrg/all/function/internal_message.html?_=1686876752726&CODE_STATE=getMsg HTTP/1.1" 200 27
116.238.191.126 - - [16/Jun/2023:08:53:39 +0800] "GET /xingrg/all/function/internal_message.html?_=1686876819279&CODE_STATE=getMsg HTTP/1.1" 200 27
222.70.114.12 - - [16/Jun/2023:08:53:43 +0800] "POST /xingrg/kc/base/check_list_operate.html HTTP/1.1" 200 4962
124.79.244.240 - - [16/Jun/2023:08:53:43 +0800] "GET /xingrg/all/function/internal_message.html?_=1686876826546&CODE_STATE=getMsg HTTP/1.1" 302 -
124.79.244.240 - - [16/Jun/2023:08:53:43 +0800] "GET /xingrg/login.html HTTP/1.1" 200 7641
120.253.135.82 - - [16/Jun/2023:08:53:45 +0800] "GET /xingrg/all/function/internal_message.html?_=1686876660208&CODE_STATE=getMsg HTTP/1.1" 200 27
61.170.233.201 - - [16/Jun/2023:08:53:55 +0800] "GET /xingrg/check_reg.html?_=1686876832258 HTTP/1.1" 200 22
61.170.233.201 - - [16/Jun/2023:08:53:55 +0800] "GET /xingrg/all/function/internal_message.html?_=1686876832309&CODE_STATE=getMsg HTTP/1.1" 200 27
222.70.180.90 - - [16/Jun/2023:08:53:56 +0800] "GET /xingrg/kc/buy/cgsh_order_operate.html?command=get_materiel&rest_code=00111&code=00101008087&supplier_code=00100005&order_time=2023-06-16 HTTP/1.1" 200 412
222.70.114.12 - - [16/Jun/2023:08:54:07 +0800] "GET /xingrg/all/function/internal_message.html?_=1686876854839&CODE_STATE=getMsg HTTP/1.1" 200 27
114.85.113.108 - - [16/Jun/2023:08:54:07 +0800] "GET /xingrg/all/function/internal_message.html?_=1686876846162&CODE_STATE=getMsg HTTP/1.1" 200 27
222.70.180.90 - - [16/Jun/2023:08:54:07 +0800] "GET /xingrg/kc/buy/cgsh_order_operate.html?command=get_materiel&rest_code=00111&code=00101008331&supplier_code=00100005&order_time=2023-06-16 HTTP/1.1" 200 416
116.232.195.127 - - [16/Jun/2023:08:54:08 +0800] "GET /xingrg/all/function/internal_message.html?_=1686876859208&CODE_STATE=getMsg HTTP/1.1" 200 27
116.232.195.127 - - [16/Jun/2023:08:54:08 +0800] "GET /xingrg/check_reg.html?_=1686876859213 HTTP/1.1" 200 22
116.230.113.48 - - [16/Jun/2023:08:54:10 +0800] "GET /xingrg/all/function/internal_message.html?_=1686876863308&CODE_STATE=getMsg HTTP/1.1" 200 27
180.156.206.188 - - [16/Jun/2023:08:54:12 +0800] "GET /xingrg/all/function/internal_message.html?_=1686876852653&CODE_STATE=getMsg HTTP/1.1" 200 27
120.253.135.82 - - [16/Jun/2023:08:54:13 +0800] "GET /xingrg/kc/pszx/mdqp_order_list.html?state=10 HTTP/1.1" 200 10275
120.253.135.82 - - [16/Jun/2023:08:54:13 +0800] "GET /xingrg/dwr/interface/AjaxQqpsService.js HTTP/1.1" 200 16326
120.253.135.82 - - [16/Jun/2023:08:54:13 +0800] "GET /xingrg/dwr/engine.js HTTP/1.1" 200 43631
120.253.135.82 - - [16/Jun/2023:08:54:13 +0800] "GET /xingrg/dwr/interface/AjaxReportQueryService.js HTTP/1.1" 200 13203
58.40.7.146 - - [16/Jun/2023:08:54:13 +0800] "GET /xingrg/all/function/internal_message.html?_=1686876853455&CODE_STATE=getMsg HTTP/1.1" 200 27
101.83.145.52 - - [16/Jun/2023:08:54:15 +0800] "GET /xingrg/all/function/internal_message.html?_=1686876680410&CODE_STATE=getMsg HTTP/1.1" 200 27
222.70.180.90 - - [16/Jun/2023:08:54:18 +0800] "GET /xingrg/kc/buy/cgsh_order_operate.html?command=get_materiel&rest_code=00111&code=00101008148&supplier_code=00100005&order_time=2023-06-16 HTTP/1.1" 200 416
222.70.180.90 - - [16/Jun/2023:08:54:19 +0800] "GET /xingrg/check_reg.html?_=1686876855904 HTTP/1.1" 200 22
116.238.191.126 - - [16/Jun/2023:08:54:20 +0800] "POST /xingrg/all/user/operate.html HTTP/1.1" 200 36
116.238.191.126 - - [16/Jun/2023:08:54:20 +0800] "GET /xingrg/index.html?sysBaseUrl=http%3A%2F%2F180.169.147.146%3A18081%2Fxingrg%2F&costTime=895×tamp=1686792691145 HTTP/1.1" 200 17177
116.238.191.126 - - [16/Jun/2023:08:54:21 +0800] "GET /xingrg/javascript/jquery_easy_ui/themes/default/easyui.css HTTP/1.1" 304 -
116.238.191.126 - - [16/Jun/2023:08:54:21 +0800] "GET /xingrg/javascript/jquery_easy_ui/themes/icon.css HTTP/1.1" 304 -
116.238.191.126 - - [16/Jun/2023:08:54:21 +0800] "GET /xingrg/css/form.css HTTP/1.1" 304 -
116.238.191.126 - - [16/Jun/2023:08:54:21 +0800] "GET /xingrg/javascript/jquery-1.4.2.min.js HTTP/1.1" 304 -
116.238.191.126 - - [16/Jun/2023:08:54:21 +0800] "GET /xingrg/javascript/jquery_easy_ui/jquery.easyui.min.js HTTP/1.1" 304 -
116.238.191.126 - - [16/Jun/2023:08:54:21 +0800] "GET /xingrg/javascript/jquery_easy_ui/easyui-lang-zh_CN.js HTTP/1.1" 304 -
116.238.191.126 - - [16/Jun/2023:08:54:21 +0800] "GET /xingrg/javascript/jquery.form.js HTTP/1.1" 304 -
116.238.191.126 - - [16/Jun/2023:08:54:21 +0800] "GET /xingrg/javascript/jquery.utils.js HTTP/1.1" 304 -
116.238.191.126 - - [16/Jun/2023:08:54:21 +0800] "GET /xingrg/javascript/jquery.timers.js HTTP/1.1" 304 -
116.238.191.126 - - [16/Jun/2023:08:54:21 +0800] "GET /xingrg/images/blue/jxLogo.png HTTP/1.1" 304 -
116.238.191.126 - - [16/Jun/2023:08:54:21 +0800] "GET /xingrg/javascript/jquery_easy_ui/themes/icons/settle_new.png HTTP/1.1" 304 -
116.238.191.126 - - [16/Jun/2023:08:54:21 +0800] "GET /xingrg/images/blue/navBackgound.jpg HTTP/1.1" 304 -
116.238.191.126 - - [16/Jun/2023:08:54:21 +0800] "GET /xingrg/all/function/internal_message.html?_=1686876861229&CODE_STATE=count HTTP/1.1" 200 11
116.238.191.126 - - [16/Jun/2023:08:54:21 +0800] "GET /xingrg/check_reg.html?_=1686876861231 HTTP/1.1" 200 22
116.238.191.126 - - [16/Jun/2023:08:54:21 +0800] "GET /xingrg/javascript/jquery_easy_ui/themes/default/images/panel_tool_collapse.gif HTTP/1.1" 304 -
116.238.191.126 - - [16/Jun/2023:08:54:21 +0800] "GET /xingrg/images/blue/pingpu.png HTTP/1.1" 304 -
116.238.191.126 - - [16/Jun/2023:08:54:21 +0800] "GET /xingrg/javascript/jquery_easy_ui/themes/default/images/tabs_rightarrow.png HTTP/1.1" 304 -
116.238.191.126 - - [16/Jun/2023:08:54:21 +0800] "GET /xingrg/javascript/jquery_easy_ui/themes/default/images/tabs_leftarrow.png HTTP/1.1" 304 -
116.238.191.126 - - [16/Jun/2023:08:54:21 +0800] "POST /xingrg/all/common/load_tree.html?tree=area_rest_tree_json&manage=1 HTTP/1.1" 200 476
116.238.191.126 - - [16/Jun/2023:08:54:21 +0800] "POST /xingrg/load_menu.html HTTP/1.1" 200 5138
116.238.191.126 - - [16/Jun/2023:08:54:23 +0800] "GET /xingrg/kc/buy/cgsh_order_list.html HTTP/1.1" 200 55858
116.238.191.126 - - [16/Jun/2023:08:54:25 +0800] "POST /xingrg/kc/buy/cgsh_list_operate.html HTTP/1.1" 200 986
222.70.180.90 - - [16/Jun/2023:08:54:26 +0800] "GET /xingrg/kc/buy/cgsh_order_operate.html?command=get_materiel&rest_code=00111&code=00101008149&supplier_code=00100005&order_time=2023-06-16 HTTP/1.1" 200 408
116.238.191.126 - - [16/Jun/2023:08:54:28 +0800] "GET /xingrg/javascript/jquery_tools/images/prev.gif HTTP/1.1" 404 1086
116.238.191.126 - - [16/Jun/2023:08:54:28 +0800] "GET /xingrg/javascript/jquery_tools/images/next.gif HTTP/1.1" 404 1086
222.70.180.90 - - [16/Jun/2023:08:54:34 +0800] "GET /xingrg/all/function/internal_message.html?_=1686876871022&CODE_STATE=getMsg HTTP/1.1" 200 27
116.238.191.126 - - [16/Jun/2023:08:54:36 +0800] "POST /xingrg/kc/buy/cgsh_list_operate.html HTTP/1.1" 200 2351
120.253.135.82 - - [16/Jun/2023:08:54:38 +0800] "GET /xingrg/kc/pszx/mdqp_order_list.html?state=10 HTTP/1.1" 200 10275
120.253.135.82 - - [16/Jun/2023:08:54:38 +0800] "GET /xingrg/dwr/interface/AjaxReportQueryService.js HTTP/1.1" 200 13203
120.253.135.82 - - [16/Jun/2023:08:54:38 +0800] "GET /xingrg/dwr/interface/AjaxQqpsService.js HTTP/1.1" 200 16326
120.253.135.82 - - [16/Jun/2023:08:54:38 +0800] "GET /xingrg/dwr/engine.js HTTP/1.1" 200 43631
116.238.191.126 - - [16/Jun/2023:08:54:38 +0800] "POST /xingrg/kc/buy/cgsh_list_operate.html HTTP/1.1" 200 558
222.70.180.90 - - [16/Jun/2023:08:54:38 +0800] "GET /xingrg/kc/buy/cgsh_order_operate.html?command=get_materiel&rest_code=00111&code=00101008190&supplier_code=00100005&order_time=2023-06-16 HTTP/1.1" 200 412
116.238.191.126 - - [16/Jun/2023:08:54:38 +0800] "GET /xingrg/all/function/internal_message.html?_=1686876812739&CODE_STATE=getMsg HTTP/1.1" 200 27
116.238.191.126 - - [16/Jun/2023:08:54:40 +0800] "GET /xingrg/kc/buy/cgsh_order_info.html?code=212023061605563 HTTP/1.1" 200 66133
116.238.191.126 - - [16/Jun/2023:08:54:41 +0800] "GET /xingrg/javascript/easyui/themes/default/validatebox.css HTTP/1.1" 404 1104
116.238.191.126 - - [16/Jun/2023:08:54:41 +0800] "POST /xingrg/kc/buy/cgsh_order_operate.html HTTP/1.1" 200 6006
124.79.244.240 - - [16/Jun/2023:08:54:43 +0800] "GET /xingrg/all/function/internal_message.html?_=1686876886549&CODE_STATE=getMsg HTTP/1.1" 302 -
124.79.244.240 - - [16/Jun/2023:08:54:43 +0800] "GET /xingrg/login.html HTTP/1.1" 200 7641
116.238.191.126 - - [16/Jun/2023:08:54:44 +0800] "GET /xingrg/kc/print/load_data.html?order_code=212023061605563&kc_code=cgsh&condition= HTTP/1.1" 200 2772
120.253.135.82 - - [16/Jun/2023:08:54:45 +0800] "GET /xingrg/all/function/internal_message.html?_=1686876720211&CODE_STATE=getMsg HTTP/1.1" 200 27
222.70.180.90 - - [16/Jun/2023:08:54:49 +0800] "GET /xingrg/kc/buy/cgsh_order_operate.html?command=get_materiel&rest_code=00111&code=00101008283&supplier_code=00100005&order_time=2023-06-16 HTTP/1.1" 200 408
61.170.233.201 - - [16/Jun/2023:08:54:53 +0800] "GET /xingrg/kc/buy/cgsh_order_operate.html?command=get_materiel&rest_code=00106&code=00101008223&supplier_code=00100007&order_time=2023-06-16 HTTP/1.1" 200 412
120.253.135.82 - - [16/Jun/2023:08:54:53 +0800] "GET /xingrg/kc/pszx/mdqp_order_list.html?state=10 HTTP/1.1" 200 10275
120.253.135.82 - - [16/Jun/2023:08:54:53 +0800] "GET /xingrg/dwr/interface/AjaxQqpsService.js HTTP/1.1" 200 16326
120.253.135.82 - - [16/Jun/2023:08:54:53 +0800] "GET /xingrg/dwr/interface/AjaxReportQueryService.js HTTP/1.1" 200 13203
120.253.135.82 - - [16/Jun/2023:08:54:53 +0800] "GET /xingrg/dwr/engine.js HTTP/1.1" 200 43631
180.163.29.234 - - [16/Jun/2023:08:54:55 +0800] "GET /xingrg/check_reg.html?_=1686876832258 HTTP/1.1" 302 -
180.163.29.234 - - [16/Jun/2023:08:54:55 +0800] "GET /xingrg/login.html HTTP/1.1" 200 7641
61.170.233.201 - - [16/Jun/2023:08:54:55 +0800] "GET /xingrg/all/function/internal_message.html?_=1686876892285&CODE_STATE=getMsg HTTP/1.1" 200 27
222.70.180.90 - - [16/Jun/2023:08:54:58 +0800] "GET /xingrg/kc/buy/cgsh_order_operate.html?command=get_materiel&rest_code=00111&code=00101008298&supplier_code=00100005&order_time=2023-06-16 HTTP/1.1" 200 432
61.170.233.201 - - [16/Jun/2023:08:55:06 +0800] "GET /xingrg/kc/buy/cgsh_order_operate.html?command=get_materiel&rest_code=00106&code=00101008069&supplier_code=00100007&order_time=2023-06-16 HTTP/1.1" 200 412
222.70.114.12 - - [16/Jun/2023:08:55:07 +0800] "GET /xingrg/all/function/internal_message.html?_=1686876914819&CODE_STATE=getMsg HTTP/1.1" 200 27
114.85.113.108 - - [16/Jun/2023:08:55:07 +0800] "GET /xingrg/all/function/internal_message.html?_=1686876906157&CODE_STATE=getMsg HTTP/1.1" 200 27
61.170.233.201 - - [16/Jun/2023:08:55:08 +0800] "POST /xingrg/kc/buy/cgsh_order_operate.html HTTP/1.1" 200 2065
116.232.195.127 - - [16/Jun/2023:08:55:08 +0800] "GET /xingrg/all/function/internal_message.html?_=1686876919216&CODE_STATE=getMsg HTTP/1.1" 200 27
222.70.180.90 - - [16/Jun/2023:08:55:09 +0800] "GET /xingrg/kc/buy/cgsh_order_operate.html?command=get_materiel&rest_code=00111&code=00101008296&supplier_code=00100005&order_time=2023-06-16 HTTP/1.1" 200 416
116.230.113.48 - - [16/Jun/2023:08:55:10 +0800] "GET /xingrg/all/function/internal_message.html?_=1686876923319&CODE_STATE=getMsg HTTP/1.1" 200 27
180.156.206.188 - - [16/Jun/2023:08:55:10 +0800] "GET /xingrg/kc/buy/cgsh_order_list.html HTTP/1.1" 200 55854
180.156.206.188 - - [16/Jun/2023:08:55:10 +0800] "GET /xingrg/javascript/easyui/themes/icon.css HTTP/1.1" 200 4483
180.156.206.188 - - [16/Jun/2023:08:55:10 +0800] "GET /xingrg/css/base.css HTTP/1.1" 200 2811
180.156.206.188 - - [16/Jun/2023:08:55:10 +0800] "GET /xingrg/javascript/jquery_tools/datebox.css HTTP/1.1" 200 2597
180.156.206.188 - - [16/Jun/2023:08:55:10 +0800] "GET /xingrg/css/site.css HTTP/1.1" 200 7541
180.156.206.188 - - [16/Jun/2023:08:55:10 +0800] "GET /xingrg/javascript/easyui/themes/default/easyui.css HTTP/1.1" 200 30432
180.156.206.188 - - [16/Jun/2023:08:55:10 +0800] "GET /xingrg/javascript/jquery_tools/fix.css HTTP/1.1" 200 1702
180.156.206.188 - - [16/Jun/2023:08:55:10 +0800] "GET /xingrg/javascript/jquery_tools/table.css HTTP/1.1" 200 1032
180.156.206.188 - - [16/Jun/2023:08:55:10 +0800] "GET /xingrg/javascript/jquery_tools/jquery.tools.min.js HTTP/1.1" 200 138801
180.156.206.188 - - [16/Jun/2023:08:55:10 +0800] "GET /xingrg/javascript/jquery_tools/jquery.tools.hotkey.js HTTP/1.1" 200 3242
180.156.206.188 - - [16/Jun/2023:08:55:10 +0800] "GET /xingrg/javascript/jquery_tools/jquery.tools.extend.js HTTP/1.1" 200 15385
180.156.206.188 - - [16/Jun/2023:08:55:10 +0800] "GET /xingrg/javascript/jquery_tools/jquery.tools.table.js HTTP/1.1" 200 6994
180.156.206.188 - - [16/Jun/2023:08:55:10 +0800] "GET /xingrg/javascript/jquery_tools/list_manager.js HTTP/1.1" 200 3652
180.156.206.188 - - [16/Jun/2023:08:55:10 +0800] "GET /xingrg/javascript/easyui/easyloader.js HTTP/1.1" 200 5975
180.156.206.188 - - [16/Jun/2023:08:55:10 +0800] "GET /xingrg/javascript/jquery.cookie.js HTTP/1.1" 200 5513
180.156.206.188 - - [16/Jun/2023:08:55:10 +0800] "GET /xingrg/javascript/easyui/themes/icons/check_new.png HTTP/1.1" 200 3224
180.156.206.188 - - [16/Jun/2023:08:55:10 +0800] "GET /xingrg/javascript/easyui/themes/icons/field_new.png HTTP/1.1" 200 1097
180.156.206.188 - - [16/Jun/2023:08:55:10 +0800] "GET /xingrg/javascript/easyui/themes/icons/import_new.png HTTP/1.1" 200 1247
180.156.206.188 - - [16/Jun/2023:08:55:10 +0800] "GET /xingrg/javascript/easyui/themes/icons/edit_add_new.png HTTP/1.1" 200 2997
180.156.206.188 - - [16/Jun/2023:08:55:10 +0800] "GET /xingrg/javascript/easyui/themes/icons/cance_new.png HTTP/1.1" 200 3986
180.156.206.188 - - [16/Jun/2023:08:55:10 +0800] "GET /xingrg/javascript/easyui/plugins/jquery.parser.js HTTP/1.1" 200 1142
180.156.206.188 - - [16/Jun/2023:08:55:10 +0800] "GET /xingrg/images/control/ajaxLoader.gif HTTP/1.1" 200 4659
180.156.206.188 - - [16/Jun/2023:08:55:12 +0800] "GET /xingrg/all/function/internal_message.html?_=1686876912639&CODE_STATE=getMsg HTTP/1.1" 200 27
180.156.206.188 - - [16/Jun/2023:08:55:12 +0800] "POST /xingrg/kc/buy/cgsh_list_operate.html HTTP/1.1" 200 986
58.40.7.146 - - [16/Jun/2023:08:55:13 +0800] "GET /xingrg/all/function/internal_message.html?_=1686876913457&CODE_STATE=getMsg HTTP/1.1" 200 27
120.253.135.82 - - [16/Jun/2023:08:55:15 +0800] "GET /xingrg/check_reg.html?_=1686876749850 HTTP/1.1" 200 22
101.83.145.52 - - [16/Jun/2023:08:55:15 +0800] "GET /xingrg/all/function/internal_message.html?_=1686876740418&CODE_STATE=getMsg HTTP/1.1" 200 27
120.253.135.82 - - [16/Jun/2023:08:55:20 +0800] "GET /xingrg/kc/pszx/mdps_order_list.html?orderType=0 HTTP/1.1" 200 21032
120.253.135.82 - - [16/Jun/2023:08:55:20 +0800] "POST /xingrg/kc/pszx/mdps_list_operate.html HTTP/1.1" 200 5324
180.156.206.188 - - [16/Jun/2023:08:55:20 +0800] "GET /xingrg/javascript/easyui/themes/default/images/button_plain_hover.png HTTP/1.1" 200 144
116.238.191.126 - - [16/Jun/2023:08:55:21 +0800] "GET /xingrg/all/function/internal_message.html?_=1686876921240&CODE_STATE=getMsg HTTP/1.1" 200 27
222.70.180.90 - - [16/Jun/2023:08:55:26 +0800] "GET /xingrg/kc/buy/cgsh_order_operate.html?command=get_materiel&rest_code=00111&code=00101008270&supplier_code=00100005&order_time=2023-06-16 HTTP/1.1" 200 412
61.170.233.201 - - [16/Jun/2023:08:55:27 +0800] "GET /xingrg/kc/buy/cgsh_order_operate.html?command=get_materiel&rest_code=00106&code=00101008131&supplier_code=00100007&order_time=2023-06-16 HTTP/1.1" 200 409
222.70.180.90 - - [16/Jun/2023:08:55:34 +0800] "GET /xingrg/all/function/internal_message.html?_=1686876931008&CODE_STATE=getMsg HTTP/1.1" 200 27
222.70.180.90 - - [16/Jun/2023:08:55:36 +0800] "GET /xingrg/kc/buy/cgsh_order_operate.html?command=get_materiel&rest_code=00111&code=00101008096&supplier_code=00100005&order_time=2023-06-16 HTTP/1.1" 200 413
180.156.206.188 - - [16/Jun/2023:08:55:37 +0800] "GET /xingrg/kc/buy/cgsh_order_add.html HTTP/1.1" 200 71671
180.156.206.188 - - [16/Jun/2023:08:55:37 +0800] "GET /xingrg/javascript/convert.js HTTP/1.1" 200 1239
180.156.206.188 - - [16/Jun/2023:08:55:37 +0800] "GET /xingrg/javascript/jquery_tools/order_manager.js HTTP/1.1" 200 11183
180.156.206.188 - - [16/Jun/2023:08:55:37 +0800] "GET /xingrg/javascript/json2.js HTTP/1.1" 200 11259
180.156.206.188 - - [16/Jun/2023:08:55:37 +0800] "GET /xingrg/javascript/easyui/themes/default/images/menu_downarrow.png HTTP/1.1" 200 173
180.156.206.188 - - [16/Jun/2023:08:55:37 +0800] "GET /xingrg/javascript/easyui/themes/icons/copy_new.png HTTP/1.1" 200 815
180.156.206.188 - - [16/Jun/2023:08:55:37 +0800] "GET /xingrg/javascript/easyui/themes/icons/ok.png HTTP/1.1" 200 883
180.156.206.188 - - [16/Jun/2023:08:55:37 +0800] "GET /xingrg/javascript/easyui/themes/icons/template_new.png HTTP/1.1" 200 3956
180.156.206.188 - - [16/Jun/2023:08:55:37 +0800] "GET /xingrg/javascript/easyui/themes/icons/cancel.png HTTP/1.1" 200 1133
180.156.206.188 - - [16/Jun/2023:08:55:37 +0800] "GET /xingrg/javascript/easyui/themes/icons/print.png HTTP/1.1" 200 1057
180.156.206.188 - - [16/Jun/2023:08:55:37 +0800] "POST /xingrg/kc/buy/cgsh_order_operate.html HTTP/1.1" 200 8245
180.156.206.188 - - [16/Jun/2023:08:55:37 +0800] "GET /xingrg/javascript/easyui/themes/default/validatebox.css HTTP/1.1" 404 1104
180.156.206.188 - - [16/Jun/2023:08:55:37 +0800] "GET /xingrg/javascript/easyui/plugins/jquery.validatebox.js HTTP/1.1" 200 6103
180.156.206.188 - - [16/Jun/2023:08:55:37 +0800] "GET /xingrg/all/common/auto_word.html?type=employee&rest_code=00102 HTTP/1.1" 200 189
180.156.206.188 - - [16/Jun/2023:08:55:37 +0800] "GET /xingrg/all/common/auto_word.html?type=employee&rest_code=00102 HTTP/1.1" 200 189
180.156.206.188 - - [16/Jun/2023:08:55:37 +0800] "GET /xingrg/javascript/easyui/plugins/jquery.numberbox.js HTTP/1.1" 200 5213
180.156.206.188 - - [16/Jun/2023:08:55:37 +0800] "GET /xingrg/javascript/easyui/themes/icons/edit_remove.png HTTP/1.1" 200 625
180.156.206.188 - - [16/Jun/2023:08:55:38 +0800] "GET /xingrg/javascript/auto/indicator.gif HTTP/1.1" 404 1066
116.238.191.126 - - [16/Jun/2023:08:55:38 +0800] "GET /xingrg/all/function/internal_message.html?_=1686876872753&CODE_STATE=getMsg HTTP/1.1" 200 27
61.170.233.201 - - [16/Jun/2023:08:55:41 +0800] "GET /xingrg/kc/buy/cgsh_order_operate.html?command=get_materiel&rest_code=00106&code=00101008095&supplier_code=00100007&order_time=2023-06-16 HTTP/1.1" 200 412
114.83.219.241 - - [16/Jun/2023:08:55:41 +0800] "GET /xingrg/login.html HTTP/1.1" 200 7641
114.83.219.241 - - [16/Jun/2023:08:55:42 +0800] "GET /favicon.ico HTTP/1.1" 404 -
124.79.244.240 - - [16/Jun/2023:08:55:43 +0800] "GET /xingrg/all/function/internal_message.html?_=1686876946550&CODE_STATE=getMsg HTTP/1.1" 302 -
124.79.244.240 - - [16/Jun/2023:08:55:43 +0800] "GET /xingrg/login.html HTTP/1.1" 200 7641
120.253.135.82 - - [16/Jun/2023:08:55:45 +0800] "GET /xingrg/all/function/internal_message.html?_=1686876780224&CODE_STATE=getMsg HTTP/1.1" 200 27
180.156.206.188 - - [16/Jun/2023:08:55:47 +0800] "GET /xingrg/kc/buy/cgsh_order_operate.html?command=get_materiel&rest_code=00102&code=00101007068&supplier_code=00100096&order_time=2023-06-16 HTTP/1.1" 200 409
114.83.219.241 - - [16/Jun/2023:08:55:51 +0800] "POST /xingrg/login.do HTTP/1.1" 302 -
114.83.219.241 - - [16/Jun/2023:08:55:51 +0800] "GET /xingrg/index.html?sysBaseUrl=http%3A%2F%2F180.169.147.146%3A18081%2Fxingrg%2F&costTime=815×tamp=1686876951498 HTTP/1.1" 200 17179
114.83.219.241 - - [16/Jun/2023:08:55:51 +0800] "GET /favicon.ico HTTP/1.1" 404 -
114.83.219.241 - - [16/Jun/2023:08:55:51 +0800] "GET /xingrg/all/function/internal_message.html?_=1686876948337&CODE_STATE=count HTTP/1.1" 200 11
114.83.219.241 - - [16/Jun/2023:08:55:51 +0800] "GET /xingrg/check_reg.html?_=1686876948337 HTTP/1.1" 200 22
114.83.219.241 - - [16/Jun/2023:08:55:51 +0800] "POST /xingrg/all/common/load_tree.html?tree=area_rest_tree_json&manage=1 HTTP/1.1" 200 351
114.83.219.241 - - [16/Jun/2023:08:55:51 +0800] "POST /xingrg/load_menu.html HTTP/1.1" 200 5138
61.170.233.201 - - [16/Jun/2023:08:55:52 +0800] "GET /xingrg/kc/buy/cgsh_order_operate.html?command=get_materiel&rest_code=00106&code=00101008110&supplier_code=00100007&order_time=2023-06-16 HTTP/1.1" 200 408
222.70.180.90 - - [16/Jun/2023:08:55:53 +0800] "GET /xingrg/kc/buy/cgsh_order_operate.html?command=get_materiel&rest_code=00111&code=00101008005&supplier_code=00100005&order_time=2023-06-16 HTTP/1.1" 200 412
61.170.233.201 - - [16/Jun/2023:08:55:55 +0800] "GET /xingrg/all/function/internal_message.html?_=1686876952276&CODE_STATE=getMsg HTTP/1.1" 200 27
180.156.206.188 - - [16/Jun/2023:08:55:58 +0800] "GET /xingrg/kc/buy/cgsh_order_operate.html?command=get_materiel&rest_code=00102&code=00101012025&supplier_code=00100096&order_time=2023-06-16 HTTP/1.1" 200 414
180.163.30.100 - - [16/Jun/2023:08:56:03 +0800] "GET /xingrg/kc/buy/cgsh_order_operate.html?command=get_materiel&rest_code=00106&code=00101008069&supplier_code=00100007&order_time=2023-06-16 HTTP/1.1" 302 -
180.163.30.100 - - [16/Jun/2023:08:56:03 +0800] "GET /xingrg/login.html HTTP/1.1" 200 7641
222.70.114.12 - - [16/Jun/2023:08:56:06 +0800] "GET /xingrg/check_reg.html?_=1686876974245 HTTP/1.1" 200 22
61.170.233.201 - - [16/Jun/2023:08:56:07 +0800] "POST /xingrg/kc/buy/cgsh_order_operate.html HTTP/1.1" 200 2065
222.70.114.12 - - [16/Jun/2023:08:56:07 +0800] "GET /xingrg/all/function/internal_message.html?_=1686876974794&CODE_STATE=getMsg HTTP/1.1" 200 27
114.85.113.108 - - [16/Jun/2023:08:56:07 +0800] "GET /xingrg/all/function/internal_message.html?_=1686876966166&CODE_STATE=getMsg HTTP/1.1" 200 27
116.232.195.127 - - [16/Jun/2023:08:56:08 +0800] "GET /xingrg/all/function/internal_message.html?_=1686876979219&CODE_STATE=getMsg HTTP/1.1" 200 27
116.230.113.48 - - [16/Jun/2023:08:56:09 +0800] "GET /xingrg/check_reg.html?_=1686876982711 HTTP/1.1" 200 22
116.230.113.48 - - [16/Jun/2023:08:56:10 +0800] "GET /xingrg/all/function/internal_message.html?_=1686876983332&CODE_STATE=getMsg HTTP/1.1" 200 27
180.156.206.188 - - [16/Jun/2023:08:56:12 +0800] "GET /xingrg/all/function/internal_message.html?_=1686876972657&CODE_STATE=getMsg HTTP/1.1" 200 27
61.170.233.201 - - [16/Jun/2023:08:56:13 +0800] "GET /xingrg/kc/buy/cgsh_order_operate.html?command=get_materiel&rest_code=00106&code=00101008168&supplier_code=00100007&order_time=2023-06-16 HTTP/1.1" 200 413
58.40.7.146 - - [16/Jun/2023:08:56:13 +0800] "GET /xingrg/all/function/internal_message.html?_=1686876973459&CODE_STATE=getMsg HTTP/1.1" 200 27
58.40.7.146 - - [16/Jun/2023:08:56:13 +0800] "GET /xingrg/check_reg.html?_=1686876973460 HTTP/1.1" 200 22
222.70.114.12 - - [16/Jun/2023:08:56:14 +0800] "GET /xingrg/kc/base/check_order_info.html?code=452023053100403 HTTP/1.1" 200 22858
222.70.114.12 - - [16/Jun/2023:08:56:14 +0800] "GET /xingrg/dwr/interface/AjaxComOrderService.js HTTP/1.1" 200 18264
222.70.114.12 - - [16/Jun/2023:08:56:14 +0800] "GET /xingrg/dwr/interface/AjaxCheckService.js HTTP/1.1" 200 14003
222.70.114.12 - - [16/Jun/2023:08:56:14 +0800] "GET /xingrg/dwr/engine.js HTTP/1.1" 200 43631
222.70.114.12 - - [16/Jun/2023:08:56:14 +0800] "POST /xingrg/dwr/call/plaincall/AjaxCheckService.loadOrderItems.dwr HTTP/1.1" 200 7377
101.83.145.52 - - [16/Jun/2023:08:56:15 +0800] "GET /xingrg/check_reg.html?_=1686876800408 HTTP/1.1" 200 22
101.83.145.52 - - [16/Jun/2023:08:56:15 +0800] "GET /xingrg/all/function/internal_message.html?_=1686876800412&CODE_STATE=getMsg HTTP/1.1" 200 27
222.70.180.90 - - [16/Jun/2023:08:56:16 +0800] "GET /xingrg/kc/buy/cgsh_order_operate.html?command=get_materiel&rest_code=00111&code=00101008163&supplier_code=00100005&order_time=2023-06-16 HTTP/1.1" 200 409
222.70.114.12 - - [16/Jun/2023:08:56:16 +0800] "GET /xingrg/kc/print/load_config.html?_=1686876984407&kc_code=check HTTP/1.1" 200 2488
222.70.114.12 - - [16/Jun/2023:08:56:17 +0800] "GET /xingrg/kc/print/load_data.html?_=1686876984483&order_code=452023053100403&kc_code=check&condition= HTTP/1.1" 200 4345
116.238.191.126 - - [16/Jun/2023:08:56:21 +0800] "GET /xingrg/all/function/internal_message.html?_=1686876981242&CODE_STATE=getMsg HTTP/1.1" 200 27
61.170.233.201 - - [16/Jun/2023:08:56:23 +0800] "GET /xingrg/kc/buy/cgsh_order_operate.html?command=get_materiel&rest_code=00106&code=00101009011&supplier_code=00100007&order_time=2023-06-16 HTTP/1.1" 200 416
222.70.114.12 - - [16/Jun/2023:08:56:23 +0800] "GET /xingrg/kc/base/check_order_list.html?isBack=1 HTTP/1.1" 200 16223
222.70.114.12 - - [16/Jun/2023:08:56:23 +0800] "POST /xingrg/kc/base/check_list_operate.html HTTP/1.1" 200 781
222.70.114.12 - - [16/Jun/2023:08:56:28 +0800] "POST /xingrg/kc/base/check_list_operate.html HTTP/1.1" 200 781
61.170.233.201 - - [16/Jun/2023:08:56:33 +0800] "GET /xingrg/kc/buy/cgsh_order_operate.html?command=get_materiel&rest_code=00106&code=00101009015&supplier_code=00100007&order_time=2023-06-16 HTTP/1.1" 200 416
222.70.114.12 - - [16/Jun/2023:08:56:34 +0800] "POST /xingrg/kc/base/check_list_operate.html HTTP/1.1" 200 4962
222.70.180.90 - - [16/Jun/2023:08:56:34 +0800] "GET /xingrg/all/function/internal_message.html?_=1686876990991&CODE_STATE=getMsg HTTP/1.1" 200 27
222.70.114.12 - - [16/Jun/2023:08:56:37 +0800] "GET /xingrg/kc/base/check_order_info.html?code=452023053100405 HTTP/1.1" 200 22854
222.70.114.12 - - [16/Jun/2023:08:56:37 +0800] "GET /xingrg/dwr/interface/AjaxComOrderService.js HTTP/1.1" 200 18264
222.70.114.12 - - [16/Jun/2023:08:56:37 +0800] "GET /xingrg/dwr/interface/AjaxCheckService.js HTTP/1.1" 200 14003
222.70.114.12 - - [16/Jun/2023:08:56:37 +0800] "GET /xingrg/dwr/engine.js HTTP/1.1" 200 43631
222.70.114.12 - - [16/Jun/2023:08:56:38 +0800] "POST /xingrg/dwr/call/plaincall/AjaxCheckService.loadOrderItems.dwr HTTP/1.1" 200 39867
116.238.191.126 - - [16/Jun/2023:08:56:39 +0800] "GET /xingrg/all/function/internal_message.html?_=1686876932819&CODE_STATE=getMsg HTTP/1.1" 200 27
222.70.180.90 - - [16/Jun/2023:08:56:41 +0800] "GET /xingrg/kc/buy/cgsh_order_operate.html?command=get_materiel&rest_code=00111&code=00101008271&supplier_code=00100005&order_time=2023-06-16 HTTP/1.1" 200 408
222.70.114.12 - - [16/Jun/2023:08:56:42 +0800] "GET /xingrg/kc/print/load_config.html?_=1686877009603&kc_code=check HTTP/1.1" 200 2488
61.170.233.201 - - [16/Jun/2023:08:56:42 +0800] "GET /xingrg/kc/buy/cgsh_order_operate.html?command=get_materiel&rest_code=00106&code=00101008150&supplier_code=00100007&order_time=2023-06-16 HTTP/1.1" 200 409
222.70.114.12 - - [16/Jun/2023:08:56:42 +0800] "GET /xingrg/kc/print/load_data.html?_=1686877009687&order_code=452023053100405&kc_code=check&condition= HTTP/1.1" 200 23199
124.79.244.240 - - [16/Jun/2023:08:56:43 +0800] "GET /xingrg/all/function/internal_message.html?_=1686877006552&CODE_STATE=getMsg HTTP/1.1" 302 -
124.79.244.240 - - [16/Jun/2023:08:56:43 +0800] "GET /xingrg/login.html HTTP/1.1" 200 7641
120.253.135.82 - - [16/Jun/2023:08:56:45 +0800] "GET /xingrg/all/function/internal_message.html?_=1686876840435&CODE_STATE=getMsg HTTP/1.1" 200 27
61.170.233.201 - - [16/Jun/2023:08:56:51 +0800] "GET /xingrg/kc/buy/cgsh_order_operate.html?command=get_materiel&rest_code=00106&code=00101008219&supplier_code=00100007&order_time=2023-06-16 HTTP/1.1" 200 412
114.83.219.241 - - [16/Jun/2023:08:56:51 +0800] "GET /xingrg/all/function/internal_message.html?_=1686877008372&CODE_STATE=getMsg HTTP/1.1" 200 27
61.170.233.201 - - [16/Jun/2023:08:56:55 +0800] "GET /xingrg/all/function/internal_message.html?_=1686877012254&CODE_STATE=getMsg HTTP/1.1" 200 27
222.70.114.12 - - [16/Jun/2023:08:56:56 +0800] "GET /xingrg/kc/print/load_config.html?_=1686877023874&kc_code=check HTTP/1.1" 200 2488
222.70.114.12 - - [16/Jun/2023:08:56:56 +0800] "GET /xingrg/kc/print/load_data.html?_=1686877023949&order_code=452023053100405&kc_code=check&condition= HTTP/1.1" 200 23199
61.170.233.201 - - [16/Jun/2023:08:56:57 +0800] "POST /xingrg/kc/buy/cgsh_order_operate.html HTTP/1.1" 200 2065
222.70.180.90 - - [16/Jun/2023:08:56:59 +0800] "GET /xingrg/kc/buy/cgsh_order_operate.html?command=get_materiel&rest_code=00111&code=00101008257&supplier_code=00100005&order_time=2023-06-16 HTTP/1.1" 200 416
222.70.114.12 - - [16/Jun/2023:08:57:05 +0800] "GET /xingrg/kc/base/check_order_list.html?isBack=1 HTTP/1.1" 200 16223
222.70.114.12 - - [16/Jun/2023:08:57:05 +0800] "POST /xingrg/kc/base/check_list_operate.html HTTP/1.1" 200 781
222.70.114.12 - - [16/Jun/2023:08:57:07 +0800] "GET /xingrg/all/function/internal_message.html?_=1686877034777&CODE_STATE=getMsg HTTP/1.1" 200 27
114.85.113.108 - - [16/Jun/2023:08:57:07 +0800] "GET /xingrg/all/function/internal_message.html?_=1686877026166&CODE_STATE=getMsg HTTP/1.1" 200 27
116.232.195.127 - - [16/Jun/2023:08:57:08 +0800] "GET /xingrg/all/function/internal_message.html?_=1686877039212&CODE_STATE=getMsg HTTP/1.1" 200 27
116.230.113.48 - - [16/Jun/2023:08:57:10 +0800] "GET /xingrg/all/function/internal_message.html?_=1686877043349&CODE_STATE=getMsg HTTP/1.1" 200 27
61.170.233.201 - - [16/Jun/2023:08:57:11 +0800] "GET /xingrg/kc/buy/cgsh_order_operate.html?command=get_materiel&rest_code=00106&code=00101008132&supplier_code=00100007&order_time=2023-06-16 HTTP/1.1" 200 408
180.156.206.188 - - [16/Jun/2023:08:57:12 +0800] "GET /xingrg/check_reg.html?_=1686877032640 HTTP/1.1" 200 22
180.156.206.188 - - [16/Jun/2023:08:57:12 +0800] "GET /xingrg/all/function/internal_message.html?_=1686877032642&CODE_STATE=getMsg HTTP/1.1" 200 27
222.70.114.12 - - [16/Jun/2023:08:57:12 +0800] "POST /xingrg/kc/base/check_list_operate.html HTTP/1.1" 200 4962
58.40.7.146 - - [16/Jun/2023:08:57:13 +0800] "GET /xingrg/all/function/internal_message.html?_=1686877033462&CODE_STATE=getMsg HTTP/1.1" 200 27
222.70.180.90 - - [16/Jun/2023:08:57:13 +0800] "GET /xingrg/kc/buy/cgsh_order_operate.html?command=get_materiel&rest_code=00111&code=00101008141&supplier_code=00100005&order_time=2023-06-16 HTTP/1.1" 200 412
222.70.114.12 - - [16/Jun/2023:08:57:15 +0800] "GET /xingrg/kc/base/check_order_info.html?code=452023053100404 HTTP/1.1" 200 22854
222.70.114.12 - - [16/Jun/2023:08:57:15 +0800] "GET /xingrg/dwr/interface/AjaxComOrderService.js HTTP/1.1" 200 18264
222.70.114.12 - - [16/Jun/2023:08:57:15 +0800] "GET /xingrg/dwr/interface/AjaxCheckService.js HTTP/1.1" 200 14003
222.70.114.12 - - [16/Jun/2023:08:57:15 +0800] "GET /xingrg/dwr/engine.js HTTP/1.1" 200 43631
222.70.114.12 - - [16/Jun/2023:08:57:15 +0800] "POST /xingrg/dwr/call/plaincall/AjaxCheckService.loadOrderItems.dwr HTTP/1.1" 200 72418
101.83.145.52 - - [16/Jun/2023:08:57:15 +0800] "GET /xingrg/all/function/internal_message.html?_=1686876860417&CODE_STATE=getMsg HTTP/1.1" 200 27
222.70.114.12 - - [16/Jun/2023:08:57:17 +0800] "GET /xingrg/kc/print/load_config.html?_=1686877045243&kc_code=check HTTP/1.1" 200 2488
222.70.114.12 - - [16/Jun/2023:08:57:18 +0800] "GET /xingrg/kc/print/load_data.html?_=1686877045324&order_code=452023053100404&kc_code=check&condition= HTTP/1.1" 200 42014
61.170.233.201 - - [16/Jun/2023:08:57:20 +0800] "GET /xingrg/kc/buy/cgsh_order_operate.html?command=get_materiel&rest_code=00106&code=00101008185&supplier_code=00100007&order_time=2023-06-16 HTTP/1.1" 200 408
116.238.191.126 - - [16/Jun/2023:08:57:21 +0800] "GET /xingrg/all/function/internal_message.html?_=1686877041247&CODE_STATE=getMsg HTTP/1.1" 200 27
222.70.180.90 - - [16/Jun/2023:08:57:25 +0800] "GET /xingrg/kc/buy/cgsh_order_operate.html?command=get_materiel&rest_code=00111&code=00101008156&supplier_code=00100005&order_time=2023-06-16 HTTP/1.1" 200 414
222.70.114.12 - - [16/Jun/2023:08:57:28 +0800] "GET /xingrg/kc/base/check_order_list.html?isBack=1 HTTP/1.1" 200 16223
222.70.114.12 - - [16/Jun/2023:08:57:28 +0800] "POST /xingrg/kc/base/check_list_operate.html HTTP/1.1" 200 781
61.170.233.201 - - [16/Jun/2023:08:57:30 +0800] "GET /xingrg/kc/buy/cgsh_order_operate.html?command=get_materiel&rest_code=00106&code=00101008213&supplier_code=00100007&order_time=2023-06-16 HTTP/1.1" 200 412
222.70.180.90 - - [16/Jun/2023:08:57:34 +0800] "GET /xingrg/all/function/internal_message.html?_=1686877050961&CODE_STATE=getMsg HTTP/1.1" 200 27
222.70.114.12 - - [16/Jun/2023:08:57:36 +0800] "POST /xingrg/kc/base/check_list_operate.html HTTP/1.1" 200 4962
116.238.191.126 - - [16/Jun/2023:08:57:39 +0800] "GET /xingrg/all/function/internal_message.html?_=1686876992827&CODE_STATE=getMsg HTTP/1.1" 200 27
222.70.180.90 - - [16/Jun/2023:08:57:40 +0800] "POST /xingrg/kc/buy/cgsh_order_operate.html HTTP/1.1" 200 2065
222.70.114.12 - - [16/Jun/2023:08:57:40 +0800] "GET /xingrg/kc/base/check_order_info.html?code=452023053100408 HTTP/1.1" 200 22854
222.70.114.12 - - [16/Jun/2023:08:57:40 +0800] "GET /xingrg/dwr/interface/AjaxComOrderService.js HTTP/1.1" 200 18264
222.70.114.12 - - [16/Jun/2023:08:57:40 +0800] "GET /xingrg/dwr/interface/AjaxCheckService.js HTTP/1.1" 200 14003
222.70.114.12 - - [16/Jun/2023:08:57:40 +0800] "GET /xingrg/dwr/engine.js HTTP/1.1" 200 43631
222.70.114.12 - - [16/Jun/2023:08:57:41 +0800] "POST /xingrg/dwr/call/plaincall/AjaxCheckService.loadOrderItems.dwr HTTP/1.1" 200 13286
61.170.233.201 - - [16/Jun/2023:08:57:42 +0800] "GET /xingrg/kc/buy/cgsh_order_operate.html?command=get_materiel&rest_code=00106&code=00101008101&supplier_code=00100007&order_time=2023-06-16 HTTP/1.1" 200 412
222.70.114.12 - - [16/Jun/2023:08:57:42 +0800] "GET /xingrg/kc/print/load_config.html?_=1686877070299&kc_code=check HTTP/1.1" 200 2488
222.70.114.12 - - [16/Jun/2023:08:57:43 +0800] "GET /xingrg/kc/print/load_data.html?_=1686877070378&order_code=452023053100408&kc_code=check&condition= HTTP/1.1" 200 7790
124.79.244.240 - - [16/Jun/2023:08:57:43 +0800] "GET /xingrg/all/function/internal_message.html?_=1686877066555&CODE_STATE=getMsg HTTP/1.1" 302 -
124.79.244.240 - - [16/Jun/2023:08:57:43 +0800] "GET /xingrg/check_reg.html?_=1686877066556 HTTP/1.1" 302 -
124.79.244.240 - - [16/Jun/2023:08:57:43 +0800] "GET /xingrg/login.html HTTP/1.1" 200 7641
124.79.244.240 - - [16/Jun/2023:08:57:43 +0800] "GET /xingrg/login.html HTTP/1.1" 200 7641
120.253.135.82 - - [16/Jun/2023:08:57:45 +0800] "GET /xingrg/all/function/internal_message.html?_=1686876900439&CODE_STATE=getMsg HTTP/1.1" 200 27
