116.238.139.35 - - [14/Jun/2023:09:57:23 +0800] "GET /xingrg/all/function/internal_message.html?_=1686707733323&CODE_STATE=getMsg HTTP/1.1" 200 27
61.170.233.201 - - [14/Jun/2023:09:57:23 +0800] "GET /xingrg/all/function/internal_message.html?_=1686707841513&CODE_STATE=getMsg HTTP/1.1" 200 27
116.238.139.35 - - [14/Jun/2023:09:57:23 +0800] "GET /xingrg/check_reg.html?_=1686707842166 HTTP/1.1" 200 22
116.238.139.35 - - [14/Jun/2023:09:57:23 +0800] "GET /xingrg/all/function/internal_message.html?_=1686707842168&CODE_STATE=getMsg HTTP/1.1" 200 27
116.230.113.47 - - [14/Jun/2023:09:57:29 +0800] "GET /xingrg/check_reg.html?_=1686707854895 HTTP/1.1" 200 22
222.70.180.90 - - [14/Jun/2023:09:57:29 +0800] "GET /xingrg/all/function/internal_message.html?_=1686707847326&CODE_STATE=getMsg HTTP/1.1" 200 27
61.170.233.201 - - [14/Jun/2023:09:57:31 +0800] "GET /xingrg/kc/buy/cgsh_order_operate.html?command=get_materiel&rest_code=00106&code=00101008080&supplier_code=00100007&order_time=2023-06-14 HTTP/1.1" 200 416
124.79.244.240 - - [14/Jun/2023:09:57:39 +0800] "GET /xingrg/all/function/internal_message.html?_=1686707860684&CODE_STATE=getMsg HTTP/1.1" 302 -
124.79.244.240 - - [14/Jun/2023:09:57:39 +0800] "GET /xingrg/check_reg.html?_=1686707860686 HTTP/1.1" 302 -
124.79.244.240 - - [14/Jun/2023:09:57:39 +0800] "GET /xingrg/login.html HTTP/1.1" 200 7641
124.79.244.240 - - [14/Jun/2023:09:57:39 +0800] "GET /xingrg/login.html HTTP/1.1" 200 7641
61.170.233.201 - - [14/Jun/2023:09:57:41 +0800] "GET /xingrg/kc/buy/cgsh_order_operate.html?command=get_materiel&rest_code=00106&code=00101008244&supplier_code=00100007&order_time=2023-06-14 HTTP/1.1" 200 408
116.230.113.47 - - [14/Jun/2023:09:57:43 +0800] "GET /xingrg/all/function/internal_message.html?_=1686707868826&CODE_STATE=getMsg HTTP/1.1" 200 27
61.170.233.201 - - [14/Jun/2023:09:57:43 +0800] "POST /xingrg/kc/buy/cgsh_order_operate.html HTTP/1.1" 200 2065
222.70.114.12 - - [14/Jun/2023:09:57:45 +0800] "GET /xingrg/all/function/internal_message.html?_=1686707868832&CODE_STATE=getMsg HTTP/1.1" 200 27
172.20.0.100 - - [14/Jun/2023:09:57:45 +0800] "GET /xingrg/all/function/internal_message.html?_=1686707865211&CODE_STATE=getMsg HTTP/1.1" 200 27
120.253.135.82 - - [14/Jun/2023:09:57:47 +0800] "GET /xingrg/all/function/internal_message.html?_=1686707867361&CODE_STATE=getMsg HTTP/1.1" 200 27
61.170.233.201 - - [14/Jun/2023:09:57:50 +0800] "GET /xingrg/kc/buy/cgsh_order_operate.html?command=get_materiel&rest_code=00106&code=00101008185&supplier_code=00100007&order_time=2023-06-14 HTTP/1.1" 200 408
114.85.113.108 - - [14/Jun/2023:09:57:55 +0800] "GET /xingrg/all/function/internal_message.html?_=1686707874993&CODE_STATE=getMsg HTTP/1.1" 200 27
61.170.233.201 - - [14/Jun/2023:09:58:00 +0800] "GET /xingrg/kc/buy/cgsh_order_operate.html?command=get_materiel&rest_code=00106&code=00101008354&supplier_code=00100007&order_time=2023-06-14 HTTP/1.1" 200 412
114.85.115.184 - - [14/Jun/2023:09:58:04 +0800] "GET /xingrg/all/function/internal_message.html?_=1686707885319&CODE_STATE=getMsg HTTP/1.1" 200 27
180.169.147.146 - - [14/Jun/2023:09:58:04 +0800] "GET /xingrg/all/function/internal_message.html?_=1686707884181&CODE_STATE=getMsg HTTP/1.1" 200 27
222.70.180.90 - - [14/Jun/2023:09:58:06 +0800] "GET /xingrg/all/function/internal_message.html?_=1686708034945&CODE_STATE=getMsg HTTP/1.1" 200 27
101.83.241.120 - - [14/Jun/2023:09:58:11 +0800] "GET /xingrg/all/function/internal_message.html?_=1686707888523&CODE_STATE=getMsg HTTP/1.1" 200 27
61.170.233.201 - - [14/Jun/2023:09:58:11 +0800] "GET /xingrg/kc/buy/cgsh_order_operate.html?command=get_materiel&rest_code=00106&code=00101008370&supplier_code=00100007&order_time=2023-06-14 HTTP/1.1" 200 412
101.83.145.52 - - [14/Jun/2023:09:58:11 +0800] "GET /xingrg/all/function/internal_message.html?_=1686707716977&CODE_STATE=getMsg HTTP/1.1" 200 27
101.83.241.120 - - [14/Jun/2023:09:58:12 +0800] "GET /xingrg/check_reg.html?_=1686707889435 HTTP/1.1" 200 22
101.83.145.52 - - [14/Jun/2023:09:58:18 +0800] "GET /xingrg/all/function/internal_message.html?_=1686707898088&CODE_STATE=getMsg HTTP/1.1" 200 27
101.83.145.52 - - [14/Jun/2023:09:58:18 +0800] "GET /xingrg/check_reg.html?_=1686707898091 HTTP/1.1" 200 22
180.164.3.199 - - [14/Jun/2023:09:58:18 +0800] "GET /xingrg/all/function/internal_message.html?_=1686707898077&CODE_STATE=getMsg HTTP/1.1" 200 27
180.164.3.199 - - [14/Jun/2023:09:58:19 +0800] "GET /xingrg/check_reg.html?_=1686707898373 HTTP/1.1" 200 22
116.232.195.127 - - [14/Jun/2023:09:58:19 +0800] "GET /xingrg/all/function/internal_message.html?_=1686707912164&CODE_STATE=getMsg HTTP/1.1" 200 27
101.83.240.24 - - [14/Jun/2023:09:58:22 +0800] "GET /xingrg/all/function/internal_message.html?_=1686708008600&CODE_STATE=getMsg HTTP/1.1" 200 27
116.238.139.35 - - [14/Jun/2023:09:58:22 +0800] "GET /xingrg/all/function/internal_message.html?_=1686707793337&CODE_STATE=getMsg HTTP/1.1" 200 27
61.170.233.201 - - [14/Jun/2023:09:58:23 +0800] "GET /xingrg/all/function/internal_message.html?_=1686707901504&CODE_STATE=getMsg HTTP/1.1" 200 27
61.170.233.201 - - [14/Jun/2023:09:58:23 +0800] "GET /xingrg/check_reg.html?_=1686707901520 HTTP/1.1" 200 22
61.170.233.201 - - [14/Jun/2023:09:58:23 +0800] "POST /xingrg/kc/buy/cgsh_order_operate.html HTTP/1.1" 200 37
116.238.139.35 - - [14/Jun/2023:09:58:23 +0800] "GET /xingrg/all/function/internal_message.html?_=1686707902169&CODE_STATE=getMsg HTTP/1.1" 200 27
222.70.180.90 - - [14/Jun/2023:09:58:26 +0800] "GET /xingrg/check_reg.html?_=1686707904019 HTTP/1.1" 200 22
180.163.28.109 - - [14/Jun/2023:09:58:28 +0800] "GET /xingrg/kc/buy/cgsh_order_operate.html?command=get_materiel&rest_code=00106&code=00101008080&supplier_code=00100007&order_time=2023-06-14 HTTP/1.1" 302 -
180.163.28.109 - - [14/Jun/2023:09:58:28 +0800] "GET /xingrg/login.html HTTP/1.1" 200 7641
222.70.180.90 - - [14/Jun/2023:09:58:29 +0800] "GET /xingrg/all/function/internal_message.html?_=1686707907298&CODE_STATE=getMsg HTTP/1.1" 200 27
120.253.135.82 - - [14/Jun/2023:09:58:35 +0800] "GET /xingrg/javascript/jquery_easy_ui/themes/default/images/button_plain_hover.png HTTP/1.1" 304 -
120.253.135.82 - - [14/Jun/2023:09:58:38 +0800] "GET /xingrg/kc/pszx/mdqp_order_list.html?state=10 HTTP/1.1" 200 11519
120.253.135.82 - - [14/Jun/2023:09:58:38 +0800] "GET /xingrg/dwr/interface/AjaxQqpsService.js HTTP/1.1" 200 16326
120.253.135.82 - - [14/Jun/2023:09:58:38 +0800] "GET /xingrg/dwr/interface/AjaxReportQueryService.js HTTP/1.1" 200 13203
120.253.135.82 - - [14/Jun/2023:09:58:38 +0800] "GET /xingrg/dwr/engine.js HTTP/1.1" 200 43631
124.79.244.240 - - [14/Jun/2023:09:58:39 +0800] "GET /xingrg/all/function/internal_message.html?_=1686707920687&CODE_STATE=getMsg HTTP/1.1" 302 -
124.79.244.240 - - [14/Jun/2023:09:58:39 +0800] "GET /xingrg/login.html HTTP/1.1" 200 7641
116.230.113.47 - - [14/Jun/2023:09:58:43 +0800] "GET /xingrg/all/function/internal_message.html?_=1686707928841&CODE_STATE=getMsg HTTP/1.1" 200 27
222.70.114.12 - - [14/Jun/2023:09:58:45 +0800] "GET /xingrg/all/function/internal_message.html?_=1686707928832&CODE_STATE=getMsg HTTP/1.1" 200 27
172.20.0.100 - - [14/Jun/2023:09:58:45 +0800] "GET /xingrg/all/function/internal_message.html?_=1686707925214&CODE_STATE=getMsg HTTP/1.1" 200 27
180.163.29.206 - - [14/Jun/2023:09:58:47 +0800] "GET /xingrg/kc/buy/cgsh_order_operate.html?command=get_materiel&rest_code=00106&code=00101008185&supplier_code=00100007&order_time=2023-06-14 HTTP/1.1" 302 -
180.163.29.206 - - [14/Jun/2023:09:58:47 +0800] "GET /xingrg/login.html HTTP/1.1" 200 7641
120.253.135.82 - - [14/Jun/2023:09:58:47 +0800] "GET /xingrg/check_reg.html?_=1686707927377 HTTP/1.1" 200 22
120.253.135.82 - - [14/Jun/2023:09:58:47 +0800] "GET /xingrg/all/function/internal_message.html?_=1686707927380&CODE_STATE=getMsg HTTP/1.1" 200 27
114.85.113.108 - - [14/Jun/2023:09:58:55 +0800] "GET /xingrg/all/function/internal_message.html?_=1686707934970&CODE_STATE=getMsg HTTP/1.1" 200 27
120.253.135.82 - - [14/Jun/2023:09:58:55 +0800] "GET /xingrg/kc/buy/cgsh_order_list.html HTTP/1.1" 200 55854
120.253.135.82 - - [14/Jun/2023:09:58:57 +0800] "POST /xingrg/kc/buy/cgsh_list_operate.html HTTP/1.1" 200 986
120.253.135.82 - - [14/Jun/2023:09:59:02 +0800] "GET /xingrg/kc/buy/cgsh_order_list.html HTTP/1.1" 200 55854
120.253.135.82 - - [14/Jun/2023:09:59:04 +0800] "POST /xingrg/kc/buy/cgsh_list_operate.html HTTP/1.1" 200 986
114.85.115.184 - - [14/Jun/2023:09:59:04 +0800] "GET /xingrg/all/function/internal_message.html?_=1686707945304&CODE_STATE=getMsg HTTP/1.1" 200 27
180.169.147.146 - - [14/Jun/2023:09:59:04 +0800] "GET /xingrg/all/function/internal_message.html?_=1686707944167&CODE_STATE=getMsg HTTP/1.1" 200 27
114.85.115.184 - - [14/Jun/2023:09:59:04 +0800] "GET /xingrg/check_reg.html?_=1686707945613 HTTP/1.1" 200 22
222.70.180.90 - - [14/Jun/2023:09:59:06 +0800] "GET /xingrg/all/function/internal_message.html?_=1686708094975&CODE_STATE=getMsg HTTP/1.1" 200 27
222.70.180.90 - - [14/Jun/2023:09:59:06 +0800] "GET /xingrg/check_reg.html?_=1686708094973 HTTP/1.1" 200 22
101.83.241.120 - - [14/Jun/2023:09:59:11 +0800] "GET /xingrg/all/function/internal_message.html?_=1686707948500&CODE_STATE=getMsg HTTP/1.1" 200 27
101.83.145.52 - - [14/Jun/2023:09:59:11 +0800] "GET /xingrg/check_reg.html?_=1686707776978 HTTP/1.1" 200 22
101.83.145.52 - - [14/Jun/2023:09:59:11 +0800] "GET /xingrg/all/function/internal_message.html?_=1686707776981&CODE_STATE=getMsg HTTP/1.1" 200 27
61.170.233.201 - - [14/Jun/2023:09:59:13 +0800] "POST /xingrg/kc/buy/cgsh_order_operate.html HTTP/1.1" 200 21613
114.85.113.108 - - [14/Jun/2023:09:59:16 +0800] "GET /xingrg/check_reg.html?_=1686707955819 HTTP/1.1" 200 22
101.83.145.52 - - [14/Jun/2023:09:59:18 +0800] "GET /xingrg/all/function/internal_message.html?_=1686707958091&CODE_STATE=getMsg HTTP/1.1" 200 27
180.164.3.199 - - [14/Jun/2023:09:59:18 +0800] "GET /xingrg/all/function/internal_message.html?_=1686707958062&CODE_STATE=getMsg HTTP/1.1" 200 27
116.232.195.127 - - [14/Jun/2023:09:59:19 +0800] "GET /xingrg/all/function/internal_message.html?_=1686707972151&CODE_STATE=getMsg HTTP/1.1" 200 27
101.83.240.24 - - [14/Jun/2023:09:59:22 +0800] "GET /xingrg/all/function/internal_message.html?_=1686708068612&CODE_STATE=getMsg HTTP/1.1" 200 27
116.238.139.35 - - [14/Jun/2023:09:59:22 +0800] "GET /xingrg/all/function/internal_message.html?_=1686707853357&CODE_STATE=getMsg HTTP/1.1" 200 27
61.170.233.201 - - [14/Jun/2023:09:59:23 +0800] "GET /xingrg/all/function/internal_message.html?_=1686707961485&CODE_STATE=getMsg HTTP/1.1" 200 27
116.238.139.35 - - [14/Jun/2023:09:59:23 +0800] "GET /xingrg/all/function/internal_message.html?_=1686707962172&CODE_STATE=getMsg HTTP/1.1" 200 27
222.70.180.90 - - [14/Jun/2023:09:59:29 +0800] "GET /xingrg/all/function/internal_message.html?_=1686707967283&CODE_STATE=getMsg HTTP/1.1" 200 27
124.79.244.240 - - [14/Jun/2023:09:59:39 +0800] "GET /xingrg/all/function/internal_message.html?_=1686707980688&CODE_STATE=getMsg HTTP/1.1" 302 -
124.79.244.240 - - [14/Jun/2023:09:59:39 +0800] "GET /xingrg/login.html HTTP/1.1" 200 7641
116.230.113.47 - - [14/Jun/2023:09:59:43 +0800] "GET /xingrg/all/function/internal_message.html?_=1686707989240&CODE_STATE=getMsg HTTP/1.1" 200 27
222.70.114.12 - - [14/Jun/2023:09:59:45 +0800] "GET /xingrg/all/function/internal_message.html?_=1686707988858&CODE_STATE=getMsg HTTP/1.1" 200 27
172.20.0.100 - - [14/Jun/2023:09:59:45 +0800] "GET /xingrg/all/function/internal_message.html?_=1686707985209&CODE_STATE=getMsg HTTP/1.1" 200 27
120.253.135.82 - - [14/Jun/2023:09:59:47 +0800] "GET /xingrg/all/function/internal_message.html?_=1686707987365&CODE_STATE=getMsg HTTP/1.1" 200 27
114.85.113.108 - - [14/Jun/2023:09:59:55 +0800] "GET /xingrg/all/function/internal_message.html?_=1686707994947&CODE_STATE=getMsg HTTP/1.1" 200 27
114.85.115.184 - - [14/Jun/2023:10:00:04 +0800] "GET /xingrg/all/function/internal_message.html?_=1686708005291&CODE_STATE=getMsg HTTP/1.1" 200 27
180.169.147.146 - - [14/Jun/2023:10:00:04 +0800] "GET /xingrg/all/function/internal_message.html?_=1686708004173&CODE_STATE=getMsg HTTP/1.1" 200 27
222.70.180.90 - - [14/Jun/2023:10:00:06 +0800] "GET /xingrg/all/function/internal_message.html?_=1686708154958&CODE_STATE=getMsg HTTP/1.1" 200 27
222.67.234.146 - - [14/Jun/2023:10:00:11 +0800] "GET /xingrg/check_reg.html?_=1686707508432 HTTP/1.1" 200 22
101.83.241.120 - - [14/Jun/2023:10:00:11 +0800] "GET /xingrg/all/function/internal_message.html?_=1686708008480&CODE_STATE=getMsg HTTP/1.1" 200 27
101.83.145.52 - - [14/Jun/2023:10:00:11 +0800] "GET /xingrg/all/function/internal_message.html?_=1686707836980&CODE_STATE=getMsg HTTP/1.1" 200 27
101.83.145.52 - - [14/Jun/2023:10:00:18 +0800] "GET /xingrg/all/function/internal_message.html?_=1686708018092&CODE_STATE=getMsg HTTP/1.1" 200 27
180.164.3.199 - - [14/Jun/2023:10:00:18 +0800] "GET /xingrg/all/function/internal_message.html?_=1686708018050&CODE_STATE=getMsg HTTP/1.1" 200 27
116.232.195.127 - - [14/Jun/2023:10:00:19 +0800] "GET /xingrg/all/function/internal_message.html?_=1686708032131&CODE_STATE=getMsg HTTP/1.1" 200 27
116.238.139.35 - - [14/Jun/2023:10:00:22 +0800] "GET /xingrg/check_reg.html?_=1686707912990 HTTP/1.1" 200 22
101.83.240.24 - - [14/Jun/2023:10:00:22 +0800] "GET /xingrg/all/function/internal_message.html?_=1686708128610&CODE_STATE=getMsg HTTP/1.1" 200 27
116.238.139.35 - - [14/Jun/2023:10:00:22 +0800] "GET /xingrg/all/function/internal_message.html?_=1686707913369&CODE_STATE=getMsg HTTP/1.1" 200 27
61.170.233.201 - - [14/Jun/2023:10:00:23 +0800] "GET /xingrg/all/function/internal_message.html?_=1686708021456&CODE_STATE=getMsg HTTP/1.1" 200 27
116.238.139.35 - - [14/Jun/2023:10:00:23 +0800] "GET /xingrg/all/function/internal_message.html?_=1686708022164&CODE_STATE=getMsg HTTP/1.1" 200 27
222.70.180.90 - - [14/Jun/2023:10:00:29 +0800] "GET /xingrg/all/function/internal_message.html?_=1686708027269&CODE_STATE=getMsg HTTP/1.1" 200 27
124.79.244.240 - - [14/Jun/2023:10:00:39 +0800] "GET /xingrg/all/function/internal_message.html?_=1686708040690&CODE_STATE=getMsg HTTP/1.1" 302 -
124.79.244.240 - - [14/Jun/2023:10:00:39 +0800] "GET /xingrg/login.html HTTP/1.1" 200 7641
116.230.113.47 - - [14/Jun/2023:10:00:40 +0800] "GET /xingrg/kc/buy/cgsh_order_add.html HTTP/1.1" 200 71636
116.230.113.47 - - [14/Jun/2023:10:00:42 +0800] "POST /xingrg/kc/buy/cgsh_order_operate.html HTTP/1.1" 200 8245
116.230.113.47 - - [14/Jun/2023:10:00:42 +0800] "GET /xingrg/javascript/easyui/themes/default/validatebox.css HTTP/1.1" 404 1104
116.230.113.47 - - [14/Jun/2023:10:00:43 +0800] "GET /xingrg/all/function/internal_message.html?_=1686708049241&CODE_STATE=getMsg HTTP/1.1" 200 27
222.70.114.12 - - [14/Jun/2023:10:00:45 +0800] "GET /xingrg/all/function/internal_message.html?_=1686708048858&CODE_STATE=getMsg HTTP/1.1" 200 27
172.20.0.100 - - [14/Jun/2023:10:00:45 +0800] "GET /xingrg/all/function/internal_message.html?_=1686708045206&CODE_STATE=getMsg HTTP/1.1" 200 27
120.253.135.82 - - [14/Jun/2023:10:00:47 +0800] "GET /xingrg/all/function/internal_message.html?_=1686708047356&CODE_STATE=getMsg HTTP/1.1" 200 27
114.85.113.108 - - [14/Jun/2023:10:00:55 +0800] "GET /xingrg/all/function/internal_message.html?_=1686708054922&CODE_STATE=getMsg HTTP/1.1" 200 27
114.85.115.184 - - [14/Jun/2023:10:01:04 +0800] "GET /xingrg/all/function/internal_message.html?_=1686708065266&CODE_STATE=getMsg HTTP/1.1" 200 27
180.169.147.146 - - [14/Jun/2023:10:01:04 +0800] "GET /xingrg/all/function/internal_message.html?_=1686708064185&CODE_STATE=getMsg HTTP/1.1" 200 27
222.70.180.90 - - [14/Jun/2023:10:01:06 +0800] "GET /xingrg/all/function/internal_message.html?_=1686708214941&CODE_STATE=getMsg HTTP/1.1" 200 27
101.83.241.120 - - [14/Jun/2023:10:01:11 +0800] "GET /xingrg/all/function/internal_message.html?_=1686708068454&CODE_STATE=getMsg HTTP/1.1" 200 27
101.83.145.52 - - [14/Jun/2023:10:01:11 +0800] "GET /xingrg/all/function/internal_message.html?_=1686707896981&CODE_STATE=getMsg HTTP/1.1" 200 27
116.230.113.47 - - [14/Jun/2023:10:01:13 +0800] "GET /xingrg/kc/buy/cgsh_order_operate.html?command=get_materiel&rest_code=00146&code=00101006127&supplier_code=00100005&order_time=2023-06-14 HTTP/1.1" 200 423
101.83.145.52 - - [14/Jun/2023:10:01:18 +0800] "GET /xingrg/all/function/internal_message.html?_=1686708078093&CODE_STATE=getMsg HTTP/1.1" 200 27
180.164.3.199 - - [14/Jun/2023:10:01:18 +0800] "GET /xingrg/all/function/internal_message.html?_=1686708078043&CODE_STATE=getMsg HTTP/1.1" 200 27
116.232.195.127 - - [14/Jun/2023:10:01:19 +0800] "GET /xingrg/all/function/internal_message.html?_=1686708092107&CODE_STATE=getMsg HTTP/1.1" 200 27
101.83.240.24 - - [14/Jun/2023:10:01:22 +0800] "GET /xingrg/all/function/internal_message.html?_=1686708188609&CODE_STATE=getMsg HTTP/1.1" 200 27
116.238.139.35 - - [14/Jun/2023:10:01:22 +0800] "GET /xingrg/all/function/internal_message.html?_=1686707973378&CODE_STATE=getMsg HTTP/1.1" 200 27
180.163.29.103 - - [14/Jun/2023:10:01:23 +0800] "GET /xingrg/all/function/internal_message.html?_=1686708021456&CODE_STATE=getMsg HTTP/1.1" 302 -
180.163.29.103 - - [14/Jun/2023:10:01:23 +0800] "GET /xingrg/login.html HTTP/1.1" 200 7641
61.170.233.201 - - [14/Jun/2023:10:01:23 +0800] "GET /xingrg/all/function/internal_message.html?_=1686708081426&CODE_STATE=getMsg HTTP/1.1" 200 27
116.238.139.35 - - [14/Jun/2023:10:01:23 +0800] "GET /xingrg/all/function/internal_message.html?_=1686708082166&CODE_STATE=getMsg HTTP/1.1" 200 27
222.70.180.90 - - [14/Jun/2023:10:01:29 +0800] "GET /xingrg/all/function/internal_message.html?_=1686708087252&CODE_STATE=getMsg HTTP/1.1" 200 27
116.230.113.47 - - [14/Jun/2023:10:01:31 +0800] "GET /xingrg/kc/buy/cgsh_order_operate.html?command=get_materiel&rest_code=00146&code=00101006111&supplier_code=00100005&order_time=2023-06-14 HTTP/1.1" 200 409
124.79.244.240 - - [14/Jun/2023:10:01:39 +0800] "GET /xingrg/all/function/internal_message.html?_=1686708100694&CODE_STATE=getMsg HTTP/1.1" 302 -
124.79.244.240 - - [14/Jun/2023:10:01:39 +0800] "GET /xingrg/login.html HTTP/1.1" 200 7641
116.230.113.47 - - [14/Jun/2023:10:01:43 +0800] "GET /xingrg/all/function/internal_message.html?_=1686708109255&CODE_STATE=getMsg HTTP/1.1" 200 27
222.70.114.12 - - [14/Jun/2023:10:01:45 +0800] "GET /xingrg/all/function/internal_message.html?_=1686708108873&CODE_STATE=getMsg HTTP/1.1" 200 27
222.70.114.12 - - [14/Jun/2023:10:01:45 +0800] "GET /xingrg/check_reg.html?_=1686708108875 HTTP/1.1" 200 22
172.20.0.100 - - [14/Jun/2023:10:01:45 +0800] "GET /xingrg/all/function/internal_message.html?_=1686708105202&CODE_STATE=getMsg HTTP/1.1" 200 27
172.20.0.100 - - [14/Jun/2023:10:01:45 +0800] "GET /xingrg/check_reg.html?_=1686708105204 HTTP/1.1" 200 22
120.253.135.82 - - [14/Jun/2023:10:01:47 +0800] "GET /xingrg/all/function/internal_message.html?_=1686708107368&CODE_STATE=getMsg HTTP/1.1" 200 27
101.229.22.40 - - [14/Jun/2023:10:01:48 +0800] "GET /favicon.ico HTTP/1.1" 404 -
101.229.22.40 - - [14/Jun/2023:10:01:48 +0800] "GET /xingrg/login.html HTTP/1.1" 200 7641
101.229.22.40 - - [14/Jun/2023:10:01:49 +0800] "GET /xingrg/images/blue/jxLogo.png HTTP/1.1" 304 -
101.229.22.40 - - [14/Jun/2023:10:01:49 +0800] "GET /xingrg/images/blue/login_bg.png HTTP/1.1" 304 -
101.229.22.40 - - [14/Jun/2023:10:01:49 +0800] "GET /xingrg/images/blue/hj.png HTTP/1.1" 304 -
101.229.22.40 - - [14/Jun/2023:10:01:49 +0800] "GET /xingrg/images/blue/srbg.png HTTP/1.1" 304 -
101.229.22.40 - - [14/Jun/2023:10:01:50 +0800] "GET /favicon.ico HTTP/1.1" 404 -
114.85.113.108 - - [14/Jun/2023:10:01:55 +0800] "GET /xingrg/all/function/internal_message.html?_=1686708114909&CODE_STATE=getMsg HTTP/1.1" 200 27
101.229.22.40 - - [14/Jun/2023:10:01:57 +0800] "POST /xingrg/login.do HTTP/1.1" 302 -
101.229.22.40 - - [14/Jun/2023:10:01:57 +0800] "GET /xingrg/index.html?sysBaseUrl=http%3A%2F%2F180.169.147.146%3A18081%2Fxingrg%2F&costTime=850×tamp=1686708117811 HTTP/1.1" 200 17179
101.229.22.40 - - [14/Jun/2023:10:01:57 +0800] "GET /xingrg/javascript/jquery_easy_ui/themes/icon.css HTTP/1.1" 304 -
101.229.22.40 - - [14/Jun/2023:10:01:57 +0800] "GET /xingrg/javascript/jquery_easy_ui/themes/default/easyui.css HTTP/1.1" 304 -
101.229.22.40 - - [14/Jun/2023:10:01:57 +0800] "GET /xingrg/css/form.css HTTP/1.1" 304 -
101.229.22.40 - - [14/Jun/2023:10:01:57 +0800] "GET /xingrg/javascript/jquery-1.4.2.min.js HTTP/1.1" 304 -
101.229.22.40 - - [14/Jun/2023:10:01:57 +0800] "GET /xingrg/javascript/jquery.form.js HTTP/1.1" 304 -
101.229.22.40 - - [14/Jun/2023:10:01:57 +0800] "GET /xingrg/javascript/jquery.utils.js HTTP/1.1" 304 -
101.229.22.40 - - [14/Jun/2023:10:01:57 +0800] "GET /xingrg/javascript/jquery_easy_ui/jquery.easyui.min.js HTTP/1.1" 304 -
101.229.22.40 - - [14/Jun/2023:10:01:57 +0800] "GET /xingrg/javascript/jquery_easy_ui/easyui-lang-zh_CN.js HTTP/1.1" 304 -
101.229.22.40 - - [14/Jun/2023:10:01:57 +0800] "GET /xingrg/javascript/jquery.timers.js HTTP/1.1" 304 -
101.229.22.40 - - [14/Jun/2023:10:01:58 +0800] "GET /favicon.ico HTTP/1.1" 404 -
101.229.22.40 - - [14/Jun/2023:10:01:58 +0800] "GET /xingrg/javascript/jquery_easy_ui/themes/icons/settle_new.png HTTP/1.1" 304 -
101.229.22.40 - - [14/Jun/2023:10:01:58 +0800] "GET /xingrg/images/blue/navBackgound.jpg HTTP/1.1" 304 -
116.230.113.47 - - [14/Jun/2023:10:01:58 +0800] "GET /xingrg/kc/buy/cgsh_order_operate.html?command=get_materiel&rest_code=00146&code=00101006130&supplier_code=00100005&order_time=2023-06-14 HTTP/1.1" 200 427
101.229.22.40 - - [14/Jun/2023:10:01:58 +0800] "POST /xingrg/all/common/load_tree.html?tree=area_rest_tree_json&manage=1 HTTP/1.1" 200 351
101.229.22.40 - - [14/Jun/2023:10:01:58 +0800] "GET /xingrg/all/function/internal_message.html?_=1686708117870&CODE_STATE=count HTTP/1.1" 200 11
101.229.22.40 - - [14/Jun/2023:10:01:58 +0800] "GET /xingrg/check_reg.html?_=1686708117872 HTTP/1.1" 200 22
101.229.22.40 - - [14/Jun/2023:10:01:58 +0800] "GET /xingrg/images/blue/pingpu.png HTTP/1.1" 304 -
101.229.22.40 - - [14/Jun/2023:10:01:58 +0800] "GET /xingrg/javascript/jquery_easy_ui/themes/default/images/tabs_leftarrow.png HTTP/1.1" 304 -
101.229.22.40 - - [14/Jun/2023:10:01:58 +0800] "GET /xingrg/javascript/jquery_easy_ui/themes/default/images/tabs_rightarrow.png HTTP/1.1" 304 -
101.229.22.40 - - [14/Jun/2023:10:01:58 +0800] "GET /xingrg/javascript/jquery_easy_ui/themes/default/images/panel_tool_collapse.gif HTTP/1.1" 304 -
101.229.22.40 - - [14/Jun/2023:10:01:58 +0800] "POST /xingrg/load_menu.html HTTP/1.1" 200 5138
101.229.22.40 - - [14/Jun/2023:10:01:58 +0800] "GET /xingrg/javascript/jquery_easy_ui/themes/default/images/tree_arrows.gif HTTP/1.1" 304 -
101.229.22.40 - - [14/Jun/2023:10:01:58 +0800] "GET /xingrg/javascript/jquery_easy_ui/themes/default/images/tree_folder_open.gif HTTP/1.1" 304 -
101.229.22.40 - - [14/Jun/2023:10:01:58 +0800] "GET /xingrg/javascript/jquery_easy_ui/themes/icons/search_new.png HTTP/1.1" 304 -
101.229.22.40 - - [14/Jun/2023:10:01:58 +0800] "GET /xingrg/javascript/jquery_easy_ui/themes/default/images/tree_folder.gif HTTP/1.1" 304 -
101.229.22.40 - - [14/Jun/2023:10:01:58 +0800] "GET /xingrg/javascript/jquery_easy_ui/themes/icons/forms_new.png HTTP/1.1" 304 -
101.229.22.40 - - [14/Jun/2023:10:01:58 +0800] "GET /xingrg/javascript/jquery_easy_ui/themes/icons/storage_new.png HTTP/1.1" 304 -
101.229.22.40 - - [14/Jun/2023:10:01:58 +0800] "GET /xingrg/javascript/jquery_easy_ui/themes/default/images/tree_file.gif HTTP/1.1" 304 -
114.85.115.184 - - [14/Jun/2023:10:02:04 +0800] "GET /xingrg/all/function/internal_message.html?_=1686708125263&CODE_STATE=getMsg HTTP/1.1" 200 27
180.169.147.146 - - [14/Jun/2023:10:02:04 +0800] "GET /xingrg/check_reg.html?_=1686708124179 HTTP/1.1" 200 22
180.169.147.146 - - [14/Jun/2023:10:02:04 +0800] "GET /xingrg/all/function/internal_message.html?_=1686708124182&CODE_STATE=getMsg HTTP/1.1" 200 27
222.70.180.90 - - [14/Jun/2023:10:02:06 +0800] "GET /xingrg/all/function/internal_message.html?_=1686708274938&CODE_STATE=getMsg HTTP/1.1" 200 27
101.83.241.120 - - [14/Jun/2023:10:02:11 +0800] "GET /xingrg/all/function/internal_message.html?_=1686708128432&CODE_STATE=getMsg HTTP/1.1" 200 27
101.83.145.52 - - [14/Jun/2023:10:02:11 +0800] "GET /xingrg/all/function/internal_message.html?_=1686707956981&CODE_STATE=getMsg HTTP/1.1" 200 27
101.83.145.52 - - [14/Jun/2023:10:02:18 +0800] "GET /xingrg/all/function/internal_message.html?_=1686708138094&CODE_STATE=getMsg HTTP/1.1" 200 27
180.164.3.199 - - [14/Jun/2023:10:02:18 +0800] "GET /xingrg/all/function/internal_message.html?_=1686708138033&CODE_STATE=getMsg HTTP/1.1" 200 27
116.232.195.127 - - [14/Jun/2023:10:02:18 +0800] "GET /xingrg/check_reg.html?_=1686708151603 HTTP/1.1" 200 22
116.232.195.127 - - [14/Jun/2023:10:02:19 +0800] "GET /xingrg/all/function/internal_message.html?_=1686708152094&CODE_STATE=getMsg HTTP/1.1" 200 27
101.83.240.24 - - [14/Jun/2023:10:02:22 +0800] "GET /xingrg/check_reg.html?_=1686708248602 HTTP/1.1" 200 22
101.83.240.24 - - [14/Jun/2023:10:02:22 +0800] "GET /xingrg/all/function/internal_message.html?_=1686708248604&CODE_STATE=getMsg HTTP/1.1" 200 27
116.238.139.35 - - [14/Jun/2023:10:02:22 +0800] "GET /xingrg/all/function/internal_message.html?_=1686708033392&CODE_STATE=getMsg HTTP/1.1" 200 27
180.163.30.85 - - [14/Jun/2023:10:02:23 +0800] "GET /xingrg/all/function/internal_message.html?_=1686708081426&CODE_STATE=getMsg HTTP/1.1" 302 -
180.163.30.85 - - [14/Jun/2023:10:02:23 +0800] "GET /xingrg/login.html HTTP/1.1" 200 7641
61.170.233.201 - - [14/Jun/2023:10:02:23 +0800] "GET /xingrg/all/function/internal_message.html?_=1686708141419&CODE_STATE=getMsg HTTP/1.1" 200 27
116.238.139.35 - - [14/Jun/2023:10:02:23 +0800] "GET /xingrg/all/function/internal_message.html?_=1686708142167&CODE_STATE=getMsg HTTP/1.1" 200 27
116.238.139.35 - - [14/Jun/2023:10:02:23 +0800] "GET /xingrg/check_reg.html?_=1686708142169 HTTP/1.1" 200 22
116.230.113.47 - - [14/Jun/2023:10:02:29 +0800] "GET /xingrg/check_reg.html?_=1686708154900 HTTP/1.1" 200 22
222.70.180.90 - - [14/Jun/2023:10:02:29 +0800] "GET /xingrg/all/function/internal_message.html?_=1686708147235&CODE_STATE=getMsg HTTP/1.1" 200 27
124.79.244.240 - - [14/Jun/2023:10:02:39 +0800] "GET /xingrg/all/function/internal_message.html?_=1686708160697&CODE_STATE=getMsg HTTP/1.1" 302 -
124.79.244.240 - - [14/Jun/2023:10:02:39 +0800] "GET /xingrg/check_reg.html?_=1686708160698 HTTP/1.1" 302 -
124.79.244.240 - - [14/Jun/2023:10:02:39 +0800] "GET /xingrg/login.html HTTP/1.1" 200 7641
124.79.244.240 - - [14/Jun/2023:10:02:39 +0800] "GET /xingrg/login.html HTTP/1.1" 200 7641
116.230.113.47 - - [14/Jun/2023:10:02:40 +0800] "GET /xingrg/kc/buy/cgsh_order_operate.html?command=get_materiel&rest_code=00146&code=00101006065&supplier_code=00100005&order_time=2023-06-14 HTTP/1.1" 200 411
116.230.113.47 - - [14/Jun/2023:10:02:43 +0800] "GET /xingrg/all/function/internal_message.html?_=1686708169269&CODE_STATE=getMsg HTTP/1.1" 200 27
222.70.114.12 - - [14/Jun/2023:10:02:45 +0800] "GET /xingrg/all/function/internal_message.html?_=1686708168872&CODE_STATE=getMsg HTTP/1.1" 200 27
172.20.0.100 - - [14/Jun/2023:10:02:45 +0800] "GET /xingrg/all/function/internal_message.html?_=1686708165214&CODE_STATE=getMsg HTTP/1.1" 200 27
120.253.135.82 - - [14/Jun/2023:10:02:47 +0800] "GET /xingrg/all/function/internal_message.html?_=1686708167368&CODE_STATE=getMsg HTTP/1.1" 200 27
116.232.195.127 - - [14/Jun/2023:10:02:49 +0800] "POST /xingrg/services/DataTransmitService HTTP/1.1" 200 524
116.232.195.127 - - [14/Jun/2023:10:02:49 +0800] "POST /xingrg/services/DataTransmitService HTTP/1.1" 200 412
114.85.113.108 - - [14/Jun/2023:10:02:55 +0800] "GET /xingrg/all/function/internal_message.html?_=1686708174887&CODE_STATE=getMsg HTTP/1.1" 200 27
101.229.22.40 - - [14/Jun/2023:10:02:58 +0800] "GET /xingrg/all/function/internal_message.html?_=1686708177886&CODE_STATE=getMsg HTTP/1.1" 200 27
114.85.115.184 - - [14/Jun/2023:10:03:04 +0800] "GET /xingrg/all/function/internal_message.html?_=1686708185240&CODE_STATE=getMsg HTTP/1.1" 200 27
180.169.147.146 - - [14/Jun/2023:10:03:04 +0800] "GET /xingrg/all/function/internal_message.html?_=1686708184169&CODE_STATE=getMsg HTTP/1.1" 200 27
120.253.135.82 - - [14/Jun/2023:10:03:06 +0800] "GET /xingrg/check_reg.html?_=1686708020850 HTTP/1.1" 200 22
222.70.180.90 - - [14/Jun/2023:10:03:06 +0800] "GET /xingrg/all/function/internal_message.html?_=1686708334933&CODE_STATE=getMsg HTTP/1.1" 200 27
116.230.113.47 - - [14/Jun/2023:10:03:10 +0800] "GET /xingrg/kc/buy/cgsh_order_operate.html?command=get_materiel&rest_code=00146&code=00101006184&supplier_code=00100005&order_time=2023-06-14 HTTP/1.1" 200 408
101.83.241.120 - - [14/Jun/2023:10:03:11 +0800] "GET /xingrg/all/function/internal_message.html?_=1686708188408&CODE_STATE=getMsg HTTP/1.1" 200 27
101.83.145.52 - - [14/Jun/2023:10:03:11 +0800] "GET /xingrg/all/function/internal_message.html?_=1686708016981&CODE_STATE=getMsg HTTP/1.1" 200 27
101.83.241.120 - - [14/Jun/2023:10:03:12 +0800] "GET /xingrg/check_reg.html?_=1686708189445 HTTP/1.1" 200 22
101.83.145.52 - - [14/Jun/2023:10:03:18 +0800] "GET /xingrg/all/function/internal_message.html?_=1686708198100&CODE_STATE=getMsg HTTP/1.1" 200 27
101.83.145.52 - - [14/Jun/2023:10:03:18 +0800] "GET /xingrg/check_reg.html?_=1686708198095 HTTP/1.1" 200 22
180.164.3.199 - - [14/Jun/2023:10:03:18 +0800] "GET /xingrg/all/function/internal_message.html?_=1686708198030&CODE_STATE=getMsg HTTP/1.1" 200 27
180.164.3.199 - - [14/Jun/2023:10:03:19 +0800] "GET /xingrg/check_reg.html?_=1686708198357 HTTP/1.1" 200 22
116.232.195.127 - - [14/Jun/2023:10:03:19 +0800] "GET /xingrg/all/function/internal_message.html?_=1686708212075&CODE_STATE=getMsg HTTP/1.1" 200 27
101.83.240.24 - - [14/Jun/2023:10:03:22 +0800] "GET /xingrg/all/function/internal_message.html?_=1686708308602&CODE_STATE=getMsg HTTP/1.1" 200 27
116.238.139.35 - - [14/Jun/2023:10:03:22 +0800] "GET /xingrg/all/function/internal_message.html?_=1686708093409&CODE_STATE=getMsg HTTP/1.1" 200 27
61.170.233.201 - - [14/Jun/2023:10:03:23 +0800] "GET /xingrg/all/function/internal_message.html?_=1686708201426&CODE_STATE=getMsg HTTP/1.1" 200 27
61.170.233.201 - - [14/Jun/2023:10:03:23 +0800] "GET /xingrg/check_reg.html?_=1686708201527 HTTP/1.1" 200 22
116.238.139.35 - - [14/Jun/2023:10:03:23 +0800] "GET /xingrg/all/function/internal_message.html?_=1686708202167&CODE_STATE=getMsg HTTP/1.1" 200 27
61.170.233.201 - - [14/Jun/2023:10:03:24 +0800] "GET /xingrg/kc/buy/cgsh_order_operate.html?command=get_materiel&rest_code=00106&code=00101008361&supplier_code=00100007&order_time=2023-06-14 HTTP/1.1" 200 408
116.230.113.47 - - [14/Jun/2023:10:03:25 +0800] "GET /xingrg/kc/buy/cgsh_order_operate.html?command=get_materiel&rest_code=00146&code=00101006055&supplier_code=00100005&order_time=2023-06-14 HTTP/1.1" 200 409
222.70.180.90 - - [14/Jun/2023:10:03:26 +0800] "GET /xingrg/check_reg.html?_=1686708204022 HTTP/1.1" 200 22
222.70.180.90 - - [14/Jun/2023:10:03:29 +0800] "GET /xingrg/all/function/internal_message.html?_=1686708207207&CODE_STATE=getMsg HTTP/1.1" 200 27
61.170.233.201 - - [14/Jun/2023:10:03:38 +0800] "GET /xingrg/kc/buy/cgsh_order_operate.html?command=get_materiel&rest_code=00106&code=00101008356&supplier_code=00100007&order_time=2023-06-14 HTTP/1.1" 200 408
124.79.244.240 - - [14/Jun/2023:10:03:39 +0800] "GET /xingrg/all/function/internal_message.html?_=1686708220699&CODE_STATE=getMsg HTTP/1.1" 302 -
124.79.244.240 - - [14/Jun/2023:10:03:39 +0800] "GET /xingrg/login.html HTTP/1.1" 200 7641
116.230.113.47 - - [14/Jun/2023:10:03:43 +0800] "GET /xingrg/all/function/internal_message.html?_=1686708229283&CODE_STATE=getMsg HTTP/1.1" 200 27
222.70.114.12 - - [14/Jun/2023:10:03:45 +0800] "GET /xingrg/all/function/internal_message.html?_=1686708228871&CODE_STATE=getMsg HTTP/1.1" 200 27
172.20.0.100 - - [14/Jun/2023:10:03:45 +0800] "GET /xingrg/all/function/internal_message.html?_=1686708225210&CODE_STATE=getMsg HTTP/1.1" 200 27
120.253.135.82 - - [14/Jun/2023:10:03:47 +0800] "GET /xingrg/all/function/internal_message.html?_=1686708227372&CODE_STATE=getMsg HTTP/1.1" 200 27
120.253.135.82 - - [14/Jun/2023:10:03:47 +0800] "GET /xingrg/check_reg.html?_=1686708227376 HTTP/1.1" 200 22
61.170.233.201 - - [14/Jun/2023:10:03:52 +0800] "GET /xingrg/kc/buy/cgsh_order_operate.html?command=get_materiel&rest_code=00106&code=00101008439&supplier_code=00100007&order_time=2023-06-14 HTTP/1.1" 200 413
114.85.113.108 - - [14/Jun/2023:10:03:55 +0800] "GET /xingrg/all/function/internal_message.html?_=1686708234871&CODE_STATE=getMsg HTTP/1.1" 200 27
120.253.135.82 - - [14/Jun/2023:10:03:58 +0800] "GET /xingrg/kc/pszx/mdqp_order_list.html?state=10 HTTP/1.1" 200 11519
120.253.135.82 - - [14/Jun/2023:10:03:58 +0800] "GET /xingrg/dwr/interface/AjaxQqpsService.js HTTP/1.1" 200 16326
120.253.135.82 - - [14/Jun/2023:10:03:58 +0800] "GET /xingrg/dwr/interface/AjaxReportQueryService.js HTTP/1.1" 200 13203
120.253.135.82 - - [14/Jun/2023:10:03:58 +0800] "GET /xingrg/dwr/engine.js HTTP/1.1" 200 43631
101.229.22.40 - - [14/Jun/2023:10:03:58 +0800] "GET /xingrg/all/function/internal_message.html?_=1686708237887&CODE_STATE=getMsg HTTP/1.1" 200 27
120.253.135.82 - - [14/Jun/2023:10:04:03 +0800] "GET /xingrg/kc/pszx/mdqp_order_info.html?code=302023061400212 HTTP/1.1" 200 13346
120.253.135.82 - - [14/Jun/2023:10:04:03 +0800] "GET /xingrg/dwr/interface/AjaxComOrderService.js HTTP/1.1" 200 18264
120.253.135.82 - - [14/Jun/2023:10:04:03 +0800] "GET /xingrg/dwr/interface/AjaxQqpsService.js HTTP/1.1" 200 16326
120.253.135.82 - - [14/Jun/2023:10:04:03 +0800] "GET /xingrg/dwr/engine.js HTTP/1.1" 200 43631
114.85.115.184 - - [14/Jun/2023:10:04:04 +0800] "GET /xingrg/all/function/internal_message.html?_=1686708245213&CODE_STATE=getMsg HTTP/1.1" 200 27
120.253.135.82 - - [14/Jun/2023:10:04:04 +0800] "POST /xingrg/dwr/call/plaincall/AjaxQqpsService.loadMaterielItems.dwr HTTP/1.1" 200 2702
180.169.147.146 - - [14/Jun/2023:10:04:04 +0800] "GET /xingrg/all/function/internal_message.html?_=1686708244183&CODE_STATE=getMsg HTTP/1.1" 200 27
114.85.115.184 - - [14/Jun/2023:10:04:04 +0800] "GET /xingrg/check_reg.html?_=1686708245602 HTTP/1.1" 200 22
116.230.113.47 - - [14/Jun/2023:10:04:06 +0800] "POST /xingrg/kc/buy/cgsh_order_operate.html HTTP/1.1" 200 37
222.70.180.90 - - [14/Jun/2023:10:04:06 +0800] "GET /xingrg/all/function/internal_message.html?_=1686708394927&CODE_STATE=getMsg HTTP/1.1" 200 27
222.70.180.90 - - [14/Jun/2023:10:04:06 +0800] "GET /xingrg/check_reg.html?_=1686708394950 HTTP/1.1" 200 22
61.170.233.201 - - [14/Jun/2023:10:04:09 +0800] "POST /xingrg/kc/buy/cgsh_order_operate.html HTTP/1.1" 200 2065
116.230.113.47 - - [14/Jun/2023:10:04:10 +0800] "POST /xingrg/kc/buy/cgsh_order_operate.html HTTP/1.1" 200 5629
101.83.145.52 - - [14/Jun/2023:10:04:11 +0800] "GET /xingrg/check_reg.html?_=1686708076982 HTTP/1.1" 200 22
101.83.145.52 - - [14/Jun/2023:10:04:11 +0800] "GET /xingrg/all/function/internal_message.html?_=1686708076986&CODE_STATE=getMsg HTTP/1.1" 200 27
61.170.233.201 - - [14/Jun/2023:10:04:14 +0800] "GET /xingrg/kc/buy/cgsh_order_operate.html?command=get_materiel&rest_code=00106&code=00101008295&supplier_code=00100007&order_time=2023-06-14 HTTP/1.1" 200 412
114.85.113.108 - - [14/Jun/2023:10:04:16 +0800] "GET /xingrg/check_reg.html?_=1686708255812 HTTP/1.1" 200 22
116.230.113.47 - - [14/Jun/2023:10:04:17 +0800] "GET /xingrg/kc/print/load_data.html?order_code=212023061404830&kc_code=cgsh&condition= HTTP/1.1" 200 1876
101.83.145.52 - - [14/Jun/2023:10:04:18 +0800] "GET /xingrg/all/function/internal_message.html?_=1686708258084&CODE_STATE=getMsg HTTP/1.1" 200 27
180.164.3.199 - - [14/Jun/2023:10:04:18 +0800] "GET /xingrg/all/function/internal_message.html?_=1686708258023&CODE_STATE=getMsg HTTP/1.1" 200 27
116.232.195.127 - - [14/Jun/2023:10:04:19 +0800] "GET /xingrg/all/function/internal_message.html?_=1686708272049&CODE_STATE=getMsg HTTP/1.1" 200 27
101.83.240.24 - - [14/Jun/2023:10:04:22 +0800] "GET /xingrg/all/function/internal_message.html?_=1686708368602&CODE_STATE=getMsg HTTP/1.1" 200 27
116.238.139.35 - - [14/Jun/2023:10:04:22 +0800] "GET /xingrg/all/function/internal_message.html?_=1686708153419&CODE_STATE=getMsg HTTP/1.1" 200 27
61.170.233.201 - - [14/Jun/2023:10:04:23 +0800] "GET /xingrg/all/function/internal_message.html?_=1686708261398&CODE_STATE=getMsg HTTP/1.1" 200 27
116.238.139.35 - - [14/Jun/2023:10:04:23 +0800] "GET /xingrg/all/function/internal_message.html?_=1686708262171&CODE_STATE=getMsg HTTP/1.1" 200 27
61.170.233.201 - - [14/Jun/2023:10:04:25 +0800] "GET /xingrg/kc/buy/cgsh_order_operate.html?command=get_materiel&rest_code=00106&code=00101008353&supplier_code=00100007&order_time=2023-06-14 HTTP/1.1" 200 408
120.253.135.82 - - [14/Jun/2023:10:04:25 +0800] "GET /xingrg/kc/pszx/mdqp_order_list.html?isBack=1 HTTP/1.1" 302 -
120.253.135.82 - - [14/Jun/2023:10:04:25 +0800] "GET /xingrg/images/yd/bt.gif HTTP/1.1" 404 1040
120.253.135.82 - - [14/Jun/2023:10:04:25 +0800] "GET /xingrg/images/yd/bt2.gif HTTP/1.1" 404 1042
120.253.135.82 - - [14/Jun/2023:10:04:25 +0800] "GET /xingrg/kc/pszx/mdqp_order_list.html?state=10 HTTP/1.1" 200 11519
120.253.135.82 - - [14/Jun/2023:10:04:25 +0800] "GET /xingrg/dwr/interface/AjaxQqpsService.js HTTP/1.1" 200 16326
120.253.135.82 - - [14/Jun/2023:10:04:25 +0800] "GET /xingrg/dwr/interface/AjaxReportQueryService.js HTTP/1.1" 200 13203
120.253.135.82 - - [14/Jun/2023:10:04:25 +0800] "GET /xingrg/dwr/engine.js HTTP/1.1" 200 43631
222.70.180.90 - - [14/Jun/2023:10:04:29 +0800] "GET /xingrg/all/function/internal_message.html?_=1686708267190&CODE_STATE=getMsg HTTP/1.1" 200 27
120.253.135.82 - - [14/Jun/2023:10:04:31 +0800] "GET /xingrg/kc/pszx/mdqp_order_info.html?code=302023061400213 HTTP/1.1" 200 13346
120.253.135.82 - - [14/Jun/2023:10:04:31 +0800] "GET /xingrg/dwr/interface/AjaxQqpsService.js HTTP/1.1" 200 16326
120.253.135.82 - - [14/Jun/2023:10:04:31 +0800] "GET /xingrg/dwr/interface/AjaxComOrderService.js HTTP/1.1" 200 18264
120.253.135.82 - - [14/Jun/2023:10:04:31 +0800] "GET /xingrg/dwr/engine.js HTTP/1.1" 200 43631
120.253.135.82 - - [14/Jun/2023:10:04:32 +0800] "POST /xingrg/dwr/call/plaincall/AjaxQqpsService.loadMaterielItems.dwr HTTP/1.1" 200 369
61.170.233.201 - - [14/Jun/2023:10:04:34 +0800] "GET /xingrg/kc/buy/cgsh_order_operate.html?command=get_materiel&rest_code=00106&code=00101008359&supplier_code=00100007&order_time=2023-06-14 HTTP/1.1" 200 408
222.70.111.174 - - [14/Jun/2023:10:04:34 +0800] "POST /xingrg/services/DataTransmitService HTTP/1.1" 200 524
116.230.113.47 - - [14/Jun/2023:10:04:35 +0800] "GET /xingrg/kc/buy/cgsh_order_add.html HTTP/1.1" 200 71636
116.230.113.47 - - [14/Jun/2023:10:04:37 +0800] "POST /xingrg/kc/buy/cgsh_order_operate.html HTTP/1.1" 200 8245
116.230.113.47 - - [14/Jun/2023:10:04:37 +0800] "GET /xingrg/javascript/easyui/themes/default/validatebox.css HTTP/1.1" 404 1104
124.79.244.240 - - [14/Jun/2023:10:04:39 +0800] "GET /xingrg/all/function/internal_message.html?_=1686708280702&CODE_STATE=getMsg HTTP/1.1" 302 -
124.79.244.240 - - [14/Jun/2023:10:04:39 +0800] "GET /xingrg/login.html HTTP/1.1" 200 7641
120.253.135.82 - - [14/Jun/2023:10:04:39 +0800] "GET /xingrg/kc/pszx/mdqp_order_list.html?isBack=1 HTTP/1.1" 302 -
120.253.135.82 - - [14/Jun/2023:10:04:39 +0800] "GET /xingrg/images/yd/bt2.gif HTTP/1.1" 404 1042
120.253.135.82 - - [14/Jun/2023:10:04:39 +0800] "GET /xingrg/images/yd/bt.gif HTTP/1.1" 404 1040
120.253.135.82 - - [14/Jun/2023:10:04:40 +0800] "GET /xingrg/kc/pszx/mdqp_order_list.html?state=10 HTTP/1.1" 200 11519
120.253.135.82 - - [14/Jun/2023:10:04:40 +0800] "GET /xingrg/dwr/interface/AjaxReportQueryService.js HTTP/1.1" 200 13203
120.253.135.82 - - [14/Jun/2023:10:04:40 +0800] "GET /xingrg/dwr/interface/AjaxQqpsService.js HTTP/1.1" 200 16326
120.253.135.82 - - [14/Jun/2023:10:04:40 +0800] "GET /xingrg/dwr/engine.js HTTP/1.1" 200 43631
61.170.233.201 - - [14/Jun/2023:10:04:42 +0800] "GET /xingrg/kc/buy/cgsh_order_operate.html?command=get_materiel&rest_code=00106&code=00101008213&supplier_code=00100007&order_time=2023-06-14 HTTP/1.1" 200 412
116.230.113.47 - - [14/Jun/2023:10:04:43 +0800] "GET /xingrg/all/function/internal_message.html?_=1686708289296&CODE_STATE=getMsg HTTP/1.1" 200 27
222.70.114.12 - - [14/Jun/2023:10:04:45 +0800] "GET /xingrg/all/function/internal_message.html?_=1686708288870&CODE_STATE=getMsg HTTP/1.1" 200 27
172.20.0.100 - - [14/Jun/2023:10:04:45 +0800] "GET /xingrg/all/function/internal_message.html?_=1686708285209&CODE_STATE=getMsg HTTP/1.1" 200 27
120.253.135.82 - - [14/Jun/2023:10:04:47 +0800] "GET /xingrg/kc/pszx/jzcl_ps.html HTTP/1.1" 200 7683
120.253.135.82 - - [14/Jun/2023:10:04:47 +0800] "GET /xingrg/all/function/internal_message.html?_=1686708287372&CODE_STATE=getMsg HTTP/1.1" 200 27
120.253.135.82 - - [14/Jun/2023:10:04:47 +0800] "POST /xingrg/all/common/load_tree.html?tree=area_rest_tree_json HTTP/1.1" 200 3499
120.253.135.82 - - [14/Jun/2023:10:04:48 +0800] "POST /xingrg/kc/pszx/jzcl_ps_operate.html HTTP/1.1" 200 1225
120.253.135.82 - - [14/Jun/2023:10:04:48 +0800] "POST /xingrg/kc/pszx/jzcl_ps_operate.html HTTP/1.1" 200 1225
114.85.113.108 - - [14/Jun/2023:10:04:55 +0800] "GET /xingrg/all/function/internal_message.html?_=1686708294849&CODE_STATE=getMsg HTTP/1.1" 200 27
116.230.113.47 - - [14/Jun/2023:10:04:58 +0800] "GET /xingrg/kc/buy/cgsh_order_operate.html?command=get_materiel&rest_code=00146&code=00101002027&supplier_code=00100199&order_time=2023-06-14 HTTP/1.1" 200 415
101.229.22.40 - - [14/Jun/2023:10:04:58 +0800] "GET /xingrg/all/function/internal_message.html?_=1686708297888&CODE_STATE=getMsg HTTP/1.1" 200 27
61.170.233.201 - - [14/Jun/2023:10:04:59 +0800] "GET /xingrg/kc/buy/cgsh_order_operate.html?command=get_materiel&rest_code=00106&code=00101008096&supplier_code=00100007&order_time=2023-06-14 HTTP/1.1" 200 413
61.170.233.201 - - [14/Jun/2023:10:05:01 +0800] "POST /xingrg/kc/buy/cgsh_order_operate.html HTTP/1.1" 200 2065
120.253.135.82 - - [14/Jun/2023:10:05:03 +0800] "POST /xingrg/kc/pszx/jzcl_ps_operate.html HTTP/1.1" 200 4
114.85.115.184 - - [14/Jun/2023:10:05:04 +0800] "GET /xingrg/all/function/internal_message.html?_=1686708305184&CODE_STATE=getMsg HTTP/1.1" 200 27
180.169.147.146 - - [14/Jun/2023:10:05:04 +0800] "GET /xingrg/all/function/internal_message.html?_=1686708304182&CODE_STATE=getMsg HTTP/1.1" 200 27
120.253.135.82 - - [14/Jun/2023:10:05:05 +0800] "POST /xingrg/kc/pszx/jzcl_ps_operate.html HTTP/1.1" 200 400
120.253.135.82 - - [14/Jun/2023:10:05:05 +0800] "GET /xingrg/kc/pszx/mdps_order_list.html HTTP/1.1" 200 21032
120.253.135.82 - - [14/Jun/2023:10:05:06 +0800] "POST /xingrg/kc/pszx/mdps_list_operate.html HTTP/1.1" 200 5255
222.70.180.90 - - [14/Jun/2023:10:05:06 +0800] "GET /xingrg/all/function/internal_message.html?_=1686708454931&CODE_STATE=getMsg HTTP/1.1" 200 27
222.67.234.146 - - [14/Jun/2023:10:05:11 +0800] "GET /xingrg/check_reg.html?_=1686707808408 HTTP/1.1" 200 22
101.83.145.52 - - [14/Jun/2023:10:05:11 +0800] "GET /xingrg/all/function/internal_message.html?_=1686708136986&CODE_STATE=getMsg HTTP/1.1" 200 27
120.253.135.82 - - [14/Jun/2023:10:05:17 +0800] "POST /xingrg/kc/pszx/mdps_list_operate.html HTTP/1.1" 200 2058
101.83.145.52 - - [14/Jun/2023:10:05:18 +0800] "GET /xingrg/all/function/internal_message.html?_=1686708318085&CODE_STATE=getMsg HTTP/1.1" 200 27
61.170.233.201 - - [14/Jun/2023:10:05:18 +0800] "GET /xingrg/kc/buy/cgsh_order_operate.html?command=get_materiel&rest_code=00106&code=00101008101&supplier_code=00100007&order_time=2023-06-14 HTTP/1.1" 200 412
180.164.3.199 - - [14/Jun/2023:10:05:18 +0800] "GET /xingrg/all/function/internal_message.html?_=1686708318011&CODE_STATE=getMsg HTTP/1.1" 200 27
116.230.113.47 - - [14/Jun/2023:10:05:19 +0800] "GET /xingrg/kc/buy/cgsh_order_operate.html?command=get_materiel&rest_code=00146&code=00101002007&supplier_code=00100199&order_time=2023-06-14 HTTP/1.1" 200 411
120.253.135.82 - - [14/Jun/2023:10:05:19 +0800] "POST /xingrg/kc/pszx/mdps_list_operate.html HTTP/1.1" 200 208
116.232.195.127 - - [14/Jun/2023:10:05:19 +0800] "GET /xingrg/all/function/internal_message.html?_=1686708332026&CODE_STATE=getMsg HTTP/1.1" 200 27
120.253.135.82 - - [14/Jun/2023:10:05:20 +0800] "GET /xingrg/kc/pszx/mdps_order_info.html?code=312023061400259 HTTP/1.1" 200 23976
120.253.135.82 - - [14/Jun/2023:10:05:20 +0800] "GET /xingrg/javascript/easyui/themes/default/validatebox.css HTTP/1.1" 404 1104
120.253.135.82 - - [14/Jun/2023:10:05:21 +0800] "POST /xingrg/kc/pszx/mdps_order_operate.html HTTP/1.1" 200 2284
116.238.139.35 - - [14/Jun/2023:10:05:22 +0800] "GET /xingrg/check_reg.html?_=1686708213006 HTTP/1.1" 200 22
101.83.240.24 - - [14/Jun/2023:10:05:22 +0800] "GET /xingrg/all/function/internal_message.html?_=1686708428593&CODE_STATE=getMsg HTTP/1.1" 200 27
120.253.135.82 - - [14/Jun/2023:10:05:22 +0800] "POST /xingrg/all/common/load_combo.html?type=base HTTP/1.1" 200 1169
116.238.139.35 - - [14/Jun/2023:10:05:22 +0800] "GET /xingrg/all/function/internal_message.html?_=1686708213432&CODE_STATE=getMsg HTTP/1.1" 200 27
61.170.233.201 - - [14/Jun/2023:10:05:23 +0800] "GET /xingrg/all/function/internal_message.html?_=1686708321375&CODE_STATE=getMsg HTTP/1.1" 200 27
116.238.139.35 - - [14/Jun/2023:10:05:23 +0800] "GET /xingrg/all/function/internal_message.html?_=1686708322174&CODE_STATE=getMsg HTTP/1.1" 200 27
120.253.135.82 - - [14/Jun/2023:10:05:27 +0800] "POST /xingrg/kc/pszx/mdps_order_operate.html HTTP/1.1" 200 37
120.253.135.82 - - [14/Jun/2023:10:05:28 +0800] "GET /xingrg/kc/pszx/mdps_order_info.html?code=312023061400259 HTTP/1.1" 200 23976
120.253.135.82 - - [14/Jun/2023:10:05:29 +0800] "GET /xingrg/javascript/easyui/themes/default/validatebox.css HTTP/1.1" 404 1104
222.70.180.90 - - [14/Jun/2023:10:05:29 +0800] "GET /xingrg/all/function/internal_message.html?_=1686708327175&CODE_STATE=getMsg HTTP/1.1" 200 27
120.253.135.82 - - [14/Jun/2023:10:05:29 +0800] "POST /xingrg/kc/pszx/mdps_order_operate.html HTTP/1.1" 200 2292
120.253.135.82 - - [14/Jun/2023:10:05:33 +0800] "POST /xingrg/kc/pszx/mdps_list_operate.html HTTP/1.1" 200 603
120.253.135.82 - - [14/Jun/2023:10:05:35 +0800] "GET /xingrg/kc/pszx/mdps_order_info.html?code=312023061400260 HTTP/1.1" 200 23976
120.253.135.82 - - [14/Jun/2023:10:05:35 +0800] "GET /xingrg/javascript/easyui/themes/default/validatebox.css HTTP/1.1" 404 1104
120.253.135.82 - - [14/Jun/2023:10:05:36 +0800] "POST /xingrg/kc/pszx/mdps_order_operate.html HTTP/1.1" 200 6261
120.253.135.82 - - [14/Jun/2023:10:05:39 +0800] "POST /xingrg/kc/pszx/mdps_order_operate.html HTTP/1.1" 200 37
124.79.244.240 - - [14/Jun/2023:10:05:39 +0800] "GET /xingrg/all/function/internal_message.html?_=1686708340701&CODE_STATE=getMsg HTTP/1.1" 302 -
124.79.244.240 - - [14/Jun/2023:10:05:39 +0800] "GET /xingrg/login.html HTTP/1.1" 200 7641
120.253.135.82 - - [14/Jun/2023:10:05:40 +0800] "GET /xingrg/kc/pszx/mdps_order_info.html?code=312023061400260 HTTP/1.1" 200 23976
120.253.135.82 - - [14/Jun/2023:10:05:41 +0800] "GET /xingrg/javascript/easyui/themes/default/validatebox.css HTTP/1.1" 404 1104
120.253.135.82 - - [14/Jun/2023:10:05:41 +0800] "POST /xingrg/kc/pszx/mdps_order_operate.html HTTP/1.1" 200 6336
61.170.233.201 - - [14/Jun/2023:10:05:43 +0800] "POST /xingrg/kc/buy/cgsh_order_operate.html HTTP/1.1" 200 37
116.230.113.47 - - [14/Jun/2023:10:05:44 +0800] "GET /xingrg/all/function/internal_message.html?_=1686708349569&CODE_STATE=getMsg HTTP/1.1" 200 27
222.70.114.12 - - [14/Jun/2023:10:05:45 +0800] "GET /xingrg/all/function/internal_message.html?_=1686708348871&CODE_STATE=getMsg HTTP/1.1" 200 27
172.20.0.100 - - [14/Jun/2023:10:05:45 +0800] "GET /xingrg/all/function/internal_message.html?_=1686708345203&CODE_STATE=getMsg HTTP/1.1" 200 27
116.230.113.47 - - [14/Jun/2023:10:05:45 +0800] "GET /xingrg/kc/buy/cgsh_order_operate.html?command=get_materiel&rest_code=00146&code=00101002041&supplier_code=00100199&order_time=2023-06-14 HTTP/1.1" 200 23
120.253.135.82 - - [14/Jun/2023:10:05:47 +0800] "GET /xingrg/all/function/internal_message.html?_=1686708347376&CODE_STATE=getMsg HTTP/1.1" 200 27
114.85.113.108 - - [14/Jun/2023:10:05:55 +0800] "GET /xingrg/all/function/internal_message.html?_=1686708354835&CODE_STATE=getMsg HTTP/1.1" 200 27
116.230.113.47 - - [14/Jun/2023:10:05:55 +0800] "POST /xingrg/kc/buy/cgsh_order_operate.html HTTP/1.1" 200 37
116.230.113.47 - - [14/Jun/2023:10:05:58 +0800] "POST /xingrg/kc/buy/cgsh_order_operate.html HTTP/1.1" 200 3253
101.229.22.40 - - [14/Jun/2023:10:05:58 +0800] "GET /xingrg/all/function/internal_message.html?_=1686708357888&CODE_STATE=getMsg HTTP/1.1" 200 27
114.85.115.184 - - [14/Jun/2023:10:06:04 +0800] "GET /xingrg/all/function/internal_message.html?_=1686708365163&CODE_STATE=getMsg HTTP/1.1" 200 27
180.169.147.146 - - [14/Jun/2023:10:06:04 +0800] "GET /xingrg/all/function/internal_message.html?_=1686708364179&CODE_STATE=getMsg HTTP/1.1" 200 27
120.253.135.82 - - [14/Jun/2023:10:06:05 +0800] "POST /xingrg/kc/pszx/mdps_list_operate.html HTTP/1.1" 200 2058
222.70.180.90 - - [14/Jun/2023:10:06:06 +0800] "GET /xingrg/all/function/internal_message.html?_=1686708514934&CODE_STATE=getMsg HTTP/1.1" 200 27
116.230.113.47 - - [14/Jun/2023:10:06:07 +0800] "POST /xingrg/kc/buy/cgsh_list_operate.html HTTP/1.1" 200 2726
120.253.135.82 - - [14/Jun/2023:10:06:07 +0800] "POST /xingrg/kc/pszx/mdps_list_operate.html HTTP/1.1" 200 208
101.83.145.52 - - [14/Jun/2023:10:06:11 +0800] "GET /xingrg/all/function/internal_message.html?_=1686708196985&CODE_STATE=getMsg HTTP/1.1" 200 27
61.170.233.201 - - [14/Jun/2023:10:06:12 +0800] "POST /xingrg/kc/buy/cgsh_order_operate.html HTTP/1.1" 200 28687
116.230.113.47 - - [14/Jun/2023:10:06:12 +0800] "POST /xingrg/kc/buy/cgsh_list_operate.html HTTP/1.1" 200 573
116.230.113.47 - - [14/Jun/2023:10:06:15 +0800] "POST /xingrg/kc/buy/cgsh_list_operate.html HTTP/1.1" 200 581
116.230.113.47 - - [14/Jun/2023:10:06:17 +0800] "GET /xingrg/kc/buy/cgsh_order_info.html?code=212023061404830 HTTP/1.1" 200 71645
