180.164.3.199 - - [14/Jun/2023:09:29:45 +0800] "GET /xingrg/kc/buy/cgsh_order_operate.html?command=get_materiel&rest_code=00108&code=00101009118&supplier_code=00100593&order_time=2023-06-14 HTTP/1.1" 200 405
222.70.114.12 - - [14/Jun/2023:09:29:45 +0800] "GET /xingrg/all/function/internal_message.html?_=1686706188788&CODE_STATE=getMsg HTTP/1.1" 200 27
172.20.0.100 - - [14/Jun/2023:09:29:45 +0800] "GET /xingrg/all/function/internal_message.html?_=1686706185203&CODE_STATE=getMsg HTTP/1.1" 200 27
116.238.139.35 - - [14/Jun/2023:09:29:45 +0800] "POST /xingrg/all/common/load_combo.html?type=base&rest_code=00151 HTTP/1.1" 200 2307
114.85.115.184 - - [14/Jun/2023:09:29:46 +0800] "POST /xingrg/all/report/load_report_page.html HTTP/1.1" 200 91986
114.85.115.184 - - [14/Jun/2023:09:29:46 +0800] "GET /xingrg/servlets/image?cache=0.2867493845090545&image=px HTTP/1.1" 200 807
116.238.139.35 - - [14/Jun/2023:09:29:49 +0800] "POST /xingrg/all/common/load_combo.html?type=employee HTTP/1.1" 200 532
116.238.139.35 - - [14/Jun/2023:09:29:54 +0800] "POST /xingrg/kc/mdqp/pssh_order_operate.html HTTP/1.1" 200 37
114.85.113.108 - - [14/Jun/2023:09:29:55 +0800] "GET /xingrg/all/function/internal_message.html?_=1686706195461&CODE_STATE=getMsg HTTP/1.1" 200 27
222.70.180.90 - - [14/Jun/2023:09:29:56 +0800] "POST /xingrg/kc/buy/cgsh_order_operate.html HTTP/1.1" 200 37
116.238.139.35 - - [14/Jun/2023:09:29:57 +0800] "POST /xingrg/kc/mdqp/pssh_order_operate.html HTTP/1.1" 200 12
116.230.113.47 - - [14/Jun/2023:09:29:58 +0800] "GET /xingrg/kc/buy/cgsh_order_operate.html?command=get_materiel&rest_code=00146&code=00101008080&supplier_code=00100005&order_time=2023-06-14 HTTP/1.1" 200 416
222.70.180.90 - - [14/Jun/2023:09:29:58 +0800] "POST /xingrg/kc/buy/cgsh_order_operate.html HTTP/1.1" 200 6218
114.85.115.184 - - [14/Jun/2023:09:29:59 +0800] "GET /xingrg/all/function/internal_message.html?_=1686706200096&CODE_STATE=getMsg HTTP/1.1" 200 27
114.85.115.184 - - [14/Jun/2023:09:29:59 +0800] "GET /xingrg/kc/base/crk_hz.html?_=1686706200362&command=get_cost_id&end_date=2023-04-30&start_date=2023-04-01 HTTP/1.1" 200 51
114.85.115.184 - - [14/Jun/2023:09:29:59 +0800] "GET /xingrg/all/report/report_query.html?isQuery=1&onlyBody=1&rh=99999&rw=1800&varString=start:20230401,cost_id:4268,mid:20230401&fileName=kc/base/crk_hz_type_by_base.xml&queryString=%20a.base_code%20in%20('0010490')%20%20and%20m.sort_code%20in%20('00101001','00101002','00101003','00101004','00101005','00101006','00101007','00101008','00101009','00101010','00101011','00101012','00101013','00101014','00101015','00101016','00101017','00101018','00101019','00101020','00101021','00101022','00101023','00101024','00101025','00101026','00101027','00101028','00101029','00101030','00101031','00101032','00101033','00101034','00101036','00101037','00101038','00101039','00101040','00101041','00101042','00101043')%20&queryText=ÈÕÆÚ£º2023-04-01ÖÁ2023-04-30%20²Ö¿â£ºÔ±¹¤²Í&tableQueryString=materiel_table$sp1$$sp$before_table$sp1$$sp$crk_table$sp1$order_day%20between%2020230401%20and%2020230430 HTTP/1.1" 200 49885
114.85.115.184 - - [14/Jun/2023:09:29:59 +0800] "GET /xingrg/dwr/interface/AjaxReportQueryService.js HTTP/1.1" 200 13203
114.85.115.184 - - [14/Jun/2023:09:29:59 +0800] "GET /xingrg/dwr/engine.js HTTP/1.1" 200 43631
116.238.139.35 - - [14/Jun/2023:09:30:03 +0800] "GET /xingrg/kc/mdqp/pssh_order_info.html?code=312023061300255 HTTP/1.1" 200 14402
114.85.115.184 - - [14/Jun/2023:09:30:03 +0800] "POST /xingrg/all/report/load_report_page.html HTTP/1.1" 200 94575
222.70.180.90 - - [14/Jun/2023:09:30:03 +0800] "GET /xingrg/kc/print/load_data.html?order_code=212023061404822&kc_code=cgsh&condition= HTTP/1.1" 200 2127
116.238.139.35 - - [14/Jun/2023:09:30:03 +0800] "GET /xingrg/javascript/jquery_tools/jquery-1.4.2.min.js HTTP/1.1" 404 1094
114.85.115.184 - - [14/Jun/2023:09:30:03 +0800] "GET /xingrg/servlets/image?cache=0.5936067116430549&image=px HTTP/1.1" 200 807
116.238.139.35 - - [14/Jun/2023:09:30:03 +0800] "GET /xingrg/javascript/easyui/themes/default/validatebox.css HTTP/1.1" 404 1104
116.238.139.35 - - [14/Jun/2023:09:30:03 +0800] "POST /xingrg/kc/mdqp/pssh_order_operate.html HTTP/1.1" 200 1063
116.238.139.35 - - [14/Jun/2023:09:30:06 +0800] "GET /xingrg/kc/print/load_config.html?kc_code=pssh HTTP/1.1" 200 2368
116.238.139.35 - - [14/Jun/2023:09:30:06 +0800] "GET /xingrg/kc/print/load_data.html?order_code=312023061300255&kc_code=pssh&condition= HTTP/1.1" 200 874
101.83.145.52 - - [14/Jun/2023:09:30:11 +0800] "GET /xingrg/all/function/internal_message.html?_=1686706036949&CODE_STATE=getMsg HTTP/1.1" 200 27
101.83.241.120 - - [14/Jun/2023:09:30:11 +0800] "GET /xingrg/all/function/internal_message.html?_=1686706209099&CODE_STATE=getMsg HTTP/1.1" 200 27
116.230.113.47 - - [14/Jun/2023:09:30:12 +0800] "GET /xingrg/kc/buy/cgsh_order_operate.html?command=get_materiel&rest_code=00146&code=00101008244&supplier_code=00100005&order_time=2023-06-14 HTTP/1.1" 200 408
101.83.145.52 - - [14/Jun/2023:09:30:18 +0800] "GET /xingrg/all/function/internal_message.html?_=1686706218062&CODE_STATE=getMsg HTTP/1.1" 200 27
180.164.3.199 - - [14/Jun/2023:09:30:19 +0800] "GET /xingrg/all/function/internal_message.html?_=1686706218408&CODE_STATE=getMsg HTTP/1.1" 200 27
116.232.195.127 - - [14/Jun/2023:09:30:19 +0800] "GET /xingrg/all/function/internal_message.html?_=1686706232640&CODE_STATE=getMsg HTTP/1.1" 200 27
120.253.135.82 - - [14/Jun/2023:09:30:20 +0800] "GET /xingrg/all/function/internal_message.html?_=1686706055565&CODE_STATE=getMsg HTTP/1.1" 200 27
116.238.139.35 - - [14/Jun/2023:09:30:21 +0800] "POST /xingrg/all/user/operate.html HTTP/1.1" 200 36
116.238.139.35 - - [14/Jun/2023:09:30:22 +0800] "GET /xingrg/index.html?sysBaseUrl=http%3A%2F%2F180.169.147.146%3A18081%2Fxingrg%2F&costTime=1129×tamp=1686701704151 HTTP/1.1" 200 17179
116.238.139.35 - - [14/Jun/2023:09:30:22 +0800] "GET /xingrg/javascript/jquery_easy_ui/themes/default/easyui.css HTTP/1.1" 304 -
116.238.139.35 - - [14/Jun/2023:09:30:22 +0800] "GET /xingrg/javascript/jquery_easy_ui/themes/icon.css HTTP/1.1" 304 -
116.238.139.35 - - [14/Jun/2023:09:30:22 +0800] "GET /xingrg/css/form.css HTTP/1.1" 304 -
116.238.139.35 - - [14/Jun/2023:09:30:22 +0800] "GET /xingrg/javascript/jquery-1.4.2.min.js HTTP/1.1" 304 -
116.238.139.35 - - [14/Jun/2023:09:30:22 +0800] "GET /xingrg/javascript/jquery_easy_ui/jquery.easyui.min.js HTTP/1.1" 304 -
116.238.139.35 - - [14/Jun/2023:09:30:22 +0800] "GET /xingrg/javascript/jquery_easy_ui/easyui-lang-zh_CN.js HTTP/1.1" 304 -
116.238.139.35 - - [14/Jun/2023:09:30:22 +0800] "GET /xingrg/javascript/jquery.form.js HTTP/1.1" 304 -
116.238.139.35 - - [14/Jun/2023:09:30:22 +0800] "GET /xingrg/javascript/jquery.utils.js HTTP/1.1" 304 -
116.238.139.35 - - [14/Jun/2023:09:30:22 +0800] "GET /xingrg/javascript/jquery.timers.js HTTP/1.1" 304 -
116.238.139.35 - - [14/Jun/2023:09:30:22 +0800] "GET /xingrg/images/blue/jxLogo.png HTTP/1.1" 304 -
116.238.139.35 - - [14/Jun/2023:09:30:22 +0800] "GET /xingrg/images/blue/navBackgound.jpg HTTP/1.1" 304 -
116.238.139.35 - - [14/Jun/2023:09:30:22 +0800] "GET /xingrg/javascript/jquery_easy_ui/themes/icons/settle_new.png HTTP/1.1" 304 -
116.238.139.35 - - [14/Jun/2023:09:30:22 +0800] "GET /xingrg/images/blue/pingpu.png HTTP/1.1" 304 -
116.238.139.35 - - [14/Jun/2023:09:30:22 +0800] "GET /xingrg/javascript/jquery_easy_ui/themes/default/images/tabs_leftarrow.png HTTP/1.1" 304 -
116.238.139.35 - - [14/Jun/2023:09:30:22 +0800] "GET /xingrg/javascript/jquery_easy_ui/themes/default/images/tabs_rightarrow.png HTTP/1.1" 304 -
116.238.139.35 - - [14/Jun/2023:09:30:22 +0800] "GET /xingrg/javascript/jquery_easy_ui/themes/default/images/panel_tool_collapse.gif HTTP/1.1" 304 -
116.238.139.35 - - [14/Jun/2023:09:30:22 +0800] "GET /xingrg/all/function/internal_message.html?_=1686706112955&CODE_STATE=count HTTP/1.1" 200 11
116.238.139.35 - - [14/Jun/2023:09:30:22 +0800] "GET /xingrg/check_reg.html?_=1686706112956 HTTP/1.1" 200 22
116.238.139.35 - - [14/Jun/2023:09:30:22 +0800] "POST /xingrg/all/common/load_tree.html?tree=area_rest_tree_json&manage=1 HTTP/1.1" 200 476
116.238.139.35 - - [14/Jun/2023:09:30:22 +0800] "POST /xingrg/load_menu.html HTTP/1.1" 200 5138
101.83.240.24 - - [14/Jun/2023:09:30:22 +0800] "GET /xingrg/all/function/internal_message.html?_=1686706328612&CODE_STATE=getMsg HTTP/1.1" 200 27
180.164.3.199 - - [14/Jun/2023:09:30:23 +0800] "GET /xingrg/kc/buy/cgsh_order_operate.html?command=get_materiel&rest_code=00108&code=00101009004&supplier_code=00100593&order_time=2023-06-14 HTTP/1.1" 200 409
61.170.233.201 - - [14/Jun/2023:09:30:23 +0800] "GET /xingrg/all/function/internal_message.html?_=1686706221461&CODE_STATE=getMsg HTTP/1.1" 200 27
116.230.113.47 - - [14/Jun/2023:09:30:23 +0800] "GET /xingrg/kc/buy/cgsh_order_operate.html?command=get_materiel&rest_code=00146&code=00101008354&supplier_code=00100005&order_time=2023-06-14 HTTP/1.1" 200 412
116.238.139.35 - - [14/Jun/2023:09:30:23 +0800] "GET /xingrg/all/function/internal_message.html?_=1686706222148&CODE_STATE=getMsg HTTP/1.1" 200 27
116.238.139.35 - - [14/Jun/2023:09:30:25 +0800] "GET /xingrg/kc/mdqp/pssh_order_list.html HTTP/1.1" 200 17886
116.238.139.35 - - [14/Jun/2023:09:30:25 +0800] "POST /xingrg/kc/mdqp/pssh_list_operate.html HTTP/1.1" 200 5480
116.238.139.35 - - [14/Jun/2023:09:30:27 +0800] "POST /xingrg/kc/mdqp/pssh_list_operate.html HTTP/1.1" 200 264
116.238.139.35 - - [14/Jun/2023:09:30:28 +0800] "GET /xingrg/kc/mdqp/pssh_order_info.html?code=312023061300254 HTTP/1.1" 200 17278
116.238.139.35 - - [14/Jun/2023:09:30:28 +0800] "GET /xingrg/javascript/jquery_tools/jquery-1.4.2.min.js HTTP/1.1" 404 1094
116.238.139.35 - - [14/Jun/2023:09:30:29 +0800] "GET /xingrg/javascript/easyui/themes/default/validatebox.css HTTP/1.1" 404 1104
116.238.139.35 - - [14/Jun/2023:09:30:29 +0800] "GET /xingrg/all/common/auto_word.html?type=base&rest_code=00150&rest_code=00150 HTTP/1.1" 200 1853
116.238.139.35 - - [14/Jun/2023:09:30:29 +0800] "POST /xingrg/kc/mdqp/pssh_order_operate.html HTTP/1.1" 200 547
120.253.135.82 - - [14/Jun/2023:09:30:29 +0800] "GET /xingrg/check_reg.html?_=1686706243339 HTTP/1.1" 200 22
120.253.135.82 - - [14/Jun/2023:09:30:29 +0800] "GET /xingrg/all/function/internal_message.html?_=1686706243342&CODE_STATE=getMsg HTTP/1.1" 200 27
222.70.180.90 - - [14/Jun/2023:09:30:30 +0800] "GET /xingrg/all/function/internal_message.html?_=1686706227796&CODE_STATE=getMsg HTTP/1.1" 200 27
222.70.180.90 - - [14/Jun/2023:09:30:32 +0800] "GET /xingrg/all/function/internal_message.html?_=1686706380361&CODE_STATE=getMsg HTTP/1.1" 302 -
116.238.139.35 - - [14/Jun/2023:09:30:32 +0800] "POST /xingrg/all/common/load_combo.html?type=base&rest_code=00150 HTTP/1.1" 200 3318
116.230.113.47 - - [14/Jun/2023:09:30:34 +0800] "GET /xingrg/kc/buy/cgsh_order_operate.html?command=get_materiel&rest_code=00146&code=00101008028&supplier_code=00100005&order_time=2023-06-14 HTTP/1.1" 200 412
116.238.139.35 - - [14/Jun/2023:09:30:34 +0800] "POST /xingrg/all/common/load_combo.html?type=employee HTTP/1.1" 200 280
116.238.139.35 - - [14/Jun/2023:09:30:38 +0800] "POST /xingrg/kc/mdqp/pssh_order_operate.html HTTP/1.1" 200 37
124.79.244.240 - - [14/Jun/2023:09:30:39 +0800] "GET /xingrg/all/function/internal_message.html?_=1686706240631&CODE_STATE=getMsg HTTP/1.1" 302 -
124.79.244.240 - - [14/Jun/2023:09:30:39 +0800] "GET /xingrg/login.html HTTP/1.1" 200 7641
114.85.115.184 - - [14/Jun/2023:09:30:39 +0800] "GET /xingrg/kc/base/crk_hz.html?_=1686706240122&command=get_cost_id&end_date=2023-05-31&start_date=2023-05-01 HTTP/1.1" 200 51
114.85.115.184 - - [14/Jun/2023:09:30:39 +0800] "GET /xingrg/all/report/report_query.html?isQuery=1&onlyBody=1&rh=99999&rw=1800&varString=start:20230501,cost_id:4339,mid:20230501&fileName=kc/base/crk_hz_type_by_base.xml&queryString=%20a.base_code%20in%20('0010490')%20%20and%20m.sort_code%20in%20('00101001','00101002','00101003','00101004','00101005','00101006','00101007','00101008','00101009','00101010','00101011','00101012','00101013','00101014','00101015','00101016','00101017','00101018','00101019','00101020','00101021','00101022','00101023','00101024','00101025','00101026','00101027','00101028','00101029','00101030','00101031','00101032','00101033','00101034','00101036','00101037','00101038','00101039','00101040','00101041','00101042','00101043')%20&queryText=ÈÕÆÚ£º2023-05-01ÖÁ2023-05-31%20²Ö¿â£ºÔ±¹¤²Í&tableQueryString=materiel_table$sp1$$sp$before_table$sp1$$sp$crk_table$sp1$order_day%20between%2020230501%20and%2020230531 HTTP/1.1" 200 49885
114.85.115.184 - - [14/Jun/2023:09:30:39 +0800] "GET /xingrg/dwr/interface/AjaxReportQueryService.js HTTP/1.1" 200 13203
114.85.115.184 - - [14/Jun/2023:09:30:39 +0800] "GET /xingrg/dwr/engine.js HTTP/1.1" 200 43631
116.230.113.47 - - [14/Jun/2023:09:30:41 +0800] "GET /xingrg/all/function/internal_message.html?_=1686706246837&CODE_STATE=getMsg HTTP/1.1" 200 27
116.238.139.35 - - [14/Jun/2023:09:30:43 +0800] "POST /xingrg/kc/mdqp/pssh_order_operate.html HTTP/1.1" 200 12
114.85.115.184 - - [14/Jun/2023:09:30:43 +0800] "POST /xingrg/all/report/load_report_page.html HTTP/1.1" 200 94673
114.85.115.184 - - [14/Jun/2023:09:30:43 +0800] "GET /xingrg/servlets/image?cache=0.33031509994330743&image=px HTTP/1.1" 200 807
116.238.139.35 - - [14/Jun/2023:09:30:45 +0800] "GET /xingrg/kc/mdqp/pssh_order_info.html?code=312023061300254 HTTP/1.1" 200 14406
116.238.139.35 - - [14/Jun/2023:09:30:45 +0800] "GET /xingrg/javascript/jquery_tools/jquery-1.4.2.min.js HTTP/1.1" 404 1094
222.70.114.12 - - [14/Jun/2023:09:30:45 +0800] "GET /xingrg/all/function/internal_message.html?_=1686706248788&CODE_STATE=getMsg HTTP/1.1" 200 27
116.238.139.35 - - [14/Jun/2023:09:30:45 +0800] "GET /xingrg/javascript/easyui/themes/default/validatebox.css HTTP/1.1" 404 1104
172.20.0.100 - - [14/Jun/2023:09:30:45 +0800] "GET /xingrg/all/function/internal_message.html?_=1686706245206&CODE_STATE=getMsg HTTP/1.1" 200 27
116.238.139.35 - - [14/Jun/2023:09:30:45 +0800] "POST /xingrg/kc/mdqp/pssh_order_operate.html HTTP/1.1" 200 547
116.230.113.47 - - [14/Jun/2023:09:30:47 +0800] "GET /xingrg/kc/buy/cgsh_order_operate.html?command=get_materiel&rest_code=00146&code=00101008290&supplier_code=00100005&order_time=2023-06-14 HTTP/1.1" 200 416
116.238.139.35 - - [14/Jun/2023:09:30:47 +0800] "GET /xingrg/kc/print/load_data.html?order_code=312023061300254&kc_code=pssh&condition= HTTP/1.1" 200 713
180.164.3.199 - - [14/Jun/2023:09:30:52 +0800] "GET /xingrg/kc/buy/cgsh_order_operate.html?command=get_materiel&rest_code=00108&code=00101015158&supplier_code=00100593&order_time=2023-06-14 HTTP/1.1" 200 421
114.85.113.108 - - [14/Jun/2023:09:30:55 +0800] "GET /xingrg/all/function/internal_message.html?_=1686706255430&CODE_STATE=getMsg HTTP/1.1" 200 27
116.230.113.47 - - [14/Jun/2023:09:30:58 +0800] "GET /xingrg/kc/buy/cgsh_order_operate.html?command=get_materiel&rest_code=00146&code=00101008175&supplier_code=00100005&order_time=2023-06-14 HTTP/1.1" 200 412
114.85.115.184 - - [14/Jun/2023:09:30:59 +0800] "GET /xingrg/all/function/internal_message.html?_=1686706260271&CODE_STATE=getMsg HTTP/1.1" 200 27
101.83.145.52 - - [14/Jun/2023:09:31:11 +0800] "GET /xingrg/all/function/internal_message.html?_=1686706096948&CODE_STATE=getMsg HTTP/1.1" 200 27
101.83.241.120 - - [14/Jun/2023:09:31:11 +0800] "GET /xingrg/all/function/internal_message.html?_=1686706269084&CODE_STATE=getMsg HTTP/1.1" 200 27
114.85.115.184 - - [14/Jun/2023:09:31:12 +0800] "GET /xingrg/javascript/jquery_easy_ui/themes/default/images/tabs_active.png HTTP/1.1" 200 2894
114.85.115.184 - - [14/Jun/2023:09:31:16 +0800] "GET /xingrg/kc/buy/cgsh_order_list.html HTTP/1.1" 200 55854
114.85.115.184 - - [14/Jun/2023:09:31:17 +0800] "GET /xingrg/css/base.css HTTP/1.1" 200 2811
114.85.115.184 - - [14/Jun/2023:09:31:17 +0800] "GET /xingrg/css/site.css HTTP/1.1" 200 7541
114.85.115.184 - - [14/Jun/2023:09:31:17 +0800] "GET /xingrg/javascript/jquery_tools/fix.css HTTP/1.1" 200 1702
114.85.115.184 - - [14/Jun/2023:09:31:17 +0800] "GET /xingrg/javascript/jquery_tools/datebox.css HTTP/1.1" 200 2597
114.85.115.184 - - [14/Jun/2023:09:31:17 +0800] "GET /xingrg/javascript/easyui/themes/icon.css HTTP/1.1" 200 4483
114.85.115.184 - - [14/Jun/2023:09:31:17 +0800] "GET /xingrg/javascript/easyui/themes/default/easyui.css HTTP/1.1" 200 30432
114.85.115.184 - - [14/Jun/2023:09:31:17 +0800] "GET /xingrg/javascript/jquery_tools/table.css HTTP/1.1" 200 1032
114.85.115.184 - - [14/Jun/2023:09:31:17 +0800] "GET /xingrg/javascript/auto/jquery.autocomplete.css HTTP/1.1" 200 587
114.85.115.184 - - [14/Jun/2023:09:31:17 +0800] "GET /xingrg/javascript/jquery_tools/jquery.tools.min.js HTTP/1.1" 200 138801
114.85.115.184 - - [14/Jun/2023:09:31:17 +0800] "GET /xingrg/javascript/jquery_tools/jquery.tools.hotkey.js HTTP/1.1" 200 3242
114.85.115.184 - - [14/Jun/2023:09:31:17 +0800] "GET /xingrg/javascript/jquery_tools/jquery.tools.extend.js HTTP/1.1" 200 15385
114.85.115.184 - - [14/Jun/2023:09:31:17 +0800] "GET /xingrg/javascript/jquery_tools/jquery.tools.table.js HTTP/1.1" 200 6994
114.85.115.184 - - [14/Jun/2023:09:31:17 +0800] "GET /xingrg/javascript/jquery_tools/list_manager.js HTTP/1.1" 200 3652
114.85.115.184 - - [14/Jun/2023:09:31:17 +0800] "GET /xingrg/javascript/auto/jquery.autocomplete.js HTTP/1.1" 200 21624
114.85.115.184 - - [14/Jun/2023:09:31:17 +0800] "GET /xingrg/javascript/easyui/easyloader.js HTTP/1.1" 200 5975
114.85.115.184 - - [14/Jun/2023:09:31:17 +0800] "GET /xingrg/javascript/jquery.cookie.js HTTP/1.1" 200 5513
114.85.115.184 - - [14/Jun/2023:09:31:17 +0800] "GET /xingrg/javascript/print/LodopFuncs.js HTTP/1.1" 200 5121
114.85.115.184 - - [14/Jun/2023:09:31:17 +0800] "GET /xingrg/javascript/easyui/themes/icons/edit_add_new.png HTTP/1.1" 200 2997
114.85.115.184 - - [14/Jun/2023:09:31:17 +0800] "GET /xingrg/javascript/easyui/themes/icons/check_new.png HTTP/1.1" 200 3224
114.85.115.184 - - [14/Jun/2023:09:31:17 +0800] "GET /xingrg/javascript/easyui/themes/icons/cance_new.png HTTP/1.1" 200 3986
114.85.115.184 - - [14/Jun/2023:09:31:17 +0800] "GET /xingrg/javascript/easyui/themes/icons/import_new.png HTTP/1.1" 200 1247
114.85.115.184 - - [14/Jun/2023:09:31:17 +0800] "GET /xingrg/javascript/easyui/themes/icons/field_new.png HTTP/1.1" 200 1097
114.85.115.184 - - [14/Jun/2023:09:31:17 +0800] "GET /xingrg/javascript/easyui/plugins/jquery.parser.js HTTP/1.1" 200 1142
101.83.145.52 - - [14/Jun/2023:09:31:18 +0800] "GET /xingrg/all/function/internal_message.html?_=1686706278065&CODE_STATE=getMsg HTTP/1.1" 200 27
180.164.3.199 - - [14/Jun/2023:09:31:19 +0800] "GET /xingrg/all/function/internal_message.html?_=1686706278395&CODE_STATE=getMsg HTTP/1.1" 200 27
114.85.115.184 - - [14/Jun/2023:09:31:19 +0800] "POST /xingrg/kc/buy/cgsh_list_operate.html HTTP/1.1" 200 986
116.230.113.47 - - [14/Jun/2023:09:31:19 +0800] "GET /xingrg/kc/buy/cgsh_order_operate.html?command=get_materiel&rest_code=00146&code=00101008361&supplier_code=00100005&order_time=2023-06-14 HTTP/1.1" 200 408
116.232.195.127 - - [14/Jun/2023:09:31:19 +0800] "GET /xingrg/all/function/internal_message.html?_=1686706292614&CODE_STATE=getMsg HTTP/1.1" 200 27
120.253.135.82 - - [14/Jun/2023:09:31:21 +0800] "GET /xingrg/all/function/internal_message.html?_=1686706115721&CODE_STATE=getMsg HTTP/1.1" 200 27
116.238.139.35 - - [14/Jun/2023:09:31:22 +0800] "GET /xingrg/all/function/internal_message.html?_=1686706172970&CODE_STATE=getMsg HTTP/1.1" 200 27
114.85.115.184 - - [14/Jun/2023:09:31:22 +0800] "GET /xingrg/javascript/easyui/themes/default/images/button_plain_hover.png HTTP/1.1" 200 144
101.83.240.24 - - [14/Jun/2023:09:31:22 +0800] "GET /xingrg/all/function/internal_message.html?_=1686706388608&CODE_STATE=getMsg HTTP/1.1" 200 27
61.170.233.201 - - [14/Jun/2023:09:31:23 +0800] "GET /xingrg/all/function/internal_message.html?_=1686706281465&CODE_STATE=getMsg HTTP/1.1" 200 27
114.85.115.184 - - [14/Jun/2023:09:31:23 +0800] "GET /xingrg/kc/buy/cgsh_order_add.html HTTP/1.1" 200 71671
114.85.115.184 - - [14/Jun/2023:09:31:23 +0800] "GET /xingrg/javascript/jquery_tools/order_manager.js HTTP/1.1" 200 11183
114.85.115.184 - - [14/Jun/2023:09:31:23 +0800] "GET /xingrg/javascript/convert.js HTTP/1.1" 200 1239
114.85.115.184 - - [14/Jun/2023:09:31:23 +0800] "GET /xingrg/javascript/print/kc_print.js HTTP/1.1" 200 11415
114.85.115.184 - - [14/Jun/2023:09:31:23 +0800] "GET /xingrg/words/20230612075447_words.js HTTP/1.1" 200 968190
116.238.139.35 - - [14/Jun/2023:09:31:23 +0800] "GET /xingrg/all/function/internal_message.html?_=1686706282149&CODE_STATE=getMsg HTTP/1.1" 200 27
114.85.115.184 - - [14/Jun/2023:09:31:23 +0800] "GET /xingrg/javascript/easyui/themes/icons/copy_new.png HTTP/1.1" 200 815
114.85.115.184 - - [14/Jun/2023:09:31:23 +0800] "GET /xingrg/javascript/easyui/themes/icons/ok.png HTTP/1.1" 200 883
114.85.115.184 - - [14/Jun/2023:09:31:23 +0800] "GET /xingrg/javascript/easyui/themes/icons/template_new.png HTTP/1.1" 200 3956
114.85.115.184 - - [14/Jun/2023:09:31:23 +0800] "GET /xingrg/javascript/easyui/themes/icons/print.png HTTP/1.1" 200 1057
114.85.115.184 - - [14/Jun/2023:09:31:23 +0800] "GET /xingrg/javascript/easyui/themes/default/images/menu_downarrow.png HTTP/1.1" 200 173
114.85.115.184 - - [14/Jun/2023:09:31:23 +0800] "GET /xingrg/javascript/easyui/themes/icons/cancel.png HTTP/1.1" 200 1133
114.85.115.184 - - [14/Jun/2023:09:31:23 +0800] "POST /xingrg/kc/buy/cgsh_order_operate.html HTTP/1.1" 200 8245
114.85.115.184 - - [14/Jun/2023:09:31:24 +0800] "GET /xingrg/javascript/easyui/themes/default/validatebox.css HTTP/1.1" 404 1104
114.85.115.184 - - [14/Jun/2023:09:31:24 +0800] "GET /xingrg/javascript/easyui/plugins/jquery.validatebox.js HTTP/1.1" 200 6103
114.85.115.184 - - [14/Jun/2023:09:31:24 +0800] "GET /xingrg/all/common/auto_word.html?type=employee&rest_code=00102 HTTP/1.1" 200 189
114.85.115.184 - - [14/Jun/2023:09:31:24 +0800] "GET /xingrg/javascript/easyui/plugins/jquery.numberbox.js HTTP/1.1" 200 5213
114.85.115.184 - - [14/Jun/2023:09:31:24 +0800] "GET /xingrg/all/common/auto_word.html?type=employee&rest_code=00102 HTTP/1.1" 200 189
114.85.115.184 - - [14/Jun/2023:09:31:24 +0800] "GET /xingrg/javascript/easyui/themes/icons/edit_remove.png HTTP/1.1" 200 625
180.169.147.146 - - [14/Jun/2023:09:31:27 +0800] "GET /xingrg/login.html HTTP/1.1" 200 7641
180.164.3.199 - - [14/Jun/2023:09:31:29 +0800] "GET /xingrg/kc/buy/cgsh_order_operate.html?command=get_materiel&rest_code=00108&code=00101009031&supplier_code=00100593&order_time=2023-06-14 HTTP/1.1" 200 409
114.85.115.184 - - [14/Jun/2023:09:31:29 +0800] "GET /xingrg/javascript/auto/indicator.gif HTTP/1.1" 404 1066
120.253.135.82 - - [14/Jun/2023:09:31:29 +0800] "GET /xingrg/all/function/internal_message.html?_=1686706303329&CODE_STATE=getMsg HTTP/1.1" 200 27
222.70.180.90 - - [14/Jun/2023:09:31:30 +0800] "GET /xingrg/all/function/internal_message.html?_=1686706287770&CODE_STATE=getMsg HTTP/1.1" 200 27
222.70.180.90 - - [14/Jun/2023:09:31:32 +0800] "GET /xingrg/all/function/internal_message.html?_=1686706440369&CODE_STATE=getMsg HTTP/1.1" 302 -
116.230.113.47 - - [14/Jun/2023:09:31:32 +0800] "GET /xingrg/kc/buy/cgsh_order_operate.html?command=get_materiel&rest_code=00146&code=00101008264&supplier_code=00100005&order_time=2023-06-14 HTTP/1.1" 200 412
101.83.241.120 - - [14/Jun/2023:09:31:34 +0800] "POST /xingrg/services/DataTransmitService HTTP/1.1" 200 524
120.253.135.82 - - [14/Jun/2023:09:31:38 +0800] "GET /xingrg/check_reg.html?_=1686706133134 HTTP/1.1" 200 22
124.79.244.240 - - [14/Jun/2023:09:31:39 +0800] "GET /xingrg/all/function/internal_message.html?_=1686706300630&CODE_STATE=getMsg HTTP/1.1" 302 -
124.79.244.240 - - [14/Jun/2023:09:31:39 +0800] "GET /xingrg/login.html HTTP/1.1" 200 7641
116.230.113.47 - - [14/Jun/2023:09:31:41 +0800] "GET /xingrg/all/function/internal_message.html?_=1686706306851&CODE_STATE=getMsg HTTP/1.1" 200 27
180.169.147.146 - - [14/Jun/2023:09:31:43 +0800] "GET /xingrg/login.html HTTP/1.1" 200 7641
180.169.147.146 - - [14/Jun/2023:09:31:43 +0800] "GET /xingrg/images/blue/jxLogo.png HTTP/1.1" 200 6156
116.230.113.47 - - [14/Jun/2023:09:31:43 +0800] "GET /xingrg/kc/buy/cgsh_order_operate.html?command=get_materiel&rest_code=00146&code=00101008024&supplier_code=00100005&order_time=2023-06-14 HTTP/1.1" 200 408
180.169.147.146 - - [14/Jun/2023:09:31:43 +0800] "GET /xingrg/images/blue/login_bg.png HTTP/1.1" 200 22101
180.169.147.146 - - [14/Jun/2023:09:31:43 +0800] "GET /xingrg/images/blue/srbg.png HTTP/1.1" 200 138
180.169.147.146 - - [14/Jun/2023:09:31:43 +0800] "GET /xingrg/images/blue/hj.png HTTP/1.1" 200 1014
180.169.147.146 - - [14/Jun/2023:09:31:44 +0800] "GET /favicon.ico HTTP/1.1" 404 -
222.70.114.12 - - [14/Jun/2023:09:31:45 +0800] "GET /xingrg/all/function/internal_message.html?_=1686706308785&CODE_STATE=getMsg HTTP/1.1" 200 27
222.70.114.12 - - [14/Jun/2023:09:31:45 +0800] "GET /xingrg/check_reg.html?_=1686706308787 HTTP/1.1" 200 22
172.20.0.100 - - [14/Jun/2023:09:31:45 +0800] "GET /xingrg/all/function/internal_message.html?_=1686706305209&CODE_STATE=getMsg HTTP/1.1" 200 27
172.20.0.100 - - [14/Jun/2023:09:31:45 +0800] "GET /xingrg/check_reg.html?_=1686706305212 HTTP/1.1" 200 22
114.85.115.184 - - [14/Jun/2023:09:31:46 +0800] "GET /xingrg/kc/buy/cgsh_order_operate.html?command=get_materiel&rest_code=00102&code=00101012025&supplier_code=00100096&order_time=2023-06-14 HTTP/1.1" 200 412
116.230.113.47 - - [14/Jun/2023:09:31:46 +0800] "POST /xingrg/kc/buy/cgsh_order_operate.html HTTP/1.1" 200 2065
180.164.3.199 - - [14/Jun/2023:09:31:46 +0800] "GET /xingrg/kc/buy/cgsh_order_operate.html?command=get_materiel&rest_code=00108&code=00101015195&supplier_code=00100593&order_time=2023-06-14 HTTP/1.1" 200 412
180.169.147.146 - - [14/Jun/2023:09:31:51 +0800] "GET /xingrg/login.html HTTP/1.1" 200 7641
180.169.147.146 - - [14/Jun/2023:09:31:52 +0800] "GET /favicon.ico HTTP/1.1" 404 -
116.230.113.47 - - [14/Jun/2023:09:31:55 +0800] "GET /xingrg/kc/buy/cgsh_order_operate.html?command=get_materiel&rest_code=00146&code=00101008357&supplier_code=00100005&order_time=2023-06-14 HTTP/1.1" 200 408
114.85.113.108 - - [14/Jun/2023:09:31:55 +0800] "GET /xingrg/all/function/internal_message.html?_=1686706315416&CODE_STATE=getMsg HTTP/1.1" 200 27
114.85.115.184 - - [14/Jun/2023:09:31:58 +0800] "GET /xingrg/kc/buy/cgsh_order_operate.html?command=get_materiel&rest_code=00102&code=00101018011&supplier_code=00100096&order_time=2023-06-14 HTTP/1.1" 200 413
114.85.115.184 - - [14/Jun/2023:09:31:59 +0800] "GET /xingrg/all/function/internal_message.html?_=1686706320260&CODE_STATE=getMsg HTTP/1.1" 200 27
180.169.147.146 - - [14/Jun/2023:09:31:59 +0800] "POST /xingrg/login.do HTTP/1.1" 302 -
180.169.147.146 - - [14/Jun/2023:09:32:00 +0800] "GET /xingrg/index.html?sysBaseUrl=http%3A%2F%2F180.169.147.146%3A18081%2Fxingrg%2F&costTime=927×tamp=1686706319977 HTTP/1.1" 200 17503
180.169.147.146 - - [14/Jun/2023:09:32:00 +0800] "GET /xingrg/javascript/jquery_easy_ui/themes/default/easyui.css HTTP/1.1" 200 26500
180.169.147.146 - - [14/Jun/2023:09:32:00 +0800] "GET /xingrg/javascript/jquery_easy_ui/themes/icon.css HTTP/1.1" 200 3949
180.169.147.146 - - [14/Jun/2023:09:32:00 +0800] "GET /xingrg/javascript/jquery-1.4.2.min.js HTTP/1.1" 200 72205
180.169.147.146 - - [14/Jun/2023:09:32:00 +0800] "GET /xingrg/css/form.css HTTP/1.1" 200 893
180.169.147.146 - - [14/Jun/2023:09:32:00 +0800] "GET /xingrg/javascript/jquery.form.js HTTP/1.1" 200 23110
180.169.147.146 - - [14/Jun/2023:09:32:00 +0800] "GET /xingrg/javascript/jquery_easy_ui/jquery.easyui.min.js HTTP/1.1" 200 213662
180.169.147.146 - - [14/Jun/2023:09:32:00 +0800] "GET /xingrg/javascript/jquery_easy_ui/easyui-lang-zh_CN.js HTTP/1.1" 200 1900
180.169.147.146 - - [14/Jun/2023:09:32:00 +0800] "GET /xingrg/javascript/jquery.timers.js HTTP/1.1" 200 3532
180.169.147.146 - - [14/Jun/2023:09:32:00 +0800] "GET /xingrg/javascript/jquery.utils.js HTTP/1.1" 200 11805
180.169.147.146 - - [14/Jun/2023:09:32:00 +0800] "GET /favicon.ico HTTP/1.1" 404 -
180.169.147.146 - - [14/Jun/2023:09:32:00 +0800] "GET /xingrg/javascript/jquery_easy_ui/themes/icons/settle_new.png HTTP/1.1" 200 826
180.169.147.146 - - [14/Jun/2023:09:32:00 +0800] "GET /xingrg/images/blue/navBackgound.jpg HTTP/1.1" 200 12378
180.169.147.146 - - [14/Jun/2023:09:32:00 +0800] "POST /xingrg/all/common/load_tree.html?tree=area_rest_tree_json&manage=1 HTTP/1.1" 200 2106
180.169.147.146 - - [14/Jun/2023:09:32:00 +0800] "GET /xingrg/all/function/internal_message.html?_=1686706319768&CODE_STATE=count HTTP/1.1" 200 11
180.169.147.146 - - [14/Jun/2023:09:32:00 +0800] "GET /xingrg/check_reg.html?_=1686706319769 HTTP/1.1" 200 22
180.169.147.146 - - [14/Jun/2023:09:32:00 +0800] "GET /xingrg/images/blue/pingpu.png HTTP/1.1" 200 231
180.169.147.146 - - [14/Jun/2023:09:32:00 +0800] "GET /xingrg/javascript/jquery_easy_ui/themes/default/images/tabs_leftarrow.png HTTP/1.1" 200 389
180.169.147.146 - - [14/Jun/2023:09:32:00 +0800] "GET /xingrg/javascript/jquery_easy_ui/themes/default/images/tabs_rightarrow.png HTTP/1.1" 200 395
180.169.147.146 - - [14/Jun/2023:09:32:00 +0800] "GET /xingrg/javascript/jquery_easy_ui/themes/default/images/panel_tool_expand.gif HTTP/1.1" 200 247
180.169.147.146 - - [14/Jun/2023:09:32:00 +0800] "GET /xingrg/javascript/jquery_easy_ui/themes/default/images/panel_tool_collapse.gif HTTP/1.1" 200 246
180.169.147.146 - - [14/Jun/2023:09:32:00 +0800] "POST /xingrg/load_menu.html HTTP/1.1" 200 11564
180.169.147.146 - - [14/Jun/2023:09:32:00 +0800] "GET /xingrg/javascript/jquery_easy_ui/themes/default/images/tree_arrows.gif HTTP/1.1" 200 1043
180.169.147.146 - - [14/Jun/2023:09:32:00 +0800] "GET /xingrg/javascript/jquery_easy_ui/themes/icons/search_new.png HTTP/1.1" 200 586
180.169.147.146 - - [14/Jun/2023:09:32:00 +0800] "GET /xingrg/javascript/jquery_easy_ui/themes/icons/storage_new.png HTTP/1.1" 200 853
180.169.147.146 - - [14/Jun/2023:09:32:00 +0800] "GET /xingrg/javascript/jquery_easy_ui/themes/default/images/tree_folder_open.gif HTTP/1.1" 200 956
180.169.147.146 - - [14/Jun/2023:09:32:00 +0800] "GET /xingrg/javascript/jquery_easy_ui/themes/icons/delivery_new.png HTTP/1.1" 200 700
180.169.147.146 - - [14/Jun/2023:09:32:00 +0800] "GET /xingrg/javascript/jquery_easy_ui/themes/icons/forms_new.png HTTP/1.1" 200 350
180.169.147.146 - - [14/Jun/2023:09:32:00 +0800] "GET /xingrg/javascript/jquery_easy_ui/themes/icons/checkout_new.png HTTP/1.1" 200 744
180.169.147.146 - - [14/Jun/2023:09:32:00 +0800] "GET /xingrg/javascript/jquery_easy_ui/themes/icons/setting_new.png HTTP/1.1" 200 450
180.169.147.146 - - [14/Jun/2023:09:32:00 +0800] "GET /xingrg/javascript/jquery_easy_ui/themes/icons/systemset_new.png HTTP/1.1" 200 606
180.169.147.146 - - [14/Jun/2023:09:32:00 +0800] "GET /xingrg/javascript/jquery_easy_ui/themes/default/images/tree_file.gif HTTP/1.1" 200 118
180.169.147.146 - - [14/Jun/2023:09:32:00 +0800] "GET /xingrg/javascript/jquery_easy_ui/themes/default/images/tree_folder.gif HTTP/1.1" 200 952
180.169.147.146 - - [14/Jun/2023:09:32:02 +0800] "GET /xingrg/javascript/jquery_easy_ui/themes/icons/area.png HTTP/1.1" 200 262
180.169.147.146 - - [14/Jun/2023:09:32:02 +0800] "GET /xingrg/javascript/jquery_easy_ui/themes/icons/manage.png HTTP/1.1" 200 696
180.169.147.146 - - [14/Jun/2023:09:32:02 +0800] "GET /xingrg/javascript/jquery_easy_ui/themes/icons/rest.png HTTP/1.1" 200 695
180.169.147.146 - - [14/Jun/2023:09:32:02 +0800] "GET /xingrg/javascript/jquery_easy_ui/themes/default/images/button_a_bg.gif HTTP/1.1" 200 1194
180.169.147.146 - - [14/Jun/2023:09:32:02 +0800] "GET /xingrg/javascript/jquery_easy_ui/themes/default/images/button_span_bg.gif HTTP/1.1" 200 2061
180.169.147.146 - - [14/Jun/2023:09:32:02 +0800] "GET /xingrg/javascript/jquery_easy_ui/themes/icons/ok.png HTTP/1.1" 200 883
180.169.147.146 - - [14/Jun/2023:09:32:02 +0800] "GET /xingrg/javascript/jquery_easy_ui/themes/default/images/panel_title.png HTTP/1.1" 200 266
180.169.147.146 - - [14/Jun/2023:09:32:02 +0800] "GET /xingrg/javascript/jquery_easy_ui/themes/default/images/panel_tools.gif HTTP/1.1" 200 737
180.169.147.146 - - [14/Jun/2023:09:32:04 +0800] "GET /xingrg/images/control/ajaxLoader.gif HTTP/1.1" 200 4659
180.169.147.146 - - [14/Jun/2023:09:32:04 +0800] "POST /xingrg/all/user/operate.html HTTP/1.1" 200 36
180.169.147.146 - - [14/Jun/2023:09:32:04 +0800] "GET /xingrg/index.html?sysBaseUrl=http%3A%2F%2F180.169.147.146%3A18081%2Fxingrg%2F&costTime=927×tamp=1686706319977 HTTP/1.1" 200 17503
180.169.147.146 - - [14/Jun/2023:09:32:04 +0800] "GET /xingrg/javascript/jquery_easy_ui/themes/default/easyui.css HTTP/1.1" 304 -
180.169.147.146 - - [14/Jun/2023:09:32:04 +0800] "GET /xingrg/javascript/jquery_easy_ui/themes/icon.css HTTP/1.1" 304 -
180.169.147.146 - - [14/Jun/2023:09:32:04 +0800] "GET /xingrg/css/form.css HTTP/1.1" 304 -
180.169.147.146 - - [14/Jun/2023:09:32:04 +0800] "GET /xingrg/javascript/jquery-1.4.2.min.js HTTP/1.1" 304 -
180.169.147.146 - - [14/Jun/2023:09:32:04 +0800] "GET /xingrg/javascript/jquery_easy_ui/jquery.easyui.min.js HTTP/1.1" 304 -
180.169.147.146 - - [14/Jun/2023:09:32:04 +0800] "GET /xingrg/javascript/jquery_easy_ui/easyui-lang-zh_CN.js HTTP/1.1" 304 -
180.169.147.146 - - [14/Jun/2023:09:32:04 +0800] "GET /xingrg/javascript/jquery.form.js HTTP/1.1" 304 -
180.169.147.146 - - [14/Jun/2023:09:32:04 +0800] "GET /xingrg/javascript/jquery.utils.js HTTP/1.1" 304 -
180.169.147.146 - - [14/Jun/2023:09:32:04 +0800] "GET /xingrg/javascript/jquery.timers.js HTTP/1.1" 304 -
180.169.147.146 - - [14/Jun/2023:09:32:04 +0800] "GET /xingrg/images/blue/jxLogo.png HTTP/1.1" 304 -
180.169.147.146 - - [14/Jun/2023:09:32:04 +0800] "GET /xingrg/images/blue/navBackgound.jpg HTTP/1.1" 304 -
180.169.147.146 - - [14/Jun/2023:09:32:04 +0800] "GET /xingrg/javascript/jquery_easy_ui/themes/icons/settle_new.png HTTP/1.1" 304 -
180.169.147.146 - - [14/Jun/2023:09:32:04 +0800] "GET /xingrg/all/function/internal_message.html?_=1686706324157&CODE_STATE=count HTTP/1.1" 200 11
180.169.147.146 - - [14/Jun/2023:09:32:04 +0800] "GET /xingrg/check_reg.html?_=1686706324158 HTTP/1.1" 200 22
180.169.147.146 - - [14/Jun/2023:09:32:04 +0800] "GET /xingrg/javascript/jquery_easy_ui/themes/default/images/tabs_leftarrow.png HTTP/1.1" 304 -
180.169.147.146 - - [14/Jun/2023:09:32:04 +0800] "GET /xingrg/javascript/jquery_easy_ui/themes/default/images/panel_tool_expand.gif HTTP/1.1" 304 -
180.169.147.146 - - [14/Jun/2023:09:32:04 +0800] "GET /xingrg/javascript/jquery_easy_ui/themes/default/images/panel_tool_collapse.gif HTTP/1.1" 304 -
180.169.147.146 - - [14/Jun/2023:09:32:04 +0800] "GET /xingrg/javascript/jquery_easy_ui/themes/default/images/tabs_rightarrow.png HTTP/1.1" 304 -
180.169.147.146 - - [14/Jun/2023:09:32:04 +0800] "GET /xingrg/images/blue/pingpu.png HTTP/1.1" 304 -
180.169.147.146 - - [14/Jun/2023:09:32:04 +0800] "POST /xingrg/all/common/load_tree.html?tree=area_rest_tree_json&manage=1 HTTP/1.1" 200 2106
180.169.147.146 - - [14/Jun/2023:09:32:04 +0800] "POST /xingrg/load_menu.html HTTP/1.1" 200 9959
180.169.147.146 - - [14/Jun/2023:09:32:05 +0800] "GET /xingrg/javascript/jquery_easy_ui/themes/default/images/tabs_close.gif HTTP/1.1" 200 829
180.169.147.146 - - [14/Jun/2023:09:32:05 +0800] "GET /xingrg/kc/report/report_main.html HTTP/1.1" 200 7340
180.169.147.146 - - [14/Jun/2023:09:32:05 +0800] "GET /xingrg/css/blue.css HTTP/1.1" 200 15949
180.169.147.146 - - [14/Jun/2023:09:32:05 +0800] "GET /xingrg/javascript/pic_change.js HTTP/1.1" 200 4739
180.169.147.146 - - [14/Jun/2023:09:32:05 +0800] "GET /xingrg/javascript/jquery_ui/themes/humanity/humanity.css HTTP/1.1" 200 27801
180.169.147.146 - - [14/Jun/2023:09:32:05 +0800] "GET /xingrg/javascript/myfunction.js HTTP/1.1" 200 24559
180.169.147.146 - - [14/Jun/2023:09:32:05 +0800] "GET /xingrg/javascript/json2.js HTTP/1.1" 200 11259
180.169.147.146 - - [14/Jun/2023:09:32:05 +0800] "GET /xingrg/javascript/jquery_easy_ui/themes/icons/back_new.png HTTP/1.1" 200 3414
114.85.115.184 - - [14/Jun/2023:09:32:06 +0800] "GET /xingrg/kc/buy/cgsh_order_operate.html?command=get_materiel&rest_code=00102&code=00101006067&supplier_code=00100096&order_time=2023-06-14 HTTP/1.1" 200 411
180.169.147.146 - - [14/Jun/2023:09:32:06 +0800] "GET /xingrg/kc/base/kc_stocks.html HTTP/1.1" 200 16506
180.169.147.146 - - [14/Jun/2023:09:32:06 +0800] "GET /xingrg/css/base.css HTTP/1.1" 200 2811
180.169.147.146 - - [14/Jun/2023:09:32:06 +0800] "GET /xingrg/css/site.css HTTP/1.1" 200 7541
180.169.147.146 - - [14/Jun/2023:09:32:06 +0800] "GET /xingrg/javascript/jquery_tools/datebox.css HTTP/1.1" 200 2597
180.169.147.146 - - [14/Jun/2023:09:32:06 +0800] "GET /xingrg/javascript/easyui/themes/icon.css HTTP/1.1" 200 4483
180.169.147.146 - - [14/Jun/2023:09:32:06 +0800] "GET /xingrg/javascript/easyui/themes/sunny/easyui.css HTTP/1.1" 200 34304
180.169.147.146 - - [14/Jun/2023:09:32:06 +0800] "GET /xingrg/javascript/auto/jquery.autocomplete.css HTTP/1.1" 200 587
180.169.147.146 - - [14/Jun/2023:09:32:06 +0800] "GET /xingrg/javascript/jquery_tools/fix.css HTTP/1.1" 200 1702
180.169.147.146 - - [14/Jun/2023:09:32:06 +0800] "GET /xingrg/javascript/jquery_tools/jquery.tools.hotkey.js HTTP/1.1" 200 3242
180.169.147.146 - - [14/Jun/2023:09:32:06 +0800] "GET /xingrg/javascript/jquery_tools/jquery.tools.min.js HTTP/1.1" 200 138801
180.169.147.146 - - [14/Jun/2023:09:32:06 +0800] "GET /xingrg/javascript/jquery_tools/list_manager.js HTTP/1.1" 200 3652
180.169.147.146 - - [14/Jun/2023:09:32:06 +0800] "GET /xingrg/javascript/auto/jquery.autocomplete.js HTTP/1.1" 200 21624
116.230.113.47 - - [14/Jun/2023:09:32:06 +0800] "GET /xingrg/kc/buy/cgsh_order_operate.html?command=get_materiel&rest_code=00146&code=00101008296&supplier_code=00100005&order_time=2023-06-14 HTTP/1.1" 200 416
180.169.147.146 - - [14/Jun/2023:09:32:06 +0800] "GET /xingrg/javascript/jquery_tools/jquery.tools.extend.js HTTP/1.1" 200 15385
180.169.147.146 - - [14/Jun/2023:09:32:06 +0800] "GET /xingrg/javascript/convert.js HTTP/1.1" 200 1239
180.169.147.146 - - [14/Jun/2023:09:32:06 +0800] "GET /xingrg/javascript/jquery.cookie.js HTTP/1.1" 200 5513
180.169.147.146 - - [14/Jun/2023:09:32:06 +0800] "GET /xingrg/javascript/easyui/easyloader.js HTTP/1.1" 200 5975
180.169.147.146 - - [14/Jun/2023:09:32:06 +0800] "GET /xingrg/javascript/print/LodopFuncs.js HTTP/1.1" 200 5121
180.169.147.146 - - [14/Jun/2023:09:32:07 +0800] "GET /xingrg/javascript/easyui/themes/icons/filter_new.png HTTP/1.1" 200 795
180.169.147.146 - - [14/Jun/2023:09:32:07 +0800] "GET /xingrg/javascript/easyui/themes/icons/print_new.png HTTP/1.1" 200 3580
180.169.147.146 - - [14/Jun/2023:09:32:07 +0800] "GET /xingrg/javascript/easyui/themes/icons/refresh_new.png HTTP/1.1" 200 685
180.169.147.146 - - [14/Jun/2023:09:32:07 +0800] "GET /xingrg/javascript/easyui/themes/icons/import_new.png HTTP/1.1" 200 1247
180.169.147.146 - - [14/Jun/2023:09:32:07 +0800] "GET /xingrg/javascript/easyui/themes/icons/field_new.png HTTP/1.1" 200 1097
180.169.147.146 - - [14/Jun/2023:09:32:07 +0800] "GET /xingrg/javascript/easyui/plugins/jquery.parser.js HTTP/1.1" 200 1142
180.169.147.146 - - [14/Jun/2023:09:32:07 +0800] "GET /xingrg/javascript/easyui/plugins/jquery.draggable.js HTTP/1.1" 200 6121
180.169.147.146 - - [14/Jun/2023:09:32:07 +0800] "GET /xingrg/javascript/easyui/plugins/jquery.droppable.js HTTP/1.1" 200 1167
180.169.147.146 - - [14/Jun/2023:09:32:07 +0800] "GET /xingrg/all/common/auto_word.html?type=base&rest_code=00105 HTTP/1.1" 200 1907
180.169.147.146 - - [14/Jun/2023:09:32:07 +0800] "GET /xingrg/javascript/easyui/themes/default/tree.css HTTP/1.1" 404 1090
180.169.147.146 - - [14/Jun/2023:09:32:07 +0800] "GET /xingrg/javascript/easyui/plugins/jquery.tree.js HTTP/1.1" 200 20874
180.169.147.146 - - [14/Jun/2023:09:32:07 +0800] "POST /xingrg/all/common/load_tree.html?tree=materiel_sort_tree_json HTTP/1.1" 200 9500
180.169.147.146 - - [14/Jun/2023:09:32:07 +0800] "GET /xingrg/javascript/easyui/themes/sunny/images/tree_folder_open.gif HTTP/1.1" 200 956
180.169.147.146 - - [14/Jun/2023:09:32:07 +0800] "GET /xingrg/javascript/easyui/themes/sunny/images/tree_arrows.gif HTTP/1.1" 200 617
180.169.147.146 - - [14/Jun/2023:09:32:07 +0800] "GET /xingrg/javascript/easyui/themes/sunny/images/tree_folder.gif HTTP/1.1" 200 952
180.169.147.146 - - [14/Jun/2023:09:32:07 +0800] "GET /xingrg/javascript/easyui/themes/sunny/images/tree_file.gif HTTP/1.1" 200 118
101.83.145.52 - - [14/Jun/2023:09:32:11 +0800] "GET /xingrg/all/function/internal_message.html?_=1686706156949&CODE_STATE=getMsg HTTP/1.1" 200 27
101.83.241.120 - - [14/Jun/2023:09:32:11 +0800] "GET /xingrg/all/function/internal_message.html?_=1686706329067&CODE_STATE=getMsg HTTP/1.1" 200 27
180.169.147.146 - - [14/Jun/2023:09:32:16 +0800] "POST /xingrg/kc/base/stock_operate.html HTTP/1.1" 200 1478
180.169.147.146 - - [14/Jun/2023:09:32:16 +0800] "GET /xingrg/javascript/jquery_tools/fix_table.js HTTP/1.1" 200 6528
101.83.145.52 - - [14/Jun/2023:09:32:18 +0800] "GET /xingrg/all/function/internal_message.html?_=1686706338068&CODE_STATE=getMsg HTTP/1.1" 200 27
180.169.147.146 - - [14/Jun/2023:09:32:18 +0800] "GET /xingrg/kc/base/stock_detail.html?m=00101016096 HTTP/1.1" 200 7406
180.169.147.146 - - [14/Jun/2023:09:32:18 +0800] "GET /xingrg/javascript/jquery_easy_ui/themes/default/images/menu_downarrow.png HTTP/1.1" 200 173
180.169.147.146 - - [14/Jun/2023:09:32:18 +0800] "GET /xingrg/javascript/jquery_easy_ui/themes/icons/search.png HTTP/1.1" 200 813
180.169.147.146 - - [14/Jun/2023:09:32:18 +0800] "GET /xingrg/javascript/jquery_easy_ui/themes/icons/print.png HTTP/1.1" 200 1057
180.169.147.146 - - [14/Jun/2023:09:32:18 +0800] "GET /xingrg/javascript/jquery_easy_ui/themes/default/images/menu.gif HTTP/1.1" 200 834
180.169.147.146 - - [14/Jun/2023:09:32:18 +0800] "GET /xingrg/javascript/jquery_easy_ui/themes/default/images/calendar_prevmonth.gif HTTP/1.1" 200 66
180.169.147.146 - - [14/Jun/2023:09:32:18 +0800] "GET /xingrg/javascript/jquery_easy_ui/themes/default/images/calendar_nextmonth.gif HTTP/1.1" 200 64
180.169.147.146 - - [14/Jun/2023:09:32:18 +0800] "GET /xingrg/javascript/jquery_easy_ui/themes/default/images/calendar_prevyear.gif HTTP/1.1" 200 76
180.169.147.146 - - [14/Jun/2023:09:32:18 +0800] "GET /xingrg/javascript/jquery_easy_ui/themes/default/images/calendar_nextyear.gif HTTP/1.1" 200 75
116.232.195.127 - - [14/Jun/2023:09:32:18 +0800] "GET /xingrg/check_reg.html?_=1686706351607 HTTP/1.1" 200 22
180.164.3.199 - - [14/Jun/2023:09:32:19 +0800] "GET /xingrg/all/function/internal_message.html?_=1686706338368&CODE_STATE=getMsg HTTP/1.1" 200 27
116.232.195.127 - - [14/Jun/2023:09:32:19 +0800] "GET /xingrg/all/function/internal_message.html?_=1686706352609&CODE_STATE=getMsg HTTP/1.1" 200 27
116.230.113.47 - - [14/Jun/2023:09:32:20 +0800] "GET /xingrg/kc/buy/cgsh_order_operate.html?command=get_materiel&rest_code=00146&code=00101008213&supplier_code=00100005&order_time=2023-06-14 HTTP/1.1" 200 412
120.253.135.82 - - [14/Jun/2023:09:32:21 +0800] "GET /xingrg/all/function/internal_message.html?_=1686706175732&CODE_STATE=getMsg HTTP/1.1" 200 27
116.238.139.35 - - [14/Jun/2023:09:32:22 +0800] "GET /xingrg/all/function/internal_message.html?_=1686706232990&CODE_STATE=getMsg HTTP/1.1" 200 27
101.83.240.24 - - [14/Jun/2023:09:32:22 +0800] "GET /xingrg/all/function/internal_message.html?_=1686706448609&CODE_STATE=getMsg HTTP/1.1" 200 27
101.83.240.24 - - [14/Jun/2023:09:32:22 +0800] "GET /xingrg/check_reg.html?_=1686706448610 HTTP/1.1" 200 22
180.163.29.234 - - [14/Jun/2023:09:32:23 +0800] "GET /xingrg/all/function/internal_message.html?_=1686706281465&CODE_STATE=getMsg HTTP/1.1" 302 -
61.170.233.201 - - [14/Jun/2023:09:32:23 +0800] "GET /xingrg/all/function/internal_message.html?_=1686706341467&CODE_STATE=getMsg HTTP/1.1" 200 27
180.163.29.234 - - [14/Jun/2023:09:32:23 +0800] "GET /xingrg/login.html HTTP/1.1" 200 7641
116.238.139.35 - - [14/Jun/2023:09:32:23 +0800] "GET /xingrg/all/function/internal_message.html?_=1686706342148&CODE_STATE=getMsg HTTP/1.1" 200 27
116.238.139.35 - - [14/Jun/2023:09:32:23 +0800] "GET /xingrg/check_reg.html?_=1686706342149 HTTP/1.1" 200 22
114.85.115.184 - - [14/Jun/2023:09:32:26 +0800] "GET /xingrg/kc/buy/cgsh_order_operate.html?command=get_materiel&rest_code=00102&code=00101001075&supplier_code=00100096&order_time=2023-06-14 HTTP/1.1" 200 409
116.230.113.47 - - [14/Jun/2023:09:32:29 +0800] "GET /xingrg/check_reg.html?_=1686706354586 HTTP/1.1" 200 22
180.169.147.146 - - [14/Jun/2023:09:32:29 +0800] "GET /xingrg/kc/base/stock_operate.html?_=1686706348548&command=get_report_file&start_day=20230101 HTTP/1.1" 200 53
180.169.147.146 - - [14/Jun/2023:09:32:29 +0800] "GET /xingrg/all/report/report_query.html?isQuery=1&onlyBody=1&rh=2000&fileName=kc/base/kc_stock_detail_new.xml&queryString=(1=1)&queryText=&tableQueryString=init_table$sp1$$sp$crk_table$sp1$order_day%20between%2020230101%20and%2020230531&varString=start_day:20230101,materiel_code:00101016096,cost_id:4083,end_date:20221231 HTTP/1.1" 200 48701
180.169.147.146 - - [14/Jun/2023:09:32:29 +0800] "GET /xingrg/javascript/multi_select/jqueryMultiSelect.css HTTP/1.1" 200 951
180.169.147.146 - - [14/Jun/2023:09:32:29 +0800] "GET /xingrg/javascript/calendar/timePicker.css HTTP/1.1" 200 523
180.169.147.146 - - [14/Jun/2023:09:32:29 +0800] "GET /xingrg/javascript/bigrid/fix.css HTTP/1.1" 200 1702
180.169.147.146 - - [14/Jun/2023:09:32:29 +0800] "GET /xingrg/dwr/interface/AjaxReportQueryService.js HTTP/1.1" 200 13203
180.169.147.146 - - [14/Jun/2023:09:32:29 +0800] "GET /xingrg/dwr/engine.js HTTP/1.1" 200 43631
180.169.147.146 - - [14/Jun/2023:09:32:29 +0800] "GET /xingrg/dwr/util.js HTTP/1.1" 200 35990
180.169.147.146 - - [14/Jun/2023:09:32:29 +0800] "GET /xingrg/javascript/jqueryMultiSelect.js HTTP/1.1" 200 11866
180.169.147.146 - - [14/Jun/2023:09:32:29 +0800] "GET /xingrg/javascript/Calendar.js HTTP/1.1" 200 31561
180.169.147.146 - - [14/Jun/2023:09:32:29 +0800] "GET /xingrg/javascript/calendar/jquery.timePicker.min.js HTTP/1.1" 200 2997
180.169.147.146 - - [14/Jun/2023:09:32:29 +0800] "GET /xingrg/javascript/bigrid/fix.js HTTP/1.1" 200 6439
180.169.147.146 - - [14/Jun/2023:09:32:29 +0800] "GET /xingrg/images/control/loading.gif HTTP/1.1" 200 13463
180.169.147.146 - - [14/Jun/2023:09:32:29 +0800] "GET /xingrg/images/blue/button/advanceover.gif HTTP/1.1" 200 1347
180.169.147.146 - - [14/Jun/2023:09:32:29 +0800] "GET /xingrg/images/blue/button/advance2over.gif HTTP/1.1" 200 1336
180.169.147.146 - - [14/Jun/2023:09:32:29 +0800] "GET /xingrg/images/blue/button/back2over.gif HTTP/1.1" 200 1335
180.169.147.146 - - [14/Jun/2023:09:32:29 +0800] "GET /xingrg/images/blue/button/backover.gif HTTP/1.1" 200 1348
180.169.147.146 - - [14/Jun/2023:09:32:29 +0800] "GET /xingrg/javascript/jquery_easy_ui/themes/icons/help.png HTTP/1.1" 200 1187
120.253.135.82 - - [14/Jun/2023:09:32:29 +0800] "GET /xingrg/all/function/internal_message.html?_=1686706363341&CODE_STATE=getMsg HTTP/1.1" 200 27
222.70.180.90 - - [14/Jun/2023:09:32:30 +0800] "GET /xingrg/all/function/internal_message.html?_=1686706347754&CODE_STATE=getMsg HTTP/1.1" 200 27
180.169.147.146 - - [14/Jun/2023:09:32:30 +0800] "POST /xingrg/all/report/load_report_page.html HTTP/1.1" 200 489044
180.169.147.146 - - [14/Jun/2023:09:32:31 +0800] "GET /xingrg/images/blue/button/back2.gif HTTP/1.1" 200 1339
180.169.147.146 - - [14/Jun/2023:09:32:31 +0800] "GET /xingrg/images/blue/button/back.gif HTTP/1.1" 200 1352
180.169.147.146 - - [14/Jun/2023:09:32:31 +0800] "GET /xingrg/servlets/image?cache=0.9487768111082132&image=px HTTP/1.1" 200 807
222.70.180.90 - - [14/Jun/2023:09:32:32 +0800] "GET /xingrg/all/function/internal_message.html?_=1686706500380&CODE_STATE=getMsg HTTP/1.1" 302 -
180.164.3.199 - - [14/Jun/2023:09:32:33 +0800] "GET /xingrg/kc/buy/cgsh_order_operate.html?command=get_materiel&rest_code=00108&code=00101023022&supplier_code=00100593&order_time=2023-06-14 HTTP/1.1" 200 406
124.79.244.240 - - [14/Jun/2023:09:32:39 +0800] "GET /xingrg/all/function/internal_message.html?_=1686706360632&CODE_STATE=getMsg HTTP/1.1" 302 -
124.79.244.240 - - [14/Jun/2023:09:32:39 +0800] "GET /xingrg/check_reg.html?_=1686706360635 HTTP/1.1" 302 -
124.79.244.240 - - [14/Jun/2023:09:32:39 +0800] "GET /xingrg/login.html HTTP/1.1" 200 7641
124.79.244.240 - - [14/Jun/2023:09:32:39 +0800] "GET /xingrg/login.html HTTP/1.1" 200 7641
116.230.113.47 - - [14/Jun/2023:09:32:41 +0800] "GET /xingrg/all/function/internal_message.html?_=1686706366864&CODE_STATE=getMsg HTTP/1.1" 200 27
114.85.115.184 - - [14/Jun/2023:09:32:43 +0800] "GET /xingrg/kc/buy/cgsh_order_operate.html?command=get_materiel&rest_code=00102&code=00101006111&supplier_code=00100096&order_time=2023-06-14 HTTP/1.1" 200 411
222.70.114.12 - - [14/Jun/2023:09:32:45 +0800] "GET /xingrg/all/function/internal_message.html?_=1686706368785&CODE_STATE=getMsg HTTP/1.1" 200 27
172.20.0.100 - - [14/Jun/2023:09:32:45 +0800] "GET /xingrg/all/function/internal_message.html?_=1686706365215&CODE_STATE=getMsg HTTP/1.1" 200 27
180.164.3.199 - - [14/Jun/2023:09:32:46 +0800] "GET /xingrg/kc/buy/cgsh_order_operate.html?command=get_materiel&rest_code=00108&code=00101009051&supplier_code=00100593&order_time=2023-06-14 HTTP/1.1" 200 408
116.230.113.47 - - [14/Jun/2023:09:32:48 +0800] "GET /xingrg/kc/buy/cgsh_order_operate.html?command=get_materiel&rest_code=00146&code=00101008299&supplier_code=00100005&order_time=2023-06-14 HTTP/1.1" 200 412
114.85.115.184 - - [14/Jun/2023:09:32:55 +0800] "GET /xingrg/kc/buy/cgsh_order_operate.html?command=get_materiel&rest_code=00102&code=00101016104&supplier_code=00100096&order_time=2023-06-14 HTTP/1.1" 200 408
114.85.113.108 - - [14/Jun/2023:09:32:55 +0800] "GET /xingrg/all/function/internal_message.html?_=1686706375402&CODE_STATE=getMsg HTTP/1.1" 200 27
114.85.115.184 - - [14/Jun/2023:09:32:59 +0800] "GET /xingrg/all/function/internal_message.html?_=1686706380247&CODE_STATE=getMsg HTTP/1.1" 200 27
