101.83.145.52 - - [14/Jun/2023:10:06:18 +0800] "GET /xingrg/all/function/internal_message.html?_=1686708378086&CODE_STATE=getMsg HTTP/1.1" 200 27
116.230.113.47 - - [14/Jun/2023:10:06:18 +0800] "GET /xingrg/javascript/easyui/themes/default/validatebox.css HTTP/1.1" 404 1104
120.253.135.82 - - [14/Jun/2023:10:06:18 +0800] "GET /xingrg/kc/pszx/mdps_order_info.html?code=312023061400259 HTTP/1.1" 200 23976
180.164.3.199 - - [14/Jun/2023:10:06:18 +0800] "GET /xingrg/all/function/internal_message.html?_=1686708378006&CODE_STATE=getMsg HTTP/1.1" 200 27
116.230.113.47 - - [14/Jun/2023:10:06:19 +0800] "POST /xingrg/kc/buy/cgsh_order_operate.html HTTP/1.1" 200 5629
120.253.135.82 - - [14/Jun/2023:10:06:19 +0800] "GET /xingrg/javascript/easyui/themes/default/validatebox.css HTTP/1.1" 404 1104
116.232.195.127 - - [14/Jun/2023:10:06:19 +0800] "GET /xingrg/all/function/internal_message.html?_=1686708392007&CODE_STATE=getMsg HTTP/1.1" 200 27
120.253.135.82 - - [14/Jun/2023:10:06:19 +0800] "POST /xingrg/kc/pszx/mdps_order_operate.html HTTP/1.1" 200 2292
101.83.240.24 - - [14/Jun/2023:10:06:22 +0800] "GET /xingrg/all/function/internal_message.html?_=1686708488596&CODE_STATE=getMsg HTTP/1.1" 200 27
116.238.139.35 - - [14/Jun/2023:10:06:22 +0800] "GET /xingrg/all/function/internal_message.html?_=1686708273447&CODE_STATE=getMsg HTTP/1.1" 200 27
61.170.233.201 - - [14/Jun/2023:10:06:23 +0800] "GET /xingrg/all/function/internal_message.html?_=1686708381395&CODE_STATE=getMsg HTTP/1.1" 200 27
120.253.135.82 - - [14/Jun/2023:10:06:23 +0800] "GET /xingrg/kc/print/load_data.html?order_code=312023061400259&kc_code=mdps&condition= HTTP/1.1" 200 693
116.238.139.35 - - [14/Jun/2023:10:06:23 +0800] "GET /xingrg/all/function/internal_message.html?_=1686708382179&CODE_STATE=getMsg HTTP/1.1" 200 27
222.70.180.90 - - [14/Jun/2023:10:06:29 +0800] "GET /xingrg/all/function/internal_message.html?_=1686708387160&CODE_STATE=getMsg HTTP/1.1" 200 27
61.170.233.201 - - [14/Jun/2023:10:06:31 +0800] "GET /xingrg/kc/buy/cgsh_order_operate.html?command=get_materiel&rest_code=00106&code=00101008049&supplier_code=00100007&order_time=2023-06-14 HTTP/1.1" 200 408
120.253.135.82 - - [14/Jun/2023:10:06:35 +0800] "POST /xingrg/kc/pszx/mdps_list_operate.html HTTP/1.1" 200 2058
120.253.135.82 - - [14/Jun/2023:10:06:37 +0800] "POST /xingrg/kc/pszx/mdps_list_operate.html HTTP/1.1" 200 603
124.79.244.240 - - [14/Jun/2023:10:06:39 +0800] "GET /xingrg/all/function/internal_message.html?_=1686708400703&CODE_STATE=getMsg HTTP/1.1" 302 -
124.79.244.240 - - [14/Jun/2023:10:06:39 +0800] "GET /xingrg/login.html HTTP/1.1" 200 7641
120.253.135.82 - - [14/Jun/2023:10:06:40 +0800] "GET /xingrg/kc/pszx/mdps_order_info.html?code=312023061400260 HTTP/1.1" 200 23976
120.253.135.82 - - [14/Jun/2023:10:06:40 +0800] "GET /xingrg/javascript/easyui/themes/default/validatebox.css HTTP/1.1" 404 1104
116.230.113.47 - - [14/Jun/2023:10:06:41 +0800] "POST /xingrg/kc/buy/cgsh_order_operate.html HTTP/1.1" 200 37
120.253.135.82 - - [14/Jun/2023:10:06:41 +0800] "POST /xingrg/kc/pszx/mdps_order_operate.html HTTP/1.1" 200 6336
116.230.113.47 - - [14/Jun/2023:10:06:43 +0800] "POST /xingrg/kc/buy/cgsh_order_operate.html HTTP/1.1" 200 5629
116.230.113.47 - - [14/Jun/2023:10:06:44 +0800] "GET /xingrg/all/function/internal_message.html?_=1686708409602&CODE_STATE=getMsg HTTP/1.1" 200 27
222.70.114.12 - - [14/Jun/2023:10:06:45 +0800] "GET /xingrg/all/function/internal_message.html?_=1686708408871&CODE_STATE=getMsg HTTP/1.1" 200 27
222.70.114.12 - - [14/Jun/2023:10:06:45 +0800] "GET /xingrg/check_reg.html?_=1686708408879 HTTP/1.1" 200 22
172.20.0.100 - - [14/Jun/2023:10:06:45 +0800] "GET /xingrg/all/function/internal_message.html?_=1686708405202&CODE_STATE=getMsg HTTP/1.1" 200 27
172.20.0.100 - - [14/Jun/2023:10:06:45 +0800] "GET /xingrg/check_reg.html?_=1686708405205 HTTP/1.1" 200 22
116.230.113.47 - - [14/Jun/2023:10:06:46 +0800] "GET /xingrg/kc/buy/cgsh_order_list.html HTTP/1.1" 200 55860
120.253.135.82 - - [14/Jun/2023:10:06:47 +0800] "GET /xingrg/all/function/internal_message.html?_=1686708407368&CODE_STATE=getMsg HTTP/1.1" 200 27
116.230.113.47 - - [14/Jun/2023:10:06:50 +0800] "POST /xingrg/kc/buy/cgsh_list_operate.html HTTP/1.1" 200 2726
61.170.233.201 - - [14/Jun/2023:10:06:52 +0800] "GET /xingrg/kc/buy/cgsh_order_operate.html?command=get_materiel&rest_code=00106&code=00101008223&supplier_code=00100007&order_time=2023-06-14 HTTP/1.1" 200 412
114.85.113.108 - - [14/Jun/2023:10:06:55 +0800] "GET /xingrg/all/function/internal_message.html?_=1686708414807&CODE_STATE=getMsg HTTP/1.1" 200 27
61.170.233.201 - - [14/Jun/2023:10:06:55 +0800] "POST /xingrg/kc/buy/cgsh_order_operate.html HTTP/1.1" 200 2065
116.230.113.47 - - [14/Jun/2023:10:06:56 +0800] "POST /xingrg/kc/buy/cgsh_list_operate.html HTTP/1.1" 200 273
120.253.135.82 - - [14/Jun/2023:10:06:56 +0800] "POST /xingrg/kc/pszx/mdps_order_operate.html HTTP/1.1" 200 37
101.229.22.40 - - [14/Jun/2023:10:06:58 +0800] "GET /xingrg/check_reg.html?_=1686708417888 HTTP/1.1" 200 22
101.229.22.40 - - [14/Jun/2023:10:06:58 +0800] "GET /xingrg/all/function/internal_message.html?_=1686708417891&CODE_STATE=getMsg HTTP/1.1" 200 27
120.253.135.82 - - [14/Jun/2023:10:06:59 +0800] "GET /xingrg/kc/pszx/mdps_order_info.html?code=312023061400260 HTTP/1.1" 200 23976
116.230.113.47 - - [14/Jun/2023:10:06:59 +0800] "GET /xingrg/kc/buy/cgsh_order_info.html?code=212023061404831 HTTP/1.1" 200 71643
116.230.113.47 - - [14/Jun/2023:10:06:59 +0800] "GET /xingrg/javascript/easyui/themes/default/validatebox.css HTTP/1.1" 404 1104
120.253.135.82 - - [14/Jun/2023:10:06:59 +0800] "GET /xingrg/javascript/easyui/themes/default/validatebox.css HTTP/1.1" 404 1104
120.253.135.82 - - [14/Jun/2023:10:07:00 +0800] "POST /xingrg/kc/pszx/mdps_order_operate.html HTTP/1.1" 200 6336
116.230.113.47 - - [14/Jun/2023:10:07:00 +0800] "POST /xingrg/kc/buy/cgsh_order_operate.html HTTP/1.1" 200 3253
114.85.115.184 - - [14/Jun/2023:10:07:04 +0800] "GET /xingrg/all/function/internal_message.html?_=1686708425147&CODE_STATE=getMsg HTTP/1.1" 200 27
120.253.135.82 - - [14/Jun/2023:10:07:04 +0800] "POST /xingrg/kc/pszx/mdps_list_operate.html HTTP/1.1" 200 2057
180.169.147.146 - - [14/Jun/2023:10:07:04 +0800] "GET /xingrg/check_reg.html?_=1686708424175 HTTP/1.1" 200 22
180.169.147.146 - - [14/Jun/2023:10:07:04 +0800] "GET /xingrg/all/function/internal_message.html?_=1686708424181&CODE_STATE=getMsg HTTP/1.1" 200 27
222.70.180.90 - - [14/Jun/2023:10:07:06 +0800] "GET /xingrg/all/function/internal_message.html?_=1686708574923&CODE_STATE=getMsg HTTP/1.1" 200 27
120.253.135.82 - - [14/Jun/2023:10:07:09 +0800] "POST /xingrg/kc/pszx/mdps_list_operate.html HTTP/1.1" 200 603
120.253.135.82 - - [14/Jun/2023:10:07:11 +0800] "GET /xingrg/kc/pszx/mdps_order_info.html?code=312023061400260 HTTP/1.1" 200 23976
120.253.135.82 - - [14/Jun/2023:10:07:11 +0800] "GET /xingrg/javascript/easyui/themes/default/validatebox.css HTTP/1.1" 404 1104
101.83.145.52 - - [14/Jun/2023:10:07:11 +0800] "GET /xingrg/all/function/internal_message.html?_=1686708256986&CODE_STATE=getMsg HTTP/1.1" 200 27
120.253.135.82 - - [14/Jun/2023:10:07:11 +0800] "POST /xingrg/kc/pszx/mdps_order_operate.html HTTP/1.1" 200 6336
61.170.233.201 - - [14/Jun/2023:10:07:17 +0800] "GET /xingrg/kc/buy/cgsh_order_operate.html?command=get_materiel&rest_code=00106&code=00101008095&supplier_code=00100007&order_time=2023-06-14 HTTP/1.1" 200 412
101.83.145.52 - - [14/Jun/2023:10:07:18 +0800] "GET /xingrg/all/function/internal_message.html?_=1686708438087&CODE_STATE=getMsg HTTP/1.1" 200 27
180.164.3.199 - - [14/Jun/2023:10:07:18 +0800] "GET /xingrg/all/function/internal_message.html?_=1686708437975&CODE_STATE=getMsg HTTP/1.1" 200 27
116.232.195.127 - - [14/Jun/2023:10:07:18 +0800] "GET /xingrg/check_reg.html?_=1686708451605 HTTP/1.1" 200 22
116.232.195.127 - - [14/Jun/2023:10:07:19 +0800] "GET /xingrg/all/function/internal_message.html?_=1686708451986&CODE_STATE=getMsg HTTP/1.1" 200 27
101.83.240.24 - - [14/Jun/2023:10:07:22 +0800] "GET /xingrg/all/function/internal_message.html?_=1686708548603&CODE_STATE=getMsg HTTP/1.1" 200 27
101.83.240.24 - - [14/Jun/2023:10:07:22 +0800] "GET /xingrg/check_reg.html?_=1686708548604 HTTP/1.1" 200 22
116.238.139.35 - - [14/Jun/2023:10:07:22 +0800] "GET /xingrg/all/function/internal_message.html?_=1686708333459&CODE_STATE=getMsg HTTP/1.1" 200 27
61.170.233.201 - - [14/Jun/2023:10:07:23 +0800] "GET /xingrg/all/function/internal_message.html?_=1686708441379&CODE_STATE=getMsg HTTP/1.1" 200 27
116.238.139.35 - - [14/Jun/2023:10:07:23 +0800] "GET /xingrg/check_reg.html?_=1686708442171 HTTP/1.1" 200 22
116.238.139.35 - - [14/Jun/2023:10:07:23 +0800] "GET /xingrg/all/function/internal_message.html?_=1686708442172&CODE_STATE=getMsg HTTP/1.1" 200 27
116.230.113.47 - - [14/Jun/2023:10:07:24 +0800] "GET /xingrg/login.html HTTP/1.1" 200 7641
116.230.113.47 - - [14/Jun/2023:10:07:25 +0800] "GET /favicon.ico HTTP/1.1" 404 -
61.170.233.201 - - [14/Jun/2023:10:07:26 +0800] "GET /xingrg/kc/buy/cgsh_order_operate.html?command=get_materiel&rest_code=00106&code=00101008110&supplier_code=00100007&order_time=2023-06-14 HTTP/1.1" 200 408
116.230.113.47 - - [14/Jun/2023:10:07:28 +0800] "POST /xingrg/login.do HTTP/1.1" 302 -
116.230.113.47 - - [14/Jun/2023:10:07:28 +0800] "GET /xingrg/index.html?sysBaseUrl=http%3A%2F%2F180.169.147.146%3A18081%2Fxingrg%2F&costTime=901×tamp=1686708448059 HTTP/1.1" 200 17179
116.230.113.47 - - [14/Jun/2023:10:07:28 +0800] "GET /xingrg/css/form.css HTTP/1.1" 304 -
116.230.113.47 - - [14/Jun/2023:10:07:28 +0800] "GET /xingrg/javascript/jquery-1.4.2.min.js HTTP/1.1" 304 -
116.230.113.47 - - [14/Jun/2023:10:07:28 +0800] "GET /xingrg/javascript/jquery_easy_ui/themes/icon.css HTTP/1.1" 304 -
116.230.113.47 - - [14/Jun/2023:10:07:28 +0800] "GET /xingrg/javascript/jquery_easy_ui/themes/default/easyui.css HTTP/1.1" 304 -
116.230.113.47 - - [14/Jun/2023:10:07:28 +0800] "GET /xingrg/javascript/jquery_easy_ui/jquery.easyui.min.js HTTP/1.1" 304 -
116.230.113.47 - - [14/Jun/2023:10:07:28 +0800] "GET /xingrg/javascript/jquery_easy_ui/easyui-lang-zh_CN.js HTTP/1.1" 304 -
116.230.113.47 - - [14/Jun/2023:10:07:28 +0800] "GET /xingrg/javascript/jquery.utils.js HTTP/1.1" 304 -
116.230.113.47 - - [14/Jun/2023:10:07:28 +0800] "GET /xingrg/javascript/jquery.form.js HTTP/1.1" 304 -
116.230.113.47 - - [14/Jun/2023:10:07:28 +0800] "GET /xingrg/javascript/jquery.timers.js HTTP/1.1" 304 -
116.230.113.47 - - [14/Jun/2023:10:07:28 +0800] "GET /favicon.ico HTTP/1.1" 404 -
116.230.113.47 - - [14/Jun/2023:10:07:28 +0800] "GET /xingrg/all/function/internal_message.html?_=1686708453799&CODE_STATE=count HTTP/1.1" 200 11
116.230.113.47 - - [14/Jun/2023:10:07:28 +0800] "GET /xingrg/check_reg.html?_=1686708453800 HTTP/1.1" 200 22
116.230.113.47 - - [14/Jun/2023:10:07:28 +0800] "POST /xingrg/all/common/load_tree.html?tree=area_rest_tree_json&manage=1 HTTP/1.1" 200 479
116.230.113.47 - - [14/Jun/2023:10:07:28 +0800] "POST /xingrg/load_menu.html HTTP/1.1" 200 5138
222.70.180.90 - - [14/Jun/2023:10:07:29 +0800] "GET /xingrg/all/function/internal_message.html?_=1686708447146&CODE_STATE=getMsg HTTP/1.1" 200 27
116.230.113.47 - - [14/Jun/2023:10:07:32 +0800] "GET /xingrg/kc/buy/cgsh_order_list.html HTTP/1.1" 200 55860
116.230.113.47 - - [14/Jun/2023:10:07:33 +0800] "GET /xingrg/css/base.css HTTP/1.1" 304 -
116.230.113.47 - - [14/Jun/2023:10:07:33 +0800] "GET /xingrg/css/site.css HTTP/1.1" 304 -
116.230.113.47 - - [14/Jun/2023:10:07:33 +0800] "GET /xingrg/javascript/easyui/themes/default/easyui.css HTTP/1.1" 304 -
116.230.113.47 - - [14/Jun/2023:10:07:33 +0800] "GET /xingrg/javascript/jquery_tools/jquery.tools.min.js HTTP/1.1" 304 -
116.230.113.47 - - [14/Jun/2023:10:07:33 +0800] "GET /xingrg/javascript/jquery_tools/datebox.css HTTP/1.1" 304 -
116.230.113.47 - - [14/Jun/2023:10:07:33 +0800] "GET /xingrg/javascript/easyui/themes/icon.css HTTP/1.1" 304 -
116.230.113.47 - - [14/Jun/2023:10:07:33 +0800] "GET /xingrg/javascript/jquery_tools/table.css HTTP/1.1" 304 -
116.230.113.47 - - [14/Jun/2023:10:07:33 +0800] "GET /xingrg/javascript/jquery_tools/fix.css HTTP/1.1" 304 -
116.230.113.47 - - [14/Jun/2023:10:07:33 +0800] "GET /xingrg/javascript/auto/jquery.autocomplete.css HTTP/1.1" 304 -
116.230.113.47 - - [14/Jun/2023:10:07:33 +0800] "GET /xingrg/javascript/jquery_tools/jquery.tools.hotkey.js HTTP/1.1" 304 -
116.230.113.47 - - [14/Jun/2023:10:07:33 +0800] "GET /xingrg/javascript/jquery_tools/jquery.tools.extend.js HTTP/1.1" 304 -
116.230.113.47 - - [14/Jun/2023:10:07:33 +0800] "GET /xingrg/javascript/easyui/easyloader.js HTTP/1.1" 304 -
116.230.113.47 - - [14/Jun/2023:10:07:33 +0800] "GET /xingrg/javascript/jquery_tools/list_manager.js HTTP/1.1" 304 -
116.230.113.47 - - [14/Jun/2023:10:07:33 +0800] "GET /xingrg/javascript/print/LodopFuncs.js HTTP/1.1" 304 -
116.230.113.47 - - [14/Jun/2023:10:07:33 +0800] "GET /xingrg/javascript/jquery.cookie.js HTTP/1.1" 304 -
116.230.113.47 - - [14/Jun/2023:10:07:33 +0800] "GET /xingrg/javascript/jquery_tools/jquery.tools.table.js HTTP/1.1" 304 -
116.230.113.47 - - [14/Jun/2023:10:07:33 +0800] "GET /xingrg/javascript/auto/jquery.autocomplete.js HTTP/1.1" 304 -
116.230.113.47 - - [14/Jun/2023:10:07:33 +0800] "GET /xingrg/javascript/easyui/plugins/jquery.parser.js HTTP/1.1" 304 -
61.170.233.201 - - [14/Jun/2023:10:07:34 +0800] "GET /xingrg/kc/buy/cgsh_order_operate.html?command=get_materiel&rest_code=00106&code=00101008114&supplier_code=00100007&order_time=2023-06-14 HTTP/1.1" 200 413
116.230.113.47 - - [14/Jun/2023:10:07:36 +0800] "POST /xingrg/kc/buy/cgsh_list_operate.html HTTP/1.1" 200 2726
61.170.233.201 - - [14/Jun/2023:10:07:37 +0800] "POST /xingrg/kc/buy/cgsh_order_operate.html HTTP/1.1" 200 2065
124.79.244.240 - - [14/Jun/2023:10:07:39 +0800] "GET /xingrg/all/function/internal_message.html?_=1686708460705&CODE_STATE=getMsg HTTP/1.1" 302 -
124.79.244.240 - - [14/Jun/2023:10:07:39 +0800] "GET /xingrg/check_reg.html?_=1686708460709 HTTP/1.1" 302 -
124.79.244.240 - - [14/Jun/2023:10:07:39 +0800] "GET /xingrg/login.html HTTP/1.1" 200 7641
124.79.244.240 - - [14/Jun/2023:10:07:39 +0800] "GET /xingrg/login.html HTTP/1.1" 200 7641
116.230.113.47 - - [14/Jun/2023:10:07:40 +0800] "POST /xingrg/kc/buy/cgsh_list_operate.html HTTP/1.1" 200 273
116.230.113.47 - - [14/Jun/2023:10:07:42 +0800] "GET /xingrg/kc/buy/cgsh_order_info.html?code=212023061404831 HTTP/1.1" 200 71643
116.230.113.47 - - [14/Jun/2023:10:07:42 +0800] "GET /xingrg/javascript/pic_change.js HTTP/1.1" 304 -
116.230.113.47 - - [14/Jun/2023:10:07:42 +0800] "GET /xingrg/javascript/jquery_tools/order_manager.js HTTP/1.1" 304 -
116.230.113.47 - - [14/Jun/2023:10:07:42 +0800] "GET /xingrg/javascript/convert.js HTTP/1.1" 304 -
116.230.113.47 - - [14/Jun/2023:10:07:42 +0800] "GET /xingrg/javascript/json2.js HTTP/1.1" 304 -
116.230.113.47 - - [14/Jun/2023:10:07:42 +0800] "GET /xingrg/javascript/print/kc_print.js HTTP/1.1" 304 -
116.230.113.47 - - [14/Jun/2023:10:07:42 +0800] "GET /xingrg/words/20230612075447_words.js HTTP/1.1" 304 -
61.170.233.201 - - [14/Jun/2023:10:07:42 +0800] "GET /xingrg/kc/buy/cgsh_order_operate.html?command=get_materiel&rest_code=00106&code=00101008061&supplier_code=00100007&order_time=2023-06-14 HTTP/1.1" 200 422
116.230.113.47 - - [14/Jun/2023:10:07:42 +0800] "GET /xingrg/javascript/easyui/themes/default/validatebox.css HTTP/1.1" 404 1104
116.230.113.47 - - [14/Jun/2023:10:07:42 +0800] "GET /xingrg/javascript/easyui/plugins/jquery.validatebox.js HTTP/1.1" 304 -
116.230.113.47 - - [14/Jun/2023:10:07:42 +0800] "GET /xingrg/javascript/easyui/plugins/jquery.numberbox.js HTTP/1.1" 304 -
116.230.113.47 - - [14/Jun/2023:10:07:42 +0800] "GET /xingrg/all/common/auto_word.html?type=employee&rest_code=00146 HTTP/1.1" 200 101
116.230.113.47 - - [14/Jun/2023:10:07:42 +0800] "GET /xingrg/all/common/auto_word.html?type=employee&rest_code=00146 HTTP/1.1" 200 101
116.230.113.47 - - [14/Jun/2023:10:07:43 +0800] "POST /xingrg/kc/buy/cgsh_order_operate.html HTTP/1.1" 200 3253
120.253.135.82 - - [14/Jun/2023:10:07:44 +0800] "GET /xingrg/kc/print/load_data.html?order_code=312023061400260&kc_code=mdps&condition= HTTP/1.1" 200 2572
222.70.114.12 - - [14/Jun/2023:10:07:45 +0800] "GET /xingrg/all/function/internal_message.html?_=1686708468863&CODE_STATE=getMsg HTTP/1.1" 200 27
172.20.0.100 - - [14/Jun/2023:10:07:45 +0800] "GET /xingrg/all/function/internal_message.html?_=1686708465338&CODE_STATE=getMsg HTTP/1.1" 200 27
120.253.135.82 - - [14/Jun/2023:10:07:47 +0800] "GET /xingrg/all/function/internal_message.html?_=1686708467354&CODE_STATE=getMsg HTTP/1.1" 200 27
116.230.113.47 - - [14/Jun/2023:10:07:47 +0800] "GET /xingrg/javascript/auto/indicator.gif HTTP/1.1" 404 1066
120.253.135.82 - - [14/Jun/2023:10:07:52 +0800] "POST /xingrg/kc/pszx/mdps_list_operate.html HTTP/1.1" 200 2057
116.230.113.47 - - [14/Jun/2023:10:07:54 +0800] "GET /xingrg/kc/buy/cgsh_order_operate.html?command=get_materiel&rest_code=00146&code=00101002041&supplier_code=00100199&order_time=2023-06-14 HTTP/1.1" 200 409
114.85.113.108 - - [14/Jun/2023:10:07:55 +0800] "GET /xingrg/all/function/internal_message.html?_=1686708474783&CODE_STATE=getMsg HTTP/1.1" 200 27
61.170.233.201 - - [14/Jun/2023:10:07:57 +0800] "GET /xingrg/kc/buy/cgsh_order_operate.html?command=get_materiel&rest_code=00106&code=00101008168&supplier_code=00100007&order_time=2023-06-14 HTTP/1.1" 200 413
101.229.22.40 - - [14/Jun/2023:10:07:58 +0800] "GET /xingrg/all/function/internal_message.html?_=1686708477889&CODE_STATE=getMsg HTTP/1.1" 200 27
114.85.115.184 - - [14/Jun/2023:10:08:04 +0800] "GET /xingrg/all/function/internal_message.html?_=1686708485121&CODE_STATE=getMsg HTTP/1.1" 200 27
180.169.147.146 - - [14/Jun/2023:10:08:04 +0800] "GET /xingrg/all/function/internal_message.html?_=1686708484180&CODE_STATE=getMsg HTTP/1.1" 200 27
120.253.135.82 - - [14/Jun/2023:10:08:06 +0800] "GET /xingrg/check_reg.html?_=1686708320966 HTTP/1.1" 200 22
222.70.180.90 - - [14/Jun/2023:10:08:06 +0800] "GET /xingrg/all/function/internal_message.html?_=1686708634925&CODE_STATE=getMsg HTTP/1.1" 200 27
61.170.233.201 - - [14/Jun/2023:10:08:07 +0800] "GET /xingrg/kc/buy/cgsh_order_operate.html?command=get_materiel&rest_code=00106&code=00101008150&supplier_code=00100007&order_time=2023-06-14 HTTP/1.1" 200 409
101.83.145.52 - - [14/Jun/2023:10:08:11 +0800] "GET /xingrg/all/function/internal_message.html?_=1686708316986&CODE_STATE=getMsg HTTP/1.1" 200 27
116.230.113.47 - - [14/Jun/2023:10:08:12 +0800] "GET /xingrg/kc/buy/cgsh_order_operate.html?command=get_materiel&rest_code=00146&code=00101004038&supplier_code=00100199&order_time=2023-06-14 HTTP/1.1" 200 409
61.170.233.201 - - [14/Jun/2023:10:08:16 +0800] "GET /xingrg/kc/buy/cgsh_order_operate.html?command=get_materiel&rest_code=00106&code=00101008041&supplier_code=00100007&order_time=2023-06-14 HTTP/1.1" 200 408
101.83.145.52 - - [14/Jun/2023:10:08:18 +0800] "GET /xingrg/all/function/internal_message.html?_=1686708498088&CODE_STATE=getMsg HTTP/1.1" 200 27
101.83.145.52 - - [14/Jun/2023:10:08:18 +0800] "GET /xingrg/check_reg.html?_=1686708498091 HTTP/1.1" 200 22
180.164.3.199 - - [14/Jun/2023:10:08:18 +0800] "GET /xingrg/all/function/internal_message.html?_=1686708497954&CODE_STATE=getMsg HTTP/1.1" 200 27
180.164.3.199 - - [14/Jun/2023:10:08:19 +0800] "GET /xingrg/check_reg.html?_=1686708498343 HTTP/1.1" 200 22
116.232.195.127 - - [14/Jun/2023:10:08:19 +0800] "GET /xingrg/all/function/internal_message.html?_=1686708511973&CODE_STATE=getMsg HTTP/1.1" 200 27
101.83.240.24 - - [14/Jun/2023:10:08:22 +0800] "GET /xingrg/all/function/internal_message.html?_=1686708608594&CODE_STATE=getMsg HTTP/1.1" 200 27
116.238.139.35 - - [14/Jun/2023:10:08:22 +0800] "GET /xingrg/all/function/internal_message.html?_=1686708393477&CODE_STATE=getMsg HTTP/1.1" 200 27
61.170.233.201 - - [14/Jun/2023:10:08:23 +0800] "GET /xingrg/check_reg.html?_=1686708501561 HTTP/1.1" 200 22
116.238.139.35 - - [14/Jun/2023:10:08:23 +0800] "GET /xingrg/all/function/internal_message.html?_=1686708502171&CODE_STATE=getMsg HTTP/1.1" 200 27
222.70.180.90 - - [14/Jun/2023:10:08:26 +0800] "GET /xingrg/check_reg.html?_=1686708504026 HTTP/1.1" 200 22
116.230.113.47 - - [14/Jun/2023:10:08:28 +0800] "GET /xingrg/all/function/internal_message.html?_=1686708513812&CODE_STATE=getMsg HTTP/1.1" 200 27
222.70.180.90 - - [14/Jun/2023:10:08:29 +0800] "GET /xingrg/all/function/internal_message.html?_=1686708507117&CODE_STATE=getMsg HTTP/1.1" 200 27
116.230.113.47 - - [14/Jun/2023:10:08:29 +0800] "GET /xingrg/kc/buy/cgsh_order_operate.html?command=get_materiel&rest_code=00146&code=00101005055&supplier_code=00100199&order_time=2023-06-14 HTTP/1.1" 200 406
61.170.233.201 - - [14/Jun/2023:10:08:29 +0800] "POST /xingrg/kc/buy/cgsh_order_operate.html HTTP/1.1" 200 37
124.79.244.240 - - [14/Jun/2023:10:08:39 +0800] "GET /xingrg/all/function/internal_message.html?_=1686708520707&CODE_STATE=getMsg HTTP/1.1" 302 -
124.79.244.240 - - [14/Jun/2023:10:08:39 +0800] "GET /xingrg/login.html HTTP/1.1" 200 7641
116.230.113.47 - - [14/Jun/2023:10:08:40 +0800] "GET /xingrg/kc/buy/cgsh_order_operate.html?command=get_materiel&rest_code=00146&code=00101004030&supplier_code=00100199&order_time=2023-06-14 HTTP/1.1" 200 408
61.170.233.201 - - [14/Jun/2023:10:08:45 +0800] "POST /xingrg/kc/buy/cgsh_order_operate.html HTTP/1.1" 200 36362
222.70.114.12 - - [14/Jun/2023:10:08:45 +0800] "GET /xingrg/all/function/internal_message.html?_=1686708528869&CODE_STATE=getMsg HTTP/1.1" 200 27
172.20.0.100 - - [14/Jun/2023:10:08:45 +0800] "GET /xingrg/all/function/internal_message.html?_=1686708525319&CODE_STATE=getMsg HTTP/1.1" 200 27
120.253.135.82 - - [14/Jun/2023:10:08:47 +0800] "GET /xingrg/all/function/internal_message.html?_=1686708527371&CODE_STATE=getMsg HTTP/1.1" 200 27
120.253.135.82 - - [14/Jun/2023:10:08:47 +0800] "GET /xingrg/check_reg.html?_=1686708527373 HTTP/1.1" 200 22
114.85.113.108 - - [14/Jun/2023:10:08:55 +0800] "GET /xingrg/all/function/internal_message.html?_=1686708534756&CODE_STATE=getMsg HTTP/1.1" 200 27
101.229.22.40 - - [14/Jun/2023:10:08:58 +0800] "GET /xingrg/all/function/internal_message.html?_=1686708537887&CODE_STATE=getMsg HTTP/1.1" 200 27
114.85.115.184 - - [14/Jun/2023:10:09:04 +0800] "GET /xingrg/all/function/internal_message.html?_=1686708545096&CODE_STATE=getMsg HTTP/1.1" 200 27
180.169.147.146 - - [14/Jun/2023:10:09:04 +0800] "GET /xingrg/all/function/internal_message.html?_=1686708544173&CODE_STATE=getMsg HTTP/1.1" 200 27
114.85.115.184 - - [14/Jun/2023:10:09:04 +0800] "GET /xingrg/check_reg.html?_=1686708545593 HTTP/1.1" 200 22
222.70.180.90 - - [14/Jun/2023:10:09:06 +0800] "GET /xingrg/all/function/internal_message.html?_=1686708694934&CODE_STATE=getMsg HTTP/1.1" 200 27
222.70.180.90 - - [14/Jun/2023:10:09:06 +0800] "GET /xingrg/check_reg.html?_=1686708694936 HTTP/1.1" 200 22
101.83.145.52 - - [14/Jun/2023:10:09:11 +0800] "GET /xingrg/all/function/internal_message.html?_=1686708376990&CODE_STATE=getMsg HTTP/1.1" 200 27
101.83.145.52 - - [14/Jun/2023:10:09:11 +0800] "GET /xingrg/check_reg.html?_=1686708376987 HTTP/1.1" 200 22
114.85.113.108 - - [14/Jun/2023:10:09:16 +0800] "GET /xingrg/check_reg.html?_=1686708555801 HTTP/1.1" 200 22
101.83.145.52 - - [14/Jun/2023:10:09:18 +0800] "GET /xingrg/all/function/internal_message.html?_=1686708558092&CODE_STATE=getMsg HTTP/1.1" 200 27
180.164.3.199 - - [14/Jun/2023:10:09:18 +0800] "GET /xingrg/all/function/internal_message.html?_=1686708557946&CODE_STATE=getMsg HTTP/1.1" 200 27
116.232.195.127 - - [14/Jun/2023:10:09:19 +0800] "GET /xingrg/all/function/internal_message.html?_=1686708571960&CODE_STATE=getMsg HTTP/1.1" 200 27
116.230.113.47 - - [14/Jun/2023:10:09:20 +0800] "POST /xingrg/kc/buy/cgsh_order_operate.html HTTP/1.1" 200 37
116.230.113.47 - - [14/Jun/2023:10:09:22 +0800] "POST /xingrg/kc/buy/cgsh_order_operate.html HTTP/1.1" 200 5614
101.83.240.24 - - [14/Jun/2023:10:09:22 +0800] "GET /xingrg/all/function/internal_message.html?_=1686708668608&CODE_STATE=getMsg HTTP/1.1" 200 27
116.238.139.35 - - [14/Jun/2023:10:09:22 +0800] "GET /xingrg/all/function/internal_message.html?_=1686708453486&CODE_STATE=getMsg HTTP/1.1" 200 27
61.170.233.201 - - [14/Jun/2023:10:09:23 +0800] "GET /xingrg/all/function/internal_message.html?_=1686708561391&CODE_STATE=getMsg HTTP/1.1" 200 27
116.238.139.35 - - [14/Jun/2023:10:09:23 +0800] "GET /xingrg/all/function/internal_message.html?_=1686708562170&CODE_STATE=getMsg HTTP/1.1" 200 27
116.230.113.47 - - [14/Jun/2023:10:09:28 +0800] "GET /xingrg/all/function/internal_message.html?_=1686708573825&CODE_STATE=getMsg HTTP/1.1" 200 27
222.70.180.90 - - [14/Jun/2023:10:09:29 +0800] "GET /xingrg/all/function/internal_message.html?_=1686708567102&CODE_STATE=getMsg HTTP/1.1" 200 27
116.230.113.47 - - [14/Jun/2023:10:09:38 +0800] "GET /xingrg/kc/print/load_config.html?kc_code=cgsh HTTP/1.1" 200 1924
116.230.113.47 - - [14/Jun/2023:10:09:38 +0800] "GET /xingrg/kc/print/load_data.html?order_code=212023061404831&kc_code=cgsh&condition= HTTP/1.1" 200 1798
124.79.244.240 - - [14/Jun/2023:10:09:39 +0800] "GET /xingrg/all/function/internal_message.html?_=1686708580709&CODE_STATE=getMsg HTTP/1.1" 302 -
124.79.244.240 - - [14/Jun/2023:10:09:39 +0800] "GET /xingrg/login.html HTTP/1.1" 200 7641
222.70.114.12 - - [14/Jun/2023:10:09:45 +0800] "GET /xingrg/all/function/internal_message.html?_=1686708588870&CODE_STATE=getMsg HTTP/1.1" 200 27
172.20.0.100 - - [14/Jun/2023:10:09:45 +0800] "GET /xingrg/all/function/internal_message.html?_=1686708585290&CODE_STATE=getMsg HTTP/1.1" 200 27
120.253.135.82 - - [14/Jun/2023:10:09:47 +0800] "GET /xingrg/all/function/internal_message.html?_=1686708587367&CODE_STATE=getMsg HTTP/1.1" 200 27
114.85.113.108 - - [14/Jun/2023:10:09:55 +0800] "GET /xingrg/all/function/internal_message.html?_=1686708594740&CODE_STATE=getMsg HTTP/1.1" 200 27
101.229.22.40 - - [14/Jun/2023:10:09:58 +0800] "GET /xingrg/all/function/internal_message.html?_=1686708597885&CODE_STATE=getMsg HTTP/1.1" 200 27
114.85.115.184 - - [14/Jun/2023:10:10:04 +0800] "GET /xingrg/all/function/internal_message.html?_=1686708605095&CODE_STATE=getMsg HTTP/1.1" 200 27
180.169.147.146 - - [14/Jun/2023:10:10:04 +0800] "GET /xingrg/all/function/internal_message.html?_=1686708604173&CODE_STATE=getMsg HTTP/1.1" 200 27
222.70.180.90 - - [14/Jun/2023:10:10:06 +0800] "GET /xingrg/all/function/internal_message.html?_=1686708754951&CODE_STATE=getMsg HTTP/1.1" 200 27
101.83.145.52 - - [14/Jun/2023:10:10:11 +0800] "GET /xingrg/all/function/internal_message.html?_=1686708436975&CODE_STATE=getMsg HTTP/1.1" 200 27
101.83.145.52 - - [14/Jun/2023:10:10:18 +0800] "GET /xingrg/all/function/internal_message.html?_=1686708618093&CODE_STATE=getMsg HTTP/1.1" 200 27
180.164.3.199 - - [14/Jun/2023:10:10:18 +0800] "GET /xingrg/all/function/internal_message.html?_=1686708617936&CODE_STATE=getMsg HTTP/1.1" 200 27
116.232.195.127 - - [14/Jun/2023:10:10:19 +0800] "GET /xingrg/all/function/internal_message.html?_=1686708631944&CODE_STATE=getMsg HTTP/1.1" 200 27
116.238.139.35 - - [14/Jun/2023:10:10:22 +0800] "GET /xingrg/check_reg.html?_=1686708513009 HTTP/1.1" 200 22
101.83.240.24 - - [14/Jun/2023:10:10:22 +0800] "GET /xingrg/all/function/internal_message.html?_=1686708728602&CODE_STATE=getMsg HTTP/1.1" 200 27
116.238.139.35 - - [14/Jun/2023:10:10:23 +0800] "GET /xingrg/all/function/internal_message.html?_=1686708513500&CODE_STATE=getMsg HTTP/1.1" 200 27
180.163.28.114 - - [14/Jun/2023:10:10:23 +0800] "GET /xingrg/all/function/internal_message.html?_=1686708561391&CODE_STATE=getMsg HTTP/1.1" 302 -
180.163.28.114 - - [14/Jun/2023:10:10:23 +0800] "GET /xingrg/login.html HTTP/1.1" 200 7641
61.170.233.201 - - [14/Jun/2023:10:10:23 +0800] "GET /xingrg/all/function/internal_message.html?_=1686708621361&CODE_STATE=getMsg HTTP/1.1" 200 27
116.238.139.35 - - [14/Jun/2023:10:10:23 +0800] "GET /xingrg/all/function/internal_message.html?_=1686708622170&CODE_STATE=getMsg HTTP/1.1" 200 27
116.230.113.47 - - [14/Jun/2023:10:10:28 +0800] "GET /xingrg/all/function/internal_message.html?_=1686708633865&CODE_STATE=getMsg HTTP/1.1" 200 27
222.70.180.90 - - [14/Jun/2023:10:10:29 +0800] "GET /xingrg/all/function/internal_message.html?_=1686708627087&CODE_STATE=getMsg HTTP/1.1" 200 27
124.79.244.240 - - [14/Jun/2023:10:10:39 +0800] "GET /xingrg/all/function/internal_message.html?_=1686708640712&CODE_STATE=getMsg HTTP/1.1" 302 -
124.79.244.240 - - [14/Jun/2023:10:10:39 +0800] "GET /xingrg/login.html HTTP/1.1" 200 7641
120.253.135.82 - - [14/Jun/2023:10:10:41 +0800] "GET /xingrg/kc/pszx/mdqp_order_list.html?state=10 HTTP/1.1" 200 10715
120.253.135.82 - - [14/Jun/2023:10:10:41 +0800] "GET /xingrg/dwr/interface/AjaxQqpsService.js HTTP/1.1" 200 16326
120.253.135.82 - - [14/Jun/2023:10:10:41 +0800] "GET /xingrg/dwr/interface/AjaxReportQueryService.js HTTP/1.1" 200 13203
120.253.135.82 - - [14/Jun/2023:10:10:41 +0800] "GET /xingrg/dwr/engine.js HTTP/1.1" 200 43631
222.70.114.12 - - [14/Jun/2023:10:10:45 +0800] "GET /xingrg/all/function/internal_message.html?_=1686708648887&CODE_STATE=getMsg HTTP/1.1" 200 27
172.20.0.100 - - [14/Jun/2023:10:10:45 +0800] "GET /xingrg/all/function/internal_message.html?_=1686708645261&CODE_STATE=getMsg HTTP/1.1" 200 27
120.253.135.82 - - [14/Jun/2023:10:10:47 +0800] "GET /xingrg/all/function/internal_message.html?_=1686708647362&CODE_STATE=getMsg HTTP/1.1" 200 27
114.85.113.108 - - [14/Jun/2023:10:10:55 +0800] "GET /xingrg/all/function/internal_message.html?_=1686708654731&CODE_STATE=getMsg HTTP/1.1" 200 27
101.229.22.40 - - [14/Jun/2023:10:10:58 +0800] "GET /xingrg/all/function/internal_message.html?_=1686708657883&CODE_STATE=getMsg HTTP/1.1" 200 27
116.230.113.47 - - [14/Jun/2023:10:10:59 +0800] "GET /xingrg/kc/buy/cgsh_order_add.html HTTP/1.1" 200 71636
116.230.113.47 - - [14/Jun/2023:10:10:59 +0800] "POST /xingrg/kc/buy/cgsh_order_operate.html HTTP/1.1" 200 8245
116.230.113.47 - - [14/Jun/2023:10:10:59 +0800] "GET /xingrg/javascript/easyui/themes/default/validatebox.css HTTP/1.1" 404 1104
114.85.115.184 - - [14/Jun/2023:10:11:04 +0800] "GET /xingrg/all/function/internal_message.html?_=1686708665078&CODE_STATE=getMsg HTTP/1.1" 200 27
180.169.147.146 - - [14/Jun/2023:10:11:04 +0800] "GET /xingrg/all/function/internal_message.html?_=1686708664165&CODE_STATE=getMsg HTTP/1.1" 200 27
116.230.113.47 - - [14/Jun/2023:10:11:04 +0800] "GET /xingrg/javascript/jquery_tools/images/prev.gif HTTP/1.1" 404 1086
116.230.113.47 - - [14/Jun/2023:10:11:04 +0800] "GET /xingrg/javascript/jquery_tools/images/next.gif HTTP/1.1" 404 1086
222.70.180.90 - - [14/Jun/2023:10:11:06 +0800] "GET /xingrg/all/function/internal_message.html?_=1686708814933&CODE_STATE=getMsg HTTP/1.1" 200 27
101.83.145.52 - - [14/Jun/2023:10:11:11 +0800] "GET /xingrg/all/function/internal_message.html?_=1686708496974&CODE_STATE=getMsg HTTP/1.1" 200 27
116.230.113.47 - - [14/Jun/2023:10:11:13 +0800] "GET /xingrg/kc/buy/cgsh_order_operate.html?command=get_materiel&rest_code=00146&code=00101007059&supplier_code=00100002&order_time=2023-06-14 HTTP/1.1" 200 409
101.83.145.52 - - [14/Jun/2023:10:11:18 +0800] "GET /xingrg/all/function/internal_message.html?_=1686708678096&CODE_STATE=getMsg HTTP/1.1" 200 27
180.164.3.199 - - [14/Jun/2023:10:11:18 +0800] "GET /xingrg/all/function/internal_message.html?_=1686708677906&CODE_STATE=getMsg HTTP/1.1" 200 27
116.232.195.127 - - [14/Jun/2023:10:11:19 +0800] "GET /xingrg/all/function/internal_message.html?_=1686708691937&CODE_STATE=getMsg HTTP/1.1" 200 27
101.83.240.24 - - [14/Jun/2023:10:11:22 +0800] "GET /xingrg/all/function/internal_message.html?_=1686708788607&CODE_STATE=getMsg HTTP/1.1" 200 27
116.238.139.35 - - [14/Jun/2023:10:11:23 +0800] "GET /xingrg/all/function/internal_message.html?_=1686708573514&CODE_STATE=getMsg HTTP/1.1" 200 27
61.170.233.201 - - [14/Jun/2023:10:11:23 +0800] "GET /xingrg/all/function/internal_message.html?_=1686708681332&CODE_STATE=getMsg HTTP/1.1" 200 27
116.238.139.35 - - [14/Jun/2023:10:11:23 +0800] "GET /xingrg/all/function/internal_message.html?_=1686708682170&CODE_STATE=getMsg HTTP/1.1" 200 27
116.230.113.47 - - [14/Jun/2023:10:11:28 +0800] "GET /xingrg/all/function/internal_message.html?_=1686708693869&CODE_STATE=getMsg HTTP/1.1" 200 27
222.70.180.90 - - [14/Jun/2023:10:11:29 +0800] "GET /xingrg/all/function/internal_message.html?_=1686708687072&CODE_STATE=getMsg HTTP/1.1" 200 27
116.230.113.47 - - [14/Jun/2023:10:11:32 +0800] "GET /xingrg/kc/buy/cgsh_order_operate.html?command=get_materiel&rest_code=00146&code=00101007022&supplier_code=00100002&order_time=2023-06-14 HTTP/1.1" 200 415
124.79.244.240 - - [14/Jun/2023:10:11:39 +0800] "GET /xingrg/all/function/internal_message.html?_=1686708700713&CODE_STATE=getMsg HTTP/1.1" 302 -
124.79.244.240 - - [14/Jun/2023:10:11:39 +0800] "GET /xingrg/login.html HTTP/1.1" 200 7641
222.70.114.12 - - [14/Jun/2023:10:11:45 +0800] "GET /xingrg/all/function/internal_message.html?_=1686708708892&CODE_STATE=getMsg HTTP/1.1" 200 27
222.70.114.12 - - [14/Jun/2023:10:11:45 +0800] "GET /xingrg/check_reg.html?_=1686708708900 HTTP/1.1" 200 22
172.20.0.100 - - [14/Jun/2023:10:11:45 +0800] "GET /xingrg/check_reg.html?_=1686708705200 HTTP/1.1" 200 22
172.20.0.100 - - [14/Jun/2023:10:11:45 +0800] "GET /xingrg/all/function/internal_message.html?_=1686708705235&CODE_STATE=getMsg HTTP/1.1" 200 27
120.253.135.82 - - [14/Jun/2023:10:11:47 +0800] "GET /xingrg/all/function/internal_message.html?_=1686708707370&CODE_STATE=getMsg HTTP/1.1" 200 27
114.85.113.108 - - [14/Jun/2023:10:11:55 +0800] "GET /xingrg/all/function/internal_message.html?_=1686708714709&CODE_STATE=getMsg HTTP/1.1" 200 27
101.229.22.40 - - [14/Jun/2023:10:11:58 +0800] "GET /xingrg/all/function/internal_message.html?_=1686708717883&CODE_STATE=getMsg HTTP/1.1" 200 27
101.229.22.40 - - [14/Jun/2023:10:11:58 +0800] "GET /xingrg/check_reg.html?_=1686708717886 HTTP/1.1" 200 22
116.230.113.47 - - [14/Jun/2023:10:11:59 +0800] "GET /xingrg/kc/buy/cgsh_order_operate.html?command=get_materiel&rest_code=00146&code=00101007090&supplier_code=00100002&order_time=2023-06-14 HTTP/1.1" 200 413
114.85.115.184 - - [14/Jun/2023:10:12:04 +0800] "GET /xingrg/all/function/internal_message.html?_=1686708725058&CODE_STATE=getMsg HTTP/1.1" 200 27
180.169.147.146 - - [14/Jun/2023:10:12:04 +0800] "GET /xingrg/all/function/internal_message.html?_=1686708724183&CODE_STATE=getMsg HTTP/1.1" 200 27
180.169.147.146 - - [14/Jun/2023:10:12:04 +0800] "GET /xingrg/check_reg.html?_=1686708724186 HTTP/1.1" 200 22
222.70.180.90 - - [14/Jun/2023:10:12:06 +0800] "GET /xingrg/all/function/internal_message.html?_=1686708874928&CODE_STATE=getMsg HTTP/1.1" 200 27
101.83.145.52 - - [14/Jun/2023:10:12:11 +0800] "GET /xingrg/all/function/internal_message.html?_=1686708556975&CODE_STATE=getMsg HTTP/1.1" 200 27
101.83.145.52 - - [14/Jun/2023:10:12:18 +0800] "GET /xingrg/all/function/internal_message.html?_=1686708738096&CODE_STATE=getMsg HTTP/1.1" 200 27
180.164.3.199 - - [14/Jun/2023:10:12:18 +0800] "GET /xingrg/all/function/internal_message.html?_=1686708737900&CODE_STATE=getMsg HTTP/1.1" 200 27
116.232.195.127 - - [14/Jun/2023:10:12:18 +0800] "GET /xingrg/check_reg.html?_=1686708751600 HTTP/1.1" 200 22
116.232.195.127 - - [14/Jun/2023:10:12:19 +0800] "GET /xingrg/all/function/internal_message.html?_=1686708751916&CODE_STATE=getMsg HTTP/1.1" 200 27
101.83.240.24 - - [14/Jun/2023:10:12:22 +0800] "GET /xingrg/check_reg.html?_=1686708848600 HTTP/1.1" 200 22
101.83.240.24 - - [14/Jun/2023:10:12:22 +0800] "GET /xingrg/all/function/internal_message.html?_=1686708848604&CODE_STATE=getMsg HTTP/1.1" 200 27
116.238.139.35 - - [14/Jun/2023:10:12:23 +0800] "GET /xingrg/all/function/internal_message.html?_=1686708633528&CODE_STATE=getMsg HTTP/1.1" 200 27
180.163.28.68 - - [14/Jun/2023:10:12:23 +0800] "GET /xingrg/all/function/internal_message.html?_=1686708681332&CODE_STATE=getMsg HTTP/1.1" 302 -
180.163.28.68 - - [14/Jun/2023:10:12:23 +0800] "GET /xingrg/login.html HTTP/1.1" 200 7641
61.170.233.201 - - [14/Jun/2023:10:12:23 +0800] "GET /xingrg/all/function/internal_message.html?_=1686708741306&CODE_STATE=getMsg HTTP/1.1" 200 27
116.230.113.47 - - [14/Jun/2023:10:12:23 +0800] "GET /xingrg/kc/buy/cgsh_order_operate.html?command=get_materiel&rest_code=00146&code=00101007061&supplier_code=00100002&order_time=2023-06-14 HTTP/1.1" 200 409
116.238.139.35 - - [14/Jun/2023:10:12:23 +0800] "GET /xingrg/all/function/internal_message.html?_=1686708742169&CODE_STATE=getMsg HTTP/1.1" 200 27
116.238.139.35 - - [14/Jun/2023:10:12:23 +0800] "GET /xingrg/check_reg.html?_=1686708742175 HTTP/1.1" 200 22
116.238.139.35 - - [14/Jun/2023:10:12:24 +0800] "GET /xingrg/kc/mdqp/qqps_order_list.html HTTP/1.1" 200 9222
116.238.139.35 - - [14/Jun/2023:10:12:24 +0800] "GET /xingrg/dwr/interface/AjaxReportQueryService.js HTTP/1.1" 200 13203
116.238.139.35 - - [14/Jun/2023:10:12:24 +0800] "GET /xingrg/dwr/interface/AjaxQqpsService.js HTTP/1.1" 200 16326
116.238.139.35 - - [14/Jun/2023:10:12:24 +0800] "GET /xingrg/dwr/engine.js HTTP/1.1" 200 43631
116.238.139.35 - - [14/Jun/2023:10:12:24 +0800] "GET /xingrg/javascript/ToolTips.js HTTP/1.1" 304 -
116.238.139.35 - - [14/Jun/2023:10:12:25 +0800] "GET /xingrg/javascript/jquery_easy_ui/themes/default/images/button_plain_hover.png HTTP/1.1" 304 -
116.238.139.35 - - [14/Jun/2023:10:12:26 +0800] "GET /xingrg/kc/mdqp/qqps_order_add.html HTTP/1.1" 200 28250
116.238.139.35 - - [14/Jun/2023:10:12:26 +0800] "GET /xingrg/javascript/tools/jquery.qtip-1.0.0-rc3.min.js HTTP/1.1" 304 -
116.238.139.35 - - [14/Jun/2023:10:12:26 +0800] "GET /xingrg/dwr/interface/AjaxComOrderService.js HTTP/1.1" 200 18264
116.238.139.35 - - [14/Jun/2023:10:12:26 +0800] "GET /xingrg/dwr/engine.js HTTP/1.1" 200 43631
116.238.139.35 - - [14/Jun/2023:10:12:26 +0800] "GET /xingrg/dwr/interface/AjaxQqpsService.js HTTP/1.1" 200 16326
116.238.139.35 - - [14/Jun/2023:10:12:26 +0800] "GET /xingrg/javascript/AjaxInfoList.js HTTP/1.1" 304 -
116.238.139.35 - - [14/Jun/2023:10:12:26 +0800] "GET /xingrg/javascript/Grid.js HTTP/1.1" 304 -
116.230.113.47 - - [14/Jun/2023:10:12:28 +0800] "GET /xingrg/check_reg.html?_=1686708753804 HTTP/1.1" 200 22
116.230.113.47 - - [14/Jun/2023:10:12:28 +0800] "GET /xingrg/all/function/internal_message.html?_=1686708753882&CODE_STATE=getMsg HTTP/1.1" 200 27
222.70.180.90 - - [14/Jun/2023:10:12:29 +0800] "GET /xingrg/all/function/internal_message.html?_=1686708747057&CODE_STATE=getMsg HTTP/1.1" 200 27
222.67.234.146 - - [14/Jun/2023:10:12:33 +0800] "GET /xingrg/login.html HTTP/1.1" 200 7641
222.67.234.146 - - [14/Jun/2023:10:12:33 +0800] "GET /favicon.ico HTTP/1.1" 404 -
222.67.234.146 - - [14/Jun/2023:10:12:38 +0800] "POST /xingrg/login.do HTTP/1.1" 302 -
222.67.234.146 - - [14/Jun/2023:10:12:38 +0800] "GET /xingrg/index.html?sysBaseUrl=http%3A%2F%2F180.169.147.146%3A18081%2Fxingrg%2F&costTime=977×tamp=1686708758694 HTTP/1.1" 200 17179
222.67.234.146 - - [14/Jun/2023:10:12:38 +0800] "GET /favicon.ico HTTP/1.1" 404 -
222.67.234.146 - - [14/Jun/2023:10:12:39 +0800] "GET /xingrg/all/function/internal_message.html?_=1686708256542&CODE_STATE=count HTTP/1.1" 200 11
222.67.234.146 - - [14/Jun/2023:10:12:39 +0800] "GET /xingrg/check_reg.html?_=1686708256543 HTTP/1.1" 200 22
222.67.234.146 - - [14/Jun/2023:10:12:39 +0800] "POST /xingrg/all/common/load_tree.html?tree=area_rest_tree_json&manage=1 HTTP/1.1" 200 351
222.67.234.146 - - [14/Jun/2023:10:12:39 +0800] "POST /xingrg/load_menu.html HTTP/1.1" 200 5138
124.79.244.240 - - [14/Jun/2023:10:12:39 +0800] "GET /xingrg/all/function/internal_message.html?_=1686708760715&CODE_STATE=getMsg HTTP/1.1" 302 -
124.79.244.240 - - [14/Jun/2023:10:12:39 +0800] "GET /xingrg/check_reg.html?_=1686708760717 HTTP/1.1" 302 -
124.79.244.240 - - [14/Jun/2023:10:12:39 +0800] "GET /xingrg/login.html HTTP/1.1" 200 7641
124.79.244.240 - - [14/Jun/2023:10:12:39 +0800] "GET /xingrg/login.html HTTP/1.1" 200 7641
116.230.113.47 - - [14/Jun/2023:10:12:42 +0800] "GET /xingrg/kc/buy/cgsh_order_operate.html?command=get_materiel&rest_code=00146&code=00101007081&supplier_code=00100002&order_time=2023-06-14 HTTP/1.1" 200 413
222.70.114.12 - - [14/Jun/2023:10:12:45 +0800] "GET /xingrg/all/function/internal_message.html?_=1686708768885&CODE_STATE=getMsg HTTP/1.1" 200 27
172.20.0.100 - - [14/Jun/2023:10:12:45 +0800] "GET /xingrg/all/function/internal_message.html?_=1686708765205&CODE_STATE=getMsg HTTP/1.1" 200 27
120.253.135.82 - - [14/Jun/2023:10:12:47 +0800] "GET /xingrg/all/function/internal_message.html?_=1686708767356&CODE_STATE=getMsg HTTP/1.1" 200 27
114.85.113.108 - - [14/Jun/2023:10:12:55 +0800] "GET /xingrg/all/function/internal_message.html?_=1686708774699&CODE_STATE=getMsg HTTP/1.1" 200 27
116.230.113.47 - - [14/Jun/2023:10:12:58 +0800] "POST /xingrg/services/DataTransmitService HTTP/1.1" 200 524
101.229.22.40 - - [14/Jun/2023:10:12:58 +0800] "GET /xingrg/all/function/internal_message.html?_=1686708777887&CODE_STATE=getMsg HTTP/1.1" 200 27
116.230.113.47 - - [14/Jun/2023:10:12:59 +0800] "GET /xingrg/kc/buy/cgsh_order_operate.html?command=get_materiel&rest_code=00146&code=00101007049&supplier_code=00100002&order_time=2023-06-14 HTTP/1.1" 200 409
116.230.113.47 - - [14/Jun/2023:10:12:59 +0800] "POST /xingrg/services/DataTransmitService HTTP/1.1" 200 412
116.230.113.47 - - [14/Jun/2023:10:13:00 +0800] "POST /xingrg/services/DataTransmitService HTTP/1.1" 200 524
116.238.139.35 - - [14/Jun/2023:10:13:01 +0800] "POST /xingrg/dwr/call/plaincall/AjaxQqpsService.saveOrder.dwr HTTP/1.1" 200 78
116.230.113.47 - - [14/Jun/2023:10:13:01 +0800] "POST /xingrg/services/DataTransmitService HTTP/1.1" 200 412
116.238.139.35 - - [14/Jun/2023:10:13:02 +0800] "GET /xingrg/javascript/auto/indicator.gif HTTP/1.1" 404 1066
114.85.115.184 - - [14/Jun/2023:10:13:04 +0800] "GET /xingrg/all/function/internal_message.html?_=1686708785034&CODE_STATE=getMsg HTTP/1.1" 200 27
180.169.147.146 - - [14/Jun/2023:10:13:04 +0800] "GET /xingrg/all/function/internal_message.html?_=1686708784183&CODE_STATE=getMsg HTTP/1.1" 200 27
116.238.139.35 - - [14/Jun/2023:10:13:05 +0800] "POST /xingrg/dwr/call/plaincall/AjaxQqpsService.getMaterielByCode.dwr HTTP/1.1" 200 3912
120.253.135.82 - - [14/Jun/2023:10:13:06 +0800] "GET /xingrg/check_reg.html?_=1686708620972 HTTP/1.1" 200 22
222.70.180.90 - - [14/Jun/2023:10:13:06 +0800] "GET /xingrg/all/function/internal_message.html?_=1686708934947&CODE_STATE=getMsg HTTP/1.1" 200 27
116.238.139.35 - - [14/Jun/2023:10:13:07 +0800] "POST /xingrg/dwr/call/plaincall/AjaxQqpsService.saveMaterielItem.dwr HTTP/1.1" 200 78
116.238.139.35 - - [14/Jun/2023:10:13:10 +0800] "POST /xingrg/dwr/call/plaincall/AjaxQqpsService.checkOrder.dwr HTTP/1.1" 200 78
101.83.145.52 - - [14/Jun/2023:10:13:11 +0800] "GET /xingrg/all/function/internal_message.html?_=1686708616976&CODE_STATE=getMsg HTTP/1.1" 200 27
116.238.139.35 - - [14/Jun/2023:10:13:11 +0800] "GET /xingrg/kc/mdqp/qqps_order_info.html?code=302023061400214 HTTP/1.1" 200 26657
116.238.139.35 - - [14/Jun/2023:10:13:11 +0800] "GET /xingrg/dwr/interface/AjaxComOrderService.js HTTP/1.1" 200 18264
116.238.139.35 - - [14/Jun/2023:10:13:11 +0800] "GET /xingrg/dwr/engine.js HTTP/1.1" 200 43631
116.238.139.35 - - [14/Jun/2023:10:13:11 +0800] "GET /xingrg/dwr/interface/AjaxQqpsService.js HTTP/1.1" 200 16326
116.238.139.35 - - [14/Jun/2023:10:13:12 +0800] "POST /xingrg/dwr/call/plaincall/AjaxQqpsService.loadMaterielItems.dwr HTTP/1.1" 200 371
101.83.145.52 - - [14/Jun/2023:10:13:18 +0800] "GET /xingrg/check_reg.html?_=1686708798096 HTTP/1.1" 200 22
101.83.145.52 - - [14/Jun/2023:10:13:18 +0800] "GET /xingrg/all/function/internal_message.html?_=1686708798100&CODE_STATE=getMsg HTTP/1.1" 200 27
180.164.3.199 - - [14/Jun/2023:10:13:18 +0800] "GET /xingrg/all/function/internal_message.html?_=1686708797879&CODE_STATE=getMsg HTTP/1.1" 200 27
180.164.3.199 - - [14/Jun/2023:10:13:19 +0800] "GET /xingrg/check_reg.html?_=1686708798329 HTTP/1.1" 200 22
116.232.195.127 - - [14/Jun/2023:10:13:19 +0800] "GET /xingrg/all/function/internal_message.html?_=1686708811907&CODE_STATE=getMsg HTTP/1.1" 200 27
101.83.240.24 - - [14/Jun/2023:10:13:22 +0800] "GET /xingrg/all/function/internal_message.html?_=1686708908596&CODE_STATE=getMsg HTTP/1.1" 200 27
116.238.139.35 - - [14/Jun/2023:10:13:23 +0800] "GET /xingrg/all/function/internal_message.html?_=1686708693541&CODE_STATE=getMsg HTTP/1.1" 200 27
61.170.233.201 - - [14/Jun/2023:10:13:23 +0800] "GET /xingrg/all/function/internal_message.html?_=1686708801291&CODE_STATE=getMsg HTTP/1.1" 200 27
61.170.233.201 - - [14/Jun/2023:10:13:23 +0800] "GET /xingrg/check_reg.html?_=1686708801552 HTTP/1.1" 200 22
116.238.139.35 - - [14/Jun/2023:10:13:23 +0800] "GET /xingrg/all/function/internal_message.html?_=1686708802177&CODE_STATE=getMsg HTTP/1.1" 200 27
222.70.180.90 - - [14/Jun/2023:10:13:26 +0800] "GET /xingrg/check_reg.html?_=1686708804031 HTTP/1.1" 200 22
116.230.113.47 - - [14/Jun/2023:10:13:28 +0800] "GET /xingrg/all/function/internal_message.html?_=1686708813895&CODE_STATE=getMsg HTTP/1.1" 200 27
222.70.180.90 - - [14/Jun/2023:10:13:29 +0800] "GET /xingrg/all/function/internal_message.html?_=1686708807028&CODE_STATE=getMsg HTTP/1.1" 200 27
116.230.113.47 - - [14/Jun/2023:10:13:34 +0800] "POST /xingrg/kc/buy/cgsh_order_operate.html HTTP/1.1" 200 37
116.230.113.47 - - [14/Jun/2023:10:13:36 +0800] "POST /xingrg/kc/buy/cgsh_order_operate.html HTTP/1.1" 200 5613
222.67.234.146 - - [14/Jun/2023:10:13:39 +0800] "GET /xingrg/all/function/internal_message.html?_=1686708316552&CODE_STATE=getMsg HTTP/1.1" 200 27
124.79.244.240 - - [14/Jun/2023:10:13:39 +0800] "GET /xingrg/all/function/internal_message.html?_=1686708820717&CODE_STATE=getMsg HTTP/1.1" 302 -
124.79.244.240 - - [14/Jun/2023:10:13:39 +0800] "GET /xingrg/login.html HTTP/1.1" 200 7641
116.230.113.47 - - [14/Jun/2023:10:13:42 +0800] "GET /xingrg/kc/print/load_data.html?order_code=212023061404832&kc_code=cgsh&condition= HTTP/1.1" 200 1864
222.70.114.12 - - [14/Jun/2023:10:13:45 +0800] "GET /xingrg/all/function/internal_message.html?_=1686708828891&CODE_STATE=getMsg HTTP/1.1" 200 27
172.20.0.100 - - [14/Jun/2023:10:13:45 +0800] "GET /xingrg/all/function/internal_message.html?_=1686708825211&CODE_STATE=getMsg HTTP/1.1" 200 27
120.253.135.82 - - [14/Jun/2023:10:13:47 +0800] "GET /xingrg/all/function/internal_message.html?_=1686708827366&CODE_STATE=getMsg HTTP/1.1" 200 27
120.253.135.82 - - [14/Jun/2023:10:13:47 +0800] "GET /xingrg/check_reg.html?_=1686708827368 HTTP/1.1" 200 22
114.85.113.108 - - [14/Jun/2023:10:13:55 +0800] "GET /xingrg/all/function/internal_message.html?_=1686708834675&CODE_STATE=getMsg HTTP/1.1" 200 27
101.229.22.40 - - [14/Jun/2023:10:13:58 +0800] "GET /xingrg/all/function/internal_message.html?_=1686708837888&CODE_STATE=getMsg HTTP/1.1" 200 27
114.85.115.184 - - [14/Jun/2023:10:14:04 +0800] "GET /xingrg/all/function/internal_message.html?_=1686708845008&CODE_STATE=getMsg HTTP/1.1" 200 27
114.85.115.184 - - [14/Jun/2023:10:14:04 +0800] "GET /xingrg/check_reg.html?_=1686708845583 HTTP/1.1" 200 22
180.169.147.146 - - [14/Jun/2023:10:14:04 +0800] "GET /xingrg/all/function/internal_message.html?_=1686708844191&CODE_STATE=getMsg HTTP/1.1" 200 27
222.70.180.90 - - [14/Jun/2023:10:14:06 +0800] "GET /xingrg/check_reg.html?_=1686708994959 HTTP/1.1" 200 22
222.70.180.90 - - [14/Jun/2023:10:14:06 +0800] "GET /xingrg/all/function/internal_message.html?_=1686708994961&CODE_STATE=getMsg HTTP/1.1" 200 27
116.238.139.35 - - [14/Jun/2023:10:14:09 +0800] "GET /xingrg/kc/mdqp/qqps_order_list.html?isBack=1 HTTP/1.1" 200 9685
116.238.139.35 - - [14/Jun/2023:10:14:09 +0800] "GET /xingrg/dwr/interface/AjaxQqpsService.js HTTP/1.1" 200 16326
116.238.139.35 - - [14/Jun/2023:10:14:09 +0800] "GET /xingrg/dwr/interface/AjaxReportQueryService.js HTTP/1.1" 200 13203
116.238.139.35 - - [14/Jun/2023:10:14:09 +0800] "GET /xingrg/dwr/engine.js HTTP/1.1" 200 43631
116.230.113.47 - - [14/Jun/2023:10:14:10 +0800] "POST /xingrg/services/DataTransmitService HTTP/1.1" 200 524
101.83.145.52 - - [14/Jun/2023:10:14:11 +0800] "GET /xingrg/all/function/internal_message.html?_=1686708676975&CODE_STATE=getMsg HTTP/1.1" 200 27
101.83.145.52 - - [14/Jun/2023:10:14:11 +0800] "GET /xingrg/check_reg.html?_=1686708676979 HTTP/1.1" 200 22
116.230.113.47 - - [14/Jun/2023:10:14:11 +0800] "POST /xingrg/services/DataTransmitService HTTP/1.1" 200 2335
114.85.113.108 - - [14/Jun/2023:10:14:16 +0800] "GET /xingrg/check_reg.html?_=1686708855795 HTTP/1.1" 200 22
101.83.145.52 - - [14/Jun/2023:10:14:18 +0800] "GET /xingrg/all/function/internal_message.html?_=1686708858085&CODE_STATE=getMsg HTTP/1.1" 200 27
180.164.3.199 - - [14/Jun/2023:10:14:18 +0800] "GET /xingrg/all/function/internal_message.html?_=1686708857868&CODE_STATE=getMsg HTTP/1.1" 200 27
116.232.195.127 - - [14/Jun/2023:10:14:19 +0800] "GET /xingrg/all/function/internal_message.html?_=1686708871878&CODE_STATE=getMsg HTTP/1.1" 200 27
116.230.113.47 - - [14/Jun/2023:10:14:19 +0800] "POST /xingrg/services/DataTransmitService HTTP/1.1" 200 524
116.230.113.47 - - [14/Jun/2023:10:14:21 +0800] "POST /xingrg/services/DataTransmitService HTTP/1.1" 200 412
116.230.113.47 - - [14/Jun/2023:10:14:21 +0800] "POST /xingrg/services/DataTransmitService HTTP/1.1" 200 524
101.83.240.24 - - [14/Jun/2023:10:14:22 +0800] "GET /xingrg/all/function/internal_message.html?_=1686708968612&CODE_STATE=getMsg HTTP/1.1" 200 27
116.230.113.47 - - [14/Jun/2023:10:14:22 +0800] "POST /xingrg/services/DataTransmitService HTTP/1.1" 200 412
116.238.139.35 - - [14/Jun/2023:10:14:23 +0800] "GET /xingrg/all/function/internal_message.html?_=1686708753558&CODE_STATE=getMsg HTTP/1.1" 200 27
61.170.233.201 - - [14/Jun/2023:10:14:23 +0800] "GET /xingrg/all/function/internal_message.html?_=1686708861278&CODE_STATE=getMsg HTTP/1.1" 200 27
116.238.139.35 - - [14/Jun/2023:10:14:23 +0800] "GET /xingrg/all/function/internal_message.html?_=1686708862176&CODE_STATE=getMsg HTTP/1.1" 200 27
116.230.113.47 - - [14/Jun/2023:10:14:25 +0800] "POST /xingrg/services/DataTransmitService HTTP/1.1" 200 524
