116.238.139.35 - - [14/Jun/2023:10:28:30 +0800] "POST /xingrg/kc/buy/cgsh_list_operate.html HTTP/1.1" 200 4219
222.67.234.146 - - [14/Jun/2023:10:28:30 +0800] "GET /xingrg/kc/buy/cgsh_order_operate.html?command=get_materiel&rest_code=00141&code=00101007060&supplier_code=00100004&order_time=2023-06-14 HTTP/1.1" 200 409
180.164.3.199 - - [14/Jun/2023:10:28:31 +0800] "POST /xingrg/kc/buy/cgsh_order_operate.html HTTP/1.1" 200 5021
180.164.3.199 - - [14/Jun/2023:10:28:34 +0800] "GET /xingrg/kc/print/load_data.html?order_code=212023061404837&kc_code=cgsh&condition= HTTP/1.1" 200 1658
61.170.233.201 - - [14/Jun/2023:10:28:35 +0800] "GET /xingrg/all/function/internal_message.html?_=1686709715243&CODE_STATE=getMsg HTTP/1.1" 200 27
116.238.139.35 - - [14/Jun/2023:10:28:35 +0800] "POST /xingrg/kc/buy/cgsh_list_operate.html HTTP/1.1" 200 558
116.238.139.35 - - [14/Jun/2023:10:28:38 +0800] "GET /xingrg/all/function/internal_message.html?_=1686709608488&CODE_STATE=getMsg HTTP/1.1" 200 27
124.79.244.240 - - [14/Jun/2023:10:28:39 +0800] "GET /xingrg/all/function/internal_message.html?_=1686709720749&CODE_STATE=getMsg HTTP/1.1" 302 -
124.79.244.240 - - [14/Jun/2023:10:28:39 +0800] "GET /xingrg/login.html HTTP/1.1" 200 7641
180.164.3.199 - - [14/Jun/2023:10:28:44 +0800] "GET /xingrg/kc/buy/cgsh_order_add.html HTTP/1.1" 200 71728
222.67.234.146 - - [14/Jun/2023:10:28:44 +0800] "GET /xingrg/all/function/internal_message.html?_=1686709222242&CODE_STATE=getMsg HTTP/1.1" 200 27
180.164.3.199 - - [14/Jun/2023:10:28:45 +0800] "POST /xingrg/kc/buy/cgsh_order_operate.html HTTP/1.1" 200 8245
180.164.3.199 - - [14/Jun/2023:10:28:45 +0800] "GET /xingrg/javascript/easyui/themes/default/validatebox.css HTTP/1.1" 404 1104
222.70.114.12 - - [14/Jun/2023:10:28:45 +0800] "GET /xingrg/all/function/internal_message.html?_=1686709728924&CODE_STATE=getMsg HTTP/1.1" 200 27
172.20.0.100 - - [14/Jun/2023:10:28:45 +0800] "GET /xingrg/all/function/internal_message.html?_=1686709725205&CODE_STATE=getMsg HTTP/1.1" 200 27
120.253.135.82 - - [14/Jun/2023:10:28:47 +0800] "GET /xingrg/all/function/internal_message.html?_=1686709727362&CODE_STATE=getMsg HTTP/1.1" 200 27
120.253.135.82 - - [14/Jun/2023:10:28:47 +0800] "GET /xingrg/check_reg.html?_=1686709727365 HTTP/1.1" 200 22
101.83.241.120 - - [14/Jun/2023:10:28:48 +0800] "POST /xingrg/kc/base/wldb_order_operate.html HTTP/1.1" 200 37
101.83.241.120 - - [14/Jun/2023:10:28:49 +0800] "POST /xingrg/kc/base/wldb_order_operate.html HTTP/1.1" 200 3132
101.83.241.120 - - [14/Jun/2023:10:28:49 +0800] "GET /xingrg/kc/base/wldb_order_info.html?code=422023061401073 HTTP/1.1" 200 30400
101.83.241.120 - - [14/Jun/2023:10:28:49 +0800] "GET /xingrg/javascript/easyui/themes/default/validatebox.css HTTP/1.1" 404 1104
101.83.241.120 - - [14/Jun/2023:10:28:50 +0800] "POST /xingrg/kc/base/wldb_order_operate.html HTTP/1.1" 200 3132
116.238.139.35 - - [14/Jun/2023:10:28:54 +0800] "POST /xingrg/kc/buy/cgsh_list_operate.html HTTP/1.1" 200 6274
114.85.113.108 - - [14/Jun/2023:10:28:54 +0800] "GET /xingrg/all/function/internal_message.html?_=1686709734384&CODE_STATE=getMsg HTTP/1.1" 200 27
101.229.22.40 - - [14/Jun/2023:10:28:58 +0800] "GET /xingrg/all/function/internal_message.html?_=1686709737895&CODE_STATE=getMsg HTTP/1.1" 200 27
222.67.234.146 - - [14/Jun/2023:10:28:59 +0800] "GET /xingrg/kc/buy/cgsh_order_operate.html?command=get_materiel&rest_code=00141&code=00101007038&supplier_code=00100004&order_time=2023-06-14 HTTP/1.1" 200 420
116.238.139.35 - - [14/Jun/2023:10:29:01 +0800] "POST /xingrg/kc/buy/cgsh_list_operate.html HTTP/1.1" 200 297
180.169.147.146 - - [14/Jun/2023:10:29:04 +0800] "GET /xingrg/all/function/internal_message.html?_=1686709744170&CODE_STATE=getMsg HTTP/1.1" 200 27
222.70.180.90 - - [14/Jun/2023:10:29:06 +0800] "GET /xingrg/check_reg.html?_=1686709894934 HTTP/1.1" 200 22
222.70.180.90 - - [14/Jun/2023:10:29:06 +0800] "GET /xingrg/all/function/internal_message.html?_=1686709894936&CODE_STATE=getMsg HTTP/1.1" 200 27
180.164.3.199 - - [14/Jun/2023:10:29:07 +0800] "GET /xingrg/javascript/jquery_easy_ui/themes/default/images/tabs_active.png HTTP/1.1" 200 2894
116.238.139.35 - - [14/Jun/2023:10:29:10 +0800] "POST /xingrg/kc/buy/cgsh_list_operate.html HTTP/1.1" 200 2110
101.83.241.120 - - [14/Jun/2023:10:29:10 +0800] "GET /xingrg/kc/base/wldb_order_add.html HTTP/1.1" 200 30387
101.83.241.120 - - [14/Jun/2023:10:29:10 +0800] "POST /xingrg/kc/base/wldb_order_operate.html HTTP/1.1" 200 6806
101.83.241.120 - - [14/Jun/2023:10:29:11 +0800] "GET /xingrg/javascript/easyui/themes/default/validatebox.css HTTP/1.1" 404 1104
101.83.145.52 - - [14/Jun/2023:10:29:11 +0800] "GET /xingrg/all/function/internal_message.html?_=1686709577002&CODE_STATE=getMsg HTTP/1.1" 200 27
101.83.145.52 - - [14/Jun/2023:10:29:11 +0800] "GET /xingrg/check_reg.html?_=1686709577004 HTTP/1.1" 200 22
222.67.234.146 - - [14/Jun/2023:10:29:12 +0800] "GET /xingrg/kc/buy/cgsh_order_operate.html?command=get_materiel&rest_code=00141&code=00101007023&supplier_code=00100004&order_time=2023-06-14 HTTP/1.1" 200 409
124.79.244.240 - - [14/Jun/2023:10:29:14 +0800] "POST /xingrg/services/DataTransmitService HTTP/1.1" 200 524
114.85.113.108 - - [14/Jun/2023:10:29:16 +0800] "GET /xingrg/check_reg.html?_=1686709755757 HTTP/1.1" 200 22
101.83.145.52 - - [14/Jun/2023:10:29:18 +0800] "GET /xingrg/all/function/internal_message.html?_=1686709758117&CODE_STATE=getMsg HTTP/1.1" 200 27
180.164.3.199 - - [14/Jun/2023:10:29:18 +0800] "GET /xingrg/all/function/internal_message.html?_=1686709757630&CODE_STATE=getMsg HTTP/1.1" 200 27
116.232.195.127 - - [14/Jun/2023:10:29:19 +0800] "GET /xingrg/all/function/internal_message.html?_=1686709771609&CODE_STATE=getMsg HTTP/1.1" 200 27
101.83.241.120 - - [14/Jun/2023:10:29:20 +0800] "GET /xingrg/all/function/internal_message.html?_=1686709757890&CODE_STATE=getMsg HTTP/1.1" 200 27
101.83.240.24 - - [14/Jun/2023:10:29:22 +0800] "GET /xingrg/all/function/internal_message.html?_=1686709868598&CODE_STATE=getMsg HTTP/1.1" 200 27
61.170.233.201 - - [14/Jun/2023:10:29:22 +0800] "GET /xingrg/all/function/internal_message.html?_=1686709761097&CODE_STATE=getMsg HTTP/1.1" 200 27
180.163.29.79 - - [14/Jun/2023:10:29:23 +0800] "GET /xingrg/check_reg.html?_=1686709701567 HTTP/1.1" 302 -
180.163.29.79 - - [14/Jun/2023:10:29:23 +0800] "GET /xingrg/login.html HTTP/1.1" 200 7641
101.83.241.120 - - [14/Jun/2023:10:29:24 +0800] "GET /xingrg/kc/base/wldb_order_operate.html?command=get_materiel&rest_code=00149&base_code=0010398&code=00101036002 HTTP/1.1" 200 440
180.164.3.199 - - [14/Jun/2023:10:29:25 +0800] "GET /xingrg/kc/buy/cgsh_order_operate.html?command=get_materiel&rest_code=00108&code=00101001075&supplier_code=00100012&order_time=2023-06-14 HTTP/1.1" 200 409
116.230.113.47 - - [14/Jun/2023:10:29:28 +0800] "GET /xingrg/all/function/internal_message.html?_=1686709774362&CODE_STATE=getMsg HTTP/1.1" 200 27
222.70.180.90 - - [14/Jun/2023:10:29:29 +0800] "GET /xingrg/all/function/internal_message.html?_=1686709766777&CODE_STATE=getMsg HTTP/1.1" 200 27
101.83.241.120 - - [14/Jun/2023:10:29:33 +0800] "POST /xingrg/kc/base/wldb_order_operate.html HTTP/1.1" 200 37
61.170.233.201 - - [14/Jun/2023:10:29:35 +0800] "GET /xingrg/all/function/internal_message.html?_=1686709775253&CODE_STATE=getMsg HTTP/1.1" 200 27
222.67.234.146 - - [14/Jun/2023:10:29:36 +0800] "GET /xingrg/kc/buy/cgsh_order_operate.html?command=get_materiel&rest_code=00141&code=00101007027&supplier_code=00100004&order_time=2023-06-14 HTTP/1.1" 200 421
116.238.139.35 - - [14/Jun/2023:10:29:37 +0800] "GET /xingrg/check_reg.html?_=1686709668458 HTTP/1.1" 200 22
116.238.139.35 - - [14/Jun/2023:10:29:38 +0800] "GET /xingrg/all/function/internal_message.html?_=1686709668501&CODE_STATE=getMsg HTTP/1.1" 200 27
124.79.244.240 - - [14/Jun/2023:10:29:39 +0800] "GET /xingrg/all/function/internal_message.html?_=1686709780751&CODE_STATE=getMsg HTTP/1.1" 302 -
124.79.244.240 - - [14/Jun/2023:10:29:39 +0800] "GET /xingrg/login.html HTTP/1.1" 200 7641
101.83.241.120 - - [14/Jun/2023:10:29:39 +0800] "POST /xingrg/kc/base/wldb_order_operate.html HTTP/1.1" 200 12
101.83.241.120 - - [14/Jun/2023:10:29:39 +0800] "POST /xingrg/kc/base/wldb_order_operate.html HTTP/1.1" 200 2193
101.83.241.120 - - [14/Jun/2023:10:29:41 +0800] "GET /xingrg/kc/base/wldb_order_info.html?code=422023061401074 HTTP/1.1" 200 26266
101.83.241.120 - - [14/Jun/2023:10:29:42 +0800] "GET /xingrg/javascript/easyui/themes/default/validatebox.css HTTP/1.1" 404 1104
101.83.241.120 - - [14/Jun/2023:10:29:42 +0800] "POST /xingrg/kc/base/wldb_order_operate.html HTTP/1.1" 200 487
222.67.234.146 - - [14/Jun/2023:10:29:44 +0800] "GET /xingrg/all/function/internal_message.html?_=1686709282235&CODE_STATE=getMsg HTTP/1.1" 200 27
222.70.114.12 - - [14/Jun/2023:10:29:45 +0800] "GET /xingrg/all/function/internal_message.html?_=1686709788915&CODE_STATE=getMsg HTTP/1.1" 200 27
172.20.0.100 - - [14/Jun/2023:10:29:45 +0800] "GET /xingrg/all/function/internal_message.html?_=1686709785209&CODE_STATE=getMsg HTTP/1.1" 200 27
120.253.135.82 - - [14/Jun/2023:10:29:47 +0800] "GET /xingrg/all/function/internal_message.html?_=1686709787355&CODE_STATE=getMsg HTTP/1.1" 200 27
116.238.139.35 - - [14/Jun/2023:10:29:52 +0800] "GET /xingrg/kc/mdqp/pssh_order_list.html HTTP/1.1" 200 17437
116.238.139.35 - - [14/Jun/2023:10:29:52 +0800] "POST /xingrg/kc/mdqp/pssh_list_operate.html HTTP/1.1" 200 5531
114.85.113.108 - - [14/Jun/2023:10:29:54 +0800] "GET /xingrg/all/function/internal_message.html?_=1686709794369&CODE_STATE=getMsg HTTP/1.1" 200 27
116.238.139.35 - - [14/Jun/2023:10:29:55 +0800] "POST /xingrg/kc/mdqp/pssh_list_operate.html HTTP/1.1" 200 256
116.238.139.35 - - [14/Jun/2023:10:29:56 +0800] "GET /xingrg/kc/mdqp/pssh_order_info.html?code=312023061300252 HTTP/1.1" 200 14392
116.238.139.35 - - [14/Jun/2023:10:29:56 +0800] "GET /xingrg/javascript/jquery_tools/jquery-1.4.2.min.js HTTP/1.1" 404 1094
116.238.139.35 - - [14/Jun/2023:10:29:57 +0800] "GET /xingrg/javascript/easyui/themes/default/validatebox.css HTTP/1.1" 404 1104
116.238.139.35 - - [14/Jun/2023:10:29:57 +0800] "POST /xingrg/kc/mdqp/pssh_order_operate.html HTTP/1.1" 200 524
101.229.22.40 - - [14/Jun/2023:10:29:58 +0800] "GET /xingrg/all/function/internal_message.html?_=1686709797896&CODE_STATE=getMsg HTTP/1.1" 200 27
116.238.139.35 - - [14/Jun/2023:10:29:59 +0800] "GET /xingrg/kc/print/load_data.html?order_code=312023061300252&kc_code=pssh&condition= HTTP/1.1" 200 651
222.67.234.146 - - [14/Jun/2023:10:30:04 +0800] "GET /xingrg/kc/buy/cgsh_order_operate.html?command=get_materiel&rest_code=00141&code=00101007077&supplier_code=00100004&order_time=2023-06-14 HTTP/1.1" 200 415
180.169.147.146 - - [14/Jun/2023:10:30:04 +0800] "GET /xingrg/all/function/internal_message.html?_=1686709804170&CODE_STATE=getMsg HTTP/1.1" 200 27
222.70.180.90 - - [14/Jun/2023:10:30:06 +0800] "GET /xingrg/all/function/internal_message.html?_=1686709954936&CODE_STATE=getMsg HTTP/1.1" 200 27
101.83.145.52 - - [14/Jun/2023:10:30:11 +0800] "GET /xingrg/all/function/internal_message.html?_=1686709637005&CODE_STATE=getMsg HTTP/1.1" 200 27
222.67.234.146 - - [14/Jun/2023:10:30:14 +0800] "GET /xingrg/kc/buy/cgsh_order_operate.html?command=get_materiel&rest_code=00141&code=00101007076&supplier_code=00100004&order_time=2023-06-14 HTTP/1.1" 200 408
101.83.145.52 - - [14/Jun/2023:10:30:18 +0800] "GET /xingrg/all/function/internal_message.html?_=1686709818118&CODE_STATE=getMsg HTTP/1.1" 200 27
180.164.3.199 - - [14/Jun/2023:10:30:18 +0800] "GET /xingrg/all/function/internal_message.html?_=1686709817626&CODE_STATE=getMsg HTTP/1.1" 200 27
116.232.195.127 - - [14/Jun/2023:10:30:19 +0800] "GET /xingrg/all/function/internal_message.html?_=1686709831605&CODE_STATE=getMsg HTTP/1.1" 200 27
101.83.241.120 - - [14/Jun/2023:10:30:20 +0800] "GET /xingrg/all/function/internal_message.html?_=1686709817873&CODE_STATE=getMsg HTTP/1.1" 200 27
101.83.240.24 - - [14/Jun/2023:10:30:22 +0800] "GET /xingrg/all/function/internal_message.html?_=1686709928607&CODE_STATE=getMsg HTTP/1.1" 200 27
61.170.233.201 - - [14/Jun/2023:10:30:22 +0800] "GET /xingrg/all/function/internal_message.html?_=1686709821076&CODE_STATE=getMsg HTTP/1.1" 200 27
180.164.3.199 - - [14/Jun/2023:10:30:28 +0800] "GET /xingrg/kc/buy/cgsh_order_operate.html?command=get_materiel&rest_code=00108&code=00101006133&supplier_code=00100012&order_time=2023-06-14 HTTP/1.1" 200 413
116.230.113.47 - - [14/Jun/2023:10:30:28 +0800] "GET /xingrg/all/function/internal_message.html?_=1686709834420&CODE_STATE=getMsg HTTP/1.1" 200 27
222.70.180.90 - - [14/Jun/2023:10:30:29 +0800] "GET /xingrg/all/function/internal_message.html?_=1686709826762&CODE_STATE=getMsg HTTP/1.1" 200 27
61.170.233.201 - - [14/Jun/2023:10:30:35 +0800] "GET /xingrg/all/function/internal_message.html?_=1686709835246&CODE_STATE=getMsg HTTP/1.1" 200 27
61.170.233.201 - - [14/Jun/2023:10:30:35 +0800] "GET /xingrg/check_reg.html?_=1686709835247 HTTP/1.1" 200 22
116.238.139.35 - - [14/Jun/2023:10:30:38 +0800] "GET /xingrg/all/function/internal_message.html?_=1686709728515&CODE_STATE=getMsg HTTP/1.1" 200 27
124.79.244.240 - - [14/Jun/2023:10:30:39 +0800] "GET /xingrg/all/function/internal_message.html?_=1686709840753&CODE_STATE=getMsg HTTP/1.1" 302 -
124.79.244.240 - - [14/Jun/2023:10:30:39 +0800] "GET /xingrg/login.html HTTP/1.1" 200 7641
222.67.234.146 - - [14/Jun/2023:10:30:39 +0800] "POST /xingrg/kc/buy/cgsh_order_operate.html HTTP/1.1" 200 37
180.164.3.199 - - [14/Jun/2023:10:30:41 +0800] "GET /xingrg/kc/buy/cgsh_order_operate.html?command=get_materiel&rest_code=00108&code=00101006299&supplier_code=00100012&order_time=2023-06-14 HTTP/1.1" 200 417
222.67.234.146 - - [14/Jun/2023:10:30:42 +0800] "POST /xingrg/kc/buy/cgsh_order_operate.html HTTP/1.1" 200 6822
222.67.234.146 - - [14/Jun/2023:10:30:44 +0800] "GET /xingrg/all/function/internal_message.html?_=1686709342176&CODE_STATE=getMsg HTTP/1.1" 200 27
222.67.234.146 - - [14/Jun/2023:10:30:45 +0800] "GET /xingrg/kc/print/load_config.html?kc_code=cgsh HTTP/1.1" 200 1924
222.70.114.12 - - [14/Jun/2023:10:30:45 +0800] "GET /xingrg/all/function/internal_message.html?_=1686709848922&CODE_STATE=getMsg HTTP/1.1" 200 27
172.20.0.100 - - [14/Jun/2023:10:30:45 +0800] "GET /xingrg/all/function/internal_message.html?_=1686709845211&CODE_STATE=getMsg HTTP/1.1" 200 27
222.67.234.146 - - [14/Jun/2023:10:30:45 +0800] "GET /xingrg/kc/print/load_data.html?order_code=212023061404838&kc_code=cgsh&condition= HTTP/1.1" 200 2327
120.253.135.82 - - [14/Jun/2023:10:30:47 +0800] "GET /xingrg/all/function/internal_message.html?_=1686709847361&CODE_STATE=getMsg HTTP/1.1" 200 27
180.164.3.199 - - [14/Jun/2023:10:30:53 +0800] "GET /xingrg/kc/buy/cgsh_order_operate.html?command=get_materiel&rest_code=00108&code=00101006293&supplier_code=00100012&order_time=2023-06-14 HTTP/1.1" 200 429
114.85.113.108 - - [14/Jun/2023:10:30:54 +0800] "GET /xingrg/all/function/internal_message.html?_=1686709854361&CODE_STATE=getMsg HTTP/1.1" 200 27
101.229.22.40 - - [14/Jun/2023:10:30:58 +0800] "GET /xingrg/all/function/internal_message.html?_=1686709857896&CODE_STATE=getMsg HTTP/1.1" 200 27
180.169.147.146 - - [14/Jun/2023:10:31:04 +0800] "GET /xingrg/all/function/internal_message.html?_=1686709864172&CODE_STATE=getMsg HTTP/1.1" 200 27
222.70.180.90 - - [14/Jun/2023:10:31:06 +0800] "GET /xingrg/all/function/internal_message.html?_=1686710014932&CODE_STATE=getMsg HTTP/1.1" 200 27
222.67.234.146 - - [14/Jun/2023:10:31:09 +0800] "GET /xingrg/kc/buy/cgsh_order_add.html HTTP/1.1" 200 71636
222.67.234.146 - - [14/Jun/2023:10:31:09 +0800] "POST /xingrg/kc/buy/cgsh_order_operate.html HTTP/1.1" 200 8245
222.67.234.146 - - [14/Jun/2023:10:31:09 +0800] "GET /xingrg/javascript/easyui/themes/default/validatebox.css HTTP/1.1" 404 1104
101.83.145.52 - - [14/Jun/2023:10:31:11 +0800] "GET /xingrg/all/function/internal_message.html?_=1686709697005&CODE_STATE=getMsg HTTP/1.1" 200 27
180.164.3.199 - - [14/Jun/2023:10:31:17 +0800] "GET /xingrg/kc/buy/cgsh_order_operate.html?command=get_materiel&rest_code=00108&code=00101010257&supplier_code=00100012&order_time=2023-06-14 HTTP/1.1" 200 412
101.83.145.52 - - [14/Jun/2023:10:31:18 +0800] "GET /xingrg/all/function/internal_message.html?_=1686709878119&CODE_STATE=getMsg HTTP/1.1" 200 27
180.164.3.199 - - [14/Jun/2023:10:31:18 +0800] "GET /xingrg/all/function/internal_message.html?_=1686709877617&CODE_STATE=getMsg HTTP/1.1" 200 27
116.232.195.127 - - [14/Jun/2023:10:31:19 +0800] "GET /xingrg/all/function/internal_message.html?_=1686709891608&CODE_STATE=getMsg HTTP/1.1" 200 27
101.83.241.120 - - [14/Jun/2023:10:31:20 +0800] "GET /xingrg/all/function/internal_message.html?_=1686709877856&CODE_STATE=getMsg HTTP/1.1" 200 27
101.83.240.24 - - [14/Jun/2023:10:31:22 +0800] "GET /xingrg/all/function/internal_message.html?_=1686709988605&CODE_STATE=getMsg HTTP/1.1" 200 27
61.170.233.201 - - [14/Jun/2023:10:31:22 +0800] "GET /xingrg/all/function/internal_message.html?_=1686709881063&CODE_STATE=getMsg HTTP/1.1" 200 27
116.230.113.47 - - [14/Jun/2023:10:31:28 +0800] "GET /xingrg/all/function/internal_message.html?_=1686709894421&CODE_STATE=getMsg HTTP/1.1" 200 27
222.67.234.146 - - [14/Jun/2023:10:31:29 +0800] "GET /xingrg/kc/buy/cgsh_order_operate.html?command=get_materiel&rest_code=00141&code=00101012003&supplier_code=00100036&order_time=2023-06-14 HTTP/1.1" 200 413
222.70.180.90 - - [14/Jun/2023:10:31:29 +0800] "GET /xingrg/all/function/internal_message.html?_=1686709886747&CODE_STATE=getMsg HTTP/1.1" 200 27
61.170.233.201 - - [14/Jun/2023:10:31:35 +0800] "GET /xingrg/all/function/internal_message.html?_=1686709895248&CODE_STATE=getMsg HTTP/1.1" 200 27
116.238.139.35 - - [14/Jun/2023:10:31:38 +0800] "GET /xingrg/all/function/internal_message.html?_=1686709788535&CODE_STATE=getMsg HTTP/1.1" 200 27
124.79.244.240 - - [14/Jun/2023:10:31:39 +0800] "GET /xingrg/all/function/internal_message.html?_=1686709900755&CODE_STATE=getMsg HTTP/1.1" 302 -
124.79.244.240 - - [14/Jun/2023:10:31:39 +0800] "GET /xingrg/login.html HTTP/1.1" 200 7641
222.67.234.146 - - [14/Jun/2023:10:31:42 +0800] "GET /xingrg/kc/buy/cgsh_order_operate.html?command=get_materiel&rest_code=00141&code=00101010166&supplier_code=00100036&order_time=2023-06-14 HTTP/1.1" 200 417
222.67.234.146 - - [14/Jun/2023:10:31:44 +0800] "GET /xingrg/all/function/internal_message.html?_=1686709402152&CODE_STATE=getMsg HTTP/1.1" 200 27
222.70.114.12 - - [14/Jun/2023:10:31:45 +0800] "GET /xingrg/check_reg.html?_=1686709908913 HTTP/1.1" 200 22
222.70.114.12 - - [14/Jun/2023:10:31:45 +0800] "GET /xingrg/all/function/internal_message.html?_=1686709908921&CODE_STATE=getMsg HTTP/1.1" 200 27
172.20.0.100 - - [14/Jun/2023:10:31:45 +0800] "GET /xingrg/all/function/internal_message.html?_=1686709905214&CODE_STATE=getMsg HTTP/1.1" 200 27
172.20.0.100 - - [14/Jun/2023:10:31:45 +0800] "GET /xingrg/check_reg.html?_=1686709905216 HTTP/1.1" 200 22
120.253.135.82 - - [14/Jun/2023:10:31:47 +0800] "GET /xingrg/all/function/internal_message.html?_=1686709907373&CODE_STATE=getMsg HTTP/1.1" 200 27
114.85.113.108 - - [14/Jun/2023:10:31:54 +0800] "GET /xingrg/all/function/internal_message.html?_=1686709914341&CODE_STATE=getMsg HTTP/1.1" 200 27
222.67.234.146 - - [14/Jun/2023:10:31:55 +0800] "GET /xingrg/kc/buy/cgsh_order_operate.html?command=get_materiel&rest_code=00141&code=00101016010&supplier_code=00100036&order_time=2023-06-14 HTTP/1.1" 200 408
222.67.234.146 - - [14/Jun/2023:10:31:58 +0800] "GET /xingrg/check_reg.html?_=1686709415546 HTTP/1.1" 200 22
101.229.22.40 - - [14/Jun/2023:10:31:58 +0800] "GET /xingrg/all/function/internal_message.html?_=1686709917900&CODE_STATE=getMsg HTTP/1.1" 200 27
101.229.22.40 - - [14/Jun/2023:10:31:58 +0800] "GET /xingrg/check_reg.html?_=1686709917903 HTTP/1.1" 200 22
180.169.147.146 - - [14/Jun/2023:10:32:04 +0800] "GET /xingrg/check_reg.html?_=1686709924182 HTTP/1.1" 200 22
180.169.147.146 - - [14/Jun/2023:10:32:04 +0800] "GET /xingrg/all/function/internal_message.html?_=1686709924184&CODE_STATE=getMsg HTTP/1.1" 200 27
222.70.180.90 - - [14/Jun/2023:10:32:06 +0800] "GET /xingrg/all/function/internal_message.html?_=1686710074922&CODE_STATE=getMsg HTTP/1.1" 200 27
222.67.234.146 - - [14/Jun/2023:10:32:09 +0800] "GET /xingrg/kc/buy/cgsh_order_operate.html?command=get_materiel&rest_code=00141&code=00101012026&supplier_code=00100036&order_time=2023-06-14 HTTP/1.1" 200 408
101.83.145.52 - - [14/Jun/2023:10:32:11 +0800] "GET /xingrg/all/function/internal_message.html?_=1686709757005&CODE_STATE=getMsg HTTP/1.1" 200 27
101.83.145.52 - - [14/Jun/2023:10:32:18 +0800] "GET /xingrg/all/function/internal_message.html?_=1686709938119&CODE_STATE=getMsg HTTP/1.1" 200 27
180.164.3.199 - - [14/Jun/2023:10:32:18 +0800] "GET /xingrg/all/function/internal_message.html?_=1686709937608&CODE_STATE=getMsg HTTP/1.1" 200 27
114.85.115.184 - - [14/Jun/2023:10:32:18 +0800] "POST /xingrg/services/DataTransmitService HTTP/1.1" 200 524
116.232.195.127 - - [14/Jun/2023:10:32:19 +0800] "GET /xingrg/all/function/internal_message.html?_=1686709951601&CODE_STATE=getMsg HTTP/1.1" 200 27
116.232.195.127 - - [14/Jun/2023:10:32:19 +0800] "GET /xingrg/check_reg.html?_=1686709951605 HTTP/1.1" 200 22
222.67.234.146 - - [14/Jun/2023:10:32:20 +0800] "GET /xingrg/kc/buy/cgsh_order_operate.html?command=get_materiel&rest_code=00141&code=00101016025&supplier_code=00100036&order_time=2023-06-14 HTTP/1.1" 200 408
114.85.115.184 - - [14/Jun/2023:10:32:20 +0800] "POST /xingrg/services/DataTransmitService HTTP/1.1" 200 412
101.83.241.120 - - [14/Jun/2023:10:32:20 +0800] "GET /xingrg/all/function/internal_message.html?_=1686709937824&CODE_STATE=getMsg HTTP/1.1" 200 27
101.83.241.120 - - [14/Jun/2023:10:32:20 +0800] "GET /xingrg/check_reg.html?_=1686709937910 HTTP/1.1" 200 22
101.83.240.24 - - [14/Jun/2023:10:32:22 +0800] "GET /xingrg/all/function/internal_message.html?_=1686710048602&CODE_STATE=getMsg HTTP/1.1" 200 27
101.83.240.24 - - [14/Jun/2023:10:32:22 +0800] "GET /xingrg/check_reg.html?_=1686710048606 HTTP/1.1" 200 22
61.170.233.201 - - [14/Jun/2023:10:32:22 +0800] "GET /xingrg/all/function/internal_message.html?_=1686709941038&CODE_STATE=getMsg HTTP/1.1" 200 27
116.230.113.47 - - [14/Jun/2023:10:32:28 +0800] "GET /xingrg/check_reg.html?_=1686709953900 HTTP/1.1" 200 22
116.230.113.47 - - [14/Jun/2023:10:32:28 +0800] "GET /xingrg/all/function/internal_message.html?_=1686709954437&CODE_STATE=getMsg HTTP/1.1" 200 27
222.70.180.90 - - [14/Jun/2023:10:32:29 +0800] "GET /xingrg/all/function/internal_message.html?_=1686709946730&CODE_STATE=getMsg HTTP/1.1" 200 27
222.67.234.146 - - [14/Jun/2023:10:32:30 +0800] "GET /xingrg/kc/buy/cgsh_order_operate.html?command=get_materiel&rest_code=00141&code=00101010063&supplier_code=00100036&order_time=2023-06-14 HTTP/1.1" 200 409
61.170.233.201 - - [14/Jun/2023:10:32:35 +0800] "GET /xingrg/all/function/internal_message.html?_=1686709955248&CODE_STATE=getMsg HTTP/1.1" 200 27
116.238.139.35 - - [14/Jun/2023:10:32:38 +0800] "GET /xingrg/all/function/internal_message.html?_=1686709848542&CODE_STATE=getMsg HTTP/1.1" 200 27
222.67.234.146 - - [14/Jun/2023:10:32:39 +0800] "GET /xingrg/check_reg.html?_=1686709456589 HTTP/1.1" 200 22
124.79.244.240 - - [14/Jun/2023:10:32:39 +0800] "GET /xingrg/all/function/internal_message.html?_=1686709960757&CODE_STATE=getMsg HTTP/1.1" 302 -
124.79.244.240 - - [14/Jun/2023:10:32:39 +0800] "GET /xingrg/check_reg.html?_=1686709960758 HTTP/1.1" 302 -
124.79.244.240 - - [14/Jun/2023:10:32:39 +0800] "GET /xingrg/login.html HTTP/1.1" 200 7641
124.79.244.240 - - [14/Jun/2023:10:32:39 +0800] "GET /xingrg/login.html HTTP/1.1" 200 7641
222.67.234.146 - - [14/Jun/2023:10:32:40 +0800] "GET /xingrg/kc/buy/cgsh_order_operate.html?command=get_materiel&rest_code=00141&code=00101011005&supplier_code=00100036&order_time=2023-06-14 HTTP/1.1" 200 428
222.67.234.146 - - [14/Jun/2023:10:32:44 +0800] "GET /xingrg/all/function/internal_message.html?_=1686709462121&CODE_STATE=getMsg HTTP/1.1" 200 27
222.70.114.12 - - [14/Jun/2023:10:32:45 +0800] "GET /xingrg/all/function/internal_message.html?_=1686709968949&CODE_STATE=getMsg HTTP/1.1" 200 27
172.20.0.100 - - [14/Jun/2023:10:32:45 +0800] "GET /xingrg/all/function/internal_message.html?_=1686709965200&CODE_STATE=getMsg HTTP/1.1" 200 27
120.253.135.82 - - [14/Jun/2023:10:32:47 +0800] "GET /xingrg/all/function/internal_message.html?_=1686709967384&CODE_STATE=getMsg HTTP/1.1" 200 27
222.67.234.146 - - [14/Jun/2023:10:32:53 +0800] "POST /xingrg/kc/buy/cgsh_order_operate.html HTTP/1.1" 200 37
114.85.113.108 - - [14/Jun/2023:10:32:54 +0800] "GET /xingrg/all/function/internal_message.html?_=1686709974326&CODE_STATE=getMsg HTTP/1.1" 200 27
222.67.234.146 - - [14/Jun/2023:10:32:55 +0800] "POST /xingrg/kc/buy/cgsh_order_operate.html HTTP/1.1" 200 6198
222.67.234.146 - - [14/Jun/2023:10:32:57 +0800] "GET /xingrg/kc/print/load_data.html?order_code=212023061404839&kc_code=cgsh&condition= HTTP/1.1" 200 2095
101.229.22.40 - - [14/Jun/2023:10:32:58 +0800] "GET /xingrg/all/function/internal_message.html?_=1686709977903&CODE_STATE=getMsg HTTP/1.1" 200 27
222.67.234.146 - - [14/Jun/2023:10:33:04 +0800] "GET /xingrg/kc/buy/cgsh_order_add.html HTTP/1.1" 200 71636
222.67.234.146 - - [14/Jun/2023:10:33:04 +0800] "POST /xingrg/kc/buy/cgsh_order_operate.html HTTP/1.1" 200 8245
222.67.234.146 - - [14/Jun/2023:10:33:04 +0800] "GET /xingrg/javascript/easyui/themes/default/validatebox.css HTTP/1.1" 404 1104
180.169.147.146 - - [14/Jun/2023:10:33:04 +0800] "GET /xingrg/all/function/internal_message.html?_=1686709984175&CODE_STATE=getMsg HTTP/1.1" 200 27
222.70.180.90 - - [14/Jun/2023:10:33:06 +0800] "GET /xingrg/all/function/internal_message.html?_=1686710134940&CODE_STATE=getMsg HTTP/1.1" 200 27
120.253.135.82 - - [14/Jun/2023:10:33:07 +0800] "GET /xingrg/check_reg.html?_=1686709821460 HTTP/1.1" 200 22
101.83.145.52 - - [14/Jun/2023:10:33:11 +0800] "GET /xingrg/all/function/internal_message.html?_=1686709817004&CODE_STATE=getMsg HTTP/1.1" 200 27
180.164.3.199 - - [14/Jun/2023:10:33:14 +0800] "GET /xingrg/kc/buy/cgsh_order_operate.html?command=get_materiel&rest_code=00108&code=00101006129&supplier_code=00100012&order_time=2023-06-14 HTTP/1.1" 200 431
101.83.145.52 - - [14/Jun/2023:10:33:18 +0800] "GET /xingrg/check_reg.html?_=1686709998122 HTTP/1.1" 200 22
101.83.145.52 - - [14/Jun/2023:10:33:18 +0800] "GET /xingrg/all/function/internal_message.html?_=1686709998126&CODE_STATE=getMsg HTTP/1.1" 200 27
180.164.3.199 - - [14/Jun/2023:10:33:18 +0800] "GET /xingrg/all/function/internal_message.html?_=1686709997592&CODE_STATE=getMsg HTTP/1.1" 200 27
116.232.195.127 - - [14/Jun/2023:10:33:19 +0800] "GET /xingrg/all/function/internal_message.html?_=1686710011604&CODE_STATE=getMsg HTTP/1.1" 200 27
180.164.3.199 - - [14/Jun/2023:10:33:19 +0800] "GET /xingrg/check_reg.html?_=1686709998275 HTTP/1.1" 200 22
101.83.241.120 - - [14/Jun/2023:10:33:20 +0800] "GET /xingrg/all/function/internal_message.html?_=1686709997805&CODE_STATE=getMsg HTTP/1.1" 200 27
222.67.234.146 - - [14/Jun/2023:10:33:21 +0800] "GET /xingrg/kc/buy/cgsh_order_operate.html?command=get_materiel&rest_code=00141&code=00101005037&supplier_code=00100040&order_time=2023-06-14 HTTP/1.1" 200 409
101.83.240.24 - - [14/Jun/2023:10:33:22 +0800] "GET /xingrg/all/function/internal_message.html?_=1686710108606&CODE_STATE=getMsg HTTP/1.1" 200 27
61.170.233.201 - - [14/Jun/2023:10:33:22 +0800] "GET /xingrg/all/function/internal_message.html?_=1686710001011&CODE_STATE=getMsg HTTP/1.1" 200 27
61.170.233.201 - - [14/Jun/2023:10:33:23 +0800] "GET /xingrg/check_reg.html?_=1686710001579 HTTP/1.1" 200 22
222.70.180.90 - - [14/Jun/2023:10:33:26 +0800] "GET /xingrg/check_reg.html?_=1686710004048 HTTP/1.1" 200 22
116.230.113.47 - - [14/Jun/2023:10:33:28 +0800] "GET /xingrg/all/function/internal_message.html?_=1686710014448&CODE_STATE=getMsg HTTP/1.1" 200 27
222.70.180.90 - - [14/Jun/2023:10:33:29 +0800] "GET /xingrg/all/function/internal_message.html?_=1686710006703&CODE_STATE=getMsg HTTP/1.1" 200 27
61.170.233.201 - - [14/Jun/2023:10:33:35 +0800] "GET /xingrg/all/function/internal_message.html?_=1686710015243&CODE_STATE=getMsg HTTP/1.1" 200 27
116.238.139.35 - - [14/Jun/2023:10:33:38 +0800] "GET /xingrg/all/function/internal_message.html?_=1686709908562&CODE_STATE=getMsg HTTP/1.1" 200 27
222.67.234.146 - - [14/Jun/2023:10:33:39 +0800] "GET /xingrg/kc/buy/cgsh_order_operate.html?command=get_materiel&rest_code=00141&code=00101001075&supplier_code=00100040&order_time=2023-06-14 HTTP/1.1" 200 409
124.79.244.240 - - [14/Jun/2023:10:33:39 +0800] "GET /xingrg/all/function/internal_message.html?_=1686710020758&CODE_STATE=getMsg HTTP/1.1" 302 -
124.79.244.240 - - [14/Jun/2023:10:33:39 +0800] "GET /xingrg/login.html HTTP/1.1" 200 7641
222.64.56.68 - - [14/Jun/2023:10:33:41 +0800] "POST /xingrg/services/DataTransmitService HTTP/1.1" 200 524
222.64.56.68 - - [14/Jun/2023:10:33:42 +0800] "POST /xingrg/services/DataTransmitService HTTP/1.1" 200 501
222.67.234.146 - - [14/Jun/2023:10:33:44 +0800] "GET /xingrg/all/function/internal_message.html?_=1686709522096&CODE_STATE=getMsg HTTP/1.1" 200 27
222.70.114.12 - - [14/Jun/2023:10:33:45 +0800] "GET /xingrg/all/function/internal_message.html?_=1686710028953&CODE_STATE=getMsg HTTP/1.1" 200 27
172.20.0.100 - - [14/Jun/2023:10:33:45 +0800] "GET /xingrg/all/function/internal_message.html?_=1686710025203&CODE_STATE=getMsg HTTP/1.1" 200 27
120.253.135.82 - - [14/Jun/2023:10:33:47 +0800] "GET /xingrg/check_reg.html?_=1686710027360 HTTP/1.1" 200 22
120.253.135.82 - - [14/Jun/2023:10:33:47 +0800] "GET /xingrg/all/function/internal_message.html?_=1686710027364&CODE_STATE=getMsg HTTP/1.1" 200 27
114.85.113.108 - - [14/Jun/2023:10:33:54 +0800] "GET /xingrg/all/function/internal_message.html?_=1686710034311&CODE_STATE=getMsg HTTP/1.1" 200 27
101.229.22.40 - - [14/Jun/2023:10:33:58 +0800] "GET /xingrg/all/function/internal_message.html?_=1686710037902&CODE_STATE=getMsg HTTP/1.1" 200 27
222.67.234.146 - - [14/Jun/2023:10:34:03 +0800] "POST /xingrg/kc/buy/cgsh_order_operate.html HTTP/1.1" 200 37
180.169.147.146 - - [14/Jun/2023:10:34:04 +0800] "GET /xingrg/all/function/internal_message.html?_=1686710044172&CODE_STATE=getMsg HTTP/1.1" 200 27
222.67.234.146 - - [14/Jun/2023:10:34:05 +0800] "POST /xingrg/kc/buy/cgsh_order_operate.html HTTP/1.1" 200 3240
222.70.180.90 - - [14/Jun/2023:10:34:06 +0800] "GET /xingrg/all/function/internal_message.html?_=1686710194938&CODE_STATE=getMsg HTTP/1.1" 200 27
222.70.180.90 - - [14/Jun/2023:10:34:06 +0800] "GET /xingrg/check_reg.html?_=1686710194934 HTTP/1.1" 200 22
222.67.234.146 - - [14/Jun/2023:10:34:07 +0800] "GET /xingrg/kc/print/load_data.html?order_code=212023061404840&kc_code=cgsh&condition= HTTP/1.1" 200 975
101.83.145.52 - - [14/Jun/2023:10:34:11 +0800] "GET /xingrg/check_reg.html?_=1686709877004 HTTP/1.1" 200 22
101.83.145.52 - - [14/Jun/2023:10:34:11 +0800] "GET /xingrg/all/function/internal_message.html?_=1686709877007&CODE_STATE=getMsg HTTP/1.1" 200 27
222.67.234.146 - - [14/Jun/2023:10:34:12 +0800] "GET /xingrg/kc/buy/cgsh_order_add.html HTTP/1.1" 200 71636
222.67.234.146 - - [14/Jun/2023:10:34:12 +0800] "POST /xingrg/kc/buy/cgsh_order_operate.html HTTP/1.1" 200 8245
222.67.234.146 - - [14/Jun/2023:10:34:13 +0800] "GET /xingrg/javascript/easyui/themes/default/validatebox.css HTTP/1.1" 404 1104
114.85.113.108 - - [14/Jun/2023:10:34:16 +0800] "GET /xingrg/check_reg.html?_=1686710055742 HTTP/1.1" 200 22
101.83.145.52 - - [14/Jun/2023:10:34:18 +0800] "GET /xingrg/all/function/internal_message.html?_=1686710058109&CODE_STATE=getMsg HTTP/1.1" 200 27
180.164.3.199 - - [14/Jun/2023:10:34:18 +0800] "GET /xingrg/all/function/internal_message.html?_=1686710057587&CODE_STATE=getMsg HTTP/1.1" 200 27
116.232.195.127 - - [14/Jun/2023:10:34:19 +0800] "GET /xingrg/all/function/internal_message.html?_=1686710071617&CODE_STATE=getMsg HTTP/1.1" 200 27
101.83.241.120 - - [14/Jun/2023:10:34:20 +0800] "GET /xingrg/all/function/internal_message.html?_=1686710057790&CODE_STATE=getMsg HTTP/1.1" 200 27
61.151.231.107 - - [14/Jun/2023:10:34:22 +0800] "GET /xingrg/all/function/internal_message.html?_=1686710001011&CODE_STATE=getMsg HTTP/1.1" 302 -
61.151.231.107 - - [14/Jun/2023:10:34:22 +0800] "GET /xingrg/login.html HTTP/1.1" 200 7641
101.83.240.24 - - [14/Jun/2023:10:34:22 +0800] "GET /xingrg/all/function/internal_message.html?_=1686710168596&CODE_STATE=getMsg HTTP/1.1" 200 27
61.170.233.201 - - [14/Jun/2023:10:34:22 +0800] "GET /xingrg/all/function/internal_message.html?_=1686710060991&CODE_STATE=getMsg HTTP/1.1" 200 27
116.230.113.47 - - [14/Jun/2023:10:34:28 +0800] "GET /xingrg/all/function/internal_message.html?_=1686710074462&CODE_STATE=getMsg HTTP/1.1" 200 27
222.70.180.90 - - [14/Jun/2023:10:34:29 +0800] "GET /xingrg/all/function/internal_message.html?_=1686710066688&CODE_STATE=getMsg HTTP/1.1" 200 27
180.164.3.199 - - [14/Jun/2023:10:34:29 +0800] "GET /xingrg/kc/buy/cgsh_order_operate.html?command=get_materiel&rest_code=00108&code=00101001009&supplier_code=00100012&order_time=2023-06-14 HTTP/1.1" 200 409
222.67.234.146 - - [14/Jun/2023:10:34:31 +0800] "GET /xingrg/kc/buy/cgsh_order_operate.html?command=get_materiel&rest_code=00141&code=00101006111&supplier_code=00100012&order_time=2023-06-14 HTTP/1.1" 200 409
61.170.233.201 - - [14/Jun/2023:10:34:35 +0800] "GET /xingrg/all/function/internal_message.html?_=1686710075245&CODE_STATE=getMsg HTTP/1.1" 200 27
116.238.139.35 - - [14/Jun/2023:10:34:37 +0800] "GET /xingrg/check_reg.html?_=1686709968459 HTTP/1.1" 200 22
116.238.139.35 - - [14/Jun/2023:10:34:38 +0800] "GET /xingrg/all/function/internal_message.html?_=1686709968578&CODE_STATE=getMsg HTTP/1.1" 200 27
124.79.244.240 - - [14/Jun/2023:10:34:39 +0800] "GET /xingrg/all/function/internal_message.html?_=1686710080761&CODE_STATE=getMsg HTTP/1.1" 302 -
124.79.244.240 - - [14/Jun/2023:10:34:39 +0800] "GET /xingrg/login.html HTTP/1.1" 200 7641
222.67.234.146 - - [14/Jun/2023:10:34:44 +0800] "GET /xingrg/all/function/internal_message.html?_=1686709582096&CODE_STATE=getMsg HTTP/1.1" 200 27
222.70.114.12 - - [14/Jun/2023:10:34:45 +0800] "GET /xingrg/all/function/internal_message.html?_=1686710088943&CODE_STATE=getMsg HTTP/1.1" 200 27
172.20.0.100 - - [14/Jun/2023:10:34:45 +0800] "GET /xingrg/all/function/internal_message.html?_=1686710085206&CODE_STATE=getMsg HTTP/1.1" 200 27
120.253.135.82 - - [14/Jun/2023:10:34:45 +0800] "GET /xingrg/kc/pszx/mdps_order_list.html?orderType=0 HTTP/1.1" 200 21032
120.253.135.82 - - [14/Jun/2023:10:34:46 +0800] "POST /xingrg/kc/pszx/mdps_list_operate.html HTTP/1.1" 200 5273
120.253.135.82 - - [14/Jun/2023:10:34:47 +0800] "GET /xingrg/all/function/internal_message.html?_=1686710087357&CODE_STATE=getMsg HTTP/1.1" 200 27
222.67.234.146 - - [14/Jun/2023:10:34:50 +0800] "GET /xingrg/kc/buy/cgsh_order_operate.html?command=get_materiel&rest_code=00141&code=00101006129&supplier_code=00100012&order_time=2023-06-14 HTTP/1.1" 200 431
180.164.3.199 - - [14/Jun/2023:10:34:52 +0800] "GET /xingrg/kc/buy/cgsh_order_operate.html?command=get_materiel&rest_code=00108&code=00101006128&supplier_code=00100012&order_time=2023-06-14 HTTP/1.1" 200 427
120.253.135.82 - - [14/Jun/2023:10:34:53 +0800] "POST /xingrg/kc/pszx/mdps_list_operate.html HTTP/1.1" 200 2057
120.253.135.82 - - [14/Jun/2023:10:34:54 +0800] "POST /xingrg/kc/pszx/mdps_list_operate.html HTTP/1.1" 200 208
114.85.113.108 - - [14/Jun/2023:10:34:54 +0800] "GET /xingrg/all/function/internal_message.html?_=1686710094300&CODE_STATE=getMsg HTTP/1.1" 200 27
120.253.135.82 - - [14/Jun/2023:10:34:55 +0800] "GET /xingrg/kc/pszx/mdps_order_info.html?code=312023061400259 HTTP/1.1" 200 23976
120.253.135.82 - - [14/Jun/2023:10:34:56 +0800] "GET /xingrg/javascript/easyui/themes/default/validatebox.css HTTP/1.1" 404 1104
120.253.135.82 - - [14/Jun/2023:10:34:56 +0800] "POST /xingrg/kc/pszx/mdps_order_operate.html HTTP/1.1" 200 2292
101.229.22.40 - - [14/Jun/2023:10:34:58 +0800] "GET /xingrg/all/function/internal_message.html?_=1686710097903&CODE_STATE=getMsg HTTP/1.1" 200 27
120.253.135.82 - - [14/Jun/2023:10:35:00 +0800] "POST /xingrg/kc/pszx/mdps_order_operate.html HTTP/1.1" 200 37
180.169.147.146 - - [14/Jun/2023:10:35:04 +0800] "GET /xingrg/all/function/internal_message.html?_=1686710104175&CODE_STATE=getMsg HTTP/1.1" 200 27
120.253.135.82 - - [14/Jun/2023:10:35:05 +0800] "POST /xingrg/kc/pszx/mdps_order_operate.html HTTP/1.1" 200 12
222.67.234.146 - - [14/Jun/2023:10:35:06 +0800] "POST /xingrg/kc/buy/cgsh_order_operate.html HTTP/1.1" 200 37
120.253.135.82 - - [14/Jun/2023:10:35:06 +0800] "GET /xingrg/kc/pszx/mdps_order_info.html?code=312023061400259 HTTP/1.1" 200 19636
222.70.180.90 - - [14/Jun/2023:10:35:06 +0800] "GET /xingrg/all/function/internal_message.html?_=1686710254962&CODE_STATE=getMsg HTTP/1.1" 200 27
120.253.135.82 - - [14/Jun/2023:10:35:07 +0800] "GET /xingrg/javascript/easyui/themes/default/validatebox.css HTTP/1.1" 404 1104
120.253.135.82 - - [14/Jun/2023:10:35:07 +0800] "POST /xingrg/kc/pszx/mdps_order_operate.html HTTP/1.1" 200 513
222.67.234.146 - - [14/Jun/2023:10:35:08 +0800] "POST /xingrg/kc/buy/cgsh_order_operate.html HTTP/1.1" 200 3270
222.67.234.146 - - [14/Jun/2023:10:35:10 +0800] "GET /xingrg/kc/print/load_data.html?order_code=212023061404841&kc_code=cgsh&condition= HTTP/1.1" 200 1019
101.83.145.52 - - [14/Jun/2023:10:35:11 +0800] "GET /xingrg/all/function/internal_message.html?_=1686709937009&CODE_STATE=getMsg HTTP/1.1" 200 27
120.253.135.82 - - [14/Jun/2023:10:35:12 +0800] "POST /xingrg/kc/pszx/mdps_list_operate.html HTTP/1.1" 200 603
120.253.135.82 - - [14/Jun/2023:10:35:13 +0800] "GET /xingrg/kc/pszx/mdps_order_info.html?code=312023061400260 HTTP/1.1" 200 23976
222.70.111.174 - - [14/Jun/2023:10:35:14 +0800] "POST /xingrg/services/DataTransmitService HTTP/1.1" 200 524
120.253.135.82 - - [14/Jun/2023:10:35:14 +0800] "GET /xingrg/javascript/easyui/themes/default/validatebox.css HTTP/1.1" 404 1104
120.253.135.82 - - [14/Jun/2023:10:35:14 +0800] "POST /xingrg/kc/pszx/mdps_order_operate.html HTTP/1.1" 200 6336
222.67.234.146 - - [14/Jun/2023:10:35:17 +0800] "GET /xingrg/kc/buy/cgsh_order_add.html HTTP/1.1" 200 71636
222.67.234.146 - - [14/Jun/2023:10:35:17 +0800] "GET /xingrg/javascript/easyui/themes/default/validatebox.css HTTP/1.1" 404 1104
222.67.234.146 - - [14/Jun/2023:10:35:17 +0800] "POST /xingrg/kc/buy/cgsh_order_operate.html HTTP/1.1" 200 8245
101.83.145.52 - - [14/Jun/2023:10:35:18 +0800] "GET /xingrg/all/function/internal_message.html?_=1686710118110&CODE_STATE=getMsg HTTP/1.1" 200 27
180.164.3.199 - - [14/Jun/2023:10:35:18 +0800] "GET /xingrg/all/function/internal_message.html?_=1686710117572&CODE_STATE=getMsg HTTP/1.1" 200 27
116.232.195.127 - - [14/Jun/2023:10:35:19 +0800] "GET /xingrg/all/function/internal_message.html?_=1686710131617&CODE_STATE=getMsg HTTP/1.1" 200 27
101.83.241.120 - - [14/Jun/2023:10:35:20 +0800] "GET /xingrg/all/function/internal_message.html?_=1686710117761&CODE_STATE=getMsg HTTP/1.1" 200 27
101.83.240.24 - - [14/Jun/2023:10:35:22 +0800] "GET /xingrg/all/function/internal_message.html?_=1686710228607&CODE_STATE=getMsg HTTP/1.1" 200 27
61.170.233.201 - - [14/Jun/2023:10:35:22 +0800] "GET /xingrg/all/function/internal_message.html?_=1686710120961&CODE_STATE=getMsg HTTP/1.1" 200 27
120.253.135.82 - - [14/Jun/2023:10:35:28 +0800] "POST /xingrg/kc/pszx/mdps_order_operate.html HTTP/1.1" 200 37
116.230.113.47 - - [14/Jun/2023:10:35:28 +0800] "GET /xingrg/all/function/internal_message.html?_=1686710134516&CODE_STATE=getMsg HTTP/1.1" 200 27
222.70.180.90 - - [14/Jun/2023:10:35:29 +0800] "GET /xingrg/all/function/internal_message.html?_=1686710126674&CODE_STATE=getMsg HTTP/1.1" 200 27
114.85.113.108 - - [14/Jun/2023:10:35:30 +0800] "GET /xingrg/kc/buy/cgsh_order_add.html HTTP/1.1" 200 8212
114.85.113.108 - - [14/Jun/2023:10:35:31 +0800] "GET /xingrg/kc/buy/cgsh_order_add.html HTTP/1.1" 200 70831
222.67.234.146 - - [14/Jun/2023:10:35:33 +0800] "GET /xingrg/kc/buy/cgsh_order_operate.html?command=get_materiel&rest_code=00141&code=00101008323&supplier_code=00100007&order_time=2023-06-14 HTTP/1.1" 200 408
114.85.113.108 - - [14/Jun/2023:10:35:33 +0800] "GET /xingrg/words/20230612075447_words.js HTTP/1.1" 304 -
120.253.135.82 - - [14/Jun/2023:10:35:34 +0800] "POST /xingrg/kc/pszx/mdps_order_operate.html HTTP/1.1" 200 12
61.170.233.201 - - [14/Jun/2023:10:35:35 +0800] "GET /xingrg/all/function/internal_message.html?_=1686710135237&CODE_STATE=getMsg HTTP/1.1" 200 27
61.170.233.201 - - [14/Jun/2023:10:35:35 +0800] "GET /xingrg/check_reg.html?_=1686710135241 HTTP/1.1" 200 22
114.85.113.108 - - [14/Jun/2023:10:35:38 +0800] "GET /xingrg/javascript/easyui/themes/default/validatebox.css HTTP/1.1" 404 1104
114.85.113.108 - - [14/Jun/2023:10:35:38 +0800] "GET /xingrg/all/common/auto_word.html?type=employee&rest_code=00145 HTTP/1.1" 200 151
114.85.113.108 - - [14/Jun/2023:10:35:38 +0800] "POST /xingrg/kc/buy/cgsh_order_operate.html HTTP/1.1" 200 8245
116.238.139.35 - - [14/Jun/2023:10:35:38 +0800] "GET /xingrg/all/function/internal_message.html?_=1686710028582&CODE_STATE=getMsg HTTP/1.1" 200 27
114.85.113.108 - - [14/Jun/2023:10:35:38 +0800] "GET /xingrg/all/common/auto_word.html?type=employee&rest_code=00145 HTTP/1.1" 200 151
124.79.244.240 - - [14/Jun/2023:10:35:39 +0800] "GET /xingrg/all/function/internal_message.html?_=1686710140764&CODE_STATE=getMsg HTTP/1.1" 302 -
124.79.244.240 - - [14/Jun/2023:10:35:39 +0800] "GET /xingrg/login.html HTTP/1.1" 200 7641
222.67.234.146 - - [14/Jun/2023:10:35:44 +0800] "GET /xingrg/all/function/internal_message.html?_=1686709642062&CODE_STATE=getMsg HTTP/1.1" 200 27
222.70.114.12 - - [14/Jun/2023:10:35:45 +0800] "GET /xingrg/all/function/internal_message.html?_=1686710148948&CODE_STATE=getMsg HTTP/1.1" 200 27
172.20.0.100 - - [14/Jun/2023:10:35:45 +0800] "GET /xingrg/all/function/internal_message.html?_=1686710145210&CODE_STATE=getMsg HTTP/1.1" 200 27
222.67.234.146 - - [14/Jun/2023:10:35:46 +0800] "GET /xingrg/kc/buy/cgsh_order_operate.html?command=get_materiel&rest_code=00141&code=00101008219&supplier_code=00100007&order_time=2023-06-14 HTTP/1.1" 200 412
120.253.135.82 - - [14/Jun/2023:10:35:47 +0800] "GET /xingrg/all/function/internal_message.html?_=1686710147374&CODE_STATE=getMsg HTTP/1.1" 200 27
222.70.180.90 - - [14/Jun/2023:10:35:47 +0800] "GET /xingrg/kc/buy/cgsh_order_add.html HTTP/1.1" 200 71592
222.70.180.90 - - [14/Jun/2023:10:35:48 +0800] "POST /xingrg/kc/buy/cgsh_order_operate.html HTTP/1.1" 200 8245
222.70.180.90 - - [14/Jun/2023:10:35:48 +0800] "GET /xingrg/javascript/easyui/themes/default/validatebox.css HTTP/1.1" 404 1104
114.85.113.108 - - [14/Jun/2023:10:35:54 +0800] "GET /xingrg/all/function/internal_message.html?_=1686710154279&CODE_STATE=getMsg HTTP/1.1" 200 27
222.67.234.146 - - [14/Jun/2023:10:35:55 +0800] "GET /xingrg/kc/buy/cgsh_order_operate.html?command=get_materiel&rest_code=00141&code=00101008132&supplier_code=00100007&order_time=2023-06-14 HTTP/1.1" 200 408
180.164.3.199 - - [14/Jun/2023:10:35:57 +0800] "GET /xingrg/kc/buy/cgsh_order_operate.html?command=get_materiel&rest_code=00108&code=00101006127&supplier_code=00100012&order_time=2023-06-14 HTTP/1.1" 200 423
101.229.22.40 - - [14/Jun/2023:10:35:58 +0800] "GET /xingrg/all/function/internal_message.html?_=1686710157903&CODE_STATE=getMsg HTTP/1.1" 200 27
120.253.135.82 - - [14/Jun/2023:10:36:03 +0800] "GET /xingrg/kc/pszx/mdps_order_info.html?code=312023061400260 HTTP/1.1" 200 19636
120.253.135.82 - - [14/Jun/2023:10:36:04 +0800] "GET /xingrg/javascript/easyui/themes/default/validatebox.css HTTP/1.1" 404 1104
222.67.234.146 - - [14/Jun/2023:10:36:04 +0800] "GET /xingrg/kc/buy/cgsh_order_operate.html?command=get_materiel&rest_code=00141&code=00101008354&supplier_code=00100007&order_time=2023-06-14 HTTP/1.1" 200 412
120.253.135.82 - - [14/Jun/2023:10:36:04 +0800] "POST /xingrg/kc/pszx/mdps_order_operate.html HTTP/1.1" 200 4517
180.169.147.146 - - [14/Jun/2023:10:36:04 +0800] "GET /xingrg/all/function/internal_message.html?_=1686710164167&CODE_STATE=getMsg HTTP/1.1" 200 27
222.70.180.90 - - [14/Jun/2023:10:36:06 +0800] "GET /xingrg/all/function/internal_message.html?_=1686710314941&CODE_STATE=getMsg HTTP/1.1" 200 27
222.70.180.90 - - [14/Jun/2023:10:36:07 +0800] "GET /xingrg/kc/buy/cgsh_order_operate.html?command=get_materiel&rest_code=00111&code=00101002038&supplier_code=00100087&order_time=2023-06-14 HTTP/1.1" 200 418
120.253.135.82 - - [14/Jun/2023:10:36:08 +0800] "POST /xingrg/kc/pszx/mdps_list_operate.html HTTP/1.1" 200 868
101.83.145.52 - - [14/Jun/2023:10:36:11 +0800] "GET /xingrg/all/function/internal_message.html?_=1686709997010&CODE_STATE=getMsg HTTP/1.1" 200 27
222.67.234.146 - - [14/Jun/2023:10:36:14 +0800] "GET /xingrg/kc/buy/cgsh_order_operate.html?command=get_materiel&rest_code=00141&code=00101008224&supplier_code=00100007&order_time=2023-06-14 HTTP/1.1" 200 416
101.83.145.52 - - [14/Jun/2023:10:36:18 +0800] "GET /xingrg/all/function/internal_message.html?_=1686710178193&CODE_STATE=getMsg HTTP/1.1" 200 27
180.164.3.199 - - [14/Jun/2023:10:36:18 +0800] "GET /xingrg/all/function/internal_message.html?_=1686710177558&CODE_STATE=getMsg HTTP/1.1" 200 27
116.232.195.127 - - [14/Jun/2023:10:36:19 +0800] "GET /xingrg/all/function/internal_message.html?_=1686710191611&CODE_STATE=getMsg HTTP/1.1" 200 27
120.253.135.82 - - [14/Jun/2023:10:36:19 +0800] "POST /xingrg/kc/pszx/mdps_list_operate.html HTTP/1.1" 200 2081
120.253.135.82 - - [14/Jun/2023:10:36:20 +0800] "POST /xingrg/kc/pszx/mdps_list_operate.html HTTP/1.1" 200 201
101.83.241.120 - - [14/Jun/2023:10:36:20 +0800] "GET /xingrg/all/function/internal_message.html?_=1686710177736&CODE_STATE=getMsg HTTP/1.1" 200 27
180.163.29.212 - - [14/Jun/2023:10:36:22 +0800] "GET /xingrg/all/function/internal_message.html?_=1686710120961&CODE_STATE=getMsg HTTP/1.1" 302 -
180.163.29.212 - - [14/Jun/2023:10:36:22 +0800] "GET /xingrg/login.html HTTP/1.1" 200 7641
120.253.135.82 - - [14/Jun/2023:10:36:22 +0800] "GET /xingrg/kc/pszx/mdps_order_info.html?code=312023061400261 HTTP/1.1" 200 23984
101.83.240.24 - - [14/Jun/2023:10:36:22 +0800] "GET /xingrg/all/function/internal_message.html?_=1686710288605&CODE_STATE=getMsg HTTP/1.1" 200 27
61.170.233.201 - - [14/Jun/2023:10:36:22 +0800] "GET /xingrg/all/function/internal_message.html?_=1686710180938&CODE_STATE=getMsg HTTP/1.1" 200 27
120.253.135.82 - - [14/Jun/2023:10:36:22 +0800] "GET /xingrg/javascript/easyui/themes/default/validatebox.css HTTP/1.1" 404 1104
120.253.135.82 - - [14/Jun/2023:10:36:23 +0800] "POST /xingrg/kc/pszx/mdps_order_operate.html HTTP/1.1" 200 2279
120.253.135.82 - - [14/Jun/2023:10:36:26 +0800] "GET /xingrg/kc/print/load_data.html?order_code=312023061400261&kc_code=mdps&condition= HTTP/1.1" 200 688
222.70.180.90 - - [14/Jun/2023:10:36:27 +0800] "POST /xingrg/kc/buy/cgsh_order_operate.html HTTP/1.1" 200 37
222.67.234.146 - - [14/Jun/2023:10:36:28 +0800] "GET /xingrg/kc/buy/cgsh_order_operate.html?command=get_materiel&rest_code=00141&code=00101008370&supplier_code=00100007&order_time=2023-06-14 HTTP/1.1" 200 412
116.230.113.47 - - [14/Jun/2023:10:36:28 +0800] "GET /xingrg/all/function/internal_message.html?_=1686710194520&CODE_STATE=getMsg HTTP/1.1" 200 27
222.70.180.90 - - [14/Jun/2023:10:36:31 +0800] "POST /xingrg/kc/buy/cgsh_order_operate.html HTTP/1.1" 200 2666
120.253.135.82 - - [14/Jun/2023:10:36:33 +0800] "POST /xingrg/kc/pszx/mdps_list_operate.html HTTP/1.1" 200 2081
222.70.180.90 - - [14/Jun/2023:10:36:34 +0800] "GET /xingrg/kc/print/load_data.html?order_code=212023061404842&kc_code=cgsh&condition= HTTP/1.1" 200 729
120.253.135.82 - - [14/Jun/2023:10:36:34 +0800] "POST /xingrg/kc/pszx/mdps_list_operate.html HTTP/1.1" 200 281
61.170.233.201 - - [14/Jun/2023:10:36:35 +0800] "GET /xingrg/all/function/internal_message.html?_=1686710195249&CODE_STATE=getMsg HTTP/1.1" 200 27
120.253.135.82 - - [14/Jun/2023:10:36:35 +0800] "GET /xingrg/kc/pszx/mdps_order_info.html?code=312023061400262 HTTP/1.1" 200 23984
120.253.135.82 - - [14/Jun/2023:10:36:36 +0800] "GET /xingrg/javascript/easyui/themes/default/validatebox.css HTTP/1.1" 404 1104
120.253.135.82 - - [14/Jun/2023:10:36:36 +0800] "POST /xingrg/kc/pszx/mdps_order_operate.html HTTP/1.1" 200 2786
116.238.139.35 - - [14/Jun/2023:10:36:38 +0800] "GET /xingrg/all/function/internal_message.html?_=1686710088596&CODE_STATE=getMsg HTTP/1.1" 200 27
120.253.135.82 - - [14/Jun/2023:10:36:39 +0800] "GET /xingrg/kc/print/load_data.html?order_code=312023061400262&kc_code=mdps&condition= HTTP/1.1" 200 938
124.79.244.240 - - [14/Jun/2023:10:36:39 +0800] "GET /xingrg/all/function/internal_message.html?_=1686710200765&CODE_STATE=getMsg HTTP/1.1" 302 -
222.70.180.90 - - [14/Jun/2023:10:36:39 +0800] "GET /xingrg/kc/buy/cgsh_order_add.html HTTP/1.1" 200 71592
124.79.244.240 - - [14/Jun/2023:10:36:39 +0800] "GET /xingrg/login.html HTTP/1.1" 200 7641
222.70.180.90 - - [14/Jun/2023:10:36:39 +0800] "POST /xingrg/kc/buy/cgsh_order_operate.html HTTP/1.1" 200 8245
222.70.180.90 - - [14/Jun/2023:10:36:39 +0800] "GET /xingrg/javascript/easyui/themes/default/validatebox.css HTTP/1.1" 404 1104
222.67.234.146 - - [14/Jun/2023:10:36:44 +0800] "GET /xingrg/all/function/internal_message.html?_=1686709702057&CODE_STATE=getMsg HTTP/1.1" 200 27
222.70.114.12 - - [14/Jun/2023:10:36:45 +0800] "GET /xingrg/check_reg.html?_=1686710208939 HTTP/1.1" 200 22
222.70.114.12 - - [14/Jun/2023:10:36:45 +0800] "GET /xingrg/all/function/internal_message.html?_=1686710208947&CODE_STATE=getMsg HTTP/1.1" 200 27
172.20.0.100 - - [14/Jun/2023:10:36:45 +0800] "GET /xingrg/all/function/internal_message.html?_=1686710205212&CODE_STATE=getMsg HTTP/1.1" 200 27
172.20.0.100 - - [14/Jun/2023:10:36:45 +0800] "GET /xingrg/check_reg.html?_=1686710205215 HTTP/1.1" 200 22
222.67.234.146 - - [14/Jun/2023:10:36:45 +0800] "GET /xingrg/kc/buy/cgsh_order_operate.html?command=get_materiel&rest_code=00141&code=00101008300&supplier_code=00100007&order_time=2023-06-14 HTTP/1.1" 200 412
