120.253.135.82 - - [14/Jun/2023:10:36:47 +0800] "GET /xingrg/all/function/internal_message.html?_=1686710207362&CODE_STATE=getMsg HTTP/1.1" 200 27
61.170.233.201 - - [14/Jun/2023:10:36:49 +0800] "POST /xingrg/services/DataTransmitService HTTP/1.1" 200 524
120.253.135.82 - - [14/Jun/2023:10:36:49 +0800] "POST /xingrg/kc/pszx/mdps_order_operate.html HTTP/1.1" 200 37
61.170.233.201 - - [14/Jun/2023:10:36:50 +0800] "POST /xingrg/services/DataTransmitService HTTP/1.1" 200 412
222.70.180.90 - - [14/Jun/2023:10:36:51 +0800] "GET /xingrg/kc/buy/cgsh_order_operate.html?command=get_materiel&rest_code=00111&code=00101007032&supplier_code=00100328&order_time=2023-06-14 HTTP/1.1" 200 413
120.253.135.82 - - [14/Jun/2023:10:36:53 +0800] "POST /xingrg/kc/pszx/mdps_order_operate.html HTTP/1.1" 200 12
114.85.113.108 - - [14/Jun/2023:10:36:54 +0800] "GET /xingrg/all/function/internal_message.html?_=1686710214263&CODE_STATE=getMsg HTTP/1.1" 200 27
120.253.135.82 - - [14/Jun/2023:10:36:55 +0800] "GET /xingrg/kc/pszx/mdps_order_info.html?code=312023061400262 HTTP/1.1" 200 19644
222.67.234.146 - - [14/Jun/2023:10:36:55 +0800] "GET /xingrg/kc/buy/cgsh_order_operate.html?command=get_materiel&rest_code=00141&code=00101008069&supplier_code=00100007&order_time=2023-06-14 HTTP/1.1" 200 412
120.253.135.82 - - [14/Jun/2023:10:36:56 +0800] "GET /xingrg/javascript/easyui/themes/default/validatebox.css HTTP/1.1" 404 1104
120.253.135.82 - - [14/Jun/2023:10:36:56 +0800] "POST /xingrg/kc/pszx/mdps_order_operate.html HTTP/1.1" 200 1002
120.253.135.82 - - [14/Jun/2023:10:36:57 +0800] "POST /xingrg/kc/pszx/mdps_list_operate.html HTTP/1.1" 200 1699
222.67.234.146 - - [14/Jun/2023:10:36:58 +0800] "GET /xingrg/check_reg.html?_=1686709715521 HTTP/1.1" 200 22
120.253.135.82 - - [14/Jun/2023:10:36:58 +0800] "POST /xingrg/kc/pszx/mdps_list_operate.html HTTP/1.1" 200 201
101.229.22.40 - - [14/Jun/2023:10:36:58 +0800] "GET /xingrg/check_reg.html?_=1686710217907 HTTP/1.1" 200 22
101.229.22.40 - - [14/Jun/2023:10:36:58 +0800] "GET /xingrg/all/function/internal_message.html?_=1686710217910&CODE_STATE=getMsg HTTP/1.1" 200 27
120.253.135.82 - - [14/Jun/2023:10:36:59 +0800] "GET /xingrg/kc/pszx/mdps_order_info.html?code=312023061400261 HTTP/1.1" 200 23984
120.253.135.82 - - [14/Jun/2023:10:37:00 +0800] "GET /xingrg/javascript/easyui/themes/default/validatebox.css HTTP/1.1" 404 1104
120.253.135.82 - - [14/Jun/2023:10:37:00 +0800] "POST /xingrg/kc/pszx/mdps_order_operate.html HTTP/1.1" 200 2279
222.70.180.90 - - [14/Jun/2023:10:37:01 +0800] "POST /xingrg/kc/buy/cgsh_order_operate.html HTTP/1.1" 200 37
120.253.135.82 - - [14/Jun/2023:10:37:03 +0800] "POST /xingrg/kc/pszx/mdps_order_operate.html HTTP/1.1" 200 37
180.169.147.146 - - [14/Jun/2023:10:37:04 +0800] "GET /xingrg/all/function/internal_message.html?_=1686710224181&CODE_STATE=getMsg HTTP/1.1" 200 27
180.169.147.146 - - [14/Jun/2023:10:37:04 +0800] "GET /xingrg/check_reg.html?_=1686710224185 HTTP/1.1" 200 22
222.67.234.146 - - [14/Jun/2023:10:37:05 +0800] "GET /xingrg/kc/buy/cgsh_order_operate.html?command=get_materiel&rest_code=00141&code=00101008286&supplier_code=00100007&order_time=2023-06-14 HTTP/1.1" 200 408
222.70.180.90 - - [14/Jun/2023:10:37:06 +0800] "GET /xingrg/all/function/internal_message.html?_=1686710374934&CODE_STATE=getMsg HTTP/1.1" 200 27
120.253.135.82 - - [14/Jun/2023:10:37:07 +0800] "POST /xingrg/kc/pszx/mdps_order_operate.html HTTP/1.1" 200 12
222.70.180.90 - - [14/Jun/2023:10:37:09 +0800] "POST /xingrg/kc/buy/cgsh_order_operate.html HTTP/1.1" 200 2657
222.70.180.90 - - [14/Jun/2023:10:37:11 +0800] "GET /xingrg/kc/print/load_data.html?order_code=212023061404843&kc_code=cgsh&condition= HTTP/1.1" 200 676
101.83.145.52 - - [14/Jun/2023:10:37:11 +0800] "GET /xingrg/all/function/internal_message.html?_=1686710057012&CODE_STATE=getMsg HTTP/1.1" 200 27
222.70.180.90 - - [14/Jun/2023:10:37:16 +0800] "GET /xingrg/kc/buy/cgsh_order_add.html HTTP/1.1" 200 71592
222.70.180.90 - - [14/Jun/2023:10:37:17 +0800] "POST /xingrg/kc/buy/cgsh_order_operate.html HTTP/1.1" 200 8245
222.70.180.90 - - [14/Jun/2023:10:37:17 +0800] "GET /xingrg/javascript/easyui/themes/default/validatebox.css HTTP/1.1" 404 1104
101.83.145.52 - - [14/Jun/2023:10:37:18 +0800] "GET /xingrg/all/function/internal_message.html?_=1686710238114&CODE_STATE=getMsg HTTP/1.1" 200 27
180.164.3.199 - - [14/Jun/2023:10:37:18 +0800] "GET /xingrg/all/function/internal_message.html?_=1686710237542&CODE_STATE=getMsg HTTP/1.1" 200 27
222.67.234.146 - - [14/Jun/2023:10:37:18 +0800] "GET /xingrg/kc/buy/cgsh_order_operate.html?command=get_materiel&rest_code=00141&code=00101008036&supplier_code=00100007&order_time=2023-06-14 HTTP/1.1" 200 408
116.232.195.127 - - [14/Jun/2023:10:37:19 +0800] "GET /xingrg/check_reg.html?_=1686710251599 HTTP/1.1" 200 22
116.232.195.127 - - [14/Jun/2023:10:37:19 +0800] "GET /xingrg/all/function/internal_message.html?_=1686710251601&CODE_STATE=getMsg HTTP/1.1" 200 27
101.83.241.120 - - [14/Jun/2023:10:37:20 +0800] "GET /xingrg/all/function/internal_message.html?_=1686710237711&CODE_STATE=getMsg HTTP/1.1" 200 27
101.83.241.120 - - [14/Jun/2023:10:37:20 +0800] "GET /xingrg/check_reg.html?_=1686710237902 HTTP/1.1" 200 22
101.83.240.24 - - [14/Jun/2023:10:37:22 +0800] "GET /xingrg/check_reg.html?_=1686710348597 HTTP/1.1" 200 22
101.83.240.24 - - [14/Jun/2023:10:37:22 +0800] "GET /xingrg/all/function/internal_message.html?_=1686710348600&CODE_STATE=getMsg HTTP/1.1" 200 27
61.170.233.201 - - [14/Jun/2023:10:37:22 +0800] "GET /xingrg/all/function/internal_message.html?_=1686710240910&CODE_STATE=getMsg HTTP/1.1" 200 27
222.67.234.146 - - [14/Jun/2023:10:37:28 +0800] "GET /xingrg/kc/buy/cgsh_order_operate.html?command=get_materiel&rest_code=00141&code=00101008296&supplier_code=00100007&order_time=2023-06-14 HTTP/1.1" 200 416
222.70.180.90 - - [14/Jun/2023:10:37:28 +0800] "GET /xingrg/kc/buy/cgsh_order_operate.html?command=get_materiel&rest_code=00111&code=00101003003&supplier_code=00100093&order_time=2023-06-14 HTTP/1.1" 200 418
116.230.113.47 - - [14/Jun/2023:10:37:28 +0800] "GET /xingrg/check_reg.html?_=1686710253939 HTTP/1.1" 200 22
116.230.113.47 - - [14/Jun/2023:10:37:28 +0800] "GET /xingrg/all/function/internal_message.html?_=1686710254533&CODE_STATE=getMsg HTTP/1.1" 200 27
222.70.180.90 - - [14/Jun/2023:10:37:29 +0800] "GET /xingrg/all/function/internal_message.html?_=1686710246704&CODE_STATE=getMsg HTTP/1.1" 200 27
61.170.233.201 - - [14/Jun/2023:10:37:35 +0800] "GET /xingrg/all/function/internal_message.html?_=1686710255248&CODE_STATE=getMsg HTTP/1.1" 200 27
116.238.139.35 - - [14/Jun/2023:10:37:38 +0800] "GET /xingrg/all/function/internal_message.html?_=1686710148618&CODE_STATE=getMsg HTTP/1.1" 200 27
222.67.234.146 - - [14/Jun/2023:10:37:39 +0800] "GET /xingrg/check_reg.html?_=1686709756638 HTTP/1.1" 200 22
124.79.244.240 - - [14/Jun/2023:10:37:39 +0800] "GET /xingrg/all/function/internal_message.html?_=1686710260768&CODE_STATE=getMsg HTTP/1.1" 302 -
124.79.244.240 - - [14/Jun/2023:10:37:39 +0800] "GET /xingrg/check_reg.html?_=1686710260769 HTTP/1.1" 302 -
124.79.244.240 - - [14/Jun/2023:10:37:39 +0800] "GET /xingrg/login.html HTTP/1.1" 200 7641
124.79.244.240 - - [14/Jun/2023:10:37:39 +0800] "GET /xingrg/login.html HTTP/1.1" 200 7641
222.67.234.146 - - [14/Jun/2023:10:37:40 +0800] "GET /xingrg/kc/buy/cgsh_order_operate.html?command=get_materiel&rest_code=00141&code=00101008283&supplier_code=00100007&order_time=2023-06-14 HTTP/1.1" 200 408
222.67.234.146 - - [14/Jun/2023:10:37:44 +0800] "GET /xingrg/all/function/internal_message.html?_=1686709762015&CODE_STATE=getMsg HTTP/1.1" 200 27
222.70.114.12 - - [14/Jun/2023:10:37:45 +0800] "GET /xingrg/all/function/internal_message.html?_=1686710268946&CODE_STATE=getMsg HTTP/1.1" 200 27
172.20.0.100 - - [14/Jun/2023:10:37:45 +0800] "GET /xingrg/all/function/internal_message.html?_=1686710265200&CODE_STATE=getMsg HTTP/1.1" 200 27
120.253.135.82 - - [14/Jun/2023:10:37:47 +0800] "GET /xingrg/all/function/internal_message.html?_=1686710267366&CODE_STATE=getMsg HTTP/1.1" 200 27
222.70.180.90 - - [14/Jun/2023:10:37:47 +0800] "GET /xingrg/kc/buy/cgsh_order_operate.html?command=get_materiel&rest_code=00111&code=00101003040&supplier_code=00100093&order_time=2023-06-14 HTTP/1.1" 200 417
222.67.234.146 - - [14/Jun/2023:10:37:49 +0800] "GET /xingrg/kc/buy/cgsh_order_operate.html?command=get_materiel&rest_code=00141&code=00101008639&supplier_code=00100007&order_time=2023-06-14 HTTP/1.1" 200 409
114.85.113.108 - - [14/Jun/2023:10:37:54 +0800] "GET /xingrg/all/function/internal_message.html?_=1686710274248&CODE_STATE=getMsg HTTP/1.1" 200 27
101.229.22.40 - - [14/Jun/2023:10:37:58 +0800] "GET /xingrg/all/function/internal_message.html?_=1686710277895&CODE_STATE=getMsg HTTP/1.1" 200 27
222.67.234.146 - - [14/Jun/2023:10:38:03 +0800] "GET /xingrg/kc/buy/cgsh_order_operate.html?command=get_materiel&rest_code=00141&code=00101008309&supplier_code=00100007&order_time=2023-06-14 HTTP/1.1" 200 421
180.169.147.146 - - [14/Jun/2023:10:38:04 +0800] "GET /xingrg/all/function/internal_message.html?_=1686710284180&CODE_STATE=getMsg HTTP/1.1" 200 27
222.70.180.90 - - [14/Jun/2023:10:38:06 +0800] "GET /xingrg/all/function/internal_message.html?_=1686710434975&CODE_STATE=getMsg HTTP/1.1" 200 27
222.70.180.90 - - [14/Jun/2023:10:38:07 +0800] "POST /xingrg/kc/buy/cgsh_order_operate.html HTTP/1.1" 200 37
101.83.145.52 - - [14/Jun/2023:10:38:11 +0800] "GET /xingrg/all/function/internal_message.html?_=1686710117012&CODE_STATE=getMsg HTTP/1.1" 200 27
222.70.180.90 - - [14/Jun/2023:10:38:14 +0800] "POST /xingrg/kc/buy/cgsh_order_operate.html HTTP/1.1" 200 3266
222.67.234.146 - - [14/Jun/2023:10:38:14 +0800] "GET /xingrg/kc/buy/cgsh_order_operate.html?command=get_materiel&rest_code=00141&code=00101008265&supplier_code=00100007&order_time=2023-06-14 HTTP/1.1" 200 409
101.83.145.52 - - [14/Jun/2023:10:38:18 +0800] "GET /xingrg/all/function/internal_message.html?_=1686710298115&CODE_STATE=getMsg HTTP/1.1" 200 27
101.83.145.52 - - [14/Jun/2023:10:38:18 +0800] "GET /xingrg/check_reg.html?_=1686710298118 HTTP/1.1" 200 22
180.164.3.199 - - [14/Jun/2023:10:38:18 +0800] "GET /xingrg/all/function/internal_message.html?_=1686710297522&CODE_STATE=getMsg HTTP/1.1" 200 27
116.232.195.127 - - [14/Jun/2023:10:38:19 +0800] "GET /xingrg/all/function/internal_message.html?_=1686710311614&CODE_STATE=getMsg HTTP/1.1" 200 27
180.164.3.199 - - [14/Jun/2023:10:38:19 +0800] "GET /xingrg/check_reg.html?_=1686710298271 HTTP/1.1" 200 22
101.83.241.120 - - [14/Jun/2023:10:38:20 +0800] "GET /xingrg/all/function/internal_message.html?_=1686710297687&CODE_STATE=getMsg HTTP/1.1" 200 27
222.70.180.90 - - [14/Jun/2023:10:38:21 +0800] "GET /xingrg/kc/print/load_data.html?order_code=212023061404844&kc_code=cgsh&condition= HTTP/1.1" 200 971
61.151.231.107 - - [14/Jun/2023:10:38:22 +0800] "GET /xingrg/all/function/internal_message.html?_=1686710240910&CODE_STATE=getMsg HTTP/1.1" 302 -
61.151.231.107 - - [14/Jun/2023:10:38:22 +0800] "GET /xingrg/login.html HTTP/1.1" 200 7641
101.83.240.24 - - [14/Jun/2023:10:38:22 +0800] "GET /xingrg/all/function/internal_message.html?_=1686710408609&CODE_STATE=getMsg HTTP/1.1" 200 27
61.170.233.201 - - [14/Jun/2023:10:38:22 +0800] "GET /xingrg/all/function/internal_message.html?_=1686710300883&CODE_STATE=getMsg HTTP/1.1" 200 27
61.170.233.201 - - [14/Jun/2023:10:38:23 +0800] "GET /xingrg/check_reg.html?_=1686710301601 HTTP/1.1" 200 22
222.70.180.90 - - [14/Jun/2023:10:38:25 +0800] "GET /xingrg/kc/buy/cgsh_order_add.html HTTP/1.1" 200 71592
222.70.180.90 - - [14/Jun/2023:10:38:25 +0800] "POST /xingrg/kc/buy/cgsh_order_operate.html HTTP/1.1" 200 8245
222.70.180.90 - - [14/Jun/2023:10:38:25 +0800] "GET /xingrg/javascript/easyui/themes/default/validatebox.css HTTP/1.1" 404 1104
120.253.135.82 - - [14/Jun/2023:10:38:26 +0800] "GET /xingrg/kc/pszx/mdps_order_info.html?code=312023061400261 HTTP/1.1" 200 19644
222.70.180.90 - - [14/Jun/2023:10:38:26 +0800] "GET /xingrg/check_reg.html?_=1686710304068 HTTP/1.1" 200 22
120.253.135.82 - - [14/Jun/2023:10:38:26 +0800] "GET /xingrg/javascript/easyui/themes/default/validatebox.css HTTP/1.1" 404 1104
120.253.135.82 - - [14/Jun/2023:10:38:26 +0800] "GET /xingrg/check_reg.html?_=1686710141260 HTTP/1.1" 200 22
120.253.135.82 - - [14/Jun/2023:10:38:27 +0800] "POST /xingrg/kc/pszx/mdps_order_operate.html HTTP/1.1" 200 499
222.67.234.146 - - [14/Jun/2023:10:38:27 +0800] "GET /xingrg/kc/buy/cgsh_order_operate.html?command=get_materiel&rest_code=00141&code=00101008176&supplier_code=00100007&order_time=2023-06-14 HTTP/1.1" 200 413
116.230.113.47 - - [14/Jun/2023:10:38:29 +0800] "GET /xingrg/all/function/internal_message.html?_=1686710314547&CODE_STATE=getMsg HTTP/1.1" 200 27
222.70.180.90 - - [14/Jun/2023:10:38:29 +0800] "GET /xingrg/all/function/internal_message.html?_=1686710306679&CODE_STATE=getMsg HTTP/1.1" 200 27
120.253.135.82 - - [14/Jun/2023:10:38:29 +0800] "POST /xingrg/kc/pszx/mdps_list_operate.html HTTP/1.1" 200 868
120.253.135.82 - - [14/Jun/2023:10:38:31 +0800] "POST /xingrg/kc/pszx/mdps_list_operate.html HTTP/1.1" 200 868
120.253.135.82 - - [14/Jun/2023:10:38:31 +0800] "GET /xingrg/kc/pszx/mdqp_order_list.html?state=10 HTTP/1.1" 200 10275
120.253.135.82 - - [14/Jun/2023:10:38:32 +0800] "GET /xingrg/dwr/interface/AjaxReportQueryService.js HTTP/1.1" 200 13203
120.253.135.82 - - [14/Jun/2023:10:38:32 +0800] "GET /xingrg/dwr/interface/AjaxQqpsService.js HTTP/1.1" 200 16326
120.253.135.82 - - [14/Jun/2023:10:38:32 +0800] "GET /xingrg/dwr/engine.js HTTP/1.1" 200 43631
120.253.135.82 - - [14/Jun/2023:10:38:33 +0800] "GET /xingrg/kc/report/report_main.html HTTP/1.1" 200 8599
120.253.135.82 - - [14/Jun/2023:10:38:35 +0800] "GET /xingrg/kc/base/kc_stocks.html HTTP/1.1" 200 16506
61.170.233.201 - - [14/Jun/2023:10:38:35 +0800] "GET /xingrg/all/function/internal_message.html?_=1686710315241&CODE_STATE=getMsg HTTP/1.1" 200 27
120.253.135.82 - - [14/Jun/2023:10:38:35 +0800] "GET /xingrg/javascript/easyui/themes/default/tree.css HTTP/1.1" 404 1090
120.253.135.82 - - [14/Jun/2023:10:38:35 +0800] "POST /xingrg/all/common/load_tree.html?tree=materiel_sort_tree_json HTTP/1.1" 200 9500
222.70.180.90 - - [14/Jun/2023:10:38:35 +0800] "GET /xingrg/kc/buy/cgsh_order_operate.html?command=get_materiel&rest_code=00111&code=00101004034&supplier_code=00100085&order_time=2023-06-14 HTTP/1.1" 200 416
120.253.135.82 - - [14/Jun/2023:10:38:37 +0800] "POST /xingrg/all/common/load_combo.html?type=base HTTP/1.1" 200 1169
116.238.139.35 - - [14/Jun/2023:10:38:38 +0800] "GET /xingrg/all/function/internal_message.html?_=1686710208623&CODE_STATE=getMsg HTTP/1.1" 200 27
222.67.234.146 - - [14/Jun/2023:10:38:39 +0800] "GET /xingrg/kc/buy/cgsh_order_operate.html?command=get_materiel&rest_code=00141&code=00101008261&supplier_code=00100007&order_time=2023-06-14 HTTP/1.1" 200 408
124.79.244.240 - - [14/Jun/2023:10:38:39 +0800] "GET /xingrg/all/function/internal_message.html?_=1686710320770&CODE_STATE=getMsg HTTP/1.1" 302 -
124.79.244.240 - - [14/Jun/2023:10:38:39 +0800] "GET /xingrg/login.html HTTP/1.1" 200 7641
222.67.234.146 - - [14/Jun/2023:10:38:44 +0800] "GET /xingrg/all/function/internal_message.html?_=1686709822047&CODE_STATE=getMsg HTTP/1.1" 200 27
222.70.114.12 - - [14/Jun/2023:10:38:45 +0800] "GET /xingrg/all/function/internal_message.html?_=1686710328946&CODE_STATE=getMsg HTTP/1.1" 200 27
172.20.0.100 - - [14/Jun/2023:10:38:45 +0800] "GET /xingrg/all/function/internal_message.html?_=1686710325202&CODE_STATE=getMsg HTTP/1.1" 200 27
120.253.135.82 - - [14/Jun/2023:10:38:47 +0800] "POST /xingrg/kc/base/stock_operate.html HTTP/1.1" 200 1462
120.253.135.82 - - [14/Jun/2023:10:38:47 +0800] "GET /xingrg/check_reg.html?_=1686710327359 HTTP/1.1" 200 22
120.253.135.82 - - [14/Jun/2023:10:38:47 +0800] "GET /xingrg/all/function/internal_message.html?_=1686710327360&CODE_STATE=getMsg HTTP/1.1" 200 27
222.70.180.90 - - [14/Jun/2023:10:38:47 +0800] "POST /xingrg/kc/buy/cgsh_order_operate.html HTTP/1.1" 200 37
222.67.234.146 - - [14/Jun/2023:10:38:49 +0800] "GET /xingrg/kc/buy/cgsh_order_operate.html?command=get_materiel&rest_code=00141&code=00101008049&supplier_code=00100007&order_time=2023-06-14 HTTP/1.1" 200 408
222.70.180.90 - - [14/Jun/2023:10:38:49 +0800] "POST /xingrg/kc/buy/cgsh_order_operate.html HTTP/1.1" 200 2664
222.70.180.90 - - [14/Jun/2023:10:38:51 +0800] "GET /xingrg/kc/print/load_data.html?order_code=212023061404845&kc_code=cgsh&condition= HTTP/1.1" 200 731
114.85.113.108 - - [14/Jun/2023:10:38:54 +0800] "GET /xingrg/all/function/internal_message.html?_=1686710334232&CODE_STATE=getMsg HTTP/1.1" 200 27
120.253.135.82 - - [14/Jun/2023:10:38:55 +0800] "POST /xingrg/kc/base/stock_operate.html HTTP/1.1" 200 1461
222.70.180.90 - - [14/Jun/2023:10:38:56 +0800] "GET /xingrg/kc/buy/cgsh_order_add.html HTTP/1.1" 200 71592
222.70.180.90 - - [14/Jun/2023:10:38:56 +0800] "POST /xingrg/kc/buy/cgsh_order_operate.html HTTP/1.1" 200 8245
222.70.180.90 - - [14/Jun/2023:10:38:56 +0800] "GET /xingrg/javascript/easyui/themes/default/validatebox.css HTTP/1.1" 404 1104
101.229.22.40 - - [14/Jun/2023:10:38:58 +0800] "GET /xingrg/all/function/internal_message.html?_=1686710337894&CODE_STATE=getMsg HTTP/1.1" 200 27
222.67.234.146 - - [14/Jun/2023:10:39:01 +0800] "GET /xingrg/kc/buy/cgsh_order_operate.html?command=get_materiel&rest_code=00141&code=00101008351&supplier_code=00100007&order_time=2023-06-14 HTTP/1.1" 200 408
180.169.147.146 - - [14/Jun/2023:10:39:04 +0800] "GET /xingrg/all/function/internal_message.html?_=1686710344174&CODE_STATE=getMsg HTTP/1.1" 200 27
222.67.234.146 - - [14/Jun/2023:10:39:05 +0800] "POST /xingrg/kc/buy/cgsh_order_operate.html HTTP/1.1" 200 2065
222.70.180.90 - - [14/Jun/2023:10:39:06 +0800] "GET /xingrg/kc/buy/cgsh_order_operate.html?command=get_materiel&rest_code=00111&code=00101001037&supplier_code=00100090&order_time=2023-06-14 HTTP/1.1" 200 416
222.70.180.90 - - [14/Jun/2023:10:39:06 +0800] "GET /xingrg/all/function/internal_message.html?_=1686710494948&CODE_STATE=getMsg HTTP/1.1" 200 27
222.70.180.90 - - [14/Jun/2023:10:39:06 +0800] "GET /xingrg/check_reg.html?_=1686710494947 HTTP/1.1" 200 22
61.170.233.201 - - [14/Jun/2023:10:39:08 +0800] "GET /xingrg/login.html HTTP/1.1" 200 7641
61.170.233.201 - - [14/Jun/2023:10:39:08 +0800] "GET /favicon.ico HTTP/1.1" 404 -
101.83.145.52 - - [14/Jun/2023:10:39:11 +0800] "GET /xingrg/check_reg.html?_=1686710176998 HTTP/1.1" 200 22
101.83.145.52 - - [14/Jun/2023:10:39:11 +0800] "GET /xingrg/all/function/internal_message.html?_=1686710177001&CODE_STATE=getMsg HTTP/1.1" 200 27
120.253.135.82 - - [14/Jun/2023:10:39:13 +0800] "GET /xingrg/kc/pszx/mdps_order_list.html?orderType=0 HTTP/1.1" 200 21032
120.253.135.82 - - [14/Jun/2023:10:39:14 +0800] "POST /xingrg/kc/pszx/mdps_list_operate.html HTTP/1.1" 200 5261
114.85.113.108 - - [14/Jun/2023:10:39:16 +0800] "GET /xingrg/check_reg.html?_=1686710355722 HTTP/1.1" 200 22
101.83.145.52 - - [14/Jun/2023:10:39:18 +0800] "GET /xingrg/all/function/internal_message.html?_=1686710358118&CODE_STATE=getMsg HTTP/1.1" 200 27
180.164.3.199 - - [14/Jun/2023:10:39:18 +0800] "GET /xingrg/all/function/internal_message.html?_=1686710357510&CODE_STATE=getMsg HTTP/1.1" 200 27
116.232.195.127 - - [14/Jun/2023:10:39:19 +0800] "GET /xingrg/all/function/internal_message.html?_=1686710371613&CODE_STATE=getMsg HTTP/1.1" 200 27
120.253.135.82 - - [14/Jun/2023:10:39:19 +0800] "GET /xingrg/kc/pszx/mdqp_order_list.html?state=10 HTTP/1.1" 200 10275
120.253.135.82 - - [14/Jun/2023:10:39:19 +0800] "GET /xingrg/dwr/interface/AjaxReportQueryService.js HTTP/1.1" 200 13203
120.253.135.82 - - [14/Jun/2023:10:39:19 +0800] "GET /xingrg/dwr/interface/AjaxQqpsService.js HTTP/1.1" 200 16326
120.253.135.82 - - [14/Jun/2023:10:39:20 +0800] "GET /xingrg/dwr/engine.js HTTP/1.1" 200 43631
101.83.241.120 - - [14/Jun/2023:10:39:20 +0800] "GET /xingrg/all/function/internal_message.html?_=1686710357661&CODE_STATE=getMsg HTTP/1.1" 200 27
222.70.180.90 - - [14/Jun/2023:10:39:21 +0800] "POST /xingrg/kc/buy/cgsh_order_operate.html HTTP/1.1" 200 37
180.163.28.55 - - [14/Jun/2023:10:39:22 +0800] "GET /xingrg/all/function/internal_message.html?_=1686710300883&CODE_STATE=getMsg HTTP/1.1" 302 -
180.163.28.55 - - [14/Jun/2023:10:39:22 +0800] "GET /xingrg/login.html HTTP/1.1" 200 7641
101.83.240.24 - - [14/Jun/2023:10:39:22 +0800] "GET /xingrg/all/function/internal_message.html?_=1686710468600&CODE_STATE=getMsg HTTP/1.1" 200 27
61.170.233.201 - - [14/Jun/2023:10:39:22 +0800] "GET /xingrg/all/function/internal_message.html?_=1686710360870&CODE_STATE=getMsg HTTP/1.1" 200 27
222.70.180.90 - - [14/Jun/2023:10:39:23 +0800] "POST /xingrg/kc/buy/cgsh_order_operate.html HTTP/1.1" 200 2665
222.70.180.90 - - [14/Jun/2023:10:39:25 +0800] "GET /xingrg/kc/print/load_data.html?order_code=212023061404846&kc_code=cgsh&condition= HTTP/1.1" 200 745
116.230.113.47 - - [14/Jun/2023:10:39:29 +0800] "GET /xingrg/all/function/internal_message.html?_=1686710374561&CODE_STATE=getMsg HTTP/1.1" 200 27
222.70.180.90 - - [14/Jun/2023:10:39:29 +0800] "GET /xingrg/all/function/internal_message.html?_=1686710366664&CODE_STATE=getMsg HTTP/1.1" 200 27
222.70.180.90 - - [14/Jun/2023:10:39:33 +0800] "GET /xingrg/kc/buy/cgsh_order_add.html HTTP/1.1" 200 71592
222.70.180.90 - - [14/Jun/2023:10:39:33 +0800] "POST /xingrg/kc/buy/cgsh_order_operate.html HTTP/1.1" 200 8245
222.70.180.90 - - [14/Jun/2023:10:39:33 +0800] "GET /xingrg/javascript/easyui/themes/default/validatebox.css HTTP/1.1" 404 1104
116.238.139.35 - - [14/Jun/2023:10:39:38 +0800] "GET /xingrg/check_reg.html?_=1686710268478 HTTP/1.1" 200 22
116.238.139.35 - - [14/Jun/2023:10:39:38 +0800] "GET /xingrg/all/function/internal_message.html?_=1686710268637&CODE_STATE=getMsg HTTP/1.1" 200 27
124.79.244.240 - - [14/Jun/2023:10:39:39 +0800] "GET /xingrg/all/function/internal_message.html?_=1686710380774&CODE_STATE=getMsg HTTP/1.1" 302 -
124.79.244.240 - - [14/Jun/2023:10:39:39 +0800] "GET /xingrg/login.html HTTP/1.1" 200 7641
222.70.180.90 - - [14/Jun/2023:10:39:43 +0800] "GET /xingrg/kc/buy/cgsh_order_operate.html?command=get_materiel&rest_code=00111&code=00101016013&supplier_code=00100338&order_time=2023-06-14 HTTP/1.1" 200 412
222.67.234.146 - - [14/Jun/2023:10:39:44 +0800] "GET /xingrg/all/function/internal_message.html?_=1686709881972&CODE_STATE=getMsg HTTP/1.1" 200 27
222.70.114.12 - - [14/Jun/2023:10:39:45 +0800] "GET /xingrg/all/function/internal_message.html?_=1686710388951&CODE_STATE=getMsg HTTP/1.1" 200 27
172.20.0.100 - - [14/Jun/2023:10:39:45 +0800] "GET /xingrg/all/function/internal_message.html?_=1686710385205&CODE_STATE=getMsg HTTP/1.1" 200 27
120.253.135.82 - - [14/Jun/2023:10:39:47 +0800] "GET /xingrg/all/function/internal_message.html?_=1686710387370&CODE_STATE=getMsg HTTP/1.1" 200 27
222.70.114.12 - - [14/Jun/2023:10:39:49 +0800] "GET /xingrg/kc/buy/buy_main.html HTTP/1.1" 200 12412
222.70.114.12 - - [14/Jun/2023:10:39:49 +0800] "GET /xingrg/css/new_ie.css HTTP/1.1" 404 1036
222.70.114.12 - - [14/Jun/2023:10:39:50 +0800] "GET /xingrg/images/yd/bt.gif HTTP/1.1" 404 1040
222.70.114.12 - - [14/Jun/2023:10:39:51 +0800] "GET /xingrg/kc/buy/cgsh_order_list.html HTTP/1.1" 200 55860
114.85.113.108 - - [14/Jun/2023:10:39:54 +0800] "GET /xingrg/all/function/internal_message.html?_=1686710394226&CODE_STATE=getMsg HTTP/1.1" 200 27
222.70.180.90 - - [14/Jun/2023:10:39:54 +0800] "POST /xingrg/kc/buy/cgsh_order_operate.html HTTP/1.1" 200 37
222.70.114.12 - - [14/Jun/2023:10:39:56 +0800] "POST /xingrg/kc/buy/cgsh_list_operate.html HTTP/1.1" 200 986
222.70.180.90 - - [14/Jun/2023:10:39:56 +0800] "POST /xingrg/kc/buy/cgsh_order_operate.html HTTP/1.1" 200 2657
222.70.180.90 - - [14/Jun/2023:10:39:58 +0800] "GET /xingrg/kc/print/load_data.html?order_code=212023061404847&kc_code=cgsh&condition= HTTP/1.1" 200 676
101.229.22.40 - - [14/Jun/2023:10:39:58 +0800] "GET /xingrg/all/function/internal_message.html?_=1686710397894&CODE_STATE=getMsg HTTP/1.1" 200 27
222.70.180.90 - - [14/Jun/2023:10:40:03 +0800] "GET /xingrg/kc/buy/cgsh_order_add.html HTTP/1.1" 200 71592
222.70.180.90 - - [14/Jun/2023:10:40:03 +0800] "POST /xingrg/kc/buy/cgsh_order_operate.html HTTP/1.1" 200 8245
222.70.180.90 - - [14/Jun/2023:10:40:03 +0800] "GET /xingrg/javascript/easyui/themes/default/validatebox.css HTTP/1.1" 404 1104
180.169.147.146 - - [14/Jun/2023:10:40:04 +0800] "GET /xingrg/all/function/internal_message.html?_=1686710404167&CODE_STATE=getMsg HTTP/1.1" 200 27
222.70.180.90 - - [14/Jun/2023:10:40:06 +0800] "GET /xingrg/all/function/internal_message.html?_=1686710554950&CODE_STATE=getMsg HTTP/1.1" 200 27
101.83.145.52 - - [14/Jun/2023:10:40:11 +0800] "GET /xingrg/all/function/internal_message.html?_=1686710237001&CODE_STATE=getMsg HTTP/1.1" 200 27
222.70.180.90 - - [14/Jun/2023:10:40:12 +0800] "GET /xingrg/kc/buy/cgsh_order_operate.html?command=get_materiel&rest_code=00111&code=00101004104&supplier_code=00100086&order_time=2023-06-14 HTTP/1.1" 200 408
101.83.145.52 - - [14/Jun/2023:10:40:18 +0800] "GET /xingrg/all/function/internal_message.html?_=1686710418119&CODE_STATE=getMsg HTTP/1.1" 200 27
180.164.3.199 - - [14/Jun/2023:10:40:18 +0800] "GET /xingrg/all/function/internal_message.html?_=1686710417496&CODE_STATE=getMsg HTTP/1.1" 200 27
116.232.195.127 - - [14/Jun/2023:10:40:19 +0800] "GET /xingrg/all/function/internal_message.html?_=1686710431605&CODE_STATE=getMsg HTTP/1.1" 200 27
101.83.241.120 - - [14/Jun/2023:10:40:20 +0800] "GET /xingrg/all/function/internal_message.html?_=1686710417630&CODE_STATE=getMsg HTTP/1.1" 200 27
101.83.240.24 - - [14/Jun/2023:10:40:22 +0800] "GET /xingrg/all/function/internal_message.html?_=1686710528605&CODE_STATE=getMsg HTTP/1.1" 200 27
61.170.233.201 - - [14/Jun/2023:10:40:22 +0800] "GET /xingrg/all/function/internal_message.html?_=1686710420842&CODE_STATE=getMsg HTTP/1.1" 200 27
116.230.113.47 - - [14/Jun/2023:10:40:29 +0800] "GET /xingrg/all/function/internal_message.html?_=1686710434613&CODE_STATE=getMsg HTTP/1.1" 200 27
222.70.180.90 - - [14/Jun/2023:10:40:29 +0800] "GET /xingrg/all/function/internal_message.html?_=1686710426635&CODE_STATE=getMsg HTTP/1.1" 200 27
222.70.180.90 - - [14/Jun/2023:10:40:31 +0800] "GET /xingrg/kc/buy/cgsh_order_operate.html?command=get_materiel&rest_code=00111&code=00101014101&supplier_code=00100086&order_time=2023-06-14 HTTP/1.1" 200 416
180.164.3.199 - - [14/Jun/2023:10:40:37 +0800] "POST /xingrg/kc/buy/cgsh_order_operate.html HTTP/1.1" 200 37
116.238.139.35 - - [14/Jun/2023:10:40:38 +0800] "GET /xingrg/all/function/internal_message.html?_=1686710328650&CODE_STATE=getMsg HTTP/1.1" 200 27
124.79.244.240 - - [14/Jun/2023:10:40:39 +0800] "GET /xingrg/all/function/internal_message.html?_=1686710440776&CODE_STATE=getMsg HTTP/1.1" 302 -
124.79.244.240 - - [14/Jun/2023:10:40:39 +0800] "GET /xingrg/login.html HTTP/1.1" 200 7641
180.164.3.199 - - [14/Jun/2023:10:40:39 +0800] "POST /xingrg/kc/buy/cgsh_order_operate.html HTTP/1.1" 200 3855
222.70.180.90 - - [14/Jun/2023:10:40:43 +0800] "POST /xingrg/kc/buy/cgsh_order_operate.html HTTP/1.1" 200 37
180.164.3.199 - - [14/Jun/2023:10:40:43 +0800] "GET /xingrg/kc/print/load_data.html?order_code=212023061404848&kc_code=cgsh&condition= HTTP/1.1" 200 1243
222.67.234.146 - - [14/Jun/2023:10:40:44 +0800] "GET /xingrg/all/function/internal_message.html?_=1686709941942&CODE_STATE=getMsg HTTP/1.1" 200 27
222.70.180.90 - - [14/Jun/2023:10:40:44 +0800] "POST /xingrg/kc/buy/cgsh_order_operate.html HTTP/1.1" 200 3253
222.70.114.12 - - [14/Jun/2023:10:40:45 +0800] "GET /xingrg/all/function/internal_message.html?_=1686710448971&CODE_STATE=getMsg HTTP/1.1" 200 27
172.20.0.100 - - [14/Jun/2023:10:40:45 +0800] "GET /xingrg/all/function/internal_message.html?_=1686710445209&CODE_STATE=getMsg HTTP/1.1" 200 27
222.70.180.90 - - [14/Jun/2023:10:40:46 +0800] "GET /xingrg/kc/print/load_data.html?order_code=212023061404849&kc_code=cgsh&condition= HTTP/1.1" 200 956
120.253.135.82 - - [14/Jun/2023:10:40:47 +0800] "GET /xingrg/all/function/internal_message.html?_=1686710447369&CODE_STATE=getMsg HTTP/1.1" 200 27
222.70.180.90 - - [14/Jun/2023:10:40:51 +0800] "GET /xingrg/kc/buy/cgsh_order_add.html HTTP/1.1" 200 71592
222.70.180.90 - - [14/Jun/2023:10:40:51 +0800] "POST /xingrg/kc/buy/cgsh_order_operate.html HTTP/1.1" 200 8245
222.70.180.90 - - [14/Jun/2023:10:40:51 +0800] "GET /xingrg/javascript/easyui/themes/default/validatebox.css HTTP/1.1" 404 1104
114.85.113.108 - - [14/Jun/2023:10:40:54 +0800] "GET /xingrg/all/function/internal_message.html?_=1686710454210&CODE_STATE=getMsg HTTP/1.1" 200 27
222.67.234.146 - - [14/Jun/2023:10:40:57 +0800] "GET /xingrg/kc/buy/cgsh_order_operate.html?command=get_materiel&rest_code=00141&code=00101008126&supplier_code=00100007&order_time=2023-06-14 HTTP/1.1" 200 412
101.229.22.40 - - [14/Jun/2023:10:40:58 +0800] "GET /xingrg/all/function/internal_message.html?_=1686710457894&CODE_STATE=getMsg HTTP/1.1" 200 27
222.70.114.12 - - [14/Jun/2023:10:41:00 +0800] "GET /xingrg/kc/buy/cgsh_order_add.html HTTP/1.1" 200 71715
222.70.114.12 - - [14/Jun/2023:10:41:00 +0800] "GET /xingrg/words/20230612075447_words.js HTTP/1.1" 304 -
222.70.114.12 - - [14/Jun/2023:10:41:00 +0800] "POST /xingrg/kc/buy/cgsh_order_operate.html HTTP/1.1" 200 8245
222.70.114.12 - - [14/Jun/2023:10:41:00 +0800] "GET /xingrg/javascript/easyui/themes/default/validatebox.css HTTP/1.1" 404 1104
222.70.114.12 - - [14/Jun/2023:10:41:00 +0800] "GET /xingrg/all/common/auto_word.html?type=employee&rest_code=00156 HTTP/1.1" 200 97
222.70.114.12 - - [14/Jun/2023:10:41:01 +0800] "GET /xingrg/all/common/auto_word.html?type=employee&rest_code=00156 HTTP/1.1" 200 97
222.70.180.90 - - [14/Jun/2023:10:41:03 +0800] "GET /xingrg/kc/buy/cgsh_order_operate.html?command=get_materiel&rest_code=00111&code=00101006001&supplier_code=00100574&order_time=2023-06-14 HTTP/1.1" 200 426
222.70.114.12 - - [14/Jun/2023:10:41:04 +0800] "GET /xingrg/javascript/auto/indicator.gif HTTP/1.1" 404 1066
180.169.147.146 - - [14/Jun/2023:10:41:04 +0800] "GET /xingrg/all/function/internal_message.html?_=1686710464175&CODE_STATE=getMsg HTTP/1.1" 200 27
222.70.180.90 - - [14/Jun/2023:10:41:06 +0800] "GET /xingrg/all/function/internal_message.html?_=1686710614936&CODE_STATE=getMsg HTTP/1.1" 200 27
180.164.3.199 - - [14/Jun/2023:10:41:07 +0800] "GET /xingrg/kc/buy/cgsh_order_add.html HTTP/1.1" 200 71728
180.164.3.199 - - [14/Jun/2023:10:41:07 +0800] "POST /xingrg/kc/buy/cgsh_order_operate.html HTTP/1.1" 200 8245
180.164.3.199 - - [14/Jun/2023:10:41:07 +0800] "GET /xingrg/javascript/easyui/themes/default/validatebox.css HTTP/1.1" 404 1104
222.70.114.12 - - [14/Jun/2023:10:41:10 +0800] "GET /xingrg/index.html?sysBaseUrl=http%3A%2F%2F180.169.147.146%3A18081%2Fxingrg%2F&costTime=895×tamp=1686705405111 HTTP/1.1" 200 17179
222.70.114.12 - - [14/Jun/2023:10:41:10 +0800] "GET /xingrg/check_reg.html?_=1686710473894 HTTP/1.1" 200 22
222.70.114.12 - - [14/Jun/2023:10:41:10 +0800] "GET /xingrg/all/function/internal_message.html?_=1686710473894&CODE_STATE=count HTTP/1.1" 200 11
222.70.114.12 - - [14/Jun/2023:10:41:10 +0800] "POST /xingrg/all/common/load_tree.html?tree=area_rest_tree_json&manage=1 HTTP/1.1" 200 351
222.70.114.12 - - [14/Jun/2023:10:41:10 +0800] "POST /xingrg/load_menu.html HTTP/1.1" 200 5138
222.70.114.12 - - [14/Jun/2023:10:41:11 +0800] "GET /xingrg/kc/buy/buy_main.html HTTP/1.1" 200 12412
222.70.114.12 - - [14/Jun/2023:10:41:11 +0800] "GET /xingrg/css/new_ie.css HTTP/1.1" 404 1036
101.83.145.52 - - [14/Jun/2023:10:41:11 +0800] "GET /xingrg/all/function/internal_message.html?_=1686710297001&CODE_STATE=getMsg HTTP/1.1" 200 27
222.70.114.12 - - [14/Jun/2023:10:41:12 +0800] "GET /xingrg/kc/buy/cgsh_order_list.html HTTP/1.1" 200 55860
222.67.234.146 - - [14/Jun/2023:10:41:13 +0800] "GET /xingrg/kc/buy/cgsh_order_operate.html?command=get_materiel&rest_code=00141&code=00101008087&supplier_code=00100007&order_time=2023-06-14 HTTP/1.1" 200 412
222.70.180.90 - - [14/Jun/2023:10:41:16 +0800] "POST /xingrg/kc/buy/cgsh_order_operate.html HTTP/1.1" 200 37
222.70.114.12 - - [14/Jun/2023:10:41:17 +0800] "POST /xingrg/kc/buy/cgsh_list_operate.html HTTP/1.1" 200 986
222.70.180.90 - - [14/Jun/2023:10:41:18 +0800] "POST /xingrg/kc/buy/cgsh_order_operate.html HTTP/1.1" 200 2672
101.83.145.52 - - [14/Jun/2023:10:41:18 +0800] "GET /xingrg/all/function/internal_message.html?_=1686710478120&CODE_STATE=getMsg HTTP/1.1" 200 27
180.164.3.199 - - [14/Jun/2023:10:41:18 +0800] "GET /xingrg/all/function/internal_message.html?_=1686710477480&CODE_STATE=getMsg HTTP/1.1" 200 27
222.70.114.12 - - [14/Jun/2023:10:41:18 +0800] "GET /xingrg/kc/buy/cgsh_order_add.html HTTP/1.1" 200 71715
116.232.195.127 - - [14/Jun/2023:10:41:19 +0800] "GET /xingrg/all/function/internal_message.html?_=1686710491602&CODE_STATE=getMsg HTTP/1.1" 200 27
222.70.114.12 - - [14/Jun/2023:10:41:19 +0800] "GET /xingrg/words/20230612075447_words.js HTTP/1.1" 304 -
222.70.114.12 - - [14/Jun/2023:10:41:19 +0800] "POST /xingrg/kc/buy/cgsh_order_operate.html HTTP/1.1" 200 8245
222.70.114.12 - - [14/Jun/2023:10:41:19 +0800] "GET /xingrg/javascript/easyui/themes/default/validatebox.css HTTP/1.1" 404 1104
222.70.114.12 - - [14/Jun/2023:10:41:19 +0800] "GET /xingrg/all/common/auto_word.html?type=employee&rest_code=00156 HTTP/1.1" 200 97
222.70.114.12 - - [14/Jun/2023:10:41:19 +0800] "GET /xingrg/all/common/auto_word.html?type=employee&rest_code=00156 HTTP/1.1" 200 97
222.70.180.90 - - [14/Jun/2023:10:41:20 +0800] "GET /xingrg/kc/print/load_data.html?order_code=212023061404850&kc_code=cgsh&condition= HTTP/1.1" 200 692
101.83.241.120 - - [14/Jun/2023:10:41:20 +0800] "GET /xingrg/all/function/internal_message.html?_=1686710477619&CODE_STATE=getMsg HTTP/1.1" 200 27
222.70.114.12 - - [14/Jun/2023:10:41:21 +0800] "GET /xingrg/javascript/jquery_tools/images/prev.gif HTTP/1.1" 404 1086
222.70.114.12 - - [14/Jun/2023:10:41:21 +0800] "GET /xingrg/javascript/jquery_tools/images/next.gif HTTP/1.1" 404 1086
101.83.240.24 - - [14/Jun/2023:10:41:22 +0800] "GET /xingrg/all/function/internal_message.html?_=1686710588596&CODE_STATE=getMsg HTTP/1.1" 200 27
61.170.233.201 - - [14/Jun/2023:10:41:22 +0800] "GET /xingrg/all/function/internal_message.html?_=1686710480814&CODE_STATE=getMsg HTTP/1.1" 200 27
222.70.180.90 - - [14/Jun/2023:10:41:24 +0800] "GET /xingrg/kc/buy/cgsh_order_add.html HTTP/1.1" 200 71592
222.70.180.90 - - [14/Jun/2023:10:41:25 +0800] "POST /xingrg/kc/buy/cgsh_order_operate.html HTTP/1.1" 200 8245
222.70.180.90 - - [14/Jun/2023:10:41:25 +0800] "GET /xingrg/javascript/easyui/themes/default/validatebox.css HTTP/1.1" 404 1104
222.67.234.146 - - [14/Jun/2023:10:41:26 +0800] "GET /xingrg/kc/buy/cgsh_order_operate.html?command=get_materiel&rest_code=00141&code=00101008357&supplier_code=00100007&order_time=2023-06-14 HTTP/1.1" 200 408
222.70.114.12 - - [14/Jun/2023:10:41:27 +0800] "GET /xingrg/kc/buy/cgsh_order_operate.html?command=get_materiel&rest_code=00156&code=00101006068&supplier_code=00100012&order_time=2023-06-14 HTTP/1.1" 200 409
222.70.180.90 - - [14/Jun/2023:10:41:29 +0800] "GET /xingrg/all/function/internal_message.html?_=1686710486628&CODE_STATE=getMsg HTTP/1.1" 200 27
116.230.113.47 - - [14/Jun/2023:10:41:29 +0800] "GET /xingrg/all/function/internal_message.html?_=1686710494619&CODE_STATE=getMsg HTTP/1.1" 200 27
222.70.180.90 - - [14/Jun/2023:10:41:37 +0800] "GET /xingrg/kc/buy/cgsh_order_operate.html?command=get_materiel&rest_code=00111&code=00101010719&supplier_code=00100442&order_time=2023-06-14 HTTP/1.1" 200 406
222.67.234.146 - - [14/Jun/2023:10:41:37 +0800] "GET /xingrg/kc/buy/cgsh_order_operate.html?command=get_materiel&rest_code=00141&code=00101008169&supplier_code=00100007&order_time=2023-06-14 HTTP/1.1" 200 412
116.238.139.35 - - [14/Jun/2023:10:41:38 +0800] "GET /xingrg/all/function/internal_message.html?_=1686710388664&CODE_STATE=getMsg HTTP/1.1" 200 27
124.79.244.240 - - [14/Jun/2023:10:41:39 +0800] "GET /xingrg/all/function/internal_message.html?_=1686710500779&CODE_STATE=getMsg HTTP/1.1" 302 -
124.79.244.240 - - [14/Jun/2023:10:41:39 +0800] "GET /xingrg/login.html HTTP/1.1" 200 7641
222.70.114.12 - - [14/Jun/2023:10:41:39 +0800] "GET /xingrg/kc/buy/cgsh_order_operate.html?command=get_materiel&rest_code=00156&code=00101006029&supplier_code=00100012&order_time=2023-06-14 HTTP/1.1" 200 409
222.67.234.146 - - [14/Jun/2023:10:41:44 +0800] "GET /xingrg/all/function/internal_message.html?_=1686710001919&CODE_STATE=getMsg HTTP/1.1" 200 27
172.20.0.100 - - [14/Jun/2023:10:41:45 +0800] "GET /xingrg/all/function/internal_message.html?_=1686710505211&CODE_STATE=getMsg HTTP/1.1" 200 27
172.20.0.100 - - [14/Jun/2023:10:41:45 +0800] "GET /xingrg/check_reg.html?_=1686710505214 HTTP/1.1" 200 22
120.253.135.82 - - [14/Jun/2023:10:41:47 +0800] "GET /xingrg/all/function/internal_message.html?_=1686710507366&CODE_STATE=getMsg HTTP/1.1" 200 27
222.70.180.90 - - [14/Jun/2023:10:41:48 +0800] "POST /xingrg/kc/buy/cgsh_order_operate.html HTTP/1.1" 200 37
222.70.114.12 - - [14/Jun/2023:10:41:50 +0800] "GET /xingrg/kc/buy/cgsh_order_operate.html?command=get_materiel&rest_code=00156&code=00101006106&supplier_code=00100012&order_time=2023-06-14 HTTP/1.1" 200 421
222.67.234.146 - - [14/Jun/2023:10:41:50 +0800] "GET /xingrg/kc/buy/cgsh_order_operate.html?command=get_materiel&rest_code=00141&code=00101008117&supplier_code=00100007&order_time=2023-06-14 HTTP/1.1" 200 414
222.70.180.90 - - [14/Jun/2023:10:41:50 +0800] "POST /xingrg/kc/buy/cgsh_order_operate.html HTTP/1.1" 200 2650
222.70.180.90 - - [14/Jun/2023:10:41:52 +0800] "GET /xingrg/kc/print/load_data.html?order_code=212023061404851&kc_code=cgsh&condition= HTTP/1.1" 200 666
114.85.113.108 - - [14/Jun/2023:10:41:54 +0800] "GET /xingrg/all/function/internal_message.html?_=1686710514193&CODE_STATE=getMsg HTTP/1.1" 200 27
222.67.234.146 - - [14/Jun/2023:10:41:55 +0800] "POST /xingrg/all/common/load_select.html HTTP/1.1" 200 12
222.67.234.146 - - [14/Jun/2023:10:41:58 +0800] "GET /xingrg/check_reg.html?_=1686710015532 HTTP/1.1" 200 22
222.70.180.90 - - [14/Jun/2023:10:41:58 +0800] "GET /xingrg/kc/buy/cgsh_order_add.html HTTP/1.1" 200 71592
222.70.180.90 - - [14/Jun/2023:10:41:58 +0800] "POST /xingrg/kc/buy/cgsh_order_operate.html HTTP/1.1" 200 8245
101.229.22.40 - - [14/Jun/2023:10:41:58 +0800] "GET /xingrg/all/function/internal_message.html?_=1686710517903&CODE_STATE=getMsg HTTP/1.1" 200 27
222.70.180.90 - - [14/Jun/2023:10:41:58 +0800] "GET /xingrg/javascript/easyui/themes/default/validatebox.css HTTP/1.1" 404 1104
222.70.114.12 - - [14/Jun/2023:10:42:01 +0800] "GET /xingrg/kc/buy/cgsh_order_operate.html?command=get_materiel&rest_code=00156&code=00101007082&supplier_code=00100012&order_time=2023-06-14 HTTP/1.1" 200 427
222.67.234.146 - - [14/Jun/2023:10:42:01 +0800] "GET /xingrg/kc/buy/cgsh_order_operate.html?command=get_materiel_price&rest_code=00141&code=00101008117&unit_code=00100035&supplier_code=00100007&order_time=2023-06-14 HTTP/1.1" 200 29
101.229.22.40 - - [14/Jun/2023:10:42:01 +0800] "GET /xingrg/check_reg.html?_=1686710517904 HTTP/1.1" 200 22
180.169.147.146 - - [14/Jun/2023:10:42:04 +0800] "GET /xingrg/all/function/internal_message.html?_=1686710524176&CODE_STATE=getMsg HTTP/1.1" 200 27
180.169.147.146 - - [14/Jun/2023:10:42:04 +0800] "GET /xingrg/check_reg.html?_=1686710524178 HTTP/1.1" 200 22
101.229.22.40 - - [14/Jun/2023:10:42:05 +0800] "GET /xingrg/javascript/easyui/themes/default/images/button_plain_hover.png HTTP/1.1" 304 -
222.70.180.90 - - [14/Jun/2023:10:42:06 +0800] "GET /xingrg/all/function/internal_message.html?_=1686710674927&CODE_STATE=getMsg HTTP/1.1" 200 27
180.164.3.199 - - [14/Jun/2023:10:42:07 +0800] "GET /xingrg/kc/buy/cgsh_order_operate.html?command=get_materiel&rest_code=00108&code=00101009050&supplier_code=00100007&order_time=2023-06-14 HTTP/1.1" 200 408
222.70.114.12 - - [14/Jun/2023:10:42:10 +0800] "GET /xingrg/all/function/internal_message.html?_=1686710533902&CODE_STATE=getMsg HTTP/1.1" 200 27
101.83.145.52 - - [14/Jun/2023:10:42:11 +0800] "GET /xingrg/all/function/internal_message.html?_=1686710357002&CODE_STATE=getMsg HTTP/1.1" 200 27
222.67.234.146 - - [14/Jun/2023:10:42:11 +0800] "GET /xingrg/kc/buy/cgsh_order_operate.html?command=get_materiel&rest_code=00141&code=00101008115&supplier_code=00100007&order_time=2023-06-14 HTTP/1.1" 200 412
222.70.180.90 - - [14/Jun/2023:10:42:14 +0800] "GET /xingrg/kc/buy/cgsh_order_operate.html?command=get_materiel&rest_code=00111&code=00101001167&supplier_code=00100314&order_time=2023-06-14 HTTP/1.1" 200 413
101.83.145.52 - - [14/Jun/2023:10:42:18 +0800] "GET /xingrg/all/function/internal_message.html?_=1686710538121&CODE_STATE=getMsg HTTP/1.1" 200 27
180.164.3.199 - - [14/Jun/2023:10:42:18 +0800] "GET /xingrg/all/function/internal_message.html?_=1686710537467&CODE_STATE=getMsg HTTP/1.1" 200 27
116.232.195.127 - - [14/Jun/2023:10:42:19 +0800] "GET /xingrg/check_reg.html?_=1686710551593 HTTP/1.1" 200 22
116.232.195.127 - - [14/Jun/2023:10:42:19 +0800] "GET /xingrg/all/function/internal_message.html?_=1686710551595&CODE_STATE=getMsg HTTP/1.1" 200 27
101.83.241.120 - - [14/Jun/2023:10:42:20 +0800] "GET /xingrg/all/function/internal_message.html?_=1686710537591&CODE_STATE=getMsg HTTP/1.1" 200 27
101.83.241.120 - - [14/Jun/2023:10:42:20 +0800] "GET /xingrg/check_reg.html?_=1686710537898 HTTP/1.1" 200 22
101.83.240.24 - - [14/Jun/2023:10:42:22 +0800] "GET /xingrg/check_reg.html?_=1686710648603 HTTP/1.1" 200 22
101.83.240.24 - - [14/Jun/2023:10:42:22 +0800] "GET /xingrg/all/function/internal_message.html?_=1686710648608&CODE_STATE=getMsg HTTP/1.1" 200 27
61.170.233.201 - - [14/Jun/2023:10:42:22 +0800] "GET /xingrg/all/function/internal_message.html?_=1686710540802&CODE_STATE=getMsg HTTP/1.1" 200 27
116.230.113.47 - - [14/Jun/2023:10:42:28 +0800] "GET /xingrg/check_reg.html?_=1686710553979 HTTP/1.1" 200 22
222.70.180.90 - - [14/Jun/2023:10:42:28 +0800] "POST /xingrg/kc/buy/cgsh_order_operate.html HTTP/1.1" 200 37
116.230.113.47 - - [14/Jun/2023:10:42:29 +0800] "GET /xingrg/all/function/internal_message.html?_=1686710554633&CODE_STATE=getMsg HTTP/1.1" 200 27
116.238.139.35 - - [14/Jun/2023:10:42:29 +0800] "POST /xingrg/all/user/operate.html HTTP/1.1" 200 36
116.238.139.35 - - [14/Jun/2023:10:42:29 +0800] "GET /xingrg/javascript/jquery_easy_ui/themes/default/easyui.css HTTP/1.1" 304 -
116.238.139.35 - - [14/Jun/2023:10:42:29 +0800] "GET /xingrg/index.html?sysBaseUrl=http%3A%2F%2F180.169.147.146%3A18081%2Fxingrg%2F&costTime=1129×tamp=1686701704151 HTTP/1.1" 200 17179
116.238.139.35 - - [14/Jun/2023:10:42:29 +0800] "GET /xingrg/javascript/jquery_easy_ui/themes/icon.css HTTP/1.1" 304 -
116.238.139.35 - - [14/Jun/2023:10:42:29 +0800] "GET /xingrg/css/form.css HTTP/1.1" 304 -
116.238.139.35 - - [14/Jun/2023:10:42:29 +0800] "GET /xingrg/javascript/jquery-1.4.2.min.js HTTP/1.1" 304 -
116.238.139.35 - - [14/Jun/2023:10:42:29 +0800] "GET /xingrg/javascript/jquery_easy_ui/jquery.easyui.min.js HTTP/1.1" 304 -
116.238.139.35 - - [14/Jun/2023:10:42:29 +0800] "GET /xingrg/javascript/jquery_easy_ui/easyui-lang-zh_CN.js HTTP/1.1" 304 -
116.238.139.35 - - [14/Jun/2023:10:42:29 +0800] "GET /xingrg/javascript/jquery.form.js HTTP/1.1" 304 -
116.238.139.35 - - [14/Jun/2023:10:42:29 +0800] "GET /xingrg/javascript/jquery.utils.js HTTP/1.1" 304 -
116.238.139.35 - - [14/Jun/2023:10:42:29 +0800] "GET /xingrg/javascript/jquery.timers.js HTTP/1.1" 304 -
116.238.139.35 - - [14/Jun/2023:10:42:29 +0800] "GET /xingrg/images/blue/jxLogo.png HTTP/1.1" 304 -
116.238.139.35 - - [14/Jun/2023:10:42:29 +0800] "GET /xingrg/images/blue/navBackgound.jpg HTTP/1.1" 304 -
116.238.139.35 - - [14/Jun/2023:10:42:29 +0800] "GET /xingrg/javascript/jquery_easy_ui/themes/icons/settle_new.png HTTP/1.1" 304 -
116.238.139.35 - - [14/Jun/2023:10:42:29 +0800] "GET /xingrg/images/blue/pingpu.png HTTP/1.1" 304 -
116.238.139.35 - - [14/Jun/2023:10:42:29 +0800] "GET /xingrg/javascript/jquery_easy_ui/themes/default/images/tabs_leftarrow.png HTTP/1.1" 304 -
116.238.139.35 - - [14/Jun/2023:10:42:29 +0800] "GET /xingrg/javascript/jquery_easy_ui/themes/default/images/tabs_rightarrow.png HTTP/1.1" 304 -
116.238.139.35 - - [14/Jun/2023:10:42:29 +0800] "GET /xingrg/javascript/jquery_easy_ui/themes/default/images/panel_tool_collapse.gif HTTP/1.1" 304 -
116.238.139.35 - - [14/Jun/2023:10:42:29 +0800] "GET /xingrg/all/function/internal_message.html?_=1686710440013&CODE_STATE=count HTTP/1.1" 200 11
116.238.139.35 - - [14/Jun/2023:10:42:29 +0800] "GET /xingrg/check_reg.html?_=1686710440014 HTTP/1.1" 200 22
116.238.139.35 - - [14/Jun/2023:10:42:29 +0800] "POST /xingrg/all/common/load_tree.html?tree=area_rest_tree_json&manage=1 HTTP/1.1" 200 476
116.238.139.35 - - [14/Jun/2023:10:42:29 +0800] "POST /xingrg/load_menu.html HTTP/1.1" 200 5138
180.164.3.199 - - [14/Jun/2023:10:42:30 +0800] "GET /xingrg/kc/buy/cgsh_order_operate.html?command=get_materiel&rest_code=00108&code=00101009025&supplier_code=00100007&order_time=2023-06-14 HTTP/1.1" 200 409
222.70.180.90 - - [14/Jun/2023:10:42:30 +0800] "POST /xingrg/kc/buy/cgsh_order_operate.html HTTP/1.1" 200 2658
222.70.180.90 - - [14/Jun/2023:10:42:32 +0800] "GET /xingrg/kc/print/load_data.html?order_code=212023061404852&kc_code=cgsh&condition= HTTP/1.1" 200 671
222.70.180.90 - - [14/Jun/2023:10:42:37 +0800] "GET /xingrg/kc/buy/cgsh_order_add.html HTTP/1.1" 200 71592
222.70.180.90 - - [14/Jun/2023:10:42:37 +0800] "POST /xingrg/kc/buy/cgsh_order_operate.html HTTP/1.1" 200 8245
222.70.180.90 - - [14/Jun/2023:10:42:37 +0800] "GET /xingrg/javascript/easyui/themes/default/validatebox.css HTTP/1.1" 404 1104
222.67.234.146 - - [14/Jun/2023:10:42:39 +0800] "GET /xingrg/check_reg.html?_=1686710056675 HTTP/1.1" 200 22
124.79.244.240 - - [14/Jun/2023:10:42:39 +0800] "GET /xingrg/all/function/internal_message.html?_=1686710560778&CODE_STATE=getMsg HTTP/1.1" 302 -
124.79.244.240 - - [14/Jun/2023:10:42:39 +0800] "GET /xingrg/check_reg.html?_=1686710560780 HTTP/1.1" 302 -
124.79.244.240 - - [14/Jun/2023:10:42:39 +0800] "GET /xingrg/login.html HTTP/1.1" 200 7641
124.79.244.240 - - [14/Jun/2023:10:42:39 +0800] "GET /xingrg/login.html HTTP/1.1" 200 7641
222.67.234.146 - - [14/Jun/2023:10:42:42 +0800] "POST /xingrg/kc/buy/cgsh_order_operate.html HTTP/1.1" 200 37
172.20.0.100 - - [14/Jun/2023:10:42:45 +0800] "GET /xingrg/all/function/internal_message.html?_=1686710565214&CODE_STATE=getMsg HTTP/1.1" 200 27
222.70.114.12 - - [14/Jun/2023:10:42:46 +0800] "POST /xingrg/kc/buy/cgsh_order_operate.html HTTP/1.1" 200 88
116.238.139.35 - - [14/Jun/2023:10:42:46 +0800] "GET /xingrg/kc/buy/cgsh_order_list.html HTTP/1.1" 200 55860
120.253.135.82 - - [14/Jun/2023:10:42:47 +0800] "GET /xingrg/all/function/internal_message.html?_=1686710567359&CODE_STATE=getMsg HTTP/1.1" 200 27
222.70.180.90 - - [14/Jun/2023:10:42:47 +0800] "GET /xingrg/kc/buy/cgsh_order_operate.html?command=get_materiel&rest_code=00111&code=00101001115&supplier_code=00100089&order_time=2023-06-14 HTTP/1.1" 200 415
116.238.139.35 - - [14/Jun/2023:10:42:48 +0800] "POST /xingrg/kc/buy/cgsh_list_operate.html HTTP/1.1" 200 986
116.238.139.35 - - [14/Jun/2023:10:42:51 +0800] "GET /xingrg/kc/buy/cgsh_order_add.html HTTP/1.1" 200 71692
116.238.139.35 - - [14/Jun/2023:10:42:52 +0800] "POST /xingrg/kc/buy/cgsh_order_operate.html HTTP/1.1" 200 8245
116.238.139.35 - - [14/Jun/2023:10:42:52 +0800] "GET /xingrg/javascript/easyui/themes/default/validatebox.css HTTP/1.1" 404 1104
222.70.114.12 - - [14/Jun/2023:10:42:52 +0800] "POST /xingrg/kc/buy/cgsh_order_operate.html HTTP/1.1" 200 37
116.238.139.35 - - [14/Jun/2023:10:42:54 +0800] "GET /xingrg/javascript/auto/indicator.gif HTTP/1.1" 404 1066
222.70.114.12 - - [14/Jun/2023:10:42:54 +0800] "POST /xingrg/kc/buy/cgsh_order_operate.html HTTP/1.1" 200 4456
114.85.113.108 - - [14/Jun/2023:10:42:54 +0800] "GET /xingrg/all/function/internal_message.html?_=1686710574178&CODE_STATE=getMsg HTTP/1.1" 200 27
222.70.114.12 - - [14/Jun/2023:10:42:55 +0800] "GET /xingrg/kc/print/load_config.html?kc_code=cgsh HTTP/1.1" 200 1924
222.70.114.12 - - [14/Jun/2023:10:42:56 +0800] "GET /xingrg/kc/print/load_data.html?order_code=212023061404855&kc_code=cgsh&condition= HTTP/1.1" 200 1462
101.229.22.40 - - [14/Jun/2023:10:42:58 +0800] "GET /xingrg/all/function/internal_message.html?_=1686710577896&CODE_STATE=getMsg HTTP/1.1" 200 27
180.164.3.199 - - [14/Jun/2023:10:43:04 +0800] "GET /xingrg/kc/buy/cgsh_order_operate.html?command=get_materiel&rest_code=00108&code=00101009137&supplier_code=00100007&order_time=2023-06-14 HTTP/1.1" 200 410
180.169.147.146 - - [14/Jun/2023:10:43:04 +0800] "GET /xingrg/all/function/internal_message.html?_=1686710584175&CODE_STATE=getMsg HTTP/1.1" 200 27
218.81.66.198 - - [14/Jun/2023:10:43:05 +0800] "POST /xingrg/services/DataTransmitService HTTP/1.1" 200 524
222.70.180.90 - - [14/Jun/2023:10:43:06 +0800] "GET /xingrg/all/function/internal_message.html?_=1686710734950&CODE_STATE=getMsg HTTP/1.1" 200 27
218.81.66.198 - - [14/Jun/2023:10:43:07 +0800] "POST /xingrg/services/DataTransmitService HTTP/1.1" 200 412
222.70.180.90 - - [14/Jun/2023:10:43:09 +0800] "POST /xingrg/kc/buy/cgsh_order_operate.html HTTP/1.1" 200 37
222.70.180.90 - - [14/Jun/2023:10:43:10 +0800] "POST /xingrg/kc/buy/cgsh_order_operate.html HTTP/1.1" 200 2661
116.238.139.35 - - [14/Jun/2023:10:43:10 +0800] "GET /xingrg/kc/buy/cgsh_order_operate.html?command=get_materiel&rest_code=00150&code=00102003261&supplier_code=00100151&order_time=2023-06-14 HTTP/1.1" 200 414
101.83.145.52 - - [14/Jun/2023:10:43:11 +0800] "GET /xingrg/all/function/internal_message.html?_=1686710417004&CODE_STATE=getMsg HTTP/1.1" 200 27
222.70.180.90 - - [14/Jun/2023:10:43:12 +0800] "GET /xingrg/kc/print/load_data.html?order_code=212023061404856&kc_code=cgsh&condition= HTTP/1.1" 200 754
222.70.180.90 - - [14/Jun/2023:10:43:17 +0800] "GET /xingrg/kc/buy/cgsh_order_add.html HTTP/1.1" 200 71592
101.83.145.52 - - [14/Jun/2023:10:43:18 +0800] "GET /xingrg/all/function/internal_message.html?_=1686710598123&CODE_STATE=getMsg HTTP/1.1" 200 27
