116.238.139.35 - - [14/Jun/2023:09:04:36 +0800] "GET /xingrg/all/function/internal_message.html?_=1686704566862&CODE_STATE=getMsg HTTP/1.1" 200 27
101.83.241.120 - - [14/Jun/2023:09:04:37 +0800] "GET /xingrg/kc/buy/cgsh_order_operate.html?command=get_materiel&rest_code=00149&code=00101008362&supplier_code=00100008&order_time=2023-06-14 HTTP/1.1" 200 408
124.79.244.240 - - [14/Jun/2023:09:04:39 +0800] "GET /xingrg/all/function/internal_message.html?_=1686704680578&CODE_STATE=getMsg HTTP/1.1" 302 -
124.79.244.240 - - [14/Jun/2023:09:04:39 +0800] "GET /xingrg/login.html HTTP/1.1" 200 7641
222.70.180.90 - - [14/Jun/2023:09:04:39 +0800] "GET /xingrg/kc/buy/cgsh_order_operate.html?command=get_materiel&rest_code=00111&code=00101008296&supplier_code=00100005&order_time=2023-06-14 HTTP/1.1" 200 416
116.230.113.47 - - [14/Jun/2023:09:04:39 +0800] "GET /xingrg/all/function/internal_message.html?_=1686704685245&CODE_STATE=getMsg HTTP/1.1" 200 27
116.238.139.35 - - [14/Jun/2023:09:04:41 +0800] "GET /xingrg/kc/buy/cgsh_order_operate.html?command=get_materiel&rest_code=00151&code=00101008223&supplier_code=00100008&order_time=2023-06-14 HTTP/1.1" 200 412
58.40.7.146 - - [14/Jun/2023:09:04:42 +0800] "GET /favicon.ico HTTP/1.1" 404 -
101.83.241.120 - - [14/Jun/2023:09:04:46 +0800] "GET /xingrg/kc/buy/cgsh_order_operate.html?command=get_materiel&rest_code=00149&code=00101008059&supplier_code=00100008&order_time=2023-06-14 HTTP/1.1" 200 408
222.67.234.146 - - [14/Jun/2023:09:04:50 +0800] "GET /xingrg/check_reg.html?_=1686704188483 HTTP/1.1" 200 22
222.70.180.90 - - [14/Jun/2023:09:04:53 +0800] "GET /xingrg/kc/buy/cgsh_order_operate.html?command=get_materiel&rest_code=00111&code=00101008739&supplier_code=00100005&order_time=2023-06-14 HTTP/1.1" 200 410
101.83.241.120 - - [14/Jun/2023:09:04:55 +0800] "GET /xingrg/kc/buy/cgsh_order_operate.html?command=get_materiel&rest_code=00149&code=00101008077&supplier_code=00100008&order_time=2023-06-14 HTTP/1.1" 200 416
114.85.113.108 - - [14/Jun/2023:09:04:56 +0800] "GET /xingrg/all/function/internal_message.html?_=1686704695939&CODE_STATE=getMsg HTTP/1.1" 200 27
116.238.139.35 - - [14/Jun/2023:09:04:59 +0800] "GET /xingrg/kc/buy/cgsh_order_operate.html?command=get_materiel&rest_code=00151&code=00101008286&supplier_code=00100008&order_time=2023-06-14 HTTP/1.1" 200 408
222.70.180.90 - - [14/Jun/2023:09:05:02 +0800] "POST /xingrg/kc/buy/cgsh_order_operate.html HTTP/1.1" 200 2065
101.83.241.120 - - [14/Jun/2023:09:05:06 +0800] "GET /xingrg/kc/buy/cgsh_order_operate.html?command=get_materiel&rest_code=00149&code=00101008223&supplier_code=00100008&order_time=2023-06-14 HTTP/1.1" 200 412
101.83.241.120 - - [14/Jun/2023:09:05:09 +0800] "POST /xingrg/kc/buy/cgsh_order_operate.html HTTP/1.1" 200 2065
222.70.180.90 - - [14/Jun/2023:09:05:09 +0800] "GET /xingrg/kc/buy/cgsh_order_operate.html?command=get_materiel&rest_code=00111&code=00101008331&supplier_code=00100005&order_time=2023-06-14 HTTP/1.1" 200 416
116.238.139.35 - - [14/Jun/2023:09:05:09 +0800] "GET /xingrg/kc/buy/cgsh_order_operate.html?command=get_materiel&rest_code=00151&code=00101008169&supplier_code=00100008&order_time=2023-06-14 HTTP/1.1" 200 412
101.83.241.120 - - [14/Jun/2023:09:05:12 +0800] "GET /xingrg/all/function/internal_message.html?_=1686704709345&CODE_STATE=getMsg HTTP/1.1" 200 27
101.83.145.52 - - [14/Jun/2023:09:05:18 +0800] "GET /xingrg/all/function/internal_message.html?_=1686704718043&CODE_STATE=getMsg HTTP/1.1" 200 27
116.238.139.35 - - [14/Jun/2023:09:05:18 +0800] "GET /xingrg/kc/buy/cgsh_order_operate.html?command=get_materiel&rest_code=00151&code=00101008318&supplier_code=00100008&order_time=2023-06-14 HTTP/1.1" 200 408
120.253.135.82 - - [14/Jun/2023:09:05:19 +0800] "GET /xingrg/all/function/internal_message.html?_=1686704553930&CODE_STATE=getMsg HTTP/1.1" 200 27
116.232.195.127 - - [14/Jun/2023:09:05:20 +0800] "GET /xingrg/all/function/internal_message.html?_=1686704733055&CODE_STATE=getMsg HTTP/1.1" 200 27
101.83.241.120 - - [14/Jun/2023:09:05:20 +0800] "GET /xingrg/kc/buy/cgsh_order_operate.html?command=get_materiel&rest_code=00149&code=00101008304&supplier_code=00100008&order_time=2023-06-14 HTTP/1.1" 200 413
180.164.3.199 - - [14/Jun/2023:09:05:23 +0800] "GET /xingrg/all/function/internal_message.html?_=1686704722148&CODE_STATE=getMsg HTTP/1.1" 200 27
180.163.29.103 - - [14/Jun/2023:09:05:23 +0800] "GET /xingrg/all/function/internal_message.html?_=1686704661855&CODE_STATE=getMsg HTTP/1.1" 302 -
180.163.29.103 - - [14/Jun/2023:09:05:23 +0800] "GET /xingrg/login.html HTTP/1.1" 200 7641
61.170.233.201 - - [14/Jun/2023:09:05:23 +0800] "GET /xingrg/all/function/internal_message.html?_=1686704721839&CODE_STATE=getMsg HTTP/1.1" 200 27
116.238.139.35 - - [14/Jun/2023:09:05:23 +0800] "GET /xingrg/all/function/internal_message.html?_=1686704722116&CODE_STATE=getMsg HTTP/1.1" 200 27
116.238.139.35 - - [14/Jun/2023:09:05:26 +0800] "GET /xingrg/kc/buy/cgsh_order_operate.html?command=get_materiel&rest_code=00151&code=00101008353&supplier_code=00100008&order_time=2023-06-14 HTTP/1.1" 200 408
222.70.180.90 - - [14/Jun/2023:09:05:26 +0800] "GET /xingrg/all/function/internal_message.html?_=1686704724050&CODE_STATE=getMsg HTTP/1.1" 200 27
116.238.139.35 - - [14/Jun/2023:09:05:29 +0800] "GET /xingrg/check_reg.html?_=1686704619653 HTTP/1.1" 200 22
101.83.241.120 - - [14/Jun/2023:09:05:30 +0800] "GET /xingrg/kc/buy/cgsh_order_operate.html?command=get_materiel&rest_code=00149&code=00101008330&supplier_code=00100008&order_time=2023-06-14 HTTP/1.1" 200 409
222.70.180.90 - - [14/Jun/2023:09:05:32 +0800] "GET /xingrg/all/function/internal_message.html?_=1686704880366&CODE_STATE=getMsg HTTP/1.1" 302 -
116.238.139.35 - - [14/Jun/2023:09:05:34 +0800] "GET /xingrg/kc/buy/cgsh_order_operate.html?command=get_materiel&rest_code=00151&code=00101008213&supplier_code=00100008&order_time=2023-06-14 HTTP/1.1" 200 412
116.238.139.35 - - [14/Jun/2023:09:05:36 +0800] "GET /xingrg/all/function/internal_message.html?_=1686704626876&CODE_STATE=getMsg HTTP/1.1" 200 27
222.70.180.90 - - [14/Jun/2023:09:05:36 +0800] "GET /xingrg/kc/buy/cgsh_order_operate.html?command=get_materiel&rest_code=00111&code=00101008150&supplier_code=00100005&order_time=2023-06-14 HTTP/1.1" 200 409
124.79.244.240 - - [14/Jun/2023:09:05:39 +0800] "GET /xingrg/all/function/internal_message.html?_=1686704740576&CODE_STATE=getMsg HTTP/1.1" 302 -
124.79.244.240 - - [14/Jun/2023:09:05:39 +0800] "GET /xingrg/login.html HTTP/1.1" 200 7641
116.230.113.47 - - [14/Jun/2023:09:05:39 +0800] "GET /xingrg/all/function/internal_message.html?_=1686704745249&CODE_STATE=getMsg HTTP/1.1" 200 27
222.70.180.90 - - [14/Jun/2023:09:05:46 +0800] "POST /xingrg/kc/buy/cgsh_order_operate.html HTTP/1.1" 200 2065
101.83.241.120 - - [14/Jun/2023:09:05:48 +0800] "POST /xingrg/kc/buy/cgsh_order_operate.html HTTP/1.1" 200 37
116.238.139.35 - - [14/Jun/2023:09:05:50 +0800] "GET /xingrg/kc/buy/cgsh_order_operate.html?command=get_materiel&rest_code=00151&code=00101008150&supplier_code=00100008&order_time=2023-06-14 HTTP/1.1" 200 409
222.70.180.90 - - [14/Jun/2023:09:05:52 +0800] "GET /xingrg/kc/buy/cgsh_order_operate.html?command=get_materiel&rest_code=00111&code=00101008168&supplier_code=00100005&order_time=2023-06-14 HTTP/1.1" 200 413
114.85.113.108 - - [14/Jun/2023:09:05:56 +0800] "GET /xingrg/all/function/internal_message.html?_=1686704755925&CODE_STATE=getMsg HTTP/1.1" 200 27
116.238.139.35 - - [14/Jun/2023:09:05:58 +0800] "GET /xingrg/kc/buy/cgsh_order_operate.html?command=get_materiel&rest_code=00151&code=00101008441&supplier_code=00100008&order_time=2023-06-14 HTTP/1.1" 200 420
222.70.180.90 - - [14/Jun/2023:09:06:02 +0800] "GET /xingrg/kc/buy/cgsh_order_operate.html?command=get_materiel&rest_code=00111&code=00101008439&supplier_code=00100005&order_time=2023-06-14 HTTP/1.1" 200 413
101.83.241.120 - - [14/Jun/2023:09:06:03 +0800] "POST /xingrg/kc/buy/cgsh_order_operate.html HTTP/1.1" 200 23370
101.83.241.120 - - [14/Jun/2023:09:06:12 +0800] "GET /xingrg/all/function/internal_message.html?_=1686704769385&CODE_STATE=getMsg HTTP/1.1" 200 27
101.83.241.120 - - [14/Jun/2023:09:06:16 +0800] "GET /xingrg/kc/buy/cgsh_order_operate.html?command=get_materiel&rest_code=00149&code=00101008502&supplier_code=00100008&order_time=2023-06-14 HTTP/1.1" 200 412
101.83.145.52 - - [14/Jun/2023:09:06:18 +0800] "GET /xingrg/all/function/internal_message.html?_=1686704778031&CODE_STATE=getMsg HTTP/1.1" 200 27
120.253.135.82 - - [14/Jun/2023:09:06:19 +0800] "GET /xingrg/all/function/internal_message.html?_=1686704614085&CODE_STATE=getMsg HTTP/1.1" 200 27
116.232.195.127 - - [14/Jun/2023:09:06:20 +0800] "GET /xingrg/all/function/internal_message.html?_=1686704793027&CODE_STATE=getMsg HTTP/1.1" 200 27
222.70.180.90 - - [14/Jun/2023:09:06:21 +0800] "GET /xingrg/kc/buy/cgsh_order_operate.html?command=get_materiel&rest_code=00111&code=00101008223&supplier_code=00100005&order_time=2023-06-14 HTTP/1.1" 200 412
180.164.3.199 - - [14/Jun/2023:09:06:23 +0800] "GET /xingrg/all/function/internal_message.html?_=1686704782125&CODE_STATE=getMsg HTTP/1.1" 200 27
61.170.233.201 - - [14/Jun/2023:09:06:23 +0800] "GET /xingrg/all/function/internal_message.html?_=1686704781812&CODE_STATE=getMsg HTTP/1.1" 200 27
116.238.139.35 - - [14/Jun/2023:09:06:23 +0800] "GET /xingrg/all/function/internal_message.html?_=1686704782140&CODE_STATE=getMsg HTTP/1.1" 200 27
222.70.180.90 - - [14/Jun/2023:09:06:26 +0800] "GET /xingrg/all/function/internal_message.html?_=1686704784054&CODE_STATE=getMsg HTTP/1.1" 200 27
222.70.180.90 - - [14/Jun/2023:09:06:30 +0800] "GET /xingrg/kc/buy/cgsh_order_operate.html?command=get_materiel&rest_code=00111&code=00101008114&supplier_code=00100005&order_time=2023-06-14 HTTP/1.1" 200 413
101.83.241.120 - - [14/Jun/2023:09:06:30 +0800] "GET /xingrg/kc/buy/cgsh_order_operate.html?command=get_materiel&rest_code=00149&code=00101008589&supplier_code=00100008&order_time=2023-06-14 HTTP/1.1" 200 409
222.70.180.90 - - [14/Jun/2023:09:06:32 +0800] "GET /xingrg/all/function/internal_message.html?_=1686704940366&CODE_STATE=getMsg HTTP/1.1" 302 -
222.70.180.90 - - [14/Jun/2023:09:06:34 +0800] "POST /xingrg/kc/buy/cgsh_order_operate.html HTTP/1.1" 200 2065
116.238.139.35 - - [14/Jun/2023:09:06:36 +0800] "GET /xingrg/all/function/internal_message.html?_=1686704686889&CODE_STATE=getMsg HTTP/1.1" 200 27
120.253.135.82 - - [14/Jun/2023:09:06:38 +0800] "GET /xingrg/check_reg.html?_=1686704633007 HTTP/1.1" 200 22
124.79.244.240 - - [14/Jun/2023:09:06:39 +0800] "GET /xingrg/all/function/internal_message.html?_=1686704800578&CODE_STATE=getMsg HTTP/1.1" 302 -
124.79.244.240 - - [14/Jun/2023:09:06:39 +0800] "GET /xingrg/login.html HTTP/1.1" 200 7641
101.83.241.120 - - [14/Jun/2023:09:06:39 +0800] "GET /xingrg/kc/buy/cgsh_order_operate.html?command=get_materiel&rest_code=00149&code=00101008403&supplier_code=00100008&order_time=2023-06-14 HTTP/1.1" 200 412
116.230.113.47 - - [14/Jun/2023:09:06:40 +0800] "GET /xingrg/all/function/internal_message.html?_=1686704805394&CODE_STATE=getMsg HTTP/1.1" 200 27
222.70.180.90 - - [14/Jun/2023:09:06:40 +0800] "GET /xingrg/kc/buy/cgsh_order_operate.html?command=get_materiel&rest_code=00111&code=00101008061&supplier_code=00100005&order_time=2023-06-14 HTTP/1.1" 200 422
180.164.3.199 - - [14/Jun/2023:09:06:46 +0800] "GET /xingrg/check_reg.html?_=1686704806100 HTTP/1.1" 200 22
61.170.233.201 - - [14/Jun/2023:09:06:49 +0800] "POST /xingrg/services/DataTransmitService HTTP/1.1" 200 524
101.83.241.120 - - [14/Jun/2023:09:06:52 +0800] "GET /xingrg/kc/buy/cgsh_order_operate.html?command=get_materiel&rest_code=00149&code=00101008069&supplier_code=00100008&order_time=2023-06-14 HTTP/1.1" 200 412
114.85.113.108 - - [14/Jun/2023:09:06:56 +0800] "GET /xingrg/all/function/internal_message.html?_=1686704815897&CODE_STATE=getMsg HTTP/1.1" 200 27
101.83.241.120 - - [14/Jun/2023:09:06:56 +0800] "POST /xingrg/kc/buy/cgsh_order_operate.html HTTP/1.1" 200 2065
101.83.241.120 - - [14/Jun/2023:09:07:02 +0800] "GET /xingrg/kc/buy/cgsh_order_operate.html?command=get_materiel&rest_code=00149&code=00101008286&supplier_code=00100008&order_time=2023-06-14 HTTP/1.1" 200 408
101.83.241.120 - - [14/Jun/2023:09:07:12 +0800] "GET /xingrg/all/function/internal_message.html?_=1686704829371&CODE_STATE=getMsg HTTP/1.1" 200 27
101.83.145.52 - - [14/Jun/2023:09:07:18 +0800] "GET /xingrg/all/function/internal_message.html?_=1686704838041&CODE_STATE=getMsg HTTP/1.1" 200 27
101.83.240.24 - - [14/Jun/2023:09:07:18 +0800] "GET /xingrg/login.html HTTP/1.1" 200 7641
116.232.195.127 - - [14/Jun/2023:09:07:18 +0800] "GET /xingrg/check_reg.html?_=1686704851601 HTTP/1.1" 200 22
101.83.240.24 - - [14/Jun/2023:09:07:18 +0800] "GET /favicon.ico HTTP/1.1" 404 -
120.253.135.82 - - [14/Jun/2023:09:07:19 +0800] "GET /xingrg/all/function/internal_message.html?_=1686704674098&CODE_STATE=getMsg HTTP/1.1" 200 27
116.232.195.127 - - [14/Jun/2023:09:07:20 +0800] "GET /xingrg/all/function/internal_message.html?_=1686704853025&CODE_STATE=getMsg HTTP/1.1" 200 27
101.83.240.24 - - [14/Jun/2023:09:07:21 +0800] "POST /xingrg/login.do HTTP/1.1" 302 -
101.83.240.24 - - [14/Jun/2023:09:07:21 +0800] "GET /xingrg/index.html?sysBaseUrl=http%3A%2F%2F180.169.147.146%3A18081%2Fxingrg%2F&costTime=830×tamp=1686704841803 HTTP/1.1" 200 17179
101.83.240.24 - - [14/Jun/2023:09:07:22 +0800] "GET /favicon.ico HTTP/1.1" 404 -
101.83.240.24 - - [14/Jun/2023:09:07:22 +0800] "POST /xingrg/all/common/load_tree.html?tree=area_rest_tree_json&manage=1 HTTP/1.1" 200 351
101.83.241.120 - - [14/Jun/2023:09:07:22 +0800] "GET /xingrg/kc/buy/cgsh_order_operate.html?command=get_materiel&rest_code=00149&code=00101008036&supplier_code=00100008&order_time=2023-06-14 HTTP/1.1" 200 408
101.83.240.24 - - [14/Jun/2023:09:07:22 +0800] "GET /xingrg/all/function/internal_message.html?_=1686704948585&CODE_STATE=count HTTP/1.1" 200 11
101.83.240.24 - - [14/Jun/2023:09:07:22 +0800] "GET /xingrg/check_reg.html?_=1686704948587 HTTP/1.1" 200 22
101.83.240.24 - - [14/Jun/2023:09:07:22 +0800] "POST /xingrg/load_menu.html HTTP/1.1" 200 5138
180.164.3.199 - - [14/Jun/2023:09:07:22 +0800] "GET /xingrg/all/function/internal_message.html?_=1686704842106&CODE_STATE=getMsg HTTP/1.1" 200 27
61.170.233.201 - - [14/Jun/2023:09:07:23 +0800] "GET /xingrg/all/function/internal_message.html?_=1686704841783&CODE_STATE=getMsg HTTP/1.1" 200 27
116.238.139.35 - - [14/Jun/2023:09:07:23 +0800] "GET /xingrg/check_reg.html?_=1686704842125 HTTP/1.1" 200 22
116.238.139.35 - - [14/Jun/2023:09:07:23 +0800] "GET /xingrg/all/function/internal_message.html?_=1686704842127&CODE_STATE=getMsg HTTP/1.1" 200 27
222.70.180.90 - - [14/Jun/2023:09:07:26 +0800] "GET /xingrg/all/function/internal_message.html?_=1686704844066&CODE_STATE=getMsg HTTP/1.1" 200 27
116.230.113.47 - - [14/Jun/2023:09:07:29 +0800] "GET /xingrg/check_reg.html?_=1686704854543 HTTP/1.1" 200 22
114.85.115.184 - - [14/Jun/2023:09:07:32 +0800] "GET /xingrg/check_reg.html?_=1686704852825 HTTP/1.1" 200 22
222.70.180.90 - - [14/Jun/2023:09:07:32 +0800] "GET /xingrg/all/function/internal_message.html?_=1686705000361&CODE_STATE=getMsg HTTP/1.1" 302 -
116.238.139.35 - - [14/Jun/2023:09:07:36 +0800] "GET /xingrg/all/function/internal_message.html?_=1686704746904&CODE_STATE=getMsg HTTP/1.1" 200 27
124.79.244.240 - - [14/Jun/2023:09:07:39 +0800] "GET /xingrg/all/function/internal_message.html?_=1686704860579&CODE_STATE=getMsg HTTP/1.1" 302 -
124.79.244.240 - - [14/Jun/2023:09:07:39 +0800] "GET /xingrg/check_reg.html?_=1686704860581 HTTP/1.1" 302 -
124.79.244.240 - - [14/Jun/2023:09:07:39 +0800] "GET /xingrg/login.html HTTP/1.1" 200 7641
124.79.244.240 - - [14/Jun/2023:09:07:39 +0800] "GET /xingrg/login.html HTTP/1.1" 200 7641
116.230.113.47 - - [14/Jun/2023:09:07:40 +0800] "GET /xingrg/all/function/internal_message.html?_=1686704865401&CODE_STATE=getMsg HTTP/1.1" 200 27
101.83.240.24 - - [14/Jun/2023:09:07:42 +0800] "GET /xingrg/kc/base/wldb_order_list.html HTTP/1.1" 200 19104
101.83.240.24 - - [14/Jun/2023:09:07:43 +0800] "POST /xingrg/kc/base/wldb_list_operate.html HTTP/1.1" 200 928
101.83.240.24 - - [14/Jun/2023:09:07:44 +0800] "GET /xingrg/kc/base/wldb_order_add.html HTTP/1.1" 200 30387
101.83.240.24 - - [14/Jun/2023:09:07:44 +0800] "GET /xingrg/words/20230612075447_words.js HTTP/1.1" 304 -
101.83.240.24 - - [14/Jun/2023:09:07:44 +0800] "POST /xingrg/kc/base/wldb_order_operate.html HTTP/1.1" 200 6806
101.83.240.24 - - [14/Jun/2023:09:07:44 +0800] "GET /xingrg/all/common/auto_word.html?type=base&rest_code=00154 HTTP/1.1" 200 831
101.83.240.24 - - [14/Jun/2023:09:07:45 +0800] "GET /xingrg/all/common/auto_word.html?type=base&rest_code=00154 HTTP/1.1" 200 831
101.83.240.24 - - [14/Jun/2023:09:07:45 +0800] "GET /xingrg/javascript/easyui/themes/default/validatebox.css HTTP/1.1" 404 1104
101.83.240.24 - - [14/Jun/2023:09:07:46 +0800] "POST /xingrg/all/common/load_combo.html?type=base HTTP/1.1" 200 1491
116.232.195.127 - - [14/Jun/2023:09:07:46 +0800] "GET /xingrg/kc/guide/show_order.html?code=212022010803414&type=21 HTTP/1.1" 302 -
116.232.195.127 - - [14/Jun/2023:09:07:47 +0800] "GET /xingrg/kc/buy/cgsh_order_info.html?code=212022010803414&sysBaseUrl=http%3A%2F%2F180.169.147.146%3A18081%2Fxingrg%2F&costTime=0×tamp=1686704866304 HTTP/1.1" 200 66594
116.232.195.127 - - [14/Jun/2023:09:07:47 +0800] "GET /favicon.ico HTTP/1.1" 404 -
116.232.195.127 - - [14/Jun/2023:09:07:47 +0800] "GET /xingrg/javascript/easyui/themes/default/validatebox.css HTTP/1.1" 404 1104
116.232.195.127 - - [14/Jun/2023:09:07:48 +0800] "POST /xingrg/kc/buy/cgsh_order_operate.html HTTP/1.1" 200 16658
101.83.240.24 - - [14/Jun/2023:09:07:49 +0800] "POST /xingrg/all/common/load_combo.html?type=base HTTP/1.1" 200 1491
101.83.241.120 - - [14/Jun/2023:09:07:50 +0800] "GET /xingrg/kc/buy/cgsh_order_operate.html?command=get_materiel&rest_code=00149&code=00101008131&supplier_code=00100008&order_time=2023-06-14 HTTP/1.1" 200 409
101.83.241.120 - - [14/Jun/2023:09:07:53 +0800] "POST /xingrg/kc/buy/cgsh_order_operate.html HTTP/1.1" 200 2065
114.85.113.108 - - [14/Jun/2023:09:07:56 +0800] "GET /xingrg/all/function/internal_message.html?_=1686704875869&CODE_STATE=getMsg HTTP/1.1" 200 27
101.83.240.24 - - [14/Jun/2023:09:08:00 +0800] "GET /xingrg/javascript/auto/indicator.gif HTTP/1.1" 404 1066
101.83.240.24 - - [14/Jun/2023:09:08:02 +0800] "GET /xingrg/kc/base/wldb_order_operate.html?command=get_materiel&rest_code=00154&base_code=0010726&code=00101029003 HTTP/1.1" 200 475
101.83.241.120 - - [14/Jun/2023:09:08:03 +0800] "GET /xingrg/kc/buy/cgsh_order_operate.html?command=get_materiel&rest_code=00149&code=00101008296&supplier_code=00100008&order_time=2023-06-14 HTTP/1.1" 200 416
101.83.240.24 - - [14/Jun/2023:09:08:07 +0800] "POST /xingrg/all/common/load_select.html HTTP/1.1" 200 25
101.83.240.24 - - [14/Jun/2023:09:08:09 +0800] "GET /xingrg/kc/base/wldb_order_operate.html?command=get_materiel_price&rest_code=00154&base_code=0010726&code=00101029003&unit_code=00100179 HTTP/1.1" 200 35
101.83.241.120 - - [14/Jun/2023:09:08:12 +0800] "GET /xingrg/check_reg.html?_=1686704889368 HTTP/1.1" 200 22
101.83.241.120 - - [14/Jun/2023:09:08:12 +0800] "GET /xingrg/all/function/internal_message.html?_=1686704889401&CODE_STATE=getMsg HTTP/1.1" 200 27
101.83.241.120 - - [14/Jun/2023:09:08:15 +0800] "GET /xingrg/kc/buy/cgsh_order_operate.html?command=get_materiel&rest_code=00149&code=00101008318&supplier_code=00100008&order_time=2023-06-14 HTTP/1.1" 200 408
101.83.240.24 - - [14/Jun/2023:09:08:16 +0800] "GET /xingrg/kc/base/wldb_order_operate.html?command=get_materiel&rest_code=00154&base_code=0010726&code=00101029002 HTTP/1.1" 200 470
101.83.145.52 - - [14/Jun/2023:09:08:18 +0800] "GET /xingrg/check_reg.html?_=1686704898038 HTTP/1.1" 200 22
101.83.145.52 - - [14/Jun/2023:09:08:18 +0800] "GET /xingrg/all/function/internal_message.html?_=1686704898043&CODE_STATE=getMsg HTTP/1.1" 200 27
120.253.135.82 - - [14/Jun/2023:09:08:19 +0800] "GET /xingrg/all/function/internal_message.html?_=1686704734113&CODE_STATE=getMsg HTTP/1.1" 200 27
116.232.195.127 - - [14/Jun/2023:09:08:20 +0800] "GET /xingrg/all/function/internal_message.html?_=1686704913006&CODE_STATE=getMsg HTTP/1.1" 200 27
101.83.240.24 - - [14/Jun/2023:09:08:20 +0800] "POST /xingrg/all/common/load_select.html HTTP/1.1" 200 25
101.83.240.24 - - [14/Jun/2023:09:08:22 +0800] "GET /xingrg/all/function/internal_message.html?_=1686705008606&CODE_STATE=getMsg HTTP/1.1" 200 27
180.164.3.199 - - [14/Jun/2023:09:08:22 +0800] "GET /xingrg/all/function/internal_message.html?_=1686704902083&CODE_STATE=getMsg HTTP/1.1" 200 27
101.83.240.24 - - [14/Jun/2023:09:08:22 +0800] "GET /xingrg/kc/base/wldb_order_operate.html?command=get_materiel_price&rest_code=00154&base_code=0010726&code=00101029002&unit_code=00100157 HTTP/1.1" 200 35
180.163.30.76 - - [14/Jun/2023:09:08:23 +0800] "GET /xingrg/all/function/internal_message.html?_=1686704841783&CODE_STATE=getMsg HTTP/1.1" 302 -
180.163.30.76 - - [14/Jun/2023:09:08:23 +0800] "GET /xingrg/login.html HTTP/1.1" 200 7641
61.170.233.201 - - [14/Jun/2023:09:08:23 +0800] "GET /xingrg/check_reg.html?_=1686704901431 HTTP/1.1" 200 22
61.170.233.201 - - [14/Jun/2023:09:08:23 +0800] "GET /xingrg/all/function/internal_message.html?_=1686704901764&CODE_STATE=getMsg HTTP/1.1" 200 27
116.238.139.35 - - [14/Jun/2023:09:08:23 +0800] "POST /xingrg/kc/buy/cgsh_order_operate.html HTTP/1.1" 200 37
116.238.139.35 - - [14/Jun/2023:09:08:23 +0800] "GET /xingrg/all/function/internal_message.html?_=1686704902119&CODE_STATE=getMsg HTTP/1.1" 200 27
222.70.180.90 - - [14/Jun/2023:09:08:26 +0800] "GET /xingrg/check_reg.html?_=1686704904020 HTTP/1.1" 200 22
222.70.180.90 - - [14/Jun/2023:09:08:26 +0800] "GET /xingrg/all/function/internal_message.html?_=1686704904037&CODE_STATE=getMsg HTTP/1.1" 200 27
101.83.241.120 - - [14/Jun/2023:09:08:28 +0800] "GET /xingrg/kc/buy/cgsh_order_operate.html?command=get_materiel&rest_code=00149&code=00101008352&supplier_code=00100008&order_time=2023-06-14 HTTP/1.1" 200 412
101.83.240.24 - - [14/Jun/2023:09:08:28 +0800] "GET /xingrg/kc/base/wldb_order_operate.html?command=get_materiel&rest_code=00154&base_code=0010726&code=00101029024 HTTP/1.1" 200 459
222.70.180.90 - - [14/Jun/2023:09:08:32 +0800] "GET /xingrg/all/function/internal_message.html?_=1686705060371&CODE_STATE=getMsg HTTP/1.1" 302 -
222.70.180.90 - - [14/Jun/2023:09:08:32 +0800] "GET /xingrg/check_reg.html?_=1686705060368 HTTP/1.1" 302 -
101.83.240.24 - - [14/Jun/2023:09:08:32 +0800] "POST /xingrg/all/common/load_select.html HTTP/1.1" 200 25
101.83.240.24 - - [14/Jun/2023:09:08:36 +0800] "GET /xingrg/kc/base/wldb_order_operate.html?command=get_materiel_price&rest_code=00154&base_code=0010726&code=00101029024&unit_code=00100179 HTTP/1.1" 200 35
124.79.244.240 - - [14/Jun/2023:09:08:39 +0800] "GET /xingrg/all/function/internal_message.html?_=1686704920582&CODE_STATE=getMsg HTTP/1.1" 302 -
124.79.244.240 - - [14/Jun/2023:09:08:39 +0800] "GET /xingrg/login.html HTTP/1.1" 200 7641
116.230.113.47 - - [14/Jun/2023:09:08:40 +0800] "GET /xingrg/all/function/internal_message.html?_=1686704925415&CODE_STATE=getMsg HTTP/1.1" 200 27
101.83.240.24 - - [14/Jun/2023:09:08:42 +0800] "GET /xingrg/kc/base/wldb_order_operate.html?command=get_materiel&rest_code=00154&base_code=0010726&code=00101028016 HTTP/1.1" 200 469
101.83.240.24 - - [14/Jun/2023:09:08:48 +0800] "POST /xingrg/all/common/load_select.html HTTP/1.1" 200 25
172.20.0.100 - - [14/Jun/2023:09:08:49 +0800] "GET /xingrg/index.html?sysBaseUrl=http%3A%2F%2F172.17.0.8%3A18081%2Fxingrg%2F&costTime=213×tamp=1585200360465 HTTP/1.1" 302 -
172.20.0.100 - - [14/Jun/2023:09:08:49 +0800] "GET /xingrg/login.html HTTP/1.1" 200 7636
172.20.0.100 - - [14/Jun/2023:09:08:50 +0800] "GET /favicon.ico HTTP/1.1" 404 -
116.238.139.35 - - [14/Jun/2023:09:08:52 +0800] "POST /xingrg/kc/buy/cgsh_order_operate.html HTTP/1.1" 200 11657
101.83.240.24 - - [14/Jun/2023:09:08:52 +0800] "GET /xingrg/kc/base/wldb_order_operate.html?command=get_materiel_price&rest_code=00154&base_code=0010726&code=00101028016&unit_code=00100157 HTTP/1.1" 200 36
172.20.0.100 - - [14/Jun/2023:09:08:52 +0800] "POST /xingrg/login.do HTTP/1.1" 302 -
172.20.0.100 - - [14/Jun/2023:09:08:52 +0800] "GET /xingrg/index.html?sysBaseUrl=http%3A%2F%2F172.20.0.8%3A18081%2Fxingrg%2F&costTime=1059×tamp=1686704932632 HTTP/1.1" 200 17448
172.20.0.100 - - [14/Jun/2023:09:08:52 +0800] "GET /favicon.ico HTTP/1.1" 404 -
172.20.0.100 - - [14/Jun/2023:09:08:53 +0800] "POST /xingrg/all/common/load_tree.html?tree=area_rest_tree_json&manage=1 HTTP/1.1" 200 3499
172.20.0.100 - - [14/Jun/2023:09:08:53 +0800] "GET /xingrg/check_reg.html?_=1686704932873 HTTP/1.1" 200 22
172.20.0.100 - - [14/Jun/2023:09:08:53 +0800] "GET /xingrg/all/function/internal_message.html?_=1686704932871&CODE_STATE=count HTTP/1.1" 200 11
172.20.0.100 - - [14/Jun/2023:09:08:53 +0800] "POST /xingrg/load_menu.html HTTP/1.1" 200 11529
114.85.113.108 - - [14/Jun/2023:09:08:56 +0800] "GET /xingrg/all/function/internal_message.html?_=1686704935840&CODE_STATE=getMsg HTTP/1.1" 200 27
101.83.145.52 - - [14/Jun/2023:09:08:57 +0800] "GET /xingrg/index.html?sysBaseUrl=http%3A%2F%2F180.169.147.146%3A18081%2Fxingrg%2F&costTime=32×tamp=1585224308505 HTTP/1.1" 302 -
101.83.145.52 - - [14/Jun/2023:09:08:57 +0800] "GET /xingrg/login.html HTTP/1.1" 200 7641
101.83.145.52 - - [14/Jun/2023:09:08:57 +0800] "GET /xingrg/images/blue/jxLogo.png HTTP/1.1" 304 -
101.83.145.52 - - [14/Jun/2023:09:08:58 +0800] "GET /xingrg/images/blue/login_bg.png HTTP/1.1" 304 -
101.83.145.52 - - [14/Jun/2023:09:08:58 +0800] "GET /xingrg/images/blue/hj.png HTTP/1.1" 304 -
101.83.145.52 - - [14/Jun/2023:09:08:59 +0800] "GET /xingrg/images/blue/srbg.png HTTP/1.1" 304 -
101.83.145.52 - - [14/Jun/2023:09:08:59 +0800] "GET /favicon.ico HTTP/1.1" 404 -
101.83.241.120 - - [14/Jun/2023:09:09:01 +0800] "GET /xingrg/kc/buy/cgsh_order_operate.html?command=get_materiel&rest_code=00149&code=00101008005&supplier_code=00100008&order_time=2023-06-14 HTTP/1.1" 200 412
101.83.240.24 - - [14/Jun/2023:09:09:02 +0800] "GET /xingrg/kc/base/wldb_order_operate.html?command=get_materiel&rest_code=00154&base_code=0010726&code=00101020383 HTTP/1.1" 200 470
101.83.241.120 - - [14/Jun/2023:09:09:05 +0800] "POST /xingrg/kc/buy/cgsh_order_operate.html HTTP/1.1" 200 2065
101.83.145.52 - - [14/Jun/2023:09:09:06 +0800] "POST /xingrg/kc/buy/cgsh_order_operate.html HTTP/1.1" 200 37
101.83.145.52 - - [14/Jun/2023:09:09:08 +0800] "POST /xingrg/kc/buy/cgsh_order_operate.html HTTP/1.1" 200 42297
101.83.145.52 - - [14/Jun/2023:09:09:10 +0800] "POST /xingrg/login.do HTTP/1.1" 302 -
101.83.145.52 - - [14/Jun/2023:09:09:10 +0800] "GET /xingrg/index.html?sysBaseUrl=http%3A%2F%2F180.169.147.146%3A18081%2Fxingrg%2F&costTime=1137×tamp=1686704950275 HTTP/1.1" 200 17173
101.83.145.52 - - [14/Jun/2023:09:09:10 +0800] "GET /xingrg/javascript/jquery_easy_ui/themes/default/easyui.css HTTP/1.1" 304 -
101.83.145.52 - - [14/Jun/2023:09:09:10 +0800] "GET /xingrg/javascript/jquery_easy_ui/themes/icon.css HTTP/1.1" 304 -
101.83.145.52 - - [14/Jun/2023:09:09:10 +0800] "GET /xingrg/css/form.css HTTP/1.1" 304 -
101.83.145.52 - - [14/Jun/2023:09:09:10 +0800] "GET /xingrg/javascript/jquery-1.4.2.min.js HTTP/1.1" 304 -
101.83.145.52 - - [14/Jun/2023:09:09:10 +0800] "GET /xingrg/javascript/jquery_easy_ui/jquery.easyui.min.js HTTP/1.1" 304 -
101.83.145.52 - - [14/Jun/2023:09:09:10 +0800] "GET /xingrg/javascript/jquery_easy_ui/easyui-lang-zh_CN.js HTTP/1.1" 304 -
101.83.145.52 - - [14/Jun/2023:09:09:10 +0800] "GET /xingrg/javascript/jquery.form.js HTTP/1.1" 304 -
101.83.145.52 - - [14/Jun/2023:09:09:10 +0800] "GET /xingrg/javascript/jquery.utils.js HTTP/1.1" 304 -
101.83.145.52 - - [14/Jun/2023:09:09:10 +0800] "GET /xingrg/javascript/jquery.timers.js HTTP/1.1" 304 -
101.83.145.52 - - [14/Jun/2023:09:09:10 +0800] "GET /xingrg/kc/print/load_data.html?order_code=212023061404807&kc_code=cgsh&condition= HTTP/1.1" 200 15624
101.83.145.52 - - [14/Jun/2023:09:09:10 +0800] "GET /favicon.ico HTTP/1.1" 404 -
101.83.145.52 - - [14/Jun/2023:09:09:10 +0800] "GET /xingrg/javascript/jquery_easy_ui/themes/icons/settle_new.png HTTP/1.1" 304 -
101.83.145.52 - - [14/Jun/2023:09:09:10 +0800] "GET /xingrg/images/blue/navBackgound.jpg HTTP/1.1" 304 -
101.83.241.120 - - [14/Jun/2023:09:09:10 +0800] "GET /xingrg/kc/buy/cgsh_order_operate.html?command=get_materiel&rest_code=00149&code=00101008353&supplier_code=00100008&order_time=2023-06-14 HTTP/1.1" 200 408
101.83.145.52 - - [14/Jun/2023:09:09:11 +0800] "POST /xingrg/all/common/load_tree.html?tree=area_rest_tree_json&manage=1 HTTP/1.1" 200 342
101.83.145.52 - - [14/Jun/2023:09:09:11 +0800] "GET /xingrg/check_reg.html?_=1686704776945 HTTP/1.1" 200 22
101.83.145.52 - - [14/Jun/2023:09:09:11 +0800] "GET /xingrg/javascript/jquery_easy_ui/themes/default/images/panel_tool_collapse.gif HTTP/1.1" 304 -
101.83.145.52 - - [14/Jun/2023:09:09:11 +0800] "GET /xingrg/images/blue/pingpu.png HTTP/1.1" 304 -
101.83.145.52 - - [14/Jun/2023:09:09:11 +0800] "GET /xingrg/javascript/jquery_easy_ui/themes/default/images/tabs_leftarrow.png HTTP/1.1" 304 -
101.83.145.52 - - [14/Jun/2023:09:09:11 +0800] "GET /xingrg/javascript/jquery_easy_ui/themes/default/images/tabs_rightarrow.png HTTP/1.1" 304 -
101.83.145.52 - - [14/Jun/2023:09:09:11 +0800] "GET /xingrg/all/function/internal_message.html?_=1686704776944&CODE_STATE=count HTTP/1.1" 200 11
101.83.145.52 - - [14/Jun/2023:09:09:11 +0800] "POST /xingrg/load_menu.html HTTP/1.1" 200 5138
101.83.145.52 - - [14/Jun/2023:09:09:11 +0800] "GET /xingrg/javascript/jquery_easy_ui/themes/default/images/tree_arrows.gif HTTP/1.1" 304 -
101.83.145.52 - - [14/Jun/2023:09:09:11 +0800] "GET /xingrg/javascript/jquery_easy_ui/themes/default/images/tree_folder_open.gif HTTP/1.1" 304 -
101.83.145.52 - - [14/Jun/2023:09:09:11 +0800] "GET /xingrg/javascript/jquery_easy_ui/themes/icons/search_new.png HTTP/1.1" 304 -
101.83.145.52 - - [14/Jun/2023:09:09:11 +0800] "GET /xingrg/javascript/jquery_easy_ui/themes/default/images/tree_folder.gif HTTP/1.1" 304 -
101.83.145.52 - - [14/Jun/2023:09:09:11 +0800] "GET /xingrg/javascript/jquery_easy_ui/themes/icons/storage_new.png HTTP/1.1" 304 -
101.83.145.52 - - [14/Jun/2023:09:09:11 +0800] "GET /xingrg/javascript/jquery_easy_ui/themes/icons/forms_new.png HTTP/1.1" 304 -
101.83.145.52 - - [14/Jun/2023:09:09:11 +0800] "GET /xingrg/javascript/jquery_easy_ui/themes/default/images/tree_file.gif HTTP/1.1" 304 -
101.83.241.120 - - [14/Jun/2023:09:09:12 +0800] "GET /xingrg/all/function/internal_message.html?_=1686704949415&CODE_STATE=getMsg HTTP/1.1" 200 27
101.83.240.24 - - [14/Jun/2023:09:09:12 +0800] "GET /xingrg/kc/base/wldb_order_operate.html?command=get_materiel&rest_code=00154&base_code=0010726&code=00101028012 HTTP/1.1" 200 477
101.83.145.52 - - [14/Jun/2023:09:09:14 +0800] "GET /xingrg/javascript/jquery_easy_ui/themes/default/images/tabs_active.png HTTP/1.1" 304 -
114.85.113.108 - - [14/Jun/2023:09:09:16 +0800] "GET /xingrg/check_reg.html?_=1686704955943 HTTP/1.1" 200 22
101.83.240.24 - - [14/Jun/2023:09:09:16 +0800] "POST /xingrg/all/common/load_select.html HTTP/1.1" 200 25
101.83.145.52 - - [14/Jun/2023:09:09:17 +0800] "GET /xingrg/kc/buy/cgsh_order_add.html HTTP/1.1" 200 71718
101.83.145.52 - - [14/Jun/2023:09:09:18 +0800] "GET /xingrg/javascript/easyui/themes/default/validatebox.css HTTP/1.1" 404 1104
101.83.145.52 - - [14/Jun/2023:09:09:18 +0800] "POST /xingrg/kc/buy/cgsh_order_operate.html HTTP/1.1" 200 8245
101.83.145.52 - - [14/Jun/2023:09:09:18 +0800] "GET /xingrg/all/function/internal_message.html?_=1686704958061&CODE_STATE=getMsg HTTP/1.1" 200 27
101.83.240.24 - - [14/Jun/2023:09:09:18 +0800] "GET /xingrg/kc/base/wldb_order_operate.html?command=get_materiel_price&rest_code=00154&base_code=0010726&code=00101028012&unit_code=00100157 HTTP/1.1" 200 36
120.253.135.82 - - [14/Jun/2023:09:09:19 +0800] "GET /xingrg/all/function/internal_message.html?_=1686704794258&CODE_STATE=getMsg HTTP/1.1" 200 27
116.232.195.127 - - [14/Jun/2023:09:09:20 +0800] "GET /xingrg/all/function/internal_message.html?_=1686704972984&CODE_STATE=getMsg HTTP/1.1" 200 27
101.83.240.24 - - [14/Jun/2023:09:09:22 +0800] "GET /xingrg/all/function/internal_message.html?_=1686705068606&CODE_STATE=getMsg HTTP/1.1" 200 27
180.164.3.199 - - [14/Jun/2023:09:09:22 +0800] "GET /xingrg/all/function/internal_message.html?_=1686704962069&CODE_STATE=getMsg HTTP/1.1" 200 27
61.170.233.201 - - [14/Jun/2023:09:09:23 +0800] "GET /xingrg/all/function/internal_message.html?_=1686704961735&CODE_STATE=getMsg HTTP/1.1" 200 27
116.238.139.35 - - [14/Jun/2023:09:09:23 +0800] "GET /xingrg/all/function/internal_message.html?_=1686704962119&CODE_STATE=getMsg HTTP/1.1" 200 27
101.83.240.24 - - [14/Jun/2023:09:09:24 +0800] "GET /xingrg/kc/base/wldb_order_operate.html?command=get_materiel&rest_code=00154&base_code=0010726&code=00101028002 HTTP/1.1" 200 477
222.70.180.90 - - [14/Jun/2023:09:09:25 +0800] "POST /xingrg/kc/buy/cgsh_order_operate.html HTTP/1.1" 200 37
101.83.241.120 - - [14/Jun/2023:09:09:27 +0800] "GET /xingrg/kc/buy/cgsh_order_operate.html?command=get_materiel&rest_code=00149&code=00101008359&supplier_code=00100008&order_time=2023-06-14 HTTP/1.1" 200 408
101.83.240.24 - - [14/Jun/2023:09:09:29 +0800] "POST /xingrg/all/common/load_select.html HTTP/1.1" 200 25
101.83.145.52 - - [14/Jun/2023:09:09:29 +0800] "GET /xingrg/kc/buy/cgsh_order_operate.html?command=get_materiel&rest_code=00105&code=00101012029&supplier_code=00100034&order_time=2023-06-14 HTTP/1.1" 200 414
222.70.180.90 - - [14/Jun/2023:09:09:30 +0800] "GET /xingrg/all/function/internal_message.html?_=1686704968168&CODE_STATE=getMsg HTTP/1.1" 200 27
101.83.240.24 - - [14/Jun/2023:09:09:31 +0800] "GET /xingrg/kc/base/wldb_order_operate.html?command=get_materiel_price&rest_code=00154&base_code=0010726&code=00101028002&unit_code=00100157 HTTP/1.1" 200 36
222.70.180.90 - - [14/Jun/2023:09:09:31 +0800] "POST /xingrg/kc/buy/cgsh_order_operate.html HTTP/1.1" 200 35244
222.70.180.90 - - [14/Jun/2023:09:09:32 +0800] "GET /xingrg/all/function/internal_message.html?_=1686705120352&CODE_STATE=getMsg HTTP/1.1" 302 -
222.70.180.90 - - [14/Jun/2023:09:09:33 +0800] "GET /xingrg/kc/print/load_config.html?kc_code=cgsh HTTP/1.1" 200 1924
222.70.180.90 - - [14/Jun/2023:09:09:34 +0800] "GET /xingrg/kc/print/load_data.html?order_code=212023061404810&kc_code=cgsh&condition= HTTP/1.1" 200 13069
116.238.139.35 - - [14/Jun/2023:09:09:36 +0800] "GET /xingrg/all/function/internal_message.html?_=1686704866930&CODE_STATE=getMsg HTTP/1.1" 200 27
101.83.240.24 - - [14/Jun/2023:09:09:37 +0800] "GET /xingrg/kc/base/wldb_order_operate.html?command=get_materiel&rest_code=00154&base_code=0010726&code=00101029094 HTTP/1.1" 200 461
124.79.244.240 - - [14/Jun/2023:09:09:39 +0800] "GET /xingrg/all/function/internal_message.html?_=1686704980585&CODE_STATE=getMsg HTTP/1.1" 302 -
124.79.244.240 - - [14/Jun/2023:09:09:39 +0800] "GET /xingrg/login.html HTTP/1.1" 200 7641
116.230.113.47 - - [14/Jun/2023:09:09:40 +0800] "GET /xingrg/all/function/internal_message.html?_=1686704985564&CODE_STATE=getMsg HTTP/1.1" 200 27
222.70.180.90 - - [14/Jun/2023:09:09:40 +0800] "GET /xingrg/kc/buy/cgsh_order_add.html HTTP/1.1" 200 71592
222.70.180.90 - - [14/Jun/2023:09:09:41 +0800] "POST /xingrg/kc/buy/cgsh_order_operate.html HTTP/1.1" 200 8245
222.70.180.90 - - [14/Jun/2023:09:09:41 +0800] "GET /xingrg/javascript/easyui/themes/default/validatebox.css HTTP/1.1" 404 1104
101.83.240.24 - - [14/Jun/2023:09:09:42 +0800] "POST /xingrg/all/common/load_select.html HTTP/1.1" 200 25
101.83.240.24 - - [14/Jun/2023:09:09:44 +0800] "GET /xingrg/kc/base/wldb_order_operate.html?command=get_materiel_price&rest_code=00154&base_code=0010726&code=00101029094&unit_code=00100179 HTTP/1.1" 200 35
222.67.234.146 - - [14/Jun/2023:09:09:50 +0800] "GET /xingrg/check_reg.html?_=1686704488459 HTTP/1.1" 200 22
101.83.240.24 - - [14/Jun/2023:09:09:51 +0800] "GET /xingrg/kc/base/wldb_order_operate.html?command=get_materiel&rest_code=00154&base_code=0010726&code=00101028013 HTTP/1.1" 200 467
172.20.0.100 - - [14/Jun/2023:09:09:53 +0800] "GET /xingrg/all/function/internal_message.html?_=1686704992881&CODE_STATE=getMsg HTTP/1.1" 200 27
222.70.180.90 - - [14/Jun/2023:09:09:53 +0800] "GET /xingrg/kc/buy/cgsh_order_operate.html?command=get_materiel&rest_code=00111&code=00101007090&supplier_code=00100004&order_time=2023-06-14 HTTP/1.1" 200 413
101.83.145.52 - - [14/Jun/2023:09:09:53 +0800] "GET /xingrg/kc/buy/cgsh_order_operate.html?command=get_materiel&rest_code=00105&code=00101012059&supplier_code=00100034&order_time=2023-06-14 HTTP/1.1" 200 413
101.83.240.24 - - [14/Jun/2023:09:09:55 +0800] "POST /xingrg/all/common/load_select.html HTTP/1.1" 200 25
114.85.113.108 - - [14/Jun/2023:09:09:56 +0800] "GET /xingrg/all/function/internal_message.html?_=1686704995823&CODE_STATE=getMsg HTTP/1.1" 200 27
101.83.240.24 - - [14/Jun/2023:09:09:58 +0800] "GET /xingrg/kc/base/wldb_order_operate.html?command=get_materiel_price&rest_code=00154&base_code=0010726&code=00101028013&unit_code=00100157 HTTP/1.1" 200 34
116.238.139.35 - - [14/Jun/2023:09:10:01 +0800] "GET /xingrg/kc/buy/cgsh_order_add.html HTTP/1.1" 200 71246
116.238.139.35 - - [14/Jun/2023:09:10:01 +0800] "POST /xingrg/kc/buy/cgsh_order_operate.html HTTP/1.1" 200 8245
116.238.139.35 - - [14/Jun/2023:09:10:01 +0800] "GET /xingrg/javascript/easyui/themes/default/validatebox.css HTTP/1.1" 404 1104
101.83.240.24 - - [14/Jun/2023:09:10:03 +0800] "GET /xingrg/kc/base/wldb_order_operate.html?command=get_materiel&rest_code=00154&base_code=0010726&code=00101029011 HTTP/1.1" 200 478
101.83.145.52 - - [14/Jun/2023:09:10:03 +0800] "GET /xingrg/kc/buy/cgsh_order_operate.html?command=get_materiel&rest_code=00105&code=00101020153&supplier_code=00100034&order_time=2023-06-14 HTTP/1.1" 200 408
222.70.180.90 - - [14/Jun/2023:09:10:06 +0800] "GET /xingrg/kc/buy/cgsh_order_operate.html?command=get_materiel&rest_code=00111&code=00101007038&supplier_code=00100004&order_time=2023-06-14 HTTP/1.1" 200 420
101.83.240.24 - - [14/Jun/2023:09:10:07 +0800] "POST /xingrg/all/common/load_select.html HTTP/1.1" 200 25
116.238.139.35 - - [14/Jun/2023:09:10:10 +0800] "GET /xingrg/kc/buy/cgsh_order_operate.html?command=get_materiel&rest_code=00151&code=00101011005&supplier_code=00100047&order_time=2023-06-14 HTTP/1.1" 200 428
101.83.240.24 - - [14/Jun/2023:09:10:10 +0800] "GET /xingrg/kc/base/wldb_order_operate.html?command=get_materiel_price&rest_code=00154&base_code=0010726&code=00101029011&unit_code=00100157 HTTP/1.1" 200 33
101.83.241.120 - - [14/Jun/2023:09:10:10 +0800] "GET /xingrg/kc/buy/cgsh_order_operate.html?command=get_materiel&rest_code=00149&code=00101008213&supplier_code=00100008&order_time=2023-06-14 HTTP/1.1" 200 412
101.83.145.52 - - [14/Jun/2023:09:10:11 +0800] "GET /xingrg/all/function/internal_message.html?_=1686704836959&CODE_STATE=getMsg HTTP/1.1" 200 27
101.83.241.120 - - [14/Jun/2023:09:10:12 +0800] "GET /xingrg/all/function/internal_message.html?_=1686705009430&CODE_STATE=getMsg HTTP/1.1" 200 27
101.83.240.24 - - [14/Jun/2023:09:10:15 +0800] "GET /xingrg/kc/base/wldb_order_operate.html?command=get_materiel&rest_code=00154&base_code=0010726&code=00101029022 HTTP/1.1" 200 473
222.70.180.90 - - [14/Jun/2023:09:10:15 +0800] "GET /xingrg/kc/buy/cgsh_order_operate.html?command=get_materiel&rest_code=00111&code=00101007128&supplier_code=00100004&order_time=2023-06-14 HTTP/1.1" 200 405
101.83.145.52 - - [14/Jun/2023:09:10:18 +0800] "GET /xingrg/all/function/internal_message.html?_=1686705018075&CODE_STATE=getMsg HTTP/1.1" 200 27
101.83.240.24 - - [14/Jun/2023:09:10:19 +0800] "POST /xingrg/all/common/load_select.html HTTP/1.1" 200 25
120.253.135.82 - - [14/Jun/2023:09:10:19 +0800] "GET /xingrg/all/function/internal_message.html?_=1686704854264&CODE_STATE=getMsg HTTP/1.1" 200 27
116.232.195.127 - - [14/Jun/2023:09:10:20 +0800] "GET /xingrg/all/function/internal_message.html?_=1686705032960&CODE_STATE=getMsg HTTP/1.1" 200 27
101.83.240.24 - - [14/Jun/2023:09:10:20 +0800] "GET /xingrg/kc/base/wldb_order_operate.html?command=get_materiel_price&rest_code=00154&base_code=0010726&code=00101029022&unit_code=00100157 HTTP/1.1" 200 35
116.238.139.35 - - [14/Jun/2023:09:10:21 +0800] "POST /xingrg/kc/buy/cgsh_order_operate.html HTTP/1.1" 200 37
101.83.240.24 - - [14/Jun/2023:09:10:22 +0800] "GET /xingrg/all/function/internal_message.html?_=1686705128596&CODE_STATE=getMsg HTTP/1.1" 200 27
180.164.3.199 - - [14/Jun/2023:09:10:22 +0800] "GET /xingrg/all/function/internal_message.html?_=1686705022053&CODE_STATE=getMsg HTTP/1.1" 200 27
61.170.233.201 - - [14/Jun/2023:09:10:23 +0800] "GET /xingrg/all/function/internal_message.html?_=1686705021707&CODE_STATE=getMsg HTTP/1.1" 200 27
116.238.139.35 - - [14/Jun/2023:09:10:23 +0800] "GET /xingrg/all/function/internal_message.html?_=1686705022145&CODE_STATE=getMsg HTTP/1.1" 200 27
101.83.145.52 - - [14/Jun/2023:09:10:26 +0800] "POST /xingrg/kc/buy/cgsh_order_operate.html HTTP/1.1" 200 37
101.83.241.120 - - [14/Jun/2023:09:10:26 +0800] "GET /xingrg/kc/buy/cgsh_order_operate.html?command=get_materiel&rest_code=00149&code=00101008095&supplier_code=00100008&order_time=2023-06-14 HTTP/1.1" 200 412
101.83.145.52 - - [14/Jun/2023:09:10:28 +0800] "POST /xingrg/kc/buy/cgsh_order_operate.html HTTP/1.1" 200 3841
222.70.180.90 - - [14/Jun/2023:09:10:28 +0800] "GET /xingrg/kc/buy/cgsh_order_operate.html?command=get_materiel&rest_code=00111&code=00101007081&supplier_code=00100004&order_time=2023-06-14 HTTP/1.1" 200 413
116.238.139.35 - - [14/Jun/2023:09:10:29 +0800] "GET /xingrg/check_reg.html?_=1686704919757 HTTP/1.1" 200 22
101.83.145.52 - - [14/Jun/2023:09:10:30 +0800] "GET /xingrg/kc/print/load_data.html?order_code=212023061404812&kc_code=cgsh&condition= HTTP/1.1" 200 1163
222.70.180.90 - - [14/Jun/2023:09:10:30 +0800] "GET /xingrg/all/function/internal_message.html?_=1686705028174&CODE_STATE=getMsg HTTP/1.1" 200 27
116.238.139.35 - - [14/Jun/2023:09:10:32 +0800] "POST /xingrg/kc/buy/cgsh_order_operate.html HTTP/1.1" 200 12
222.70.180.90 - - [14/Jun/2023:09:10:32 +0800] "GET /xingrg/all/function/internal_message.html?_=1686705180361&CODE_STATE=getMsg HTTP/1.1" 302 -
116.238.139.35 - - [14/Jun/2023:09:10:34 +0800] "GET /xingrg/kc/buy/cgsh_order_info.html?code=212023061404811 HTTP/1.1" 200 66159
116.238.139.35 - - [14/Jun/2023:09:10:35 +0800] "GET /xingrg/javascript/easyui/themes/default/validatebox.css HTTP/1.1" 404 1104
101.83.241.120 - - [14/Jun/2023:09:10:35 +0800] "POST /xingrg/kc/buy/cgsh_order_operate.html HTTP/1.1" 200 2065
116.238.139.35 - - [14/Jun/2023:09:10:36 +0800] "POST /xingrg/kc/buy/cgsh_order_operate.html HTTP/1.1" 200 612
116.238.139.35 - - [14/Jun/2023:09:10:36 +0800] "GET /xingrg/all/function/internal_message.html?_=1686704926943&CODE_STATE=getMsg HTTP/1.1" 200 27
116.238.139.35 - - [14/Jun/2023:09:10:37 +0800] "GET /xingrg/kc/print/load_data.html?order_code=212023061404811&kc_code=cgsh&condition= HTTP/1.1" 200 786
101.83.240.24 - - [14/Jun/2023:09:10:38 +0800] "GET /xingrg/kc/base/wldb_order_operate.html?command=get_materiel&rest_code=00154&base_code=0010726&code=00101029023 HTTP/1.1" 200 477
124.79.244.240 - - [14/Jun/2023:09:10:39 +0800] "GET /xingrg/all/function/internal_message.html?_=1686705040587&CODE_STATE=getMsg HTTP/1.1" 302 -
124.79.244.240 - - [14/Jun/2023:09:10:39 +0800] "GET /xingrg/login.html HTTP/1.1" 200 7641
116.230.113.47 - - [14/Jun/2023:09:10:40 +0800] "GET /xingrg/all/function/internal_message.html?_=1686705045566&CODE_STATE=getMsg HTTP/1.1" 200 27
101.83.241.120 - - [14/Jun/2023:09:10:41 +0800] "GET /xingrg/kc/buy/cgsh_order_operate.html?command=get_materiel&rest_code=00149&code=00101008275&supplier_code=00100008&order_time=2023-06-14 HTTP/1.1" 200 416
101.83.240.24 - - [14/Jun/2023:09:10:41 +0800] "POST /xingrg/all/common/load_select.html HTTP/1.1" 200 25
101.83.240.24 - - [14/Jun/2023:09:10:43 +0800] "GET /xingrg/kc/base/wldb_order_operate.html?command=get_materiel_price&rest_code=00154&base_code=0010726&code=00101029023&unit_code=00100179 HTTP/1.1" 200 34
222.70.180.90 - - [14/Jun/2023:09:10:43 +0800] "GET /xingrg/kc/buy/cgsh_order_operate.html?command=get_materiel&rest_code=00111&code=00101007043&supplier_code=00100004&order_time=2023-06-14 HTTP/1.1" 200 409
101.83.241.120 - - [14/Jun/2023:09:10:53 +0800] "GET /xingrg/kc/buy/cgsh_order_operate.html?command=get_materiel&rest_code=00149&code=00101008229&supplier_code=00100008&order_time=2023-06-14 HTTP/1.1" 200 420
172.20.0.100 - - [14/Jun/2023:09:10:53 +0800] "GET /xingrg/all/function/internal_message.html?_=1686705052886&CODE_STATE=getMsg HTTP/1.1" 200 27
222.70.180.90 - - [14/Jun/2023:09:10:56 +0800] "POST /xingrg/kc/buy/cgsh_order_operate.html HTTP/1.1" 200 37
114.85.113.108 - - [14/Jun/2023:09:10:56 +0800] "GET /xingrg/all/function/internal_message.html?_=1686705055791&CODE_STATE=getMsg HTTP/1.1" 200 27
222.70.180.90 - - [14/Jun/2023:09:10:58 +0800] "POST /xingrg/kc/buy/cgsh_order_operate.html HTTP/1.1" 200 4438
222.70.180.90 - - [14/Jun/2023:09:11:00 +0800] "GET /xingrg/kc/print/load_data.html?order_code=212023061404813&kc_code=cgsh&condition= HTTP/1.1" 200 1406
116.238.139.35 - - [14/Jun/2023:09:11:02 +0800] "POST /xingrg/kc/buy/cgsh_list_operate.html HTTP/1.1" 200 2324
101.83.241.120 - - [14/Jun/2023:09:11:03 +0800] "GET /xingrg/kc/buy/cgsh_order_operate.html?command=get_materiel&rest_code=00149&code=00101019534&supplier_code=00100008&order_time=2023-06-14 HTTP/1.1" 200 470
222.70.180.90 - - [14/Jun/2023:09:11:04 +0800] "GET /xingrg/kc/buy/cgsh_order_add.html HTTP/1.1" 200 71592
222.70.180.90 - - [14/Jun/2023:09:11:05 +0800] "POST /xingrg/kc/buy/cgsh_order_operate.html HTTP/1.1" 200 8245
222.70.180.90 - - [14/Jun/2023:09:11:05 +0800] "GET /xingrg/javascript/easyui/themes/default/validatebox.css HTTP/1.1" 404 1104
116.238.139.35 - - [14/Jun/2023:09:11:06 +0800] "POST /xingrg/kc/buy/cgsh_list_operate.html HTTP/1.1" 200 565
116.238.139.35 - - [14/Jun/2023:09:11:08 +0800] "GET /xingrg/kc/buy/cgsh_order_info.html?code=212023061404809 HTTP/1.1" 200 71255
116.238.139.35 - - [14/Jun/2023:09:11:09 +0800] "GET /xingrg/javascript/easyui/themes/default/validatebox.css HTTP/1.1" 404 1104
116.238.139.35 - - [14/Jun/2023:09:11:10 +0800] "POST /xingrg/kc/buy/cgsh_order_operate.html HTTP/1.1" 200 11657
101.83.145.52 - - [14/Jun/2023:09:11:11 +0800] "GET /xingrg/all/function/internal_message.html?_=1686704896967&CODE_STATE=getMsg HTTP/1.1" 200 27
101.83.241.120 - - [14/Jun/2023:09:11:12 +0800] "GET /xingrg/all/function/internal_message.html?_=1686705069404&CODE_STATE=getMsg HTTP/1.1" 200 27
101.83.241.120 - - [14/Jun/2023:09:11:13 +0800] "GET /xingrg/kc/buy/cgsh_order_operate.html?command=get_materiel&rest_code=00149&code=00101009011&supplier_code=00100008&order_time=2023-06-14 HTTP/1.1" 200 416
101.83.145.52 - - [14/Jun/2023:09:11:18 +0800] "GET /xingrg/all/function/internal_message.html?_=1686705078060&CODE_STATE=getMsg HTTP/1.1" 200 27
120.253.135.82 - - [14/Jun/2023:09:11:19 +0800] "GET /xingrg/all/function/internal_message.html?_=1686704914418&CODE_STATE=getMsg HTTP/1.1" 200 27
116.232.195.127 - - [14/Jun/2023:09:11:20 +0800] "GET /xingrg/all/function/internal_message.html?_=1686705092947&CODE_STATE=getMsg HTTP/1.1" 200 27
101.83.240.24 - - [14/Jun/2023:09:11:22 +0800] "GET /xingrg/all/function/internal_message.html?_=1686705188600&CODE_STATE=getMsg HTTP/1.1" 200 27
180.164.3.199 - - [14/Jun/2023:09:11:22 +0800] "GET /xingrg/all/function/internal_message.html?_=1686705082035&CODE_STATE=getMsg HTTP/1.1" 200 27
180.163.29.212 - - [14/Jun/2023:09:11:23 +0800] "GET /xingrg/all/function/internal_message.html?_=1686705021707&CODE_STATE=getMsg HTTP/1.1" 302 -
180.163.29.212 - - [14/Jun/2023:09:11:23 +0800] "GET /xingrg/login.html HTTP/1.1" 200 7641
61.170.233.201 - - [14/Jun/2023:09:11:23 +0800] "GET /xingrg/all/function/internal_message.html?_=1686705081691&CODE_STATE=getMsg HTTP/1.1" 200 27
101.83.241.120 - - [14/Jun/2023:09:11:23 +0800] "GET /xingrg/kc/buy/cgsh_order_operate.html?command=get_materiel&rest_code=00149&code=00101009015&supplier_code=00100008&order_time=2023-06-14 HTTP/1.1" 200 416
116.238.139.35 - - [14/Jun/2023:09:11:23 +0800] "GET /xingrg/all/function/internal_message.html?_=1686705082127&CODE_STATE=getMsg HTTP/1.1" 200 27
101.83.241.120 - - [14/Jun/2023:09:11:27 +0800] "POST /xingrg/kc/buy/cgsh_order_operate.html HTTP/1.1" 200 2065
222.70.180.90 - - [14/Jun/2023:09:11:29 +0800] "GET /xingrg/kc/buy/cgsh_order_operate.html?command=get_materiel&rest_code=00111&code=00101009053&supplier_code=00100037&order_time=2023-06-14 HTTP/1.1" 200 408
222.70.180.90 - - [14/Jun/2023:09:11:30 +0800] "GET /xingrg/all/function/internal_message.html?_=1686705088145&CODE_STATE=getMsg HTTP/1.1" 200 27
222.70.180.90 - - [14/Jun/2023:09:11:32 +0800] "GET /xingrg/all/function/internal_message.html?_=1686705240367&CODE_STATE=getMsg HTTP/1.1" 302 -
116.238.139.35 - - [14/Jun/2023:09:11:36 +0800] "GET /xingrg/all/function/internal_message.html?_=1686704987053&CODE_STATE=getMsg HTTP/1.1" 200 27
116.238.139.35 - - [14/Jun/2023:09:11:36 +0800] "POST /xingrg/kc/buy/cgsh_order_operate.html HTTP/1.1" 200 37
101.83.241.120 - - [14/Jun/2023:09:11:36 +0800] "GET /xingrg/kc/buy/cgsh_order_operate.html?command=get_materiel&rest_code=00149&code=00101009004&supplier_code=00100008&order_time=2023-06-14 HTTP/1.1" 200 409
120.253.135.82 - - [14/Jun/2023:09:11:38 +0800] "GET /xingrg/check_reg.html?_=1686704933017 HTTP/1.1" 200 22
124.79.244.240 - - [14/Jun/2023:09:11:39 +0800] "GET /xingrg/all/function/internal_message.html?_=1686705100591&CODE_STATE=getMsg HTTP/1.1" 302 -
124.79.244.240 - - [14/Jun/2023:09:11:39 +0800] "GET /xingrg/login.html HTTP/1.1" 200 7641
116.230.113.47 - - [14/Jun/2023:09:11:40 +0800] "GET /xingrg/all/function/internal_message.html?_=1686705105717&CODE_STATE=getMsg HTTP/1.1" 200 27
172.20.0.100 - - [14/Jun/2023:09:11:44 +0800] "POST /xingrg/all/user/operate.html HTTP/1.1" 200 36
