116.238.139.35 - - [13/Jun/2023:11:01:47 +0800] "POST /xingrg/kc/base/wldb_order_operate.html HTTP/1.1" 200 490
116.238.139.35 - - [13/Jun/2023:11:01:49 +0800] "GET /xingrg/kc/base/wldb_order_add.html HTTP/1.1" 200 30387
222.67.234.146 - - [13/Jun/2023:11:01:49 +0800] "POST /xingrg/login.do HTTP/1.1" 302 -
116.238.139.35 - - [13/Jun/2023:11:01:49 +0800] "GET /xingrg/javascript/easyui/themes/default/validatebox.css HTTP/1.1" 404 1104
222.67.234.146 - - [13/Jun/2023:11:01:49 +0800] "GET /xingrg/index.html?sysBaseUrl=http%3A%2F%2F180.169.147.146%3A18081%2Fxingrg%2F&costTime=1220×tamp=1686625309530 HTTP/1.1" 200 17179
101.83.145.52 - - [13/Jun/2023:11:01:49 +0800] "POST /xingrg/kc/buy/cgsh_order_operate.html HTTP/1.1" 200 2659
116.238.139.35 - - [13/Jun/2023:11:01:49 +0800] "POST /xingrg/kc/base/wldb_order_operate.html HTTP/1.1" 200 6806
101.229.22.40 - - [13/Jun/2023:11:01:49 +0800] "GET /xingrg/all/function/internal_message.html?_=1686625309884&CODE_STATE=getMsg HTTP/1.1" 200 27
222.67.234.146 - - [13/Jun/2023:11:01:50 +0800] "GET /favicon.ico HTTP/1.1" 404 -
222.67.234.146 - - [13/Jun/2023:11:01:50 +0800] "GET /xingrg/check_reg.html?_=1686624808650 HTTP/1.1" 200 22
222.67.234.146 - - [13/Jun/2023:11:01:50 +0800] "GET /xingrg/all/function/internal_message.html?_=1686624808649&CODE_STATE=count HTTP/1.1" 200 11
222.67.234.146 - - [13/Jun/2023:11:01:50 +0800] "POST /xingrg/all/common/load_tree.html?tree=area_rest_tree_json&manage=1 HTTP/1.1" 200 351
222.67.234.146 - - [13/Jun/2023:11:01:50 +0800] "POST /xingrg/load_menu.html HTTP/1.1" 200 5138
101.83.145.52 - - [13/Jun/2023:11:01:51 +0800] "GET /xingrg/kc/print/load_data.html?order_code=212023061304543&kc_code=cgsh&condition= HTTP/1.1" 200 720
222.70.180.90 - - [13/Jun/2023:11:01:54 +0800] "POST /xingrg/kc/buy/cgsh_list_operate.html HTTP/1.1" 200 5635
222.70.245.26 - - [13/Jun/2023:11:01:56 +0800] "GET /xingrg/all/function/internal_message.html?_=1686625318208&CODE_STATE=getMsg HTTP/1.1" 200 27
222.70.180.90 - - [13/Jun/2023:11:01:59 +0800] "POST /xingrg/kc/buy/cgsh_list_operate.html HTTP/1.1" 200 581
116.238.139.35 - - [13/Jun/2023:11:02:03 +0800] "GET /xingrg/kc/base/wldb_order_operate.html?command=get_materiel&rest_code=00150&base_code=0010445&code=00101016097 HTTP/1.1" 200 470
116.238.139.35 - - [13/Jun/2023:11:02:05 +0800] "POST /xingrg/all/common/load_select.html HTTP/1.1" 200 25
116.238.139.35 - - [13/Jun/2023:11:02:06 +0800] "GET /xingrg/kc/base/wldb_order_operate.html?command=get_materiel_price&rest_code=00150&base_code=0010445&code=00101016097&unit_code=00100163 HTTP/1.1" 200 36
114.89.202.110 - - [13/Jun/2023:11:02:06 +0800] "GET /xingrg/all/function/internal_message.html?_=1686625334431&CODE_STATE=getMsg HTTP/1.1" 200 27
222.70.180.90 - - [13/Jun/2023:11:02:10 +0800] "POST /xingrg/kc/buy/cgsh_list_operate.html HTTP/1.1" 200 4
124.79.244.240 - - [13/Jun/2023:11:02:11 +0800] "GET /xingrg/all/function/internal_message.html?_=1686625330810&CODE_STATE=getMsg HTTP/1.1" 302 -
116.238.139.35 - - [13/Jun/2023:11:02:11 +0800] "POST /xingrg/kc/base/wldb_order_operate.html HTTP/1.1" 200 37
101.83.241.253 - - [13/Jun/2023:11:02:12 +0800] "GET /xingrg/check_reg.html?_=1686625438795 HTTP/1.1" 200 22
222.70.180.90 - - [13/Jun/2023:11:02:14 +0800] "POST /xingrg/kc/buy/cgsh_list_operate.html HTTP/1.1" 200 5228
222.70.180.90 - - [13/Jun/2023:11:02:18 +0800] "POST /xingrg/kc/buy/cgsh_list_operate.html HTTP/1.1" 200 204
222.70.180.90 - - [13/Jun/2023:11:02:18 +0800] "GET /xingrg/all/function/internal_message.html?_=1686625336839&CODE_STATE=getMsg HTTP/1.1" 200 27
114.85.113.108 - - [13/Jun/2023:11:02:19 +0800] "GET /xingrg/all/function/internal_message.html?_=1686625338884&CODE_STATE=getMsg HTTP/1.1" 200 27
101.83.145.52 - - [13/Jun/2023:11:02:19 +0800] "GET /xingrg/all/function/internal_message.html?_=1686625339452&CODE_STATE=getMsg HTTP/1.1" 200 27
222.70.180.90 - - [13/Jun/2023:11:02:20 +0800] "GET /xingrg/kc/buy/cgsh_order_info.html?code=212023061204226 HTTP/1.1" 200 71601
222.70.180.90 - - [13/Jun/2023:11:02:20 +0800] "GET /xingrg/javascript/easyui/themes/default/validatebox.css HTTP/1.1" 404 1104
222.70.180.90 - - [13/Jun/2023:11:02:21 +0800] "POST /xingrg/kc/buy/cgsh_order_operate.html HTTP/1.1" 200 2667
180.169.147.146 - - [13/Jun/2023:11:02:21 +0800] "GET /xingrg/all/function/internal_message.html?_=1686625341737&CODE_STATE=getMsg HTTP/1.1" 200 27
120.253.135.82 - - [13/Jun/2023:11:02:22 +0800] "GET /xingrg/check_reg.html?_=1686625176534 HTTP/1.1" 200 22
116.238.139.35 - - [13/Jun/2023:11:02:22 +0800] "POST /xingrg/kc/base/wldb_order_operate.html HTTP/1.1" 200 12
116.238.139.35 - - [13/Jun/2023:11:02:22 +0800] "POST /xingrg/kc/base/wldb_order_operate.html HTTP/1.1" 200 2211
61.170.233.201 - - [13/Jun/2023:11:02:23 +0800] "GET /xingrg/all/function/internal_message.html?_=1686625344737&CODE_STATE=getMsg HTTP/1.1" 200 27
116.238.139.35 - - [13/Jun/2023:11:02:24 +0800] "GET /xingrg/kc/base/wldb_order_info.html?code=422023061301009 HTTP/1.1" 200 26268
116.238.139.35 - - [13/Jun/2023:11:02:24 +0800] "GET /xingrg/javascript/easyui/themes/default/validatebox.css HTTP/1.1" 404 1104
116.238.139.35 - - [13/Jun/2023:11:02:24 +0800] "GET /xingrg/javascript/easyui/plugins/jquery.validatebox.js HTTP/1.1" 304 -
116.238.139.35 - - [13/Jun/2023:11:02:24 +0800] "GET /xingrg/javascript/easyui/plugins/jquery.numberbox.js HTTP/1.1" 304 -
116.238.139.35 - - [13/Jun/2023:11:02:24 +0800] "POST /xingrg/kc/base/wldb_order_operate.html HTTP/1.1" 200 506
116.238.139.35 - - [13/Jun/2023:11:02:25 +0800] "GET /xingrg/all/function/internal_message.html?_=1686625343566&CODE_STATE=getMsg HTTP/1.1" 200 27
222.70.114.12 - - [13/Jun/2023:11:02:25 +0800] "GET /xingrg/all/function/internal_message.html?_=1686625347910&CODE_STATE=getMsg HTTP/1.1" 200 27
101.83.241.120 - - [13/Jun/2023:11:02:25 +0800] "GET /xingrg/all/function/internal_message.html?_=1686625344044&CODE_STATE=getMsg HTTP/1.1" 200 27
116.238.139.35 - - [13/Jun/2023:11:02:26 +0800] "GET /xingrg/kc/base/wldb_order_add.html HTTP/1.1" 200 30387
101.83.241.253 - - [13/Jun/2023:11:02:26 +0800] "GET /xingrg/all/function/internal_message.html?_=1686625452418&CODE_STATE=getMsg HTTP/1.1" 200 27
116.238.139.35 - - [13/Jun/2023:11:02:26 +0800] "POST /xingrg/kc/base/wldb_order_operate.html HTTP/1.1" 200 6806
116.238.139.35 - - [13/Jun/2023:11:02:26 +0800] "GET /xingrg/javascript/easyui/themes/default/validatebox.css HTTP/1.1" 404 1104
61.170.233.201 - - [13/Jun/2023:11:02:29 +0800] "GET /xingrg/all/function/internal_message.html?_=1686625348293&CODE_STATE=getMsg HTTP/1.1" 200 27
116.232.195.127 - - [13/Jun/2023:11:02:33 +0800] "GET /xingrg/all/function/internal_message.html?_=1686625367631&CODE_STATE=getMsg HTTP/1.1" 200 27
180.169.147.146 - - [13/Jun/2023:11:02:33 +0800] "GET /xingrg/all/function/internal_message.html?_=1686625351924&CODE_STATE=getMsg HTTP/1.1" 200 27
116.238.139.35 - - [13/Jun/2023:11:02:34 +0800] "GET /xingrg/kc/base/wldb_order_operate.html?command=get_materiel&rest_code=00150&base_code=0010446&code=00102002189 HTTP/1.1" 200 435
172.20.0.100 - - [13/Jun/2023:11:02:36 +0800] "GET /xingrg/all/function/internal_message.html?_=1686625355849&CODE_STATE=getMsg HTTP/1.1" 200 27
222.70.180.90 - - [13/Jun/2023:11:02:36 +0800] "GET /xingrg/all/function/internal_message.html?_=1686625445822&CODE_STATE=getMsg HTTP/1.1" 200 27
61.170.233.201 - - [13/Jun/2023:11:02:38 +0800] "GET /xingrg/all/function/internal_message.html?_=1686625358981&CODE_STATE=getMsg HTTP/1.1" 200 27
222.70.245.26 - - [13/Jun/2023:11:02:39 +0800] "GET /xingrg/check_reg.html?_=1686625360848 HTTP/1.1" 200 22
116.238.139.35 - - [13/Jun/2023:11:02:40 +0800] "POST /xingrg/kc/base/wldb_order_operate.html HTTP/1.1" 200 37
116.238.139.35 - - [13/Jun/2023:11:02:40 +0800] "POST /xingrg/kc/base/wldb_order_operate.html HTTP/1.1" 200 2180
114.89.202.110 - - [13/Jun/2023:11:02:42 +0800] "GET /xingrg/all/function/internal_message.html?_=1686625362869&CODE_STATE=getMsg HTTP/1.1" 200 27
114.89.202.110 - - [13/Jun/2023:11:02:42 +0800] "GET /xingrg/check_reg.html?_=1686625362873 HTTP/1.1" 200 22
222.70.180.90 - - [13/Jun/2023:11:02:43 +0800] "POST /xingrg/kc/buy/cgsh_order_operate.html HTTP/1.1" 200 37
124.79.244.240 - - [13/Jun/2023:11:02:44 +0800] "GET /xingrg/all/function/internal_message.html?_=1686625645127&CODE_STATE=getMsg HTTP/1.1" 200 27
180.169.147.146 - - [13/Jun/2023:11:02:44 +0800] "GET /xingrg/check_reg.html?_=1686625363145 HTTP/1.1" 200 22
180.169.147.146 - - [13/Jun/2023:11:02:44 +0800] "GET /xingrg/all/function/internal_message.html?_=1686625363160&CODE_STATE=getMsg HTTP/1.1" 200 27
180.164.3.199 - - [13/Jun/2023:11:02:45 +0800] "GET /xingrg/all/function/internal_message.html?_=1686625364646&CODE_STATE=getMsg HTTP/1.1" 200 27
222.70.180.90 - - [13/Jun/2023:11:02:46 +0800] "POST /xingrg/kc/buy/cgsh_order_operate.html HTTP/1.1" 200 2667
116.238.139.35 - - [13/Jun/2023:11:02:47 +0800] "POST /xingrg/kc/base/wldb_order_operate.html HTTP/1.1" 200 12
222.70.180.90 - - [13/Jun/2023:11:02:48 +0800] "GET /xingrg/kc/print/load_data.html?order_code=212023061204226&kc_code=cgsh&condition= HTTP/1.1" 200 756
101.229.22.40 - - [13/Jun/2023:11:02:49 +0800] "GET /xingrg/all/function/internal_message.html?_=1686625369883&CODE_STATE=getMsg HTTP/1.1" 200 27
222.67.234.146 - - [13/Jun/2023:11:02:50 +0800] "GET /xingrg/all/function/internal_message.html?_=1686624868667&CODE_STATE=getMsg HTTP/1.1" 200 27
116.238.139.35 - - [13/Jun/2023:11:02:50 +0800] "GET /xingrg/kc/base/wldb_order_info.html?code=422023061301010 HTTP/1.1" 200 26263
116.238.139.35 - - [13/Jun/2023:11:02:50 +0800] "GET /xingrg/javascript/easyui/themes/default/validatebox.css HTTP/1.1" 404 1104
116.238.139.35 - - [13/Jun/2023:11:02:51 +0800] "POST /xingrg/kc/base/wldb_order_operate.html HTTP/1.1" 200 475
116.238.139.35 - - [13/Jun/2023:11:02:54 +0800] "GET /xingrg/kc/base/wldb_order_add.html HTTP/1.1" 200 30387
116.238.139.35 - - [13/Jun/2023:11:02:55 +0800] "POST /xingrg/kc/base/wldb_order_operate.html HTTP/1.1" 200 6806
116.238.139.35 - - [13/Jun/2023:11:02:55 +0800] "GET /xingrg/javascript/easyui/themes/default/validatebox.css HTTP/1.1" 404 1104
222.70.245.26 - - [13/Jun/2023:11:02:56 +0800] "GET /xingrg/all/function/internal_message.html?_=1686625378211&CODE_STATE=getMsg HTTP/1.1" 200 27
116.238.139.35 - - [13/Jun/2023:11:03:02 +0800] "GET /xingrg/kc/base/wldb_order_operate.html?command=get_materiel&rest_code=00150&base_code=0010446&code=00102002586 HTTP/1.1" 200 439
114.89.202.110 - - [13/Jun/2023:11:03:06 +0800] "GET /xingrg/all/function/internal_message.html?_=1686625394454&CODE_STATE=getMsg HTTP/1.1" 200 27
116.238.139.35 - - [13/Jun/2023:11:03:10 +0800] "GET /xingrg/kc/base/wldb_order_operate.html?command=get_materiel&rest_code=00150&base_code=0010446&code=00102002557 HTTP/1.1" 200 444
124.79.244.240 - - [13/Jun/2023:11:03:11 +0800] "GET /xingrg/all/function/internal_message.html?_=1686625390796&CODE_STATE=getMsg HTTP/1.1" 302 -
222.70.180.90 - - [13/Jun/2023:11:03:18 +0800] "GET /xingrg/all/function/internal_message.html?_=1686625396813&CODE_STATE=getMsg HTTP/1.1" 200 27
114.85.113.108 - - [13/Jun/2023:11:03:19 +0800] "GET /xingrg/all/function/internal_message.html?_=1686625398907&CODE_STATE=getMsg HTTP/1.1" 200 27
116.238.139.35 - - [13/Jun/2023:11:03:19 +0800] "GET /xingrg/kc/base/wldb_order_operate.html?command=get_materiel&rest_code=00150&base_code=0010446&code=00102002041 HTTP/1.1" 200 435
101.83.145.52 - - [13/Jun/2023:11:03:19 +0800] "GET /xingrg/all/function/internal_message.html?_=1686625399428&CODE_STATE=getMsg HTTP/1.1" 200 27
222.70.114.12 - - [13/Jun/2023:11:03:20 +0800] "GET /xingrg/kc/buy/cgsh_order_operate.html?command=get_materiel&rest_code=00156&code=00101007076&supplier_code=00100012&order_time=2023-06-13 HTTP/1.1" 200 408
114.85.113.108 - - [13/Jun/2023:11:03:21 +0800] "GET /xingrg/kc/buy/cgsh_order_add.html HTTP/1.1" 200 70831
180.169.147.146 - - [13/Jun/2023:11:03:21 +0800] "GET /xingrg/all/function/internal_message.html?_=1686625401713&CODE_STATE=getMsg HTTP/1.1" 200 27
114.85.113.108 - - [13/Jun/2023:11:03:21 +0800] "POST /xingrg/kc/buy/cgsh_order_operate.html HTTP/1.1" 200 8245
114.85.113.108 - - [13/Jun/2023:11:03:22 +0800] "GET /xingrg/javascript/easyui/themes/default/validatebox.css HTTP/1.1" 404 1104
61.170.233.201 - - [13/Jun/2023:11:03:23 +0800] "GET /xingrg/all/function/internal_message.html?_=1686625404738&CODE_STATE=getMsg HTTP/1.1" 200 27
61.170.233.201 - - [13/Jun/2023:11:03:23 +0800] "GET /xingrg/check_reg.html?_=1686625404740 HTTP/1.1" 200 22
116.238.139.35 - - [13/Jun/2023:11:03:25 +0800] "GET /xingrg/all/function/internal_message.html?_=1686625403544&CODE_STATE=getMsg HTTP/1.1" 200 27
116.238.139.35 - - [13/Jun/2023:11:03:25 +0800] "GET /xingrg/check_reg.html?_=1686625404020 HTTP/1.1" 200 22
222.70.114.12 - - [13/Jun/2023:11:03:25 +0800] "GET /xingrg/all/function/internal_message.html?_=1686625407913&CODE_STATE=getMsg HTTP/1.1" 200 27
101.83.241.120 - - [13/Jun/2023:11:03:25 +0800] "GET /xingrg/all/function/internal_message.html?_=1686625404014&CODE_STATE=getMsg HTTP/1.1" 200 27
101.83.241.253 - - [13/Jun/2023:11:03:26 +0800] "GET /xingrg/all/function/internal_message.html?_=1686625512394&CODE_STATE=getMsg HTTP/1.1" 200 27
116.238.139.35 - - [13/Jun/2023:11:03:29 +0800] "POST /xingrg/kc/base/wldb_order_operate.html HTTP/1.1" 200 37
61.170.233.201 - - [13/Jun/2023:11:03:29 +0800] "GET /xingrg/all/function/internal_message.html?_=1686625408275&CODE_STATE=getMsg HTTP/1.1" 200 27
222.70.180.90 - - [13/Jun/2023:11:03:31 +0800] "GET /xingrg/check_reg.html?_=1686625500184 HTTP/1.1" 200 22
116.232.195.127 - - [13/Jun/2023:11:03:33 +0800] "GET /xingrg/check_reg.html?_=1686625427626 HTTP/1.1" 200 22
116.232.195.127 - - [13/Jun/2023:11:03:33 +0800] "GET /xingrg/all/function/internal_message.html?_=1686625427634&CODE_STATE=getMsg HTTP/1.1" 200 27
180.169.147.146 - - [13/Jun/2023:11:03:33 +0800] "GET /xingrg/all/function/internal_message.html?_=1686625411908&CODE_STATE=getMsg HTTP/1.1" 200 27
116.238.139.35 - - [13/Jun/2023:11:03:35 +0800] "POST /xingrg/kc/base/wldb_order_operate.html HTTP/1.1" 200 12
116.238.139.35 - - [13/Jun/2023:11:03:35 +0800] "POST /xingrg/kc/base/wldb_order_operate.html HTTP/1.1" 200 3146
172.20.0.100 - - [13/Jun/2023:11:03:36 +0800] "GET /xingrg/all/function/internal_message.html?_=1686625415853&CODE_STATE=getMsg HTTP/1.1" 200 27
116.238.139.35 - - [13/Jun/2023:11:03:36 +0800] "GET /xingrg/kc/base/wldb_order_info.html?code=422023061301011 HTTP/1.1" 200 26266
222.70.180.90 - - [13/Jun/2023:11:03:36 +0800] "GET /xingrg/all/function/internal_message.html?_=1686625505810&CODE_STATE=getMsg HTTP/1.1" 200 27
116.238.139.35 - - [13/Jun/2023:11:03:36 +0800] "GET /xingrg/javascript/easyui/themes/default/validatebox.css HTTP/1.1" 404 1104
116.238.139.35 - - [13/Jun/2023:11:03:37 +0800] "POST /xingrg/kc/base/wldb_order_operate.html HTTP/1.1" 200 1418
61.170.233.201 - - [13/Jun/2023:11:03:38 +0800] "GET /xingrg/all/function/internal_message.html?_=1686625418975&CODE_STATE=getMsg HTTP/1.1" 200 27
61.170.233.201 - - [13/Jun/2023:11:03:38 +0800] "GET /xingrg/check_reg.html?_=1686625419383 HTTP/1.1" 200 22
116.238.139.35 - - [13/Jun/2023:11:03:42 +0800] "POST /xingrg/services/DataTransmitService HTTP/1.1" 200 524
222.70.114.12 - - [13/Jun/2023:11:03:42 +0800] "GET /xingrg/kc/buy/cgsh_order_operate.html?command=get_materiel&rest_code=00156&code=00101011005&supplier_code=00100012&order_time=2023-06-13 HTTP/1.1" 200 428
116.238.139.35 - - [13/Jun/2023:11:03:42 +0800] "POST /xingrg/services/DataTransmitService HTTP/1.1" 200 501
114.89.202.110 - - [13/Jun/2023:11:03:42 +0800] "GET /xingrg/all/function/internal_message.html?_=1686625422877&CODE_STATE=getMsg HTTP/1.1" 200 27
116.238.139.35 - - [13/Jun/2023:11:03:42 +0800] "POST /xingrg/services/DataTransmitService HTTP/1.1" 200 501
116.238.139.35 - - [13/Jun/2023:11:03:43 +0800] "POST /xingrg/services/DataTransmitService HTTP/1.1" 200 501
116.238.139.35 - - [13/Jun/2023:11:03:43 +0800] "POST /xingrg/services/DataTransmitService HTTP/1.1" 200 501
116.238.139.35 - - [13/Jun/2023:11:03:43 +0800] "POST /xingrg/services/DataTransmitService HTTP/1.1" 200 501
116.238.139.35 - - [13/Jun/2023:11:03:44 +0800] "POST /xingrg/services/DataTransmitService HTTP/1.1" 200 501
116.238.139.35 - - [13/Jun/2023:11:03:44 +0800] "POST /xingrg/services/DataTransmitService HTTP/1.1" 200 412
180.169.147.146 - - [13/Jun/2023:11:03:44 +0800] "GET /xingrg/all/function/internal_message.html?_=1686625423146&CODE_STATE=getMsg HTTP/1.1" 200 27
124.79.244.240 - - [13/Jun/2023:11:03:44 +0800] "GET /xingrg/all/function/internal_message.html?_=1686625705126&CODE_STATE=getMsg HTTP/1.1" 200 27
180.164.3.199 - - [13/Jun/2023:11:03:45 +0800] "GET /xingrg/all/function/internal_message.html?_=1686625424622&CODE_STATE=getMsg HTTP/1.1" 200 27
101.229.22.40 - - [13/Jun/2023:11:03:49 +0800] "GET /xingrg/all/function/internal_message.html?_=1686625429881&CODE_STATE=getMsg HTTP/1.1" 200 27
222.70.114.12 - - [13/Jun/2023:11:03:50 +0800] "GET /xingrg/kc/buy/cgsh_order_operate.html?command=get_materiel&rest_code=00156&code=00101011001&supplier_code=00100012&order_time=2023-06-13 HTTP/1.1" 200 423
222.67.234.146 - - [13/Jun/2023:11:03:50 +0800] "GET /xingrg/all/function/internal_message.html?_=1686624928660&CODE_STATE=getMsg HTTP/1.1" 200 27
222.70.245.26 - - [13/Jun/2023:11:03:56 +0800] "GET /xingrg/all/function/internal_message.html?_=1686625438225&CODE_STATE=getMsg HTTP/1.1" 200 27
222.70.114.12 - - [13/Jun/2023:11:04:01 +0800] "GET /xingrg/kc/buy/cgsh_order_operate.html?command=get_materiel&rest_code=00156&code=00101012059&supplier_code=00100012&order_time=2023-06-13 HTTP/1.1" 200 413
114.89.202.110 - - [13/Jun/2023:11:04:06 +0800] "GET /xingrg/all/function/internal_message.html?_=1686625454443&CODE_STATE=getMsg HTTP/1.1" 200 27
222.70.180.90 - - [13/Jun/2023:11:04:07 +0800] "POST /xingrg/kc/buy/cgsh_order_operate.html HTTP/1.1" 200 37
124.79.244.240 - - [13/Jun/2023:11:04:11 +0800] "GET /xingrg/all/function/internal_message.html?_=1686625450812&CODE_STATE=getMsg HTTP/1.1" 302 -
124.79.244.240 - - [13/Jun/2023:11:04:11 +0800] "GET /xingrg/check_reg.html?_=1686625450814 HTTP/1.1" 302 -
222.70.180.90 - - [13/Jun/2023:11:04:18 +0800] "POST /xingrg/kc/buy/cgsh_order_operate.html HTTP/1.1" 200 12
114.85.113.108 - - [13/Jun/2023:11:04:19 +0800] "GET /xingrg/check_reg.html?_=1686625458881 HTTP/1.1" 200 22
114.85.113.108 - - [13/Jun/2023:11:04:19 +0800] "GET /xingrg/all/function/internal_message.html?_=1686625458888&CODE_STATE=getMsg HTTP/1.1" 200 27
101.83.145.52 - - [13/Jun/2023:11:04:19 +0800] "GET /xingrg/all/function/internal_message.html?_=1686625459397&CODE_STATE=getMsg HTTP/1.1" 200 27
222.70.180.90 - - [13/Jun/2023:11:04:20 +0800] "GET /xingrg/kc/buy/cgsh_order_info.html?code=212023061204226 HTTP/1.1" 200 66503
222.70.180.90 - - [13/Jun/2023:11:04:21 +0800] "GET /xingrg/javascript/easyui/themes/default/validatebox.css HTTP/1.1" 404 1104
180.169.147.146 - - [13/Jun/2023:11:04:21 +0800] "GET /xingrg/all/function/internal_message.html?_=1686625461698&CODE_STATE=getMsg HTTP/1.1" 200 27
101.83.145.52 - - [13/Jun/2023:11:04:21 +0800] "GET /xingrg/check_reg.html?_=1686625461373 HTTP/1.1" 200 22
222.70.114.12 - - [13/Jun/2023:11:04:21 +0800] "GET /xingrg/kc/buy/cgsh_order_operate.html?command=get_materiel&rest_code=00156&code=00101012032&supplier_code=00100012&order_time=2023-06-13 HTTP/1.1" 200 416
222.70.180.90 - - [13/Jun/2023:11:04:22 +0800] "POST /xingrg/kc/buy/cgsh_order_operate.html HTTP/1.1" 200 617
61.170.233.201 - - [13/Jun/2023:11:04:23 +0800] "GET /xingrg/all/function/internal_message.html?_=1686625464740&CODE_STATE=getMsg HTTP/1.1" 200 27
116.238.139.35 - - [13/Jun/2023:11:04:25 +0800] "GET /xingrg/all/function/internal_message.html?_=1686625463527&CODE_STATE=getMsg HTTP/1.1" 200 27
222.70.114.12 - - [13/Jun/2023:11:04:25 +0800] "GET /xingrg/all/function/internal_message.html?_=1686625467915&CODE_STATE=getMsg HTTP/1.1" 200 27
101.83.241.120 - - [13/Jun/2023:11:04:25 +0800] "GET /xingrg/all/function/internal_message.html?_=1686625463987&CODE_STATE=getMsg HTTP/1.1" 200 27
101.83.241.253 - - [13/Jun/2023:11:04:26 +0800] "GET /xingrg/all/function/internal_message.html?_=1686625572391&CODE_STATE=getMsg HTTP/1.1" 200 27
61.170.233.201 - - [13/Jun/2023:11:04:29 +0800] "GET /xingrg/all/function/internal_message.html?_=1686625468259&CODE_STATE=getMsg HTTP/1.1" 200 27
222.70.114.12 - - [13/Jun/2023:11:04:32 +0800] "GET /xingrg/javascript/auto/indicator.gif HTTP/1.1" 404 1066
222.70.114.12 - - [13/Jun/2023:11:04:32 +0800] "GET /xingrg/kc/buy/cgsh_order_operate.html?command=get_materiel&rest_code=00156&code=00101012051&supplier_code=00100012&order_time=2023-06-13 HTTP/1.1" 200 408
116.232.195.127 - - [13/Jun/2023:11:04:33 +0800] "GET /xingrg/all/function/internal_message.html?_=1686625487627&CODE_STATE=getMsg HTTP/1.1" 200 27
180.169.147.146 - - [13/Jun/2023:11:04:33 +0800] "GET /xingrg/all/function/internal_message.html?_=1686625471892&CODE_STATE=getMsg HTTP/1.1" 200 27
172.20.0.100 - - [13/Jun/2023:11:04:36 +0800] "GET /xingrg/all/function/internal_message.html?_=1686625475858&CODE_STATE=getMsg HTTP/1.1" 200 27
222.70.180.90 - - [13/Jun/2023:11:04:36 +0800] "GET /xingrg/all/function/internal_message.html?_=1686625565785&CODE_STATE=getMsg HTTP/1.1" 200 27
61.170.233.201 - - [13/Jun/2023:11:04:38 +0800] "GET /xingrg/all/function/internal_message.html?_=1686625478947&CODE_STATE=getMsg HTTP/1.1" 200 27
114.89.202.110 - - [13/Jun/2023:11:04:42 +0800] "GET /xingrg/all/function/internal_message.html?_=1686625482870&CODE_STATE=getMsg HTTP/1.1" 200 27
180.169.147.146 - - [13/Jun/2023:11:04:44 +0800] "GET /xingrg/all/function/internal_message.html?_=1686625483131&CODE_STATE=getMsg HTTP/1.1" 200 27
180.164.3.199 - - [13/Jun/2023:11:04:45 +0800] "GET /xingrg/all/function/internal_message.html?_=1686625484610&CODE_STATE=getMsg HTTP/1.1" 200 27
124.79.244.240 - - [13/Jun/2023:11:04:45 +0800] "GET /xingrg/all/function/internal_message.html?_=1686625765124&CODE_STATE=getMsg HTTP/1.1" 200 27
101.229.22.40 - - [13/Jun/2023:11:04:50 +0800] "GET /xingrg/all/function/internal_message.html?_=1686625489888&CODE_STATE=getMsg HTTP/1.1" 200 27
101.229.22.40 - - [13/Jun/2023:11:04:50 +0800] "GET /xingrg/check_reg.html?_=1686625489891 HTTP/1.1" 200 22
222.67.234.146 - - [13/Jun/2023:11:04:50 +0800] "GET /xingrg/all/function/internal_message.html?_=1686624988659&CODE_STATE=getMsg HTTP/1.1" 200 27
222.70.114.12 - - [13/Jun/2023:11:04:51 +0800] "GET /xingrg/kc/buy/cgsh_order_operate.html?command=get_materiel&rest_code=00156&code=00101007109&supplier_code=00100012&order_time=2023-06-13 HTTP/1.1" 200 408
101.229.22.40 - - [13/Jun/2023:11:04:53 +0800] "GET /xingrg/javascript/jquery_easy_ui/themes/default/images/tabs_close.gif HTTP/1.1" 304 -
101.229.22.40 - - [13/Jun/2023:11:04:54 +0800] "GET /xingrg/kc/buy/cgsh_order_list.html HTTP/1.1" 200 55860
101.229.22.40 - - [13/Jun/2023:11:04:54 +0800] "GET /xingrg/css/base.css HTTP/1.1" 304 -
101.229.22.40 - - [13/Jun/2023:11:04:54 +0800] "GET /xingrg/css/site.css HTTP/1.1" 304 -
101.229.22.40 - - [13/Jun/2023:11:04:54 +0800] "GET /xingrg/javascript/jquery_tools/datebox.css HTTP/1.1" 304 -
101.229.22.40 - - [13/Jun/2023:11:04:54 +0800] "GET /xingrg/javascript/easyui/themes/default/easyui.css HTTP/1.1" 304 -
101.229.22.40 - - [13/Jun/2023:11:04:54 +0800] "GET /xingrg/javascript/easyui/themes/icon.css HTTP/1.1" 304 -
101.229.22.40 - - [13/Jun/2023:11:04:54 +0800] "GET /xingrg/javascript/auto/jquery.autocomplete.css HTTP/1.1" 304 -
101.229.22.40 - - [13/Jun/2023:11:04:54 +0800] "GET /xingrg/javascript/jquery_tools/fix.css HTTP/1.1" 304 -
101.229.22.40 - - [13/Jun/2023:11:04:54 +0800] "GET /xingrg/javascript/jquery_tools/table.css HTTP/1.1" 304 -
101.229.22.40 - - [13/Jun/2023:11:04:54 +0800] "GET /xingrg/javascript/jquery_tools/jquery.tools.min.js HTTP/1.1" 304 -
101.229.22.40 - - [13/Jun/2023:11:04:54 +0800] "GET /xingrg/javascript/jquery_tools/jquery.tools.extend.js HTTP/1.1" 304 -
101.229.22.40 - - [13/Jun/2023:11:04:54 +0800] "GET /xingrg/javascript/jquery_tools/jquery.tools.hotkey.js HTTP/1.1" 304 -
101.229.22.40 - - [13/Jun/2023:11:04:54 +0800] "GET /xingrg/javascript/jquery_tools/jquery.tools.table.js HTTP/1.1" 304 -
101.229.22.40 - - [13/Jun/2023:11:04:54 +0800] "GET /xingrg/javascript/jquery_tools/list_manager.js HTTP/1.1" 304 -
101.229.22.40 - - [13/Jun/2023:11:04:54 +0800] "GET /xingrg/javascript/auto/jquery.autocomplete.js HTTP/1.1" 304 -
101.229.22.40 - - [13/Jun/2023:11:04:54 +0800] "GET /xingrg/javascript/jquery.cookie.js HTTP/1.1" 304 -
101.229.22.40 - - [13/Jun/2023:11:04:54 +0800] "GET /xingrg/javascript/easyui/easyloader.js HTTP/1.1" 304 -
101.229.22.40 - - [13/Jun/2023:11:04:54 +0800] "GET /xingrg/javascript/print/LodopFuncs.js HTTP/1.1" 304 -
101.229.22.40 - - [13/Jun/2023:11:04:54 +0800] "GET /xingrg/javascript/easyui/themes/icons/cance_new.png HTTP/1.1" 304 -
101.229.22.40 - - [13/Jun/2023:11:04:54 +0800] "GET /xingrg/javascript/easyui/themes/icons/edit_add_new.png HTTP/1.1" 304 -
101.229.22.40 - - [13/Jun/2023:11:04:54 +0800] "GET /xingrg/javascript/easyui/themes/icons/check_new.png HTTP/1.1" 304 -
101.229.22.40 - - [13/Jun/2023:11:04:54 +0800] "GET /xingrg/javascript/easyui/themes/icons/import_new.png HTTP/1.1" 304 -
101.229.22.40 - - [13/Jun/2023:11:04:54 +0800] "GET /xingrg/javascript/easyui/themes/icons/field_new.png HTTP/1.1" 304 -
101.229.22.40 - - [13/Jun/2023:11:04:55 +0800] "GET /xingrg/javascript/easyui/plugins/jquery.parser.js HTTP/1.1" 304 -
101.229.22.40 - - [13/Jun/2023:11:04:55 +0800] "GET /xingrg/images/control/ajaxLoader.gif HTTP/1.1" 304 -
222.70.245.26 - - [13/Jun/2023:11:04:56 +0800] "GET /xingrg/all/function/internal_message.html?_=1686625498591&CODE_STATE=getMsg HTTP/1.1" 200 27
101.229.22.40 - - [13/Jun/2023:11:04:57 +0800] "POST /xingrg/kc/buy/cgsh_list_operate.html HTTP/1.1" 200 986
114.89.202.110 - - [13/Jun/2023:11:05:06 +0800] "GET /xingrg/all/function/internal_message.html?_=1686625514450&CODE_STATE=getMsg HTTP/1.1" 200 27
114.89.202.110 - - [13/Jun/2023:11:05:06 +0800] "GET /xingrg/check_reg.html?_=1686625514452 HTTP/1.1" 200 22
222.70.114.12 - - [13/Jun/2023:11:05:07 +0800] "POST /xingrg/kc/buy/cgsh_order_operate.html HTTP/1.1" 200 37
222.70.114.12 - - [13/Jun/2023:11:05:11 +0800] "POST /xingrg/kc/buy/cgsh_order_operate.html HTTP/1.1" 200 7408
124.79.244.240 - - [13/Jun/2023:11:05:11 +0800] "GET /xingrg/all/function/internal_message.html?_=1686625510807&CODE_STATE=getMsg HTTP/1.1" 302 -
222.70.114.12 - - [13/Jun/2023:11:05:15 +0800] "GET /xingrg/kc/print/load_config.html?kc_code=cgsh HTTP/1.1" 200 1924
222.70.114.12 - - [13/Jun/2023:11:05:16 +0800] "GET /xingrg/kc/print/load_data.html?order_code=212023061304544&kc_code=cgsh&condition= HTTP/1.1" 200 2574
222.70.180.90 - - [13/Jun/2023:11:05:18 +0800] "GET /xingrg/all/function/internal_message.html?_=1686625516821&CODE_STATE=getMsg HTTP/1.1" 200 27
114.85.113.108 - - [13/Jun/2023:11:05:19 +0800] "GET /xingrg/all/function/internal_message.html?_=1686625518884&CODE_STATE=getMsg HTTP/1.1" 200 27
222.70.180.90 - - [13/Jun/2023:11:05:19 +0800] "GET /xingrg/check_reg.html?_=1686625518056 HTTP/1.1" 200 22
101.83.145.52 - - [13/Jun/2023:11:05:19 +0800] "GET /xingrg/all/function/internal_message.html?_=1686625519367&CODE_STATE=getMsg HTTP/1.1" 200 27
180.169.147.146 - - [13/Jun/2023:11:05:21 +0800] "GET /xingrg/all/function/internal_message.html?_=1686625521675&CODE_STATE=getMsg HTTP/1.1" 200 27
61.170.233.201 - - [13/Jun/2023:11:05:23 +0800] "GET /xingrg/all/function/internal_message.html?_=1686625524741&CODE_STATE=getMsg HTTP/1.1" 200 27
116.238.139.35 - - [13/Jun/2023:11:05:25 +0800] "GET /xingrg/all/function/internal_message.html?_=1686625523501&CODE_STATE=getMsg HTTP/1.1" 200 27
222.70.114.12 - - [13/Jun/2023:11:05:25 +0800] "GET /xingrg/all/function/internal_message.html?_=1686625527916&CODE_STATE=getMsg HTTP/1.1" 200 27
101.83.241.120 - - [13/Jun/2023:11:05:25 +0800] "GET /xingrg/all/function/internal_message.html?_=1686625523962&CODE_STATE=getMsg HTTP/1.1" 200 27
101.83.241.120 - - [13/Jun/2023:11:05:26 +0800] "GET /xingrg/check_reg.html?_=1686625524207 HTTP/1.1" 200 22
101.83.241.253 - - [13/Jun/2023:11:05:26 +0800] "GET /xingrg/all/function/internal_message.html?_=1686625632375&CODE_STATE=getMsg HTTP/1.1" 200 27
180.163.30.85 - - [13/Jun/2023:11:05:29 +0800] "GET /xingrg/all/function/internal_message.html?_=1686625468259&CODE_STATE=getMsg HTTP/1.1" 302 -
180.163.30.85 - - [13/Jun/2023:11:05:29 +0800] "GET /xingrg/login.html HTTP/1.1" 200 7641
61.170.233.201 - - [13/Jun/2023:11:05:29 +0800] "GET /xingrg/all/function/internal_message.html?_=1686625528232&CODE_STATE=getMsg HTTP/1.1" 200 27
61.170.233.201 - - [13/Jun/2023:11:05:31 +0800] "GET /xingrg/check_reg.html?_=1686625530032 HTTP/1.1" 200 22
116.232.195.127 - - [13/Jun/2023:11:05:33 +0800] "GET /xingrg/all/function/internal_message.html?_=1686625547634&CODE_STATE=getMsg HTTP/1.1" 200 27
180.169.147.146 - - [13/Jun/2023:11:05:33 +0800] "GET /xingrg/all/function/internal_message.html?_=1686625531902&CODE_STATE=getMsg HTTP/1.1" 200 27
222.70.114.12 - - [13/Jun/2023:11:05:34 +0800] "GET /xingrg/kc/buy/cgsh_order_add.html HTTP/1.1" 200 71715
222.70.114.12 - - [13/Jun/2023:11:05:34 +0800] "POST /xingrg/kc/buy/cgsh_order_operate.html HTTP/1.1" 200 8245
222.70.114.12 - - [13/Jun/2023:11:05:34 +0800] "GET /xingrg/javascript/easyui/themes/default/validatebox.css HTTP/1.1" 404 1104
222.70.114.12 - - [13/Jun/2023:11:05:34 +0800] "GET /xingrg/all/common/auto_word.html?type=employee&rest_code=00156 HTTP/1.1" 200 97
222.70.114.12 - - [13/Jun/2023:11:05:34 +0800] "GET /xingrg/all/common/auto_word.html?type=employee&rest_code=00156 HTTP/1.1" 200 97
172.20.0.100 - - [13/Jun/2023:11:05:36 +0800] "GET /xingrg/check_reg.html?_=1686625535845 HTTP/1.1" 200 22
172.20.0.100 - - [13/Jun/2023:11:05:36 +0800] "GET /xingrg/all/function/internal_message.html?_=1686625535847&CODE_STATE=getMsg HTTP/1.1" 200 27
180.164.3.199 - - [13/Jun/2023:11:05:36 +0800] "GET /xingrg/kc/base/check_order_list.html HTTP/1.1" 200 16227
180.164.3.199 - - [13/Jun/2023:11:05:36 +0800] "GET /xingrg/css/base.css HTTP/1.1" 200 2811
180.164.3.199 - - [13/Jun/2023:11:05:36 +0800] "GET /xingrg/css/site.css HTTP/1.1" 200 7541
180.164.3.199 - - [13/Jun/2023:11:05:36 +0800] "GET /xingrg/javascript/jquery_tools/datebox.css HTTP/1.1" 200 2597
180.164.3.199 - - [13/Jun/2023:11:05:36 +0800] "GET /xingrg/javascript/auto/jquery.autocomplete.css HTTP/1.1" 200 587
180.164.3.199 - - [13/Jun/2023:11:05:36 +0800] "GET /xingrg/javascript/easyui/themes/icon.css HTTP/1.1" 200 4483
180.164.3.199 - - [13/Jun/2023:11:05:36 +0800] "GET /xingrg/javascript/jquery_tools/fix.css HTTP/1.1" 200 1702
180.164.3.199 - - [13/Jun/2023:11:05:36 +0800] "GET /xingrg/javascript/easyui/themes/default/easyui.css HTTP/1.1" 200 30432
180.164.3.199 - - [13/Jun/2023:11:05:36 +0800] "GET /xingrg/javascript/jquery_tools/table.css HTTP/1.1" 200 1032
180.164.3.199 - - [13/Jun/2023:11:05:36 +0800] "GET /xingrg/javascript/jquery_tools/jquery.tools.min.js HTTP/1.1" 200 138801
180.164.3.199 - - [13/Jun/2023:11:05:36 +0800] "GET /xingrg/javascript/jquery_tools/jquery.tools.extend.js HTTP/1.1" 200 15385
180.164.3.199 - - [13/Jun/2023:11:05:36 +0800] "GET /xingrg/javascript/jquery_tools/jquery.tools.hotkey.js HTTP/1.1" 200 3242
180.164.3.199 - - [13/Jun/2023:11:05:36 +0800] "GET /xingrg/javascript/jquery_tools/jquery.tools.table.js HTTP/1.1" 200 6994
180.164.3.199 - - [13/Jun/2023:11:05:36 +0800] "GET /xingrg/javascript/jquery_tools/list_manager.js HTTP/1.1" 200 3652
180.164.3.199 - - [13/Jun/2023:11:05:36 +0800] "GET /xingrg/javascript/auto/jquery.autocomplete.js HTTP/1.1" 200 21624
180.164.3.199 - - [13/Jun/2023:11:05:36 +0800] "GET /xingrg/javascript/easyui/easyloader.js HTTP/1.1" 200 5975
180.164.3.199 - - [13/Jun/2023:11:05:36 +0800] "GET /xingrg/javascript/jquery.cookie.js HTTP/1.1" 200 5513
180.164.3.199 - - [13/Jun/2023:11:05:36 +0800] "GET /xingrg/javascript/jquery.utils.js HTTP/1.1" 200 11805
180.164.3.199 - - [13/Jun/2023:11:05:36 +0800] "GET /xingrg/javascript/easyui/themes/icons/cance_new.png HTTP/1.1" 200 3986
180.164.3.199 - - [13/Jun/2023:11:05:36 +0800] "GET /xingrg/javascript/easyui/themes/icons/check_new.png HTTP/1.1" 200 3224
180.164.3.199 - - [13/Jun/2023:11:05:36 +0800] "GET /xingrg/javascript/easyui/themes/icons/field_new.png HTTP/1.1" 200 1097
180.164.3.199 - - [13/Jun/2023:11:05:36 +0800] "GET /xingrg/javascript/easyui/themes/icons/edit_add_new.png HTTP/1.1" 200 2997
180.164.3.199 - - [13/Jun/2023:11:05:36 +0800] "GET /xingrg/javascript/easyui/plugins/jquery.parser.js HTTP/1.1" 200 1142
180.164.3.199 - - [13/Jun/2023:11:05:36 +0800] "GET /xingrg/images/control/ajaxLoader.gif HTTP/1.1" 200 4659
180.164.3.199 - - [13/Jun/2023:11:05:36 +0800] "POST /xingrg/kc/base/check_list_operate.html HTTP/1.1" 200 2601
222.70.180.90 - - [13/Jun/2023:11:05:36 +0800] "GET /xingrg/all/function/internal_message.html?_=1686625625765&CODE_STATE=getMsg HTTP/1.1" 200 27
180.164.3.199 - - [13/Jun/2023:11:05:37 +0800] "GET /xingrg/javascript/easyui/themes/default/images/button_plain_hover.png HTTP/1.1" 200 144
222.70.114.12 - - [13/Jun/2023:11:05:37 +0800] "GET /xingrg/javascript/jquery_tools/images/prev.gif HTTP/1.1" 404 1086
222.70.114.12 - - [13/Jun/2023:11:05:37 +0800] "GET /xingrg/javascript/jquery_tools/images/next.gif HTTP/1.1" 404 1086
61.170.233.201 - - [13/Jun/2023:11:05:38 +0800] "GET /xingrg/all/function/internal_message.html?_=1686625538931&CODE_STATE=getMsg HTTP/1.1" 200 27
180.164.3.199 - - [13/Jun/2023:11:05:38 +0800] "GET /xingrg/kc/base/check_order_add.html HTTP/1.1" 200 26442
180.164.3.199 - - [13/Jun/2023:11:05:38 +0800] "GET /xingrg/css/blue.css HTTP/1.1" 200 15949
180.164.3.199 - - [13/Jun/2023:11:05:38 +0800] "GET /xingrg/css/table.css HTTP/1.1" 200 3684
180.164.3.199 - - [13/Jun/2023:11:05:38 +0800] "GET /xingrg/javascript/jquery_easy_ui/themes/default/easyui.css HTTP/1.1" 200 26500
180.164.3.199 - - [13/Jun/2023:11:05:38 +0800] "GET /xingrg/javascript/jquery_easy_ui/themes/icon.css HTTP/1.1" 200 3949
180.164.3.199 - - [13/Jun/2023:11:05:38 +0800] "GET /xingrg/dwr/interface/AjaxComOrderService.js HTTP/1.1" 200 18264
180.164.3.199 - - [13/Jun/2023:11:05:38 +0800] "GET /xingrg/javascript/pic_change.js HTTP/1.1" 200 4739
180.164.3.199 - - [13/Jun/2023:11:05:38 +0800] "GET /xingrg/dwr/interface/AjaxCheckService.js HTTP/1.1" 200 14003
180.164.3.199 - - [13/Jun/2023:11:05:38 +0800] "GET /xingrg/dwr/util.js HTTP/1.1" 200 35990
180.164.3.199 - - [13/Jun/2023:11:05:38 +0800] "GET /xingrg/javascript/AjaxInfoList.js HTTP/1.1" 200 3774
180.164.3.199 - - [13/Jun/2023:11:05:38 +0800] "GET /xingrg/javascript/Calendar.js HTTP/1.1" 200 31561
180.164.3.199 - - [13/Jun/2023:11:05:38 +0800] "GET /xingrg/javascript/myfunction.js HTTP/1.1" 200 24559
180.164.3.199 - - [13/Jun/2023:11:05:38 +0800] "GET /xingrg/dwr/engine.js HTTP/1.1" 200 43631
180.164.3.199 - - [13/Jun/2023:11:05:38 +0800] "GET /xingrg/javascript/convert.js HTTP/1.1" 200 1239
180.164.3.199 - - [13/Jun/2023:11:05:38 +0800] "GET /xingrg/javascript/jquery-1.4.2.min.js HTTP/1.1" 200 72205
180.164.3.199 - - [13/Jun/2023:11:05:38 +0800] "GET /xingrg/javascript/jquery_easy_ui/jquery.easyui.min.js HTTP/1.1" 200 213662
180.164.3.199 - - [13/Jun/2023:11:05:38 +0800] "GET /xingrg/javascript/print/kc_print.js HTTP/1.1" 200 11415
180.164.3.199 - - [13/Jun/2023:11:05:38 +0800] "GET /xingrg/javascript/print/LodopFuncs.js HTTP/1.1" 200 5121
180.164.3.199 - - [13/Jun/2023:11:05:38 +0800] "GET /xingrg/javascript/jquery_easy_ui/themes/default/images/menu_downarrow.png HTTP/1.1" 200 173
180.164.3.199 - - [13/Jun/2023:11:05:38 +0800] "GET /xingrg/javascript/jquery_easy_ui/themes/icons/print.png HTTP/1.1" 200 1057
180.164.3.199 - - [13/Jun/2023:11:05:38 +0800] "GET /xingrg/javascript/jquery_easy_ui/themes/icons/cance_new.png HTTP/1.1" 200 3986
180.164.3.199 - - [13/Jun/2023:11:05:38 +0800] "GET /xingrg/javascript/jquery_easy_ui/themes/icons/check_new.png HTTP/1.1" 200 3224
180.164.3.199 - - [13/Jun/2023:11:05:38 +0800] "GET /xingrg/javascript/jquery_easy_ui/themes/icons/back_new.png HTTP/1.1" 200 3414
114.89.202.110 - - [13/Jun/2023:11:05:42 +0800] "GET /xingrg/all/function/internal_message.html?_=1686625542883&CODE_STATE=getMsg HTTP/1.1" 200 27
222.70.114.12 - - [13/Jun/2023:11:05:43 +0800] "GET /xingrg/kc/buy/cgsh_order_operate.html?command=get_materiel&rest_code=00156&code=00101009113&supplier_code=00100007&order_time=2023-06-13 HTTP/1.1" 200 412
180.169.147.146 - - [13/Jun/2023:11:05:44 +0800] "GET /xingrg/all/function/internal_message.html?_=1686625543169&CODE_STATE=getMsg HTTP/1.1" 200 27
124.79.244.240 - - [13/Jun/2023:11:05:44 +0800] "GET /xingrg/all/function/internal_message.html?_=1686625825122&CODE_STATE=getMsg HTTP/1.1" 200 27
124.79.244.240 - - [13/Jun/2023:11:05:44 +0800] "GET /xingrg/check_reg.html?_=1686625825123 HTTP/1.1" 200 22
180.164.3.199 - - [13/Jun/2023:11:05:45 +0800] "GET /xingrg/all/function/internal_message.html?_=1686625544641&CODE_STATE=getMsg HTTP/1.1" 200 27
180.164.3.199 - - [13/Jun/2023:11:05:45 +0800] "POST /xingrg/dwr/call/plaincall/AjaxCheckService.saveOrder.dwr HTTP/1.1" 200 78
180.164.3.199 - - [13/Jun/2023:11:05:47 +0800] "POST /xingrg/dwr/call/plaincall/AjaxCheckService.loadOrderItems.dwr HTTP/1.1" 200 367
180.164.3.199 - - [13/Jun/2023:11:05:47 +0800] "GET /xingrg/javascript/jquery_easy_ui/themes/default/images/panel_title.png HTTP/1.1" 200 266
180.164.3.199 - - [13/Jun/2023:11:05:47 +0800] "GET /xingrg/javascript/jquery_easy_ui/themes/default/images/button_a_bg.gif HTTP/1.1" 200 1194
180.164.3.199 - - [13/Jun/2023:11:05:47 +0800] "GET /xingrg/javascript/jquery_easy_ui/themes/icons/ok.png HTTP/1.1" 200 883
180.164.3.199 - - [13/Jun/2023:11:05:47 +0800] "GET /xingrg/javascript/jquery_easy_ui/themes/icons/pencil.png HTTP/1.1" 200 713
180.164.3.199 - - [13/Jun/2023:11:05:47 +0800] "GET /xingrg/javascript/jquery_easy_ui/themes/default/images/button_span_bg.gif HTTP/1.1" 200 2061
180.164.3.199 - - [13/Jun/2023:11:05:47 +0800] "GET /xingrg/javascript/jquery_easy_ui/themes/default/images/panel_tools.gif HTTP/1.1" 200 737
180.164.3.199 - - [13/Jun/2023:11:05:48 +0800] "POST /xingrg/kc/report/common_data.html?type=materiel_category_tree HTTP/1.1" 200 3921
180.164.3.199 - - [13/Jun/2023:11:05:49 +0800] "GET /xingrg/javascript/jquery_easy_ui/themes/default/images/tree_checkbox_0.gif HTTP/1.1" 200 168
101.229.22.40 - - [13/Jun/2023:11:05:50 +0800] "GET /xingrg/all/function/internal_message.html?_=1686625549894&CODE_STATE=getMsg HTTP/1.1" 200 27
222.67.234.146 - - [13/Jun/2023:11:05:50 +0800] "GET /xingrg/all/function/internal_message.html?_=1686625048658&CODE_STATE=getMsg HTTP/1.1" 200 27
180.164.3.199 - - [13/Jun/2023:11:05:54 +0800] "GET /xingrg/javascript/jquery_easy_ui/themes/default/images/button_plain_hover.png HTTP/1.1" 200 252
222.70.245.26 - - [13/Jun/2023:11:05:56 +0800] "GET /xingrg/all/function/internal_message.html?_=1686625558595&CODE_STATE=getMsg HTTP/1.1" 200 27
222.70.114.12 - - [13/Jun/2023:11:05:58 +0800] "GET /xingrg/kc/buy/cgsh_order_operate.html?command=get_materiel&rest_code=00156&code=00101008061&supplier_code=00100007&order_time=2023-06-13 HTTP/1.1" 200 422
180.164.3.199 - - [13/Jun/2023:11:05:59 +0800] "POST /xingrg/dwr/call/plaincall/AjaxCheckService.deleteOrder.dwr HTTP/1.1" 200 78
180.164.3.199 - - [13/Jun/2023:11:06:00 +0800] "GET /xingrg/kc/base/check_order_list.html HTTP/1.1" 200 16227
180.164.3.199 - - [13/Jun/2023:11:06:01 +0800] "POST /xingrg/kc/base/check_list_operate.html HTTP/1.1" 200 2601
180.169.147.146 - - [13/Jun/2023:11:06:04 +0800] "GET /xingrg/check_reg.html?_=1686625564276 HTTP/1.1" 200 22
114.89.202.110 - - [13/Jun/2023:11:06:06 +0800] "GET /xingrg/all/function/internal_message.html?_=1686625574444&CODE_STATE=getMsg HTTP/1.1" 200 27
222.70.114.12 - - [13/Jun/2023:11:06:09 +0800] "GET /xingrg/kc/buy/cgsh_order_operate.html?command=get_materiel&rest_code=00156&code=00101008283&supplier_code=00100007&order_time=2023-06-13 HTTP/1.1" 200 408
124.79.244.240 - - [13/Jun/2023:11:06:11 +0800] "GET /xingrg/all/function/internal_message.html?_=1686625570796&CODE_STATE=getMsg HTTP/1.1" 302 -
222.70.114.12 - - [13/Jun/2023:11:06:17 +0800] "GET /xingrg/kc/buy/cgsh_order_operate.html?command=get_materiel&rest_code=00156&code=00101009025&supplier_code=00100007&order_time=2023-06-13 HTTP/1.1" 200 409
222.70.180.90 - - [13/Jun/2023:11:06:18 +0800] "GET /xingrg/all/function/internal_message.html?_=1686625576792&CODE_STATE=getMsg HTTP/1.1" 200 27
114.85.113.108 - - [13/Jun/2023:11:06:19 +0800] "GET /xingrg/all/function/internal_message.html?_=1686625578900&CODE_STATE=getMsg HTTP/1.1" 200 27
101.83.145.52 - - [13/Jun/2023:11:06:19 +0800] "GET /xingrg/all/function/internal_message.html?_=1686625579341&CODE_STATE=getMsg HTTP/1.1" 200 27
180.169.147.146 - - [13/Jun/2023:11:06:21 +0800] "GET /xingrg/all/function/internal_message.html?_=1686625581668&CODE_STATE=getMsg HTTP/1.1" 200 27
61.170.233.201 - - [13/Jun/2023:11:06:24 +0800] "GET /xingrg/all/function/internal_message.html?_=1686625584749&CODE_STATE=getMsg HTTP/1.1" 200 27
116.238.139.35 - - [13/Jun/2023:11:06:25 +0800] "GET /xingrg/all/function/internal_message.html?_=1686625583471&CODE_STATE=getMsg HTTP/1.1" 200 27
222.70.114.12 - - [13/Jun/2023:11:06:25 +0800] "GET /xingrg/all/function/internal_message.html?_=1686625587920&CODE_STATE=getMsg HTTP/1.1" 200 27
101.83.241.120 - - [13/Jun/2023:11:06:25 +0800] "GET /xingrg/all/function/internal_message.html?_=1686625583943&CODE_STATE=getMsg HTTP/1.1" 200 27
222.70.114.12 - - [13/Jun/2023:11:06:25 +0800] "GET /xingrg/check_reg.html?_=1686625587921 HTTP/1.1" 200 22
101.83.241.253 - - [13/Jun/2023:11:06:26 +0800] "GET /xingrg/all/function/internal_message.html?_=1686625692368&CODE_STATE=getMsg HTTP/1.1" 200 27
222.70.114.12 - - [13/Jun/2023:11:06:26 +0800] "GET /xingrg/kc/buy/cgsh_order_operate.html?command=get_materiel&rest_code=00156&code=00101009078&supplier_code=00100007&order_time=2023-06-13 HTTP/1.1" 200 408
180.163.30.76 - - [13/Jun/2023:11:06:29 +0800] "GET /xingrg/all/function/internal_message.html?_=1686625528232&CODE_STATE=getMsg HTTP/1.1" 302 -
180.163.30.76 - - [13/Jun/2023:11:06:29 +0800] "GET /xingrg/login.html HTTP/1.1" 200 7641
61.170.233.201 - - [13/Jun/2023:11:06:29 +0800] "GET /xingrg/all/function/internal_message.html?_=1686625588208&CODE_STATE=getMsg HTTP/1.1" 200 27
180.163.30.85 - - [13/Jun/2023:11:06:31 +0800] "GET /xingrg/check_reg.html?_=1686625530032 HTTP/1.1" 302 -
180.163.30.85 - - [13/Jun/2023:11:06:31 +0800] "GET /xingrg/login.html HTTP/1.1" 200 7641
222.70.114.12 - - [13/Jun/2023:11:06:32 +0800] "GET /xingrg/kc/buy/cgsh_order_operate.html?command=get_materiel&rest_code=00156&code=00101008223&supplier_code=00100007&order_time=2023-06-13 HTTP/1.1" 200 412
116.232.195.127 - - [13/Jun/2023:11:06:33 +0800] "GET /xingrg/all/function/internal_message.html?_=1686625607630&CODE_STATE=getMsg HTTP/1.1" 200 27
180.169.147.146 - - [13/Jun/2023:11:06:33 +0800] "GET /xingrg/all/function/internal_message.html?_=1686625591886&CODE_STATE=getMsg HTTP/1.1" 200 27
180.169.147.146 - - [13/Jun/2023:11:06:33 +0800] "GET /xingrg/check_reg.html?_=1686625592683 HTTP/1.1" 200 22
172.20.0.100 - - [13/Jun/2023:11:06:36 +0800] "GET /xingrg/all/function/internal_message.html?_=1686625595848&CODE_STATE=getMsg HTTP/1.1" 200 27
222.70.180.90 - - [13/Jun/2023:11:06:36 +0800] "GET /xingrg/all/function/internal_message.html?_=1686625685750&CODE_STATE=getMsg HTTP/1.1" 200 27
61.170.233.201 - - [13/Jun/2023:11:06:38 +0800] "GET /xingrg/all/function/internal_message.html?_=1686625598916&CODE_STATE=getMsg HTTP/1.1" 200 27
222.70.114.12 - - [13/Jun/2023:11:06:40 +0800] "GET /xingrg/kc/buy/cgsh_order_operate.html?command=get_materiel&rest_code=00156&code=00101008168&supplier_code=00100007&order_time=2023-06-13 HTTP/1.1" 200 413
114.89.202.110 - - [13/Jun/2023:11:06:42 +0800] "GET /xingrg/all/function/internal_message.html?_=1686625602872&CODE_STATE=getMsg HTTP/1.1" 200 27
180.169.147.146 - - [13/Jun/2023:11:06:44 +0800] "GET /xingrg/all/function/internal_message.html?_=1686625603169&CODE_STATE=getMsg HTTP/1.1" 200 27
124.79.244.240 - - [13/Jun/2023:11:06:44 +0800] "GET /xingrg/all/function/internal_message.html?_=1686625885122&CODE_STATE=getMsg HTTP/1.1" 200 27
180.164.3.199 - - [13/Jun/2023:11:06:45 +0800] "GET /xingrg/all/function/internal_message.html?_=1686625604572&CODE_STATE=getMsg HTTP/1.1" 200 27
180.164.3.199 - - [13/Jun/2023:11:06:46 +0800] "GET /xingrg/check_reg.html?_=1686625606110 HTTP/1.1" 200 22
222.70.114.12 - - [13/Jun/2023:11:06:48 +0800] "GET /xingrg/kc/buy/cgsh_order_operate.html?command=get_materiel&rest_code=00156&code=00101008737&supplier_code=00100007&order_time=2023-06-13 HTTP/1.1" 200 395
101.229.22.40 - - [13/Jun/2023:11:06:50 +0800] "GET /xingrg/all/function/internal_message.html?_=1686625609893&CODE_STATE=getMsg HTTP/1.1" 200 27
222.67.234.146 - - [13/Jun/2023:11:06:50 +0800] "GET /xingrg/check_reg.html?_=1686625108672 HTTP/1.1" 200 22
222.67.234.146 - - [13/Jun/2023:11:06:50 +0800] "GET /xingrg/all/function/internal_message.html?_=1686625108674&CODE_STATE=getMsg HTTP/1.1" 200 27
222.70.245.26 - - [13/Jun/2023:11:06:57 +0800] "GET /xingrg/all/function/internal_message.html?_=1686625618948&CODE_STATE=getMsg HTTP/1.1" 200 27
222.70.114.12 - - [13/Jun/2023:11:06:59 +0800] "GET /xingrg/kc/buy/cgsh_order_operate.html?command=get_materiel&rest_code=00156&code=00101008331&supplier_code=00100007&order_time=2023-06-13 HTTP/1.1" 200 416
114.89.202.110 - - [13/Jun/2023:11:07:06 +0800] "GET /xingrg/all/function/internal_message.html?_=1686625634454&CODE_STATE=getMsg HTTP/1.1" 200 27
222.70.114.12 - - [13/Jun/2023:11:07:09 +0800] "GET /xingrg/kc/buy/cgsh_order_operate.html?command=get_materiel&rest_code=00156&code=00101008244&supplier_code=00100007&order_time=2023-06-13 HTTP/1.1" 200 408
124.79.244.240 - - [13/Jun/2023:11:07:11 +0800] "GET /xingrg/all/function/internal_message.html?_=1686625630806&CODE_STATE=getMsg HTTP/1.1" 302 -
101.83.241.253 - - [13/Jun/2023:11:07:12 +0800] "GET /xingrg/check_reg.html?_=1686625738778 HTTP/1.1" 200 22
222.70.114.12 - - [13/Jun/2023:11:07:16 +0800] "GET /xingrg/kc/buy/cgsh_order_operate.html?command=get_materiel&rest_code=00156&code=00101008098&supplier_code=00100007&order_time=2023-06-13 HTTP/1.1" 200 412
222.70.180.90 - - [13/Jun/2023:11:07:18 +0800] "GET /xingrg/all/function/internal_message.html?_=1686625636777&CODE_STATE=getMsg HTTP/1.1" 200 27
114.85.113.108 - - [13/Jun/2023:11:07:19 +0800] "GET /xingrg/all/function/internal_message.html?_=1686625638892&CODE_STATE=getMsg HTTP/1.1" 200 27
101.83.145.52 - - [13/Jun/2023:11:07:19 +0800] "GET /xingrg/all/function/internal_message.html?_=1686625639319&CODE_STATE=getMsg HTTP/1.1" 200 27
180.169.147.146 - - [13/Jun/2023:11:07:21 +0800] "GET /xingrg/all/function/internal_message.html?_=1686625641645&CODE_STATE=getMsg HTTP/1.1" 200 27
120.253.135.82 - - [13/Jun/2023:11:07:22 +0800] "GET /xingrg/check_reg.html?_=1686625476544 HTTP/1.1" 200 22
61.170.233.201 - - [13/Jun/2023:11:07:24 +0800] "GET /xingrg/all/function/internal_message.html?_=1686625644744&CODE_STATE=getMsg HTTP/1.1" 200 27
222.70.114.12 - - [13/Jun/2023:11:07:24 +0800] "GET /xingrg/kc/buy/cgsh_order_operate.html?command=get_materiel&rest_code=00156&code=00101008010&supplier_code=00100007&order_time=2023-06-13 HTTP/1.1" 200 412
116.238.139.35 - - [13/Jun/2023:11:07:25 +0800] "GET /xingrg/all/function/internal_message.html?_=1686625643444&CODE_STATE=getMsg HTTP/1.1" 200 27
101.83.241.120 - - [13/Jun/2023:11:07:25 +0800] "GET /xingrg/all/function/internal_message.html?_=1686625643940&CODE_STATE=getMsg HTTP/1.1" 200 27
222.70.114.12 - - [13/Jun/2023:11:07:25 +0800] "GET /xingrg/all/function/internal_message.html?_=1686625647932&CODE_STATE=getMsg HTTP/1.1" 200 27
101.83.241.253 - - [13/Jun/2023:11:07:26 +0800] "GET /xingrg/all/function/internal_message.html?_=1686625752342&CODE_STATE=getMsg HTTP/1.1" 200 27
61.151.231.107 - - [13/Jun/2023:11:07:29 +0800] "GET /xingrg/all/function/internal_message.html?_=1686625588208&CODE_STATE=getMsg HTTP/1.1" 302 -
61.151.231.107 - - [13/Jun/2023:11:07:29 +0800] "GET /xingrg/login.html HTTP/1.1" 200 7641
61.170.233.201 - - [13/Jun/2023:11:07:29 +0800] "GET /xingrg/all/function/internal_message.html?_=1686625648178&CODE_STATE=getMsg HTTP/1.1" 200 27
116.232.195.127 - - [13/Jun/2023:11:07:33 +0800] "GET /xingrg/all/function/internal_message.html?_=1686625667633&CODE_STATE=getMsg HTTP/1.1" 200 27
180.169.147.146 - - [13/Jun/2023:11:07:33 +0800] "GET /xingrg/all/function/internal_message.html?_=1686625651871&CODE_STATE=getMsg HTTP/1.1" 200 27
222.70.114.12 - - [13/Jun/2023:11:07:34 +0800] "GET /xingrg/kc/buy/cgsh_order_operate.html?command=get_materiel&rest_code=00156&code=00101008110&supplier_code=00100007&order_time=2023-06-13 HTTP/1.1" 200 408
172.20.0.100 - - [13/Jun/2023:11:07:36 +0800] "GET /xingrg/all/function/internal_message.html?_=1686625655852&CODE_STATE=getMsg HTTP/1.1" 200 27
222.70.180.90 - - [13/Jun/2023:11:07:36 +0800] "GET /xingrg/all/function/internal_message.html?_=1686625745726&CODE_STATE=getMsg HTTP/1.1" 200 27
61.170.233.201 - - [13/Jun/2023:11:07:38 +0800] "GET /xingrg/all/function/internal_message.html?_=1686625658898&CODE_STATE=getMsg HTTP/1.1" 200 27
222.70.245.26 - - [13/Jun/2023:11:07:39 +0800] "GET /xingrg/check_reg.html?_=1686625660859 HTTP/1.1" 200 22
222.70.114.12 - - [13/Jun/2023:11:07:42 +0800] "GET /xingrg/kc/buy/cgsh_order_operate.html?command=get_materiel&rest_code=00156&code=00101008095&supplier_code=00100007&order_time=2023-06-13 HTTP/1.1" 200 412
114.89.202.110 - - [13/Jun/2023:11:07:42 +0800] "GET /xingrg/all/function/internal_message.html?_=1686625662882&CODE_STATE=getMsg HTTP/1.1" 200 27
114.89.202.110 - - [13/Jun/2023:11:07:42 +0800] "GET /xingrg/check_reg.html?_=1686625662885 HTTP/1.1" 200 22
124.79.244.240 - - [13/Jun/2023:11:07:44 +0800] "GET /xingrg/all/function/internal_message.html?_=1686625945120&CODE_STATE=getMsg HTTP/1.1" 200 27
