180.169.147.146 - - [13/Jun/2023:09:57:44 +0800] "GET /xingrg/check_reg.html?_=1686621463069 HTTP/1.1" 200 22
180.164.3.199 - - [13/Jun/2023:09:57:46 +0800] "GET /xingrg/all/function/internal_message.html?_=1686621465746&CODE_STATE=getMsg HTTP/1.1" 200 27
222.70.245.26 - - [13/Jun/2023:09:57:46 +0800] "POST /xingrg/services/DataTransmitService HTTP/1.1" 200 501
222.70.245.26 - - [13/Jun/2023:09:57:47 +0800] "POST /xingrg/services/DataTransmitService HTTP/1.1" 200 501
222.70.245.26 - - [13/Jun/2023:09:57:48 +0800] "POST /xingrg/services/DataTransmitService HTTP/1.1" 200 501
101.83.241.120 - - [13/Jun/2023:09:57:49 +0800] "POST /xingrg/kc/buy/cgsh_list_operate.html HTTP/1.1" 200 1868
222.70.245.26 - - [13/Jun/2023:09:57:49 +0800] "POST /xingrg/services/DataTransmitService HTTP/1.1" 200 412
101.83.241.120 - - [13/Jun/2023:09:57:52 +0800] "POST /xingrg/kc/buy/cgsh_list_operate.html HTTP/1.1" 200 576
180.164.3.199 - - [13/Jun/2023:09:57:54 +0800] "GET /xingrg/kc/buy/cgsh_order_operate.html?command=get_materiel&rest_code=00108&code=00101008136&supplier_code=00100007&order_time=2023-06-13 HTTP/1.1" 200 413
101.83.241.120 - - [13/Jun/2023:09:57:58 +0800] "GET /xingrg/kc/buy/cgsh_order_info.html?code=212023061304512 HTTP/1.1" 200 71733
101.83.241.120 - - [13/Jun/2023:09:57:59 +0800] "GET /xingrg/javascript/easyui/themes/default/validatebox.css HTTP/1.1" 404 1104
101.83.241.120 - - [13/Jun/2023:09:57:59 +0800] "POST /xingrg/kc/buy/cgsh_order_operate.html HTTP/1.1" 200 6211
180.164.3.199 - - [13/Jun/2023:09:58:05 +0800] "GET /xingrg/kc/buy/cgsh_order_operate.html?command=get_materiel&rest_code=00108&code=00101008353&supplier_code=00100007&order_time=2023-06-13 HTTP/1.1" 200 408
101.83.241.120 - - [13/Jun/2023:09:58:05 +0800] "POST /xingrg/kc/buy/cgsh_order_operate.html HTTP/1.1" 200 37
124.79.244.240 - - [13/Jun/2023:09:58:09 +0800] "GET /xingrg/all/function/internal_message.html?_=1686621488872&CODE_STATE=getMsg HTTP/1.1" 200 27
124.79.244.240 - - [13/Jun/2023:09:58:09 +0800] "GET /xingrg/check_reg.html?_=1686621488875 HTTP/1.1" 200 22
101.83.241.120 - - [13/Jun/2023:09:58:15 +0800] "POST /xingrg/kc/buy/cgsh_order_operate.html HTTP/1.1" 200 12
222.70.180.90 - - [13/Jun/2023:09:58:19 +0800] "GET /xingrg/all/function/internal_message.html?_=1686621497750&CODE_STATE=getMsg HTTP/1.1" 200 27
101.83.241.120 - - [13/Jun/2023:09:58:19 +0800] "GET /xingrg/kc/buy/cgsh_order_info.html?code=212023061304512 HTTP/1.1" 200 66633
101.83.241.120 - - [13/Jun/2023:09:58:20 +0800] "GET /xingrg/javascript/easyui/themes/default/validatebox.css HTTP/1.1" 404 1104
101.83.145.52 - - [13/Jun/2023:09:58:21 +0800] "GET /xingrg/all/function/internal_message.html?_=1686621500777&CODE_STATE=getMsg HTTP/1.1" 200 27
101.83.241.120 - - [13/Jun/2023:09:58:21 +0800] "GET /xingrg/all/function/internal_message.html?_=1686621499465&CODE_STATE=getMsg HTTP/1.1" 200 27
180.169.147.146 - - [13/Jun/2023:09:58:22 +0800] "GET /xingrg/all/function/internal_message.html?_=1686621501802&CODE_STATE=getMsg HTTP/1.1" 200 27
180.163.29.206 - - [13/Jun/2023:09:58:22 +0800] "GET /xingrg/all/function/internal_message.html?_=1686621441803&CODE_STATE=getMsg HTTP/1.1" 302 -
180.163.29.206 - - [13/Jun/2023:09:58:22 +0800] "GET /xingrg/login.html HTTP/1.1" 200 7641
180.164.3.199 - - [13/Jun/2023:09:58:25 +0800] "POST /xingrg/kc/buy/cgsh_order_operate.html HTTP/1.1" 200 37
101.83.241.120 - - [13/Jun/2023:09:58:25 +0800] "POST /xingrg/kc/buy/cgsh_order_operate.html HTTP/1.1" 200 4158
116.238.139.35 - - [13/Jun/2023:09:58:26 +0800] "GET /xingrg/all/function/internal_message.html?_=1686621505240&CODE_STATE=getMsg HTTP/1.1" 200 27
101.83.241.253 - - [13/Jun/2023:09:58:27 +0800] "GET /xingrg/all/function/internal_message.html?_=1686621613402&CODE_STATE=getMsg HTTP/1.1" 200 27
180.164.3.199 - - [13/Jun/2023:09:58:27 +0800] "POST /xingrg/kc/buy/cgsh_order_operate.html HTTP/1.1" 200 24526
180.163.30.76 - - [13/Jun/2023:09:58:30 +0800] "GET /xingrg/all/function/internal_message.html?_=1686621449439&CODE_STATE=getMsg HTTP/1.1" 302 -
180.163.30.76 - - [13/Jun/2023:09:58:30 +0800] "GET /xingrg/login.html HTTP/1.1" 200 7641
61.170.233.201 - - [13/Jun/2023:09:58:30 +0800] "GET /xingrg/all/function/internal_message.html?_=1686621509412&CODE_STATE=getMsg HTTP/1.1" 200 27
116.232.195.127 - - [13/Jun/2023:09:58:32 +0800] "GET /xingrg/check_reg.html?_=1686621527619 HTTP/1.1" 200 22
116.232.195.127 - - [13/Jun/2023:09:58:32 +0800] "GET /xingrg/all/function/internal_message.html?_=1686621527620&CODE_STATE=getMsg HTTP/1.1" 200 27
101.83.241.120 - - [13/Jun/2023:09:58:33 +0800] "GET /xingrg/kc/print/load_data.html?order_code=212023061304512&kc_code=cgsh&condition= HTTP/1.1" 200 2068
172.20.0.100 - - [13/Jun/2023:09:58:36 +0800] "GET /xingrg/all/function/internal_message.html?_=1686621515844&CODE_STATE=getMsg HTTP/1.1" 200 27
114.89.202.110 - - [13/Jun/2023:09:58:42 +0800] "GET /xingrg/all/function/internal_message.html?_=1686621522864&CODE_STATE=getMsg HTTP/1.1" 200 27
222.70.245.26 - - [13/Jun/2023:09:58:43 +0800] "GET /xingrg/all/function/internal_message.html?_=1686621524925&CODE_STATE=getMsg HTTP/1.1" 200 27
124.79.244.240 - - [13/Jun/2023:09:58:44 +0800] "GET /xingrg/all/function/internal_message.html?_=1686621805075&CODE_STATE=getMsg HTTP/1.1" 200 27
180.169.147.146 - - [13/Jun/2023:09:58:44 +0800] "GET /xingrg/all/function/internal_message.html?_=1686621523058&CODE_STATE=getMsg HTTP/1.1" 200 27
180.164.3.199 - - [13/Jun/2023:09:58:46 +0800] "GET /xingrg/all/function/internal_message.html?_=1686621525732&CODE_STATE=getMsg HTTP/1.1" 200 27
101.83.145.52 - - [13/Jun/2023:09:59:00 +0800] "GET /xingrg/kc/mdqp/pssh_order_list.html HTTP/1.1" 200 17928
101.83.145.52 - - [13/Jun/2023:09:59:01 +0800] "POST /xingrg/kc/mdqp/pssh_list_operate.html HTTP/1.1" 200 5403
101.83.145.52 - - [13/Jun/2023:09:59:05 +0800] "GET /xingrg/kc/mdqp/qqps_order_list.html HTTP/1.1" 200 9222
101.83.145.52 - - [13/Jun/2023:09:59:05 +0800] "GET /xingrg/dwr/interface/AjaxQqpsService.js HTTP/1.1" 200 16326
101.83.145.52 - - [13/Jun/2023:09:59:05 +0800] "GET /xingrg/dwr/interface/AjaxReportQueryService.js HTTP/1.1" 200 13203
101.83.145.52 - - [13/Jun/2023:09:59:05 +0800] "GET /xingrg/dwr/engine.js HTTP/1.1" 200 43631
124.79.244.240 - - [13/Jun/2023:09:59:09 +0800] "GET /xingrg/all/function/internal_message.html?_=1686621548890&CODE_STATE=getMsg HTTP/1.1" 200 27
101.83.145.52 - - [13/Jun/2023:09:59:10 +0800] "GET /xingrg/kc/mdqp/qqps_order_list.html?isQuery=1&timeSelect=1&orderTime=day&startTime=2023-06-10&endTime=2023-06-13&state=all&query=%C8%B7++%B6%A8 HTTP/1.1" 200 10587
101.83.145.52 - - [13/Jun/2023:09:59:10 +0800] "GET /xingrg/dwr/interface/AjaxQqpsService.js HTTP/1.1" 200 16326
101.83.145.52 - - [13/Jun/2023:09:59:10 +0800] "GET /xingrg/dwr/interface/AjaxReportQueryService.js HTTP/1.1" 200 13203
101.83.145.52 - - [13/Jun/2023:09:59:10 +0800] "GET /xingrg/dwr/engine.js HTTP/1.1" 200 43631
101.83.145.52 - - [13/Jun/2023:09:59:11 +0800] "GET /xingrg/kc/mdqp/qqps_order_info.html?code=302023061000169 HTTP/1.1" 200 26796
101.83.145.52 - - [13/Jun/2023:09:59:11 +0800] "GET /xingrg/dwr/interface/AjaxComOrderService.js HTTP/1.1" 200 18264
101.83.145.52 - - [13/Jun/2023:09:59:11 +0800] "GET /xingrg/dwr/interface/AjaxQqpsService.js HTTP/1.1" 200 16326
101.83.145.52 - - [13/Jun/2023:09:59:11 +0800] "GET /xingrg/dwr/engine.js HTTP/1.1" 200 43631
101.83.145.52 - - [13/Jun/2023:09:59:12 +0800] "POST /xingrg/dwr/call/plaincall/AjaxQqpsService.loadMaterielItems.dwr HTTP/1.1" 200 4943
222.70.180.90 - - [13/Jun/2023:09:59:19 +0800] "GET /xingrg/all/function/internal_message.html?_=1686621557734&CODE_STATE=getMsg HTTP/1.1" 200 27
101.83.145.52 - - [13/Jun/2023:09:59:21 +0800] "GET /xingrg/all/function/internal_message.html?_=1686621560773&CODE_STATE=getMsg HTTP/1.1" 200 27
101.83.241.120 - - [13/Jun/2023:09:59:21 +0800] "GET /xingrg/all/function/internal_message.html?_=1686621559445&CODE_STATE=getMsg HTTP/1.1" 200 27
180.169.147.146 - - [13/Jun/2023:09:59:22 +0800] "GET /xingrg/all/function/internal_message.html?_=1686621561804&CODE_STATE=getMsg HTTP/1.1" 200 27
180.169.147.146 - - [13/Jun/2023:09:59:22 +0800] "GET /xingrg/check_reg.html?_=1686621561807 HTTP/1.1" 200 22
101.83.145.52 - - [13/Jun/2023:09:59:22 +0800] "GET /xingrg/check_reg.html?_=1686621561542 HTTP/1.1" 200 22
116.238.139.35 - - [13/Jun/2023:09:59:26 +0800] "GET /xingrg/all/function/internal_message.html?_=1686621565224&CODE_STATE=getMsg HTTP/1.1" 200 27
101.83.241.253 - - [13/Jun/2023:09:59:27 +0800] "GET /xingrg/all/function/internal_message.html?_=1686621673374&CODE_STATE=getMsg HTTP/1.1" 200 27
180.163.30.76 - - [13/Jun/2023:09:59:30 +0800] "GET /xingrg/all/function/internal_message.html?_=1686621509412&CODE_STATE=getMsg HTTP/1.1" 302 -
180.163.30.76 - - [13/Jun/2023:09:59:30 +0800] "GET /xingrg/login.html HTTP/1.1" 200 7641
61.170.233.201 - - [13/Jun/2023:09:59:30 +0800] "GET /xingrg/all/function/internal_message.html?_=1686621569384&CODE_STATE=getMsg HTTP/1.1" 200 27
116.232.195.127 - - [13/Jun/2023:09:59:32 +0800] "GET /xingrg/all/function/internal_message.html?_=1686621587636&CODE_STATE=getMsg HTTP/1.1" 200 27
172.20.0.100 - - [13/Jun/2023:09:59:36 +0800] "GET /xingrg/all/function/internal_message.html?_=1686621575846&CODE_STATE=getMsg HTTP/1.1" 200 27
114.89.202.110 - - [13/Jun/2023:09:59:42 +0800] "GET /xingrg/all/function/internal_message.html?_=1686621582874&CODE_STATE=getMsg HTTP/1.1" 200 27
222.70.245.26 - - [13/Jun/2023:09:59:43 +0800] "GET /xingrg/all/function/internal_message.html?_=1686621585007&CODE_STATE=getMsg HTTP/1.1" 200 27
124.79.244.240 - - [13/Jun/2023:09:59:44 +0800] "GET /xingrg/all/function/internal_message.html?_=1686621865073&CODE_STATE=getMsg HTTP/1.1" 200 27
180.169.147.146 - - [13/Jun/2023:09:59:44 +0800] "GET /xingrg/all/function/internal_message.html?_=1686621583057&CODE_STATE=getMsg HTTP/1.1" 200 27
180.164.3.199 - - [13/Jun/2023:09:59:46 +0800] "GET /xingrg/all/function/internal_message.html?_=1686621585710&CODE_STATE=getMsg HTTP/1.1" 200 27
101.83.145.52 - - [13/Jun/2023:09:59:49 +0800] "GET /xingrg/images/yd/bt.gif HTTP/1.1" 404 1040
101.83.145.52 - - [13/Jun/2023:09:59:49 +0800] "GET /xingrg/images/yd/bt2.gif HTTP/1.1" 404 1042
124.79.244.240 - - [13/Jun/2023:10:00:09 +0800] "GET /xingrg/all/function/internal_message.html?_=1686621608891&CODE_STATE=getMsg HTTP/1.1" 200 27
101.83.145.52 - - [13/Jun/2023:10:00:19 +0800] "GET /xingrg/kc/mdqp/pssh_order_list.html HTTP/1.1" 200 17928
222.70.180.90 - - [13/Jun/2023:10:00:19 +0800] "GET /xingrg/all/function/internal_message.html?_=1686621617718&CODE_STATE=getMsg HTTP/1.1" 200 27
101.83.145.52 - - [13/Jun/2023:10:00:19 +0800] "POST /xingrg/kc/mdqp/pssh_list_operate.html HTTP/1.1" 200 5403
222.70.180.90 - - [13/Jun/2023:10:00:19 +0800] "GET /xingrg/check_reg.html?_=1686621617986 HTTP/1.1" 200 22
116.232.195.127 - - [13/Jun/2023:10:00:20 +0800] "POST /xingrg/services/DataTransmitService HTTP/1.1" 200 524
101.83.145.52 - - [13/Jun/2023:10:00:21 +0800] "GET /xingrg/all/function/internal_message.html?_=1686621620741&CODE_STATE=getMsg HTTP/1.1" 200 27
101.83.241.120 - - [13/Jun/2023:10:00:21 +0800] "GET /xingrg/all/function/internal_message.html?_=1686621619421&CODE_STATE=getMsg HTTP/1.1" 200 27
180.169.147.146 - - [13/Jun/2023:10:00:22 +0800] "GET /xingrg/all/function/internal_message.html?_=1686621621805&CODE_STATE=getMsg HTTP/1.1" 200 27
180.163.30.85 - - [13/Jun/2023:10:00:22 +0800] "GET /xingrg/all/function/internal_message.html?_=1686621561804&CODE_STATE=getMsg HTTP/1.1" 302 -
180.163.28.109 - - [13/Jun/2023:10:00:22 +0800] "GET /xingrg/check_reg.html?_=1686621561807 HTTP/1.1" 302 -
180.163.30.85 - - [13/Jun/2023:10:00:22 +0800] "GET /xingrg/login.html HTTP/1.1" 200 7641
180.163.28.109 - - [13/Jun/2023:10:00:22 +0800] "GET /xingrg/login.html HTTP/1.1" 200 7641
101.83.241.120 - - [13/Jun/2023:10:00:22 +0800] "GET /xingrg/check_reg.html?_=1686621620065 HTTP/1.1" 200 22
101.83.145.52 - - [13/Jun/2023:10:00:23 +0800] "POST /xingrg/kc/mdqp/pssh_list_operate.html HTTP/1.1" 200 761
101.83.145.52 - - [13/Jun/2023:10:00:24 +0800] "GET /xingrg/kc/mdqp/pssh_order_info.html?code=312023061100199 HTTP/1.1" 200 17293
101.83.145.52 - - [13/Jun/2023:10:00:24 +0800] "GET /xingrg/javascript/jquery_tools/jquery-1.4.2.min.js HTTP/1.1" 404 1094
101.83.145.52 - - [13/Jun/2023:10:00:24 +0800] "GET /xingrg/javascript/easyui/themes/default/validatebox.css HTTP/1.1" 404 1104
101.83.145.52 - - [13/Jun/2023:10:00:25 +0800] "POST /xingrg/kc/mdqp/pssh_order_operate.html HTTP/1.1" 200 7843
116.238.139.35 - - [13/Jun/2023:10:00:26 +0800] "GET /xingrg/all/function/internal_message.html?_=1686621625209&CODE_STATE=getMsg HTTP/1.1" 200 27
101.83.241.253 - - [13/Jun/2023:10:00:27 +0800] "GET /xingrg/all/function/internal_message.html?_=1686621733370&CODE_STATE=getMsg HTTP/1.1" 200 27
61.170.233.201 - - [13/Jun/2023:10:00:30 +0800] "GET /xingrg/all/function/internal_message.html?_=1686621629355&CODE_STATE=getMsg HTTP/1.1" 200 27
61.170.233.201 - - [13/Jun/2023:10:00:31 +0800] "GET /xingrg/check_reg.html?_=1686621630158 HTTP/1.1" 200 22
116.232.195.127 - - [13/Jun/2023:10:00:32 +0800] "GET /xingrg/all/function/internal_message.html?_=1686621647633&CODE_STATE=getMsg HTTP/1.1" 200 27
172.20.0.100 - - [13/Jun/2023:10:00:36 +0800] "GET /xingrg/all/function/internal_message.html?_=1686621635849&CODE_STATE=getMsg HTTP/1.1" 200 27
172.20.0.100 - - [13/Jun/2023:10:00:36 +0800] "GET /xingrg/check_reg.html?_=1686621635851 HTTP/1.1" 200 22
101.83.145.52 - - [13/Jun/2023:10:00:37 +0800] "POST /xingrg/all/common/load_combo.html?type=employee HTTP/1.1" 200 356
114.89.202.110 - - [13/Jun/2023:10:00:42 +0800] "GET /xingrg/all/function/internal_message.html?_=1686621642869&CODE_STATE=getMsg HTTP/1.1" 200 27
222.70.245.26 - - [13/Jun/2023:10:00:43 +0800] "GET /xingrg/all/function/internal_message.html?_=1686621645014&CODE_STATE=getMsg HTTP/1.1" 200 27
124.79.244.240 - - [13/Jun/2023:10:00:44 +0800] "GET /xingrg/check_reg.html?_=1686621925073 HTTP/1.1" 200 22
124.79.244.240 - - [13/Jun/2023:10:00:44 +0800] "GET /xingrg/all/function/internal_message.html?_=1686621925072&CODE_STATE=getMsg HTTP/1.1" 200 27
180.169.147.146 - - [13/Jun/2023:10:00:44 +0800] "GET /xingrg/all/function/internal_message.html?_=1686621643057&CODE_STATE=getMsg HTTP/1.1" 200 27
180.164.3.199 - - [13/Jun/2023:10:00:46 +0800] "GET /xingrg/all/function/internal_message.html?_=1686621645686&CODE_STATE=getMsg HTTP/1.1" 200 27
180.169.147.146 - - [13/Jun/2023:10:00:47 +0800] "GET /xingrg/check_reg.html?_=1686621646020 HTTP/1.1" 302 -
124.79.244.240 - - [13/Jun/2023:10:01:09 +0800] "GET /xingrg/all/function/internal_message.html?_=1686621668879&CODE_STATE=getMsg HTTP/1.1" 200 27
222.70.180.90 - - [13/Jun/2023:10:01:19 +0800] "GET /xingrg/all/function/internal_message.html?_=1686621677690&CODE_STATE=getMsg HTTP/1.1" 200 27
101.83.145.52 - - [13/Jun/2023:10:01:21 +0800] "GET /xingrg/all/function/internal_message.html?_=1686621680719&CODE_STATE=getMsg HTTP/1.1" 200 27
180.169.147.146 - - [13/Jun/2023:10:01:22 +0800] "GET /xingrg/all/function/internal_message.html?_=1686621681797&CODE_STATE=getMsg HTTP/1.1" 200 27
116.238.139.35 - - [13/Jun/2023:10:01:26 +0800] "GET /xingrg/all/function/internal_message.html?_=1686621685195&CODE_STATE=getMsg HTTP/1.1" 200 27
101.83.241.253 - - [13/Jun/2023:10:01:27 +0800] "GET /xingrg/all/function/internal_message.html?_=1686621793358&CODE_STATE=getMsg HTTP/1.1" 200 27
180.163.30.85 - - [13/Jun/2023:10:01:30 +0800] "GET /xingrg/all/function/internal_message.html?_=1686621629355&CODE_STATE=getMsg HTTP/1.1" 302 -
180.163.30.85 - - [13/Jun/2023:10:01:30 +0800] "GET /xingrg/login.html HTTP/1.1" 200 7641
61.170.233.201 - - [13/Jun/2023:10:01:30 +0800] "GET /xingrg/all/function/internal_message.html?_=1686621689337&CODE_STATE=getMsg HTTP/1.1" 200 27
180.163.29.103 - - [13/Jun/2023:10:01:31 +0800] "GET /xingrg/check_reg.html?_=1686621630158 HTTP/1.1" 302 -
180.163.29.103 - - [13/Jun/2023:10:01:31 +0800] "GET /xingrg/login.html HTTP/1.1" 200 7641
116.232.195.127 - - [13/Jun/2023:10:01:32 +0800] "GET /xingrg/all/function/internal_message.html?_=1686621707616&CODE_STATE=getMsg HTTP/1.1" 200 27
172.20.0.100 - - [13/Jun/2023:10:01:36 +0800] "GET /xingrg/all/function/internal_message.html?_=1686621695853&CODE_STATE=getMsg HTTP/1.1" 200 27
114.89.202.110 - - [13/Jun/2023:10:01:42 +0800] "GET /xingrg/all/function/internal_message.html?_=1686621702878&CODE_STATE=getMsg HTTP/1.1" 200 27
222.70.245.26 - - [13/Jun/2023:10:01:43 +0800] "GET /xingrg/all/function/internal_message.html?_=1686621705110&CODE_STATE=getMsg HTTP/1.1" 200 27
124.79.244.240 - - [13/Jun/2023:10:01:44 +0800] "GET /xingrg/all/function/internal_message.html?_=1686621985071&CODE_STATE=getMsg HTTP/1.1" 200 27
180.169.147.146 - - [13/Jun/2023:10:01:44 +0800] "GET /xingrg/all/function/internal_message.html?_=1686621703056&CODE_STATE=getMsg HTTP/1.1" 200 27
180.164.3.199 - - [13/Jun/2023:10:01:46 +0800] "GET /xingrg/all/function/internal_message.html?_=1686621705663&CODE_STATE=getMsg HTTP/1.1" 200 27
180.164.3.199 - - [13/Jun/2023:10:01:46 +0800] "GET /xingrg/check_reg.html?_=1686621706106 HTTP/1.1" 200 22
101.83.145.52 - - [13/Jun/2023:10:01:47 +0800] "POST /xingrg/kc/mdqp/pssh_order_operate.html HTTP/1.1" 200 37
101.83.145.52 - - [13/Jun/2023:10:01:52 +0800] "POST /xingrg/kc/mdqp/pssh_order_operate.html HTTP/1.1" 200 7929
101.83.145.52 - - [13/Jun/2023:10:02:01 +0800] "POST /xingrg/kc/mdqp/pssh_order_operate.html HTTP/1.1" 200 37
101.83.145.52 - - [13/Jun/2023:10:02:04 +0800] "POST /xingrg/kc/mdqp/pssh_order_operate.html HTTP/1.1" 200 12
101.83.145.52 - - [13/Jun/2023:10:02:06 +0800] "GET /xingrg/kc/mdqp/pssh_order_info.html?code=312023061100199 HTTP/1.1" 200 14382
101.83.145.52 - - [13/Jun/2023:10:02:06 +0800] "GET /xingrg/javascript/jquery_tools/jquery-1.4.2.min.js HTTP/1.1" 404 1094
101.83.145.52 - - [13/Jun/2023:10:02:06 +0800] "GET /xingrg/javascript/easyui/themes/default/validatebox.css HTTP/1.1" 404 1104
101.83.145.52 - - [13/Jun/2023:10:02:06 +0800] "POST /xingrg/kc/mdqp/pssh_order_operate.html HTTP/1.1" 200 7929
101.83.145.52 - - [13/Jun/2023:10:02:08 +0800] "GET /xingrg/kc/print/load_data.html?order_code=312023061100199&kc_code=pssh&condition= HTTP/1.1" 200 3116
124.79.244.240 - - [13/Jun/2023:10:02:09 +0800] "GET /xingrg/all/function/internal_message.html?_=1686621728896&CODE_STATE=getMsg HTTP/1.1" 200 27
101.83.241.253 - - [13/Jun/2023:10:02:12 +0800] "GET /xingrg/check_reg.html?_=1686621838782 HTTP/1.1" 200 22
101.83.145.52 - - [13/Jun/2023:10:02:13 +0800] "GET /xingrg/kc/base/wldb_order_list.html HTTP/1.1" 200 19098
101.83.145.52 - - [13/Jun/2023:10:02:14 +0800] "POST /xingrg/kc/base/wldb_list_operate.html HTTP/1.1" 200 928
101.83.145.52 - - [13/Jun/2023:10:02:15 +0800] "GET /xingrg/kc/base/wldb_order_add.html HTTP/1.1" 200 30381
101.83.145.52 - - [13/Jun/2023:10:02:15 +0800] "GET /xingrg/all/common/auto_word.html?type=base&rest_code=00105 HTTP/1.1" 200 1907
101.83.145.52 - - [13/Jun/2023:10:02:15 +0800] "GET /xingrg/javascript/easyui/themes/default/validatebox.css HTTP/1.1" 404 1104
101.83.145.52 - - [13/Jun/2023:10:02:15 +0800] "GET /xingrg/all/common/auto_word.html?type=base&rest_code=00105 HTTP/1.1" 200 1907
101.83.145.52 - - [13/Jun/2023:10:02:15 +0800] "POST /xingrg/kc/base/wldb_order_operate.html HTTP/1.1" 200 6806
222.70.180.90 - - [13/Jun/2023:10:02:19 +0800] "GET /xingrg/all/function/internal_message.html?_=1686621737674&CODE_STATE=getMsg HTTP/1.1" 200 27
101.83.145.52 - - [13/Jun/2023:10:02:21 +0800] "GET /xingrg/all/function/internal_message.html?_=1686621740716&CODE_STATE=getMsg HTTP/1.1" 200 27
180.169.147.146 - - [13/Jun/2023:10:02:22 +0800] "GET /xingrg/all/function/internal_message.html?_=1686621741812&CODE_STATE=getMsg HTTP/1.1" 200 27
180.163.30.76 - - [13/Jun/2023:10:02:22 +0800] "GET /xingrg/all/function/internal_message.html?_=1686621681797&CODE_STATE=getMsg HTTP/1.1" 302 -
180.163.30.76 - - [13/Jun/2023:10:02:22 +0800] "GET /xingrg/login.html HTTP/1.1" 200 7641
222.70.245.26 - - [13/Jun/2023:10:02:26 +0800] "GET /xingrg/check_reg.html?_=1686621748117 HTTP/1.1" 200 22
116.238.139.35 - - [13/Jun/2023:10:02:26 +0800] "GET /xingrg/all/function/internal_message.html?_=1686621745167&CODE_STATE=getMsg HTTP/1.1" 200 27
116.238.139.35 - - [13/Jun/2023:10:02:26 +0800] "GET /xingrg/check_reg.html?_=1686621745403 HTTP/1.1" 200 22
101.83.241.253 - - [13/Jun/2023:10:02:27 +0800] "GET /xingrg/all/function/internal_message.html?_=1686621853340&CODE_STATE=getMsg HTTP/1.1" 200 27
61.170.233.201 - - [13/Jun/2023:10:02:30 +0800] "GET /xingrg/all/function/internal_message.html?_=1686621749309&CODE_STATE=getMsg HTTP/1.1" 200 27
101.83.145.52 - - [13/Jun/2023:10:02:32 +0800] "GET /xingrg/kc/base/wldb_order_operate.html?command=get_materiel&rest_code=00105&base_code=0010513&code=00101019248 HTTP/1.1" 200 459
116.232.195.127 - - [13/Jun/2023:10:02:32 +0800] "GET /xingrg/all/function/internal_message.html?_=1686621767630&CODE_STATE=getMsg HTTP/1.1" 200 27
172.20.0.100 - - [13/Jun/2023:10:02:36 +0800] "GET /xingrg/all/function/internal_message.html?_=1686621755854&CODE_STATE=getMsg HTTP/1.1" 200 27
114.89.202.110 - - [13/Jun/2023:10:02:42 +0800] "GET /xingrg/check_reg.html?_=1686621762869 HTTP/1.1" 200 22
114.89.202.110 - - [13/Jun/2023:10:02:42 +0800] "GET /xingrg/all/function/internal_message.html?_=1686621762872&CODE_STATE=getMsg HTTP/1.1" 200 27
222.70.245.26 - - [13/Jun/2023:10:02:43 +0800] "GET /xingrg/all/function/internal_message.html?_=1686621765119&CODE_STATE=getMsg HTTP/1.1" 200 27
124.79.244.240 - - [13/Jun/2023:10:02:44 +0800] "GET /xingrg/all/function/internal_message.html?_=1686622045068&CODE_STATE=getMsg HTTP/1.1" 200 27
180.169.147.146 - - [13/Jun/2023:10:02:44 +0800] "GET /xingrg/all/function/internal_message.html?_=1686621763055&CODE_STATE=getMsg HTTP/1.1" 200 27
180.169.147.146 - - [13/Jun/2023:10:02:44 +0800] "GET /xingrg/check_reg.html?_=1686621763056 HTTP/1.1" 200 22
180.164.3.199 - - [13/Jun/2023:10:02:46 +0800] "GET /xingrg/all/function/internal_message.html?_=1686621765639&CODE_STATE=getMsg HTTP/1.1" 200 27
222.70.111.174 - - [13/Jun/2023:10:02:53 +0800] "POST /xingrg/services/DataTransmitService HTTP/1.1" 200 524
101.83.145.52 - - [13/Jun/2023:10:02:56 +0800] "GET /xingrg/kc/base/wldb_order_operate.html?command=get_materiel&rest_code=00105&base_code=0010513&code=00102002504 HTTP/1.1" 200 439
124.79.244.240 - - [13/Jun/2023:10:03:09 +0800] "GET /xingrg/check_reg.html?_=1686621788892 HTTP/1.1" 200 22
124.79.244.240 - - [13/Jun/2023:10:03:09 +0800] "GET /xingrg/all/function/internal_message.html?_=1686621788896&CODE_STATE=getMsg HTTP/1.1" 200 27
222.70.180.90 - - [13/Jun/2023:10:03:19 +0800] "GET /xingrg/all/function/internal_message.html?_=1686621797660&CODE_STATE=getMsg HTTP/1.1" 200 27
101.83.145.52 - - [13/Jun/2023:10:03:21 +0800] "GET /xingrg/all/function/internal_message.html?_=1686621800669&CODE_STATE=getMsg HTTP/1.1" 200 27
180.169.147.146 - - [13/Jun/2023:10:03:22 +0800] "GET /xingrg/all/function/internal_message.html?_=1686621801806&CODE_STATE=getMsg HTTP/1.1" 200 27
180.163.30.85 - - [13/Jun/2023:10:03:22 +0800] "GET /xingrg/all/function/internal_message.html?_=1686621741812&CODE_STATE=getMsg HTTP/1.1" 302 -
180.163.30.85 - - [13/Jun/2023:10:03:22 +0800] "GET /xingrg/login.html HTTP/1.1" 200 7641
101.83.145.52 - - [13/Jun/2023:10:03:24 +0800] "POST /xingrg/kc/base/wldb_order_operate.html HTTP/1.1" 200 37
101.83.145.52 - - [13/Jun/2023:10:03:25 +0800] "POST /xingrg/kc/base/wldb_order_operate.html HTTP/1.1" 200 2678
116.238.139.35 - - [13/Jun/2023:10:03:26 +0800] "GET /xingrg/all/function/internal_message.html?_=1686621805140&CODE_STATE=getMsg HTTP/1.1" 200 27
101.83.241.253 - - [13/Jun/2023:10:03:27 +0800] "GET /xingrg/all/function/internal_message.html?_=1686621913330&CODE_STATE=getMsg HTTP/1.1" 200 27
61.170.233.201 - - [13/Jun/2023:10:03:30 +0800] "GET /xingrg/all/function/internal_message.html?_=1686621809293&CODE_STATE=getMsg HTTP/1.1" 200 27
116.232.195.127 - - [13/Jun/2023:10:03:32 +0800] "GET /xingrg/check_reg.html?_=1686621827622 HTTP/1.1" 200 22
116.232.195.127 - - [13/Jun/2023:10:03:32 +0800] "GET /xingrg/all/function/internal_message.html?_=1686621827626&CODE_STATE=getMsg HTTP/1.1" 200 27
172.20.0.100 - - [13/Jun/2023:10:03:36 +0800] "GET /xingrg/all/function/internal_message.html?_=1686621815857&CODE_STATE=getMsg HTTP/1.1" 200 27
114.89.202.110 - - [13/Jun/2023:10:03:42 +0800] "GET /xingrg/all/function/internal_message.html?_=1686621822879&CODE_STATE=getMsg HTTP/1.1" 200 27
222.70.245.26 - - [13/Jun/2023:10:03:43 +0800] "GET /xingrg/all/function/internal_message.html?_=1686621825133&CODE_STATE=getMsg HTTP/1.1" 200 27
124.79.244.240 - - [13/Jun/2023:10:03:44 +0800] "GET /xingrg/all/function/internal_message.html?_=1686622105067&CODE_STATE=getMsg HTTP/1.1" 200 27
180.169.147.146 - - [13/Jun/2023:10:03:44 +0800] "GET /xingrg/all/function/internal_message.html?_=1686621823064&CODE_STATE=getMsg HTTP/1.1" 200 27
180.164.3.199 - - [13/Jun/2023:10:03:46 +0800] "GET /xingrg/all/function/internal_message.html?_=1686621825611&CODE_STATE=getMsg HTTP/1.1" 200 27
124.79.244.240 - - [13/Jun/2023:10:04:09 +0800] "GET /xingrg/all/function/internal_message.html?_=1686621848899&CODE_STATE=getMsg HTTP/1.1" 200 27
222.70.180.90 - - [13/Jun/2023:10:04:19 +0800] "GET /xingrg/all/function/internal_message.html?_=1686621857645&CODE_STATE=getMsg HTTP/1.1" 200 27
180.169.147.146 - - [13/Jun/2023:10:04:22 +0800] "GET /xingrg/all/function/internal_message.html?_=1686621861803&CODE_STATE=getMsg HTTP/1.1" 200 27
180.169.147.146 - - [13/Jun/2023:10:04:22 +0800] "GET /xingrg/check_reg.html?_=1686621861807 HTTP/1.1" 200 22
180.163.29.234 - - [13/Jun/2023:10:04:22 +0800] "GET /xingrg/all/function/internal_message.html?_=1686621801806&CODE_STATE=getMsg HTTP/1.1" 302 -
180.163.29.234 - - [13/Jun/2023:10:04:22 +0800] "GET /xingrg/login.html HTTP/1.1" 200 7641
101.83.145.52 - - [13/Jun/2023:10:04:24 +0800] "GET /xingrg/kc/base/wldb_order_info.html?code=422023061300993 HTTP/1.1" 200 30389
101.83.145.52 - - [13/Jun/2023:10:04:24 +0800] "GET /xingrg/javascript/easyui/themes/default/validatebox.css HTTP/1.1" 404 1104
101.83.145.52 - - [13/Jun/2023:10:04:25 +0800] "POST /xingrg/kc/base/wldb_order_operate.html HTTP/1.1" 200 2678
116.238.139.35 - - [13/Jun/2023:10:04:26 +0800] "GET /xingrg/all/function/internal_message.html?_=1686621865112&CODE_STATE=getMsg HTTP/1.1" 200 27
101.83.241.253 - - [13/Jun/2023:10:04:27 +0800] "GET /xingrg/all/function/internal_message.html?_=1686621973314&CODE_STATE=getMsg HTTP/1.1" 200 27
101.83.145.52 - - [13/Jun/2023:10:04:27 +0800] "GET /xingrg/kc/base/wldb_order_add.html HTTP/1.1" 200 30381
101.83.145.52 - - [13/Jun/2023:10:04:28 +0800] "POST /xingrg/kc/base/wldb_order_operate.html HTTP/1.1" 200 6806
101.83.145.52 - - [13/Jun/2023:10:04:28 +0800] "GET /xingrg/javascript/easyui/themes/default/validatebox.css HTTP/1.1" 404 1104
180.163.29.217 - - [13/Jun/2023:10:04:30 +0800] "GET /xingrg/all/function/internal_message.html?_=1686621809293&CODE_STATE=getMsg HTTP/1.1" 302 -
180.163.29.217 - - [13/Jun/2023:10:04:30 +0800] "GET /xingrg/login.html HTTP/1.1" 200 7641
116.232.195.127 - - [13/Jun/2023:10:04:32 +0800] "GET /xingrg/all/function/internal_message.html?_=1686621887616&CODE_STATE=getMsg HTTP/1.1" 200 27
172.20.0.100 - - [13/Jun/2023:10:04:36 +0800] "GET /xingrg/all/function/internal_message.html?_=1686621875843&CODE_STATE=getMsg HTTP/1.1" 200 27
61.170.233.201 - - [13/Jun/2023:10:04:42 +0800] "GET /xingrg/all/function/internal_message.html?_=1686621869264&CODE_STATE=getMsg HTTP/1.1" 200 27
114.89.202.110 - - [13/Jun/2023:10:04:42 +0800] "GET /xingrg/all/function/internal_message.html?_=1686621882868&CODE_STATE=getMsg HTTP/1.1" 200 27
222.70.245.26 - - [13/Jun/2023:10:04:43 +0800] "GET /xingrg/all/function/internal_message.html?_=1686621885235&CODE_STATE=getMsg HTTP/1.1" 200 27
124.79.244.240 - - [13/Jun/2023:10:04:44 +0800] "GET /xingrg/all/function/internal_message.html?_=1686622165082&CODE_STATE=getMsg HTTP/1.1" 200 27
180.169.147.146 - - [13/Jun/2023:10:04:44 +0800] "GET /xingrg/all/function/internal_message.html?_=1686621883063&CODE_STATE=getMsg HTTP/1.1" 200 27
180.164.3.199 - - [13/Jun/2023:10:04:46 +0800] "GET /xingrg/all/function/internal_message.html?_=1686621885585&CODE_STATE=getMsg HTTP/1.1" 200 27
101.83.145.52 - - [13/Jun/2023:10:04:47 +0800] "GET /xingrg/kc/base/wldb_order_operate.html?command=get_materiel&rest_code=00105&base_code=0010513&code=00101019425 HTTP/1.1" 200 458
101.83.145.52 - - [13/Jun/2023:10:05:00 +0800] "GET /xingrg/kc/base/wldb_order_operate.html?command=get_materiel&rest_code=00105&base_code=0010513&code=00101012022 HTTP/1.1" 200 428
124.79.244.240 - - [13/Jun/2023:10:05:09 +0800] "GET /xingrg/all/function/internal_message.html?_=1686621908883&CODE_STATE=getMsg HTTP/1.1" 200 27
222.70.180.90 - - [13/Jun/2023:10:05:19 +0800] "GET /xingrg/all/function/internal_message.html?_=1686621917630&CODE_STATE=getMsg HTTP/1.1" 200 27
222.70.180.90 - - [13/Jun/2023:10:05:19 +0800] "GET /xingrg/check_reg.html?_=1686621917976 HTTP/1.1" 200 22
101.83.145.52 - - [13/Jun/2023:10:05:21 +0800] "GET /xingrg/all/function/internal_message.html?_=1686621920709&CODE_STATE=getMsg HTTP/1.1" 200 27
180.169.147.146 - - [13/Jun/2023:10:05:22 +0800] "GET /xingrg/all/function/internal_message.html?_=1686621921794&CODE_STATE=getMsg HTTP/1.1" 200 27
116.238.139.35 - - [13/Jun/2023:10:05:26 +0800] "GET /xingrg/all/function/internal_message.html?_=1686621925095&CODE_STATE=getMsg HTTP/1.1" 200 27
101.83.241.253 - - [13/Jun/2023:10:05:27 +0800] "GET /xingrg/all/function/internal_message.html?_=1686622033291&CODE_STATE=getMsg HTTP/1.1" 200 27
101.83.145.52 - - [13/Jun/2023:10:05:28 +0800] "GET /xingrg/kc/base/wldb_order_operate.html?command=get_materiel&rest_code=00105&base_code=0010513&code=00101019216 HTTP/1.1" 200 478
61.170.233.201 - - [13/Jun/2023:10:05:30 +0800] "GET /xingrg/all/function/internal_message.html?_=1686621929237&CODE_STATE=getMsg HTTP/1.1" 200 27
61.170.233.201 - - [13/Jun/2023:10:05:31 +0800] "GET /xingrg/check_reg.html?_=1686621930130 HTTP/1.1" 200 22
116.232.195.127 - - [13/Jun/2023:10:05:32 +0800] "GET /xingrg/all/function/internal_message.html?_=1686621947626&CODE_STATE=getMsg HTTP/1.1" 200 27
172.20.0.100 - - [13/Jun/2023:10:05:36 +0800] "GET /xingrg/all/function/internal_message.html?_=1686621935846&CODE_STATE=getMsg HTTP/1.1" 200 27
172.20.0.100 - - [13/Jun/2023:10:05:36 +0800] "GET /xingrg/check_reg.html?_=1686621935848 HTTP/1.1" 200 22
114.89.202.110 - - [13/Jun/2023:10:05:42 +0800] "GET /xingrg/all/function/internal_message.html?_=1686621942882&CODE_STATE=getMsg HTTP/1.1" 200 27
222.70.245.26 - - [13/Jun/2023:10:05:43 +0800] "GET /xingrg/all/function/internal_message.html?_=1686621945238&CODE_STATE=getMsg HTTP/1.1" 200 27
124.79.244.240 - - [13/Jun/2023:10:05:44 +0800] "GET /xingrg/check_reg.html?_=1686622225080 HTTP/1.1" 200 22
124.79.244.240 - - [13/Jun/2023:10:05:44 +0800] "GET /xingrg/all/function/internal_message.html?_=1686622225082&CODE_STATE=getMsg HTTP/1.1" 200 27
180.169.147.146 - - [13/Jun/2023:10:05:44 +0800] "GET /xingrg/all/function/internal_message.html?_=1686621943062&CODE_STATE=getMsg HTTP/1.1" 200 27
180.164.3.199 - - [13/Jun/2023:10:05:46 +0800] "GET /xingrg/all/function/internal_message.html?_=1686621945570&CODE_STATE=getMsg HTTP/1.1" 200 27
180.169.147.146 - - [13/Jun/2023:10:05:47 +0800] "GET /xingrg/check_reg.html?_=1686621946001 HTTP/1.1" 302 -
101.83.145.52 - - [13/Jun/2023:10:05:49 +0800] "POST /xingrg/kc/base/wldb_order_operate.html HTTP/1.1" 200 37
101.83.145.52 - - [13/Jun/2023:10:05:50 +0800] "POST /xingrg/kc/base/wldb_order_operate.html HTTP/1.1" 200 3175
101.83.145.52 - - [13/Jun/2023:10:05:57 +0800] "GET /xingrg/kc/base/wldb_order_info.html?code=422023061300994 HTTP/1.1" 200 30392
101.83.145.52 - - [13/Jun/2023:10:05:57 +0800] "GET /xingrg/javascript/easyui/themes/default/validatebox.css HTTP/1.1" 404 1104
101.83.145.52 - - [13/Jun/2023:10:05:58 +0800] "POST /xingrg/kc/base/wldb_order_operate.html HTTP/1.1" 200 3175
101.83.145.52 - - [13/Jun/2023:10:06:01 +0800] "GET /xingrg/kc/base/wldb_order_add.html HTTP/1.1" 200 30381
101.83.145.52 - - [13/Jun/2023:10:06:02 +0800] "GET /xingrg/javascript/easyui/themes/default/validatebox.css HTTP/1.1" 404 1104
101.83.145.52 - - [13/Jun/2023:10:06:02 +0800] "POST /xingrg/kc/base/wldb_order_operate.html HTTP/1.1" 200 6806
101.83.145.52 - - [13/Jun/2023:10:06:04 +0800] "POST /xingrg/all/common/load_combo.html?type=base HTTP/1.1" 200 3409
124.79.244.240 - - [13/Jun/2023:10:06:09 +0800] "GET /xingrg/all/function/internal_message.html?_=1686621968873&CODE_STATE=getMsg HTTP/1.1" 200 27
101.83.145.52 - - [13/Jun/2023:10:06:17 +0800] "GET /xingrg/kc/base/wldb_order_operate.html?command=get_materiel&rest_code=00105&base_code=0010513&code=00101008417 HTTP/1.1" 200 430
222.70.180.90 - - [13/Jun/2023:10:06:19 +0800] "GET /xingrg/all/function/internal_message.html?_=1686621977601&CODE_STATE=getMsg HTTP/1.1" 200 27
101.83.145.52 - - [13/Jun/2023:10:06:21 +0800] "GET /xingrg/all/function/internal_message.html?_=1686621980650&CODE_STATE=getMsg HTTP/1.1" 200 27
180.169.147.146 - - [13/Jun/2023:10:06:21 +0800] "GET /xingrg/all/function/internal_message.html?_=1686621981791&CODE_STATE=getMsg HTTP/1.1" 200 27
180.163.29.79 - - [13/Jun/2023:10:06:22 +0800] "GET /xingrg/all/function/internal_message.html?_=1686621921794&CODE_STATE=getMsg HTTP/1.1" 302 -
180.163.29.79 - - [13/Jun/2023:10:06:22 +0800] "GET /xingrg/login.html HTTP/1.1" 200 7641
116.238.139.35 - - [13/Jun/2023:10:06:26 +0800] "GET /xingrg/all/function/internal_message.html?_=1686621985080&CODE_STATE=getMsg HTTP/1.1" 200 27
101.83.241.253 - - [13/Jun/2023:10:06:27 +0800] "GET /xingrg/all/function/internal_message.html?_=1686622093291&CODE_STATE=getMsg HTTP/1.1" 200 27
101.83.145.52 - - [13/Jun/2023:10:06:28 +0800] "POST /xingrg/kc/base/wldb_order_operate.html HTTP/1.1" 200 37
101.83.145.52 - - [13/Jun/2023:10:06:28 +0800] "POST /xingrg/kc/base/wldb_order_operate.html HTTP/1.1" 200 2178
180.163.30.76 - - [13/Jun/2023:10:06:30 +0800] "GET /xingrg/all/function/internal_message.html?_=1686621929237&CODE_STATE=getMsg HTTP/1.1" 302 -
180.163.30.76 - - [13/Jun/2023:10:06:30 +0800] "GET /xingrg/login.html HTTP/1.1" 200 7641
61.170.233.201 - - [13/Jun/2023:10:06:30 +0800] "GET /xingrg/all/function/internal_message.html?_=1686621989221&CODE_STATE=getMsg HTTP/1.1" 200 27
180.163.28.180 - - [13/Jun/2023:10:06:31 +0800] "GET /xingrg/check_reg.html?_=1686621930130 HTTP/1.1" 302 -
180.163.28.180 - - [13/Jun/2023:10:06:31 +0800] "GET /xingrg/login.html HTTP/1.1" 200 7641
116.232.195.127 - - [13/Jun/2023:10:06:32 +0800] "GET /xingrg/all/function/internal_message.html?_=1686622007622&CODE_STATE=getMsg HTTP/1.1" 200 27
172.20.0.100 - - [13/Jun/2023:10:06:36 +0800] "GET /xingrg/all/function/internal_message.html?_=1686621995850&CODE_STATE=getMsg HTTP/1.1" 200 27
114.89.202.110 - - [13/Jun/2023:10:06:42 +0800] "GET /xingrg/all/function/internal_message.html?_=1686622002883&CODE_STATE=getMsg HTTP/1.1" 200 27
222.70.245.26 - - [13/Jun/2023:10:06:43 +0800] "GET /xingrg/all/function/internal_message.html?_=1686622005347&CODE_STATE=getMsg HTTP/1.1" 200 27
124.79.244.240 - - [13/Jun/2023:10:06:44 +0800] "GET /xingrg/all/function/internal_message.html?_=1686622285080&CODE_STATE=getMsg HTTP/1.1" 200 27
180.169.147.146 - - [13/Jun/2023:10:06:44 +0800] "GET /xingrg/all/function/internal_message.html?_=1686622003062&CODE_STATE=getMsg HTTP/1.1" 200 27
180.164.3.199 - - [13/Jun/2023:10:06:46 +0800] "GET /xingrg/all/function/internal_message.html?_=1686622005567&CODE_STATE=getMsg HTTP/1.1" 200 27
180.164.3.199 - - [13/Jun/2023:10:06:46 +0800] "GET /xingrg/check_reg.html?_=1686622006097 HTTP/1.1" 200 22
180.164.3.199 - - [13/Jun/2023:10:06:56 +0800] "GET /xingrg/kc/buy/cgsh_order_operate.html?command=get_materiel&rest_code=00108&code=00101008478&supplier_code=00100007&order_time=2023-06-13 HTTP/1.1" 200 413
124.79.244.240 - - [13/Jun/2023:10:07:09 +0800] "GET /xingrg/all/function/internal_message.html?_=1686622028897&CODE_STATE=getMsg HTTP/1.1" 200 27
101.83.145.52 - - [13/Jun/2023:10:07:09 +0800] "GET /xingrg/kc/base/wldb_order_info.html?code=422023061300995 HTTP/1.1" 200 30391
101.83.145.52 - - [13/Jun/2023:10:07:10 +0800] "GET /xingrg/javascript/easyui/themes/default/validatebox.css HTTP/1.1" 404 1104
180.164.3.199 - - [13/Jun/2023:10:07:11 +0800] "GET /xingrg/kc/buy/cgsh_order_operate.html?command=get_materiel&rest_code=00108&code=00101008233&supplier_code=00100007&order_time=2023-06-13 HTTP/1.1" 200 408
101.83.145.52 - - [13/Jun/2023:10:07:11 +0800] "POST /xingrg/kc/base/wldb_order_operate.html HTTP/1.1" 200 2178
101.83.241.253 - - [13/Jun/2023:10:07:12 +0800] "GET /xingrg/check_reg.html?_=1686622138782 HTTP/1.1" 200 22
222.70.245.26 - - [13/Jun/2023:10:07:17 +0800] "GET /xingrg/kc/buy/cgsh_order_list.html HTTP/1.1" 200 55860
222.70.245.26 - - [13/Jun/2023:10:07:17 +0800] "GET /xingrg/css/base.css HTTP/1.1" 304 -
222.70.245.26 - - [13/Jun/2023:10:07:17 +0800] "GET /xingrg/css/site.css HTTP/1.1" 304 -
222.70.245.26 - - [13/Jun/2023:10:07:17 +0800] "GET /xingrg/javascript/jquery_tools/datebox.css HTTP/1.1" 304 -
222.70.245.26 - - [13/Jun/2023:10:07:17 +0800] "GET /xingrg/javascript/easyui/easyloader.js HTTP/1.1" 304 -
222.70.245.26 - - [13/Jun/2023:10:07:17 +0800] "GET /xingrg/javascript/jquery_tools/fix.css HTTP/1.1" 304 -
222.70.245.26 - - [13/Jun/2023:10:07:17 +0800] "GET /xingrg/javascript/auto/jquery.autocomplete.css HTTP/1.1" 304 -
222.70.245.26 - - [13/Jun/2023:10:07:17 +0800] "GET /xingrg/javascript/easyui/themes/icon.css HTTP/1.1" 304 -
222.70.245.26 - - [13/Jun/2023:10:07:17 +0800] "GET /xingrg/javascript/easyui/themes/default/easyui.css HTTP/1.1" 304 -
222.70.245.26 - - [13/Jun/2023:10:07:17 +0800] "GET /xingrg/javascript/jquery_tools/jquery.tools.table.js HTTP/1.1" 304 -
222.70.245.26 - - [13/Jun/2023:10:07:17 +0800] "GET /xingrg/javascript/jquery_tools/table.css HTTP/1.1" 304 -
222.70.245.26 - - [13/Jun/2023:10:07:17 +0800] "GET /xingrg/javascript/auto/jquery.autocomplete.js HTTP/1.1" 304 -
222.70.245.26 - - [13/Jun/2023:10:07:17 +0800] "GET /xingrg/javascript/jquery_tools/jquery.tools.min.js HTTP/1.1" 304 -
222.70.245.26 - - [13/Jun/2023:10:07:17 +0800] "GET /xingrg/javascript/jquery.cookie.js HTTP/1.1" 304 -
222.70.245.26 - - [13/Jun/2023:10:07:17 +0800] "GET /xingrg/javascript/print/LodopFuncs.js HTTP/1.1" 304 -
222.70.245.26 - - [13/Jun/2023:10:07:17 +0800] "GET /xingrg/javascript/jquery_tools/jquery.tools.extend.js HTTP/1.1" 304 -
222.70.245.26 - - [13/Jun/2023:10:07:17 +0800] "GET /xingrg/javascript/jquery_tools/list_manager.js HTTP/1.1" 304 -
222.70.245.26 - - [13/Jun/2023:10:07:17 +0800] "GET /xingrg/javascript/jquery_tools/jquery.tools.hotkey.js HTTP/1.1" 304 -
222.70.245.26 - - [13/Jun/2023:10:07:17 +0800] "GET /xingrg/javascript/jquery.utils.js HTTP/1.1" 304 -
222.70.245.26 - - [13/Jun/2023:10:07:17 +0800] "GET /xingrg/javascript/easyui/plugins/jquery.parser.js HTTP/1.1" 304 -
222.70.180.90 - - [13/Jun/2023:10:07:19 +0800] "GET /xingrg/all/function/internal_message.html?_=1686622037586&CODE_STATE=getMsg HTTP/1.1" 200 27
222.70.245.26 - - [13/Jun/2023:10:07:19 +0800] "POST /xingrg/kc/buy/cgsh_list_operate.html HTTP/1.1" 200 986
101.83.145.52 - - [13/Jun/2023:10:07:21 +0800] "GET /xingrg/all/function/internal_message.html?_=1686622040655&CODE_STATE=getMsg HTTP/1.1" 200 27
180.169.147.146 - - [13/Jun/2023:10:07:22 +0800] "GET /xingrg/all/function/internal_message.html?_=1686622041798&CODE_STATE=getMsg HTTP/1.1" 200 27
180.163.29.212 - - [13/Jun/2023:10:07:22 +0800] "GET /xingrg/all/function/internal_message.html?_=1686621981791&CODE_STATE=getMsg HTTP/1.1" 302 -
180.163.29.212 - - [13/Jun/2023:10:07:22 +0800] "GET /xingrg/login.html HTTP/1.1" 200 7641
222.70.245.26 - - [13/Jun/2023:10:07:22 +0800] "GET /xingrg/kc/buy/cgsh_order_add.html HTTP/1.1" 200 71636
222.70.245.26 - - [13/Jun/2023:10:07:22 +0800] "POST /xingrg/kc/buy/cgsh_order_operate.html HTTP/1.1" 200 8245
222.70.245.26 - - [13/Jun/2023:10:07:23 +0800] "GET /xingrg/javascript/easyui/themes/default/validatebox.css HTTP/1.1" 404 1104
116.238.139.35 - - [13/Jun/2023:10:07:26 +0800] "GET /xingrg/all/function/internal_message.html?_=1686622045068&CODE_STATE=getMsg HTTP/1.1" 200 27
222.70.245.26 - - [13/Jun/2023:10:07:26 +0800] "GET /xingrg/check_reg.html?_=1686622048189 HTTP/1.1" 200 22
116.238.139.35 - - [13/Jun/2023:10:07:26 +0800] "GET /xingrg/check_reg.html?_=1686622045414 HTTP/1.1" 200 22
101.83.241.253 - - [13/Jun/2023:10:07:27 +0800] "GET /xingrg/all/function/internal_message.html?_=1686622153269&CODE_STATE=getMsg HTTP/1.1" 200 27
61.170.233.201 - - [13/Jun/2023:10:07:30 +0800] "GET /xingrg/all/function/internal_message.html?_=1686622049191&CODE_STATE=getMsg HTTP/1.1" 200 27
116.232.195.127 - - [13/Jun/2023:10:07:32 +0800] "GET /xingrg/all/function/internal_message.html?_=1686622067613&CODE_STATE=getMsg HTTP/1.1" 200 27
172.20.0.100 - - [13/Jun/2023:10:07:36 +0800] "GET /xingrg/all/function/internal_message.html?_=1686622055856&CODE_STATE=getMsg HTTP/1.1" 200 27
114.89.202.110 - - [13/Jun/2023:10:07:42 +0800] "GET /xingrg/check_reg.html?_=1686622062883 HTTP/1.1" 200 22
114.89.202.110 - - [13/Jun/2023:10:07:42 +0800] "GET /xingrg/all/function/internal_message.html?_=1686622062886&CODE_STATE=getMsg HTTP/1.1" 200 27
222.70.245.26 - - [13/Jun/2023:10:07:43 +0800] "GET /xingrg/all/function/internal_message.html?_=1686622065358&CODE_STATE=getMsg HTTP/1.1" 200 27
124.79.244.240 - - [13/Jun/2023:10:07:44 +0800] "GET /xingrg/all/function/internal_message.html?_=1686622345078&CODE_STATE=getMsg HTTP/1.1" 200 27
180.169.147.146 - - [13/Jun/2023:10:07:44 +0800] "GET /xingrg/check_reg.html?_=1686622063063 HTTP/1.1" 200 22
180.169.147.146 - - [13/Jun/2023:10:07:44 +0800] "GET /xingrg/all/function/internal_message.html?_=1686622063065&CODE_STATE=getMsg HTTP/1.1" 200 27
180.164.3.199 - - [13/Jun/2023:10:07:45 +0800] "GET /xingrg/all/function/internal_message.html?_=1686622065548&CODE_STATE=getMsg HTTP/1.1" 200 27
222.70.245.26 - - [13/Jun/2023:10:08:07 +0800] "GET /xingrg/kc/buy/cgsh_order_operate.html?command=get_materiel&rest_code=00146&code=00101008239&supplier_code=00100005&order_time=2023-06-13 HTTP/1.1" 200 416
124.79.244.240 - - [13/Jun/2023:10:08:09 +0800] "GET /xingrg/check_reg.html?_=1686622088894 HTTP/1.1" 200 22
124.79.244.240 - - [13/Jun/2023:10:08:09 +0800] "GET /xingrg/all/function/internal_message.html?_=1686622088896&CODE_STATE=getMsg HTTP/1.1" 200 27
222.70.180.90 - - [13/Jun/2023:10:08:19 +0800] "GET /xingrg/all/function/internal_message.html?_=1686622097571&CODE_STATE=getMsg HTTP/1.1" 200 27
101.83.145.52 - - [13/Jun/2023:10:08:21 +0800] "GET /xingrg/all/function/internal_message.html?_=1686622100606&CODE_STATE=getMsg HTTP/1.1" 200 27
180.169.147.146 - - [13/Jun/2023:10:08:22 +0800] "GET /xingrg/all/function/internal_message.html?_=1686622101797&CODE_STATE=getMsg HTTP/1.1" 200 27
180.163.28.180 - - [13/Jun/2023:10:08:22 +0800] "GET /xingrg/all/function/internal_message.html?_=1686622041798&CODE_STATE=getMsg HTTP/1.1" 302 -
180.163.28.180 - - [13/Jun/2023:10:08:22 +0800] "GET /xingrg/login.html HTTP/1.1" 200 7641
116.238.139.35 - - [13/Jun/2023:10:08:26 +0800] "GET /xingrg/all/function/internal_message.html?_=1686622105041&CODE_STATE=getMsg HTTP/1.1" 200 27
101.83.241.253 - - [13/Jun/2023:10:08:27 +0800] "GET /xingrg/all/function/internal_message.html?_=1686622213245&CODE_STATE=getMsg HTTP/1.1" 200 27
222.70.245.26 - - [13/Jun/2023:10:08:29 +0800] "GET /xingrg/kc/buy/cgsh_order_operate.html?command=get_materiel&rest_code=00146&code=00101008403&supplier_code=00100005&order_time=2023-06-13 HTTP/1.1" 200 412
180.163.30.100 - - [13/Jun/2023:10:08:30 +0800] "GET /xingrg/all/function/internal_message.html?_=1686622049191&CODE_STATE=getMsg HTTP/1.1" 302 -
180.163.30.100 - - [13/Jun/2023:10:08:30 +0800] "GET /xingrg/login.html HTTP/1.1" 200 7641
61.170.233.201 - - [13/Jun/2023:10:08:30 +0800] "GET /xingrg/all/function/internal_message.html?_=1686622109165&CODE_STATE=getMsg HTTP/1.1" 200 27
116.232.195.127 - - [13/Jun/2023:10:08:32 +0800] "GET /xingrg/all/function/internal_message.html?_=1686622127609&CODE_STATE=getMsg HTTP/1.1" 200 27
116.232.195.127 - - [13/Jun/2023:10:08:32 +0800] "GET /xingrg/check_reg.html?_=1686622127615 HTTP/1.1" 200 22
172.20.0.100 - - [13/Jun/2023:10:08:36 +0800] "GET /xingrg/all/function/internal_message.html?_=1686622115843&CODE_STATE=getMsg HTTP/1.1" 200 27
180.164.3.199 - - [13/Jun/2023:10:08:40 +0800] "GET /xingrg/kc/buy/cgsh_order_operate.html?command=get_materiel&rest_code=00108&code=00101013102&supplier_code=00100007&order_time=2023-06-13 HTTP/1.1" 200 413
114.89.202.110 - - [13/Jun/2023:10:08:42 +0800] "GET /xingrg/all/function/internal_message.html?_=1686622122886&CODE_STATE=getMsg HTTP/1.1" 200 27
222.70.245.26 - - [13/Jun/2023:10:08:43 +0800] "GET /xingrg/kc/buy/cgsh_order_operate.html?command=get_materiel&rest_code=00146&code=00101008087&supplier_code=00100005&order_time=2023-06-13 HTTP/1.1" 200 412
222.70.245.26 - - [13/Jun/2023:10:08:43 +0800] "GET /xingrg/all/function/internal_message.html?_=1686622125372&CODE_STATE=getMsg HTTP/1.1" 200 27
124.79.244.240 - - [13/Jun/2023:10:08:44 +0800] "GET /xingrg/all/function/internal_message.html?_=1686622405075&CODE_STATE=getMsg HTTP/1.1" 200 27
180.169.147.146 - - [13/Jun/2023:10:08:44 +0800] "GET /xingrg/all/function/internal_message.html?_=1686622123063&CODE_STATE=getMsg HTTP/1.1" 200 27
180.164.3.199 - - [13/Jun/2023:10:08:45 +0800] "GET /xingrg/all/function/internal_message.html?_=1686622125535&CODE_STATE=getMsg HTTP/1.1" 200 27
222.70.245.26 - - [13/Jun/2023:10:09:00 +0800] "GET /xingrg/kc/buy/cgsh_order_operate.html?command=get_materiel&rest_code=00146&code=00101008355&supplier_code=00100005&order_time=2023-06-13 HTTP/1.1" 200 408
124.79.244.240 - - [13/Jun/2023:10:09:09 +0800] "GET /xingrg/all/function/internal_message.html?_=1686622148891&CODE_STATE=getMsg HTTP/1.1" 200 27
222.70.245.26 - - [13/Jun/2023:10:09:14 +0800] "GET /xingrg/kc/buy/cgsh_order_operate.html?command=get_materiel&rest_code=00146&code=00101008004&supplier_code=00100005&order_time=2023-06-13 HTTP/1.1" 200 416
222.70.180.90 - - [13/Jun/2023:10:09:19 +0800] "GET /xingrg/all/function/internal_message.html?_=1686622157556&CODE_STATE=getMsg HTTP/1.1" 200 27
101.83.145.52 - - [13/Jun/2023:10:09:21 +0800] "GET /xingrg/all/function/internal_message.html?_=1686622160582&CODE_STATE=getMsg HTTP/1.1" 200 27
180.169.147.146 - - [13/Jun/2023:10:09:22 +0800] "GET /xingrg/all/function/internal_message.html?_=1686622161797&CODE_STATE=getMsg HTTP/1.1" 200 27
180.169.147.146 - - [13/Jun/2023:10:09:22 +0800] "GET /xingrg/check_reg.html?_=1686622161801 HTTP/1.1" 200 22
101.83.145.52 - - [13/Jun/2023:10:09:22 +0800] "GET /xingrg/check_reg.html?_=1686622161567 HTTP/1.1" 200 22
180.163.29.79 - - [13/Jun/2023:10:09:22 +0800] "GET /xingrg/all/function/internal_message.html?_=1686622101797&CODE_STATE=getMsg HTTP/1.1" 302 -
180.163.29.79 - - [13/Jun/2023:10:09:22 +0800] "GET /xingrg/login.html HTTP/1.1" 200 7641
116.238.139.35 - - [13/Jun/2023:10:09:26 +0800] "GET /xingrg/all/function/internal_message.html?_=1686622165012&CODE_STATE=getMsg HTTP/1.1" 200 27
101.83.241.253 - - [13/Jun/2023:10:09:27 +0800] "GET /xingrg/all/function/internal_message.html?_=1686622273234&CODE_STATE=getMsg HTTP/1.1" 200 27
222.70.245.26 - - [13/Jun/2023:10:09:28 +0800] "GET /xingrg/kc/buy/cgsh_order_operate.html?command=get_materiel&rest_code=00146&code=00101008290&supplier_code=00100005&order_time=2023-06-13 HTTP/1.1" 200 416
180.163.30.85 - - [13/Jun/2023:10:09:30 +0800] "GET /xingrg/all/function/internal_message.html?_=1686622109165&CODE_STATE=getMsg HTTP/1.1" 302 -
180.163.30.85 - - [13/Jun/2023:10:09:30 +0800] "GET /xingrg/login.html HTTP/1.1" 200 7641
61.170.233.201 - - [13/Jun/2023:10:09:30 +0800] "GET /xingrg/all/function/internal_message.html?_=1686622169152&CODE_STATE=getMsg HTTP/1.1" 200 27
116.232.195.127 - - [13/Jun/2023:10:09:32 +0800] "GET /xingrg/all/function/internal_message.html?_=1686622187616&CODE_STATE=getMsg HTTP/1.1" 200 27
180.164.3.199 - - [13/Jun/2023:10:09:34 +0800] "GET /xingrg/kc/buy/cgsh_order_operate.html?command=get_materiel&rest_code=00108&code=00101008286&supplier_code=00100007&order_time=2023-06-13 HTTP/1.1" 200 408
172.20.0.100 - - [13/Jun/2023:10:09:36 +0800] "GET /xingrg/all/function/internal_message.html?_=1686622175845&CODE_STATE=getMsg HTTP/1.1" 200 27
180.164.3.199 - - [13/Jun/2023:10:09:39 +0800] "POST /xingrg/kc/buy/cgsh_order_operate.html HTTP/1.1" 200 2065
222.70.245.26 - - [13/Jun/2023:10:09:40 +0800] "GET /xingrg/kc/buy/cgsh_order_operate.html?command=get_materiel&rest_code=00146&code=00101008210&supplier_code=00100005&order_time=2023-06-13 HTTP/1.1" 200 408
114.89.202.110 - - [13/Jun/2023:10:09:42 +0800] "GET /xingrg/all/function/internal_message.html?_=1686622182878&CODE_STATE=getMsg HTTP/1.1" 200 27
222.70.245.26 - - [13/Jun/2023:10:09:43 +0800] "GET /xingrg/all/function/internal_message.html?_=1686622185387&CODE_STATE=getMsg HTTP/1.1" 200 27
124.79.244.240 - - [13/Jun/2023:10:09:44 +0800] "GET /xingrg/all/function/internal_message.html?_=1686622465074&CODE_STATE=getMsg HTTP/1.1" 200 27
180.169.147.146 - - [13/Jun/2023:10:09:44 +0800] "GET /xingrg/all/function/internal_message.html?_=1686622183061&CODE_STATE=getMsg HTTP/1.1" 200 27
180.164.3.199 - - [13/Jun/2023:10:09:45 +0800] "GET /xingrg/all/function/internal_message.html?_=1686622185539&CODE_STATE=getMsg HTTP/1.1" 200 27
180.164.3.199 - - [13/Jun/2023:10:09:48 +0800] "GET /xingrg/kc/buy/cgsh_order_operate.html?command=get_materiel&rest_code=00108&code=00101008365&supplier_code=00100007&order_time=2023-06-13 HTTP/1.1" 200 412
222.70.245.26 - - [13/Jun/2023:10:09:53 +0800] "GET /xingrg/kc/buy/cgsh_order_operate.html?command=get_materiel&rest_code=00146&code=00101008132&supplier_code=00100005&order_time=2023-06-13 HTTP/1.1" 200 408
