222.70.114.12 - - [13/Jun/2023:12:01:13 +0800] "POST /xingrg/kc/base/wldb_order_operate.html HTTP/1.1" 200 37
222.70.114.12 - - [13/Jun/2023:12:01:14 +0800] "GET /xingrg/kc/base/wldb_order_info.html?code=422023061301024 HTTP/1.1" 200 30396
222.70.114.12 - - [13/Jun/2023:12:01:14 +0800] "POST /xingrg/kc/base/wldb_order_operate.html HTTP/1.1" 200 2218
222.70.114.12 - - [13/Jun/2023:12:01:14 +0800] "GET /xingrg/javascript/easyui/themes/default/validatebox.css HTTP/1.1" 404 1104
222.70.114.12 - - [13/Jun/2023:12:01:14 +0800] "GET /xingrg/all/common/auto_word.html?type=base&rest_code=00156 HTTP/1.1" 200 1903
222.70.114.12 - - [13/Jun/2023:12:01:14 +0800] "GET /xingrg/all/common/auto_word.html?type=base&rest_code=00156 HTTP/1.1" 200 1903
222.70.114.12 - - [13/Jun/2023:12:01:15 +0800] "POST /xingrg/kc/base/wldb_order_operate.html HTTP/1.1" 200 2218
222.70.114.12 - - [13/Jun/2023:12:01:16 +0800] "GET /xingrg/kc/base/wldb_order_add.html HTTP/1.1" 200 30383
222.70.114.12 - - [13/Jun/2023:12:01:17 +0800] "POST /xingrg/kc/base/wldb_order_operate.html HTTP/1.1" 200 6806
222.70.114.12 - - [13/Jun/2023:12:01:17 +0800] "GET /xingrg/javascript/easyui/themes/default/validatebox.css HTTP/1.1" 404 1104
222.70.114.12 - - [13/Jun/2023:12:01:17 +0800] "GET /xingrg/all/common/auto_word.html?type=base&rest_code=00156 HTTP/1.1" 200 1903
222.70.114.12 - - [13/Jun/2023:12:01:17 +0800] "GET /xingrg/all/common/auto_word.html?type=base&rest_code=00156 HTTP/1.1" 200 1903
101.83.145.52 - - [13/Jun/2023:12:01:18 +0800] "GET /xingrg/all/function/internal_message.html?_=1686628878254&CODE_STATE=getMsg HTTP/1.1" 200 27
114.85.113.108 - - [13/Jun/2023:12:01:18 +0800] "GET /xingrg/all/function/internal_message.html?_=1686628878620&CODE_STATE=getMsg HTTP/1.1" 200 27
180.169.147.146 - - [13/Jun/2023:12:01:20 +0800] "GET /xingrg/all/function/internal_message.html?_=1686628880629&CODE_STATE=getMsg HTTP/1.1" 200 27
222.70.114.12 - - [13/Jun/2023:12:01:20 +0800] "GET /xingrg/kc/base/wldb_order_operate.html?command=get_materiel&rest_code=00156&base_code=0010779&code=00101019142 HTTP/1.1" 200 463
222.67.234.146 - - [13/Jun/2023:12:01:21 +0800] "GET /xingrg/kc/buy/cgsh_order_operate.html?command=get_materiel&rest_code=00141&code=00101006109&supplier_code=00100012&order_time=2023-06-13 HTTP/1.1" 200 409
222.70.114.12 - - [13/Jun/2023:12:01:23 +0800] "GET /xingrg/kc/base/wldb_order_operate.html?command=get_materiel&rest_code=00156&base_code=0010779&code=00101019222 HTTP/1.1" 200 454
116.238.139.35 - - [13/Jun/2023:12:01:24 +0800] "GET /xingrg/all/function/internal_message.html?_=1686628882477&CODE_STATE=getMsg HTTP/1.1" 200 27
101.83.241.120 - - [13/Jun/2023:12:01:25 +0800] "GET /xingrg/all/function/internal_message.html?_=1686628883434&CODE_STATE=getMsg HTTP/1.1" 200 27
101.83.241.253 - - [13/Jun/2023:12:01:25 +0800] "GET /xingrg/all/function/internal_message.html?_=1686628991579&CODE_STATE=getMsg HTTP/1.1" 200 27
222.70.114.12 - - [13/Jun/2023:12:01:25 +0800] "GET /xingrg/check_reg.html?_=1686628888058 HTTP/1.1" 200 22
222.70.114.12 - - [13/Jun/2023:12:01:25 +0800] "GET /xingrg/all/function/internal_message.html?_=1686628888057&CODE_STATE=getMsg HTTP/1.1" 200 27
180.163.28.68 - - [13/Jun/2023:12:01:30 +0800] "GET /xingrg/all/function/internal_message.html?_=1686628829027&CODE_STATE=getMsg HTTP/1.1" 302 -
61.170.233.201 - - [13/Jun/2023:12:01:30 +0800] "GET /xingrg/all/function/internal_message.html?_=1686628889002&CODE_STATE=getMsg HTTP/1.1" 200 27
180.163.28.68 - - [13/Jun/2023:12:01:30 +0800] "GET /xingrg/login.html HTTP/1.1" 200 7641
180.163.29.234 - - [13/Jun/2023:12:01:31 +0800] "GET /xingrg/check_reg.html?_=1686628829874 HTTP/1.1" 302 -
180.163.29.234 - - [13/Jun/2023:12:01:31 +0800] "GET /xingrg/login.html HTTP/1.1" 200 7641
180.169.147.146 - - [13/Jun/2023:12:01:32 +0800] "GET /xingrg/all/function/internal_message.html?_=1686628891078&CODE_STATE=getMsg HTTP/1.1" 200 27
116.232.195.127 - - [13/Jun/2023:12:01:33 +0800] "GET /xingrg/all/function/internal_message.html?_=1686628907617&CODE_STATE=getMsg HTTP/1.1" 200 27
180.169.147.146 - - [13/Jun/2023:12:01:33 +0800] "GET /xingrg/check_reg.html?_=1686628892546 HTTP/1.1" 200 22
222.70.114.12 - - [13/Jun/2023:12:01:33 +0800] "POST /xingrg/kc/base/wldb_order_operate.html HTTP/1.1" 200 37
222.70.114.12 - - [13/Jun/2023:12:01:34 +0800] "POST /xingrg/kc/base/wldb_order_operate.html HTTP/1.1" 200 2692
222.70.114.12 - - [13/Jun/2023:12:01:35 +0800] "GET /xingrg/kc/base/wldb_order_info.html?code=422023061301025 HTTP/1.1" 200 30397
222.70.114.12 - - [13/Jun/2023:12:01:35 +0800] "GET /xingrg/javascript/easyui/themes/default/validatebox.css HTTP/1.1" 404 1104
222.70.114.12 - - [13/Jun/2023:12:01:35 +0800] "GET /xingrg/all/common/auto_word.html?type=base&rest_code=00156 HTTP/1.1" 200 1903
222.67.234.146 - - [13/Jun/2023:12:01:35 +0800] "GET /xingrg/kc/buy/cgsh_order_operate.html?command=get_materiel&rest_code=00141&code=00101006111&supplier_code=00100012&order_time=2023-06-13 HTTP/1.1" 200 409
222.70.114.12 - - [13/Jun/2023:12:01:35 +0800] "GET /xingrg/all/common/auto_word.html?type=base&rest_code=00156 HTTP/1.1" 200 1903
222.70.180.90 - - [13/Jun/2023:12:01:36 +0800] "GET /xingrg/all/function/internal_message.html?_=1686628984992&CODE_STATE=getMsg HTTP/1.1" 200 27
172.20.0.100 - - [13/Jun/2023:12:01:36 +0800] "GET /xingrg/all/function/internal_message.html?_=1686628895847&CODE_STATE=getMsg HTTP/1.1" 200 27
222.70.114.12 - - [13/Jun/2023:12:01:36 +0800] "POST /xingrg/kc/base/wldb_order_operate.html HTTP/1.1" 200 2692
222.70.114.12 - - [13/Jun/2023:12:01:38 +0800] "GET /xingrg/kc/base/wldb_order_add.html HTTP/1.1" 200 30383
222.70.114.12 - - [13/Jun/2023:12:01:38 +0800] "POST /xingrg/kc/base/wldb_order_operate.html HTTP/1.1" 200 6806
222.70.114.12 - - [13/Jun/2023:12:01:38 +0800] "GET /xingrg/javascript/easyui/themes/default/validatebox.css HTTP/1.1" 404 1104
222.70.114.12 - - [13/Jun/2023:12:01:38 +0800] "GET /xingrg/all/common/auto_word.html?type=base&rest_code=00156 HTTP/1.1" 200 1903
222.70.114.12 - - [13/Jun/2023:12:01:38 +0800] "GET /xingrg/all/common/auto_word.html?type=base&rest_code=00156 HTTP/1.1" 200 1903
222.70.114.12 - - [13/Jun/2023:12:01:43 +0800] "GET /xingrg/kc/base/wldb_order_operate.html?command=get_materiel&rest_code=00156&base_code=0010779&code=00101027001 HTTP/1.1" 200 471
180.164.3.199 - - [13/Jun/2023:12:01:44 +0800] "GET /xingrg/all/function/internal_message.html?_=1686628903818&CODE_STATE=getMsg HTTP/1.1" 200 27
180.169.147.146 - - [13/Jun/2023:12:01:44 +0800] "GET /xingrg/all/function/internal_message.html?_=1686628903226&CODE_STATE=getMsg HTTP/1.1" 200 27
124.79.244.240 - - [13/Jun/2023:12:01:44 +0800] "GET /xingrg/all/function/internal_message.html?_=1686629185185&CODE_STATE=getMsg HTTP/1.1" 200 27
180.164.3.199 - - [13/Jun/2023:12:01:46 +0800] "GET /xingrg/check_reg.html?_=1686628906107 HTTP/1.1" 200 22
218.81.66.198 - - [13/Jun/2023:12:01:48 +0800] "GET /xingrg/all/function/internal_message.html?_=1686628907949&CODE_STATE=getMsg HTTP/1.1" 200 27
222.67.234.146 - - [13/Jun/2023:12:01:49 +0800] "GET /xingrg/kc/buy/cgsh_order_operate.html?command=get_materiel&rest_code=00141&code=00101006129&supplier_code=00100012&order_time=2023-06-13 HTTP/1.1" 200 431
101.229.22.40 - - [13/Jun/2023:12:01:50 +0800] "GET /xingrg/all/function/internal_message.html?_=1686628909976&CODE_STATE=getMsg HTTP/1.1" 200 27
222.67.234.146 - - [13/Jun/2023:12:01:50 +0800] "GET /xingrg/check_reg.html?_=1686628408817 HTTP/1.1" 200 22
222.70.114.12 - - [13/Jun/2023:12:01:52 +0800] "POST /xingrg/kc/base/wldb_order_operate.html HTTP/1.1" 200 37
222.70.114.12 - - [13/Jun/2023:12:01:53 +0800] "GET /xingrg/kc/base/wldb_order_info.html?code=422023061301026 HTTP/1.1" 200 30398
222.70.114.12 - - [13/Jun/2023:12:01:53 +0800] "GET /xingrg/javascript/easyui/themes/default/validatebox.css HTTP/1.1" 404 1104
222.70.114.12 - - [13/Jun/2023:12:01:53 +0800] "POST /xingrg/kc/base/wldb_order_operate.html HTTP/1.1" 200 2216
222.70.114.12 - - [13/Jun/2023:12:01:53 +0800] "GET /xingrg/all/common/auto_word.html?type=base&rest_code=00156 HTTP/1.1" 200 1903
222.70.114.12 - - [13/Jun/2023:12:01:53 +0800] "GET /xingrg/all/common/auto_word.html?type=base&rest_code=00156 HTTP/1.1" 200 1903
222.70.114.12 - - [13/Jun/2023:12:01:54 +0800] "POST /xingrg/kc/base/wldb_order_operate.html HTTP/1.1" 200 2216
222.67.234.146 - - [13/Jun/2023:12:01:54 +0800] "GET /xingrg/all/function/internal_message.html?_=1686628413226&CODE_STATE=getMsg HTTP/1.1" 200 27
222.70.114.12 - - [13/Jun/2023:12:01:55 +0800] "GET /xingrg/kc/base/wldb_order_add.html HTTP/1.1" 200 30383
222.70.114.12 - - [13/Jun/2023:12:01:55 +0800] "POST /xingrg/kc/base/wldb_order_operate.html HTTP/1.1" 200 6806
222.70.114.12 - - [13/Jun/2023:12:01:55 +0800] "GET /xingrg/javascript/easyui/themes/default/validatebox.css HTTP/1.1" 404 1104
222.70.114.12 - - [13/Jun/2023:12:01:55 +0800] "GET /xingrg/all/common/auto_word.html?type=base&rest_code=00156 HTTP/1.1" 200 1903
222.70.114.12 - - [13/Jun/2023:12:01:55 +0800] "GET /xingrg/all/common/auto_word.html?type=base&rest_code=00156 HTTP/1.1" 200 1903
222.70.245.26 - - [13/Jun/2023:12:02:05 +0800] "GET /xingrg/all/function/internal_message.html?_=1686628926807&CODE_STATE=getMsg HTTP/1.1" 200 27
222.67.234.146 - - [13/Jun/2023:12:02:05 +0800] "GET /xingrg/kc/buy/cgsh_order_operate.html?command=get_materiel&rest_code=00141&code=00101006055&supplier_code=00100012&order_time=2023-06-13 HTTP/1.1" 200 409
114.89.202.110 - - [13/Jun/2023:12:02:06 +0800] "GET /xingrg/all/function/internal_message.html?_=1686628934501&CODE_STATE=getMsg HTTP/1.1" 200 27
222.70.114.12 - - [13/Jun/2023:12:02:09 +0800] "GET /xingrg/kc/base/wldb_order_operate.html?command=get_materiel&rest_code=00156&base_code=0010781&code=00101001070 HTTP/1.1" 200 431
124.79.244.240 - - [13/Jun/2023:12:02:11 +0800] "GET /xingrg/all/function/internal_message.html?_=1686628930800&CODE_STATE=getMsg HTTP/1.1" 302 -
222.70.114.12 - - [13/Jun/2023:12:02:12 +0800] "GET /xingrg/kc/base/wldb_order_operate.html?command=get_materiel&rest_code=00156&base_code=0010781&code=00101014040 HTTP/1.1" 200 433
101.83.241.253 - - [13/Jun/2023:12:02:12 +0800] "GET /xingrg/check_reg.html?_=1686629038798 HTTP/1.1" 200 22
101.83.145.52 - - [13/Jun/2023:12:02:18 +0800] "GET /xingrg/all/function/internal_message.html?_=1686628938226&CODE_STATE=getMsg HTTP/1.1" 200 27
114.85.113.108 - - [13/Jun/2023:12:02:18 +0800] "GET /xingrg/all/function/internal_message.html?_=1686628938603&CODE_STATE=getMsg HTTP/1.1" 200 27
180.169.147.146 - - [13/Jun/2023:12:02:20 +0800] "GET /xingrg/all/function/internal_message.html?_=1686628940622&CODE_STATE=getMsg HTTP/1.1" 200 27
120.253.135.82 - - [13/Jun/2023:12:02:22 +0800] "GET /xingrg/check_reg.html?_=1686628776634 HTTP/1.1" 200 22
222.70.114.12 - - [13/Jun/2023:12:02:22 +0800] "POST /xingrg/kc/base/wldb_order_operate.html HTTP/1.1" 200 37
222.70.114.12 - - [13/Jun/2023:12:02:23 +0800] "GET /xingrg/kc/base/wldb_order_info.html?code=422023061301027 HTTP/1.1" 200 30395
116.238.139.35 - - [13/Jun/2023:12:02:24 +0800] "GET /xingrg/all/function/internal_message.html?_=1686628942451&CODE_STATE=getMsg HTTP/1.1" 200 27
222.70.114.12 - - [13/Jun/2023:12:02:24 +0800] "POST /xingrg/kc/base/wldb_order_operate.html HTTP/1.1" 200 2182
222.70.114.12 - - [13/Jun/2023:12:02:24 +0800] "GET /xingrg/javascript/easyui/themes/default/validatebox.css HTTP/1.1" 404 1104
222.70.114.12 - - [13/Jun/2023:12:02:24 +0800] "GET /xingrg/all/common/auto_word.html?type=base&rest_code=00156 HTTP/1.1" 200 1903
222.70.114.12 - - [13/Jun/2023:12:02:24 +0800] "GET /xingrg/all/common/auto_word.html?type=base&rest_code=00156 HTTP/1.1" 200 1903
222.70.114.12 - - [13/Jun/2023:12:02:25 +0800] "POST /xingrg/kc/base/wldb_order_operate.html HTTP/1.1" 200 2182
101.83.241.120 - - [13/Jun/2023:12:02:25 +0800] "GET /xingrg/all/function/internal_message.html?_=1686628943407&CODE_STATE=getMsg HTTP/1.1" 200 27
101.83.241.253 - - [13/Jun/2023:12:02:25 +0800] "GET /xingrg/all/function/internal_message.html?_=1686629051551&CODE_STATE=getMsg HTTP/1.1" 200 27
222.70.114.12 - - [13/Jun/2023:12:02:25 +0800] "GET /xingrg/all/function/internal_message.html?_=1686628948059&CODE_STATE=getMsg HTTP/1.1" 200 27
222.70.114.12 - - [13/Jun/2023:12:02:26 +0800] "GET /xingrg/kc/base/wldb_order_add.html HTTP/1.1" 200 30383
222.70.114.12 - - [13/Jun/2023:12:02:26 +0800] "POST /xingrg/kc/base/wldb_order_operate.html HTTP/1.1" 200 6806
222.70.114.12 - - [13/Jun/2023:12:02:26 +0800] "GET /xingrg/javascript/easyui/themes/default/validatebox.css HTTP/1.1" 404 1104
222.70.114.12 - - [13/Jun/2023:12:02:26 +0800] "GET /xingrg/all/common/auto_word.html?type=base&rest_code=00156 HTTP/1.1" 200 1903
222.70.114.12 - - [13/Jun/2023:12:02:26 +0800] "GET /xingrg/all/common/auto_word.html?type=base&rest_code=00156 HTTP/1.1" 200 1903
61.170.233.201 - - [13/Jun/2023:12:02:29 +0800] "GET /xingrg/kc/buy/buy_main.html HTTP/1.1" 200 12412
61.170.233.201 - - [13/Jun/2023:12:02:29 +0800] "GET /xingrg/css/new_ie.css HTTP/1.1" 404 1036
61.170.233.201 - - [13/Jun/2023:12:02:30 +0800] "GET /xingrg/all/function/internal_message.html?_=1686628948981&CODE_STATE=getMsg HTTP/1.1" 200 27
61.170.233.201 - - [13/Jun/2023:12:02:30 +0800] "GET /xingrg/images/yd/bt.gif HTTP/1.1" 404 1040
61.170.233.201 - - [13/Jun/2023:12:02:31 +0800] "GET /xingrg/kc/buy/cgsh_order_list.html HTTP/1.1" 200 55854
180.169.147.146 - - [13/Jun/2023:12:02:32 +0800] "GET /xingrg/all/function/internal_message.html?_=1686628951048&CODE_STATE=getMsg HTTP/1.1" 200 27
116.232.195.127 - - [13/Jun/2023:12:02:33 +0800] "GET /xingrg/all/function/internal_message.html?_=1686628967629&CODE_STATE=getMsg HTTP/1.1" 200 27
222.70.114.12 - - [13/Jun/2023:12:02:34 +0800] "GET /xingrg/kc/base/wldb_order_operate.html?command=get_materiel&rest_code=00156&base_code=0010781&code=00101014075 HTTP/1.1" 200 454
222.70.180.90 - - [13/Jun/2023:12:02:36 +0800] "GET /xingrg/all/function/internal_message.html?_=1686629044988&CODE_STATE=getMsg HTTP/1.1" 200 27
172.20.0.100 - - [13/Jun/2023:12:02:36 +0800] "GET /xingrg/all/function/internal_message.html?_=1686628955850&CODE_STATE=getMsg HTTP/1.1" 200 27
61.170.233.201 - - [13/Jun/2023:12:02:37 +0800] "POST /xingrg/kc/buy/cgsh_list_operate.html HTTP/1.1" 200 1869
222.70.245.26 - - [13/Jun/2023:12:02:39 +0800] "GET /xingrg/check_reg.html?_=1686628960919 HTTP/1.1" 200 22
222.70.114.12 - - [13/Jun/2023:12:02:39 +0800] "GET /xingrg/kc/base/wldb_order_operate.html?command=get_materiel&rest_code=00156&base_code=0010781&code=00101014020 HTTP/1.1" 200 458
180.164.3.199 - - [13/Jun/2023:12:02:44 +0800] "GET /xingrg/all/function/internal_message.html?_=1686628963804&CODE_STATE=getMsg HTTP/1.1" 200 27
180.169.147.146 - - [13/Jun/2023:12:02:44 +0800] "GET /xingrg/check_reg.html?_=1686628963222 HTTP/1.1" 200 22
180.169.147.146 - - [13/Jun/2023:12:02:44 +0800] "GET /xingrg/all/function/internal_message.html?_=1686628963221&CODE_STATE=getMsg HTTP/1.1" 200 27
124.79.244.240 - - [13/Jun/2023:12:02:44 +0800] "GET /xingrg/all/function/internal_message.html?_=1686629245182&CODE_STATE=getMsg HTTP/1.1" 200 27
218.81.66.198 - - [13/Jun/2023:12:02:48 +0800] "GET /xingrg/all/function/internal_message.html?_=1686628967949&CODE_STATE=getMsg HTTP/1.1" 200 27
101.229.22.40 - - [13/Jun/2023:12:02:50 +0800] "GET /xingrg/all/function/internal_message.html?_=1686628969977&CODE_STATE=getMsg HTTP/1.1" 200 27
222.70.114.12 - - [13/Jun/2023:12:02:50 +0800] "POST /xingrg/kc/base/wldb_order_operate.html HTTP/1.1" 200 37
222.70.114.12 - - [13/Jun/2023:12:02:51 +0800] "POST /xingrg/kc/base/wldb_order_operate.html HTTP/1.1" 200 2696
222.70.114.12 - - [13/Jun/2023:12:02:51 +0800] "GET /xingrg/kc/base/wldb_order_info.html?code=422023061301028 HTTP/1.1" 200 30400
222.70.114.12 - - [13/Jun/2023:12:02:51 +0800] "GET /xingrg/javascript/easyui/themes/default/validatebox.css HTTP/1.1" 404 1104
222.70.114.12 - - [13/Jun/2023:12:02:51 +0800] "GET /xingrg/all/common/auto_word.html?type=base&rest_code=00156 HTTP/1.1" 200 1903
222.70.114.12 - - [13/Jun/2023:12:02:52 +0800] "GET /xingrg/all/common/auto_word.html?type=base&rest_code=00156 HTTP/1.1" 200 1903
222.70.114.12 - - [13/Jun/2023:12:02:52 +0800] "POST /xingrg/kc/base/wldb_order_operate.html HTTP/1.1" 200 2696
222.70.114.12 - - [13/Jun/2023:12:02:54 +0800] "GET /xingrg/kc/base/wldb_order_add.html HTTP/1.1" 200 30383
222.70.114.12 - - [13/Jun/2023:12:02:54 +0800] "POST /xingrg/kc/base/wldb_order_operate.html HTTP/1.1" 200 6806
222.70.114.12 - - [13/Jun/2023:12:02:54 +0800] "GET /xingrg/javascript/easyui/themes/default/validatebox.css HTTP/1.1" 404 1104
222.70.114.12 - - [13/Jun/2023:12:02:54 +0800] "GET /xingrg/all/common/auto_word.html?type=base&rest_code=00156 HTTP/1.1" 200 1903
222.70.114.12 - - [13/Jun/2023:12:02:54 +0800] "GET /xingrg/all/common/auto_word.html?type=base&rest_code=00156 HTTP/1.1" 200 1903
222.67.234.146 - - [13/Jun/2023:12:02:54 +0800] "GET /xingrg/all/function/internal_message.html?_=1686628473197&CODE_STATE=getMsg HTTP/1.1" 200 27
222.70.114.12 - - [13/Jun/2023:12:02:56 +0800] "GET /xingrg/javascript/auto/indicator.gif HTTP/1.1" 404 1066
222.70.114.12 - - [13/Jun/2023:12:03:01 +0800] "GET /xingrg/kc/base/wldb_order_operate.html?command=get_materiel&rest_code=00156&base_code=0010780&code=00102002441 HTTP/1.1" 200 447
222.70.245.26 - - [13/Jun/2023:12:03:05 +0800] "GET /xingrg/all/function/internal_message.html?_=1686628986811&CODE_STATE=getMsg HTTP/1.1" 200 27
114.89.202.110 - - [13/Jun/2023:12:03:06 +0800] "GET /xingrg/all/function/internal_message.html?_=1686628994490&CODE_STATE=getMsg HTTP/1.1" 200 27
222.70.114.12 - - [13/Jun/2023:12:03:07 +0800] "GET /xingrg/kc/base/wldb_order_operate.html?command=get_materiel&rest_code=00156&base_code=0010780&code=00102002685 HTTP/1.1" 200 458
222.70.114.12 - - [13/Jun/2023:12:03:10 +0800] "GET /xingrg/kc/base/wldb_order_operate.html?command=get_materiel&rest_code=00156&base_code=0010780&code=00102002439 HTTP/1.1" 200 472
124.79.244.240 - - [13/Jun/2023:12:03:11 +0800] "GET /xingrg/all/function/internal_message.html?_=1686628990816&CODE_STATE=getMsg HTTP/1.1" 302 -
61.170.233.201 - - [13/Jun/2023:12:03:11 +0800] "POST /xingrg/kc/buy/cgsh_list_operate.html HTTP/1.1" 200 567
222.70.114.12 - - [13/Jun/2023:12:03:17 +0800] "GET /xingrg/kc/base/wldb_order_operate.html?command=get_materiel&rest_code=00156&base_code=0010780&code=00102021018 HTTP/1.1" 200 445
101.83.145.52 - - [13/Jun/2023:12:03:18 +0800] "GET /xingrg/all/function/internal_message.html?_=1686628998197&CODE_STATE=getMsg HTTP/1.1" 200 27
114.85.113.108 - - [13/Jun/2023:12:03:18 +0800] "GET /xingrg/all/function/internal_message.html?_=1686628998592&CODE_STATE=getMsg HTTP/1.1" 200 27
61.170.233.201 - - [13/Jun/2023:12:03:18 +0800] "GET /xingrg/kc/buy/cgsh_order_info.html?code=212023061304494 HTTP/1.1" 200 71645
61.170.233.201 - - [13/Jun/2023:12:03:19 +0800] "GET /xingrg/javascript/easyui/themes/default/validatebox.css HTTP/1.1" 404 1104
180.169.147.146 - - [13/Jun/2023:12:03:20 +0800] "GET /xingrg/all/function/internal_message.html?_=1686629000604&CODE_STATE=getMsg HTTP/1.1" 200 27
61.170.233.201 - - [13/Jun/2023:12:03:20 +0800] "POST /xingrg/kc/buy/cgsh_order_operate.html HTTP/1.1" 200 29288
116.238.139.35 - - [13/Jun/2023:12:03:24 +0800] "GET /xingrg/all/function/internal_message.html?_=1686629002439&CODE_STATE=getMsg HTTP/1.1" 200 27
180.169.147.146 - - [13/Jun/2023:12:03:24 +0800] "POST /xingrg/all/user/operate.html HTTP/1.1" 200 36
180.169.147.146 - - [13/Jun/2023:12:03:25 +0800] "GET /xingrg/index.html?sysBaseUrl=http%3A%2F%2F180.169.147.146%3A18081%2Fxingrg%2F&costTime=877×tamp=1686619308676 HTTP/1.1" 200 17503
180.169.147.146 - - [13/Jun/2023:12:03:25 +0800] "GET /xingrg/javascript/jquery_easy_ui/themes/default/easyui.css HTTP/1.1" 304 -
101.83.241.120 - - [13/Jun/2023:12:03:25 +0800] "GET /xingrg/all/function/internal_message.html?_=1686629003398&CODE_STATE=getMsg HTTP/1.1" 200 27
180.169.147.146 - - [13/Jun/2023:12:03:25 +0800] "GET /xingrg/css/form.css HTTP/1.1" 304 -
180.169.147.146 - - [13/Jun/2023:12:03:25 +0800] "GET /xingrg/javascript/jquery_easy_ui/themes/icon.css HTTP/1.1" 304 -
180.169.147.146 - - [13/Jun/2023:12:03:25 +0800] "GET /xingrg/javascript/jquery-1.4.2.min.js HTTP/1.1" 304 -
180.169.147.146 - - [13/Jun/2023:12:03:25 +0800] "GET /xingrg/javascript/jquery_easy_ui/jquery.easyui.min.js HTTP/1.1" 304 -
180.169.147.146 - - [13/Jun/2023:12:03:25 +0800] "GET /xingrg/javascript/jquery_easy_ui/easyui-lang-zh_CN.js HTTP/1.1" 304 -
180.169.147.146 - - [13/Jun/2023:12:03:25 +0800] "GET /xingrg/javascript/jquery.form.js HTTP/1.1" 304 -
180.169.147.146 - - [13/Jun/2023:12:03:25 +0800] "GET /xingrg/javascript/jquery.utils.js HTTP/1.1" 304 -
180.169.147.146 - - [13/Jun/2023:12:03:25 +0800] "GET /xingrg/javascript/jquery.timers.js HTTP/1.1" 304 -
180.169.147.146 - - [13/Jun/2023:12:03:25 +0800] "GET /xingrg/images/blue/jxLogo.png HTTP/1.1" 304 -
116.238.139.35 - - [13/Jun/2023:12:03:25 +0800] "GET /xingrg/check_reg.html?_=1686629003800 HTTP/1.1" 200 22
101.83.241.253 - - [13/Jun/2023:12:03:25 +0800] "GET /xingrg/all/function/internal_message.html?_=1686629111545&CODE_STATE=getMsg HTTP/1.1" 200 27
222.70.114.12 - - [13/Jun/2023:12:03:25 +0800] "GET /xingrg/all/function/internal_message.html?_=1686629008061&CODE_STATE=getMsg HTTP/1.1" 200 27
180.169.147.146 - - [13/Jun/2023:12:03:25 +0800] "POST /xingrg/all/common/load_tree.html?tree=area_rest_tree_json&manage=1 HTTP/1.1" 200 3499
180.169.147.146 - - [13/Jun/2023:12:03:26 +0800] "GET /xingrg/all/function/internal_message.html?_=1686629004657&CODE_STATE=count HTTP/1.1" 200 11
180.169.147.146 - - [13/Jun/2023:12:03:26 +0800] "GET /xingrg/check_reg.html?_=1686629004658 HTTP/1.1" 200 22
180.169.147.146 - - [13/Jun/2023:12:03:26 +0800] "GET /xingrg/javascript/jquery_easy_ui/themes/default/images/panel_tool_expand.gif HTTP/1.1" 304 -
180.169.147.146 - - [13/Jun/2023:12:03:26 +0800] "GET /xingrg/javascript/jquery_easy_ui/themes/default/images/tabs_rightarrow.png HTTP/1.1" 304 -
180.169.147.146 - - [13/Jun/2023:12:03:26 +0800] "GET /xingrg/images/blue/pingpu.png HTTP/1.1" 304 -
180.169.147.146 - - [13/Jun/2023:12:03:26 +0800] "GET /xingrg/javascript/jquery_easy_ui/themes/icons/settle_new.png HTTP/1.1" 304 -
180.169.147.146 - - [13/Jun/2023:12:03:26 +0800] "GET /xingrg/images/blue/navBackgound.jpg HTTP/1.1" 304 -
180.169.147.146 - - [13/Jun/2023:12:03:26 +0800] "GET /xingrg/javascript/jquery_easy_ui/themes/default/images/tabs_leftarrow.png HTTP/1.1" 304 -
180.169.147.146 - - [13/Jun/2023:12:03:26 +0800] "GET /xingrg/javascript/jquery_easy_ui/themes/default/images/panel_tool_collapse.gif HTTP/1.1" 304 -
222.70.114.12 - - [13/Jun/2023:12:03:26 +0800] "POST /xingrg/kc/base/wldb_order_operate.html HTTP/1.1" 200 37
180.169.147.146 - - [13/Jun/2023:12:03:26 +0800] "POST /xingrg/load_menu.html HTTP/1.1" 200 9959
222.70.114.12 - - [13/Jun/2023:12:03:27 +0800] "POST /xingrg/kc/base/wldb_order_operate.html HTTP/1.1" 200 3682
61.170.233.201 - - [13/Jun/2023:12:03:30 +0800] "GET /xingrg/all/function/internal_message.html?_=1686629008960&CODE_STATE=getMsg HTTP/1.1" 200 27
222.70.180.90 - - [13/Jun/2023:12:03:31 +0800] "GET /xingrg/check_reg.html?_=1686629100198 HTTP/1.1" 200 22
180.169.147.146 - - [13/Jun/2023:12:03:32 +0800] "GET /xingrg/all/function/internal_message.html?_=1686629011032&CODE_STATE=getMsg HTTP/1.1" 200 27
116.232.195.127 - - [13/Jun/2023:12:03:33 +0800] "GET /xingrg/check_reg.html?_=1686629027615 HTTP/1.1" 200 22
116.232.195.127 - - [13/Jun/2023:12:03:33 +0800] "GET /xingrg/all/function/internal_message.html?_=1686629027616&CODE_STATE=getMsg HTTP/1.1" 200 27
61.170.233.201 - - [13/Jun/2023:12:03:33 +0800] "POST /xingrg/kc/buy/cgsh_order_operate.html HTTP/1.1" 200 37
222.70.180.90 - - [13/Jun/2023:12:03:36 +0800] "GET /xingrg/all/function/internal_message.html?_=1686629104975&CODE_STATE=getMsg HTTP/1.1" 200 27
172.20.0.100 - - [13/Jun/2023:12:03:36 +0800] "GET /xingrg/all/function/internal_message.html?_=1686629015854&CODE_STATE=getMsg HTTP/1.1" 200 27
180.169.147.146 - - [13/Jun/2023:12:03:39 +0800] "GET /xingrg/kc/buy/buy_main.html HTTP/1.1" 200 12412
180.169.147.146 - - [13/Jun/2023:12:03:39 +0800] "GET /xingrg/css/new_ie.css HTTP/1.1" 404 1036
180.169.147.146 - - [13/Jun/2023:12:03:40 +0800] "GET /xingrg/images/yd/bt.gif HTTP/1.1" 404 1040
180.169.147.146 - - [13/Jun/2023:12:03:42 +0800] "GET /xingrg/kc/buy/cgsh_order_list.html HTTP/1.1" 200 56109
222.70.114.12 - - [13/Jun/2023:12:03:42 +0800] "GET /xingrg/kc/base/wldb_order_info.html?code=422023061301029 HTTP/1.1" 200 30398
222.70.114.12 - - [13/Jun/2023:12:03:42 +0800] "GET /xingrg/javascript/easyui/themes/default/validatebox.css HTTP/1.1" 404 1104
222.70.114.12 - - [13/Jun/2023:12:03:42 +0800] "GET /xingrg/all/common/auto_word.html?type=base&rest_code=00156 HTTP/1.1" 200 1903
222.70.114.12 - - [13/Jun/2023:12:03:42 +0800] "GET /xingrg/all/common/auto_word.html?type=base&rest_code=00156 HTTP/1.1" 200 1903
180.164.3.199 - - [13/Jun/2023:12:03:44 +0800] "GET /xingrg/all/function/internal_message.html?_=1686629023795&CODE_STATE=getMsg HTTP/1.1" 200 27
124.79.244.240 - - [13/Jun/2023:12:03:44 +0800] "GET /xingrg/all/function/internal_message.html?_=1686629305182&CODE_STATE=getMsg HTTP/1.1" 200 27
61.170.233.201 - - [13/Jun/2023:12:03:47 +0800] "POST /xingrg/kc/buy/cgsh_order_operate.html HTTP/1.1" 200 12
222.70.114.12 - - [13/Jun/2023:12:03:47 +0800] "POST /xingrg/kc/base/wldb_order_operate.html HTTP/1.1" 200 3682
218.81.66.198 - - [13/Jun/2023:12:03:48 +0800] "GET /xingrg/all/function/internal_message.html?_=1686629027955&CODE_STATE=getMsg HTTP/1.1" 200 27
61.170.233.201 - - [13/Jun/2023:12:03:49 +0800] "GET /xingrg/kc/buy/cgsh_order_info.html?code=212023061304494 HTTP/1.1" 200 66547
61.170.233.201 - - [13/Jun/2023:12:03:49 +0800] "GET /xingrg/javascript/easyui/themes/default/validatebox.css HTTP/1.1" 404 1104
101.229.22.40 - - [13/Jun/2023:12:03:50 +0800] "GET /xingrg/all/function/internal_message.html?_=1686629029977&CODE_STATE=getMsg HTTP/1.1" 200 27
180.169.147.146 - - [13/Jun/2023:12:03:51 +0800] "POST /xingrg/kc/buy/cgsh_list_operate.html HTTP/1.1" 200 4806
61.170.233.201 - - [13/Jun/2023:12:03:51 +0800] "POST /xingrg/kc/buy/cgsh_order_operate.html HTTP/1.1" 200 27232
61.170.233.201 - - [13/Jun/2023:12:03:53 +0800] "GET /xingrg/kc/print/load_data.html?order_code=212023061304494&kc_code=cgsh&condition= HTTP/1.1" 200 10843
222.67.234.146 - - [13/Jun/2023:12:03:54 +0800] "GET /xingrg/all/function/internal_message.html?_=1686628533167&CODE_STATE=getMsg HTTP/1.1" 200 27
222.70.114.12 - - [13/Jun/2023:12:03:55 +0800] "POST /xingrg/kc/base/wldb_order_operate.html HTTP/1.1" 200 37
180.169.147.146 - - [13/Jun/2023:12:03:56 +0800] "GET /xingrg/javascript/jquery_tools/images/prev.gif HTTP/1.1" 404 1086
180.169.147.146 - - [13/Jun/2023:12:03:56 +0800] "GET /xingrg/javascript/jquery_tools/images/next.gif HTTP/1.1" 404 1086
222.70.114.12 - - [13/Jun/2023:12:03:56 +0800] "POST /xingrg/kc/base/wldb_order_operate.html HTTP/1.1" 200 3682
222.70.114.12 - - [13/Jun/2023:12:04:03 +0800] "GET /xingrg/kc/base/wldb_order_info.html?code=422023061301029 HTTP/1.1" 200 30398
222.70.114.12 - - [13/Jun/2023:12:04:03 +0800] "GET /xingrg/javascript/easyui/themes/default/validatebox.css HTTP/1.1" 404 1104
222.70.114.12 - - [13/Jun/2023:12:04:04 +0800] "GET /xingrg/all/common/auto_word.html?type=base&rest_code=00156 HTTP/1.1" 200 1903
222.70.114.12 - - [13/Jun/2023:12:04:04 +0800] "GET /xingrg/all/common/auto_word.html?type=base&rest_code=00156 HTTP/1.1" 200 1903
222.70.114.12 - - [13/Jun/2023:12:04:05 +0800] "POST /xingrg/kc/base/wldb_order_operate.html HTTP/1.1" 200 3682
222.70.245.26 - - [13/Jun/2023:12:04:05 +0800] "GET /xingrg/all/function/internal_message.html?_=1686629046828&CODE_STATE=getMsg HTTP/1.1" 200 27
180.169.147.146 - - [13/Jun/2023:12:04:05 +0800] "GET /xingrg/kc/report/report_main.html HTTP/1.1" 200 7340
180.169.147.146 - - [13/Jun/2023:12:04:05 +0800] "GET /xingrg/javascript/auto/indicator.gif HTTP/1.1" 404 1066
222.67.234.146 - - [13/Jun/2023:12:04:06 +0800] "GET /xingrg/kc/buy/cgsh_order_operate.html?command=get_materiel&rest_code=00141&code=00101006178&supplier_code=00100012&order_time=2023-06-13 HTTP/1.1" 200 409
114.89.202.110 - - [13/Jun/2023:12:04:06 +0800] "GET /xingrg/all/function/internal_message.html?_=1686629054496&CODE_STATE=getMsg HTTP/1.1" 200 27
222.70.114.12 - - [13/Jun/2023:12:04:06 +0800] "GET /xingrg/kc/base/wldb_order_add.html HTTP/1.1" 200 30383
222.70.114.12 - - [13/Jun/2023:12:04:06 +0800] "POST /xingrg/kc/base/wldb_order_operate.html HTTP/1.1" 200 6806
222.70.114.12 - - [13/Jun/2023:12:04:06 +0800] "GET /xingrg/javascript/easyui/themes/default/validatebox.css HTTP/1.1" 404 1104
222.70.114.12 - - [13/Jun/2023:12:04:06 +0800] "GET /xingrg/all/common/auto_word.html?type=base&rest_code=00156 HTTP/1.1" 200 1903
222.70.114.12 - - [13/Jun/2023:12:04:07 +0800] "GET /xingrg/all/common/auto_word.html?type=base&rest_code=00156 HTTP/1.1" 200 1903
180.169.147.146 - - [13/Jun/2023:12:04:07 +0800] "GET /xingrg/all/report/report_query.html?fileName=kc/buy/gys_amount.xml&rh=99999 HTTP/1.1" 200 52006
180.169.147.146 - - [13/Jun/2023:12:04:07 +0800] "GET /xingrg/dwr/interface/AjaxReportQueryService.js HTTP/1.1" 200 13203
180.169.147.146 - - [13/Jun/2023:12:04:07 +0800] "GET /xingrg/dwr/engine.js HTTP/1.1" 200 43631
180.169.147.146 - - [13/Jun/2023:12:04:07 +0800] "POST /xingrg/dwr/call/plaincall/AjaxReportQueryService.getFixDate.dwr HTTP/1.1" 200 111
180.169.147.146 - - [13/Jun/2023:12:04:08 +0800] "POST /xingrg/dwr/call/plaincall/AjaxReportQueryService.getInitString.dwr HTTP/1.1" 200 1083
180.169.147.146 - - [13/Jun/2023:12:04:08 +0800] "POST /xingrg/all/common/load_tree.html?tree=materiel_sort_tree_json HTTP/1.1" 200 9500
180.169.147.146 - - [13/Jun/2023:12:04:08 +0800] "POST /xingrg/all/common/load_tree.html?tree=supplier_tree_json&manage=1 HTTP/1.1" 200 76485
124.79.244.240 - - [13/Jun/2023:12:04:11 +0800] "GET /xingrg/check_reg.html?_=1686629050820 HTTP/1.1" 302 -
124.79.244.240 - - [13/Jun/2023:12:04:11 +0800] "GET /xingrg/all/function/internal_message.html?_=1686629050822&CODE_STATE=getMsg HTTP/1.1" 302 -
222.70.114.12 - - [13/Jun/2023:12:04:13 +0800] "GET /xingrg/kc/base/wldb_order_operate.html?command=get_materiel&rest_code=00156&base_code=0010780&code=00102002022 HTTP/1.1" 200 473
222.70.114.12 - - [13/Jun/2023:12:04:17 +0800] "GET /xingrg/kc/base/wldb_order_operate.html?command=get_materiel&rest_code=00156&base_code=0010780&code=00102002321 HTTP/1.1" 200 447
101.83.145.52 - - [13/Jun/2023:12:04:18 +0800] "GET /xingrg/all/function/internal_message.html?_=1686629058168&CODE_STATE=getMsg HTTP/1.1" 200 27
114.85.113.108 - - [13/Jun/2023:12:04:18 +0800] "GET /xingrg/all/function/internal_message.html?_=1686629058575&CODE_STATE=getMsg HTTP/1.1" 200 27
114.85.113.108 - - [13/Jun/2023:12:04:19 +0800] "GET /xingrg/check_reg.html?_=1686629059001 HTTP/1.1" 200 22
180.169.147.146 - - [13/Jun/2023:12:04:20 +0800] "GET /xingrg/all/function/internal_message.html?_=1686629060576&CODE_STATE=getMsg HTTP/1.1" 200 27
101.83.145.52 - - [13/Jun/2023:12:04:21 +0800] "GET /xingrg/check_reg.html?_=1686629061258 HTTP/1.1" 200 22
222.67.234.146 - - [13/Jun/2023:12:04:23 +0800] "GET /xingrg/kc/buy/cgsh_order_operate.html?command=get_materiel&rest_code=00141&code=00101006184&supplier_code=00100012&order_time=2023-06-13 HTTP/1.1" 200 408
180.169.147.146 - - [13/Jun/2023:12:04:23 +0800] "POST /xingrg/kc/buy/cgsh_list_operate.html HTTP/1.1" 200 6120
180.169.147.146 - - [13/Jun/2023:12:04:23 +0800] "POST /xingrg/dwr/call/plaincall/AjaxReportQueryService.refreshCache.dwr HTTP/1.1" 200 78
116.238.139.35 - - [13/Jun/2023:12:04:23 +0800] "GET /xingrg/all/function/internal_message.html?_=1686629062414&CODE_STATE=getMsg HTTP/1.1" 200 27
101.83.241.120 - - [13/Jun/2023:12:04:25 +0800] "GET /xingrg/all/function/internal_message.html?_=1686629063376&CODE_STATE=getMsg HTTP/1.1" 200 27
101.83.241.253 - - [13/Jun/2023:12:04:25 +0800] "GET /xingrg/all/function/internal_message.html?_=1686629171530&CODE_STATE=getMsg HTTP/1.1" 200 27
222.70.114.12 - - [13/Jun/2023:12:04:25 +0800] "GET /xingrg/all/function/internal_message.html?_=1686629068064&CODE_STATE=getMsg HTTP/1.1" 200 27
180.169.147.146 - - [13/Jun/2023:12:04:26 +0800] "GET /xingrg/all/function/internal_message.html?_=1686629064669&CODE_STATE=getMsg HTTP/1.1" 200 27
180.169.147.146 - - [13/Jun/2023:12:04:26 +0800] "POST /xingrg/all/report/load_report_page.html HTTP/1.1" 200 8916
180.169.147.146 - - [13/Jun/2023:12:04:26 +0800] "GET /xingrg/servlets/image?cache=0.522757359327059&image=px HTTP/1.1" 200 807
222.70.114.12 - - [13/Jun/2023:12:04:27 +0800] "POST /xingrg/kc/base/wldb_order_operate.html HTTP/1.1" 200 37
180.169.147.146 - - [13/Jun/2023:12:04:27 +0800] "POST /xingrg/kc/buy/cgsh_list_operate.html HTTP/1.1" 200 561
222.70.114.12 - - [13/Jun/2023:12:04:28 +0800] "GET /xingrg/kc/base/wldb_order_info.html?code=422023061301030 HTTP/1.1" 200 30399
222.70.114.12 - - [13/Jun/2023:12:04:28 +0800] "POST /xingrg/kc/base/wldb_order_operate.html HTTP/1.1" 200 2699
222.70.114.12 - - [13/Jun/2023:12:04:28 +0800] "GET /xingrg/javascript/easyui/themes/default/validatebox.css HTTP/1.1" 404 1104
222.70.114.12 - - [13/Jun/2023:12:04:28 +0800] "GET /xingrg/all/common/auto_word.html?type=base&rest_code=00156 HTTP/1.1" 200 1903
222.70.114.12 - - [13/Jun/2023:12:04:28 +0800] "GET /xingrg/all/common/auto_word.html?type=base&rest_code=00156 HTTP/1.1" 200 1903
222.70.114.12 - - [13/Jun/2023:12:04:29 +0800] "POST /xingrg/kc/base/wldb_order_operate.html HTTP/1.1" 200 2699
180.163.28.180 - - [13/Jun/2023:12:04:30 +0800] "GET /xingrg/all/function/internal_message.html?_=1686629008960&CODE_STATE=getMsg HTTP/1.1" 302 -
180.163.28.180 - - [13/Jun/2023:12:04:30 +0800] "GET /xingrg/login.html HTTP/1.1" 200 7641
61.170.233.201 - - [13/Jun/2023:12:04:30 +0800] "GET /xingrg/all/function/internal_message.html?_=1686629068944&CODE_STATE=getMsg HTTP/1.1" 200 27
222.70.114.12 - - [13/Jun/2023:12:04:31 +0800] "GET /xingrg/kc/base/wldb_order_add.html HTTP/1.1" 200 30383
180.169.147.146 - - [13/Jun/2023:12:04:31 +0800] "POST /xingrg/kc/buy/cgsh_list_operate.html HTTP/1.1" 200 581
222.70.114.12 - - [13/Jun/2023:12:04:31 +0800] "POST /xingrg/kc/base/wldb_order_operate.html HTTP/1.1" 200 6806
222.70.114.12 - - [13/Jun/2023:12:04:31 +0800] "GET /xingrg/javascript/easyui/themes/default/validatebox.css HTTP/1.1" 404 1104
222.70.114.12 - - [13/Jun/2023:12:04:31 +0800] "GET /xingrg/all/common/auto_word.html?type=base&rest_code=00156 HTTP/1.1" 200 1903
222.70.114.12 - - [13/Jun/2023:12:04:31 +0800] "GET /xingrg/all/common/auto_word.html?type=base&rest_code=00156 HTTP/1.1" 200 1903
180.169.147.146 - - [13/Jun/2023:12:04:32 +0800] "GET /xingrg/all/function/internal_message.html?_=1686629071022&CODE_STATE=getMsg HTTP/1.1" 200 27
116.232.195.127 - - [13/Jun/2023:12:04:33 +0800] "GET /xingrg/all/function/internal_message.html?_=1686629087789&CODE_STATE=getMsg HTTP/1.1" 200 27
180.169.147.146 - - [13/Jun/2023:12:04:33 +0800] "GET /xingrg/kc/buy/cgsh_order_info.html?code=212023053011223 HTTP/1.1" 200 66760
180.169.147.146 - - [13/Jun/2023:12:04:33 +0800] "GET /xingrg/javascript/easyui/themes/default/validatebox.css HTTP/1.1" 404 1104
180.169.147.146 - - [13/Jun/2023:12:04:35 +0800] "POST /xingrg/kc/buy/cgsh_order_operate.html HTTP/1.1" 200 9529
222.70.114.12 - - [13/Jun/2023:12:04:36 +0800] "GET /xingrg/kc/base/wldb_order_operate.html?command=get_materiel&rest_code=00156&base_code=0010780&code=00102002448 HTTP/1.1" 200 440
222.70.180.90 - - [13/Jun/2023:12:04:36 +0800] "GET /xingrg/all/function/internal_message.html?_=1686629164959&CODE_STATE=getMsg HTTP/1.1" 200 27
172.20.0.100 - - [13/Jun/2023:12:04:36 +0800] "GET /xingrg/all/function/internal_message.html?_=1686629075856&CODE_STATE=getMsg HTTP/1.1" 200 27
222.67.234.146 - - [13/Jun/2023:12:04:37 +0800] "GET /xingrg/kc/buy/cgsh_order_operate.html?command=get_materiel&rest_code=00141&code=00101006065&supplier_code=00100012&order_time=2023-06-13 HTTP/1.1" 200 411
180.169.147.146 - - [13/Jun/2023:12:04:39 +0800] "POST /xingrg/kc/buy/cgsh_list_operate.html HTTP/1.1" 200 570
180.169.147.146 - - [13/Jun/2023:12:04:41 +0800] "GET /xingrg/kc/buy/cgsh_order_info.html?code=212023052910888 HTTP/1.1" 200 66760
180.169.147.146 - - [13/Jun/2023:12:04:41 +0800] "GET /xingrg/javascript/easyui/themes/default/validatebox.css HTTP/1.1" 404 1104
222.70.114.12 - - [13/Jun/2023:12:04:41 +0800] "GET /xingrg/kc/base/wldb_order_operate.html?command=get_materiel&rest_code=00156&base_code=0010780&code=00102002511 HTTP/1.1" 200 435
180.169.147.146 - - [13/Jun/2023:12:04:42 +0800] "POST /xingrg/kc/buy/cgsh_order_operate.html HTTP/1.1" 200 3565
180.164.3.199 - - [13/Jun/2023:12:04:44 +0800] "GET /xingrg/all/function/internal_message.html?_=1686629083771&CODE_STATE=getMsg HTTP/1.1" 200 27
124.79.244.240 - - [13/Jun/2023:12:04:44 +0800] "GET /xingrg/all/function/internal_message.html?_=1686629365180&CODE_STATE=getMsg HTTP/1.1" 200 27
222.70.114.12 - - [13/Jun/2023:12:04:46 +0800] "GET /xingrg/kc/base/wldb_order_operate.html?command=get_materiel&rest_code=00156&base_code=0010780&code=00102002315 HTTP/1.1" 200 461
218.81.66.198 - - [13/Jun/2023:12:04:48 +0800] "GET /xingrg/check_reg.html?_=1686629087946 HTTP/1.1" 200 22
218.81.66.198 - - [13/Jun/2023:12:04:48 +0800] "GET /xingrg/all/function/internal_message.html?_=1686629087954&CODE_STATE=getMsg HTTP/1.1" 200 27
180.169.147.146 - - [13/Jun/2023:12:04:49 +0800] "POST /xingrg/kc/buy/cgsh_list_operate.html HTTP/1.1" 200 6120
101.229.22.40 - - [13/Jun/2023:12:04:50 +0800] "GET /xingrg/all/function/internal_message.html?_=1686629090003&CODE_STATE=getMsg HTTP/1.1" 200 27
101.229.22.40 - - [13/Jun/2023:12:04:50 +0800] "GET /xingrg/check_reg.html?_=1686629090005 HTTP/1.1" 200 22
222.70.114.12 - - [13/Jun/2023:12:04:50 +0800] "GET /xingrg/kc/base/wldb_order_operate.html?command=get_materiel&rest_code=00156&base_code=0010780&code=00102002118 HTTP/1.1" 200 467
180.169.147.146 - - [13/Jun/2023:12:04:51 +0800] "POST /xingrg/kc/buy/cgsh_list_operate.html HTTP/1.1" 200 578
180.169.147.146 - - [13/Jun/2023:12:04:52 +0800] "GET /xingrg/kc/buy/cgsh_order_info.html?code=212023052810610 HTTP/1.1" 200 66760
180.169.147.146 - - [13/Jun/2023:12:04:53 +0800] "GET /xingrg/javascript/easyui/themes/default/validatebox.css HTTP/1.1" 404 1104
222.70.114.12 - - [13/Jun/2023:12:04:54 +0800] "GET /xingrg/kc/base/wldb_order_operate.html?command=get_materiel&rest_code=00156&base_code=0010780&code=00102001105 HTTP/1.1" 200 434
180.169.147.146 - - [13/Jun/2023:12:04:54 +0800] "POST /xingrg/kc/buy/cgsh_order_operate.html HTTP/1.1" 200 8943
222.67.234.146 - - [13/Jun/2023:12:04:54 +0800] "GET /xingrg/all/function/internal_message.html?_=1686628593144&CODE_STATE=getMsg HTTP/1.1" 200 27
222.70.114.12 - - [13/Jun/2023:12:04:58 +0800] "GET /xingrg/kc/base/wldb_order_operate.html?command=get_materiel&rest_code=00156&base_code=0010780&code=00102002006 HTTP/1.1" 200 468
222.70.114.12 - - [13/Jun/2023:12:05:04 +0800] "GET /xingrg/kc/base/wldb_order_operate.html?command=get_materiel&rest_code=00156&base_code=0010780&code=00102004030 HTTP/1.1" 200 442
222.70.245.26 - - [13/Jun/2023:12:05:05 +0800] "GET /xingrg/all/function/internal_message.html?_=1686629106839&CODE_STATE=getMsg HTTP/1.1" 200 27
222.67.234.146 - - [13/Jun/2023:12:05:05 +0800] "GET /xingrg/kc/buy/cgsh_order_operate.html?command=get_materiel&rest_code=00141&code=00101018007&supplier_code=00100012&order_time=2023-06-13 HTTP/1.1" 200 409
180.169.147.146 - - [13/Jun/2023:12:05:06 +0800] "POST /xingrg/kc/buy/cgsh_list_operate.html HTTP/1.1" 200 6120
114.89.202.110 - - [13/Jun/2023:12:05:06 +0800] "GET /xingrg/check_reg.html?_=1686629114502 HTTP/1.1" 200 22
114.89.202.110 - - [13/Jun/2023:12:05:06 +0800] "GET /xingrg/all/function/internal_message.html?_=1686629114500&CODE_STATE=getMsg HTTP/1.1" 200 27
180.169.147.146 - - [13/Jun/2023:12:05:08 +0800] "POST /xingrg/kc/buy/cgsh_list_operate.html HTTP/1.1" 200 565
180.169.147.146 - - [13/Jun/2023:12:05:10 +0800] "GET /xingrg/kc/buy/cgsh_order_info.html?code=212023052710134 HTTP/1.1" 200 66760
180.169.147.146 - - [13/Jun/2023:12:05:10 +0800] "GET /xingrg/javascript/easyui/themes/default/validatebox.css HTTP/1.1" 404 1104
124.79.244.240 - - [13/Jun/2023:12:05:11 +0800] "GET /xingrg/all/function/internal_message.html?_=1686629110806&CODE_STATE=getMsg HTTP/1.1" 302 -
222.70.245.26 - - [13/Jun/2023:12:05:12 +0800] "GET /xingrg/kc/buy/cgsh_order_add.html HTTP/1.1" 200 71636
180.169.147.146 - - [13/Jun/2023:12:05:13 +0800] "POST /xingrg/kc/buy/cgsh_order_operate.html HTTP/1.1" 200 11282
222.70.245.26 - - [13/Jun/2023:12:05:13 +0800] "POST /xingrg/kc/buy/cgsh_order_operate.html HTTP/1.1" 200 8245
222.70.245.26 - - [13/Jun/2023:12:05:13 +0800] "GET /xingrg/javascript/easyui/themes/default/validatebox.css HTTP/1.1" 404 1104
222.70.114.12 - - [13/Jun/2023:12:05:14 +0800] "POST /xingrg/kc/base/wldb_order_operate.html HTTP/1.1" 200 37
222.70.114.12 - - [13/Jun/2023:12:05:15 +0800] "GET /xingrg/kc/base/wldb_order_info.html?code=422023061301031 HTTP/1.1" 200 30397
222.70.114.12 - - [13/Jun/2023:12:05:15 +0800] "GET /xingrg/javascript/easyui/themes/default/validatebox.css HTTP/1.1" 404 1104
222.70.114.12 - - [13/Jun/2023:12:05:15 +0800] "POST /xingrg/kc/base/wldb_order_operate.html HTTP/1.1" 200 5121
222.70.114.12 - - [13/Jun/2023:12:05:15 +0800] "GET /xingrg/all/common/auto_word.html?type=base&rest_code=00156 HTTP/1.1" 200 1903
222.70.114.12 - - [13/Jun/2023:12:05:15 +0800] "GET /xingrg/all/common/auto_word.html?type=base&rest_code=00156 HTTP/1.1" 200 1903
222.70.114.12 - - [13/Jun/2023:12:05:16 +0800] "POST /xingrg/kc/base/wldb_order_operate.html HTTP/1.1" 200 5121
222.70.114.12 - - [13/Jun/2023:12:05:18 +0800] "GET /xingrg/kc/base/wldb_order_add.html HTTP/1.1" 200 30383
222.70.114.12 - - [13/Jun/2023:12:05:18 +0800] "POST /xingrg/kc/base/wldb_order_operate.html HTTP/1.1" 200 6806
222.70.114.12 - - [13/Jun/2023:12:05:18 +0800] "GET /xingrg/javascript/easyui/themes/default/validatebox.css HTTP/1.1" 404 1104
222.70.114.12 - - [13/Jun/2023:12:05:18 +0800] "GET /xingrg/all/common/auto_word.html?type=base&rest_code=00156 HTTP/1.1" 200 1903
222.70.114.12 - - [13/Jun/2023:12:05:18 +0800] "GET /xingrg/all/common/auto_word.html?type=base&rest_code=00156 HTTP/1.1" 200 1903
101.83.145.52 - - [13/Jun/2023:12:05:18 +0800] "GET /xingrg/all/function/internal_message.html?_=1686629118140&CODE_STATE=getMsg HTTP/1.1" 200 27
114.85.113.108 - - [13/Jun/2023:12:05:18 +0800] "GET /xingrg/all/function/internal_message.html?_=1686629118563&CODE_STATE=getMsg HTTP/1.1" 200 27
180.169.147.146 - - [13/Jun/2023:12:05:20 +0800] "GET /xingrg/all/function/internal_message.html?_=1686629120576&CODE_STATE=getMsg HTTP/1.1" 200 27
180.169.147.146 - - [13/Jun/2023:12:05:21 +0800] "POST /xingrg/kc/buy/cgsh_list_operate.html HTTP/1.1" 200 6120
180.169.147.146 - - [13/Jun/2023:12:05:23 +0800] "POST /xingrg/kc/buy/cgsh_list_operate.html HTTP/1.1" 200 582
116.238.139.35 - - [13/Jun/2023:12:05:23 +0800] "GET /xingrg/all/function/internal_message.html?_=1686629122383&CODE_STATE=getMsg HTTP/1.1" 200 27
222.70.114.12 - - [13/Jun/2023:12:05:24 +0800] "GET /xingrg/kc/base/wldb_order_operate.html?command=get_materiel&rest_code=00156&base_code=0010780&code=00102002321 HTTP/1.1" 200 447
101.83.241.120 - - [13/Jun/2023:12:05:25 +0800] "GET /xingrg/all/function/internal_message.html?_=1686629123347&CODE_STATE=getMsg HTTP/1.1" 200 27
101.83.241.253 - - [13/Jun/2023:12:05:25 +0800] "GET /xingrg/all/function/internal_message.html?_=1686629231511&CODE_STATE=getMsg HTTP/1.1" 200 27
222.70.114.12 - - [13/Jun/2023:12:05:25 +0800] "GET /xingrg/all/function/internal_message.html?_=1686629128067&CODE_STATE=getMsg HTTP/1.1" 200 27
180.169.147.146 - - [13/Jun/2023:12:05:26 +0800] "GET /xingrg/all/function/internal_message.html?_=1686629124670&CODE_STATE=getMsg HTTP/1.1" 200 27
101.83.241.120 - - [13/Jun/2023:12:05:26 +0800] "GET /xingrg/check_reg.html?_=1686629124380 HTTP/1.1" 200 22
180.169.147.146 - - [13/Jun/2023:12:05:26 +0800] "GET /xingrg/kc/buy/cgsh_order_info.html?code=212023052609669 HTTP/1.1" 200 66760
180.169.147.146 - - [13/Jun/2023:12:05:26 +0800] "GET /xingrg/javascript/easyui/themes/default/validatebox.css HTTP/1.1" 404 1104
222.70.114.12 - - [13/Jun/2023:12:05:27 +0800] "GET /xingrg/kc/base/wldb_order_operate.html?command=get_materiel&rest_code=00156&base_code=0010780&code=00102004006 HTTP/1.1" 200 442
180.169.147.146 - - [13/Jun/2023:12:05:28 +0800] "POST /xingrg/kc/buy/cgsh_order_operate.html HTTP/1.1" 200 8974
61.170.233.201 - - [13/Jun/2023:12:05:30 +0800] "GET /xingrg/all/function/internal_message.html?_=1686629128922&CODE_STATE=getMsg HTTP/1.1" 200 27
61.170.233.201 - - [13/Jun/2023:12:05:31 +0800] "GET /xingrg/check_reg.html?_=1686629129865 HTTP/1.1" 200 22
222.70.114.12 - - [13/Jun/2023:12:05:32 +0800] "POST /xingrg/kc/base/wldb_order_operate.html HTTP/1.1" 200 37
180.169.147.146 - - [13/Jun/2023:12:05:32 +0800] "GET /xingrg/all/function/internal_message.html?_=1686629130996&CODE_STATE=getMsg HTTP/1.1" 200 27
116.232.195.127 - - [13/Jun/2023:12:05:33 +0800] "GET /xingrg/all/function/internal_message.html?_=1686629147630&CODE_STATE=getMsg HTTP/1.1" 200 27
222.70.114.12 - - [13/Jun/2023:12:05:33 +0800] "POST /xingrg/kc/base/wldb_order_operate.html HTTP/1.1" 200 2674
222.70.114.12 - - [13/Jun/2023:12:05:33 +0800] "GET /xingrg/kc/base/wldb_order_info.html?code=422023061301032 HTTP/1.1" 200 30396
222.70.114.12 - - [13/Jun/2023:12:05:33 +0800] "GET /xingrg/javascript/easyui/themes/default/validatebox.css HTTP/1.1" 404 1104
222.67.234.146 - - [13/Jun/2023:12:05:33 +0800] "GET /xingrg/kc/buy/cgsh_order_operate.html?command=get_materiel&rest_code=00141&code=00101006039&supplier_code=00100012&order_time=2023-06-13 HTTP/1.1" 200 413
222.70.114.12 - - [13/Jun/2023:12:05:33 +0800] "GET /xingrg/all/common/auto_word.html?type=base&rest_code=00156 HTTP/1.1" 200 1903
222.70.114.12 - - [13/Jun/2023:12:05:33 +0800] "GET /xingrg/all/common/auto_word.html?type=base&rest_code=00156 HTTP/1.1" 200 1903
222.70.114.12 - - [13/Jun/2023:12:05:34 +0800] "POST /xingrg/kc/base/wldb_order_operate.html HTTP/1.1" 200 2674
222.70.180.90 - - [13/Jun/2023:12:05:36 +0800] "GET /xingrg/all/function/internal_message.html?_=1686629224951&CODE_STATE=getMsg HTTP/1.1" 200 27
172.20.0.100 - - [13/Jun/2023:12:05:36 +0800] "GET /xingrg/check_reg.html?_=1686629135841 HTTP/1.1" 200 22
172.20.0.100 - - [13/Jun/2023:12:05:36 +0800] "GET /xingrg/all/function/internal_message.html?_=1686629135844&CODE_STATE=getMsg HTTP/1.1" 200 27
222.70.114.12 - - [13/Jun/2023:12:05:37 +0800] "GET /xingrg/kc/buy/buy_main.html HTTP/1.1" 200 12412
222.70.114.12 - - [13/Jun/2023:12:05:37 +0800] "GET /xingrg/css/new_ie.css HTTP/1.1" 404 1036
222.70.114.12 - - [13/Jun/2023:12:05:39 +0800] "GET /xingrg/kc/buy/cgsh_order_list.html HTTP/1.1" 200 55860
180.169.147.146 - - [13/Jun/2023:12:05:39 +0800] "POST /xingrg/kc/buy/cgsh_list_operate.html HTTP/1.1" 200 6120
180.169.147.146 - - [13/Jun/2023:12:05:40 +0800] "POST /xingrg/kc/buy/cgsh_list_operate.html HTTP/1.1" 200 573
180.164.3.199 - - [13/Jun/2023:12:05:44 +0800] "GET /xingrg/all/function/internal_message.html?_=1686629143746&CODE_STATE=getMsg HTTP/1.1" 200 27
124.79.244.240 - - [13/Jun/2023:12:05:44 +0800] "GET /xingrg/all/function/internal_message.html?_=1686629425178&CODE_STATE=getMsg HTTP/1.1" 200 27
124.79.244.240 - - [13/Jun/2023:12:05:44 +0800] "GET /xingrg/check_reg.html?_=1686629425179 HTTP/1.1" 200 22
180.169.147.146 - - [13/Jun/2023:12:05:45 +0800] "GET /xingrg/kc/buy/cgsh_order_info.html?code=212023052509213 HTTP/1.1" 200 66760
180.169.147.146 - - [13/Jun/2023:12:05:45 +0800] "GET /xingrg/javascript/easyui/themes/default/validatebox.css HTTP/1.1" 404 1104
222.70.245.26 - - [13/Jun/2023:12:05:46 +0800] "GET /xingrg/kc/buy/cgsh_order_operate.html?command=get_materiel&rest_code=00146&code=00101019438&supplier_code=00100030&order_time=2023-06-13 HTTP/1.1" 200 460
180.169.147.146 - - [13/Jun/2023:12:05:47 +0800] "POST /xingrg/kc/buy/cgsh_order_operate.html HTTP/1.1" 200 7704
218.81.66.198 - - [13/Jun/2023:12:05:48 +0800] "GET /xingrg/all/function/internal_message.html?_=1686629147954&CODE_STATE=getMsg HTTP/1.1" 200 27
101.229.22.40 - - [13/Jun/2023:12:05:50 +0800] "GET /xingrg/all/function/internal_message.html?_=1686629150005&CODE_STATE=getMsg HTTP/1.1" 200 27
222.70.114.12 - - [13/Jun/2023:12:05:52 +0800] "POST /xingrg/kc/buy/cgsh_list_operate.html HTTP/1.1" 200 3138
222.67.234.146 - - [13/Jun/2023:12:05:54 +0800] "GET /xingrg/all/function/internal_message.html?_=1686628653125&CODE_STATE=getMsg HTTP/1.1" 200 27
180.169.147.146 - - [13/Jun/2023:12:05:54 +0800] "POST /xingrg/kc/buy/cgsh_list_operate.html HTTP/1.1" 200 6120
180.169.147.146 - - [13/Jun/2023:12:05:57 +0800] "POST /xingrg/kc/buy/cgsh_list_operate.html HTTP/1.1" 200 584
180.169.147.146 - - [13/Jun/2023:12:05:59 +0800] "GET /xingrg/kc/buy/cgsh_order_info.html?code=212023052408787 HTTP/1.1" 200 66760
180.169.147.146 - - [13/Jun/2023:12:05:59 +0800] "GET /xingrg/javascript/easyui/themes/default/validatebox.css HTTP/1.1" 404 1104
222.67.234.146 - - [13/Jun/2023:12:06:00 +0800] "GET /xingrg/kc/buy/cgsh_order_operate.html?command=get_materiel&rest_code=00141&code=00101011005&supplier_code=00100012&order_time=2023-06-13 HTTP/1.1" 200 428
180.169.147.146 - - [13/Jun/2023:12:06:01 +0800] "POST /xingrg/kc/buy/cgsh_order_operate.html HTTP/1.1" 200 5962
180.169.147.146 - - [13/Jun/2023:12:06:04 +0800] "GET /xingrg/check_reg.html?_=1686629164273 HTTP/1.1" 200 22
222.70.245.26 - - [13/Jun/2023:12:06:05 +0800] "GET /xingrg/all/function/internal_message.html?_=1686629166852&CODE_STATE=getMsg HTTP/1.1" 200 27
114.89.202.110 - - [13/Jun/2023:12:06:06 +0800] "GET /xingrg/all/function/internal_message.html?_=1686629174493&CODE_STATE=getMsg HTTP/1.1" 200 27
180.169.147.146 - - [13/Jun/2023:12:06:10 +0800] "POST /xingrg/kc/buy/cgsh_list_operate.html HTTP/1.1" 200 6120
