101.83.145.52 - - [13/Jun/2023:09:23:21 +0800] "GET /xingrg/all/function/internal_message.html?_=1686619401501&CODE_STATE=getMsg HTTP/1.1" 200 27
180.169.147.146 - - [13/Jun/2023:09:23:21 +0800] "GET /xingrg/all/function/internal_message.html?_=1686619401823&CODE_STATE=getMsg HTTP/1.1" 200 27
180.163.29.219 - - [13/Jun/2023:09:23:22 +0800] "GET /xingrg/all/function/internal_message.html?_=1686619341815&CODE_STATE=getMsg HTTP/1.1" 302 -
180.163.29.219 - - [13/Jun/2023:09:23:22 +0800] "GET /xingrg/login.html HTTP/1.1" 200 7641
101.83.241.120 - - [13/Jun/2023:09:23:22 +0800] "GET /xingrg/all/function/internal_message.html?_=1686619400071&CODE_STATE=getMsg HTTP/1.1" 200 27
222.70.180.90 - - [13/Jun/2023:09:23:22 +0800] "GET /xingrg/kc/buy/cgsh_order_operate.html?command=get_materiel&rest_code=00111&code=00101008509&supplier_code=00100037&order_time=2023-06-13 HTTP/1.1" 200 409
61.170.233.201 - - [13/Jun/2023:09:23:26 +0800] "GET /xingrg/kc/buy/cgsh_order_operate.html?command=get_materiel&rest_code=00106&code=00101006184&supplier_code=00100096&order_time=2023-06-13 HTTP/1.1" 200 408
116.238.139.35 - - [13/Jun/2023:09:23:26 +0800] "GET /xingrg/all/function/internal_message.html?_=1686619405378&CODE_STATE=getMsg HTTP/1.1" 200 27
101.83.241.253 - - [13/Jun/2023:09:23:27 +0800] "GET /xingrg/all/function/internal_message.html?_=1686619513849&CODE_STATE=getMsg HTTP/1.1" 200 27
61.170.233.201 - - [13/Jun/2023:09:23:31 +0800] "GET /xingrg/all/function/internal_message.html?_=1686619409999&CODE_STATE=getMsg HTTP/1.1" 200 27
116.232.195.127 - - [13/Jun/2023:09:23:32 +0800] "GET /xingrg/check_reg.html?_=1686619427621 HTTP/1.1" 200 22
116.232.195.127 - - [13/Jun/2023:09:23:32 +0800] "GET /xingrg/all/function/internal_message.html?_=1686619427631&CODE_STATE=getMsg HTTP/1.1" 200 27
222.70.180.90 - - [13/Jun/2023:09:23:34 +0800] "GET /xingrg/kc/buy/cgsh_order_operate.html?command=get_materiel&rest_code=00111&code=00101015038&supplier_code=00100037&order_time=2023-06-13 HTTP/1.1" 200 418
101.83.241.120 - - [13/Jun/2023:09:23:40 +0800] "POST /xingrg/kc/buy/cgsh_order_operate.html HTTP/1.1" 200 37
222.70.245.26 - - [13/Jun/2023:09:23:42 +0800] "GET /xingrg/all/function/internal_message.html?_=1686619423388&CODE_STATE=getMsg HTTP/1.1" 200 27
172.20.0.100 - - [13/Jun/2023:09:23:43 +0800] "GET /xingrg/check_reg.html?_=1686619423497 HTTP/1.1" 200 22
172.20.0.100 - - [13/Jun/2023:09:23:43 +0800] "GET /xingrg/all/function/internal_message.html?_=1686619423500&CODE_STATE=getMsg HTTP/1.1" 200 27
124.79.244.240 - - [13/Jun/2023:09:23:44 +0800] "GET /xingrg/all/function/internal_message.html?_=1686619705043&CODE_STATE=getMsg HTTP/1.1" 200 27
180.169.147.146 - - [13/Jun/2023:09:23:44 +0800] "GET /xingrg/all/function/internal_message.html?_=1686619423001&CODE_STATE=getMsg HTTP/1.1" 200 27
222.67.234.146 - - [13/Jun/2023:09:23:46 +0800] "POST /xingrg/services/DataTransmitService HTTP/1.1" 200 524
222.70.180.90 - - [13/Jun/2023:09:23:51 +0800] "GET /xingrg/kc/buy/cgsh_order_operate.html?command=get_materiel&rest_code=00111&code=00101009062&supplier_code=00100037&order_time=2023-06-13 HTTP/1.1" 200 412
180.164.3.199 - - [13/Jun/2023:09:23:52 +0800] "POST /xingrg/services/DataTransmitService HTTP/1.1" 200 524
101.83.241.120 - - [13/Jun/2023:09:23:53 +0800] "POST /xingrg/kc/buy/cgsh_order_operate.html HTTP/1.1" 200 12
180.169.147.146 - - [13/Jun/2023:09:23:58 +0800] "GET /xingrg/login.html HTTP/1.1" 200 7641
120.253.135.82 - - [13/Jun/2023:09:23:59 +0800] "GET /xingrg/all/function/internal_message.html?_=1686619273962&CODE_STATE=getMsg HTTP/1.1" 200 27
180.169.147.146 - - [13/Jun/2023:09:24:00 +0800] "GET /favicon.ico HTTP/1.1" 404 -
180.169.147.146 - - [13/Jun/2023:09:24:03 +0800] "POST /xingrg/login.do HTTP/1.1" 302 -
180.169.147.146 - - [13/Jun/2023:09:24:03 +0800] "GET /xingrg/index.html?sysBaseUrl=http%3A%2F%2F180.169.147.146%3A18081%2Fxingrg%2F&costTime=1201×tamp=1686619443356 HTTP/1.1" 200 17179
180.169.147.146 - - [13/Jun/2023:09:24:03 +0800] "GET /favicon.ico HTTP/1.1" 404 -
180.169.147.146 - - [13/Jun/2023:09:24:03 +0800] "GET /xingrg/check_reg.html?_=1686619442392 HTTP/1.1" 200 22
180.169.147.146 - - [13/Jun/2023:09:24:03 +0800] "GET /xingrg/all/function/internal_message.html?_=1686619442391&CODE_STATE=count HTTP/1.1" 200 11
180.169.147.146 - - [13/Jun/2023:09:24:03 +0800] "POST /xingrg/all/common/load_tree.html?tree=area_rest_tree_json&manage=1 HTTP/1.1" 200 351
180.169.147.146 - - [13/Jun/2023:09:24:03 +0800] "POST /xingrg/load_menu.html HTTP/1.1" 200 5138
101.83.241.120 - - [13/Jun/2023:09:24:04 +0800] "GET /xingrg/kc/buy/cgsh_order_info.html?code=212023061304508 HTTP/1.1" 200 66639
116.238.139.35 - - [13/Jun/2023:09:24:04 +0800] "GET /xingrg/check_reg.html?_=1686619336305 HTTP/1.1" 200 22
101.83.241.120 - - [13/Jun/2023:09:24:04 +0800] "GET /xingrg/javascript/easyui/themes/default/validatebox.css HTTP/1.1" 404 1104
116.238.139.35 - - [13/Jun/2023:09:24:05 +0800] "GET /xingrg/all/function/internal_message.html?_=1686619336808&CODE_STATE=getMsg HTTP/1.1" 200 27
101.83.241.120 - - [13/Jun/2023:09:24:06 +0800] "POST /xingrg/kc/buy/cgsh_order_operate.html HTTP/1.1" 200 634
222.70.180.90 - - [13/Jun/2023:09:24:08 +0800] "GET /xingrg/kc/buy/cgsh_order_operate.html?command=get_materiel&rest_code=00111&code=00101009109&supplier_code=00100037&order_time=2023-06-13 HTTP/1.1" 200 413
124.79.244.240 - - [13/Jun/2023:09:24:09 +0800] "GET /xingrg/all/function/internal_message.html?_=1686619448888&CODE_STATE=getMsg HTTP/1.1" 200 27
61.170.233.201 - - [13/Jun/2023:09:24:17 +0800] "POST /xingrg/kc/buy/cgsh_order_operate.html HTTP/1.1" 200 37
101.83.241.120 - - [13/Jun/2023:09:24:17 +0800] "GET /xingrg/kc/print/load_data.html?order_code=212023061304508&kc_code=cgsh&condition= HTTP/1.1" 200 744
222.70.180.90 - - [13/Jun/2023:09:24:19 +0800] "GET /xingrg/all/function/internal_message.html?_=1686619457948&CODE_STATE=getMsg HTTP/1.1" 200 27
101.83.145.52 - - [13/Jun/2023:09:24:21 +0800] "GET /xingrg/check_reg.html?_=1686619461487 HTTP/1.1" 200 22
180.169.147.146 - - [13/Jun/2023:09:24:21 +0800] "GET /xingrg/check_reg.html?_=1686619461817 HTTP/1.1" 200 22
101.83.145.52 - - [13/Jun/2023:09:24:21 +0800] "GET /xingrg/all/function/internal_message.html?_=1686619461490&CODE_STATE=getMsg HTTP/1.1" 200 27
180.169.147.146 - - [13/Jun/2023:09:24:21 +0800] "GET /xingrg/all/function/internal_message.html?_=1686619461820&CODE_STATE=getMsg HTTP/1.1" 200 27
180.163.28.109 - - [13/Jun/2023:09:24:22 +0800] "GET /xingrg/all/function/internal_message.html?_=1686619401823&CODE_STATE=getMsg HTTP/1.1" 302 -
101.83.241.120 - - [13/Jun/2023:09:24:22 +0800] "GET /xingrg/all/function/internal_message.html?_=1686619460069&CODE_STATE=getMsg HTTP/1.1" 200 27
180.163.28.109 - - [13/Jun/2023:09:24:22 +0800] "GET /xingrg/login.html HTTP/1.1" 200 7641
101.83.241.120 - - [13/Jun/2023:09:24:24 +0800] "GET /xingrg/kc/mdqp/pssh_order_list.html HTTP/1.1" 200 17928
61.170.233.201 - - [13/Jun/2023:09:24:24 +0800] "POST /xingrg/kc/buy/cgsh_order_operate.html HTTP/1.1" 200 9827
101.83.241.120 - - [13/Jun/2023:09:24:25 +0800] "POST /xingrg/kc/mdqp/pssh_list_operate.html HTTP/1.1" 200 5355
101.83.241.120 - - [13/Jun/2023:09:24:25 +0800] "GET /xingrg/kc/mdqp/psth_order_list1.html HTTP/1.1" 200 17952
101.83.241.120 - - [13/Jun/2023:09:24:26 +0800] "POST /xingrg/kc/mdqp/psth_list_operate.html HTTP/1.1" 200 749
116.238.139.35 - - [13/Jun/2023:09:24:26 +0800] "GET /xingrg/all/function/internal_message.html?_=1686619465381&CODE_STATE=getMsg HTTP/1.1" 200 27
101.83.241.120 - - [13/Jun/2023:09:24:27 +0800] "GET /xingrg/kc/mdqp/psth_order_add1.html HTTP/1.1" 200 25315
101.83.241.120 - - [13/Jun/2023:09:24:27 +0800] "GET /xingrg/javascript/jquery_tools/jquery-1.4.2.min.js HTTP/1.1" 404 1094
101.83.241.253 - - [13/Jun/2023:09:24:27 +0800] "GET /xingrg/all/function/internal_message.html?_=1686619573830&CODE_STATE=getMsg HTTP/1.1" 200 27
101.83.241.120 - - [13/Jun/2023:09:24:27 +0800] "POST /xingrg/kc/mdqp/psth_order_operate.html HTTP/1.1" 200 6806
101.83.241.120 - - [13/Jun/2023:09:24:28 +0800] "GET /xingrg/javascript/easyui/themes/default/validatebox.css HTTP/1.1" 404 1104
101.83.241.120 - - [13/Jun/2023:09:24:28 +0800] "GET /xingrg/all/common/auto_word.html?type=base&rest_code=00149&rest_code=00101 HTTP/1.1" 200 1907
61.170.233.201 - - [13/Jun/2023:09:24:31 +0800] "GET /xingrg/all/function/internal_message.html?_=1686619469995&CODE_STATE=getMsg HTTP/1.1" 200 27
116.232.195.127 - - [13/Jun/2023:09:24:32 +0800] "GET /xingrg/all/function/internal_message.html?_=1686619487621&CODE_STATE=getMsg HTTP/1.1" 200 27
101.83.241.120 - - [13/Jun/2023:09:24:35 +0800] "GET /xingrg/kc/mdqp/psth_order_operate.html?command=get_materiel&base_code=0010394&rest_code=00149&code=00101025039 HTTP/1.1" 200 457
101.83.241.120 - - [13/Jun/2023:09:24:42 +0800] "POST /xingrg/kc/mdqp/psth_order_operate.html HTTP/1.1" 200 37
222.70.245.26 - - [13/Jun/2023:09:24:42 +0800] "GET /xingrg/all/function/internal_message.html?_=1686619483491&CODE_STATE=getMsg HTTP/1.1" 200 27
222.70.180.90 - - [13/Jun/2023:09:24:43 +0800] "GET /xingrg/kc/buy/cgsh_order_operate.html?command=get_materiel&rest_code=00111&code=00101019257&supplier_code=00100037&order_time=2023-06-13 HTTP/1.1" 200 478
101.83.241.120 - - [13/Jun/2023:09:24:43 +0800] "POST /xingrg/kc/mdqp/psth_order_operate.html HTTP/1.1" 200 2196
172.20.0.100 - - [13/Jun/2023:09:24:43 +0800] "GET /xingrg/all/function/internal_message.html?_=1686619483501&CODE_STATE=getMsg HTTP/1.1" 200 27
124.79.244.240 - - [13/Jun/2023:09:24:44 +0800] "GET /xingrg/all/function/internal_message.html?_=1686619765041&CODE_STATE=getMsg HTTP/1.1" 200 27
180.169.147.146 - - [13/Jun/2023:09:24:44 +0800] "GET /xingrg/all/function/internal_message.html?_=1686619483010&CODE_STATE=getMsg HTTP/1.1" 200 27
101.83.241.120 - - [13/Jun/2023:09:24:45 +0800] "GET /xingrg/kc/print/load_config.html?kc_code=psth HTTP/1.1" 200 2351
101.83.241.120 - - [13/Jun/2023:09:24:46 +0800] "GET /xingrg/kc/print/load_data.html?order_code=322023061300008&kc_code=psth&condition= HTTP/1.1" 200 534
120.253.135.82 - - [13/Jun/2023:09:24:59 +0800] "GET /xingrg/all/function/internal_message.html?_=1686619333970&CODE_STATE=getMsg HTTP/1.1" 200 27
180.169.147.146 - - [13/Jun/2023:09:25:03 +0800] "GET /xingrg/all/function/internal_message.html?_=1686619502406&CODE_STATE=getMsg HTTP/1.1" 200 27
116.238.139.35 - - [13/Jun/2023:09:25:05 +0800] "GET /xingrg/all/function/internal_message.html?_=1686619396821&CODE_STATE=getMsg HTTP/1.1" 200 27
124.79.244.240 - - [13/Jun/2023:09:25:09 +0800] "GET /xingrg/all/function/internal_message.html?_=1686619508879&CODE_STATE=getMsg HTTP/1.1" 200 27
101.83.145.52 - - [13/Jun/2023:09:25:12 +0800] "GET /xingrg/kc/mdqp/pssh_order_list.html HTTP/1.1" 200 17928
101.83.145.52 - - [13/Jun/2023:09:25:12 +0800] "POST /xingrg/kc/mdqp/pssh_list_operate.html HTTP/1.1" 200 5322
222.70.180.90 - - [13/Jun/2023:09:25:19 +0800] "GET /xingrg/all/function/internal_message.html?_=1686619517959&CODE_STATE=getMsg HTTP/1.1" 200 27
222.70.180.90 - - [13/Jun/2023:09:25:19 +0800] "GET /xingrg/check_reg.html?_=1686619517963 HTTP/1.1" 200 22
101.83.241.120 - - [13/Jun/2023:09:25:20 +0800] "POST /xingrg/kc/mdqp/psth_order_operate.html HTTP/1.1" 200 37
180.163.28.55 - - [13/Jun/2023:09:25:21 +0800] "GET /xingrg/check_reg.html?_=1686619461817 HTTP/1.1" 302 -
180.163.28.55 - - [13/Jun/2023:09:25:21 +0800] "GET /xingrg/login.html HTTP/1.1" 200 7641
101.83.145.52 - - [13/Jun/2023:09:25:21 +0800] "POST /xingrg/kc/mdqp/pssh_list_operate.html HTTP/1.1" 200 255
101.83.145.52 - - [13/Jun/2023:09:25:21 +0800] "GET /xingrg/all/function/internal_message.html?_=1686619521479&CODE_STATE=getMsg HTTP/1.1" 200 27
180.169.147.146 - - [13/Jun/2023:09:25:21 +0800] "GET /xingrg/all/function/internal_message.html?_=1686619521809&CODE_STATE=getMsg HTTP/1.1" 200 27
180.163.30.85 - - [13/Jun/2023:09:25:22 +0800] "GET /xingrg/all/function/internal_message.html?_=1686619461820&CODE_STATE=getMsg HTTP/1.1" 302 -
180.163.30.85 - - [13/Jun/2023:09:25:22 +0800] "GET /xingrg/login.html HTTP/1.1" 200 7641
101.83.145.52 - - [13/Jun/2023:09:25:22 +0800] "GET /xingrg/kc/mdqp/pssh_order_info.html?code=312023061000190 HTTP/1.1" 200 17266
101.83.145.52 - - [13/Jun/2023:09:25:22 +0800] "GET /xingrg/javascript/jquery_tools/jquery-1.4.2.min.js HTTP/1.1" 404 1094
101.83.241.120 - - [13/Jun/2023:09:25:22 +0800] "POST /xingrg/kc/mdqp/psth_order_operate.html HTTP/1.1" 200 2196
101.83.145.52 - - [13/Jun/2023:09:25:22 +0800] "GET /xingrg/javascript/easyui/themes/default/validatebox.css HTTP/1.1" 404 1104
101.83.145.52 - - [13/Jun/2023:09:25:23 +0800] "POST /xingrg/kc/mdqp/pssh_order_operate.html HTTP/1.1" 200 524
116.238.139.35 - - [13/Jun/2023:09:25:26 +0800] "GET /xingrg/all/function/internal_message.html?_=1686619525382&CODE_STATE=getMsg HTTP/1.1" 200 27
101.83.241.120 - - [13/Jun/2023:09:25:27 +0800] "POST /xingrg/kc/mdqp/psth_order_operate.html HTTP/1.1" 200 12
101.83.241.253 - - [13/Jun/2023:09:25:27 +0800] "GET /xingrg/all/function/internal_message.html?_=1686619633828&CODE_STATE=getMsg HTTP/1.1" 200 27
101.83.145.52 - - [13/Jun/2023:09:25:28 +0800] "GET /xingrg/javascript/jquery_tools/images/next.gif HTTP/1.1" 404 1086
101.83.241.120 - - [13/Jun/2023:09:25:28 +0800] "GET /xingrg/kc/mdqp/psth_order_info1.html?code=322023061300008 HTTP/1.1" 200 22421
101.83.145.52 - - [13/Jun/2023:09:25:28 +0800] "GET /xingrg/javascript/jquery_tools/images/prev.gif HTTP/1.1" 404 1086
101.83.241.120 - - [13/Jun/2023:09:25:28 +0800] "GET /xingrg/javascript/jquery_tools/jquery-1.4.2.min.js HTTP/1.1" 404 1094
101.83.241.120 - - [13/Jun/2023:09:25:29 +0800] "GET /xingrg/javascript/easyui/themes/default/validatebox.css HTTP/1.1" 404 1104
101.83.241.120 - - [13/Jun/2023:09:25:29 +0800] "POST /xingrg/kc/mdqp/psth_order_operate.html HTTP/1.1" 200 498
61.170.233.201 - - [13/Jun/2023:09:25:31 +0800] "GET /xingrg/all/function/internal_message.html?_=1686619529955&CODE_STATE=getMsg HTTP/1.1" 200 27
180.163.29.219 - - [13/Jun/2023:09:25:31 +0800] "GET /xingrg/all/function/internal_message.html?_=1686619469995&CODE_STATE=getMsg HTTP/1.1" 302 -
180.163.29.219 - - [13/Jun/2023:09:25:31 +0800] "GET /xingrg/login.html HTTP/1.1" 200 7641
61.170.233.201 - - [13/Jun/2023:09:25:31 +0800] "GET /xingrg/check_reg.html?_=1686619530242 HTTP/1.1" 200 22
101.83.145.52 - - [13/Jun/2023:09:25:31 +0800] "POST /xingrg/all/common/load_combo.html?type=employee HTTP/1.1" 200 356
116.232.195.127 - - [13/Jun/2023:09:25:32 +0800] "GET /xingrg/all/function/internal_message.html?_=1686619547615&CODE_STATE=getMsg HTTP/1.1" 200 27
101.83.145.52 - - [13/Jun/2023:09:25:35 +0800] "POST /xingrg/kc/mdqp/pssh_order_operate.html HTTP/1.1" 200 37
101.83.145.52 - - [13/Jun/2023:09:25:36 +0800] "POST /xingrg/kc/mdqp/pssh_order_operate.html HTTP/1.1" 200 524
101.83.241.120 - - [13/Jun/2023:09:25:38 +0800] "POST /xingrg/kc/mdqp/pssh_list_operate.html HTTP/1.1" 200 2549
101.83.145.52 - - [13/Jun/2023:09:25:40 +0800] "POST /xingrg/kc/mdqp/pssh_order_operate.html HTTP/1.1" 200 37
222.70.245.26 - - [13/Jun/2023:09:25:42 +0800] "GET /xingrg/all/function/internal_message.html?_=1686619543494&CODE_STATE=getMsg HTTP/1.1" 200 27
101.83.241.120 - - [13/Jun/2023:09:25:43 +0800] "GET /xingrg/kc/buy/cgsh_order_list.html HTTP/1.1" 200 55860
172.20.0.100 - - [13/Jun/2023:09:25:43 +0800] "GET /xingrg/all/function/internal_message.html?_=1686619543504&CODE_STATE=getMsg HTTP/1.1" 200 27
101.83.145.52 - - [13/Jun/2023:09:25:44 +0800] "POST /xingrg/kc/mdqp/pssh_order_operate.html HTTP/1.1" 200 12
124.79.244.240 - - [13/Jun/2023:09:25:44 +0800] "GET /xingrg/all/function/internal_message.html?_=1686619825055&CODE_STATE=getMsg HTTP/1.1" 200 27
124.79.244.240 - - [13/Jun/2023:09:25:44 +0800] "GET /xingrg/check_reg.html?_=1686619825056 HTTP/1.1" 200 22
180.169.147.146 - - [13/Jun/2023:09:25:44 +0800] "GET /xingrg/all/function/internal_message.html?_=1686619543010&CODE_STATE=getMsg HTTP/1.1" 200 27
101.83.145.52 - - [13/Jun/2023:09:25:46 +0800] "GET /xingrg/kc/mdqp/pssh_order_info.html?code=312023061000190 HTTP/1.1" 200 14382
101.83.241.120 - - [13/Jun/2023:09:25:46 +0800] "POST /xingrg/kc/buy/cgsh_list_operate.html HTTP/1.1" 200 986
101.83.145.52 - - [13/Jun/2023:09:25:46 +0800] "GET /xingrg/javascript/jquery_tools/jquery-1.4.2.min.js HTTP/1.1" 404 1094
101.83.145.52 - - [13/Jun/2023:09:25:46 +0800] "GET /xingrg/javascript/easyui/themes/default/validatebox.css HTTP/1.1" 404 1104
101.83.145.52 - - [13/Jun/2023:09:25:46 +0800] "POST /xingrg/kc/mdqp/pssh_order_operate.html HTTP/1.1" 200 524
101.83.145.52 - - [13/Jun/2023:09:25:47 +0800] "GET /xingrg/kc/print/load_config.html?kc_code=pssh HTTP/1.1" 200 2368
180.169.147.146 - - [13/Jun/2023:09:25:47 +0800] "GET /xingrg/check_reg.html?_=1686619546095 HTTP/1.1" 302 -
101.83.145.52 - - [13/Jun/2023:09:25:47 +0800] "GET /xingrg/kc/print/load_data.html?order_code=312023061000190&kc_code=pssh&condition= HTTP/1.1" 200 652
101.83.145.52 - - [13/Jun/2023:09:25:56 +0800] "GET /xingrg/kc/mdqp/pssh_order_list.html HTTP/1.1" 200 17928
101.83.145.52 - - [13/Jun/2023:09:25:56 +0800] "POST /xingrg/kc/mdqp/pssh_list_operate.html HTTP/1.1" 200 5353
120.253.135.82 - - [13/Jun/2023:09:25:58 +0800] "GET /xingrg/check_reg.html?_=1686619392604 HTTP/1.1" 200 22
101.83.145.52 - - [13/Jun/2023:09:25:59 +0800] "POST /xingrg/kc/mdqp/pssh_list_operate.html HTTP/1.1" 200 745
120.253.135.82 - - [13/Jun/2023:09:25:59 +0800] "GET /xingrg/all/function/internal_message.html?_=1686619393992&CODE_STATE=getMsg HTTP/1.1" 200 27
101.83.145.52 - - [13/Jun/2023:09:26:00 +0800] "GET /xingrg/kc/mdqp/pssh_order_info.html?code=312023061100200 HTTP/1.1" 200 17297
101.83.145.52 - - [13/Jun/2023:09:26:00 +0800] "GET /xingrg/javascript/jquery_tools/jquery-1.4.2.min.js HTTP/1.1" 404 1094
101.83.145.52 - - [13/Jun/2023:09:26:01 +0800] "GET /xingrg/javascript/easyui/themes/default/validatebox.css HTTP/1.1" 404 1104
101.83.145.52 - - [13/Jun/2023:09:26:01 +0800] "POST /xingrg/kc/mdqp/pssh_order_operate.html HTTP/1.1" 200 6259
180.169.147.146 - - [13/Jun/2023:09:26:03 +0800] "GET /xingrg/all/function/internal_message.html?_=1686619562404&CODE_STATE=getMsg HTTP/1.1" 200 27
116.238.139.35 - - [13/Jun/2023:09:26:05 +0800] "GET /xingrg/all/function/internal_message.html?_=1686619456835&CODE_STATE=getMsg HTTP/1.1" 200 27
101.83.145.52 - - [13/Jun/2023:09:26:05 +0800] "POST /xingrg/all/common/load_combo.html?type=employee HTTP/1.1" 200 356
101.83.145.52 - - [13/Jun/2023:09:26:09 +0800] "POST /xingrg/kc/mdqp/pssh_order_operate.html HTTP/1.1" 200 37
124.79.244.240 - - [13/Jun/2023:09:26:09 +0800] "GET /xingrg/all/function/internal_message.html?_=1686619568894&CODE_STATE=getMsg HTTP/1.1" 200 27
61.170.233.201 - - [13/Jun/2023:09:26:09 +0800] "GET /xingrg/kc/buy/cgsh_order_operate.html?command=get_materiel&rest_code=00106&code=00101007076&supplier_code=00100096&order_time=2023-06-13 HTTP/1.1" 200 408
101.83.145.52 - - [13/Jun/2023:09:26:10 +0800] "POST /xingrg/kc/mdqp/pssh_order_operate.html HTTP/1.1" 200 6259
101.83.145.52 - - [13/Jun/2023:09:26:16 +0800] "POST /xingrg/kc/mdqp/pssh_order_operate.html HTTP/1.1" 200 37
222.70.180.90 - - [13/Jun/2023:09:26:19 +0800] "GET /xingrg/all/function/internal_message.html?_=1686619577946&CODE_STATE=getMsg HTTP/1.1" 200 27
101.83.145.52 - - [13/Jun/2023:09:26:20 +0800] "POST /xingrg/kc/mdqp/pssh_order_operate.html HTTP/1.1" 200 12
180.163.29.219 - - [13/Jun/2023:09:26:21 +0800] "GET /xingrg/all/function/internal_message.html?_=1686619521809&CODE_STATE=getMsg HTTP/1.1" 302 -
180.163.29.219 - - [13/Jun/2023:09:26:21 +0800] "GET /xingrg/login.html HTTP/1.1" 200 7641
180.169.147.146 - - [13/Jun/2023:09:26:22 +0800] "GET /xingrg/all/function/internal_message.html?_=1686619581816&CODE_STATE=getMsg HTTP/1.1" 200 27
101.83.241.120 - - [13/Jun/2023:09:26:22 +0800] "GET /xingrg/all/function/internal_message.html?_=1686619580078&CODE_STATE=getMsg HTTP/1.1" 200 27
61.170.233.201 - - [13/Jun/2023:09:26:22 +0800] "GET /xingrg/kc/buy/cgsh_order_operate.html?command=get_materiel&rest_code=00106&code=00101007125&supplier_code=00100096&order_time=2023-06-13 HTTP/1.1" 200 408
101.83.145.52 - - [13/Jun/2023:09:26:26 +0800] "GET /xingrg/kc/mdqp/pssh_order_info.html?code=312023061100200 HTTP/1.1" 200 14386
101.83.145.52 - - [13/Jun/2023:09:26:26 +0800] "GET /xingrg/javascript/jquery_tools/jquery-1.4.2.min.js HTTP/1.1" 404 1094
101.83.145.52 - - [13/Jun/2023:09:26:26 +0800] "GET /xingrg/javascript/easyui/themes/default/validatebox.css HTTP/1.1" 404 1104
101.83.145.52 - - [13/Jun/2023:09:26:26 +0800] "POST /xingrg/kc/mdqp/pssh_order_operate.html HTTP/1.1" 200 6259
116.238.139.35 - - [13/Jun/2023:09:26:26 +0800] "GET /xingrg/all/function/internal_message.html?_=1686619585383&CODE_STATE=getMsg HTTP/1.1" 200 27
101.83.241.253 - - [13/Jun/2023:09:26:27 +0800] "GET /xingrg/all/function/internal_message.html?_=1686619693801&CODE_STATE=getMsg HTTP/1.1" 200 27
101.83.145.52 - - [13/Jun/2023:09:26:29 +0800] "GET /xingrg/kc/print/load_data.html?order_code=312023061100200&kc_code=pssh&condition= HTTP/1.1" 200 2583
180.163.28.114 - - [13/Jun/2023:09:26:31 +0800] "GET /xingrg/all/function/internal_message.html?_=1686619529955&CODE_STATE=getMsg HTTP/1.1" 302 -
180.163.28.68 - - [13/Jun/2023:09:26:31 +0800] "GET /xingrg/check_reg.html?_=1686619530242 HTTP/1.1" 302 -
180.163.28.68 - - [13/Jun/2023:09:26:31 +0800] "GET /xingrg/login.html HTTP/1.1" 200 7641
61.170.233.201 - - [13/Jun/2023:09:26:31 +0800] "GET /xingrg/all/function/internal_message.html?_=1686619590107&CODE_STATE=getMsg HTTP/1.1" 200 27
180.163.28.114 - - [13/Jun/2023:09:26:31 +0800] "GET /xingrg/login.html HTTP/1.1" 200 7641
116.232.195.127 - - [13/Jun/2023:09:26:32 +0800] "GET /xingrg/all/function/internal_message.html?_=1686619607627&CODE_STATE=getMsg HTTP/1.1" 200 27
180.164.3.199 - - [13/Jun/2023:09:26:34 +0800] "GET /favicon.ico HTTP/1.1" 404 -
101.83.145.52 - - [13/Jun/2023:09:26:36 +0800] "GET /xingrg/kc/mdqp/pssh_order_list.html HTTP/1.1" 200 17928
101.83.145.52 - - [13/Jun/2023:09:26:37 +0800] "POST /xingrg/kc/mdqp/pssh_list_operate.html HTTP/1.1" 200 5378
101.83.145.52 - - [13/Jun/2023:09:26:39 +0800] "POST /xingrg/kc/mdqp/pssh_list_operate.html HTTP/1.1" 200 804
61.170.233.201 - - [13/Jun/2023:09:26:41 +0800] "GET /xingrg/kc/buy/cgsh_order_operate.html?command=get_materiel&rest_code=00106&code=00101007082&supplier_code=00100096&order_time=2023-06-13 HTTP/1.1" 200 428
101.83.145.52 - - [13/Jun/2023:09:26:41 +0800] "GET /xingrg/kc/mdqp/pssh_order_info.html?code=312023061100201 HTTP/1.1" 200 17297
101.83.145.52 - - [13/Jun/2023:09:26:41 +0800] "GET /xingrg/javascript/jquery_tools/jquery-1.4.2.min.js HTTP/1.1" 404 1094
222.70.245.26 - - [13/Jun/2023:09:26:42 +0800] "GET /xingrg/all/function/internal_message.html?_=1686619603578&CODE_STATE=getMsg HTTP/1.1" 200 27
101.83.145.52 - - [13/Jun/2023:09:26:42 +0800] "GET /xingrg/javascript/easyui/themes/default/validatebox.css HTTP/1.1" 404 1104
101.83.145.52 - - [13/Jun/2023:09:26:42 +0800] "POST /xingrg/kc/mdqp/pssh_order_operate.html HTTP/1.1" 200 11744
180.164.3.199 - - [13/Jun/2023:09:26:42 +0800] "GET /xingrg/login.html HTTP/1.1" 200 7641
180.164.3.199 - - [13/Jun/2023:09:26:43 +0800] "GET /favicon.ico HTTP/1.1" 404 -
124.79.244.240 - - [13/Jun/2023:09:26:44 +0800] "GET /xingrg/all/function/internal_message.html?_=1686619885054&CODE_STATE=getMsg HTTP/1.1" 200 27
180.169.147.146 - - [13/Jun/2023:09:26:44 +0800] "GET /xingrg/all/function/internal_message.html?_=1686619603010&CODE_STATE=getMsg HTTP/1.1" 200 27
101.83.145.52 - - [13/Jun/2023:09:26:45 +0800] "POST /xingrg/all/common/load_combo.html?type=employee HTTP/1.1" 200 356
180.164.3.199 - - [13/Jun/2023:09:26:45 +0800] "POST /xingrg/login.do HTTP/1.1" 302 -
180.164.3.199 - - [13/Jun/2023:09:26:45 +0800] "GET /xingrg/index.html?sysBaseUrl=http%3A%2F%2F180.169.147.146%3A18081%2Fxingrg%2F&costTime=899×tamp=1686619605751 HTTP/1.1" 200 17183
180.164.3.199 - - [13/Jun/2023:09:26:46 +0800] "GET /favicon.ico HTTP/1.1" 404 -
180.164.3.199 - - [13/Jun/2023:09:26:46 +0800] "POST /xingrg/all/common/load_tree.html?tree=area_rest_tree_json&manage=1 HTTP/1.1" 200 357
180.164.3.199 - - [13/Jun/2023:09:26:46 +0800] "GET /xingrg/check_reg.html?_=1686619606094 HTTP/1.1" 200 22
180.164.3.199 - - [13/Jun/2023:09:26:46 +0800] "GET /xingrg/all/function/internal_message.html?_=1686619606093&CODE_STATE=count HTTP/1.1" 200 11
180.164.3.199 - - [13/Jun/2023:09:26:46 +0800] "POST /xingrg/load_menu.html HTTP/1.1" 200 5138
101.83.145.52 - - [13/Jun/2023:09:26:49 +0800] "POST /xingrg/kc/mdqp/pssh_order_operate.html HTTP/1.1" 200 37
180.164.3.199 - - [13/Jun/2023:09:26:49 +0800] "GET /xingrg/kc/buy/cgsh_order_list.html HTTP/1.1" 200 55864
101.83.145.52 - - [13/Jun/2023:09:26:50 +0800] "POST /xingrg/kc/mdqp/pssh_order_operate.html HTTP/1.1" 200 11744
101.83.145.52 - - [13/Jun/2023:09:26:53 +0800] "POST /xingrg/kc/mdqp/pssh_order_operate.html HTTP/1.1" 200 37
61.170.233.201 - - [13/Jun/2023:09:26:55 +0800] "GET /xingrg/kc/buy/cgsh_order_operate.html?command=get_materiel&rest_code=00106&code=00101007027&supplier_code=00100096&order_time=2023-06-13 HTTP/1.1" 200 421
180.164.3.199 - - [13/Jun/2023:09:26:56 +0800] "POST /xingrg/kc/buy/cgsh_list_operate.html HTTP/1.1" 200 6010
180.164.3.199 - - [13/Jun/2023:09:26:58 +0800] "GET /xingrg/kc/buy/cgsh_order_add.html HTTP/1.1" 200 71728
180.164.3.199 - - [13/Jun/2023:09:26:58 +0800] "GET /xingrg/words/20230612075447_words.js HTTP/1.1" 200 968190
101.83.145.52 - - [13/Jun/2023:09:26:58 +0800] "POST /xingrg/kc/mdqp/pssh_order_operate.html HTTP/1.1" 200 12
180.164.3.199 - - [13/Jun/2023:09:26:58 +0800] "POST /xingrg/kc/buy/cgsh_order_operate.html HTTP/1.1" 200 8245
180.164.3.199 - - [13/Jun/2023:09:26:58 +0800] "GET /xingrg/javascript/easyui/themes/default/validatebox.css HTTP/1.1" 404 1104
180.164.3.199 - - [13/Jun/2023:09:26:58 +0800] "GET /xingrg/all/common/auto_word.html?type=employee&rest_code=00108 HTTP/1.1" 200 101
180.164.3.199 - - [13/Jun/2023:09:26:58 +0800] "GET /xingrg/all/common/auto_word.html?type=employee&rest_code=00108 HTTP/1.1" 200 101
101.83.145.52 - - [13/Jun/2023:09:27:00 +0800] "GET /xingrg/kc/mdqp/pssh_order_info.html?code=312023061100201 HTTP/1.1" 200 14386
101.83.145.52 - - [13/Jun/2023:09:27:00 +0800] "GET /xingrg/javascript/jquery_tools/jquery-1.4.2.min.js HTTP/1.1" 404 1094
101.83.145.52 - - [13/Jun/2023:09:27:00 +0800] "GET /xingrg/javascript/easyui/themes/default/validatebox.css HTTP/1.1" 404 1104
101.83.145.52 - - [13/Jun/2023:09:27:00 +0800] "POST /xingrg/kc/mdqp/pssh_order_operate.html HTTP/1.1" 200 11744
101.83.145.52 - - [13/Jun/2023:09:27:02 +0800] "GET /xingrg/kc/print/load_data.html?order_code=312023061100201&kc_code=pssh&condition= HTTP/1.1" 200 4595
180.169.147.146 - - [13/Jun/2023:09:27:03 +0800] "GET /xingrg/all/function/internal_message.html?_=1686619622402&CODE_STATE=getMsg HTTP/1.1" 200 27
180.163.28.143 - - [13/Jun/2023:09:27:04 +0800] "GET /xingrg/kc/buy/cgsh_order_operate.html?command=get_materiel&rest_code=00106&code=00101007076&supplier_code=00100096&order_time=2023-06-13 HTTP/1.1" 302 -
180.163.28.143 - - [13/Jun/2023:09:27:04 +0800] "GET /xingrg/login.html HTTP/1.1" 200 7641
61.170.233.201 - - [13/Jun/2023:09:27:04 +0800] "POST /xingrg/kc/buy/cgsh_order_operate.html HTTP/1.1" 200 2065
180.164.3.199 - - [13/Jun/2023:09:27:04 +0800] "GET /xingrg/javascript/auto/indicator.gif HTTP/1.1" 404 1066
116.238.139.35 - - [13/Jun/2023:09:27:05 +0800] "GET /xingrg/all/function/internal_message.html?_=1686619516907&CODE_STATE=getMsg HTTP/1.1" 200 27
124.79.244.240 - - [13/Jun/2023:09:27:09 +0800] "GET /xingrg/all/function/internal_message.html?_=1686619628889&CODE_STATE=getMsg HTTP/1.1" 200 27
180.164.3.199 - - [13/Jun/2023:09:27:10 +0800] "GET /xingrg/kc/buy/cgsh_order_operate.html?command=get_materiel&rest_code=00108&code=00101019063&supplier_code=&order_time=2023-06-13 HTTP/1.1" 200 461
101.83.145.52 - - [13/Jun/2023:09:27:12 +0800] "GET /xingrg/kc/buy/cgsh_order_list.html HTTP/1.1" 200 55854
101.83.241.253 - - [13/Jun/2023:09:27:12 +0800] "GET /xingrg/check_reg.html?_=1686619738783 HTTP/1.1" 200 22
61.170.233.201 - - [13/Jun/2023:09:27:17 +0800] "POST /xingrg/kc/buy/cgsh_order_operate.html HTTP/1.1" 200 37
101.83.145.52 - - [13/Jun/2023:09:27:19 +0800] "POST /xingrg/kc/buy/cgsh_list_operate.html HTTP/1.1" 200 2284
222.70.180.90 - - [13/Jun/2023:09:27:19 +0800] "GET /xingrg/all/function/internal_message.html?_=1686619637947&CODE_STATE=getMsg HTTP/1.1" 200 27
61.170.233.201 - - [13/Jun/2023:09:27:20 +0800] "POST /xingrg/kc/buy/cgsh_order_operate.html HTTP/1.1" 200 12215
180.164.3.199 - - [13/Jun/2023:09:27:20 +0800] "GET /xingrg/kc/base/wldb_order_list.html HTTP/1.1" 200 19108
180.163.29.217 - - [13/Jun/2023:09:27:21 +0800] "GET /xingrg/all/function/internal_message.html?_=1686619581816&CODE_STATE=getMsg HTTP/1.1" 302 -
180.163.29.217 - - [13/Jun/2023:09:27:21 +0800] "GET /xingrg/login.html HTTP/1.1" 200 7641
180.164.3.199 - - [13/Jun/2023:09:27:21 +0800] "POST /xingrg/kc/base/wldb_list_operate.html HTTP/1.1" 200 3826
101.83.145.52 - - [13/Jun/2023:09:27:21 +0800] "GET /xingrg/all/function/internal_message.html?_=1686619641481&CODE_STATE=getMsg HTTP/1.1" 200 27
180.169.147.146 - - [13/Jun/2023:09:27:21 +0800] "GET /xingrg/all/function/internal_message.html?_=1686619641810&CODE_STATE=getMsg HTTP/1.1" 200 27
101.83.241.120 - - [13/Jun/2023:09:27:22 +0800] "GET /xingrg/all/function/internal_message.html?_=1686619640049&CODE_STATE=getMsg HTTP/1.1" 200 27
101.83.145.52 - - [13/Jun/2023:09:27:23 +0800] "GET /xingrg/kc/buy/cgsh_order_add.html HTTP/1.1" 200 71718
101.83.145.52 - - [13/Jun/2023:09:27:24 +0800] "POST /xingrg/kc/buy/cgsh_order_operate.html HTTP/1.1" 200 8245
101.83.145.52 - - [13/Jun/2023:09:27:24 +0800] "GET /xingrg/javascript/easyui/themes/default/validatebox.css HTTP/1.1" 404 1104
180.169.147.146 - - [13/Jun/2023:09:27:25 +0800] "GET /xingrg/kc/buy/buy_main.html HTTP/1.1" 200 12412
180.169.147.146 - - [13/Jun/2023:09:27:25 +0800] "GET /xingrg/css/new_ie.css HTTP/1.1" 404 1036
180.164.3.199 - - [13/Jun/2023:09:27:25 +0800] "GET /xingrg/kc/base/wldb_order_add.html HTTP/1.1" 200 30391
180.164.3.199 - - [13/Jun/2023:09:27:25 +0800] "POST /xingrg/kc/base/wldb_order_operate.html HTTP/1.1" 200 6806
180.164.3.199 - - [13/Jun/2023:09:27:25 +0800] "GET /xingrg/all/common/auto_word.html?type=base&rest_code=00108 HTTP/1.1" 200 1907
180.169.147.146 - - [13/Jun/2023:09:27:25 +0800] "GET /xingrg/images/yd/bt.gif HTTP/1.1" 404 1040
180.164.3.199 - - [13/Jun/2023:09:27:25 +0800] "GET /xingrg/all/common/auto_word.html?type=base&rest_code=00108 HTTP/1.1" 200 1907
180.164.3.199 - - [13/Jun/2023:09:27:25 +0800] "GET /xingrg/javascript/easyui/themes/default/validatebox.css HTTP/1.1" 404 1104
180.169.147.146 - - [13/Jun/2023:09:27:26 +0800] "GET /xingrg/kc/buy/cgsh_order_list.html HTTP/1.1" 200 55860
222.70.245.26 - - [13/Jun/2023:09:27:26 +0800] "GET /xingrg/check_reg.html?_=1686619648080 HTTP/1.1" 200 22
116.238.139.35 - - [13/Jun/2023:09:27:26 +0800] "GET /xingrg/check_reg.html?_=1686619645376 HTTP/1.1" 200 22
116.238.139.35 - - [13/Jun/2023:09:27:26 +0800] "GET /xingrg/all/function/internal_message.html?_=1686619645382&CODE_STATE=getMsg HTTP/1.1" 200 27
180.169.147.146 - - [13/Jun/2023:09:27:27 +0800] "GET /xingrg/kc/buy/cgsh_order_list.html HTTP/1.1" 200 55860
180.169.147.146 - - [13/Jun/2023:09:27:27 +0800] "GET /favicon.ico HTTP/1.1" 404 -
101.83.241.253 - - [13/Jun/2023:09:27:27 +0800] "GET /xingrg/all/function/internal_message.html?_=1686619753794&CODE_STATE=getMsg HTTP/1.1" 200 27
180.169.147.146 - - [13/Jun/2023:09:27:30 +0800] "POST /xingrg/kc/buy/cgsh_list_operate.html HTTP/1.1" 200 6026
61.170.233.201 - - [13/Jun/2023:09:27:31 +0800] "GET /xingrg/all/function/internal_message.html?_=1686619650096&CODE_STATE=getMsg HTTP/1.1" 200 27
180.169.147.146 - - [13/Jun/2023:09:27:31 +0800] "POST /xingrg/kc/buy/cgsh_list_operate.html HTTP/1.1" 200 6026
116.232.195.127 - - [13/Jun/2023:09:27:32 +0800] "GET /xingrg/all/function/internal_message.html?_=1686619667629&CODE_STATE=getMsg HTTP/1.1" 200 27
180.163.28.143 - - [13/Jun/2023:09:27:36 +0800] "GET /xingrg/kc/buy/cgsh_order_operate.html?command=get_materiel&rest_code=00106&code=00101007082&supplier_code=00100096&order_time=2023-06-13 HTTP/1.1" 302 -
180.163.28.143 - - [13/Jun/2023:09:27:36 +0800] "GET /xingrg/login.html HTTP/1.1" 200 7641
222.70.180.90 - - [13/Jun/2023:09:27:40 +0800] "POST /xingrg/kc/buy/cgsh_order_operate.html HTTP/1.1" 200 37
222.70.245.26 - - [13/Jun/2023:09:27:42 +0800] "GET /xingrg/all/function/internal_message.html?_=1686619663585&CODE_STATE=getMsg HTTP/1.1" 200 27
124.79.244.240 - - [13/Jun/2023:09:27:44 +0800] "GET /xingrg/all/function/internal_message.html?_=1686619945051&CODE_STATE=getMsg HTTP/1.1" 200 27
180.169.147.146 - - [13/Jun/2023:09:27:44 +0800] "GET /xingrg/check_reg.html?_=1686619663001 HTTP/1.1" 200 22
180.169.147.146 - - [13/Jun/2023:09:27:44 +0800] "GET /xingrg/all/function/internal_message.html?_=1686619663010&CODE_STATE=getMsg HTTP/1.1" 200 27
180.164.3.199 - - [13/Jun/2023:09:27:46 +0800] "GET /xingrg/all/function/internal_message.html?_=1686619666120&CODE_STATE=getMsg HTTP/1.1" 200 27
180.164.3.199 - - [13/Jun/2023:09:27:53 +0800] "GET /xingrg/kc/base/wldb_order_operate.html?command=get_materiel&rest_code=00108&base_code=&code=00101019063 HTTP/1.1" 200 460
222.70.180.90 - - [13/Jun/2023:09:27:57 +0800] "POST /xingrg/kc/buy/cgsh_order_operate.html HTTP/1.1" 200 11026
180.169.147.146 - - [13/Jun/2023:09:28:03 +0800] "GET /xingrg/all/function/internal_message.html?_=1686619682407&CODE_STATE=getMsg HTTP/1.1" 200 27
116.238.139.35 - - [13/Jun/2023:09:28:05 +0800] "GET /xingrg/all/function/internal_message.html?_=1686619576909&CODE_STATE=getMsg HTTP/1.1" 200 27
124.79.244.240 - - [13/Jun/2023:09:28:09 +0800] "GET /xingrg/all/function/internal_message.html?_=1686619688880&CODE_STATE=getMsg HTTP/1.1" 200 27
124.79.244.240 - - [13/Jun/2023:09:28:09 +0800] "GET /xingrg/check_reg.html?_=1686619688885 HTTP/1.1" 200 22
180.169.147.146 - - [13/Jun/2023:09:28:10 +0800] "POST /xingrg/kc/buy/cgsh_list_operate.html HTTP/1.1" 200 275
180.164.3.199 - - [13/Jun/2023:09:28:10 +0800] "POST /xingrg/kc/base/wldb_list_operate.html HTTP/1.1" 200 3826
222.70.180.90 - - [13/Jun/2023:09:28:11 +0800] "GET /xingrg/kc/print/load_data.html?order_code=212023061304510&kc_code=cgsh&condition= HTTP/1.1" 200 3926
180.169.147.146 - - [13/Jun/2023:09:28:15 +0800] "GET /xingrg/kc/buy/cgsh_order_info.html?code=212023061204446 HTTP/1.1" 200 71652
180.169.147.146 - - [13/Jun/2023:09:28:15 +0800] "GET /xingrg/words/20230612075447_words.js HTTP/1.1" 304 -
180.169.147.146 - - [13/Jun/2023:09:28:15 +0800] "GET /xingrg/javascript/easyui/themes/default/validatebox.css HTTP/1.1" 404 1104
180.169.147.146 - - [13/Jun/2023:09:28:16 +0800] "GET /xingrg/all/common/auto_word.html?type=employee&rest_code=00147 HTTP/1.1" 200 101
180.169.147.146 - - [13/Jun/2023:09:28:16 +0800] "GET /xingrg/all/common/auto_word.html?type=employee&rest_code=00147 HTTP/1.1" 200 101
180.169.147.146 - - [13/Jun/2023:09:28:16 +0800] "POST /xingrg/kc/buy/cgsh_order_operate.html HTTP/1.1" 200 3255
114.89.202.110 - - [13/Jun/2023:09:28:18 +0800] "GET /xingrg/check_reg.html?_=1686619698394 HTTP/1.1" 302 -
101.83.241.120 - - [13/Jun/2023:09:28:18 +0800] "GET /xingrg/kc/base/yddb_order_list.html HTTP/1.1" 200 16710
222.70.180.90 - - [13/Jun/2023:09:28:18 +0800] "GET /xingrg/kc/buy/cgsh_order_add.html HTTP/1.1" 200 71592
222.70.180.90 - - [13/Jun/2023:09:28:18 +0800] "POST /xingrg/kc/buy/cgsh_order_operate.html HTTP/1.1" 200 8245
101.83.241.120 - - [13/Jun/2023:09:28:18 +0800] "POST /xingrg/kc/base/yddb_list_operate.html HTTP/1.1" 200 636
222.70.180.90 - - [13/Jun/2023:09:28:18 +0800] "GET /xingrg/javascript/easyui/themes/default/validatebox.css HTTP/1.1" 404 1104
222.70.180.90 - - [13/Jun/2023:09:28:19 +0800] "GET /xingrg/all/function/internal_message.html?_=1686619697969&CODE_STATE=getMsg HTTP/1.1" 200 27
180.169.147.146 - - [13/Jun/2023:09:28:20 +0800] "GET /xingrg/javascript/auto/indicator.gif HTTP/1.1" 404 1066
180.163.28.180 - - [13/Jun/2023:09:28:21 +0800] "GET /xingrg/all/function/internal_message.html?_=1686619641810&CODE_STATE=getMsg HTTP/1.1" 302 -
180.163.28.180 - - [13/Jun/2023:09:28:21 +0800] "GET /xingrg/login.html HTTP/1.1" 200 7641
101.83.145.52 - - [13/Jun/2023:09:28:21 +0800] "GET /xingrg/all/function/internal_message.html?_=1686619701462&CODE_STATE=getMsg HTTP/1.1" 200 27
180.169.147.146 - - [13/Jun/2023:09:28:22 +0800] "GET /xingrg/all/function/internal_message.html?_=1686619701824&CODE_STATE=getMsg HTTP/1.1" 200 27
101.83.241.120 - - [13/Jun/2023:09:28:22 +0800] "GET /xingrg/all/function/internal_message.html?_=1686619700032&CODE_STATE=getMsg HTTP/1.1" 200 27
101.83.241.120 - - [13/Jun/2023:09:28:22 +0800] "POST /xingrg/kc/base/yddb_list_operate.html HTTP/1.1" 200 2091
116.238.139.35 - - [13/Jun/2023:09:28:26 +0800] "GET /xingrg/all/function/internal_message.html?_=1686619705382&CODE_STATE=getMsg HTTP/1.1" 200 27
101.83.241.253 - - [13/Jun/2023:09:28:27 +0800] "GET /xingrg/all/function/internal_message.html?_=1686619813792&CODE_STATE=getMsg HTTP/1.1" 200 27
180.169.147.146 - - [13/Jun/2023:09:28:30 +0800] "POST /xingrg/kc/buy/cgsh_order_operate.html HTTP/1.1" 200 37
61.151.231.107 - - [13/Jun/2023:09:28:31 +0800] "GET /xingrg/all/function/internal_message.html?_=1686619650096&CODE_STATE=getMsg HTTP/1.1" 302 -
61.151.231.107 - - [13/Jun/2023:09:28:31 +0800] "GET /xingrg/login.html HTTP/1.1" 200 7641
61.170.233.201 - - [13/Jun/2023:09:28:31 +0800] "GET /xingrg/all/function/internal_message.html?_=1686619710066&CODE_STATE=getMsg HTTP/1.1" 200 27
222.70.180.90 - - [13/Jun/2023:09:28:32 +0800] "GET /xingrg/kc/buy/cgsh_order_operate.html?command=get_materiel&rest_code=00111&code=00101002027&supplier_code=00100199&order_time=2023-06-13 HTTP/1.1" 200 415
116.232.195.127 - - [13/Jun/2023:09:28:32 +0800] "GET /xingrg/check_reg.html?_=1686619727615 HTTP/1.1" 200 22
116.232.195.127 - - [13/Jun/2023:09:28:32 +0800] "GET /xingrg/all/function/internal_message.html?_=1686619727622&CODE_STATE=getMsg HTTP/1.1" 200 27
180.169.147.146 - - [13/Jun/2023:09:28:35 +0800] "POST /xingrg/kc/buy/cgsh_order_operate.html HTTP/1.1" 200 3252
222.70.245.26 - - [13/Jun/2023:09:28:42 +0800] "GET /xingrg/all/function/internal_message.html?_=1686619723597&CODE_STATE=getMsg HTTP/1.1" 200 27
124.79.244.240 - - [13/Jun/2023:09:28:44 +0800] "GET /xingrg/all/function/internal_message.html?_=1686620005049&CODE_STATE=getMsg HTTP/1.1" 200 27
180.169.147.146 - - [13/Jun/2023:09:28:44 +0800] "GET /xingrg/all/function/internal_message.html?_=1686619723010&CODE_STATE=getMsg HTTP/1.1" 200 27
180.164.3.199 - - [13/Jun/2023:09:28:46 +0800] "GET /xingrg/all/function/internal_message.html?_=1686619726099&CODE_STATE=getMsg HTTP/1.1" 200 27
222.70.180.90 - - [13/Jun/2023:09:29:01 +0800] "GET /xingrg/kc/buy/cgsh_order_operate.html?command=get_materiel&rest_code=00111&code=00101002006&supplier_code=00100199&order_time=2023-06-13 HTTP/1.1" 200 414
180.169.147.146 - - [13/Jun/2023:09:29:03 +0800] "GET /xingrg/check_reg.html?_=1686619742418 HTTP/1.1" 200 22
180.169.147.146 - - [13/Jun/2023:09:29:03 +0800] "GET /xingrg/all/function/internal_message.html?_=1686619742419&CODE_STATE=getMsg HTTP/1.1" 200 27
116.238.139.35 - - [13/Jun/2023:09:29:04 +0800] "GET /xingrg/check_reg.html?_=1686619636361 HTTP/1.1" 200 22
116.238.139.35 - - [13/Jun/2023:09:29:05 +0800] "GET /xingrg/all/function/internal_message.html?_=1686619636923&CODE_STATE=getMsg HTTP/1.1" 200 27
124.79.244.240 - - [13/Jun/2023:09:29:09 +0800] "GET /xingrg/all/function/internal_message.html?_=1686619748879&CODE_STATE=getMsg HTTP/1.1" 200 27
222.70.180.90 - - [13/Jun/2023:09:29:19 +0800] "GET /xingrg/all/function/internal_message.html?_=1686619757965&CODE_STATE=getMsg HTTP/1.1" 200 27
222.70.180.90 - - [13/Jun/2023:09:29:20 +0800] "GET /xingrg/kc/buy/cgsh_order_operate.html?command=get_materiel&rest_code=00111&code=00101001069&supplier_code=00100199&order_time=2023-06-13 HTTP/1.1" 200 411
101.83.145.52 - - [13/Jun/2023:09:29:21 +0800] "GET /xingrg/all/function/internal_message.html?_=1686619761438&CODE_STATE=getMsg HTTP/1.1" 200 27
101.83.145.52 - - [13/Jun/2023:09:29:21 +0800] "GET /xingrg/check_reg.html?_=1686619761490 HTTP/1.1" 200 22
180.169.147.146 - - [13/Jun/2023:09:29:21 +0800] "GET /xingrg/check_reg.html?_=1686619761818 HTTP/1.1" 200 22
180.169.147.146 - - [13/Jun/2023:09:29:21 +0800] "GET /xingrg/all/function/internal_message.html?_=1686619761819&CODE_STATE=getMsg HTTP/1.1" 200 27
180.163.29.79 - - [13/Jun/2023:09:29:22 +0800] "GET /xingrg/all/function/internal_message.html?_=1686619701824&CODE_STATE=getMsg HTTP/1.1" 302 -
101.83.241.120 - - [13/Jun/2023:09:29:22 +0800] "GET /xingrg/all/function/internal_message.html?_=1686619760010&CODE_STATE=getMsg HTTP/1.1" 200 27
180.163.29.79 - - [13/Jun/2023:09:29:22 +0800] "GET /xingrg/login.html HTTP/1.1" 200 7641
116.238.139.35 - - [13/Jun/2023:09:29:26 +0800] "GET /xingrg/all/function/internal_message.html?_=1686619765394&CODE_STATE=getMsg HTTP/1.1" 200 27
101.83.241.253 - - [13/Jun/2023:09:29:27 +0800] "GET /xingrg/all/function/internal_message.html?_=1686619873779&CODE_STATE=getMsg HTTP/1.1" 200 27
61.170.233.201 - - [13/Jun/2023:09:29:31 +0800] "GET /xingrg/all/function/internal_message.html?_=1686619770054&CODE_STATE=getMsg HTTP/1.1" 200 27
116.232.195.127 - - [13/Jun/2023:09:29:32 +0800] "GET /xingrg/all/function/internal_message.html?_=1686619787616&CODE_STATE=getMsg HTTP/1.1" 200 27
101.83.241.120 - - [13/Jun/2023:09:29:33 +0800] "POST /xingrg/services/DataTransmitService HTTP/1.1" 200 524
222.70.180.90 - - [13/Jun/2023:09:29:33 +0800] "POST /xingrg/kc/buy/cgsh_order_operate.html HTTP/1.1" 200 37
222.70.180.90 - - [13/Jun/2023:09:29:38 +0800] "POST /xingrg/kc/buy/cgsh_order_operate.html HTTP/1.1" 200 4439
222.70.180.90 - - [13/Jun/2023:09:29:41 +0800] "GET /xingrg/kc/print/load_data.html?order_code=212023061304511&kc_code=cgsh&condition= HTTP/1.1" 200 1348
222.70.245.26 - - [13/Jun/2023:09:29:42 +0800] "GET /xingrg/all/function/internal_message.html?_=1686619783688&CODE_STATE=getMsg HTTP/1.1" 200 27
124.79.244.240 - - [13/Jun/2023:09:29:44 +0800] "GET /xingrg/all/function/internal_message.html?_=1686620065048&CODE_STATE=getMsg HTTP/1.1" 200 27
180.169.147.146 - - [13/Jun/2023:09:29:44 +0800] "GET /xingrg/all/function/internal_message.html?_=1686619783015&CODE_STATE=getMsg HTTP/1.1" 200 27
222.70.180.90 - - [13/Jun/2023:09:29:46 +0800] "GET /xingrg/kc/buy/cgsh_order_add.html HTTP/1.1" 200 71592
222.70.180.90 - - [13/Jun/2023:09:29:46 +0800] "POST /xingrg/kc/buy/cgsh_order_operate.html HTTP/1.1" 200 8245
222.70.180.90 - - [13/Jun/2023:09:29:46 +0800] "GET /xingrg/javascript/easyui/themes/default/validatebox.css HTTP/1.1" 404 1104
180.164.3.199 - - [13/Jun/2023:09:29:46 +0800] "GET /xingrg/all/function/internal_message.html?_=1686619786108&CODE_STATE=getMsg HTTP/1.1" 200 27
180.169.147.146 - - [13/Jun/2023:09:29:49 +0800] "POST /xingrg/kc/buy/cgsh_list_operate.html HTTP/1.1" 200 4
116.238.139.35 - - [13/Jun/2023:09:30:05 +0800] "GET /xingrg/all/function/internal_message.html?_=1686619696936&CODE_STATE=getMsg HTTP/1.1" 200 27
180.164.3.199 - - [13/Jun/2023:09:30:06 +0800] "GET /xingrg/kc/base/wldb_order_add.html HTTP/1.1" 200 30391
180.164.3.199 - - [13/Jun/2023:09:30:06 +0800] "POST /xingrg/kc/base/wldb_order_operate.html HTTP/1.1" 200 6806
180.164.3.199 - - [13/Jun/2023:09:30:06 +0800] "GET /xingrg/javascript/easyui/themes/default/validatebox.css HTTP/1.1" 404 1104
124.79.244.240 - - [13/Jun/2023:09:30:09 +0800] "GET /xingrg/all/function/internal_message.html?_=1686619808884&CODE_STATE=getMsg HTTP/1.1" 200 27
222.70.180.90 - - [13/Jun/2023:09:30:10 +0800] "GET /xingrg/kc/buy/cgsh_order_operate.html?command=get_materiel&rest_code=00111&code=00102035193&supplier_code=00100460&order_time=2023-06-13 HTTP/1.1" 200 434
180.169.147.146 - - [13/Jun/2023:09:30:14 +0800] "POST /xingrg/dwr/call/plaincall/AjaxReportQueryService.refreshCache.dwr HTTP/1.1" 200 78
180.169.147.146 - - [13/Jun/2023:09:30:17 +0800] "POST /xingrg/all/report/load_report_page.html HTTP/1.1" 200 51901
180.169.147.146 - - [13/Jun/2023:09:30:17 +0800] "GET /xingrg/servlets/image?cache=0.8522024696854225&image=px HTTP/1.1" 200 807
222.70.180.90 - - [13/Jun/2023:09:30:19 +0800] "GET /xingrg/all/function/internal_message.html?_=1686619818032&CODE_STATE=getMsg HTTP/1.1" 200 27
222.70.180.90 - - [13/Jun/2023:09:30:19 +0800] "GET /xingrg/check_reg.html?_=1686619818034 HTTP/1.1" 200 22
180.163.30.76 - - [13/Jun/2023:09:30:21 +0800] "GET /xingrg/check_reg.html?_=1686619761818 HTTP/1.1" 302 -
180.163.30.76 - - [13/Jun/2023:09:30:21 +0800] "GET /xingrg/login.html HTTP/1.1" 200 7641
101.83.145.52 - - [13/Jun/2023:09:30:21 +0800] "GET /xingrg/all/function/internal_message.html?_=1686619821411&CODE_STATE=getMsg HTTP/1.1" 200 27
180.169.147.146 - - [13/Jun/2023:09:30:21 +0800] "GET /xingrg/all/function/internal_message.html?_=1686619821817&CODE_STATE=getMsg HTTP/1.1" 200 27
180.163.29.206 - - [13/Jun/2023:09:30:22 +0800] "GET /xingrg/all/function/internal_message.html?_=1686619761819&CODE_STATE=getMsg HTTP/1.1" 302 -
180.163.29.206 - - [13/Jun/2023:09:30:22 +0800] "GET /xingrg/login.html HTTP/1.1" 200 7641
101.83.241.120 - - [13/Jun/2023:09:30:22 +0800] "GET /xingrg/all/function/internal_message.html?_=1686619819994&CODE_STATE=getMsg HTTP/1.1" 200 27
101.83.241.120 - - [13/Jun/2023:09:30:22 +0800] "GET /xingrg/check_reg.html?_=1686619820091 HTTP/1.1" 200 22
180.169.147.146 - - [13/Jun/2023:09:30:25 +0800] "POST /xingrg/all/report/load_report_page.html HTTP/1.1" 200 51901
180.169.147.146 - - [13/Jun/2023:09:30:25 +0800] "GET /xingrg/servlets/image?cache=0.7544544325625894&image=px HTTP/1.1" 200 807
180.169.147.146 - - [13/Jun/2023:09:30:25 +0800] "GET /xingrg/all/function/internal_message.html?_=1686619824490&CODE_STATE=getMsg HTTP/1.1" 200 27
180.169.147.146 - - [13/Jun/2023:09:30:26 +0800] "POST /xingrg/dwr/call/plaincall/AjaxReportQueryService.refreshCache.dwr HTTP/1.1" 200 78
116.238.139.35 - - [13/Jun/2023:09:30:26 +0800] "GET /xingrg/all/function/internal_message.html?_=1686619825378&CODE_STATE=getMsg HTTP/1.1" 200 27
101.83.241.253 - - [13/Jun/2023:09:30:27 +0800] "GET /xingrg/all/function/internal_message.html?_=1686619933755&CODE_STATE=getMsg HTTP/1.1" 200 27
180.169.147.146 - - [13/Jun/2023:09:30:29 +0800] "POST /xingrg/all/report/load_report_page.html HTTP/1.1" 200 89
180.169.147.146 - - [13/Jun/2023:09:30:30 +0800] "POST /xingrg/kc/buy/cgsh_list_operate.html HTTP/1.1" 200 5910
61.170.233.201 - - [13/Jun/2023:09:30:31 +0800] "GET /xingrg/all/function/internal_message.html?_=1686619830031&CODE_STATE=getMsg HTTP/1.1" 200 27
61.170.233.201 - - [13/Jun/2023:09:30:31 +0800] "GET /xingrg/check_reg.html?_=1686619830226 HTTP/1.1" 200 22
116.232.195.127 - - [13/Jun/2023:09:30:32 +0800] "GET /xingrg/all/function/internal_message.html?_=1686619847634&CODE_STATE=getMsg HTTP/1.1" 200 27
180.169.147.146 - - [13/Jun/2023:09:30:33 +0800] "POST /xingrg/dwr/call/plaincall/AjaxReportQueryService.refreshCache.dwr HTTP/1.1" 200 78
180.169.147.146 - - [13/Jun/2023:09:30:35 +0800] "POST /xingrg/all/report/load_report_page.html HTTP/1.1" 200 51785
180.169.147.146 - - [13/Jun/2023:09:30:35 +0800] "GET /xingrg/servlets/image?cache=0.5185956052294844&image=px HTTP/1.1" 200 807
180.169.147.146 - - [13/Jun/2023:09:30:40 +0800] "POST /xingrg/dwr/call/plaincall/AjaxReportQueryService.refreshCache.dwr HTTP/1.1" 200 78
222.70.245.26 - - [13/Jun/2023:09:30:42 +0800] "GET /xingrg/all/function/internal_message.html?_=1686619843704&CODE_STATE=getMsg HTTP/1.1" 200 27
124.79.244.240 - - [13/Jun/2023:09:30:44 +0800] "GET /xingrg/all/function/internal_message.html?_=1686620125046&CODE_STATE=getMsg HTTP/1.1" 200 27
124.79.244.240 - - [13/Jun/2023:09:30:44 +0800] "GET /xingrg/check_reg.html?_=1686620125048 HTTP/1.1" 200 22
180.169.147.146 - - [13/Jun/2023:09:30:44 +0800] "GET /xingrg/all/function/internal_message.html?_=1686619843002&CODE_STATE=getMsg HTTP/1.1" 200 27
180.164.3.199 - - [13/Jun/2023:09:30:46 +0800] "GET /xingrg/all/function/internal_message.html?_=1686619846115&CODE_STATE=getMsg HTTP/1.1" 200 27
180.169.147.146 - - [13/Jun/2023:09:30:47 +0800] "GET /xingrg/check_reg.html?_=1686619846094 HTTP/1.1" 302 -
180.169.147.146 - - [13/Jun/2023:09:30:49 +0800] "POST /xingrg/all/report/load_report_page.html HTTP/1.1" 200 51540
180.169.147.146 - - [13/Jun/2023:09:30:49 +0800] "GET /xingrg/servlets/image?cache=0.9389989088796066&image=px HTTP/1.1" 200 807
180.164.3.199 - - [13/Jun/2023:09:30:49 +0800] "POST /xingrg/kc/base/wldb_list_operate.html HTTP/1.1" 200 3826
180.164.3.199 - - [13/Jun/2023:09:30:52 +0800] "GET /xingrg/kc/buy/cgsh_order_list.html HTTP/1.1" 200 55864
180.169.147.146 - - [13/Jun/2023:09:30:54 +0800] "POST /xingrg/dwr/call/plaincall/AjaxReportQueryService.refreshCache.dwr HTTP/1.1" 200 78
180.169.147.146 - - [13/Jun/2023:09:30:58 +0800] "POST /xingrg/all/report/load_report_page.html HTTP/1.1" 200 51623
180.169.147.146 - - [13/Jun/2023:09:30:58 +0800] "GET /xingrg/servlets/image?cache=0.8809654264186977&image=px HTTP/1.1" 200 807
101.83.145.52 - - [13/Jun/2023:09:31:01 +0800] "GET /xingrg/kc/buy/cgsh_order_operate.html?command=get_materiel&rest_code=00105&code=00101008230&supplier_code=00100203&order_time=2023-06-13 HTTP/1.1" 200 408
116.238.139.35 - - [13/Jun/2023:09:31:05 +0800] "GET /xingrg/all/function/internal_message.html?_=1686619756950&CODE_STATE=getMsg HTTP/1.1" 200 27
180.169.147.146 - - [13/Jun/2023:09:31:05 +0800] "POST /xingrg/dwr/call/plaincall/AjaxReportQueryService.refreshCache.dwr HTTP/1.1" 200 78
124.79.244.240 - - [13/Jun/2023:09:31:09 +0800] "GET /xingrg/all/function/internal_message.html?_=1686619868875&CODE_STATE=getMsg HTTP/1.1" 200 27
180.169.147.146 - - [13/Jun/2023:09:31:13 +0800] "POST /xingrg/all/report/load_report_page.html HTTP/1.1" 200 51594
180.169.147.146 - - [13/Jun/2023:09:31:13 +0800] "GET /xingrg/servlets/image?cache=0.5866683657912177&image=px HTTP/1.1" 200 807
