61.170.233.201 - - [13/Jun/2023:09:03:06 +0800] "GET /xingrg/kc/buy/cgsh_order_operate.html?command=get_materiel&rest_code=00106&code=00101008224&supplier_code=00100007&order_time=2023-06-13 HTTP/1.1" 200 416
124.79.244.240 - - [13/Jun/2023:09:03:09 +0800] "GET /xingrg/all/function/internal_message.html?_=1686618188880&CODE_STATE=getMsg HTTP/1.1" 200 27
124.79.244.240 - - [13/Jun/2023:09:03:09 +0800] "GET /xingrg/check_reg.html?_=1686618188884 HTTP/1.1" 200 22
101.83.241.253 - - [13/Jun/2023:09:03:12 +0800] "GET /xingrg/all/function/internal_message.html?_=1686618298779&CODE_STATE=getMsg HTTP/1.1" 200 27
116.238.139.35 - - [13/Jun/2023:09:03:14 +0800] "GET /xingrg/kc/base/wldb_order_operate.html?command=get_materiel&rest_code=00150&base_code=0010446&code=00102002022 HTTP/1.1" 200 473
222.70.180.90 - - [13/Jun/2023:09:03:19 +0800] "GET /xingrg/all/function/internal_message.html?_=1686618197942&CODE_STATE=getMsg HTTP/1.1" 200 27
61.170.233.201 - - [13/Jun/2023:09:03:21 +0800] "GET /xingrg/kc/buy/cgsh_order_operate.html?command=get_materiel&rest_code=00106&code=00101008223&supplier_code=00100007&order_time=2023-06-13 HTTP/1.1" 200 412
116.238.139.35 - - [13/Jun/2023:09:03:21 +0800] "GET /xingrg/kc/base/wldb_order_operate.html?command=get_materiel&rest_code=00150&base_code=0010446&code=00102002373 HTTP/1.1" 200 441
101.83.145.52 - - [13/Jun/2023:09:03:21 +0800] "GET /xingrg/all/function/internal_message.html?_=1686618201437&CODE_STATE=getMsg HTTP/1.1" 200 27
101.83.241.120 - - [13/Jun/2023:09:03:22 +0800] "GET /xingrg/all/function/internal_message.html?_=1686618200006&CODE_STATE=getMsg HTTP/1.1" 200 27
116.238.139.35 - - [13/Jun/2023:09:03:26 +0800] "GET /xingrg/all/function/internal_message.html?_=1686618205376&CODE_STATE=getMsg HTTP/1.1" 200 27
61.170.233.201 - - [13/Jun/2023:09:03:30 +0800] "GET /xingrg/kc/buy/cgsh_order_operate.html?command=get_materiel&rest_code=00106&code=00101008095&supplier_code=00100007&order_time=2023-06-13 HTTP/1.1" 200 412
61.170.233.201 - - [13/Jun/2023:09:03:31 +0800] "GET /xingrg/all/function/internal_message.html?_=1686618210390&CODE_STATE=getMsg HTTP/1.1" 200 27
61.170.233.201 - - [13/Jun/2023:09:03:32 +0800] "POST /xingrg/kc/buy/cgsh_order_operate.html HTTP/1.1" 200 2065
116.232.195.127 - - [13/Jun/2023:09:03:32 +0800] "GET /xingrg/all/function/internal_message.html?_=1686618227625&CODE_STATE=getMsg HTTP/1.1" 200 27
116.232.195.127 - - [13/Jun/2023:09:03:32 +0800] "GET /xingrg/check_reg.html?_=1686618227627 HTTP/1.1" 200 22
180.163.30.76 - - [13/Jun/2023:09:03:35 +0800] "GET /xingrg/kc/buy/cgsh_order_operate.html?command=get_materiel&rest_code=00106&code=00101009011&supplier_code=00100007&order_time=2023-06-13 HTTP/1.1" 302 -
180.163.30.76 - - [13/Jun/2023:09:03:35 +0800] "GET /xingrg/login.html HTTP/1.1" 200 7641
116.238.139.35 - - [13/Jun/2023:09:03:38 +0800] "POST /xingrg/kc/base/wldb_order_operate.html HTTP/1.1" 200 37
172.20.0.100 - - [13/Jun/2023:09:03:40 +0800] "GET /xingrg/index.html?sysBaseUrl=http%3A%2F%2F172.17.0.8%3A18081%2Fxingrg%2F&costTime=213×tamp=1585200360465 HTTP/1.1" 302 -
172.20.0.100 - - [13/Jun/2023:09:03:40 +0800] "GET /xingrg/login.html HTTP/1.1" 200 7636
172.20.0.100 - - [13/Jun/2023:09:03:41 +0800] "GET /favicon.ico HTTP/1.1" 404 -
222.70.245.26 - - [13/Jun/2023:09:03:41 +0800] "GET /xingrg/all/function/internal_message.html?_=1686618222524&CODE_STATE=getMsg HTTP/1.1" 200 27
61.170.233.201 - - [13/Jun/2023:09:03:41 +0800] "GET /xingrg/kc/buy/cgsh_order_operate.html?command=get_materiel&rest_code=00106&code=00101008110&supplier_code=00100007&order_time=2023-06-13 HTTP/1.1" 200 408
172.20.0.100 - - [13/Jun/2023:09:03:43 +0800] "POST /xingrg/login.do HTTP/1.1" 302 -
172.20.0.100 - - [13/Jun/2023:09:03:43 +0800] "GET /xingrg/index.html?sysBaseUrl=http%3A%2F%2F172.20.0.8%3A18081%2Fxingrg%2F&costTime=1163×tamp=1686618223288 HTTP/1.1" 200 17448
172.20.0.100 - - [13/Jun/2023:09:03:43 +0800] "GET /favicon.ico HTTP/1.1" 404 -
172.20.0.100 - - [13/Jun/2023:09:03:43 +0800] "GET /xingrg/all/function/internal_message.html?_=1686618223487&CODE_STATE=count HTTP/1.1" 200 11
172.20.0.100 - - [13/Jun/2023:09:03:43 +0800] "GET /xingrg/check_reg.html?_=1686618223492 HTTP/1.1" 200 22
172.20.0.100 - - [13/Jun/2023:09:03:43 +0800] "POST /xingrg/all/common/load_tree.html?tree=area_rest_tree_json&manage=1 HTTP/1.1" 200 3499
172.20.0.100 - - [13/Jun/2023:09:03:44 +0800] "POST /xingrg/load_menu.html HTTP/1.1" 200 11529
124.79.244.240 - - [13/Jun/2023:09:03:44 +0800] "GET /xingrg/all/function/internal_message.html?_=1686618505017&CODE_STATE=getMsg HTTP/1.1" 200 27
116.238.139.35 - - [13/Jun/2023:09:03:45 +0800] "POST /xingrg/kc/base/wldb_order_operate.html HTTP/1.1" 200 12
116.238.139.35 - - [13/Jun/2023:09:03:45 +0800] "POST /xingrg/kc/base/wldb_order_operate.html HTTP/1.1" 200 5132
116.238.139.35 - - [13/Jun/2023:09:03:46 +0800] "GET /xingrg/kc/base/wldb_order_info.html?code=422023061300992 HTTP/1.1" 200 26266
172.20.0.100 - - [13/Jun/2023:09:03:46 +0800] "POST /xingrg/load_menu.html HTTP/1.1" 200 10512
116.238.139.35 - - [13/Jun/2023:09:03:47 +0800] "GET /xingrg/javascript/easyui/themes/default/validatebox.css HTTP/1.1" 404 1104
116.238.139.35 - - [13/Jun/2023:09:03:47 +0800] "POST /xingrg/kc/base/wldb_order_operate.html HTTP/1.1" 200 3359
61.170.233.201 - - [13/Jun/2023:09:03:49 +0800] "GET /xingrg/kc/buy/cgsh_order_operate.html?command=get_materiel&rest_code=00106&code=00101008168&supplier_code=00100007&order_time=2023-06-13 HTTP/1.1" 200 413
101.83.241.120 - - [13/Jun/2023:09:03:50 +0800] "GET /xingrg/kc/print/load_config.html?kc_code=cgsh HTTP/1.1" 200 1924
101.83.241.120 - - [13/Jun/2023:09:03:50 +0800] "GET /xingrg/kc/print/load_data.html?order_code=212023061304499&kc_code=cgsh&condition= HTTP/1.1" 200 8982
172.20.0.100 - - [13/Jun/2023:09:03:54 +0800] "GET /xingrg/system/rest/list_page.html?p=cuxiao HTTP/1.1" 200 26810
172.20.0.100 - - [13/Jun/2023:09:03:55 +0800] "GET /xingrg/system/rest/query_items.html?_=1686618234700&table=cuxiao&page=1&rows=10&key=&status=1 HTTP/1.1" 200 1102
172.20.0.100 - - [13/Jun/2023:09:03:56 +0800] "GET /xingrg/system/rest/get_item.html?table=cuxiao&code=269e7d3acf4b41b19906f9619fa018be&_=1686618236310 HTTP/1.1" 200 306
172.20.0.100 - - [13/Jun/2023:09:03:56 +0800] "POST /xingrg/system/rest/edit_item.html HTTP/1.1" 200 95
120.253.135.82 - - [13/Jun/2023:09:03:57 +0800] "GET /xingrg/all/function/internal_message.html?_=1686618072421&CODE_STATE=getMsg HTTP/1.1" 200 27
172.20.0.100 - - [13/Jun/2023:09:03:58 +0800] "POST /xingrg/system/rest/get_infos.html?command=get_menu_tree HTTP/1.1" 200 428480
61.170.233.201 - - [13/Jun/2023:09:03:58 +0800] "GET /xingrg/kc/buy/cgsh_order_operate.html?command=get_materiel&rest_code=00106&code=00101008061&supplier_code=00100007&order_time=2023-06-13 HTTP/1.1" 200 422
116.238.139.35 - - [13/Jun/2023:09:04:04 +0800] "GET /xingrg/check_reg.html?_=1686618136052 HTTP/1.1" 200 22
116.238.139.35 - - [13/Jun/2023:09:04:04 +0800] "GET /xingrg/all/function/internal_message.html?_=1686618136317&CODE_STATE=getMsg HTTP/1.1" 200 27
61.170.233.201 - - [13/Jun/2023:09:04:06 +0800] "GET /xingrg/kc/buy/cgsh_order_operate.html?command=get_materiel&rest_code=00106&code=00101008558&supplier_code=00100007&order_time=2023-06-13 HTTP/1.1" 200 409
124.79.244.240 - - [13/Jun/2023:09:04:09 +0800] "GET /xingrg/all/function/internal_message.html?_=1686618248880&CODE_STATE=getMsg HTTP/1.1" 200 27
101.83.241.253 - - [13/Jun/2023:09:04:12 +0800] "GET /xingrg/all/function/internal_message.html?_=1686618358788&CODE_STATE=getMsg HTTP/1.1" 200 27
101.83.241.120 - - [13/Jun/2023:09:04:15 +0800] "GET /xingrg/kc/buy/cgsh_order_add.html HTTP/1.1" 200 71724
101.83.241.120 - - [13/Jun/2023:09:04:16 +0800] "POST /xingrg/kc/buy/cgsh_order_operate.html HTTP/1.1" 200 8245
101.83.241.120 - - [13/Jun/2023:09:04:16 +0800] "GET /xingrg/javascript/easyui/themes/default/validatebox.css HTTP/1.1" 404 1104
180.169.147.146 - - [13/Jun/2023:09:04:16 +0800] "GET /xingrg/index.html?sysBaseUrl=http%3A%2F%2F180.169.147.146%3A18081%2Fxingrg%2F&costTime=39×tamp=1592034574635 HTTP/1.1" 302 -
180.169.147.146 - - [13/Jun/2023:09:04:16 +0800] "GET /xingrg/login.html HTTP/1.1" 200 7641
180.169.147.146 - - [13/Jun/2023:09:04:16 +0800] "GET /favicon.ico HTTP/1.1" 404 -
180.169.147.146 - - [13/Jun/2023:09:04:16 +0800] "GET /favicon.ico HTTP/1.1" 404 -
61.170.233.201 - - [13/Jun/2023:09:04:19 +0800] "POST /xingrg/kc/buy/cgsh_order_operate.html HTTP/1.1" 200 2065
222.70.180.90 - - [13/Jun/2023:09:04:19 +0800] "GET /xingrg/all/function/internal_message.html?_=1686618257940&CODE_STATE=getMsg HTTP/1.1" 200 27
180.169.147.146 - - [13/Jun/2023:09:04:21 +0800] "POST /xingrg/login.do HTTP/1.1" 302 -
180.169.147.146 - - [13/Jun/2023:09:04:21 +0800] "GET /xingrg/index.html?sysBaseUrl=http%3A%2F%2F180.169.147.146%3A18081%2Fxingrg%2F&costTime=903×tamp=1686618261428 HTTP/1.1" 200 17503
180.169.147.146 - - [13/Jun/2023:09:04:21 +0800] "GET /favicon.ico HTTP/1.1" 404 -
101.83.145.52 - - [13/Jun/2023:09:04:21 +0800] "GET /xingrg/all/function/internal_message.html?_=1686618261443&CODE_STATE=getMsg HTTP/1.1" 200 27
180.169.147.146 - - [13/Jun/2023:09:04:21 +0800] "POST /xingrg/all/common/load_tree.html?tree=area_rest_tree_json&manage=1 HTTP/1.1" 200 3499
180.169.147.146 - - [13/Jun/2023:09:04:21 +0800] "GET /xingrg/all/function/internal_message.html?_=1686618261805&CODE_STATE=count HTTP/1.1" 200 11
180.169.147.146 - - [13/Jun/2023:09:04:21 +0800] "GET /xingrg/check_reg.html?_=1686618261806 HTTP/1.1" 200 22
101.83.145.52 - - [13/Jun/2023:09:04:21 +0800] "GET /xingrg/check_reg.html?_=1686618261476 HTTP/1.1" 200 22
180.169.147.146 - - [13/Jun/2023:09:04:22 +0800] "POST /xingrg/load_menu.html HTTP/1.1" 200 11564
101.83.241.120 - - [13/Jun/2023:09:04:22 +0800] "GET /xingrg/all/function/internal_message.html?_=1686618260016&CODE_STATE=getMsg HTTP/1.1" 200 27
61.170.233.201 - - [13/Jun/2023:09:04:26 +0800] "GET /xingrg/kc/buy/cgsh_order_operate.html?command=get_materiel&rest_code=00106&code=00101008738&supplier_code=00100007&order_time=2023-06-13 HTTP/1.1" 200 399
116.238.139.35 - - [13/Jun/2023:09:04:26 +0800] "GET /xingrg/all/function/internal_message.html?_=1686618265359&CODE_STATE=getMsg HTTP/1.1" 200 27
61.170.233.201 - - [13/Jun/2023:09:04:31 +0800] "GET /xingrg/all/function/internal_message.html?_=1686618270373&CODE_STATE=getMsg HTTP/1.1" 200 27
116.232.195.127 - - [13/Jun/2023:09:04:32 +0800] "GET /xingrg/all/function/internal_message.html?_=1686618287627&CODE_STATE=getMsg HTTP/1.1" 200 27
180.163.29.219 - - [13/Jun/2023:09:04:36 +0800] "GET /xingrg/kc/buy/cgsh_order_operate.html?command=get_materiel&rest_code=00106&code=00101008110&supplier_code=00100007&order_time=2023-06-13 HTTP/1.1" 302 -
180.163.29.219 - - [13/Jun/2023:09:04:36 +0800] "GET /xingrg/login.html HTTP/1.1" 200 7641
61.170.233.201 - - [13/Jun/2023:09:04:40 +0800] "GET /xingrg/kc/buy/cgsh_order_operate.html?command=get_materiel&rest_code=00106&code=00101008150&supplier_code=00100007&order_time=2023-06-13 HTTP/1.1" 200 409
222.70.245.26 - - [13/Jun/2023:09:04:41 +0800] "GET /xingrg/all/function/internal_message.html?_=1686618282628&CODE_STATE=getMsg HTTP/1.1" 200 27
172.20.0.100 - - [13/Jun/2023:09:04:43 +0800] "POST /xingrg/system/rest/edit_item.html HTTP/1.1" 200 -
172.20.0.100 - - [13/Jun/2023:09:04:43 +0800] "POST /xingrg/system/rest/edit_item.html HTTP/1.1" 200 58573
172.20.0.100 - - [13/Jun/2023:09:04:43 +0800] "GET /xingrg/all/function/internal_message.html?_=1686618283628&CODE_STATE=getMsg HTTP/1.1" 200 27
124.79.244.240 - - [13/Jun/2023:09:04:44 +0800] "GET /xingrg/all/function/internal_message.html?_=1686618565021&CODE_STATE=getMsg HTTP/1.1" 200 27
172.20.0.100 - - [13/Jun/2023:09:04:46 +0800] "POST /xingrg/system/rest/edit_item.html HTTP/1.1" 200 -
172.20.0.100 - - [13/Jun/2023:09:04:51 +0800] "POST /xingrg/system/rest/edit_item.html HTTP/1.1" 200 -
172.20.0.100 - - [13/Jun/2023:09:04:52 +0800] "POST /xingrg/system/rest/edit_item.html HTTP/1.1" 200 -
61.170.233.201 - - [13/Jun/2023:09:04:55 +0800] "POST /xingrg/kc/buy/cgsh_order_operate.html HTTP/1.1" 200 37
172.20.0.100 - - [13/Jun/2023:09:04:55 +0800] "POST /xingrg/system/rest/edit_item.html HTTP/1.1" 200 -
172.20.0.100 - - [13/Jun/2023:09:04:56 +0800] "POST /xingrg/system/rest/edit_item.html HTTP/1.1" 200 -
120.253.135.82 - - [13/Jun/2023:09:04:57 +0800] "GET /xingrg/all/function/internal_message.html?_=1686618132433&CODE_STATE=getMsg HTTP/1.1" 200 27
172.20.0.100 - - [13/Jun/2023:09:04:59 +0800] "POST /xingrg/system/rest/edit_item.html HTTP/1.1" 200 -
172.20.0.100 - - [13/Jun/2023:09:05:00 +0800] "POST /xingrg/system/rest/edit_item.html HTTP/1.1" 200 32
172.20.0.100 - - [13/Jun/2023:09:05:01 +0800] "GET /xingrg/system/rest/get_item.html?table=cuxiao&code=269e7d3acf4b41b19906f9619fa018be&_=1686618300606 HTTP/1.1" 200 306
172.20.0.100 - - [13/Jun/2023:09:05:03 +0800] "POST /xingrg/system/rest/edit_item.html HTTP/1.1" 200 58442
172.20.0.100 - - [13/Jun/2023:09:05:03 +0800] "GET /xingrg/system/rest/query_items.html?_=1686618302600&table=cuxiao&page=1&rows=10&key=&status=1 HTTP/1.1" 200 1102
116.238.139.35 - - [13/Jun/2023:09:05:04 +0800] "GET /xingrg/all/function/internal_message.html?_=1686618196331&CODE_STATE=getMsg HTTP/1.1" 200 27
124.79.244.240 - - [13/Jun/2023:09:05:09 +0800] "GET /xingrg/all/function/internal_message.html?_=1686618308900&CODE_STATE=getMsg HTTP/1.1" 200 27
101.83.241.253 - - [13/Jun/2023:09:05:12 +0800] "GET /xingrg/all/function/internal_message.html?_=1686618418779&CODE_STATE=getMsg HTTP/1.1" 200 27
101.83.241.120 - - [13/Jun/2023:09:05:12 +0800] "GET /xingrg/kc/buy/cgsh_order_operate.html?command=get_materiel&rest_code=00149&code=00101004051&supplier_code=00100083&order_time=2023-06-13 HTTP/1.1" 200 408
180.163.28.55 - - [13/Jun/2023:09:05:16 +0800] "GET /xingrg/index.html?sysBaseUrl=http://180.169.147.146:18081/xingrg/&costTime=39×tamp=1592034574635 HTTP/1.1" 302 -
180.163.28.55 - - [13/Jun/2023:09:05:16 +0800] "GET /xingrg/login.html HTTP/1.1" 200 7641
222.70.180.90 - - [13/Jun/2023:09:05:19 +0800] "GET /xingrg/all/function/internal_message.html?_=1686618317938&CODE_STATE=getMsg HTTP/1.1" 200 27
222.70.180.90 - - [13/Jun/2023:09:05:19 +0800] "GET /xingrg/check_reg.html?_=1686618317940 HTTP/1.1" 200 22
101.83.145.52 - - [13/Jun/2023:09:05:21 +0800] "GET /xingrg/all/function/internal_message.html?_=1686618321439&CODE_STATE=getMsg HTTP/1.1" 200 27
101.83.241.120 - - [13/Jun/2023:09:05:21 +0800] "GET /xingrg/kc/buy/cgsh_order_operate.html?command=get_materiel&rest_code=00149&code=00101004103&supplier_code=00100083&order_time=2023-06-13 HTTP/1.1" 200 413
180.169.147.146 - - [13/Jun/2023:09:05:22 +0800] "GET /xingrg/all/function/internal_message.html?_=1686618321861&CODE_STATE=getMsg HTTP/1.1" 200 27
101.83.241.120 - - [13/Jun/2023:09:05:22 +0800] "GET /xingrg/all/function/internal_message.html?_=1686618320011&CODE_STATE=getMsg HTTP/1.1" 200 27
101.83.241.120 - - [13/Jun/2023:09:05:22 +0800] "GET /xingrg/check_reg.html?_=1686618320059 HTTP/1.1" 200 22
180.163.30.27 - - [13/Jun/2023:09:05:23 +0800] "GET /xingrg/kc/buy/cgsh_order_operate.html?command=get_materiel&rest_code=00106&code=00101008738&supplier_code=00100007&order_time=2023-06-13 HTTP/1.1" 302 -
180.163.30.27 - - [13/Jun/2023:09:05:23 +0800] "GET /xingrg/login.html HTTP/1.1" 200 7641
116.238.139.35 - - [13/Jun/2023:09:05:26 +0800] "GET /xingrg/all/function/internal_message.html?_=1686618325360&CODE_STATE=getMsg HTTP/1.1" 200 27
116.232.195.127 - - [13/Jun/2023:09:05:32 +0800] "GET /xingrg/all/function/internal_message.html?_=1686618347620&CODE_STATE=getMsg HTTP/1.1" 200 27
101.83.241.120 - - [13/Jun/2023:09:05:35 +0800] "GET /xingrg/kc/buy/cgsh_order_operate.html?command=get_materiel&rest_code=00149&code=00101004017&supplier_code=00100083&order_time=2023-06-13 HTTP/1.1" 200 413
180.163.28.114 - - [13/Jun/2023:09:05:37 +0800] "GET /xingrg/kc/buy/cgsh_order_operate.html?command=get_materiel&rest_code=00106&code=00101008150&supplier_code=00100007&order_time=2023-06-13 HTTP/1.1" 302 -
180.163.28.114 - - [13/Jun/2023:09:05:37 +0800] "GET /xingrg/login.html HTTP/1.1" 200 7641
222.70.245.26 - - [13/Jun/2023:09:05:41 +0800] "GET /xingrg/all/function/internal_message.html?_=1686618342630&CODE_STATE=getMsg HTTP/1.1" 200 27
172.20.0.100 - - [13/Jun/2023:09:05:43 +0800] "GET /xingrg/all/function/internal_message.html?_=1686618343611&CODE_STATE=getMsg HTTP/1.1" 200 27
124.79.244.240 - - [13/Jun/2023:09:05:44 +0800] "GET /xingrg/all/function/internal_message.html?_=1686618625020&CODE_STATE=getMsg HTTP/1.1" 200 27
124.79.244.240 - - [13/Jun/2023:09:05:44 +0800] "GET /xingrg/check_reg.html?_=1686618625021 HTTP/1.1" 200 22
222.70.180.90 - - [13/Jun/2023:09:05:45 +0800] "GET /xingrg/kc/buy/cgsh_order_operate.html?command=get_materiel&rest_code=00111&code=00101008190&supplier_code=00100005&order_time=2023-06-13 HTTP/1.1" 200 412
61.170.233.201 - - [13/Jun/2023:09:05:46 +0800] "POST /xingrg/kc/buy/cgsh_order_operate.html HTTP/1.1" 200 29288
120.253.135.82 - - [13/Jun/2023:09:05:56 +0800] "GET /xingrg/check_reg.html?_=1686618191311 HTTP/1.1" 200 22
120.253.135.82 - - [13/Jun/2023:09:05:57 +0800] "GET /xingrg/all/function/internal_message.html?_=1686618192448&CODE_STATE=getMsg HTTP/1.1" 200 27
101.83.241.120 - - [13/Jun/2023:09:05:58 +0800] "POST /xingrg/kc/buy/cgsh_order_operate.html HTTP/1.1" 200 37
222.70.180.90 - - [13/Jun/2023:09:05:58 +0800] "GET /xingrg/kc/buy/cgsh_order_operate.html?command=get_materiel&rest_code=00111&code=00101008283&supplier_code=00100005&order_time=2023-06-13 HTTP/1.1" 200 408
116.238.139.35 - - [13/Jun/2023:09:06:04 +0800] "GET /xingrg/all/function/internal_message.html?_=1686618256345&CODE_STATE=getMsg HTTP/1.1" 200 27
101.83.241.120 - - [13/Jun/2023:09:06:09 +0800] "POST /xingrg/kc/buy/cgsh_order_operate.html HTTP/1.1" 200 12
124.79.244.240 - - [13/Jun/2023:09:06:09 +0800] "GET /xingrg/all/function/internal_message.html?_=1686618368886&CODE_STATE=getMsg HTTP/1.1" 200 27
101.83.241.120 - - [13/Jun/2023:09:06:12 +0800] "GET /xingrg/kc/buy/cgsh_order_info.html?code=212023061304500 HTTP/1.1" 200 66631
101.83.241.120 - - [13/Jun/2023:09:06:12 +0800] "GET /xingrg/javascript/easyui/themes/default/validatebox.css HTTP/1.1" 404 1104
101.83.241.253 - - [13/Jun/2023:09:06:12 +0800] "GET /xingrg/all/function/internal_message.html?_=1686618478790&CODE_STATE=getMsg HTTP/1.1" 200 27
101.83.241.120 - - [13/Jun/2023:09:06:13 +0800] "POST /xingrg/kc/buy/cgsh_order_operate.html HTTP/1.1" 200 1801
101.83.241.120 - - [13/Jun/2023:09:06:16 +0800] "GET /xingrg/kc/print/load_data.html?order_code=212023061304500&kc_code=cgsh&condition= HTTP/1.1" 200 1175
222.70.180.90 - - [13/Jun/2023:09:06:19 +0800] "GET /xingrg/all/function/internal_message.html?_=1686618377935&CODE_STATE=getMsg HTTP/1.1" 200 27
101.83.241.120 - - [13/Jun/2023:09:06:21 +0800] "GET /xingrg/kc/buy/cgsh_order_add.html HTTP/1.1" 200 71724
101.83.241.120 - - [13/Jun/2023:09:06:21 +0800] "POST /xingrg/kc/buy/cgsh_order_operate.html HTTP/1.1" 200 8245
101.83.241.120 - - [13/Jun/2023:09:06:21 +0800] "GET /xingrg/javascript/easyui/themes/default/validatebox.css HTTP/1.1" 404 1104
101.83.145.52 - - [13/Jun/2023:09:06:21 +0800] "GET /xingrg/all/function/internal_message.html?_=1686618381442&CODE_STATE=getMsg HTTP/1.1" 200 27
180.169.147.146 - - [13/Jun/2023:09:06:22 +0800] "GET /xingrg/all/function/internal_message.html?_=1686618381833&CODE_STATE=getMsg HTTP/1.1" 200 27
180.163.29.219 - - [13/Jun/2023:09:06:22 +0800] "GET /xingrg/all/function/internal_message.html?_=1686618321861&CODE_STATE=getMsg HTTP/1.1" 302 -
180.163.29.219 - - [13/Jun/2023:09:06:22 +0800] "GET /xingrg/login.html HTTP/1.1" 200 7641
101.83.241.120 - - [13/Jun/2023:09:06:22 +0800] "GET /xingrg/all/function/internal_message.html?_=1686618380014&CODE_STATE=getMsg HTTP/1.1" 200 27
116.238.139.35 - - [13/Jun/2023:09:06:26 +0800] "GET /xingrg/all/function/internal_message.html?_=1686618385361&CODE_STATE=getMsg HTTP/1.1" 200 27
61.170.233.201 - - [13/Jun/2023:09:06:31 +0800] "GET /xingrg/all/function/internal_message.html?_=1686618390386&CODE_STATE=getMsg HTTP/1.1" 200 27
116.232.195.127 - - [13/Jun/2023:09:06:32 +0800] "GET /xingrg/all/function/internal_message.html?_=1686618407635&CODE_STATE=getMsg HTTP/1.1" 200 27
222.70.180.90 - - [13/Jun/2023:09:06:37 +0800] "GET /xingrg/kc/buy/cgsh_order_operate.html?command=get_materiel&rest_code=00111&code=00101008005&supplier_code=00100005&order_time=2023-06-13 HTTP/1.1" 200 412
101.83.241.120 - - [13/Jun/2023:09:06:40 +0800] "GET /xingrg/kc/buy/cgsh_order_operate.html?command=get_materiel&rest_code=00149&code=00101001044&supplier_code=00100039&order_time=2023-06-13 HTTP/1.1" 200 411
222.70.245.26 - - [13/Jun/2023:09:06:41 +0800] "GET /xingrg/all/function/internal_message.html?_=1686618402729&CODE_STATE=getMsg HTTP/1.1" 200 27
172.20.0.100 - - [13/Jun/2023:09:06:43 +0800] "GET /xingrg/all/function/internal_message.html?_=1686618403583&CODE_STATE=getMsg HTTP/1.1" 200 27
124.79.244.240 - - [13/Jun/2023:09:06:44 +0800] "GET /xingrg/all/function/internal_message.html?_=1686618685028&CODE_STATE=getMsg HTTP/1.1" 200 27
101.83.241.120 - - [13/Jun/2023:09:06:56 +0800] "GET /xingrg/kc/buy/cgsh_order_operate.html?command=get_materiel&rest_code=00149&code=00101001075&supplier_code=00100039&order_time=2023-06-13 HTTP/1.1" 200 409
120.253.135.82 - - [13/Jun/2023:09:06:57 +0800] "GET /xingrg/all/function/internal_message.html?_=1686618252463&CODE_STATE=getMsg HTTP/1.1" 200 27
222.70.180.90 - - [13/Jun/2023:09:06:59 +0800] "GET /xingrg/kc/buy/cgsh_order_operate.html?command=get_materiel&rest_code=00111&code=00101008312&supplier_code=00100005&order_time=2023-06-13 HTTP/1.1" 200 412
101.83.241.120 - - [13/Jun/2023:09:07:02 +0800] "GET /xingrg/kc/buy/cgsh_order_operate.html?command=get_materiel&rest_code=00149&code=00101002027&supplier_code=00100039&order_time=2023-06-13 HTTP/1.1" 200 413
116.238.139.35 - - [13/Jun/2023:09:07:04 +0800] "GET /xingrg/all/function/internal_message.html?_=1686618316416&CODE_STATE=getMsg HTTP/1.1" 200 27
124.79.244.240 - - [13/Jun/2023:09:07:09 +0800] "GET /xingrg/all/function/internal_message.html?_=1686618428887&CODE_STATE=getMsg HTTP/1.1" 200 27
180.169.147.146 - - [13/Jun/2023:09:07:09 +0800] "GET /xingrg/kc/report/report_main.html HTTP/1.1" 200 8599
180.169.147.146 - - [13/Jun/2023:09:07:10 +0800] "GET /xingrg/all/report/report_query.html?fileName=kc/buy/gys_amount_base_rest.xml HTTP/1.1" 200 51664
180.169.147.146 - - [13/Jun/2023:09:07:10 +0800] "GET /xingrg/dwr/interface/AjaxReportQueryService.js HTTP/1.1" 200 13203
180.169.147.146 - - [13/Jun/2023:09:07:10 +0800] "GET /xingrg/dwr/util.js HTTP/1.1" 200 35990
180.169.147.146 - - [13/Jun/2023:09:07:10 +0800] "GET /xingrg/dwr/engine.js HTTP/1.1" 200 43631
180.169.147.146 - - [13/Jun/2023:09:07:10 +0800] "POST /xingrg/dwr/call/plaincall/AjaxReportQueryService.getFixDate.dwr HTTP/1.1" 200 111
180.169.147.146 - - [13/Jun/2023:09:07:11 +0800] "POST /xingrg/all/common/load_tree.html?tree=area_rest_tree_json&manage=1 HTTP/1.1" 200 3499
180.169.147.146 - - [13/Jun/2023:09:07:11 +0800] "POST /xingrg/all/common/load_tree.html?tree=supplier_tree_json&manage=1 HTTP/1.1" 200 76485
101.83.241.253 - - [13/Jun/2023:09:07:12 +0800] "GET /xingrg/check_reg.html?_=1686618538777 HTTP/1.1" 200 22
101.83.241.253 - - [13/Jun/2023:09:07:12 +0800] "GET /xingrg/all/function/internal_message.html?_=1686618538778&CODE_STATE=getMsg HTTP/1.1" 200 27
222.70.180.90 - - [13/Jun/2023:09:07:15 +0800] "GET /xingrg/kc/buy/cgsh_order_operate.html?command=get_materiel&rest_code=00111&code=00101008353&supplier_code=00100005&order_time=2023-06-13 HTTP/1.1" 200 408
222.70.180.90 - - [13/Jun/2023:09:07:18 +0800] "POST /xingrg/kc/buy/cgsh_order_operate.html HTTP/1.1" 200 2065
180.169.147.146 - - [13/Jun/2023:09:07:19 +0800] "POST /xingrg/dwr/call/plaincall/AjaxReportQueryService.refreshCache.dwr HTTP/1.1" 200 78
222.70.180.90 - - [13/Jun/2023:09:07:19 +0800] "GET /xingrg/all/function/internal_message.html?_=1686618438036&CODE_STATE=getMsg HTTP/1.1" 200 27
101.83.145.52 - - [13/Jun/2023:09:07:21 +0800] "GET /xingrg/all/function/internal_message.html?_=1686618441443&CODE_STATE=getMsg HTTP/1.1" 200 27
180.169.147.146 - - [13/Jun/2023:09:07:21 +0800] "GET /xingrg/all/function/internal_message.html?_=1686618441814&CODE_STATE=getMsg HTTP/1.1" 200 27
101.83.241.120 - - [13/Jun/2023:09:07:22 +0800] "GET /xingrg/all/function/internal_message.html?_=1686618440026&CODE_STATE=getMsg HTTP/1.1" 200 27
180.163.28.180 - - [13/Jun/2023:09:07:24 +0800] "GET /xingrg/all/function/internal_message.html?_=1686618381833&CODE_STATE=getMsg HTTP/1.1" 302 -
180.163.28.180 - - [13/Jun/2023:09:07:24 +0800] "GET /xingrg/login.html HTTP/1.1" 200 7641
222.70.245.26 - - [13/Jun/2023:09:07:26 +0800] "GET /xingrg/check_reg.html?_=1686618448059 HTTP/1.1" 200 22
116.238.139.35 - - [13/Jun/2023:09:07:26 +0800] "GET /xingrg/all/function/internal_message.html?_=1686618445363&CODE_STATE=getMsg HTTP/1.1" 200 27
116.238.139.35 - - [13/Jun/2023:09:07:26 +0800] "GET /xingrg/check_reg.html?_=1686618445367 HTTP/1.1" 200 22
180.169.147.146 - - [13/Jun/2023:09:07:27 +0800] "POST /xingrg/all/report/load_report_page.html HTTP/1.1" 200 331544
180.169.147.146 - - [13/Jun/2023:09:07:27 +0800] "GET /xingrg/images/blue/button/back2.gif HTTP/1.1" 200 1339
180.169.147.146 - - [13/Jun/2023:09:07:27 +0800] "GET /xingrg/images/blue/button/back.gif HTTP/1.1" 200 1352
180.169.147.146 - - [13/Jun/2023:09:07:27 +0800] "GET /xingrg/servlets/image?cache=0.769998905854578&image=px HTTP/1.1" 200 807
222.70.180.90 - - [13/Jun/2023:09:07:28 +0800] "GET /xingrg/kc/buy/cgsh_order_operate.html?command=get_materiel&rest_code=00111&code=00101008286&supplier_code=00100005&order_time=2023-06-13 HTTP/1.1" 200 408
180.163.28.114 - - [13/Jun/2023:09:07:31 +0800] "GET /xingrg/all/function/internal_message.html?_=1686618390386&CODE_STATE=getMsg HTTP/1.1" 302 -
180.163.28.114 - - [13/Jun/2023:09:07:31 +0800] "GET /xingrg/login.html HTTP/1.1" 200 7641
61.170.233.201 - - [13/Jun/2023:09:07:31 +0800] "GET /xingrg/all/function/internal_message.html?_=1686618450357&CODE_STATE=getMsg HTTP/1.1" 200 27
116.232.195.127 - - [13/Jun/2023:09:07:32 +0800] "GET /xingrg/all/function/internal_message.html?_=1686618467636&CODE_STATE=getMsg HTTP/1.1" 200 27
180.169.147.146 - - [13/Jun/2023:09:07:36 +0800] "POST /xingrg/all/report/report_print.html HTTP/1.1" 200 48693
222.70.180.90 - - [13/Jun/2023:09:07:40 +0800] "GET /xingrg/kc/buy/cgsh_order_operate.html?command=get_materiel&rest_code=00111&code=00101008131&supplier_code=00100005&order_time=2023-06-13 HTTP/1.1" 200 409
222.70.245.26 - - [13/Jun/2023:09:07:41 +0800] "GET /xingrg/all/function/internal_message.html?_=1686618462736&CODE_STATE=getMsg HTTP/1.1" 200 27
172.20.0.100 - - [13/Jun/2023:09:07:43 +0800] "GET /xingrg/all/function/internal_message.html?_=1686618463557&CODE_STATE=getMsg HTTP/1.1" 200 27
124.79.244.240 - - [13/Jun/2023:09:07:44 +0800] "GET /xingrg/all/function/internal_message.html?_=1686618745028&CODE_STATE=getMsg HTTP/1.1" 200 27
101.83.241.120 - - [13/Jun/2023:09:07:47 +0800] "GET /xingrg/kc/buy/cgsh_order_operate.html?command=get_materiel&rest_code=00149&code=00101001010&supplier_code=00100039&order_time=2023-06-13 HTTP/1.1" 200 411
222.70.180.90 - - [13/Jun/2023:09:07:52 +0800] "GET /xingrg/kc/buy/cgsh_order_operate.html?command=get_materiel&rest_code=00111&code=00101008185&supplier_code=00100005&order_time=2023-06-13 HTTP/1.1" 200 408
120.253.135.82 - - [13/Jun/2023:09:07:57 +0800] "GET /xingrg/all/function/internal_message.html?_=1686618312475&CODE_STATE=getMsg HTTP/1.1" 200 27
222.70.180.90 - - [13/Jun/2023:09:08:01 +0800] "GET /xingrg/kc/buy/cgsh_order_operate.html?command=get_materiel&rest_code=00111&code=00101008144&supplier_code=00100005&order_time=2023-06-13 HTTP/1.1" 200 412
116.238.139.35 - - [13/Jun/2023:09:08:04 +0800] "GET /xingrg/all/function/internal_message.html?_=1686618376420&CODE_STATE=getMsg HTTP/1.1" 200 27
101.83.241.120 - - [13/Jun/2023:09:08:07 +0800] "GET /xingrg/kc/buy/cgsh_order_operate.html?command=get_materiel&rest_code=00149&code=00101001062&supplier_code=00100039&order_time=2023-06-13 HTTP/1.1" 200 417
180.163.29.103 - - [13/Jun/2023:09:08:09 +0800] "GET /xingrg/kc/report/report_main.html HTTP/1.1" 302 -
180.163.29.103 - - [13/Jun/2023:09:08:09 +0800] "GET /xingrg/login.html HTTP/1.1" 200 7641
124.79.244.240 - - [13/Jun/2023:09:08:09 +0800] "GET /xingrg/check_reg.html?_=1686618488882 HTTP/1.1" 200 22
124.79.244.240 - - [13/Jun/2023:09:08:09 +0800] "GET /xingrg/all/function/internal_message.html?_=1686618488885&CODE_STATE=getMsg HTTP/1.1" 200 27
180.163.29.217 - - [13/Jun/2023:09:08:10 +0800] "GET /xingrg/all/report/report_query.html?fileName=kc/buy/gys_amount_base_rest.xml HTTP/1.1" 302 -
180.163.29.217 - - [13/Jun/2023:09:08:10 +0800] "GET /xingrg/login.html HTTP/1.1" 200 7641
222.70.180.90 - - [13/Jun/2023:09:08:12 +0800] "GET /xingrg/kc/buy/cgsh_order_operate.html?command=get_materiel&rest_code=00111&code=00101008318&supplier_code=00100005&order_time=2023-06-13 HTTP/1.1" 200 408
101.83.241.253 - - [13/Jun/2023:09:08:12 +0800] "GET /xingrg/all/function/internal_message.html?_=1686618598789&CODE_STATE=getMsg HTTP/1.1" 200 27
222.70.180.90 - - [13/Jun/2023:09:08:16 +0800] "POST /xingrg/kc/buy/cgsh_order_operate.html HTTP/1.1" 200 2065
114.89.202.110 - - [13/Jun/2023:09:08:18 +0800] "GET /xingrg/check_reg.html?_=1686618498435 HTTP/1.1" 302 -
114.89.202.110 - - [13/Jun/2023:09:08:18 +0800] "GET /xingrg/login.html HTTP/1.1" 200 7641
222.70.180.90 - - [13/Jun/2023:09:08:19 +0800] "GET /xingrg/all/function/internal_message.html?_=1686618498020&CODE_STATE=getMsg HTTP/1.1" 200 27
101.83.145.52 - - [13/Jun/2023:09:08:21 +0800] "GET /xingrg/all/function/internal_message.html?_=1686618501441&CODE_STATE=getMsg HTTP/1.1" 200 27
180.169.147.146 - - [13/Jun/2023:09:08:21 +0800] "GET /xingrg/all/function/internal_message.html?_=1686618501819&CODE_STATE=getMsg HTTP/1.1" 200 27
101.83.241.120 - - [13/Jun/2023:09:08:22 +0800] "GET /xingrg/all/function/internal_message.html?_=1686618500014&CODE_STATE=getMsg HTTP/1.1" 200 27
116.238.139.35 - - [13/Jun/2023:09:08:26 +0800] "GET /xingrg/all/function/internal_message.html?_=1686618505372&CODE_STATE=getMsg HTTP/1.1" 200 27
180.163.30.85 - - [13/Jun/2023:09:08:31 +0800] "GET /xingrg/all/function/internal_message.html?_=1686618450357&CODE_STATE=getMsg HTTP/1.1" 302 -
180.163.30.85 - - [13/Jun/2023:09:08:31 +0800] "GET /xingrg/login.html HTTP/1.1" 200 7641
61.170.233.201 - - [13/Jun/2023:09:08:31 +0800] "GET /xingrg/all/function/internal_message.html?_=1686618510335&CODE_STATE=getMsg HTTP/1.1" 200 27
116.232.195.127 - - [13/Jun/2023:09:08:32 +0800] "GET /xingrg/check_reg.html?_=1686618527609 HTTP/1.1" 200 22
116.232.195.127 - - [13/Jun/2023:09:08:32 +0800] "GET /xingrg/all/function/internal_message.html?_=1686618527611&CODE_STATE=getMsg HTTP/1.1" 200 27
222.70.180.90 - - [13/Jun/2023:09:08:36 +0800] "GET /xingrg/kc/buy/cgsh_order_operate.html?command=get_materiel&rest_code=00111&code=00101008238&supplier_code=00100005&order_time=2023-06-13 HTTP/1.1" 200 416
222.70.245.26 - - [13/Jun/2023:09:08:41 +0800] "GET /xingrg/all/function/internal_message.html?_=1686618522751&CODE_STATE=getMsg HTTP/1.1" 200 27
172.20.0.100 - - [13/Jun/2023:09:08:43 +0800] "GET /xingrg/check_reg.html?_=1686618523496 HTTP/1.1" 200 22
172.20.0.100 - - [13/Jun/2023:09:08:43 +0800] "GET /xingrg/all/function/internal_message.html?_=1686618523531&CODE_STATE=getMsg HTTP/1.1" 200 27
124.79.244.240 - - [13/Jun/2023:09:08:44 +0800] "GET /xingrg/all/function/internal_message.html?_=1686618805031&CODE_STATE=getMsg HTTP/1.1" 200 27
114.89.202.110 - - [13/Jun/2023:09:08:46 +0800] "POST /xingrg/services/DataTransmitService HTTP/1.1" 200 524
222.70.180.90 - - [13/Jun/2023:09:08:54 +0800] "GET /xingrg/kc/buy/cgsh_order_operate.html?command=get_materiel&rest_code=00111&code=00101008026&supplier_code=00100005&order_time=2023-06-13 HTTP/1.1" 200 409
120.253.135.82 - - [13/Jun/2023:09:08:58 +0800] "GET /xingrg/all/function/internal_message.html?_=1686618372823&CODE_STATE=getMsg HTTP/1.1" 200 27
101.83.241.120 - - [13/Jun/2023:09:08:58 +0800] "POST /xingrg/kc/buy/cgsh_order_operate.html HTTP/1.1" 200 37
116.238.139.35 - - [13/Jun/2023:09:09:04 +0800] "GET /xingrg/check_reg.html?_=1686618436124 HTTP/1.1" 200 22
116.238.139.35 - - [13/Jun/2023:09:09:04 +0800] "GET /xingrg/all/function/internal_message.html?_=1686618436433&CODE_STATE=getMsg HTTP/1.1" 200 27
222.70.180.90 - - [13/Jun/2023:09:09:05 +0800] "GET /xingrg/kc/buy/cgsh_order_operate.html?command=get_materiel&rest_code=00111&code=00101008213&supplier_code=00100005&order_time=2023-06-13 HTTP/1.1" 200 412
101.83.241.120 - - [13/Jun/2023:09:09:08 +0800] "POST /xingrg/kc/buy/cgsh_order_operate.html HTTP/1.1" 200 12
124.79.244.240 - - [13/Jun/2023:09:09:09 +0800] "GET /xingrg/all/function/internal_message.html?_=1686618548888&CODE_STATE=getMsg HTTP/1.1" 200 27
101.83.241.120 - - [13/Jun/2023:09:09:11 +0800] "GET /xingrg/kc/buy/cgsh_order_info.html?code=212023061304501 HTTP/1.1" 200 66633
101.83.241.120 - - [13/Jun/2023:09:09:12 +0800] "GET /xingrg/javascript/easyui/themes/default/validatebox.css HTTP/1.1" 404 1104
101.83.241.253 - - [13/Jun/2023:09:09:12 +0800] "GET /xingrg/all/function/internal_message.html?_=1686618658778&CODE_STATE=getMsg HTTP/1.1" 200 27
101.83.241.120 - - [13/Jun/2023:09:09:13 +0800] "POST /xingrg/kc/buy/cgsh_order_operate.html HTTP/1.1" 200 2981
101.83.241.120 - - [13/Jun/2023:09:09:15 +0800] "GET /xingrg/kc/print/load_data.html?order_code=212023061304501&kc_code=cgsh&condition= HTTP/1.1" 200 1627
222.70.180.90 - - [13/Jun/2023:09:09:18 +0800] "GET /xingrg/kc/buy/cgsh_order_operate.html?command=get_materiel&rest_code=00111&code=00101008271&supplier_code=00100005&order_time=2023-06-13 HTTP/1.1" 200 408
222.70.180.90 - - [13/Jun/2023:09:09:19 +0800] "GET /xingrg/all/function/internal_message.html?_=1686618557997&CODE_STATE=getMsg HTTP/1.1" 200 27
101.83.145.52 - - [13/Jun/2023:09:09:21 +0800] "GET /xingrg/all/function/internal_message.html?_=1686618561445&CODE_STATE=getMsg HTTP/1.1" 200 27
101.83.145.52 - - [13/Jun/2023:09:09:21 +0800] "GET /xingrg/check_reg.html?_=1686618561448 HTTP/1.1" 200 22
180.169.147.146 - - [13/Jun/2023:09:09:21 +0800] "GET /xingrg/check_reg.html?_=1686618561817 HTTP/1.1" 200 22
180.169.147.146 - - [13/Jun/2023:09:09:21 +0800] "GET /xingrg/all/function/internal_message.html?_=1686618561820&CODE_STATE=getMsg HTTP/1.1" 200 27
180.163.29.234 - - [13/Jun/2023:09:09:22 +0800] "GET /xingrg/all/function/internal_message.html?_=1686618501819&CODE_STATE=getMsg HTTP/1.1" 302 -
101.83.241.120 - - [13/Jun/2023:09:09:22 +0800] "GET /xingrg/all/function/internal_message.html?_=1686618560029&CODE_STATE=getMsg HTTP/1.1" 200 27
180.163.29.234 - - [13/Jun/2023:09:09:22 +0800] "GET /xingrg/login.html HTTP/1.1" 200 7641
116.238.139.35 - - [13/Jun/2023:09:09:26 +0800] "GET /xingrg/all/function/internal_message.html?_=1686618565379&CODE_STATE=getMsg HTTP/1.1" 200 27
180.163.30.100 - - [13/Jun/2023:09:09:31 +0800] "GET /xingrg/all/function/internal_message.html?_=1686618510335&CODE_STATE=getMsg HTTP/1.1" 302 -
180.163.30.100 - - [13/Jun/2023:09:09:31 +0800] "GET /xingrg/login.html HTTP/1.1" 200 7641
61.170.233.201 - - [13/Jun/2023:09:09:31 +0800] "GET /xingrg/all/function/internal_message.html?_=1686618570307&CODE_STATE=getMsg HTTP/1.1" 200 27
116.232.195.127 - - [13/Jun/2023:09:09:32 +0800] "GET /xingrg/all/function/internal_message.html?_=1686618587615&CODE_STATE=getMsg HTTP/1.1" 200 27
222.70.180.90 - - [13/Jun/2023:09:09:41 +0800] "POST /xingrg/kc/buy/cgsh_order_operate.html HTTP/1.1" 200 2065
222.70.245.26 - - [13/Jun/2023:09:09:41 +0800] "GET /xingrg/all/function/internal_message.html?_=1686618582836&CODE_STATE=getMsg HTTP/1.1" 200 27
172.20.0.100 - - [13/Jun/2023:09:09:43 +0800] "GET /xingrg/all/function/internal_message.html?_=1686618583501&CODE_STATE=getMsg HTTP/1.1" 200 27
124.79.244.240 - - [13/Jun/2023:09:09:44 +0800] "GET /xingrg/all/function/internal_message.html?_=1686618865030&CODE_STATE=getMsg HTTP/1.1" 200 27
101.83.241.253 - - [13/Jun/2023:09:09:54 +0800] "POST /xingrg/all/common/load_select.html HTTP/1.1" 200 25
222.70.180.90 - - [13/Jun/2023:09:09:56 +0800] "GET /xingrg/kc/buy/cgsh_order_operate.html?command=get_materiel&rest_code=00111&code=00101008439&supplier_code=00100005&order_time=2023-06-13 HTTP/1.1" 200 413
120.253.135.82 - - [13/Jun/2023:09:09:58 +0800] "GET /xingrg/all/function/internal_message.html?_=1686618432829&CODE_STATE=getMsg HTTP/1.1" 200 27
116.238.139.35 - - [13/Jun/2023:09:10:04 +0800] "GET /xingrg/all/function/internal_message.html?_=1686618496447&CODE_STATE=getMsg HTTP/1.1" 200 27
124.79.244.240 - - [13/Jun/2023:09:10:09 +0800] "GET /xingrg/all/function/internal_message.html?_=1686618608888&CODE_STATE=getMsg HTTP/1.1" 200 27
222.70.180.90 - - [13/Jun/2023:09:10:10 +0800] "GET /xingrg/kc/buy/cgsh_order_operate.html?command=get_materiel&rest_code=00111&code=00101008347&supplier_code=00100005&order_time=2023-06-13 HTTP/1.1" 200 408
101.83.241.253 - - [13/Jun/2023:09:10:12 +0800] "GET /xingrg/all/function/internal_message.html?_=1686618718777&CODE_STATE=getMsg HTTP/1.1" 200 27
222.70.180.90 - - [13/Jun/2023:09:10:19 +0800] "GET /xingrg/check_reg.html?_=1686618617931 HTTP/1.1" 200 22
222.70.180.90 - - [13/Jun/2023:09:10:19 +0800] "GET /xingrg/all/function/internal_message.html?_=1686618617967&CODE_STATE=getMsg HTTP/1.1" 200 27
101.83.241.253 - - [13/Jun/2023:09:10:19 +0800] "GET /xingrg/kc/buy/cgsh_order_operate.html?command=get_materiel&rest_code=00154&code=00101040055&supplier_code=00100538&order_time=2023-06-13 HTTP/1.1" 200 413
222.70.180.90 - - [13/Jun/2023:09:10:19 +0800] "GET /xingrg/kc/buy/cgsh_order_operate.html?command=get_materiel&rest_code=00111&code=00101008356&supplier_code=00100005&order_time=2023-06-13 HTTP/1.1" 200 408
180.163.30.100 - - [13/Jun/2023:09:10:21 +0800] "GET /xingrg/all/function/internal_message.html?_=1686618561820&CODE_STATE=getMsg HTTP/1.1" 302 -
180.163.28.114 - - [13/Jun/2023:09:10:21 +0800] "GET /xingrg/check_reg.html?_=1686618561817 HTTP/1.1" 302 -
180.163.30.100 - - [13/Jun/2023:09:10:21 +0800] "GET /xingrg/login.html HTTP/1.1" 200 7641
180.163.28.114 - - [13/Jun/2023:09:10:21 +0800] "GET /xingrg/login.html HTTP/1.1" 200 7641
101.83.145.52 - - [13/Jun/2023:09:10:21 +0800] "GET /xingrg/all/function/internal_message.html?_=1686618621459&CODE_STATE=getMsg HTTP/1.1" 200 27
180.169.147.146 - - [13/Jun/2023:09:10:21 +0800] "GET /xingrg/all/function/internal_message.html?_=1686618621818&CODE_STATE=getMsg HTTP/1.1" 200 27
101.83.241.120 - - [13/Jun/2023:09:10:22 +0800] "GET /xingrg/all/function/internal_message.html?_=1686618620029&CODE_STATE=getMsg HTTP/1.1" 200 27
101.83.241.120 - - [13/Jun/2023:09:10:22 +0800] "GET /xingrg/check_reg.html?_=1686618620045 HTTP/1.1" 200 22
116.238.139.35 - - [13/Jun/2023:09:10:26 +0800] "GET /xingrg/all/function/internal_message.html?_=1686618625368&CODE_STATE=getMsg HTTP/1.1" 200 27
61.170.233.201 - - [13/Jun/2023:09:10:31 +0800] "GET /xingrg/check_reg.html?_=1686618630278 HTTP/1.1" 200 22
61.170.233.201 - - [13/Jun/2023:09:10:31 +0800] "GET /xingrg/all/function/internal_message.html?_=1686618630282&CODE_STATE=getMsg HTTP/1.1" 200 27
222.70.180.90 - - [13/Jun/2023:09:10:31 +0800] "POST /xingrg/kc/buy/cgsh_order_operate.html HTTP/1.1" 200 2065
116.232.195.127 - - [13/Jun/2023:09:10:32 +0800] "GET /xingrg/all/function/internal_message.html?_=1686618647616&CODE_STATE=getMsg HTTP/1.1" 200 27
222.70.180.90 - - [13/Jun/2023:09:10:41 +0800] "GET /xingrg/kc/buy/cgsh_order_operate.html?command=get_materiel&rest_code=00111&code=00101009059&supplier_code=00100005&order_time=2023-06-13 HTTP/1.1" 200 409
222.70.245.26 - - [13/Jun/2023:09:10:41 +0800] "GET /xingrg/all/function/internal_message.html?_=1686618642837&CODE_STATE=getMsg HTTP/1.1" 200 27
172.20.0.100 - - [13/Jun/2023:09:10:43 +0800] "GET /xingrg/all/function/internal_message.html?_=1686618643505&CODE_STATE=getMsg HTTP/1.1" 200 27
124.79.244.240 - - [13/Jun/2023:09:10:44 +0800] "GET /xingrg/check_reg.html?_=1686618925017 HTTP/1.1" 200 22
124.79.244.240 - - [13/Jun/2023:09:10:44 +0800] "GET /xingrg/all/function/internal_message.html?_=1686618925018&CODE_STATE=getMsg HTTP/1.1" 200 27
222.70.180.90 - - [13/Jun/2023:09:10:49 +0800] "GET /xingrg/kc/buy/cgsh_order_operate.html?command=get_materiel&rest_code=00111&code=00101008298&supplier_code=00100005&order_time=2023-06-13 HTTP/1.1" 200 413
120.253.135.82 - - [13/Jun/2023:09:10:57 +0800] "GET /xingrg/check_reg.html?_=1686618491620 HTTP/1.1" 200 22
120.253.135.82 - - [13/Jun/2023:09:10:58 +0800] "GET /xingrg/all/function/internal_message.html?_=1686618492853&CODE_STATE=getMsg HTTP/1.1" 200 27
222.70.180.90 - - [13/Jun/2023:09:11:00 +0800] "GET /xingrg/kc/buy/cgsh_order_operate.html?command=get_materiel&rest_code=00111&code=00101008223&supplier_code=00100005&order_time=2023-06-13 HTTP/1.1" 200 412
116.238.139.35 - - [13/Jun/2023:09:11:04 +0800] "GET /xingrg/all/function/internal_message.html?_=1686618556460&CODE_STATE=getMsg HTTP/1.1" 200 27
124.79.244.240 - - [13/Jun/2023:09:11:09 +0800] "GET /xingrg/all/function/internal_message.html?_=1686618668882&CODE_STATE=getMsg HTTP/1.1" 200 27
222.70.180.90 - - [13/Jun/2023:09:11:11 +0800] "GET /xingrg/kc/buy/cgsh_order_operate.html?command=get_materiel&rest_code=00111&code=00101008150&supplier_code=00100005&order_time=2023-06-13 HTTP/1.1" 200 409
101.83.241.253 - - [13/Jun/2023:09:11:12 +0800] "GET /xingrg/all/function/internal_message.html?_=1686618778782&CODE_STATE=getMsg HTTP/1.1" 200 27
222.70.180.90 - - [13/Jun/2023:09:11:19 +0800] "GET /xingrg/all/function/internal_message.html?_=1686618677949&CODE_STATE=getMsg HTTP/1.1" 200 27
101.83.145.52 - - [13/Jun/2023:09:11:21 +0800] "GET /xingrg/all/function/internal_message.html?_=1686618681448&CODE_STATE=getMsg HTTP/1.1" 200 27
180.169.147.146 - - [13/Jun/2023:09:11:21 +0800] "GET /xingrg/all/function/internal_message.html?_=1686618681838&CODE_STATE=getMsg HTTP/1.1" 200 27
101.83.241.120 - - [13/Jun/2023:09:11:22 +0800] "GET /xingrg/all/function/internal_message.html?_=1686618680033&CODE_STATE=getMsg HTTP/1.1" 200 27
222.70.180.90 - - [13/Jun/2023:09:11:26 +0800] "GET /xingrg/kc/buy/cgsh_order_operate.html?command=get_materiel&rest_code=00111&code=00101008350&supplier_code=00100005&order_time=2023-06-13 HTTP/1.1" 200 408
116.238.139.35 - - [13/Jun/2023:09:11:26 +0800] "GET /xingrg/all/function/internal_message.html?_=1686618685367&CODE_STATE=getMsg HTTP/1.1" 200 27
218.81.66.198 - - [13/Jun/2023:09:11:28 +0800] "POST /xingrg/services/DataTransmitService HTTP/1.1" 200 524
222.70.180.90 - - [13/Jun/2023:09:11:29 +0800] "POST /xingrg/kc/buy/cgsh_order_operate.html HTTP/1.1" 200 2065
180.163.28.109 - - [13/Jun/2023:09:11:31 +0800] "GET /xingrg/check_reg.html?_=1686618630278 HTTP/1.1" 302 -
180.163.28.109 - - [13/Jun/2023:09:11:31 +0800] "GET /xingrg/login.html HTTP/1.1" 200 7641
61.170.233.201 - - [13/Jun/2023:09:11:31 +0800] "GET /xingrg/all/function/internal_message.html?_=1686618690261&CODE_STATE=getMsg HTTP/1.1" 200 27
116.232.195.127 - - [13/Jun/2023:09:11:32 +0800] "GET /xingrg/all/function/internal_message.html?_=1686618707631&CODE_STATE=getMsg HTTP/1.1" 200 27
222.70.180.90 - - [13/Jun/2023:09:11:38 +0800] "GET /xingrg/kc/buy/cgsh_order_operate.html?command=get_materiel&rest_code=00111&code=00101008331&supplier_code=00100005&order_time=2023-06-13 HTTP/1.1" 200 416
222.70.245.26 - - [13/Jun/2023:09:11:41 +0800] "GET /xingrg/all/function/internal_message.html?_=1686618702933&CODE_STATE=getMsg HTTP/1.1" 200 27
172.20.0.100 - - [13/Jun/2023:09:11:43 +0800] "GET /xingrg/all/function/internal_message.html?_=1686618703511&CODE_STATE=getMsg HTTP/1.1" 200 27
124.79.244.240 - - [13/Jun/2023:09:11:44 +0800] "GET /xingrg/all/function/internal_message.html?_=1686618985021&CODE_STATE=getMsg HTTP/1.1" 200 27
101.83.241.253 - - [13/Jun/2023:09:11:47 +0800] "GET /xingrg/kc/buy/cgsh_order_operate.html?command=get_materiel&rest_code=00154&code=00101040038&supplier_code=00100538&order_time=2023-06-13 HTTP/1.1" 200 421
222.70.180.90 - - [13/Jun/2023:09:11:51 +0800] "GET /xingrg/kc/buy/cgsh_order_operate.html?command=get_materiel&rest_code=00111&code=00101008061&supplier_code=00100005&order_time=2023-06-13 HTTP/1.1" 200 422
120.253.135.82 - - [13/Jun/2023:09:11:58 +0800] "GET /xingrg/all/function/internal_message.html?_=1686618552856&CODE_STATE=getMsg HTTP/1.1" 200 27
116.238.139.35 - - [13/Jun/2023:09:12:04 +0800] "GET /xingrg/all/function/internal_message.html?_=1686618616528&CODE_STATE=getMsg HTTP/1.1" 200 27
124.79.244.240 - - [13/Jun/2023:09:12:09 +0800] "GET /xingrg/all/function/internal_message.html?_=1686618728875&CODE_STATE=getMsg HTTP/1.1" 200 27
101.83.241.253 - - [13/Jun/2023:09:12:12 +0800] "GET /xingrg/check_reg.html?_=1686618838782 HTTP/1.1" 200 22
101.83.241.253 - - [13/Jun/2023:09:12:12 +0800] "GET /xingrg/all/function/internal_message.html?_=1686618838784&CODE_STATE=getMsg HTTP/1.1" 200 27
101.83.241.253 - - [13/Jun/2023:09:12:14 +0800] "POST /xingrg/all/common/load_select.html HTTP/1.1" 200 12
222.70.180.90 - - [13/Jun/2023:09:12:19 +0800] "GET /xingrg/all/function/internal_message.html?_=1686618737933&CODE_STATE=getMsg HTTP/1.1" 200 27
222.70.180.90 - - [13/Jun/2023:09:12:20 +0800] "POST /xingrg/kc/buy/cgsh_order_operate.html HTTP/1.1" 200 2065
101.83.145.52 - - [13/Jun/2023:09:12:21 +0800] "GET /xingrg/all/function/internal_message.html?_=1686618741438&CODE_STATE=getMsg HTTP/1.1" 200 27
180.169.147.146 - - [13/Jun/2023:09:12:21 +0800] "GET /xingrg/all/function/internal_message.html?_=1686618741818&CODE_STATE=getMsg HTTP/1.1" 200 27
180.163.28.55 - - [13/Jun/2023:09:12:22 +0800] "GET /xingrg/all/function/internal_message.html?_=1686618681838&CODE_STATE=getMsg HTTP/1.1" 302 -
180.163.28.55 - - [13/Jun/2023:09:12:22 +0800] "GET /xingrg/login.html HTTP/1.1" 200 7641
101.83.241.120 - - [13/Jun/2023:09:12:22 +0800] "GET /xingrg/all/function/internal_message.html?_=1686618740036&CODE_STATE=getMsg HTTP/1.1" 200 27
222.70.245.26 - - [13/Jun/2023:09:12:26 +0800] "GET /xingrg/check_reg.html?_=1686618748065 HTTP/1.1" 200 22
116.238.139.35 - - [13/Jun/2023:09:12:26 +0800] "GET /xingrg/all/function/internal_message.html?_=1686618745371&CODE_STATE=getMsg HTTP/1.1" 200 27
116.238.139.35 - - [13/Jun/2023:09:12:26 +0800] "GET /xingrg/check_reg.html?_=1686618745375 HTTP/1.1" 200 22
222.70.180.90 - - [13/Jun/2023:09:12:27 +0800] "GET /xingrg/kc/buy/cgsh_order_operate.html?command=get_materiel&rest_code=00111&code=00101008098&supplier_code=00100005&order_time=2023-06-13 HTTP/1.1" 200 412
61.170.233.201 - - [13/Jun/2023:09:12:31 +0800] "GET /xingrg/all/function/internal_message.html?_=1686618750232&CODE_STATE=getMsg HTTP/1.1" 200 27
116.232.195.127 - - [13/Jun/2023:09:12:32 +0800] "GET /xingrg/all/function/internal_message.html?_=1686618767625&CODE_STATE=getMsg HTTP/1.1" 200 27
101.83.241.253 - - [13/Jun/2023:09:12:33 +0800] "GET /xingrg/kc/buy/cgsh_order_operate.html?command=get_materiel_price&rest_code=00154&code=00101040038&unit_code=00100001&supplier_code=00100538&order_time=2023-06-13 HTTP/1.1" 200 28
180.163.30.27 - - [13/Jun/2023:09:12:34 +0800] "GET /xingrg/all/function/internal_message.html?_=1686618690261&CODE_STATE=getMsg HTTP/1.1" 302 -
180.163.30.27 - - [13/Jun/2023:09:12:34 +0800] "GET /xingrg/login.html HTTP/1.1" 200 7641
222.70.245.26 - - [13/Jun/2023:09:12:41 +0800] "GET /xingrg/all/function/internal_message.html?_=1686618762942&CODE_STATE=getMsg HTTP/1.1" 200 27
172.20.0.100 - - [13/Jun/2023:09:12:43 +0800] "GET /xingrg/all/function/internal_message.html?_=1686618763498&CODE_STATE=getMsg HTTP/1.1" 200 27
124.79.244.240 - - [13/Jun/2023:09:12:44 +0800] "GET /xingrg/all/function/internal_message.html?_=1686619045047&CODE_STATE=getMsg HTTP/1.1" 200 27
120.253.135.82 - - [13/Jun/2023:09:12:58 +0800] "GET /xingrg/all/function/internal_message.html?_=1686618612870&CODE_STATE=getMsg HTTP/1.1" 200 27
116.238.139.35 - - [13/Jun/2023:09:13:04 +0800] "GET /xingrg/all/function/internal_message.html?_=1686618676533&CODE_STATE=getMsg HTTP/1.1" 200 27
124.79.244.240 - - [13/Jun/2023:09:13:09 +0800] "GET /xingrg/all/function/internal_message.html?_=1686618788891&CODE_STATE=getMsg HTTP/1.1" 200 27
124.79.244.240 - - [13/Jun/2023:09:13:09 +0800] "GET /xingrg/check_reg.html?_=1686618788894 HTTP/1.1" 200 22
101.83.241.253 - - [13/Jun/2023:09:13:12 +0800] "GET /xingrg/all/function/internal_message.html?_=1686618898781&CODE_STATE=getMsg HTTP/1.1" 200 27
114.89.202.110 - - [13/Jun/2023:09:13:18 +0800] "GET /xingrg/check_reg.html?_=1686618798430 HTTP/1.1" 302 -
222.70.180.90 - - [13/Jun/2023:09:13:19 +0800] "GET /xingrg/all/function/internal_message.html?_=1686618797937&CODE_STATE=getMsg HTTP/1.1" 200 27
101.83.145.52 - - [13/Jun/2023:09:13:21 +0800] "GET /xingrg/all/function/internal_message.html?_=1686618801463&CODE_STATE=getMsg HTTP/1.1" 200 27
180.169.147.146 - - [13/Jun/2023:09:13:21 +0800] "GET /xingrg/all/function/internal_message.html?_=1686618801824&CODE_STATE=getMsg HTTP/1.1" 200 27
101.83.241.120 - - [13/Jun/2023:09:13:22 +0800] "GET /xingrg/all/function/internal_message.html?_=1686618800036&CODE_STATE=getMsg HTTP/1.1" 200 27
116.238.139.35 - - [13/Jun/2023:09:13:26 +0800] "GET /xingrg/all/function/internal_message.html?_=1686618805378&CODE_STATE=getMsg HTTP/1.1" 200 27
180.163.29.103 - - [13/Jun/2023:09:13:31 +0800] "GET /xingrg/all/function/internal_message.html?_=1686618750232&CODE_STATE=getMsg HTTP/1.1" 302 -
180.163.29.103 - - [13/Jun/2023:09:13:31 +0800] "GET /xingrg/login.html HTTP/1.1" 200 7641
61.170.233.201 - - [13/Jun/2023:09:13:31 +0800] "GET /xingrg/all/function/internal_message.html?_=1686618810204&CODE_STATE=getMsg HTTP/1.1" 200 27
116.232.195.127 - - [13/Jun/2023:09:13:32 +0800] "GET /xingrg/check_reg.html?_=1686618827626 HTTP/1.1" 200 22
116.232.195.127 - - [13/Jun/2023:09:13:32 +0800] "GET /xingrg/all/function/internal_message.html?_=1686618827627&CODE_STATE=getMsg HTTP/1.1" 200 27
