114.89.202.110 - - [13/Jun/2023:10:34:01 +0800] "POST /xingrg/kc/base/wldb_order_operate.html HTTP/1.1" 200 12
114.89.202.110 - - [13/Jun/2023:10:34:01 +0800] "POST /xingrg/kc/base/wldb_order_operate.html HTTP/1.1" 200 4699
114.89.202.110 - - [13/Jun/2023:10:34:03 +0800] "GET /xingrg/kc/base/wldb_order_info.html?code=422023061300999 HTTP/1.1" 200 26254
114.89.202.110 - - [13/Jun/2023:10:34:03 +0800] "GET /xingrg/javascript/easyui/themes/default/validatebox.css HTTP/1.1" 404 1104
114.89.202.110 - - [13/Jun/2023:10:34:03 +0800] "POST /xingrg/kc/base/wldb_order_operate.html HTTP/1.1" 200 2938
114.89.202.110 - - [13/Jun/2023:10:34:07 +0800] "GET /xingrg/all/function/internal_message.html?_=1686623654417&CODE_STATE=getMsg HTTP/1.1" 200 27
222.70.180.90 - - [13/Jun/2023:10:34:08 +0800] "GET /xingrg/all/function/internal_message.html?_=1686623737583&CODE_STATE=getMsg HTTP/1.1" 302 -
124.79.244.240 - - [13/Jun/2023:10:34:11 +0800] "GET /xingrg/check_reg.html?_=1686623650812 HTTP/1.1" 200 22
124.79.244.240 - - [13/Jun/2023:10:34:11 +0800] "GET /xingrg/all/function/internal_message.html?_=1686623650815&CODE_STATE=getMsg HTTP/1.1" 200 27
222.70.245.26 - - [13/Jun/2023:10:34:13 +0800] "GET /xingrg/kc/buy/cgsh_order_operate.html?command=get_materiel&rest_code=00146&code=00101004020&supplier_code=00100041&order_time=2023-06-13 HTTP/1.1" 200 409
222.70.180.90 - - [13/Jun/2023:10:34:18 +0800] "GET /xingrg/all/function/internal_message.html?_=1686623657149&CODE_STATE=getMsg HTTP/1.1" 200 27
101.83.145.52 - - [13/Jun/2023:10:34:20 +0800] "GET /xingrg/all/function/internal_message.html?_=1686623660076&CODE_STATE=getMsg HTTP/1.1" 200 27
101.83.145.52 - - [13/Jun/2023:10:34:21 +0800] "GET /xingrg/check_reg.html?_=1686623661486 HTTP/1.1" 200 22
61.170.233.201 - - [13/Jun/2023:10:34:22 +0800] "GET /xingrg/javascript/auto/indicator.gif HTTP/1.1" 404 1066
101.83.241.253 - - [13/Jun/2023:10:34:26 +0800] "GET /xingrg/all/function/internal_message.html?_=1686623772844&CODE_STATE=getMsg HTTP/1.1" 200 27
61.170.233.201 - - [13/Jun/2023:10:34:28 +0800] "GET /xingrg/kc/base/wldb_order_operate.html?command=get_materiel&rest_code=00106&base_code=0010396&code=00101027001 HTTP/1.1" 200 471
180.163.28.180 - - [13/Jun/2023:10:34:29 +0800] "GET /xingrg/all/function/internal_message.html?_=1686623608590&CODE_STATE=getMsg HTTP/1.1" 302 -
180.163.28.180 - - [13/Jun/2023:10:34:29 +0800] "GET /xingrg/login.html HTTP/1.1" 200 7641
61.170.233.201 - - [13/Jun/2023:10:34:29 +0800] "GET /xingrg/all/function/internal_message.html?_=1686623668576&CODE_STATE=getMsg HTTP/1.1" 200 27
116.232.195.127 - - [13/Jun/2023:10:34:32 +0800] "GET /xingrg/all/function/internal_message.html?_=1686623687624&CODE_STATE=getMsg HTTP/1.1" 200 27
180.169.147.146 - - [13/Jun/2023:10:34:33 +0800] "GET /xingrg/all/function/internal_message.html?_=1686623672439&CODE_STATE=getMsg HTTP/1.1" 200 27
172.20.0.100 - - [13/Jun/2023:10:34:36 +0800] "GET /xingrg/all/function/internal_message.html?_=1686623675850&CODE_STATE=getMsg HTTP/1.1" 200 27
61.170.233.201 - - [13/Jun/2023:10:34:38 +0800] "GET /xingrg/all/function/internal_message.html?_=1686623679410&CODE_STATE=getMsg HTTP/1.1" 200 27
114.89.202.110 - - [13/Jun/2023:10:34:42 +0800] "GET /xingrg/all/function/internal_message.html?_=1686623682870&CODE_STATE=getMsg HTTP/1.1" 200 27
124.79.244.240 - - [13/Jun/2023:10:34:44 +0800] "GET /xingrg/all/function/internal_message.html?_=1686623965099&CODE_STATE=getMsg HTTP/1.1" 200 27
180.169.147.146 - - [13/Jun/2023:10:34:44 +0800] "GET /xingrg/all/function/internal_message.html?_=1686623683116&CODE_STATE=getMsg HTTP/1.1" 200 27
222.70.245.26 - - [13/Jun/2023:10:34:44 +0800] "GET /xingrg/all/function/internal_message.html?_=1686623686225&CODE_STATE=getMsg HTTP/1.1" 200 27
180.164.3.199 - - [13/Jun/2023:10:34:45 +0800] "GET /xingrg/all/function/internal_message.html?_=1686623685151&CODE_STATE=getMsg HTTP/1.1" 200 27
101.229.22.40 - - [13/Jun/2023:10:34:49 +0800] "GET /xingrg/check_reg.html?_=1686623689831 HTTP/1.1" 200 22
101.229.22.40 - - [13/Jun/2023:10:34:49 +0800] "GET /xingrg/all/function/internal_message.html?_=1686623689834&CODE_STATE=getMsg HTTP/1.1" 200 27
61.170.233.201 - - [13/Jun/2023:10:34:52 +0800] "GET /xingrg/kc/base/wldb_order_operate.html?command=get_materiel&rest_code=00106&base_code=0010396&code=00101019492 HTTP/1.1" 200 456
222.70.245.26 - - [13/Jun/2023:10:34:55 +0800] "POST /xingrg/kc/buy/cgsh_order_operate.html HTTP/1.1" 200 37
116.238.139.35 - - [13/Jun/2023:10:35:00 +0800] "POST /xingrg/kc/buy/cgsh_order_operate.html HTTP/1.1" 200 12
222.70.245.26 - - [13/Jun/2023:10:35:01 +0800] "POST /xingrg/kc/buy/cgsh_order_operate.html HTTP/1.1" 200 4419
222.70.245.26 - - [13/Jun/2023:10:35:04 +0800] "GET /xingrg/kc/print/load_data.html?order_code=212023061304533&kc_code=cgsh&condition= HTTP/1.1" 200 1357
61.170.233.201 - - [13/Jun/2023:10:35:05 +0800] "GET /xingrg/kc/base/wldb_order_operate.html?command=get_materiel&rest_code=00106&base_code=0010396&code=00101019297 HTTP/1.1" 200 478
114.89.202.110 - - [13/Jun/2023:10:35:07 +0800] "GET /xingrg/all/function/internal_message.html?_=1686623714421&CODE_STATE=getMsg HTTP/1.1" 200 27
114.89.202.110 - - [13/Jun/2023:10:35:07 +0800] "GET /xingrg/check_reg.html?_=1686623714423 HTTP/1.1" 200 22
222.70.180.90 - - [13/Jun/2023:10:35:08 +0800] "GET /xingrg/all/function/internal_message.html?_=1686623797574&CODE_STATE=getMsg HTTP/1.1" 302 -
116.238.139.35 - - [13/Jun/2023:10:35:09 +0800] "GET /xingrg/kc/buy/cgsh_order_info.html?code=212023061304529 HTTP/1.1" 200 66589
116.238.139.35 - - [13/Jun/2023:10:35:10 +0800] "GET /xingrg/javascript/easyui/themes/default/validatebox.css HTTP/1.1" 404 1104
116.238.139.35 - - [13/Jun/2023:10:35:11 +0800] "POST /xingrg/kc/buy/cgsh_order_operate.html HTTP/1.1" 200 606
124.79.244.240 - - [13/Jun/2023:10:35:11 +0800] "GET /xingrg/all/function/internal_message.html?_=1686623710801&CODE_STATE=getMsg HTTP/1.1" 200 27
222.70.245.26 - - [13/Jun/2023:10:35:13 +0800] "GET /xingrg/kc/buy/cgsh_order_add.html HTTP/1.1" 200 71636
222.70.245.26 - - [13/Jun/2023:10:35:13 +0800] "POST /xingrg/kc/buy/cgsh_order_operate.html HTTP/1.1" 200 8245
222.70.245.26 - - [13/Jun/2023:10:35:14 +0800] "GET /xingrg/javascript/easyui/themes/default/validatebox.css HTTP/1.1" 404 1104
116.238.139.35 - - [13/Jun/2023:10:35:16 +0800] "GET /xingrg/kc/buy/cgsh_order_add.html HTTP/1.1" 200 71680
116.238.139.35 - - [13/Jun/2023:10:35:16 +0800] "GET /xingrg/javascript/easyui/themes/default/validatebox.css HTTP/1.1" 404 1104
116.238.139.35 - - [13/Jun/2023:10:35:16 +0800] "POST /xingrg/kc/buy/cgsh_order_operate.html HTTP/1.1" 200 8245
222.70.180.90 - - [13/Jun/2023:10:35:18 +0800] "GET /xingrg/all/function/internal_message.html?_=1686623717133&CODE_STATE=getMsg HTTP/1.1" 200 27
222.70.180.90 - - [13/Jun/2023:10:35:19 +0800] "GET /xingrg/check_reg.html?_=1686623718025 HTTP/1.1" 200 22
101.83.145.52 - - [13/Jun/2023:10:35:20 +0800] "GET /xingrg/all/function/internal_message.html?_=1686623720049&CODE_STATE=getMsg HTTP/1.1" 200 27
116.238.139.35 - - [13/Jun/2023:10:35:21 +0800] "GET /xingrg/javascript/auto/indicator.gif HTTP/1.1" 404 1066
116.238.139.35 - - [13/Jun/2023:10:35:25 +0800] "GET /xingrg/all/function/internal_message.html?_=1686623724044&CODE_STATE=getMsg HTTP/1.1" 200 27
101.83.241.253 - - [13/Jun/2023:10:35:26 +0800] "GET /xingrg/all/function/internal_message.html?_=1686623832824&CODE_STATE=getMsg HTTP/1.1" 200 27
180.163.29.103 - - [13/Jun/2023:10:35:29 +0800] "GET /xingrg/all/function/internal_message.html?_=1686623668576&CODE_STATE=getMsg HTTP/1.1" 302 -
180.163.29.103 - - [13/Jun/2023:10:35:29 +0800] "GET /xingrg/login.html HTTP/1.1" 200 7641
61.170.233.201 - - [13/Jun/2023:10:35:29 +0800] "GET /xingrg/all/function/internal_message.html?_=1686623728549&CODE_STATE=getMsg HTTP/1.1" 200 27
222.70.245.26 - - [13/Jun/2023:10:35:31 +0800] "GET /xingrg/kc/buy/cgsh_order_operate.html?command=get_materiel&rest_code=00146&code=00101007049&supplier_code=00100002&order_time=2023-06-13 HTTP/1.1" 200 409
61.170.233.201 - - [13/Jun/2023:10:35:31 +0800] "GET /xingrg/check_reg.html?_=1686623730081 HTTP/1.1" 200 22
116.232.195.127 - - [13/Jun/2023:10:35:32 +0800] "GET /xingrg/all/function/internal_message.html?_=1686623747614&CODE_STATE=getMsg HTTP/1.1" 200 27
180.169.147.146 - - [13/Jun/2023:10:35:33 +0800] "GET /xingrg/all/function/internal_message.html?_=1686623732411&CODE_STATE=getMsg HTTP/1.1" 200 27
172.20.0.100 - - [13/Jun/2023:10:35:36 +0800] "GET /xingrg/all/function/internal_message.html?_=1686623735852&CODE_STATE=getMsg HTTP/1.1" 200 27
172.20.0.100 - - [13/Jun/2023:10:35:36 +0800] "GET /xingrg/check_reg.html?_=1686623735854 HTTP/1.1" 200 22
61.170.233.201 - - [13/Jun/2023:10:35:38 +0800] "GET /xingrg/all/function/internal_message.html?_=1686623739397&CODE_STATE=getMsg HTTP/1.1" 200 27
114.89.202.110 - - [13/Jun/2023:10:35:42 +0800] "GET /xingrg/all/function/internal_message.html?_=1686623742875&CODE_STATE=getMsg HTTP/1.1" 200 27
124.79.244.240 - - [13/Jun/2023:10:35:44 +0800] "GET /xingrg/all/function/internal_message.html?_=1686624025097&CODE_STATE=getMsg HTTP/1.1" 200 27
124.79.244.240 - - [13/Jun/2023:10:35:44 +0800] "GET /xingrg/check_reg.html?_=1686624025098 HTTP/1.1" 200 22
180.169.147.146 - - [13/Jun/2023:10:35:44 +0800] "GET /xingrg/all/function/internal_message.html?_=1686623743115&CODE_STATE=getMsg HTTP/1.1" 200 27
222.70.245.26 - - [13/Jun/2023:10:35:44 +0800] "GET /xingrg/all/function/internal_message.html?_=1686623746238&CODE_STATE=getMsg HTTP/1.1" 200 27
180.164.3.199 - - [13/Jun/2023:10:35:45 +0800] "GET /xingrg/all/function/internal_message.html?_=1686623745124&CODE_STATE=getMsg HTTP/1.1" 200 27
180.169.147.146 - - [13/Jun/2023:10:35:47 +0800] "GET /xingrg/check_reg.html?_=1686623745892 HTTP/1.1" 302 -
222.70.245.26 - - [13/Jun/2023:10:35:49 +0800] "GET /xingrg/kc/buy/cgsh_order_operate.html?command=get_materiel&rest_code=00146&code=00101007061&supplier_code=00100002&order_time=2023-06-13 HTTP/1.1" 200 409
101.229.22.40 - - [13/Jun/2023:10:35:49 +0800] "GET /xingrg/all/function/internal_message.html?_=1686623749829&CODE_STATE=getMsg HTTP/1.1" 200 27
116.238.139.35 - - [13/Jun/2023:10:35:55 +0800] "GET /xingrg/kc/buy/cgsh_order_operate.html?command=get_materiel&rest_code=00150&code=00102010746&supplier_code=00100151&order_time=2023-06-13 HTTP/1.1" 200 408
61.170.233.201 - - [13/Jun/2023:10:35:57 +0800] "GET /xingrg/kc/base/wldb_order_operate.html?command=get_materiel&rest_code=00106&base_code=0010396&code=00101019528 HTTP/1.1" 200 482
114.89.202.110 - - [13/Jun/2023:10:36:06 +0800] "GET /xingrg/all/function/internal_message.html?_=1686623774415&CODE_STATE=getMsg HTTP/1.1" 200 27
222.70.180.90 - - [13/Jun/2023:10:36:08 +0800] "GET /xingrg/check_reg.html?_=1686623857612 HTTP/1.1" 302 -
222.70.180.90 - - [13/Jun/2023:10:36:08 +0800] "GET /xingrg/all/function/internal_message.html?_=1686623857608&CODE_STATE=getMsg HTTP/1.1" 302 -
61.170.233.201 - - [13/Jun/2023:10:36:10 +0800] "GET /xingrg/kc/base/wldb_order_operate.html?command=get_materiel&rest_code=00106&base_code=0010396&code=00101019184 HTTP/1.1" 200 456
124.79.244.240 - - [13/Jun/2023:10:36:11 +0800] "GET /xingrg/all/function/internal_message.html?_=1686623770812&CODE_STATE=getMsg HTTP/1.1" 200 27
116.238.139.35 - - [13/Jun/2023:10:36:18 +0800] "GET /xingrg/kc/buy/cgsh_order_operate.html?command=get_materiel&rest_code=00150&code=00102008041&supplier_code=00100151&order_time=2023-06-13 HTTP/1.1" 200 409
222.70.180.90 - - [13/Jun/2023:10:36:18 +0800] "GET /xingrg/all/function/internal_message.html?_=1686623777104&CODE_STATE=getMsg HTTP/1.1" 200 27
101.83.145.52 - - [13/Jun/2023:10:36:20 +0800] "GET /xingrg/all/function/internal_message.html?_=1686623780022&CODE_STATE=getMsg HTTP/1.1" 200 27
116.238.139.35 - - [13/Jun/2023:10:36:25 +0800] "GET /xingrg/all/function/internal_message.html?_=1686623784025&CODE_STATE=getMsg HTTP/1.1" 200 27
61.170.233.201 - - [13/Jun/2023:10:36:25 +0800] "GET /xingrg/kc/base/wldb_order_operate.html?command=get_materiel&rest_code=00106&base_code=0010396&code=00101016094 HTTP/1.1" 200 470
101.83.241.253 - - [13/Jun/2023:10:36:26 +0800] "GET /xingrg/all/function/internal_message.html?_=1686623892803&CODE_STATE=getMsg HTTP/1.1" 200 27
116.238.139.35 - - [13/Jun/2023:10:36:29 +0800] "GET /xingrg/kc/buy/cgsh_order_operate.html?command=get_materiel&rest_code=00150&code=00102009724&supplier_code=00100151&order_time=2023-06-13 HTTP/1.1" 200 409
180.163.30.85 - - [13/Jun/2023:10:36:29 +0800] "GET /xingrg/all/function/internal_message.html?_=1686623728549&CODE_STATE=getMsg HTTP/1.1" 302 -
180.163.30.85 - - [13/Jun/2023:10:36:29 +0800] "GET /xingrg/login.html HTTP/1.1" 200 7641
61.170.233.201 - - [13/Jun/2023:10:36:29 +0800] "GET /xingrg/all/function/internal_message.html?_=1686623788521&CODE_STATE=getMsg HTTP/1.1" 200 27
116.232.195.127 - - [13/Jun/2023:10:36:32 +0800] "GET /xingrg/all/function/internal_message.html?_=1686623807625&CODE_STATE=getMsg HTTP/1.1" 200 27
180.169.147.146 - - [13/Jun/2023:10:36:33 +0800] "GET /xingrg/all/function/internal_message.html?_=1686623792394&CODE_STATE=getMsg HTTP/1.1" 200 27
180.169.147.146 - - [13/Jun/2023:10:36:33 +0800] "GET /xingrg/check_reg.html?_=1686623792770 HTTP/1.1" 200 22
172.20.0.100 - - [13/Jun/2023:10:36:36 +0800] "GET /xingrg/all/function/internal_message.html?_=1686623795856&CODE_STATE=getMsg HTTP/1.1" 200 27
222.70.245.26 - - [13/Jun/2023:10:36:37 +0800] "GET /xingrg/kc/buy/cgsh_order_operate.html?command=get_materiel&rest_code=00146&code=00101007032&supplier_code=00100002&order_time=2023-06-13 HTTP/1.1" 200 413
61.170.233.201 - - [13/Jun/2023:10:36:38 +0800] "GET /xingrg/all/function/internal_message.html?_=1686623799400&CODE_STATE=getMsg HTTP/1.1" 200 27
114.89.202.110 - - [13/Jun/2023:10:36:42 +0800] "GET /xingrg/all/function/internal_message.html?_=1686623802861&CODE_STATE=getMsg HTTP/1.1" 200 27
124.79.244.240 - - [13/Jun/2023:10:36:44 +0800] "GET /xingrg/all/function/internal_message.html?_=1686624085096&CODE_STATE=getMsg HTTP/1.1" 200 27
180.169.147.146 - - [13/Jun/2023:10:36:44 +0800] "GET /xingrg/all/function/internal_message.html?_=1686623803115&CODE_STATE=getMsg HTTP/1.1" 200 27
222.70.245.26 - - [13/Jun/2023:10:36:44 +0800] "GET /xingrg/all/function/internal_message.html?_=1686623806253&CODE_STATE=getMsg HTTP/1.1" 200 27
180.164.3.199 - - [13/Jun/2023:10:36:45 +0800] "GET /xingrg/all/function/internal_message.html?_=1686623805110&CODE_STATE=getMsg HTTP/1.1" 200 27
180.164.3.199 - - [13/Jun/2023:10:36:46 +0800] "GET /xingrg/check_reg.html?_=1686623806107 HTTP/1.1" 200 22
101.229.22.40 - - [13/Jun/2023:10:36:49 +0800] "GET /xingrg/all/function/internal_message.html?_=1686623809834&CODE_STATE=getMsg HTTP/1.1" 200 27
61.170.233.201 - - [13/Jun/2023:10:36:50 +0800] "POST /xingrg/kc/base/wldb_order_operate.html HTTP/1.1" 200 37
61.170.233.201 - - [13/Jun/2023:10:36:50 +0800] "POST /xingrg/kc/base/wldb_order_operate.html HTTP/1.1" 200 4719
61.170.233.201 - - [13/Jun/2023:10:36:52 +0800] "GET /xingrg/kc/base/wldb_order_info.html?code=422023061301000 HTTP/1.1" 200 30395
61.170.233.201 - - [13/Jun/2023:10:36:52 +0800] "GET /xingrg/javascript/easyui/themes/default/validatebox.css HTTP/1.1" 404 1104
61.170.233.201 - - [13/Jun/2023:10:36:53 +0800] "POST /xingrg/kc/base/wldb_order_operate.html HTTP/1.1" 200 4719
61.170.233.201 - - [13/Jun/2023:10:36:56 +0800] "GET /xingrg/kc/base/wldb_order_add.html HTTP/1.1" 200 30381
61.170.233.201 - - [13/Jun/2023:10:36:56 +0800] "POST /xingrg/kc/base/wldb_order_operate.html HTTP/1.1" 200 6806
61.170.233.201 - - [13/Jun/2023:10:36:56 +0800] "GET /xingrg/javascript/easyui/themes/default/validatebox.css HTTP/1.1" 404 1104
61.170.233.201 - - [13/Jun/2023:10:36:57 +0800] "POST /xingrg/all/common/load_combo.html?type=base HTTP/1.1" 200 3227
116.238.139.35 - - [13/Jun/2023:10:36:58 +0800] "GET /xingrg/kc/buy/cgsh_order_operate.html?command=get_materiel&rest_code=00150&code=00102008153&supplier_code=00100151&order_time=2023-06-13 HTTP/1.1" 200 409
61.170.233.201 - - [13/Jun/2023:10:37:02 +0800] "POST /xingrg/all/common/load_combo.html?type=base HTTP/1.1" 200 3227
114.89.202.110 - - [13/Jun/2023:10:37:07 +0800] "GET /xingrg/all/function/internal_message.html?_=1686623834424&CODE_STATE=getMsg HTTP/1.1" 200 27
222.70.180.90 - - [13/Jun/2023:10:37:08 +0800] "GET /xingrg/all/function/internal_message.html?_=1686623917595&CODE_STATE=getMsg HTTP/1.1" 302 -
222.70.245.26 - - [13/Jun/2023:10:37:09 +0800] "POST /xingrg/kc/buy/cgsh_order_operate.html HTTP/1.1" 200 37
124.79.244.240 - - [13/Jun/2023:10:37:11 +0800] "GET /xingrg/all/function/internal_message.html?_=1686623830798&CODE_STATE=getMsg HTTP/1.1" 200 27
101.83.241.253 - - [13/Jun/2023:10:37:12 +0800] "GET /xingrg/check_reg.html?_=1686623938784 HTTP/1.1" 200 22
222.70.245.26 - - [13/Jun/2023:10:37:16 +0800] "POST /xingrg/kc/buy/cgsh_order_operate.html HTTP/1.1" 200 3833
222.70.180.90 - - [13/Jun/2023:10:37:18 +0800] "GET /xingrg/all/function/internal_message.html?_=1686623837088&CODE_STATE=getMsg HTTP/1.1" 200 27
101.83.145.52 - - [13/Jun/2023:10:37:20 +0800] "GET /xingrg/all/function/internal_message.html?_=1686623839998&CODE_STATE=getMsg HTTP/1.1" 200 27
116.238.139.35 - - [13/Jun/2023:10:37:25 +0800] "GET /xingrg/all/function/internal_message.html?_=1686623844001&CODE_STATE=getMsg HTTP/1.1" 200 27
101.83.241.253 - - [13/Jun/2023:10:37:26 +0800] "GET /xingrg/all/function/internal_message.html?_=1686623952786&CODE_STATE=getMsg HTTP/1.1" 200 27
222.70.245.26 - - [13/Jun/2023:10:37:26 +0800] "GET /xingrg/check_reg.html?_=1686623848403 HTTP/1.1" 200 22
180.163.29.206 - - [13/Jun/2023:10:37:29 +0800] "GET /xingrg/all/function/internal_message.html?_=1686623788521&CODE_STATE=getMsg HTTP/1.1" 302 -
180.163.29.206 - - [13/Jun/2023:10:37:29 +0800] "GET /xingrg/login.html HTTP/1.1" 200 7641
61.170.233.201 - - [13/Jun/2023:10:37:29 +0800] "GET /xingrg/all/function/internal_message.html?_=1686623848500&CODE_STATE=getMsg HTTP/1.1" 200 27
222.70.245.26 - - [13/Jun/2023:10:37:32 +0800] "GET /xingrg/kc/print/load_data.html?order_code=212023061304534&kc_code=cgsh&condition= HTTP/1.1" 200 1197
116.232.195.127 - - [13/Jun/2023:10:37:32 +0800] "GET /xingrg/all/function/internal_message.html?_=1686623867621&CODE_STATE=getMsg HTTP/1.1" 200 27
180.169.147.146 - - [13/Jun/2023:10:37:33 +0800] "GET /xingrg/all/function/internal_message.html?_=1686623852364&CODE_STATE=getMsg HTTP/1.1" 200 27
180.169.147.146 - - [13/Jun/2023:10:37:34 +0800] "GET /xingrg/login.html HTTP/1.1" 200 7641
180.169.147.146 - - [13/Jun/2023:10:37:35 +0800] "GET /favicon.ico HTTP/1.1" 404 -
116.238.139.35 - - [13/Jun/2023:10:37:35 +0800] "GET /xingrg/kc/buy/cgsh_order_operate.html?command=get_materiel&rest_code=00150&code=00102010517&supplier_code=00100151&order_time=2023-06-13 HTTP/1.1" 200 409
172.20.0.100 - - [13/Jun/2023:10:37:36 +0800] "GET /xingrg/all/function/internal_message.html?_=1686623855843&CODE_STATE=getMsg HTTP/1.1" 200 27
61.170.233.201 - - [13/Jun/2023:10:37:38 +0800] "GET /xingrg/all/function/internal_message.html?_=1686623859406&CODE_STATE=getMsg HTTP/1.1" 200 27
222.70.245.26 - - [13/Jun/2023:10:37:39 +0800] "GET /xingrg/kc/buy/cgsh_order_add.html HTTP/1.1" 200 71636
222.70.180.90 - - [13/Jun/2023:10:37:39 +0800] "GET /xingrg/kc/buy/cgsh_order_add.html HTTP/1.1" 200 71592
222.70.245.26 - - [13/Jun/2023:10:37:39 +0800] "POST /xingrg/kc/buy/cgsh_order_operate.html HTTP/1.1" 200 8245
222.70.245.26 - - [13/Jun/2023:10:37:40 +0800] "GET /xingrg/javascript/easyui/themes/default/validatebox.css HTTP/1.1" 404 1104
222.70.180.90 - - [13/Jun/2023:10:37:40 +0800] "POST /xingrg/kc/buy/cgsh_order_operate.html HTTP/1.1" 200 8245
222.70.180.90 - - [13/Jun/2023:10:37:40 +0800] "GET /xingrg/javascript/easyui/themes/default/validatebox.css HTTP/1.1" 404 1104
61.170.233.201 - - [13/Jun/2023:10:37:42 +0800] "GET /xingrg/kc/base/wldb_order_operate.html?command=get_materiel&rest_code=00106&base_code=0010396&code=00101019503 HTTP/1.1" 200 467
114.89.202.110 - - [13/Jun/2023:10:37:42 +0800] "GET /xingrg/all/function/internal_message.html?_=1686623862868&CODE_STATE=getMsg HTTP/1.1" 200 27
114.89.202.110 - - [13/Jun/2023:10:37:42 +0800] "GET /xingrg/check_reg.html?_=1686623862872 HTTP/1.1" 200 22
124.79.244.240 - - [13/Jun/2023:10:37:44 +0800] "GET /xingrg/all/function/internal_message.html?_=1686624145095&CODE_STATE=getMsg HTTP/1.1" 200 27
180.169.147.146 - - [13/Jun/2023:10:37:44 +0800] "GET /xingrg/check_reg.html?_=1686623863119 HTTP/1.1" 200 22
180.169.147.146 - - [13/Jun/2023:10:37:44 +0800] "GET /xingrg/all/function/internal_message.html?_=1686623863116&CODE_STATE=getMsg HTTP/1.1" 200 27
222.70.245.26 - - [13/Jun/2023:10:37:44 +0800] "GET /xingrg/all/function/internal_message.html?_=1686623866265&CODE_STATE=getMsg HTTP/1.1" 200 27
180.164.3.199 - - [13/Jun/2023:10:37:45 +0800] "GET /xingrg/all/function/internal_message.html?_=1686623865102&CODE_STATE=getMsg HTTP/1.1" 200 27
101.229.22.40 - - [13/Jun/2023:10:37:49 +0800] "GET /xingrg/all/function/internal_message.html?_=1686623869834&CODE_STATE=getMsg HTTP/1.1" 200 27
180.169.147.146 - - [13/Jun/2023:10:37:49 +0800] "POST /xingrg/login.do HTTP/1.1" 302 -
180.169.147.146 - - [13/Jun/2023:10:37:50 +0800] "GET /xingrg/index.html?sysBaseUrl=http%3A%2F%2F180.169.147.146%3A18081%2Fxingrg%2F&costTime=892×tamp=1686623869995 HTTP/1.1" 200 17503
180.169.147.146 - - [13/Jun/2023:10:37:50 +0800] "GET /favicon.ico HTTP/1.1" 404 -
180.169.147.146 - - [13/Jun/2023:10:37:50 +0800] "POST /xingrg/all/common/load_tree.html?tree=area_rest_tree_json&manage=1 HTTP/1.1" 200 2106
180.169.147.146 - - [13/Jun/2023:10:37:50 +0800] "GET /xingrg/check_reg.html?_=1686623868835 HTTP/1.1" 200 22
180.169.147.146 - - [13/Jun/2023:10:37:50 +0800] "GET /xingrg/all/function/internal_message.html?_=1686623868835&CODE_STATE=count HTTP/1.1" 200 11
180.169.147.146 - - [13/Jun/2023:10:37:50 +0800] "POST /xingrg/load_menu.html HTTP/1.1" 200 11564
61.170.233.201 - - [13/Jun/2023:10:37:53 +0800] "GET /xingrg/kc/base/wldb_order_operate.html?command=get_materiel&rest_code=00106&base_code=0010396&code=00101019391 HTTP/1.1" 200 485
180.169.147.146 - - [13/Jun/2023:10:37:53 +0800] "POST /xingrg/all/user/operate.html HTTP/1.1" 200 36
180.169.147.146 - - [13/Jun/2023:10:37:53 +0800] "GET /xingrg/javascript/jquery_easy_ui/themes/default/easyui.css HTTP/1.1" 304 -
180.169.147.146 - - [13/Jun/2023:10:37:53 +0800] "GET /xingrg/javascript/jquery_easy_ui/themes/icon.css HTTP/1.1" 304 -
180.169.147.146 - - [13/Jun/2023:10:37:53 +0800] "GET /xingrg/css/form.css HTTP/1.1" 304 -
180.169.147.146 - - [13/Jun/2023:10:37:53 +0800] "GET /xingrg/javascript/jquery-1.4.2.min.js HTTP/1.1" 304 -
180.169.147.146 - - [13/Jun/2023:10:37:53 +0800] "GET /xingrg/index.html?sysBaseUrl=http%3A%2F%2F180.169.147.146%3A18081%2Fxingrg%2F&costTime=892×tamp=1686623869995 HTTP/1.1" 200 17503
180.169.147.146 - - [13/Jun/2023:10:37:53 +0800] "GET /xingrg/javascript/jquery_easy_ui/jquery.easyui.min.js HTTP/1.1" 304 -
180.169.147.146 - - [13/Jun/2023:10:37:53 +0800] "GET /xingrg/javascript/jquery_easy_ui/easyui-lang-zh_CN.js HTTP/1.1" 304 -
180.169.147.146 - - [13/Jun/2023:10:37:53 +0800] "GET /xingrg/javascript/jquery.form.js HTTP/1.1" 304 -
180.169.147.146 - - [13/Jun/2023:10:37:53 +0800] "GET /xingrg/javascript/jquery.utils.js HTTP/1.1" 304 -
180.169.147.146 - - [13/Jun/2023:10:37:53 +0800] "GET /xingrg/javascript/jquery.timers.js HTTP/1.1" 304 -
180.169.147.146 - - [13/Jun/2023:10:37:53 +0800] "GET /xingrg/images/blue/jxLogo.png HTTP/1.1" 304 -
180.169.147.146 - - [13/Jun/2023:10:37:53 +0800] "GET /xingrg/images/blue/navBackgound.jpg HTTP/1.1" 304 -
180.169.147.146 - - [13/Jun/2023:10:37:53 +0800] "GET /xingrg/javascript/jquery_easy_ui/themes/icons/settle_new.png HTTP/1.1" 304 -
180.169.147.146 - - [13/Jun/2023:10:37:53 +0800] "GET /xingrg/all/function/internal_message.html?_=1686623872214&CODE_STATE=count HTTP/1.1" 200 11
180.169.147.146 - - [13/Jun/2023:10:37:53 +0800] "GET /xingrg/javascript/jquery_easy_ui/themes/default/images/tabs_leftarrow.png HTTP/1.1" 304 -
180.169.147.146 - - [13/Jun/2023:10:37:53 +0800] "GET /xingrg/javascript/jquery_easy_ui/themes/default/images/panel_tool_expand.gif HTTP/1.1" 304 -
180.169.147.146 - - [13/Jun/2023:10:37:53 +0800] "GET /xingrg/check_reg.html?_=1686623872215 HTTP/1.1" 200 22
180.169.147.146 - - [13/Jun/2023:10:37:53 +0800] "GET /xingrg/javascript/jquery_easy_ui/themes/default/images/tabs_rightarrow.png HTTP/1.1" 304 -
180.169.147.146 - - [13/Jun/2023:10:37:53 +0800] "GET /xingrg/javascript/jquery_easy_ui/themes/default/images/panel_tool_collapse.gif HTTP/1.1" 304 -
180.169.147.146 - - [13/Jun/2023:10:37:53 +0800] "GET /xingrg/images/blue/pingpu.png HTTP/1.1" 304 -
180.169.147.146 - - [13/Jun/2023:10:37:53 +0800] "POST /xingrg/all/common/load_tree.html?tree=area_rest_tree_json&manage=1 HTTP/1.1" 200 2106
114.85.113.108 - - [13/Jun/2023:10:37:54 +0800] "GET /xingrg/login.html HTTP/1.1" 200 7641
180.169.147.146 - - [13/Jun/2023:10:37:54 +0800] "POST /xingrg/load_menu.html HTTP/1.1" 200 9959
180.169.147.146 - - [13/Jun/2023:10:37:58 +0800] "GET /xingrg/kc/cost/cost_list.html HTTP/1.1" 200 6093
180.169.147.146 - - [13/Jun/2023:10:37:58 +0800] "GET /xingrg/dwr/interface/AjaxReportQueryService.js HTTP/1.1" 200 13203
180.169.147.146 - - [13/Jun/2023:10:37:58 +0800] "GET /xingrg/dwr/util.js HTTP/1.1" 200 35990
180.169.147.146 - - [13/Jun/2023:10:37:58 +0800] "GET /xingrg/dwr/engine.js HTTP/1.1" 200 43631
180.169.147.146 - - [13/Jun/2023:10:37:59 +0800] "GET /xingrg/kc/cost/cost_operate.html?_=1686623877503&command=load_cost_list HTTP/1.1" 200 10547
222.70.245.26 - - [13/Jun/2023:10:38:02 +0800] "GET /xingrg/kc/buy/cgsh_order_operate.html?command=get_materiel&rest_code=00146&code=00101006025&supplier_code=00100012&order_time=2023-06-13 HTTP/1.1" 200 417
114.85.113.108 - - [13/Jun/2023:10:38:06 +0800] "GET /xingrg/images/blue/jxLogo.png HTTP/1.1" 200 6156
114.89.202.110 - - [13/Jun/2023:10:38:07 +0800] "GET /xingrg/all/function/internal_message.html?_=1686623894417&CODE_STATE=getMsg HTTP/1.1" 200 27
222.70.180.90 - - [13/Jun/2023:10:38:07 +0800] "GET /xingrg/kc/buy/cgsh_order_operate.html?command=get_materiel&rest_code=00111&code=00102010702&supplier_code=00100151&order_time=2023-06-13 HTTP/1.1" 200 412
222.70.180.90 - - [13/Jun/2023:10:38:08 +0800] "GET /xingrg/all/function/internal_message.html?_=1686623977572&CODE_STATE=getMsg HTTP/1.1" 302 -
124.79.244.240 - - [13/Jun/2023:10:38:11 +0800] "GET /xingrg/all/function/internal_message.html?_=1686623890812&CODE_STATE=getMsg HTTP/1.1" 200 27
61.170.233.201 - - [13/Jun/2023:10:38:17 +0800] "GET /xingrg/kc/base/wldb_order_operate.html?command=get_materiel&rest_code=00106&base_code=0010396&code=00101019187 HTTP/1.1" 200 479
222.70.245.26 - - [13/Jun/2023:10:38:18 +0800] "GET /xingrg/kc/buy/cgsh_order_operate.html?command=get_materiel&rest_code=00146&code=00101006299&supplier_code=00100012&order_time=2023-06-13 HTTP/1.1" 200 418
222.70.180.90 - - [13/Jun/2023:10:38:18 +0800] "GET /xingrg/all/function/internal_message.html?_=1686623897076&CODE_STATE=getMsg HTTP/1.1" 200 27
101.83.145.52 - - [13/Jun/2023:10:38:20 +0800] "GET /xingrg/all/function/internal_message.html?_=1686623899970&CODE_STATE=getMsg HTTP/1.1" 200 27
116.238.139.35 - - [13/Jun/2023:10:38:25 +0800] "GET /xingrg/all/function/internal_message.html?_=1686623904002&CODE_STATE=getMsg HTTP/1.1" 200 27
116.238.139.35 - - [13/Jun/2023:10:38:25 +0800] "GET /xingrg/check_reg.html?_=1686623904046 HTTP/1.1" 200 22
114.85.113.108 - - [13/Jun/2023:10:38:26 +0800] "GET /xingrg/images/blue/hj.png HTTP/1.1" 200 1014
114.85.113.108 - - [13/Jun/2023:10:38:26 +0800] "GET /xingrg/images/blue/login_bg.png HTTP/1.1" 200 22101
114.85.113.108 - - [13/Jun/2023:10:38:26 +0800] "GET /xingrg/images/blue/srbg.png HTTP/1.1" 200 138
101.83.241.253 - - [13/Jun/2023:10:38:26 +0800] "GET /xingrg/all/function/internal_message.html?_=1686624012762&CODE_STATE=getMsg HTTP/1.1" 200 27
61.170.233.201 - - [13/Jun/2023:10:38:29 +0800] "GET /xingrg/all/function/internal_message.html?_=1686623908486&CODE_STATE=getMsg HTTP/1.1" 200 27
61.170.233.201 - - [13/Jun/2023:10:38:30 +0800] "POST /xingrg/kc/base/wldb_order_operate.html HTTP/1.1" 200 37
61.170.233.201 - - [13/Jun/2023:10:38:31 +0800] "GET /xingrg/kc/base/wldb_order_info.html?code=422023061301001 HTTP/1.1" 200 30395
61.170.233.201 - - [13/Jun/2023:10:38:31 +0800] "POST /xingrg/kc/base/wldb_order_operate.html HTTP/1.1" 200 3238
61.170.233.201 - - [13/Jun/2023:10:38:32 +0800] "GET /xingrg/javascript/easyui/themes/default/validatebox.css HTTP/1.1" 404 1104
114.85.113.108 - - [13/Jun/2023:10:38:32 +0800] "GET /favicon.ico HTTP/1.1" 404 -
116.232.195.127 - - [13/Jun/2023:10:38:32 +0800] "GET /xingrg/all/function/internal_message.html?_=1686623927616&CODE_STATE=getMsg HTTP/1.1" 200 27
116.232.195.127 - - [13/Jun/2023:10:38:32 +0800] "GET /xingrg/check_reg.html?_=1686623927620 HTTP/1.1" 200 22
180.169.147.146 - - [13/Jun/2023:10:38:33 +0800] "GET /xingrg/all/function/internal_message.html?_=1686623912346&CODE_STATE=getMsg HTTP/1.1" 200 27
61.170.233.201 - - [13/Jun/2023:10:38:33 +0800] "POST /xingrg/kc/base/wldb_order_operate.html HTTP/1.1" 200 3238
172.20.0.100 - - [13/Jun/2023:10:38:36 +0800] "GET /xingrg/all/function/internal_message.html?_=1686623915845&CODE_STATE=getMsg HTTP/1.1" 200 27
222.70.245.26 - - [13/Jun/2023:10:38:37 +0800] "GET /xingrg/kc/buy/cgsh_order_operate.html?command=get_materiel&rest_code=00146&code=00101006177&supplier_code=00100012&order_time=2023-06-13 HTTP/1.1" 200 408
61.170.233.201 - - [13/Jun/2023:10:38:39 +0800] "GET /xingrg/kc/base/wldb_order_add.html HTTP/1.1" 200 30381
61.170.233.201 - - [13/Jun/2023:10:38:39 +0800] "POST /xingrg/kc/base/wldb_order_operate.html HTTP/1.1" 200 6806
61.170.233.201 - - [13/Jun/2023:10:38:39 +0800] "GET /xingrg/javascript/easyui/themes/default/validatebox.css HTTP/1.1" 404 1104
61.170.233.201 - - [13/Jun/2023:10:38:41 +0800] "POST /xingrg/all/common/load_combo.html?type=base HTTP/1.1" 200 3227
114.89.202.110 - - [13/Jun/2023:10:38:42 +0800] "GET /xingrg/all/function/internal_message.html?_=1686623922869&CODE_STATE=getMsg HTTP/1.1" 200 27
124.79.244.240 - - [13/Jun/2023:10:38:44 +0800] "GET /xingrg/all/function/internal_message.html?_=1686624205093&CODE_STATE=getMsg HTTP/1.1" 200 27
180.169.147.146 - - [13/Jun/2023:10:38:44 +0800] "GET /xingrg/all/function/internal_message.html?_=1686623923119&CODE_STATE=getMsg HTTP/1.1" 200 27
222.70.245.26 - - [13/Jun/2023:10:38:44 +0800] "GET /xingrg/all/function/internal_message.html?_=1686623926279&CODE_STATE=getMsg HTTP/1.1" 200 27
61.170.233.201 - - [13/Jun/2023:10:38:44 +0800] "POST /xingrg/all/common/load_combo.html?type=base HTTP/1.1" 200 3227
180.164.3.199 - - [13/Jun/2023:10:38:45 +0800] "GET /xingrg/all/function/internal_message.html?_=1686623925077&CODE_STATE=getMsg HTTP/1.1" 200 27
116.238.139.35 - - [13/Jun/2023:10:38:49 +0800] "GET /xingrg/kc/buy/cgsh_order_operate.html?command=get_materiel&rest_code=00150&code=00102010846&supplier_code=00100151&order_time=2023-06-13 HTTP/1.1" 200 413
101.229.22.40 - - [13/Jun/2023:10:38:49 +0800] "GET /xingrg/all/function/internal_message.html?_=1686623929834&CODE_STATE=getMsg HTTP/1.1" 200 27
222.70.245.26 - - [13/Jun/2023:10:38:50 +0800] "GET /xingrg/kc/buy/cgsh_order_operate.html?command=get_materiel&rest_code=00146&code=00101006109&supplier_code=00100012&order_time=2023-06-13 HTTP/1.1" 200 409
180.169.147.146 - - [13/Jun/2023:10:38:53 +0800] "GET /xingrg/all/function/internal_message.html?_=1686623932224&CODE_STATE=getMsg HTTP/1.1" 200 27
180.169.147.146 - - [13/Jun/2023:10:38:57 +0800] "POST /xingrg/kc/cost/cost_operate.html HTTP/1.1" 200 4
61.170.233.201 - - [13/Jun/2023:10:38:59 +0800] "GET /xingrg/kc/base/wldb_order_operate.html?command=get_materiel&rest_code=00106&base_code=0010396&code=00101013225 HTTP/1.1" 200 449
180.169.147.146 - - [13/Jun/2023:10:39:04 +0800] "GET /xingrg/kc/cost/cost_operate.html?_=1686623942543&command=load_cost_list HTTP/1.1" 200 10349
114.89.202.110 - - [13/Jun/2023:10:39:07 +0800] "GET /xingrg/all/function/internal_message.html?_=1686623954424&CODE_STATE=getMsg HTTP/1.1" 200 27
222.70.245.26 - - [13/Jun/2023:10:39:07 +0800] "GET /xingrg/kc/buy/cgsh_order_operate.html?command=get_materiel&rest_code=00146&code=00101006111&supplier_code=00100012&order_time=2023-06-13 HTTP/1.1" 200 409
222.70.180.90 - - [13/Jun/2023:10:39:08 +0800] "GET /xingrg/all/function/internal_message.html?_=1686624037583&CODE_STATE=getMsg HTTP/1.1" 302 -
61.170.233.201 - - [13/Jun/2023:10:39:08 +0800] "POST /xingrg/kc/base/wldb_order_operate.html HTTP/1.1" 200 37
180.169.147.146 - - [13/Jun/2023:10:39:08 +0800] "GET /xingrg/kc/buy/cgsh_order_list.html HTTP/1.1" 200 56109
180.169.147.146 - - [13/Jun/2023:10:39:09 +0800] "GET /xingrg/javascript/easyui/themes/icons/import_new.png HTTP/1.1" 200 1247
61.170.233.201 - - [13/Jun/2023:10:39:09 +0800] "POST /xingrg/kc/base/wldb_order_operate.html HTTP/1.1" 200 2192
124.79.244.240 - - [13/Jun/2023:10:39:11 +0800] "GET /xingrg/all/function/internal_message.html?_=1686623950822&CODE_STATE=getMsg HTTP/1.1" 200 27
124.79.244.240 - - [13/Jun/2023:10:39:11 +0800] "GET /xingrg/check_reg.html?_=1686623950816 HTTP/1.1" 200 22
61.170.233.201 - - [13/Jun/2023:10:39:11 +0800] "GET /xingrg/kc/base/wldb_order_info.html?code=422023061301002 HTTP/1.1" 200 30397
180.169.147.146 - - [13/Jun/2023:10:39:11 +0800] "GET /xingrg/kc/base/check_order_list.html HTTP/1.1" 200 16478
61.170.233.201 - - [13/Jun/2023:10:39:12 +0800] "GET /xingrg/javascript/easyui/themes/default/validatebox.css HTTP/1.1" 404 1104
180.169.147.146 - - [13/Jun/2023:10:39:12 +0800] "POST /xingrg/kc/base/check_list_operate.html HTTP/1.1" 200 781
61.170.233.201 - - [13/Jun/2023:10:39:12 +0800] "POST /xingrg/kc/base/wldb_order_operate.html HTTP/1.1" 200 2192
180.169.147.146 - - [13/Jun/2023:10:39:15 +0800] "POST /xingrg/kc/buy/cgsh_list_operate.html HTTP/1.1" 200 3960
61.170.233.201 - - [13/Jun/2023:10:39:18 +0800] "GET /xingrg/kc/base/base_main.html HTTP/1.1" 200 12142
222.70.180.90 - - [13/Jun/2023:10:39:18 +0800] "GET /xingrg/all/function/internal_message.html?_=1686623957061&CODE_STATE=getMsg HTTP/1.1" 200 27
61.170.233.201 - - [13/Jun/2023:10:39:20 +0800] "GET /xingrg/kc/base/wldb_order_list.html HTTP/1.1" 200 19098
101.83.145.52 - - [13/Jun/2023:10:39:20 +0800] "GET /xingrg/all/function/internal_message.html?_=1686623959937&CODE_STATE=getMsg HTTP/1.1" 200 27
61.170.233.201 - - [13/Jun/2023:10:39:21 +0800] "POST /xingrg/kc/base/wldb_list_operate.html HTTP/1.1" 200 2560
180.169.147.146 - - [13/Jun/2023:10:39:21 +0800] "POST /xingrg/kc/base/check_list_operate.html HTTP/1.1" 200 5340
101.83.145.52 - - [13/Jun/2023:10:39:21 +0800] "GET /xingrg/check_reg.html?_=1686623961466 HTTP/1.1" 200 22
222.70.245.26 - - [13/Jun/2023:10:39:22 +0800] "GET /xingrg/kc/buy/cgsh_order_operate.html?command=get_materiel&rest_code=00146&code=00101006184&supplier_code=00100012&order_time=2023-06-13 HTTP/1.1" 200 408
116.238.139.35 - - [13/Jun/2023:10:39:25 +0800] "GET /xingrg/all/function/internal_message.html?_=1686623963982&CODE_STATE=getMsg HTTP/1.1" 200 27
101.83.241.253 - - [13/Jun/2023:10:39:26 +0800] "GET /xingrg/all/function/internal_message.html?_=1686624072736&CODE_STATE=getMsg HTTP/1.1" 200 27
61.170.233.201 - - [13/Jun/2023:10:39:27 +0800] "GET /xingrg/kc/buy/buy_main.html HTTP/1.1" 200 12412
61.170.233.201 - - [13/Jun/2023:10:39:27 +0800] "GET /xingrg/css/new_ie.css HTTP/1.1" 404 1036
61.170.233.201 - - [13/Jun/2023:10:39:27 +0800] "GET /xingrg/javascript/ToolTips.js HTTP/1.1" 304 -
61.170.233.201 - - [13/Jun/2023:10:39:27 +0800] "GET /xingrg/javascript/jquery_ui/jquery-ui.min.js HTTP/1.1" 304 -
61.170.233.201 - - [13/Jun/2023:10:39:27 +0800] "GET /xingrg/javascript/jquery_ui/themes/humanity/humanity.css HTTP/1.1" 304 -
61.170.233.201 - - [13/Jun/2023:10:39:27 +0800] "GET /xingrg/images/blue/button/cgxqd.gif HTTP/1.1" 304 -
61.170.233.201 - - [13/Jun/2023:10:39:27 +0800] "GET /xingrg/images/blue/button/cgydd.gif HTTP/1.1" 304 -
61.170.233.201 - - [13/Jun/2023:10:39:27 +0800] "GET /xingrg/images/blue/button/cgfkd.gif HTTP/1.1" 304 -
61.170.233.201 - - [13/Jun/2023:10:39:27 +0800] "GET /xingrg/images/blue/button/cgshd.gif HTTP/1.1" 304 -
61.170.233.201 - - [13/Jun/2023:10:39:27 +0800] "GET /xingrg/images/blue/button/ckthd.gif HTTP/1.1" 304 -
61.170.233.201 - - [13/Jun/2023:10:39:27 +0800] "GET /xingrg/images/blue/button/down_ah.jpg HTTP/1.1" 304 -
61.170.233.201 - - [13/Jun/2023:10:39:27 +0800] "GET /xingrg/javascript/jquery_ui/themes/humanity/images/ui-bg_inset-soft_100_f4f0ec_1x100.png HTTP/1.1" 304 -
61.170.233.201 - - [13/Jun/2023:10:39:27 +0800] "GET /xingrg/javascript/jquery_ui/themes/humanity/images/ui-bg_glass_70_ede4d4_1x400.png HTTP/1.1" 304 -
61.170.233.201 - - [13/Jun/2023:10:39:27 +0800] "GET /xingrg/javascript/jquery_ui/themes/humanity/images/ui-icons_c47a23_256x240.png HTTP/1.1" 304 -
61.170.233.201 - - [13/Jun/2023:10:39:27 +0800] "GET /xingrg/javascript/jquery_ui/themes/humanity/images/ui-icons_ffffff_256x240.png HTTP/1.1" 304 -
61.170.233.201 - - [13/Jun/2023:10:39:27 +0800] "GET /xingrg/javascript/jquery_ui/themes/humanity/images/ui-iconsnew.jpg HTTP/1.1" 304 -
61.170.233.201 - - [13/Jun/2023:10:39:29 +0800] "GET /xingrg/images/yd/bt.gif HTTP/1.1" 404 1040
61.170.233.201 - - [13/Jun/2023:10:39:29 +0800] "GET /xingrg/all/function/internal_message.html?_=1686623968458&CODE_STATE=getMsg HTTP/1.1" 200 27
61.170.233.201 - - [13/Jun/2023:10:39:30 +0800] "GET /xingrg/kc/buy/cgsh_order_list.html HTTP/1.1" 200 55854
116.232.195.127 - - [13/Jun/2023:10:39:32 +0800] "GET /xingrg/all/function/internal_message.html?_=1686623987625&CODE_STATE=getMsg HTTP/1.1" 200 27
180.169.147.146 - - [13/Jun/2023:10:39:33 +0800] "GET /xingrg/all/function/internal_message.html?_=1686623972317&CODE_STATE=getMsg HTTP/1.1" 200 27
61.170.233.201 - - [13/Jun/2023:10:39:35 +0800] "POST /xingrg/kc/buy/cgsh_list_operate.html HTTP/1.1" 200 2285
172.20.0.100 - - [13/Jun/2023:10:39:36 +0800] "GET /xingrg/all/function/internal_message.html?_=1686623975847&CODE_STATE=getMsg HTTP/1.1" 200 27
61.170.233.201 - - [13/Jun/2023:10:39:38 +0800] "GET /xingrg/all/function/internal_message.html?_=1686623979421&CODE_STATE=getMsg HTTP/1.1" 200 27
61.170.233.201 - - [13/Jun/2023:10:39:38 +0800] "GET /xingrg/kc/base/base_main.html HTTP/1.1" 200 12142
114.89.202.110 - - [13/Jun/2023:10:39:42 +0800] "GET /xingrg/all/function/internal_message.html?_=1686623982875&CODE_STATE=getMsg HTTP/1.1" 200 27
222.70.245.26 - - [13/Jun/2023:10:39:43 +0800] "POST /xingrg/kc/buy/cgsh_order_operate.html HTTP/1.1" 200 37
124.79.244.240 - - [13/Jun/2023:10:39:44 +0800] "GET /xingrg/all/function/internal_message.html?_=1686624265107&CODE_STATE=getMsg HTTP/1.1" 200 27
180.169.147.146 - - [13/Jun/2023:10:39:44 +0800] "GET /xingrg/all/function/internal_message.html?_=1686623983111&CODE_STATE=getMsg HTTP/1.1" 200 27
180.164.3.199 - - [13/Jun/2023:10:39:45 +0800] "GET /xingrg/all/function/internal_message.html?_=1686623985058&CODE_STATE=getMsg HTTP/1.1" 200 27
101.229.22.40 - - [13/Jun/2023:10:39:49 +0800] "GET /xingrg/check_reg.html?_=1686623989834 HTTP/1.1" 200 22
101.229.22.40 - - [13/Jun/2023:10:39:49 +0800] "GET /xingrg/all/function/internal_message.html?_=1686623989837&CODE_STATE=getMsg HTTP/1.1" 200 27
222.70.245.26 - - [13/Jun/2023:10:39:50 +0800] "POST /xingrg/kc/buy/cgsh_order_operate.html HTTP/1.1" 200 5615
116.238.139.35 - - [13/Jun/2023:10:39:50 +0800] "GET /xingrg/kc/buy/cgsh_order_operate.html?command=get_materiel&rest_code=00150&code=00102011220&supplier_code=00100151&order_time=2023-06-13 HTTP/1.1" 200 411
222.70.245.26 - - [13/Jun/2023:10:39:53 +0800] "GET /xingrg/all/function/internal_message.html?_=1686623995326&CODE_STATE=getMsg HTTP/1.1" 200 27
180.169.147.146 - - [13/Jun/2023:10:39:53 +0800] "GET /xingrg/all/function/internal_message.html?_=1686623992235&CODE_STATE=getMsg HTTP/1.1" 200 27
222.70.245.26 - - [13/Jun/2023:10:39:55 +0800] "GET /xingrg/kc/print/load_data.html?order_code=212023061304535&kc_code=cgsh&condition= HTTP/1.1" 200 1891
222.70.245.26 - - [13/Jun/2023:10:40:02 +0800] "GET /xingrg/kc/buy/cgsh_order_add.html HTTP/1.1" 200 71636
222.70.245.26 - - [13/Jun/2023:10:40:03 +0800] "POST /xingrg/kc/buy/cgsh_order_operate.html HTTP/1.1" 200 8245
222.70.245.26 - - [13/Jun/2023:10:40:03 +0800] "GET /xingrg/javascript/easyui/themes/default/validatebox.css HTTP/1.1" 404 1104
114.89.202.110 - - [13/Jun/2023:10:40:06 +0800] "GET /xingrg/check_reg.html?_=1686624014413 HTTP/1.1" 200 22
114.89.202.110 - - [13/Jun/2023:10:40:06 +0800] "GET /xingrg/all/function/internal_message.html?_=1686624014415&CODE_STATE=getMsg HTTP/1.1" 200 27
222.70.180.90 - - [13/Jun/2023:10:40:08 +0800] "GET /xingrg/all/function/internal_message.html?_=1686624097580&CODE_STATE=getMsg HTTP/1.1" 302 -
124.79.244.240 - - [13/Jun/2023:10:40:11 +0800] "GET /xingrg/all/function/internal_message.html?_=1686624010811&CODE_STATE=getMsg HTTP/1.1" 200 27
222.70.180.90 - - [13/Jun/2023:10:40:18 +0800] "GET /xingrg/all/function/internal_message.html?_=1686624017029&CODE_STATE=getMsg HTTP/1.1" 200 27
222.70.180.90 - - [13/Jun/2023:10:40:19 +0800] "GET /xingrg/check_reg.html?_=1686624018031 HTTP/1.1" 200 22
101.83.145.52 - - [13/Jun/2023:10:40:20 +0800] "GET /xingrg/all/function/internal_message.html?_=1686624019914&CODE_STATE=getMsg HTTP/1.1" 200 27
116.238.139.35 - - [13/Jun/2023:10:40:25 +0800] "GET /xingrg/all/function/internal_message.html?_=1686624023967&CODE_STATE=getMsg HTTP/1.1" 200 27
101.83.241.253 - - [13/Jun/2023:10:40:26 +0800] "GET /xingrg/all/function/internal_message.html?_=1686624132735&CODE_STATE=getMsg HTTP/1.1" 200 27
222.70.245.26 - - [13/Jun/2023:10:40:26 +0800] "GET /xingrg/kc/buy/cgsh_order_operate.html?command=get_materiel&rest_code=00146&code=00101002007&supplier_code=00100199&order_time=2023-06-13 HTTP/1.1" 200 411
116.238.139.35 - - [13/Jun/2023:10:40:28 +0800] "GET /xingrg/kc/buy/cgsh_order_operate.html?command=get_materiel&rest_code=00150&code=00102002981&supplier_code=00100151&order_time=2023-06-13 HTTP/1.1" 200 420
180.163.29.79 - - [13/Jun/2023:10:40:29 +0800] "GET /xingrg/all/function/internal_message.html?_=1686623968458&CODE_STATE=getMsg HTTP/1.1" 302 -
180.163.29.79 - - [13/Jun/2023:10:40:29 +0800] "GET /xingrg/login.html HTTP/1.1" 200 7641
61.170.233.201 - - [13/Jun/2023:10:40:29 +0800] "GET /xingrg/all/function/internal_message.html?_=1686624028428&CODE_STATE=getMsg HTTP/1.1" 200 27
61.170.233.201 - - [13/Jun/2023:10:40:31 +0800] "GET /xingrg/kc/report/report_main.html HTTP/1.1" 200 7340
61.170.233.201 - - [13/Jun/2023:10:40:31 +0800] "GET /xingrg/javascript/jquery_easy_ui/themes/icons/back_new.png HTTP/1.1" 200 3414
61.170.233.201 - - [13/Jun/2023:10:40:31 +0800] "GET /xingrg/check_reg.html?_=1686624030062 HTTP/1.1" 200 22
116.232.195.127 - - [13/Jun/2023:10:40:32 +0800] "GET /xingrg/all/function/internal_message.html?_=1686624047618&CODE_STATE=getMsg HTTP/1.1" 200 27
61.170.233.201 - - [13/Jun/2023:10:40:33 +0800] "GET /xingrg/all/report/report_query.html?fileName=kc/buy/gys_amount.xml&rh=99999 HTTP/1.1" 200 52006
180.169.147.146 - - [13/Jun/2023:10:40:33 +0800] "GET /xingrg/all/function/internal_message.html?_=1686624032301&CODE_STATE=getMsg HTTP/1.1" 200 27
61.170.233.201 - - [13/Jun/2023:10:40:33 +0800] "GET /xingrg/javascript/multi_select/jqueryMultiSelect.css HTTP/1.1" 200 951
61.170.233.201 - - [13/Jun/2023:10:40:33 +0800] "GET /xingrg/javascript/bigrid/fix.css HTTP/1.1" 200 1702
61.170.233.201 - - [13/Jun/2023:10:40:33 +0800] "GET /xingrg/dwr/util.js HTTP/1.1" 200 35990
61.170.233.201 - - [13/Jun/2023:10:40:33 +0800] "GET /xingrg/dwr/interface/AjaxReportQueryService.js HTTP/1.1" 200 13203
61.170.233.201 - - [13/Jun/2023:10:40:33 +0800] "GET /xingrg/javascript/calendar/timePicker.css HTTP/1.1" 200 523
61.170.233.201 - - [13/Jun/2023:10:40:33 +0800] "GET /xingrg/javascript/calendar/jquery.timePicker.min.js HTTP/1.1" 200 2997
61.170.233.201 - - [13/Jun/2023:10:40:33 +0800] "GET /xingrg/javascript/jqueryMultiSelect.js HTTP/1.1" 200 11866
61.170.233.201 - - [13/Jun/2023:10:40:33 +0800] "GET /xingrg/javascript/bigrid/fix.js HTTP/1.1" 200 6439
61.170.233.201 - - [13/Jun/2023:10:40:33 +0800] "GET /xingrg/javascript/Calendar.js HTTP/1.1" 200 31561
61.170.233.201 - - [13/Jun/2023:10:40:33 +0800] "GET /xingrg/dwr/engine.js HTTP/1.1" 200 43631
61.170.233.201 - - [13/Jun/2023:10:40:33 +0800] "GET /xingrg/images/control/loading.gif HTTP/1.1" 200 13463
61.170.233.201 - - [13/Jun/2023:10:40:33 +0800] "GET /xingrg/images/blue/button/advanceover.gif HTTP/1.1" 200 1347
61.170.233.201 - - [13/Jun/2023:10:40:33 +0800] "GET /xingrg/images/blue/button/backover.gif HTTP/1.1" 200 1348
61.170.233.201 - - [13/Jun/2023:10:40:33 +0800] "GET /xingrg/images/blue/button/back2over.gif HTTP/1.1" 200 1335
61.170.233.201 - - [13/Jun/2023:10:40:33 +0800] "GET /xingrg/images/blue/button/advance2over.gif HTTP/1.1" 200 1336
61.170.233.201 - - [13/Jun/2023:10:40:33 +0800] "GET /xingrg/javascript/jquery_easy_ui/themes/icons/help.png HTTP/1.1" 200 1187
61.170.233.201 - - [13/Jun/2023:10:40:33 +0800] "GET /xingrg/javascript/jquery_easy_ui/themes/icons/print.png HTTP/1.1" 200 1057
61.170.233.201 - - [13/Jun/2023:10:40:33 +0800] "GET /xingrg/javascript/jquery_easy_ui/themes/default/images/button_a_bg.gif HTTP/1.1" 200 1194
61.170.233.201 - - [13/Jun/2023:10:40:33 +0800] "GET /xingrg/javascript/jquery_easy_ui/themes/default/images/menu_downarrow.png HTTP/1.1" 200 173
61.170.233.201 - - [13/Jun/2023:10:40:33 +0800] "GET /xingrg/javascript/jquery_easy_ui/themes/default/images/menu.gif HTTP/1.1" 200 834
61.170.233.201 - - [13/Jun/2023:10:40:33 +0800] "GET /xingrg/javascript/jquery_easy_ui/themes/default/images/menu_rightarrow.png HTTP/1.1" 200 3617
61.170.233.201 - - [13/Jun/2023:10:40:33 +0800] "GET /xingrg/javascript/jquery_easy_ui/themes/icons/pencil.png HTTP/1.1" 200 713
61.170.233.201 - - [13/Jun/2023:10:40:33 +0800] "POST /xingrg/dwr/call/plaincall/AjaxReportQueryService.getFixDate.dwr HTTP/1.1" 200 111
61.170.233.201 - - [13/Jun/2023:10:40:33 +0800] "GET /xingrg/javascript/jquery_easy_ui/themes/default/images/combo_arrow_dot.gif HTTP/1.1" 200 79
61.170.233.201 - - [13/Jun/2023:10:40:34 +0800] "POST /xingrg/dwr/call/plaincall/AjaxReportQueryService.getInitString.dwr HTTP/1.1" 200 1023
61.170.233.201 - - [13/Jun/2023:10:40:34 +0800] "POST /xingrg/all/common/load_tree.html?tree=materiel_sort_tree_json HTTP/1.1" 200 9500
61.170.233.201 - - [13/Jun/2023:10:40:34 +0800] "POST /xingrg/all/common/load_tree.html?tree=supplier_tree_json&manage=1 HTTP/1.1" 200 76485
61.170.233.201 - - [13/Jun/2023:10:40:34 +0800] "GET /xingrg/javascript/multi_select/dropdown.gif HTTP/1.1" 200 61
61.170.233.201 - - [13/Jun/2023:10:40:34 +0800] "GET /xingrg/javascript/jquery_easy_ui/themes/default/images/tree_checkbox_0.gif HTTP/1.1" 200 168
180.169.147.146 - - [13/Jun/2023:10:40:35 +0800] "POST /xingrg/kc/base/check_list_operate.html HTTP/1.1" 200 4
222.67.234.146 - - [13/Jun/2023:10:40:36 +0800] "GET /xingrg/check_reg.html?_=1686623534355 HTTP/1.1" 302 -
222.67.234.146 - - [13/Jun/2023:10:40:36 +0800] "GET /xingrg/login.html HTTP/1.1" 200 7641
172.20.0.100 - - [13/Jun/2023:10:40:36 +0800] "GET /xingrg/all/function/internal_message.html?_=1686624035850&CODE_STATE=getMsg HTTP/1.1" 200 27
172.20.0.100 - - [13/Jun/2023:10:40:36 +0800] "GET /xingrg/check_reg.html?_=1686624035853 HTTP/1.1" 200 22
180.169.147.146 - - [13/Jun/2023:10:40:37 +0800] "POST /xingrg/kc/base/check_list_operate.html HTTP/1.1" 200 5140
61.170.233.201 - - [13/Jun/2023:10:40:38 +0800] "GET /xingrg/all/function/internal_message.html?_=1686624039393&CODE_STATE=getMsg HTTP/1.1" 200 27
180.169.147.146 - - [13/Jun/2023:10:40:40 +0800] "POST /xingrg/kc/base/check_list_operate.html HTTP/1.1" 200 3777
222.70.180.90 - - [13/Jun/2023:10:40:42 +0800] "GET /xingrg/kc/buy/cgsh_order_operate.html?command=get_materiel&rest_code=00111&code=00102010138&supplier_code=00100151&order_time=2023-06-13 HTTP/1.1" 200 413
114.89.202.110 - - [13/Jun/2023:10:40:42 +0800] "GET /xingrg/all/function/internal_message.html?_=1686624042863&CODE_STATE=getMsg HTTP/1.1" 200 27
180.169.147.146 - - [13/Jun/2023:10:40:44 +0800] "GET /xingrg/all/function/internal_message.html?_=1686624043112&CODE_STATE=getMsg HTTP/1.1" 200 27
124.79.244.240 - - [13/Jun/2023:10:40:44 +0800] "GET /xingrg/check_reg.html?_=1686624325106 HTTP/1.1" 200 22
124.79.244.240 - - [13/Jun/2023:10:40:44 +0800] "GET /xingrg/all/function/internal_message.html?_=1686624325109&CODE_STATE=getMsg HTTP/1.1" 200 27
180.164.3.199 - - [13/Jun/2023:10:40:45 +0800] "GET /xingrg/all/function/internal_message.html?_=1686624045045&CODE_STATE=getMsg HTTP/1.1" 200 27
180.169.147.146 - - [13/Jun/2023:10:40:47 +0800] "GET /xingrg/check_reg.html?_=1686624045881 HTTP/1.1" 200 22
101.229.22.40 - - [13/Jun/2023:10:40:49 +0800] "GET /xingrg/all/function/internal_message.html?_=1686624049836&CODE_STATE=getMsg HTTP/1.1" 200 27
222.70.245.26 - - [13/Jun/2023:10:40:50 +0800] "GET /xingrg/kc/buy/cgsh_order_operate.html?command=get_materiel&rest_code=00146&code=00101002006&supplier_code=00100199&order_time=2023-06-13 HTTP/1.1" 200 416
61.170.233.201 - - [13/Jun/2023:10:40:51 +0800] "GET /xingrg/javascript/jquery_easy_ui/themes/default/images/tree_checkbox_1.gif HTTP/1.1" 200 174
61.170.233.201 - - [13/Jun/2023:10:40:51 +0800] "GET /xingrg/javascript/jquery_easy_ui/themes/default/images/tree_checkbox_2.gif HTTP/1.1" 200 181
61.170.233.201 - - [13/Jun/2023:10:40:53 +0800] "POST /xingrg/dwr/call/plaincall/AjaxReportQueryService.refreshCache.dwr HTTP/1.1" 200 78
222.70.245.26 - - [13/Jun/2023:10:40:53 +0800] "GET /xingrg/all/function/internal_message.html?_=1686624055338&CODE_STATE=getMsg HTTP/1.1" 200 27
180.169.147.146 - - [13/Jun/2023:10:40:53 +0800] "GET /xingrg/all/function/internal_message.html?_=1686624052224&CODE_STATE=getMsg HTTP/1.1" 200 27
61.170.233.201 - - [13/Jun/2023:10:40:55 +0800] "POST /xingrg/all/report/load_report_page.html HTTP/1.1" 200 8912
