114.89.202.110 - - [13/Jun/2023:09:39:43 +0800] "GET /xingrg/javascript/easyui/themes/default/validatebox.css HTTP/1.1" 404 1104
114.89.202.110 - - [13/Jun/2023:09:39:43 +0800] "GET /xingrg/javascript/easyui/plugins/jquery.validatebox.js HTTP/1.1" 200 6103
114.89.202.110 - - [13/Jun/2023:09:39:43 +0800] "GET /xingrg/javascript/easyui/plugins/jquery.numberbox.js HTTP/1.1" 200 5213
114.89.202.110 - - [13/Jun/2023:09:39:44 +0800] "POST /xingrg/kc/buy/cgsh_order_operate.html HTTP/1.1" 200 2384
124.79.244.240 - - [13/Jun/2023:09:39:44 +0800] "GET /xingrg/all/function/internal_message.html?_=1686620665054&CODE_STATE=getMsg HTTP/1.1" 200 27
180.169.147.146 - - [13/Jun/2023:09:39:44 +0800] "GET /xingrg/all/function/internal_message.html?_=1686620383008&CODE_STATE=getMsg HTTP/1.1" 200 27
180.164.3.199 - - [13/Jun/2023:09:39:46 +0800] "GET /xingrg/all/function/internal_message.html?_=1686620386064&CODE_STATE=getMsg HTTP/1.1" 200 27
114.89.202.110 - - [13/Jun/2023:09:39:54 +0800] "GET /xingrg/kc/print/load_config.html?kc_code=cgsh HTTP/1.1" 200 1924
114.89.202.110 - - [13/Jun/2023:09:39:55 +0800] "GET /xingrg/kc/print/load_data.html?order_code=212023061304515&kc_code=cgsh&condition= HTTP/1.1" 200 1338
114.89.202.110 - - [13/Jun/2023:09:40:00 +0800] "GET /xingrg/kc/buy/cgsh_order_add.html HTTP/1.1" 200 71671
114.89.202.110 - - [13/Jun/2023:09:40:00 +0800] "POST /xingrg/kc/buy/cgsh_order_operate.html HTTP/1.1" 200 8245
114.89.202.110 - - [13/Jun/2023:09:40:00 +0800] "GET /xingrg/javascript/easyui/themes/default/validatebox.css HTTP/1.1" 404 1104
114.89.202.110 - - [13/Jun/2023:09:40:00 +0800] "GET /xingrg/all/common/auto_word.html?type=employee&rest_code=00102 HTTP/1.1" 200 189
114.89.202.110 - - [13/Jun/2023:09:40:00 +0800] "GET /xingrg/all/common/auto_word.html?type=employee&rest_code=00102 HTTP/1.1" 200 189
114.89.202.110 - - [13/Jun/2023:09:40:00 +0800] "GET /xingrg/javascript/easyui/plugins/jquery.draggable.js HTTP/1.1" 200 6121
114.89.202.110 - - [13/Jun/2023:09:40:01 +0800] "GET /xingrg/javascript/easyui/plugins/jquery.droppable.js HTTP/1.1" 200 1167
114.89.202.110 - - [13/Jun/2023:09:40:01 +0800] "GET /xingrg/css/images/panel_loading.gif HTTP/1.1" 200 1737
114.89.202.110 - - [13/Jun/2023:09:40:01 +0800] "GET /xingrg/javascript/easyui/themes/default/tree.css HTTP/1.1" 404 1090
114.89.202.110 - - [13/Jun/2023:09:40:01 +0800] "GET /xingrg/javascript/easyui/plugins/jquery.tree.js HTTP/1.1" 200 20874
114.89.202.110 - - [13/Jun/2023:09:40:01 +0800] "POST /xingrg/all/common/load_tree.html?tree=supplier_tree_json&isDelete=1 HTTP/1.1" 200 74560
114.89.202.110 - - [13/Jun/2023:09:40:02 +0800] "GET /xingrg/javascript/easyui/themes/default/images/tree_file.gif HTTP/1.1" 200 118
114.89.202.110 - - [13/Jun/2023:09:40:02 +0800] "GET /xingrg/javascript/easyui/themes/default/images/tree_folder.gif HTTP/1.1" 200 952
114.89.202.110 - - [13/Jun/2023:09:40:02 +0800] "GET /xingrg/javascript/easyui/themes/default/images/tree_arrows.gif HTTP/1.1" 200 617
114.89.202.110 - - [13/Jun/2023:09:40:02 +0800] "GET /xingrg/javascript/easyui/themes/default/images/tree_folder_open.gif HTTP/1.1" 200 956
116.238.139.35 - - [13/Jun/2023:09:40:05 +0800] "GET /xingrg/all/function/internal_message.html?_=1686620297181&CODE_STATE=getMsg HTTP/1.1" 200 27
124.79.244.240 - - [13/Jun/2023:09:40:09 +0800] "GET /xingrg/all/function/internal_message.html?_=1686620408888&CODE_STATE=getMsg HTTP/1.1" 200 27
222.70.180.90 - - [13/Jun/2023:09:40:19 +0800] "GET /xingrg/all/function/internal_message.html?_=1686620417961&CODE_STATE=getMsg HTTP/1.1" 200 27
222.70.180.90 - - [13/Jun/2023:09:40:19 +0800] "GET /xingrg/check_reg.html?_=1686620417995 HTTP/1.1" 200 22
101.83.145.52 - - [13/Jun/2023:09:40:21 +0800] "GET /xingrg/all/function/internal_message.html?_=1686620421165&CODE_STATE=getMsg HTTP/1.1" 200 27
101.83.241.120 - - [13/Jun/2023:09:40:21 +0800] "GET /xingrg/all/function/internal_message.html?_=1686620419844&CODE_STATE=getMsg HTTP/1.1" 200 27
180.169.147.146 - - [13/Jun/2023:09:40:21 +0800] "GET /xingrg/all/function/internal_message.html?_=1686620421808&CODE_STATE=getMsg HTTP/1.1" 200 27
101.83.241.120 - - [13/Jun/2023:09:40:22 +0800] "GET /xingrg/check_reg.html?_=1686620420099 HTTP/1.1" 200 22
180.163.30.76 - - [13/Jun/2023:09:40:22 +0800] "GET /xingrg/check_reg.html?_=1686620361814 HTTP/1.1" 302 -
180.163.30.76 - - [13/Jun/2023:09:40:22 +0800] "GET /xingrg/login.html HTTP/1.1" 200 7641
114.89.202.110 - - [13/Jun/2023:09:40:22 +0800] "GET /xingrg/kc/buy/cgsh_order_operate.html?command=get_materiel&rest_code=00102&code=00101002027&supplier_code=00100400&order_time=2023-06-13 HTTP/1.1" 200 413
116.238.139.35 - - [13/Jun/2023:09:40:26 +0800] "GET /xingrg/all/function/internal_message.html?_=1686620425388&CODE_STATE=getMsg HTTP/1.1" 200 27
101.83.241.253 - - [13/Jun/2023:09:40:27 +0800] "GET /xingrg/all/function/internal_message.html?_=1686620533657&CODE_STATE=getMsg HTTP/1.1" 200 27
61.170.233.201 - - [13/Jun/2023:09:40:30 +0800] "GET /xingrg/all/function/internal_message.html?_=1686620429801&CODE_STATE=getMsg HTTP/1.1" 200 27
61.170.233.201 - - [13/Jun/2023:09:40:31 +0800] "GET /xingrg/check_reg.html?_=1686620430197 HTTP/1.1" 200 22
116.232.195.127 - - [13/Jun/2023:09:40:32 +0800] "GET /xingrg/all/function/internal_message.html?_=1686620447629&CODE_STATE=getMsg HTTP/1.1" 200 27
114.89.202.110 - - [13/Jun/2023:09:40:37 +0800] "GET /xingrg/kc/buy/cgsh_order_operate.html?command=get_materiel&rest_code=00102&code=00101004030&supplier_code=00100400&order_time=2023-06-13 HTTP/1.1" 200 408
114.89.202.110 - - [13/Jun/2023:09:40:42 +0800] "GET /xingrg/all/function/internal_message.html?_=1686620442870&CODE_STATE=getMsg HTTP/1.1" 200 27
222.70.245.26 - - [13/Jun/2023:09:40:42 +0800] "GET /xingrg/all/function/internal_message.html?_=1686620444135&CODE_STATE=getMsg HTTP/1.1" 200 27
124.79.244.240 - - [13/Jun/2023:09:40:44 +0800] "GET /xingrg/all/function/internal_message.html?_=1686620725053&CODE_STATE=getMsg HTTP/1.1" 200 27
124.79.244.240 - - [13/Jun/2023:09:40:44 +0800] "GET /xingrg/check_reg.html?_=1686620725054 HTTP/1.1" 200 22
180.169.147.146 - - [13/Jun/2023:09:40:44 +0800] "GET /xingrg/all/function/internal_message.html?_=1686620443167&CODE_STATE=getMsg HTTP/1.1" 200 27
180.164.3.199 - - [13/Jun/2023:09:40:46 +0800] "GET /xingrg/all/function/internal_message.html?_=1686620446046&CODE_STATE=getMsg HTTP/1.1" 200 27
180.169.147.146 - - [13/Jun/2023:09:40:47 +0800] "GET /xingrg/check_reg.html?_=1686620446075 HTTP/1.1" 302 -
114.89.202.110 - - [13/Jun/2023:09:40:48 +0800] "GET /xingrg/kc/buy/cgsh_order_operate.html?command=get_materiel&rest_code=00102&code=00101001060&supplier_code=00100400&order_time=2023-06-13 HTTP/1.1" 200 421
116.238.139.35 - - [13/Jun/2023:09:41:05 +0800] "GET /xingrg/all/function/internal_message.html?_=1686620357195&CODE_STATE=getMsg HTTP/1.1" 200 27
180.164.3.199 - - [13/Jun/2023:09:41:06 +0800] "GET /xingrg/kc/buy/cgsh_order_add.html HTTP/1.1" 200 71728
180.164.3.199 - - [13/Jun/2023:09:41:07 +0800] "POST /xingrg/kc/buy/cgsh_order_operate.html HTTP/1.1" 200 8245
180.164.3.199 - - [13/Jun/2023:09:41:07 +0800] "GET /xingrg/javascript/easyui/themes/default/validatebox.css HTTP/1.1" 404 1104
114.89.202.110 - - [13/Jun/2023:09:41:08 +0800] "POST /xingrg/kc/buy/cgsh_order_operate.html HTTP/1.1" 200 37
124.79.244.240 - - [13/Jun/2023:09:41:09 +0800] "GET /xingrg/all/function/internal_message.html?_=1686620468876&CODE_STATE=getMsg HTTP/1.1" 200 27
180.164.3.199 - - [13/Jun/2023:09:41:13 +0800] "GET /xingrg/javascript/jquery_tools/images/prev.gif HTTP/1.1" 404 1086
180.164.3.199 - - [13/Jun/2023:09:41:13 +0800] "GET /xingrg/javascript/jquery_tools/images/next.gif HTTP/1.1" 404 1086
222.70.180.90 - - [13/Jun/2023:09:41:19 +0800] "GET /xingrg/all/function/internal_message.html?_=1686620477963&CODE_STATE=getMsg HTTP/1.1" 200 27
180.163.28.180 - - [13/Jun/2023:09:41:21 +0800] "GET /xingrg/all/function/internal_message.html?_=1686620421808&CODE_STATE=getMsg HTTP/1.1" 302 -
180.163.28.180 - - [13/Jun/2023:09:41:21 +0800] "GET /xingrg/login.html HTTP/1.1" 200 7641
101.83.145.52 - - [13/Jun/2023:09:41:21 +0800] "GET /xingrg/all/function/internal_message.html?_=1686620481140&CODE_STATE=getMsg HTTP/1.1" 200 27
101.83.241.120 - - [13/Jun/2023:09:41:21 +0800] "GET /xingrg/all/function/internal_message.html?_=1686620479823&CODE_STATE=getMsg HTTP/1.1" 200 27
180.169.147.146 - - [13/Jun/2023:09:41:21 +0800] "GET /xingrg/all/function/internal_message.html?_=1686620481798&CODE_STATE=getMsg HTTP/1.1" 200 27
180.164.3.199 - - [13/Jun/2023:09:41:23 +0800] "GET /xingrg/kc/buy/cgsh_order_operate.html?command=get_materiel&rest_code=00108&code=00101009113&supplier_code=00100593&order_time=2023-06-13 HTTP/1.1" 200 413
114.89.202.110 - - [13/Jun/2023:09:41:24 +0800] "POST /xingrg/kc/buy/cgsh_order_operate.html HTTP/1.1" 200 12
114.89.202.110 - - [13/Jun/2023:09:41:26 +0800] "GET /xingrg/kc/buy/cgsh_order_info.html?code=212023061304516 HTTP/1.1" 200 66576
116.238.139.35 - - [13/Jun/2023:09:41:26 +0800] "GET /xingrg/all/function/internal_message.html?_=1686620485385&CODE_STATE=getMsg HTTP/1.1" 200 27
114.89.202.110 - - [13/Jun/2023:09:41:27 +0800] "GET /xingrg/javascript/easyui/themes/default/validatebox.css HTTP/1.1" 404 1104
101.83.241.253 - - [13/Jun/2023:09:41:27 +0800] "GET /xingrg/all/function/internal_message.html?_=1686620593631&CODE_STATE=getMsg HTTP/1.1" 200 27
114.89.202.110 - - [13/Jun/2023:09:41:28 +0800] "POST /xingrg/kc/buy/cgsh_order_operate.html HTTP/1.1" 200 1799
114.89.202.110 - - [13/Jun/2023:09:41:30 +0800] "GET /xingrg/kc/print/load_data.html?order_code=212023061304516&kc_code=cgsh&condition= HTTP/1.1" 200 1133
61.170.233.201 - - [13/Jun/2023:09:41:30 +0800] "GET /xingrg/all/function/internal_message.html?_=1686620489777&CODE_STATE=getMsg HTTP/1.1" 200 27
61.151.231.107 - - [13/Jun/2023:09:41:31 +0800] "GET /xingrg/check_reg.html?_=1686620430197 HTTP/1.1" 302 -
61.151.231.107 - - [13/Jun/2023:09:41:31 +0800] "GET /xingrg/login.html HTTP/1.1" 200 7641
116.232.195.127 - - [13/Jun/2023:09:41:32 +0800] "GET /xingrg/all/function/internal_message.html?_=1686620507628&CODE_STATE=getMsg HTTP/1.1" 200 27
114.89.202.110 - - [13/Jun/2023:09:41:34 +0800] "GET /xingrg/kc/buy/cgsh_order_add.html HTTP/1.1" 200 71671
114.89.202.110 - - [13/Jun/2023:09:41:35 +0800] "POST /xingrg/kc/buy/cgsh_order_operate.html HTTP/1.1" 200 8245
114.89.202.110 - - [13/Jun/2023:09:41:35 +0800] "GET /xingrg/javascript/easyui/themes/default/validatebox.css HTTP/1.1" 404 1104
114.89.202.110 - - [13/Jun/2023:09:41:35 +0800] "GET /xingrg/javascript/easyui/themes/default/tree.css HTTP/1.1" 404 1090
114.89.202.110 - - [13/Jun/2023:09:41:36 +0800] "POST /xingrg/all/common/load_tree.html?tree=supplier_tree_json&isDelete=1 HTTP/1.1" 200 74560
180.164.3.199 - - [13/Jun/2023:09:41:38 +0800] "GET /xingrg/kc/buy/cgsh_order_operate.html?command=get_materiel&rest_code=00108&code=00101015022&supplier_code=00100593&order_time=2023-06-13 HTTP/1.1" 200 409
114.89.202.110 - - [13/Jun/2023:09:41:42 +0800] "GET /xingrg/all/function/internal_message.html?_=1686620502871&CODE_STATE=getMsg HTTP/1.1" 200 27
222.70.245.26 - - [13/Jun/2023:09:41:42 +0800] "GET /xingrg/all/function/internal_message.html?_=1686620504228&CODE_STATE=getMsg HTTP/1.1" 200 27
124.79.244.240 - - [13/Jun/2023:09:41:44 +0800] "GET /xingrg/all/function/internal_message.html?_=1686620785051&CODE_STATE=getMsg HTTP/1.1" 200 27
180.169.147.146 - - [13/Jun/2023:09:41:44 +0800] "GET /xingrg/all/function/internal_message.html?_=1686620503033&CODE_STATE=getMsg HTTP/1.1" 200 27
180.164.3.199 - - [13/Jun/2023:09:41:46 +0800] "GET /xingrg/all/function/internal_message.html?_=1686620506038&CODE_STATE=getMsg HTTP/1.1" 200 27
180.164.3.199 - - [13/Jun/2023:09:41:46 +0800] "GET /xingrg/check_reg.html?_=1686620506105 HTTP/1.1" 200 22
114.89.202.110 - - [13/Jun/2023:09:41:47 +0800] "GET /xingrg/kc/buy/cgsh_order_operate.html?command=get_materiel&rest_code=00102&code=00101011005&supplier_code=00100047&order_time=2023-06-13 HTTP/1.1" 200 428
180.164.3.199 - - [13/Jun/2023:09:41:49 +0800] "GET /xingrg/kc/buy/cgsh_order_operate.html?command=get_materiel&rest_code=00108&code=00101009079&supplier_code=00100593&order_time=2023-06-13 HTTP/1.1" 200 409
114.89.202.110 - - [13/Jun/2023:09:42:00 +0800] "POST /xingrg/kc/buy/cgsh_order_operate.html HTTP/1.1" 200 37
116.238.139.35 - - [13/Jun/2023:09:42:05 +0800] "GET /xingrg/all/function/internal_message.html?_=1686620417274&CODE_STATE=getMsg HTTP/1.1" 200 27
114.89.202.110 - - [13/Jun/2023:09:42:06 +0800] "POST /xingrg/kc/buy/cgsh_order_operate.html HTTP/1.1" 200 12
222.70.180.90 - - [13/Jun/2023:09:42:06 +0800] "GET /xingrg/kc/buy/cgsh_order_operate.html?command=get_materiel&rest_code=00111&code=00102006524&supplier_code=00100460&order_time=2023-06-13 HTTP/1.1" 200 432
114.89.202.110 - - [13/Jun/2023:09:42:09 +0800] "GET /xingrg/kc/buy/cgsh_order_info.html?code=212023061304517 HTTP/1.1" 200 66578
114.89.202.110 - - [13/Jun/2023:09:42:09 +0800] "GET /xingrg/javascript/easyui/themes/default/validatebox.css HTTP/1.1" 404 1104
124.79.244.240 - - [13/Jun/2023:09:42:09 +0800] "GET /xingrg/all/function/internal_message.html?_=1686620528880&CODE_STATE=getMsg HTTP/1.1" 200 27
114.89.202.110 - - [13/Jun/2023:09:42:11 +0800] "POST /xingrg/kc/buy/cgsh_order_operate.html HTTP/1.1" 200 609
180.164.3.199 - - [13/Jun/2023:09:42:12 +0800] "GET /xingrg/kc/buy/cgsh_order_operate.html?command=get_materiel&rest_code=00108&code=00101009118&supplier_code=00100593&order_time=2023-06-13 HTTP/1.1" 200 405
101.83.241.253 - - [13/Jun/2023:09:42:12 +0800] "GET /xingrg/check_reg.html?_=1686620638783 HTTP/1.1" 200 22
114.89.202.110 - - [13/Jun/2023:09:42:13 +0800] "GET /xingrg/kc/print/load_data.html?order_code=212023061304517&kc_code=cgsh&condition= HTTP/1.1" 200 741
222.70.180.90 - - [13/Jun/2023:09:42:19 +0800] "GET /xingrg/all/function/internal_message.html?_=1686620537965&CODE_STATE=getMsg HTTP/1.1" 200 27
101.83.145.52 - - [13/Jun/2023:09:42:21 +0800] "GET /xingrg/all/function/internal_message.html?_=1686620541138&CODE_STATE=getMsg HTTP/1.1" 200 27
101.83.241.120 - - [13/Jun/2023:09:42:21 +0800] "GET /xingrg/all/function/internal_message.html?_=1686620539797&CODE_STATE=getMsg HTTP/1.1" 200 27
180.169.147.146 - - [13/Jun/2023:09:42:22 +0800] "GET /xingrg/all/function/internal_message.html?_=1686620541815&CODE_STATE=getMsg HTTP/1.1" 200 27
180.163.29.234 - - [13/Jun/2023:09:42:22 +0800] "GET /xingrg/all/function/internal_message.html?_=1686620481798&CODE_STATE=getMsg HTTP/1.1" 302 -
180.163.29.234 - - [13/Jun/2023:09:42:22 +0800] "GET /xingrg/login.html HTTP/1.1" 200 7641
222.70.245.26 - - [13/Jun/2023:09:42:26 +0800] "GET /xingrg/check_reg.html?_=1686620548097 HTTP/1.1" 200 22
116.238.139.35 - - [13/Jun/2023:09:42:26 +0800] "GET /xingrg/check_reg.html?_=1686620545388 HTTP/1.1" 200 22
116.238.139.35 - - [13/Jun/2023:09:42:26 +0800] "GET /xingrg/all/function/internal_message.html?_=1686620545389&CODE_STATE=getMsg HTTP/1.1" 200 27
101.83.241.253 - - [13/Jun/2023:09:42:27 +0800] "GET /xingrg/all/function/internal_message.html?_=1686620653618&CODE_STATE=getMsg HTTP/1.1" 200 27
61.170.233.201 - - [13/Jun/2023:09:42:30 +0800] "GET /xingrg/all/function/internal_message.html?_=1686620549753&CODE_STATE=getMsg HTTP/1.1" 200 27
116.232.195.127 - - [13/Jun/2023:09:42:32 +0800] "GET /xingrg/all/function/internal_message.html?_=1686620567621&CODE_STATE=getMsg HTTP/1.1" 200 27
180.164.3.199 - - [13/Jun/2023:09:42:33 +0800] "GET /xingrg/kc/buy/cgsh_order_operate.html?command=get_materiel&rest_code=00108&code=00101019826&supplier_code=00100593&order_time=2023-06-13 HTTP/1.1" 200 424
223.104.212.190 - - [13/Jun/2023:09:42:42 +0800] "GET /xingrg/check_reg.html?_=1686620562167 HTTP/1.1" 302 -
223.104.212.190 - - [13/Jun/2023:09:42:42 +0800] "GET /xingrg/login.html HTTP/1.1" 200 7641
114.89.202.110 - - [13/Jun/2023:09:42:42 +0800] "GET /xingrg/check_reg.html?_=1686620562877 HTTP/1.1" 200 22
114.89.202.110 - - [13/Jun/2023:09:42:42 +0800] "GET /xingrg/all/function/internal_message.html?_=1686620562880&CODE_STATE=getMsg HTTP/1.1" 200 27
222.70.245.26 - - [13/Jun/2023:09:42:42 +0800] "GET /xingrg/all/function/internal_message.html?_=1686620564239&CODE_STATE=getMsg HTTP/1.1" 200 27
124.79.244.240 - - [13/Jun/2023:09:42:44 +0800] "GET /xingrg/all/function/internal_message.html?_=1686620845050&CODE_STATE=getMsg HTTP/1.1" 200 27
180.169.147.146 - - [13/Jun/2023:09:42:44 +0800] "GET /xingrg/check_reg.html?_=1686620563031 HTTP/1.1" 200 22
180.169.147.146 - - [13/Jun/2023:09:42:44 +0800] "GET /xingrg/all/function/internal_message.html?_=1686620563113&CODE_STATE=getMsg HTTP/1.1" 200 27
180.164.3.199 - - [13/Jun/2023:09:42:46 +0800] "GET /xingrg/all/function/internal_message.html?_=1686620566019&CODE_STATE=getMsg HTTP/1.1" 200 27
180.164.3.199 - - [13/Jun/2023:09:42:46 +0800] "GET /xingrg/kc/buy/cgsh_order_operate.html?command=get_materiel&rest_code=00108&code=00101019063&supplier_code=00100593&order_time=2023-06-13 HTTP/1.1" 200 460
101.83.145.52 - - [13/Jun/2023:09:42:53 +0800] "POST /xingrg/kc/buy/cgsh_order_operate.html HTTP/1.1" 200 37
101.83.145.52 - - [13/Jun/2023:09:43:03 +0800] "POST /xingrg/kc/buy/cgsh_order_operate.html HTTP/1.1" 200 26319
116.238.139.35 - - [13/Jun/2023:09:43:05 +0800] "GET /xingrg/all/function/internal_message.html?_=1686620477284&CODE_STATE=getMsg HTTP/1.1" 200 27
124.79.244.240 - - [13/Jun/2023:09:43:09 +0800] "GET /xingrg/check_reg.html?_=1686620588890 HTTP/1.1" 200 22
124.79.244.240 - - [13/Jun/2023:09:43:09 +0800] "GET /xingrg/all/function/internal_message.html?_=1686620588893&CODE_STATE=getMsg HTTP/1.1" 200 27
180.164.3.199 - - [13/Jun/2023:09:43:09 +0800] "POST /xingrg/kc/buy/cgsh_order_operate.html HTTP/1.1" 200 37
101.83.145.52 - - [13/Jun/2023:09:43:09 +0800] "GET /xingrg/kc/print/load_data.html?order_code=212023061304514&kc_code=cgsh&condition= HTTP/1.1" 200 9588
180.164.3.199 - - [13/Jun/2023:09:43:12 +0800] "POST /xingrg/kc/buy/cgsh_order_operate.html HTTP/1.1" 200 6228
180.164.3.199 - - [13/Jun/2023:09:43:15 +0800] "GET /xingrg/kc/print/load_config.html?kc_code=cgsh HTTP/1.1" 200 1924
180.164.3.199 - - [13/Jun/2023:09:43:16 +0800] "GET /xingrg/kc/print/load_data.html?order_code=212023061304518&kc_code=cgsh&condition= HTTP/1.1" 200 2053
222.70.180.90 - - [13/Jun/2023:09:43:19 +0800] "GET /xingrg/all/function/internal_message.html?_=1686620597967&CODE_STATE=getMsg HTTP/1.1" 200 27
101.83.145.52 - - [13/Jun/2023:09:43:21 +0800] "GET /xingrg/all/function/internal_message.html?_=1686620601118&CODE_STATE=getMsg HTTP/1.1" 200 27
101.83.241.120 - - [13/Jun/2023:09:43:21 +0800] "GET /xingrg/all/function/internal_message.html?_=1686620599783&CODE_STATE=getMsg HTTP/1.1" 200 27
180.169.147.146 - - [13/Jun/2023:09:43:22 +0800] "GET /xingrg/all/function/internal_message.html?_=1686620601814&CODE_STATE=getMsg HTTP/1.1" 200 27
180.163.28.114 - - [13/Jun/2023:09:43:22 +0800] "GET /xingrg/all/function/internal_message.html?_=1686620541815&CODE_STATE=getMsg HTTP/1.1" 302 -
180.163.28.114 - - [13/Jun/2023:09:43:22 +0800] "GET /xingrg/login.html HTTP/1.1" 200 7641
180.164.3.199 - - [13/Jun/2023:09:43:24 +0800] "GET /xingrg/kc/buy/cgsh_order_add.html HTTP/1.1" 200 71728
180.164.3.199 - - [13/Jun/2023:09:43:24 +0800] "POST /xingrg/kc/buy/cgsh_order_operate.html HTTP/1.1" 200 8245
180.164.3.199 - - [13/Jun/2023:09:43:24 +0800] "GET /xingrg/javascript/easyui/themes/default/validatebox.css HTTP/1.1" 404 1104
116.238.139.35 - - [13/Jun/2023:09:43:26 +0800] "GET /xingrg/all/function/internal_message.html?_=1686620605390&CODE_STATE=getMsg HTTP/1.1" 200 27
101.83.241.253 - - [13/Jun/2023:09:43:27 +0800] "GET /xingrg/all/function/internal_message.html?_=1686620713619&CODE_STATE=getMsg HTTP/1.1" 200 27
61.170.233.201 - - [13/Jun/2023:09:43:30 +0800] "GET /xingrg/all/function/internal_message.html?_=1686620609737&CODE_STATE=getMsg HTTP/1.1" 200 27
116.232.195.127 - - [13/Jun/2023:09:43:32 +0800] "GET /xingrg/all/function/internal_message.html?_=1686620627613&CODE_STATE=getMsg HTTP/1.1" 200 27
116.232.195.127 - - [13/Jun/2023:09:43:32 +0800] "GET /xingrg/check_reg.html?_=1686620627614 HTTP/1.1" 200 22
222.70.180.90 - - [13/Jun/2023:09:43:33 +0800] "GET /xingrg/kc/buy/cgsh_order_operate.html?command=get_materiel&rest_code=00111&code=00102006620&supplier_code=00100460&order_time=2023-06-13 HTTP/1.1" 200 417
180.164.3.199 - - [13/Jun/2023:09:43:38 +0800] "GET /xingrg/kc/buy/cgsh_order_operate.html?command=get_materiel&rest_code=00108&code=00101007081&supplier_code=00100002&order_time=2023-06-13 HTTP/1.1" 200 413
114.89.202.110 - - [13/Jun/2023:09:43:42 +0800] "GET /xingrg/all/function/internal_message.html?_=1686620622868&CODE_STATE=getMsg HTTP/1.1" 200 27
222.70.245.26 - - [13/Jun/2023:09:43:42 +0800] "GET /xingrg/all/function/internal_message.html?_=1686620624253&CODE_STATE=getMsg HTTP/1.1" 200 27
124.79.244.240 - - [13/Jun/2023:09:43:44 +0800] "GET /xingrg/all/function/internal_message.html?_=1686620905049&CODE_STATE=getMsg HTTP/1.1" 200 27
180.169.147.146 - - [13/Jun/2023:09:43:44 +0800] "GET /xingrg/all/function/internal_message.html?_=1686620623053&CODE_STATE=getMsg HTTP/1.1" 200 27
180.164.3.199 - - [13/Jun/2023:09:43:46 +0800] "GET /xingrg/all/function/internal_message.html?_=1686620626006&CODE_STATE=getMsg HTTP/1.1" 200 27
180.164.3.199 - - [13/Jun/2023:09:43:58 +0800] "POST /xingrg/kc/buy/cgsh_order_operate.html HTTP/1.1" 200 37
180.164.3.199 - - [13/Jun/2023:09:44:00 +0800] "POST /xingrg/kc/buy/cgsh_order_operate.html HTTP/1.1" 200 2659
180.164.3.199 - - [13/Jun/2023:09:44:02 +0800] "GET /xingrg/kc/print/load_data.html?order_code=212023061304519&kc_code=cgsh&condition= HTTP/1.1" 200 756
116.238.139.35 - - [13/Jun/2023:09:44:04 +0800] "GET /xingrg/check_reg.html?_=1686620536529 HTTP/1.1" 200 22
116.238.139.35 - - [13/Jun/2023:09:44:05 +0800] "GET /xingrg/all/function/internal_message.html?_=1686620537298&CODE_STATE=getMsg HTTP/1.1" 200 27
180.164.3.199 - - [13/Jun/2023:09:44:07 +0800] "GET /xingrg/kc/buy/cgsh_order_add.html HTTP/1.1" 200 71728
180.164.3.199 - - [13/Jun/2023:09:44:07 +0800] "POST /xingrg/kc/buy/cgsh_order_operate.html HTTP/1.1" 200 8245
180.164.3.199 - - [13/Jun/2023:09:44:07 +0800] "GET /xingrg/javascript/easyui/themes/default/validatebox.css HTTP/1.1" 404 1104
124.79.244.240 - - [13/Jun/2023:09:44:09 +0800] "GET /xingrg/all/function/internal_message.html?_=1686620648882&CODE_STATE=getMsg HTTP/1.1" 200 27
222.70.180.90 - - [13/Jun/2023:09:44:09 +0800] "POST /xingrg/kc/buy/cgsh_order_operate.html HTTP/1.1" 200 37
180.164.3.199 - - [13/Jun/2023:09:44:18 +0800] "GET /xingrg/kc/buy/cgsh_order_operate.html?command=get_materiel&rest_code=00108&code=00101006065&supplier_code=00100012&order_time=2023-06-13 HTTP/1.1" 200 409
101.83.145.52 - - [13/Jun/2023:09:44:21 +0800] "GET /xingrg/all/function/internal_message.html?_=1686620661086&CODE_STATE=getMsg HTTP/1.1" 200 27
101.83.241.120 - - [13/Jun/2023:09:44:21 +0800] "GET /xingrg/all/function/internal_message.html?_=1686620659754&CODE_STATE=getMsg HTTP/1.1" 200 27
180.169.147.146 - - [13/Jun/2023:09:44:22 +0800] "GET /xingrg/check_reg.html?_=1686620661811 HTTP/1.1" 200 22
180.169.147.146 - - [13/Jun/2023:09:44:22 +0800] "GET /xingrg/all/function/internal_message.html?_=1686620661814&CODE_STATE=getMsg HTTP/1.1" 200 27
101.83.145.52 - - [13/Jun/2023:09:44:22 +0800] "GET /xingrg/check_reg.html?_=1686620661525 HTTP/1.1" 200 22
180.163.28.180 - - [13/Jun/2023:09:44:22 +0800] "GET /xingrg/all/function/internal_message.html?_=1686620601814&CODE_STATE=getMsg HTTP/1.1" 302 -
180.163.28.180 - - [13/Jun/2023:09:44:22 +0800] "GET /xingrg/login.html HTTP/1.1" 200 7641
222.70.180.90 - - [13/Jun/2023:09:44:25 +0800] "POST /xingrg/kc/buy/cgsh_order_operate.html HTTP/1.1" 200 8702
116.238.139.35 - - [13/Jun/2023:09:44:26 +0800] "GET /xingrg/all/function/internal_message.html?_=1686620665400&CODE_STATE=getMsg HTTP/1.1" 200 27
222.70.180.90 - - [13/Jun/2023:09:44:27 +0800] "GET /xingrg/kc/print/load_data.html?order_code=212023061304520&kc_code=cgsh&condition= HTTP/1.1" 200 3012
101.83.241.253 - - [13/Jun/2023:09:44:27 +0800] "GET /xingrg/all/function/internal_message.html?_=1686620773603&CODE_STATE=getMsg HTTP/1.1" 200 27
180.163.28.180 - - [13/Jun/2023:09:44:30 +0800] "GET /xingrg/all/function/internal_message.html?_=1686620609737&CODE_STATE=getMsg HTTP/1.1" 302 -
180.163.28.180 - - [13/Jun/2023:09:44:30 +0800] "GET /xingrg/login.html HTTP/1.1" 200 7641
61.170.233.201 - - [13/Jun/2023:09:44:30 +0800] "GET /xingrg/all/function/internal_message.html?_=1686620669722&CODE_STATE=getMsg HTTP/1.1" 200 27
116.232.195.127 - - [13/Jun/2023:09:44:32 +0800] "GET /xingrg/all/function/internal_message.html?_=1686620687625&CODE_STATE=getMsg HTTP/1.1" 200 27
114.89.202.110 - - [13/Jun/2023:09:44:42 +0800] "GET /xingrg/all/function/internal_message.html?_=1686620682886&CODE_STATE=getMsg HTTP/1.1" 200 27
222.70.245.26 - - [13/Jun/2023:09:44:42 +0800] "GET /xingrg/all/function/internal_message.html?_=1686620684349&CODE_STATE=getMsg HTTP/1.1" 200 27
124.79.244.240 - - [13/Jun/2023:09:44:44 +0800] "GET /xingrg/all/function/internal_message.html?_=1686620965050&CODE_STATE=getMsg HTTP/1.1" 200 27
180.169.147.146 - - [13/Jun/2023:09:44:44 +0800] "GET /xingrg/all/function/internal_message.html?_=1686620683035&CODE_STATE=getMsg HTTP/1.1" 200 27
180.164.3.199 - - [13/Jun/2023:09:44:46 +0800] "GET /xingrg/all/function/internal_message.html?_=1686620685991&CODE_STATE=getMsg HTTP/1.1" 200 27
116.238.139.35 - - [13/Jun/2023:09:45:05 +0800] "GET /xingrg/all/function/internal_message.html?_=1686620597311&CODE_STATE=getMsg HTTP/1.1" 200 27
124.79.244.240 - - [13/Jun/2023:09:45:09 +0800] "GET /xingrg/all/function/internal_message.html?_=1686620708880&CODE_STATE=getMsg HTTP/1.1" 200 27
222.70.180.90 - - [13/Jun/2023:09:45:19 +0800] "GET /xingrg/all/function/internal_message.html?_=1686620717980&CODE_STATE=getMsg HTTP/1.1" 200 27
222.70.180.90 - - [13/Jun/2023:09:45:19 +0800] "GET /xingrg/check_reg.html?_=1686620717983 HTTP/1.1" 200 22
101.83.145.52 - - [13/Jun/2023:09:45:21 +0800] "GET /xingrg/all/function/internal_message.html?_=1686620721058&CODE_STATE=getMsg HTTP/1.1" 200 27
101.83.241.120 - - [13/Jun/2023:09:45:21 +0800] "GET /xingrg/all/function/internal_message.html?_=1686620719738&CODE_STATE=getMsg HTTP/1.1" 200 27
180.169.147.146 - - [13/Jun/2023:09:45:21 +0800] "GET /xingrg/all/function/internal_message.html?_=1686620721811&CODE_STATE=getMsg HTTP/1.1" 200 27
180.163.28.55 - - [13/Jun/2023:09:45:22 +0800] "GET /xingrg/all/function/internal_message.html?_=1686620661814&CODE_STATE=getMsg HTTP/1.1" 302 -
180.163.28.55 - - [13/Jun/2023:09:45:22 +0800] "GET /xingrg/login.html HTTP/1.1" 200 7641
101.83.241.120 - - [13/Jun/2023:09:45:22 +0800] "GET /xingrg/check_reg.html?_=1686620720096 HTTP/1.1" 200 22
172.20.0.100 - - [13/Jun/2023:09:45:24 +0800] "GET /xingrg/kc/buy/cgsh_order_info.html?code=212023051505705&sysBaseUrl=http%3A%2F%2F172.20.0.8%3A18081%2Fxingrg%2F&costTime=0×tamp=1686561196004 HTTP/1.1" 200 66819
116.238.139.35 - - [13/Jun/2023:09:45:26 +0800] "GET /xingrg/all/function/internal_message.html?_=1686620725398&CODE_STATE=getMsg HTTP/1.1" 200 27
172.20.0.100 - - [13/Jun/2023:09:45:27 +0800] "GET /xingrg/index.html?sysBaseUrl=http%3A%2F%2F172.20.0.8%3A18081%2Fxingrg%2F&costTime=1163×tamp=1686618223288 HTTP/1.1" 200 17448
101.83.241.253 - - [13/Jun/2023:09:45:27 +0800] "GET /xingrg/all/function/internal_message.html?_=1686620833593&CODE_STATE=getMsg HTTP/1.1" 200 27
172.20.0.100 - - [13/Jun/2023:09:45:28 +0800] "GET /favicon.ico HTTP/1.1" 404 -
172.20.0.100 - - [13/Jun/2023:09:45:28 +0800] "GET /xingrg/all/function/internal_message.html?_=1686620728163&CODE_STATE=count HTTP/1.1" 200 11
172.20.0.100 - - [13/Jun/2023:09:45:28 +0800] "GET /xingrg/check_reg.html?_=1686620728164 HTTP/1.1" 200 22
172.20.0.100 - - [13/Jun/2023:09:45:28 +0800] "POST /xingrg/all/common/load_tree.html?tree=area_rest_tree_json&manage=1 HTTP/1.1" 200 3499
172.20.0.100 - - [13/Jun/2023:09:45:28 +0800] "POST /xingrg/load_menu.html HTTP/1.1" 200 11529
180.163.28.114 - - [13/Jun/2023:09:45:30 +0800] "GET /xingrg/all/function/internal_message.html?_=1686620669722&CODE_STATE=getMsg HTTP/1.1" 302 -
180.163.28.114 - - [13/Jun/2023:09:45:30 +0800] "GET /xingrg/login.html HTTP/1.1" 200 7641
61.170.233.201 - - [13/Jun/2023:09:45:30 +0800] "GET /xingrg/all/function/internal_message.html?_=1686620729693&CODE_STATE=getMsg HTTP/1.1" 200 27
61.170.233.201 - - [13/Jun/2023:09:45:31 +0800] "GET /xingrg/check_reg.html?_=1686620730182 HTTP/1.1" 200 22
116.232.195.127 - - [13/Jun/2023:09:45:32 +0800] "GET /xingrg/all/function/internal_message.html?_=1686620747618&CODE_STATE=getMsg HTTP/1.1" 200 27
172.20.0.100 - - [13/Jun/2023:09:45:35 +0800] "POST /xingrg/all/user/operate.html HTTP/1.1" 200 36
172.20.0.100 - - [13/Jun/2023:09:45:35 +0800] "GET /xingrg/index.html?sysBaseUrl=http%3A%2F%2F172.20.0.8%3A18081%2Fxingrg%2F&costTime=1163×tamp=1686618223288 HTTP/1.1" 200 17454
172.20.0.100 - - [13/Jun/2023:09:45:35 +0800] "GET /xingrg/javascript/jquery_easy_ui/themes/default/easyui.css HTTP/1.1" 304 -
172.20.0.100 - - [13/Jun/2023:09:45:35 +0800] "GET /xingrg/javascript/jquery_easy_ui/themes/icon.css HTTP/1.1" 304 -
172.20.0.100 - - [13/Jun/2023:09:45:35 +0800] "GET /xingrg/css/form.css HTTP/1.1" 304 -
172.20.0.100 - - [13/Jun/2023:09:45:35 +0800] "GET /xingrg/javascript/jquery-1.4.2.min.js HTTP/1.1" 304 -
172.20.0.100 - - [13/Jun/2023:09:45:36 +0800] "GET /xingrg/javascript/jquery_easy_ui/jquery.easyui.min.js HTTP/1.1" 304 -
172.20.0.100 - - [13/Jun/2023:09:45:36 +0800] "GET /xingrg/javascript/jquery_easy_ui/easyui-lang-zh_CN.js HTTP/1.1" 304 -
172.20.0.100 - - [13/Jun/2023:09:45:36 +0800] "GET /xingrg/javascript/jquery.form.js HTTP/1.1" 304 -
172.20.0.100 - - [13/Jun/2023:09:45:36 +0800] "GET /xingrg/javascript/jquery.utils.js HTTP/1.1" 304 -
172.20.0.100 - - [13/Jun/2023:09:45:36 +0800] "GET /xingrg/javascript/jquery.timers.js HTTP/1.1" 304 -
172.20.0.100 - - [13/Jun/2023:09:45:36 +0800] "GET /xingrg/images/blue/navBackgound.jpg HTTP/1.1" 304 -
172.20.0.100 - - [13/Jun/2023:09:45:36 +0800] "GET /xingrg/images/blue/jxLogo.png HTTP/1.1" 304 -
172.20.0.100 - - [13/Jun/2023:09:45:36 +0800] "GET /xingrg/javascript/jquery_easy_ui/themes/icons/settle_new.png HTTP/1.1" 304 -
172.20.0.100 - - [13/Jun/2023:09:45:36 +0800] "GET /xingrg/check_reg.html?_=1686620735842 HTTP/1.1" 200 22
172.20.0.100 - - [13/Jun/2023:09:45:36 +0800] "GET /xingrg/all/function/internal_message.html?_=1686620735840&CODE_STATE=count HTTP/1.1" 200 11
172.20.0.100 - - [13/Jun/2023:09:45:36 +0800] "GET /xingrg/images/blue/pingpu.png HTTP/1.1" 304 -
172.20.0.100 - - [13/Jun/2023:09:45:36 +0800] "GET /xingrg/javascript/jquery_easy_ui/themes/default/images/tabs_rightarrow.png HTTP/1.1" 304 -
172.20.0.100 - - [13/Jun/2023:09:45:36 +0800] "GET /xingrg/javascript/jquery_easy_ui/themes/default/images/tabs_leftarrow.png HTTP/1.1" 304 -
172.20.0.100 - - [13/Jun/2023:09:45:36 +0800] "GET /xingrg/javascript/jquery_easy_ui/themes/default/images/panel_tool_expand.gif HTTP/1.1" 304 -
172.20.0.100 - - [13/Jun/2023:09:45:36 +0800] "GET /xingrg/javascript/jquery_easy_ui/themes/default/images/panel_tool_collapse.gif HTTP/1.1" 304 -
172.20.0.100 - - [13/Jun/2023:09:45:36 +0800] "POST /xingrg/all/common/load_tree.html?tree=area_rest_tree_json&manage=1 HTTP/1.1" 200 3499
172.20.0.100 - - [13/Jun/2023:09:45:36 +0800] "POST /xingrg/load_menu.html HTTP/1.1" 200 9924
172.20.0.100 - - [13/Jun/2023:09:45:37 +0800] "GET /xingrg/kc/report/report_main.html HTTP/1.1" 200 7320
172.20.0.100 - - [13/Jun/2023:09:45:38 +0800] "GET /xingrg/kc/base/kc_stocks.html HTTP/1.1" 200 16487
172.20.0.100 - - [13/Jun/2023:09:45:38 +0800] "GET /xingrg/javascript/easyui/themes/default/tree.css HTTP/1.1" 404 1090
172.20.0.100 - - [13/Jun/2023:09:45:38 +0800] "GET /xingrg/all/common/auto_word.html?type=base&rest_code=00155 HTTP/1.1" 200 1857
172.20.0.100 - - [13/Jun/2023:09:45:39 +0800] "POST /xingrg/all/common/load_tree.html?tree=materiel_sort_tree_json HTTP/1.1" 200 9500
172.20.0.100 - - [13/Jun/2023:09:45:41 +0800] "POST /xingrg/kc/base/stock_operate.html HTTP/1.1" 200 1468
114.89.202.110 - - [13/Jun/2023:09:45:42 +0800] "GET /xingrg/all/function/internal_message.html?_=1686620742861&CODE_STATE=getMsg HTTP/1.1" 200 27
222.70.245.26 - - [13/Jun/2023:09:45:42 +0800] "GET /xingrg/all/function/internal_message.html?_=1686620744358&CODE_STATE=getMsg HTTP/1.1" 200 27
172.20.0.100 - - [13/Jun/2023:09:45:43 +0800] "GET /xingrg/kc/base/stock_detail.html?m=00101013011 HTTP/1.1" 200 7381
124.79.244.240 - - [13/Jun/2023:09:45:44 +0800] "GET /xingrg/all/function/internal_message.html?_=1686621025050&CODE_STATE=getMsg HTTP/1.1" 200 27
124.79.244.240 - - [13/Jun/2023:09:45:44 +0800] "GET /xingrg/check_reg.html?_=1686621025076 HTTP/1.1" 200 22
180.169.147.146 - - [13/Jun/2023:09:45:44 +0800] "GET /xingrg/all/function/internal_message.html?_=1686620743062&CODE_STATE=getMsg HTTP/1.1" 200 27
172.20.0.100 - - [13/Jun/2023:09:45:44 +0800] "GET /xingrg/kc/base/stock_operate.html?_=1686620744463&command=get_report_file&start_day=20230601 HTTP/1.1" 200 53
172.20.0.100 - - [13/Jun/2023:09:45:44 +0800] "GET /xingrg/all/report/report_query.html?isQuery=1&onlyBody=1&rh=2000&fileName=kc/base/kc_stock_detail_new.xml&queryString=(1=1)&queryText=&tableQueryString=init_table$sp1$$sp$crk_table$sp1$order_day%20between%2020230601%20and%2020230630&varString=start_day:20230601,materiel_code:00101013011,cost_id:4397,end_date:20230531 HTTP/1.1" 200 48626
172.20.0.100 - - [13/Jun/2023:09:45:44 +0800] "GET /xingrg/dwr/interface/AjaxReportQueryService.js HTTP/1.1" 200 13203
172.20.0.100 - - [13/Jun/2023:09:45:44 +0800] "GET /xingrg/dwr/util.js HTTP/1.1" 304 -
172.20.0.100 - - [13/Jun/2023:09:45:44 +0800] "GET /xingrg/dwr/engine.js HTTP/1.1" 200 43631
180.164.3.199 - - [13/Jun/2023:09:45:46 +0800] "GET /xingrg/all/function/internal_message.html?_=1686620745958&CODE_STATE=getMsg HTTP/1.1" 200 27
172.20.0.100 - - [13/Jun/2023:09:45:46 +0800] "POST /xingrg/all/report/load_report_page.html HTTP/1.1" 200 39800
172.20.0.100 - - [13/Jun/2023:09:45:46 +0800] "GET /xingrg/servlets/image?cache=0.6681339727424798&image=px HTTP/1.1" 200 807
180.169.147.146 - - [13/Jun/2023:09:45:47 +0800] "GET /xingrg/check_reg.html?_=1686620746054 HTTP/1.1" 302 -
172.20.0.100 - - [13/Jun/2023:09:45:59 +0800] "GET /xingrg/kc/guide/show_order.html?code=422023060800565&type=42 HTTP/1.1" 302 -
172.20.0.100 - - [13/Jun/2023:09:45:59 +0800] "GET /xingrg/kc/base/wldb_order_info.html?code=422023060800565&sysBaseUrl=http%3A%2F%2F172.20.0.8%3A18081%2Fxingrg%2F&costTime=1×tamp=1686620759221 HTTP/1.1" 200 26495
172.20.0.100 - - [13/Jun/2023:09:45:59 +0800] "GET /favicon.ico HTTP/1.1" 404 -
172.20.0.100 - - [13/Jun/2023:09:45:59 +0800] "GET /xingrg/words/20230612075447_words.js HTTP/1.1" 304 -
172.20.0.100 - - [13/Jun/2023:09:46:00 +0800] "GET /xingrg/javascript/easyui/themes/default/validatebox.css HTTP/1.1" 404 1104
172.20.0.100 - - [13/Jun/2023:09:46:00 +0800] "POST /xingrg/kc/base/wldb_order_operate.html HTTP/1.1" 200 7342
180.164.3.199 - - [13/Jun/2023:09:46:04 +0800] "GET /xingrg/kc/buy/cgsh_order_operate.html?command=get_materiel&rest_code=00108&code=00101001075&supplier_code=00100012&order_time=2023-06-13 HTTP/1.1" 200 409
116.238.139.35 - - [13/Jun/2023:09:46:05 +0800] "GET /xingrg/all/function/internal_message.html?_=1686620657326&CODE_STATE=getMsg HTTP/1.1" 200 27
124.79.244.240 - - [13/Jun/2023:09:46:09 +0800] "GET /xingrg/all/function/internal_message.html?_=1686620768891&CODE_STATE=getMsg HTTP/1.1" 200 27
222.70.180.90 - - [13/Jun/2023:09:46:19 +0800] "GET /xingrg/all/function/internal_message.html?_=1686620777952&CODE_STATE=getMsg HTTP/1.1" 200 27
101.83.145.52 - - [13/Jun/2023:09:46:21 +0800] "GET /xingrg/all/function/internal_message.html?_=1686620781032&CODE_STATE=getMsg HTTP/1.1" 200 27
101.83.241.120 - - [13/Jun/2023:09:46:21 +0800] "GET /xingrg/all/function/internal_message.html?_=1686620779723&CODE_STATE=getMsg HTTP/1.1" 200 27
180.164.3.199 - - [13/Jun/2023:09:46:21 +0800] "GET /xingrg/kc/buy/cgsh_order_operate.html?command=get_materiel&rest_code=00108&code=00101002027&supplier_code=00100012&order_time=2023-06-13 HTTP/1.1" 200 413
180.169.147.146 - - [13/Jun/2023:09:46:21 +0800] "GET /xingrg/all/function/internal_message.html?_=1686620781803&CODE_STATE=getMsg HTTP/1.1" 200 27
116.238.139.35 - - [13/Jun/2023:09:46:26 +0800] "GET /xingrg/all/function/internal_message.html?_=1686620785393&CODE_STATE=getMsg HTTP/1.1" 200 27
101.83.241.253 - - [13/Jun/2023:09:46:27 +0800] "GET /xingrg/all/function/internal_message.html?_=1686620893564&CODE_STATE=getMsg HTTP/1.1" 200 27
101.83.145.52 - - [13/Jun/2023:09:46:29 +0800] "POST /xingrg/services/DataTransmitService HTTP/1.1" 200 524
61.170.233.201 - - [13/Jun/2023:09:46:30 +0800] "GET /xingrg/all/function/internal_message.html?_=1686620789671&CODE_STATE=getMsg HTTP/1.1" 200 27
180.163.29.219 - - [13/Jun/2023:09:46:31 +0800] "GET /xingrg/check_reg.html?_=1686620730182 HTTP/1.1" 302 -
180.163.29.219 - - [13/Jun/2023:09:46:31 +0800] "GET /xingrg/login.html HTTP/1.1" 200 7641
116.232.195.127 - - [13/Jun/2023:09:46:32 +0800] "GET /xingrg/all/function/internal_message.html?_=1686620807627&CODE_STATE=getMsg HTTP/1.1" 200 27
180.164.3.199 - - [13/Jun/2023:09:46:35 +0800] "GET /xingrg/kc/buy/cgsh_order_operate.html?command=get_materiel&rest_code=00108&code=00101006123&supplier_code=00100012&order_time=2023-06-13 HTTP/1.1" 200 409
172.20.0.100 - - [13/Jun/2023:09:46:36 +0800] "GET /xingrg/all/function/internal_message.html?_=1686620795849&CODE_STATE=getMsg HTTP/1.1" 200 27
114.89.202.110 - - [13/Jun/2023:09:46:42 +0800] "GET /xingrg/all/function/internal_message.html?_=1686620802875&CODE_STATE=getMsg HTTP/1.1" 200 27
222.70.245.26 - - [13/Jun/2023:09:46:43 +0800] "GET /xingrg/all/function/internal_message.html?_=1686620804452&CODE_STATE=getMsg HTTP/1.1" 200 27
124.79.244.240 - - [13/Jun/2023:09:46:44 +0800] "GET /xingrg/all/function/internal_message.html?_=1686621085074&CODE_STATE=getMsg HTTP/1.1" 200 27
180.169.147.146 - - [13/Jun/2023:09:46:44 +0800] "GET /xingrg/all/function/internal_message.html?_=1686620803048&CODE_STATE=getMsg HTTP/1.1" 200 27
180.164.3.199 - - [13/Jun/2023:09:46:46 +0800] "GET /xingrg/all/function/internal_message.html?_=1686620805933&CODE_STATE=getMsg HTTP/1.1" 200 27
180.164.3.199 - - [13/Jun/2023:09:46:46 +0800] "GET /xingrg/check_reg.html?_=1686620806095 HTTP/1.1" 200 22
180.164.3.199 - - [13/Jun/2023:09:46:48 +0800] "GET /xingrg/kc/buy/cgsh_order_operate.html?command=get_materiel&rest_code=00108&code=00101006240&supplier_code=00100012&order_time=2023-06-13 HTTP/1.1" 200 422
180.164.3.199 - - [13/Jun/2023:09:46:58 +0800] "POST /xingrg/kc/buy/cgsh_order_operate.html HTTP/1.1" 200 37
116.238.139.35 - - [13/Jun/2023:09:47:00 +0800] "GET /xingrg/kc/buy/cgsh_order_list.html HTTP/1.1" 200 55860
180.164.3.199 - - [13/Jun/2023:09:47:00 +0800] "POST /xingrg/kc/buy/cgsh_order_operate.html HTTP/1.1" 200 5031
180.164.3.199 - - [13/Jun/2023:09:47:02 +0800] "GET /xingrg/kc/print/load_data.html?order_code=212023061304521&kc_code=cgsh&condition= HTTP/1.1" 200 1684
116.238.139.35 - - [13/Jun/2023:09:47:03 +0800] "POST /xingrg/kc/buy/cgsh_list_operate.html HTTP/1.1" 200 986
116.238.139.35 - - [13/Jun/2023:09:47:04 +0800] "GET /xingrg/kc/buy/cgsh_order_add.html HTTP/1.1" 200 71680
116.238.139.35 - - [13/Jun/2023:09:47:05 +0800] "POST /xingrg/kc/buy/cgsh_order_operate.html HTTP/1.1" 200 8245
116.238.139.35 - - [13/Jun/2023:09:47:05 +0800] "GET /xingrg/javascript/easyui/themes/default/validatebox.css HTTP/1.1" 404 1104
116.238.139.35 - - [13/Jun/2023:09:47:05 +0800] "GET /xingrg/all/function/internal_message.html?_=1686620717428&CODE_STATE=getMsg HTTP/1.1" 200 27
180.164.3.199 - - [13/Jun/2023:09:47:08 +0800] "GET /xingrg/kc/buy/cgsh_order_add.html HTTP/1.1" 200 71728
180.164.3.199 - - [13/Jun/2023:09:47:08 +0800] "POST /xingrg/kc/buy/cgsh_order_operate.html HTTP/1.1" 200 8245
180.164.3.199 - - [13/Jun/2023:09:47:08 +0800] "GET /xingrg/javascript/easyui/themes/default/validatebox.css HTTP/1.1" 404 1104
124.79.244.240 - - [13/Jun/2023:09:47:09 +0800] "GET /xingrg/all/function/internal_message.html?_=1686620828890&CODE_STATE=getMsg HTTP/1.1" 200 27
172.20.0.100 - - [13/Jun/2023:09:47:11 +0800] "GET /xingrg/kc/base/stock_operate.html?_=1686620831520&command=get_report_file&start_day=20230601 HTTP/1.1" 200 53
172.20.0.100 - - [13/Jun/2023:09:47:11 +0800] "GET /xingrg/all/report/report_query.html?isQuery=1&onlyBody=1&rh=2000&fileName=kc/base/kc_stock_detail_new.xml&queryString=(1=1)&queryText=&tableQueryString=init_table$sp1$base_code='0010747'$sp$crk_table$sp1$order_day%20between%2020230601%20and%2020230630%20and%20base_code='0010747'&varString=start_day:20230601,materiel_code:00101013011,cost_id:4397,end_date:20230531 HTTP/1.1" 200 48669
172.20.0.100 - - [13/Jun/2023:09:47:11 +0800] "GET /xingrg/dwr/interface/AjaxReportQueryService.js HTTP/1.1" 200 13203
172.20.0.100 - - [13/Jun/2023:09:47:12 +0800] "GET /xingrg/dwr/engine.js HTTP/1.1" 200 43631
101.83.241.253 - - [13/Jun/2023:09:47:12 +0800] "GET /xingrg/check_reg.html?_=1686620938797 HTTP/1.1" 200 22
172.20.0.100 - - [13/Jun/2023:09:47:13 +0800] "POST /xingrg/all/report/load_report_page.html HTTP/1.1" 200 29974
172.20.0.100 - - [13/Jun/2023:09:47:13 +0800] "GET /xingrg/servlets/image?cache=0.398086928735631&image=px HTTP/1.1" 200 807
222.70.180.90 - - [13/Jun/2023:09:47:19 +0800] "GET /xingrg/all/function/internal_message.html?_=1686620837936&CODE_STATE=getMsg HTTP/1.1" 200 27
101.83.145.52 - - [13/Jun/2023:09:47:21 +0800] "GET /xingrg/all/function/internal_message.html?_=1686620841015&CODE_STATE=getMsg HTTP/1.1" 200 27
101.83.241.120 - - [13/Jun/2023:09:47:21 +0800] "GET /xingrg/all/function/internal_message.html?_=1686620839709&CODE_STATE=getMsg HTTP/1.1" 200 27
180.169.147.146 - - [13/Jun/2023:09:47:22 +0800] "GET /xingrg/all/function/internal_message.html?_=1686620841811&CODE_STATE=getMsg HTTP/1.1" 200 27
180.163.29.234 - - [13/Jun/2023:09:47:22 +0800] "GET /xingrg/all/function/internal_message.html?_=1686620781803&CODE_STATE=getMsg HTTP/1.1" 302 -
180.163.29.234 - - [13/Jun/2023:09:47:22 +0800] "GET /xingrg/login.html HTTP/1.1" 200 7641
222.70.245.26 - - [13/Jun/2023:09:47:26 +0800] "GET /xingrg/check_reg.html?_=1686620848098 HTTP/1.1" 200 22
116.238.139.35 - - [13/Jun/2023:09:47:26 +0800] "GET /xingrg/check_reg.html?_=1686620845403 HTTP/1.1" 200 22
116.238.139.35 - - [13/Jun/2023:09:47:26 +0800] "GET /xingrg/all/function/internal_message.html?_=1686620845399&CODE_STATE=getMsg HTTP/1.1" 200 27
101.83.241.253 - - [13/Jun/2023:09:47:27 +0800] "GET /xingrg/all/function/internal_message.html?_=1686620953556&CODE_STATE=getMsg HTTP/1.1" 200 27
116.238.139.35 - - [13/Jun/2023:09:47:27 +0800] "GET /xingrg/kc/buy/cgsh_order_operate.html?command=get_materiel&rest_code=00150&code=00102001145&supplier_code=00100151&order_time=2023-06-13 HTTP/1.1" 200 408
61.170.233.201 - - [13/Jun/2023:09:47:30 +0800] "GET /xingrg/all/function/internal_message.html?_=1686620849651&CODE_STATE=getMsg HTTP/1.1" 200 27
116.232.195.127 - - [13/Jun/2023:09:47:32 +0800] "GET /xingrg/all/function/internal_message.html?_=1686620867619&CODE_STATE=getMsg HTTP/1.1" 200 27
172.20.0.100 - - [13/Jun/2023:09:47:36 +0800] "GET /xingrg/all/function/internal_message.html?_=1686620855858&CODE_STATE=getMsg HTTP/1.1" 200 27
114.89.202.110 - - [13/Jun/2023:09:47:42 +0800] "GET /xingrg/all/function/internal_message.html?_=1686620862872&CODE_STATE=getMsg HTTP/1.1" 200 27
114.89.202.110 - - [13/Jun/2023:09:47:42 +0800] "GET /xingrg/check_reg.html?_=1686620862875 HTTP/1.1" 200 22
222.70.245.26 - - [13/Jun/2023:09:47:43 +0800] "GET /xingrg/all/function/internal_message.html?_=1686620864463&CODE_STATE=getMsg HTTP/1.1" 200 27
124.79.244.240 - - [13/Jun/2023:09:47:44 +0800] "GET /xingrg/all/function/internal_message.html?_=1686621145072&CODE_STATE=getMsg HTTP/1.1" 200 27
180.169.147.146 - - [13/Jun/2023:09:47:44 +0800] "GET /xingrg/check_reg.html?_=1686620863027 HTTP/1.1" 200 22
180.169.147.146 - - [13/Jun/2023:09:47:44 +0800] "GET /xingrg/all/function/internal_message.html?_=1686620863036&CODE_STATE=getMsg HTTP/1.1" 200 27
180.164.3.199 - - [13/Jun/2023:09:47:46 +0800] "GET /xingrg/all/function/internal_message.html?_=1686620865925&CODE_STATE=getMsg HTTP/1.1" 200 27
180.164.3.199 - - [13/Jun/2023:09:47:46 +0800] "GET /xingrg/kc/buy/cgsh_order_operate.html?command=get_materiel&rest_code=00108&code=00101009050&supplier_code=00100007&order_time=2023-06-13 HTTP/1.1" 200 408
116.238.139.35 - - [13/Jun/2023:09:47:54 +0800] "GET /xingrg/kc/buy/cgsh_order_operate.html?command=get_materiel&rest_code=00150&code=00102032036&supplier_code=00100151&order_time=2023-06-13 HTTP/1.1" 200 418
180.164.3.199 - - [13/Jun/2023:09:47:58 +0800] "GET /xingrg/kc/buy/cgsh_order_operate.html?command=get_materiel&rest_code=00108&code=00101009025&supplier_code=00100007&order_time=2023-06-13 HTTP/1.1" 200 409
116.238.139.35 - - [13/Jun/2023:09:48:05 +0800] "GET /xingrg/all/function/internal_message.html?_=1686620777431&CODE_STATE=getMsg HTTP/1.1" 200 27
180.164.3.199 - - [13/Jun/2023:09:48:07 +0800] "GET /xingrg/kc/buy/cgsh_order_operate.html?command=get_materiel&rest_code=00108&code=00101009137&supplier_code=00100007&order_time=2023-06-13 HTTP/1.1" 200 410
124.79.244.240 - - [13/Jun/2023:09:48:09 +0800] "GET /xingrg/check_reg.html?_=1686620888884 HTTP/1.1" 200 22
124.79.244.240 - - [13/Jun/2023:09:48:09 +0800] "GET /xingrg/all/function/internal_message.html?_=1686620888886&CODE_STATE=getMsg HTTP/1.1" 200 27
172.20.0.100 - - [13/Jun/2023:09:48:11 +0800] "POST /xingrg/kc/base/stock_operate.html HTTP/1.1" 200 1484
172.20.0.100 - - [13/Jun/2023:09:48:12 +0800] "GET /xingrg/kc/base/stock_detail.html?m=00101016035 HTTP/1.1" 200 7388
172.20.0.100 - - [13/Jun/2023:09:48:14 +0800] "GET /xingrg/kc/base/stock_operate.html?_=1686620893680&command=get_report_file&start_day=20230601 HTTP/1.1" 200 53
172.20.0.100 - - [13/Jun/2023:09:48:14 +0800] "GET /xingrg/all/report/report_query.html?isQuery=1&onlyBody=1&rh=2000&fileName=kc/base/kc_stock_detail_new.xml&queryString=(1=1)&queryText=&tableQueryString=init_table$sp1$$sp$crk_table$sp1$order_day%20between%2020230601%20and%2020230630&varString=start_day:20230601,materiel_code:00101016035,cost_id:4397,end_date:20230531 HTTP/1.1" 200 48626
172.20.0.100 - - [13/Jun/2023:09:48:14 +0800] "GET /xingrg/dwr/interface/AjaxReportQueryService.js HTTP/1.1" 200 13203
172.20.0.100 - - [13/Jun/2023:09:48:14 +0800] "GET /xingrg/dwr/engine.js HTTP/1.1" 200 43631
172.20.0.100 - - [13/Jun/2023:09:48:15 +0800] "POST /xingrg/all/report/load_report_page.html HTTP/1.1" 200 30013
172.20.0.100 - - [13/Jun/2023:09:48:15 +0800] "GET /xingrg/servlets/image?cache=0.5253638633354546&image=px HTTP/1.1" 200 807
180.164.3.199 - - [13/Jun/2023:09:48:18 +0800] "GET /xingrg/kc/buy/cgsh_order_operate.html?command=get_materiel&rest_code=00108&code=00101009059&supplier_code=00100007&order_time=2023-06-13 HTTP/1.1" 200 408
222.70.180.90 - - [13/Jun/2023:09:48:19 +0800] "GET /xingrg/all/function/internal_message.html?_=1686620897919&CODE_STATE=getMsg HTTP/1.1" 200 27
101.83.145.52 - - [13/Jun/2023:09:48:21 +0800] "GET /xingrg/all/function/internal_message.html?_=1686620900994&CODE_STATE=getMsg HTTP/1.1" 200 27
101.83.241.120 - - [13/Jun/2023:09:48:21 +0800] "GET /xingrg/all/function/internal_message.html?_=1686620899693&CODE_STATE=getMsg HTTP/1.1" 200 27
180.169.147.146 - - [13/Jun/2023:09:48:21 +0800] "GET /xingrg/all/function/internal_message.html?_=1686620901802&CODE_STATE=getMsg HTTP/1.1" 200 27
172.20.0.100 - - [13/Jun/2023:09:48:26 +0800] "GET /xingrg/kc/guide/show_order.html?code=212023060501548&type=21 HTTP/1.1" 302 -
116.238.139.35 - - [13/Jun/2023:09:48:26 +0800] "GET /xingrg/all/function/internal_message.html?_=1686620905406&CODE_STATE=getMsg HTTP/1.1" 200 27
101.83.241.253 - - [13/Jun/2023:09:48:27 +0800] "GET /xingrg/all/function/internal_message.html?_=1686621013531&CODE_STATE=getMsg HTTP/1.1" 200 27
172.20.0.100 - - [13/Jun/2023:09:48:27 +0800] "GET /xingrg/kc/buy/cgsh_order_info.html?code=212023060501548&sysBaseUrl=http%3A%2F%2F172.20.0.8%3A18081%2Fxingrg%2F&costTime=0×tamp=1686620906690 HTTP/1.1" 200 66821
172.20.0.100 - - [13/Jun/2023:09:48:28 +0800] "GET /favicon.ico HTTP/1.1" 404 -
172.20.0.100 - - [13/Jun/2023:09:48:28 +0800] "GET /xingrg/javascript/easyui/themes/default/validatebox.css HTTP/1.1" 404 1104
172.20.0.100 - - [13/Jun/2023:09:48:29 +0800] "POST /xingrg/kc/buy/cgsh_order_operate.html HTTP/1.1" 200 6620
180.164.3.199 - - [13/Jun/2023:09:48:30 +0800] "GET /xingrg/kc/buy/cgsh_order_operate.html?command=get_materiel&rest_code=00108&code=00101009118&supplier_code=00100007&order_time=2023-06-13 HTTP/1.1" 200 405
61.170.233.201 - - [13/Jun/2023:09:48:30 +0800] "GET /xingrg/all/function/internal_message.html?_=1686620909637&CODE_STATE=getMsg HTTP/1.1" 200 27
116.232.195.127 - - [13/Jun/2023:09:48:32 +0800] "GET /xingrg/check_reg.html?_=1686620927625 HTTP/1.1" 200 22
116.232.195.127 - - [13/Jun/2023:09:48:32 +0800] "GET /xingrg/all/function/internal_message.html?_=1686620927627&CODE_STATE=getMsg HTTP/1.1" 200 27
172.20.0.100 - - [13/Jun/2023:09:48:36 +0800] "GET /xingrg/all/function/internal_message.html?_=1686620915858&CODE_STATE=getMsg HTTP/1.1" 200 27
180.164.3.199 - - [13/Jun/2023:09:48:40 +0800] "GET /xingrg/kc/buy/cgsh_order_operate.html?command=get_materiel&rest_code=00108&code=00101009062&supplier_code=00100007&order_time=2023-06-13 HTTP/1.1" 200 412
114.89.202.110 - - [13/Jun/2023:09:48:42 +0800] "GET /xingrg/all/function/internal_message.html?_=1686620922867&CODE_STATE=getMsg HTTP/1.1" 200 27
222.70.245.26 - - [13/Jun/2023:09:48:43 +0800] "GET /xingrg/all/function/internal_message.html?_=1686620924478&CODE_STATE=getMsg HTTP/1.1" 200 27
124.79.244.240 - - [13/Jun/2023:09:48:44 +0800] "GET /xingrg/all/function/internal_message.html?_=1686621205070&CODE_STATE=getMsg HTTP/1.1" 200 27
