180.169.147.146 - - [13/Jun/2023:11:40:21 +0800] "GET /xingrg/all/function/internal_message.html?_=1686627621005&CODE_STATE=getMsg HTTP/1.1" 200 27
180.169.147.146 - - [13/Jun/2023:11:40:21 +0800] "GET /xingrg/kc/buy/cgsh_order_operate.html?command=get_materiel&rest_code=00147&code=00101008061&supplier_code=00100007&order_time=2023-06-13 HTTP/1.1" 200 422
61.170.233.201 - - [13/Jun/2023:11:40:23 +0800] "GET /xingrg/kc/base/wldb_order_info.html?code=422023061301021 HTTP/1.1" 200 30397
61.170.233.201 - - [13/Jun/2023:11:40:23 +0800] "GET /xingrg/javascript/easyui/themes/default/validatebox.css HTTP/1.1" 404 1104
116.238.139.35 - - [13/Jun/2023:11:40:24 +0800] "GET /xingrg/all/function/internal_message.html?_=1686627622870&CODE_STATE=getMsg HTTP/1.1" 200 27
61.170.233.201 - - [13/Jun/2023:11:40:24 +0800] "POST /xingrg/kc/base/wldb_order_operate.html HTTP/1.1" 200 2189
101.83.241.120 - - [13/Jun/2023:11:40:25 +0800] "GET /xingrg/all/function/internal_message.html?_=1686627623815&CODE_STATE=getMsg HTTP/1.1" 200 27
222.70.114.12 - - [13/Jun/2023:11:40:25 +0800] "GET /xingrg/all/function/internal_message.html?_=1686627628003&CODE_STATE=getMsg HTTP/1.1" 200 27
101.83.241.253 - - [13/Jun/2023:11:40:25 +0800] "GET /xingrg/all/function/internal_message.html?_=1686627731912&CODE_STATE=getMsg HTTP/1.1" 200 27
101.83.241.120 - - [13/Jun/2023:11:40:26 +0800] "GET /xingrg/check_reg.html?_=1686627624321 HTTP/1.1" 200 22
61.170.233.201 - - [13/Jun/2023:11:40:29 +0800] "GET /xingrg/kc/base/wldb_order_operate.html?command=get_materiel&rest_code=00106&base_code=0010397&code=00102002287 HTTP/1.1" 200 439
101.83.241.253 - - [13/Jun/2023:11:40:29 +0800] "POST /xingrg/all/common/load_select.html HTTP/1.1" 200 25
180.163.30.76 - - [13/Jun/2023:11:40:30 +0800] "GET /xingrg/all/function/internal_message.html?_=1686627569512&CODE_STATE=getMsg HTTP/1.1" 302 -
180.163.30.76 - - [13/Jun/2023:11:40:30 +0800] "GET /xingrg/login.html HTTP/1.1" 200 7641
61.170.233.201 - - [13/Jun/2023:11:40:30 +0800] "GET /xingrg/all/function/internal_message.html?_=1686627629493&CODE_STATE=getMsg HTTP/1.1" 200 27
180.169.147.146 - - [13/Jun/2023:11:40:30 +0800] "GET /xingrg/kc/buy/cgsh_order_operate.html?command=get_materiel&rest_code=00147&code=00101008331&supplier_code=00100007&order_time=2023-06-13 HTTP/1.1" 200 416
61.170.233.201 - - [13/Jun/2023:11:40:31 +0800] "GET /xingrg/check_reg.html?_=1686627629932 HTTP/1.1" 200 22
180.169.147.146 - - [13/Jun/2023:11:40:32 +0800] "GET /xingrg/all/function/internal_message.html?_=1686627631419&CODE_STATE=getMsg HTTP/1.1" 200 27
116.232.195.127 - - [13/Jun/2023:11:40:33 +0800] "GET /xingrg/all/function/internal_message.html?_=1686627647626&CODE_STATE=getMsg HTTP/1.1" 200 27
101.83.241.253 - - [13/Jun/2023:11:40:34 +0800] "GET /xingrg/kc/buy/cgsh_order_operate.html?command=get_materiel_price&rest_code=00154&code=00101040049&unit_code=00100087&supplier_code=00100466&order_time=2023-06-13 HTTP/1.1" 200 29
172.20.0.100 - - [13/Jun/2023:11:40:36 +0800] "GET /xingrg/all/function/internal_message.html?_=1686627635843&CODE_STATE=getMsg HTTP/1.1" 200 27
222.70.180.90 - - [13/Jun/2023:11:40:36 +0800] "GET /xingrg/all/function/internal_message.html?_=1686627725249&CODE_STATE=getMsg HTTP/1.1" 200 27
172.20.0.100 - - [13/Jun/2023:11:40:36 +0800] "GET /xingrg/check_reg.html?_=1686627635846 HTTP/1.1" 200 22
114.85.113.108 - - [13/Jun/2023:11:40:37 +0800] "GET /xingrg/kc/buy/cgsh_order_operate.html?command=get_materiel&rest_code=00145&code=00101008352&supplier_code=00100556&order_time=2023-06-13 HTTP/1.1" 200 412
180.164.3.199 - - [13/Jun/2023:11:40:44 +0800] "GET /xingrg/all/function/internal_message.html?_=1686627644169&CODE_STATE=getMsg HTTP/1.1" 200 27
180.169.147.146 - - [13/Jun/2023:11:40:44 +0800] "GET /xingrg/all/function/internal_message.html?_=1686627643202&CODE_STATE=getMsg HTTP/1.1" 200 27
124.79.244.240 - - [13/Jun/2023:11:40:44 +0800] "GET /xingrg/all/function/internal_message.html?_=1686627925144&CODE_STATE=getMsg HTTP/1.1" 200 27
124.79.244.240 - - [13/Jun/2023:11:40:44 +0800] "GET /xingrg/check_reg.html?_=1686627925145 HTTP/1.1" 200 22
101.229.22.40 - - [13/Jun/2023:11:40:50 +0800] "GET /xingrg/all/function/internal_message.html?_=1686627649947&CODE_STATE=getMsg HTTP/1.1" 200 27
222.67.234.146 - - [13/Jun/2023:11:40:50 +0800] "GET /xingrg/all/function/internal_message.html?_=1686627148745&CODE_STATE=getMsg HTTP/1.1" 200 27
101.83.241.253 - - [13/Jun/2023:11:40:50 +0800] "GET /xingrg/kc/buy/cgsh_order_operate.html?command=get_materiel_price&rest_code=00154&code=00101040049&unit_code=00100088&supplier_code=00100466&order_time=2023-06-13 HTTP/1.1" 200 30
222.70.245.26 - - [13/Jun/2023:11:41:02 +0800] "GET /xingrg/all/function/internal_message.html?_=1686627663721&CODE_STATE=getMsg HTTP/1.1" 200 27
180.169.147.146 - - [13/Jun/2023:11:41:04 +0800] "GET /xingrg/check_reg.html?_=1686627664279 HTTP/1.1" 200 22
180.169.147.146 - - [13/Jun/2023:11:41:05 +0800] "GET /xingrg/kc/buy/cgsh_order_operate.html?command=get_materiel&rest_code=00147&code=00101015006&supplier_code=00100007&order_time=2023-06-13 HTTP/1.1" 200 413
114.89.202.110 - - [13/Jun/2023:11:41:06 +0800] "GET /xingrg/all/function/internal_message.html?_=1686627674463&CODE_STATE=getMsg HTTP/1.1" 200 27
180.169.147.146 - - [13/Jun/2023:11:41:08 +0800] "POST /xingrg/kc/buy/cgsh_order_operate.html HTTP/1.1" 200 2065
124.79.244.240 - - [13/Jun/2023:11:41:11 +0800] "GET /xingrg/all/function/internal_message.html?_=1686627670803&CODE_STATE=getMsg HTTP/1.1" 302 -
180.169.147.146 - - [13/Jun/2023:11:41:15 +0800] "GET /xingrg/kc/buy/cgsh_order_operate.html?command=get_materiel&rest_code=00147&code=00101009018&supplier_code=00100007&order_time=2023-06-13 HTTP/1.1" 200 409
114.85.113.108 - - [13/Jun/2023:11:41:19 +0800] "GET /xingrg/all/function/internal_message.html?_=1686627678921&CODE_STATE=getMsg HTTP/1.1" 200 27
101.83.145.52 - - [13/Jun/2023:11:41:19 +0800] "GET /xingrg/all/function/internal_message.html?_=1686627678674&CODE_STATE=getMsg HTTP/1.1" 200 27
222.67.234.146 - - [13/Jun/2023:11:41:19 +0800] "GET /xingrg/kc/base/base_main.html HTTP/1.1" 200 12142
222.67.234.146 - - [13/Jun/2023:11:41:20 +0800] "GET /xingrg/kc/mdqp/qp_main.html HTTP/1.1" 200 10633
180.169.147.146 - - [13/Jun/2023:11:41:21 +0800] "GET /xingrg/all/function/internal_message.html?_=1686627680987&CODE_STATE=getMsg HTTP/1.1" 200 27
222.67.234.146 - - [13/Jun/2023:11:41:21 +0800] "GET /xingrg/images/yd/bt.gif HTTP/1.1" 404 1040
222.67.234.146 - - [13/Jun/2023:11:41:23 +0800] "GET /xingrg/kc/mdqp/pssh_order_list.html HTTP/1.1" 200 17844
116.238.139.35 - - [13/Jun/2023:11:41:24 +0800] "GET /xingrg/all/function/internal_message.html?_=1686627682856&CODE_STATE=getMsg HTTP/1.1" 200 27
222.67.234.146 - - [13/Jun/2023:11:41:24 +0800] "POST /xingrg/kc/mdqp/pssh_list_operate.html HTTP/1.1" 200 5218
101.83.241.120 - - [13/Jun/2023:11:41:25 +0800] "GET /xingrg/all/function/internal_message.html?_=1686627683794&CODE_STATE=getMsg HTTP/1.1" 200 27
222.70.114.12 - - [13/Jun/2023:11:41:25 +0800] "GET /xingrg/all/function/internal_message.html?_=1686627688005&CODE_STATE=getMsg HTTP/1.1" 200 27
222.70.114.12 - - [13/Jun/2023:11:41:25 +0800] "GET /xingrg/check_reg.html?_=1686627688006 HTTP/1.1" 200 22
101.83.241.253 - - [13/Jun/2023:11:41:25 +0800] "GET /xingrg/all/function/internal_message.html?_=1686627791894&CODE_STATE=getMsg HTTP/1.1" 200 27
180.163.30.100 - - [13/Jun/2023:11:41:28 +0800] "GET /xingrg/kc/base/wldb_order_operate.html?command=get_materiel&rest_code=00106&base_code=0010397&code=00102002287 HTTP/1.1" 302 -
180.163.30.100 - - [13/Jun/2023:11:41:28 +0800] "GET /xingrg/login.html HTTP/1.1" 200 7641
180.169.147.146 - - [13/Jun/2023:11:41:29 +0800] "GET /xingrg/kc/buy/cgsh_order_operate.html?command=get_materiel&rest_code=00147&code=00101015110&supplier_code=00100007&order_time=2023-06-13 HTTP/1.1" 200 413
61.170.233.201 - - [13/Jun/2023:11:41:30 +0800] "GET /xingrg/all/function/internal_message.html?_=1686627689472&CODE_STATE=getMsg HTTP/1.1" 200 27
180.169.147.146 - - [13/Jun/2023:11:41:32 +0800] "GET /xingrg/all/function/internal_message.html?_=1686627691401&CODE_STATE=getMsg HTTP/1.1" 200 27
116.232.195.127 - - [13/Jun/2023:11:41:33 +0800] "GET /xingrg/all/function/internal_message.html?_=1686627707626&CODE_STATE=getMsg HTTP/1.1" 200 27
180.169.147.146 - - [13/Jun/2023:11:41:33 +0800] "GET /xingrg/check_reg.html?_=1686627692577 HTTP/1.1" 200 22
222.70.180.90 - - [13/Jun/2023:11:41:36 +0800] "GET /xingrg/all/function/internal_message.html?_=1686627785229&CODE_STATE=getMsg HTTP/1.1" 200 27
172.20.0.100 - - [13/Jun/2023:11:41:36 +0800] "GET /xingrg/all/function/internal_message.html?_=1686627695847&CODE_STATE=getMsg HTTP/1.1" 200 27
222.67.234.146 - - [13/Jun/2023:11:41:36 +0800] "POST /xingrg/kc/mdqp/pssh_list_operate.html HTTP/1.1" 200 267
222.67.234.146 - - [13/Jun/2023:11:41:37 +0800] "GET /xingrg/kc/mdqp/pssh_order_info.html?code=312023061200221 HTTP/1.1" 200 17281
222.67.234.146 - - [13/Jun/2023:11:41:37 +0800] "GET /xingrg/javascript/jquery_tools/jquery-1.4.2.min.js HTTP/1.1" 404 1094
222.67.234.146 - - [13/Jun/2023:11:41:37 +0800] "GET /xingrg/words/20230612075447_words.js HTTP/1.1" 304 -
222.67.234.146 - - [13/Jun/2023:11:41:37 +0800] "GET /xingrg/javascript/easyui/themes/icons/back_new.png HTTP/1.1" 200 3414
222.67.234.146 - - [13/Jun/2023:11:41:37 +0800] "GET /xingrg/javascript/easyui/themes/default/validatebox.css HTTP/1.1" 404 1104
222.67.234.146 - - [13/Jun/2023:11:41:37 +0800] "GET /xingrg/all/common/auto_word.html?type=base&rest_code=00141&rest_code=00141 HTTP/1.1" 200 1799
222.67.234.146 - - [13/Jun/2023:11:41:37 +0800] "GET /xingrg/all/common/auto_word.html?type=employee&rest_code=00141 HTTP/1.1" 200 201
222.67.234.146 - - [13/Jun/2023:11:41:37 +0800] "POST /xingrg/kc/mdqp/pssh_order_operate.html HTTP/1.1" 200 541
180.169.147.146 - - [13/Jun/2023:11:41:41 +0800] "GET /xingrg/kc/buy/cgsh_order_operate.html?command=get_materiel&rest_code=00147&code=00101009044&supplier_code=00100007&order_time=2023-06-13 HTTP/1.1" 200 413
180.169.147.146 - - [13/Jun/2023:11:41:44 +0800] "GET /xingrg/all/function/internal_message.html?_=1686627703196&CODE_STATE=getMsg HTTP/1.1" 200 27
180.164.3.199 - - [13/Jun/2023:11:41:44 +0800] "GET /xingrg/all/function/internal_message.html?_=1686627704160&CODE_STATE=getMsg HTTP/1.1" 200 27
124.79.244.240 - - [13/Jun/2023:11:41:44 +0800] "GET /xingrg/all/function/internal_message.html?_=1686627985143&CODE_STATE=getMsg HTTP/1.1" 200 27
101.83.241.253 - - [13/Jun/2023:11:41:45 +0800] "GET /xingrg/kc/buy/cgsh_order_operate.html?command=get_materiel&rest_code=00154&code=00101001060&supplier_code=00100466&order_time=2023-06-13 HTTP/1.1" 200 419
180.164.3.199 - - [13/Jun/2023:11:41:46 +0800] "GET /xingrg/check_reg.html?_=1686627706109 HTTP/1.1" 200 22
222.67.234.146 - - [13/Jun/2023:11:41:49 +0800] "POST /xingrg/kc/mdqp/pssh_list_operate.html HTTP/1.1" 200 255
101.229.22.40 - - [13/Jun/2023:11:41:50 +0800] "GET /xingrg/all/function/internal_message.html?_=1686627709951&CODE_STATE=getMsg HTTP/1.1" 200 27
222.67.234.146 - - [13/Jun/2023:11:41:50 +0800] "GET /xingrg/all/function/internal_message.html?_=1686627208745&CODE_STATE=getMsg HTTP/1.1" 200 27
222.67.234.146 - - [13/Jun/2023:11:41:50 +0800] "POST /xingrg/kc/mdqp/pssh_list_operate.html HTTP/1.1" 200 1907
222.67.234.146 - - [13/Jun/2023:11:41:50 +0800] "GET /xingrg/check_reg.html?_=1686627208744 HTTP/1.1" 200 22
222.67.234.146 - - [13/Jun/2023:11:41:50 +0800] "GET /xingrg/kc/mdqp/pssh_order_info.html?code=312023061100219 HTTP/1.1" 200 17281
222.67.234.146 - - [13/Jun/2023:11:41:50 +0800] "GET /xingrg/javascript/jquery_tools/jquery-1.4.2.min.js HTTP/1.1" 404 1094
222.67.234.146 - - [13/Jun/2023:11:41:51 +0800] "GET /xingrg/javascript/easyui/themes/default/validatebox.css HTTP/1.1" 404 1104
222.67.234.146 - - [13/Jun/2023:11:41:51 +0800] "POST /xingrg/kc/mdqp/pssh_order_operate.html HTTP/1.1" 200 528
222.67.234.146 - - [13/Jun/2023:11:41:57 +0800] "GET /xingrg/kc/mdqp/qp_main.html HTTP/1.1" 200 10633
222.67.234.146 - - [13/Jun/2023:11:41:57 +0800] "GET /xingrg/images/yd/bt.gif HTTP/1.1" 404 1040
222.67.234.146 - - [13/Jun/2023:11:41:58 +0800] "GET /xingrg/kc/mdqp/pssh_order_list.html HTTP/1.1" 200 17844
222.67.234.146 - - [13/Jun/2023:11:41:58 +0800] "POST /xingrg/kc/mdqp/pssh_list_operate.html HTTP/1.1" 200 5218
222.70.245.26 - - [13/Jun/2023:11:42:02 +0800] "GET /xingrg/all/function/internal_message.html?_=1686627724075&CODE_STATE=getMsg HTTP/1.1" 200 27
222.67.234.146 - - [13/Jun/2023:11:42:03 +0800] "POST /xingrg/kc/mdqp/pssh_list_operate.html HTTP/1.1" 200 256
222.67.234.146 - - [13/Jun/2023:11:42:04 +0800] "GET /xingrg/kc/mdqp/pssh_order_info.html?code=312023061100217 HTTP/1.1" 200 17272
222.67.234.146 - - [13/Jun/2023:11:42:04 +0800] "GET /xingrg/javascript/jquery_tools/jquery-1.4.2.min.js HTTP/1.1" 404 1094
222.67.234.146 - - [13/Jun/2023:11:42:04 +0800] "GET /xingrg/javascript/easyui/themes/default/validatebox.css HTTP/1.1" 404 1104
222.67.234.146 - - [13/Jun/2023:11:42:04 +0800] "POST /xingrg/kc/mdqp/pssh_order_operate.html HTTP/1.1" 200 525
180.169.147.146 - - [13/Jun/2023:11:42:06 +0800] "GET /xingrg/kc/buy/cgsh_order_operate.html?command=get_materiel&rest_code=00147&code=00101008286&supplier_code=00100007&order_time=2023-06-13 HTTP/1.1" 200 408
114.89.202.110 - - [13/Jun/2023:11:42:06 +0800] "GET /xingrg/all/function/internal_message.html?_=1686627734466&CODE_STATE=getMsg HTTP/1.1" 200 27
222.67.234.146 - - [13/Jun/2023:11:42:09 +0800] "GET /xingrg/css/images/panel_loading.gif HTTP/1.1" 200 1737
222.67.234.146 - - [13/Jun/2023:11:42:09 +0800] "POST /xingrg/all/common/load_combo.html?type=base&rest_code=00141 HTTP/1.1" 200 3227
124.79.244.240 - - [13/Jun/2023:11:42:11 +0800] "GET /xingrg/all/function/internal_message.html?_=1686627730798&CODE_STATE=getMsg HTTP/1.1" 302 -
101.83.241.253 - - [13/Jun/2023:11:42:12 +0800] "GET /xingrg/check_reg.html?_=1686627838789 HTTP/1.1" 200 22
222.67.234.146 - - [13/Jun/2023:11:42:16 +0800] "GET /xingrg/kc/base/base_main.html HTTP/1.1" 200 12142
222.67.234.146 - - [13/Jun/2023:11:42:17 +0800] "GET /xingrg/kc/mdqp/qp_main.html HTTP/1.1" 200 10633
222.67.234.146 - - [13/Jun/2023:11:42:17 +0800] "GET /xingrg/images/yd/bt.gif HTTP/1.1" 404 1040
222.67.234.146 - - [13/Jun/2023:11:42:18 +0800] "GET /xingrg/kc/mdqp/pssh_order_list.html HTTP/1.1" 200 17844
222.67.234.146 - - [13/Jun/2023:11:42:18 +0800] "POST /xingrg/kc/mdqp/pssh_list_operate.html HTTP/1.1" 200 5218
180.169.147.146 - - [13/Jun/2023:11:42:18 +0800] "POST /xingrg/kc/buy/cgsh_order_operate.html HTTP/1.1" 200 37
114.85.113.108 - - [13/Jun/2023:11:42:19 +0800] "GET /xingrg/all/function/internal_message.html?_=1686627738902&CODE_STATE=getMsg HTTP/1.1" 200 27
101.83.145.52 - - [13/Jun/2023:11:42:19 +0800] "GET /xingrg/all/function/internal_message.html?_=1686627738654&CODE_STATE=getMsg HTTP/1.1" 200 27
222.67.234.146 - - [13/Jun/2023:11:42:20 +0800] "POST /xingrg/kc/mdqp/pssh_list_operate.html HTTP/1.1" 200 753
180.169.147.146 - - [13/Jun/2023:11:42:21 +0800] "GET /xingrg/all/function/internal_message.html?_=1686627740972&CODE_STATE=getMsg HTTP/1.1" 200 27
222.67.234.146 - - [13/Jun/2023:11:42:21 +0800] "GET /xingrg/kc/mdqp/pssh_order_info.html?code=312023061100214 HTTP/1.1" 200 17303
222.67.234.146 - - [13/Jun/2023:11:42:21 +0800] "GET /xingrg/javascript/jquery_tools/jquery-1.4.2.min.js HTTP/1.1" 404 1094
222.67.234.146 - - [13/Jun/2023:11:42:21 +0800] "GET /xingrg/javascript/easyui/themes/default/validatebox.css HTTP/1.1" 404 1104
222.67.234.146 - - [13/Jun/2023:11:42:21 +0800] "POST /xingrg/kc/mdqp/pssh_order_operate.html HTTP/1.1" 200 7326
120.253.135.82 - - [13/Jun/2023:11:42:22 +0800] "GET /xingrg/check_reg.html?_=1686627576593 HTTP/1.1" 200 22
116.238.139.35 - - [13/Jun/2023:11:42:24 +0800] "GET /xingrg/all/function/internal_message.html?_=1686627742841&CODE_STATE=getMsg HTTP/1.1" 200 27
101.83.241.120 - - [13/Jun/2023:11:42:25 +0800] "GET /xingrg/all/function/internal_message.html?_=1686627743769&CODE_STATE=getMsg HTTP/1.1" 200 27
222.70.114.12 - - [13/Jun/2023:11:42:25 +0800] "GET /xingrg/all/function/internal_message.html?_=1686627748009&CODE_STATE=getMsg HTTP/1.1" 200 27
101.83.241.253 - - [13/Jun/2023:11:42:25 +0800] "GET /xingrg/all/function/internal_message.html?_=1686627851872&CODE_STATE=getMsg HTTP/1.1" 200 27
180.169.147.146 - - [13/Jun/2023:11:42:25 +0800] "POST /xingrg/kc/buy/cgsh_order_operate.html HTTP/1.1" 200 28107
180.169.147.146 - - [13/Jun/2023:11:42:27 +0800] "GET /xingrg/kc/print/load_data.html?order_code=212023061304559&kc_code=cgsh&condition= HTTP/1.1" 200 10367
61.170.233.201 - - [13/Jun/2023:11:42:30 +0800] "GET /xingrg/all/function/internal_message.html?_=1686627749455&CODE_STATE=getMsg HTTP/1.1" 200 27
180.169.147.146 - - [13/Jun/2023:11:42:32 +0800] "GET /xingrg/all/function/internal_message.html?_=1686627751387&CODE_STATE=getMsg HTTP/1.1" 200 27
116.232.195.127 - - [13/Jun/2023:11:42:33 +0800] "GET /xingrg/all/function/internal_message.html?_=1686627767615&CODE_STATE=getMsg HTTP/1.1" 200 27
222.70.180.90 - - [13/Jun/2023:11:42:36 +0800] "GET /xingrg/all/function/internal_message.html?_=1686627845204&CODE_STATE=getMsg HTTP/1.1" 200 27
172.20.0.100 - - [13/Jun/2023:11:42:36 +0800] "GET /xingrg/all/function/internal_message.html?_=1686627755850&CODE_STATE=getMsg HTTP/1.1" 200 27
222.70.245.26 - - [13/Jun/2023:11:42:39 +0800] "GET /xingrg/check_reg.html?_=1686627760895 HTTP/1.1" 200 22
180.169.147.146 - - [13/Jun/2023:11:42:44 +0800] "GET /xingrg/all/function/internal_message.html?_=1686627763196&CODE_STATE=getMsg HTTP/1.1" 200 27
180.169.147.146 - - [13/Jun/2023:11:42:44 +0800] "GET /xingrg/check_reg.html?_=1686627763197 HTTP/1.1" 200 22
180.164.3.199 - - [13/Jun/2023:11:42:44 +0800] "GET /xingrg/all/function/internal_message.html?_=1686627764145&CODE_STATE=getMsg HTTP/1.1" 200 27
124.79.244.240 - - [13/Jun/2023:11:42:44 +0800] "GET /xingrg/all/function/internal_message.html?_=1686628045156&CODE_STATE=getMsg HTTP/1.1" 200 27
101.229.22.40 - - [13/Jun/2023:11:42:50 +0800] "GET /xingrg/all/function/internal_message.html?_=1686627769950&CODE_STATE=getMsg HTTP/1.1" 200 27
222.67.234.146 - - [13/Jun/2023:11:42:55 +0800] "GET /xingrg/all/function/internal_message.html?_=1686627273683&CODE_STATE=getMsg HTTP/1.1" 200 27
222.67.234.146 - - [13/Jun/2023:11:42:57 +0800] "POST /xingrg/all/common/load_combo.html?type=employee HTTP/1.1" 200 362
222.70.245.26 - - [13/Jun/2023:11:43:02 +0800] "GET /xingrg/all/function/internal_message.html?_=1686627784099&CODE_STATE=getMsg HTTP/1.1" 200 27
222.67.234.146 - - [13/Jun/2023:11:43:03 +0800] "POST /xingrg/kc/mdqp/pssh_order_operate.html HTTP/1.1" 200 37
222.67.234.146 - - [13/Jun/2023:11:43:06 +0800] "POST /xingrg/kc/mdqp/pssh_order_operate.html HTTP/1.1" 200 12
114.89.202.110 - - [13/Jun/2023:11:43:06 +0800] "GET /xingrg/all/function/internal_message.html?_=1686627794470&CODE_STATE=getMsg HTTP/1.1" 200 27
222.67.234.146 - - [13/Jun/2023:11:43:08 +0800] "GET /xingrg/kc/mdqp/pssh_order_info.html?code=312023061100214 HTTP/1.1" 200 14392
222.67.234.146 - - [13/Jun/2023:11:43:08 +0800] "GET /xingrg/javascript/jquery_tools/jquery-1.4.2.min.js HTTP/1.1" 404 1094
222.67.234.146 - - [13/Jun/2023:11:43:08 +0800] "GET /xingrg/javascript/easyui/themes/default/validatebox.css HTTP/1.1" 404 1104
222.67.234.146 - - [13/Jun/2023:11:43:08 +0800] "POST /xingrg/kc/mdqp/pssh_order_operate.html HTTP/1.1" 200 7326
222.67.234.146 - - [13/Jun/2023:11:43:10 +0800] "GET /xingrg/kc/print/load_config.html?kc_code=pssh HTTP/1.1" 200 2368
222.67.234.146 - - [13/Jun/2023:11:43:11 +0800] "GET /xingrg/kc/print/load_data.html?order_code=312023061100214&kc_code=pssh&condition= HTTP/1.1" 200 2961
124.79.244.240 - - [13/Jun/2023:11:43:11 +0800] "GET /xingrg/all/function/internal_message.html?_=1686627790806&CODE_STATE=getMsg HTTP/1.1" 302 -
101.83.241.253 - - [13/Jun/2023:11:43:17 +0800] "POST /xingrg/kc/buy/cgsh_order_operate.html HTTP/1.1" 200 37
114.85.113.108 - - [13/Jun/2023:11:43:19 +0800] "GET /xingrg/all/function/internal_message.html?_=1686627798881&CODE_STATE=getMsg HTTP/1.1" 200 27
101.83.145.52 - - [13/Jun/2023:11:43:19 +0800] "GET /xingrg/all/function/internal_message.html?_=1686627798637&CODE_STATE=getMsg HTTP/1.1" 200 27
180.169.147.146 - - [13/Jun/2023:11:43:20 +0800] "GET /xingrg/all/function/internal_message.html?_=1686627800948&CODE_STATE=getMsg HTTP/1.1" 200 27
101.83.241.253 - - [13/Jun/2023:11:43:21 +0800] "POST /xingrg/kc/buy/cgsh_order_operate.html HTTP/1.1" 200 4448
116.238.139.35 - - [13/Jun/2023:11:43:24 +0800] "GET /xingrg/all/function/internal_message.html?_=1686627802821&CODE_STATE=getMsg HTTP/1.1" 200 27
222.67.234.146 - - [13/Jun/2023:11:43:24 +0800] "POST /xingrg/kc/mdqp/pssh_list_operate.html HTTP/1.1" 200 787
116.238.139.35 - - [13/Jun/2023:11:43:25 +0800] "GET /xingrg/check_reg.html?_=1686627803888 HTTP/1.1" 200 22
222.67.234.146 - - [13/Jun/2023:11:43:25 +0800] "GET /xingrg/kc/mdqp/pssh_order_info.html?code=312023061100211 HTTP/1.1" 200 17303
222.67.234.146 - - [13/Jun/2023:11:43:25 +0800] "GET /xingrg/javascript/jquery_tools/jquery-1.4.2.min.js HTTP/1.1" 404 1094
101.83.241.120 - - [13/Jun/2023:11:43:25 +0800] "GET /xingrg/all/function/internal_message.html?_=1686627803741&CODE_STATE=getMsg HTTP/1.1" 200 27
222.70.114.12 - - [13/Jun/2023:11:43:25 +0800] "GET /xingrg/all/function/internal_message.html?_=1686627808011&CODE_STATE=getMsg HTTP/1.1" 200 27
101.83.241.253 - - [13/Jun/2023:11:43:25 +0800] "GET /xingrg/all/function/internal_message.html?_=1686627911845&CODE_STATE=getMsg HTTP/1.1" 200 27
222.67.234.146 - - [13/Jun/2023:11:43:25 +0800] "GET /xingrg/javascript/easyui/themes/default/validatebox.css HTTP/1.1" 404 1104
222.67.234.146 - - [13/Jun/2023:11:43:25 +0800] "POST /xingrg/kc/mdqp/pssh_order_operate.html HTTP/1.1" 200 9097
222.67.234.146 - - [13/Jun/2023:11:43:29 +0800] "POST /xingrg/all/common/load_combo.html?type=employee HTTP/1.1" 200 362
180.163.29.206 - - [13/Jun/2023:11:43:30 +0800] "GET /xingrg/all/function/internal_message.html?_=1686627749455&CODE_STATE=getMsg HTTP/1.1" 302 -
180.163.29.206 - - [13/Jun/2023:11:43:30 +0800] "GET /xingrg/login.html HTTP/1.1" 200 7641
61.170.233.201 - - [13/Jun/2023:11:43:30 +0800] "GET /xingrg/all/function/internal_message.html?_=1686627809441&CODE_STATE=getMsg HTTP/1.1" 200 27
222.70.180.90 - - [13/Jun/2023:11:43:31 +0800] "GET /xingrg/check_reg.html?_=1686627900187 HTTP/1.1" 200 22
114.85.113.108 - - [13/Jun/2023:11:43:31 +0800] "GET /xingrg/kc/buy/cgsh_order_operate.html?command=get_materiel&rest_code=00145&code=00101008298&supplier_code=00100556&order_time=2023-06-13 HTTP/1.1" 200 413
180.169.147.146 - - [13/Jun/2023:11:43:32 +0800] "GET /xingrg/all/function/internal_message.html?_=1686627811366&CODE_STATE=getMsg HTTP/1.1" 200 27
116.232.195.127 - - [13/Jun/2023:11:43:33 +0800] "GET /xingrg/all/function/internal_message.html?_=1686627827625&CODE_STATE=getMsg HTTP/1.1" 200 27
116.232.195.127 - - [13/Jun/2023:11:43:33 +0800] "GET /xingrg/check_reg.html?_=1686627827634 HTTP/1.1" 200 22
222.67.234.146 - - [13/Jun/2023:11:43:34 +0800] "POST /xingrg/kc/mdqp/pssh_order_operate.html HTTP/1.1" 200 37
222.70.180.90 - - [13/Jun/2023:11:43:36 +0800] "GET /xingrg/all/function/internal_message.html?_=1686627905200&CODE_STATE=getMsg HTTP/1.1" 200 27
172.20.0.100 - - [13/Jun/2023:11:43:36 +0800] "GET /xingrg/all/function/internal_message.html?_=1686627815855&CODE_STATE=getMsg HTTP/1.1" 200 27
222.67.234.146 - - [13/Jun/2023:11:43:39 +0800] "POST /xingrg/kc/mdqp/pssh_order_operate.html HTTP/1.1" 200 12
222.67.234.146 - - [13/Jun/2023:11:43:42 +0800] "GET /xingrg/kc/mdqp/pssh_order_info.html?code=312023061100211 HTTP/1.1" 200 14392
222.67.234.146 - - [13/Jun/2023:11:43:42 +0800] "GET /xingrg/javascript/jquery_tools/jquery-1.4.2.min.js HTTP/1.1" 404 1094
222.67.234.146 - - [13/Jun/2023:11:43:42 +0800] "GET /xingrg/javascript/easyui/themes/default/validatebox.css HTTP/1.1" 404 1104
222.67.234.146 - - [13/Jun/2023:11:43:42 +0800] "POST /xingrg/kc/mdqp/pssh_order_operate.html HTTP/1.1" 200 9097
222.67.234.146 - - [13/Jun/2023:11:43:44 +0800] "GET /xingrg/kc/print/load_data.html?order_code=312023061100211&kc_code=pssh&condition= HTTP/1.1" 200 3703
180.164.3.199 - - [13/Jun/2023:11:43:44 +0800] "GET /xingrg/all/function/internal_message.html?_=1686627824137&CODE_STATE=getMsg HTTP/1.1" 200 27
180.169.147.146 - - [13/Jun/2023:11:43:44 +0800] "GET /xingrg/all/function/internal_message.html?_=1686627823196&CODE_STATE=getMsg HTTP/1.1" 200 27
124.79.244.240 - - [13/Jun/2023:11:43:44 +0800] "GET /xingrg/all/function/internal_message.html?_=1686628105155&CODE_STATE=getMsg HTTP/1.1" 200 27
101.229.22.40 - - [13/Jun/2023:11:43:50 +0800] "GET /xingrg/all/function/internal_message.html?_=1686627829950&CODE_STATE=getMsg HTTP/1.1" 200 27
222.67.234.146 - - [13/Jun/2023:11:43:55 +0800] "GET /xingrg/all/function/internal_message.html?_=1686627333662&CODE_STATE=getMsg HTTP/1.1" 200 27
222.70.245.26 - - [13/Jun/2023:11:44:02 +0800] "GET /xingrg/all/function/internal_message.html?_=1686627844106&CODE_STATE=getMsg HTTP/1.1" 200 27
114.85.113.108 - - [13/Jun/2023:11:44:05 +0800] "GET /xingrg/kc/buy/cgsh_order_operate.html?command=get_materiel&rest_code=00145&code=00101008261&supplier_code=00100556&order_time=2023-06-13 HTTP/1.1" 200 408
222.67.234.146 - - [13/Jun/2023:11:44:06 +0800] "POST /xingrg/kc/mdqp/pssh_list_operate.html HTTP/1.1" 200 1907
114.89.202.110 - - [13/Jun/2023:11:44:06 +0800] "GET /xingrg/all/function/internal_message.html?_=1686627854474&CODE_STATE=getMsg HTTP/1.1" 200 27
124.79.244.240 - - [13/Jun/2023:11:44:11 +0800] "GET /xingrg/all/function/internal_message.html?_=1686627850797&CODE_STATE=getMsg HTTP/1.1" 302 -
124.79.244.240 - - [13/Jun/2023:11:44:11 +0800] "GET /xingrg/check_reg.html?_=1686627850799 HTTP/1.1" 302 -
222.67.234.146 - - [13/Jun/2023:11:44:13 +0800] "GET /xingrg/kc/mdqp/qp_main.html HTTP/1.1" 200 10633
222.67.234.146 - - [13/Jun/2023:11:44:15 +0800] "GET /xingrg/kc/mdqp/pssh_order_list.html HTTP/1.1" 200 17844
222.67.234.146 - - [13/Jun/2023:11:44:15 +0800] "POST /xingrg/kc/mdqp/pssh_list_operate.html HTTP/1.1" 200 5268
114.85.113.108 - - [13/Jun/2023:11:44:18 +0800] "POST /xingrg/kc/buy/cgsh_order_operate.html HTTP/1.1" 200 37
101.83.145.52 - - [13/Jun/2023:11:44:19 +0800] "GET /xingrg/all/function/internal_message.html?_=1686627858618&CODE_STATE=getMsg HTTP/1.1" 200 27
180.169.147.146 - - [13/Jun/2023:11:44:20 +0800] "GET /xingrg/all/function/internal_message.html?_=1686627860936&CODE_STATE=getMsg HTTP/1.1" 200 27
101.83.145.52 - - [13/Jun/2023:11:44:21 +0800] "GET /xingrg/check_reg.html?_=1686627861301 HTTP/1.1" 200 22
116.238.139.35 - - [13/Jun/2023:11:44:24 +0800] "GET /xingrg/all/function/internal_message.html?_=1686627862798&CODE_STATE=getMsg HTTP/1.1" 200 27
101.83.241.120 - - [13/Jun/2023:11:44:25 +0800] "GET /xingrg/all/function/internal_message.html?_=1686627863711&CODE_STATE=getMsg HTTP/1.1" 200 27
101.83.241.253 - - [13/Jun/2023:11:44:25 +0800] "GET /xingrg/all/function/internal_message.html?_=1686627971831&CODE_STATE=getMsg HTTP/1.1" 200 27
222.70.114.12 - - [13/Jun/2023:11:44:25 +0800] "GET /xingrg/all/function/internal_message.html?_=1686627868013&CODE_STATE=getMsg HTTP/1.1" 200 27
114.85.113.108 - - [13/Jun/2023:11:44:29 +0800] "POST /xingrg/kc/buy/cgsh_order_operate.html HTTP/1.1" 200 12
61.170.233.201 - - [13/Jun/2023:11:44:30 +0800] "GET /xingrg/all/function/internal_message.html?_=1686627869424&CODE_STATE=getMsg HTTP/1.1" 200 27
222.67.234.146 - - [13/Jun/2023:11:44:31 +0800] "POST /xingrg/kc/mdqp/pssh_list_operate.html HTTP/1.1" 200 776
180.169.147.146 - - [13/Jun/2023:11:44:32 +0800] "GET /xingrg/all/function/internal_message.html?_=1686627871350&CODE_STATE=getMsg HTTP/1.1" 200 27
114.85.113.108 - - [13/Jun/2023:11:44:33 +0800] "GET /xingrg/kc/buy/cgsh_order_info.html?code=212023061304561 HTTP/1.1" 200 65741
116.232.195.127 - - [13/Jun/2023:11:44:33 +0800] "GET /xingrg/all/function/internal_message.html?_=1686627887624&CODE_STATE=getMsg HTTP/1.1" 200 27
222.67.234.146 - - [13/Jun/2023:11:44:33 +0800] "GET /xingrg/kc/mdqp/pssh_order_info.html?code=312023061100212 HTTP/1.1" 200 17299
222.67.234.146 - - [13/Jun/2023:11:44:33 +0800] "GET /xingrg/javascript/jquery_tools/jquery-1.4.2.min.js HTTP/1.1" 404 1094
114.85.113.108 - - [13/Jun/2023:11:44:33 +0800] "GET /xingrg/javascript/easyui/themes/default/validatebox.css HTTP/1.1" 404 1104
222.67.234.146 - - [13/Jun/2023:11:44:33 +0800] "GET /xingrg/javascript/easyui/themes/default/validatebox.css HTTP/1.1" 404 1104
222.67.234.146 - - [13/Jun/2023:11:44:33 +0800] "POST /xingrg/kc/mdqp/pssh_order_operate.html HTTP/1.1" 200 3718
114.85.113.108 - - [13/Jun/2023:11:44:34 +0800] "POST /xingrg/kc/buy/cgsh_order_operate.html HTTP/1.1" 200 9460
222.70.180.90 - - [13/Jun/2023:11:44:36 +0800] "GET /xingrg/all/function/internal_message.html?_=1686627965200&CODE_STATE=getMsg HTTP/1.1" 200 27
222.67.234.146 - - [13/Jun/2023:11:44:36 +0800] "POST /xingrg/all/common/load_combo.html?type=employee HTTP/1.1" 200 362
172.20.0.100 - - [13/Jun/2023:11:44:36 +0800] "GET /xingrg/all/function/internal_message.html?_=1686627875857&CODE_STATE=getMsg HTTP/1.1" 200 27
114.85.113.108 - - [13/Jun/2023:11:44:38 +0800] "GET /xingrg/kc/print/load_data.html?order_code=212023061304561&kc_code=cgsh&condition= HTTP/1.1" 200 4033
222.67.234.146 - - [13/Jun/2023:11:44:41 +0800] "POST /xingrg/kc/mdqp/pssh_order_operate.html HTTP/1.1" 200 37
114.85.113.108 - - [13/Jun/2023:11:44:44 +0800] "GET /xingrg/kc/buy/cgsh_order_add.html HTTP/1.1" 200 70831
180.164.3.199 - - [13/Jun/2023:11:44:44 +0800] "GET /xingrg/all/function/internal_message.html?_=1686627884125&CODE_STATE=getMsg HTTP/1.1" 200 27
180.169.147.146 - - [13/Jun/2023:11:44:44 +0800] "GET /xingrg/all/function/internal_message.html?_=1686627883210&CODE_STATE=getMsg HTTP/1.1" 200 27
124.79.244.240 - - [13/Jun/2023:11:44:44 +0800] "GET /xingrg/all/function/internal_message.html?_=1686628165153&CODE_STATE=getMsg HTTP/1.1" 200 27
114.85.113.108 - - [13/Jun/2023:11:44:44 +0800] "POST /xingrg/kc/buy/cgsh_order_operate.html HTTP/1.1" 200 8245
114.85.113.108 - - [13/Jun/2023:11:44:44 +0800] "GET /xingrg/javascript/easyui/themes/default/validatebox.css HTTP/1.1" 404 1104
222.67.234.146 - - [13/Jun/2023:11:44:46 +0800] "POST /xingrg/kc/mdqp/pssh_order_operate.html HTTP/1.1" 200 12
222.67.234.146 - - [13/Jun/2023:11:44:48 +0800] "GET /xingrg/kc/mdqp/pssh_order_info.html?code=312023061100212 HTTP/1.1" 200 14388
222.67.234.146 - - [13/Jun/2023:11:44:48 +0800] "GET /xingrg/javascript/jquery_tools/jquery-1.4.2.min.js HTTP/1.1" 404 1094
222.67.234.146 - - [13/Jun/2023:11:44:48 +0800] "GET /xingrg/javascript/easyui/themes/default/validatebox.css HTTP/1.1" 404 1104
222.67.234.146 - - [13/Jun/2023:11:44:48 +0800] "POST /xingrg/kc/mdqp/pssh_order_operate.html HTTP/1.1" 200 3718
101.229.22.40 - - [13/Jun/2023:11:44:50 +0800] "GET /xingrg/check_reg.html?_=1686627889952 HTTP/1.1" 200 22
101.229.22.40 - - [13/Jun/2023:11:44:50 +0800] "GET /xingrg/all/function/internal_message.html?_=1686627889954&CODE_STATE=getMsg HTTP/1.1" 200 27
222.67.234.146 - - [13/Jun/2023:11:44:51 +0800] "GET /xingrg/kc/print/load_data.html?order_code=312023061100212&kc_code=pssh&condition= HTTP/1.1" 200 1768
222.67.234.146 - - [13/Jun/2023:11:44:55 +0800] "GET /xingrg/all/function/internal_message.html?_=1686627393632&CODE_STATE=getMsg HTTP/1.1" 200 27
222.67.234.146 - - [13/Jun/2023:11:45:00 +0800] "POST /xingrg/kc/mdqp/pssh_list_operate.html HTTP/1.1" 200 360
222.67.234.146 - - [13/Jun/2023:11:45:00 +0800] "POST /xingrg/kc/mdqp/pssh_list_operate.html HTTP/1.1" 200 1907
222.67.234.146 - - [13/Jun/2023:11:45:01 +0800] "GET /xingrg/kc/mdqp/pssh_order_info.html?code=312023061100213 HTTP/1.1" 200 17299
222.67.234.146 - - [13/Jun/2023:11:45:01 +0800] "GET /xingrg/javascript/jquery_tools/jquery-1.4.2.min.js HTTP/1.1" 404 1094
222.67.234.146 - - [13/Jun/2023:11:45:01 +0800] "GET /xingrg/javascript/easyui/themes/default/validatebox.css HTTP/1.1" 404 1104
222.67.234.146 - - [13/Jun/2023:11:45:01 +0800] "POST /xingrg/kc/mdqp/pssh_order_operate.html HTTP/1.1" 200 1062
222.70.245.26 - - [13/Jun/2023:11:45:02 +0800] "GET /xingrg/all/function/internal_message.html?_=1686627904429&CODE_STATE=getMsg HTTP/1.1" 200 27
114.89.202.110 - - [13/Jun/2023:11:45:06 +0800] "GET /xingrg/check_reg.html?_=1686627914458 HTTP/1.1" 200 22
114.89.202.110 - - [13/Jun/2023:11:45:06 +0800] "GET /xingrg/all/function/internal_message.html?_=1686627914460&CODE_STATE=getMsg HTTP/1.1" 200 27
124.79.244.240 - - [13/Jun/2023:11:45:11 +0800] "GET /xingrg/all/function/internal_message.html?_=1686627910803&CODE_STATE=getMsg HTTP/1.1" 302 -
222.67.234.146 - - [13/Jun/2023:11:45:12 +0800] "POST /xingrg/all/common/load_combo.html?type=employee HTTP/1.1" 200 362
222.67.234.146 - - [13/Jun/2023:11:45:17 +0800] "POST /xingrg/kc/mdqp/pssh_order_operate.html HTTP/1.1" 200 37
114.85.113.108 - - [13/Jun/2023:11:45:19 +0800] "GET /xingrg/all/function/internal_message.html?_=1686627918901&CODE_STATE=getMsg HTTP/1.1" 200 27
101.83.145.52 - - [13/Jun/2023:11:45:19 +0800] "GET /xingrg/all/function/internal_message.html?_=1686627918620&CODE_STATE=getMsg HTTP/1.1" 200 27
222.67.234.146 - - [13/Jun/2023:11:45:20 +0800] "POST /xingrg/kc/mdqp/pssh_order_operate.html HTTP/1.1" 200 12
180.169.147.146 - - [13/Jun/2023:11:45:20 +0800] "GET /xingrg/all/function/internal_message.html?_=1686627920910&CODE_STATE=getMsg HTTP/1.1" 200 27
222.67.234.146 - - [13/Jun/2023:11:45:22 +0800] "GET /xingrg/kc/mdqp/pssh_order_info.html?code=312023061100213 HTTP/1.1" 200 14388
222.67.234.146 - - [13/Jun/2023:11:45:22 +0800] "GET /xingrg/javascript/jquery_tools/jquery-1.4.2.min.js HTTP/1.1" 404 1094
222.67.234.146 - - [13/Jun/2023:11:45:22 +0800] "GET /xingrg/javascript/easyui/themes/default/validatebox.css HTTP/1.1" 404 1104
222.67.234.146 - - [13/Jun/2023:11:45:22 +0800] "POST /xingrg/kc/mdqp/pssh_order_operate.html HTTP/1.1" 200 1062
114.85.113.108 - - [13/Jun/2023:11:45:24 +0800] "GET /xingrg/kc/buy/cgsh_order_operate.html?command=get_materiel&rest_code=00145&code=00101012070&supplier_code=00100554&order_time=2023-06-13 HTTP/1.1" 200 412
116.238.139.35 - - [13/Jun/2023:11:45:24 +0800] "GET /xingrg/all/function/internal_message.html?_=1686627922785&CODE_STATE=getMsg HTTP/1.1" 200 27
222.67.234.146 - - [13/Jun/2023:11:45:25 +0800] "GET /xingrg/kc/print/load_data.html?order_code=312023061100213&kc_code=pssh&condition= HTTP/1.1" 200 841
101.83.241.120 - - [13/Jun/2023:11:45:25 +0800] "GET /xingrg/all/function/internal_message.html?_=1686627923696&CODE_STATE=getMsg HTTP/1.1" 200 27
101.83.241.253 - - [13/Jun/2023:11:45:25 +0800] "GET /xingrg/all/function/internal_message.html?_=1686628031808&CODE_STATE=getMsg HTTP/1.1" 200 27
222.70.114.12 - - [13/Jun/2023:11:45:25 +0800] "GET /xingrg/all/function/internal_message.html?_=1686627928015&CODE_STATE=getMsg HTTP/1.1" 200 27
101.83.241.120 - - [13/Jun/2023:11:45:26 +0800] "GET /xingrg/check_reg.html?_=1686627924337 HTTP/1.1" 200 22
61.151.231.14 - - [13/Jun/2023:11:45:30 +0800] "GET /xingrg/all/function/internal_message.html?_=1686627869424&CODE_STATE=getMsg HTTP/1.1" 302 -
222.67.234.146 - - [13/Jun/2023:11:45:30 +0800] "POST /xingrg/kc/mdqp/pssh_list_operate.html HTTP/1.1" 200 1907
61.151.231.14 - - [13/Jun/2023:11:45:30 +0800] "GET /xingrg/login.html HTTP/1.1" 200 7641
61.170.233.201 - - [13/Jun/2023:11:45:30 +0800] "GET /xingrg/all/function/internal_message.html?_=1686627929397&CODE_STATE=getMsg HTTP/1.1" 200 27
61.170.233.201 - - [13/Jun/2023:11:45:31 +0800] "GET /xingrg/check_reg.html?_=1686627929916 HTTP/1.1" 200 22
222.67.234.146 - - [13/Jun/2023:11:45:32 +0800] "GET /xingrg/kc/mdqp/qp_main.html HTTP/1.1" 200 10633
180.169.147.146 - - [13/Jun/2023:11:45:32 +0800] "GET /xingrg/all/function/internal_message.html?_=1686627931334&CODE_STATE=getMsg HTTP/1.1" 200 27
222.67.234.146 - - [13/Jun/2023:11:45:32 +0800] "GET /xingrg/images/yd/bt.gif HTTP/1.1" 404 1040
116.232.195.127 - - [13/Jun/2023:11:45:33 +0800] "GET /xingrg/all/function/internal_message.html?_=1686627947628&CODE_STATE=getMsg HTTP/1.1" 200 27
222.67.234.146 - - [13/Jun/2023:11:45:34 +0800] "GET /xingrg/kc/mdqp/pssh_order_list.html HTTP/1.1" 200 17844
222.67.234.146 - - [13/Jun/2023:11:45:34 +0800] "POST /xingrg/kc/mdqp/pssh_list_operate.html HTTP/1.1" 200 5318
222.70.180.90 - - [13/Jun/2023:11:45:36 +0800] "GET /xingrg/all/function/internal_message.html?_=1686628025199&CODE_STATE=getMsg HTTP/1.1" 200 27
172.20.0.100 - - [13/Jun/2023:11:45:36 +0800] "GET /xingrg/check_reg.html?_=1686627935846 HTTP/1.1" 200 22
172.20.0.100 - - [13/Jun/2023:11:45:36 +0800] "GET /xingrg/all/function/internal_message.html?_=1686627935849&CODE_STATE=getMsg HTTP/1.1" 200 27
222.67.234.146 - - [13/Jun/2023:11:45:37 +0800] "POST /xingrg/kc/mdqp/pssh_list_operate.html HTTP/1.1" 200 261
114.85.113.108 - - [13/Jun/2023:11:45:40 +0800] "GET /xingrg/kc/buy/cgsh_order_operate.html?command=get_materiel&rest_code=00145&code=00101012029&supplier_code=00100554&order_time=2023-06-13 HTTP/1.1" 200 412
180.164.3.199 - - [13/Jun/2023:11:45:44 +0800] "GET /xingrg/all/function/internal_message.html?_=1686627944122&CODE_STATE=getMsg HTTP/1.1" 200 27
180.169.147.146 - - [13/Jun/2023:11:45:44 +0800] "GET /xingrg/all/function/internal_message.html?_=1686627943209&CODE_STATE=getMsg HTTP/1.1" 200 27
124.79.244.240 - - [13/Jun/2023:11:45:44 +0800] "GET /xingrg/check_reg.html?_=1686628225151 HTTP/1.1" 200 22
124.79.244.240 - - [13/Jun/2023:11:45:44 +0800] "GET /xingrg/all/function/internal_message.html?_=1686628225152&CODE_STATE=getMsg HTTP/1.1" 200 27
222.67.234.146 - - [13/Jun/2023:11:45:46 +0800] "GET /xingrg/kc/mdqp/pssh_order_info.html?code=312023061100216 HTTP/1.1" 200 17301
222.67.234.146 - - [13/Jun/2023:11:45:46 +0800] "GET /xingrg/javascript/jquery_tools/jquery-1.4.2.min.js HTTP/1.1" 404 1094
222.67.234.146 - - [13/Jun/2023:11:45:46 +0800] "GET /xingrg/javascript/easyui/themes/default/validatebox.css HTTP/1.1" 404 1104
222.67.234.146 - - [13/Jun/2023:11:45:47 +0800] "POST /xingrg/kc/mdqp/pssh_order_operate.html HTTP/1.1" 200 549
222.67.234.146 - - [13/Jun/2023:11:45:48 +0800] "POST /xingrg/all/common/load_combo.html?type=employee HTTP/1.1" 200 362
101.229.22.40 - - [13/Jun/2023:11:45:50 +0800] "GET /xingrg/all/function/internal_message.html?_=1686627949955&CODE_STATE=getMsg HTTP/1.1" 200 27
222.67.234.146 - - [13/Jun/2023:11:45:54 +0800] "POST /xingrg/kc/mdqp/pssh_order_operate.html HTTP/1.1" 200 37
222.67.234.146 - - [13/Jun/2023:11:45:55 +0800] "GET /xingrg/all/function/internal_message.html?_=1686627453595&CODE_STATE=getMsg HTTP/1.1" 200 27
114.85.113.108 - - [13/Jun/2023:11:45:56 +0800] "GET /xingrg/kc/buy/cgsh_order_operate.html?command=get_materiel&rest_code=00145&code=00101010146&supplier_code=00100554&order_time=2023-06-13 HTTP/1.1" 200 408
222.67.234.146 - - [13/Jun/2023:11:45:57 +0800] "POST /xingrg/kc/mdqp/pssh_order_operate.html HTTP/1.1" 200 12
222.67.234.146 - - [13/Jun/2023:11:45:59 +0800] "GET /xingrg/kc/mdqp/pssh_order_info.html?code=312023061100216 HTTP/1.1" 200 14390
222.67.234.146 - - [13/Jun/2023:11:45:59 +0800] "GET /xingrg/javascript/jquery_tools/jquery-1.4.2.min.js HTTP/1.1" 404 1094
222.67.234.146 - - [13/Jun/2023:11:46:00 +0800] "GET /xingrg/javascript/easyui/themes/default/validatebox.css HTTP/1.1" 404 1104
222.67.234.146 - - [13/Jun/2023:11:46:00 +0800] "POST /xingrg/kc/mdqp/pssh_order_operate.html HTTP/1.1" 200 549
222.67.234.146 - - [13/Jun/2023:11:46:01 +0800] "GET /xingrg/kc/print/load_data.html?order_code=312023061100216&kc_code=pssh&condition= HTTP/1.1" 200 689
222.70.245.26 - - [13/Jun/2023:11:46:02 +0800] "GET /xingrg/all/function/internal_message.html?_=1686627964444&CODE_STATE=getMsg HTTP/1.1" 200 27
180.169.147.146 - - [13/Jun/2023:11:46:04 +0800] "GET /xingrg/check_reg.html?_=1686627964282 HTTP/1.1" 200 22
114.89.202.110 - - [13/Jun/2023:11:46:06 +0800] "GET /xingrg/all/function/internal_message.html?_=1686627974461&CODE_STATE=getMsg HTTP/1.1" 200 27
222.67.234.146 - - [13/Jun/2023:11:46:07 +0800] "POST /xingrg/kc/mdqp/pssh_list_operate.html HTTP/1.1" 200 1907
114.85.113.108 - - [13/Jun/2023:11:46:09 +0800] "GET /xingrg/kc/buy/cgsh_order_operate.html?command=get_materiel&rest_code=00145&code=00101012059&supplier_code=00100554&order_time=2023-06-13 HTTP/1.1" 200 412
124.79.244.240 - - [13/Jun/2023:11:46:11 +0800] "GET /xingrg/all/function/internal_message.html?_=1686627970792&CODE_STATE=getMsg HTTP/1.1" 302 -
222.67.234.146 - - [13/Jun/2023:11:46:14 +0800] "GET /xingrg/kc/mdqp/qp_main.html HTTP/1.1" 200 10633
222.67.234.146 - - [13/Jun/2023:11:46:15 +0800] "GET /xingrg/images/yd/bt.gif HTTP/1.1" 404 1040
222.67.234.146 - - [13/Jun/2023:11:46:15 +0800] "GET /xingrg/kc/mdqp/pssh_order_list.html HTTP/1.1" 200 17844
222.67.234.146 - - [13/Jun/2023:11:46:16 +0800] "POST /xingrg/kc/mdqp/pssh_list_operate.html HTTP/1.1" 200 5343
101.83.145.52 - - [13/Jun/2023:11:46:19 +0800] "GET /xingrg/all/function/internal_message.html?_=1686627978593&CODE_STATE=getMsg HTTP/1.1" 200 27
114.85.113.108 - - [13/Jun/2023:11:46:19 +0800] "GET /xingrg/all/function/internal_message.html?_=1686627978873&CODE_STATE=getMsg HTTP/1.1" 200 27
222.67.234.146 - - [13/Jun/2023:11:46:19 +0800] "POST /xingrg/kc/mdqp/pssh_list_operate.html HTTP/1.1" 200 354
222.67.234.146 - - [13/Jun/2023:11:46:20 +0800] "GET /xingrg/kc/mdqp/pssh_order_info.html?code=312023061000191 HTTP/1.1" 200 17272
222.67.234.146 - - [13/Jun/2023:11:46:20 +0800] "GET /xingrg/javascript/jquery_tools/jquery-1.4.2.min.js HTTP/1.1" 404 1094
222.67.234.146 - - [13/Jun/2023:11:46:20 +0800] "GET /xingrg/javascript/easyui/themes/default/validatebox.css HTTP/1.1" 404 1104
222.67.234.146 - - [13/Jun/2023:11:46:20 +0800] "POST /xingrg/kc/mdqp/pssh_order_operate.html HTTP/1.1" 200 1049
180.169.147.146 - - [13/Jun/2023:11:46:20 +0800] "GET /xingrg/all/function/internal_message.html?_=1686627980900&CODE_STATE=getMsg HTTP/1.1" 200 27
114.85.113.108 - - [13/Jun/2023:11:46:21 +0800] "POST /xingrg/kc/buy/cgsh_order_operate.html HTTP/1.1" 200 37
116.238.139.35 - - [13/Jun/2023:11:46:24 +0800] "GET /xingrg/all/function/internal_message.html?_=1686627982773&CODE_STATE=getMsg HTTP/1.1" 200 27
101.83.241.120 - - [13/Jun/2023:11:46:25 +0800] "GET /xingrg/all/function/internal_message.html?_=1686627983683&CODE_STATE=getMsg HTTP/1.1" 200 27
101.83.241.253 - - [13/Jun/2023:11:46:25 +0800] "GET /xingrg/all/function/internal_message.html?_=1686628091786&CODE_STATE=getMsg HTTP/1.1" 200 27
222.70.114.12 - - [13/Jun/2023:11:46:25 +0800] "GET /xingrg/all/function/internal_message.html?_=1686627988018&CODE_STATE=getMsg HTTP/1.1" 200 27
222.70.114.12 - - [13/Jun/2023:11:46:25 +0800] "GET /xingrg/check_reg.html?_=1686627988018 HTTP/1.1" 200 22
222.67.234.146 - - [13/Jun/2023:11:46:27 +0800] "GET /xingrg/javascript/auto/indicator.gif HTTP/1.1" 404 1066
114.85.113.108 - - [13/Jun/2023:11:46:29 +0800] "POST /xingrg/kc/buy/cgsh_order_operate.html HTTP/1.1" 200 12
180.163.29.219 - - [13/Jun/2023:11:46:30 +0800] "GET /xingrg/all/function/internal_message.html?_=1686627929397&CODE_STATE=getMsg HTTP/1.1" 302 -
180.163.29.219 - - [13/Jun/2023:11:46:30 +0800] "GET /xingrg/login.html HTTP/1.1" 200 7641
61.170.233.201 - - [13/Jun/2023:11:46:30 +0800] "GET /xingrg/all/function/internal_message.html?_=1686627989371&CODE_STATE=getMsg HTTP/1.1" 200 27
222.67.234.146 - - [13/Jun/2023:11:46:30 +0800] "POST /xingrg/all/common/load_combo.html?type=employee HTTP/1.1" 200 362
114.85.113.108 - - [13/Jun/2023:11:46:31 +0800] "GET /xingrg/kc/buy/cgsh_order_info.html?code=212023061304562 HTTP/1.1" 200 65743
114.85.113.108 - - [13/Jun/2023:11:46:31 +0800] "GET /xingrg/javascript/easyui/themes/default/validatebox.css HTTP/1.1" 404 1104
180.169.147.146 - - [13/Jun/2023:11:46:32 +0800] "GET /xingrg/all/function/internal_message.html?_=1686627991318&CODE_STATE=getMsg HTTP/1.1" 200 27
116.232.195.127 - - [13/Jun/2023:11:46:33 +0800] "GET /xingrg/all/function/internal_message.html?_=1686628007616&CODE_STATE=getMsg HTTP/1.1" 200 27
114.85.113.108 - - [13/Jun/2023:11:46:33 +0800] "POST /xingrg/kc/buy/cgsh_order_operate.html HTTP/1.1" 200 2373
180.169.147.146 - - [13/Jun/2023:11:46:33 +0800] "GET /xingrg/check_reg.html?_=1686627992568 HTTP/1.1" 200 22
222.67.234.146 - - [13/Jun/2023:11:46:35 +0800] "POST /xingrg/kc/mdqp/pssh_order_operate.html HTTP/1.1" 200 37
222.70.180.90 - - [13/Jun/2023:11:46:36 +0800] "GET /xingrg/all/function/internal_message.html?_=1686628085174&CODE_STATE=getMsg HTTP/1.1" 200 27
172.20.0.100 - - [13/Jun/2023:11:46:36 +0800] "GET /xingrg/all/function/internal_message.html?_=1686627995852&CODE_STATE=getMsg HTTP/1.1" 200 27
114.85.113.108 - - [13/Jun/2023:11:46:36 +0800] "GET /xingrg/kc/print/load_data.html?order_code=212023061304562&kc_code=cgsh&condition= HTTP/1.1" 200 1381
222.67.234.146 - - [13/Jun/2023:11:46:39 +0800] "POST /xingrg/kc/mdqp/pssh_order_operate.html HTTP/1.1" 200 12
114.85.113.108 - - [13/Jun/2023:11:46:41 +0800] "GET /xingrg/kc/buy/cgsh_order_add.html HTTP/1.1" 200 70831
222.67.234.146 - - [13/Jun/2023:11:46:41 +0800] "GET /xingrg/kc/mdqp/pssh_order_info.html?code=312023061000191 HTTP/1.1" 200 14392
222.67.234.146 - - [13/Jun/2023:11:46:41 +0800] "GET /xingrg/javascript/jquery_tools/jquery-1.4.2.min.js HTTP/1.1" 404 1094
114.85.113.108 - - [13/Jun/2023:11:46:41 +0800] "POST /xingrg/kc/buy/cgsh_order_operate.html HTTP/1.1" 200 8245
114.85.113.108 - - [13/Jun/2023:11:46:41 +0800] "GET /xingrg/javascript/easyui/themes/default/validatebox.css HTTP/1.1" 404 1104
222.67.234.146 - - [13/Jun/2023:11:46:42 +0800] "GET /xingrg/javascript/easyui/themes/default/validatebox.css HTTP/1.1" 404 1104
222.67.234.146 - - [13/Jun/2023:11:46:42 +0800] "POST /xingrg/kc/mdqp/pssh_order_operate.html HTTP/1.1" 200 1049
222.67.234.146 - - [13/Jun/2023:11:46:44 +0800] "GET /xingrg/kc/print/load_data.html?order_code=312023061000191&kc_code=pssh&condition= HTTP/1.1" 200 846
180.164.3.199 - - [13/Jun/2023:11:46:44 +0800] "GET /xingrg/all/function/internal_message.html?_=1686628004104&CODE_STATE=getMsg HTTP/1.1" 200 27
180.169.147.146 - - [13/Jun/2023:11:46:44 +0800] "GET /xingrg/all/function/internal_message.html?_=1686628003207&CODE_STATE=getMsg HTTP/1.1" 200 27
124.79.244.240 - - [13/Jun/2023:11:46:44 +0800] "GET /xingrg/all/function/internal_message.html?_=1686628285150&CODE_STATE=getMsg HTTP/1.1" 200 27
180.164.3.199 - - [13/Jun/2023:11:46:46 +0800] "GET /xingrg/check_reg.html?_=1686628006112 HTTP/1.1" 200 22
101.229.22.40 - - [13/Jun/2023:11:46:50 +0800] "GET /xingrg/all/function/internal_message.html?_=1686628009955&CODE_STATE=getMsg HTTP/1.1" 200 27
222.67.234.146 - - [13/Jun/2023:11:46:50 +0800] "GET /xingrg/check_reg.html?_=1686627508751 HTTP/1.1" 200 22
222.67.234.146 - - [13/Jun/2023:11:46:50 +0800] "GET /xingrg/kc/mdqp/qp_main.html HTTP/1.1" 200 10633
222.67.234.146 - - [13/Jun/2023:11:46:51 +0800] "GET /xingrg/images/yd/bt.gif HTTP/1.1" 404 1040
222.67.234.146 - - [13/Jun/2023:11:46:52 +0800] "GET /xingrg/kc/mdqp/pssh_order_list.html HTTP/1.1" 200 17844
222.67.234.146 - - [13/Jun/2023:11:46:52 +0800] "POST /xingrg/kc/mdqp/pssh_list_operate.html HTTP/1.1" 200 5380
222.67.234.146 - - [13/Jun/2023:11:46:54 +0800] "POST /xingrg/kc/mdqp/pssh_list_operate.html HTTP/1.1" 200 256
222.67.234.146 - - [13/Jun/2023:11:46:55 +0800] "GET /xingrg/all/function/internal_message.html?_=1686627513593&CODE_STATE=getMsg HTTP/1.1" 200 27
222.67.234.146 - - [13/Jun/2023:11:46:57 +0800] "GET /xingrg/kc/mdqp/pssh_order_info.html?code=312023061100217 HTTP/1.1" 200 17272
222.67.234.146 - - [13/Jun/2023:11:46:57 +0800] "GET /xingrg/javascript/jquery_tools/jquery-1.4.2.min.js HTTP/1.1" 404 1094
222.67.234.146 - - [13/Jun/2023:11:46:57 +0800] "GET /xingrg/javascript/easyui/themes/default/validatebox.css HTTP/1.1" 404 1104
222.67.234.146 - - [13/Jun/2023:11:46:57 +0800] "POST /xingrg/kc/mdqp/pssh_order_operate.html HTTP/1.1" 200 525
222.67.234.146 - - [13/Jun/2023:11:46:58 +0800] "POST /xingrg/all/common/load_combo.html?type=base&rest_code=00141 HTTP/1.1" 200 3227
222.70.245.26 - - [13/Jun/2023:11:47:03 +0800] "GET /xingrg/all/function/internal_message.html?_=1686628024797&CODE_STATE=getMsg HTTP/1.1" 200 27
61.170.233.201 - - [13/Jun/2023:11:47:03 +0800] "GET /xingrg/login.html HTTP/1.1" 200 7641
61.170.233.201 - - [13/Jun/2023:11:47:04 +0800] "GET /favicon.ico HTTP/1.1" 404 -
114.89.202.110 - - [13/Jun/2023:11:47:06 +0800] "GET /xingrg/all/function/internal_message.html?_=1686628034468&CODE_STATE=getMsg HTTP/1.1" 200 27
124.79.244.240 - - [13/Jun/2023:11:47:11 +0800] "GET /xingrg/all/function/internal_message.html?_=1686628030796&CODE_STATE=getMsg HTTP/1.1" 302 -
101.83.241.253 - - [13/Jun/2023:11:47:12 +0800] "GET /xingrg/check_reg.html?_=1686628138783 HTTP/1.1" 200 22
222.67.234.146 - - [13/Jun/2023:11:47:15 +0800] "GET /xingrg/javascript/jquery_tools/images/next.gif HTTP/1.1" 404 1086
222.67.234.146 - - [13/Jun/2023:11:47:15 +0800] "GET /xingrg/javascript/jquery_tools/images/prev.gif HTTP/1.1" 404 1086
222.67.234.146 - - [13/Jun/2023:11:47:17 +0800] "POST /xingrg/all/common/load_combo.html?type=employee HTTP/1.1" 200 362
101.83.145.52 - - [13/Jun/2023:11:47:19 +0800] "GET /xingrg/all/function/internal_message.html?_=1686628038566&CODE_STATE=getMsg HTTP/1.1" 200 27
114.85.113.108 - - [13/Jun/2023:11:47:19 +0800] "GET /xingrg/all/function/internal_message.html?_=1686628038859&CODE_STATE=getMsg HTTP/1.1" 200 27
180.169.147.146 - - [13/Jun/2023:11:47:20 +0800] "GET /xingrg/all/function/internal_message.html?_=1686628040889&CODE_STATE=getMsg HTTP/1.1" 200 27
120.253.135.82 - - [13/Jun/2023:11:47:22 +0800] "GET /xingrg/check_reg.html?_=1686627876615 HTTP/1.1" 200 22
222.67.234.146 - - [13/Jun/2023:11:47:22 +0800] "POST /xingrg/kc/mdqp/pssh_order_operate.html HTTP/1.1" 200 37
116.238.139.35 - - [13/Jun/2023:11:47:24 +0800] "GET /xingrg/all/function/internal_message.html?_=1686628042759&CODE_STATE=getMsg HTTP/1.1" 200 27
222.67.234.146 - - [13/Jun/2023:11:47:25 +0800] "POST /xingrg/kc/mdqp/pssh_order_operate.html HTTP/1.1" 200 12
