61.170.233.201 - - [13/Jun/2023:10:40:55 +0800] "GET /xingrg/servlets/image?cache=0.5518263855561182&image=px HTTP/1.1" 200 807
180.169.147.146 - - [13/Jun/2023:10:40:56 +0800] "POST /xingrg/kc/base/check_list_operate.html HTTP/1.1" 200 4
180.169.147.146 - - [13/Jun/2023:10:40:59 +0800] "POST /xingrg/kc/base/check_list_operate.html HTTP/1.1" 200 781
180.169.147.146 - - [13/Jun/2023:10:41:03 +0800] "POST /xingrg/all/user/operate.html HTTP/1.1" 200 36
180.169.147.146 - - [13/Jun/2023:10:41:03 +0800] "GET /xingrg/index.html?sysBaseUrl=http%3A%2F%2F180.169.147.146%3A18081%2Fxingrg%2F&costTime=892×tamp=1686623869995 HTTP/1.1" 200 17509
180.169.147.146 - - [13/Jun/2023:10:41:04 +0800] "GET /xingrg/javascript/jquery_easy_ui/themes/default/easyui.css HTTP/1.1" 304 -
180.169.147.146 - - [13/Jun/2023:10:41:04 +0800] "GET /xingrg/javascript/jquery_easy_ui/themes/icon.css HTTP/1.1" 304 -
180.169.147.146 - - [13/Jun/2023:10:41:04 +0800] "GET /xingrg/css/form.css HTTP/1.1" 304 -
180.169.147.146 - - [13/Jun/2023:10:41:04 +0800] "GET /xingrg/javascript/jquery-1.4.2.min.js HTTP/1.1" 304 -
180.169.147.146 - - [13/Jun/2023:10:41:04 +0800] "GET /xingrg/javascript/jquery_easy_ui/jquery.easyui.min.js HTTP/1.1" 304 -
180.169.147.146 - - [13/Jun/2023:10:41:04 +0800] "GET /xingrg/javascript/jquery_easy_ui/easyui-lang-zh_CN.js HTTP/1.1" 304 -
180.169.147.146 - - [13/Jun/2023:10:41:04 +0800] "GET /xingrg/javascript/jquery.form.js HTTP/1.1" 304 -
180.169.147.146 - - [13/Jun/2023:10:41:04 +0800] "GET /xingrg/javascript/jquery.utils.js HTTP/1.1" 304 -
180.169.147.146 - - [13/Jun/2023:10:41:04 +0800] "GET /xingrg/javascript/jquery.timers.js HTTP/1.1" 304 -
180.169.147.146 - - [13/Jun/2023:10:41:04 +0800] "GET /xingrg/images/blue/jxLogo.png HTTP/1.1" 304 -
180.169.147.146 - - [13/Jun/2023:10:41:04 +0800] "GET /xingrg/javascript/jquery_easy_ui/themes/icons/settle_new.png HTTP/1.1" 304 -
180.169.147.146 - - [13/Jun/2023:10:41:04 +0800] "GET /xingrg/images/blue/navBackgound.jpg HTTP/1.1" 304 -
180.169.147.146 - - [13/Jun/2023:10:41:04 +0800] "GET /xingrg/all/function/internal_message.html?_=1686624062668&CODE_STATE=count HTTP/1.1" 200 11
180.169.147.146 - - [13/Jun/2023:10:41:04 +0800] "GET /xingrg/check_reg.html?_=1686624062670 HTTP/1.1" 200 22
180.169.147.146 - - [13/Jun/2023:10:41:04 +0800] "GET /xingrg/javascript/jquery_easy_ui/themes/default/images/panel_tool_collapse.gif HTTP/1.1" 304 -
180.169.147.146 - - [13/Jun/2023:10:41:04 +0800] "GET /xingrg/images/blue/pingpu.png HTTP/1.1" 304 -
180.169.147.146 - - [13/Jun/2023:10:41:04 +0800] "GET /xingrg/javascript/jquery_easy_ui/themes/default/images/panel_tool_expand.gif HTTP/1.1" 304 -
180.169.147.146 - - [13/Jun/2023:10:41:04 +0800] "GET /xingrg/javascript/jquery_easy_ui/themes/default/images/tabs_rightarrow.png HTTP/1.1" 304 -
180.169.147.146 - - [13/Jun/2023:10:41:04 +0800] "GET /xingrg/javascript/jquery_easy_ui/themes/default/images/tabs_leftarrow.png HTTP/1.1" 304 -
180.169.147.146 - - [13/Jun/2023:10:41:04 +0800] "POST /xingrg/all/common/load_tree.html?tree=area_rest_tree_json&manage=1 HTTP/1.1" 200 2106
180.169.147.146 - - [13/Jun/2023:10:41:04 +0800] "POST /xingrg/load_menu.html HTTP/1.1" 200 9959
114.89.202.110 - - [13/Jun/2023:10:41:06 +0800] "GET /xingrg/all/function/internal_message.html?_=1686624074416&CODE_STATE=getMsg HTTP/1.1" 200 27
180.169.147.146 - - [13/Jun/2023:10:41:07 +0800] "GET /xingrg/kc/cost/cost_list.html HTTP/1.1" 200 6093
180.169.147.146 - - [13/Jun/2023:10:41:07 +0800] "GET /xingrg/dwr/engine.js HTTP/1.1" 200 43631
180.169.147.146 - - [13/Jun/2023:10:41:07 +0800] "GET /xingrg/dwr/interface/AjaxReportQueryService.js HTTP/1.1" 200 13203
222.70.180.90 - - [13/Jun/2023:10:41:07 +0800] "GET /xingrg/kc/buy/cgsh_order_operate.html?command=get_materiel&rest_code=00111&code=00102010297&supplier_code=00100151&order_time=2023-06-13 HTTP/1.1" 200 412
180.169.147.146 - - [13/Jun/2023:10:41:08 +0800] "GET /xingrg/kc/cost/cost_operate.html?_=1686624066396&command=load_cost_list HTTP/1.1" 200 10475
222.70.180.90 - - [13/Jun/2023:10:41:08 +0800] "GET /xingrg/check_reg.html?_=1686624157591 HTTP/1.1" 302 -
222.70.180.90 - - [13/Jun/2023:10:41:08 +0800] "GET /xingrg/all/function/internal_message.html?_=1686624157589&CODE_STATE=getMsg HTTP/1.1" 302 -
222.70.245.26 - - [13/Jun/2023:10:41:10 +0800] "GET /xingrg/kc/buy/cgsh_order_operate.html?command=get_materiel&rest_code=00146&code=00101002041&supplier_code=00100199&order_time=2023-06-13 HTTP/1.1" 200 409
124.79.244.240 - - [13/Jun/2023:10:41:11 +0800] "GET /xingrg/all/function/internal_message.html?_=1686624070813&CODE_STATE=getMsg HTTP/1.1" 200 27
222.70.180.90 - - [13/Jun/2023:10:41:18 +0800] "GET /xingrg/all/function/internal_message.html?_=1686624077231&CODE_STATE=getMsg HTTP/1.1" 200 27
101.83.145.52 - - [13/Jun/2023:10:41:20 +0800] "GET /xingrg/all/function/internal_message.html?_=1686624079891&CODE_STATE=getMsg HTTP/1.1" 200 27
116.238.139.35 - - [13/Jun/2023:10:41:25 +0800] "GET /xingrg/all/function/internal_message.html?_=1686624083941&CODE_STATE=getMsg HTTP/1.1" 200 27
101.83.241.253 - - [13/Jun/2023:10:41:26 +0800] "GET /xingrg/all/function/internal_message.html?_=1686624192730&CODE_STATE=getMsg HTTP/1.1" 200 27
222.70.245.26 - - [13/Jun/2023:10:41:27 +0800] "GET /xingrg/kc/buy/cgsh_order_operate.html?command=get_materiel&rest_code=00146&code=00101004038&supplier_code=00100199&order_time=2023-06-13 HTTP/1.1" 200 409
218.81.66.198 - - [13/Jun/2023:10:41:28 +0800] "POST /xingrg/services/DataTransmitService HTTP/1.1" 200 524
61.170.233.201 - - [13/Jun/2023:10:41:29 +0800] "GET /xingrg/all/function/internal_message.html?_=1686624088411&CODE_STATE=getMsg HTTP/1.1" 200 27
180.163.29.234 - - [13/Jun/2023:10:41:29 +0800] "GET /xingrg/all/function/internal_message.html?_=1686624028428&CODE_STATE=getMsg HTTP/1.1" 302 -
180.163.29.234 - - [13/Jun/2023:10:41:29 +0800] "GET /xingrg/login.html HTTP/1.1" 200 7641
218.81.66.198 - - [13/Jun/2023:10:41:30 +0800] "POST /xingrg/services/DataTransmitService HTTP/1.1" 200 412
222.70.180.90 - - [13/Jun/2023:10:41:30 +0800] "GET /xingrg/kc/buy/cgsh_order_operate.html?command=get_materiel&rest_code=00111&code=00102010528&supplier_code=00100151&order_time=2023-06-13 HTTP/1.1" 200 413
180.163.30.100 - - [13/Jun/2023:10:41:31 +0800] "GET /xingrg/check_reg.html?_=1686624030062 HTTP/1.1" 302 -
180.163.30.100 - - [13/Jun/2023:10:41:31 +0800] "GET /xingrg/login.html HTTP/1.1" 200 7641
116.232.195.127 - - [13/Jun/2023:10:41:33 +0800] "GET /xingrg/all/function/internal_message.html?_=1686624107627&CODE_STATE=getMsg HTTP/1.1" 200 27
180.169.147.146 - - [13/Jun/2023:10:41:33 +0800] "GET /xingrg/all/function/internal_message.html?_=1686624092280&CODE_STATE=getMsg HTTP/1.1" 200 27
180.169.147.146 - - [13/Jun/2023:10:41:33 +0800] "GET /xingrg/check_reg.html?_=1686624092749 HTTP/1.1" 200 22
172.20.0.100 - - [13/Jun/2023:10:41:36 +0800] "GET /xingrg/all/function/internal_message.html?_=1686624095855&CODE_STATE=getMsg HTTP/1.1" 200 27
61.170.233.201 - - [13/Jun/2023:10:41:38 +0800] "GET /xingrg/all/function/internal_message.html?_=1686624099365&CODE_STATE=getMsg HTTP/1.1" 200 27
222.70.245.26 - - [13/Jun/2023:10:41:42 +0800] "GET /xingrg/kc/buy/cgsh_order_operate.html?command=get_materiel&rest_code=00146&code=00101004074&supplier_code=00100199&order_time=2023-06-13 HTTP/1.1" 200 406
114.89.202.110 - - [13/Jun/2023:10:41:42 +0800] "GET /xingrg/all/function/internal_message.html?_=1686624102874&CODE_STATE=getMsg HTTP/1.1" 200 27
124.79.244.240 - - [13/Jun/2023:10:41:44 +0800] "GET /xingrg/all/function/internal_message.html?_=1686624385093&CODE_STATE=getMsg HTTP/1.1" 200 27
180.169.147.146 - - [13/Jun/2023:10:41:44 +0800] "GET /xingrg/all/function/internal_message.html?_=1686624103112&CODE_STATE=getMsg HTTP/1.1" 200 27
180.164.3.199 - - [13/Jun/2023:10:41:45 +0800] "GET /xingrg/all/function/internal_message.html?_=1686624105031&CODE_STATE=getMsg HTTP/1.1" 200 27
222.70.180.90 - - [13/Jun/2023:10:41:45 +0800] "GET /xingrg/kc/buy/cgsh_order_operate.html?command=get_materiel&rest_code=00111&code=00102002096&supplier_code=00100151&order_time=2023-06-13 HTTP/1.1" 200 413
180.164.3.199 - - [13/Jun/2023:10:41:46 +0800] "GET /xingrg/check_reg.html?_=1686624106111 HTTP/1.1" 200 22
116.238.139.35 - - [13/Jun/2023:10:41:48 +0800] "GET /xingrg/kc/buy/cgsh_order_operate.html?command=get_materiel&rest_code=00150&code=00102009385&supplier_code=00100151&order_time=2023-06-13 HTTP/1.1" 200 422
101.229.22.40 - - [13/Jun/2023:10:41:49 +0800] "GET /xingrg/all/function/internal_message.html?_=1686624109844&CODE_STATE=getMsg HTTP/1.1" 200 27
222.70.245.26 - - [13/Jun/2023:10:41:53 +0800] "GET /xingrg/all/function/internal_message.html?_=1686624115354&CODE_STATE=getMsg HTTP/1.1" 200 27
180.169.147.146 - - [13/Jun/2023:10:41:57 +0800] "POST /xingrg/kc/cost/cost_operate.html HTTP/1.1" 200 4
180.169.147.146 - - [13/Jun/2023:10:41:59 +0800] "GET /xingrg/kc/cost/cost_operate.html?_=1686624117978&command=load_cost_list HTTP/1.1" 200 10277
222.70.245.26 - - [13/Jun/2023:10:42:00 +0800] "GET /xingrg/kc/buy/cgsh_order_operate.html?command=get_materiel&rest_code=00146&code=00101001050&supplier_code=00100199&order_time=2023-06-13 HTTP/1.1" 200 409
180.169.147.146 - - [13/Jun/2023:10:42:05 +0800] "GET /xingrg/all/function/internal_message.html?_=1686624123478&CODE_STATE=getMsg HTTP/1.1" 200 27
114.89.202.110 - - [13/Jun/2023:10:42:06 +0800] "GET /xingrg/all/function/internal_message.html?_=1686624134424&CODE_STATE=getMsg HTTP/1.1" 200 27
222.70.180.90 - - [13/Jun/2023:10:42:08 +0800] "GET /xingrg/all/function/internal_message.html?_=1686624217586&CODE_STATE=getMsg HTTP/1.1" 302 -
116.238.139.35 - - [13/Jun/2023:10:42:10 +0800] "GET /xingrg/kc/buy/cgsh_order_operate.html?command=get_materiel&rest_code=00150&code=00102010318&supplier_code=00100151&order_time=2023-06-13 HTTP/1.1" 200 410
124.79.244.240 - - [13/Jun/2023:10:42:11 +0800] "GET /xingrg/all/function/internal_message.html?_=1686624130807&CODE_STATE=getMsg HTTP/1.1" 200 27
101.83.241.253 - - [13/Jun/2023:10:42:12 +0800] "GET /xingrg/check_reg.html?_=1686624238779 HTTP/1.1" 200 22
222.70.245.26 - - [13/Jun/2023:10:42:17 +0800] "GET /xingrg/kc/buy/cgsh_order_operate.html?command=get_materiel&rest_code=00146&code=00101001052&supplier_code=00100199&order_time=2023-06-13 HTTP/1.1" 200 411
218.81.66.198 - - [13/Jun/2023:10:42:18 +0800] "GET /favicon.ico HTTP/1.1" 404 -
222.70.180.90 - - [13/Jun/2023:10:42:18 +0800] "GET /xingrg/all/function/internal_message.html?_=1686624137210&CODE_STATE=getMsg HTTP/1.1" 200 27
101.83.145.52 - - [13/Jun/2023:10:42:20 +0800] "GET /xingrg/all/function/internal_message.html?_=1686624139872&CODE_STATE=getMsg HTTP/1.1" 200 27
218.81.66.198 - - [13/Jun/2023:10:42:23 +0800] "GET /favicon.ico HTTP/1.1" 404 -
116.238.139.35 - - [13/Jun/2023:10:42:25 +0800] "GET /xingrg/all/function/internal_message.html?_=1686624143919&CODE_STATE=getMsg HTTP/1.1" 200 27
101.83.241.253 - - [13/Jun/2023:10:42:26 +0800] "GET /xingrg/all/function/internal_message.html?_=1686624252704&CODE_STATE=getMsg HTTP/1.1" 200 27
61.170.233.201 - - [13/Jun/2023:10:42:29 +0800] "GET /xingrg/all/function/internal_message.html?_=1686624148396&CODE_STATE=getMsg HTTP/1.1" 200 27
180.169.147.146 - - [13/Jun/2023:10:42:29 +0800] "GET /xingrg/kc/base/check_order_list.html HTTP/1.1" 200 16484
180.169.147.146 - - [13/Jun/2023:10:42:30 +0800] "POST /xingrg/kc/base/check_list_operate.html HTTP/1.1" 200 781
61.170.233.201 - - [13/Jun/2023:10:42:30 +0800] "GET /xingrg/all/report/report_query.html?isQuery=1&fileName=kc/buy/wlcg_cate_hz.xml&queryString=(CONVERT(char(10)%252Ca.order_time%252C%2520120)%253E%253D'2023-05-01')%2520and%2520(CONVERT(char(10)%252Ca.order_time%252C%2520120)%253C%253D'2023-05-31')%2520and%2520(a.supplier_code%2520in%2520('00100017'))%2520and%2520(a.supplier_code%253D'00100017')&queryText=%25E3%2580%2590%25E9%2587%2587%25E8%25B4%25AD%25E6%2597%25A5%25E6%259C%259F%253A2023-05-01%2520%25E8%2587%25B3%25202023-05-31%25E3%2580%2591%2520%25E5%25B9%25B6%25E4%25B8%2594%2520%2520%25E3%2580%2590%25E4%25BE%259B%25E5%25BA%2594%25E5%2595%2586%2520%253D%2520%25E9%2585%2592%25E6%25B0%25B4%25EF%25BC%2588%25E9%25BE%2599%25E5%25B7%259D%25EF%25BC%2589%25E3%2580%2591%2520%25E5%25B9%25B6%25E4%25B8%2594%2520%25E3%2580%2590%25E4%25BE%259B%25E5%25BA%2594%25E5%2595%2586%253D%25E9%2585%2592%25E6%25B0%25B4%25EF%25BC%2588%25E9%25BE%2599%25E5%25B7%259D%25EF%25BC%2589%25E3%2580%2591 HTTP/1.1" 200 54457
61.170.233.201 - - [13/Jun/2023:10:42:30 +0800] "GET /xingrg/dwr/interface/AjaxReportQueryService.js HTTP/1.1" 200 13203
61.170.233.201 - - [13/Jun/2023:10:42:30 +0800] "GET /xingrg/dwr/engine.js HTTP/1.1" 200 43631
116.232.195.127 - - [13/Jun/2023:10:42:32 +0800] "GET /xingrg/all/function/internal_message.html?_=1686624167614&CODE_STATE=getMsg HTTP/1.1" 200 27
180.169.147.146 - - [13/Jun/2023:10:42:33 +0800] "POST /xingrg/kc/base/check_list_operate.html HTTP/1.1" 200 5517
180.169.147.146 - - [13/Jun/2023:10:42:33 +0800] "GET /xingrg/all/function/internal_message.html?_=1686624152262&CODE_STATE=getMsg HTTP/1.1" 200 27
222.70.245.26 - - [13/Jun/2023:10:42:34 +0800] "POST /xingrg/kc/buy/cgsh_order_operate.html HTTP/1.1" 200 37
61.170.233.201 - - [13/Jun/2023:10:42:35 +0800] "POST /xingrg/all/report/load_report_page.html HTTP/1.1" 200 8716
61.170.233.201 - - [13/Jun/2023:10:42:35 +0800] "GET /xingrg/servlets/image?cache=0.7953914273003838&image=px HTTP/1.1" 200 807
172.20.0.100 - - [13/Jun/2023:10:42:36 +0800] "GET /xingrg/all/function/internal_message.html?_=1686624155857&CODE_STATE=getMsg HTTP/1.1" 200 27
222.70.245.26 - - [13/Jun/2023:10:42:36 +0800] "POST /xingrg/kc/buy/cgsh_order_operate.html HTTP/1.1" 200 5618
61.170.233.201 - - [13/Jun/2023:10:42:38 +0800] "GET /xingrg/all/function/internal_message.html?_=1686624159342&CODE_STATE=getMsg HTTP/1.1" 200 27
222.70.245.26 - - [13/Jun/2023:10:42:39 +0800] "GET /xingrg/check_reg.html?_=1686624160561 HTTP/1.1" 200 22
222.70.245.26 - - [13/Jun/2023:10:42:40 +0800] "GET /xingrg/kc/print/load_data.html?order_code=212023061304536&kc_code=cgsh&condition= HTTP/1.1" 200 1802
61.170.233.201 - - [13/Jun/2023:10:42:42 +0800] "POST /xingrg/all/report/load_report_page.html HTTP/1.1" 200 71023
61.170.233.201 - - [13/Jun/2023:10:42:42 +0800] "GET /xingrg/servlets/image?cache=0.27973275553304044&image=px HTTP/1.1" 200 807
114.89.202.110 - - [13/Jun/2023:10:42:42 +0800] "GET /xingrg/check_reg.html?_=1686624162865 HTTP/1.1" 200 22
114.89.202.110 - - [13/Jun/2023:10:42:42 +0800] "GET /xingrg/all/function/internal_message.html?_=1686624162869&CODE_STATE=getMsg HTTP/1.1" 200 27
124.79.244.240 - - [13/Jun/2023:10:42:44 +0800] "GET /xingrg/all/function/internal_message.html?_=1686624445092&CODE_STATE=getMsg HTTP/1.1" 200 27
180.169.147.146 - - [13/Jun/2023:10:42:44 +0800] "GET /xingrg/all/function/internal_message.html?_=1686624163112&CODE_STATE=getMsg HTTP/1.1" 200 27
180.169.147.146 - - [13/Jun/2023:10:42:44 +0800] "GET /xingrg/check_reg.html?_=1686624163115 HTTP/1.1" 200 22
180.164.3.199 - - [13/Jun/2023:10:42:45 +0800] "GET /xingrg/all/function/internal_message.html?_=1686624165014&CODE_STATE=getMsg HTTP/1.1" 200 27
101.229.22.40 - - [13/Jun/2023:10:42:49 +0800] "GET /xingrg/all/function/internal_message.html?_=1686624169830&CODE_STATE=getMsg HTTP/1.1" 200 27
222.70.245.26 - - [13/Jun/2023:10:42:53 +0800] "GET /xingrg/all/function/internal_message.html?_=1686624175366&CODE_STATE=getMsg HTTP/1.1" 200 27
116.238.139.35 - - [13/Jun/2023:10:42:56 +0800] "POST /xingrg/kc/buy/cgsh_order_operate.html HTTP/1.1" 200 37
222.70.180.90 - - [13/Jun/2023:10:42:58 +0800] "GET /xingrg/kc/buy/cgsh_order_operate.html?command=get_materiel&rest_code=00111&code=00102010127&supplier_code=00100151&order_time=2023-06-13 HTTP/1.1" 200 420
120.253.135.82 - - [13/Jun/2023:10:43:01 +0800] "GET /xingrg/kc/buy/cgsh_order_list.html HTTP/1.1" 200 55854
116.238.139.35 - - [13/Jun/2023:10:43:03 +0800] "POST /xingrg/kc/buy/cgsh_order_operate.html HTTP/1.1" 200 8632
120.253.135.82 - - [13/Jun/2023:10:43:04 +0800] "POST /xingrg/kc/buy/cgsh_list_operate.html HTTP/1.1" 200 986
180.169.147.146 - - [13/Jun/2023:10:43:05 +0800] "GET /xingrg/all/function/internal_message.html?_=1686624183467&CODE_STATE=getMsg HTTP/1.1" 200 27
114.89.202.110 - - [13/Jun/2023:10:43:06 +0800] "GET /xingrg/all/function/internal_message.html?_=1686624194443&CODE_STATE=getMsg HTTP/1.1" 200 27
120.253.135.82 - - [13/Jun/2023:10:43:08 +0800] "GET /xingrg/kc/buy/cgsh_order_add.html HTTP/1.1" 200 70700
222.70.180.90 - - [13/Jun/2023:10:43:08 +0800] "GET /xingrg/all/function/internal_message.html?_=1686624277582&CODE_STATE=getMsg HTTP/1.1" 302 -
120.253.135.82 - - [13/Jun/2023:10:43:08 +0800] "POST /xingrg/kc/buy/cgsh_order_operate.html HTTP/1.1" 200 8245
120.253.135.82 - - [13/Jun/2023:10:43:08 +0800] "GET /xingrg/javascript/easyui/themes/default/validatebox.css HTTP/1.1" 404 1104
61.170.233.201 - - [13/Jun/2023:10:43:09 +0800] "GET /xingrg/javascript/jquery_easy_ui/themes/default/images/button_plain_hover.png HTTP/1.1" 200 252
124.79.244.240 - - [13/Jun/2023:10:43:11 +0800] "GET /xingrg/all/function/internal_message.html?_=1686624190934&CODE_STATE=getMsg HTTP/1.1" 200 27
61.170.233.201 - - [13/Jun/2023:10:43:14 +0800] "POST /xingrg/all/report/report_print.html HTTP/1.1" 200 10260
222.70.180.90 - - [13/Jun/2023:10:43:14 +0800] "GET /xingrg/kc/buy/cgsh_order_operate.html?command=get_materiel&rest_code=00111&code=00102010759&supplier_code=00100151&order_time=2023-06-13 HTTP/1.1" 200 412
222.70.180.90 - - [13/Jun/2023:10:43:19 +0800] "GET /xingrg/all/function/internal_message.html?_=1686624197269&CODE_STATE=getMsg HTTP/1.1" 200 27
101.83.145.52 - - [13/Jun/2023:10:43:20 +0800] "GET /xingrg/all/function/internal_message.html?_=1686624199849&CODE_STATE=getMsg HTTP/1.1" 200 27
116.238.139.35 - - [13/Jun/2023:10:43:25 +0800] "GET /xingrg/all/function/internal_message.html?_=1686624203904&CODE_STATE=getMsg HTTP/1.1" 200 27
116.238.139.35 - - [13/Jun/2023:10:43:25 +0800] "GET /xingrg/check_reg.html?_=1686624204052 HTTP/1.1" 200 22
180.169.147.146 - - [13/Jun/2023:10:43:25 +0800] "POST /xingrg/kc/base/check_list_operate.html HTTP/1.1" 200 4
222.70.180.90 - - [13/Jun/2023:10:43:26 +0800] "POST /xingrg/kc/buy/cgsh_order_operate.html HTTP/1.1" 200 37
101.83.241.253 - - [13/Jun/2023:10:43:26 +0800] "GET /xingrg/all/function/internal_message.html?_=1686624312686&CODE_STATE=getMsg HTTP/1.1" 200 27
180.169.147.146 - - [13/Jun/2023:10:43:27 +0800] "POST /xingrg/kc/base/check_list_operate.html HTTP/1.1" 200 5392
222.70.180.90 - - [13/Jun/2023:10:43:27 +0800] "POST /xingrg/kc/buy/cgsh_order_operate.html HTTP/1.1" 200 6231
61.170.233.201 - - [13/Jun/2023:10:43:29 +0800] "GET /xingrg/all/function/internal_message.html?_=1686624208395&CODE_STATE=getMsg HTTP/1.1" 200 27
222.70.180.90 - - [13/Jun/2023:10:43:29 +0800] "GET /xingrg/kc/print/load_data.html?order_code=212023061304538&kc_code=cgsh&condition= HTTP/1.1" 200 2018
116.232.195.127 - - [13/Jun/2023:10:43:32 +0800] "GET /xingrg/all/function/internal_message.html?_=1686624227616&CODE_STATE=getMsg HTTP/1.1" 200 27
116.232.195.127 - - [13/Jun/2023:10:43:32 +0800] "GET /xingrg/check_reg.html?_=1686624227626 HTTP/1.1" 200 22
180.169.147.146 - - [13/Jun/2023:10:43:33 +0800] "GET /xingrg/all/function/internal_message.html?_=1686624212244&CODE_STATE=getMsg HTTP/1.1" 200 27
172.20.0.100 - - [13/Jun/2023:10:43:36 +0800] "GET /xingrg/all/function/internal_message.html?_=1686624215843&CODE_STATE=getMsg HTTP/1.1" 200 27
61.170.233.201 - - [13/Jun/2023:10:43:38 +0800] "GET /xingrg/all/function/internal_message.html?_=1686624219327&CODE_STATE=getMsg HTTP/1.1" 200 27
61.170.233.201 - - [13/Jun/2023:10:43:38 +0800] "GET /xingrg/check_reg.html?_=1686624219425 HTTP/1.1" 200 22
114.89.202.110 - - [13/Jun/2023:10:43:42 +0800] "GET /xingrg/all/function/internal_message.html?_=1686624222879&CODE_STATE=getMsg HTTP/1.1" 200 27
124.79.244.240 - - [13/Jun/2023:10:43:44 +0800] "GET /xingrg/all/function/internal_message.html?_=1686624505106&CODE_STATE=getMsg HTTP/1.1" 200 27
180.169.147.146 - - [13/Jun/2023:10:43:44 +0800] "GET /xingrg/all/function/internal_message.html?_=1686624223111&CODE_STATE=getMsg HTTP/1.1" 200 27
120.253.135.82 - - [13/Jun/2023:10:43:45 +0800] "POST /xingrg/all/common/load_combo.html?type=employee HTTP/1.1" 200 1664
180.164.3.199 - - [13/Jun/2023:10:43:45 +0800] "GET /xingrg/all/function/internal_message.html?_=1686624224987&CODE_STATE=getMsg HTTP/1.1" 200 27
180.169.147.146 - - [13/Jun/2023:10:43:48 +0800] "POST /xingrg/kc/base/check_list_operate.html HTTP/1.1" 200 4
101.229.22.40 - - [13/Jun/2023:10:43:49 +0800] "GET /xingrg/all/function/internal_message.html?_=1686624229830&CODE_STATE=getMsg HTTP/1.1" 200 27
222.70.245.26 - - [13/Jun/2023:10:43:54 +0800] "GET /xingrg/all/function/internal_message.html?_=1686624235620&CODE_STATE=getMsg HTTP/1.1" 200 27
61.170.233.201 - - [13/Jun/2023:10:43:57 +0800] "POST /xingrg/kc/buy/cgsh_order_operate.html HTTP/1.1" 200 37
120.253.135.82 - - [13/Jun/2023:10:44:04 +0800] "GET /xingrg/kc/buy/cgsh_order_operate.html?command=get_materiel&rest_code=00101&code=00102002851&supplier_code=00100403&order_time=2023-06-13 HTTP/1.1" 200 426
114.89.202.110 - - [13/Jun/2023:10:44:06 +0800] "GET /xingrg/all/function/internal_message.html?_=1686624254446&CODE_STATE=getMsg HTTP/1.1" 200 27
222.70.180.90 - - [13/Jun/2023:10:44:08 +0800] "GET /xingrg/all/function/internal_message.html?_=1686624337569&CODE_STATE=getMsg HTTP/1.1" 302 -
61.170.233.201 - - [13/Jun/2023:10:44:10 +0800] "POST /xingrg/kc/buy/cgsh_order_operate.html HTTP/1.1" 200 12
124.79.244.240 - - [13/Jun/2023:10:44:11 +0800] "GET /xingrg/check_reg.html?_=1686624250802 HTTP/1.1" 200 22
124.79.244.240 - - [13/Jun/2023:10:44:11 +0800] "GET /xingrg/all/function/internal_message.html?_=1686624250927&CODE_STATE=getMsg HTTP/1.1" 200 27
61.170.233.201 - - [13/Jun/2023:10:44:17 +0800] "GET /xingrg/kc/buy/cgsh_order_info.html?code=212023061304509 HTTP/1.1" 200 66537
222.70.180.90 - - [13/Jun/2023:10:44:18 +0800] "GET /xingrg/all/function/internal_message.html?_=1686624257174&CODE_STATE=getMsg HTTP/1.1" 200 27
101.83.145.52 - - [13/Jun/2023:10:44:20 +0800] "GET /xingrg/all/function/internal_message.html?_=1686624259823&CODE_STATE=getMsg HTTP/1.1" 200 27
61.170.233.201 - - [13/Jun/2023:10:44:21 +0800] "GET /xingrg/javascript/easyui/themes/default/validatebox.css HTTP/1.1" 404 1104
101.83.145.52 - - [13/Jun/2023:10:44:21 +0800] "GET /xingrg/check_reg.html?_=1686624261438 HTTP/1.1" 200 22
180.169.147.146 - - [13/Jun/2023:10:44:22 +0800] "GET /xingrg/all/function/internal_message.html?_=1686624260459&CODE_STATE=getMsg HTTP/1.1" 200 27
180.169.147.146 - - [13/Jun/2023:10:44:22 +0800] "POST /xingrg/kc/base/check_list_operate.html HTTP/1.1" 200 5532
61.170.233.201 - - [13/Jun/2023:10:44:22 +0800] "POST /xingrg/kc/buy/cgsh_order_operate.html HTTP/1.1" 200 10160
61.170.233.201 - - [13/Jun/2023:10:44:24 +0800] "GET /xingrg/kc/print/load_data.html?order_code=212023061304509&kc_code=cgsh&condition= HTTP/1.1" 200 4335
116.238.139.35 - - [13/Jun/2023:10:44:25 +0800] "GET /xingrg/all/function/internal_message.html?_=1686624263882&CODE_STATE=getMsg HTTP/1.1" 200 27
101.83.241.253 - - [13/Jun/2023:10:44:26 +0800] "GET /xingrg/all/function/internal_message.html?_=1686624372665&CODE_STATE=getMsg HTTP/1.1" 200 27
120.253.135.82 - - [13/Jun/2023:10:44:28 +0800] "GET /xingrg/kc/buy/cgsh_order_operate.html?command=get_materiel&rest_code=00101&code=00102034025&supplier_code=00100403&order_time=2023-06-13 HTTP/1.1" 200 439
180.163.30.27 - - [13/Jun/2023:10:44:29 +0800] "GET /xingrg/all/function/internal_message.html?_=1686624208395&CODE_STATE=getMsg HTTP/1.1" 302 -
180.163.30.27 - - [13/Jun/2023:10:44:29 +0800] "GET /xingrg/login.html HTTP/1.1" 200 7641
61.170.233.201 - - [13/Jun/2023:10:44:29 +0800] "GET /xingrg/all/function/internal_message.html?_=1686624268383&CODE_STATE=getMsg HTTP/1.1" 200 27
116.232.195.127 - - [13/Jun/2023:10:44:32 +0800] "GET /xingrg/all/function/internal_message.html?_=1686624287611&CODE_STATE=getMsg HTTP/1.1" 200 27
180.169.147.146 - - [13/Jun/2023:10:44:33 +0800] "GET /xingrg/all/function/internal_message.html?_=1686624272226&CODE_STATE=getMsg HTTP/1.1" 200 27
61.170.233.201 - - [13/Jun/2023:10:44:36 +0800] "GET /xingrg/kc/buy/cgsh_order_add.html HTTP/1.1" 200 71636
172.20.0.100 - - [13/Jun/2023:10:44:36 +0800] "GET /xingrg/all/function/internal_message.html?_=1686624275847&CODE_STATE=getMsg HTTP/1.1" 200 27
61.170.233.201 - - [13/Jun/2023:10:44:36 +0800] "POST /xingrg/kc/buy/cgsh_order_operate.html HTTP/1.1" 200 8245
61.170.233.201 - - [13/Jun/2023:10:44:36 +0800] "GET /xingrg/javascript/easyui/themes/default/validatebox.css HTTP/1.1" 404 1104
61.170.233.201 - - [13/Jun/2023:10:44:37 +0800] "GET /xingrg/javascript/easyui/themes/default/tree.css HTTP/1.1" 404 1090
61.170.233.201 - - [13/Jun/2023:10:44:38 +0800] "GET /xingrg/all/function/internal_message.html?_=1686624279299&CODE_STATE=getMsg HTTP/1.1" 200 27
61.170.233.201 - - [13/Jun/2023:10:44:38 +0800] "POST /xingrg/all/common/load_tree.html?tree=supplier_tree_json&isDelete=1 HTTP/1.1" 200 74560
114.89.202.110 - - [13/Jun/2023:10:44:42 +0800] "GET /xingrg/all/function/internal_message.html?_=1686624282869&CODE_STATE=getMsg HTTP/1.1" 200 27
124.79.244.240 - - [13/Jun/2023:10:44:44 +0800] "GET /xingrg/all/function/internal_message.html?_=1686624565104&CODE_STATE=getMsg HTTP/1.1" 200 27
180.169.147.146 - - [13/Jun/2023:10:44:44 +0800] "GET /xingrg/all/function/internal_message.html?_=1686624283110&CODE_STATE=getMsg HTTP/1.1" 200 27
180.164.3.199 - - [13/Jun/2023:10:44:45 +0800] "GET /xingrg/all/function/internal_message.html?_=1686624284964&CODE_STATE=getMsg HTTP/1.1" 200 27
101.229.22.40 - - [13/Jun/2023:10:44:49 +0800] "GET /xingrg/all/function/internal_message.html?_=1686624289857&CODE_STATE=getMsg HTTP/1.1" 200 27
101.229.22.40 - - [13/Jun/2023:10:44:49 +0800] "GET /xingrg/check_reg.html?_=1686624289860 HTTP/1.1" 200 22
222.70.245.26 - - [13/Jun/2023:10:44:54 +0800] "GET /xingrg/all/function/internal_message.html?_=1686624295627&CODE_STATE=getMsg HTTP/1.1" 200 27
120.253.135.82 - - [13/Jun/2023:10:44:55 +0800] "POST /xingrg/kc/buy/cgsh_order_operate.html HTTP/1.1" 200 37
61.170.233.201 - - [13/Jun/2023:10:44:57 +0800] "GET /xingrg/kc/buy/cgsh_order_operate.html?command=get_materiel&rest_code=00106&code=00101008530&supplier_code=00100009&order_time=2023-06-13 HTTP/1.1" 200 436
120.253.135.82 - - [13/Jun/2023:10:44:58 +0800] "POST /xingrg/kc/buy/cgsh_order_operate.html HTTP/1.1" 200 3296
114.89.202.110 - - [13/Jun/2023:10:45:06 +0800] "GET /xingrg/check_reg.html?_=1686624314431 HTTP/1.1" 200 22
114.89.202.110 - - [13/Jun/2023:10:45:06 +0800] "GET /xingrg/all/function/internal_message.html?_=1686624314433&CODE_STATE=getMsg HTTP/1.1" 200 27
222.70.180.90 - - [13/Jun/2023:10:45:08 +0800] "GET /xingrg/all/function/internal_message.html?_=1686624397579&CODE_STATE=getMsg HTTP/1.1" 302 -
124.79.244.240 - - [13/Jun/2023:10:45:11 +0800] "GET /xingrg/all/function/internal_message.html?_=1686624310922&CODE_STATE=getMsg HTTP/1.1" 200 27
180.163.28.55 - - [13/Jun/2023:10:45:16 +0800] "GET /xingrg/kc/buy/cgsh_order_info.html?code=212023061304509 HTTP/1.1" 302 -
61.170.233.201 - - [13/Jun/2023:10:45:16 +0800] "POST /xingrg/kc/buy/cgsh_order_operate.html HTTP/1.1" 200 37
180.163.28.55 - - [13/Jun/2023:10:45:16 +0800] "GET /xingrg/login.html HTTP/1.1" 200 7641
116.234.4.38 - - [13/Jun/2023:10:45:17 +0800] "GET /xingrg/login_supplier.html HTTP/1.1" 200 3208
116.234.4.38 - - [13/Jun/2023:10:45:17 +0800] "GET /favicon.ico HTTP/1.1" 404 -
222.70.180.90 - - [13/Jun/2023:10:45:18 +0800] "GET /xingrg/all/function/internal_message.html?_=1686624317149&CODE_STATE=getMsg HTTP/1.1" 200 27
222.70.180.90 - - [13/Jun/2023:10:45:19 +0800] "GET /xingrg/check_reg.html?_=1686624318040 HTTP/1.1" 200 22
101.83.145.52 - - [13/Jun/2023:10:45:20 +0800] "GET /xingrg/all/function/internal_message.html?_=1686624319795&CODE_STATE=getMsg HTTP/1.1" 200 27
180.169.147.146 - - [13/Jun/2023:10:45:22 +0800] "GET /xingrg/all/function/internal_message.html?_=1686624320440&CODE_STATE=getMsg HTTP/1.1" 200 27
61.170.233.201 - - [13/Jun/2023:10:45:23 +0800] "POST /xingrg/kc/buy/cgsh_order_operate.html HTTP/1.1" 200 12
116.234.4.38 - - [13/Jun/2023:10:45:24 +0800] "POST /xingrg/login_supplier.html HTTP/1.1" 302 -
116.234.4.38 - - [13/Jun/2023:10:45:24 +0800] "GET /xingrg/supplier_index.html?sysBaseUrl=http%3A%2F%2F180.169.147.146%3A18081%2Fxingrg%2F&costTime=241×tamp=1686624324777 HTTP/1.1" 200 9061
116.234.4.38 - - [13/Jun/2023:10:45:25 +0800] "GET /favicon.ico HTTP/1.1" 404 -
116.238.139.35 - - [13/Jun/2023:10:45:25 +0800] "GET /xingrg/all/function/internal_message.html?_=1686624323852&CODE_STATE=getMsg HTTP/1.1" 200 27
116.234.4.38 - - [13/Jun/2023:10:45:26 +0800] "GET /xingrg/supplier/cgsh_order_list.html HTTP/1.1" 200 10896
61.170.233.201 - - [13/Jun/2023:10:45:26 +0800] "GET /xingrg/kc/buy/cgsh_order_info.html?code=212023061304540 HTTP/1.1" 200 66551
61.170.233.201 - - [13/Jun/2023:10:45:26 +0800] "GET /xingrg/javascript/easyui/themes/default/validatebox.css HTTP/1.1" 404 1104
101.83.241.253 - - [13/Jun/2023:10:45:26 +0800] "GET /xingrg/all/function/internal_message.html?_=1686624432652&CODE_STATE=getMsg HTTP/1.1" 200 27
61.170.233.201 - - [13/Jun/2023:10:45:27 +0800] "POST /xingrg/kc/buy/cgsh_order_operate.html HTTP/1.1" 200 623
61.170.233.201 - - [13/Jun/2023:10:45:29 +0800] "GET /xingrg/kc/print/load_data.html?order_code=212023061304540&kc_code=cgsh&condition= HTTP/1.1" 200 795
180.163.30.85 - - [13/Jun/2023:10:45:29 +0800] "GET /xingrg/all/function/internal_message.html?_=1686624268383&CODE_STATE=getMsg HTTP/1.1" 302 -
180.163.30.85 - - [13/Jun/2023:10:45:29 +0800] "GET /xingrg/login.html HTTP/1.1" 200 7641
61.170.233.201 - - [13/Jun/2023:10:45:29 +0800] "GET /xingrg/all/function/internal_message.html?_=1686624328696&CODE_STATE=getMsg HTTP/1.1" 200 27
61.170.233.201 - - [13/Jun/2023:10:45:31 +0800] "GET /xingrg/check_reg.html?_=1686624330081 HTTP/1.1" 200 22
116.234.4.38 - - [13/Jun/2023:10:45:32 +0800] "POST /xingrg/supplier/cgsh_list_operate.html HTTP/1.1" 200 6887
116.232.195.127 - - [13/Jun/2023:10:45:32 +0800] "GET /xingrg/all/function/internal_message.html?_=1686624347623&CODE_STATE=getMsg HTTP/1.1" 200 27
180.169.147.146 - - [13/Jun/2023:10:45:33 +0800] "GET /xingrg/all/function/internal_message.html?_=1686624332226&CODE_STATE=getMsg HTTP/1.1" 200 27
61.170.233.201 - - [13/Jun/2023:10:45:34 +0800] "GET /xingrg/kc/buy/cgsh_order_add.html HTTP/1.1" 200 71636
61.170.233.201 - - [13/Jun/2023:10:45:34 +0800] "POST /xingrg/kc/buy/cgsh_order_operate.html HTTP/1.1" 200 8245
101.83.145.52 - - [13/Jun/2023:10:45:34 +0800] "GET /xingrg/kc/base/wldb_order_list.html HTTP/1.1" 200 19098
61.170.233.201 - - [13/Jun/2023:10:45:34 +0800] "GET /xingrg/javascript/easyui/themes/default/validatebox.css HTTP/1.1" 404 1104
101.83.145.52 - - [13/Jun/2023:10:45:35 +0800] "POST /xingrg/kc/base/wldb_list_operate.html HTTP/1.1" 200 2933
61.170.233.201 - - [13/Jun/2023:10:45:36 +0800] "GET /xingrg/javascript/easyui/themes/default/tree.css HTTP/1.1" 404 1090
172.20.0.100 - - [13/Jun/2023:10:45:36 +0800] "GET /xingrg/all/function/internal_message.html?_=1686624335848&CODE_STATE=getMsg HTTP/1.1" 200 27
172.20.0.100 - - [13/Jun/2023:10:45:36 +0800] "GET /xingrg/check_reg.html?_=1686624335850 HTTP/1.1" 200 22
222.70.114.12 - - [13/Jun/2023:10:45:36 +0800] "GET /xingrg/login.html HTTP/1.1" 200 7641
222.70.114.12 - - [13/Jun/2023:10:45:36 +0800] "GET /favicon.ico HTTP/1.1" 404 -
61.170.233.201 - - [13/Jun/2023:10:45:36 +0800] "POST /xingrg/all/common/load_tree.html?tree=supplier_tree_json&isDelete=1 HTTP/1.1" 200 74560
101.83.145.52 - - [13/Jun/2023:10:45:36 +0800] "GET /xingrg/kc/base/wldb_order_add.html HTTP/1.1" 200 30381
101.83.145.52 - - [13/Jun/2023:10:45:37 +0800] "GET /xingrg/javascript/easyui/themes/default/validatebox.css HTTP/1.1" 404 1104
101.83.145.52 - - [13/Jun/2023:10:45:37 +0800] "POST /xingrg/kc/base/wldb_order_operate.html HTTP/1.1" 200 6806
116.234.4.38 - - [13/Jun/2023:10:45:37 +0800] "GET /xingrg/javascript/easyui/themes/default/tree.css HTTP/1.1" 404 1090
116.234.4.38 - - [13/Jun/2023:10:45:37 +0800] "POST /xingrg/all/common/load_tree.html?tree=area_rest_tree_json HTTP/1.1" 200 3499
101.83.145.52 - - [13/Jun/2023:10:45:38 +0800] "POST /xingrg/all/common/load_combo.html?type=base HTTP/1.1" 200 3409
61.170.233.201 - - [13/Jun/2023:10:45:38 +0800] "GET /xingrg/all/function/internal_message.html?_=1686624339270&CODE_STATE=getMsg HTTP/1.1" 200 27
114.89.202.110 - - [13/Jun/2023:10:45:42 +0800] "GET /xingrg/all/function/internal_message.html?_=1686624342882&CODE_STATE=getMsg HTTP/1.1" 200 27
222.70.114.12 - - [13/Jun/2023:10:45:43 +0800] "POST /xingrg/login.do HTTP/1.1" 302 -
222.70.114.12 - - [13/Jun/2023:10:45:44 +0800] "POST /xingrg/login.do HTTP/1.1" 302 -
124.79.244.240 - - [13/Jun/2023:10:45:44 +0800] "GET /xingrg/all/function/internal_message.html?_=1686624625103&CODE_STATE=getMsg HTTP/1.1" 200 27
124.79.244.240 - - [13/Jun/2023:10:45:44 +0800] "GET /xingrg/check_reg.html?_=1686624625104 HTTP/1.1" 200 22
180.169.147.146 - - [13/Jun/2023:10:45:44 +0800] "GET /xingrg/all/function/internal_message.html?_=1686624343110&CODE_STATE=getMsg HTTP/1.1" 200 27
222.70.114.12 - - [13/Jun/2023:10:45:44 +0800] "GET /xingrg/index.html?sysBaseUrl=http%3A%2F%2F180.169.147.146%3A18081%2Fxingrg%2F&costTime=1399×tamp=1686624344625 HTTP/1.1" 200 17179
222.70.114.12 - - [13/Jun/2023:10:45:44 +0800] "POST /xingrg/login.do HTTP/1.1" 200 2098
222.70.114.12 - - [13/Jun/2023:10:45:44 +0800] "GET /xingrg/all/function/internal_message.html?_=1686624347095&CODE_STATE=count HTTP/1.1" 200 11
222.70.114.12 - - [13/Jun/2023:10:45:44 +0800] "GET /xingrg/check_reg.html?_=1686624347095 HTTP/1.1" 200 22
222.70.114.12 - - [13/Jun/2023:10:45:45 +0800] "POST /xingrg/all/common/load_tree.html?tree=area_rest_tree_json&manage=1 HTTP/1.1" 200 351
222.70.114.12 - - [13/Jun/2023:10:45:45 +0800] "POST /xingrg/load_menu.html HTTP/1.1" 200 5138
180.164.3.199 - - [13/Jun/2023:10:45:45 +0800] "GET /xingrg/all/function/internal_message.html?_=1686624344938&CODE_STATE=getMsg HTTP/1.1" 200 27
116.234.4.38 - - [13/Jun/2023:10:45:45 +0800] "GET /xingrg/javascript/jquery_tools/images/prev.gif HTTP/1.1" 404 1086
116.234.4.38 - - [13/Jun/2023:10:45:45 +0800] "GET /xingrg/javascript/jquery_tools/images/next.gif HTTP/1.1" 404 1086
101.83.145.52 - - [13/Jun/2023:10:45:46 +0800] "GET /xingrg/kc/base/wldb_order_operate.html?command=get_materiel&rest_code=00105&base_code=0010508&code=00102002992 HTTP/1.1" 200 437
222.70.114.12 - - [13/Jun/2023:10:45:46 +0800] "GET /xingrg/kc/buy/buy_main.html HTTP/1.1" 200 12412
222.70.114.12 - - [13/Jun/2023:10:45:46 +0800] "GET /xingrg/css/new_ie.css HTTP/1.1" 404 1036
101.229.22.40 - - [13/Jun/2023:10:45:49 +0800] "GET /xingrg/all/function/internal_message.html?_=1686624349860&CODE_STATE=getMsg HTTP/1.1" 200 27
180.163.29.79 - - [13/Jun/2023:10:45:50 +0800] "GET /xingrg/kc/buy/cgsh_order_operate.html?command=get_materiel&rest_code=00106&code=00101008530&supplier_code=00100009&order_time=2023-06-13 HTTP/1.1" 302 -
180.163.29.79 - - [13/Jun/2023:10:45:50 +0800] "GET /xingrg/login.html HTTP/1.1" 200 7641
61.170.233.201 - - [13/Jun/2023:10:45:53 +0800] "GET /xingrg/kc/buy/cgsh_order_operate.html?command=get_materiel&rest_code=00106&code=00102014088&supplier_code=00100450&order_time=2023-06-13 HTTP/1.1" 200 426
116.234.4.38 - - [13/Jun/2023:10:45:54 +0800] "POST /xingrg/supplier/cgsh_list_operate.html HTTP/1.1" 200 4735
222.70.245.26 - - [13/Jun/2023:10:45:54 +0800] "GET /xingrg/all/function/internal_message.html?_=1686624355927&CODE_STATE=getMsg HTTP/1.1" 200 27
222.70.114.12 - - [13/Jun/2023:10:45:56 +0800] "GET /xingrg/index.html?sysBaseUrl=http%3A%2F%2F180.169.147.146%3A18081%2Fxingrg%2F&costTime=1399×tamp=1686624344625 HTTP/1.1" 200 17179
222.70.114.12 - - [13/Jun/2023:10:45:56 +0800] "GET /xingrg/all/function/internal_message.html?_=1686624358610&CODE_STATE=count HTTP/1.1" 200 11
222.70.114.12 - - [13/Jun/2023:10:45:56 +0800] "GET /xingrg/check_reg.html?_=1686624358611 HTTP/1.1" 200 22
222.70.114.12 - - [13/Jun/2023:10:45:56 +0800] "POST /xingrg/all/common/load_tree.html?tree=area_rest_tree_json&manage=1 HTTP/1.1" 200 351
222.70.114.12 - - [13/Jun/2023:10:45:56 +0800] "POST /xingrg/load_menu.html HTTP/1.1" 200 5138
222.70.114.12 - - [13/Jun/2023:10:45:59 +0800] "GET /xingrg/index.html?sysBaseUrl=http%3A%2F%2F180.169.147.146%3A18081%2Fxingrg%2F&costTime=1399×tamp=1686624344625 HTTP/1.1" 200 17179
222.70.114.12 - - [13/Jun/2023:10:45:59 +0800] "GET /xingrg/check_reg.html?_=1686624361508 HTTP/1.1" 200 22
222.70.114.12 - - [13/Jun/2023:10:45:59 +0800] "GET /xingrg/all/function/internal_message.html?_=1686624361507&CODE_STATE=count HTTP/1.1" 200 11
222.70.114.12 - - [13/Jun/2023:10:45:59 +0800] "POST /xingrg/all/common/load_tree.html?tree=area_rest_tree_json&manage=1 HTTP/1.1" 200 351
222.70.114.12 - - [13/Jun/2023:10:45:59 +0800] "POST /xingrg/load_menu.html HTTP/1.1" 200 5138
222.70.114.12 - - [13/Jun/2023:10:46:00 +0800] "GET /xingrg/kc/report/report_main.html HTTP/1.1" 200 7340
222.70.114.12 - - [13/Jun/2023:10:46:02 +0800] "GET /xingrg/all/report/report_query.html?fileName=kc/buy/gys_amount.xml&rh=99999 HTTP/1.1" 200 52006
222.70.114.12 - - [13/Jun/2023:10:46:02 +0800] "GET /xingrg/dwr/interface/AjaxReportQueryService.js HTTP/1.1" 200 13203
222.70.114.12 - - [13/Jun/2023:10:46:02 +0800] "GET /xingrg/dwr/engine.js HTTP/1.1" 200 43631
222.70.114.12 - - [13/Jun/2023:10:46:02 +0800] "GET /xingrg/dwr/util.js HTTP/1.1" 200 35990
222.70.114.12 - - [13/Jun/2023:10:46:02 +0800] "POST /xingrg/dwr/call/plaincall/AjaxReportQueryService.getFixDate.dwr HTTP/1.1" 200 111
222.70.114.12 - - [13/Jun/2023:10:46:03 +0800] "POST /xingrg/dwr/call/plaincall/AjaxReportQueryService.getInitString.dwr HTTP/1.1" 200 1083
222.70.114.12 - - [13/Jun/2023:10:46:03 +0800] "POST /xingrg/all/common/load_tree.html?tree=materiel_sort_tree_json HTTP/1.1" 200 9500
222.70.114.12 - - [13/Jun/2023:10:46:03 +0800] "POST /xingrg/all/common/load_tree.html?tree=supplier_tree_json&manage=1 HTTP/1.1" 200 76485
180.169.147.146 - - [13/Jun/2023:10:46:04 +0800] "GET /xingrg/check_reg.html?_=1686624362686 HTTP/1.1" 200 22
114.89.202.110 - - [13/Jun/2023:10:46:06 +0800] "GET /xingrg/all/function/internal_message.html?_=1686624374438&CODE_STATE=getMsg HTTP/1.1" 200 27
116.234.4.38 - - [13/Jun/2023:10:46:08 +0800] "POST /xingrg/supplier/cgsh_list_operate.html HTTP/1.1" 200 6898
222.70.180.90 - - [13/Jun/2023:10:46:08 +0800] "GET /xingrg/all/function/internal_message.html?_=1686624457579&CODE_STATE=getMsg HTTP/1.1" 302 -
222.70.180.90 - - [13/Jun/2023:10:46:08 +0800] "GET /xingrg/check_reg.html?_=1686624457582 HTTP/1.1" 302 -
61.170.233.201 - - [13/Jun/2023:10:46:10 +0800] "GET /xingrg/kc/buy/cgsh_order_operate.html?command=get_materiel&rest_code=00106&code=00101008568&supplier_code=00100450&order_time=2023-06-13 HTTP/1.1" 200 413
124.79.244.240 - - [13/Jun/2023:10:46:11 +0800] "GET /xingrg/all/function/internal_message.html?_=1686624370902&CODE_STATE=getMsg HTTP/1.1" 200 27
222.70.114.12 - - [13/Jun/2023:10:46:15 +0800] "POST /xingrg/dwr/call/plaincall/AjaxReportQueryService.refreshCache.dwr HTTP/1.1" 200 78
222.70.180.90 - - [13/Jun/2023:10:46:18 +0800] "GET /xingrg/all/function/internal_message.html?_=1686624377119&CODE_STATE=getMsg HTTP/1.1" 200 27
218.81.66.198 - - [13/Jun/2023:10:46:18 +0800] "GET /favicon.ico HTTP/1.1" 404 -
101.83.145.52 - - [13/Jun/2023:10:46:20 +0800] "GET /xingrg/all/function/internal_message.html?_=1686624379827&CODE_STATE=getMsg HTTP/1.1" 200 27
222.70.114.12 - - [13/Jun/2023:10:46:20 +0800] "POST /xingrg/all/report/load_report_page.html HTTP/1.1" 200 187437
120.253.135.82 - - [13/Jun/2023:10:46:20 +0800] "POST /xingrg/kc/buy/cgsh_order_operate.html HTTP/1.1" 200 37
222.70.114.12 - - [13/Jun/2023:10:46:20 +0800] "GET /xingrg/servlets/image?cache=0.7866913041360115&image=px HTTP/1.1" 200 807
180.169.147.146 - - [13/Jun/2023:10:46:22 +0800] "GET /xingrg/all/function/internal_message.html?_=1686624380431&CODE_STATE=getMsg HTTP/1.1" 200 27
120.253.135.82 - - [13/Jun/2023:10:46:23 +0800] "POST /xingrg/kc/buy/cgsh_order_operate.html HTTP/1.1" 200 3296
116.238.139.35 - - [13/Jun/2023:10:46:25 +0800] "GET /xingrg/all/function/internal_message.html?_=1686624383863&CODE_STATE=getMsg HTTP/1.1" 200 27
116.238.139.35 - - [13/Jun/2023:10:46:26 +0800] "GET /xingrg/kc/print/load_data.html?order_code=212023061304537&kc_code=cgsh&condition= HTTP/1.1" 200 2938
101.83.241.253 - - [13/Jun/2023:10:46:26 +0800] "GET /xingrg/all/function/internal_message.html?_=1686624492649&CODE_STATE=getMsg HTTP/1.1" 200 27
61.170.233.201 - - [13/Jun/2023:10:46:27 +0800] "GET /xingrg/kc/buy/cgsh_order_operate.html?command=get_materiel&rest_code=00106&code=00101008509&supplier_code=00100450&order_time=2023-06-13 HTTP/1.1" 200 410
120.253.135.82 - - [13/Jun/2023:10:46:27 +0800] "GET /xingrg/kc/print/load_data.html?order_code=212023061304539&kc_code=cgsh&condition= HTTP/1.1" 200 950
61.170.233.201 - - [13/Jun/2023:10:46:29 +0800] "GET /xingrg/all/function/internal_message.html?_=1686624388686&CODE_STATE=getMsg HTTP/1.1" 200 27
116.232.195.127 - - [13/Jun/2023:10:46:32 +0800] "GET /xingrg/all/function/internal_message.html?_=1686624407620&CODE_STATE=getMsg HTTP/1.1" 200 27
180.169.147.146 - - [13/Jun/2023:10:46:33 +0800] "GET /xingrg/all/function/internal_message.html?_=1686624392208&CODE_STATE=getMsg HTTP/1.1" 200 27
180.169.147.146 - - [13/Jun/2023:10:46:33 +0800] "GET /xingrg/check_reg.html?_=1686624392755 HTTP/1.1" 200 22
172.20.0.100 - - [13/Jun/2023:10:46:36 +0800] "GET /xingrg/all/function/internal_message.html?_=1686624395853&CODE_STATE=getMsg HTTP/1.1" 200 27
61.170.233.201 - - [13/Jun/2023:10:46:38 +0800] "GET /xingrg/kc/buy/cgsh_order_operate.html?command=get_materiel&rest_code=00106&code=00101008284&supplier_code=00100450&order_time=2023-06-13 HTTP/1.1" 200 413
61.170.233.201 - - [13/Jun/2023:10:46:38 +0800] "GET /xingrg/all/function/internal_message.html?_=1686624399254&CODE_STATE=getMsg HTTP/1.1" 200 27
114.89.202.110 - - [13/Jun/2023:10:46:42 +0800] "GET /xingrg/all/function/internal_message.html?_=1686624402873&CODE_STATE=getMsg HTTP/1.1" 200 27
124.79.244.240 - - [13/Jun/2023:10:46:44 +0800] "GET /xingrg/all/function/internal_message.html?_=1686624685102&CODE_STATE=getMsg HTTP/1.1" 200 27
180.169.147.146 - - [13/Jun/2023:10:46:44 +0800] "GET /xingrg/all/function/internal_message.html?_=1686624403109&CODE_STATE=getMsg HTTP/1.1" 200 27
180.164.3.199 - - [13/Jun/2023:10:46:45 +0800] "GET /xingrg/all/function/internal_message.html?_=1686624404917&CODE_STATE=getMsg HTTP/1.1" 200 27
180.164.3.199 - - [13/Jun/2023:10:46:46 +0800] "GET /xingrg/check_reg.html?_=1686624406115 HTTP/1.1" 200 22
101.229.22.40 - - [13/Jun/2023:10:46:49 +0800] "GET /xingrg/all/function/internal_message.html?_=1686624409861&CODE_STATE=getMsg HTTP/1.1" 200 27
61.170.233.201 - - [13/Jun/2023:10:46:50 +0800] "GET /xingrg/kc/buy/cgsh_order_operate.html?command=get_materiel&rest_code=00106&code=00101009055&supplier_code=00100450&order_time=2023-06-13 HTTP/1.1" 200 413
180.163.30.27 - - [13/Jun/2023:10:46:51 +0800] "GET /xingrg/kc/buy/cgsh_order_operate.html?command=get_materiel&rest_code=00106&code=00102014088&supplier_code=00100450&order_time=2023-06-13 HTTP/1.1" 302 -
180.163.30.27 - - [13/Jun/2023:10:46:51 +0800] "GET /xingrg/login.html HTTP/1.1" 200 7641
222.70.245.26 - - [13/Jun/2023:10:46:54 +0800] "GET /xingrg/all/function/internal_message.html?_=1686624415935&CODE_STATE=getMsg HTTP/1.1" 200 27
222.70.114.12 - - [13/Jun/2023:10:46:59 +0800] "GET /xingrg/all/function/internal_message.html?_=1686624421542&CODE_STATE=getMsg HTTP/1.1" 200 27
61.170.233.201 - - [13/Jun/2023:10:47:03 +0800] "GET /xingrg/kc/buy/cgsh_order_operate.html?command=get_materiel&rest_code=00106&code=00101009018&supplier_code=00100450&order_time=2023-06-13 HTTP/1.1" 200 408
114.89.202.110 - - [13/Jun/2023:10:47:06 +0800] "GET /xingrg/all/function/internal_message.html?_=1686624434445&CODE_STATE=getMsg HTTP/1.1" 200 27
222.70.114.12 - - [13/Jun/2023:10:47:07 +0800] "GET /xingrg/all/report/report_query.html?isQuery=1&fileName=kc/buy/wlcg_cate_hz.xml&queryString=(CONVERT(char(10)%252Ca.order_time%252C%2520120)%253E%253D'2022-10-01')%2520and%2520(CONVERT(char(10)%252Ca.order_time%252C%2520120)%253C%253D'2023-06-30')%2520and%2520(a.number%253E0%2520and%2520a.supplier_code%253D'00100508')&queryText=%25E3%2580%2590%25E9%2587%2587%25E8%25B4%25AD%25E6%2597%25A5%25E6%259C%259F%253A2022-10-01%2520%25E8%2587%25B3%25202023-06-30%25E3%2580%2591%2520%25E5%25B9%25B6%25E4%25B8%2594%2520%25E3%2580%2590%25E4%25BE%259B%25E5%25BA%2594%25E5%2595%2586%253D%25E7%2587%2595%25E9%25A2%259C%25EF%25BC%2588%25E5%25A4%25A7%25E7%259B%2586%25E8%258F%259C%25EF%25BC%2589%25E3%2580%2591 HTTP/1.1" 200 54374
222.70.114.12 - - [13/Jun/2023:10:47:07 +0800] "GET /xingrg/dwr/interface/AjaxReportQueryService.js HTTP/1.1" 200 13203
222.70.114.12 - - [13/Jun/2023:10:47:07 +0800] "GET /xingrg/dwr/engine.js HTTP/1.1" 200 43631
222.70.180.90 - - [13/Jun/2023:10:47:08 +0800] "GET /xingrg/all/function/internal_message.html?_=1686624517572&CODE_STATE=getMsg HTTP/1.1" 302 -
222.70.114.12 - - [13/Jun/2023:10:47:09 +0800] "POST /xingrg/all/report/load_report_page.html HTTP/1.1" 200 8706
222.70.114.12 - - [13/Jun/2023:10:47:09 +0800] "GET /xingrg/servlets/image?cache=0.747420148107915&image=px HTTP/1.1" 200 807
124.79.244.240 - - [13/Jun/2023:10:47:11 +0800] "GET /xingrg/all/function/internal_message.html?_=1686624430894&CODE_STATE=getMsg HTTP/1.1" 200 27
101.83.241.253 - - [13/Jun/2023:10:47:12 +0800] "GET /xingrg/check_reg.html?_=1686624538779 HTTP/1.1" 200 22
222.70.114.12 - - [13/Jun/2023:10:47:13 +0800] "POST /xingrg/all/report/load_report_page.html HTTP/1.1" 200 16417
222.70.114.12 - - [13/Jun/2023:10:47:13 +0800] "GET /xingrg/servlets/image?cache=0.7122513506234323&image=px HTTP/1.1" 200 807
222.70.180.90 - - [13/Jun/2023:10:47:18 +0800] "GET /xingrg/all/function/internal_message.html?_=1686624437091&CODE_STATE=getMsg HTTP/1.1" 200 27
222.70.114.12 - - [13/Jun/2023:10:47:18 +0800] "POST /xingrg/all/report/report_print.html HTTP/1.1" 302 -
222.70.114.12 - - [13/Jun/2023:10:47:18 +0800] "GET /xingrg/servlets/html?sysBaseUrl=http%3A%2F%2F180.169.147.146%3A18081%2Fxingrg%2F&costTime=1214×tamp=1686624438911 HTTP/1.1" 200 17755
222.70.114.12 - - [13/Jun/2023:10:47:18 +0800] "GET /xingrg/servlets/image?image=px HTTP/1.1" 200 807
180.163.28.68 - - [13/Jun/2023:10:47:20 +0800] "GET /xingrg/kc/buy/cgsh_order_operate.html?command=get_materiel&rest_code=00106&code=00101008509&supplier_code=00100450&order_time=2023-06-13 HTTP/1.1" 302 -
180.163.28.68 - - [13/Jun/2023:10:47:20 +0800] "GET /xingrg/login.html HTTP/1.1" 200 7641
101.83.145.52 - - [13/Jun/2023:10:47:20 +0800] "GET /xingrg/all/function/internal_message.html?_=1686624439777&CODE_STATE=getMsg HTTP/1.1" 200 27
120.253.135.82 - - [13/Jun/2023:10:47:21 +0800] "GET /xingrg/check_reg.html?_=1686624276522 HTTP/1.1" 200 22
180.169.147.146 - - [13/Jun/2023:10:47:22 +0800] "GET /xingrg/all/function/internal_message.html?_=1686624440404&CODE_STATE=getMsg HTTP/1.1" 200 27
61.170.233.201 - - [13/Jun/2023:10:47:23 +0800] "GET /xingrg/kc/buy/cgsh_order_operate.html?command=get_materiel&rest_code=00106&code=00101008591&supplier_code=00100450&order_time=2023-06-13 HTTP/1.1" 200 410
116.238.139.35 - - [13/Jun/2023:10:47:25 +0800] "GET /xingrg/all/function/internal_message.html?_=1686624443846&CODE_STATE=getMsg HTTP/1.1" 200 27
101.83.241.253 - - [13/Jun/2023:10:47:26 +0800] "GET /xingrg/all/function/internal_message.html?_=1686624552626&CODE_STATE=getMsg HTTP/1.1" 200 27
61.170.233.201 - - [13/Jun/2023:10:47:29 +0800] "GET /xingrg/all/function/internal_message.html?_=1686624448661&CODE_STATE=getMsg HTTP/1.1" 200 27
116.232.195.127 - - [13/Jun/2023:10:47:32 +0800] "GET /xingrg/all/function/internal_message.html?_=1686624467617&CODE_STATE=getMsg HTTP/1.1" 200 27
180.169.147.146 - - [13/Jun/2023:10:47:33 +0800] "GET /xingrg/all/function/internal_message.html?_=1686624452193&CODE_STATE=getMsg HTTP/1.1" 200 27
180.163.29.234 - - [13/Jun/2023:10:47:34 +0800] "GET /xingrg/kc/buy/cgsh_order_operate.html?command=get_materiel&rest_code=00106&code=00101008284&supplier_code=00100450&order_time=2023-06-13 HTTP/1.1" 302 -
180.163.29.234 - - [13/Jun/2023:10:47:34 +0800] "GET /xingrg/login.html HTTP/1.1" 200 7641
172.20.0.100 - - [13/Jun/2023:10:47:36 +0800] "GET /xingrg/all/function/internal_message.html?_=1686624455855&CODE_STATE=getMsg HTTP/1.1" 200 27
61.170.233.201 - - [13/Jun/2023:10:47:37 +0800] "GET /xingrg/kc/buy/cgsh_order_operate.html?command=get_materiel&rest_code=00106&code=00101008593&supplier_code=00100450&order_time=2023-06-13 HTTP/1.1" 200 418
61.170.233.201 - - [13/Jun/2023:10:47:38 +0800] "GET /xingrg/all/function/internal_message.html?_=1686624459240&CODE_STATE=getMsg HTTP/1.1" 200 27
222.70.245.26 - - [13/Jun/2023:10:47:39 +0800] "GET /xingrg/check_reg.html?_=1686624460841 HTTP/1.1" 200 22
114.89.202.110 - - [13/Jun/2023:10:47:42 +0800] "GET /xingrg/check_reg.html?_=1686624462877 HTTP/1.1" 200 22
114.89.202.110 - - [13/Jun/2023:10:47:42 +0800] "GET /xingrg/all/function/internal_message.html?_=1686624462882&CODE_STATE=getMsg HTTP/1.1" 200 27
124.79.244.240 - - [13/Jun/2023:10:47:44 +0800] "GET /xingrg/all/function/internal_message.html?_=1686624745101&CODE_STATE=getMsg HTTP/1.1" 200 27
180.169.147.146 - - [13/Jun/2023:10:47:44 +0800] "GET /xingrg/all/function/internal_message.html?_=1686624463108&CODE_STATE=getMsg HTTP/1.1" 200 27
180.169.147.146 - - [13/Jun/2023:10:47:44 +0800] "GET /xingrg/check_reg.html?_=1686624463109 HTTP/1.1" 200 22
180.164.3.199 - - [13/Jun/2023:10:47:45 +0800] "GET /xingrg/all/function/internal_message.html?_=1686624464903&CODE_STATE=getMsg HTTP/1.1" 200 27
