222.70.180.90 - - [09/Jun/2023:09:37:02 +0800] "GET /xingrg/all/function/internal_message.html?_=1686274619163&CODE_STATE=getMsg HTTP/1.1" 200 27
222.67.234.146 - - [09/Jun/2023:09:37:02 +0800] "POST /xingrg/kc/buy/cgsh_order_operate.html HTTP/1.1" 200 6801
222.67.234.146 - - [09/Jun/2023:09:37:03 +0800] "GET /xingrg/all/function/internal_message.html?_=1686274616737&CODE_STATE=getMsg HTTP/1.1" 200 27
222.67.234.146 - - [09/Jun/2023:09:37:05 +0800] "GET /xingrg/javascript/auto/indicator.gif HTTP/1.1" 404 1066
180.164.3.199 - - [09/Jun/2023:09:37:05 +0800] "POST /xingrg/kc/buy/cgsh_list_operate.html HTTP/1.1" 200 64
180.169.147.146 - - [09/Jun/2023:09:37:05 +0800] "GET /xingrg/all/function/internal_message.html?_=1686274625533&CODE_STATE=getMsg HTTP/1.1" 200 27
114.83.220.236 - - [09/Jun/2023:09:37:06 +0800] "GET /xingrg/all/function/internal_message.html?_=1686274730784&CODE_STATE=getMsg HTTP/1.1" 200 27
222.67.234.146 - - [09/Jun/2023:09:37:07 +0800] "GET /xingrg/javascript/jquery_tools/images/next.gif HTTP/1.1" 404 1086
222.67.234.146 - - [09/Jun/2023:09:37:07 +0800] "GET /xingrg/javascript/jquery_tools/images/prev.gif HTTP/1.1" 404 1086
101.83.241.135 - - [09/Jun/2023:09:37:07 +0800] "GET /xingrg/all/function/internal_message.html?_=1686274621984&CODE_STATE=getMsg HTTP/1.1" 200 27
180.162.230.74 - - [09/Jun/2023:09:37:08 +0800] "GET /xingrg/all/function/internal_message.html?_=1686274628270&CODE_STATE=getMsg HTTP/1.1" 200 27
180.169.147.146 - - [09/Jun/2023:09:37:10 +0800] "POST /xingrg/kc/cost/cost_operate.html HTTP/1.1" 200 4
116.238.139.35 - - [09/Jun/2023:09:37:11 +0800] "GET /xingrg/all/function/internal_message.html?_=1686274528000&CODE_STATE=getMsg HTTP/1.1" 200 27
180.169.147.146 - - [09/Jun/2023:09:37:11 +0800] "GET /xingrg/kc/cost/cost_page.html HTTP/1.1" 200 4088
180.169.147.146 - - [09/Jun/2023:09:37:11 +0800] "GET /xingrg/css/blue.css HTTP/1.1" 304 -
180.169.147.146 - - [09/Jun/2023:09:37:11 +0800] "GET /xingrg/javascript/jquery_easy_ui/themes/default/easyui.css HTTP/1.1" 304 -
180.169.147.146 - - [09/Jun/2023:09:37:11 +0800] "GET /xingrg/javascript/jquery_easy_ui/themes/icon.css HTTP/1.1" 304 -
180.169.147.146 - - [09/Jun/2023:09:37:11 +0800] "GET /xingrg/javascript/step/step.css HTTP/1.1" 304 -
180.169.147.146 - - [09/Jun/2023:09:37:11 +0800] "GET /xingrg/css/table.css HTTP/1.1" 304 -
180.169.147.146 - - [09/Jun/2023:09:37:11 +0800] "GET /xingrg/dwr/interface/AjaxReportQueryService.js HTTP/1.1" 200 13203
180.169.147.146 - - [09/Jun/2023:09:37:11 +0800] "GET /xingrg/dwr/engine.js HTTP/1.1" 200 43631
180.169.147.146 - - [09/Jun/2023:09:37:11 +0800] "GET /xingrg/dwr/util.js HTTP/1.1" 304 -
180.169.147.146 - - [09/Jun/2023:09:37:11 +0800] "GET /xingrg/javascript/jquery-1.4.2.min.js HTTP/1.1" 304 -
180.169.147.146 - - [09/Jun/2023:09:37:11 +0800] "GET /xingrg/javascript/jquery_easy_ui/jquery.easyui.min.js HTTP/1.1" 304 -
180.169.147.146 - - [09/Jun/2023:09:37:11 +0800] "GET /xingrg/javascript/jquery_easy_ui/easyui-lang-zh_CN.js HTTP/1.1" 304 -
180.169.147.146 - - [09/Jun/2023:09:37:11 +0800] "GET /xingrg/javascript/jquery.utils.js HTTP/1.1" 304 -
180.169.147.146 - - [09/Jun/2023:09:37:12 +0800] "GET /xingrg/images/control/ajaxLoader.gif HTTP/1.1" 304 -
116.237.75.166 - - [09/Jun/2023:09:37:13 +0800] "GET /xingrg/kc/buy/cgsh_order_operate.html?command=get_materiel&rest_code=00106&code=00101008096&supplier_code=00100007&order_time=2023-06-09 HTTP/1.1" 200 413
116.237.75.166 - - [09/Jun/2023:09:37:13 +0800] "GET /xingrg/all/function/internal_message.html?_=1686274633684&CODE_STATE=getMsg HTTP/1.1" 200 27
116.238.139.35 - - [09/Jun/2023:09:37:14 +0800] "GET /xingrg/check_reg.html?_=1686274633440 HTTP/1.1" 200 22
116.238.139.35 - - [09/Jun/2023:09:37:14 +0800] "GET /xingrg/all/function/internal_message.html?_=1686274633442&CODE_STATE=getMsg HTTP/1.1" 200 27
180.169.147.146 - - [09/Jun/2023:09:37:14 +0800] "GET /xingrg/kc/cost/cost_operate.html?_=1686274634431&command=load_cost_list HTTP/1.1" 200 4735
222.67.234.146 - - [09/Jun/2023:09:37:15 +0800] "POST /xingrg/kc/buy/cgsh_order_operate.html HTTP/1.1" 200 37
180.164.3.199 - - [09/Jun/2023:09:37:15 +0800] "POST /xingrg/kc/buy/cgsh_list_operate.html HTTP/1.1" 200 64
116.232.195.127 - - [09/Jun/2023:09:37:16 +0800] "GET /xingrg/all/function/internal_message.html?_=1686274655998&CODE_STATE=getMsg HTTP/1.1" 200 27
172.20.0.100 - - [09/Jun/2023:09:37:20 +0800] "GET /xingrg/all/function/internal_message.html?_=1686274640292&CODE_STATE=getMsg HTTP/1.1" 200 27
114.85.113.108 - - [09/Jun/2023:09:37:21 +0800] "GET /xingrg/check_reg.html?_=1686274639035 HTTP/1.1" 200 22
222.67.234.146 - - [09/Jun/2023:09:37:22 +0800] "POST /xingrg/kc/buy/cgsh_order_operate.html HTTP/1.1" 200 12
101.229.22.40 - - [09/Jun/2023:09:37:22 +0800] "POST /xingrg/kc/base/stock_operate.html HTTP/1.1" 200 3066
222.67.234.146 - - [09/Jun/2023:09:37:25 +0800] "GET /xingrg/kc/buy/cgsh_order_info.html?code=212023060802679 HTTP/1.1" 200 66549
222.67.234.146 - - [09/Jun/2023:09:37:25 +0800] "GET /xingrg/javascript/easyui/themes/default/validatebox.css HTTP/1.1" 404 1104
116.237.75.166 - - [09/Jun/2023:09:37:26 +0800] "GET /xingrg/kc/buy/cgsh_order_operate.html?command=get_materiel&rest_code=00106&code=00101008224&supplier_code=00100007&order_time=2023-06-09 HTTP/1.1" 200 416
222.67.234.146 - - [09/Jun/2023:09:37:26 +0800] "POST /xingrg/kc/buy/cgsh_order_operate.html HTTP/1.1" 200 4747
180.164.3.199 - - [09/Jun/2023:09:37:28 +0800] "POST /xingrg/kc/buy/cgsh_list_operate.html HTTP/1.1" 200 64
222.67.234.146 - - [09/Jun/2023:09:37:31 +0800] "GET /xingrg/all/function/internal_message.html?_=1686274152571&CODE_STATE=getMsg HTTP/1.1" 200 27
116.237.75.166 - - [09/Jun/2023:09:37:35 +0800] "GET /xingrg/check_reg.html?_=1686274654966 HTTP/1.1" 200 22
101.229.22.40 - - [09/Jun/2023:09:37:35 +0800] "GET /xingrg/javascript/easyui/themes/sunny/images/ui-bg_gloss-wave_60_fece2f_500x100.png HTTP/1.1" 200 3512
116.238.139.35 - - [09/Jun/2023:09:37:36 +0800] "POST /xingrg/all/user/operate.html HTTP/1.1" 200 36
101.229.22.40 - - [09/Jun/2023:09:37:36 +0800] "GET /xingrg/check_reg.html?_=1686274655420 HTTP/1.1" 200 22
116.238.139.35 - - [09/Jun/2023:09:37:36 +0800] "GET /xingrg/index.html?sysBaseUrl=http%3A%2F%2F180.169.147.146%3A18081%2Fxingrg%2F&costTime=814×tamp=1686212132150 HTTP/1.1" 200 17179
101.229.22.40 - - [09/Jun/2023:09:37:36 +0800] "GET /xingrg/all/function/internal_message.html?_=1686274655522&CODE_STATE=getMsg HTTP/1.1" 200 27
116.238.139.35 - - [09/Jun/2023:09:37:36 +0800] "GET /xingrg/javascript/jquery_easy_ui/themes/default/easyui.css HTTP/1.1" 304 -
116.238.139.35 - - [09/Jun/2023:09:37:37 +0800] "GET /xingrg/javascript/jquery_easy_ui/themes/icon.css HTTP/1.1" 304 -
116.238.139.35 - - [09/Jun/2023:09:37:37 +0800] "GET /xingrg/css/form.css HTTP/1.1" 304 -
116.238.139.35 - - [09/Jun/2023:09:37:37 +0800] "GET /xingrg/javascript/jquery-1.4.2.min.js HTTP/1.1" 304 -
116.238.139.35 - - [09/Jun/2023:09:37:37 +0800] "GET /xingrg/javascript/jquery_easy_ui/jquery.easyui.min.js HTTP/1.1" 304 -
116.238.139.35 - - [09/Jun/2023:09:37:37 +0800] "GET /xingrg/javascript/jquery_easy_ui/easyui-lang-zh_CN.js HTTP/1.1" 304 -
116.238.139.35 - - [09/Jun/2023:09:37:37 +0800] "GET /xingrg/javascript/jquery.form.js HTTP/1.1" 304 -
116.238.139.35 - - [09/Jun/2023:09:37:37 +0800] "GET /xingrg/javascript/jquery.utils.js HTTP/1.1" 304 -
116.238.139.35 - - [09/Jun/2023:09:37:37 +0800] "GET /xingrg/javascript/jquery.timers.js HTTP/1.1" 304 -
116.238.139.35 - - [09/Jun/2023:09:37:37 +0800] "GET /xingrg/images/blue/jxLogo.png HTTP/1.1" 304 -
116.238.139.35 - - [09/Jun/2023:09:37:37 +0800] "GET /xingrg/javascript/jquery_easy_ui/themes/icons/settle_new.png HTTP/1.1" 304 -
116.238.139.35 - - [09/Jun/2023:09:37:37 +0800] "GET /xingrg/images/blue/navBackgound.jpg HTTP/1.1" 304 -
116.238.139.35 - - [09/Jun/2023:09:37:37 +0800] "GET /xingrg/all/function/internal_message.html?_=1686274656147&CODE_STATE=count HTTP/1.1" 200 11
116.238.139.35 - - [09/Jun/2023:09:37:37 +0800] "GET /xingrg/check_reg.html?_=1686274656149 HTTP/1.1" 200 22
116.238.139.35 - - [09/Jun/2023:09:37:37 +0800] "GET /xingrg/javascript/jquery_easy_ui/themes/default/images/panel_tool_collapse.gif HTTP/1.1" 304 -
116.238.139.35 - - [09/Jun/2023:09:37:37 +0800] "GET /xingrg/javascript/jquery_easy_ui/themes/default/images/tabs_leftarrow.png HTTP/1.1" 304 -
116.238.139.35 - - [09/Jun/2023:09:37:37 +0800] "GET /xingrg/javascript/jquery_easy_ui/themes/default/images/tabs_rightarrow.png HTTP/1.1" 304 -
116.238.139.35 - - [09/Jun/2023:09:37:37 +0800] "GET /xingrg/images/blue/pingpu.png HTTP/1.1" 304 -
116.238.139.35 - - [09/Jun/2023:09:37:37 +0800] "POST /xingrg/all/common/load_tree.html?tree=area_rest_tree_json&manage=1 HTTP/1.1" 200 476
116.238.139.35 - - [09/Jun/2023:09:37:37 +0800] "POST /xingrg/load_menu.html HTTP/1.1" 200 5138
116.237.75.166 - - [09/Jun/2023:09:37:37 +0800] "GET /xingrg/kc/buy/cgsh_order_operate.html?command=get_materiel&rest_code=00106&code=00101008370&supplier_code=00100007&order_time=2023-06-09 HTTP/1.1" 200 412
172.20.0.100 - - [09/Jun/2023:09:37:39 +0800] "GET /xingrg/all/function/internal_message.html?_=1686274671271&CODE_STATE=getMsg HTTP/1.1" 302 -
172.20.0.100 - - [09/Jun/2023:09:37:39 +0800] "GET /xingrg/check_reg.html?_=1686274671272 HTTP/1.1" 302 -
116.238.139.35 - - [09/Jun/2023:09:37:39 +0800] "GET /xingrg/kc/base/wldb_order_list.html HTTP/1.1" 200 19104
222.67.234.146 - - [09/Jun/2023:09:37:39 +0800] "GET /xingrg/kc/buy/cgsh_order_add.html HTTP/1.1" 200 71636
116.238.139.35 - - [09/Jun/2023:09:37:40 +0800] "POST /xingrg/kc/base/wldb_list_operate.html HTTP/1.1" 200 928
222.67.234.146 - - [09/Jun/2023:09:37:40 +0800] "POST /xingrg/kc/buy/cgsh_order_operate.html HTTP/1.1" 200 8245
222.67.234.146 - - [09/Jun/2023:09:37:40 +0800] "GET /xingrg/javascript/easyui/themes/default/validatebox.css HTTP/1.1" 404 1104
116.238.139.35 - - [09/Jun/2023:09:37:41 +0800] "GET /xingrg/kc/base/wldb_order_add.html HTTP/1.1" 200 30387
116.238.139.35 - - [09/Jun/2023:09:37:42 +0800] "POST /xingrg/kc/base/wldb_order_operate.html HTTP/1.1" 200 6806
180.169.147.146 - - [09/Jun/2023:09:37:42 +0800] "GET /xingrg/check_reg.html?_=1686274658434 HTTP/1.1" 200 22
180.169.147.146 - - [09/Jun/2023:09:37:42 +0800] "GET /xingrg/all/function/internal_message.html?_=1686274658437&CODE_STATE=getMsg HTTP/1.1" 200 27
116.238.139.35 - - [09/Jun/2023:09:37:42 +0800] "GET /xingrg/all/common/auto_word.html?type=base&rest_code=00150 HTTP/1.1" 200 1853
116.238.139.35 - - [09/Jun/2023:09:37:42 +0800] "GET /xingrg/all/common/auto_word.html?type=base&rest_code=00150 HTTP/1.1" 200 1853
116.238.139.35 - - [09/Jun/2023:09:37:42 +0800] "GET /xingrg/javascript/easyui/themes/default/validatebox.css HTTP/1.1" 404 1104
116.238.139.35 - - [09/Jun/2023:09:37:42 +0800] "GET /xingrg/javascript/auto/indicator.gif HTTP/1.1" 404 1066
180.164.3.199 - - [09/Jun/2023:09:37:45 +0800] "POST /xingrg/kc/buy/cgsh_list_operate.html HTTP/1.1" 200 5807
222.70.180.90 - - [09/Jun/2023:09:37:46 +0800] "GET /xingrg/check_reg.html?_=1686274699257 HTTP/1.1" 200 22
222.70.244.39 - - [09/Jun/2023:09:37:46 +0800] "GET /xingrg/all/function/internal_message.html?_=1686274651569&CODE_STATE=getMsg HTTP/1.1" 200 27
180.163.30.100 - - [09/Jun/2023:09:37:46 +0800] "GET /xingrg/all/function/internal_message.html?_=1686274606200&CODE_STATE=getMsg HTTP/1.1" 302 -
180.163.30.100 - - [09/Jun/2023:09:37:46 +0800] "GET /xingrg/login.html HTTP/1.1" 200 7641
116.237.75.166 - - [09/Jun/2023:09:37:46 +0800] "GET /xingrg/all/function/internal_message.html?_=1686274666244&CODE_STATE=getMsg HTTP/1.1" 200 27
180.169.147.146 - - [09/Jun/2023:09:37:48 +0800] "GET /xingrg/all/function/internal_message.html?_=1686274665136&CODE_STATE=getMsg HTTP/1.1" 200 27
180.164.3.199 - - [09/Jun/2023:09:37:49 +0800] "GET /xingrg/kc/report/report_main.html HTTP/1.1" 200 7340
180.169.147.146 - - [09/Jun/2023:09:37:50 +0800] "POST /xingrg/kc/buy/cgsh_list_operate.html HTTP/1.1" 200 6219
116.237.75.166 - - [09/Jun/2023:09:37:51 +0800] "GET /xingrg/kc/buy/cgsh_order_operate.html?command=get_materiel&rest_code=00106&code=00101008024&supplier_code=00100007&order_time=2023-06-09 HTTP/1.1" 200 408
180.164.3.199 - - [09/Jun/2023:09:37:51 +0800] "GET /xingrg/all/report/report_query.html?fileName=kc/buy/gys_amount_category.xml&rh=99999 HTTP/1.1" 200 51878
180.164.3.199 - - [09/Jun/2023:09:37:51 +0800] "GET /xingrg/dwr/interface/AjaxReportQueryService.js HTTP/1.1" 200 13203
180.164.3.199 - - [09/Jun/2023:09:37:51 +0800] "GET /xingrg/dwr/engine.js HTTP/1.1" 200 43631
180.164.3.199 - - [09/Jun/2023:09:37:52 +0800] "POST /xingrg/dwr/call/plaincall/AjaxReportQueryService.getFixDate.dwr HTTP/1.1" 200 111
180.164.3.199 - - [09/Jun/2023:09:37:52 +0800] "POST /xingrg/dwr/call/plaincall/AjaxReportQueryService.getInitString.dwr HTTP/1.1" 200 1167
180.164.3.199 - - [09/Jun/2023:09:37:52 +0800] "POST /xingrg/all/common/load_tree.html?tree=supplier_tree_json&manage=1 HTTP/1.1" 200 76485
180.164.3.199 - - [09/Jun/2023:09:37:52 +0800] "POST /xingrg/all/common/load_tree.html?tree=materiel_sort_tree_json HTTP/1.1" 200 9500
116.238.139.35 - - [09/Jun/2023:09:37:53 +0800] "GET /xingrg/kc/base/wldb_order_operate.html?command=get_materiel&rest_code=00150&base_code=0010446&code=00102002992 HTTP/1.1" 200 437
101.83.145.52 - - [09/Jun/2023:09:37:54 +0800] "GET /xingrg/all/function/internal_message.html?_=1686274673635&CODE_STATE=getMsg HTTP/1.1" 200 27
222.70.114.12 - - [09/Jun/2023:09:37:54 +0800] "GET /xingrg/all/function/internal_message.html?_=1686274679956&CODE_STATE=getMsg HTTP/1.1" 200 27
116.237.75.166 - - [09/Jun/2023:09:37:54 +0800] "POST /xingrg/kc/buy/cgsh_order_operate.html HTTP/1.1" 200 2065
222.67.234.146 - - [09/Jun/2023:09:37:54 +0800] "GET /xingrg/kc/buy/cgsh_order_operate.html?command=get_materiel&rest_code=00141&code=00101006065&supplier_code=00100012&order_time=2023-06-09 HTTP/1.1" 200 409
180.164.3.199 - - [09/Jun/2023:09:37:55 +0800] "POST /xingrg/dwr/call/plaincall/AjaxReportQueryService.getFixDate.dwr HTTP/1.1" 200 111
101.83.145.52 - - [09/Jun/2023:09:37:58 +0800] "GET /xingrg/all/function/internal_message.html?_=1686274506378&CODE_STATE=getMsg HTTP/1.1" 200 27
116.238.139.35 - - [09/Jun/2023:09:37:59 +0800] "GET /xingrg/kc/base/wldb_order_operate.html?command=get_materiel&rest_code=00150&base_code=0010446&code=00102002410 HTTP/1.1" 200 439
180.164.3.199 - - [09/Jun/2023:09:38:01 +0800] "POST /xingrg/dwr/call/plaincall/AjaxReportQueryService.refreshCache.dwr HTTP/1.1" 200 78
116.237.75.166 - - [09/Jun/2023:09:38:01 +0800] "GET /xingrg/kc/buy/cgsh_order_operate.html?command=get_materiel&rest_code=00106&code=00101008300&supplier_code=00100007&order_time=2023-06-09 HTTP/1.1" 200 412
222.70.180.90 - - [09/Jun/2023:09:38:02 +0800] "GET /xingrg/all/function/internal_message.html?_=1686274679164&CODE_STATE=getMsg HTTP/1.1" 200 27
222.67.234.146 - - [09/Jun/2023:09:38:03 +0800] "GET /xingrg/all/function/internal_message.html?_=1686274676754&CODE_STATE=getMsg HTTP/1.1" 200 27
222.67.234.146 - - [09/Jun/2023:09:38:03 +0800] "GET /xingrg/check_reg.html?_=1686274676757 HTTP/1.1" 200 22
180.164.3.199 - - [09/Jun/2023:09:38:04 +0800] "POST /xingrg/all/report/load_report_page.html HTTP/1.1" 200 7313
180.164.3.199 - - [09/Jun/2023:09:38:04 +0800] "GET /xingrg/servlets/image?cache=0.28536499956066996&image=px HTTP/1.1" 200 807
116.238.139.35 - - [09/Jun/2023:09:38:05 +0800] "GET /xingrg/kc/base/wldb_order_operate.html?command=get_materiel&rest_code=00150&base_code=0010446&code=00102021018 HTTP/1.1" 200 445
180.169.147.146 - - [09/Jun/2023:09:38:05 +0800] "GET /xingrg/all/function/internal_message.html?_=1686274685540&CODE_STATE=getMsg HTTP/1.1" 200 27
222.67.234.146 - - [09/Jun/2023:09:38:06 +0800] "GET /xingrg/kc/buy/cgsh_order_operate.html?command=get_materiel&rest_code=00141&code=00101006055&supplier_code=00100012&order_time=2023-06-09 HTTP/1.1" 200 409
114.83.220.236 - - [09/Jun/2023:09:38:06 +0800] "GET /xingrg/all/function/internal_message.html?_=1686274790801&CODE_STATE=getMsg HTTP/1.1" 200 27
101.83.241.135 - - [09/Jun/2023:09:38:07 +0800] "GET /xingrg/all/function/internal_message.html?_=1686274681983&CODE_STATE=getMsg HTTP/1.1" 200 27
180.162.230.74 - - [09/Jun/2023:09:38:08 +0800] "GET /xingrg/all/function/internal_message.html?_=1686274688245&CODE_STATE=getMsg HTTP/1.1" 200 27
180.164.3.199 - - [09/Jun/2023:09:38:08 +0800] "GET /xingrg/all/report/report_query.html?isQuery=1&fileName=kc/buy/wlcg_cate_hz.xml&queryString=(CONVERT(char(10)%2Ca.order_time%2C%20120)%3E%3D'2023-05-01')%20and%20(CONVERT(char(10)%2Ca.order_time%2C%20120)%3C%3D'2023-05-31')%20and%20(a.supplier_code%20in%20('00100012'))%20and%20(a.supplier_code%3D'00100012')%20and%20(a.big_sort%3D'00101')&queryText=%E3%80%90%E9%87%87%E8%B4%AD%E6%97%A5%E6%9C%9F%3A2023-05-01%20%E8%87%B3%202023-05-31%E3%80%91%20%E5%B9%B6%E4%B8%94%20%20%E3%80%90%E4%BE%9B%E5%BA%94%E5%95%86%20%3D%20%E7%8C%AA%E8%82%89%EF%BC%88%E6%9D%8E%E8%B4%BB%E5%8D%8E%EF%BC%89%E3%80%91%20%E5%B9%B6%E4%B8%94%20%E3%80%90%E4%BE%9B%E5%BA%94%E5%95%86%3D%E7%8C%AA%E8%82%89%EF%BC%88%E6%9D%8E%E8%B4%BB%E5%8D%8E%EF%BC%89%E3%80%91%E5%B9%B6%E4%B8%94%E3%80%90%E7%B1%BB%E5%88%AB%E5%90%8D%E7%A7%B0%20%3D%20%E6%88%90%E6%9C%AC%E7%B1%BB%E3%80%91&rand=0.5833153025907543 HTTP/1.1" 200 54540
180.164.3.199 - - [09/Jun/2023:09:38:08 +0800] "GET /xingrg/all/report/report_query.html?isQuery=1&fileName=kc/buy/wlcg_cate_hz.xml&queryString=(CONVERT(char(10)%2Ca.order_time%2C%20120)%3E%3D'2023-05-01')%20and%20(CONVERT(char(10)%2Ca.order_time%2C%20120)%3C%3D'2023-05-31')%20and%20(a.supplier_code%20in%20('00100012'))%20and%20(a.supplier_code%3D'00100012')%20and%20(a.big_sort%3D'00101')&queryText=%E3%80%90%E9%87%87%E8%B4%AD%E6%97%A5%E6%9C%9F%3A2023-05-01%20%E8%87%B3%202023-05-31%E3%80%91%20%E5%B9%B6%E4%B8%94%20%20%E3%80%90%E4%BE%9B%E5%BA%94%E5%95%86%20%3D%20%E7%8C%AA%E8%82%89%EF%BC%88%E6%9D%8E%E8%B4%BB%E5%8D%8E%EF%BC%89%E3%80%91%20%E5%B9%B6%E4%B8%94%20%E3%80%90%E4%BE%9B%E5%BA%94%E5%95%86%3D%E7%8C%AA%E8%82%89%EF%BC%88%E6%9D%8E%E8%B4%BB%E5%8D%8E%EF%BC%89%E3%80%91%E5%B9%B6%E4%B8%94%E3%80%90%E7%B1%BB%E5%88%AB%E5%90%8D%E7%A7%B0%20%3D%20%E6%88%90%E6%9C%AC%E7%B1%BB%E3%80%91&rand=0.5833153025907543 HTTP/1.1" 200 54540
180.164.3.199 - - [09/Jun/2023:09:38:08 +0800] "GET /xingrg/dwr/engine.js HTTP/1.1" 200 43631
180.164.3.199 - - [09/Jun/2023:09:38:08 +0800] "GET /xingrg/all/function/internal_message.html?_=1686274688617&CODE_STATE=getMsg HTTP/1.1" 200 27
180.164.3.199 - - [09/Jun/2023:09:38:10 +0800] "POST /xingrg/all/report/load_report_page.html HTTP/1.1" 200 8717
180.164.3.199 - - [09/Jun/2023:09:38:10 +0800] "GET /xingrg/servlets/image?cache=0.4842306762740418&image=px HTTP/1.1" 200 807
116.238.139.35 - - [09/Jun/2023:09:38:11 +0800] "GET /xingrg/all/function/internal_message.html?_=1686274588045&CODE_STATE=getMsg HTTP/1.1" 200 27
180.164.3.199 - - [09/Jun/2023:09:38:13 +0800] "POST /xingrg/all/report/load_report_page.html HTTP/1.1" 200 117013
116.237.75.166 - - [09/Jun/2023:09:38:13 +0800] "GET /xingrg/all/function/internal_message.html?_=1686274693678&CODE_STATE=getMsg HTTP/1.1" 200 27
180.164.3.199 - - [09/Jun/2023:09:38:13 +0800] "GET /xingrg/images/blue/button/back2.gif HTTP/1.1" 200 1339
180.164.3.199 - - [09/Jun/2023:09:38:13 +0800] "GET /xingrg/images/blue/button/back.gif HTTP/1.1" 200 1352
180.164.3.199 - - [09/Jun/2023:09:38:13 +0800] "GET /xingrg/servlets/image?cache=0.779304397842099&image=px HTTP/1.1" 200 807
116.232.195.127 - - [09/Jun/2023:09:38:16 +0800] "GET /xingrg/all/function/internal_message.html?_=1686274715988&CODE_STATE=getMsg HTTP/1.1" 200 27
222.67.234.146 - - [09/Jun/2023:09:38:18 +0800] "GET /xingrg/kc/buy/cgsh_order_operate.html?command=get_materiel&rest_code=00141&code=00101006180&supplier_code=00100012&order_time=2023-06-09 HTTP/1.1" 200 423
180.164.3.199 - - [09/Jun/2023:09:38:18 +0800] "POST /xingrg/all/report/report_print.html HTTP/1.1" 302 -
180.164.3.199 - - [09/Jun/2023:09:38:18 +0800] "GET /xingrg/servlets/html?sysBaseUrl=http%3A%2F%2F180.169.147.146%3A18081%2Fxingrg%2F&costTime=1077×tamp=1686274698482 HTTP/1.1" 200 124292
180.164.3.199 - - [09/Jun/2023:09:38:18 +0800] "GET /xingrg/servlets/image?image=px HTTP/1.1" 200 807
180.164.3.199 - - [09/Jun/2023:09:38:18 +0800] "GET /favicon.ico HTTP/1.1" 404 -
116.238.139.35 - - [09/Jun/2023:09:38:20 +0800] "GET /xingrg/kc/base/wldb_order_operate.html?command=get_materiel&rest_code=00150&base_code=0010446&code=00102002451 HTTP/1.1" 200 433
172.20.0.100 - - [09/Jun/2023:09:38:20 +0800] "GET /xingrg/all/function/internal_message.html?_=1686274700294&CODE_STATE=getMsg HTTP/1.1" 200 27
116.238.139.35 - - [09/Jun/2023:09:38:28 +0800] "GET /xingrg/kc/base/wldb_order_operate.html?command=get_materiel&rest_code=00150&base_code=0010446&code=00102002006 HTTP/1.1" 200 468
222.67.234.146 - - [09/Jun/2023:09:38:31 +0800] "GET /xingrg/all/function/internal_message.html?_=1686274212565&CODE_STATE=getMsg HTTP/1.1" 200 27
180.163.29.219 - - [09/Jun/2023:09:38:34 +0800] "GET /xingrg/kc/buy/cgsh_order_operate.html?command=get_materiel&rest_code=00106&code=00101008370&supplier_code=00100007&order_time=2023-06-09 HTTP/1.1" 302 -
180.163.29.219 - - [09/Jun/2023:09:38:34 +0800] "GET /xingrg/login.html HTTP/1.1" 200 7641
222.67.234.146 - - [09/Jun/2023:09:38:34 +0800] "GET /xingrg/kc/buy/cgsh_order_operate.html?command=get_materiel&rest_code=00141&code=00101006084&supplier_code=00100012&order_time=2023-06-09 HTTP/1.1" 200 413
116.237.75.166 - - [09/Jun/2023:09:38:35 +0800] "POST /xingrg/kc/buy/cgsh_order_operate.html HTTP/1.1" 200 37
116.238.139.35 - - [09/Jun/2023:09:38:35 +0800] "GET /xingrg/kc/base/wldb_order_operate.html?command=get_materiel&rest_code=00150&base_code=0010446&code=00102002347 HTTP/1.1" 200 456
101.229.22.40 - - [09/Jun/2023:09:38:36 +0800] "GET /xingrg/all/function/internal_message.html?_=1686274715495&CODE_STATE=getMsg HTTP/1.1" 200 27
116.238.139.35 - - [09/Jun/2023:09:38:37 +0800] "GET /xingrg/all/function/internal_message.html?_=1686274716205&CODE_STATE=getMsg HTTP/1.1" 200 27
172.20.0.100 - - [09/Jun/2023:09:38:39 +0800] "GET /xingrg/all/function/internal_message.html?_=1686274731274&CODE_STATE=getMsg HTTP/1.1" 302 -
116.238.139.35 - - [09/Jun/2023:09:38:39 +0800] "GET /xingrg/kc/base/wldb_order_operate.html?command=get_materiel&rest_code=00150&base_code=0010446&code=00102001084 HTTP/1.1" 200 432
116.237.75.166 - - [09/Jun/2023:09:38:41 +0800] "POST /xingrg/kc/buy/cgsh_order_operate.html HTTP/1.1" 200 26935
180.169.147.146 - - [09/Jun/2023:09:38:42 +0800] "GET /xingrg/all/function/internal_message.html?_=1686274718435&CODE_STATE=getMsg HTTP/1.1" 200 27
222.67.234.146 - - [09/Jun/2023:09:38:45 +0800] "GET /xingrg/kc/buy/cgsh_order_operate.html?command=get_materiel&rest_code=00141&code=00101006013&supplier_code=00100012&order_time=2023-06-09 HTTP/1.1" 200 409
116.238.139.35 - - [09/Jun/2023:09:38:46 +0800] "GET /xingrg/kc/base/wldb_order_operate.html?command=get_materiel&rest_code=00150&base_code=0010446&code=00102002497 HTTP/1.1" 200 440
222.70.244.39 - - [09/Jun/2023:09:38:46 +0800] "GET /xingrg/all/function/internal_message.html?_=1686274712050&CODE_STATE=getMsg HTTP/1.1" 200 27
116.237.75.166 - - [09/Jun/2023:09:38:46 +0800] "GET /xingrg/all/function/internal_message.html?_=1686274726222&CODE_STATE=getMsg HTTP/1.1" 200 27
180.169.147.146 - - [09/Jun/2023:09:38:48 +0800] "GET /xingrg/check_reg.html?_=1686274725144 HTTP/1.1" 200 22
180.169.147.146 - - [09/Jun/2023:09:38:48 +0800] "GET /xingrg/all/function/internal_message.html?_=1686274725146&CODE_STATE=getMsg HTTP/1.1" 200 27
180.164.3.199 - - [09/Jun/2023:09:38:49 +0800] "GET /xingrg/index.html?sysBaseUrl=http%3A%2F%2F180.169.147.146%3A18081%2Fxingrg%2F&costTime=1044×tamp=1686273680838 HTTP/1.1" 200 17183
180.164.3.199 - - [09/Jun/2023:09:38:49 +0800] "GET /xingrg/all/function/internal_message.html?_=1686274729146&CODE_STATE=count HTTP/1.1" 200 11
180.164.3.199 - - [09/Jun/2023:09:38:49 +0800] "GET /xingrg/check_reg.html?_=1686274729147 HTTP/1.1" 200 22
180.164.3.199 - - [09/Jun/2023:09:38:49 +0800] "GET /favicon.ico HTTP/1.1" 404 -
180.164.3.199 - - [09/Jun/2023:09:38:49 +0800] "POST /xingrg/all/common/load_tree.html?tree=area_rest_tree_json&manage=1 HTTP/1.1" 200 357
180.164.3.199 - - [09/Jun/2023:09:38:49 +0800] "POST /xingrg/load_menu.html HTTP/1.1" 200 5138
101.83.145.52 - - [09/Jun/2023:09:38:54 +0800] "GET /xingrg/all/function/internal_message.html?_=1686274733636&CODE_STATE=getMsg HTTP/1.1" 200 27
101.83.145.52 - - [09/Jun/2023:09:38:54 +0800] "GET /xingrg/check_reg.html?_=1686274733640 HTTP/1.1" 200 22
120.253.135.82 - - [09/Jun/2023:09:38:54 +0800] "GET /xingrg/check_reg.html?_=1686274568333 HTTP/1.1" 200 22
222.70.114.12 - - [09/Jun/2023:09:38:54 +0800] "GET /xingrg/all/function/internal_message.html?_=1686274739957&CODE_STATE=getMsg HTTP/1.1" 200 27
180.164.3.199 - - [09/Jun/2023:09:38:54 +0800] "GET /xingrg/index.html?sysBaseUrl=http%3A%2F%2F180.169.147.146%3A18081%2Fxingrg%2F&costTime=1044×tamp=1686273680838 HTTP/1.1" 200 17183
180.164.3.199 - - [09/Jun/2023:09:38:54 +0800] "GET /xingrg/check_reg.html?_=1686274734771 HTTP/1.1" 200 22
180.164.3.199 - - [09/Jun/2023:09:38:54 +0800] "GET /xingrg/all/function/internal_message.html?_=1686274734770&CODE_STATE=count HTTP/1.1" 200 11
180.164.3.199 - - [09/Jun/2023:09:38:54 +0800] "GET /favicon.ico HTTP/1.1" 404 -
180.164.3.199 - - [09/Jun/2023:09:38:55 +0800] "POST /xingrg/all/common/load_tree.html?tree=area_rest_tree_json&manage=1 HTTP/1.1" 200 357
180.164.3.199 - - [09/Jun/2023:09:38:55 +0800] "POST /xingrg/load_menu.html HTTP/1.1" 200 5138
180.164.3.199 - - [09/Jun/2023:09:38:57 +0800] "GET /xingrg/kc/buy/buy_main.html HTTP/1.1" 200 12412
180.164.3.199 - - [09/Jun/2023:09:38:57 +0800] "GET /xingrg/css/new_ie.css HTTP/1.1" 404 1036
180.164.3.199 - - [09/Jun/2023:09:38:57 +0800] "GET /xingrg/kc/buy/buy_main.html HTTP/1.1" 200 12412
180.164.3.199 - - [09/Jun/2023:09:38:57 +0800] "GET /xingrg/css/new_ie.css HTTP/1.1" 404 1036
222.67.234.146 - - [09/Jun/2023:09:38:57 +0800] "GET /xingrg/kc/buy/cgsh_order_operate.html?command=get_materiel&rest_code=00141&code=00101006109&supplier_code=00100012&order_time=2023-06-09 HTTP/1.1" 200 409
180.164.3.199 - - [09/Jun/2023:09:38:58 +0800] "GET /xingrg/images/yd/bt.gif HTTP/1.1" 404 1040
180.163.28.180 - - [09/Jun/2023:09:38:58 +0800] "GET /xingrg/kc/buy/cgsh_order_operate.html?command=get_materiel&rest_code=00106&code=00101008300&supplier_code=00100007&order_time=2023-06-09 HTTP/1.1" 302 -
180.163.28.180 - - [09/Jun/2023:09:38:58 +0800] "GET /xingrg/login.html HTTP/1.1" 200 7641
116.238.139.35 - - [09/Jun/2023:09:38:58 +0800] "POST /xingrg/kc/base/wldb_order_operate.html HTTP/1.1" 200 37
101.83.145.52 - - [09/Jun/2023:09:38:58 +0800] "GET /xingrg/all/function/internal_message.html?_=1686274566378&CODE_STATE=getMsg HTTP/1.1" 200 27
222.70.180.90 - - [09/Jun/2023:09:39:02 +0800] "GET /xingrg/all/function/internal_message.html?_=1686274739165&CODE_STATE=getMsg HTTP/1.1" 200 27
180.164.3.199 - - [09/Jun/2023:09:39:02 +0800] "GET /xingrg/kc/buy/cgsh_order_list.html HTTP/1.1" 200 55864
222.67.234.146 - - [09/Jun/2023:09:39:03 +0800] "GET /xingrg/all/function/internal_message.html?_=1686274736755&CODE_STATE=getMsg HTTP/1.1" 200 27
116.238.139.35 - - [09/Jun/2023:09:39:05 +0800] "POST /xingrg/kc/base/wldb_order_operate.html HTTP/1.1" 200 12
116.238.139.35 - - [09/Jun/2023:09:39:05 +0800] "POST /xingrg/kc/base/wldb_order_operate.html HTTP/1.1" 200 5564
180.169.147.146 - - [09/Jun/2023:09:39:05 +0800] "GET /xingrg/all/function/internal_message.html?_=1686274745529&CODE_STATE=getMsg HTTP/1.1" 200 27
180.164.3.199 - - [09/Jun/2023:09:39:06 +0800] "POST /xingrg/kc/buy/cgsh_list_operate.html HTTP/1.1" 200 5807
222.67.234.146 - - [09/Jun/2023:09:39:06 +0800] "GET /xingrg/kc/buy/cgsh_order_operate.html?command=get_materiel&rest_code=00141&code=00101006129&supplier_code=00100012&order_time=2023-06-09 HTTP/1.1" 200 431
114.83.220.236 - - [09/Jun/2023:09:39:06 +0800] "GET /xingrg/all/function/internal_message.html?_=1686274850800&CODE_STATE=getMsg HTTP/1.1" 200 27
101.83.241.135 - - [09/Jun/2023:09:39:07 +0800] "GET /xingrg/all/function/internal_message.html?_=1686274741970&CODE_STATE=getMsg HTTP/1.1" 200 27
180.162.230.74 - - [09/Jun/2023:09:39:08 +0800] "GET /xingrg/all/function/internal_message.html?_=1686274748220&CODE_STATE=getMsg HTTP/1.1" 200 27
116.238.139.35 - - [09/Jun/2023:09:39:10 +0800] "GET /xingrg/kc/base/wldb_order_info.html?code=422023060900645 HTTP/1.1" 200 26266
116.238.139.35 - - [09/Jun/2023:09:39:11 +0800] "GET /xingrg/javascript/easyui/themes/default/validatebox.css HTTP/1.1" 404 1104
116.238.139.35 - - [09/Jun/2023:09:39:11 +0800] "POST /xingrg/kc/base/wldb_order_operate.html HTTP/1.1" 200 3780
116.238.139.35 - - [09/Jun/2023:09:39:11 +0800] "GET /xingrg/all/function/internal_message.html?_=1686274648058&CODE_STATE=getMsg HTTP/1.1" 200 27
180.169.147.146 - - [09/Jun/2023:09:39:12 +0800] "POST /xingrg/kc/buy/cgsh_list_operate.html HTTP/1.1" 200 6249
116.238.139.35 - - [09/Jun/2023:09:39:13 +0800] "GET /xingrg/kc/base/wldb_order_add.html HTTP/1.1" 200 30387
116.237.75.166 - - [09/Jun/2023:09:39:13 +0800] "GET /xingrg/check_reg.html?_=1686274753675 HTTP/1.1" 200 22
116.237.75.166 - - [09/Jun/2023:09:39:13 +0800] "GET /xingrg/all/function/internal_message.html?_=1686274753676&CODE_STATE=getMsg HTTP/1.1" 200 27
116.238.139.35 - - [09/Jun/2023:09:39:14 +0800] "POST /xingrg/kc/base/wldb_order_operate.html HTTP/1.1" 200 6806
116.238.139.35 - - [09/Jun/2023:09:39:14 +0800] "GET /xingrg/javascript/easyui/themes/default/validatebox.css HTTP/1.1" 404 1104
116.232.195.127 - - [09/Jun/2023:09:39:16 +0800] "GET /xingrg/all/function/internal_message.html?_=1686274776006&CODE_STATE=getMsg HTTP/1.1" 200 27
116.232.195.127 - - [09/Jun/2023:09:39:16 +0800] "GET /xingrg/check_reg.html?_=1686274776018 HTTP/1.1" 200 22
172.20.0.100 - - [09/Jun/2023:09:39:20 +0800] "GET /xingrg/all/function/internal_message.html?_=1686274760300&CODE_STATE=getMsg HTTP/1.1" 200 27
116.238.139.35 - - [09/Jun/2023:09:39:22 +0800] "GET /xingrg/kc/base/wldb_order_operate.html?command=get_materiel&rest_code=00150&base_code=0010446&code=00102002685 HTTP/1.1" 200 458
116.238.139.35 - - [09/Jun/2023:09:39:23 +0800] "POST /xingrg/all/common/load_select.html HTTP/1.1" 200 25
222.67.234.146 - - [09/Jun/2023:09:39:24 +0800] "GET /xingrg/kc/buy/cgsh_order_operate.html?command=get_materiel&rest_code=00141&code=00101006293&supplier_code=00100012&order_time=2023-06-09 HTTP/1.1" 200 430
116.238.139.35 - - [09/Jun/2023:09:39:27 +0800] "GET /xingrg/kc/base/wldb_order_operate.html?command=get_materiel_price&rest_code=00150&base_code=0010446&code=00102002685&unit_code=00100347 HTTP/1.1" 200 36
222.67.234.146 - - [09/Jun/2023:09:39:31 +0800] "GET /xingrg/all/function/internal_message.html?_=1686274272563&CODE_STATE=getMsg HTTP/1.1" 200 27
222.67.234.146 - - [09/Jun/2023:09:39:33 +0800] "GET /xingrg/kc/buy/cgsh_order_operate.html?command=get_materiel&rest_code=00141&code=00101006193&supplier_code=00100012&order_time=2023-06-09 HTTP/1.1" 200 411
101.229.22.40 - - [09/Jun/2023:09:39:36 +0800] "GET /xingrg/all/function/internal_message.html?_=1686274775474&CODE_STATE=getMsg HTTP/1.1" 200 27
116.238.139.35 - - [09/Jun/2023:09:39:37 +0800] "GET /xingrg/all/function/internal_message.html?_=1686274776177&CODE_STATE=getMsg HTTP/1.1" 200 27
172.20.0.100 - - [09/Jun/2023:09:39:39 +0800] "GET /xingrg/all/function/internal_message.html?_=1686274791272&CODE_STATE=getMsg HTTP/1.1" 302 -
116.238.139.35 - - [09/Jun/2023:09:39:39 +0800] "GET /xingrg/kc/base/wldb_order_operate.html?command=get_materiel&rest_code=00150&base_code=0010446&code=00102002197 HTTP/1.1" 200 459
180.169.147.146 - - [09/Jun/2023:09:39:40 +0800] "GET /favicon.ico HTTP/1.1" 404 -
180.169.147.146 - - [09/Jun/2023:09:39:42 +0800] "GET /xingrg/all/function/internal_message.html?_=1686274778435&CODE_STATE=getMsg HTTP/1.1" 200 27
180.163.28.114 - - [09/Jun/2023:09:39:46 +0800] "GET /xingrg/all/function/internal_message.html?_=1686274726222&CODE_STATE=getMsg HTTP/1.1" 302 -
180.163.28.114 - - [09/Jun/2023:09:39:46 +0800] "GET /xingrg/login.html HTTP/1.1" 200 7641
116.237.75.166 - - [09/Jun/2023:09:39:46 +0800] "GET /xingrg/all/function/internal_message.html?_=1686274786196&CODE_STATE=getMsg HTTP/1.1" 200 27
222.70.244.39 - - [09/Jun/2023:09:39:46 +0800] "GET /xingrg/all/function/internal_message.html?_=1686274772063&CODE_STATE=getMsg HTTP/1.1" 200 27
116.238.139.35 - - [09/Jun/2023:09:39:48 +0800] "GET /xingrg/kc/base/wldb_order_operate.html?command=get_materiel&rest_code=00150&base_code=0010446&code=00102002198 HTTP/1.1" 200 451
180.169.147.146 - - [09/Jun/2023:09:39:48 +0800] "GET /xingrg/all/function/internal_message.html?_=1686274785141&CODE_STATE=getMsg HTTP/1.1" 200 27
180.169.147.146 - - [09/Jun/2023:09:39:53 +0800] "POST /xingrg/kc/buy/cgsh_list_operate.html HTTP/1.1" 200 6253
101.83.145.52 - - [09/Jun/2023:09:39:54 +0800] "GET /xingrg/all/function/internal_message.html?_=1686274793640&CODE_STATE=getMsg HTTP/1.1" 200 27
222.70.114.12 - - [09/Jun/2023:09:39:54 +0800] "GET /xingrg/all/function/internal_message.html?_=1686274799957&CODE_STATE=getMsg HTTP/1.1" 200 27
180.164.3.199 - - [09/Jun/2023:09:39:54 +0800] "GET /xingrg/all/function/internal_message.html?_=1686274794782&CODE_STATE=getMsg HTTP/1.1" 200 27
116.238.139.35 - - [09/Jun/2023:09:39:58 +0800] "POST /xingrg/kc/base/wldb_order_operate.html HTTP/1.1" 200 37
101.83.145.52 - - [09/Jun/2023:09:39:58 +0800] "GET /xingrg/check_reg.html?_=1686274626378 HTTP/1.1" 200 22
101.83.145.52 - - [09/Jun/2023:09:39:58 +0800] "GET /xingrg/all/function/internal_message.html?_=1686274626381&CODE_STATE=getMsg HTTP/1.1" 200 27
222.67.234.146 - - [09/Jun/2023:09:40:01 +0800] "POST /xingrg/kc/buy/cgsh_order_operate.html HTTP/1.1" 200 37
222.70.180.90 - - [09/Jun/2023:09:40:02 +0800] "GET /xingrg/all/function/internal_message.html?_=1686274799192&CODE_STATE=getMsg HTTP/1.1" 200 27
116.238.139.35 - - [09/Jun/2023:09:40:03 +0800] "POST /xingrg/kc/base/wldb_order_operate.html HTTP/1.1" 200 3188
222.67.234.146 - - [09/Jun/2023:09:40:03 +0800] "GET /xingrg/all/function/internal_message.html?_=1686274796753&CODE_STATE=getMsg HTTP/1.1" 200 27
180.169.147.146 - - [09/Jun/2023:09:40:05 +0800] "GET /xingrg/all/function/internal_message.html?_=1686274805549&CODE_STATE=getMsg HTTP/1.1" 200 27
116.238.139.35 - - [09/Jun/2023:09:40:06 +0800] "POST /xingrg/kc/base/wldb_order_operate.html HTTP/1.1" 200 12
114.83.220.236 - - [09/Jun/2023:09:40:06 +0800] "GET /xingrg/all/function/internal_message.html?_=1686274910799&CODE_STATE=getMsg HTTP/1.1" 200 27
101.83.241.135 - - [09/Jun/2023:09:40:07 +0800] "GET /xingrg/all/function/internal_message.html?_=1686274801985&CODE_STATE=getMsg HTTP/1.1" 200 27
180.162.230.74 - - [09/Jun/2023:09:40:08 +0800] "GET /xingrg/all/function/internal_message.html?_=1686274808199&CODE_STATE=getMsg HTTP/1.1" 200 27
116.238.139.35 - - [09/Jun/2023:09:40:08 +0800] "GET /xingrg/kc/base/wldb_order_info.html?code=422023060900646 HTTP/1.1" 200 26268
116.238.139.35 - - [09/Jun/2023:09:40:08 +0800] "GET /xingrg/javascript/easyui/themes/default/validatebox.css HTTP/1.1" 404 1104
116.238.139.35 - - [09/Jun/2023:09:40:08 +0800] "POST /xingrg/kc/base/wldb_order_operate.html HTTP/1.1" 200 1459
116.238.139.35 - - [09/Jun/2023:09:40:10 +0800] "GET /xingrg/check_reg.html?_=1686274707414 HTTP/1.1" 200 22
116.238.139.35 - - [09/Jun/2023:09:40:11 +0800] "GET /xingrg/all/function/internal_message.html?_=1686274708073&CODE_STATE=getMsg HTTP/1.1" 200 27
116.237.75.166 - - [09/Jun/2023:09:40:13 +0800] "GET /xingrg/all/function/internal_message.html?_=1686274813685&CODE_STATE=getMsg HTTP/1.1" 200 27
116.232.195.127 - - [09/Jun/2023:09:40:16 +0800] "GET /xingrg/all/function/internal_message.html?_=1686274836003&CODE_STATE=getMsg HTTP/1.1" 200 27
222.67.234.146 - - [09/Jun/2023:09:40:17 +0800] "POST /xingrg/kc/buy/cgsh_order_operate.html HTTP/1.1" 200 12
180.164.3.199 - - [09/Jun/2023:09:40:20 +0800] "POST /xingrg/kc/buy/cgsh_list_operate.html HTTP/1.1" 200 4
222.67.234.146 - - [09/Jun/2023:09:40:20 +0800] "GET /xingrg/kc/buy/cgsh_order_info.html?code=212023060902971 HTTP/1.1" 200 66545
172.20.0.100 - - [09/Jun/2023:09:40:20 +0800] "GET /xingrg/all/function/internal_message.html?_=1686274820286&CODE_STATE=getMsg HTTP/1.1" 200 27
222.67.234.146 - - [09/Jun/2023:09:40:20 +0800] "GET /xingrg/javascript/easyui/themes/default/validatebox.css HTTP/1.1" 404 1104
222.67.234.146 - - [09/Jun/2023:09:40:21 +0800] "POST /xingrg/kc/buy/cgsh_order_operate.html HTTP/1.1" 200 5374
222.67.234.146 - - [09/Jun/2023:09:40:23 +0800] "GET /xingrg/kc/print/load_config.html?kc_code=cgsh HTTP/1.1" 200 1924
222.67.234.146 - - [09/Jun/2023:09:40:24 +0800] "GET /xingrg/kc/print/load_data.html?order_code=212023060902971&kc_code=cgsh&condition= HTTP/1.1" 200 2640
180.164.3.199 - - [09/Jun/2023:09:40:26 +0800] "POST /xingrg/kc/buy/cgsh_list_operate.html HTTP/1.1" 200 986
222.67.234.146 - - [09/Jun/2023:09:40:28 +0800] "GET /xingrg/kc/buy/cgsh_order_add.html HTTP/1.1" 200 71636
222.67.234.146 - - [09/Jun/2023:09:40:28 +0800] "POST /xingrg/kc/buy/cgsh_order_operate.html HTTP/1.1" 200 8245
222.67.234.146 - - [09/Jun/2023:09:40:28 +0800] "GET /xingrg/javascript/easyui/themes/default/validatebox.css HTTP/1.1" 404 1104
222.67.234.146 - - [09/Jun/2023:09:40:31 +0800] "GET /xingrg/all/function/internal_message.html?_=1686274332586&CODE_STATE=getMsg HTTP/1.1" 200 27
101.229.22.40 - - [09/Jun/2023:09:40:36 +0800] "GET /xingrg/all/function/internal_message.html?_=1686274835456&CODE_STATE=getMsg HTTP/1.1" 200 27
116.238.139.35 - - [09/Jun/2023:09:40:37 +0800] "GET /xingrg/all/function/internal_message.html?_=1686274836158&CODE_STATE=getMsg HTTP/1.1" 200 27
172.20.0.100 - - [09/Jun/2023:09:40:39 +0800] "GET /xingrg/all/function/internal_message.html?_=1686274851270&CODE_STATE=getMsg HTTP/1.1" 302 -
180.169.147.146 - - [09/Jun/2023:09:40:42 +0800] "GET /xingrg/all/function/internal_message.html?_=1686274838425&CODE_STATE=getMsg HTTP/1.1" 200 27
116.237.75.166 - - [09/Jun/2023:09:40:46 +0800] "GET /xingrg/all/function/internal_message.html?_=1686274846170&CODE_STATE=getMsg HTTP/1.1" 200 27
222.70.244.39 - - [09/Jun/2023:09:40:47 +0800] "GET /xingrg/all/function/internal_message.html?_=1686274832520&CODE_STATE=getMsg HTTP/1.1" 200 27
180.169.147.146 - - [09/Jun/2023:09:40:48 +0800] "GET /xingrg/all/function/internal_message.html?_=1686274845140&CODE_STATE=getMsg HTTP/1.1" 200 27
180.164.3.199 - - [09/Jun/2023:09:40:50 +0800] "GET /xingrg/kc/buy/cgsh_order_add.html HTTP/1.1" 200 71728
180.164.3.199 - - [09/Jun/2023:09:40:50 +0800] "POST /xingrg/kc/buy/cgsh_order_operate.html HTTP/1.1" 200 8245
180.164.3.199 - - [09/Jun/2023:09:40:50 +0800] "GET /xingrg/javascript/easyui/themes/default/validatebox.css HTTP/1.1" 404 1104
180.164.3.199 - - [09/Jun/2023:09:40:50 +0800] "GET /xingrg/all/common/auto_word.html?type=employee&rest_code=00108 HTTP/1.1" 200 101
180.164.3.199 - - [09/Jun/2023:09:40:50 +0800] "GET /xingrg/all/common/auto_word.html?type=employee&rest_code=00108 HTTP/1.1" 200 101
180.164.3.199 - - [09/Jun/2023:09:40:52 +0800] "GET /xingrg/javascript/auto/indicator.gif HTTP/1.1" 404 1066
101.83.145.52 - - [09/Jun/2023:09:40:54 +0800] "GET /xingrg/all/function/internal_message.html?_=1686274853641&CODE_STATE=getMsg HTTP/1.1" 200 27
222.70.114.12 - - [09/Jun/2023:09:40:54 +0800] "GET /xingrg/all/function/internal_message.html?_=1686274859956&CODE_STATE=getMsg HTTP/1.1" 200 27
222.70.114.12 - - [09/Jun/2023:09:40:54 +0800] "GET /xingrg/check_reg.html?_=1686274859958 HTTP/1.1" 200 22
222.67.234.146 - - [09/Jun/2023:09:40:54 +0800] "GET /xingrg/kc/buy/cgsh_order_operate.html?command=get_materiel&rest_code=00141&code=00101013098&supplier_code=00100036&order_time=2023-06-09 HTTP/1.1" 200 416
180.164.3.199 - - [09/Jun/2023:09:40:54 +0800] "GET /xingrg/all/function/internal_message.html?_=1686274854799&CODE_STATE=getMsg HTTP/1.1" 200 27
180.169.147.146 - - [09/Jun/2023:09:40:55 +0800] "POST /xingrg/kc/buy/cgsh_list_operate.html HTTP/1.1" 200 212
180.169.147.146 - - [09/Jun/2023:09:40:56 +0800] "GET /xingrg/kc/buy/cgsh_order_info.html?code=212023060802869 HTTP/1.1" 200 71654
180.169.147.146 - - [09/Jun/2023:09:40:56 +0800] "GET /xingrg/words/20230608145528_words.js HTTP/1.1" 304 -
180.169.147.146 - - [09/Jun/2023:09:40:56 +0800] "GET /xingrg/javascript/easyui/themes/default/validatebox.css HTTP/1.1" 404 1104
180.169.147.146 - - [09/Jun/2023:09:40:56 +0800] "GET /xingrg/all/common/auto_word.html?type=employee&rest_code=00147 HTTP/1.1" 200 101
180.169.147.146 - - [09/Jun/2023:09:40:56 +0800] "GET /xingrg/all/common/auto_word.html?type=employee&rest_code=00147 HTTP/1.1" 200 101
180.169.147.146 - - [09/Jun/2023:09:40:57 +0800] "POST /xingrg/kc/buy/cgsh_order_operate.html HTTP/1.1" 200 2677
101.83.145.52 - - [09/Jun/2023:09:40:58 +0800] "GET /xingrg/all/function/internal_message.html?_=1686274686367&CODE_STATE=getMsg HTTP/1.1" 200 27
180.169.147.146 - - [09/Jun/2023:09:40:59 +0800] "GET /xingrg/javascript/auto/indicator.gif HTTP/1.1" 404 1066
222.70.180.90 - - [09/Jun/2023:09:41:02 +0800] "GET /xingrg/check_reg.html?_=1686274859191 HTTP/1.1" 200 22
222.70.180.90 - - [09/Jun/2023:09:41:02 +0800] "GET /xingrg/all/function/internal_message.html?_=1686274859194&CODE_STATE=getMsg HTTP/1.1" 200 27
222.67.234.146 - - [09/Jun/2023:09:41:03 +0800] "GET /xingrg/all/function/internal_message.html?_=1686274856750&CODE_STATE=getMsg HTTP/1.1" 200 27
180.169.147.146 - - [09/Jun/2023:09:41:05 +0800] "GET /xingrg/check_reg.html?_=1686274865547 HTTP/1.1" 200 22
180.169.147.146 - - [09/Jun/2023:09:41:05 +0800] "GET /xingrg/all/function/internal_message.html?_=1686274865550&CODE_STATE=getMsg HTTP/1.1" 200 27
180.169.147.146 - - [09/Jun/2023:09:41:06 +0800] "POST /xingrg/kc/buy/cgsh_order_operate.html HTTP/1.1" 200 37
114.83.220.236 - - [09/Jun/2023:09:41:06 +0800] "GET /xingrg/check_reg.html?_=1686274970799 HTTP/1.1" 200 22
114.83.220.236 - - [09/Jun/2023:09:41:06 +0800] "GET /xingrg/all/function/internal_message.html?_=1686274970801&CODE_STATE=getMsg HTTP/1.1" 200 27
101.83.241.135 - - [09/Jun/2023:09:41:07 +0800] "GET /xingrg/check_reg.html?_=1686274861984 HTTP/1.1" 200 22
101.83.241.135 - - [09/Jun/2023:09:41:07 +0800] "GET /xingrg/all/function/internal_message.html?_=1686274861987&CODE_STATE=getMsg HTTP/1.1" 200 27
180.162.230.74 - - [09/Jun/2023:09:41:08 +0800] "GET /xingrg/all/function/internal_message.html?_=1686274868174&CODE_STATE=getMsg HTTP/1.1" 200 27
222.67.234.146 - - [09/Jun/2023:09:41:08 +0800] "GET /xingrg/kc/buy/cgsh_order_operate.html?command=get_materiel&rest_code=00141&code=00101013295&supplier_code=00100036&order_time=2023-06-09 HTTP/1.1" 200 423
180.162.230.74 - - [09/Jun/2023:09:41:08 +0800] "GET /xingrg/check_reg.html?_=1686274868736 HTTP/1.1" 200 22
116.238.139.35 - - [09/Jun/2023:09:41:11 +0800] "GET /xingrg/all/function/internal_message.html?_=1686274768086&CODE_STATE=getMsg HTTP/1.1" 200 27
116.237.75.166 - - [09/Jun/2023:09:41:13 +0800] "GET /xingrg/all/function/internal_message.html?_=1686274873680&CODE_STATE=getMsg HTTP/1.1" 200 27
116.232.195.127 - - [09/Jun/2023:09:41:16 +0800] "GET /xingrg/all/function/internal_message.html?_=1686274896007&CODE_STATE=getMsg HTTP/1.1" 200 27
172.20.0.100 - - [09/Jun/2023:09:41:20 +0800] "GET /xingrg/check_reg.html?_=1686274880292 HTTP/1.1" 200 22
172.20.0.100 - - [09/Jun/2023:09:41:20 +0800] "GET /xingrg/all/function/internal_message.html?_=1686274880293&CODE_STATE=getMsg HTTP/1.1" 200 27
222.67.234.146 - - [09/Jun/2023:09:41:22 +0800] "GET /xingrg/kc/buy/cgsh_order_operate.html?command=get_materiel&rest_code=00141&code=00101012038&supplier_code=00100036&order_time=2023-06-09 HTTP/1.1" 200 412
180.169.147.146 - - [09/Jun/2023:09:41:30 +0800] "GET /xingrg/kc/report/report_main.html HTTP/1.1" 200 7340
222.67.234.146 - - [09/Jun/2023:09:41:31 +0800] "GET /xingrg/kc/buy/cgsh_order_operate.html?command=get_materiel&rest_code=00141&code=00101012025&supplier_code=00100036&order_time=2023-06-09 HTTP/1.1" 200 412
222.67.234.146 - - [09/Jun/2023:09:41:31 +0800] "GET /xingrg/check_reg.html?_=1686274392568 HTTP/1.1" 200 22
222.67.234.146 - - [09/Jun/2023:09:41:31 +0800] "GET /xingrg/all/function/internal_message.html?_=1686274392569&CODE_STATE=getMsg HTTP/1.1" 200 27
180.169.147.146 - - [09/Jun/2023:09:41:32 +0800] "GET /xingrg/kc/base/crk_hz.html HTTP/1.1" 200 11247
180.169.147.146 - - [09/Jun/2023:09:41:33 +0800] "POST /xingrg/kc/cost/cost_operate.html?command=get_base_tree HTTP/1.1" 200 2314
180.169.147.146 - - [09/Jun/2023:09:41:33 +0800] "POST /xingrg/all/common/load_tree.html?tree=materiel_sort_tree_json HTTP/1.1" 200 9500
180.169.147.146 - - [09/Jun/2023:09:41:34 +0800] "GET /xingrg/all/common/get_data_part.html?part=previousMonth&_=1686274894749 HTTP/1.1" 200 41
101.229.22.40 - - [09/Jun/2023:09:41:36 +0800] "GET /xingrg/all/function/internal_message.html?_=1686274895442&CODE_STATE=getMsg HTTP/1.1" 200 27
116.238.139.35 - - [09/Jun/2023:09:41:37 +0800] "GET /xingrg/all/function/internal_message.html?_=1686274896285&CODE_STATE=getMsg HTTP/1.1" 200 27
172.20.0.100 - - [09/Jun/2023:09:41:39 +0800] "GET /xingrg/all/function/internal_message.html?_=1686274911268&CODE_STATE=getMsg HTTP/1.1" 302 -
222.67.234.146 - - [09/Jun/2023:09:41:39 +0800] "GET /xingrg/kc/buy/cgsh_order_operate.html?command=get_materiel&rest_code=00141&code=00101010092&supplier_code=00100036&order_time=2023-06-09 HTTP/1.1" 200 449
222.70.244.39 - - [09/Jun/2023:09:41:39 +0800] "GET /xingrg/check_reg.html?_=1686274884526 HTTP/1.1" 200 22
180.169.147.146 - - [09/Jun/2023:09:41:40 +0800] "GET /xingrg/kc/base/crk_hz.html?_=1686274900119&command=get_cost_id&end_date=2023-05-31&start_date=2023-05-01 HTTP/1.1" 200 51
180.169.147.146 - - [09/Jun/2023:09:41:40 +0800] "GET /xingrg/all/report/report_query.html?isQuery=1&onlyBody=1&rh=99999&rw=1800&varString=start:20230501,cost_id:4348,mid:20230501&fileName=kc/base/crk_hz_type_by_base.xml&queryString=%20a.base_code%20in%20('0010196')%20%20and%20m.sort_code%20in%20('00101001','00101002','00101003','00101004','00101005','00101006','00101007','00101008','00101009','00101010','00101011','00101012','00101013','00101014','00101015','00101016','00101017','00101018','00101019','00101020','00101021','00101022','00101023','00101024','00101025','00101026','00101027','00101028','00101029','00101030','00101031','00101032','00101033','00101034','00101036','00101037','00101038','00101039','00101040','00101041','00101042','00101043')%20&queryText=ÈÕÆÚ£º2023-05-01ÖÁ2023-05-31%20²Ö¿â£º¾ÆË®¿â&tableQueryString=materiel_table$sp1$$sp$before_table$sp1$$sp$crk_table$sp1$order_day%20between%2020230501%20and%2020230531 HTTP/1.1" 200 49885
180.169.147.146 - - [09/Jun/2023:09:41:40 +0800] "GET /xingrg/dwr/interface/AjaxReportQueryService.js HTTP/1.1" 200 13203
180.169.147.146 - - [09/Jun/2023:09:41:40 +0800] "GET /xingrg/dwr/engine.js HTTP/1.1" 200 43631
180.169.147.146 - - [09/Jun/2023:09:41:42 +0800] "GET /xingrg/all/function/internal_message.html?_=1686274898430&CODE_STATE=getMsg HTTP/1.1" 200 27
180.169.147.146 - - [09/Jun/2023:09:41:43 +0800] "POST /xingrg/all/report/load_report_page.html HTTP/1.1" 200 89
116.237.75.166 - - [09/Jun/2023:09:41:46 +0800] "GET /xingrg/all/function/internal_message.html?_=1686274906142&CODE_STATE=getMsg HTTP/1.1" 200 27
222.70.244.39 - - [09/Jun/2023:09:41:47 +0800] "GET /xingrg/all/function/internal_message.html?_=1686274892527&CODE_STATE=getMsg HTTP/1.1" 200 27
222.67.234.146 - - [09/Jun/2023:09:41:47 +0800] "GET /xingrg/kc/buy/cgsh_order_operate.html?command=get_materiel&rest_code=00141&code=00101010063&supplier_code=00100036&order_time=2023-06-09 HTTP/1.1" 200 409
180.169.147.146 - - [09/Jun/2023:09:41:50 +0800] "GET /xingrg/kc/base/crk_hz.html?_=1686274910239&command=get_cost_id&end_date=2023-05-31&start_date=2023-05-01 HTTP/1.1" 200 51
180.169.147.146 - - [09/Jun/2023:09:41:50 +0800] "GET /xingrg/all/report/report_query.html?isQuery=1&onlyBody=1&rh=99999&rw=1800&varString=start:20230501,cost_id:4348,mid:20230501&fileName=kc/base/crk_hz_type_by_base.xml&queryString=%20a.base_code%20in%20('0010354')%20%20and%20m.sort_code%20in%20('00101001','00101002','00101003','00101004','00101005','00101006','00101007','00101008','00101009','00101010','00101011','00101012','00101013','00101014','00101015','00101016','00101017','00101018','00101019','00101020','00101021','00101022','00101023','00101024','00101025','00101026','00101027','00101028','00101029','00101030','00101031','00101032','00101033','00101034','00101036','00101037','00101038','00101039','00101040','00101041','00101042','00101043')%20&queryText=ÈÕÆÚ£º2023-05-01ÖÁ2023-05-31%20²Ö¿â£º°Ę́&tableQueryString=materiel_table$sp1$$sp$before_table$sp1$$sp$crk_table$sp1$order_day%20between%2020230501%20and%2020230531 HTTP/1.1" 200 49883
180.169.147.146 - - [09/Jun/2023:09:41:50 +0800] "GET /xingrg/dwr/interface/AjaxReportQueryService.js HTTP/1.1" 200 13203
180.169.147.146 - - [09/Jun/2023:09:41:50 +0800] "GET /xingrg/dwr/engine.js HTTP/1.1" 200 43631
101.83.145.52 - - [09/Jun/2023:09:41:54 +0800] "GET /xingrg/all/function/internal_message.html?_=1686274913642&CODE_STATE=getMsg HTTP/1.1" 200 27
222.70.114.12 - - [09/Jun/2023:09:41:54 +0800] "GET /xingrg/all/function/internal_message.html?_=1686274919957&CODE_STATE=getMsg HTTP/1.1" 200 27
180.169.147.146 - - [09/Jun/2023:09:41:54 +0800] "POST /xingrg/all/report/load_report_page.html HTTP/1.1" 200 94546
180.169.147.146 - - [09/Jun/2023:09:41:54 +0800] "GET /xingrg/servlets/image?cache=0.29327927144548926&image=px HTTP/1.1" 200 807
180.164.3.199 - - [09/Jun/2023:09:41:54 +0800] "GET /xingrg/all/function/internal_message.html?_=1686274914782&CODE_STATE=getMsg HTTP/1.1" 200 27
222.67.234.146 - - [09/Jun/2023:09:41:56 +0800] "GET /xingrg/kc/buy/cgsh_order_operate.html?command=get_materiel&rest_code=00141&code=00101011001&supplier_code=00100036&order_time=2023-06-09 HTTP/1.1" 200 423
