116.237.75.166 - - [09/Jun/2023:08:32:17 +0800] "GET /xingrg/check_reg.html?_=1686270725139 HTTP/1.1" 200 22
114.85.113.108 - - [09/Jun/2023:08:32:21 +0800] "GET /xingrg/check_reg.html?_=1686270739187 HTTP/1.1" 200 22
116.237.75.166 - - [09/Jun/2023:08:32:22 +0800] "GET /xingrg/login.html HTTP/1.1" 200 7641
116.237.75.166 - - [09/Jun/2023:08:32:30 +0800] "GET /favicon.ico HTTP/1.1" 404 -
116.238.139.35 - - [09/Jun/2023:08:32:33 +0800] "GET /xingrg/all/function/internal_message.html?_=1686270752306&CODE_STATE=getMsg HTTP/1.1" 200 27
222.70.244.39 - - [09/Jun/2023:08:32:37 +0800] "GET /xingrg/all/function/internal_message.html?_=1686270742746&CODE_STATE=getMsg HTTP/1.1" 200 27
172.20.0.100 - - [09/Jun/2023:08:32:39 +0800] "GET /xingrg/all/function/internal_message.html?_=1686270771216&CODE_STATE=getMsg HTTP/1.1" 200 27
172.20.0.100 - - [09/Jun/2023:08:32:39 +0800] "GET /xingrg/check_reg.html?_=1686270771218 HTTP/1.1" 200 22
222.70.180.90 - - [09/Jun/2023:08:32:46 +0800] "GET /xingrg/check_reg.html?_=1686270799448 HTTP/1.1" 200 22
101.83.145.52 - - [09/Jun/2023:08:32:54 +0800] "GET /xingrg/all/function/internal_message.html?_=1686270773584&CODE_STATE=getMsg HTTP/1.1" 200 27
180.162.230.74 - - [09/Jun/2023:08:32:55 +0800] "GET /xingrg/check_reg.html?_=1686270775865 HTTP/1.1" 302 -
180.162.230.74 - - [09/Jun/2023:08:32:55 +0800] "GET /xingrg/all/function/internal_message.html?_=1686270775864&CODE_STATE=getMsg HTTP/1.1" 302 -
101.83.145.52 - - [09/Jun/2023:08:32:58 +0800] "GET /xingrg/all/function/internal_message.html?_=1686270606309&CODE_STATE=getMsg HTTP/1.1" 200 27
116.237.75.166 - - [09/Jun/2023:08:32:59 +0800] "POST /xingrg/login.do HTTP/1.1" 302 -
116.237.75.166 - - [09/Jun/2023:08:32:59 +0800] "GET /xingrg/index.html?sysBaseUrl=http%3A%2F%2F180.169.147.146%3A18081%2Fxingrg%2F&costTime=803×tamp=1686270779091 HTTP/1.1" 200 17173
116.237.75.166 - - [09/Jun/2023:08:32:59 +0800] "GET /favicon.ico HTTP/1.1" 404 -
116.237.75.166 - - [09/Jun/2023:08:33:00 +0800] "POST /xingrg/all/common/load_tree.html?tree=area_rest_tree_json&manage=1 HTTP/1.1" 200 342
116.237.75.166 - - [09/Jun/2023:08:33:00 +0800] "GET /xingrg/all/function/internal_message.html?_=1686270780009&CODE_STATE=count HTTP/1.1" 200 11
116.237.75.166 - - [09/Jun/2023:08:33:00 +0800] "GET /xingrg/check_reg.html?_=1686270780010 HTTP/1.1" 200 22
116.237.75.166 - - [09/Jun/2023:08:33:00 +0800] "POST /xingrg/load_menu.html HTTP/1.1" 200 5138
222.67.234.146 - - [09/Jun/2023:08:33:03 +0800] "GET /xingrg/all/function/internal_message.html?_=1686270776748&CODE_STATE=getMsg HTTP/1.1" 200 27
222.67.234.146 - - [09/Jun/2023:08:33:03 +0800] "GET /xingrg/check_reg.html?_=1686270776751 HTTP/1.1" 200 22
116.237.75.166 - - [09/Jun/2023:08:33:04 +0800] "GET /xingrg/kc/buy/buy_main.html HTTP/1.1" 200 12412
116.237.75.166 - - [09/Jun/2023:08:33:04 +0800] "GET /xingrg/css/new_ie.css HTTP/1.1" 404 1036
116.237.75.166 - - [09/Jun/2023:08:33:05 +0800] "GET /xingrg/images/yd/bt.gif HTTP/1.1" 404 1040
116.237.75.166 - - [09/Jun/2023:08:33:07 +0800] "GET /xingrg/kc/buy/cgsh_order_list.html HTTP/1.1" 200 55854
116.237.75.166 - - [09/Jun/2023:08:33:11 +0800] "POST /xingrg/kc/buy/cgsh_list_operate.html HTTP/1.1" 200 986
120.253.135.82 - - [09/Jun/2023:08:33:12 +0800] "GET /xingrg/all/function/internal_message.html?_=1686270933270&CODE_STATE=getMsg HTTP/1.1" 200 27
116.237.75.166 - - [09/Jun/2023:08:33:13 +0800] "GET /xingrg/kc/buy/cgsh_order_add.html HTTP/1.1" 200 71636
116.237.75.166 - - [09/Jun/2023:08:33:13 +0800] "GET /xingrg/javascript/jquery_tools/order_manager.js HTTP/1.1" 304 -
116.237.75.166 - - [09/Jun/2023:08:33:13 +0800] "GET /xingrg/javascript/convert.js HTTP/1.1" 304 -
116.237.75.166 - - [09/Jun/2023:08:33:13 +0800] "GET /xingrg/words/20230608145528_words.js HTTP/1.1" 200 967784
116.237.75.166 - - [09/Jun/2023:08:33:13 +0800] "GET /xingrg/javascript/easyui/themes/icons/cancel.png HTTP/1.1" 304 -
116.237.75.166 - - [09/Jun/2023:08:33:14 +0800] "GET /xingrg/javascript/easyui/themes/default/validatebox.css HTTP/1.1" 404 1104
116.237.75.166 - - [09/Jun/2023:08:33:14 +0800] "GET /xingrg/javascript/easyui/plugins/jquery.validatebox.js HTTP/1.1" 304 -
116.237.75.166 - - [09/Jun/2023:08:33:14 +0800] "GET /xingrg/all/common/auto_word.html?type=employee&rest_code=00106 HTTP/1.1" 200 205
116.237.75.166 - - [09/Jun/2023:08:33:14 +0800] "GET /xingrg/all/common/auto_word.html?type=employee&rest_code=00106 HTTP/1.1" 200 205
116.237.75.166 - - [09/Jun/2023:08:33:14 +0800] "POST /xingrg/kc/buy/cgsh_order_operate.html HTTP/1.1" 200 8245
116.237.75.166 - - [09/Jun/2023:08:33:15 +0800] "GET /xingrg/javascript/easyui/themes/default/tree.css HTTP/1.1" 404 1090
116.237.75.166 - - [09/Jun/2023:08:33:15 +0800] "POST /xingrg/all/common/load_tree.html?tree=supplier_tree_json&isDelete=1 HTTP/1.1" 200 74560
116.238.139.35 - - [09/Jun/2023:08:33:33 +0800] "GET /xingrg/all/function/internal_message.html?_=1686270812311&CODE_STATE=getMsg HTTP/1.1" 200 27
116.237.75.166 - - [09/Jun/2023:08:33:33 +0800] "GET /xingrg/javascript/auto/indicator.gif HTTP/1.1" 404 1066
222.70.244.39 - - [09/Jun/2023:08:33:37 +0800] "GET /xingrg/all/function/internal_message.html?_=1686270802759&CODE_STATE=getMsg HTTP/1.1" 200 27
116.237.75.166 - - [09/Jun/2023:08:33:37 +0800] "GET /xingrg/kc/buy/cgsh_order_operate.html?command=get_materiel&rest_code=00106&code=00101016030&supplier_code=00100096&order_time=2023-06-09 HTTP/1.1" 200 412
172.20.0.100 - - [09/Jun/2023:08:33:39 +0800] "GET /xingrg/all/function/internal_message.html?_=1686270831216&CODE_STATE=getMsg HTTP/1.1" 200 27
116.237.75.166 - - [09/Jun/2023:08:33:48 +0800] "GET /xingrg/kc/buy/cgsh_order_operate.html?command=get_materiel&rest_code=00106&code=00101012025&supplier_code=00100096&order_time=2023-06-09 HTTP/1.1" 200 412
101.83.145.52 - - [09/Jun/2023:08:33:54 +0800] "GET /xingrg/check_reg.html?_=1686270833588 HTTP/1.1" 200 22
101.83.145.52 - - [09/Jun/2023:08:33:54 +0800] "GET /xingrg/all/function/internal_message.html?_=1686270833591&CODE_STATE=getMsg HTTP/1.1" 200 27
180.162.230.74 - - [09/Jun/2023:08:33:55 +0800] "GET /xingrg/all/function/internal_message.html?_=1686270835844&CODE_STATE=getMsg HTTP/1.1" 302 -
101.83.145.52 - - [09/Jun/2023:08:33:58 +0800] "GET /xingrg/all/function/internal_message.html?_=1686270666297&CODE_STATE=getMsg HTTP/1.1" 200 27
116.237.75.166 - - [09/Jun/2023:08:33:58 +0800] "GET /xingrg/kc/buy/cgsh_order_operate.html?command=get_materiel&rest_code=00106&code=00101016105&supplier_code=00100096&order_time=2023-06-09 HTTP/1.1" 200 409
116.237.75.166 - - [09/Jun/2023:08:34:00 +0800] "GET /xingrg/all/function/internal_message.html?_=1686270840018&CODE_STATE=getMsg HTTP/1.1" 200 27
222.67.234.146 - - [09/Jun/2023:08:34:03 +0800] "GET /xingrg/all/function/internal_message.html?_=1686270836753&CODE_STATE=getMsg HTTP/1.1" 200 27
120.253.135.82 - - [09/Jun/2023:08:34:12 +0800] "GET /xingrg/all/function/internal_message.html?_=1686270993276&CODE_STATE=getMsg HTTP/1.1" 200 27
116.237.75.166 - - [09/Jun/2023:08:34:24 +0800] "GET /xingrg/kc/buy/cgsh_order_operate.html?command=get_materiel&rest_code=00106&code=00101001010&supplier_code=00100096&order_time=2023-06-09 HTTP/1.1" 200 411
116.238.139.35 - - [09/Jun/2023:08:34:33 +0800] "GET /xingrg/all/function/internal_message.html?_=1686270872313&CODE_STATE=getMsg HTTP/1.1" 200 27
222.70.244.39 - - [09/Jun/2023:08:34:38 +0800] "GET /xingrg/all/function/internal_message.html?_=1686270863202&CODE_STATE=getMsg HTTP/1.1" 200 27
172.20.0.100 - - [09/Jun/2023:08:34:39 +0800] "GET /xingrg/all/function/internal_message.html?_=1686270891214&CODE_STATE=getMsg HTTP/1.1" 200 27
101.83.145.52 - - [09/Jun/2023:08:34:42 +0800] "GET /xingrg/kc/buy/cgsh_order_operate.html?command=get_materiel&rest_code=00105&code=00101008230&supplier_code=00100203&order_time=2023-06-09 HTTP/1.1" 200 408
101.83.145.52 - - [09/Jun/2023:08:34:54 +0800] "GET /xingrg/all/function/internal_message.html?_=1686270893627&CODE_STATE=getMsg HTTP/1.1" 200 27
180.162.230.74 - - [09/Jun/2023:08:34:55 +0800] "GET /xingrg/all/function/internal_message.html?_=1686270895840&CODE_STATE=getMsg HTTP/1.1" 302 -
116.237.75.166 - - [09/Jun/2023:08:34:58 +0800] "GET /xingrg/kc/buy/cgsh_order_operate.html?command=get_materiel&rest_code=00106&code=00101006240&supplier_code=00100096&order_time=2023-06-09 HTTP/1.1" 200 424
101.83.145.52 - - [09/Jun/2023:08:34:58 +0800] "GET /xingrg/check_reg.html?_=1686270726306 HTTP/1.1" 200 22
101.83.145.52 - - [09/Jun/2023:08:34:58 +0800] "GET /xingrg/all/function/internal_message.html?_=1686270726309&CODE_STATE=getMsg HTTP/1.1" 200 27
116.237.75.166 - - [09/Jun/2023:08:35:00 +0800] "GET /xingrg/all/function/internal_message.html?_=1686270900021&CODE_STATE=getMsg HTTP/1.1" 200 27
101.83.145.52 - - [09/Jun/2023:08:35:03 +0800] "GET /xingrg/kc/buy/cgsh_order_operate.html?command=get_materiel&rest_code=00105&code=00101008286&supplier_code=00100203&order_time=2023-06-09 HTTP/1.1" 200 408
222.67.234.146 - - [09/Jun/2023:08:35:03 +0800] "GET /xingrg/all/function/internal_message.html?_=1686270896751&CODE_STATE=getMsg HTTP/1.1" 200 27
120.253.135.82 - - [09/Jun/2023:08:35:12 +0800] "GET /xingrg/all/function/internal_message.html?_=1686271053282&CODE_STATE=getMsg HTTP/1.1" 200 27
101.83.145.52 - - [09/Jun/2023:08:35:12 +0800] "GET /xingrg/kc/buy/cgsh_order_operate.html?command=get_materiel&rest_code=00105&code=00101008353&supplier_code=00100203&order_time=2023-06-09 HTTP/1.1" 200 408
101.83.145.52 - - [09/Jun/2023:08:35:20 +0800] "GET /xingrg/kc/buy/cgsh_order_operate.html?command=get_materiel&rest_code=00105&code=00101008149&supplier_code=00100203&order_time=2023-06-09 HTTP/1.1" 200 408
116.237.75.166 - - [09/Jun/2023:08:35:27 +0800] "GET /xingrg/kc/buy/cgsh_order_operate.html?command=get_materiel&rest_code=00106&code=00101006068&supplier_code=00100096&order_time=2023-06-09 HTTP/1.1" 200 409
116.238.139.35 - - [09/Jun/2023:08:35:33 +0800] "GET /xingrg/check_reg.html?_=1686270932302 HTTP/1.1" 200 22
116.238.139.35 - - [09/Jun/2023:08:35:33 +0800] "GET /xingrg/all/function/internal_message.html?_=1686270932307&CODE_STATE=getMsg HTTP/1.1" 200 27
101.83.145.52 - - [09/Jun/2023:08:35:36 +0800] "GET /xingrg/kc/buy/cgsh_order_operate.html?command=get_materiel&rest_code=00105&code=00101008096&supplier_code=00100203&order_time=2023-06-09 HTTP/1.1" 200 413
222.70.244.39 - - [09/Jun/2023:08:35:38 +0800] "GET /xingrg/all/function/internal_message.html?_=1686270923207&CODE_STATE=getMsg HTTP/1.1" 200 27
172.20.0.100 - - [09/Jun/2023:08:35:39 +0800] "GET /xingrg/all/function/internal_message.html?_=1686270951228&CODE_STATE=getMsg HTTP/1.1" 200 27
101.83.145.52 - - [09/Jun/2023:08:35:47 +0800] "GET /xingrg/kc/buy/cgsh_order_operate.html?command=get_materiel&rest_code=00105&code=00101008163&supplier_code=00100203&order_time=2023-06-09 HTTP/1.1" 200 409
101.83.145.52 - - [09/Jun/2023:08:35:54 +0800] "GET /xingrg/all/function/internal_message.html?_=1686270953655&CODE_STATE=getMsg HTTP/1.1" 200 27
180.162.230.74 - - [09/Jun/2023:08:35:55 +0800] "GET /xingrg/all/function/internal_message.html?_=1686270955816&CODE_STATE=getMsg HTTP/1.1" 302 -
101.83.145.52 - - [09/Jun/2023:08:35:58 +0800] "GET /xingrg/kc/buy/cgsh_order_operate.html?command=get_materiel&rest_code=00105&code=00101008024&supplier_code=00100203&order_time=2023-06-09 HTTP/1.1" 200 408
101.83.145.52 - - [09/Jun/2023:08:35:58 +0800] "GET /xingrg/all/function/internal_message.html?_=1686270786295&CODE_STATE=getMsg HTTP/1.1" 200 27
116.237.75.166 - - [09/Jun/2023:08:36:00 +0800] "GET /xingrg/all/function/internal_message.html?_=1686270960020&CODE_STATE=getMsg HTTP/1.1" 200 27
116.237.75.166 - - [09/Jun/2023:08:36:03 +0800] "GET /xingrg/kc/buy/cgsh_order_operate.html?command=get_materiel&rest_code=00106&code=00101006293&supplier_code=00100096&order_time=2023-06-09 HTTP/1.1" 200 432
222.67.234.146 - - [09/Jun/2023:08:36:03 +0800] "GET /xingrg/all/function/internal_message.html?_=1686270956752&CODE_STATE=getMsg HTTP/1.1" 200 27
120.253.135.82 - - [09/Jun/2023:08:36:07 +0800] "POST /xingrg/kc/pszx/mdps_list_operate.html HTTP/1.1" 200 304
101.83.145.52 - - [09/Jun/2023:08:36:08 +0800] "GET /xingrg/kc/buy/cgsh_order_operate.html?command=get_materiel&rest_code=00105&code=00101008196&supplier_code=00100203&order_time=2023-06-09 HTTP/1.1" 200 416
120.253.135.82 - - [09/Jun/2023:08:36:11 +0800] "POST /xingrg/kc/pszx/mdps_list_operate.html HTTP/1.1" 200 379
120.253.135.82 - - [09/Jun/2023:08:36:12 +0800] "GET /xingrg/all/function/internal_message.html?_=1686271113284&CODE_STATE=getMsg HTTP/1.1" 200 27
120.253.135.82 - - [09/Jun/2023:08:36:13 +0800] "GET /xingrg/kc/pszx/mdps_order_info.html?code=312023060800169 HTTP/1.1" 200 23976
120.253.135.82 - - [09/Jun/2023:08:36:14 +0800] "GET /xingrg/javascript/easyui/themes/default/validatebox.css HTTP/1.1" 404 1104
120.253.135.82 - - [09/Jun/2023:08:36:14 +0800] "GET /xingrg/all/common/auto_word.html?type=base&rest_code=00101 HTTP/1.1" 200 671
120.253.135.82 - - [09/Jun/2023:08:36:14 +0800] "POST /xingrg/kc/pszx/mdps_order_operate.html HTTP/1.1" 200 2823
101.83.145.52 - - [09/Jun/2023:08:36:17 +0800] "GET /xingrg/kc/buy/cgsh_order_operate.html?command=get_materiel&rest_code=00105&code=00101008069&supplier_code=00100203&order_time=2023-06-09 HTTP/1.1" 200 412
120.253.135.82 - - [09/Jun/2023:08:36:20 +0800] "POST /xingrg/kc/pszx/mdps_list_operate.html HTTP/1.1" 200 4639
120.253.135.82 - - [09/Jun/2023:08:36:23 +0800] "POST /xingrg/kc/pszx/mdps_list_operate.html HTTP/1.1" 200 212
120.253.135.82 - - [09/Jun/2023:08:36:26 +0800] "GET /xingrg/kc/pszx/mdps_order_info.html?code=312023060700155 HTTP/1.1" 200 23972
120.253.135.82 - - [09/Jun/2023:08:36:26 +0800] "GET /xingrg/javascript/easyui/themes/default/validatebox.css HTTP/1.1" 404 1104
120.253.135.82 - - [09/Jun/2023:08:36:26 +0800] "GET /xingrg/all/common/auto_word.html?type=base&rest_code=00101 HTTP/1.1" 200 671
120.253.135.82 - - [09/Jun/2023:08:36:26 +0800] "POST /xingrg/kc/pszx/mdps_order_operate.html HTTP/1.1" 200 2290
101.83.145.52 - - [09/Jun/2023:08:36:27 +0800] "GET /xingrg/kc/buy/cgsh_order_operate.html?command=get_materiel&rest_code=00105&code=00101008036&supplier_code=00100203&order_time=2023-06-09 HTTP/1.1" 200 408
120.253.135.82 - - [09/Jun/2023:08:36:33 +0800] "POST /xingrg/kc/pszx/mdps_list_operate.html HTTP/1.1" 200 4639
116.238.139.35 - - [09/Jun/2023:08:36:33 +0800] "GET /xingrg/all/function/internal_message.html?_=1686270992311&CODE_STATE=getMsg HTTP/1.1" 200 27
116.237.75.166 - - [09/Jun/2023:08:36:34 +0800] "GET /xingrg/kc/buy/cgsh_order_operate.html?command=get_materiel&rest_code=00106&code=00101006129&supplier_code=00100096&order_time=2023-06-09 HTTP/1.1" 200 433
222.70.244.39 - - [09/Jun/2023:08:36:36 +0800] "GET /xingrg/check_reg.html?_=1686270981571 HTTP/1.1" 200 22
222.70.244.39 - - [09/Jun/2023:08:36:38 +0800] "GET /xingrg/all/function/internal_message.html?_=1686270983221&CODE_STATE=getMsg HTTP/1.1" 200 27
172.20.0.100 - - [09/Jun/2023:08:36:39 +0800] "GET /xingrg/all/function/internal_message.html?_=1686271011226&CODE_STATE=getMsg HTTP/1.1" 200 27
101.83.145.52 - - [09/Jun/2023:08:36:40 +0800] "GET /xingrg/kc/buy/cgsh_order_operate.html?command=get_materiel&rest_code=00105&code=00101008131&supplier_code=00100203&order_time=2023-06-09 HTTP/1.1" 200 409
120.253.135.82 - - [09/Jun/2023:08:36:43 +0800] "POST /xingrg/kc/pszx/mdps_list_operate.html HTTP/1.1" 200 281
120.253.135.82 - - [09/Jun/2023:08:36:45 +0800] "GET /xingrg/kc/pszx/mdps_order_info.html?code=312023060500109 HTTP/1.1" 200 23970
120.253.135.82 - - [09/Jun/2023:08:36:45 +0800] "GET /xingrg/javascript/easyui/themes/default/validatebox.css HTTP/1.1" 404 1104
120.253.135.82 - - [09/Jun/2023:08:36:46 +0800] "GET /xingrg/all/common/auto_word.html?type=base&rest_code=00101 HTTP/1.1" 200 671
120.253.135.82 - - [09/Jun/2023:08:36:46 +0800] "POST /xingrg/kc/pszx/mdps_order_operate.html HTTP/1.1" 200 2763
101.83.145.52 - - [09/Jun/2023:08:36:50 +0800] "GET /xingrg/kc/buy/cgsh_order_operate.html?command=get_materiel&rest_code=00105&code=00101008352&supplier_code=00100203&order_time=2023-06-09 HTTP/1.1" 200 412
101.83.145.52 - - [09/Jun/2023:08:36:54 +0800] "GET /xingrg/all/function/internal_message.html?_=1686271013590&CODE_STATE=getMsg HTTP/1.1" 200 27
180.162.230.74 - - [09/Jun/2023:08:36:55 +0800] "GET /xingrg/all/function/internal_message.html?_=1686271015806&CODE_STATE=getMsg HTTP/1.1" 302 -
120.253.135.82 - - [09/Jun/2023:08:36:56 +0800] "POST /xingrg/kc/pszx/mdps_list_operate.html HTTP/1.1" 200 4639
120.253.135.82 - - [09/Jun/2023:08:36:58 +0800] "POST /xingrg/kc/pszx/mdps_list_operate.html HTTP/1.1" 200 383
101.83.145.52 - - [09/Jun/2023:08:36:58 +0800] "GET /xingrg/all/function/internal_message.html?_=1686270846304&CODE_STATE=getMsg HTTP/1.1" 200 27
116.237.75.166 - - [09/Jun/2023:08:37:00 +0800] "GET /xingrg/all/function/internal_message.html?_=1686271020023&CODE_STATE=getMsg HTTP/1.1" 200 27
120.253.135.82 - - [09/Jun/2023:08:37:01 +0800] "POST /xingrg/kc/pszx/mdps_list_operate.html HTTP/1.1" 200 201
222.67.234.146 - - [09/Jun/2023:08:37:03 +0800] "GET /xingrg/all/function/internal_message.html?_=1686271016750&CODE_STATE=getMsg HTTP/1.1" 200 27
101.83.145.52 - - [09/Jun/2023:08:37:03 +0800] "GET /xingrg/kc/buy/cgsh_order_operate.html?command=get_materiel&rest_code=00105&code=00101008298&supplier_code=00100203&order_time=2023-06-09 HTTP/1.1" 200 413
116.237.75.166 - - [09/Jun/2023:08:37:06 +0800] "GET /xingrg/kc/buy/cgsh_order_operate.html?command=get_materiel&rest_code=00106&code=00101006193&supplier_code=00100096&order_time=2023-06-09 HTTP/1.1" 200 411
101.83.145.52 - - [09/Jun/2023:08:37:06 +0800] "POST /xingrg/kc/buy/cgsh_order_operate.html HTTP/1.1" 200 2065
101.83.145.52 - - [09/Jun/2023:08:37:08 +0800] "POST /xingrg/kc/buy/cgsh_order_operate.html HTTP/1.1" 200 2065
120.253.135.82 - - [09/Jun/2023:08:37:12 +0800] "GET /xingrg/all/function/internal_message.html?_=1686271173290&CODE_STATE=getMsg HTTP/1.1" 200 27
120.253.135.82 - - [09/Jun/2023:08:37:12 +0800] "GET /xingrg/check_reg.html?_=1686271173292 HTTP/1.1" 200 22
101.83.145.52 - - [09/Jun/2023:08:37:15 +0800] "GET /xingrg/kc/buy/cgsh_order_operate.html?command=get_materiel&rest_code=00105&code=00101008119&supplier_code=00100203&order_time=2023-06-09 HTTP/1.1" 200 412
114.85.113.108 - - [09/Jun/2023:08:37:21 +0800] "GET /xingrg/check_reg.html?_=1686271039168 HTTP/1.1" 200 22
101.83.145.52 - - [09/Jun/2023:08:37:23 +0800] "GET /xingrg/kc/buy/cgsh_order_operate.html?command=get_materiel&rest_code=00105&code=00101008105&supplier_code=00100203&order_time=2023-06-09 HTTP/1.1" 200 412
101.83.145.52 - - [09/Jun/2023:08:37:30 +0800] "GET /xingrg/kc/buy/cgsh_order_operate.html?command=get_materiel&rest_code=00105&code=00101008185&supplier_code=00100203&order_time=2023-06-09 HTTP/1.1" 200 408
116.238.139.35 - - [09/Jun/2023:08:37:33 +0800] "GET /xingrg/all/function/internal_message.html?_=1686271052312&CODE_STATE=getMsg HTTP/1.1" 200 27
222.70.244.39 - - [09/Jun/2023:08:37:38 +0800] "GET /xingrg/all/function/internal_message.html?_=1686271043234&CODE_STATE=getMsg HTTP/1.1" 200 27
172.20.0.100 - - [09/Jun/2023:08:37:39 +0800] "GET /xingrg/check_reg.html?_=1686271071225 HTTP/1.1" 200 22
172.20.0.100 - - [09/Jun/2023:08:37:39 +0800] "GET /xingrg/all/function/internal_message.html?_=1686271071227&CODE_STATE=getMsg HTTP/1.1" 200 27
101.83.145.52 - - [09/Jun/2023:08:37:40 +0800] "GET /xingrg/kc/buy/cgsh_order_operate.html?command=get_materiel&rest_code=00105&code=00101023033&supplier_code=00100203&order_time=2023-06-09 HTTP/1.1" 200 409
222.70.180.90 - - [09/Jun/2023:08:37:46 +0800] "GET /xingrg/check_reg.html?_=1686271099432 HTTP/1.1" 200 22
101.83.145.52 - - [09/Jun/2023:08:37:48 +0800] "GET /xingrg/kc/buy/cgsh_order_operate.html?command=get_materiel&rest_code=00105&code=00101008639&supplier_code=00100203&order_time=2023-06-09 HTTP/1.1" 200 409
101.83.145.52 - - [09/Jun/2023:08:37:54 +0800] "GET /xingrg/all/function/internal_message.html?_=1686271073581&CODE_STATE=getMsg HTTP/1.1" 200 27
180.162.230.74 - - [09/Jun/2023:08:37:55 +0800] "GET /xingrg/all/function/internal_message.html?_=1686271075786&CODE_STATE=getMsg HTTP/1.1" 302 -
180.162.230.74 - - [09/Jun/2023:08:37:55 +0800] "GET /xingrg/check_reg.html?_=1686271075841 HTTP/1.1" 302 -
101.83.145.52 - - [09/Jun/2023:08:37:58 +0800] "GET /xingrg/all/function/internal_message.html?_=1686270906312&CODE_STATE=getMsg HTTP/1.1" 200 27
116.237.75.166 - - [09/Jun/2023:08:38:00 +0800] "GET /xingrg/check_reg.html?_=1686271080037 HTTP/1.1" 200 22
116.237.75.166 - - [09/Jun/2023:08:38:00 +0800] "GET /xingrg/all/function/internal_message.html?_=1686271080040&CODE_STATE=getMsg HTTP/1.1" 200 27
222.67.234.146 - - [09/Jun/2023:08:38:03 +0800] "GET /xingrg/check_reg.html?_=1686271076740 HTTP/1.1" 200 22
222.67.234.146 - - [09/Jun/2023:08:38:03 +0800] "GET /xingrg/all/function/internal_message.html?_=1686271076742&CODE_STATE=getMsg HTTP/1.1" 200 27
101.83.145.52 - - [09/Jun/2023:08:38:10 +0800] "GET /xingrg/kc/buy/cgsh_order_operate.html?command=get_materiel&rest_code=00105&code=00101008265&supplier_code=00100203&order_time=2023-06-09 HTTP/1.1" 200 409
120.253.135.82 - - [09/Jun/2023:08:38:12 +0800] "GET /xingrg/all/function/internal_message.html?_=1686271233294&CODE_STATE=getMsg HTTP/1.1" 200 27
101.83.145.52 - - [09/Jun/2023:08:38:17 +0800] "GET /xingrg/kc/buy/cgsh_order_operate.html?command=get_materiel&rest_code=00105&code=00101008219&supplier_code=00100203&order_time=2023-06-09 HTTP/1.1" 200 412
101.83.145.52 - - [09/Jun/2023:08:38:29 +0800] "GET /xingrg/kc/buy/cgsh_order_operate.html?command=get_materiel&rest_code=00105&code=00101008244&supplier_code=00100203&order_time=2023-06-09 HTTP/1.1" 200 408
116.238.139.35 - - [09/Jun/2023:08:38:33 +0800] "GET /xingrg/all/function/internal_message.html?_=1686271112313&CODE_STATE=getMsg HTTP/1.1" 200 27
222.70.244.39 - - [09/Jun/2023:08:38:38 +0800] "GET /xingrg/all/function/internal_message.html?_=1686271103248&CODE_STATE=getMsg HTTP/1.1" 200 27
172.20.0.100 - - [09/Jun/2023:08:38:39 +0800] "GET /xingrg/all/function/internal_message.html?_=1686271131225&CODE_STATE=getMsg HTTP/1.1" 200 27
101.83.145.52 - - [09/Jun/2023:08:38:40 +0800] "GET /xingrg/kc/buy/cgsh_order_operate.html?command=get_materiel&rest_code=00105&code=00101008283&supplier_code=00100203&order_time=2023-06-09 HTTP/1.1" 200 408
116.237.75.166 - - [09/Jun/2023:08:38:48 +0800] "POST /xingrg/services/DataTransmitService HTTP/1.1" 200 524
101.83.145.52 - - [09/Jun/2023:08:38:54 +0800] "GET /xingrg/check_reg.html?_=1686271133585 HTTP/1.1" 200 22
101.83.145.52 - - [09/Jun/2023:08:38:54 +0800] "GET /xingrg/all/function/internal_message.html?_=1686271133581&CODE_STATE=getMsg HTTP/1.1" 200 27
116.237.75.166 - - [09/Jun/2023:08:38:54 +0800] "GET /xingrg/kc/buy/cgsh_order_operate.html?command=get_materiel&rest_code=00106&code=00101006111&supplier_code=00100096&order_time=2023-06-09 HTTP/1.1" 200 411
180.162.230.74 - - [09/Jun/2023:08:38:55 +0800] "GET /xingrg/all/function/internal_message.html?_=1686271135773&CODE_STATE=getMsg HTTP/1.1" 302 -
101.83.145.52 - - [09/Jun/2023:08:38:58 +0800] "GET /xingrg/all/function/internal_message.html?_=1686270966301&CODE_STATE=getMsg HTTP/1.1" 200 27
180.163.29.103 - - [09/Jun/2023:08:39:00 +0800] "GET /xingrg/all/function/internal_message.html?_=1686271080040&CODE_STATE=getMsg HTTP/1.1" 302 -
180.163.29.103 - - [09/Jun/2023:08:39:00 +0800] "GET /xingrg/login.html HTTP/1.1" 200 7641
116.237.75.166 - - [09/Jun/2023:08:39:00 +0800] "GET /xingrg/all/function/internal_message.html?_=1686271140039&CODE_STATE=getMsg HTTP/1.1" 200 27
101.83.145.52 - - [09/Jun/2023:08:39:01 +0800] "GET /xingrg/kc/buy/cgsh_order_operate.html?command=get_materiel&rest_code=00105&code=00101008224&supplier_code=00100203&order_time=2023-06-09 HTTP/1.1" 200 416
222.67.234.146 - - [09/Jun/2023:08:39:03 +0800] "GET /xingrg/all/function/internal_message.html?_=1686271136749&CODE_STATE=getMsg HTTP/1.1" 200 27
120.253.135.82 - - [09/Jun/2023:08:39:12 +0800] "GET /xingrg/all/function/internal_message.html?_=1686271293299&CODE_STATE=getMsg HTTP/1.1" 200 27
101.83.145.52 - - [09/Jun/2023:08:39:16 +0800] "GET /xingrg/kc/buy/cgsh_order_operate.html?command=get_materiel&rest_code=00105&code=00101008212&supplier_code=00100203&order_time=2023-06-09 HTTP/1.1" 200 412
116.237.75.166 - - [09/Jun/2023:08:39:19 +0800] "GET /xingrg/kc/buy/cgsh_order_operate.html?command=get_materiel&rest_code=00106&code=00101006056&supplier_code=00100096&order_time=2023-06-09 HTTP/1.1" 200 413
101.83.145.52 - - [09/Jun/2023:08:39:29 +0800] "GET /xingrg/kc/buy/cgsh_order_operate.html?command=get_materiel&rest_code=00105&code=00101008357&supplier_code=00100203&order_time=2023-06-09 HTTP/1.1" 200 408
116.238.139.35 - - [09/Jun/2023:08:39:33 +0800] "GET /xingrg/all/function/internal_message.html?_=1686271172314&CODE_STATE=getMsg HTTP/1.1" 200 27
222.70.244.39 - - [09/Jun/2023:08:39:38 +0800] "GET /xingrg/all/function/internal_message.html?_=1686271163685&CODE_STATE=getMsg HTTP/1.1" 200 27
172.20.0.100 - - [09/Jun/2023:08:39:39 +0800] "GET /xingrg/all/function/internal_message.html?_=1686271191223&CODE_STATE=getMsg HTTP/1.1" 200 27
222.70.180.90 - - [09/Jun/2023:08:39:41 +0800] "GET /xingrg/check_reg.html?_=1686271178352 HTTP/1.1" 200 22
116.237.75.166 - - [09/Jun/2023:08:39:47 +0800] "POST /xingrg/kc/buy/cgsh_order_operate.html HTTP/1.1" 200 37
116.237.75.166 - - [09/Jun/2023:08:39:49 +0800] "POST /xingrg/kc/buy/cgsh_order_operate.html HTTP/1.1" 200 9251
101.83.145.52 - - [09/Jun/2023:08:39:54 +0800] "GET /xingrg/all/function/internal_message.html?_=1686271193670&CODE_STATE=getMsg HTTP/1.1" 200 27
180.162.230.74 - - [09/Jun/2023:08:39:55 +0800] "GET /xingrg/all/function/internal_message.html?_=1686271195762&CODE_STATE=getMsg HTTP/1.1" 302 -
101.83.145.52 - - [09/Jun/2023:08:39:58 +0800] "GET /xingrg/all/function/internal_message.html?_=1686271026310&CODE_STATE=getMsg HTTP/1.1" 200 27
101.83.145.52 - - [09/Jun/2023:08:39:58 +0800] "GET /xingrg/check_reg.html?_=1686271026315 HTTP/1.1" 200 22
116.237.75.166 - - [09/Jun/2023:08:39:59 +0800] "GET /xingrg/kc/buy/cgsh_order_operate.html?command=get_materiel&rest_code=00106&code=00101007027&supplier_code=00100096&order_time=2023-06-09 HTTP/1.1" 200 421
116.237.75.166 - - [09/Jun/2023:08:40:00 +0800] "GET /xingrg/all/function/internal_message.html?_=1686271200061&CODE_STATE=getMsg HTTP/1.1" 200 27
222.67.234.146 - - [09/Jun/2023:08:40:03 +0800] "GET /xingrg/all/function/internal_message.html?_=1686271196745&CODE_STATE=getMsg HTTP/1.1" 200 27
101.83.145.52 - - [09/Jun/2023:08:40:04 +0800] "GET /xingrg/kc/buy/cgsh_order_operate.html?command=get_materiel&rest_code=00105&code=00101008355&supplier_code=00100203&order_time=2023-06-09 HTTP/1.1" 200 408
116.237.75.166 - - [09/Jun/2023:08:40:11 +0800] "POST /xingrg/kc/buy/cgsh_order_operate.html HTTP/1.1" 200 37
120.253.135.82 - - [09/Jun/2023:08:40:12 +0800] "GET /xingrg/all/function/internal_message.html?_=1686271353305&CODE_STATE=getMsg HTTP/1.1" 200 27
116.237.75.166 - - [09/Jun/2023:08:40:12 +0800] "POST /xingrg/kc/buy/cgsh_order_operate.html HTTP/1.1" 200 9852
101.83.145.52 - - [09/Jun/2023:08:40:22 +0800] "GET /xingrg/kc/buy/cgsh_order_operate.html?command=get_materiel&rest_code=00105&code=00101008296&supplier_code=00100203&order_time=2023-06-09 HTTP/1.1" 200 416
101.83.145.52 - - [09/Jun/2023:08:40:29 +0800] "GET /xingrg/kc/buy/cgsh_order_operate.html?command=get_materiel&rest_code=00105&code=00101008213&supplier_code=00100203&order_time=2023-06-09 HTTP/1.1" 200 412
116.238.139.35 - - [09/Jun/2023:08:40:33 +0800] "GET /xingrg/check_reg.html?_=1686271232321 HTTP/1.1" 200 22
116.238.139.35 - - [09/Jun/2023:08:40:33 +0800] "GET /xingrg/all/function/internal_message.html?_=1686271232325&CODE_STATE=getMsg HTTP/1.1" 200 27
116.237.75.166 - - [09/Jun/2023:08:40:36 +0800] "POST /xingrg/kc/buy/cgsh_order_operate.html HTTP/1.1" 200 37
101.83.145.52 - - [09/Jun/2023:08:40:38 +0800] "GET /xingrg/kc/buy/cgsh_order_operate.html?command=get_materiel&rest_code=00105&code=00101008004&supplier_code=00100203&order_time=2023-06-09 HTTP/1.1" 200 416
222.70.244.39 - - [09/Jun/2023:08:40:38 +0800] "GET /xingrg/all/function/internal_message.html?_=1686271223696&CODE_STATE=getMsg HTTP/1.1" 200 27
172.20.0.100 - - [09/Jun/2023:08:40:39 +0800] "GET /xingrg/all/function/internal_message.html?_=1686271251221&CODE_STATE=getMsg HTTP/1.1" 200 27
101.83.145.52 - - [09/Jun/2023:08:40:54 +0800] "GET /xingrg/all/function/internal_message.html?_=1686271253650&CODE_STATE=getMsg HTTP/1.1" 200 27
180.162.230.74 - - [09/Jun/2023:08:40:55 +0800] "GET /xingrg/all/function/internal_message.html?_=1686271255739&CODE_STATE=getMsg HTTP/1.1" 302 -
101.83.145.52 - - [09/Jun/2023:08:40:58 +0800] "GET /xingrg/all/function/internal_message.html?_=1686271086309&CODE_STATE=getMsg HTTP/1.1" 200 27
222.67.234.146 - - [09/Jun/2023:08:41:03 +0800] "GET /xingrg/all/function/internal_message.html?_=1686271256758&CODE_STATE=getMsg HTTP/1.1" 200 27
101.83.145.52 - - [09/Jun/2023:08:41:10 +0800] "POST /xingrg/kc/buy/cgsh_order_operate.html HTTP/1.1" 200 2065
120.253.135.82 - - [09/Jun/2023:08:41:12 +0800] "GET /xingrg/all/function/internal_message.html?_=1686271413309&CODE_STATE=getMsg HTTP/1.1" 200 27
101.83.145.52 - - [09/Jun/2023:08:41:12 +0800] "POST /xingrg/kc/buy/cgsh_order_operate.html HTTP/1.1" 200 2065
101.83.145.52 - - [09/Jun/2023:08:41:14 +0800] "POST /xingrg/kc/buy/cgsh_order_operate.html HTTP/1.1" 200 2065
116.237.75.166 - - [09/Jun/2023:08:41:14 +0800] "GET /favicon.ico HTTP/1.1" 404 -
101.83.145.52 - - [09/Jun/2023:08:41:27 +0800] "GET /xingrg/kc/buy/cgsh_order_operate.html?command=get_materiel&rest_code=00105&code=00101008188&supplier_code=00100203&order_time=2023-06-09 HTTP/1.1" 200 412
116.238.139.35 - - [09/Jun/2023:08:41:33 +0800] "GET /xingrg/all/function/internal_message.html?_=1686271292313&CODE_STATE=getMsg HTTP/1.1" 200 27
222.70.244.39 - - [09/Jun/2023:08:41:36 +0800] "GET /xingrg/check_reg.html?_=1686271281967 HTTP/1.1" 200 22
222.70.244.39 - - [09/Jun/2023:08:41:38 +0800] "GET /xingrg/all/function/internal_message.html?_=1686271283710&CODE_STATE=getMsg HTTP/1.1" 200 27
172.20.0.100 - - [09/Jun/2023:08:41:39 +0800] "GET /xingrg/all/function/internal_message.html?_=1686271311220&CODE_STATE=getMsg HTTP/1.1" 200 27
101.83.145.52 - - [09/Jun/2023:08:41:54 +0800] "GET /xingrg/all/function/internal_message.html?_=1686271313667&CODE_STATE=getMsg HTTP/1.1" 200 27
180.162.230.74 - - [09/Jun/2023:08:41:55 +0800] "GET /xingrg/all/function/internal_message.html?_=1686271315713&CODE_STATE=getMsg HTTP/1.1" 302 -
101.83.145.52 - - [09/Jun/2023:08:41:58 +0800] "GET /xingrg/all/function/internal_message.html?_=1686271146297&CODE_STATE=getMsg HTTP/1.1" 200 27
222.67.234.146 - - [09/Jun/2023:08:42:03 +0800] "GET /xingrg/all/function/internal_message.html?_=1686271316752&CODE_STATE=getMsg HTTP/1.1" 200 27
120.253.135.82 - - [09/Jun/2023:08:42:12 +0800] "GET /xingrg/all/function/internal_message.html?_=1686271473313&CODE_STATE=getMsg HTTP/1.1" 200 27
120.253.135.82 - - [09/Jun/2023:08:42:12 +0800] "GET /xingrg/check_reg.html?_=1686271473315 HTTP/1.1" 200 22
114.85.113.108 - - [09/Jun/2023:08:42:21 +0800] "GET /xingrg/check_reg.html?_=1686271339166 HTTP/1.1" 200 22
116.238.139.35 - - [09/Jun/2023:08:42:33 +0800] "GET /xingrg/all/function/internal_message.html?_=1686271352320&CODE_STATE=getMsg HTTP/1.1" 200 27
120.253.135.82 - - [09/Jun/2023:08:42:34 +0800] "GET /xingrg/kc/pszx/mdps_order_list.html?orderType=0 HTTP/1.1" 200 21032
120.253.135.82 - - [09/Jun/2023:08:42:34 +0800] "POST /xingrg/kc/pszx/mdps_list_operate.html HTTP/1.1" 200 4639
116.232.195.127 - - [09/Jun/2023:08:42:35 +0800] "GET /xingrg/index.html?sysBaseUrl=http%3A%2F%2F180.169.147.146%3A18081%2Fxingrg%2F&costTime=1277×tamp=1606817596806 HTTP/1.1" 302 -
116.232.195.127 - - [09/Jun/2023:08:42:35 +0800] "GET /xingrg/login.html HTTP/1.1" 200 7641
116.232.195.127 - - [09/Jun/2023:08:42:36 +0800] "GET /favicon.ico HTTP/1.1" 404 -
120.253.135.82 - - [09/Jun/2023:08:42:36 +0800] "GET /xingrg/kc/pszx/mdps_order_add.html HTTP/1.1" 200 29101
120.253.135.82 - - [09/Jun/2023:08:42:36 +0800] "POST /xingrg/kc/pszx/mdps_order_operate.html HTTP/1.1" 200 7126
120.253.135.82 - - [09/Jun/2023:08:42:36 +0800] "GET /xingrg/javascript/easyui/themes/default/validatebox.css HTTP/1.1" 404 1104
120.253.135.82 - - [09/Jun/2023:08:42:36 +0800] "GET /xingrg/all/common/auto_word.html?type=base&rest_code=00101 HTTP/1.1" 200 671
120.253.135.82 - - [09/Jun/2023:08:42:38 +0800] "POST /xingrg/all/common/load_combo.html?type=base HTTP/1.1" 200 1169
222.70.244.39 - - [09/Jun/2023:08:42:38 +0800] "GET /xingrg/all/function/internal_message.html?_=1686271343724&CODE_STATE=getMsg HTTP/1.1" 200 27
172.20.0.100 - - [09/Jun/2023:08:42:39 +0800] "GET /xingrg/all/function/internal_message.html?_=1686271371219&CODE_STATE=getMsg HTTP/1.1" 200 27
172.20.0.100 - - [09/Jun/2023:08:42:39 +0800] "GET /xingrg/check_reg.html?_=1686271371221 HTTP/1.1" 200 22
120.253.135.82 - - [09/Jun/2023:08:42:41 +0800] "GET /xingrg/javascript/easyui/themes/default/tree.css HTTP/1.1" 404 1090
120.253.135.82 - - [09/Jun/2023:08:42:41 +0800] "POST /xingrg/all/common/load_tree.html?tree=area_rest_tree_json&only_rest=1 HTTP/1.1" 200 3378
222.70.180.90 - - [09/Jun/2023:08:42:46 +0800] "GET /xingrg/check_reg.html?_=1686271399417 HTTP/1.1" 200 22
101.83.145.52 - - [09/Jun/2023:08:42:54 +0800] "GET /xingrg/all/function/internal_message.html?_=1686271373580&CODE_STATE=getMsg HTTP/1.1" 200 27
180.162.230.74 - - [09/Jun/2023:08:42:55 +0800] "GET /xingrg/all/function/internal_message.html?_=1686271375699&CODE_STATE=getMsg HTTP/1.1" 302 -
180.162.230.74 - - [09/Jun/2023:08:42:55 +0800] "GET /xingrg/check_reg.html?_=1686271375839 HTTP/1.1" 302 -
120.253.135.82 - - [09/Jun/2023:08:42:55 +0800] "GET /xingrg/kc/pszx/mdps_order_operate.html?command=get_materiel&pszx_code=00101&rest_code=00151&base_code=0010250&code=00102002197 HTTP/1.1" 200 460
101.83.145.52 - - [09/Jun/2023:08:42:58 +0800] "GET /xingrg/all/function/internal_message.html?_=1686271206306&CODE_STATE=getMsg HTTP/1.1" 200 27
120.253.135.82 - - [09/Jun/2023:08:43:02 +0800] "POST /xingrg/all/common/load_select.html HTTP/1.1" 200 25
222.67.234.146 - - [09/Jun/2023:08:43:03 +0800] "GET /xingrg/check_reg.html?_=1686271376750 HTTP/1.1" 200 22
222.67.234.146 - - [09/Jun/2023:08:43:03 +0800] "GET /xingrg/all/function/internal_message.html?_=1686271376752&CODE_STATE=getMsg HTTP/1.1" 200 27
120.253.135.82 - - [09/Jun/2023:08:43:04 +0800] "GET /xingrg/kc/pszx/mdps_order_operate.html?command=get_materiel_price&pszx_code=00101&rest_code=00151&base_code=0010250&code=00102002197&unit_code=00100018&order_time=2023-06-09 HTTP/1.1" 200 35
120.253.135.82 - - [09/Jun/2023:08:43:12 +0800] "GET /xingrg/all/function/internal_message.html?_=1686271533318&CODE_STATE=getMsg HTTP/1.1" 200 27
120.253.135.82 - - [09/Jun/2023:08:43:12 +0800] "POST /xingrg/kc/pszx/mdps_order_operate.html HTTP/1.1" 200 37
120.253.135.82 - - [09/Jun/2023:08:43:16 +0800] "GET /xingrg/kc/pszx/mdps_order_info.html?code=312023060900174 HTTP/1.1" 200 23974
120.253.135.82 - - [09/Jun/2023:08:43:16 +0800] "GET /xingrg/javascript/easyui/themes/default/validatebox.css HTTP/1.1" 404 1104
120.253.135.82 - - [09/Jun/2023:08:43:16 +0800] "GET /xingrg/all/common/auto_word.html?type=base&rest_code=00101 HTTP/1.1" 200 671
120.253.135.82 - - [09/Jun/2023:08:43:17 +0800] "POST /xingrg/kc/pszx/mdps_order_operate.html HTTP/1.1" 200 2293
116.238.139.35 - - [09/Jun/2023:08:43:33 +0800] "GET /xingrg/all/function/internal_message.html?_=1686271412321&CODE_STATE=getMsg HTTP/1.1" 200 27
222.70.244.39 - - [09/Jun/2023:08:43:38 +0800] "GET /xingrg/all/function/internal_message.html?_=1686271403737&CODE_STATE=getMsg HTTP/1.1" 200 27
172.20.0.100 - - [09/Jun/2023:08:43:39 +0800] "GET /xingrg/all/function/internal_message.html?_=1686271431219&CODE_STATE=getMsg HTTP/1.1" 200 27
101.83.145.52 - - [09/Jun/2023:08:43:47 +0800] "GET /xingrg/kc/buy/cgsh_order_operate.html?command=get_materiel&rest_code=00105&code=00101008350&supplier_code=00100203&order_time=2023-06-09 HTTP/1.1" 200 408
120.253.135.82 - - [09/Jun/2023:08:43:52 +0800] "GET /xingrg/javascript/jquery_easy_ui/themes/default/images/tabs_active.png HTTP/1.1" 304 -
120.253.135.82 - - [09/Jun/2023:08:43:53 +0800] "GET /xingrg/check_reg.html?_=1686271267945 HTTP/1.1" 200 22
101.83.145.52 - - [09/Jun/2023:08:43:54 +0800] "GET /xingrg/all/function/internal_message.html?_=1686271433708&CODE_STATE=getMsg HTTP/1.1" 200 27
101.83.145.52 - - [09/Jun/2023:08:43:54 +0800] "GET /xingrg/check_reg.html?_=1686271433709 HTTP/1.1" 200 22
120.253.135.82 - - [09/Jun/2023:08:43:54 +0800] "GET /xingrg/kc/pszx/mdps_order_list.html?orderType=0 HTTP/1.1" 200 21032
120.253.135.82 - - [09/Jun/2023:08:43:55 +0800] "POST /xingrg/kc/pszx/mdps_list_operate.html HTTP/1.1" 200 5005
180.162.230.74 - - [09/Jun/2023:08:43:55 +0800] "GET /xingrg/all/function/internal_message.html?_=1686271435687&CODE_STATE=getMsg HTTP/1.1" 302 -
101.83.145.52 - - [09/Jun/2023:08:43:58 +0800] "GET /xingrg/all/function/internal_message.html?_=1686271266295&CODE_STATE=getMsg HTTP/1.1" 200 27
222.67.234.146 - - [09/Jun/2023:08:44:03 +0800] "GET /xingrg/all/function/internal_message.html?_=1686271436748&CODE_STATE=getMsg HTTP/1.1" 200 27
120.253.135.82 - - [09/Jun/2023:08:44:05 +0800] "POST /xingrg/kc/pszx/mdps_list_operate.html HTTP/1.1" 200 211
120.253.135.82 - - [09/Jun/2023:08:44:06 +0800] "GET /xingrg/kc/pszx/mdps_order_info.html?code=312023060900174 HTTP/1.1" 200 23974
120.253.135.82 - - [09/Jun/2023:08:44:07 +0800] "GET /xingrg/javascript/easyui/themes/default/validatebox.css HTTP/1.1" 404 1104
120.253.135.82 - - [09/Jun/2023:08:44:07 +0800] "POST /xingrg/kc/pszx/mdps_order_operate.html HTTP/1.1" 200 2293
120.253.135.82 - - [09/Jun/2023:08:44:09 +0800] "GET /xingrg/kc/print/load_data.html?order_code=312023060900174&kc_code=mdps&condition= HTTP/1.1" 200 687
120.253.135.82 - - [09/Jun/2023:08:44:12 +0800] "GET /xingrg/all/function/internal_message.html?_=1686271593322&CODE_STATE=getMsg HTTP/1.1" 200 27
116.232.195.127 - - [09/Jun/2023:08:44:15 +0800] "POST /xingrg/login.do HTTP/1.1" 302 -
116.232.195.127 - - [09/Jun/2023:08:44:15 +0800] "GET /xingrg/index.html?sysBaseUrl=http%3A%2F%2F180.169.147.146%3A18081%2Fxingrg%2F&costTime=805×tamp=1686271455687 HTTP/1.1" 200 17179
116.232.195.127 - - [09/Jun/2023:08:44:16 +0800] "GET /favicon.ico HTTP/1.1" 404 -
116.232.195.127 - - [09/Jun/2023:08:44:16 +0800] "POST /xingrg/all/common/load_tree.html?tree=area_rest_tree_json&manage=1 HTTP/1.1" 200 479
116.232.195.127 - - [09/Jun/2023:08:44:16 +0800] "GET /xingrg/all/function/internal_message.html?_=1686271475980&CODE_STATE=count HTTP/1.1" 200 11
116.232.195.127 - - [09/Jun/2023:08:44:16 +0800] "GET /xingrg/check_reg.html?_=1686271475981 HTTP/1.1" 200 22
116.232.195.127 - - [09/Jun/2023:08:44:16 +0800] "POST /xingrg/load_menu.html HTTP/1.1" 200 5138
116.232.195.127 - - [09/Jun/2023:08:44:30 +0800] "GET /xingrg/kc/buy/cgsh_order_list.html HTTP/1.1" 200 55860
116.232.195.127 - - [09/Jun/2023:08:44:32 +0800] "POST /xingrg/kc/buy/cgsh_list_operate.html HTTP/1.1" 200 986
116.238.139.35 - - [09/Jun/2023:08:44:33 +0800] "GET /xingrg/all/function/internal_message.html?_=1686271472323&CODE_STATE=getMsg HTTP/1.1" 200 27
172.20.0.100 - - [09/Jun/2023:08:44:39 +0800] "GET /xingrg/all/function/internal_message.html?_=1686271491217&CODE_STATE=getMsg HTTP/1.1" 200 27
222.70.244.39 - - [09/Jun/2023:08:44:39 +0800] "GET /xingrg/all/function/internal_message.html?_=1686271464277&CODE_STATE=getMsg HTTP/1.1" 200 27
116.232.195.127 - - [09/Jun/2023:08:44:39 +0800] "GET /xingrg/kc/buy/cgsh_order_add.html HTTP/1.1" 200 71683
116.232.195.127 - - [09/Jun/2023:08:44:39 +0800] "GET /xingrg/words/20230608145528_words.js HTTP/1.1" 304 -
116.232.195.127 - - [09/Jun/2023:08:44:39 +0800] "POST /xingrg/kc/buy/cgsh_order_operate.html HTTP/1.1" 200 8245
116.232.195.127 - - [09/Jun/2023:08:44:40 +0800] "GET /xingrg/javascript/easyui/themes/default/validatebox.css HTTP/1.1" 404 1104
116.232.195.127 - - [09/Jun/2023:08:44:40 +0800] "GET /xingrg/all/common/auto_word.html?type=employee&rest_code=00155 HTTP/1.1" 200 205
116.232.195.127 - - [09/Jun/2023:08:44:40 +0800] "GET /xingrg/all/common/auto_word.html?type=employee&rest_code=00155 HTTP/1.1" 200 205
222.70.180.90 - - [09/Jun/2023:08:44:41 +0800] "GET /xingrg/check_reg.html?_=1686271478330 HTTP/1.1" 200 22
116.232.195.127 - - [09/Jun/2023:08:44:42 +0800] "GET /xingrg/javascript/auto/indicator.gif HTTP/1.1" 404 1066
116.232.195.127 - - [09/Jun/2023:08:44:50 +0800] "GET /xingrg/javascript/jquery_tools/images/prev.gif HTTP/1.1" 404 1086
116.232.195.127 - - [09/Jun/2023:08:44:50 +0800] "GET /xingrg/javascript/jquery_tools/images/next.gif HTTP/1.1" 404 1086
101.83.145.52 - - [09/Jun/2023:08:44:54 +0800] "GET /xingrg/all/function/internal_message.html?_=1686271493686&CODE_STATE=getMsg HTTP/1.1" 200 27
180.162.230.74 - - [09/Jun/2023:08:44:55 +0800] "GET /xingrg/all/function/internal_message.html?_=1686271495673&CODE_STATE=getMsg HTTP/1.1" 302 -
116.232.195.127 - - [09/Jun/2023:08:44:57 +0800] "GET /xingrg/kc/buy/cgsh_order_operate.html?command=get_materiel&rest_code=00155&code=00101009004&supplier_code=00100037&order_time=2023-06-09 HTTP/1.1" 200 409
101.83.145.52 - - [09/Jun/2023:08:44:58 +0800] "GET /xingrg/all/function/internal_message.html?_=1686271326304&CODE_STATE=getMsg HTTP/1.1" 200 27
101.83.145.52 - - [09/Jun/2023:08:44:58 +0800] "GET /xingrg/check_reg.html?_=1686271326307 HTTP/1.1" 200 22
222.67.234.146 - - [09/Jun/2023:08:45:03 +0800] "GET /xingrg/all/function/internal_message.html?_=1686271496743&CODE_STATE=getMsg HTTP/1.1" 200 27
120.253.135.82 - - [09/Jun/2023:08:45:12 +0800] "GET /xingrg/all/function/internal_message.html?_=1686271653327&CODE_STATE=getMsg HTTP/1.1" 200 27
116.232.195.127 - - [09/Jun/2023:08:45:13 +0800] "GET /xingrg/kc/buy/cgsh_order_operate.html?command=get_materiel&rest_code=00155&code=00101009079&supplier_code=00100037&order_time=2023-06-09 HTTP/1.1" 200 409
116.232.195.127 - - [09/Jun/2023:08:45:16 +0800] "GET /xingrg/all/function/internal_message.html?_=1686271535996&CODE_STATE=getMsg HTTP/1.1" 200 27
101.83.145.52 - - [09/Jun/2023:08:45:18 +0800] "GET /xingrg/kc/buy/cgsh_order_operate.html?command=get_materiel&rest_code=00105&code=00101008114&supplier_code=00100203&order_time=2023-06-09 HTTP/1.1" 200 413
116.232.195.127 - - [09/Jun/2023:08:45:20 +0800] "GET /xingrg/kc/buy/cgsh_order_operate.html?command=get_materiel&rest_code=00155&code=00101009113&supplier_code=00100037&order_time=2023-06-09 HTTP/1.1" 200 412
116.232.195.127 - - [09/Jun/2023:08:45:22 +0800] "GET /xingrg/index.html?sysBaseUrl=http%3A%2F%2F180.169.147.146%3A18081%2Fxingrg%2F&costTime=1277×tamp=1606817596806 HTTP/1.1" 200 17179
116.232.195.127 - - [09/Jun/2023:08:45:22 +0800] "GET /xingrg/all/function/internal_message.html?_=1686271542524&CODE_STATE=count HTTP/1.1" 200 11
116.232.195.127 - - [09/Jun/2023:08:45:22 +0800] "GET /xingrg/check_reg.html?_=1686271542526 HTTP/1.1" 200 22
116.232.195.127 - - [09/Jun/2023:08:45:22 +0800] "GET /favicon.ico HTTP/1.1" 404 -
116.232.195.127 - - [09/Jun/2023:08:45:22 +0800] "POST /xingrg/all/common/load_tree.html?tree=area_rest_tree_json&manage=1 HTTP/1.1" 200 479
116.232.195.127 - - [09/Jun/2023:08:45:22 +0800] "POST /xingrg/load_menu.html HTTP/1.1" 200 5138
101.83.145.52 - - [09/Jun/2023:08:45:26 +0800] "GET /xingrg/kc/buy/cgsh_order_operate.html?command=get_materiel&rest_code=00105&code=00101008738&supplier_code=00100203&order_time=2023-06-09 HTTP/1.1" 200 399
116.238.139.35 - - [09/Jun/2023:08:45:33 +0800] "GET /xingrg/check_reg.html?_=1686271532310 HTTP/1.1" 200 22
116.238.139.35 - - [09/Jun/2023:08:45:33 +0800] "GET /xingrg/all/function/internal_message.html?_=1686271532313&CODE_STATE=getMsg HTTP/1.1" 200 27
116.232.195.127 - - [09/Jun/2023:08:45:34 +0800] "GET /xingrg/kc/buy/cgsh_order_operate.html?command=get_materiel&rest_code=00155&code=00101019969&supplier_code=00100037&order_time=2023-06-09 HTTP/1.1" 200 414
172.20.0.100 - - [09/Jun/2023:08:45:39 +0800] "GET /xingrg/all/function/internal_message.html?_=1686271551215&CODE_STATE=getMsg HTTP/1.1" 200 27
101.83.145.52 - - [09/Jun/2023:08:45:39 +0800] "GET /xingrg/kc/buy/cgsh_order_operate.html?command=get_materiel&rest_code=00105&code=00101008261&supplier_code=00100203&order_time=2023-06-09 HTTP/1.1" 200 408
222.70.244.39 - - [09/Jun/2023:08:45:39 +0800] "GET /xingrg/all/function/internal_message.html?_=1686271524281&CODE_STATE=getMsg HTTP/1.1" 200 27
116.232.195.127 - - [09/Jun/2023:08:45:44 +0800] "GET /xingrg/kc/buy/cgsh_order_operate.html?command=get_materiel&rest_code=00155&code=00101009161&supplier_code=00100037&order_time=2023-06-09 HTTP/1.1" 200 417
116.232.35.164 - - [09/Jun/2023:08:45:47 +0800] "POST /xingrg/services/DataTransmitService HTTP/1.1" 200 524
120.253.135.82 - - [09/Jun/2023:08:45:51 +0800] "POST /xingrg/kc/pszx/mdps_order_operate.html HTTP/1.1" 200 37
116.232.195.127 - - [09/Jun/2023:08:45:51 +0800] "GET /xingrg/kc/buy/cgsh_order_operate.html?command=get_materiel&rest_code=00155&code=00101013017&supplier_code=00100037&order_time=2023-06-09 HTTP/1.1" 200 413
101.83.145.52 - - [09/Jun/2023:08:45:52 +0800] "GET /xingrg/kc/buy/cgsh_order_operate.html?command=get_materiel&rest_code=00105&code=00101008502&supplier_code=00100203&order_time=2023-06-09 HTTP/1.1" 200 412
101.83.145.52 - - [09/Jun/2023:08:45:54 +0800] "GET /xingrg/all/function/internal_message.html?_=1686271553703&CODE_STATE=getMsg HTTP/1.1" 200 27
120.253.135.82 - - [09/Jun/2023:08:45:55 +0800] "POST /xingrg/kc/pszx/mdps_order_operate.html HTTP/1.1" 200 12
180.162.230.74 - - [09/Jun/2023:08:45:55 +0800] "GET /xingrg/all/function/internal_message.html?_=1686271555655&CODE_STATE=getMsg HTTP/1.1" 302 -
101.83.145.52 - - [09/Jun/2023:08:45:58 +0800] "GET /xingrg/all/function/internal_message.html?_=1686271386292&CODE_STATE=getMsg HTTP/1.1" 200 27
120.253.135.82 - - [09/Jun/2023:08:46:00 +0800] "GET /xingrg/kc/pszx/mdps_order_info.html?code=312023060900174 HTTP/1.1" 200 19634
120.253.135.82 - - [09/Jun/2023:08:46:01 +0800] "GET /xingrg/javascript/easyui/themes/icons/print.png HTTP/1.1" 304 -
120.253.135.82 - - [09/Jun/2023:08:46:01 +0800] "GET /xingrg/javascript/easyui/themes/default/images/menu_downarrow.png HTTP/1.1" 304 -
120.253.135.82 - - [09/Jun/2023:08:46:01 +0800] "GET /xingrg/javascript/easyui/themes/icons/cancel.png HTTP/1.1" 304 -
120.253.135.82 - - [09/Jun/2023:08:46:01 +0800] "GET /xingrg/javascript/easyui/themes/default/validatebox.css HTTP/1.1" 404 1104
120.253.135.82 - - [09/Jun/2023:08:46:01 +0800] "POST /xingrg/kc/pszx/mdps_order_operate.html HTTP/1.1" 200 514
120.253.135.82 - - [09/Jun/2023:08:46:01 +0800] "GET /xingrg/javascript/easyui/themes/icons/edit_remove.png HTTP/1.1" 304 -
101.83.145.52 - - [09/Jun/2023:08:46:01 +0800] "GET /xingrg/kc/buy/cgsh_order_operate.html?command=get_materiel&rest_code=00105&code=00101008118&supplier_code=00100203&order_time=2023-06-09 HTTP/1.1" 200 418
222.67.234.146 - - [09/Jun/2023:08:46:03 +0800] "GET /xingrg/all/function/internal_message.html?_=1686271556757&CODE_STATE=getMsg HTTP/1.1" 200 27
120.253.135.82 - - [09/Jun/2023:08:46:08 +0800] "POST /xingrg/kc/pszx/mdps_list_operate.html HTTP/1.1" 200 4639
101.83.145.52 - - [09/Jun/2023:08:46:08 +0800] "GET /xingrg/kc/buy/cgsh_order_operate.html?command=get_materiel&rest_code=00105&code=00101008003&supplier_code=00100203&order_time=2023-06-09 HTTP/1.1" 200 408
101.83.145.52 - - [09/Jun/2023:08:46:11 +0800] "POST /xingrg/kc/buy/cgsh_order_operate.html HTTP/1.1" 200 2065
120.253.135.82 - - [09/Jun/2023:08:46:12 +0800] "GET /xingrg/all/function/internal_message.html?_=1686271713332&CODE_STATE=getMsg HTTP/1.1" 200 27
101.83.145.52 - - [09/Jun/2023:08:46:12 +0800] "POST /xingrg/kc/buy/cgsh_order_operate.html HTTP/1.1" 200 2065
101.83.145.52 - - [09/Jun/2023:08:46:14 +0800] "POST /xingrg/kc/buy/cgsh_order_operate.html HTTP/1.1" 200 2065
116.232.195.127 - - [09/Jun/2023:08:46:16 +0800] "GET /xingrg/all/function/internal_message.html?_=1686271596001&CODE_STATE=getMsg HTTP/1.1" 200 27
120.253.135.82 - - [09/Jun/2023:08:46:22 +0800] "GET /xingrg/kc/pszx/mdqp_order_list.html?state=10 HTTP/1.1" 200 10275
120.253.135.82 - - [09/Jun/2023:08:46:22 +0800] "GET /xingrg/css/blue.css HTTP/1.1" 304 -
120.253.135.82 - - [09/Jun/2023:08:46:22 +0800] "GET /xingrg/dwr/interface/AjaxQqpsService.js HTTP/1.1" 200 16326
120.253.135.82 - - [09/Jun/2023:08:46:22 +0800] "GET /xingrg/dwr/util.js HTTP/1.1" 304 -
120.253.135.82 - - [09/Jun/2023:08:46:22 +0800] "GET /xingrg/javascript/Calendar.js HTTP/1.1" 304 -
120.253.135.82 - - [09/Jun/2023:08:46:22 +0800] "GET /xingrg/dwr/engine.js HTTP/1.1" 200 43631
120.253.135.82 - - [09/Jun/2023:08:46:22 +0800] "GET /xingrg/dwr/interface/AjaxReportQueryService.js HTTP/1.1" 200 13203
120.253.135.82 - - [09/Jun/2023:08:46:22 +0800] "GET /xingrg/javascript/jquery_easy_ui/themes/icon.css HTTP/1.1" 304 -
120.253.135.82 - - [09/Jun/2023:08:46:22 +0800] "GET /xingrg/javascript/jquery_easy_ui/themes/default/easyui.css HTTP/1.1" 304 -
101.83.145.52 - - [09/Jun/2023:08:46:22 +0800] "GET /xingrg/kc/buy/cgsh_order_operate.html?command=get_materiel&rest_code=00105&code=00101008141&supplier_code=00100203&order_time=2023-06-09 HTTP/1.1" 200 412
120.253.135.82 - - [09/Jun/2023:08:46:22 +0800] "GET /xingrg/javascript/jquery_easy_ui/themes/icons/check_new.png HTTP/1.1" 304 -
120.253.135.82 - - [09/Jun/2023:08:46:22 +0800] "GET /xingrg/javascript/jquery_easy_ui/themes/icons/back_new.png HTTP/1.1" 304 -
120.253.135.82 - - [09/Jun/2023:08:46:22 +0800] "GET /xingrg/javascript/jquery_easy_ui/themes/icons/uncheck_new.png HTTP/1.1" 304 -
120.253.135.82 - - [09/Jun/2023:08:46:25 +0800] "GET /xingrg/javascript/jquery_easy_ui/themes/default/images/button_plain_hover.png HTTP/1.1" 304 -
120.253.135.82 - - [09/Jun/2023:08:46:26 +0800] "GET /xingrg/kc/pszx/ps_main.html?isBack=1 HTTP/1.1" 200 13401
