101.83.145.52 - - [09/Jun/2023:09:41:58 +0800] "GET /xingrg/all/function/internal_message.html?_=1686274746367&CODE_STATE=getMsg HTTP/1.1" 200 27
222.70.180.90 - - [09/Jun/2023:09:42:02 +0800] "GET /xingrg/all/function/internal_message.html?_=1686274919180&CODE_STATE=getMsg HTTP/1.1" 200 27
222.67.234.146 - - [09/Jun/2023:09:42:03 +0800] "GET /xingrg/all/function/internal_message.html?_=1686274916752&CODE_STATE=getMsg HTTP/1.1" 200 27
222.67.234.146 - - [09/Jun/2023:09:42:05 +0800] "GET /xingrg/kc/buy/cgsh_order_operate.html?command=get_materiel&rest_code=00141&code=00101016030&supplier_code=00100036&order_time=2023-06-09 HTTP/1.1" 200 412
180.169.147.146 - - [09/Jun/2023:09:42:05 +0800] "GET /xingrg/all/function/internal_message.html?_=1686274925542&CODE_STATE=getMsg HTTP/1.1" 200 27
114.83.220.236 - - [09/Jun/2023:09:42:06 +0800] "GET /xingrg/all/function/internal_message.html?_=1686275030796&CODE_STATE=getMsg HTTP/1.1" 200 27
101.83.241.135 - - [09/Jun/2023:09:42:07 +0800] "GET /xingrg/all/function/internal_message.html?_=1686274921992&CODE_STATE=getMsg HTTP/1.1" 200 27
180.162.230.74 - - [09/Jun/2023:09:42:08 +0800] "GET /xingrg/all/function/internal_message.html?_=1686274928149&CODE_STATE=getMsg HTTP/1.1" 200 27
116.238.139.35 - - [09/Jun/2023:09:42:11 +0800] "GET /xingrg/all/function/internal_message.html?_=1686274828100&CODE_STATE=getMsg HTTP/1.1" 200 27
116.237.75.166 - - [09/Jun/2023:09:42:13 +0800] "GET /xingrg/all/function/internal_message.html?_=1686274933685&CODE_STATE=getMsg HTTP/1.1" 200 27
116.232.195.127 - - [09/Jun/2023:09:42:16 +0800] "GET /xingrg/all/function/internal_message.html?_=1686274956000&CODE_STATE=getMsg HTTP/1.1" 200 27
114.85.113.108 - - [09/Jun/2023:09:42:21 +0800] "GET /xingrg/check_reg.html?_=1686274939009 HTTP/1.1" 200 22
222.67.234.146 - - [09/Jun/2023:09:42:23 +0800] "POST /xingrg/kc/buy/cgsh_order_operate.html HTTP/1.1" 200 37
180.169.147.146 - - [09/Jun/2023:09:42:30 +0800] "GET /xingrg/all/report/report_query.html?isQuery=1&fileName=kc/base/crk_detail_by_small.xml&rh=99999&queryString=&queryText=%25E3%2580%2590%25E4%25BB%2593%25E5%25BA%2593%25E5%2590%258D%25E7%25A7%25B0%253A%25E5%2590%25A7%25E5%258F%25B0%25E3%2580%2591%25E3%2580%2590%25E4%25B8%259A%25E5%258A%25A1%25E7%25B1%25BB%25E5%259E%258B%25EF%25BC%259A%25E5%2586%2585%25E9%2583%25A8%25E8%25B0%2583%25E5%2585%25A5%25E3%2580%2591%2520%253F%253F%253F%253F%253F2023-05-01%253F%253F2023-05-31%2520%253F%253F%253F%253F%253F%253F&tableQueryString=crk_table%2524sp1%2524order_day%2520between%252020230501%2520and%252020230531%2520and%2520(base_code%253D'0010354')%2520and%2520(src_order_type%2520in%2520(42))%2520and%2520(is_rk%2520in%2520(1)) HTTP/1.1" 200 53776
222.67.234.146 - - [09/Jun/2023:09:42:30 +0800] "POST /xingrg/kc/buy/cgsh_order_operate.html HTTP/1.1" 200 12
180.169.147.146 - - [09/Jun/2023:09:42:30 +0800] "GET /xingrg/dwr/interface/AjaxReportQueryService.js HTTP/1.1" 200 13203
180.169.147.146 - - [09/Jun/2023:09:42:30 +0800] "GET /xingrg/dwr/engine.js HTTP/1.1" 200 43631
180.169.147.146 - - [09/Jun/2023:09:42:31 +0800] "POST /xingrg/all/report/load_report_page.html HTTP/1.1" 200 11717
180.169.147.146 - - [09/Jun/2023:09:42:31 +0800] "GET /xingrg/servlets/image?cache=0.8863759713448606&image=px HTTP/1.1" 200 807
222.67.234.146 - - [09/Jun/2023:09:42:31 +0800] "GET /xingrg/all/function/internal_message.html?_=1686274452578&CODE_STATE=getMsg HTTP/1.1" 200 27
222.67.234.146 - - [09/Jun/2023:09:42:32 +0800] "GET /xingrg/kc/buy/cgsh_order_info.html?code=212023060902972 HTTP/1.1" 200 66547
222.67.234.146 - - [09/Jun/2023:09:42:32 +0800] "GET /xingrg/javascript/easyui/themes/default/validatebox.css HTTP/1.1" 404 1104
180.169.147.146 - - [09/Jun/2023:09:42:33 +0800] "POST /xingrg/all/report/load_report_page.html HTTP/1.1" 200 16019
180.169.147.146 - - [09/Jun/2023:09:42:33 +0800] "GET /xingrg/servlets/image?cache=0.8765588549489882&image=px HTTP/1.1" 200 807
222.67.234.146 - - [09/Jun/2023:09:42:33 +0800] "POST /xingrg/kc/buy/cgsh_order_operate.html HTTP/1.1" 200 4776
222.67.234.146 - - [09/Jun/2023:09:42:34 +0800] "GET /xingrg/kc/print/load_data.html?order_code=212023060902972&kc_code=cgsh&condition= HTTP/1.1" 200 2384
116.237.75.166 - - [09/Jun/2023:09:42:35 +0800] "GET /xingrg/check_reg.html?_=1686274954944 HTTP/1.1" 200 22
101.229.22.40 - - [09/Jun/2023:09:42:36 +0800] "GET /xingrg/check_reg.html?_=1686274955423 HTTP/1.1" 200 22
101.229.22.40 - - [09/Jun/2023:09:42:36 +0800] "GET /xingrg/all/function/internal_message.html?_=1686274955426&CODE_STATE=getMsg HTTP/1.1" 200 27
116.238.139.35 - - [09/Jun/2023:09:42:37 +0800] "GET /xingrg/check_reg.html?_=1686274956162 HTTP/1.1" 200 22
116.238.139.35 - - [09/Jun/2023:09:42:37 +0800] "GET /xingrg/all/function/internal_message.html?_=1686274956168&CODE_STATE=getMsg HTTP/1.1" 200 27
222.67.234.146 - - [09/Jun/2023:09:42:38 +0800] "GET /xingrg/kc/buy/cgsh_order_add.html HTTP/1.1" 200 71636
172.20.0.100 - - [09/Jun/2023:09:42:39 +0800] "GET /xingrg/all/function/internal_message.html?_=1686274971267&CODE_STATE=getMsg HTTP/1.1" 302 -
172.20.0.100 - - [09/Jun/2023:09:42:39 +0800] "GET /xingrg/check_reg.html?_=1686274971268 HTTP/1.1" 302 -
222.67.234.146 - - [09/Jun/2023:09:42:39 +0800] "POST /xingrg/kc/buy/cgsh_order_operate.html HTTP/1.1" 200 8245
222.67.234.146 - - [09/Jun/2023:09:42:39 +0800] "GET /xingrg/javascript/easyui/themes/default/validatebox.css HTTP/1.1" 404 1104
180.169.147.146 - - [09/Jun/2023:09:42:42 +0800] "GET /xingrg/all/function/internal_message.html?_=1686274958435&CODE_STATE=getMsg HTTP/1.1" 200 27
180.169.147.146 - - [09/Jun/2023:09:42:42 +0800] "GET /xingrg/check_reg.html?_=1686274958442 HTTP/1.1" 200 22
101.229.22.40 - - [09/Jun/2023:09:42:42 +0800] "GET /xingrg/kc/base/wldb_order_list.html HTTP/1.1" 200 19104
101.229.22.40 - - [09/Jun/2023:09:42:43 +0800] "POST /xingrg/kc/base/wldb_list_operate.html HTTP/1.1" 200 928
222.70.180.90 - - [09/Jun/2023:09:42:46 +0800] "GET /xingrg/check_reg.html?_=1686274999241 HTTP/1.1" 200 22
116.237.75.166 - - [09/Jun/2023:09:42:46 +0800] "GET /xingrg/all/function/internal_message.html?_=1686274966117&CODE_STATE=getMsg HTTP/1.1" 200 27
222.70.244.39 - - [09/Jun/2023:09:42:47 +0800] "GET /xingrg/all/function/internal_message.html?_=1686274952542&CODE_STATE=getMsg HTTP/1.1" 200 27
101.229.22.40 - - [09/Jun/2023:09:42:48 +0800] "POST /xingrg/kc/base/wldb_list_operate.html HTTP/1.1" 200 6257
222.67.234.146 - - [09/Jun/2023:09:42:52 +0800] "GET /xingrg/kc/buy/cgsh_order_operate.html?command=get_materiel&rest_code=00141&code=00101001239&supplier_code=00100040&order_time=2023-06-09 HTTP/1.1" 200 406
101.83.145.52 - - [09/Jun/2023:09:42:54 +0800] "GET /xingrg/all/function/internal_message.html?_=1686274973643&CODE_STATE=getMsg HTTP/1.1" 200 27
222.70.114.12 - - [09/Jun/2023:09:42:54 +0800] "GET /xingrg/all/function/internal_message.html?_=1686274979956&CODE_STATE=getMsg HTTP/1.1" 200 27
180.164.3.199 - - [09/Jun/2023:09:42:54 +0800] "GET /xingrg/all/function/internal_message.html?_=1686274974784&CODE_STATE=getMsg HTTP/1.1" 200 27
101.83.145.52 - - [09/Jun/2023:09:42:58 +0800] "GET /xingrg/all/function/internal_message.html?_=1686274806367&CODE_STATE=getMsg HTTP/1.1" 200 27
222.70.180.90 - - [09/Jun/2023:09:43:02 +0800] "GET /xingrg/all/function/internal_message.html?_=1686274979180&CODE_STATE=getMsg HTTP/1.1" 200 27
222.67.234.146 - - [09/Jun/2023:09:43:03 +0800] "GET /xingrg/all/function/internal_message.html?_=1686274976745&CODE_STATE=getMsg HTTP/1.1" 200 27
222.67.234.146 - - [09/Jun/2023:09:43:03 +0800] "GET /xingrg/check_reg.html?_=1686274976749 HTTP/1.1" 200 22
222.67.234.146 - - [09/Jun/2023:09:43:04 +0800] "GET /xingrg/kc/buy/cgsh_order_operate.html?command=get_materiel&rest_code=00141&code=00101001069&supplier_code=00100040&order_time=2023-06-09 HTTP/1.1" 200 409
180.169.147.146 - - [09/Jun/2023:09:43:05 +0800] "GET /xingrg/all/function/internal_message.html?_=1686274985550&CODE_STATE=getMsg HTTP/1.1" 200 27
114.83.220.236 - - [09/Jun/2023:09:43:06 +0800] "GET /xingrg/all/function/internal_message.html?_=1686275090794&CODE_STATE=getMsg HTTP/1.1" 200 27
101.83.241.135 - - [09/Jun/2023:09:43:07 +0800] "GET /xingrg/all/function/internal_message.html?_=1686274981992&CODE_STATE=getMsg HTTP/1.1" 200 27
180.162.230.74 - - [09/Jun/2023:09:43:08 +0800] "GET /xingrg/all/function/internal_message.html?_=1686274988130&CODE_STATE=getMsg HTTP/1.1" 200 27
116.238.139.35 - - [09/Jun/2023:09:43:11 +0800] "GET /xingrg/all/function/internal_message.html?_=1686274888146&CODE_STATE=getMsg HTTP/1.1" 200 27
222.67.234.146 - - [09/Jun/2023:09:43:12 +0800] "GET /xingrg/kc/buy/cgsh_order_operate.html?command=get_materiel&rest_code=00141&code=00101005036&supplier_code=00100040&order_time=2023-06-09 HTTP/1.1" 200 409
116.237.75.166 - - [09/Jun/2023:09:43:13 +0800] "GET /xingrg/all/function/internal_message.html?_=1686274993683&CODE_STATE=getMsg HTTP/1.1" 200 27
116.232.195.127 - - [09/Jun/2023:09:43:16 +0800] "GET /xingrg/all/function/internal_message.html?_=1686275015990&CODE_STATE=getMsg HTTP/1.1" 200 27
101.229.22.40 - - [09/Jun/2023:09:43:28 +0800] "POST /xingrg/kc/base/wldb_list_operate.html HTTP/1.1" 200 605
101.229.22.40 - - [09/Jun/2023:09:43:29 +0800] "GET /xingrg/kc/base/wldb_order_info.html?code=422023060400342 HTTP/1.1" 200 26267
101.229.22.40 - - [09/Jun/2023:09:43:30 +0800] "GET /xingrg/javascript/easyui/themes/default/validatebox.css HTTP/1.1" 404 1104
101.229.22.40 - - [09/Jun/2023:09:43:30 +0800] "POST /xingrg/kc/base/wldb_order_operate.html HTTP/1.1" 200 3291
222.67.234.146 - - [09/Jun/2023:09:43:31 +0800] "GET /xingrg/all/function/internal_message.html?_=1686274512593&CODE_STATE=getMsg HTTP/1.1" 200 27
101.229.22.40 - - [09/Jun/2023:09:43:36 +0800] "GET /xingrg/all/function/internal_message.html?_=1686275015429&CODE_STATE=getMsg HTTP/1.1" 200 27
116.238.139.35 - - [09/Jun/2023:09:43:37 +0800] "GET /xingrg/all/function/internal_message.html?_=1686275016156&CODE_STATE=getMsg HTTP/1.1" 200 27
172.20.0.100 - - [09/Jun/2023:09:43:39 +0800] "GET /xingrg/all/function/internal_message.html?_=1686275031266&CODE_STATE=getMsg HTTP/1.1" 302 -
180.169.147.146 - - [09/Jun/2023:09:43:42 +0800] "GET /xingrg/all/function/internal_message.html?_=1686275018426&CODE_STATE=getMsg HTTP/1.1" 200 27
222.67.234.146 - - [09/Jun/2023:09:43:43 +0800] "GET /xingrg/kc/buy/cgsh_order_operate.html?command=get_materiel&rest_code=00141&code=00101001010&supplier_code=00100040&order_time=2023-06-09 HTTP/1.1" 200 409
222.70.244.39 - - [09/Jun/2023:09:43:47 +0800] "GET /xingrg/all/function/internal_message.html?_=1686275012998&CODE_STATE=getMsg HTTP/1.1" 200 27
120.253.135.82 - - [09/Jun/2023:09:43:53 +0800] "GET /xingrg/check_reg.html?_=1686274868339 HTTP/1.1" 200 22
101.83.145.52 - - [09/Jun/2023:09:43:54 +0800] "GET /xingrg/check_reg.html?_=1686275033643 HTTP/1.1" 200 22
101.83.145.52 - - [09/Jun/2023:09:43:54 +0800] "GET /xingrg/all/function/internal_message.html?_=1686275033647&CODE_STATE=getMsg HTTP/1.1" 200 27
222.70.114.12 - - [09/Jun/2023:09:43:54 +0800] "GET /xingrg/all/function/internal_message.html?_=1686275039955&CODE_STATE=getMsg HTTP/1.1" 200 27
180.164.3.199 - - [09/Jun/2023:09:43:54 +0800] "GET /xingrg/check_reg.html?_=1686275034790 HTTP/1.1" 200 22
180.164.3.199 - - [09/Jun/2023:09:43:54 +0800] "GET /xingrg/all/function/internal_message.html?_=1686275034794&CODE_STATE=getMsg HTTP/1.1" 200 27
222.67.234.146 - - [09/Jun/2023:09:43:56 +0800] "POST /xingrg/kc/buy/cgsh_order_operate.html HTTP/1.1" 200 37
116.237.75.166 - - [09/Jun/2023:09:43:58 +0800] "GET /xingrg/all/function/internal_message.html?_=1686275026107&CODE_STATE=getMsg HTTP/1.1" 200 27
101.83.145.52 - - [09/Jun/2023:09:43:58 +0800] "GET /xingrg/all/function/internal_message.html?_=1686274866367&CODE_STATE=getMsg HTTP/1.1" 200 27
222.70.180.90 - - [09/Jun/2023:09:44:02 +0800] "GET /xingrg/all/function/internal_message.html?_=1686275039180&CODE_STATE=getMsg HTTP/1.1" 200 27
222.67.234.146 - - [09/Jun/2023:09:44:03 +0800] "POST /xingrg/kc/buy/cgsh_order_operate.html HTTP/1.1" 200 12
222.67.234.146 - - [09/Jun/2023:09:44:03 +0800] "GET /xingrg/all/function/internal_message.html?_=1686275036744&CODE_STATE=getMsg HTTP/1.1" 200 27
222.67.234.146 - - [09/Jun/2023:09:44:05 +0800] "GET /xingrg/kc/buy/cgsh_order_info.html?code=212023060902973 HTTP/1.1" 200 66545
222.67.234.146 - - [09/Jun/2023:09:44:05 +0800] "GET /xingrg/javascript/easyui/themes/default/validatebox.css HTTP/1.1" 404 1104
180.169.147.146 - - [09/Jun/2023:09:44:05 +0800] "GET /xingrg/all/function/internal_message.html?_=1686275045552&CODE_STATE=getMsg HTTP/1.1" 200 27
222.67.234.146 - - [09/Jun/2023:09:44:06 +0800] "POST /xingrg/kc/buy/cgsh_order_operate.html HTTP/1.1" 200 2370
114.83.220.236 - - [09/Jun/2023:09:44:06 +0800] "GET /xingrg/all/function/internal_message.html?_=1686275150785&CODE_STATE=getMsg HTTP/1.1" 200 27
101.83.241.135 - - [09/Jun/2023:09:44:07 +0800] "GET /xingrg/all/function/internal_message.html?_=1686275042001&CODE_STATE=getMsg HTTP/1.1" 200 27
222.67.234.146 - - [09/Jun/2023:09:44:07 +0800] "GET /xingrg/kc/print/load_data.html?order_code=212023060902973&kc_code=cgsh&condition= HTTP/1.1" 200 1444
180.162.230.74 - - [09/Jun/2023:09:44:08 +0800] "GET /xingrg/all/function/internal_message.html?_=1686275048114&CODE_STATE=getMsg HTTP/1.1" 200 27
116.238.139.35 - - [09/Jun/2023:09:44:11 +0800] "GET /xingrg/all/function/internal_message.html?_=1686274948173&CODE_STATE=getMsg HTTP/1.1" 200 27
222.67.234.146 - - [09/Jun/2023:09:44:12 +0800] "GET /xingrg/kc/buy/cgsh_order_add.html HTTP/1.1" 200 71636
222.67.234.146 - - [09/Jun/2023:09:44:12 +0800] "POST /xingrg/kc/buy/cgsh_order_operate.html HTTP/1.1" 200 8245
222.67.234.146 - - [09/Jun/2023:09:44:12 +0800] "GET /xingrg/javascript/easyui/themes/default/validatebox.css HTTP/1.1" 404 1104
116.237.75.166 - - [09/Jun/2023:09:44:13 +0800] "GET /xingrg/check_reg.html?_=1686275053684 HTTP/1.1" 200 22
116.237.75.166 - - [09/Jun/2023:09:44:13 +0800] "GET /xingrg/all/function/internal_message.html?_=1686275053688&CODE_STATE=getMsg HTTP/1.1" 200 27
116.232.195.127 - - [09/Jun/2023:09:44:16 +0800] "GET /xingrg/all/function/internal_message.html?_=1686275075993&CODE_STATE=getMsg HTTP/1.1" 200 27
116.232.195.127 - - [09/Jun/2023:09:44:16 +0800] "GET /xingrg/check_reg.html?_=1686275075997 HTTP/1.1" 200 22
222.67.234.146 - - [09/Jun/2023:09:44:20 +0800] "GET /xingrg/kc/buy/cgsh_order_operate.html?command=get_materiel&rest_code=00141&code=00101007076&supplier_code=00100004&order_time=2023-06-09 HTTP/1.1" 200 408
222.67.234.146 - - [09/Jun/2023:09:44:31 +0800] "GET /xingrg/all/function/internal_message.html?_=1686274572582&CODE_STATE=getMsg HTTP/1.1" 200 27
222.67.234.146 - - [09/Jun/2023:09:44:33 +0800] "GET /xingrg/kc/buy/cgsh_order_operate.html?command=get_materiel&rest_code=00141&code=00101007071&supplier_code=00100004&order_time=2023-06-09 HTTP/1.1" 200 417
101.229.22.40 - - [09/Jun/2023:09:44:36 +0800] "GET /xingrg/all/function/internal_message.html?_=1686275075441&CODE_STATE=getMsg HTTP/1.1" 200 27
116.238.139.35 - - [09/Jun/2023:09:44:37 +0800] "GET /xingrg/all/function/internal_message.html?_=1686275076214&CODE_STATE=getMsg HTTP/1.1" 200 27
172.20.0.100 - - [09/Jun/2023:09:44:39 +0800] "GET /xingrg/all/function/internal_message.html?_=1686275091264&CODE_STATE=getMsg HTTP/1.1" 302 -
180.169.147.146 - - [09/Jun/2023:09:44:42 +0800] "GET /xingrg/all/function/internal_message.html?_=1686275078432&CODE_STATE=getMsg HTTP/1.1" 200 27
116.237.75.166 - - [09/Jun/2023:09:44:46 +0800] "GET /xingrg/all/function/internal_message.html?_=1686275086094&CODE_STATE=getMsg HTTP/1.1" 200 27
222.70.244.39 - - [09/Jun/2023:09:44:47 +0800] "GET /xingrg/all/function/internal_message.html?_=1686275073007&CODE_STATE=getMsg HTTP/1.1" 200 27
101.83.145.52 - - [09/Jun/2023:09:44:54 +0800] "GET /xingrg/all/function/internal_message.html?_=1686275093647&CODE_STATE=getMsg HTTP/1.1" 200 27
222.70.114.12 - - [09/Jun/2023:09:44:54 +0800] "GET /xingrg/all/function/internal_message.html?_=1686275099954&CODE_STATE=getMsg HTTP/1.1" 200 27
180.164.3.199 - - [09/Jun/2023:09:44:54 +0800] "GET /xingrg/all/function/internal_message.html?_=1686275094791&CODE_STATE=getMsg HTTP/1.1" 200 27
101.83.145.52 - - [09/Jun/2023:09:44:58 +0800] "GET /xingrg/all/function/internal_message.html?_=1686274926368&CODE_STATE=getMsg HTTP/1.1" 200 27
101.83.145.52 - - [09/Jun/2023:09:44:58 +0800] "GET /xingrg/check_reg.html?_=1686274926371 HTTP/1.1" 200 22
222.67.234.146 - - [09/Jun/2023:09:44:59 +0800] "GET /xingrg/kc/buy/cgsh_order_operate.html?command=get_materiel&rest_code=00141&code=00101007027&supplier_code=00100004&order_time=2023-06-09 HTTP/1.1" 200 421
222.70.180.90 - - [09/Jun/2023:09:45:02 +0800] "GET /xingrg/all/function/internal_message.html?_=1686275099180&CODE_STATE=getMsg HTTP/1.1" 200 27
222.67.234.146 - - [09/Jun/2023:09:45:03 +0800] "GET /xingrg/all/function/internal_message.html?_=1686275096748&CODE_STATE=getMsg HTTP/1.1" 200 27
180.169.147.146 - - [09/Jun/2023:09:45:05 +0800] "GET /xingrg/all/function/internal_message.html?_=1686275105550&CODE_STATE=getMsg HTTP/1.1" 200 27
114.83.220.236 - - [09/Jun/2023:09:45:06 +0800] "GET /xingrg/all/function/internal_message.html?_=1686275210800&CODE_STATE=getMsg HTTP/1.1" 200 27
101.83.241.135 - - [09/Jun/2023:09:45:07 +0800] "GET /xingrg/all/function/internal_message.html?_=1686275102001&CODE_STATE=getMsg HTTP/1.1" 200 27
180.162.230.74 - - [09/Jun/2023:09:45:08 +0800] "GET /xingrg/all/function/internal_message.html?_=1686275108105&CODE_STATE=getMsg HTTP/1.1" 200 27
222.67.234.146 - - [09/Jun/2023:09:45:09 +0800] "GET /xingrg/kc/buy/cgsh_order_operate.html?command=get_materiel&rest_code=00141&code=00101007081&supplier_code=00100004&order_time=2023-06-09 HTTP/1.1" 200 413
116.238.139.35 - - [09/Jun/2023:09:45:11 +0800] "GET /xingrg/check_reg.html?_=1686275007433 HTTP/1.1" 200 22
116.238.139.35 - - [09/Jun/2023:09:45:11 +0800] "GET /xingrg/all/function/internal_message.html?_=1686275008187&CODE_STATE=getMsg HTTP/1.1" 200 27
116.237.75.166 - - [09/Jun/2023:09:45:13 +0800] "GET /xingrg/all/function/internal_message.html?_=1686275113679&CODE_STATE=getMsg HTTP/1.1" 200 27
116.232.195.127 - - [09/Jun/2023:09:45:16 +0800] "GET /xingrg/all/function/internal_message.html?_=1686275135985&CODE_STATE=getMsg HTTP/1.1" 200 27
180.164.3.199 - - [09/Jun/2023:09:45:18 +0800] "GET /xingrg/javascript/jquery_tools/images/prev.gif HTTP/1.1" 404 1086
180.164.3.199 - - [09/Jun/2023:09:45:18 +0800] "GET /xingrg/javascript/jquery_tools/images/next.gif HTTP/1.1" 404 1086
180.164.3.199 - - [09/Jun/2023:09:45:30 +0800] "GET /xingrg/kc/buy/cgsh_order_operate.html?command=get_materiel&rest_code=00108&code=00101007061&supplier_code=00100002&order_time=2023-06-09 HTTP/1.1" 200 409
222.67.234.146 - - [09/Jun/2023:09:45:31 +0800] "GET /xingrg/all/function/internal_message.html?_=1686274632602&CODE_STATE=getMsg HTTP/1.1" 200 27
101.229.22.40 - - [09/Jun/2023:09:45:36 +0800] "GET /xingrg/all/function/internal_message.html?_=1686275135441&CODE_STATE=getMsg HTTP/1.1" 200 27
116.238.139.35 - - [09/Jun/2023:09:45:37 +0800] "GET /xingrg/all/function/internal_message.html?_=1686275136199&CODE_STATE=getMsg HTTP/1.1" 200 27
101.83.241.135 - - [09/Jun/2023:09:45:38 +0800] "POST /xingrg/services/DataTransmitService HTTP/1.1" 200 524
172.20.0.100 - - [09/Jun/2023:09:45:39 +0800] "GET /xingrg/all/function/internal_message.html?_=1686275151278&CODE_STATE=getMsg HTTP/1.1" 302 -
222.67.234.146 - - [09/Jun/2023:09:45:40 +0800] "GET /xingrg/kc/buy/cgsh_order_operate.html?command=get_materiel&rest_code=00141&code=00101007077&supplier_code=00100004&order_time=2023-06-09 HTTP/1.1" 200 415
180.169.147.146 - - [09/Jun/2023:09:45:42 +0800] "GET /xingrg/all/function/internal_message.html?_=1686275138437&CODE_STATE=getMsg HTTP/1.1" 200 27
180.163.28.143 - - [09/Jun/2023:09:45:46 +0800] "GET /xingrg/all/function/internal_message.html?_=1686275086094&CODE_STATE=getMsg HTTP/1.1" 302 -
180.163.28.143 - - [09/Jun/2023:09:45:46 +0800] "GET /xingrg/login.html HTTP/1.1" 200 7641
116.237.75.166 - - [09/Jun/2023:09:45:46 +0800] "GET /xingrg/all/function/internal_message.html?_=1686275146062&CODE_STATE=getMsg HTTP/1.1" 200 27
222.70.244.39 - - [09/Jun/2023:09:45:48 +0800] "GET /xingrg/all/function/internal_message.html?_=1686275133423&CODE_STATE=getMsg HTTP/1.1" 200 27
222.67.234.146 - - [09/Jun/2023:09:45:52 +0800] "POST /xingrg/kc/buy/cgsh_order_operate.html HTTP/1.1" 200 37
101.83.145.52 - - [09/Jun/2023:09:45:54 +0800] "GET /xingrg/all/function/internal_message.html?_=1686275153673&CODE_STATE=getMsg HTTP/1.1" 200 27
222.70.114.12 - - [09/Jun/2023:09:45:54 +0800] "GET /xingrg/all/function/internal_message.html?_=1686275159953&CODE_STATE=getMsg HTTP/1.1" 200 27
222.70.114.12 - - [09/Jun/2023:09:45:54 +0800] "GET /xingrg/check_reg.html?_=1686275159955 HTTP/1.1" 200 22
180.164.3.199 - - [09/Jun/2023:09:45:54 +0800] "GET /xingrg/all/function/internal_message.html?_=1686275154787&CODE_STATE=getMsg HTTP/1.1" 200 27
222.70.244.39 - - [09/Jun/2023:09:45:55 +0800] "POST /xingrg/services/DataTransmitService HTTP/1.1" 200 524
222.70.244.39 - - [09/Jun/2023:09:45:57 +0800] "POST /xingrg/services/DataTransmitService HTTP/1.1" 200 2335
222.70.244.39 - - [09/Jun/2023:09:45:58 +0800] "POST /xingrg/services/DataTransmitService HTTP/1.1" 200 169472
101.83.145.52 - - [09/Jun/2023:09:45:58 +0800] "GET /xingrg/all/function/internal_message.html?_=1686274986398&CODE_STATE=getMsg HTTP/1.1" 200 27
180.164.3.199 - - [09/Jun/2023:09:45:59 +0800] "GET /xingrg/kc/buy/cgsh_order_operate.html?command=get_materiel&rest_code=00108&code=00101007081&supplier_code=00100002&order_time=2023-06-09 HTTP/1.1" 200 413
222.70.180.90 - - [09/Jun/2023:09:46:02 +0800] "GET /xingrg/all/function/internal_message.html?_=1686275159180&CODE_STATE=getMsg HTTP/1.1" 200 27
222.70.180.90 - - [09/Jun/2023:09:46:02 +0800] "GET /xingrg/check_reg.html?_=1686275159182 HTTP/1.1" 200 22
222.67.234.146 - - [09/Jun/2023:09:46:03 +0800] "GET /xingrg/all/function/internal_message.html?_=1686275156736&CODE_STATE=getMsg HTTP/1.1" 200 27
222.67.234.146 - - [09/Jun/2023:09:46:03 +0800] "POST /xingrg/kc/buy/cgsh_order_operate.html HTTP/1.1" 200 12
180.169.147.146 - - [09/Jun/2023:09:46:05 +0800] "GET /xingrg/all/function/internal_message.html?_=1686275165561&CODE_STATE=getMsg HTTP/1.1" 200 27
180.169.147.146 - - [09/Jun/2023:09:46:05 +0800] "GET /xingrg/check_reg.html?_=1686275165564 HTTP/1.1" 200 22
222.67.234.146 - - [09/Jun/2023:09:46:06 +0800] "GET /xingrg/kc/buy/cgsh_order_info.html?code=212023060902974 HTTP/1.1" 200 66545
222.67.234.146 - - [09/Jun/2023:09:46:06 +0800] "GET /xingrg/javascript/easyui/themes/default/validatebox.css HTTP/1.1" 404 1104
114.83.220.236 - - [09/Jun/2023:09:46:06 +0800] "GET /xingrg/check_reg.html?_=1686275270795 HTTP/1.1" 200 22
114.83.220.236 - - [09/Jun/2023:09:46:06 +0800] "GET /xingrg/all/function/internal_message.html?_=1686275270798&CODE_STATE=getMsg HTTP/1.1" 200 27
222.67.234.146 - - [09/Jun/2023:09:46:07 +0800] "POST /xingrg/kc/buy/cgsh_order_operate.html HTTP/1.1" 200 2984
101.83.241.135 - - [09/Jun/2023:09:46:07 +0800] "GET /xingrg/check_reg.html?_=1686275162010 HTTP/1.1" 200 22
101.83.241.135 - - [09/Jun/2023:09:46:07 +0800] "GET /xingrg/all/function/internal_message.html?_=1686275162016&CODE_STATE=getMsg HTTP/1.1" 200 27
180.162.230.74 - - [09/Jun/2023:09:46:08 +0800] "GET /xingrg/all/function/internal_message.html?_=1686275168105&CODE_STATE=getMsg HTTP/1.1" 200 27
180.162.230.74 - - [09/Jun/2023:09:46:08 +0800] "GET /xingrg/check_reg.html?_=1686275168721 HTTP/1.1" 200 22
222.67.234.146 - - [09/Jun/2023:09:46:08 +0800] "GET /xingrg/kc/print/load_data.html?order_code=212023060902974&kc_code=cgsh&condition= HTTP/1.1" 200 1676
116.238.139.35 - - [09/Jun/2023:09:46:11 +0800] "GET /xingrg/all/function/internal_message.html?_=1686275068201&CODE_STATE=getMsg HTTP/1.1" 200 27
222.67.234.146 - - [09/Jun/2023:09:46:12 +0800] "GET /xingrg/kc/buy/cgsh_order_add.html HTTP/1.1" 200 71636
222.67.234.146 - - [09/Jun/2023:09:46:12 +0800] "POST /xingrg/kc/buy/cgsh_order_operate.html HTTP/1.1" 200 8245
222.67.234.146 - - [09/Jun/2023:09:46:12 +0800] "GET /xingrg/javascript/easyui/themes/default/validatebox.css HTTP/1.1" 404 1104
116.237.75.166 - - [09/Jun/2023:09:46:13 +0800] "GET /xingrg/all/function/internal_message.html?_=1686275173678&CODE_STATE=getMsg HTTP/1.1" 200 27
116.232.195.127 - - [09/Jun/2023:09:46:16 +0800] "GET /xingrg/all/function/internal_message.html?_=1686275196007&CODE_STATE=getMsg HTTP/1.1" 200 27
101.229.22.40 - - [09/Jun/2023:09:46:20 +0800] "POST /xingrg/kc/base/wldb_list_operate.html HTTP/1.1" 200 607
222.67.234.146 - - [09/Jun/2023:09:46:21 +0800] "GET /xingrg/kc/buy/cgsh_order_operate.html?command=get_materiel&rest_code=00141&code=00102013003&supplier_code=00100075&order_time=2023-06-09 HTTP/1.1" 200 409
222.67.234.146 - - [09/Jun/2023:09:46:31 +0800] "GET /xingrg/kc/buy/cgsh_order_operate.html?command=get_materiel&rest_code=00141&code=00102003086&supplier_code=00100075&order_time=2023-06-09 HTTP/1.1" 200 409
101.229.22.40 - - [09/Jun/2023:09:46:31 +0800] "GET /xingrg/kc/base/yddb_order_list.html HTTP/1.1" 200 16710
222.67.234.146 - - [09/Jun/2023:09:46:31 +0800] "GET /xingrg/check_reg.html?_=1686274692594 HTTP/1.1" 200 22
222.67.234.146 - - [09/Jun/2023:09:46:31 +0800] "GET /xingrg/all/function/internal_message.html?_=1686274692597&CODE_STATE=getMsg HTTP/1.1" 200 27
101.229.22.40 - - [09/Jun/2023:09:46:32 +0800] "POST /xingrg/kc/base/yddb_list_operate.html HTTP/1.1" 200 1345
101.229.22.40 - - [09/Jun/2023:09:46:36 +0800] "GET /xingrg/all/function/internal_message.html?_=1686275195443&CODE_STATE=getMsg HTTP/1.1" 200 27
116.238.139.35 - - [09/Jun/2023:09:46:37 +0800] "GET /xingrg/all/function/internal_message.html?_=1686275196170&CODE_STATE=getMsg HTTP/1.1" 200 27
222.67.234.146 - - [09/Jun/2023:09:46:38 +0800] "GET /xingrg/kc/buy/cgsh_order_operate.html?command=get_materiel&rest_code=00141&code=00102003284&supplier_code=00100075&order_time=2023-06-09 HTTP/1.1" 200 408
172.20.0.100 - - [09/Jun/2023:09:46:39 +0800] "GET /xingrg/all/function/internal_message.html?_=1686275211277&CODE_STATE=getMsg HTTP/1.1" 302 -
222.70.244.39 - - [09/Jun/2023:09:46:39 +0800] "GET /xingrg/check_reg.html?_=1686275184535 HTTP/1.1" 200 22
180.169.147.146 - - [09/Jun/2023:09:46:42 +0800] "GET /xingrg/all/function/internal_message.html?_=1686275198452&CODE_STATE=getMsg HTTP/1.1" 200 27
116.237.75.166 - - [09/Jun/2023:09:46:46 +0800] "GET /xingrg/all/function/internal_message.html?_=1686275206039&CODE_STATE=getMsg HTTP/1.1" 200 27
222.70.244.39 - - [09/Jun/2023:09:46:48 +0800] "GET /xingrg/all/function/internal_message.html?_=1686275193439&CODE_STATE=getMsg HTTP/1.1" 200 27
222.67.234.146 - - [09/Jun/2023:09:46:48 +0800] "GET /xingrg/kc/buy/cgsh_order_operate.html?command=get_materiel&rest_code=00141&code=00102013025&supplier_code=00100075&order_time=2023-06-09 HTTP/1.1" 200 409
114.83.220.236 - - [09/Jun/2023:09:46:48 +0800] "GET /xingrg/kc/base/yddb_order_list.html HTTP/1.1" 200 16710
114.83.220.236 - - [09/Jun/2023:09:46:49 +0800] "POST /xingrg/kc/base/yddb_list_operate.html HTTP/1.1" 200 636
114.83.220.236 - - [09/Jun/2023:09:46:52 +0800] "GET /xingrg/kc/base/yddb_order_add.html HTTP/1.1" 200 29953
114.83.220.236 - - [09/Jun/2023:09:46:52 +0800] "GET /xingrg/dwr/interface/AjaxComOrderService.js HTTP/1.1" 200 18264
114.83.220.236 - - [09/Jun/2023:09:46:52 +0800] "GET /xingrg/dwr/interface/AjaxYddbService.js HTTP/1.1" 200 13201
114.83.220.236 - - [09/Jun/2023:09:46:52 +0800] "GET /xingrg/dwr/util.js HTTP/1.1" 304 -
114.83.220.236 - - [09/Jun/2023:09:46:52 +0800] "GET /xingrg/dwr/engine.js HTTP/1.1" 200 43631
101.83.145.52 - - [09/Jun/2023:09:46:54 +0800] "GET /xingrg/all/function/internal_message.html?_=1686275213661&CODE_STATE=getMsg HTTP/1.1" 200 27
222.70.114.12 - - [09/Jun/2023:09:46:54 +0800] "GET /xingrg/all/function/internal_message.html?_=1686275219953&CODE_STATE=getMsg HTTP/1.1" 200 27
180.164.3.199 - - [09/Jun/2023:09:46:54 +0800] "GET /xingrg/all/function/internal_message.html?_=1686275214781&CODE_STATE=getMsg HTTP/1.1" 200 27
114.83.220.236 - - [09/Jun/2023:09:46:58 +0800] "POST /xingrg/dwr/call/plaincall/AjaxYddbService.getRestBases.dwr HTTP/1.1" 200 536
101.83.145.52 - - [09/Jun/2023:09:46:58 +0800] "GET /xingrg/all/function/internal_message.html?_=1686275046399&CODE_STATE=getMsg HTTP/1.1" 200 27
222.70.180.90 - - [09/Jun/2023:09:47:02 +0800] "GET /xingrg/all/function/internal_message.html?_=1686275219181&CODE_STATE=getMsg HTTP/1.1" 200 27
222.67.234.146 - - [09/Jun/2023:09:47:03 +0800] "GET /xingrg/all/function/internal_message.html?_=1686275216745&CODE_STATE=getMsg HTTP/1.1" 200 27
222.67.234.146 - - [09/Jun/2023:09:47:05 +0800] "GET /xingrg/kc/buy/cgsh_order_operate.html?command=get_materiel&rest_code=00141&code=00102002766&supplier_code=00100075&order_time=2023-06-09 HTTP/1.1" 200 410
180.169.147.146 - - [09/Jun/2023:09:47:05 +0800] "GET /xingrg/all/function/internal_message.html?_=1686275225537&CODE_STATE=getMsg HTTP/1.1" 200 27
114.83.220.236 - - [09/Jun/2023:09:47:06 +0800] "GET /xingrg/all/function/internal_message.html?_=1686275330803&CODE_STATE=getMsg HTTP/1.1" 200 27
101.83.241.135 - - [09/Jun/2023:09:47:07 +0800] "GET /xingrg/all/function/internal_message.html?_=1686275222002&CODE_STATE=getMsg HTTP/1.1" 200 27
180.162.230.74 - - [09/Jun/2023:09:47:08 +0800] "GET /xingrg/all/function/internal_message.html?_=1686275228089&CODE_STATE=getMsg HTTP/1.1" 200 27
114.83.220.236 - - [09/Jun/2023:09:47:09 +0800] "POST /xingrg/dwr/call/plaincall/AjaxYddbService.saveOrder.dwr HTTP/1.1" 200 78
114.83.220.236 - - [09/Jun/2023:09:47:09 +0800] "GET /xingrg/images/yd/bt.gif HTTP/1.1" 404 1040
116.238.139.35 - - [09/Jun/2023:09:47:11 +0800] "GET /xingrg/all/function/internal_message.html?_=1686275128214&CODE_STATE=getMsg HTTP/1.1" 200 27
114.83.220.236 - - [09/Jun/2023:09:47:11 +0800] "POST /xingrg/dwr/call/plaincall/AjaxComOrderService.getMaterielSearchList.dwr HTTP/1.1" 200 76
114.83.220.236 - - [09/Jun/2023:09:47:13 +0800] "POST /xingrg/dwr/call/plaincall/AjaxComOrderService.getMaterielSearchList.dwr HTTP/1.1" 200 663
116.237.75.166 - - [09/Jun/2023:09:47:13 +0800] "GET /xingrg/all/function/internal_message.html?_=1686275233689&CODE_STATE=getMsg HTTP/1.1" 200 27
114.83.220.236 - - [09/Jun/2023:09:47:14 +0800] "POST /xingrg/dwr/call/plaincall/AjaxYddbService.getMaterielByMap.dwr HTTP/1.1" 200 1699
222.67.234.146 - - [09/Jun/2023:09:47:15 +0800] "POST /xingrg/kc/buy/cgsh_order_operate.html HTTP/1.1" 200 37
116.232.195.127 - - [09/Jun/2023:09:47:16 +0800] "GET /xingrg/all/function/internal_message.html?_=1686275256009&CODE_STATE=getMsg HTTP/1.1" 200 27
180.164.3.199 - - [09/Jun/2023:09:47:18 +0800] "GET /xingrg/kc/buy/cgsh_order_operate.html?command=get_materiel&rest_code=00108&code=00101007049&supplier_code=00100002&order_time=2023-06-09 HTTP/1.1" 200 409
114.85.113.108 - - [09/Jun/2023:09:47:21 +0800] "GET /xingrg/check_reg.html?_=1686275239028 HTTP/1.1" 200 22
222.67.234.146 - - [09/Jun/2023:09:47:22 +0800] "POST /xingrg/kc/buy/cgsh_order_operate.html HTTP/1.1" 200 12
222.67.234.146 - - [09/Jun/2023:09:47:30 +0800] "GET /xingrg/kc/buy/cgsh_order_info.html?code=212023060902975 HTTP/1.1" 200 66549
222.67.234.146 - - [09/Jun/2023:09:47:30 +0800] "GET /xingrg/javascript/easyui/themes/default/validatebox.css HTTP/1.1" 404 1104
222.67.234.146 - - [09/Jun/2023:09:47:31 +0800] "POST /xingrg/kc/buy/cgsh_order_operate.html HTTP/1.1" 200 3542
222.67.234.146 - - [09/Jun/2023:09:47:31 +0800] "GET /xingrg/all/function/internal_message.html?_=1686274752639&CODE_STATE=getMsg HTTP/1.1" 200 27
116.237.75.166 - - [09/Jun/2023:09:47:35 +0800] "GET /xingrg/check_reg.html?_=1686275254931 HTTP/1.1" 200 22
101.229.22.40 - - [09/Jun/2023:09:47:36 +0800] "GET /xingrg/check_reg.html?_=1686275255445 HTTP/1.1" 200 22
101.229.22.40 - - [09/Jun/2023:09:47:36 +0800] "GET /xingrg/all/function/internal_message.html?_=1686275255448&CODE_STATE=getMsg HTTP/1.1" 200 27
116.238.139.35 - - [09/Jun/2023:09:47:37 +0800] "GET /xingrg/check_reg.html?_=1686275256158 HTTP/1.1" 200 22
116.238.139.35 - - [09/Jun/2023:09:47:37 +0800] "GET /xingrg/all/function/internal_message.html?_=1686275256163&CODE_STATE=getMsg HTTP/1.1" 200 27
114.83.220.236 - - [09/Jun/2023:09:47:38 +0800] "POST /xingrg/dwr/call/plaincall/AjaxYddbService.saveMaterielItem.dwr HTTP/1.1" 200 78
172.20.0.100 - - [09/Jun/2023:09:47:39 +0800] "GET /xingrg/check_reg.html?_=1686275271275 HTTP/1.1" 302 -
172.20.0.100 - - [09/Jun/2023:09:47:39 +0800] "GET /xingrg/all/function/internal_message.html?_=1686275271276&CODE_STATE=getMsg HTTP/1.1" 302 -
222.67.234.146 - - [09/Jun/2023:09:47:42 +0800] "GET /xingrg/kc/print/load_data.html?order_code=212023060902975&kc_code=cgsh&condition= HTTP/1.1" 200 1823
180.169.147.146 - - [09/Jun/2023:09:47:42 +0800] "GET /xingrg/all/function/internal_message.html?_=1686275258453&CODE_STATE=getMsg HTTP/1.1" 200 27
180.169.147.146 - - [09/Jun/2023:09:47:42 +0800] "GET /xingrg/check_reg.html?_=1686275258461 HTTP/1.1" 200 22
222.70.244.39 - - [09/Jun/2023:09:47:43 +0800] "POST /xingrg/services/DataTransmitService HTTP/1.1" 200 524
114.83.220.236 - - [09/Jun/2023:09:47:43 +0800] "POST /xingrg/dwr/call/plaincall/AjaxYddbService.checkOrder.dwr HTTP/1.1" 200 270
222.70.180.90 - - [09/Jun/2023:09:47:46 +0800] "GET /xingrg/check_reg.html?_=1686275299225 HTTP/1.1" 200 22
116.237.75.166 - - [09/Jun/2023:09:47:46 +0800] "GET /xingrg/all/function/internal_message.html?_=1686275266011&CODE_STATE=getMsg HTTP/1.1" 200 27
222.70.244.39 - - [09/Jun/2023:09:47:48 +0800] "GET /xingrg/all/function/internal_message.html?_=1686275253451&CODE_STATE=getMsg HTTP/1.1" 200 27
101.83.145.52 - - [09/Jun/2023:09:47:54 +0800] "GET /xingrg/all/function/internal_message.html?_=1686275273662&CODE_STATE=getMsg HTTP/1.1" 200 27
222.70.114.12 - - [09/Jun/2023:09:47:54 +0800] "GET /xingrg/all/function/internal_message.html?_=1686275279978&CODE_STATE=getMsg HTTP/1.1" 200 27
180.164.3.199 - - [09/Jun/2023:09:47:54 +0800] "GET /xingrg/all/function/internal_message.html?_=1686275274787&CODE_STATE=getMsg HTTP/1.1" 200 27
222.67.234.146 - - [09/Jun/2023:09:47:55 +0800] "GET /xingrg/kc/buy/cgsh_order_add.html HTTP/1.1" 200 71636
222.67.234.146 - - [09/Jun/2023:09:47:55 +0800] "POST /xingrg/kc/buy/cgsh_order_operate.html HTTP/1.1" 200 8245
222.67.234.146 - - [09/Jun/2023:09:47:55 +0800] "GET /xingrg/javascript/easyui/themes/default/validatebox.css HTTP/1.1" 404 1104
101.83.145.52 - - [09/Jun/2023:09:47:58 +0800] "GET /xingrg/all/function/internal_message.html?_=1686275106400&CODE_STATE=getMsg HTTP/1.1" 200 27
180.164.3.199 - - [09/Jun/2023:09:48:00 +0800] "POST /xingrg/kc/buy/cgsh_order_operate.html HTTP/1.1" 200 37
222.70.180.90 - - [09/Jun/2023:09:48:02 +0800] "GET /xingrg/all/function/internal_message.html?_=1686275279181&CODE_STATE=getMsg HTTP/1.1" 200 27
222.67.234.146 - - [09/Jun/2023:09:48:03 +0800] "GET /xingrg/all/function/internal_message.html?_=1686275276759&CODE_STATE=getMsg HTTP/1.1" 200 27
222.67.234.146 - - [09/Jun/2023:09:48:03 +0800] "GET /xingrg/check_reg.html?_=1686275276761 HTTP/1.1" 200 22
180.164.3.199 - - [09/Jun/2023:09:48:03 +0800] "POST /xingrg/kc/buy/cgsh_order_operate.html HTTP/1.1" 200 3833
180.164.3.199 - - [09/Jun/2023:09:48:05 +0800] "GET /xingrg/kc/print/load_config.html?kc_code=cgsh HTTP/1.1" 200 1924
222.67.234.146 - - [09/Jun/2023:09:48:05 +0800] "GET /xingrg/kc/buy/cgsh_order_operate.html?command=get_materiel&rest_code=00141&code=00101008125&supplier_code=00100007&order_time=2023-06-09 HTTP/1.1" 200 413
180.169.147.146 - - [09/Jun/2023:09:48:05 +0800] "GET /xingrg/all/function/internal_message.html?_=1686275285556&CODE_STATE=getMsg HTTP/1.1" 200 27
180.164.3.199 - - [09/Jun/2023:09:48:05 +0800] "GET /xingrg/kc/print/load_data.html?order_code=212023060902976&kc_code=cgsh&condition= HTTP/1.1" 200 1197
114.83.220.236 - - [09/Jun/2023:09:48:06 +0800] "GET /xingrg/all/function/internal_message.html?_=1686275390794&CODE_STATE=getMsg HTTP/1.1" 200 27
101.83.241.135 - - [09/Jun/2023:09:48:07 +0800] "GET /xingrg/all/function/internal_message.html?_=1686275282004&CODE_STATE=getMsg HTTP/1.1" 200 27
180.162.230.74 - - [09/Jun/2023:09:48:08 +0800] "GET /xingrg/all/function/internal_message.html?_=1686275288088&CODE_STATE=getMsg HTTP/1.1" 200 27
116.238.139.35 - - [09/Jun/2023:09:48:11 +0800] "GET /xingrg/all/function/internal_message.html?_=1686275188279&CODE_STATE=getMsg HTTP/1.1" 200 27
116.237.75.166 - - [09/Jun/2023:09:48:13 +0800] "GET /xingrg/all/function/internal_message.html?_=1686275293678&CODE_STATE=getMsg HTTP/1.1" 200 27
180.164.3.199 - - [09/Jun/2023:09:48:14 +0800] "GET /xingrg/kc/buy/cgsh_order_add.html HTTP/1.1" 200 71728
180.164.3.199 - - [09/Jun/2023:09:48:14 +0800] "POST /xingrg/kc/buy/cgsh_order_operate.html HTTP/1.1" 200 8245
180.164.3.199 - - [09/Jun/2023:09:48:14 +0800] "GET /xingrg/javascript/easyui/themes/default/validatebox.css HTTP/1.1" 404 1104
222.67.234.146 - - [09/Jun/2023:09:48:15 +0800] "GET /xingrg/kc/buy/cgsh_order_operate.html?command=get_materiel&rest_code=00141&code=00101008130&supplier_code=00100007&order_time=2023-06-09 HTTP/1.1" 200 432
116.232.195.127 - - [09/Jun/2023:09:48:16 +0800] "GET /xingrg/all/function/internal_message.html?_=1686275315991&CODE_STATE=getMsg HTTP/1.1" 200 27
222.67.234.146 - - [09/Jun/2023:09:48:22 +0800] "GET /xingrg/kc/buy/cgsh_order_operate.html?command=get_materiel&rest_code=00141&code=00101008256&supplier_code=00100007&order_time=2023-06-09 HTTP/1.1" 200 413
222.67.234.146 - - [09/Jun/2023:09:48:31 +0800] "GET /xingrg/all/function/internal_message.html?_=1686274812630&CODE_STATE=getMsg HTTP/1.1" 200 27
222.70.244.39 - - [09/Jun/2023:09:48:36 +0800] "POST /xingrg/services/DataTransmitService HTTP/1.1" 200 501
101.229.22.40 - - [09/Jun/2023:09:48:36 +0800] "GET /xingrg/all/function/internal_message.html?_=1686275315443&CODE_STATE=getMsg HTTP/1.1" 200 27
116.238.139.35 - - [09/Jun/2023:09:48:37 +0800] "GET /xingrg/all/function/internal_message.html?_=1686275316164&CODE_STATE=getMsg HTTP/1.1" 200 27
172.20.0.100 - - [09/Jun/2023:09:48:39 +0800] "GET /xingrg/all/function/internal_message.html?_=1686275331274&CODE_STATE=getMsg HTTP/1.1" 302 -
222.67.234.146 - - [09/Jun/2023:09:48:39 +0800] "GET /xingrg/kc/buy/cgsh_order_operate.html?command=get_materiel&rest_code=00141&code=00101008185&supplier_code=00100007&order_time=2023-06-09 HTTP/1.1" 200 408
222.70.244.39 - - [09/Jun/2023:09:48:41 +0800] "POST /xingrg/services/DataTransmitService HTTP/1.1" 200 524
180.169.147.146 - - [09/Jun/2023:09:48:42 +0800] "GET /xingrg/all/function/internal_message.html?_=1686275318460&CODE_STATE=getMsg HTTP/1.1" 200 27
222.70.244.39 - - [09/Jun/2023:09:48:43 +0800] "POST /xingrg/services/DataTransmitService HTTP/1.1" 200 412
222.70.244.39 - - [09/Jun/2023:09:48:44 +0800] "POST /xingrg/services/DataTransmitService HTTP/1.1" 200 524
222.70.244.39 - - [09/Jun/2023:09:48:45 +0800] "POST /xingrg/services/DataTransmitService HTTP/1.1" 200 412
222.70.244.39 - - [09/Jun/2023:09:48:45 +0800] "POST /xingrg/services/DataTransmitService HTTP/1.1" 200 524
116.237.75.166 - - [09/Jun/2023:09:48:46 +0800] "GET /xingrg/all/function/internal_message.html?_=1686275326002&CODE_STATE=getMsg HTTP/1.1" 200 27
222.70.244.39 - - [09/Jun/2023:09:48:46 +0800] "POST /xingrg/services/DataTransmitService HTTP/1.1" 200 412
222.70.244.39 - - [09/Jun/2023:09:48:48 +0800] "GET /xingrg/all/function/internal_message.html?_=1686275313826&CODE_STATE=getMsg HTTP/1.1" 200 27
180.164.3.199 - - [09/Jun/2023:09:48:48 +0800] "GET /xingrg/kc/buy/cgsh_order_operate.html?command=get_materiel&rest_code=00108&code=00101009004&supplier_code=00100593&order_time=2023-06-09 HTTP/1.1" 200 409
222.67.234.146 - - [09/Jun/2023:09:48:48 +0800] "GET /xingrg/kc/buy/cgsh_order_operate.html?command=get_materiel&rest_code=00141&code=00101008163&supplier_code=00100007&order_time=2023-06-09 HTTP/1.1" 200 409
222.70.244.39 - - [09/Jun/2023:09:48:50 +0800] "POST /xingrg/services/DataTransmitService HTTP/1.1" 200 524
222.70.244.39 - - [09/Jun/2023:09:48:52 +0800] "POST /xingrg/services/DataTransmitService HTTP/1.1" 200 2335
120.253.135.82 - - [09/Jun/2023:09:48:53 +0800] "GET /xingrg/check_reg.html?_=1686275168420 HTTP/1.1" 200 22
101.83.145.52 - - [09/Jun/2023:09:48:54 +0800] "GET /xingrg/check_reg.html?_=1686275333666 HTTP/1.1" 200 22
101.83.145.52 - - [09/Jun/2023:09:48:54 +0800] "GET /xingrg/all/function/internal_message.html?_=1686275333662&CODE_STATE=getMsg HTTP/1.1" 200 27
222.70.114.12 - - [09/Jun/2023:09:48:54 +0800] "GET /xingrg/all/function/internal_message.html?_=1686275339977&CODE_STATE=getMsg HTTP/1.1" 200 27
180.164.3.199 - - [09/Jun/2023:09:48:54 +0800] "GET /xingrg/all/function/internal_message.html?_=1686275334781&CODE_STATE=getMsg HTTP/1.1" 200 27
180.164.3.199 - - [09/Jun/2023:09:48:54 +0800] "GET /xingrg/check_reg.html?_=1686275334784 HTTP/1.1" 200 22
222.67.234.146 - - [09/Jun/2023:09:48:57 +0800] "GET /xingrg/kc/buy/cgsh_order_operate.html?command=get_materiel&rest_code=00141&code=00101008355&supplier_code=00100007&order_time=2023-06-09 HTTP/1.1" 200 408
101.83.145.52 - - [09/Jun/2023:09:48:58 +0800] "GET /xingrg/all/function/internal_message.html?_=1686275166400&CODE_STATE=getMsg HTTP/1.1" 200 27
222.70.180.90 - - [09/Jun/2023:09:49:02 +0800] "GET /xingrg/all/function/internal_message.html?_=1686275339180&CODE_STATE=getMsg HTTP/1.1" 200 27
222.70.244.39 - - [09/Jun/2023:09:49:02 +0800] "POST /xingrg/services/DataTransmitService HTTP/1.1" 200 524
222.67.234.146 - - [09/Jun/2023:09:49:03 +0800] "GET /xingrg/all/function/internal_message.html?_=1686275336762&CODE_STATE=getMsg HTTP/1.1" 200 27
222.67.234.146 - - [09/Jun/2023:09:49:05 +0800] "GET /xingrg/kc/buy/cgsh_order_operate.html?command=get_materiel&rest_code=00141&code=00101008264&supplier_code=00100007&order_time=2023-06-09 HTTP/1.1" 200 412
180.169.147.146 - - [09/Jun/2023:09:49:05 +0800] "GET /xingrg/all/function/internal_message.html?_=1686275345557&CODE_STATE=getMsg HTTP/1.1" 200 27
114.83.220.236 - - [09/Jun/2023:09:49:06 +0800] "GET /xingrg/all/function/internal_message.html?_=1686275450784&CODE_STATE=getMsg HTTP/1.1" 200 27
101.83.241.135 - - [09/Jun/2023:09:49:07 +0800] "GET /xingrg/all/function/internal_message.html?_=1686275342004&CODE_STATE=getMsg HTTP/1.1" 200 27
180.162.230.74 - - [09/Jun/2023:09:49:08 +0800] "GET /xingrg/all/function/internal_message.html?_=1686275348087&CODE_STATE=getMsg HTTP/1.1" 200 27
222.70.244.39 - - [09/Jun/2023:09:49:11 +0800] "POST /xingrg/services/DataTransmitService HTTP/1.1" 200 501
180.164.3.199 - - [09/Jun/2023:09:49:11 +0800] "GET /xingrg/kc/buy/cgsh_order_operate.html?command=get_materiel&rest_code=00108&code=00101009011&supplier_code=00100593&order_time=2023-06-09 HTTP/1.1" 200 417
116.238.139.35 - - [09/Jun/2023:09:49:11 +0800] "GET /xingrg/all/function/internal_message.html?_=1686275248288&CODE_STATE=getMsg HTTP/1.1" 200 27
116.237.75.166 - - [09/Jun/2023:09:49:13 +0800] "GET /xingrg/all/function/internal_message.html?_=1686275353685&CODE_STATE=getMsg HTTP/1.1" 200 27
116.237.75.166 - - [09/Jun/2023:09:49:13 +0800] "GET /xingrg/check_reg.html?_=1686275353686 HTTP/1.1" 200 22
222.67.234.146 - - [09/Jun/2023:09:49:14 +0800] "GET /xingrg/kc/buy/cgsh_order_operate.html?command=get_materiel&rest_code=00141&code=00101008740&supplier_code=00100007&order_time=2023-06-09 HTTP/1.1" 200 399
116.232.195.127 - - [09/Jun/2023:09:49:16 +0800] "GET /xingrg/all/function/internal_message.html?_=1686275375993&CODE_STATE=getMsg HTTP/1.1" 200 27
116.232.195.127 - - [09/Jun/2023:09:49:16 +0800] "GET /xingrg/check_reg.html?_=1686275375997 HTTP/1.1" 200 22
222.67.234.146 - - [09/Jun/2023:09:49:23 +0800] "GET /xingrg/kc/buy/cgsh_order_operate.html?command=get_materiel&rest_code=00141&code=00101008357&supplier_code=00100007&order_time=2023-06-09 HTTP/1.1" 200 408
222.67.234.146 - - [09/Jun/2023:09:49:31 +0800] "GET /xingrg/kc/buy/cgsh_order_operate.html?command=get_materiel&rest_code=00141&code=00101008069&supplier_code=00100007&order_time=2023-06-09 HTTP/1.1" 200 412
222.67.234.146 - - [09/Jun/2023:09:49:31 +0800] "GET /xingrg/all/function/internal_message.html?_=1686274872581&CODE_STATE=getMsg HTTP/1.1" 200 27
180.164.3.199 - - [09/Jun/2023:09:49:33 +0800] "GET /xingrg/kc/buy/cgsh_order_operate.html?command=get_materiel&rest_code=00108&code=00101009015&supplier_code=00100593&order_time=2023-06-09 HTTP/1.1" 200 417
101.229.22.40 - - [09/Jun/2023:09:49:36 +0800] "GET /xingrg/all/function/internal_message.html?_=1686275375443&CODE_STATE=getMsg HTTP/1.1" 200 27
116.238.139.35 - - [09/Jun/2023:09:49:37 +0800] "GET /xingrg/all/function/internal_message.html?_=1686275376166&CODE_STATE=getMsg HTTP/1.1" 200 27
114.83.220.236 - - [09/Jun/2023:09:49:38 +0800] "POST /xingrg/dwr/call/plaincall/AjaxYddbService.checkOrder.dwr HTTP/1.1" 200 270
172.20.0.100 - - [09/Jun/2023:09:49:39 +0800] "GET /xingrg/all/function/internal_message.html?_=1686275391272&CODE_STATE=getMsg HTTP/1.1" 302 -
222.67.234.146 - - [09/Jun/2023:09:49:40 +0800] "GET /xingrg/kc/buy/cgsh_order_operate.html?command=get_materiel&rest_code=00141&code=00101008318&supplier_code=00100007&order_time=2023-06-09 HTTP/1.1" 200 408
180.169.147.146 - - [09/Jun/2023:09:49:42 +0800] "GET /xingrg/all/function/internal_message.html?_=1686275378455&CODE_STATE=getMsg HTTP/1.1" 200 27
114.83.220.236 - - [09/Jun/2023:09:49:42 +0800] "GET /xingrg/kc/base/wldb_order_list.html HTTP/1.1" 200 19104
114.83.220.236 - - [09/Jun/2023:09:49:43 +0800] "POST /xingrg/kc/base/wldb_list_operate.html HTTP/1.1" 200 928
114.83.220.236 - - [09/Jun/2023:09:49:45 +0800] "GET /xingrg/kc/base/wldb_order_add.html HTTP/1.1" 200 30387
114.83.220.236 - - [09/Jun/2023:09:49:45 +0800] "GET /xingrg/words/20230608145528_words.js HTTP/1.1" 200 967784
114.83.220.236 - - [09/Jun/2023:09:49:45 +0800] "POST /xingrg/kc/base/wldb_order_operate.html HTTP/1.1" 200 6806
114.83.220.236 - - [09/Jun/2023:09:49:46 +0800] "GET /xingrg/all/common/auto_word.html?type=base&rest_code=00154 HTTP/1.1" 200 831
180.164.3.199 - - [09/Jun/2023:09:49:46 +0800] "GET /xingrg/kc/buy/cgsh_order_operate.html?command=get_materiel&rest_code=00108&code=00101011005&supplier_code=00100593&order_time=2023-06-09 HTTP/1.1" 200 428
114.83.220.236 - - [09/Jun/2023:09:49:46 +0800] "GET /xingrg/all/common/auto_word.html?type=base&rest_code=00154 HTTP/1.1" 200 831
114.83.220.236 - - [09/Jun/2023:09:49:46 +0800] "GET /xingrg/javascript/easyui/themes/default/validatebox.css HTTP/1.1" 404 1104
116.237.75.166 - - [09/Jun/2023:09:49:46 +0800] "GET /xingrg/all/function/internal_message.html?_=1686275385982&CODE_STATE=getMsg HTTP/1.1" 200 27
222.70.244.39 - - [09/Jun/2023:09:49:48 +0800] "GET /xingrg/all/function/internal_message.html?_=1686275373837&CODE_STATE=getMsg HTTP/1.1" 200 27
222.67.234.146 - - [09/Jun/2023:09:49:49 +0800] "GET /xingrg/kc/buy/cgsh_order_operate.html?command=get_materiel&rest_code=00141&code=00101008352&supplier_code=00100007&order_time=2023-06-09 HTTP/1.1" 200 412
101.83.145.52 - - [09/Jun/2023:09:49:54 +0800] "GET /xingrg/all/function/internal_message.html?_=1686275393665&CODE_STATE=getMsg HTTP/1.1" 200 27
222.70.114.12 - - [09/Jun/2023:09:49:54 +0800] "GET /xingrg/all/function/internal_message.html?_=1686275399976&CODE_STATE=getMsg HTTP/1.1" 200 27
180.164.3.199 - - [09/Jun/2023:09:49:54 +0800] "GET /xingrg/all/function/internal_message.html?_=1686275394778&CODE_STATE=getMsg HTTP/1.1" 200 27
222.67.234.146 - - [09/Jun/2023:09:49:56 +0800] "GET /xingrg/kc/buy/cgsh_order_operate.html?command=get_materiel&rest_code=00141&code=00101008005&supplier_code=00100007&order_time=2023-06-09 HTTP/1.1" 200 412
101.83.145.52 - - [09/Jun/2023:09:49:58 +0800] "GET /xingrg/check_reg.html?_=1686275226400 HTTP/1.1" 200 22
101.83.145.52 - - [09/Jun/2023:09:49:58 +0800] "GET /xingrg/all/function/internal_message.html?_=1686275226403&CODE_STATE=getMsg HTTP/1.1" 200 27
222.70.180.90 - - [09/Jun/2023:09:50:02 +0800] "GET /xingrg/all/function/internal_message.html?_=1686275399181&CODE_STATE=getMsg HTTP/1.1" 200 27
222.67.234.146 - - [09/Jun/2023:09:50:03 +0800] "GET /xingrg/all/function/internal_message.html?_=1686275396741&CODE_STATE=getMsg HTTP/1.1" 200 27
114.83.220.236 - - [09/Jun/2023:09:50:04 +0800] "GET /xingrg/kc/buy/cgsh_order_list.html HTTP/1.1" 200 55860
222.67.234.146 - - [09/Jun/2023:09:50:05 +0800] "GET /xingrg/kc/buy/cgsh_order_operate.html?command=get_materiel&rest_code=00141&code=00101008271&supplier_code=00100007&order_time=2023-06-09 HTTP/1.1" 200 408
180.169.147.146 - - [09/Jun/2023:09:50:05 +0800] "GET /xingrg/all/function/internal_message.html?_=1686275405559&CODE_STATE=getMsg HTTP/1.1" 200 27
114.83.220.236 - - [09/Jun/2023:09:50:06 +0800] "GET /xingrg/all/function/internal_message.html?_=1686275510786&CODE_STATE=getMsg HTTP/1.1" 200 27
101.83.241.135 - - [09/Jun/2023:09:50:07 +0800] "GET /xingrg/all/function/internal_message.html?_=1686275402006&CODE_STATE=getMsg HTTP/1.1" 200 27
180.162.230.74 - - [09/Jun/2023:09:50:07 +0800] "GET /xingrg/all/function/internal_message.html?_=1686275408073&CODE_STATE=getMsg HTTP/1.1" 200 27
114.83.220.236 - - [09/Jun/2023:09:50:08 +0800] "POST /xingrg/kc/buy/cgsh_list_operate.html HTTP/1.1" 200 1852
116.238.139.35 - - [09/Jun/2023:09:50:11 +0800] "GET /xingrg/check_reg.html?_=1686275307455 HTTP/1.1" 200 22
116.238.139.35 - - [09/Jun/2023:09:50:11 +0800] "GET /xingrg/all/function/internal_message.html?_=1686275308302&CODE_STATE=getMsg HTTP/1.1" 200 27
222.67.234.146 - - [09/Jun/2023:09:50:13 +0800] "GET /xingrg/kc/buy/cgsh_order_operate.html?command=get_materiel&rest_code=00141&code=00101008144&supplier_code=00100007&order_time=2023-06-09 HTTP/1.1" 200 412
116.237.75.166 - - [09/Jun/2023:09:50:13 +0800] "GET /xingrg/all/function/internal_message.html?_=1686275413679&CODE_STATE=getMsg HTTP/1.1" 200 27
114.83.220.236 - - [09/Jun/2023:09:50:14 +0800] "GET /xingrg/kc/buy/cgsh_order_add.html HTTP/1.1" 200 70840
