180.162.230.74 - - [09/Jun/2023:09:22:30 +0800] "GET /xingrg/javascript/jquery_tools/images/next.gif HTTP/1.1" 404 1086
116.237.75.166 - - [09/Jun/2023:09:22:35 +0800] "GET /xingrg/check_reg.html?_=1686273755002 HTTP/1.1" 200 22
222.70.114.12 - - [09/Jun/2023:09:22:36 +0800] "POST /xingrg/load_menu.html HTTP/1.1" 200 10483
222.70.114.12 - - [09/Jun/2023:09:22:37 +0800] "GET /xingrg/all/report/report_query.html?fileName=dma/new_5.0/yingye/yy_hz.xml&rw=1600 HTTP/1.1" 200 56155
222.70.114.12 - - [09/Jun/2023:09:22:37 +0800] "GET /xingrg/dwr/interface/AjaxReportQueryService.js HTTP/1.1" 200 13203
222.70.114.12 - - [09/Jun/2023:09:22:37 +0800] "GET /xingrg/dwr/util.js HTTP/1.1" 304 -
222.70.114.12 - - [09/Jun/2023:09:22:37 +0800] "GET /xingrg/dwr/engine.js HTTP/1.1" 200 43631
222.70.114.12 - - [09/Jun/2023:09:22:37 +0800] "POST /xingrg/dwr/call/plaincall/AjaxReportQueryService.getFixDate.dwr HTTP/1.1" 200 111
222.70.114.12 - - [09/Jun/2023:09:22:38 +0800] "POST /xingrg/all/common/load_tree.html?tree=area_station_tree_json&manage=1 HTTP/1.1" 200 2036
116.237.75.166 - - [09/Jun/2023:09:22:38 +0800] "GET /xingrg/kc/buy/cgsh_order_operate.html?command=get_materiel&rest_code=00106&code=00101011005&supplier_code=00100007&order_time=2023-06-09 HTTP/1.1" 200 428
172.20.0.100 - - [09/Jun/2023:09:22:39 +0800] "GET /xingrg/check_reg.html?_=1686273771250 HTTP/1.1" 302 -
172.20.0.100 - - [09/Jun/2023:09:22:39 +0800] "GET /xingrg/all/function/internal_message.html?_=1686273771251&CODE_STATE=getMsg HTTP/1.1" 302 -
101.83.145.52 - - [09/Jun/2023:09:22:40 +0800] "GET /xingrg/kc/buy/cgsh_order_add.html HTTP/1.1" 200 71718
101.83.145.52 - - [09/Jun/2023:09:22:40 +0800] "POST /xingrg/kc/buy/cgsh_order_operate.html HTTP/1.1" 200 8245
101.83.145.52 - - [09/Jun/2023:09:22:40 +0800] "GET /xingrg/javascript/easyui/themes/default/validatebox.css HTTP/1.1" 404 1104
222.70.114.12 - - [09/Jun/2023:09:22:41 +0800] "POST /xingrg/dwr/call/plaincall/AjaxReportQueryService.getFixDate.dwr HTTP/1.1" 200 111
116.237.75.166 - - [09/Jun/2023:09:22:42 +0800] "GET /xingrg/all/function/internal_message.html?_=1686273761475&CODE_STATE=getMsg HTTP/1.1" 200 27
222.70.114.12 - - [09/Jun/2023:09:22:42 +0800] "POST /xingrg/dwr/call/plaincall/AjaxReportQueryService.refreshCache.dwr HTTP/1.1" 200 78
172.20.0.100 - - [09/Jun/2023:09:22:42 +0800] "GET /xingrg/kc/guide/show_order.html?code=422023060400342&type=42 HTTP/1.1" 302 -
222.70.114.12 - - [09/Jun/2023:09:22:43 +0800] "POST /xingrg/all/report/load_report_page.html HTTP/1.1" 200 145459
222.70.114.12 - - [09/Jun/2023:09:22:43 +0800] "GET /xingrg/servlets/image?cache=0.4932659422155806&image=px HTTP/1.1" 200 807
172.20.0.100 - - [09/Jun/2023:09:22:43 +0800] "GET /xingrg/kc/base/wldb_order_info.html?code=422023060400342&sysBaseUrl=http%3A%2F%2F172.20.0.8%3A18081%2Fxingrg%2F&costTime=1×tamp=1686273762363 HTTP/1.1" 200 26496
222.70.244.39 - - [09/Jun/2023:09:22:43 +0800] "GET /xingrg/all/function/internal_message.html?_=1686273748962&CODE_STATE=getMsg HTTP/1.1" 200 27
172.20.0.100 - - [09/Jun/2023:09:22:43 +0800] "GET /favicon.ico HTTP/1.1" 404 -
172.20.0.100 - - [09/Jun/2023:09:22:44 +0800] "GET /xingrg/javascript/easyui/themes/default/validatebox.css HTTP/1.1" 404 1104
172.20.0.100 - - [09/Jun/2023:09:22:44 +0800] "POST /xingrg/kc/base/wldb_order_operate.html HTTP/1.1" 200 3291
180.162.230.74 - - [09/Jun/2023:09:22:45 +0800] "POST /xingrg/kc/buy/cgsh_list_operate.html HTTP/1.1" 200 6070
222.70.180.90 - - [09/Jun/2023:09:22:46 +0800] "GET /xingrg/check_reg.html?_=1686273799289 HTTP/1.1" 200 22
180.169.147.146 - - [09/Jun/2023:09:22:50 +0800] "GET /xingrg/all/function/internal_message.html?_=1686273766767&CODE_STATE=getMsg HTTP/1.1" 200 27
180.162.230.74 - - [09/Jun/2023:09:22:52 +0800] "GET /xingrg/all/function/internal_message.html?_=1686273778403&CODE_STATE=getMsg HTTP/1.1" 200 27
180.162.230.74 - - [09/Jun/2023:09:22:52 +0800] "POST /xingrg/kc/buy/cgsh_list_operate.html HTTP/1.1" 200 571
180.162.230.74 - - [09/Jun/2023:09:22:53 +0800] "GET /xingrg/javascript/easyui/themes/default/images/button_plain_hover.png HTTP/1.1" 200 144
116.237.75.166 - - [09/Jun/2023:09:22:53 +0800] "GET /xingrg/kc/buy/cgsh_order_operate.html?command=get_materiel&rest_code=00106&code=00101008365&supplier_code=00100007&order_time=2023-06-09 HTTP/1.1" 200 412
101.83.145.52 - - [09/Jun/2023:09:22:54 +0800] "GET /xingrg/kc/buy/cgsh_order_operate.html?command=get_materiel&rest_code=00105&code=00101007061&supplier_code=00100002&order_time=2023-06-09 HTTP/1.1" 200 409
101.83.145.52 - - [09/Jun/2023:09:22:54 +0800] "GET /xingrg/all/function/internal_message.html?_=1686273773647&CODE_STATE=getMsg HTTP/1.1" 200 27
222.70.114.12 - - [09/Jun/2023:09:22:54 +0800] "GET /xingrg/all/function/internal_message.html?_=1686273779927&CODE_STATE=getMsg HTTP/1.1" 200 27
222.70.180.90 - - [09/Jun/2023:09:22:57 +0800] "GET /xingrg/kc/buy/cgsh_order_operate.html?command=get_materiel&rest_code=00111&code=00101006193&supplier_code=00100012&order_time=2023-06-09 HTTP/1.1" 200 409
101.83.145.52 - - [09/Jun/2023:09:22:58 +0800] "GET /xingrg/all/function/internal_message.html?_=1686273606350&CODE_STATE=getMsg HTTP/1.1" 200 27
172.20.0.100 - - [09/Jun/2023:09:22:59 +0800] "GET /xingrg/kc/guide/show_order.html?code=422023060400342&type=42 HTTP/1.1" 302 -
172.20.0.100 - - [09/Jun/2023:09:22:59 +0800] "GET /xingrg/kc/base/wldb_order_info.html?code=422023060400342&sysBaseUrl=http%3A%2F%2F172.20.0.8%3A18081%2Fxingrg%2F&costTime=1×tamp=1686273779331 HTTP/1.1" 200 26496
180.162.230.74 - - [09/Jun/2023:09:22:59 +0800] "POST /xingrg/kc/buy/cgsh_list_operate.html HTTP/1.1" 200 4
172.20.0.100 - - [09/Jun/2023:09:22:59 +0800] "GET /favicon.ico HTTP/1.1" 404 -
172.20.0.100 - - [09/Jun/2023:09:23:00 +0800] "GET /xingrg/javascript/easyui/themes/default/validatebox.css HTTP/1.1" 404 1104
172.20.0.100 - - [09/Jun/2023:09:23:00 +0800] "POST /xingrg/kc/base/wldb_order_operate.html HTTP/1.1" 200 3291
222.70.180.90 - - [09/Jun/2023:09:23:02 +0800] "GET /xingrg/all/function/internal_message.html?_=1686273779153&CODE_STATE=getMsg HTTP/1.1" 200 27
116.237.75.166 - - [09/Jun/2023:09:23:03 +0800] "GET /xingrg/kc/buy/cgsh_order_operate.html?command=get_materiel&rest_code=00106&code=00101010292&supplier_code=00100007&order_time=2023-06-09 HTTP/1.1" 200 410
222.67.234.146 - - [09/Jun/2023:09:23:03 +0800] "GET /xingrg/check_reg.html?_=1686273776759 HTTP/1.1" 200 22
222.67.234.146 - - [09/Jun/2023:09:23:03 +0800] "GET /xingrg/all/function/internal_message.html?_=1686273776761&CODE_STATE=getMsg HTTP/1.1" 200 27
114.83.220.236 - - [09/Jun/2023:09:23:07 +0800] "GET /xingrg/all/function/internal_message.html?_=1686273890805&CODE_STATE=getMsg HTTP/1.1" 200 27
180.162.230.74 - - [09/Jun/2023:09:23:08 +0800] "GET /xingrg/all/function/internal_message.html?_=1686273788437&CODE_STATE=getMsg HTTP/1.1" 200 27
101.83.145.52 - - [09/Jun/2023:09:23:09 +0800] "POST /xingrg/kc/buy/cgsh_order_operate.html HTTP/1.1" 200 37
101.83.241.135 - - [09/Jun/2023:09:23:11 +0800] "GET /xingrg/all/function/internal_message.html?_=1686273785600&CODE_STATE=getMsg HTTP/1.1" 200 27
116.238.139.35 - - [09/Jun/2023:09:23:11 +0800] "GET /xingrg/all/function/internal_message.html?_=1686273687686&CODE_STATE=getMsg HTTP/1.1" 200 27
222.70.180.90 - - [09/Jun/2023:09:23:11 +0800] "GET /xingrg/kc/buy/cgsh_order_operate.html?command=get_materiel&rest_code=00111&code=00101006112&supplier_code=00100012&order_time=2023-06-09 HTTP/1.1" 200 409
101.83.145.52 - - [09/Jun/2023:09:23:11 +0800] "POST /xingrg/kc/buy/cgsh_order_operate.html HTTP/1.1" 200 2653
172.20.0.100 - - [09/Jun/2023:09:23:12 +0800] "GET /xingrg/kc/guide/show_order.html?code=422023060400342&type=42 HTTP/1.1" 302 -
116.237.75.166 - - [09/Jun/2023:09:23:13 +0800] "GET /xingrg/all/function/internal_message.html?_=1686273793675&CODE_STATE=getMsg HTTP/1.1" 200 27
101.83.241.135 - - [09/Jun/2023:09:23:14 +0800] "POST /xingrg/kc/buy/cgsh_order_operate.html HTTP/1.1" 200 88
116.238.139.35 - - [09/Jun/2023:09:23:14 +0800] "GET /xingrg/all/function/internal_message.html?_=1686273793437&CODE_STATE=getMsg HTTP/1.1" 200 27
172.20.0.100 - - [09/Jun/2023:09:23:14 +0800] "GET /xingrg/kc/base/wldb_order_info.html?code=422023060400342&sysBaseUrl=http%3A%2F%2F172.20.0.8%3A18081%2Fxingrg%2F&costTime=0×tamp=1686273792126 HTTP/1.1" 200 26496
172.20.0.100 - - [09/Jun/2023:09:23:15 +0800] "GET /favicon.ico HTTP/1.1" 404 -
101.83.145.52 - - [09/Jun/2023:09:23:15 +0800] "GET /xingrg/kc/print/load_data.html?order_code=212023060902966&kc_code=cgsh&condition= HTTP/1.1" 200 742
180.162.230.74 - - [09/Jun/2023:09:23:15 +0800] "GET /xingrg/kc/buy/cgsh_order_add.html HTTP/1.1" 200 71671
180.162.230.74 - - [09/Jun/2023:09:23:15 +0800] "GET /xingrg/kc/buy/cgsh_order_add.html HTTP/1.1" 200 8212
180.162.230.74 - - [09/Jun/2023:09:23:15 +0800] "POST /xingrg/kc/buy/cgsh_order_operate.html HTTP/1.1" 200 8245
180.162.230.74 - - [09/Jun/2023:09:23:15 +0800] "GET /xingrg/javascript/easyui/themes/default/validatebox.css HTTP/1.1" 404 1104
180.162.230.74 - - [09/Jun/2023:09:23:15 +0800] "GET /xingrg/all/common/auto_word.html?type=employee&rest_code=00102 HTTP/1.1" 200 189
172.20.0.100 - - [09/Jun/2023:09:23:15 +0800] "GET /xingrg/javascript/easyui/themes/default/validatebox.css HTTP/1.1" 404 1104
180.162.230.74 - - [09/Jun/2023:09:23:15 +0800] "GET /xingrg/all/common/auto_word.html?type=employee&rest_code=00102 HTTP/1.1" 200 189
172.20.0.100 - - [09/Jun/2023:09:23:15 +0800] "POST /xingrg/kc/base/wldb_order_operate.html HTTP/1.1" 200 3291
116.232.195.127 - - [09/Jun/2023:09:23:16 +0800] "GET /xingrg/all/function/internal_message.html?_=1686273816008&CODE_STATE=getMsg HTTP/1.1" 200 27
180.162.230.74 - - [09/Jun/2023:09:23:17 +0800] "GET /xingrg/javascript/easyui/themes/default/tree.css HTTP/1.1" 404 1090
180.162.230.74 - - [09/Jun/2023:09:23:17 +0800] "POST /xingrg/all/common/load_tree.html?tree=supplier_tree_json&isDelete=1 HTTP/1.1" 200 74560
172.20.0.100 - - [09/Jun/2023:09:23:20 +0800] "GET /xingrg/all/function/internal_message.html?_=1686273800281&CODE_STATE=getMsg HTTP/1.1" 200 27
180.164.3.199 - - [09/Jun/2023:09:23:21 +0800] "GET /xingrg/all/function/internal_message.html?_=1686273801574&CODE_STATE=getMsg HTTP/1.1" 200 27
101.83.241.135 - - [09/Jun/2023:09:23:24 +0800] "POST /xingrg/kc/buy/cgsh_order_operate.html HTTP/1.1" 200 37
222.70.180.90 - - [09/Jun/2023:09:23:24 +0800] "GET /xingrg/kc/buy/cgsh_order_operate.html?command=get_materiel&rest_code=00111&code=00101006055&supplier_code=00100012&order_time=2023-06-09 HTTP/1.1" 200 409
101.83.145.52 - - [09/Jun/2023:09:23:26 +0800] "GET /xingrg/kc/base/yddb_order_list.html HTTP/1.1" 200 16704
101.83.145.52 - - [09/Jun/2023:09:23:27 +0800] "POST /xingrg/kc/base/yddb_list_operate.html HTTP/1.1" 200 636
101.83.145.52 - - [09/Jun/2023:09:23:30 +0800] "POST /xingrg/kc/base/yddb_list_operate.html HTTP/1.1" 200 4286
101.83.241.135 - - [09/Jun/2023:09:23:31 +0800] "POST /xingrg/kc/buy/cgsh_order_operate.html HTTP/1.1" 200 12
172.20.0.100 - - [09/Jun/2023:09:23:32 +0800] "GET /xingrg/kc/base/stock_operate.html?_=1686273811825&command=get_report_file&start_day=20230601 HTTP/1.1" 200 53
172.20.0.100 - - [09/Jun/2023:09:23:32 +0800] "GET /xingrg/all/report/report_query.html?isQuery=1&onlyBody=1&rh=2000&fileName=kc/base/kc_stock_detail_new.xml&queryString=(1=1)&queryText=&tableQueryString=init_table$sp1$base_code='0010185'$sp$crk_table$sp1$order_day%20between%2020230601%20and%2020230630%20and%20base_code='0010185'&varString=start_day:20230601,materiel_code:00101010913,cost_id:4388,end_date:20230531 HTTP/1.1" 200 48669
172.20.0.100 - - [09/Jun/2023:09:23:32 +0800] "GET /xingrg/dwr/interface/AjaxReportQueryService.js HTTP/1.1" 200 13203
172.20.0.100 - - [09/Jun/2023:09:23:32 +0800] "GET /xingrg/dwr/engine.js HTTP/1.1" 200 43631
101.83.241.135 - - [09/Jun/2023:09:23:33 +0800] "GET /xingrg/kc/buy/cgsh_order_info.html?code=212023060902968 HTTP/1.1" 200 66633
101.83.241.135 - - [09/Jun/2023:09:23:33 +0800] "GET /xingrg/javascript/easyui/themes/default/validatebox.css HTTP/1.1" 404 1104
101.83.145.52 - - [09/Jun/2023:09:23:34 +0800] "POST /xingrg/kc/base/yddb_list_operate.html HTTP/1.1" 200 648
172.20.0.100 - - [09/Jun/2023:09:23:34 +0800] "POST /xingrg/all/report/load_report_page.html HTTP/1.1" 200 34870
172.20.0.100 - - [09/Jun/2023:09:23:34 +0800] "GET /xingrg/servlets/image?cache=0.15757508685526078&image=px HTTP/1.1" 200 807
101.83.241.135 - - [09/Jun/2023:09:23:34 +0800] "POST /xingrg/kc/buy/cgsh_order_operate.html HTTP/1.1" 200 2979
101.83.145.52 - - [09/Jun/2023:09:23:35 +0800] "GET /xingrg/kc/base/yddb_order_info.html?code=482023060800045 HTTP/1.1" 200 31758
101.83.145.52 - - [09/Jun/2023:09:23:35 +0800] "GET /xingrg/dwr/interface/AjaxComOrderService.js HTTP/1.1" 200 18264
101.83.145.52 - - [09/Jun/2023:09:23:35 +0800] "GET /xingrg/dwr/interface/AjaxYddbService.js HTTP/1.1" 200 13201
101.83.145.52 - - [09/Jun/2023:09:23:35 +0800] "GET /xingrg/dwr/engine.js HTTP/1.1" 200 43631
101.83.145.52 - - [09/Jun/2023:09:23:35 +0800] "GET /xingrg/dwr/util.js HTTP/1.1" 200 35990
101.83.145.52 - - [09/Jun/2023:09:23:36 +0800] "POST /xingrg/dwr/call/plaincall/AjaxYddbService.loadMaterielItems.dwr HTTP/1.1" 200 2556
222.70.180.90 - - [09/Jun/2023:09:23:36 +0800] "GET /xingrg/kc/buy/cgsh_order_operate.html?command=get_materiel&rest_code=00111&code=00101006136&supplier_code=00100012&order_time=2023-06-09 HTTP/1.1" 200 417
101.83.241.135 - - [09/Jun/2023:09:23:37 +0800] "GET /xingrg/kc/print/load_data.html?order_code=212023060902968&kc_code=cgsh&condition= HTTP/1.1" 200 1618
172.20.0.100 - - [09/Jun/2023:09:23:39 +0800] "GET /xingrg/all/function/internal_message.html?_=1686273831249&CODE_STATE=getMsg HTTP/1.1" 302 -
172.20.0.100 - - [09/Jun/2023:09:23:40 +0800] "GET /xingrg/kc/guide/show_order.html?code=422023060400342&type=42 HTTP/1.1" 302 -
172.20.0.100 - - [09/Jun/2023:09:23:40 +0800] "GET /xingrg/kc/base/wldb_order_info.html?code=422023060400342&sysBaseUrl=http%3A%2F%2F172.20.0.8%3A18081%2Fxingrg%2F&costTime=0×tamp=1686273820074 HTTP/1.1" 200 26496
172.20.0.100 - - [09/Jun/2023:09:23:40 +0800] "GET /favicon.ico HTTP/1.1" 404 -
172.20.0.100 - - [09/Jun/2023:09:23:40 +0800] "GET /xingrg/javascript/easyui/themes/default/validatebox.css HTTP/1.1" 404 1104
172.20.0.100 - - [09/Jun/2023:09:23:41 +0800] "POST /xingrg/kc/base/wldb_order_operate.html HTTP/1.1" 200 3291
116.237.75.166 - - [09/Jun/2023:09:23:42 +0800] "GET /xingrg/all/function/internal_message.html?_=1686273821458&CODE_STATE=getMsg HTTP/1.1" 200 27
101.83.241.135 - - [09/Jun/2023:09:23:43 +0800] "GET /xingrg/kc/buy/cgsh_order_add.html HTTP/1.1" 200 71724
101.83.241.135 - - [09/Jun/2023:09:23:43 +0800] "POST /xingrg/kc/buy/cgsh_order_operate.html HTTP/1.1" 200 8245
101.83.241.135 - - [09/Jun/2023:09:23:43 +0800] "GET /xingrg/javascript/easyui/themes/default/validatebox.css HTTP/1.1" 404 1104
222.70.244.39 - - [09/Jun/2023:09:23:44 +0800] "GET /xingrg/all/function/internal_message.html?_=1686273809395&CODE_STATE=getMsg HTTP/1.1" 200 27
180.169.147.146 - - [09/Jun/2023:09:23:50 +0800] "GET /xingrg/all/function/internal_message.html?_=1686273826768&CODE_STATE=getMsg HTTP/1.1" 200 27
222.70.180.90 - - [09/Jun/2023:09:23:50 +0800] "GET /xingrg/kc/buy/cgsh_order_operate.html?command=get_materiel&rest_code=00111&code=00101016030&supplier_code=00100012&order_time=2023-06-09 HTTP/1.1" 200 412
180.162.230.74 - - [09/Jun/2023:09:23:52 +0800] "GET /xingrg/kc/buy/cgsh_order_operate.html?command=get_materiel&rest_code=00102&code=00101006012&supplier_code=00100323&order_time=2023-06-09 HTTP/1.1" 200 419
120.253.135.82 - - [09/Jun/2023:09:23:53 +0800] "GET /xingrg/check_reg.html?_=1686273668273 HTTP/1.1" 200 22
101.83.145.52 - - [09/Jun/2023:09:23:54 +0800] "GET /xingrg/check_reg.html?_=1686273833650 HTTP/1.1" 200 22
101.83.145.52 - - [09/Jun/2023:09:23:54 +0800] "GET /xingrg/all/function/internal_message.html?_=1686273833656&CODE_STATE=getMsg HTTP/1.1" 200 27
222.70.114.12 - - [09/Jun/2023:09:23:54 +0800] "GET /xingrg/all/function/internal_message.html?_=1686273839932&CODE_STATE=getMsg HTTP/1.1" 200 27
101.83.145.52 - - [09/Jun/2023:09:23:58 +0800] "GET /xingrg/all/function/internal_message.html?_=1686273666351&CODE_STATE=getMsg HTTP/1.1" 200 27
180.162.230.74 - - [09/Jun/2023:09:24:01 +0800] "POST /xingrg/kc/buy/cgsh_list_operate.html HTTP/1.1" 200 6718
172.20.0.100 - - [09/Jun/2023:09:24:01 +0800] "POST /xingrg/kc/base/wldb_order_operate.html HTTP/1.1" 200 12
222.70.180.90 - - [09/Jun/2023:09:24:02 +0800] "GET /xingrg/all/function/internal_message.html?_=1686273839145&CODE_STATE=getMsg HTTP/1.1" 200 27
222.70.180.90 - - [09/Jun/2023:09:24:02 +0800] "GET /xingrg/kc/buy/cgsh_order_operate.html?command=get_materiel&rest_code=00111&code=00101006111&supplier_code=00100012&order_time=2023-06-09 HTTP/1.1" 200 409
172.20.0.100 - - [09/Jun/2023:09:24:03 +0800] "GET /xingrg/kc/base/wldb_order_info.html?code=422023060400342 HTTP/1.1" 200 30368
222.67.234.146 - - [09/Jun/2023:09:24:03 +0800] "GET /xingrg/all/function/internal_message.html?_=1686273836756&CODE_STATE=getMsg HTTP/1.1" 200 27
172.20.0.100 - - [09/Jun/2023:09:24:04 +0800] "GET /favicon.ico HTTP/1.1" 404 -
172.20.0.100 - - [09/Jun/2023:09:24:04 +0800] "GET /xingrg/javascript/easyui/themes/default/validatebox.css HTTP/1.1" 404 1104
172.20.0.100 - - [09/Jun/2023:09:24:04 +0800] "POST /xingrg/kc/base/wldb_order_operate.html HTTP/1.1" 200 5070
172.20.0.100 - - [09/Jun/2023:09:24:06 +0800] "GET /xingrg/kc/base/stock_operate.html?_=1686273845928&command=get_report_file&start_day=20230601 HTTP/1.1" 200 53
172.20.0.100 - - [09/Jun/2023:09:24:06 +0800] "GET /xingrg/all/report/report_query.html?isQuery=1&onlyBody=1&rh=2000&fileName=kc/base/kc_stock_detail_new.xml&queryString=(1=1)&queryText=&tableQueryString=init_table$sp1$base_code='0010185'$sp$crk_table$sp1$order_day%20between%2020230601%20and%2020230630%20and%20base_code='0010185'&varString=start_day:20230601,materiel_code:00101010913,cost_id:4388,end_date:20230531 HTTP/1.1" 200 48669
172.20.0.100 - - [09/Jun/2023:09:24:06 +0800] "GET /xingrg/dwr/interface/AjaxReportQueryService.js HTTP/1.1" 200 13203
172.20.0.100 - - [09/Jun/2023:09:24:06 +0800] "GET /xingrg/dwr/engine.js HTTP/1.1" 200 43631
114.83.220.236 - - [09/Jun/2023:09:24:07 +0800] "GET /xingrg/all/function/internal_message.html?_=1686273950807&CODE_STATE=getMsg HTTP/1.1" 200 27
172.20.0.100 - - [09/Jun/2023:09:24:08 +0800] "POST /xingrg/all/report/load_report_page.html HTTP/1.1" 200 25134
172.20.0.100 - - [09/Jun/2023:09:24:08 +0800] "GET /xingrg/servlets/image?cache=0.5842181991771351&image=px HTTP/1.1" 200 807
180.162.230.74 - - [09/Jun/2023:09:24:08 +0800] "GET /xingrg/all/function/internal_message.html?_=1686273848424&CODE_STATE=getMsg HTTP/1.1" 200 27
101.83.241.135 - - [09/Jun/2023:09:24:10 +0800] "GET /xingrg/check_reg.html?_=1686273845535 HTTP/1.1" 200 22
101.83.241.135 - - [09/Jun/2023:09:24:11 +0800] "GET /xingrg/all/function/internal_message.html?_=1686273845622&CODE_STATE=getMsg HTTP/1.1" 200 27
116.238.139.35 - - [09/Jun/2023:09:24:11 +0800] "GET /xingrg/all/function/internal_message.html?_=1686273747699&CODE_STATE=getMsg HTTP/1.1" 200 27
116.237.75.166 - - [09/Jun/2023:09:24:13 +0800] "GET /xingrg/all/function/internal_message.html?_=1686273853696&CODE_STATE=getMsg HTTP/1.1" 200 27
116.237.75.166 - - [09/Jun/2023:09:24:13 +0800] "GET /xingrg/check_reg.html?_=1686273853698 HTTP/1.1" 200 22
116.238.139.35 - - [09/Jun/2023:09:24:14 +0800] "GET /xingrg/all/function/internal_message.html?_=1686273853425&CODE_STATE=getMsg HTTP/1.1" 200 27
116.232.195.127 - - [09/Jun/2023:09:24:16 +0800] "GET /xingrg/all/function/internal_message.html?_=1686273875996&CODE_STATE=getMsg HTTP/1.1" 200 27
116.232.195.127 - - [09/Jun/2023:09:24:16 +0800] "GET /xingrg/check_reg.html?_=1686273876000 HTTP/1.1" 200 22
172.20.0.100 - - [09/Jun/2023:09:24:18 +0800] "POST /xingrg/kc/base/wldb_list_operate.html HTTP/1.1" 200 928
172.20.0.100 - - [09/Jun/2023:09:24:20 +0800] "GET /xingrg/all/function/internal_message.html?_=1686273860289&CODE_STATE=getMsg HTTP/1.1" 200 27
172.20.0.100 - - [09/Jun/2023:09:24:20 +0800] "POST /xingrg/kc/base/wldb_list_operate.html HTTP/1.1" 200 1783
180.164.3.199 - - [09/Jun/2023:09:24:21 +0800] "GET /xingrg/all/function/internal_message.html?_=1686273861568&CODE_STATE=getMsg HTTP/1.1" 200 27
172.20.0.100 - - [09/Jun/2023:09:24:22 +0800] "POST /xingrg/kc/base/wldb_list_operate.html HTTP/1.1" 200 605
222.70.180.90 - - [09/Jun/2023:09:24:24 +0800] "GET /xingrg/kc/buy/cgsh_order_operate.html?command=get_materiel&rest_code=00111&code=00101006109&supplier_code=00100012&order_time=2023-06-09 HTTP/1.1" 200 409
172.20.0.100 - - [09/Jun/2023:09:24:30 +0800] "POST /xingrg/kc/base/wldb_list_operate.html HTTP/1.1" 200 4
172.20.0.100 - - [09/Jun/2023:09:24:32 +0800] "POST /xingrg/kc/base/wldb_list_operate.html HTTP/1.1" 200 1799
172.20.0.100 - - [09/Jun/2023:09:24:34 +0800] "GET /xingrg/kc/base/stock_operate.html?_=1686273873561&command=get_report_file&start_day=20230601 HTTP/1.1" 200 53
172.20.0.100 - - [09/Jun/2023:09:24:34 +0800] "GET /xingrg/all/report/report_query.html?isQuery=1&onlyBody=1&rh=2000&fileName=kc/base/kc_stock_detail_new.xml&queryString=(1=1)&queryText=&tableQueryString=init_table$sp1$base_code='0010185'$sp$crk_table$sp1$order_day%20between%2020230601%20and%2020230630%20and%20base_code='0010185'&varString=start_day:20230601,materiel_code:00101010913,cost_id:4388,end_date:20230531 HTTP/1.1" 200 48669
172.20.0.100 - - [09/Jun/2023:09:24:34 +0800] "GET /xingrg/dwr/interface/AjaxReportQueryService.js HTTP/1.1" 200 13203
172.20.0.100 - - [09/Jun/2023:09:24:34 +0800] "GET /xingrg/dwr/engine.js HTTP/1.1" 200 43631
116.237.75.166 - - [09/Jun/2023:09:24:35 +0800] "GET /xingrg/kc/buy/cgsh_order_operate.html?command=get_materiel&rest_code=00106&code=00101013076&supplier_code=00100007&order_time=2023-06-09 HTTP/1.1" 200 440
172.20.0.100 - - [09/Jun/2023:09:24:35 +0800] "POST /xingrg/all/report/load_report_page.html HTTP/1.1" 200 29992
172.20.0.100 - - [09/Jun/2023:09:24:35 +0800] "GET /xingrg/servlets/image?cache=0.971284064556609&image=px HTTP/1.1" 200 807
222.70.180.90 - - [09/Jun/2023:09:24:37 +0800] "GET /xingrg/kc/buy/cgsh_order_operate.html?command=get_materiel&rest_code=00111&code=00101006087&supplier_code=00100012&order_time=2023-06-09 HTTP/1.1" 200 409
172.20.0.100 - - [09/Jun/2023:09:24:39 +0800] "GET /xingrg/all/function/internal_message.html?_=1686273891249&CODE_STATE=getMsg HTTP/1.1" 302 -
116.237.75.166 - - [09/Jun/2023:09:24:42 +0800] "GET /xingrg/all/function/internal_message.html?_=1686273881463&CODE_STATE=getMsg HTTP/1.1" 200 27
222.70.244.39 - - [09/Jun/2023:09:24:44 +0800] "GET /xingrg/all/function/internal_message.html?_=1686273869396&CODE_STATE=getMsg HTTP/1.1" 200 27
180.169.147.146 - - [09/Jun/2023:09:24:50 +0800] "GET /xingrg/check_reg.html?_=1686273886754 HTTP/1.1" 200 22
180.169.147.146 - - [09/Jun/2023:09:24:50 +0800] "GET /xingrg/all/function/internal_message.html?_=1686273886755&CODE_STATE=getMsg HTTP/1.1" 200 27
222.70.180.90 - - [09/Jun/2023:09:24:51 +0800] "POST /xingrg/kc/buy/cgsh_order_operate.html HTTP/1.1" 200 37
101.83.145.52 - - [09/Jun/2023:09:24:54 +0800] "GET /xingrg/all/function/internal_message.html?_=1686273893658&CODE_STATE=getMsg HTTP/1.1" 200 27
222.70.114.12 - - [09/Jun/2023:09:24:54 +0800] "GET /xingrg/all/function/internal_message.html?_=1686273899930&CODE_STATE=getMsg HTTP/1.1" 200 27
101.83.241.135 - - [09/Jun/2023:09:24:58 +0800] "GET /xingrg/kc/buy/cgsh_order_operate.html?command=get_materiel&rest_code=00149&code=00101012028&supplier_code=00100096&order_time=2023-06-09 HTTP/1.1" 200 414
101.83.145.52 - - [09/Jun/2023:09:24:58 +0800] "GET /xingrg/check_reg.html?_=1686273726352 HTTP/1.1" 200 22
101.83.145.52 - - [09/Jun/2023:09:24:58 +0800] "GET /xingrg/all/function/internal_message.html?_=1686273726355&CODE_STATE=getMsg HTTP/1.1" 200 27
116.237.75.166 - - [09/Jun/2023:09:25:00 +0800] "POST /xingrg/kc/buy/cgsh_order_operate.html HTTP/1.1" 200 2065
222.70.180.90 - - [09/Jun/2023:09:25:02 +0800] "GET /xingrg/all/function/internal_message.html?_=1686273899154&CODE_STATE=getMsg HTTP/1.1" 200 27
222.70.180.90 - - [09/Jun/2023:09:25:02 +0800] "POST /xingrg/kc/buy/cgsh_order_operate.html HTTP/1.1" 200 6797
222.67.234.146 - - [09/Jun/2023:09:25:03 +0800] "GET /xingrg/all/function/internal_message.html?_=1686273896749&CODE_STATE=getMsg HTTP/1.1" 200 27
222.70.180.90 - - [09/Jun/2023:09:25:05 +0800] "GET /xingrg/kc/print/load_data.html?order_code=212023060902969&kc_code=cgsh&condition= HTTP/1.1" 200 2338
114.83.220.236 - - [09/Jun/2023:09:25:07 +0800] "GET /xingrg/all/function/internal_message.html?_=1686274010800&CODE_STATE=getMsg HTTP/1.1" 200 27
180.162.230.74 - - [09/Jun/2023:09:25:08 +0800] "GET /xingrg/all/function/internal_message.html?_=1686273908425&CODE_STATE=getMsg HTTP/1.1" 200 27
116.237.75.166 - - [09/Jun/2023:09:25:10 +0800] "GET /xingrg/kc/buy/cgsh_order_operate.html?command=get_materiel&rest_code=00106&code=00101008126&supplier_code=00100007&order_time=2023-06-09 HTTP/1.1" 200 412
101.83.241.135 - - [09/Jun/2023:09:25:10 +0800] "GET /xingrg/kc/buy/cgsh_order_operate.html?command=get_materiel&rest_code=00149&code=00101016025&supplier_code=00100096&order_time=2023-06-09 HTTP/1.1" 200 410
116.238.139.35 - - [09/Jun/2023:09:25:10 +0800] "GET /xingrg/check_reg.html?_=1686273807307 HTTP/1.1" 200 22
101.83.241.135 - - [09/Jun/2023:09:25:11 +0800] "GET /xingrg/all/function/internal_message.html?_=1686273905602&CODE_STATE=getMsg HTTP/1.1" 200 27
116.238.139.35 - - [09/Jun/2023:09:25:11 +0800] "GET /xingrg/all/function/internal_message.html?_=1686273807743&CODE_STATE=getMsg HTTP/1.1" 200 27
116.237.75.166 - - [09/Jun/2023:09:25:13 +0800] "GET /xingrg/all/function/internal_message.html?_=1686273913685&CODE_STATE=getMsg HTTP/1.1" 200 27
116.238.139.35 - - [09/Jun/2023:09:25:14 +0800] "GET /xingrg/all/function/internal_message.html?_=1686273913425&CODE_STATE=getMsg HTTP/1.1" 200 27
116.232.195.127 - - [09/Jun/2023:09:25:16 +0800] "GET /xingrg/all/function/internal_message.html?_=1686273935993&CODE_STATE=getMsg HTTP/1.1" 200 27
116.237.75.166 - - [09/Jun/2023:09:25:18 +0800] "GET /xingrg/kc/buy/cgsh_order_operate.html?command=get_materiel&rest_code=00106&code=00101008361&supplier_code=00100007&order_time=2023-06-09 HTTP/1.1" 200 408
172.20.0.100 - - [09/Jun/2023:09:25:20 +0800] "GET /xingrg/all/function/internal_message.html?_=1686273920287&CODE_STATE=getMsg HTTP/1.1" 200 27
180.164.3.199 - - [09/Jun/2023:09:25:21 +0800] "GET /xingrg/all/function/internal_message.html?_=1686273921558&CODE_STATE=getMsg HTTP/1.1" 200 27
101.83.241.135 - - [09/Jun/2023:09:25:21 +0800] "GET /xingrg/kc/buy/cgsh_order_operate.html?command=get_materiel&rest_code=00149&code=00101016030&supplier_code=00100096&order_time=2023-06-09 HTTP/1.1" 200 412
116.237.75.166 - - [09/Jun/2023:09:25:26 +0800] "GET /xingrg/kc/buy/cgsh_order_operate.html?command=get_materiel&rest_code=00106&code=00101008213&supplier_code=00100007&order_time=2023-06-09 HTTP/1.1" 200 412
116.237.75.166 - - [09/Jun/2023:09:25:38 +0800] "POST /xingrg/kc/buy/cgsh_order_operate.html HTTP/1.1" 200 37
172.20.0.100 - - [09/Jun/2023:09:25:39 +0800] "GET /xingrg/all/function/internal_message.html?_=1686273951247&CODE_STATE=getMsg HTTP/1.1" 302 -
101.83.241.135 - - [09/Jun/2023:09:25:41 +0800] "GET /xingrg/kc/buy/cgsh_order_operate.html?command=get_materiel&rest_code=00149&code=00101006109&supplier_code=00100096&order_time=2023-06-09 HTTP/1.1" 200 23
222.70.244.39 - - [09/Jun/2023:09:25:44 +0800] "GET /xingrg/all/function/internal_message.html?_=1686273929807&CODE_STATE=getMsg HTTP/1.1" 200 27
222.67.234.146 - - [09/Jun/2023:09:25:46 +0800] "GET /xingrg/check_reg.html?_=1686273447461 HTTP/1.1" 302 -
116.237.75.166 - - [09/Jun/2023:09:25:47 +0800] "GET /xingrg/all/function/internal_message.html?_=1686273946452&CODE_STATE=getMsg HTTP/1.1" 200 27
116.237.75.166 - - [09/Jun/2023:09:25:47 +0800] "POST /xingrg/kc/buy/cgsh_order_operate.html HTTP/1.1" 200 22171
180.169.147.146 - - [09/Jun/2023:09:25:50 +0800] "GET /xingrg/all/function/internal_message.html?_=1686273946753&CODE_STATE=getMsg HTTP/1.1" 200 27
101.83.241.135 - - [09/Jun/2023:09:25:52 +0800] "POST /xingrg/kc/buy/cgsh_order_operate.html HTTP/1.1" 200 37
101.83.145.52 - - [09/Jun/2023:09:25:54 +0800] "GET /xingrg/all/function/internal_message.html?_=1686273953645&CODE_STATE=getMsg HTTP/1.1" 200 27
222.70.114.12 - - [09/Jun/2023:09:25:54 +0800] "GET /xingrg/all/function/internal_message.html?_=1686273959930&CODE_STATE=getMsg HTTP/1.1" 200 27
222.70.114.12 - - [09/Jun/2023:09:25:54 +0800] "GET /xingrg/check_reg.html?_=1686273959922 HTTP/1.1" 200 22
101.83.241.135 - - [09/Jun/2023:09:25:55 +0800] "POST /xingrg/kc/buy/cgsh_order_operate.html HTTP/1.1" 200 3840
172.20.0.100 - - [09/Jun/2023:09:25:57 +0800] "POST /xingrg/kc/base/wldb_list_operate.html HTTP/1.1" 200 1799
101.83.145.52 - - [09/Jun/2023:09:25:58 +0800] "GET /xingrg/all/function/internal_message.html?_=1686273786355&CODE_STATE=getMsg HTTP/1.1" 200 27
101.83.241.135 - - [09/Jun/2023:09:25:58 +0800] "GET /xingrg/login.html HTTP/1.1" 200 7641
101.83.241.135 - - [09/Jun/2023:09:25:59 +0800] "GET /favicon.ico HTTP/1.1" 404 -
172.20.0.100 - - [09/Jun/2023:09:26:00 +0800] "GET /xingrg/kc/base/wldb_order_list.html HTTP/1.1" 200 19339
172.20.0.100 - - [09/Jun/2023:09:26:01 +0800] "POST /xingrg/kc/base/wldb_list_operate.html HTTP/1.1" 200 928
222.70.180.90 - - [09/Jun/2023:09:26:02 +0800] "GET /xingrg/check_reg.html?_=1686273959163 HTTP/1.1" 200 22
222.70.180.90 - - [09/Jun/2023:09:26:02 +0800] "GET /xingrg/all/function/internal_message.html?_=1686273959165&CODE_STATE=getMsg HTTP/1.1" 200 27
222.67.234.146 - - [09/Jun/2023:09:26:03 +0800] "GET /xingrg/all/function/internal_message.html?_=1686273956743&CODE_STATE=getMsg HTTP/1.1" 200 27
116.238.139.35 - - [09/Jun/2023:09:26:04 +0800] "POST /xingrg/services/DataTransmitService HTTP/1.1" 200 524
180.164.3.199 - - [09/Jun/2023:09:26:05 +0800] "GET /xingrg/all/report/report_query.html?fileName=kc/buy/yfk_hz_supplier.xml HTTP/1.1" 200 53943
180.164.3.199 - - [09/Jun/2023:09:26:05 +0800] "GET /xingrg/dwr/interface/AjaxReportQueryService.js HTTP/1.1" 200 13203
180.164.3.199 - - [09/Jun/2023:09:26:05 +0800] "GET /xingrg/dwr/engine.js HTTP/1.1" 200 43631
180.164.3.199 - - [09/Jun/2023:09:26:05 +0800] "POST /xingrg/dwr/call/plaincall/AjaxReportQueryService.getFixDate.dwr HTTP/1.1" 200 111
180.164.3.199 - - [09/Jun/2023:09:26:06 +0800] "POST /xingrg/all/common/load_tree.html?tree=supplier_tree_json&manage=1 HTTP/1.1" 200 76485
172.20.0.100 - - [09/Jun/2023:09:26:06 +0800] "GET /xingrg/kc/base/check_order_list.html HTTP/1.1" 200 16464
114.83.220.236 - - [09/Jun/2023:09:26:07 +0800] "GET /xingrg/check_reg.html?_=1686274070796 HTTP/1.1" 200 22
114.83.220.236 - - [09/Jun/2023:09:26:07 +0800] "GET /xingrg/all/function/internal_message.html?_=1686274070800&CODE_STATE=getMsg HTTP/1.1" 200 27
101.83.241.135 - - [09/Jun/2023:09:26:07 +0800] "POST /xingrg/login.do HTTP/1.1" 302 -
101.83.241.135 - - [09/Jun/2023:09:26:07 +0800] "GET /xingrg/index.html?sysBaseUrl=http%3A%2F%2F180.169.147.146%3A18081%2Fxingrg%2F&costTime=1503×tamp=1686273967011 HTTP/1.1" 200 17179
101.83.241.135 - - [09/Jun/2023:09:26:07 +0800] "GET /favicon.ico HTTP/1.1" 404 -
101.83.241.135 - - [09/Jun/2023:09:26:07 +0800] "GET /xingrg/check_reg.html?_=1686273961930 HTTP/1.1" 200 22
101.83.241.135 - - [09/Jun/2023:09:26:07 +0800] "GET /xingrg/all/function/internal_message.html?_=1686273961929&CODE_STATE=count HTTP/1.1" 200 11
101.83.241.135 - - [09/Jun/2023:09:26:07 +0800] "POST /xingrg/all/common/load_tree.html?tree=area_rest_tree_json&manage=1 HTTP/1.1" 200 351
172.20.0.100 - - [09/Jun/2023:09:26:07 +0800] "POST /xingrg/kc/base/check_list_operate.html HTTP/1.1" 200 781
101.83.241.135 - - [09/Jun/2023:09:26:07 +0800] "POST /xingrg/load_menu.html HTTP/1.1" 200 5138
180.162.230.74 - - [09/Jun/2023:09:26:08 +0800] "GET /xingrg/all/function/internal_message.html?_=1686273968409&CODE_STATE=getMsg HTTP/1.1" 200 27
180.162.230.74 - - [09/Jun/2023:09:26:08 +0800] "GET /xingrg/check_reg.html?_=1686273968736 HTTP/1.1" 200 22
180.164.3.199 - - [09/Jun/2023:09:26:09 +0800] "POST /xingrg/dwr/call/plaincall/AjaxReportQueryService.getFixDate.dwr HTTP/1.1" 200 111
101.83.241.135 - - [09/Jun/2023:09:26:10 +0800] "GET /xingrg/kc/buy/cgsh_order_list.html HTTP/1.1" 200 55860
116.238.139.35 - - [09/Jun/2023:09:26:11 +0800] "GET /xingrg/all/function/internal_message.html?_=1686273867788&CODE_STATE=getMsg HTTP/1.1" 200 27
172.20.0.100 - - [09/Jun/2023:09:26:12 +0800] "POST /xingrg/kc/base/check_list_operate.html HTTP/1.1" 200 5613
101.83.241.135 - - [09/Jun/2023:09:26:13 +0800] "POST /xingrg/kc/buy/cgsh_list_operate.html HTTP/1.1" 200 1852
116.237.75.166 - - [09/Jun/2023:09:26:13 +0800] "GET /xingrg/all/function/internal_message.html?_=1686273973676&CODE_STATE=getMsg HTTP/1.1" 200 27
116.238.139.35 - - [09/Jun/2023:09:26:14 +0800] "GET /xingrg/all/function/internal_message.html?_=1686273973426&CODE_STATE=getMsg HTTP/1.1" 200 27
101.83.241.135 - - [09/Jun/2023:09:26:15 +0800] "POST /xingrg/kc/buy/cgsh_list_operate.html HTTP/1.1" 200 348
116.232.195.127 - - [09/Jun/2023:09:26:16 +0800] "GET /xingrg/all/function/internal_message.html?_=1686273995992&CODE_STATE=getMsg HTTP/1.1" 200 27
101.83.241.135 - - [09/Jun/2023:09:26:16 +0800] "GET /xingrg/kc/buy/cgsh_order_info.html?code=212023060902970 HTTP/1.1" 200 71723
180.164.3.199 - - [09/Jun/2023:09:26:17 +0800] "POST /xingrg/dwr/call/plaincall/AjaxReportQueryService.refreshCache.dwr HTTP/1.1" 200 78
101.83.241.135 - - [09/Jun/2023:09:26:17 +0800] "GET /xingrg/javascript/easyui/themes/default/validatebox.css HTTP/1.1" 404 1104
101.83.241.135 - - [09/Jun/2023:09:26:17 +0800] "GET /xingrg/all/common/auto_word.html?type=employee&rest_code=00149 HTTP/1.1" 200 197
101.83.241.135 - - [09/Jun/2023:09:26:17 +0800] "GET /xingrg/all/common/auto_word.html?type=employee&rest_code=00149 HTTP/1.1" 200 197
101.83.241.135 - - [09/Jun/2023:09:26:18 +0800] "POST /xingrg/kc/buy/cgsh_order_operate.html HTTP/1.1" 200 3840
180.164.3.199 - - [09/Jun/2023:09:26:18 +0800] "POST /xingrg/all/report/load_report_page.html HTTP/1.1" 200 10350
180.164.3.199 - - [09/Jun/2023:09:26:18 +0800] "GET /xingrg/servlets/image?cache=0.8722050623407814&image=px HTTP/1.1" 200 807
172.20.0.100 - - [09/Jun/2023:09:26:20 +0800] "GET /xingrg/check_reg.html?_=1686273980292 HTTP/1.1" 200 22
172.20.0.100 - - [09/Jun/2023:09:26:20 +0800] "GET /xingrg/all/function/internal_message.html?_=1686273980295&CODE_STATE=getMsg HTTP/1.1" 200 27
180.164.3.199 - - [09/Jun/2023:09:26:21 +0800] "GET /xingrg/check_reg.html?_=1686273981566 HTTP/1.1" 200 22
180.164.3.199 - - [09/Jun/2023:09:26:21 +0800] "GET /xingrg/all/function/internal_message.html?_=1686273981568&CODE_STATE=getMsg HTTP/1.1" 200 27
101.83.241.135 - - [09/Jun/2023:09:26:22 +0800] "GET /xingrg/javascript/auto/indicator.gif HTTP/1.1" 404 1066
101.83.241.135 - - [09/Jun/2023:09:26:26 +0800] "GET /xingrg/kc/buy/cgsh_order_operate.html?command=get_materiel&rest_code=00149&code=00101006109&supplier_code=00100096&order_time=2023-06-09 HTTP/1.1" 200 410
180.164.3.199 - - [09/Jun/2023:09:26:27 +0800] "GET /xingrg/all/report/report_query.html?isQuery=1&fileName=kc/buy/gys_order.xml&queryString=(a.supplier_code%3D'00100012')%20and%20(CONVERT(char(10)%2Ca.order_time%2C%20120)%3E%3D'2023-05-01')%20and%20('2023-05-31'%3E%3DCONVERT(char(10)%2Ca.order_time%2C%20120))&queryText=%E3%80%90%E6%9F%A5%E8%AF%A2%E6%97%A5%E6%9C%9F%3A2023-05-01%20%E8%87%B3%202023-05-31%E3%80%91%20%E5%B9%B6%E4%B8%94%20%20%E3%80%90%E4%BE%9B%E5%BA%94%E5%95%86%20%3D%20%E7%8C%AA%E8%82%89%EF%BC%88%E6%9D%8E%E8%B4%BB%E5%8D%8E%EF%BC%89%E3%80%91%20%E3%80%90%E4%BE%9B%E5%BA%94%E5%95%86%20%3D%20%E7%8C%AA%E8%82%89%EF%BC%88%E6%9D%8E%E8%B4%BB%E5%8D%8E%EF%BC%89%E3%80%91&rand=0.9157403861601451 HTTP/1.1" 200 8211
180.164.3.199 - - [09/Jun/2023:09:26:27 +0800] "GET /xingrg/all/report/report_query.html?isQuery=1&fileName=kc/buy/gys_order.xml&queryString=(a.supplier_code%3D'00100012')%20and%20(CONVERT(char(10)%2Ca.order_time%2C%20120)%3E%3D'2023-05-01')%20and%20('2023-05-31'%3E%3DCONVERT(char(10)%2Ca.order_time%2C%20120))&queryText=%E3%80%90%E6%9F%A5%E8%AF%A2%E6%97%A5%E6%9C%9F%3A2023-05-01%20%E8%87%B3%202023-05-31%E3%80%91%20%E5%B9%B6%E4%B8%94%20%20%E3%80%90%E4%BE%9B%E5%BA%94%E5%95%86%20%3D%20%E7%8C%AA%E8%82%89%EF%BC%88%E6%9D%8E%E8%B4%BB%E5%8D%8E%EF%BC%89%E3%80%91%20%E3%80%90%E4%BE%9B%E5%BA%94%E5%95%86%20%3D%20%E7%8C%AA%E8%82%89%EF%BC%88%E6%9D%8E%E8%B4%BB%E5%8D%8E%EF%BC%89%E3%80%91&rand=0.9157403861601451 HTTP/1.1" 200 51518
180.164.3.199 - - [09/Jun/2023:09:26:27 +0800] "GET /xingrg/dwr/engine.js HTTP/1.1" 200 43631
180.164.3.199 - - [09/Jun/2023:09:26:27 +0800] "GET /xingrg/dwr/interface/AjaxReportQueryService.js HTTP/1.1" 200 13203
180.164.3.199 - - [09/Jun/2023:09:26:28 +0800] "POST /xingrg/all/report/load_report_page.html HTTP/1.1" 200 121260
180.164.3.199 - - [09/Jun/2023:09:26:28 +0800] "GET /xingrg/servlets/image?cache=0.5976276073987425&image=px HTTP/1.1" 200 807
172.20.0.100 - - [09/Jun/2023:09:26:39 +0800] "GET /xingrg/all/function/internal_message.html?_=1686274011245&CODE_STATE=getMsg HTTP/1.1" 302 -
222.70.244.39 - - [09/Jun/2023:09:26:39 +0800] "GET /xingrg/check_reg.html?_=1686273984512 HTTP/1.1" 200 22
101.83.241.135 - - [09/Jun/2023:09:26:43 +0800] "GET /xingrg/kc/buy/cgsh_order_operate.html?command=get_materiel&rest_code=00149&code=00101006184&supplier_code=00100096&order_time=2023-06-09 HTTP/1.1" 200 408
222.70.244.39 - - [09/Jun/2023:09:26:44 +0800] "GET /xingrg/all/function/internal_message.html?_=1686273989813&CODE_STATE=getMsg HTTP/1.1" 200 27
116.237.75.166 - - [09/Jun/2023:09:26:47 +0800] "GET /xingrg/all/function/internal_message.html?_=1686274006427&CODE_STATE=getMsg HTTP/1.1" 200 27
116.237.75.166 - - [09/Jun/2023:09:26:49 +0800] "GET /xingrg/kc/buy/cgsh_order_operate.html?command=get_materiel&rest_code=00106&code=00101008239&supplier_code=00100007&order_time=2023-06-09 HTTP/1.1" 200 416
180.169.147.146 - - [09/Jun/2023:09:26:50 +0800] "GET /xingrg/all/function/internal_message.html?_=1686274006754&CODE_STATE=getMsg HTTP/1.1" 200 27
101.83.145.52 - - [09/Jun/2023:09:26:54 +0800] "GET /xingrg/all/function/internal_message.html?_=1686274013646&CODE_STATE=getMsg HTTP/1.1" 200 27
222.70.114.12 - - [09/Jun/2023:09:26:54 +0800] "GET /xingrg/all/function/internal_message.html?_=1686274019930&CODE_STATE=getMsg HTTP/1.1" 200 27
101.83.241.135 - - [09/Jun/2023:09:26:55 +0800] "GET /xingrg/kc/buy/cgsh_order_operate.html?command=get_materiel&rest_code=00149&code=00101006055&supplier_code=00100096&order_time=2023-06-09 HTTP/1.1" 200 409
101.83.145.52 - - [09/Jun/2023:09:26:58 +0800] "GET /xingrg/all/function/internal_message.html?_=1686273846381&CODE_STATE=getMsg HTTP/1.1" 200 27
222.70.180.90 - - [09/Jun/2023:09:27:02 +0800] "GET /xingrg/all/function/internal_message.html?_=1686274019165&CODE_STATE=getMsg HTTP/1.1" 200 27
222.67.234.146 - - [09/Jun/2023:09:27:03 +0800] "GET /xingrg/all/function/internal_message.html?_=1686274016756&CODE_STATE=getMsg HTTP/1.1" 200 27
180.164.3.199 - - [09/Jun/2023:09:27:03 +0800] "GET /xingrg/kc/buy/cgsh_order_info.html?isLook=1&code=212023050300864 HTTP/1.1" 200 66637
180.164.3.199 - - [09/Jun/2023:09:27:04 +0800] "GET /xingrg/words/20230608145528_words.js HTTP/1.1" 200 967784
180.164.3.199 - - [09/Jun/2023:09:27:04 +0800] "GET /favicon.ico HTTP/1.1" 404 -
180.164.3.199 - - [09/Jun/2023:09:27:04 +0800] "GET /xingrg/javascript/easyui/themes/default/validatebox.css HTTP/1.1" 404 1104
180.164.3.199 - - [09/Jun/2023:09:27:05 +0800] "POST /xingrg/kc/buy/cgsh_order_operate.html HTTP/1.1" 200 2386
101.83.241.135 - - [09/Jun/2023:09:27:06 +0800] "GET /xingrg/kc/buy/cgsh_order_operate.html?command=get_materiel&rest_code=00149&code=00101006113&supplier_code=00100096&order_time=2023-06-09 HTTP/1.1" 200 413
114.83.220.236 - - [09/Jun/2023:09:27:06 +0800] "GET /xingrg/all/function/internal_message.html?_=1686274130792&CODE_STATE=getMsg HTTP/1.1" 200 27
101.83.241.135 - - [09/Jun/2023:09:27:07 +0800] "GET /xingrg/all/function/internal_message.html?_=1686274021950&CODE_STATE=getMsg HTTP/1.1" 200 27
180.162.230.74 - - [09/Jun/2023:09:27:08 +0800] "GET /xingrg/all/function/internal_message.html?_=1686274028405&CODE_STATE=getMsg HTTP/1.1" 200 27
116.238.139.35 - - [09/Jun/2023:09:27:11 +0800] "GET /xingrg/all/function/internal_message.html?_=1686273927802&CODE_STATE=getMsg HTTP/1.1" 200 27
116.237.75.166 - - [09/Jun/2023:09:27:11 +0800] "POST /xingrg/kc/buy/cgsh_order_operate.html HTTP/1.1" 200 37
101.229.22.40 - - [09/Jun/2023:09:27:12 +0800] "GET /favicon.ico HTTP/1.1" 404 -
101.229.22.40 - - [09/Jun/2023:09:27:12 +0800] "GET /xingrg/login.html HTTP/1.1" 200 7641
101.229.22.40 - - [09/Jun/2023:09:27:13 +0800] "GET /xingrg/images/blue/jxLogo.png HTTP/1.1" 304 -
101.229.22.40 - - [09/Jun/2023:09:27:13 +0800] "GET /xingrg/images/blue/login_bg.png HTTP/1.1" 304 -
101.229.22.40 - - [09/Jun/2023:09:27:13 +0800] "GET /xingrg/images/blue/hj.png HTTP/1.1" 304 -
101.229.22.40 - - [09/Jun/2023:09:27:13 +0800] "GET /xingrg/images/blue/srbg.png HTTP/1.1" 304 -
101.229.22.40 - - [09/Jun/2023:09:27:13 +0800] "GET /favicon.ico HTTP/1.1" 404 -
116.237.75.166 - - [09/Jun/2023:09:27:13 +0800] "GET /xingrg/all/function/internal_message.html?_=1686274033694&CODE_STATE=getMsg HTTP/1.1" 200 27
116.238.139.35 - - [09/Jun/2023:09:27:14 +0800] "GET /xingrg/all/function/internal_message.html?_=1686274033428&CODE_STATE=getMsg HTTP/1.1" 200 27
116.238.139.35 - - [09/Jun/2023:09:27:14 +0800] "GET /xingrg/check_reg.html?_=1686274033431 HTTP/1.1" 200 22
101.83.241.135 - - [09/Jun/2023:09:27:15 +0800] "POST /xingrg/kc/buy/cgsh_order_operate.html HTTP/1.1" 200 2065
116.232.195.127 - - [09/Jun/2023:09:27:16 +0800] "GET /xingrg/all/function/internal_message.html?_=1686274056012&CODE_STATE=getMsg HTTP/1.1" 200 27
172.20.0.100 - - [09/Jun/2023:09:27:20 +0800] "GET /xingrg/all/function/internal_message.html?_=1686274040284&CODE_STATE=getMsg HTTP/1.1" 200 27
114.85.113.108 - - [09/Jun/2023:09:27:21 +0800] "GET /xingrg/check_reg.html?_=1686274039083 HTTP/1.1" 200 22
116.237.75.166 - - [09/Jun/2023:09:27:21 +0800] "POST /xingrg/kc/buy/cgsh_order_operate.html HTTP/1.1" 200 22769
180.164.3.199 - - [09/Jun/2023:09:27:21 +0800] "GET /xingrg/all/function/internal_message.html?_=1686274041563&CODE_STATE=getMsg HTTP/1.1" 200 27
116.237.75.166 - - [09/Jun/2023:09:27:35 +0800] "GET /xingrg/check_reg.html?_=1686274054986 HTTP/1.1" 200 22
101.229.22.40 - - [09/Jun/2023:09:27:36 +0800] "POST /xingrg/login.do HTTP/1.1" 302 -
101.229.22.40 - - [09/Jun/2023:09:27:36 +0800] "GET /xingrg/index.html?sysBaseUrl=http%3A%2F%2F180.169.147.146%3A18081%2Fxingrg%2F&costTime=797×tamp=1686274056367 HTTP/1.1" 200 17179
101.229.22.40 - - [09/Jun/2023:09:27:36 +0800] "GET /xingrg/javascript/jquery_easy_ui/themes/default/easyui.css HTTP/1.1" 304 -
101.229.22.40 - - [09/Jun/2023:09:27:36 +0800] "GET /xingrg/javascript/jquery_easy_ui/themes/icon.css HTTP/1.1" 304 -
101.229.22.40 - - [09/Jun/2023:09:27:36 +0800] "GET /xingrg/css/form.css HTTP/1.1" 304 -
101.229.22.40 - - [09/Jun/2023:09:27:36 +0800] "GET /xingrg/javascript/jquery_easy_ui/easyui-lang-zh_CN.js HTTP/1.1" 304 -
101.229.22.40 - - [09/Jun/2023:09:27:36 +0800] "GET /xingrg/javascript/jquery.form.js HTTP/1.1" 304 -
101.229.22.40 - - [09/Jun/2023:09:27:36 +0800] "GET /xingrg/javascript/jquery.utils.js HTTP/1.1" 304 -
101.229.22.40 - - [09/Jun/2023:09:27:36 +0800] "GET /xingrg/javascript/jquery_easy_ui/jquery.easyui.min.js HTTP/1.1" 304 -
101.229.22.40 - - [09/Jun/2023:09:27:36 +0800] "GET /xingrg/javascript/jquery-1.4.2.min.js HTTP/1.1" 304 -
101.229.22.40 - - [09/Jun/2023:09:27:36 +0800] "GET /xingrg/javascript/jquery.timers.js HTTP/1.1" 304 -
101.229.22.40 - - [09/Jun/2023:09:27:36 +0800] "GET /favicon.ico HTTP/1.1" 404 -
101.229.22.40 - - [09/Jun/2023:09:27:36 +0800] "GET /xingrg/javascript/jquery_easy_ui/themes/icons/settle_new.png HTTP/1.1" 304 -
101.229.22.40 - - [09/Jun/2023:09:27:36 +0800] "GET /xingrg/images/blue/navBackgound.jpg HTTP/1.1" 304 -
101.229.22.40 - - [09/Jun/2023:09:27:36 +0800] "GET /xingrg/all/function/internal_message.html?_=1686274055401&CODE_STATE=count HTTP/1.1" 200 11
101.229.22.40 - - [09/Jun/2023:09:27:36 +0800] "GET /xingrg/check_reg.html?_=1686274055402 HTTP/1.1" 200 22
101.229.22.40 - - [09/Jun/2023:09:27:36 +0800] "POST /xingrg/all/common/load_tree.html?tree=area_rest_tree_json&manage=1 HTTP/1.1" 200 351
101.229.22.40 - - [09/Jun/2023:09:27:36 +0800] "GET /xingrg/images/blue/pingpu.png HTTP/1.1" 304 -
101.229.22.40 - - [09/Jun/2023:09:27:36 +0800] "GET /xingrg/javascript/jquery_easy_ui/themes/default/images/tabs_leftarrow.png HTTP/1.1" 304 -
101.229.22.40 - - [09/Jun/2023:09:27:36 +0800] "GET /xingrg/javascript/jquery_easy_ui/themes/default/images/tabs_rightarrow.png HTTP/1.1" 304 -
101.229.22.40 - - [09/Jun/2023:09:27:36 +0800] "GET /xingrg/javascript/jquery_easy_ui/themes/default/images/panel_tool_collapse.gif HTTP/1.1" 304 -
101.229.22.40 - - [09/Jun/2023:09:27:36 +0800] "POST /xingrg/load_menu.html HTTP/1.1" 200 5138
101.229.22.40 - - [09/Jun/2023:09:27:37 +0800] "GET /xingrg/javascript/jquery_easy_ui/themes/default/images/tree_arrows.gif HTTP/1.1" 304 -
101.229.22.40 - - [09/Jun/2023:09:27:37 +0800] "GET /xingrg/javascript/jquery_easy_ui/themes/default/images/tree_folder.gif HTTP/1.1" 304 -
101.229.22.40 - - [09/Jun/2023:09:27:37 +0800] "GET /xingrg/javascript/jquery_easy_ui/themes/icons/search_new.png HTTP/1.1" 304 -
101.229.22.40 - - [09/Jun/2023:09:27:37 +0800] "GET /xingrg/javascript/jquery_easy_ui/themes/default/images/tree_folder_open.gif HTTP/1.1" 304 -
101.229.22.40 - - [09/Jun/2023:09:27:37 +0800] "GET /xingrg/javascript/jquery_easy_ui/themes/icons/storage_new.png HTTP/1.1" 304 -
101.229.22.40 - - [09/Jun/2023:09:27:37 +0800] "GET /xingrg/javascript/jquery_easy_ui/themes/icons/forms_new.png HTTP/1.1" 304 -
101.229.22.40 - - [09/Jun/2023:09:27:37 +0800] "GET /xingrg/javascript/jquery_easy_ui/themes/default/images/tree_file.gif HTTP/1.1" 304 -
172.20.0.100 - - [09/Jun/2023:09:27:39 +0800] "GET /xingrg/all/function/internal_message.html?_=1686274071269&CODE_STATE=getMsg HTTP/1.1" 302 -
172.20.0.100 - - [09/Jun/2023:09:27:39 +0800] "GET /xingrg/check_reg.html?_=1686274071270 HTTP/1.1" 302 -
101.229.22.40 - - [09/Jun/2023:09:27:42 +0800] "GET /xingrg/javascript/jquery_easy_ui/themes/icons/area.png HTTP/1.1" 304 -
101.229.22.40 - - [09/Jun/2023:09:27:42 +0800] "GET /xingrg/javascript/jquery_easy_ui/themes/icons/rest.png HTTP/1.1" 304 -
222.70.244.39 - - [09/Jun/2023:09:27:44 +0800] "GET /xingrg/all/function/internal_message.html?_=1686274049826&CODE_STATE=getMsg HTTP/1.1" 200 27
222.70.180.90 - - [09/Jun/2023:09:27:46 +0800] "GET /xingrg/check_reg.html?_=1686274099283 HTTP/1.1" 200 22
116.237.75.166 - - [09/Jun/2023:09:27:47 +0800] "GET /xingrg/all/function/internal_message.html?_=1686274066408&CODE_STATE=getMsg HTTP/1.1" 200 27
180.169.147.146 - - [09/Jun/2023:09:27:50 +0800] "GET /xingrg/all/function/internal_message.html?_=1686274066755&CODE_STATE=getMsg HTTP/1.1" 200 27
101.83.145.52 - - [09/Jun/2023:09:27:54 +0800] "GET /xingrg/all/function/internal_message.html?_=1686274073647&CODE_STATE=getMsg HTTP/1.1" 200 27
222.70.114.12 - - [09/Jun/2023:09:27:54 +0800] "GET /xingrg/all/function/internal_message.html?_=1686274079921&CODE_STATE=getMsg HTTP/1.1" 200 27
101.83.241.135 - - [09/Jun/2023:09:27:56 +0800] "GET /xingrg/kc/buy/cgsh_order_operate.html?command=get_materiel&rest_code=00149&code=00101007061&supplier_code=00100096&order_time=2023-06-09 HTTP/1.1" 200 409
101.83.145.52 - - [09/Jun/2023:09:27:58 +0800] "GET /xingrg/all/function/internal_message.html?_=1686273906381&CODE_STATE=getMsg HTTP/1.1" 200 27
222.70.180.90 - - [09/Jun/2023:09:28:02 +0800] "GET /xingrg/all/function/internal_message.html?_=1686274079156&CODE_STATE=getMsg HTTP/1.1" 200 27
222.67.234.146 - - [09/Jun/2023:09:28:03 +0800] "GET /xingrg/all/function/internal_message.html?_=1686274076745&CODE_STATE=getMsg HTTP/1.1" 200 27
222.67.234.146 - - [09/Jun/2023:09:28:03 +0800] "GET /xingrg/check_reg.html?_=1686274076748 HTTP/1.1" 200 22
114.83.220.236 - - [09/Jun/2023:09:28:07 +0800] "GET /xingrg/all/function/internal_message.html?_=1686274190801&CODE_STATE=getMsg HTTP/1.1" 200 27
101.83.241.135 - - [09/Jun/2023:09:28:07 +0800] "GET /xingrg/all/function/internal_message.html?_=1686274081944&CODE_STATE=getMsg HTTP/1.1" 200 27
180.162.230.74 - - [09/Jun/2023:09:28:08 +0800] "GET /xingrg/all/function/internal_message.html?_=1686274088379&CODE_STATE=getMsg HTTP/1.1" 200 27
101.83.241.135 - - [09/Jun/2023:09:28:10 +0800] "GET /xingrg/kc/buy/cgsh_order_operate.html?command=get_materiel&rest_code=00149&code=00101007083&supplier_code=00100096&order_time=2023-06-09 HTTP/1.1" 200 421
101.229.22.40 - - [09/Jun/2023:09:28:10 +0800] "GET /xingrg/javascript/jquery_easy_ui/themes/default/images/tabs_close.gif HTTP/1.1" 304 -
101.229.22.40 - - [09/Jun/2023:09:28:10 +0800] "GET /xingrg/kc/base/wldb_order_list.html HTTP/1.1" 200 19104
101.229.22.40 - - [09/Jun/2023:09:28:10 +0800] "GET /xingrg/css/base.css HTTP/1.1" 304 -
101.229.22.40 - - [09/Jun/2023:09:28:10 +0800] "GET /xingrg/css/site.css HTTP/1.1" 304 -
101.229.22.40 - - [09/Jun/2023:09:28:10 +0800] "GET /xingrg/javascript/jquery_tools/datebox.css HTTP/1.1" 304 -
101.229.22.40 - - [09/Jun/2023:09:28:10 +0800] "GET /xingrg/javascript/easyui/themes/default/easyui.css HTTP/1.1" 304 -
101.229.22.40 - - [09/Jun/2023:09:28:10 +0800] "GET /xingrg/javascript/easyui/themes/icon.css HTTP/1.1" 304 -
101.229.22.40 - - [09/Jun/2023:09:28:10 +0800] "GET /xingrg/javascript/auto/jquery.autocomplete.css HTTP/1.1" 304 -
101.229.22.40 - - [09/Jun/2023:09:28:10 +0800] "GET /xingrg/javascript/jquery_tools/fix.css HTTP/1.1" 304 -
101.229.22.40 - - [09/Jun/2023:09:28:10 +0800] "GET /xingrg/javascript/jquery_tools/table.css HTTP/1.1" 304 -
