101.83.145.52 - - [06/Jun/2023:09:14:59 +0800] "GET /xingrg/images/blue/button/cgshd.gif HTTP/1.1" 304 -
101.83.145.52 - - [06/Jun/2023:09:14:59 +0800] "GET /xingrg/images/blue/button/cgfkd.gif HTTP/1.1" 304 -
101.83.145.52 - - [06/Jun/2023:09:14:59 +0800] "GET /xingrg/images/blue/button/kc.gif HTTP/1.1" 304 -
101.83.145.52 - - [06/Jun/2023:09:14:59 +0800] "GET /xingrg/images/blue/pic_form2.gif HTTP/1.1" 304 -
101.83.145.52 - - [06/Jun/2023:09:14:59 +0800] "GET /xingrg/images/blue/button/ckthd.gif HTTP/1.1" 304 -
101.83.145.52 - - [06/Jun/2023:09:15:00 +0800] "GET /xingrg/javascript/jquery_ui/themes/humanity/images/ui-bg_inset-soft_100_f4f0ec_1x100.png HTTP/1.1" 304 -
101.83.145.52 - - [06/Jun/2023:09:15:00 +0800] "GET /xingrg/images/blue/bg_dotted.jpg HTTP/1.1" 304 -
101.83.145.52 - - [06/Jun/2023:09:15:00 +0800] "GET /xingrg/images/blue/button/right_ah.jpg HTTP/1.1" 304 -
101.83.145.52 - - [06/Jun/2023:09:15:00 +0800] "GET /xingrg/images/blue/button/down_ah.jpg HTTP/1.1" 304 -
101.83.145.52 - - [06/Jun/2023:09:15:00 +0800] "GET /xingrg/javascript/jquery_ui/themes/humanity/images/ui-iconsnew.jpg HTTP/1.1" 304 -
101.83.145.52 - - [06/Jun/2023:09:15:00 +0800] "GET /xingrg/javascript/jquery_ui/themes/humanity/images/ui-icons_ffffff_256x240.png HTTP/1.1" 304 -
101.83.145.52 - - [06/Jun/2023:09:15:00 +0800] "GET /xingrg/javascript/jquery_ui/themes/humanity/images/ui-icons_c47a23_256x240.png HTTP/1.1" 304 -
101.83.145.52 - - [06/Jun/2023:09:15:00 +0800] "GET /xingrg/javascript/jquery_ui/themes/humanity/images/ui-bg_glass_70_ede4d4_1x400.png HTTP/1.1" 304 -
101.83.145.52 - - [06/Jun/2023:09:15:01 +0800] "GET /xingrg/images/yd/bt.gif HTTP/1.1" 404 1040
101.83.145.52 - - [06/Jun/2023:09:15:02 +0800] "GET /xingrg/kc/buy/cgsh_order_list.html HTTP/1.1" 200 55791
101.83.145.52 - - [06/Jun/2023:09:15:02 +0800] "GET /xingrg/css/base.css HTTP/1.1" 304 -
101.83.145.52 - - [06/Jun/2023:09:15:02 +0800] "GET /xingrg/css/site.css HTTP/1.1" 304 -
101.83.145.52 - - [06/Jun/2023:09:15:02 +0800] "GET /xingrg/javascript/jquery_tools/datebox.css HTTP/1.1" 304 -
101.83.145.52 - - [06/Jun/2023:09:15:02 +0800] "GET /xingrg/javascript/easyui/themes/default/easyui.css HTTP/1.1" 304 -
101.83.145.52 - - [06/Jun/2023:09:15:02 +0800] "GET /xingrg/javascript/easyui/themes/icon.css HTTP/1.1" 304 -
101.83.145.52 - - [06/Jun/2023:09:15:02 +0800] "GET /xingrg/javascript/auto/jquery.autocomplete.css HTTP/1.1" 304 -
101.83.145.52 - - [06/Jun/2023:09:15:02 +0800] "GET /xingrg/javascript/jquery_tools/fix.css HTTP/1.1" 304 -
101.83.145.52 - - [06/Jun/2023:09:15:02 +0800] "GET /xingrg/javascript/jquery_tools/table.css HTTP/1.1" 304 -
101.83.145.52 - - [06/Jun/2023:09:15:02 +0800] "GET /xingrg/javascript/jquery_tools/jquery.tools.min.js HTTP/1.1" 304 -
101.83.145.52 - - [06/Jun/2023:09:15:02 +0800] "GET /xingrg/javascript/jquery_tools/jquery.tools.extend.js HTTP/1.1" 304 -
101.83.145.52 - - [06/Jun/2023:09:15:02 +0800] "GET /xingrg/javascript/jquery_tools/jquery.tools.hotkey.js HTTP/1.1" 304 -
101.83.145.52 - - [06/Jun/2023:09:15:02 +0800] "GET /xingrg/javascript/jquery_tools/jquery.tools.table.js HTTP/1.1" 304 -
101.83.145.52 - - [06/Jun/2023:09:15:02 +0800] "GET /xingrg/javascript/auto/jquery.autocomplete.js HTTP/1.1" 304 -
101.83.145.52 - - [06/Jun/2023:09:15:02 +0800] "GET /xingrg/javascript/jquery_tools/list_manager.js HTTP/1.1" 304 -
101.83.145.52 - - [06/Jun/2023:09:15:02 +0800] "GET /xingrg/javascript/easyui/easyloader.js HTTP/1.1" 304 -
101.83.145.52 - - [06/Jun/2023:09:15:02 +0800] "GET /xingrg/javascript/jquery.cookie.js HTTP/1.1" 304 -
101.83.145.52 - - [06/Jun/2023:09:15:02 +0800] "GET /xingrg/javascript/print/LodopFuncs.js HTTP/1.1" 304 -
114.93.32.10 - - [06/Jun/2023:09:15:03 +0800] "GET /xingrg/all/function/internal_message.html?_=1686014105513&CODE_STATE=getMsg HTTP/1.1" 200 27
114.83.220.28 - - [06/Jun/2023:09:15:03 +0800] "POST /xingrg/kc/buy/cgsh_order_operate.html HTTP/1.1" 200 12
101.83.145.52 - - [06/Jun/2023:09:15:03 +0800] "GET /xingrg/javascript/easyui/themes/icons/cance_new.png HTTP/1.1" 304 -
101.83.145.52 - - [06/Jun/2023:09:15:03 +0800] "GET /xingrg/javascript/easyui/themes/icons/check_new.png HTTP/1.1" 304 -
101.83.145.52 - - [06/Jun/2023:09:15:03 +0800] "GET /xingrg/javascript/easyui/themes/icons/field_new.png HTTP/1.1" 304 -
101.83.145.52 - - [06/Jun/2023:09:15:03 +0800] "GET /xingrg/javascript/easyui/themes/icons/import_new.png HTTP/1.1" 304 -
101.83.145.52 - - [06/Jun/2023:09:15:03 +0800] "GET /xingrg/javascript/easyui/themes/icons/edit_add_new.png HTTP/1.1" 304 -
101.83.145.52 - - [06/Jun/2023:09:15:04 +0800] "GET /xingrg/javascript/easyui/plugins/jquery.parser.js HTTP/1.1" 304 -
101.83.145.52 - - [06/Jun/2023:09:15:04 +0800] "GET /xingrg/images/control/ajaxLoader.gif HTTP/1.1" 304 -
114.83.220.28 - - [06/Jun/2023:09:15:06 +0800] "GET /xingrg/kc/buy/cgsh_order_info.html?code=212023060601920 HTTP/1.1" 200 66560
114.83.220.28 - - [06/Jun/2023:09:15:06 +0800] "GET /xingrg/javascript/easyui/themes/default/validatebox.css HTTP/1.1" 404 1104
114.83.220.28 - - [06/Jun/2023:09:15:07 +0800] "POST /xingrg/kc/buy/cgsh_order_operate.html HTTP/1.1" 200 3596
101.83.145.52 - - [06/Jun/2023:09:15:07 +0800] "POST /xingrg/kc/buy/cgsh_list_operate.html HTTP/1.1" 200 2697
114.83.220.28 - - [06/Jun/2023:09:15:11 +0800] "GET /xingrg/kc/print/load_data.html?order_code=212023060601920&kc_code=cgsh&condition= HTTP/1.1" 200 1841
116.237.73.255 - - [06/Jun/2023:09:15:11 +0800] "GET /xingrg/all/function/internal_message.html?_=1686014112991&CODE_STATE=getMsg HTTP/1.1" 200 27
222.70.114.12 - - [06/Jun/2023:09:15:13 +0800] "GET /xingrg/all/function/internal_message.html?_=1686014113933&CODE_STATE=getMsg HTTP/1.1" 200 27
116.234.62.222 - - [06/Jun/2023:09:15:16 +0800] "GET /xingrg/check_reg.html?_=1686014093190 HTTP/1.1" 200 22
116.234.62.222 - - [06/Jun/2023:09:15:16 +0800] "GET /xingrg/all/function/internal_message.html?_=1686014093195&CODE_STATE=getMsg HTTP/1.1" 200 27
116.237.73.255 - - [06/Jun/2023:09:15:17 +0800] "POST /xingrg/kc/buy/cgsh_order_operate.html HTTP/1.1" 200 37
222.70.241.154 - - [06/Jun/2023:09:15:18 +0800] "GET /xingrg/all/function/internal_message.html?_=1686014152562&CODE_STATE=getMsg HTTP/1.1" 200 27
116.237.73.255 - - [06/Jun/2023:09:15:19 +0800] "POST /xingrg/kc/buy/cgsh_order_operate.html HTTP/1.1" 200 22195
116.238.139.35 - - [06/Jun/2023:09:15:20 +0800] "GET /xingrg/all/function/internal_message.html?_=1686014119754&CODE_STATE=getMsg HTTP/1.1" 200 27
116.237.73.255 - - [06/Jun/2023:09:15:22 +0800] "GET /xingrg/kc/buy/buy_main.html HTTP/1.1" 200 12412
116.237.73.255 - - [06/Jun/2023:09:15:22 +0800] "GET /xingrg/css/new_ie.css HTTP/1.1" 404 1036
120.253.135.82 - - [06/Jun/2023:09:15:24 +0800] "GET /xingrg/all/function/internal_message.html?_=1686013959537&CODE_STATE=getMsg HTTP/1.1" 200 27
116.237.73.255 - - [06/Jun/2023:09:15:25 +0800] "GET /xingrg/images/yd/bt.gif HTTP/1.1" 404 1040
116.237.73.255 - - [06/Jun/2023:09:15:25 +0800] "GET /xingrg/kc/buy/cgsh_order_list.html HTTP/1.1" 200 55791
222.70.180.90 - - [06/Jun/2023:09:15:28 +0800] "GET /xingrg/kc/buy/cgsh_order_add.html HTTP/1.1" 200 71529
222.70.180.90 - - [06/Jun/2023:09:15:28 +0800] "POST /xingrg/kc/buy/cgsh_order_operate.html HTTP/1.1" 200 8245
222.70.180.90 - - [06/Jun/2023:09:15:28 +0800] "GET /xingrg/javascript/easyui/themes/default/validatebox.css HTTP/1.1" 404 1104
116.238.139.35 - - [06/Jun/2023:09:15:29 +0800] "GET /xingrg/check_reg.html?_=1686014029311 HTTP/1.1" 200 22
180.169.147.146 - - [06/Jun/2023:09:15:29 +0800] "GET /xingrg/check_reg.html?_=1686014129431 HTTP/1.1" 200 22
180.169.147.146 - - [06/Jun/2023:09:15:29 +0800] "GET /xingrg/all/function/internal_message.html?_=1686014129440&CODE_STATE=getMsg HTTP/1.1" 200 27
116.237.73.255 - - [06/Jun/2023:09:15:29 +0800] "POST /xingrg/kc/buy/cgsh_list_operate.html HTTP/1.1" 200 2694
222.70.180.90 - - [06/Jun/2023:09:15:33 +0800] "GET /xingrg/all/function/internal_message.html?_=1686014132584&CODE_STATE=getMsg HTTP/1.1" 200 27
116.238.139.35 - - [06/Jun/2023:09:15:37 +0800] "GET /xingrg/all/function/internal_message.html?_=1686014037500&CODE_STATE=getMsg HTTP/1.1" 200 27
116.232.195.127 - - [06/Jun/2023:09:15:41 +0800] "GET /xingrg/all/function/internal_message.html?_=1686014159232&CODE_STATE=getMsg HTTP/1.1" 200 27
222.70.180.90 - - [06/Jun/2023:09:15:42 +0800] "GET /xingrg/kc/buy/cgsh_order_operate.html?command=get_materiel&rest_code=00111&code=00101006026&supplier_code=00100037&order_time=2023-06-06 HTTP/1.1" 200 409
222.70.180.90 - - [06/Jun/2023:09:15:52 +0800] "GET /xingrg/kc/buy/cgsh_order_operate.html?command=get_materiel&rest_code=00111&code=00101012025&supplier_code=00100037&order_time=2023-06-06 HTTP/1.1" 200 412
101.83.145.52 - - [06/Jun/2023:09:15:53 +0800] "GET /xingrg/all/function/internal_message.html?_=1686013982130&CODE_STATE=getMsg HTTP/1.1" 200 27
101.83.145.52 - - [06/Jun/2023:09:15:55 +0800] "GET /xingrg/all/function/internal_message.html?_=1686014155689&CODE_STATE=getMsg HTTP/1.1" 200 27
114.83.220.28 - - [06/Jun/2023:09:15:57 +0800] "GET /xingrg/all/function/internal_message.html?_=1686014154290&CODE_STATE=getMsg HTTP/1.1" 200 27
222.69.135.153 - - [06/Jun/2023:09:15:57 +0800] "GET /xingrg/all/function/internal_message.html?_=1686014259128&CODE_STATE=getMsg HTTP/1.1" 200 27
114.93.32.10 - - [06/Jun/2023:09:16:03 +0800] "GET /xingrg/all/function/internal_message.html?_=1686014165511&CODE_STATE=getMsg HTTP/1.1" 200 27
114.93.32.10 - - [06/Jun/2023:09:16:03 +0800] "GET /xingrg/check_reg.html?_=1686014165513 HTTP/1.1" 200 22
222.70.180.90 - - [06/Jun/2023:09:16:08 +0800] "GET /xingrg/kc/buy/cgsh_order_operate.html?command=get_materiel&rest_code=00111&code=00101022019&supplier_code=00100037&order_time=2023-06-06 HTTP/1.1" 200 425
222.70.114.12 - - [06/Jun/2023:09:16:13 +0800] "GET /xingrg/all/function/internal_message.html?_=1686014173933&CODE_STATE=getMsg HTTP/1.1" 200 27
116.234.62.222 - - [06/Jun/2023:09:16:16 +0800] "GET /xingrg/all/function/internal_message.html?_=1686014153208&CODE_STATE=getMsg HTTP/1.1" 200 27
222.70.241.154 - - [06/Jun/2023:09:16:18 +0800] "GET /xingrg/all/function/internal_message.html?_=1686014212613&CODE_STATE=getMsg HTTP/1.1" 200 27
116.238.139.35 - - [06/Jun/2023:09:16:20 +0800] "GET /xingrg/check_reg.html?_=1686014179756 HTTP/1.1" 200 22
116.238.139.35 - - [06/Jun/2023:09:16:20 +0800] "GET /xingrg/all/function/internal_message.html?_=1686014179759&CODE_STATE=getMsg HTTP/1.1" 200 27
120.253.135.82 - - [06/Jun/2023:09:16:24 +0800] "GET /xingrg/all/function/internal_message.html?_=1686014019596&CODE_STATE=getMsg HTTP/1.1" 200 27
222.70.180.90 - - [06/Jun/2023:09:16:25 +0800] "GET /xingrg/kc/buy/cgsh_order_operate.html?command=get_materiel&rest_code=00111&code=00101007109&supplier_code=00100037&order_time=2023-06-06 HTTP/1.1" 200 408
180.169.147.146 - - [06/Jun/2023:09:16:29 +0800] "GET /xingrg/all/function/internal_message.html?_=1686014189421&CODE_STATE=getMsg HTTP/1.1" 200 27
222.70.180.90 - - [06/Jun/2023:09:16:33 +0800] "GET /xingrg/check_reg.html?_=1686014192583 HTTP/1.1" 200 22
222.70.180.90 - - [06/Jun/2023:09:16:33 +0800] "GET /xingrg/all/function/internal_message.html?_=1686014192587&CODE_STATE=getMsg HTTP/1.1" 200 27
116.238.139.35 - - [06/Jun/2023:09:16:37 +0800] "GET /xingrg/all/function/internal_message.html?_=1686014097514&CODE_STATE=getMsg HTTP/1.1" 200 27
222.70.180.90 - - [06/Jun/2023:09:16:38 +0800] "GET /xingrg/kc/buy/cgsh_order_operate.html?command=get_materiel&rest_code=00111&code=00101009015&supplier_code=00100037&order_time=2023-06-06 HTTP/1.1" 200 417
116.232.195.127 - - [06/Jun/2023:09:16:41 +0800] "GET /xingrg/all/function/internal_message.html?_=1686014219212&CODE_STATE=getMsg HTTP/1.1" 200 27
222.70.241.154 - - [06/Jun/2023:09:16:43 +0800] "GET /xingrg/check_reg.html?_=1686014236744 HTTP/1.1" 200 22
222.70.180.90 - - [06/Jun/2023:09:16:51 +0800] "GET /xingrg/kc/buy/cgsh_order_operate.html?command=get_materiel&rest_code=00111&code=00101008418&supplier_code=00100037&order_time=2023-06-06 HTTP/1.1" 200 412
222.70.114.12 - - [06/Jun/2023:09:16:51 +0800] "POST /xingrg/load_menu.html HTTP/1.1" 200 10483
101.83.145.52 - - [06/Jun/2023:09:16:53 +0800] "GET /xingrg/all/function/internal_message.html?_=1686014042117&CODE_STATE=getMsg HTTP/1.1" 200 27
222.70.114.12 - - [06/Jun/2023:09:16:53 +0800] "GET /xingrg/all/report/report_query.html?fileName=dma/new_5.0/yingye/yy_hz.xml&rw=1600 HTTP/1.1" 200 56155
222.70.114.12 - - [06/Jun/2023:09:16:53 +0800] "GET /xingrg/dwr/interface/AjaxReportQueryService.js HTTP/1.1" 200 13203
222.70.114.12 - - [06/Jun/2023:09:16:53 +0800] "GET /xingrg/dwr/util.js HTTP/1.1" 304 -
222.70.114.12 - - [06/Jun/2023:09:16:53 +0800] "GET /xingrg/dwr/engine.js HTTP/1.1" 200 43631
222.70.114.12 - - [06/Jun/2023:09:16:53 +0800] "POST /xingrg/dwr/call/plaincall/AjaxReportQueryService.getFixDate.dwr HTTP/1.1" 200 111
222.70.114.12 - - [06/Jun/2023:09:16:53 +0800] "POST /xingrg/all/common/load_tree.html?tree=area_station_tree_json&manage=1 HTTP/1.1" 200 2036
101.83.145.52 - - [06/Jun/2023:09:16:55 +0800] "GET /xingrg/all/function/internal_message.html?_=1686014215689&CODE_STATE=getMsg HTTP/1.1" 200 27
114.83.220.28 - - [06/Jun/2023:09:16:57 +0800] "GET /xingrg/all/function/internal_message.html?_=1686014214262&CODE_STATE=getMsg HTTP/1.1" 200 27
222.70.114.12 - - [06/Jun/2023:09:16:57 +0800] "POST /xingrg/dwr/call/plaincall/AjaxReportQueryService.getFixDate.dwr HTTP/1.1" 200 111
222.69.135.153 - - [06/Jun/2023:09:16:57 +0800] "GET /xingrg/check_reg.html?_=1686014319124 HTTP/1.1" 200 22
222.69.135.153 - - [06/Jun/2023:09:16:57 +0800] "GET /xingrg/all/function/internal_message.html?_=1686014319130&CODE_STATE=getMsg HTTP/1.1" 200 27
222.70.114.12 - - [06/Jun/2023:09:16:59 +0800] "POST /xingrg/dwr/call/plaincall/AjaxReportQueryService.refreshCache.dwr HTTP/1.1" 200 78
222.70.180.90 - - [06/Jun/2023:09:17:00 +0800] "GET /xingrg/kc/buy/cgsh_order_operate.html?command=get_materiel&rest_code=00111&code=00101009113&supplier_code=00100037&order_time=2023-06-06 HTTP/1.1" 200 413
222.70.114.12 - - [06/Jun/2023:09:17:00 +0800] "POST /xingrg/all/report/load_report_page.html HTTP/1.1" 200 145478
222.70.114.12 - - [06/Jun/2023:09:17:00 +0800] "GET /xingrg/servlets/image?cache=0.4721879943559436&image=px HTTP/1.1" 200 807
114.93.32.10 - - [06/Jun/2023:09:17:03 +0800] "GET /xingrg/all/function/internal_message.html?_=1686014225514&CODE_STATE=getMsg HTTP/1.1" 200 27
120.253.135.82 - - [06/Jun/2023:09:17:05 +0800] "GET /xingrg/check_reg.html?_=1686014060269 HTTP/1.1" 200 22
222.70.180.90 - - [06/Jun/2023:09:17:07 +0800] "POST /xingrg/services/DataTransmitService HTTP/1.1" 200 524
222.70.114.12 - - [06/Jun/2023:09:17:13 +0800] "GET /xingrg/all/function/internal_message.html?_=1686014233939&CODE_STATE=getMsg HTTP/1.1" 200 27
116.234.62.222 - - [06/Jun/2023:09:17:16 +0800] "GET /xingrg/all/function/internal_message.html?_=1686014213203&CODE_STATE=getMsg HTTP/1.1" 200 27
222.70.241.154 - - [06/Jun/2023:09:17:18 +0800] "GET /xingrg/all/function/internal_message.html?_=1686014272620&CODE_STATE=getMsg HTTP/1.1" 200 27
116.238.139.35 - - [06/Jun/2023:09:17:20 +0800] "GET /xingrg/all/function/internal_message.html?_=1686014239757&CODE_STATE=getMsg HTTP/1.1" 200 27
120.253.135.82 - - [06/Jun/2023:09:17:24 +0800] "GET /xingrg/all/function/internal_message.html?_=1686014079611&CODE_STATE=getMsg HTTP/1.1" 200 27
222.70.180.90 - - [06/Jun/2023:09:17:26 +0800] "POST /xingrg/services/DataTransmitService HTTP/1.1" 200 501
222.70.180.90 - - [06/Jun/2023:09:17:27 +0800] "POST /xingrg/services/DataTransmitService HTTP/1.1" 200 501
180.169.147.146 - - [06/Jun/2023:09:17:29 +0800] "GET /xingrg/all/function/internal_message.html?_=1686014249430&CODE_STATE=getMsg HTTP/1.1" 200 27
114.85.113.108 - - [06/Jun/2023:09:17:30 +0800] "GET /xingrg/check_reg.html?_=1686014249387 HTTP/1.1" 200 22
222.70.180.90 - - [06/Jun/2023:09:17:33 +0800] "GET /xingrg/all/function/internal_message.html?_=1686014252579&CODE_STATE=getMsg HTTP/1.1" 200 27
222.70.180.90 - - [06/Jun/2023:09:17:35 +0800] "POST /xingrg/services/DataTransmitService HTTP/1.1" 200 501
116.238.139.35 - - [06/Jun/2023:09:17:37 +0800] "GET /xingrg/all/function/internal_message.html?_=1686014157555&CODE_STATE=getMsg HTTP/1.1" 200 27
116.232.195.127 - - [06/Jun/2023:09:17:41 +0800] "GET /xingrg/all/function/internal_message.html?_=1686014279196&CODE_STATE=getMsg HTTP/1.1" 200 27
222.70.180.90 - - [06/Jun/2023:09:17:44 +0800] "POST /xingrg/services/DataTransmitService HTTP/1.1" 200 501
222.70.180.90 - - [06/Jun/2023:09:17:44 +0800] "POST /xingrg/services/DataTransmitService HTTP/1.1" 200 501
222.70.180.90 - - [06/Jun/2023:09:17:45 +0800] "POST /xingrg/services/DataTransmitService HTTP/1.1" 200 501
222.70.180.90 - - [06/Jun/2023:09:17:48 +0800] "POST /xingrg/services/DataTransmitService HTTP/1.1" 200 501
222.70.180.90 - - [06/Jun/2023:09:17:49 +0800] "POST /xingrg/services/DataTransmitService HTTP/1.1" 200 501
222.70.180.90 - - [06/Jun/2023:09:17:50 +0800] "POST /xingrg/services/DataTransmitService HTTP/1.1" 200 501
222.70.180.90 - - [06/Jun/2023:09:17:50 +0800] "POST /xingrg/services/DataTransmitService HTTP/1.1" 200 412
101.83.145.52 - - [06/Jun/2023:09:17:53 +0800] "GET /xingrg/all/function/internal_message.html?_=1686014102117&CODE_STATE=getMsg HTTP/1.1" 200 27
222.70.114.12 - - [06/Jun/2023:09:17:53 +0800] "POST /xingrg/dwr/call/plaincall/AjaxReportQueryService.getFixDate.dwr HTTP/1.1" 200 111
222.70.114.12 - - [06/Jun/2023:09:17:54 +0800] "POST /xingrg/dwr/call/plaincall/AjaxReportQueryService.refreshCache.dwr HTTP/1.1" 200 78
101.83.145.52 - - [06/Jun/2023:09:17:55 +0800] "GET /xingrg/all/function/internal_message.html?_=1686014275687&CODE_STATE=getMsg HTTP/1.1" 200 27
222.70.114.12 - - [06/Jun/2023:09:17:56 +0800] "POST /xingrg/all/report/load_report_page.html HTTP/1.1" 200 145633
222.70.114.12 - - [06/Jun/2023:09:17:56 +0800] "GET /xingrg/servlets/image?cache=0.7498502805708015&image=px HTTP/1.1" 200 807
180.174.236.85 - - [06/Jun/2023:09:17:56 +0800] "GET /xingrg/check_reg.html?_=1686014277090 HTTP/1.1" 200 22
114.83.220.28 - - [06/Jun/2023:09:17:57 +0800] "GET /xingrg/all/function/internal_message.html?_=1686014274247&CODE_STATE=getMsg HTTP/1.1" 200 27
222.69.135.153 - - [06/Jun/2023:09:17:57 +0800] "GET /xingrg/all/function/internal_message.html?_=1686014379123&CODE_STATE=getMsg HTTP/1.1" 200 27
114.83.220.28 - - [06/Jun/2023:09:17:59 +0800] "GET /xingrg/kc/buy/cgsh_order_add.html HTTP/1.1" 200 71661
114.83.220.28 - - [06/Jun/2023:09:18:00 +0800] "POST /xingrg/kc/buy/cgsh_order_operate.html HTTP/1.1" 200 8245
114.83.220.28 - - [06/Jun/2023:09:18:00 +0800] "GET /xingrg/javascript/easyui/themes/default/validatebox.css HTTP/1.1" 404 1104
114.93.32.10 - - [06/Jun/2023:09:18:03 +0800] "GET /xingrg/all/function/internal_message.html?_=1686014285524&CODE_STATE=getMsg HTTP/1.1" 200 27
222.70.114.12 - - [06/Jun/2023:09:18:13 +0800] "GET /xingrg/check_reg.html?_=1686014293936 HTTP/1.1" 200 22
222.70.114.12 - - [06/Jun/2023:09:18:13 +0800] "GET /xingrg/all/function/internal_message.html?_=1686014293940&CODE_STATE=getMsg HTTP/1.1" 200 27
116.234.62.222 - - [06/Jun/2023:09:18:16 +0800] "GET /xingrg/all/function/internal_message.html?_=1686014273195&CODE_STATE=getMsg HTTP/1.1" 200 27
222.70.241.154 - - [06/Jun/2023:09:18:18 +0800] "GET /xingrg/all/function/internal_message.html?_=1686014332634&CODE_STATE=getMsg HTTP/1.1" 200 27
116.238.139.35 - - [06/Jun/2023:09:18:20 +0800] "GET /xingrg/all/function/internal_message.html?_=1686014299760&CODE_STATE=getMsg HTTP/1.1" 200 27
120.253.135.82 - - [06/Jun/2023:09:18:24 +0800] "GET /xingrg/all/function/internal_message.html?_=1686014139624&CODE_STATE=getMsg HTTP/1.1" 200 27
114.83.220.28 - - [06/Jun/2023:09:18:28 +0800] "GET /xingrg/kc/buy/cgsh_order_operate.html?command=get_materiel&rest_code=00149&code=00101009001&supplier_code=00100201&order_time=2023-06-06 HTTP/1.1" 200 416
180.169.147.146 - - [06/Jun/2023:09:18:29 +0800] "GET /xingrg/all/function/internal_message.html?_=1686014309448&CODE_STATE=getMsg HTTP/1.1" 200 27
222.70.180.90 - - [06/Jun/2023:09:18:33 +0800] "GET /xingrg/all/function/internal_message.html?_=1686014312578&CODE_STATE=getMsg HTTP/1.1" 200 27
116.238.139.35 - - [06/Jun/2023:09:18:37 +0800] "GET /xingrg/all/function/internal_message.html?_=1686014217852&CODE_STATE=getMsg HTTP/1.1" 200 27
120.253.135.82 - - [06/Jun/2023:09:18:37 +0800] "GET /xingrg/kc/pszx/mdqp_order_list.html?state=10 HTTP/1.1" 200 10275
120.253.135.82 - - [06/Jun/2023:09:18:38 +0800] "GET /xingrg/dwr/interface/AjaxQqpsService.js HTTP/1.1" 200 16326
120.253.135.82 - - [06/Jun/2023:09:18:38 +0800] "GET /xingrg/dwr/engine.js HTTP/1.1" 200 43631
120.253.135.82 - - [06/Jun/2023:09:18:38 +0800] "GET /xingrg/dwr/interface/AjaxReportQueryService.js HTTP/1.1" 200 13203
120.253.135.82 - - [06/Jun/2023:09:18:40 +0800] "GET /xingrg/kc/pszx/mdps_order_list.html?orderType=0 HTTP/1.1" 200 21032
120.253.135.82 - - [06/Jun/2023:09:18:41 +0800] "POST /xingrg/kc/pszx/mdps_list_operate.html HTTP/1.1" 200 5359
116.232.195.127 - - [06/Jun/2023:09:18:41 +0800] "GET /xingrg/all/function/internal_message.html?_=1686014339175&CODE_STATE=getMsg HTTP/1.1" 200 27
120.253.135.82 - - [06/Jun/2023:09:18:51 +0800] "POST /xingrg/kc/pszx/mdps_list_operate.html HTTP/1.1" 200 3192
114.83.220.28 - - [06/Jun/2023:09:18:52 +0800] "GET /xingrg/kc/buy/cgsh_order_operate.html?command=get_materiel&rest_code=00149&code=00101009078&supplier_code=00100201&order_time=2023-06-06 HTTP/1.1" 200 408
101.83.145.52 - - [06/Jun/2023:09:18:53 +0800] "GET /xingrg/all/function/internal_message.html?_=1686014162119&CODE_STATE=getMsg HTTP/1.1" 200 27
120.253.135.82 - - [06/Jun/2023:09:18:53 +0800] "POST /xingrg/kc/pszx/mdps_list_operate.html HTTP/1.1" 200 205
101.83.145.52 - - [06/Jun/2023:09:18:55 +0800] "GET /xingrg/all/function/internal_message.html?_=1686014335686&CODE_STATE=getMsg HTTP/1.1" 200 27
114.83.220.28 - - [06/Jun/2023:09:18:56 +0800] "GET /xingrg/all/function/internal_message.html?_=1686014334239&CODE_STATE=getMsg HTTP/1.1" 200 27
114.83.220.28 - - [06/Jun/2023:09:18:57 +0800] "GET /xingrg/check_reg.html?_=1686014334327 HTTP/1.1" 200 22
222.69.135.153 - - [06/Jun/2023:09:18:57 +0800] "GET /xingrg/all/function/internal_message.html?_=1686014439132&CODE_STATE=getMsg HTTP/1.1" 200 27
120.253.135.82 - - [06/Jun/2023:09:18:57 +0800] "GET /xingrg/kc/pszx/mdps_order_info.html?code=312023060300080 HTTP/1.1" 200 23984
120.253.135.82 - - [06/Jun/2023:09:18:58 +0800] "GET /xingrg/javascript/easyui/themes/default/validatebox.css HTTP/1.1" 404 1104
120.253.135.82 - - [06/Jun/2023:09:18:59 +0800] "POST /xingrg/kc/pszx/mdps_order_operate.html HTTP/1.1" 200 2286
120.253.135.82 - - [06/Jun/2023:09:19:02 +0800] "POST /xingrg/kc/pszx/mdps_order_operate.html HTTP/1.1" 200 37
114.93.32.10 - - [06/Jun/2023:09:19:03 +0800] "GET /xingrg/all/function/internal_message.html?_=1686014345514&CODE_STATE=getMsg HTTP/1.1" 200 27
120.253.135.82 - - [06/Jun/2023:09:19:06 +0800] "POST /xingrg/kc/pszx/mdps_order_operate.html HTTP/1.1" 200 12
114.83.220.28 - - [06/Jun/2023:09:19:06 +0800] "GET /xingrg/kc/buy/cgsh_order_operate.html?command=get_materiel&rest_code=00149&code=00101008418&supplier_code=00100201&order_time=2023-06-06 HTTP/1.1" 200 412
222.70.114.12 - - [06/Jun/2023:09:19:13 +0800] "GET /xingrg/all/function/internal_message.html?_=1686014353943&CODE_STATE=getMsg HTTP/1.1" 200 27
120.253.135.82 - - [06/Jun/2023:09:19:13 +0800] "GET /xingrg/kc/pszx/mdps_order_info.html?code=312023060300080 HTTP/1.1" 200 19644
120.253.135.82 - - [06/Jun/2023:09:19:14 +0800] "GET /xingrg/javascript/easyui/themes/default/validatebox.css HTTP/1.1" 404 1104
120.253.135.82 - - [06/Jun/2023:09:19:14 +0800] "POST /xingrg/kc/pszx/mdps_order_operate.html HTTP/1.1" 200 507
116.234.62.222 - - [06/Jun/2023:09:19:16 +0800] "GET /xingrg/all/function/internal_message.html?_=1686014333218&CODE_STATE=getMsg HTTP/1.1" 200 27
222.70.241.154 - - [06/Jun/2023:09:19:18 +0800] "GET /xingrg/all/function/internal_message.html?_=1686014392692&CODE_STATE=getMsg HTTP/1.1" 200 27
116.238.139.35 - - [06/Jun/2023:09:19:20 +0800] "GET /xingrg/all/function/internal_message.html?_=1686014359761&CODE_STATE=getMsg HTTP/1.1" 200 27
114.83.220.28 - - [06/Jun/2023:09:19:23 +0800] "GET /xingrg/kc/buy/cgsh_order_operate.html?command=get_materiel&rest_code=00149&code=00101009122&supplier_code=00100201&order_time=2023-06-06 HTTP/1.1" 200 405
120.253.135.82 - - [06/Jun/2023:09:19:23 +0800] "POST /xingrg/kc/pszx/mdps_list_operate.html HTTP/1.1" 200 657
120.253.135.82 - - [06/Jun/2023:09:19:24 +0800] "GET /xingrg/kc/pszx/mdps_order_info.html?code=312023060400095 HTTP/1.1" 200 23978
120.253.135.82 - - [06/Jun/2023:09:19:24 +0800] "GET /xingrg/all/function/internal_message.html?_=1686014199872&CODE_STATE=getMsg HTTP/1.1" 200 27
120.253.135.82 - - [06/Jun/2023:09:19:24 +0800] "GET /xingrg/javascript/easyui/themes/default/validatebox.css HTTP/1.1" 404 1104
120.253.135.82 - - [06/Jun/2023:09:19:25 +0800] "POST /xingrg/kc/pszx/mdps_order_operate.html HTTP/1.1" 200 22710
180.169.147.146 - - [06/Jun/2023:09:19:29 +0800] "GET /xingrg/all/function/internal_message.html?_=1686014369453&CODE_STATE=getMsg HTTP/1.1" 200 27
120.253.135.82 - - [06/Jun/2023:09:19:31 +0800] "POST /xingrg/kc/pszx/mdps_order_operate.html HTTP/1.1" 200 37
222.70.180.90 - - [06/Jun/2023:09:19:33 +0800] "GET /xingrg/all/function/internal_message.html?_=1686014372583&CODE_STATE=getMsg HTTP/1.1" 200 27
120.253.135.82 - - [06/Jun/2023:09:19:37 +0800] "POST /xingrg/kc/pszx/mdps_order_operate.html HTTP/1.1" 200 12
120.253.135.82 - - [06/Jun/2023:09:19:39 +0800] "GET /xingrg/kc/pszx/mdps_order_info.html?code=312023060400095 HTTP/1.1" 200 19638
120.253.135.82 - - [06/Jun/2023:09:19:39 +0800] "GET /xingrg/javascript/easyui/themes/default/validatebox.css HTTP/1.1" 404 1104
120.253.135.82 - - [06/Jun/2023:09:19:40 +0800] "POST /xingrg/kc/pszx/mdps_order_operate.html HTTP/1.1" 200 20771
114.83.220.28 - - [06/Jun/2023:09:19:41 +0800] "GET /xingrg/kc/buy/cgsh_order_operate.html?command=get_materiel&rest_code=00149&code=00101009118&supplier_code=00100201&order_time=2023-06-06 HTTP/1.1" 200 406
116.232.195.127 - - [06/Jun/2023:09:19:41 +0800] "GET /xingrg/check_reg.html?_=1686014399146 HTTP/1.1" 200 22
116.232.195.127 - - [06/Jun/2023:09:19:41 +0800] "GET /xingrg/all/function/internal_message.html?_=1686014399149&CODE_STATE=getMsg HTTP/1.1" 200 27
120.253.135.82 - - [06/Jun/2023:09:19:41 +0800] "POST /xingrg/kc/pszx/mdps_list_operate.html HTTP/1.1" 200 2437
120.253.135.82 - - [06/Jun/2023:09:19:51 +0800] "POST /xingrg/kc/pszx/mdps_list_operate.html HTTP/1.1" 200 590
120.253.135.82 - - [06/Jun/2023:09:19:52 +0800] "GET /xingrg/kc/pszx/mdps_order_info.html?code=312023060400096 HTTP/1.1" 200 23978
120.253.135.82 - - [06/Jun/2023:09:19:53 +0800] "GET /xingrg/javascript/easyui/themes/default/validatebox.css HTTP/1.1" 404 1104
101.83.145.52 - - [06/Jun/2023:09:19:53 +0800] "GET /xingrg/check_reg.html?_=1686014222121 HTTP/1.1" 200 22
101.83.145.52 - - [06/Jun/2023:09:19:53 +0800] "GET /xingrg/all/function/internal_message.html?_=1686014222125&CODE_STATE=getMsg HTTP/1.1" 200 27
120.253.135.82 - - [06/Jun/2023:09:19:53 +0800] "POST /xingrg/kc/pszx/mdps_order_operate.html HTTP/1.1" 200 6244
101.83.145.52 - - [06/Jun/2023:09:19:55 +0800] "GET /xingrg/check_reg.html?_=1686014395689 HTTP/1.1" 200 22
101.83.145.52 - - [06/Jun/2023:09:19:55 +0800] "GET /xingrg/all/function/internal_message.html?_=1686014395688&CODE_STATE=getMsg HTTP/1.1" 200 27
114.83.220.28 - - [06/Jun/2023:09:19:56 +0800] "GET /xingrg/all/function/internal_message.html?_=1686014394210&CODE_STATE=getMsg HTTP/1.1" 200 27
222.69.135.153 - - [06/Jun/2023:09:19:57 +0800] "GET /xingrg/all/function/internal_message.html?_=1686014499127&CODE_STATE=getMsg HTTP/1.1" 200 27
120.253.135.82 - - [06/Jun/2023:09:19:58 +0800] "POST /xingrg/kc/pszx/mdps_order_operate.html HTTP/1.1" 200 37
120.253.135.82 - - [06/Jun/2023:09:20:02 +0800] "POST /xingrg/kc/pszx/mdps_order_operate.html HTTP/1.1" 200 12
114.93.32.10 - - [06/Jun/2023:09:20:03 +0800] "GET /xingrg/all/function/internal_message.html?_=1686014405512&CODE_STATE=getMsg HTTP/1.1" 200 27
120.253.135.82 - - [06/Jun/2023:09:20:05 +0800] "GET /xingrg/kc/pszx/mdps_order_info.html?code=312023060400096 HTTP/1.1" 200 19638
120.253.135.82 - - [06/Jun/2023:09:20:05 +0800] "GET /xingrg/javascript/easyui/themes/default/validatebox.css HTTP/1.1" 404 1104
120.253.135.82 - - [06/Jun/2023:09:20:06 +0800] "POST /xingrg/kc/pszx/mdps_order_operate.html HTTP/1.1" 200 4427
120.253.135.82 - - [06/Jun/2023:09:20:07 +0800] "POST /xingrg/kc/pszx/mdps_list_operate.html HTTP/1.1" 200 2066
222.70.114.12 - - [06/Jun/2023:09:20:13 +0800] "GET /xingrg/all/function/internal_message.html?_=1686014413943&CODE_STATE=getMsg HTTP/1.1" 200 27
116.234.62.222 - - [06/Jun/2023:09:20:16 +0800] "GET /xingrg/check_reg.html?_=1686014393209 HTTP/1.1" 200 22
116.234.62.222 - - [06/Jun/2023:09:20:16 +0800] "GET /xingrg/all/function/internal_message.html?_=1686014393221&CODE_STATE=getMsg HTTP/1.1" 200 27
222.70.241.154 - - [06/Jun/2023:09:20:19 +0800] "GET /xingrg/all/function/internal_message.html?_=1686014452708&CODE_STATE=getMsg HTTP/1.1" 200 27
116.238.139.35 - - [06/Jun/2023:09:20:20 +0800] "GET /xingrg/all/function/internal_message.html?_=1686014419757&CODE_STATE=getMsg HTTP/1.1" 200 27
120.253.135.82 - - [06/Jun/2023:09:20:20 +0800] "POST /xingrg/kc/pszx/mdps_list_operate.html HTTP/1.1" 200 213
120.253.135.82 - - [06/Jun/2023:09:20:21 +0800] "GET /xingrg/kc/pszx/mdps_order_info.html?code=312023060400094 HTTP/1.1" 200 23978
120.253.135.82 - - [06/Jun/2023:09:20:22 +0800] "GET /xingrg/javascript/easyui/themes/default/validatebox.css HTTP/1.1" 404 1104
120.253.135.82 - - [06/Jun/2023:09:20:22 +0800] "POST /xingrg/kc/pszx/mdps_order_operate.html HTTP/1.1" 200 2300
114.83.220.28 - - [06/Jun/2023:09:20:23 +0800] "POST /xingrg/kc/buy/cgsh_order_operate.html HTTP/1.1" 200 37
120.253.135.82 - - [06/Jun/2023:09:20:25 +0800] "POST /xingrg/kc/pszx/mdps_order_operate.html HTTP/1.1" 200 37
180.169.147.146 - - [06/Jun/2023:09:20:29 +0800] "GET /xingrg/check_reg.html?_=1686014429436 HTTP/1.1" 200 22
180.169.147.146 - - [06/Jun/2023:09:20:29 +0800] "GET /xingrg/all/function/internal_message.html?_=1686014429444&CODE_STATE=getMsg HTTP/1.1" 200 27
114.83.220.28 - - [06/Jun/2023:09:20:30 +0800] "POST /xingrg/kc/buy/cgsh_order_operate.html HTTP/1.1" 200 12
114.83.220.28 - - [06/Jun/2023:09:20:32 +0800] "GET /xingrg/kc/buy/cgsh_order_info.html?code=212023060601921 HTTP/1.1" 200 66570
120.253.135.82 - - [06/Jun/2023:09:20:32 +0800] "POST /xingrg/kc/pszx/mdps_order_operate.html HTTP/1.1" 200 12
114.83.220.28 - - [06/Jun/2023:09:20:32 +0800] "GET /xingrg/javascript/easyui/themes/default/validatebox.css HTTP/1.1" 404 1104
222.70.180.90 - - [06/Jun/2023:09:20:33 +0800] "GET /xingrg/all/function/internal_message.html?_=1686014432582&CODE_STATE=getMsg HTTP/1.1" 200 27
114.83.220.28 - - [06/Jun/2023:09:20:33 +0800] "POST /xingrg/kc/buy/cgsh_order_operate.html HTTP/1.1" 200 2957
114.83.220.28 - - [06/Jun/2023:09:20:35 +0800] "GET /xingrg/kc/print/load_data.html?order_code=212023060601921&kc_code=cgsh&condition= HTTP/1.1" 200 1591
180.157.252.126 - - [06/Jun/2023:09:20:38 +0800] "GET /xingrg/index.html?sysBaseUrl=http%3A%2F%2F180.169.147.146%3A18081%2Fxingrg%2F&costTime=44×tamp=1622098168715 HTTP/1.1" 302 -
180.157.252.126 - - [06/Jun/2023:09:20:38 +0800] "GET /xingrg/login.html HTTP/1.1" 200 7641
180.157.252.126 - - [06/Jun/2023:09:20:38 +0800] "GET /favicon.ico HTTP/1.1" 404 -
222.70.180.90 - - [06/Jun/2023:09:20:39 +0800] "GET /xingrg/kc/buy/cgsh_order_operate.html?command=get_materiel&rest_code=00111&code=00101020055&supplier_code=00100037&order_time=2023-06-06 HTTP/1.1" 200 436
116.232.195.127 - - [06/Jun/2023:09:20:41 +0800] "GET /xingrg/all/function/internal_message.html?_=1686014459150&CODE_STATE=getMsg HTTP/1.1" 200 27
120.253.135.82 - - [06/Jun/2023:09:20:41 +0800] "GET /xingrg/kc/pszx/mdps_order_info.html?code=312023060400094 HTTP/1.1" 200 19638
120.253.135.82 - - [06/Jun/2023:09:20:41 +0800] "GET /xingrg/javascript/easyui/themes/default/validatebox.css HTTP/1.1" 404 1104
120.253.135.82 - - [06/Jun/2023:09:20:42 +0800] "GET /xingrg/all/function/internal_message.html?_=1686014277139&CODE_STATE=getMsg HTTP/1.1" 200 27
120.253.135.82 - - [06/Jun/2023:09:20:42 +0800] "POST /xingrg/kc/pszx/mdps_order_operate.html HTTP/1.1" 200 521
120.253.135.82 - - [06/Jun/2023:09:20:43 +0800] "POST /xingrg/kc/pszx/mdps_list_operate.html HTTP/1.1" 200 1692
120.253.135.82 - - [06/Jun/2023:09:20:48 +0800] "POST /xingrg/kc/pszx/mdps_list_operate.html HTTP/1.1" 200 2049
101.83.145.52 - - [06/Jun/2023:09:20:53 +0800] "GET /xingrg/all/function/internal_message.html?_=1686014282125&CODE_STATE=getMsg HTTP/1.1" 200 27
120.253.135.82 - - [06/Jun/2023:09:20:53 +0800] "POST /xingrg/kc/pszx/mdps_list_operate.html HTTP/1.1" 200 217
120.253.135.82 - - [06/Jun/2023:09:20:54 +0800] "GET /xingrg/kc/pszx/mdps_order_info.html?code=312023060500102 HTTP/1.1" 200 23974
120.253.135.82 - - [06/Jun/2023:09:20:55 +0800] "GET /xingrg/javascript/easyui/themes/default/validatebox.css HTTP/1.1" 404 1104
120.253.135.82 - - [06/Jun/2023:09:20:55 +0800] "POST /xingrg/kc/pszx/mdps_order_operate.html HTTP/1.1" 200 2298
101.83.145.52 - - [06/Jun/2023:09:20:55 +0800] "GET /xingrg/all/function/internal_message.html?_=1686014455687&CODE_STATE=getMsg HTTP/1.1" 200 27
114.83.220.28 - - [06/Jun/2023:09:20:56 +0800] "GET /xingrg/all/function/internal_message.html?_=1686014454179&CODE_STATE=getMsg HTTP/1.1" 200 27
222.69.135.153 - - [06/Jun/2023:09:20:57 +0800] "GET /xingrg/all/function/internal_message.html?_=1686014559123&CODE_STATE=getMsg HTTP/1.1" 200 27
120.253.135.82 - - [06/Jun/2023:09:20:58 +0800] "POST /xingrg/kc/pszx/mdps_order_operate.html HTTP/1.1" 200 37
120.253.135.82 - - [06/Jun/2023:09:21:02 +0800] "POST /xingrg/kc/pszx/mdps_order_operate.html HTTP/1.1" 200 12
114.93.32.10 - - [06/Jun/2023:09:21:03 +0800] "GET /xingrg/all/function/internal_message.html?_=1686014465528&CODE_STATE=getMsg HTTP/1.1" 200 27
114.93.32.10 - - [06/Jun/2023:09:21:03 +0800] "GET /xingrg/check_reg.html?_=1686014465531 HTTP/1.1" 200 22
114.83.220.28 - - [06/Jun/2023:09:21:10 +0800] "GET /xingrg/kc/buy/cgsh_order_add.html HTTP/1.1" 200 71661
114.83.220.28 - - [06/Jun/2023:09:21:10 +0800] "POST /xingrg/kc/buy/cgsh_order_operate.html HTTP/1.1" 200 8245
114.83.220.28 - - [06/Jun/2023:09:21:10 +0800] "GET /xingrg/javascript/easyui/themes/default/validatebox.css HTTP/1.1" 404 1104
120.253.135.82 - - [06/Jun/2023:09:21:11 +0800] "GET /xingrg/kc/pszx/mdps_order_info.html?code=312023060500102 HTTP/1.1" 200 19634
120.253.135.82 - - [06/Jun/2023:09:21:11 +0800] "GET /xingrg/javascript/easyui/themes/default/validatebox.css HTTP/1.1" 404 1104
120.253.135.82 - - [06/Jun/2023:09:21:11 +0800] "POST /xingrg/kc/pszx/mdps_order_operate.html HTTP/1.1" 200 520
120.253.135.82 - - [06/Jun/2023:09:21:13 +0800] "POST /xingrg/kc/pszx/mdps_list_operate.html HTTP/1.1" 200 1684
222.70.114.12 - - [06/Jun/2023:09:21:13 +0800] "GET /xingrg/all/function/internal_message.html?_=1686014473943&CODE_STATE=getMsg HTTP/1.1" 200 27
120.253.135.82 - - [06/Jun/2023:09:21:14 +0800] "POST /xingrg/kc/pszx/mdps_list_operate.html HTTP/1.1" 200 205
120.253.135.82 - - [06/Jun/2023:09:21:15 +0800] "GET /xingrg/kc/pszx/mdps_order_info.html?code=312023060500111 HTTP/1.1" 200 23974
116.234.62.222 - - [06/Jun/2023:09:21:16 +0800] "GET /xingrg/all/function/internal_message.html?_=1686014453199&CODE_STATE=getMsg HTTP/1.1" 200 27
120.253.135.82 - - [06/Jun/2023:09:21:16 +0800] "GET /xingrg/javascript/easyui/themes/default/validatebox.css HTTP/1.1" 404 1104
120.253.135.82 - - [06/Jun/2023:09:21:16 +0800] "POST /xingrg/kc/pszx/mdps_order_operate.html HTTP/1.1" 200 2278
222.70.241.154 - - [06/Jun/2023:09:21:19 +0800] "GET /xingrg/all/function/internal_message.html?_=1686014512763&CODE_STATE=getMsg HTTP/1.1" 200 27
120.253.135.82 - - [06/Jun/2023:09:21:20 +0800] "POST /xingrg/kc/pszx/mdps_order_operate.html HTTP/1.1" 200 37
116.238.139.35 - - [06/Jun/2023:09:21:20 +0800] "GET /xingrg/check_reg.html?_=1686014479761 HTTP/1.1" 200 22
116.238.139.35 - - [06/Jun/2023:09:21:20 +0800] "GET /xingrg/all/function/internal_message.html?_=1686014479759&CODE_STATE=getMsg HTTP/1.1" 200 27
114.83.220.28 - - [06/Jun/2023:09:21:25 +0800] "GET /xingrg/kc/buy/cgsh_order_operate.html?command=get_materiel&rest_code=00149&code=00101011003&supplier_code=00100051&order_time=2023-06-06 HTTP/1.1" 200 413
120.253.135.82 - - [06/Jun/2023:09:21:27 +0800] "POST /xingrg/kc/pszx/mdps_order_operate.html HTTP/1.1" 200 12
180.169.147.146 - - [06/Jun/2023:09:21:29 +0800] "GET /xingrg/all/function/internal_message.html?_=1686014489443&CODE_STATE=getMsg HTTP/1.1" 200 27
101.83.145.52 - - [06/Jun/2023:09:21:33 +0800] "GET /xingrg/kc/buy/cgsh_order_add.html HTTP/1.1" 200 71655
222.70.180.90 - - [06/Jun/2023:09:21:33 +0800] "GET /xingrg/all/function/internal_message.html?_=1686014492589&CODE_STATE=getMsg HTTP/1.1" 200 27
222.70.180.90 - - [06/Jun/2023:09:21:33 +0800] "GET /xingrg/check_reg.html?_=1686014492592 HTTP/1.1" 200 22
101.83.145.52 - - [06/Jun/2023:09:21:33 +0800] "POST /xingrg/kc/buy/cgsh_order_operate.html HTTP/1.1" 200 8245
101.83.145.52 - - [06/Jun/2023:09:21:33 +0800] "GET /xingrg/javascript/easyui/themes/default/validatebox.css HTTP/1.1" 404 1104
120.253.135.82 - - [06/Jun/2023:09:21:41 +0800] "GET /xingrg/kc/pszx/mdps_order_info.html?code=312023060500111 HTTP/1.1" 200 19634
114.83.220.28 - - [06/Jun/2023:09:21:41 +0800] "POST /xingrg/kc/buy/cgsh_order_operate.html HTTP/1.1" 200 37
116.232.195.127 - - [06/Jun/2023:09:21:41 +0800] "GET /xingrg/all/function/internal_message.html?_=1686014519132&CODE_STATE=getMsg HTTP/1.1" 200 27
120.253.135.82 - - [06/Jun/2023:09:21:41 +0800] "GET /xingrg/javascript/easyui/themes/default/validatebox.css HTTP/1.1" 404 1104
120.253.135.82 - - [06/Jun/2023:09:21:41 +0800] "POST /xingrg/kc/pszx/mdps_order_operate.html HTTP/1.1" 200 500
120.253.135.82 - - [06/Jun/2023:09:21:42 +0800] "GET /xingrg/all/function/internal_message.html?_=1686014337153&CODE_STATE=getMsg HTTP/1.1" 200 27
222.70.241.154 - - [06/Jun/2023:09:21:43 +0800] "GET /xingrg/check_reg.html?_=1686014536745 HTTP/1.1" 200 22
120.253.135.82 - - [06/Jun/2023:09:21:44 +0800] "POST /xingrg/kc/pszx/mdps_list_operate.html HTTP/1.1" 200 868
222.70.180.90 - - [06/Jun/2023:09:21:44 +0800] "GET /xingrg/kc/buy/cgsh_order_operate.html?command=get_materiel&rest_code=00111&code=00102008084&supplier_code=00100037&order_time=2023-06-06 HTTP/1.1" 200 415
101.83.145.52 - - [06/Jun/2023:09:21:45 +0800] "GET /xingrg/kc/buy/cgsh_order_operate.html?command=get_materiel&rest_code=00105&code=00101007061&supplier_code=00100002&order_time=2023-06-06 HTTP/1.1" 200 409
114.83.220.28 - - [06/Jun/2023:09:21:51 +0800] "POST /xingrg/kc/buy/cgsh_order_operate.html HTTP/1.1" 200 12
101.83.145.52 - - [06/Jun/2023:09:21:53 +0800] "GET /xingrg/all/function/internal_message.html?_=1686014342128&CODE_STATE=getMsg HTTP/1.1" 200 27
114.83.220.28 - - [06/Jun/2023:09:21:54 +0800] "GET /xingrg/kc/buy/cgsh_order_info.html?code=212023060601922 HTTP/1.1" 200 66570
114.83.220.28 - - [06/Jun/2023:09:21:54 +0800] "GET /xingrg/javascript/easyui/themes/default/validatebox.css HTTP/1.1" 404 1104
101.83.145.52 - - [06/Jun/2023:09:21:55 +0800] "GET /xingrg/all/function/internal_message.html?_=1686014515737&CODE_STATE=getMsg HTTP/1.1" 200 27
114.83.220.28 - - [06/Jun/2023:09:21:56 +0800] "POST /xingrg/kc/buy/cgsh_order_operate.html HTTP/1.1" 200 606
114.83.220.28 - - [06/Jun/2023:09:21:57 +0800] "GET /xingrg/all/function/internal_message.html?_=1686014514258&CODE_STATE=getMsg HTTP/1.1" 200 27
222.69.135.153 - - [06/Jun/2023:09:21:57 +0800] "GET /xingrg/all/function/internal_message.html?_=1686014619132&CODE_STATE=getMsg HTTP/1.1" 200 27
222.69.135.153 - - [06/Jun/2023:09:21:57 +0800] "GET /xingrg/check_reg.html?_=1686014619135 HTTP/1.1" 200 22
101.83.145.52 - - [06/Jun/2023:09:21:57 +0800] "GET /xingrg/kc/buy/cgsh_order_operate.html?command=get_materiel&rest_code=00105&code=00101007024&supplier_code=00100002&order_time=2023-06-06 HTTP/1.1" 200 417
114.83.220.28 - - [06/Jun/2023:09:21:59 +0800] "GET /xingrg/kc/print/load_data.html?order_code=212023060601922&kc_code=cgsh&condition= HTTP/1.1" 200 714
114.93.32.10 - - [06/Jun/2023:09:22:03 +0800] "GET /xingrg/all/function/internal_message.html?_=1686014525515&CODE_STATE=getMsg HTTP/1.1" 200 27
120.253.135.82 - - [06/Jun/2023:09:22:05 +0800] "GET /xingrg/check_reg.html?_=1686014360338 HTTP/1.1" 200 22
101.83.145.52 - - [06/Jun/2023:09:22:09 +0800] "GET /xingrg/kc/buy/cgsh_order_operate.html?command=get_materiel&rest_code=00105&code=00101007049&supplier_code=00100002&order_time=2023-06-06 HTTP/1.1" 200 409
222.70.114.12 - - [06/Jun/2023:09:22:13 +0800] "GET /xingrg/all/function/internal_message.html?_=1686014533943&CODE_STATE=getMsg HTTP/1.1" 200 27
116.234.62.222 - - [06/Jun/2023:09:22:16 +0800] "GET /xingrg/all/function/internal_message.html?_=1686014513210&CODE_STATE=getMsg HTTP/1.1" 200 27
222.70.241.154 - - [06/Jun/2023:09:22:19 +0800] "GET /xingrg/all/function/internal_message.html?_=1686014572765&CODE_STATE=getMsg HTTP/1.1" 200 27
116.238.139.35 - - [06/Jun/2023:09:22:20 +0800] "GET /xingrg/all/function/internal_message.html?_=1686014539764&CODE_STATE=getMsg HTTP/1.1" 200 27
180.169.147.146 - - [06/Jun/2023:09:22:29 +0800] "GET /xingrg/all/function/internal_message.html?_=1686014549443&CODE_STATE=getMsg HTTP/1.1" 200 27
114.85.113.108 - - [06/Jun/2023:09:22:30 +0800] "GET /xingrg/check_reg.html?_=1686014549371 HTTP/1.1" 200 22
222.70.180.90 - - [06/Jun/2023:09:22:33 +0800] "GET /xingrg/all/function/internal_message.html?_=1686014552575&CODE_STATE=getMsg HTTP/1.1" 200 27
222.70.180.90 - - [06/Jun/2023:09:22:34 +0800] "GET /xingrg/kc/buy/cgsh_order_operate.html?command=get_materiel&rest_code=00111&code=00101037191&supplier_code=00100037&order_time=2023-06-06 HTTP/1.1" 200 413
101.83.145.52 - - [06/Jun/2023:09:22:41 +0800] "POST /xingrg/kc/buy/cgsh_order_operate.html HTTP/1.1" 200 37
116.232.195.127 - - [06/Jun/2023:09:22:41 +0800] "GET /xingrg/all/function/internal_message.html?_=1686014579144&CODE_STATE=getMsg HTTP/1.1" 200 27
120.253.135.82 - - [06/Jun/2023:09:22:42 +0800] "GET /xingrg/all/function/internal_message.html?_=1686014397167&CODE_STATE=getMsg HTTP/1.1" 200 27
101.83.145.52 - - [06/Jun/2023:09:22:43 +0800] "POST /xingrg/kc/buy/cgsh_order_operate.html HTTP/1.1" 200 3837
101.83.145.52 - - [06/Jun/2023:09:22:44 +0800] "GET /xingrg/kc/print/load_data.html?order_code=212023060601923&kc_code=cgsh&condition= HTTP/1.1" 200 1192
172.20.0.100 - - [06/Jun/2023:09:22:45 +0800] "GET /xingrg/index.html?sysBaseUrl=http%3A%2F%2F172.17.0.8%3A18081%2Fxingrg%2F&costTime=213×tamp=1585200360465 HTTP/1.1" 302 -
172.20.0.100 - - [06/Jun/2023:09:22:45 +0800] "GET /xingrg/login.html HTTP/1.1" 200 7636
172.20.0.100 - - [06/Jun/2023:09:22:45 +0800] "GET /favicon.ico HTTP/1.1" 404 -
116.238.139.35 - - [06/Jun/2023:09:22:46 +0800] "POST /xingrg/services/DataTransmitService HTTP/1.1" 200 524
172.20.0.100 - - [06/Jun/2023:09:22:48 +0800] "POST /xingrg/login.do HTTP/1.1" 302 -
172.20.0.100 - - [06/Jun/2023:09:22:48 +0800] "GET /xingrg/index.html?sysBaseUrl=http%3A%2F%2F172.20.0.8%3A18081%2Fxingrg%2F&costTime=840×tamp=1686014568314 HTTP/1.1" 200 17448
172.20.0.100 - - [06/Jun/2023:09:22:48 +0800] "GET /favicon.ico HTTP/1.1" 404 -
172.20.0.100 - - [06/Jun/2023:09:22:48 +0800] "GET /xingrg/check_reg.html?_=1686014568174 HTTP/1.1" 200 22
172.20.0.100 - - [06/Jun/2023:09:22:48 +0800] "GET /xingrg/all/function/internal_message.html?_=1686014568173&CODE_STATE=count HTTP/1.1" 200 11
172.20.0.100 - - [06/Jun/2023:09:22:48 +0800] "POST /xingrg/all/common/load_tree.html?tree=area_rest_tree_json&manage=1 HTTP/1.1" 200 3499
172.20.0.100 - - [06/Jun/2023:09:22:48 +0800] "POST /xingrg/load_menu.html HTTP/1.1" 200 11529
101.83.145.52 - - [06/Jun/2023:09:22:53 +0800] "GET /xingrg/all/function/internal_message.html?_=1686014402137&CODE_STATE=getMsg HTTP/1.1" 200 27
172.20.0.100 - - [06/Jun/2023:09:22:53 +0800] "POST /xingrg/all/user/operate.html HTTP/1.1" 200 36
172.20.0.100 - - [06/Jun/2023:09:22:53 +0800] "GET /xingrg/index.html?sysBaseUrl=http%3A%2F%2F172.20.0.8%3A18081%2Fxingrg%2F&costTime=840×tamp=1686014568314 HTTP/1.1" 200 17452
172.20.0.100 - - [06/Jun/2023:09:22:53 +0800] "GET /xingrg/javascript/jquery_easy_ui/themes/default/easyui.css HTTP/1.1" 304 -
172.20.0.100 - - [06/Jun/2023:09:22:53 +0800] "GET /xingrg/javascript/jquery_easy_ui/themes/icon.css HTTP/1.1" 304 -
172.20.0.100 - - [06/Jun/2023:09:22:53 +0800] "GET /xingrg/css/form.css HTTP/1.1" 304 -
172.20.0.100 - - [06/Jun/2023:09:22:53 +0800] "GET /xingrg/javascript/jquery-1.4.2.min.js HTTP/1.1" 304 -
172.20.0.100 - - [06/Jun/2023:09:22:53 +0800] "GET /xingrg/javascript/jquery_easy_ui/jquery.easyui.min.js HTTP/1.1" 304 -
172.20.0.100 - - [06/Jun/2023:09:22:53 +0800] "GET /xingrg/javascript/jquery_easy_ui/easyui-lang-zh_CN.js HTTP/1.1" 304 -
172.20.0.100 - - [06/Jun/2023:09:22:53 +0800] "GET /xingrg/javascript/jquery.form.js HTTP/1.1" 304 -
172.20.0.100 - - [06/Jun/2023:09:22:53 +0800] "GET /xingrg/javascript/jquery.utils.js HTTP/1.1" 304 -
172.20.0.100 - - [06/Jun/2023:09:22:53 +0800] "GET /xingrg/javascript/jquery.timers.js HTTP/1.1" 304 -
172.20.0.100 - - [06/Jun/2023:09:22:53 +0800] "GET /xingrg/images/blue/jxLogo.png HTTP/1.1" 304 -
172.20.0.100 - - [06/Jun/2023:09:22:54 +0800] "GET /xingrg/images/blue/navBackgound.jpg HTTP/1.1" 304 -
172.20.0.100 - - [06/Jun/2023:09:22:54 +0800] "GET /xingrg/javascript/jquery_easy_ui/themes/icons/settle_new.png HTTP/1.1" 304 -
172.20.0.100 - - [06/Jun/2023:09:22:54 +0800] "GET /xingrg/all/function/internal_message.html?_=1686014573480&CODE_STATE=count HTTP/1.1" 200 11
172.20.0.100 - - [06/Jun/2023:09:22:54 +0800] "GET /xingrg/check_reg.html?_=1686014573481 HTTP/1.1" 200 22
172.20.0.100 - - [06/Jun/2023:09:22:54 +0800] "GET /xingrg/javascript/jquery_easy_ui/themes/default/images/tabs_leftarrow.png HTTP/1.1" 304 -
172.20.0.100 - - [06/Jun/2023:09:22:54 +0800] "GET /xingrg/javascript/jquery_easy_ui/themes/default/images/tabs_rightarrow.png HTTP/1.1" 304 -
172.20.0.100 - - [06/Jun/2023:09:22:54 +0800] "GET /xingrg/javascript/jquery_easy_ui/themes/default/images/panel_tool_collapse.gif HTTP/1.1" 304 -
172.20.0.100 - - [06/Jun/2023:09:22:54 +0800] "GET /xingrg/javascript/jquery_easy_ui/themes/default/images/panel_tool_expand.gif HTTP/1.1" 304 -
172.20.0.100 - - [06/Jun/2023:09:22:54 +0800] "GET /xingrg/images/blue/pingpu.png HTTP/1.1" 304 -
172.20.0.100 - - [06/Jun/2023:09:22:54 +0800] "POST /xingrg/all/common/load_tree.html?tree=area_rest_tree_json&manage=1 HTTP/1.1" 200 3499
172.20.0.100 - - [06/Jun/2023:09:22:54 +0800] "POST /xingrg/load_menu.html HTTP/1.1" 200 9924
172.20.0.100 - - [06/Jun/2023:09:22:55 +0800] "GET /xingrg/kc/report/report_main.html HTTP/1.1" 200 7320
101.83.145.52 - - [06/Jun/2023:09:22:55 +0800] "GET /xingrg/all/function/internal_message.html?_=1686014575712&CODE_STATE=getMsg HTTP/1.1" 200 27
172.20.0.100 - - [06/Jun/2023:09:22:56 +0800] "GET /xingrg/kc/base/crk_hz.html HTTP/1.1" 200 11227
114.83.220.28 - - [06/Jun/2023:09:22:56 +0800] "GET /xingrg/all/function/internal_message.html?_=1686014574133&CODE_STATE=getMsg HTTP/1.1" 200 27
180.174.236.85 - - [06/Jun/2023:09:22:56 +0800] "GET /xingrg/check_reg.html?_=1686014577066 HTTP/1.1" 200 22
172.20.0.100 - - [06/Jun/2023:09:22:57 +0800] "POST /xingrg/kc/cost/cost_operate.html?command=get_base_tree HTTP/1.1" 200 1046
172.20.0.100 - - [06/Jun/2023:09:22:57 +0800] "POST /xingrg/all/common/load_tree.html?tree=materiel_sort_tree_json HTTP/1.1" 200 9500
222.69.135.153 - - [06/Jun/2023:09:22:57 +0800] "GET /xingrg/all/function/internal_message.html?_=1686014679135&CODE_STATE=getMsg HTTP/1.1" 200 27
172.20.0.100 - - [06/Jun/2023:09:22:59 +0800] "GET /xingrg/all/common/get_data_part.html?part=previousMonth&_=1686014578540 HTTP/1.1" 200 41
172.20.0.100 - - [06/Jun/2023:09:23:01 +0800] "GET /xingrg/kc/base/crk_hz.html?_=1686014581213&command=get_cost_id&end_date=2023-05-31&start_date=2023-05-01 HTTP/1.1" 200 51
172.20.0.100 - - [06/Jun/2023:09:23:01 +0800] "GET /xingrg/all/report/report_query.html?isQuery=1&onlyBody=1&rh=99999&rw=1800&varString=start:20230501,cost_id:4346,mid:20230501&fileName=kc/base/crk_hz_type_by_base.xml&queryString=%20m.sort_code%20in%20('00101001','00101002','00101003','00101004','00101005','00101006','00101007','00101008','00101009','00101010','00101011','00101012','00101013','00101014','00101015','00101016','00101017','00101018','00101019','00101020','00101021','00101022','00101023','00101024','00101025','00101026','00101027','00101028','00101029','00101030','00101031','00101032','00101033','00101034','00101036','00101037','00101038','00101039','00101040','00101041','00101042','00101043')%20&queryText=ÈÕÆÚ£º2023-05-01ÖÁ2023-05-31&tableQueryString=materiel_table$sp1$$sp$before_table$sp1$$sp$crk_table$sp1$order_day%20between%2020230501%20and%2020230531 HTTP/1.1" 200 49769
172.20.0.100 - - [06/Jun/2023:09:23:02 +0800] "GET /xingrg/dwr/interface/AjaxReportQueryService.js HTTP/1.1" 200 13203
172.20.0.100 - - [06/Jun/2023:09:23:02 +0800] "GET /xingrg/dwr/engine.js HTTP/1.1" 200 43631
172.20.0.100 - - [06/Jun/2023:09:23:02 +0800] "GET /xingrg/dwr/util.js HTTP/1.1" 304 -
114.93.32.10 - - [06/Jun/2023:09:23:03 +0800] "GET /xingrg/all/function/internal_message.html?_=1686014585530&CODE_STATE=getMsg HTTP/1.1" 200 27
172.20.0.100 - - [06/Jun/2023:09:23:05 +0800] "POST /xingrg/all/report/load_report_page.html HTTP/1.1" 200 285869
172.20.0.100 - - [06/Jun/2023:09:23:06 +0800] "GET /xingrg/servlets/image?cache=0.6680924399983514&image=px HTTP/1.1" 200 807
222.70.114.12 - - [06/Jun/2023:09:23:13 +0800] "GET /xingrg/check_reg.html?_=1686014593943 HTTP/1.1" 200 22
222.70.114.12 - - [06/Jun/2023:09:23:13 +0800] "GET /xingrg/all/function/internal_message.html?_=1686014593944&CODE_STATE=getMsg HTTP/1.1" 200 27
