114.93.32.10 - - [06/Jun/2023:08:55:03 +0800] "GET /xingrg/all/function/internal_message.html?_=1686012905512&CODE_STATE=getMsg HTTP/1.1" 200 27
116.238.139.35 - - [06/Jun/2023:08:55:05 +0800] "GET /xingrg/kc/buy/cgsh_order_info.html?code=212023060601911 HTTP/1.1" 200 71626
116.238.139.35 - - [06/Jun/2023:08:55:05 +0800] "GET /xingrg/javascript/easyui/themes/default/validatebox.css HTTP/1.1" 404 1104
116.238.139.35 - - [06/Jun/2023:08:55:05 +0800] "GET /xingrg/all/common/auto_word.html?type=employee&rest_code=00150 HTTP/1.1" 200 159
116.238.139.35 - - [06/Jun/2023:08:55:05 +0800] "GET /xingrg/all/common/auto_word.html?type=employee&rest_code=00150 HTTP/1.1" 200 159
116.238.139.35 - - [06/Jun/2023:08:55:06 +0800] "POST /xingrg/kc/buy/cgsh_order_operate.html HTTP/1.1" 200 12690
222.70.180.90 - - [06/Jun/2023:08:55:08 +0800] "GET /xingrg/kc/buy/cgsh_order_operate.html?command=get_materiel&rest_code=00111&code=00101008169&supplier_code=00100005&order_time=2023-06-06 HTTP/1.1" 200 412
101.83.145.52 - - [06/Jun/2023:08:55:11 +0800] "GET /xingrg/kc/buy/cgsh_order_operate.html?command=get_materiel&rest_code=00105&code=00101001062&supplier_code=00100397&order_time=2023-06-06 HTTP/1.1" 200 416
116.237.73.255 - - [06/Jun/2023:08:55:11 +0800] "GET /xingrg/all/function/internal_message.html?_=1686012912914&CODE_STATE=getMsg HTTP/1.1" 200 27
116.234.62.222 - - [06/Jun/2023:08:55:16 +0800] "GET /xingrg/all/function/internal_message.html?_=1686012893212&CODE_STATE=getMsg HTTP/1.1" 200 27
116.234.62.222 - - [06/Jun/2023:08:55:16 +0800] "GET /xingrg/check_reg.html?_=1686012893209 HTTP/1.1" 200 22
222.70.241.154 - - [06/Jun/2023:08:55:18 +0800] "GET /xingrg/all/function/internal_message.html?_=1686012952040&CODE_STATE=getMsg HTTP/1.1" 200 27
116.237.73.255 - - [06/Jun/2023:08:55:19 +0800] "GET /xingrg/javascript/auto/indicator.gif HTTP/1.1" 404 1066
116.238.139.35 - - [06/Jun/2023:08:55:19 +0800] "GET /xingrg/javascript/auto/indicator.gif HTTP/1.1" 404 1066
116.238.139.35 - - [06/Jun/2023:08:55:24 +0800] "GET /xingrg/kc/buy/cgsh_order_operate.html?command=get_materiel&rest_code=00150&code=00101008131&supplier_code=00100008&order_time=2023-06-06 HTTP/1.1" 200 409
116.238.139.35 - - [06/Jun/2023:08:55:29 +0800] "GET /xingrg/check_reg.html?_=1686012829295 HTTP/1.1" 200 22
101.83.145.52 - - [06/Jun/2023:08:55:32 +0800] "GET /xingrg/kc/buy/cgsh_order_operate.html?command=get_materiel&rest_code=00105&code=00101001299&supplier_code=00100397&order_time=2023-06-06 HTTP/1.1" 200 413
222.70.180.90 - - [06/Jun/2023:08:55:33 +0800] "GET /xingrg/all/function/internal_message.html?_=1686012932549&CODE_STATE=getMsg HTTP/1.1" 200 27
116.237.73.255 - - [06/Jun/2023:08:55:36 +0800] "GET /xingrg/kc/buy/cgsh_order_operate.html?command=get_materiel&rest_code=00106&code=00101007082&supplier_code=00100096&order_time=2023-06-06 HTTP/1.1" 200 429
116.238.139.35 - - [06/Jun/2023:08:55:36 +0800] "GET /xingrg/all/function/internal_message.html?_=1686012836760&CODE_STATE=getMsg HTTP/1.1" 200 27
116.238.139.35 - - [06/Jun/2023:08:55:37 +0800] "GET /xingrg/kc/buy/cgsh_order_operate.html?command=get_materiel&rest_code=00150&code=00101008150&supplier_code=00100008&order_time=2023-06-06 HTTP/1.1" 200 409
116.232.195.127 - - [06/Jun/2023:08:55:41 +0800] "GET /xingrg/all/function/internal_message.html?_=1686012959149&CODE_STATE=getMsg HTTP/1.1" 200 27
114.83.220.28 - - [06/Jun/2023:08:55:44 +0800] "GET /xingrg/kc/buy/cgsh_order_operate.html?command=get_materiel&rest_code=00149&code=00101008330&supplier_code=00100008&order_time=2023-06-06 HTTP/1.1" 200 408
222.70.180.90 - - [06/Jun/2023:08:55:47 +0800] "GET /xingrg/kc/buy/cgsh_order_operate.html?command=get_materiel&rest_code=00111&code=00101008087&supplier_code=00100005&order_time=2023-06-06 HTTP/1.1" 200 412
116.238.139.35 - - [06/Jun/2023:08:55:49 +0800] "GET /xingrg/kc/buy/cgsh_order_operate.html?command=get_materiel&rest_code=00150&code=00101008061&supplier_code=00100008&order_time=2023-06-06 HTTP/1.1" 200 422
120.253.135.82 - - [06/Jun/2023:08:55:49 +0800] "GET /xingrg/all/function/internal_message.html?_=1686012785036&CODE_STATE=getMsg HTTP/1.1" 200 27
116.238.139.35 - - [06/Jun/2023:08:55:54 +0800] "GET /xingrg/all/function/internal_message.html?_=1686012953973&CODE_STATE=getMsg HTTP/1.1" 200 27
180.157.252.126 - - [06/Jun/2023:08:55:55 +0800] "POST /xingrg/services/DataTransmitService HTTP/1.1" 200 524
101.83.145.52 - - [06/Jun/2023:08:55:55 +0800] "GET /xingrg/all/function/internal_message.html?_=1686012955658&CODE_STATE=getMsg HTTP/1.1" 200 27
114.83.220.28 - - [06/Jun/2023:08:55:57 +0800] "GET /xingrg/all/function/internal_message.html?_=1686012954224&CODE_STATE=getMsg HTTP/1.1" 200 27
222.70.180.90 - - [06/Jun/2023:08:55:58 +0800] "GET /xingrg/kc/buy/cgsh_order_operate.html?command=get_materiel&rest_code=00111&code=00101008270&supplier_code=00100005&order_time=2023-06-06 HTTP/1.1" 200 412
116.238.139.35 - - [06/Jun/2023:08:55:58 +0800] "GET /xingrg/kc/buy/cgsh_order_operate.html?command=get_materiel&rest_code=00150&code=00101008095&supplier_code=00100008&order_time=2023-06-06 HTTP/1.1" 200 412
114.83.220.28 - - [06/Jun/2023:08:56:00 +0800] "GET /xingrg/kc/buy/cgsh_order_operate.html?command=get_materiel&rest_code=00149&code=00101013179&supplier_code=00100008&order_time=2023-06-06 HTTP/1.1" 200 412
114.93.32.10 - - [06/Jun/2023:08:56:03 +0800] "GET /xingrg/all/function/internal_message.html?_=1686012965512&CODE_STATE=getMsg HTTP/1.1" 200 27
114.93.32.10 - - [06/Jun/2023:08:56:03 +0800] "GET /xingrg/check_reg.html?_=1686012965514 HTTP/1.1" 200 22
101.83.145.52 - - [06/Jun/2023:08:56:05 +0800] "POST /xingrg/kc/buy/cgsh_order_operate.html HTTP/1.1" 200 37
222.70.180.90 - - [06/Jun/2023:08:56:06 +0800] "GET /xingrg/kc/buy/cgsh_order_operate.html?command=get_materiel&rest_code=00111&code=00101008359&supplier_code=00100005&order_time=2023-06-06 HTTP/1.1" 200 408
116.238.139.35 - - [06/Jun/2023:08:56:10 +0800] "GET /xingrg/kc/buy/cgsh_order_operate.html?command=get_materiel&rest_code=00150&code=00101008110&supplier_code=00100008&order_time=2023-06-06 HTTP/1.1" 200 408
116.237.73.255 - - [06/Jun/2023:08:56:11 +0800] "GET /xingrg/all/function/internal_message.html?_=1686012972910&CODE_STATE=getMsg HTTP/1.1" 200 27
114.83.220.28 - - [06/Jun/2023:08:56:12 +0800] "GET /xingrg/kc/buy/cgsh_order_operate.html?command=get_materiel&rest_code=00149&code=00101008415&supplier_code=00100008&order_time=2023-06-06 HTTP/1.1" 200 412
116.237.73.255 - - [06/Jun/2023:08:56:12 +0800] "GET /xingrg/kc/buy/cgsh_order_operate.html?command=get_materiel&rest_code=00106&code=00101007049&supplier_code=00100096&order_time=2023-06-06 HTTP/1.1" 200 409
116.234.62.222 - - [06/Jun/2023:08:56:16 +0800] "GET /xingrg/all/function/internal_message.html?_=1686012953198&CODE_STATE=getMsg HTTP/1.1" 200 27
222.70.241.154 - - [06/Jun/2023:08:56:18 +0800] "GET /xingrg/all/function/internal_message.html?_=1686013012094&CODE_STATE=getMsg HTTP/1.1" 200 27
222.70.180.90 - - [06/Jun/2023:08:56:21 +0800] "GET /xingrg/kc/buy/cgsh_order_operate.html?command=get_materiel&rest_code=00111&code=00101008403&supplier_code=00100005&order_time=2023-06-06 HTTP/1.1" 200 412
222.70.180.90 - - [06/Jun/2023:08:56:29 +0800] "GET /xingrg/kc/buy/cgsh_order_operate.html?command=get_materiel&rest_code=00111&code=00101008312&supplier_code=00100005&order_time=2023-06-06 HTTP/1.1" 200 412
222.70.180.90 - - [06/Jun/2023:08:56:33 +0800] "GET /xingrg/all/function/internal_message.html?_=1686012992553&CODE_STATE=getMsg HTTP/1.1" 200 27
222.70.180.90 - - [06/Jun/2023:08:56:33 +0800] "GET /xingrg/check_reg.html?_=1686012992556 HTTP/1.1" 200 22
114.83.220.28 - - [06/Jun/2023:08:56:33 +0800] "GET /xingrg/kc/buy/cgsh_order_operate.html?command=get_materiel&rest_code=00149&code=00101008332&supplier_code=00100008&order_time=2023-06-06 HTTP/1.1" 200 412
116.237.73.255 - - [06/Jun/2023:08:56:34 +0800] "GET /xingrg/kc/buy/cgsh_order_operate.html?command=get_materiel&rest_code=00106&code=00101007027&supplier_code=00100096&order_time=2023-06-06 HTTP/1.1" 200 421
116.238.139.35 - - [06/Jun/2023:08:56:36 +0800] "GET /xingrg/all/function/internal_message.html?_=1686012896773&CODE_STATE=getMsg HTTP/1.1" 200 27
101.83.145.52 - - [06/Jun/2023:08:56:41 +0800] "POST /xingrg/kc/buy/cgsh_order_operate.html HTTP/1.1" 200 5027
116.232.195.127 - - [06/Jun/2023:08:56:41 +0800] "GET /xingrg/all/function/internal_message.html?_=1686013019147&CODE_STATE=getMsg HTTP/1.1" 200 27
222.70.180.90 - - [06/Jun/2023:08:56:43 +0800] "GET /xingrg/kc/buy/cgsh_order_operate.html?command=get_materiel&rest_code=00111&code=00101008072&supplier_code=00100005&order_time=2023-06-06 HTTP/1.1" 200 408
222.70.241.154 - - [06/Jun/2023:08:56:43 +0800] "GET /xingrg/check_reg.html?_=1686013036721 HTTP/1.1" 200 22
101.83.145.52 - - [06/Jun/2023:08:56:43 +0800] "GET /xingrg/kc/print/load_data.html?order_code=212023060601912&kc_code=cgsh&condition= HTTP/1.1" 200 1571
120.253.135.82 - - [06/Jun/2023:08:56:50 +0800] "GET /xingrg/all/function/internal_message.html?_=1686012845099&CODE_STATE=getMsg HTTP/1.1" 200 27
101.83.145.52 - - [06/Jun/2023:08:56:50 +0800] "GET /xingrg/kc/buy/cgsh_order_add.html HTTP/1.1" 200 71655
101.83.145.52 - - [06/Jun/2023:08:56:50 +0800] "POST /xingrg/kc/buy/cgsh_order_operate.html HTTP/1.1" 200 8245
101.83.145.52 - - [06/Jun/2023:08:56:50 +0800] "GET /xingrg/javascript/easyui/themes/default/validatebox.css HTTP/1.1" 404 1104
222.70.180.90 - - [06/Jun/2023:08:56:51 +0800] "GET /xingrg/kc/buy/cgsh_order_operate.html?command=get_materiel&rest_code=00111&code=00101008210&supplier_code=00100005&order_time=2023-06-06 HTTP/1.1" 200 408
114.83.220.28 - - [06/Jun/2023:08:56:53 +0800] "GET /xingrg/kc/buy/cgsh_order_operate.html?command=get_materiel&rest_code=00149&code=00101008357&supplier_code=00100008&order_time=2023-06-06 HTTP/1.1" 200 408
116.238.139.35 - - [06/Jun/2023:08:56:54 +0800] "GET /xingrg/all/function/internal_message.html?_=1686013014026&CODE_STATE=getMsg HTTP/1.1" 200 27
101.83.145.52 - - [06/Jun/2023:08:56:55 +0800] "GET /xingrg/all/function/internal_message.html?_=1686013015697&CODE_STATE=getMsg HTTP/1.1" 200 27
114.83.220.28 - - [06/Jun/2023:08:56:56 +0800] "GET /xingrg/all/function/internal_message.html?_=1686013014213&CODE_STATE=getMsg HTTP/1.1" 200 27
101.83.145.52 - - [06/Jun/2023:08:56:59 +0800] "GET /xingrg/kc/buy/cgsh_order_operate.html?command=get_materiel&rest_code=00105&code=00101016030&supplier_code=00100034&order_time=2023-06-06 HTTP/1.1" 200 412
114.93.32.10 - - [06/Jun/2023:08:57:03 +0800] "GET /xingrg/all/function/internal_message.html?_=1686013025513&CODE_STATE=getMsg HTTP/1.1" 200 27
114.83.220.28 - - [06/Jun/2023:08:57:05 +0800] "POST /xingrg/kc/buy/cgsh_order_operate.html HTTP/1.1" 200 2065
120.253.135.82 - - [06/Jun/2023:08:57:05 +0800] "GET /xingrg/check_reg.html?_=1686012860245 HTTP/1.1" 200 22
116.238.139.35 - - [06/Jun/2023:08:57:10 +0800] "POST /xingrg/kc/buy/cgsh_order_operate.html HTTP/1.1" 200 37
116.237.73.255 - - [06/Jun/2023:08:57:11 +0800] "GET /xingrg/all/function/internal_message.html?_=1686013032920&CODE_STATE=getMsg HTTP/1.1" 200 27
116.238.139.35 - - [06/Jun/2023:08:57:11 +0800] "POST /xingrg/kc/buy/cgsh_order_operate.html HTTP/1.1" 200 15657
114.83.220.28 - - [06/Jun/2023:08:57:13 +0800] "GET /xingrg/kc/buy/cgsh_order_operate.html?command=get_materiel&rest_code=00149&code=00101008286&supplier_code=00100008&order_time=2023-06-06 HTTP/1.1" 200 408
116.234.62.222 - - [06/Jun/2023:08:57:16 +0800] "GET /xingrg/all/function/internal_message.html?_=1686013013208&CODE_STATE=getMsg HTTP/1.1" 200 27
222.70.241.154 - - [06/Jun/2023:08:57:18 +0800] "GET /xingrg/all/function/internal_message.html?_=1686013072098&CODE_STATE=getMsg HTTP/1.1" 200 27
101.83.145.52 - - [06/Jun/2023:08:57:20 +0800] "GET /xingrg/kc/buy/cgsh_order_operate.html?command=get_materiel&rest_code=00105&code=00101020153&supplier_code=00100034&order_time=2023-06-06 HTTP/1.1" 200 408
114.85.113.108 - - [06/Jun/2023:08:57:30 +0800] "GET /xingrg/check_reg.html?_=1686013049432 HTTP/1.1" 200 22
101.83.145.52 - - [06/Jun/2023:08:57:31 +0800] "POST /xingrg/kc/buy/cgsh_order_operate.html HTTP/1.1" 200 37
222.70.180.90 - - [06/Jun/2023:08:57:33 +0800] "GET /xingrg/all/function/internal_message.html?_=1686013052547&CODE_STATE=getMsg HTTP/1.1" 200 27
116.237.73.255 - - [06/Jun/2023:08:57:34 +0800] "POST /xingrg/kc/buy/cgsh_order_operate.html HTTP/1.1" 200 37
101.83.145.52 - - [06/Jun/2023:08:57:34 +0800] "POST /xingrg/kc/buy/cgsh_order_operate.html HTTP/1.1" 200 3242
101.83.145.52 - - [06/Jun/2023:08:57:36 +0800] "GET /xingrg/kc/print/load_data.html?order_code=212023060601913&kc_code=cgsh&condition= HTTP/1.1" 200 933
116.238.139.35 - - [06/Jun/2023:08:57:36 +0800] "GET /xingrg/all/function/internal_message.html?_=1686012956824&CODE_STATE=getMsg HTTP/1.1" 200 27
116.237.73.255 - - [06/Jun/2023:08:57:38 +0800] "POST /xingrg/kc/buy/cgsh_order_operate.html HTTP/1.1" 200 11573
116.232.195.127 - - [06/Jun/2023:08:57:41 +0800] "GET /xingrg/all/function/internal_message.html?_=1686013079150&CODE_STATE=getMsg HTTP/1.1" 200 27
114.83.220.28 - - [06/Jun/2023:08:57:42 +0800] "GET /xingrg/kc/buy/cgsh_order_operate.html?command=get_materiel&rest_code=00149&code=00101008131&supplier_code=00100008&order_time=2023-06-06 HTTP/1.1" 200 409
116.237.73.255 - - [06/Jun/2023:08:57:45 +0800] "GET /xingrg/kc/buy/cgsh_order_add.html HTTP/1.1" 200 71567
116.237.73.255 - - [06/Jun/2023:08:57:45 +0800] "POST /xingrg/kc/buy/cgsh_order_operate.html HTTP/1.1" 200 8245
116.237.73.255 - - [06/Jun/2023:08:57:45 +0800] "GET /xingrg/javascript/easyui/themes/default/validatebox.css HTTP/1.1" 404 1104
116.237.73.255 - - [06/Jun/2023:08:57:48 +0800] "GET /xingrg/javascript/easyui/themes/default/tree.css HTTP/1.1" 404 1090
116.237.73.255 - - [06/Jun/2023:08:57:48 +0800] "POST /xingrg/all/common/load_tree.html?tree=supplier_tree_json&isDelete=1 HTTP/1.1" 200 74436
120.253.135.82 - - [06/Jun/2023:08:57:50 +0800] "GET /xingrg/all/function/internal_message.html?_=1686012905110&CODE_STATE=getMsg HTTP/1.1" 200 27
116.238.139.35 - - [06/Jun/2023:08:57:54 +0800] "GET /xingrg/all/function/internal_message.html?_=1686013074004&CODE_STATE=getMsg HTTP/1.1" 200 27
101.83.145.52 - - [06/Jun/2023:08:57:55 +0800] "GET /xingrg/all/function/internal_message.html?_=1686013075670&CODE_STATE=getMsg HTTP/1.1" 200 27
180.174.236.85 - - [06/Jun/2023:08:57:56 +0800] "GET /xingrg/check_reg.html?_=1686013077126 HTTP/1.1" 200 22
114.83.220.28 - - [06/Jun/2023:08:57:57 +0800] "GET /xingrg/all/function/internal_message.html?_=1686013074244&CODE_STATE=getMsg HTTP/1.1" 200 27
114.83.220.28 - - [06/Jun/2023:08:58:00 +0800] "GET /xingrg/kc/buy/cgsh_order_operate.html?command=get_materiel&rest_code=00149&code=00101008318&supplier_code=00100008&order_time=2023-06-06 HTTP/1.1" 200 408
114.93.32.10 - - [06/Jun/2023:08:58:03 +0800] "GET /xingrg/all/function/internal_message.html?_=1686013085514&CODE_STATE=getMsg HTTP/1.1" 200 27
222.70.180.90 - - [06/Jun/2023:08:58:07 +0800] "GET /xingrg/kc/buy/cgsh_order_operate.html?command=get_materiel&rest_code=00111&code=00101008126&supplier_code=00100005&order_time=2023-06-06 HTTP/1.1" 200 412
116.237.73.255 - - [06/Jun/2023:08:58:11 +0800] "GET /xingrg/all/function/internal_message.html?_=1686013092935&CODE_STATE=getMsg HTTP/1.1" 200 27
114.83.220.28 - - [06/Jun/2023:08:58:13 +0800] "GET /xingrg/kc/buy/cgsh_order_operate.html?command=get_materiel&rest_code=00149&code=00101008352&supplier_code=00100008&order_time=2023-06-06 HTTP/1.1" 200 412
116.234.62.222 - - [06/Jun/2023:08:58:16 +0800] "GET /xingrg/all/function/internal_message.html?_=1686013073197&CODE_STATE=getMsg HTTP/1.1" 200 27
114.83.220.28 - - [06/Jun/2023:08:58:16 +0800] "POST /xingrg/kc/buy/cgsh_order_operate.html HTTP/1.1" 200 2065
222.70.241.154 - - [06/Jun/2023:08:58:18 +0800] "GET /xingrg/all/function/internal_message.html?_=1686013132112&CODE_STATE=getMsg HTTP/1.1" 200 27
116.237.73.255 - - [06/Jun/2023:08:58:19 +0800] "GET /xingrg/kc/buy/cgsh_order_operate.html?command=get_materiel&rest_code=00106&code=00101008147&supplier_code=00100009&order_time=2023-06-06 HTTP/1.1" 200 416
114.83.220.28 - - [06/Jun/2023:08:58:25 +0800] "GET /xingrg/kc/buy/cgsh_order_operate.html?command=get_materiel&rest_code=00149&code=00101008005&supplier_code=00100008&order_time=2023-06-06 HTTP/1.1" 200 412
222.70.180.90 - - [06/Jun/2023:08:58:26 +0800] "GET /xingrg/kc/buy/cgsh_order_operate.html?command=get_materiel&rest_code=00111&code=00101008190&supplier_code=00100005&order_time=2023-06-06 HTTP/1.1" 200 412
116.237.73.255 - - [06/Jun/2023:08:58:31 +0800] "POST /xingrg/kc/buy/cgsh_order_operate.html HTTP/1.1" 200 37
222.70.180.90 - - [06/Jun/2023:08:58:33 +0800] "GET /xingrg/all/function/internal_message.html?_=1686013112553&CODE_STATE=getMsg HTTP/1.1" 200 27
116.238.139.35 - - [06/Jun/2023:08:58:36 +0800] "GET /xingrg/all/function/internal_message.html?_=1686013016831&CODE_STATE=getMsg HTTP/1.1" 200 27
222.70.180.90 - - [06/Jun/2023:08:58:38 +0800] "GET /xingrg/kc/buy/cgsh_order_operate.html?command=get_materiel&rest_code=00111&code=00101008328&supplier_code=00100005&order_time=2023-06-06 HTTP/1.1" 200 408
114.83.220.28 - - [06/Jun/2023:08:58:39 +0800] "GET /xingrg/kc/buy/cgsh_order_operate.html?command=get_materiel&rest_code=00149&code=00101008353&supplier_code=00100008&order_time=2023-06-06 HTTP/1.1" 200 408
116.237.73.255 - - [06/Jun/2023:08:58:39 +0800] "POST /xingrg/kc/buy/cgsh_order_operate.html HTTP/1.1" 200 2660
116.232.195.127 - - [06/Jun/2023:08:58:41 +0800] "GET /xingrg/all/function/internal_message.html?_=1686013139131&CODE_STATE=getMsg HTTP/1.1" 200 27
116.237.73.255 - - [06/Jun/2023:08:58:44 +0800] "GET /xingrg/kc/buy/cgsh_order_add.html HTTP/1.1" 200 71567
116.237.73.255 - - [06/Jun/2023:08:58:44 +0800] "POST /xingrg/kc/buy/cgsh_order_operate.html HTTP/1.1" 200 8245
116.237.73.255 - - [06/Jun/2023:08:58:44 +0800] "GET /xingrg/javascript/easyui/themes/default/validatebox.css HTTP/1.1" 404 1104
116.237.73.255 - - [06/Jun/2023:08:58:46 +0800] "GET /xingrg/javascript/easyui/themes/default/tree.css HTTP/1.1" 404 1090
116.237.73.255 - - [06/Jun/2023:08:58:47 +0800] "POST /xingrg/all/common/load_tree.html?tree=supplier_tree_json&isDelete=1 HTTP/1.1" 200 74436
120.253.135.82 - - [06/Jun/2023:08:58:50 +0800] "GET /xingrg/all/function/internal_message.html?_=1686012965124&CODE_STATE=getMsg HTTP/1.1" 200 27
116.238.139.35 - - [06/Jun/2023:08:58:54 +0800] "GET /xingrg/all/function/internal_message.html?_=1686013134041&CODE_STATE=getMsg HTTP/1.1" 200 27
101.83.145.52 - - [06/Jun/2023:08:58:55 +0800] "GET /xingrg/all/function/internal_message.html?_=1686013135669&CODE_STATE=getMsg HTTP/1.1" 200 27
114.83.220.28 - - [06/Jun/2023:08:58:56 +0800] "GET /xingrg/check_reg.html?_=1686013134219 HTTP/1.1" 200 22
114.83.220.28 - - [06/Jun/2023:08:58:57 +0800] "GET /xingrg/all/function/internal_message.html?_=1686013134230&CODE_STATE=getMsg HTTP/1.1" 200 27
114.93.32.10 - - [06/Jun/2023:08:59:03 +0800] "GET /xingrg/all/function/internal_message.html?_=1686013145513&CODE_STATE=getMsg HTTP/1.1" 200 27
116.237.73.255 - - [06/Jun/2023:08:59:11 +0800] "GET /xingrg/check_reg.html?_=1686013152931 HTTP/1.1" 200 22
116.237.73.255 - - [06/Jun/2023:08:59:11 +0800] "GET /xingrg/all/function/internal_message.html?_=1686013152934&CODE_STATE=getMsg HTTP/1.1" 200 27
116.234.62.222 - - [06/Jun/2023:08:59:16 +0800] "GET /xingrg/all/function/internal_message.html?_=1686013133205&CODE_STATE=getMsg HTTP/1.1" 200 27
222.70.241.154 - - [06/Jun/2023:08:59:18 +0800] "GET /xingrg/all/function/internal_message.html?_=1686013192166&CODE_STATE=getMsg HTTP/1.1" 200 27
116.238.139.35 - - [06/Jun/2023:08:59:18 +0800] "POST /xingrg/kc/buy/cgsh_order_operate.html HTTP/1.1" 200 37
222.70.180.90 - - [06/Jun/2023:08:59:19 +0800] "GET /xingrg/kc/buy/cgsh_order_operate.html?command=get_materiel&rest_code=00111&code=00101008096&supplier_code=00100005&order_time=2023-06-06 HTTP/1.1" 200 413
116.238.139.35 - - [06/Jun/2023:08:59:20 +0800] "POST /xingrg/kc/buy/cgsh_order_operate.html HTTP/1.1" 200 15657
222.70.180.90 - - [06/Jun/2023:08:59:33 +0800] "GET /xingrg/all/function/internal_message.html?_=1686013172551&CODE_STATE=getMsg HTTP/1.1" 200 27
222.70.180.90 - - [06/Jun/2023:08:59:35 +0800] "GET /xingrg/kc/buy/cgsh_order_operate.html?command=get_materiel&rest_code=00111&code=00101008283&supplier_code=00100005&order_time=2023-06-06 HTTP/1.1" 200 408
116.238.139.35 - - [06/Jun/2023:08:59:36 +0800] "GET /xingrg/all/function/internal_message.html?_=1686013076887&CODE_STATE=getMsg HTTP/1.1" 200 27
116.232.195.127 - - [06/Jun/2023:08:59:41 +0800] "GET /xingrg/all/function/internal_message.html?_=1686013199149&CODE_STATE=getMsg HTTP/1.1" 200 27
116.232.195.127 - - [06/Jun/2023:08:59:41 +0800] "GET /xingrg/check_reg.html?_=1686013199155 HTTP/1.1" 200 22
222.70.180.90 - - [06/Jun/2023:08:59:44 +0800] "GET /xingrg/kc/buy/cgsh_order_operate.html?command=get_materiel&rest_code=00111&code=00101008365&supplier_code=00100005&order_time=2023-06-06 HTTP/1.1" 200 412
222.70.180.90 - - [06/Jun/2023:08:59:47 +0800] "POST /xingrg/kc/buy/cgsh_order_operate.html HTTP/1.1" 200 2065
120.253.135.82 - - [06/Jun/2023:08:59:50 +0800] "GET /xingrg/all/function/internal_message.html?_=1686013025182&CODE_STATE=getMsg HTTP/1.1" 200 27
222.70.180.90 - - [06/Jun/2023:08:59:54 +0800] "GET /xingrg/kc/buy/cgsh_order_operate.html?command=get_materiel&rest_code=00111&code=00101008356&supplier_code=00100005&order_time=2023-06-06 HTTP/1.1" 200 408
116.238.139.35 - - [06/Jun/2023:08:59:54 +0800] "GET /xingrg/check_reg.html?_=1686013193981 HTTP/1.1" 200 22
116.238.139.35 - - [06/Jun/2023:08:59:54 +0800] "GET /xingrg/all/function/internal_message.html?_=1686013194017&CODE_STATE=getMsg HTTP/1.1" 200 27
101.83.145.52 - - [06/Jun/2023:08:59:55 +0800] "GET /xingrg/all/function/internal_message.html?_=1686013195669&CODE_STATE=getMsg HTTP/1.1" 200 27
101.83.145.52 - - [06/Jun/2023:08:59:55 +0800] "GET /xingrg/check_reg.html?_=1686013195672 HTTP/1.1" 200 22
114.83.220.28 - - [06/Jun/2023:08:59:57 +0800] "GET /xingrg/all/function/internal_message.html?_=1686013194229&CODE_STATE=getMsg HTTP/1.1" 200 27
116.237.73.255 - - [06/Jun/2023:09:00:03 +0800] "GET /xingrg/kc/buy/cgsh_order_operate.html?command=get_materiel&rest_code=00106&code=00101008354&supplier_code=00100007&order_time=2023-06-06 HTTP/1.1" 200 412
114.93.32.10 - - [06/Jun/2023:09:00:03 +0800] "GET /xingrg/all/function/internal_message.html?_=1686013205513&CODE_STATE=getMsg HTTP/1.1" 200 27
222.70.180.90 - - [06/Jun/2023:09:00:05 +0800] "GET /xingrg/kc/buy/cgsh_order_operate.html?command=get_materiel&rest_code=00111&code=00101008077&supplier_code=00100005&order_time=2023-06-06 HTTP/1.1" 200 416
116.237.73.255 - - [06/Jun/2023:09:00:11 +0800] "GET /xingrg/all/function/internal_message.html?_=1686013212930&CODE_STATE=getMsg HTTP/1.1" 200 27
116.234.62.222 - - [06/Jun/2023:09:00:16 +0800] "GET /xingrg/all/function/internal_message.html?_=1686013193192&CODE_STATE=getMsg HTTP/1.1" 200 27
116.234.62.222 - - [06/Jun/2023:09:00:16 +0800] "GET /xingrg/check_reg.html?_=1686013193195 HTTP/1.1" 200 22
114.83.220.28 - - [06/Jun/2023:09:00:17 +0800] "GET /xingrg/kc/buy/cgsh_order_operate.html?command=get_materiel&rest_code=00149&code=00101008213&supplier_code=00100008&order_time=2023-06-06 HTTP/1.1" 200 412
222.70.241.154 - - [06/Jun/2023:09:00:18 +0800] "GET /xingrg/all/function/internal_message.html?_=1686013252170&CODE_STATE=getMsg HTTP/1.1" 200 27
116.237.73.255 - - [06/Jun/2023:09:00:24 +0800] "GET /xingrg/kc/buy/cgsh_order_operate.html?command=get_materiel&rest_code=00106&code=00101008125&supplier_code=00100007&order_time=2023-06-06 HTTP/1.1" 200 413
116.238.139.35 - - [06/Jun/2023:09:00:29 +0800] "GET /xingrg/check_reg.html?_=1686013129299 HTTP/1.1" 200 22
114.83.220.28 - - [06/Jun/2023:09:00:32 +0800] "GET /xingrg/kc/buy/cgsh_order_operate.html?command=get_materiel&rest_code=00149&code=00101008291&supplier_code=00100008&order_time=2023-06-06 HTTP/1.1" 200 408
222.70.180.90 - - [06/Jun/2023:09:00:33 +0800] "GET /xingrg/all/function/internal_message.html?_=1686013232549&CODE_STATE=getMsg HTTP/1.1" 200 27
116.238.139.35 - - [06/Jun/2023:09:00:36 +0800] "GET /xingrg/all/function/internal_message.html?_=1686013136890&CODE_STATE=getMsg HTTP/1.1" 200 27
114.83.220.28 - - [06/Jun/2023:09:00:38 +0800] "POST /xingrg/kc/buy/cgsh_order_operate.html HTTP/1.1" 200 2065
116.237.73.255 - - [06/Jun/2023:09:00:41 +0800] "GET /xingrg/kc/buy/cgsh_order_operate.html?command=get_materiel&rest_code=00106&code=00101008312&supplier_code=00100007&order_time=2023-06-06 HTTP/1.1" 200 412
116.232.195.127 - - [06/Jun/2023:09:00:41 +0800] "GET /xingrg/all/function/internal_message.html?_=1686013259127&CODE_STATE=getMsg HTTP/1.1" 200 27
120.253.135.82 - - [06/Jun/2023:09:00:50 +0800] "GET /xingrg/all/function/internal_message.html?_=1686013085184&CODE_STATE=getMsg HTTP/1.1" 200 27
114.83.220.28 - - [06/Jun/2023:09:00:50 +0800] "GET /xingrg/kc/buy/cgsh_order_operate.html?command=get_materiel&rest_code=00149&code=00101008095&supplier_code=00100008&order_time=2023-06-06 HTTP/1.1" 200 412
116.237.73.255 - - [06/Jun/2023:09:00:53 +0800] "GET /xingrg/kc/buy/cgsh_order_operate.html?command=get_materiel&rest_code=00106&code=00101008355&supplier_code=00100007&order_time=2023-06-06 HTTP/1.1" 200 408
222.70.180.90 - - [06/Jun/2023:09:00:54 +0800] "GET /xingrg/kc/buy/cgsh_order_operate.html?command=get_materiel&rest_code=00111&code=00101008286&supplier_code=00100005&order_time=2023-06-06 HTTP/1.1" 200 408
116.238.139.35 - - [06/Jun/2023:09:00:54 +0800] "GET /xingrg/all/function/internal_message.html?_=1686013254002&CODE_STATE=getMsg HTTP/1.1" 200 27
101.83.145.52 - - [06/Jun/2023:09:00:55 +0800] "GET /xingrg/all/function/internal_message.html?_=1686013255672&CODE_STATE=getMsg HTTP/1.1" 200 27
114.83.220.28 - - [06/Jun/2023:09:00:56 +0800] "GET /xingrg/all/function/internal_message.html?_=1686013254232&CODE_STATE=getMsg HTTP/1.1" 200 27
114.83.220.28 - - [06/Jun/2023:09:01:01 +0800] "GET /xingrg/kc/buy/cgsh_order_operate.html?command=get_materiel&rest_code=00149&code=00101008674&supplier_code=00100008&order_time=2023-06-06 HTTP/1.1" 200 412
114.93.32.10 - - [06/Jun/2023:09:01:03 +0800] "GET /xingrg/check_reg.html?_=1686013265514 HTTP/1.1" 200 22
114.93.32.10 - - [06/Jun/2023:09:01:03 +0800] "GET /xingrg/all/function/internal_message.html?_=1686013265512&CODE_STATE=getMsg HTTP/1.1" 200 27
222.70.180.90 - - [06/Jun/2023:09:01:05 +0800] "GET /xingrg/kc/buy/cgsh_order_operate.html?command=get_materiel&rest_code=00111&code=00101008352&supplier_code=00100005&order_time=2023-06-06 HTTP/1.1" 200 412
116.237.73.255 - - [06/Jun/2023:09:01:07 +0800] "GET /xingrg/kc/buy/cgsh_order_operate.html?command=get_materiel&rest_code=00106&code=00101008144&supplier_code=00100007&order_time=2023-06-06 HTTP/1.1" 200 412
116.237.73.255 - - [06/Jun/2023:09:01:11 +0800] "GET /xingrg/all/function/internal_message.html?_=1686013272955&CODE_STATE=getMsg HTTP/1.1" 200 27
222.70.180.90 - - [06/Jun/2023:09:01:13 +0800] "GET /xingrg/kc/buy/cgsh_order_operate.html?command=get_materiel&rest_code=00111&code=00101008155&supplier_code=00100005&order_time=2023-06-06 HTTP/1.1" 200 408
114.83.220.28 - - [06/Jun/2023:09:01:14 +0800] "GET /xingrg/kc/buy/cgsh_order_operate.html?command=get_materiel&rest_code=00149&code=00101015026&supplier_code=00100008&order_time=2023-06-06 HTTP/1.1" 200 412
116.234.62.222 - - [06/Jun/2023:09:01:16 +0800] "GET /xingrg/all/function/internal_message.html?_=1686013253211&CODE_STATE=getMsg HTTP/1.1" 200 27
222.70.180.90 - - [06/Jun/2023:09:01:16 +0800] "POST /xingrg/kc/buy/cgsh_order_operate.html HTTP/1.1" 200 2065
222.70.241.154 - - [06/Jun/2023:09:01:18 +0800] "GET /xingrg/all/function/internal_message.html?_=1686013312222&CODE_STATE=getMsg HTTP/1.1" 200 27
116.237.73.255 - - [06/Jun/2023:09:01:20 +0800] "GET /xingrg/kc/buy/cgsh_order_operate.html?command=get_materiel&rest_code=00106&code=00101008360&supplier_code=00100007&order_time=2023-06-06 HTTP/1.1" 200 412
222.70.180.90 - - [06/Jun/2023:09:01:24 +0800] "GET /xingrg/kc/buy/cgsh_order_operate.html?command=get_materiel&rest_code=00111&code=00101008005&supplier_code=00100005&order_time=2023-06-06 HTTP/1.1" 200 414
116.237.73.255 - - [06/Jun/2023:09:01:33 +0800] "GET /xingrg/kc/buy/cgsh_order_operate.html?command=get_materiel&rest_code=00106&code=00101008230&supplier_code=00100007&order_time=2023-06-06 HTTP/1.1" 200 408
222.70.180.90 - - [06/Jun/2023:09:01:33 +0800] "GET /xingrg/all/function/internal_message.html?_=1686013292556&CODE_STATE=getMsg HTTP/1.1" 200 27
222.70.180.90 - - [06/Jun/2023:09:01:33 +0800] "GET /xingrg/check_reg.html?_=1686013292560 HTTP/1.1" 200 22
222.70.180.90 - - [06/Jun/2023:09:01:36 +0800] "GET /xingrg/kc/buy/cgsh_order_operate.html?command=get_materiel&rest_code=00111&code=00101008036&supplier_code=00100005&order_time=2023-06-06 HTTP/1.1" 200 408
116.238.139.35 - - [06/Jun/2023:09:01:36 +0800] "GET /xingrg/all/function/internal_message.html?_=1686013196919&CODE_STATE=getMsg HTTP/1.1" 200 27
116.232.195.127 - - [06/Jun/2023:09:01:41 +0800] "GET /xingrg/all/function/internal_message.html?_=1686013319141&CODE_STATE=getMsg HTTP/1.1" 200 27
222.70.241.154 - - [06/Jun/2023:09:01:43 +0800] "GET /xingrg/check_reg.html?_=1686013336729 HTTP/1.1" 200 22
116.237.73.255 - - [06/Jun/2023:09:01:47 +0800] "GET /xingrg/kc/buy/cgsh_order_operate.html?command=get_materiel&rest_code=00106&code=00101008286&supplier_code=00100007&order_time=2023-06-06 HTTP/1.1" 200 408
120.253.135.82 - - [06/Jun/2023:09:01:50 +0800] "GET /xingrg/all/function/internal_message.html?_=1686013145256&CODE_STATE=getMsg HTTP/1.1" 200 27
116.238.139.35 - - [06/Jun/2023:09:01:54 +0800] "GET /xingrg/all/function/internal_message.html?_=1686013313976&CODE_STATE=getMsg HTTP/1.1" 200 27
101.83.145.52 - - [06/Jun/2023:09:01:55 +0800] "GET /xingrg/all/function/internal_message.html?_=1686013315671&CODE_STATE=getMsg HTTP/1.1" 200 27
114.83.220.28 - - [06/Jun/2023:09:01:57 +0800] "GET /xingrg/all/function/internal_message.html?_=1686013314227&CODE_STATE=getMsg HTTP/1.1" 200 27
116.237.73.255 - - [06/Jun/2023:09:02:00 +0800] "GET /xingrg/kc/buy/cgsh_order_operate.html?command=get_materiel&rest_code=00106&code=00101008036&supplier_code=00100007&order_time=2023-06-06 HTTP/1.1" 200 408
114.93.32.10 - - [06/Jun/2023:09:02:03 +0800] "GET /xingrg/all/function/internal_message.html?_=1686013325511&CODE_STATE=getMsg HTTP/1.1" 200 27
120.253.135.82 - - [06/Jun/2023:09:02:05 +0800] "GET /xingrg/check_reg.html?_=1686013160250 HTTP/1.1" 200 22
116.237.73.255 - - [06/Jun/2023:09:02:11 +0800] "GET /xingrg/all/function/internal_message.html?_=1686013332935&CODE_STATE=getMsg HTTP/1.1" 200 27
116.234.62.222 - - [06/Jun/2023:09:02:16 +0800] "GET /xingrg/all/function/internal_message.html?_=1686013313201&CODE_STATE=getMsg HTTP/1.1" 200 27
222.70.241.154 - - [06/Jun/2023:09:02:18 +0800] "GET /xingrg/all/function/internal_message.html?_=1686013372228&CODE_STATE=getMsg HTTP/1.1" 200 27
116.237.73.255 - - [06/Jun/2023:09:02:18 +0800] "GET /xingrg/kc/buy/cgsh_order_operate.html?command=get_materiel&rest_code=00106&code=00101008239&supplier_code=00100007&order_time=2023-06-06 HTTP/1.1" 200 416
114.83.220.28 - - [06/Jun/2023:09:02:25 +0800] "GET /xingrg/kc/buy/cgsh_order_operate.html?command=get_materiel&rest_code=00149&code=00101015147&supplier_code=00100008&order_time=2023-06-06 HTTP/1.1" 200 410
114.85.113.108 - - [06/Jun/2023:09:02:30 +0800] "GET /xingrg/check_reg.html?_=1686013349422 HTTP/1.1" 200 22
222.70.180.90 - - [06/Jun/2023:09:02:33 +0800] "GET /xingrg/all/function/internal_message.html?_=1686013352550&CODE_STATE=getMsg HTTP/1.1" 200 27
116.238.139.35 - - [06/Jun/2023:09:02:37 +0800] "GET /xingrg/all/function/internal_message.html?_=1686013256985&CODE_STATE=getMsg HTTP/1.1" 200 27
222.70.180.90 - - [06/Jun/2023:09:02:40 +0800] "GET /xingrg/kc/buy/cgsh_order_operate.html?command=get_materiel&rest_code=00111&code=00101008137&supplier_code=00100005&order_time=2023-06-06 HTTP/1.1" 200 408
116.232.195.127 - - [06/Jun/2023:09:02:41 +0800] "GET /xingrg/all/function/internal_message.html?_=1686013379135&CODE_STATE=getMsg HTTP/1.1" 200 27
116.237.73.255 - - [06/Jun/2023:09:02:43 +0800] "GET /xingrg/kc/buy/cgsh_order_operate.html?command=get_materiel&rest_code=00106&code=00101008331&supplier_code=00100007&order_time=2023-06-06 HTTP/1.1" 200 416
120.253.135.82 - - [06/Jun/2023:09:02:50 +0800] "GET /xingrg/all/function/internal_message.html?_=1686013205257&CODE_STATE=getMsg HTTP/1.1" 200 27
222.70.180.90 - - [06/Jun/2023:09:02:51 +0800] "GET /xingrg/kc/buy/cgsh_order_operate.html?command=get_materiel&rest_code=00111&code=00101008244&supplier_code=00100005&order_time=2023-06-06 HTTP/1.1" 200 408
114.83.220.28 - - [06/Jun/2023:09:02:52 +0800] "GET /xingrg/kc/buy/cgsh_order_operate.html?command=get_materiel&rest_code=00149&code=00101009044&supplier_code=00100008&order_time=2023-06-06 HTTP/1.1" 200 413
116.238.139.35 - - [06/Jun/2023:09:02:54 +0800] "GET /xingrg/all/function/internal_message.html?_=1686013373979&CODE_STATE=getMsg HTTP/1.1" 200 27
222.70.180.90 - - [06/Jun/2023:09:02:55 +0800] "POST /xingrg/kc/buy/cgsh_order_operate.html HTTP/1.1" 200 2065
101.83.145.52 - - [06/Jun/2023:09:02:55 +0800] "GET /xingrg/all/function/internal_message.html?_=1686013375672&CODE_STATE=getMsg HTTP/1.1" 200 27
114.83.220.28 - - [06/Jun/2023:09:02:56 +0800] "GET /xingrg/all/function/internal_message.html?_=1686013374227&CODE_STATE=getMsg HTTP/1.1" 200 27
180.174.236.85 - - [06/Jun/2023:09:02:56 +0800] "GET /xingrg/check_reg.html?_=1686013377134 HTTP/1.1" 200 22
114.83.220.28 - - [06/Jun/2023:09:02:57 +0800] "POST /xingrg/kc/buy/cgsh_order_operate.html HTTP/1.1" 200 2065
222.70.180.90 - - [06/Jun/2023:09:03:01 +0800] "GET /xingrg/kc/buy/cgsh_order_operate.html?command=get_materiel&rest_code=00111&code=00101019254&supplier_code=00100005&order_time=2023-06-06 HTTP/1.1" 200 447
114.93.32.10 - - [06/Jun/2023:09:03:03 +0800] "GET /xingrg/all/function/internal_message.html?_=1686013385511&CODE_STATE=getMsg HTTP/1.1" 200 27
222.70.180.90 - - [06/Jun/2023:09:03:04 +0800] "POST /xingrg/all/common/load_select.html HTTP/1.1" 200 25
114.83.220.28 - - [06/Jun/2023:09:03:05 +0800] "GET /xingrg/kc/buy/cgsh_order_operate.html?command=get_materiel&rest_code=00149&code=00101008150&supplier_code=00100008&order_time=2023-06-06 HTTP/1.1" 200 409
116.237.73.255 - - [06/Jun/2023:09:03:09 +0800] "GET /xingrg/kc/buy/cgsh_order_operate.html?command=get_materiel&rest_code=00106&code=00101008118&supplier_code=00100007&order_time=2023-06-06 HTTP/1.1" 200 418
222.70.180.90 - - [06/Jun/2023:09:03:09 +0800] "GET /xingrg/kc/buy/cgsh_order_operate.html?command=get_materiel_price&rest_code=00111&code=00101019254&unit_code=00100040&supplier_code=00100005&order_time=2023-06-06 HTTP/1.1" 200 27
116.237.73.255 - - [06/Jun/2023:09:03:11 +0800] "GET /xingrg/all/function/internal_message.html?_=1686013392924&CODE_STATE=getMsg HTTP/1.1" 200 27
116.234.62.222 - - [06/Jun/2023:09:03:16 +0800] "GET /xingrg/all/function/internal_message.html?_=1686013373202&CODE_STATE=getMsg HTTP/1.1" 200 27
222.70.241.154 - - [06/Jun/2023:09:03:18 +0800] "GET /xingrg/all/function/internal_message.html?_=1686013432243&CODE_STATE=getMsg HTTP/1.1" 200 27
114.83.220.28 - - [06/Jun/2023:09:03:24 +0800] "GET /xingrg/kc/buy/cgsh_order_operate.html?command=get_materiel&rest_code=00149&code=00101009011&supplier_code=00100008&order_time=2023-06-06 HTTP/1.1" 200 416
222.70.180.90 - - [06/Jun/2023:09:03:29 +0800] "GET /xingrg/kc/buy/cgsh_order_operate.html?command=get_materiel&rest_code=00111&code=00101008131&supplier_code=00100005&order_time=2023-06-06 HTTP/1.1" 200 409
116.237.73.255 - - [06/Jun/2023:09:03:29 +0800] "GET /xingrg/kc/buy/cgsh_order_operate.html?command=get_materiel&rest_code=00106&code=00101008370&supplier_code=00100007&order_time=2023-06-06 HTTP/1.1" 200 412
222.70.180.90 - - [06/Jun/2023:09:03:33 +0800] "GET /xingrg/all/function/internal_message.html?_=1686013412550&CODE_STATE=getMsg HTTP/1.1" 200 27
116.238.139.35 - - [06/Jun/2023:09:03:37 +0800] "GET /xingrg/all/function/internal_message.html?_=1686013316993&CODE_STATE=getMsg HTTP/1.1" 200 27
114.83.220.28 - - [06/Jun/2023:09:03:40 +0800] "GET /xingrg/kc/buy/cgsh_order_operate.html?command=get_materiel&rest_code=00149&code=00101009015&supplier_code=00100008&order_time=2023-06-06 HTTP/1.1" 200 416
116.232.195.127 - - [06/Jun/2023:09:03:41 +0800] "GET /xingrg/all/function/internal_message.html?_=1686013439138&CODE_STATE=getMsg HTTP/1.1" 200 27
222.70.180.90 - - [06/Jun/2023:09:03:45 +0800] "GET /xingrg/kc/buy/cgsh_order_operate.html?command=get_materiel&rest_code=00111&code=00101008296&supplier_code=00100005&order_time=2023-06-06 HTTP/1.1" 200 416
120.253.135.82 - - [06/Jun/2023:09:03:50 +0800] "GET /xingrg/all/function/internal_message.html?_=1686013265270&CODE_STATE=getMsg HTTP/1.1" 200 27
116.237.73.255 - - [06/Jun/2023:09:03:50 +0800] "GET /xingrg/kc/buy/cgsh_order_operate.html?command=get_materiel&rest_code=00106&code=00101008087&supplier_code=00100007&order_time=2023-06-06 HTTP/1.1" 200 412
114.83.220.28 - - [06/Jun/2023:09:03:51 +0800] "GET /xingrg/kc/buy/cgsh_order_operate.html?command=get_materiel&rest_code=00149&code=00101008738&supplier_code=00100008&order_time=2023-06-06 HTTP/1.1" 200 399
222.70.180.90 - - [06/Jun/2023:09:03:53 +0800] "GET /xingrg/kc/buy/cgsh_order_operate.html?command=get_materiel&rest_code=00111&code=00101008331&supplier_code=00100005&order_time=2023-06-06 HTTP/1.1" 200 416
116.238.139.35 - - [06/Jun/2023:09:03:54 +0800] "GET /xingrg/all/function/internal_message.html?_=1686013433983&CODE_STATE=getMsg HTTP/1.1" 200 27
101.83.145.52 - - [06/Jun/2023:09:03:55 +0800] "GET /xingrg/all/function/internal_message.html?_=1686013435659&CODE_STATE=getMsg HTTP/1.1" 200 27
114.83.220.28 - - [06/Jun/2023:09:03:57 +0800] "GET /xingrg/check_reg.html?_=1686013434259 HTTP/1.1" 200 22
114.83.220.28 - - [06/Jun/2023:09:03:57 +0800] "GET /xingrg/all/function/internal_message.html?_=1686013434256&CODE_STATE=getMsg HTTP/1.1" 200 27
222.70.180.90 - - [06/Jun/2023:09:03:58 +0800] "POST /xingrg/kc/buy/cgsh_order_operate.html HTTP/1.1" 200 2065
114.93.32.10 - - [06/Jun/2023:09:04:03 +0800] "GET /xingrg/all/function/internal_message.html?_=1686013445512&CODE_STATE=getMsg HTTP/1.1" 200 27
222.70.180.90 - - [06/Jun/2023:09:04:04 +0800] "GET /xingrg/kc/buy/cgsh_order_operate.html?command=get_materiel&rest_code=00111&code=00101008350&supplier_code=00100005&order_time=2023-06-06 HTTP/1.1" 200 408
116.237.73.255 - - [06/Jun/2023:09:04:04 +0800] "GET /xingrg/kc/buy/cgsh_order_operate.html?command=get_materiel&rest_code=00106&code=00101011005&supplier_code=00100007&order_time=2023-06-06 HTTP/1.1" 200 429
116.237.73.255 - - [06/Jun/2023:09:04:11 +0800] "GET /xingrg/all/function/internal_message.html?_=1686013452935&CODE_STATE=getMsg HTTP/1.1" 200 27
116.237.73.255 - - [06/Jun/2023:09:04:11 +0800] "GET /xingrg/check_reg.html?_=1686013452940 HTTP/1.1" 200 22
222.70.180.90 - - [06/Jun/2023:09:04:12 +0800] "GET /xingrg/kc/buy/cgsh_order_operate.html?command=get_materiel&rest_code=00111&code=00101008150&supplier_code=00100005&order_time=2023-06-06 HTTP/1.1" 200 409
116.234.62.222 - - [06/Jun/2023:09:04:16 +0800] "GET /xingrg/all/function/internal_message.html?_=1686013433191&CODE_STATE=getMsg HTTP/1.1" 200 27
222.70.241.154 - - [06/Jun/2023:09:04:18 +0800] "GET /xingrg/all/function/internal_message.html?_=1686013492296&CODE_STATE=getMsg HTTP/1.1" 200 27
116.237.73.255 - - [06/Jun/2023:09:04:27 +0800] "GET /xingrg/kc/buy/cgsh_order_operate.html?command=get_materiel&rest_code=00106&code=00101020332&supplier_code=00100007&order_time=2023-06-06 HTTP/1.1" 200 408
222.70.180.90 - - [06/Jun/2023:09:04:33 +0800] "GET /xingrg/all/function/internal_message.html?_=1686013472542&CODE_STATE=getMsg HTTP/1.1" 200 27
222.70.180.90 - - [06/Jun/2023:09:04:36 +0800] "POST /xingrg/kc/buy/cgsh_order_operate.html HTTP/1.1" 200 37
116.238.139.35 - - [06/Jun/2023:09:04:37 +0800] "GET /xingrg/all/function/internal_message.html?_=1686013377047&CODE_STATE=getMsg HTTP/1.1" 200 27
222.70.180.90 - - [06/Jun/2023:09:04:40 +0800] "POST /xingrg/kc/buy/cgsh_order_operate.html HTTP/1.1" 200 24006
116.232.195.127 - - [06/Jun/2023:09:04:41 +0800] "GET /xingrg/all/function/internal_message.html?_=1686013499136&CODE_STATE=getMsg HTTP/1.1" 200 27
116.232.195.127 - - [06/Jun/2023:09:04:41 +0800] "GET /xingrg/check_reg.html?_=1686013499139 HTTP/1.1" 200 22
222.70.180.90 - - [06/Jun/2023:09:04:42 +0800] "GET /xingrg/kc/print/load_data.html?order_code=212023060601915&kc_code=cgsh&condition= HTTP/1.1" 200 8829
222.70.180.90 - - [06/Jun/2023:09:04:47 +0800] "GET /xingrg/kc/buy/cgsh_order_add.html HTTP/1.1" 200 71529
222.70.180.90 - - [06/Jun/2023:09:04:48 +0800] "POST /xingrg/kc/buy/cgsh_order_operate.html HTTP/1.1" 200 8245
222.70.180.90 - - [06/Jun/2023:09:04:48 +0800] "GET /xingrg/javascript/easyui/themes/default/validatebox.css HTTP/1.1" 404 1104
120.253.135.82 - - [06/Jun/2023:09:04:50 +0800] "GET /xingrg/all/function/internal_message.html?_=1686013325330&CODE_STATE=getMsg HTTP/1.1" 200 27
116.238.139.35 - - [06/Jun/2023:09:04:54 +0800] "GET /xingrg/all/function/internal_message.html?_=1686013493984&CODE_STATE=getMsg HTTP/1.1" 200 27
116.238.139.35 - - [06/Jun/2023:09:04:54 +0800] "GET /xingrg/check_reg.html?_=1686013493987 HTTP/1.1" 200 22
114.83.220.28 - - [06/Jun/2023:09:04:55 +0800] "GET /xingrg/kc/buy/cgsh_order_operate.html?command=get_materiel&rest_code=00149&code=00101008268&supplier_code=00100008&order_time=2023-06-06 HTTP/1.1" 200 408
101.83.145.52 - - [06/Jun/2023:09:04:55 +0800] "GET /xingrg/all/function/internal_message.html?_=1686013495658&CODE_STATE=getMsg HTTP/1.1" 200 27
101.83.145.52 - - [06/Jun/2023:09:04:55 +0800] "GET /xingrg/check_reg.html?_=1686013495661 HTTP/1.1" 200 22
114.83.220.28 - - [06/Jun/2023:09:04:57 +0800] "GET /xingrg/all/function/internal_message.html?_=1686013494240&CODE_STATE=getMsg HTTP/1.1" 200 27
114.93.32.10 - - [06/Jun/2023:09:05:03 +0800] "GET /xingrg/all/function/internal_message.html?_=1686013505510&CODE_STATE=getMsg HTTP/1.1" 200 27
114.83.220.28 - - [06/Jun/2023:09:05:05 +0800] "POST /xingrg/kc/buy/cgsh_order_operate.html HTTP/1.1" 200 2065
116.237.73.255 - - [06/Jun/2023:09:05:11 +0800] "GET /xingrg/all/function/internal_message.html?_=1686013512934&CODE_STATE=getMsg HTTP/1.1" 200 27
116.234.62.222 - - [06/Jun/2023:09:05:16 +0800] "GET /xingrg/all/function/internal_message.html?_=1686013493193&CODE_STATE=getMsg HTTP/1.1" 200 27
116.234.62.222 - - [06/Jun/2023:09:05:16 +0800] "GET /xingrg/check_reg.html?_=1686013493197 HTTP/1.1" 200 22
116.237.73.255 - - [06/Jun/2023:09:05:16 +0800] "GET /xingrg/kc/buy/cgsh_order_operate.html?command=get_materiel&rest_code=00106&code=00101020349&supplier_code=00100007&order_time=2023-06-06 HTTP/1.1" 200 409
222.70.241.154 - - [06/Jun/2023:09:05:18 +0800] "GET /xingrg/all/function/internal_message.html?_=1686013552300&CODE_STATE=getMsg HTTP/1.1" 200 27
116.238.139.35 - - [06/Jun/2023:09:05:29 +0800] "GET /xingrg/check_reg.html?_=1686013429298 HTTP/1.1" 200 22
222.70.180.90 - - [06/Jun/2023:09:05:33 +0800] "GET /xingrg/all/function/internal_message.html?_=1686013532562&CODE_STATE=getMsg HTTP/1.1" 200 27
116.238.139.35 - - [06/Jun/2023:09:05:37 +0800] "GET /xingrg/all/function/internal_message.html?_=1686013437051&CODE_STATE=getMsg HTTP/1.1" 200 27
116.232.195.127 - - [06/Jun/2023:09:05:41 +0800] "GET /xingrg/all/function/internal_message.html?_=1686013559132&CODE_STATE=getMsg HTTP/1.1" 200 27
116.237.73.255 - - [06/Jun/2023:09:05:43 +0800] "GET /xingrg/kc/buy/cgsh_order_operate.html?command=get_materiel&rest_code=00106&code=00101008215&supplier_code=00100007&order_time=2023-06-06 HTTP/1.1" 200 413
120.253.135.82 - - [06/Jun/2023:09:05:50 +0800] "GET /xingrg/all/function/internal_message.html?_=1686013385344&CODE_STATE=getMsg HTTP/1.1" 200 27
116.238.139.35 - - [06/Jun/2023:09:05:54 +0800] "GET /xingrg/all/function/internal_message.html?_=1686013553988&CODE_STATE=getMsg HTTP/1.1" 200 27
101.83.145.52 - - [06/Jun/2023:09:05:55 +0800] "GET /xingrg/all/function/internal_message.html?_=1686013555662&CODE_STATE=getMsg HTTP/1.1" 200 27
114.83.220.28 - - [06/Jun/2023:09:05:57 +0800] "GET /xingrg/all/function/internal_message.html?_=1686013554242&CODE_STATE=getMsg HTTP/1.1" 200 27
180.164.3.199 - - [06/Jun/2023:09:05:59 +0800] "POST /xingrg/services/DataTransmitService HTTP/1.1" 200 524
114.93.32.10 - - [06/Jun/2023:09:06:03 +0800] "GET /xingrg/check_reg.html?_=1686013565513 HTTP/1.1" 200 22
114.93.32.10 - - [06/Jun/2023:09:06:03 +0800] "GET /xingrg/all/function/internal_message.html?_=1686013565510&CODE_STATE=getMsg HTTP/1.1" 200 27
116.237.73.255 - - [06/Jun/2023:09:06:11 +0800] "GET /xingrg/all/function/internal_message.html?_=1686013572956&CODE_STATE=getMsg HTTP/1.1" 200 27
116.234.62.222 - - [06/Jun/2023:09:06:16 +0800] "GET /xingrg/all/function/internal_message.html?_=1686013553215&CODE_STATE=getMsg HTTP/1.1" 200 27
114.83.220.28 - - [06/Jun/2023:09:06:17 +0800] "POST /xingrg/kc/buy/cgsh_order_operate.html HTTP/1.1" 200 37
116.237.73.255 - - [06/Jun/2023:09:06:18 +0800] "GET /xingrg/kc/buy/cgsh_order_operate.html?command=get_materiel&rest_code=00106&code=00101008185&supplier_code=00100007&order_time=2023-06-06 HTTP/1.1" 200 408
222.70.241.154 - - [06/Jun/2023:09:06:18 +0800] "GET /xingrg/all/function/internal_message.html?_=1686013612354&CODE_STATE=getMsg HTTP/1.1" 200 27
116.237.73.255 - - [06/Jun/2023:09:06:21 +0800] "POST /xingrg/kc/buy/cgsh_order_operate.html HTTP/1.1" 200 2065
222.70.180.90 - - [06/Jun/2023:09:06:23 +0800] "GET /xingrg/kc/buy/cgsh_order_operate.html?command=get_materiel&rest_code=00111&code=00101006026&supplier_code=00100012&order_time=2023-06-06 HTTP/1.1" 200 409
222.70.180.90 - - [06/Jun/2023:09:06:33 +0800] "GET /xingrg/all/function/internal_message.html?_=1686013592565&CODE_STATE=getMsg HTTP/1.1" 200 27
222.70.180.90 - - [06/Jun/2023:09:06:33 +0800] "GET /xingrg/check_reg.html?_=1686013592568 HTTP/1.1" 200 22
116.238.139.35 - - [06/Jun/2023:09:06:37 +0800] "GET /xingrg/all/function/internal_message.html?_=1686013497065&CODE_STATE=getMsg HTTP/1.1" 200 27
116.237.73.255 - - [06/Jun/2023:09:06:39 +0800] "GET /xingrg/kc/buy/cgsh_order_operate.html?command=get_materiel&rest_code=00106&code=00101008224&supplier_code=00100007&order_time=2023-06-06 HTTP/1.1" 200 416
116.232.195.127 - - [06/Jun/2023:09:06:41 +0800] "GET /xingrg/all/function/internal_message.html?_=1686013619135&CODE_STATE=getMsg HTTP/1.1" 200 27
222.70.241.154 - - [06/Jun/2023:09:06:43 +0800] "GET /xingrg/check_reg.html?_=1686013636734 HTTP/1.1" 200 22
114.83.220.28 - - [06/Jun/2023:09:06:45 +0800] "POST /xingrg/kc/buy/cgsh_order_operate.html HTTP/1.1" 200 12
222.70.180.90 - - [06/Jun/2023:09:06:47 +0800] "GET /xingrg/kc/buy/cgsh_order_operate.html?command=get_materiel&rest_code=00111&code=00101001016&supplier_code=00100012&order_time=2023-06-06 HTTP/1.1" 200 413
114.83.220.28 - - [06/Jun/2023:09:06:49 +0800] "GET /xingrg/kc/buy/cgsh_order_info.html?code=212023060601916 HTTP/1.1" 200 66570
114.83.220.28 - - [06/Jun/2023:09:06:49 +0800] "GET /xingrg/javascript/easyui/themes/default/validatebox.css HTTP/1.1" 404 1104
120.253.135.82 - - [06/Jun/2023:09:06:50 +0800] "GET /xingrg/all/function/internal_message.html?_=1686013445408&CODE_STATE=getMsg HTTP/1.1" 200 27
114.83.220.28 - - [06/Jun/2023:09:06:50 +0800] "POST /xingrg/kc/buy/cgsh_order_operate.html HTTP/1.1" 200 26036
116.238.139.35 - - [06/Jun/2023:09:06:54 +0800] "GET /xingrg/all/function/internal_message.html?_=1686013613992&CODE_STATE=getMsg HTTP/1.1" 200 27
101.83.145.52 - - [06/Jun/2023:09:06:55 +0800] "GET /xingrg/all/function/internal_message.html?_=1686013615664&CODE_STATE=getMsg HTTP/1.1" 200 27
114.83.220.28 - - [06/Jun/2023:09:06:57 +0800] "GET /xingrg/all/function/internal_message.html?_=1686013614257&CODE_STATE=getMsg HTTP/1.1" 200 27
114.93.32.10 - - [06/Jun/2023:09:07:03 +0800] "GET /xingrg/all/function/internal_message.html?_=1686013625509&CODE_STATE=getMsg HTTP/1.1" 200 27
120.253.135.82 - - [06/Jun/2023:09:07:05 +0800] "GET /xingrg/check_reg.html?_=1686013460255 HTTP/1.1" 200 22
222.70.180.90 - - [06/Jun/2023:09:07:08 +0800] "GET /xingrg/kc/buy/cgsh_order_operate.html?command=get_materiel&rest_code=00111&code=00101006109&supplier_code=00100012&order_time=2023-06-06 HTTP/1.1" 200 409
116.237.73.255 - - [06/Jun/2023:09:07:11 +0800] "GET /xingrg/all/function/internal_message.html?_=1686013632954&CODE_STATE=getMsg HTTP/1.1" 200 27
116.237.73.255 - - [06/Jun/2023:09:07:13 +0800] "GET /xingrg/kc/buy/cgsh_order_operate.html?command=get_materiel&rest_code=00106&code=00101008439&supplier_code=00100007&order_time=2023-06-06 HTTP/1.1" 200 413
116.234.62.222 - - [06/Jun/2023:09:07:16 +0800] "GET /xingrg/all/function/internal_message.html?_=1686013613204&CODE_STATE=getMsg HTTP/1.1" 200 27
222.70.241.154 - - [06/Jun/2023:09:07:18 +0800] "GET /xingrg/all/function/internal_message.html?_=1686013672359&CODE_STATE=getMsg HTTP/1.1" 200 27
222.70.180.90 - - [06/Jun/2023:09:07:21 +0800] "GET /xingrg/kc/buy/cgsh_order_operate.html?command=get_materiel&rest_code=00111&code=00101006111&supplier_code=00100012&order_time=2023-06-06 HTTP/1.1" 200 409
180.157.252.126 - - [06/Jun/2023:09:07:21 +0800] "GET /favicon.ico HTTP/1.1" 404 -
114.85.113.108 - - [06/Jun/2023:09:07:30 +0800] "GET /xingrg/check_reg.html?_=1686013649407 HTTP/1.1" 200 22
222.70.180.90 - - [06/Jun/2023:09:07:33 +0800] "GET /xingrg/all/function/internal_message.html?_=1686013652571&CODE_STATE=getMsg HTTP/1.1" 200 27
116.238.139.35 - - [06/Jun/2023:09:07:37 +0800] "GET /xingrg/all/function/internal_message.html?_=1686013557136&CODE_STATE=getMsg HTTP/1.1" 200 27
116.232.195.127 - - [06/Jun/2023:09:07:41 +0800] "GET /xingrg/all/function/internal_message.html?_=1686013679137&CODE_STATE=getMsg HTTP/1.1" 200 27
222.70.180.90 - - [06/Jun/2023:09:07:45 +0800] "POST /xingrg/kc/buy/cgsh_order_operate.html HTTP/1.1" 200 37
