222.67.234.146 - - [06/Jun/2023:09:48:40 +0800] "GET /xingrg/kc/print/load_data.html?order_code=212023060601929&kc_code=cgsh&condition= HTTP/1.1" 200 1944
116.232.195.127 - - [06/Jun/2023:09:48:41 +0800] "GET /xingrg/all/function/internal_message.html?_=1686016139142&CODE_STATE=getMsg HTTP/1.1" 200 27
116.238.139.35 - - [06/Jun/2023:09:48:42 +0800] "GET /xingrg/kc/print/load_data.html?order_code=312023060500102&kc_code=pssh&condition= HTTP/1.1" 200 681
120.253.135.82 - - [06/Jun/2023:09:48:43 +0800] "GET /xingrg/all/function/internal_message.html?_=1686015958333&CODE_STATE=getMsg HTTP/1.1" 200 27
116.238.139.35 - - [06/Jun/2023:09:48:49 +0800] "GET /xingrg/all/function/internal_message.html?_=1686016029679&CODE_STATE=getMsg HTTP/1.1" 200 27
180.164.3.199 - - [06/Jun/2023:09:48:51 +0800] "GET /xingrg/all/function/internal_message.html?_=1686016130485&CODE_STATE=getMsg HTTP/1.1" 200 27
101.83.145.52 - - [06/Jun/2023:09:48:53 +0800] "GET /xingrg/all/function/internal_message.html?_=1686015962181&CODE_STATE=getMsg HTTP/1.1" 200 27
116.238.139.35 - - [06/Jun/2023:09:48:54 +0800] "GET /xingrg/all/function/internal_message.html?_=1686016134017&CODE_STATE=getMsg HTTP/1.1" 200 27
101.83.145.52 - - [06/Jun/2023:09:48:55 +0800] "GET /xingrg/all/function/internal_message.html?_=1686016135736&CODE_STATE=getMsg HTTP/1.1" 200 27
180.169.147.146 - - [06/Jun/2023:09:48:55 +0800] "GET /xingrg/all/function/internal_message.html?_=1686016135202&CODE_STATE=getMsg HTTP/1.1" 200 27
114.83.220.28 - - [06/Jun/2023:09:48:56 +0800] "GET /xingrg/all/function/internal_message.html?_=1686016133708&CODE_STATE=getMsg HTTP/1.1" 200 27
222.69.135.153 - - [06/Jun/2023:09:48:57 +0800] "GET /xingrg/all/function/internal_message.html?_=1686016239118&CODE_STATE=getMsg HTTP/1.1" 200 27
114.83.220.28 - - [06/Jun/2023:09:48:57 +0800] "GET /xingrg/check_reg.html?_=1686016134402 HTTP/1.1" 200 22
116.238.139.35 - - [06/Jun/2023:09:48:57 +0800] "POST /xingrg/all/user/operate.html HTTP/1.1" 200 36
180.164.3.199 - - [06/Jun/2023:09:48:57 +0800] "GET /xingrg/kc/buy/cgsh_order_operate.html?command=get_materiel&rest_code=00108&code=00101009118&supplier_code=00100593&order_time=2023-06-06 HTTP/1.1" 200 405
116.238.139.35 - - [06/Jun/2023:09:48:57 +0800] "GET /xingrg/index.html?sysBaseUrl=http%3A%2F%2F180.169.147.146%3A18081%2Fxingrg%2F&costTime=840×tamp=1686012864134 HTTP/1.1" 200 17179
116.238.139.35 - - [06/Jun/2023:09:48:57 +0800] "GET /xingrg/javascript/jquery_easy_ui/themes/default/easyui.css HTTP/1.1" 304 -
116.238.139.35 - - [06/Jun/2023:09:48:57 +0800] "GET /xingrg/javascript/jquery_easy_ui/themes/icon.css HTTP/1.1" 304 -
116.238.139.35 - - [06/Jun/2023:09:48:57 +0800] "GET /xingrg/css/form.css HTTP/1.1" 304 -
116.238.139.35 - - [06/Jun/2023:09:48:57 +0800] "GET /xingrg/javascript/jquery-1.4.2.min.js HTTP/1.1" 304 -
116.238.139.35 - - [06/Jun/2023:09:48:57 +0800] "GET /xingrg/javascript/jquery_easy_ui/jquery.easyui.min.js HTTP/1.1" 304 -
116.238.139.35 - - [06/Jun/2023:09:48:57 +0800] "GET /xingrg/javascript/jquery_easy_ui/easyui-lang-zh_CN.js HTTP/1.1" 304 -
116.238.139.35 - - [06/Jun/2023:09:48:57 +0800] "GET /xingrg/javascript/jquery.form.js HTTP/1.1" 304 -
116.238.139.35 - - [06/Jun/2023:09:48:57 +0800] "GET /xingrg/javascript/jquery.utils.js HTTP/1.1" 304 -
116.238.139.35 - - [06/Jun/2023:09:48:57 +0800] "GET /xingrg/javascript/jquery.timers.js HTTP/1.1" 304 -
116.238.139.35 - - [06/Jun/2023:09:48:57 +0800] "GET /xingrg/images/blue/jxLogo.png HTTP/1.1" 304 -
116.238.139.35 - - [06/Jun/2023:09:48:57 +0800] "GET /xingrg/javascript/jquery_easy_ui/themes/icons/settle_new.png HTTP/1.1" 304 -
116.238.139.35 - - [06/Jun/2023:09:48:57 +0800] "GET /xingrg/images/blue/navBackgound.jpg HTTP/1.1" 304 -
116.238.139.35 - - [06/Jun/2023:09:48:57 +0800] "GET /xingrg/all/function/internal_message.html?_=1686016137088&CODE_STATE=count HTTP/1.1" 200 11
116.238.139.35 - - [06/Jun/2023:09:48:57 +0800] "GET /xingrg/check_reg.html?_=1686016137089 HTTP/1.1" 200 22
116.238.139.35 - - [06/Jun/2023:09:48:57 +0800] "GET /xingrg/javascript/jquery_easy_ui/themes/default/images/tabs_rightarrow.png HTTP/1.1" 304 -
116.238.139.35 - - [06/Jun/2023:09:48:57 +0800] "GET /xingrg/javascript/jquery_easy_ui/themes/default/images/panel_tool_collapse.gif HTTP/1.1" 304 -
116.238.139.35 - - [06/Jun/2023:09:48:57 +0800] "GET /xingrg/images/blue/pingpu.png HTTP/1.1" 304 -
116.238.139.35 - - [06/Jun/2023:09:48:57 +0800] "GET /xingrg/javascript/jquery_easy_ui/themes/default/images/tabs_leftarrow.png HTTP/1.1" 304 -
116.238.139.35 - - [06/Jun/2023:09:48:57 +0800] "POST /xingrg/all/common/load_tree.html?tree=area_rest_tree_json&manage=1 HTTP/1.1" 200 476
116.238.139.35 - - [06/Jun/2023:09:48:58 +0800] "POST /xingrg/load_menu.html HTTP/1.1" 200 5138
180.174.236.85 - - [06/Jun/2023:09:48:58 +0800] "GET /xingrg/kc/buy/cgsh_order_operate.html?command=get_materiel&rest_code=00102&code=00101015158&supplier_code=00100022&order_time=2023-06-06 HTTP/1.1" 200 422
116.238.139.35 - - [06/Jun/2023:09:49:02 +0800] "GET /xingrg/kc/mdqp/pssh_order_list.html HTTP/1.1" 200 17886
116.238.139.35 - - [06/Jun/2023:09:49:02 +0800] "POST /xingrg/kc/mdqp/pssh_list_operate.html HTTP/1.1" 200 5505
114.93.32.10 - - [06/Jun/2023:09:49:03 +0800] "GET /xingrg/all/function/internal_message.html?_=1686016145542&CODE_STATE=getMsg HTTP/1.1" 200 27
116.238.139.35 - - [06/Jun/2023:09:49:04 +0800] "POST /xingrg/kc/mdqp/pssh_list_operate.html HTTP/1.1" 200 449
116.238.139.35 - - [06/Jun/2023:09:49:08 +0800] "GET /xingrg/kc/mdqp/pssh_order_info.html?code=312023060400093 HTTP/1.1" 200 17272
116.238.139.35 - - [06/Jun/2023:09:49:09 +0800] "GET /xingrg/javascript/jquery_tools/jquery-1.4.2.min.js HTTP/1.1" 404 1094
116.238.139.35 - - [06/Jun/2023:09:49:09 +0800] "GET /xingrg/javascript/easyui/themes/default/validatebox.css HTTP/1.1" 404 1104
116.238.139.35 - - [06/Jun/2023:09:49:09 +0800] "GET /xingrg/all/common/auto_word.html?type=base&rest_code=00150&rest_code=00150 HTTP/1.1" 200 1853
116.238.139.35 - - [06/Jun/2023:09:49:09 +0800] "POST /xingrg/kc/mdqp/pssh_order_operate.html HTTP/1.1" 200 1544
180.174.236.85 - - [06/Jun/2023:09:49:10 +0800] "GET /xingrg/kc/buy/cgsh_order_operate.html?command=get_materiel&rest_code=00102&code=00101009140&supplier_code=00100022&order_time=2023-06-06 HTTP/1.1" 200 414
222.70.114.12 - - [06/Jun/2023:09:49:13 +0800] "GET /xingrg/all/function/internal_message.html?_=1686016153997&CODE_STATE=getMsg HTTP/1.1" 200 27
116.234.62.222 - - [06/Jun/2023:09:49:16 +0800] "GET /xingrg/all/function/internal_message.html?_=1686016133208&CODE_STATE=getMsg HTTP/1.1" 200 27
222.70.241.154 - - [06/Jun/2023:09:49:19 +0800] "GET /xingrg/all/function/internal_message.html?_=1686016193484&CODE_STATE=getMsg HTTP/1.1" 200 27
222.67.234.146 - - [06/Jun/2023:09:49:22 +0800] "GET /xingrg/all/function/internal_message.html?_=1686015665504&CODE_STATE=getMsg HTTP/1.1" 200 27
180.174.236.85 - - [06/Jun/2023:09:49:23 +0800] "GET /xingrg/check_reg.html?_=1686016165516 HTTP/1.1" 200 22
180.174.236.85 - - [06/Jun/2023:09:49:23 +0800] "GET /xingrg/all/function/internal_message.html?_=1686016165518&CODE_STATE=getMsg HTTP/1.1" 200 27
180.174.236.85 - - [06/Jun/2023:09:49:24 +0800] "GET /xingrg/kc/buy/cgsh_order_operate.html?command=get_materiel&rest_code=00102&code=00101009160&supplier_code=00100022&order_time=2023-06-06 HTTP/1.1" 200 415
180.164.3.199 - - [06/Jun/2023:09:49:24 +0800] "GET /xingrg/kc/buy/cgsh_order_operate.html?command=get_materiel&rest_code=00108&code=00101023022&supplier_code=00100593&order_time=2023-06-06 HTTP/1.1" 200 406
222.67.234.146 - - [06/Jun/2023:09:49:26 +0800] "GET /xingrg/kc/buy/cgsh_order_add.html HTTP/1.1" 200 71573
222.67.234.146 - - [06/Jun/2023:09:49:26 +0800] "POST /xingrg/kc/buy/cgsh_order_operate.html HTTP/1.1" 200 8245
222.67.234.146 - - [06/Jun/2023:09:49:26 +0800] "GET /xingrg/javascript/easyui/themes/default/validatebox.css HTTP/1.1" 404 1104
180.169.147.146 - - [06/Jun/2023:09:49:29 +0800] "GET /xingrg/all/function/internal_message.html?_=1686016169514&CODE_STATE=getMsg HTTP/1.1" 200 27
222.70.180.90 - - [06/Jun/2023:09:49:33 +0800] "GET /xingrg/all/function/internal_message.html?_=1686016172632&CODE_STATE=getMsg HTTP/1.1" 200 27
116.238.139.35 - - [06/Jun/2023:09:49:36 +0800] "POST /xingrg/all/user/operate.html HTTP/1.1" 200 36
116.238.139.35 - - [06/Jun/2023:09:49:37 +0800] "GET /xingrg/index.html?sysBaseUrl=http%3A%2F%2F180.169.147.146%3A18081%2Fxingrg%2F&costTime=1383×tamp=1686015948167 HTTP/1.1" 200 17177
116.238.139.35 - - [06/Jun/2023:09:49:37 +0800] "GET /xingrg/javascript/jquery_easy_ui/themes/default/easyui.css HTTP/1.1" 304 -
116.238.139.35 - - [06/Jun/2023:09:49:37 +0800] "GET /xingrg/javascript/jquery_easy_ui/themes/icon.css HTTP/1.1" 304 -
116.238.139.35 - - [06/Jun/2023:09:49:37 +0800] "GET /xingrg/css/form.css HTTP/1.1" 304 -
116.238.139.35 - - [06/Jun/2023:09:49:37 +0800] "GET /xingrg/javascript/jquery-1.4.2.min.js HTTP/1.1" 304 -
116.238.139.35 - - [06/Jun/2023:09:49:37 +0800] "GET /xingrg/javascript/jquery_easy_ui/jquery.easyui.min.js HTTP/1.1" 304 -
116.238.139.35 - - [06/Jun/2023:09:49:37 +0800] "GET /xingrg/javascript/jquery_easy_ui/easyui-lang-zh_CN.js HTTP/1.1" 304 -
116.238.139.35 - - [06/Jun/2023:09:49:37 +0800] "GET /xingrg/javascript/jquery.form.js HTTP/1.1" 304 -
116.238.139.35 - - [06/Jun/2023:09:49:37 +0800] "GET /xingrg/javascript/jquery.utils.js HTTP/1.1" 304 -
116.238.139.35 - - [06/Jun/2023:09:49:37 +0800] "GET /xingrg/javascript/jquery.timers.js HTTP/1.1" 304 -
116.238.139.35 - - [06/Jun/2023:09:49:37 +0800] "GET /xingrg/images/blue/jxLogo.png HTTP/1.1" 304 -
116.238.139.35 - - [06/Jun/2023:09:49:37 +0800] "GET /xingrg/images/blue/navBackgound.jpg HTTP/1.1" 304 -
116.238.139.35 - - [06/Jun/2023:09:49:37 +0800] "GET /xingrg/javascript/jquery_easy_ui/themes/icons/settle_new.png HTTP/1.1" 304 -
116.238.139.35 - - [06/Jun/2023:09:49:37 +0800] "GET /xingrg/images/blue/pingpu.png HTTP/1.1" 304 -
116.238.139.35 - - [06/Jun/2023:09:49:37 +0800] "GET /xingrg/javascript/jquery_easy_ui/themes/default/images/tabs_leftarrow.png HTTP/1.1" 304 -
116.238.139.35 - - [06/Jun/2023:09:49:37 +0800] "GET /xingrg/javascript/jquery_easy_ui/themes/default/images/tabs_rightarrow.png HTTP/1.1" 304 -
116.238.139.35 - - [06/Jun/2023:09:49:37 +0800] "GET /xingrg/javascript/jquery_easy_ui/themes/default/images/panel_tool_collapse.gif HTTP/1.1" 304 -
116.238.139.35 - - [06/Jun/2023:09:49:37 +0800] "GET /xingrg/all/function/internal_message.html?_=1686016077237&CODE_STATE=count HTTP/1.1" 200 11
116.238.139.35 - - [06/Jun/2023:09:49:37 +0800] "GET /xingrg/check_reg.html?_=1686016077238 HTTP/1.1" 200 22
116.238.139.35 - - [06/Jun/2023:09:49:37 +0800] "POST /xingrg/all/common/load_tree.html?tree=area_rest_tree_json&manage=1 HTTP/1.1" 200 476
180.174.236.85 - - [06/Jun/2023:09:49:37 +0800] "POST /xingrg/kc/buy/cgsh_order_operate.html HTTP/1.1" 200 37
116.238.139.35 - - [06/Jun/2023:09:49:37 +0800] "POST /xingrg/load_menu.html HTTP/1.1" 200 5138
116.238.139.35 - - [06/Jun/2023:09:49:39 +0800] "GET /xingrg/kc/mdqp/pssh_order_list.html HTTP/1.1" 200 17437
116.238.139.35 - - [06/Jun/2023:09:49:40 +0800] "POST /xingrg/kc/mdqp/pssh_list_operate.html HTTP/1.1" 200 5532
116.232.195.127 - - [06/Jun/2023:09:49:41 +0800] "GET /xingrg/all/function/internal_message.html?_=1686016199144&CODE_STATE=getMsg HTTP/1.1" 200 27
180.164.3.199 - - [06/Jun/2023:09:49:41 +0800] "GET /xingrg/kc/buy/cgsh_order_operate.html?command=get_materiel&rest_code=00108&code=00101009113&supplier_code=00100593&order_time=2023-06-06 HTTP/1.1" 200 413
116.232.195.127 - - [06/Jun/2023:09:49:41 +0800] "GET /xingrg/check_reg.html?_=1686016199148 HTTP/1.1" 200 22
120.253.135.82 - - [06/Jun/2023:09:49:43 +0800] "GET /xingrg/all/function/internal_message.html?_=1686016018441&CODE_STATE=getMsg HTTP/1.1" 200 27
180.174.236.85 - - [06/Jun/2023:09:49:44 +0800] "POST /xingrg/kc/buy/cgsh_order_operate.html HTTP/1.1" 200 12
222.67.234.146 - - [06/Jun/2023:09:49:46 +0800] "GET /xingrg/kc/buy/cgsh_order_operate.html?command=get_materiel&rest_code=00141&code=00101006193&supplier_code=00100012&order_time=2023-06-06 HTTP/1.1" 200 411
180.164.3.199 - - [06/Jun/2023:09:49:51 +0800] "GET /xingrg/all/function/internal_message.html?_=1686016190519&CODE_STATE=getMsg HTTP/1.1" 200 27
180.174.236.85 - - [06/Jun/2023:09:49:51 +0800] "GET /xingrg/kc/buy/cgsh_order_info.html?code=212023060601930 HTTP/1.1" 200 66513
180.174.236.85 - - [06/Jun/2023:09:49:51 +0800] "GET /xingrg/javascript/easyui/themes/default/validatebox.css HTTP/1.1" 404 1104
180.174.236.85 - - [06/Jun/2023:09:49:53 +0800] "POST /xingrg/kc/buy/cgsh_order_operate.html HTTP/1.1" 200 2394
101.83.145.52 - - [06/Jun/2023:09:49:53 +0800] "GET /xingrg/check_reg.html?_=1686016022182 HTTP/1.1" 200 22
101.83.145.52 - - [06/Jun/2023:09:49:53 +0800] "GET /xingrg/all/function/internal_message.html?_=1686016022185&CODE_STATE=getMsg HTTP/1.1" 200 27
101.83.145.52 - - [06/Jun/2023:09:49:55 +0800] "GET /xingrg/check_reg.html?_=1686016195737 HTTP/1.1" 200 22
101.83.145.52 - - [06/Jun/2023:09:49:55 +0800] "GET /xingrg/all/function/internal_message.html?_=1686016195741&CODE_STATE=getMsg HTTP/1.1" 200 27
180.169.147.146 - - [06/Jun/2023:09:49:55 +0800] "GET /xingrg/all/function/internal_message.html?_=1686016195201&CODE_STATE=getMsg HTTP/1.1" 200 27
114.83.220.28 - - [06/Jun/2023:09:49:56 +0800] "GET /xingrg/all/function/internal_message.html?_=1686016193713&CODE_STATE=getMsg HTTP/1.1" 200 27
222.69.135.153 - - [06/Jun/2023:09:49:57 +0800] "GET /xingrg/all/function/internal_message.html?_=1686016299121&CODE_STATE=getMsg HTTP/1.1" 200 27
180.174.236.85 - - [06/Jun/2023:09:49:57 +0800] "GET /xingrg/kc/print/load_data.html?order_code=212023060601930&kc_code=cgsh&condition= HTTP/1.1" 200 1405
116.238.139.35 - - [06/Jun/2023:09:49:57 +0800] "GET /xingrg/all/function/internal_message.html?_=1686016197102&CODE_STATE=getMsg HTTP/1.1" 200 27
116.234.62.222 - - [06/Jun/2023:09:49:58 +0800] "POST /xingrg/services/DataTransmitService HTTP/1.1" 200 524
180.164.3.199 - - [06/Jun/2023:09:49:59 +0800] "GET /xingrg/kc/buy/cgsh_order_operate.html?command=get_materiel&rest_code=00108&code=00101009015&supplier_code=00100593&order_time=2023-06-06 HTTP/1.1" 200 417
180.169.147.146 - - [06/Jun/2023:09:50:00 +0800] "GET /xingrg/all/report/report_query.html?fileName=kc/buy/gys_amount_base_rest.xml HTTP/1.1" 200 51664
180.169.147.146 - - [06/Jun/2023:09:50:00 +0800] "GET /xingrg/dwr/interface/AjaxReportQueryService.js HTTP/1.1" 200 13203
180.169.147.146 - - [06/Jun/2023:09:50:00 +0800] "GET /xingrg/dwr/engine.js HTTP/1.1" 200 43631
180.169.147.146 - - [06/Jun/2023:09:50:00 +0800] "POST /xingrg/dwr/call/plaincall/AjaxReportQueryService.getFixDate.dwr HTTP/1.1" 200 111
180.169.147.146 - - [06/Jun/2023:09:50:00 +0800] "POST /xingrg/all/common/load_tree.html?tree=area_rest_tree_json&manage=1 HTTP/1.1" 200 3499
180.169.147.146 - - [06/Jun/2023:09:50:01 +0800] "POST /xingrg/all/common/load_tree.html?tree=supplier_tree_json&manage=1 HTTP/1.1" 200 76361
222.67.234.146 - - [06/Jun/2023:09:50:02 +0800] "GET /xingrg/kc/buy/cgsh_order_operate.html?command=get_materiel&rest_code=00141&code=00101007043&supplier_code=00100012&order_time=2023-06-06 HTTP/1.1" 200 408
114.93.32.10 - - [06/Jun/2023:09:50:03 +0800] "GET /xingrg/all/function/internal_message.html?_=1686016205542&CODE_STATE=getMsg HTTP/1.1" 200 27
180.174.236.85 - - [06/Jun/2023:09:50:04 +0800] "GET /xingrg/kc/buy/cgsh_order_add.html HTTP/1.1" 200 71608
180.174.236.85 - - [06/Jun/2023:09:50:04 +0800] "POST /xingrg/kc/buy/cgsh_order_operate.html HTTP/1.1" 200 8245
180.174.236.85 - - [06/Jun/2023:09:50:04 +0800] "GET /xingrg/javascript/easyui/themes/default/validatebox.css HTTP/1.1" 404 1104
222.70.110.223 - - [06/Jun/2023:09:50:09 +0800] "POST /xingrg/services/DataTransmitService HTTP/1.1" 200 524
222.70.114.12 - - [06/Jun/2023:09:50:13 +0800] "GET /xingrg/all/function/internal_message.html?_=1686016213995&CODE_STATE=getMsg HTTP/1.1" 200 27
180.169.147.146 - - [06/Jun/2023:09:50:15 +0800] "POST /xingrg/dwr/call/plaincall/AjaxReportQueryService.refreshCache.dwr HTTP/1.1" 200 78
116.234.62.222 - - [06/Jun/2023:09:50:16 +0800] "GET /xingrg/check_reg.html?_=1686016193222 HTTP/1.1" 200 22
116.234.62.222 - - [06/Jun/2023:09:50:16 +0800] "GET /xingrg/all/function/internal_message.html?_=1686016193212&CODE_STATE=getMsg HTTP/1.1" 200 27
222.67.234.146 - - [06/Jun/2023:09:50:16 +0800] "GET /xingrg/kc/buy/cgsh_order_operate.html?command=get_materiel&rest_code=00141&code=00101006111&supplier_code=00100012&order_time=2023-06-06 HTTP/1.1" 200 409
180.169.147.146 - - [06/Jun/2023:09:50:17 +0800] "POST /xingrg/all/report/load_report_page.html HTTP/1.1" 200 51425
180.169.147.146 - - [06/Jun/2023:09:50:17 +0800] "GET /xingrg/servlets/image?cache=0.48695497709941726&image=px HTTP/1.1" 200 807
222.70.241.154 - - [06/Jun/2023:09:50:19 +0800] "GET /xingrg/all/function/internal_message.html?_=1686016253490&CODE_STATE=getMsg HTTP/1.1" 200 27
180.164.3.199 - - [06/Jun/2023:09:50:19 +0800] "GET /xingrg/kc/buy/cgsh_order_operate.html?command=get_materiel&rest_code=00108&code=00101009044&supplier_code=00100593&order_time=2023-06-06 HTTP/1.1" 200 413
222.67.234.146 - - [06/Jun/2023:09:50:22 +0800] "GET /xingrg/all/function/internal_message.html?_=1686015725469&CODE_STATE=getMsg HTTP/1.1" 200 27
180.174.236.85 - - [06/Jun/2023:09:50:23 +0800] "GET /xingrg/all/function/internal_message.html?_=1686016225501&CODE_STATE=getMsg HTTP/1.1" 200 27
222.67.234.146 - - [06/Jun/2023:09:50:24 +0800] "GET /xingrg/kc/buy/cgsh_order_operate.html?command=get_materiel&rest_code=00141&code=00101006109&supplier_code=00100012&order_time=2023-06-06 HTTP/1.1" 200 409
180.169.147.146 - - [06/Jun/2023:09:50:29 +0800] "GET /xingrg/all/function/internal_message.html?_=1686016229521&CODE_STATE=getMsg HTTP/1.1" 200 27
180.169.147.146 - - [06/Jun/2023:09:50:29 +0800] "GET /xingrg/check_reg.html?_=1686016229523 HTTP/1.1" 200 22
222.70.180.90 - - [06/Jun/2023:09:50:33 +0800] "GET /xingrg/all/function/internal_message.html?_=1686016232632&CODE_STATE=getMsg HTTP/1.1" 200 27
116.238.139.35 - - [06/Jun/2023:09:50:37 +0800] "GET /xingrg/all/function/internal_message.html?_=1686016137244&CODE_STATE=getMsg HTTP/1.1" 200 27
180.164.3.199 - - [06/Jun/2023:09:50:38 +0800] "GET /xingrg/kc/buy/cgsh_order_operate.html?command=get_materiel&rest_code=00108&code=00101013017&supplier_code=00100593&order_time=2023-06-06 HTTP/1.1" 200 413
116.232.195.127 - - [06/Jun/2023:09:50:41 +0800] "GET /xingrg/all/function/internal_message.html?_=1686016259146&CODE_STATE=getMsg HTTP/1.1" 200 27
222.67.234.146 - - [06/Jun/2023:09:50:42 +0800] "GET /xingrg/kc/buy/cgsh_order_operate.html?command=get_materiel&rest_code=00141&code=00101006293&supplier_code=00100012&order_time=2023-06-06 HTTP/1.1" 200 432
120.253.135.82 - - [06/Jun/2023:09:50:43 +0800] "GET /xingrg/all/function/internal_message.html?_=1686016078515&CODE_STATE=getMsg HTTP/1.1" 200 27
180.164.3.199 - - [06/Jun/2023:09:50:51 +0800] "GET /xingrg/all/function/internal_message.html?_=1686016250518&CODE_STATE=getMsg HTTP/1.1" 200 27
180.164.3.199 - - [06/Jun/2023:09:50:51 +0800] "GET /xingrg/check_reg.html?_=1686016250521 HTTP/1.1" 200 22
101.83.145.52 - - [06/Jun/2023:09:50:53 +0800] "GET /xingrg/all/function/internal_message.html?_=1686016082170&CODE_STATE=getMsg HTTP/1.1" 200 27
116.232.195.127 - - [06/Jun/2023:09:50:55 +0800] "GET /xingrg/kc/buy/cgsh_order_operate.html?command=get_materiel&rest_code=00155&code=00101001060&supplier_code=00100199&order_time=2023-06-06 HTTP/1.1" 200 421
101.83.145.52 - - [06/Jun/2023:09:50:55 +0800] "GET /xingrg/all/function/internal_message.html?_=1686016255726&CODE_STATE=getMsg HTTP/1.1" 200 27
180.169.147.146 - - [06/Jun/2023:09:50:55 +0800] "GET /xingrg/check_reg.html?_=1686016255195 HTTP/1.1" 200 22
180.169.147.146 - - [06/Jun/2023:09:50:55 +0800] "GET /xingrg/all/function/internal_message.html?_=1686016255197&CODE_STATE=getMsg HTTP/1.1" 200 27
114.83.220.28 - - [06/Jun/2023:09:50:56 +0800] "GET /xingrg/all/function/internal_message.html?_=1686016253701&CODE_STATE=getMsg HTTP/1.1" 200 27
222.69.135.153 - - [06/Jun/2023:09:50:57 +0800] "GET /xingrg/all/function/internal_message.html?_=1686016359133&CODE_STATE=getMsg HTTP/1.1" 200 27
116.238.139.35 - - [06/Jun/2023:09:50:57 +0800] "GET /xingrg/all/function/internal_message.html?_=1686016257105&CODE_STATE=getMsg HTTP/1.1" 200 27
180.174.236.85 - - [06/Jun/2023:09:50:59 +0800] "GET /xingrg/javascript/easyui/themes/default/tree.css HTTP/1.1" 404 1090
180.174.236.85 - - [06/Jun/2023:09:51:00 +0800] "POST /xingrg/all/common/load_tree.html?tree=supplier_tree_json&isDelete=1 HTTP/1.1" 200 74436
222.67.234.146 - - [06/Jun/2023:09:51:00 +0800] "POST /xingrg/kc/buy/cgsh_order_operate.html HTTP/1.1" 200 37
114.93.32.10 - - [06/Jun/2023:09:51:03 +0800] "GET /xingrg/check_reg.html?_=1686016265543 HTTP/1.1" 200 22
114.93.32.10 - - [06/Jun/2023:09:51:03 +0800] "GET /xingrg/all/function/internal_message.html?_=1686016265541&CODE_STATE=getMsg HTTP/1.1" 200 27
222.67.234.146 - - [06/Jun/2023:09:51:07 +0800] "POST /xingrg/kc/buy/cgsh_order_operate.html HTTP/1.1" 200 12
116.232.195.127 - - [06/Jun/2023:09:51:07 +0800] "GET /xingrg/kc/buy/cgsh_order_operate.html?command=get_materiel&rest_code=00155&code=00101001125&supplier_code=00100199&order_time=2023-06-06 HTTP/1.1" 200 417
222.67.234.146 - - [06/Jun/2023:09:51:10 +0800] "GET /xingrg/kc/buy/cgsh_order_info.html?code=212023060601931 HTTP/1.1" 200 66482
222.67.234.146 - - [06/Jun/2023:09:51:10 +0800] "GET /xingrg/javascript/easyui/themes/default/validatebox.css HTTP/1.1" 404 1104
222.67.234.146 - - [06/Jun/2023:09:51:11 +0800] "POST /xingrg/kc/buy/cgsh_order_operate.html HTTP/1.1" 200 2984
180.164.3.199 - - [06/Jun/2023:09:51:12 +0800] "GET /xingrg/kc/buy/cgsh_order_operate.html?command=get_materiel&rest_code=00108&code=00101012033&supplier_code=00100593&order_time=2023-06-06 HTTP/1.1" 200 427
222.70.114.12 - - [06/Jun/2023:09:51:13 +0800] "GET /xingrg/all/function/internal_message.html?_=1686016273995&CODE_STATE=getMsg HTTP/1.1" 200 27
180.174.236.85 - - [06/Jun/2023:09:51:14 +0800] "GET /xingrg/kc/buy/cgsh_order_operate.html?command=get_materiel&rest_code=00102&code=00101011005&supplier_code=00100047&order_time=2023-06-06 HTTP/1.1" 200 429
116.234.62.222 - - [06/Jun/2023:09:51:16 +0800] "GET /xingrg/all/function/internal_message.html?_=1686016253207&CODE_STATE=getMsg HTTP/1.1" 200 27
116.238.139.35 - - [06/Jun/2023:09:51:17 +0800] "GET /xingrg/kc/buy/cgsh_order_list.html HTTP/1.1" 200 55797
222.70.241.154 - - [06/Jun/2023:09:51:19 +0800] "GET /xingrg/all/function/internal_message.html?_=1686016313543&CODE_STATE=getMsg HTTP/1.1" 200 27
116.238.139.35 - - [06/Jun/2023:09:51:19 +0800] "POST /xingrg/kc/buy/cgsh_list_operate.html HTTP/1.1" 200 986
116.232.195.127 - - [06/Jun/2023:09:51:20 +0800] "GET /xingrg/kc/buy/cgsh_order_operate.html?command=get_materiel&rest_code=00155&code=00101001075&supplier_code=00100199&order_time=2023-06-06 HTTP/1.1" 200 409
180.169.147.146 - - [06/Jun/2023:09:51:21 +0800] "POST /xingrg/dwr/call/plaincall/AjaxReportQueryService.refreshCache.dwr HTTP/1.1" 200 78
222.67.234.146 - - [06/Jun/2023:09:51:22 +0800] "GET /xingrg/all/function/internal_message.html?_=1686015785452&CODE_STATE=getMsg HTTP/1.1" 200 27
180.174.236.85 - - [06/Jun/2023:09:51:23 +0800] "GET /xingrg/all/function/internal_message.html?_=1686016285481&CODE_STATE=getMsg HTTP/1.1" 200 27
116.238.139.35 - - [06/Jun/2023:09:51:23 +0800] "GET /xingrg/kc/buy/cgsh_order_add.html HTTP/1.1" 200 71617
116.238.139.35 - - [06/Jun/2023:09:51:24 +0800] "POST /xingrg/kc/buy/cgsh_order_operate.html HTTP/1.1" 200 8245
116.238.139.35 - - [06/Jun/2023:09:51:24 +0800] "GET /xingrg/javascript/easyui/themes/default/validatebox.css HTTP/1.1" 404 1104
180.169.147.146 - - [06/Jun/2023:09:51:24 +0800] "POST /xingrg/all/report/load_report_page.html HTTP/1.1" 200 51374
180.169.147.146 - - [06/Jun/2023:09:51:24 +0800] "GET /xingrg/servlets/image?cache=0.7565405174005241&image=px HTTP/1.1" 200 807
222.67.234.146 - - [06/Jun/2023:09:51:28 +0800] "GET /xingrg/kc/print/load_data.html?order_code=212023060601931&kc_code=cgsh&condition= HTTP/1.1" 200 1709
180.169.147.146 - - [06/Jun/2023:09:51:29 +0800] "GET /xingrg/all/function/internal_message.html?_=1686016289515&CODE_STATE=getMsg HTTP/1.1" 200 27
222.70.180.90 - - [06/Jun/2023:09:51:33 +0800] "GET /xingrg/check_reg.html?_=1686016292634 HTTP/1.1" 200 22
222.70.180.90 - - [06/Jun/2023:09:51:33 +0800] "GET /xingrg/all/function/internal_message.html?_=1686016292637&CODE_STATE=getMsg HTTP/1.1" 200 27
116.238.139.35 - - [06/Jun/2023:09:51:33 +0800] "GET /xingrg/javascript/auto/indicator.gif HTTP/1.1" 404 1066
180.174.236.85 - - [06/Jun/2023:09:51:35 +0800] "GET /xingrg/kc/buy/cgsh_order_operate.html?command=get_materiel&rest_code=00102&code=00101011003&supplier_code=00100047&order_time=2023-06-06 HTTP/1.1" 200 413
116.238.139.35 - - [06/Jun/2023:09:51:37 +0800] "GET /xingrg/all/function/internal_message.html?_=1686016197258&CODE_STATE=getMsg HTTP/1.1" 200 27
116.232.195.127 - - [06/Jun/2023:09:51:38 +0800] "GET /xingrg/kc/buy/cgsh_order_operate.html?command=get_materiel&rest_code=00155&code=00101002037&supplier_code=00100199&order_time=2023-06-06 HTTP/1.1" 200 419
180.164.3.199 - - [06/Jun/2023:09:51:40 +0800] "GET /xingrg/kc/buy/cgsh_order_operate.html?command=get_materiel&rest_code=00108&code=00101011010&supplier_code=00100593&order_time=2023-06-06 HTTP/1.1" 200 418
116.232.195.127 - - [06/Jun/2023:09:51:41 +0800] "GET /xingrg/all/function/internal_message.html?_=1686016319141&CODE_STATE=getMsg HTTP/1.1" 200 27
222.70.241.154 - - [06/Jun/2023:09:51:42 +0800] "GET /xingrg/check_reg.html?_=1686016336782 HTTP/1.1" 200 22
120.253.135.82 - - [06/Jun/2023:09:51:43 +0800] "GET /xingrg/all/function/internal_message.html?_=1686016138614&CODE_STATE=getMsg HTTP/1.1" 200 27
116.232.195.127 - - [06/Jun/2023:09:51:49 +0800] "POST /xingrg/kc/buy/cgsh_order_operate.html HTTP/1.1" 200 37
180.164.3.199 - - [06/Jun/2023:09:51:51 +0800] "GET /xingrg/all/function/internal_message.html?_=1686016310506&CODE_STATE=getMsg HTTP/1.1" 200 27
116.238.139.35 - - [06/Jun/2023:09:51:51 +0800] "GET /xingrg/kc/buy/cgsh_order_operate.html?command=get_materiel&rest_code=00150&code=00102006842&supplier_code=00100444&order_time=2023-06-06 HTTP/1.1" 200 428
180.174.236.85 - - [06/Jun/2023:09:51:52 +0800] "GET /xingrg/kc/buy/cgsh_order_operate.html?command=get_materiel&rest_code=00102&code=00101011010&supplier_code=00100047&order_time=2023-06-06 HTTP/1.1" 200 418
116.232.195.127 - - [06/Jun/2023:09:51:52 +0800] "POST /xingrg/kc/buy/cgsh_order_operate.html HTTP/1.1" 200 6816
101.83.145.52 - - [06/Jun/2023:09:51:53 +0800] "GET /xingrg/all/function/internal_message.html?_=1686016142179&CODE_STATE=getMsg HTTP/1.1" 200 27
116.232.195.127 - - [06/Jun/2023:09:51:54 +0800] "GET /xingrg/kc/print/load_data.html?order_code=212023060601932&kc_code=cgsh&condition= HTTP/1.1" 200 2272
101.83.145.52 - - [06/Jun/2023:09:51:55 +0800] "GET /xingrg/all/function/internal_message.html?_=1686016315727&CODE_STATE=getMsg HTTP/1.1" 200 27
180.169.147.146 - - [06/Jun/2023:09:51:55 +0800] "GET /xingrg/all/function/internal_message.html?_=1686016315195&CODE_STATE=getMsg HTTP/1.1" 200 27
114.83.220.28 - - [06/Jun/2023:09:51:56 +0800] "GET /xingrg/all/function/internal_message.html?_=1686016313682&CODE_STATE=getMsg HTTP/1.1" 200 27
222.69.135.153 - - [06/Jun/2023:09:51:57 +0800] "GET /xingrg/check_reg.html?_=1686016419133 HTTP/1.1" 200 22
222.69.135.153 - - [06/Jun/2023:09:51:57 +0800] "GET /xingrg/all/function/internal_message.html?_=1686016419134&CODE_STATE=getMsg HTTP/1.1" 200 27
116.238.139.35 - - [06/Jun/2023:09:51:57 +0800] "GET /xingrg/all/function/internal_message.html?_=1686016317098&CODE_STATE=getMsg HTTP/1.1" 200 27
116.232.195.127 - - [06/Jun/2023:09:51:58 +0800] "GET /xingrg/kc/print/load_data.html?order_code=212023060601932&kc_code=cgsh HTTP/1.1" 200 2272
114.93.32.10 - - [06/Jun/2023:09:52:03 +0800] "GET /xingrg/all/function/internal_message.html?_=1686016325545&CODE_STATE=getMsg HTTP/1.1" 200 27
180.164.3.199 - - [06/Jun/2023:09:52:06 +0800] "GET /xingrg/kc/buy/cgsh_order_operate.html?command=get_materiel&rest_code=00108&code=00101016113&supplier_code=00100593&order_time=2023-06-06 HTTP/1.1" 200 403
180.174.236.85 - - [06/Jun/2023:09:52:09 +0800] "POST /xingrg/kc/buy/cgsh_order_operate.html HTTP/1.1" 200 37
116.238.139.35 - - [06/Jun/2023:09:52:11 +0800] "GET /xingrg/kc/buy/cgsh_order_operate.html?command=get_materiel&rest_code=00150&code=00102005327&supplier_code=00100444&order_time=2023-06-06 HTTP/1.1" 200 419
180.169.147.146 - - [06/Jun/2023:09:52:13 +0800] "POST /xingrg/dwr/call/plaincall/AjaxReportQueryService.refreshCache.dwr HTTP/1.1" 200 78
222.70.114.12 - - [06/Jun/2023:09:52:13 +0800] "GET /xingrg/all/function/internal_message.html?_=1686016333995&CODE_STATE=getMsg HTTP/1.1" 200 27
222.70.241.154 - - [06/Jun/2023:09:52:19 +0800] "GET /xingrg/all/function/internal_message.html?_=1686016373547&CODE_STATE=getMsg HTTP/1.1" 200 27
180.174.236.85 - - [06/Jun/2023:09:52:20 +0800] "POST /xingrg/kc/buy/cgsh_order_operate.html HTTP/1.1" 200 12
180.169.147.146 - - [06/Jun/2023:09:52:20 +0800] "POST /xingrg/all/report/load_report_page.html HTTP/1.1" 200 51147
180.169.147.146 - - [06/Jun/2023:09:52:20 +0800] "GET /xingrg/servlets/image?cache=0.7497389119560924&image=px HTTP/1.1" 200 807
180.164.3.199 - - [06/Jun/2023:09:52:20 +0800] "GET /xingrg/kc/buy/cgsh_order_operate.html?command=get_materiel&rest_code=00108&code=00101016025&supplier_code=00100593&order_time=2023-06-06 HTTP/1.1" 200 408
222.67.234.146 - - [06/Jun/2023:09:52:22 +0800] "GET /xingrg/all/function/internal_message.html?_=1686015845431&CODE_STATE=getMsg HTTP/1.1" 200 27
180.174.236.85 - - [06/Jun/2023:09:52:23 +0800] "GET /xingrg/all/function/internal_message.html?_=1686016345451&CODE_STATE=getMsg HTTP/1.1" 200 27
116.237.73.255 - - [06/Jun/2023:09:52:27 +0800] "POST /xingrg/services/DataTransmitService HTTP/1.1" 200 524
116.238.139.35 - - [06/Jun/2023:09:52:28 +0800] "POST /xingrg/kc/buy/cgsh_order_operate.html HTTP/1.1" 200 37
180.169.147.146 - - [06/Jun/2023:09:52:29 +0800] "GET /xingrg/all/function/internal_message.html?_=1686016349512&CODE_STATE=getMsg HTTP/1.1" 200 27
114.85.113.108 - - [06/Jun/2023:09:52:30 +0800] "GET /xingrg/check_reg.html?_=1686016349307 HTTP/1.1" 200 22
180.174.236.85 - - [06/Jun/2023:09:52:30 +0800] "GET /xingrg/kc/buy/cgsh_order_info.html?code=212023060601933 HTTP/1.1" 200 66515
180.174.236.85 - - [06/Jun/2023:09:52:30 +0800] "GET /xingrg/javascript/easyui/themes/default/validatebox.css HTTP/1.1" 404 1104
180.174.236.85 - - [06/Jun/2023:09:52:32 +0800] "POST /xingrg/kc/buy/cgsh_order_operate.html HTTP/1.1" 200 1802
222.70.180.90 - - [06/Jun/2023:09:52:33 +0800] "GET /xingrg/all/function/internal_message.html?_=1686016352636&CODE_STATE=getMsg HTTP/1.1" 200 27
180.174.236.85 - - [06/Jun/2023:09:52:34 +0800] "GET /xingrg/kc/print/load_data.html?order_code=212023060601933&kc_code=cgsh&condition= HTTP/1.1" 200 1200
116.238.139.35 - - [06/Jun/2023:09:52:36 +0800] "POST /xingrg/kc/buy/cgsh_order_operate.html HTTP/1.1" 200 12
116.238.139.35 - - [06/Jun/2023:09:52:37 +0800] "GET /xingrg/all/function/internal_message.html?_=1686016257268&CODE_STATE=getMsg HTTP/1.1" 200 27
180.164.3.199 - - [06/Jun/2023:09:52:38 +0800] "GET /xingrg/kc/buy/cgsh_order_operate.html?command=get_materiel&rest_code=00108&code=00101016053&supplier_code=00100593&order_time=2023-06-06 HTTP/1.1" 200 408
116.238.139.35 - - [06/Jun/2023:09:52:38 +0800] "GET /xingrg/kc/buy/cgsh_order_info.html?code=212023060601934 HTTP/1.1" 200 66530
116.238.139.35 - - [06/Jun/2023:09:52:39 +0800] "GET /xingrg/javascript/easyui/themes/default/validatebox.css HTTP/1.1" 404 1104
116.238.139.35 - - [06/Jun/2023:09:52:39 +0800] "POST /xingrg/kc/buy/cgsh_order_operate.html HTTP/1.1" 200 614
116.232.195.127 - - [06/Jun/2023:09:52:41 +0800] "GET /xingrg/all/function/internal_message.html?_=1686016379136&CODE_STATE=getMsg HTTP/1.1" 200 27
116.238.139.35 - - [06/Jun/2023:09:52:41 +0800] "GET /xingrg/kc/print/load_data.html?order_code=212023060601934&kc_code=cgsh&condition= HTTP/1.1" 200 704
180.174.236.85 - - [06/Jun/2023:09:52:42 +0800] "GET /xingrg/kc/buy/cgsh_order_add.html HTTP/1.1" 200 71608
180.174.236.85 - - [06/Jun/2023:09:52:42 +0800] "POST /xingrg/kc/buy/cgsh_order_operate.html HTTP/1.1" 200 8245
180.174.236.85 - - [06/Jun/2023:09:52:42 +0800] "GET /xingrg/javascript/easyui/themes/default/validatebox.css HTTP/1.1" 404 1104
180.174.236.85 - - [06/Jun/2023:09:52:43 +0800] "GET /xingrg/javascript/easyui/themes/default/tree.css HTTP/1.1" 404 1090
180.174.236.85 - - [06/Jun/2023:09:52:44 +0800] "POST /xingrg/all/common/load_tree.html?tree=supplier_tree_json&isDelete=1 HTTP/1.1" 200 74436
116.238.139.35 - - [06/Jun/2023:09:52:46 +0800] "GET /xingrg/kc/buy/cgsh_order_add.html HTTP/1.1" 200 71617
116.238.139.35 - - [06/Jun/2023:09:52:47 +0800] "POST /xingrg/kc/buy/cgsh_order_operate.html HTTP/1.1" 200 8245
116.238.139.35 - - [06/Jun/2023:09:52:47 +0800] "GET /xingrg/javascript/easyui/themes/default/validatebox.css HTTP/1.1" 404 1104
180.164.3.199 - - [06/Jun/2023:09:52:51 +0800] "GET /xingrg/all/function/internal_message.html?_=1686016370501&CODE_STATE=getMsg HTTP/1.1" 200 27
101.83.145.52 - - [06/Jun/2023:09:52:53 +0800] "GET /xingrg/all/function/internal_message.html?_=1686016202179&CODE_STATE=getMsg HTTP/1.1" 200 27
101.83.145.52 - - [06/Jun/2023:09:52:55 +0800] "GET /xingrg/all/function/internal_message.html?_=1686016375728&CODE_STATE=getMsg HTTP/1.1" 200 27
180.169.147.146 - - [06/Jun/2023:09:52:55 +0800] "GET /xingrg/all/function/internal_message.html?_=1686016375194&CODE_STATE=getMsg HTTP/1.1" 200 27
114.83.220.28 - - [06/Jun/2023:09:52:56 +0800] "GET /xingrg/all/function/internal_message.html?_=1686016373657&CODE_STATE=getMsg HTTP/1.1" 200 27
222.70.110.223 - - [06/Jun/2023:09:52:56 +0800] "GET /favicon.ico HTTP/1.1" 404 -
180.174.236.85 - - [06/Jun/2023:09:52:56 +0800] "GET /xingrg/check_reg.html?_=1686016376984 HTTP/1.1" 200 22
222.69.135.153 - - [06/Jun/2023:09:52:57 +0800] "GET /xingrg/all/function/internal_message.html?_=1686016479133&CODE_STATE=getMsg HTTP/1.1" 200 27
116.238.139.35 - - [06/Jun/2023:09:52:57 +0800] "GET /xingrg/all/function/internal_message.html?_=1686016377107&CODE_STATE=getMsg HTTP/1.1" 200 27
180.169.147.146 - - [06/Jun/2023:09:52:59 +0800] "POST /xingrg/dwr/call/plaincall/AjaxReportQueryService.refreshCache.dwr HTTP/1.1" 200 78
180.174.236.85 - - [06/Jun/2023:09:53:00 +0800] "GET /xingrg/kc/buy/cgsh_order_operate.html?command=get_materiel&rest_code=00102&code=00101002027&supplier_code=00100400&order_time=2023-06-06 HTTP/1.1" 200 413
101.83.145.52 - - [06/Jun/2023:09:53:00 +0800] "POST /xingrg/services/DataTransmitService HTTP/1.1" 200 524
180.169.147.146 - - [06/Jun/2023:09:53:01 +0800] "POST /xingrg/all/report/load_report_page.html HTTP/1.1" 200 51425
180.169.147.146 - - [06/Jun/2023:09:53:01 +0800] "GET /xingrg/servlets/image?cache=0.36648826527630685&image=px HTTP/1.1" 200 807
114.93.32.10 - - [06/Jun/2023:09:53:03 +0800] "GET /xingrg/all/function/internal_message.html?_=1686016385544&CODE_STATE=getMsg HTTP/1.1" 200 27
180.164.3.199 - - [06/Jun/2023:09:53:06 +0800] "GET /xingrg/kc/buy/cgsh_order_operate.html?command=get_materiel&rest_code=00108&code=00101002048&supplier_code=00100593&order_time=2023-06-06 HTTP/1.1" 200 413
180.169.147.146 - - [06/Jun/2023:09:53:07 +0800] "POST /xingrg/all/report/report_print.html HTTP/1.1" 200 7680
180.174.236.85 - - [06/Jun/2023:09:53:10 +0800] "GET /xingrg/kc/buy/cgsh_order_operate.html?command=get_materiel&rest_code=00102&code=00101002022&supplier_code=00100400&order_time=2023-06-06 HTTP/1.1" 200 409
222.70.114.12 - - [06/Jun/2023:09:53:13 +0800] "GET /xingrg/all/function/internal_message.html?_=1686016393995&CODE_STATE=getMsg HTTP/1.1" 200 27
222.70.114.12 - - [06/Jun/2023:09:53:13 +0800] "GET /xingrg/check_reg.html?_=1686016393998 HTTP/1.1" 200 22
180.174.236.85 - - [06/Jun/2023:09:53:17 +0800] "GET /xingrg/kc/buy/cgsh_order_operate.html?command=get_materiel&rest_code=00102&code=00101001069&supplier_code=00100400&order_time=2023-06-06 HTTP/1.1" 200 409
222.70.241.154 - - [06/Jun/2023:09:53:19 +0800] "GET /xingrg/all/function/internal_message.html?_=1686016433561&CODE_STATE=getMsg HTTP/1.1" 200 27
222.67.234.146 - - [06/Jun/2023:09:53:22 +0800] "GET /xingrg/all/function/internal_message.html?_=1686015905409&CODE_STATE=getMsg HTTP/1.1" 200 27
222.67.234.146 - - [06/Jun/2023:09:53:22 +0800] "GET /xingrg/check_reg.html?_=1686015905581 HTTP/1.1" 200 22
180.174.236.85 - - [06/Jun/2023:09:53:23 +0800] "GET /xingrg/all/function/internal_message.html?_=1686016405438&CODE_STATE=getMsg HTTP/1.1" 200 27
180.169.147.146 - - [06/Jun/2023:09:53:29 +0800] "GET /xingrg/all/function/internal_message.html?_=1686016409540&CODE_STATE=getMsg HTTP/1.1" 200 27
180.174.236.85 - - [06/Jun/2023:09:53:30 +0800] "POST /xingrg/kc/buy/cgsh_order_operate.html HTTP/1.1" 200 37
222.70.180.90 - - [06/Jun/2023:09:53:33 +0800] "GET /xingrg/all/function/internal_message.html?_=1686016412635&CODE_STATE=getMsg HTTP/1.1" 200 27
116.238.139.35 - - [06/Jun/2023:09:53:37 +0800] "GET /xingrg/all/function/internal_message.html?_=1686016317284&CODE_STATE=getMsg HTTP/1.1" 200 27
180.174.236.85 - - [06/Jun/2023:09:53:38 +0800] "POST /xingrg/kc/buy/cgsh_order_operate.html HTTP/1.1" 200 12
180.174.236.85 - - [06/Jun/2023:09:53:41 +0800] "GET /xingrg/kc/buy/cgsh_order_info.html?code=212023060601935 HTTP/1.1" 200 66513
116.232.195.127 - - [06/Jun/2023:09:53:41 +0800] "GET /xingrg/all/function/internal_message.html?_=1686016439147&CODE_STATE=getMsg HTTP/1.1" 200 27
180.174.236.85 - - [06/Jun/2023:09:53:41 +0800] "GET /xingrg/javascript/easyui/themes/default/validatebox.css HTTP/1.1" 404 1104
180.174.236.85 - - [06/Jun/2023:09:53:42 +0800] "POST /xingrg/kc/buy/cgsh_order_operate.html HTTP/1.1" 200 1789
180.169.147.146 - - [06/Jun/2023:09:53:43 +0800] "POST /xingrg/dwr/call/plaincall/AjaxReportQueryService.refreshCache.dwr HTTP/1.1" 200 78
180.169.147.146 - - [06/Jun/2023:09:53:45 +0800] "POST /xingrg/all/report/load_report_page.html HTTP/1.1" 200 51155
180.169.147.146 - - [06/Jun/2023:09:53:45 +0800] "GET /xingrg/servlets/image?cache=0.725108149125037&image=px HTTP/1.1" 200 807
180.164.3.199 - - [06/Jun/2023:09:53:51 +0800] "GET /xingrg/all/function/internal_message.html?_=1686016430471&CODE_STATE=getMsg HTTP/1.1" 200 27
101.83.145.52 - - [06/Jun/2023:09:53:53 +0800] "GET /xingrg/all/function/internal_message.html?_=1686016262180&CODE_STATE=getMsg HTTP/1.1" 200 27
101.83.145.52 - - [06/Jun/2023:09:53:55 +0800] "GET /xingrg/all/function/internal_message.html?_=1686016435729&CODE_STATE=getMsg HTTP/1.1" 200 27
180.169.147.146 - - [06/Jun/2023:09:53:55 +0800] "GET /xingrg/all/function/internal_message.html?_=1686016435190&CODE_STATE=getMsg HTTP/1.1" 200 27
114.83.220.28 - - [06/Jun/2023:09:53:56 +0800] "GET /xingrg/all/function/internal_message.html?_=1686016433635&CODE_STATE=getMsg HTTP/1.1" 200 27
222.69.135.153 - - [06/Jun/2023:09:53:57 +0800] "GET /xingrg/all/function/internal_message.html?_=1686016539127&CODE_STATE=getMsg HTTP/1.1" 200 27
114.83.220.28 - - [06/Jun/2023:09:53:57 +0800] "GET /xingrg/check_reg.html?_=1686016434414 HTTP/1.1" 200 22
116.238.139.35 - - [06/Jun/2023:09:53:57 +0800] "GET /xingrg/check_reg.html?_=1686016437107 HTTP/1.1" 200 22
116.238.139.35 - - [06/Jun/2023:09:53:57 +0800] "GET /xingrg/all/function/internal_message.html?_=1686016437112&CODE_STATE=getMsg HTTP/1.1" 200 27
180.164.3.199 - - [06/Jun/2023:09:53:58 +0800] "POST /xingrg/kc/buy/cgsh_order_operate.html HTTP/1.1" 200 37
180.164.3.199 - - [06/Jun/2023:09:54:00 +0800] "POST /xingrg/kc/buy/cgsh_order_operate.html HTTP/1.1" 200 8597
114.93.32.10 - - [06/Jun/2023:09:54:03 +0800] "GET /xingrg/all/function/internal_message.html?_=1686016445544&CODE_STATE=getMsg HTTP/1.1" 200 27
180.164.3.199 - - [06/Jun/2023:09:54:04 +0800] "GET /xingrg/kc/print/load_data.html?order_code=212023060601936&kc_code=cgsh&condition= HTTP/1.1" 200 2934
222.70.114.12 - - [06/Jun/2023:09:54:13 +0800] "GET /xingrg/all/function/internal_message.html?_=1686016453997&CODE_STATE=getMsg HTTP/1.1" 200 27
222.70.241.154 - - [06/Jun/2023:09:54:19 +0800] "GET /xingrg/all/function/internal_message.html?_=1686016493619&CODE_STATE=getMsg HTTP/1.1" 200 27
222.67.234.146 - - [06/Jun/2023:09:54:22 +0800] "GET /xingrg/all/function/internal_message.html?_=1686015965390&CODE_STATE=getMsg HTTP/1.1" 200 27
180.174.236.85 - - [06/Jun/2023:09:54:23 +0800] "GET /xingrg/all/function/internal_message.html?_=1686016465410&CODE_STATE=getMsg HTTP/1.1" 200 27
180.174.236.85 - - [06/Jun/2023:09:54:23 +0800] "GET /xingrg/check_reg.html?_=1686016465505 HTTP/1.1" 200 22
180.174.236.85 - - [06/Jun/2023:09:54:24 +0800] "GET /xingrg/kc/print/load_data.html?order_code=212023060601935&kc_code=cgsh&condition= HTTP/1.1" 200 1126
180.169.147.146 - - [06/Jun/2023:09:54:29 +0800] "GET /xingrg/all/function/internal_message.html?_=1686016469518&CODE_STATE=getMsg HTTP/1.1" 200 27
222.70.180.90 - - [06/Jun/2023:09:54:33 +0800] "GET /xingrg/all/function/internal_message.html?_=1686016472633&CODE_STATE=getMsg HTTP/1.1" 200 27
180.164.3.199 - - [06/Jun/2023:09:54:36 +0800] "GET /xingrg/kc/buy/cgsh_order_add.html HTTP/1.1" 200 71665
180.164.3.199 - - [06/Jun/2023:09:54:36 +0800] "POST /xingrg/kc/buy/cgsh_order_operate.html HTTP/1.1" 200 8245
180.164.3.199 - - [06/Jun/2023:09:54:36 +0800] "GET /xingrg/javascript/easyui/themes/default/validatebox.css HTTP/1.1" 404 1104
116.238.139.35 - - [06/Jun/2023:09:54:37 +0800] "GET /xingrg/check_reg.html?_=1686016377239 HTTP/1.1" 200 22
116.238.139.35 - - [06/Jun/2023:09:54:37 +0800] "GET /xingrg/all/function/internal_message.html?_=1686016377330&CODE_STATE=getMsg HTTP/1.1" 200 27
180.164.3.199 - - [06/Jun/2023:09:54:37 +0800] "GET /xingrg/javascript/auto/indicator.gif HTTP/1.1" 404 1066
116.232.195.127 - - [06/Jun/2023:09:54:41 +0800] "GET /xingrg/all/function/internal_message.html?_=1686016499146&CODE_STATE=getMsg HTTP/1.1" 200 27
116.232.195.127 - - [06/Jun/2023:09:54:41 +0800] "GET /xingrg/check_reg.html?_=1686016499149 HTTP/1.1" 200 22
180.164.3.199 - - [06/Jun/2023:09:54:51 +0800] "GET /xingrg/all/function/internal_message.html?_=1686016490468&CODE_STATE=getMsg HTTP/1.1" 200 27
101.83.145.52 - - [06/Jun/2023:09:54:53 +0800] "GET /xingrg/all/function/internal_message.html?_=1686016322181&CODE_STATE=getMsg HTTP/1.1" 200 27
101.83.145.52 - - [06/Jun/2023:09:54:53 +0800] "GET /xingrg/check_reg.html?_=1686016322184 HTTP/1.1" 200 22
101.83.145.52 - - [06/Jun/2023:09:54:55 +0800] "GET /xingrg/all/function/internal_message.html?_=1686016495730&CODE_STATE=getMsg HTTP/1.1" 200 27
101.83.145.52 - - [06/Jun/2023:09:54:55 +0800] "GET /xingrg/check_reg.html?_=1686016495733 HTTP/1.1" 200 22
180.169.147.146 - - [06/Jun/2023:09:54:55 +0800] "GET /xingrg/all/function/internal_message.html?_=1686016495189&CODE_STATE=getMsg HTTP/1.1" 200 27
114.83.220.28 - - [06/Jun/2023:09:54:56 +0800] "GET /xingrg/all/function/internal_message.html?_=1686016493611&CODE_STATE=getMsg HTTP/1.1" 200 27
222.69.135.153 - - [06/Jun/2023:09:54:57 +0800] "GET /xingrg/all/function/internal_message.html?_=1686016599120&CODE_STATE=getMsg HTTP/1.1" 200 27
116.238.139.35 - - [06/Jun/2023:09:54:57 +0800] "GET /xingrg/all/function/internal_message.html?_=1686016497111&CODE_STATE=getMsg HTTP/1.1" 200 27
180.164.3.199 - - [06/Jun/2023:09:55:00 +0800] "GET /xingrg/javascript/jquery_tools/images/prev.gif HTTP/1.1" 404 1086
180.164.3.199 - - [06/Jun/2023:09:55:00 +0800] "GET /xingrg/javascript/jquery_tools/images/next.gif HTTP/1.1" 404 1086
114.93.32.10 - - [06/Jun/2023:09:55:03 +0800] "GET /xingrg/all/function/internal_message.html?_=1686016505544&CODE_STATE=getMsg HTTP/1.1" 200 27
222.70.114.12 - - [06/Jun/2023:09:55:13 +0800] "GET /xingrg/all/function/internal_message.html?_=1686016514024&CODE_STATE=getMsg HTTP/1.1" 200 27
180.164.3.199 - - [06/Jun/2023:09:55:17 +0800] "GET /xingrg/kc/buy/cgsh_order_operate.html?command=get_materiel&rest_code=00108&code=00101002027&supplier_code=00100012&order_time=2023-06-06 HTTP/1.1" 200 413
222.70.241.154 - - [06/Jun/2023:09:55:19 +0800] "POST /xingrg/services/DataTransmitService HTTP/1.1" 200 524
222.70.241.154 - - [06/Jun/2023:09:55:19 +0800] "GET /xingrg/all/function/internal_message.html?_=1686016553619&CODE_STATE=getMsg HTTP/1.1" 200 27
222.70.241.154 - - [06/Jun/2023:09:55:20 +0800] "POST /xingrg/services/DataTransmitService HTTP/1.1" 200 2339
222.70.241.154 - - [06/Jun/2023:09:55:21 +0800] "POST /xingrg/services/DataTransmitService HTTP/1.1" 200 169072
222.67.234.146 - - [06/Jun/2023:09:55:22 +0800] "GET /xingrg/all/function/internal_message.html?_=1686016025358&CODE_STATE=getMsg HTTP/1.1" 200 27
180.174.236.85 - - [06/Jun/2023:09:55:23 +0800] "GET /xingrg/all/function/internal_message.html?_=1686016525396&CODE_STATE=getMsg HTTP/1.1" 200 27
180.169.147.146 - - [06/Jun/2023:09:55:29 +0800] "GET /xingrg/all/function/internal_message.html?_=1686016529520&CODE_STATE=getMsg HTTP/1.1" 200 27
180.169.147.146 - - [06/Jun/2023:09:55:29 +0800] "GET /xingrg/check_reg.html?_=1686016529522 HTTP/1.1" 200 22
222.70.180.90 - - [06/Jun/2023:09:55:33 +0800] "GET /xingrg/all/function/internal_message.html?_=1686016532637&CODE_STATE=getMsg HTTP/1.1" 200 27
116.238.139.35 - - [06/Jun/2023:09:55:37 +0800] "GET /xingrg/all/function/internal_message.html?_=1686016437372&CODE_STATE=getMsg HTTP/1.1" 200 27
222.67.234.146 - - [06/Jun/2023:09:55:38 +0800] "POST /xingrg/services/DataTransmitService HTTP/1.1" 200 524
116.232.195.127 - - [06/Jun/2023:09:55:41 +0800] "GET /xingrg/all/function/internal_message.html?_=1686016559142&CODE_STATE=getMsg HTTP/1.1" 200 27
180.164.3.199 - - [06/Jun/2023:09:55:51 +0800] "GET /xingrg/all/function/internal_message.html?_=1686016550448&CODE_STATE=getMsg HTTP/1.1" 200 27
180.164.3.199 - - [06/Jun/2023:09:55:51 +0800] "GET /xingrg/check_reg.html?_=1686016550519 HTTP/1.1" 200 22
101.83.145.52 - - [06/Jun/2023:09:55:53 +0800] "GET /xingrg/all/function/internal_message.html?_=1686016382174&CODE_STATE=getMsg HTTP/1.1" 200 27
101.83.145.52 - - [06/Jun/2023:09:55:55 +0800] "GET /xingrg/all/function/internal_message.html?_=1686016555733&CODE_STATE=getMsg HTTP/1.1" 200 27
180.169.147.146 - - [06/Jun/2023:09:55:55 +0800] "GET /xingrg/all/function/internal_message.html?_=1686016555188&CODE_STATE=getMsg HTTP/1.1" 200 27
180.169.147.146 - - [06/Jun/2023:09:55:55 +0800] "GET /xingrg/check_reg.html?_=1686016555190 HTTP/1.1" 200 22
114.83.220.28 - - [06/Jun/2023:09:55:56 +0800] "GET /xingrg/all/function/internal_message.html?_=1686016553603&CODE_STATE=getMsg HTTP/1.1" 200 27
222.69.135.153 - - [06/Jun/2023:09:55:57 +0800] "GET /xingrg/all/function/internal_message.html?_=1686016659124&CODE_STATE=getMsg HTTP/1.1" 200 27
116.238.139.35 - - [06/Jun/2023:09:55:57 +0800] "GET /xingrg/all/function/internal_message.html?_=1686016557106&CODE_STATE=getMsg HTTP/1.1" 200 27
114.93.32.10 - - [06/Jun/2023:09:56:03 +0800] "GET /xingrg/all/function/internal_message.html?_=1686016565541&CODE_STATE=getMsg HTTP/1.1" 200 27
114.93.32.10 - - [06/Jun/2023:09:56:03 +0800] "GET /xingrg/check_reg.html?_=1686016565543 HTTP/1.1" 200 22
222.70.114.12 - - [06/Jun/2023:09:56:13 +0800] "GET /xingrg/all/function/internal_message.html?_=1686016574024&CODE_STATE=getMsg HTTP/1.1" 200 27
222.70.241.154 - - [06/Jun/2023:09:56:19 +0800] "GET /xingrg/all/function/internal_message.html?_=1686016613666&CODE_STATE=getMsg HTTP/1.1" 200 27
222.67.234.146 - - [06/Jun/2023:09:56:22 +0800] "GET /xingrg/all/function/internal_message.html?_=1686016085332&CODE_STATE=getMsg HTTP/1.1" 200 27
180.174.236.85 - - [06/Jun/2023:09:56:23 +0800] "GET /xingrg/all/function/internal_message.html?_=1686016585366&CODE_STATE=getMsg HTTP/1.1" 200 27
180.169.147.146 - - [06/Jun/2023:09:56:29 +0800] "GET /xingrg/all/function/internal_message.html?_=1686016589511&CODE_STATE=getMsg HTTP/1.1" 200 27
222.70.180.90 - - [06/Jun/2023:09:56:33 +0800] "GET /xingrg/check_reg.html?_=1686016592640 HTTP/1.1" 200 22
222.70.180.90 - - [06/Jun/2023:09:56:33 +0800] "GET /xingrg/all/function/internal_message.html?_=1686016592643&CODE_STATE=getMsg HTTP/1.1" 200 27
116.238.139.35 - - [06/Jun/2023:09:56:37 +0800] "GET /xingrg/all/function/internal_message.html?_=1686016497386&CODE_STATE=getMsg HTTP/1.1" 200 27
116.232.195.127 - - [06/Jun/2023:09:56:41 +0800] "GET /xingrg/all/function/internal_message.html?_=1686016619131&CODE_STATE=getMsg HTTP/1.1" 200 27
180.164.3.199 - - [06/Jun/2023:09:56:41 +0800] "GET /xingrg/kc/buy/cgsh_order_operate.html?command=get_materiel&rest_code=00108&code=00101001075&supplier_code=00100012&order_time=2023-06-06 HTTP/1.1" 200 409
222.70.241.154 - - [06/Jun/2023:09:56:42 +0800] "GET /xingrg/check_reg.html?_=1686016636783 HTTP/1.1" 200 22
180.169.147.146 - - [06/Jun/2023:09:56:43 +0800] "POST /xingrg/dwr/call/plaincall/AjaxReportQueryService.refreshCache.dwr HTTP/1.1" 200 78
180.169.147.146 - - [06/Jun/2023:09:56:45 +0800] "POST /xingrg/all/report/load_report_page.html HTTP/1.1" 200 51376
180.169.147.146 - - [06/Jun/2023:09:56:45 +0800] "GET /xingrg/servlets/image?cache=0.5130378108153172&image=px HTTP/1.1" 200 807
180.164.3.199 - - [06/Jun/2023:09:56:51 +0800] "GET /xingrg/all/function/internal_message.html?_=1686016610440&CODE_STATE=getMsg HTTP/1.1" 200 27
101.83.145.52 - - [06/Jun/2023:09:56:53 +0800] "GET /xingrg/all/function/internal_message.html?_=1686016442182&CODE_STATE=getMsg HTTP/1.1" 200 27
101.83.145.52 - - [06/Jun/2023:09:56:55 +0800] "GET /xingrg/all/function/internal_message.html?_=1686016615760&CODE_STATE=getMsg HTTP/1.1" 200 27
180.169.147.146 - - [06/Jun/2023:09:56:55 +0800] "GET /xingrg/all/function/internal_message.html?_=1686016615187&CODE_STATE=getMsg HTTP/1.1" 200 27
114.83.220.28 - - [06/Jun/2023:09:56:56 +0800] "GET /xingrg/all/function/internal_message.html?_=1686016613580&CODE_STATE=getMsg HTTP/1.1" 200 27
