180.164.3.199 - - [04/Jun/2023:10:31:39 +0800] "GET /xingrg/all/function/internal_message.html?_=1685845900488&CODE_STATE=getMsg HTTP/1.1" 200 27
120.253.135.82 - - [04/Jun/2023:10:31:40 +0800] "POST /xingrg/kc/base/stock_operate.html HTTP/1.1" 200 2004
180.164.3.199 - - [04/Jun/2023:10:31:40 +0800] "POST /xingrg/kc/buy/cgsh_list_operate.html HTTP/1.1" 200 3188
222.67.234.146 - - [04/Jun/2023:10:31:41 +0800] "POST /xingrg/kc/base/check_list_operate.html HTTP/1.1" 200 5022
218.81.221.158 - - [04/Jun/2023:10:31:41 +0800] "POST /xingrg/login.do HTTP/1.1" 302 -
218.81.221.158 - - [04/Jun/2023:10:31:41 +0800] "GET /xingrg/index.html?sysBaseUrl=http%3A%2F%2F180.169.147.146%3A18081%2Fxingrg%2F&costTime=824×tamp=1685845901831 HTTP/1.1" 200 17179
218.81.221.158 - - [04/Jun/2023:10:31:41 +0800] "GET /xingrg/javascript/jquery_easy_ui/themes/default/easyui.css HTTP/1.1" 304 -
218.81.221.158 - - [04/Jun/2023:10:31:41 +0800] "GET /xingrg/javascript/jquery-1.4.2.min.js HTTP/1.1" 304 -
218.81.221.158 - - [04/Jun/2023:10:31:41 +0800] "GET /xingrg/javascript/jquery_easy_ui/themes/icon.css HTTP/1.1" 304 -
218.81.221.158 - - [04/Jun/2023:10:31:41 +0800] "GET /xingrg/javascript/jquery.form.js HTTP/1.1" 304 -
218.81.221.158 - - [04/Jun/2023:10:31:41 +0800] "GET /xingrg/javascript/jquery_easy_ui/jquery.easyui.min.js HTTP/1.1" 304 -
218.81.221.158 - - [04/Jun/2023:10:31:41 +0800] "GET /xingrg/javascript/jquery.utils.js HTTP/1.1" 304 -
218.81.221.158 - - [04/Jun/2023:10:31:41 +0800] "GET /xingrg/css/form.css HTTP/1.1" 304 -
218.81.221.158 - - [04/Jun/2023:10:31:41 +0800] "GET /xingrg/javascript/jquery_easy_ui/easyui-lang-zh_CN.js HTTP/1.1" 304 -
218.81.221.158 - - [04/Jun/2023:10:31:41 +0800] "GET /xingrg/javascript/jquery.timers.js HTTP/1.1" 304 -
218.81.221.158 - - [04/Jun/2023:10:31:41 +0800] "GET /favicon.ico HTTP/1.1" 404 -
218.81.221.158 - - [04/Jun/2023:10:31:42 +0800] "GET /xingrg/all/function/internal_message.html?_=1685845927959&CODE_STATE=count HTTP/1.1" 200 11
218.81.221.158 - - [04/Jun/2023:10:31:42 +0800] "GET /xingrg/check_reg.html?_=1685845927959 HTTP/1.1" 200 22
218.81.221.158 - - [04/Jun/2023:10:31:42 +0800] "POST /xingrg/all/common/load_tree.html?tree=area_rest_tree_json&manage=1 HTTP/1.1" 200 479
218.81.221.158 - - [04/Jun/2023:10:31:42 +0800] "POST /xingrg/load_menu.html HTTP/1.1" 200 5138
222.67.234.146 - - [04/Jun/2023:10:31:42 +0800] "GET /xingrg/kc/buy/cgsh_order_operate.html?command=get_materiel&rest_code=00141&code=00101008356&supplier_code=00100007&order_time=2023-06-04 HTTP/1.1" 200 408
114.85.113.108 - - [04/Jun/2023:10:31:45 +0800] "GET /xingrg/all/function/internal_message.html?_=1685845904652&CODE_STATE=getMsg HTTP/1.1" 200 27
218.81.221.158 - - [04/Jun/2023:10:31:46 +0800] "GET /xingrg/kc/buy/cgsh_order_list.html HTTP/1.1" 200 55797
218.81.221.158 - - [04/Jun/2023:10:31:46 +0800] "GET /xingrg/css/base.css HTTP/1.1" 304 -
218.81.221.158 - - [04/Jun/2023:10:31:46 +0800] "GET /xingrg/javascript/jquery_tools/datebox.css HTTP/1.1" 304 -
218.81.221.158 - - [04/Jun/2023:10:31:46 +0800] "GET /xingrg/css/site.css HTTP/1.1" 304 -
218.81.221.158 - - [04/Jun/2023:10:31:46 +0800] "GET /xingrg/javascript/easyui/themes/default/easyui.css HTTP/1.1" 304 -
218.81.221.158 - - [04/Jun/2023:10:31:46 +0800] "GET /xingrg/javascript/jquery_tools/jquery.tools.min.js HTTP/1.1" 304 -
218.81.221.158 - - [04/Jun/2023:10:31:46 +0800] "GET /xingrg/javascript/jquery_tools/table.css HTTP/1.1" 304 -
218.81.221.158 - - [04/Jun/2023:10:31:46 +0800] "GET /xingrg/javascript/jquery_tools/jquery.tools.extend.js HTTP/1.1" 304 -
218.81.221.158 - - [04/Jun/2023:10:31:46 +0800] "GET /xingrg/javascript/jquery_tools/jquery.tools.hotkey.js HTTP/1.1" 304 -
218.81.221.158 - - [04/Jun/2023:10:31:46 +0800] "GET /xingrg/javascript/easyui/themes/icon.css HTTP/1.1" 304 -
218.81.221.158 - - [04/Jun/2023:10:31:46 +0800] "GET /xingrg/javascript/jquery_tools/list_manager.js HTTP/1.1" 304 -
218.81.221.158 - - [04/Jun/2023:10:31:46 +0800] "GET /xingrg/javascript/jquery_tools/jquery.tools.table.js HTTP/1.1" 304 -
218.81.221.158 - - [04/Jun/2023:10:31:46 +0800] "GET /xingrg/javascript/jquery_tools/fix.css HTTP/1.1" 304 -
218.81.221.158 - - [04/Jun/2023:10:31:46 +0800] "GET /xingrg/javascript/auto/jquery.autocomplete.js HTTP/1.1" 304 -
218.81.221.158 - - [04/Jun/2023:10:31:46 +0800] "GET /xingrg/javascript/easyui/easyloader.js HTTP/1.1" 304 -
218.81.221.158 - - [04/Jun/2023:10:31:46 +0800] "GET /xingrg/javascript/jquery.cookie.js HTTP/1.1" 304 -
218.81.221.158 - - [04/Jun/2023:10:31:46 +0800] "GET /xingrg/javascript/auto/jquery.autocomplete.css HTTP/1.1" 304 -
218.81.221.158 - - [04/Jun/2023:10:31:46 +0800] "GET /xingrg/javascript/print/LodopFuncs.js HTTP/1.1" 304 -
218.81.221.158 - - [04/Jun/2023:10:31:46 +0800] "GET /xingrg/javascript/easyui/plugins/jquery.parser.js HTTP/1.1" 304 -
101.83.145.52 - - [04/Jun/2023:10:31:46 +0800] "GET /xingrg/all/function/internal_message.html?_=1685845736362&CODE_STATE=getMsg HTTP/1.1" 200 27
218.81.221.158 - - [04/Jun/2023:10:31:50 +0800] "POST /xingrg/kc/buy/cgsh_list_operate.html HTTP/1.1" 200 1867
222.67.234.146 - - [04/Jun/2023:10:31:51 +0800] "GET /xingrg/kc/buy/cgsh_order_operate.html?command=get_materiel&rest_code=00141&code=00101008300&supplier_code=00100007&order_time=2023-06-04 HTTP/1.1" 200 412
218.81.221.158 - - [04/Jun/2023:10:31:52 +0800] "POST /xingrg/kc/buy/cgsh_list_operate.html HTTP/1.1" 200 572
218.81.221.158 - - [04/Jun/2023:10:31:55 +0800] "GET /xingrg/kc/buy/cgsh_order_info.html?code=212023060401269 HTTP/1.1" 200 71582
218.81.221.158 - - [04/Jun/2023:10:31:55 +0800] "GET /xingrg/javascript/pic_change.js HTTP/1.1" 304 -
218.81.221.158 - - [04/Jun/2023:10:31:55 +0800] "GET /xingrg/javascript/jquery_tools/order_manager.js HTTP/1.1" 304 -
218.81.221.158 - - [04/Jun/2023:10:31:55 +0800] "GET /xingrg/javascript/convert.js HTTP/1.1" 304 -
218.81.221.158 - - [04/Jun/2023:10:31:55 +0800] "GET /xingrg/javascript/json2.js HTTP/1.1" 304 -
218.81.221.158 - - [04/Jun/2023:10:31:55 +0800] "GET /xingrg/javascript/print/kc_print.js HTTP/1.1" 304 -
218.81.221.158 - - [04/Jun/2023:10:31:55 +0800] "GET /xingrg/words/20230604100100_words.js HTTP/1.1" 304 -
218.81.221.158 - - [04/Jun/2023:10:31:55 +0800] "GET /xingrg/javascript/easyui/themes/default/validatebox.css HTTP/1.1" 404 1104
218.81.221.158 - - [04/Jun/2023:10:31:55 +0800] "GET /xingrg/javascript/easyui/plugins/jquery.validatebox.js HTTP/1.1" 304 -
218.81.221.158 - - [04/Jun/2023:10:31:55 +0800] "GET /xingrg/javascript/easyui/plugins/jquery.numberbox.js HTTP/1.1" 304 -
218.81.221.158 - - [04/Jun/2023:10:31:55 +0800] "GET /xingrg/all/common/auto_word.html?type=employee&rest_code=00146 HTTP/1.1" 200 101
218.81.221.158 - - [04/Jun/2023:10:31:55 +0800] "GET /xingrg/all/common/auto_word.html?type=employee&rest_code=00146 HTTP/1.1" 200 101
218.81.221.158 - - [04/Jun/2023:10:31:56 +0800] "POST /xingrg/kc/buy/cgsh_order_operate.html HTTP/1.1" 200 11565
180.169.147.146 - - [04/Jun/2023:10:31:58 +0800] "GET /xingrg/all/function/internal_message.html?_=1685845918850&CODE_STATE=getMsg HTTP/1.1" 200 27
172.20.0.100 - - [04/Jun/2023:10:31:58 +0800] "GET /xingrg/all/function/internal_message.html?_=1685845917835&CODE_STATE=getMsg HTTP/1.1" 200 27
124.78.154.168 - - [04/Jun/2023:10:32:00 +0800] "GET /xingrg/kc/buy/cgsh_order_operate.html?command=get_materiel&rest_code=00106&code=00101006133&supplier_code=00100096&order_time=2023-06-04 HTTP/1.1" 200 415
114.83.217.50 - - [04/Jun/2023:10:32:01 +0800] "GET /xingrg/all/function/internal_message.html?_=1685845921988&CODE_STATE=getMsg HTTP/1.1" 200 27
114.83.217.50 - - [04/Jun/2023:10:32:01 +0800] "GET /xingrg/check_reg.html?_=1685845921990 HTTP/1.1" 200 22
116.238.139.35 - - [04/Jun/2023:10:32:02 +0800] "GET /xingrg/all/function/internal_message.html?_=1685845922185&CODE_STATE=getMsg HTTP/1.1" 200 27
222.67.234.146 - - [04/Jun/2023:10:32:05 +0800] "GET /xingrg/kc/buy/cgsh_order_operate.html?command=get_materiel&rest_code=00141&code=00101008036&supplier_code=00100007&order_time=2023-06-04 HTTP/1.1" 200 408
101.85.192.75 - - [04/Jun/2023:10:32:06 +0800] "GET /xingrg/all/function/internal_message.html?_=1685845925467&CODE_STATE=getMsg HTTP/1.1" 302 -
114.83.218.74 - - [04/Jun/2023:10:32:12 +0800] "GET /xingrg/all/function/internal_message.html?_=1685846033768&CODE_STATE=getMsg HTTP/1.1" 200 27
180.169.147.146 - - [04/Jun/2023:10:32:12 +0800] "GET /xingrg/all/function/internal_message.html?_=1685845933138&CODE_STATE=getMsg HTTP/1.1" 200 27
222.67.234.146 - - [04/Jun/2023:10:32:16 +0800] "GET /xingrg/all/function/internal_message.html?_=1685845440751&CODE_STATE=getMsg HTTP/1.1" 200 27
218.81.221.158 - - [04/Jun/2023:10:32:16 +0800] "GET /xingrg/javascript/auto/indicator.gif HTTP/1.1" 404 1066
222.67.234.146 - - [04/Jun/2023:10:32:18 +0800] "POST /xingrg/kc/buy/cgsh_order_operate.html HTTP/1.1" 200 2065
124.79.246.33 - - [04/Jun/2023:10:32:18 +0800] "GET /xingrg/all/function/internal_message.html?_=1685845918724&CODE_STATE=getMsg HTTP/1.1" 200 27
101.229.22.40 - - [04/Jun/2023:10:32:19 +0800] "GET /xingrg/all/function/internal_message.html?_=1685845939489&CODE_STATE=getMsg HTTP/1.1" 200 27
116.232.195.127 - - [04/Jun/2023:10:32:19 +0800] "GET /xingrg/all/function/internal_message.html?_=1685845961800&CODE_STATE=getMsg HTTP/1.1" 200 27
114.83.217.50 - - [04/Jun/2023:10:32:20 +0800] "GET /xingrg/all/function/internal_message.html?_=1685845939992&CODE_STATE=getMsg HTTP/1.1" 200 27
180.169.147.146 - - [04/Jun/2023:10:32:21 +0800] "GET /xingrg/all/function/internal_message.html?_=1685845940848&CODE_STATE=getMsg HTTP/1.1" 200 27
218.81.221.158 - - [04/Jun/2023:10:32:23 +0800] "GET /xingrg/kc/buy/cgsh_order_operate.html?command=get_materiel&rest_code=00146&code=00101008024&supplier_code=00100005&order_time=2023-06-04 HTTP/1.1" 200 408
101.83.145.52 - - [04/Jun/2023:10:32:25 +0800] "GET /xingrg/all/function/internal_message.html?_=1685845946637&CODE_STATE=getMsg HTTP/1.1" 200 27
120.253.135.82 - - [04/Jun/2023:10:32:25 +0800] "POST /xingrg/kc/base/stock_operate.html HTTP/1.1" 200 1773
222.67.234.146 - - [04/Jun/2023:10:32:27 +0800] "GET /xingrg/kc/buy/cgsh_order_operate.html?command=get_materiel&rest_code=00141&code=00101008296&supplier_code=00100007&order_time=2023-06-04 HTTP/1.1" 200 416
180.169.147.146 - - [04/Jun/2023:10:32:29 +0800] "POST /xingrg/all/report/load_report_page.html HTTP/1.1" 200 51535
180.169.147.146 - - [04/Jun/2023:10:32:29 +0800] "GET /xingrg/servlets/image?cache=0.34732146266882546&image=px HTTP/1.1" 200 807
101.85.192.75 - - [04/Jun/2023:10:32:30 +0800] "GET /xingrg/all/function/internal_message.html?_=1685845951522&CODE_STATE=getMsg HTTP/1.1" 200 27
222.67.234.146 - - [04/Jun/2023:10:32:32 +0800] "GET /xingrg/all/function/internal_message.html?_=1685845953146&CODE_STATE=getMsg HTTP/1.1" 200 27
124.78.154.168 - - [04/Jun/2023:10:32:33 +0800] "GET /xingrg/check_reg.html?_=1685845954578 HTTP/1.1" 200 22
124.78.154.168 - - [04/Jun/2023:10:32:33 +0800] "GET /xingrg/all/function/internal_message.html?_=1685845954581&CODE_STATE=getMsg HTTP/1.1" 200 27
120.253.135.82 - - [04/Jun/2023:10:32:34 +0800] "GET /xingrg/check_reg.html?_=1685845789296 HTTP/1.1" 200 22
180.169.147.146 - - [04/Jun/2023:10:32:35 +0800] "POST /xingrg/dwr/call/plaincall/AjaxReportQueryService.refreshCache.dwr HTTP/1.1" 200 78
120.253.135.82 - - [04/Jun/2023:10:32:36 +0800] "POST /xingrg/kc/base/stock_operate.html HTTP/1.1" 200 2469
101.85.192.75 - - [04/Jun/2023:10:32:38 +0800] "GET /xingrg/all/function/internal_message.html?_=1685845992847&CODE_STATE=getMsg HTTP/1.1" 200 27
180.169.147.146 - - [04/Jun/2023:10:32:38 +0800] "POST /xingrg/all/report/load_report_page.html HTTP/1.1" 200 51001
180.169.147.146 - - [04/Jun/2023:10:32:38 +0800] "GET /xingrg/servlets/image?cache=0.631230305222138&image=px HTTP/1.1" 200 807
180.164.3.199 - - [04/Jun/2023:10:32:39 +0800] "GET /xingrg/all/function/internal_message.html?_=1685845960478&CODE_STATE=getMsg HTTP/1.1" 200 27
222.67.234.146 - - [04/Jun/2023:10:32:41 +0800] "GET /xingrg/kc/buy/cgsh_order_operate.html?command=get_materiel&rest_code=00141&code=00101008098&supplier_code=00100007&order_time=2023-06-04 HTTP/1.1" 200 412
218.81.221.158 - - [04/Jun/2023:10:32:42 +0800] "GET /xingrg/all/function/internal_message.html?_=1685845987960&CODE_STATE=getMsg HTTP/1.1" 200 27
114.85.113.108 - - [04/Jun/2023:10:32:45 +0800] "GET /xingrg/all/function/internal_message.html?_=1685845964654&CODE_STATE=getMsg HTTP/1.1" 200 27
101.83.145.52 - - [04/Jun/2023:10:32:46 +0800] "GET /xingrg/check_reg.html?_=1685845796351 HTTP/1.1" 200 22
101.83.145.52 - - [04/Jun/2023:10:32:46 +0800] "GET /xingrg/all/function/internal_message.html?_=1685845796354&CODE_STATE=getMsg HTTP/1.1" 200 27
218.81.221.158 - - [04/Jun/2023:10:32:47 +0800] "GET /xingrg/kc/buy/cgsh_order_operate.html?command=get_materiel&rest_code=00146&code=00101008361&supplier_code=00100005&order_time=2023-06-04 HTTP/1.1" 200 408
180.169.147.146 - - [04/Jun/2023:10:32:48 +0800] "GET /xingrg/all/report/report_query.html?isQuery=1&fileName=kc/buy/wlcg_cate_hz_rest.xml&queryString=(CONVERT(char(10)%2Ca.order_time%2C%20120)%3E%3D'2023-05-01')%20and%20(CONVERT(char(10)%2Ca.order_time%2C%20120)%3C%3D'2023-05-31')%20and%20(a.supplier_code%20in%20('00100096'))%20and%20(a.supplier_code%3D'00100096')%20and%20(a.data_area%3D'00106')&queryText=%E3%80%90%E9%87%87%E8%B4%AD%E6%97%A5%E6%9C%9F%3A2023-05-01%20%E8%87%B3%202023-05-31%E3%80%91%20%E5%B9%B6%E4%B8%94%20%20%E3%80%90%E4%BE%9B%E5%BA%94%E5%95%86%20%3D%20%E7%8E%8B%E5%B3%B0%E3%80%91%20%E5%B9%B6%E4%B8%94%20%E3%80%90%E4%BE%9B%E5%BA%94%E5%95%86%3D%E7%8E%8B%E5%B3%B0%E3%80%91%E5%B9%B6%E4%B8%94%E3%80%90%E9%97%A8%E5%BA%97%E5%90%8D%E7%A7%B0%20%3D%20%E6%99%AE%E9%99%80%E6%A6%95%E6%B8%AF%E3%80%91&rand=0.32010008624545483 HTTP/1.1" 200 54329
180.169.147.146 - - [04/Jun/2023:10:32:48 +0800] "GET /xingrg/all/report/report_query.html?isQuery=1&fileName=kc/buy/wlcg_cate_hz_rest.xml&queryString=(CONVERT(char(10)%2Ca.order_time%2C%20120)%3E%3D'2023-05-01')%20and%20(CONVERT(char(10)%2Ca.order_time%2C%20120)%3C%3D'2023-05-31')%20and%20(a.supplier_code%20in%20('00100096'))%20and%20(a.supplier_code%3D'00100096')%20and%20(a.data_area%3D'00106')&queryText=%E3%80%90%E9%87%87%E8%B4%AD%E6%97%A5%E6%9C%9F%3A2023-05-01%20%E8%87%B3%202023-05-31%E3%80%91%20%E5%B9%B6%E4%B8%94%20%20%E3%80%90%E4%BE%9B%E5%BA%94%E5%95%86%20%3D%20%E7%8E%8B%E5%B3%B0%E3%80%91%20%E5%B9%B6%E4%B8%94%20%E3%80%90%E4%BE%9B%E5%BA%94%E5%95%86%3D%E7%8E%8B%E5%B3%B0%E3%80%91%E5%B9%B6%E4%B8%94%E3%80%90%E9%97%A8%E5%BA%97%E5%90%8D%E7%A7%B0%20%3D%20%E6%99%AE%E9%99%80%E6%A6%95%E6%B8%AF%E3%80%91&rand=0.32010008624545483 HTTP/1.1" 200 54329
180.169.147.146 - - [04/Jun/2023:10:32:48 +0800] "GET /xingrg/dwr/engine.js HTTP/1.1" 200 43631
222.67.234.146 - - [04/Jun/2023:10:32:50 +0800] "GET /xingrg/kc/buy/cgsh_order_operate.html?command=get_materiel&rest_code=00141&code=00101008213&supplier_code=00100007&order_time=2023-06-04 HTTP/1.1" 200 412
180.169.147.146 - - [04/Jun/2023:10:32:51 +0800] "POST /xingrg/all/report/load_report_page.html HTTP/1.1" 200 8709
180.169.147.146 - - [04/Jun/2023:10:32:51 +0800] "GET /xingrg/servlets/image?cache=0.743101195320325&image=px HTTP/1.1" 200 807
180.169.147.146 - - [04/Jun/2023:10:32:55 +0800] "POST /xingrg/all/report/load_report_page.html HTTP/1.1" 200 117047
180.169.147.146 - - [04/Jun/2023:10:32:55 +0800] "GET /xingrg/servlets/image?cache=0.4337328645286209&image=px HTTP/1.1" 200 807
180.169.147.146 - - [04/Jun/2023:10:32:58 +0800] "GET /xingrg/all/function/internal_message.html?_=1685845978839&CODE_STATE=getMsg HTTP/1.1" 200 27
222.67.234.146 - - [04/Jun/2023:10:32:58 +0800] "GET /xingrg/kc/buy/cgsh_order_operate.html?command=get_materiel&rest_code=00141&code=00101008344&supplier_code=00100007&order_time=2023-06-04 HTTP/1.1" 200 412
172.20.0.100 - - [04/Jun/2023:10:32:58 +0800] "GET /xingrg/all/function/internal_message.html?_=1685845977840&CODE_STATE=getMsg HTTP/1.1" 200 27
114.83.217.50 - - [04/Jun/2023:10:33:01 +0800] "GET /xingrg/all/function/internal_message.html?_=1685845981988&CODE_STATE=getMsg HTTP/1.1" 200 27
218.81.221.158 - - [04/Jun/2023:10:33:02 +0800] "GET /xingrg/kc/buy/cgsh_order_operate.html?command=get_materiel&rest_code=00146&code=00101008132&supplier_code=00100005&order_time=2023-06-04 HTTP/1.1" 200 408
116.238.139.35 - - [04/Jun/2023:10:33:02 +0800] "GET /xingrg/check_reg.html?_=1685845982187 HTTP/1.1" 200 22
116.238.139.35 - - [04/Jun/2023:10:33:02 +0800] "GET /xingrg/all/function/internal_message.html?_=1685845982191&CODE_STATE=getMsg HTTP/1.1" 200 27
101.85.192.75 - - [04/Jun/2023:10:33:06 +0800] "GET /xingrg/all/function/internal_message.html?_=1685845985466&CODE_STATE=getMsg HTTP/1.1" 302 -
222.67.234.146 - - [04/Jun/2023:10:33:08 +0800] "GET /xingrg/kc/buy/cgsh_order_operate.html?command=get_materiel&rest_code=00141&code=00101008265&supplier_code=00100007&order_time=2023-06-04 HTTP/1.1" 200 408
114.83.218.74 - - [04/Jun/2023:10:33:12 +0800] "GET /xingrg/all/function/internal_message.html?_=1685846093756&CODE_STATE=getMsg HTTP/1.1" 200 27
180.169.147.146 - - [04/Jun/2023:10:33:12 +0800] "GET /xingrg/all/function/internal_message.html?_=1685845993124&CODE_STATE=getMsg HTTP/1.1" 200 27
124.78.154.168 - - [04/Jun/2023:10:33:15 +0800] "GET /xingrg/kc/buy/cgsh_order_operate.html?command=get_materiel&rest_code=00106&code=00101007061&supplier_code=00100096&order_time=2023-06-04 HTTP/1.1" 200 409
222.67.234.146 - - [04/Jun/2023:10:33:15 +0800] "POST /xingrg/kc/buy/cgsh_order_operate.html HTTP/1.1" 200 2065
222.67.234.146 - - [04/Jun/2023:10:33:16 +0800] "GET /xingrg/all/function/internal_message.html?_=1685845500774&CODE_STATE=getMsg HTTP/1.1" 200 27
124.79.246.33 - - [04/Jun/2023:10:33:18 +0800] "GET /xingrg/check_reg.html?_=1685845978714 HTTP/1.1" 200 22
124.79.246.33 - - [04/Jun/2023:10:33:18 +0800] "GET /xingrg/all/function/internal_message.html?_=1685845978719&CODE_STATE=getMsg HTTP/1.1" 200 27
101.229.22.40 - - [04/Jun/2023:10:33:19 +0800] "GET /xingrg/all/function/internal_message.html?_=1685845999489&CODE_STATE=getMsg HTTP/1.1" 200 27
116.232.195.127 - - [04/Jun/2023:10:33:19 +0800] "GET /xingrg/all/function/internal_message.html?_=1685846021794&CODE_STATE=getMsg HTTP/1.1" 200 27
114.83.217.50 - - [04/Jun/2023:10:33:20 +0800] "GET /xingrg/all/function/internal_message.html?_=1685845999990&CODE_STATE=getMsg HTTP/1.1" 200 27
218.81.221.158 - - [04/Jun/2023:10:33:21 +0800] "GET /xingrg/kc/buy/cgsh_order_operate.html?command=get_materiel&rest_code=00146&code=00101008244&supplier_code=00100005&order_time=2023-06-04 HTTP/1.1" 200 408
180.169.147.146 - - [04/Jun/2023:10:33:21 +0800] "GET /xingrg/all/function/internal_message.html?_=1685846000847&CODE_STATE=getMsg HTTP/1.1" 200 27
180.164.3.199 - - [04/Jun/2023:10:33:23 +0800] "GET /xingrg/kc/base/wldb_order_list.html HTTP/1.1" 200 19108
180.164.3.199 - - [04/Jun/2023:10:33:24 +0800] "POST /xingrg/kc/base/wldb_list_operate.html HTTP/1.1" 200 5043
218.81.221.158 - - [04/Jun/2023:10:33:24 +0800] "POST /xingrg/kc/buy/cgsh_order_operate.html HTTP/1.1" 200 2065
101.83.145.52 - - [04/Jun/2023:10:33:25 +0800] "GET /xingrg/all/function/internal_message.html?_=1685846006605&CODE_STATE=getMsg HTTP/1.1" 200 27
120.253.135.82 - - [04/Jun/2023:10:33:28 +0800] "GET /xingrg/index.html?sysBaseUrl=http%3A%2F%2F180.169.147.146%3A18081%2Fxingrg%2F&costTime=42×tamp=1677553372900 HTTP/1.1" 302 -
120.253.135.82 - - [04/Jun/2023:10:33:28 +0800] "GET /xingrg/login.html HTTP/1.1" 200 7641
120.253.135.82 - - [04/Jun/2023:10:33:28 +0800] "GET /xingrg/images/blue/jxLogo.png HTTP/1.1" 200 6156
120.253.135.82 - - [04/Jun/2023:10:33:28 +0800] "GET /xingrg/images/blue/login_bg.png HTTP/1.1" 200 22101
120.253.135.82 - - [04/Jun/2023:10:33:28 +0800] "GET /xingrg/images/blue/hj.png HTTP/1.1" 200 1014
120.253.135.82 - - [04/Jun/2023:10:33:28 +0800] "GET /xingrg/images/blue/srbg.png HTTP/1.1" 200 138
120.253.135.82 - - [04/Jun/2023:10:33:29 +0800] "GET /favicon.ico HTTP/1.1" 404 -
101.85.192.75 - - [04/Jun/2023:10:33:30 +0800] "GET /xingrg/all/function/internal_message.html?_=1685846011512&CODE_STATE=getMsg HTTP/1.1" 200 27
124.78.154.168 - - [04/Jun/2023:10:33:31 +0800] "GET /favicon.ico HTTP/1.1" 404 -
222.67.234.146 - - [04/Jun/2023:10:33:32 +0800] "GET /xingrg/kc/buy/cgsh_order_operate.html?command=get_materiel&rest_code=00141&code=00101008309&supplier_code=00100007&order_time=2023-06-04 HTTP/1.1" 200 421
222.67.234.146 - - [04/Jun/2023:10:33:32 +0800] "GET /xingrg/all/function/internal_message.html?_=1685846013131&CODE_STATE=getMsg HTTP/1.1" 200 27
124.78.154.168 - - [04/Jun/2023:10:33:33 +0800] "GET /xingrg/all/function/internal_message.html?_=1685846014566&CODE_STATE=getMsg HTTP/1.1" 200 27
218.81.221.158 - - [04/Jun/2023:10:33:33 +0800] "GET /xingrg/kc/buy/cgsh_order_operate.html?command=get_materiel&rest_code=00146&code=00101008290&supplier_code=00100005&order_time=2023-06-04 HTTP/1.1" 200 416
120.253.135.82 - - [04/Jun/2023:10:33:34 +0800] "POST /xingrg/login.do HTTP/1.1" 302 -
120.253.135.82 - - [04/Jun/2023:10:33:34 +0800] "GET /xingrg/index.html?sysBaseUrl=http%3A%2F%2F180.169.147.146%3A18081%2Fxingrg%2F&costTime=936×tamp=1685846014569 HTTP/1.1" 200 17177
120.253.135.82 - - [04/Jun/2023:10:33:34 +0800] "GET /xingrg/javascript/jquery_easy_ui/themes/default/easyui.css HTTP/1.1" 200 26500
120.253.135.82 - - [04/Jun/2023:10:33:34 +0800] "GET /xingrg/javascript/jquery_easy_ui/themes/icon.css HTTP/1.1" 200 3949
120.253.135.82 - - [04/Jun/2023:10:33:34 +0800] "GET /xingrg/css/form.css HTTP/1.1" 200 893
120.253.135.82 - - [04/Jun/2023:10:33:34 +0800] "GET /xingrg/javascript/jquery.form.js HTTP/1.1" 200 23110
120.253.135.82 - - [04/Jun/2023:10:33:34 +0800] "GET /xingrg/javascript/jquery-1.4.2.min.js HTTP/1.1" 200 72205
120.253.135.82 - - [04/Jun/2023:10:33:34 +0800] "GET /xingrg/javascript/jquery_easy_ui/easyui-lang-zh_CN.js HTTP/1.1" 200 1900
120.253.135.82 - - [04/Jun/2023:10:33:34 +0800] "GET /xingrg/javascript/jquery_easy_ui/jquery.easyui.min.js HTTP/1.1" 200 213662
120.253.135.82 - - [04/Jun/2023:10:33:34 +0800] "GET /xingrg/javascript/jquery.utils.js HTTP/1.1" 200 11805
120.253.135.82 - - [04/Jun/2023:10:33:34 +0800] "GET /xingrg/javascript/jquery.timers.js HTTP/1.1" 200 3532
120.253.135.82 - - [04/Jun/2023:10:33:34 +0800] "GET /favicon.ico HTTP/1.1" 404 -
120.253.135.82 - - [04/Jun/2023:10:33:34 +0800] "GET /xingrg/images/blue/navBackgound.jpg HTTP/1.1" 200 12378
120.253.135.82 - - [04/Jun/2023:10:33:34 +0800] "GET /xingrg/javascript/jquery_easy_ui/themes/icons/settle_new.png HTTP/1.1" 200 826
120.253.135.82 - - [04/Jun/2023:10:33:35 +0800] "GET /xingrg/all/function/internal_message.html?_=1685846015071&CODE_STATE=count HTTP/1.1" 200 11
120.253.135.82 - - [04/Jun/2023:10:33:35 +0800] "GET /xingrg/check_reg.html?_=1685846015073 HTTP/1.1" 200 22
120.253.135.82 - - [04/Jun/2023:10:33:35 +0800] "GET /xingrg/images/blue/pingpu.png HTTP/1.1" 200 231
120.253.135.82 - - [04/Jun/2023:10:33:35 +0800] "GET /xingrg/javascript/jquery_easy_ui/themes/default/images/tabs_leftarrow.png HTTP/1.1" 200 389
120.253.135.82 - - [04/Jun/2023:10:33:35 +0800] "POST /xingrg/all/common/load_tree.html?tree=area_rest_tree_json&manage=1 HTTP/1.1" 200 348
120.253.135.82 - - [04/Jun/2023:10:33:35 +0800] "GET /xingrg/javascript/jquery_easy_ui/themes/default/images/tabs_rightarrow.png HTTP/1.1" 200 395
120.253.135.82 - - [04/Jun/2023:10:33:35 +0800] "GET /xingrg/javascript/jquery_easy_ui/themes/default/images/panel_tool_collapse.gif HTTP/1.1" 200 246
120.253.135.82 - - [04/Jun/2023:10:33:35 +0800] "POST /xingrg/load_menu.html HTTP/1.1" 200 5138
120.253.135.82 - - [04/Jun/2023:10:33:35 +0800] "GET /xingrg/javascript/jquery_easy_ui/themes/default/images/tree_arrows.gif HTTP/1.1" 200 1043
120.253.135.82 - - [04/Jun/2023:10:33:35 +0800] "GET /xingrg/javascript/jquery_easy_ui/themes/default/images/tree_folder_open.gif HTTP/1.1" 200 956
120.253.135.82 - - [04/Jun/2023:10:33:35 +0800] "GET /xingrg/javascript/jquery_easy_ui/themes/icons/search_new.png HTTP/1.1" 200 586
120.253.135.82 - - [04/Jun/2023:10:33:35 +0800] "GET /xingrg/javascript/jquery_easy_ui/themes/default/images/tree_folder.gif HTTP/1.1" 200 952
120.253.135.82 - - [04/Jun/2023:10:33:35 +0800] "GET /xingrg/javascript/jquery_easy_ui/themes/icons/storage_new.png HTTP/1.1" 200 853
120.253.135.82 - - [04/Jun/2023:10:33:35 +0800] "GET /xingrg/javascript/jquery_easy_ui/themes/icons/forms_new.png HTTP/1.1" 200 350
120.253.135.82 - - [04/Jun/2023:10:33:35 +0800] "GET /xingrg/javascript/jquery_easy_ui/themes/default/images/tree_file.gif HTTP/1.1" 200 118
120.253.135.82 - - [04/Jun/2023:10:33:36 +0800] "GET /xingrg/kc/buy/buy_main.html HTTP/1.1" 200 12412
120.253.135.82 - - [04/Jun/2023:10:33:36 +0800] "GET /xingrg/javascript/jquery_easy_ui/themes/default/images/tabs_close.gif HTTP/1.1" 200 829
120.253.135.82 - - [04/Jun/2023:10:33:36 +0800] "GET /xingrg/css/blue.css HTTP/1.1" 200 15949
120.253.135.82 - - [04/Jun/2023:10:33:36 +0800] "GET /xingrg/css/new_ie.css HTTP/1.1" 404 1036
120.253.135.82 - - [04/Jun/2023:10:33:36 +0800] "GET /xingrg/javascript/jquery_ui/themes/humanity/humanity.css HTTP/1.1" 200 27801
120.253.135.82 - - [04/Jun/2023:10:33:36 +0800] "GET /xingrg/javascript/pic_change.js HTTP/1.1" 200 4739
120.253.135.82 - - [04/Jun/2023:10:33:36 +0800] "GET /xingrg/javascript/ToolTips.js HTTP/1.1" 200 5615
120.253.135.82 - - [04/Jun/2023:10:33:36 +0800] "GET /xingrg/javascript/myfunction.js HTTP/1.1" 200 24559
120.253.135.82 - - [04/Jun/2023:10:33:36 +0800] "GET /xingrg/javascript/jquery_ui/jquery-ui.min.js HTTP/1.1" 200 186181
120.253.135.82 - - [04/Jun/2023:10:33:36 +0800] "GET /xingrg/images/blue/button/cgxqd.gif HTTP/1.1" 200 2619
120.253.135.82 - - [04/Jun/2023:10:33:36 +0800] "GET /xingrg/images/blue/button/cgydd.gif HTTP/1.1" 200 2712
120.253.135.82 - - [04/Jun/2023:10:33:36 +0800] "GET /xingrg/images/blue/button/cgshd.gif HTTP/1.1" 200 2618
120.253.135.82 - - [04/Jun/2023:10:33:36 +0800] "GET /xingrg/images/blue/button/cgfkd.gif HTTP/1.1" 200 2075
120.253.135.82 - - [04/Jun/2023:10:33:36 +0800] "GET /xingrg/images/blue/button/kc.gif HTTP/1.1" 200 2160
120.253.135.82 - - [04/Jun/2023:10:33:36 +0800] "GET /xingrg/images/blue/button/ckthd.gif HTTP/1.1" 200 2045
120.253.135.82 - - [04/Jun/2023:10:33:36 +0800] "GET /xingrg/images/blue/pic_form2.gif HTTP/1.1" 200 1853
120.253.135.82 - - [04/Jun/2023:10:33:36 +0800] "GET /xingrg/javascript/jquery_ui/themes/humanity/images/ui-bg_inset-soft_100_f4f0ec_1x100.png HTTP/1.1" 200 141
120.253.135.82 - - [04/Jun/2023:10:33:36 +0800] "GET /xingrg/images/blue/bg_dotted.jpg HTTP/1.1" 200 319
120.253.135.82 - - [04/Jun/2023:10:33:36 +0800] "GET /xingrg/images/blue/button/right_ah.jpg HTTP/1.1" 200 1744
120.253.135.82 - - [04/Jun/2023:10:33:36 +0800] "GET /xingrg/images/blue/button/down_ah.jpg HTTP/1.1" 200 1732
120.253.135.82 - - [04/Jun/2023:10:33:36 +0800] "GET /xingrg/javascript/jquery_ui/themes/humanity/images/ui-icons_c47a23_256x240.png HTTP/1.1" 200 5355
120.253.135.82 - - [04/Jun/2023:10:33:36 +0800] "GET /xingrg/javascript/jquery_ui/themes/humanity/images/ui-iconsnew.jpg HTTP/1.1" 200 337
120.253.135.82 - - [04/Jun/2023:10:33:36 +0800] "GET /xingrg/javascript/jquery_ui/themes/humanity/images/ui-icons_ffffff_256x240.png HTTP/1.1" 200 4369
120.253.135.82 - - [04/Jun/2023:10:33:36 +0800] "GET /xingrg/javascript/jquery_ui/themes/humanity/images/ui-bg_glass_70_ede4d4_1x400.png HTTP/1.1" 200 161
120.253.135.82 - - [04/Jun/2023:10:33:37 +0800] "GET /xingrg/kc/mdqp/qp_main.html HTTP/1.1" 200 10633
120.253.135.82 - - [04/Jun/2023:10:33:37 +0800] "GET /xingrg/images/blue/button/qqpsd.gif HTTP/1.1" 200 2548
120.253.135.82 - - [04/Jun/2023:10:33:37 +0800] "GET /xingrg/images/blue/button/pszx.gif HTTP/1.1" 200 2648
120.253.135.82 - - [04/Jun/2023:10:33:37 +0800] "GET /xingrg/images/blue/button/psshd.gif HTTP/1.1" 200 2692
120.253.135.82 - - [04/Jun/2023:10:33:37 +0800] "GET /xingrg/images/yd/bt.gif HTTP/1.1" 404 1040
101.85.192.75 - - [04/Jun/2023:10:33:38 +0800] "GET /xingrg/all/function/internal_message.html?_=1685846052847&CODE_STATE=getMsg HTTP/1.1" 200 27
180.164.3.199 - - [04/Jun/2023:10:33:39 +0800] "GET /xingrg/all/function/internal_message.html?_=1685846020453&CODE_STATE=getMsg HTTP/1.1" 200 27
218.81.221.158 - - [04/Jun/2023:10:33:42 +0800] "GET /xingrg/all/function/internal_message.html?_=1685846047974&CODE_STATE=getMsg HTTP/1.1" 200 27
120.253.135.82 - - [04/Jun/2023:10:33:43 +0800] "GET /xingrg/kc/mdqp/qqps_order_list.html HTTP/1.1" 200 9222
124.78.154.168 - - [04/Jun/2023:10:33:43 +0800] "GET /xingrg/kc/buy/cgsh_order_operate.html?command=get_materiel&rest_code=00106&code=00101007125&supplier_code=00100096&order_time=2023-06-04 HTTP/1.1" 200 406
120.253.135.82 - - [04/Jun/2023:10:33:43 +0800] "GET /xingrg/dwr/interface/AjaxQqpsService.js HTTP/1.1" 200 16326
120.253.135.82 - - [04/Jun/2023:10:33:43 +0800] "GET /xingrg/dwr/interface/AjaxReportQueryService.js HTTP/1.1" 200 13203
120.253.135.82 - - [04/Jun/2023:10:33:43 +0800] "GET /xingrg/dwr/engine.js HTTP/1.1" 200 43631
120.253.135.82 - - [04/Jun/2023:10:33:43 +0800] "GET /xingrg/dwr/util.js HTTP/1.1" 200 35990
120.253.135.82 - - [04/Jun/2023:10:33:43 +0800] "GET /xingrg/javascript/Calendar.js HTTP/1.1" 200 31561
120.253.135.82 - - [04/Jun/2023:10:33:43 +0800] "GET /xingrg/javascript/jquery_easy_ui/themes/icons/edit_add_new.png HTTP/1.1" 200 2997
120.253.135.82 - - [04/Jun/2023:10:33:43 +0800] "GET /xingrg/javascript/jquery_easy_ui/themes/icons/check_new.png HTTP/1.1" 200 3224
120.253.135.82 - - [04/Jun/2023:10:33:43 +0800] "GET /xingrg/javascript/jquery_easy_ui/themes/icons/cance_new.png HTTP/1.1" 200 3986
120.253.135.82 - - [04/Jun/2023:10:33:43 +0800] "GET /xingrg/javascript/jquery_easy_ui/themes/icons/uncheck_new.png HTTP/1.1" 200 3197
114.85.113.108 - - [04/Jun/2023:10:33:45 +0800] "GET /xingrg/all/function/internal_message.html?_=1685846024657&CODE_STATE=getMsg HTTP/1.1" 200 27
114.85.113.108 - - [04/Jun/2023:10:33:45 +0800] "GET /xingrg/check_reg.html?_=1685846024660 HTTP/1.1" 200 22
120.253.135.82 - - [04/Jun/2023:10:33:45 +0800] "GET /xingrg/javascript/jquery_easy_ui/themes/default/images/button_plain_hover.png HTTP/1.1" 200 252
101.83.145.52 - - [04/Jun/2023:10:33:46 +0800] "GET /xingrg/all/function/internal_message.html?_=1685845856387&CODE_STATE=getMsg HTTP/1.1" 200 27
120.253.135.82 - - [04/Jun/2023:10:33:47 +0800] "GET /xingrg/kc/mdqp/qqps_order_add.html HTTP/1.1" 200 26251
120.253.135.82 - - [04/Jun/2023:10:33:47 +0800] "GET /xingrg/javascript/auto/jquery.autocomplete.css HTTP/1.1" 200 587
120.253.135.82 - - [04/Jun/2023:10:33:47 +0800] "GET /xingrg/javascript/auto/jquery.autocomplete.js HTTP/1.1" 200 21624
120.253.135.82 - - [04/Jun/2023:10:33:47 +0800] "GET /xingrg/javascript/tools/jquery.qtip-1.0.0-rc3.min.js HTTP/1.1" 200 38404
120.253.135.82 - - [04/Jun/2023:10:33:47 +0800] "GET /xingrg/dwr/interface/AjaxComOrderService.js HTTP/1.1" 200 18264
120.253.135.82 - - [04/Jun/2023:10:33:47 +0800] "GET /xingrg/dwr/interface/AjaxQqpsService.js HTTP/1.1" 200 16326
120.253.135.82 - - [04/Jun/2023:10:33:47 +0800] "GET /xingrg/dwr/engine.js HTTP/1.1" 200 43631
120.253.135.82 - - [04/Jun/2023:10:33:47 +0800] "GET /xingrg/javascript/AjaxInfoList.js HTTP/1.1" 200 3774
120.253.135.82 - - [04/Jun/2023:10:33:47 +0800] "GET /xingrg/javascript/Grid.js HTTP/1.1" 200 58908
120.253.135.82 - - [04/Jun/2023:10:33:47 +0800] "GET /xingrg/javascript/print/kc_print.js HTTP/1.1" 200 11415
120.253.135.82 - - [04/Jun/2023:10:33:47 +0800] "GET /xingrg/javascript/print/LodopFuncs.js HTTP/1.1" 200 5121
120.253.135.82 - - [04/Jun/2023:10:33:47 +0800] "GET /xingrg/words/20230604100100_words.js HTTP/1.1" 200 967009
120.253.135.82 - - [04/Jun/2023:10:33:48 +0800] "GET /xingrg/javascript/jquery_easy_ui/themes/icons/ok.png HTTP/1.1" 200 883
120.253.135.82 - - [04/Jun/2023:10:33:48 +0800] "GET /xingrg/javascript/jquery_easy_ui/themes/icons/template_new.png HTTP/1.1" 200 3956
120.253.135.82 - - [04/Jun/2023:10:33:48 +0800] "GET /xingrg/javascript/jquery_easy_ui/themes/icons/print.png HTTP/1.1" 200 1057
120.253.135.82 - - [04/Jun/2023:10:33:48 +0800] "GET /xingrg/javascript/jquery_easy_ui/themes/icons/copy_new.png HTTP/1.1" 200 815
120.253.135.82 - - [04/Jun/2023:10:33:48 +0800] "GET /xingrg/javascript/jquery_easy_ui/themes/default/images/menu_downarrow.png HTTP/1.1" 200 173
120.253.135.82 - - [04/Jun/2023:10:33:48 +0800] "GET /xingrg/javascript/jquery_easy_ui/themes/icons/back_new.png HTTP/1.1" 200 3414
120.253.135.82 - - [04/Jun/2023:10:33:49 +0800] "GET /xingrg/images/blue/button/kc_tab_add.gif HTTP/1.1" 200 375
120.253.135.82 - - [04/Jun/2023:10:33:49 +0800] "GET /xingrg/images/blue/button/kc_tab_save.gif HTTP/1.1" 200 777
120.253.135.82 - - [04/Jun/2023:10:33:49 +0800] "GET /xingrg/images/blue/button/kc_tab_edit.gif HTTP/1.1" 200 551
120.253.135.82 - - [04/Jun/2023:10:33:49 +0800] "GET /xingrg/images/blue/button/kc_tab_del.gif HTTP/1.1" 200 383
120.253.135.82 - - [04/Jun/2023:10:33:49 +0800] "GET /xingrg/images/blue/kc_tab_left.gif HTTP/1.1" 200 188
120.253.135.82 - - [04/Jun/2023:10:33:49 +0800] "GET /xingrg/javascript/jquery_easy_ui/themes/default/images/combo_arrow_dot.gif HTTP/1.1" 200 79
120.253.135.82 - - [04/Jun/2023:10:33:49 +0800] "GET /xingrg/images/blue/kc_tab_mid.gif HTTP/1.1" 200 44
120.253.135.82 - - [04/Jun/2023:10:33:49 +0800] "GET /xingrg/images/blue/kc_tab_right.gif HTTP/1.1" 200 643
120.253.135.82 - - [04/Jun/2023:10:33:49 +0800] "GET /xingrg/images/blue/kc_tab2_left.gif HTTP/1.1" 200 625
120.253.135.82 - - [04/Jun/2023:10:33:49 +0800] "GET /xingrg/images/blue/kc_tab2_right.gif HTTP/1.1" 200 192
218.81.221.158 - - [04/Jun/2023:10:33:57 +0800] "GET /xingrg/kc/buy/cgsh_order_operate.html?command=get_materiel&rest_code=00146&code=00101008185&supplier_code=00100005&order_time=2023-06-04 HTTP/1.1" 200 408
180.169.147.146 - - [04/Jun/2023:10:33:58 +0800] "GET /xingrg/all/function/internal_message.html?_=1685846038864&CODE_STATE=getMsg HTTP/1.1" 200 27
172.20.0.100 - - [04/Jun/2023:10:33:58 +0800] "GET /xingrg/all/function/internal_message.html?_=1685846037843&CODE_STATE=getMsg HTTP/1.1" 200 27
120.253.135.82 - - [04/Jun/2023:10:33:58 +0800] "GET /xingrg/javascript/auto/indicator.gif HTTP/1.1" 404 1066
222.67.234.146 - - [04/Jun/2023:10:33:59 +0800] "GET /xingrg/kc/buy/cgsh_order_operate.html?command=get_materiel&rest_code=00141&code=00101008261&supplier_code=00100007&order_time=2023-06-04 HTTP/1.1" 200 408
114.83.217.50 - - [04/Jun/2023:10:34:01 +0800] "GET /xingrg/all/function/internal_message.html?_=1685846041989&CODE_STATE=getMsg HTTP/1.1" 200 27
124.78.154.168 - - [04/Jun/2023:10:34:02 +0800] "GET /xingrg/kc/buy/cgsh_order_operate.html?command=get_materiel&rest_code=00106&code=00101007081&supplier_code=00100096&order_time=2023-06-04 HTTP/1.1" 200 415
116.238.139.35 - - [04/Jun/2023:10:34:02 +0800] "GET /xingrg/all/function/internal_message.html?_=1685846042193&CODE_STATE=getMsg HTTP/1.1" 200 27
120.253.135.82 - - [04/Jun/2023:10:34:03 +0800] "GET /xingrg/images/blue/wait.gif HTTP/1.1" 200 1100
120.253.135.82 - - [04/Jun/2023:10:34:04 +0800] "POST /xingrg/dwr/call/plaincall/AjaxQqpsService.saveOrder.dwr HTTP/1.1" 200 78
101.85.192.75 - - [04/Jun/2023:10:34:06 +0800] "GET /xingrg/all/function/internal_message.html?_=1685846045465&CODE_STATE=getMsg HTTP/1.1" 302 -
120.253.135.82 - - [04/Jun/2023:10:34:07 +0800] "POST /xingrg/dwr/call/plaincall/AjaxQqpsService.getMaterielByCode.dwr HTTP/1.1" 200 1625
120.253.135.82 - - [04/Jun/2023:10:34:09 +0800] "POST /xingrg/dwr/call/plaincall/AjaxQqpsService.saveMaterielItem.dwr HTTP/1.1" 200 78
114.83.218.74 - - [04/Jun/2023:10:34:12 +0800] "GET /xingrg/all/function/internal_message.html?_=1685846153769&CODE_STATE=getMsg HTTP/1.1" 200 27
114.83.218.74 - - [04/Jun/2023:10:34:12 +0800] "GET /xingrg/check_reg.html?_=1685846153772 HTTP/1.1" 200 22
218.81.70.13 - - [04/Jun/2023:10:34:12 +0800] "GET /xingrg/check_reg.html?_=1685846052022 HTTP/1.1" 200 22
180.169.147.146 - - [04/Jun/2023:10:34:12 +0800] "GET /xingrg/all/function/internal_message.html?_=1685846053134&CODE_STATE=getMsg HTTP/1.1" 200 27
120.253.135.82 - - [04/Jun/2023:10:34:14 +0800] "POST /xingrg/dwr/call/plaincall/AjaxQqpsService.getMaterielByCode.dwr HTTP/1.1" 200 1580
222.67.234.146 - - [04/Jun/2023:10:34:16 +0800] "GET /xingrg/all/function/internal_message.html?_=1685845560750&CODE_STATE=getMsg HTTP/1.1" 200 27
222.67.234.146 - - [04/Jun/2023:10:34:16 +0800] "GET /xingrg/system/info/materiel_import.html?isSelect=1&singleSelect=false HTTP/1.1" 200 5600
222.67.234.146 - - [04/Jun/2023:10:34:17 +0800] "POST /xingrg/all/common/load_tree.html?tree=materiel_sort_tree_json HTTP/1.1" 200 9500
124.79.246.33 - - [04/Jun/2023:10:34:18 +0800] "GET /xingrg/all/function/internal_message.html?_=1685846038695&CODE_STATE=getMsg HTTP/1.1" 200 27
222.67.234.146 - - [04/Jun/2023:10:34:19 +0800] "GET /xingrg/system/info/materiel_import.html?isSelect=1&singleSelect=false HTTP/1.1" 200 5600
101.229.22.40 - - [04/Jun/2023:10:34:19 +0800] "GET /xingrg/all/function/internal_message.html?_=1685846059476&CODE_STATE=getMsg HTTP/1.1" 200 27
101.229.22.40 - - [04/Jun/2023:10:34:19 +0800] "GET /xingrg/check_reg.html?_=1685846059479 HTTP/1.1" 200 22
218.81.221.158 - - [04/Jun/2023:10:34:19 +0800] "GET /xingrg/kc/buy/cgsh_order_operate.html?command=get_materiel&rest_code=00146&code=00101008010&supplier_code=00100005&order_time=2023-06-04 HTTP/1.1" 200 412
116.232.195.127 - - [04/Jun/2023:10:34:19 +0800] "GET /xingrg/all/function/internal_message.html?_=1685846081807&CODE_STATE=getMsg HTTP/1.1" 200 27
222.67.234.146 - - [04/Jun/2023:10:34:19 +0800] "POST /xingrg/all/common/load_tree.html?tree=materiel_sort_tree_json HTTP/1.1" 200 9500
114.83.217.50 - - [04/Jun/2023:10:34:20 +0800] "GET /xingrg/all/function/internal_message.html?_=1685846059999&CODE_STATE=getMsg HTTP/1.1" 200 27
120.253.135.82 - - [04/Jun/2023:10:34:20 +0800] "POST /xingrg/dwr/call/plaincall/AjaxQqpsService.saveMaterielItem.dwr HTTP/1.1" 200 78
180.169.147.146 - - [04/Jun/2023:10:34:21 +0800] "GET /xingrg/all/function/internal_message.html?_=1685846060841&CODE_STATE=getMsg HTTP/1.1" 200 27
101.83.145.52 - - [04/Jun/2023:10:34:25 +0800] "GET /xingrg/all/function/internal_message.html?_=1685846066587&CODE_STATE=getMsg HTTP/1.1" 200 27
101.85.192.75 - - [04/Jun/2023:10:34:30 +0800] "GET /xingrg/all/function/internal_message.html?_=1685846071486&CODE_STATE=getMsg HTTP/1.1" 200 27
124.78.154.168 - - [04/Jun/2023:10:34:30 +0800] "GET /xingrg/kc/buy/cgsh_order_operate.html?command=get_materiel&rest_code=00106&code=00101007027&supplier_code=00100096&order_time=2023-06-04 HTTP/1.1" 200 421
101.85.192.75 - - [04/Jun/2023:10:34:30 +0800] "GET /xingrg/check_reg.html?_=1685846071861 HTTP/1.1" 200 22
218.81.221.158 - - [04/Jun/2023:10:34:31 +0800] "GET /xingrg/kc/buy/cgsh_order_operate.html?command=get_materiel&rest_code=00146&code=00101008096&supplier_code=00100005&order_time=2023-06-04 HTTP/1.1" 200 413
120.253.135.82 - - [04/Jun/2023:10:34:31 +0800] "POST /xingrg/dwr/call/plaincall/AjaxQqpsService.getMaterielByCode.dwr HTTP/1.1" 200 1609
222.67.234.146 - - [04/Jun/2023:10:34:32 +0800] "GET /xingrg/all/function/internal_message.html?_=1685846073129&CODE_STATE=getMsg HTTP/1.1" 200 27
124.78.154.168 - - [04/Jun/2023:10:34:33 +0800] "GET /xingrg/all/function/internal_message.html?_=1685846074555&CODE_STATE=getMsg HTTP/1.1" 200 27
180.164.3.199 - - [04/Jun/2023:10:34:34 +0800] "POST /xingrg/kc/base/wldb_list_operate.html HTTP/1.1" 200 4
120.253.135.82 - - [04/Jun/2023:10:34:35 +0800] "GET /xingrg/all/function/internal_message.html?_=1685846075098&CODE_STATE=getMsg HTTP/1.1" 200 27
180.164.3.199 - - [04/Jun/2023:10:34:36 +0800] "POST /xingrg/kc/base/wldb_list_operate.html HTTP/1.1" 200 928
114.83.217.50 - - [04/Jun/2023:10:34:38 +0800] "GET /xingrg/kc/base/check_order_list.html HTTP/1.1" 200 16484
101.85.192.75 - - [04/Jun/2023:10:34:38 +0800] "GET /xingrg/all/function/internal_message.html?_=1685846112846&CODE_STATE=getMsg HTTP/1.1" 200 27
114.83.217.50 - - [04/Jun/2023:10:34:38 +0800] "POST /xingrg/kc/base/check_list_operate.html HTTP/1.1" 200 781
120.253.135.82 - - [04/Jun/2023:10:34:39 +0800] "POST /xingrg/dwr/call/plaincall/AjaxQqpsService.saveMaterielItem.dwr HTTP/1.1" 200 78
180.164.3.199 - - [04/Jun/2023:10:34:39 +0800] "GET /xingrg/all/function/internal_message.html?_=1685846080437&CODE_STATE=getMsg HTTP/1.1" 200 27
180.164.3.199 - - [04/Jun/2023:10:34:40 +0800] "GET /xingrg/check_reg.html?_=1685846081175 HTTP/1.1" 200 22
114.83.217.50 - - [04/Jun/2023:10:34:40 +0800] "POST /xingrg/kc/base/check_list_operate.html HTTP/1.1" 200 5514
218.81.221.158 - - [04/Jun/2023:10:34:42 +0800] "GET /xingrg/all/function/internal_message.html?_=1685846107988&CODE_STATE=getMsg HTTP/1.1" 200 27
218.81.221.158 - - [04/Jun/2023:10:34:43 +0800] "GET /xingrg/kc/buy/cgsh_order_operate.html?command=get_materiel&rest_code=00146&code=00101008038&supplier_code=00100005&order_time=2023-06-04 HTTP/1.1" 200 412
114.85.113.108 - - [04/Jun/2023:10:34:45 +0800] "GET /xingrg/all/function/internal_message.html?_=1685846084658&CODE_STATE=getMsg HTTP/1.1" 200 27
120.253.135.82 - - [04/Jun/2023:10:34:45 +0800] "POST /xingrg/dwr/call/plaincall/AjaxQqpsService.getMaterielByCode.dwr HTTP/1.1" 200 1583
222.67.234.146 - - [04/Jun/2023:10:34:46 +0800] "POST /xingrg/kc/buy/cgsh_order_operate.html HTTP/1.1" 200 2065
101.83.145.52 - - [04/Jun/2023:10:34:46 +0800] "GET /xingrg/all/function/internal_message.html?_=1685845916375&CODE_STATE=getMsg HTTP/1.1" 200 27
120.253.135.82 - - [04/Jun/2023:10:34:50 +0800] "POST /xingrg/dwr/call/plaincall/AjaxQqpsService.saveMaterielItem.dwr HTTP/1.1" 200 78
218.81.221.158 - - [04/Jun/2023:10:34:51 +0800] "POST /xingrg/kc/buy/cgsh_order_operate.html HTTP/1.1" 200 2065
180.169.147.146 - - [04/Jun/2023:10:34:58 +0800] "GET /xingrg/all/function/internal_message.html?_=1685846098842&CODE_STATE=getMsg HTTP/1.1" 200 27
172.20.0.100 - - [04/Jun/2023:10:34:58 +0800] "GET /xingrg/all/function/internal_message.html?_=1685846097866&CODE_STATE=getMsg HTTP/1.1" 200 27
114.83.217.50 - - [04/Jun/2023:10:35:01 +0800] "GET /xingrg/all/function/internal_message.html?_=1685846101996&CODE_STATE=getMsg HTTP/1.1" 200 27
116.238.139.35 - - [04/Jun/2023:10:35:02 +0800] "GET /xingrg/all/function/internal_message.html?_=1685846102198&CODE_STATE=getMsg HTTP/1.1" 200 27
101.85.192.75 - - [04/Jun/2023:10:35:06 +0800] "GET /xingrg/all/function/internal_message.html?_=1685846105463&CODE_STATE=getMsg HTTP/1.1" 302 -
120.253.135.82 - - [04/Jun/2023:10:35:09 +0800] "POST /xingrg/dwr/call/plaincall/AjaxQqpsService.checkOrder.dwr HTTP/1.1" 200 78
120.253.135.82 - - [04/Jun/2023:10:35:11 +0800] "GET /xingrg/kc/mdqp/qqps_order_info.html?code=302023060400068 HTTP/1.1" 200 24653
120.253.135.82 - - [04/Jun/2023:10:35:11 +0800] "GET /xingrg/dwr/interface/AjaxComOrderService.js HTTP/1.1" 200 18264
120.253.135.82 - - [04/Jun/2023:10:35:11 +0800] "GET /xingrg/dwr/interface/AjaxQqpsService.js HTTP/1.1" 200 16326
120.253.135.82 - - [04/Jun/2023:10:35:11 +0800] "GET /xingrg/dwr/engine.js HTTP/1.1" 200 43631
114.83.218.74 - - [04/Jun/2023:10:35:12 +0800] "GET /xingrg/all/function/internal_message.html?_=1685846213765&CODE_STATE=getMsg HTTP/1.1" 200 27
180.169.147.146 - - [04/Jun/2023:10:35:12 +0800] "GET /xingrg/all/function/internal_message.html?_=1685846113118&CODE_STATE=getMsg HTTP/1.1" 200 27
120.253.135.82 - - [04/Jun/2023:10:35:12 +0800] "POST /xingrg/dwr/call/plaincall/AjaxQqpsService.loadMaterielItems.dwr HTTP/1.1" 200 1300
222.67.234.146 - - [04/Jun/2023:10:35:16 +0800] "GET /xingrg/all/function/internal_message.html?_=1685845620827&CODE_STATE=getMsg HTTP/1.1" 200 27
222.67.234.146 - - [04/Jun/2023:10:35:17 +0800] "GET /xingrg/kc/buy/cgsh_order_operate.html?command=get_materiel&rest_code=00141&code=00101009118&supplier_code=00100007&order_time=2023-06-04 HTTP/1.1" 200 424
124.79.246.33 - - [04/Jun/2023:10:35:18 +0800] "GET /xingrg/all/function/internal_message.html?_=1685846098714&CODE_STATE=getMsg HTTP/1.1" 200 27
101.229.22.40 - - [04/Jun/2023:10:35:19 +0800] "GET /xingrg/all/function/internal_message.html?_=1685846119479&CODE_STATE=getMsg HTTP/1.1" 200 27
116.232.195.127 - - [04/Jun/2023:10:35:19 +0800] "GET /xingrg/all/function/internal_message.html?_=1685846141795&CODE_STATE=getMsg HTTP/1.1" 200 27
114.83.217.50 - - [04/Jun/2023:10:35:20 +0800] "GET /xingrg/all/function/internal_message.html?_=1685846119997&CODE_STATE=getMsg HTTP/1.1" 200 27
180.169.147.146 - - [04/Jun/2023:10:35:21 +0800] "GET /xingrg/all/function/internal_message.html?_=1685846120855&CODE_STATE=getMsg HTTP/1.1" 200 27
218.81.221.158 - - [04/Jun/2023:10:35:23 +0800] "GET /xingrg/kc/buy/cgsh_order_operate.html?command=get_materiel&rest_code=00146&code=00101008355&supplier_code=00100005&order_time=2023-06-04 HTTP/1.1" 200 408
124.78.154.168 - - [04/Jun/2023:10:35:23 +0800] "GET /xingrg/javascript/jquery_easy_ui/themes/icons/rest.png HTTP/1.1" 304 -
124.78.154.168 - - [04/Jun/2023:10:35:23 +0800] "GET /xingrg/javascript/jquery_easy_ui/themes/icons/area.png HTTP/1.1" 304 -
101.83.145.52 - - [04/Jun/2023:10:35:25 +0800] "GET /xingrg/all/function/internal_message.html?_=1685846126563&CODE_STATE=getMsg HTTP/1.1" 200 27
101.83.145.52 - - [04/Jun/2023:10:35:27 +0800] "GET /xingrg/check_reg.html?_=1685846128736 HTTP/1.1" 200 22
101.85.192.75 - - [04/Jun/2023:10:35:30 +0800] "GET /xingrg/all/function/internal_message.html?_=1685846131474&CODE_STATE=getMsg HTTP/1.1" 200 27
124.78.154.168 - - [04/Jun/2023:10:35:32 +0800] "POST /xingrg/kc/buy/cgsh_order_operate.html HTTP/1.1" 200 37
222.67.234.146 - - [04/Jun/2023:10:35:32 +0800] "GET /xingrg/all/function/internal_message.html?_=1685846133143&CODE_STATE=getMsg HTTP/1.1" 200 27
124.78.154.168 - - [04/Jun/2023:10:35:34 +0800] "GET /xingrg/all/function/internal_message.html?_=1685846134837&CODE_STATE=getMsg HTTP/1.1" 200 27
124.78.154.168 - - [04/Jun/2023:10:35:35 +0800] "POST /xingrg/kc/buy/cgsh_order_operate.html HTTP/1.1" 200 12761
222.67.234.146 - - [04/Jun/2023:10:35:36 +0800] "GET /xingrg/system/info/materiel_import.html?isSelect=1&singleSelect=false HTTP/1.1" 200 5600
222.67.234.146 - - [04/Jun/2023:10:35:36 +0800] "GET /favicon.ico HTTP/1.1" 404 -
222.67.234.146 - - [04/Jun/2023:10:35:36 +0800] "POST /xingrg/all/common/load_tree.html?tree=materiel_sort_tree_json HTTP/1.1" 200 9500
101.85.192.75 - - [04/Jun/2023:10:35:38 +0800] "GET /xingrg/all/function/internal_message.html?_=1685846172846&CODE_STATE=getMsg HTTP/1.1" 200 27
180.164.3.199 - - [04/Jun/2023:10:35:39 +0800] "GET /xingrg/all/function/internal_message.html?_=1685846140411&CODE_STATE=getMsg HTTP/1.1" 200 27
222.67.234.146 - - [04/Jun/2023:10:35:39 +0800] "GET /xingrg/system/info/materiel_import.html?isSelect=1&singleSelect=false HTTP/1.1" 200 5600
222.67.234.146 - - [04/Jun/2023:10:35:40 +0800] "GET /favicon.ico HTTP/1.1" 404 -
222.67.234.146 - - [04/Jun/2023:10:35:40 +0800] "POST /xingrg/all/common/load_tree.html?tree=materiel_sort_tree_json HTTP/1.1" 200 9500
218.81.221.158 - - [04/Jun/2023:10:35:42 +0800] "GET /xingrg/all/function/internal_message.html?_=1685846168001&CODE_STATE=getMsg HTTP/1.1" 200 27
218.81.221.158 - - [04/Jun/2023:10:35:42 +0800] "GET /xingrg/kc/buy/cgsh_order_operate.html?command=get_materiel&rest_code=00146&code=00101008004&supplier_code=00100005&order_time=2023-06-04 HTTP/1.1" 200 416
27.115.124.118 - - [04/Jun/2023:10:35:43 +0800] "GET /xingrg/system/info/materiel_import.html HTTP/1.1" 302 -
27.115.124.101 - - [04/Jun/2023:10:35:43 +0800] "GET /xingrg/system/info/materiel_import.html HTTP/1.1" 302 -
27.115.124.101 - - [04/Jun/2023:10:35:43 +0800] "GET /xingrg/login.html HTTP/1.1" 200 2139
27.115.124.101 - - [04/Jun/2023:10:35:43 +0800] "GET /xingrg/javascript/mobile/jquery.mobile-1.3.2.min.css HTTP/1.1" 200 94670
27.115.124.118 - - [04/Jun/2023:10:35:43 +0800] "GET /xingrg/javascript/mobile/jquery.mobile-1.3.2.min.js HTTP/1.1" 200 145396
27.115.124.101 - - [04/Jun/2023:10:35:43 +0800] "GET /xingrg/javascript/mobile/jquery-1.8.3.min.js HTTP/1.1" 200 93637
27.115.124.118 - - [04/Jun/2023:10:35:43 +0800] "GET /xingrg/javascript/mobile/images/ajax-loader.gif HTTP/1.1" 200 7825
124.78.154.168 - - [04/Jun/2023:10:35:44 +0800] "GET /xingrg/kc/buy/cgsh_order_add.html HTTP/1.1" 200 71567
124.78.154.168 - - [04/Jun/2023:10:35:44 +0800] "GET /xingrg/words/20230604100100_words.js HTTP/1.1" 304 -
124.78.154.168 - - [04/Jun/2023:10:35:44 +0800] "POST /xingrg/kc/buy/cgsh_order_operate.html HTTP/1.1" 200 8245
124.78.154.168 - - [04/Jun/2023:10:35:44 +0800] "GET /xingrg/javascript/easyui/themes/default/validatebox.css HTTP/1.1" 404 1104
114.85.113.108 - - [04/Jun/2023:10:35:45 +0800] "GET /xingrg/all/function/internal_message.html?_=1685846144659&CODE_STATE=getMsg HTTP/1.1" 200 27
124.78.154.168 - - [04/Jun/2023:10:35:45 +0800] "GET /xingrg/javascript/easyui/themes/default/tree.css HTTP/1.1" 404 1090
124.78.154.168 - - [04/Jun/2023:10:35:46 +0800] "POST /xingrg/all/common/load_tree.html?tree=supplier_tree_json&isDelete=1 HTTP/1.1" 200 74436
101.83.145.52 - - [04/Jun/2023:10:35:46 +0800] "GET /xingrg/all/function/internal_message.html?_=1685845976384&CODE_STATE=getMsg HTTP/1.1" 200 27
222.67.234.146 - - [04/Jun/2023:10:35:50 +0800] "GET /xingrg/kc/buy/cgsh_order_operate.html?command=get_materiel&rest_code=00141&code=00101009030&supplier_code=00100007&order_time=2023-06-04 HTTP/1.1" 200 412
180.169.147.146 - - [04/Jun/2023:10:35:58 +0800] "GET /xingrg/check_reg.html?_=1685846158849 HTTP/1.1" 200 22
180.169.147.146 - - [04/Jun/2023:10:35:58 +0800] "GET /xingrg/all/function/internal_message.html?_=1685846158855&CODE_STATE=getMsg HTTP/1.1" 200 27
172.20.0.100 - - [04/Jun/2023:10:35:58 +0800] "GET /xingrg/check_reg.html?_=1685846157837 HTTP/1.1" 200 22
172.20.0.100 - - [04/Jun/2023:10:35:58 +0800] "GET /xingrg/all/function/internal_message.html?_=1685846157838&CODE_STATE=getMsg HTTP/1.1" 200 27
114.83.217.50 - - [04/Jun/2023:10:36:01 +0800] "GET /xingrg/all/function/internal_message.html?_=1685846161992&CODE_STATE=getMsg HTTP/1.1" 200 27
