101.85.192.75 - - [04/Jun/2023:05:54:27 +0800] "GET /xingrg/all/function/internal_message.html?_=1685829300193&CODE_STATE=getMsg HTTP/1.1" 200 27
120.253.135.82 - - [04/Jun/2023:05:54:28 +0800] "GET /xingrg/kc/pszx/mdps_order_info.html?code=312023060400083 HTTP/1.1" 200 23978
120.253.135.82 - - [04/Jun/2023:05:54:29 +0800] "GET /xingrg/javascript/easyui/themes/default/validatebox.css HTTP/1.1" 404 1104
120.253.135.82 - - [04/Jun/2023:05:54:29 +0800] "GET /xingrg/all/function/internal_message.html?_=1685829104677&CODE_STATE=getMsg HTTP/1.1" 200 27
120.253.135.82 - - [04/Jun/2023:05:54:30 +0800] "POST /xingrg/kc/pszx/mdps_order_operate.html HTTP/1.1" 200 10917
180.169.147.146 - - [04/Jun/2023:05:54:40 +0800] "GET /xingrg/all/function/internal_message.html?_=1685829279582&CODE_STATE=getMsg HTTP/1.1" 302 -
114.85.113.108 - - [04/Jun/2023:05:54:44 +0800] "GET /xingrg/all/function/internal_message.html?_=1685829284243&CODE_STATE=getMsg HTTP/1.1" 200 27
116.238.139.35 - - [04/Jun/2023:05:54:54 +0800] "GET /xingrg/all/function/internal_message.html?_=1685829293847&CODE_STATE=getMsg HTTP/1.1" 200 27
101.85.192.75 - - [04/Jun/2023:05:55:06 +0800] "GET /xingrg/all/function/internal_message.html?_=1685829305047&CODE_STATE=getMsg HTTP/1.1" 200 27
120.253.135.82 - - [04/Jun/2023:05:55:13 +0800] "POST /xingrg/kc/pszx/mdps_order_operate.html HTTP/1.1" 200 37
120.253.135.82 - - [04/Jun/2023:05:55:14 +0800] "GET /xingrg/kc/pszx/mdps_order_info.html?code=312023060400083 HTTP/1.1" 200 23978
120.253.135.82 - - [04/Jun/2023:05:55:15 +0800] "GET /xingrg/javascript/easyui/themes/default/validatebox.css HTTP/1.1" 404 1104
120.253.135.82 - - [04/Jun/2023:05:55:15 +0800] "POST /xingrg/kc/pszx/mdps_order_operate.html HTTP/1.1" 200 10917
116.232.195.127 - - [04/Jun/2023:05:55:19 +0800] "GET /xingrg/all/function/internal_message.html?_=1685829341614&CODE_STATE=getMsg HTTP/1.1" 200 27
218.81.220.44 - - [04/Jun/2023:05:55:23 +0800] "GET /xingrg/all/function/internal_message.html?_=1685829348914&CODE_STATE=getMsg HTTP/1.1" 200 27
101.85.192.75 - - [04/Jun/2023:05:55:27 +0800] "GET /xingrg/all/function/internal_message.html?_=1685829360176&CODE_STATE=getMsg HTTP/1.1" 200 27
120.253.135.82 - - [04/Jun/2023:05:55:27 +0800] "POST /xingrg/kc/pszx/mdps_order_operate.html HTTP/1.1" 200 37
120.253.135.82 - - [04/Jun/2023:05:55:28 +0800] "GET /xingrg/kc/pszx/mdps_order_info.html?code=312023060400083 HTTP/1.1" 200 23978
120.253.135.82 - - [04/Jun/2023:05:55:29 +0800] "GET /xingrg/javascript/easyui/themes/default/validatebox.css HTTP/1.1" 404 1104
120.253.135.82 - - [04/Jun/2023:05:55:29 +0800] "GET /xingrg/all/function/internal_message.html?_=1685829164691&CODE_STATE=getMsg HTTP/1.1" 200 27
120.253.135.82 - - [04/Jun/2023:05:55:29 +0800] "POST /xingrg/kc/pszx/mdps_order_operate.html HTTP/1.1" 200 10416
101.85.192.75 - - [04/Jun/2023:05:55:34 +0800] "GET /xingrg/check_reg.html?_=1685829367759 HTTP/1.1" 200 22
180.169.147.146 - - [04/Jun/2023:05:55:40 +0800] "GET /xingrg/all/function/internal_message.html?_=1685829339577&CODE_STATE=getMsg HTTP/1.1" 302 -
114.85.113.108 - - [04/Jun/2023:05:55:44 +0800] "GET /xingrg/all/function/internal_message.html?_=1685829344237&CODE_STATE=getMsg HTTP/1.1" 200 27
116.238.139.35 - - [04/Jun/2023:05:55:54 +0800] "GET /xingrg/check_reg.html?_=1685829353847 HTTP/1.1" 200 22
116.238.139.35 - - [04/Jun/2023:05:55:54 +0800] "GET /xingrg/all/function/internal_message.html?_=1685829353848&CODE_STATE=getMsg HTTP/1.1" 200 27
120.253.135.82 - - [04/Jun/2023:05:55:59 +0800] "POST /xingrg/kc/pszx/mdps_order_operate.html HTTP/1.1" 200 37
120.253.135.82 - - [04/Jun/2023:05:56:02 +0800] "GET /xingrg/kc/pszx/mdps_order_info.html?code=312023060400083 HTTP/1.1" 200 23978
120.253.135.82 - - [04/Jun/2023:05:56:03 +0800] "GET /xingrg/javascript/easyui/themes/default/validatebox.css HTTP/1.1" 404 1104
120.253.135.82 - - [04/Jun/2023:05:56:03 +0800] "POST /xingrg/kc/pszx/mdps_order_operate.html HTTP/1.1" 200 10416
101.85.192.75 - - [04/Jun/2023:05:56:06 +0800] "GET /xingrg/all/function/internal_message.html?_=1685829365046&CODE_STATE=getMsg HTTP/1.1" 200 27
101.85.192.75 - - [04/Jun/2023:05:56:06 +0800] "GET /xingrg/check_reg.html?_=1685829365048 HTTP/1.1" 200 22
116.232.195.127 - - [04/Jun/2023:05:56:19 +0800] "GET /xingrg/check_reg.html?_=1685829401612 HTTP/1.1" 200 22
116.232.195.127 - - [04/Jun/2023:05:56:19 +0800] "GET /xingrg/all/function/internal_message.html?_=1685829401614&CODE_STATE=getMsg HTTP/1.1" 200 27
218.81.220.44 - - [04/Jun/2023:05:56:23 +0800] "GET /xingrg/all/function/internal_message.html?_=1685829408923&CODE_STATE=getMsg HTTP/1.1" 200 27
101.85.192.75 - - [04/Jun/2023:05:56:27 +0800] "GET /xingrg/all/function/internal_message.html?_=1685829420161&CODE_STATE=getMsg HTTP/1.1" 200 27
120.253.135.82 - - [04/Jun/2023:05:56:27 +0800] "POST /xingrg/kc/pszx/mdps_order_operate.html HTTP/1.1" 200 37
120.253.135.82 - - [04/Jun/2023:05:56:29 +0800] "GET /xingrg/kc/pszx/mdps_order_info.html?code=312023060400083 HTTP/1.1" 200 23978
120.253.135.82 - - [04/Jun/2023:05:56:29 +0800] "GET /xingrg/javascript/easyui/themes/default/validatebox.css HTTP/1.1" 404 1104
120.253.135.82 - - [04/Jun/2023:05:56:29 +0800] "GET /xingrg/all/function/internal_message.html?_=1685829224799&CODE_STATE=getMsg HTTP/1.1" 200 27
120.253.135.82 - - [04/Jun/2023:05:56:30 +0800] "POST /xingrg/kc/pszx/mdps_order_operate.html HTTP/1.1" 200 10416
120.253.135.82 - - [04/Jun/2023:05:56:32 +0800] "POST /xingrg/kc/pszx/mdps_list_operate.html HTTP/1.1" 200 1692
120.253.135.82 - - [04/Jun/2023:05:56:34 +0800] "POST /xingrg/kc/pszx/mdps_list_operate.html HTTP/1.1" 200 626
120.253.135.82 - - [04/Jun/2023:05:56:35 +0800] "GET /xingrg/kc/pszx/mdps_order_info.html?code=312023060400083 HTTP/1.1" 200 23978
120.253.135.82 - - [04/Jun/2023:05:56:35 +0800] "GET /xingrg/javascript/easyui/themes/default/validatebox.css HTTP/1.1" 404 1104
120.253.135.82 - - [04/Jun/2023:05:56:36 +0800] "POST /xingrg/kc/pszx/mdps_order_operate.html HTTP/1.1" 200 10416
120.253.135.82 - - [04/Jun/2023:05:56:39 +0800] "GET /xingrg/kc/print/load_data.html?order_code=312023060400083&kc_code=mdps&condition= HTTP/1.1" 200 4471
180.169.147.146 - - [04/Jun/2023:05:56:40 +0800] "GET /xingrg/all/function/internal_message.html?_=1685829399578&CODE_STATE=getMsg HTTP/1.1" 302 -
114.85.113.108 - - [04/Jun/2023:05:56:44 +0800] "GET /xingrg/all/function/internal_message.html?_=1685829404245&CODE_STATE=getMsg HTTP/1.1" 200 27
120.253.135.82 - - [04/Jun/2023:05:56:47 +0800] "POST /xingrg/kc/pszx/mdps_list_operate.html HTTP/1.1" 200 1692
116.238.139.35 - - [04/Jun/2023:05:56:54 +0800] "GET /xingrg/all/function/internal_message.html?_=1685829413834&CODE_STATE=getMsg HTTP/1.1" 200 27
101.85.192.75 - - [04/Jun/2023:05:57:06 +0800] "GET /xingrg/all/function/internal_message.html?_=1685829425056&CODE_STATE=getMsg HTTP/1.1" 200 27
116.232.195.127 - - [04/Jun/2023:05:57:19 +0800] "GET /xingrg/all/function/internal_message.html?_=1685829461608&CODE_STATE=getMsg HTTP/1.1" 200 27
218.81.220.44 - - [04/Jun/2023:05:57:23 +0800] "GET /xingrg/all/function/internal_message.html?_=1685829468970&CODE_STATE=getMsg HTTP/1.1" 200 27
101.85.192.75 - - [04/Jun/2023:05:57:27 +0800] "GET /xingrg/all/function/internal_message.html?_=1685829480144&CODE_STATE=getMsg HTTP/1.1" 200 27
120.253.135.82 - - [04/Jun/2023:05:57:29 +0800] "GET /xingrg/all/function/internal_message.html?_=1685829284837&CODE_STATE=getMsg HTTP/1.1" 200 27
180.169.147.146 - - [04/Jun/2023:05:57:40 +0800] "GET /xingrg/all/function/internal_message.html?_=1685829459568&CODE_STATE=getMsg HTTP/1.1" 302 -
114.85.113.108 - - [04/Jun/2023:05:57:44 +0800] "GET /xingrg/all/function/internal_message.html?_=1685829464247&CODE_STATE=getMsg HTTP/1.1" 200 27
116.238.139.35 - - [04/Jun/2023:05:57:54 +0800] "GET /xingrg/all/function/internal_message.html?_=1685829473835&CODE_STATE=getMsg HTTP/1.1" 200 27
218.81.220.44 - - [04/Jun/2023:05:57:57 +0800] "GET /xingrg/check_reg.html?_=1685829502604 HTTP/1.1" 200 22
101.85.192.75 - - [04/Jun/2023:05:58:06 +0800] "GET /xingrg/all/function/internal_message.html?_=1685829485055&CODE_STATE=getMsg HTTP/1.1" 200 27
218.81.220.44 - - [04/Jun/2023:05:58:12 +0800] "GET /xingrg/kc/base/wldb_order_list.html HTTP/1.1" 200 19104
218.81.220.44 - - [04/Jun/2023:05:58:13 +0800] "POST /xingrg/kc/base/wldb_list_operate.html HTTP/1.1" 200 928
218.81.220.44 - - [04/Jun/2023:05:58:15 +0800] "GET /xingrg/kc/base/wldb_order_add.html HTTP/1.1" 200 30387
218.81.220.44 - - [04/Jun/2023:05:58:15 +0800] "GET /xingrg/words/20230603144650_words.js HTTP/1.1" 304 -
218.81.220.44 - - [04/Jun/2023:05:58:16 +0800] "POST /xingrg/kc/base/wldb_order_operate.html HTTP/1.1" 200 6806
218.81.220.44 - - [04/Jun/2023:05:58:16 +0800] "GET /xingrg/all/common/auto_word.html?type=base&rest_code=00146 HTTP/1.1" 200 1799
218.81.220.44 - - [04/Jun/2023:05:58:16 +0800] "GET /xingrg/all/common/auto_word.html?type=base&rest_code=00146 HTTP/1.1" 200 1799
218.81.220.44 - - [04/Jun/2023:05:58:16 +0800] "GET /xingrg/javascript/easyui/themes/default/validatebox.css HTTP/1.1" 404 1104
116.232.195.127 - - [04/Jun/2023:05:58:19 +0800] "GET /xingrg/all/function/internal_message.html?_=1685829521624&CODE_STATE=getMsg HTTP/1.1" 200 27
218.81.220.44 - - [04/Jun/2023:05:58:23 +0800] "GET /xingrg/all/function/internal_message.html?_=1685829528981&CODE_STATE=getMsg HTTP/1.1" 200 27
101.85.192.75 - - [04/Jun/2023:05:58:27 +0800] "GET /xingrg/all/function/internal_message.html?_=1685829540128&CODE_STATE=getMsg HTTP/1.1" 200 27
120.253.135.82 - - [04/Jun/2023:05:58:29 +0800] "GET /xingrg/all/function/internal_message.html?_=1685829344841&CODE_STATE=getMsg HTTP/1.1" 200 27
218.81.220.44 - - [04/Jun/2023:05:58:33 +0800] "GET /xingrg/kc/base/wldb_order_operate.html?command=get_materiel&rest_code=00146&base_code=0010063&code=00101016001 HTTP/1.1" 200 458
180.169.147.146 - - [04/Jun/2023:05:58:40 +0800] "GET /xingrg/all/function/internal_message.html?_=1685829519582&CODE_STATE=getMsg HTTP/1.1" 302 -
180.169.147.146 - - [04/Jun/2023:05:58:40 +0800] "GET /xingrg/check_reg.html?_=1685829519584 HTTP/1.1" 302 -
218.81.220.44 - - [04/Jun/2023:05:58:44 +0800] "GET /xingrg/kc/base/wldb_order_operate.html?command=get_materiel&rest_code=00146&base_code=0010063&code=00101019544 HTTP/1.1" 200 471
114.85.113.108 - - [04/Jun/2023:05:58:44 +0800] "GET /xingrg/all/function/internal_message.html?_=1685829524239&CODE_STATE=getMsg HTTP/1.1" 200 27
114.85.113.108 - - [04/Jun/2023:05:58:44 +0800] "GET /xingrg/check_reg.html?_=1685829524237 HTTP/1.1" 200 22
116.238.139.35 - - [04/Jun/2023:05:58:54 +0800] "GET /xingrg/all/function/internal_message.html?_=1685829533844&CODE_STATE=getMsg HTTP/1.1" 200 27
218.81.220.44 - - [04/Jun/2023:05:59:03 +0800] "GET /xingrg/kc/base/wldb_order_operate.html?command=get_materiel&rest_code=00146&base_code=0010063&code=00101013222 HTTP/1.1" 200 428
101.85.192.75 - - [04/Jun/2023:05:59:06 +0800] "GET /xingrg/all/function/internal_message.html?_=1685829545055&CODE_STATE=getMsg HTTP/1.1" 200 27
218.81.220.44 - - [04/Jun/2023:05:59:13 +0800] "GET /xingrg/kc/base/wldb_order_operate.html?command=get_materiel&rest_code=00146&base_code=0010063&code=00101013073 HTTP/1.1" 200 433
116.232.195.127 - - [04/Jun/2023:05:59:19 +0800] "GET /xingrg/all/function/internal_message.html?_=1685829581612&CODE_STATE=getMsg HTTP/1.1" 200 27
120.253.135.82 - - [04/Jun/2023:05:59:19 +0800] "GET /xingrg/check_reg.html?_=1685829394819 HTTP/1.1" 200 22
218.81.220.44 - - [04/Jun/2023:05:59:23 +0800] "GET /xingrg/all/function/internal_message.html?_=1685829588995&CODE_STATE=getMsg HTTP/1.1" 200 27
101.85.192.75 - - [04/Jun/2023:05:59:27 +0800] "GET /xingrg/all/function/internal_message.html?_=1685829600111&CODE_STATE=getMsg HTTP/1.1" 200 27
120.253.135.82 - - [04/Jun/2023:05:59:29 +0800] "GET /xingrg/all/function/internal_message.html?_=1685829404854&CODE_STATE=getMsg HTTP/1.1" 200 27
218.81.220.44 - - [04/Jun/2023:05:59:35 +0800] "POST /xingrg/kc/base/wldb_order_operate.html HTTP/1.1" 200 37
180.169.147.146 - - [04/Jun/2023:05:59:40 +0800] "GET /xingrg/all/function/internal_message.html?_=1685829579571&CODE_STATE=getMsg HTTP/1.1" 302 -
218.81.220.44 - - [04/Jun/2023:05:59:42 +0800] "POST /xingrg/kc/base/wldb_order_operate.html HTTP/1.1" 200 12
218.81.220.44 - - [04/Jun/2023:05:59:42 +0800] "POST /xingrg/kc/base/wldb_order_operate.html HTTP/1.1" 200 3175
218.81.220.44 - - [04/Jun/2023:05:59:44 +0800] "GET /xingrg/kc/base/wldb_order_info.html?code=422023060400270 HTTP/1.1" 200 26266
114.85.113.108 - - [04/Jun/2023:05:59:44 +0800] "GET /xingrg/all/function/internal_message.html?_=1685829584240&CODE_STATE=getMsg HTTP/1.1" 200 27
218.81.220.44 - - [04/Jun/2023:05:59:44 +0800] "GET /xingrg/javascript/easyui/themes/default/validatebox.css HTTP/1.1" 404 1104
218.81.220.44 - - [04/Jun/2023:05:59:44 +0800] "POST /xingrg/kc/base/wldb_order_operate.html HTTP/1.1" 200 1449
116.238.139.35 - - [04/Jun/2023:05:59:45 +0800] "POST /xingrg/services/DataTransmitService HTTP/1.1" 200 524
218.81.220.44 - - [04/Jun/2023:05:59:48 +0800] "GET /xingrg/kc/base/wldb_order_add.html HTTP/1.1" 200 30387
218.81.220.44 - - [04/Jun/2023:05:59:49 +0800] "POST /xingrg/kc/base/wldb_order_operate.html HTTP/1.1" 200 6806
218.81.220.44 - - [04/Jun/2023:05:59:49 +0800] "GET /xingrg/javascript/easyui/themes/default/validatebox.css HTTP/1.1" 404 1104
116.238.139.35 - - [04/Jun/2023:05:59:54 +0800] "GET /xingrg/all/function/internal_message.html?_=1685829593849&CODE_STATE=getMsg HTTP/1.1" 200 27
101.85.192.75 - - [04/Jun/2023:06:00:06 +0800] "GET /xingrg/all/function/internal_message.html?_=1685829605053&CODE_STATE=getMsg HTTP/1.1" 200 27
218.81.220.44 - - [04/Jun/2023:06:00:08 +0800] "GET /xingrg/kc/base/wldb_order_operate.html?command=get_materiel&rest_code=00146&base_code=0010063&code=00101013193 HTTP/1.1" 200 446
116.232.195.127 - - [04/Jun/2023:06:00:19 +0800] "GET /xingrg/all/function/internal_message.html?_=1685829641608&CODE_STATE=getMsg HTTP/1.1" 200 27
218.81.220.44 - - [04/Jun/2023:06:00:21 +0800] "GET /xingrg/kc/base/wldb_order_operate.html?command=get_materiel&rest_code=00146&base_code=0010063&code=00101019391 HTTP/1.1" 200 485
218.81.220.44 - - [04/Jun/2023:06:00:23 +0800] "GET /xingrg/all/function/internal_message.html?_=1685829649009&CODE_STATE=getMsg HTTP/1.1" 200 27
101.85.192.75 - - [04/Jun/2023:06:00:27 +0800] "GET /xingrg/all/function/internal_message.html?_=1685829660095&CODE_STATE=getMsg HTTP/1.1" 200 27
120.253.135.82 - - [04/Jun/2023:06:00:29 +0800] "GET /xingrg/all/function/internal_message.html?_=1685829464868&CODE_STATE=getMsg HTTP/1.1" 200 27
218.81.220.44 - - [04/Jun/2023:06:00:31 +0800] "GET /xingrg/kc/base/wldb_order_operate.html?command=get_materiel&rest_code=00146&base_code=0010063&code=00101019306 HTTP/1.1" 200 479
101.85.192.75 - - [04/Jun/2023:06:00:34 +0800] "GET /xingrg/check_reg.html?_=1685829667742 HTTP/1.1" 200 22
218.81.220.44 - - [04/Jun/2023:06:00:38 +0800] "GET /xingrg/kc/base/wldb_order_operate.html?command=get_materiel&rest_code=00146&base_code=0010063&code=00101019183 HTTP/1.1" 200 448
180.169.147.146 - - [04/Jun/2023:06:00:40 +0800] "GET /xingrg/all/function/internal_message.html?_=1685829639568&CODE_STATE=getMsg HTTP/1.1" 302 -
114.85.113.108 - - [04/Jun/2023:06:00:44 +0800] "GET /xingrg/all/function/internal_message.html?_=1685829644234&CODE_STATE=getMsg HTTP/1.1" 200 27
218.81.220.44 - - [04/Jun/2023:06:00:48 +0800] "GET /xingrg/kc/base/wldb_order_operate.html?command=get_materiel&rest_code=00146&base_code=0010063&code=00101016094 HTTP/1.1" 200 470
116.238.139.35 - - [04/Jun/2023:06:00:54 +0800] "GET /xingrg/all/function/internal_message.html?_=1685829653851&CODE_STATE=getMsg HTTP/1.1" 200 27
116.238.139.35 - - [04/Jun/2023:06:00:54 +0800] "GET /xingrg/check_reg.html?_=1685829653853 HTTP/1.1" 200 22
218.81.220.44 - - [04/Jun/2023:06:00:58 +0800] "GET /xingrg/kc/base/wldb_order_operate.html?command=get_materiel&rest_code=00146&base_code=0010063&code=00101019249 HTTP/1.1" 200 469
101.85.192.75 - - [04/Jun/2023:06:01:06 +0800] "GET /xingrg/check_reg.html?_=1685829665052 HTTP/1.1" 200 22
101.85.192.75 - - [04/Jun/2023:06:01:06 +0800] "GET /xingrg/all/function/internal_message.html?_=1685829665052&CODE_STATE=getMsg HTTP/1.1" 200 27
218.81.220.44 - - [04/Jun/2023:06:01:08 +0800] "GET /xingrg/kc/base/wldb_order_operate.html?command=get_materiel&rest_code=00146&base_code=0010063&code=00101019222 HTTP/1.1" 200 453
116.232.195.127 - - [04/Jun/2023:06:01:19 +0800] "GET /xingrg/all/function/internal_message.html?_=1685829701608&CODE_STATE=getMsg HTTP/1.1" 200 27
116.232.195.127 - - [04/Jun/2023:06:01:19 +0800] "GET /xingrg/check_reg.html?_=1685829701609 HTTP/1.1" 200 22
218.81.220.44 - - [04/Jun/2023:06:01:20 +0800] "GET /xingrg/kc/base/wldb_order_operate.html?command=get_materiel&rest_code=00146&base_code=0010063&code=00101019133 HTTP/1.1" 200 480
218.81.220.44 - - [04/Jun/2023:06:01:23 +0800] "GET /xingrg/all/function/internal_message.html?_=1685829709022&CODE_STATE=getMsg HTTP/1.1" 200 27
101.85.192.75 - - [04/Jun/2023:06:01:27 +0800] "GET /xingrg/all/function/internal_message.html?_=1685829720067&CODE_STATE=getMsg HTTP/1.1" 200 27
218.81.220.44 - - [04/Jun/2023:06:01:28 +0800] "GET /xingrg/kc/base/wldb_order_operate.html?command=get_materiel&rest_code=00146&base_code=0010063&code=00101019185 HTTP/1.1" 200 469
120.253.135.82 - - [04/Jun/2023:06:01:29 +0800] "GET /xingrg/all/function/internal_message.html?_=1685829524920&CODE_STATE=getMsg HTTP/1.1" 200 27
218.81.220.44 - - [04/Jun/2023:06:01:42 +0800] "GET /xingrg/kc/base/wldb_order_operate.html?command=get_materiel&rest_code=00146&base_code=0010063&code=00101019063 HTTP/1.1" 200 461
114.85.113.108 - - [04/Jun/2023:06:01:44 +0800] "GET /xingrg/all/function/internal_message.html?_=1685829704245&CODE_STATE=getMsg HTTP/1.1" 200 27
116.238.139.35 - - [04/Jun/2023:06:01:54 +0800] "GET /xingrg/all/function/internal_message.html?_=1685829713852&CODE_STATE=getMsg HTTP/1.1" 200 27
218.81.220.44 - - [04/Jun/2023:06:01:55 +0800] "GET /xingrg/kc/base/wldb_order_operate.html?command=get_materiel&rest_code=00146&base_code=0010063&code=00101013154 HTTP/1.1" 200 459
218.81.220.44 - - [04/Jun/2023:06:02:04 +0800] "GET /xingrg/kc/base/wldb_order_operate.html?command=get_materiel&rest_code=00146&base_code=0010063&code=00101019199 HTTP/1.1" 200 473
101.85.192.75 - - [04/Jun/2023:06:02:06 +0800] "GET /xingrg/all/function/internal_message.html?_=1685829725058&CODE_STATE=getMsg HTTP/1.1" 200 27
218.81.220.44 - - [04/Jun/2023:06:02:16 +0800] "GET /xingrg/kc/base/wldb_order_operate.html?command=get_materiel&rest_code=00146&base_code=0010063&code=00101019092 HTTP/1.1" 200 471
116.232.195.127 - - [04/Jun/2023:06:02:19 +0800] "GET /xingrg/all/function/internal_message.html?_=1685829761621&CODE_STATE=getMsg HTTP/1.1" 200 27
218.81.220.44 - - [04/Jun/2023:06:02:23 +0800] "GET /xingrg/all/function/internal_message.html?_=1685829769035&CODE_STATE=getMsg HTTP/1.1" 200 27
101.85.192.75 - - [04/Jun/2023:06:02:27 +0800] "GET /xingrg/all/function/internal_message.html?_=1685829780051&CODE_STATE=getMsg HTTP/1.1" 200 27
120.253.135.82 - - [04/Jun/2023:06:02:29 +0800] "GET /xingrg/all/function/internal_message.html?_=1685829584926&CODE_STATE=getMsg HTTP/1.1" 200 27
114.85.113.108 - - [04/Jun/2023:06:02:44 +0800] "GET /xingrg/all/function/internal_message.html?_=1685829764255&CODE_STATE=getMsg HTTP/1.1" 200 27
116.238.139.35 - - [04/Jun/2023:06:02:54 +0800] "GET /xingrg/all/function/internal_message.html?_=1685829773853&CODE_STATE=getMsg HTTP/1.1" 200 27
218.81.220.44 - - [04/Jun/2023:06:02:57 +0800] "GET /xingrg/check_reg.html?_=1685829802682 HTTP/1.1" 200 22
101.85.192.75 - - [04/Jun/2023:06:03:06 +0800] "GET /xingrg/all/function/internal_message.html?_=1685829785057&CODE_STATE=getMsg HTTP/1.1" 200 27
116.232.195.127 - - [04/Jun/2023:06:03:19 +0800] "GET /xingrg/all/function/internal_message.html?_=1685829821613&CODE_STATE=getMsg HTTP/1.1" 200 27
218.81.220.44 - - [04/Jun/2023:06:03:23 +0800] "GET /xingrg/all/function/internal_message.html?_=1685829829049&CODE_STATE=getMsg HTTP/1.1" 200 27
101.85.192.75 - - [04/Jun/2023:06:03:27 +0800] "GET /xingrg/all/function/internal_message.html?_=1685829840036&CODE_STATE=getMsg HTTP/1.1" 200 27
120.253.135.82 - - [04/Jun/2023:06:03:30 +0800] "GET /xingrg/all/function/internal_message.html?_=1685829644968&CODE_STATE=getMsg HTTP/1.1" 200 27
114.85.113.108 - - [04/Jun/2023:06:03:44 +0800] "GET /xingrg/all/function/internal_message.html?_=1685829824265&CODE_STATE=getMsg HTTP/1.1" 200 27
114.85.113.108 - - [04/Jun/2023:06:03:44 +0800] "GET /xingrg/check_reg.html?_=1685829824255 HTTP/1.1" 200 22
218.81.220.44 - - [04/Jun/2023:06:03:48 +0800] "GET /xingrg/kc/base/wldb_order_operate.html?command=get_materiel&rest_code=00146&base_code=0010063&code=00101019083 HTTP/1.1" 200 463
116.238.139.35 - - [04/Jun/2023:06:03:54 +0800] "GET /xingrg/all/function/internal_message.html?_=1685829833853&CODE_STATE=getMsg HTTP/1.1" 200 27
218.81.220.44 - - [04/Jun/2023:06:04:02 +0800] "GET /xingrg/kc/base/wldb_order_operate.html?command=get_materiel&rest_code=00146&base_code=0010063&code=00101008735 HTTP/1.1" 200 440
101.85.192.75 - - [04/Jun/2023:06:04:06 +0800] "GET /xingrg/all/function/internal_message.html?_=1685829845074&CODE_STATE=getMsg HTTP/1.1" 200 27
116.232.195.127 - - [04/Jun/2023:06:04:19 +0800] "GET /xingrg/all/function/internal_message.html?_=1685829881610&CODE_STATE=getMsg HTTP/1.1" 200 27
120.253.135.82 - - [04/Jun/2023:06:04:19 +0800] "GET /xingrg/check_reg.html?_=1685829694817 HTTP/1.1" 200 22
218.81.220.44 - - [04/Jun/2023:06:04:21 +0800] "POST /xingrg/kc/base/wldb_order_operate.html HTTP/1.1" 200 37
218.81.220.44 - - [04/Jun/2023:06:04:23 +0800] "GET /xingrg/all/function/internal_message.html?_=1685829889063&CODE_STATE=getMsg HTTP/1.1" 200 27
101.85.192.75 - - [04/Jun/2023:06:04:27 +0800] "GET /xingrg/all/function/internal_message.html?_=1685829900047&CODE_STATE=getMsg HTTP/1.1" 200 27
218.81.220.44 - - [04/Jun/2023:06:04:29 +0800] "POST /xingrg/kc/base/wldb_order_operate.html HTTP/1.1" 200 12
218.81.220.44 - - [04/Jun/2023:06:04:29 +0800] "POST /xingrg/kc/base/wldb_order_operate.html HTTP/1.1" 200 9197
120.253.135.82 - - [04/Jun/2023:06:04:30 +0800] "GET /xingrg/all/function/internal_message.html?_=1685829704985&CODE_STATE=getMsg HTTP/1.1" 200 27
218.81.220.44 - - [04/Jun/2023:06:04:32 +0800] "GET /xingrg/kc/base/wldb_order_info.html?code=422023060400271 HTTP/1.1" 200 26267
218.81.220.44 - - [04/Jun/2023:06:04:33 +0800] "GET /xingrg/javascript/easyui/themes/default/validatebox.css HTTP/1.1" 404 1104
218.81.220.44 - - [04/Jun/2023:06:04:33 +0800] "POST /xingrg/kc/base/wldb_order_operate.html HTTP/1.1" 200 7318
218.81.220.44 - - [04/Jun/2023:06:04:35 +0800] "GET /xingrg/kc/base/wldb_order_add.html HTTP/1.1" 200 30387
218.81.220.44 - - [04/Jun/2023:06:04:36 +0800] "POST /xingrg/kc/base/wldb_order_operate.html HTTP/1.1" 200 6806
218.81.220.44 - - [04/Jun/2023:06:04:36 +0800] "GET /xingrg/javascript/easyui/themes/default/validatebox.css HTTP/1.1" 404 1104
114.85.113.108 - - [04/Jun/2023:06:04:44 +0800] "GET /xingrg/all/function/internal_message.html?_=1685829884255&CODE_STATE=getMsg HTTP/1.1" 200 27
116.238.139.35 - - [04/Jun/2023:06:04:54 +0800] "GET /xingrg/all/function/internal_message.html?_=1685829893853&CODE_STATE=getMsg HTTP/1.1" 200 27
218.81.220.44 - - [04/Jun/2023:06:05:00 +0800] "GET /xingrg/kc/base/wldb_order_operate.html?command=get_materiel&rest_code=00146&base_code=0010063&code=00101019056 HTTP/1.1" 200 476
101.85.192.75 - - [04/Jun/2023:06:05:06 +0800] "GET /xingrg/all/function/internal_message.html?_=1685829905071&CODE_STATE=getMsg HTTP/1.1" 200 27
218.81.220.44 - - [04/Jun/2023:06:05:09 +0800] "GET /xingrg/kc/base/wldb_order_operate.html?command=get_materiel&rest_code=00146&base_code=0010063&code=00101019236 HTTP/1.1" 200 467
116.232.195.127 - - [04/Jun/2023:06:05:19 +0800] "GET /xingrg/all/function/internal_message.html?_=1685829941610&CODE_STATE=getMsg HTTP/1.1" 200 27
218.81.220.44 - - [04/Jun/2023:06:05:23 +0800] "GET /xingrg/all/function/internal_message.html?_=1685829949076&CODE_STATE=getMsg HTTP/1.1" 200 27
101.85.192.75 - - [04/Jun/2023:06:05:26 +0800] "GET /xingrg/all/function/internal_message.html?_=1685829960031&CODE_STATE=getMsg HTTP/1.1" 200 27
218.81.220.44 - - [04/Jun/2023:06:05:28 +0800] "GET /xingrg/kc/base/wldb_order_operate.html?command=get_materiel&rest_code=00146&base_code=0010063&code=00101019438 HTTP/1.1" 200 462
120.253.135.82 - - [04/Jun/2023:06:05:30 +0800] "GET /xingrg/all/function/internal_message.html?_=1685829764999&CODE_STATE=getMsg HTTP/1.1" 200 27
101.85.192.75 - - [04/Jun/2023:06:05:34 +0800] "GET /xingrg/check_reg.html?_=1685829967739 HTTP/1.1" 200 22
218.81.220.44 - - [04/Jun/2023:06:05:36 +0800] "GET /xingrg/kc/base/wldb_order_operate.html?command=get_materiel&rest_code=00146&base_code=0010063&code=00101016076 HTTP/1.1" 200 477
114.85.113.108 - - [04/Jun/2023:06:05:44 +0800] "GET /xingrg/all/function/internal_message.html?_=1685829944254&CODE_STATE=getMsg HTTP/1.1" 200 27
218.81.220.44 - - [04/Jun/2023:06:05:53 +0800] "GET /xingrg/kc/base/wldb_order_operate.html?command=get_materiel&rest_code=00146&base_code=0010063&code=00101019295 HTTP/1.1" 200 477
116.238.139.35 - - [04/Jun/2023:06:05:54 +0800] "GET /xingrg/all/function/internal_message.html?_=1685829953852&CODE_STATE=getMsg HTTP/1.1" 200 27
116.238.139.35 - - [04/Jun/2023:06:05:54 +0800] "GET /xingrg/check_reg.html?_=1685829953856 HTTP/1.1" 200 22
218.81.220.44 - - [04/Jun/2023:06:06:00 +0800] "GET /xingrg/kc/base/wldb_order_operate.html?command=get_materiel&rest_code=00146&base_code=0010063&code=00101019071 HTTP/1.1" 200 471
101.85.192.75 - - [04/Jun/2023:06:06:06 +0800] "GET /xingrg/check_reg.html?_=1685829965069 HTTP/1.1" 200 22
101.85.192.75 - - [04/Jun/2023:06:06:06 +0800] "GET /xingrg/all/function/internal_message.html?_=1685829965071&CODE_STATE=getMsg HTTP/1.1" 200 27
218.81.220.44 - - [04/Jun/2023:06:06:07 +0800] "GET /xingrg/kc/base/wldb_order_operate.html?command=get_materiel&rest_code=00146&base_code=0010063&code=00101019358 HTTP/1.1" 200 460
218.81.220.44 - - [04/Jun/2023:06:06:15 +0800] "GET /xingrg/kc/base/wldb_order_operate.html?command=get_materiel&rest_code=00146&base_code=0010063&code=00101013011 HTTP/1.1" 200 448
116.232.195.127 - - [04/Jun/2023:06:06:19 +0800] "GET /xingrg/check_reg.html?_=1685830001611 HTTP/1.1" 200 22
116.232.195.127 - - [04/Jun/2023:06:06:19 +0800] "GET /xingrg/all/function/internal_message.html?_=1685830001613&CODE_STATE=getMsg HTTP/1.1" 200 27
218.81.220.44 - - [04/Jun/2023:06:06:22 +0800] "GET /xingrg/kc/base/wldb_order_operate.html?command=get_materiel&rest_code=00146&base_code=0010063&code=00101013093 HTTP/1.1" 200 450
218.81.220.44 - - [04/Jun/2023:06:06:23 +0800] "GET /xingrg/all/function/internal_message.html?_=1685830009090&CODE_STATE=getMsg HTTP/1.1" 200 27
101.85.192.75 - - [04/Jun/2023:06:06:26 +0800] "GET /xingrg/all/function/internal_message.html?_=1685830020001&CODE_STATE=getMsg HTTP/1.1" 200 27
120.253.135.82 - - [04/Jun/2023:06:06:30 +0800] "GET /xingrg/all/function/internal_message.html?_=1685829825042&CODE_STATE=getMsg HTTP/1.1" 200 27
218.81.220.44 - - [04/Jun/2023:06:06:36 +0800] "GET /xingrg/kc/base/wldb_order_operate.html?command=get_materiel&rest_code=00146&base_code=0010063&code=00101016028 HTTP/1.1" 200 433
218.81.220.44 - - [04/Jun/2023:06:06:44 +0800] "GET /xingrg/kc/base/wldb_order_operate.html?command=get_materiel&rest_code=00146&base_code=0010063&code=00101013052 HTTP/1.1" 200 443
114.85.113.108 - - [04/Jun/2023:06:06:44 +0800] "GET /xingrg/all/function/internal_message.html?_=1685830004255&CODE_STATE=getMsg HTTP/1.1" 200 27
116.238.139.35 - - [04/Jun/2023:06:06:54 +0800] "GET /xingrg/all/function/internal_message.html?_=1685830013848&CODE_STATE=getMsg HTTP/1.1" 200 27
218.81.220.44 - - [04/Jun/2023:06:06:57 +0800] "GET /xingrg/kc/base/wldb_order_operate.html?command=get_materiel&rest_code=00146&base_code=0010063&code=00101019015 HTTP/1.1" 200 450
101.85.192.75 - - [04/Jun/2023:06:07:06 +0800] "GET /xingrg/all/function/internal_message.html?_=1685830025069&CODE_STATE=getMsg HTTP/1.1" 200 27
218.81.220.44 - - [04/Jun/2023:06:07:13 +0800] "POST /xingrg/kc/base/wldb_order_operate.html HTTP/1.1" 200 37
116.232.195.127 - - [04/Jun/2023:06:07:19 +0800] "GET /xingrg/all/function/internal_message.html?_=1685830061613&CODE_STATE=getMsg HTTP/1.1" 200 27
218.81.220.44 - - [04/Jun/2023:06:07:22 +0800] "POST /xingrg/kc/base/wldb_order_operate.html HTTP/1.1" 200 12
218.81.220.44 - - [04/Jun/2023:06:07:22 +0800] "POST /xingrg/kc/base/wldb_order_operate.html HTTP/1.1" 200 8170
101.85.192.75 - - [04/Jun/2023:06:07:26 +0800] "GET /xingrg/all/function/internal_message.html?_=1685830079985&CODE_STATE=getMsg HTTP/1.1" 200 27
218.81.220.44 - - [04/Jun/2023:06:07:28 +0800] "GET /xingrg/kc/base/wldb_order_info.html?code=422023060400272 HTTP/1.1" 200 26265
218.81.220.44 - - [04/Jun/2023:06:07:28 +0800] "GET /xingrg/javascript/easyui/themes/default/validatebox.css HTTP/1.1" 404 1104
218.81.220.44 - - [04/Jun/2023:06:07:28 +0800] "GET /xingrg/all/function/internal_message.html?_=1685830073908&CODE_STATE=getMsg HTTP/1.1" 200 27
218.81.220.44 - - [04/Jun/2023:06:07:28 +0800] "POST /xingrg/kc/base/wldb_order_operate.html HTTP/1.1" 200 6332
120.253.135.82 - - [04/Jun/2023:06:07:30 +0800] "GET /xingrg/all/function/internal_message.html?_=1685829885056&CODE_STATE=getMsg HTTP/1.1" 200 27
218.81.220.44 - - [04/Jun/2023:06:07:33 +0800] "GET /xingrg/kc/base/wldb_order_add.html HTTP/1.1" 200 30387
218.81.220.44 - - [04/Jun/2023:06:07:34 +0800] "POST /xingrg/kc/base/wldb_order_operate.html HTTP/1.1" 200 6806
218.81.220.44 - - [04/Jun/2023:06:07:34 +0800] "GET /xingrg/javascript/easyui/themes/default/validatebox.css HTTP/1.1" 404 1104
114.85.113.108 - - [04/Jun/2023:06:07:44 +0800] "GET /xingrg/all/function/internal_message.html?_=1685830064253&CODE_STATE=getMsg HTTP/1.1" 200 27
116.238.139.35 - - [04/Jun/2023:06:07:54 +0800] "GET /xingrg/all/function/internal_message.html?_=1685830073850&CODE_STATE=getMsg HTTP/1.1" 200 27
218.81.220.44 - - [04/Jun/2023:06:07:57 +0800] "GET /xingrg/check_reg.html?_=1685830102776 HTTP/1.1" 200 22
101.85.192.75 - - [04/Jun/2023:06:08:06 +0800] "GET /xingrg/all/function/internal_message.html?_=1685830085073&CODE_STATE=getMsg HTTP/1.1" 200 27
218.81.220.44 - - [04/Jun/2023:06:08:07 +0800] "GET /xingrg/kc/base/wldb_order_operate.html?command=get_materiel&rest_code=00146&base_code=0010064&code=00102004030 HTTP/1.1" 200 444
101.85.192.75 - - [04/Jun/2023:06:08:12 +0800] "POST /xingrg/services/DataTransmitService HTTP/1.1" 200 524
218.81.220.44 - - [04/Jun/2023:06:08:16 +0800] "GET /xingrg/kc/base/wldb_order_operate.html?command=get_materiel&rest_code=00146&base_code=0010064&code=00102002204 HTTP/1.1" 200 447
116.232.195.127 - - [04/Jun/2023:06:08:19 +0800] "GET /xingrg/all/function/internal_message.html?_=1685830121603&CODE_STATE=getMsg HTTP/1.1" 200 27
218.81.220.44 - - [04/Jun/2023:06:08:24 +0800] "GET /xingrg/kc/base/wldb_order_operate.html?command=get_materiel&rest_code=00146&base_code=0010064&code=00102002497 HTTP/1.1" 200 439
101.85.192.75 - - [04/Jun/2023:06:08:26 +0800] "GET /xingrg/all/function/internal_message.html?_=1685830139969&CODE_STATE=getMsg HTTP/1.1" 200 27
218.81.220.44 - - [04/Jun/2023:06:08:28 +0800] "GET /xingrg/all/function/internal_message.html?_=1685830133922&CODE_STATE=getMsg HTTP/1.1" 200 27
120.253.135.82 - - [04/Jun/2023:06:08:30 +0800] "GET /xingrg/all/function/internal_message.html?_=1685829945102&CODE_STATE=getMsg HTTP/1.1" 200 27
218.81.220.44 - - [04/Jun/2023:06:08:33 +0800] "GET /xingrg/kc/base/wldb_order_operate.html?command=get_materiel&rest_code=00146&base_code=0010064&code=00102002022 HTTP/1.1" 200 473
218.81.220.44 - - [04/Jun/2023:06:08:40 +0800] "GET /xingrg/kc/base/wldb_order_operate.html?command=get_materiel&rest_code=00146&base_code=0010064&code=00102002448 HTTP/1.1" 200 440
114.85.113.108 - - [04/Jun/2023:06:08:44 +0800] "GET /xingrg/all/function/internal_message.html?_=1685830124253&CODE_STATE=getMsg HTTP/1.1" 200 27
114.85.113.108 - - [04/Jun/2023:06:08:44 +0800] "GET /xingrg/check_reg.html?_=1685830124255 HTTP/1.1" 200 22
218.81.220.44 - - [04/Jun/2023:06:08:49 +0800] "GET /xingrg/kc/base/wldb_order_operate.html?command=get_materiel&rest_code=00146&base_code=0010064&code=00102002562 HTTP/1.1" 200 460
116.238.139.35 - - [04/Jun/2023:06:08:54 +0800] "GET /xingrg/all/function/internal_message.html?_=1685830133849&CODE_STATE=getMsg HTTP/1.1" 200 27
218.81.220.44 - - [04/Jun/2023:06:08:58 +0800] "GET /xingrg/kc/base/wldb_order_operate.html?command=get_materiel&rest_code=00146&base_code=0010064&code=00102002238 HTTP/1.1" 200 434
101.85.192.75 - - [04/Jun/2023:06:09:06 +0800] "GET /xingrg/all/function/internal_message.html?_=1685830145070&CODE_STATE=getMsg HTTP/1.1" 200 27
116.232.195.127 - - [04/Jun/2023:06:09:19 +0800] "GET /xingrg/all/function/internal_message.html?_=1685830181610&CODE_STATE=getMsg HTTP/1.1" 200 27
120.253.135.82 - - [04/Jun/2023:06:09:19 +0800] "GET /xingrg/check_reg.html?_=1685829994819 HTTP/1.1" 200 22
101.85.192.75 - - [04/Jun/2023:06:09:26 +0800] "GET /xingrg/all/function/internal_message.html?_=1685830199953&CODE_STATE=getMsg HTTP/1.1" 200 27
218.81.220.44 - - [04/Jun/2023:06:09:28 +0800] "GET /xingrg/all/function/internal_message.html?_=1685830193935&CODE_STATE=getMsg HTTP/1.1" 200 27
120.253.135.82 - - [04/Jun/2023:06:09:30 +0800] "GET /xingrg/all/function/internal_message.html?_=1685830005116&CODE_STATE=getMsg HTTP/1.1" 200 27
218.81.220.44 - - [04/Jun/2023:06:09:39 +0800] "POST /xingrg/kc/base/wldb_order_operate.html HTTP/1.1" 200 37
114.85.113.108 - - [04/Jun/2023:06:09:44 +0800] "GET /xingrg/all/function/internal_message.html?_=1685830184254&CODE_STATE=getMsg HTTP/1.1" 200 27
218.81.220.44 - - [04/Jun/2023:06:09:45 +0800] "POST /xingrg/kc/base/wldb_order_operate.html HTTP/1.1" 200 12
218.81.220.44 - - [04/Jun/2023:06:09:45 +0800] "POST /xingrg/kc/base/wldb_order_operate.html HTTP/1.1" 200 5105
218.81.220.44 - - [04/Jun/2023:06:09:49 +0800] "GET /xingrg/kc/base/wldb_order_info.html?code=422023060400273 HTTP/1.1" 200 26266
218.81.220.44 - - [04/Jun/2023:06:09:50 +0800] "GET /xingrg/javascript/easyui/themes/default/validatebox.css HTTP/1.1" 404 1104
218.81.220.44 - - [04/Jun/2023:06:09:50 +0800] "POST /xingrg/kc/base/wldb_order_operate.html HTTP/1.1" 200 3332
218.81.220.44 - - [04/Jun/2023:06:09:53 +0800] "GET /xingrg/kc/base/wldb_order_add.html HTTP/1.1" 200 30387
218.81.220.44 - - [04/Jun/2023:06:09:53 +0800] "POST /xingrg/kc/base/wldb_order_operate.html HTTP/1.1" 200 6806
218.81.220.44 - - [04/Jun/2023:06:09:53 +0800] "GET /xingrg/javascript/easyui/themes/default/validatebox.css HTTP/1.1" 404 1104
116.238.139.35 - - [04/Jun/2023:06:09:54 +0800] "GET /xingrg/all/function/internal_message.html?_=1685830193851&CODE_STATE=getMsg HTTP/1.1" 200 27
101.85.192.75 - - [04/Jun/2023:06:10:06 +0800] "GET /xingrg/all/function/internal_message.html?_=1685830205069&CODE_STATE=getMsg HTTP/1.1" 200 27
218.81.220.44 - - [04/Jun/2023:06:10:11 +0800] "GET /xingrg/kc/base/wldb_order_operate.html?command=get_materiel&rest_code=00146&base_code=0010064&code=00102002118 HTTP/1.1" 200 466
116.232.195.127 - - [04/Jun/2023:06:10:19 +0800] "GET /xingrg/all/function/internal_message.html?_=1685830241606&CODE_STATE=getMsg HTTP/1.1" 200 27
101.85.192.75 - - [04/Jun/2023:06:10:26 +0800] "GET /xingrg/all/function/internal_message.html?_=1685830259938&CODE_STATE=getMsg HTTP/1.1" 200 27
218.81.220.44 - - [04/Jun/2023:06:10:27 +0800] "POST /xingrg/kc/base/wldb_order_operate.html HTTP/1.1" 200 37
218.81.220.44 - - [04/Jun/2023:06:10:28 +0800] "GET /xingrg/all/function/internal_message.html?_=1685830254076&CODE_STATE=getMsg HTTP/1.1" 200 27
120.253.135.82 - - [04/Jun/2023:06:10:30 +0800] "GET /xingrg/all/function/internal_message.html?_=1685830065130&CODE_STATE=getMsg HTTP/1.1" 200 27
218.81.220.44 - - [04/Jun/2023:06:10:32 +0800] "POST /xingrg/kc/base/wldb_order_operate.html HTTP/1.1" 200 12
218.81.220.44 - - [04/Jun/2023:06:10:32 +0800] "POST /xingrg/kc/base/wldb_order_operate.html HTTP/1.1" 200 2211
218.81.220.44 - - [04/Jun/2023:06:10:34 +0800] "GET /xingrg/kc/base/wldb_order_info.html?code=422023060400274 HTTP/1.1" 200 26265
101.85.192.75 - - [04/Jun/2023:06:10:34 +0800] "GET /xingrg/check_reg.html?_=1685830267724 HTTP/1.1" 200 22
218.81.220.44 - - [04/Jun/2023:06:10:34 +0800] "GET /xingrg/javascript/easyui/themes/default/validatebox.css HTTP/1.1" 404 1104
218.81.220.44 - - [04/Jun/2023:06:10:35 +0800] "POST /xingrg/kc/base/wldb_order_operate.html HTTP/1.1" 200 504
218.81.220.44 - - [04/Jun/2023:06:10:37 +0800] "GET /xingrg/kc/base/wldb_order_add.html HTTP/1.1" 200 30387
218.81.220.44 - - [04/Jun/2023:06:10:37 +0800] "POST /xingrg/kc/base/wldb_order_operate.html HTTP/1.1" 200 6806
218.81.220.44 - - [04/Jun/2023:06:10:38 +0800] "GET /xingrg/javascript/easyui/themes/default/validatebox.css HTTP/1.1" 404 1104
114.85.113.108 - - [04/Jun/2023:06:10:44 +0800] "GET /xingrg/all/function/internal_message.html?_=1685830244253&CODE_STATE=getMsg HTTP/1.1" 200 27
116.238.139.35 - - [04/Jun/2023:06:10:54 +0800] "GET /xingrg/all/function/internal_message.html?_=1685830253852&CODE_STATE=getMsg HTTP/1.1" 200 27
116.238.139.35 - - [04/Jun/2023:06:10:54 +0800] "GET /xingrg/check_reg.html?_=1685830253854 HTTP/1.1" 200 22
101.85.192.75 - - [04/Jun/2023:06:11:06 +0800] "GET /xingrg/all/function/internal_message.html?_=1685830265067&CODE_STATE=getMsg HTTP/1.1" 200 27
101.85.192.75 - - [04/Jun/2023:06:11:06 +0800] "GET /xingrg/check_reg.html?_=1685830265070 HTTP/1.1" 200 22
218.81.220.44 - - [04/Jun/2023:06:11:18 +0800] "POST /xingrg/kc/base/wldb_order_operate.html HTTP/1.1" 200 37
116.232.195.127 - - [04/Jun/2023:06:11:19 +0800] "GET /xingrg/all/function/internal_message.html?_=1685830301627&CODE_STATE=getMsg HTTP/1.1" 200 27
116.232.195.127 - - [04/Jun/2023:06:11:19 +0800] "GET /xingrg/check_reg.html?_=1685830301632 HTTP/1.1" 200 22
218.81.220.44 - - [04/Jun/2023:06:11:24 +0800] "POST /xingrg/kc/base/wldb_order_operate.html HTTP/1.1" 200 12
218.81.220.44 - - [04/Jun/2023:06:11:24 +0800] "POST /xingrg/kc/base/wldb_order_operate.html HTTP/1.1" 200 2666
101.85.192.75 - - [04/Jun/2023:06:11:26 +0800] "GET /xingrg/all/function/internal_message.html?_=1685830319908&CODE_STATE=getMsg HTTP/1.1" 200 27
120.253.135.82 - - [04/Jun/2023:06:11:30 +0800] "GET /xingrg/all/function/internal_message.html?_=1685830125171&CODE_STATE=getMsg HTTP/1.1" 200 27
114.85.113.108 - - [04/Jun/2023:06:11:44 +0800] "GET /xingrg/all/function/internal_message.html?_=1685830304261&CODE_STATE=getMsg HTTP/1.1" 200 27
116.238.139.35 - - [04/Jun/2023:06:11:54 +0800] "GET /xingrg/all/function/internal_message.html?_=1685830313851&CODE_STATE=getMsg HTTP/1.1" 200 27
101.85.192.75 - - [04/Jun/2023:06:12:06 +0800] "GET /xingrg/all/function/internal_message.html?_=1685830325069&CODE_STATE=getMsg HTTP/1.1" 200 27
116.232.195.127 - - [04/Jun/2023:06:12:19 +0800] "GET /xingrg/all/function/internal_message.html?_=1685830361618&CODE_STATE=getMsg HTTP/1.1" 200 27
101.85.192.75 - - [04/Jun/2023:06:12:26 +0800] "GET /xingrg/all/function/internal_message.html?_=1685830379892&CODE_STATE=getMsg HTTP/1.1" 200 27
120.253.135.82 - - [04/Jun/2023:06:12:30 +0800] "GET /xingrg/all/function/internal_message.html?_=1685830185187&CODE_STATE=getMsg HTTP/1.1" 200 27
218.81.220.44 - - [04/Jun/2023:06:12:34 +0800] "GET /xingrg/kc/base/wldb_order_info.html?code=422023060400275 HTTP/1.1" 200 26265
218.81.220.44 - - [04/Jun/2023:06:12:34 +0800] "GET /xingrg/javascript/easyui/themes/default/validatebox.css HTTP/1.1" 404 1104
218.81.220.44 - - [04/Jun/2023:06:12:34 +0800] "GET /xingrg/all/function/internal_message.html?_=1685830379994&CODE_STATE=getMsg HTTP/1.1" 200 27
218.81.220.44 - - [04/Jun/2023:06:12:34 +0800] "POST /xingrg/kc/base/wldb_order_operate.html HTTP/1.1" 200 950
218.81.220.44 - - [04/Jun/2023:06:12:39 +0800] "GET /xingrg/kc/buy/cgsh_order_list.html HTTP/1.1" 200 55797
218.81.220.44 - - [04/Jun/2023:06:12:43 +0800] "POST /xingrg/kc/buy/cgsh_list_operate.html HTTP/1.1" 200 6003
114.85.113.108 - - [04/Jun/2023:06:12:44 +0800] "GET /xingrg/all/function/internal_message.html?_=1685830364269&CODE_STATE=getMsg HTTP/1.1" 200 27
218.81.220.44 - - [04/Jun/2023:06:12:53 +0800] "POST /xingrg/kc/buy/cgsh_list_operate.html HTTP/1.1" 200 493
116.238.139.35 - - [04/Jun/2023:06:12:54 +0800] "GET /xingrg/all/function/internal_message.html?_=1685830373853&CODE_STATE=getMsg HTTP/1.1" 200 27
218.81.220.44 - - [04/Jun/2023:06:12:57 +0800] "GET /xingrg/check_reg.html?_=1685830402774 HTTP/1.1" 200 22
218.81.220.44 - - [04/Jun/2023:06:12:58 +0800] "POST /xingrg/kc/buy/cgsh_list_operate.html HTTP/1.1" 200 346
101.85.192.75 - - [04/Jun/2023:06:13:06 +0800] "GET /xingrg/all/function/internal_message.html?_=1685830385068&CODE_STATE=getMsg HTTP/1.1" 200 27
116.232.195.127 - - [04/Jun/2023:06:13:19 +0800] "GET /xingrg/all/function/internal_message.html?_=1685830421611&CODE_STATE=getMsg HTTP/1.1" 200 27
101.85.192.75 - - [04/Jun/2023:06:13:26 +0800] "GET /xingrg/all/function/internal_message.html?_=1685830439876&CODE_STATE=getMsg HTTP/1.1" 200 27
120.253.135.82 - - [04/Jun/2023:06:13:30 +0800] "GET /xingrg/all/function/internal_message.html?_=1685830245236&CODE_STATE=getMsg HTTP/1.1" 200 27
218.81.220.44 - - [04/Jun/2023:06:13:34 +0800] "GET /xingrg/all/function/internal_message.html?_=1685830440128&CODE_STATE=getMsg HTTP/1.1" 200 27
114.85.113.108 - - [04/Jun/2023:06:13:44 +0800] "GET /xingrg/check_reg.html?_=1685830424272 HTTP/1.1" 200 22
114.85.113.108 - - [04/Jun/2023:06:13:44 +0800] "GET /xingrg/all/function/internal_message.html?_=1685830424273&CODE_STATE=getMsg HTTP/1.1" 200 27
116.238.139.35 - - [04/Jun/2023:06:13:54 +0800] "GET /xingrg/all/function/internal_message.html?_=1685830433852&CODE_STATE=getMsg HTTP/1.1" 200 27
218.81.220.44 - - [04/Jun/2023:06:13:58 +0800] "POST /xingrg/kc/buy/cgsh_list_operate.html HTTP/1.1" 200 4
101.85.192.75 - - [04/Jun/2023:06:14:06 +0800] "GET /xingrg/all/function/internal_message.html?_=1685830445066&CODE_STATE=getMsg HTTP/1.1" 200 27
116.232.195.127 - - [04/Jun/2023:06:14:19 +0800] "GET /xingrg/all/function/internal_message.html?_=1685830481609&CODE_STATE=getMsg HTTP/1.1" 200 27
120.253.135.82 - - [04/Jun/2023:06:14:19 +0800] "GET /xingrg/check_reg.html?_=1685830294825 HTTP/1.1" 200 22
101.85.192.75 - - [04/Jun/2023:06:14:26 +0800] "GET /xingrg/all/function/internal_message.html?_=1685830499861&CODE_STATE=getMsg HTTP/1.1" 200 27
120.253.135.82 - - [04/Jun/2023:06:14:30 +0800] "GET /xingrg/all/function/internal_message.html?_=1685830305245&CODE_STATE=getMsg HTTP/1.1" 200 27
218.81.220.44 - - [04/Jun/2023:06:14:42 +0800] "POST /xingrg/kc/buy/cgsh_list_operate.html HTTP/1.1" 200 5970
114.85.113.108 - - [04/Jun/2023:06:14:44 +0800] "GET /xingrg/all/function/internal_message.html?_=1685830484273&CODE_STATE=getMsg HTTP/1.1" 200 27
218.81.220.44 - - [04/Jun/2023:06:14:49 +0800] "POST /xingrg/kc/buy/cgsh_list_operate.html HTTP/1.1" 200 572
218.81.220.44 - - [04/Jun/2023:06:14:52 +0800] "POST /xingrg/kc/buy/cgsh_list_operate.html HTTP/1.1" 200 566
116.238.139.35 - - [04/Jun/2023:06:14:54 +0800] "GET /xingrg/all/function/internal_message.html?_=1685830493852&CODE_STATE=getMsg HTTP/1.1" 200 27
218.81.220.44 - - [04/Jun/2023:06:14:57 +0800] "POST /xingrg/kc/buy/cgsh_list_operate.html HTTP/1.1" 200 600
218.81.220.44 - - [04/Jun/2023:06:15:03 +0800] "GET /xingrg/all/function/internal_message.html?_=1685830529058&CODE_STATE=getMsg HTTP/1.1" 200 27
101.85.192.75 - - [04/Jun/2023:06:15:06 +0800] "GET /xingrg/all/function/internal_message.html?_=1685830505076&CODE_STATE=getMsg HTTP/1.1" 200 27
116.232.195.127 - - [04/Jun/2023:06:15:19 +0800] "GET /xingrg/all/function/internal_message.html?_=1685830541625&CODE_STATE=getMsg HTTP/1.1" 200 27
101.85.192.75 - - [04/Jun/2023:06:15:26 +0800] "GET /xingrg/all/function/internal_message.html?_=1685830559845&CODE_STATE=getMsg HTTP/1.1" 200 27
120.253.135.82 - - [04/Jun/2023:06:15:30 +0800] "GET /xingrg/all/function/internal_message.html?_=1685830365260&CODE_STATE=getMsg HTTP/1.1" 200 27
101.85.192.75 - - [04/Jun/2023:06:15:34 +0800] "GET /xingrg/check_reg.html?_=1685830567709 HTTP/1.1" 200 22
114.85.113.108 - - [04/Jun/2023:06:15:44 +0800] "GET /xingrg/all/function/internal_message.html?_=1685830544271&CODE_STATE=getMsg HTTP/1.1" 200 27
116.238.139.35 - - [04/Jun/2023:06:15:54 +0800] "GET /xingrg/all/function/internal_message.html?_=1685830553852&CODE_STATE=getMsg HTTP/1.1" 200 27
116.238.139.35 - - [04/Jun/2023:06:15:54 +0800] "GET /xingrg/check_reg.html?_=1685830553856 HTTP/1.1" 200 22
218.81.220.44 - - [04/Jun/2023:06:16:01 +0800] "POST /xingrg/kc/buy/cgsh_list_operate.html HTTP/1.1" 200 4
101.85.192.75 - - [04/Jun/2023:06:16:06 +0800] "GET /xingrg/all/function/internal_message.html?_=1685830565090&CODE_STATE=getMsg HTTP/1.1" 200 27
101.85.192.75 - - [04/Jun/2023:06:16:06 +0800] "GET /xingrg/check_reg.html?_=1685830565091 HTTP/1.1" 200 22
116.232.195.127 - - [04/Jun/2023:06:16:19 +0800] "GET /xingrg/all/function/internal_message.html?_=1685830601631&CODE_STATE=getMsg HTTP/1.1" 200 27
116.232.195.127 - - [04/Jun/2023:06:16:19 +0800] "GET /xingrg/check_reg.html?_=1685830601633 HTTP/1.1" 200 22
218.81.220.44 - - [04/Jun/2023:06:16:21 +0800] "POST /xingrg/kc/buy/cgsh_list_operate.html HTTP/1.1" 200 2296
218.81.220.44 - - [04/Jun/2023:06:16:26 +0800] "POST /xingrg/kc/buy/cgsh_list_operate.html HTTP/1.1" 200 419
101.85.192.75 - - [04/Jun/2023:06:16:26 +0800] "GET /xingrg/all/function/internal_message.html?_=1685830619816&CODE_STATE=getMsg HTTP/1.1" 200 27
218.81.220.44 - - [04/Jun/2023:06:16:28 +0800] "POST /xingrg/kc/buy/cgsh_list_operate.html HTTP/1.1" 200 565
120.253.135.82 - - [04/Jun/2023:06:16:30 +0800] "GET /xingrg/all/function/internal_message.html?_=1685830425309&CODE_STATE=getMsg HTTP/1.1" 200 27
218.81.220.44 - - [04/Jun/2023:06:16:36 +0800] "GET /xingrg/all/function/internal_message.html?_=1685830621565&CODE_STATE=getMsg HTTP/1.1" 200 27
114.85.113.108 - - [04/Jun/2023:06:16:44 +0800] "GET /xingrg/all/function/internal_message.html?_=1685830604270&CODE_STATE=getMsg HTTP/1.1" 200 27
218.81.220.44 - - [04/Jun/2023:06:16:51 +0800] "POST /xingrg/kc/buy/cgsh_list_operate.html HTTP/1.1" 200 4
116.238.139.35 - - [04/Jun/2023:06:16:54 +0800] "GET /xingrg/all/function/internal_message.html?_=1685830613854&CODE_STATE=getMsg HTTP/1.1" 200 27
101.85.192.75 - - [04/Jun/2023:06:17:06 +0800] "GET /xingrg/all/function/internal_message.html?_=1685830625092&CODE_STATE=getMsg HTTP/1.1" 200 27
116.232.195.127 - - [04/Jun/2023:06:17:19 +0800] "GET /xingrg/all/function/internal_message.html?_=1685830661614&CODE_STATE=getMsg HTTP/1.1" 200 27
101.85.192.75 - - [04/Jun/2023:06:17:26 +0800] "GET /xingrg/all/function/internal_message.html?_=1685830679799&CODE_STATE=getMsg HTTP/1.1" 200 27
120.253.135.82 - - [04/Jun/2023:06:17:30 +0800] "GET /xingrg/all/function/internal_message.html?_=1685830485318&CODE_STATE=getMsg HTTP/1.1" 200 27
114.85.113.108 - - [04/Jun/2023:06:17:44 +0800] "GET /xingrg/all/function/internal_message.html?_=1685830664270&CODE_STATE=getMsg HTTP/1.1" 200 27
116.238.139.35 - - [04/Jun/2023:06:17:54 +0800] "GET /xingrg/all/function/internal_message.html?_=1685830673853&CODE_STATE=getMsg HTTP/1.1" 200 27
101.85.192.75 - - [04/Jun/2023:06:18:06 +0800] "GET /xingrg/all/function/internal_message.html?_=1685830685092&CODE_STATE=getMsg HTTP/1.1" 200 27
116.232.195.127 - - [04/Jun/2023:06:18:19 +0800] "GET /xingrg/all/function/internal_message.html?_=1685830721605&CODE_STATE=getMsg HTTP/1.1" 200 27
101.85.192.75 - - [04/Jun/2023:06:18:26 +0800] "GET /xingrg/all/function/internal_message.html?_=1685830739783&CODE_STATE=getMsg HTTP/1.1" 200 27
120.253.135.82 - - [04/Jun/2023:06:18:30 +0800] "GET /xingrg/all/function/internal_message.html?_=1685830545349&CODE_STATE=getMsg HTTP/1.1" 200 27
114.85.113.108 - - [04/Jun/2023:06:18:44 +0800] "GET /xingrg/all/function/internal_message.html?_=1685830724279&CODE_STATE=getMsg HTTP/1.1" 200 27
114.85.113.108 - - [04/Jun/2023:06:18:44 +0800] "GET /xingrg/check_reg.html?_=1685830724290 HTTP/1.1" 200 22
116.238.139.35 - - [04/Jun/2023:06:18:54 +0800] "GET /xingrg/all/function/internal_message.html?_=1685830733852&CODE_STATE=getMsg HTTP/1.1" 200 27
101.85.192.75 - - [04/Jun/2023:06:19:06 +0800] "GET /xingrg/all/function/internal_message.html?_=1685830745090&CODE_STATE=getMsg HTTP/1.1" 200 27
116.232.195.127 - - [04/Jun/2023:06:19:19 +0800] "GET /xingrg/all/function/internal_message.html?_=1685830781603&CODE_STATE=getMsg HTTP/1.1" 200 27
120.253.135.82 - - [04/Jun/2023:06:19:19 +0800] "GET /xingrg/check_reg.html?_=1685830594832 HTTP/1.1" 200 22
101.85.192.75 - - [04/Jun/2023:06:19:26 +0800] "GET /xingrg/all/function/internal_message.html?_=1685830799767&CODE_STATE=getMsg HTTP/1.1" 200 27
120.253.135.82 - - [04/Jun/2023:06:19:30 +0800] "GET /xingrg/all/function/internal_message.html?_=1685830605360&CODE_STATE=getMsg HTTP/1.1" 200 27
114.85.113.108 - - [04/Jun/2023:06:19:44 +0800] "GET /xingrg/all/function/internal_message.html?_=1685830784275&CODE_STATE=getMsg HTTP/1.1" 200 27
116.238.139.35 - - [04/Jun/2023:06:19:54 +0800] "GET /xingrg/all/function/internal_message.html?_=1685830793853&CODE_STATE=getMsg HTTP/1.1" 200 27
101.85.192.75 - - [04/Jun/2023:06:20:06 +0800] "GET /xingrg/all/function/internal_message.html?_=1685830805087&CODE_STATE=getMsg HTTP/1.1" 200 27
116.232.195.127 - - [04/Jun/2023:06:20:19 +0800] "GET /xingrg/all/function/internal_message.html?_=1685830841605&CODE_STATE=getMsg HTTP/1.1" 200 27
101.85.192.75 - - [04/Jun/2023:06:20:26 +0800] "GET /xingrg/all/function/internal_message.html?_=1685830859752&CODE_STATE=getMsg HTTP/1.1" 200 27
120.253.135.82 - - [04/Jun/2023:06:20:30 +0800] "GET /xingrg/all/function/internal_message.html?_=1685830665374&CODE_STATE=getMsg HTTP/1.1" 200 27
101.85.192.75 - - [04/Jun/2023:06:20:34 +0800] "GET /xingrg/check_reg.html?_=1685830867694 HTTP/1.1" 200 22
