116.232.195.127 - - [04/Jun/2023:10:51:19 +0800] "GET /xingrg/check_reg.html?_=1685847101806 HTTP/1.1" 200 22
116.232.195.127 - - [04/Jun/2023:10:51:19 +0800] "GET /xingrg/all/function/internal_message.html?_=1685847101809&CODE_STATE=getMsg HTTP/1.1" 200 27
180.169.147.146 - - [04/Jun/2023:10:51:21 +0800] "GET /xingrg/all/function/internal_message.html?_=1685847080840&CODE_STATE=getMsg HTTP/1.1" 200 27
180.169.147.146 - - [04/Jun/2023:10:51:21 +0800] "GET /xingrg/check_reg.html?_=1685847080841 HTTP/1.1" 200 22
101.83.145.52 - - [04/Jun/2023:10:51:24 +0800] "GET /xingrg/all/function/internal_message.html?_=1685847086236&CODE_STATE=getMsg HTTP/1.1" 200 27
101.83.145.52 - - [04/Jun/2023:10:51:27 +0800] "POST /xingrg/kc/buy/cgsh_order_operate.html HTTP/1.1" 200 37
101.85.192.75 - - [04/Jun/2023:10:51:30 +0800] "GET /xingrg/all/function/internal_message.html?_=1685847091225&CODE_STATE=getMsg HTTP/1.1" 200 27
101.83.145.52 - - [04/Jun/2023:10:51:31 +0800] "POST /xingrg/kc/buy/cgsh_order_operate.html HTTP/1.1" 200 2662
101.83.145.52 - - [04/Jun/2023:10:51:32 +0800] "GET /xingrg/kc/print/load_data.html?order_code=212023060401286&kc_code=cgsh&condition= HTTP/1.1" 200 730
222.67.234.146 - - [04/Jun/2023:10:51:32 +0800] "GET /xingrg/all/function/internal_message.html?_=1685847093159&CODE_STATE=getMsg HTTP/1.1" 200 27
222.67.234.146 - - [04/Jun/2023:10:51:32 +0800] "GET /xingrg/check_reg.html?_=1685847093160 HTTP/1.1" 200 22
124.78.154.168 - - [04/Jun/2023:10:51:33 +0800] "GET /xingrg/all/function/internal_message.html?_=1685847094612&CODE_STATE=getMsg HTTP/1.1" 200 27
222.70.180.90 - - [04/Jun/2023:10:51:35 +0800] "GET /xingrg/kc/print/load_config.html?kc_code=cgsh HTTP/1.1" 200 1924
101.83.145.52 - - [04/Jun/2023:10:51:37 +0800] "GET /xingrg/kc/buy/cgsh_order_add.html HTTP/1.1" 200 71655
101.83.145.52 - - [04/Jun/2023:10:51:38 +0800] "POST /xingrg/kc/buy/cgsh_order_operate.html HTTP/1.1" 200 8245
101.83.145.52 - - [04/Jun/2023:10:51:38 +0800] "GET /xingrg/javascript/easyui/themes/default/validatebox.css HTTP/1.1" 404 1104
101.85.192.75 - - [04/Jun/2023:10:51:38 +0800] "GET /xingrg/check_reg.html?_=1685847132865 HTTP/1.1" 200 22
101.85.192.75 - - [04/Jun/2023:10:51:38 +0800] "GET /xingrg/all/function/internal_message.html?_=1685847132863&CODE_STATE=getMsg HTTP/1.1" 200 27
180.164.3.199 - - [04/Jun/2023:10:51:39 +0800] "GET /xingrg/all/function/internal_message.html?_=1685847100198&CODE_STATE=getMsg HTTP/1.1" 200 27
218.81.221.158 - - [04/Jun/2023:10:51:42 +0800] "GET /xingrg/check_reg.html?_=1685847128121 HTTP/1.1" 200 22
218.81.221.158 - - [04/Jun/2023:10:51:42 +0800] "GET /xingrg/all/function/internal_message.html?_=1685847128483&CODE_STATE=getMsg HTTP/1.1" 200 27
222.70.180.90 - - [04/Jun/2023:10:51:43 +0800] "POST /xingrg/kc/buy/cgsh_order_operate.html HTTP/1.1" 200 37
114.85.113.108 - - [04/Jun/2023:10:51:45 +0800] "GET /xingrg/all/function/internal_message.html?_=1685847104680&CODE_STATE=getMsg HTTP/1.1" 200 27
101.83.145.52 - - [04/Jun/2023:10:51:46 +0800] "GET /xingrg/all/function/internal_message.html?_=1685846936392&CODE_STATE=getMsg HTTP/1.1" 200 27
101.83.145.52 - - [04/Jun/2023:10:51:49 +0800] "GET /xingrg/kc/buy/cgsh_order_operate.html?command=get_materiel&rest_code=00105&code=00101010079&supplier_code=00100336&order_time=2023-06-04 HTTP/1.1" 200 413
114.83.217.50 - - [04/Jun/2023:10:51:49 +0800] "GET /xingrg/all/function/internal_message.html?_=1685847109003&CODE_STATE=getMsg HTTP/1.1" 200 27
180.169.147.146 - - [04/Jun/2023:10:51:50 +0800] "GET /xingrg/all/function/internal_message.html?_=1685847110982&CODE_STATE=getMsg HTTP/1.1" 200 27
222.70.180.90 - - [04/Jun/2023:10:51:53 +0800] "GET /xingrg/all/function/internal_message.html?_=1685847109395&CODE_STATE=getMsg HTTP/1.1" 200 27
222.70.180.90 - - [04/Jun/2023:10:51:54 +0800] "POST /xingrg/kc/buy/cgsh_order_operate.html HTTP/1.1" 200 9219
222.70.180.90 - - [04/Jun/2023:10:51:56 +0800] "GET /xingrg/kc/print/load_data.html?order_code=212023060401287&kc_code=cgsh&condition= HTTP/1.1" 200 3225
172.20.0.100 - - [04/Jun/2023:10:51:58 +0800] "GET /xingrg/all/function/internal_message.html?_=1685847117838&CODE_STATE=getMsg HTTP/1.1" 200 27
114.83.217.50 - - [04/Jun/2023:10:52:01 +0800] "GET /xingrg/all/function/internal_message.html?_=1685847122050&CODE_STATE=getMsg HTTP/1.1" 200 27
114.83.217.50 - - [04/Jun/2023:10:52:01 +0800] "GET /xingrg/check_reg.html?_=1685847122057 HTTP/1.1" 200 22
101.83.145.52 - - [04/Jun/2023:10:52:03 +0800] "POST /xingrg/kc/buy/cgsh_order_operate.html HTTP/1.1" 200 37
222.70.180.90 - - [04/Jun/2023:10:52:06 +0800] "GET /xingrg/kc/buy/cgsh_order_add.html HTTP/1.1" 200 71529
101.85.192.75 - - [04/Jun/2023:10:52:06 +0800] "GET /xingrg/all/function/internal_message.html?_=1685847125500&CODE_STATE=getMsg HTTP/1.1" 302 -
222.70.180.90 - - [04/Jun/2023:10:52:06 +0800] "POST /xingrg/kc/buy/cgsh_order_operate.html HTTP/1.1" 200 8245
222.70.180.90 - - [04/Jun/2023:10:52:06 +0800] "GET /xingrg/javascript/easyui/themes/default/validatebox.css HTTP/1.1" 404 1104
101.83.145.52 - - [04/Jun/2023:10:52:07 +0800] "POST /xingrg/kc/buy/cgsh_order_operate.html HTTP/1.1" 200 2659
101.83.145.52 - - [04/Jun/2023:10:52:09 +0800] "GET /xingrg/kc/print/load_data.html?order_code=212023060401288&kc_code=cgsh&condition= HTTP/1.1" 200 670
180.169.147.146 - - [04/Jun/2023:10:52:11 +0800] "GET /xingrg/all/function/internal_message.html?_=1685847131660&CODE_STATE=getMsg HTTP/1.1" 200 27
114.83.218.74 - - [04/Jun/2023:10:52:12 +0800] "GET /xingrg/all/function/internal_message.html?_=1685847233753&CODE_STATE=getMsg HTTP/1.1" 200 27
101.83.145.52 - - [04/Jun/2023:10:52:13 +0800] "GET /xingrg/kc/buy/cgsh_order_add.html HTTP/1.1" 200 71655
101.83.145.52 - - [04/Jun/2023:10:52:14 +0800] "POST /xingrg/kc/buy/cgsh_order_operate.html HTTP/1.1" 200 8245
101.83.145.52 - - [04/Jun/2023:10:52:14 +0800] "GET /xingrg/javascript/easyui/themes/default/validatebox.css HTTP/1.1" 404 1104
116.238.139.35 - - [04/Jun/2023:10:52:15 +0800] "GET /xingrg/all/function/internal_message.html?_=1685847135112&CODE_STATE=getMsg HTTP/1.1" 200 27
222.67.234.146 - - [04/Jun/2023:10:52:16 +0800] "GET /xingrg/all/function/internal_message.html?_=1685846640685&CODE_STATE=getMsg HTTP/1.1" 200 27
222.70.180.90 - - [04/Jun/2023:10:52:17 +0800] "GET /xingrg/kc/buy/cgsh_order_operate.html?command=get_materiel&rest_code=00111&code=00101002027&supplier_code=00100199&order_time=2023-06-04 HTTP/1.1" 200 415
124.79.246.33 - - [04/Jun/2023:10:52:18 +0800] "GET /xingrg/all/function/internal_message.html?_=1685847118713&CODE_STATE=getMsg HTTP/1.1" 200 27
101.229.22.40 - - [04/Jun/2023:10:52:19 +0800] "GET /xingrg/all/function/internal_message.html?_=1685847139495&CODE_STATE=getMsg HTTP/1.1" 200 27
116.232.195.127 - - [04/Jun/2023:10:52:19 +0800] "GET /xingrg/all/function/internal_message.html?_=1685847161809&CODE_STATE=getMsg HTTP/1.1" 200 27
180.169.147.146 - - [04/Jun/2023:10:52:21 +0800] "GET /xingrg/all/function/internal_message.html?_=1685847140845&CODE_STATE=getMsg HTTP/1.1" 200 27
101.83.145.52 - - [04/Jun/2023:10:52:23 +0800] "GET /xingrg/kc/buy/cgsh_order_operate.html?command=get_materiel&rest_code=00105&code=00101001060&supplier_code=00100442&order_time=2023-06-04 HTTP/1.1" 200 419
101.83.145.52 - - [04/Jun/2023:10:52:24 +0800] "GET /xingrg/all/function/internal_message.html?_=1685847146215&CODE_STATE=getMsg HTTP/1.1" 200 27
101.85.192.75 - - [04/Jun/2023:10:52:30 +0800] "GET /xingrg/all/function/internal_message.html?_=1685847151203&CODE_STATE=getMsg HTTP/1.1" 200 27
222.70.180.90 - - [04/Jun/2023:10:52:31 +0800] "POST /xingrg/kc/buy/cgsh_order_operate.html HTTP/1.1" 200 37
222.67.234.146 - - [04/Jun/2023:10:52:32 +0800] "GET /xingrg/all/function/internal_message.html?_=1685847153158&CODE_STATE=getMsg HTTP/1.1" 200 27
124.78.154.168 - - [04/Jun/2023:10:52:33 +0800] "GET /xingrg/check_reg.html?_=1685847154604 HTTP/1.1" 200 22
124.78.154.168 - - [04/Jun/2023:10:52:33 +0800] "GET /xingrg/all/function/internal_message.html?_=1685847154607&CODE_STATE=getMsg HTTP/1.1" 200 27
120.253.135.82 - - [04/Jun/2023:10:52:34 +0800] "GET /xingrg/check_reg.html?_=1685846989319 HTTP/1.1" 200 22
101.83.145.52 - - [04/Jun/2023:10:52:35 +0800] "POST /xingrg/kc/buy/cgsh_order_operate.html HTTP/1.1" 200 37
222.70.180.90 - - [04/Jun/2023:10:52:35 +0800] "POST /xingrg/kc/buy/cgsh_order_operate.html HTTP/1.1" 200 2662
222.70.180.90 - - [04/Jun/2023:10:52:37 +0800] "GET /xingrg/kc/print/load_data.html?order_code=212023060401289&kc_code=cgsh&condition= HTTP/1.1" 200 670
101.83.145.52 - - [04/Jun/2023:10:52:38 +0800] "POST /xingrg/kc/buy/cgsh_order_operate.html HTTP/1.1" 200 2666
101.85.192.75 - - [04/Jun/2023:10:52:38 +0800] "GET /xingrg/all/function/internal_message.html?_=1685847192865&CODE_STATE=getMsg HTTP/1.1" 200 27
120.253.135.82 - - [04/Jun/2023:10:52:39 +0800] "GET /xingrg/kc/pszx/mdqp_order_list.html?state=10 HTTP/1.1" 200 10713
120.253.135.82 - - [04/Jun/2023:10:52:39 +0800] "GET /xingrg/dwr/interface/AjaxQqpsService.js HTTP/1.1" 200 16326
120.253.135.82 - - [04/Jun/2023:10:52:39 +0800] "GET /xingrg/dwr/engine.js HTTP/1.1" 200 43631
120.253.135.82 - - [04/Jun/2023:10:52:39 +0800] "GET /xingrg/dwr/interface/AjaxReportQueryService.js HTTP/1.1" 200 13203
180.164.3.199 - - [04/Jun/2023:10:52:39 +0800] "GET /xingrg/all/function/internal_message.html?_=1685847160186&CODE_STATE=getMsg HTTP/1.1" 200 27
222.70.180.90 - - [04/Jun/2023:10:52:41 +0800] "GET /xingrg/kc/buy/cgsh_order_add.html HTTP/1.1" 200 71529
222.70.180.90 - - [04/Jun/2023:10:52:41 +0800] "POST /xingrg/kc/buy/cgsh_order_operate.html HTTP/1.1" 200 8245
222.70.180.90 - - [04/Jun/2023:10:52:41 +0800] "GET /xingrg/javascript/easyui/themes/default/validatebox.css HTTP/1.1" 404 1104
218.81.221.158 - - [04/Jun/2023:10:52:42 +0800] "GET /xingrg/all/function/internal_message.html?_=1685847188497&CODE_STATE=getMsg HTTP/1.1" 200 27
101.83.145.52 - - [04/Jun/2023:10:52:43 +0800] "GET /xingrg/kc/print/load_data.html?order_code=212023060401290&kc_code=cgsh&condition= HTTP/1.1" 200 680
114.85.113.108 - - [04/Jun/2023:10:52:45 +0800] "GET /xingrg/all/function/internal_message.html?_=1685847164680&CODE_STATE=getMsg HTTP/1.1" 200 27
101.83.145.52 - - [04/Jun/2023:10:52:46 +0800] "GET /xingrg/all/function/internal_message.html?_=1685846996381&CODE_STATE=getMsg HTTP/1.1" 200 27
101.83.145.52 - - [04/Jun/2023:10:52:46 +0800] "GET /xingrg/check_reg.html?_=1685846996384 HTTP/1.1" 200 22
120.253.135.82 - - [04/Jun/2023:10:52:47 +0800] "GET /xingrg/kc/pszx/mdqp_order_list.html?state=10 HTTP/1.1" 200 10713
120.253.135.82 - - [04/Jun/2023:10:52:47 +0800] "GET /xingrg/dwr/interface/AjaxQqpsService.js HTTP/1.1" 200 16326
120.253.135.82 - - [04/Jun/2023:10:52:47 +0800] "GET /xingrg/dwr/interface/AjaxReportQueryService.js HTTP/1.1" 200 13203
120.253.135.82 - - [04/Jun/2023:10:52:47 +0800] "GET /xingrg/dwr/engine.js HTTP/1.1" 200 43631
101.83.145.52 - - [04/Jun/2023:10:52:47 +0800] "GET /xingrg/kc/buy/cgsh_order_add.html HTTP/1.1" 200 71655
101.83.145.52 - - [04/Jun/2023:10:52:47 +0800] "POST /xingrg/kc/buy/cgsh_order_operate.html HTTP/1.1" 200 8245
101.83.145.52 - - [04/Jun/2023:10:52:47 +0800] "GET /xingrg/javascript/easyui/themes/default/validatebox.css HTTP/1.1" 404 1104
114.83.217.50 - - [04/Jun/2023:10:52:49 +0800] "GET /xingrg/check_reg.html?_=1685847169006 HTTP/1.1" 200 22
114.83.217.50 - - [04/Jun/2023:10:52:49 +0800] "GET /xingrg/all/function/internal_message.html?_=1685847169008&CODE_STATE=getMsg HTTP/1.1" 200 27
180.169.147.146 - - [04/Jun/2023:10:52:50 +0800] "GET /xingrg/all/function/internal_message.html?_=1685847170982&CODE_STATE=getMsg HTTP/1.1" 200 27
222.70.180.90 - - [04/Jun/2023:10:52:52 +0800] "GET /xingrg/kc/buy/cgsh_order_operate.html?command=get_materiel&rest_code=00111&code=00101007085&supplier_code=00100004&order_time=2023-06-04 HTTP/1.1" 200 413
222.70.180.90 - - [04/Jun/2023:10:52:53 +0800] "GET /xingrg/all/function/internal_message.html?_=1685847169389&CODE_STATE=getMsg HTTP/1.1" 200 27
101.83.145.52 - - [04/Jun/2023:10:52:55 +0800] "GET /xingrg/kc/buy/cgsh_order_operate.html?command=get_materiel&rest_code=00105&code=00101001301&supplier_code=00100430&order_time=2023-06-04 HTTP/1.1" 200 420
172.20.0.100 - - [04/Jun/2023:10:52:58 +0800] "GET /xingrg/all/function/internal_message.html?_=1685847177842&CODE_STATE=getMsg HTTP/1.1" 200 27
101.93.220.211 - - [04/Jun/2023:10:52:59 +0800] "POST /xingrg/services/DataTransmitService HTTP/1.1" 200 524
101.93.220.211 - - [04/Jun/2023:10:53:00 +0800] "POST /xingrg/services/DataTransmitService HTTP/1.1" 200 2159
101.85.192.75 - - [04/Jun/2023:10:53:00 +0800] "GET /favicon.ico HTTP/1.1" 404 -
101.93.220.211 - - [04/Jun/2023:10:53:01 +0800] "POST /xingrg/services/DataTransmitService HTTP/1.1" 200 183027
114.83.217.50 - - [04/Jun/2023:10:53:01 +0800] "GET /xingrg/all/function/internal_message.html?_=1685847182057&CODE_STATE=getMsg HTTP/1.1" 200 27
222.70.180.90 - - [04/Jun/2023:10:53:03 +0800] "GET /xingrg/kc/buy/cgsh_order_operate.html?command=get_materiel&rest_code=00111&code=00101007090&supplier_code=00100004&order_time=2023-06-04 HTTP/1.1" 200 415
101.85.192.75 - - [04/Jun/2023:10:53:06 +0800] "GET /xingrg/all/function/internal_message.html?_=1685847185498&CODE_STATE=getMsg HTTP/1.1" 302 -
101.83.145.52 - - [04/Jun/2023:10:53:07 +0800] "POST /xingrg/kc/buy/cgsh_order_operate.html HTTP/1.1" 200 37
101.83.145.52 - - [04/Jun/2023:10:53:08 +0800] "POST /xingrg/kc/buy/cgsh_order_operate.html HTTP/1.1" 200 2667
180.169.147.146 - - [04/Jun/2023:10:53:11 +0800] "GET /xingrg/all/function/internal_message.html?_=1685847191653&CODE_STATE=getMsg HTTP/1.1" 200 27
114.83.218.74 - - [04/Jun/2023:10:53:12 +0800] "GET /xingrg/all/function/internal_message.html?_=1685847293768&CODE_STATE=getMsg HTTP/1.1" 200 27
116.238.139.35 - - [04/Jun/2023:10:53:15 +0800] "GET /xingrg/all/function/internal_message.html?_=1685847195103&CODE_STATE=getMsg HTTP/1.1" 200 27
222.67.234.146 - - [04/Jun/2023:10:53:16 +0800] "GET /xingrg/all/function/internal_message.html?_=1685846700711&CODE_STATE=getMsg HTTP/1.1" 200 27
101.83.145.52 - - [04/Jun/2023:10:53:16 +0800] "GET /xingrg/kc/print/load_data.html?order_code=212023060401291&kc_code=cgsh&condition= HTTP/1.1" 200 659
124.79.246.33 - - [04/Jun/2023:10:53:18 +0800] "GET /xingrg/check_reg.html?_=1685847178712 HTTP/1.1" 200 22
124.79.246.33 - - [04/Jun/2023:10:53:18 +0800] "GET /xingrg/all/function/internal_message.html?_=1685847178717&CODE_STATE=getMsg HTTP/1.1" 200 27
101.229.22.40 - - [04/Jun/2023:10:53:19 +0800] "GET /xingrg/all/function/internal_message.html?_=1685847199495&CODE_STATE=getMsg HTTP/1.1" 200 27
116.232.195.127 - - [04/Jun/2023:10:53:19 +0800] "GET /xingrg/all/function/internal_message.html?_=1685847221808&CODE_STATE=getMsg HTTP/1.1" 200 27
101.83.145.52 - - [04/Jun/2023:10:53:20 +0800] "GET /xingrg/kc/buy/cgsh_order_add.html HTTP/1.1" 200 71655
101.83.145.52 - - [04/Jun/2023:10:53:21 +0800] "GET /xingrg/javascript/easyui/themes/default/validatebox.css HTTP/1.1" 404 1104
101.83.145.52 - - [04/Jun/2023:10:53:21 +0800] "POST /xingrg/kc/buy/cgsh_order_operate.html HTTP/1.1" 200 8245
222.70.180.90 - - [04/Jun/2023:10:53:21 +0800] "GET /xingrg/kc/buy/cgsh_order_operate.html?command=get_materiel&rest_code=00111&code=00101007061&supplier_code=00100004&order_time=2023-06-04 HTTP/1.1" 200 409
180.169.147.146 - - [04/Jun/2023:10:53:21 +0800] "GET /xingrg/all/function/internal_message.html?_=1685847200832&CODE_STATE=getMsg HTTP/1.1" 200 27
101.83.145.52 - - [04/Jun/2023:10:53:24 +0800] "GET /xingrg/all/function/internal_message.html?_=1685847206195&CODE_STATE=getMsg HTTP/1.1" 200 27
101.85.192.75 - - [04/Jun/2023:10:53:30 +0800] "GET /xingrg/all/function/internal_message.html?_=1685847211195&CODE_STATE=getMsg HTTP/1.1" 200 27
222.70.180.90 - - [04/Jun/2023:10:53:32 +0800] "POST /xingrg/kc/buy/cgsh_order_operate.html HTTP/1.1" 200 37
222.67.234.146 - - [04/Jun/2023:10:53:32 +0800] "GET /xingrg/all/function/internal_message.html?_=1685847213159&CODE_STATE=getMsg HTTP/1.1" 200 27
124.78.154.168 - - [04/Jun/2023:10:53:33 +0800] "GET /xingrg/all/function/internal_message.html?_=1685847214606&CODE_STATE=getMsg HTTP/1.1" 200 27
101.83.145.52 - - [04/Jun/2023:10:53:36 +0800] "GET /xingrg/kc/buy/cgsh_order_operate.html?command=get_materiel&rest_code=00105&code=00101010143&supplier_code=00100327&order_time=2023-06-04 HTTP/1.1" 200 413
222.70.180.90 - - [04/Jun/2023:10:53:37 +0800] "POST /xingrg/kc/buy/cgsh_order_operate.html HTTP/1.1" 200 3836
101.85.192.75 - - [04/Jun/2023:10:53:38 +0800] "GET /xingrg/all/function/internal_message.html?_=1685847252864&CODE_STATE=getMsg HTTP/1.1" 200 27
222.70.180.90 - - [04/Jun/2023:10:53:39 +0800] "GET /xingrg/kc/print/load_data.html?order_code=212023060401292&kc_code=cgsh&condition= HTTP/1.1" 200 1163
180.164.3.199 - - [04/Jun/2023:10:53:39 +0800] "GET /xingrg/all/function/internal_message.html?_=1685847220178&CODE_STATE=getMsg HTTP/1.1" 200 27
218.81.221.158 - - [04/Jun/2023:10:53:42 +0800] "GET /xingrg/all/function/internal_message.html?_=1685847248512&CODE_STATE=getMsg HTTP/1.1" 200 27
114.85.113.108 - - [04/Jun/2023:10:53:45 +0800] "GET /xingrg/all/function/internal_message.html?_=1685847224678&CODE_STATE=getMsg HTTP/1.1" 200 27
114.85.113.108 - - [04/Jun/2023:10:53:45 +0800] "GET /xingrg/check_reg.html?_=1685847224680 HTTP/1.1" 200 22
101.83.145.52 - - [04/Jun/2023:10:53:46 +0800] "GET /xingrg/all/function/internal_message.html?_=1685847056390&CODE_STATE=getMsg HTTP/1.1" 200 27
101.83.145.52 - - [04/Jun/2023:10:53:47 +0800] "GET /xingrg/kc/buy/cgsh_order_operate.html?command=get_materiel&rest_code=00105&code=00101001141&supplier_code=00100327&order_time=2023-06-04 HTTP/1.1" 200 413
114.83.217.50 - - [04/Jun/2023:10:53:49 +0800] "GET /xingrg/all/function/internal_message.html?_=1685847229008&CODE_STATE=getMsg HTTP/1.1" 200 27
180.169.147.146 - - [04/Jun/2023:10:53:50 +0800] "GET /xingrg/check_reg.html?_=1685847231008 HTTP/1.1" 200 22
180.169.147.146 - - [04/Jun/2023:10:53:50 +0800] "GET /xingrg/all/function/internal_message.html?_=1685847231021&CODE_STATE=getMsg HTTP/1.1" 200 27
222.70.180.90 - - [04/Jun/2023:10:53:53 +0800] "GET /xingrg/all/function/internal_message.html?_=1685847229364&CODE_STATE=getMsg HTTP/1.1" 200 27
172.20.0.100 - - [04/Jun/2023:10:53:58 +0800] "GET /xingrg/all/function/internal_message.html?_=1685847237845&CODE_STATE=getMsg HTTP/1.1" 200 27
114.83.217.50 - - [04/Jun/2023:10:53:58 +0800] "GET /xingrg/all/report/report_query.html?fileName=dma/new_5.0/menu/menu_category_hz.xml HTTP/1.1" 200 53064
114.83.217.50 - - [04/Jun/2023:10:53:58 +0800] "GET /xingrg/dwr/interface/AjaxReportQueryService.js HTTP/1.1" 200 13203
114.83.217.50 - - [04/Jun/2023:10:53:58 +0800] "GET /xingrg/dwr/engine.js HTTP/1.1" 200 43631
114.83.217.50 - - [04/Jun/2023:10:53:59 +0800] "POST /xingrg/dwr/call/plaincall/AjaxReportQueryService.getFixDate.dwr HTTP/1.1" 200 111
114.83.217.50 - - [04/Jun/2023:10:53:59 +0800] "POST /xingrg/all/common/load_tree.html?tree=area_station_tree_json&manage=1 HTTP/1.1" 200 3393
114.83.217.50 - - [04/Jun/2023:10:54:00 +0800] "GET /xingrg/all/report/report_query.html?fileName=dma/new_5.0/menu/menu_stca_hz.xml HTTP/1.1" 200 51418
114.83.217.50 - - [04/Jun/2023:10:54:00 +0800] "GET /xingrg/dwr/interface/AjaxReportQueryService.js HTTP/1.1" 200 13203
114.83.217.50 - - [04/Jun/2023:10:54:00 +0800] "GET /xingrg/dwr/engine.js HTTP/1.1" 200 43631
114.83.217.50 - - [04/Jun/2023:10:54:00 +0800] "POST /xingrg/dwr/call/plaincall/AjaxReportQueryService.getFixDate.dwr HTTP/1.1" 200 111
114.83.217.50 - - [04/Jun/2023:10:54:01 +0800] "POST /xingrg/all/common/load_tree.html?tree=area_station_tree_json&manage=1 HTTP/1.1" 200 3393
114.83.217.50 - - [04/Jun/2023:10:54:01 +0800] "GET /xingrg/all/function/internal_message.html?_=1685847242057&CODE_STATE=getMsg HTTP/1.1" 200 27
114.83.217.50 - - [04/Jun/2023:10:54:02 +0800] "GET /xingrg/all/report/report_query.html?fileName=dma/new_5.0/menu/menu_category_hz.xml HTTP/1.1" 200 53064
114.83.217.50 - - [04/Jun/2023:10:54:02 +0800] "GET /xingrg/dwr/interface/AjaxReportQueryService.js HTTP/1.1" 200 13203
114.83.217.50 - - [04/Jun/2023:10:54:02 +0800] "GET /xingrg/dwr/engine.js HTTP/1.1" 200 43631
114.83.217.50 - - [04/Jun/2023:10:54:02 +0800] "POST /xingrg/dwr/call/plaincall/AjaxReportQueryService.getFixDate.dwr HTTP/1.1" 200 111
114.83.217.50 - - [04/Jun/2023:10:54:03 +0800] "POST /xingrg/all/common/load_tree.html?tree=area_station_tree_json&manage=1 HTTP/1.1" 200 3393
101.83.145.52 - - [04/Jun/2023:10:54:05 +0800] "GET /xingrg/kc/buy/cgsh_order_operate.html?command=get_materiel&rest_code=00105&code=00101008486&supplier_code=00100327&order_time=2023-06-04 HTTP/1.1" 200 414
101.85.192.75 - - [04/Jun/2023:10:54:06 +0800] "GET /xingrg/all/function/internal_message.html?_=1685847245497&CODE_STATE=getMsg HTTP/1.1" 302 -
114.83.217.50 - - [04/Jun/2023:10:54:10 +0800] "GET /xingrg/kc/report/report_main.html HTTP/1.1" 200 7340
180.169.147.146 - - [04/Jun/2023:10:54:11 +0800] "GET /xingrg/check_reg.html?_=1685847251653 HTTP/1.1" 200 22
180.169.147.146 - - [04/Jun/2023:10:54:11 +0800] "GET /xingrg/all/function/internal_message.html?_=1685847251658&CODE_STATE=getMsg HTTP/1.1" 200 27
114.83.217.50 - - [04/Jun/2023:10:54:11 +0800] "GET /xingrg/kc/base/kc_stocks.html HTTP/1.1" 200 16512
114.83.217.50 - - [04/Jun/2023:10:54:11 +0800] "GET /xingrg/javascript/easyui/themes/default/tree.css HTTP/1.1" 404 1090
114.83.217.50 - - [04/Jun/2023:10:54:11 +0800] "GET /xingrg/all/common/auto_word.html?type=base&rest_code=00149 HTTP/1.1" 200 1907
114.83.217.50 - - [04/Jun/2023:10:54:11 +0800] "POST /xingrg/all/common/load_tree.html?tree=materiel_sort_tree_json HTTP/1.1" 200 9500
218.81.70.13 - - [04/Jun/2023:10:54:12 +0800] "GET /xingrg/check_reg.html?_=1685847251964 HTTP/1.1" 200 22
114.83.218.74 - - [04/Jun/2023:10:54:12 +0800] "GET /xingrg/check_reg.html?_=1685847353767 HTTP/1.1" 200 22
114.83.218.74 - - [04/Jun/2023:10:54:12 +0800] "GET /xingrg/all/function/internal_message.html?_=1685847353768&CODE_STATE=getMsg HTTP/1.1" 200 27
101.83.145.52 - - [04/Jun/2023:10:54:14 +0800] "POST /xingrg/kc/buy/cgsh_order_operate.html HTTP/1.1" 200 37
101.83.145.52 - - [04/Jun/2023:10:54:15 +0800] "POST /xingrg/kc/buy/cgsh_order_operate.html HTTP/1.1" 200 3845
116.238.139.35 - - [04/Jun/2023:10:54:15 +0800] "GET /xingrg/all/function/internal_message.html?_=1685847255104&CODE_STATE=getMsg HTTP/1.1" 200 27
222.67.234.146 - - [04/Jun/2023:10:54:16 +0800] "GET /xingrg/all/function/internal_message.html?_=1685846760682&CODE_STATE=getMsg HTTP/1.1" 200 27
101.83.145.52 - - [04/Jun/2023:10:54:17 +0800] "GET /xingrg/kc/print/load_data.html?order_code=212023060401293&kc_code=cgsh&condition= HTTP/1.1" 200 1121
124.79.246.33 - - [04/Jun/2023:10:54:18 +0800] "GET /xingrg/all/function/internal_message.html?_=1685847238698&CODE_STATE=getMsg HTTP/1.1" 200 27
114.83.217.50 - - [04/Jun/2023:10:54:19 +0800] "POST /xingrg/kc/base/stock_operate.html HTTP/1.1" 200 3884
101.229.22.40 - - [04/Jun/2023:10:54:19 +0800] "GET /xingrg/check_reg.html?_=1685847259495 HTTP/1.1" 200 22
101.229.22.40 - - [04/Jun/2023:10:54:19 +0800] "GET /xingrg/all/function/internal_message.html?_=1685847259497&CODE_STATE=getMsg HTTP/1.1" 200 27
116.232.195.127 - - [04/Jun/2023:10:54:19 +0800] "GET /xingrg/all/function/internal_message.html?_=1685847281800&CODE_STATE=getMsg HTTP/1.1" 200 27
101.83.145.52 - - [04/Jun/2023:10:54:20 +0800] "GET /xingrg/kc/buy/cgsh_order_add.html HTTP/1.1" 200 71655
101.83.145.52 - - [04/Jun/2023:10:54:21 +0800] "POST /xingrg/kc/buy/cgsh_order_operate.html HTTP/1.1" 200 8245
101.83.145.52 - - [04/Jun/2023:10:54:21 +0800] "GET /xingrg/javascript/easyui/themes/default/validatebox.css HTTP/1.1" 404 1104
180.169.147.146 - - [04/Jun/2023:10:54:21 +0800] "GET /xingrg/all/function/internal_message.html?_=1685847260836&CODE_STATE=getMsg HTTP/1.1" 200 27
114.83.217.50 - - [04/Jun/2023:10:54:22 +0800] "GET /xingrg/kc/base/stock_detail.html?m=00101009059 HTTP/1.1" 200 7397
101.83.145.52 - - [04/Jun/2023:10:54:24 +0800] "GET /xingrg/all/function/internal_message.html?_=1685847266178&CODE_STATE=getMsg HTTP/1.1" 200 27
114.83.217.50 - - [04/Jun/2023:10:54:24 +0800] "GET /xingrg/kc/base/stock_operate.html?_=1685847264675&command=get_report_file&start_day=20230501 HTTP/1.1" 200 53
114.83.217.50 - - [04/Jun/2023:10:54:24 +0800] "GET /xingrg/all/report/report_query.html?isQuery=1&onlyBody=1&rh=2000&fileName=kc/base/kc_stock_detail_new.xml&queryString=(1=1)&queryText=&tableQueryString=init_table$sp1$$sp$crk_table$sp1$order_day%20between%2020230501%20and%2020230630&varString=start_day:20230501,materiel_code:00101009059,cost_id:4369,end_date:20230430 HTTP/1.1" 200 48701
114.83.217.50 - - [04/Jun/2023:10:54:25 +0800] "GET /xingrg/dwr/interface/AjaxReportQueryService.js HTTP/1.1" 200 13203
114.83.217.50 - - [04/Jun/2023:10:54:25 +0800] "GET /xingrg/dwr/engine.js HTTP/1.1" 200 43631
114.83.217.50 - - [04/Jun/2023:10:54:26 +0800] "POST /xingrg/all/report/load_report_page.html HTTP/1.1" 200 59343
114.83.217.50 - - [04/Jun/2023:10:54:27 +0800] "GET /xingrg/servlets/image?cache=0.7912697192321946&image=px HTTP/1.1" 200 807
101.85.192.75 - - [04/Jun/2023:10:54:30 +0800] "GET /xingrg/all/function/internal_message.html?_=1685847271172&CODE_STATE=getMsg HTTP/1.1" 200 27
101.85.192.75 - - [04/Jun/2023:10:54:30 +0800] "GET /xingrg/check_reg.html?_=1685847271824 HTTP/1.1" 200 22
222.67.234.146 - - [04/Jun/2023:10:54:32 +0800] "GET /xingrg/all/function/internal_message.html?_=1685847273160&CODE_STATE=getMsg HTTP/1.1" 200 27
124.78.154.168 - - [04/Jun/2023:10:54:34 +0800] "GET /xingrg/all/function/internal_message.html?_=1685847274611&CODE_STATE=getMsg HTTP/1.1" 200 27
101.83.145.52 - - [04/Jun/2023:10:54:35 +0800] "GET /xingrg/kc/buy/cgsh_order_operate.html?command=get_materiel&rest_code=00105&code=00101001045&supplier_code=00100439&order_time=2023-06-04 HTTP/1.1" 200 423
114.83.217.50 - - [04/Jun/2023:10:54:36 +0800] "GET /xingrg/kc/guide/show_order.html?code=212023053111694&type=21 HTTP/1.1" 302 -
222.70.180.90 - - [04/Jun/2023:10:54:37 +0800] "GET /xingrg/kc/buy/cgsh_order_add.html HTTP/1.1" 200 71529
222.70.180.90 - - [04/Jun/2023:10:54:38 +0800] "POST /xingrg/kc/buy/cgsh_order_operate.html HTTP/1.1" 200 8245
222.70.180.90 - - [04/Jun/2023:10:54:38 +0800] "GET /xingrg/javascript/easyui/themes/default/validatebox.css HTTP/1.1" 404 1104
114.83.217.50 - - [04/Jun/2023:10:54:38 +0800] "GET /xingrg/kc/buy/cgsh_order_info.html?code=212023053111694&sysBaseUrl=http%3A%2F%2F180.169.147.146%3A18081%2Fxingrg%2F&costTime=0×tamp=1685847276943 HTTP/1.1" 200 66827
114.83.217.50 - - [04/Jun/2023:10:54:38 +0800] "GET /xingrg/words/20230604100100_words.js HTTP/1.1" 200 967009
114.83.217.50 - - [04/Jun/2023:10:54:38 +0800] "GET /favicon.ico HTTP/1.1" 404 -
101.85.192.75 - - [04/Jun/2023:10:54:38 +0800] "GET /xingrg/all/function/internal_message.html?_=1685847312864&CODE_STATE=getMsg HTTP/1.1" 200 27
114.83.217.50 - - [04/Jun/2023:10:54:39 +0800] "GET /xingrg/javascript/easyui/themes/default/validatebox.css HTTP/1.1" 404 1104
180.164.3.199 - - [04/Jun/2023:10:54:39 +0800] "GET /xingrg/all/function/internal_message.html?_=1685847280161&CODE_STATE=getMsg HTTP/1.1" 200 27
114.83.217.50 - - [04/Jun/2023:10:54:40 +0800] "POST /xingrg/kc/buy/cgsh_order_operate.html HTTP/1.1" 200 1195
180.164.3.199 - - [04/Jun/2023:10:54:40 +0800] "GET /xingrg/check_reg.html?_=1685847281150 HTTP/1.1" 200 22
101.83.145.52 - - [04/Jun/2023:10:54:42 +0800] "GET /xingrg/kc/buy/cgsh_order_operate.html?command=get_materiel&rest_code=00105&code=00101001138&supplier_code=00100439&order_time=2023-06-04 HTTP/1.1" 200 413
218.81.221.158 - - [04/Jun/2023:10:54:42 +0800] "GET /xingrg/all/function/internal_message.html?_=1685847308613&CODE_STATE=getMsg HTTP/1.1" 200 27
114.85.113.108 - - [04/Jun/2023:10:54:45 +0800] "GET /xingrg/all/function/internal_message.html?_=1685847284685&CODE_STATE=getMsg HTTP/1.1" 200 27
222.70.180.90 - - [04/Jun/2023:10:54:45 +0800] "GET /xingrg/check_reg.html?_=1685847281146 HTTP/1.1" 200 22
101.83.145.52 - - [04/Jun/2023:10:54:46 +0800] "GET /xingrg/all/function/internal_message.html?_=1685847116379&CODE_STATE=getMsg HTTP/1.1" 200 27
114.83.217.50 - - [04/Jun/2023:10:54:49 +0800] "GET /xingrg/all/function/internal_message.html?_=1685847289005&CODE_STATE=getMsg HTTP/1.1" 200 27
180.169.147.146 - - [04/Jun/2023:10:54:50 +0800] "GET /xingrg/all/function/internal_message.html?_=1685847291005&CODE_STATE=getMsg HTTP/1.1" 200 27
222.70.180.90 - - [04/Jun/2023:10:54:53 +0800] "GET /xingrg/all/function/internal_message.html?_=1685847289340&CODE_STATE=getMsg HTTP/1.1" 200 27
101.83.145.52 - - [04/Jun/2023:10:54:55 +0800] "POST /xingrg/kc/buy/cgsh_order_operate.html HTTP/1.1" 200 37
222.70.180.90 - - [04/Jun/2023:10:54:57 +0800] "GET /xingrg/kc/buy/cgsh_order_operate.html?command=get_materiel&rest_code=00111&code=00101008403&supplier_code=00100005&order_time=2023-06-04 HTTP/1.1" 200 412
172.20.0.100 - - [04/Jun/2023:10:54:58 +0800] "GET /xingrg/all/function/internal_message.html?_=1685847297832&CODE_STATE=getMsg HTTP/1.1" 200 27
101.83.145.52 - - [04/Jun/2023:10:55:00 +0800] "POST /xingrg/kc/buy/cgsh_order_operate.html HTTP/1.1" 200 2662
114.83.217.50 - - [04/Jun/2023:10:55:01 +0800] "GET /xingrg/all/function/internal_message.html?_=1685847302055&CODE_STATE=getMsg HTTP/1.1" 200 27
101.83.145.52 - - [04/Jun/2023:10:55:02 +0800] "GET /xingrg/kc/print/load_data.html?order_code=212023060401294&kc_code=cgsh&condition= HTTP/1.1" 200 679
101.83.145.52 - - [04/Jun/2023:10:55:06 +0800] "GET /xingrg/kc/buy/cgsh_order_add.html HTTP/1.1" 200 71655
101.85.192.75 - - [04/Jun/2023:10:55:06 +0800] "GET /xingrg/all/function/internal_message.html?_=1685847305495&CODE_STATE=getMsg HTTP/1.1" 302 -
101.83.145.52 - - [04/Jun/2023:10:55:06 +0800] "POST /xingrg/kc/buy/cgsh_order_operate.html HTTP/1.1" 200 8245
101.83.145.52 - - [04/Jun/2023:10:55:06 +0800] "GET /xingrg/javascript/easyui/themes/default/validatebox.css HTTP/1.1" 404 1104
222.70.180.90 - - [04/Jun/2023:10:55:09 +0800] "GET /xingrg/kc/buy/cgsh_order_operate.html?command=get_materiel&rest_code=00111&code=00101008087&supplier_code=00100005&order_time=2023-06-04 HTTP/1.1" 200 412
180.169.147.146 - - [04/Jun/2023:10:55:11 +0800] "GET /xingrg/all/function/internal_message.html?_=1685847311659&CODE_STATE=getMsg HTTP/1.1" 200 27
114.83.218.74 - - [04/Jun/2023:10:55:12 +0800] "GET /xingrg/all/function/internal_message.html?_=1685847413767&CODE_STATE=getMsg HTTP/1.1" 200 27
116.238.139.35 - - [04/Jun/2023:10:55:15 +0800] "GET /xingrg/all/function/internal_message.html?_=1685847315106&CODE_STATE=getMsg HTTP/1.1" 200 27
116.238.139.35 - - [04/Jun/2023:10:55:15 +0800] "GET /xingrg/check_reg.html?_=1685847315116 HTTP/1.1" 200 22
222.67.234.146 - - [04/Jun/2023:10:55:16 +0800] "GET /xingrg/all/function/internal_message.html?_=1685846820708&CODE_STATE=getMsg HTTP/1.1" 200 27
222.70.180.90 - - [04/Jun/2023:10:55:17 +0800] "GET /xingrg/kc/buy/cgsh_order_operate.html?command=get_materiel&rest_code=00111&code=00101008155&supplier_code=00100005&order_time=2023-06-04 HTTP/1.1" 200 408
124.79.246.33 - - [04/Jun/2023:10:55:18 +0800] "GET /xingrg/all/function/internal_message.html?_=1685847298700&CODE_STATE=getMsg HTTP/1.1" 200 27
101.229.22.40 - - [04/Jun/2023:10:55:19 +0800] "GET /xingrg/all/function/internal_message.html?_=1685847319497&CODE_STATE=getMsg HTTP/1.1" 200 27
116.232.195.127 - - [04/Jun/2023:10:55:19 +0800] "GET /xingrg/all/function/internal_message.html?_=1685847341800&CODE_STATE=getMsg HTTP/1.1" 200 27
101.83.145.52 - - [04/Jun/2023:10:55:20 +0800] "GET /xingrg/kc/buy/cgsh_order_operate.html?command=get_materiel&rest_code=00105&code=00101020148&supplier_code=00100329&order_time=2023-06-04 HTTP/1.1" 200 421
180.169.147.146 - - [04/Jun/2023:10:55:21 +0800] "GET /xingrg/all/function/internal_message.html?_=1685847320849&CODE_STATE=getMsg HTTP/1.1" 200 27
101.83.145.52 - - [04/Jun/2023:10:55:24 +0800] "GET /xingrg/all/function/internal_message.html?_=1685847326154&CODE_STATE=getMsg HTTP/1.1" 200 27
101.83.145.52 - - [04/Jun/2023:10:55:27 +0800] "GET /xingrg/check_reg.html?_=1685847328743 HTTP/1.1" 200 22
101.83.145.52 - - [04/Jun/2023:10:55:29 +0800] "POST /xingrg/kc/buy/cgsh_order_operate.html HTTP/1.1" 200 37
101.85.192.75 - - [04/Jun/2023:10:55:30 +0800] "GET /xingrg/all/function/internal_message.html?_=1685847331166&CODE_STATE=getMsg HTTP/1.1" 200 27
222.70.180.90 - - [04/Jun/2023:10:55:31 +0800] "GET /xingrg/kc/buy/cgsh_order_operate.html?command=get_materiel&rest_code=00111&code=00101008003&supplier_code=00100005&order_time=2023-06-04 HTTP/1.1" 200 408
222.67.234.146 - - [04/Jun/2023:10:55:32 +0800] "GET /xingrg/all/function/internal_message.html?_=1685847333186&CODE_STATE=getMsg HTTP/1.1" 200 27
101.83.145.52 - - [04/Jun/2023:10:55:33 +0800] "POST /xingrg/kc/buy/cgsh_order_operate.html HTTP/1.1" 200 2666
124.78.154.168 - - [04/Jun/2023:10:55:33 +0800] "GET /xingrg/all/function/internal_message.html?_=1685847334604&CODE_STATE=getMsg HTTP/1.1" 200 27
101.83.145.52 - - [04/Jun/2023:10:55:35 +0800] "GET /xingrg/kc/print/load_data.html?order_code=212023060401295&kc_code=cgsh&condition= HTTP/1.1" 200 685
101.85.192.75 - - [04/Jun/2023:10:55:38 +0800] "GET /xingrg/all/function/internal_message.html?_=1685847372862&CODE_STATE=getMsg HTTP/1.1" 200 27
180.164.3.199 - - [04/Jun/2023:10:55:39 +0800] "GET /xingrg/all/function/internal_message.html?_=1685847340145&CODE_STATE=getMsg HTTP/1.1" 200 27
101.83.145.52 - - [04/Jun/2023:10:55:40 +0800] "GET /xingrg/kc/buy/cgsh_order_add.html HTTP/1.1" 200 71655
101.83.145.52 - - [04/Jun/2023:10:55:40 +0800] "POST /xingrg/kc/buy/cgsh_order_operate.html HTTP/1.1" 200 8245
101.83.145.52 - - [04/Jun/2023:10:55:40 +0800] "GET /xingrg/javascript/easyui/themes/default/validatebox.css HTTP/1.1" 404 1104
218.81.221.158 - - [04/Jun/2023:10:55:42 +0800] "GET /xingrg/all/function/internal_message.html?_=1685847368616&CODE_STATE=getMsg HTTP/1.1" 200 27
114.85.113.108 - - [04/Jun/2023:10:55:45 +0800] "GET /xingrg/all/function/internal_message.html?_=1685847344683&CODE_STATE=getMsg HTTP/1.1" 200 27
101.83.145.52 - - [04/Jun/2023:10:55:46 +0800] "GET /xingrg/all/function/internal_message.html?_=1685847176405&CODE_STATE=getMsg HTTP/1.1" 200 27
222.70.180.90 - - [04/Jun/2023:10:55:48 +0800] "GET /xingrg/kc/buy/cgsh_order_operate.html?command=get_materiel&rest_code=00111&code=00101008072&supplier_code=00100005&order_time=2023-06-04 HTTP/1.1" 200 408
114.83.217.50 - - [04/Jun/2023:10:55:49 +0800] "GET /xingrg/all/function/internal_message.html?_=1685847348996&CODE_STATE=getMsg HTTP/1.1" 200 27
101.83.145.52 - - [04/Jun/2023:10:55:50 +0800] "GET /xingrg/kc/buy/cgsh_order_operate.html?command=get_materiel&rest_code=00105&code=00101010088&supplier_code=00100323&order_time=2023-06-04 HTTP/1.1" 200 418
180.169.147.146 - - [04/Jun/2023:10:55:50 +0800] "GET /xingrg/all/function/internal_message.html?_=1685847351005&CODE_STATE=getMsg HTTP/1.1" 200 27
222.70.180.90 - - [04/Jun/2023:10:55:53 +0800] "GET /xingrg/all/function/internal_message.html?_=1685847349321&CODE_STATE=getMsg HTTP/1.1" 200 27
172.20.0.100 - - [04/Jun/2023:10:55:58 +0800] "GET /xingrg/check_reg.html?_=1685847357836 HTTP/1.1" 200 22
172.20.0.100 - - [04/Jun/2023:10:55:58 +0800] "GET /xingrg/all/function/internal_message.html?_=1685847357839&CODE_STATE=getMsg HTTP/1.1" 200 27
114.83.217.50 - - [04/Jun/2023:10:56:01 +0800] "GET /xingrg/all/function/internal_message.html?_=1685847362066&CODE_STATE=getMsg HTTP/1.1" 200 27
101.83.145.52 - - [04/Jun/2023:10:56:02 +0800] "GET /xingrg/kc/buy/cgsh_order_operate.html?command=get_materiel&rest_code=00105&code=00101010772&supplier_code=00100323&order_time=2023-06-04 HTTP/1.1" 200 456
101.85.192.75 - - [04/Jun/2023:10:56:06 +0800] "GET /xingrg/check_reg.html?_=1685847365494 HTTP/1.1" 302 -
101.85.192.75 - - [04/Jun/2023:10:56:06 +0800] "GET /xingrg/all/function/internal_message.html?_=1685847365495&CODE_STATE=getMsg HTTP/1.1" 302 -
180.169.147.146 - - [04/Jun/2023:10:56:11 +0800] "GET /xingrg/all/function/internal_message.html?_=1685847371653&CODE_STATE=getMsg HTTP/1.1" 200 27
124.78.154.168 - - [04/Jun/2023:10:56:12 +0800] "GET /xingrg/kc/base/wldb_order_operate.html?command=get_materiel&rest_code=00106&base_code=0010397&code=00102002166 HTTP/1.1" 200 451
114.83.218.74 - - [04/Jun/2023:10:56:12 +0800] "GET /xingrg/all/function/internal_message.html?_=1685847473758&CODE_STATE=getMsg HTTP/1.1" 200 27
222.67.234.146 - - [04/Jun/2023:10:56:16 +0800] "GET /xingrg/check_reg.html?_=1685846880707 HTTP/1.1" 200 22
222.67.234.146 - - [04/Jun/2023:10:56:16 +0800] "GET /xingrg/all/function/internal_message.html?_=1685846880705&CODE_STATE=getMsg HTTP/1.1" 200 27
124.79.246.33 - - [04/Jun/2023:10:56:18 +0800] "GET /xingrg/all/function/internal_message.html?_=1685847358695&CODE_STATE=getMsg HTTP/1.1" 200 27
101.83.145.52 - - [04/Jun/2023:10:56:19 +0800] "GET /xingrg/kc/buy/cgsh_order_operate.html?command=get_materiel&rest_code=00105&code=00101010063&supplier_code=00100323&order_time=2023-06-04 HTTP/1.1" 200 409
101.229.22.40 - - [04/Jun/2023:10:56:19 +0800] "GET /xingrg/all/function/internal_message.html?_=1685847379522&CODE_STATE=getMsg HTTP/1.1" 200 27
116.232.195.127 - - [04/Jun/2023:10:56:19 +0800] "GET /xingrg/all/function/internal_message.html?_=1685847401795&CODE_STATE=getMsg HTTP/1.1" 200 27
116.232.195.127 - - [04/Jun/2023:10:56:19 +0800] "GET /xingrg/check_reg.html?_=1685847401801 HTTP/1.1" 200 22
180.169.147.146 - - [04/Jun/2023:10:56:21 +0800] "GET /xingrg/check_reg.html?_=1685847380842 HTTP/1.1" 200 22
180.169.147.146 - - [04/Jun/2023:10:56:21 +0800] "GET /xingrg/all/function/internal_message.html?_=1685847380849&CODE_STATE=getMsg HTTP/1.1" 200 27
101.83.145.52 - - [04/Jun/2023:10:56:24 +0800] "GET /xingrg/all/function/internal_message.html?_=1685847386181&CODE_STATE=getMsg HTTP/1.1" 200 27
222.70.180.90 - - [04/Jun/2023:10:56:25 +0800] "GET /xingrg/kc/buy/cgsh_order_operate.html?command=get_materiel&rest_code=00111&code=00101008356&supplier_code=00100005&order_time=2023-06-04 HTTP/1.1" 200 408
101.85.192.75 - - [04/Jun/2023:10:56:30 +0800] "GET /xingrg/all/function/internal_message.html?_=1685847391165&CODE_STATE=getMsg HTTP/1.1" 200 27
222.67.234.146 - - [04/Jun/2023:10:56:32 +0800] "GET /xingrg/all/function/internal_message.html?_=1685847393187&CODE_STATE=getMsg HTTP/1.1" 200 27
222.67.234.146 - - [04/Jun/2023:10:56:32 +0800] "GET /xingrg/check_reg.html?_=1685847393188 HTTP/1.1" 200 22
101.83.145.52 - - [04/Jun/2023:10:56:33 +0800] "GET /xingrg/kc/buy/cgsh_order_operate.html?command=get_materiel&rest_code=00105&code=00101008113&supplier_code=00100323&order_time=2023-06-04 HTTP/1.1" 200 413
124.78.154.168 - - [04/Jun/2023:10:56:34 +0800] "GET /xingrg/all/function/internal_message.html?_=1685847394628&CODE_STATE=getMsg HTTP/1.1" 200 27
101.85.192.75 - - [04/Jun/2023:10:56:38 +0800] "GET /xingrg/all/function/internal_message.html?_=1685847432862&CODE_STATE=getMsg HTTP/1.1" 200 27
101.85.192.75 - - [04/Jun/2023:10:56:38 +0800] "GET /xingrg/check_reg.html?_=1685847432864 HTTP/1.1" 200 22
180.164.3.199 - - [04/Jun/2023:10:56:39 +0800] "GET /xingrg/all/function/internal_message.html?_=1685847400127&CODE_STATE=getMsg HTTP/1.1" 200 27
218.81.221.158 - - [04/Jun/2023:10:56:42 +0800] "GET /xingrg/check_reg.html?_=1685847428204 HTTP/1.1" 200 22
218.81.221.158 - - [04/Jun/2023:10:56:42 +0800] "GET /xingrg/all/function/internal_message.html?_=1685847428629&CODE_STATE=getMsg HTTP/1.1" 200 27
101.83.145.52 - - [04/Jun/2023:10:56:42 +0800] "POST /xingrg/kc/buy/cgsh_order_operate.html HTTP/1.1" 200 37
101.83.145.52 - - [04/Jun/2023:10:56:44 +0800] "POST /xingrg/kc/buy/cgsh_order_operate.html HTTP/1.1" 200 4467
114.85.113.108 - - [04/Jun/2023:10:56:45 +0800] "GET /xingrg/all/function/internal_message.html?_=1685847404688&CODE_STATE=getMsg HTTP/1.1" 200 27
101.83.145.52 - - [04/Jun/2023:10:56:45 +0800] "GET /xingrg/kc/print/load_data.html?order_code=212023060401296&kc_code=cgsh&condition= HTTP/1.1" 200 1385
101.83.145.52 - - [04/Jun/2023:10:56:46 +0800] "GET /xingrg/all/function/internal_message.html?_=1685847236413&CODE_STATE=getMsg HTTP/1.1" 200 27
222.70.180.90 - - [04/Jun/2023:10:56:47 +0800] "GET /xingrg/kc/buy/cgsh_order_operate.html?command=get_materiel&rest_code=00111&code=00101008005&supplier_code=00100005&order_time=2023-06-04 HTTP/1.1" 200 412
114.83.217.50 - - [04/Jun/2023:10:56:49 +0800] "GET /xingrg/all/function/internal_message.html?_=1685847409006&CODE_STATE=getMsg HTTP/1.1" 200 27
180.169.147.146 - - [04/Jun/2023:10:56:50 +0800] "GET /xingrg/all/function/internal_message.html?_=1685847411012&CODE_STATE=getMsg HTTP/1.1" 200 27
222.70.180.90 - - [04/Jun/2023:10:56:53 +0800] "GET /xingrg/all/function/internal_message.html?_=1685847409302&CODE_STATE=getMsg HTTP/1.1" 200 27
172.20.0.100 - - [04/Jun/2023:10:56:58 +0800] "GET /xingrg/all/function/internal_message.html?_=1685847417839&CODE_STATE=getMsg HTTP/1.1" 200 27
114.83.217.50 - - [04/Jun/2023:10:57:01 +0800] "GET /xingrg/all/function/internal_message.html?_=1685847422066&CODE_STATE=getMsg HTTP/1.1" 200 27
114.83.217.50 - - [04/Jun/2023:10:57:02 +0800] "GET /xingrg/check_reg.html?_=1685847422069 HTTP/1.1" 200 22
101.85.192.75 - - [04/Jun/2023:10:57:06 +0800] "GET /xingrg/all/function/internal_message.html?_=1685847425494&CODE_STATE=getMsg HTTP/1.1" 302 -
180.169.147.146 - - [04/Jun/2023:10:57:11 +0800] "GET /xingrg/all/function/internal_message.html?_=1685847431654&CODE_STATE=getMsg HTTP/1.1" 200 27
124.78.154.168 - - [04/Jun/2023:10:57:11 +0800] "GET /xingrg/kc/base/wldb_order_operate.html?command=get_materiel&rest_code=00106&base_code=0010397&code=00102001053 HTTP/1.1" 200 451
114.83.218.74 - - [04/Jun/2023:10:57:12 +0800] "GET /xingrg/all/function/internal_message.html?_=1685847533746&CODE_STATE=getMsg HTTP/1.1" 200 27
222.67.234.146 - - [04/Jun/2023:10:57:16 +0800] "GET /xingrg/all/function/internal_message.html?_=1685846940720&CODE_STATE=getMsg HTTP/1.1" 200 27
124.79.246.33 - - [04/Jun/2023:10:57:18 +0800] "GET /xingrg/all/function/internal_message.html?_=1685847418718&CODE_STATE=getMsg HTTP/1.1" 200 27
101.229.22.40 - - [04/Jun/2023:10:57:19 +0800] "GET /xingrg/all/function/internal_message.html?_=1685847439523&CODE_STATE=getMsg HTTP/1.1" 200 27
116.232.195.127 - - [04/Jun/2023:10:57:19 +0800] "GET /xingrg/all/function/internal_message.html?_=1685847461788&CODE_STATE=getMsg HTTP/1.1" 200 27
180.169.147.146 - - [04/Jun/2023:10:57:21 +0800] "GET /xingrg/all/function/internal_message.html?_=1685847440840&CODE_STATE=getMsg HTTP/1.1" 200 27
101.83.145.52 - - [04/Jun/2023:10:57:24 +0800] "GET /xingrg/all/function/internal_message.html?_=1685847446100&CODE_STATE=getMsg HTTP/1.1" 200 27
101.83.145.52 - - [04/Jun/2023:10:57:26 +0800] "GET /xingrg/index.html?sysBaseUrl=http%3A%2F%2F180.169.147.146%3A18081%2Fxingrg%2F&costTime=36×tamp=1585222720700 HTTP/1.1" 200 17173
101.83.145.52 - - [04/Jun/2023:10:57:27 +0800] "GET /favicon.ico HTTP/1.1" 404 -
101.83.145.52 - - [04/Jun/2023:10:57:27 +0800] "GET /xingrg/all/function/internal_message.html?_=1685847448915&CODE_STATE=count HTTP/1.1" 200 11
101.83.145.52 - - [04/Jun/2023:10:57:27 +0800] "GET /xingrg/check_reg.html?_=1685847448916 HTTP/1.1" 200 22
101.83.145.52 - - [04/Jun/2023:10:57:27 +0800] "POST /xingrg/all/common/load_tree.html?tree=area_rest_tree_json&manage=1 HTTP/1.1" 200 3499
101.83.145.52 - - [04/Jun/2023:10:57:27 +0800] "POST /xingrg/load_menu.html HTTP/1.1" 200 5138
101.85.192.75 - - [04/Jun/2023:10:57:30 +0800] "GET /xingrg/all/function/internal_message.html?_=1685847451163&CODE_STATE=getMsg HTTP/1.1" 200 27
116.238.139.35 - - [04/Jun/2023:10:57:31 +0800] "GET /xingrg/index.html?sysBaseUrl=http%3A%2F%2F180.169.147.146%3A18081%2Fxingrg%2F&costTime=832×tamp=1685846415394 HTTP/1.1" 200 17177
116.238.139.35 - - [04/Jun/2023:10:57:31 +0800] "GET /xingrg/all/function/internal_message.html?_=1685847451216&CODE_STATE=count HTTP/1.1" 200 11
116.238.139.35 - - [04/Jun/2023:10:57:31 +0800] "GET /xingrg/check_reg.html?_=1685847451218 HTTP/1.1" 200 22
116.238.139.35 - - [04/Jun/2023:10:57:31 +0800] "POST /xingrg/all/common/load_tree.html?tree=area_rest_tree_json&manage=1 HTTP/1.1" 200 476
116.238.139.35 - - [04/Jun/2023:10:57:32 +0800] "POST /xingrg/load_menu.html HTTP/1.1" 200 5138
116.238.139.35 - - [04/Jun/2023:10:57:32 +0800] "GET /favicon.ico HTTP/1.1" 404 -
222.67.234.146 - - [04/Jun/2023:10:57:32 +0800] "GET /xingrg/all/function/internal_message.html?_=1685847453186&CODE_STATE=getMsg HTTP/1.1" 200 27
222.67.234.146 - - [04/Jun/2023:10:57:37 +0800] "GET /xingrg/kc/buy/cgsh_order_add.html HTTP/1.1" 200 71573
222.67.234.146 - - [04/Jun/2023:10:57:38 +0800] "POST /xingrg/kc/buy/cgsh_order_operate.html HTTP/1.1" 200 8245
222.67.234.146 - - [04/Jun/2023:10:57:38 +0800] "GET /xingrg/javascript/easyui/themes/default/validatebox.css HTTP/1.1" 404 1104
101.85.192.75 - - [04/Jun/2023:10:57:38 +0800] "GET /xingrg/all/function/internal_message.html?_=1685847492862&CODE_STATE=getMsg HTTP/1.1" 200 27
180.164.3.199 - - [04/Jun/2023:10:57:39 +0800] "GET /xingrg/all/function/internal_message.html?_=1685847460105&CODE_STATE=getMsg HTTP/1.1" 200 27
218.81.221.158 - - [04/Jun/2023:10:57:42 +0800] "GET /xingrg/all/function/internal_message.html?_=1685847488644&CODE_STATE=getMsg HTTP/1.1" 200 27
114.85.113.108 - - [04/Jun/2023:10:57:45 +0800] "GET /xingrg/all/function/internal_message.html?_=1685847464688&CODE_STATE=getMsg HTTP/1.1" 200 27
101.83.145.52 - - [04/Jun/2023:10:57:46 +0800] "GET /xingrg/check_reg.html?_=1685847296402 HTTP/1.1" 200 22
101.83.145.52 - - [04/Jun/2023:10:57:46 +0800] "GET /xingrg/all/function/internal_message.html?_=1685847296405&CODE_STATE=getMsg HTTP/1.1" 200 27
101.83.145.52 - - [04/Jun/2023:10:57:48 +0800] "GET /xingrg/kc/buy/cgsh_order_list.html HTTP/1.1" 200 55791
114.83.217.50 - - [04/Jun/2023:10:57:49 +0800] "GET /xingrg/all/function/internal_message.html?_=1685847469004&CODE_STATE=getMsg HTTP/1.1" 200 27
114.83.217.50 - - [04/Jun/2023:10:57:49 +0800] "GET /xingrg/check_reg.html?_=1685847469007 HTTP/1.1" 200 22
180.169.147.146 - - [04/Jun/2023:10:57:50 +0800] "GET /xingrg/all/function/internal_message.html?_=1685847471014&CODE_STATE=getMsg HTTP/1.1" 200 27
101.83.145.52 - - [04/Jun/2023:10:57:52 +0800] "POST /xingrg/kc/buy/cgsh_list_operate.html HTTP/1.1" 200 5907
222.70.180.90 - - [04/Jun/2023:10:57:53 +0800] "GET /xingrg/all/function/internal_message.html?_=1685847469281&CODE_STATE=getMsg HTTP/1.1" 200 27
172.20.0.100 - - [04/Jun/2023:10:57:58 +0800] "GET /xingrg/all/function/internal_message.html?_=1685847477844&CODE_STATE=getMsg HTTP/1.1" 200 27
114.83.217.50 - - [04/Jun/2023:10:58:02 +0800] "GET /xingrg/all/function/internal_message.html?_=1685847482071&CODE_STATE=getMsg HTTP/1.1" 200 27
101.85.192.75 - - [04/Jun/2023:10:58:06 +0800] "GET /xingrg/all/function/internal_message.html?_=1685847485493&CODE_STATE=getMsg HTTP/1.1" 302 -
180.169.147.146 - - [04/Jun/2023:10:58:11 +0800] "GET /xingrg/all/function/internal_message.html?_=1685847491644&CODE_STATE=getMsg HTTP/1.1" 200 27
114.83.218.74 - - [04/Jun/2023:10:58:12 +0800] "GET /xingrg/all/function/internal_message.html?_=1685847593751&CODE_STATE=getMsg HTTP/1.1" 200 27
222.67.234.146 - - [04/Jun/2023:10:58:16 +0800] "GET /xingrg/all/function/internal_message.html?_=1685847000716&CODE_STATE=getMsg HTTP/1.1" 200 27
124.79.246.33 - - [04/Jun/2023:10:58:18 +0800] "GET /xingrg/check_reg.html?_=1685847478709 HTTP/1.1" 200 22
124.79.246.33 - - [04/Jun/2023:10:58:18 +0800] "GET /xingrg/all/function/internal_message.html?_=1685847478714&CODE_STATE=getMsg HTTP/1.1" 200 27
101.83.145.52 - - [04/Jun/2023:10:58:19 +0800] "POST /xingrg/kc/buy/cgsh_list_operate.html HTTP/1.1" 200 564
101.229.22.40 - - [04/Jun/2023:10:58:19 +0800] "GET /xingrg/all/function/internal_message.html?_=1685847499523&CODE_STATE=getMsg HTTP/1.1" 200 27
116.232.195.127 - - [04/Jun/2023:10:58:19 +0800] "GET /xingrg/all/function/internal_message.html?_=1685847521807&CODE_STATE=getMsg HTTP/1.1" 200 27
101.83.145.52 - - [04/Jun/2023:10:58:20 +0800] "GET /xingrg/kc/buy/cgsh_order_info.html?code=212023060401284 HTTP/1.1" 200 71668
101.83.145.52 - - [04/Jun/2023:10:58:20 +0800] "GET /xingrg/words/20230604100100_words.js HTTP/1.1" 304 -
101.83.145.52 - - [04/Jun/2023:10:58:20 +0800] "GET /xingrg/javascript/easyui/themes/default/validatebox.css HTTP/1.1" 404 1104
101.83.145.52 - - [04/Jun/2023:10:58:21 +0800] "GET /xingrg/all/common/auto_word.html?type=employee&rest_code=00105 HTTP/1.1" 200 193
101.83.145.52 - - [04/Jun/2023:10:58:21 +0800] "GET /xingrg/all/common/auto_word.html?type=employee&rest_code=00105 HTTP/1.1" 200 193
180.169.147.146 - - [04/Jun/2023:10:58:21 +0800] "GET /xingrg/all/function/internal_message.html?_=1685847500837&CODE_STATE=getMsg HTTP/1.1" 200 27
101.83.145.52 - - [04/Jun/2023:10:58:22 +0800] "POST /xingrg/kc/buy/cgsh_order_operate.html HTTP/1.1" 200 6791
101.83.145.52 - - [04/Jun/2023:10:58:24 +0800] "GET /xingrg/javascript/auto/indicator.gif HTTP/1.1" 404 1066
101.83.145.52 - - [04/Jun/2023:10:58:27 +0800] "GET /xingrg/all/function/internal_message.html?_=1685847509547&CODE_STATE=getMsg HTTP/1.1" 200 27
101.85.192.75 - - [04/Jun/2023:10:58:29 +0800] "GET /xingrg/all/function/internal_message.html?_=1685847511147&CODE_STATE=getMsg HTTP/1.1" 200 27
116.238.139.35 - - [04/Jun/2023:10:58:31 +0800] "GET /xingrg/all/function/internal_message.html?_=1685847511231&CODE_STATE=getMsg HTTP/1.1" 200 27
101.83.145.52 - - [04/Jun/2023:10:58:32 +0800] "POST /xingrg/kc/buy/cgsh_order_operate.html HTTP/1.1" 200 37
222.67.234.146 - - [04/Jun/2023:10:58:32 +0800] "GET /xingrg/all/function/internal_message.html?_=1685847513185&CODE_STATE=getMsg HTTP/1.1" 200 27
124.78.154.168 - - [04/Jun/2023:10:58:34 +0800] "GET /xingrg/all/function/internal_message.html?_=1685847514630&CODE_STATE=getMsg HTTP/1.1" 200 27
101.83.145.52 - - [04/Jun/2023:10:58:34 +0800] "POST /xingrg/kc/buy/cgsh_order_operate.html HTTP/1.1" 200 6788
