101.85.192.75 - - [04/Jun/2023:08:32:23 +0800] "GET /xingrg/all/function/internal_message.html?_=1685838777526&CODE_STATE=getMsg HTTP/1.1" 200 27
114.85.113.108 - - [04/Jun/2023:08:32:44 +0800] "GET /xingrg/all/function/internal_message.html?_=1685838764477&CODE_STATE=getMsg HTTP/1.1" 200 27
120.253.135.82 - - [04/Jun/2023:08:32:53 +0800] "GET /xingrg/all/function/internal_message.html?_=1685838609069&CODE_STATE=getMsg HTTP/1.1" 200 27
116.238.139.35 - - [04/Jun/2023:08:32:54 +0800] "GET /xingrg/all/function/internal_message.html?_=1685838773969&CODE_STATE=getMsg HTTP/1.1" 200 27
101.85.192.75 - - [04/Jun/2023:08:33:06 +0800] "GET /xingrg/all/function/internal_message.html?_=1685838785294&CODE_STATE=getMsg HTTP/1.1" 200 27
101.85.192.75 - - [04/Jun/2023:08:33:23 +0800] "GET /xingrg/all/function/internal_message.html?_=1685838837511&CODE_STATE=getMsg HTTP/1.1" 200 27
114.85.113.108 - - [04/Jun/2023:08:33:44 +0800] "GET /xingrg/all/function/internal_message.html?_=1685838824479&CODE_STATE=getMsg HTTP/1.1" 200 27
114.85.113.108 - - [04/Jun/2023:08:33:44 +0800] "GET /xingrg/check_reg.html?_=1685838824514 HTTP/1.1" 200 22
120.253.135.82 - - [04/Jun/2023:08:33:53 +0800] "GET /xingrg/all/function/internal_message.html?_=1685838669120&CODE_STATE=getMsg HTTP/1.1" 200 27
116.238.139.35 - - [04/Jun/2023:08:33:54 +0800] "GET /xingrg/all/function/internal_message.html?_=1685838833971&CODE_STATE=getMsg HTTP/1.1" 200 27
101.85.192.75 - - [04/Jun/2023:08:34:06 +0800] "GET /xingrg/all/function/internal_message.html?_=1685838845292&CODE_STATE=getMsg HTTP/1.1" 200 27
120.253.135.82 - - [04/Jun/2023:08:34:15 +0800] "GET /xingrg/check_reg.html?_=1685838690441 HTTP/1.1" 200 22
101.85.192.75 - - [04/Jun/2023:08:34:23 +0800] "GET /xingrg/all/function/internal_message.html?_=1685838897495&CODE_STATE=getMsg HTTP/1.1" 200 27
114.85.113.108 - - [04/Jun/2023:08:34:44 +0800] "GET /xingrg/all/function/internal_message.html?_=1685838884471&CODE_STATE=getMsg HTTP/1.1" 200 27
120.253.135.82 - - [04/Jun/2023:08:34:53 +0800] "GET /xingrg/all/function/internal_message.html?_=1685838729128&CODE_STATE=getMsg HTTP/1.1" 200 27
116.238.139.35 - - [04/Jun/2023:08:34:54 +0800] "GET /xingrg/all/function/internal_message.html?_=1685838893975&CODE_STATE=getMsg HTTP/1.1" 200 27
101.85.192.75 - - [04/Jun/2023:08:35:06 +0800] "GET /xingrg/all/function/internal_message.html?_=1685838905293&CODE_STATE=getMsg HTTP/1.1" 200 27
101.85.192.75 - - [04/Jun/2023:08:35:23 +0800] "GET /xingrg/all/function/internal_message.html?_=1685838957479&CODE_STATE=getMsg HTTP/1.1" 200 27
101.85.192.75 - - [04/Jun/2023:08:35:33 +0800] "GET /xingrg/check_reg.html?_=1685838967293 HTTP/1.1" 200 22
114.85.113.108 - - [04/Jun/2023:08:35:44 +0800] "GET /xingrg/all/function/internal_message.html?_=1685838944470&CODE_STATE=getMsg HTTP/1.1" 200 27
120.253.135.82 - - [04/Jun/2023:08:35:53 +0800] "GET /xingrg/all/function/internal_message.html?_=1685838789141&CODE_STATE=getMsg HTTP/1.1" 200 27
116.238.139.35 - - [04/Jun/2023:08:35:54 +0800] "GET /xingrg/check_reg.html?_=1685838953970 HTTP/1.1" 200 22
116.238.139.35 - - [04/Jun/2023:08:35:54 +0800] "GET /xingrg/all/function/internal_message.html?_=1685838953973&CODE_STATE=getMsg HTTP/1.1" 200 27
101.85.192.75 - - [04/Jun/2023:08:35:58 +0800] "POST /xingrg/services/DataTransmitService HTTP/1.1" 200 524
101.85.192.75 - - [04/Jun/2023:08:36:06 +0800] "GET /xingrg/all/function/internal_message.html?_=1685838965295&CODE_STATE=getMsg HTTP/1.1" 200 27
101.85.192.75 - - [04/Jun/2023:08:36:06 +0800] "GET /xingrg/check_reg.html?_=1685838965296 HTTP/1.1" 200 22
101.85.192.75 - - [04/Jun/2023:08:36:23 +0800] "GET /xingrg/all/function/internal_message.html?_=1685839017463&CODE_STATE=getMsg HTTP/1.1" 200 27
114.85.113.108 - - [04/Jun/2023:08:36:44 +0800] "GET /xingrg/all/function/internal_message.html?_=1685839004485&CODE_STATE=getMsg HTTP/1.1" 200 27
120.253.135.82 - - [04/Jun/2023:08:36:54 +0800] "GET /xingrg/all/function/internal_message.html?_=1685838849201&CODE_STATE=getMsg HTTP/1.1" 200 27
116.238.139.35 - - [04/Jun/2023:08:36:54 +0800] "GET /xingrg/all/function/internal_message.html?_=1685839013971&CODE_STATE=getMsg HTTP/1.1" 200 27
101.85.192.75 - - [04/Jun/2023:08:37:06 +0800] "GET /xingrg/all/function/internal_message.html?_=1685839025296&CODE_STATE=getMsg HTTP/1.1" 200 27
101.85.192.75 - - [04/Jun/2023:08:37:23 +0800] "GET /xingrg/all/function/internal_message.html?_=1685839077448&CODE_STATE=getMsg HTTP/1.1" 200 27
114.85.113.108 - - [04/Jun/2023:08:37:44 +0800] "GET /xingrg/all/function/internal_message.html?_=1685839064479&CODE_STATE=getMsg HTTP/1.1" 200 27
120.253.135.82 - - [04/Jun/2023:08:37:54 +0800] "GET /xingrg/all/function/internal_message.html?_=1685838909215&CODE_STATE=getMsg HTTP/1.1" 200 27
116.238.139.35 - - [04/Jun/2023:08:37:54 +0800] "GET /xingrg/all/function/internal_message.html?_=1685839073979&CODE_STATE=getMsg HTTP/1.1" 200 27
101.85.192.75 - - [04/Jun/2023:08:38:06 +0800] "GET /xingrg/all/function/internal_message.html?_=1685839085296&CODE_STATE=getMsg HTTP/1.1" 200 27
101.85.192.75 - - [04/Jun/2023:08:38:23 +0800] "GET /xingrg/all/function/internal_message.html?_=1685839137432&CODE_STATE=getMsg HTTP/1.1" 200 27
114.85.113.108 - - [04/Jun/2023:08:38:44 +0800] "GET /xingrg/all/function/internal_message.html?_=1685839124478&CODE_STATE=getMsg HTTP/1.1" 200 27
114.85.113.108 - - [04/Jun/2023:08:38:44 +0800] "GET /xingrg/check_reg.html?_=1685839124539 HTTP/1.1" 200 22
120.253.135.82 - - [04/Jun/2023:08:38:54 +0800] "GET /xingrg/all/function/internal_message.html?_=1685838969263&CODE_STATE=getMsg HTTP/1.1" 200 27
116.238.139.35 - - [04/Jun/2023:08:38:54 +0800] "GET /xingrg/all/function/internal_message.html?_=1685839133985&CODE_STATE=getMsg HTTP/1.1" 200 27
101.85.192.75 - - [04/Jun/2023:08:39:06 +0800] "GET /xingrg/all/function/internal_message.html?_=1685839145298&CODE_STATE=getMsg HTTP/1.1" 200 27
120.253.135.82 - - [04/Jun/2023:08:39:15 +0800] "GET /xingrg/check_reg.html?_=1685838990445 HTTP/1.1" 200 22
101.85.192.75 - - [04/Jun/2023:08:39:23 +0800] "GET /xingrg/all/function/internal_message.html?_=1685839197417&CODE_STATE=getMsg HTTP/1.1" 200 27
114.85.113.108 - - [04/Jun/2023:08:39:44 +0800] "GET /xingrg/all/function/internal_message.html?_=1685839184492&CODE_STATE=getMsg HTTP/1.1" 200 27
120.253.135.82 - - [04/Jun/2023:08:39:54 +0800] "GET /xingrg/all/function/internal_message.html?_=1685839029274&CODE_STATE=getMsg HTTP/1.1" 200 27
116.238.139.35 - - [04/Jun/2023:08:39:54 +0800] "GET /xingrg/all/function/internal_message.html?_=1685839193969&CODE_STATE=getMsg HTTP/1.1" 200 27
101.85.192.75 - - [04/Jun/2023:08:40:06 +0800] "GET /xingrg/all/function/internal_message.html?_=1685839205300&CODE_STATE=getMsg HTTP/1.1" 200 27
101.85.192.75 - - [04/Jun/2023:08:40:23 +0800] "GET /xingrg/all/function/internal_message.html?_=1685839257401&CODE_STATE=getMsg HTTP/1.1" 200 27
101.85.192.75 - - [04/Jun/2023:08:40:33 +0800] "GET /xingrg/check_reg.html?_=1685839267277 HTTP/1.1" 200 22
114.85.113.108 - - [04/Jun/2023:08:40:44 +0800] "GET /xingrg/all/function/internal_message.html?_=1685839244478&CODE_STATE=getMsg HTTP/1.1" 200 27
120.253.135.82 - - [04/Jun/2023:08:40:54 +0800] "GET /xingrg/all/function/internal_message.html?_=1685839089288&CODE_STATE=getMsg HTTP/1.1" 200 27
116.238.139.35 - - [04/Jun/2023:08:40:54 +0800] "GET /xingrg/all/function/internal_message.html?_=1685839253970&CODE_STATE=getMsg HTTP/1.1" 200 27
116.238.139.35 - - [04/Jun/2023:08:40:54 +0800] "GET /xingrg/check_reg.html?_=1685839253972 HTTP/1.1" 200 22
101.85.192.75 - - [04/Jun/2023:08:41:06 +0800] "GET /xingrg/check_reg.html?_=1685839265300 HTTP/1.1" 200 22
101.85.192.75 - - [04/Jun/2023:08:41:06 +0800] "GET /xingrg/all/function/internal_message.html?_=1685839265298&CODE_STATE=getMsg HTTP/1.1" 200 27
101.85.192.75 - - [04/Jun/2023:08:41:23 +0800] "GET /xingrg/all/function/internal_message.html?_=1685839317386&CODE_STATE=getMsg HTTP/1.1" 200 27
114.85.113.108 - - [04/Jun/2023:08:41:44 +0800] "GET /xingrg/all/function/internal_message.html?_=1685839304498&CODE_STATE=getMsg HTTP/1.1" 200 27
101.83.145.52 - - [04/Jun/2023:08:41:47 +0800] "GET /xingrg/index.html?sysBaseUrl=http%3A%2F%2F180.169.147.146%3A18081%2Fxingrg%2F&costTime=32×tamp=1585224308505 HTTP/1.1" 302 -
101.83.145.52 - - [04/Jun/2023:08:41:48 +0800] "GET /xingrg/login.html HTTP/1.1" 200 7641
101.83.145.52 - - [04/Jun/2023:08:41:51 +0800] "GET /xingrg/images/blue/jxLogo.png HTTP/1.1" 304 -
116.238.139.35 - - [04/Jun/2023:08:41:54 +0800] "GET /xingrg/all/function/internal_message.html?_=1685839313970&CODE_STATE=getMsg HTTP/1.1" 200 27
101.83.145.52 - - [04/Jun/2023:08:42:02 +0800] "GET /xingrg/images/blue/login_bg.png HTTP/1.1" 304 -
101.83.145.52 - - [04/Jun/2023:08:42:02 +0800] "GET /xingrg/images/blue/hj.png HTTP/1.1" 304 -
101.83.145.52 - - [04/Jun/2023:08:42:03 +0800] "GET /xingrg/images/blue/srbg.png HTTP/1.1" 304 -
101.85.192.75 - - [04/Jun/2023:08:42:06 +0800] "GET /xingrg/all/function/internal_message.html?_=1685839325301&CODE_STATE=getMsg HTTP/1.1" 200 27
101.83.145.52 - - [04/Jun/2023:08:42:08 +0800] "GET /favicon.ico HTTP/1.1" 404 -
101.85.192.75 - - [04/Jun/2023:08:42:23 +0800] "GET /xingrg/all/function/internal_message.html?_=1685839377369&CODE_STATE=getMsg HTTP/1.1" 200 27
114.85.113.108 - - [04/Jun/2023:08:42:44 +0800] "GET /xingrg/all/function/internal_message.html?_=1685839364485&CODE_STATE=getMsg HTTP/1.1" 200 27
101.83.145.52 - - [04/Jun/2023:08:42:45 +0800] "POST /xingrg/login.do HTTP/1.1" 302 -
101.83.145.52 - - [04/Jun/2023:08:42:45 +0800] "GET /xingrg/index.html?sysBaseUrl=http%3A%2F%2F180.169.147.146%3A18081%2Fxingrg%2F&costTime=867×tamp=1685839365466 HTTP/1.1" 200 17173
101.83.145.52 - - [04/Jun/2023:08:42:45 +0800] "GET /xingrg/javascript/jquery_easy_ui/themes/default/easyui.css HTTP/1.1" 304 -
101.83.145.52 - - [04/Jun/2023:08:42:45 +0800] "GET /xingrg/javascript/jquery_easy_ui/themes/icon.css HTTP/1.1" 304 -
101.83.145.52 - - [04/Jun/2023:08:42:45 +0800] "GET /xingrg/css/form.css HTTP/1.1" 304 -
101.83.145.52 - - [04/Jun/2023:08:42:45 +0800] "GET /xingrg/javascript/jquery-1.4.2.min.js HTTP/1.1" 304 -
101.83.145.52 - - [04/Jun/2023:08:42:45 +0800] "GET /xingrg/javascript/jquery_easy_ui/jquery.easyui.min.js HTTP/1.1" 304 -
101.83.145.52 - - [04/Jun/2023:08:42:45 +0800] "GET /xingrg/javascript/jquery_easy_ui/easyui-lang-zh_CN.js HTTP/1.1" 304 -
101.83.145.52 - - [04/Jun/2023:08:42:45 +0800] "GET /xingrg/javascript/jquery.form.js HTTP/1.1" 304 -
101.83.145.52 - - [04/Jun/2023:08:42:45 +0800] "GET /xingrg/javascript/jquery.utils.js HTTP/1.1" 304 -
101.83.145.52 - - [04/Jun/2023:08:42:45 +0800] "GET /xingrg/javascript/jquery.timers.js HTTP/1.1" 304 -
101.83.145.52 - - [04/Jun/2023:08:42:46 +0800] "GET /favicon.ico HTTP/1.1" 404 -
101.83.145.52 - - [04/Jun/2023:08:42:46 +0800] "GET /xingrg/javascript/jquery_easy_ui/themes/icons/settle_new.png HTTP/1.1" 304 -
101.83.145.52 - - [04/Jun/2023:08:42:46 +0800] "GET /xingrg/images/blue/navBackgound.jpg HTTP/1.1" 304 -
101.83.145.52 - - [04/Jun/2023:08:42:46 +0800] "POST /xingrg/all/common/load_tree.html?tree=area_rest_tree_json&manage=1 HTTP/1.1" 200 342
101.83.145.52 - - [04/Jun/2023:08:42:46 +0800] "GET /xingrg/all/function/internal_message.html?_=1685839196238&CODE_STATE=count HTTP/1.1" 200 11
101.83.145.52 - - [04/Jun/2023:08:42:46 +0800] "GET /xingrg/check_reg.html?_=1685839196239 HTTP/1.1" 200 22
101.83.145.52 - - [04/Jun/2023:08:42:46 +0800] "GET /xingrg/images/blue/pingpu.png HTTP/1.1" 304 -
101.83.145.52 - - [04/Jun/2023:08:42:46 +0800] "GET /xingrg/javascript/jquery_easy_ui/themes/default/images/tabs_rightarrow.png HTTP/1.1" 304 -
101.83.145.52 - - [04/Jun/2023:08:42:46 +0800] "GET /xingrg/javascript/jquery_easy_ui/themes/default/images/tabs_leftarrow.png HTTP/1.1" 304 -
101.83.145.52 - - [04/Jun/2023:08:42:46 +0800] "GET /xingrg/javascript/jquery_easy_ui/themes/default/images/panel_tool_collapse.gif HTTP/1.1" 304 -
101.83.145.52 - - [04/Jun/2023:08:42:46 +0800] "POST /xingrg/load_menu.html HTTP/1.1" 200 5138
101.83.145.52 - - [04/Jun/2023:08:42:46 +0800] "GET /xingrg/javascript/jquery_easy_ui/themes/default/images/tree_arrows.gif HTTP/1.1" 304 -
101.83.145.52 - - [04/Jun/2023:08:42:46 +0800] "GET /xingrg/javascript/jquery_easy_ui/themes/default/images/tree_folder_open.gif HTTP/1.1" 304 -
101.83.145.52 - - [04/Jun/2023:08:42:47 +0800] "GET /xingrg/javascript/jquery_easy_ui/themes/icons/search_new.png HTTP/1.1" 304 -
101.83.145.52 - - [04/Jun/2023:08:42:47 +0800] "GET /xingrg/javascript/jquery_easy_ui/themes/default/images/tree_folder.gif HTTP/1.1" 304 -
101.83.145.52 - - [04/Jun/2023:08:42:47 +0800] "GET /xingrg/javascript/jquery_easy_ui/themes/icons/storage_new.png HTTP/1.1" 304 -
101.83.145.52 - - [04/Jun/2023:08:42:47 +0800] "GET /xingrg/javascript/jquery_easy_ui/themes/icons/forms_new.png HTTP/1.1" 304 -
101.83.145.52 - - [04/Jun/2023:08:42:47 +0800] "GET /xingrg/javascript/jquery_easy_ui/themes/default/images/tree_file.gif HTTP/1.1" 304 -
114.83.217.50 - - [04/Jun/2023:08:42:48 +0800] "GET /xingrg/login.html HTTP/1.1" 200 7641
114.83.217.50 - - [04/Jun/2023:08:42:49 +0800] "GET /favicon.ico HTTP/1.1" 404 -
116.238.139.35 - - [04/Jun/2023:08:42:54 +0800] "GET /xingrg/all/function/internal_message.html?_=1685839373982&CODE_STATE=getMsg HTTP/1.1" 200 27
114.83.217.50 - - [04/Jun/2023:08:43:03 +0800] "POST /xingrg/login.do HTTP/1.1" 302 -
114.83.217.50 - - [04/Jun/2023:08:43:03 +0800] "GET /xingrg/index.html?sysBaseUrl=http%3A%2F%2F180.169.147.146%3A18081%2Fxingrg%2F&costTime=873×tamp=1685839383652 HTTP/1.1" 200 17179
114.83.217.50 - - [04/Jun/2023:08:43:03 +0800] "GET /favicon.ico HTTP/1.1" 404 -
114.83.217.50 - - [04/Jun/2023:08:43:04 +0800] "GET /xingrg/check_reg.html?_=1685839384040 HTTP/1.1" 200 22
114.83.217.50 - - [04/Jun/2023:08:43:04 +0800] "POST /xingrg/all/common/load_tree.html?tree=area_rest_tree_json&manage=1 HTTP/1.1" 200 351
114.83.217.50 - - [04/Jun/2023:08:43:04 +0800] "GET /xingrg/all/function/internal_message.html?_=1685839384039&CODE_STATE=count HTTP/1.1" 200 11
114.83.217.50 - - [04/Jun/2023:08:43:04 +0800] "POST /xingrg/load_menu.html HTTP/1.1" 200 5138
101.85.192.75 - - [04/Jun/2023:08:43:06 +0800] "GET /xingrg/all/function/internal_message.html?_=1685839385314&CODE_STATE=getMsg HTTP/1.1" 200 27
116.232.195.127 - - [04/Jun/2023:08:43:15 +0800] "GET /xingrg/index.html?sysBaseUrl=http%3A%2F%2F180.169.147.146%3A18081%2Fxingrg%2F&costTime=1277×tamp=1606817596806 HTTP/1.1" 302 -
116.232.195.127 - - [04/Jun/2023:08:43:15 +0800] "GET /xingrg/login.html HTTP/1.1" 200 7641
124.78.154.168 - - [04/Jun/2023:08:43:15 +0800] "GET /favicon.ico HTTP/1.1" 404 -
116.232.195.127 - - [04/Jun/2023:08:43:16 +0800] "GET /favicon.ico HTTP/1.1" 404 -
101.85.192.75 - - [04/Jun/2023:08:43:23 +0800] "GET /xingrg/all/function/internal_message.html?_=1685839437354&CODE_STATE=getMsg HTTP/1.1" 200 27
124.78.154.168 - - [04/Jun/2023:08:43:28 +0800] "GET /xingrg/login.html?r=1 HTTP/1.1" 200 7641
124.78.154.168 - - [04/Jun/2023:08:43:28 +0800] "GET /xingrg/login.html?r=1 HTTP/1.1" 200 7641
124.78.154.168 - - [04/Jun/2023:08:43:28 +0800] "GET /xingrg/images/blue/jxLogo.png HTTP/1.1" 304 -
124.78.154.168 - - [04/Jun/2023:08:43:28 +0800] "GET /xingrg/images/blue/jxLogo.png HTTP/1.1" 304 -
124.78.154.168 - - [04/Jun/2023:08:43:28 +0800] "GET /xingrg/images/blue/login_bg.png HTTP/1.1" 304 -
124.78.154.168 - - [04/Jun/2023:08:43:28 +0800] "GET /xingrg/images/blue/srbg.png HTTP/1.1" 304 -
124.78.154.168 - - [04/Jun/2023:08:43:28 +0800] "GET /xingrg/images/blue/hj.png HTTP/1.1" 304 -
124.78.154.168 - - [04/Jun/2023:08:43:28 +0800] "GET /xingrg/images/blue/srbg.png HTTP/1.1" 304 -
124.78.154.168 - - [04/Jun/2023:08:43:28 +0800] "GET /xingrg/images/blue/login_bg.png HTTP/1.1" 304 -
124.78.154.168 - - [04/Jun/2023:08:43:28 +0800] "GET /xingrg/images/blue/hj.png HTTP/1.1" 304 -
124.78.154.168 - - [04/Jun/2023:08:43:28 +0800] "GET /favicon.ico HTTP/1.1" 404 -
124.78.154.168 - - [04/Jun/2023:08:43:28 +0800] "GET /favicon.ico HTTP/1.1" 404 -
124.78.154.168 - - [04/Jun/2023:08:43:32 +0800] "POST /xingrg/login.do HTTP/1.1" 302 -
124.78.154.168 - - [04/Jun/2023:08:43:32 +0800] "GET /xingrg/index.html?sysBaseUrl=http%3A%2F%2F180.169.147.146%3A18081%2Fxingrg%2F&costTime=845×tamp=1685839412145 HTTP/1.1" 200 17173
124.78.154.168 - - [04/Jun/2023:08:43:32 +0800] "GET /xingrg/javascript/jquery_easy_ui/themes/default/easyui.css HTTP/1.1" 304 -
124.78.154.168 - - [04/Jun/2023:08:43:32 +0800] "GET /xingrg/javascript/jquery_easy_ui/themes/icon.css HTTP/1.1" 304 -
124.78.154.168 - - [04/Jun/2023:08:43:32 +0800] "GET /xingrg/css/form.css HTTP/1.1" 304 -
124.78.154.168 - - [04/Jun/2023:08:43:32 +0800] "GET /xingrg/javascript/jquery_easy_ui/jquery.easyui.min.js HTTP/1.1" 304 -
124.78.154.168 - - [04/Jun/2023:08:43:32 +0800] "GET /xingrg/javascript/jquery-1.4.2.min.js HTTP/1.1" 304 -
124.78.154.168 - - [04/Jun/2023:08:43:32 +0800] "GET /xingrg/javascript/jquery_easy_ui/easyui-lang-zh_CN.js HTTP/1.1" 304 -
124.78.154.168 - - [04/Jun/2023:08:43:32 +0800] "GET /xingrg/javascript/jquery.form.js HTTP/1.1" 304 -
124.78.154.168 - - [04/Jun/2023:08:43:32 +0800] "GET /xingrg/javascript/jquery.utils.js HTTP/1.1" 304 -
124.78.154.168 - - [04/Jun/2023:08:43:32 +0800] "GET /xingrg/javascript/jquery.timers.js HTTP/1.1" 304 -
124.78.154.168 - - [04/Jun/2023:08:43:32 +0800] "GET /favicon.ico HTTP/1.1" 404 -
124.78.154.168 - - [04/Jun/2023:08:43:32 +0800] "GET /xingrg/images/blue/navBackgound.jpg HTTP/1.1" 304 -
124.78.154.168 - - [04/Jun/2023:08:43:32 +0800] "GET /xingrg/javascript/jquery_easy_ui/themes/icons/settle_new.png HTTP/1.1" 304 -
124.78.154.168 - - [04/Jun/2023:08:43:32 +0800] "GET /xingrg/check_reg.html?_=1685839413402 HTTP/1.1" 200 22
124.78.154.168 - - [04/Jun/2023:08:43:32 +0800] "GET /xingrg/all/function/internal_message.html?_=1685839413401&CODE_STATE=count HTTP/1.1" 200 11
124.78.154.168 - - [04/Jun/2023:08:43:32 +0800] "GET /xingrg/images/blue/pingpu.png HTTP/1.1" 304 -
124.78.154.168 - - [04/Jun/2023:08:43:32 +0800] "GET /xingrg/javascript/jquery_easy_ui/themes/default/images/tabs_rightarrow.png HTTP/1.1" 304 -
124.78.154.168 - - [04/Jun/2023:08:43:32 +0800] "GET /xingrg/javascript/jquery_easy_ui/themes/default/images/tabs_leftarrow.png HTTP/1.1" 304 -
124.78.154.168 - - [04/Jun/2023:08:43:32 +0800] "GET /xingrg/javascript/jquery_easy_ui/themes/default/images/panel_tool_collapse.gif HTTP/1.1" 304 -
124.78.154.168 - - [04/Jun/2023:08:43:32 +0800] "POST /xingrg/all/common/load_tree.html?tree=area_rest_tree_json&manage=1 HTTP/1.1" 200 342
124.78.154.168 - - [04/Jun/2023:08:43:32 +0800] "POST /xingrg/load_menu.html HTTP/1.1" 200 5138
124.78.154.168 - - [04/Jun/2023:08:43:32 +0800] "GET /xingrg/javascript/jquery_easy_ui/themes/default/images/tree_arrows.gif HTTP/1.1" 304 -
124.78.154.168 - - [04/Jun/2023:08:43:32 +0800] "GET /xingrg/javascript/jquery_easy_ui/themes/default/images/tree_folder_open.gif HTTP/1.1" 304 -
124.78.154.168 - - [04/Jun/2023:08:43:32 +0800] "GET /xingrg/javascript/jquery_easy_ui/themes/icons/search_new.png HTTP/1.1" 304 -
124.78.154.168 - - [04/Jun/2023:08:43:32 +0800] "GET /xingrg/javascript/jquery_easy_ui/themes/default/images/tree_folder.gif HTTP/1.1" 304 -
124.78.154.168 - - [04/Jun/2023:08:43:32 +0800] "GET /xingrg/javascript/jquery_easy_ui/themes/icons/storage_new.png HTTP/1.1" 304 -
124.78.154.168 - - [04/Jun/2023:08:43:32 +0800] "GET /xingrg/javascript/jquery_easy_ui/themes/icons/forms_new.png HTTP/1.1" 304 -
124.78.154.168 - - [04/Jun/2023:08:43:32 +0800] "GET /xingrg/javascript/jquery_easy_ui/themes/default/images/tree_file.gif HTTP/1.1" 304 -
124.78.154.168 - - [04/Jun/2023:08:43:34 +0800] "GET /xingrg/kc/buy/buy_main.html HTTP/1.1" 200 12412
124.78.154.168 - - [04/Jun/2023:08:43:34 +0800] "GET /xingrg/javascript/jquery_easy_ui/themes/default/images/tabs_close.gif HTTP/1.1" 304 -
124.78.154.168 - - [04/Jun/2023:08:43:34 +0800] "GET /xingrg/css/blue.css HTTP/1.1" 304 -
124.78.154.168 - - [04/Jun/2023:08:43:34 +0800] "GET /xingrg/css/new_ie.css HTTP/1.1" 404 1036
124.78.154.168 - - [04/Jun/2023:08:43:34 +0800] "GET /xingrg/javascript/jquery_ui/themes/humanity/humanity.css HTTP/1.1" 304 -
124.78.154.168 - - [04/Jun/2023:08:43:34 +0800] "GET /xingrg/javascript/pic_change.js HTTP/1.1" 304 -
124.78.154.168 - - [04/Jun/2023:08:43:34 +0800] "GET /xingrg/javascript/ToolTips.js HTTP/1.1" 304 -
124.78.154.168 - - [04/Jun/2023:08:43:34 +0800] "GET /xingrg/javascript/myfunction.js HTTP/1.1" 304 -
124.78.154.168 - - [04/Jun/2023:08:43:34 +0800] "GET /xingrg/javascript/jquery_ui/jquery-ui.min.js HTTP/1.1" 304 -
124.78.154.168 - - [04/Jun/2023:08:43:34 +0800] "GET /xingrg/images/blue/button/cgxqd.gif HTTP/1.1" 304 -
124.78.154.168 - - [04/Jun/2023:08:43:34 +0800] "GET /xingrg/images/blue/button/cgydd.gif HTTP/1.1" 304 -
124.78.154.168 - - [04/Jun/2023:08:43:34 +0800] "GET /xingrg/images/blue/button/cgshd.gif HTTP/1.1" 304 -
124.78.154.168 - - [04/Jun/2023:08:43:34 +0800] "GET /xingrg/images/blue/button/cgfkd.gif HTTP/1.1" 304 -
124.78.154.168 - - [04/Jun/2023:08:43:34 +0800] "GET /xingrg/images/blue/button/kc.gif HTTP/1.1" 304 -
124.78.154.168 - - [04/Jun/2023:08:43:34 +0800] "GET /xingrg/images/blue/button/ckthd.gif HTTP/1.1" 304 -
124.78.154.168 - - [04/Jun/2023:08:43:34 +0800] "GET /xingrg/images/blue/pic_form2.gif HTTP/1.1" 304 -
124.78.154.168 - - [04/Jun/2023:08:43:34 +0800] "GET /xingrg/javascript/jquery_ui/themes/humanity/images/ui-bg_inset-soft_100_f4f0ec_1x100.png HTTP/1.1" 304 -
124.78.154.168 - - [04/Jun/2023:08:43:34 +0800] "GET /xingrg/images/blue/bg_dotted.jpg HTTP/1.1" 304 -
124.78.154.168 - - [04/Jun/2023:08:43:34 +0800] "GET /xingrg/images/blue/button/right_ah.jpg HTTP/1.1" 304 -
124.78.154.168 - - [04/Jun/2023:08:43:34 +0800] "GET /xingrg/images/blue/button/down_ah.jpg HTTP/1.1" 304 -
124.78.154.168 - - [04/Jun/2023:08:43:34 +0800] "GET /xingrg/javascript/jquery_ui/themes/humanity/images/ui-iconsnew.jpg HTTP/1.1" 304 -
124.78.154.168 - - [04/Jun/2023:08:43:34 +0800] "GET /xingrg/javascript/jquery_ui/themes/humanity/images/ui-icons_ffffff_256x240.png HTTP/1.1" 304 -
124.78.154.168 - - [04/Jun/2023:08:43:34 +0800] "GET /xingrg/javascript/jquery_ui/themes/humanity/images/ui-icons_c47a23_256x240.png HTTP/1.1" 304 -
124.78.154.168 - - [04/Jun/2023:08:43:34 +0800] "GET /xingrg/javascript/jquery_ui/themes/humanity/images/ui-bg_glass_70_ede4d4_1x400.png HTTP/1.1" 304 -
124.78.154.168 - - [04/Jun/2023:08:43:35 +0800] "GET /xingrg/images/yd/bt.gif HTTP/1.1" 404 1040
124.78.154.168 - - [04/Jun/2023:08:43:36 +0800] "GET /xingrg/kc/buy/cgsh_order_list.html HTTP/1.1" 200 55791
124.78.154.168 - - [04/Jun/2023:08:43:36 +0800] "GET /xingrg/css/base.css HTTP/1.1" 304 -
124.78.154.168 - - [04/Jun/2023:08:43:36 +0800] "GET /xingrg/css/site.css HTTP/1.1" 304 -
124.78.154.168 - - [04/Jun/2023:08:43:36 +0800] "GET /xingrg/javascript/jquery_tools/datebox.css HTTP/1.1" 304 -
124.78.154.168 - - [04/Jun/2023:08:43:36 +0800] "GET /xingrg/javascript/easyui/themes/default/easyui.css HTTP/1.1" 304 -
124.78.154.168 - - [04/Jun/2023:08:43:36 +0800] "GET /xingrg/javascript/easyui/themes/icon.css HTTP/1.1" 304 -
124.78.154.168 - - [04/Jun/2023:08:43:36 +0800] "GET /xingrg/javascript/auto/jquery.autocomplete.css HTTP/1.1" 304 -
124.78.154.168 - - [04/Jun/2023:08:43:36 +0800] "GET /xingrg/javascript/jquery_tools/fix.css HTTP/1.1" 304 -
124.78.154.168 - - [04/Jun/2023:08:43:36 +0800] "GET /xingrg/javascript/jquery_tools/table.css HTTP/1.1" 304 -
124.78.154.168 - - [04/Jun/2023:08:43:36 +0800] "GET /xingrg/javascript/jquery_tools/jquery.tools.min.js HTTP/1.1" 304 -
124.78.154.168 - - [04/Jun/2023:08:43:36 +0800] "GET /xingrg/javascript/jquery_tools/jquery.tools.extend.js HTTP/1.1" 304 -
124.78.154.168 - - [04/Jun/2023:08:43:36 +0800] "GET /xingrg/javascript/jquery_tools/jquery.tools.hotkey.js HTTP/1.1" 304 -
124.78.154.168 - - [04/Jun/2023:08:43:36 +0800] "GET /xingrg/javascript/jquery_tools/jquery.tools.table.js HTTP/1.1" 304 -
124.78.154.168 - - [04/Jun/2023:08:43:36 +0800] "GET /xingrg/javascript/jquery_tools/list_manager.js HTTP/1.1" 304 -
124.78.154.168 - - [04/Jun/2023:08:43:36 +0800] "GET /xingrg/javascript/auto/jquery.autocomplete.js HTTP/1.1" 304 -
124.78.154.168 - - [04/Jun/2023:08:43:36 +0800] "GET /xingrg/javascript/easyui/easyloader.js HTTP/1.1" 304 -
124.78.154.168 - - [04/Jun/2023:08:43:36 +0800] "GET /xingrg/javascript/jquery.cookie.js HTTP/1.1" 304 -
124.78.154.168 - - [04/Jun/2023:08:43:36 +0800] "GET /xingrg/javascript/print/LodopFuncs.js HTTP/1.1" 304 -
124.78.154.168 - - [04/Jun/2023:08:43:36 +0800] "GET /xingrg/javascript/easyui/themes/icons/cance_new.png HTTP/1.1" 304 -
124.78.154.168 - - [04/Jun/2023:08:43:36 +0800] "GET /xingrg/javascript/easyui/themes/icons/check_new.png HTTP/1.1" 304 -
124.78.154.168 - - [04/Jun/2023:08:43:36 +0800] "GET /xingrg/javascript/easyui/themes/icons/field_new.png HTTP/1.1" 304 -
124.78.154.168 - - [04/Jun/2023:08:43:36 +0800] "GET /xingrg/javascript/easyui/themes/icons/import_new.png HTTP/1.1" 304 -
124.78.154.168 - - [04/Jun/2023:08:43:36 +0800] "GET /xingrg/javascript/easyui/themes/icons/edit_add_new.png HTTP/1.1" 304 -
124.78.154.168 - - [04/Jun/2023:08:43:36 +0800] "GET /xingrg/javascript/easyui/plugins/jquery.parser.js HTTP/1.1" 304 -
124.78.154.168 - - [04/Jun/2023:08:43:36 +0800] "GET /xingrg/images/control/ajaxLoader.gif HTTP/1.1" 304 -
114.83.217.50 - - [04/Jun/2023:08:43:39 +0800] "GET /xingrg/kc/buy/cgsh_order_list.html HTTP/1.1" 200 55797
124.78.154.168 - - [04/Jun/2023:08:43:39 +0800] "POST /xingrg/kc/buy/cgsh_list_operate.html HTTP/1.1" 200 986
124.78.154.168 - - [04/Jun/2023:08:43:40 +0800] "GET /xingrg/javascript/easyui/themes/default/images/button_plain_hover.png HTTP/1.1" 304 -
114.83.217.50 - - [04/Jun/2023:08:43:41 +0800] "POST /xingrg/kc/buy/cgsh_list_operate.html HTTP/1.1" 200 986
124.78.154.168 - - [04/Jun/2023:08:43:42 +0800] "GET /xingrg/kc/buy/cgsh_order_add.html HTTP/1.1" 200 71567
124.78.154.168 - - [04/Jun/2023:08:43:42 +0800] "GET /xingrg/javascript/jquery_tools/order_manager.js HTTP/1.1" 304 -
124.78.154.168 - - [04/Jun/2023:08:43:42 +0800] "GET /xingrg/javascript/convert.js HTTP/1.1" 304 -
124.78.154.168 - - [04/Jun/2023:08:43:42 +0800] "GET /xingrg/javascript/json2.js HTTP/1.1" 304 -
124.78.154.168 - - [04/Jun/2023:08:43:42 +0800] "GET /xingrg/javascript/print/kc_print.js HTTP/1.1" 304 -
124.78.154.168 - - [04/Jun/2023:08:43:42 +0800] "GET /xingrg/words/20230603144650_words.js HTTP/1.1" 200 966955
124.78.154.168 - - [04/Jun/2023:08:43:42 +0800] "GET /xingrg/javascript/easyui/themes/icons/copy_new.png HTTP/1.1" 304 -
124.78.154.168 - - [04/Jun/2023:08:43:42 +0800] "GET /xingrg/javascript/easyui/themes/icons/ok.png HTTP/1.1" 200 883
124.78.154.168 - - [04/Jun/2023:08:43:42 +0800] "GET /xingrg/javascript/easyui/themes/icons/template_new.png HTTP/1.1" 200 3956
124.78.154.168 - - [04/Jun/2023:08:43:42 +0800] "GET /xingrg/javascript/easyui/themes/icons/print.png HTTP/1.1" 304 -
124.78.154.168 - - [04/Jun/2023:08:43:42 +0800] "GET /xingrg/javascript/easyui/themes/default/images/menu_downarrow.png HTTP/1.1" 304 -
124.78.154.168 - - [04/Jun/2023:08:43:42 +0800] "GET /xingrg/javascript/easyui/themes/icons/cancel.png HTTP/1.1" 304 -
124.78.154.168 - - [04/Jun/2023:08:43:42 +0800] "POST /xingrg/kc/buy/cgsh_order_operate.html HTTP/1.1" 200 8245
124.78.154.168 - - [04/Jun/2023:08:43:42 +0800] "GET /xingrg/javascript/easyui/plugins/jquery.validatebox.js HTTP/1.1" 304 -
124.78.154.168 - - [04/Jun/2023:08:43:42 +0800] "GET /xingrg/javascript/easyui/themes/default/validatebox.css HTTP/1.1" 404 1104
124.78.154.168 - - [04/Jun/2023:08:43:42 +0800] "GET /xingrg/javascript/easyui/plugins/jquery.numberbox.js HTTP/1.1" 304 -
124.78.154.168 - - [04/Jun/2023:08:43:42 +0800] "GET /xingrg/all/common/auto_word.html?type=employee&rest_code=00106 HTTP/1.1" 200 205
124.78.154.168 - - [04/Jun/2023:08:43:42 +0800] "GET /xingrg/javascript/easyui/themes/icons/edit_remove.png HTTP/1.1" 304 -
124.78.154.168 - - [04/Jun/2023:08:43:42 +0800] "GET /xingrg/all/common/auto_word.html?type=employee&rest_code=00106 HTTP/1.1" 200 205
114.85.113.108 - - [04/Jun/2023:08:43:44 +0800] "GET /xingrg/all/function/internal_message.html?_=1685839424483&CODE_STATE=getMsg HTTP/1.1" 200 27
114.85.113.108 - - [04/Jun/2023:08:43:44 +0800] "GET /xingrg/check_reg.html?_=1685839424517 HTTP/1.1" 200 22
124.78.154.168 - - [04/Jun/2023:08:43:45 +0800] "GET /xingrg/javascript/easyui/plugins/jquery.draggable.js HTTP/1.1" 200 6121
124.78.154.168 - - [04/Jun/2023:08:43:45 +0800] "GET /xingrg/css/images/panel_loading.gif HTTP/1.1" 200 1737
124.78.154.168 - - [04/Jun/2023:08:43:45 +0800] "GET /xingrg/javascript/easyui/plugins/jquery.droppable.js HTTP/1.1" 200 1167
124.78.154.168 - - [04/Jun/2023:08:43:45 +0800] "GET /xingrg/javascript/easyui/themes/default/tree.css HTTP/1.1" 404 1090
124.78.154.168 - - [04/Jun/2023:08:43:45 +0800] "GET /xingrg/javascript/easyui/plugins/jquery.tree.js HTTP/1.1" 200 20874
124.78.154.168 - - [04/Jun/2023:08:43:45 +0800] "POST /xingrg/all/common/load_tree.html?tree=supplier_tree_json&isDelete=1 HTTP/1.1" 200 74436
101.83.145.52 - - [04/Jun/2023:08:43:46 +0800] "GET /xingrg/all/function/internal_message.html?_=1685839256252&CODE_STATE=getMsg HTTP/1.1" 200 27
124.78.154.168 - - [04/Jun/2023:08:43:47 +0800] "GET /xingrg/javascript/easyui/themes/default/images/tree_arrows.gif HTTP/1.1" 200 617
124.78.154.168 - - [04/Jun/2023:08:43:47 +0800] "GET /xingrg/javascript/easyui/themes/default/images/tree_file.gif HTTP/1.1" 200 118
124.78.154.168 - - [04/Jun/2023:08:43:47 +0800] "GET /xingrg/javascript/easyui/themes/default/images/tree_folder.gif HTTP/1.1" 200 952
124.78.154.168 - - [04/Jun/2023:08:43:47 +0800] "GET /xingrg/javascript/easyui/themes/default/images/tree_folder_open.gif HTTP/1.1" 200 956
116.232.195.127 - - [04/Jun/2023:08:43:49 +0800] "POST /xingrg/login.do HTTP/1.1" 302 -
116.232.195.127 - - [04/Jun/2023:08:43:49 +0800] "GET /xingrg/index.html?sysBaseUrl=http%3A%2F%2F180.169.147.146%3A18081%2Fxingrg%2F&costTime=851×tamp=1685839429184 HTTP/1.1" 200 17179
116.232.195.127 - - [04/Jun/2023:08:43:49 +0800] "GET /favicon.ico HTTP/1.1" 404 -
116.232.195.127 - - [04/Jun/2023:08:43:49 +0800] "POST /xingrg/all/common/load_tree.html?tree=area_rest_tree_json&manage=1 HTTP/1.1" 200 479
116.232.195.127 - - [04/Jun/2023:08:43:49 +0800] "GET /xingrg/all/function/internal_message.html?_=1685839451839&CODE_STATE=count HTTP/1.1" 200 11
116.232.195.127 - - [04/Jun/2023:08:43:49 +0800] "GET /xingrg/check_reg.html?_=1685839451840 HTTP/1.1" 200 22
116.232.195.127 - - [04/Jun/2023:08:43:49 +0800] "POST /xingrg/load_menu.html HTTP/1.1" 200 5138
114.83.217.50 - - [04/Jun/2023:08:43:59 +0800] "GET /xingrg/kc/buy/cgsh_order_add.html HTTP/1.1" 200 71661
114.83.217.50 - - [04/Jun/2023:08:44:00 +0800] "GET /xingrg/words/20230603144650_words.js HTTP/1.1" 304 -
114.83.217.50 - - [04/Jun/2023:08:44:00 +0800] "POST /xingrg/kc/buy/cgsh_order_operate.html HTTP/1.1" 200 8245
114.83.217.50 - - [04/Jun/2023:08:44:00 +0800] "GET /xingrg/javascript/easyui/themes/default/validatebox.css HTTP/1.1" 404 1104
114.83.217.50 - - [04/Jun/2023:08:44:00 +0800] "GET /xingrg/all/common/auto_word.html?type=employee&rest_code=00149 HTTP/1.1" 200 197
114.83.217.50 - - [04/Jun/2023:08:44:00 +0800] "GET /xingrg/all/common/auto_word.html?type=employee&rest_code=00149 HTTP/1.1" 200 197
114.83.217.50 - - [04/Jun/2023:08:44:04 +0800] "GET /xingrg/all/function/internal_message.html?_=1685839444051&CODE_STATE=getMsg HTTP/1.1" 200 27
116.232.195.127 - - [04/Jun/2023:08:44:06 +0800] "GET /xingrg/kc/buy/buy_main.html HTTP/1.1" 200 12412
116.232.195.127 - - [04/Jun/2023:08:44:06 +0800] "GET /xingrg/css/new_ie.css HTTP/1.1" 404 1036
101.85.192.75 - - [04/Jun/2023:08:44:06 +0800] "GET /xingrg/all/function/internal_message.html?_=1685839445314&CODE_STATE=getMsg HTTP/1.1" 200 27
116.232.195.127 - - [04/Jun/2023:08:44:07 +0800] "GET /xingrg/images/yd/bt.gif HTTP/1.1" 404 1040
116.232.195.127 - - [04/Jun/2023:08:44:09 +0800] "GET /xingrg/kc/buy/cgsh_order_list.html HTTP/1.1" 200 55797
124.78.154.168 - - [04/Jun/2023:08:44:10 +0800] "GET /xingrg/javascript/auto/indicator.gif HTTP/1.1" 404 1066
116.232.195.127 - - [04/Jun/2023:08:44:12 +0800] "POST /xingrg/kc/buy/cgsh_list_operate.html HTTP/1.1" 200 986
116.232.195.127 - - [04/Jun/2023:08:44:16 +0800] "GET /xingrg/kc/buy/cgsh_order_add.html HTTP/1.1" 200 71620
116.232.195.127 - - [04/Jun/2023:08:44:16 +0800] "GET /xingrg/words/20230603144650_words.js HTTP/1.1" 304 -
116.232.195.127 - - [04/Jun/2023:08:44:17 +0800] "POST /xingrg/kc/buy/cgsh_order_operate.html HTTP/1.1" 200 8245
116.232.195.127 - - [04/Jun/2023:08:44:17 +0800] "GET /xingrg/javascript/easyui/themes/default/validatebox.css HTTP/1.1" 404 1104
116.232.195.127 - - [04/Jun/2023:08:44:17 +0800] "GET /xingrg/all/common/auto_word.html?type=employee&rest_code=00155 HTTP/1.1" 200 205
116.232.195.127 - - [04/Jun/2023:08:44:17 +0800] "GET /xingrg/all/common/auto_word.html?type=employee&rest_code=00155 HTTP/1.1" 200 205
114.83.217.50 - - [04/Jun/2023:08:44:20 +0800] "GET /xingrg/javascript/auto/indicator.gif HTTP/1.1" 404 1066
124.78.154.168 - - [04/Jun/2023:08:44:20 +0800] "GET /xingrg/kc/buy/cgsh_order_operate.html?command=get_materiel&rest_code=00106&code=00101008337&supplier_code=00100007&order_time=2023-06-04 HTTP/1.1" 200 408
114.83.217.50 - - [04/Jun/2023:08:44:21 +0800] "GET /xingrg/javascript/jquery_tools/images/prev.gif HTTP/1.1" 404 1086
114.83.217.50 - - [04/Jun/2023:08:44:21 +0800] "GET /xingrg/javascript/jquery_tools/images/next.gif HTTP/1.1" 404 1086
101.85.192.75 - - [04/Jun/2023:08:44:23 +0800] "GET /xingrg/all/function/internal_message.html?_=1685839497338&CODE_STATE=getMsg HTTP/1.1" 200 27
124.78.154.168 - - [04/Jun/2023:08:44:32 +0800] "GET /xingrg/all/function/internal_message.html?_=1685839473409&CODE_STATE=getMsg HTTP/1.1" 200 27
114.83.217.50 - - [04/Jun/2023:08:44:35 +0800] "GET /xingrg/kc/buy/cgsh_order_operate.html?command=get_materiel&rest_code=00149&code=00101008261&supplier_code=00100008&order_time=2023-06-04 HTTP/1.1" 200 408
124.78.154.168 - - [04/Jun/2023:08:44:39 +0800] "GET /xingrg/kc/buy/cgsh_order_operate.html?command=get_materiel&rest_code=00106&code=00101008110&supplier_code=00100007&order_time=2023-06-04 HTTP/1.1" 200 408
114.85.113.108 - - [04/Jun/2023:08:44:44 +0800] "GET /xingrg/all/function/internal_message.html?_=1685839484485&CODE_STATE=getMsg HTTP/1.1" 200 27
101.83.145.52 - - [04/Jun/2023:08:44:46 +0800] "GET /xingrg/all/function/internal_message.html?_=1685839316261&CODE_STATE=getMsg HTTP/1.1" 200 27
116.232.195.127 - - [04/Jun/2023:08:44:49 +0800] "GET /xingrg/javascript/auto/indicator.gif HTTP/1.1" 404 1066
116.232.195.127 - - [04/Jun/2023:08:44:49 +0800] "GET /xingrg/all/function/internal_message.html?_=1685839511855&CODE_STATE=getMsg HTTP/1.1" 200 27
114.83.217.50 - - [04/Jun/2023:08:44:50 +0800] "GET /xingrg/kc/buy/cgsh_order_operate.html?command=get_materiel&rest_code=00149&code=00101008080&supplier_code=00100008&order_time=2023-06-04 HTTP/1.1" 200 416
124.78.154.168 - - [04/Jun/2023:08:44:54 +0800] "GET /xingrg/kc/buy/cgsh_order_operate.html?command=get_materiel&rest_code=00106&code=00101008355&supplier_code=00100007&order_time=2023-06-04 HTTP/1.1" 200 408
114.83.217.50 - - [04/Jun/2023:08:45:02 +0800] "GET /xingrg/kc/buy/cgsh_order_operate.html?command=get_materiel&rest_code=00149&code=00101008331&supplier_code=00100008&order_time=2023-06-04 HTTP/1.1" 200 416
114.83.217.50 - - [04/Jun/2023:08:45:04 +0800] "GET /xingrg/all/function/internal_message.html?_=1685839504055&CODE_STATE=getMsg HTTP/1.1" 200 27
101.85.192.75 - - [04/Jun/2023:08:45:06 +0800] "GET /xingrg/all/function/internal_message.html?_=1685839505312&CODE_STATE=getMsg HTTP/1.1" 200 27
124.78.154.168 - - [04/Jun/2023:08:45:09 +0800] "GET /xingrg/kc/buy/cgsh_order_operate.html?command=get_materiel&rest_code=00106&code=00101008144&supplier_code=00100007&order_time=2023-06-04 HTTP/1.1" 200 412
114.83.217.50 - - [04/Jun/2023:08:45:16 +0800] "GET /xingrg/kc/buy/cgsh_order_operate.html?command=get_materiel&rest_code=00149&code=00101008349&supplier_code=00100008&order_time=2023-06-04 HTTP/1.1" 200 414
101.83.145.52 - - [04/Jun/2023:08:45:18 +0800] "GET /favicon.ico HTTP/1.1" 404 -
101.83.145.52 - - [04/Jun/2023:08:45:18 +0800] "GET /xingrg/index.html?sysBaseUrl=http%3A%2F%2F180.169.147.146%3A18081%2Fxingrg%2F&costTime=36×tamp=1585223203754 HTTP/1.1" 302 -
101.83.145.52 - - [04/Jun/2023:08:45:18 +0800] "GET /xingrg/login.html HTTP/1.1" 200 7641
101.83.145.52 - - [04/Jun/2023:08:45:18 +0800] "GET /xingrg/images/blue/jxLogo.png HTTP/1.1" 304 -
101.83.145.52 - - [04/Jun/2023:08:45:18 +0800] "GET /xingrg/images/blue/login_bg.png HTTP/1.1" 304 -
101.83.145.52 - - [04/Jun/2023:08:45:18 +0800] "GET /xingrg/images/blue/hj.png HTTP/1.1" 304 -
101.83.145.52 - - [04/Jun/2023:08:45:18 +0800] "GET /xingrg/images/blue/srbg.png HTTP/1.1" 304 -
101.83.145.52 - - [04/Jun/2023:08:45:18 +0800] "GET /favicon.ico HTTP/1.1" 404 -
116.232.195.127 - - [04/Jun/2023:08:45:22 +0800] "GET /xingrg/kc/buy/cgsh_order_operate.html?command=get_materiel&rest_code=00155&code=00101002038&supplier_code=00100199&order_time=2023-06-04 HTTP/1.1" 200 418
124.78.154.168 - - [04/Jun/2023:08:45:23 +0800] "GET /xingrg/kc/buy/cgsh_order_operate.html?command=get_materiel&rest_code=00106&code=00101008264&supplier_code=00100007&order_time=2023-06-04 HTTP/1.1" 200 412
101.85.192.75 - - [04/Jun/2023:08:45:23 +0800] "GET /xingrg/all/function/internal_message.html?_=1685839557323&CODE_STATE=getMsg HTTP/1.1" 200 27
101.83.145.52 - - [04/Jun/2023:08:45:23 +0800] "POST /xingrg/login.do HTTP/1.1" 200 2421
101.83.145.52 - - [04/Jun/2023:08:45:24 +0800] "GET /favicon.ico HTTP/1.1" 404 -
101.83.145.52 - - [04/Jun/2023:08:45:24 +0800] "GET /xingrg/login.html HTTP/1.1" 200 7641
101.83.145.52 - - [04/Jun/2023:08:45:24 +0800] "GET /favicon.ico HTTP/1.1" 404 -
114.83.217.50 - - [04/Jun/2023:08:45:26 +0800] "GET /xingrg/kc/buy/cgsh_order_operate.html?command=get_materiel&rest_code=00149&code=00101008350&supplier_code=00100008&order_time=2023-06-04 HTTP/1.1" 200 408
101.83.145.52 - - [04/Jun/2023:08:45:26 +0800] "POST /xingrg/login.do HTTP/1.1" 302 -
101.83.145.52 - - [04/Jun/2023:08:45:26 +0800] "GET /xingrg/index.html?sysBaseUrl=http%3A%2F%2F180.169.147.146%3A18081%2Fxingrg%2F&costTime=891×tamp=1685839526733 HTTP/1.1" 200 17173
101.83.145.52 - - [04/Jun/2023:08:45:26 +0800] "GET /favicon.ico HTTP/1.1" 404 -
101.83.145.52 - - [04/Jun/2023:08:45:27 +0800] "GET /xingrg/check_reg.html?_=1685839528579 HTTP/1.1" 200 22
101.83.145.52 - - [04/Jun/2023:08:45:27 +0800] "GET /xingrg/all/function/internal_message.html?_=1685839528578&CODE_STATE=count HTTP/1.1" 200 11
101.83.145.52 - - [04/Jun/2023:08:45:27 +0800] "POST /xingrg/all/common/load_tree.html?tree=area_rest_tree_json&manage=1 HTTP/1.1" 200 3499
101.83.145.52 - - [04/Jun/2023:08:45:27 +0800] "POST /xingrg/load_menu.html HTTP/1.1" 200 5138
101.83.145.52 - - [04/Jun/2023:08:45:32 +0800] "GET /xingrg/kc/buy/cgsh_order_list.html HTTP/1.1" 200 55791
124.78.154.168 - - [04/Jun/2023:08:45:32 +0800] "GET /xingrg/all/function/internal_message.html?_=1685839533404&CODE_STATE=getMsg HTTP/1.1" 200 27
101.85.192.75 - - [04/Jun/2023:08:45:33 +0800] "GET /xingrg/check_reg.html?_=1685839567246 HTTP/1.1" 200 22
101.83.145.52 - - [04/Jun/2023:08:45:35 +0800] "POST /xingrg/kc/buy/cgsh_list_operate.html HTTP/1.1" 200 986
101.83.145.52 - - [04/Jun/2023:08:45:42 +0800] "GET /xingrg/kc/buy/cgsh_order_add.html HTTP/1.1" 200 71655
101.83.145.52 - - [04/Jun/2023:08:45:42 +0800] "GET /xingrg/words/20230603144650_words.js HTTP/1.1" 200 966955
101.83.145.52 - - [04/Jun/2023:08:45:43 +0800] "POST /xingrg/kc/buy/cgsh_order_operate.html HTTP/1.1" 200 8245
101.83.145.52 - - [04/Jun/2023:08:45:43 +0800] "GET /xingrg/javascript/easyui/themes/default/validatebox.css HTTP/1.1" 404 1104
101.83.145.52 - - [04/Jun/2023:08:45:43 +0800] "GET /xingrg/all/common/auto_word.html?type=employee&rest_code=00105 HTTP/1.1" 200 193
101.83.145.52 - - [04/Jun/2023:08:45:43 +0800] "GET /xingrg/all/common/auto_word.html?type=employee&rest_code=00105 HTTP/1.1" 200 193
114.85.113.108 - - [04/Jun/2023:08:45:44 +0800] "GET /xingrg/all/function/internal_message.html?_=1685839544483&CODE_STATE=getMsg HTTP/1.1" 200 27
101.83.145.52 - - [04/Jun/2023:08:45:45 +0800] "GET /xingrg/javascript/auto/indicator.gif HTTP/1.1" 404 1066
124.78.154.168 - - [04/Jun/2023:08:45:46 +0800] "GET /xingrg/kc/buy/cgsh_order_operate.html?command=get_materiel&rest_code=00106&code=00101008356&supplier_code=00100007&order_time=2023-06-04 HTTP/1.1" 200 408
101.83.145.52 - - [04/Jun/2023:08:45:46 +0800] "GET /xingrg/all/function/internal_message.html?_=1685839376252&CODE_STATE=getMsg HTTP/1.1" 200 27
116.232.195.127 - - [04/Jun/2023:08:45:49 +0800] "GET /xingrg/all/function/internal_message.html?_=1685839571850&CODE_STATE=getMsg HTTP/1.1" 200 27
114.83.217.50 - - [04/Jun/2023:08:45:51 +0800] "GET /xingrg/kc/buy/cgsh_order_operate.html?command=get_materiel&rest_code=00149&code=00101008185&supplier_code=00100008&order_time=2023-06-04 HTTP/1.1" 200 408
101.83.145.52 - - [04/Jun/2023:08:45:54 +0800] "GET /xingrg/kc/buy/cgsh_order_operate.html?command=get_materiel&rest_code=00105&code=00101016030&supplier_code=00100034&order_time=2023-06-04 HTTP/1.1" 200 412
116.232.195.127 - - [04/Jun/2023:08:45:58 +0800] "GET /xingrg/kc/buy/cgsh_order_operate.html?command=get_materiel&rest_code=00155&code=00101002027&supplier_code=00100199&order_time=2023-06-04 HTTP/1.1" 200 413
124.78.154.168 - - [04/Jun/2023:08:46:02 +0800] "GET /xingrg/kc/buy/cgsh_order_operate.html?command=get_materiel&rest_code=00106&code=00101008439&supplier_code=00100007&order_time=2023-06-04 HTTP/1.1" 200 413
114.83.217.50 - - [04/Jun/2023:08:46:04 +0800] "GET /xingrg/all/function/internal_message.html?_=1685839564057&CODE_STATE=getMsg HTTP/1.1" 200 27
114.83.217.50 - - [04/Jun/2023:08:46:05 +0800] "GET /xingrg/kc/buy/cgsh_order_operate.html?command=get_materiel&rest_code=00149&code=00101008351&supplier_code=00100008&order_time=2023-06-04 HTTP/1.1" 200 408
101.85.192.75 - - [04/Jun/2023:08:46:06 +0800] "GET /xingrg/check_reg.html?_=1685839565311 HTTP/1.1" 200 22
101.85.192.75 - - [04/Jun/2023:08:46:06 +0800] "GET /xingrg/all/function/internal_message.html?_=1685839565316&CODE_STATE=getMsg HTTP/1.1" 200 27
101.83.145.52 - - [04/Jun/2023:08:46:11 +0800] "POST /xingrg/kc/buy/cgsh_order_operate.html HTTP/1.1" 200 37
101.83.145.52 - - [04/Jun/2023:08:46:13 +0800] "POST /xingrg/kc/buy/cgsh_order_operate.html HTTP/1.1" 200 2655
124.78.154.168 - - [04/Jun/2023:08:46:14 +0800] "GET /xingrg/kc/buy/cgsh_order_operate.html?command=get_materiel&rest_code=00106&code=00101008357&supplier_code=00100007&order_time=2023-06-04 HTTP/1.1" 200 408
114.83.217.50 - - [04/Jun/2023:08:46:17 +0800] "GET /xingrg/kc/buy/cgsh_order_operate.html?command=get_materiel&rest_code=00149&code=00101008163&supplier_code=00100008&order_time=2023-06-04 HTTP/1.1" 200 409
101.83.145.52 - - [04/Jun/2023:08:46:18 +0800] "GET /xingrg/kc/print/load_config.html?kc_code=cgsh HTTP/1.1" 200 1924
101.83.145.52 - - [04/Jun/2023:08:46:18 +0800] "GET /xingrg/kc/print/load_data.html?order_code=212023060401222&kc_code=cgsh&condition= HTTP/1.1" 200 713
101.83.145.52 - - [04/Jun/2023:08:46:23 +0800] "GET /xingrg/kc/buy/cgsh_order_add.html HTTP/1.1" 200 71655
101.85.192.75 - - [04/Jun/2023:08:46:23 +0800] "GET /xingrg/all/function/internal_message.html?_=1685839617307&CODE_STATE=getMsg HTTP/1.1" 200 27
101.83.145.52 - - [04/Jun/2023:08:46:23 +0800] "GET /xingrg/javascript/easyui/themes/default/validatebox.css HTTP/1.1" 404 1104
101.83.145.52 - - [04/Jun/2023:08:46:23 +0800] "POST /xingrg/kc/buy/cgsh_order_operate.html HTTP/1.1" 200 8245
218.81.221.158 - - [04/Jun/2023:08:46:24 +0800] "POST /xingrg/services/DataTransmitService HTTP/1.1" 200 524
218.81.221.158 - - [04/Jun/2023:08:46:25 +0800] "POST /xingrg/services/DataTransmitService HTTP/1.1" 200 412
101.83.145.52 - - [04/Jun/2023:08:46:27 +0800] "GET /xingrg/all/function/internal_message.html?_=1685839588613&CODE_STATE=getMsg HTTP/1.1" 200 27
124.78.154.168 - - [04/Jun/2023:08:46:29 +0800] "GET /xingrg/kc/buy/cgsh_order_operate.html?command=get_materiel&rest_code=00106&code=00101008230&supplier_code=00100007&order_time=2023-06-04 HTTP/1.1" 200 408
124.78.154.168 - - [04/Jun/2023:08:46:32 +0800] "GET /xingrg/all/function/internal_message.html?_=1685839593411&CODE_STATE=getMsg HTTP/1.1" 200 27
101.83.145.52 - - [04/Jun/2023:08:46:37 +0800] "GET /xingrg/kc/buy/cgsh_order_operate.html?command=get_materiel&rest_code=00105&code=00101002027&supplier_code=00100397&order_time=2023-06-04 HTTP/1.1" 200 413
114.83.217.50 - - [04/Jun/2023:08:46:39 +0800] "GET /xingrg/kc/buy/cgsh_order_operate.html?command=get_materiel&rest_code=00149&code=00101008268&supplier_code=00100008&order_time=2023-06-04 HTTP/1.1" 200 408
114.85.113.108 - - [04/Jun/2023:08:46:44 +0800] "GET /xingrg/all/function/internal_message.html?_=1685839604489&CODE_STATE=getMsg HTTP/1.1" 200 27
101.83.145.52 - - [04/Jun/2023:08:46:46 +0800] "GET /xingrg/all/function/internal_message.html?_=1685839436261&CODE_STATE=getMsg HTTP/1.1" 200 27
114.83.217.50 - - [04/Jun/2023:08:46:49 +0800] "GET /xingrg/kc/buy/cgsh_order_operate.html?command=get_materiel&rest_code=00149&code=00101008101&supplier_code=00100008&order_time=2023-06-04 HTTP/1.1" 200 412
116.232.195.127 - - [04/Jun/2023:08:46:49 +0800] "GET /xingrg/all/function/internal_message.html?_=1685839631853&CODE_STATE=getMsg HTTP/1.1" 200 27
101.83.145.52 - - [04/Jun/2023:08:46:58 +0800] "GET /xingrg/kc/buy/cgsh_order_operate.html?command=get_materiel&rest_code=00105&code=00101001023&supplier_code=00100397&order_time=2023-06-04 HTTP/1.1" 200 413
114.83.217.50 - - [04/Jun/2023:08:47:04 +0800] "GET /xingrg/all/function/internal_message.html?_=1685839624073&CODE_STATE=getMsg HTTP/1.1" 200 27
101.85.192.75 - - [04/Jun/2023:08:47:06 +0800] "GET /xingrg/all/function/internal_message.html?_=1685839625314&CODE_STATE=getMsg HTTP/1.1" 200 27
124.78.154.168 - - [04/Jun/2023:08:47:13 +0800] "GET /xingrg/kc/buy/cgsh_order_operate.html?command=get_materiel&rest_code=00106&code=00101008069&supplier_code=00100007&order_time=2023-06-04 HTTP/1.1" 200 412
116.232.195.127 - - [04/Jun/2023:08:47:16 +0800] "GET /xingrg/kc/buy/cgsh_order_operate.html?command=get_materiel&rest_code=00155&code=00101001111&supplier_code=00100199&order_time=2023-06-04 HTTP/1.1" 200 411
101.83.145.52 - - [04/Jun/2023:08:47:17 +0800] "GET /xingrg/kc/buy/cgsh_order_operate.html?command=get_materiel&rest_code=00105&code=00101001010&supplier_code=00100397&order_time=2023-06-04 HTTP/1.1" 200 409
101.85.192.75 - - [04/Jun/2023:08:47:23 +0800] "GET /xingrg/all/function/internal_message.html?_=1685839677290&CODE_STATE=getMsg HTTP/1.1" 200 27
101.83.145.52 - - [04/Jun/2023:08:47:27 +0800] "GET /xingrg/all/function/internal_message.html?_=1685839648620&CODE_STATE=getMsg HTTP/1.1" 200 27
124.78.154.168 - - [04/Jun/2023:08:47:31 +0800] "GET /xingrg/kc/buy/cgsh_order_operate.html?command=get_materiel&rest_code=00106&code=00101008286&supplier_code=00100007&order_time=2023-06-04 HTTP/1.1" 200 408
124.78.154.168 - - [04/Jun/2023:08:47:32 +0800] "GET /xingrg/all/function/internal_message.html?_=1685839653418&CODE_STATE=getMsg HTTP/1.1" 200 27
114.85.113.108 - - [04/Jun/2023:08:47:44 +0800] "GET /xingrg/all/function/internal_message.html?_=1685839664490&CODE_STATE=getMsg HTTP/1.1" 200 27
101.83.145.52 - - [04/Jun/2023:08:47:46 +0800] "GET /xingrg/check_reg.html?_=1685839496254 HTTP/1.1" 200 22
101.83.145.52 - - [04/Jun/2023:08:47:46 +0800] "GET /xingrg/all/function/internal_message.html?_=1685839496257&CODE_STATE=getMsg HTTP/1.1" 200 27
101.83.145.52 - - [04/Jun/2023:08:47:48 +0800] "POST /xingrg/kc/buy/cgsh_order_operate.html HTTP/1.1" 200 37
124.78.154.168 - - [04/Jun/2023:08:47:48 +0800] "GET /xingrg/kc/buy/cgsh_order_operate.html?command=get_materiel&rest_code=00106&code=00101008352&supplier_code=00100007&order_time=2023-06-04 HTTP/1.1" 200 412
101.83.145.52 - - [04/Jun/2023:08:47:49 +0800] "POST /xingrg/kc/buy/cgsh_order_operate.html HTTP/1.1" 200 4434
116.232.195.127 - - [04/Jun/2023:08:47:49 +0800] "GET /xingrg/all/function/internal_message.html?_=1685839691872&CODE_STATE=getMsg HTTP/1.1" 200 27
101.83.145.52 - - [04/Jun/2023:08:47:51 +0800] "GET /xingrg/kc/print/load_data.html?order_code=212023060401223&kc_code=cgsh&condition= HTTP/1.1" 200 1356
101.83.145.52 - - [04/Jun/2023:08:47:56 +0800] "GET /xingrg/kc/buy/cgsh_order_add.html HTTP/1.1" 200 71655
101.83.145.52 - - [04/Jun/2023:08:47:57 +0800] "GET /xingrg/javascript/easyui/themes/default/validatebox.css HTTP/1.1" 404 1104
101.83.145.52 - - [04/Jun/2023:08:47:57 +0800] "POST /xingrg/kc/buy/cgsh_order_operate.html HTTP/1.1" 200 8245
124.78.154.168 - - [04/Jun/2023:08:48:02 +0800] "GET /xingrg/kc/buy/cgsh_order_operate.html?command=get_materiel&rest_code=00106&code=00101008098&supplier_code=00100007&order_time=2023-06-04 HTTP/1.1" 200 412
114.83.217.50 - - [04/Jun/2023:08:48:04 +0800] "GET /xingrg/check_reg.html?_=1685839684070 HTTP/1.1" 200 22
114.83.217.50 - - [04/Jun/2023:08:48:04 +0800] "GET /xingrg/all/function/internal_message.html?_=1685839684074&CODE_STATE=getMsg HTTP/1.1" 200 27
101.85.192.75 - - [04/Jun/2023:08:48:06 +0800] "GET /xingrg/all/function/internal_message.html?_=1685839685321&CODE_STATE=getMsg HTTP/1.1" 200 27
114.83.217.50 - - [04/Jun/2023:08:48:16 +0800] "GET /xingrg/kc/buy/cgsh_order_operate.html?command=get_materiel&rest_code=00149&code=00101013175&supplier_code=00100008&order_time=2023-06-04 HTTP/1.1" 200 412
101.83.145.52 - - [04/Jun/2023:08:48:17 +0800] "GET /xingrg/kc/buy/cgsh_order_operate.html?command=get_materiel&rest_code=00105&code=00101008286&supplier_code=00100203&order_time=2023-06-04 HTTP/1.1" 200 408
124.78.154.168 - - [04/Jun/2023:08:48:20 +0800] "GET /xingrg/kc/buy/cgsh_order_operate.html?command=get_materiel&rest_code=00106&code=00101008005&supplier_code=00100007&order_time=2023-06-04 HTTP/1.1" 200 412
