116.238.139.35 - - [04/Jun/2023:10:28:02 +0800] "GET /xingrg/javascript/jquery_easy_ui/jquery.easyui.min.js HTTP/1.1" 304 -
116.238.139.35 - - [04/Jun/2023:10:28:02 +0800] "GET /xingrg/javascript/jquery_easy_ui/easyui-lang-zh_CN.js HTTP/1.1" 304 -
116.238.139.35 - - [04/Jun/2023:10:28:02 +0800] "GET /xingrg/javascript/jquery.form.js HTTP/1.1" 304 -
116.238.139.35 - - [04/Jun/2023:10:28:02 +0800] "GET /xingrg/javascript/jquery.utils.js HTTP/1.1" 304 -
116.238.139.35 - - [04/Jun/2023:10:28:02 +0800] "GET /xingrg/javascript/jquery.timers.js HTTP/1.1" 304 -
116.238.139.35 - - [04/Jun/2023:10:28:02 +0800] "GET /xingrg/images/blue/jxLogo.png HTTP/1.1" 304 -
116.238.139.35 - - [04/Jun/2023:10:28:02 +0800] "GET /xingrg/images/blue/navBackgound.jpg HTTP/1.1" 304 -
116.238.139.35 - - [04/Jun/2023:10:28:02 +0800] "GET /xingrg/javascript/jquery_easy_ui/themes/icons/settle_new.png HTTP/1.1" 304 -
116.238.139.35 - - [04/Jun/2023:10:28:02 +0800] "GET /xingrg/all/function/internal_message.html?_=1685845682179&CODE_STATE=count HTTP/1.1" 200 11
116.238.139.35 - - [04/Jun/2023:10:28:02 +0800] "GET /xingrg/check_reg.html?_=1685845682180 HTTP/1.1" 200 22
116.238.139.35 - - [04/Jun/2023:10:28:02 +0800] "GET /xingrg/images/blue/pingpu.png HTTP/1.1" 304 -
116.238.139.35 - - [04/Jun/2023:10:28:02 +0800] "GET /xingrg/javascript/jquery_easy_ui/themes/default/images/panel_tool_collapse.gif HTTP/1.1" 304 -
116.238.139.35 - - [04/Jun/2023:10:28:02 +0800] "GET /xingrg/javascript/jquery_easy_ui/themes/default/images/tabs_leftarrow.png HTTP/1.1" 304 -
116.238.139.35 - - [04/Jun/2023:10:28:02 +0800] "GET /xingrg/javascript/jquery_easy_ui/themes/default/images/tabs_rightarrow.png HTTP/1.1" 304 -
116.238.139.35 - - [04/Jun/2023:10:28:02 +0800] "POST /xingrg/all/common/load_tree.html?tree=area_rest_tree_json&manage=1 HTTP/1.1" 200 476
116.238.139.35 - - [04/Jun/2023:10:28:02 +0800] "POST /xingrg/load_menu.html HTTP/1.1" 200 5138
116.238.139.35 - - [04/Jun/2023:10:28:04 +0800] "GET /xingrg/kc/base/wldb_order_list.html HTTP/1.1" 200 19104
116.238.139.35 - - [04/Jun/2023:10:28:05 +0800] "POST /xingrg/kc/base/wldb_list_operate.html HTTP/1.1" 200 928
222.67.234.146 - - [04/Jun/2023:10:28:06 +0800] "GET /xingrg/kc/buy/cgsh_order_operate.html?command=get_materiel&rest_code=00141&code=00101015060&supplier_code=00100007&order_time=2023-06-04 HTTP/1.1" 200 413
101.85.192.75 - - [04/Jun/2023:10:28:06 +0800] "GET /xingrg/all/function/internal_message.html?_=1685845685463&CODE_STATE=getMsg HTTP/1.1" 302 -
124.78.154.168 - - [04/Jun/2023:10:28:06 +0800] "GET /xingrg/kc/buy/cgsh_order_operate.html?command=get_materiel&rest_code=00106&code=00101006180&supplier_code=00100096&order_time=2023-06-04 HTTP/1.1" 200 423
116.238.139.35 - - [04/Jun/2023:10:28:06 +0800] "GET /xingrg/kc/base/wldb_order_add.html HTTP/1.1" 200 30387
116.238.139.35 - - [04/Jun/2023:10:28:07 +0800] "POST /xingrg/kc/base/wldb_order_operate.html HTTP/1.1" 200 6806
116.238.139.35 - - [04/Jun/2023:10:28:07 +0800] "GET /xingrg/javascript/easyui/themes/default/validatebox.css HTTP/1.1" 404 1104
180.169.147.146 - - [04/Jun/2023:10:28:07 +0800] "GET /xingrg/all/function/internal_message.html?_=1685845687605&CODE_STATE=getMsg HTTP/1.1" 200 27
116.238.139.35 - - [04/Jun/2023:10:28:07 +0800] "GET /xingrg/javascript/auto/indicator.gif HTTP/1.1" 404 1066
218.81.221.158 - - [04/Jun/2023:10:28:11 +0800] "GET /xingrg/kc/buy/cgsh_order_operate.html?command=get_materiel&rest_code=00146&code=00101008403&supplier_code=00100005&order_time=2023-06-04 HTTP/1.1" 200 412
114.83.218.74 - - [04/Jun/2023:10:28:12 +0800] "GET /xingrg/all/function/internal_message.html?_=1685845793765&CODE_STATE=getMsg HTTP/1.1" 200 27
180.169.147.146 - - [04/Jun/2023:10:28:13 +0800] "GET /xingrg/all/function/internal_message.html?_=1685845693226&CODE_STATE=getMsg HTTP/1.1" 200 27
222.67.234.146 - - [04/Jun/2023:10:28:15 +0800] "GET /xingrg/kc/buy/cgsh_order_operate.html?command=get_materiel&rest_code=00141&code=00101008283&supplier_code=00100007&order_time=2023-06-04 HTTP/1.1" 200 408
116.238.139.35 - - [04/Jun/2023:10:28:15 +0800] "GET /xingrg/kc/base/wldb_order_operate.html?command=get_materiel&rest_code=00150&base_code=0010447&code=00101014075 HTTP/1.1" 200 452
222.67.234.146 - - [04/Jun/2023:10:28:16 +0800] "GET /xingrg/all/function/internal_message.html?_=1685845200661&CODE_STATE=getMsg HTTP/1.1" 200 27
222.67.234.146 - - [04/Jun/2023:10:28:17 +0800] "POST /xingrg/kc/buy/cgsh_order_operate.html HTTP/1.1" 200 2065
124.79.246.33 - - [04/Jun/2023:10:28:18 +0800] "GET /xingrg/check_reg.html?_=1685845678706 HTTP/1.1" 200 22
124.79.246.33 - - [04/Jun/2023:10:28:18 +0800] "GET /xingrg/all/function/internal_message.html?_=1685845678710&CODE_STATE=getMsg HTTP/1.1" 200 27
101.229.22.40 - - [04/Jun/2023:10:28:19 +0800] "GET /xingrg/all/function/internal_message.html?_=1685845699482&CODE_STATE=getMsg HTTP/1.1" 200 27
116.232.195.127 - - [04/Jun/2023:10:28:19 +0800] "GET /xingrg/all/function/internal_message.html?_=1685845721798&CODE_STATE=getMsg HTTP/1.1" 200 27
116.238.139.35 - - [04/Jun/2023:10:28:20 +0800] "POST /xingrg/kc/base/wldb_order_operate.html HTTP/1.1" 200 37
180.169.147.146 - - [04/Jun/2023:10:28:21 +0800] "GET /xingrg/all/function/internal_message.html?_=1685845700846&CODE_STATE=getMsg HTTP/1.1" 200 27
172.20.0.100 - - [04/Jun/2023:10:28:22 +0800] "GET /xingrg/all/function/internal_message.html?_=1685845701766&CODE_STATE=getMsg HTTP/1.1" 200 27
101.83.145.52 - - [04/Jun/2023:10:28:25 +0800] "GET /xingrg/all/function/internal_message.html?_=1685845706746&CODE_STATE=getMsg HTTP/1.1" 200 27
222.67.234.146 - - [04/Jun/2023:10:28:25 +0800] "GET /xingrg/kc/buy/cgsh_order_operate.html?command=get_materiel&rest_code=00141&code=00101008150&supplier_code=00100007&order_time=2023-06-04 HTTP/1.1" 200 409
180.164.3.199 - - [04/Jun/2023:10:28:25 +0800] "POST /xingrg/kc/buy/cgsh_order_operate.html HTTP/1.1" 200 2065
116.238.139.35 - - [04/Jun/2023:10:28:26 +0800] "POST /xingrg/kc/base/wldb_order_operate.html HTTP/1.1" 200 12
116.238.139.35 - - [04/Jun/2023:10:28:26 +0800] "POST /xingrg/kc/base/wldb_order_operate.html HTTP/1.1" 200 2203
218.81.221.158 - - [04/Jun/2023:10:28:29 +0800] "GET /xingrg/kc/buy/cgsh_order_operate.html?command=get_materiel&rest_code=00146&code=00101008296&supplier_code=00100005&order_time=2023-06-04 HTTP/1.1" 200 416
101.85.192.75 - - [04/Jun/2023:10:28:30 +0800] "GET /xingrg/all/function/internal_message.html?_=1685845711559&CODE_STATE=getMsg HTTP/1.1" 200 27
116.238.139.35 - - [04/Jun/2023:10:28:30 +0800] "GET /xingrg/kc/base/wldb_order_info.html?code=422023060400282 HTTP/1.1" 200 26268
116.238.139.35 - - [04/Jun/2023:10:28:31 +0800] "GET /xingrg/javascript/easyui/themes/default/validatebox.css HTTP/1.1" 404 1104
116.238.139.35 - - [04/Jun/2023:10:28:31 +0800] "POST /xingrg/kc/base/wldb_order_operate.html HTTP/1.1" 200 498
114.83.217.50 - - [04/Jun/2023:10:28:32 +0800] "GET /xingrg/all/function/internal_message.html?_=1685845712348&CODE_STATE=getMsg HTTP/1.1" 200 27
124.78.154.168 - - [04/Jun/2023:10:28:33 +0800] "GET /xingrg/all/function/internal_message.html?_=1685845714592&CODE_STATE=getMsg HTTP/1.1" 200 27
222.67.234.146 - - [04/Jun/2023:10:28:37 +0800] "POST /xingrg/dwr/call/plaincall/AjaxCheckService.loadOrderItems.dwr HTTP/1.1" 200 8945
101.85.192.75 - - [04/Jun/2023:10:28:38 +0800] "GET /xingrg/all/function/internal_message.html?_=1685845752847&CODE_STATE=getMsg HTTP/1.1" 200 27
180.164.3.199 - - [04/Jun/2023:10:28:39 +0800] "GET /xingrg/all/function/internal_message.html?_=1685845720536&CODE_STATE=getMsg HTTP/1.1" 200 27
222.67.234.146 - - [04/Jun/2023:10:28:40 +0800] "GET /xingrg/kc/buy/cgsh_order_operate.html?command=get_materiel&rest_code=00141&code=00101019150&supplier_code=00100007&order_time=2023-06-04 HTTP/1.1" 200 435
218.81.221.158 - - [04/Jun/2023:10:28:40 +0800] "GET /xingrg/all/function/internal_message.html?_=1685845746019&CODE_STATE=getMsg HTTP/1.1" 200 27
222.67.234.146 - - [04/Jun/2023:10:28:42 +0800] "POST /xingrg/dwr/call/plaincall/AjaxCheckService.setItemNumber.dwr HTTP/1.1" 200 76
222.67.234.146 - - [04/Jun/2023:10:28:42 +0800] "POST /xingrg/dwr/call/plaincall/AjaxCheckService.setItemNumber.dwr HTTP/1.1" 200 76
222.67.234.146 - - [04/Jun/2023:10:28:42 +0800] "POST /xingrg/dwr/call/plaincall/AjaxCheckService.setItemNumber.dwr HTTP/1.1" 200 76
222.67.234.146 - - [04/Jun/2023:10:28:43 +0800] "POST /xingrg/dwr/call/plaincall/AjaxCheckService.setItemNumber.dwr HTTP/1.1" 200 76
180.164.3.199 - - [04/Jun/2023:10:28:43 +0800] "GET /xingrg/kc/buy/cgsh_order_operate.html?command=get_materiel&rest_code=00108&code=00101008265&supplier_code=00100007&order_time=2023-06-04 HTTP/1.1" 200 409
222.67.234.146 - - [04/Jun/2023:10:28:44 +0800] "POST /xingrg/dwr/call/plaincall/AjaxCheckService.setItemNumber.dwr HTTP/1.1" 200 76
114.85.113.108 - - [04/Jun/2023:10:28:45 +0800] "GET /xingrg/check_reg.html?_=1685845724649 HTTP/1.1" 200 22
114.85.113.108 - - [04/Jun/2023:10:28:45 +0800] "GET /xingrg/all/function/internal_message.html?_=1685845724651&CODE_STATE=getMsg HTTP/1.1" 200 27
222.67.234.146 - - [04/Jun/2023:10:28:45 +0800] "POST /xingrg/dwr/call/plaincall/AjaxCheckService.setItemNumber.dwr HTTP/1.1" 200 76
222.67.234.146 - - [04/Jun/2023:10:28:46 +0800] "POST /xingrg/dwr/call/plaincall/AjaxCheckService.setItemNumber.dwr HTTP/1.1" 200 77
101.83.145.52 - - [04/Jun/2023:10:28:46 +0800] "GET /xingrg/all/function/internal_message.html?_=1685845556350&CODE_STATE=getMsg HTTP/1.1" 200 27
222.67.234.146 - - [04/Jun/2023:10:28:47 +0800] "POST /xingrg/dwr/call/plaincall/AjaxCheckService.setItemNumber.dwr HTTP/1.1" 200 77
222.67.234.146 - - [04/Jun/2023:10:28:47 +0800] "POST /xingrg/dwr/call/plaincall/AjaxCheckService.setItemNumber.dwr HTTP/1.1" 200 77
222.67.234.146 - - [04/Jun/2023:10:28:48 +0800] "GET /xingrg/kc/buy/cgsh_order_operate.html?command=get_materiel&rest_code=00141&code=00101008738&supplier_code=00100007&order_time=2023-06-04 HTTP/1.1" 200 399
222.67.234.146 - - [04/Jun/2023:10:28:48 +0800] "POST /xingrg/dwr/call/plaincall/AjaxCheckService.setItemNumber.dwr HTTP/1.1" 200 77
218.81.221.158 - - [04/Jun/2023:10:28:48 +0800] "GET /xingrg/kc/buy/cgsh_order_operate.html?command=get_materiel&rest_code=00146&code=00101016122&supplier_code=00100005&order_time=2023-06-04 HTTP/1.1" 200 409
222.67.234.146 - - [04/Jun/2023:10:28:52 +0800] "POST /xingrg/dwr/call/plaincall/AjaxCheckService.setItemNumber.dwr HTTP/1.1" 200 77
101.83.145.52 - - [04/Jun/2023:10:28:52 +0800] "GET /xingrg/kc/buy/cgsh_order_operate.html?command=get_materiel&rest_code=00105&code=00101009059&supplier_code=00100024&order_time=2023-06-04 HTTP/1.1" 200 408
222.67.234.146 - - [04/Jun/2023:10:28:53 +0800] "POST /xingrg/dwr/call/plaincall/AjaxCheckService.setItemNumber.dwr HTTP/1.1" 200 77
218.81.221.158 - - [04/Jun/2023:10:29:01 +0800] "GET /xingrg/kc/buy/cgsh_order_operate.html?command=get_materiel&rest_code=00146&code=00101008305&supplier_code=00100005&order_time=2023-06-04 HTTP/1.1" 200 412
114.83.217.50 - - [04/Jun/2023:10:29:01 +0800] "GET /xingrg/all/function/internal_message.html?_=1685845741973&CODE_STATE=getMsg HTTP/1.1" 200 27
222.67.234.146 - - [04/Jun/2023:10:29:02 +0800] "GET /xingrg/kc/buy/cgsh_order_operate.html?command=get_materiel&rest_code=00141&code=00101010566&supplier_code=00100007&order_time=2023-06-04 HTTP/1.1" 200 412
101.83.145.52 - - [04/Jun/2023:10:29:02 +0800] "GET /xingrg/kc/buy/cgsh_order_operate.html?command=get_materiel&rest_code=00105&code=00101009011&supplier_code=00100024&order_time=2023-06-04 HTTP/1.1" 200 416
116.238.139.35 - - [04/Jun/2023:10:29:02 +0800] "GET /xingrg/all/function/internal_message.html?_=1685845742194&CODE_STATE=getMsg HTTP/1.1" 200 27
101.85.192.75 - - [04/Jun/2023:10:29:06 +0800] "GET /xingrg/all/function/internal_message.html?_=1685845745466&CODE_STATE=getMsg HTTP/1.1" 302 -
180.169.147.146 - - [04/Jun/2023:10:29:07 +0800] "GET /xingrg/all/function/internal_message.html?_=1685845747614&CODE_STATE=getMsg HTTP/1.1" 200 27
114.83.218.74 - - [04/Jun/2023:10:29:12 +0800] "GET /xingrg/check_reg.html?_=1685845853761 HTTP/1.1" 200 22
114.83.218.74 - - [04/Jun/2023:10:29:12 +0800] "GET /xingrg/all/function/internal_message.html?_=1685845853767&CODE_STATE=getMsg HTTP/1.1" 200 27
218.81.70.13 - - [04/Jun/2023:10:29:12 +0800] "GET /xingrg/check_reg.html?_=1685845752039 HTTP/1.1" 200 22
180.169.147.146 - - [04/Jun/2023:10:29:13 +0800] "GET /xingrg/all/function/internal_message.html?_=1685845753211&CODE_STATE=getMsg HTTP/1.1" 200 27
222.67.234.146 - - [04/Jun/2023:10:29:13 +0800] "GET /xingrg/kc/buy/cgsh_order_operate.html?command=get_materiel&rest_code=00141&code=00101009004&supplier_code=00100007&order_time=2023-06-04 HTTP/1.1" 200 409
180.164.3.199 - - [04/Jun/2023:10:29:13 +0800] "GET /xingrg/kc/buy/cgsh_order_operate.html?command=get_materiel&rest_code=00108&code=00101008213&supplier_code=00100007&order_time=2023-06-04 HTTP/1.1" 200 412
222.67.234.146 - - [04/Jun/2023:10:29:15 +0800] "GET /xingrg/all/function/internal_message.html?_=1685845755981&CODE_STATE=getMsg HTTP/1.1" 200 27
222.67.234.146 - - [04/Jun/2023:10:29:16 +0800] "GET /xingrg/all/function/internal_message.html?_=1685845260696&CODE_STATE=getMsg HTTP/1.1" 200 27
222.67.234.146 - - [04/Jun/2023:10:29:16 +0800] "POST /xingrg/kc/buy/cgsh_order_operate.html HTTP/1.1" 200 2065
124.78.154.168 - - [04/Jun/2023:10:29:17 +0800] "GET /xingrg/kc/buy/cgsh_order_operate.html?command=get_materiel&rest_code=00106&code=00101006112&supplier_code=00100096&order_time=2023-06-04 HTTP/1.1" 200 409
124.79.246.33 - - [04/Jun/2023:10:29:18 +0800] "GET /xingrg/all/function/internal_message.html?_=1685845738717&CODE_STATE=getMsg HTTP/1.1" 200 27
101.229.22.40 - - [04/Jun/2023:10:29:19 +0800] "GET /xingrg/check_reg.html?_=1685845759490 HTTP/1.1" 200 22
101.229.22.40 - - [04/Jun/2023:10:29:19 +0800] "GET /xingrg/all/function/internal_message.html?_=1685845759491&CODE_STATE=getMsg HTTP/1.1" 200 27
222.67.234.146 - - [04/Jun/2023:10:29:19 +0800] "POST /xingrg/dwr/call/plaincall/AjaxCheckService.setItemNumber.dwr HTTP/1.1" 200 77
116.232.195.127 - - [04/Jun/2023:10:29:19 +0800] "GET /xingrg/all/function/internal_message.html?_=1685845781797&CODE_STATE=getMsg HTTP/1.1" 200 27
180.169.147.146 - - [04/Jun/2023:10:29:21 +0800] "GET /xingrg/all/function/internal_message.html?_=1685845760852&CODE_STATE=getMsg HTTP/1.1" 200 27
101.83.145.52 - - [04/Jun/2023:10:29:22 +0800] "POST /xingrg/kc/buy/cgsh_order_operate.html HTTP/1.1" 200 37
172.20.0.100 - - [04/Jun/2023:10:29:22 +0800] "GET /xingrg/check_reg.html?_=1685845761768 HTTP/1.1" 200 22
172.20.0.100 - - [04/Jun/2023:10:29:22 +0800] "GET /xingrg/all/function/internal_message.html?_=1685845761770&CODE_STATE=getMsg HTTP/1.1" 200 27
101.83.145.52 - - [04/Jun/2023:10:29:24 +0800] "POST /xingrg/kc/buy/cgsh_order_operate.html HTTP/1.1" 200 5024
218.81.221.158 - - [04/Jun/2023:10:29:24 +0800] "GET /xingrg/kc/buy/cgsh_order_operate.html?command=get_materiel&rest_code=00146&code=00101008225&supplier_code=00100005&order_time=2023-06-04 HTTP/1.1" 200 417
101.83.145.52 - - [04/Jun/2023:10:29:25 +0800] "GET /xingrg/all/function/internal_message.html?_=1685845766725&CODE_STATE=getMsg HTTP/1.1" 200 27
222.67.234.146 - - [04/Jun/2023:10:29:25 +0800] "GET /xingrg/kc/buy/cgsh_order_operate.html?command=get_materiel&rest_code=00141&code=00101009079&supplier_code=00100007&order_time=2023-06-04 HTTP/1.1" 200 409
101.83.145.52 - - [04/Jun/2023:10:29:25 +0800] "GET /xingrg/kc/print/load_data.html?order_code=212023060401268&kc_code=cgsh&condition= HTTP/1.1" 200 1591
222.67.234.146 - - [04/Jun/2023:10:29:27 +0800] "POST /xingrg/dwr/call/plaincall/AjaxCheckService.setItemNumber.dwr HTTP/1.1" 200 77
101.85.192.75 - - [04/Jun/2023:10:29:30 +0800] "GET /xingrg/all/function/internal_message.html?_=1685845771542&CODE_STATE=getMsg HTTP/1.1" 200 27
101.85.192.75 - - [04/Jun/2023:10:29:30 +0800] "GET /xingrg/check_reg.html?_=1685845771866 HTTP/1.1" 200 22
114.83.217.50 - - [04/Jun/2023:10:29:32 +0800] "GET /xingrg/all/function/internal_message.html?_=1685845772341&CODE_STATE=getMsg HTTP/1.1" 200 27
180.164.3.199 - - [04/Jun/2023:10:29:33 +0800] "GET /xingrg/kc/buy/cgsh_order_operate.html?command=get_materiel&rest_code=00108&code=00101008286&supplier_code=00100007&order_time=2023-06-04 HTTP/1.1" 200 408
222.67.234.146 - - [04/Jun/2023:10:29:33 +0800] "POST /xingrg/dwr/call/plaincall/AjaxCheckService.checkOrder.dwr HTTP/1.1" 200 432
124.78.154.168 - - [04/Jun/2023:10:29:33 +0800] "GET /xingrg/all/function/internal_message.html?_=1685845774575&CODE_STATE=getMsg HTTP/1.1" 200 27
124.78.154.168 - - [04/Jun/2023:10:29:38 +0800] "GET /xingrg/kc/buy/cgsh_order_operate.html?command=get_materiel&rest_code=00106&code=00101006111&supplier_code=00100096&order_time=2023-06-04 HTTP/1.1" 200 409
222.67.234.146 - - [04/Jun/2023:10:29:38 +0800] "GET /xingrg/kc/buy/cgsh_order_operate.html?command=get_materiel&rest_code=00141&code=00101008229&supplier_code=00100007&order_time=2023-06-04 HTTP/1.1" 200 420
101.85.192.75 - - [04/Jun/2023:10:29:38 +0800] "GET /xingrg/all/function/internal_message.html?_=1685845812846&CODE_STATE=getMsg HTTP/1.1" 200 27
180.164.3.199 - - [04/Jun/2023:10:29:39 +0800] "GET /xingrg/all/function/internal_message.html?_=1685845780516&CODE_STATE=getMsg HTTP/1.1" 200 27
218.81.221.158 - - [04/Jun/2023:10:29:40 +0800] "GET /xingrg/all/function/internal_message.html?_=1685845806032&CODE_STATE=getMsg HTTP/1.1" 200 27
180.164.3.199 - - [04/Jun/2023:10:29:40 +0800] "GET /xingrg/check_reg.html?_=1685845781166 HTTP/1.1" 200 22
114.85.113.108 - - [04/Jun/2023:10:29:45 +0800] "GET /xingrg/all/function/internal_message.html?_=1685845784651&CODE_STATE=getMsg HTTP/1.1" 200 27
222.67.234.146 - - [04/Jun/2023:10:29:46 +0800] "GET /xingrg/kc/buy/cgsh_order_operate.html?command=get_materiel&rest_code=00141&code=00101012105&supplier_code=00100007&order_time=2023-06-04 HTTP/1.1" 200 406
218.81.221.158 - - [04/Jun/2023:10:29:46 +0800] "GET /xingrg/kc/buy/cgsh_order_operate.html?command=get_materiel&rest_code=00146&code=00101008265&supplier_code=00100005&order_time=2023-06-04 HTTP/1.1" 200 409
101.83.145.52 - - [04/Jun/2023:10:29:46 +0800] "GET /xingrg/all/function/internal_message.html?_=1685845616360&CODE_STATE=getMsg HTTP/1.1" 200 27
222.67.234.146 - - [04/Jun/2023:10:29:50 +0800] "POST /xingrg/kc/base/check_list_operate.html HTTP/1.1" 200 7373
218.81.221.158 - - [04/Jun/2023:10:29:53 +0800] "GET /xingrg/check_reg.html?_=1685845818925 HTTP/1.1" 200 22
180.164.3.199 - - [04/Jun/2023:10:29:55 +0800] "GET /xingrg/kc/buy/cgsh_order_operate.html?command=get_materiel&rest_code=00108&code=00101008350&supplier_code=00100007&order_time=2023-06-04 HTTP/1.1" 200 408
114.83.217.50 - - [04/Jun/2023:10:30:01 +0800] "GET /xingrg/all/function/internal_message.html?_=1685845801977&CODE_STATE=getMsg HTTP/1.1" 200 27
116.238.139.35 - - [04/Jun/2023:10:30:02 +0800] "GET /xingrg/all/function/internal_message.html?_=1685845802197&CODE_STATE=getMsg HTTP/1.1" 200 27
222.67.234.146 - - [04/Jun/2023:10:30:04 +0800] "GET /xingrg/kc/base/check_order_info.html?code=452023060400029 HTTP/1.1" 200 26471
222.67.234.146 - - [04/Jun/2023:10:30:04 +0800] "GET /xingrg/dwr/interface/AjaxComOrderService.js HTTP/1.1" 200 18264
222.67.234.146 - - [04/Jun/2023:10:30:04 +0800] "GET /xingrg/dwr/interface/AjaxCheckService.js HTTP/1.1" 200 14003
222.67.234.146 - - [04/Jun/2023:10:30:04 +0800] "GET /xingrg/dwr/engine.js HTTP/1.1" 200 43631
222.67.234.146 - - [04/Jun/2023:10:30:05 +0800] "POST /xingrg/dwr/call/plaincall/AjaxCheckService.loadOrderItems.dwr HTTP/1.1" 200 8957
222.67.234.146 - - [04/Jun/2023:10:30:06 +0800] "GET /xingrg/kc/buy/cgsh_order_operate.html?command=get_materiel&rest_code=00141&code=00101008323&supplier_code=00100007&order_time=2023-06-04 HTTP/1.1" 200 408
101.85.192.75 - - [04/Jun/2023:10:30:06 +0800] "GET /xingrg/all/function/internal_message.html?_=1685845805461&CODE_STATE=getMsg HTTP/1.1" 302 -
180.169.147.146 - - [04/Jun/2023:10:30:07 +0800] "GET /xingrg/all/function/internal_message.html?_=1685845807612&CODE_STATE=getMsg HTTP/1.1" 200 27
222.67.234.146 - - [04/Jun/2023:10:30:11 +0800] "POST /xingrg/dwr/call/plaincall/AjaxCheckService.checkOrder.dwr HTTP/1.1" 200 431
114.83.218.74 - - [04/Jun/2023:10:30:12 +0800] "GET /xingrg/all/function/internal_message.html?_=1685845913760&CODE_STATE=getMsg HTTP/1.1" 200 27
180.169.147.146 - - [04/Jun/2023:10:30:13 +0800] "GET /xingrg/all/function/internal_message.html?_=1685845813196&CODE_STATE=getMsg HTTP/1.1" 200 27
218.81.221.158 - - [04/Jun/2023:10:30:14 +0800] "GET /xingrg/kc/buy/cgsh_order_operate.html?command=get_materiel&rest_code=00146&code=00101008357&supplier_code=00100005&order_time=2023-06-04 HTTP/1.1" 200 408
222.67.234.146 - - [04/Jun/2023:10:30:16 +0800] "GET /xingrg/all/function/internal_message.html?_=1685845320739&CODE_STATE=getMsg HTTP/1.1" 200 27
222.67.234.146 - - [04/Jun/2023:10:30:17 +0800] "GET /xingrg/kc/buy/cgsh_order_operate.html?command=get_materiel&rest_code=00141&code=00101008176&supplier_code=00100007&order_time=2023-06-04 HTTP/1.1" 200 413
124.79.246.33 - - [04/Jun/2023:10:30:18 +0800] "GET /xingrg/all/function/internal_message.html?_=1685845798720&CODE_STATE=getMsg HTTP/1.1" 200 27
101.229.22.40 - - [04/Jun/2023:10:30:19 +0800] "GET /xingrg/all/function/internal_message.html?_=1685845819490&CODE_STATE=getMsg HTTP/1.1" 200 27
116.232.195.127 - - [04/Jun/2023:10:30:19 +0800] "GET /xingrg/all/function/internal_message.html?_=1685845841813&CODE_STATE=getMsg HTTP/1.1" 200 27
222.67.234.146 - - [04/Jun/2023:10:30:20 +0800] "POST /xingrg/kc/buy/cgsh_order_operate.html HTTP/1.1" 200 2065
180.169.147.146 - - [04/Jun/2023:10:30:21 +0800] "GET /xingrg/all/function/internal_message.html?_=1685845820855&CODE_STATE=getMsg HTTP/1.1" 200 27
172.20.0.100 - - [04/Jun/2023:10:30:22 +0800] "GET /xingrg/all/function/internal_message.html?_=1685845821771&CODE_STATE=getMsg HTTP/1.1" 200 27
222.67.234.146 - - [04/Jun/2023:10:30:24 +0800] "POST /xingrg/kc/base/check_list_operate.html HTTP/1.1" 200 1594
101.83.145.52 - - [04/Jun/2023:10:30:25 +0800] "GET /xingrg/all/function/internal_message.html?_=1685845826695&CODE_STATE=getMsg HTTP/1.1" 200 27
101.83.145.52 - - [04/Jun/2023:10:30:27 +0800] "GET /xingrg/check_reg.html?_=1685845828727 HTTP/1.1" 200 22
180.164.3.199 - - [04/Jun/2023:10:30:27 +0800] "GET /xingrg/kc/buy/cgsh_order_operate.html?command=get_materiel&rest_code=00108&code=00101008036&supplier_code=00100007&order_time=2023-06-04 HTTP/1.1" 200 408
222.67.234.146 - - [04/Jun/2023:10:30:27 +0800] "GET /xingrg/kc/buy/cgsh_order_operate.html?command=get_materiel&rest_code=00141&code=00101008302&supplier_code=00100007&order_time=2023-06-04 HTTP/1.1" 200 412
218.81.221.158 - - [04/Jun/2023:10:30:27 +0800] "GET /xingrg/kc/buy/cgsh_order_operate.html?command=get_materiel&rest_code=00146&code=00101008300&supplier_code=00100005&order_time=2023-06-04 HTTP/1.1" 200 412
222.67.234.146 - - [04/Jun/2023:10:30:28 +0800] "GET /xingrg/kc/base/check_order_info.html?code=452023060200017 HTTP/1.1" 200 23124
222.67.234.146 - - [04/Jun/2023:10:30:28 +0800] "GET /xingrg/dwr/interface/AjaxComOrderService.js HTTP/1.1" 200 18264
222.67.234.146 - - [04/Jun/2023:10:30:28 +0800] "GET /xingrg/dwr/interface/AjaxCheckService.js HTTP/1.1" 200 14003
222.67.234.146 - - [04/Jun/2023:10:30:28 +0800] "GET /xingrg/dwr/engine.js HTTP/1.1" 200 43631
222.67.234.146 - - [04/Jun/2023:10:30:29 +0800] "POST /xingrg/dwr/call/plaincall/AjaxCheckService.loadOrderItems.dwr HTTP/1.1" 200 4309
124.78.154.168 - - [04/Jun/2023:10:30:30 +0800] "GET /xingrg/kc/buy/cgsh_order_operate.html?command=get_materiel&rest_code=00106&code=00101006174&supplier_code=00100096&order_time=2023-06-04 HTTP/1.1" 200 415
101.85.192.75 - - [04/Jun/2023:10:30:30 +0800] "GET /xingrg/all/function/internal_message.html?_=1685845831539&CODE_STATE=getMsg HTTP/1.1" 200 27
114.83.217.50 - - [04/Jun/2023:10:30:32 +0800] "GET /xingrg/check_reg.html?_=1685845832338 HTTP/1.1" 200 22
114.83.217.50 - - [04/Jun/2023:10:30:32 +0800] "GET /xingrg/all/function/internal_message.html?_=1685845832341&CODE_STATE=getMsg HTTP/1.1" 200 27
124.78.154.168 - - [04/Jun/2023:10:30:33 +0800] "GET /xingrg/all/function/internal_message.html?_=1685845834551&CODE_STATE=getMsg HTTP/1.1" 200 27
180.164.3.199 - - [04/Jun/2023:10:30:36 +0800] "POST /xingrg/kc/buy/cgsh_order_operate.html HTTP/1.1" 200 2065
222.67.234.146 - - [04/Jun/2023:10:30:36 +0800] "GET /xingrg/kc/buy/cgsh_order_operate.html?command=get_materiel&rest_code=00141&code=00101008132&supplier_code=00100007&order_time=2023-06-04 HTTP/1.1" 200 408
101.85.192.75 - - [04/Jun/2023:10:30:38 +0800] "GET /xingrg/all/function/internal_message.html?_=1685845872846&CODE_STATE=getMsg HTTP/1.1" 200 27
180.164.3.199 - - [04/Jun/2023:10:30:39 +0800] "GET /xingrg/all/function/internal_message.html?_=1685845840502&CODE_STATE=getMsg HTTP/1.1" 200 27
218.81.221.158 - - [04/Jun/2023:10:30:40 +0800] "GET /xingrg/all/function/internal_message.html?_=1685845866045&CODE_STATE=getMsg HTTP/1.1" 200 27
222.67.234.146 - - [04/Jun/2023:10:30:40 +0800] "POST /xingrg/kc/base/check_list_operate.html HTTP/1.1" 200 4
114.85.113.108 - - [04/Jun/2023:10:30:45 +0800] "GET /xingrg/all/function/internal_message.html?_=1685845844652&CODE_STATE=getMsg HTTP/1.1" 200 27
101.83.145.52 - - [04/Jun/2023:10:30:46 +0800] "GET /xingrg/all/function/internal_message.html?_=1685845676353&CODE_STATE=getMsg HTTP/1.1" 200 27
222.67.234.146 - - [04/Jun/2023:10:30:48 +0800] "POST /xingrg/kc/base/check_list_operate.html HTTP/1.1" 200 1569
222.67.234.146 - - [04/Jun/2023:10:30:50 +0800] "GET /xingrg/kc/base/check_order_info.html?code=452023060200017 HTTP/1.1" 200 26480
222.67.234.146 - - [04/Jun/2023:10:30:50 +0800] "GET /xingrg/dwr/interface/AjaxComOrderService.js HTTP/1.1" 200 18264
222.67.234.146 - - [04/Jun/2023:10:30:50 +0800] "GET /xingrg/dwr/interface/AjaxCheckService.js HTTP/1.1" 200 14003
222.67.234.146 - - [04/Jun/2023:10:30:50 +0800] "GET /xingrg/dwr/engine.js HTTP/1.1" 200 43631
222.67.234.146 - - [04/Jun/2023:10:30:50 +0800] "POST /xingrg/dwr/call/plaincall/AjaxCheckService.loadOrderItems.dwr HTTP/1.1" 200 8957
180.169.147.146 - - [04/Jun/2023:10:30:53 +0800] "GET /xingrg/kc/report/report_main.html HTTP/1.1" 200 7340
172.20.0.100 - - [04/Jun/2023:10:30:55 +0800] "POST /xingrg/all/user/operate.html HTTP/1.1" 200 36
180.169.147.146 - - [04/Jun/2023:10:30:57 +0800] "POST /xingrg/all/user/operate.html HTTP/1.1" 200 36
172.20.0.100 - - [04/Jun/2023:10:30:58 +0800] "GET /xingrg/index.html?sysBaseUrl=http%3A%2F%2F172.20.0.8%3A18081%2Fxingrg%2F&costTime=1197×tamp=1685843317325 HTTP/1.1" 200 17454
180.169.147.146 - - [04/Jun/2023:10:30:58 +0800] "GET /xingrg/index.html?sysBaseUrl=http%3A%2F%2F180.169.147.146%3A18081%2Fxingrg%2F&costTime=1235×tamp=1685840658611 HTTP/1.1" 200 17503
172.20.0.100 - - [04/Jun/2023:10:30:58 +0800] "GET /xingrg/javascript/jquery_easy_ui/themes/default/easyui.css HTTP/1.1" 304 -
180.169.147.146 - - [04/Jun/2023:10:30:58 +0800] "GET /xingrg/javascript/jquery_easy_ui/themes/default/easyui.css HTTP/1.1" 304 -
180.169.147.146 - - [04/Jun/2023:10:30:58 +0800] "GET /xingrg/javascript/jquery_easy_ui/themes/icon.css HTTP/1.1" 304 -
172.20.0.100 - - [04/Jun/2023:10:30:58 +0800] "GET /xingrg/javascript/jquery_easy_ui/themes/icon.css HTTP/1.1" 304 -
180.169.147.146 - - [04/Jun/2023:10:30:58 +0800] "GET /xingrg/css/form.css HTTP/1.1" 304 -
172.20.0.100 - - [04/Jun/2023:10:30:58 +0800] "GET /xingrg/css/form.css HTTP/1.1" 304 -
180.169.147.146 - - [04/Jun/2023:10:30:58 +0800] "GET /xingrg/javascript/jquery-1.4.2.min.js HTTP/1.1" 304 -
172.20.0.100 - - [04/Jun/2023:10:30:58 +0800] "GET /xingrg/javascript/jquery-1.4.2.min.js HTTP/1.1" 304 -
180.169.147.146 - - [04/Jun/2023:10:30:58 +0800] "GET /xingrg/javascript/jquery_easy_ui/jquery.easyui.min.js HTTP/1.1" 304 -
172.20.0.100 - - [04/Jun/2023:10:30:58 +0800] "GET /xingrg/javascript/jquery_easy_ui/jquery.easyui.min.js HTTP/1.1" 304 -
180.169.147.146 - - [04/Jun/2023:10:30:58 +0800] "GET /xingrg/javascript/jquery_easy_ui/easyui-lang-zh_CN.js HTTP/1.1" 304 -
180.169.147.146 - - [04/Jun/2023:10:30:58 +0800] "GET /xingrg/javascript/jquery.form.js HTTP/1.1" 304 -
180.169.147.146 - - [04/Jun/2023:10:30:58 +0800] "GET /xingrg/javascript/jquery.utils.js HTTP/1.1" 304 -
180.169.147.146 - - [04/Jun/2023:10:30:58 +0800] "GET /xingrg/javascript/jquery.timers.js HTTP/1.1" 304 -
180.169.147.146 - - [04/Jun/2023:10:30:58 +0800] "GET /xingrg/images/blue/jxLogo.png HTTP/1.1" 304 -
172.20.0.100 - - [04/Jun/2023:10:30:58 +0800] "GET /xingrg/javascript/jquery_easy_ui/easyui-lang-zh_CN.js HTTP/1.1" 304 -
180.169.147.146 - - [04/Jun/2023:10:30:58 +0800] "GET /xingrg/images/blue/navBackgound.jpg HTTP/1.1" 304 -
180.169.147.146 - - [04/Jun/2023:10:30:58 +0800] "GET /xingrg/javascript/jquery_easy_ui/themes/icons/settle_new.png HTTP/1.1" 304 -
172.20.0.100 - - [04/Jun/2023:10:30:58 +0800] "GET /xingrg/javascript/jquery.form.js HTTP/1.1" 304 -
172.20.0.100 - - [04/Jun/2023:10:30:58 +0800] "GET /xingrg/javascript/jquery.utils.js HTTP/1.1" 304 -
172.20.0.100 - - [04/Jun/2023:10:30:58 +0800] "GET /xingrg/javascript/jquery.timers.js HTTP/1.1" 304 -
172.20.0.100 - - [04/Jun/2023:10:30:58 +0800] "GET /xingrg/images/blue/jxLogo.png HTTP/1.1" 304 -
172.20.0.100 - - [04/Jun/2023:10:30:58 +0800] "GET /xingrg/images/blue/navBackgound.jpg HTTP/1.1" 304 -
172.20.0.100 - - [04/Jun/2023:10:30:58 +0800] "GET /xingrg/javascript/jquery_easy_ui/themes/icons/settle_new.png HTTP/1.1" 304 -
180.169.147.146 - - [04/Jun/2023:10:30:58 +0800] "GET /xingrg/all/function/internal_message.html?_=1685845858833&CODE_STATE=count HTTP/1.1" 200 11
180.169.147.146 - - [04/Jun/2023:10:30:58 +0800] "GET /xingrg/check_reg.html?_=1685845858834 HTTP/1.1" 200 22
180.169.147.146 - - [04/Jun/2023:10:30:58 +0800] "GET /xingrg/javascript/jquery_easy_ui/themes/default/images/tabs_leftarrow.png HTTP/1.1" 304 -
180.169.147.146 - - [04/Jun/2023:10:30:58 +0800] "GET /xingrg/javascript/jquery_easy_ui/themes/default/images/panel_tool_expand.gif HTTP/1.1" 304 -
180.169.147.146 - - [04/Jun/2023:10:30:58 +0800] "GET /xingrg/javascript/jquery_easy_ui/themes/default/images/tabs_rightarrow.png HTTP/1.1" 304 -
180.169.147.146 - - [04/Jun/2023:10:30:58 +0800] "GET /xingrg/javascript/jquery_easy_ui/themes/default/images/panel_tool_collapse.gif HTTP/1.1" 304 -
180.169.147.146 - - [04/Jun/2023:10:30:58 +0800] "GET /xingrg/images/blue/pingpu.png HTTP/1.1" 304 -
172.20.0.100 - - [04/Jun/2023:10:30:58 +0800] "GET /xingrg/all/function/internal_message.html?_=1685845857829&CODE_STATE=count HTTP/1.1" 200 11
172.20.0.100 - - [04/Jun/2023:10:30:58 +0800] "GET /xingrg/check_reg.html?_=1685845857830 HTTP/1.1" 200 22
172.20.0.100 - - [04/Jun/2023:10:30:58 +0800] "GET /xingrg/javascript/jquery_easy_ui/themes/default/images/tabs_rightarrow.png HTTP/1.1" 304 -
172.20.0.100 - - [04/Jun/2023:10:30:58 +0800] "GET /xingrg/javascript/jquery_easy_ui/themes/default/images/panel_tool_collapse.gif HTTP/1.1" 304 -
172.20.0.100 - - [04/Jun/2023:10:30:58 +0800] "GET /xingrg/images/blue/pingpu.png HTTP/1.1" 304 -
172.20.0.100 - - [04/Jun/2023:10:30:58 +0800] "GET /xingrg/javascript/jquery_easy_ui/themes/default/images/panel_tool_expand.gif HTTP/1.1" 304 -
172.20.0.100 - - [04/Jun/2023:10:30:58 +0800] "GET /xingrg/javascript/jquery_easy_ui/themes/default/images/tabs_leftarrow.png HTTP/1.1" 304 -
218.81.221.158 - - [04/Jun/2023:10:30:59 +0800] "GET /xingrg/kc/buy/cgsh_order_operate.html?command=get_materiel&rest_code=00146&code=00101008024&supplier_code=00100005&order_time=2023-06-04 HTTP/1.1" 200 23
180.169.147.146 - - [04/Jun/2023:10:30:59 +0800] "POST /xingrg/load_menu.html HTTP/1.1" 200 11564
172.20.0.100 - - [04/Jun/2023:10:30:59 +0800] "POST /xingrg/all/common/load_tree.html?tree=area_rest_tree_json&manage=1 HTTP/1.1" 200 3499
180.169.147.146 - - [04/Jun/2023:10:30:59 +0800] "POST /xingrg/all/common/load_tree.html?tree=area_rest_tree_json&manage=1 HTTP/1.1" 200 3499
222.67.234.146 - - [04/Jun/2023:10:30:59 +0800] "POST /xingrg/dwr/call/plaincall/AjaxCheckService.saveOrder.dwr HTTP/1.1" 200 78
172.20.0.100 - - [04/Jun/2023:10:30:59 +0800] "POST /xingrg/load_menu.html HTTP/1.1" 200 9924
222.67.234.146 - - [04/Jun/2023:10:30:59 +0800] "GET /xingrg/kc/buy/cgsh_order_operate.html?command=get_materiel&rest_code=00141&code=00101008244&supplier_code=00100007&order_time=2023-06-04 HTTP/1.1" 200 408
180.164.3.199 - - [04/Jun/2023:10:30:59 +0800] "POST /xingrg/kc/buy/cgsh_order_operate.html HTTP/1.1" 200 37
180.169.147.146 - - [04/Jun/2023:10:31:00 +0800] "GET /xingrg/kc/report/report_main.html HTTP/1.1" 200 8599
222.67.234.146 - - [04/Jun/2023:10:31:00 +0800] "POST /xingrg/dwr/call/plaincall/AjaxCheckService.loadOrderItems.dwr HTTP/1.1" 200 8957
172.20.0.100 - - [04/Jun/2023:10:31:01 +0800] "GET /xingrg/kc/report/report_main.html HTTP/1.1" 200 7320
124.78.154.168 - - [04/Jun/2023:10:31:01 +0800] "GET /xingrg/kc/buy/cgsh_order_operate.html?command=get_materiel&rest_code=00106&code=00101006056&supplier_code=00100096&order_time=2023-06-04 HTTP/1.1" 200 413
114.83.217.50 - - [04/Jun/2023:10:31:01 +0800] "GET /xingrg/all/function/internal_message.html?_=1685845861985&CODE_STATE=getMsg HTTP/1.1" 200 27
180.164.3.199 - - [04/Jun/2023:10:31:02 +0800] "POST /xingrg/kc/buy/cgsh_order_operate.html HTTP/1.1" 200 22762
116.238.139.35 - - [04/Jun/2023:10:31:02 +0800] "GET /xingrg/all/function/internal_message.html?_=1685845862199&CODE_STATE=getMsg HTTP/1.1" 200 27
172.20.0.100 - - [04/Jun/2023:10:31:03 +0800] "GET /xingrg/kc/base/crk_hz.html HTTP/1.1" 200 11227
172.20.0.100 - - [04/Jun/2023:10:31:04 +0800] "POST /xingrg/kc/cost/cost_operate.html?command=get_base_tree HTTP/1.1" 200 969
120.253.135.82 - - [04/Jun/2023:10:31:04 +0800] "POST /xingrg/kc/base/stock_operate.html HTTP/1.1" 200 3781
172.20.0.100 - - [04/Jun/2023:10:31:04 +0800] "POST /xingrg/all/common/load_tree.html?tree=materiel_sort_tree_json HTTP/1.1" 200 9500
172.20.0.100 - - [04/Jun/2023:10:31:05 +0800] "GET /xingrg/all/common/get_data_part.html?part=previousMonth&_=1685845864673 HTTP/1.1" 200 41
180.169.147.146 - - [04/Jun/2023:10:31:05 +0800] "GET /xingrg/all/report/report_query.html?fileName=kc/buy/gys_amount.xml&rh=99999 HTTP/1.1" 200 52006
180.169.147.146 - - [04/Jun/2023:10:31:05 +0800] "GET /xingrg/dwr/interface/AjaxReportQueryService.js HTTP/1.1" 200 13203
180.169.147.146 - - [04/Jun/2023:10:31:05 +0800] "GET /xingrg/dwr/engine.js HTTP/1.1" 200 43631
180.169.147.146 - - [04/Jun/2023:10:31:06 +0800] "POST /xingrg/dwr/call/plaincall/AjaxReportQueryService.getFixDate.dwr HTTP/1.1" 200 111
101.85.192.75 - - [04/Jun/2023:10:31:06 +0800] "GET /xingrg/check_reg.html?_=1685845865468 HTTP/1.1" 302 -
101.85.192.75 - - [04/Jun/2023:10:31:06 +0800] "GET /xingrg/all/function/internal_message.html?_=1685845865466&CODE_STATE=getMsg HTTP/1.1" 302 -
180.164.3.199 - - [04/Jun/2023:10:31:07 +0800] "GET /xingrg/kc/print/load_data.html?order_code=212023060401255&kc_code=cgsh&condition= HTTP/1.1" 200 8345
180.169.147.146 - - [04/Jun/2023:10:31:07 +0800] "POST /xingrg/dwr/call/plaincall/AjaxReportQueryService.getInitString.dwr HTTP/1.1" 200 489
180.169.147.146 - - [04/Jun/2023:10:31:07 +0800] "POST /xingrg/all/common/load_tree.html?tree=supplier_tree_json&manage=1 HTTP/1.1" 200 76361
180.169.147.146 - - [04/Jun/2023:10:31:07 +0800] "POST /xingrg/all/common/load_tree.html?tree=materiel_sort_tree_json HTTP/1.1" 200 9500
172.20.0.100 - - [04/Jun/2023:10:31:07 +0800] "GET /xingrg/kc/base/crk_hz.html?_=1685845866752&command=get_cost_id&end_date=2023-05-31&start_date=2023-05-01 HTTP/1.1" 200 51
172.20.0.100 - - [04/Jun/2023:10:31:07 +0800] "GET /xingrg/all/report/report_query.html?isQuery=1&onlyBody=1&rh=99999&rw=1800&varString=start:20230501,cost_id:4333,mid:20230501&fileName=kc/base/crk_hz_type_by_base.xml&queryString=%20m.sort_code%20in%20('00101001','00101002','00101003','00101004','00101005','00101006','00101007','00101008','00101009','00101010','00101011','00101012','00101013','00101014','00101015','00101016','00101017','00101018','00101019','00101020','00101021','00101022','00101023','00101024','00101025','00101026','00101027','00101028','00101029','00101030','00101031','00101032','00101033','00101034','00101036','00101037','00101038','00101039','00101040','00101041','00101042','00101043')%20&queryText=ÈÕÆÚ£º2023-05-01ÖÁ2023-05-31&tableQueryString=materiel_table$sp1$$sp$before_table$sp1$$sp$crk_table$sp1$order_day%20between%2020230501%20and%2020230531 HTTP/1.1" 200 49769
172.20.0.100 - - [04/Jun/2023:10:31:07 +0800] "GET /xingrg/dwr/interface/AjaxReportQueryService.js HTTP/1.1" 200 13203
172.20.0.100 - - [04/Jun/2023:10:31:07 +0800] "GET /xingrg/dwr/engine.js HTTP/1.1" 200 43631
114.83.218.74 - - [04/Jun/2023:10:31:12 +0800] "GET /xingrg/all/function/internal_message.html?_=1685845973755&CODE_STATE=getMsg HTTP/1.1" 200 27
180.169.147.146 - - [04/Jun/2023:10:31:13 +0800] "GET /xingrg/all/function/internal_message.html?_=1685845873167&CODE_STATE=getMsg HTTP/1.1" 200 27
222.67.234.146 - - [04/Jun/2023:10:31:13 +0800] "POST /xingrg/dwr/call/plaincall/AjaxCheckService.checkOrder.dwr HTTP/1.1" 200 78
180.169.147.146 - - [04/Jun/2023:10:31:14 +0800] "GET /xingrg/check_reg.html?_=1685845874230 HTTP/1.1" 200 22
120.253.135.82 - - [04/Jun/2023:10:31:14 +0800] "POST /xingrg/kc/base/stock_operate.html HTTP/1.1" 200 1739
172.20.0.100 - - [04/Jun/2023:10:31:14 +0800] "POST /xingrg/all/report/load_report_page.html HTTP/1.1" 200 309239
172.20.0.100 - - [04/Jun/2023:10:31:14 +0800] "GET /xingrg/servlets/image?cache=0.5946578455999207&image=px HTTP/1.1" 200 807
180.169.147.146 - - [04/Jun/2023:10:31:14 +0800] "GET /xingrg/all/report/report_query.html?fileName=kc/buy/gys_amount_base_rest.xml HTTP/1.1" 200 51664
180.169.147.146 - - [04/Jun/2023:10:31:14 +0800] "GET /xingrg/dwr/interface/AjaxReportQueryService.js HTTP/1.1" 200 13203
180.169.147.146 - - [04/Jun/2023:10:31:14 +0800] "GET /xingrg/dwr/engine.js HTTP/1.1" 200 43631
180.169.147.146 - - [04/Jun/2023:10:31:15 +0800] "POST /xingrg/dwr/call/plaincall/AjaxReportQueryService.getFixDate.dwr HTTP/1.1" 200 111
222.67.234.146 - - [04/Jun/2023:10:31:15 +0800] "GET /xingrg/kc/base/check_order_info.html?code=452023060200017 HTTP/1.1" 200 23124
222.67.234.146 - - [04/Jun/2023:10:31:15 +0800] "GET /xingrg/dwr/interface/AjaxComOrderService.js HTTP/1.1" 200 18264
222.67.234.146 - - [04/Jun/2023:10:31:15 +0800] "GET /xingrg/dwr/interface/AjaxCheckService.js HTTP/1.1" 200 14003
222.67.234.146 - - [04/Jun/2023:10:31:15 +0800] "GET /xingrg/dwr/engine.js HTTP/1.1" 200 43631
180.169.147.146 - - [04/Jun/2023:10:31:15 +0800] "POST /xingrg/all/common/load_tree.html?tree=area_rest_tree_json&manage=1 HTTP/1.1" 200 3499
222.67.234.146 - - [04/Jun/2023:10:31:15 +0800] "GET /xingrg/all/function/internal_message.html?_=1685845875994&CODE_STATE=getMsg HTTP/1.1" 200 27
222.67.234.146 - - [04/Jun/2023:10:31:16 +0800] "GET /xingrg/all/function/internal_message.html?_=1685845380663&CODE_STATE=getMsg HTTP/1.1" 200 27
222.67.234.146 - - [04/Jun/2023:10:31:16 +0800] "GET /xingrg/check_reg.html?_=1685845380678 HTTP/1.1" 200 22
222.67.234.146 - - [04/Jun/2023:10:31:16 +0800] "POST /xingrg/dwr/call/plaincall/AjaxCheckService.loadOrderItems.dwr HTTP/1.1" 200 4309
180.169.147.146 - - [04/Jun/2023:10:31:16 +0800] "POST /xingrg/all/common/load_tree.html?tree=supplier_tree_json&manage=1 HTTP/1.1" 200 76361
218.81.221.158 - - [04/Jun/2023:10:31:16 +0800] "POST /xingrg/kc/buy/cgsh_order_operate.html HTTP/1.1" 200 37
180.169.147.146 - - [04/Jun/2023:10:31:17 +0800] "POST /xingrg/dwr/call/plaincall/AjaxReportQueryService.getFixDate.dwr HTTP/1.1" 200 111
124.79.246.33 - - [04/Jun/2023:10:31:18 +0800] "GET /xingrg/all/function/internal_message.html?_=1685845858698&CODE_STATE=getMsg HTTP/1.1" 200 27
218.81.221.158 - - [04/Jun/2023:10:31:18 +0800] "POST /xingrg/kc/buy/cgsh_order_operate.html HTTP/1.1" 200 11565
222.67.234.146 - - [04/Jun/2023:10:31:18 +0800] "POST /xingrg/kc/base/check_list_operate.html HTTP/1.1" 200 781
101.229.22.40 - - [04/Jun/2023:10:31:19 +0800] "GET /xingrg/all/function/internal_message.html?_=1685845879489&CODE_STATE=getMsg HTTP/1.1" 200 27
114.83.217.50 - - [04/Jun/2023:10:31:19 +0800] "POST /xingrg/all/user/operate.html HTTP/1.1" 200 36
116.232.195.127 - - [04/Jun/2023:10:31:19 +0800] "GET /xingrg/check_reg.html?_=1685845901790 HTTP/1.1" 200 22
116.232.195.127 - - [04/Jun/2023:10:31:19 +0800] "GET /xingrg/all/function/internal_message.html?_=1685845901792&CODE_STATE=getMsg HTTP/1.1" 200 27
114.83.217.50 - - [04/Jun/2023:10:31:19 +0800] "GET /xingrg/index.html?sysBaseUrl=http%3A%2F%2F180.169.147.146%3A18081%2Fxingrg%2F&costTime=1804×tamp=1685845528451 HTTP/1.1" 200 17509
114.83.217.50 - - [04/Jun/2023:10:31:19 +0800] "GET /xingrg/javascript/jquery_easy_ui/themes/default/easyui.css HTTP/1.1" 304 -
114.83.217.50 - - [04/Jun/2023:10:31:19 +0800] "GET /xingrg/javascript/jquery_easy_ui/themes/icon.css HTTP/1.1" 304 -
114.83.217.50 - - [04/Jun/2023:10:31:19 +0800] "GET /xingrg/css/form.css HTTP/1.1" 304 -
114.83.217.50 - - [04/Jun/2023:10:31:19 +0800] "GET /xingrg/javascript/jquery-1.4.2.min.js HTTP/1.1" 304 -
114.83.217.50 - - [04/Jun/2023:10:31:20 +0800] "GET /xingrg/javascript/jquery_easy_ui/jquery.easyui.min.js HTTP/1.1" 304 -
114.83.217.50 - - [04/Jun/2023:10:31:20 +0800] "GET /xingrg/javascript/jquery_easy_ui/easyui-lang-zh_CN.js HTTP/1.1" 304 -
114.83.217.50 - - [04/Jun/2023:10:31:20 +0800] "GET /xingrg/javascript/jquery.form.js HTTP/1.1" 304 -
114.83.217.50 - - [04/Jun/2023:10:31:20 +0800] "GET /xingrg/javascript/jquery.utils.js HTTP/1.1" 304 -
114.83.217.50 - - [04/Jun/2023:10:31:20 +0800] "GET /xingrg/javascript/jquery.timers.js HTTP/1.1" 304 -
114.83.217.50 - - [04/Jun/2023:10:31:20 +0800] "GET /xingrg/images/blue/jxLogo.png HTTP/1.1" 304 -
114.83.217.50 - - [04/Jun/2023:10:31:20 +0800] "GET /xingrg/javascript/jquery_easy_ui/themes/icons/settle_new.png HTTP/1.1" 304 -
114.83.217.50 - - [04/Jun/2023:10:31:20 +0800] "GET /xingrg/images/blue/navBackgound.jpg HTTP/1.1" 304 -
114.83.217.50 - - [04/Jun/2023:10:31:20 +0800] "GET /xingrg/all/function/internal_message.html?_=1685845879969&CODE_STATE=count HTTP/1.1" 200 11
114.83.217.50 - - [04/Jun/2023:10:31:20 +0800] "GET /xingrg/check_reg.html?_=1685845879970 HTTP/1.1" 200 22
114.83.217.50 - - [04/Jun/2023:10:31:20 +0800] "GET /xingrg/javascript/jquery_easy_ui/themes/default/images/tabs_leftarrow.png HTTP/1.1" 304 -
114.83.217.50 - - [04/Jun/2023:10:31:20 +0800] "GET /xingrg/javascript/jquery_easy_ui/themes/default/images/tabs_rightarrow.png HTTP/1.1" 304 -
114.83.217.50 - - [04/Jun/2023:10:31:20 +0800] "GET /xingrg/images/blue/pingpu.png HTTP/1.1" 304 -
114.83.217.50 - - [04/Jun/2023:10:31:20 +0800] "GET /xingrg/javascript/jquery_easy_ui/themes/default/images/panel_tool_collapse.gif HTTP/1.1" 304 -
114.83.217.50 - - [04/Jun/2023:10:31:20 +0800] "GET /xingrg/javascript/jquery_easy_ui/themes/default/images/panel_tool_expand.gif HTTP/1.1" 304 -
114.83.217.50 - - [04/Jun/2023:10:31:20 +0800] "POST /xingrg/all/common/load_tree.html?tree=area_rest_tree_json&manage=1 HTTP/1.1" 200 3499
114.83.217.50 - - [04/Jun/2023:10:31:20 +0800] "POST /xingrg/load_menu.html HTTP/1.1" 200 9959
222.67.234.146 - - [04/Jun/2023:10:31:21 +0800] "POST /xingrg/kc/base/check_list_operate.html HTTP/1.1" 200 7737
222.67.234.146 - - [04/Jun/2023:10:31:21 +0800] "POST /xingrg/kc/buy/cgsh_order_operate.html HTTP/1.1" 200 2065
180.169.147.146 - - [04/Jun/2023:10:31:21 +0800] "GET /xingrg/check_reg.html?_=1685845880853 HTTP/1.1" 200 22
180.169.147.146 - - [04/Jun/2023:10:31:21 +0800] "GET /xingrg/all/function/internal_message.html?_=1685845880855&CODE_STATE=getMsg HTTP/1.1" 200 27
114.83.217.50 - - [04/Jun/2023:10:31:23 +0800] "GET /xingrg/kc/base/check_order_list.html HTTP/1.1" 200 16484
114.83.217.50 - - [04/Jun/2023:10:31:23 +0800] "POST /xingrg/kc/base/check_list_operate.html HTTP/1.1" 200 781
124.78.154.168 - - [04/Jun/2023:10:31:24 +0800] "GET /xingrg/kc/buy/cgsh_order_operate.html?command=get_materiel&rest_code=00106&code=00101006193&supplier_code=00100096&order_time=2023-06-04 HTTP/1.1" 200 411
101.83.145.52 - - [04/Jun/2023:10:31:25 +0800] "GET /xingrg/all/function/internal_message.html?_=1685845886665&CODE_STATE=getMsg HTTP/1.1" 200 27
120.253.135.82 - - [04/Jun/2023:10:31:25 +0800] "POST /xingrg/kc/base/stock_operate.html HTTP/1.1" 200 1475
114.83.217.50 - - [04/Jun/2023:10:31:25 +0800] "POST /xingrg/kc/base/check_list_operate.html HTTP/1.1" 200 5514
222.67.234.146 - - [04/Jun/2023:10:31:27 +0800] "POST /xingrg/kc/base/check_list_operate.html HTTP/1.1" 200 4
114.83.217.50 - - [04/Jun/2023:10:31:28 +0800] "GET /xingrg/kc/base/check_order_info.html?code=452023053100336 HTTP/1.1" 200 23120
114.83.217.50 - - [04/Jun/2023:10:31:28 +0800] "GET /xingrg/dwr/interface/AjaxComOrderService.js HTTP/1.1" 200 18264
114.83.217.50 - - [04/Jun/2023:10:31:28 +0800] "GET /xingrg/dwr/engine.js HTTP/1.1" 200 43631
114.83.217.50 - - [04/Jun/2023:10:31:28 +0800] "GET /xingrg/dwr/interface/AjaxCheckService.js HTTP/1.1" 200 14003
222.67.234.146 - - [04/Jun/2023:10:31:28 +0800] "POST /xingrg/kc/base/check_list_operate.html HTTP/1.1" 200 7407
114.83.217.50 - - [04/Jun/2023:10:31:28 +0800] "POST /xingrg/dwr/call/plaincall/AjaxCheckService.loadOrderItems.dwr HTTP/1.1" 200 12028
180.169.147.146 - - [04/Jun/2023:10:31:28 +0800] "POST /xingrg/dwr/call/plaincall/AjaxReportQueryService.refreshCache.dwr HTTP/1.1" 200 78
222.67.234.146 - - [04/Jun/2023:10:31:28 +0800] "GET /xingrg/kc/buy/cgsh_order_operate.html?command=get_materiel&rest_code=00141&code=00101008370&supplier_code=00100007&order_time=2023-06-04 HTTP/1.1" 200 412
101.85.192.75 - - [04/Jun/2023:10:31:30 +0800] "GET /xingrg/all/function/internal_message.html?_=1685845891537&CODE_STATE=getMsg HTTP/1.1" 200 27
180.169.147.146 - - [04/Jun/2023:10:31:30 +0800] "POST /xingrg/all/report/load_report_page.html HTTP/1.1" 200 51477
180.169.147.146 - - [04/Jun/2023:10:31:30 +0800] "GET /xingrg/servlets/image?cache=0.5390201115479791&image=px HTTP/1.1" 200 807
222.67.234.146 - - [04/Jun/2023:10:31:32 +0800] "POST /xingrg/all/user/operate.html HTTP/1.1" 200 36
222.67.234.146 - - [04/Jun/2023:10:31:32 +0800] "GET /xingrg/index.html?sysBaseUrl=http%3A%2F%2F180.169.147.146%3A18081%2Fxingrg%2F&costTime=873×tamp=1685841289317 HTTP/1.1" 200 17503
222.67.234.146 - - [04/Jun/2023:10:31:32 +0800] "GET /xingrg/javascript/jquery_easy_ui/themes/default/easyui.css HTTP/1.1" 304 -
222.67.234.146 - - [04/Jun/2023:10:31:32 +0800] "GET /xingrg/javascript/jquery_easy_ui/themes/icon.css HTTP/1.1" 304 -
222.67.234.146 - - [04/Jun/2023:10:31:32 +0800] "GET /xingrg/css/form.css HTTP/1.1" 304 -
222.67.234.146 - - [04/Jun/2023:10:31:32 +0800] "GET /xingrg/javascript/jquery-1.4.2.min.js HTTP/1.1" 304 -
222.67.234.146 - - [04/Jun/2023:10:31:32 +0800] "GET /xingrg/javascript/jquery_easy_ui/jquery.easyui.min.js HTTP/1.1" 304 -
222.67.234.146 - - [04/Jun/2023:10:31:32 +0800] "GET /xingrg/javascript/jquery_easy_ui/easyui-lang-zh_CN.js HTTP/1.1" 304 -
222.67.234.146 - - [04/Jun/2023:10:31:32 +0800] "GET /xingrg/javascript/jquery.form.js HTTP/1.1" 304 -
222.67.234.146 - - [04/Jun/2023:10:31:32 +0800] "GET /xingrg/javascript/jquery.utils.js HTTP/1.1" 304 -
222.67.234.146 - - [04/Jun/2023:10:31:32 +0800] "GET /xingrg/javascript/jquery.timers.js HTTP/1.1" 304 -
222.67.234.146 - - [04/Jun/2023:10:31:32 +0800] "GET /xingrg/images/blue/jxLogo.png HTTP/1.1" 304 -
222.67.234.146 - - [04/Jun/2023:10:31:32 +0800] "GET /xingrg/javascript/jquery_easy_ui/themes/icons/settle_new.png HTTP/1.1" 304 -
222.67.234.146 - - [04/Jun/2023:10:31:32 +0800] "GET /xingrg/images/blue/navBackgound.jpg HTTP/1.1" 304 -
222.67.234.146 - - [04/Jun/2023:10:31:32 +0800] "GET /xingrg/all/function/internal_message.html?_=1685845893126&CODE_STATE=count HTTP/1.1" 200 11
222.67.234.146 - - [04/Jun/2023:10:31:32 +0800] "GET /xingrg/check_reg.html?_=1685845893127 HTTP/1.1" 200 22
222.67.234.146 - - [04/Jun/2023:10:31:32 +0800] "GET /xingrg/javascript/jquery_easy_ui/themes/default/images/tabs_rightarrow.png HTTP/1.1" 304 -
222.67.234.146 - - [04/Jun/2023:10:31:32 +0800] "GET /xingrg/javascript/jquery_easy_ui/themes/default/images/panel_tool_collapse.gif HTTP/1.1" 304 -
222.67.234.146 - - [04/Jun/2023:10:31:32 +0800] "GET /xingrg/javascript/jquery_easy_ui/themes/default/images/panel_tool_expand.gif HTTP/1.1" 304 -
222.67.234.146 - - [04/Jun/2023:10:31:32 +0800] "GET /xingrg/javascript/jquery_easy_ui/themes/default/images/tabs_leftarrow.png HTTP/1.1" 304 -
222.67.234.146 - - [04/Jun/2023:10:31:32 +0800] "GET /xingrg/images/blue/pingpu.png HTTP/1.1" 304 -
222.67.234.146 - - [04/Jun/2023:10:31:33 +0800] "POST /xingrg/all/common/load_tree.html?tree=area_rest_tree_json&manage=1 HTTP/1.1" 200 3499
222.67.234.146 - - [04/Jun/2023:10:31:33 +0800] "POST /xingrg/load_menu.html HTTP/1.1" 200 9959
124.78.154.168 - - [04/Jun/2023:10:31:33 +0800] "GET /xingrg/all/function/internal_message.html?_=1685845894542&CODE_STATE=getMsg HTTP/1.1" 200 27
222.67.234.146 - - [04/Jun/2023:10:31:35 +0800] "GET /xingrg/kc/base/check_order_list.html HTTP/1.1" 200 16478
222.67.234.146 - - [04/Jun/2023:10:31:36 +0800] "POST /xingrg/kc/base/check_list_operate.html HTTP/1.1" 200 781
180.164.3.199 - - [04/Jun/2023:10:31:36 +0800] "GET /xingrg/kc/buy/cgsh_order_list.html HTTP/1.1" 200 55801
180.164.3.199 - - [04/Jun/2023:10:31:36 +0800] "GET /xingrg/javascript/jquery_tools/list_manager.js HTTP/1.1" 200 3652
180.164.3.199 - - [04/Jun/2023:10:31:37 +0800] "GET /xingrg/images/control/ajaxLoader.gif HTTP/1.1" 200 4659
218.81.221.158 - - [04/Jun/2023:10:31:38 +0800] "GET /favicon.ico HTTP/1.1" 404 -
218.81.221.158 - - [04/Jun/2023:10:31:38 +0800] "GET /xingrg/login.html HTTP/1.1" 200 7641
218.81.221.158 - - [04/Jun/2023:10:31:38 +0800] "GET /favicon.ico HTTP/1.1" 404 -
101.85.192.75 - - [04/Jun/2023:10:31:38 +0800] "GET /xingrg/check_reg.html?_=1685845932848 HTTP/1.1" 200 22
101.85.192.75 - - [04/Jun/2023:10:31:38 +0800] "GET /xingrg/all/function/internal_message.html?_=1685845932846&CODE_STATE=getMsg HTTP/1.1" 200 27
