116.232.195.127 - - [02/Jun/2023:09:04:26 +0800] "POST /xingrg/kc/buy/cgsh_order_operate.html HTTP/1.1" 200 8245
116.232.195.127 - - [02/Jun/2023:09:04:26 +0800] "GET /xingrg/javascript/easyui/themes/default/validatebox.css HTTP/1.1" 404 1104
114.83.217.50 - - [02/Jun/2023:09:04:30 +0800] "POST /xingrg/kc/buy/cgsh_order_operate.html HTTP/1.1" 200 2065
58.40.7.146 - - [02/Jun/2023:09:04:32 +0800] "GET /xingrg/all/function/internal_message.html?_=1685667872495&CODE_STATE=getMsg HTTP/1.1" 200 27
222.70.180.90 - - [02/Jun/2023:09:04:35 +0800] "GET /xingrg/kc/buy/cgsh_order_operate.html?command=get_materiel&rest_code=00111&code=00101008361&supplier_code=00100005&order_time=2023-06-02 HTTP/1.1" 200 408
116.238.139.35 - - [02/Jun/2023:09:04:35 +0800] "GET /xingrg/all/function/internal_message.html?_=1685667875554&CODE_STATE=getMsg HTTP/1.1" 200 27
114.83.217.50 - - [02/Jun/2023:09:04:36 +0800] "GET /xingrg/kc/buy/cgsh_order_operate.html?command=get_materiel&rest_code=00149&code=00101008330&supplier_code=00100008&order_time=2023-06-02 HTTP/1.1" 200 408
116.237.73.16 - - [02/Jun/2023:09:04:41 +0800] "GET /xingrg/kc/buy/cgsh_order_operate.html?command=get_materiel&rest_code=00106&code=00101008098&supplier_code=00100007&order_time=2023-06-02 HTTP/1.1" 200 412
116.238.139.35 - - [02/Jun/2023:09:04:42 +0800] "POST /xingrg/kc/buy/cgsh_order_operate.html HTTP/1.1" 200 41755
116.232.195.127 - - [02/Jun/2023:09:04:42 +0800] "GET /xingrg/all/function/internal_message.html?_=1685667909095&CODE_STATE=getMsg HTTP/1.1" 200 27
116.237.73.16 - - [02/Jun/2023:09:04:44 +0800] "POST /xingrg/kc/buy/cgsh_order_operate.html HTTP/1.1" 200 2065
114.83.217.50 - - [02/Jun/2023:09:04:46 +0800] "GET /xingrg/kc/buy/cgsh_order_operate.html?command=get_materiel&rest_code=00149&code=00101019155&supplier_code=00100008&order_time=2023-06-02 HTTP/1.1" 200 476
101.83.145.52 - - [02/Jun/2023:09:04:48 +0800] "GET /xingrg/all/function/internal_message.html?_=1685667889530&CODE_STATE=getMsg HTTP/1.1" 200 27
101.83.145.52 - - [02/Jun/2023:09:04:48 +0800] "GET /xingrg/check_reg.html?_=1685667889594 HTTP/1.1" 200 22
222.67.234.146 - - [02/Jun/2023:09:04:49 +0800] "GET /xingrg/all/function/internal_message.html?_=1685667884351&CODE_STATE=getMsg HTTP/1.1" 200 27
222.70.180.90 - - [02/Jun/2023:09:04:50 +0800] "GET /xingrg/kc/buy/cgsh_order_operate.html?command=get_materiel&rest_code=00111&code=00101008115&supplier_code=00100005&order_time=2023-06-02 HTTP/1.1" 200 412
222.70.180.90 - - [02/Jun/2023:09:04:52 +0800] "GET /xingrg/all/function/internal_message.html?_=1685667889633&CODE_STATE=getMsg HTTP/1.1" 200 27
172.20.0.100 - - [02/Jun/2023:09:04:54 +0800] "GET /xingrg/all/function/internal_message.html?_=1685667906811&CODE_STATE=getMsg HTTP/1.1" 302 -
114.85.113.108 - - [02/Jun/2023:09:04:54 +0800] "GET /xingrg/all/function/internal_message.html?_=1685667894418&CODE_STATE=getMsg HTTP/1.1" 200 27
120.253.135.82 - - [02/Jun/2023:09:04:55 +0800] "GET /xingrg/all/function/internal_message.html?_=1685667730696&CODE_STATE=getMsg HTTP/1.1" 200 27
101.229.168.164 - - [02/Jun/2023:09:04:57 +0800] "GET /xingrg/all/function/internal_message.html?_=1685667904619&CODE_STATE=getMsg HTTP/1.1" 200 27
114.83.217.50 - - [02/Jun/2023:09:04:58 +0800] "GET /xingrg/all/function/internal_message.html?_=1685667894405&CODE_STATE=getMsg HTTP/1.1" 200 27
222.70.180.90 - - [02/Jun/2023:09:05:01 +0800] "GET /xingrg/kc/buy/cgsh_order_operate.html?command=get_materiel&rest_code=00111&code=00101008403&supplier_code=00100005&order_time=2023-06-02 HTTP/1.1" 200 412
218.81.220.43 - - [02/Jun/2023:09:05:01 +0800] "GET /xingrg/all/function/internal_message.html?_=1685667919105&CODE_STATE=getMsg HTTP/1.1" 200 27
116.238.139.35 - - [02/Jun/2023:09:05:02 +0800] "GET /xingrg/all/function/internal_message.html?_=1685667806728&CODE_STATE=getMsg HTTP/1.1" 200 27
222.70.180.90 - - [02/Jun/2023:09:05:04 +0800] "POST /xingrg/kc/buy/cgsh_order_operate.html HTTP/1.1" 200 2065
116.237.73.16 - - [02/Jun/2023:09:05:07 +0800] "GET /xingrg/kc/buy/cgsh_order_operate.html?command=get_materiel&rest_code=00106&code=00101008180&supplier_code=00100007&order_time=2023-06-02 HTTP/1.1" 200 412
222.70.180.90 - - [02/Jun/2023:09:05:09 +0800] "GET /xingrg/kc/buy/cgsh_order_operate.html?command=get_materiel&rest_code=00111&code=00101008213&supplier_code=00100005&order_time=2023-06-02 HTTP/1.1" 200 412
222.69.133.185 - - [02/Jun/2023:09:05:16 +0800] "GET /xingrg/all/function/internal_message.html?_=1685668021824&CODE_STATE=getMsg HTTP/1.1" 200 27
101.83.145.52 - - [02/Jun/2023:09:05:18 +0800] "GET /xingrg/all/function/internal_message.html?_=1685667748530&CODE_STATE=getMsg HTTP/1.1" 200 27
101.83.145.52 - - [02/Jun/2023:09:05:18 +0800] "GET /xingrg/check_reg.html?_=1685667748533 HTTP/1.1" 200 22
116.237.73.16 - - [02/Jun/2023:09:05:24 +0800] "GET /xingrg/all/function/internal_message.html?_=1685667924612&CODE_STATE=getMsg HTTP/1.1" 200 27
116.232.195.127 - - [02/Jun/2023:09:05:29 +0800] "GET /xingrg/kc/buy/cgsh_order_operate.html?command=get_materiel&rest_code=00155&code=00101008199&supplier_code=00100005&order_time=2023-06-02 HTTP/1.1" 200 408
58.40.7.146 - - [02/Jun/2023:09:05:32 +0800] "GET /xingrg/all/function/internal_message.html?_=1685667932497&CODE_STATE=getMsg HTTP/1.1" 200 27
116.237.73.16 - - [02/Jun/2023:09:05:34 +0800] "POST /xingrg/kc/buy/cgsh_order_operate.html HTTP/1.1" 200 37
116.238.139.35 - - [02/Jun/2023:09:05:35 +0800] "GET /xingrg/all/function/internal_message.html?_=1685667935555&CODE_STATE=getMsg HTTP/1.1" 200 27
222.70.180.90 - - [02/Jun/2023:09:05:36 +0800] "GET /xingrg/kc/buy/cgsh_order_operate.html?command=get_materiel&rest_code=00111&code=00101008038&supplier_code=00100005&order_time=2023-06-02 HTTP/1.1" 200 412
116.237.73.16 - - [02/Jun/2023:09:05:36 +0800] "POST /xingrg/kc/buy/cgsh_order_operate.html HTTP/1.1" 200 18046
222.70.180.90 - - [02/Jun/2023:09:05:39 +0800] "GET /favicon.ico HTTP/1.1" 404 -
180.169.147.146 - - [02/Jun/2023:09:05:41 +0800] "GET /xingrg/kc/report/report_main.html HTTP/1.1" 200 7340
116.232.195.127 - - [02/Jun/2023:09:05:42 +0800] "GET /xingrg/all/function/internal_message.html?_=1685667969084&CODE_STATE=getMsg HTTP/1.1" 200 27
116.232.195.127 - - [02/Jun/2023:09:05:42 +0800] "GET /xingrg/check_reg.html?_=1685667969085 HTTP/1.1" 200 22
222.70.180.90 - - [02/Jun/2023:09:05:43 +0800] "GET /xingrg/index.html?sysBaseUrl=http%3A%2F%2F180.169.147.146%3A18081%2Fxingrg%2F&costTime=39×tamp=1645767740089 HTTP/1.1" 302 -
222.70.180.90 - - [02/Jun/2023:09:05:43 +0800] "GET /xingrg/login.html HTTP/1.1" 200 7641
222.70.180.90 - - [02/Jun/2023:09:05:43 +0800] "GET /xingrg/images/blue/jxLogo.png HTTP/1.1" 200 6156
222.70.180.90 - - [02/Jun/2023:09:05:43 +0800] "GET /xingrg/images/blue/login_bg.png HTTP/1.1" 200 22101
222.70.180.90 - - [02/Jun/2023:09:05:43 +0800] "GET /xingrg/images/blue/hj.png HTTP/1.1" 200 1014
222.70.180.90 - - [02/Jun/2023:09:05:43 +0800] "GET /xingrg/images/blue/srbg.png HTTP/1.1" 200 138
222.70.180.90 - - [02/Jun/2023:09:05:43 +0800] "GET /favicon.ico HTTP/1.1" 404 -
180.169.147.146 - - [02/Jun/2023:09:05:45 +0800] "POST /xingrg/all/user/operate.html HTTP/1.1" 200 36
180.169.147.146 - - [02/Jun/2023:09:05:45 +0800] "GET /xingrg/index.html?sysBaseUrl=http%3A%2F%2F180.169.147.146%3A18081%2Fxingrg%2F&costTime=39×tamp=1592034574635 HTTP/1.1" 200 17503
180.169.147.146 - - [02/Jun/2023:09:05:45 +0800] "GET /xingrg/javascript/jquery_easy_ui/themes/default/easyui.css HTTP/1.1" 304 -
180.169.147.146 - - [02/Jun/2023:09:05:45 +0800] "GET /xingrg/javascript/jquery_easy_ui/themes/icon.css HTTP/1.1" 304 -
180.169.147.146 - - [02/Jun/2023:09:05:45 +0800] "GET /xingrg/css/form.css HTTP/1.1" 304 -
180.169.147.146 - - [02/Jun/2023:09:05:45 +0800] "GET /xingrg/javascript/jquery-1.4.2.min.js HTTP/1.1" 304 -
180.169.147.146 - - [02/Jun/2023:09:05:45 +0800] "GET /xingrg/javascript/jquery_easy_ui/jquery.easyui.min.js HTTP/1.1" 304 -
180.169.147.146 - - [02/Jun/2023:09:05:45 +0800] "GET /xingrg/javascript/jquery_easy_ui/easyui-lang-zh_CN.js HTTP/1.1" 304 -
180.169.147.146 - - [02/Jun/2023:09:05:45 +0800] "GET /xingrg/javascript/jquery.form.js HTTP/1.1" 304 -
180.169.147.146 - - [02/Jun/2023:09:05:45 +0800] "GET /xingrg/javascript/jquery.utils.js HTTP/1.1" 304 -
180.169.147.146 - - [02/Jun/2023:09:05:45 +0800] "GET /xingrg/javascript/jquery.timers.js HTTP/1.1" 304 -
180.169.147.146 - - [02/Jun/2023:09:05:45 +0800] "GET /xingrg/images/blue/jxLogo.png HTTP/1.1" 304 -
180.169.147.146 - - [02/Jun/2023:09:05:45 +0800] "GET /xingrg/javascript/jquery_easy_ui/themes/icons/settle_new.png HTTP/1.1" 304 -
180.169.147.146 - - [02/Jun/2023:09:05:45 +0800] "GET /xingrg/images/blue/navBackgound.jpg HTTP/1.1" 304 -
180.169.147.146 - - [02/Jun/2023:09:05:45 +0800] "POST /xingrg/all/common/load_tree.html?tree=area_rest_tree_json&manage=1 HTTP/1.1" 200 3499
180.169.147.146 - - [02/Jun/2023:09:05:45 +0800] "GET /xingrg/all/function/internal_message.html?_=1685667945825&CODE_STATE=count HTTP/1.1" 200 11
180.169.147.146 - - [02/Jun/2023:09:05:45 +0800] "GET /xingrg/check_reg.html?_=1685667945826 HTTP/1.1" 200 22
180.169.147.146 - - [02/Jun/2023:09:05:45 +0800] "GET /xingrg/javascript/jquery_easy_ui/themes/default/images/panel_tool_expand.gif HTTP/1.1" 304 -
180.169.147.146 - - [02/Jun/2023:09:05:45 +0800] "GET /xingrg/javascript/jquery_easy_ui/themes/default/images/tabs_rightarrow.png HTTP/1.1" 304 -
180.169.147.146 - - [02/Jun/2023:09:05:45 +0800] "GET /xingrg/javascript/jquery_easy_ui/themes/default/images/panel_tool_collapse.gif HTTP/1.1" 304 -
180.169.147.146 - - [02/Jun/2023:09:05:45 +0800] "GET /xingrg/javascript/jquery_easy_ui/themes/default/images/tabs_leftarrow.png HTTP/1.1" 304 -
180.169.147.146 - - [02/Jun/2023:09:05:45 +0800] "GET /xingrg/images/blue/pingpu.png HTTP/1.1" 304 -
180.169.147.146 - - [02/Jun/2023:09:05:45 +0800] "POST /xingrg/load_menu.html HTTP/1.1" 200 11564
180.169.147.146 - - [02/Jun/2023:09:05:47 +0800] "GET /xingrg/kc/report/report_main.html HTTP/1.1" 200 8599
101.83.145.52 - - [02/Jun/2023:09:05:48 +0800] "GET /xingrg/all/function/internal_message.html?_=1685667949528&CODE_STATE=getMsg HTTP/1.1" 200 27
180.169.147.146 - - [02/Jun/2023:09:05:48 +0800] "GET /xingrg/all/report/report_query.html?fileName=kc/buy/gys_amount_base_rest.xml HTTP/1.1" 200 51664
180.169.147.146 - - [02/Jun/2023:09:05:48 +0800] "GET /xingrg/dwr/interface/AjaxReportQueryService.js HTTP/1.1" 200 13203
180.169.147.146 - - [02/Jun/2023:09:05:48 +0800] "GET /xingrg/dwr/engine.js HTTP/1.1" 200 43631
180.169.147.146 - - [02/Jun/2023:09:05:48 +0800] "GET /xingrg/dwr/util.js HTTP/1.1" 304 -
180.169.147.146 - - [02/Jun/2023:09:05:48 +0800] "POST /xingrg/dwr/call/plaincall/AjaxReportQueryService.getFixDate.dwr HTTP/1.1" 200 111
180.169.147.146 - - [02/Jun/2023:09:05:49 +0800] "POST /xingrg/all/common/load_tree.html?tree=area_rest_tree_json&manage=1 HTTP/1.1" 200 3499
180.169.147.146 - - [02/Jun/2023:09:05:49 +0800] "POST /xingrg/all/common/load_tree.html?tree=supplier_tree_json&manage=1 HTTP/1.1" 200 76236
222.67.234.146 - - [02/Jun/2023:09:05:49 +0800] "GET /xingrg/all/function/internal_message.html?_=1685667944353&CODE_STATE=getMsg HTTP/1.1" 200 27
222.70.180.90 - - [02/Jun/2023:09:05:51 +0800] "POST /xingrg/login.do HTTP/1.1" 302 -
222.70.180.90 - - [02/Jun/2023:09:05:51 +0800] "GET /xingrg/index.html?sysBaseUrl=http%3A%2F%2F180.169.147.146%3A18081%2Fxingrg%2F&costTime=11×tamp=1685667951330 HTTP/1.1" 200 17503
222.70.180.90 - - [02/Jun/2023:09:05:51 +0800] "GET /xingrg/javascript/jquery_easy_ui/themes/default/easyui.css HTTP/1.1" 200 26500
222.70.180.90 - - [02/Jun/2023:09:05:51 +0800] "GET /xingrg/javascript/jquery_easy_ui/themes/icon.css HTTP/1.1" 200 3949
222.70.180.90 - - [02/Jun/2023:09:05:51 +0800] "GET /xingrg/javascript/jquery_easy_ui/jquery.easyui.min.js HTTP/1.1" 200 213662
222.70.180.90 - - [02/Jun/2023:09:05:51 +0800] "GET /xingrg/css/form.css HTTP/1.1" 200 893
222.70.180.90 - - [02/Jun/2023:09:05:51 +0800] "GET /xingrg/javascript/jquery-1.4.2.min.js HTTP/1.1" 200 72205
222.70.180.90 - - [02/Jun/2023:09:05:51 +0800] "GET /xingrg/javascript/jquery.utils.js HTTP/1.1" 200 11805
222.70.180.90 - - [02/Jun/2023:09:05:51 +0800] "GET /xingrg/javascript/jquery_easy_ui/easyui-lang-zh_CN.js HTTP/1.1" 200 1900
222.70.180.90 - - [02/Jun/2023:09:05:51 +0800] "GET /xingrg/javascript/jquery.form.js HTTP/1.1" 200 23110
222.70.180.90 - - [02/Jun/2023:09:05:51 +0800] "GET /xingrg/javascript/jquery.timers.js HTTP/1.1" 200 3532
222.70.180.90 - - [02/Jun/2023:09:05:51 +0800] "GET /favicon.ico HTTP/1.1" 404 -
222.70.180.90 - - [02/Jun/2023:09:05:51 +0800] "GET /xingrg/javascript/jquery_easy_ui/themes/icons/settle_new.png HTTP/1.1" 200 826
222.70.180.90 - - [02/Jun/2023:09:05:51 +0800] "GET /xingrg/images/blue/navBackgound.jpg HTTP/1.1" 200 12378
222.70.180.90 - - [02/Jun/2023:09:05:51 +0800] "POST /xingrg/all/common/load_tree.html?tree=area_rest_tree_json&manage=1 HTTP/1.1" 200 591
222.70.180.90 - - [02/Jun/2023:09:05:51 +0800] "GET /xingrg/all/function/internal_message.html?_=1685667951745&CODE_STATE=count HTTP/1.1" 200 11
222.70.180.90 - - [02/Jun/2023:09:05:51 +0800] "GET /xingrg/images/blue/pingpu.png HTTP/1.1" 200 231
222.70.180.90 - - [02/Jun/2023:09:05:51 +0800] "GET /xingrg/javascript/jquery_easy_ui/themes/default/images/tabs_leftarrow.png HTTP/1.1" 200 389
222.70.180.90 - - [02/Jun/2023:09:05:51 +0800] "GET /xingrg/javascript/jquery_easy_ui/themes/default/images/panel_tool_expand.gif HTTP/1.1" 200 247
222.70.180.90 - - [02/Jun/2023:09:05:51 +0800] "GET /xingrg/javascript/jquery_easy_ui/themes/default/images/tabs_rightarrow.png HTTP/1.1" 200 395
222.70.180.90 - - [02/Jun/2023:09:05:51 +0800] "GET /xingrg/javascript/jquery_easy_ui/themes/default/images/panel_tool_collapse.gif HTTP/1.1" 200 246
222.70.180.90 - - [02/Jun/2023:09:05:51 +0800] "POST /xingrg/load_menu.html HTTP/1.1" 200 11564
222.70.180.90 - - [02/Jun/2023:09:05:51 +0800] "GET /xingrg/check_reg.html?_=1685667951748 HTTP/1.1" 200 22
222.70.180.90 - - [02/Jun/2023:09:05:51 +0800] "GET /xingrg/javascript/jquery_easy_ui/themes/default/images/tree_arrows.gif HTTP/1.1" 200 1043
222.70.180.90 - - [02/Jun/2023:09:05:51 +0800] "GET /xingrg/javascript/jquery_easy_ui/themes/default/images/tree_folder_open.gif HTTP/1.1" 200 956
222.70.180.90 - - [02/Jun/2023:09:05:51 +0800] "GET /xingrg/javascript/jquery_easy_ui/themes/icons/search_new.png HTTP/1.1" 200 586
222.70.180.90 - - [02/Jun/2023:09:05:51 +0800] "GET /xingrg/javascript/jquery_easy_ui/themes/icons/delivery_new.png HTTP/1.1" 200 700
222.70.180.90 - - [02/Jun/2023:09:05:52 +0800] "GET /xingrg/javascript/jquery_easy_ui/themes/icons/storage_new.png HTTP/1.1" 200 853
222.70.180.90 - - [02/Jun/2023:09:05:52 +0800] "GET /xingrg/javascript/jquery_easy_ui/themes/icons/checkout_new.png HTTP/1.1" 200 744
222.70.180.90 - - [02/Jun/2023:09:05:52 +0800] "GET /xingrg/javascript/jquery_easy_ui/themes/icons/forms_new.png HTTP/1.1" 200 350
222.70.180.90 - - [02/Jun/2023:09:05:52 +0800] "GET /xingrg/javascript/jquery_easy_ui/themes/icons/setting_new.png HTTP/1.1" 200 450
222.70.180.90 - - [02/Jun/2023:09:05:52 +0800] "GET /xingrg/javascript/jquery_easy_ui/themes/icons/systemset_new.png HTTP/1.1" 200 606
222.70.180.90 - - [02/Jun/2023:09:05:52 +0800] "GET /xingrg/javascript/jquery_easy_ui/themes/default/images/tree_file.gif HTTP/1.1" 200 118
222.70.180.90 - - [02/Jun/2023:09:05:52 +0800] "GET /xingrg/javascript/jquery_easy_ui/themes/default/images/tree_folder.gif HTTP/1.1" 200 952
180.169.147.146 - - [02/Jun/2023:09:05:52 +0800] "POST /xingrg/dwr/call/plaincall/AjaxReportQueryService.getFixDate.dwr HTTP/1.1" 200 111
222.70.180.90 - - [02/Jun/2023:09:05:52 +0800] "GET /xingrg/all/function/internal_message.html?_=1685667949637&CODE_STATE=getMsg HTTP/1.1" 200 27
120.253.135.82 - - [02/Jun/2023:09:05:53 +0800] "GET /xingrg/check_reg.html?_=1685667789238 HTTP/1.1" 200 22
172.20.0.100 - - [02/Jun/2023:09:05:54 +0800] "GET /xingrg/all/function/internal_message.html?_=1685667966809&CODE_STATE=getMsg HTTP/1.1" 302 -
172.20.0.100 - - [02/Jun/2023:09:05:54 +0800] "GET /xingrg/check_reg.html?_=1685667966810 HTTP/1.1" 302 -
114.85.113.108 - - [02/Jun/2023:09:05:54 +0800] "GET /xingrg/all/function/internal_message.html?_=1685667954392&CODE_STATE=getMsg HTTP/1.1" 200 27
120.253.135.82 - - [02/Jun/2023:09:05:55 +0800] "GET /xingrg/all/function/internal_message.html?_=1685667790706&CODE_STATE=getMsg HTTP/1.1" 200 27
101.229.168.164 - - [02/Jun/2023:09:05:57 +0800] "GET /xingrg/all/function/internal_message.html?_=1685667964616&CODE_STATE=getMsg HTTP/1.1" 200 27
114.83.217.50 - - [02/Jun/2023:09:05:58 +0800] "GET /xingrg/all/function/internal_message.html?_=1685667954424&CODE_STATE=getMsg HTTP/1.1" 200 27
114.83.217.50 - - [02/Jun/2023:09:06:00 +0800] "GET /xingrg/kc/buy/cgsh_order_operate.html?command=get_materiel&rest_code=00149&code=00101008357&supplier_code=00100008&order_time=2023-06-02 HTTP/1.1" 200 408
180.169.147.146 - - [02/Jun/2023:09:06:00 +0800] "POST /xingrg/dwr/call/plaincall/AjaxReportQueryService.refreshCache.dwr HTTP/1.1" 200 78
116.238.139.35 - - [02/Jun/2023:09:06:02 +0800] "GET /xingrg/check_reg.html?_=1685667866740 HTTP/1.1" 200 22
116.238.139.35 - - [02/Jun/2023:09:06:02 +0800] "GET /xingrg/all/function/internal_message.html?_=1685667866743&CODE_STATE=getMsg HTTP/1.1" 200 27
218.81.220.43 - - [02/Jun/2023:09:06:02 +0800] "GET /xingrg/all/function/internal_message.html?_=1685667979790&CODE_STATE=getMsg HTTP/1.1" 200 27
116.237.73.16 - - [02/Jun/2023:09:06:02 +0800] "GET /xingrg/kc/buy/cgsh_order_operate.html?command=get_materiel&rest_code=00106&code=00101008323&supplier_code=00100007&order_time=2023-06-02 HTTP/1.1" 200 408
180.152.240.79 - - [02/Jun/2023:09:06:03 +0800] "GET /xingrg/check_reg.html?_=1685667963373 HTTP/1.1" 302 -
180.152.240.79 - - [02/Jun/2023:09:06:03 +0800] "GET /xingrg/login.html HTTP/1.1" 200 7641
180.169.147.146 - - [02/Jun/2023:09:06:06 +0800] "POST /xingrg/all/report/load_report_page.html HTTP/1.1" 200 331775
180.169.147.146 - - [02/Jun/2023:09:06:07 +0800] "GET /xingrg/images/blue/button/back2.gif HTTP/1.1" 200 1339
180.169.147.146 - - [02/Jun/2023:09:06:07 +0800] "GET /xingrg/images/blue/button/back.gif HTTP/1.1" 200 1352
180.169.147.146 - - [02/Jun/2023:09:06:07 +0800] "GET /xingrg/servlets/image?cache=0.5156157093795762&image=px HTTP/1.1" 200 807
222.70.180.90 - - [02/Jun/2023:09:06:09 +0800] "GET /xingrg/javascript/jquery_easy_ui/themes/icons/area.png HTTP/1.1" 200 262
222.70.180.90 - - [02/Jun/2023:09:06:09 +0800] "GET /xingrg/javascript/jquery_easy_ui/themes/icons/manage.png HTTP/1.1" 200 696
222.70.180.90 - - [02/Jun/2023:09:06:09 +0800] "GET /xingrg/javascript/jquery_easy_ui/themes/icons/rest.png HTTP/1.1" 200 695
222.70.180.90 - - [02/Jun/2023:09:06:09 +0800] "GET /xingrg/javascript/jquery_easy_ui/themes/default/images/button_a_bg.gif HTTP/1.1" 200 1194
222.70.180.90 - - [02/Jun/2023:09:06:10 +0800] "GET /xingrg/javascript/jquery_easy_ui/themes/default/images/button_span_bg.gif HTTP/1.1" 200 2061
222.70.180.90 - - [02/Jun/2023:09:06:10 +0800] "GET /xingrg/javascript/jquery_easy_ui/themes/icons/ok.png HTTP/1.1" 200 883
222.70.180.90 - - [02/Jun/2023:09:06:10 +0800] "GET /xingrg/javascript/jquery_easy_ui/themes/default/images/panel_title.png HTTP/1.1" 200 266
222.70.180.90 - - [02/Jun/2023:09:06:10 +0800] "GET /xingrg/javascript/jquery_easy_ui/themes/default/images/panel_tools.gif HTTP/1.1" 200 737
222.70.180.90 - - [02/Jun/2023:09:06:12 +0800] "GET /xingrg/images/control/ajaxLoader.gif HTTP/1.1" 200 4659
222.70.180.90 - - [02/Jun/2023:09:06:12 +0800] "POST /xingrg/all/user/operate.html HTTP/1.1" 200 36
222.70.180.90 - - [02/Jun/2023:09:06:12 +0800] "GET /xingrg/index.html?sysBaseUrl=http%3A%2F%2F180.169.147.146%3A18081%2Fxingrg%2F&costTime=11×tamp=1685667951330 HTTP/1.1" 200 17503
222.70.180.90 - - [02/Jun/2023:09:06:12 +0800] "GET /xingrg/javascript/jquery_easy_ui/themes/default/easyui.css HTTP/1.1" 304 -
222.70.180.90 - - [02/Jun/2023:09:06:12 +0800] "GET /xingrg/javascript/jquery_easy_ui/themes/icon.css HTTP/1.1" 304 -
222.70.180.90 - - [02/Jun/2023:09:06:12 +0800] "GET /xingrg/css/form.css HTTP/1.1" 304 -
222.70.180.90 - - [02/Jun/2023:09:06:12 +0800] "GET /xingrg/javascript/jquery-1.4.2.min.js HTTP/1.1" 304 -
222.70.180.90 - - [02/Jun/2023:09:06:12 +0800] "GET /xingrg/javascript/jquery_easy_ui/jquery.easyui.min.js HTTP/1.1" 304 -
222.70.180.90 - - [02/Jun/2023:09:06:12 +0800] "GET /xingrg/javascript/jquery_easy_ui/easyui-lang-zh_CN.js HTTP/1.1" 304 -
222.70.180.90 - - [02/Jun/2023:09:06:12 +0800] "GET /xingrg/javascript/jquery.form.js HTTP/1.1" 304 -
222.70.180.90 - - [02/Jun/2023:09:06:12 +0800] "GET /xingrg/javascript/jquery.utils.js HTTP/1.1" 304 -
222.70.180.90 - - [02/Jun/2023:09:06:12 +0800] "GET /xingrg/javascript/jquery.timers.js HTTP/1.1" 304 -
222.70.180.90 - - [02/Jun/2023:09:06:12 +0800] "GET /xingrg/images/blue/jxLogo.png HTTP/1.1" 304 -
222.70.180.90 - - [02/Jun/2023:09:06:12 +0800] "GET /xingrg/javascript/jquery_easy_ui/themes/icons/settle_new.png HTTP/1.1" 304 -
222.70.180.90 - - [02/Jun/2023:09:06:12 +0800] "GET /xingrg/images/blue/navBackgound.jpg HTTP/1.1" 304 -
222.70.180.90 - - [02/Jun/2023:09:06:12 +0800] "POST /xingrg/all/common/load_tree.html?tree=area_rest_tree_json&manage=1 HTTP/1.1" 200 591
222.70.180.90 - - [02/Jun/2023:09:06:12 +0800] "GET /xingrg/check_reg.html?_=1685667972431 HTTP/1.1" 200 22
222.70.180.90 - - [02/Jun/2023:09:06:12 +0800] "GET /xingrg/all/function/internal_message.html?_=1685667972429&CODE_STATE=count HTTP/1.1" 200 11
222.70.180.90 - - [02/Jun/2023:09:06:12 +0800] "GET /xingrg/javascript/jquery_easy_ui/themes/default/images/tabs_rightarrow.png HTTP/1.1" 304 -
222.70.180.90 - - [02/Jun/2023:09:06:12 +0800] "GET /xingrg/javascript/jquery_easy_ui/themes/default/images/panel_tool_collapse.gif HTTP/1.1" 304 -
222.70.180.90 - - [02/Jun/2023:09:06:12 +0800] "GET /xingrg/javascript/jquery_easy_ui/themes/default/images/panel_tool_expand.gif HTTP/1.1" 304 -
222.70.180.90 - - [02/Jun/2023:09:06:12 +0800] "GET /xingrg/images/blue/pingpu.png HTTP/1.1" 304 -
222.70.180.90 - - [02/Jun/2023:09:06:12 +0800] "GET /xingrg/javascript/jquery_easy_ui/themes/default/images/tabs_leftarrow.png HTTP/1.1" 304 -
222.70.180.90 - - [02/Jun/2023:09:06:12 +0800] "POST /xingrg/load_menu.html HTTP/1.1" 200 9959
180.169.147.146 - - [02/Jun/2023:09:06:14 +0800] "POST /xingrg/all/report/report_print.html HTTP/1.1" 200 48693
222.70.180.90 - - [02/Jun/2023:09:06:14 +0800] "GET /xingrg/kc/report/report_main.html HTTP/1.1" 200 7340
222.70.180.90 - - [02/Jun/2023:09:06:14 +0800] "GET /xingrg/javascript/jquery_easy_ui/themes/default/images/tabs_close.gif HTTP/1.1" 200 829
222.70.180.90 - - [02/Jun/2023:09:06:14 +0800] "GET /xingrg/css/blue.css HTTP/1.1" 200 15949
222.70.180.90 - - [02/Jun/2023:09:06:14 +0800] "GET /xingrg/javascript/jquery_ui/themes/humanity/humanity.css HTTP/1.1" 200 27801
222.70.180.90 - - [02/Jun/2023:09:06:14 +0800] "GET /xingrg/javascript/pic_change.js HTTP/1.1" 200 4739
222.70.180.90 - - [02/Jun/2023:09:06:14 +0800] "GET /xingrg/javascript/myfunction.js HTTP/1.1" 200 24559
222.70.180.90 - - [02/Jun/2023:09:06:14 +0800] "GET /xingrg/javascript/json2.js HTTP/1.1" 200 11259
222.70.180.90 - - [02/Jun/2023:09:06:14 +0800] "GET /xingrg/javascript/jquery_easy_ui/themes/icons/back_new.png HTTP/1.1" 200 3414
116.232.195.127 - - [02/Jun/2023:09:06:15 +0800] "GET /xingrg/kc/buy/cgsh_order_operate.html?command=get_materiel&rest_code=00155&code=00101008370&supplier_code=00100005&order_time=2023-06-02 HTTP/1.1" 200 412
222.70.180.90 - - [02/Jun/2023:09:06:16 +0800] "GET /xingrg/kc/base/kc_stocks.html HTTP/1.1" 200 16506
222.70.180.90 - - [02/Jun/2023:09:06:16 +0800] "GET /xingrg/css/base.css HTTP/1.1" 200 2811
222.70.180.90 - - [02/Jun/2023:09:06:16 +0800] "GET /xingrg/css/site.css HTTP/1.1" 200 7541
222.70.180.90 - - [02/Jun/2023:09:06:16 +0800] "GET /xingrg/javascript/jquery_tools/datebox.css HTTP/1.1" 200 2597
222.70.180.90 - - [02/Jun/2023:09:06:16 +0800] "GET /xingrg/javascript/easyui/themes/sunny/easyui.css HTTP/1.1" 200 34304
222.70.180.90 - - [02/Jun/2023:09:06:16 +0800] "GET /xingrg/javascript/easyui/themes/icon.css HTTP/1.1" 200 4483
222.70.180.90 - - [02/Jun/2023:09:06:16 +0800] "GET /xingrg/javascript/jquery_tools/fix.css HTTP/1.1" 200 1702
222.70.180.90 - - [02/Jun/2023:09:06:16 +0800] "GET /xingrg/javascript/jquery_tools/jquery.tools.min.js HTTP/1.1" 200 138801
222.70.180.90 - - [02/Jun/2023:09:06:16 +0800] "GET /xingrg/javascript/auto/jquery.autocomplete.css HTTP/1.1" 200 587
222.70.180.90 - - [02/Jun/2023:09:06:16 +0800] "GET /xingrg/javascript/jquery_tools/list_manager.js HTTP/1.1" 200 3652
222.69.133.185 - - [02/Jun/2023:09:06:16 +0800] "GET /xingrg/all/function/internal_message.html?_=1685668081816&CODE_STATE=getMsg HTTP/1.1" 200 27
222.70.180.90 - - [02/Jun/2023:09:06:16 +0800] "GET /xingrg/javascript/jquery_tools/jquery.tools.hotkey.js HTTP/1.1" 200 3242
222.70.180.90 - - [02/Jun/2023:09:06:16 +0800] "GET /xingrg/javascript/auto/jquery.autocomplete.js HTTP/1.1" 200 21624
222.70.180.90 - - [02/Jun/2023:09:06:16 +0800] "GET /xingrg/javascript/easyui/easyloader.js HTTP/1.1" 200 5975
222.70.180.90 - - [02/Jun/2023:09:06:16 +0800] "GET /xingrg/javascript/jquery_tools/jquery.tools.extend.js HTTP/1.1" 200 15385
222.70.180.90 - - [02/Jun/2023:09:06:16 +0800] "GET /xingrg/javascript/jquery.cookie.js HTTP/1.1" 200 5513
222.70.180.90 - - [02/Jun/2023:09:06:16 +0800] "GET /xingrg/javascript/convert.js HTTP/1.1" 200 1239
222.70.180.90 - - [02/Jun/2023:09:06:16 +0800] "GET /xingrg/javascript/print/LodopFuncs.js HTTP/1.1" 200 5121
222.70.180.90 - - [02/Jun/2023:09:06:17 +0800] "GET /xingrg/javascript/easyui/themes/icons/filter_new.png HTTP/1.1" 200 795
222.70.180.90 - - [02/Jun/2023:09:06:17 +0800] "GET /xingrg/javascript/easyui/themes/icons/print_new.png HTTP/1.1" 200 3580
222.70.180.90 - - [02/Jun/2023:09:06:17 +0800] "GET /xingrg/javascript/easyui/themes/icons/refresh_new.png HTTP/1.1" 200 685
222.70.180.90 - - [02/Jun/2023:09:06:17 +0800] "GET /xingrg/javascript/easyui/themes/icons/import_new.png HTTP/1.1" 200 1247
222.70.180.90 - - [02/Jun/2023:09:06:17 +0800] "GET /xingrg/javascript/easyui/themes/icons/field_new.png HTTP/1.1" 200 1097
222.70.180.90 - - [02/Jun/2023:09:06:17 +0800] "GET /xingrg/javascript/easyui/plugins/jquery.parser.js HTTP/1.1" 200 1142
222.70.180.90 - - [02/Jun/2023:09:06:17 +0800] "GET /xingrg/javascript/easyui/plugins/jquery.draggable.js HTTP/1.1" 200 6121
222.70.180.90 - - [02/Jun/2023:09:06:17 +0800] "GET /xingrg/all/common/auto_word.html?type=base&rest_code=00111 HTTP/1.1" 200 1753
222.70.180.90 - - [02/Jun/2023:09:06:17 +0800] "GET /xingrg/javascript/easyui/plugins/jquery.droppable.js HTTP/1.1" 200 1167
222.70.180.90 - - [02/Jun/2023:09:06:17 +0800] "GET /xingrg/javascript/easyui/themes/default/tree.css HTTP/1.1" 404 1090
222.70.180.90 - - [02/Jun/2023:09:06:17 +0800] "GET /xingrg/javascript/easyui/plugins/jquery.tree.js HTTP/1.1" 200 20874
222.70.180.90 - - [02/Jun/2023:09:06:17 +0800] "POST /xingrg/all/common/load_tree.html?tree=materiel_sort_tree_json HTTP/1.1" 200 9500
222.70.180.90 - - [02/Jun/2023:09:06:17 +0800] "GET /xingrg/javascript/easyui/themes/sunny/images/tree_folder_open.gif HTTP/1.1" 200 956
222.70.180.90 - - [02/Jun/2023:09:06:17 +0800] "GET /xingrg/javascript/easyui/themes/sunny/images/tree_arrows.gif HTTP/1.1" 200 617
222.70.180.90 - - [02/Jun/2023:09:06:17 +0800] "GET /xingrg/javascript/easyui/themes/sunny/images/tree_file.gif HTTP/1.1" 200 118
222.70.180.90 - - [02/Jun/2023:09:06:17 +0800] "GET /xingrg/javascript/easyui/themes/sunny/images/tree_folder.gif HTTP/1.1" 200 952
101.83.145.52 - - [02/Jun/2023:09:06:18 +0800] "GET /xingrg/all/function/internal_message.html?_=1685667808535&CODE_STATE=getMsg HTTP/1.1" 200 27
222.70.180.90 - - [02/Jun/2023:09:06:20 +0800] "POST /xingrg/all/common/load_combo.html?type=base HTTP/1.1" 200 3142
222.70.180.90 - - [02/Jun/2023:09:06:20 +0800] "GET /xingrg/css/images/panel_loading.gif HTTP/1.1" 200 1737
222.70.180.90 - - [02/Jun/2023:09:06:22 +0800] "GET /xingrg/kc/buy/cgsh_order_operate.html?command=get_materiel&rest_code=00111&code=00101008351&supplier_code=00100005&order_time=2023-06-02 HTTP/1.1" 200 408
116.237.73.16 - - [02/Jun/2023:09:06:24 +0800] "GET /xingrg/all/function/internal_message.html?_=1685667984620&CODE_STATE=getMsg HTTP/1.1" 200 27
114.83.217.50 - - [02/Jun/2023:09:06:26 +0800] "POST /xingrg/kc/buy/cgsh_order_operate.html HTTP/1.1" 200 37
120.253.135.82 - - [02/Jun/2023:09:06:26 +0800] "GET /xingrg/kc/pszx/mdqp_order_list.html?state=10 HTTP/1.1" 200 11926
120.253.135.82 - - [02/Jun/2023:09:06:26 +0800] "GET /xingrg/dwr/interface/AjaxQqpsService.js HTTP/1.1" 200 16326
120.253.135.82 - - [02/Jun/2023:09:06:26 +0800] "GET /xingrg/dwr/interface/AjaxReportQueryService.js HTTP/1.1" 200 13203
120.253.135.82 - - [02/Jun/2023:09:06:26 +0800] "GET /xingrg/dwr/engine.js HTTP/1.1" 200 43631
101.83.145.52 - - [02/Jun/2023:09:06:29 +0800] "POST /xingrg/kc/buy/cgsh_order_operate.html HTTP/1.1" 200 37
114.83.217.50 - - [02/Jun/2023:09:06:29 +0800] "POST /xingrg/kc/buy/cgsh_order_operate.html HTTP/1.1" 200 24617
120.253.135.82 - - [02/Jun/2023:09:06:29 +0800] "GET /xingrg/kc/pszx/mdps_order_list.html?orderType=0 HTTP/1.1" 200 21032
120.253.135.82 - - [02/Jun/2023:09:06:29 +0800] "POST /xingrg/kc/pszx/mdps_list_operate.html HTTP/1.1" 200 5346
222.70.180.90 - - [02/Jun/2023:09:06:30 +0800] "POST /xingrg/kc/base/stock_operate.html HTTP/1.1" 200 3217
222.70.180.90 - - [02/Jun/2023:09:06:30 +0800] "GET /xingrg/javascript/jquery_tools/fix_table.js HTTP/1.1" 200 6528
120.253.135.82 - - [02/Jun/2023:09:06:31 +0800] "GET /xingrg/javascript/auto/indicator.gif HTTP/1.1" 404 1066
116.238.139.35 - - [02/Jun/2023:09:06:31 +0800] "POST /xingrg/kc/buy/cgsh_order_operate.html HTTP/1.1" 200 37
58.40.7.146 - - [02/Jun/2023:09:06:32 +0800] "GET /xingrg/all/function/internal_message.html?_=1685667992498&CODE_STATE=getMsg HTTP/1.1" 200 27
222.70.180.90 - - [02/Jun/2023:09:06:33 +0800] "GET /xingrg/kc/base/stock_detail.html?m=00101027074 HTTP/1.1" 200 7322
116.237.73.16 - - [02/Jun/2023:09:06:33 +0800] "GET /xingrg/kc/buy/cgsh_order_operate.html?command=get_materiel&rest_code=00106&code=00101008215&supplier_code=00100007&order_time=2023-06-02 HTTP/1.1" 200 413
222.70.180.90 - - [02/Jun/2023:09:06:33 +0800] "GET /xingrg/kc/buy/cgsh_order_operate.html?command=get_materiel&rest_code=00111&code=00101008087&supplier_code=00100005&order_time=2023-06-02 HTTP/1.1" 200 412
222.70.180.90 - - [02/Jun/2023:09:06:33 +0800] "GET /xingrg/javascript/jquery_easy_ui/themes/icons/search.png HTTP/1.1" 200 813
222.70.180.90 - - [02/Jun/2023:09:06:33 +0800] "GET /xingrg/javascript/jquery_easy_ui/themes/default/images/menu_downarrow.png HTTP/1.1" 200 173
222.70.180.90 - - [02/Jun/2023:09:06:33 +0800] "GET /xingrg/javascript/jquery_easy_ui/themes/icons/print.png HTTP/1.1" 200 1057
222.70.180.90 - - [02/Jun/2023:09:06:33 +0800] "GET /xingrg/javascript/jquery_easy_ui/themes/default/images/menu.gif HTTP/1.1" 200 834
222.70.180.90 - - [02/Jun/2023:09:06:33 +0800] "GET /xingrg/javascript/jquery_easy_ui/themes/default/images/calendar_prevmonth.gif HTTP/1.1" 200 66
222.70.180.90 - - [02/Jun/2023:09:06:33 +0800] "GET /xingrg/javascript/jquery_easy_ui/themes/default/images/calendar_nextmonth.gif HTTP/1.1" 200 64
222.70.180.90 - - [02/Jun/2023:09:06:33 +0800] "GET /xingrg/javascript/jquery_easy_ui/themes/default/images/calendar_prevyear.gif HTTP/1.1" 200 76
222.70.180.90 - - [02/Jun/2023:09:06:33 +0800] "GET /xingrg/javascript/jquery_easy_ui/themes/default/images/calendar_nextyear.gif HTTP/1.1" 200 75
116.238.139.35 - - [02/Jun/2023:09:06:35 +0800] "GET /xingrg/all/function/internal_message.html?_=1685667995556&CODE_STATE=getMsg HTTP/1.1" 200 27
101.83.145.52 - - [02/Jun/2023:09:06:36 +0800] "POST /xingrg/kc/buy/cgsh_order_operate.html HTTP/1.1" 200 49368
222.70.180.90 - - [02/Jun/2023:09:06:37 +0800] "GET /xingrg/kc/base/stock_operate.html?_=1685667997589&command=get_report_file&start_day=20230501 HTTP/1.1" 200 53
222.70.180.90 - - [02/Jun/2023:09:06:37 +0800] "GET /xingrg/all/report/report_query.html?isQuery=1&onlyBody=1&rh=2000&fileName=kc/base/kc_stock_detail_new.xml&queryString=(1=1)&queryText=&tableQueryString=init_table$sp1$$sp$crk_table$sp1$order_day%20between%2020230501%20and%2020230630&varString=start_day:20230501,materiel_code:00101027074,cost_id:4356,end_date:20230430 HTTP/1.1" 200 48701
222.70.180.90 - - [02/Jun/2023:09:06:37 +0800] "GET /xingrg/javascript/multi_select/jqueryMultiSelect.css HTTP/1.1" 200 951
222.70.180.90 - - [02/Jun/2023:09:06:37 +0800] "GET /xingrg/javascript/calendar/timePicker.css HTTP/1.1" 200 523
222.70.180.90 - - [02/Jun/2023:09:06:37 +0800] "GET /xingrg/javascript/bigrid/fix.css HTTP/1.1" 200 1702
222.70.180.90 - - [02/Jun/2023:09:06:37 +0800] "GET /xingrg/dwr/interface/AjaxReportQueryService.js HTTP/1.1" 200 13203
222.70.180.90 - - [02/Jun/2023:09:06:37 +0800] "GET /xingrg/dwr/util.js HTTP/1.1" 200 35990
222.70.180.90 - - [02/Jun/2023:09:06:37 +0800] "GET /xingrg/dwr/engine.js HTTP/1.1" 200 43631
222.70.180.90 - - [02/Jun/2023:09:06:37 +0800] "GET /xingrg/javascript/jqueryMultiSelect.js HTTP/1.1" 200 11866
222.70.180.90 - - [02/Jun/2023:09:06:37 +0800] "GET /xingrg/javascript/calendar/jquery.timePicker.min.js HTTP/1.1" 200 2997
222.70.180.90 - - [02/Jun/2023:09:06:37 +0800] "GET /xingrg/javascript/Calendar.js HTTP/1.1" 200 31561
222.70.180.90 - - [02/Jun/2023:09:06:37 +0800] "GET /xingrg/javascript/bigrid/fix.js HTTP/1.1" 200 6439
222.70.180.90 - - [02/Jun/2023:09:06:38 +0800] "GET /xingrg/images/control/loading.gif HTTP/1.1" 200 13463
222.70.180.90 - - [02/Jun/2023:09:06:38 +0800] "GET /xingrg/images/blue/button/advance2over.gif HTTP/1.1" 200 1336
222.70.180.90 - - [02/Jun/2023:09:06:38 +0800] "GET /xingrg/images/blue/button/advanceover.gif HTTP/1.1" 200 1347
222.70.180.90 - - [02/Jun/2023:09:06:38 +0800] "GET /xingrg/images/blue/button/back2over.gif HTTP/1.1" 200 1335
222.70.180.90 - - [02/Jun/2023:09:06:38 +0800] "GET /xingrg/images/blue/button/backover.gif HTTP/1.1" 200 1348
222.70.180.90 - - [02/Jun/2023:09:06:38 +0800] "GET /xingrg/javascript/jquery_easy_ui/themes/icons/help.png HTTP/1.1" 200 1187
222.70.180.90 - - [02/Jun/2023:09:06:38 +0800] "POST /xingrg/all/report/load_report_page.html HTTP/1.1" 200 30021
222.70.180.90 - - [02/Jun/2023:09:06:38 +0800] "GET /xingrg/servlets/image?cache=0.7233283511431527&image=px HTTP/1.1" 200 807
120.253.135.82 - - [02/Jun/2023:09:06:39 +0800] "POST /xingrg/kc/pszx/mdps_list_operate.html HTTP/1.1" 200 3132
120.253.135.82 - - [02/Jun/2023:09:06:40 +0800] "POST /xingrg/kc/pszx/mdps_list_operate.html HTTP/1.1" 200 468
120.253.135.82 - - [02/Jun/2023:09:06:41 +0800] "POST /xingrg/kc/pszx/mdps_list_operate.html HTTP/1.1" 200 290
120.253.135.82 - - [02/Jun/2023:09:06:42 +0800] "POST /xingrg/kc/pszx/mdps_list_operate.html HTTP/1.1" 200 619
116.232.195.127 - - [02/Jun/2023:09:06:42 +0800] "GET /xingrg/all/function/internal_message.html?_=1685668029098&CODE_STATE=getMsg HTTP/1.1" 200 27
120.253.135.82 - - [02/Jun/2023:09:06:44 +0800] "POST /xingrg/kc/pszx/mdps_list_operate.html HTTP/1.1" 200 663
120.253.135.82 - - [02/Jun/2023:09:06:45 +0800] "POST /xingrg/kc/pszx/mdps_list_operate.html HTTP/1.1" 200 611
180.169.147.146 - - [02/Jun/2023:09:06:45 +0800] "GET /xingrg/all/function/internal_message.html?_=1685668005850&CODE_STATE=getMsg HTTP/1.1" 200 27
114.83.217.50 - - [02/Jun/2023:09:06:45 +0800] "GET /xingrg/kc/buy/cgsh_order_operate.html?command=get_materiel&rest_code=00149&code=00101008069&supplier_code=00100008&order_time=2023-06-02 HTTP/1.1" 200 412
116.238.139.35 - - [02/Jun/2023:09:06:46 +0800] "POST /xingrg/kc/buy/cgsh_order_operate.html HTTP/1.1" 200 12
101.83.145.52 - - [02/Jun/2023:09:06:48 +0800] "GET /xingrg/all/function/internal_message.html?_=1685668009526&CODE_STATE=getMsg HTTP/1.1" 200 27
222.67.234.146 - - [02/Jun/2023:09:06:49 +0800] "GET /xingrg/all/function/internal_message.html?_=1685668004350&CODE_STATE=getMsg HTTP/1.1" 200 27
222.67.234.146 - - [02/Jun/2023:09:06:49 +0800] "GET /xingrg/check_reg.html?_=1685668004352 HTTP/1.1" 200 22
116.238.139.35 - - [02/Jun/2023:09:06:51 +0800] "GET /xingrg/kc/buy/cgsh_order_info.html?code=212023060200396 HTTP/1.1" 200 66479
222.70.180.90 - - [02/Jun/2023:09:06:51 +0800] "GET /xingrg/kc/buy/cgsh_order_operate.html?command=get_materiel&rest_code=00111&code=00101008356&supplier_code=00100005&order_time=2023-06-02 HTTP/1.1" 200 408
222.70.180.90 - - [02/Jun/2023:09:06:52 +0800] "GET /xingrg/all/function/internal_message.html?_=1685668009644&CODE_STATE=getMsg HTTP/1.1" 200 27
116.238.139.35 - - [02/Jun/2023:09:06:54 +0800] "GET /xingrg/javascript/easyui/themes/default/validatebox.css HTTP/1.1" 404 1104
172.20.0.100 - - [02/Jun/2023:09:06:54 +0800] "GET /xingrg/all/function/internal_message.html?_=1685668026808&CODE_STATE=getMsg HTTP/1.1" 302 -
114.85.113.108 - - [02/Jun/2023:09:06:54 +0800] "GET /xingrg/all/function/internal_message.html?_=1685668014377&CODE_STATE=getMsg HTTP/1.1" 200 27
116.238.139.35 - - [02/Jun/2023:09:06:55 +0800] "POST /xingrg/kc/buy/cgsh_order_operate.html HTTP/1.1" 200 39691
120.253.135.82 - - [02/Jun/2023:09:06:55 +0800] "GET /xingrg/all/function/internal_message.html?_=1685667850739&CODE_STATE=getMsg HTTP/1.1" 200 27
114.83.217.50 - - [02/Jun/2023:09:06:57 +0800] "GET /xingrg/kc/buy/cgsh_order_operate.html?command=get_materiel&rest_code=00149&code=00101008286&supplier_code=00100008&order_time=2023-06-02 HTTP/1.1" 200 408
101.229.168.164 - - [02/Jun/2023:09:06:57 +0800] "GET /xingrg/check_reg.html?_=1685668024614 HTTP/1.1" 200 22
101.229.168.164 - - [02/Jun/2023:09:06:57 +0800] "GET /xingrg/all/function/internal_message.html?_=1685668024619&CODE_STATE=getMsg HTTP/1.1" 200 27
114.83.217.50 - - [02/Jun/2023:09:06:58 +0800] "GET /xingrg/all/function/internal_message.html?_=1685668014415&CODE_STATE=getMsg HTTP/1.1" 200 27
116.237.73.16 - - [02/Jun/2023:09:07:00 +0800] "GET /xingrg/kc/buy/cgsh_order_operate.html?command=get_materiel&rest_code=00106&code=00101008219&supplier_code=00100007&order_time=2023-06-02 HTTP/1.1" 200 412
116.238.139.35 - - [02/Jun/2023:09:07:02 +0800] "GET /xingrg/all/function/internal_message.html?_=1685667926755&CODE_STATE=getMsg HTTP/1.1" 200 27
218.81.220.43 - - [02/Jun/2023:09:07:02 +0800] "GET /xingrg/all/function/internal_message.html?_=1685668039804&CODE_STATE=getMsg HTTP/1.1" 200 27
222.70.180.90 - - [02/Jun/2023:09:07:12 +0800] "GET /xingrg/all/function/internal_message.html?_=1685668032442&CODE_STATE=getMsg HTTP/1.1" 200 27
116.238.139.35 - - [02/Jun/2023:09:07:12 +0800] "GET /xingrg/kc/print/load_data.html?order_code=212023060200396&kc_code=cgsh&condition= HTTP/1.1" 200 15543
116.237.73.16 - - [02/Jun/2023:09:07:14 +0800] "GET /xingrg/kc/buy/cgsh_order_operate.html?command=get_materiel&rest_code=00106&code=00101008132&supplier_code=00100007&order_time=2023-06-02 HTTP/1.1" 200 408
222.69.133.185 - - [02/Jun/2023:09:07:16 +0800] "GET /xingrg/all/function/internal_message.html?_=1685668141831&CODE_STATE=getMsg HTTP/1.1" 200 27
101.83.145.52 - - [02/Jun/2023:09:07:18 +0800] "GET /xingrg/all/function/internal_message.html?_=1685667868538&CODE_STATE=getMsg HTTP/1.1" 200 27
222.70.180.90 - - [02/Jun/2023:09:07:18 +0800] "POST /xingrg/kc/buy/cgsh_order_operate.html HTTP/1.1" 200 2065
116.237.73.16 - - [02/Jun/2023:09:07:20 +0800] "POST /xingrg/kc/buy/cgsh_order_operate.html HTTP/1.1" 200 2065
114.83.217.50 - - [02/Jun/2023:09:07:23 +0800] "POST /xingrg/kc/buy/cgsh_order_operate.html HTTP/1.1" 200 2065
116.237.73.16 - - [02/Jun/2023:09:07:24 +0800] "GET /xingrg/check_reg.html?_=1685668044615 HTTP/1.1" 200 22
116.237.73.16 - - [02/Jun/2023:09:07:24 +0800] "GET /xingrg/all/function/internal_message.html?_=1685668044620&CODE_STATE=getMsg HTTP/1.1" 200 27
222.70.180.90 - - [02/Jun/2023:09:07:24 +0800] "GET /xingrg/kc/buy/cgsh_order_operate.html?command=get_materiel&rest_code=00111&code=00101008190&supplier_code=00100005&order_time=2023-06-02 HTTP/1.1" 200 412
116.238.139.35 - - [02/Jun/2023:09:07:28 +0800] "GET /xingrg/kc/base/wldb_order_list.html HTTP/1.1" 200 19104
116.238.139.35 - - [02/Jun/2023:09:07:28 +0800] "POST /xingrg/kc/base/wldb_list_operate.html HTTP/1.1" 200 928
114.83.217.50 - - [02/Jun/2023:09:07:28 +0800] "GET /xingrg/kc/buy/cgsh_order_operate.html?command=get_materiel&rest_code=00149&code=00101008036&supplier_code=00100008&order_time=2023-06-02 HTTP/1.1" 200 408
116.237.73.16 - - [02/Jun/2023:09:07:32 +0800] "GET /xingrg/kc/buy/cgsh_order_operate.html?command=get_materiel&rest_code=00106&code=00101008244&supplier_code=00100007&order_time=2023-06-02 HTTP/1.1" 200 408
58.40.7.146 - - [02/Jun/2023:09:07:32 +0800] "GET /xingrg/check_reg.html?_=1685668052500 HTTP/1.1" 200 22
58.40.7.146 - - [02/Jun/2023:09:07:32 +0800] "GET /xingrg/all/function/internal_message.html?_=1685668052502&CODE_STATE=getMsg HTTP/1.1" 200 27
116.238.139.35 - - [02/Jun/2023:09:07:33 +0800] "GET /xingrg/kc/base/wldb_order_add.html HTTP/1.1" 200 30395
116.238.139.35 - - [02/Jun/2023:09:07:34 +0800] "POST /xingrg/kc/base/wldb_order_operate.html HTTP/1.1" 200 6806
116.238.139.35 - - [02/Jun/2023:09:07:34 +0800] "GET /xingrg/all/common/auto_word.html?type=base&rest_code=00150 HTTP/1.1" 200 1853
116.238.139.35 - - [02/Jun/2023:09:07:34 +0800] "GET /xingrg/all/common/auto_word.html?type=base&rest_code=00150 HTTP/1.1" 200 1853
116.238.139.35 - - [02/Jun/2023:09:07:34 +0800] "GET /xingrg/javascript/easyui/themes/default/validatebox.css HTTP/1.1" 404 1104
222.70.180.90 - - [02/Jun/2023:09:07:35 +0800] "GET /xingrg/kc/buy/cgsh_order_operate.html?command=get_materiel&rest_code=00111&code=00101008209&supplier_code=00100005&order_time=2023-06-02 HTTP/1.1" 200 408
116.238.139.35 - - [02/Jun/2023:09:07:35 +0800] "GET /xingrg/css/images/panel_loading.gif HTTP/1.1" 304 -
116.238.139.35 - - [02/Jun/2023:09:07:35 +0800] "POST /xingrg/all/common/load_combo.html?type=base HTTP/1.1" 200 3318
116.238.139.35 - - [02/Jun/2023:09:07:35 +0800] "GET /xingrg/all/function/internal_message.html?_=1685668055562&CODE_STATE=getMsg HTTP/1.1" 200 27
116.238.139.35 - - [02/Jun/2023:09:07:36 +0800] "GET /xingrg/check_reg.html?_=1685668055570 HTTP/1.1" 200 22
114.83.217.50 - - [02/Jun/2023:09:07:38 +0800] "GET /xingrg/kc/buy/cgsh_order_operate.html?command=get_materiel&rest_code=00149&code=00101008131&supplier_code=00100008&order_time=2023-06-02 HTTP/1.1" 200 409
116.232.195.127 - - [02/Jun/2023:09:07:42 +0800] "GET /xingrg/all/function/internal_message.html?_=1685668089084&CODE_STATE=getMsg HTTP/1.1" 200 27
116.232.195.127 - - [02/Jun/2023:09:07:43 +0800] "GET /xingrg/kc/buy/cgsh_order_operate.html?command=get_materiel&rest_code=00155&code=00101008372&supplier_code=00100005&order_time=2023-06-02 HTTP/1.1" 200 408
116.237.73.16 - - [02/Jun/2023:09:07:45 +0800] "GET /xingrg/kc/buy/cgsh_order_operate.html?command=get_materiel&rest_code=00106&code=00101008185&supplier_code=00100007&order_time=2023-06-02 HTTP/1.1" 200 408
180.169.147.146 - - [02/Jun/2023:09:07:45 +0800] "GET /xingrg/all/function/internal_message.html?_=1685668065850&CODE_STATE=getMsg HTTP/1.1" 200 27
101.83.145.52 - - [02/Jun/2023:09:07:48 +0800] "GET /xingrg/all/function/internal_message.html?_=1685668069534&CODE_STATE=getMsg HTTP/1.1" 200 27
116.238.139.35 - - [02/Jun/2023:09:07:49 +0800] "GET /xingrg/kc/base/wldb_order_operate.html?command=get_materiel&rest_code=00150&base_code=0010445&code=00101019026 HTTP/1.1" 200 481
222.67.234.146 - - [02/Jun/2023:09:07:49 +0800] "GET /xingrg/all/function/internal_message.html?_=1685668064352&CODE_STATE=getMsg HTTP/1.1" 200 27
114.83.217.50 - - [02/Jun/2023:09:07:49 +0800] "GET /xingrg/kc/buy/cgsh_order_operate.html?command=get_materiel&rest_code=00149&code=00101008296&supplier_code=00100008&order_time=2023-06-02 HTTP/1.1" 200 416
222.70.180.90 - - [02/Jun/2023:09:07:52 +0800] "GET /xingrg/all/function/internal_message.html?_=1685668069640&CODE_STATE=getMsg HTTP/1.1" 200 27
222.70.180.90 - - [02/Jun/2023:09:07:53 +0800] "GET /xingrg/kc/buy/cgsh_order_operate.html?command=get_materiel&rest_code=00111&code=00101008300&supplier_code=00100005&order_time=2023-06-02 HTTP/1.1" 200 412
172.20.0.100 - - [02/Jun/2023:09:07:54 +0800] "GET /xingrg/all/function/internal_message.html?_=1685668086806&CODE_STATE=getMsg HTTP/1.1" 302 -
114.85.113.108 - - [02/Jun/2023:09:07:54 +0800] "GET /xingrg/all/function/internal_message.html?_=1685668074362&CODE_STATE=getMsg HTTP/1.1" 200 27
120.253.135.82 - - [02/Jun/2023:09:07:55 +0800] "GET /xingrg/all/function/internal_message.html?_=1685667910747&CODE_STATE=getMsg HTTP/1.1" 200 27
101.229.168.164 - - [02/Jun/2023:09:07:57 +0800] "GET /xingrg/all/function/internal_message.html?_=1685668084621&CODE_STATE=getMsg HTTP/1.1" 200 27
114.83.217.50 - - [02/Jun/2023:09:07:58 +0800] "GET /xingrg/all/function/internal_message.html?_=1685668074408&CODE_STATE=getMsg HTTP/1.1" 200 27
116.238.139.35 - - [02/Jun/2023:09:08:00 +0800] "GET /xingrg/kc/base/wldb_order_operate.html?command=get_materiel&rest_code=00150&base_code=0010445&code=00101019295 HTTP/1.1" 200 475
114.83.217.50 - - [02/Jun/2023:09:08:01 +0800] "GET /xingrg/kc/buy/cgsh_order_operate.html?command=get_materiel&rest_code=00149&code=00101008318&supplier_code=00100008&order_time=2023-06-02 HTTP/1.1" 200 408
116.238.139.35 - - [02/Jun/2023:09:08:02 +0800] "GET /xingrg/all/function/internal_message.html?_=1685667986769&CODE_STATE=getMsg HTTP/1.1" 200 27
218.81.220.43 - - [02/Jun/2023:09:08:02 +0800] "GET /xingrg/all/function/internal_message.html?_=1685668100497&CODE_STATE=getMsg HTTP/1.1" 200 27
116.237.73.16 - - [02/Jun/2023:09:08:05 +0800] "GET /xingrg/kc/buy/cgsh_order_operate.html?command=get_materiel&rest_code=00106&code=00101008354&supplier_code=00100007&order_time=2023-06-02 HTTP/1.1" 200 412
222.70.180.90 - - [02/Jun/2023:09:08:06 +0800] "GET /xingrg/kc/buy/cgsh_order_operate.html?command=get_materiel&rest_code=00111&code=00101008349&supplier_code=00100005&order_time=2023-06-02 HTTP/1.1" 200 412
116.238.139.35 - - [02/Jun/2023:09:08:07 +0800] "GET /xingrg/kc/base/wldb_order_operate.html?command=get_materiel&rest_code=00150&base_code=0010445&code=00101019529 HTTP/1.1" 200 476
116.232.195.127 - - [02/Jun/2023:09:08:08 +0800] "GET /xingrg/kc/buy/cgsh_order_operate.html?command=get_materiel&rest_code=00155&code=00101008059&supplier_code=00100005&order_time=2023-06-02 HTTP/1.1" 200 408
114.83.217.50 - - [02/Jun/2023:09:08:10 +0800] "GET /xingrg/kc/buy/cgsh_order_operate.html?command=get_materiel&rest_code=00149&code=00101008352&supplier_code=00100008&order_time=2023-06-02 HTTP/1.1" 200 412
222.70.180.90 - - [02/Jun/2023:09:08:12 +0800] "GET /xingrg/all/function/internal_message.html?_=1685668092450&CODE_STATE=getMsg HTTP/1.1" 200 27
114.83.217.50 - - [02/Jun/2023:09:08:15 +0800] "POST /xingrg/kc/buy/cgsh_order_operate.html HTTP/1.1" 200 2065
116.238.139.35 - - [02/Jun/2023:09:08:15 +0800] "GET /xingrg/kc/base/wldb_order_operate.html?command=get_materiel&rest_code=00150&base_code=0010445&code=00101019297 HTTP/1.1" 200 476
222.69.133.185 - - [02/Jun/2023:09:08:16 +0800] "GET /xingrg/all/function/internal_message.html?_=1685668201819&CODE_STATE=getMsg HTTP/1.1" 200 27
101.83.145.52 - - [02/Jun/2023:09:08:18 +0800] "GET /xingrg/all/function/internal_message.html?_=1685667928539&CODE_STATE=getMsg HTTP/1.1" 200 27
222.70.180.90 - - [02/Jun/2023:09:08:18 +0800] "GET /xingrg/kc/buy/cgsh_order_operate.html?command=get_materiel&rest_code=00111&code=00101016081&supplier_code=00100005&order_time=2023-06-02 HTTP/1.1" 200 447
114.83.217.50 - - [02/Jun/2023:09:08:21 +0800] "GET /xingrg/kc/buy/cgsh_order_operate.html?command=get_materiel&rest_code=00149&code=00101008005&supplier_code=00100008&order_time=2023-06-02 HTTP/1.1" 200 412
222.70.180.90 - - [02/Jun/2023:09:08:22 +0800] "POST /xingrg/kc/buy/cgsh_order_operate.html HTTP/1.1" 200 2065
116.237.73.16 - - [02/Jun/2023:09:08:22 +0800] "GET /xingrg/kc/buy/cgsh_order_operate.html?command=get_materiel&rest_code=00106&code=00101008186&supplier_code=00100007&order_time=2023-06-02 HTTP/1.1" 200 408
116.237.73.16 - - [02/Jun/2023:09:08:24 +0800] "GET /xingrg/all/function/internal_message.html?_=1685668104615&CODE_STATE=getMsg HTTP/1.1" 200 27
114.83.217.50 - - [02/Jun/2023:09:08:30 +0800] "GET /xingrg/kc/buy/cgsh_order_operate.html?command=get_materiel&rest_code=00149&code=00101008353&supplier_code=00100008&order_time=2023-06-02 HTTP/1.1" 200 408
222.70.180.90 - - [02/Jun/2023:09:08:30 +0800] "GET /xingrg/kc/buy/cgsh_order_operate.html?command=get_materiel&rest_code=00111&code=00101008353&supplier_code=00100005&order_time=2023-06-02 HTTP/1.1" 200 408
58.40.7.146 - - [02/Jun/2023:09:08:32 +0800] "GET /xingrg/all/function/internal_message.html?_=1685668112487&CODE_STATE=getMsg HTTP/1.1" 200 27
116.238.139.35 - - [02/Jun/2023:09:08:35 +0800] "GET /xingrg/all/function/internal_message.html?_=1685668115562&CODE_STATE=getMsg HTTP/1.1" 200 27
218.81.220.43 - - [02/Jun/2023:09:08:36 +0800] "GET /xingrg/check_reg.html?_=1685668133934 HTTP/1.1" 200 22
222.70.180.90 - - [02/Jun/2023:09:08:40 +0800] "GET /xingrg/kc/buy/cgsh_order_operate.html?command=get_materiel&rest_code=00111&code=00101008098&supplier_code=00100005&order_time=2023-06-02 HTTP/1.1" 200 412
116.232.195.127 - - [02/Jun/2023:09:08:42 +0800] "GET /xingrg/all/function/internal_message.html?_=1685668149100&CODE_STATE=getMsg HTTP/1.1" 200 27
180.169.147.146 - - [02/Jun/2023:09:08:45 +0800] "GET /xingrg/all/function/internal_message.html?_=1685668125847&CODE_STATE=getMsg HTTP/1.1" 200 27
114.83.217.50 - - [02/Jun/2023:09:08:46 +0800] "GET /xingrg/kc/buy/cgsh_order_operate.html?command=get_materiel&rest_code=00149&code=00101008213&supplier_code=00100008&order_time=2023-06-02 HTTP/1.1" 200 412
116.237.73.16 - - [02/Jun/2023:09:08:46 +0800] "GET /xingrg/kc/buy/cgsh_order_operate.html?command=get_materiel&rest_code=00106&code=00101008096&supplier_code=00100007&order_time=2023-06-02 HTTP/1.1" 200 412
