101.83.145.52 - - [02/Jun/2023:09:08:48 +0800] "GET /xingrg/all/function/internal_message.html?_=1685668129732&CODE_STATE=getMsg HTTP/1.1" 200 27
222.67.234.146 - - [02/Jun/2023:09:08:49 +0800] "GET /xingrg/all/function/internal_message.html?_=1685668124350&CODE_STATE=getMsg HTTP/1.1" 200 27
116.237.73.16 - - [02/Jun/2023:09:08:50 +0800] "POST /xingrg/kc/buy/cgsh_order_operate.html HTTP/1.1" 200 2065
222.70.180.90 - - [02/Jun/2023:09:08:51 +0800] "GET /xingrg/kc/buy/cgsh_order_operate.html?command=get_materiel&rest_code=00111&code=00101008296&supplier_code=00100005&order_time=2023-06-02 HTTP/1.1" 200 416
222.70.180.90 - - [02/Jun/2023:09:08:52 +0800] "GET /xingrg/check_reg.html?_=1685668129636 HTTP/1.1" 200 22
222.70.180.90 - - [02/Jun/2023:09:08:52 +0800] "GET /xingrg/all/function/internal_message.html?_=1685668129639&CODE_STATE=getMsg HTTP/1.1" 200 27
172.20.0.100 - - [02/Jun/2023:09:08:54 +0800] "GET /xingrg/all/function/internal_message.html?_=1685668146805&CODE_STATE=getMsg HTTP/1.1" 302 -
114.85.113.108 - - [02/Jun/2023:09:08:54 +0800] "GET /xingrg/all/function/internal_message.html?_=1685668134332&CODE_STATE=getMsg HTTP/1.1" 200 27
120.253.135.82 - - [02/Jun/2023:09:08:55 +0800] "GET /xingrg/all/function/internal_message.html?_=1685667970761&CODE_STATE=getMsg HTTP/1.1" 200 27
114.83.217.50 - - [02/Jun/2023:09:08:56 +0800] "POST /xingrg/kc/buy/cgsh_order_operate.html HTTP/1.1" 200 2065
101.229.168.164 - - [02/Jun/2023:09:08:57 +0800] "GET /xingrg/all/function/internal_message.html?_=1685668144620&CODE_STATE=getMsg HTTP/1.1" 200 27
120.253.135.82 - - [02/Jun/2023:09:08:58 +0800] "POST /xingrg/kc/pszx/mdps_list_operate.html HTTP/1.1" 200 868
114.83.217.50 - - [02/Jun/2023:09:08:58 +0800] "GET /xingrg/check_reg.html?_=1685668134416 HTTP/1.1" 200 22
120.253.135.82 - - [02/Jun/2023:09:09:00 +0800] "GET /xingrg/kc/pszx/mdqp_order_list.html?state=10 HTTP/1.1" 200 11926
120.253.135.82 - - [02/Jun/2023:09:09:00 +0800] "GET /xingrg/dwr/interface/AjaxQqpsService.js HTTP/1.1" 200 16326
120.253.135.82 - - [02/Jun/2023:09:09:00 +0800] "GET /xingrg/dwr/interface/AjaxReportQueryService.js HTTP/1.1" 200 13203
120.253.135.82 - - [02/Jun/2023:09:09:00 +0800] "GET /xingrg/dwr/engine.js HTTP/1.1" 200 43631
114.83.217.50 - - [02/Jun/2023:09:09:01 +0800] "GET /xingrg/all/function/internal_message.html?_=1685668134412&CODE_STATE=getMsg HTTP/1.1" 200 27
116.238.139.35 - - [02/Jun/2023:09:09:01 +0800] "POST /xingrg/kc/buy/cgsh_order_operate.html HTTP/1.1" 200 37
116.238.139.35 - - [02/Jun/2023:09:09:02 +0800] "GET /xingrg/all/function/internal_message.html?_=1685668046782&CODE_STATE=getMsg HTTP/1.1" 200 27
218.81.220.43 - - [02/Jun/2023:09:09:02 +0800] "GET /xingrg/all/function/internal_message.html?_=1685668160502&CODE_STATE=getMsg HTTP/1.1" 200 27
114.85.113.108 - - [02/Jun/2023:09:09:05 +0800] "GET /xingrg/check_reg.html?_=1685668145434 HTTP/1.1" 200 22
116.237.73.16 - - [02/Jun/2023:09:09:07 +0800] "GET /xingrg/kc/buy/cgsh_order_operate.html?command=get_materiel&rest_code=00106&code=00101008243&supplier_code=00100007&order_time=2023-06-02 HTTP/1.1" 200 409
116.238.139.35 - - [02/Jun/2023:09:09:10 +0800] "GET /xingrg/kc/base/wldb_order_operate.html?command=get_materiel&rest_code=00150&base_code=0010445&code=00101019258 HTTP/1.1" 200 483
114.83.217.50 - - [02/Jun/2023:09:09:11 +0800] "GET /xingrg/kc/buy/cgsh_order_operate.html?command=get_materiel&rest_code=00149&code=00101008041&supplier_code=00100008&order_time=2023-06-02 HTTP/1.1" 200 428
222.70.180.90 - - [02/Jun/2023:09:09:12 +0800] "GET /xingrg/all/function/internal_message.html?_=1685668152438&CODE_STATE=getMsg HTTP/1.1" 200 27
222.70.180.90 - - [02/Jun/2023:09:09:12 +0800] "GET /xingrg/kc/buy/cgsh_order_operate.html?command=get_materiel&rest_code=00111&code=00101008131&supplier_code=00100005&order_time=2023-06-02 HTTP/1.1" 200 409
116.238.139.35 - - [02/Jun/2023:09:09:14 +0800] "POST /xingrg/kc/buy/cgsh_order_operate.html HTTP/1.1" 200 12
116.238.139.35 - - [02/Jun/2023:09:09:16 +0800] "GET /xingrg/kc/buy/cgsh_order_info.html?code=212023060200400 HTTP/1.1" 200 66017
222.69.133.185 - - [02/Jun/2023:09:09:16 +0800] "GET /xingrg/all/function/internal_message.html?_=1685668261813&CODE_STATE=getMsg HTTP/1.1" 200 27
222.69.133.185 - - [02/Jun/2023:09:09:16 +0800] "GET /xingrg/check_reg.html?_=1685668261815 HTTP/1.1" 200 22
116.238.139.35 - - [02/Jun/2023:09:09:17 +0800] "GET /xingrg/javascript/easyui/themes/default/validatebox.css HTTP/1.1" 404 1104
116.238.139.35 - - [02/Jun/2023:09:09:17 +0800] "GET /xingrg/kc/base/wldb_order_operate.html?command=get_materiel&rest_code=00150&base_code=0010445&code=00101019306 HTTP/1.1" 200 479
120.253.135.82 - - [02/Jun/2023:09:09:17 +0800] "GET /xingrg/kc/pszx/mdqp_order_list.html?state=10 HTTP/1.1" 200 11926
120.253.135.82 - - [02/Jun/2023:09:09:17 +0800] "GET /xingrg/dwr/interface/AjaxQqpsService.js HTTP/1.1" 200 16326
120.253.135.82 - - [02/Jun/2023:09:09:17 +0800] "GET /xingrg/dwr/interface/AjaxReportQueryService.js HTTP/1.1" 200 13203
120.253.135.82 - - [02/Jun/2023:09:09:17 +0800] "GET /xingrg/dwr/engine.js HTTP/1.1" 200 43631
116.238.139.35 - - [02/Jun/2023:09:09:17 +0800] "POST /xingrg/kc/buy/cgsh_order_operate.html HTTP/1.1" 200 12006
101.83.145.52 - - [02/Jun/2023:09:09:18 +0800] "GET /xingrg/all/function/internal_message.html?_=1685667988542&CODE_STATE=getMsg HTTP/1.1" 200 27
116.238.139.35 - - [02/Jun/2023:09:09:19 +0800] "GET /xingrg/kc/print/load_config.html?kc_code=cgsh HTTP/1.1" 200 1924
116.238.139.35 - - [02/Jun/2023:09:09:19 +0800] "GET /xingrg/kc/print/load_data.html?order_code=212023060200400&kc_code=cgsh&condition= HTTP/1.1" 200 5124
114.83.217.50 - - [02/Jun/2023:09:09:20 +0800] "GET /xingrg/kc/buy/cgsh_order_operate.html?command=get_materiel&rest_code=00149&code=00101015001&supplier_code=00100008&order_time=2023-06-02 HTTP/1.1" 200 412
116.238.139.35 - - [02/Jun/2023:09:09:23 +0800] "GET /xingrg/kc/base/wldb_order_operate.html?command=get_materiel&rest_code=00150&base_code=0010445&code=00101019164 HTTP/1.1" 200 465
116.237.73.16 - - [02/Jun/2023:09:09:24 +0800] "GET /xingrg/all/function/internal_message.html?_=1685668164626&CODE_STATE=getMsg HTTP/1.1" 200 27
222.70.180.90 - - [02/Jun/2023:09:09:28 +0800] "GET /xingrg/kc/buy/cgsh_order_operate.html?command=get_materiel&rest_code=00111&code=00101019254&supplier_code=00100005&order_time=2023-06-02 HTTP/1.1" 200 464
116.238.139.35 - - [02/Jun/2023:09:09:30 +0800] "GET /xingrg/kc/base/wldb_order_operate.html?command=get_materiel&rest_code=00150&base_code=0010445&code=00101019071 HTTP/1.1" 200 471
58.40.7.146 - - [02/Jun/2023:09:09:32 +0800] "GET /xingrg/all/function/internal_message.html?_=1685668172491&CODE_STATE=getMsg HTTP/1.1" 200 27
222.70.180.90 - - [02/Jun/2023:09:09:35 +0800] "POST /xingrg/kc/buy/cgsh_order_operate.html HTTP/1.1" 200 2065
116.238.139.35 - - [02/Jun/2023:09:09:36 +0800] "GET /xingrg/all/function/internal_message.html?_=1685668175570&CODE_STATE=getMsg HTTP/1.1" 200 27
222.70.180.90 - - [02/Jun/2023:09:09:41 +0800] "GET /xingrg/kc/buy/cgsh_order_operate.html?command=get_materiel&rest_code=00111&code=00101008357&supplier_code=00100005&order_time=2023-06-02 HTTP/1.1" 200 408
116.232.195.127 - - [02/Jun/2023:09:09:42 +0800] "GET /xingrg/all/function/internal_message.html?_=1685668209100&CODE_STATE=getMsg HTTP/1.1" 200 27
116.238.139.35 - - [02/Jun/2023:09:09:43 +0800] "GET /xingrg/kc/base/wldb_order_operate.html?command=get_materiel&rest_code=00150&base_code=0010445&code=00101016086 HTTP/1.1" 200 468
180.169.147.146 - - [02/Jun/2023:09:09:45 +0800] "GET /xingrg/all/function/internal_message.html?_=1685668185840&CODE_STATE=getMsg HTTP/1.1" 200 27
114.83.217.50 - - [02/Jun/2023:09:09:46 +0800] "GET /xingrg/kc/buy/cgsh_order_operate.html?command=get_materiel&rest_code=00149&code=00101009136&supplier_code=00100008&order_time=2023-06-02 HTTP/1.1" 200 410
101.83.145.52 - - [02/Jun/2023:09:09:48 +0800] "GET /xingrg/all/function/internal_message.html?_=1685668189719&CODE_STATE=getMsg HTTP/1.1" 200 27
101.83.145.52 - - [02/Jun/2023:09:09:48 +0800] "GET /xingrg/check_reg.html?_=1685668189720 HTTP/1.1" 200 22
222.67.234.146 - - [02/Jun/2023:09:09:49 +0800] "GET /xingrg/all/function/internal_message.html?_=1685668184377&CODE_STATE=getMsg HTTP/1.1" 200 27
222.70.180.90 - - [02/Jun/2023:09:09:50 +0800] "GET /xingrg/kc/buy/cgsh_order_operate.html?command=get_materiel&rest_code=00111&code=00101008286&supplier_code=00100005&order_time=2023-06-02 HTTP/1.1" 200 408
120.253.135.82 - - [02/Jun/2023:09:09:51 +0800] "GET /xingrg/login.html HTTP/1.1" 200 7641
120.253.135.82 - - [02/Jun/2023:09:09:51 +0800] "GET /favicon.ico HTTP/1.1" 404 -
116.238.139.35 - - [02/Jun/2023:09:09:52 +0800] "GET /xingrg/kc/base/wldb_order_operate.html?command=get_materiel&rest_code=00150&base_code=0010445&code=00101010522 HTTP/1.1" 200 442
222.70.180.90 - - [02/Jun/2023:09:09:52 +0800] "GET /xingrg/all/function/internal_message.html?_=1685668189635&CODE_STATE=getMsg HTTP/1.1" 200 27
172.20.0.100 - - [02/Jun/2023:09:09:54 +0800] "GET /xingrg/all/function/internal_message.html?_=1685668206803&CODE_STATE=getMsg HTTP/1.1" 302 -
114.85.113.108 - - [02/Jun/2023:09:09:54 +0800] "GET /xingrg/all/function/internal_message.html?_=1685668194317&CODE_STATE=getMsg HTTP/1.1" 200 27
120.253.135.82 - - [02/Jun/2023:09:09:55 +0800] "POST /xingrg/login.do HTTP/1.1" 302 -
120.253.135.82 - - [02/Jun/2023:09:09:55 +0800] "GET /xingrg/index.html?sysBaseUrl=http%3A%2F%2F180.169.147.146%3A18081%2Fxingrg%2F&costTime=10×tamp=1685668195193 HTTP/1.1" 200 17173
120.253.135.82 - - [02/Jun/2023:09:09:55 +0800] "GET /xingrg/javascript/jquery_easy_ui/themes/default/easyui.css HTTP/1.1" 304 -
120.253.135.82 - - [02/Jun/2023:09:09:55 +0800] "GET /xingrg/javascript/jquery-1.4.2.min.js HTTP/1.1" 304 -
120.253.135.82 - - [02/Jun/2023:09:09:55 +0800] "GET /xingrg/javascript/jquery_easy_ui/themes/icon.css HTTP/1.1" 304 -
120.253.135.82 - - [02/Jun/2023:09:09:55 +0800] "GET /xingrg/css/form.css HTTP/1.1" 304 -
120.253.135.82 - - [02/Jun/2023:09:09:55 +0800] "GET /xingrg/javascript/jquery_easy_ui/jquery.easyui.min.js HTTP/1.1" 304 -
120.253.135.82 - - [02/Jun/2023:09:09:55 +0800] "GET /xingrg/javascript/jquery.form.js HTTP/1.1" 304 -
120.253.135.82 - - [02/Jun/2023:09:09:55 +0800] "GET /xingrg/javascript/jquery_easy_ui/easyui-lang-zh_CN.js HTTP/1.1" 304 -
120.253.135.82 - - [02/Jun/2023:09:09:55 +0800] "GET /xingrg/javascript/jquery.utils.js HTTP/1.1" 304 -
120.253.135.82 - - [02/Jun/2023:09:09:55 +0800] "GET /xingrg/javascript/jquery.timers.js HTTP/1.1" 304 -
120.253.135.82 - - [02/Jun/2023:09:09:55 +0800] "GET /favicon.ico HTTP/1.1" 404 -
120.253.135.82 - - [02/Jun/2023:09:09:55 +0800] "POST /xingrg/all/common/load_tree.html?tree=area_rest_tree_json&manage=1 HTTP/1.1" 200 344
120.253.135.82 - - [02/Jun/2023:09:09:55 +0800] "GET /xingrg/check_reg.html?_=1685668030738 HTTP/1.1" 200 22
120.253.135.82 - - [02/Jun/2023:09:09:55 +0800] "GET /xingrg/all/function/internal_message.html?_=1685668030737&CODE_STATE=count HTTP/1.1" 200 11
120.253.135.82 - - [02/Jun/2023:09:09:55 +0800] "POST /xingrg/load_menu.html HTTP/1.1" 200 6743
101.229.168.164 - - [02/Jun/2023:09:09:57 +0800] "GET /xingrg/all/function/internal_message.html?_=1685668204622&CODE_STATE=getMsg HTTP/1.1" 200 27
120.253.135.82 - - [02/Jun/2023:09:09:58 +0800] "GET /xingrg/kc/pszx/mdqp_order_list.html?state=10 HTTP/1.1" 200 11926
114.83.217.50 - - [02/Jun/2023:09:09:58 +0800] "GET /xingrg/all/function/internal_message.html?_=1685668194426&CODE_STATE=getMsg HTTP/1.1" 200 27
120.253.135.82 - - [02/Jun/2023:09:09:58 +0800] "GET /xingrg/javascript/Calendar.js HTTP/1.1" 304 -
120.253.135.82 - - [02/Jun/2023:09:09:58 +0800] "GET /xingrg/css/blue.css HTTP/1.1" 304 -
120.253.135.82 - - [02/Jun/2023:09:09:58 +0800] "GET /xingrg/dwr/interface/AjaxQqpsService.js HTTP/1.1" 200 16326
120.253.135.82 - - [02/Jun/2023:09:09:58 +0800] "GET /xingrg/javascript/pic_change.js HTTP/1.1" 304 -
120.253.135.82 - - [02/Jun/2023:09:09:58 +0800] "GET /xingrg/dwr/interface/AjaxReportQueryService.js HTTP/1.1" 200 13203
120.253.135.82 - - [02/Jun/2023:09:09:58 +0800] "GET /xingrg/dwr/engine.js HTTP/1.1" 200 43631
120.253.135.82 - - [02/Jun/2023:09:09:58 +0800] "GET /xingrg/dwr/util.js HTTP/1.1" 304 -
120.253.135.82 - - [02/Jun/2023:09:09:58 +0800] "GET /xingrg/javascript/myfunction.js HTTP/1.1" 304 -
114.83.217.50 - - [02/Jun/2023:09:09:58 +0800] "GET /xingrg/kc/buy/cgsh_order_operate.html?command=get_materiel&rest_code=00149&code=00101019299&supplier_code=00100008&order_time=2023-06-02 HTTP/1.1" 200 445
222.70.180.90 - - [02/Jun/2023:09:09:58 +0800] "GET /xingrg/kc/buy/cgsh_order_operate.html?command=get_materiel&rest_code=00111&code=00101008080&supplier_code=00100005&order_time=2023-06-02 HTTP/1.1" 200 416
120.253.135.82 - - [02/Jun/2023:09:10:00 +0800] "GET /xingrg/kc/pszx/mdqp_order_list.html?state=10 HTTP/1.1" 200 11926
120.253.135.82 - - [02/Jun/2023:09:10:00 +0800] "GET /xingrg/dwr/interface/AjaxQqpsService.js HTTP/1.1" 200 16326
120.253.135.82 - - [02/Jun/2023:09:10:00 +0800] "GET /xingrg/dwr/interface/AjaxReportQueryService.js HTTP/1.1" 200 13203
120.253.135.82 - - [02/Jun/2023:09:10:00 +0800] "GET /xingrg/dwr/engine.js HTTP/1.1" 200 43631
116.238.139.35 - - [02/Jun/2023:09:10:02 +0800] "GET /xingrg/all/function/internal_message.html?_=1685668106795&CODE_STATE=getMsg HTTP/1.1" 200 27
218.81.220.43 - - [02/Jun/2023:09:10:02 +0800] "GET /xingrg/all/function/internal_message.html?_=1685668220515&CODE_STATE=getMsg HTTP/1.1" 200 27
120.253.135.82 - - [02/Jun/2023:09:10:05 +0800] "GET /xingrg/kc/pszx/mdqp_order_list.html?state=10 HTTP/1.1" 200 11926
120.253.135.82 - - [02/Jun/2023:09:10:05 +0800] "GET /xingrg/dwr/interface/AjaxQqpsService.js HTTP/1.1" 200 16326
120.253.135.82 - - [02/Jun/2023:09:10:05 +0800] "GET /xingrg/dwr/interface/AjaxReportQueryService.js HTTP/1.1" 200 13203
120.253.135.82 - - [02/Jun/2023:09:10:05 +0800] "GET /xingrg/dwr/engine.js HTTP/1.1" 200 43631
114.83.217.50 - - [02/Jun/2023:09:10:08 +0800] "GET /xingrg/kc/buy/cgsh_order_operate.html?command=get_materiel&rest_code=00149&code=00101008706&supplier_code=00100008&order_time=2023-06-02 HTTP/1.1" 200 413
116.238.139.35 - - [02/Jun/2023:09:10:09 +0800] "POST /xingrg/all/user/operate.html HTTP/1.1" 200 36
116.238.139.35 - - [02/Jun/2023:09:10:10 +0800] "GET /xingrg/index.html?sysBaseUrl=http%3A%2F%2F180.169.147.146%3A18081%2Fxingrg%2F&costTime=12×tamp=1685667155687 HTTP/1.1" 200 17179
116.238.139.35 - - [02/Jun/2023:09:10:10 +0800] "GET /xingrg/javascript/jquery_easy_ui/themes/default/easyui.css HTTP/1.1" 304 -
116.238.139.35 - - [02/Jun/2023:09:10:10 +0800] "GET /xingrg/javascript/jquery_easy_ui/themes/icon.css HTTP/1.1" 304 -
116.238.139.35 - - [02/Jun/2023:09:10:10 +0800] "GET /xingrg/css/form.css HTTP/1.1" 304 -
116.238.139.35 - - [02/Jun/2023:09:10:10 +0800] "GET /xingrg/javascript/jquery-1.4.2.min.js HTTP/1.1" 304 -
116.238.139.35 - - [02/Jun/2023:09:10:10 +0800] "GET /xingrg/javascript/jquery_easy_ui/jquery.easyui.min.js HTTP/1.1" 304 -
116.238.139.35 - - [02/Jun/2023:09:10:10 +0800] "GET /xingrg/javascript/jquery_easy_ui/easyui-lang-zh_CN.js HTTP/1.1" 304 -
116.238.139.35 - - [02/Jun/2023:09:10:10 +0800] "GET /xingrg/javascript/jquery.form.js HTTP/1.1" 304 -
116.238.139.35 - - [02/Jun/2023:09:10:10 +0800] "GET /xingrg/javascript/jquery.utils.js HTTP/1.1" 304 -
116.238.139.35 - - [02/Jun/2023:09:10:10 +0800] "GET /xingrg/javascript/jquery.timers.js HTTP/1.1" 304 -
116.238.139.35 - - [02/Jun/2023:09:10:10 +0800] "GET /xingrg/images/blue/jxLogo.png HTTP/1.1" 304 -
116.238.139.35 - - [02/Jun/2023:09:10:10 +0800] "GET /xingrg/images/blue/navBackgound.jpg HTTP/1.1" 304 -
116.238.139.35 - - [02/Jun/2023:09:10:10 +0800] "GET /xingrg/javascript/jquery_easy_ui/themes/icons/settle_new.png HTTP/1.1" 304 -
116.238.139.35 - - [02/Jun/2023:09:10:10 +0800] "POST /xingrg/all/common/load_tree.html?tree=area_rest_tree_json&manage=1 HTTP/1.1" 200 476
116.238.139.35 - - [02/Jun/2023:09:10:10 +0800] "GET /xingrg/all/function/internal_message.html?_=1685668209911&CODE_STATE=count HTTP/1.1" 200 11
116.238.139.35 - - [02/Jun/2023:09:10:10 +0800] "GET /xingrg/check_reg.html?_=1685668209912 HTTP/1.1" 200 22
116.238.139.35 - - [02/Jun/2023:09:10:10 +0800] "GET /xingrg/javascript/jquery_easy_ui/themes/default/images/tabs_leftarrow.png HTTP/1.1" 304 -
116.238.139.35 - - [02/Jun/2023:09:10:10 +0800] "GET /xingrg/javascript/jquery_easy_ui/themes/default/images/tabs_rightarrow.png HTTP/1.1" 304 -
116.238.139.35 - - [02/Jun/2023:09:10:10 +0800] "GET /xingrg/javascript/jquery_easy_ui/themes/default/images/panel_tool_collapse.gif HTTP/1.1" 304 -
116.238.139.35 - - [02/Jun/2023:09:10:10 +0800] "GET /xingrg/images/blue/pingpu.png HTTP/1.1" 304 -
116.238.139.35 - - [02/Jun/2023:09:10:10 +0800] "POST /xingrg/load_menu.html HTTP/1.1" 200 5138
222.70.180.90 - - [02/Jun/2023:09:10:10 +0800] "GET /xingrg/kc/buy/cgsh_order_operate.html?command=get_materiel&rest_code=00111&code=00101008005&supplier_code=00100005&order_time=2023-06-02 HTTP/1.1" 200 412
120.253.135.82 - - [02/Jun/2023:09:10:11 +0800] "GET /xingrg/kc/pszx/mdqp_order_list.html?state=10 HTTP/1.1" 200 11926
120.253.135.82 - - [02/Jun/2023:09:10:11 +0800] "GET /xingrg/dwr/interface/AjaxQqpsService.js HTTP/1.1" 200 16326
120.253.135.82 - - [02/Jun/2023:09:10:11 +0800] "GET /xingrg/dwr/interface/AjaxReportQueryService.js HTTP/1.1" 200 13203
120.253.135.82 - - [02/Jun/2023:09:10:11 +0800] "GET /xingrg/dwr/engine.js HTTP/1.1" 200 43631
222.70.180.90 - - [02/Jun/2023:09:10:12 +0800] "GET /xingrg/all/function/internal_message.html?_=1685668212449&CODE_STATE=getMsg HTTP/1.1" 200 27
116.238.139.35 - - [02/Jun/2023:09:10:13 +0800] "GET /xingrg/kc/buy/cgsh_order_list.html HTTP/1.1" 200 55734
116.238.139.35 - - [02/Jun/2023:09:10:15 +0800] "POST /xingrg/kc/buy/cgsh_list_operate.html HTTP/1.1" 200 986
116.238.139.35 - - [02/Jun/2023:09:10:16 +0800] "GET /xingrg/kc/buy/cgsh_order_add.html HTTP/1.1" 200 71554
114.83.217.50 - - [02/Jun/2023:09:10:16 +0800] "POST /xingrg/kc/buy/cgsh_order_operate.html HTTP/1.1" 200 2065
116.238.139.35 - - [02/Jun/2023:09:10:16 +0800] "POST /xingrg/kc/buy/cgsh_order_operate.html HTTP/1.1" 200 8245
116.238.139.35 - - [02/Jun/2023:09:10:16 +0800] "GET /xingrg/all/common/auto_word.html?type=employee&rest_code=00150 HTTP/1.1" 200 159
116.238.139.35 - - [02/Jun/2023:09:10:16 +0800] "GET /xingrg/javascript/easyui/themes/default/validatebox.css HTTP/1.1" 404 1104
116.238.139.35 - - [02/Jun/2023:09:10:16 +0800] "GET /xingrg/all/common/auto_word.html?type=employee&rest_code=00150 HTTP/1.1" 200 159
222.69.133.185 - - [02/Jun/2023:09:10:16 +0800] "GET /xingrg/all/function/internal_message.html?_=1685668321827&CODE_STATE=getMsg HTTP/1.1" 200 27
116.238.139.35 - - [02/Jun/2023:09:10:17 +0800] "GET /xingrg/kc/base/wldb_order_operate.html?command=get_materiel&rest_code=00150&base_code=0010445&code=00101013052 HTTP/1.1" 200 442
101.83.145.52 - - [02/Jun/2023:09:10:18 +0800] "GET /xingrg/check_reg.html?_=1685668048528 HTTP/1.1" 200 22
101.83.145.52 - - [02/Jun/2023:09:10:18 +0800] "GET /xingrg/all/function/internal_message.html?_=1685668048531&CODE_STATE=getMsg HTTP/1.1" 200 27
120.253.135.82 - - [02/Jun/2023:09:10:18 +0800] "GET /xingrg/kc/pszx/mdqp_order_list.html?state=10 HTTP/1.1" 200 11926
120.253.135.82 - - [02/Jun/2023:09:10:18 +0800] "GET /xingrg/dwr/interface/AjaxReportQueryService.js HTTP/1.1" 200 13203
120.253.135.82 - - [02/Jun/2023:09:10:18 +0800] "GET /xingrg/dwr/interface/AjaxQqpsService.js HTTP/1.1" 200 16326
120.253.135.82 - - [02/Jun/2023:09:10:18 +0800] "GET /xingrg/dwr/engine.js HTTP/1.1" 200 43631
116.237.73.16 - - [02/Jun/2023:09:10:20 +0800] "GET /xingrg/kc/buy/cgsh_order_operate.html?command=get_materiel&rest_code=00106&code=00101008296&supplier_code=00100007&order_time=2023-06-02 HTTP/1.1" 200 416
116.238.139.35 - - [02/Jun/2023:09:10:20 +0800] "GET /xingrg/javascript/auto/indicator.gif HTTP/1.1" 404 1066
114.83.217.50 - - [02/Jun/2023:09:10:21 +0800] "GET /xingrg/kc/buy/cgsh_order_operate.html?command=get_materiel&rest_code=00149&code=00101008402&supplier_code=00100008&order_time=2023-06-02 HTTP/1.1" 200 409
116.237.73.16 - - [02/Jun/2023:09:10:23 +0800] "POST /xingrg/kc/buy/cgsh_order_operate.html HTTP/1.1" 200 2065
116.238.139.35 - - [02/Jun/2023:09:10:23 +0800] "GET /xingrg/kc/base/wldb_order_operate.html?command=get_materiel&rest_code=00150&base_code=0010445&code=00101019358 HTTP/1.1" 200 460
116.237.73.16 - - [02/Jun/2023:09:10:24 +0800] "GET /xingrg/all/function/internal_message.html?_=1685668224640&CODE_STATE=getMsg HTTP/1.1" 200 27
120.253.135.82 - - [02/Jun/2023:09:10:25 +0800] "GET /xingrg/kc/pszx/mdqp_order_list.html?state=10 HTTP/1.1" 200 11926
120.253.135.82 - - [02/Jun/2023:09:10:25 +0800] "GET /xingrg/dwr/interface/AjaxQqpsService.js HTTP/1.1" 200 16326
120.253.135.82 - - [02/Jun/2023:09:10:25 +0800] "GET /xingrg/dwr/interface/AjaxReportQueryService.js HTTP/1.1" 200 13203
120.253.135.82 - - [02/Jun/2023:09:10:25 +0800] "GET /xingrg/dwr/engine.js HTTP/1.1" 200 43631
222.70.180.90 - - [02/Jun/2023:09:10:26 +0800] "GET /xingrg/kc/buy/cgsh_order_operate.html?command=get_materiel&rest_code=00111&code=00101008729&supplier_code=00100005&order_time=2023-06-02 HTTP/1.1" 200 402
116.238.139.35 - - [02/Jun/2023:09:10:31 +0800] "GET /xingrg/kc/base/wldb_order_operate.html?command=get_materiel&rest_code=00150&base_code=0010445&code=00101019438 HTTP/1.1" 200 462
58.40.7.146 - - [02/Jun/2023:09:10:32 +0800] "GET /xingrg/all/function/internal_message.html?_=1685668232494&CODE_STATE=getMsg HTTP/1.1" 200 27
116.238.139.35 - - [02/Jun/2023:09:10:33 +0800] "GET /xingrg/kc/buy/cgsh_order_operate.html?command=get_materiel&rest_code=00150&code=00101009001&supplier_code=00100022&order_time=2023-06-02 HTTP/1.1" 200 439
222.70.180.90 - - [02/Jun/2023:09:10:34 +0800] "POST /xingrg/kc/buy/cgsh_order_operate.html HTTP/1.1" 200 2065
114.83.217.50 - - [02/Jun/2023:09:10:35 +0800] "GET /xingrg/kc/buy/cgsh_order_operate.html?command=get_materiel&rest_code=00149&code=00101008229&supplier_code=00100008&order_time=2023-06-02 HTTP/1.1" 200 420
116.238.139.35 - - [02/Jun/2023:09:10:37 +0800] "GET /xingrg/kc/base/wldb_order_operate.html?command=get_materiel&rest_code=00150&base_code=0010445&code=00101019133 HTTP/1.1" 200 480
116.232.195.127 - - [02/Jun/2023:09:10:42 +0800] "GET /xingrg/check_reg.html?_=1685668269095 HTTP/1.1" 200 22
116.232.195.127 - - [02/Jun/2023:09:10:42 +0800] "GET /xingrg/all/function/internal_message.html?_=1685668269097&CODE_STATE=getMsg HTTP/1.1" 200 27
116.238.139.35 - - [02/Jun/2023:09:10:43 +0800] "GET /xingrg/kc/base/wldb_order_operate.html?command=get_materiel&rest_code=00150&base_code=0010445&code=00101019430 HTTP/1.1" 200 477
222.70.180.90 - - [02/Jun/2023:09:10:44 +0800] "GET /xingrg/kc/buy/cgsh_order_operate.html?command=get_materiel&rest_code=00111&code=00101008198&supplier_code=00100005&order_time=2023-06-02 HTTP/1.1" 200 413
116.238.139.35 - - [02/Jun/2023:09:10:45 +0800] "GET /xingrg/kc/buy/cgsh_order_operate.html?command=get_materiel&rest_code=00150&code=00101009062&supplier_code=00100022&order_time=2023-06-02 HTTP/1.1" 200 433
180.169.147.146 - - [02/Jun/2023:09:10:45 +0800] "GET /xingrg/check_reg.html?_=1685668245842 HTTP/1.1" 200 22
180.169.147.146 - - [02/Jun/2023:09:10:45 +0800] "GET /xingrg/all/function/internal_message.html?_=1685668245849&CODE_STATE=getMsg HTTP/1.1" 200 27
120.253.135.82 - - [02/Jun/2023:09:10:47 +0800] "GET /xingrg/kc/pszx/mdqp_order_list.html?state=10 HTTP/1.1" 200 11926
120.253.135.82 - - [02/Jun/2023:09:10:47 +0800] "GET /xingrg/dwr/interface/AjaxReportQueryService.js HTTP/1.1" 200 13203
120.253.135.82 - - [02/Jun/2023:09:10:47 +0800] "GET /xingrg/dwr/interface/AjaxQqpsService.js HTTP/1.1" 200 16326
120.253.135.82 - - [02/Jun/2023:09:10:47 +0800] "GET /xingrg/dwr/engine.js HTTP/1.1" 200 43631
101.83.145.52 - - [02/Jun/2023:09:10:48 +0800] "GET /xingrg/all/function/internal_message.html?_=1685668249542&CODE_STATE=getMsg HTTP/1.1" 200 27
222.67.234.146 - - [02/Jun/2023:09:10:49 +0800] "GET /xingrg/all/function/internal_message.html?_=1685668244373&CODE_STATE=getMsg HTTP/1.1" 200 27
120.253.135.82 - - [02/Jun/2023:09:10:49 +0800] "GET /xingrg/kc/pszx/mdqp_order_list.html?state=10 HTTP/1.1" 200 11926
120.253.135.82 - - [02/Jun/2023:09:10:49 +0800] "GET /xingrg/dwr/interface/AjaxQqpsService.js HTTP/1.1" 200 16326
120.253.135.82 - - [02/Jun/2023:09:10:49 +0800] "GET /xingrg/dwr/interface/AjaxReportQueryService.js HTTP/1.1" 200 13203
120.253.135.82 - - [02/Jun/2023:09:10:49 +0800] "GET /xingrg/dwr/engine.js HTTP/1.1" 200 43631
114.83.217.50 - - [02/Jun/2023:09:10:50 +0800] "GET /xingrg/kc/buy/cgsh_order_operate.html?command=get_materiel&rest_code=00149&code=00101008738&supplier_code=00100008&order_time=2023-06-02 HTTP/1.1" 200 399
222.70.180.90 - - [02/Jun/2023:09:10:52 +0800] "GET /xingrg/all/function/internal_message.html?_=1685668249630&CODE_STATE=getMsg HTTP/1.1" 200 27
222.70.180.90 - - [02/Jun/2023:09:10:52 +0800] "GET /xingrg/kc/buy/cgsh_order_operate.html?command=get_materiel&rest_code=00111&code=00101008185&supplier_code=00100005&order_time=2023-06-02 HTTP/1.1" 200 408
116.237.73.16 - - [02/Jun/2023:09:10:53 +0800] "GET /xingrg/kc/buy/cgsh_order_operate.html?command=get_materiel&rest_code=00106&code=00101008213&supplier_code=00100007&order_time=2023-06-02 HTTP/1.1" 200 412
172.20.0.100 - - [02/Jun/2023:09:10:54 +0800] "GET /xingrg/all/function/internal_message.html?_=1685668266802&CODE_STATE=getMsg HTTP/1.1" 302 -
172.20.0.100 - - [02/Jun/2023:09:10:54 +0800] "GET /xingrg/check_reg.html?_=1685668266803 HTTP/1.1" 302 -
114.85.113.108 - - [02/Jun/2023:09:10:54 +0800] "GET /xingrg/all/function/internal_message.html?_=1685668254300&CODE_STATE=getMsg HTTP/1.1" 200 27
120.253.135.82 - - [02/Jun/2023:09:10:55 +0800] "GET /xingrg/all/function/internal_message.html?_=1685668090741&CODE_STATE=getMsg HTTP/1.1" 200 27
116.238.139.35 - - [02/Jun/2023:09:10:57 +0800] "GET /xingrg/kc/buy/cgsh_order_operate.html?command=get_materiel&rest_code=00150&code=00101009011&supplier_code=00100022&order_time=2023-06-02 HTTP/1.1" 200 416
101.229.168.164 - - [02/Jun/2023:09:10:57 +0800] "GET /xingrg/all/function/internal_message.html?_=1685668264620&CODE_STATE=getMsg HTTP/1.1" 200 27
114.83.217.50 - - [02/Jun/2023:09:10:58 +0800] "GET /xingrg/all/function/internal_message.html?_=1685668254428&CODE_STATE=getMsg HTTP/1.1" 200 27
120.253.135.82 - - [02/Jun/2023:09:11:01 +0800] "GET /xingrg/kc/pszx/mdqp_order_list.html?state=10 HTTP/1.1" 200 11926
120.253.135.82 - - [02/Jun/2023:09:11:01 +0800] "GET /xingrg/dwr/interface/AjaxQqpsService.js HTTP/1.1" 200 16326
120.253.135.82 - - [02/Jun/2023:09:11:01 +0800] "GET /xingrg/dwr/interface/AjaxReportQueryService.js HTTP/1.1" 200 13203
120.253.135.82 - - [02/Jun/2023:09:11:01 +0800] "GET /xingrg/dwr/engine.js HTTP/1.1" 200 43631
116.238.139.35 - - [02/Jun/2023:09:11:02 +0800] "GET /xingrg/check_reg.html?_=1685668167042 HTTP/1.1" 200 22
116.238.139.35 - - [02/Jun/2023:09:11:02 +0800] "GET /xingrg/all/function/internal_message.html?_=1685668167072&CODE_STATE=getMsg HTTP/1.1" 200 27
180.152.240.79 - - [02/Jun/2023:09:11:03 +0800] "GET /xingrg/check_reg.html?_=1685668263345 HTTP/1.1" 302 -
218.81.220.43 - - [02/Jun/2023:09:11:03 +0800] "GET /xingrg/all/function/internal_message.html?_=1685668281279&CODE_STATE=getMsg HTTP/1.1" 200 27
114.83.217.50 - - [02/Jun/2023:09:11:04 +0800] "GET /xingrg/kc/buy/cgsh_order_operate.html?command=get_materiel&rest_code=00149&code=00101008509&supplier_code=00100008&order_time=2023-06-02 HTTP/1.1" 200 409
120.253.135.82 - - [02/Jun/2023:09:11:04 +0800] "GET /xingrg/kc/pszx/mdqp_order_list.html?state=10 HTTP/1.1" 200 11926
120.253.135.82 - - [02/Jun/2023:09:11:05 +0800] "GET /xingrg/dwr/interface/AjaxQqpsService.js HTTP/1.1" 200 16326
120.253.135.82 - - [02/Jun/2023:09:11:05 +0800] "GET /xingrg/dwr/interface/AjaxReportQueryService.js HTTP/1.1" 200 13203
120.253.135.82 - - [02/Jun/2023:09:11:05 +0800] "GET /xingrg/dwr/engine.js HTTP/1.1" 200 43631
116.238.139.35 - - [02/Jun/2023:09:11:09 +0800] "GET /xingrg/kc/buy/cgsh_order_operate.html?command=get_materiel&rest_code=00150&code=00101009025&supplier_code=00100022&order_time=2023-06-02 HTTP/1.1" 200 409
116.238.139.35 - - [02/Jun/2023:09:11:10 +0800] "GET /xingrg/all/function/internal_message.html?_=1685668269923&CODE_STATE=getMsg HTTP/1.1" 200 27
116.237.73.16 - - [02/Jun/2023:09:11:12 +0800] "GET /xingrg/kc/buy/cgsh_order_operate.html?command=get_materiel&rest_code=00106&code=00101008101&supplier_code=00100007&order_time=2023-06-02 HTTP/1.1" 200 412
222.70.180.90 - - [02/Jun/2023:09:11:12 +0800] "GET /xingrg/check_reg.html?_=1685668272439 HTTP/1.1" 200 22
222.70.180.90 - - [02/Jun/2023:09:11:12 +0800] "GET /xingrg/all/function/internal_message.html?_=1685668272441&CODE_STATE=getMsg HTTP/1.1" 200 27
114.83.217.50 - - [02/Jun/2023:09:11:15 +0800] "GET /xingrg/kc/buy/cgsh_order_operate.html?command=get_materiel&rest_code=00149&code=00101015038&supplier_code=00100008&order_time=2023-06-02 HTTP/1.1" 200 418
120.253.135.82 - - [02/Jun/2023:09:11:16 +0800] "GET /xingrg/kc/pszx/mdqp_order_list.html?state=10 HTTP/1.1" 200 11926
120.253.135.82 - - [02/Jun/2023:09:11:16 +0800] "GET /xingrg/dwr/interface/AjaxQqpsService.js HTTP/1.1" 200 16326
120.253.135.82 - - [02/Jun/2023:09:11:16 +0800] "GET /xingrg/dwr/interface/AjaxReportQueryService.js HTTP/1.1" 200 13203
120.253.135.82 - - [02/Jun/2023:09:11:16 +0800] "GET /xingrg/dwr/engine.js HTTP/1.1" 200 43631
222.69.133.185 - - [02/Jun/2023:09:11:16 +0800] "GET /xingrg/all/function/internal_message.html?_=1685668381823&CODE_STATE=getMsg HTTP/1.1" 200 27
101.83.145.52 - - [02/Jun/2023:09:11:18 +0800] "GET /xingrg/all/function/internal_message.html?_=1685668108531&CODE_STATE=getMsg HTTP/1.1" 200 27
120.253.135.82 - - [02/Jun/2023:09:11:19 +0800] "GET /xingrg/kc/pszx/mdqp_order_list.html?state=10 HTTP/1.1" 200 11926
120.253.135.82 - - [02/Jun/2023:09:11:19 +0800] "GET /xingrg/dwr/interface/AjaxQqpsService.js HTTP/1.1" 200 16326
120.253.135.82 - - [02/Jun/2023:09:11:19 +0800] "GET /xingrg/dwr/interface/AjaxReportQueryService.js HTTP/1.1" 200 13203
120.253.135.82 - - [02/Jun/2023:09:11:19 +0800] "GET /xingrg/dwr/engine.js HTTP/1.1" 200 43631
114.83.217.50 - - [02/Jun/2023:09:11:21 +0800] "POST /xingrg/kc/buy/cgsh_order_operate.html HTTP/1.1" 200 2065
120.253.135.82 - - [02/Jun/2023:09:11:22 +0800] "GET /xingrg/kc/pszx/mdqp_order_list.html?state=10 HTTP/1.1" 200 11926
120.253.135.82 - - [02/Jun/2023:09:11:22 +0800] "GET /xingrg/dwr/interface/AjaxQqpsService.js HTTP/1.1" 200 16326
120.253.135.82 - - [02/Jun/2023:09:11:22 +0800] "GET /xingrg/dwr/interface/AjaxReportQueryService.js HTTP/1.1" 200 13203
120.253.135.82 - - [02/Jun/2023:09:11:22 +0800] "GET /xingrg/dwr/engine.js HTTP/1.1" 200 43631
101.83.145.52 - - [02/Jun/2023:09:11:23 +0800] "POST /xingrg/services/DataTransmitService HTTP/1.1" 200 524
180.152.240.79 - - [02/Jun/2023:09:11:24 +0800] "GET /xingrg/kc/buy/cgsh_order_list.html HTTP/1.1" 302 -
180.152.240.79 - - [02/Jun/2023:09:11:24 +0800] "GET /xingrg/login.html HTTP/1.1" 200 7641
180.152.240.79 - - [02/Jun/2023:09:11:24 +0800] "GET /xingrg/login.html HTTP/1.1" 200 7641
180.152.240.79 - - [02/Jun/2023:09:11:24 +0800] "GET /xingrg/images/blue/jxLogo.png HTTP/1.1" 200 6156
180.152.240.79 - - [02/Jun/2023:09:11:24 +0800] "GET /xingrg/images/blue/login_bg.png HTTP/1.1" 200 22101
180.152.240.79 - - [02/Jun/2023:09:11:24 +0800] "GET /xingrg/images/blue/hj.png HTTP/1.1" 200 1014
180.152.240.79 - - [02/Jun/2023:09:11:24 +0800] "GET /xingrg/images/blue/srbg.png HTTP/1.1" 200 138
180.152.240.79 - - [02/Jun/2023:09:11:24 +0800] "GET /favicon.ico HTTP/1.1" 404 -
116.237.73.16 - - [02/Jun/2023:09:11:24 +0800] "GET /xingrg/all/function/internal_message.html?_=1685668284626&CODE_STATE=getMsg HTTP/1.1" 200 27
180.152.240.79 - - [02/Jun/2023:09:11:25 +0800] "POST /xingrg/login.do HTTP/1.1" 302 -
180.152.240.79 - - [02/Jun/2023:09:11:25 +0800] "GET /xingrg/index.html?sysBaseUrl=http%3A%2F%2F180.169.147.146%3A18081%2Fxingrg%2F&costTime=11×tamp=1685668285739 HTTP/1.1" 200 17173
180.152.240.79 - - [02/Jun/2023:09:11:25 +0800] "GET /xingrg/javascript/jquery_easy_ui/themes/default/easyui.css HTTP/1.1" 200 26500
180.152.240.79 - - [02/Jun/2023:09:11:25 +0800] "GET /xingrg/css/form.css HTTP/1.1" 200 893
180.152.240.79 - - [02/Jun/2023:09:11:25 +0800] "GET /xingrg/javascript/jquery_easy_ui/themes/icon.css HTTP/1.1" 200 3949
180.152.240.79 - - [02/Jun/2023:09:11:25 +0800] "GET /xingrg/javascript/jquery_easy_ui/jquery.easyui.min.js HTTP/1.1" 200 213662
180.152.240.79 - - [02/Jun/2023:09:11:25 +0800] "GET /xingrg/javascript/jquery-1.4.2.min.js HTTP/1.1" 200 72205
180.152.240.79 - - [02/Jun/2023:09:11:25 +0800] "GET /xingrg/javascript/jquery_easy_ui/easyui-lang-zh_CN.js HTTP/1.1" 200 1900
180.152.240.79 - - [02/Jun/2023:09:11:25 +0800] "GET /xingrg/javascript/jquery.form.js HTTP/1.1" 200 23110
180.152.240.79 - - [02/Jun/2023:09:11:25 +0800] "GET /xingrg/javascript/jquery.utils.js HTTP/1.1" 200 11805
180.152.240.79 - - [02/Jun/2023:09:11:25 +0800] "GET /xingrg/javascript/jquery.timers.js HTTP/1.1" 200 3532
180.152.240.79 - - [02/Jun/2023:09:11:25 +0800] "GET /favicon.ico HTTP/1.1" 404 -
180.152.240.79 - - [02/Jun/2023:09:11:25 +0800] "GET /xingrg/javascript/jquery_easy_ui/themes/icons/settle_new.png HTTP/1.1" 200 826
180.152.240.79 - - [02/Jun/2023:09:11:25 +0800] "GET /xingrg/images/blue/navBackgound.jpg HTTP/1.1" 200 12378
180.152.240.79 - - [02/Jun/2023:09:11:25 +0800] "POST /xingrg/all/common/load_tree.html?tree=area_rest_tree_json&manage=1 HTTP/1.1" 200 342
180.152.240.79 - - [02/Jun/2023:09:11:25 +0800] "GET /xingrg/images/blue/pingpu.png HTTP/1.1" 200 231
180.152.240.79 - - [02/Jun/2023:09:11:25 +0800] "GET /xingrg/javascript/jquery_easy_ui/themes/default/images/panel_tool_collapse.gif HTTP/1.1" 200 246
180.152.240.79 - - [02/Jun/2023:09:11:25 +0800] "GET /xingrg/check_reg.html?_=1685668285594 HTTP/1.1" 200 22
180.152.240.79 - - [02/Jun/2023:09:11:25 +0800] "GET /xingrg/all/function/internal_message.html?_=1685668285594&CODE_STATE=count HTTP/1.1" 200 11
180.152.240.79 - - [02/Jun/2023:09:11:25 +0800] "GET /xingrg/javascript/jquery_easy_ui/themes/default/images/tabs_leftarrow.png HTTP/1.1" 200 389
180.152.240.79 - - [02/Jun/2023:09:11:25 +0800] "GET /xingrg/javascript/jquery_easy_ui/themes/default/images/tabs_rightarrow.png HTTP/1.1" 200 395
180.152.240.79 - - [02/Jun/2023:09:11:25 +0800] "POST /xingrg/load_menu.html HTTP/1.1" 200 5138
180.152.240.79 - - [02/Jun/2023:09:11:26 +0800] "GET /xingrg/javascript/jquery_easy_ui/themes/default/images/tree_folder.gif HTTP/1.1" 200 952
180.152.240.79 - - [02/Jun/2023:09:11:26 +0800] "GET /xingrg/javascript/jquery_easy_ui/themes/icons/forms_new.png HTTP/1.1" 200 350
180.152.240.79 - - [02/Jun/2023:09:11:26 +0800] "GET /xingrg/javascript/jquery_easy_ui/themes/default/images/tree_file.gif HTTP/1.1" 200 118
180.152.240.79 - - [02/Jun/2023:09:11:26 +0800] "GET /xingrg/javascript/jquery_easy_ui/themes/default/images/tree_arrows.gif HTTP/1.1" 200 1043
180.152.240.79 - - [02/Jun/2023:09:11:26 +0800] "GET /xingrg/javascript/jquery_easy_ui/themes/default/images/tree_folder_open.gif HTTP/1.1" 200 956
180.152.240.79 - - [02/Jun/2023:09:11:26 +0800] "GET /xingrg/javascript/jquery_easy_ui/themes/icons/search_new.png HTTP/1.1" 200 586
180.152.240.79 - - [02/Jun/2023:09:11:26 +0800] "GET /xingrg/javascript/jquery_easy_ui/themes/icons/storage_new.png HTTP/1.1" 200 853
116.237.73.16 - - [02/Jun/2023:09:11:27 +0800] "GET /xingrg/kc/buy/cgsh_order_operate.html?command=get_materiel&rest_code=00106&code=00101008049&supplier_code=00100007&order_time=2023-06-02 HTTP/1.1" 200 408
114.83.217.50 - - [02/Jun/2023:09:11:29 +0800] "GET /xingrg/kc/buy/cgsh_order_operate.html?command=get_materiel&rest_code=00149&code=00101008060&supplier_code=00100008&order_time=2023-06-02 HTTP/1.1" 200 416
120.253.135.82 - - [02/Jun/2023:09:11:31 +0800] "GET /xingrg/kc/pszx/mdqp_order_list.html?state=10 HTTP/1.1" 200 11926
120.253.135.82 - - [02/Jun/2023:09:11:31 +0800] "GET /xingrg/dwr/interface/AjaxQqpsService.js HTTP/1.1" 200 16326
120.253.135.82 - - [02/Jun/2023:09:11:31 +0800] "GET /xingrg/dwr/interface/AjaxReportQueryService.js HTTP/1.1" 200 13203
120.253.135.82 - - [02/Jun/2023:09:11:31 +0800] "GET /xingrg/dwr/engine.js HTTP/1.1" 200 43631
58.40.7.146 - - [02/Jun/2023:09:11:32 +0800] "GET /xingrg/all/function/internal_message.html?_=1685668292494&CODE_STATE=getMsg HTTP/1.1" 200 27
120.253.135.82 - - [02/Jun/2023:09:11:35 +0800] "GET /xingrg/kc/pszx/mdps_order_list.html?orderType=0 HTTP/1.1" 200 21032
120.253.135.82 - - [02/Jun/2023:09:11:35 +0800] "GET /xingrg/css/base.css HTTP/1.1" 304 -
120.253.135.82 - - [02/Jun/2023:09:11:35 +0800] "GET /xingrg/javascript/jquery_tools/datebox.css HTTP/1.1" 304 -
120.253.135.82 - - [02/Jun/2023:09:11:35 +0800] "GET /xingrg/css/site.css HTTP/1.1" 304 -
120.253.135.82 - - [02/Jun/2023:09:11:35 +0800] "GET /xingrg/javascript/easyui/themes/default/easyui.css HTTP/1.1" 304 -
120.253.135.82 - - [02/Jun/2023:09:11:35 +0800] "GET /xingrg/javascript/auto/jquery.autocomplete.css HTTP/1.1" 304 -
120.253.135.82 - - [02/Jun/2023:09:11:35 +0800] "GET /xingrg/javascript/easyui/themes/icon.css HTTP/1.1" 304 -
120.253.135.82 - - [02/Jun/2023:09:11:35 +0800] "GET /xingrg/javascript/jquery_tools/table.css HTTP/1.1" 304 -
120.253.135.82 - - [02/Jun/2023:09:11:35 +0800] "GET /xingrg/javascript/jquery_tools/fix.css HTTP/1.1" 304 -
120.253.135.82 - - [02/Jun/2023:09:11:35 +0800] "GET /xingrg/javascript/jquery_tools/jquery.tools.extend.js HTTP/1.1" 304 -
120.253.135.82 - - [02/Jun/2023:09:11:35 +0800] "GET /xingrg/javascript/jquery_tools/jquery.tools.hotkey.js HTTP/1.1" 304 -
120.253.135.82 - - [02/Jun/2023:09:11:35 +0800] "GET /xingrg/javascript/jquery_tools/list_manager.js HTTP/1.1" 304 -
120.253.135.82 - - [02/Jun/2023:09:11:35 +0800] "GET /xingrg/javascript/easyui/easyloader.js HTTP/1.1" 304 -
120.253.135.82 - - [02/Jun/2023:09:11:35 +0800] "GET /xingrg/javascript/jquery_tools/jquery.tools.table.js HTTP/1.1" 304 -
120.253.135.82 - - [02/Jun/2023:09:11:35 +0800] "GET /xingrg/javascript/jquery.cookie.js HTTP/1.1" 304 -
120.253.135.82 - - [02/Jun/2023:09:11:35 +0800] "GET /xingrg/javascript/jquery_tools/jquery.tools.min.js HTTP/1.1" 304 -
120.253.135.82 - - [02/Jun/2023:09:11:35 +0800] "GET /xingrg/javascript/auto/jquery.autocomplete.js HTTP/1.1" 304 -
120.253.135.82 - - [02/Jun/2023:09:11:35 +0800] "GET /xingrg/javascript/print/LodopFuncs.js HTTP/1.1" 304 -
120.253.135.82 - - [02/Jun/2023:09:11:35 +0800] "GET /xingrg/javascript/easyui/plugins/jquery.parser.js HTTP/1.1" 304 -
120.253.135.82 - - [02/Jun/2023:09:11:35 +0800] "POST /xingrg/kc/pszx/mdps_list_operate.html HTTP/1.1" 200 5346
120.253.135.82 - - [02/Jun/2023:09:11:37 +0800] "GET /xingrg/javascript/auto/indicator.gif HTTP/1.1" 404 1066
180.152.240.79 - - [02/Jun/2023:09:11:37 +0800] "GET /xingrg/javascript/jquery_easy_ui/themes/default/images/tabs_close.gif HTTP/1.1" 200 829
180.152.240.79 - - [02/Jun/2023:09:11:37 +0800] "GET /xingrg/kc/buy/cgsh_order_list.html HTTP/1.1" 200 55728
180.152.240.79 - - [02/Jun/2023:09:11:37 +0800] "GET /xingrg/css/base.css HTTP/1.1" 200 2811
180.152.240.79 - - [02/Jun/2023:09:11:37 +0800] "GET /xingrg/javascript/jquery_tools/datebox.css HTTP/1.1" 200 2597
180.152.240.79 - - [02/Jun/2023:09:11:37 +0800] "GET /xingrg/css/site.css HTTP/1.1" 200 7541
180.152.240.79 - - [02/Jun/2023:09:11:37 +0800] "GET /xingrg/javascript/easyui/themes/default/easyui.css HTTP/1.1" 200 30432
180.152.240.79 - - [02/Jun/2023:09:11:37 +0800] "GET /xingrg/javascript/auto/jquery.autocomplete.css HTTP/1.1" 200 587
180.152.240.79 - - [02/Jun/2023:09:11:37 +0800] "GET /xingrg/javascript/easyui/themes/icon.css HTTP/1.1" 200 4483
180.152.240.79 - - [02/Jun/2023:09:11:37 +0800] "GET /xingrg/javascript/jquery_tools/fix.css HTTP/1.1" 200 1702
180.152.240.79 - - [02/Jun/2023:09:11:37 +0800] "GET /xingrg/javascript/jquery_tools/table.css HTTP/1.1" 200 1032
180.152.240.79 - - [02/Jun/2023:09:11:37 +0800] "GET /xingrg/javascript/jquery_tools/jquery.tools.min.js HTTP/1.1" 200 138801
180.152.240.79 - - [02/Jun/2023:09:11:37 +0800] "GET /xingrg/javascript/jquery_tools/jquery.tools.extend.js HTTP/1.1" 200 15385
180.152.240.79 - - [02/Jun/2023:09:11:37 +0800] "GET /xingrg/javascript/jquery_tools/jquery.tools.hotkey.js HTTP/1.1" 200 3242
180.152.240.79 - - [02/Jun/2023:09:11:37 +0800] "GET /xingrg/javascript/jquery_tools/jquery.tools.table.js HTTP/1.1" 200 6994
180.152.240.79 - - [02/Jun/2023:09:11:37 +0800] "GET /xingrg/javascript/jquery_tools/list_manager.js HTTP/1.1" 200 3652
180.152.240.79 - - [02/Jun/2023:09:11:37 +0800] "GET /xingrg/javascript/auto/jquery.autocomplete.js HTTP/1.1" 200 21624
180.152.240.79 - - [02/Jun/2023:09:11:37 +0800] "GET /xingrg/javascript/easyui/easyloader.js HTTP/1.1" 200 5975
180.152.240.79 - - [02/Jun/2023:09:11:37 +0800] "GET /xingrg/javascript/jquery.cookie.js HTTP/1.1" 200 5513
180.152.240.79 - - [02/Jun/2023:09:11:37 +0800] "GET /xingrg/javascript/print/LodopFuncs.js HTTP/1.1" 200 5121
180.152.240.79 - - [02/Jun/2023:09:11:38 +0800] "GET /xingrg/javascript/easyui/themes/icons/import_new.png HTTP/1.1" 200 1247
180.152.240.79 - - [02/Jun/2023:09:11:38 +0800] "GET /xingrg/javascript/easyui/themes/icons/check_new.png HTTP/1.1" 200 3224
180.152.240.79 - - [02/Jun/2023:09:11:38 +0800] "GET /xingrg/javascript/easyui/themes/icons/field_new.png HTTP/1.1" 200 1097
180.152.240.79 - - [02/Jun/2023:09:11:38 +0800] "GET /xingrg/javascript/easyui/themes/icons/edit_add_new.png HTTP/1.1" 200 2997
180.152.240.79 - - [02/Jun/2023:09:11:38 +0800] "GET /xingrg/javascript/easyui/themes/icons/cance_new.png HTTP/1.1" 200 3986
180.152.240.79 - - [02/Jun/2023:09:11:38 +0800] "GET /xingrg/javascript/easyui/plugins/jquery.parser.js HTTP/1.1" 200 1142
180.152.240.79 - - [02/Jun/2023:09:11:38 +0800] "GET /xingrg/images/control/ajaxLoader.gif HTTP/1.1" 200 4659
222.70.180.90 - - [02/Jun/2023:09:11:38 +0800] "GET /xingrg/kc/buy/cgsh_order_operate.html?command=get_materiel&rest_code=00111&code=00101008144&supplier_code=00100005&order_time=2023-06-02 HTTP/1.1" 200 412
114.83.217.50 - - [02/Jun/2023:09:11:39 +0800] "GET /xingrg/kc/buy/cgsh_order_operate.html?command=get_materiel&rest_code=00149&code=00101009004&supplier_code=00100008&order_time=2023-06-02 HTTP/1.1" 200 408
180.152.240.79 - - [02/Jun/2023:09:11:39 +0800] "POST /xingrg/kc/buy/cgsh_list_operate.html HTTP/1.1" 200 986
180.152.240.79 - - [02/Jun/2023:09:11:41 +0800] "GET /xingrg/javascript/easyui/themes/default/images/button_plain_hover.png HTTP/1.1" 200 144
180.152.240.79 - - [02/Jun/2023:09:11:42 +0800] "GET /xingrg/kc/buy/cgsh_order_add.html HTTP/1.1" 200 71545
180.152.240.79 - - [02/Jun/2023:09:11:42 +0800] "GET /xingrg/javascript/pic_change.js HTTP/1.1" 200 4739
180.152.240.79 - - [02/Jun/2023:09:11:42 +0800] "GET /xingrg/javascript/convert.js HTTP/1.1" 200 1239
180.152.240.79 - - [02/Jun/2023:09:11:42 +0800] "GET /xingrg/javascript/jquery_tools/order_manager.js HTTP/1.1" 200 11183
180.152.240.79 - - [02/Jun/2023:09:11:42 +0800] "GET /xingrg/javascript/json2.js HTTP/1.1" 200 11259
180.152.240.79 - - [02/Jun/2023:09:11:42 +0800] "GET /xingrg/javascript/print/kc_print.js HTTP/1.1" 200 11415
180.152.240.79 - - [02/Jun/2023:09:11:42 +0800] "GET /xingrg/words/20230601140227_words.js HTTP/1.1" 200 966673
180.152.240.79 - - [02/Jun/2023:09:11:42 +0800] "GET /xingrg/javascript/easyui/themes/icons/copy_new.png HTTP/1.1" 200 815
180.152.240.79 - - [02/Jun/2023:09:11:42 +0800] "GET /xingrg/javascript/easyui/themes/icons/template_new.png HTTP/1.1" 200 3956
180.152.240.79 - - [02/Jun/2023:09:11:42 +0800] "GET /xingrg/javascript/easyui/themes/icons/ok.png HTTP/1.1" 200 883
180.152.240.79 - - [02/Jun/2023:09:11:42 +0800] "GET /xingrg/javascript/easyui/themes/icons/print.png HTTP/1.1" 200 1057
180.152.240.79 - - [02/Jun/2023:09:11:42 +0800] "GET /xingrg/javascript/easyui/themes/default/images/menu_downarrow.png HTTP/1.1" 200 173
180.152.240.79 - - [02/Jun/2023:09:11:42 +0800] "GET /xingrg/javascript/easyui/themes/icons/cancel.png HTTP/1.1" 200 1133
180.152.240.79 - - [02/Jun/2023:09:11:42 +0800] "POST /xingrg/kc/buy/cgsh_order_operate.html HTTP/1.1" 200 8245
180.152.240.79 - - [02/Jun/2023:09:11:42 +0800] "GET /xingrg/all/common/auto_word.html?type=employee&rest_code=00102 HTTP/1.1" 200 189
180.152.240.79 - - [02/Jun/2023:09:11:42 +0800] "GET /xingrg/javascript/easyui/themes/default/validatebox.css HTTP/1.1" 404 1104
180.152.240.79 - - [02/Jun/2023:09:11:42 +0800] "GET /xingrg/all/common/auto_word.html?type=employee&rest_code=00102 HTTP/1.1" 200 189
180.152.240.79 - - [02/Jun/2023:09:11:42 +0800] "GET /xingrg/javascript/easyui/plugins/jquery.validatebox.js HTTP/1.1" 200 6103
116.232.195.127 - - [02/Jun/2023:09:11:42 +0800] "GET /xingrg/all/function/internal_message.html?_=1685668329085&CODE_STATE=getMsg HTTP/1.1" 200 27
180.152.240.79 - - [02/Jun/2023:09:11:42 +0800] "GET /xingrg/javascript/easyui/plugins/jquery.numberbox.js HTTP/1.1" 200 5213
180.152.240.79 - - [02/Jun/2023:09:11:42 +0800] "GET /xingrg/javascript/easyui/themes/icons/edit_remove.png HTTP/1.1" 200 625
120.253.135.82 - - [02/Jun/2023:09:11:44 +0800] "POST /xingrg/kc/pszx/mdps_list_operate.html HTTP/1.1" 200 868
180.169.147.146 - - [02/Jun/2023:09:11:45 +0800] "GET /xingrg/all/function/internal_message.html?_=1685668305843&CODE_STATE=getMsg HTTP/1.1" 200 27
222.70.180.90 - - [02/Jun/2023:09:11:48 +0800] "GET /xingrg/kc/buy/cgsh_order_operate.html?command=get_materiel&rest_code=00111&code=00101008360&supplier_code=00100005&order_time=2023-06-02 HTTP/1.1" 200 412
101.83.145.52 - - [02/Jun/2023:09:11:48 +0800] "GET /xingrg/all/function/internal_message.html?_=1685668309530&CODE_STATE=getMsg HTTP/1.1" 200 27
222.67.234.146 - - [02/Jun/2023:09:11:49 +0800] "GET /xingrg/all/function/internal_message.html?_=1685668304386&CODE_STATE=getMsg HTTP/1.1" 200 27
222.67.234.146 - - [02/Jun/2023:09:11:49 +0800] "GET /xingrg/check_reg.html?_=1685668304388 HTTP/1.1" 200 22
120.253.135.82 - - [02/Jun/2023:09:11:49 +0800] "GET /xingrg/kc/pszx/mdqp_order_list.html?state=10 HTTP/1.1" 200 11926
120.253.135.82 - - [02/Jun/2023:09:11:49 +0800] "GET /xingrg/dwr/interface/AjaxReportQueryService.js HTTP/1.1" 200 13203
120.253.135.82 - - [02/Jun/2023:09:11:49 +0800] "GET /xingrg/dwr/interface/AjaxQqpsService.js HTTP/1.1" 200 16326
120.253.135.82 - - [02/Jun/2023:09:11:49 +0800] "GET /xingrg/dwr/engine.js HTTP/1.1" 200 43631
180.152.240.79 - - [02/Jun/2023:09:11:50 +0800] "GET /xingrg/javascript/auto/indicator.gif HTTP/1.1" 404 1066
120.253.135.82 - - [02/Jun/2023:09:11:51 +0800] "GET /xingrg/kc/pszx/mdqp_order_list.html?state=10 HTTP/1.1" 200 11926
120.253.135.82 - - [02/Jun/2023:09:11:51 +0800] "GET /xingrg/dwr/interface/AjaxQqpsService.js HTTP/1.1" 200 16326
120.253.135.82 - - [02/Jun/2023:09:11:51 +0800] "GET /xingrg/dwr/engine.js HTTP/1.1" 200 43631
120.253.135.82 - - [02/Jun/2023:09:11:51 +0800] "GET /xingrg/dwr/interface/AjaxReportQueryService.js HTTP/1.1" 200 13203
222.70.180.90 - - [02/Jun/2023:09:11:52 +0800] "GET /xingrg/all/function/internal_message.html?_=1685668309659&CODE_STATE=getMsg HTTP/1.1" 200 27
120.253.135.82 - - [02/Jun/2023:09:11:53 +0800] "GET /xingrg/kc/pszx/mdqp_order_list.html?state=10 HTTP/1.1" 200 11926
120.253.135.82 - - [02/Jun/2023:09:11:53 +0800] "GET /xingrg/dwr/interface/AjaxQqpsService.js HTTP/1.1" 200 16326
120.253.135.82 - - [02/Jun/2023:09:11:53 +0800] "GET /xingrg/dwr/interface/AjaxReportQueryService.js HTTP/1.1" 200 13203
120.253.135.82 - - [02/Jun/2023:09:11:53 +0800] "GET /xingrg/dwr/engine.js HTTP/1.1" 200 43631
114.83.217.50 - - [02/Jun/2023:09:11:54 +0800] "POST /xingrg/kc/buy/cgsh_order_operate.html HTTP/1.1" 200 37
172.20.0.100 - - [02/Jun/2023:09:11:54 +0800] "GET /xingrg/all/function/internal_message.html?_=1685668326802&CODE_STATE=getMsg HTTP/1.1" 302 -
114.85.113.108 - - [02/Jun/2023:09:11:54 +0800] "GET /xingrg/all/function/internal_message.html?_=1685668314286&CODE_STATE=getMsg HTTP/1.1" 200 27
120.253.135.82 - - [02/Jun/2023:09:11:55 +0800] "GET /xingrg/all/function/internal_message.html?_=1685668150755&CODE_STATE=getMsg HTTP/1.1" 200 27
120.253.135.82 - - [02/Jun/2023:09:11:55 +0800] "GET /xingrg/kc/pszx/mdqp_order_list.html?state=10 HTTP/1.1" 200 11926
120.253.135.82 - - [02/Jun/2023:09:11:55 +0800] "GET /xingrg/dwr/interface/AjaxQqpsService.js HTTP/1.1" 200 16326
120.253.135.82 - - [02/Jun/2023:09:11:55 +0800] "GET /xingrg/dwr/interface/AjaxReportQueryService.js HTTP/1.1" 200 13203
120.253.135.82 - - [02/Jun/2023:09:11:56 +0800] "GET /xingrg/dwr/engine.js HTTP/1.1" 200 43631
180.152.240.79 - - [02/Jun/2023:09:11:57 +0800] "GET /xingrg/kc/buy/cgsh_order_operate.html?command=get_materiel&rest_code=00102&code=00101016030&supplier_code=00100096&order_time=2023-06-02 HTTP/1.1" 200 412
101.229.168.164 - - [02/Jun/2023:09:11:57 +0800] "GET /xingrg/check_reg.html?_=1685668324620 HTTP/1.1" 200 22
101.229.168.164 - - [02/Jun/2023:09:11:57 +0800] "GET /xingrg/all/function/internal_message.html?_=1685668324623&CODE_STATE=getMsg HTTP/1.1" 200 27
116.238.139.35 - - [02/Jun/2023:09:11:58 +0800] "GET /xingrg/kc/buy/cgsh_order_operate.html?command=get_materiel&rest_code=00150&code=00101009122&supplier_code=00100022&order_time=2023-06-02 HTTP/1.1" 200 426
120.253.135.82 - - [02/Jun/2023:09:11:58 +0800] "GET /xingrg/kc/pszx/mdqp_order_list.html?state=10 HTTP/1.1" 200 11926
120.253.135.82 - - [02/Jun/2023:09:11:58 +0800] "GET /xingrg/dwr/interface/AjaxReportQueryService.js HTTP/1.1" 200 13203
120.253.135.82 - - [02/Jun/2023:09:11:58 +0800] "GET /xingrg/dwr/interface/AjaxQqpsService.js HTTP/1.1" 200 16326
120.253.135.82 - - [02/Jun/2023:09:11:58 +0800] "GET /xingrg/dwr/engine.js HTTP/1.1" 200 43631
114.83.217.50 - - [02/Jun/2023:09:11:58 +0800] "GET /xingrg/all/function/internal_message.html?_=1685668314431&CODE_STATE=getMsg HTTP/1.1" 200 27
