222.67.234.146 - - [01/Jun/2023:09:51:57 +0800] "GET /xingrg/words/20230601092018_words.js HTTP/1.1" 200 966610
222.67.234.146 - - [01/Jun/2023:09:51:57 +0800] "GET /xingrg/all/common/auto_word.html?type=employee&rest_code=00141 HTTP/1.1" 200 201
222.67.234.146 - - [01/Jun/2023:09:51:57 +0800] "GET /xingrg/all/common/auto_word.html?type=employee&rest_code=00141 HTTP/1.1" 200 201
222.67.234.146 - - [01/Jun/2023:09:51:57 +0800] "GET /xingrg/javascript/easyui/themes/default/validatebox.css HTTP/1.1" 404 1104
222.67.234.146 - - [01/Jun/2023:09:51:57 +0800] "POST /xingrg/kc/buy/cgsh_order_operate.html HTTP/1.1" 200 8245
218.81.217.42 - - [01/Jun/2023:09:51:57 +0800] "POST /xingrg/services/DataTransmitService HTTP/1.1" 200 524
180.169.147.146 - - [01/Jun/2023:09:51:57 +0800] "POST /xingrg/dwr/call/plaincall/AjaxCheckService.setItemNumber.dwr HTTP/1.1" 200 77
218.81.217.42 - - [01/Jun/2023:09:51:58 +0800] "POST /xingrg/services/DataTransmitService HTTP/1.1" 200 501
180.169.147.146 - - [01/Jun/2023:09:51:59 +0800] "POST /xingrg/dwr/call/plaincall/AjaxCheckService.setItemNumber.dwr HTTP/1.1" 200 77
180.169.147.146 - - [01/Jun/2023:09:52:00 +0800] "GET /xingrg/all/function/internal_message.html?_=1685584325284&CODE_STATE=getMsg HTTP/1.1" 200 27
180.169.147.146 - - [01/Jun/2023:09:52:00 +0800] "POST /xingrg/dwr/call/plaincall/AjaxCheckService.setItemNumber.dwr HTTP/1.1" 200 77
218.81.217.42 - - [01/Jun/2023:09:52:00 +0800] "POST /xingrg/services/DataTransmitService HTTP/1.1" 200 524
218.81.217.42 - - [01/Jun/2023:09:52:02 +0800] "POST /xingrg/services/DataTransmitService HTTP/1.1" 200 412
180.169.147.146 - - [01/Jun/2023:09:52:02 +0800] "POST /xingrg/dwr/call/plaincall/AjaxCheckService.setItemNumber.dwr HTTP/1.1" 200 78
218.81.217.42 - - [01/Jun/2023:09:52:02 +0800] "POST /xingrg/services/DataTransmitService HTTP/1.1" 200 524
114.83.221.184 - - [01/Jun/2023:09:52:03 +0800] "GET /xingrg/all/function/internal_message.html?_=1685584323025&CODE_STATE=getMsg HTTP/1.1" 200 27
180.169.147.146 - - [01/Jun/2023:09:52:03 +0800] "GET /xingrg/all/function/internal_message.html?_=1685584322756&CODE_STATE=getMsg HTTP/1.1" 200 27
218.81.217.42 - - [01/Jun/2023:09:52:03 +0800] "POST /xingrg/services/DataTransmitService HTTP/1.1" 200 412
180.157.253.254 - - [01/Jun/2023:09:52:04 +0800] "POST /xingrg/kc/buy/cgsh_order_operate.html HTTP/1.1" 200 37
218.81.217.42 - - [01/Jun/2023:09:52:04 +0800] "POST /xingrg/services/DataTransmitService HTTP/1.1" 200 524
218.81.217.42 - - [01/Jun/2023:09:52:04 +0800] "POST /xingrg/services/DataTransmitService HTTP/1.1" 200 412
218.81.217.42 - - [01/Jun/2023:09:52:04 +0800] "POST /xingrg/services/DataTransmitService HTTP/1.1" 200 524
180.169.147.146 - - [01/Jun/2023:09:52:05 +0800] "GET /xingrg/kc/base/check_order_list.html?isBack=1 HTTP/1.1" 200 16223
180.169.147.146 - - [01/Jun/2023:09:52:05 +0800] "POST /xingrg/kc/base/check_list_operate.html HTTP/1.1" 200 4805
218.81.217.42 - - [01/Jun/2023:09:52:05 +0800] "POST /xingrg/services/DataTransmitService HTTP/1.1" 200 412
180.157.253.254 - - [01/Jun/2023:09:52:05 +0800] "POST /xingrg/kc/buy/cgsh_order_operate.html HTTP/1.1" 200 5034
116.232.195.127 - - [01/Jun/2023:09:52:06 +0800] "GET /xingrg/all/function/internal_message.html?_=1685584355314&CODE_STATE=getMsg HTTP/1.1" 200 27
101.83.145.52 - - [01/Jun/2023:09:52:10 +0800] "GET /xingrg/all/function/internal_message.html?_=1685584160126&CODE_STATE=getMsg HTTP/1.1" 200 27
116.238.139.35 - - [01/Jun/2023:09:52:10 +0800] "GET /xingrg/all/function/internal_message.html?_=1685584330074&CODE_STATE=getMsg HTTP/1.1" 200 27
114.83.221.184 - - [01/Jun/2023:09:52:10 +0800] "GET /xingrg/all/function/internal_message.html?_=1685584328082&CODE_STATE=getMsg HTTP/1.1" 200 27
124.79.74.67 - - [01/Jun/2023:09:52:12 +0800] "GET /xingrg/all/function/internal_message.html?_=1685584338767&CODE_STATE=getMsg HTTP/1.1" 200 27
180.157.253.254 - - [01/Jun/2023:09:52:13 +0800] "GET /xingrg/kc/print/load_data.html?order_code=212023060100036&kc_code=cgsh&condition= HTTP/1.1" 200 1655
116.238.139.35 - - [01/Jun/2023:09:52:13 +0800] "GET /xingrg/all/function/internal_message.html?_=1685584239457&CODE_STATE=getMsg HTTP/1.1" 200 27
222.67.234.146 - - [01/Jun/2023:09:52:16 +0800] "GET /xingrg/javascript/auto/indicator.gif HTTP/1.1" 404 1066
222.67.234.146 - - [01/Jun/2023:09:52:18 +0800] "GET /xingrg/javascript/jquery_tools/images/next.gif HTTP/1.1" 404 1086
222.67.234.146 - - [01/Jun/2023:09:52:18 +0800] "GET /xingrg/javascript/jquery_tools/images/prev.gif HTTP/1.1" 404 1086
180.169.147.146 - - [01/Jun/2023:09:52:19 +0800] "GET /xingrg/all/function/internal_message.html?_=1685584331970&CODE_STATE=getMsg HTTP/1.1" 200 27
180.152.240.79 - - [01/Jun/2023:09:52:21 +0800] "GET /xingrg/all/function/internal_message.html?_=1685584341478&CODE_STATE=getMsg HTTP/1.1" 200 27
101.83.145.52 - - [01/Jun/2023:09:52:28 +0800] "GET /xingrg/all/function/internal_message.html?_=1685584348276&CODE_STATE=getMsg HTTP/1.1" 200 27
101.83.145.52 - - [01/Jun/2023:09:52:28 +0800] "GET /xingrg/check_reg.html?_=1685584348305 HTTP/1.1" 200 22
180.164.3.199 - - [01/Jun/2023:09:52:32 +0800] "GET /xingrg/kc/mdqp/qqps_order_list.html HTTP/1.1" 200 9222
180.164.3.199 - - [01/Jun/2023:09:52:32 +0800] "GET /xingrg/dwr/interface/AjaxQqpsService.js HTTP/1.1" 200 16326
180.164.3.199 - - [01/Jun/2023:09:52:32 +0800] "GET /xingrg/dwr/interface/AjaxReportQueryService.js HTTP/1.1" 200 13203
180.164.3.199 - - [01/Jun/2023:09:52:32 +0800] "GET /xingrg/dwr/engine.js HTTP/1.1" 200 43631
180.164.3.199 - - [01/Jun/2023:09:52:32 +0800] "GET /xingrg/javascript/ToolTips.js HTTP/1.1" 200 5615
180.164.3.199 - - [01/Jun/2023:09:52:32 +0800] "GET /xingrg/javascript/jquery_easy_ui/themes/icons/uncheck_new.png HTTP/1.1" 200 3197
180.164.3.199 - - [01/Jun/2023:09:52:32 +0800] "GET /xingrg/javascript/jquery_easy_ui/themes/icons/edit_add_new.png HTTP/1.1" 200 2997
116.237.77.239 - - [01/Jun/2023:09:52:33 +0800] "GET /xingrg/all/function/internal_message.html?_=1685584355396&CODE_STATE=getMsg HTTP/1.1" 200 27
180.164.3.199 - - [01/Jun/2023:09:52:33 +0800] "GET /xingrg/kc/mdqp/qqps_order_add.html HTTP/1.1" 200 28241
180.164.3.199 - - [01/Jun/2023:09:52:34 +0800] "GET /xingrg/javascript/tools/jquery.qtip-1.0.0-rc3.min.js HTTP/1.1" 200 38404
180.164.3.199 - - [01/Jun/2023:09:52:34 +0800] "GET /xingrg/dwr/interface/AjaxComOrderService.js HTTP/1.1" 200 18264
180.164.3.199 - - [01/Jun/2023:09:52:34 +0800] "GET /xingrg/dwr/interface/AjaxQqpsService.js HTTP/1.1" 200 16326
180.164.3.199 - - [01/Jun/2023:09:52:34 +0800] "GET /xingrg/dwr/engine.js HTTP/1.1" 200 43631
180.164.3.199 - - [01/Jun/2023:09:52:34 +0800] "GET /xingrg/javascript/Grid.js HTTP/1.1" 200 58908
180.164.3.199 - - [01/Jun/2023:09:52:34 +0800] "GET /xingrg/words/20230601092018_words.js HTTP/1.1" 200 966610
180.164.3.199 - - [01/Jun/2023:09:52:34 +0800] "GET /xingrg/javascript/jquery_easy_ui/themes/icons/copy_new.png HTTP/1.1" 200 815
180.164.3.199 - - [01/Jun/2023:09:52:34 +0800] "GET /xingrg/javascript/jquery_easy_ui/themes/icons/template_new.png HTTP/1.1" 200 3956
180.164.3.199 - - [01/Jun/2023:09:52:34 +0800] "GET /xingrg/images/blue/button/kc_tab_add.gif HTTP/1.1" 200 375
180.164.3.199 - - [01/Jun/2023:09:52:34 +0800] "GET /xingrg/images/blue/button/kc_tab_edit.gif HTTP/1.1" 200 551
180.164.3.199 - - [01/Jun/2023:09:52:34 +0800] "GET /xingrg/images/blue/button/kc_tab_del.gif HTTP/1.1" 200 383
180.164.3.199 - - [01/Jun/2023:09:52:34 +0800] "GET /xingrg/images/blue/button/kc_tab_save.gif HTTP/1.1" 200 777
180.164.3.199 - - [01/Jun/2023:09:52:34 +0800] "GET /xingrg/images/blue/kc_tab_mid.gif HTTP/1.1" 200 44
180.164.3.199 - - [01/Jun/2023:09:52:34 +0800] "GET /xingrg/images/blue/kc_tab_left.gif HTTP/1.1" 200 188
180.164.3.199 - - [01/Jun/2023:09:52:34 +0800] "GET /xingrg/images/blue/kc_tab_right.gif HTTP/1.1" 200 643
180.164.3.199 - - [01/Jun/2023:09:52:34 +0800] "GET /xingrg/images/blue/kc_tab2_left.gif HTTP/1.1" 200 625
180.164.3.199 - - [01/Jun/2023:09:52:34 +0800] "GET /xingrg/images/blue/kc_tab2_right.gif HTTP/1.1" 200 192
180.152.240.79 - - [01/Jun/2023:09:52:35 +0800] "GET /xingrg/kc/buy/cgsh_order_add.html HTTP/1.1" 200 71545
180.152.240.79 - - [01/Jun/2023:09:52:35 +0800] "GET /xingrg/words/20230601092018_words.js HTTP/1.1" 304 -
180.152.240.79 - - [01/Jun/2023:09:52:35 +0800] "POST /xingrg/kc/buy/cgsh_order_operate.html HTTP/1.1" 200 8245
180.152.240.79 - - [01/Jun/2023:09:52:35 +0800] "GET /xingrg/javascript/easyui/themes/default/validatebox.css HTTP/1.1" 404 1104
172.20.0.100 - - [01/Jun/2023:09:52:40 +0800] "GET /xingrg/all/function/internal_message.html?_=1685584359828&CODE_STATE=getMsg HTTP/1.1" 302 -
172.20.0.100 - - [01/Jun/2023:09:52:40 +0800] "GET /xingrg/check_reg.html?_=1685584359829 HTTP/1.1" 302 -
114.85.113.108 - - [01/Jun/2023:09:52:40 +0800] "GET /xingrg/all/function/internal_message.html?_=1685584332630&CODE_STATE=getMsg HTTP/1.1" 200 27
218.81.217.42 - - [01/Jun/2023:09:52:41 +0800] "GET /xingrg/check_reg.html?_=1685584375614 HTTP/1.1" 200 22
101.229.22.40 - - [01/Jun/2023:09:52:42 +0800] "GET /xingrg/all/function/internal_message.html?_=1685584362384&CODE_STATE=getMsg HTTP/1.1" 200 27
222.67.234.146 - - [01/Jun/2023:09:52:44 +0800] "GET /xingrg/kc/buy/cgsh_order_operate.html?command=get_materiel&rest_code=00141&code=00101007048&supplier_code=00100004&order_time=2023-06-01 HTTP/1.1" 200 408
180.164.3.199 - - [01/Jun/2023:09:52:44 +0800] "GET /xingrg/all/function/internal_message.html?_=1685584363977&CODE_STATE=getMsg HTTP/1.1" 200 27
222.67.234.146 - - [01/Jun/2023:09:52:44 +0800] "GET /xingrg/check_reg.html?_=1685583870931 HTTP/1.1" 200 22
222.67.234.146 - - [01/Jun/2023:09:52:45 +0800] "GET /xingrg/all/function/internal_message.html?_=1685583871437&CODE_STATE=getMsg HTTP/1.1" 200 27
180.164.3.199 - - [01/Jun/2023:09:52:45 +0800] "GET /xingrg/images/blue/wait.gif HTTP/1.1" 200 1100
180.164.3.199 - - [01/Jun/2023:09:52:45 +0800] "POST /xingrg/dwr/call/plaincall/AjaxQqpsService.saveOrder.dwr HTTP/1.1" 200 78
218.81.217.42 - - [01/Jun/2023:09:52:47 +0800] "GET /xingrg/all/function/internal_message.html?_=1685584381242&CODE_STATE=getMsg HTTP/1.1" 200 27
180.164.3.199 - - [01/Jun/2023:09:52:50 +0800] "GET /xingrg/javascript/auto/indicator.gif HTTP/1.1" 404 1066
218.81.217.42 - - [01/Jun/2023:09:52:50 +0800] "GET /xingrg/all/function/internal_message.html?_=1685584382081&CODE_STATE=getMsg HTTP/1.1" 200 27
180.164.3.199 - - [01/Jun/2023:09:52:52 +0800] "POST /xingrg/dwr/call/plaincall/AjaxQqpsService.getMaterielByCode.dwr HTTP/1.1" 200 2974
180.169.147.146 - - [01/Jun/2023:09:52:53 +0800] "GET /xingrg/all/function/internal_message.html?_=1685584373310&CODE_STATE=getMsg HTTP/1.1" 200 27
120.253.135.82 - - [01/Jun/2023:09:52:54 +0800] "GET /xingrg/all/function/internal_message.html?_=1685584209970&CODE_STATE=getMsg HTTP/1.1" 200 27
116.237.77.239 - - [01/Jun/2023:09:52:54 +0800] "GET /xingrg/all/function/internal_message.html?_=1685584376547&CODE_STATE=getMsg HTTP/1.1" 200 27
180.164.3.199 - - [01/Jun/2023:09:52:55 +0800] "POST /xingrg/dwr/call/plaincall/AjaxQqpsService.saveMaterielItem.dwr HTTP/1.1" 200 78
172.20.0.100 - - [01/Jun/2023:09:52:56 +0800] "GET /xingrg/all/function/internal_message.html?_=1685584385719&CODE_STATE=getMsg HTTP/1.1" 200 27
180.169.147.146 - - [01/Jun/2023:09:53:00 +0800] "GET /xingrg/all/function/internal_message.html?_=1685584385295&CODE_STATE=getMsg HTTP/1.1" 200 27
180.152.240.79 - - [01/Jun/2023:09:53:01 +0800] "GET /xingrg/javascript/easyui/themes/default/tree.css HTTP/1.1" 404 1090
180.152.240.79 - - [01/Jun/2023:09:53:01 +0800] "POST /xingrg/all/common/load_tree.html?tree=supplier_tree_json&isDelete=1 HTTP/1.1" 200 74311
114.83.221.184 - - [01/Jun/2023:09:53:03 +0800] "GET /xingrg/all/function/internal_message.html?_=1685584383039&CODE_STATE=getMsg HTTP/1.1" 200 27
180.169.147.146 - - [01/Jun/2023:09:53:03 +0800] "GET /xingrg/check_reg.html?_=1685584382748 HTTP/1.1" 200 22
180.169.147.146 - - [01/Jun/2023:09:53:03 +0800] "GET /xingrg/all/function/internal_message.html?_=1685584382750&CODE_STATE=getMsg HTTP/1.1" 200 27
222.67.234.146 - - [01/Jun/2023:09:53:06 +0800] "GET /xingrg/kc/buy/cgsh_order_operate.html?command=get_materiel&rest_code=00141&code=00101006259&supplier_code=00100004&order_time=2023-06-01 HTTP/1.1" 200 409
116.232.195.127 - - [01/Jun/2023:09:53:06 +0800] "GET /xingrg/check_reg.html?_=1685584415057 HTTP/1.1" 200 22
116.232.195.127 - - [01/Jun/2023:09:53:06 +0800] "GET /xingrg/all/function/internal_message.html?_=1685584415306&CODE_STATE=getMsg HTTP/1.1" 200 27
101.83.145.52 - - [01/Jun/2023:09:53:09 +0800] "GET /xingrg/all/function/internal_message.html?_=1685584220114&CODE_STATE=getMsg HTTP/1.1" 200 27
116.238.139.35 - - [01/Jun/2023:09:53:10 +0800] "GET /xingrg/all/function/internal_message.html?_=1685584390073&CODE_STATE=getMsg HTTP/1.1" 200 27
114.83.221.184 - - [01/Jun/2023:09:53:10 +0800] "GET /xingrg/all/function/internal_message.html?_=1685584388065&CODE_STATE=getMsg HTTP/1.1" 200 27
124.79.74.67 - - [01/Jun/2023:09:53:12 +0800] "GET /xingrg/all/function/internal_message.html?_=1685584398765&CODE_STATE=getMsg HTTP/1.1" 200 27
116.238.139.35 - - [01/Jun/2023:09:53:13 +0800] "GET /xingrg/all/function/internal_message.html?_=1685584299470&CODE_STATE=getMsg HTTP/1.1" 200 27
180.152.240.79 - - [01/Jun/2023:09:53:15 +0800] "GET /xingrg/kc/buy/cgsh_order_operate.html?command=get_materiel&rest_code=00102&code=00101002027&supplier_code=00100400&order_time=2023-06-01 HTTP/1.1" 200 413
180.169.147.146 - - [01/Jun/2023:09:53:19 +0800] "GET /xingrg/all/function/internal_message.html?_=1685584391954&CODE_STATE=getMsg HTTP/1.1" 200 27
180.152.240.79 - - [01/Jun/2023:09:53:21 +0800] "GET /xingrg/all/function/internal_message.html?_=1685584401464&CODE_STATE=getMsg HTTP/1.1" 200 27
180.164.3.199 - - [01/Jun/2023:09:53:22 +0800] "POST /xingrg/dwr/call/plaincall/AjaxQqpsService.checkOrder.dwr HTTP/1.1" 200 78
180.164.3.199 - - [01/Jun/2023:09:53:23 +0800] "GET /xingrg/kc/mdqp/qqps_order_info.html?code=302023060100003 HTTP/1.1" 200 26644
180.164.3.199 - - [01/Jun/2023:09:53:23 +0800] "GET /xingrg/dwr/interface/AjaxQqpsService.js HTTP/1.1" 200 16326
180.164.3.199 - - [01/Jun/2023:09:53:23 +0800] "GET /xingrg/dwr/interface/AjaxComOrderService.js HTTP/1.1" 200 18264
180.164.3.199 - - [01/Jun/2023:09:53:23 +0800] "GET /xingrg/dwr/engine.js HTTP/1.1" 200 43631
180.152.240.79 - - [01/Jun/2023:09:53:24 +0800] "GET /xingrg/kc/buy/cgsh_order_operate.html?command=get_materiel&rest_code=00102&code=00101005037&supplier_code=00100400&order_time=2023-06-01 HTTP/1.1" 200 409
180.164.3.199 - - [01/Jun/2023:09:53:24 +0800] "POST /xingrg/dwr/call/plaincall/AjaxQqpsService.loadMaterielItems.dwr HTTP/1.1" 200 350
180.164.3.199 - - [01/Jun/2023:09:53:26 +0800] "GET /xingrg/kc/mdqp/qqps_order_list.html?isBack=1 HTTP/1.1" 200 9677
180.164.3.199 - - [01/Jun/2023:09:53:26 +0800] "GET /xingrg/dwr/interface/AjaxQqpsService.js HTTP/1.1" 200 16326
180.164.3.199 - - [01/Jun/2023:09:53:26 +0800] "GET /xingrg/dwr/interface/AjaxReportQueryService.js HTTP/1.1" 200 13203
180.164.3.199 - - [01/Jun/2023:09:53:26 +0800] "GET /xingrg/dwr/engine.js HTTP/1.1" 200 43631
101.83.145.52 - - [01/Jun/2023:09:53:28 +0800] "GET /xingrg/all/function/internal_message.html?_=1685584408305&CODE_STATE=getMsg HTTP/1.1" 200 27
180.152.240.79 - - [01/Jun/2023:09:53:32 +0800] "GET /xingrg/kc/buy/cgsh_order_operate.html?command=get_materiel&rest_code=00102&code=00101010161&supplier_code=00100400&order_time=2023-06-01 HTTP/1.1" 200 429
116.237.77.239 - - [01/Jun/2023:09:53:33 +0800] "GET /xingrg/check_reg.html?_=1685584415396 HTTP/1.1" 200 22
116.237.77.239 - - [01/Jun/2023:09:53:33 +0800] "GET /xingrg/all/function/internal_message.html?_=1685584415399&CODE_STATE=getMsg HTTP/1.1" 200 27
222.67.234.146 - - [01/Jun/2023:09:53:35 +0800] "POST /xingrg/kc/buy/cgsh_order_operate.html HTTP/1.1" 200 37
120.253.135.82 - - [01/Jun/2023:09:53:38 +0800] "GET /xingrg/kc/pszx/mdqp_order_list.html?state=10 HTTP/1.1" 200 10719
120.253.135.82 - - [01/Jun/2023:09:53:38 +0800] "GET /xingrg/dwr/interface/AjaxQqpsService.js HTTP/1.1" 200 16326
120.253.135.82 - - [01/Jun/2023:09:53:38 +0800] "GET /xingrg/dwr/interface/AjaxReportQueryService.js HTTP/1.1" 200 13203
120.253.135.82 - - [01/Jun/2023:09:53:38 +0800] "GET /xingrg/dwr/engine.js HTTP/1.1" 200 43631
172.20.0.100 - - [01/Jun/2023:09:53:40 +0800] "GET /xingrg/all/function/internal_message.html?_=1685584419830&CODE_STATE=getMsg HTTP/1.1" 302 -
114.85.113.108 - - [01/Jun/2023:09:53:40 +0800] "GET /xingrg/all/function/internal_message.html?_=1685584392630&CODE_STATE=getMsg HTTP/1.1" 200 27
120.253.135.82 - - [01/Jun/2023:09:53:41 +0800] "GET /xingrg/kc/pszx/mdqp_order_info.html?code=302023060100003 HTTP/1.1" 200 13358
120.253.135.82 - - [01/Jun/2023:09:53:41 +0800] "GET /xingrg/javascript/tools/jquery.qtip-1.0.0-rc3.min.js HTTP/1.1" 304 -
120.253.135.82 - - [01/Jun/2023:09:53:41 +0800] "GET /xingrg/dwr/interface/AjaxComOrderService.js HTTP/1.1" 200 18264
120.253.135.82 - - [01/Jun/2023:09:53:41 +0800] "GET /xingrg/dwr/interface/AjaxQqpsService.js HTTP/1.1" 200 16326
120.253.135.82 - - [01/Jun/2023:09:53:41 +0800] "GET /xingrg/javascript/checkform.js HTTP/1.1" 304 -
120.253.135.82 - - [01/Jun/2023:09:53:41 +0800] "GET /xingrg/javascript/ToolTips.js HTTP/1.1" 304 -
120.253.135.82 - - [01/Jun/2023:09:53:41 +0800] "GET /xingrg/dwr/engine.js HTTP/1.1" 200 43631
120.253.135.82 - - [01/Jun/2023:09:53:41 +0800] "GET /xingrg/javascript/Grid.js HTTP/1.1" 304 -
120.253.135.82 - - [01/Jun/2023:09:53:41 +0800] "GET /xingrg/javascript/AjaxInfoList.js HTTP/1.1" 304 -
120.253.135.82 - - [01/Jun/2023:09:53:41 +0800] "GET /xingrg/javascript/print/kc_print.js HTTP/1.1" 304 -
120.253.135.82 - - [01/Jun/2023:09:53:41 +0800] "POST /xingrg/dwr/call/plaincall/AjaxQqpsService.loadMaterielItems.dwr HTTP/1.1" 200 350
180.152.240.79 - - [01/Jun/2023:09:53:41 +0800] "POST /xingrg/kc/buy/cgsh_order_operate.html HTTP/1.1" 200 37
101.229.22.40 - - [01/Jun/2023:09:53:42 +0800] "GET /xingrg/all/function/internal_message.html?_=1685584422384&CODE_STATE=getMsg HTTP/1.1" 200 27
222.67.234.146 - - [01/Jun/2023:09:53:42 +0800] "POST /xingrg/kc/buy/cgsh_order_operate.html HTTP/1.1" 200 12
180.164.3.199 - - [01/Jun/2023:09:53:44 +0800] "GET /xingrg/all/function/internal_message.html?_=1685584423952&CODE_STATE=getMsg HTTP/1.1" 200 27
120.253.135.82 - - [01/Jun/2023:09:53:46 +0800] "GET /xingrg/kc/pszx/mdqp_order_list.html?isBack=1 HTTP/1.1" 302 -
120.253.135.82 - - [01/Jun/2023:09:53:46 +0800] "GET /xingrg/kc/pszx/mdqp_order_list.html?state=10 HTTP/1.1" 200 10719
120.253.135.82 - - [01/Jun/2023:09:53:46 +0800] "GET /xingrg/dwr/interface/AjaxQqpsService.js HTTP/1.1" 200 16326
120.253.135.82 - - [01/Jun/2023:09:53:46 +0800] "GET /xingrg/dwr/interface/AjaxReportQueryService.js HTTP/1.1" 200 13203
120.253.135.82 - - [01/Jun/2023:09:53:46 +0800] "GET /xingrg/dwr/engine.js HTTP/1.1" 200 43631
218.81.217.42 - - [01/Jun/2023:09:53:47 +0800] "GET /xingrg/all/function/internal_message.html?_=1685584441255&CODE_STATE=getMsg HTTP/1.1" 200 27
180.152.240.79 - - [01/Jun/2023:09:53:48 +0800] "POST /xingrg/kc/buy/cgsh_order_operate.html HTTP/1.1" 200 12
218.81.217.42 - - [01/Jun/2023:09:53:50 +0800] "GET /xingrg/all/function/internal_message.html?_=1685584442099&CODE_STATE=getMsg HTTP/1.1" 200 27
180.152.240.79 - - [01/Jun/2023:09:53:52 +0800] "GET /xingrg/kc/buy/cgsh_order_info.html?code=212023060100038 HTTP/1.1" 200 66450
180.152.240.79 - - [01/Jun/2023:09:53:53 +0800] "GET /xingrg/javascript/easyui/themes/default/validatebox.css HTTP/1.1" 404 1104
180.169.147.146 - - [01/Jun/2023:09:53:53 +0800] "GET /xingrg/all/function/internal_message.html?_=1685584433310&CODE_STATE=getMsg HTTP/1.1" 200 27
180.157.253.254 - - [01/Jun/2023:09:53:53 +0800] "GET /xingrg/kc/buy/cgsh_order_add.html HTTP/1.1" 200 71504
180.157.253.254 - - [01/Jun/2023:09:53:54 +0800] "POST /xingrg/kc/buy/cgsh_order_operate.html HTTP/1.1" 200 8245
180.157.253.254 - - [01/Jun/2023:09:53:54 +0800] "GET /xingrg/javascript/easyui/themes/default/validatebox.css HTTP/1.1" 404 1104
180.152.240.79 - - [01/Jun/2023:09:53:54 +0800] "POST /xingrg/kc/buy/cgsh_order_operate.html HTTP/1.1" 200 1787
120.253.135.82 - - [01/Jun/2023:09:53:54 +0800] "GET /xingrg/all/function/internal_message.html?_=1685584269991&CODE_STATE=getMsg HTTP/1.1" 200 27
116.237.77.239 - - [01/Jun/2023:09:53:54 +0800] "GET /xingrg/all/function/internal_message.html?_=1685584436548&CODE_STATE=getMsg HTTP/1.1" 200 27
120.253.135.82 - - [01/Jun/2023:09:53:55 +0800] "GET /xingrg/kc/buy/cgsh_order_list.html HTTP/1.1" 200 55728
172.20.0.100 - - [01/Jun/2023:09:53:56 +0800] "GET /xingrg/all/function/internal_message.html?_=1685584445717&CODE_STATE=getMsg HTTP/1.1" 200 27
180.152.240.79 - - [01/Jun/2023:09:53:56 +0800] "GET /xingrg/kc/print/load_data.html?order_code=212023060100038&kc_code=cgsh&condition= HTTP/1.1" 200 1124
120.253.135.82 - - [01/Jun/2023:09:53:57 +0800] "POST /xingrg/kc/buy/cgsh_list_operate.html HTTP/1.1" 200 986
180.169.147.146 - - [01/Jun/2023:09:54:00 +0800] "GET /xingrg/all/function/internal_message.html?_=1685584445293&CODE_STATE=getMsg HTTP/1.1" 200 27
180.152.240.79 - - [01/Jun/2023:09:54:00 +0800] "GET /xingrg/kc/buy/cgsh_order_add.html HTTP/1.1" 200 71545
180.152.240.79 - - [01/Jun/2023:09:54:00 +0800] "POST /xingrg/kc/buy/cgsh_order_operate.html HTTP/1.1" 200 8245
180.152.240.79 - - [01/Jun/2023:09:54:00 +0800] "GET /xingrg/javascript/easyui/themes/default/validatebox.css HTTP/1.1" 404 1104
218.81.217.42 - - [01/Jun/2023:09:54:01 +0800] "POST /xingrg/services/DataTransmitService HTTP/1.1" 200 524
218.81.217.42 - - [01/Jun/2023:09:54:02 +0800] "POST /xingrg/services/DataTransmitService HTTP/1.1" 200 412
180.152.240.79 - - [01/Jun/2023:09:54:02 +0800] "GET /xingrg/javascript/easyui/themes/default/tree.css HTTP/1.1" 404 1090
180.152.240.79 - - [01/Jun/2023:09:54:02 +0800] "POST /xingrg/all/common/load_tree.html?tree=supplier_tree_json&isDelete=1 HTTP/1.1" 200 74311
120.253.135.82 - - [01/Jun/2023:09:54:02 +0800] "GET /xingrg/kc/buy/cgsh_order_add.html HTTP/1.1" 200 70574
120.253.135.82 - - [01/Jun/2023:09:54:02 +0800] "GET /xingrg/javascript/jquery_tools/order_manager.js HTTP/1.1" 304 -
120.253.135.82 - - [01/Jun/2023:09:54:02 +0800] "GET /xingrg/javascript/json2.js HTTP/1.1" 304 -
120.253.135.82 - - [01/Jun/2023:09:54:02 +0800] "GET /xingrg/javascript/convert.js HTTP/1.1" 304 -
120.253.135.82 - - [01/Jun/2023:09:54:02 +0800] "GET /xingrg/words/20230601092018_words.js HTTP/1.1" 304 -
120.253.135.82 - - [01/Jun/2023:09:54:03 +0800] "POST /xingrg/kc/buy/cgsh_order_operate.html HTTP/1.1" 200 8245
114.83.221.184 - - [01/Jun/2023:09:54:03 +0800] "GET /xingrg/all/function/internal_message.html?_=1685584443041&CODE_STATE=getMsg HTTP/1.1" 200 27
114.83.221.184 - - [01/Jun/2023:09:54:03 +0800] "GET /xingrg/check_reg.html?_=1685584443045 HTTP/1.1" 200 22
120.253.135.82 - - [01/Jun/2023:09:54:03 +0800] "GET /xingrg/all/common/auto_word.html?type=employee&rest_code=00101 HTTP/1.1" 200 927
120.253.135.82 - - [01/Jun/2023:09:54:03 +0800] "GET /xingrg/all/common/auto_word.html?type=employee&rest_code=00101 HTTP/1.1" 200 927
120.253.135.82 - - [01/Jun/2023:09:54:03 +0800] "GET /xingrg/javascript/easyui/themes/default/validatebox.css HTTP/1.1" 404 1104
120.253.135.82 - - [01/Jun/2023:09:54:03 +0800] "GET /xingrg/javascript/easyui/plugins/jquery.validatebox.js HTTP/1.1" 304 -
120.253.135.82 - - [01/Jun/2023:09:54:03 +0800] "GET /xingrg/javascript/easyui/plugins/jquery.numberbox.js HTTP/1.1" 304 -
180.169.147.146 - - [01/Jun/2023:09:54:03 +0800] "GET /xingrg/all/function/internal_message.html?_=1685584442740&CODE_STATE=getMsg HTTP/1.1" 200 27
218.81.217.42 - - [01/Jun/2023:09:54:05 +0800] "POST /xingrg/services/DataTransmitService HTTP/1.1" 200 524
218.81.217.42 - - [01/Jun/2023:09:54:06 +0800] "POST /xingrg/services/DataTransmitService HTTP/1.1" 200 2339
116.232.195.127 - - [01/Jun/2023:09:54:06 +0800] "GET /xingrg/all/function/internal_message.html?_=1685584475291&CODE_STATE=getMsg HTTP/1.1" 200 27
180.157.253.254 - - [01/Jun/2023:09:54:08 +0800] "GET /xingrg/kc/buy/cgsh_order_operate.html?command=get_materiel&rest_code=00148&code=00101008163&supplier_code=00100008&order_time=2023-06-01 HTTP/1.1" 200 409
101.83.145.52 - - [01/Jun/2023:09:54:10 +0800] "GET /xingrg/all/function/internal_message.html?_=1685584280120&CODE_STATE=getMsg HTTP/1.1" 200 27
116.238.139.35 - - [01/Jun/2023:09:54:10 +0800] "GET /xingrg/all/function/internal_message.html?_=1685584450071&CODE_STATE=getMsg HTTP/1.1" 200 27
114.83.221.184 - - [01/Jun/2023:09:54:10 +0800] "GET /xingrg/all/function/internal_message.html?_=1685584448051&CODE_STATE=getMsg HTTP/1.1" 200 27
222.70.180.90 - - [01/Jun/2023:09:54:12 +0800] "GET /xingrg/check_reg.html?_=1685584450031 HTTP/1.1" 200 22
124.79.74.67 - - [01/Jun/2023:09:54:12 +0800] "GET /xingrg/check_reg.html?_=1685584458763 HTTP/1.1" 200 22
124.79.74.67 - - [01/Jun/2023:09:54:12 +0800] "GET /xingrg/all/function/internal_message.html?_=1685584458764&CODE_STATE=getMsg HTTP/1.1" 200 27
120.253.135.82 - - [01/Jun/2023:09:54:13 +0800] "GET /xingrg/check_reg.html?_=1685584288895 HTTP/1.1" 200 22
120.253.135.82 - - [01/Jun/2023:09:54:13 +0800] "GET /xingrg/javascript/auto/indicator.gif HTTP/1.1" 404 1066
116.238.139.35 - - [01/Jun/2023:09:54:13 +0800] "GET /xingrg/all/function/internal_message.html?_=1685584359495&CODE_STATE=getMsg HTTP/1.1" 200 27
222.67.234.146 - - [01/Jun/2023:09:54:15 +0800] "GET /xingrg/kc/buy/cgsh_order_info.html?code=212023060100037 HTTP/1.1" 200 66419
222.67.234.146 - - [01/Jun/2023:09:54:15 +0800] "GET /xingrg/javascript/easyui/themes/default/validatebox.css HTTP/1.1" 404 1104
222.67.234.146 - - [01/Jun/2023:09:54:16 +0800] "POST /xingrg/kc/buy/cgsh_order_operate.html HTTP/1.1" 200 1192
180.169.147.146 - - [01/Jun/2023:09:54:17 +0800] "GET /xingrg/kc/base/check_order_info.html?code=452023053100553 HTTP/1.1" 200 26402
180.169.147.146 - - [01/Jun/2023:09:54:17 +0800] "GET /xingrg/dwr/interface/AjaxComOrderService.js HTTP/1.1" 200 18264
180.169.147.146 - - [01/Jun/2023:09:54:17 +0800] "GET /xingrg/dwr/interface/AjaxCheckService.js HTTP/1.1" 200 14003
180.169.147.146 - - [01/Jun/2023:09:54:17 +0800] "GET /xingrg/dwr/engine.js HTTP/1.1" 200 43631
180.169.147.146 - - [01/Jun/2023:09:54:18 +0800] "POST /xingrg/dwr/call/plaincall/AjaxCheckService.loadOrderItems.dwr HTTP/1.1" 200 38533
180.157.253.254 - - [01/Jun/2023:09:54:18 +0800] "GET /xingrg/check_reg.html?_=1685584458747 HTTP/1.1" 200 22
222.67.234.146 - - [01/Jun/2023:09:54:18 +0800] "GET /xingrg/kc/print/load_config.html?kc_code=cgsh HTTP/1.1" 200 1924
222.67.234.146 - - [01/Jun/2023:09:54:18 +0800] "GET /xingrg/kc/print/load_data.html?order_code=212023060100037&kc_code=cgsh&condition= HTTP/1.1" 200 983
180.157.253.254 - - [01/Jun/2023:09:54:19 +0800] "GET /xingrg/kc/buy/cgsh_order_operate.html?command=get_materiel&rest_code=00148&code=00101008355&supplier_code=00100008&order_time=2023-06-01 HTTP/1.1" 200 408
180.169.147.146 - - [01/Jun/2023:09:54:19 +0800] "GET /xingrg/check_reg.html?_=1685584451854 HTTP/1.1" 200 22
180.169.147.146 - - [01/Jun/2023:09:54:19 +0800] "GET /xingrg/all/function/internal_message.html?_=1685584451921&CODE_STATE=getMsg HTTP/1.1" 200 27
218.81.217.42 - - [01/Jun/2023:09:54:20 +0800] "POST /xingrg/services/DataTransmitService HTTP/1.1" 200 524
180.152.240.79 - - [01/Jun/2023:09:54:21 +0800] "GET /xingrg/all/function/internal_message.html?_=1685584461484&CODE_STATE=getMsg HTTP/1.1" 200 27
222.67.234.146 - - [01/Jun/2023:09:54:25 +0800] "GET /xingrg/kc/buy/cgsh_order_add.html HTTP/1.1" 200 71510
180.152.240.79 - - [01/Jun/2023:09:54:25 +0800] "GET /xingrg/kc/buy/cgsh_order_operate.html?command=get_materiel&rest_code=00102&code=00101009112&supplier_code=00100022&order_time=2023-06-01 HTTP/1.1" 200 425
180.157.253.254 - - [01/Jun/2023:09:54:25 +0800] "GET /xingrg/kc/buy/cgsh_order_operate.html?command=get_materiel&rest_code=00148&code=00101008144&supplier_code=00100008&order_time=2023-06-01 HTTP/1.1" 200 412
222.67.234.146 - - [01/Jun/2023:09:54:26 +0800] "POST /xingrg/kc/buy/cgsh_order_operate.html HTTP/1.1" 200 8245
222.67.234.146 - - [01/Jun/2023:09:54:26 +0800] "GET /xingrg/javascript/easyui/themes/default/validatebox.css HTTP/1.1" 404 1104
180.169.147.146 - - [01/Jun/2023:09:54:26 +0800] "POST /xingrg/dwr/call/plaincall/AjaxCheckService.setItemNumber.dwr HTTP/1.1" 200 76
120.253.135.82 - - [01/Jun/2023:09:54:28 +0800] "POST /xingrg/all/common/load_combo.html?type=employee HTTP/1.1" 200 1664
101.83.145.52 - - [01/Jun/2023:09:54:28 +0800] "GET /xingrg/all/function/internal_message.html?_=1685584468305&CODE_STATE=getMsg HTTP/1.1" 200 27
180.169.147.146 - - [01/Jun/2023:09:54:28 +0800] "GET /xingrg/check_reg.html?_=1685584468088 HTTP/1.1" 200 22
180.157.253.254 - - [01/Jun/2023:09:54:32 +0800] "GET /xingrg/kc/buy/cgsh_order_operate.html?command=get_materiel&rest_code=00148&code=00101008264&supplier_code=00100008&order_time=2023-06-01 HTTP/1.1" 200 412
180.169.147.146 - - [01/Jun/2023:09:54:32 +0800] "POST /xingrg/dwr/call/plaincall/AjaxCheckService.setItemNumber.dwr HTTP/1.1" 200 76
180.169.147.146 - - [01/Jun/2023:09:54:32 +0800] "POST /xingrg/dwr/call/plaincall/AjaxCheckService.setItemNumber.dwr HTTP/1.1" 200 76
180.169.147.146 - - [01/Jun/2023:09:54:33 +0800] "POST /xingrg/dwr/call/plaincall/AjaxCheckService.setItemNumber.dwr HTTP/1.1" 200 76
116.237.77.239 - - [01/Jun/2023:09:54:33 +0800] "GET /xingrg/all/function/internal_message.html?_=1685584475400&CODE_STATE=getMsg HTTP/1.1" 200 27
180.169.147.146 - - [01/Jun/2023:09:54:34 +0800] "POST /xingrg/dwr/call/plaincall/AjaxCheckService.setItemNumber.dwr HTTP/1.1" 200 76
180.169.147.146 - - [01/Jun/2023:09:54:34 +0800] "POST /xingrg/dwr/call/plaincall/AjaxCheckService.setItemNumber.dwr HTTP/1.1" 200 76
180.169.147.146 - - [01/Jun/2023:09:54:35 +0800] "POST /xingrg/dwr/call/plaincall/AjaxCheckService.setItemNumber.dwr HTTP/1.1" 200 76
180.169.147.146 - - [01/Jun/2023:09:54:35 +0800] "POST /xingrg/dwr/call/plaincall/AjaxCheckService.setItemNumber.dwr HTTP/1.1" 200 76
180.169.147.146 - - [01/Jun/2023:09:54:36 +0800] "POST /xingrg/dwr/call/plaincall/AjaxCheckService.setItemNumber.dwr HTTP/1.1" 200 76
180.169.147.146 - - [01/Jun/2023:09:54:37 +0800] "POST /xingrg/dwr/call/plaincall/AjaxCheckService.setItemNumber.dwr HTTP/1.1" 200 77
180.169.147.146 - - [01/Jun/2023:09:54:37 +0800] "POST /xingrg/dwr/call/plaincall/AjaxCheckService.setItemNumber.dwr HTTP/1.1" 200 77
222.67.234.146 - - [01/Jun/2023:09:54:37 +0800] "GET /xingrg/kc/buy/cgsh_order_operate.html?command=get_materiel&rest_code=00141&code=00101006111&supplier_code=00100012&order_time=2023-06-01 HTTP/1.1" 200 428
180.169.147.146 - - [01/Jun/2023:09:54:38 +0800] "POST /xingrg/dwr/call/plaincall/AjaxCheckService.setItemNumber.dwr HTTP/1.1" 200 77
180.169.147.146 - - [01/Jun/2023:09:54:38 +0800] "POST /xingrg/dwr/call/plaincall/AjaxCheckService.setItemNumber.dwr HTTP/1.1" 200 77
180.169.147.146 - - [01/Jun/2023:09:54:39 +0800] "POST /xingrg/dwr/call/plaincall/AjaxCheckService.setItemNumber.dwr HTTP/1.1" 200 77
180.157.253.254 - - [01/Jun/2023:09:54:40 +0800] "GET /xingrg/kc/buy/cgsh_order_operate.html?command=get_materiel&rest_code=00148&code=00101008439&supplier_code=00100008&order_time=2023-06-01 HTTP/1.1" 200 413
172.20.0.100 - - [01/Jun/2023:09:54:40 +0800] "GET /xingrg/all/function/internal_message.html?_=1685584479832&CODE_STATE=getMsg HTTP/1.1" 302 -
114.85.113.108 - - [01/Jun/2023:09:54:40 +0800] "GET /xingrg/all/function/internal_message.html?_=1685584452618&CODE_STATE=getMsg HTTP/1.1" 200 27
180.169.147.146 - - [01/Jun/2023:09:54:42 +0800] "POST /xingrg/dwr/call/plaincall/AjaxCheckService.setItemNumber.dwr HTTP/1.1" 200 77
101.229.22.40 - - [01/Jun/2023:09:54:42 +0800] "GET /xingrg/all/function/internal_message.html?_=1685584482375&CODE_STATE=getMsg HTTP/1.1" 200 27
180.169.147.146 - - [01/Jun/2023:09:54:42 +0800] "POST /xingrg/dwr/call/plaincall/AjaxCheckService.setItemNumber.dwr HTTP/1.1" 200 77
120.253.135.82 - - [01/Jun/2023:09:54:42 +0800] "GET /xingrg/kc/buy/cgsh_order_operate.html?command=get_materiel&rest_code=00101&code=00101019374&supplier_code=00100148&order_time=2023-06-01 HTTP/1.1" 200 466
180.169.147.146 - - [01/Jun/2023:09:54:43 +0800] "POST /xingrg/dwr/call/plaincall/AjaxCheckService.setItemNumber.dwr HTTP/1.1" 200 77
180.164.3.199 - - [01/Jun/2023:09:54:43 +0800] "GET /xingrg/check_reg.html?_=1685584483080 HTTP/1.1" 200 22
180.169.147.146 - - [01/Jun/2023:09:54:44 +0800] "POST /xingrg/dwr/call/plaincall/AjaxCheckService.setItemNumber.dwr HTTP/1.1" 200 77
120.253.135.82 - - [01/Jun/2023:09:54:44 +0800] "POST /xingrg/all/common/load_select.html HTTP/1.1" 200 25
180.164.3.199 - - [01/Jun/2023:09:54:44 +0800] "GET /xingrg/all/function/internal_message.html?_=1685584483937&CODE_STATE=getMsg HTTP/1.1" 200 27
180.169.147.146 - - [01/Jun/2023:09:54:44 +0800] "POST /xingrg/dwr/call/plaincall/AjaxCheckService.setItemNumber.dwr HTTP/1.1" 200 77
114.85.113.108 - - [01/Jun/2023:09:54:45 +0800] "GET /xingrg/check_reg.html?_=1685584456891 HTTP/1.1" 200 22
222.67.234.146 - - [01/Jun/2023:09:54:45 +0800] "GET /xingrg/all/function/internal_message.html?_=1685583991462&CODE_STATE=getMsg HTTP/1.1" 200 27
180.169.147.146 - - [01/Jun/2023:09:54:46 +0800] "POST /xingrg/dwr/call/plaincall/AjaxCheckService.setItemNumber.dwr HTTP/1.1" 200 77
180.169.147.146 - - [01/Jun/2023:09:54:47 +0800] "POST /xingrg/dwr/call/plaincall/AjaxCheckService.setItemNumber.dwr HTTP/1.1" 200 77
218.81.217.42 - - [01/Jun/2023:09:54:47 +0800] "GET /xingrg/all/function/internal_message.html?_=1685584501271&CODE_STATE=getMsg HTTP/1.1" 200 27
180.157.253.254 - - [01/Jun/2023:09:54:48 +0800] "GET /xingrg/kc/buy/cgsh_order_operate.html?command=get_materiel&rest_code=00148&code=00101008136&supplier_code=00100008&order_time=2023-06-01 HTTP/1.1" 200 413
180.169.147.146 - - [01/Jun/2023:09:54:48 +0800] "POST /xingrg/dwr/call/plaincall/AjaxCheckService.setItemNumber.dwr HTTP/1.1" 200 77
120.253.135.82 - - [01/Jun/2023:09:54:48 +0800] "GET /xingrg/kc/buy/cgsh_order_operate.html?command=get_materiel_price&rest_code=00101&code=00101019374&unit_code=00100157&supplier_code=00100148&order_time=2023-06-01 HTTP/1.1" 200 29
180.169.147.146 - - [01/Jun/2023:09:54:49 +0800] "POST /xingrg/dwr/call/plaincall/AjaxCheckService.setItemNumber.dwr HTTP/1.1" 200 77
222.67.234.146 - - [01/Jun/2023:09:54:49 +0800] "GET /xingrg/kc/buy/cgsh_order_operate.html?command=get_materiel&rest_code=00141&code=00101006129&supplier_code=00100012&order_time=2023-06-01 HTTP/1.1" 200 431
180.169.147.146 - - [01/Jun/2023:09:54:50 +0800] "POST /xingrg/dwr/call/plaincall/AjaxCheckService.setItemNumber.dwr HTTP/1.1" 200 77
218.81.217.42 - - [01/Jun/2023:09:54:50 +0800] "GET /xingrg/all/function/internal_message.html?_=1685584502108&CODE_STATE=getMsg HTTP/1.1" 200 27
180.169.147.146 - - [01/Jun/2023:09:54:51 +0800] "POST /xingrg/dwr/call/plaincall/AjaxCheckService.setItemNumber.dwr HTTP/1.1" 200 77
180.169.147.146 - - [01/Jun/2023:09:54:52 +0800] "POST /xingrg/dwr/call/plaincall/AjaxCheckService.setItemNumber.dwr HTTP/1.1" 200 77
180.169.147.146 - - [01/Jun/2023:09:54:53 +0800] "GET /xingrg/check_reg.html?_=1685584493310 HTTP/1.1" 200 22
180.169.147.146 - - [01/Jun/2023:09:54:53 +0800] "GET /xingrg/all/function/internal_message.html?_=1685584493312&CODE_STATE=getMsg HTTP/1.1" 200 27
180.169.147.146 - - [01/Jun/2023:09:54:53 +0800] "POST /xingrg/dwr/call/plaincall/AjaxCheckService.setItemNumber.dwr HTTP/1.1" 200 77
120.253.135.82 - - [01/Jun/2023:09:54:54 +0800] "GET /xingrg/all/function/internal_message.html?_=1685584329997&CODE_STATE=getMsg HTTP/1.1" 200 27
116.237.77.239 - - [01/Jun/2023:09:54:54 +0800] "GET /xingrg/check_reg.html?_=1685584496549 HTTP/1.1" 200 22
116.237.77.239 - - [01/Jun/2023:09:54:54 +0800] "GET /xingrg/all/function/internal_message.html?_=1685584496552&CODE_STATE=getMsg HTTP/1.1" 200 27
180.169.147.146 - - [01/Jun/2023:09:54:55 +0800] "POST /xingrg/dwr/call/plaincall/AjaxCheckService.setItemNumber.dwr HTTP/1.1" 200 77
180.169.147.146 - - [01/Jun/2023:09:54:55 +0800] "POST /xingrg/dwr/call/plaincall/AjaxCheckService.setItemNumber.dwr HTTP/1.1" 200 77
172.20.0.100 - - [01/Jun/2023:09:54:56 +0800] "GET /xingrg/all/function/internal_message.html?_=1685584505715&CODE_STATE=getMsg HTTP/1.1" 200 27
180.169.147.146 - - [01/Jun/2023:09:54:56 +0800] "POST /xingrg/dwr/call/plaincall/AjaxCheckService.setItemNumber.dwr HTTP/1.1" 200 77
180.157.253.254 - - [01/Jun/2023:09:54:56 +0800] "GET /xingrg/kc/buy/cgsh_order_operate.html?command=get_materiel&rest_code=00148&code=00101008197&supplier_code=00100008&order_time=2023-06-01 HTTP/1.1" 200 416
180.169.147.146 - - [01/Jun/2023:09:54:57 +0800] "POST /xingrg/dwr/call/plaincall/AjaxCheckService.setItemNumber.dwr HTTP/1.1" 200 77
180.169.147.146 - - [01/Jun/2023:09:54:58 +0800] "POST /xingrg/dwr/call/plaincall/AjaxCheckService.setItemNumber.dwr HTTP/1.1" 200 77
180.169.147.146 - - [01/Jun/2023:09:54:59 +0800] "POST /xingrg/dwr/call/plaincall/AjaxCheckService.setItemNumber.dwr HTTP/1.1" 200 77
180.169.147.146 - - [01/Jun/2023:09:55:00 +0800] "GET /xingrg/all/function/internal_message.html?_=1685584505318&CODE_STATE=getMsg HTTP/1.1" 200 27
180.169.147.146 - - [01/Jun/2023:09:55:00 +0800] "POST /xingrg/dwr/call/plaincall/AjaxCheckService.setItemNumber.dwr HTTP/1.1" 200 77
120.253.135.82 - - [01/Jun/2023:09:55:00 +0800] "POST /xingrg/kc/buy/cgsh_order_operate.html HTTP/1.1" 200 37
180.169.147.146 - - [01/Jun/2023:09:55:01 +0800] "POST /xingrg/dwr/call/plaincall/AjaxCheckService.setItemNumber.dwr HTTP/1.1" 200 77
180.169.147.146 - - [01/Jun/2023:09:55:02 +0800] "POST /xingrg/dwr/call/plaincall/AjaxCheckService.setItemNumber.dwr HTTP/1.1" 200 77
114.83.221.184 - - [01/Jun/2023:09:55:03 +0800] "GET /xingrg/all/function/internal_message.html?_=1685584503044&CODE_STATE=getMsg HTTP/1.1" 200 27
180.169.147.146 - - [01/Jun/2023:09:55:03 +0800] "POST /xingrg/dwr/call/plaincall/AjaxCheckService.setItemNumber.dwr HTTP/1.1" 200 77
180.152.240.79 - - [01/Jun/2023:09:55:03 +0800] "GET /xingrg/kc/buy/cgsh_order_operate.html?command=get_materiel&rest_code=00102&code=00101009140&supplier_code=00100022&order_time=2023-06-01 HTTP/1.1" 200 434
120.253.135.82 - - [01/Jun/2023:09:55:03 +0800] "POST /xingrg/kc/buy/cgsh_order_operate.html HTTP/1.1" 200 2695
180.169.147.146 - - [01/Jun/2023:09:55:03 +0800] "GET /xingrg/all/function/internal_message.html?_=1685584502757&CODE_STATE=getMsg HTTP/1.1" 200 27
180.169.147.146 - - [01/Jun/2023:09:55:04 +0800] "POST /xingrg/dwr/call/plaincall/AjaxCheckService.setItemNumber.dwr HTTP/1.1" 200 77
180.169.147.146 - - [01/Jun/2023:09:55:05 +0800] "POST /xingrg/dwr/call/plaincall/AjaxCheckService.setItemNumber.dwr HTTP/1.1" 200 77
120.253.135.82 - - [01/Jun/2023:09:55:05 +0800] "GET /xingrg/kc/print/load_config.html?kc_code=cgsh HTTP/1.1" 200 1924
120.253.135.82 - - [01/Jun/2023:09:55:05 +0800] "GET /xingrg/kc/print/load_data.html?order_code=212023060100039&kc_code=cgsh&condition= HTTP/1.1" 200 729
180.157.253.254 - - [01/Jun/2023:09:55:06 +0800] "GET /xingrg/kc/buy/cgsh_order_operate.html?command=get_materiel&rest_code=00148&code=00101008149&supplier_code=00100008&order_time=2023-06-01 HTTP/1.1" 200 408
180.169.147.146 - - [01/Jun/2023:09:55:06 +0800] "POST /xingrg/dwr/call/plaincall/AjaxCheckService.setItemNumber.dwr HTTP/1.1" 200 77
116.232.195.127 - - [01/Jun/2023:09:55:06 +0800] "GET /xingrg/all/function/internal_message.html?_=1685584535263&CODE_STATE=getMsg HTTP/1.1" 200 27
180.169.147.146 - - [01/Jun/2023:09:55:07 +0800] "POST /xingrg/dwr/call/plaincall/AjaxCheckService.setItemNumber.dwr HTTP/1.1" 200 77
180.169.147.146 - - [01/Jun/2023:09:55:09 +0800] "POST /xingrg/dwr/call/plaincall/AjaxCheckService.setItemNumber.dwr HTTP/1.1" 200 77
101.83.145.52 - - [01/Jun/2023:09:55:10 +0800] "GET /xingrg/check_reg.html?_=1685584340127 HTTP/1.1" 200 22
101.83.145.52 - - [01/Jun/2023:09:55:10 +0800] "GET /xingrg/all/function/internal_message.html?_=1685584340130&CODE_STATE=getMsg HTTP/1.1" 200 27
180.169.147.146 - - [01/Jun/2023:09:55:10 +0800] "POST /xingrg/dwr/call/plaincall/AjaxCheckService.setItemNumber.dwr HTTP/1.1" 200 77
116.238.139.35 - - [01/Jun/2023:09:55:10 +0800] "GET /xingrg/all/function/internal_message.html?_=1685584510089&CODE_STATE=getMsg HTTP/1.1" 200 27
180.169.147.146 - - [01/Jun/2023:09:55:10 +0800] "POST /xingrg/dwr/call/plaincall/AjaxCheckService.setItemNumber.dwr HTTP/1.1" 200 77
114.83.221.184 - - [01/Jun/2023:09:55:10 +0800] "GET /xingrg/all/function/internal_message.html?_=1685584508047&CODE_STATE=getMsg HTTP/1.1" 200 27
222.67.234.146 - - [01/Jun/2023:09:55:11 +0800] "GET /xingrg/kc/buy/cgsh_order_operate.html?command=get_materiel&rest_code=00141&code=00101006056&supplier_code=00100012&order_time=2023-06-01 HTTP/1.1" 200 413
180.169.147.146 - - [01/Jun/2023:09:55:11 +0800] "POST /xingrg/dwr/call/plaincall/AjaxCheckService.setItemNumber.dwr HTTP/1.1" 200 77
124.79.74.67 - - [01/Jun/2023:09:55:12 +0800] "GET /xingrg/all/function/internal_message.html?_=1685584518762&CODE_STATE=getMsg HTTP/1.1" 200 27
180.169.147.146 - - [01/Jun/2023:09:55:13 +0800] "POST /xingrg/dwr/call/plaincall/AjaxCheckService.setItemNumber.dwr HTTP/1.1" 200 77
116.238.139.35 - - [01/Jun/2023:09:55:13 +0800] "GET /xingrg/all/function/internal_message.html?_=1685584419498&CODE_STATE=getMsg HTTP/1.1" 200 27
180.152.240.79 - - [01/Jun/2023:09:55:16 +0800] "GET /xingrg/kc/buy/cgsh_order_operate.html?command=get_materiel&rest_code=00102&code=00101009066&supplier_code=00100022&order_time=2023-06-01 HTTP/1.1" 200 416
180.169.147.146 - - [01/Jun/2023:09:55:19 +0800] "GET /xingrg/all/function/internal_message.html?_=1685584511890&CODE_STATE=getMsg HTTP/1.1" 200 27
180.152.240.79 - - [01/Jun/2023:09:55:21 +0800] "GET /xingrg/check_reg.html?_=1685584521480 HTTP/1.1" 200 22
180.152.240.79 - - [01/Jun/2023:09:55:21 +0800] "GET /xingrg/all/function/internal_message.html?_=1685584521480&CODE_STATE=getMsg HTTP/1.1" 200 27
101.83.145.52 - - [01/Jun/2023:09:55:28 +0800] "GET /xingrg/all/function/internal_message.html?_=1685584528307&CODE_STATE=getMsg HTTP/1.1" 200 27
180.169.147.146 - - [01/Jun/2023:09:55:28 +0800] "POST /xingrg/dwr/call/plaincall/AjaxCheckService.setItemNumber.dwr HTTP/1.1" 200 77
180.169.147.146 - - [01/Jun/2023:09:55:30 +0800] "POST /xingrg/dwr/call/plaincall/AjaxCheckService.setItemNumber.dwr HTTP/1.1" 200 77
180.169.147.146 - - [01/Jun/2023:09:55:31 +0800] "POST /xingrg/dwr/call/plaincall/AjaxCheckService.setItemNumber.dwr HTTP/1.1" 200 77
180.169.147.146 - - [01/Jun/2023:09:55:33 +0800] "POST /xingrg/dwr/call/plaincall/AjaxCheckService.setItemNumber.dwr HTTP/1.1" 200 77
116.237.77.239 - - [01/Jun/2023:09:55:33 +0800] "GET /xingrg/all/function/internal_message.html?_=1685584535427&CODE_STATE=getMsg HTTP/1.1" 200 27
180.169.147.146 - - [01/Jun/2023:09:55:33 +0800] "POST /xingrg/dwr/call/plaincall/AjaxCheckService.setItemNumber.dwr HTTP/1.1" 200 77
180.169.147.146 - - [01/Jun/2023:09:55:34 +0800] "POST /xingrg/dwr/call/plaincall/AjaxCheckService.setItemNumber.dwr HTTP/1.1" 200 77
180.169.147.146 - - [01/Jun/2023:09:55:35 +0800] "POST /xingrg/dwr/call/plaincall/AjaxCheckService.setItemNumber.dwr HTTP/1.1" 200 77
180.169.147.146 - - [01/Jun/2023:09:55:36 +0800] "POST /xingrg/dwr/call/plaincall/AjaxCheckService.setItemNumber.dwr HTTP/1.1" 200 77
180.169.147.146 - - [01/Jun/2023:09:55:37 +0800] "POST /xingrg/dwr/call/plaincall/AjaxCheckService.setItemNumber.dwr HTTP/1.1" 200 77
180.169.147.146 - - [01/Jun/2023:09:55:38 +0800] "POST /xingrg/dwr/call/plaincall/AjaxCheckService.setItemNumber.dwr HTTP/1.1" 200 77
180.169.147.146 - - [01/Jun/2023:09:55:39 +0800] "POST /xingrg/dwr/call/plaincall/AjaxCheckService.setItemNumber.dwr HTTP/1.1" 200 77
172.20.0.100 - - [01/Jun/2023:09:55:40 +0800] "GET /xingrg/all/function/internal_message.html?_=1685584539833&CODE_STATE=getMsg HTTP/1.1" 302 -
114.85.113.108 - - [01/Jun/2023:09:55:40 +0800] "GET /xingrg/all/function/internal_message.html?_=1685584512671&CODE_STATE=getMsg HTTP/1.1" 200 27
180.152.240.79 - - [01/Jun/2023:09:55:42 +0800] "GET /xingrg/kc/buy/cgsh_order_operate.html?command=get_materiel&rest_code=00102&code=00101009059&supplier_code=00100022&order_time=2023-06-01 HTTP/1.1" 200 429
101.229.22.40 - - [01/Jun/2023:09:55:42 +0800] "GET /xingrg/all/function/internal_message.html?_=1685584542373&CODE_STATE=getMsg HTTP/1.1" 200 27
101.229.22.40 - - [01/Jun/2023:09:55:42 +0800] "GET /xingrg/check_reg.html?_=1685584542375 HTTP/1.1" 200 22
180.169.147.146 - - [01/Jun/2023:09:55:42 +0800] "POST /xingrg/dwr/call/plaincall/AjaxCheckService.setItemNumber.dwr HTTP/1.1" 200 77
180.164.3.199 - - [01/Jun/2023:09:55:44 +0800] "GET /xingrg/all/function/internal_message.html?_=1685584543908&CODE_STATE=getMsg HTTP/1.1" 200 27
222.67.234.146 - - [01/Jun/2023:09:55:45 +0800] "GET /xingrg/all/function/internal_message.html?_=1685584051437&CODE_STATE=getMsg HTTP/1.1" 200 27
218.81.217.42 - - [01/Jun/2023:09:55:47 +0800] "GET /xingrg/all/function/internal_message.html?_=1685584561282&CODE_STATE=getMsg HTTP/1.1" 200 27
218.81.217.42 - - [01/Jun/2023:09:55:50 +0800] "GET /xingrg/check_reg.html?_=1685584561437 HTTP/1.1" 200 22
218.81.217.42 - - [01/Jun/2023:09:55:50 +0800] "GET /xingrg/all/function/internal_message.html?_=1685584562121&CODE_STATE=getMsg HTTP/1.1" 200 27
180.169.147.146 - - [01/Jun/2023:09:55:53 +0800] "GET /xingrg/all/function/internal_message.html?_=1685584553298&CODE_STATE=getMsg HTTP/1.1" 200 27
120.253.135.82 - - [01/Jun/2023:09:55:54 +0800] "GET /xingrg/all/function/internal_message.html?_=1685584390012&CODE_STATE=getMsg HTTP/1.1" 200 27
116.237.77.239 - - [01/Jun/2023:09:55:54 +0800] "GET /xingrg/all/function/internal_message.html?_=1685584556540&CODE_STATE=getMsg HTTP/1.1" 200 27
180.169.147.146 - - [01/Jun/2023:09:55:55 +0800] "GET /xingrg/kc/base/check_order_list.html?isBack=1 HTTP/1.1" 200 16223
180.169.147.146 - - [01/Jun/2023:09:55:55 +0800] "POST /xingrg/kc/base/check_list_operate.html HTTP/1.1" 200 4805
180.157.253.254 - - [01/Jun/2023:09:55:55 +0800] "GET /xingrg/kc/buy/cgsh_order_operate.html?command=get_materiel&rest_code=00148&code=00101008185&supplier_code=00100008&order_time=2023-06-01 HTTP/1.1" 200 408
172.20.0.100 - - [01/Jun/2023:09:55:56 +0800] "GET /xingrg/all/function/internal_message.html?_=1685584565729&CODE_STATE=getMsg HTTP/1.1" 200 27
172.20.0.100 - - [01/Jun/2023:09:55:56 +0800] "GET /xingrg/check_reg.html?_=1685584565730 HTTP/1.1" 200 22
180.169.147.146 - - [01/Jun/2023:09:55:57 +0800] "GET /xingrg/kc/base/check_order_info.html?code=452023053100552 HTTP/1.1" 200 26402
180.169.147.146 - - [01/Jun/2023:09:55:57 +0800] "GET /xingrg/dwr/interface/AjaxComOrderService.js HTTP/1.1" 200 18264
180.169.147.146 - - [01/Jun/2023:09:55:57 +0800] "GET /xingrg/dwr/interface/AjaxCheckService.js HTTP/1.1" 200 14003
180.169.147.146 - - [01/Jun/2023:09:55:57 +0800] "GET /xingrg/dwr/engine.js HTTP/1.1" 200 43631
180.169.147.146 - - [01/Jun/2023:09:55:57 +0800] "POST /xingrg/dwr/call/plaincall/AjaxCheckService.loadOrderItems.dwr HTTP/1.1" 200 204391
180.157.253.254 - - [01/Jun/2023:09:55:59 +0800] "GET /xingrg/check_reg.html?_=1685584558554 HTTP/1.1" 200 22
180.169.147.146 - - [01/Jun/2023:09:56:00 +0800] "GET /xingrg/all/function/internal_message.html?_=1685584565316&CODE_STATE=getMsg HTTP/1.1" 200 27
180.169.147.146 - - [01/Jun/2023:09:56:00 +0800] "GET /xingrg/check_reg.html?_=1685584565317 HTTP/1.1" 200 22
180.169.147.146 - - [01/Jun/2023:09:56:03 +0800] "POST /xingrg/dwr/call/plaincall/AjaxCheckService.setItemNumber.dwr HTTP/1.1" 200 76
114.83.221.184 - - [01/Jun/2023:09:56:03 +0800] "GET /xingrg/all/function/internal_message.html?_=1685584563041&CODE_STATE=getMsg HTTP/1.1" 200 27
180.169.147.146 - - [01/Jun/2023:09:56:03 +0800] "GET /xingrg/all/function/internal_message.html?_=1685584562752&CODE_STATE=getMsg HTTP/1.1" 200 27
180.169.147.146 - - [01/Jun/2023:09:56:04 +0800] "POST /xingrg/dwr/call/plaincall/AjaxCheckService.setItemNumber.dwr HTTP/1.1" 200 76
180.169.147.146 - - [01/Jun/2023:09:56:05 +0800] "POST /xingrg/dwr/call/plaincall/AjaxCheckService.setItemNumber.dwr HTTP/1.1" 200 76
180.169.147.146 - - [01/Jun/2023:09:56:05 +0800] "POST /xingrg/dwr/call/plaincall/AjaxCheckService.setItemNumber.dwr HTTP/1.1" 200 76
116.232.195.127 - - [01/Jun/2023:09:56:06 +0800] "GET /xingrg/all/function/internal_message.html?_=1685584595246&CODE_STATE=getMsg HTTP/1.1" 200 27
180.169.147.146 - - [01/Jun/2023:09:56:06 +0800] "POST /xingrg/dwr/call/plaincall/AjaxCheckService.setItemNumber.dwr HTTP/1.1" 200 76
180.157.253.254 - - [01/Jun/2023:09:56:07 +0800] "GET /xingrg/kc/buy/cgsh_order_operate.html?command=get_materiel&rest_code=00148&code=00101008351&supplier_code=00100008&order_time=2023-06-01 HTTP/1.1" 200 408
180.169.147.146 - - [01/Jun/2023:09:56:08 +0800] "POST /xingrg/dwr/call/plaincall/AjaxCheckService.setItemNumber.dwr HTTP/1.1" 200 76
116.238.139.35 - - [01/Jun/2023:09:56:08 +0800] "POST /xingrg/dwr/call/plaincall/AjaxCheckService.setItemNumber.dwr HTTP/1.1" 200 77
180.169.147.146 - - [01/Jun/2023:09:56:09 +0800] "POST /xingrg/dwr/call/plaincall/AjaxCheckService.setItemNumber.dwr HTTP/1.1" 200 76
101.83.145.52 - - [01/Jun/2023:09:56:10 +0800] "GET /xingrg/all/function/internal_message.html?_=1685584400124&CODE_STATE=getMsg HTTP/1.1" 200 27
180.169.147.146 - - [01/Jun/2023:09:56:10 +0800] "POST /xingrg/dwr/call/plaincall/AjaxCheckService.setItemNumber.dwr HTTP/1.1" 200 76
116.238.139.35 - - [01/Jun/2023:09:56:10 +0800] "GET /xingrg/all/function/internal_message.html?_=1685584570092&CODE_STATE=getMsg HTTP/1.1" 200 27
116.238.139.35 - - [01/Jun/2023:09:56:10 +0800] "GET /xingrg/check_reg.html?_=1685584570089 HTTP/1.1" 200 22
180.169.147.146 - - [01/Jun/2023:09:56:10 +0800] "POST /xingrg/dwr/call/plaincall/AjaxCheckService.setItemNumber.dwr HTTP/1.1" 200 76
114.83.221.184 - - [01/Jun/2023:09:56:10 +0800] "GET /xingrg/all/function/internal_message.html?_=1685584568020&CODE_STATE=getMsg HTTP/1.1" 200 27
