120.253.135.82 - - [01/Jun/2023:05:56:18 +0800] "GET /xingrg/dwr/interface/AjaxComOrderService.js HTTP/1.1" 200 18264
120.253.135.82 - - [01/Jun/2023:05:56:18 +0800] "GET /xingrg/dwr/interface/AjaxQqpsService.js HTTP/1.1" 200 16326
120.253.135.82 - - [01/Jun/2023:05:56:18 +0800] "GET /xingrg/dwr/engine.js HTTP/1.1" 200 43631
120.253.135.82 - - [01/Jun/2023:05:56:18 +0800] "POST /xingrg/dwr/call/plaincall/AjaxQqpsService.loadMaterielItems.dwr HTTP/1.1" 200 4051
218.81.217.41 - - [01/Jun/2023:05:56:20 +0800] "GET /xingrg/all/function/internal_message.html?_=1685570193702&CODE_STATE=getMsg HTTP/1.1" 200 27
120.253.135.82 - - [01/Jun/2023:05:56:24 +0800] "GET /xingrg/images/yd/bt.gif HTTP/1.1" 404 1040
120.253.135.82 - - [01/Jun/2023:05:56:24 +0800] "GET /xingrg/images/yd/bt2.gif HTTP/1.1" 404 1042
120.253.135.82 - - [01/Jun/2023:05:56:31 +0800] "GET /xingrg/kc/pszx/mdqp_order_list.html?isBack=1 HTTP/1.1" 302 -
120.253.135.82 - - [01/Jun/2023:05:56:31 +0800] "GET /xingrg/kc/pszx/mdqp_order_list.html?state=10&page_num=2 HTTP/1.1" 200 12842
120.253.135.82 - - [01/Jun/2023:05:56:31 +0800] "GET /xingrg/dwr/interface/AjaxQqpsService.js HTTP/1.1" 200 16326
120.253.135.82 - - [01/Jun/2023:05:56:31 +0800] "GET /xingrg/dwr/interface/AjaxReportQueryService.js HTTP/1.1" 200 13203
120.253.135.82 - - [01/Jun/2023:05:56:31 +0800] "GET /xingrg/dwr/engine.js HTTP/1.1" 200 43631
218.81.217.41 - - [01/Jun/2023:05:56:31 +0800] "GET /xingrg/all/function/internal_message.html?_=1685570202464&CODE_STATE=getMsg HTTP/1.1" 200 27
120.253.135.82 - - [01/Jun/2023:05:56:33 +0800] "GET /xingrg/kc/pszx/mdqp_order_info.html?code=302023053000490 HTTP/1.1" 200 13338
120.253.135.82 - - [01/Jun/2023:05:56:33 +0800] "GET /xingrg/dwr/interface/AjaxComOrderService.js HTTP/1.1" 200 18264
120.253.135.82 - - [01/Jun/2023:05:56:33 +0800] "GET /xingrg/dwr/interface/AjaxQqpsService.js HTTP/1.1" 200 16326
120.253.135.82 - - [01/Jun/2023:05:56:33 +0800] "GET /xingrg/dwr/engine.js HTTP/1.1" 200 43631
120.253.135.82 - - [01/Jun/2023:05:56:33 +0800] "POST /xingrg/dwr/call/plaincall/AjaxQqpsService.loadMaterielItems.dwr HTTP/1.1" 200 2087
120.253.135.82 - - [01/Jun/2023:05:56:36 +0800] "GET /xingrg/kc/pszx/mdqp_order_list.html?isBack=1 HTTP/1.1" 302 -
120.253.135.82 - - [01/Jun/2023:05:56:36 +0800] "GET /xingrg/kc/pszx/mdqp_order_list.html?state=10&page_num=2 HTTP/1.1" 200 12842
120.253.135.82 - - [01/Jun/2023:05:56:36 +0800] "GET /xingrg/dwr/interface/AjaxQqpsService.js HTTP/1.1" 200 16326
120.253.135.82 - - [01/Jun/2023:05:56:36 +0800] "GET /xingrg/dwr/engine.js HTTP/1.1" 200 43631
120.253.135.82 - - [01/Jun/2023:05:56:36 +0800] "GET /xingrg/dwr/interface/AjaxReportQueryService.js HTTP/1.1" 200 13203
120.253.135.82 - - [01/Jun/2023:05:56:39 +0800] "GET /xingrg/kc/pszx/jzcl_ps.html HTTP/1.1" 200 7683
120.253.135.82 - - [01/Jun/2023:05:56:39 +0800] "GET /xingrg/css/table.css HTTP/1.1" 304 -
120.253.135.82 - - [01/Jun/2023:05:56:39 +0800] "GET /xingrg/javascript/step/step.css HTTP/1.1" 304 -
120.253.135.82 - - [01/Jun/2023:05:56:39 +0800] "POST /xingrg/all/common/load_tree.html?tree=area_rest_tree_json HTTP/1.1" 200 3499
120.253.135.82 - - [01/Jun/2023:05:56:40 +0800] "POST /xingrg/kc/pszx/jzcl_ps_operate.html HTTP/1.1" 200 9073
120.253.135.82 - - [01/Jun/2023:05:56:40 +0800] "POST /xingrg/kc/pszx/jzcl_ps_operate.html HTTP/1.1" 200 9073
114.85.113.108 - - [01/Jun/2023:05:56:43 +0800] "GET /xingrg/all/function/internal_message.html?_=1685570175626&CODE_STATE=getMsg HTTP/1.1" 200 27
116.232.195.127 - - [01/Jun/2023:05:56:51 +0800] "GET /xingrg/all/function/internal_message.html?_=1685570240719&CODE_STATE=getMsg HTTP/1.1" 200 27
120.253.135.82 - - [01/Jun/2023:05:56:58 +0800] "POST /xingrg/kc/pszx/jzcl_ps_operate.html HTTP/1.1" 200 4
114.83.218.35 - - [01/Jun/2023:05:56:59 +0800] "GET /xingrg/all/function/internal_message.html?_=1685570322570&CODE_STATE=getMsg HTTP/1.1" 200 27
120.253.135.82 - - [01/Jun/2023:05:57:02 +0800] "GET /xingrg/kc/pszx/mdps_order_list.html HTTP/1.1" 200 21032
120.253.135.82 - - [01/Jun/2023:05:57:02 +0800] "GET /xingrg/css/site.css HTTP/1.1" 304 -
120.253.135.82 - - [01/Jun/2023:05:57:02 +0800] "GET /xingrg/css/base.css HTTP/1.1" 304 -
120.253.135.82 - - [01/Jun/2023:05:57:02 +0800] "GET /xingrg/javascript/jquery_tools/datebox.css HTTP/1.1" 304 -
120.253.135.82 - - [01/Jun/2023:05:57:02 +0800] "GET /xingrg/javascript/jquery_tools/table.css HTTP/1.1" 304 -
120.253.135.82 - - [01/Jun/2023:05:57:02 +0800] "GET /xingrg/javascript/jquery_tools/list_manager.js HTTP/1.1" 304 -
120.253.135.82 - - [01/Jun/2023:05:57:02 +0800] "GET /xingrg/javascript/jquery_tools/jquery.tools.hotkey.js HTTP/1.1" 304 -
120.253.135.82 - - [01/Jun/2023:05:57:02 +0800] "GET /xingrg/javascript/jquery_tools/jquery.tools.table.js HTTP/1.1" 304 -
120.253.135.82 - - [01/Jun/2023:05:57:02 +0800] "GET /xingrg/javascript/easyui/themes/default/easyui.css HTTP/1.1" 304 -
120.253.135.82 - - [01/Jun/2023:05:57:02 +0800] "GET /xingrg/javascript/auto/jquery.autocomplete.css HTTP/1.1" 304 -
120.253.135.82 - - [01/Jun/2023:05:57:02 +0800] "GET /xingrg/javascript/jquery_tools/jquery.tools.min.js HTTP/1.1" 304 -
120.253.135.82 - - [01/Jun/2023:05:57:02 +0800] "GET /xingrg/javascript/jquery_tools/fix.css HTTP/1.1" 304 -
120.253.135.82 - - [01/Jun/2023:05:57:02 +0800] "GET /xingrg/javascript/jquery_tools/jquery.tools.extend.js HTTP/1.1" 304 -
120.253.135.82 - - [01/Jun/2023:05:57:02 +0800] "GET /xingrg/javascript/easyui/themes/icon.css HTTP/1.1" 304 -
120.253.135.82 - - [01/Jun/2023:05:57:02 +0800] "GET /xingrg/javascript/easyui/easyloader.js HTTP/1.1" 304 -
120.253.135.82 - - [01/Jun/2023:05:57:02 +0800] "GET /xingrg/javascript/jquery.cookie.js HTTP/1.1" 304 -
120.253.135.82 - - [01/Jun/2023:05:57:02 +0800] "GET /xingrg/javascript/easyui/plugins/jquery.parser.js HTTP/1.1" 304 -
120.253.135.82 - - [01/Jun/2023:05:57:02 +0800] "POST /xingrg/kc/pszx/mdps_list_operate.html HTTP/1.1" 200 5251
120.253.135.82 - - [01/Jun/2023:05:57:03 +0800] "GET /xingrg/all/function/internal_message.html?_=1685570058636&CODE_STATE=getMsg HTTP/1.1" 200 27
222.70.180.90 - - [01/Jun/2023:05:57:04 +0800] "GET /xingrg/all/function/internal_message.html?_=1685570221823&CODE_STATE=getMsg HTTP/1.1" 200 27
114.83.218.35 - - [01/Jun/2023:05:57:07 +0800] "GET /xingrg/check_reg.html?_=1685570330274 HTTP/1.1" 200 22
116.238.139.35 - - [01/Jun/2023:05:57:10 +0800] "GET /xingrg/all/function/internal_message.html?_=1685570229890&CODE_STATE=getMsg HTTP/1.1" 200 27
120.253.135.82 - - [01/Jun/2023:05:57:11 +0800] "GET /xingrg/javascript/auto/indicator.gif HTTP/1.1" 404 1066
120.253.135.82 - - [01/Jun/2023:05:57:13 +0800] "POST /xingrg/kc/pszx/mdps_list_operate.html HTTP/1.1" 200 3145
120.253.135.82 - - [01/Jun/2023:05:57:16 +0800] "POST /xingrg/kc/pszx/mdps_list_operate.html HTTP/1.1" 200 604
218.81.217.41 - - [01/Jun/2023:05:57:20 +0800] "GET /xingrg/all/function/internal_message.html?_=1685570253713&CODE_STATE=getMsg HTTP/1.1" 200 27
218.81.217.41 - - [01/Jun/2023:05:57:31 +0800] "GET /xingrg/all/function/internal_message.html?_=1685570262484&CODE_STATE=getMsg HTTP/1.1" 200 27
120.253.135.82 - - [01/Jun/2023:05:57:36 +0800] "POST /xingrg/kc/pszx/mdps_list_operate.html HTTP/1.1" 200 3133
120.253.135.82 - - [01/Jun/2023:05:57:38 +0800] "POST /xingrg/kc/pszx/mdps_list_operate.html HTTP/1.1" 200 276
120.253.135.82 - - [01/Jun/2023:05:57:39 +0800] "POST /xingrg/kc/pszx/mdps_list_operate.html HTTP/1.1" 200 207
120.253.135.82 - - [01/Jun/2023:05:57:41 +0800] "POST /xingrg/kc/pszx/mdps_list_operate.html HTTP/1.1" 200 544
120.253.135.82 - - [01/Jun/2023:05:57:42 +0800] "POST /xingrg/kc/pszx/mdps_list_operate.html HTTP/1.1" 200 632
120.253.135.82 - - [01/Jun/2023:05:57:43 +0800] "POST /xingrg/kc/pszx/mdps_list_operate.html HTTP/1.1" 200 646
114.85.113.108 - - [01/Jun/2023:05:57:43 +0800] "GET /xingrg/all/function/internal_message.html?_=1685570235605&CODE_STATE=getMsg HTTP/1.1" 200 27
116.232.195.127 - - [01/Jun/2023:05:57:51 +0800] "GET /xingrg/all/function/internal_message.html?_=1685570300726&CODE_STATE=getMsg HTTP/1.1" 200 27
114.83.218.35 - - [01/Jun/2023:05:57:59 +0800] "GET /xingrg/all/function/internal_message.html?_=1685570382548&CODE_STATE=getMsg HTTP/1.1" 200 27
120.253.135.82 - - [01/Jun/2023:05:58:03 +0800] "GET /xingrg/all/function/internal_message.html?_=1685570118650&CODE_STATE=getMsg HTTP/1.1" 200 27
222.70.180.90 - - [01/Jun/2023:05:58:04 +0800] "GET /xingrg/all/function/internal_message.html?_=1685570281821&CODE_STATE=getMsg HTTP/1.1" 200 27
120.253.135.82 - - [01/Jun/2023:05:58:07 +0800] "POST /xingrg/kc/pszx/mdps_list_operate.html HTTP/1.1" 200 3145
120.253.135.82 - - [01/Jun/2023:05:58:09 +0800] "POST /xingrg/kc/pszx/mdps_list_operate.html HTTP/1.1" 200 629
116.238.139.35 - - [01/Jun/2023:05:58:10 +0800] "GET /xingrg/all/function/internal_message.html?_=1685570289888&CODE_STATE=getMsg HTTP/1.1" 200 27
120.253.135.82 - - [01/Jun/2023:05:58:11 +0800] "GET /xingrg/kc/pszx/mdps_order_info.html?code=312023060100001 HTTP/1.1" 200 23972
120.253.135.82 - - [01/Jun/2023:05:58:11 +0800] "GET /xingrg/javascript/jquery_tools/order_manager.js HTTP/1.1" 304 -
120.253.135.82 - - [01/Jun/2023:05:58:11 +0800] "GET /xingrg/javascript/json2.js HTTP/1.1" 304 -
120.253.135.82 - - [01/Jun/2023:05:58:11 +0800] "GET /xingrg/javascript/convert.js HTTP/1.1" 304 -
120.253.135.82 - - [01/Jun/2023:05:58:11 +0800] "GET /xingrg/words/20230531175853_words.js HTTP/1.1" 200 966493
120.253.135.82 - - [01/Jun/2023:05:58:11 +0800] "GET /xingrg/all/common/auto_word.html?type=base&rest_code=00101 HTTP/1.1" 200 671
120.253.135.82 - - [01/Jun/2023:05:58:11 +0800] "GET /xingrg/javascript/easyui/themes/default/validatebox.css HTTP/1.1" 404 1104
120.253.135.82 - - [01/Jun/2023:05:58:11 +0800] "GET /xingrg/javascript/easyui/plugins/jquery.validatebox.js HTTP/1.1" 304 -
120.253.135.82 - - [01/Jun/2023:05:58:11 +0800] "GET /xingrg/javascript/easyui/plugins/jquery.numberbox.js HTTP/1.1" 304 -
120.253.135.82 - - [01/Jun/2023:05:58:11 +0800] "POST /xingrg/kc/pszx/mdps_order_operate.html HTTP/1.1" 200 5782
120.253.135.82 - - [01/Jun/2023:05:58:14 +0800] "POST /xingrg/kc/pszx/mdps_order_operate.html HTTP/1.1" 200 37
120.253.135.82 - - [01/Jun/2023:05:58:15 +0800] "GET /xingrg/kc/pszx/mdps_order_info.html?code=312023060100001 HTTP/1.1" 200 23972
120.253.135.82 - - [01/Jun/2023:05:58:15 +0800] "GET /xingrg/javascript/easyui/themes/default/validatebox.css HTTP/1.1" 404 1104
120.253.135.82 - - [01/Jun/2023:05:58:16 +0800] "POST /xingrg/kc/pszx/mdps_order_operate.html HTTP/1.1" 200 5842
218.81.217.41 - - [01/Jun/2023:05:58:20 +0800] "GET /xingrg/all/function/internal_message.html?_=1685570313755&CODE_STATE=getMsg HTTP/1.1" 200 27
218.81.217.41 - - [01/Jun/2023:05:58:31 +0800] "GET /xingrg/all/function/internal_message.html?_=1685570322490&CODE_STATE=getMsg HTTP/1.1" 200 27
114.85.113.108 - - [01/Jun/2023:05:58:43 +0800] "GET /xingrg/all/function/internal_message.html?_=1685570295588&CODE_STATE=getMsg HTTP/1.1" 200 27
116.232.195.127 - - [01/Jun/2023:05:58:51 +0800] "GET /xingrg/all/function/internal_message.html?_=1685570360722&CODE_STATE=getMsg HTTP/1.1" 200 27
120.253.135.82 - - [01/Jun/2023:05:58:59 +0800] "GET /xingrg/check_reg.html?_=1685570174749 HTTP/1.1" 200 22
114.83.218.35 - - [01/Jun/2023:05:58:59 +0800] "GET /xingrg/all/function/internal_message.html?_=1685570442542&CODE_STATE=getMsg HTTP/1.1" 200 27
120.253.135.82 - - [01/Jun/2023:05:59:03 +0800] "GET /xingrg/all/function/internal_message.html?_=1685570178663&CODE_STATE=getMsg HTTP/1.1" 200 27
222.70.180.90 - - [01/Jun/2023:05:59:04 +0800] "GET /xingrg/check_reg.html?_=1685570341821 HTTP/1.1" 200 22
222.70.180.90 - - [01/Jun/2023:05:59:04 +0800] "GET /xingrg/all/function/internal_message.html?_=1685570341822&CODE_STATE=getMsg HTTP/1.1" 200 27
116.238.139.35 - - [01/Jun/2023:05:59:10 +0800] "GET /xingrg/all/function/internal_message.html?_=1685570349888&CODE_STATE=getMsg HTTP/1.1" 200 27
120.253.135.82 - - [01/Jun/2023:05:59:19 +0800] "POST /xingrg/kc/pszx/mdps_list_operate.html HTTP/1.1" 200 606
120.253.135.82 - - [01/Jun/2023:05:59:20 +0800] "GET /xingrg/kc/pszx/mdps_order_info.html?code=312023060100002 HTTP/1.1" 200 23972
218.81.217.41 - - [01/Jun/2023:05:59:20 +0800] "GET /xingrg/all/function/internal_message.html?_=1685570373771&CODE_STATE=getMsg HTTP/1.1" 200 27
120.253.135.82 - - [01/Jun/2023:05:59:21 +0800] "GET /xingrg/javascript/easyui/themes/default/validatebox.css HTTP/1.1" 404 1104
120.253.135.82 - - [01/Jun/2023:05:59:21 +0800] "POST /xingrg/kc/pszx/mdps_order_operate.html HTTP/1.1" 200 8689
120.253.135.82 - - [01/Jun/2023:05:59:23 +0800] "POST /xingrg/all/common/load_combo.html?type=base HTTP/1.1" 200 1169
120.253.135.82 - - [01/Jun/2023:05:59:27 +0800] "POST /xingrg/kc/pszx/mdps_order_operate.html HTTP/1.1" 200 37
120.253.135.82 - - [01/Jun/2023:05:59:28 +0800] "GET /xingrg/kc/pszx/mdps_order_info.html?code=312023060100002 HTTP/1.1" 200 23972
120.253.135.82 - - [01/Jun/2023:05:59:28 +0800] "GET /xingrg/javascript/easyui/themes/default/validatebox.css HTTP/1.1" 404 1104
120.253.135.82 - - [01/Jun/2023:05:59:28 +0800] "POST /xingrg/kc/pszx/mdps_order_operate.html HTTP/1.1" 200 8809
218.81.217.41 - - [01/Jun/2023:05:59:31 +0800] "GET /xingrg/all/function/internal_message.html?_=1685570382510&CODE_STATE=getMsg HTTP/1.1" 200 27
114.85.113.108 - - [01/Jun/2023:05:59:43 +0800] "GET /xingrg/all/function/internal_message.html?_=1685570355579&CODE_STATE=getMsg HTTP/1.1" 200 27
114.85.113.108 - - [01/Jun/2023:05:59:45 +0800] "GET /xingrg/check_reg.html?_=1685570357332 HTTP/1.1" 200 22
116.232.195.127 - - [01/Jun/2023:05:59:51 +0800] "GET /xingrg/check_reg.html?_=1685570420712 HTTP/1.1" 200 22
116.232.195.127 - - [01/Jun/2023:05:59:51 +0800] "GET /xingrg/all/function/internal_message.html?_=1685570420714&CODE_STATE=getMsg HTTP/1.1" 200 27
120.253.135.82 - - [01/Jun/2023:05:59:56 +0800] "POST /xingrg/kc/pszx/mdps_list_operate.html HTTP/1.1" 200 3145
120.253.135.82 - - [01/Jun/2023:05:59:57 +0800] "POST /xingrg/kc/pszx/mdps_list_operate.html HTTP/1.1" 200 620
120.253.135.82 - - [01/Jun/2023:05:59:59 +0800] "POST /xingrg/kc/pszx/mdps_list_operate.html HTTP/1.1" 200 629
114.83.218.35 - - [01/Jun/2023:05:59:59 +0800] "GET /xingrg/all/function/internal_message.html?_=1685570502535&CODE_STATE=getMsg HTTP/1.1" 200 27
120.253.135.82 - - [01/Jun/2023:06:00:02 +0800] "POST /xingrg/kc/pszx/mdps_list_operate.html HTTP/1.1" 200 606
120.253.135.82 - - [01/Jun/2023:06:00:03 +0800] "GET /xingrg/kc/pszx/mdps_order_info.html?code=312023060100002 HTTP/1.1" 200 23972
120.253.135.82 - - [01/Jun/2023:06:00:03 +0800] "GET /xingrg/all/function/internal_message.html?_=1685570239002&CODE_STATE=getMsg HTTP/1.1" 200 27
120.253.135.82 - - [01/Jun/2023:06:00:03 +0800] "GET /xingrg/javascript/easyui/themes/default/validatebox.css HTTP/1.1" 404 1104
120.253.135.82 - - [01/Jun/2023:06:00:03 +0800] "POST /xingrg/kc/pszx/mdps_order_operate.html HTTP/1.1" 200 8809
222.70.180.90 - - [01/Jun/2023:06:00:04 +0800] "GET /xingrg/all/function/internal_message.html?_=1685570401821&CODE_STATE=getMsg HTTP/1.1" 200 27
116.238.139.35 - - [01/Jun/2023:06:00:10 +0800] "GET /xingrg/all/function/internal_message.html?_=1685570409890&CODE_STATE=getMsg HTTP/1.1" 200 27
120.253.135.82 - - [01/Jun/2023:06:00:12 +0800] "GET /xingrg/kc/pszx/mdps_order_operate.html?command=get_materiel&pszx_code=00101&rest_code=00102&base_code=0010250&code=00102002373 HTTP/1.1" 200 428
218.81.217.41 - - [01/Jun/2023:06:00:20 +0800] "GET /xingrg/all/function/internal_message.html?_=1685570433811&CODE_STATE=getMsg HTTP/1.1" 200 27
218.81.217.41 - - [01/Jun/2023:06:00:21 +0800] "GET /xingrg/check_reg.html?_=1685570431894 HTTP/1.1" 200 22
120.253.135.82 - - [01/Jun/2023:06:00:26 +0800] "POST /xingrg/kc/pszx/mdps_order_operate.html HTTP/1.1" 200 37
120.253.135.82 - - [01/Jun/2023:06:00:27 +0800] "GET /xingrg/kc/pszx/mdps_order_info.html?code=312023060100002 HTTP/1.1" 200 23972
120.253.135.82 - - [01/Jun/2023:06:00:28 +0800] "GET /xingrg/javascript/easyui/themes/default/validatebox.css HTTP/1.1" 404 1104
120.253.135.82 - - [01/Jun/2023:06:00:28 +0800] "POST /xingrg/kc/pszx/mdps_order_operate.html HTTP/1.1" 200 9304
218.81.217.41 - - [01/Jun/2023:06:00:31 +0800] "GET /xingrg/all/function/internal_message.html?_=1685570442518&CODE_STATE=getMsg HTTP/1.1" 200 27
114.85.113.108 - - [01/Jun/2023:06:00:43 +0800] "GET /xingrg/all/function/internal_message.html?_=1685570415563&CODE_STATE=getMsg HTTP/1.1" 200 27
218.81.217.41 - - [01/Jun/2023:06:00:47 +0800] "GET /xingrg/check_reg.html?_=1685570460106 HTTP/1.1" 200 22
116.232.195.127 - - [01/Jun/2023:06:00:51 +0800] "GET /xingrg/all/function/internal_message.html?_=1685570480717&CODE_STATE=getMsg HTTP/1.1" 200 27
180.157.253.254 - - [01/Jun/2023:06:00:59 +0800] "GET /xingrg/check_reg.html?_=1685570459034 HTTP/1.1" 200 22
114.83.218.35 - - [01/Jun/2023:06:00:59 +0800] "GET /xingrg/all/function/internal_message.html?_=1685570562527&CODE_STATE=getMsg HTTP/1.1" 200 27
120.253.135.82 - - [01/Jun/2023:06:01:03 +0800] "GET /xingrg/all/function/internal_message.html?_=1685570299003&CODE_STATE=getMsg HTTP/1.1" 200 27
222.70.180.90 - - [01/Jun/2023:06:01:04 +0800] "GET /xingrg/all/function/internal_message.html?_=1685570461819&CODE_STATE=getMsg HTTP/1.1" 200 27
120.253.135.82 - - [01/Jun/2023:06:01:10 +0800] "POST /xingrg/kc/pszx/mdps_order_operate.html HTTP/1.1" 200 37
116.238.139.35 - - [01/Jun/2023:06:01:10 +0800] "GET /xingrg/all/function/internal_message.html?_=1685570469890&CODE_STATE=getMsg HTTP/1.1" 200 27
116.238.139.35 - - [01/Jun/2023:06:01:10 +0800] "GET /xingrg/check_reg.html?_=1685570469894 HTTP/1.1" 200 22
120.253.135.82 - - [01/Jun/2023:06:01:11 +0800] "GET /xingrg/kc/pszx/mdps_order_info.html?code=312023060100002 HTTP/1.1" 200 23972
120.253.135.82 - - [01/Jun/2023:06:01:11 +0800] "GET /xingrg/javascript/easyui/themes/default/validatebox.css HTTP/1.1" 404 1104
120.253.135.82 - - [01/Jun/2023:06:01:11 +0800] "POST /xingrg/kc/pszx/mdps_order_operate.html HTTP/1.1" 200 9304
120.253.135.82 - - [01/Jun/2023:06:01:14 +0800] "POST /xingrg/kc/pszx/mdps_list_operate.html HTTP/1.1" 200 3145
120.253.135.82 - - [01/Jun/2023:06:01:16 +0800] "POST /xingrg/kc/pszx/mdps_list_operate.html HTTP/1.1" 200 606
120.253.135.82 - - [01/Jun/2023:06:01:17 +0800] "GET /xingrg/kc/pszx/mdps_order_info.html?code=312023060100002 HTTP/1.1" 200 23972
120.253.135.82 - - [01/Jun/2023:06:01:17 +0800] "POST /xingrg/kc/pszx/mdps_order_operate.html HTTP/1.1" 200 9304
120.253.135.82 - - [01/Jun/2023:06:01:17 +0800] "GET /xingrg/javascript/easyui/themes/default/validatebox.css HTTP/1.1" 404 1104
120.253.135.82 - - [01/Jun/2023:06:01:19 +0800] "POST /xingrg/kc/pszx/mdps_list_operate.html HTTP/1.1" 200 3145
218.81.217.41 - - [01/Jun/2023:06:01:20 +0800] "GET /xingrg/all/function/internal_message.html?_=1685570493814&CODE_STATE=getMsg HTTP/1.1" 200 27
120.253.135.82 - - [01/Jun/2023:06:01:26 +0800] "POST /xingrg/kc/pszx/mdps_list_operate.html HTTP/1.1" 200 211
120.253.135.82 - - [01/Jun/2023:06:01:28 +0800] "GET /xingrg/kc/pszx/mdps_order_info.html?code=312023053100619 HTTP/1.1" 200 23978
120.253.135.82 - - [01/Jun/2023:06:01:29 +0800] "GET /xingrg/javascript/easyui/themes/default/validatebox.css HTTP/1.1" 404 1104
120.253.135.82 - - [01/Jun/2023:06:01:29 +0800] "POST /xingrg/kc/pszx/mdps_order_operate.html HTTP/1.1" 200 2291
218.81.217.41 - - [01/Jun/2023:06:01:31 +0800] "GET /xingrg/all/function/internal_message.html?_=1685570502531&CODE_STATE=getMsg HTTP/1.1" 200 27
120.253.135.82 - - [01/Jun/2023:06:01:31 +0800] "POST /xingrg/kc/pszx/mdps_order_operate.html HTTP/1.1" 200 12
120.253.135.82 - - [01/Jun/2023:06:01:32 +0800] "POST /xingrg/kc/pszx/mdps_list_operate.html HTTP/1.1" 200 2774
120.253.135.82 - - [01/Jun/2023:06:01:37 +0800] "POST /xingrg/kc/pszx/mdps_list_operate.html HTTP/1.1" 200 629
120.253.135.82 - - [01/Jun/2023:06:01:38 +0800] "GET /xingrg/kc/pszx/mdps_order_info.html?code=312023060100001 HTTP/1.1" 200 23972
120.253.135.82 - - [01/Jun/2023:06:01:39 +0800] "GET /xingrg/javascript/easyui/themes/default/validatebox.css HTTP/1.1" 404 1104
120.253.135.82 - - [01/Jun/2023:06:01:39 +0800] "POST /xingrg/kc/pszx/mdps_order_operate.html HTTP/1.1" 200 5842
114.85.113.108 - - [01/Jun/2023:06:01:43 +0800] "GET /xingrg/all/function/internal_message.html?_=1685570475548&CODE_STATE=getMsg HTTP/1.1" 200 27
120.253.135.82 - - [01/Jun/2023:06:01:50 +0800] "POST /xingrg/kc/pszx/mdps_order_operate.html HTTP/1.1" 200 37
120.253.135.82 - - [01/Jun/2023:06:01:51 +0800] "GET /xingrg/kc/pszx/mdps_order_info.html?code=312023060100001 HTTP/1.1" 200 23972
116.232.195.127 - - [01/Jun/2023:06:01:51 +0800] "GET /xingrg/all/function/internal_message.html?_=1685570540720&CODE_STATE=getMsg HTTP/1.1" 200 27
120.253.135.82 - - [01/Jun/2023:06:01:52 +0800] "GET /xingrg/javascript/easyui/themes/default/validatebox.css HTTP/1.1" 404 1104
120.253.135.82 - - [01/Jun/2023:06:01:52 +0800] "POST /xingrg/kc/pszx/mdps_order_operate.html HTTP/1.1" 200 5344
120.253.135.82 - - [01/Jun/2023:06:01:54 +0800] "POST /xingrg/kc/pszx/mdps_list_operate.html HTTP/1.1" 200 2774
120.253.135.82 - - [01/Jun/2023:06:01:56 +0800] "GET /xingrg/kc/pszx/mdps_order_add.html HTTP/1.1" 200 29101
120.253.135.82 - - [01/Jun/2023:06:01:56 +0800] "POST /xingrg/kc/pszx/mdps_order_operate.html HTTP/1.1" 200 7126
120.253.135.82 - - [01/Jun/2023:06:01:56 +0800] "GET /xingrg/javascript/easyui/themes/default/validatebox.css HTTP/1.1" 404 1104
114.83.218.35 - - [01/Jun/2023:06:01:59 +0800] "GET /xingrg/all/function/internal_message.html?_=1685570622497&CODE_STATE=getMsg HTTP/1.1" 200 27
120.253.135.82 - - [01/Jun/2023:06:02:01 +0800] "POST /xingrg/all/common/load_combo.html?type=base HTTP/1.1" 200 1169
120.253.135.82 - - [01/Jun/2023:06:02:03 +0800] "GET /xingrg/all/function/internal_message.html?_=1685570359017&CODE_STATE=getMsg HTTP/1.1" 200 27
222.70.180.90 - - [01/Jun/2023:06:02:04 +0800] "GET /xingrg/all/function/internal_message.html?_=1685570521818&CODE_STATE=getMsg HTTP/1.1" 200 27
114.83.218.35 - - [01/Jun/2023:06:02:07 +0800] "GET /xingrg/check_reg.html?_=1685570630253 HTTP/1.1" 200 22
116.238.139.35 - - [01/Jun/2023:06:02:10 +0800] "GET /xingrg/all/function/internal_message.html?_=1685570529896&CODE_STATE=getMsg HTTP/1.1" 200 27
120.253.135.82 - - [01/Jun/2023:06:02:10 +0800] "GET /xingrg/kc/pszx/mdps_order_operate.html?command=get_materiel&pszx_code=00101&rest_code=00102&base_code=0010246&code=00101006002 HTTP/1.1" 200 427
120.253.135.82 - - [01/Jun/2023:06:02:16 +0800] "POST /xingrg/kc/pszx/mdps_order_operate.html HTTP/1.1" 200 37
120.253.135.82 - - [01/Jun/2023:06:02:17 +0800] "GET /xingrg/kc/pszx/mdps_order_info.html?code=312023060100004 HTTP/1.1" 200 23972
120.253.135.82 - - [01/Jun/2023:06:02:18 +0800] "GET /xingrg/javascript/easyui/themes/default/validatebox.css HTTP/1.1" 404 1104
120.253.135.82 - - [01/Jun/2023:06:02:18 +0800] "POST /xingrg/kc/pszx/mdps_order_operate.html HTTP/1.1" 200 2282
120.253.135.82 - - [01/Jun/2023:06:02:20 +0800] "POST /xingrg/kc/pszx/mdps_list_operate.html HTTP/1.1" 200 3137
218.81.217.41 - - [01/Jun/2023:06:02:20 +0800] "GET /xingrg/all/function/internal_message.html?_=1685570553827&CODE_STATE=getMsg HTTP/1.1" 200 27
120.253.135.82 - - [01/Jun/2023:06:02:23 +0800] "POST /xingrg/kc/pszx/mdps_list_operate.html HTTP/1.1" 200 626
120.253.135.82 - - [01/Jun/2023:06:02:24 +0800] "GET /xingrg/kc/pszx/mdps_order_info.html?code=312023060100001 HTTP/1.1" 200 23972
120.253.135.82 - - [01/Jun/2023:06:02:25 +0800] "GET /xingrg/javascript/easyui/themes/default/validatebox.css HTTP/1.1" 404 1104
120.253.135.82 - - [01/Jun/2023:06:02:25 +0800] "POST /xingrg/kc/pszx/mdps_order_operate.html HTTP/1.1" 200 5344
218.81.217.41 - - [01/Jun/2023:06:02:31 +0800] "GET /xingrg/all/function/internal_message.html?_=1685570562551&CODE_STATE=getMsg HTTP/1.1" 200 27
120.253.135.82 - - [01/Jun/2023:06:02:32 +0800] "POST /xingrg/kc/pszx/mdps_order_operate.html HTTP/1.1" 200 37
120.253.135.82 - - [01/Jun/2023:06:02:33 +0800] "GET /xingrg/kc/pszx/mdps_order_info.html?code=312023060100001 HTTP/1.1" 200 23972
120.253.135.82 - - [01/Jun/2023:06:02:34 +0800] "GET /xingrg/javascript/easyui/themes/default/validatebox.css HTTP/1.1" 404 1104
120.253.135.82 - - [01/Jun/2023:06:02:34 +0800] "POST /xingrg/kc/pszx/mdps_order_operate.html HTTP/1.1" 200 4849
120.253.135.82 - - [01/Jun/2023:06:02:35 +0800] "POST /xingrg/kc/pszx/mdps_list_operate.html HTTP/1.1" 200 3137
120.253.135.82 - - [01/Jun/2023:06:02:38 +0800] "POST /xingrg/kc/pszx/mdps_list_operate.html HTTP/1.1" 200 606
120.253.135.82 - - [01/Jun/2023:06:02:39 +0800] "POST /xingrg/kc/pszx/mdps_list_operate.html HTTP/1.1" 200 620
120.253.135.82 - - [01/Jun/2023:06:02:40 +0800] "GET /xingrg/kc/pszx/mdps_order_info.html?code=312023060100003 HTTP/1.1" 200 23972
120.253.135.82 - - [01/Jun/2023:06:02:41 +0800] "GET /xingrg/javascript/easyui/themes/default/validatebox.css HTTP/1.1" 404 1104
120.253.135.82 - - [01/Jun/2023:06:02:41 +0800] "POST /xingrg/kc/pszx/mdps_order_operate.html HTTP/1.1" 200 5256
114.85.113.108 - - [01/Jun/2023:06:02:43 +0800] "GET /xingrg/all/function/internal_message.html?_=1685570535546&CODE_STATE=getMsg HTTP/1.1" 200 27
120.253.135.82 - - [01/Jun/2023:06:02:44 +0800] "POST /xingrg/kc/pszx/mdps_order_operate.html HTTP/1.1" 200 37
120.253.135.82 - - [01/Jun/2023:06:02:45 +0800] "GET /xingrg/kc/pszx/mdps_order_info.html?code=312023060100003 HTTP/1.1" 200 23972
120.253.135.82 - - [01/Jun/2023:06:02:46 +0800] "GET /xingrg/javascript/easyui/themes/default/validatebox.css HTTP/1.1" 404 1104
120.253.135.82 - - [01/Jun/2023:06:02:46 +0800] "POST /xingrg/kc/pszx/mdps_order_operate.html HTTP/1.1" 200 5310
116.232.195.127 - - [01/Jun/2023:06:02:51 +0800] "GET /xingrg/all/function/internal_message.html?_=1685570600727&CODE_STATE=getMsg HTTP/1.1" 200 27
114.83.218.35 - - [01/Jun/2023:06:02:59 +0800] "GET /xingrg/all/function/internal_message.html?_=1685570682482&CODE_STATE=getMsg HTTP/1.1" 200 27
120.253.135.82 - - [01/Jun/2023:06:03:03 +0800] "GET /xingrg/all/function/internal_message.html?_=1685570419030&CODE_STATE=getMsg HTTP/1.1" 200 27
120.253.135.82 - - [01/Jun/2023:06:03:04 +0800] "POST /xingrg/kc/pszx/mdps_list_operate.html HTTP/1.1" 200 3137
222.70.180.90 - - [01/Jun/2023:06:03:04 +0800] "GET /xingrg/all/function/internal_message.html?_=1685570581816&CODE_STATE=getMsg HTTP/1.1" 200 27
120.253.135.82 - - [01/Jun/2023:06:03:06 +0800] "POST /xingrg/kc/pszx/mdps_list_operate.html HTTP/1.1" 200 205
120.253.135.82 - - [01/Jun/2023:06:03:09 +0800] "POST /xingrg/kc/pszx/mdps_list_operate.html HTTP/1.1" 200 629
116.238.139.35 - - [01/Jun/2023:06:03:10 +0800] "GET /xingrg/all/function/internal_message.html?_=1685570589895&CODE_STATE=getMsg HTTP/1.1" 200 27
120.253.135.82 - - [01/Jun/2023:06:03:14 +0800] "GET /xingrg/kc/pszx/mdps_order_info.html?code=312023060100001 HTTP/1.1" 200 23972
120.253.135.82 - - [01/Jun/2023:06:03:15 +0800] "GET /xingrg/javascript/easyui/themes/default/validatebox.css HTTP/1.1" 404 1104
120.253.135.82 - - [01/Jun/2023:06:03:15 +0800] "POST /xingrg/kc/pszx/mdps_order_operate.html HTTP/1.1" 200 4849
120.253.135.82 - - [01/Jun/2023:06:03:18 +0800] "POST /xingrg/kc/pszx/mdps_list_operate.html HTTP/1.1" 200 3137
120.253.135.82 - - [01/Jun/2023:06:03:20 +0800] "GET /xingrg/kc/pszx/mdps_order_add.html HTTP/1.1" 200 29101
120.253.135.82 - - [01/Jun/2023:06:03:20 +0800] "POST /xingrg/kc/pszx/mdps_order_operate.html HTTP/1.1" 200 7126
120.253.135.82 - - [01/Jun/2023:06:03:20 +0800] "GET /xingrg/javascript/easyui/themes/default/validatebox.css HTTP/1.1" 404 1104
218.81.217.41 - - [01/Jun/2023:06:03:20 +0800] "GET /xingrg/all/function/internal_message.html?_=1685570613871&CODE_STATE=getMsg HTTP/1.1" 200 27
120.253.135.82 - - [01/Jun/2023:06:03:26 +0800] "POST /xingrg/all/common/load_combo.html?type=base HTTP/1.1" 200 1169
218.81.217.41 - - [01/Jun/2023:06:03:31 +0800] "GET /xingrg/all/function/internal_message.html?_=1685570622559&CODE_STATE=getMsg HTTP/1.1" 200 27
120.253.135.82 - - [01/Jun/2023:06:03:38 +0800] "GET /xingrg/kc/pszx/mdps_order_operate.html?command=get_materiel&pszx_code=00101&rest_code=00102&base_code=0010246&code=00101019020 HTTP/1.1" 200 466
114.85.113.108 - - [01/Jun/2023:06:03:43 +0800] "GET /xingrg/all/function/internal_message.html?_=1685570595534&CODE_STATE=getMsg HTTP/1.1" 200 27
120.253.135.82 - - [01/Jun/2023:06:03:49 +0800] "GET /xingrg/kc/pszx/mdps_order_operate.html?command=get_materiel&pszx_code=00101&rest_code=00102&base_code=0010246&code=00101008710 HTTP/1.1" 200 445
116.232.195.127 - - [01/Jun/2023:06:03:51 +0800] "GET /xingrg/all/function/internal_message.html?_=1685570660722&CODE_STATE=getMsg HTTP/1.1" 200 27
120.253.135.82 - - [01/Jun/2023:06:03:59 +0800] "GET /xingrg/check_reg.html?_=1685570474770 HTTP/1.1" 200 22
114.83.218.35 - - [01/Jun/2023:06:03:59 +0800] "GET /xingrg/all/function/internal_message.html?_=1685570742461&CODE_STATE=getMsg HTTP/1.1" 200 27
120.253.135.82 - - [01/Jun/2023:06:04:02 +0800] "GET /xingrg/kc/pszx/mdps_order_operate.html?command=get_materiel&pszx_code=00101&rest_code=00102&base_code=0010246&code=00101020143 HTTP/1.1" 200 437
120.253.135.82 - - [01/Jun/2023:06:04:03 +0800] "GET /xingrg/all/function/internal_message.html?_=1685570479044&CODE_STATE=getMsg HTTP/1.1" 200 27
222.70.180.90 - - [01/Jun/2023:06:04:04 +0800] "GET /xingrg/check_reg.html?_=1685570641815 HTTP/1.1" 200 22
222.70.180.90 - - [01/Jun/2023:06:04:04 +0800] "GET /xingrg/all/function/internal_message.html?_=1685570641814&CODE_STATE=getMsg HTTP/1.1" 200 27
116.238.139.35 - - [01/Jun/2023:06:04:10 +0800] "GET /xingrg/all/function/internal_message.html?_=1685570649894&CODE_STATE=getMsg HTTP/1.1" 200 27
120.253.135.82 - - [01/Jun/2023:06:04:13 +0800] "GET /xingrg/kc/pszx/mdps_order_operate.html?command=get_materiel&pszx_code=00101&rest_code=00102&base_code=0010246&code=00101019347 HTTP/1.1" 200 438
120.253.135.82 - - [01/Jun/2023:06:04:20 +0800] "POST /xingrg/kc/pszx/mdps_order_operate.html HTTP/1.1" 200 37
218.81.217.41 - - [01/Jun/2023:06:04:20 +0800] "GET /xingrg/all/function/internal_message.html?_=1685570673887&CODE_STATE=getMsg HTTP/1.1" 200 27
120.253.135.82 - - [01/Jun/2023:06:04:21 +0800] "GET /xingrg/kc/pszx/mdps_order_info.html?code=312023060100005 HTTP/1.1" 200 23972
120.253.135.82 - - [01/Jun/2023:06:04:21 +0800] "GET /xingrg/javascript/easyui/themes/default/validatebox.css HTTP/1.1" 404 1104
120.253.135.82 - - [01/Jun/2023:06:04:21 +0800] "POST /xingrg/kc/pszx/mdps_order_operate.html HTTP/1.1" 200 3778
120.253.135.82 - - [01/Jun/2023:06:04:30 +0800] "POST /xingrg/kc/pszx/mdps_order_operate.html HTTP/1.1" 200 37
218.81.217.41 - - [01/Jun/2023:06:04:31 +0800] "GET /xingrg/all/function/internal_message.html?_=1685570682579&CODE_STATE=getMsg HTTP/1.1" 200 27
120.253.135.82 - - [01/Jun/2023:06:04:32 +0800] "GET /xingrg/kc/pszx/mdps_order_info.html?code=312023060100005 HTTP/1.1" 200 23972
120.253.135.82 - - [01/Jun/2023:06:04:33 +0800] "GET /xingrg/javascript/easyui/themes/default/validatebox.css HTTP/1.1" 404 1104
120.253.135.82 - - [01/Jun/2023:06:04:33 +0800] "POST /xingrg/kc/pszx/mdps_order_operate.html HTTP/1.1" 200 3778
120.253.135.82 - - [01/Jun/2023:06:04:38 +0800] "POST /xingrg/kc/pszx/mdps_list_operate.html HTTP/1.1" 200 3499
120.253.135.82 - - [01/Jun/2023:06:04:41 +0800] "POST /xingrg/kc/pszx/mdps_list_operate.html HTTP/1.1" 200 606
114.85.113.108 - - [01/Jun/2023:06:04:43 +0800] "GET /xingrg/all/function/internal_message.html?_=1685570655511&CODE_STATE=getMsg HTTP/1.1" 200 27
120.253.135.82 - - [01/Jun/2023:06:04:43 +0800] "POST /xingrg/kc/pszx/mdps_list_operate.html HTTP/1.1" 200 629
120.253.135.82 - - [01/Jun/2023:06:04:44 +0800] "GET /xingrg/kc/pszx/mdps_order_info.html?code=312023060100001 HTTP/1.1" 200 23972
120.253.135.82 - - [01/Jun/2023:06:04:45 +0800] "GET /xingrg/javascript/easyui/themes/default/validatebox.css HTTP/1.1" 404 1104
120.253.135.82 - - [01/Jun/2023:06:04:45 +0800] "POST /xingrg/kc/pszx/mdps_order_operate.html HTTP/1.1" 200 4849
114.85.113.108 - - [01/Jun/2023:06:04:45 +0800] "GET /xingrg/check_reg.html?_=1685570657319 HTTP/1.1" 200 22
116.232.195.127 - - [01/Jun/2023:06:04:51 +0800] "GET /xingrg/check_reg.html?_=1685570720716 HTTP/1.1" 200 22
116.232.195.127 - - [01/Jun/2023:06:04:51 +0800] "GET /xingrg/all/function/internal_message.html?_=1685570720722&CODE_STATE=getMsg HTTP/1.1" 200 27
114.83.218.35 - - [01/Jun/2023:06:04:59 +0800] "GET /xingrg/all/function/internal_message.html?_=1685570802433&CODE_STATE=getMsg HTTP/1.1" 200 27
120.253.135.82 - - [01/Jun/2023:06:05:03 +0800] "GET /xingrg/all/function/internal_message.html?_=1685570539057&CODE_STATE=getMsg HTTP/1.1" 200 27
222.70.180.90 - - [01/Jun/2023:06:05:04 +0800] "GET /xingrg/all/function/internal_message.html?_=1685570701812&CODE_STATE=getMsg HTTP/1.1" 200 27
116.238.139.35 - - [01/Jun/2023:06:05:10 +0800] "GET /xingrg/all/function/internal_message.html?_=1685570709892&CODE_STATE=getMsg HTTP/1.1" 200 27
172.20.0.100 - - [01/Jun/2023:06:05:13 +0800] "GET /xingrg/check_reg.html?_=1685570722407 HTTP/1.1" 302 -
120.253.135.82 - - [01/Jun/2023:06:05:19 +0800] "POST /xingrg/kc/pszx/mdps_list_operate.html HTTP/1.1" 200 3499
218.81.217.41 - - [01/Jun/2023:06:05:20 +0800] "GET /xingrg/all/function/internal_message.html?_=1685570733926&CODE_STATE=getMsg HTTP/1.1" 200 27
218.81.217.41 - - [01/Jun/2023:06:05:21 +0800] "GET /xingrg/check_reg.html?_=1685570731899 HTTP/1.1" 200 22
120.253.135.82 - - [01/Jun/2023:06:05:21 +0800] "POST /xingrg/kc/pszx/mdps_list_operate.html HTTP/1.1" 200 606
120.253.135.82 - - [01/Jun/2023:06:05:23 +0800] "POST /xingrg/kc/pszx/mdps_list_operate.html HTTP/1.1" 200 620
120.253.135.82 - - [01/Jun/2023:06:05:25 +0800] "GET /xingrg/kc/pszx/mdps_order_info.html?code=312023060100003 HTTP/1.1" 200 23972
120.253.135.82 - - [01/Jun/2023:06:05:26 +0800] "GET /xingrg/javascript/easyui/themes/default/validatebox.css HTTP/1.1" 404 1104
120.253.135.82 - - [01/Jun/2023:06:05:26 +0800] "POST /xingrg/kc/pszx/mdps_order_operate.html HTTP/1.1" 200 5310
218.81.217.41 - - [01/Jun/2023:06:05:31 +0800] "GET /xingrg/all/function/internal_message.html?_=1685570742586&CODE_STATE=getMsg HTTP/1.1" 200 27
114.85.113.108 - - [01/Jun/2023:06:05:43 +0800] "GET /xingrg/all/function/internal_message.html?_=1685570715506&CODE_STATE=getMsg HTTP/1.1" 200 27
218.81.217.41 - - [01/Jun/2023:06:05:47 +0800] "GET /xingrg/check_reg.html?_=1685570760109 HTTP/1.1" 200 22
116.232.195.127 - - [01/Jun/2023:06:05:51 +0800] "GET /xingrg/all/function/internal_message.html?_=1685570780721&CODE_STATE=getMsg HTTP/1.1" 200 27
120.253.135.82 - - [01/Jun/2023:06:05:57 +0800] "POST /xingrg/kc/pszx/mdps_order_operate.html HTTP/1.1" 200 37
120.253.135.82 - - [01/Jun/2023:06:05:58 +0800] "GET /xingrg/kc/pszx/mdps_order_info.html?code=312023060100003 HTTP/1.1" 200 23972
120.253.135.82 - - [01/Jun/2023:06:05:59 +0800] "POST /xingrg/kc/pszx/mdps_order_operate.html HTTP/1.1" 200 3817
120.253.135.82 - - [01/Jun/2023:06:05:59 +0800] "GET /xingrg/javascript/easyui/themes/default/validatebox.css HTTP/1.1" 404 1104
114.83.218.35 - - [01/Jun/2023:06:05:59 +0800] "GET /xingrg/all/function/internal_message.html?_=1685570862429&CODE_STATE=getMsg HTTP/1.1" 200 27
180.157.253.254 - - [01/Jun/2023:06:05:59 +0800] "GET /xingrg/check_reg.html?_=1685570759031 HTTP/1.1" 200 22
120.253.135.82 - - [01/Jun/2023:06:06:01 +0800] "POST /xingrg/kc/pszx/mdps_list_operate.html HTTP/1.1" 200 3499
120.253.135.82 - - [01/Jun/2023:06:06:03 +0800] "GET /xingrg/all/function/internal_message.html?_=1685570599071&CODE_STATE=getMsg HTTP/1.1" 200 27
120.253.135.82 - - [01/Jun/2023:06:06:03 +0800] "POST /xingrg/kc/pszx/mdps_list_operate.html HTTP/1.1" 200 629
222.70.180.90 - - [01/Jun/2023:06:06:04 +0800] "GET /xingrg/all/function/internal_message.html?_=1685570761810&CODE_STATE=getMsg HTTP/1.1" 200 27
120.253.135.82 - - [01/Jun/2023:06:06:05 +0800] "GET /xingrg/kc/pszx/mdps_order_info.html?code=312023060100001 HTTP/1.1" 200 23972
120.253.135.82 - - [01/Jun/2023:06:06:05 +0800] "GET /xingrg/javascript/easyui/themes/default/validatebox.css HTTP/1.1" 404 1104
120.253.135.82 - - [01/Jun/2023:06:06:05 +0800] "POST /xingrg/kc/pszx/mdps_order_operate.html HTTP/1.1" 200 4849
116.238.139.35 - - [01/Jun/2023:06:06:10 +0800] "GET /xingrg/all/function/internal_message.html?_=1685570769893&CODE_STATE=getMsg HTTP/1.1" 200 27
116.238.139.35 - - [01/Jun/2023:06:06:10 +0800] "GET /xingrg/check_reg.html?_=1685570769894 HTTP/1.1" 200 22
120.253.135.82 - - [01/Jun/2023:06:06:12 +0800] "POST /xingrg/kc/pszx/mdps_order_operate.html HTTP/1.1" 200 37
120.253.135.82 - - [01/Jun/2023:06:06:13 +0800] "GET /xingrg/kc/pszx/mdps_order_info.html?code=312023060100001 HTTP/1.1" 200 23972
120.253.135.82 - - [01/Jun/2023:06:06:13 +0800] "GET /xingrg/javascript/easyui/themes/default/validatebox.css HTTP/1.1" 404 1104
120.253.135.82 - - [01/Jun/2023:06:06:13 +0800] "POST /xingrg/kc/pszx/mdps_order_operate.html HTTP/1.1" 200 4348
120.253.135.82 - - [01/Jun/2023:06:06:15 +0800] "POST /xingrg/kc/pszx/mdps_list_operate.html HTTP/1.1" 200 3499
120.253.135.82 - - [01/Jun/2023:06:06:17 +0800] "POST /xingrg/kc/pszx/mdps_list_operate.html HTTP/1.1" 200 554
120.253.135.82 - - [01/Jun/2023:06:06:18 +0800] "GET /xingrg/kc/pszx/mdps_order_info.html?code=312023060100001 HTTP/1.1" 200 23972
120.253.135.82 - - [01/Jun/2023:06:06:18 +0800] "GET /xingrg/javascript/easyui/themes/default/validatebox.css HTTP/1.1" 404 1104
120.253.135.82 - - [01/Jun/2023:06:06:18 +0800] "POST /xingrg/kc/pszx/mdps_order_operate.html HTTP/1.1" 200 4348
218.81.217.41 - - [01/Jun/2023:06:06:20 +0800] "GET /xingrg/all/function/internal_message.html?_=1685570793928&CODE_STATE=getMsg HTTP/1.1" 200 27
120.253.135.82 - - [01/Jun/2023:06:06:21 +0800] "GET /xingrg/kc/print/load_config.html?kc_code=mdps HTTP/1.1" 200 2390
120.253.135.82 - - [01/Jun/2023:06:06:21 +0800] "GET /xingrg/kc/print/load_data.html?order_code=312023060100001&kc_code=mdps&condition= HTTP/1.1" 200 1658
218.81.217.41 - - [01/Jun/2023:06:06:31 +0800] "GET /xingrg/all/function/internal_message.html?_=1685570802599&CODE_STATE=getMsg HTTP/1.1" 200 27
120.253.135.82 - - [01/Jun/2023:06:06:31 +0800] "POST /xingrg/kc/pszx/mdps_list_operate.html HTTP/1.1" 200 3499
120.253.135.82 - - [01/Jun/2023:06:06:33 +0800] "POST /xingrg/kc/pszx/mdps_list_operate.html HTTP/1.1" 200 606
120.253.135.82 - - [01/Jun/2023:06:06:34 +0800] "GET /xingrg/kc/pszx/mdps_order_info.html?code=312023060100002 HTTP/1.1" 200 23972
120.253.135.82 - - [01/Jun/2023:06:06:35 +0800] "POST /xingrg/kc/pszx/mdps_order_operate.html HTTP/1.1" 200 9304
120.253.135.82 - - [01/Jun/2023:06:06:35 +0800] "GET /xingrg/javascript/easyui/themes/default/validatebox.css HTTP/1.1" 404 1104
120.253.135.82 - - [01/Jun/2023:06:06:43 +0800] "GET /xingrg/kc/print/load_data.html?order_code=312023060100002&kc_code=mdps&condition= HTTP/1.1" 200 3867
114.85.113.108 - - [01/Jun/2023:06:06:43 +0800] "GET /xingrg/all/function/internal_message.html?_=1685570775505&CODE_STATE=getMsg HTTP/1.1" 200 27
120.253.135.82 - - [01/Jun/2023:06:06:49 +0800] "POST /xingrg/kc/pszx/mdps_list_operate.html HTTP/1.1" 200 3499
116.232.195.127 - - [01/Jun/2023:06:06:51 +0800] "GET /xingrg/all/function/internal_message.html?_=1685570840710&CODE_STATE=getMsg HTTP/1.1" 200 27
120.253.135.82 - - [01/Jun/2023:06:06:52 +0800] "POST /xingrg/kc/pszx/mdps_list_operate.html HTTP/1.1" 200 205
120.253.135.82 - - [01/Jun/2023:06:06:54 +0800] "POST /xingrg/kc/pszx/mdps_list_operate.html HTTP/1.1" 200 454
120.253.135.82 - - [01/Jun/2023:06:06:54 +0800] "GET /xingrg/kc/pszx/mdps_order_info.html?code=312023060100003 HTTP/1.1" 200 23972
120.253.135.82 - - [01/Jun/2023:06:06:55 +0800] "GET /xingrg/javascript/easyui/themes/default/validatebox.css HTTP/1.1" 404 1104
120.253.135.82 - - [01/Jun/2023:06:06:55 +0800] "POST /xingrg/kc/pszx/mdps_order_operate.html HTTP/1.1" 200 3817
120.253.135.82 - - [01/Jun/2023:06:06:58 +0800] "GET /xingrg/kc/print/load_data.html?order_code=312023060100003&kc_code=mdps&condition= HTTP/1.1" 200 1405
114.83.218.35 - - [01/Jun/2023:06:06:59 +0800] "GET /xingrg/all/function/internal_message.html?_=1685570922410&CODE_STATE=getMsg HTTP/1.1" 200 27
120.253.135.82 - - [01/Jun/2023:06:07:03 +0800] "GET /xingrg/all/function/internal_message.html?_=1685570659091&CODE_STATE=getMsg HTTP/1.1" 200 27
222.70.180.90 - - [01/Jun/2023:06:07:04 +0800] "GET /xingrg/all/function/internal_message.html?_=1685570821850&CODE_STATE=getMsg HTTP/1.1" 200 27
114.83.218.35 - - [01/Jun/2023:06:07:07 +0800] "GET /xingrg/check_reg.html?_=1685570930223 HTTP/1.1" 200 22
116.238.139.35 - - [01/Jun/2023:06:07:10 +0800] "GET /xingrg/all/function/internal_message.html?_=1685570829895&CODE_STATE=getMsg HTTP/1.1" 200 27
218.81.217.41 - - [01/Jun/2023:06:07:20 +0800] "GET /xingrg/all/function/internal_message.html?_=1685570853942&CODE_STATE=getMsg HTTP/1.1" 200 27
120.253.135.82 - - [01/Jun/2023:06:07:21 +0800] "POST /xingrg/kc/pszx/mdps_order_operate.html HTTP/1.1" 200 37
120.253.135.82 - - [01/Jun/2023:06:07:22 +0800] "GET /xingrg/kc/pszx/mdps_order_info.html?code=312023060100003 HTTP/1.1" 200 23972
120.253.135.82 - - [01/Jun/2023:06:07:23 +0800] "GET /xingrg/javascript/easyui/themes/default/validatebox.css HTTP/1.1" 404 1104
120.253.135.82 - - [01/Jun/2023:06:07:23 +0800] "POST /xingrg/kc/pszx/mdps_order_operate.html HTTP/1.1" 200 3817
120.253.135.82 - - [01/Jun/2023:06:07:24 +0800] "POST /xingrg/kc/pszx/mdps_list_operate.html HTTP/1.1" 200 3499
120.253.135.82 - - [01/Jun/2023:06:07:31 +0800] "POST /xingrg/kc/pszx/mdps_list_operate.html HTTP/1.1" 200 205
218.81.217.41 - - [01/Jun/2023:06:07:31 +0800] "GET /xingrg/all/function/internal_message.html?_=1685570862618&CODE_STATE=getMsg HTTP/1.1" 200 27
120.253.135.82 - - [01/Jun/2023:06:07:32 +0800] "POST /xingrg/kc/pszx/mdps_list_operate.html HTTP/1.1" 200 448
114.85.113.108 - - [01/Jun/2023:06:07:43 +0800] "GET /xingrg/all/function/internal_message.html?_=1685570835485&CODE_STATE=getMsg HTTP/1.1" 200 27
116.232.195.127 - - [01/Jun/2023:06:07:51 +0800] "GET /xingrg/all/function/internal_message.html?_=1685570900727&CODE_STATE=getMsg HTTP/1.1" 200 27
114.83.218.35 - - [01/Jun/2023:06:07:59 +0800] "GET /xingrg/all/function/internal_message.html?_=1685570982394&CODE_STATE=getMsg HTTP/1.1" 200 27
120.253.135.82 - - [01/Jun/2023:06:08:03 +0800] "GET /xingrg/all/function/internal_message.html?_=1685570719174&CODE_STATE=getMsg HTTP/1.1" 200 27
222.70.180.90 - - [01/Jun/2023:06:08:04 +0800] "GET /xingrg/all/function/internal_message.html?_=1685570881848&CODE_STATE=getMsg HTTP/1.1" 200 27
116.238.139.35 - - [01/Jun/2023:06:08:10 +0800] "GET /xingrg/all/function/internal_message.html?_=1685570889894&CODE_STATE=getMsg HTTP/1.1" 200 27
218.81.217.41 - - [01/Jun/2023:06:08:21 +0800] "GET /xingrg/all/function/internal_message.html?_=1685570913985&CODE_STATE=getMsg HTTP/1.1" 200 27
218.81.217.41 - - [01/Jun/2023:06:08:31 +0800] "GET /xingrg/all/function/internal_message.html?_=1685570922626&CODE_STATE=getMsg HTTP/1.1" 200 27
114.85.113.108 - - [01/Jun/2023:06:08:43 +0800] "GET /xingrg/all/function/internal_message.html?_=1685570895469&CODE_STATE=getMsg HTTP/1.1" 200 27
116.232.195.127 - - [01/Jun/2023:06:08:51 +0800] "GET /xingrg/all/function/internal_message.html?_=1685570960723&CODE_STATE=getMsg HTTP/1.1" 200 27
120.253.135.82 - - [01/Jun/2023:06:08:59 +0800] "GET /xingrg/check_reg.html?_=1685570774775 HTTP/1.1" 200 22
114.83.218.35 - - [01/Jun/2023:06:08:59 +0800] "GET /xingrg/all/function/internal_message.html?_=1685571042366&CODE_STATE=getMsg HTTP/1.1" 200 27
120.253.135.82 - - [01/Jun/2023:06:09:03 +0800] "GET /xingrg/all/function/internal_message.html?_=1685570779190&CODE_STATE=getMsg HTTP/1.1" 200 27
222.70.180.90 - - [01/Jun/2023:06:09:04 +0800] "GET /xingrg/check_reg.html?_=1685570941846 HTTP/1.1" 200 22
222.70.180.90 - - [01/Jun/2023:06:09:04 +0800] "GET /xingrg/all/function/internal_message.html?_=1685570941847&CODE_STATE=getMsg HTTP/1.1" 200 27
120.253.135.82 - - [01/Jun/2023:06:09:04 +0800] "GET /xingrg/kc/pszx/mdqp_order_list.html?state=10 HTTP/1.1" 200 16453
120.253.135.82 - - [01/Jun/2023:06:09:04 +0800] "GET /xingrg/dwr/interface/AjaxQqpsService.js HTTP/1.1" 200 16326
120.253.135.82 - - [01/Jun/2023:06:09:04 +0800] "GET /xingrg/dwr/interface/AjaxReportQueryService.js HTTP/1.1" 200 13203
120.253.135.82 - - [01/Jun/2023:06:09:04 +0800] "GET /xingrg/dwr/engine.js HTTP/1.1" 200 43631
120.253.135.82 - - [01/Jun/2023:06:09:09 +0800] "GET /xingrg/kc/pszx/mdqp_order_list.html?state=10&page_num=2 HTTP/1.1" 200 11646
120.253.135.82 - - [01/Jun/2023:06:09:09 +0800] "GET /xingrg/dwr/interface/AjaxQqpsService.js HTTP/1.1" 200 16326
120.253.135.82 - - [01/Jun/2023:06:09:09 +0800] "GET /xingrg/dwr/interface/AjaxReportQueryService.js HTTP/1.1" 200 13203
120.253.135.82 - - [01/Jun/2023:06:09:09 +0800] "GET /xingrg/dwr/engine.js HTTP/1.1" 200 43631
116.238.139.35 - - [01/Jun/2023:06:09:10 +0800] "GET /xingrg/all/function/internal_message.html?_=1685570949893&CODE_STATE=getMsg HTTP/1.1" 200 27
120.253.135.82 - - [01/Jun/2023:06:09:14 +0800] "GET /xingrg/kc/pszx/jzcl_ps.html HTTP/1.1" 200 7683
120.253.135.82 - - [01/Jun/2023:06:09:14 +0800] "POST /xingrg/all/common/load_tree.html?tree=area_rest_tree_json HTTP/1.1" 200 3499
120.253.135.82 - - [01/Jun/2023:06:09:15 +0800] "POST /xingrg/kc/pszx/jzcl_ps_operate.html HTTP/1.1" 200 7713
120.253.135.82 - - [01/Jun/2023:06:09:15 +0800] "POST /xingrg/kc/pszx/jzcl_ps_operate.html HTTP/1.1" 200 7713
218.81.217.41 - - [01/Jun/2023:06:09:21 +0800] "GET /xingrg/all/function/internal_message.html?_=1685570974000&CODE_STATE=getMsg HTTP/1.1" 200 27
120.253.135.82 - - [01/Jun/2023:06:09:22 +0800] "POST /xingrg/kc/pszx/jzcl_ps_operate.html HTTP/1.1" 200 4
120.253.135.82 - - [01/Jun/2023:06:09:23 +0800] "GET /xingrg/kc/pszx/mdps_order_list.html HTTP/1.1" 200 21032
120.253.135.82 - - [01/Jun/2023:06:09:23 +0800] "POST /xingrg/kc/pszx/mdps_list_operate.html HTTP/1.1" 200 5247
218.81.217.41 - - [01/Jun/2023:06:09:31 +0800] "GET /xingrg/all/function/internal_message.html?_=1685570982646&CODE_STATE=getMsg HTTP/1.1" 200 27
120.253.135.82 - - [01/Jun/2023:06:09:33 +0800] "POST /xingrg/kc/pszx/mdps_list_operate.html HTTP/1.1" 200 2434
120.253.135.82 - - [01/Jun/2023:06:09:34 +0800] "POST /xingrg/kc/pszx/mdps_list_operate.html HTTP/1.1" 200 284
120.253.135.82 - - [01/Jun/2023:06:09:36 +0800] "POST /xingrg/kc/pszx/mdps_list_operate.html HTTP/1.1" 200 511
120.253.135.82 - - [01/Jun/2023:06:09:37 +0800] "POST /xingrg/kc/pszx/mdps_list_operate.html HTTP/1.1" 200 522
114.85.113.108 - - [01/Jun/2023:06:09:43 +0800] "GET /xingrg/all/function/internal_message.html?_=1685570955446&CODE_STATE=getMsg HTTP/1.1" 200 27
114.85.113.108 - - [01/Jun/2023:06:09:45 +0800] "GET /xingrg/check_reg.html?_=1685570957302 HTTP/1.1" 200 22
116.232.195.127 - - [01/Jun/2023:06:09:51 +0800] "GET /xingrg/check_reg.html?_=1685571020713 HTTP/1.1" 200 22
116.232.195.127 - - [01/Jun/2023:06:09:51 +0800] "GET /xingrg/all/function/internal_message.html?_=1685571020715&CODE_STATE=getMsg HTTP/1.1" 200 27
114.83.218.35 - - [01/Jun/2023:06:09:59 +0800] "GET /xingrg/all/function/internal_message.html?_=1685571102363&CODE_STATE=getMsg HTTP/1.1" 200 27
120.253.135.82 - - [01/Jun/2023:06:10:03 +0800] "GET /xingrg/all/function/internal_message.html?_=1685570839277&CODE_STATE=getMsg HTTP/1.1" 200 27
222.70.180.90 - - [01/Jun/2023:06:10:04 +0800] "GET /xingrg/all/function/internal_message.html?_=1685571001846&CODE_STATE=getMsg HTTP/1.1" 200 27
116.238.139.35 - - [01/Jun/2023:06:10:10 +0800] "GET /xingrg/all/function/internal_message.html?_=1685571009894&CODE_STATE=getMsg HTTP/1.1" 200 27
172.20.0.100 - - [01/Jun/2023:06:10:13 +0800] "GET /xingrg/check_reg.html?_=1685571022382 HTTP/1.1" 302 -
101.83.145.52 - - [01/Jun/2023:06:10:15 +0800] "POST /xingrg/services/DataTransmitService HTTP/1.1" 200 524
218.81.217.41 - - [01/Jun/2023:06:10:21 +0800] "GET /xingrg/all/function/internal_message.html?_=1685571034040&CODE_STATE=getMsg HTTP/1.1" 200 27
218.81.217.41 - - [01/Jun/2023:06:10:21 +0800] "GET /xingrg/check_reg.html?_=1685571031905 HTTP/1.1" 200 22
218.81.217.41 - - [01/Jun/2023:06:10:31 +0800] "GET /xingrg/all/function/internal_message.html?_=1685571042653&CODE_STATE=getMsg HTTP/1.1" 200 27
114.85.113.108 - - [01/Jun/2023:06:10:43 +0800] "GET /xingrg/all/function/internal_message.html?_=1685571015433&CODE_STATE=getMsg HTTP/1.1" 200 27
218.81.217.41 - - [01/Jun/2023:06:10:47 +0800] "GET /xingrg/check_reg.html?_=1685571060115 HTTP/1.1" 200 22
116.232.195.127 - - [01/Jun/2023:06:10:52 +0800] "GET /xingrg/all/function/internal_message.html?_=1685571080725&CODE_STATE=getMsg HTTP/1.1" 200 27
114.83.218.35 - - [01/Jun/2023:06:10:59 +0800] "GET /xingrg/all/function/internal_message.html?_=1685571162336&CODE_STATE=getMsg HTTP/1.1" 200 27
180.157.253.254 - - [01/Jun/2023:06:10:59 +0800] "GET /xingrg/check_reg.html?_=1685571059009 HTTP/1.1" 200 22
120.253.135.82 - - [01/Jun/2023:06:11:03 +0800] "GET /xingrg/all/function/internal_message.html?_=1685570899279&CODE_STATE=getMsg HTTP/1.1" 200 27
222.70.180.90 - - [01/Jun/2023:06:11:04 +0800] "GET /xingrg/all/function/internal_message.html?_=1685571061843&CODE_STATE=getMsg HTTP/1.1" 200 27
116.238.139.35 - - [01/Jun/2023:06:11:10 +0800] "GET /xingrg/all/function/internal_message.html?_=1685571069892&CODE_STATE=getMsg HTTP/1.1" 200 27
116.238.139.35 - - [01/Jun/2023:06:11:10 +0800] "GET /xingrg/check_reg.html?_=1685571069893 HTTP/1.1" 200 22
218.81.217.41 - - [01/Jun/2023:06:11:21 +0800] "GET /xingrg/all/function/internal_message.html?_=1685571094045&CODE_STATE=getMsg HTTP/1.1" 200 27
120.253.135.82 - - [01/Jun/2023:06:11:26 +0800] "GET /xingrg/kc/pszx/mdps_order_info.html?code=312023053000611 HTTP/1.1" 200 23976
120.253.135.82 - - [01/Jun/2023:06:11:27 +0800] "GET /xingrg/javascript/easyui/themes/default/validatebox.css HTTP/1.1" 404 1104
120.253.135.82 - - [01/Jun/2023:06:11:27 +0800] "POST /xingrg/kc/pszx/mdps_order_operate.html HTTP/1.1" 200 4280
