101.83.145.52 - - [01/Jun/2023:08:35:08 +0800] "GET /xingrg/index.html?sysBaseUrl=http%3A%2F%2F180.169.147.146%3A18081%2Fxingrg%2F&costTime=10×tamp=1685579708509 HTTP/1.1" 200 17173
101.83.145.52 - - [01/Jun/2023:08:35:08 +0800] "GET /xingrg/javascript/jquery_easy_ui/themes/default/easyui.css HTTP/1.1" 304 -
218.81.217.42 - - [01/Jun/2023:08:35:08 +0800] "POST /xingrg/dwr/call/plaincall/AjaxCheckService.setItemNumber.dwr HTTP/1.1" 200 78
101.83.145.52 - - [01/Jun/2023:08:35:08 +0800] "GET /xingrg/javascript/jquery_easy_ui/themes/icon.css HTTP/1.1" 304 -
101.83.145.52 - - [01/Jun/2023:08:35:08 +0800] "GET /xingrg/css/form.css HTTP/1.1" 304 -
101.83.145.52 - - [01/Jun/2023:08:35:08 +0800] "GET /xingrg/javascript/jquery-1.4.2.min.js HTTP/1.1" 304 -
101.83.145.52 - - [01/Jun/2023:08:35:08 +0800] "GET /xingrg/javascript/jquery_easy_ui/jquery.easyui.min.js HTTP/1.1" 304 -
101.83.145.52 - - [01/Jun/2023:08:35:08 +0800] "GET /xingrg/javascript/jquery_easy_ui/easyui-lang-zh_CN.js HTTP/1.1" 304 -
101.83.145.52 - - [01/Jun/2023:08:35:08 +0800] "GET /xingrg/javascript/jquery.form.js HTTP/1.1" 304 -
101.83.145.52 - - [01/Jun/2023:08:35:08 +0800] "GET /xingrg/javascript/jquery.utils.js HTTP/1.1" 304 -
101.83.145.52 - - [01/Jun/2023:08:35:08 +0800] "GET /xingrg/javascript/jquery.timers.js HTTP/1.1" 304 -
101.83.145.52 - - [01/Jun/2023:08:35:09 +0800] "GET /favicon.ico HTTP/1.1" 404 -
101.83.145.52 - - [01/Jun/2023:08:35:09 +0800] "GET /xingrg/javascript/jquery_easy_ui/themes/icons/settle_new.png HTTP/1.1" 304 -
101.83.145.52 - - [01/Jun/2023:08:35:09 +0800] "GET /xingrg/images/blue/navBackgound.jpg HTTP/1.1" 304 -
101.83.145.52 - - [01/Jun/2023:08:35:09 +0800] "POST /xingrg/all/common/load_tree.html?tree=area_rest_tree_json&manage=1 HTTP/1.1" 200 342
101.83.145.52 - - [01/Jun/2023:08:35:09 +0800] "GET /xingrg/all/function/internal_message.html?_=1685579539997&CODE_STATE=count HTTP/1.1" 200 11
101.83.145.52 - - [01/Jun/2023:08:35:09 +0800] "GET /xingrg/check_reg.html?_=1685579539998 HTTP/1.1" 200 22
101.83.145.52 - - [01/Jun/2023:08:35:09 +0800] "GET /xingrg/images/blue/pingpu.png HTTP/1.1" 304 -
101.83.145.52 - - [01/Jun/2023:08:35:09 +0800] "GET /xingrg/javascript/jquery_easy_ui/themes/default/images/tabs_rightarrow.png HTTP/1.1" 304 -
101.83.145.52 - - [01/Jun/2023:08:35:09 +0800] "GET /xingrg/javascript/jquery_easy_ui/themes/default/images/tabs_leftarrow.png HTTP/1.1" 304 -
101.83.145.52 - - [01/Jun/2023:08:35:09 +0800] "GET /xingrg/javascript/jquery_easy_ui/themes/default/images/panel_tool_collapse.gif HTTP/1.1" 304 -
101.83.145.52 - - [01/Jun/2023:08:35:09 +0800] "POST /xingrg/load_menu.html HTTP/1.1" 200 5138
101.83.145.52 - - [01/Jun/2023:08:35:10 +0800] "GET /xingrg/javascript/jquery_easy_ui/themes/default/images/tree_arrows.gif HTTP/1.1" 304 -
101.83.145.52 - - [01/Jun/2023:08:35:10 +0800] "GET /xingrg/javascript/jquery_easy_ui/themes/default/images/tree_folder_open.gif HTTP/1.1" 304 -
101.83.145.52 - - [01/Jun/2023:08:35:10 +0800] "GET /xingrg/javascript/jquery_easy_ui/themes/icons/search_new.png HTTP/1.1" 304 -
101.83.145.52 - - [01/Jun/2023:08:35:10 +0800] "GET /xingrg/javascript/jquery_easy_ui/themes/default/images/tree_folder.gif HTTP/1.1" 304 -
101.83.145.52 - - [01/Jun/2023:08:35:10 +0800] "GET /xingrg/javascript/jquery_easy_ui/themes/icons/storage_new.png HTTP/1.1" 304 -
101.83.145.52 - - [01/Jun/2023:08:35:10 +0800] "GET /xingrg/javascript/jquery_easy_ui/themes/icons/forms_new.png HTTP/1.1" 304 -
101.83.145.52 - - [01/Jun/2023:08:35:10 +0800] "GET /xingrg/javascript/jquery_easy_ui/themes/default/images/tree_file.gif HTTP/1.1" 304 -
218.81.217.42 - - [01/Jun/2023:08:35:10 +0800] "POST /xingrg/dwr/call/plaincall/AjaxCheckService.setItemNumber.dwr HTTP/1.1" 200 78
116.238.139.35 - - [01/Jun/2023:08:35:10 +0800] "GET /xingrg/all/function/internal_message.html?_=1685579710020&CODE_STATE=getMsg HTTP/1.1" 200 27
218.81.217.42 - - [01/Jun/2023:08:35:10 +0800] "POST /xingrg/dwr/call/plaincall/AjaxCheckService.setItemNumber.dwr HTTP/1.1" 200 78
218.81.217.42 - - [01/Jun/2023:08:35:11 +0800] "POST /xingrg/dwr/call/plaincall/AjaxCheckService.setItemNumber.dwr HTTP/1.1" 200 78
172.20.0.100 - - [01/Jun/2023:08:35:12 +0800] "GET /xingrg/check_reg.html?_=1685579721766 HTTP/1.1" 302 -
101.83.145.52 - - [01/Jun/2023:08:35:12 +0800] "GET /xingrg/kc/buy/cgsh_order_operate.html?command=get_materiel&rest_code=00105&code=00101008356&supplier_code=00100203&order_time=2023-06-01 HTTP/1.1" 200 408
218.81.217.42 - - [01/Jun/2023:08:35:12 +0800] "POST /xingrg/dwr/call/plaincall/AjaxCheckService.setItemNumber.dwr HTTP/1.1" 200 78
218.81.217.42 - - [01/Jun/2023:08:35:14 +0800] "POST /xingrg/dwr/call/plaincall/AjaxCheckService.setItemNumber.dwr HTTP/1.1" 200 78
218.81.217.42 - - [01/Jun/2023:08:35:15 +0800] "POST /xingrg/dwr/call/plaincall/AjaxCheckService.setItemNumber.dwr HTTP/1.1" 200 78
101.83.145.52 - - [01/Jun/2023:08:35:28 +0800] "GET /xingrg/all/function/internal_message.html?_=1685579728317&CODE_STATE=getMsg HTTP/1.1" 200 27
101.83.145.52 - - [01/Jun/2023:08:35:36 +0800] "GET /xingrg/kc/buy/cgsh_order_operate.html?command=get_materiel&rest_code=00105&code=00101008286&supplier_code=00100203&order_time=2023-06-01 HTTP/1.1" 200 408
114.85.113.108 - - [01/Jun/2023:08:35:41 +0800] "GET /xingrg/all/function/internal_message.html?_=1685579713590&CODE_STATE=getMsg HTTP/1.1" 200 27
218.81.217.42 - - [01/Jun/2023:08:35:42 +0800] "GET /xingrg/all/function/internal_message.html?_=1685579756107&CODE_STATE=getMsg HTTP/1.1" 200 27
101.83.145.52 - - [01/Jun/2023:08:35:46 +0800] "GET /xingrg/kc/buy/cgsh_order_operate.html?command=get_materiel&rest_code=00105&code=00101008004&supplier_code=00100203&order_time=2023-06-01 HTTP/1.1" 200 416
116.232.195.127 - - [01/Jun/2023:08:35:52 +0800] "GET /xingrg/all/function/internal_message.html?_=1685579780734&CODE_STATE=getMsg HTTP/1.1" 200 27
101.83.145.52 - - [01/Jun/2023:08:35:54 +0800] "GET /xingrg/kc/buy/cgsh_order_operate.html?command=get_materiel&rest_code=00105&code=00101008298&supplier_code=00100203&order_time=2023-06-01 HTTP/1.1" 200 412
218.81.217.42 - - [01/Jun/2023:08:35:55 +0800] "POST /xingrg/dwr/call/plaincall/AjaxCheckService.setItemNumber.dwr HTTP/1.1" 200 78
116.238.139.35 - - [01/Jun/2023:08:35:56 +0800] "GET /xingrg/all/function/internal_message.html?_=1685579662621&CODE_STATE=getMsg HTTP/1.1" 200 27
218.81.217.42 - - [01/Jun/2023:08:35:58 +0800] "POST /xingrg/dwr/call/plaincall/AjaxCheckService.setItemNumber.dwr HTTP/1.1" 200 78
180.157.253.254 - - [01/Jun/2023:08:35:59 +0800] "GET /xingrg/check_reg.html?_=1685579758509 HTTP/1.1" 200 22
218.81.217.42 - - [01/Jun/2023:08:36:00 +0800] "POST /xingrg/dwr/call/plaincall/AjaxCheckService.setItemNumber.dwr HTTP/1.1" 200 78
218.81.217.42 - - [01/Jun/2023:08:36:00 +0800] "POST /xingrg/dwr/call/plaincall/AjaxCheckService.setItemNumber.dwr HTTP/1.1" 200 78
218.81.217.42 - - [01/Jun/2023:08:36:01 +0800] "POST /xingrg/dwr/call/plaincall/AjaxCheckService.setItemNumber.dwr HTTP/1.1" 200 78
101.83.145.52 - - [01/Jun/2023:08:36:02 +0800] "GET /xingrg/kc/buy/cgsh_order_operate.html?command=get_materiel&rest_code=00105&code=00101008188&supplier_code=00100203&order_time=2023-06-01 HTTP/1.1" 200 412
218.81.217.42 - - [01/Jun/2023:08:36:02 +0800] "POST /xingrg/dwr/call/plaincall/AjaxCheckService.setItemNumber.dwr HTTP/1.1" 200 78
218.81.217.42 - - [01/Jun/2023:08:36:03 +0800] "POST /xingrg/dwr/call/plaincall/AjaxCheckService.setItemNumber.dwr HTTP/1.1" 200 78
218.81.217.42 - - [01/Jun/2023:08:36:04 +0800] "POST /xingrg/dwr/call/plaincall/AjaxCheckService.setItemNumber.dwr HTTP/1.1" 200 78
218.81.217.42 - - [01/Jun/2023:08:36:05 +0800] "POST /xingrg/dwr/call/plaincall/AjaxCheckService.setItemNumber.dwr HTTP/1.1" 200 78
218.81.217.42 - - [01/Jun/2023:08:36:06 +0800] "POST /xingrg/dwr/call/plaincall/AjaxCheckService.setItemNumber.dwr HTTP/1.1" 200 78
218.81.217.42 - - [01/Jun/2023:08:36:07 +0800] "POST /xingrg/dwr/call/plaincall/AjaxCheckService.setItemNumber.dwr HTTP/1.1" 200 78
218.81.217.42 - - [01/Jun/2023:08:36:08 +0800] "POST /xingrg/dwr/call/plaincall/AjaxCheckService.setItemNumber.dwr HTTP/1.1" 200 78
218.81.217.42 - - [01/Jun/2023:08:36:09 +0800] "POST /xingrg/dwr/call/plaincall/AjaxCheckService.setItemNumber.dwr HTTP/1.1" 200 78
101.83.145.52 - - [01/Jun/2023:08:36:09 +0800] "GET /xingrg/all/function/internal_message.html?_=1685579600014&CODE_STATE=getMsg HTTP/1.1" 200 27
218.81.217.42 - - [01/Jun/2023:08:36:10 +0800] "POST /xingrg/dwr/call/plaincall/AjaxCheckService.setItemNumber.dwr HTTP/1.1" 200 78
116.238.139.35 - - [01/Jun/2023:08:36:10 +0800] "GET /xingrg/check_reg.html?_=1685579770038 HTTP/1.1" 200 22
116.238.139.35 - - [01/Jun/2023:08:36:10 +0800] "GET /xingrg/all/function/internal_message.html?_=1685579770058&CODE_STATE=getMsg HTTP/1.1" 200 27
218.81.217.42 - - [01/Jun/2023:08:36:11 +0800] "POST /xingrg/dwr/call/plaincall/AjaxCheckService.setItemNumber.dwr HTTP/1.1" 200 78
101.83.145.52 - - [01/Jun/2023:08:36:11 +0800] "GET /xingrg/kc/buy/cgsh_order_operate.html?command=get_materiel&rest_code=00105&code=00101008350&supplier_code=00100203&order_time=2023-06-01 HTTP/1.1" 200 408
218.81.217.42 - - [01/Jun/2023:08:36:12 +0800] "POST /xingrg/dwr/call/plaincall/AjaxCheckService.setItemNumber.dwr HTTP/1.1" 200 78
218.81.217.42 - - [01/Jun/2023:08:36:14 +0800] "POST /xingrg/dwr/call/plaincall/AjaxCheckService.setItemNumber.dwr HTTP/1.1" 200 78
218.81.217.42 - - [01/Jun/2023:08:36:15 +0800] "POST /xingrg/dwr/call/plaincall/AjaxCheckService.setItemNumber.dwr HTTP/1.1" 200 78
218.81.217.42 - - [01/Jun/2023:08:36:15 +0800] "POST /xingrg/dwr/call/plaincall/AjaxCheckService.setItemNumber.dwr HTTP/1.1" 200 78
218.81.217.42 - - [01/Jun/2023:08:36:17 +0800] "POST /xingrg/dwr/call/plaincall/AjaxCheckService.setItemNumber.dwr HTTP/1.1" 200 78
218.81.217.42 - - [01/Jun/2023:08:36:18 +0800] "POST /xingrg/dwr/call/plaincall/AjaxCheckService.setItemNumber.dwr HTTP/1.1" 200 78
218.81.217.42 - - [01/Jun/2023:08:36:22 +0800] "POST /xingrg/dwr/call/plaincall/AjaxCheckService.setItemNumber.dwr HTTP/1.1" 200 78
218.81.217.42 - - [01/Jun/2023:08:36:24 +0800] "POST /xingrg/dwr/call/plaincall/AjaxCheckService.setItemNumber.dwr HTTP/1.1" 200 78
218.81.217.42 - - [01/Jun/2023:08:36:27 +0800] "POST /xingrg/dwr/call/plaincall/AjaxCheckService.setItemNumber.dwr HTTP/1.1" 200 78
101.83.145.52 - - [01/Jun/2023:08:36:28 +0800] "GET /xingrg/all/function/internal_message.html?_=1685579788249&CODE_STATE=getMsg HTTP/1.1" 200 27
218.81.217.42 - - [01/Jun/2023:08:36:28 +0800] "POST /xingrg/dwr/call/plaincall/AjaxCheckService.setItemNumber.dwr HTTP/1.1" 200 78
218.81.217.42 - - [01/Jun/2023:08:36:28 +0800] "POST /xingrg/dwr/call/plaincall/AjaxCheckService.setItemNumber.dwr HTTP/1.1" 200 78
218.81.217.42 - - [01/Jun/2023:08:36:30 +0800] "POST /xingrg/dwr/call/plaincall/AjaxCheckService.setItemNumber.dwr HTTP/1.1" 200 78
218.81.217.42 - - [01/Jun/2023:08:36:31 +0800] "POST /xingrg/dwr/call/plaincall/AjaxCheckService.setItemNumber.dwr HTTP/1.1" 200 78
218.81.217.42 - - [01/Jun/2023:08:36:31 +0800] "POST /xingrg/dwr/call/plaincall/AjaxCheckService.setItemNumber.dwr HTTP/1.1" 200 78
218.81.217.42 - - [01/Jun/2023:08:36:33 +0800] "POST /xingrg/dwr/call/plaincall/AjaxCheckService.setItemNumber.dwr HTTP/1.1" 200 78
101.83.145.52 - - [01/Jun/2023:08:36:33 +0800] "GET /xingrg/kc/buy/cgsh_order_operate.html?command=get_materiel&rest_code=00105&code=00101020152&supplier_code=00100203&order_time=2023-06-01 HTTP/1.1" 200 416
218.81.217.42 - - [01/Jun/2023:08:36:34 +0800] "POST /xingrg/dwr/call/plaincall/AjaxCheckService.setItemNumber.dwr HTTP/1.1" 200 78
218.81.217.42 - - [01/Jun/2023:08:36:35 +0800] "POST /xingrg/dwr/call/plaincall/AjaxCheckService.setItemNumber.dwr HTTP/1.1" 200 78
218.81.217.42 - - [01/Jun/2023:08:36:36 +0800] "POST /xingrg/dwr/call/plaincall/AjaxCheckService.setItemNumber.dwr HTTP/1.1" 200 78
218.81.217.42 - - [01/Jun/2023:08:36:37 +0800] "POST /xingrg/dwr/call/plaincall/AjaxCheckService.setItemNumber.dwr HTTP/1.1" 200 78
218.81.217.42 - - [01/Jun/2023:08:36:38 +0800] "POST /xingrg/dwr/call/plaincall/AjaxCheckService.setItemNumber.dwr HTTP/1.1" 200 78
218.81.217.42 - - [01/Jun/2023:08:36:39 +0800] "POST /xingrg/dwr/call/plaincall/AjaxCheckService.setItemNumber.dwr HTTP/1.1" 200 78
218.81.217.42 - - [01/Jun/2023:08:36:40 +0800] "POST /xingrg/dwr/call/plaincall/AjaxCheckService.setItemNumber.dwr HTTP/1.1" 200 78
218.81.217.42 - - [01/Jun/2023:08:36:41 +0800] "POST /xingrg/dwr/call/plaincall/AjaxCheckService.setItemNumber.dwr HTTP/1.1" 200 78
114.85.113.108 - - [01/Jun/2023:08:36:41 +0800] "GET /xingrg/all/function/internal_message.html?_=1685579773566&CODE_STATE=getMsg HTTP/1.1" 200 27
218.81.217.42 - - [01/Jun/2023:08:36:42 +0800] "POST /xingrg/dwr/call/plaincall/AjaxCheckService.setItemNumber.dwr HTTP/1.1" 200 78
218.81.217.42 - - [01/Jun/2023:08:36:43 +0800] "GET /xingrg/all/function/internal_message.html?_=1685579816473&CODE_STATE=getMsg HTTP/1.1" 200 27
218.81.217.42 - - [01/Jun/2023:08:36:43 +0800] "POST /xingrg/dwr/call/plaincall/AjaxCheckService.setItemNumber.dwr HTTP/1.1" 200 78
218.81.217.42 - - [01/Jun/2023:08:36:44 +0800] "POST /xingrg/dwr/call/plaincall/AjaxCheckService.setItemNumber.dwr HTTP/1.1" 200 78
218.81.217.42 - - [01/Jun/2023:08:36:45 +0800] "POST /xingrg/dwr/call/plaincall/AjaxCheckService.setItemNumber.dwr HTTP/1.1" 200 78
218.81.217.42 - - [01/Jun/2023:08:36:46 +0800] "POST /xingrg/dwr/call/plaincall/AjaxCheckService.setItemNumber.dwr HTTP/1.1" 200 78
218.81.217.42 - - [01/Jun/2023:08:36:48 +0800] "POST /xingrg/dwr/call/plaincall/AjaxCheckService.setItemNumber.dwr HTTP/1.1" 200 78
218.81.217.42 - - [01/Jun/2023:08:36:49 +0800] "POST /xingrg/dwr/call/plaincall/AjaxCheckService.setItemNumber.dwr HTTP/1.1" 200 78
218.81.217.42 - - [01/Jun/2023:08:36:51 +0800] "POST /xingrg/dwr/call/plaincall/AjaxCheckService.setItemNumber.dwr HTTP/1.1" 200 78
101.83.145.52 - - [01/Jun/2023:08:36:52 +0800] "GET /xingrg/kc/buy/cgsh_order_operate.html?command=get_materiel&rest_code=00105&code=00101008175&supplier_code=00100203&order_time=2023-06-01 HTTP/1.1" 200 412
116.232.195.127 - - [01/Jun/2023:08:36:52 +0800] "GET /xingrg/all/function/internal_message.html?_=1685579840725&CODE_STATE=getMsg HTTP/1.1" 200 27
218.81.217.42 - - [01/Jun/2023:08:36:53 +0800] "POST /xingrg/dwr/call/plaincall/AjaxCheckService.setItemNumber.dwr HTTP/1.1" 200 78
218.81.217.42 - - [01/Jun/2023:08:36:53 +0800] "POST /xingrg/dwr/call/plaincall/AjaxCheckService.setItemNumber.dwr HTTP/1.1" 200 78
218.81.217.42 - - [01/Jun/2023:08:36:54 +0800] "POST /xingrg/dwr/call/plaincall/AjaxCheckService.setItemNumber.dwr HTTP/1.1" 200 78
218.81.217.42 - - [01/Jun/2023:08:36:55 +0800] "POST /xingrg/dwr/call/plaincall/AjaxCheckService.setItemNumber.dwr HTTP/1.1" 200 78
218.81.217.42 - - [01/Jun/2023:08:36:56 +0800] "POST /xingrg/dwr/call/plaincall/AjaxCheckService.setItemNumber.dwr HTTP/1.1" 200 78
116.238.139.35 - - [01/Jun/2023:08:36:56 +0800] "GET /xingrg/all/function/internal_message.html?_=1685579722740&CODE_STATE=getMsg HTTP/1.1" 200 27
101.83.145.52 - - [01/Jun/2023:08:37:09 +0800] "GET /xingrg/all/function/internal_message.html?_=1685579660002&CODE_STATE=getMsg HTTP/1.1" 200 27
218.81.217.42 - - [01/Jun/2023:08:37:09 +0800] "POST /xingrg/dwr/call/plaincall/AjaxCheckService.setItemNumber.dwr HTTP/1.1" 200 78
116.238.139.35 - - [01/Jun/2023:08:37:10 +0800] "GET /xingrg/all/function/internal_message.html?_=1685579830042&CODE_STATE=getMsg HTTP/1.1" 200 27
218.81.217.42 - - [01/Jun/2023:08:37:17 +0800] "POST /xingrg/dwr/call/plaincall/AjaxCheckService.setItemNumber.dwr HTTP/1.1" 200 78
218.81.217.42 - - [01/Jun/2023:08:37:19 +0800] "POST /xingrg/dwr/call/plaincall/AjaxCheckService.setItemNumber.dwr HTTP/1.1" 200 78
218.81.217.42 - - [01/Jun/2023:08:37:20 +0800] "POST /xingrg/dwr/call/plaincall/AjaxCheckService.setItemNumber.dwr HTTP/1.1" 200 78
218.81.217.42 - - [01/Jun/2023:08:37:24 +0800] "POST /xingrg/dwr/call/plaincall/AjaxCheckService.setItemNumber.dwr HTTP/1.1" 200 78
101.83.145.52 - - [01/Jun/2023:08:37:28 +0800] "GET /xingrg/check_reg.html?_=1685579848334 HTTP/1.1" 200 22
101.83.145.52 - - [01/Jun/2023:08:37:28 +0800] "GET /xingrg/all/function/internal_message.html?_=1685579848335&CODE_STATE=getMsg HTTP/1.1" 200 27
101.83.145.52 - - [01/Jun/2023:08:37:36 +0800] "GET /xingrg/kc/buy/cgsh_order_operate.html?command=get_materiel&rest_code=00105&code=00101008105&supplier_code=00100203&order_time=2023-06-01 HTTP/1.1" 200 412
116.237.77.239 - - [01/Jun/2023:08:37:36 +0800] "GET /favicon.ico HTTP/1.1" 404 -
114.85.113.108 - - [01/Jun/2023:08:37:41 +0800] "GET /xingrg/all/function/internal_message.html?_=1685579833557&CODE_STATE=getMsg HTTP/1.1" 200 27
218.81.217.42 - - [01/Jun/2023:08:37:41 +0800] "GET /xingrg/check_reg.html?_=1685579875360 HTTP/1.1" 200 22
218.81.217.42 - - [01/Jun/2023:08:37:43 +0800] "GET /xingrg/all/function/internal_message.html?_=1685579876479&CODE_STATE=getMsg HTTP/1.1" 200 27
101.83.145.52 - - [01/Jun/2023:08:37:46 +0800] "GET /xingrg/kc/buy/cgsh_order_operate.html?command=get_materiel&rest_code=00105&code=00101008123&supplier_code=00100203&order_time=2023-06-01 HTTP/1.1" 200 412
116.232.195.127 - - [01/Jun/2023:08:37:52 +0800] "GET /xingrg/all/function/internal_message.html?_=1685579900715&CODE_STATE=getMsg HTTP/1.1" 200 27
116.238.139.35 - - [01/Jun/2023:08:37:56 +0800] "GET /xingrg/all/function/internal_message.html?_=1685579782742&CODE_STATE=getMsg HTTP/1.1" 200 27
101.83.145.52 - - [01/Jun/2023:08:38:09 +0800] "GET /xingrg/all/function/internal_message.html?_=1685579720002&CODE_STATE=getMsg HTTP/1.1" 200 27
116.238.139.35 - - [01/Jun/2023:08:38:10 +0800] "GET /xingrg/all/function/internal_message.html?_=1685579890026&CODE_STATE=getMsg HTTP/1.1" 200 27
218.81.217.42 - - [01/Jun/2023:08:38:28 +0800] "POST /xingrg/dwr/call/plaincall/AjaxCheckService.checkOrder.dwr HTTP/1.1" 200 80
101.83.145.52 - - [01/Jun/2023:08:38:28 +0800] "GET /xingrg/all/function/internal_message.html?_=1685579908313&CODE_STATE=getMsg HTTP/1.1" 200 27
218.81.217.42 - - [01/Jun/2023:08:38:37 +0800] "GET /xingrg/kc/base/check_order_info.html?code=452023053100430 HTTP/1.1" 200 22860
218.81.217.42 - - [01/Jun/2023:08:38:37 +0800] "GET /xingrg/dwr/interface/AjaxComOrderService.js HTTP/1.1" 200 18264
218.81.217.42 - - [01/Jun/2023:08:38:37 +0800] "GET /xingrg/dwr/interface/AjaxCheckService.js HTTP/1.1" 200 14003
218.81.217.42 - - [01/Jun/2023:08:38:37 +0800] "GET /xingrg/dwr/engine.js HTTP/1.1" 200 43631
218.81.217.42 - - [01/Jun/2023:08:38:38 +0800] "POST /xingrg/dwr/call/plaincall/AjaxCheckService.loadOrderItems.dwr HTTP/1.1" 200 60307
114.85.113.108 - - [01/Jun/2023:08:38:41 +0800] "GET /xingrg/all/function/internal_message.html?_=1685579893538&CODE_STATE=getMsg HTTP/1.1" 200 27
218.81.217.42 - - [01/Jun/2023:08:38:43 +0800] "GET /xingrg/all/function/internal_message.html?_=1685579936492&CODE_STATE=getMsg HTTP/1.1" 200 27
218.81.217.42 - - [01/Jun/2023:08:38:45 +0800] "POST /xingrg/kc/base/check_list_operate.html HTTP/1.1" 200 2583
218.81.217.42 - - [01/Jun/2023:08:38:48 +0800] "GET /xingrg/kc/base/check_order_info.html?code=452023053100428 HTTP/1.1" 200 26400
218.81.217.42 - - [01/Jun/2023:08:38:48 +0800] "GET /xingrg/dwr/interface/AjaxCheckService.js HTTP/1.1" 200 14003
218.81.217.42 - - [01/Jun/2023:08:38:48 +0800] "GET /xingrg/dwr/interface/AjaxComOrderService.js HTTP/1.1" 200 18264
218.81.217.42 - - [01/Jun/2023:08:38:48 +0800] "GET /xingrg/dwr/engine.js HTTP/1.1" 200 43631
218.81.217.42 - - [01/Jun/2023:08:38:48 +0800] "POST /xingrg/dwr/call/plaincall/AjaxCheckService.loadOrderItems.dwr HTTP/1.1" 200 262454
180.152.240.79 - - [01/Jun/2023:08:38:50 +0800] "GET /xingrg/check_reg.html?_=1685579930345 HTTP/1.1" 302 -
116.232.195.127 - - [01/Jun/2023:08:38:52 +0800] "GET /xingrg/all/function/internal_message.html?_=1685579960737&CODE_STATE=getMsg HTTP/1.1" 200 27
116.238.139.35 - - [01/Jun/2023:08:38:56 +0800] "GET /xingrg/check_reg.html?_=1685579842167 HTTP/1.1" 200 22
116.238.139.35 - - [01/Jun/2023:08:38:56 +0800] "GET /xingrg/all/function/internal_message.html?_=1685579842755&CODE_STATE=getMsg HTTP/1.1" 200 27
218.81.217.42 - - [01/Jun/2023:08:38:58 +0800] "POST /xingrg/dwr/call/plaincall/AjaxCheckService.setItemNumber.dwr HTTP/1.1" 200 76
116.237.77.239 - - [01/Jun/2023:08:39:00 +0800] "GET /xingrg/login.html?r=1 HTTP/1.1" 200 7641
116.237.77.239 - - [01/Jun/2023:08:39:00 +0800] "GET /xingrg/login.html?r=1 HTTP/1.1" 200 7641
116.237.77.239 - - [01/Jun/2023:08:39:00 +0800] "GET /xingrg/images/blue/jxLogo.png HTTP/1.1" 304 -
116.237.77.239 - - [01/Jun/2023:08:39:00 +0800] "GET /xingrg/images/blue/jxLogo.png HTTP/1.1" 304 -
218.81.217.42 - - [01/Jun/2023:08:39:00 +0800] "POST /xingrg/dwr/call/plaincall/AjaxCheckService.setItemNumber.dwr HTTP/1.1" 200 76
116.237.77.239 - - [01/Jun/2023:08:39:00 +0800] "GET /xingrg/images/blue/login_bg.png HTTP/1.1" 304 -
116.237.77.239 - - [01/Jun/2023:08:39:00 +0800] "GET /xingrg/images/blue/hj.png HTTP/1.1" 304 -
116.237.77.239 - - [01/Jun/2023:08:39:00 +0800] "GET /xingrg/images/blue/hj.png HTTP/1.1" 304 -
116.237.77.239 - - [01/Jun/2023:08:39:00 +0800] "GET /xingrg/images/blue/srbg.png HTTP/1.1" 304 -
116.237.77.239 - - [01/Jun/2023:08:39:00 +0800] "GET /xingrg/images/blue/srbg.png HTTP/1.1" 304 -
116.237.77.239 - - [01/Jun/2023:08:39:00 +0800] "GET /xingrg/images/blue/login_bg.png HTTP/1.1" 304 -
116.237.77.239 - - [01/Jun/2023:08:39:00 +0800] "GET /favicon.ico HTTP/1.1" 404 -
116.237.77.239 - - [01/Jun/2023:08:39:00 +0800] "GET /favicon.ico HTTP/1.1" 404 -
218.81.217.42 - - [01/Jun/2023:08:39:02 +0800] "POST /xingrg/dwr/call/plaincall/AjaxCheckService.setItemNumber.dwr HTTP/1.1" 200 76
218.81.217.42 - - [01/Jun/2023:08:39:02 +0800] "POST /xingrg/dwr/call/plaincall/AjaxCheckService.setItemNumber.dwr HTTP/1.1" 200 76
116.237.77.239 - - [01/Jun/2023:08:39:02 +0800] "POST /xingrg/login.do HTTP/1.1" 302 -
116.237.77.239 - - [01/Jun/2023:08:39:02 +0800] "GET /xingrg/index.html?sysBaseUrl=http%3A%2F%2F180.169.147.146%3A18081%2Fxingrg%2F&costTime=10×tamp=1685579942585 HTTP/1.1" 200 17173
116.237.77.239 - - [01/Jun/2023:08:39:02 +0800] "GET /xingrg/javascript/jquery_easy_ui/themes/default/easyui.css HTTP/1.1" 304 -
116.237.77.239 - - [01/Jun/2023:08:39:02 +0800] "GET /xingrg/javascript/jquery_easy_ui/themes/icon.css HTTP/1.1" 304 -
116.237.77.239 - - [01/Jun/2023:08:39:02 +0800] "GET /xingrg/css/form.css HTTP/1.1" 304 -
116.237.77.239 - - [01/Jun/2023:08:39:02 +0800] "GET /xingrg/javascript/jquery.form.js HTTP/1.1" 304 -
116.237.77.239 - - [01/Jun/2023:08:39:02 +0800] "GET /xingrg/javascript/jquery-1.4.2.min.js HTTP/1.1" 304 -
116.237.77.239 - - [01/Jun/2023:08:39:02 +0800] "GET /xingrg/javascript/jquery.utils.js HTTP/1.1" 304 -
116.237.77.239 - - [01/Jun/2023:08:39:02 +0800] "GET /xingrg/javascript/jquery.timers.js HTTP/1.1" 304 -
116.237.77.239 - - [01/Jun/2023:08:39:02 +0800] "GET /xingrg/javascript/jquery_easy_ui/jquery.easyui.min.js HTTP/1.1" 304 -
116.237.77.239 - - [01/Jun/2023:08:39:02 +0800] "GET /xingrg/javascript/jquery_easy_ui/easyui-lang-zh_CN.js HTTP/1.1" 304 -
116.237.77.239 - - [01/Jun/2023:08:39:02 +0800] "GET /favicon.ico HTTP/1.1" 404 -
116.237.77.239 - - [01/Jun/2023:08:39:02 +0800] "GET /xingrg/javascript/jquery_easy_ui/themes/icons/settle_new.png HTTP/1.1" 304 -
116.237.77.239 - - [01/Jun/2023:08:39:02 +0800] "GET /xingrg/images/blue/navBackgound.jpg HTTP/1.1" 304 -
116.237.77.239 - - [01/Jun/2023:08:39:02 +0800] "POST /xingrg/all/common/load_tree.html?tree=area_rest_tree_json&manage=1 HTTP/1.1" 200 342
116.237.77.239 - - [01/Jun/2023:08:39:02 +0800] "GET /xingrg/all/function/internal_message.html?_=1685579944980&CODE_STATE=count HTTP/1.1" 200 11
116.237.77.239 - - [01/Jun/2023:08:39:02 +0800] "GET /xingrg/check_reg.html?_=1685579944981 HTTP/1.1" 200 22
116.237.77.239 - - [01/Jun/2023:08:39:02 +0800] "GET /xingrg/images/blue/pingpu.png HTTP/1.1" 304 -
116.237.77.239 - - [01/Jun/2023:08:39:02 +0800] "GET /xingrg/javascript/jquery_easy_ui/themes/default/images/tabs_leftarrow.png HTTP/1.1" 304 -
116.237.77.239 - - [01/Jun/2023:08:39:02 +0800] "GET /xingrg/javascript/jquery_easy_ui/themes/default/images/tabs_rightarrow.png HTTP/1.1" 304 -
116.237.77.239 - - [01/Jun/2023:08:39:02 +0800] "GET /xingrg/javascript/jquery_easy_ui/themes/default/images/panel_tool_collapse.gif HTTP/1.1" 304 -
116.237.77.239 - - [01/Jun/2023:08:39:02 +0800] "POST /xingrg/load_menu.html HTTP/1.1" 200 5138
116.237.77.239 - - [01/Jun/2023:08:39:03 +0800] "GET /xingrg/javascript/jquery_easy_ui/themes/default/images/tree_arrows.gif HTTP/1.1" 304 -
116.237.77.239 - - [01/Jun/2023:08:39:03 +0800] "GET /xingrg/javascript/jquery_easy_ui/themes/default/images/tree_folder_open.gif HTTP/1.1" 304 -
116.237.77.239 - - [01/Jun/2023:08:39:03 +0800] "GET /xingrg/javascript/jquery_easy_ui/themes/icons/search_new.png HTTP/1.1" 304 -
116.237.77.239 - - [01/Jun/2023:08:39:03 +0800] "GET /xingrg/javascript/jquery_easy_ui/themes/default/images/tree_folder.gif HTTP/1.1" 304 -
116.237.77.239 - - [01/Jun/2023:08:39:03 +0800] "GET /xingrg/javascript/jquery_easy_ui/themes/icons/storage_new.png HTTP/1.1" 304 -
116.237.77.239 - - [01/Jun/2023:08:39:03 +0800] "GET /xingrg/javascript/jquery_easy_ui/themes/icons/forms_new.png HTTP/1.1" 304 -
116.237.77.239 - - [01/Jun/2023:08:39:03 +0800] "GET /xingrg/javascript/jquery_easy_ui/themes/default/images/tree_file.gif HTTP/1.1" 304 -
218.81.217.42 - - [01/Jun/2023:08:39:03 +0800] "POST /xingrg/dwr/call/plaincall/AjaxCheckService.setItemNumber.dwr HTTP/1.1" 200 76
218.81.217.42 - - [01/Jun/2023:08:39:05 +0800] "POST /xingrg/dwr/call/plaincall/AjaxCheckService.setItemNumber.dwr HTTP/1.1" 200 76
116.237.77.239 - - [01/Jun/2023:08:39:05 +0800] "GET /xingrg/kc/buy/buy_main.html HTTP/1.1" 200 12412
116.237.77.239 - - [01/Jun/2023:08:39:05 +0800] "GET /xingrg/javascript/jquery_easy_ui/themes/default/images/tabs_close.gif HTTP/1.1" 304 -
116.237.77.239 - - [01/Jun/2023:08:39:05 +0800] "GET /xingrg/css/blue.css HTTP/1.1" 304 -
116.237.77.239 - - [01/Jun/2023:08:39:05 +0800] "GET /xingrg/css/new_ie.css HTTP/1.1" 404 1036
116.237.77.239 - - [01/Jun/2023:08:39:05 +0800] "GET /xingrg/javascript/jquery_ui/themes/humanity/humanity.css HTTP/1.1" 304 -
116.237.77.239 - - [01/Jun/2023:08:39:05 +0800] "GET /xingrg/javascript/pic_change.js HTTP/1.1" 304 -
116.237.77.239 - - [01/Jun/2023:08:39:05 +0800] "GET /xingrg/javascript/ToolTips.js HTTP/1.1" 304 -
116.237.77.239 - - [01/Jun/2023:08:39:05 +0800] "GET /xingrg/javascript/myfunction.js HTTP/1.1" 304 -
116.237.77.239 - - [01/Jun/2023:08:39:05 +0800] "GET /xingrg/javascript/jquery_ui/jquery-ui.min.js HTTP/1.1" 304 -
116.237.77.239 - - [01/Jun/2023:08:39:05 +0800] "GET /xingrg/images/blue/button/cgxqd.gif HTTP/1.1" 304 -
116.237.77.239 - - [01/Jun/2023:08:39:05 +0800] "GET /xingrg/images/blue/button/cgydd.gif HTTP/1.1" 304 -
116.237.77.239 - - [01/Jun/2023:08:39:05 +0800] "GET /xingrg/images/blue/button/cgshd.gif HTTP/1.1" 304 -
116.237.77.239 - - [01/Jun/2023:08:39:05 +0800] "GET /xingrg/images/blue/button/cgfkd.gif HTTP/1.1" 304 -
116.237.77.239 - - [01/Jun/2023:08:39:05 +0800] "GET /xingrg/images/blue/button/kc.gif HTTP/1.1" 304 -
116.237.77.239 - - [01/Jun/2023:08:39:05 +0800] "GET /xingrg/images/blue/button/ckthd.gif HTTP/1.1" 304 -
116.237.77.239 - - [01/Jun/2023:08:39:05 +0800] "GET /xingrg/images/blue/pic_form2.gif HTTP/1.1" 304 -
116.237.77.239 - - [01/Jun/2023:08:39:05 +0800] "GET /xingrg/javascript/jquery_ui/themes/humanity/images/ui-bg_inset-soft_100_f4f0ec_1x100.png HTTP/1.1" 304 -
116.237.77.239 - - [01/Jun/2023:08:39:05 +0800] "GET /xingrg/images/blue/bg_dotted.jpg HTTP/1.1" 304 -
116.237.77.239 - - [01/Jun/2023:08:39:05 +0800] "GET /xingrg/images/blue/button/right_ah.jpg HTTP/1.1" 304 -
116.237.77.239 - - [01/Jun/2023:08:39:05 +0800] "GET /xingrg/images/blue/button/down_ah.jpg HTTP/1.1" 304 -
116.237.77.239 - - [01/Jun/2023:08:39:05 +0800] "GET /xingrg/javascript/jquery_ui/themes/humanity/images/ui-iconsnew.jpg HTTP/1.1" 304 -
116.237.77.239 - - [01/Jun/2023:08:39:05 +0800] "GET /xingrg/javascript/jquery_ui/themes/humanity/images/ui-icons_c47a23_256x240.png HTTP/1.1" 304 -
116.237.77.239 - - [01/Jun/2023:08:39:05 +0800] "GET /xingrg/javascript/jquery_ui/themes/humanity/images/ui-icons_ffffff_256x240.png HTTP/1.1" 304 -
116.237.77.239 - - [01/Jun/2023:08:39:05 +0800] "GET /xingrg/javascript/jquery_ui/themes/humanity/images/ui-bg_glass_70_ede4d4_1x400.png HTTP/1.1" 304 -
218.81.217.42 - - [01/Jun/2023:08:39:06 +0800] "POST /xingrg/dwr/call/plaincall/AjaxCheckService.setItemNumber.dwr HTTP/1.1" 200 76
116.237.77.239 - - [01/Jun/2023:08:39:08 +0800] "GET /xingrg/images/yd/bt.gif HTTP/1.1" 404 1040
218.81.217.42 - - [01/Jun/2023:08:39:08 +0800] "POST /xingrg/dwr/call/plaincall/AjaxCheckService.setItemNumber.dwr HTTP/1.1" 200 76
116.237.77.239 - - [01/Jun/2023:08:39:09 +0800] "GET /xingrg/kc/buy/cgsh_order_list.html HTTP/1.1" 200 55728
116.237.77.239 - - [01/Jun/2023:08:39:09 +0800] "GET /xingrg/css/base.css HTTP/1.1" 304 -
116.237.77.239 - - [01/Jun/2023:08:39:09 +0800] "GET /xingrg/css/site.css HTTP/1.1" 304 -
116.237.77.239 - - [01/Jun/2023:08:39:09 +0800] "GET /xingrg/javascript/jquery_tools/datebox.css HTTP/1.1" 304 -
116.237.77.239 - - [01/Jun/2023:08:39:09 +0800] "GET /xingrg/javascript/easyui/themes/default/easyui.css HTTP/1.1" 304 -
116.237.77.239 - - [01/Jun/2023:08:39:09 +0800] "GET /xingrg/javascript/easyui/themes/icon.css HTTP/1.1" 304 -
116.237.77.239 - - [01/Jun/2023:08:39:09 +0800] "GET /xingrg/javascript/auto/jquery.autocomplete.css HTTP/1.1" 304 -
116.237.77.239 - - [01/Jun/2023:08:39:09 +0800] "GET /xingrg/javascript/jquery_tools/fix.css HTTP/1.1" 304 -
116.237.77.239 - - [01/Jun/2023:08:39:09 +0800] "GET /xingrg/javascript/jquery_tools/table.css HTTP/1.1" 304 -
116.237.77.239 - - [01/Jun/2023:08:39:09 +0800] "GET /xingrg/javascript/jquery_tools/jquery.tools.min.js HTTP/1.1" 304 -
116.237.77.239 - - [01/Jun/2023:08:39:09 +0800] "GET /xingrg/javascript/jquery_tools/jquery.tools.extend.js HTTP/1.1" 304 -
116.237.77.239 - - [01/Jun/2023:08:39:09 +0800] "GET /xingrg/javascript/jquery_tools/jquery.tools.hotkey.js HTTP/1.1" 304 -
116.237.77.239 - - [01/Jun/2023:08:39:09 +0800] "GET /xingrg/javascript/jquery_tools/jquery.tools.table.js HTTP/1.1" 304 -
116.237.77.239 - - [01/Jun/2023:08:39:09 +0800] "GET /xingrg/javascript/jquery_tools/list_manager.js HTTP/1.1" 304 -
116.237.77.239 - - [01/Jun/2023:08:39:09 +0800] "GET /xingrg/javascript/auto/jquery.autocomplete.js HTTP/1.1" 304 -
116.237.77.239 - - [01/Jun/2023:08:39:09 +0800] "GET /xingrg/javascript/easyui/easyloader.js HTTP/1.1" 304 -
116.237.77.239 - - [01/Jun/2023:08:39:09 +0800] "GET /xingrg/javascript/jquery.cookie.js HTTP/1.1" 304 -
116.237.77.239 - - [01/Jun/2023:08:39:09 +0800] "GET /xingrg/javascript/print/LodopFuncs.js HTTP/1.1" 304 -
218.81.217.42 - - [01/Jun/2023:08:39:09 +0800] "POST /xingrg/dwr/call/plaincall/AjaxCheckService.setItemNumber.dwr HTTP/1.1" 200 76
116.237.77.239 - - [01/Jun/2023:08:39:09 +0800] "GET /xingrg/javascript/easyui/themes/icons/cance_new.png HTTP/1.1" 304 -
116.237.77.239 - - [01/Jun/2023:08:39:09 +0800] "GET /xingrg/javascript/easyui/themes/icons/check_new.png HTTP/1.1" 304 -
116.237.77.239 - - [01/Jun/2023:08:39:09 +0800] "GET /xingrg/javascript/easyui/themes/icons/field_new.png HTTP/1.1" 304 -
116.237.77.239 - - [01/Jun/2023:08:39:09 +0800] "GET /xingrg/javascript/easyui/themes/icons/import_new.png HTTP/1.1" 304 -
116.237.77.239 - - [01/Jun/2023:08:39:09 +0800] "GET /xingrg/javascript/easyui/themes/icons/edit_add_new.png HTTP/1.1" 304 -
116.237.77.239 - - [01/Jun/2023:08:39:09 +0800] "GET /xingrg/javascript/easyui/plugins/jquery.parser.js HTTP/1.1" 304 -
116.237.77.239 - - [01/Jun/2023:08:39:09 +0800] "GET /xingrg/images/control/ajaxLoader.gif HTTP/1.1" 304 -
101.83.145.52 - - [01/Jun/2023:08:39:09 +0800] "GET /xingrg/all/function/internal_message.html?_=1685579780005&CODE_STATE=getMsg HTTP/1.1" 200 27
116.238.139.35 - - [01/Jun/2023:08:39:10 +0800] "GET /xingrg/all/function/internal_message.html?_=1685579950023&CODE_STATE=getMsg HTTP/1.1" 200 27
116.237.77.239 - - [01/Jun/2023:08:39:10 +0800] "POST /xingrg/kc/buy/cgsh_list_operate.html HTTP/1.1" 200 986
218.81.217.42 - - [01/Jun/2023:08:39:11 +0800] "POST /xingrg/dwr/call/plaincall/AjaxCheckService.setItemNumber.dwr HTTP/1.1" 200 77
116.237.77.239 - - [01/Jun/2023:08:39:12 +0800] "GET /xingrg/javascript/easyui/themes/default/images/button_plain_hover.png HTTP/1.1" 304 -
222.70.180.90 - - [01/Jun/2023:08:39:12 +0800] "GET /xingrg/check_reg.html?_=1685579950054 HTTP/1.1" 200 22
116.237.77.239 - - [01/Jun/2023:08:39:12 +0800] "GET /xingrg/kc/buy/cgsh_order_add.html HTTP/1.1" 200 71504
116.237.77.239 - - [01/Jun/2023:08:39:12 +0800] "GET /xingrg/javascript/jquery_tools/order_manager.js HTTP/1.1" 304 -
116.237.77.239 - - [01/Jun/2023:08:39:12 +0800] "GET /xingrg/javascript/convert.js HTTP/1.1" 304 -
116.237.77.239 - - [01/Jun/2023:08:39:12 +0800] "GET /xingrg/javascript/json2.js HTTP/1.1" 304 -
116.237.77.239 - - [01/Jun/2023:08:39:12 +0800] "GET /xingrg/javascript/print/kc_print.js HTTP/1.1" 304 -
116.237.77.239 - - [01/Jun/2023:08:39:12 +0800] "GET /xingrg/words/20230531175853_words.js HTTP/1.1" 200 966493
116.237.77.239 - - [01/Jun/2023:08:39:12 +0800] "GET /xingrg/javascript/easyui/themes/icons/copy_new.png HTTP/1.1" 304 -
116.237.77.239 - - [01/Jun/2023:08:39:12 +0800] "GET /xingrg/javascript/easyui/themes/icons/template_new.png HTTP/1.1" 200 3956
116.237.77.239 - - [01/Jun/2023:08:39:12 +0800] "GET /xingrg/javascript/easyui/themes/icons/ok.png HTTP/1.1" 200 883
116.237.77.239 - - [01/Jun/2023:08:39:12 +0800] "GET /xingrg/javascript/easyui/themes/icons/print.png HTTP/1.1" 304 -
116.237.77.239 - - [01/Jun/2023:08:39:12 +0800] "GET /xingrg/javascript/easyui/themes/default/images/menu_downarrow.png HTTP/1.1" 304 -
116.237.77.239 - - [01/Jun/2023:08:39:12 +0800] "GET /xingrg/javascript/easyui/themes/icons/cancel.png HTTP/1.1" 304 -
116.237.77.239 - - [01/Jun/2023:08:39:12 +0800] "POST /xingrg/kc/buy/cgsh_order_operate.html HTTP/1.1" 200 8245
116.237.77.239 - - [01/Jun/2023:08:39:12 +0800] "GET /xingrg/all/common/auto_word.html?type=employee&rest_code=00106 HTTP/1.1" 200 205
116.237.77.239 - - [01/Jun/2023:08:39:12 +0800] "GET /xingrg/javascript/easyui/themes/default/validatebox.css HTTP/1.1" 404 1104
116.237.77.239 - - [01/Jun/2023:08:39:12 +0800] "GET /xingrg/javascript/easyui/plugins/jquery.validatebox.js HTTP/1.1" 304 -
116.237.77.239 - - [01/Jun/2023:08:39:12 +0800] "GET /xingrg/all/common/auto_word.html?type=employee&rest_code=00106 HTTP/1.1" 200 205
116.237.77.239 - - [01/Jun/2023:08:39:12 +0800] "GET /xingrg/javascript/easyui/plugins/jquery.numberbox.js HTTP/1.1" 304 -
116.237.77.239 - - [01/Jun/2023:08:39:13 +0800] "GET /xingrg/javascript/easyui/themes/icons/edit_remove.png HTTP/1.1" 304 -
116.237.77.239 - - [01/Jun/2023:08:39:13 +0800] "GET /xingrg/javascript/jquery_easy_ui/themes/default/images/tabs_active.png HTTP/1.1" 304 -
101.83.145.52 - - [01/Jun/2023:08:39:13 +0800] "GET /xingrg/kc/buy/cgsh_order_operate.html?command=get_materiel&rest_code=00105&code=00101008545&supplier_code=00100203&order_time=2023-06-01 HTTP/1.1" 200 409
116.237.77.239 - - [01/Jun/2023:08:39:14 +0800] "GET /xingrg/javascript/easyui/plugins/jquery.draggable.js HTTP/1.1" 200 6121
116.237.77.239 - - [01/Jun/2023:08:39:14 +0800] "GET /xingrg/css/images/panel_loading.gif HTTP/1.1" 200 1737
116.237.77.239 - - [01/Jun/2023:08:39:14 +0800] "GET /xingrg/javascript/easyui/plugins/jquery.droppable.js HTTP/1.1" 200 1167
116.237.77.239 - - [01/Jun/2023:08:39:14 +0800] "GET /xingrg/javascript/easyui/themes/default/tree.css HTTP/1.1" 404 1090
116.237.77.239 - - [01/Jun/2023:08:39:14 +0800] "GET /xingrg/javascript/easyui/plugins/jquery.tree.js HTTP/1.1" 200 20874
116.237.77.239 - - [01/Jun/2023:08:39:14 +0800] "POST /xingrg/all/common/load_tree.html?tree=supplier_tree_json&isDelete=1 HTTP/1.1" 200 74311
116.237.77.239 - - [01/Jun/2023:08:39:16 +0800] "GET /xingrg/javascript/easyui/themes/default/images/tree_arrows.gif HTTP/1.1" 200 617
116.237.77.239 - - [01/Jun/2023:08:39:16 +0800] "GET /xingrg/javascript/easyui/themes/default/images/tree_folder_open.gif HTTP/1.1" 200 956
116.237.77.239 - - [01/Jun/2023:08:39:16 +0800] "GET /xingrg/javascript/easyui/themes/default/images/tree_folder.gif HTTP/1.1" 200 952
116.237.77.239 - - [01/Jun/2023:08:39:16 +0800] "GET /xingrg/javascript/easyui/themes/default/images/tree_file.gif HTTP/1.1" 200 118
218.81.217.42 - - [01/Jun/2023:08:39:18 +0800] "POST /xingrg/dwr/call/plaincall/AjaxCheckService.setItemNumber.dwr HTTP/1.1" 200 77
218.81.217.42 - - [01/Jun/2023:08:39:19 +0800] "POST /xingrg/dwr/call/plaincall/AjaxCheckService.setItemNumber.dwr HTTP/1.1" 200 77
218.81.217.42 - - [01/Jun/2023:08:39:20 +0800] "POST /xingrg/dwr/call/plaincall/AjaxCheckService.setItemNumber.dwr HTTP/1.1" 200 77
218.81.217.42 - - [01/Jun/2023:08:39:22 +0800] "POST /xingrg/dwr/call/plaincall/AjaxCheckService.setItemNumber.dwr HTTP/1.1" 200 77
218.81.217.42 - - [01/Jun/2023:08:39:22 +0800] "POST /xingrg/dwr/call/plaincall/AjaxCheckService.setItemNumber.dwr HTTP/1.1" 200 77
218.81.217.42 - - [01/Jun/2023:08:39:23 +0800] "POST /xingrg/dwr/call/plaincall/AjaxCheckService.setItemNumber.dwr HTTP/1.1" 200 77
218.81.217.42 - - [01/Jun/2023:08:39:24 +0800] "POST /xingrg/dwr/call/plaincall/AjaxCheckService.setItemNumber.dwr HTTP/1.1" 200 77
218.81.217.42 - - [01/Jun/2023:08:39:26 +0800] "POST /xingrg/dwr/call/plaincall/AjaxCheckService.setItemNumber.dwr HTTP/1.1" 200 77
218.81.217.42 - - [01/Jun/2023:08:39:27 +0800] "POST /xingrg/dwr/call/plaincall/AjaxCheckService.setItemNumber.dwr HTTP/1.1" 200 77
101.83.145.52 - - [01/Jun/2023:08:39:28 +0800] "GET /xingrg/all/function/internal_message.html?_=1685579968282&CODE_STATE=getMsg HTTP/1.1" 200 27
218.81.217.42 - - [01/Jun/2023:08:39:28 +0800] "POST /xingrg/dwr/call/plaincall/AjaxCheckService.setItemNumber.dwr HTTP/1.1" 200 77
218.81.217.42 - - [01/Jun/2023:08:39:30 +0800] "POST /xingrg/dwr/call/plaincall/AjaxCheckService.setItemNumber.dwr HTTP/1.1" 200 77
218.81.217.42 - - [01/Jun/2023:08:39:31 +0800] "POST /xingrg/dwr/call/plaincall/AjaxCheckService.setItemNumber.dwr HTTP/1.1" 200 77
218.81.217.42 - - [01/Jun/2023:08:39:33 +0800] "POST /xingrg/dwr/call/plaincall/AjaxCheckService.setItemNumber.dwr HTTP/1.1" 200 77
218.81.217.42 - - [01/Jun/2023:08:39:34 +0800] "POST /xingrg/dwr/call/plaincall/AjaxCheckService.setItemNumber.dwr HTTP/1.1" 200 77
218.81.217.42 - - [01/Jun/2023:08:39:35 +0800] "POST /xingrg/dwr/call/plaincall/AjaxCheckService.setItemNumber.dwr HTTP/1.1" 200 77
218.81.217.42 - - [01/Jun/2023:08:39:38 +0800] "POST /xingrg/dwr/call/plaincall/AjaxCheckService.setItemNumber.dwr HTTP/1.1" 200 77
116.237.77.239 - - [01/Jun/2023:08:39:38 +0800] "GET /xingrg/javascript/auto/indicator.gif HTTP/1.1" 404 1066
218.81.217.42 - - [01/Jun/2023:08:39:39 +0800] "POST /xingrg/dwr/call/plaincall/AjaxCheckService.setItemNumber.dwr HTTP/1.1" 200 77
218.81.217.42 - - [01/Jun/2023:08:39:41 +0800] "POST /xingrg/dwr/call/plaincall/AjaxCheckService.setItemNumber.dwr HTTP/1.1" 200 77
114.85.113.108 - - [01/Jun/2023:08:39:41 +0800] "GET /xingrg/all/function/internal_message.html?_=1685579953521&CODE_STATE=getMsg HTTP/1.1" 200 27
218.81.217.42 - - [01/Jun/2023:08:39:43 +0800] "GET /xingrg/all/function/internal_message.html?_=1685579996685&CODE_STATE=getMsg HTTP/1.1" 200 27
218.81.217.42 - - [01/Jun/2023:08:39:43 +0800] "POST /xingrg/dwr/call/plaincall/AjaxCheckService.setItemNumber.dwr HTTP/1.1" 200 77
218.81.217.42 - - [01/Jun/2023:08:39:44 +0800] "POST /xingrg/dwr/call/plaincall/AjaxCheckService.setItemNumber.dwr HTTP/1.1" 200 77
114.85.113.108 - - [01/Jun/2023:08:39:45 +0800] "GET /xingrg/check_reg.html?_=1685579957012 HTTP/1.1" 200 22
218.81.217.42 - - [01/Jun/2023:08:39:45 +0800] "POST /xingrg/dwr/call/plaincall/AjaxCheckService.setItemNumber.dwr HTTP/1.1" 200 77
116.237.77.239 - - [01/Jun/2023:08:39:46 +0800] "GET /xingrg/kc/buy/cgsh_order_operate.html?command=get_materiel&rest_code=00106&code=00101008349&supplier_code=00100007&order_time=2023-06-01 HTTP/1.1" 200 412
218.81.217.42 - - [01/Jun/2023:08:39:46 +0800] "POST /xingrg/dwr/call/plaincall/AjaxCheckService.setItemNumber.dwr HTTP/1.1" 200 77
218.81.217.42 - - [01/Jun/2023:08:39:48 +0800] "POST /xingrg/dwr/call/plaincall/AjaxCheckService.setItemNumber.dwr HTTP/1.1" 200 77
101.83.145.52 - - [01/Jun/2023:08:39:49 +0800] "GET /xingrg/kc/buy/cgsh_order_operate.html?command=get_materiel&rest_code=00105&code=00101008374&supplier_code=00100203&order_time=2023-06-01 HTTP/1.1" 200 412
218.81.217.42 - - [01/Jun/2023:08:39:49 +0800] "POST /xingrg/dwr/call/plaincall/AjaxCheckService.setItemNumber.dwr HTTP/1.1" 200 77
218.81.217.42 - - [01/Jun/2023:08:39:49 +0800] "POST /xingrg/dwr/call/plaincall/AjaxCheckService.setItemNumber.dwr HTTP/1.1" 200 77
218.81.217.42 - - [01/Jun/2023:08:39:51 +0800] "POST /xingrg/dwr/call/plaincall/AjaxCheckService.setItemNumber.dwr HTTP/1.1" 200 77
116.232.195.127 - - [01/Jun/2023:08:39:52 +0800] "GET /xingrg/check_reg.html?_=1685580020713 HTTP/1.1" 200 22
116.232.195.127 - - [01/Jun/2023:08:39:52 +0800] "GET /xingrg/all/function/internal_message.html?_=1685580020716&CODE_STATE=getMsg HTTP/1.1" 200 27
218.81.217.42 - - [01/Jun/2023:08:39:52 +0800] "POST /xingrg/dwr/call/plaincall/AjaxCheckService.setItemNumber.dwr HTTP/1.1" 200 77
218.81.217.42 - - [01/Jun/2023:08:39:54 +0800] "POST /xingrg/dwr/call/plaincall/AjaxCheckService.setItemNumber.dwr HTTP/1.1" 200 77
218.81.217.42 - - [01/Jun/2023:08:39:55 +0800] "POST /xingrg/dwr/call/plaincall/AjaxCheckService.setItemNumber.dwr HTTP/1.1" 200 77
218.81.217.42 - - [01/Jun/2023:08:39:56 +0800] "POST /xingrg/dwr/call/plaincall/AjaxCheckService.setItemNumber.dwr HTTP/1.1" 200 77
116.238.139.35 - - [01/Jun/2023:08:39:56 +0800] "GET /xingrg/all/function/internal_message.html?_=1685579902769&CODE_STATE=getMsg HTTP/1.1" 200 27
218.81.217.42 - - [01/Jun/2023:08:39:58 +0800] "POST /xingrg/dwr/call/plaincall/AjaxCheckService.setItemNumber.dwr HTTP/1.1" 200 77
116.237.77.239 - - [01/Jun/2023:08:40:03 +0800] "GET /xingrg/all/function/internal_message.html?_=1685580005074&CODE_STATE=getMsg HTTP/1.1" 200 27
222.70.180.90 - - [01/Jun/2023:08:40:03 +0800] "GET /xingrg/kc/base/check_order_list.html HTTP/1.1" 200 16217
222.70.180.90 - - [01/Jun/2023:08:40:03 +0800] "POST /xingrg/kc/base/check_list_operate.html HTTP/1.1" 200 4712
218.81.217.42 - - [01/Jun/2023:08:40:05 +0800] "POST /xingrg/dwr/call/plaincall/AjaxCheckService.setItemNumber.dwr HTTP/1.1" 200 77
222.70.180.90 - - [01/Jun/2023:08:40:06 +0800] "GET /xingrg/kc/base/check_order_info.html?code=452023053100337 HTTP/1.1" 200 26404
222.70.180.90 - - [01/Jun/2023:08:40:06 +0800] "GET /xingrg/dwr/interface/AjaxComOrderService.js HTTP/1.1" 200 18264
222.70.180.90 - - [01/Jun/2023:08:40:06 +0800] "GET /xingrg/dwr/util.js HTTP/1.1" 200 35990
222.70.180.90 - - [01/Jun/2023:08:40:06 +0800] "GET /xingrg/dwr/interface/AjaxCheckService.js HTTP/1.1" 200 14003
222.70.180.90 - - [01/Jun/2023:08:40:06 +0800] "GET /xingrg/dwr/engine.js HTTP/1.1" 200 43631
222.70.180.90 - - [01/Jun/2023:08:40:06 +0800] "POST /xingrg/dwr/call/plaincall/AjaxCheckService.loadOrderItems.dwr HTTP/1.1" 200 131661
218.81.217.42 - - [01/Jun/2023:08:40:08 +0800] "POST /xingrg/dwr/call/plaincall/AjaxCheckService.setItemNumber.dwr HTTP/1.1" 200 77
218.81.217.42 - - [01/Jun/2023:08:40:08 +0800] "POST /xingrg/dwr/call/plaincall/AjaxCheckService.setItemNumber.dwr HTTP/1.1" 200 77
101.83.145.52 - - [01/Jun/2023:08:40:09 +0800] "GET /xingrg/check_reg.html?_=1685579840008 HTTP/1.1" 200 22
101.83.145.52 - - [01/Jun/2023:08:40:09 +0800] "GET /xingrg/all/function/internal_message.html?_=1685579840011&CODE_STATE=getMsg HTTP/1.1" 200 27
218.81.217.42 - - [01/Jun/2023:08:40:09 +0800] "POST /xingrg/dwr/call/plaincall/AjaxCheckService.setItemNumber.dwr HTTP/1.1" 200 77
116.238.139.35 - - [01/Jun/2023:08:40:10 +0800] "GET /xingrg/all/function/internal_message.html?_=1685580010023&CODE_STATE=getMsg HTTP/1.1" 200 27
101.83.145.52 - - [01/Jun/2023:08:40:10 +0800] "GET /xingrg/kc/buy/cgsh_order_operate.html?command=get_materiel&rest_code=00105&code=00101008049&supplier_code=00100203&order_time=2023-06-01 HTTP/1.1" 200 408
218.81.217.42 - - [01/Jun/2023:08:40:11 +0800] "POST /xingrg/dwr/call/plaincall/AjaxCheckService.setItemNumber.dwr HTTP/1.1" 200 77
172.20.0.100 - - [01/Jun/2023:08:40:12 +0800] "GET /xingrg/check_reg.html?_=1685580021741 HTTP/1.1" 302 -
218.81.217.42 - - [01/Jun/2023:08:40:12 +0800] "POST /xingrg/dwr/call/plaincall/AjaxCheckService.setItemNumber.dwr HTTP/1.1" 200 77
101.83.145.52 - - [01/Jun/2023:08:40:13 +0800] "POST /xingrg/kc/buy/cgsh_order_operate.html HTTP/1.1" 200 2065
218.81.217.42 - - [01/Jun/2023:08:40:14 +0800] "POST /xingrg/dwr/call/plaincall/AjaxCheckService.setItemNumber.dwr HTTP/1.1" 200 77
101.83.145.52 - - [01/Jun/2023:08:40:14 +0800] "POST /xingrg/kc/buy/cgsh_order_operate.html HTTP/1.1" 200 2065
222.70.180.90 - - [01/Jun/2023:08:40:15 +0800] "POST /xingrg/dwr/call/plaincall/AjaxCheckService.setItemNumber.dwr HTTP/1.1" 200 76
218.81.217.42 - - [01/Jun/2023:08:40:15 +0800] "POST /xingrg/dwr/call/plaincall/AjaxCheckService.setItemNumber.dwr HTTP/1.1" 200 77
222.70.180.90 - - [01/Jun/2023:08:40:16 +0800] "POST /xingrg/dwr/call/plaincall/AjaxCheckService.setItemNumber.dwr HTTP/1.1" 200 76
218.81.217.42 - - [01/Jun/2023:08:40:16 +0800] "POST /xingrg/dwr/call/plaincall/AjaxCheckService.setItemNumber.dwr HTTP/1.1" 200 77
116.237.77.239 - - [01/Jun/2023:08:40:18 +0800] "GET /xingrg/kc/buy/cgsh_order_operate.html?command=get_materiel&rest_code=00106&code=00101008354&supplier_code=00100007&order_time=2023-06-01 HTTP/1.1" 200 412
222.70.180.90 - - [01/Jun/2023:08:40:19 +0800] "POST /xingrg/dwr/call/plaincall/AjaxCheckService.setItemNumber.dwr HTTP/1.1" 200 76
222.70.180.90 - - [01/Jun/2023:08:40:20 +0800] "POST /xingrg/dwr/call/plaincall/AjaxCheckService.setItemNumber.dwr HTTP/1.1" 200 76
222.70.180.90 - - [01/Jun/2023:08:40:21 +0800] "POST /xingrg/dwr/call/plaincall/AjaxCheckService.setItemNumber.dwr HTTP/1.1" 200 76
222.70.180.90 - - [01/Jun/2023:08:40:22 +0800] "POST /xingrg/dwr/call/plaincall/AjaxCheckService.setItemNumber.dwr HTTP/1.1" 200 76
222.70.180.90 - - [01/Jun/2023:08:40:23 +0800] "POST /xingrg/dwr/call/plaincall/AjaxCheckService.setItemNumber.dwr HTTP/1.1" 200 76
101.83.145.52 - - [01/Jun/2023:08:40:24 +0800] "GET /xingrg/kc/buy/cgsh_order_operate.html?command=get_materiel&rest_code=00105&code=00101008261&supplier_code=00100203&order_time=2023-06-01 HTTP/1.1" 200 408
222.70.180.90 - - [01/Jun/2023:08:40:25 +0800] "POST /xingrg/dwr/call/plaincall/AjaxCheckService.setItemNumber.dwr HTTP/1.1" 200 76
222.70.180.90 - - [01/Jun/2023:08:40:26 +0800] "POST /xingrg/dwr/call/plaincall/AjaxCheckService.setItemNumber.dwr HTTP/1.1" 200 76
101.83.145.52 - - [01/Jun/2023:08:40:28 +0800] "GET /xingrg/all/function/internal_message.html?_=1685580028261&CODE_STATE=getMsg HTTP/1.1" 200 27
222.70.180.90 - - [01/Jun/2023:08:40:28 +0800] "POST /xingrg/dwr/call/plaincall/AjaxCheckService.setItemNumber.dwr HTTP/1.1" 200 77
218.81.217.42 - - [01/Jun/2023:08:40:29 +0800] "POST /xingrg/dwr/call/plaincall/AjaxCheckService.setItemNumber.dwr HTTP/1.1" 200 77
222.70.180.90 - - [01/Jun/2023:08:40:29 +0800] "POST /xingrg/dwr/call/plaincall/AjaxCheckService.setItemNumber.dwr HTTP/1.1" 200 77
222.70.180.90 - - [01/Jun/2023:08:40:31 +0800] "POST /xingrg/dwr/call/plaincall/AjaxCheckService.setItemNumber.dwr HTTP/1.1" 200 77
222.70.180.90 - - [01/Jun/2023:08:40:32 +0800] "POST /xingrg/dwr/call/plaincall/AjaxCheckService.setItemNumber.dwr HTTP/1.1" 200 77
218.81.217.42 - - [01/Jun/2023:08:40:33 +0800] "POST /xingrg/dwr/call/plaincall/AjaxCheckService.setItemNumber.dwr HTTP/1.1" 200 77
222.70.180.90 - - [01/Jun/2023:08:40:34 +0800] "POST /xingrg/dwr/call/plaincall/AjaxCheckService.setItemNumber.dwr HTTP/1.1" 200 77
218.81.217.42 - - [01/Jun/2023:08:40:35 +0800] "POST /xingrg/dwr/call/plaincall/AjaxCheckService.setItemNumber.dwr HTTP/1.1" 200 77
218.81.217.42 - - [01/Jun/2023:08:40:35 +0800] "POST /xingrg/dwr/call/plaincall/AjaxCheckService.setItemNumber.dwr HTTP/1.1" 200 77
222.70.180.90 - - [01/Jun/2023:08:40:36 +0800] "POST /xingrg/dwr/call/plaincall/AjaxCheckService.setItemNumber.dwr HTTP/1.1" 200 77
218.81.217.42 - - [01/Jun/2023:08:40:37 +0800] "POST /xingrg/dwr/call/plaincall/AjaxCheckService.setItemNumber.dwr HTTP/1.1" 200 77
101.83.145.52 - - [01/Jun/2023:08:40:37 +0800] "GET /xingrg/kc/buy/cgsh_order_operate.html?command=get_materiel&rest_code=00105&code=00101008038&supplier_code=00100203&order_time=2023-06-01 HTTP/1.1" 200 412
222.70.180.90 - - [01/Jun/2023:08:40:38 +0800] "POST /xingrg/dwr/call/plaincall/AjaxCheckService.setItemNumber.dwr HTTP/1.1" 200 77
218.81.217.42 - - [01/Jun/2023:08:40:38 +0800] "POST /xingrg/dwr/call/plaincall/AjaxCheckService.setItemNumber.dwr HTTP/1.1" 200 77
222.70.180.90 - - [01/Jun/2023:08:40:39 +0800] "POST /xingrg/dwr/call/plaincall/AjaxCheckService.setItemNumber.dwr HTTP/1.1" 200 77
222.70.180.90 - - [01/Jun/2023:08:40:40 +0800] "POST /xingrg/dwr/call/plaincall/AjaxCheckService.setItemNumber.dwr HTTP/1.1" 200 77
218.81.217.42 - - [01/Jun/2023:08:40:41 +0800] "POST /xingrg/dwr/call/plaincall/AjaxCheckService.setItemNumber.dwr HTTP/1.1" 200 77
116.232.195.127 - - [01/Jun/2023:08:40:41 +0800] "GET /xingrg/index.html?sysBaseUrl=http%3A%2F%2F180.169.147.146%3A18081%2Fxingrg%2F&costTime=1277×tamp=1606817596806 HTTP/1.1" 302 -
116.232.195.127 - - [01/Jun/2023:08:40:41 +0800] "GET /xingrg/login.html HTTP/1.1" 200 7641
114.85.113.108 - - [01/Jun/2023:08:40:41 +0800] "GET /xingrg/all/function/internal_message.html?_=1685580013501&CODE_STATE=getMsg HTTP/1.1" 200 27
218.81.217.42 - - [01/Jun/2023:08:40:42 +0800] "POST /xingrg/dwr/call/plaincall/AjaxCheckService.setItemNumber.dwr HTTP/1.1" 200 77
