180.169.147.146 - - [01/Jun/2023:09:15:06 +0800] "GET /xingrg/javascript/Calendar.js HTTP/1.1" 200 31561
180.169.147.146 - - [01/Jun/2023:09:15:06 +0800] "GET /xingrg/javascript/calendar/jquery.timePicker.min.js HTTP/1.1" 200 2997
180.169.147.146 - - [01/Jun/2023:09:15:06 +0800] "GET /xingrg/javascript/bigrid/fix.js HTTP/1.1" 200 6439
180.169.147.146 - - [01/Jun/2023:09:15:07 +0800] "GET /xingrg/images/control/loading.gif HTTP/1.1" 200 13463
180.169.147.146 - - [01/Jun/2023:09:15:07 +0800] "GET /xingrg/images/blue/button/advance2over.gif HTTP/1.1" 200 1336
180.169.147.146 - - [01/Jun/2023:09:15:07 +0800] "GET /xingrg/images/blue/button/advanceover.gif HTTP/1.1" 200 1347
180.169.147.146 - - [01/Jun/2023:09:15:07 +0800] "GET /xingrg/images/blue/button/backover.gif HTTP/1.1" 200 1348
180.169.147.146 - - [01/Jun/2023:09:15:07 +0800] "GET /xingrg/images/blue/button/back2over.gif HTTP/1.1" 200 1335
180.169.147.146 - - [01/Jun/2023:09:15:07 +0800] "GET /xingrg/javascript/jquery_easy_ui/themes/icons/help.png HTTP/1.1" 200 1187
120.253.135.82 - - [01/Jun/2023:09:15:08 +0800] "POST /xingrg/kc/pszx/mdps_order_operate.html HTTP/1.1" 200 12
180.169.147.146 - - [01/Jun/2023:09:15:08 +0800] "POST /xingrg/all/report/load_report_page.html HTTP/1.1" 200 94626
180.169.147.146 - - [01/Jun/2023:09:15:08 +0800] "GET /xingrg/servlets/image?cache=0.05079056511784974&image=px HTTP/1.1" 200 807
124.79.74.67 - - [01/Jun/2023:09:15:09 +0800] "POST /xingrg/dwr/call/plaincall/AjaxCheckService.setItemNumber.dwr HTTP/1.1" 200 78
101.83.145.52 - - [01/Jun/2023:09:15:09 +0800] "GET /xingrg/check_reg.html?_=1685581940073 HTTP/1.1" 200 22
101.83.145.52 - - [01/Jun/2023:09:15:09 +0800] "GET /xingrg/all/function/internal_message.html?_=1685581940077&CODE_STATE=getMsg HTTP/1.1" 200 27
116.238.139.35 - - [01/Jun/2023:09:15:10 +0800] "GET /xingrg/all/function/internal_message.html?_=1685582110057&CODE_STATE=getMsg HTTP/1.1" 200 27
180.169.147.146 - - [01/Jun/2023:09:15:10 +0800] "GET /xingrg/all/report/report_query.html?isQuery=1&fileName=kc/base/crk_detail_by_small.xml&rh=99999&queryString=&queryText=%25E3%2580%2590%25E4%25BB%2593%25E5%25BA%2593%25E5%2590%258D%25E7%25A7%25B0%253A%25E5%2590%25A7%25E5%258F%25B0%25E3%2580%2591%25E3%2580%2590%25E4%25B8%259A%25E5%258A%25A1%25E7%25B1%25BB%25E5%259E%258B%25EF%25BC%259A%25E9%2587%2587%25E8%25B4%25AD%25E5%2585%25A5%25E5%25BA%2593%25E3%2580%2591%2520%253F%253F%253F%253F%253F2023-05-01%253F%253F2023-05-31%2520%253F%253F%253F%253F%253F%253F&tableQueryString=crk_table%2524sp1%2524order_day%2520between%252020230501%2520and%252020230531%2520and%2520(base_code%253D'0010332')%2520and%2520(src_order_type%2520in%2520(21))%2520and%2520(is_rk%2520in%2520(1)) HTTP/1.1" 200 53776
180.169.147.146 - - [01/Jun/2023:09:15:11 +0800] "GET /xingrg/dwr/interface/AjaxReportQueryService.js HTTP/1.1" 200 13203
180.169.147.146 - - [01/Jun/2023:09:15:11 +0800] "GET /xingrg/dwr/engine.js HTTP/1.1" 200 43631
180.169.147.146 - - [01/Jun/2023:09:15:11 +0800] "GET /xingrg/javascript/jquery_easy_ui/themes/icons/pencil.png HTTP/1.1" 200 713
180.169.147.146 - - [01/Jun/2023:09:15:11 +0800] "GET /xingrg/javascript/jquery_easy_ui/themes/default/images/menu_rightarrow.png HTTP/1.1" 200 3617
180.169.147.146 - - [01/Jun/2023:09:15:11 +0800] "POST /xingrg/all/report/load_report_page.html HTTP/1.1" 200 18245
180.169.147.146 - - [01/Jun/2023:09:15:11 +0800] "GET /xingrg/servlets/image?cache=0.5349556279503808&image=px HTTP/1.1" 200 807
172.20.0.100 - - [01/Jun/2023:09:15:12 +0800] "GET /xingrg/check_reg.html?_=1685582121601 HTTP/1.1" 302 -
114.83.221.184 - - [01/Jun/2023:09:15:12 +0800] "GET /xingrg/kc/buy/cgsh_order_operate.html?command=get_materiel&rest_code=00149&code=00101008296&supplier_code=00100008&order_time=2023-06-01 HTTP/1.1" 200 416
124.79.74.67 - - [01/Jun/2023:09:15:12 +0800] "GET /xingrg/all/function/internal_message.html?_=1685582118663&CODE_STATE=getMsg HTTP/1.1" 200 27
180.169.147.146 - - [01/Jun/2023:09:15:13 +0800] "POST /xingrg/all/report/load_report_page.html HTTP/1.1" 200 67045
180.169.147.146 - - [01/Jun/2023:09:15:13 +0800] "GET /xingrg/servlets/image?cache=0.06942499096686738&image=px HTTP/1.1" 200 807
114.83.221.184 - - [01/Jun/2023:09:15:15 +0800] "GET /xingrg/all/function/internal_message.html?_=1685582113128&CODE_STATE=getMsg HTTP/1.1" 200 27
124.79.74.67 - - [01/Jun/2023:09:15:15 +0800] "POST /xingrg/dwr/call/plaincall/AjaxCheckService.setItemNumber.dwr HTTP/1.1" 200 78
120.253.135.82 - - [01/Jun/2023:09:15:17 +0800] "GET /xingrg/kc/pszx/mdps_order_info.html?code=312023053100622 HTTP/1.1" 200 19644
116.232.195.127 - - [01/Jun/2023:09:15:17 +0800] "GET /xingrg/all/function/internal_message.html?_=1685582146141&CODE_STATE=getMsg HTTP/1.1" 200 27
120.253.135.82 - - [01/Jun/2023:09:15:17 +0800] "POST /xingrg/kc/pszx/mdps_order_operate.html HTTP/1.1" 200 509
120.253.135.82 - - [01/Jun/2023:09:15:17 +0800] "GET /xingrg/javascript/easyui/themes/default/validatebox.css HTTP/1.1" 404 1104
120.253.135.82 - - [01/Jun/2023:09:15:19 +0800] "POST /xingrg/kc/pszx/mdps_list_operate.html HTTP/1.1" 200 3178
116.237.77.239 - - [01/Jun/2023:09:15:19 +0800] "GET /xingrg/kc/buy/cgsh_order_operate.html?command=get_materiel&rest_code=00106&code=00101016017&supplier_code=00100096&order_time=2023-06-01 HTTP/1.1" 200 410
124.79.74.67 - - [01/Jun/2023:09:15:20 +0800] "GET /xingrg/kc/base/check_order_list.html?isBack=1 HTTP/1.1" 200 16223
124.79.74.67 - - [01/Jun/2023:09:15:20 +0800] "POST /xingrg/kc/base/check_list_operate.html HTTP/1.1" 200 4742
120.253.135.82 - - [01/Jun/2023:09:15:21 +0800] "POST /xingrg/kc/pszx/mdps_list_operate.html HTTP/1.1" 200 604
114.83.221.184 - - [01/Jun/2023:09:15:21 +0800] "GET /xingrg/kc/buy/cgsh_order_operate.html?command=get_materiel&rest_code=00149&code=00101008169&supplier_code=00100008&order_time=2023-06-01 HTTP/1.1" 200 412
120.253.135.82 - - [01/Jun/2023:09:15:22 +0800] "GET /xingrg/kc/pszx/mdps_order_info.html?code=312023053000610 HTTP/1.1" 200 23978
120.253.135.82 - - [01/Jun/2023:09:15:22 +0800] "GET /xingrg/javascript/easyui/themes/default/validatebox.css HTTP/1.1" 404 1104
120.253.135.82 - - [01/Jun/2023:09:15:22 +0800] "POST /xingrg/kc/pszx/mdps_order_operate.html HTTP/1.1" 200 17562
172.20.0.100 - - [01/Jun/2023:09:15:27 +0800] "POST /xingrg/kc/report/common_data.html?type=materiel_category_tree HTTP/1.1" 302 -
101.83.145.52 - - [01/Jun/2023:09:15:28 +0800] "GET /xingrg/all/function/internal_message.html?_=1685582128257&CODE_STATE=getMsg HTTP/1.1" 200 27
120.253.135.82 - - [01/Jun/2023:09:15:28 +0800] "POST /xingrg/kc/pszx/mdps_order_operate.html HTTP/1.1" 200 37
120.253.135.82 - - [01/Jun/2023:09:15:30 +0800] "POST /xingrg/kc/pszx/mdps_order_operate.html HTTP/1.1" 200 12
114.83.221.184 - - [01/Jun/2023:09:15:33 +0800] "GET /xingrg/kc/buy/cgsh_order_operate.html?command=get_materiel&rest_code=00149&code=00101008318&supplier_code=00100008&order_time=2023-06-01 HTTP/1.1" 200 408
120.253.135.82 - - [01/Jun/2023:09:15:36 +0800] "GET /xingrg/kc/pszx/mdps_order_info.html?code=312023053000610 HTTP/1.1" 200 19638
120.253.135.82 - - [01/Jun/2023:09:15:36 +0800] "POST /xingrg/kc/pszx/mdps_order_operate.html HTTP/1.1" 200 15657
120.253.135.82 - - [01/Jun/2023:09:15:36 +0800] "GET /xingrg/javascript/easyui/themes/default/validatebox.css HTTP/1.1" 404 1104
116.238.139.35 - - [01/Jun/2023:09:15:38 +0800] "GET /xingrg/all/function/internal_message.html?_=1685582044244&CODE_STATE=getMsg HTTP/1.1" 200 27
120.253.135.82 - - [01/Jun/2023:09:15:39 +0800] "POST /xingrg/kc/pszx/mdps_list_operate.html HTTP/1.1" 200 2804
172.20.0.100 - - [01/Jun/2023:09:15:40 +0800] "GET /xingrg/all/function/internal_message.html?_=1685582139838&CODE_STATE=getMsg HTTP/1.1" 200 27
114.85.113.108 - - [01/Jun/2023:09:15:41 +0800] "GET /xingrg/all/function/internal_message.html?_=1685582113106&CODE_STATE=getMsg HTTP/1.1" 200 27
101.229.22.40 - - [01/Jun/2023:09:15:41 +0800] "POST /xingrg/login.do HTTP/1.1" 302 -
101.229.22.40 - - [01/Jun/2023:09:15:41 +0800] "GET /xingrg/index.html?sysBaseUrl=http%3A%2F%2F180.169.147.146%3A18081%2Fxingrg%2F&costTime=12×tamp=1685582141965 HTTP/1.1" 200 17179
101.229.22.40 - - [01/Jun/2023:09:15:42 +0800] "GET /xingrg/javascript/jquery_easy_ui/themes/icon.css HTTP/1.1" 304 -
101.229.22.40 - - [01/Jun/2023:09:15:42 +0800] "GET /xingrg/css/form.css HTTP/1.1" 304 -
101.229.22.40 - - [01/Jun/2023:09:15:42 +0800] "GET /xingrg/javascript/jquery_easy_ui/themes/default/easyui.css HTTP/1.1" 304 -
101.229.22.40 - - [01/Jun/2023:09:15:42 +0800] "GET /xingrg/javascript/jquery-1.4.2.min.js HTTP/1.1" 304 -
101.229.22.40 - - [01/Jun/2023:09:15:42 +0800] "GET /xingrg/javascript/jquery_easy_ui/jquery.easyui.min.js HTTP/1.1" 304 -
101.229.22.40 - - [01/Jun/2023:09:15:42 +0800] "GET /xingrg/javascript/jquery_easy_ui/easyui-lang-zh_CN.js HTTP/1.1" 304 -
101.229.22.40 - - [01/Jun/2023:09:15:42 +0800] "GET /xingrg/javascript/jquery.form.js HTTP/1.1" 304 -
101.229.22.40 - - [01/Jun/2023:09:15:42 +0800] "GET /xingrg/javascript/jquery.timers.js HTTP/1.1" 304 -
101.229.22.40 - - [01/Jun/2023:09:15:42 +0800] "GET /xingrg/javascript/jquery.utils.js HTTP/1.1" 304 -
101.229.22.40 - - [01/Jun/2023:09:15:42 +0800] "GET /favicon.ico HTTP/1.1" 404 -
101.229.22.40 - - [01/Jun/2023:09:15:42 +0800] "GET /xingrg/javascript/jquery_easy_ui/themes/icons/settle_new.png HTTP/1.1" 304 -
101.229.22.40 - - [01/Jun/2023:09:15:42 +0800] "GET /xingrg/images/blue/navBackgound.jpg HTTP/1.1" 304 -
101.229.22.40 - - [01/Jun/2023:09:15:42 +0800] "POST /xingrg/all/common/load_tree.html?tree=area_rest_tree_json&manage=1 HTTP/1.1" 200 351
101.229.22.40 - - [01/Jun/2023:09:15:42 +0800] "GET /xingrg/check_reg.html?_=1685582142341 HTTP/1.1" 200 22
101.229.22.40 - - [01/Jun/2023:09:15:42 +0800] "GET /xingrg/images/blue/pingpu.png HTTP/1.1" 304 -
101.229.22.40 - - [01/Jun/2023:09:15:42 +0800] "GET /xingrg/all/function/internal_message.html?_=1685582142340&CODE_STATE=count HTTP/1.1" 200 11
101.229.22.40 - - [01/Jun/2023:09:15:42 +0800] "GET /xingrg/javascript/jquery_easy_ui/themes/default/images/tabs_leftarrow.png HTTP/1.1" 304 -
101.229.22.40 - - [01/Jun/2023:09:15:42 +0800] "GET /xingrg/javascript/jquery_easy_ui/themes/default/images/tabs_rightarrow.png HTTP/1.1" 304 -
101.229.22.40 - - [01/Jun/2023:09:15:42 +0800] "GET /xingrg/javascript/jquery_easy_ui/themes/default/images/panel_tool_collapse.gif HTTP/1.1" 304 -
101.229.22.40 - - [01/Jun/2023:09:15:42 +0800] "POST /xingrg/load_menu.html HTTP/1.1" 200 5138
101.229.22.40 - - [01/Jun/2023:09:15:42 +0800] "GET /xingrg/javascript/jquery_easy_ui/themes/default/images/tree_arrows.gif HTTP/1.1" 304 -
101.229.22.40 - - [01/Jun/2023:09:15:42 +0800] "GET /xingrg/javascript/jquery_easy_ui/themes/default/images/tree_folder_open.gif HTTP/1.1" 304 -
101.229.22.40 - - [01/Jun/2023:09:15:42 +0800] "GET /xingrg/javascript/jquery_easy_ui/themes/icons/search_new.png HTTP/1.1" 304 -
101.229.22.40 - - [01/Jun/2023:09:15:42 +0800] "GET /xingrg/javascript/jquery_easy_ui/themes/icons/storage_new.png HTTP/1.1" 304 -
101.229.22.40 - - [01/Jun/2023:09:15:42 +0800] "GET /xingrg/javascript/jquery_easy_ui/themes/default/images/tree_folder.gif HTTP/1.1" 304 -
101.229.22.40 - - [01/Jun/2023:09:15:42 +0800] "GET /xingrg/javascript/jquery_easy_ui/themes/icons/forms_new.png HTTP/1.1" 304 -
101.229.22.40 - - [01/Jun/2023:09:15:42 +0800] "GET /xingrg/javascript/jquery_easy_ui/themes/default/images/tree_file.gif HTTP/1.1" 304 -
114.83.221.184 - - [01/Jun/2023:09:15:43 +0800] "GET /xingrg/kc/buy/cgsh_order_operate.html?command=get_materiel&rest_code=00149&code=00101008352&supplier_code=00100008&order_time=2023-06-01 HTTP/1.1" 200 412
116.237.77.239 - - [01/Jun/2023:09:15:46 +0800] "GET /xingrg/kc/buy/cgsh_order_operate.html?command=get_materiel&rest_code=00106&code=00101016025&supplier_code=00100096&order_time=2023-06-01 HTTP/1.1" 200 408
101.229.22.40 - - [01/Jun/2023:09:15:46 +0800] "GET /xingrg/javascript/jquery_easy_ui/themes/icons/area.png HTTP/1.1" 304 -
101.229.22.40 - - [01/Jun/2023:09:15:46 +0800] "GET /xingrg/javascript/jquery_easy_ui/themes/icons/rest.png HTTP/1.1" 304 -
218.81.217.42 - - [01/Jun/2023:09:15:47 +0800] "GET /xingrg/all/function/internal_message.html?_=1685582160738&CODE_STATE=getMsg HTTP/1.1" 200 27
120.253.135.82 - - [01/Jun/2023:09:15:48 +0800] "POST /xingrg/kc/pszx/mdps_list_operate.html HTTP/1.1" 200 208
172.20.0.100 - - [01/Jun/2023:09:15:48 +0800] "GET /xingrg/login.html HTTP/1.1" 200 7636
120.253.135.82 - - [01/Jun/2023:09:15:49 +0800] "GET /xingrg/kc/pszx/mdps_order_info.html?code=312023053000608 HTTP/1.1" 200 23976
172.20.0.100 - - [01/Jun/2023:09:15:49 +0800] "GET /favicon.ico HTTP/1.1" 404 -
120.253.135.82 - - [01/Jun/2023:09:15:49 +0800] "GET /xingrg/javascript/easyui/themes/default/validatebox.css HTTP/1.1" 404 1104
120.253.135.82 - - [01/Jun/2023:09:15:49 +0800] "POST /xingrg/kc/pszx/mdps_order_operate.html HTTP/1.1" 200 2303
116.232.195.127 - - [01/Jun/2023:09:15:49 +0800] "POST /xingrg/kc/buy/cgsh_list_operate.html HTTP/1.1" 200 3591
218.81.217.42 - - [01/Jun/2023:09:15:50 +0800] "GET /xingrg/check_reg.html?_=1685582161391 HTTP/1.1" 200 22
218.81.217.42 - - [01/Jun/2023:09:15:50 +0800] "GET /xingrg/all/function/internal_message.html?_=1685582161578&CODE_STATE=getMsg HTTP/1.1" 200 27
120.253.135.82 - - [01/Jun/2023:09:15:53 +0800] "POST /xingrg/kc/pszx/mdps_order_operate.html HTTP/1.1" 200 37
180.169.147.146 - - [01/Jun/2023:09:15:53 +0800] "GET /xingrg/all/function/internal_message.html?_=1685582153299&CODE_STATE=getMsg HTTP/1.1" 200 27
101.229.22.40 - - [01/Jun/2023:09:15:54 +0800] "GET /xingrg/kc/base/check_order_list.html HTTP/1.1" 200 16223
101.229.22.40 - - [01/Jun/2023:09:15:54 +0800] "GET /xingrg/javascript/jquery_easy_ui/themes/default/images/tabs_close.gif HTTP/1.1" 304 -
101.229.22.40 - - [01/Jun/2023:09:15:54 +0800] "GET /xingrg/css/base.css HTTP/1.1" 304 -
101.229.22.40 - - [01/Jun/2023:09:15:54 +0800] "GET /xingrg/css/site.css HTTP/1.1" 304 -
101.229.22.40 - - [01/Jun/2023:09:15:54 +0800] "GET /xingrg/javascript/jquery_tools/datebox.css HTTP/1.1" 304 -
101.229.22.40 - - [01/Jun/2023:09:15:54 +0800] "GET /xingrg/javascript/easyui/themes/default/easyui.css HTTP/1.1" 304 -
101.229.22.40 - - [01/Jun/2023:09:15:54 +0800] "GET /xingrg/javascript/easyui/themes/icon.css HTTP/1.1" 304 -
101.229.22.40 - - [01/Jun/2023:09:15:54 +0800] "GET /xingrg/javascript/auto/jquery.autocomplete.css HTTP/1.1" 304 -
101.229.22.40 - - [01/Jun/2023:09:15:54 +0800] "GET /xingrg/javascript/jquery_tools/fix.css HTTP/1.1" 304 -
101.229.22.40 - - [01/Jun/2023:09:15:54 +0800] "GET /xingrg/javascript/jquery_tools/table.css HTTP/1.1" 304 -
101.229.22.40 - - [01/Jun/2023:09:15:54 +0800] "GET /xingrg/javascript/jquery_tools/jquery.tools.min.js HTTP/1.1" 304 -
101.229.22.40 - - [01/Jun/2023:09:15:54 +0800] "GET /xingrg/javascript/jquery_tools/jquery.tools.extend.js HTTP/1.1" 304 -
101.229.22.40 - - [01/Jun/2023:09:15:54 +0800] "GET /xingrg/javascript/jquery_tools/jquery.tools.hotkey.js HTTP/1.1" 304 -
101.229.22.40 - - [01/Jun/2023:09:15:54 +0800] "GET /xingrg/javascript/jquery_tools/jquery.tools.table.js HTTP/1.1" 304 -
101.229.22.40 - - [01/Jun/2023:09:15:54 +0800] "GET /xingrg/javascript/auto/jquery.autocomplete.js HTTP/1.1" 304 -
101.229.22.40 - - [01/Jun/2023:09:15:54 +0800] "GET /xingrg/javascript/jquery_tools/list_manager.js HTTP/1.1" 304 -
101.229.22.40 - - [01/Jun/2023:09:15:54 +0800] "GET /xingrg/javascript/easyui/easyloader.js HTTP/1.1" 304 -
101.229.22.40 - - [01/Jun/2023:09:15:54 +0800] "GET /xingrg/javascript/jquery.cookie.js HTTP/1.1" 304 -
101.229.22.40 - - [01/Jun/2023:09:15:54 +0800] "GET /xingrg/javascript/easyui/themes/icons/edit_add_new.png HTTP/1.1" 304 -
101.229.22.40 - - [01/Jun/2023:09:15:54 +0800] "GET /xingrg/javascript/easyui/themes/icons/cance_new.png HTTP/1.1" 304 -
101.229.22.40 - - [01/Jun/2023:09:15:54 +0800] "GET /xingrg/javascript/easyui/themes/icons/check_new.png HTTP/1.1" 304 -
101.229.22.40 - - [01/Jun/2023:09:15:54 +0800] "GET /xingrg/javascript/easyui/themes/icons/field_new.png HTTP/1.1" 304 -
101.229.22.40 - - [01/Jun/2023:09:15:54 +0800] "GET /xingrg/javascript/easyui/plugins/jquery.parser.js HTTP/1.1" 304 -
101.229.22.40 - - [01/Jun/2023:09:15:54 +0800] "GET /xingrg/images/control/ajaxLoader.gif HTTP/1.1" 304 -
101.229.22.40 - - [01/Jun/2023:09:15:54 +0800] "POST /xingrg/kc/base/check_list_operate.html HTTP/1.1" 200 2256
114.83.221.184 - - [01/Jun/2023:09:15:55 +0800] "GET /xingrg/kc/buy/cgsh_order_operate.html?command=get_materiel&rest_code=00149&code=00101008098&supplier_code=00100008&order_time=2023-06-01 HTTP/1.1" 200 412
120.253.135.82 - - [01/Jun/2023:09:15:55 +0800] "POST /xingrg/kc/pszx/mdps_order_operate.html HTTP/1.1" 200 12
172.20.0.100 - - [01/Jun/2023:09:15:56 +0800] "POST /xingrg/login.do HTTP/1.1" 302 -
172.20.0.100 - - [01/Jun/2023:09:15:56 +0800] "GET /xingrg/index.html?sysBaseUrl=http%3A%2F%2F172.20.0.8%3A18081%2Fxingrg%2F&costTime=10×tamp=1685582156020 HTTP/1.1" 200 17448
172.20.0.100 - - [01/Jun/2023:09:15:56 +0800] "GET /favicon.ico HTTP/1.1" 404 -
172.20.0.100 - - [01/Jun/2023:09:15:56 +0800] "POST /xingrg/all/common/load_tree.html?tree=area_rest_tree_json&manage=1 HTTP/1.1" 200 3499
172.20.0.100 - - [01/Jun/2023:09:15:56 +0800] "GET /xingrg/all/function/internal_message.html?_=1685582165686&CODE_STATE=count HTTP/1.1" 200 11
172.20.0.100 - - [01/Jun/2023:09:15:56 +0800] "GET /xingrg/check_reg.html?_=1685582165687 HTTP/1.1" 200 22
172.20.0.100 - - [01/Jun/2023:09:15:56 +0800] "POST /xingrg/load_menu.html HTTP/1.1" 200 11529
101.229.22.40 - - [01/Jun/2023:09:15:56 +0800] "GET /xingrg/kc/base/check_order_info.html?code=452023053100378 HTTP/1.1" 200 25534
101.229.22.40 - - [01/Jun/2023:09:15:56 +0800] "GET /xingrg/css/table.css HTTP/1.1" 200 3684
101.229.22.40 - - [01/Jun/2023:09:15:56 +0800] "GET /xingrg/css/blue.css HTTP/1.1" 200 15949
101.229.22.40 - - [01/Jun/2023:09:15:56 +0800] "GET /xingrg/dwr/engine.js HTTP/1.1" 200 43631
101.229.22.40 - - [01/Jun/2023:09:15:56 +0800] "GET /xingrg/dwr/interface/AjaxCheckService.js HTTP/1.1" 200 14003
101.229.22.40 - - [01/Jun/2023:09:15:56 +0800] "GET /xingrg/javascript/pic_change.js HTTP/1.1" 304 -
101.229.22.40 - - [01/Jun/2023:09:15:56 +0800] "GET /xingrg/dwr/util.js HTTP/1.1" 200 35990
101.229.22.40 - - [01/Jun/2023:09:15:56 +0800] "GET /xingrg/dwr/interface/AjaxComOrderService.js HTTP/1.1" 200 18264
101.229.22.40 - - [01/Jun/2023:09:15:56 +0800] "GET /xingrg/javascript/AjaxInfoList.js HTTP/1.1" 200 3774
101.229.22.40 - - [01/Jun/2023:09:15:56 +0800] "GET /xingrg/javascript/Calendar.js HTTP/1.1" 200 31561
101.229.22.40 - - [01/Jun/2023:09:15:56 +0800] "GET /xingrg/javascript/convert.js HTTP/1.1" 304 -
101.229.22.40 - - [01/Jun/2023:09:15:56 +0800] "GET /xingrg/javascript/myfunction.js HTTP/1.1" 200 24559
101.229.22.40 - - [01/Jun/2023:09:15:56 +0800] "GET /xingrg/javascript/print/kc_print.js HTTP/1.1" 304 -
101.229.22.40 - - [01/Jun/2023:09:15:56 +0800] "GET /xingrg/javascript/print/LodopFuncs.js HTTP/1.1" 304 -
101.229.22.40 - - [01/Jun/2023:09:15:57 +0800] "GET /xingrg/javascript/jquery_easy_ui/themes/icons/check_new.png HTTP/1.1" 200 3224
101.229.22.40 - - [01/Jun/2023:09:15:57 +0800] "GET /xingrg/javascript/jquery_easy_ui/themes/default/images/menu_downarrow.png HTTP/1.1" 200 173
101.229.22.40 - - [01/Jun/2023:09:15:57 +0800] "GET /xingrg/javascript/jquery_easy_ui/themes/icons/print.png HTTP/1.1" 200 1057
101.229.22.40 - - [01/Jun/2023:09:15:57 +0800] "GET /xingrg/javascript/jquery_easy_ui/themes/icons/back_new.png HTTP/1.1" 200 3414
101.229.22.40 - - [01/Jun/2023:09:15:57 +0800] "GET /xingrg/javascript/jquery_easy_ui/themes/icons/cance_new.png HTTP/1.1" 200 3986
101.229.22.40 - - [01/Jun/2023:09:15:57 +0800] "POST /xingrg/dwr/call/plaincall/AjaxCheckService.loadOrderItems.dwr HTTP/1.1" 200 997
101.229.22.40 - - [01/Jun/2023:09:15:57 +0800] "GET /xingrg/javascript/jquery_easy_ui/themes/icons/no.png HTTP/1.1" 200 922
114.83.221.184 - - [01/Jun/2023:09:15:58 +0800] "POST /xingrg/kc/buy/cgsh_order_operate.html HTTP/1.1" 200 2065
180.157.253.254 - - [01/Jun/2023:09:15:59 +0800] "GET /xingrg/check_reg.html?_=1685582158390 HTTP/1.1" 200 22
120.253.135.82 - - [01/Jun/2023:09:16:01 +0800] "GET /xingrg/kc/pszx/mdps_order_info.html?code=312023053000608 HTTP/1.1" 200 19636
120.253.135.82 - - [01/Jun/2023:09:16:01 +0800] "POST /xingrg/kc/pszx/mdps_order_operate.html HTTP/1.1" 200 524
120.253.135.82 - - [01/Jun/2023:09:16:01 +0800] "GET /xingrg/javascript/easyui/themes/default/validatebox.css HTTP/1.1" 404 1104
116.237.77.239 - - [01/Jun/2023:09:16:03 +0800] "GET /xingrg/all/function/internal_message.html?_=1685582165092&CODE_STATE=getMsg HTTP/1.1" 200 27
172.20.0.100 - - [01/Jun/2023:09:16:03 +0800] "GET /xingrg/kc/base/check_order_list.html HTTP/1.1" 200 16458
120.253.135.82 - - [01/Jun/2023:09:16:03 +0800] "POST /xingrg/kc/pszx/mdps_list_operate.html HTTP/1.1" 200 2434
180.169.147.146 - - [01/Jun/2023:09:16:03 +0800] "GET /xingrg/all/function/internal_message.html?_=1685582162738&CODE_STATE=getMsg HTTP/1.1" 200 27
172.20.0.100 - - [01/Jun/2023:09:16:03 +0800] "POST /xingrg/kc/base/check_list_operate.html HTTP/1.1" 200 4736
114.83.221.184 - - [01/Jun/2023:09:16:03 +0800] "GET /xingrg/kc/buy/cgsh_order_operate.html?command=get_materiel&rest_code=00149&code=00101008005&supplier_code=00100008&order_time=2023-06-01 HTTP/1.1" 200 412
120.253.135.82 - - [01/Jun/2023:09:16:05 +0800] "POST /xingrg/kc/pszx/mdps_list_operate.html HTTP/1.1" 200 204
120.253.135.82 - - [01/Jun/2023:09:16:07 +0800] "GET /xingrg/kc/pszx/mdps_order_info.html?code=312023053100615 HTTP/1.1" 200 23978
120.253.135.82 - - [01/Jun/2023:09:16:07 +0800] "GET /xingrg/javascript/easyui/themes/default/validatebox.css HTTP/1.1" 404 1104
120.253.135.82 - - [01/Jun/2023:09:16:07 +0800] "POST /xingrg/kc/pszx/mdps_order_operate.html HTTP/1.1" 200 2281
116.237.77.239 - - [01/Jun/2023:09:16:07 +0800] "GET /xingrg/kc/buy/cgsh_order_operate.html?command=get_materiel&rest_code=00106&code=00101016051&supplier_code=00100096&order_time=2023-06-01 HTTP/1.1" 200 408
172.20.0.100 - - [01/Jun/2023:09:16:08 +0800] "GET /xingrg/kc/base/check_order_info.html?code=452023043000450 HTTP/1.1" 200 26114
172.20.0.100 - - [01/Jun/2023:09:16:08 +0800] "GET /xingrg/dwr/interface/AjaxCheckService.js HTTP/1.1" 200 14003
172.20.0.100 - - [01/Jun/2023:09:16:08 +0800] "GET /xingrg/dwr/interface/AjaxComOrderService.js HTTP/1.1" 200 18264
172.20.0.100 - - [01/Jun/2023:09:16:08 +0800] "GET /xingrg/dwr/util.js HTTP/1.1" 200 35990
172.20.0.100 - - [01/Jun/2023:09:16:08 +0800] "GET /xingrg/dwr/engine.js HTTP/1.1" 200 43631
172.20.0.100 - - [01/Jun/2023:09:16:08 +0800] "POST /xingrg/dwr/call/plaincall/AjaxCheckService.loadOrderItems.dwr HTTP/1.1" 200 107234
101.229.22.40 - - [01/Jun/2023:09:16:09 +0800] "POST /xingrg/dwr/call/plaincall/AjaxCheckService.setItemNumber.dwr HTTP/1.1" 200 76
101.83.145.52 - - [01/Jun/2023:09:16:09 +0800] "GET /xingrg/all/function/internal_message.html?_=1685582000062&CODE_STATE=getMsg HTTP/1.1" 200 27
116.238.139.35 - - [01/Jun/2023:09:16:10 +0800] "GET /xingrg/check_reg.html?_=1685582170057 HTTP/1.1" 200 22
116.238.139.35 - - [01/Jun/2023:09:16:10 +0800] "GET /xingrg/all/function/internal_message.html?_=1685582170061&CODE_STATE=getMsg HTTP/1.1" 200 27
120.253.135.82 - - [01/Jun/2023:09:16:10 +0800] "POST /xingrg/kc/pszx/mdps_order_operate.html HTTP/1.1" 200 37
124.79.74.67 - - [01/Jun/2023:09:16:12 +0800] "GET /xingrg/all/function/internal_message.html?_=1685582178690&CODE_STATE=getMsg HTTP/1.1" 200 27
120.253.135.82 - - [01/Jun/2023:09:16:12 +0800] "POST /xingrg/kc/pszx/mdps_order_operate.html HTTP/1.1" 200 12
101.229.22.40 - - [01/Jun/2023:09:16:13 +0800] "GET /xingrg/javascript/jquery_easy_ui/themes/default/images/button_plain_hover.png HTTP/1.1" 200 252
114.83.221.184 - - [01/Jun/2023:09:16:13 +0800] "GET /xingrg/kc/buy/cgsh_order_operate.html?command=get_materiel&rest_code=00149&code=00101008353&supplier_code=00100008&order_time=2023-06-01 HTTP/1.1" 200 408
222.67.234.146 - - [01/Jun/2023:09:16:13 +0800] "POST /xingrg/services/DataTransmitService HTTP/1.1" 200 524
114.83.221.184 - - [01/Jun/2023:09:16:15 +0800] "GET /xingrg/check_reg.html?_=1685582173134 HTTP/1.1" 200 22
114.83.221.184 - - [01/Jun/2023:09:16:16 +0800] "GET /xingrg/all/function/internal_message.html?_=1685582173145&CODE_STATE=getMsg HTTP/1.1" 200 27
116.232.195.127 - - [01/Jun/2023:09:16:17 +0800] "GET /xingrg/check_reg.html?_=1685582206142 HTTP/1.1" 200 22
116.232.195.127 - - [01/Jun/2023:09:16:17 +0800] "GET /xingrg/all/function/internal_message.html?_=1685582206146&CODE_STATE=getMsg HTTP/1.1" 200 27
101.229.22.40 - - [01/Jun/2023:09:16:18 +0800] "POST /xingrg/dwr/call/plaincall/AjaxCheckService.checkOrder.dwr HTTP/1.1" 200 78
101.229.22.40 - - [01/Jun/2023:09:16:19 +0800] "GET /xingrg/kc/base/check_order_info.html?code=452023053100378 HTTP/1.1" 200 22870
101.229.22.40 - - [01/Jun/2023:09:16:19 +0800] "GET /xingrg/dwr/interface/AjaxComOrderService.js HTTP/1.1" 200 18264
101.229.22.40 - - [01/Jun/2023:09:16:19 +0800] "GET /xingrg/dwr/interface/AjaxCheckService.js HTTP/1.1" 200 14003
101.229.22.40 - - [01/Jun/2023:09:16:19 +0800] "GET /xingrg/dwr/engine.js HTTP/1.1" 200 43631
101.229.22.40 - - [01/Jun/2023:09:16:19 +0800] "GET /xingrg/javascript/jquery_easy_ui/themes/icons/exam_new.png HTTP/1.1" 200 756
101.229.22.40 - - [01/Jun/2023:09:16:19 +0800] "POST /xingrg/dwr/call/plaincall/AjaxCheckService.loadOrderItems.dwr HTTP/1.1" 200 641
120.253.135.82 - - [01/Jun/2023:09:16:21 +0800] "GET /xingrg/kc/pszx/mdps_order_info.html?code=312023053100615 HTTP/1.1" 200 19638
120.253.135.82 - - [01/Jun/2023:09:16:21 +0800] "POST /xingrg/kc/pszx/mdps_order_operate.html HTTP/1.1" 200 502
120.253.135.82 - - [01/Jun/2023:09:16:21 +0800] "GET /xingrg/javascript/easyui/themes/default/validatebox.css HTTP/1.1" 404 1104
116.232.195.127 - - [01/Jun/2023:09:16:21 +0800] "POST /xingrg/kc/buy/cgsh_list_operate.html HTTP/1.1" 200 425
101.229.22.40 - - [01/Jun/2023:09:16:21 +0800] "GET /xingrg/kc/base/check_order_list.html?isBack=1 HTTP/1.1" 200 16223
101.229.22.40 - - [01/Jun/2023:09:16:21 +0800] "POST /xingrg/kc/base/check_list_operate.html HTTP/1.1" 200 1911
172.20.0.100 - - [01/Jun/2023:09:16:21 +0800] "POST /xingrg/kc/report/common_data.html?type=materiel_category_tree HTTP/1.1" 200 3921
116.232.195.127 - - [01/Jun/2023:09:16:21 +0800] "GET /xingrg/kc/buy/cgsh_order_info.html?code=212023060100012 HTTP/1.1" 200 71566
116.232.195.127 - - [01/Jun/2023:09:16:22 +0800] "GET /xingrg/javascript/easyui/themes/default/validatebox.css HTTP/1.1" 404 1104
120.253.135.82 - - [01/Jun/2023:09:16:23 +0800] "POST /xingrg/kc/pszx/mdps_list_operate.html HTTP/1.1" 200 2063
101.229.22.40 - - [01/Jun/2023:09:16:23 +0800] "GET /xingrg/kc/base/check_order_info.html?code=452023053100377 HTTP/1.1" 200 25534
101.229.22.40 - - [01/Jun/2023:09:16:23 +0800] "GET /xingrg/dwr/interface/AjaxComOrderService.js HTTP/1.1" 200 18264
101.229.22.40 - - [01/Jun/2023:09:16:23 +0800] "GET /xingrg/dwr/interface/AjaxCheckService.js HTTP/1.1" 200 14003
101.229.22.40 - - [01/Jun/2023:09:16:23 +0800] "GET /xingrg/dwr/engine.js HTTP/1.1" 200 43631
101.229.22.40 - - [01/Jun/2023:09:16:23 +0800] "POST /xingrg/dwr/call/plaincall/AjaxCheckService.loadOrderItems.dwr HTTP/1.1" 200 991
114.83.221.184 - - [01/Jun/2023:09:16:24 +0800] "POST /xingrg/kc/buy/cgsh_order_operate.html HTTP/1.1" 200 37
116.232.195.127 - - [01/Jun/2023:09:16:24 +0800] "POST /xingrg/kc/buy/cgsh_order_operate.html HTTP/1.1" 200 4434
120.253.135.82 - - [01/Jun/2023:09:16:24 +0800] "POST /xingrg/kc/pszx/mdps_list_operate.html HTTP/1.1" 200 456
120.253.135.82 - - [01/Jun/2023:09:16:25 +0800] "POST /xingrg/kc/pszx/mdps_list_operate.html HTTP/1.1" 200 209
114.83.221.184 - - [01/Jun/2023:09:16:27 +0800] "POST /xingrg/kc/buy/cgsh_order_operate.html HTTP/1.1" 200 35768
101.83.145.52 - - [01/Jun/2023:09:16:28 +0800] "GET /xingrg/all/function/internal_message.html?_=1685582188257&CODE_STATE=getMsg HTTP/1.1" 200 27
116.232.195.127 - - [01/Jun/2023:09:16:33 +0800] "POST /xingrg/kc/buy/cgsh_order_operate.html HTTP/1.1" 200 37
116.232.195.127 - - [01/Jun/2023:09:16:35 +0800] "POST /xingrg/kc/buy/cgsh_order_operate.html HTTP/1.1" 200 4433
114.83.221.184 - - [01/Jun/2023:09:16:36 +0800] "GET /xingrg/kc/buy/cgsh_order_operate.html?command=get_materiel&rest_code=00149&code=00101008359&supplier_code=00100008&order_time=2023-06-01 HTTP/1.1" 200 408
116.238.139.35 - - [01/Jun/2023:09:16:38 +0800] "GET /xingrg/all/function/internal_message.html?_=1685582104255&CODE_STATE=getMsg HTTP/1.1" 200 27
172.20.0.100 - - [01/Jun/2023:09:16:40 +0800] "GET /xingrg/all/function/internal_message.html?_=1685582199824&CODE_STATE=getMsg HTTP/1.1" 302 -
114.85.113.108 - - [01/Jun/2023:09:16:41 +0800] "GET /xingrg/all/function/internal_message.html?_=1685582173093&CODE_STATE=getMsg HTTP/1.1" 200 27
116.232.195.127 - - [01/Jun/2023:09:16:42 +0800] "POST /xingrg/kc/buy/cgsh_list_operate.html HTTP/1.1" 200 3591
101.229.22.40 - - [01/Jun/2023:09:16:42 +0800] "GET /xingrg/all/function/internal_message.html?_=1685582202347&CODE_STATE=getMsg HTTP/1.1" 200 27
116.237.77.239 - - [01/Jun/2023:09:16:42 +0800] "GET /xingrg/kc/buy/cgsh_order_operate.html?command=get_materiel&rest_code=00106&code=00101016030&supplier_code=00100096&order_time=2023-06-01 HTTP/1.1" 200 412
101.229.22.40 - - [01/Jun/2023:09:16:46 +0800] "POST /xingrg/dwr/call/plaincall/AjaxCheckService.setItemNumber.dwr HTTP/1.1" 200 76
218.81.217.42 - - [01/Jun/2023:09:16:47 +0800] "GET /xingrg/all/function/internal_message.html?_=1685582220758&CODE_STATE=getMsg HTTP/1.1" 200 27
218.81.217.42 - - [01/Jun/2023:09:16:50 +0800] "GET /xingrg/all/function/internal_message.html?_=1685582221592&CODE_STATE=getMsg HTTP/1.1" 200 27
116.238.139.35 - - [01/Jun/2023:09:16:50 +0800] "POST /xingrg/all/user/operate.html HTTP/1.1" 200 36
116.238.139.35 - - [01/Jun/2023:09:16:50 +0800] "GET /xingrg/index.html?sysBaseUrl=http%3A%2F%2F180.169.147.146%3A18081%2Fxingrg%2F&costTime=14×tamp=1685576350719 HTTP/1.1" 200 17177
116.238.139.35 - - [01/Jun/2023:09:16:50 +0800] "GET /xingrg/javascript/jquery_easy_ui/themes/default/easyui.css HTTP/1.1" 304 -
116.238.139.35 - - [01/Jun/2023:09:16:50 +0800] "GET /xingrg/javascript/jquery_easy_ui/themes/icon.css HTTP/1.1" 304 -
116.238.139.35 - - [01/Jun/2023:09:16:50 +0800] "GET /xingrg/css/form.css HTTP/1.1" 304 -
116.238.139.35 - - [01/Jun/2023:09:16:50 +0800] "GET /xingrg/javascript/jquery-1.4.2.min.js HTTP/1.1" 304 -
116.238.139.35 - - [01/Jun/2023:09:16:50 +0800] "GET /xingrg/javascript/jquery_easy_ui/jquery.easyui.min.js HTTP/1.1" 304 -
116.238.139.35 - - [01/Jun/2023:09:16:50 +0800] "GET /xingrg/javascript/jquery_easy_ui/easyui-lang-zh_CN.js HTTP/1.1" 304 -
116.238.139.35 - - [01/Jun/2023:09:16:50 +0800] "GET /xingrg/javascript/jquery.form.js HTTP/1.1" 304 -
116.238.139.35 - - [01/Jun/2023:09:16:50 +0800] "GET /xingrg/javascript/jquery.utils.js HTTP/1.1" 304 -
116.238.139.35 - - [01/Jun/2023:09:16:50 +0800] "GET /xingrg/javascript/jquery.timers.js HTTP/1.1" 304 -
116.238.139.35 - - [01/Jun/2023:09:16:51 +0800] "GET /xingrg/images/blue/jxLogo.png HTTP/1.1" 304 -
116.238.139.35 - - [01/Jun/2023:09:16:51 +0800] "GET /xingrg/images/blue/navBackgound.jpg HTTP/1.1" 304 -
116.238.139.35 - - [01/Jun/2023:09:16:51 +0800] "GET /xingrg/javascript/jquery_easy_ui/themes/icons/settle_new.png HTTP/1.1" 304 -
116.238.139.35 - - [01/Jun/2023:09:16:51 +0800] "POST /xingrg/all/common/load_tree.html?tree=area_rest_tree_json&manage=1 HTTP/1.1" 200 476
116.238.139.35 - - [01/Jun/2023:09:16:51 +0800] "GET /xingrg/images/blue/pingpu.png HTTP/1.1" 304 -
116.238.139.35 - - [01/Jun/2023:09:16:51 +0800] "GET /xingrg/javascript/jquery_easy_ui/themes/default/images/tabs_leftarrow.png HTTP/1.1" 304 -
116.238.139.35 - - [01/Jun/2023:09:16:51 +0800] "GET /xingrg/javascript/jquery_easy_ui/themes/default/images/tabs_rightarrow.png HTTP/1.1" 304 -
116.238.139.35 - - [01/Jun/2023:09:16:51 +0800] "GET /xingrg/javascript/jquery_easy_ui/themes/default/images/panel_tool_collapse.gif HTTP/1.1" 304 -
116.238.139.35 - - [01/Jun/2023:09:16:51 +0800] "GET /xingrg/check_reg.html?_=1685582116969 HTTP/1.1" 200 22
116.238.139.35 - - [01/Jun/2023:09:16:51 +0800] "GET /xingrg/all/function/internal_message.html?_=1685582116968&CODE_STATE=count HTTP/1.1" 200 11
116.238.139.35 - - [01/Jun/2023:09:16:51 +0800] "POST /xingrg/load_menu.html HTTP/1.1" 200 5138
114.83.221.184 - - [01/Jun/2023:09:16:53 +0800] "GET /xingrg/kc/buy/cgsh_order_operate.html?command=get_materiel&rest_code=00149&code=00101008213&supplier_code=00100008&order_time=2023-06-01 HTTP/1.1" 200 412
180.169.147.146 - - [01/Jun/2023:09:16:53 +0800] "GET /xingrg/all/function/internal_message.html?_=1685582213296&CODE_STATE=getMsg HTTP/1.1" 200 27
101.229.22.40 - - [01/Jun/2023:09:16:54 +0800] "POST /xingrg/dwr/call/plaincall/AjaxCheckService.checkOrder.dwr HTTP/1.1" 200 78
101.229.22.40 - - [01/Jun/2023:09:16:55 +0800] "GET /xingrg/kc/base/check_order_info.html?code=452023053100377 HTTP/1.1" 200 22862
101.229.22.40 - - [01/Jun/2023:09:16:55 +0800] "GET /xingrg/dwr/interface/AjaxCheckService.js HTTP/1.1" 200 14003
101.229.22.40 - - [01/Jun/2023:09:16:55 +0800] "GET /xingrg/dwr/interface/AjaxComOrderService.js HTTP/1.1" 200 18264
101.229.22.40 - - [01/Jun/2023:09:16:55 +0800] "GET /xingrg/dwr/engine.js HTTP/1.1" 200 43631
172.20.0.100 - - [01/Jun/2023:09:16:56 +0800] "GET /xingrg/all/function/internal_message.html?_=1685582225693&CODE_STATE=getMsg HTTP/1.1" 200 27
101.229.22.40 - - [01/Jun/2023:09:16:56 +0800] "POST /xingrg/dwr/call/plaincall/AjaxCheckService.loadOrderItems.dwr HTTP/1.1" 200 636
101.229.22.40 - - [01/Jun/2023:09:16:57 +0800] "GET /xingrg/javascript/jquery_easy_ui/themes/default/images/tabs_active.png HTTP/1.1" 304 -
101.229.22.40 - - [01/Jun/2023:09:16:59 +0800] "POST /xingrg/kc/base/check_list_operate.html HTTP/1.1" 200 1572
116.237.77.239 - - [01/Jun/2023:09:17:03 +0800] "GET /xingrg/all/function/internal_message.html?_=1685582225086&CODE_STATE=getMsg HTTP/1.1" 200 27
180.169.147.146 - - [01/Jun/2023:09:17:03 +0800] "GET /xingrg/all/function/internal_message.html?_=1685582222744&CODE_STATE=getMsg HTTP/1.1" 200 27
114.83.221.184 - - [01/Jun/2023:09:17:06 +0800] "GET /xingrg/kc/buy/cgsh_order_operate.html?command=get_materiel&rest_code=00149&code=00101008095&supplier_code=00100008&order_time=2023-06-01 HTTP/1.1" 200 412
101.83.145.52 - - [01/Jun/2023:09:17:09 +0800] "GET /xingrg/all/function/internal_message.html?_=1685582060070&CODE_STATE=getMsg HTTP/1.1" 200 27
116.238.139.35 - - [01/Jun/2023:09:17:10 +0800] "GET /xingrg/all/function/internal_message.html?_=1685582230047&CODE_STATE=getMsg HTTP/1.1" 200 27
116.232.195.127 - - [01/Jun/2023:09:17:11 +0800] "GET /xingrg/index.html?sysBaseUrl=http%3A%2F%2F180.169.147.146%3A18081%2Fxingrg%2F&costTime=1277×tamp=1606817596806 HTTP/1.1" 302 -
116.232.195.127 - - [01/Jun/2023:09:17:11 +0800] "GET /xingrg/login.html HTTP/1.1" 200 7641
116.232.195.127 - - [01/Jun/2023:09:17:11 +0800] "GET /favicon.ico HTTP/1.1" 404 -
124.79.74.67 - - [01/Jun/2023:09:17:12 +0800] "GET /xingrg/all/function/internal_message.html?_=1685582238680&CODE_STATE=getMsg HTTP/1.1" 200 27
114.83.221.184 - - [01/Jun/2023:09:17:15 +0800] "GET /xingrg/all/function/internal_message.html?_=1685582233133&CODE_STATE=getMsg HTTP/1.1" 200 27
114.83.221.184 - - [01/Jun/2023:09:17:16 +0800] "GET /xingrg/kc/buy/cgsh_order_operate.html?command=get_materiel&rest_code=00149&code=00101008674&supplier_code=00100008&order_time=2023-06-01 HTTP/1.1" 200 412
114.83.221.184 - - [01/Jun/2023:09:17:18 +0800] "POST /xingrg/kc/buy/cgsh_order_operate.html HTTP/1.1" 200 2065
116.238.139.35 - - [01/Jun/2023:09:17:21 +0800] "GET /xingrg/kc/buy/cgsh_order_list.html HTTP/1.1" 200 55732
116.237.77.239 - - [01/Jun/2023:09:17:25 +0800] "GET /xingrg/kc/buy/cgsh_order_operate.html?command=get_materiel&rest_code=00106&code=00101012029&supplier_code=00100096&order_time=2023-06-01 HTTP/1.1" 200 414
114.83.221.184 - - [01/Jun/2023:09:17:25 +0800] "GET /xingrg/kc/buy/cgsh_order_operate.html?command=get_materiel&rest_code=00149&code=00101008150&supplier_code=00100008&order_time=2023-06-01 HTTP/1.1" 200 409
101.83.145.52 - - [01/Jun/2023:09:17:28 +0800] "GET /xingrg/all/function/internal_message.html?_=1685582248258&CODE_STATE=getMsg HTTP/1.1" 200 27
101.83.145.52 - - [01/Jun/2023:09:17:28 +0800] "GET /xingrg/check_reg.html?_=1685582248264 HTTP/1.1" 200 22
180.169.147.146 - - [01/Jun/2023:09:17:31 +0800] "POST /xingrg/load_menu.html HTTP/1.1" 200 10483
116.238.139.35 - - [01/Jun/2023:09:17:31 +0800] "POST /xingrg/kc/buy/cgsh_list_operate.html HTTP/1.1" 200 1880
116.238.139.35 - - [01/Jun/2023:09:17:33 +0800] "POST /xingrg/kc/buy/cgsh_list_operate.html HTTP/1.1" 200 572
180.169.147.146 - - [01/Jun/2023:09:17:33 +0800] "GET /xingrg/all/report/report_query.html?fileName=dma/new_5.0/menu/menu_category_hz.xml HTTP/1.1" 200 53064
180.169.147.146 - - [01/Jun/2023:09:17:34 +0800] "GET /xingrg/dwr/interface/AjaxReportQueryService.js HTTP/1.1" 200 13203
180.169.147.146 - - [01/Jun/2023:09:17:34 +0800] "GET /xingrg/dwr/engine.js HTTP/1.1" 200 43631
180.169.147.146 - - [01/Jun/2023:09:17:34 +0800] "POST /xingrg/dwr/call/plaincall/AjaxReportQueryService.getFixDate.dwr HTTP/1.1" 200 111
180.169.147.146 - - [01/Jun/2023:09:17:34 +0800] "POST /xingrg/all/common/load_tree.html?tree=area_station_tree_json&manage=1 HTTP/1.1" 200 2036
180.169.147.146 - - [01/Jun/2023:09:17:34 +0800] "GET /xingrg/javascript/multi_select/dropdown.gif HTTP/1.1" 200 61
116.238.139.35 - - [01/Jun/2023:09:17:34 +0800] "GET /xingrg/kc/buy/cgsh_order_info.html?code=212023060100015 HTTP/1.1" 200 71127
116.238.139.35 - - [01/Jun/2023:09:17:35 +0800] "GET /xingrg/javascript/easyui/themes/default/validatebox.css HTTP/1.1" 404 1104
180.169.147.146 - - [01/Jun/2023:09:17:36 +0800] "GET /xingrg/all/report/report_query.html?fileName=dma/new_5.0/menu/menu_stca_hz.xml HTTP/1.1" 200 51418
116.238.139.35 - - [01/Jun/2023:09:17:36 +0800] "POST /xingrg/kc/buy/cgsh_order_operate.html HTTP/1.1" 200 5659
180.169.147.146 - - [01/Jun/2023:09:17:36 +0800] "GET /xingrg/dwr/interface/AjaxReportQueryService.js HTTP/1.1" 200 13203
180.169.147.146 - - [01/Jun/2023:09:17:36 +0800] "GET /xingrg/dwr/engine.js HTTP/1.1" 200 43631
180.169.147.146 - - [01/Jun/2023:09:17:36 +0800] "POST /xingrg/dwr/call/plaincall/AjaxReportQueryService.getFixDate.dwr HTTP/1.1" 200 111
180.169.147.146 - - [01/Jun/2023:09:17:36 +0800] "POST /xingrg/all/common/load_tree.html?tree=area_station_tree_json&manage=1 HTTP/1.1" 200 2036
114.83.221.184 - - [01/Jun/2023:09:17:37 +0800] "GET /xingrg/kc/buy/cgsh_order_operate.html?command=get_materiel&rest_code=00149&code=00101008060&supplier_code=00100008&order_time=2023-06-01 HTTP/1.1" 200 416
180.169.147.146 - - [01/Jun/2023:09:17:37 +0800] "POST /xingrg/dwr/call/plaincall/AjaxReportQueryService.getFixDate.dwr HTTP/1.1" 200 111
180.169.147.146 - - [01/Jun/2023:09:17:39 +0800] "POST /xingrg/dwr/call/plaincall/AjaxReportQueryService.getFixDate.dwr HTTP/1.1" 200 111
172.20.0.100 - - [01/Jun/2023:09:17:40 +0800] "GET /xingrg/all/function/internal_message.html?_=1685582259827&CODE_STATE=getMsg HTTP/1.1" 302 -
172.20.0.100 - - [01/Jun/2023:09:17:40 +0800] "GET /xingrg/check_reg.html?_=1685582259829 HTTP/1.1" 302 -
114.85.113.108 - - [01/Jun/2023:09:17:41 +0800] "GET /xingrg/all/function/internal_message.html?_=1685582233091&CODE_STATE=getMsg HTTP/1.1" 200 27
218.81.217.42 - - [01/Jun/2023:09:17:42 +0800] "GET /xingrg/check_reg.html?_=1685582275570 HTTP/1.1" 200 22
101.229.22.40 - - [01/Jun/2023:09:17:42 +0800] "GET /xingrg/all/function/internal_message.html?_=1685582262357&CODE_STATE=getMsg HTTP/1.1" 200 27
120.253.135.82 - - [01/Jun/2023:09:17:42 +0800] "GET /xingrg/kc/pszx/mdps_order_info.html?code=312023060100006 HTTP/1.1" 200 23978
120.253.135.82 - - [01/Jun/2023:09:17:42 +0800] "GET /xingrg/javascript/easyui/themes/default/validatebox.css HTTP/1.1" 404 1104
120.253.135.82 - - [01/Jun/2023:09:17:42 +0800] "POST /xingrg/kc/pszx/mdps_order_operate.html HTTP/1.1" 200 3782
180.169.147.146 - - [01/Jun/2023:09:17:42 +0800] "POST /xingrg/dwr/call/plaincall/AjaxReportQueryService.refreshCache.dwr HTTP/1.1" 200 78
180.169.147.146 - - [01/Jun/2023:09:17:43 +0800] "POST /xingrg/all/report/load_report_page.html HTTP/1.1" 200 46074
180.169.147.146 - - [01/Jun/2023:09:17:43 +0800] "GET /xingrg/servlets/image?cache=0.3047918605246066&image=px HTTP/1.1" 200 807
120.253.135.82 - - [01/Jun/2023:09:17:45 +0800] "POST /xingrg/kc/pszx/mdps_list_operate.html HTTP/1.1" 200 2063
114.83.221.184 - - [01/Jun/2023:09:17:45 +0800] "GET /xingrg/kc/buy/cgsh_order_operate.html?command=get_materiel&rest_code=00149&code=00101012026&supplier_code=00100008&order_time=2023-06-01 HTTP/1.1" 200 410
218.81.217.42 - - [01/Jun/2023:09:17:47 +0800] "GET /xingrg/all/function/internal_message.html?_=1685582280766&CODE_STATE=getMsg HTTP/1.1" 200 27
180.169.147.146 - - [01/Jun/2023:09:17:48 +0800] "GET /xingrg/all/report/report_query.html?isQuery=1&fileName=dma/new_5.0/menu/menu_hz.xml&queryString=(a.sale_day%2520between%252020230531%2520and%252020230531)%2520and%2520(a.sid%2520in%2520(12))%2520and%2520(a.tj_code%253D7)&queryText=%25E3%2580%2590%25E8%2590%25A5%25E4%25B8%259A%25E6%2597%25A5%25E6%259C%259F%253A2023-05-31%2520%25E8%2587%25B3%25202023-05-31%25E3%2580%2591%2520%25E5%25B9%25B6%25E4%25B8%2594%2520%2520%25E3%2580%2590%25E9%2597%25A8%25E5%25BA%2597%25E5%2590%258D%25E7%25A7%25B0%2520%253D%2520%25E6%25B7%25B1%25E6%25B5%25B7%25E6%25B8%2594%25E6%25B8%25AF%25E9%2595%25BF%25E9%2598%25B3%25E8%25B7%25AF%25E3%2580%2591%2520%25E5%25B9%25B6%25E4%25B8%2594%2520%25E3%2580%2590%25E7%25BB%259F%25E8%25AE%25A1%25E7%25B1%25BB%25E5%2588%25AB%2520%253D%2520%25E9%2585%2592%25E6%25B0%25B4%25E3%2580%2591 HTTP/1.1" 200 54115
180.169.147.146 - - [01/Jun/2023:09:17:48 +0800] "GET /xingrg/dwr/engine.js HTTP/1.1" 200 43631
180.169.147.146 - - [01/Jun/2023:09:17:48 +0800] "GET /favicon.ico HTTP/1.1" 404 -
180.169.147.146 - - [01/Jun/2023:09:17:49 +0800] "POST /xingrg/all/report/load_report_page.html HTTP/1.1" 200 73275
180.169.147.146 - - [01/Jun/2023:09:17:49 +0800] "GET /xingrg/servlets/image?cache=0.7506343038983418&image=px HTTP/1.1" 200 807
218.81.217.42 - - [01/Jun/2023:09:17:50 +0800] "GET /xingrg/all/function/internal_message.html?_=1685582281605&CODE_STATE=getMsg HTTP/1.1" 200 27
116.238.139.35 - - [01/Jun/2023:09:17:51 +0800] "GET /xingrg/all/function/internal_message.html?_=1685582176983&CODE_STATE=getMsg HTTP/1.1" 200 27
180.169.147.146 - - [01/Jun/2023:09:17:53 +0800] "GET /xingrg/all/function/internal_message.html?_=1685582273304&CODE_STATE=getMsg HTTP/1.1" 200 27
180.169.147.146 - - [01/Jun/2023:09:17:53 +0800] "GET /xingrg/login.html HTTP/1.1" 200 7641
180.169.147.146 - - [01/Jun/2023:09:17:54 +0800] "GET /favicon.ico HTTP/1.1" 404 -
172.20.0.100 - - [01/Jun/2023:09:17:56 +0800] "GET /xingrg/all/function/internal_message.html?_=1685582285692&CODE_STATE=getMsg HTTP/1.1" 200 27
120.253.135.82 - - [01/Jun/2023:09:17:57 +0800] "GET /xingrg/kc/pszx/mdqp_order_list.html?state=10 HTTP/1.1" 200 10275
120.253.135.82 - - [01/Jun/2023:09:17:57 +0800] "GET /xingrg/dwr/interface/AjaxQqpsService.js HTTP/1.1" 200 16326
120.253.135.82 - - [01/Jun/2023:09:17:57 +0800] "GET /xingrg/dwr/interface/AjaxReportQueryService.js HTTP/1.1" 200 13203
120.253.135.82 - - [01/Jun/2023:09:17:57 +0800] "GET /xingrg/dwr/engine.js HTTP/1.1" 200 43631
180.169.147.146 - - [01/Jun/2023:09:18:00 +0800] "GET /xingrg/javascript/jquery_easy_ui/themes/default/images/button_plain_hover.png HTTP/1.1" 200 252
116.237.77.239 - - [01/Jun/2023:09:18:03 +0800] "GET /xingrg/all/function/internal_message.html?_=1685582285089&CODE_STATE=getMsg HTTP/1.1" 200 27
180.169.147.146 - - [01/Jun/2023:09:18:03 +0800] "GET /xingrg/all/function/internal_message.html?_=1685582282745&CODE_STATE=getMsg HTTP/1.1" 200 27
180.169.147.146 - - [01/Jun/2023:09:18:03 +0800] "GET /xingrg/check_reg.html?_=1685582282750 HTTP/1.1" 200 22
114.83.221.184 - - [01/Jun/2023:09:18:04 +0800] "POST /xingrg/kc/buy/cgsh_order_operate.html HTTP/1.1" 200 37
116.232.195.127 - - [01/Jun/2023:09:18:06 +0800] "POST /xingrg/login.do HTTP/1.1" 302 -
116.232.195.127 - - [01/Jun/2023:09:18:06 +0800] "GET /xingrg/index.html?sysBaseUrl=http%3A%2F%2F180.169.147.146%3A18081%2Fxingrg%2F&costTime=11×tamp=1685582286379 HTTP/1.1" 200 17179
116.232.195.127 - - [01/Jun/2023:09:18:06 +0800] "GET /favicon.ico HTTP/1.1" 404 -
116.232.195.127 - - [01/Jun/2023:09:18:06 +0800] "POST /xingrg/all/common/load_tree.html?tree=area_rest_tree_json&manage=1 HTTP/1.1" 200 479
116.232.195.127 - - [01/Jun/2023:09:18:06 +0800] "GET /xingrg/check_reg.html?_=1685582315036 HTTP/1.1" 200 22
116.232.195.127 - - [01/Jun/2023:09:18:06 +0800] "GET /xingrg/all/function/internal_message.html?_=1685582315035&CODE_STATE=count HTTP/1.1" 200 11
116.232.195.127 - - [01/Jun/2023:09:18:06 +0800] "POST /xingrg/load_menu.html HTTP/1.1" 200 5138
101.83.145.52 - - [01/Jun/2023:09:18:09 +0800] "GET /xingrg/all/function/internal_message.html?_=1685582120059&CODE_STATE=getMsg HTTP/1.1" 200 27
116.238.139.35 - - [01/Jun/2023:09:18:10 +0800] "GET /xingrg/all/function/internal_message.html?_=1685582290048&CODE_STATE=getMsg HTTP/1.1" 200 27
124.79.74.67 - - [01/Jun/2023:09:18:12 +0800] "GET /xingrg/all/function/internal_message.html?_=1685582298689&CODE_STATE=getMsg HTTP/1.1" 200 27
116.237.77.239 - - [01/Jun/2023:09:18:14 +0800] "GET /xingrg/kc/buy/cgsh_order_operate.html?command=get_materiel&rest_code=00106&code=00101016105&supplier_code=00100096&order_time=2023-06-01 HTTP/1.1" 200 409
116.232.195.127 - - [01/Jun/2023:09:18:16 +0800] "GET /xingrg/kc/buy/cgyd_order_list.html HTTP/1.1" 200 55201
116.232.195.127 - - [01/Jun/2023:09:18:16 +0800] "POST /xingrg/kc/buy/cgyd_list_operate.html HTTP/1.1" 200 976
116.238.139.35 - - [01/Jun/2023:09:18:17 +0800] "POST /xingrg/services/DataTransmitService HTTP/1.1" 200 524
101.83.145.52 - - [01/Jun/2023:09:18:28 +0800] "GET /xingrg/all/function/internal_message.html?_=1685582308355&CODE_STATE=getMsg HTTP/1.1" 200 27
116.232.195.127 - - [01/Jun/2023:09:18:38 +0800] "GET /xingrg/kc/buy/cgsh_order_list.html HTTP/1.1" 200 55734
172.20.0.100 - - [01/Jun/2023:09:18:40 +0800] "GET /xingrg/all/function/internal_message.html?_=1685582319831&CODE_STATE=getMsg HTTP/1.1" 302 -
114.85.113.108 - - [01/Jun/2023:09:18:41 +0800] "GET /xingrg/all/function/internal_message.html?_=1685582293092&CODE_STATE=getMsg HTTP/1.1" 200 27
101.229.22.40 - - [01/Jun/2023:09:18:42 +0800] "GET /xingrg/all/function/internal_message.html?_=1685582322356&CODE_STATE=getMsg HTTP/1.1" 200 27
218.81.217.42 - - [01/Jun/2023:09:18:47 +0800] "GET /xingrg/all/function/internal_message.html?_=1685582340779&CODE_STATE=getMsg HTTP/1.1" 200 27
180.152.240.79 - - [01/Jun/2023:09:18:50 +0800] "GET /xingrg/check_reg.html?_=1685582330259 HTTP/1.1" 302 -
218.81.217.42 - - [01/Jun/2023:09:18:50 +0800] "GET /xingrg/all/function/internal_message.html?_=1685582341621&CODE_STATE=getMsg HTTP/1.1" 200 27
116.238.139.35 - - [01/Jun/2023:09:18:51 +0800] "GET /xingrg/all/function/internal_message.html?_=1685582236996&CODE_STATE=getMsg HTTP/1.1" 200 27
180.169.147.146 - - [01/Jun/2023:09:18:53 +0800] "GET /xingrg/all/function/internal_message.html?_=1685582333292&CODE_STATE=getMsg HTTP/1.1" 200 27
116.232.195.127 - - [01/Jun/2023:09:18:54 +0800] "POST /xingrg/kc/buy/cgsh_list_operate.html HTTP/1.1" 200 3591
114.83.221.184 - - [01/Jun/2023:09:18:54 +0800] "GET /xingrg/login.html HTTP/1.1" 200 7641
114.83.221.184 - - [01/Jun/2023:09:18:54 +0800] "GET /favicon.ico HTTP/1.1" 404 -
114.83.221.184 - - [01/Jun/2023:09:18:56 +0800] "POST /xingrg/login.do HTTP/1.1" 302 -
172.20.0.100 - - [01/Jun/2023:09:18:56 +0800] "GET /xingrg/all/function/internal_message.html?_=1685582345691&CODE_STATE=getMsg HTTP/1.1" 200 27
114.83.221.184 - - [01/Jun/2023:09:18:56 +0800] "GET /xingrg/index.html?sysBaseUrl=http%3A%2F%2F180.169.147.146%3A18081%2Fxingrg%2F&costTime=11×tamp=1685582336259 HTTP/1.1" 200 17503
114.83.221.184 - - [01/Jun/2023:09:18:56 +0800] "GET /favicon.ico HTTP/1.1" 404 -
114.83.221.184 - - [01/Jun/2023:09:18:56 +0800] "POST /xingrg/all/common/load_tree.html?tree=area_rest_tree_json&manage=1 HTTP/1.1" 200 3499
116.237.77.239 - - [01/Jun/2023:09:18:56 +0800] "GET /xingrg/kc/buy/cgsh_order_operate.html?command=get_materiel&rest_code=00106&code=00101001010&supplier_code=00100096&order_time=2023-06-01 HTTP/1.1" 200 411
114.83.221.184 - - [01/Jun/2023:09:18:56 +0800] "GET /xingrg/check_reg.html?_=1685582336564 HTTP/1.1" 200 22
114.83.221.184 - - [01/Jun/2023:09:18:56 +0800] "GET /xingrg/all/function/internal_message.html?_=1685582336564&CODE_STATE=count HTTP/1.1" 200 11
114.83.221.184 - - [01/Jun/2023:09:18:56 +0800] "POST /xingrg/load_menu.html HTTP/1.1" 200 11443
116.232.195.127 - - [01/Jun/2023:09:19:01 +0800] "GET /xingrg/kc/buy/cgsh_order_list.html HTTP/1.1" 200 55734
114.83.221.184 - - [01/Jun/2023:09:19:02 +0800] "POST /xingrg/all/user/operate.html HTTP/1.1" 200 36
114.83.221.184 - - [01/Jun/2023:09:19:02 +0800] "GET /xingrg/index.html?sysBaseUrl=http%3A%2F%2F180.169.147.146%3A18081%2Fxingrg%2F&costTime=11×tamp=1685582336259 HTTP/1.1" 200 17509
114.83.221.184 - - [01/Jun/2023:09:19:02 +0800] "GET /xingrg/javascript/jquery_easy_ui/themes/default/easyui.css HTTP/1.1" 304 -
114.83.221.184 - - [01/Jun/2023:09:19:02 +0800] "GET /xingrg/javascript/jquery_easy_ui/themes/icon.css HTTP/1.1" 304 -
114.83.221.184 - - [01/Jun/2023:09:19:02 +0800] "GET /xingrg/css/form.css HTTP/1.1" 304 -
114.83.221.184 - - [01/Jun/2023:09:19:02 +0800] "GET /xingrg/javascript/jquery-1.4.2.min.js HTTP/1.1" 304 -
114.83.221.184 - - [01/Jun/2023:09:19:02 +0800] "GET /xingrg/javascript/jquery_easy_ui/jquery.easyui.min.js HTTP/1.1" 304 -
114.83.221.184 - - [01/Jun/2023:09:19:02 +0800] "GET /xingrg/javascript/jquery_easy_ui/easyui-lang-zh_CN.js HTTP/1.1" 304 -
114.83.221.184 - - [01/Jun/2023:09:19:02 +0800] "GET /xingrg/javascript/jquery.form.js HTTP/1.1" 304 -
