101.83.145.52 - - [01/Jun/2023:09:46:09 +0800] "GET /xingrg/all/function/internal_message.html?_=1685583800117&CODE_STATE=getMsg HTTP/1.1" 200 27
222.67.234.146 - - [01/Jun/2023:09:46:10 +0800] "POST /xingrg/dwr/call/plaincall/AjaxCheckService.setItemNumber.dwr HTTP/1.1" 200 77
116.238.139.35 - - [01/Jun/2023:09:46:10 +0800] "GET /xingrg/all/function/internal_message.html?_=1685583970069&CODE_STATE=getMsg HTTP/1.1" 200 27
116.238.139.35 - - [01/Jun/2023:09:46:10 +0800] "GET /xingrg/check_reg.html?_=1685583970070 HTTP/1.1" 200 22
180.164.3.199 - - [01/Jun/2023:09:46:10 +0800] "POST /xingrg/dwr/call/plaincall/AjaxCheckService.setItemNumber.dwr HTTP/1.1" 200 78
114.83.221.184 - - [01/Jun/2023:09:46:11 +0800] "GET /xingrg/all/function/internal_message.html?_=1685583968207&CODE_STATE=getMsg HTTP/1.1" 200 27
114.83.221.184 - - [01/Jun/2023:09:46:11 +0800] "GET /xingrg/check_reg.html?_=1685583968322 HTTP/1.1" 200 22
222.67.234.146 - - [01/Jun/2023:09:46:12 +0800] "POST /xingrg/dwr/call/plaincall/AjaxCheckService.setItemNumber.dwr HTTP/1.1" 200 77
124.79.74.67 - - [01/Jun/2023:09:46:12 +0800] "GET /xingrg/all/function/internal_message.html?_=1685583978735&CODE_STATE=getMsg HTTP/1.1" 200 27
116.238.139.35 - - [01/Jun/2023:09:46:12 +0800] "GET /xingrg/check_reg.html?_=1685583878666 HTTP/1.1" 200 22
116.238.139.35 - - [01/Jun/2023:09:46:13 +0800] "GET /xingrg/all/function/internal_message.html?_=1685583879370&CODE_STATE=getMsg HTTP/1.1" 200 27
222.67.234.146 - - [01/Jun/2023:09:46:14 +0800] "POST /xingrg/dwr/call/plaincall/AjaxCheckService.setItemNumber.dwr HTTP/1.1" 200 77
222.67.234.146 - - [01/Jun/2023:09:46:17 +0800] "POST /xingrg/dwr/call/plaincall/AjaxCheckService.setItemNumber.dwr HTTP/1.1" 200 77
180.164.3.199 - - [01/Jun/2023:09:46:19 +0800] "POST /xingrg/dwr/call/plaincall/AjaxCheckService.setItemNumber.dwr HTTP/1.1" 200 78
180.169.147.146 - - [01/Jun/2023:09:46:19 +0800] "GET /xingrg/all/function/internal_message.html?_=1685583971848&CODE_STATE=getMsg HTTP/1.1" 200 27
222.67.234.146 - - [01/Jun/2023:09:46:20 +0800] "POST /xingrg/dwr/call/plaincall/AjaxCheckService.setItemNumber.dwr HTTP/1.1" 200 77
222.67.234.146 - - [01/Jun/2023:09:46:20 +0800] "POST /xingrg/dwr/call/plaincall/AjaxCheckService.setItemNumber.dwr HTTP/1.1" 200 77
180.152.240.79 - - [01/Jun/2023:09:46:21 +0800] "GET /xingrg/all/function/internal_message.html?_=1685583981474&CODE_STATE=getMsg HTTP/1.1" 200 27
222.67.234.146 - - [01/Jun/2023:09:46:21 +0800] "POST /xingrg/dwr/call/plaincall/AjaxCheckService.setItemNumber.dwr HTTP/1.1" 200 77
222.67.234.146 - - [01/Jun/2023:09:46:22 +0800] "POST /xingrg/dwr/call/plaincall/AjaxCheckService.setItemNumber.dwr HTTP/1.1" 200 77
180.164.3.199 - - [01/Jun/2023:09:46:23 +0800] "POST /xingrg/dwr/call/plaincall/AjaxCheckService.setItemNumber.dwr HTTP/1.1" 200 78
222.67.234.146 - - [01/Jun/2023:09:46:23 +0800] "POST /xingrg/dwr/call/plaincall/AjaxCheckService.setItemNumber.dwr HTTP/1.1" 200 77
180.164.3.199 - - [01/Jun/2023:09:46:24 +0800] "POST /xingrg/dwr/call/plaincall/AjaxCheckService.setItemNumber.dwr HTTP/1.1" 200 78
116.232.195.127 - - [01/Jun/2023:09:46:24 +0800] "GET /xingrg/kc/buy/cgsh_order_operate.html?command=get_materiel&rest_code=00155&code=00101010292&supplier_code=00100005&order_time=2023-06-01 HTTP/1.1" 200 409
180.157.253.254 - - [01/Jun/2023:09:46:26 +0800] "GET /xingrg/kc/buy/cgsh_order_operate.html?command=get_materiel&rest_code=00148&code=00101006115&supplier_code=00100096&order_time=2023-06-01 HTTP/1.1" 200 409
180.164.3.199 - - [01/Jun/2023:09:46:27 +0800] "POST /xingrg/dwr/call/plaincall/AjaxCheckService.setItemNumber.dwr HTTP/1.1" 200 78
222.70.110.223 - - [01/Jun/2023:09:46:28 +0800] "POST /xingrg/services/DataTransmitService HTTP/1.1" 200 524
101.83.145.52 - - [01/Jun/2023:09:46:28 +0800] "GET /xingrg/all/function/internal_message.html?_=1685583988281&CODE_STATE=getMsg HTTP/1.1" 200 27
116.237.77.239 - - [01/Jun/2023:09:46:30 +0800] "GET /xingrg/all/report/report_query.html?isQuery=1&fileName=kc/buy/wlcg_cate_hz.xml&queryString=(CONVERT(char(10)%252Ca.order_time%252C%2520120)%253E%253D'2023-05-01')%2520and%2520(CONVERT(char(10)%252Ca.order_time%252C%2520120)%253C%253D'2023-05-31')%2520and%2520(a.supplier_code%2520in%2520('00100002'))%2520and%2520(a.supplier_code%253D'00100002')&queryText=%25E3%2580%2590%25E9%2587%2587%25E8%25B4%25AD%25E6%2597%25A5%25E6%259C%259F%253A2023-05-01%2520%25E8%2587%25B3%25202023-05-31%25E3%2580%2591%2520%25E5%25B9%25B6%25E4%25B8%2594%2520%2520%25E3%2580%2590%25E4%25BE%259B%25E5%25BA%2594%25E5%2595%2586%2520%253D%2520%25E5%25AE%25B6%25E7%25A6%25BD%25EF%25BC%2588%25E5%2590%25B4%25E9%2582%25A6%25E5%25AE%258F%25EF%25BC%2589%25E3%2580%2591%2520%25E5%25B9%25B6%25E4%25B8%2594%2520%25E3%2580%2590%25E4%25BE%259B%25E5%25BA%2594%25E5%2595%2586%253D%25E5%25AE%25B6%25E7%25A6%25BD%25EF%25BC%2588%25E5%2590%25B4%25E9%2582%25A6%25E5%25AE%258F%25EF%25BC%2589%25E3%2580%2591 HTTP/1.1" 200 54465
116.237.77.239 - - [01/Jun/2023:09:46:30 +0800] "GET /xingrg/dwr/interface/AjaxReportQueryService.js HTTP/1.1" 200 13203
116.237.77.239 - - [01/Jun/2023:09:46:30 +0800] "GET /xingrg/dwr/engine.js HTTP/1.1" 200 43631
222.67.234.146 - - [01/Jun/2023:09:46:32 +0800] "POST /xingrg/dwr/call/plaincall/AjaxCheckService.setItemNumber.dwr HTTP/1.1" 200 77
116.237.77.239 - - [01/Jun/2023:09:46:32 +0800] "POST /xingrg/all/report/load_report_page.html HTTP/1.1" 200 8729
116.237.77.239 - - [01/Jun/2023:09:46:33 +0800] "GET /xingrg/servlets/image?cache=0.004056957534317895&image=px HTTP/1.1" 200 807
116.237.77.239 - - [01/Jun/2023:09:46:33 +0800] "GET /xingrg/all/function/internal_message.html?_=1685583995392&CODE_STATE=getMsg HTTP/1.1" 200 27
124.79.246.33 - - [01/Jun/2023:09:46:33 +0800] "GET /favicon.ico HTTP/1.1" 404 -
180.164.3.199 - - [01/Jun/2023:09:46:34 +0800] "POST /xingrg/dwr/call/plaincall/AjaxCheckService.setItemNumber.dwr HTTP/1.1" 200 78
116.237.77.239 - - [01/Jun/2023:09:46:35 +0800] "POST /xingrg/all/report/load_report_page.html HTTP/1.1" 200 53470
116.237.77.239 - - [01/Jun/2023:09:46:35 +0800] "GET /xingrg/servlets/image?cache=0.8161259098423791&image=px HTTP/1.1" 200 807
180.169.147.146 - - [01/Jun/2023:09:46:38 +0800] "GET /xingrg/kc/base/check_order_info.html?code=452023060100002 HTTP/1.1" 200 26402
180.169.147.146 - - [01/Jun/2023:09:46:38 +0800] "GET /xingrg/dwr/interface/AjaxComOrderService.js HTTP/1.1" 200 18264
180.169.147.146 - - [01/Jun/2023:09:46:38 +0800] "GET /xingrg/dwr/interface/AjaxCheckService.js HTTP/1.1" 200 14003
180.169.147.146 - - [01/Jun/2023:09:46:38 +0800] "GET /xingrg/dwr/engine.js HTTP/1.1" 200 43631
180.169.147.146 - - [01/Jun/2023:09:46:39 +0800] "POST /xingrg/dwr/call/plaincall/AjaxCheckService.loadOrderItems.dwr HTTP/1.1" 200 2299
222.67.234.146 - - [01/Jun/2023:09:46:39 +0800] "POST /xingrg/dwr/call/plaincall/AjaxCheckService.setItemNumber.dwr HTTP/1.1" 200 77
116.237.77.239 - - [01/Jun/2023:09:46:39 +0800] "GET /xingrg/javascript/jquery_easy_ui/themes/default/images/button_plain_hover.png HTTP/1.1" 200 252
172.20.0.100 - - [01/Jun/2023:09:46:40 +0800] "GET /xingrg/all/function/internal_message.html?_=1685583999829&CODE_STATE=getMsg HTTP/1.1" 302 -
222.67.234.146 - - [01/Jun/2023:09:46:40 +0800] "POST /xingrg/dwr/call/plaincall/AjaxCheckService.setItemNumber.dwr HTTP/1.1" 200 77
114.85.113.108 - - [01/Jun/2023:09:46:40 +0800] "GET /xingrg/all/function/internal_message.html?_=1685583972707&CODE_STATE=getMsg HTTP/1.1" 200 27
180.169.147.146 - - [01/Jun/2023:09:46:41 +0800] "POST /xingrg/dwr/call/plaincall/AjaxCheckService.setItemNumber.dwr HTTP/1.1" 200 76
222.67.234.146 - - [01/Jun/2023:09:46:42 +0800] "POST /xingrg/dwr/call/plaincall/AjaxCheckService.setItemNumber.dwr HTTP/1.1" 200 77
101.229.22.40 - - [01/Jun/2023:09:46:42 +0800] "GET /xingrg/all/function/internal_message.html?_=1685584002373&CODE_STATE=getMsg HTTP/1.1" 200 27
222.67.234.146 - - [01/Jun/2023:09:46:43 +0800] "POST /xingrg/dwr/call/plaincall/AjaxCheckService.setItemNumber.dwr HTTP/1.1" 200 77
180.169.147.146 - - [01/Jun/2023:09:46:43 +0800] "POST /xingrg/dwr/call/plaincall/AjaxCheckService.setItemNumber.dwr HTTP/1.1" 200 76
116.237.77.239 - - [01/Jun/2023:09:46:43 +0800] "POST /xingrg/all/report/report_print.html HTTP/1.1" 200 8724
180.164.3.199 - - [01/Jun/2023:09:46:43 +0800] "GET /xingrg/all/function/internal_message.html?_=1685584003090&CODE_STATE=getMsg HTTP/1.1" 200 27
180.169.147.146 - - [01/Jun/2023:09:46:43 +0800] "POST /xingrg/dwr/call/plaincall/AjaxCheckService.setItemNumber.dwr HTTP/1.1" 200 76
222.67.234.146 - - [01/Jun/2023:09:46:43 +0800] "POST /xingrg/dwr/call/plaincall/AjaxCheckService.setItemNumber.dwr HTTP/1.1" 200 77
222.67.234.146 - - [01/Jun/2023:09:46:44 +0800] "GET /xingrg/all/function/internal_message.html?_=1685583511165&CODE_STATE=getMsg HTTP/1.1" 200 27
222.67.234.146 - - [01/Jun/2023:09:46:45 +0800] "POST /xingrg/dwr/call/plaincall/AjaxCheckService.setItemNumber.dwr HTTP/1.1" 200 77
180.169.147.146 - - [01/Jun/2023:09:46:45 +0800] "GET /xingrg/kc/base/check_order_list.html?isBack=1 HTTP/1.1" 200 16223
180.169.147.146 - - [01/Jun/2023:09:46:45 +0800] "POST /xingrg/kc/base/check_list_operate.html HTTP/1.1" 200 4805
180.169.147.146 - - [01/Jun/2023:09:46:46 +0800] "GET /xingrg/kc/base/check_order_info.html?code=452023060100003 HTTP/1.1" 200 26402
180.169.147.146 - - [01/Jun/2023:09:46:46 +0800] "GET /xingrg/dwr/interface/AjaxComOrderService.js HTTP/1.1" 200 18264
180.169.147.146 - - [01/Jun/2023:09:46:46 +0800] "GET /xingrg/dwr/interface/AjaxCheckService.js HTTP/1.1" 200 14003
180.169.147.146 - - [01/Jun/2023:09:46:46 +0800] "GET /xingrg/dwr/engine.js HTTP/1.1" 200 43631
180.169.147.146 - - [01/Jun/2023:09:46:47 +0800] "POST /xingrg/dwr/call/plaincall/AjaxCheckService.loadOrderItems.dwr HTTP/1.1" 200 10355
218.81.217.42 - - [01/Jun/2023:09:46:47 +0800] "GET /xingrg/all/function/internal_message.html?_=1685584021164&CODE_STATE=getMsg HTTP/1.1" 200 27
180.169.147.146 - - [01/Jun/2023:09:46:49 +0800] "POST /xingrg/dwr/call/plaincall/AjaxCheckService.setItemNumber.dwr HTTP/1.1" 200 76
222.67.234.146 - - [01/Jun/2023:09:46:49 +0800] "POST /xingrg/dwr/call/plaincall/AjaxCheckService.setItemNumber.dwr HTTP/1.1" 200 77
180.169.147.146 - - [01/Jun/2023:09:46:50 +0800] "POST /xingrg/dwr/call/plaincall/AjaxCheckService.setItemNumber.dwr HTTP/1.1" 200 76
218.81.217.42 - - [01/Jun/2023:09:46:50 +0800] "GET /xingrg/all/function/internal_message.html?_=1685584022000&CODE_STATE=getMsg HTTP/1.1" 200 27
222.67.234.146 - - [01/Jun/2023:09:46:50 +0800] "POST /xingrg/dwr/call/plaincall/AjaxCheckService.setItemNumber.dwr HTTP/1.1" 200 77
180.169.147.146 - - [01/Jun/2023:09:46:50 +0800] "POST /xingrg/dwr/call/plaincall/AjaxCheckService.setItemNumber.dwr HTTP/1.1" 200 76
180.169.147.146 - - [01/Jun/2023:09:46:51 +0800] "POST /xingrg/dwr/call/plaincall/AjaxCheckService.setItemNumber.dwr HTTP/1.1" 200 76
180.169.147.146 - - [01/Jun/2023:09:46:52 +0800] "POST /xingrg/dwr/call/plaincall/AjaxCheckService.setItemNumber.dwr HTTP/1.1" 200 76
222.67.234.146 - - [01/Jun/2023:09:46:52 +0800] "POST /xingrg/dwr/call/plaincall/AjaxCheckService.setItemNumber.dwr HTTP/1.1" 200 77
180.169.147.146 - - [01/Jun/2023:09:46:52 +0800] "POST /xingrg/dwr/call/plaincall/AjaxCheckService.setItemNumber.dwr HTTP/1.1" 200 76
222.67.234.146 - - [01/Jun/2023:09:46:52 +0800] "POST /xingrg/dwr/call/plaincall/AjaxCheckService.setItemNumber.dwr HTTP/1.1" 200 77
180.169.147.146 - - [01/Jun/2023:09:46:53 +0800] "POST /xingrg/dwr/call/plaincall/AjaxCheckService.setItemNumber.dwr HTTP/1.1" 200 76
180.169.147.146 - - [01/Jun/2023:09:46:53 +0800] "GET /xingrg/all/function/internal_message.html?_=1685584013293&CODE_STATE=getMsg HTTP/1.1" 200 27
120.253.135.82 - - [01/Jun/2023:09:46:54 +0800] "GET /xingrg/check_reg.html?_=1685583849820 HTTP/1.1" 200 22
120.253.135.82 - - [01/Jun/2023:09:46:54 +0800] "GET /xingrg/all/function/internal_message.html?_=1685583849874&CODE_STATE=getMsg HTTP/1.1" 200 27
180.169.147.146 - - [01/Jun/2023:09:46:54 +0800] "POST /xingrg/dwr/call/plaincall/AjaxCheckService.setItemNumber.dwr HTTP/1.1" 200 76
116.237.77.239 - - [01/Jun/2023:09:46:54 +0800] "GET /xingrg/all/function/internal_message.html?_=1685584016533&CODE_STATE=getMsg HTTP/1.1" 200 27
222.67.234.146 - - [01/Jun/2023:09:46:54 +0800] "POST /xingrg/dwr/call/plaincall/AjaxCheckService.setItemNumber.dwr HTTP/1.1" 200 77
180.157.253.254 - - [01/Jun/2023:09:46:54 +0800] "GET /xingrg/kc/buy/cgsh_order_operate.html?command=get_materiel&rest_code=00148&code=00101006111&supplier_code=00100096&order_time=2023-06-01 HTTP/1.1" 200 428
180.169.147.146 - - [01/Jun/2023:09:46:55 +0800] "POST /xingrg/dwr/call/plaincall/AjaxCheckService.setItemNumber.dwr HTTP/1.1" 200 76
222.67.234.146 - - [01/Jun/2023:09:46:55 +0800] "POST /xingrg/dwr/call/plaincall/AjaxCheckService.setItemNumber.dwr HTTP/1.1" 200 77
180.169.147.146 - - [01/Jun/2023:09:46:55 +0800] "POST /xingrg/dwr/call/plaincall/AjaxCheckService.setItemNumber.dwr HTTP/1.1" 200 77
172.20.0.100 - - [01/Jun/2023:09:46:56 +0800] "GET /xingrg/all/function/internal_message.html?_=1685584025702&CODE_STATE=getMsg HTTP/1.1" 200 27
222.67.234.146 - - [01/Jun/2023:09:46:56 +0800] "POST /xingrg/dwr/call/plaincall/AjaxCheckService.setItemNumber.dwr HTTP/1.1" 200 77
180.169.147.146 - - [01/Jun/2023:09:46:57 +0800] "POST /xingrg/dwr/call/plaincall/AjaxCheckService.setItemNumber.dwr HTTP/1.1" 200 77
222.67.234.146 - - [01/Jun/2023:09:46:58 +0800] "POST /xingrg/dwr/call/plaincall/AjaxCheckService.setItemNumber.dwr HTTP/1.1" 200 77
180.169.147.146 - - [01/Jun/2023:09:46:58 +0800] "POST /xingrg/dwr/call/plaincall/AjaxCheckService.setItemNumber.dwr HTTP/1.1" 200 77
222.67.234.146 - - [01/Jun/2023:09:46:59 +0800] "POST /xingrg/dwr/call/plaincall/AjaxCheckService.setItemNumber.dwr HTTP/1.1" 200 77
180.169.147.146 - - [01/Jun/2023:09:47:00 +0800] "GET /xingrg/all/function/internal_message.html?_=1685584025292&CODE_STATE=getMsg HTTP/1.1" 200 27
222.67.234.146 - - [01/Jun/2023:09:47:00 +0800] "POST /xingrg/dwr/call/plaincall/AjaxCheckService.setItemNumber.dwr HTTP/1.1" 200 77
180.169.147.146 - - [01/Jun/2023:09:47:00 +0800] "POST /xingrg/dwr/call/plaincall/AjaxCheckService.setItemNumber.dwr HTTP/1.1" 200 77
222.67.234.146 - - [01/Jun/2023:09:47:02 +0800] "POST /xingrg/dwr/call/plaincall/AjaxCheckService.setItemNumber.dwr HTTP/1.1" 200 77
114.83.221.184 - - [01/Jun/2023:09:47:03 +0800] "GET /xingrg/all/function/internal_message.html?_=1685584023050&CODE_STATE=getMsg HTTP/1.1" 200 27
180.169.147.146 - - [01/Jun/2023:09:47:03 +0800] "POST /xingrg/dwr/call/plaincall/AjaxCheckService.setItemNumber.dwr HTTP/1.1" 200 77
180.169.147.146 - - [01/Jun/2023:09:47:03 +0800] "GET /xingrg/all/function/internal_message.html?_=1685584022756&CODE_STATE=getMsg HTTP/1.1" 200 27
222.67.234.146 - - [01/Jun/2023:09:47:04 +0800] "POST /xingrg/dwr/call/plaincall/AjaxCheckService.setItemNumber.dwr HTTP/1.1" 200 77
222.67.234.146 - - [01/Jun/2023:09:47:04 +0800] "POST /xingrg/dwr/call/plaincall/AjaxCheckService.setItemNumber.dwr HTTP/1.1" 200 77
180.164.3.199 - - [01/Jun/2023:09:47:05 +0800] "POST /xingrg/dwr/call/plaincall/AjaxCheckService.saveOrder.dwr HTTP/1.1" 200 80
180.169.147.146 - - [01/Jun/2023:09:47:06 +0800] "POST /xingrg/dwr/call/plaincall/AjaxCheckService.setItemNumber.dwr HTTP/1.1" 200 77
116.232.195.127 - - [01/Jun/2023:09:47:06 +0800] "GET /xingrg/all/function/internal_message.html?_=1685584055075&CODE_STATE=getMsg HTTP/1.1" 200 27
180.164.3.199 - - [01/Jun/2023:09:47:06 +0800] "POST /xingrg/dwr/call/plaincall/AjaxCheckService.loadOrderItems.dwr HTTP/1.1" 200 247409
222.67.234.146 - - [01/Jun/2023:09:47:07 +0800] "POST /xingrg/dwr/call/plaincall/AjaxCheckService.setItemNumber.dwr HTTP/1.1" 200 77
180.169.147.146 - - [01/Jun/2023:09:47:08 +0800] "POST /xingrg/dwr/call/plaincall/AjaxCheckService.setItemNumber.dwr HTTP/1.1" 200 77
180.164.3.199 - - [01/Jun/2023:09:47:08 +0800] "GET /xingrg/kc/base/check_order_list.html?isBack=1 HTTP/1.1" 200 16227
222.67.234.146 - - [01/Jun/2023:09:47:09 +0800] "POST /xingrg/dwr/call/plaincall/AjaxCheckService.setItemNumber.dwr HTTP/1.1" 200 77
180.164.3.199 - - [01/Jun/2023:09:47:09 +0800] "POST /xingrg/kc/base/check_list_operate.html HTTP/1.1" 200 4323
101.83.145.52 - - [01/Jun/2023:09:47:09 +0800] "GET /xingrg/all/function/internal_message.html?_=1685583860116&CODE_STATE=getMsg HTTP/1.1" 200 27
222.67.234.146 - - [01/Jun/2023:09:47:10 +0800] "POST /xingrg/dwr/call/plaincall/AjaxCheckService.setItemNumber.dwr HTTP/1.1" 200 77
116.238.139.35 - - [01/Jun/2023:09:47:10 +0800] "GET /xingrg/all/function/internal_message.html?_=1685584030069&CODE_STATE=getMsg HTTP/1.1" 200 27
114.83.221.184 - - [01/Jun/2023:09:47:11 +0800] "GET /xingrg/all/function/internal_message.html?_=1685584028185&CODE_STATE=getMsg HTTP/1.1" 200 27
222.67.234.146 - - [01/Jun/2023:09:47:11 +0800] "POST /xingrg/dwr/call/plaincall/AjaxCheckService.setItemNumber.dwr HTTP/1.1" 200 77
222.67.234.146 - - [01/Jun/2023:09:47:12 +0800] "POST /xingrg/dwr/call/plaincall/AjaxCheckService.setItemNumber.dwr HTTP/1.1" 200 77
124.79.74.67 - - [01/Jun/2023:09:47:12 +0800] "GET /xingrg/all/function/internal_message.html?_=1685584038733&CODE_STATE=getMsg HTTP/1.1" 200 27
222.67.234.146 - - [01/Jun/2023:09:47:12 +0800] "POST /xingrg/dwr/call/plaincall/AjaxCheckService.setItemNumber.dwr HTTP/1.1" 200 77
116.238.139.35 - - [01/Jun/2023:09:47:13 +0800] "GET /xingrg/all/function/internal_message.html?_=1685583939372&CODE_STATE=getMsg HTTP/1.1" 200 27
222.67.234.146 - - [01/Jun/2023:09:47:14 +0800] "POST /xingrg/dwr/call/plaincall/AjaxCheckService.setItemNumber.dwr HTTP/1.1" 200 77
180.157.253.254 - - [01/Jun/2023:09:47:15 +0800] "GET /xingrg/kc/buy/cgsh_order_operate.html?command=get_materiel&rest_code=00148&code=00101006193&supplier_code=00100096&order_time=2023-06-01 HTTP/1.1" 200 409
222.67.234.146 - - [01/Jun/2023:09:47:16 +0800] "POST /xingrg/dwr/call/plaincall/AjaxCheckService.setItemNumber.dwr HTTP/1.1" 200 77
222.67.234.146 - - [01/Jun/2023:09:47:17 +0800] "POST /xingrg/dwr/call/plaincall/AjaxCheckService.setItemNumber.dwr HTTP/1.1" 200 77
222.67.234.146 - - [01/Jun/2023:09:47:18 +0800] "POST /xingrg/dwr/call/plaincall/AjaxCheckService.setItemNumber.dwr HTTP/1.1" 200 77
180.169.147.146 - - [01/Jun/2023:09:47:19 +0800] "GET /xingrg/all/function/internal_message.html?_=1685584031842&CODE_STATE=getMsg HTTP/1.1" 200 27
222.67.234.146 - - [01/Jun/2023:09:47:19 +0800] "POST /xingrg/dwr/call/plaincall/AjaxCheckService.setItemNumber.dwr HTTP/1.1" 200 77
222.67.234.146 - - [01/Jun/2023:09:47:20 +0800] "POST /xingrg/dwr/call/plaincall/AjaxCheckService.setItemNumber.dwr HTTP/1.1" 200 77
180.152.240.79 - - [01/Jun/2023:09:47:21 +0800] "GET /xingrg/all/function/internal_message.html?_=1685584041464&CODE_STATE=getMsg HTTP/1.1" 200 27
180.169.147.146 - - [01/Jun/2023:09:47:22 +0800] "GET /xingrg/kc/base/check_order_list.html?isBack=1 HTTP/1.1" 200 16223
180.169.147.146 - - [01/Jun/2023:09:47:23 +0800] "POST /xingrg/kc/base/check_list_operate.html HTTP/1.1" 200 4805
222.67.234.146 - - [01/Jun/2023:09:47:25 +0800] "POST /xingrg/dwr/call/plaincall/AjaxCheckService.setItemNumber.dwr HTTP/1.1" 200 77
222.67.234.146 - - [01/Jun/2023:09:47:26 +0800] "POST /xingrg/dwr/call/plaincall/AjaxCheckService.setItemNumber.dwr HTTP/1.1" 200 77
180.169.147.146 - - [01/Jun/2023:09:47:27 +0800] "GET /xingrg/kc/base/check_order_info.html?code=452023060100003 HTTP/1.1" 200 26402
180.169.147.146 - - [01/Jun/2023:09:47:27 +0800] "GET /xingrg/dwr/interface/AjaxCheckService.js HTTP/1.1" 200 14003
180.169.147.146 - - [01/Jun/2023:09:47:27 +0800] "GET /xingrg/dwr/interface/AjaxComOrderService.js HTTP/1.1" 200 18264
180.169.147.146 - - [01/Jun/2023:09:47:27 +0800] "GET /xingrg/dwr/engine.js HTTP/1.1" 200 43631
180.169.147.146 - - [01/Jun/2023:09:47:27 +0800] "POST /xingrg/dwr/call/plaincall/AjaxCheckService.loadOrderItems.dwr HTTP/1.1" 200 10370
101.83.145.52 - - [01/Jun/2023:09:47:28 +0800] "GET /xingrg/check_reg.html?_=1685584048285 HTTP/1.1" 200 22
101.83.145.52 - - [01/Jun/2023:09:47:28 +0800] "GET /xingrg/all/function/internal_message.html?_=1685584048288&CODE_STATE=getMsg HTTP/1.1" 200 27
116.232.195.127 - - [01/Jun/2023:09:47:29 +0800] "GET /xingrg/kc/buy/cgsh_order_operate.html?command=get_materiel&rest_code=00155&code=00101008010&supplier_code=00100005&order_time=2023-06-01 HTTP/1.1" 200 412
180.164.3.199 - - [01/Jun/2023:09:47:29 +0800] "GET /xingrg/kc/base/check_order_add.html HTTP/1.1" 200 26442
180.164.3.199 - - [01/Jun/2023:09:47:29 +0800] "GET /xingrg/dwr/interface/AjaxComOrderService.js HTTP/1.1" 200 18264
222.67.234.146 - - [01/Jun/2023:09:47:29 +0800] "POST /xingrg/dwr/call/plaincall/AjaxCheckService.setItemNumber.dwr HTTP/1.1" 200 77
180.164.3.199 - - [01/Jun/2023:09:47:29 +0800] "GET /xingrg/dwr/interface/AjaxCheckService.js HTTP/1.1" 200 14003
180.164.3.199 - - [01/Jun/2023:09:47:29 +0800] "GET /xingrg/dwr/engine.js HTTP/1.1" 200 43631
116.237.77.239 - - [01/Jun/2023:09:47:33 +0800] "GET /xingrg/all/function/internal_message.html?_=1685584055390&CODE_STATE=getMsg HTTP/1.1" 200 27
180.169.147.146 - - [01/Jun/2023:09:47:34 +0800] "POST /xingrg/dwr/call/plaincall/AjaxCheckService.setItemNumber.dwr HTTP/1.1" 200 76
180.169.147.146 - - [01/Jun/2023:09:47:35 +0800] "GET /xingrg/kc/base/check_order_list.html?isBack=1 HTTP/1.1" 200 16223
180.169.147.146 - - [01/Jun/2023:09:47:35 +0800] "POST /xingrg/kc/base/check_list_operate.html HTTP/1.1" 200 4805
222.67.234.146 - - [01/Jun/2023:09:47:36 +0800] "POST /xingrg/dwr/call/plaincall/AjaxCheckService.setItemNumber.dwr HTTP/1.1" 200 77
180.164.3.199 - - [01/Jun/2023:09:47:38 +0800] "POST /xingrg/dwr/call/plaincall/AjaxCheckService.saveOrder.dwr HTTP/1.1" 200 78
180.169.147.146 - - [01/Jun/2023:09:47:38 +0800] "GET /xingrg/kc/base/check_order_info.html?code=452023060100001 HTTP/1.1" 200 26402
180.169.147.146 - - [01/Jun/2023:09:47:38 +0800] "GET /xingrg/dwr/interface/AjaxCheckService.js HTTP/1.1" 200 14003
180.169.147.146 - - [01/Jun/2023:09:47:38 +0800] "GET /xingrg/dwr/interface/AjaxComOrderService.js HTTP/1.1" 200 18264
180.169.147.146 - - [01/Jun/2023:09:47:38 +0800] "GET /xingrg/dwr/engine.js HTTP/1.1" 200 43631
222.67.234.146 - - [01/Jun/2023:09:47:38 +0800] "POST /xingrg/dwr/call/plaincall/AjaxCheckService.setItemNumber.dwr HTTP/1.1" 200 77
180.169.147.146 - - [01/Jun/2023:09:47:38 +0800] "POST /xingrg/dwr/call/plaincall/AjaxCheckService.loadOrderItems.dwr HTTP/1.1" 200 2910
180.164.3.199 - - [01/Jun/2023:09:47:39 +0800] "POST /xingrg/dwr/call/plaincall/AjaxCheckService.loadOrderItems.dwr HTTP/1.1" 200 367
222.67.234.146 - - [01/Jun/2023:09:47:39 +0800] "POST /xingrg/dwr/call/plaincall/AjaxCheckService.setItemNumber.dwr HTTP/1.1" 200 77
180.164.3.199 - - [01/Jun/2023:09:47:40 +0800] "GET /xingrg/javascript/jquery_easy_ui/themes/default/images/button_span_bg.gif HTTP/1.1" 200 2061
180.164.3.199 - - [01/Jun/2023:09:47:40 +0800] "GET /xingrg/javascript/jquery_easy_ui/themes/icons/ok.png HTTP/1.1" 200 883
180.164.3.199 - - [01/Jun/2023:09:47:40 +0800] "GET /xingrg/javascript/jquery_easy_ui/themes/default/images/panel_tools.gif HTTP/1.1" 200 737
180.164.3.199 - - [01/Jun/2023:09:47:40 +0800] "GET /xingrg/javascript/jquery_easy_ui/themes/default/images/panel_title.png HTTP/1.1" 200 266
222.67.234.146 - - [01/Jun/2023:09:47:40 +0800] "POST /xingrg/dwr/call/plaincall/AjaxCheckService.setItemNumber.dwr HTTP/1.1" 200 77
172.20.0.100 - - [01/Jun/2023:09:47:40 +0800] "GET /xingrg/all/function/internal_message.html?_=1685584059831&CODE_STATE=getMsg HTTP/1.1" 302 -
172.20.0.100 - - [01/Jun/2023:09:47:40 +0800] "GET /xingrg/check_reg.html?_=1685584059832 HTTP/1.1" 302 -
114.85.113.108 - - [01/Jun/2023:09:47:40 +0800] "GET /xingrg/all/function/internal_message.html?_=1685584032692&CODE_STATE=getMsg HTTP/1.1" 200 27
218.81.217.42 - - [01/Jun/2023:09:47:42 +0800] "GET /xingrg/check_reg.html?_=1685584075608 HTTP/1.1" 200 22
101.229.22.40 - - [01/Jun/2023:09:47:42 +0800] "GET /xingrg/all/function/internal_message.html?_=1685584062375&CODE_STATE=getMsg HTTP/1.1" 200 27
180.164.3.199 - - [01/Jun/2023:09:47:43 +0800] "POST /xingrg/dwr/call/plaincall/AjaxCheckService.importOrderItems.dwr HTTP/1.1" 200 78
222.67.234.146 - - [01/Jun/2023:09:47:43 +0800] "POST /xingrg/dwr/call/plaincall/AjaxCheckService.setItemNumber.dwr HTTP/1.1" 200 77
180.164.3.199 - - [01/Jun/2023:09:47:44 +0800] "GET /xingrg/all/function/internal_message.html?_=1685584064048&CODE_STATE=getMsg HTTP/1.1" 200 27
222.67.234.146 - - [01/Jun/2023:09:47:44 +0800] "GET /xingrg/check_reg.html?_=1685583570938 HTTP/1.1" 200 22
180.164.3.199 - - [01/Jun/2023:09:47:44 +0800] "POST /xingrg/dwr/call/plaincall/AjaxCheckService.loadOrderItems.dwr HTTP/1.1" 200 40906
222.67.234.146 - - [01/Jun/2023:09:47:45 +0800] "GET /xingrg/all/function/internal_message.html?_=1685583571201&CODE_STATE=getMsg HTTP/1.1" 200 27
180.169.147.146 - - [01/Jun/2023:09:47:45 +0800] "POST /xingrg/dwr/call/plaincall/AjaxCheckService.setItemNumber.dwr HTTP/1.1" 200 76
222.67.234.146 - - [01/Jun/2023:09:47:45 +0800] "POST /xingrg/dwr/call/plaincall/AjaxCheckService.setItemNumber.dwr HTTP/1.1" 200 77
180.169.147.146 - - [01/Jun/2023:09:47:45 +0800] "POST /xingrg/dwr/call/plaincall/AjaxCheckService.setItemNumber.dwr HTTP/1.1" 200 76
180.169.147.146 - - [01/Jun/2023:09:47:46 +0800] "POST /xingrg/dwr/call/plaincall/AjaxCheckService.setItemNumber.dwr HTTP/1.1" 200 76
218.81.217.42 - - [01/Jun/2023:09:47:47 +0800] "GET /xingrg/all/function/internal_message.html?_=1685584081173&CODE_STATE=getMsg HTTP/1.1" 200 27
180.169.147.146 - - [01/Jun/2023:09:47:48 +0800] "POST /xingrg/dwr/call/plaincall/AjaxCheckService.setItemNumber.dwr HTTP/1.1" 200 76
180.164.3.199 - - [01/Jun/2023:09:47:49 +0800] "POST /xingrg/dwr/call/plaincall/AjaxCheckService.setItemNumber.dwr HTTP/1.1" 200 76
222.67.234.146 - - [01/Jun/2023:09:47:49 +0800] "POST /xingrg/dwr/call/plaincall/AjaxCheckService.setItemNumber.dwr HTTP/1.1" 200 77
180.169.147.146 - - [01/Jun/2023:09:47:49 +0800] "GET /xingrg/kc/base/check_order_list.html?isBack=1 HTTP/1.1" 200 16223
180.169.147.146 - - [01/Jun/2023:09:47:50 +0800] "POST /xingrg/kc/base/check_list_operate.html HTTP/1.1" 200 4805
180.164.3.199 - - [01/Jun/2023:09:47:50 +0800] "POST /xingrg/dwr/call/plaincall/AjaxCheckService.setItemNumber.dwr HTTP/1.1" 200 76
222.67.234.146 - - [01/Jun/2023:09:47:50 +0800] "POST /xingrg/dwr/call/plaincall/AjaxCheckService.setItemNumber.dwr HTTP/1.1" 200 77
218.81.217.42 - - [01/Jun/2023:09:47:50 +0800] "GET /xingrg/all/function/internal_message.html?_=1685584082013&CODE_STATE=getMsg HTTP/1.1" 200 27
180.164.3.199 - - [01/Jun/2023:09:47:51 +0800] "POST /xingrg/dwr/call/plaincall/AjaxCheckService.setItemNumber.dwr HTTP/1.1" 200 76
222.67.234.146 - - [01/Jun/2023:09:47:51 +0800] "POST /xingrg/dwr/call/plaincall/AjaxCheckService.setItemNumber.dwr HTTP/1.1" 200 77
180.164.3.199 - - [01/Jun/2023:09:47:52 +0800] "POST /xingrg/dwr/call/plaincall/AjaxCheckService.setItemNumber.dwr HTTP/1.1" 200 76
222.67.234.146 - - [01/Jun/2023:09:47:52 +0800] "POST /xingrg/dwr/call/plaincall/AjaxCheckService.setItemNumber.dwr HTTP/1.1" 200 77
180.169.147.146 - - [01/Jun/2023:09:47:53 +0800] "GET /xingrg/all/function/internal_message.html?_=1685584073305&CODE_STATE=getMsg HTTP/1.1" 200 27
222.67.234.146 - - [01/Jun/2023:09:47:53 +0800] "POST /xingrg/dwr/call/plaincall/AjaxCheckService.setItemNumber.dwr HTTP/1.1" 200 77
180.164.3.199 - - [01/Jun/2023:09:47:53 +0800] "POST /xingrg/dwr/call/plaincall/AjaxCheckService.setItemNumber.dwr HTTP/1.1" 200 76
120.253.135.82 - - [01/Jun/2023:09:47:54 +0800] "GET /xingrg/all/function/internal_message.html?_=1685583909887&CODE_STATE=getMsg HTTP/1.1" 200 27
222.67.234.146 - - [01/Jun/2023:09:47:54 +0800] "POST /xingrg/dwr/call/plaincall/AjaxCheckService.setItemNumber.dwr HTTP/1.1" 200 77
116.237.77.239 - - [01/Jun/2023:09:47:54 +0800] "GET /xingrg/all/function/internal_message.html?_=1685584076531&CODE_STATE=getMsg HTTP/1.1" 200 27
180.169.147.146 - - [01/Jun/2023:09:47:54 +0800] "GET /xingrg/kc/base/check_order_info.html?code=452023060100001 HTTP/1.1" 200 26402
180.169.147.146 - - [01/Jun/2023:09:47:54 +0800] "GET /xingrg/dwr/interface/AjaxCheckService.js HTTP/1.1" 200 14003
180.169.147.146 - - [01/Jun/2023:09:47:54 +0800] "GET /xingrg/dwr/interface/AjaxComOrderService.js HTTP/1.1" 200 18264
180.169.147.146 - - [01/Jun/2023:09:47:54 +0800] "GET /xingrg/dwr/engine.js HTTP/1.1" 200 43631
180.164.3.199 - - [01/Jun/2023:09:47:55 +0800] "POST /xingrg/dwr/call/plaincall/AjaxCheckService.setItemNumber.dwr HTTP/1.1" 200 76
180.169.147.146 - - [01/Jun/2023:09:47:55 +0800] "POST /xingrg/dwr/call/plaincall/AjaxCheckService.loadOrderItems.dwr HTTP/1.1" 200 2914
222.67.234.146 - - [01/Jun/2023:09:47:55 +0800] "POST /xingrg/dwr/call/plaincall/AjaxCheckService.setItemNumber.dwr HTTP/1.1" 200 77
180.157.253.254 - - [01/Jun/2023:09:47:55 +0800] "GET /xingrg/kc/buy/cgsh_order_operate.html?command=get_materiel&rest_code=00148&code=00101007061&supplier_code=00100096&order_time=2023-06-01 HTTP/1.1" 200 409
222.67.234.146 - - [01/Jun/2023:09:47:56 +0800] "POST /xingrg/dwr/call/plaincall/AjaxCheckService.setItemNumber.dwr HTTP/1.1" 200 77
180.169.147.146 - - [01/Jun/2023:09:47:56 +0800] "GET /xingrg/kc/base/check_order_list.html?isBack=1 HTTP/1.1" 200 16223
172.20.0.100 - - [01/Jun/2023:09:47:56 +0800] "GET /xingrg/all/function/internal_message.html?_=1685584085727&CODE_STATE=getMsg HTTP/1.1" 200 27
180.169.147.146 - - [01/Jun/2023:09:47:56 +0800] "POST /xingrg/kc/base/check_list_operate.html HTTP/1.1" 200 4805
180.169.147.146 - - [01/Jun/2023:09:47:57 +0800] "GET /xingrg/kc/base/check_order_info.html?code=452023053100561 HTTP/1.1" 200 26402
180.169.147.146 - - [01/Jun/2023:09:47:57 +0800] "GET /xingrg/dwr/interface/AjaxComOrderService.js HTTP/1.1" 200 18264
180.169.147.146 - - [01/Jun/2023:09:47:57 +0800] "GET /xingrg/dwr/interface/AjaxCheckService.js HTTP/1.1" 200 14003
180.169.147.146 - - [01/Jun/2023:09:47:57 +0800] "GET /xingrg/dwr/engine.js HTTP/1.1" 200 43631
180.169.147.146 - - [01/Jun/2023:09:47:57 +0800] "POST /xingrg/dwr/call/plaincall/AjaxCheckService.loadOrderItems.dwr HTTP/1.1" 200 52075
180.164.3.199 - - [01/Jun/2023:09:47:57 +0800] "POST /xingrg/dwr/call/plaincall/AjaxCheckService.setItemNumber.dwr HTTP/1.1" 200 77
180.164.3.199 - - [01/Jun/2023:09:47:59 +0800] "POST /xingrg/dwr/call/plaincall/AjaxCheckService.setItemNumber.dwr HTTP/1.1" 200 77
180.169.147.146 - - [01/Jun/2023:09:48:00 +0800] "GET /xingrg/all/function/internal_message.html?_=1685584085292&CODE_STATE=getMsg HTTP/1.1" 200 27
180.164.3.199 - - [01/Jun/2023:09:48:00 +0800] "POST /xingrg/dwr/call/plaincall/AjaxCheckService.setItemNumber.dwr HTTP/1.1" 200 77
180.169.147.146 - - [01/Jun/2023:09:48:00 +0800] "POST /xingrg/dwr/call/plaincall/AjaxCheckService.setItemNumber.dwr HTTP/1.1" 200 76
180.164.3.199 - - [01/Jun/2023:09:48:01 +0800] "POST /xingrg/dwr/call/plaincall/AjaxCheckService.setItemNumber.dwr HTTP/1.1" 200 77
180.169.147.146 - - [01/Jun/2023:09:48:01 +0800] "POST /xingrg/dwr/call/plaincall/AjaxCheckService.setItemNumber.dwr HTTP/1.1" 200 76
222.67.234.146 - - [01/Jun/2023:09:48:02 +0800] "POST /xingrg/dwr/call/plaincall/AjaxCheckService.setItemNumber.dwr HTTP/1.1" 200 77
180.169.147.146 - - [01/Jun/2023:09:48:02 +0800] "POST /xingrg/dwr/call/plaincall/AjaxCheckService.setItemNumber.dwr HTTP/1.1" 200 76
222.67.234.146 - - [01/Jun/2023:09:48:03 +0800] "POST /xingrg/dwr/call/plaincall/AjaxCheckService.setItemNumber.dwr HTTP/1.1" 200 77
180.164.3.199 - - [01/Jun/2023:09:48:03 +0800] "POST /xingrg/dwr/call/plaincall/AjaxCheckService.setItemNumber.dwr HTTP/1.1" 200 77
114.83.221.184 - - [01/Jun/2023:09:48:03 +0800] "GET /xingrg/all/function/internal_message.html?_=1685584083027&CODE_STATE=getMsg HTTP/1.1" 200 27
180.169.147.146 - - [01/Jun/2023:09:48:03 +0800] "GET /xingrg/check_reg.html?_=1685584082747 HTTP/1.1" 200 22
180.169.147.146 - - [01/Jun/2023:09:48:03 +0800] "GET /xingrg/all/function/internal_message.html?_=1685584082748&CODE_STATE=getMsg HTTP/1.1" 200 27
180.169.147.146 - - [01/Jun/2023:09:48:03 +0800] "POST /xingrg/dwr/call/plaincall/AjaxCheckService.setItemNumber.dwr HTTP/1.1" 200 76
222.67.234.146 - - [01/Jun/2023:09:48:04 +0800] "POST /xingrg/dwr/call/plaincall/AjaxCheckService.setItemNumber.dwr HTTP/1.1" 200 77
180.164.3.199 - - [01/Jun/2023:09:48:04 +0800] "POST /xingrg/dwr/call/plaincall/AjaxCheckService.setItemNumber.dwr HTTP/1.1" 200 77
180.169.147.146 - - [01/Jun/2023:09:48:04 +0800] "POST /xingrg/dwr/call/plaincall/AjaxCheckService.setItemNumber.dwr HTTP/1.1" 200 76
180.169.147.146 - - [01/Jun/2023:09:48:05 +0800] "POST /xingrg/dwr/call/plaincall/AjaxCheckService.setItemNumber.dwr HTTP/1.1" 200 76
222.67.234.146 - - [01/Jun/2023:09:48:05 +0800] "POST /xingrg/dwr/call/plaincall/AjaxCheckService.setItemNumber.dwr HTTP/1.1" 200 77
180.164.3.199 - - [01/Jun/2023:09:48:05 +0800] "POST /xingrg/dwr/call/plaincall/AjaxCheckService.setItemNumber.dwr HTTP/1.1" 200 77
222.67.234.146 - - [01/Jun/2023:09:48:05 +0800] "POST /xingrg/dwr/call/plaincall/AjaxCheckService.setItemNumber.dwr HTTP/1.1" 200 77
180.169.147.146 - - [01/Jun/2023:09:48:06 +0800] "POST /xingrg/dwr/call/plaincall/AjaxCheckService.setItemNumber.dwr HTTP/1.1" 200 76
116.232.195.127 - - [01/Jun/2023:09:48:06 +0800] "GET /xingrg/check_reg.html?_=1685584115055 HTTP/1.1" 200 22
116.232.195.127 - - [01/Jun/2023:09:48:06 +0800] "GET /xingrg/all/function/internal_message.html?_=1685584115058&CODE_STATE=getMsg HTTP/1.1" 200 27
222.67.234.146 - - [01/Jun/2023:09:48:06 +0800] "POST /xingrg/dwr/call/plaincall/AjaxCheckService.setItemNumber.dwr HTTP/1.1" 200 77
180.164.3.199 - - [01/Jun/2023:09:48:06 +0800] "POST /xingrg/dwr/call/plaincall/AjaxCheckService.setItemNumber.dwr HTTP/1.1" 200 77
180.169.147.146 - - [01/Jun/2023:09:48:07 +0800] "POST /xingrg/dwr/call/plaincall/AjaxCheckService.setItemNumber.dwr HTTP/1.1" 200 76
222.67.234.146 - - [01/Jun/2023:09:48:08 +0800] "POST /xingrg/dwr/call/plaincall/AjaxCheckService.setItemNumber.dwr HTTP/1.1" 200 77
180.164.3.199 - - [01/Jun/2023:09:48:08 +0800] "POST /xingrg/dwr/call/plaincall/AjaxCheckService.setItemNumber.dwr HTTP/1.1" 200 77
180.169.147.146 - - [01/Jun/2023:09:48:08 +0800] "POST /xingrg/dwr/call/plaincall/AjaxCheckService.setItemNumber.dwr HTTP/1.1" 200 76
180.164.3.199 - - [01/Jun/2023:09:48:09 +0800] "POST /xingrg/dwr/call/plaincall/AjaxCheckService.setItemNumber.dwr HTTP/1.1" 200 77
180.169.147.146 - - [01/Jun/2023:09:48:09 +0800] "POST /xingrg/dwr/call/plaincall/AjaxCheckService.setItemNumber.dwr HTTP/1.1" 200 77
101.83.145.52 - - [01/Jun/2023:09:48:09 +0800] "GET /xingrg/all/function/internal_message.html?_=1685583920118&CODE_STATE=getMsg HTTP/1.1" 200 27
180.164.3.199 - - [01/Jun/2023:09:48:10 +0800] "POST /xingrg/dwr/call/plaincall/AjaxCheckService.setItemNumber.dwr HTTP/1.1" 200 77
180.169.147.146 - - [01/Jun/2023:09:48:10 +0800] "POST /xingrg/dwr/call/plaincall/AjaxCheckService.setItemNumber.dwr HTTP/1.1" 200 77
116.238.139.35 - - [01/Jun/2023:09:48:10 +0800] "GET /xingrg/all/function/internal_message.html?_=1685584090067&CODE_STATE=getMsg HTTP/1.1" 200 27
114.83.221.184 - - [01/Jun/2023:09:48:10 +0800] "GET /xingrg/all/function/internal_message.html?_=1685584088156&CODE_STATE=getMsg HTTP/1.1" 200 27
180.164.3.199 - - [01/Jun/2023:09:48:11 +0800] "POST /xingrg/dwr/call/plaincall/AjaxCheckService.setItemNumber.dwr HTTP/1.1" 200 77
180.164.3.199 - - [01/Jun/2023:09:48:12 +0800] "POST /xingrg/dwr/call/plaincall/AjaxCheckService.setItemNumber.dwr HTTP/1.1" 200 77
180.169.147.146 - - [01/Jun/2023:09:48:12 +0800] "POST /xingrg/dwr/call/plaincall/AjaxCheckService.setItemNumber.dwr HTTP/1.1" 200 77
124.79.74.67 - - [01/Jun/2023:09:48:12 +0800] "GET /xingrg/all/function/internal_message.html?_=1685584098731&CODE_STATE=getMsg HTTP/1.1" 200 27
222.67.234.146 - - [01/Jun/2023:09:48:12 +0800] "POST /xingrg/dwr/call/plaincall/AjaxCheckService.setItemNumber.dwr HTTP/1.1" 200 77
180.164.3.199 - - [01/Jun/2023:09:48:13 +0800] "POST /xingrg/dwr/call/plaincall/AjaxCheckService.setItemNumber.dwr HTTP/1.1" 200 77
116.238.139.35 - - [01/Jun/2023:09:48:13 +0800] "GET /xingrg/all/function/internal_message.html?_=1685583999386&CODE_STATE=getMsg HTTP/1.1" 200 27
180.169.147.146 - - [01/Jun/2023:09:48:14 +0800] "POST /xingrg/dwr/call/plaincall/AjaxCheckService.setItemNumber.dwr HTTP/1.1" 200 77
180.164.3.199 - - [01/Jun/2023:09:48:14 +0800] "POST /xingrg/dwr/call/plaincall/AjaxCheckService.setItemNumber.dwr HTTP/1.1" 200 77
222.67.234.146 - - [01/Jun/2023:09:48:14 +0800] "POST /xingrg/dwr/call/plaincall/AjaxCheckService.setItemNumber.dwr HTTP/1.1" 200 77
180.169.147.146 - - [01/Jun/2023:09:48:15 +0800] "POST /xingrg/dwr/call/plaincall/AjaxCheckService.setItemNumber.dwr HTTP/1.1" 200 77
222.67.234.146 - - [01/Jun/2023:09:48:15 +0800] "POST /xingrg/dwr/call/plaincall/AjaxCheckService.setItemNumber.dwr HTTP/1.1" 200 77
180.169.147.146 - - [01/Jun/2023:09:48:16 +0800] "POST /xingrg/dwr/call/plaincall/AjaxCheckService.setItemNumber.dwr HTTP/1.1" 200 77
222.67.234.146 - - [01/Jun/2023:09:48:16 +0800] "POST /xingrg/dwr/call/plaincall/AjaxCheckService.setItemNumber.dwr HTTP/1.1" 200 77
180.164.3.199 - - [01/Jun/2023:09:48:16 +0800] "POST /xingrg/dwr/call/plaincall/AjaxCheckService.setItemNumber.dwr HTTP/1.1" 200 77
180.169.147.146 - - [01/Jun/2023:09:48:16 +0800] "POST /xingrg/dwr/call/plaincall/AjaxCheckService.setItemNumber.dwr HTTP/1.1" 200 77
180.164.3.199 - - [01/Jun/2023:09:48:17 +0800] "POST /xingrg/dwr/call/plaincall/AjaxCheckService.setItemNumber.dwr HTTP/1.1" 200 77
180.164.3.199 - - [01/Jun/2023:09:48:18 +0800] "POST /xingrg/dwr/call/plaincall/AjaxCheckService.setItemNumber.dwr HTTP/1.1" 200 77
180.169.147.146 - - [01/Jun/2023:09:48:19 +0800] "POST /xingrg/dwr/call/plaincall/AjaxCheckService.setItemNumber.dwr HTTP/1.1" 200 77
180.169.147.146 - - [01/Jun/2023:09:48:19 +0800] "GET /xingrg/all/function/internal_message.html?_=1685584091847&CODE_STATE=getMsg HTTP/1.1" 200 27
222.67.234.146 - - [01/Jun/2023:09:48:19 +0800] "POST /xingrg/dwr/call/plaincall/AjaxCheckService.setItemNumber.dwr HTTP/1.1" 200 77
180.164.3.199 - - [01/Jun/2023:09:48:19 +0800] "POST /xingrg/dwr/call/plaincall/AjaxCheckService.setItemNumber.dwr HTTP/1.1" 200 77
180.164.3.199 - - [01/Jun/2023:09:48:20 +0800] "POST /xingrg/dwr/call/plaincall/AjaxCheckService.setItemNumber.dwr HTTP/1.1" 200 77
180.169.147.146 - - [01/Jun/2023:09:48:20 +0800] "POST /xingrg/dwr/call/plaincall/AjaxCheckService.setItemNumber.dwr HTTP/1.1" 200 77
222.67.234.146 - - [01/Jun/2023:09:48:21 +0800] "POST /xingrg/dwr/call/plaincall/AjaxCheckService.setItemNumber.dwr HTTP/1.1" 200 77
180.152.240.79 - - [01/Jun/2023:09:48:21 +0800] "GET /xingrg/all/function/internal_message.html?_=1685584101458&CODE_STATE=getMsg HTTP/1.1" 200 27
180.169.147.146 - - [01/Jun/2023:09:48:21 +0800] "POST /xingrg/dwr/call/plaincall/AjaxCheckService.setItemNumber.dwr HTTP/1.1" 200 77
180.164.3.199 - - [01/Jun/2023:09:48:21 +0800] "POST /xingrg/dwr/call/plaincall/AjaxCheckService.setItemNumber.dwr HTTP/1.1" 200 77
222.67.234.146 - - [01/Jun/2023:09:48:22 +0800] "POST /xingrg/dwr/call/plaincall/AjaxCheckService.setItemNumber.dwr HTTP/1.1" 200 77
180.164.3.199 - - [01/Jun/2023:09:48:23 +0800] "POST /xingrg/dwr/call/plaincall/AjaxCheckService.setItemNumber.dwr HTTP/1.1" 200 77
180.169.147.146 - - [01/Jun/2023:09:48:24 +0800] "POST /xingrg/dwr/call/plaincall/AjaxCheckService.setItemNumber.dwr HTTP/1.1" 200 77
180.164.3.199 - - [01/Jun/2023:09:48:24 +0800] "POST /xingrg/dwr/call/plaincall/AjaxCheckService.setItemNumber.dwr HTTP/1.1" 200 77
222.67.234.146 - - [01/Jun/2023:09:48:24 +0800] "POST /xingrg/dwr/call/plaincall/AjaxCheckService.setItemNumber.dwr HTTP/1.1" 200 77
180.169.147.146 - - [01/Jun/2023:09:48:25 +0800] "POST /xingrg/dwr/call/plaincall/AjaxCheckService.setItemNumber.dwr HTTP/1.1" 200 77
180.164.3.199 - - [01/Jun/2023:09:48:25 +0800] "POST /xingrg/dwr/call/plaincall/AjaxCheckService.setItemNumber.dwr HTTP/1.1" 200 77
180.169.147.146 - - [01/Jun/2023:09:48:25 +0800] "POST /xingrg/dwr/call/plaincall/AjaxCheckService.setItemNumber.dwr HTTP/1.1" 200 77
222.67.234.146 - - [01/Jun/2023:09:48:26 +0800] "POST /xingrg/dwr/call/plaincall/AjaxCheckService.setItemNumber.dwr HTTP/1.1" 200 77
180.164.3.199 - - [01/Jun/2023:09:48:26 +0800] "POST /xingrg/dwr/call/plaincall/AjaxCheckService.setItemNumber.dwr HTTP/1.1" 200 77
222.67.234.146 - - [01/Jun/2023:09:48:26 +0800] "POST /xingrg/dwr/call/plaincall/AjaxCheckService.setItemNumber.dwr HTTP/1.1" 200 77
180.169.147.146 - - [01/Jun/2023:09:48:26 +0800] "POST /xingrg/dwr/call/plaincall/AjaxCheckService.setItemNumber.dwr HTTP/1.1" 200 77
180.164.3.199 - - [01/Jun/2023:09:48:28 +0800] "POST /xingrg/dwr/call/plaincall/AjaxCheckService.setItemNumber.dwr HTTP/1.1" 200 77
180.169.147.146 - - [01/Jun/2023:09:48:28 +0800] "POST /xingrg/dwr/call/plaincall/AjaxCheckService.setItemNumber.dwr HTTP/1.1" 200 77
101.83.145.52 - - [01/Jun/2023:09:48:28 +0800] "GET /xingrg/all/function/internal_message.html?_=1685584108289&CODE_STATE=getMsg HTTP/1.1" 200 27
180.169.147.146 - - [01/Jun/2023:09:48:29 +0800] "POST /xingrg/dwr/call/plaincall/AjaxCheckService.setItemNumber.dwr HTTP/1.1" 200 77
180.157.253.254 - - [01/Jun/2023:09:48:29 +0800] "GET /xingrg/kc/buy/cgsh_order_operate.html?command=get_materiel&rest_code=00148&code=00101007081&supplier_code=00100096&order_time=2023-06-01 HTTP/1.1" 200 433
180.169.147.146 - - [01/Jun/2023:09:48:30 +0800] "POST /xingrg/dwr/call/plaincall/AjaxCheckService.setItemNumber.dwr HTTP/1.1" 200 77
222.67.234.146 - - [01/Jun/2023:09:48:30 +0800] "POST /xingrg/dwr/call/plaincall/AjaxCheckService.setItemNumber.dwr HTTP/1.1" 200 77
180.169.147.146 - - [01/Jun/2023:09:48:32 +0800] "POST /xingrg/dwr/call/plaincall/AjaxCheckService.setItemNumber.dwr HTTP/1.1" 200 77
222.67.234.146 - - [01/Jun/2023:09:48:32 +0800] "POST /xingrg/dwr/call/plaincall/AjaxCheckService.setItemNumber.dwr HTTP/1.1" 200 77
180.169.147.146 - - [01/Jun/2023:09:48:33 +0800] "POST /xingrg/dwr/call/plaincall/AjaxCheckService.setItemNumber.dwr HTTP/1.1" 200 77
222.67.234.146 - - [01/Jun/2023:09:48:33 +0800] "POST /xingrg/dwr/call/plaincall/AjaxCheckService.setItemNumber.dwr HTTP/1.1" 200 77
116.237.77.239 - - [01/Jun/2023:09:48:33 +0800] "GET /xingrg/all/function/internal_message.html?_=1685584115391&CODE_STATE=getMsg HTTP/1.1" 200 27
116.237.77.239 - - [01/Jun/2023:09:48:33 +0800] "GET /xingrg/check_reg.html?_=1685584115393 HTTP/1.1" 200 22
222.67.234.146 - - [01/Jun/2023:09:48:34 +0800] "POST /xingrg/dwr/call/plaincall/AjaxCheckService.setItemNumber.dwr HTTP/1.1" 200 77
180.169.147.146 - - [01/Jun/2023:09:48:34 +0800] "POST /xingrg/dwr/call/plaincall/AjaxCheckService.setItemNumber.dwr HTTP/1.1" 200 77
222.67.234.146 - - [01/Jun/2023:09:48:35 +0800] "POST /xingrg/dwr/call/plaincall/AjaxCheckService.setItemNumber.dwr HTTP/1.1" 200 77
180.169.147.146 - - [01/Jun/2023:09:48:36 +0800] "POST /xingrg/dwr/call/plaincall/AjaxCheckService.setItemNumber.dwr HTTP/1.1" 200 77
222.67.234.146 - - [01/Jun/2023:09:48:36 +0800] "POST /xingrg/dwr/call/plaincall/AjaxCheckService.setItemNumber.dwr HTTP/1.1" 200 78
180.169.147.146 - - [01/Jun/2023:09:48:37 +0800] "POST /xingrg/dwr/call/plaincall/AjaxCheckService.setItemNumber.dwr HTTP/1.1" 200 77
180.164.3.199 - - [01/Jun/2023:09:48:37 +0800] "POST /xingrg/dwr/call/plaincall/AjaxCheckService.setItemNumber.dwr HTTP/1.1" 200 77
222.67.234.146 - - [01/Jun/2023:09:48:37 +0800] "POST /xingrg/dwr/call/plaincall/AjaxCheckService.setItemNumber.dwr HTTP/1.1" 200 78
180.169.147.146 - - [01/Jun/2023:09:48:38 +0800] "POST /xingrg/dwr/call/plaincall/AjaxCheckService.setItemNumber.dwr HTTP/1.1" 200 77
222.67.234.146 - - [01/Jun/2023:09:48:39 +0800] "POST /xingrg/dwr/call/plaincall/AjaxCheckService.setItemNumber.dwr HTTP/1.1" 200 78
180.169.147.146 - - [01/Jun/2023:09:48:39 +0800] "POST /xingrg/dwr/call/plaincall/AjaxCheckService.setItemNumber.dwr HTTP/1.1" 200 77
180.164.3.199 - - [01/Jun/2023:09:48:39 +0800] "POST /xingrg/dwr/call/plaincall/AjaxCheckService.setItemNumber.dwr HTTP/1.1" 200 77
222.67.234.146 - - [01/Jun/2023:09:48:40 +0800] "POST /xingrg/dwr/call/plaincall/AjaxCheckService.setItemNumber.dwr HTTP/1.1" 200 78
180.169.147.146 - - [01/Jun/2023:09:48:40 +0800] "POST /xingrg/dwr/call/plaincall/AjaxCheckService.setItemNumber.dwr HTTP/1.1" 200 77
180.164.3.199 - - [01/Jun/2023:09:48:40 +0800] "POST /xingrg/dwr/call/plaincall/AjaxCheckService.setItemNumber.dwr HTTP/1.1" 200 77
172.20.0.100 - - [01/Jun/2023:09:48:40 +0800] "GET /xingrg/all/function/internal_message.html?_=1685584119833&CODE_STATE=getMsg HTTP/1.1" 302 -
114.85.113.108 - - [01/Jun/2023:09:48:40 +0800] "GET /xingrg/all/function/internal_message.html?_=1685584092669&CODE_STATE=getMsg HTTP/1.1" 200 27
180.169.147.146 - - [01/Jun/2023:09:48:41 +0800] "POST /xingrg/dwr/call/plaincall/AjaxCheckService.setItemNumber.dwr HTTP/1.1" 200 77
101.229.22.40 - - [01/Jun/2023:09:48:42 +0800] "GET /xingrg/all/function/internal_message.html?_=1685584122374&CODE_STATE=getMsg HTTP/1.1" 200 27
222.67.234.146 - - [01/Jun/2023:09:48:42 +0800] "POST /xingrg/dwr/call/plaincall/AjaxCheckService.setItemNumber.dwr HTTP/1.1" 200 78
180.164.3.199 - - [01/Jun/2023:09:48:42 +0800] "POST /xingrg/dwr/call/plaincall/AjaxCheckService.setItemNumber.dwr HTTP/1.1" 200 77
180.169.147.146 - - [01/Jun/2023:09:48:43 +0800] "POST /xingrg/dwr/call/plaincall/AjaxCheckService.setItemNumber.dwr HTTP/1.1" 200 77
180.157.253.254 - - [01/Jun/2023:09:48:44 +0800] "GET /xingrg/kc/buy/cgsh_order_operate.html?command=get_materiel&rest_code=00148&code=00101007049&supplier_code=00100096&order_time=2023-06-01 HTTP/1.1" 200 409
180.169.147.146 - - [01/Jun/2023:09:48:44 +0800] "POST /xingrg/dwr/call/plaincall/AjaxCheckService.setItemNumber.dwr HTTP/1.1" 200 77
180.164.3.199 - - [01/Jun/2023:09:48:44 +0800] "GET /xingrg/all/function/internal_message.html?_=1685584124044&CODE_STATE=getMsg HTTP/1.1" 200 27
222.67.234.146 - - [01/Jun/2023:09:48:45 +0800] "GET /xingrg/all/function/internal_message.html?_=1685583631178&CODE_STATE=getMsg HTTP/1.1" 200 27
180.164.3.199 - - [01/Jun/2023:09:48:45 +0800] "POST /xingrg/dwr/call/plaincall/AjaxCheckService.setItemNumber.dwr HTTP/1.1" 200 77
180.169.147.146 - - [01/Jun/2023:09:48:45 +0800] "POST /xingrg/dwr/call/plaincall/AjaxCheckService.setItemNumber.dwr HTTP/1.1" 200 77
180.169.147.146 - - [01/Jun/2023:09:48:46 +0800] "POST /xingrg/dwr/call/plaincall/AjaxCheckService.setItemNumber.dwr HTTP/1.1" 200 77
180.164.3.199 - - [01/Jun/2023:09:48:46 +0800] "POST /xingrg/dwr/call/plaincall/AjaxCheckService.setItemNumber.dwr HTTP/1.1" 200 77
180.169.147.146 - - [01/Jun/2023:09:48:47 +0800] "POST /xingrg/dwr/call/plaincall/AjaxCheckService.setItemNumber.dwr HTTP/1.1" 200 77
218.81.217.42 - - [01/Jun/2023:09:48:47 +0800] "GET /xingrg/all/function/internal_message.html?_=1685584141186&CODE_STATE=getMsg HTTP/1.1" 200 27
180.164.3.199 - - [01/Jun/2023:09:48:47 +0800] "POST /xingrg/dwr/call/plaincall/AjaxCheckService.setItemNumber.dwr HTTP/1.1" 200 77
180.169.147.146 - - [01/Jun/2023:09:48:48 +0800] "POST /xingrg/dwr/call/plaincall/AjaxCheckService.setItemNumber.dwr HTTP/1.1" 200 77
222.67.234.146 - - [01/Jun/2023:09:48:48 +0800] "POST /xingrg/dwr/call/plaincall/AjaxCheckService.setItemNumber.dwr HTTP/1.1" 200 78
180.164.3.199 - - [01/Jun/2023:09:48:49 +0800] "POST /xingrg/dwr/call/plaincall/AjaxCheckService.setItemNumber.dwr HTTP/1.1" 200 77
180.169.147.146 - - [01/Jun/2023:09:48:49 +0800] "POST /xingrg/dwr/call/plaincall/AjaxCheckService.setItemNumber.dwr HTTP/1.1" 200 77
222.67.234.146 - - [01/Jun/2023:09:48:49 +0800] "POST /xingrg/dwr/call/plaincall/AjaxCheckService.setItemNumber.dwr HTTP/1.1" 200 78
218.81.217.42 - - [01/Jun/2023:09:48:50 +0800] "GET /xingrg/all/function/internal_message.html?_=1685584142028&CODE_STATE=getMsg HTTP/1.1" 200 27
180.169.147.146 - - [01/Jun/2023:09:48:50 +0800] "POST /xingrg/dwr/call/plaincall/AjaxCheckService.setItemNumber.dwr HTTP/1.1" 200 77
180.164.3.199 - - [01/Jun/2023:09:48:50 +0800] "POST /xingrg/dwr/call/plaincall/AjaxCheckService.setItemNumber.dwr HTTP/1.1" 200 77
180.164.3.199 - - [01/Jun/2023:09:48:51 +0800] "POST /xingrg/dwr/call/plaincall/AjaxCheckService.setItemNumber.dwr HTTP/1.1" 200 77
222.67.234.146 - - [01/Jun/2023:09:48:52 +0800] "POST /xingrg/dwr/call/plaincall/AjaxCheckService.setItemNumber.dwr HTTP/1.1" 200 78
222.67.234.146 - - [01/Jun/2023:09:48:53 +0800] "POST /xingrg/dwr/call/plaincall/AjaxCheckService.setItemNumber.dwr HTTP/1.1" 200 78
180.164.3.199 - - [01/Jun/2023:09:48:53 +0800] "POST /xingrg/dwr/call/plaincall/AjaxCheckService.setItemNumber.dwr HTTP/1.1" 200 77
180.169.147.146 - - [01/Jun/2023:09:48:53 +0800] "GET /xingrg/all/function/internal_message.html?_=1685584133308&CODE_STATE=getMsg HTTP/1.1" 200 27
180.169.147.146 - - [01/Jun/2023:09:48:53 +0800] "POST /xingrg/dwr/call/plaincall/AjaxCheckService.setItemNumber.dwr HTTP/1.1" 200 77
120.253.135.82 - - [01/Jun/2023:09:48:54 +0800] "GET /xingrg/all/function/internal_message.html?_=1685583969901&CODE_STATE=getMsg HTTP/1.1" 200 27
116.237.77.239 - - [01/Jun/2023:09:48:54 +0800] "GET /xingrg/all/function/internal_message.html?_=1685584136540&CODE_STATE=getMsg HTTP/1.1" 200 27
180.169.147.146 - - [01/Jun/2023:09:48:55 +0800] "POST /xingrg/dwr/call/plaincall/AjaxCheckService.setItemNumber.dwr HTTP/1.1" 200 77
180.164.3.199 - - [01/Jun/2023:09:48:55 +0800] "POST /xingrg/dwr/call/plaincall/AjaxCheckService.setItemNumber.dwr HTTP/1.1" 200 77
180.169.147.146 - - [01/Jun/2023:09:48:56 +0800] "POST /xingrg/dwr/call/plaincall/AjaxCheckService.setItemNumber.dwr HTTP/1.1" 200 77
172.20.0.100 - - [01/Jun/2023:09:48:56 +0800] "GET /xingrg/all/function/internal_message.html?_=1685584145725&CODE_STATE=getMsg HTTP/1.1" 200 27
180.164.3.199 - - [01/Jun/2023:09:48:56 +0800] "POST /xingrg/dwr/call/plaincall/AjaxCheckService.setItemNumber.dwr HTTP/1.1" 200 77
180.169.147.146 - - [01/Jun/2023:09:48:57 +0800] "POST /xingrg/dwr/call/plaincall/AjaxCheckService.setItemNumber.dwr HTTP/1.1" 200 77
