222.70.180.90 - - [31/May/2023:10:05:55 +0800] "GET /xingrg/kc/base/wldb_order_info.html?code=422023053102582 HTTP/1.1" 200 30400
222.70.180.90 - - [31/May/2023:10:05:55 +0800] "GET /xingrg/words/20230531091915_words.js HTTP/1.1" 304 -
222.70.180.90 - - [31/May/2023:10:05:55 +0800] "GET /xingrg/kc/report/report_main.html HTTP/1.1" 200 7340
222.70.180.90 - - [31/May/2023:10:05:55 +0800] "GET /xingrg/javascript/easyui/themes/default/validatebox.css HTTP/1.1" 404 1104
222.70.180.90 - - [31/May/2023:10:05:55 +0800] "GET /xingrg/all/common/auto_word.html?type=base&rest_code=00111 HTTP/1.1" 200 1753
116.232.195.127 - - [31/May/2023:10:05:55 +0800] "POST /xingrg/kc/base/wldb_list_operate.html HTTP/1.1" 200 1780
222.70.180.90 - - [31/May/2023:10:05:55 +0800] "GET /xingrg/all/common/auto_word.html?type=base&rest_code=00111 HTTP/1.1" 200 1753
180.169.147.146 - - [31/May/2023:10:05:57 +0800] "POST /xingrg/kc/base/wldb_order_operate.html HTTP/1.1" 200 37
222.70.180.90 - - [31/May/2023:10:05:57 +0800] "GET /xingrg/kc/base/kc_stocks.html HTTP/1.1" 200 16506
222.70.180.90 - - [31/May/2023:10:05:57 +0800] "POST /xingrg/kc/base/wldb_order_operate.html HTTP/1.1" 200 2706
222.70.180.90 - - [31/May/2023:10:05:57 +0800] "GET /xingrg/javascript/easyui/themes/default/tree.css HTTP/1.1" 404 1090
222.70.180.90 - - [31/May/2023:10:05:57 +0800] "GET /xingrg/all/common/auto_word.html?type=base&rest_code=00111 HTTP/1.1" 200 1753
222.70.180.90 - - [31/May/2023:10:05:57 +0800] "POST /xingrg/all/common/load_tree.html?tree=materiel_sort_tree_json HTTP/1.1" 200 9500
180.169.147.146 - - [31/May/2023:10:05:58 +0800] "POST /xingrg/kc/base/wldb_order_operate.html HTTP/1.1" 200 2183
116.232.195.127 - - [31/May/2023:10:05:58 +0800] "GET /xingrg/javascript/jquery_tools/images/prev.gif HTTP/1.1" 404 1086
116.232.195.127 - - [31/May/2023:10:05:59 +0800] "GET /xingrg/javascript/jquery_tools/images/next.gif HTTP/1.1" 404 1086
180.169.147.146 - - [31/May/2023:10:05:59 +0800] "GET /xingrg/kc/base/wldb_order_info.html?code=422023053102584 HTTP/1.1" 200 30395
180.169.147.146 - - [31/May/2023:10:06:00 +0800] "GET /xingrg/words/20230531091915_words.js HTTP/1.1" 304 -
180.169.147.146 - - [31/May/2023:10:06:00 +0800] "GET /xingrg/javascript/easyui/themes/default/validatebox.css HTTP/1.1" 404 1104
180.157.252.9 - - [31/May/2023:10:06:00 +0800] "GET /xingrg/all/function/internal_message.html?_=1685498760016&CODE_STATE=getMsg HTTP/1.1" 200 27
222.70.180.90 - - [31/May/2023:10:06:01 +0800] "POST /xingrg/kc/base/wldb_list_operate.html HTTP/1.1" 200 627
180.169.147.146 - - [31/May/2023:10:06:01 +0800] "POST /xingrg/kc/base/wldb_order_operate.html HTTP/1.1" 200 2183
114.85.113.108 - - [31/May/2023:10:06:02 +0800] "GET /xingrg/all/function/internal_message.html?_=1685498734470&CODE_STATE=getMsg HTTP/1.1" 200 27
222.70.180.90 - - [31/May/2023:10:06:02 +0800] "GET /xingrg/kc/base/wldb_order_info.html?code=422023053102580 HTTP/1.1" 200 30398
222.70.180.90 - - [31/May/2023:10:06:02 +0800] "GET /xingrg/javascript/easyui/themes/default/validatebox.css HTTP/1.1" 404 1104
222.70.180.90 - - [31/May/2023:10:06:03 +0800] "POST /xingrg/kc/base/wldb_order_operate.html HTTP/1.1" 200 5164
116.232.195.127 - - [31/May/2023:10:06:04 +0800] "GET /xingrg/all/function/internal_message.html?_=1685498794764&CODE_STATE=getMsg HTTP/1.1" 200 27
116.238.139.35 - - [31/May/2023:10:06:04 +0800] "POST /xingrg/kc/buy/cgsh_order_operate.html HTTP/1.1" 200 37
222.70.180.90 - - [31/May/2023:10:06:06 +0800] "GET /xingrg/kc/print/load_config.html?kc_code=wldb HTTP/1.1" 200 2246
222.70.180.90 - - [31/May/2023:10:06:06 +0800] "POST /xingrg/kc/base/stock_operate.html HTTP/1.1" 200 4120
222.70.180.90 - - [31/May/2023:10:06:06 +0800] "GET /xingrg/kc/print/load_data.html?order_code=422023053102580&kc_code=wldb&condition= HTTP/1.1" 200 1470
116.238.139.35 - - [31/May/2023:10:06:07 +0800] "GET /xingrg/all/function/internal_message.html?_=1685498767659&CODE_STATE=getMsg HTTP/1.1" 200 27
116.232.195.127 - - [31/May/2023:10:06:09 +0800] "POST /xingrg/kc/base/wldb_list_operate.html HTTP/1.1" 200 2604
180.169.147.146 - - [31/May/2023:10:06:10 +0800] "GET /xingrg/all/function/internal_message.html?_=1685498763461&CODE_STATE=getMsg HTTP/1.1" 200 27
116.232.195.127 - - [31/May/2023:10:06:11 +0800] "POST /xingrg/kc/base/wldb_list_operate.html HTTP/1.1" 200 298
222.70.180.90 - - [31/May/2023:10:06:13 +0800] "GET /xingrg/kc/base/stock_detail.html?m=00101027007 HTTP/1.1" 200 7326
116.238.139.35 - - [31/May/2023:10:06:14 +0800] "POST /xingrg/kc/buy/cgsh_order_operate.html HTTP/1.1" 200 12
116.232.195.127 - - [31/May/2023:10:06:14 +0800] "GET /xingrg/kc/base/wldb_order_info.html?code=422023053102570 HTTP/1.1" 200 26518
116.232.195.127 - - [31/May/2023:10:06:14 +0800] "GET /xingrg/words/20230531091915_words.js HTTP/1.1" 200 966334
116.232.195.127 - - [31/May/2023:10:06:14 +0800] "GET /xingrg/javascript/easyui/themes/default/validatebox.css HTTP/1.1" 404 1104
116.232.195.127 - - [31/May/2023:10:06:14 +0800] "POST /xingrg/kc/base/wldb_order_operate.html HTTP/1.1" 200 1006
222.70.180.90 - - [31/May/2023:10:06:14 +0800] "POST /xingrg/kc/base/wldb_list_operate.html HTTP/1.1" 200 3538
222.70.180.90 - - [31/May/2023:10:06:15 +0800] "GET /xingrg/kc/base/stock_operate.html?_=1685498772346&command=get_report_file&start_day=20230501 HTTP/1.1" 200 53
222.70.180.90 - - [31/May/2023:10:06:15 +0800] "GET /xingrg/all/report/report_query.html?isQuery=1&onlyBody=1&rh=2000&fileName=kc/base/kc_stock_detail_new.xml&queryString=(1=1)&queryText=&tableQueryString=init_table$sp1$$sp$crk_table$sp1$order_day%20between%2020230501%20and%2020230531&varString=start_day:20230501,materiel_code:00101027007,cost_id:4356,end_date:20230430 HTTP/1.1" 200 48701
222.70.180.90 - - [31/May/2023:10:06:15 +0800] "GET /xingrg/dwr/interface/AjaxReportQueryService.js HTTP/1.1" 200 13203
222.70.180.90 - - [31/May/2023:10:06:15 +0800] "GET /xingrg/dwr/util.js HTTP/1.1" 304 -
222.70.180.90 - - [31/May/2023:10:06:15 +0800] "GET /xingrg/dwr/engine.js HTTP/1.1" 200 43631
124.78.155.81 - - [31/May/2023:10:06:16 +0800] "GET /xingrg/all/function/internal_message.html?_=1685498780013&CODE_STATE=getMsg HTTP/1.1" 200 27
222.70.180.90 - - [31/May/2023:10:06:17 +0800] "POST /xingrg/kc/base/wldb_list_operate.html HTTP/1.1" 200 377
222.70.180.90 - - [31/May/2023:10:06:17 +0800] "POST /xingrg/all/report/load_report_page.html HTTP/1.1" 200 20240
222.70.180.90 - - [31/May/2023:10:06:17 +0800] "GET /xingrg/servlets/image?cache=0.4060542517412763&image=px HTTP/1.1" 200 807
116.238.139.35 - - [31/May/2023:10:06:18 +0800] "GET /xingrg/kc/buy/cgsh_order_info.html?code=212023053111683 HTTP/1.1" 200 66463
116.238.139.35 - - [31/May/2023:10:06:18 +0800] "GET /xingrg/javascript/easyui/themes/default/validatebox.css HTTP/1.1" 404 1104
222.70.180.90 - - [31/May/2023:10:06:18 +0800] "GET /xingrg/kc/base/wldb_order_info.html?code=422023053102568 HTTP/1.1" 200 30402
222.70.180.90 - - [31/May/2023:10:06:19 +0800] "GET /xingrg/javascript/easyui/themes/default/validatebox.css HTTP/1.1" 404 1104
180.169.147.146 - - [31/May/2023:10:06:19 +0800] "POST /xingrg/kc/base/wldb_list_operate.html HTTP/1.1" 200 2175
116.238.139.35 - - [31/May/2023:10:06:20 +0800] "POST /xingrg/kc/buy/cgsh_order_operate.html HTTP/1.1" 200 29026
180.169.147.146 - - [31/May/2023:10:06:20 +0800] "POST /xingrg/kc/base/wldb_list_operate.html HTTP/1.1" 200 560
180.169.147.146 - - [31/May/2023:10:06:21 +0800] "GET /xingrg/kc/base/wldb_order_info.html?code=422023053102583 HTTP/1.1" 200 30397
101.229.22.40 - - [31/May/2023:10:06:21 +0800] "GET /xingrg/all/function/internal_message.html?_=1685498779936&CODE_STATE=getMsg HTTP/1.1" 200 27
180.169.147.146 - - [31/May/2023:10:06:21 +0800] "GET /xingrg/javascript/easyui/themes/default/validatebox.css HTTP/1.1" 404 1104
180.164.3.199 - - [31/May/2023:10:06:25 +0800] "GET /xingrg/all/function/internal_message.html?_=1685498784174&CODE_STATE=getMsg HTTP/1.1" 200 27
222.70.180.90 - - [31/May/2023:10:06:26 +0800] "GET /xingrg/kc/base/stock_operate.html?_=1685498782731&command=get_report_file&start_day=20230301 HTTP/1.1" 200 53
222.70.180.90 - - [31/May/2023:10:06:26 +0800] "GET /xingrg/all/report/report_query.html?isQuery=1&onlyBody=1&rh=2000&fileName=kc/base/kc_stock_detail_new.xml&queryString=(1=1)&queryText=&tableQueryString=init_table$sp1$$sp$crk_table$sp1$order_day%20between%2020230301%20and%2020230531&varString=start_day:20230301,materiel_code:00101027007,cost_id:4353,end_date:20230228 HTTP/1.1" 200 48701
222.70.180.90 - - [31/May/2023:10:06:26 +0800] "GET /xingrg/dwr/interface/AjaxReportQueryService.js HTTP/1.1" 200 13203
222.70.180.90 - - [31/May/2023:10:06:26 +0800] "GET /xingrg/dwr/engine.js HTTP/1.1" 200 43631
101.83.145.52 - - [31/May/2023:10:06:26 +0800] "GET /xingrg/all/function/internal_message.html?_=1685498788198&CODE_STATE=getMsg HTTP/1.1" 200 27
116.238.139.35 - - [31/May/2023:10:06:28 +0800] "POST /xingrg/kc/buy/cgsh_list_operate.html HTTP/1.1" 200 1894
116.232.195.127 - - [31/May/2023:10:06:28 +0800] "POST /xingrg/kc/base/wldb_order_operate.html HTTP/1.1" 200 12
180.169.147.146 - - [31/May/2023:10:06:28 +0800] "POST /xingrg/kc/base/wldb_order_operate.html HTTP/1.1" 200 4522
222.70.180.90 - - [31/May/2023:10:06:28 +0800] "POST /xingrg/kc/base/wldb_order_operate.html HTTP/1.1" 200 3183
222.70.180.90 - - [31/May/2023:10:06:28 +0800] "POST /xingrg/all/report/load_report_page.html HTTP/1.1" 200 25139
222.70.180.90 - - [31/May/2023:10:06:28 +0800] "GET /xingrg/servlets/image?cache=0.6282315720607442&image=px HTTP/1.1" 200 807
116.238.139.35 - - [31/May/2023:10:06:29 +0800] "POST /xingrg/kc/buy/cgsh_list_operate.html HTTP/1.1" 200 1894
116.232.195.127 - - [31/May/2023:10:06:30 +0800] "GET /xingrg/kc/base/wldb_order_info.html?code=422023053102570 HTTP/1.1" 200 30397
116.232.195.127 - - [31/May/2023:10:06:30 +0800] "GET /xingrg/javascript/easyui/themes/icons/template_new.png HTTP/1.1" 304 -
116.232.195.127 - - [31/May/2023:10:06:30 +0800] "GET /xingrg/javascript/easyui/themes/default/validatebox.css HTTP/1.1" 404 1104
116.232.195.127 - - [31/May/2023:10:06:30 +0800] "GET /xingrg/all/common/auto_word.html?type=base&rest_code=00155 HTTP/1.1" 200 1857
116.232.195.127 - - [31/May/2023:10:06:30 +0800] "GET /xingrg/all/common/auto_word.html?type=base&rest_code=00155 HTTP/1.1" 200 1857
114.83.219.126 - - [31/May/2023:10:06:30 +0800] "GET /xingrg/all/function/internal_message.html?_=1685498891787&CODE_STATE=getMsg HTTP/1.1" 200 27
116.232.195.127 - - [31/May/2023:10:06:31 +0800] "POST /xingrg/kc/base/wldb_order_operate.html HTTP/1.1" 200 2727
116.238.139.35 - - [31/May/2023:10:06:31 +0800] "POST /xingrg/kc/buy/cgsh_list_operate.html HTTP/1.1" 200 1894
180.152.240.79 - - [31/May/2023:10:06:31 +0800] "GET /xingrg/all/function/internal_message.html?_=1685498795071&CODE_STATE=getMsg HTTP/1.1" 200 27
222.70.180.90 - - [31/May/2023:10:06:33 +0800] "GET /xingrg/kc/print/load_data.html?order_code=422023053102568&kc_code=wldb&condition= HTTP/1.1" 200 854
116.232.195.127 - - [31/May/2023:10:06:34 +0800] "GET /xingrg/all/function/internal_message.html?_=1685498794607&CODE_STATE=getMsg HTTP/1.1" 200 27
222.70.180.90 - - [31/May/2023:10:06:35 +0800] "GET /xingrg/all/function/internal_message.html?_=1685498792716&CODE_STATE=getMsg HTTP/1.1" 200 27
116.232.195.127 - - [31/May/2023:10:06:39 +0800] "POST /xingrg/kc/base/wldb_order_operate.html HTTP/1.1" 200 37
101.83.145.52 - - [31/May/2023:10:06:39 +0800] "GET /xingrg/all/function/internal_message.html?_=1685498630547&CODE_STATE=getMsg HTTP/1.1" 200 27
101.83.145.52 - - [31/May/2023:10:06:39 +0800] "GET /xingrg/check_reg.html?_=1685498630550 HTTP/1.1" 200 22
222.70.180.90 - - [31/May/2023:10:06:39 +0800] "GET /xingrg/all/function/internal_message.html?_=1685498798145&CODE_STATE=getMsg HTTP/1.1" 200 27
116.232.195.127 - - [31/May/2023:10:06:40 +0800] "POST /xingrg/kc/base/wldb_order_operate.html HTTP/1.1" 200 2727
116.232.195.127 - - [31/May/2023:10:06:40 +0800] "GET /xingrg/kc/base/wldb_order_info.html?code=422023053102570 HTTP/1.1" 200 30397
116.232.195.127 - - [31/May/2023:10:06:40 +0800] "GET /xingrg/javascript/easyui/themes/default/validatebox.css HTTP/1.1" 404 1104
218.81.217.41 - - [31/May/2023:10:06:41 +0800] "GET /xingrg/check_reg.html?_=1685498810751 HTTP/1.1" 200 22
222.70.180.90 - - [31/May/2023:10:06:41 +0800] "GET /xingrg/kc/base/wldb_order_add.html HTTP/1.1" 200 30381
116.232.195.127 - - [31/May/2023:10:06:41 +0800] "POST /xingrg/kc/base/wldb_order_operate.html HTTP/1.1" 200 2727
222.70.180.90 - - [31/May/2023:10:06:41 +0800] "POST /xingrg/kc/base/wldb_order_operate.html HTTP/1.1" 200 6806
222.70.180.90 - - [31/May/2023:10:06:41 +0800] "GET /xingrg/javascript/easyui/themes/default/validatebox.css HTTP/1.1" 404 1104
58.40.7.146 - - [31/May/2023:10:06:42 +0800] "GET /xingrg/all/function/internal_message.html?_=1685498802097&CODE_STATE=getMsg HTTP/1.1" 200 27
58.40.7.146 - - [31/May/2023:10:06:42 +0800] "GET /xingrg/check_reg.html?_=1685498802677 HTTP/1.1" 200 22
222.70.180.90 - - [31/May/2023:10:06:42 +0800] "GET /xingrg/javascript/auto/indicator.gif HTTP/1.1" 404 1066
180.169.147.146 - - [31/May/2023:10:06:43 +0800] "GET /xingrg/all/function/internal_message.html?_=1685498802554&CODE_STATE=getMsg HTTP/1.1" 302 -
218.81.217.41 - - [31/May/2023:10:06:44 +0800] "GET /xingrg/all/function/internal_message.html?_=1685498813991&CODE_STATE=getMsg HTTP/1.1" 200 27
222.70.180.90 - - [31/May/2023:10:06:45 +0800] "GET /xingrg/javascript/jquery_tools/images/prev.gif HTTP/1.1" 404 1086
222.70.180.90 - - [31/May/2023:10:06:45 +0800] "GET /xingrg/javascript/jquery_tools/images/next.gif HTTP/1.1" 404 1086
116.232.195.127 - - [31/May/2023:10:06:46 +0800] "POST /xingrg/kc/base/wldb_order_operate.html HTTP/1.1" 200 37
114.83.221.184 - - [31/May/2023:10:06:48 +0800] "GET /xingrg/check_reg.html?_=1685498806748 HTTP/1.1" 200 22
114.83.221.184 - - [31/May/2023:10:06:48 +0800] "GET /xingrg/all/function/internal_message.html?_=1685498806750&CODE_STATE=getMsg HTTP/1.1" 200 27
222.67.234.146 - - [31/May/2023:10:06:50 +0800] "GET /xingrg/kc/buy/cgsh_order_operate.html?command=get_materiel&rest_code=00141&code=00101008126&supplier_code=00100007&order_time=2023-05-31 HTTP/1.1" 200 412
222.67.234.146 - - [31/May/2023:10:06:50 +0800] "GET /xingrg/all/function/internal_message.html?_=1685498317496&CODE_STATE=getMsg HTTP/1.1" 200 27
222.70.180.90 - - [31/May/2023:10:06:51 +0800] "GET /xingrg/javascript/jquery_easy_ui/themes/default/images/button_plain_hover.png HTTP/1.1" 200 252
124.79.246.33 - - [31/May/2023:10:06:51 +0800] "GET /xingrg/all/function/internal_message.html?_=1685499091255&CODE_STATE=getMsg HTTP/1.1" 200 27
116.232.195.127 - - [31/May/2023:10:06:52 +0800] "POST /xingrg/kc/base/wldb_order_operate.html HTTP/1.1" 200 12
116.232.195.127 - - [31/May/2023:10:06:52 +0800] "POST /xingrg/kc/base/wldb_order_operate.html HTTP/1.1" 200 2727
180.169.147.146 - - [31/May/2023:10:06:53 +0800] "GET /xingrg/all/function/internal_message.html?_=1685498812973&CODE_STATE=getMsg HTTP/1.1" 302 -
222.70.180.90 - - [31/May/2023:10:06:53 +0800] "GET /xingrg/kc/base/wldb_order_operate.html?command=get_materiel&rest_code=00111&base_code=0010309&code=00101029022 HTTP/1.1" 200 474
222.67.234.146 - - [31/May/2023:10:07:00 +0800] "GET /xingrg/kc/buy/cgsh_order_operate.html?command=get_materiel&rest_code=00141&code=00101008361&supplier_code=00100007&order_time=2023-05-31 HTTP/1.1" 200 408
222.70.180.90 - - [31/May/2023:10:07:00 +0800] "POST /xingrg/kc/base/wldb_order_operate.html HTTP/1.1" 200 37
180.157.252.9 - - [31/May/2023:10:07:00 +0800] "GET /xingrg/all/function/internal_message.html?_=1685498820018&CODE_STATE=getMsg HTTP/1.1" 200 27
180.157.252.9 - - [31/May/2023:10:07:00 +0800] "GET /xingrg/check_reg.html?_=1685498820020 HTTP/1.1" 200 22
222.70.180.90 - - [31/May/2023:10:07:01 +0800] "POST /xingrg/kc/base/wldb_order_operate.html HTTP/1.1" 200 2217
222.70.180.90 - - [31/May/2023:10:07:01 +0800] "POST /xingrg/kc/base/stock_operate.html HTTP/1.1" 200 6637
222.70.180.90 - - [31/May/2023:10:07:01 +0800] "GET /xingrg/kc/base/wldb_order_info.html?code=422023053102585 HTTP/1.1" 200 30391
222.70.180.90 - - [31/May/2023:10:07:02 +0800] "GET /xingrg/javascript/easyui/themes/default/validatebox.css HTTP/1.1" 404 1104
114.85.113.108 - - [31/May/2023:10:07:02 +0800] "GET /xingrg/all/function/internal_message.html?_=1685498794456&CODE_STATE=getMsg HTTP/1.1" 200 27
116.232.195.127 - - [31/May/2023:10:07:02 +0800] "GET /xingrg/kc/base/wldb_order_info.html?code=422023053102570 HTTP/1.1" 200 26518
116.232.195.127 - - [31/May/2023:10:07:03 +0800] "GET /xingrg/javascript/easyui/themes/default/validatebox.css HTTP/1.1" 404 1104
222.70.180.90 - - [31/May/2023:10:07:03 +0800] "POST /xingrg/kc/base/wldb_order_operate.html HTTP/1.1" 200 2217
116.232.195.127 - - [31/May/2023:10:07:03 +0800] "POST /xingrg/kc/base/wldb_order_operate.html HTTP/1.1" 200 1006
222.67.234.146 - - [31/May/2023:10:07:03 +0800] "POST /xingrg/kc/buy/cgsh_order_operate.html HTTP/1.1" 200 2065
116.232.195.127 - - [31/May/2023:10:07:04 +0800] "GET /xingrg/all/function/internal_message.html?_=1685498854775&CODE_STATE=getMsg HTTP/1.1" 200 27
222.70.180.90 - - [31/May/2023:10:07:05 +0800] "GET /xingrg/kc/print/load_data.html?order_code=422023053102585&kc_code=wldb&condition= HTTP/1.1" 200 551
116.232.195.127 - - [31/May/2023:10:07:06 +0800] "POST /xingrg/kc/base/wldb_list_operate.html HTTP/1.1" 200 216
116.232.195.127 - - [31/May/2023:10:07:07 +0800] "GET /xingrg/kc/base/wldb_order_info.html?code=422023053102569 HTTP/1.1" 200 26515
116.232.195.127 - - [31/May/2023:10:07:07 +0800] "GET /xingrg/javascript/easyui/themes/default/validatebox.css HTTP/1.1" 404 1104
116.238.139.35 - - [31/May/2023:10:07:07 +0800] "GET /xingrg/all/function/internal_message.html?_=1685498827667&CODE_STATE=getMsg HTTP/1.1" 200 27
116.232.195.127 - - [31/May/2023:10:07:08 +0800] "POST /xingrg/kc/base/wldb_order_operate.html HTTP/1.1" 200 501
222.70.180.90 - - [31/May/2023:10:07:09 +0800] "GET /xingrg/kc/base/stock_detail.html?m=00101027074 HTTP/1.1" 200 7322
180.169.147.146 - - [31/May/2023:10:07:10 +0800] "GET /xingrg/all/function/internal_message.html?_=1685498823441&CODE_STATE=getMsg HTTP/1.1" 200 27
222.70.180.90 - - [31/May/2023:10:07:11 +0800] "GET /xingrg/kc/base/stock_operate.html?_=1685498827868&command=get_report_file&start_day=20230501 HTTP/1.1" 200 53
222.70.180.90 - - [31/May/2023:10:07:11 +0800] "GET /xingrg/all/report/report_query.html?isQuery=1&onlyBody=1&rh=2000&fileName=kc/base/kc_stock_detail_new.xml&queryString=(1=1)&queryText=&tableQueryString=init_table$sp1$$sp$crk_table$sp1$order_day%20between%2020230501%20and%2020230531&varString=start_day:20230501,materiel_code:00101027074,cost_id:4356,end_date:20230430 HTTP/1.1" 200 48701
222.70.180.90 - - [31/May/2023:10:07:11 +0800] "GET /xingrg/dwr/interface/AjaxReportQueryService.js HTTP/1.1" 200 13203
222.70.180.90 - - [31/May/2023:10:07:11 +0800] "GET /xingrg/dwr/engine.js HTTP/1.1" 200 43631
124.78.155.81 - - [31/May/2023:10:07:16 +0800] "GET /xingrg/all/function/internal_message.html?_=1685498840007&CODE_STATE=getMsg HTTP/1.1" 200 27
180.157.252.9 - - [31/May/2023:10:07:17 +0800] "GET /xingrg/kc/buy/cgsh_order_add.html HTTP/1.1" 200 71504
180.157.252.9 - - [31/May/2023:10:07:18 +0800] "POST /xingrg/kc/buy/cgsh_order_operate.html HTTP/1.1" 200 8245
180.157.252.9 - - [31/May/2023:10:07:18 +0800] "GET /xingrg/javascript/easyui/themes/default/validatebox.css HTTP/1.1" 404 1104
180.157.252.9 - - [31/May/2023:10:07:18 +0800] "GET /xingrg/all/common/auto_word.html?type=employee&rest_code=00148 HTTP/1.1" 200 243
180.157.252.9 - - [31/May/2023:10:07:18 +0800] "GET /xingrg/all/common/auto_word.html?type=employee&rest_code=00148 HTTP/1.1" 200 243
116.232.195.127 - - [31/May/2023:10:07:18 +0800] "POST /xingrg/kc/base/wldb_order_operate.html HTTP/1.1" 200 12
222.70.180.90 - - [31/May/2023:10:07:18 +0800] "POST /xingrg/all/report/load_report_page.html HTTP/1.1" 200 25105
222.70.180.90 - - [31/May/2023:10:07:18 +0800] "GET /xingrg/servlets/image?cache=0.990829171666432&image=px HTTP/1.1" 200 807
101.83.145.52 - - [31/May/2023:10:07:18 +0800] "GET /xingrg/kc/base/wldb_order_list.html HTTP/1.1" 200 19098
101.83.145.52 - - [31/May/2023:10:07:19 +0800] "POST /xingrg/kc/base/wldb_list_operate.html HTTP/1.1" 200 928
116.232.195.127 - - [31/May/2023:10:07:20 +0800] "GET /xingrg/kc/base/wldb_order_info.html?code=422023053102569 HTTP/1.1" 200 30394
101.229.22.40 - - [31/May/2023:10:07:20 +0800] "GET /xingrg/check_reg.html?_=1685498838632 HTTP/1.1" 200 22
116.232.195.127 - - [31/May/2023:10:07:20 +0800] "GET /xingrg/javascript/easyui/themes/default/validatebox.css HTTP/1.1" 404 1104
116.232.195.127 - - [31/May/2023:10:07:21 +0800] "POST /xingrg/kc/base/wldb_order_operate.html HTTP/1.1" 200 2208
101.229.22.40 - - [31/May/2023:10:07:21 +0800] "GET /xingrg/all/function/internal_message.html?_=1685498839914&CODE_STATE=getMsg HTTP/1.1" 200 27
180.157.252.9 - - [31/May/2023:10:07:21 +0800] "GET /xingrg/javascript/auto/indicator.gif HTTP/1.1" 404 1066
101.83.145.52 - - [31/May/2023:10:07:21 +0800] "GET /xingrg/kc/base/wldb_order_add.html HTTP/1.1" 200 30381
101.83.145.52 - - [31/May/2023:10:07:22 +0800] "GET /xingrg/all/common/auto_word.html?type=base&rest_code=00105 HTTP/1.1" 200 1907
101.83.145.52 - - [31/May/2023:10:07:22 +0800] "GET /xingrg/javascript/easyui/themes/default/validatebox.css HTTP/1.1" 404 1104
101.83.145.52 - - [31/May/2023:10:07:22 +0800] "GET /xingrg/all/common/auto_word.html?type=base&rest_code=00105 HTTP/1.1" 200 1907
101.83.145.52 - - [31/May/2023:10:07:22 +0800] "POST /xingrg/kc/base/wldb_order_operate.html HTTP/1.1" 200 6806
101.83.145.52 - - [31/May/2023:10:07:23 +0800] "POST /xingrg/all/common/load_combo.html?type=base HTTP/1.1" 200 3409
180.157.252.9 - - [31/May/2023:10:07:24 +0800] "GET /xingrg/javascript/jquery_tools/images/prev.gif HTTP/1.1" 404 1086
180.157.252.9 - - [31/May/2023:10:07:24 +0800] "GET /xingrg/javascript/jquery_tools/images/next.gif HTTP/1.1" 404 1086
222.67.234.146 - - [31/May/2023:10:07:25 +0800] "GET /xingrg/kc/buy/cgsh_order_operate.html?command=get_materiel&rest_code=00141&code=00101008059&supplier_code=00100007&order_time=2023-05-31 HTTP/1.1" 200 408
180.164.3.199 - - [31/May/2023:10:07:25 +0800] "GET /xingrg/all/function/internal_message.html?_=1685498844173&CODE_STATE=getMsg HTTP/1.1" 200 27
101.83.145.52 - - [31/May/2023:10:07:26 +0800] "GET /xingrg/all/function/internal_message.html?_=1685498848181&CODE_STATE=getMsg HTTP/1.1" 200 27
116.232.195.127 - - [31/May/2023:10:07:28 +0800] "POST /xingrg/kc/base/wldb_order_operate.html HTTP/1.1" 200 37
116.232.195.127 - - [31/May/2023:10:07:29 +0800] "POST /xingrg/kc/base/wldb_order_operate.html HTTP/1.1" 200 2208
116.232.195.127 - - [31/May/2023:10:07:29 +0800] "GET /xingrg/kc/base/wldb_order_info.html?code=422023053102569 HTTP/1.1" 200 30394
116.232.195.127 - - [31/May/2023:10:07:30 +0800] "GET /xingrg/javascript/easyui/themes/default/validatebox.css HTTP/1.1" 404 1104
114.83.219.126 - - [31/May/2023:10:07:30 +0800] "GET /xingrg/all/function/internal_message.html?_=1685498951761&CODE_STATE=getMsg HTTP/1.1" 200 27
116.232.195.127 - - [31/May/2023:10:07:31 +0800] "POST /xingrg/kc/base/wldb_order_operate.html HTTP/1.1" 200 2208
180.152.240.79 - - [31/May/2023:10:07:31 +0800] "GET /xingrg/all/function/internal_message.html?_=1685498855071&CODE_STATE=getMsg HTTP/1.1" 200 27
222.70.180.90 - - [31/May/2023:10:07:32 +0800] "POST /xingrg/kc/base/wldb_list_operate.html HTTP/1.1" 200 5508
180.157.252.9 - - [31/May/2023:10:07:34 +0800] "GET /xingrg/kc/buy/cgsh_order_operate.html?command=get_materiel&rest_code=00148&code=00101008261&supplier_code=00100008&order_time=2023-05-31 HTTP/1.1" 200 428
222.70.180.90 - - [31/May/2023:10:07:35 +0800] "GET /xingrg/all/function/internal_message.html?_=1685498852718&CODE_STATE=getMsg HTTP/1.1" 200 27
116.232.195.127 - - [31/May/2023:10:07:37 +0800] "POST /xingrg/kc/base/wldb_order_operate.html HTTP/1.1" 200 37
222.67.234.146 - - [31/May/2023:10:07:38 +0800] "GET /xingrg/kc/buy/cgsh_order_operate.html?command=get_materiel&rest_code=00141&code=00101008357&supplier_code=00100007&order_time=2023-05-31 HTTP/1.1" 200 427
101.83.145.52 - - [31/May/2023:10:07:39 +0800] "GET /xingrg/all/function/internal_message.html?_=1685498690536&CODE_STATE=getMsg HTTP/1.1" 200 27
222.70.180.90 - - [31/May/2023:10:07:39 +0800] "GET /xingrg/all/function/internal_message.html?_=1685498858149&CODE_STATE=getMsg HTTP/1.1" 200 27
58.40.7.146 - - [31/May/2023:10:07:42 +0800] "GET /xingrg/all/function/internal_message.html?_=1685498862099&CODE_STATE=getMsg HTTP/1.1" 200 27
116.232.195.127 - - [31/May/2023:10:07:42 +0800] "POST /xingrg/kc/base/wldb_order_operate.html HTTP/1.1" 200 12
116.232.195.127 - - [31/May/2023:10:07:42 +0800] "POST /xingrg/kc/base/wldb_order_operate.html HTTP/1.1" 200 2208
180.169.147.146 - - [31/May/2023:10:07:43 +0800] "GET /xingrg/all/function/internal_message.html?_=1685498862534&CODE_STATE=getMsg HTTP/1.1" 302 -
218.81.217.41 - - [31/May/2023:10:07:44 +0800] "GET /xingrg/all/function/internal_message.html?_=1685498874004&CODE_STATE=getMsg HTTP/1.1" 200 27
222.70.180.90 - - [31/May/2023:10:07:44 +0800] "POST /xingrg/kc/base/wldb_list_operate.html HTTP/1.1" 200 3931
101.83.145.52 - - [31/May/2023:10:07:44 +0800] "GET /xingrg/kc/base/wldb_order_operate.html?command=get_materiel&rest_code=00105&base_code=0010512&code=00101004020 HTTP/1.1" 200 431
222.70.180.90 - - [31/May/2023:10:07:47 +0800] "POST /xingrg/kc/base/wldb_list_operate.html HTTP/1.1" 200 271
222.70.180.90 - - [31/May/2023:10:07:48 +0800] "GET /xingrg/kc/base/wldb_order_info.html?code=422023053102566 HTTP/1.1" 200 30394
114.83.221.184 - - [31/May/2023:10:07:48 +0800] "GET /xingrg/all/function/internal_message.html?_=1685498866749&CODE_STATE=getMsg HTTP/1.1" 200 27
222.70.180.90 - - [31/May/2023:10:07:49 +0800] "GET /xingrg/javascript/easyui/themes/default/validatebox.css HTTP/1.1" 404 1104
180.169.147.146 - - [31/May/2023:10:07:49 +0800] "GET /xingrg/check_reg.html?_=1685498862644 HTTP/1.1" 200 22
222.70.180.90 - - [31/May/2023:10:07:49 +0800] "POST /xingrg/kc/base/wldb_order_operate.html HTTP/1.1" 200 2651
222.67.234.146 - - [31/May/2023:10:07:50 +0800] "GET /xingrg/all/function/internal_message.html?_=1685498377396&CODE_STATE=getMsg HTTP/1.1" 200 27
124.79.246.33 - - [31/May/2023:10:07:51 +0800] "GET /xingrg/all/function/internal_message.html?_=1685499151253&CODE_STATE=getMsg HTTP/1.1" 200 27
222.70.180.90 - - [31/May/2023:10:07:51 +0800] "GET /xingrg/kc/print/load_data.html?order_code=422023053102566&kc_code=wldb&condition= HTTP/1.1" 200 652
180.169.147.146 - - [31/May/2023:10:07:53 +0800] "GET /xingrg/all/function/internal_message.html?_=1685498872974&CODE_STATE=getMsg HTTP/1.1" 302 -
180.157.252.9 - - [31/May/2023:10:07:55 +0800] "GET /xingrg/kc/buy/cgsh_order_operate.html?command=get_materiel&rest_code=00148&code=00101008155&supplier_code=00100008&order_time=2023-05-31 HTTP/1.1" 200 408
180.157.252.9 - - [31/May/2023:10:08:00 +0800] "GET /xingrg/all/function/internal_message.html?_=1685498880033&CODE_STATE=getMsg HTTP/1.1" 200 27
222.67.234.146 - - [31/May/2023:10:08:01 +0800] "GET /xingrg/kc/buy/cgsh_order_operate.html?command=get_materiel&rest_code=00141&code=00101008372&supplier_code=00100007&order_time=2023-05-31 HTTP/1.1" 200 408
114.85.113.108 - - [31/May/2023:10:08:02 +0800] "GET /xingrg/all/function/internal_message.html?_=1685498854457&CODE_STATE=getMsg HTTP/1.1" 200 27
180.169.147.146 - - [31/May/2023:10:08:02 +0800] "GET /xingrg/check_reg.html?_=1685498881449 HTTP/1.1" 302 -
114.85.113.108 - - [31/May/2023:10:08:02 +0800] "GET /xingrg/check_reg.html?_=1685498854617 HTTP/1.1" 200 22
116.232.195.127 - - [31/May/2023:10:08:04 +0800] "GET /xingrg/all/function/internal_message.html?_=1685498914771&CODE_STATE=getMsg HTTP/1.1" 200 27
116.232.195.127 - - [31/May/2023:10:08:05 +0800] "GET /xingrg/kc/base/wldb_order_info.html?code=422023053102569 HTTP/1.1" 200 26515
116.232.195.127 - - [31/May/2023:10:08:05 +0800] "GET /xingrg/javascript/easyui/themes/default/validatebox.css HTTP/1.1" 404 1104
116.232.195.127 - - [31/May/2023:10:08:06 +0800] "POST /xingrg/kc/base/wldb_order_operate.html HTTP/1.1" 200 501
116.238.139.35 - - [31/May/2023:10:08:07 +0800] "GET /xingrg/all/function/internal_message.html?_=1685498887653&CODE_STATE=getMsg HTTP/1.1" 200 27
180.157.252.9 - - [31/May/2023:10:08:09 +0800] "GET /xingrg/kc/buy/cgsh_order_operate.html?command=get_materiel&rest_code=00148&code=00101008080&supplier_code=00100008&order_time=2023-05-31 HTTP/1.1" 200 416
180.169.147.146 - - [31/May/2023:10:08:10 +0800] "GET /xingrg/all/function/internal_message.html?_=1685498883412&CODE_STATE=getMsg HTTP/1.1" 200 27
180.169.147.146 - - [31/May/2023:10:08:11 +0800] "POST /xingrg/kc/base/wldb_list_operate.html HTTP/1.1" 200 2175
101.83.145.52 - - [31/May/2023:10:08:15 +0800] "GET /xingrg/kc/base/wldb_order_operate.html?command=get_materiel&rest_code=00105&base_code=0010512&code=00101004030 HTTP/1.1" 200 430
124.78.155.81 - - [31/May/2023:10:08:16 +0800] "GET /xingrg/check_reg.html?_=1685498900025 HTTP/1.1" 200 22
124.78.155.81 - - [31/May/2023:10:08:16 +0800] "GET /xingrg/all/function/internal_message.html?_=1685498900027&CODE_STATE=getMsg HTTP/1.1" 200 27
101.229.22.40 - - [31/May/2023:10:08:21 +0800] "GET /xingrg/all/function/internal_message.html?_=1685498899898&CODE_STATE=getMsg HTTP/1.1" 200 27
180.164.3.199 - - [31/May/2023:10:08:25 +0800] "GET /xingrg/check_reg.html?_=1685498904192 HTTP/1.1" 200 22
180.164.3.199 - - [31/May/2023:10:08:25 +0800] "GET /xingrg/all/function/internal_message.html?_=1685498904194&CODE_STATE=getMsg HTTP/1.1" 200 27
101.83.145.52 - - [31/May/2023:10:08:26 +0800] "GET /xingrg/all/function/internal_message.html?_=1685498908168&CODE_STATE=getMsg HTTP/1.1" 200 27
101.83.145.52 - - [31/May/2023:10:08:26 +0800] "POST /xingrg/kc/base/wldb_order_operate.html HTTP/1.1" 200 37
101.83.145.52 - - [31/May/2023:10:08:27 +0800] "POST /xingrg/kc/base/wldb_order_operate.html HTTP/1.1" 200 2649
222.67.234.146 - - [31/May/2023:10:08:29 +0800] "POST /xingrg/kc/buy/cgsh_order_operate.html HTTP/1.1" 200 37
180.152.240.79 - - [31/May/2023:10:08:30 +0800] "GET /xingrg/check_reg.html?_=1685498911055 HTTP/1.1" 200 22
114.83.219.126 - - [31/May/2023:10:08:30 +0800] "GET /xingrg/all/function/internal_message.html?_=1685499011753&CODE_STATE=getMsg HTTP/1.1" 200 27
180.152.240.79 - - [31/May/2023:10:08:31 +0800] "GET /xingrg/check_reg.html?_=1685498915067 HTTP/1.1" 200 22
180.152.240.79 - - [31/May/2023:10:08:31 +0800] "GET /xingrg/all/function/internal_message.html?_=1685498915073&CODE_STATE=getMsg HTTP/1.1" 200 27
114.83.219.126 - - [31/May/2023:10:08:32 +0800] "GET /xingrg/check_reg.html?_=1685499012920 HTTP/1.1" 200 22
180.157.252.9 - - [31/May/2023:10:08:32 +0800] "GET /xingrg/kc/buy/cgsh_order_operate.html?command=get_materiel&rest_code=00148&code=00101008331&supplier_code=00100008&order_time=2023-05-31 HTTP/1.1" 200 416
180.169.147.146 - - [31/May/2023:10:08:33 +0800] "POST /xingrg/kc/base/wldb_list_operate.html HTTP/1.1" 200 4
116.232.195.127 - - [31/May/2023:10:08:34 +0800] "GET /xingrg/all/function/internal_message.html?_=1685498914612&CODE_STATE=getMsg HTTP/1.1" 200 27
222.70.180.90 - - [31/May/2023:10:08:35 +0800] "GET /xingrg/all/function/internal_message.html?_=1685498912723&CODE_STATE=getMsg HTTP/1.1" 200 27
101.83.145.52 - - [31/May/2023:10:08:39 +0800] "GET /xingrg/all/function/internal_message.html?_=1685498750544&CODE_STATE=getMsg HTTP/1.1" 200 27
222.70.180.90 - - [31/May/2023:10:08:39 +0800] "GET /xingrg/all/function/internal_message.html?_=1685498918147&CODE_STATE=getMsg HTTP/1.1" 200 27
58.40.7.146 - - [31/May/2023:10:08:42 +0800] "GET /xingrg/all/function/internal_message.html?_=1685498922100&CODE_STATE=getMsg HTTP/1.1" 200 27
222.67.234.146 - - [31/May/2023:10:08:42 +0800] "POST /xingrg/kc/buy/cgsh_order_operate.html HTTP/1.1" 200 12
180.169.147.146 - - [31/May/2023:10:08:43 +0800] "GET /xingrg/all/function/internal_message.html?_=1685498922514&CODE_STATE=getMsg HTTP/1.1" 302 -
218.81.217.41 - - [31/May/2023:10:08:44 +0800] "GET /xingrg/all/function/internal_message.html?_=1685498934282&CODE_STATE=getMsg HTTP/1.1" 200 27
101.83.145.52 - - [31/May/2023:10:08:46 +0800] "GET /xingrg/kc/base/wldb_order_info.html?code=422023053102586 HTTP/1.1" 200 30394
101.83.145.52 - - [31/May/2023:10:08:46 +0800] "GET /xingrg/javascript/easyui/themes/default/validatebox.css HTTP/1.1" 404 1104
222.67.234.146 - - [31/May/2023:10:08:48 +0800] "GET /xingrg/kc/buy/cgsh_order_info.html?code=212023053111723 HTTP/1.1" 200 66419
101.83.145.52 - - [31/May/2023:10:08:48 +0800] "POST /xingrg/kc/base/wldb_order_operate.html HTTP/1.1" 200 2649
222.67.234.146 - - [31/May/2023:10:08:48 +0800] "GET /xingrg/javascript/easyui/themes/default/validatebox.css HTTP/1.1" 404 1104
114.83.221.184 - - [31/May/2023:10:08:48 +0800] "GET /xingrg/all/function/internal_message.html?_=1685498926764&CODE_STATE=getMsg HTTP/1.1" 200 27
180.169.147.146 - - [31/May/2023:10:08:49 +0800] "POST /xingrg/kc/base/wldb_list_operate.html HTTP/1.1" 200 928
222.67.234.146 - - [31/May/2023:10:08:50 +0800] "GET /xingrg/all/function/internal_message.html?_=1685498437374&CODE_STATE=getMsg HTTP/1.1" 200 27
222.67.234.146 - - [31/May/2023:10:08:50 +0800] "POST /xingrg/kc/buy/cgsh_order_operate.html HTTP/1.1" 200 31936
124.79.246.33 - - [31/May/2023:10:08:51 +0800] "GET /xingrg/all/function/internal_message.html?_=1685499211251&CODE_STATE=getMsg HTTP/1.1" 200 27
180.169.147.146 - - [31/May/2023:10:08:53 +0800] "GET /xingrg/all/function/internal_message.html?_=1685498932964&CODE_STATE=getMsg HTTP/1.1" 302 -
180.157.252.9 - - [31/May/2023:10:09:00 +0800] "GET /xingrg/all/function/internal_message.html?_=1685498940022&CODE_STATE=getMsg HTTP/1.1" 200 27
222.70.180.90 - - [31/May/2023:10:09:01 +0800] "POST /xingrg/kc/base/stock_operate.html HTTP/1.1" 200 1471
114.85.113.108 - - [31/May/2023:10:09:02 +0800] "GET /xingrg/all/function/internal_message.html?_=1685498914459&CODE_STATE=getMsg HTTP/1.1" 200 27
222.70.180.90 - - [31/May/2023:10:09:02 +0800] "GET /xingrg/kc/base/stock_detail.html?m=00101025039 HTTP/1.1" 200 7319
116.232.195.127 - - [31/May/2023:10:09:04 +0800] "GET /xingrg/all/function/internal_message.html?_=1685498974768&CODE_STATE=getMsg HTTP/1.1" 200 27
222.70.180.90 - - [31/May/2023:10:09:04 +0800] "GET /xingrg/kc/base/stock_operate.html?_=1685498941537&command=get_report_file&start_day=20230501 HTTP/1.1" 200 53
222.70.180.90 - - [31/May/2023:10:09:04 +0800] "GET /xingrg/all/report/report_query.html?isQuery=1&onlyBody=1&rh=2000&fileName=kc/base/kc_stock_detail_new.xml&queryString=(1=1)&queryText=&tableQueryString=init_table$sp1$$sp$crk_table$sp1$order_day%20between%2020230501%20and%2020230531&varString=start_day:20230501,materiel_code:00101025039,cost_id:4356,end_date:20230430 HTTP/1.1" 200 48701
222.70.180.90 - - [31/May/2023:10:09:04 +0800] "GET /xingrg/dwr/interface/AjaxReportQueryService.js HTTP/1.1" 200 13203
222.70.180.90 - - [31/May/2023:10:09:04 +0800] "GET /xingrg/dwr/engine.js HTTP/1.1" 200 43631
222.70.180.90 - - [31/May/2023:10:09:06 +0800] "POST /xingrg/all/report/load_report_page.html HTTP/1.1" 200 20239
222.70.180.90 - - [31/May/2023:10:09:06 +0800] "GET /xingrg/servlets/image?cache=0.0994117173063429&image=px HTTP/1.1" 200 807
116.238.139.35 - - [31/May/2023:10:09:07 +0800] "GET /xingrg/all/function/internal_message.html?_=1685498947654&CODE_STATE=getMsg HTTP/1.1" 200 27
116.238.139.35 - - [31/May/2023:10:09:07 +0800] "GET /xingrg/check_reg.html?_=1685498947657 HTTP/1.1" 200 22
180.169.147.146 - - [31/May/2023:10:09:10 +0800] "GET /xingrg/all/function/internal_message.html?_=1685498943389&CODE_STATE=getMsg HTTP/1.1" 200 27
124.78.155.81 - - [31/May/2023:10:09:16 +0800] "GET /xingrg/all/function/internal_message.html?_=1685498960006&CODE_STATE=getMsg HTTP/1.1" 200 27
101.229.22.40 - - [31/May/2023:10:09:21 +0800] "GET /xingrg/all/function/internal_message.html?_=1685498959882&CODE_STATE=getMsg HTTP/1.1" 200 27
180.164.3.199 - - [31/May/2023:10:09:25 +0800] "GET /xingrg/all/function/internal_message.html?_=1685498964170&CODE_STATE=getMsg HTTP/1.1" 200 27
101.83.145.52 - - [31/May/2023:10:09:26 +0800] "GET /xingrg/all/function/internal_message.html?_=1685498968131&CODE_STATE=getMsg HTTP/1.1" 200 27
101.83.145.52 - - [31/May/2023:10:09:27 +0800] "GET /xingrg/kc/base/wldb_order_add.html HTTP/1.1" 200 30381
101.83.145.52 - - [31/May/2023:10:09:28 +0800] "POST /xingrg/kc/base/wldb_order_operate.html HTTP/1.1" 200 6806
101.83.145.52 - - [31/May/2023:10:09:28 +0800] "GET /xingrg/javascript/easyui/themes/default/validatebox.css HTTP/1.1" 404 1104
114.83.219.126 - - [31/May/2023:10:09:30 +0800] "GET /xingrg/all/function/internal_message.html?_=1685499071740&CODE_STATE=getMsg HTTP/1.1" 200 27
180.152.240.79 - - [31/May/2023:10:09:31 +0800] "GET /xingrg/all/function/internal_message.html?_=1685498975073&CODE_STATE=getMsg HTTP/1.1" 200 27
116.232.195.127 - - [31/May/2023:10:09:34 +0800] "GET /xingrg/all/function/internal_message.html?_=1685498974597&CODE_STATE=getMsg HTTP/1.1" 200 27
222.70.180.90 - - [31/May/2023:10:09:35 +0800] "GET /xingrg/all/function/internal_message.html?_=1685498972729&CODE_STATE=getMsg HTTP/1.1" 200 27
101.83.145.52 - - [31/May/2023:10:09:39 +0800] "GET /xingrg/all/function/internal_message.html?_=1685498810533&CODE_STATE=getMsg HTTP/1.1" 200 27
222.70.180.90 - - [31/May/2023:10:09:39 +0800] "GET /xingrg/all/function/internal_message.html?_=1685498978147&CODE_STATE=getMsg HTTP/1.1" 200 27
58.40.7.146 - - [31/May/2023:10:09:42 +0800] "GET /xingrg/all/function/internal_message.html?_=1685498982104&CODE_STATE=getMsg HTTP/1.1" 200 27
180.169.147.146 - - [31/May/2023:10:09:43 +0800] "GET /xingrg/all/function/internal_message.html?_=1685498982486&CODE_STATE=getMsg HTTP/1.1" 302 -
218.81.217.41 - - [31/May/2023:10:09:44 +0800] "GET /xingrg/all/function/internal_message.html?_=1685498994282&CODE_STATE=getMsg HTTP/1.1" 200 27
101.83.145.52 - - [31/May/2023:10:09:46 +0800] "GET /xingrg/kc/base/wldb_order_operate.html?command=get_materiel&rest_code=00105&base_code=0010512&code=00101001135 HTTP/1.1" 200 435
114.83.221.184 - - [31/May/2023:10:09:48 +0800] "GET /xingrg/all/function/internal_message.html?_=1685498986767&CODE_STATE=getMsg HTTP/1.1" 200 27
222.67.234.146 - - [31/May/2023:10:09:50 +0800] "GET /xingrg/all/function/internal_message.html?_=1685498497346&CODE_STATE=getMsg HTTP/1.1" 200 27
222.67.234.146 - - [31/May/2023:10:09:50 +0800] "GET /xingrg/check_reg.html?_=1685498497643 HTTP/1.1" 200 22
124.79.246.33 - - [31/May/2023:10:09:51 +0800] "GET /xingrg/check_reg.html?_=1685499271267 HTTP/1.1" 200 22
124.79.246.33 - - [31/May/2023:10:09:51 +0800] "GET /xingrg/all/function/internal_message.html?_=1685499271265&CODE_STATE=getMsg HTTP/1.1" 200 27
180.169.147.146 - - [31/May/2023:10:09:51 +0800] "GET /xingrg/kc/base/wldb_order_add.html HTTP/1.1" 200 30387
180.169.147.146 - - [31/May/2023:10:09:51 +0800] "POST /xingrg/kc/base/wldb_order_operate.html HTTP/1.1" 200 6806
180.169.147.146 - - [31/May/2023:10:09:51 +0800] "GET /xingrg/javascript/easyui/themes/default/validatebox.css HTTP/1.1" 404 1104
180.169.147.146 - - [31/May/2023:10:09:53 +0800] "GET /xingrg/check_reg.html?_=1685498992985 HTTP/1.1" 302 -
180.169.147.146 - - [31/May/2023:10:09:53 +0800] "GET /xingrg/all/function/internal_message.html?_=1685498992980&CODE_STATE=getMsg HTTP/1.1" 302 -
180.169.147.146 - - [31/May/2023:10:09:55 +0800] "POST /xingrg/kc/mdqp/pssh_list_operate.html HTTP/1.1" 200 814
180.169.147.146 - - [31/May/2023:10:09:56 +0800] "POST /xingrg/kc/mdqp/pssh_list_operate.html HTTP/1.1" 200 814
180.169.147.146 - - [31/May/2023:10:09:58 +0800] "GET /xingrg/kc/buy/buy_main.html HTTP/1.1" 200 12412
180.169.147.146 - - [31/May/2023:10:09:58 +0800] "GET /xingrg/css/new_ie.css HTTP/1.1" 404 1036
180.169.147.146 - - [31/May/2023:10:09:58 +0800] "GET /xingrg/images/yd/bt.gif HTTP/1.1" 404 1040
180.169.147.146 - - [31/May/2023:10:10:00 +0800] "GET /xingrg/kc/buy/cgsh_order_list.html HTTP/1.1" 200 8212
180.157.252.9 - - [31/May/2023:10:10:00 +0800] "GET /xingrg/all/function/internal_message.html?_=1685499000031&CODE_STATE=getMsg HTTP/1.1" 200 27
180.169.147.146 - - [31/May/2023:10:10:00 +0800] "GET /xingrg/kc/buy/cgsh_order_list.html HTTP/1.1" 200 55734
180.169.147.146 - - [31/May/2023:10:10:00 +0800] "GET /xingrg/kc/buy/cgsh_order_list.html HTTP/1.1" 200 8212
114.85.113.108 - - [31/May/2023:10:10:02 +0800] "GET /xingrg/all/function/internal_message.html?_=1685498974462&CODE_STATE=getMsg HTTP/1.1" 200 27
180.169.147.146 - - [31/May/2023:10:10:03 +0800] "POST /xingrg/kc/buy/cgsh_list_operate.html HTTP/1.1" 200 986
116.232.195.127 - - [31/May/2023:10:10:04 +0800] "GET /xingrg/all/function/internal_message.html?_=1685499034764&CODE_STATE=getMsg HTTP/1.1" 200 27
116.232.195.127 - - [31/May/2023:10:10:04 +0800] "GET /xingrg/check_reg.html?_=1685499034770 HTTP/1.1" 200 22
101.83.145.52 - - [31/May/2023:10:10:04 +0800] "GET /xingrg/kc/base/wldb_order_operate.html?command=get_materiel&rest_code=00105&base_code=0010512&code=00101014083 HTTP/1.1" 200 431
222.70.180.90 - - [31/May/2023:10:10:06 +0800] "GET /xingrg/kc/base/wldb_order_list.html HTTP/1.1" 200 19098
222.70.180.90 - - [31/May/2023:10:10:06 +0800] "POST /xingrg/kc/base/wldb_list_operate.html HTTP/1.1" 200 5508
116.238.139.35 - - [31/May/2023:10:10:07 +0800] "GET /xingrg/all/function/internal_message.html?_=1685499007659&CODE_STATE=getMsg HTTP/1.1" 200 27
180.169.147.146 - - [31/May/2023:10:10:10 +0800] "GET /xingrg/all/function/internal_message.html?_=1685499003392&CODE_STATE=getMsg HTTP/1.1" 200 27
180.169.147.146 - - [31/May/2023:10:10:11 +0800] "GET /xingrg/kc/buy/cgsh_order_add.html HTTP/1.1" 200 71513
180.169.147.146 - - [31/May/2023:10:10:12 +0800] "POST /xingrg/kc/buy/cgsh_order_operate.html HTTP/1.1" 200 8245
180.169.147.146 - - [31/May/2023:10:10:12 +0800] "GET /xingrg/javascript/easyui/themes/default/validatebox.css HTTP/1.1" 404 1104
180.169.147.146 - - [31/May/2023:10:10:12 +0800] "GET /xingrg/javascript/auto/indicator.gif HTTP/1.1" 404 1066
180.169.147.146 - - [31/May/2023:10:10:15 +0800] "GET /xingrg/javascript/jquery_tools/images/prev.gif HTTP/1.1" 404 1086
180.169.147.146 - - [31/May/2023:10:10:15 +0800] "GET /xingrg/javascript/jquery_tools/images/next.gif HTTP/1.1" 404 1086
124.78.155.81 - - [31/May/2023:10:10:16 +0800] "GET /xingrg/all/function/internal_message.html?_=1685499020023&CODE_STATE=getMsg HTTP/1.1" 200 27
172.20.0.100 - - [31/May/2023:10:10:20 +0800] "GET /xingrg/check_reg.html?_=1685499027500 HTTP/1.1" 200 22
101.229.22.40 - - [31/May/2023:10:10:21 +0800] "GET /xingrg/all/function/internal_message.html?_=1685499019867&CODE_STATE=getMsg HTTP/1.1" 200 27
180.164.3.199 - - [31/May/2023:10:10:25 +0800] "GET /xingrg/all/function/internal_message.html?_=1685499024183&CODE_STATE=getMsg HTTP/1.1" 200 27
180.169.147.146 - - [31/May/2023:10:10:25 +0800] "GET /xingrg/kc/buy/cgsh_order_operate.html?command=get_materiel&rest_code=00147&code=00101001099&supplier_code=00100454&order_time=2023-05-31 HTTP/1.1" 200 409
101.83.145.52 - - [31/May/2023:10:10:25 +0800] "GET /xingrg/kc/base/wldb_order_operate.html?command=get_materiel&rest_code=00105&base_code=0010512&code=00101003006 HTTP/1.1" 200 433
101.83.145.52 - - [31/May/2023:10:10:26 +0800] "GET /xingrg/all/function/internal_message.html?_=1685499028108&CODE_STATE=getMsg HTTP/1.1" 200 27
114.83.219.126 - - [31/May/2023:10:10:30 +0800] "GET /xingrg/all/function/internal_message.html?_=1685499131738&CODE_STATE=getMsg HTTP/1.1" 200 27
180.152.240.79 - - [31/May/2023:10:10:31 +0800] "GET /xingrg/all/function/internal_message.html?_=1685499035074&CODE_STATE=getMsg HTTP/1.1" 200 27
116.232.195.127 - - [31/May/2023:10:10:34 +0800] "GET /xingrg/all/function/internal_message.html?_=1685499034578&CODE_STATE=getMsg HTTP/1.1" 200 27
101.83.145.52 - - [31/May/2023:10:10:34 +0800] "GET /xingrg/kc/base/wldb_order_operate.html?command=get_materiel&rest_code=00105&base_code=0010512&code=00101003079 HTTP/1.1" 200 443
180.169.147.146 - - [31/May/2023:10:10:35 +0800] "GET /xingrg/kc/buy/cgsh_order_operate.html?command=get_materiel&rest_code=00147&code=00101002007&supplier_code=00100454&order_time=2023-05-31 HTTP/1.1" 200 429
222.70.180.90 - - [31/May/2023:10:10:35 +0800] "GET /xingrg/check_reg.html?_=1685499032717 HTTP/1.1" 200 22
222.70.180.90 - - [31/May/2023:10:10:35 +0800] "GET /xingrg/all/function/internal_message.html?_=1685499032718&CODE_STATE=getMsg HTTP/1.1" 200 27
101.83.145.52 - - [31/May/2023:10:10:39 +0800] "GET /xingrg/all/function/internal_message.html?_=1685498870532&CODE_STATE=getMsg HTTP/1.1" 200 27
222.70.180.90 - - [31/May/2023:10:10:39 +0800] "GET /xingrg/check_reg.html?_=1685499038161 HTTP/1.1" 200 22
222.70.180.90 - - [31/May/2023:10:10:39 +0800] "GET /xingrg/all/function/internal_message.html?_=1685499038164&CODE_STATE=getMsg HTTP/1.1" 200 27
58.40.7.146 - - [31/May/2023:10:10:42 +0800] "GET /xingrg/all/function/internal_message.html?_=1685499042106&CODE_STATE=getMsg HTTP/1.1" 200 27
180.169.147.146 - - [31/May/2023:10:10:43 +0800] "GET /xingrg/all/function/internal_message.html?_=1685499042468&CODE_STATE=getMsg HTTP/1.1" 302 -
218.81.217.41 - - [31/May/2023:10:10:44 +0800] "GET /xingrg/all/function/internal_message.html?_=1685499054560&CODE_STATE=getMsg HTTP/1.1" 200 27
101.83.145.52 - - [31/May/2023:10:10:46 +0800] "GET /xingrg/kc/base/wldb_order_operate.html?command=get_materiel&rest_code=00105&base_code=0010512&code=00101010616 HTTP/1.1" 200 432
114.83.221.184 - - [31/May/2023:10:10:48 +0800] "GET /xingrg/all/function/internal_message.html?_=1685499046770&CODE_STATE=getMsg HTTP/1.1" 200 27
222.67.234.146 - - [31/May/2023:10:10:50 +0800] "GET /xingrg/all/function/internal_message.html?_=1685498557318&CODE_STATE=getMsg HTTP/1.1" 200 27
124.79.246.33 - - [31/May/2023:10:10:51 +0800] "GET /xingrg/all/function/internal_message.html?_=1685499331265&CODE_STATE=getMsg HTTP/1.1" 200 27
180.169.147.146 - - [31/May/2023:10:10:53 +0800] "GET /xingrg/all/function/internal_message.html?_=1685499052978&CODE_STATE=getMsg HTTP/1.1" 302 -
180.169.147.146 - - [31/May/2023:10:10:55 +0800] "GET /xingrg/kc/buy/cgsh_order_operate.html?command=get_materiel&rest_code=00147&code=00101002022&supplier_code=00100454&order_time=2023-05-31 HTTP/1.1" 200 410
101.83.145.52 - - [31/May/2023:10:10:55 +0800] "GET /xingrg/kc/base/wldb_order_operate.html?command=get_materiel&rest_code=00105&base_code=0010512&code=00101004094 HTTP/1.1" 200 432
180.157.252.9 - - [31/May/2023:10:11:00 +0800] "GET /xingrg/all/function/internal_message.html?_=1685499060024&CODE_STATE=getMsg HTTP/1.1" 200 27
114.85.113.108 - - [31/May/2023:10:11:02 +0800] "GET /xingrg/all/function/internal_message.html?_=1685499034461&CODE_STATE=getMsg HTTP/1.1" 200 27
116.232.195.127 - - [31/May/2023:10:11:04 +0800] "GET /xingrg/all/function/internal_message.html?_=1685499094772&CODE_STATE=getMsg HTTP/1.1" 200 27
116.238.139.35 - - [31/May/2023:10:11:07 +0800] "GET /xingrg/all/function/internal_message.html?_=1685499067660&CODE_STATE=getMsg HTTP/1.1" 200 27
101.83.145.52 - - [31/May/2023:10:11:07 +0800] "GET /xingrg/kc/base/wldb_order_operate.html?command=get_materiel&rest_code=00105&base_code=0010512&code=00101004011 HTTP/1.1" 200 434
180.169.147.146 - - [31/May/2023:10:11:10 +0800] "GET /xingrg/all/function/internal_message.html?_=1685499063365&CODE_STATE=getMsg HTTP/1.1" 200 27
101.83.145.52 - - [31/May/2023:10:11:15 +0800] "GET /xingrg/kc/base/wldb_order_operate.html?command=get_materiel&rest_code=00105&base_code=0010512&code=00101004104 HTTP/1.1" 200 430
124.78.155.81 - - [31/May/2023:10:11:16 +0800] "GET /xingrg/all/function/internal_message.html?_=1685499080022&CODE_STATE=getMsg HTTP/1.1" 200 27
101.229.22.40 - - [31/May/2023:10:11:21 +0800] "GET /xingrg/all/function/internal_message.html?_=1685499079851&CODE_STATE=getMsg HTTP/1.1" 200 27
180.164.3.199 - - [31/May/2023:10:11:25 +0800] "GET /xingrg/all/function/internal_message.html?_=1685499084173&CODE_STATE=getMsg HTTP/1.1" 200 27
101.83.145.52 - - [31/May/2023:10:11:26 +0800] "GET /xingrg/all/function/internal_message.html?_=1685499088084&CODE_STATE=getMsg HTTP/1.1" 200 27
101.83.145.52 - - [31/May/2023:10:11:26 +0800] "POST /xingrg/kc/base/wldb_order_operate.html HTTP/1.1" 200 37
101.83.145.52 - - [31/May/2023:10:11:28 +0800] "POST /xingrg/kc/base/wldb_order_operate.html HTTP/1.1" 200 4077
114.83.219.126 - - [31/May/2023:10:11:30 +0800] "GET /xingrg/all/function/internal_message.html?_=1685499191738&CODE_STATE=getMsg HTTP/1.1" 200 27
180.152.240.79 - - [31/May/2023:10:11:31 +0800] "GET /xingrg/all/function/internal_message.html?_=1685499095074&CODE_STATE=getMsg HTTP/1.1" 200 27
101.83.145.52 - - [31/May/2023:10:11:32 +0800] "GET /xingrg/kc/base/wldb_order_info.html?code=422023053102587 HTTP/1.1" 200 30394
101.83.145.52 - - [31/May/2023:10:11:32 +0800] "GET /xingrg/javascript/easyui/themes/default/validatebox.css HTTP/1.1" 404 1104
222.70.180.90 - - [31/May/2023:10:11:34 +0800] "POST /xingrg/kc/base/wldb_list_operate.html HTTP/1.1" 200 4
101.83.145.52 - - [31/May/2023:10:11:34 +0800] "POST /xingrg/kc/base/wldb_order_operate.html HTTP/1.1" 200 4077
116.232.195.127 - - [31/May/2023:10:11:34 +0800] "GET /xingrg/all/function/internal_message.html?_=1685499094559&CODE_STATE=getMsg HTTP/1.1" 200 27
222.70.180.90 - - [31/May/2023:10:11:35 +0800] "GET /xingrg/all/function/internal_message.html?_=1685499092704&CODE_STATE=getMsg HTTP/1.1" 200 27
222.70.180.90 - - [31/May/2023:10:11:36 +0800] "POST /xingrg/kc/base/wldb_list_operate.html HTTP/1.1" 200 3742
101.83.145.52 - - [31/May/2023:10:11:39 +0800] "GET /xingrg/all/function/internal_message.html?_=1685498930530&CODE_STATE=getMsg HTTP/1.1" 200 27
101.83.145.52 - - [31/May/2023:10:11:39 +0800] "GET /xingrg/check_reg.html?_=1685498930531 HTTP/1.1" 200 22
222.70.180.90 - - [31/May/2023:10:11:39 +0800] "GET /xingrg/all/function/internal_message.html?_=1685499098152&CODE_STATE=getMsg HTTP/1.1" 200 27
