180.164.3.199 - - [31/May/2023:09:55:04 +0800] "GET /xingrg/kc/buy/cgsh_order_operate.html?command=get_materiel&rest_code=00108&code=00101012032&supplier_code=00100593&order_time=2023-05-31 HTTP/1.1" 200 416
116.232.195.127 - - [31/May/2023:09:55:04 +0800] "GET /xingrg/all/function/internal_message.html?_=1685498134766&CODE_STATE=getMsg HTTP/1.1" 200 27
116.232.195.127 - - [31/May/2023:09:55:04 +0800] "GET /xingrg/check_reg.html?_=1685498134772 HTTP/1.1" 200 22
101.229.22.40 - - [31/May/2023:09:55:04 +0800] "GET /xingrg/javascript/easyui/themes/default/validatebox.css HTTP/1.1" 404 1104
101.229.22.40 - - [31/May/2023:09:55:05 +0800] "POST /xingrg/kc/buy/cgsh_order_operate.html HTTP/1.1" 200 4150
222.70.180.90 - - [31/May/2023:09:55:06 +0800] "GET /xingrg/all/function/internal_message.html?_=1685498104415&CODE_STATE=getMsg HTTP/1.1" 200 27
101.229.22.40 - - [31/May/2023:09:55:06 +0800] "GET /xingrg/kc/print/load_config.html?kc_code=cgsh HTTP/1.1" 200 1924
101.229.22.40 - - [31/May/2023:09:55:07 +0800] "GET /xingrg/kc/print/load_data.html?order_code=212023053011629&kc_code=cgsh&condition= HTTP/1.1" 200 2048
116.238.139.35 - - [31/May/2023:09:55:07 +0800] "GET /xingrg/all/function/internal_message.html?_=1685498107662&CODE_STATE=getMsg HTTP/1.1" 200 27
180.157.252.9 - - [31/May/2023:09:55:08 +0800] "GET /xingrg/kc/buy/buy_main.html HTTP/1.1" 200 12412
180.157.252.9 - - [31/May/2023:09:55:08 +0800] "GET /xingrg/css/new_ie.css HTTP/1.1" 404 1036
222.67.234.146 - - [31/May/2023:09:55:10 +0800] "GET /xingrg/kc/buy/cgsh_order_operate.html?command=get_materiel&rest_code=00141&code=00101008144&supplier_code=00100007&order_time=2023-05-31 HTTP/1.1" 200 412
180.169.147.146 - - [31/May/2023:09:55:10 +0800] "GET /xingrg/all/function/internal_message.html?_=1685498103687&CODE_STATE=getMsg HTTP/1.1" 200 27
222.70.180.90 - - [31/May/2023:09:55:10 +0800] "GET /xingrg/kc/base/wldb_order_operate.html?command=get_materiel&rest_code=00111&base_code=0010283&code=00101019372 HTTP/1.1" 200 481
180.164.3.199 - - [31/May/2023:09:55:14 +0800] "GET /xingrg/kc/buy/cgsh_order_operate.html?command=get_materiel&rest_code=00108&code=00101011001&supplier_code=00100593&order_time=2023-05-31 HTTP/1.1" 200 423
124.78.155.81 - - [31/May/2023:09:55:16 +0800] "GET /xingrg/all/function/internal_message.html?_=1685498120016&CODE_STATE=getMsg HTTP/1.1" 200 27
180.152.240.79 - - [31/May/2023:09:55:19 +0800] "GET /xingrg/javascript/auto/indicator.gif HTTP/1.1" 404 1066
222.67.234.146 - - [31/May/2023:09:55:21 +0800] "GET /xingrg/kc/buy/cgsh_order_operate.html?command=get_materiel&rest_code=00141&code=00101008125&supplier_code=00100007&order_time=2023-05-31 HTTP/1.1" 200 413
222.70.180.90 - - [31/May/2023:09:55:21 +0800] "GET /xingrg/kc/base/wldb_order_operate.html?command=get_materiel&rest_code=00111&base_code=0010283&code=00101019391 HTTP/1.1" 200 485
101.229.22.40 - - [31/May/2023:09:55:21 +0800] "GET /xingrg/all/function/internal_message.html?_=1685498120124&CODE_STATE=getMsg HTTP/1.1" 200 27
180.164.3.199 - - [31/May/2023:09:55:25 +0800] "GET /xingrg/all/function/internal_message.html?_=1685498124167&CODE_STATE=getMsg HTTP/1.1" 200 27
101.83.145.52 - - [31/May/2023:09:55:26 +0800] "GET /xingrg/all/function/internal_message.html?_=1685498128491&CODE_STATE=getMsg HTTP/1.1" 200 27
222.70.180.90 - - [31/May/2023:09:55:28 +0800] "GET /xingrg/all/function/internal_message.html?_=1685498124902&CODE_STATE=getMsg HTTP/1.1" 200 27
222.70.180.90 - - [31/May/2023:09:55:28 +0800] "GET /xingrg/check_reg.html?_=1685498124903 HTTP/1.1" 200 22
114.83.219.126 - - [31/May/2023:09:55:31 +0800] "GET /xingrg/all/function/internal_message.html?_=1685498231939&CODE_STATE=getMsg HTTP/1.1" 200 27
180.152.240.79 - - [31/May/2023:09:55:31 +0800] "GET /xingrg/all/function/internal_message.html?_=1685498135048&CODE_STATE=getMsg HTTP/1.1" 200 27
222.67.234.146 - - [31/May/2023:09:55:34 +0800] "GET /xingrg/kc/buy/cgsh_order_operate.html?command=get_materiel&rest_code=00141&code=00101008130&supplier_code=00100007&order_time=2023-05-31 HTTP/1.1" 200 432
116.232.195.127 - - [31/May/2023:09:55:34 +0800] "GET /xingrg/all/function/internal_message.html?_=1685498134561&CODE_STATE=getMsg HTTP/1.1" 200 27
180.164.3.199 - - [31/May/2023:09:55:39 +0800] "POST /xingrg/kc/buy/cgsh_order_operate.html HTTP/1.1" 200 37
101.83.145.52 - - [31/May/2023:09:55:39 +0800] "GET /xingrg/all/function/internal_message.html?_=1685497970526&CODE_STATE=getMsg HTTP/1.1" 200 27
180.152.240.79 - - [31/May/2023:09:55:40 +0800] "GET /xingrg/kc/buy/cgsh_order_operate.html?command=get_materiel&rest_code=00102&code=00101007081&supplier_code=00100151&order_time=2023-05-31 HTTP/1.1" 200 415
180.164.3.199 - - [31/May/2023:09:55:41 +0800] "POST /xingrg/kc/buy/cgsh_order_operate.html HTTP/1.1" 200 5025
58.40.7.146 - - [31/May/2023:09:55:42 +0800] "GET /xingrg/all/function/internal_message.html?_=1685498142097&CODE_STATE=getMsg HTTP/1.1" 200 27
180.169.147.146 - - [31/May/2023:09:55:43 +0800] "GET /xingrg/all/function/internal_message.html?_=1685498142742&CODE_STATE=getMsg HTTP/1.1" 302 -
218.81.217.41 - - [31/May/2023:09:55:44 +0800] "GET /xingrg/all/function/internal_message.html?_=1685498153577&CODE_STATE=getMsg HTTP/1.1" 200 27
222.70.180.90 - - [31/May/2023:09:55:47 +0800] "POST /xingrg/kc/base/wldb_order_operate.html HTTP/1.1" 200 37
222.70.180.90 - - [31/May/2023:09:55:48 +0800] "POST /xingrg/kc/base/wldb_order_operate.html HTTP/1.1" 200 4693
222.67.234.146 - - [31/May/2023:09:55:48 +0800] "GET /xingrg/kc/buy/cgsh_order_operate.html?command=get_materiel&rest_code=00141&code=00101008246&supplier_code=00100007&order_time=2023-05-31 HTTP/1.1" 200 408
114.83.221.184 - - [31/May/2023:09:55:48 +0800] "GET /xingrg/all/function/internal_message.html?_=1685498146714&CODE_STATE=getMsg HTTP/1.1" 200 27
222.67.234.146 - - [31/May/2023:09:55:50 +0800] "GET /xingrg/all/function/internal_message.html?_=1685497657348&CODE_STATE=getMsg HTTP/1.1" 200 27
124.79.246.33 - - [31/May/2023:09:55:51 +0800] "GET /xingrg/all/function/internal_message.html?_=1685498431239&CODE_STATE=getMsg HTTP/1.1" 200 27
183.193.137.82 - - [31/May/2023:09:55:52 +0800] "GET /xingrg/all/function/internal_message.html?_=1685498154301&CODE_STATE=getMsg HTTP/1.1" 200 27
222.70.180.90 - - [31/May/2023:09:55:52 +0800] "GET /xingrg/kc/base/wldb_order_info.html?code=422023053102580 HTTP/1.1" 200 30398
222.70.180.90 - - [31/May/2023:09:55:52 +0800] "GET /xingrg/javascript/easyui/themes/default/validatebox.css HTTP/1.1" 404 1104
180.169.147.146 - - [31/May/2023:09:55:53 +0800] "GET /xingrg/all/function/internal_message.html?_=1685498152973&CODE_STATE=getMsg HTTP/1.1" 302 -
222.70.180.90 - - [31/May/2023:09:55:53 +0800] "POST /xingrg/kc/base/wldb_order_operate.html HTTP/1.1" 200 4693
222.70.180.90 - - [31/May/2023:09:55:55 +0800] "GET /xingrg/kc/print/load_data.html?order_code=422023053102580&kc_code=wldb&condition= HTTP/1.1" 200 1340
180.157.252.9 - - [31/May/2023:09:56:00 +0800] "GET /xingrg/all/function/internal_message.html?_=1685498160016&CODE_STATE=getMsg HTTP/1.1" 200 27
222.70.180.90 - - [31/May/2023:09:56:01 +0800] "GET /xingrg/kc/base/wldb_order_add.html HTTP/1.1" 200 30381
27.115.124.109 - - [31/May/2023:09:56:01 +0800] "GET /xingrg/all/report/report_query.html HTTP/1.1" 302 -
27.115.124.109 - - [31/May/2023:09:56:01 +0800] "GET /xingrg/login.html HTTP/1.1" 200 2139
222.70.180.90 - - [31/May/2023:09:56:01 +0800] "POST /xingrg/kc/base/wldb_order_operate.html HTTP/1.1" 200 6806
222.70.180.90 - - [31/May/2023:09:56:02 +0800] "GET /xingrg/javascript/easyui/themes/default/validatebox.css HTTP/1.1" 404 1104
27.115.124.70 - - [31/May/2023:09:56:02 +0800] "GET /xingrg/javascript/mobile/jquery.mobile-1.3.2.min.js HTTP/1.1" 200 145396
27.115.124.109 - - [31/May/2023:09:56:02 +0800] "GET /xingrg/javascript/mobile/jquery.mobile-1.3.2.min.css HTTP/1.1" 200 94670
27.115.124.101 - - [31/May/2023:09:56:02 +0800] "GET /xingrg/javascript/mobile/jquery-1.8.3.min.js HTTP/1.1" 200 93637
27.115.124.109 - - [31/May/2023:09:56:02 +0800] "GET /xingrg/all/report/report_query.html HTTP/1.1" 302 -
114.85.113.108 - - [31/May/2023:09:56:02 +0800] "GET /xingrg/all/function/internal_message.html?_=1685498134547&CODE_STATE=getMsg HTTP/1.1" 200 27
27.115.124.101 - - [31/May/2023:09:56:02 +0800] "GET /xingrg/login.html HTTP/1.1" 200 2139
116.232.195.127 - - [31/May/2023:09:56:04 +0800] "GET /xingrg/all/function/internal_message.html?_=1685498194760&CODE_STATE=getMsg HTTP/1.1" 200 27
27.115.124.101 - - [31/May/2023:09:56:04 +0800] "GET /xingrg/javascript/mobile/images/ajax-loader.gif HTTP/1.1" 200 7825
27.115.124.101 - - [31/May/2023:09:56:05 +0800] "GET /xingrg/javascript/mobile/jquery.mobile-1.3.2.min.css HTTP/1.1" 200 94670
27.115.124.109 - - [31/May/2023:09:56:05 +0800] "GET /xingrg/javascript/mobile/jquery.mobile-1.3.2.min.js HTTP/1.1" 200 145396
27.115.124.70 - - [31/May/2023:09:56:05 +0800] "GET /xingrg/javascript/mobile/jquery-1.8.3.min.js HTTP/1.1" 200 93637
222.67.234.146 - - [31/May/2023:09:56:05 +0800] "GET /xingrg/kc/buy/cgsh_order_operate.html?command=get_materiel&rest_code=00141&code=00101008350&supplier_code=00100007&order_time=2023-05-31 HTTP/1.1" 200 408
27.115.124.109 - - [31/May/2023:09:56:06 +0800] "GET /xingrg/javascript/mobile/images/ajax-loader.gif HTTP/1.1" 200 7825
222.70.180.90 - - [31/May/2023:09:56:06 +0800] "GET /xingrg/all/function/internal_message.html?_=1685498164417&CODE_STATE=getMsg HTTP/1.1" 200 27
116.238.139.35 - - [31/May/2023:09:56:07 +0800] "GET /xingrg/all/function/internal_message.html?_=1685498167655&CODE_STATE=getMsg HTTP/1.1" 200 27
114.83.219.126 - - [31/May/2023:09:56:08 +0800] "GET /xingrg/kc/base/check_order_list.html HTTP/1.1" 200 16223
114.83.219.126 - - [31/May/2023:09:56:08 +0800] "POST /xingrg/kc/base/check_list_operate.html HTTP/1.1" 200 781
180.169.147.146 - - [31/May/2023:09:56:10 +0800] "GET /xingrg/all/function/internal_message.html?_=1685498163672&CODE_STATE=getMsg HTTP/1.1" 200 27
114.83.219.126 - - [31/May/2023:09:56:13 +0800] "GET /xingrg/kc/base/check_order_add.html HTTP/1.1" 200 25574
114.83.219.126 - - [31/May/2023:09:56:13 +0800] "GET /xingrg/dwr/interface/AjaxComOrderService.js HTTP/1.1" 200 18264
114.83.219.126 - - [31/May/2023:09:56:13 +0800] "GET /xingrg/dwr/interface/AjaxCheckService.js HTTP/1.1" 200 14003
114.83.219.126 - - [31/May/2023:09:56:13 +0800] "GET /xingrg/dwr/engine.js HTTP/1.1" 200 43631
124.78.155.81 - - [31/May/2023:09:56:16 +0800] "GET /xingrg/all/function/internal_message.html?_=1685498180020&CODE_STATE=getMsg HTTP/1.1" 200 27
222.67.234.146 - - [31/May/2023:09:56:20 +0800] "GET /xingrg/kc/buy/cgsh_order_operate.html?command=get_materiel&rest_code=00141&code=00101008095&supplier_code=00100007&order_time=2023-05-31 HTTP/1.1" 200 412
101.229.22.40 - - [31/May/2023:09:56:21 +0800] "GET /xingrg/all/function/internal_message.html?_=1685498180101&CODE_STATE=getMsg HTTP/1.1" 200 27
222.67.234.146 - - [31/May/2023:09:56:22 +0800] "POST /xingrg/kc/buy/cgsh_order_operate.html HTTP/1.1" 200 2065
114.83.219.126 - - [31/May/2023:09:56:23 +0800] "POST /xingrg/dwr/call/plaincall/AjaxCheckService.saveOrder.dwr HTTP/1.1" 200 78
101.229.22.40 - - [31/May/2023:09:56:23 +0800] "POST /xingrg/kc/buy/cgsh_list_operate.html HTTP/1.1" 200 1869
180.164.3.199 - - [31/May/2023:09:56:25 +0800] "GET /xingrg/all/function/internal_message.html?_=1685498184177&CODE_STATE=getMsg HTTP/1.1" 200 27
114.83.219.126 - - [31/May/2023:09:56:26 +0800] "POST /xingrg/dwr/call/plaincall/AjaxCheckService.loadOrderItems.dwr HTTP/1.1" 200 367
101.229.22.40 - - [31/May/2023:09:56:26 +0800] "POST /xingrg/kc/buy/cgsh_list_operate.html HTTP/1.1" 200 618
101.83.145.52 - - [31/May/2023:09:56:26 +0800] "GET /xingrg/all/function/internal_message.html?_=1685498188469&CODE_STATE=getMsg HTTP/1.1" 200 27
222.70.180.90 - - [31/May/2023:09:56:28 +0800] "GET /xingrg/all/function/internal_message.html?_=1685498184892&CODE_STATE=getMsg HTTP/1.1" 200 27
101.229.22.40 - - [31/May/2023:09:56:28 +0800] "GET /xingrg/kc/buy/cgsh_order_info.html?code=212023052810556 HTTP/1.1" 200 70632
101.229.22.40 - - [31/May/2023:09:56:28 +0800] "GET /xingrg/javascript/easyui/themes/default/validatebox.css HTTP/1.1" 404 1104
101.229.22.40 - - [31/May/2023:09:56:30 +0800] "POST /xingrg/kc/buy/cgsh_order_operate.html HTTP/1.1" 200 6893
222.67.234.146 - - [31/May/2023:09:56:30 +0800] "GET /xingrg/kc/buy/cgsh_order_operate.html?command=get_materiel&rest_code=00141&code=00101008119&supplier_code=00100007&order_time=2023-05-31 HTTP/1.1" 200 412
114.83.219.126 - - [31/May/2023:09:56:31 +0800] "GET /xingrg/all/function/internal_message.html?_=1685498291920&CODE_STATE=getMsg HTTP/1.1" 200 27
180.152.240.79 - - [31/May/2023:09:56:31 +0800] "GET /xingrg/all/function/internal_message.html?_=1685498195048&CODE_STATE=getMsg HTTP/1.1" 200 27
116.232.195.127 - - [31/May/2023:09:56:34 +0800] "GET /xingrg/all/function/internal_message.html?_=1685498194566&CODE_STATE=getMsg HTTP/1.1" 200 27
114.83.219.126 - - [31/May/2023:09:56:36 +0800] "POST /xingrg/dwr/call/plaincall/AjaxCheckService.importOrderItems.dwr HTTP/1.1" 200 78
101.83.145.52 - - [31/May/2023:09:56:39 +0800] "GET /xingrg/check_reg.html?_=1685498030514 HTTP/1.1" 200 22
101.83.145.52 - - [31/May/2023:09:56:39 +0800] "GET /xingrg/all/function/internal_message.html?_=1685498030517&CODE_STATE=getMsg HTTP/1.1" 200 27
101.229.22.40 - - [31/May/2023:09:56:40 +0800] "GET /xingrg/kc/buy/cgsh_order_operate.html?command=get_materiel&rest_code=00142&code=00102002821&supplier_code=00100386&order_time=2023-05-30 HTTP/1.1" 200 424
218.81.217.41 - - [31/May/2023:09:56:41 +0800] "GET /xingrg/check_reg.html?_=1685498210736 HTTP/1.1" 200 22
222.70.180.90 - - [31/May/2023:09:56:41 +0800] "GET /xingrg/kc/base/wldb_order_operate.html?command=get_materiel&rest_code=00111&base_code=0010283&code=00101013139 HTTP/1.1" 200 452
58.40.7.146 - - [31/May/2023:09:56:42 +0800] "GET /xingrg/all/function/internal_message.html?_=1685498202100&CODE_STATE=getMsg HTTP/1.1" 200 27
58.40.7.146 - - [31/May/2023:09:56:42 +0800] "GET /xingrg/check_reg.html?_=1685498202710 HTTP/1.1" 200 22
114.83.219.126 - - [31/May/2023:09:56:42 +0800] "POST /xingrg/dwr/call/plaincall/AjaxCheckService.loadOrderItems.dwr HTTP/1.1" 200 62781
180.169.147.146 - - [31/May/2023:09:56:43 +0800] "GET /xingrg/all/function/internal_message.html?_=1685498202726&CODE_STATE=getMsg HTTP/1.1" 302 -
218.81.217.41 - - [31/May/2023:09:56:44 +0800] "GET /xingrg/all/function/internal_message.html?_=1685498213590&CODE_STATE=getMsg HTTP/1.1" 200 27
114.83.219.126 - - [31/May/2023:09:56:45 +0800] "GET /xingrg/kc/print/load_config.html?_=1685498306530&kc_code=check HTTP/1.1" 200 2488
114.83.219.126 - - [31/May/2023:09:56:46 +0800] "GET /xingrg/kc/print/load_data.html?_=1685498306606&order_code=452023053100295&kc_code=check&condition= HTTP/1.1" 200 17076
114.83.221.184 - - [31/May/2023:09:56:48 +0800] "GET /xingrg/all/function/internal_message.html?_=1685498206714&CODE_STATE=getMsg HTTP/1.1" 200 27
114.83.221.184 - - [31/May/2023:09:56:48 +0800] "GET /xingrg/check_reg.html?_=1685498206717 HTTP/1.1" 200 22
222.67.234.146 - - [31/May/2023:09:56:50 +0800] "GET /xingrg/all/function/internal_message.html?_=1685497717358&CODE_STATE=getMsg HTTP/1.1" 200 27
124.79.246.33 - - [31/May/2023:09:56:51 +0800] "GET /xingrg/all/function/internal_message.html?_=1685498491261&CODE_STATE=getMsg HTTP/1.1" 200 27
222.67.234.146 - - [31/May/2023:09:56:51 +0800] "GET /xingrg/kc/buy/cgsh_order_operate.html?command=get_materiel&rest_code=00141&code=00101008356&supplier_code=00100007&order_time=2023-05-31 HTTP/1.1" 200 408
183.193.137.82 - - [31/May/2023:09:56:52 +0800] "GET /xingrg/all/function/internal_message.html?_=1685498214280&CODE_STATE=getMsg HTTP/1.1" 200 27
180.169.147.146 - - [31/May/2023:09:56:53 +0800] "GET /xingrg/all/function/internal_message.html?_=1685498212980&CODE_STATE=getMsg HTTP/1.1" 302 -
101.229.22.40 - - [31/May/2023:09:57:00 +0800] "POST /xingrg/kc/buy/cgsh_order_operate.html HTTP/1.1" 200 37
180.157.252.9 - - [31/May/2023:09:57:00 +0800] "GET /xingrg/check_reg.html?_=1685498220024 HTTP/1.1" 200 22
180.157.252.9 - - [31/May/2023:09:57:00 +0800] "GET /xingrg/all/function/internal_message.html?_=1685498220027&CODE_STATE=getMsg HTTP/1.1" 200 27
222.67.234.146 - - [31/May/2023:09:57:02 +0800] "GET /xingrg/kc/buy/cgsh_order_operate.html?command=get_materiel&rest_code=00141&code=00101008223&supplier_code=00100007&order_time=2023-05-31 HTTP/1.1" 200 412
114.85.113.108 - - [31/May/2023:09:57:02 +0800] "GET /xingrg/all/function/internal_message.html?_=1685498194532&CODE_STATE=getMsg HTTP/1.1" 200 27
116.232.195.127 - - [31/May/2023:09:57:04 +0800] "GET /xingrg/all/function/internal_message.html?_=1685498254771&CODE_STATE=getMsg HTTP/1.1" 200 27
222.70.180.90 - - [31/May/2023:09:57:06 +0800] "GET /xingrg/all/function/internal_message.html?_=1685498224390&CODE_STATE=getMsg HTTP/1.1" 200 27
114.83.219.126 - - [31/May/2023:09:57:07 +0800] "POST /xingrg/dwr/call/plaincall/AjaxCheckService.deleteOrder.dwr HTTP/1.1" 200 78
101.229.22.40 - - [31/May/2023:09:57:07 +0800] "POST /xingrg/kc/buy/cgsh_order_operate.html HTTP/1.1" 200 7497
116.238.139.35 - - [31/May/2023:09:57:07 +0800] "GET /xingrg/all/function/internal_message.html?_=1685498227651&CODE_STATE=getMsg HTTP/1.1" 200 27
180.169.147.146 - - [31/May/2023:09:57:08 +0800] "GET /xingrg/kc/mdqp/pssh_order_list.html HTTP/1.1" 200 17846
180.169.147.146 - - [31/May/2023:09:57:08 +0800] "POST /xingrg/kc/mdqp/pssh_list_operate.html HTTP/1.1" 200 5459
114.83.219.126 - - [31/May/2023:09:57:09 +0800] "GET /xingrg/kc/base/check_order_list.html HTTP/1.1" 200 16223
180.169.147.146 - - [31/May/2023:09:57:09 +0800] "POST /xingrg/kc/mdqp/pssh_list_operate.html HTTP/1.1" 200 260
114.83.219.126 - - [31/May/2023:09:57:09 +0800] "POST /xingrg/kc/base/check_list_operate.html HTTP/1.1" 200 781
180.169.147.146 - - [31/May/2023:09:57:09 +0800] "GET /xingrg/kc/mdqp/pssh_order_info.html?code=312023052300502 HTTP/1.1" 200 17278
180.169.147.146 - - [31/May/2023:09:57:09 +0800] "GET /xingrg/javascript/jquery_tools/jquery-1.4.2.min.js HTTP/1.1" 404 1094
180.169.147.146 - - [31/May/2023:09:57:10 +0800] "GET /xingrg/words/20230531091915_words.js HTTP/1.1" 304 -
180.169.147.146 - - [31/May/2023:09:57:10 +0800] "GET /xingrg/javascript/easyui/themes/default/validatebox.css HTTP/1.1" 404 1104
180.169.147.146 - - [31/May/2023:09:57:10 +0800] "GET /xingrg/all/common/auto_word.html?type=base&rest_code=00147&rest_code=00147 HTTP/1.1" 200 1803
180.169.147.146 - - [31/May/2023:09:57:10 +0800] "POST /xingrg/kc/mdqp/pssh_order_operate.html HTTP/1.1" 200 533
180.169.147.146 - - [31/May/2023:09:57:10 +0800] "GET /xingrg/all/function/internal_message.html?_=1685498223662&CODE_STATE=getMsg HTTP/1.1" 200 27
180.169.147.146 - - [31/May/2023:09:57:11 +0800] "POST /xingrg/all/common/load_combo.html?type=employee HTTP/1.1" 200 186
222.67.234.146 - - [31/May/2023:09:57:13 +0800] "GET /xingrg/kc/buy/cgsh_order_operate.html?command=get_materiel&rest_code=00141&code=00101008353&supplier_code=00100007&order_time=2023-05-31 HTTP/1.1" 200 408
180.169.147.146 - - [31/May/2023:09:57:14 +0800] "POST /xingrg/all/common/load_combo.html?type=base&rest_code=00147 HTTP/1.1" 200 3230
124.78.155.81 - - [31/May/2023:09:57:16 +0800] "GET /xingrg/all/function/internal_message.html?_=1685498240018&CODE_STATE=getMsg HTTP/1.1" 200 27
114.83.219.126 - - [31/May/2023:09:57:16 +0800] "GET /xingrg/kc/base/check_order_add.html HTTP/1.1" 200 25574
114.83.219.126 - - [31/May/2023:09:57:16 +0800] "GET /xingrg/dwr/interface/AjaxComOrderService.js HTTP/1.1" 200 18264
114.83.219.126 - - [31/May/2023:09:57:16 +0800] "GET /xingrg/dwr/interface/AjaxCheckService.js HTTP/1.1" 200 14003
114.83.219.126 - - [31/May/2023:09:57:16 +0800] "GET /xingrg/dwr/engine.js HTTP/1.1" 200 43631
180.169.147.146 - - [31/May/2023:09:57:18 +0800] "POST /xingrg/kc/mdqp/pssh_order_operate.html HTTP/1.1" 200 37
101.229.22.40 - - [31/May/2023:09:57:20 +0800] "GET /xingrg/check_reg.html?_=1685498238617 HTTP/1.1" 200 22
180.169.147.146 - - [31/May/2023:09:57:21 +0800] "POST /xingrg/kc/mdqp/pssh_order_operate.html HTTP/1.1" 200 12
101.229.22.40 - - [31/May/2023:09:57:21 +0800] "GET /xingrg/all/function/internal_message.html?_=1685498240087&CODE_STATE=getMsg HTTP/1.1" 200 27
114.83.219.126 - - [31/May/2023:09:57:22 +0800] "POST /xingrg/dwr/call/plaincall/AjaxCheckService.saveOrder.dwr HTTP/1.1" 200 78
222.67.234.146 - - [31/May/2023:09:57:23 +0800] "GET /xingrg/kc/buy/cgsh_order_operate.html?command=get_materiel&rest_code=00141&code=00101008150&supplier_code=00100007&order_time=2023-05-31 HTTP/1.1" 200 409
180.169.147.146 - - [31/May/2023:09:57:23 +0800] "GET /xingrg/kc/mdqp/pssh_order_info.html?code=312023052300502 HTTP/1.1" 200 14396
180.169.147.146 - - [31/May/2023:09:57:23 +0800] "GET /xingrg/javascript/jquery_tools/jquery-1.4.2.min.js HTTP/1.1" 404 1094
180.169.147.146 - - [31/May/2023:09:57:23 +0800] "GET /xingrg/javascript/easyui/themes/default/validatebox.css HTTP/1.1" 404 1104
180.169.147.146 - - [31/May/2023:09:57:24 +0800] "POST /xingrg/kc/mdqp/pssh_order_operate.html HTTP/1.1" 200 533
114.83.219.126 - - [31/May/2023:09:57:24 +0800] "POST /xingrg/dwr/call/plaincall/AjaxCheckService.loadOrderItems.dwr HTTP/1.1" 200 367
180.169.147.146 - - [31/May/2023:09:57:24 +0800] "GET /xingrg/kc/mdqp/pssh_order_list.html?isBack=1 HTTP/1.1" 200 17846
180.164.3.199 - - [31/May/2023:09:57:25 +0800] "GET /xingrg/all/function/internal_message.html?_=1685498244173&CODE_STATE=getMsg HTTP/1.1" 200 27
180.169.147.146 - - [31/May/2023:09:57:25 +0800] "POST /xingrg/kc/mdqp/pssh_list_operate.html HTTP/1.1" 200 5493
222.67.234.146 - - [31/May/2023:09:57:25 +0800] "POST /xingrg/kc/buy/cgsh_order_operate.html HTTP/1.1" 200 2065
101.83.145.52 - - [31/May/2023:09:57:26 +0800] "GET /xingrg/all/function/internal_message.html?_=1685498248445&CODE_STATE=getMsg HTTP/1.1" 200 27
222.70.180.90 - - [31/May/2023:09:57:26 +0800] "GET /xingrg/kc/base/wldb_order_operate.html?command=get_materiel&rest_code=00111&base_code=0010283&code=00101019288 HTTP/1.1" 200 456
222.70.180.90 - - [31/May/2023:09:57:28 +0800] "GET /xingrg/all/function/internal_message.html?_=1685498244908&CODE_STATE=getMsg HTTP/1.1" 200 27
114.83.219.126 - - [31/May/2023:09:57:30 +0800] "POST /xingrg/dwr/call/plaincall/AjaxCheckService.importOrderItems.dwr HTTP/1.1" 200 78
180.152.240.79 - - [31/May/2023:09:57:31 +0800] "GET /xingrg/all/function/internal_message.html?_=1685498255047&CODE_STATE=getMsg HTTP/1.1" 200 27
222.67.234.146 - - [31/May/2023:09:57:34 +0800] "GET /xingrg/kc/buy/cgsh_order_operate.html?command=get_materiel&rest_code=00141&code=00101019150&supplier_code=00100007&order_time=2023-05-31 HTTP/1.1" 200 435
114.83.219.126 - - [31/May/2023:09:57:34 +0800] "POST /xingrg/dwr/call/plaincall/AjaxCheckService.loadOrderItems.dwr HTTP/1.1" 200 22921
116.232.195.127 - - [31/May/2023:09:57:34 +0800] "GET /xingrg/check_reg.html?_=1685498254575 HTTP/1.1" 200 22
116.232.195.127 - - [31/May/2023:09:57:34 +0800] "GET /xingrg/all/function/internal_message.html?_=1685498254578&CODE_STATE=getMsg HTTP/1.1" 200 27
218.81.217.41 - - [31/May/2023:09:57:35 +0800] "POST /xingrg/services/DataTransmitService HTTP/1.1" 200 524
114.83.219.126 - - [31/May/2023:09:57:38 +0800] "GET /xingrg/kc/print/load_config.html?_=1685498359440&kc_code=check HTTP/1.1" 200 2488
114.83.219.126 - - [31/May/2023:09:57:39 +0800] "GET /xingrg/kc/print/load_data.html?_=1685498359532&order_code=452023053100296&kc_code=check&condition= HTTP/1.1" 200 6107
101.83.145.52 - - [31/May/2023:09:57:39 +0800] "GET /xingrg/all/function/internal_message.html?_=1685498090523&CODE_STATE=getMsg HTTP/1.1" 200 27
222.70.180.90 - - [31/May/2023:09:57:42 +0800] "GET /xingrg/kc/base/wldb_order_operate.html?command=get_materiel&rest_code=00111&base_code=0010283&code=00101019371 HTTP/1.1" 200 475
58.40.7.146 - - [31/May/2023:09:57:42 +0800] "GET /xingrg/all/function/internal_message.html?_=1685498262102&CODE_STATE=getMsg HTTP/1.1" 200 27
180.169.147.146 - - [31/May/2023:09:57:43 +0800] "GET /xingrg/all/function/internal_message.html?_=1685498262708&CODE_STATE=getMsg HTTP/1.1" 302 -
222.67.234.146 - - [31/May/2023:09:57:43 +0800] "GET /xingrg/kc/buy/cgsh_order_operate.html?command=get_materiel&rest_code=00141&code=00101008165&supplier_code=00100007&order_time=2023-05-31 HTTP/1.1" 200 416
218.81.217.41 - - [31/May/2023:09:57:44 +0800] "GET /xingrg/all/function/internal_message.html?_=1685498273603&CODE_STATE=getMsg HTTP/1.1" 200 27
114.83.221.184 - - [31/May/2023:09:57:48 +0800] "GET /xingrg/all/function/internal_message.html?_=1685498266702&CODE_STATE=getMsg HTTP/1.1" 200 27
180.169.147.146 - - [31/May/2023:09:57:49 +0800] "GET /xingrg/check_reg.html?_=1685498262672 HTTP/1.1" 200 22
222.67.234.146 - - [31/May/2023:09:57:50 +0800] "GET /xingrg/all/function/internal_message.html?_=1685497777361&CODE_STATE=getMsg HTTP/1.1" 200 27
124.79.246.33 - - [31/May/2023:09:57:51 +0800] "GET /xingrg/all/function/internal_message.html?_=1685498551263&CODE_STATE=getMsg HTTP/1.1" 200 27
183.193.137.82 - - [31/May/2023:09:57:52 +0800] "GET /xingrg/check_reg.html?_=1685498274291 HTTP/1.1" 200 22
183.193.137.82 - - [31/May/2023:09:57:52 +0800] "GET /xingrg/all/function/internal_message.html?_=1685498274295&CODE_STATE=getMsg HTTP/1.1" 200 27
180.169.147.146 - - [31/May/2023:09:57:53 +0800] "GET /xingrg/all/function/internal_message.html?_=1685498272972&CODE_STATE=getMsg HTTP/1.1" 302 -
222.67.234.146 - - [31/May/2023:09:57:58 +0800] "GET /xingrg/kc/buy/cgsh_order_operate.html?command=get_materiel&rest_code=00141&code=00101008229&supplier_code=00100007&order_time=2023-05-31 HTTP/1.1" 200 420
180.157.252.9 - - [31/May/2023:09:58:00 +0800] "GET /xingrg/all/function/internal_message.html?_=1685498280014&CODE_STATE=getMsg HTTP/1.1" 200 27
114.85.113.108 - - [31/May/2023:09:58:02 +0800] "GET /xingrg/all/function/internal_message.html?_=1685498254505&CODE_STATE=getMsg HTTP/1.1" 200 27
180.169.147.146 - - [31/May/2023:09:58:02 +0800] "GET /xingrg/check_reg.html?_=1685498281484 HTTP/1.1" 302 -
114.85.113.108 - - [31/May/2023:09:58:02 +0800] "GET /xingrg/check_reg.html?_=1685498254666 HTTP/1.1" 200 22
116.232.195.127 - - [31/May/2023:09:58:04 +0800] "GET /xingrg/all/function/internal_message.html?_=1685498314771&CODE_STATE=getMsg HTTP/1.1" 200 27
222.70.180.90 - - [31/May/2023:09:58:06 +0800] "GET /xingrg/all/function/internal_message.html?_=1685498284361&CODE_STATE=getMsg HTTP/1.1" 200 27
222.70.180.90 - - [31/May/2023:09:58:06 +0800] "GET /xingrg/kc/base/wldb_order_operate.html?command=get_materiel&rest_code=00111&base_code=0010283&code=00101020144 HTTP/1.1" 200 450
116.238.139.35 - - [31/May/2023:09:58:07 +0800] "GET /xingrg/all/function/internal_message.html?_=1685498287653&CODE_STATE=getMsg HTTP/1.1" 200 27
222.67.234.146 - - [31/May/2023:09:58:09 +0800] "GET /xingrg/kc/buy/cgsh_order_operate.html?command=get_materiel&rest_code=00141&code=00101008706&supplier_code=00100007&order_time=2023-05-31 HTTP/1.1" 200 413
180.169.147.146 - - [31/May/2023:09:58:10 +0800] "GET /xingrg/all/function/internal_message.html?_=1685498283639&CODE_STATE=getMsg HTTP/1.1" 200 27
116.238.139.35 - - [31/May/2023:09:58:13 +0800] "GET /xingrg/kc/base/check_order_list.html?isBack=1 HTTP/1.1" 200 16223
116.238.139.35 - - [31/May/2023:09:58:14 +0800] "POST /xingrg/kc/base/check_list_operate.html HTTP/1.1" 200 1569
114.83.219.126 - - [31/May/2023:09:58:15 +0800] "POST /xingrg/dwr/call/plaincall/AjaxCheckService.deleteOrder.dwr HTTP/1.1" 200 78
124.78.155.81 - - [31/May/2023:09:58:16 +0800] "GET /xingrg/check_reg.html?_=1685498300024 HTTP/1.1" 200 22
124.78.155.81 - - [31/May/2023:09:58:16 +0800] "GET /xingrg/all/function/internal_message.html?_=1685498300025&CODE_STATE=getMsg HTTP/1.1" 200 27
222.70.180.90 - - [31/May/2023:09:58:16 +0800] "POST /xingrg/kc/base/wldb_order_operate.html HTTP/1.1" 200 37
222.70.180.90 - - [31/May/2023:09:58:17 +0800] "POST /xingrg/kc/base/wldb_order_operate.html HTTP/1.1" 200 4168
114.83.219.126 - - [31/May/2023:09:58:17 +0800] "GET /xingrg/kc/base/check_order_list.html HTTP/1.1" 200 16223
116.238.139.35 - - [31/May/2023:09:58:17 +0800] "GET /xingrg/kc/base/check_order_add.html HTTP/1.1" 200 26444
116.238.139.35 - - [31/May/2023:09:58:17 +0800] "GET /xingrg/dwr/interface/AjaxComOrderService.js HTTP/1.1" 200 18264
116.238.139.35 - - [31/May/2023:09:58:17 +0800] "GET /xingrg/dwr/interface/AjaxCheckService.js HTTP/1.1" 200 14003
116.238.139.35 - - [31/May/2023:09:58:17 +0800] "GET /xingrg/dwr/engine.js HTTP/1.1" 200 43631
114.83.219.126 - - [31/May/2023:09:58:17 +0800] "POST /xingrg/kc/base/check_list_operate.html HTTP/1.1" 200 781
222.70.180.90 - - [31/May/2023:09:58:18 +0800] "GET /xingrg/kc/base/wldb_order_info.html?code=422023053102581 HTTP/1.1" 200 30396
222.70.180.90 - - [31/May/2023:09:58:18 +0800] "GET /xingrg/javascript/easyui/themes/default/validatebox.css HTTP/1.1" 404 1104
222.70.180.90 - - [31/May/2023:09:58:19 +0800] "POST /xingrg/kc/base/wldb_order_operate.html HTTP/1.1" 200 4168
222.67.234.146 - - [31/May/2023:09:58:21 +0800] "GET /xingrg/kc/buy/cgsh_order_operate.html?command=get_materiel&rest_code=00141&code=00101009004&supplier_code=00100007&order_time=2023-05-31 HTTP/1.1" 200 409
222.70.180.90 - - [31/May/2023:09:58:21 +0800] "GET /xingrg/kc/print/load_data.html?order_code=422023053102581&kc_code=wldb&condition= HTTP/1.1" 200 1159
101.229.22.40 - - [31/May/2023:09:58:21 +0800] "GET /xingrg/all/function/internal_message.html?_=1685498300072&CODE_STATE=getMsg HTTP/1.1" 200 27
180.164.3.199 - - [31/May/2023:09:58:25 +0800] "GET /xingrg/check_reg.html?_=1685498304181 HTTP/1.1" 200 22
180.164.3.199 - - [31/May/2023:09:58:25 +0800] "GET /xingrg/all/function/internal_message.html?_=1685498304184&CODE_STATE=getMsg HTTP/1.1" 200 27
222.67.234.146 - - [31/May/2023:09:58:25 +0800] "POST /xingrg/kc/buy/cgsh_order_operate.html HTTP/1.1" 200 2065
101.83.145.52 - - [31/May/2023:09:58:26 +0800] "GET /xingrg/all/function/internal_message.html?_=1685498308414&CODE_STATE=getMsg HTTP/1.1" 200 27
222.67.234.146 - - [31/May/2023:09:58:26 +0800] "GET /favicon.ico HTTP/1.1" 404 -
101.83.145.52 - - [31/May/2023:09:58:27 +0800] "GET /xingrg/check_reg.html?_=1685498309667 HTTP/1.1" 200 22
222.70.180.90 - - [31/May/2023:09:58:28 +0800] "GET /xingrg/all/function/internal_message.html?_=1685498304898&CODE_STATE=getMsg HTTP/1.1" 200 27
180.152.240.79 - - [31/May/2023:09:58:30 +0800] "GET /xingrg/check_reg.html?_=1685498311091 HTTP/1.1" 200 22
114.83.219.126 - - [31/May/2023:09:58:31 +0800] "GET /xingrg/all/function/internal_message.html?_=1685498411930&CODE_STATE=getMsg HTTP/1.1" 200 27
180.152.240.79 - - [31/May/2023:09:58:31 +0800] "GET /xingrg/check_reg.html?_=1685498315050 HTTP/1.1" 200 22
180.152.240.79 - - [31/May/2023:09:58:31 +0800] "GET /xingrg/all/function/internal_message.html?_=1685498315046&CODE_STATE=getMsg HTTP/1.1" 200 27
114.83.219.126 - - [31/May/2023:09:58:32 +0800] "GET /xingrg/check_reg.html?_=1685498412922 HTTP/1.1" 200 22
222.70.180.90 - - [31/May/2023:09:58:33 +0800] "GET /xingrg/kc/base/wldb_order_add.html HTTP/1.1" 200 30381
222.70.180.90 - - [31/May/2023:09:58:33 +0800] "GET /xingrg/javascript/easyui/themes/default/validatebox.css HTTP/1.1" 404 1104
222.70.180.90 - - [31/May/2023:09:58:33 +0800] "POST /xingrg/kc/base/wldb_order_operate.html HTTP/1.1" 200 6806
222.67.234.146 - - [31/May/2023:09:58:34 +0800] "GET /xingrg/kc/buy/cgsh_order_operate.html?command=get_materiel&rest_code=00141&code=00101009044&supplier_code=00100007&order_time=2023-05-31 HTTP/1.1" 200 413
116.232.195.127 - - [31/May/2023:09:58:34 +0800] "GET /xingrg/all/function/internal_message.html?_=1685498314577&CODE_STATE=getMsg HTTP/1.1" 200 27
222.70.180.90 - - [31/May/2023:09:58:36 +0800] "GET /xingrg/javascript/jquery_tools/images/prev.gif HTTP/1.1" 404 1086
222.70.180.90 - - [31/May/2023:09:58:36 +0800] "GET /xingrg/javascript/jquery_tools/images/next.gif HTTP/1.1" 404 1086
101.83.145.52 - - [31/May/2023:09:58:39 +0800] "GET /xingrg/all/function/internal_message.html?_=1685498150512&CODE_STATE=getMsg HTTP/1.1" 200 27
58.40.7.146 - - [31/May/2023:09:58:42 +0800] "GET /xingrg/all/function/internal_message.html?_=1685498322106&CODE_STATE=getMsg HTTP/1.1" 200 27
180.169.147.146 - - [31/May/2023:09:58:43 +0800] "GET /xingrg/all/function/internal_message.html?_=1685498322692&CODE_STATE=getMsg HTTP/1.1" 302 -
218.81.217.41 - - [31/May/2023:09:58:44 +0800] "GET /xingrg/all/function/internal_message.html?_=1685498333617&CODE_STATE=getMsg HTTP/1.1" 200 27
222.67.234.146 - - [31/May/2023:09:58:44 +0800] "GET /xingrg/kc/buy/cgsh_order_operate.html?command=get_materiel&rest_code=00141&code=00101008286&supplier_code=00100007&order_time=2023-05-31 HTTP/1.1" 200 408
114.83.221.184 - - [31/May/2023:09:58:48 +0800] "GET /xingrg/all/function/internal_message.html?_=1685498326715&CODE_STATE=getMsg HTTP/1.1" 200 27
183.193.137.82 - - [31/May/2023:09:58:50 +0800] "GET /xingrg/system/sys_right.html HTTP/1.1" 200 10939
183.193.137.82 - - [31/May/2023:09:58:50 +0800] "GET /xingrg/dwr/interface/AjaxSystemService.js HTTP/1.1" 200 13657
183.193.137.82 - - [31/May/2023:09:58:50 +0800] "GET /xingrg/dwr/engine.js HTTP/1.1" 200 43631
222.67.234.146 - - [31/May/2023:09:58:50 +0800] "GET /xingrg/all/function/internal_message.html?_=1685497837411&CODE_STATE=getMsg HTTP/1.1" 200 27
183.193.137.82 - - [31/May/2023:09:58:50 +0800] "GET /xingrg/images/blue/xtjssz.png HTTP/1.1" 200 3013
183.193.137.82 - - [31/May/2023:09:58:50 +0800] "GET /xingrg/images/blue/zxyhgl.png HTTP/1.1" 200 3025
183.193.137.82 - - [31/May/2023:09:58:50 +0800] "GET /xingrg/images/blue/tyydxt.png HTTP/1.1" 200 5622
183.193.137.82 - - [31/May/2023:09:58:50 +0800] "GET /xingrg/javascript/ToolTips.js HTTP/1.1" 200 5615
183.193.137.82 - - [31/May/2023:09:58:50 +0800] "GET /xingrg/images/blue/ygxx.png HTTP/1.1" 200 2850
183.193.137.82 - - [31/May/2023:09:58:50 +0800] "GET /xingrg/images/blue/xtyhgl.png HTTP/1.1" 200 3198
183.193.137.82 - - [31/May/2023:09:58:50 +0800] "GET /xingrg/images/blue/rjxxgl.png HTTP/1.1" 200 1509
183.193.137.82 - - [31/May/2023:09:58:50 +0800] "GET /xingrg/images/blue/khdxgl.png HTTP/1.1" 200 3777
183.193.137.82 - - [31/May/2023:09:58:50 +0800] "GET /xingrg/images/blue/webjbsz.png HTTP/1.1" 200 1449
183.193.137.82 - - [31/May/2023:09:58:50 +0800] "GET /xingrg/images/blue/cy_cpzs.png HTTP/1.1" 200 2732
183.193.137.82 - - [31/May/2023:09:58:50 +0800] "GET /xingrg/images/blue/jcsz.png HTTP/1.1" 200 3405
183.193.137.82 - - [31/May/2023:09:58:50 +0800] "GET /xingrg/images/blue/logsz.png HTTP/1.1" 200 2214
124.79.246.33 - - [31/May/2023:09:58:51 +0800] "GET /xingrg/all/function/internal_message.html?_=1685498611262&CODE_STATE=getMsg HTTP/1.1" 200 27
183.193.137.82 - - [31/May/2023:09:58:51 +0800] "GET /xingrg/system/client/station.html HTTP/1.1" 200 5729
183.193.137.82 - - [31/May/2023:09:58:51 +0800] "GET /xingrg/dwr/interface/AjaxClientInfoService.js HTTP/1.1" 200 11196
183.193.137.82 - - [31/May/2023:09:58:51 +0800] "GET /xingrg/dwr/engine.js HTTP/1.1" 200 43631
183.193.137.82 - - [31/May/2023:09:58:51 +0800] "GET /xingrg/javascript/Grid.js HTTP/1.1" 200 58908
183.193.137.82 - - [31/May/2023:09:58:52 +0800] "GET /xingrg/images/blue/wait.gif HTTP/1.1" 200 1100
183.193.137.82 - - [31/May/2023:09:58:52 +0800] "GET /xingrg/javascript/jquery_easy_ui/themes/icons/back_new.png HTTP/1.1" 200 3414
183.193.137.82 - - [31/May/2023:09:58:52 +0800] "POST /xingrg/dwr/call/plaincall/AjaxClientInfoService.modifyStation.dwr HTTP/1.1" 200 1325
183.193.137.82 - - [31/May/2023:09:58:52 +0800] "GET /xingrg/all/function/internal_message.html?_=1685498334283&CODE_STATE=getMsg HTTP/1.1" 200 27
180.169.147.146 - - [31/May/2023:09:58:53 +0800] "GET /xingrg/all/function/internal_message.html?_=1685498332974&CODE_STATE=getMsg HTTP/1.1" 302 -
116.232.195.127 - - [31/May/2023:09:58:58 +0800] "POST /xingrg/dwr/call/plaincall/AjaxReportQueryService.refreshCache.dwr HTTP/1.1" 200 78
116.232.195.127 - - [31/May/2023:09:58:58 +0800] "POST /xingrg/all/report/load_report_page.html HTTP/1.1" 200 61528
116.232.195.127 - - [31/May/2023:09:58:58 +0800] "GET /xingrg/servlets/image?cache=0.11229151595623277&image=px HTTP/1.1" 200 807
180.157.252.9 - - [31/May/2023:09:59:00 +0800] "GET /xingrg/all/function/internal_message.html?_=1685498340015&CODE_STATE=getMsg HTTP/1.1" 200 27
114.85.113.108 - - [31/May/2023:09:59:02 +0800] "GET /xingrg/all/function/internal_message.html?_=1685498314479&CODE_STATE=getMsg HTTP/1.1" 200 27
116.232.195.127 - - [31/May/2023:09:59:03 +0800] "GET /xingrg/all/report/report_query.html?isQuery=1&fileName=dma/new_5.0/menu/menu_hz.xml&queryString=(a.sale_day%2520between%252020230501%2520and%252020230531)%2520and%2520(a.sid%2520in%2520(18))%2520and%2520(a.tj_code%253D8)&queryText=%25E3%2580%2590%25E8%2590%25A5%25E4%25B8%259A%25E6%2597%25A5%25E6%259C%259F%253A2023-05-01%2520%25E8%2587%25B3%25202023-05-31%25E3%2580%2591%2520%25E5%25B9%25B6%25E4%25B8%2594%2520%2520%25E3%2580%2590%25E9%2597%25A8%25E5%25BA%2597%25E5%2590%258D%25E7%25A7%25B0%2520%253D%2520%25E6%25A6%2595%25E6%25B8%25AF%25E5%2590%258D%25E8%25BD%25A9%25E8%25BF%259C%25E6%25B4%258B%25E5%25BA%2597%25E3%2580%2591%2520%25E5%25B9%25B6%25E4%25B8%2594%2520%25E3%2580%2590%25E7%25BB%259F%25E8%25AE%25A1%25E7%25B1%25BB%25E5%2588%25AB%2520%253D%2520%25E9%25A6%2599%25E7%2583%259F%25E3%2580%2591 HTTP/1.1" 200 54115
116.232.195.127 - - [31/May/2023:09:59:04 +0800] "GET /xingrg/dwr/engine.js HTTP/1.1" 200 43631
116.232.195.127 - - [31/May/2023:09:59:04 +0800] "GET /xingrg/all/function/internal_message.html?_=1685498374772&CODE_STATE=getMsg HTTP/1.1" 200 27
116.232.195.127 - - [31/May/2023:09:59:04 +0800] "GET /favicon.ico HTTP/1.1" 404 -
116.232.195.127 - - [31/May/2023:09:59:04 +0800] "POST /xingrg/all/report/load_report_page.html HTTP/1.1" 200 26783
116.232.195.127 - - [31/May/2023:09:59:04 +0800] "GET /xingrg/servlets/image?cache=0.7463469308898081&image=px HTTP/1.1" 200 807
222.70.180.90 - - [31/May/2023:09:59:06 +0800] "GET /xingrg/all/function/internal_message.html?_=1685498344342&CODE_STATE=getMsg HTTP/1.1" 200 27
222.70.180.90 - - [31/May/2023:09:59:06 +0800] "GET /xingrg/check_reg.html?_=1685498345202 HTTP/1.1" 200 22
116.238.139.35 - - [31/May/2023:09:59:07 +0800] "GET /xingrg/check_reg.html?_=1685498347658 HTTP/1.1" 200 22
116.238.139.35 - - [31/May/2023:09:59:07 +0800] "GET /xingrg/all/function/internal_message.html?_=1685498347662&CODE_STATE=getMsg HTTP/1.1" 200 27
180.169.147.146 - - [31/May/2023:09:59:10 +0800] "GET /xingrg/all/function/internal_message.html?_=1685498343622&CODE_STATE=getMsg HTTP/1.1" 200 27
222.70.180.90 - - [31/May/2023:09:59:11 +0800] "GET /xingrg/kc/base/wldb_order_operate.html?command=get_materiel&rest_code=00111&base_code=0010283&code=00101019155 HTTP/1.1" 200 477
124.78.155.81 - - [31/May/2023:09:59:16 +0800] "GET /xingrg/all/function/internal_message.html?_=1685498360022&CODE_STATE=getMsg HTTP/1.1" 200 27
101.229.22.40 - - [31/May/2023:09:59:21 +0800] "GET /xingrg/all/function/internal_message.html?_=1685498360041&CODE_STATE=getMsg HTTP/1.1" 200 27
222.67.234.146 - - [31/May/2023:09:59:22 +0800] "GET /xingrg/kc/buy/cgsh_order_operate.html?command=get_materiel&rest_code=00141&code=00101008132&supplier_code=00100007&order_time=2023-05-31 HTTP/1.1" 200 408
180.164.3.199 - - [31/May/2023:09:59:25 +0800] "GET /xingrg/all/function/internal_message.html?_=1685498364186&CODE_STATE=getMsg HTTP/1.1" 200 27
101.83.145.52 - - [31/May/2023:09:59:26 +0800] "GET /xingrg/all/function/internal_message.html?_=1685498368384&CODE_STATE=getMsg HTTP/1.1" 200 27
222.70.180.90 - - [31/May/2023:09:59:28 +0800] "GET /xingrg/all/function/internal_message.html?_=1685498364914&CODE_STATE=getMsg HTTP/1.1" 200 27
114.83.219.126 - - [31/May/2023:09:59:31 +0800] "GET /xingrg/all/function/internal_message.html?_=1685498471913&CODE_STATE=getMsg HTTP/1.1" 200 27
180.152.240.79 - - [31/May/2023:09:59:31 +0800] "GET /xingrg/all/function/internal_message.html?_=1685498375050&CODE_STATE=getMsg HTTP/1.1" 200 27
222.67.234.146 - - [31/May/2023:09:59:33 +0800] "GET /xingrg/kc/buy/cgsh_order_operate.html?command=get_materiel&rest_code=00141&code=00101008244&supplier_code=00100007&order_time=2023-05-31 HTTP/1.1" 200 408
116.232.195.127 - - [31/May/2023:09:59:34 +0800] "GET /xingrg/all/function/internal_message.html?_=1685498374578&CODE_STATE=getMsg HTTP/1.1" 200 27
222.67.234.146 - - [31/May/2023:09:59:37 +0800] "POST /xingrg/kc/buy/cgsh_order_operate.html HTTP/1.1" 200 2065
116.238.139.35 - - [31/May/2023:09:59:38 +0800] "POST /xingrg/dwr/call/plaincall/AjaxCheckService.saveOrder.dwr HTTP/1.1" 200 78
101.83.145.52 - - [31/May/2023:09:59:39 +0800] "GET /xingrg/all/function/internal_message.html?_=1685498210521&CODE_STATE=getMsg HTTP/1.1" 200 27
116.238.139.35 - - [31/May/2023:09:59:41 +0800] "POST /xingrg/dwr/call/plaincall/AjaxCheckService.loadOrderItems.dwr HTTP/1.1" 200 367
58.40.7.146 - - [31/May/2023:09:59:42 +0800] "GET /xingrg/all/function/internal_message.html?_=1685498382090&CODE_STATE=getMsg HTTP/1.1" 200 27
180.169.147.146 - - [31/May/2023:09:59:43 +0800] "GET /xingrg/all/function/internal_message.html?_=1685498382673&CODE_STATE=getMsg HTTP/1.1" 302 -
218.81.217.41 - - [31/May/2023:09:59:44 +0800] "GET /xingrg/all/function/internal_message.html?_=1685498393630&CODE_STATE=getMsg HTTP/1.1" 200 27
114.83.219.126 - - [31/May/2023:09:59:44 +0800] "GET /xingrg/kc/base/wldb_order_list.html HTTP/1.1" 200 19104
114.83.219.126 - - [31/May/2023:09:59:45 +0800] "POST /xingrg/kc/base/wldb_list_operate.html HTTP/1.1" 200 928
114.83.219.126 - - [31/May/2023:09:59:46 +0800] "GET /xingrg/kc/base/wldb_order_add.html HTTP/1.1" 200 30387
114.83.219.126 - - [31/May/2023:09:59:46 +0800] "GET /xingrg/words/20230531091915_words.js HTTP/1.1" 200 966334
114.83.219.126 - - [31/May/2023:09:59:47 +0800] "POST /xingrg/kc/base/wldb_order_operate.html HTTP/1.1" 200 6806
116.238.139.35 - - [31/May/2023:09:59:47 +0800] "POST /xingrg/kc/report/common_data.html?type=materiel_category_tree HTTP/1.1" 200 3921
114.83.219.126 - - [31/May/2023:09:59:47 +0800] "GET /xingrg/javascript/easyui/themes/default/validatebox.css HTTP/1.1" 404 1104
114.83.219.126 - - [31/May/2023:09:59:48 +0800] "POST /xingrg/all/common/load_combo.html?type=base HTTP/1.1" 200 1491
114.83.221.184 - - [31/May/2023:09:59:48 +0800] "GET /xingrg/all/function/internal_message.html?_=1685498386716&CODE_STATE=getMsg HTTP/1.1" 200 27
222.67.234.146 - - [31/May/2023:09:59:50 +0800] "GET /xingrg/all/function/internal_message.html?_=1685497897502&CODE_STATE=getMsg HTTP/1.1" 200 27
222.67.234.146 - - [31/May/2023:09:59:50 +0800] "GET /xingrg/check_reg.html?_=1685497897616 HTTP/1.1" 200 22
124.79.246.33 - - [31/May/2023:09:59:51 +0800] "GET /xingrg/check_reg.html?_=1685498671260 HTTP/1.1" 200 22
124.79.246.33 - - [31/May/2023:09:59:51 +0800] "GET /xingrg/all/function/internal_message.html?_=1685498671263&CODE_STATE=getMsg HTTP/1.1" 200 27
222.70.180.90 - - [31/May/2023:09:59:51 +0800] "POST /xingrg/kc/base/wldb_order_operate.html HTTP/1.1" 200 37
183.193.137.82 - - [31/May/2023:09:59:52 +0800] "GET /xingrg/all/function/internal_message.html?_=1685498394272&CODE_STATE=getMsg HTTP/1.1" 200 27
114.83.219.126 - - [31/May/2023:09:59:52 +0800] "GET /xingrg/javascript/auto/indicator.gif HTTP/1.1" 404 1066
222.67.234.146 - - [31/May/2023:09:59:52 +0800] "GET /xingrg/kc/buy/cgsh_order_operate.html?command=get_materiel&rest_code=00141&code=00101008224&supplier_code=00100007&order_time=2023-05-31 HTTP/1.1" 200 437
222.70.180.90 - - [31/May/2023:09:59:52 +0800] "POST /xingrg/kc/base/wldb_order_operate.html HTTP/1.1" 200 2706
116.238.139.35 - - [31/May/2023:09:59:52 +0800] "POST /xingrg/dwr/call/plaincall/AjaxCheckService.importOrderItems.dwr HTTP/1.1" 200 78
180.169.147.146 - - [31/May/2023:09:59:53 +0800] "GET /xingrg/check_reg.html?_=1685498392971 HTTP/1.1" 302 -
180.169.147.146 - - [31/May/2023:09:59:53 +0800] "GET /xingrg/all/function/internal_message.html?_=1685498392973&CODE_STATE=getMsg HTTP/1.1" 302 -
222.70.180.90 - - [31/May/2023:09:59:53 +0800] "GET /xingrg/kc/base/wldb_order_info.html?code=422023053102582 HTTP/1.1" 200 30400
222.70.180.90 - - [31/May/2023:09:59:53 +0800] "GET /xingrg/javascript/easyui/themes/default/validatebox.css HTTP/1.1" 404 1104
114.83.219.126 - - [31/May/2023:09:59:54 +0800] "GET /xingrg/kc/base/wldb_order_operate.html?command=get_materiel&rest_code=00154&base_code=0010724&code=00101008022 HTTP/1.1" 200 452
222.70.180.90 - - [31/May/2023:09:59:54 +0800] "POST /xingrg/kc/base/wldb_order_operate.html HTTP/1.1" 200 2706
116.238.139.35 - - [31/May/2023:09:59:55 +0800] "POST /xingrg/dwr/call/plaincall/AjaxCheckService.loadOrderItems.dwr HTTP/1.1" 200 286914
114.83.219.126 - - [31/May/2023:09:59:56 +0800] "POST /xingrg/all/common/load_select.html HTTP/1.1" 200 25
222.70.180.90 - - [31/May/2023:09:59:56 +0800] "GET /xingrg/kc/print/load_data.html?order_code=422023053102582&kc_code=wldb&condition= HTTP/1.1" 200 720
114.83.219.126 - - [31/May/2023:09:59:57 +0800] "GET /xingrg/kc/base/wldb_order_operate.html?command=get_materiel_price&rest_code=00154&base_code=0010724&code=00101008022&unit_code=00100032 HTTP/1.1" 200 34
180.157.252.9 - - [31/May/2023:10:00:00 +0800] "GET /xingrg/all/function/internal_message.html?_=1685498400017&CODE_STATE=getMsg HTTP/1.1" 200 27
114.85.113.108 - - [31/May/2023:10:00:02 +0800] "GET /xingrg/all/function/internal_message.html?_=1685498374454&CODE_STATE=getMsg HTTP/1.1" 200 27
116.232.195.127 - - [31/May/2023:10:00:04 +0800] "GET /xingrg/check_reg.html?_=1685498434768 HTTP/1.1" 200 22
116.232.195.127 - - [31/May/2023:10:00:04 +0800] "GET /xingrg/all/function/internal_message.html?_=1685498434776&CODE_STATE=getMsg HTTP/1.1" 200 27
218.81.217.41 - - [31/May/2023:10:00:05 +0800] "GET /xingrg/kc/buy/cgsh_order_list.html HTTP/1.1" 200 55734
222.70.180.90 - - [31/May/2023:10:00:05 +0800] "GET /xingrg/kc/base/wldb_order_list.html HTTP/1.1" 200 19098
222.70.180.90 - - [31/May/2023:10:00:06 +0800] "GET /xingrg/all/function/internal_message.html?_=1685498404325&CODE_STATE=getMsg HTTP/1.1" 200 27
222.70.180.90 - - [31/May/2023:10:00:06 +0800] "POST /xingrg/kc/base/wldb_list_operate.html HTTP/1.1" 200 5515
116.238.139.35 - - [31/May/2023:10:00:07 +0800] "GET /xingrg/all/function/internal_message.html?_=1685498407662&CODE_STATE=getMsg HTTP/1.1" 200 27
116.238.139.35 - - [31/May/2023:10:00:08 +0800] "GET /xingrg/kc/print/load_config.html?_=1685498407685&kc_code=check HTTP/1.1" 200 2488
116.238.139.35 - - [31/May/2023:10:00:08 +0800] "GET /xingrg/kc/print/load_data.html?_=1685498407805&order_code=452023053100297&kc_code=check&condition= HTTP/1.1" 200 74326
222.70.180.90 - - [31/May/2023:10:00:08 +0800] "POST /xingrg/kc/base/wldb_list_operate.html HTTP/1.1" 200 627
222.67.234.146 - - [31/May/2023:10:00:09 +0800] "GET /xingrg/kc/buy/cgsh_order_operate.html?command=get_materiel&rest_code=00141&code=00101008300&supplier_code=00100007&order_time=2023-05-31 HTTP/1.1" 200 412
222.70.180.90 - - [31/May/2023:10:00:09 +0800] "GET /xingrg/kc/base/wldb_order_info.html?code=422023053102580 HTTP/1.1" 200 30398
218.81.217.41 - - [31/May/2023:10:00:10 +0800] "POST /xingrg/kc/buy/cgsh_list_operate.html HTTP/1.1" 200 3156
222.70.180.90 - - [31/May/2023:10:00:10 +0800] "GET /xingrg/javascript/easyui/themes/default/validatebox.css HTTP/1.1" 404 1104
180.169.147.146 - - [31/May/2023:10:00:10 +0800] "GET /xingrg/all/function/internal_message.html?_=1685498403605&CODE_STATE=getMsg HTTP/1.1" 200 27
222.70.180.90 - - [31/May/2023:10:00:11 +0800] "POST /xingrg/kc/base/wldb_order_operate.html HTTP/1.1" 200 4693
218.81.217.41 - - [31/May/2023:10:00:14 +0800] "GET /xingrg/kc/buy/cgsh_order_add.html HTTP/1.1" 200 71510
218.81.217.41 - - [31/May/2023:10:00:15 +0800] "POST /xingrg/kc/buy/cgsh_order_operate.html HTTP/1.1" 200 8245
218.81.217.41 - - [31/May/2023:10:00:15 +0800] "GET /xingrg/javascript/easyui/themes/default/validatebox.css HTTP/1.1" 404 1104
124.78.155.81 - - [31/May/2023:10:00:16 +0800] "GET /xingrg/all/function/internal_message.html?_=1685498420021&CODE_STATE=getMsg HTTP/1.1" 200 27
180.152.240.79 - - [31/May/2023:10:00:17 +0800] "POST /xingrg/kc/buy/cgsh_order_operate.html HTTP/1.1" 200 37
101.229.22.40 - - [31/May/2023:10:00:21 +0800] "GET /xingrg/all/function/internal_message.html?_=1685498420027&CODE_STATE=getMsg HTTP/1.1" 200 27
180.152.240.79 - - [31/May/2023:10:00:21 +0800] "POST /xingrg/kc/buy/cgsh_order_operate.html HTTP/1.1" 200 26448
222.70.180.90 - - [31/May/2023:10:00:24 +0800] "GET /xingrg/kc/base/wldb_order_operate.html?command=get_materiel&rest_code=00111&base_code=0010283&code=00101013048 HTTP/1.1" 200 432
222.67.234.146 - - [31/May/2023:10:00:24 +0800] "GET /xingrg/kc/buy/cgsh_order_operate.html?command=get_materiel&rest_code=00141&code=00101015060&supplier_code=00100007&order_time=2023-05-31 HTTP/1.1" 200 413
180.164.3.199 - - [31/May/2023:10:00:25 +0800] "GET /xingrg/all/function/internal_message.html?_=1685498424175&CODE_STATE=getMsg HTTP/1.1" 200 27
101.83.145.52 - - [31/May/2023:10:00:26 +0800] "GET /xingrg/all/function/internal_message.html?_=1685498428354&CODE_STATE=getMsg HTTP/1.1" 200 27
222.70.180.90 - - [31/May/2023:10:00:28 +0800] "GET /xingrg/check_reg.html?_=1685498424903 HTTP/1.1" 200 22
222.70.180.90 - - [31/May/2023:10:00:28 +0800] "GET /xingrg/all/function/internal_message.html?_=1685498424904&CODE_STATE=getMsg HTTP/1.1" 200 27
222.70.180.90 - - [31/May/2023:10:00:30 +0800] "POST /xingrg/kc/base/wldb_order_operate.html HTTP/1.1" 200 37
114.83.219.126 - - [31/May/2023:10:00:31 +0800] "GET /xingrg/all/function/internal_message.html?_=1685498531897&CODE_STATE=getMsg HTTP/1.1" 200 27
180.152.240.79 - - [31/May/2023:10:00:31 +0800] "GET /xingrg/all/function/internal_message.html?_=1685498435048&CODE_STATE=getMsg HTTP/1.1" 200 27
222.70.180.90 - - [31/May/2023:10:00:31 +0800] "POST /xingrg/kc/base/wldb_order_operate.html HTTP/1.1" 200 5164
