124.78.155.81 - - [31/May/2023:09:44:16 +0800] "GET /xingrg/all/function/internal_message.html?_=1685497460014&CODE_STATE=getMsg HTTP/1.1" 200 27
101.229.22.40 - - [31/May/2023:09:44:17 +0800] "GET /xingrg/kc/buy/cgsh_order_operate.html?command=get_materiel&rest_code=00142&code=00101001053&supplier_code=00100207&order_time=2023-05-30 HTTP/1.1" 200 411
116.238.139.35 - - [31/May/2023:09:44:17 +0800] "GET /xingrg/kc/buy/cgsh_order_operate.html?command=get_materiel&rest_code=00151&code=00101012039&supplier_code=00100096&order_time=2023-05-31 HTTP/1.1" 200 23
101.83.145.52 - - [31/May/2023:09:44:18 +0800] "POST /xingrg/kc/buy/cgsh_order_operate.html HTTP/1.1" 200 4422
101.229.22.40 - - [31/May/2023:09:44:20 +0800] "GET /xingrg/all/function/internal_message.html?_=1685497458593&CODE_STATE=getMsg HTTP/1.1" 200 27
183.193.137.82 - - [31/May/2023:09:44:21 +0800] "POST /xingrg/dwr/call/plaincall/AjaxReportQueryService.refreshCache.dwr HTTP/1.1" 200 78
180.164.3.199 - - [31/May/2023:09:44:23 +0800] "GET /xingrg/all/function/internal_message.html?_=1685497462319&CODE_STATE=getMsg HTTP/1.1" 200 27
180.157.252.9 - - [31/May/2023:09:44:24 +0800] "POST /xingrg/kc/buy/cgsh_list_operate.html HTTP/1.1" 200 4
222.67.234.146 - - [31/May/2023:09:44:24 +0800] "POST /xingrg/kc/buy/cgsh_order_operate.html HTTP/1.1" 200 88
222.70.180.90 - - [31/May/2023:09:44:24 +0800] "GET /xingrg/kc/base/wldb_order_operate.html?command=get_materiel&rest_code=00111&base_code=0010283&code=00101013081 HTTP/1.1" 200 430
218.81.217.41 - - [31/May/2023:09:44:24 +0800] "GET /xingrg/kc/base/wldb_order_operate.html?command=get_materiel&rest_code=00146&base_code=0010063&code=00101016097 HTTP/1.1" 200 470
183.193.137.82 - - [31/May/2023:09:44:24 +0800] "POST /xingrg/all/report/load_report_page.html HTTP/1.1" 200 146416
183.193.137.82 - - [31/May/2023:09:44:25 +0800] "GET /xingrg/servlets/image?cache=0.7097399820050277&image=px HTTP/1.1" 200 807
101.83.145.52 - - [31/May/2023:09:44:26 +0800] "GET /xingrg/all/function/internal_message.html?_=1685497468749&CODE_STATE=getMsg HTTP/1.1" 200 27
222.70.180.90 - - [31/May/2023:09:44:28 +0800] "GET /xingrg/all/function/internal_message.html?_=1685497464902&CODE_STATE=getMsg HTTP/1.1" 200 27
114.83.219.126 - - [31/May/2023:09:44:31 +0800] "GET /xingrg/all/function/internal_message.html?_=1685497572131&CODE_STATE=getMsg HTTP/1.1" 200 27
116.238.139.35 - - [31/May/2023:09:44:31 +0800] "POST /xingrg/kc/buy/cgsh_order_operate.html HTTP/1.1" 200 37
180.152.240.79 - - [31/May/2023:09:44:31 +0800] "GET /xingrg/all/function/internal_message.html?_=1685497475025&CODE_STATE=getMsg HTTP/1.1" 200 27
180.157.252.9 - - [31/May/2023:09:44:33 +0800] "GET /xingrg/all/function/internal_message.html?_=1685497472910&CODE_STATE=getMsg HTTP/1.1" 200 27
222.70.180.90 - - [31/May/2023:09:44:34 +0800] "GET /xingrg/kc/base/wldb_order_operate.html?command=get_materiel&rest_code=00111&base_code=0010283&code=00101013093 HTTP/1.1" 200 450
120.253.135.82 - - [31/May/2023:09:44:38 +0800] "GET /xingrg/all/function/internal_message.html?_=1685497314304&CODE_STATE=getMsg HTTP/1.1" 200 27
101.83.145.52 - - [31/May/2023:09:44:39 +0800] "GET /xingrg/all/function/internal_message.html?_=1685497310493&CODE_STATE=getMsg HTTP/1.1" 200 27
222.67.234.146 - - [31/May/2023:09:44:39 +0800] "POST /xingrg/kc/buy/cgsh_order_operate.html HTTP/1.1" 200 37
116.238.139.35 - - [31/May/2023:09:44:39 +0800] "POST /xingrg/kc/buy/cgsh_order_operate.html HTTP/1.1" 200 3856
58.40.7.146 - - [31/May/2023:09:44:42 +0800] "GET /xingrg/all/function/internal_message.html?_=1685497482086&CODE_STATE=getMsg HTTP/1.1" 200 27
218.81.217.41 - - [31/May/2023:09:44:43 +0800] "GET /xingrg/all/function/internal_message.html?_=1685497492568&CODE_STATE=getMsg HTTP/1.1" 200 27
116.238.139.35 - - [31/May/2023:09:44:43 +0800] "GET /xingrg/login.html HTTP/1.1" 200 7641
180.169.147.146 - - [31/May/2023:09:44:43 +0800] "GET /xingrg/all/function/internal_message.html?_=1685497482863&CODE_STATE=getMsg HTTP/1.1" 302 -
116.238.139.35 - - [31/May/2023:09:44:44 +0800] "GET /favicon.ico HTTP/1.1" 404 -
114.83.221.184 - - [31/May/2023:09:44:48 +0800] "GET /xingrg/all/function/internal_message.html?_=1685497486666&CODE_STATE=getMsg HTTP/1.1" 200 27
222.67.234.146 - - [31/May/2023:09:44:50 +0800] "GET /xingrg/check_reg.html?_=1685496997547 HTTP/1.1" 200 22
222.67.234.146 - - [31/May/2023:09:44:50 +0800] "GET /xingrg/all/function/internal_message.html?_=1685496997577&CODE_STATE=getMsg HTTP/1.1" 200 27
116.238.139.35 - - [31/May/2023:09:44:50 +0800] "POST /xingrg/login.do HTTP/1.1" 302 -
101.229.22.40 - - [31/May/2023:09:44:50 +0800] "GET /xingrg/kc/buy/cgsh_order_operate.html?command=get_materiel&rest_code=00142&code=00101010161&supplier_code=00100207&order_time=2023-05-30 HTTP/1.1" 200 411
116.238.139.35 - - [31/May/2023:09:44:50 +0800] "GET /favicon.ico HTTP/1.1" 404 -
116.238.139.35 - - [31/May/2023:09:44:50 +0800] "GET /xingrg/index.html?sysBaseUrl=http%3A%2F%2F180.169.147.146%3A18081%2Fxingrg%2F&costTime=1364×tamp=1685497490647 HTTP/1.1" 200 17177
116.238.139.35 - - [31/May/2023:09:44:51 +0800] "GET /xingrg/all/function/internal_message.html?_=1685497490861&CODE_STATE=count HTTP/1.1" 200 11
116.238.139.35 - - [31/May/2023:09:44:51 +0800] "GET /xingrg/check_reg.html?_=1685497490862 HTTP/1.1" 200 22
124.79.246.33 - - [31/May/2023:09:44:51 +0800] "GET /xingrg/check_reg.html?_=1685497771235 HTTP/1.1" 200 22
124.79.246.33 - - [31/May/2023:09:44:51 +0800] "GET /xingrg/all/function/internal_message.html?_=1685497771236&CODE_STATE=getMsg HTTP/1.1" 200 27
116.238.139.35 - - [31/May/2023:09:44:51 +0800] "POST /xingrg/all/common/load_tree.html?tree=area_rest_tree_json&manage=1 HTTP/1.1" 200 476
116.238.139.35 - - [31/May/2023:09:44:51 +0800] "POST /xingrg/load_menu.html HTTP/1.1" 200 5138
222.70.180.90 - - [31/May/2023:09:44:51 +0800] "GET /xingrg/kc/base/wldb_order_operate.html?command=get_materiel&rest_code=00111&base_code=0010283&code=00101016028 HTTP/1.1" 200 433
222.67.234.146 - - [31/May/2023:09:44:52 +0800] "POST /xingrg/kc/buy/cgsh_order_operate.html HTTP/1.1" 200 12
180.157.252.9 - - [31/May/2023:09:44:52 +0800] "POST /xingrg/kc/buy/cgsh_list_operate.html HTTP/1.1" 200 986
180.169.147.146 - - [31/May/2023:09:44:53 +0800] "GET /xingrg/all/function/internal_message.html?_=1685497492963&CODE_STATE=getMsg HTTP/1.1" 302 -
180.169.147.146 - - [31/May/2023:09:44:53 +0800] "GET /xingrg/check_reg.html?_=1685497492964 HTTP/1.1" 302 -
101.83.145.52 - - [31/May/2023:09:44:55 +0800] "POST /xingrg/kc/buy/cgsh_list_operate.html HTTP/1.1" 200 6121
116.238.139.35 - - [31/May/2023:09:44:55 +0800] "GET /xingrg/kc/buy/cgsh_order_list.html HTTP/1.1" 200 55732
183.193.137.82 - - [31/May/2023:09:44:56 +0800] "GET /xingrg/all/function/internal_message.html?_=1685497498693&CODE_STATE=getMsg HTTP/1.1" 200 27
222.67.234.146 - - [31/May/2023:09:44:57 +0800] "GET /xingrg/kc/buy/cgsh_order_info.html?code=212023053111718 HTTP/1.1" 200 66421
222.67.234.146 - - [31/May/2023:09:44:57 +0800] "GET /xingrg/javascript/easyui/themes/default/validatebox.css HTTP/1.1" 404 1104
180.157.252.9 - - [31/May/2023:09:44:58 +0800] "GET /xingrg/kc/base/base_main.html HTTP/1.1" 200 12142
180.157.252.9 - - [31/May/2023:09:45:00 +0800] "GET /xingrg/kc/base/check_order_list.html HTTP/1.1" 200 16221
222.67.234.146 - - [31/May/2023:09:45:00 +0800] "POST /xingrg/kc/buy/cgsh_order_operate.html HTTP/1.1" 200 5945
180.157.252.9 - - [31/May/2023:09:45:00 +0800] "POST /xingrg/kc/base/check_list_operate.html HTTP/1.1" 200 781
180.157.252.9 - - [31/May/2023:09:45:01 +0800] "POST /xingrg/kc/buy/cgsh_list_operate.html HTTP/1.1" 200 986
114.85.113.108 - - [31/May/2023:09:45:02 +0800] "GET /xingrg/all/function/internal_message.html?_=1685497474437&CODE_STATE=getMsg HTTP/1.1" 200 27
222.67.234.146 - - [31/May/2023:09:45:02 +0800] "GET /xingrg/kc/print/load_data.html?order_code=212023053111718&kc_code=cgsh&condition= HTTP/1.1" 200 2830
222.70.180.90 - - [31/May/2023:09:45:04 +0800] "GET /xingrg/kc/base/wldb_order_operate.html?command=get_materiel&rest_code=00111&base_code=0010283&code=00101016040 HTTP/1.1" 200 459
116.232.195.127 - - [31/May/2023:09:45:04 +0800] "GET /xingrg/check_reg.html?_=1685497534756 HTTP/1.1" 200 22
116.232.195.127 - - [31/May/2023:09:45:04 +0800] "GET /xingrg/all/function/internal_message.html?_=1685497534757&CODE_STATE=getMsg HTTP/1.1" 200 27
101.229.22.40 - - [31/May/2023:09:45:04 +0800] "GET /xingrg/javascript/jquery_tools/images/next.gif HTTP/1.1" 404 1086
101.229.22.40 - - [31/May/2023:09:45:04 +0800] "GET /xingrg/javascript/jquery_tools/images/prev.gif HTTP/1.1" 404 1086
180.157.252.9 - - [31/May/2023:09:45:05 +0800] "GET /xingrg/kc/base/check_order_add.html HTTP/1.1" 200 25170
180.157.252.9 - - [31/May/2023:09:45:05 +0800] "GET /xingrg/css/table.css HTTP/1.1" 200 3684
180.157.252.9 - - [31/May/2023:09:45:05 +0800] "GET /xingrg/dwr/interface/AjaxComOrderService.js HTTP/1.1" 200 18264
180.157.252.9 - - [31/May/2023:09:45:05 +0800] "GET /xingrg/dwr/interface/AjaxCheckService.js HTTP/1.1" 200 14003
180.157.252.9 - - [31/May/2023:09:45:05 +0800] "GET /xingrg/dwr/engine.js HTTP/1.1" 200 43631
183.193.137.82 - - [31/May/2023:09:45:06 +0800] "GET /xingrg/dma/order_info.html?id=445409&sid=1&sale_day=20230529 HTTP/1.1" 200 4353
183.193.137.82 - - [31/May/2023:09:45:06 +0800] "GET /favicon.ico HTTP/1.1" 404 -
222.70.180.90 - - [31/May/2023:09:45:06 +0800] "GET /xingrg/all/function/internal_message.html?_=1685497504632&CODE_STATE=getMsg HTTP/1.1" 200 27
222.67.234.146 - - [31/May/2023:09:45:08 +0800] "GET /xingrg/kc/buy/cgsh_order_add.html HTTP/1.1" 200 71510
222.67.234.146 - - [31/May/2023:09:45:08 +0800] "POST /xingrg/kc/buy/cgsh_order_operate.html HTTP/1.1" 200 8245
222.67.234.146 - - [31/May/2023:09:45:08 +0800] "GET /xingrg/javascript/easyui/themes/default/validatebox.css HTTP/1.1" 404 1104
180.169.147.146 - - [31/May/2023:09:45:10 +0800] "GET /xingrg/all/function/internal_message.html?_=1685497503853&CODE_STATE=getMsg HTTP/1.1" 200 27
116.238.139.35 - - [31/May/2023:09:45:12 +0800] "POST /xingrg/kc/buy/cgsh_list_operate.html HTTP/1.1" 200 1847
180.157.252.9 - - [31/May/2023:09:45:12 +0800] "POST /xingrg/dwr/call/plaincall/AjaxCheckService.saveOrder.dwr HTTP/1.1" 200 78
180.157.252.9 - - [31/May/2023:09:45:14 +0800] "POST /xingrg/dwr/call/plaincall/AjaxCheckService.loadOrderItems.dwr HTTP/1.1" 200 367
124.78.155.81 - - [31/May/2023:09:45:16 +0800] "GET /xingrg/all/function/internal_message.html?_=1685497520005&CODE_STATE=getMsg HTTP/1.1" 200 27
180.157.252.9 - - [31/May/2023:09:45:17 +0800] "POST /xingrg/kc/report/common_data.html?type=materiel_category_tree HTTP/1.1" 200 3921
101.229.22.40 - - [31/May/2023:09:45:20 +0800] "POST /xingrg/kc/buy/cgsh_order_operate.html HTTP/1.1" 200 37
116.238.139.35 - - [31/May/2023:09:45:20 +0800] "POST /xingrg/kc/buy/cgsh_list_operate.html HTTP/1.1" 200 344
101.229.22.40 - - [31/May/2023:09:45:22 +0800] "GET /xingrg/all/function/internal_message.html?_=1685497520311&CODE_STATE=getMsg HTTP/1.1" 200 27
180.164.3.199 - - [31/May/2023:09:45:23 +0800] "GET /xingrg/all/function/internal_message.html?_=1685497522297&CODE_STATE=getMsg HTTP/1.1" 200 27
180.157.252.9 - - [31/May/2023:09:45:23 +0800] "POST /xingrg/dwr/call/plaincall/AjaxCheckService.importOrderItems.dwr HTTP/1.1" 200 78
116.238.139.35 - - [31/May/2023:09:45:23 +0800] "GET /xingrg/kc/buy/cgsh_order_info.html?code=212023053111717 HTTP/1.1" 200 71107
116.238.139.35 - - [31/May/2023:09:45:24 +0800] "GET /xingrg/javascript/easyui/themes/default/validatebox.css HTTP/1.1" 404 1104
116.238.139.35 - - [31/May/2023:09:45:24 +0800] "GET /xingrg/all/common/auto_word.html?type=employee&rest_code=00151 HTTP/1.1" 200 293
116.238.139.35 - - [31/May/2023:09:45:24 +0800] "GET /xingrg/all/common/auto_word.html?type=employee&rest_code=00151 HTTP/1.1" 200 293
101.229.22.40 - - [31/May/2023:09:45:25 +0800] "POST /xingrg/kc/buy/cgsh_order_operate.html HTTP/1.1" 200 6203
116.238.139.35 - - [31/May/2023:09:45:25 +0800] "POST /xingrg/kc/buy/cgsh_order_operate.html HTTP/1.1" 200 3856
180.157.252.9 - - [31/May/2023:09:45:26 +0800] "POST /xingrg/dwr/call/plaincall/AjaxCheckService.loadOrderItems.dwr HTTP/1.1" 200 5064
180.157.252.9 - - [31/May/2023:09:45:26 +0800] "GET /xingrg/javascript/jquery_easy_ui/themes/icons/no.png HTTP/1.1" 200 922
101.83.145.52 - - [31/May/2023:09:45:26 +0800] "GET /xingrg/all/function/internal_message.html?_=1685497528730&CODE_STATE=getMsg HTTP/1.1" 200 27
222.67.234.146 - - [31/May/2023:09:45:26 +0800] "GET /xingrg/kc/buy/cgsh_order_operate.html?command=get_materiel&rest_code=00141&code=00101006065&supplier_code=00100012&order_time=2023-05-31 HTTP/1.1" 200 409
222.70.180.90 - - [31/May/2023:09:45:28 +0800] "GET /xingrg/check_reg.html?_=1685497524917 HTTP/1.1" 200 22
222.70.180.90 - - [31/May/2023:09:45:28 +0800] "GET /xingrg/all/function/internal_message.html?_=1685497524915&CODE_STATE=getMsg HTTP/1.1" 200 27
116.238.139.35 - - [31/May/2023:09:45:28 +0800] "GET /xingrg/javascript/auto/indicator.gif HTTP/1.1" 404 1066
180.157.252.9 - - [31/May/2023:09:45:30 +0800] "GET /xingrg/kc/print/load_config.html?_=1685497530156&kc_code=check HTTP/1.1" 200 2488
114.83.219.126 - - [31/May/2023:09:45:31 +0800] "GET /xingrg/all/function/internal_message.html?_=1685497632120&CODE_STATE=getMsg HTTP/1.1" 200 27
180.157.252.9 - - [31/May/2023:09:45:31 +0800] "GET /xingrg/kc/print/load_data.html?_=1685497530259&order_code=452023053100292&kc_code=check HTTP/1.1" 200 1607
180.152.240.79 - - [31/May/2023:09:45:31 +0800] "GET /xingrg/all/function/internal_message.html?_=1685497535024&CODE_STATE=getMsg HTTP/1.1" 200 27
180.157.252.9 - - [31/May/2023:09:45:33 +0800] "GET /xingrg/check_reg.html?_=1685497532465 HTTP/1.1" 200 22
180.157.252.9 - - [31/May/2023:09:45:33 +0800] "GET /xingrg/all/function/internal_message.html?_=1685497532908&CODE_STATE=getMsg HTTP/1.1" 200 27
120.253.135.82 - - [31/May/2023:09:45:38 +0800] "GET /xingrg/all/function/internal_message.html?_=1685497374317&CODE_STATE=getMsg HTTP/1.1" 200 27
101.83.145.52 - - [31/May/2023:09:45:39 +0800] "GET /xingrg/all/function/internal_message.html?_=1685497370527&CODE_STATE=getMsg HTTP/1.1" 200 27
116.238.139.35 - - [31/May/2023:09:45:40 +0800] "GET /xingrg/kc/buy/cgsh_order_operate.html?command=get_materiel&rest_code=00151&code=00101012039&supplier_code=00100096&order_time=2023-05-31 HTTP/1.1" 200 429
58.40.7.146 - - [31/May/2023:09:45:42 +0800] "GET /xingrg/all/function/internal_message.html?_=1685497542088&CODE_STATE=getMsg HTTP/1.1" 200 27
218.81.217.41 - - [31/May/2023:09:45:43 +0800] "GET /xingrg/all/function/internal_message.html?_=1685497552583&CODE_STATE=getMsg HTTP/1.1" 200 27
180.169.147.146 - - [31/May/2023:09:45:43 +0800] "GET /xingrg/all/function/internal_message.html?_=1685497542861&CODE_STATE=getMsg HTTP/1.1" 302 -
222.70.180.90 - - [31/May/2023:09:45:48 +0800] "GET /xingrg/kc/base/wldb_order_operate.html?command=get_materiel&rest_code=00111&base_code=0010283&code=00101019006 HTTP/1.1" 200 464
114.83.221.184 - - [31/May/2023:09:45:48 +0800] "GET /xingrg/all/function/internal_message.html?_=1685497546675&CODE_STATE=getMsg HTTP/1.1" 200 27
101.83.145.52 - - [31/May/2023:09:45:48 +0800] "POST /xingrg/kc/buy/cgsh_list_operate.html HTTP/1.1" 200 418
222.67.234.146 - - [31/May/2023:09:45:50 +0800] "GET /xingrg/all/function/internal_message.html?_=1685497057571&CODE_STATE=getMsg HTTP/1.1" 200 27
222.67.234.146 - - [31/May/2023:09:45:50 +0800] "GET /xingrg/kc/buy/cgsh_order_operate.html?command=get_materiel&rest_code=00141&code=00101006055&supplier_code=00100012&order_time=2023-05-31 HTTP/1.1" 200 432
116.238.139.35 - - [31/May/2023:09:45:51 +0800] "GET /xingrg/all/function/internal_message.html?_=1685497550876&CODE_STATE=getMsg HTTP/1.1" 200 27
124.79.246.33 - - [31/May/2023:09:45:51 +0800] "GET /xingrg/all/function/internal_message.html?_=1685497831233&CODE_STATE=getMsg HTTP/1.1" 200 27
180.169.147.146 - - [31/May/2023:09:45:52 +0800] "GET /xingrg/all/function/internal_message.html?_=1685497552956&CODE_STATE=getMsg HTTP/1.1" 302 -
180.157.252.9 - - [31/May/2023:09:45:53 +0800] "GET /xingrg/kc/print/load_config.html?_=1685497552332&kc_code=check HTTP/1.1" 200 2488
180.157.252.9 - - [31/May/2023:09:45:53 +0800] "GET /xingrg/kc/print/load_data.html?_=1685497552428&order_code=452023053100292&kc_code=check HTTP/1.1" 200 1607
116.238.139.35 - - [31/May/2023:09:45:54 +0800] "GET /xingrg/kc/buy/cgsh_order_operate.html?command=get_materiel&rest_code=00151&code=00101016038&supplier_code=00100096&order_time=2023-05-31 HTTP/1.1" 200 408
183.193.137.82 - - [31/May/2023:09:45:56 +0800] "GET /xingrg/all/function/internal_message.html?_=1685497558692&CODE_STATE=getMsg HTTP/1.1" 200 27
222.70.180.90 - - [31/May/2023:09:45:58 +0800] "GET /xingrg/kc/base/wldb_order_operate.html?command=get_materiel&rest_code=00111&base_code=0010283&code=00101019063 HTTP/1.1" 200 460
114.85.113.108 - - [31/May/2023:09:46:02 +0800] "GET /xingrg/all/function/internal_message.html?_=1685497534440&CODE_STATE=getMsg HTTP/1.1" 200 27
116.232.195.127 - - [31/May/2023:09:46:04 +0800] "GET /xingrg/all/function/internal_message.html?_=1685497594767&CODE_STATE=getMsg HTTP/1.1" 200 27
222.70.110.223 - - [31/May/2023:09:46:04 +0800] "POST /xingrg/services/DataTransmitService HTTP/1.1" 200 524
222.70.180.90 - - [31/May/2023:09:46:06 +0800] "GET /xingrg/all/function/internal_message.html?_=1685497564681&CODE_STATE=getMsg HTTP/1.1" 200 27
116.238.139.35 - - [31/May/2023:09:46:08 +0800] "GET /xingrg/kc/buy/cgsh_order_operate.html?command=get_materiel&rest_code=00151&code=00101016051&supplier_code=00100096&order_time=2023-05-31 HTTP/1.1" 200 408
101.229.22.40 - - [31/May/2023:09:46:08 +0800] "GET /xingrg/javascript/jquery_easy_ui/themes/default/images/tabs_active.png HTTP/1.1" 304 -
180.169.147.146 - - [31/May/2023:09:46:10 +0800] "GET /xingrg/all/function/internal_message.html?_=1685497563836&CODE_STATE=getMsg HTTP/1.1" 200 27
222.70.180.90 - - [31/May/2023:09:46:14 +0800] "GET /xingrg/kc/base/wldb_order_operate.html?command=get_materiel&rest_code=00111&base_code=0010283&code=00101019066 HTTP/1.1" 200 455
124.78.155.81 - - [31/May/2023:09:46:16 +0800] "GET /xingrg/all/function/internal_message.html?_=1685497580013&CODE_STATE=getMsg HTTP/1.1" 200 27
180.157.252.9 - - [31/May/2023:09:46:16 +0800] "GET /xingrg/kc/base/check_order_add.html HTTP/1.1" 200 25170
180.157.252.9 - - [31/May/2023:09:46:16 +0800] "GET /xingrg/dwr/interface/AjaxComOrderService.js HTTP/1.1" 200 18264
180.157.252.9 - - [31/May/2023:09:46:16 +0800] "GET /xingrg/dwr/interface/AjaxCheckService.js HTTP/1.1" 200 14003
180.157.252.9 - - [31/May/2023:09:46:16 +0800] "GET /xingrg/dwr/engine.js HTTP/1.1" 200 43631
116.238.139.35 - - [31/May/2023:09:46:17 +0800] "GET /xingrg/kc/buy/cgsh_order_operate.html?command=get_materiel&rest_code=00151&code=00101012059&supplier_code=00100096&order_time=2023-05-31 HTTP/1.1" 200 412
101.229.22.40 - - [31/May/2023:09:46:17 +0800] "POST /xingrg/kc/buy/cgsh_list_operate.html HTTP/1.1" 200 2306
180.157.252.9 - - [31/May/2023:09:46:21 +0800] "POST /xingrg/dwr/call/plaincall/AjaxCheckService.saveOrder.dwr HTTP/1.1" 200 78
101.229.22.40 - - [31/May/2023:09:46:22 +0800] "GET /xingrg/all/function/internal_message.html?_=1685497580296&CODE_STATE=getMsg HTTP/1.1" 200 27
180.164.3.199 - - [31/May/2023:09:46:23 +0800] "GET /xingrg/all/function/internal_message.html?_=1685497582272&CODE_STATE=getMsg HTTP/1.1" 200 27
180.157.252.9 - - [31/May/2023:09:46:23 +0800] "POST /xingrg/dwr/call/plaincall/AjaxCheckService.loadOrderItems.dwr HTTP/1.1" 200 367
180.157.252.9 - - [31/May/2023:09:46:25 +0800] "POST /xingrg/kc/report/common_data.html?type=materiel_category_tree HTTP/1.1" 200 3921
101.83.145.52 - - [31/May/2023:09:46:26 +0800] "GET /xingrg/all/function/internal_message.html?_=1685497588724&CODE_STATE=getMsg HTTP/1.1" 200 27
222.70.180.90 - - [31/May/2023:09:46:28 +0800] "GET /xingrg/all/function/internal_message.html?_=1685497584913&CODE_STATE=getMsg HTTP/1.1" 200 27
116.238.139.35 - - [31/May/2023:09:46:29 +0800] "GET /xingrg/kc/buy/cgsh_order_operate.html?command=get_materiel&rest_code=00151&code=00101001075&supplier_code=00100096&order_time=2023-05-31 HTTP/1.1" 200 409
180.157.252.9 - - [31/May/2023:09:46:31 +0800] "POST /xingrg/dwr/call/plaincall/AjaxCheckService.importOrderItems.dwr HTTP/1.1" 200 78
114.83.219.126 - - [31/May/2023:09:46:31 +0800] "GET /xingrg/all/function/internal_message.html?_=1685497692092&CODE_STATE=getMsg HTTP/1.1" 200 27
183.193.137.82 - - [31/May/2023:09:46:31 +0800] "GET /xingrg/logout.do HTTP/1.1" 302 -
183.193.137.82 - - [31/May/2023:09:46:31 +0800] "GET /xingrg/login.html?sysBaseUrl=http%3A%2F%2F180.169.147.146%3A18081%2Fxingrg%2F&costTime=32×tamp=1685497591307 HTTP/1.1" 200 7641
183.193.137.82 - - [31/May/2023:09:46:31 +0800] "GET /favicon.ico HTTP/1.1" 404 -
180.152.240.79 - - [31/May/2023:09:46:31 +0800] "GET /xingrg/all/function/internal_message.html?_=1685497595023&CODE_STATE=getMsg HTTP/1.1" 200 27
120.253.135.82 - - [31/May/2023:09:46:38 +0800] "GET /xingrg/all/function/internal_message.html?_=1685497434474&CODE_STATE=getMsg HTTP/1.1" 200 27
116.238.139.35 - - [31/May/2023:09:46:39 +0800] "POST /xingrg/kc/buy/cgsh_order_operate.html HTTP/1.1" 200 2065
222.70.180.90 - - [31/May/2023:09:46:39 +0800] "GET /xingrg/kc/base/wldb_order_operate.html?command=get_materiel&rest_code=00111&base_code=0010283&code=00101019164 HTTP/1.1" 200 465
101.83.145.52 - - [31/May/2023:09:46:39 +0800] "GET /xingrg/check_reg.html?_=1685497430516 HTTP/1.1" 200 22
101.83.145.52 - - [31/May/2023:09:46:39 +0800] "GET /xingrg/all/function/internal_message.html?_=1685497430519&CODE_STATE=getMsg HTTP/1.1" 200 27
27.115.124.45 - - [31/May/2023:09:46:40 +0800] "GET /xingrg/dma/order_info.html HTTP/1.1" 302 -
27.115.124.45 - - [31/May/2023:09:46:40 +0800] "GET /xingrg/login.html HTTP/1.1" 200 2139
27.115.124.53 - - [31/May/2023:09:46:40 +0800] "GET /xingrg/dma/order_info.html HTTP/1.1" 302 -
27.115.124.53 - - [31/May/2023:09:46:40 +0800] "GET /xingrg/login.html HTTP/1.1" 200 2139
27.115.124.53 - - [31/May/2023:09:46:40 +0800] "GET /xingrg/javascript/mobile/jquery.mobile-1.3.2.min.css HTTP/1.1" 200 94670
27.115.124.70 - - [31/May/2023:09:46:40 +0800] "GET /xingrg/javascript/mobile/jquery-1.8.3.min.js HTTP/1.1" 200 93637
27.115.124.109 - - [31/May/2023:09:46:40 +0800] "GET /xingrg/javascript/mobile/jquery.mobile-1.3.2.min.js HTTP/1.1" 200 145396
27.115.124.109 - - [31/May/2023:09:46:40 +0800] "GET /xingrg/javascript/mobile/images/ajax-loader.gif HTTP/1.1" 200 7825
218.81.217.41 - - [31/May/2023:09:46:40 +0800] "GET /xingrg/check_reg.html?_=1685497610432 HTTP/1.1" 200 22
183.193.137.82 - - [31/May/2023:09:46:41 +0800] "POST /xingrg/login.do HTTP/1.1" 302 -
183.193.137.82 - - [31/May/2023:09:46:41 +0800] "GET /xingrg/index.html?sysBaseUrl=http%3A%2F%2F180.169.147.146%3A18081%2Fxingrg%2F&costTime=95×tamp=1685497601136 HTTP/1.1" 200 16968
183.193.137.82 - - [31/May/2023:09:46:41 +0800] "GET /favicon.ico HTTP/1.1" 404 -
183.193.137.82 - - [31/May/2023:09:46:41 +0800] "POST /xingrg/load_menu.html HTTP/1.1" 200 677
183.193.137.82 - - [31/May/2023:09:46:41 +0800] "GET /xingrg/check_reg.html?_=1685497603553 HTTP/1.1" 200 22
183.193.137.82 - - [31/May/2023:09:46:41 +0800] "GET /xingrg/all/function/internal_message.html?_=1685497603551&CODE_STATE=count HTTP/1.1" 200 11
183.193.137.82 - - [31/May/2023:09:46:41 +0800] "POST /xingrg/all/common/load_tree.html?tree=area_rest_tree_json&manage=1 HTTP/1.1" 200 3499
58.40.7.146 - - [31/May/2023:09:46:42 +0800] "GET /xingrg/all/function/internal_message.html?_=1685497602090&CODE_STATE=getMsg HTTP/1.1" 200 27
183.193.137.82 - - [31/May/2023:09:46:42 +0800] "GET /xingrg/dwr/engine.js HTTP/1.1" 200 43631
58.40.7.146 - - [31/May/2023:09:46:42 +0800] "GET /xingrg/check_reg.html?_=1685497602747 HTTP/1.1" 200 22
183.193.137.82 - - [31/May/2023:09:46:42 +0800] "POST /xingrg/all/common/load_tree.html?tree=station_tree_json HTTP/1.1" 200 3218
183.193.137.82 - - [31/May/2023:09:46:42 +0800] "POST /xingrg/all/common/load_tree.html?tree=station_tree_json HTTP/1.1" 200 3218
218.81.217.41 - - [31/May/2023:09:46:43 +0800] "GET /xingrg/all/function/internal_message.html?_=1685497612798&CODE_STATE=getMsg HTTP/1.1" 200 27
180.169.147.146 - - [31/May/2023:09:46:43 +0800] "GET /xingrg/all/function/internal_message.html?_=1685497602841&CODE_STATE=getMsg HTTP/1.1" 302 -
180.157.252.9 - - [31/May/2023:09:46:45 +0800] "POST /xingrg/dwr/call/plaincall/AjaxCheckService.loadOrderItems.dwr HTTP/1.1" 200 101276
116.238.139.35 - - [31/May/2023:09:46:46 +0800] "GET /xingrg/kc/buy/cgsh_order_operate.html?command=get_materiel&rest_code=00151&code=00101006088&supplier_code=00100096&order_time=2023-05-31 HTTP/1.1" 200 409
114.83.221.184 - - [31/May/2023:09:46:48 +0800] "GET /xingrg/all/function/internal_message.html?_=1685497606680&CODE_STATE=getMsg HTTP/1.1" 200 27
114.83.221.184 - - [31/May/2023:09:46:48 +0800] "GET /xingrg/check_reg.html?_=1685497606682 HTTP/1.1" 200 22
222.67.234.146 - - [31/May/2023:09:46:50 +0800] "GET /xingrg/all/function/internal_message.html?_=1685497117554&CODE_STATE=getMsg HTTP/1.1" 200 27
180.157.252.9 - - [31/May/2023:09:46:50 +0800] "GET /xingrg/kc/print/load_config.html?_=1685497609767&kc_code=check HTTP/1.1" 200 2488
180.157.252.9 - - [31/May/2023:09:46:51 +0800] "GET /xingrg/kc/print/load_data.html?_=1685497609892&order_code=452023053100293&kc_code=check HTTP/1.1" 200 26077
116.238.139.35 - - [31/May/2023:09:46:51 +0800] "GET /xingrg/all/function/internal_message.html?_=1685497610870&CODE_STATE=getMsg HTTP/1.1" 200 27
124.79.246.33 - - [31/May/2023:09:46:51 +0800] "GET /xingrg/all/function/internal_message.html?_=1685497891230&CODE_STATE=getMsg HTTP/1.1" 200 27
222.67.234.146 - - [31/May/2023:09:46:52 +0800] "GET /xingrg/kc/buy/cgsh_order_operate.html?command=get_materiel&rest_code=00141&code=00101006193&supplier_code=00100012&order_time=2023-05-31 HTTP/1.1" 200 411
180.169.147.146 - - [31/May/2023:09:46:53 +0800] "GET /xingrg/all/function/internal_message.html?_=1685497612974&CODE_STATE=getMsg HTTP/1.1" 302 -
116.238.139.35 - - [31/May/2023:09:46:58 +0800] "GET /xingrg/kc/buy/cgsh_order_operate.html?command=get_materiel&rest_code=00151&code=00101006027&supplier_code=00100096&order_time=2023-05-31 HTTP/1.1" 200 411
222.70.180.90 - - [31/May/2023:09:47:00 +0800] "GET /xingrg/kc/base/wldb_order_operate.html?command=get_materiel&rest_code=00111&base_code=0010283&code=00101019187 HTTP/1.1" 200 479
114.85.113.108 - - [31/May/2023:09:47:02 +0800] "GET /xingrg/all/function/internal_message.html?_=1685497594438&CODE_STATE=getMsg HTTP/1.1" 200 27
183.193.137.82 - - [31/May/2023:09:47:03 +0800] "POST /xingrg/dma/sys/setting_operate.html HTTP/1.1" 200 4
116.232.195.127 - - [31/May/2023:09:47:04 +0800] "GET /xingrg/all/function/internal_message.html?_=1685497654761&CODE_STATE=getMsg HTTP/1.1" 200 27
222.70.180.90 - - [31/May/2023:09:47:06 +0800] "GET /xingrg/all/function/internal_message.html?_=1685497624588&CODE_STATE=getMsg HTTP/1.1" 200 27
116.238.139.35 - - [31/May/2023:09:47:08 +0800] "GET /xingrg/kc/buy/cgsh_order_operate.html?command=get_materiel&rest_code=00151&code=00101006013&supplier_code=00100096&order_time=2023-05-31 HTTP/1.1" 200 411
180.169.147.146 - - [31/May/2023:09:47:10 +0800] "GET /xingrg/all/function/internal_message.html?_=1685497623819&CODE_STATE=getMsg HTTP/1.1" 200 27
222.67.234.146 - - [31/May/2023:09:47:15 +0800] "GET /xingrg/kc/buy/cgsh_order_operate.html?command=get_materiel&rest_code=00141&code=00101006084&supplier_code=00100012&order_time=2023-05-31 HTTP/1.1" 200 413
124.78.155.81 - - [31/May/2023:09:47:16 +0800] "GET /xingrg/all/function/internal_message.html?_=1685497640009&CODE_STATE=getMsg HTTP/1.1" 200 27
116.238.139.35 - - [31/May/2023:09:47:19 +0800] "GET /xingrg/kc/buy/cgsh_order_operate.html?command=get_materiel&rest_code=00151&code=00101006178&supplier_code=00100096&order_time=2023-05-31 HTTP/1.1" 200 411
101.229.22.40 - - [31/May/2023:09:47:20 +0800] "GET /xingrg/check_reg.html?_=1685497638599 HTTP/1.1" 200 22
101.229.22.40 - - [31/May/2023:09:47:22 +0800] "GET /xingrg/all/function/internal_message.html?_=1685497640271&CODE_STATE=getMsg HTTP/1.1" 200 27
180.164.3.199 - - [31/May/2023:09:47:23 +0800] "GET /xingrg/all/function/internal_message.html?_=1685497642249&CODE_STATE=getMsg HTTP/1.1" 200 27
101.83.145.52 - - [31/May/2023:09:47:26 +0800] "GET /xingrg/all/function/internal_message.html?_=1685497648690&CODE_STATE=getMsg HTTP/1.1" 200 27
222.70.180.90 - - [31/May/2023:09:47:28 +0800] "GET /xingrg/all/function/internal_message.html?_=1685497644914&CODE_STATE=getMsg HTTP/1.1" 200 27
114.83.219.126 - - [31/May/2023:09:47:31 +0800] "GET /xingrg/all/function/internal_message.html?_=1685497752069&CODE_STATE=getMsg HTTP/1.1" 200 27
180.152.240.79 - - [31/May/2023:09:47:31 +0800] "GET /xingrg/all/function/internal_message.html?_=1685497655022&CODE_STATE=getMsg HTTP/1.1" 200 27
222.67.234.146 - - [31/May/2023:09:47:34 +0800] "GET /xingrg/kc/buy/cgsh_order_operate.html?command=get_materiel&rest_code=00141&code=00101006129&supplier_code=00100012&order_time=2023-05-31 HTTP/1.1" 200 431
116.238.139.35 - - [31/May/2023:09:47:34 +0800] "GET /xingrg/kc/buy/cgsh_order_operate.html?command=get_materiel&rest_code=00151&code=00101007061&supplier_code=00100096&order_time=2023-05-31 HTTP/1.1" 200 432
120.253.135.82 - - [31/May/2023:09:47:39 +0800] "GET /xingrg/all/function/internal_message.html?_=1685497494532&CODE_STATE=getMsg HTTP/1.1" 200 27
101.83.145.52 - - [31/May/2023:09:47:39 +0800] "GET /xingrg/all/function/internal_message.html?_=1685497490504&CODE_STATE=getMsg HTTP/1.1" 200 27
101.83.145.52 - - [31/May/2023:09:47:41 +0800] "GET /xingrg/kc/buy/cgsh_order_info.html?code=212023053111715 HTTP/1.1" 200 71601
58.40.7.146 - - [31/May/2023:09:47:42 +0800] "GET /xingrg/all/function/internal_message.html?_=1685497662093&CODE_STATE=getMsg HTTP/1.1" 200 27
101.83.145.52 - - [31/May/2023:09:47:42 +0800] "GET /xingrg/javascript/easyui/themes/default/validatebox.css HTTP/1.1" 404 1104
101.83.145.52 - - [31/May/2023:09:47:43 +0800] "POST /xingrg/kc/buy/cgsh_order_operate.html HTTP/1.1" 200 4422
218.81.217.41 - - [31/May/2023:09:47:43 +0800] "GET /xingrg/all/function/internal_message.html?_=1685497672999&CODE_STATE=getMsg HTTP/1.1" 200 27
180.169.147.146 - - [31/May/2023:09:47:43 +0800] "GET /xingrg/all/function/internal_message.html?_=1685497662841&CODE_STATE=getMsg HTTP/1.1" 302 -
114.83.221.184 - - [31/May/2023:09:47:48 +0800] "GET /xingrg/all/function/internal_message.html?_=1685497666686&CODE_STATE=getMsg HTTP/1.1" 200 27
180.169.147.146 - - [31/May/2023:09:47:49 +0800] "GET /xingrg/check_reg.html?_=1685497662695 HTTP/1.1" 200 22
222.67.234.146 - - [31/May/2023:09:47:50 +0800] "GET /xingrg/all/function/internal_message.html?_=1685497177534&CODE_STATE=getMsg HTTP/1.1" 200 27
116.238.139.35 - - [31/May/2023:09:47:51 +0800] "GET /xingrg/all/function/internal_message.html?_=1685497670869&CODE_STATE=getMsg HTTP/1.1" 200 27
124.79.246.33 - - [31/May/2023:09:47:51 +0800] "GET /xingrg/all/function/internal_message.html?_=1685497951225&CODE_STATE=getMsg HTTP/1.1" 200 27
180.169.147.146 - - [31/May/2023:09:47:53 +0800] "GET /xingrg/all/function/internal_message.html?_=1685497672967&CODE_STATE=getMsg HTTP/1.1" 302 -
222.67.234.146 - - [31/May/2023:09:47:58 +0800] "GET /xingrg/kc/buy/cgsh_order_operate.html?command=get_materiel&rest_code=00141&code=00101007043&supplier_code=00100012&order_time=2023-05-31 HTTP/1.1" 200 408
222.70.180.90 - - [31/May/2023:09:47:58 +0800] "GET /xingrg/kc/base/wldb_order_operate.html?command=get_materiel&rest_code=00111&base_code=0010283&code=00101019937 HTTP/1.1" 200 431
114.85.113.108 - - [31/May/2023:09:48:02 +0800] "GET /xingrg/all/function/internal_message.html?_=1685497654437&CODE_STATE=getMsg HTTP/1.1" 200 27
180.169.147.146 - - [31/May/2023:09:48:02 +0800] "GET /xingrg/check_reg.html?_=1685497681513 HTTP/1.1" 302 -
114.85.113.108 - - [31/May/2023:09:48:02 +0800] "GET /xingrg/check_reg.html?_=1685497654706 HTTP/1.1" 200 22
116.232.195.127 - - [31/May/2023:09:48:04 +0800] "GET /xingrg/all/function/internal_message.html?_=1685497714776&CODE_STATE=getMsg HTTP/1.1" 200 27
116.238.139.35 - - [31/May/2023:09:48:05 +0800] "POST /xingrg/kc/buy/cgsh_order_operate.html HTTP/1.1" 200 37
222.70.180.90 - - [31/May/2023:09:48:06 +0800] "GET /xingrg/all/function/internal_message.html?_=1685497684567&CODE_STATE=getMsg HTTP/1.1" 200 27
180.157.252.9 - - [31/May/2023:09:48:07 +0800] "GET /xingrg/all/function/internal_message.html?_=1685497687053&CODE_STATE=getMsg HTTP/1.1" 200 27
180.169.147.146 - - [31/May/2023:09:48:10 +0800] "GET /xingrg/all/function/internal_message.html?_=1685497683802&CODE_STATE=getMsg HTTP/1.1" 200 27
222.67.234.146 - - [31/May/2023:09:48:14 +0800] "GET /xingrg/kc/buy/cgsh_order_operate.html?command=get_materiel&rest_code=00141&code=00101018011&supplier_code=00100012&order_time=2023-05-31 HTTP/1.1" 200 413
116.238.139.35 - - [31/May/2023:09:48:15 +0800] "POST /xingrg/kc/buy/cgsh_order_operate.html HTTP/1.1" 200 12
124.78.155.81 - - [31/May/2023:09:48:16 +0800] "GET /xingrg/check_reg.html?_=1685497700022 HTTP/1.1" 200 22
124.78.155.81 - - [31/May/2023:09:48:16 +0800] "GET /xingrg/all/function/internal_message.html?_=1685497700023&CODE_STATE=getMsg HTTP/1.1" 200 27
116.238.139.35 - - [31/May/2023:09:48:18 +0800] "GET /xingrg/kc/buy/cgsh_order_info.html?code=212023053111717 HTTP/1.1" 200 66007
116.238.139.35 - - [31/May/2023:09:48:18 +0800] "GET /xingrg/words/20230531091915_words.js HTTP/1.1" 304 -
116.238.139.35 - - [31/May/2023:09:48:19 +0800] "GET /xingrg/javascript/easyui/themes/default/validatebox.css HTTP/1.1" 404 1104
116.238.139.35 - - [31/May/2023:09:48:20 +0800] "POST /xingrg/kc/buy/cgsh_order_operate.html HTTP/1.1" 200 7783
222.70.180.90 - - [31/May/2023:09:48:21 +0800] "POST /xingrg/kc/base/wldb_order_operate.html HTTP/1.1" 200 37
101.229.22.40 - - [31/May/2023:09:48:22 +0800] "GET /xingrg/all/function/internal_message.html?_=1685497700248&CODE_STATE=getMsg HTTP/1.1" 200 27
222.70.180.90 - - [31/May/2023:09:48:22 +0800] "POST /xingrg/kc/base/wldb_order_operate.html HTTP/1.1" 200 7067
116.238.139.35 - - [31/May/2023:09:48:22 +0800] "GET /xingrg/kc/print/load_config.html?kc_code=cgsh HTTP/1.1" 200 1924
180.164.3.199 - - [31/May/2023:09:48:23 +0800] "GET /xingrg/all/function/internal_message.html?_=1685497702226&CODE_STATE=getMsg HTTP/1.1" 200 27
180.164.3.199 - - [31/May/2023:09:48:23 +0800] "GET /xingrg/check_reg.html?_=1685497702444 HTTP/1.1" 200 22
116.238.139.35 - - [31/May/2023:09:48:23 +0800] "GET /xingrg/kc/print/load_data.html?order_code=212023053111717&kc_code=cgsh&condition= HTTP/1.1" 200 3443
222.67.234.146 - - [31/May/2023:09:48:24 +0800] "GET /xingrg/kc/buy/cgsh_order_operate.html?command=get_materiel&rest_code=00141&code=00101006177&supplier_code=00100012&order_time=2023-05-31 HTTP/1.1" 200 408
222.70.180.90 - - [31/May/2023:09:48:25 +0800] "GET /xingrg/kc/base/wldb_order_info.html?code=422023053102578 HTTP/1.1" 200 30396
222.70.180.90 - - [31/May/2023:09:48:25 +0800] "GET /xingrg/javascript/easyui/themes/default/validatebox.css HTTP/1.1" 404 1104
101.83.145.52 - - [31/May/2023:09:48:26 +0800] "GET /xingrg/all/function/internal_message.html?_=1685497708666&CODE_STATE=getMsg HTTP/1.1" 200 27
222.70.180.90 - - [31/May/2023:09:48:26 +0800] "POST /xingrg/kc/base/wldb_order_operate.html HTTP/1.1" 200 7067
180.157.252.9 - - [31/May/2023:09:48:27 +0800] "GET /xingrg/kc/print/load_config.html?_=1685497706777&kc_code=check HTTP/1.1" 200 2488
101.83.145.52 - - [31/May/2023:09:48:27 +0800] "GET /xingrg/check_reg.html?_=1685497709669 HTTP/1.1" 200 22
222.70.180.90 - - [31/May/2023:09:48:28 +0800] "GET /xingrg/all/function/internal_message.html?_=1685497704914&CODE_STATE=getMsg HTTP/1.1" 200 27
180.157.252.9 - - [31/May/2023:09:48:28 +0800] "GET /xingrg/kc/print/load_data.html?_=1685497706896&order_code=452023053100293&kc_code=check HTTP/1.1" 200 26077
222.70.180.90 - - [31/May/2023:09:48:29 +0800] "GET /xingrg/kc/print/load_data.html?order_code=422023053102578&kc_code=wldb&condition= HTTP/1.1" 200 2018
180.152.240.79 - - [31/May/2023:09:48:30 +0800] "GET /xingrg/check_reg.html?_=1685497711107 HTTP/1.1" 200 22
114.83.219.126 - - [31/May/2023:09:48:31 +0800] "GET /xingrg/all/function/internal_message.html?_=1685497812059&CODE_STATE=getMsg HTTP/1.1" 200 27
116.238.139.35 - - [31/May/2023:09:48:31 +0800] "GET /xingrg/kc/buy/cgsh_order_add.html HTTP/1.1" 200 71108
116.238.139.35 - - [31/May/2023:09:48:31 +0800] "POST /xingrg/kc/buy/cgsh_order_operate.html HTTP/1.1" 200 8245
116.238.139.35 - - [31/May/2023:09:48:31 +0800] "GET /xingrg/javascript/easyui/themes/default/validatebox.css HTTP/1.1" 404 1104
180.152.240.79 - - [31/May/2023:09:48:31 +0800] "GET /xingrg/check_reg.html?_=1685497715031 HTTP/1.1" 200 22
180.152.240.79 - - [31/May/2023:09:48:31 +0800] "GET /xingrg/all/function/internal_message.html?_=1685497715030&CODE_STATE=getMsg HTTP/1.1" 200 27
114.83.219.126 - - [31/May/2023:09:48:32 +0800] "GET /xingrg/check_reg.html?_=1685497812922 HTTP/1.1" 200 22
222.70.180.90 - - [31/May/2023:09:48:35 +0800] "GET /xingrg/kc/base/wldb_order_add.html HTTP/1.1" 200 30381
222.70.180.90 - - [31/May/2023:09:48:35 +0800] "POST /xingrg/kc/base/wldb_order_operate.html HTTP/1.1" 200 6806
222.70.180.90 - - [31/May/2023:09:48:35 +0800] "GET /xingrg/javascript/easyui/themes/default/validatebox.css HTTP/1.1" 404 1104
120.253.135.82 - - [31/May/2023:09:48:38 +0800] "GET /xingrg/check_reg.html?_=1685497554298 HTTP/1.1" 200 22
120.253.135.82 - - [31/May/2023:09:48:38 +0800] "GET /xingrg/all/function/internal_message.html?_=1685497554546&CODE_STATE=getMsg HTTP/1.1" 200 27
101.83.145.52 - - [31/May/2023:09:48:39 +0800] "GET /xingrg/all/function/internal_message.html?_=1685497550512&CODE_STATE=getMsg HTTP/1.1" 200 27
58.40.7.146 - - [31/May/2023:09:48:42 +0800] "GET /xingrg/all/function/internal_message.html?_=1685497722096&CODE_STATE=getMsg HTTP/1.1" 200 27
218.81.217.41 - - [31/May/2023:09:48:43 +0800] "GET /xingrg/all/function/internal_message.html?_=1685497733012&CODE_STATE=getMsg HTTP/1.1" 200 27
180.169.147.146 - - [31/May/2023:09:48:43 +0800] "GET /xingrg/all/function/internal_message.html?_=1685497722841&CODE_STATE=getMsg HTTP/1.1" 302 -
222.70.180.90 - - [31/May/2023:09:48:45 +0800] "GET /xingrg/kc/base/wldb_order_operate.html?command=get_materiel&rest_code=00111&base_code=0010283&code=00101013018 HTTP/1.1" 200 428
116.238.139.35 - - [31/May/2023:09:48:48 +0800] "GET /xingrg/kc/buy/cgsh_order_operate.html?command=get_materiel&rest_code=00151&code=00101008323&supplier_code=00100008&order_time=2023-05-31 HTTP/1.1" 200 408
114.83.221.184 - - [31/May/2023:09:48:48 +0800] "GET /xingrg/all/function/internal_message.html?_=1685497726690&CODE_STATE=getMsg HTTP/1.1" 200 27
222.67.234.146 - - [31/May/2023:09:48:50 +0800] "GET /xingrg/all/function/internal_message.html?_=1685497237512&CODE_STATE=getMsg HTTP/1.1" 200 27
116.238.139.35 - - [31/May/2023:09:48:51 +0800] "GET /xingrg/all/function/internal_message.html?_=1685497730957&CODE_STATE=getMsg HTTP/1.1" 200 27
124.79.246.33 - - [31/May/2023:09:48:51 +0800] "GET /xingrg/all/function/internal_message.html?_=1685498011237&CODE_STATE=getMsg HTTP/1.1" 200 27
180.169.147.146 - - [31/May/2023:09:48:53 +0800] "GET /xingrg/all/function/internal_message.html?_=1685497732971&CODE_STATE=getMsg HTTP/1.1" 302 -
114.85.113.108 - - [31/May/2023:09:49:02 +0800] "GET /xingrg/all/function/internal_message.html?_=1685497714440&CODE_STATE=getMsg HTTP/1.1" 200 27
116.232.195.127 - - [31/May/2023:09:49:04 +0800] "GET /xingrg/all/function/internal_message.html?_=1685497774773&CODE_STATE=getMsg HTTP/1.1" 200 27
222.70.180.90 - - [31/May/2023:09:49:06 +0800] "GET /xingrg/all/function/internal_message.html?_=1685497744550&CODE_STATE=getMsg HTTP/1.1" 200 27
222.70.180.90 - - [31/May/2023:09:49:06 +0800] "GET /xingrg/check_reg.html?_=1685497745181 HTTP/1.1" 200 22
116.238.139.35 - - [31/May/2023:09:49:10 +0800] "GET /xingrg/kc/buy/cgsh_order_operate.html?command=get_materiel&rest_code=00151&code=00101008261&supplier_code=00100008&order_time=2023-05-31 HTTP/1.1" 200 428
180.169.147.146 - - [31/May/2023:09:49:10 +0800] "GET /xingrg/all/function/internal_message.html?_=1685497743785&CODE_STATE=getMsg HTTP/1.1" 200 27
124.78.155.81 - - [31/May/2023:09:49:16 +0800] "GET /xingrg/all/function/internal_message.html?_=1685497760020&CODE_STATE=getMsg HTTP/1.1" 200 27
101.229.22.40 - - [31/May/2023:09:49:22 +0800] "GET /xingrg/all/function/internal_message.html?_=1685497760233&CODE_STATE=getMsg HTTP/1.1" 200 27
180.164.3.199 - - [31/May/2023:09:49:23 +0800] "GET /xingrg/all/function/internal_message.html?_=1685497762204&CODE_STATE=getMsg HTTP/1.1" 200 27
222.67.234.146 - - [31/May/2023:09:49:25 +0800] "POST /xingrg/kc/buy/cgsh_order_operate.html HTTP/1.1" 200 37
101.83.145.52 - - [31/May/2023:09:49:26 +0800] "GET /xingrg/all/function/internal_message.html?_=1685497768638&CODE_STATE=getMsg HTTP/1.1" 200 27
180.157.252.9 - - [31/May/2023:09:49:28 +0800] "GET /xingrg/all/function/internal_message.html?_=1685497767419&CODE_STATE=getMsg HTTP/1.1" 200 27
222.70.180.90 - - [31/May/2023:09:49:28 +0800] "GET /xingrg/all/function/internal_message.html?_=1685497764909&CODE_STATE=getMsg HTTP/1.1" 200 27
116.238.139.35 - - [31/May/2023:09:49:28 +0800] "GET /xingrg/kc/buy/cgsh_order_operate.html?command=get_materiel&rest_code=00151&code=00101008302&supplier_code=00100008&order_time=2023-05-31 HTTP/1.1" 200 412
114.83.219.126 - - [31/May/2023:09:49:31 +0800] "GET /xingrg/all/function/internal_message.html?_=1685497872034&CODE_STATE=getMsg HTTP/1.1" 200 27
180.152.240.79 - - [31/May/2023:09:49:31 +0800] "GET /xingrg/all/function/internal_message.html?_=1685497775031&CODE_STATE=getMsg HTTP/1.1" 200 27
222.67.234.146 - - [31/May/2023:09:49:32 +0800] "POST /xingrg/kc/buy/cgsh_order_operate.html HTTP/1.1" 200 12
222.70.180.90 - - [31/May/2023:09:49:34 +0800] "GET /xingrg/kc/base/wldb_order_operate.html?command=get_materiel&rest_code=00111&base_code=0010283&code=00101016019 HTTP/1.1" 200 451
222.67.234.146 - - [31/May/2023:09:49:35 +0800] "GET /xingrg/kc/buy/cgsh_order_info.html?code=212023053111719 HTTP/1.1" 200 66419
222.67.234.146 - - [31/May/2023:09:49:35 +0800] "GET /xingrg/javascript/easyui/themes/default/validatebox.css HTTP/1.1" 404 1104
222.67.234.146 - - [31/May/2023:09:49:36 +0800] "POST /xingrg/kc/buy/cgsh_order_operate.html HTTP/1.1" 200 5342
222.67.234.146 - - [31/May/2023:09:49:38 +0800] "GET /xingrg/kc/print/load_data.html?order_code=212023053111719&kc_code=cgsh&condition= HTTP/1.1" 200 2606
101.83.145.52 - - [31/May/2023:09:49:39 +0800] "GET /xingrg/all/function/internal_message.html?_=1685497610521&CODE_STATE=getMsg HTTP/1.1" 200 27
116.238.139.35 - - [31/May/2023:09:49:39 +0800] "GET /xingrg/kc/buy/cgsh_order_operate.html?command=get_materiel&rest_code=00151&code=00101008186&supplier_code=00100008&order_time=2023-05-31 HTTP/1.1" 200 408
58.40.7.146 - - [31/May/2023:09:49:42 +0800] "GET /xingrg/all/function/internal_message.html?_=1685497782098&CODE_STATE=getMsg HTTP/1.1" 200 27
222.67.234.146 - - [31/May/2023:09:49:42 +0800] "GET /xingrg/kc/buy/cgsh_order_add.html HTTP/1.1" 200 71510
222.67.234.146 - - [31/May/2023:09:49:42 +0800] "POST /xingrg/kc/buy/cgsh_order_operate.html HTTP/1.1" 200 8245
222.67.234.146 - - [31/May/2023:09:49:42 +0800] "GET /xingrg/javascript/easyui/themes/default/validatebox.css HTTP/1.1" 404 1104
218.81.217.41 - - [31/May/2023:09:49:43 +0800] "GET /xingrg/all/function/internal_message.html?_=1685497793256&CODE_STATE=getMsg HTTP/1.1" 200 27
180.169.147.146 - - [31/May/2023:09:49:43 +0800] "GET /xingrg/all/function/internal_message.html?_=1685497782824&CODE_STATE=getMsg HTTP/1.1" 302 -
114.83.221.184 - - [31/May/2023:09:49:48 +0800] "GET /xingrg/all/function/internal_message.html?_=1685497786692&CODE_STATE=getMsg HTTP/1.1" 200 27
222.67.234.146 - - [31/May/2023:09:49:50 +0800] "GET /xingrg/all/function/internal_message.html?_=1685497297477&CODE_STATE=getMsg HTTP/1.1" 200 27
222.67.234.146 - - [31/May/2023:09:49:50 +0800] "GET /xingrg/check_reg.html?_=1685497297587 HTTP/1.1" 200 22
116.238.139.35 - - [31/May/2023:09:49:51 +0800] "GET /xingrg/check_reg.html?_=1685497790882 HTTP/1.1" 200 22
116.238.139.35 - - [31/May/2023:09:49:51 +0800] "GET /xingrg/all/function/internal_message.html?_=1685497790933&CODE_STATE=getMsg HTTP/1.1" 200 27
124.79.246.33 - - [31/May/2023:09:49:51 +0800] "GET /xingrg/check_reg.html?_=1685498071232 HTTP/1.1" 200 22
124.79.246.33 - - [31/May/2023:09:49:51 +0800] "GET /xingrg/all/function/internal_message.html?_=1685498071234&CODE_STATE=getMsg HTTP/1.1" 200 27
180.169.147.146 - - [31/May/2023:09:49:53 +0800] "GET /xingrg/check_reg.html?_=1685497792971 HTTP/1.1" 302 -
180.169.147.146 - - [31/May/2023:09:49:53 +0800] "GET /xingrg/all/function/internal_message.html?_=1685497792973&CODE_STATE=getMsg HTTP/1.1" 302 -
222.67.234.146 - - [31/May/2023:09:49:54 +0800] "GET /xingrg/kc/buy/cgsh_order_operate.html?command=get_materiel&rest_code=00141&code=00101008568&supplier_code=00100450&order_time=2023-05-31 HTTP/1.1" 200 413
114.85.113.108 - - [31/May/2023:09:50:02 +0800] "GET /xingrg/all/function/internal_message.html?_=1685497774441&CODE_STATE=getMsg HTTP/1.1" 200 27
222.67.234.146 - - [31/May/2023:09:50:04 +0800] "GET /xingrg/kc/buy/cgsh_order_operate.html?command=get_materiel&rest_code=00141&code=00101009079&supplier_code=00100450&order_time=2023-05-31 HTTP/1.1" 200 409
116.232.195.127 - - [31/May/2023:09:50:04 +0800] "GET /xingrg/check_reg.html?_=1685497834776 HTTP/1.1" 200 22
116.232.195.127 - - [31/May/2023:09:50:04 +0800] "GET /xingrg/all/function/internal_message.html?_=1685497834777&CODE_STATE=getMsg HTTP/1.1" 200 27
101.83.145.52 - - [31/May/2023:09:50:06 +0800] "GET /xingrg/kc/print/load_data.html?order_code=212023053111715&kc_code=cgsh&condition= HTTP/1.1" 200 1357
222.70.180.90 - - [31/May/2023:09:50:06 +0800] "GET /xingrg/all/function/internal_message.html?_=1685497804525&CODE_STATE=getMsg HTTP/1.1" 200 27
180.169.147.146 - - [31/May/2023:09:50:10 +0800] "GET /xingrg/all/function/internal_message.html?_=1685497803768&CODE_STATE=getMsg HTTP/1.1" 200 27
124.78.155.81 - - [31/May/2023:09:50:16 +0800] "GET /xingrg/all/function/internal_message.html?_=1685497820014&CODE_STATE=getMsg HTTP/1.1" 200 27
116.238.139.35 - - [31/May/2023:09:50:17 +0800] "GET /xingrg/kc/buy/cgsh_order_operate.html?command=get_materiel&rest_code=00151&code=00101008370&supplier_code=00100008&order_time=2023-05-31 HTTP/1.1" 200 412
101.83.145.52 - - [31/May/2023:09:50:20 +0800] "GET /xingrg/kc/buy/cgsh_order_list.html HTTP/1.1" 200 55728
101.229.22.40 - - [31/May/2023:09:50:22 +0800] "GET /xingrg/all/function/internal_message.html?_=1685497820218&CODE_STATE=getMsg HTTP/1.1" 200 27
101.83.145.52 - - [31/May/2023:09:50:22 +0800] "POST /xingrg/kc/buy/cgsh_list_operate.html HTTP/1.1" 200 6121
180.164.3.199 - - [31/May/2023:09:50:23 +0800] "GET /xingrg/all/function/internal_message.html?_=1685497822183&CODE_STATE=getMsg HTTP/1.1" 200 27
101.83.145.52 - - [31/May/2023:09:50:24 +0800] "POST /xingrg/kc/buy/cgsh_list_operate.html HTTP/1.1" 200 1858
101.83.145.52 - - [31/May/2023:09:50:26 +0800] "GET /xingrg/all/function/internal_message.html?_=1685497828608&CODE_STATE=getMsg HTTP/1.1" 200 27
180.157.252.9 - - [31/May/2023:09:50:28 +0800] "GET /xingrg/all/function/internal_message.html?_=1685497827400&CODE_STATE=getMsg HTTP/1.1" 200 27
222.70.180.90 - - [31/May/2023:09:50:28 +0800] "GET /xingrg/check_reg.html?_=1685497824910 HTTP/1.1" 200 22
222.70.180.90 - - [31/May/2023:09:50:28 +0800] "GET /xingrg/all/function/internal_message.html?_=1685497824908&CODE_STATE=getMsg HTTP/1.1" 200 27
114.83.219.126 - - [31/May/2023:09:50:31 +0800] "GET /xingrg/all/function/internal_message.html?_=1685497932030&CODE_STATE=getMsg HTTP/1.1" 200 27
180.152.240.79 - - [31/May/2023:09:50:31 +0800] "GET /xingrg/all/function/internal_message.html?_=1685497835031&CODE_STATE=getMsg HTTP/1.1" 200 27
180.157.252.9 - - [31/May/2023:09:50:33 +0800] "GET /xingrg/check_reg.html?_=1685497832440 HTTP/1.1" 200 22
101.83.145.52 - - [31/May/2023:09:50:39 +0800] "GET /xingrg/all/function/internal_message.html?_=1685497670513&CODE_STATE=getMsg HTTP/1.1" 200 27
58.40.7.146 - - [31/May/2023:09:50:42 +0800] "GET /xingrg/all/function/internal_message.html?_=1685497842085&CODE_STATE=getMsg HTTP/1.1" 200 27
218.81.217.41 - - [31/May/2023:09:50:43 +0800] "GET /xingrg/all/function/internal_message.html?_=1685497853258&CODE_STATE=getMsg HTTP/1.1" 200 27
180.169.147.146 - - [31/May/2023:09:50:43 +0800] "GET /xingrg/all/function/internal_message.html?_=1685497842820&CODE_STATE=getMsg HTTP/1.1" 302 -
222.67.234.146 - - [31/May/2023:09:50:45 +0800] "GET /xingrg/kc/buy/cgsh_order_operate.html?command=get_materiel&rest_code=00141&code=00101008224&supplier_code=00100450&order_time=2023-05-31 HTTP/1.1" 200 436
114.83.221.184 - - [31/May/2023:09:50:48 +0800] "GET /xingrg/all/function/internal_message.html?_=1685497846694&CODE_STATE=getMsg HTTP/1.1" 200 27
222.67.234.146 - - [31/May/2023:09:50:50 +0800] "GET /xingrg/all/function/internal_message.html?_=1685497357448&CODE_STATE=getMsg HTTP/1.1" 200 27
116.238.139.35 - - [31/May/2023:09:50:50 +0800] "GET /xingrg/kc/buy/cgsh_order_operate.html?command=get_materiel&rest_code=00151&code=00101008355&supplier_code=00100008&order_time=2023-05-31 HTTP/1.1" 200 408
116.238.139.35 - - [31/May/2023:09:50:51 +0800] "GET /xingrg/all/function/internal_message.html?_=1685497850912&CODE_STATE=getMsg HTTP/1.1" 200 27
124.79.246.33 - - [31/May/2023:09:50:51 +0800] "GET /xingrg/all/function/internal_message.html?_=1685498131228&CODE_STATE=getMsg HTTP/1.1" 200 27
180.169.147.146 - - [31/May/2023:09:50:53 +0800] "GET /xingrg/all/function/internal_message.html?_=1685497852963&CODE_STATE=getMsg HTTP/1.1" 302 -
