218.81.217.41 - - [31/May/2023:09:35:13 +0800] "POST /xingrg/services/DataTransmitService HTTP/1.1" 200 524
222.67.234.146 - - [31/May/2023:09:35:14 +0800] "GET /xingrg/kc/buy/cgsh_order_info.html?code=212023053011242 HTTP/1.1" 200 71519
218.81.217.41 - - [31/May/2023:09:35:14 +0800] "POST /xingrg/services/DataTransmitService HTTP/1.1" 200 412
222.67.234.146 - - [31/May/2023:09:35:14 +0800] "GET /xingrg/words/20230531091915_words.js HTTP/1.1" 200 966334
222.67.234.146 - - [31/May/2023:09:35:14 +0800] "GET /xingrg/javascript/easyui/themes/default/validatebox.css HTTP/1.1" 404 1104
222.67.234.146 - - [31/May/2023:09:35:14 +0800] "GET /xingrg/all/common/auto_word.html?type=employee&rest_code=00141 HTTP/1.1" 200 201
222.67.234.146 - - [31/May/2023:09:35:14 +0800] "GET /xingrg/all/common/auto_word.html?type=employee&rest_code=00141 HTTP/1.1" 200 201
218.81.217.41 - - [31/May/2023:09:35:15 +0800] "POST /xingrg/services/DataTransmitService HTTP/1.1" 200 524
116.238.139.35 - - [31/May/2023:09:35:16 +0800] "POST /xingrg/kc/mdqp/pssh_order_operate.html HTTP/1.1" 200 37
218.81.217.41 - - [31/May/2023:09:35:16 +0800] "POST /xingrg/services/DataTransmitService HTTP/1.1" 200 412
218.81.217.41 - - [31/May/2023:09:35:17 +0800] "POST /xingrg/services/DataTransmitService HTTP/1.1" 200 524
218.81.217.41 - - [31/May/2023:09:35:18 +0800] "POST /xingrg/services/DataTransmitService HTTP/1.1" 200 412
116.238.139.35 - - [31/May/2023:09:35:19 +0800] "POST /xingrg/kc/mdqp/pssh_order_operate.html HTTP/1.1" 200 12
180.164.3.199 - - [31/May/2023:09:35:21 +0800] "POST /xingrg/kc/buy/cgsh_order_operate.html HTTP/1.1" 200 37
222.67.234.146 - - [31/May/2023:09:35:21 +0800] "POST /xingrg/kc/buy/cgsh_order_operate.html HTTP/1.1" 200 4445
116.238.139.35 - - [31/May/2023:09:35:21 +0800] "GET /xingrg/kc/mdqp/pssh_order_info.html?code=312023052900601 HTTP/1.1" 200 14388
116.238.139.35 - - [31/May/2023:09:35:21 +0800] "GET /xingrg/javascript/jquery_tools/jquery-1.4.2.min.js HTTP/1.1" 404 1094
116.238.139.35 - - [31/May/2023:09:35:21 +0800] "GET /xingrg/javascript/easyui/themes/default/validatebox.css HTTP/1.1" 404 1104
116.238.139.35 - - [31/May/2023:09:35:21 +0800] "POST /xingrg/kc/mdqp/pssh_order_operate.html HTTP/1.1" 200 547
114.83.221.184 - - [31/May/2023:09:35:22 +0800] "GET /xingrg/kc/buy/cgsh_order_add.html HTTP/1.1" 200 71598
114.83.221.184 - - [31/May/2023:09:35:22 +0800] "GET /xingrg/words/20230531091915_words.js HTTP/1.1" 304 -
114.83.221.184 - - [31/May/2023:09:35:22 +0800] "POST /xingrg/kc/buy/cgsh_order_operate.html HTTP/1.1" 200 8245
114.83.221.184 - - [31/May/2023:09:35:22 +0800] "GET /xingrg/javascript/easyui/themes/default/validatebox.css HTTP/1.1" 404 1104
218.81.217.41 - - [31/May/2023:09:35:23 +0800] "POST /xingrg/services/DataTransmitService HTTP/1.1" 200 524
124.78.155.81 - - [31/May/2023:09:35:23 +0800] "GET /xingrg/kc/buy/cgsh_order_operate.html?command=get_materiel&rest_code=00106&code=00101007038&supplier_code=00100096&order_time=2023-05-31 HTTP/1.1" 200 421
180.164.3.199 - - [31/May/2023:09:35:23 +0800] "GET /xingrg/all/function/internal_message.html?_=1685496922411&CODE_STATE=getMsg HTTP/1.1" 200 27
116.238.139.35 - - [31/May/2023:09:35:23 +0800] "GET /xingrg/kc/print/load_data.html?order_code=312023052900601&kc_code=pssh&condition= HTTP/1.1" 200 687
218.81.217.41 - - [31/May/2023:09:35:24 +0800] "POST /xingrg/services/DataTransmitService HTTP/1.1" 200 2339
180.157.252.9 - - [31/May/2023:09:35:24 +0800] "GET /xingrg/kc/buy/cgsh_order_operate.html?command=get_materiel&rest_code=00103&code=00102002441&supplier_code=00100151&order_time=2023-05-31 HTTP/1.1" 200 447
180.164.3.199 - - [31/May/2023:09:35:24 +0800] "POST /xingrg/kc/buy/cgsh_order_operate.html HTTP/1.1" 200 4441
222.67.234.146 - - [31/May/2023:09:35:25 +0800] "GET /xingrg/javascript/auto/indicator.gif HTTP/1.1" 404 1066
101.83.145.52 - - [31/May/2023:09:35:27 +0800] "GET /xingrg/all/function/internal_message.html?_=1685496928939&CODE_STATE=getMsg HTTP/1.1" 200 27
222.70.180.90 - - [31/May/2023:09:35:28 +0800] "GET /xingrg/check_reg.html?_=1685496924911 HTTP/1.1" 200 22
222.70.180.90 - - [31/May/2023:09:35:28 +0800] "GET /xingrg/all/function/internal_message.html?_=1685496924914&CODE_STATE=getMsg HTTP/1.1" 200 27
180.164.3.199 - - [31/May/2023:09:35:29 +0800] "GET /xingrg/kc/print/load_data.html?order_code=212023053111706&kc_code=cgsh&condition= HTTP/1.1" 200 1456
116.238.139.35 - - [31/May/2023:09:35:29 +0800] "GET /xingrg/kc/mdqp/pssh_order_list.html?isBack=1 HTTP/1.1" 200 17886
116.238.139.35 - - [31/May/2023:09:35:29 +0800] "POST /xingrg/kc/mdqp/pssh_list_operate.html HTTP/1.1" 200 5310
180.157.252.9 - - [31/May/2023:09:35:30 +0800] "POST /xingrg/all/common/load_select.html HTTP/1.1" 200 25
114.83.219.126 - - [31/May/2023:09:35:31 +0800] "GET /xingrg/all/function/internal_message.html?_=1685497032246&CODE_STATE=getMsg HTTP/1.1" 200 27
180.152.240.79 - - [31/May/2023:09:35:31 +0800] "GET /xingrg/all/function/internal_message.html?_=1685496934982&CODE_STATE=getMsg HTTP/1.1" 200 27
180.157.252.9 - - [31/May/2023:09:35:32 +0800] "GET /xingrg/check_reg.html?_=1685496932088 HTTP/1.1" 200 22
180.157.252.9 - - [31/May/2023:09:35:33 +0800] "GET /xingrg/all/function/internal_message.html?_=1685496933051&CODE_STATE=getMsg HTTP/1.1" 200 27
116.238.139.35 - - [31/May/2023:09:35:35 +0800] "POST /xingrg/kc/mdqp/pssh_list_operate.html HTTP/1.1" 200 3220
116.238.139.35 - - [31/May/2023:09:35:35 +0800] "GET /xingrg/kc/buy/cgsh_order_list.html HTTP/1.1" 200 55734
114.83.219.126 - - [31/May/2023:09:35:35 +0800] "POST /xingrg/dwr/call/plaincall/AjaxCheckService.deleteOrder.dwr HTTP/1.1" 200 78
218.81.217.41 - - [31/May/2023:09:35:36 +0800] "POST /xingrg/services/DataTransmitService HTTP/1.1" 200 524
114.83.219.126 - - [31/May/2023:09:35:37 +0800] "GET /xingrg/kc/base/check_order_list.html HTTP/1.1" 200 16223
114.83.219.126 - - [31/May/2023:09:35:38 +0800] "POST /xingrg/kc/base/check_list_operate.html HTTP/1.1" 200 781
120.253.135.82 - - [31/May/2023:09:35:38 +0800] "GET /xingrg/all/function/internal_message.html?_=1685496774041&CODE_STATE=getMsg HTTP/1.1" 200 27
222.67.234.146 - - [31/May/2023:09:35:38 +0800] "POST /xingrg/kc/buy/cgsh_order_operate.html HTTP/1.1" 200 37
101.83.145.52 - - [31/May/2023:09:35:39 +0800] "GET /xingrg/all/function/internal_message.html?_=1685496770494&CODE_STATE=getMsg HTTP/1.1" 200 27
58.40.7.146 - - [31/May/2023:09:35:42 +0800] "GET /xingrg/all/function/internal_message.html?_=1685496942075&CODE_STATE=getMsg HTTP/1.1" 200 27
180.157.252.9 - - [31/May/2023:09:35:42 +0800] "GET /xingrg/kc/buy/cgsh_order_operate.html?command=get_materiel_price&rest_code=00103&code=00102002441&unit_code=00100365&supplier_code=00100151&order_time=2023-05-31 HTTP/1.1" 200 28
218.81.217.41 - - [31/May/2023:09:35:42 +0800] "GET /xingrg/all/function/internal_message.html?_=1685496952196&CODE_STATE=getMsg HTTP/1.1" 200 27
180.169.147.146 - - [31/May/2023:09:35:43 +0800] "GET /xingrg/all/function/internal_message.html?_=1685496943000&CODE_STATE=getMsg HTTP/1.1" 302 -
124.78.155.81 - - [31/May/2023:09:35:46 +0800] "GET /xingrg/all/function/internal_message.html?_=1685496946967&CODE_STATE=getMsg HTTP/1.1" 200 27
116.238.139.35 - - [31/May/2023:09:35:46 +0800] "GET /xingrg/all/function/internal_message.html?_=1685496946292&CODE_STATE=getMsg HTTP/1.1" 200 27
116.238.139.35 - - [31/May/2023:09:35:46 +0800] "GET /xingrg/check_reg.html?_=1685496946418 HTTP/1.1" 200 22
124.78.155.81 - - [31/May/2023:09:35:47 +0800] "GET /xingrg/kc/buy/cgsh_order_operate.html?command=get_materiel&rest_code=00106&code=00101007033&supplier_code=00100096&order_time=2023-05-31 HTTP/1.1" 200 417
114.83.221.184 - - [31/May/2023:09:35:48 +0800] "GET /xingrg/all/function/internal_message.html?_=1685496946644&CODE_STATE=getMsg HTTP/1.1" 200 27
222.67.234.146 - - [31/May/2023:09:35:49 +0800] "POST /xingrg/kc/buy/cgsh_order_operate.html HTTP/1.1" 200 12
218.81.217.41 - - [31/May/2023:09:35:50 +0800] "POST /xingrg/services/DataTransmitService HTTP/1.1" 200 501
124.79.246.33 - - [31/May/2023:09:35:51 +0800] "GET /xingrg/all/function/internal_message.html?_=1685497231211&CODE_STATE=getMsg HTTP/1.1" 200 27
218.81.217.41 - - [31/May/2023:09:35:52 +0800] "POST /xingrg/services/DataTransmitService HTTP/1.1" 200 524
180.169.147.146 - - [31/May/2023:09:35:52 +0800] "GET /xingrg/all/function/internal_message.html?_=1685496952954&CODE_STATE=getMsg HTTP/1.1" 302 -
218.81.217.41 - - [31/May/2023:09:35:54 +0800] "POST /xingrg/services/DataTransmitService HTTP/1.1" 200 412
218.81.217.41 - - [31/May/2023:09:35:55 +0800] "POST /xingrg/services/DataTransmitService HTTP/1.1" 200 524
180.164.3.199 - - [31/May/2023:09:35:55 +0800] "GET /xingrg/kc/buy/cgsh_order_add.html HTTP/1.1" 200 71602
180.164.3.199 - - [31/May/2023:09:35:55 +0800] "GET /xingrg/words/20230531091915_words.js HTTP/1.1" 304 -
180.164.3.199 - - [31/May/2023:09:35:55 +0800] "POST /xingrg/kc/buy/cgsh_order_operate.html HTTP/1.1" 200 8245
180.164.3.199 - - [31/May/2023:09:35:55 +0800] "GET /xingrg/javascript/easyui/themes/default/validatebox.css HTTP/1.1" 404 1104
183.193.137.82 - - [31/May/2023:09:35:56 +0800] "GET /xingrg/all/function/internal_message.html?_=1685496958686&CODE_STATE=getMsg HTTP/1.1" 200 27
180.157.252.9 - - [31/May/2023:09:35:56 +0800] "GET /xingrg/kc/buy/cgsh_order_operate.html?command=get_materiel&rest_code=00103&code=00102002610&supplier_code=00100151&order_time=2023-05-31 HTTP/1.1" 200 442
218.81.217.41 - - [31/May/2023:09:35:57 +0800] "POST /xingrg/services/DataTransmitService HTTP/1.1" 200 412
222.67.234.146 - - [31/May/2023:09:35:57 +0800] "GET /xingrg/kc/buy/cgsh_order_info.html?code=212023053011242 HTTP/1.1" 200 66419
222.67.234.146 - - [31/May/2023:09:35:58 +0800] "GET /xingrg/javascript/easyui/themes/default/validatebox.css HTTP/1.1" 404 1104
218.81.217.41 - - [31/May/2023:09:35:58 +0800] "POST /xingrg/services/DataTransmitService HTTP/1.1" 200 524
218.81.217.41 - - [31/May/2023:09:35:59 +0800] "POST /xingrg/services/DataTransmitService HTTP/1.1" 200 412
222.67.234.146 - - [31/May/2023:09:35:59 +0800] "POST /xingrg/kc/buy/cgsh_order_operate.html HTTP/1.1" 200 2398
180.164.3.199 - - [31/May/2023:09:36:00 +0800] "GET /xingrg/javascript/jquery_tools/images/prev.gif HTTP/1.1" 404 1086
180.164.3.199 - - [31/May/2023:09:36:00 +0800] "GET /xingrg/javascript/jquery_tools/images/next.gif HTTP/1.1" 404 1086
218.81.217.41 - - [31/May/2023:09:36:01 +0800] "POST /xingrg/services/DataTransmitService HTTP/1.1" 200 524
222.67.234.146 - - [31/May/2023:09:36:02 +0800] "GET /xingrg/kc/buy/cgsh_order_add.html HTTP/1.1" 200 71510
114.85.113.108 - - [31/May/2023:09:36:02 +0800] "GET /xingrg/all/function/internal_message.html?_=1685496934436&CODE_STATE=getMsg HTTP/1.1" 200 27
222.67.234.146 - - [31/May/2023:09:36:02 +0800] "POST /xingrg/kc/buy/cgsh_order_operate.html HTTP/1.1" 200 8245
222.67.234.146 - - [31/May/2023:09:36:02 +0800] "GET /xingrg/javascript/easyui/themes/default/validatebox.css HTTP/1.1" 404 1104
218.81.217.41 - - [31/May/2023:09:36:02 +0800] "POST /xingrg/services/DataTransmitService HTTP/1.1" 200 2339
222.70.180.90 - - [31/May/2023:09:36:03 +0800] "POST /xingrg/kc/base/wldb_order_operate.html HTTP/1.1" 200 37
124.78.155.81 - - [31/May/2023:09:36:04 +0800] "GET /xingrg/all/function/internal_message.html?_=1685496968262&CODE_STATE=getMsg HTTP/1.1" 200 27
222.70.180.90 - - [31/May/2023:09:36:04 +0800] "POST /xingrg/kc/base/wldb_order_operate.html HTTP/1.1" 200 3162
124.78.155.81 - - [31/May/2023:09:36:07 +0800] "GET /xingrg/javascript/jquery_easy_ui/themes/default/images/tabs_active.png HTTP/1.1" 200 2894
222.70.180.90 - - [31/May/2023:09:36:09 +0800] "GET /xingrg/kc/base/wldb_order_info.html?code=422023053102575 HTTP/1.1" 200 30396
222.70.180.90 - - [31/May/2023:09:36:09 +0800] "GET /xingrg/javascript/easyui/themes/default/validatebox.css HTTP/1.1" 404 1104
222.67.234.146 - - [31/May/2023:09:36:10 +0800] "GET /xingrg/javascript/jquery_tools/images/next.gif HTTP/1.1" 404 1086
222.67.234.146 - - [31/May/2023:09:36:10 +0800] "GET /xingrg/javascript/jquery_tools/images/prev.gif HTTP/1.1" 404 1086
222.70.180.90 - - [31/May/2023:09:36:10 +0800] "POST /xingrg/kc/base/wldb_order_operate.html HTTP/1.1" 200 3162
180.169.147.146 - - [31/May/2023:09:36:10 +0800] "GET /xingrg/all/function/internal_message.html?_=1685496963976&CODE_STATE=getMsg HTTP/1.1" 200 27
180.164.3.199 - - [31/May/2023:09:36:11 +0800] "GET /xingrg/kc/buy/cgsh_order_operate.html?command=get_materiel&rest_code=00108&code=00101007071&supplier_code=00100002&order_time=2023-05-31 HTTP/1.1" 200 417
124.78.155.81 - - [31/May/2023:09:36:12 +0800] "GET /xingrg/kc/buy/cgsh_order_operate.html?command=get_materiel&rest_code=00106&code=00101007055&supplier_code=00100096&order_time=2023-05-31 HTTP/1.1" 200 411
180.169.147.146 - - [31/May/2023:09:36:18 +0800] "POST /xingrg/kc/buy/cgsh_list_operate.html HTTP/1.1" 200 4
116.238.139.35 - - [31/May/2023:09:36:19 +0800] "POST /xingrg/kc/buy/cgsh_list_operate.html HTTP/1.1" 200 1869
222.70.180.90 - - [31/May/2023:09:36:20 +0800] "GET /xingrg/kc/print/load_data.html?order_code=422023053102575&kc_code=wldb&condition= HTTP/1.1" 200 823
218.81.217.41 - - [31/May/2023:09:36:20 +0800] "POST /xingrg/services/DataTransmitService HTTP/1.1" 200 524
180.157.252.9 - - [31/May/2023:09:36:20 +0800] "GET /xingrg/kc/buy/cgsh_order_operate.html?command=get_materiel&rest_code=00103&code=00102007022&supplier_code=00100151&order_time=2023-05-31 HTTP/1.1" 200 430
222.67.234.146 - - [31/May/2023:09:36:21 +0800] "GET /xingrg/kc/buy/cgsh_order_operate.html?command=get_materiel&rest_code=00141&code=00102002318&supplier_code=00100055&order_time=2023-05-31 HTTP/1.1" 200 416
180.164.3.199 - - [31/May/2023:09:36:23 +0800] "GET /xingrg/all/function/internal_message.html?_=1685496982423&CODE_STATE=getMsg HTTP/1.1" 200 27
124.78.155.81 - - [31/May/2023:09:36:23 +0800] "GET /xingrg/check_reg.html?_=1685496987415 HTTP/1.1" 200 22
180.163.220.5 - - [31/May/2023:09:36:25 +0800] "GET /xingrg/index.html HTTP/1.1" 302 -
180.163.220.5 - - [31/May/2023:09:36:25 +0800] "GET /xingrg/index.html HTTP/1.1" 302 -
180.163.220.5 - - [31/May/2023:09:36:25 +0800] "GET /xingrg/login.html HTTP/1.1" 200 2139
180.163.220.4 - - [31/May/2023:09:36:26 +0800] "GET /xingrg/javascript/mobile/jquery-1.8.3.min.js HTTP/1.1" 200 93637
180.163.220.5 - - [31/May/2023:09:36:26 +0800] "GET /xingrg/javascript/mobile/jquery.mobile-1.3.2.min.css HTTP/1.1" 200 94670
180.163.220.67 - - [31/May/2023:09:36:26 +0800] "GET /xingrg/javascript/mobile/jquery.mobile-1.3.2.min.js HTTP/1.1" 200 145396
180.164.3.199 - - [31/May/2023:09:36:26 +0800] "GET /xingrg/kc/buy/cgsh_order_operate.html?command=get_materiel&rest_code=00108&code=00101007081&supplier_code=00100002&order_time=2023-05-31 HTTP/1.1" 200 413
101.83.145.52 - - [31/May/2023:09:36:27 +0800] "GET /xingrg/all/function/internal_message.html?_=1685496988921&CODE_STATE=getMsg HTTP/1.1" 200 27
180.163.220.67 - - [31/May/2023:09:36:27 +0800] "GET /xingrg/javascript/mobile/images/ajax-loader.gif HTTP/1.1" 200 7825
222.70.180.90 - - [31/May/2023:09:36:27 +0800] "GET /xingrg/kc/base/wldb_order_list.html HTTP/1.1" 200 19098
222.70.180.90 - - [31/May/2023:09:36:28 +0800] "GET /xingrg/all/function/internal_message.html?_=1685496984914&CODE_STATE=getMsg HTTP/1.1" 200 27
222.70.180.90 - - [31/May/2023:09:36:28 +0800] "POST /xingrg/kc/base/wldb_list_operate.html HTTP/1.1" 200 4924
27.115.124.70 - - [31/May/2023:09:36:30 +0800] "GET / HTTP/1.1" 404 -
27.115.124.70 - - [31/May/2023:09:36:31 +0800] "GET / HTTP/1.1" 404 -
222.70.180.90 - - [31/May/2023:09:36:31 +0800] "POST /xingrg/kc/base/wldb_list_operate.html HTTP/1.1" 200 592
114.83.219.126 - - [31/May/2023:09:36:31 +0800] "GET /xingrg/all/function/internal_message.html?_=1685497092222&CODE_STATE=getMsg HTTP/1.1" 200 27
180.152.240.79 - - [31/May/2023:09:36:31 +0800] "GET /xingrg/all/function/internal_message.html?_=1685496994982&CODE_STATE=getMsg HTTP/1.1" 200 27
222.70.180.90 - - [31/May/2023:09:36:32 +0800] "POST /xingrg/kc/base/wldb_list_operate.html HTTP/1.1" 200 295
222.70.180.90 - - [31/May/2023:09:36:33 +0800] "GET /xingrg/kc/base/wldb_order_info.html?code=422023053102568 HTTP/1.1" 200 30402
180.157.252.9 - - [31/May/2023:09:36:33 +0800] "GET /xingrg/all/function/internal_message.html?_=1685496993030&CODE_STATE=getMsg HTTP/1.1" 200 27
222.70.180.90 - - [31/May/2023:09:36:33 +0800] "GET /xingrg/javascript/easyui/themes/default/validatebox.css HTTP/1.1" 404 1104
42.236.10.93 - - [31/May/2023:09:36:33 +0800] "GET / HTTP/1.1" 404 -
42.236.10.93 - - [31/May/2023:09:36:34 +0800] "GET / HTTP/1.1" 404 -
222.70.180.90 - - [31/May/2023:09:36:34 +0800] "POST /xingrg/kc/base/wldb_order_operate.html HTTP/1.1" 200 2700
222.67.234.146 - - [31/May/2023:09:36:35 +0800] "GET /xingrg/kc/buy/cgsh_order_operate.html?command=get_materiel&rest_code=00141&code=00102002268&supplier_code=00100055&order_time=2023-05-31 HTTP/1.1" 200 424
116.238.139.35 - - [31/May/2023:09:36:35 +0800] "POST /xingrg/kc/buy/cgsh_list_operate.html HTTP/1.1" 200 578
116.238.139.35 - - [31/May/2023:09:36:37 +0800] "GET /xingrg/kc/buy/cgsh_order_info.html?code=212023053111683 HTTP/1.1" 200 71563
116.238.139.35 - - [31/May/2023:09:36:37 +0800] "GET /xingrg/words/20230531091915_words.js HTTP/1.1" 304 -
116.238.139.35 - - [31/May/2023:09:36:37 +0800] "GET /xingrg/javascript/easyui/themes/default/validatebox.css HTTP/1.1" 404 1104
180.164.3.199 - - [31/May/2023:09:36:38 +0800] "GET /xingrg/kc/buy/cgsh_order_operate.html?command=get_materiel&rest_code=00108&code=00101007061&supplier_code=00100002&order_time=2023-05-31 HTTP/1.1" 200 430
120.253.135.82 - - [31/May/2023:09:36:38 +0800] "GET /xingrg/all/function/internal_message.html?_=1685496834056&CODE_STATE=getMsg HTTP/1.1" 200 27
116.238.139.35 - - [31/May/2023:09:36:38 +0800] "POST /xingrg/kc/buy/cgsh_order_operate.html HTTP/1.1" 200 31088
101.83.145.52 - - [31/May/2023:09:36:39 +0800] "GET /xingrg/all/function/internal_message.html?_=1685496830483&CODE_STATE=getMsg HTTP/1.1" 200 27
101.83.145.52 - - [31/May/2023:09:36:39 +0800] "GET /xingrg/check_reg.html?_=1685496830487 HTTP/1.1" 200 22
218.81.217.41 - - [31/May/2023:09:36:40 +0800] "GET /xingrg/check_reg.html?_=1685497010137 HTTP/1.1" 200 22
58.40.7.146 - - [31/May/2023:09:36:42 +0800] "GET /xingrg/all/function/internal_message.html?_=1685497002079&CODE_STATE=getMsg HTTP/1.1" 200 27
222.70.180.90 - - [31/May/2023:09:36:42 +0800] "GET /xingrg/kc/base/wldb_order_operate.html?command=get_materiel&rest_code=00111&base_code=0010306&code=00102002426 HTTP/1.1" 200 443
218.81.217.41 - - [31/May/2023:09:36:42 +0800] "GET /xingrg/all/function/internal_message.html?_=1685497012210&CODE_STATE=getMsg HTTP/1.1" 200 27
58.40.7.146 - - [31/May/2023:09:36:42 +0800] "GET /xingrg/check_reg.html?_=1685497002786 HTTP/1.1" 200 22
180.169.147.146 - - [31/May/2023:09:36:43 +0800] "GET /xingrg/all/function/internal_message.html?_=1685497002990&CODE_STATE=getMsg HTTP/1.1" 302 -
124.78.155.81 - - [31/May/2023:09:36:46 +0800] "GET /xingrg/all/function/internal_message.html?_=1685497006975&CODE_STATE=getMsg HTTP/1.1" 200 27
116.238.139.35 - - [31/May/2023:09:36:46 +0800] "GET /xingrg/all/function/internal_message.html?_=1685497006255&CODE_STATE=getMsg HTTP/1.1" 200 27
124.78.155.81 - - [31/May/2023:09:36:47 +0800] "GET /xingrg/kc/buy/cgsh_order_operate.html?command=get_materiel&rest_code=00106&code=00101007027&supplier_code=00100096&order_time=2023-05-31 HTTP/1.1" 200 421
114.83.221.184 - - [31/May/2023:09:36:48 +0800] "GET /xingrg/check_reg.html?_=1685497006658 HTTP/1.1" 200 22
114.83.221.184 - - [31/May/2023:09:36:48 +0800] "GET /xingrg/all/function/internal_message.html?_=1685497006646&CODE_STATE=getMsg HTTP/1.1" 200 27
222.70.180.90 - - [31/May/2023:09:36:48 +0800] "POST /xingrg/kc/base/wldb_order_operate.html HTTP/1.1" 200 37
222.70.180.90 - - [31/May/2023:09:36:49 +0800] "POST /xingrg/kc/base/wldb_order_operate.html HTTP/1.1" 200 3183
222.67.234.146 - - [31/May/2023:09:36:50 +0800] "GET /xingrg/all/function/internal_message.html?_=1685496517548&CODE_STATE=getMsg HTTP/1.1" 200 27
222.70.180.90 - - [31/May/2023:09:36:50 +0800] "GET /xingrg/kc/base/wldb_order_info.html?code=422023053102568 HTTP/1.1" 200 30402
180.169.147.146 - - [31/May/2023:09:36:50 +0800] "POST /xingrg/kc/buy/cgsh_list_operate.html HTTP/1.1" 200 986
124.79.246.33 - - [31/May/2023:09:36:51 +0800] "GET /xingrg/all/function/internal_message.html?_=1685497291206&CODE_STATE=getMsg HTTP/1.1" 200 27
222.70.180.90 - - [31/May/2023:09:36:51 +0800] "GET /xingrg/javascript/easyui/themes/default/validatebox.css HTTP/1.1" 404 1104
222.70.180.90 - - [31/May/2023:09:36:51 +0800] "POST /xingrg/kc/base/wldb_order_operate.html HTTP/1.1" 200 3183
180.169.147.146 - - [31/May/2023:09:36:52 +0800] "GET /xingrg/all/function/internal_message.html?_=1685497012957&CODE_STATE=getMsg HTTP/1.1" 302 -
180.157.252.9 - - [31/May/2023:09:36:54 +0800] "GET /xingrg/kc/buy/cgsh_order_operate.html?command=get_materiel&rest_code=00103&code=00102002238&supplier_code=00100151&order_time=2023-05-31 HTTP/1.1" 200 432
222.70.180.90 - - [31/May/2023:09:36:54 +0800] "GET /xingrg/kc/base/wldb_order_add.html HTTP/1.1" 200 30381
222.70.180.90 - - [31/May/2023:09:36:54 +0800] "POST /xingrg/kc/base/wldb_order_operate.html HTTP/1.1" 200 6806
222.70.180.90 - - [31/May/2023:09:36:54 +0800] "GET /xingrg/javascript/easyui/themes/default/validatebox.css HTTP/1.1" 404 1104
183.193.137.82 - - [31/May/2023:09:36:56 +0800] "GET /xingrg/all/function/internal_message.html?_=1685497018704&CODE_STATE=getMsg HTTP/1.1" 200 27
114.85.113.108 - - [31/May/2023:09:37:02 +0800] "GET /xingrg/all/function/internal_message.html?_=1685496994437&CODE_STATE=getMsg HTTP/1.1" 200 27
180.164.3.199 - - [31/May/2023:09:37:03 +0800] "GET /xingrg/kc/buy/cgsh_order_operate.html?command=get_materiel&rest_code=00108&code=00101007082&supplier_code=00100002&order_time=2023-05-31 HTTP/1.1" 200 427
222.67.234.146 - - [31/May/2023:09:37:03 +0800] "GET /xingrg/kc/buy/cgsh_order_operate.html?command=get_materiel&rest_code=00141&code=00101015110&supplier_code=00100055&order_time=2023-05-31 HTTP/1.1" 200 412
124.78.155.81 - - [31/May/2023:09:37:04 +0800] "GET /xingrg/all/function/internal_message.html?_=1685497028248&CODE_STATE=getMsg HTTP/1.1" 200 27
222.70.180.90 - - [31/May/2023:09:37:06 +0800] "GET /xingrg/all/function/internal_message.html?_=1685497024801&CODE_STATE=getMsg HTTP/1.1" 200 27
180.169.147.146 - - [31/May/2023:09:37:10 +0800] "GET /xingrg/all/function/internal_message.html?_=1685497023959&CODE_STATE=getMsg HTTP/1.1" 200 27
222.67.234.146 - - [31/May/2023:09:37:21 +0800] "GET /xingrg/kc/buy/cgsh_order_operate.html?command=get_materiel&rest_code=00141&code=00101015022&supplier_code=00100055&order_time=2023-05-31 HTTP/1.1" 200 408
116.238.139.35 - - [31/May/2023:09:37:26 +0800] "GET /xingrg/kc/buy/cgsh_order_operate.html?command=get_materiel&rest_code=00150&code=00101008558&supplier_code=00100008&order_time=2023-05-31 HTTP/1.1" 200 409
101.83.145.52 - - [31/May/2023:09:37:27 +0800] "GET /xingrg/all/function/internal_message.html?_=1685497048900&CODE_STATE=getMsg HTTP/1.1" 200 27
222.70.180.90 - - [31/May/2023:09:37:28 +0800] "GET /xingrg/all/function/internal_message.html?_=1685497044914&CODE_STATE=getMsg HTTP/1.1" 200 27
114.83.219.126 - - [31/May/2023:09:37:31 +0800] "GET /xingrg/all/function/internal_message.html?_=1685497152207&CODE_STATE=getMsg HTTP/1.1" 200 27
180.152.240.79 - - [31/May/2023:09:37:31 +0800] "GET /xingrg/all/function/internal_message.html?_=1685497054981&CODE_STATE=getMsg HTTP/1.1" 200 27
180.157.252.9 - - [31/May/2023:09:37:33 +0800] "GET /xingrg/all/function/internal_message.html?_=1685497053014&CODE_STATE=getMsg HTTP/1.1" 200 27
180.164.3.199 - - [31/May/2023:09:37:33 +0800] "POST /xingrg/kc/buy/cgsh_order_operate.html HTTP/1.1" 200 37
222.70.180.90 - - [31/May/2023:09:37:34 +0800] "GET /xingrg/kc/base/wldb_order_operate.html?command=get_materiel&rest_code=00111&base_code=0010283&code=00101013027 HTTP/1.1" 200 430
180.164.3.199 - - [31/May/2023:09:37:36 +0800] "POST /xingrg/kc/buy/cgsh_order_operate.html HTTP/1.1" 200 4450
222.67.234.146 - - [31/May/2023:09:37:37 +0800] "GET /xingrg/kc/buy/cgsh_order_operate.html?command=get_materiel&rest_code=00141&code=00101031012&supplier_code=00100055&order_time=2023-05-31 HTTP/1.1" 200 417
120.253.135.82 - - [31/May/2023:09:37:38 +0800] "GET /xingrg/all/function/internal_message.html?_=1685496894070&CODE_STATE=getMsg HTTP/1.1" 200 27
101.83.145.52 - - [31/May/2023:09:37:39 +0800] "GET /xingrg/all/function/internal_message.html?_=1685496890491&CODE_STATE=getMsg HTTP/1.1" 200 27
180.164.3.199 - - [31/May/2023:09:37:42 +0800] "GET /xingrg/kc/print/load_data.html?order_code=212023053111707&kc_code=cgsh&condition= HTTP/1.1" 200 1452
58.40.7.146 - - [31/May/2023:09:37:42 +0800] "GET /xingrg/all/function/internal_message.html?_=1685497062084&CODE_STATE=getMsg HTTP/1.1" 200 27
218.81.217.41 - - [31/May/2023:09:37:42 +0800] "GET /xingrg/all/function/internal_message.html?_=1685497072223&CODE_STATE=getMsg HTTP/1.1" 200 27
180.169.147.146 - - [31/May/2023:09:37:43 +0800] "GET /xingrg/all/function/internal_message.html?_=1685497062976&CODE_STATE=getMsg HTTP/1.1" 302 -
116.238.139.35 - - [31/May/2023:09:37:46 +0800] "GET /xingrg/all/function/internal_message.html?_=1685497066240&CODE_STATE=getMsg HTTP/1.1" 200 27
124.78.155.81 - - [31/May/2023:09:37:46 +0800] "GET /xingrg/check_reg.html?_=1685497067159 HTTP/1.1" 200 22
124.78.155.81 - - [31/May/2023:09:37:46 +0800] "GET /xingrg/all/function/internal_message.html?_=1685497067160&CODE_STATE=getMsg HTTP/1.1" 200 27
222.70.180.90 - - [31/May/2023:09:37:47 +0800] "GET /xingrg/kc/base/wldb_order_operate.html?command=get_materiel&rest_code=00111&base_code=0010283&code=00101013050 HTTP/1.1" 200 430
114.83.221.184 - - [31/May/2023:09:37:48 +0800] "GET /xingrg/all/function/internal_message.html?_=1685497066647&CODE_STATE=getMsg HTTP/1.1" 200 27
180.169.147.146 - - [31/May/2023:09:37:49 +0800] "GET /xingrg/check_reg.html?_=1685497062710 HTTP/1.1" 200 22
222.67.234.146 - - [31/May/2023:09:37:50 +0800] "GET /xingrg/all/function/internal_message.html?_=1685496577532&CODE_STATE=getMsg HTTP/1.1" 200 27
124.79.246.33 - - [31/May/2023:09:37:51 +0800] "GET /xingrg/all/function/internal_message.html?_=1685497351204&CODE_STATE=getMsg HTTP/1.1" 200 27
180.169.147.146 - - [31/May/2023:09:37:52 +0800] "GET /xingrg/all/function/internal_message.html?_=1685497072954&CODE_STATE=getMsg HTTP/1.1" 302 -
183.193.137.82 - - [31/May/2023:09:37:56 +0800] "POST /xingrg/dwr/call/plaincall/AjaxReportQueryService.refreshCache.dwr HTTP/1.1" 200 78
183.193.137.82 - - [31/May/2023:09:37:56 +0800] "GET /xingrg/all/function/internal_message.html?_=1685497078683&CODE_STATE=getMsg HTTP/1.1" 200 27
124.78.155.81 - - [31/May/2023:09:37:56 +0800] "POST /xingrg/kc/buy/cgsh_order_operate.html HTTP/1.1" 200 37
124.78.155.81 - - [31/May/2023:09:37:59 +0800] "GET /xingrg/javascript/jquery_easy_ui/themes/icons/rest.png HTTP/1.1" 304 -
124.78.155.81 - - [31/May/2023:09:37:59 +0800] "GET /xingrg/javascript/jquery_easy_ui/themes/icons/area.png HTTP/1.1" 304 -
183.193.137.82 - - [31/May/2023:09:38:00 +0800] "POST /xingrg/all/report/load_report_page.html HTTP/1.1" 200 134100
183.193.137.82 - - [31/May/2023:09:38:00 +0800] "GET /xingrg/servlets/image?cache=0.009189931132432938&image=px HTTP/1.1" 200 807
180.157.252.9 - - [31/May/2023:09:38:01 +0800] "POST /xingrg/kc/buy/cgsh_order_operate.html HTTP/1.1" 200 88
124.78.155.81 - - [31/May/2023:09:38:02 +0800] "POST /xingrg/kc/buy/cgsh_order_operate.html HTTP/1.1" 200 13372
114.85.113.108 - - [31/May/2023:09:38:02 +0800] "GET /xingrg/all/function/internal_message.html?_=1685497054437&CODE_STATE=getMsg HTTP/1.1" 200 27
180.169.147.146 - - [31/May/2023:09:38:02 +0800] "GET /xingrg/check_reg.html?_=1685497081526 HTTP/1.1" 302 -
114.85.113.108 - - [31/May/2023:09:38:02 +0800] "GET /xingrg/check_reg.html?_=1685497054737 HTTP/1.1" 200 22
124.78.155.81 - - [31/May/2023:09:38:04 +0800] "GET /xingrg/all/function/internal_message.html?_=1685497088233&CODE_STATE=getMsg HTTP/1.1" 200 27
124.78.155.81 - - [31/May/2023:09:38:06 +0800] "GET /xingrg/kc/buy/cgsh_order_add.html HTTP/1.1" 200 71504
222.70.180.90 - - [31/May/2023:09:38:06 +0800] "GET /xingrg/all/function/internal_message.html?_=1685497084779&CODE_STATE=getMsg HTTP/1.1" 200 27
124.78.155.81 - - [31/May/2023:09:38:06 +0800] "GET /xingrg/words/20230531091915_words.js HTTP/1.1" 304 -
124.78.155.81 - - [31/May/2023:09:38:06 +0800] "POST /xingrg/kc/buy/cgsh_order_operate.html HTTP/1.1" 200 8245
124.78.155.81 - - [31/May/2023:09:38:06 +0800] "GET /xingrg/javascript/easyui/themes/default/validatebox.css HTTP/1.1" 404 1104
124.78.155.81 - - [31/May/2023:09:38:08 +0800] "GET /xingrg/javascript/easyui/themes/default/tree.css HTTP/1.1" 404 1090
183.193.137.82 - - [31/May/2023:09:38:09 +0800] "POST /xingrg/all/report/load_report_page.html HTTP/1.1" 200 23339
124.78.155.81 - - [31/May/2023:09:38:09 +0800] "POST /xingrg/all/common/load_tree.html?tree=supplier_tree_json&isDelete=1 HTTP/1.1" 200 74311
183.193.137.82 - - [31/May/2023:09:38:09 +0800] "GET /xingrg/images/blue/button/advance.gif HTTP/1.1" 200 1354
183.193.137.82 - - [31/May/2023:09:38:09 +0800] "GET /xingrg/images/blue/button/advance2.gif HTTP/1.1" 200 1338
183.193.137.82 - - [31/May/2023:09:38:09 +0800] "GET /xingrg/servlets/image?cache=0.33351480899228403&image=px HTTP/1.1" 200 807
180.164.3.199 - - [31/May/2023:09:38:09 +0800] "GET /xingrg/kc/buy/cgsh_order_add.html HTTP/1.1" 200 71602
180.164.3.199 - - [31/May/2023:09:38:10 +0800] "GET /xingrg/words/20230531091915_words.js HTTP/1.1" 304 -
180.164.3.199 - - [31/May/2023:09:38:10 +0800] "POST /xingrg/kc/buy/cgsh_order_operate.html HTTP/1.1" 200 8245
180.164.3.199 - - [31/May/2023:09:38:10 +0800] "GET /xingrg/javascript/easyui/themes/default/validatebox.css HTTP/1.1" 404 1104
180.169.147.146 - - [31/May/2023:09:38:10 +0800] "GET /xingrg/all/function/internal_message.html?_=1685497083943&CODE_STATE=getMsg HTTP/1.1" 200 27
183.193.137.82 - - [31/May/2023:09:38:15 +0800] "POST /xingrg/all/report/load_report_page.html HTTP/1.1" 200 133960
183.193.137.82 - - [31/May/2023:09:38:15 +0800] "GET /xingrg/servlets/image?cache=0.3611160626291927&image=px HTTP/1.1" 200 807
222.67.234.146 - - [31/May/2023:09:38:18 +0800] "POST /xingrg/kc/buy/cgsh_order_operate.html HTTP/1.1" 200 64
180.157.252.9 - - [31/May/2023:09:38:19 +0800] "POST /xingrg/kc/buy/cgsh_order_operate.html HTTP/1.1" 200 37
222.70.180.90 - - [31/May/2023:09:38:22 +0800] "GET /xingrg/kc/base/wldb_order_operate.html?command=get_materiel&rest_code=00111&base_code=0010283&code=00101013150 HTTP/1.1" 200 430
183.193.137.82 - - [31/May/2023:09:38:23 +0800] "POST /xingrg/all/report/load_report_page.html HTTP/1.1" 200 134246
180.164.3.199 - - [31/May/2023:09:38:23 +0800] "GET /xingrg/all/function/internal_message.html?_=1685497102424&CODE_STATE=getMsg HTTP/1.1" 200 27
180.164.3.199 - - [31/May/2023:09:38:23 +0800] "GET /xingrg/check_reg.html?_=1685497102427 HTTP/1.1" 200 22
183.193.137.82 - - [31/May/2023:09:38:23 +0800] "GET /xingrg/servlets/image?cache=0.5524887386391042&image=px HTTP/1.1" 200 807
180.157.252.9 - - [31/May/2023:09:38:26 +0800] "POST /xingrg/kc/buy/cgsh_order_operate.html HTTP/1.1" 200 2065
116.238.139.35 - - [31/May/2023:09:38:26 +0800] "POST /xingrg/kc/buy/cgsh_order_operate.html HTTP/1.1" 200 37
101.83.145.52 - - [31/May/2023:09:38:26 +0800] "GET /xingrg/all/function/internal_message.html?_=1685497108868&CODE_STATE=getMsg HTTP/1.1" 200 27
101.83.145.52 - - [31/May/2023:09:38:27 +0800] "GET /xingrg/check_reg.html?_=1685497109652 HTTP/1.1" 200 22
222.70.180.90 - - [31/May/2023:09:38:28 +0800] "GET /xingrg/all/function/internal_message.html?_=1685497104901&CODE_STATE=getMsg HTTP/1.1" 200 27
180.152.240.79 - - [31/May/2023:09:38:30 +0800] "GET /xingrg/check_reg.html?_=1685497111141 HTTP/1.1" 200 22
114.83.219.126 - - [31/May/2023:09:38:31 +0800] "GET /xingrg/all/function/internal_message.html?_=1685497212183&CODE_STATE=getMsg HTTP/1.1" 200 27
183.193.137.82 - - [31/May/2023:09:38:31 +0800] "POST /xingrg/all/report/load_report_page.html HTTP/1.1" 200 133902
183.193.137.82 - - [31/May/2023:09:38:31 +0800] "GET /xingrg/servlets/image?cache=0.513408551133914&image=px HTTP/1.1" 200 807
180.152.240.79 - - [31/May/2023:09:38:31 +0800] "GET /xingrg/check_reg.html?_=1685497114997 HTTP/1.1" 200 22
180.152.240.79 - - [31/May/2023:09:38:31 +0800] "GET /xingrg/all/function/internal_message.html?_=1685497114996&CODE_STATE=getMsg HTTP/1.1" 200 27
114.83.219.126 - - [31/May/2023:09:38:32 +0800] "GET /xingrg/check_reg.html?_=1685497212924 HTTP/1.1" 200 22
222.67.234.146 - - [31/May/2023:09:38:33 +0800] "POST /xingrg/kc/buy/cgsh_order_operate.html HTTP/1.1" 200 37
180.157.252.9 - - [31/May/2023:09:38:33 +0800] "GET /xingrg/all/function/internal_message.html?_=1685497112991&CODE_STATE=getMsg HTTP/1.1" 200 27
222.70.180.90 - - [31/May/2023:09:38:34 +0800] "GET /xingrg/kc/base/wldb_order_operate.html?command=get_materiel&rest_code=00111&base_code=0010283&code=00101013224 HTTP/1.1" 200 433
124.78.155.81 - - [31/May/2023:09:38:37 +0800] "GET /xingrg/kc/buy/cgsh_order_operate.html?command=get_materiel&rest_code=00106&code=00101008146&supplier_code=00100009&order_time=2023-05-31 HTTP/1.1" 200 416
120.253.135.82 - - [31/May/2023:09:38:38 +0800] "GET /xingrg/check_reg.html?_=1685496953928 HTTP/1.1" 200 22
120.253.135.82 - - [31/May/2023:09:38:38 +0800] "GET /xingrg/all/function/internal_message.html?_=1685496954083&CODE_STATE=getMsg HTTP/1.1" 200 27
183.193.137.82 - - [31/May/2023:09:38:39 +0800] "POST /xingrg/all/report/load_report_page.html HTTP/1.1" 200 23227
183.193.137.82 - - [31/May/2023:09:38:39 +0800] "GET /xingrg/servlets/image?cache=0.9140755300080593&image=px HTTP/1.1" 200 807
101.83.145.52 - - [31/May/2023:09:38:39 +0800] "GET /xingrg/all/function/internal_message.html?_=1685496950500&CODE_STATE=getMsg HTTP/1.1" 200 27
58.40.7.146 - - [31/May/2023:09:38:42 +0800] "GET /xingrg/all/function/internal_message.html?_=1685497122085&CODE_STATE=getMsg HTTP/1.1" 200 27
180.164.3.199 - - [31/May/2023:09:38:42 +0800] "GET /xingrg/kc/buy/cgsh_order_operate.html?command=get_materiel&rest_code=00108&code=00101009107&supplier_code=00100618&order_time=2023-05-31 HTTP/1.1" 200 410
218.81.217.41 - - [31/May/2023:09:38:42 +0800] "GET /xingrg/all/function/internal_message.html?_=1685497132237&CODE_STATE=getMsg HTTP/1.1" 200 27
183.193.137.82 - - [31/May/2023:09:38:43 +0800] "POST /xingrg/all/report/load_report_page.html HTTP/1.1" 200 133972
183.193.137.82 - - [31/May/2023:09:38:43 +0800] "GET /xingrg/servlets/image?cache=0.6859844118365791&image=px HTTP/1.1" 200 807
180.169.147.146 - - [31/May/2023:09:38:43 +0800] "GET /xingrg/all/function/internal_message.html?_=1685497122956&CODE_STATE=getMsg HTTP/1.1" 302 -
116.238.139.35 - - [31/May/2023:09:38:46 +0800] "GET /xingrg/all/function/internal_message.html?_=1685497126221&CODE_STATE=getMsg HTTP/1.1" 200 27
124.78.155.81 - - [31/May/2023:09:38:46 +0800] "GET /xingrg/all/function/internal_message.html?_=1685497127198&CODE_STATE=getMsg HTTP/1.1" 200 27
116.238.139.35 - - [31/May/2023:09:38:48 +0800] "POST /xingrg/kc/buy/cgsh_order_operate.html HTTP/1.1" 200 12
114.83.221.184 - - [31/May/2023:09:38:48 +0800] "GET /xingrg/all/function/internal_message.html?_=1685497126649&CODE_STATE=getMsg HTTP/1.1" 200 27
222.67.234.146 - - [31/May/2023:09:38:50 +0800] "GET /xingrg/all/function/internal_message.html?_=1685496637494&CODE_STATE=getMsg HTTP/1.1" 200 27
124.79.246.33 - - [31/May/2023:09:38:51 +0800] "GET /xingrg/all/function/internal_message.html?_=1685497411214&CODE_STATE=getMsg HTTP/1.1" 200 27
180.157.252.9 - - [31/May/2023:09:38:51 +0800] "POST /xingrg/kc/buy/cgsh_list_operate.html HTTP/1.1" 200 146
124.78.155.81 - - [31/May/2023:09:38:52 +0800] "POST /xingrg/kc/buy/cgsh_order_operate.html HTTP/1.1" 200 37
180.169.147.146 - - [31/May/2023:09:38:53 +0800] "GET /xingrg/all/function/internal_message.html?_=1685497132968&CODE_STATE=getMsg HTTP/1.1" 302 -
183.193.137.82 - - [31/May/2023:09:38:56 +0800] "GET /xingrg/check_reg.html?_=1685497138698 HTTP/1.1" 200 22
183.193.137.82 - - [31/May/2023:09:38:56 +0800] "GET /xingrg/all/function/internal_message.html?_=1685497138705&CODE_STATE=getMsg HTTP/1.1" 200 27
218.81.217.41 - - [31/May/2023:09:38:56 +0800] "POST /xingrg/services/DataTransmitService HTTP/1.1" 200 501
124.78.155.81 - - [31/May/2023:09:38:57 +0800] "POST /xingrg/kc/buy/cgsh_order_operate.html HTTP/1.1" 200 2660
218.81.217.41 - - [31/May/2023:09:38:58 +0800] "POST /xingrg/services/DataTransmitService HTTP/1.1" 200 501
222.67.234.146 - - [31/May/2023:09:38:59 +0800] "POST /xingrg/kc/buy/cgsh_order_operate.html HTTP/1.1" 200 12
222.70.180.90 - - [31/May/2023:09:38:59 +0800] "GET /xingrg/kc/base/wldb_order_operate.html?command=get_materiel&rest_code=00111&base_code=0010283&code=00101016001 HTTP/1.1" 200 458
114.85.113.108 - - [31/May/2023:09:39:02 +0800] "GET /xingrg/all/function/internal_message.html?_=1685497114428&CODE_STATE=getMsg HTTP/1.1" 200 27
222.67.234.146 - - [31/May/2023:09:39:02 +0800] "GET /xingrg/kc/buy/cgsh_order_info.html?code=212023053111712 HTTP/1.1" 200 66419
124.78.155.81 - - [31/May/2023:09:39:02 +0800] "GET /xingrg/kc/buy/buy_main.html HTTP/1.1" 200 12412
124.78.155.81 - - [31/May/2023:09:39:02 +0800] "GET /xingrg/css/new_ie.css HTTP/1.1" 404 1036
222.67.234.146 - - [31/May/2023:09:39:03 +0800] "GET /xingrg/javascript/easyui/themes/default/validatebox.css HTTP/1.1" 404 1104
124.78.155.81 - - [31/May/2023:09:39:04 +0800] "GET /xingrg/images/yd/bt.gif HTTP/1.1" 404 1040
222.67.234.146 - - [31/May/2023:09:39:04 +0800] "POST /xingrg/kc/buy/cgsh_order_operate.html HTTP/1.1" 200 2390
124.78.155.81 - - [31/May/2023:09:39:04 +0800] "GET /xingrg/all/function/internal_message.html?_=1685497148210&CODE_STATE=getMsg HTTP/1.1" 200 27
124.78.155.81 - - [31/May/2023:09:39:05 +0800] "GET /xingrg/kc/buy/cgsh_order_list.html HTTP/1.1" 200 55728
222.67.234.146 - - [31/May/2023:09:39:06 +0800] "GET /xingrg/kc/print/load_config.html?kc_code=cgsh HTTP/1.1" 200 1924
222.70.180.90 - - [31/May/2023:09:39:06 +0800] "GET /xingrg/all/function/internal_message.html?_=1685497144760&CODE_STATE=getMsg HTTP/1.1" 200 27
222.70.180.90 - - [31/May/2023:09:39:06 +0800] "GET /xingrg/check_reg.html?_=1685497145166 HTTP/1.1" 200 22
222.67.234.146 - - [31/May/2023:09:39:07 +0800] "GET /xingrg/kc/print/load_data.html?order_code=212023053111712&kc_code=cgsh&condition= HTTP/1.1" 200 1440
180.169.147.146 - - [31/May/2023:09:39:10 +0800] "GET /xingrg/all/function/internal_message.html?_=1685497143926&CODE_STATE=getMsg HTTP/1.1" 200 27
124.78.155.81 - - [31/May/2023:09:39:10 +0800] "POST /xingrg/kc/buy/cgsh_list_operate.html HTTP/1.1" 200 2693
222.67.234.146 - - [31/May/2023:09:39:13 +0800] "GET /xingrg/kc/buy/cgsh_order_add.html HTTP/1.1" 200 71510
180.152.240.79 - - [31/May/2023:09:39:13 +0800] "POST /xingrg/services/DataTransmitService HTTP/1.1" 401 565
222.67.234.146 - - [31/May/2023:09:39:13 +0800] "POST /xingrg/kc/buy/cgsh_order_operate.html HTTP/1.1" 200 8245
180.152.240.79 - - [31/May/2023:09:39:13 +0800] "POST /xingrg/services/DataTransmitService HTTP/1.1" 200 478
222.67.234.146 - - [31/May/2023:09:39:13 +0800] "GET /xingrg/javascript/easyui/themes/default/validatebox.css HTTP/1.1" 404 1104
180.152.240.79 - - [31/May/2023:09:39:14 +0800] "POST /xingrg/services/DataTransmitService HTTP/1.1" 200 1319
180.152.240.79 - - [31/May/2023:09:39:14 +0800] "POST /xingrg/services/DataTransmitService HTTP/1.1" 200 478
180.152.240.79 - - [31/May/2023:09:39:14 +0800] "POST /xingrg/services/DataTransmitService HTTP/1.1" 200 1319
180.164.3.199 - - [31/May/2023:09:39:23 +0800] "GET /xingrg/all/function/internal_message.html?_=1685497162399&CODE_STATE=getMsg HTTP/1.1" 200 27
180.152.240.79 - - [31/May/2023:09:39:24 +0800] "POST /xingrg/services/DataTransmitService HTTP/1.1" 200 524
218.81.217.41 - - [31/May/2023:09:39:24 +0800] "POST /xingrg/services/DataTransmitService HTTP/1.1" 200 501
180.152.240.79 - - [31/May/2023:09:39:25 +0800] "POST /xingrg/services/DataTransmitService HTTP/1.1" 200 2399
180.152.240.79 - - [31/May/2023:09:39:26 +0800] "POST /xingrg/services/DataTransmitService HTTP/1.1" 200 45454
180.152.240.79 - - [31/May/2023:09:39:26 +0800] "POST /xingrg/services/DataTransmitService HTTP/1.1" 200 19237
101.83.145.52 - - [31/May/2023:09:39:26 +0800] "GET /xingrg/all/function/internal_message.html?_=1685497168845&CODE_STATE=getMsg HTTP/1.1" 200 27
222.70.180.90 - - [31/May/2023:09:39:28 +0800] "GET /xingrg/all/function/internal_message.html?_=1685497164916&CODE_STATE=getMsg HTTP/1.1" 200 27
114.83.219.126 - - [31/May/2023:09:39:31 +0800] "GET /xingrg/all/function/internal_message.html?_=1685497272172&CODE_STATE=getMsg HTTP/1.1" 200 27
180.152.240.79 - - [31/May/2023:09:39:31 +0800] "GET /xingrg/all/function/internal_message.html?_=1685497174982&CODE_STATE=getMsg HTTP/1.1" 200 27
180.157.252.9 - - [31/May/2023:09:39:33 +0800] "GET /xingrg/all/function/internal_message.html?_=1685497172963&CODE_STATE=getMsg HTTP/1.1" 200 27
180.164.3.199 - - [31/May/2023:09:39:33 +0800] "GET /xingrg/kc/buy/cgsh_order_operate.html?command=get_materiel&rest_code=00108&code=00101009079&supplier_code=00100618&order_time=2023-05-31 HTTP/1.1" 200 409
120.253.135.82 - - [31/May/2023:09:39:38 +0800] "GET /xingrg/all/function/internal_message.html?_=1685497014130&CODE_STATE=getMsg HTTP/1.1" 200 27
101.83.145.52 - - [31/May/2023:09:39:39 +0800] "GET /xingrg/all/function/internal_message.html?_=1685497010489&CODE_STATE=getMsg HTTP/1.1" 200 27
58.40.7.146 - - [31/May/2023:09:39:42 +0800] "GET /xingrg/all/function/internal_message.html?_=1685497182090&CODE_STATE=getMsg HTTP/1.1" 200 27
218.81.217.41 - - [31/May/2023:09:39:42 +0800] "GET /xingrg/all/function/internal_message.html?_=1685497192505&CODE_STATE=getMsg HTTP/1.1" 200 27
180.169.147.146 - - [31/May/2023:09:39:43 +0800] "GET /xingrg/all/function/internal_message.html?_=1685497182926&CODE_STATE=getMsg HTTP/1.1" 302 -
180.164.3.199 - - [31/May/2023:09:39:45 +0800] "GET /xingrg/kc/buy/cgsh_order_operate.html?command=get_materiel&rest_code=00108&code=00101015022&supplier_code=00100618&order_time=2023-05-31 HTTP/1.1" 200 409
222.70.180.90 - - [31/May/2023:09:39:47 +0800] "GET /xingrg/kc/base/wldb_order_operate.html?command=get_materiel&rest_code=00111&base_code=0010283&code=00101016064 HTTP/1.1" 200 470
180.152.240.79 - - [31/May/2023:09:39:47 +0800] "POST /xingrg/services/DataTransmitService HTTP/1.1" 200 524
218.81.217.41 - - [31/May/2023:09:39:47 +0800] "POST /xingrg/services/DataTransmitService HTTP/1.1" 200 501
114.83.221.184 - - [31/May/2023:09:39:48 +0800] "GET /xingrg/all/function/internal_message.html?_=1685497186647&CODE_STATE=getMsg HTTP/1.1" 200 27
218.81.217.41 - - [31/May/2023:09:39:49 +0800] "POST /xingrg/services/DataTransmitService HTTP/1.1" 200 501
222.67.234.146 - - [31/May/2023:09:39:50 +0800] "GET /xingrg/all/function/internal_message.html?_=1685496697479&CODE_STATE=getMsg HTTP/1.1" 200 27
222.67.234.146 - - [31/May/2023:09:39:50 +0800] "GET /xingrg/check_reg.html?_=1685496697542 HTTP/1.1" 200 22
124.79.246.33 - - [31/May/2023:09:39:51 +0800] "GET /xingrg/check_reg.html?_=1685497471202 HTTP/1.1" 200 22
124.79.246.33 - - [31/May/2023:09:39:51 +0800] "GET /xingrg/all/function/internal_message.html?_=1685497471203&CODE_STATE=getMsg HTTP/1.1" 200 27
180.169.147.146 - - [31/May/2023:09:39:53 +0800] "GET /xingrg/check_reg.html?_=1685497192971 HTTP/1.1" 302 -
180.169.147.146 - - [31/May/2023:09:39:53 +0800] "GET /xingrg/all/function/internal_message.html?_=1685497192976&CODE_STATE=getMsg HTTP/1.1" 302 -
116.232.195.127 - - [31/May/2023:09:39:56 +0800] "GET /xingrg/index.html?sysBaseUrl=http%3A%2F%2F180.169.147.146%3A18081%2Fxingrg%2F&costTime=1277×tamp=1606817596806 HTTP/1.1" 302 -
116.232.195.127 - - [31/May/2023:09:39:56 +0800] "GET /xingrg/login.html HTTP/1.1" 200 7641
183.193.137.82 - - [31/May/2023:09:39:56 +0800] "GET /xingrg/all/function/internal_message.html?_=1685497198692&CODE_STATE=getMsg HTTP/1.1" 200 27
180.157.252.9 - - [31/May/2023:09:39:56 +0800] "GET /xingrg/kc/buy/buy_main.html HTTP/1.1" 200 12412
180.157.252.9 - - [31/May/2023:09:39:56 +0800] "GET /xingrg/css/new_ie.css HTTP/1.1" 404 1036
116.232.195.127 - - [31/May/2023:09:39:57 +0800] "GET /favicon.ico HTTP/1.1" 404 -
218.81.217.41 - - [31/May/2023:09:39:57 +0800] "POST /xingrg/services/DataTransmitService HTTP/1.1" 200 501
180.164.3.199 - - [31/May/2023:09:39:58 +0800] "GET /xingrg/kc/buy/cgsh_order_operate.html?command=get_materiel&rest_code=00108&code=00101015195&supplier_code=00100618&order_time=2023-05-31 HTTP/1.1" 200 412
180.157.252.9 - - [31/May/2023:09:39:58 +0800] "GET /xingrg/kc/buy/cgsh_order_list.html HTTP/1.1" 200 55732
218.81.217.41 - - [31/May/2023:09:40:00 +0800] "POST /xingrg/services/DataTransmitService HTTP/1.1" 200 501
124.79.246.33 - - [31/May/2023:09:40:01 +0800] "GET /xingrg/kc/buy/cgsh_order_list.html HTTP/1.1" 200 55734
222.67.234.146 - - [31/May/2023:09:40:01 +0800] "GET /xingrg/kc/buy/cgsh_order_operate.html?command=get_materiel&rest_code=00141&code=00101016128&supplier_code=00100036&order_time=2023-05-31 HTTP/1.1" 200 428
114.85.113.108 - - [31/May/2023:09:40:02 +0800] "GET /xingrg/all/function/internal_message.html?_=1685497174433&CODE_STATE=getMsg HTTP/1.1" 200 27
116.232.195.127 - - [31/May/2023:09:40:03 +0800] "POST /xingrg/login.do HTTP/1.1" 302 -
116.232.195.127 - - [31/May/2023:09:40:03 +0800] "GET /xingrg/index.html?sysBaseUrl=http%3A%2F%2F180.169.147.146%3A18081%2Fxingrg%2F&costTime=2909×tamp=1685497203582 HTTP/1.1" 200 17179
222.70.180.90 - - [31/May/2023:09:40:03 +0800] "GET /xingrg/kc/base/wldb_order_operate.html?command=get_materiel&rest_code=00111&base_code=0010283&code=00101016097 HTTP/1.1" 200 470
116.232.195.127 - - [31/May/2023:09:40:03 +0800] "GET /favicon.ico HTTP/1.1" 404 -
116.232.195.127 - - [31/May/2023:09:40:04 +0800] "GET /xingrg/all/function/internal_message.html?_=1685497234752&CODE_STATE=count HTTP/1.1" 200 11
116.232.195.127 - - [31/May/2023:09:40:04 +0800] "GET /xingrg/check_reg.html?_=1685497234752 HTTP/1.1" 200 22
116.232.195.127 - - [31/May/2023:09:40:04 +0800] "POST /xingrg/load_menu.html HTTP/1.1" 200 5138
116.232.195.127 - - [31/May/2023:09:40:04 +0800] "POST /xingrg/all/common/load_tree.html?tree=area_rest_tree_json&manage=1 HTTP/1.1" 200 479
124.79.246.33 - - [31/May/2023:09:40:04 +0800] "POST /xingrg/kc/buy/cgsh_list_operate.html HTTP/1.1" 200 986
218.81.217.41 - - [31/May/2023:09:40:05 +0800] "POST /xingrg/services/DataTransmitService HTTP/1.1" 200 501
218.81.217.41 - - [31/May/2023:09:40:05 +0800] "POST /xingrg/services/DataTransmitService HTTP/1.1" 200 412
222.70.180.90 - - [31/May/2023:09:40:06 +0800] "GET /xingrg/all/function/internal_message.html?_=1685497204741&CODE_STATE=getMsg HTTP/1.1" 200 27
116.232.195.127 - - [31/May/2023:09:40:06 +0800] "GET /xingrg/kc/base/wldb_order_list.html HTTP/1.1" 200 19104
180.152.240.79 - - [31/May/2023:09:40:07 +0800] "POST /xingrg/services/DataTransmitService HTTP/1.1" 200 524
180.157.252.9 - - [31/May/2023:09:40:08 +0800] "POST /xingrg/kc/buy/cgsh_list_operate.html HTTP/1.1" 200 3073
116.232.195.127 - - [31/May/2023:09:40:08 +0800] "POST /xingrg/kc/base/wldb_list_operate.html HTTP/1.1" 200 928
180.157.252.9 - - [31/May/2023:09:40:08 +0800] "POST /xingrg/kc/buy/cgsh_list_operate.html HTTP/1.1" 200 3073
180.164.3.199 - - [31/May/2023:09:40:09 +0800] "GET /xingrg/kc/buy/cgsh_order_operate.html?command=get_materiel&rest_code=00108&code=00102026001&supplier_code=00100618&order_time=2023-05-31 HTTP/1.1" 200 409
180.169.147.146 - - [31/May/2023:09:40:10 +0800] "GET /xingrg/all/function/internal_message.html?_=1685497203910&CODE_STATE=getMsg HTTP/1.1" 200 27
180.157.252.9 - - [31/May/2023:09:40:12 +0800] "POST /xingrg/kc/buy/cgsh_list_operate.html HTTP/1.1" 200 577
180.157.252.9 - - [31/May/2023:09:40:14 +0800] "GET /xingrg/kc/buy/cgsh_order_info.html?code=212023053111711 HTTP/1.1" 200 70336
116.232.195.127 - - [31/May/2023:09:40:14 +0800] "GET /xingrg/kc/base/wldb_order_add.html HTTP/1.1" 200 30387
116.232.195.127 - - [31/May/2023:09:40:14 +0800] "GET /xingrg/words/20230531091915_words.js HTTP/1.1" 304 -
116.232.195.127 - - [31/May/2023:09:40:14 +0800] "POST /xingrg/kc/base/wldb_order_operate.html HTTP/1.1" 200 6806
180.157.252.9 - - [31/May/2023:09:40:14 +0800] "GET /xingrg/javascript/easyui/themes/default/validatebox.css HTTP/1.1" 404 1104
116.232.195.127 - - [31/May/2023:09:40:14 +0800] "GET /xingrg/javascript/easyui/themes/default/validatebox.css HTTP/1.1" 404 1104
116.232.195.127 - - [31/May/2023:09:40:14 +0800] "GET /xingrg/all/common/auto_word.html?type=base&rest_code=00155 HTTP/1.1" 200 1857
116.232.195.127 - - [31/May/2023:09:40:14 +0800] "GET /xingrg/all/common/auto_word.html?type=base&rest_code=00155 HTTP/1.1" 200 1857
180.157.252.9 - - [31/May/2023:09:40:15 +0800] "POST /xingrg/kc/buy/cgsh_order_operate.html HTTP/1.1" 200 6239
116.232.195.127 - - [31/May/2023:09:40:15 +0800] "GET /xingrg/javascript/auto/indicator.gif HTTP/1.1" 404 1066
116.232.195.127 - - [31/May/2023:09:40:17 +0800] "GET /xingrg/javascript/jquery_tools/images/prev.gif HTTP/1.1" 404 1086
116.232.195.127 - - [31/May/2023:09:40:17 +0800] "GET /xingrg/javascript/jquery_tools/images/next.gif HTTP/1.1" 404 1086
124.78.155.81 - - [31/May/2023:09:40:22 +0800] "GET /xingrg/login.html HTTP/1.1" 200 7641
116.238.139.35 - - [31/May/2023:09:40:22 +0800] "GET /xingrg/kc/buy/cgsh_order_info.html?code=212023053111683 HTTP/1.1" 200 66463
116.238.139.35 - - [31/May/2023:09:40:22 +0800] "GET /xingrg/words/20230531091915_words.js HTTP/1.1" 304 -
116.238.139.35 - - [31/May/2023:09:40:22 +0800] "GET /xingrg/javascript/easyui/themes/default/validatebox.css HTTP/1.1" 404 1104
124.78.155.81 - - [31/May/2023:09:40:22 +0800] "GET /favicon.ico HTTP/1.1" 404 -
180.164.3.199 - - [31/May/2023:09:40:23 +0800] "GET /xingrg/all/function/internal_message.html?_=1685497222384&CODE_STATE=getMsg HTTP/1.1" 200 27
