222.70.180.90 - - [31/May/2023:09:25:28 +0800] "GET /xingrg/all/function/internal_message.html?_=1685496324911&CODE_STATE=getMsg HTTP/1.1" 200 27
180.157.252.9 - - [31/May/2023:09:25:29 +0800] "GET /xingrg/javascript/jquery_tools/images/prev.gif HTTP/1.1" 404 1086
180.157.252.9 - - [31/May/2023:09:25:29 +0800] "GET /xingrg/javascript/jquery_tools/images/next.gif HTTP/1.1" 404 1086
124.78.155.81 - - [31/May/2023:09:25:30 +0800] "GET /xingrg/kc/buy/cgsh_order_add.html HTTP/1.1" 200 71504
124.78.155.81 - - [31/May/2023:09:25:31 +0800] "GET /xingrg/words/20230531091915_words.js HTTP/1.1" 200 966334
124.78.155.81 - - [31/May/2023:09:25:31 +0800] "POST /xingrg/kc/buy/cgsh_order_operate.html HTTP/1.1" 200 8245
124.78.155.81 - - [31/May/2023:09:25:31 +0800] "GET /xingrg/javascript/easyui/themes/default/validatebox.css HTTP/1.1" 404 1104
114.83.219.126 - - [31/May/2023:09:25:31 +0800] "GET /xingrg/all/function/internal_message.html?_=1685496432431&CODE_STATE=getMsg HTTP/1.1" 200 27
180.152.240.79 - - [31/May/2023:09:25:31 +0800] "GET /xingrg/all/function/internal_message.html?_=1685496334971&CODE_STATE=getMsg HTTP/1.1" 200 27
124.78.155.81 - - [31/May/2023:09:25:32 +0800] "GET /xingrg/javascript/easyui/themes/default/tree.css HTTP/1.1" 404 1090
180.157.252.9 - - [31/May/2023:09:25:32 +0800] "GET /xingrg/check_reg.html?_=1685496332105 HTTP/1.1" 200 22
124.78.155.81 - - [31/May/2023:09:25:33 +0800] "POST /xingrg/all/common/load_tree.html?tree=supplier_tree_json&isDelete=1 HTTP/1.1" 200 74311
180.157.252.9 - - [31/May/2023:09:25:33 +0800] "GET /xingrg/all/function/internal_message.html?_=1685496333211&CODE_STATE=getMsg HTTP/1.1" 200 27
116.232.195.127 - - [31/May/2023:09:25:36 +0800] "GET /xingrg/all/function/internal_message.html?_=1685496360437&CODE_STATE=getMsg HTTP/1.1" 200 27
120.253.135.82 - - [31/May/2023:09:25:38 +0800] "GET /xingrg/all/function/internal_message.html?_=1685496173796&CODE_STATE=getMsg HTTP/1.1" 200 27
101.83.145.52 - - [31/May/2023:09:25:39 +0800] "GET /xingrg/all/function/internal_message.html?_=1685496170485&CODE_STATE=getMsg HTTP/1.1" 200 27
218.81.217.41 - - [31/May/2023:09:25:42 +0800] "GET /xingrg/all/function/internal_message.html?_=1685496351514&CODE_STATE=getMsg HTTP/1.1" 200 27
58.40.7.146 - - [31/May/2023:09:25:42 +0800] "GET /xingrg/all/function/internal_message.html?_=1685496342078&CODE_STATE=getMsg HTTP/1.1" 200 27
116.232.195.127 - - [31/May/2023:09:25:42 +0800] "GET /xingrg/kc/buy/cgsh_order_list.html HTTP/1.1" 200 55734
116.232.195.127 - - [31/May/2023:09:25:42 +0800] "GET /xingrg/kc/buy/cgsh_order_list.html HTTP/1.1" 200 55734
180.169.147.146 - - [31/May/2023:09:25:44 +0800] "GET /xingrg/all/function/internal_message.html?_=1685496343152&CODE_STATE=getMsg HTTP/1.1" 302 -
180.152.240.79 - - [31/May/2023:09:25:45 +0800] "POST /xingrg/kc/buy/cgsh_order_operate.html HTTP/1.1" 200 37
124.78.155.81 - - [31/May/2023:09:25:46 +0800] "GET /xingrg/all/function/internal_message.html?_=1685496346955&CODE_STATE=getMsg HTTP/1.1" 200 27
116.238.139.35 - - [31/May/2023:09:25:46 +0800] "GET /xingrg/check_reg.html?_=1685496346341 HTTP/1.1" 200 22
116.238.139.35 - - [31/May/2023:09:25:46 +0800] "GET /xingrg/all/function/internal_message.html?_=1685496346357&CODE_STATE=getMsg HTTP/1.1" 200 27
180.157.252.9 - - [31/May/2023:09:25:46 +0800] "GET /xingrg/kc/buy/cgsh_order_operate.html?command=get_materiel&rest_code=00103&code=00102005069&supplier_code=00100098&order_time=2023-05-31 HTTP/1.1" 200 416
114.83.221.184 - - [31/May/2023:09:25:48 +0800] "GET /xingrg/all/function/internal_message.html?_=1685496346599&CODE_STATE=getMsg HTTP/1.1" 200 27
114.83.221.184 - - [31/May/2023:09:25:48 +0800] "GET /xingrg/kc/buy/cgsh_order_add.html HTTP/1.1" 200 71598
114.83.221.184 - - [31/May/2023:09:25:49 +0800] "POST /xingrg/kc/buy/cgsh_order_operate.html HTTP/1.1" 200 8245
114.83.221.184 - - [31/May/2023:09:25:49 +0800] "GET /xingrg/javascript/easyui/themes/default/validatebox.css HTTP/1.1" 404 1104
180.164.3.199 - - [31/May/2023:09:25:50 +0800] "GET /xingrg/kc/buy/cgsh_order_operate.html?command=get_materiel&rest_code=00108&code=00101008163&supplier_code=00100007&order_time=2023-05-31 HTTP/1.1" 200 409
124.79.246.33 - - [31/May/2023:09:25:51 +0800] "GET /xingrg/all/function/internal_message.html?_=1685496631202&CODE_STATE=getMsg HTTP/1.1" 200 27
180.169.147.146 - - [31/May/2023:09:25:52 +0800] "GET /xingrg/all/function/internal_message.html?_=1685496352953&CODE_STATE=getMsg HTTP/1.1" 302 -
180.152.240.79 - - [31/May/2023:09:25:58 +0800] "POST /xingrg/kc/buy/cgsh_order_operate.html HTTP/1.1" 200 12
114.83.221.184 - - [31/May/2023:09:26:01 +0800] "GET /xingrg/kc/buy/cgsh_order_operate.html?command=get_materiel&rest_code=00149&code=00101002027&supplier_code=00100039&order_time=2023-05-31 HTTP/1.1" 200 435
180.152.240.79 - - [31/May/2023:09:26:01 +0800] "GET /xingrg/kc/buy/cgsh_order_info.html?code=212023053111696 HTTP/1.1" 200 66442
180.152.240.79 - - [31/May/2023:09:26:02 +0800] "GET /xingrg/words/20230531091915_words.js HTTP/1.1" 200 966334
180.164.3.199 - - [31/May/2023:09:26:02 +0800] "GET /xingrg/kc/buy/cgsh_order_operate.html?command=get_materiel&rest_code=00108&code=00101008233&supplier_code=00100007&order_time=2023-05-31 HTTP/1.1" 200 408
180.152.240.79 - - [31/May/2023:09:26:02 +0800] "GET /xingrg/javascript/easyui/themes/default/validatebox.css HTTP/1.1" 404 1104
114.85.113.108 - - [31/May/2023:09:26:02 +0800] "GET /xingrg/all/function/internal_message.html?_=1685496334426&CODE_STATE=getMsg HTTP/1.1" 200 27
124.78.155.81 - - [31/May/2023:09:26:04 +0800] "GET /xingrg/all/function/internal_message.html?_=1685496368402&CODE_STATE=getMsg HTTP/1.1" 200 27
180.152.240.79 - - [31/May/2023:09:26:04 +0800] "POST /xingrg/kc/buy/cgsh_order_operate.html HTTP/1.1" 200 4140
222.67.234.146 - - [31/May/2023:09:26:05 +0800] "GET /xingrg/check_reg.html?_=1685495872470 HTTP/1.1" 302 -
180.164.3.199 - - [31/May/2023:09:26:06 +0800] "GET /xingrg/javascript/jquery_easy_ui/themes/icons/rest.png HTTP/1.1" 200 695
180.164.3.199 - - [31/May/2023:09:26:06 +0800] "GET /xingrg/javascript/jquery_easy_ui/themes/icons/area.png HTTP/1.1" 200 262
222.70.180.90 - - [31/May/2023:09:26:06 +0800] "GET /xingrg/all/function/internal_message.html?_=1685496364880&CODE_STATE=getMsg HTTP/1.1" 200 27
180.152.240.79 - - [31/May/2023:09:26:07 +0800] "GET /xingrg/kc/print/load_config.html?kc_code=cgsh HTTP/1.1" 200 1924
180.157.252.9 - - [31/May/2023:09:26:12 +0800] "POST /xingrg/kc/buy/cgsh_order_operate.html HTTP/1.1" 200 37
124.78.155.81 - - [31/May/2023:09:26:12 +0800] "GET /xingrg/kc/buy/cgsh_order_operate.html?command=get_materiel&rest_code=00106&code=00101010248&supplier_code=00100096&order_time=2023-05-31 HTTP/1.1" 200 432
116.238.139.35 - - [31/May/2023:09:26:12 +0800] "POST /xingrg/kc/buy/cgsh_order_operate.html HTTP/1.1" 200 37
180.152.240.79 - - [31/May/2023:09:26:12 +0800] "GET /xingrg/kc/print/load_data.html?order_code=212023053111696&kc_code=cgsh&condition= HTTP/1.1" 200 1991
180.164.3.199 - - [31/May/2023:09:26:14 +0800] "GET /xingrg/kc/buy/cgsh_order_operate.html?command=get_materiel&rest_code=00108&code=00101008377&supplier_code=00100007&order_time=2023-05-31 HTTP/1.1" 200 409
180.157.252.9 - - [31/May/2023:09:26:15 +0800] "POST /xingrg/kc/buy/cgsh_order_operate.html HTTP/1.1" 200 2665
180.157.252.9 - - [31/May/2023:09:26:17 +0800] "GET /xingrg/kc/print/load_config.html?kc_code=cgsh HTTP/1.1" 200 1924
116.238.139.35 - - [31/May/2023:09:26:17 +0800] "POST /xingrg/kc/buy/cgsh_order_operate.html HTTP/1.1" 200 31088
180.157.252.9 - - [31/May/2023:09:26:18 +0800] "GET /xingrg/kc/print/load_data.html?order_code=212023053111697&kc_code=cgsh&condition= HTTP/1.1" 200 648
222.70.180.90 - - [31/May/2023:09:26:19 +0800] "GET /xingrg/kc/base/wldb_order_operate.html?command=get_materiel&rest_code=00111&base_code=0010306&code=00102002511 HTTP/1.1" 200 434
116.232.195.127 - - [31/May/2023:09:26:21 +0800] "POST /xingrg/kc/buy/cgsh_list_operate.html HTTP/1.1" 200 3589
180.164.3.199 - - [31/May/2023:09:26:23 +0800] "GET /xingrg/all/function/internal_message.html?_=1685496382423&CODE_STATE=getMsg HTTP/1.1" 200 27
124.78.155.81 - - [31/May/2023:09:26:23 +0800] "GET /xingrg/check_reg.html?_=1685496387429 HTTP/1.1" 200 22
180.152.240.79 - - [31/May/2023:09:26:23 +0800] "GET /xingrg/kc/buy/cgsh_order_add.html HTTP/1.1" 200 71545
180.152.240.79 - - [31/May/2023:09:26:24 +0800] "POST /xingrg/kc/buy/cgsh_order_operate.html HTTP/1.1" 200 8245
180.152.240.79 - - [31/May/2023:09:26:24 +0800] "GET /xingrg/javascript/easyui/themes/default/validatebox.css HTTP/1.1" 404 1104
101.83.145.52 - - [31/May/2023:09:26:27 +0800] "GET /xingrg/all/function/internal_message.html?_=1685496389174&CODE_STATE=getMsg HTTP/1.1" 200 27
222.70.180.90 - - [31/May/2023:09:26:28 +0800] "GET /xingrg/all/function/internal_message.html?_=1685496384908&CODE_STATE=getMsg HTTP/1.1" 200 27
180.164.3.199 - - [31/May/2023:09:26:28 +0800] "GET /xingrg/kc/buy/cgsh_order_operate.html?command=get_materiel&rest_code=00108&code=00101008283&supplier_code=00100007&order_time=2023-05-31 HTTP/1.1" 200 408
180.152.240.79 - - [31/May/2023:09:26:29 +0800] "GET /xingrg/javascript/easyui/themes/default/tree.css HTTP/1.1" 404 1090
180.157.252.9 - - [31/May/2023:09:26:29 +0800] "GET /xingrg/kc/buy/cgsh_order_add.html HTTP/1.1" 200 70337
114.83.221.184 - - [31/May/2023:09:26:29 +0800] "GET /xingrg/kc/buy/cgsh_order_operate.html?command=get_materiel&rest_code=00149&code=00101002022&supplier_code=00100039&order_time=2023-05-31 HTTP/1.1" 200 409
180.152.240.79 - - [31/May/2023:09:26:29 +0800] "POST /xingrg/all/common/load_tree.html?tree=supplier_tree_json&isDelete=1 HTTP/1.1" 200 74311
180.157.252.9 - - [31/May/2023:09:26:29 +0800] "POST /xingrg/kc/buy/cgsh_order_operate.html HTTP/1.1" 200 8245
180.157.252.9 - - [31/May/2023:09:26:29 +0800] "GET /xingrg/javascript/easyui/themes/default/validatebox.css HTTP/1.1" 404 1104
114.83.219.126 - - [31/May/2023:09:26:31 +0800] "GET /xingrg/all/function/internal_message.html?_=1685496492411&CODE_STATE=getMsg HTTP/1.1" 200 27
180.152.240.79 - - [31/May/2023:09:26:31 +0800] "GET /xingrg/all/function/internal_message.html?_=1685496394987&CODE_STATE=getMsg HTTP/1.1" 200 27
180.157.252.9 - - [31/May/2023:09:26:33 +0800] "GET /xingrg/all/function/internal_message.html?_=1685496393196&CODE_STATE=getMsg HTTP/1.1" 200 27
116.232.195.127 - - [31/May/2023:09:26:36 +0800] "GET /xingrg/all/function/internal_message.html?_=1685496420409&CODE_STATE=getMsg HTTP/1.1" 200 27
120.253.135.82 - - [31/May/2023:09:26:38 +0800] "GET /xingrg/all/function/internal_message.html?_=1685496233812&CODE_STATE=getMsg HTTP/1.1" 200 27
222.70.180.90 - - [31/May/2023:09:26:38 +0800] "GET /xingrg/kc/base/wldb_order_operate.html?command=get_materiel&rest_code=00111&base_code=0010306&code=00102004006 HTTP/1.1" 200 442
101.83.145.52 - - [31/May/2023:09:26:39 +0800] "GET /xingrg/all/function/internal_message.html?_=1685496230494&CODE_STATE=getMsg HTTP/1.1" 200 27
101.83.145.52 - - [31/May/2023:09:26:39 +0800] "GET /xingrg/check_reg.html?_=1685496230497 HTTP/1.1" 200 22
218.81.217.41 - - [31/May/2023:09:26:40 +0800] "GET /xingrg/check_reg.html?_=1685496409597 HTTP/1.1" 200 22
180.164.3.199 - - [31/May/2023:09:26:40 +0800] "GET /xingrg/kc/buy/cgsh_order_operate.html?command=get_materiel&rest_code=00108&code=00101008182&supplier_code=00100007&order_time=2023-05-31 HTTP/1.1" 200 431
218.81.217.41 - - [31/May/2023:09:26:42 +0800] "GET /xingrg/all/function/internal_message.html?_=1685496411531&CODE_STATE=getMsg HTTP/1.1" 200 27
58.40.7.146 - - [31/May/2023:09:26:42 +0800] "GET /xingrg/all/function/internal_message.html?_=1685496402080&CODE_STATE=getMsg HTTP/1.1" 200 27
58.40.7.146 - - [31/May/2023:09:26:42 +0800] "GET /xingrg/check_reg.html?_=1685496402816 HTTP/1.1" 200 22
180.169.147.146 - - [31/May/2023:09:26:44 +0800] "GET /xingrg/all/function/internal_message.html?_=1685496403146&CODE_STATE=getMsg HTTP/1.1" 302 -
114.83.221.184 - - [31/May/2023:09:26:45 +0800] "GET /xingrg/kc/buy/cgsh_order_operate.html?command=get_materiel&rest_code=00149&code=00101001010&supplier_code=00100039&order_time=2023-05-31 HTTP/1.1" 200 411
124.78.155.81 - - [31/May/2023:09:26:46 +0800] "GET /xingrg/all/function/internal_message.html?_=1685496406950&CODE_STATE=getMsg HTTP/1.1" 200 27
116.238.139.35 - - [31/May/2023:09:26:46 +0800] "GET /xingrg/all/function/internal_message.html?_=1685496406333&CODE_STATE=getMsg HTTP/1.1" 200 27
114.83.221.184 - - [31/May/2023:09:26:48 +0800] "GET /xingrg/check_reg.html?_=1685496406613 HTTP/1.1" 200 22
114.83.221.184 - - [31/May/2023:09:26:48 +0800] "GET /xingrg/all/function/internal_message.html?_=1685496406616&CODE_STATE=getMsg HTTP/1.1" 200 27
222.70.180.90 - - [31/May/2023:09:26:49 +0800] "GET /xingrg/kc/base/wldb_order_operate.html?command=get_materiel&rest_code=00111&base_code=0010306&code=00102004030 HTTP/1.1" 200 442
124.79.246.33 - - [31/May/2023:09:26:51 +0800] "GET /xingrg/all/function/internal_message.html?_=1685496691213&CODE_STATE=getMsg HTTP/1.1" 200 27
180.169.147.146 - - [31/May/2023:09:26:53 +0800] "GET /xingrg/all/function/internal_message.html?_=1685496412975&CODE_STATE=getMsg HTTP/1.1" 302 -
180.152.240.79 - - [31/May/2023:09:26:57 +0800] "GET /xingrg/kc/buy/cgsh_order_operate.html?command=get_materiel&rest_code=00102&code=00101002027&supplier_code=00100400&order_time=2023-05-31 HTTP/1.1" 200 434
124.78.155.81 - - [31/May/2023:09:26:58 +0800] "GET /xingrg/kc/buy/cgsh_order_operate.html?command=get_materiel&rest_code=00106&code=00101016030&supplier_code=00100096&order_time=2023-05-31 HTTP/1.1" 200 412
114.85.113.108 - - [31/May/2023:09:27:02 +0800] "GET /xingrg/all/function/internal_message.html?_=1685496394427&CODE_STATE=getMsg HTTP/1.1" 200 27
124.78.155.81 - - [31/May/2023:09:27:04 +0800] "GET /xingrg/all/function/internal_message.html?_=1685496428387&CODE_STATE=getMsg HTTP/1.1" 200 27
114.83.221.184 - - [31/May/2023:09:27:06 +0800] "POST /xingrg/kc/buy/cgsh_order_operate.html HTTP/1.1" 200 37
180.157.252.9 - - [31/May/2023:09:27:06 +0800] "GET /xingrg/kc/buy/cgsh_order_operate.html?command=get_materiel&rest_code=00103&code=00102007124&supplier_code=00100082&order_time=2023-05-31 HTTP/1.1" 200 413
222.70.180.90 - - [31/May/2023:09:27:06 +0800] "GET /xingrg/all/function/internal_message.html?_=1685496424858&CODE_STATE=getMsg HTTP/1.1" 200 27
180.152.240.79 - - [31/May/2023:09:27:09 +0800] "GET /xingrg/kc/buy/cgsh_order_operate.html?command=get_materiel&rest_code=00102&code=00101002022&supplier_code=00100400&order_time=2023-05-31 HTTP/1.1" 200 409
116.238.139.35 - - [31/May/2023:09:27:14 +0800] "GET /xingrg/kc/buy/cgsh_order_add.html HTTP/1.1" 200 71554
116.238.139.35 - - [31/May/2023:09:27:15 +0800] "GET /xingrg/words/20230531091915_words.js HTTP/1.1" 200 966334
116.238.139.35 - - [31/May/2023:09:27:15 +0800] "POST /xingrg/kc/buy/cgsh_order_operate.html HTTP/1.1" 200 8245
116.238.139.35 - - [31/May/2023:09:27:15 +0800] "GET /xingrg/javascript/easyui/themes/default/validatebox.css HTTP/1.1" 404 1104
180.164.3.199 - - [31/May/2023:09:27:21 +0800] "GET /xingrg/kc/buy/cgsh_order_operate.html?command=get_materiel&rest_code=00108&code=00101008101&supplier_code=00100007&order_time=2023-05-31 HTTP/1.1" 200 412
180.164.3.199 - - [31/May/2023:09:27:23 +0800] "GET /xingrg/all/function/internal_message.html?_=1685496442408&CODE_STATE=getMsg HTTP/1.1" 200 27
180.157.252.9 - - [31/May/2023:09:27:25 +0800] "POST /xingrg/kc/buy/cgsh_order_operate.html HTTP/1.1" 200 37
114.83.221.184 - - [31/May/2023:09:27:25 +0800] "POST /xingrg/kc/buy/cgsh_order_operate.html HTTP/1.1" 200 12
101.83.145.52 - - [31/May/2023:09:27:27 +0800] "GET /xingrg/all/function/internal_message.html?_=1685496449140&CODE_STATE=getMsg HTTP/1.1" 200 27
222.70.180.90 - - [31/May/2023:09:27:28 +0800] "GET /xingrg/all/function/internal_message.html?_=1685496444901&CODE_STATE=getMsg HTTP/1.1" 200 27
180.157.252.9 - - [31/May/2023:09:27:28 +0800] "POST /xingrg/kc/buy/cgsh_order_operate.html HTTP/1.1" 200 2662
124.78.155.81 - - [31/May/2023:09:27:29 +0800] "GET /xingrg/kc/buy/cgsh_order_operate.html?command=get_materiel&rest_code=00106&code=00101012040&supplier_code=00100096&order_time=2023-05-31 HTTP/1.1" 200 412
180.164.3.199 - - [31/May/2023:09:27:30 +0800] "GET /xingrg/kc/buy/cgsh_order_operate.html?command=get_materiel&rest_code=00108&code=00101008185&supplier_code=00100007&order_time=2023-05-31 HTTP/1.1" 200 408
180.152.240.79 - - [31/May/2023:09:27:30 +0800] "GET /xingrg/kc/buy/cgsh_order_operate.html?command=get_materiel&rest_code=00102&code=00101001060&supplier_code=00100400&order_time=2023-05-31 HTTP/1.1" 200 421
180.157.252.9 - - [31/May/2023:09:27:31 +0800] "GET /xingrg/kc/print/load_data.html?order_code=212023053111699&kc_code=cgsh&condition= HTTP/1.1" 200 725
114.83.219.126 - - [31/May/2023:09:27:31 +0800] "GET /xingrg/all/function/internal_message.html?_=1685496552401&CODE_STATE=getMsg HTTP/1.1" 200 27
180.152.240.79 - - [31/May/2023:09:27:31 +0800] "GET /xingrg/all/function/internal_message.html?_=1685496454985&CODE_STATE=getMsg HTTP/1.1" 200 27
116.238.139.35 - - [31/May/2023:09:27:32 +0800] "GET /xingrg/kc/buy/cgsh_order_operate.html?command=get_materiel&rest_code=00150&code=00101012029&supplier_code=00100096&order_time=2023-05-31 HTTP/1.1" 200 412
180.157.252.9 - - [31/May/2023:09:27:33 +0800] "GET /xingrg/all/function/internal_message.html?_=1685496453179&CODE_STATE=getMsg HTTP/1.1" 200 27
116.232.195.127 - - [31/May/2023:09:27:36 +0800] "GET /xingrg/all/function/internal_message.html?_=1685496480399&CODE_STATE=getMsg HTTP/1.1" 200 27
116.232.195.127 - - [31/May/2023:09:27:36 +0800] "GET /xingrg/check_reg.html?_=1685496480492 HTTP/1.1" 200 22
114.83.221.184 - - [31/May/2023:09:27:37 +0800] "GET /xingrg/kc/buy/cgsh_order_info.html?code=212023053111698 HTTP/1.1" 200 66507
114.83.221.184 - - [31/May/2023:09:27:37 +0800] "GET /xingrg/words/20230531091915_words.js HTTP/1.1" 304 -
114.83.221.184 - - [31/May/2023:09:27:38 +0800] "GET /xingrg/javascript/easyui/themes/default/validatebox.css HTTP/1.1" 404 1104
120.253.135.82 - - [31/May/2023:09:27:38 +0800] "GET /xingrg/all/function/internal_message.html?_=1685496293901&CODE_STATE=getMsg HTTP/1.1" 200 27
114.83.221.184 - - [31/May/2023:09:27:39 +0800] "POST /xingrg/kc/buy/cgsh_order_operate.html HTTP/1.1" 200 1794
101.83.145.52 - - [31/May/2023:09:27:39 +0800] "GET /xingrg/all/function/internal_message.html?_=1685496290482&CODE_STATE=getMsg HTTP/1.1" 200 27
218.81.217.41 - - [31/May/2023:09:27:42 +0800] "GET /xingrg/all/function/internal_message.html?_=1685496471542&CODE_STATE=getMsg HTTP/1.1" 200 27
58.40.7.146 - - [31/May/2023:09:27:42 +0800] "GET /xingrg/all/function/internal_message.html?_=1685496462069&CODE_STATE=getMsg HTTP/1.1" 200 27
180.169.147.146 - - [31/May/2023:09:27:43 +0800] "GET /xingrg/all/function/internal_message.html?_=1685496463115&CODE_STATE=getMsg HTTP/1.1" 302 -
124.78.155.81 - - [31/May/2023:09:27:46 +0800] "GET /xingrg/all/function/internal_message.html?_=1685496466950&CODE_STATE=getMsg HTTP/1.1" 200 27
124.78.155.81 - - [31/May/2023:09:27:46 +0800] "GET /xingrg/check_reg.html?_=1685496466966 HTTP/1.1" 200 22
116.238.139.35 - - [31/May/2023:09:27:46 +0800] "GET /xingrg/all/function/internal_message.html?_=1685496466317&CODE_STATE=getMsg HTTP/1.1" 200 27
180.164.3.199 - - [31/May/2023:09:27:47 +0800] "GET /xingrg/kc/buy/cgsh_order_operate.html?command=get_materiel&rest_code=00108&code=00101008079&supplier_code=00100007&order_time=2023-05-31 HTTP/1.1" 200 416
114.83.221.184 - - [31/May/2023:09:27:47 +0800] "GET /xingrg/kc/print/load_data.html?order_code=212023053111698&kc_code=cgsh&condition= HTTP/1.1" 200 1171
180.152.240.79 - - [31/May/2023:09:27:47 +0800] "GET /xingrg/kc/buy/cgsh_order_operate.html?command=get_materiel&rest_code=00102&code=00101004089&supplier_code=00100400&order_time=2023-05-31 HTTP/1.1" 200 406
114.83.221.184 - - [31/May/2023:09:27:48 +0800] "GET /xingrg/all/function/internal_message.html?_=1685496466655&CODE_STATE=getMsg HTTP/1.1" 200 27
180.169.147.146 - - [31/May/2023:09:27:49 +0800] "GET /xingrg/all/function/internal_message.html?_=1685496462752&CODE_STATE=getMsg HTTP/1.1" 200 27
180.169.147.146 - - [31/May/2023:09:27:49 +0800] "GET /xingrg/check_reg.html?_=1685496462751 HTTP/1.1" 200 22
180.169.147.146 - - [31/May/2023:09:27:50 +0800] "POST /xingrg/kc/buy/cgsh_order_operate.html HTTP/1.1" 200 5625
124.79.246.33 - - [31/May/2023:09:27:51 +0800] "GET /xingrg/all/function/internal_message.html?_=1685496751207&CODE_STATE=getMsg HTTP/1.1" 200 27
124.78.155.81 - - [31/May/2023:09:27:51 +0800] "GET /xingrg/kc/buy/cgsh_order_operate.html?command=get_materiel&rest_code=00106&code=00101012025&supplier_code=00100096&order_time=2023-05-31 HTTP/1.1" 200 412
116.238.139.35 - - [31/May/2023:09:27:51 +0800] "GET /xingrg/kc/buy/cgsh_order_operate.html?command=get_materiel&rest_code=00150&code=00101006168&supplier_code=00100096&order_time=2023-05-31 HTTP/1.1" 200 423
222.70.180.90 - - [31/May/2023:09:27:51 +0800] "POST /xingrg/kc/base/wldb_order_operate.html HTTP/1.1" 200 37
180.169.147.146 - - [31/May/2023:09:27:52 +0800] "GET /xingrg/all/function/internal_message.html?_=1685496472950&CODE_STATE=getMsg HTTP/1.1" 302 -
222.70.180.90 - - [31/May/2023:09:27:53 +0800] "POST /xingrg/kc/base/wldb_order_operate.html HTTP/1.1" 200 5549
222.70.180.90 - - [31/May/2023:09:27:53 +0800] "GET /xingrg/kc/base/wldb_order_info.html?code=422023053102572 HTTP/1.1" 200 30396
222.70.180.90 - - [31/May/2023:09:27:54 +0800] "GET /xingrg/javascript/easyui/themes/default/validatebox.css HTTP/1.1" 404 1104
222.70.180.90 - - [31/May/2023:09:27:54 +0800] "POST /xingrg/kc/base/wldb_order_operate.html HTTP/1.1" 200 5549
180.164.3.199 - - [31/May/2023:09:27:55 +0800] "GET /xingrg/kc/buy/cgsh_order_operate.html?command=get_materiel&rest_code=00108&code=00101008264&supplier_code=00100007&order_time=2023-05-31 HTTP/1.1" 200 412
180.157.252.9 - - [31/May/2023:09:28:00 +0800] "GET /xingrg/kc/buy/cgsh_order_add.html HTTP/1.1" 200 70337
180.157.252.9 - - [31/May/2023:09:28:01 +0800] "POST /xingrg/kc/buy/cgsh_order_operate.html HTTP/1.1" 200 8245
180.157.252.9 - - [31/May/2023:09:28:01 +0800] "GET /xingrg/javascript/easyui/themes/default/validatebox.css HTTP/1.1" 404 1104
114.85.113.108 - - [31/May/2023:09:28:02 +0800] "GET /xingrg/all/function/internal_message.html?_=1685496454416&CODE_STATE=getMsg HTTP/1.1" 200 27
180.169.147.146 - - [31/May/2023:09:28:02 +0800] "GET /xingrg/check_reg.html?_=1685496481568 HTTP/1.1" 302 -
114.85.113.108 - - [31/May/2023:09:28:02 +0800] "GET /xingrg/check_reg.html?_=1685496454776 HTTP/1.1" 200 22
180.152.240.79 - - [31/May/2023:09:28:04 +0800] "GET /xingrg/kc/buy/cgsh_order_operate.html?command=get_materiel&rest_code=00102&code=00101001069&supplier_code=00100400&order_time=2023-05-31 HTTP/1.1" 200 429
124.78.155.81 - - [31/May/2023:09:28:04 +0800] "GET /xingrg/all/function/internal_message.html?_=1685496488361&CODE_STATE=getMsg HTTP/1.1" 200 27
222.70.180.90 - - [31/May/2023:09:28:05 +0800] "POST /xingrg/kc/base/wldb_order_operate.html HTTP/1.1" 200 37
222.70.180.90 - - [31/May/2023:09:28:06 +0800] "GET /xingrg/all/function/internal_message.html?_=1685496484890&CODE_STATE=getMsg HTTP/1.1" 200 27
222.70.180.90 - - [31/May/2023:09:28:06 +0800] "GET /xingrg/kc/base/wldb_order_info.html?code=422023053102572 HTTP/1.1" 200 30396
222.70.180.90 - - [31/May/2023:09:28:07 +0800] "POST /xingrg/kc/base/wldb_order_operate.html HTTP/1.1" 200 5549
222.70.180.90 - - [31/May/2023:09:28:07 +0800] "GET /xingrg/javascript/easyui/themes/default/validatebox.css HTTP/1.1" 404 1104
222.70.180.90 - - [31/May/2023:09:28:08 +0800] "POST /xingrg/kc/base/wldb_order_operate.html HTTP/1.1" 200 5549
180.164.3.199 - - [31/May/2023:09:28:10 +0800] "GET /xingrg/kc/buy/cgsh_order_operate.html?command=get_materiel&rest_code=00108&code=00101008618&supplier_code=00100007&order_time=2023-05-31 HTTP/1.1" 200 426
222.70.180.90 - - [31/May/2023:09:28:10 +0800] "GET /xingrg/kc/print/load_data.html?order_code=422023053102572&kc_code=wldb&condition= HTTP/1.1" 200 1514
124.78.155.81 - - [31/May/2023:09:28:11 +0800] "GET /xingrg/kc/buy/cgsh_order_operate.html?command=get_materiel&rest_code=00106&code=00101012059&supplier_code=00100096&order_time=2023-05-31 HTTP/1.1" 200 412
180.152.240.79 - - [31/May/2023:09:28:19 +0800] "POST /xingrg/kc/buy/cgsh_order_operate.html HTTP/1.1" 200 37
116.238.139.35 - - [31/May/2023:09:28:21 +0800] "GET /xingrg/kc/buy/cgsh_order_operate.html?command=get_materiel&rest_code=00150&code=00101006065&supplier_code=00100096&order_time=2023-05-31 HTTP/1.1" 200 411
222.70.180.90 - - [31/May/2023:09:28:22 +0800] "GET /xingrg/kc/base/wldb_order_add.html HTTP/1.1" 200 30381
222.70.180.90 - - [31/May/2023:09:28:22 +0800] "POST /xingrg/kc/base/wldb_order_operate.html HTTP/1.1" 200 6806
222.70.180.90 - - [31/May/2023:09:28:23 +0800] "GET /xingrg/javascript/easyui/themes/default/validatebox.css HTTP/1.1" 404 1104
180.164.3.199 - - [31/May/2023:09:28:23 +0800] "GET /xingrg/all/function/internal_message.html?_=1685496502423&CODE_STATE=getMsg HTTP/1.1" 200 27
180.164.3.199 - - [31/May/2023:09:28:23 +0800] "GET /xingrg/check_reg.html?_=1685496502428 HTTP/1.1" 200 22
101.83.145.52 - - [31/May/2023:09:28:27 +0800] "GET /xingrg/all/function/internal_message.html?_=1685496509115&CODE_STATE=getMsg HTTP/1.1" 200 27
101.83.145.52 - - [31/May/2023:09:28:27 +0800] "GET /xingrg/check_reg.html?_=1685496509649 HTTP/1.1" 200 22
222.70.180.90 - - [31/May/2023:09:28:28 +0800] "GET /xingrg/all/function/internal_message.html?_=1685496504913&CODE_STATE=getMsg HTTP/1.1" 200 27
180.152.240.79 - - [31/May/2023:09:28:30 +0800] "GET /xingrg/check_reg.html?_=1685496511152 HTTP/1.1" 200 22
114.83.219.126 - - [31/May/2023:09:28:31 +0800] "GET /xingrg/all/function/internal_message.html?_=1685496612378&CODE_STATE=getMsg HTTP/1.1" 200 27
180.152.240.79 - - [31/May/2023:09:28:31 +0800] "GET /xingrg/check_reg.html?_=1685496514986 HTTP/1.1" 200 22
180.152.240.79 - - [31/May/2023:09:28:31 +0800] "GET /xingrg/all/function/internal_message.html?_=1685496514995&CODE_STATE=getMsg HTTP/1.1" 200 27
180.164.3.199 - - [31/May/2023:09:28:31 +0800] "GET /xingrg/kc/buy/cgsh_order_operate.html?command=get_materiel&rest_code=00108&code=00101008318&supplier_code=00100007&order_time=2023-05-31 HTTP/1.1" 200 408
114.83.219.126 - - [31/May/2023:09:28:32 +0800] "GET /xingrg/check_reg.html?_=1685496612914 HTTP/1.1" 200 22
180.157.252.9 - - [31/May/2023:09:28:33 +0800] "GET /xingrg/all/function/internal_message.html?_=1685496513152&CODE_STATE=getMsg HTTP/1.1" 200 27
180.152.240.79 - - [31/May/2023:09:28:36 +0800] "POST /xingrg/kc/buy/cgsh_order_operate.html HTTP/1.1" 200 12
120.253.135.82 - - [31/May/2023:09:28:38 +0800] "GET /xingrg/check_reg.html?_=1685496353713 HTTP/1.1" 200 22
120.253.135.82 - - [31/May/2023:09:28:38 +0800] "GET /xingrg/all/function/internal_message.html?_=1685496353915&CODE_STATE=getMsg HTTP/1.1" 200 27
101.83.145.52 - - [31/May/2023:09:28:39 +0800] "GET /xingrg/all/function/internal_message.html?_=1685496350491&CODE_STATE=getMsg HTTP/1.1" 200 27
116.238.139.35 - - [31/May/2023:09:28:39 +0800] "GET /xingrg/kc/buy/cgsh_order_operate.html?command=get_materiel&rest_code=00150&code=00101006055&supplier_code=00100096&order_time=2023-05-31 HTTP/1.1" 200 432
218.81.217.41 - - [31/May/2023:09:28:42 +0800] "GET /xingrg/all/function/internal_message.html?_=1685496531556&CODE_STATE=getMsg HTTP/1.1" 200 27
58.40.7.146 - - [31/May/2023:09:28:42 +0800] "GET /xingrg/all/function/internal_message.html?_=1685496522073&CODE_STATE=getMsg HTTP/1.1" 200 27
180.169.147.146 - - [31/May/2023:09:28:43 +0800] "GET /xingrg/all/function/internal_message.html?_=1685496523110&CODE_STATE=getMsg HTTP/1.1" 302 -
180.164.3.199 - - [31/May/2023:09:28:44 +0800] "GET /xingrg/kc/buy/cgsh_order_operate.html?command=get_materiel&rest_code=00108&code=00101008354&supplier_code=00100007&order_time=2023-05-31 HTTP/1.1" 200 412
124.78.155.81 - - [31/May/2023:09:28:46 +0800] "GET /xingrg/all/function/internal_message.html?_=1685496526950&CODE_STATE=getMsg HTTP/1.1" 200 27
116.238.139.35 - - [31/May/2023:09:28:46 +0800] "GET /xingrg/all/function/internal_message.html?_=1685496526300&CODE_STATE=getMsg HTTP/1.1" 200 27
180.164.3.199 - - [31/May/2023:09:28:46 +0800] "POST /xingrg/kc/buy/cgsh_order_operate.html HTTP/1.1" 200 2065
114.83.221.184 - - [31/May/2023:09:28:48 +0800] "GET /xingrg/all/function/internal_message.html?_=1685496526633&CODE_STATE=getMsg HTTP/1.1" 200 27
180.169.147.146 - - [31/May/2023:09:28:49 +0800] "GET /xingrg/all/function/internal_message.html?_=1685496522722&CODE_STATE=getMsg HTTP/1.1" 200 27
180.152.240.79 - - [31/May/2023:09:28:49 +0800] "GET /xingrg/kc/buy/cgsh_order_info.html?code=212023053111700 HTTP/1.1" 200 66450
180.152.240.79 - - [31/May/2023:09:28:50 +0800] "GET /xingrg/words/20230531091915_words.js HTTP/1.1" 304 -
180.152.240.79 - - [31/May/2023:09:28:50 +0800] "GET /xingrg/javascript/easyui/themes/default/validatebox.css HTTP/1.1" 404 1104
124.79.246.33 - - [31/May/2023:09:28:51 +0800] "GET /xingrg/all/function/internal_message.html?_=1685496811204&CODE_STATE=getMsg HTTP/1.1" 200 27
180.169.147.146 - - [31/May/2023:09:28:53 +0800] "GET /xingrg/all/function/internal_message.html?_=1685496532962&CODE_STATE=getMsg HTTP/1.1" 302 -
116.232.195.127 - - [31/May/2023:09:28:54 +0800] "POST /xingrg/services/DataTransmitService HTTP/1.1" 200 524
180.164.3.199 - - [31/May/2023:09:28:57 +0800] "POST /xingrg/kc/buy/cgsh_order_operate.html HTTP/1.1" 200 37
116.238.139.35 - - [31/May/2023:09:28:57 +0800] "GET /xingrg/kc/buy/cgsh_order_operate.html?command=get_materiel&rest_code=00150&code=00101006111&supplier_code=00100096&order_time=2023-05-31 HTTP/1.1" 200 411
180.152.240.79 - - [31/May/2023:09:28:57 +0800] "POST /xingrg/kc/buy/cgsh_order_operate.html HTTP/1.1" 200 2972
218.81.217.41 - - [31/May/2023:09:28:57 +0800] "POST /xingrg/services/DataTransmitService HTTP/1.1" 200 524
222.70.180.90 - - [31/May/2023:09:28:58 +0800] "GET /xingrg/kc/base/wldb_order_operate.html?command=get_materiel&rest_code=00111&base_code=0010306&code=00102002025 HTTP/1.1" 200 453
218.81.217.41 - - [31/May/2023:09:28:58 +0800] "POST /xingrg/services/DataTransmitService HTTP/1.1" 200 2339
180.164.3.199 - - [31/May/2023:09:29:00 +0800] "POST /xingrg/kc/buy/cgsh_order_operate.html HTTP/1.1" 200 13322
180.152.240.79 - - [31/May/2023:09:29:00 +0800] "GET /xingrg/kc/print/load_data.html?order_code=212023053111700&kc_code=cgsh&condition= HTTP/1.1" 200 1573
222.70.180.90 - - [31/May/2023:09:29:00 +0800] "POST /xingrg/all/common/load_select.html HTTP/1.1" 200 25
124.78.155.81 - - [31/May/2023:09:29:00 +0800] "GET /xingrg/kc/buy/cgsh_order_operate.html?command=get_materiel&rest_code=00106&code=00101001010&supplier_code=00100096&order_time=2023-05-31 HTTP/1.1" 200 409
114.85.113.108 - - [31/May/2023:09:29:02 +0800] "GET /xingrg/all/function/internal_message.html?_=1685496514422&CODE_STATE=getMsg HTTP/1.1" 200 27
124.78.155.81 - - [31/May/2023:09:29:04 +0800] "GET /xingrg/all/function/internal_message.html?_=1685496548347&CODE_STATE=getMsg HTTP/1.1" 200 27
222.70.180.90 - - [31/May/2023:09:29:05 +0800] "GET /xingrg/kc/base/wldb_order_operate.html?command=get_materiel_price&rest_code=00111&base_code=0010306&code=00102002025&unit_code=00100351 HTTP/1.1" 200 35
222.70.180.90 - - [31/May/2023:09:29:06 +0800] "GET /xingrg/all/function/internal_message.html?_=1685496544867&CODE_STATE=getMsg HTTP/1.1" 200 27
222.70.180.90 - - [31/May/2023:09:29:06 +0800] "GET /xingrg/check_reg.html?_=1685496545150 HTTP/1.1" 200 22
180.152.240.79 - - [31/May/2023:09:29:07 +0800] "GET /xingrg/kc/buy/cgsh_order_add.html HTTP/1.1" 200 71545
180.152.240.79 - - [31/May/2023:09:29:07 +0800] "POST /xingrg/kc/buy/cgsh_order_operate.html HTTP/1.1" 200 8245
180.152.240.79 - - [31/May/2023:09:29:07 +0800] "GET /xingrg/javascript/easyui/themes/default/validatebox.css HTTP/1.1" 404 1104
180.164.3.199 - - [31/May/2023:09:29:08 +0800] "GET /xingrg/kc/buy/cgsh_order_operate.html?command=get_materiel&rest_code=00108&code=00101008288&supplier_code=00100007&order_time=2023-05-31 HTTP/1.1" 200 408
222.70.180.90 - - [31/May/2023:09:29:16 +0800] "GET /xingrg/kc/base/wldb_order_operate.html?command=get_materiel&rest_code=00111&base_code=0010306&code=00102002026 HTTP/1.1" 200 432
218.81.217.41 - - [31/May/2023:09:29:17 +0800] "POST /xingrg/services/DataTransmitService HTTP/1.1" 200 524
116.238.139.35 - - [31/May/2023:09:29:17 +0800] "GET /xingrg/kc/buy/cgsh_order_operate.html?command=get_materiel&rest_code=00150&code=00101010711&supplier_code=00100096&order_time=2023-05-31 HTTP/1.1" 200 408
218.81.217.41 - - [31/May/2023:09:29:18 +0800] "POST /xingrg/services/DataTransmitService HTTP/1.1" 200 2339
218.81.217.41 - - [31/May/2023:09:29:19 +0800] "POST /xingrg/services/DataTransmitService HTTP/1.1" 200 524
218.81.217.41 - - [31/May/2023:09:29:21 +0800] "POST /xingrg/services/DataTransmitService HTTP/1.1" 200 2339
218.81.217.41 - - [31/May/2023:09:29:22 +0800] "POST /xingrg/services/DataTransmitService HTTP/1.1" 200 524
180.152.240.79 - - [31/May/2023:09:29:22 +0800] "POST /xingrg/services/DataTransmitService HTTP/1.1" 200 524
180.164.3.199 - - [31/May/2023:09:29:23 +0800] "GET /xingrg/kc/buy/cgsh_order_operate.html?command=get_materiel&rest_code=00108&code=00101008213&supplier_code=00100007&order_time=2023-05-31 HTTP/1.1" 200 431
180.164.3.199 - - [31/May/2023:09:29:23 +0800] "GET /xingrg/all/function/internal_message.html?_=1685496562448&CODE_STATE=getMsg HTTP/1.1" 200 27
218.81.217.41 - - [31/May/2023:09:29:23 +0800] "POST /xingrg/services/DataTransmitService HTTP/1.1" 200 2339
180.152.240.79 - - [31/May/2023:09:29:24 +0800] "POST /xingrg/services/DataTransmitService HTTP/1.1" 200 412
218.81.217.41 - - [31/May/2023:09:29:24 +0800] "POST /xingrg/services/DataTransmitService HTTP/1.1" 200 524
218.81.217.41 - - [31/May/2023:09:29:26 +0800] "POST /xingrg/services/DataTransmitService HTTP/1.1" 200 2339
180.157.252.9 - - [31/May/2023:09:29:26 +0800] "GET /xingrg/kc/buy/cgsh_order_operate.html?command=get_materiel&rest_code=00103&code=00102035070&supplier_code=00100077&order_time=2023-05-31 HTTP/1.1" 200 409
218.81.217.41 - - [31/May/2023:09:29:27 +0800] "POST /xingrg/services/DataTransmitService HTTP/1.1" 200 524
101.83.145.52 - - [31/May/2023:09:29:27 +0800] "GET /xingrg/all/function/internal_message.html?_=1685496569093&CODE_STATE=getMsg HTTP/1.1" 200 27
222.70.180.90 - - [31/May/2023:09:29:28 +0800] "GET /xingrg/all/function/internal_message.html?_=1685496564909&CODE_STATE=getMsg HTTP/1.1" 200 27
218.81.217.41 - - [31/May/2023:09:29:28 +0800] "POST /xingrg/services/DataTransmitService HTTP/1.1" 200 412
218.81.217.41 - - [31/May/2023:09:29:30 +0800] "POST /xingrg/services/DataTransmitService HTTP/1.1" 200 524
218.81.217.41 - - [31/May/2023:09:29:31 +0800] "POST /xingrg/services/DataTransmitService HTTP/1.1" 200 412
114.83.219.126 - - [31/May/2023:09:29:31 +0800] "GET /xingrg/all/function/internal_message.html?_=1685496672359&CODE_STATE=getMsg HTTP/1.1" 200 27
180.152.240.79 - - [31/May/2023:09:29:31 +0800] "GET /xingrg/all/function/internal_message.html?_=1685496574994&CODE_STATE=getMsg HTTP/1.1" 200 27
218.81.217.41 - - [31/May/2023:09:29:32 +0800] "POST /xingrg/services/DataTransmitService HTTP/1.1" 200 524
218.81.217.41 - - [31/May/2023:09:29:33 +0800] "POST /xingrg/services/DataTransmitService HTTP/1.1" 200 412
180.164.3.199 - - [31/May/2023:09:29:33 +0800] "GET /xingrg/kc/buy/cgsh_order_operate.html?command=get_materiel&rest_code=00108&code=00101008077&supplier_code=00100007&order_time=2023-05-31 HTTP/1.1" 200 416
116.238.139.35 - - [31/May/2023:09:29:33 +0800] "GET /xingrg/kc/buy/cgsh_order_operate.html?command=get_materiel&rest_code=00150&code=00101007061&supplier_code=00100096&order_time=2023-05-31 HTTP/1.1" 200 432
180.157.252.9 - - [31/May/2023:09:29:33 +0800] "GET /xingrg/all/function/internal_message.html?_=1685496573127&CODE_STATE=getMsg HTTP/1.1" 200 27
218.81.217.41 - - [31/May/2023:09:29:35 +0800] "POST /xingrg/services/DataTransmitService HTTP/1.1" 200 524
218.81.217.41 - - [31/May/2023:09:29:36 +0800] "POST /xingrg/services/DataTransmitService HTTP/1.1" 200 412
218.81.217.41 - - [31/May/2023:09:29:38 +0800] "POST /xingrg/services/DataTransmitService HTTP/1.1" 200 524
120.253.135.82 - - [31/May/2023:09:29:38 +0800] "GET /xingrg/all/function/internal_message.html?_=1685496413961&CODE_STATE=getMsg HTTP/1.1" 200 27
218.81.217.41 - - [31/May/2023:09:29:39 +0800] "POST /xingrg/services/DataTransmitService HTTP/1.1" 200 412
101.83.145.52 - - [31/May/2023:09:29:39 +0800] "GET /xingrg/all/function/internal_message.html?_=1685496410499&CODE_STATE=getMsg HTTP/1.1" 200 27
218.81.217.41 - - [31/May/2023:09:29:40 +0800] "POST /xingrg/services/DataTransmitService HTTP/1.1" 200 524
218.81.217.41 - - [31/May/2023:09:29:41 +0800] "POST /xingrg/services/DataTransmitService HTTP/1.1" 200 412
58.40.7.146 - - [31/May/2023:09:29:42 +0800] "GET /xingrg/all/function/internal_message.html?_=1685496582076&CODE_STATE=getMsg HTTP/1.1" 200 27
218.81.217.41 - - [31/May/2023:09:29:42 +0800] "GET /xingrg/all/function/internal_message.html?_=1685496591858&CODE_STATE=getMsg HTTP/1.1" 200 27
124.78.155.81 - - [31/May/2023:09:29:42 +0800] "GET /xingrg/kc/buy/cgsh_order_operate.html?command=get_materiel&rest_code=00106&code=00101006111&supplier_code=00100096&order_time=2023-05-31 HTTP/1.1" 200 411
218.81.217.41 - - [31/May/2023:09:29:43 +0800] "POST /xingrg/services/DataTransmitService HTTP/1.1" 200 524
180.169.147.146 - - [31/May/2023:09:29:43 +0800] "GET /xingrg/all/function/internal_message.html?_=1685496583099&CODE_STATE=getMsg HTTP/1.1" 302 -
218.81.217.41 - - [31/May/2023:09:29:44 +0800] "POST /xingrg/services/DataTransmitService HTTP/1.1" 200 412
218.81.217.41 - - [31/May/2023:09:29:44 +0800] "POST /xingrg/services/DataTransmitService HTTP/1.1" 200 524
218.81.217.41 - - [31/May/2023:09:29:45 +0800] "POST /xingrg/services/DataTransmitService HTTP/1.1" 200 2339
180.152.240.79 - - [31/May/2023:09:29:45 +0800] "GET /xingrg/kc/buy/cgsh_order_operate.html?command=get_materiel&rest_code=00102&code=00102034101&supplier_code=00100151&order_time=2023-05-31 HTTP/1.1" 200 398
124.78.155.81 - - [31/May/2023:09:29:46 +0800] "GET /xingrg/all/function/internal_message.html?_=1685496586954&CODE_STATE=getMsg HTTP/1.1" 200 27
218.81.217.41 - - [31/May/2023:09:29:46 +0800] "POST /xingrg/services/DataTransmitService HTTP/1.1" 200 524
180.164.3.199 - - [31/May/2023:09:29:46 +0800] "GET /xingrg/kc/buy/cgsh_order_operate.html?command=get_materiel&rest_code=00108&code=00101008230&supplier_code=00100007&order_time=2023-05-31 HTTP/1.1" 200 408
116.238.139.35 - - [31/May/2023:09:29:46 +0800] "GET /xingrg/all/function/internal_message.html?_=1685496586292&CODE_STATE=getMsg HTTP/1.1" 200 27
180.169.147.146 - - [31/May/2023:09:29:47 +0800] "POST /xingrg/kc/buy/cgsh_list_operate.html HTTP/1.1" 200 4
218.81.217.41 - - [31/May/2023:09:29:47 +0800] "POST /xingrg/services/DataTransmitService HTTP/1.1" 200 2339
114.83.221.184 - - [31/May/2023:09:29:48 +0800] "GET /xingrg/all/function/internal_message.html?_=1685496586616&CODE_STATE=getMsg HTTP/1.1" 200 27
218.81.217.41 - - [31/May/2023:09:29:48 +0800] "POST /xingrg/services/DataTransmitService HTTP/1.1" 200 524
180.164.3.199 - - [31/May/2023:09:29:48 +0800] "POST /xingrg/kc/buy/cgsh_order_operate.html HTTP/1.1" 200 2065
218.81.217.41 - - [31/May/2023:09:29:49 +0800] "POST /xingrg/services/DataTransmitService HTTP/1.1" 200 2339
218.81.217.41 - - [31/May/2023:09:29:51 +0800] "POST /xingrg/services/DataTransmitService HTTP/1.1" 200 524
124.79.246.33 - - [31/May/2023:09:29:51 +0800] "GET /xingrg/check_reg.html?_=1685496871215 HTTP/1.1" 200 22
124.79.246.33 - - [31/May/2023:09:29:51 +0800] "GET /xingrg/all/function/internal_message.html?_=1685496871217&CODE_STATE=getMsg HTTP/1.1" 200 27
116.238.139.35 - - [31/May/2023:09:29:51 +0800] "GET /xingrg/kc/buy/cgsh_order_operate.html?command=get_materiel&rest_code=00150&code=00101007049&supplier_code=00100096&order_time=2023-05-31 HTTP/1.1" 200 411
218.81.217.41 - - [31/May/2023:09:29:51 +0800] "POST /xingrg/services/DataTransmitService HTTP/1.1" 200 412
180.169.147.146 - - [31/May/2023:09:29:53 +0800] "GET /xingrg/check_reg.html?_=1685496592969 HTTP/1.1" 302 -
180.169.147.146 - - [31/May/2023:09:29:53 +0800] "GET /xingrg/all/function/internal_message.html?_=1685496592978&CODE_STATE=getMsg HTTP/1.1" 302 -
218.81.217.41 - - [31/May/2023:09:29:53 +0800] "POST /xingrg/services/DataTransmitService HTTP/1.1" 200 524
218.81.217.41 - - [31/May/2023:09:29:54 +0800] "POST /xingrg/services/DataTransmitService HTTP/1.1" 200 412
218.81.217.41 - - [31/May/2023:09:29:54 +0800] "POST /xingrg/services/DataTransmitService HTTP/1.1" 200 524
218.81.217.41 - - [31/May/2023:09:29:55 +0800] "POST /xingrg/services/DataTransmitService HTTP/1.1" 200 412
180.164.3.199 - - [31/May/2023:09:29:56 +0800] "GET /xingrg/kc/buy/cgsh_order_operate.html?command=get_materiel&rest_code=00108&code=00101008286&supplier_code=00100007&order_time=2023-05-31 HTTP/1.1" 200 408
218.81.217.41 - - [31/May/2023:09:29:56 +0800] "POST /xingrg/services/DataTransmitService HTTP/1.1" 200 524
218.81.217.41 - - [31/May/2023:09:29:57 +0800] "POST /xingrg/services/DataTransmitService HTTP/1.1" 200 412
218.81.217.41 - - [31/May/2023:09:29:57 +0800] "POST /xingrg/services/DataTransmitService HTTP/1.1" 200 524
218.81.217.41 - - [31/May/2023:09:29:58 +0800] "POST /xingrg/services/DataTransmitService HTTP/1.1" 200 412
218.81.217.41 - - [31/May/2023:09:29:59 +0800] "POST /xingrg/services/DataTransmitService HTTP/1.1" 200 524
218.81.217.41 - - [31/May/2023:09:30:00 +0800] "POST /xingrg/services/DataTransmitService HTTP/1.1" 200 2339
218.81.217.41 - - [31/May/2023:09:30:01 +0800] "POST /xingrg/services/DataTransmitService HTTP/1.1" 200 524
222.70.180.90 - - [31/May/2023:09:30:01 +0800] "GET /xingrg/kc/base/wldb_order_operate.html?command=get_materiel&rest_code=00111&base_code=0010306&code=00102002432 HTTP/1.1" 200 430
114.85.113.108 - - [31/May/2023:09:30:02 +0800] "GET /xingrg/all/function/internal_message.html?_=1685496574422&CODE_STATE=getMsg HTTP/1.1" 200 27
218.81.217.41 - - [31/May/2023:09:30:02 +0800] "POST /xingrg/services/DataTransmitService HTTP/1.1" 200 2339
116.238.139.35 - - [31/May/2023:09:30:03 +0800] "GET /xingrg/kc/buy/cgsh_order_operate.html?command=get_materiel&rest_code=00150&code=00101007134&supplier_code=00100096&order_time=2023-05-31 HTTP/1.1" 200 415
218.81.217.41 - - [31/May/2023:09:30:03 +0800] "POST /xingrg/services/DataTransmitService HTTP/1.1" 200 524
218.81.217.41 - - [31/May/2023:09:30:04 +0800] "POST /xingrg/services/DataTransmitService HTTP/1.1" 200 412
124.78.155.81 - - [31/May/2023:09:30:04 +0800] "GET /xingrg/all/function/internal_message.html?_=1685496608331&CODE_STATE=getMsg HTTP/1.1" 200 27
218.81.217.41 - - [31/May/2023:09:30:05 +0800] "POST /xingrg/services/DataTransmitService HTTP/1.1" 200 524
180.157.252.9 - - [31/May/2023:09:30:05 +0800] "GET /xingrg/kc/buy/cgsh_order_operate.html?command=get_materiel&rest_code=00103&code=00102006066&supplier_code=00100077&order_time=2023-05-31 HTTP/1.1" 200 422
218.81.217.41 - - [31/May/2023:09:30:06 +0800] "POST /xingrg/services/DataTransmitService HTTP/1.1" 200 412
222.70.180.90 - - [31/May/2023:09:30:06 +0800] "GET /xingrg/all/function/internal_message.html?_=1685496604846&CODE_STATE=getMsg HTTP/1.1" 200 27
218.81.217.41 - - [31/May/2023:09:30:06 +0800] "POST /xingrg/services/DataTransmitService HTTP/1.1" 200 524
180.164.3.199 - - [31/May/2023:09:30:07 +0800] "GET /xingrg/kc/buy/cgsh_order_operate.html?command=get_materiel&rest_code=00108&code=00101008036&supplier_code=00100007&order_time=2023-05-31 HTTP/1.1" 200 408
218.81.217.41 - - [31/May/2023:09:30:08 +0800] "POST /xingrg/services/DataTransmitService HTTP/1.1" 200 2339
114.83.221.184 - - [31/May/2023:09:30:08 +0800] "GET /xingrg/kc/buy/cgsh_order_add.html HTTP/1.1" 200 71598
114.83.221.184 - - [31/May/2023:09:30:08 +0800] "GET /xingrg/words/20230531091915_words.js HTTP/1.1" 304 -
114.83.221.184 - - [31/May/2023:09:30:08 +0800] "POST /xingrg/kc/buy/cgsh_order_operate.html HTTP/1.1" 200 8245
114.83.221.184 - - [31/May/2023:09:30:08 +0800] "GET /xingrg/javascript/easyui/themes/default/validatebox.css HTTP/1.1" 404 1104
218.81.217.41 - - [31/May/2023:09:30:10 +0800] "POST /xingrg/services/DataTransmitService HTTP/1.1" 200 524
218.81.217.41 - - [31/May/2023:09:30:11 +0800] "POST /xingrg/services/DataTransmitService HTTP/1.1" 200 412
218.81.217.41 - - [31/May/2023:09:30:13 +0800] "POST /xingrg/services/DataTransmitService HTTP/1.1" 200 524
218.81.217.41 - - [31/May/2023:09:30:14 +0800] "POST /xingrg/services/DataTransmitService HTTP/1.1" 200 412
218.81.217.41 - - [31/May/2023:09:30:15 +0800] "POST /xingrg/services/DataTransmitService HTTP/1.1" 200 524
218.81.217.41 - - [31/May/2023:09:30:16 +0800] "POST /xingrg/services/DataTransmitService HTTP/1.1" 200 412
218.81.217.41 - - [31/May/2023:09:30:18 +0800] "POST /xingrg/services/DataTransmitService HTTP/1.1" 200 524
218.81.217.41 - - [31/May/2023:09:30:19 +0800] "POST /xingrg/services/DataTransmitService HTTP/1.1" 200 412
218.81.217.41 - - [31/May/2023:09:30:20 +0800] "POST /xingrg/services/DataTransmitService HTTP/1.1" 200 524
218.81.217.41 - - [31/May/2023:09:30:21 +0800] "POST /xingrg/services/DataTransmitService HTTP/1.1" 200 412
180.164.3.199 - - [31/May/2023:09:30:21 +0800] "GET /xingrg/kc/buy/cgsh_order_operate.html?command=get_materiel&rest_code=00108&code=00101008353&supplier_code=00100007&order_time=2023-05-31 HTTP/1.1" 200 408
218.81.217.41 - - [31/May/2023:09:30:23 +0800] "POST /xingrg/services/DataTransmitService HTTP/1.1" 200 524
180.164.3.199 - - [31/May/2023:09:30:23 +0800] "GET /xingrg/all/function/internal_message.html?_=1685496622428&CODE_STATE=getMsg HTTP/1.1" 200 27
218.81.217.41 - - [31/May/2023:09:30:24 +0800] "POST /xingrg/services/DataTransmitService HTTP/1.1" 200 412
218.81.217.41 - - [31/May/2023:09:30:24 +0800] "POST /xingrg/services/DataTransmitService HTTP/1.1" 200 524
218.81.217.41 - - [31/May/2023:09:30:26 +0800] "POST /xingrg/services/DataTransmitService HTTP/1.1" 200 2339
101.83.145.52 - - [31/May/2023:09:30:27 +0800] "GET /xingrg/all/function/internal_message.html?_=1685496629065&CODE_STATE=getMsg HTTP/1.1" 200 27
124.78.155.81 - - [31/May/2023:09:30:27 +0800] "GET /xingrg/kc/buy/cgsh_order_operate.html?command=get_materiel&rest_code=00106&code=00101006124&supplier_code=00100096&order_time=2023-05-31 HTTP/1.1" 200 411
218.81.217.41 - - [31/May/2023:09:30:27 +0800] "POST /xingrg/services/DataTransmitService HTTP/1.1" 200 524
222.70.180.90 - - [31/May/2023:09:30:28 +0800] "GET /xingrg/check_reg.html?_=1685496624908 HTTP/1.1" 200 22
222.70.180.90 - - [31/May/2023:09:30:28 +0800] "GET /xingrg/all/function/internal_message.html?_=1685496624908&CODE_STATE=getMsg HTTP/1.1" 200 27
218.81.217.41 - - [31/May/2023:09:30:28 +0800] "POST /xingrg/services/DataTransmitService HTTP/1.1" 200 2339
218.81.217.41 - - [31/May/2023:09:30:29 +0800] "POST /xingrg/services/DataTransmitService HTTP/1.1" 200 524
218.81.217.41 - - [31/May/2023:09:30:30 +0800] "POST /xingrg/services/DataTransmitService HTTP/1.1" 200 2339
114.83.219.126 - - [31/May/2023:09:30:31 +0800] "GET /xingrg/all/function/internal_message.html?_=1685496732347&CODE_STATE=getMsg HTTP/1.1" 200 27
180.152.240.79 - - [31/May/2023:09:30:31 +0800] "GET /xingrg/all/function/internal_message.html?_=1685496634981&CODE_STATE=getMsg HTTP/1.1" 200 27
180.152.240.79 - - [31/May/2023:09:30:31 +0800] "GET /xingrg/kc/buy/cgsh_order_operate.html?command=get_materiel&rest_code=00102&code=00102034102&supplier_code=00100151&order_time=2023-05-31 HTTP/1.1" 200 410
218.81.217.41 - - [31/May/2023:09:30:32 +0800] "POST /xingrg/services/DataTransmitService HTTP/1.1" 200 524
180.157.252.9 - - [31/May/2023:09:30:32 +0800] "GET /xingrg/check_reg.html?_=1685496632084 HTTP/1.1" 200 22
218.81.217.41 - - [31/May/2023:09:30:33 +0800] "POST /xingrg/services/DataTransmitService HTTP/1.1" 200 412
180.164.3.199 - - [31/May/2023:09:30:33 +0800] "GET /xingrg/kc/buy/cgsh_order_operate.html?command=get_materiel&rest_code=00108&code=00101008558&supplier_code=00100007&order_time=2023-05-31 HTTP/1.1" 200 409
180.157.252.9 - - [31/May/2023:09:30:33 +0800] "GET /xingrg/all/function/internal_message.html?_=1685496633128&CODE_STATE=getMsg HTTP/1.1" 200 27
116.238.139.35 - - [31/May/2023:09:30:33 +0800] "GET /xingrg/kc/buy/cgsh_order_operate.html?command=get_materiel&rest_code=00150&code=00101007181&supplier_code=00100096&order_time=2023-05-31 HTTP/1.1" 200 412
218.81.217.41 - - [31/May/2023:09:30:34 +0800] "POST /xingrg/services/DataTransmitService HTTP/1.1" 200 524
114.83.221.184 - - [31/May/2023:09:30:35 +0800] "GET /xingrg/kc/buy/cgsh_order_operate.html?command=get_materiel&rest_code=00149&code=00101010092&supplier_code=00100096&order_time=2023-05-31 HTTP/1.1" 200 451
218.81.217.41 - - [31/May/2023:09:30:35 +0800] "POST /xingrg/services/DataTransmitService HTTP/1.1" 200 412
180.157.252.9 - - [31/May/2023:09:30:35 +0800] "GET /xingrg/kc/buy/cgsh_order_operate.html?command=get_materiel&rest_code=00103&code=00102005435&supplier_code=00100077&order_time=2023-05-31 HTTP/1.1" 200 424
218.81.217.41 - - [31/May/2023:09:30:37 +0800] "POST /xingrg/services/DataTransmitService HTTP/1.1" 200 524
120.253.135.82 - - [31/May/2023:09:30:38 +0800] "GET /xingrg/all/function/internal_message.html?_=1685496473975&CODE_STATE=getMsg HTTP/1.1" 200 27
218.81.217.41 - - [31/May/2023:09:30:38 +0800] "POST /xingrg/services/DataTransmitService HTTP/1.1" 200 412
101.83.145.52 - - [31/May/2023:09:30:39 +0800] "GET /xingrg/all/function/internal_message.html?_=1685496470491&CODE_STATE=getMsg HTTP/1.1" 200 27
218.81.217.41 - - [31/May/2023:09:30:40 +0800] "POST /xingrg/services/DataTransmitService HTTP/1.1" 200 524
218.81.217.41 - - [31/May/2023:09:30:41 +0800] "POST /xingrg/services/DataTransmitService HTTP/1.1" 200 412
