180.157.252.9 - - [31/May/2023:09:17:21 +0800] "GET /xingrg/dwr/interface/AjaxReportQueryService.js HTTP/1.1" 200 13203
180.157.252.9 - - [31/May/2023:09:17:21 +0800] "GET /xingrg/dwr/engine.js HTTP/1.1" 200 43631
180.157.252.9 - - [31/May/2023:09:17:22 +0800] "POST /xingrg/dwr/call/plaincall/AjaxReportQueryService.getFixDate.dwr HTTP/1.1" 200 111
180.157.252.9 - - [31/May/2023:09:17:23 +0800] "POST /xingrg/dwr/call/plaincall/AjaxReportQueryService.getInitString.dwr HTTP/1.1" 200 921
180.157.252.9 - - [31/May/2023:09:17:23 +0800] "POST /xingrg/all/common/load_tree.html?tree=materiel_sort_tree_json HTTP/1.1" 200 9500
180.157.252.9 - - [31/May/2023:09:17:23 +0800] "POST /xingrg/all/common/load_tree.html?tree=supplier_tree_json&manage=1 HTTP/1.1" 200 76236
180.152.240.79 - - [31/May/2023:09:17:24 +0800] "GET /xingrg/all/function/internal_message.html?_=1685495847531&CODE_STATE=getMsg HTTP/1.1" 200 27
116.232.195.127 - - [31/May/2023:09:17:24 +0800] "POST /xingrg/kc/buy/cgsh_list_operate.html HTTP/1.1" 200 3589
222.70.180.90 - - [31/May/2023:09:17:26 +0800] "POST /xingrg/kc/base/wldb_order_operate.html HTTP/1.1" 200 37
101.83.145.52 - - [31/May/2023:09:17:27 +0800] "GET /xingrg/all/function/internal_message.html?_=1685495849390&CODE_STATE=getMsg HTTP/1.1" 200 27
222.70.180.90 - - [31/May/2023:09:17:28 +0800] "POST /xingrg/kc/base/wldb_order_operate.html HTTP/1.1" 200 2700
222.70.180.90 - - [31/May/2023:09:17:28 +0800] "GET /xingrg/all/function/internal_message.html?_=1685495844913&CODE_STATE=getMsg HTTP/1.1" 200 27
222.70.180.90 - - [31/May/2023:09:17:29 +0800] "GET /xingrg/kc/base/wldb_order_info.html?code=422023053102568 HTTP/1.1" 200 30402
222.70.180.90 - - [31/May/2023:09:17:29 +0800] "GET /xingrg/javascript/easyui/themes/default/validatebox.css HTTP/1.1" 404 1104
222.70.180.90 - - [31/May/2023:09:17:30 +0800] "POST /xingrg/kc/base/wldb_order_operate.html HTTP/1.1" 200 2700
114.83.219.126 - - [31/May/2023:09:17:31 +0800] "GET /xingrg/all/function/internal_message.html?_=1685495952482&CODE_STATE=getMsg HTTP/1.1" 200 27
222.70.180.90 - - [31/May/2023:09:17:32 +0800] "GET /xingrg/kc/base/yddb_order_list.html HTTP/1.1" 200 16704
222.70.180.90 - - [31/May/2023:09:17:33 +0800] "POST /xingrg/kc/base/yddb_list_operate.html HTTP/1.1" 200 1341
180.157.252.9 - - [31/May/2023:09:17:34 +0800] "GET /xingrg/all/function/internal_message.html?_=1685495853390&CODE_STATE=getMsg HTTP/1.1" 200 27
116.232.195.127 - - [31/May/2023:09:17:36 +0800] "GET /xingrg/all/function/internal_message.html?_=1685495880525&CODE_STATE=getMsg HTTP/1.1" 200 27
116.232.195.127 - - [31/May/2023:09:17:36 +0800] "GET /xingrg/check_reg.html?_=1685495880527 HTTP/1.1" 200 22
124.78.155.81 - - [31/May/2023:09:17:37 +0800] "GET /xingrg/kc/buy/cgsh_order_operate.html?command=get_materiel&rest_code=00106&code=00101008036&supplier_code=00100007&order_time=2023-05-31 HTTP/1.1" 200 408
114.83.221.184 - - [31/May/2023:09:17:37 +0800] "POST /xingrg/kc/buy/cgsh_order_operate.html HTTP/1.1" 200 12
180.157.252.9 - - [31/May/2023:09:17:38 +0800] "POST /xingrg/dwr/call/plaincall/AjaxReportQueryService.refreshCache.dwr HTTP/1.1" 200 78
222.70.180.90 - - [31/May/2023:09:17:38 +0800] "POST /xingrg/kc/base/yddb_list_operate.html HTTP/1.1" 200 2112
101.83.145.52 - - [31/May/2023:09:17:39 +0800] "GET /xingrg/all/function/internal_message.html?_=1685495690465&CODE_STATE=getMsg HTTP/1.1" 200 27
180.157.252.9 - - [31/May/2023:09:17:40 +0800] "POST /xingrg/all/report/load_report_page.html HTTP/1.1" 200 8924
180.157.252.9 - - [31/May/2023:09:17:40 +0800] "GET /xingrg/servlets/image?cache=0.9441547027800105&image=px HTTP/1.1" 200 807
222.70.180.90 - - [31/May/2023:09:17:40 +0800] "POST /xingrg/kc/base/yddb_list_operate.html HTTP/1.1" 200 217
218.81.217.41 - - [31/May/2023:09:17:41 +0800] "GET /xingrg/all/function/internal_message.html?_=1685495870907&CODE_STATE=getMsg HTTP/1.1" 200 27
222.70.180.90 - - [31/May/2023:09:17:41 +0800] "GET /xingrg/kc/base/yddb_order_info.html?code=482023053100159 HTTP/1.1" 200 31679
222.70.180.90 - - [31/May/2023:09:17:41 +0800] "GET /xingrg/dwr/interface/AjaxComOrderService.js HTTP/1.1" 200 18264
222.70.180.90 - - [31/May/2023:09:17:41 +0800] "GET /xingrg/dwr/interface/AjaxYddbService.js HTTP/1.1" 200 13201
222.70.180.90 - - [31/May/2023:09:17:41 +0800] "GET /xingrg/dwr/util.js HTTP/1.1" 304 -
222.70.180.90 - - [31/May/2023:09:17:41 +0800] "GET /xingrg/dwr/engine.js HTTP/1.1" 200 43631
222.70.180.90 - - [31/May/2023:09:17:41 +0800] "GET /xingrg/javascript/checkform.js HTTP/1.1" 200 18351
58.40.7.146 - - [31/May/2023:09:17:42 +0800] "GET /xingrg/all/function/internal_message.html?_=1685495862069&CODE_STATE=getMsg HTTP/1.1" 200 27
222.70.180.90 - - [31/May/2023:09:17:42 +0800] "POST /xingrg/dwr/call/plaincall/AjaxYddbService.loadMaterielItems.dwr HTTP/1.1" 200 448
114.83.221.184 - - [31/May/2023:09:17:42 +0800] "GET /xingrg/kc/buy/cgsh_order_info.html?code=212023053111693 HTTP/1.1" 200 66511
114.83.221.184 - - [31/May/2023:09:17:42 +0800] "GET /xingrg/javascript/easyui/themes/default/validatebox.css HTTP/1.1" 404 1104
180.169.147.146 - - [31/May/2023:09:17:44 +0800] "GET /xingrg/all/function/internal_message.html?_=1685495863264&CODE_STATE=getMsg HTTP/1.1" 302 -
114.83.221.184 - - [31/May/2023:09:17:44 +0800] "POST /xingrg/kc/buy/cgsh_order_operate.html HTTP/1.1" 200 608
180.157.252.9 - - [31/May/2023:09:17:45 +0800] "GET /xingrg/all/report/report_query.html?isQuery=1&fileName=kc/buy/wlcg_cate_hz.xml&queryString=(CONVERT(char(10)%252Ca.order_time%252C%2520120)%253E%253D'2023-04-01')%2520and%2520(CONVERT(char(10)%252Ca.order_time%252C%2520120)%253C%253D'2023-04-30')%2520and%2520(a.supplier_code%2520in%2520('00100004'))%2520and%2520(a.supplier_code%253D'00100004')&queryText=%25E3%2580%2590%25E9%2587%2587%25E8%25B4%25AD%25E6%2597%25A5%25E6%259C%259F%253A2023-04-01%2520%25E8%2587%25B3%25202023-04-30%25E3%2580%2591%2520%25E5%25B9%25B6%25E4%25B8%2594%2520%2520%25E3%2580%2590%25E4%25BE%259B%25E5%25BA%2594%25E5%2595%2586%2520%253D%2520%25E5%25AE%25B6%25E7%25A6%25BD%25EF%25BC%2588%25E5%25B7%25A6%25E4%25BD%259C%25E6%2598%25A5%25EF%25BC%2589%25E3%2580%2591%2520%25E5%25B9%25B6%25E4%25B8%2594%2520%25E3%2580%2590%25E4%25BE%259B%25E5%25BA%2594%25E5%2595%2586%253D%25E5%25AE%25B6%25E7%25A6%25BD%25EF%25BC%2588%25E5%25B7%25A6%25E4%25BD%259C%25E6%2598%25A5%25EF%25BC%2589%25E3%2580%2591 HTTP/1.1" 200 54465
180.157.252.9 - - [31/May/2023:09:17:45 +0800] "GET /xingrg/dwr/interface/AjaxReportQueryService.js HTTP/1.1" 200 13203
180.157.252.9 - - [31/May/2023:09:17:45 +0800] "GET /xingrg/dwr/engine.js HTTP/1.1" 200 43631
124.78.155.81 - - [31/May/2023:09:17:46 +0800] "GET /xingrg/check_reg.html?_=1685495866976 HTTP/1.1" 200 22
124.78.155.81 - - [31/May/2023:09:17:46 +0800] "GET /xingrg/all/function/internal_message.html?_=1685495866977&CODE_STATE=getMsg HTTP/1.1" 200 27
116.238.139.35 - - [31/May/2023:09:17:46 +0800] "GET /xingrg/all/function/internal_message.html?_=1685495866280&CODE_STATE=getMsg HTTP/1.1" 200 27
116.238.139.35 - - [31/May/2023:09:17:47 +0800] "GET /xingrg/kc/buy/cgsh_order_operate.html?command=get_materiel&rest_code=00150&code=00101008079&supplier_code=00100008&order_time=2023-05-31 HTTP/1.1" 200 416
180.157.252.9 - - [31/May/2023:09:17:47 +0800] "POST /xingrg/all/report/load_report_page.html HTTP/1.1" 200 8715
180.157.252.9 - - [31/May/2023:09:17:47 +0800] "GET /xingrg/servlets/image?cache=0.6381119969491953&image=px HTTP/1.1" 200 807
114.83.221.184 - - [31/May/2023:09:17:48 +0800] "GET /xingrg/all/function/internal_message.html?_=1685495866680&CODE_STATE=getMsg HTTP/1.1" 200 27
124.79.246.33 - - [31/May/2023:09:17:51 +0800] "GET /xingrg/all/function/internal_message.html?_=1685496151186&CODE_STATE=getMsg HTTP/1.1" 200 27
180.157.252.9 - - [31/May/2023:09:17:51 +0800] "POST /xingrg/all/report/load_report_page.html HTTP/1.1" 200 16376
180.157.252.9 - - [31/May/2023:09:17:51 +0800] "GET /xingrg/servlets/image?cache=0.7195757151995836&image=px HTTP/1.1" 200 807
114.83.221.184 - - [31/May/2023:09:17:52 +0800] "GET /xingrg/kc/print/load_data.html?order_code=212023053111693&kc_code=cgsh&condition= HTTP/1.1" 200 725
180.169.147.146 - - [31/May/2023:09:17:52 +0800] "GET /xingrg/all/function/internal_message.html?_=1685495872958&CODE_STATE=getMsg HTTP/1.1" 302 -
222.70.180.90 - - [31/May/2023:09:17:54 +0800] "POST /xingrg/dwr/call/plaincall/AjaxYddbService.saveOrder.dwr HTTP/1.1" 200 78
116.238.139.35 - - [31/May/2023:09:17:55 +0800] "GET /xingrg/kc/buy/cgsh_order_operate.html?command=get_materiel&rest_code=00150&code=00101008357&supplier_code=00100008&order_time=2023-05-31 HTTP/1.1" 200 427
124.78.155.81 - - [31/May/2023:09:17:58 +0800] "GET /xingrg/kc/buy/cgsh_order_operate.html?command=get_materiel&rest_code=00106&code=00101008350&supplier_code=00100007&order_time=2023-05-31 HTTP/1.1" 200 408
222.70.180.90 - - [31/May/2023:09:18:00 +0800] "POST /xingrg/dwr/call/plaincall/AjaxYddbService.objCheckOrder.dwr HTTP/1.1" 200 78
222.70.180.90 - - [31/May/2023:09:18:02 +0800] "GET /xingrg/kc/base/yddb_order_info.html?code=482023053100159 HTTP/1.1" 200 31800
222.70.180.90 - - [31/May/2023:09:18:02 +0800] "GET /xingrg/dwr/interface/AjaxComOrderService.js HTTP/1.1" 200 18264
222.70.180.90 - - [31/May/2023:09:18:02 +0800] "GET /xingrg/dwr/engine.js HTTP/1.1" 200 43631
222.70.180.90 - - [31/May/2023:09:18:02 +0800] "GET /xingrg/dwr/interface/AjaxYddbService.js HTTP/1.1" 200 13201
114.85.113.108 - - [31/May/2023:09:18:02 +0800] "GET /xingrg/all/function/internal_message.html?_=1685495854435&CODE_STATE=getMsg HTTP/1.1" 200 27
180.169.147.146 - - [31/May/2023:09:18:02 +0800] "GET /xingrg/check_reg.html?_=1685495881589 HTTP/1.1" 302 -
114.85.113.108 - - [31/May/2023:09:18:02 +0800] "GET /xingrg/check_reg.html?_=1685495854815 HTTP/1.1" 200 22
222.70.180.90 - - [31/May/2023:09:18:02 +0800] "POST /xingrg/dwr/call/plaincall/AjaxYddbService.loadMaterielItems.dwr HTTP/1.1" 200 448
124.78.155.81 - - [31/May/2023:09:18:04 +0800] "GET /xingrg/all/function/internal_message.html?_=1685495888533&CODE_STATE=getMsg HTTP/1.1" 200 27
116.238.139.35 - - [31/May/2023:09:18:06 +0800] "GET /xingrg/kc/buy/cgsh_order_operate.html?command=get_materiel&rest_code=00150&code=00101008036&supplier_code=00100008&order_time=2023-05-31 HTTP/1.1" 200 408
222.70.180.90 - - [31/May/2023:09:18:06 +0800] "GET /xingrg/all/function/internal_message.html?_=1685495885033&CODE_STATE=getMsg HTTP/1.1" 200 27
116.238.139.35 - - [31/May/2023:09:18:06 +0800] "POST /xingrg/services/DataTransmitService HTTP/1.1" 200 524
124.78.155.81 - - [31/May/2023:09:18:08 +0800] "POST /xingrg/kc/buy/cgsh_order_operate.html HTTP/1.1" 200 2065
116.238.139.35 - - [31/May/2023:09:18:09 +0800] "POST /xingrg/kc/buy/cgsh_order_operate.html HTTP/1.1" 200 2065
180.157.252.9 - - [31/May/2023:09:18:09 +0800] "POST /xingrg/all/report/report_print.html HTTP/1.1" 302 -
180.157.252.9 - - [31/May/2023:09:18:09 +0800] "GET /xingrg/servlets/html?sysBaseUrl=http%3A%2F%2F180.169.147.146%3A18081%2Fxingrg%2F&costTime=2085×tamp=1685495889605 HTTP/1.1" 200 17807
180.157.252.9 - - [31/May/2023:09:18:09 +0800] "GET /xingrg/servlets/image?image=px HTTP/1.1" 200 807
180.157.252.9 - - [31/May/2023:09:18:09 +0800] "GET /favicon.ico HTTP/1.1" 404 -
180.152.240.79 - - [31/May/2023:09:18:14 +0800] "POST /xingrg/dwr/call/plaincall/AjaxBaseInfoService.getSubMaterielSorts.dwr HTTP/1.1" 200 3802
180.152.240.79 - - [31/May/2023:09:18:14 +0800] "GET /xingrg/images/xtree/blank.png HTTP/1.1" 200 144
180.152.240.79 - - [31/May/2023:09:18:14 +0800] "GET /xingrg/images/xtree/file.png HTTP/1.1" 200 251
180.152.240.79 - - [31/May/2023:09:18:14 +0800] "GET /xingrg/images/xtree/L.png HTTP/1.1" 200 153
180.152.240.79 - - [31/May/2023:09:18:14 +0800] "GET /xingrg/images/xtree/T.png HTTP/1.1" 200 152
180.152.240.79 - - [31/May/2023:09:18:15 +0800] "GET /xingrg/images/xtree/Lminus.png HTTP/1.1" 200 219
180.152.240.79 - - [31/May/2023:09:18:15 +0800] "POST /xingrg/dwr/call/plaincall/AjaxBaseInfoService.getMateriels.dwr HTTP/1.1" 200 3020
180.152.240.79 - - [31/May/2023:09:18:15 +0800] "POST /xingrg/dwr/call/plaincall/AjaxBaseInfoService.getMateriels.dwr HTTP/1.1" 200 3020
116.238.139.35 - - [31/May/2023:09:18:19 +0800] "GET /xingrg/kc/buy/cgsh_order_operate.html?command=get_materiel&rest_code=00150&code=00101008318&supplier_code=00100008&order_time=2023-05-31 HTTP/1.1" 200 408
180.152.240.79 - - [31/May/2023:09:18:19 +0800] "POST /xingrg/dwr/call/plaincall/AjaxBaseInfoService.getMateriels.dwr HTTP/1.1" 200 3117
222.70.180.90 - - [31/May/2023:09:18:23 +0800] "GET /xingrg/kc/base/wldb_order_list.html HTTP/1.1" 200 19098
180.152.240.79 - - [31/May/2023:09:18:24 +0800] "GET /xingrg/all/function/internal_message.html?_=1685495907525&CODE_STATE=getMsg HTTP/1.1" 200 27
222.70.180.90 - - [31/May/2023:09:18:24 +0800] "POST /xingrg/kc/base/wldb_list_operate.html HTTP/1.1" 200 2956
124.78.155.81 - - [31/May/2023:09:18:24 +0800] "GET /xingrg/kc/buy/cgsh_order_operate.html?command=get_materiel&rest_code=00106&code=00101008077&supplier_code=00100007&order_time=2023-05-31 HTTP/1.1" 200 416
180.152.240.79 - - [31/May/2023:09:18:26 +0800] "GET /xingrg/system/info/materiel_info.html?code=00102034&isAdd=1 HTTP/1.1" 200 37275
180.152.240.79 - - [31/May/2023:09:18:26 +0800] "GET /xingrg/dwr/interface/AjaxGetFirstChart.js HTTP/1.1" 200 631
180.152.240.79 - - [31/May/2023:09:18:26 +0800] "GET /xingrg/dwr/engine.js HTTP/1.1" 200 43631
180.152.240.79 - - [31/May/2023:09:18:26 +0800] "GET /xingrg/javascript/checkform.js HTTP/1.1" 200 18351
180.152.240.79 - - [31/May/2023:09:18:26 +0800] "GET /favicon.ico HTTP/1.1" 404 -
180.152.240.79 - - [31/May/2023:09:18:26 +0800] "POST /xingrg/all/common/load_tree.html?tree=area_rest_tree_json HTTP/1.1" 200 3499
180.152.240.79 - - [31/May/2023:09:18:26 +0800] "POST /xingrg/dwr/call/plaincall/AjaxBaseInfoService.getMaterielInfo.dwr HTTP/1.1" 200 229
180.152.240.79 - - [31/May/2023:09:18:26 +0800] "GET /xingrg/javascript/jquery_easy_ui/themes/default/images/tree_checkbox_0.gif HTTP/1.1" 200 168
180.152.240.79 - - [31/May/2023:09:18:26 +0800] "POST /xingrg/all/common/load_tree.html?tree=area_rest_tree_json&defaultRests=undefined HTTP/1.1" 200 3499
222.70.180.90 - - [31/May/2023:09:18:27 +0800] "GET /xingrg/kc/base/wldb_order_add.html HTTP/1.1" 200 30381
222.70.180.90 - - [31/May/2023:09:18:27 +0800] "POST /xingrg/kc/base/wldb_order_operate.html HTTP/1.1" 200 6806
222.70.180.90 - - [31/May/2023:09:18:27 +0800] "GET /xingrg/javascript/easyui/themes/default/validatebox.css HTTP/1.1" 404 1104
101.83.145.52 - - [31/May/2023:09:18:27 +0800] "GET /xingrg/all/function/internal_message.html?_=1685495909366&CODE_STATE=getMsg HTTP/1.1" 200 27
101.83.145.52 - - [31/May/2023:09:18:27 +0800] "GET /xingrg/check_reg.html?_=1685495909643 HTTP/1.1" 200 22
222.70.180.90 - - [31/May/2023:09:18:28 +0800] "GET /xingrg/all/function/internal_message.html?_=1685495904910&CODE_STATE=getMsg HTTP/1.1" 200 27
116.238.139.35 - - [31/May/2023:09:18:28 +0800] "GET /xingrg/kc/buy/cgsh_order_operate.html?command=get_materiel&rest_code=00150&code=00101008371&supplier_code=00100008&order_time=2023-05-31 HTTP/1.1" 200 412
180.152.240.79 - - [31/May/2023:09:18:31 +0800] "POST /xingrg/dwr/call/plaincall/AjaxGetFirstChart.getFirstChart.dwr HTTP/1.1" 200 79
114.83.219.126 - - [31/May/2023:09:18:31 +0800] "GET /xingrg/all/function/internal_message.html?_=1685496012476&CODE_STATE=getMsg HTTP/1.1" 200 27
114.83.219.126 - - [31/May/2023:09:18:32 +0800] "GET /xingrg/check_reg.html?_=1685496012919 HTTP/1.1" 200 22
120.253.135.82 - - [31/May/2023:09:18:33 +0800] "GET /xingrg/login.html HTTP/1.1" 200 7641
180.157.252.9 - - [31/May/2023:09:18:34 +0800] "GET /xingrg/all/function/internal_message.html?_=1685495913363&CODE_STATE=getMsg HTTP/1.1" 200 27
120.253.135.82 - - [31/May/2023:09:18:34 +0800] "GET /favicon.ico HTTP/1.1" 404 -
180.152.240.79 - - [31/May/2023:09:18:34 +0800] "POST /xingrg/dwr/call/plaincall/AjaxBaseInfoService.changeUnitGroup.dwr HTTP/1.1" 200 243
116.232.195.127 - - [31/May/2023:09:18:36 +0800] "GET /xingrg/all/function/internal_message.html?_=1685495940498&CODE_STATE=getMsg HTTP/1.1" 200 27
120.253.135.82 - - [31/May/2023:09:18:37 +0800] "POST /xingrg/login.do HTTP/1.1" 302 -
120.253.135.82 - - [31/May/2023:09:18:37 +0800] "GET /xingrg/index.html?sysBaseUrl=http%3A%2F%2F180.169.147.146%3A18081%2Fxingrg%2F&costTime=1059×tamp=1685495917664 HTTP/1.1" 200 17173
120.253.135.82 - - [31/May/2023:09:18:37 +0800] "GET /xingrg/javascript/jquery_easy_ui/themes/default/easyui.css HTTP/1.1" 304 -
120.253.135.82 - - [31/May/2023:09:18:37 +0800] "GET /xingrg/javascript/jquery-1.4.2.min.js HTTP/1.1" 304 -
120.253.135.82 - - [31/May/2023:09:18:37 +0800] "GET /xingrg/css/form.css HTTP/1.1" 304 -
120.253.135.82 - - [31/May/2023:09:18:37 +0800] "GET /xingrg/javascript/jquery_easy_ui/themes/icon.css HTTP/1.1" 304 -
120.253.135.82 - - [31/May/2023:09:18:37 +0800] "GET /xingrg/javascript/jquery_easy_ui/jquery.easyui.min.js HTTP/1.1" 304 -
120.253.135.82 - - [31/May/2023:09:18:37 +0800] "GET /xingrg/javascript/jquery.timers.js HTTP/1.1" 304 -
120.253.135.82 - - [31/May/2023:09:18:37 +0800] "GET /xingrg/javascript/jquery.form.js HTTP/1.1" 304 -
120.253.135.82 - - [31/May/2023:09:18:37 +0800] "GET /xingrg/javascript/jquery.utils.js HTTP/1.1" 304 -
120.253.135.82 - - [31/May/2023:09:18:37 +0800] "GET /xingrg/javascript/jquery_easy_ui/easyui-lang-zh_CN.js HTTP/1.1" 304 -
120.253.135.82 - - [31/May/2023:09:18:38 +0800] "GET /favicon.ico HTTP/1.1" 404 -
120.253.135.82 - - [31/May/2023:09:18:38 +0800] "GET /xingrg/check_reg.html?_=1685495753704 HTTP/1.1" 200 22
120.253.135.82 - - [31/May/2023:09:18:38 +0800] "GET /xingrg/all/function/internal_message.html?_=1685495753703&CODE_STATE=count HTTP/1.1" 200 11
120.253.135.82 - - [31/May/2023:09:18:38 +0800] "POST /xingrg/all/common/load_tree.html?tree=area_rest_tree_json&manage=1 HTTP/1.1" 200 344
120.253.135.82 - - [31/May/2023:09:18:38 +0800] "POST /xingrg/load_menu.html HTTP/1.1" 200 6743
101.83.145.52 - - [31/May/2023:09:18:39 +0800] "GET /xingrg/all/function/internal_message.html?_=1685495750475&CODE_STATE=getMsg HTTP/1.1" 200 27
218.81.217.41 - - [31/May/2023:09:18:41 +0800] "GET /xingrg/all/function/internal_message.html?_=1685495930920&CODE_STATE=getMsg HTTP/1.1" 200 27
120.253.135.82 - - [31/May/2023:09:18:42 +0800] "GET /xingrg/kc/pszx/mdqp_order_list.html?state=10 HTTP/1.1" 200 10275
58.40.7.146 - - [31/May/2023:09:18:42 +0800] "GET /xingrg/all/function/internal_message.html?_=1685495922072&CODE_STATE=getMsg HTTP/1.1" 200 27
120.253.135.82 - - [31/May/2023:09:18:42 +0800] "GET /xingrg/css/blue.css HTTP/1.1" 304 -
120.253.135.82 - - [31/May/2023:09:18:42 +0800] "GET /xingrg/javascript/myfunction.js HTTP/1.1" 304 -
120.253.135.82 - - [31/May/2023:09:18:42 +0800] "GET /xingrg/dwr/interface/AjaxReportQueryService.js HTTP/1.1" 200 13203
120.253.135.82 - - [31/May/2023:09:18:42 +0800] "GET /xingrg/dwr/util.js HTTP/1.1" 304 -
120.253.135.82 - - [31/May/2023:09:18:42 +0800] "GET /xingrg/dwr/interface/AjaxQqpsService.js HTTP/1.1" 200 16326
120.253.135.82 - - [31/May/2023:09:18:42 +0800] "GET /xingrg/javascript/Calendar.js HTTP/1.1" 304 -
120.253.135.82 - - [31/May/2023:09:18:42 +0800] "GET /xingrg/javascript/pic_change.js HTTP/1.1" 304 -
120.253.135.82 - - [31/May/2023:09:18:42 +0800] "GET /xingrg/dwr/engine.js HTTP/1.1" 200 43631
116.238.139.35 - - [31/May/2023:09:18:42 +0800] "GET /xingrg/kc/buy/cgsh_order_operate.html?command=get_materiel&rest_code=00150&code=00101008005&supplier_code=00100008&order_time=2023-05-31 HTTP/1.1" 200 433
180.152.240.79 - - [31/May/2023:09:18:43 +0800] "POST /xingrg/dwr/call/plaincall/AjaxBaseInfoService.saveMateriel.dwr HTTP/1.1" 200 108
180.152.240.79 - - [31/May/2023:09:18:43 +0800] "POST /xingrg/dwr/call/plaincall/AjaxBaseInfoService.getMateriels.dwr HTTP/1.1" 200 3118
180.169.147.146 - - [31/May/2023:09:18:44 +0800] "GET /xingrg/all/function/internal_message.html?_=1685495923250&CODE_STATE=getMsg HTTP/1.1" 302 -
114.83.221.184 - - [31/May/2023:09:18:44 +0800] "GET /xingrg/kc/buy/cgsh_order_add.html HTTP/1.1" 200 71598
114.83.221.184 - - [31/May/2023:09:18:44 +0800] "GET /xingrg/words/20230531091843_words.js HTTP/1.1" 200 966271
114.83.221.184 - - [31/May/2023:09:18:45 +0800] "POST /xingrg/kc/buy/cgsh_order_operate.html HTTP/1.1" 200 8245
114.83.221.184 - - [31/May/2023:09:18:45 +0800] "GET /xingrg/javascript/easyui/themes/default/validatebox.css HTTP/1.1" 404 1104
124.78.155.81 - - [31/May/2023:09:18:46 +0800] "GET /xingrg/all/function/internal_message.html?_=1685495926955&CODE_STATE=getMsg HTTP/1.1" 200 27
120.253.135.82 - - [31/May/2023:09:18:46 +0800] "GET /xingrg/kc/pszx/mdqp_order_list.html?state=10 HTTP/1.1" 200 10275
120.253.135.82 - - [31/May/2023:09:18:46 +0800] "GET /xingrg/dwr/interface/AjaxQqpsService.js HTTP/1.1" 200 16326
120.253.135.82 - - [31/May/2023:09:18:46 +0800] "GET /xingrg/dwr/interface/AjaxReportQueryService.js HTTP/1.1" 200 13203
120.253.135.82 - - [31/May/2023:09:18:46 +0800] "GET /xingrg/dwr/engine.js HTTP/1.1" 200 43631
116.238.139.35 - - [31/May/2023:09:18:46 +0800] "GET /xingrg/all/function/internal_message.html?_=1685495926294&CODE_STATE=getMsg HTTP/1.1" 200 27
180.152.240.79 - - [31/May/2023:09:18:47 +0800] "GET /xingrg/system/info/materiel_info.html?code=00102034&isAdd=1 HTTP/1.1" 200 37275
180.152.240.79 - - [31/May/2023:09:18:47 +0800] "GET /xingrg/dwr/interface/AjaxGetFirstChart.js HTTP/1.1" 200 631
180.152.240.79 - - [31/May/2023:09:18:47 +0800] "GET /xingrg/dwr/interface/AjaxComOrderService.js HTTP/1.1" 200 18264
180.152.240.79 - - [31/May/2023:09:18:47 +0800] "GET /xingrg/dwr/interface/AjaxBaseInfoService.js HTTP/1.1" 200 21363
180.152.240.79 - - [31/May/2023:09:18:47 +0800] "GET /xingrg/dwr/engine.js HTTP/1.1" 200 43631
180.152.240.79 - - [31/May/2023:09:18:47 +0800] "POST /xingrg/all/common/load_tree.html?tree=area_rest_tree_json HTTP/1.1" 200 3499
180.152.240.79 - - [31/May/2023:09:18:47 +0800] "POST /xingrg/dwr/call/plaincall/AjaxBaseInfoService.getMaterielInfo.dwr HTTP/1.1" 200 229
180.152.240.79 - - [31/May/2023:09:18:47 +0800] "POST /xingrg/all/common/load_tree.html?tree=area_rest_tree_json&defaultRests=undefined HTTP/1.1" 200 3499
114.83.221.184 - - [31/May/2023:09:18:48 +0800] "GET /xingrg/all/function/internal_message.html?_=1685495926578&CODE_STATE=getMsg HTTP/1.1" 200 27
124.79.246.33 - - [31/May/2023:09:18:51 +0800] "GET /xingrg/all/function/internal_message.html?_=1685496211184&CODE_STATE=getMsg HTTP/1.1" 200 27
180.169.147.146 - - [31/May/2023:09:18:52 +0800] "GET /xingrg/all/function/internal_message.html?_=1685495932946&CODE_STATE=getMsg HTTP/1.1" 302 -
124.78.155.81 - - [31/May/2023:09:18:54 +0800] "GET /xingrg/kc/buy/cgsh_order_operate.html?command=get_materiel&rest_code=00106&code=00101008223&supplier_code=00100007&order_time=2023-05-31 HTTP/1.1" 200 412
116.238.139.35 - - [31/May/2023:09:18:56 +0800] "GET /xingrg/kc/buy/cgsh_order_operate.html?command=get_materiel&rest_code=00150&code=00101008213&supplier_code=00100008&order_time=2023-05-31 HTTP/1.1" 200 431
180.152.240.79 - - [31/May/2023:09:18:57 +0800] "POST /xingrg/dwr/call/plaincall/AjaxGetFirstChart.getFirstChart.dwr HTTP/1.1" 200 82
222.70.180.90 - - [31/May/2023:09:18:57 +0800] "GET /xingrg/kc/base/wldb_order_operate.html?command=get_materiel&rest_code=00111&base_code=0010306&code=00102006439 HTTP/1.1" 200 441
116.232.195.127 - - [31/May/2023:09:18:59 +0800] "GET /xingrg/kc/base/yddb_order_list.html HTTP/1.1" 200 16710
116.232.195.127 - - [31/May/2023:09:18:59 +0800] "POST /xingrg/kc/base/yddb_list_operate.html HTTP/1.1" 200 636
222.70.180.90 - - [31/May/2023:09:19:02 +0800] "GET /xingrg/kc/base/wldb_order_operate.html?command=get_materiel&rest_code=00111&base_code=0010306&code=00102001111 HTTP/1.1" 200 440
114.85.113.108 - - [31/May/2023:09:19:02 +0800] "GET /xingrg/all/function/internal_message.html?_=1685495914410&CODE_STATE=getMsg HTTP/1.1" 200 27
116.232.195.127 - - [31/May/2023:09:19:03 +0800] "POST /xingrg/kc/base/yddb_list_operate.html HTTP/1.1" 200 7099
124.78.155.81 - - [31/May/2023:09:19:04 +0800] "GET /xingrg/all/function/internal_message.html?_=1685495948515&CODE_STATE=getMsg HTTP/1.1" 200 27
222.70.180.90 - - [31/May/2023:09:19:06 +0800] "GET /xingrg/all/function/internal_message.html?_=1685495945015&CODE_STATE=getMsg HTTP/1.1" 200 27
222.70.180.90 - - [31/May/2023:09:19:06 +0800] "GET /xingrg/check_reg.html?_=1685495945128 HTTP/1.1" 200 22
116.238.139.35 - - [31/May/2023:09:19:06 +0800] "GET /xingrg/kc/buy/cgsh_order_operate.html?command=get_materiel&rest_code=00150&code=00101008291&supplier_code=00100008&order_time=2023-05-31 HTTP/1.1" 200 408
180.152.240.79 - - [31/May/2023:09:19:09 +0800] "POST /xingrg/dwr/call/plaincall/AjaxBaseInfoService.changeUnitGroup.dwr HTTP/1.1" 200 243
120.253.135.82 - - [31/May/2023:09:19:10 +0800] "GET /xingrg/kc/pszx/mdqp_order_list.html?state=10 HTTP/1.1" 200 10275
120.253.135.82 - - [31/May/2023:09:19:10 +0800] "GET /xingrg/dwr/interface/AjaxReportQueryService.js HTTP/1.1" 200 13203
120.253.135.82 - - [31/May/2023:09:19:10 +0800] "GET /xingrg/dwr/interface/AjaxQqpsService.js HTTP/1.1" 200 16326
120.253.135.82 - - [31/May/2023:09:19:10 +0800] "GET /xingrg/dwr/engine.js HTTP/1.1" 200 43631
116.238.139.35 - - [31/May/2023:09:19:12 +0800] "POST /xingrg/kc/buy/cgsh_order_operate.html HTTP/1.1" 200 2065
114.83.221.184 - - [31/May/2023:09:19:13 +0800] "GET /xingrg/kc/buy/cgsh_order_operate.html?command=get_materiel&rest_code=00149&code=00101009059&supplier_code=00100201&order_time=2023-05-31 HTTP/1.1" 200 408
180.152.240.79 - - [31/May/2023:09:19:15 +0800] "POST /xingrg/dwr/call/plaincall/AjaxBaseInfoService.saveMateriel.dwr HTTP/1.1" 200 108
222.70.180.90 - - [31/May/2023:09:19:15 +0800] "GET /xingrg/kc/base/wldb_order_operate.html?command=get_materiel&rest_code=00111&base_code=0010306&code=00102002138 HTTP/1.1" 200 433
180.152.240.79 - - [31/May/2023:09:19:15 +0800] "POST /xingrg/dwr/call/plaincall/AjaxBaseInfoService.getMateriels.dwr HTTP/1.1" 200 3118
180.152.240.79 - - [31/May/2023:09:19:16 +0800] "GET /xingrg/system/info/materiel_info.html?code=00102034&isAdd=1 HTTP/1.1" 200 37275
180.152.240.79 - - [31/May/2023:09:19:16 +0800] "GET /xingrg/dwr/interface/AjaxGetFirstChart.js HTTP/1.1" 200 631
180.152.240.79 - - [31/May/2023:09:19:16 +0800] "GET /xingrg/dwr/interface/AjaxBaseInfoService.js HTTP/1.1" 200 21363
180.152.240.79 - - [31/May/2023:09:19:16 +0800] "GET /xingrg/dwr/interface/AjaxComOrderService.js HTTP/1.1" 200 18264
180.152.240.79 - - [31/May/2023:09:19:16 +0800] "GET /xingrg/dwr/engine.js HTTP/1.1" 200 43631
180.152.240.79 - - [31/May/2023:09:19:17 +0800] "POST /xingrg/all/common/load_tree.html?tree=area_rest_tree_json HTTP/1.1" 200 3499
180.152.240.79 - - [31/May/2023:09:19:17 +0800] "POST /xingrg/dwr/call/plaincall/AjaxBaseInfoService.getMaterielInfo.dwr HTTP/1.1" 200 229
180.152.240.79 - - [31/May/2023:09:19:17 +0800] "POST /xingrg/all/common/load_tree.html?tree=area_rest_tree_json&defaultRests=undefined HTTP/1.1" 200 3499
116.238.139.35 - - [31/May/2023:09:19:23 +0800] "GET /xingrg/kc/buy/cgsh_order_operate.html?command=get_materiel&rest_code=00150&code=00101008312&supplier_code=00100008&order_time=2023-05-31 HTTP/1.1" 200 412
180.152.240.79 - - [31/May/2023:09:19:24 +0800] "GET /xingrg/check_reg.html?_=1685495967527 HTTP/1.1" 200 22
180.152.240.79 - - [31/May/2023:09:19:24 +0800] "GET /xingrg/all/function/internal_message.html?_=1685495967528&CODE_STATE=getMsg HTTP/1.1" 200 27
124.78.155.81 - - [31/May/2023:09:19:27 +0800] "GET /xingrg/kc/buy/cgsh_order_operate.html?command=get_materiel&rest_code=00106&code=00101008110&supplier_code=00100007&order_time=2023-05-31 HTTP/1.1" 200 408
101.83.145.52 - - [31/May/2023:09:19:27 +0800] "GET /xingrg/all/function/internal_message.html?_=1685495969336&CODE_STATE=getMsg HTTP/1.1" 200 27
114.83.221.184 - - [31/May/2023:09:19:27 +0800] "GET /xingrg/kc/buy/cgsh_order_operate.html?command=get_materiel&rest_code=00149&code=00101009109&supplier_code=00100201&order_time=2023-05-31 HTTP/1.1" 200 435
222.70.180.90 - - [31/May/2023:09:19:28 +0800] "GET /xingrg/all/function/internal_message.html?_=1685495964903&CODE_STATE=getMsg HTTP/1.1" 200 27
222.70.180.90 - - [31/May/2023:09:19:28 +0800] "GET /xingrg/kc/base/wldb_order_operate.html?command=get_materiel&rest_code=00111&base_code=0010306&code=00102002238 HTTP/1.1" 200 434
114.83.219.126 - - [31/May/2023:09:19:31 +0800] "GET /xingrg/all/function/internal_message.html?_=1685496072457&CODE_STATE=getMsg HTTP/1.1" 200 27
180.157.252.9 - - [31/May/2023:09:19:34 +0800] "GET /xingrg/all/function/internal_message.html?_=1685495973334&CODE_STATE=getMsg HTTP/1.1" 200 27
116.238.139.35 - - [31/May/2023:09:19:36 +0800] "GET /xingrg/kc/buy/cgsh_order_operate.html?command=get_materiel&rest_code=00150&code=00101008275&supplier_code=00100008&order_time=2023-05-31 HTTP/1.1" 200 435
116.232.195.127 - - [31/May/2023:09:19:36 +0800] "GET /xingrg/all/function/internal_message.html?_=1685496000483&CODE_STATE=getMsg HTTP/1.1" 200 27
120.253.135.82 - - [31/May/2023:09:19:38 +0800] "GET /xingrg/all/function/internal_message.html?_=1685495813715&CODE_STATE=getMsg HTTP/1.1" 200 27
222.70.180.90 - - [31/May/2023:09:19:39 +0800] "GET /xingrg/kc/base/wldb_order_operate.html?command=get_materiel&rest_code=00111&base_code=0010306&code=00102002287 HTTP/1.1" 200 439
101.83.145.52 - - [31/May/2023:09:19:39 +0800] "GET /xingrg/all/function/internal_message.html?_=1685495810463&CODE_STATE=getMsg HTTP/1.1" 200 27
218.81.217.41 - - [31/May/2023:09:19:41 +0800] "GET /xingrg/all/function/internal_message.html?_=1685495991195&CODE_STATE=getMsg HTTP/1.1" 200 27
114.83.221.184 - - [31/May/2023:09:19:41 +0800] "POST /xingrg/kc/buy/cgsh_order_operate.html HTTP/1.1" 200 37
58.40.7.146 - - [31/May/2023:09:19:42 +0800] "GET /xingrg/all/function/internal_message.html?_=1685495982075&CODE_STATE=getMsg HTTP/1.1" 200 27
180.169.147.146 - - [31/May/2023:09:19:44 +0800] "GET /xingrg/all/function/internal_message.html?_=1685495983241&CODE_STATE=getMsg HTTP/1.1" 302 -
116.238.139.35 - - [31/May/2023:09:19:44 +0800] "GET /xingrg/kc/buy/cgsh_order_operate.html?command=get_materiel&rest_code=00150&code=00101008344&supplier_code=00100008&order_time=2023-05-31 HTTP/1.1" 200 412
124.78.155.81 - - [31/May/2023:09:19:46 +0800] "GET /xingrg/all/function/internal_message.html?_=1685495986937&CODE_STATE=getMsg HTTP/1.1" 200 27
116.238.139.35 - - [31/May/2023:09:19:46 +0800] "GET /xingrg/all/function/internal_message.html?_=1685495986291&CODE_STATE=getMsg HTTP/1.1" 200 27
114.83.221.184 - - [31/May/2023:09:19:48 +0800] "GET /xingrg/all/function/internal_message.html?_=1685495986589&CODE_STATE=getMsg HTTP/1.1" 200 27
124.78.155.81 - - [31/May/2023:09:19:49 +0800] "GET /xingrg/kc/buy/cgsh_order_operate.html?command=get_materiel&rest_code=00106&code=00101008095&supplier_code=00100007&order_time=2023-05-31 HTTP/1.1" 200 412
116.232.195.127 - - [31/May/2023:09:19:50 +0800] "GET /xingrg/kc/buy/cgsh_order_list.html HTTP/1.1" 200 55734
124.79.246.33 - - [31/May/2023:09:19:51 +0800] "GET /xingrg/check_reg.html?_=1685496271182 HTTP/1.1" 200 22
124.79.246.33 - - [31/May/2023:09:19:51 +0800] "GET /xingrg/all/function/internal_message.html?_=1685496271183&CODE_STATE=getMsg HTTP/1.1" 200 27
124.78.155.81 - - [31/May/2023:09:19:51 +0800] "POST /xingrg/kc/buy/cgsh_order_operate.html HTTP/1.1" 200 2065
183.193.137.82 - - [31/May/2023:09:19:52 +0800] "GET /xingrg/index.html?sysBaseUrl=http%3A%2F%2F180.169.147.146%3A18081%2Fxingrg%2F&costTime=707×tamp=1678720590741 HTTP/1.1" 302 -
180.169.147.146 - - [31/May/2023:09:19:53 +0800] "GET /xingrg/all/function/internal_message.html?_=1685495992964&CODE_STATE=getMsg HTTP/1.1" 302 -
180.169.147.146 - - [31/May/2023:09:19:53 +0800] "GET /xingrg/check_reg.html?_=1685495992969 HTTP/1.1" 302 -
183.193.137.82 - - [31/May/2023:09:19:53 +0800] "GET /favicon.ico HTTP/1.1" 404 -
114.83.221.184 - - [31/May/2023:09:19:55 +0800] "POST /xingrg/kc/buy/cgsh_order_operate.html HTTP/1.1" 200 12
222.70.180.90 - - [31/May/2023:09:19:55 +0800] "GET /xingrg/kc/base/wldb_order_operate.html?command=get_materiel&rest_code=00111&base_code=0010306&code=00102002314 HTTP/1.1" 200 461
180.169.147.146 - - [31/May/2023:09:19:58 +0800] "GET /xingrg/check_reg.html?_=1685495991657 HTTP/1.1" 302 -
180.169.147.146 - - [31/May/2023:09:19:58 +0800] "GET /xingrg/all/function/internal_message.html?_=1685495991644&CODE_STATE=getMsg HTTP/1.1" 302 -
180.169.147.146 - - [31/May/2023:09:19:58 +0800] "GET /xingrg/login.html HTTP/1.1" 200 7641
180.169.147.146 - - [31/May/2023:09:19:58 +0800] "GET /xingrg/login.html HTTP/1.1" 200 7641
116.238.139.35 - - [31/May/2023:09:19:59 +0800] "GET /xingrg/kc/buy/cgsh_order_operate.html?command=get_materiel&rest_code=00150&code=00101008114&supplier_code=00100008&order_time=2023-05-31 HTTP/1.1" 200 412
114.85.113.108 - - [31/May/2023:09:20:02 +0800] "GET /xingrg/all/function/internal_message.html?_=1685495974414&CODE_STATE=getMsg HTTP/1.1" 200 27
114.83.221.184 - - [31/May/2023:09:20:03 +0800] "POST /xingrg/services/DataTransmitService HTTP/1.1" 401 565
124.78.155.81 - - [31/May/2023:09:20:03 +0800] "GET /xingrg/kc/buy/cgsh_order_operate.html?command=get_materiel&rest_code=00106&code=00101008041&supplier_code=00100007&order_time=2023-05-31 HTTP/1.1" 200 408
114.83.221.184 - - [31/May/2023:09:20:03 +0800] "POST /xingrg/services/DataTransmitService HTTP/1.1" 200 478
114.83.221.184 - - [31/May/2023:09:20:03 +0800] "POST /xingrg/services/DataTransmitService HTTP/1.1" 200 1319
114.83.221.184 - - [31/May/2023:09:20:03 +0800] "POST /xingrg/services/DataTransmitService HTTP/1.1" 200 478
114.83.221.184 - - [31/May/2023:09:20:03 +0800] "POST /xingrg/services/DataTransmitService HTTP/1.1" 200 1319
114.83.221.184 - - [31/May/2023:09:20:03 +0800] "POST /xingrg/services/DataTransmitService HTTP/1.1" 200 524
114.83.221.184 - - [31/May/2023:09:20:04 +0800] "POST /xingrg/services/DataTransmitService HTTP/1.1" 200 2067
124.78.155.81 - - [31/May/2023:09:20:04 +0800] "GET /xingrg/all/function/internal_message.html?_=1685496008502&CODE_STATE=getMsg HTTP/1.1" 200 27
180.169.147.146 - - [31/May/2023:09:20:05 +0800] "GET /xingrg/login.html HTTP/1.1" 200 7641
222.70.180.90 - - [31/May/2023:09:20:06 +0800] "GET /xingrg/all/function/internal_message.html?_=1685496004987&CODE_STATE=getMsg HTTP/1.1" 200 27
183.193.137.82 - - [31/May/2023:09:20:06 +0800] "POST /xingrg/login.do HTTP/1.1" 302 -
222.70.180.90 - - [31/May/2023:09:20:06 +0800] "GET /xingrg/kc/base/wldb_order_operate.html?command=get_materiel&rest_code=00111&base_code=0010306&code=00102002315 HTTP/1.1" 200 461
116.232.195.127 - - [31/May/2023:09:20:06 +0800] "GET /xingrg/kc/base/wldb_order_list.html HTTP/1.1" 200 19104
114.83.221.184 - - [31/May/2023:09:20:07 +0800] "GET /xingrg/kc/buy/cgsh_order_info.html?code=212023053111694 HTTP/1.1" 200 66507
183.193.137.82 - - [31/May/2023:09:20:07 +0800] "GET /xingrg/index.html?sysBaseUrl=http%3A%2F%2F180.169.147.146%3A18081%2Fxingrg%2F&costTime=2113×tamp=1685496006853 HTTP/1.1" 200 16968
114.83.221.184 - - [31/May/2023:09:20:07 +0800] "GET /xingrg/words/20230531091915_words.js HTTP/1.1" 200 966334
183.193.137.82 - - [31/May/2023:09:20:07 +0800] "GET /favicon.ico HTTP/1.1" 404 -
114.83.221.184 - - [31/May/2023:09:20:07 +0800] "GET /xingrg/javascript/easyui/themes/default/validatebox.css HTTP/1.1" 404 1104
183.193.137.82 - - [31/May/2023:09:20:07 +0800] "GET /xingrg/check_reg.html?_=1685496009747 HTTP/1.1" 200 22
183.193.137.82 - - [31/May/2023:09:20:07 +0800] "GET /xingrg/all/function/internal_message.html?_=1685496009746&CODE_STATE=count HTTP/1.1" 200 11
183.193.137.82 - - [31/May/2023:09:20:07 +0800] "POST /xingrg/load_menu.html HTTP/1.1" 200 677
183.193.137.82 - - [31/May/2023:09:20:07 +0800] "POST /xingrg/all/common/load_tree.html?tree=area_rest_tree_json&manage=1 HTTP/1.1" 200 3499
114.83.221.184 - - [31/May/2023:09:20:08 +0800] "POST /xingrg/services/DataTransmitService HTTP/1.1" 200 134083
116.232.195.127 - - [31/May/2023:09:20:08 +0800] "POST /xingrg/kc/base/wldb_list_operate.html HTTP/1.1" 200 928
114.83.221.184 - - [31/May/2023:09:20:08 +0800] "POST /xingrg/kc/buy/cgsh_order_operate.html HTTP/1.1" 200 1195
116.232.195.127 - - [31/May/2023:09:20:09 +0800] "GET /xingrg/kc/base/wldb_order_add.html HTTP/1.1" 200 30387
183.193.137.82 - - [31/May/2023:09:20:09 +0800] "GET /xingrg/dwr/engine.js HTTP/1.1" 200 43631
116.232.195.127 - - [31/May/2023:09:20:09 +0800] "GET /xingrg/words/20230531091915_words.js HTTP/1.1" 200 966334
183.193.137.82 - - [31/May/2023:09:20:09 +0800] "POST /xingrg/all/common/load_tree.html?tree=station_tree_json HTTP/1.1" 200 3218
183.193.137.82 - - [31/May/2023:09:20:09 +0800] "POST /xingrg/all/common/load_tree.html?tree=station_tree_json HTTP/1.1" 200 3218
116.232.195.127 - - [31/May/2023:09:20:09 +0800] "POST /xingrg/kc/base/wldb_order_operate.html HTTP/1.1" 200 6806
116.232.195.127 - - [31/May/2023:09:20:09 +0800] "GET /xingrg/all/common/auto_word.html?type=base&rest_code=00155 HTTP/1.1" 200 1857
116.232.195.127 - - [31/May/2023:09:20:09 +0800] "GET /xingrg/javascript/easyui/themes/default/validatebox.css HTTP/1.1" 404 1104
116.232.195.127 - - [31/May/2023:09:20:09 +0800] "GET /xingrg/all/common/auto_word.html?type=base&rest_code=00155 HTTP/1.1" 200 1857
180.169.147.146 - - [31/May/2023:09:20:10 +0800] "GET /xingrg/login.html HTTP/1.1" 200 7641
114.83.221.184 - - [31/May/2023:09:20:10 +0800] "GET /xingrg/kc/print/load_data.html?order_code=212023053111694&kc_code=cgsh&condition= HTTP/1.1" 200 937
180.169.147.146 - - [31/May/2023:09:20:11 +0800] "GET /favicon.ico HTTP/1.1" 404 -
116.238.139.35 - - [31/May/2023:09:20:11 +0800] "GET /xingrg/kc/buy/cgsh_order_operate.html?command=get_materiel&rest_code=00150&code=00101008061&supplier_code=00100008&order_time=2023-05-31 HTTP/1.1" 200 422
116.232.195.127 - - [31/May/2023:09:20:11 +0800] "GET /xingrg/javascript/auto/indicator.gif HTTP/1.1" 404 1066
116.232.195.127 - - [31/May/2023:09:20:13 +0800] "GET /xingrg/javascript/jquery_tools/images/prev.gif HTTP/1.1" 404 1086
116.232.195.127 - - [31/May/2023:09:20:13 +0800] "GET /xingrg/javascript/jquery_tools/images/next.gif HTTP/1.1" 404 1086
116.238.139.35 - - [31/May/2023:09:20:13 +0800] "POST /xingrg/kc/buy/cgsh_order_operate.html HTTP/1.1" 200 2065
180.169.147.146 - - [31/May/2023:09:20:17 +0800] "POST /xingrg/login.do HTTP/1.1" 302 -
116.232.195.127 - - [31/May/2023:09:20:17 +0800] "GET /xingrg/kc/base/wldb_order_operate.html?command=get_materiel&rest_code=00155&base_code=0010756&code=00101026179 HTTP/1.1" 200 465
114.83.221.184 - - [31/May/2023:09:20:17 +0800] "GET /xingrg/kc/buy/cgsh_order_add.html HTTP/1.1" 200 71598
180.169.147.146 - - [31/May/2023:09:20:18 +0800] "GET /xingrg/index.html?sysBaseUrl=http%3A%2F%2F180.169.147.146%3A18081%2Fxingrg%2F&costTime=1842×tamp=1685496017337 HTTP/1.1" 200 17179
114.83.221.184 - - [31/May/2023:09:20:18 +0800] "GET /xingrg/words/20230531091915_words.js HTTP/1.1" 304 -
180.169.147.146 - - [31/May/2023:09:20:18 +0800] "GET /xingrg/all/function/internal_message.html?_=1685496011199&CODE_STATE=count HTTP/1.1" 200 11
180.169.147.146 - - [31/May/2023:09:20:18 +0800] "GET /xingrg/check_reg.html?_=1685496011200 HTTP/1.1" 200 22
180.169.147.146 - - [31/May/2023:09:20:18 +0800] "POST /xingrg/all/common/load_tree.html?tree=area_rest_tree_json&manage=1 HTTP/1.1" 200 351
114.83.221.184 - - [31/May/2023:09:20:18 +0800] "POST /xingrg/kc/buy/cgsh_order_operate.html HTTP/1.1" 200 8245
114.83.221.184 - - [31/May/2023:09:20:18 +0800] "GET /xingrg/javascript/easyui/themes/default/validatebox.css HTTP/1.1" 404 1104
180.169.147.146 - - [31/May/2023:09:20:18 +0800] "POST /xingrg/load_menu.html HTTP/1.1" 200 5138
180.169.147.146 - - [31/May/2023:09:20:18 +0800] "GET /favicon.ico HTTP/1.1" 404 -
180.169.147.146 - - [31/May/2023:09:20:19 +0800] "GET /xingrg/kc/buy/buy_main.html HTTP/1.1" 200 12412
180.169.147.146 - - [31/May/2023:09:20:20 +0800] "GET /xingrg/css/new_ie.css HTTP/1.1" 404 1036
180.169.147.146 - - [31/May/2023:09:20:20 +0800] "GET /xingrg/images/yd/bt.gif HTTP/1.1" 404 1040
222.70.180.90 - - [31/May/2023:09:20:21 +0800] "GET /xingrg/kc/base/wldb_order_operate.html?command=get_materiel&rest_code=00111&base_code=0010306&code=00102002367 HTTP/1.1" 200 431
114.83.221.184 - - [31/May/2023:09:20:23 +0800] "POST /xingrg/services/DataTransmitService HTTP/1.1" 200 45454
180.169.147.146 - - [31/May/2023:09:20:23 +0800] "GET /xingrg/kc/buy/cgsh_order_list.html HTTP/1.1" 200 8212
180.169.147.146 - - [31/May/2023:09:20:23 +0800] "GET /xingrg/kc/buy/cgsh_order_list.html HTTP/1.1" 200 55734
114.83.221.184 - - [31/May/2023:09:20:23 +0800] "POST /xingrg/services/DataTransmitService HTTP/1.1" 200 19237
116.232.195.127 - - [31/May/2023:09:20:23 +0800] "POST /xingrg/kc/buy/cgsh_list_operate.html HTTP/1.1" 200 3589
180.152.240.79 - - [31/May/2023:09:20:24 +0800] "GET /xingrg/all/function/internal_message.html?_=1685496027533&CODE_STATE=getMsg HTTP/1.1" 200 27
116.232.195.127 - - [31/May/2023:09:20:24 +0800] "POST /xingrg/kc/base/wldb_order_operate.html HTTP/1.1" 200 37
116.238.139.35 - - [31/May/2023:09:20:25 +0800] "GET /xingrg/kc/buy/cgsh_order_operate.html?command=get_materiel&rest_code=00150&code=00101008095&supplier_code=00100008&order_time=2023-05-31 HTTP/1.1" 200 412
101.83.145.52 - - [31/May/2023:09:20:27 +0800] "GET /xingrg/all/function/internal_message.html?_=1685496029307&CODE_STATE=getMsg HTTP/1.1" 200 27
222.70.180.90 - - [31/May/2023:09:20:28 +0800] "GET /xingrg/check_reg.html?_=1685496024900 HTTP/1.1" 200 22
222.70.180.90 - - [31/May/2023:09:20:28 +0800] "GET /xingrg/all/function/internal_message.html?_=1685496024897&CODE_STATE=getMsg HTTP/1.1" 200 27
180.169.147.146 - - [31/May/2023:09:20:29 +0800] "POST /xingrg/kc/buy/cgsh_list_operate.html HTTP/1.1" 200 6031
124.78.155.81 - - [31/May/2023:09:20:31 +0800] "GET /xingrg/kc/buy/cgsh_order_operate.html?command=get_materiel&rest_code=00106&code=00101008706&supplier_code=00100007&order_time=2023-05-31 HTTP/1.1" 200 413
114.83.219.126 - - [31/May/2023:09:20:31 +0800] "GET /xingrg/all/function/internal_message.html?_=1685496132439&CODE_STATE=getMsg HTTP/1.1" 200 27
180.157.252.9 - - [31/May/2023:09:20:32 +0800] "GET /xingrg/check_reg.html?_=1685496032088 HTTP/1.1" 200 22
116.232.195.127 - - [31/May/2023:09:20:33 +0800] "POST /xingrg/kc/base/wldb_order_operate.html HTTP/1.1" 200 12
180.157.252.9 - - [31/May/2023:09:20:34 +0800] "GET /xingrg/all/function/internal_message.html?_=1685496033308&CODE_STATE=getMsg HTTP/1.1" 200 27
116.232.195.127 - - [31/May/2023:09:20:34 +0800] "POST /xingrg/kc/base/wldb_order_operate.html HTTP/1.1" 200 2208
116.232.195.127 - - [31/May/2023:09:20:35 +0800] "GET /xingrg/kc/base/wldb_order_info.html?code=422023053102569 HTTP/1.1" 200 26258
116.232.195.127 - - [31/May/2023:09:20:36 +0800] "GET /xingrg/words/20230531091915_words.js HTTP/1.1" 304 -
116.232.195.127 - - [31/May/2023:09:20:36 +0800] "GET /xingrg/javascript/easyui/themes/default/validatebox.css HTTP/1.1" 404 1104
116.232.195.127 - - [31/May/2023:09:20:36 +0800] "POST /xingrg/kc/base/wldb_order_operate.html HTTP/1.1" 200 501
116.232.195.127 - - [31/May/2023:09:20:36 +0800] "GET /xingrg/all/function/internal_message.html?_=1685496060462&CODE_STATE=getMsg HTTP/1.1" 200 27
120.253.135.82 - - [31/May/2023:09:20:38 +0800] "GET /xingrg/all/function/internal_message.html?_=1685495873729&CODE_STATE=getMsg HTTP/1.1" 200 27
116.232.195.127 - - [31/May/2023:09:20:38 +0800] "GET /xingrg/kc/base/wldb_order_add.html HTTP/1.1" 200 30387
116.232.195.127 - - [31/May/2023:09:20:38 +0800] "POST /xingrg/kc/base/wldb_order_operate.html HTTP/1.1" 200 6806
116.232.195.127 - - [31/May/2023:09:20:38 +0800] "GET /xingrg/javascript/easyui/themes/default/validatebox.css HTTP/1.1" 404 1104
114.83.221.184 - - [31/May/2023:09:20:39 +0800] "POST /xingrg/services/DataTransmitService HTTP/1.1" 200 524
183.193.137.82 - - [31/May/2023:09:20:39 +0800] "POST /xingrg/dma/sys/setting_operate.html HTTP/1.1" 200 4
101.83.145.52 - - [31/May/2023:09:20:39 +0800] "GET /xingrg/all/function/internal_message.html?_=1685495870472&CODE_STATE=getMsg HTTP/1.1" 200 27
114.83.221.184 - - [31/May/2023:09:20:39 +0800] "POST /xingrg/services/DataTransmitService HTTP/1.1" 200 2067
218.81.217.41 - - [31/May/2023:09:20:41 +0800] "GET /xingrg/all/function/internal_message.html?_=1685496051198&CODE_STATE=getMsg HTTP/1.1" 200 27
58.40.7.146 - - [31/May/2023:09:20:42 +0800] "GET /xingrg/all/function/internal_message.html?_=1685496042062&CODE_STATE=getMsg HTTP/1.1" 200 27
114.83.221.184 - - [31/May/2023:09:20:42 +0800] "POST /xingrg/services/DataTransmitService HTTP/1.1" 200 524
180.169.147.146 - - [31/May/2023:09:20:44 +0800] "GET /xingrg/all/function/internal_message.html?_=1685496043219&CODE_STATE=getMsg HTTP/1.1" 302 -
116.238.139.35 - - [31/May/2023:09:20:45 +0800] "GET /xingrg/kc/buy/cgsh_order_operate.html?command=get_materiel&rest_code=00150&code=00101008110&supplier_code=00100008&order_time=2023-05-31 HTTP/1.1" 200 408
124.78.155.81 - - [31/May/2023:09:20:46 +0800] "GET /xingrg/all/function/internal_message.html?_=1685496046912&CODE_STATE=getMsg HTTP/1.1" 200 27
116.238.139.35 - - [31/May/2023:09:20:46 +0800] "GET /xingrg/check_reg.html?_=1685496046287 HTTP/1.1" 200 22
116.238.139.35 - - [31/May/2023:09:20:46 +0800] "GET /xingrg/all/function/internal_message.html?_=1685496046290&CODE_STATE=getMsg HTTP/1.1" 200 27
124.78.155.81 - - [31/May/2023:09:20:47 +0800] "GET /xingrg/kc/buy/cgsh_order_operate.html?command=get_materiel&rest_code=00106&code=00101008114&supplier_code=00100007&order_time=2023-05-31 HTTP/1.1" 200 413
114.83.221.184 - - [31/May/2023:09:20:48 +0800] "GET /xingrg/all/function/internal_message.html?_=1685496046659&CODE_STATE=getMsg HTTP/1.1" 200 27
124.79.246.33 - - [31/May/2023:09:20:51 +0800] "GET /xingrg/all/function/internal_message.html?_=1685496331181&CODE_STATE=getMsg HTTP/1.1" 200 27
180.169.147.146 - - [31/May/2023:09:20:53 +0800] "GET /xingrg/all/function/internal_message.html?_=1685496052964&CODE_STATE=getMsg HTTP/1.1" 302 -
222.70.180.90 - - [31/May/2023:09:20:56 +0800] "GET /xingrg/kc/base/wldb_order_operate.html?command=get_materiel&rest_code=00111&base_code=0010306&code=00102002448 HTTP/1.1" 200 439
114.83.221.184 - - [31/May/2023:09:20:59 +0800] "GET /xingrg/kc/buy/cgsh_order_operate.html?command=get_materiel&rest_code=00149&code=00101004051&supplier_code=00100083&order_time=2023-05-31 HTTP/1.1" 200 408
114.85.113.108 - - [31/May/2023:09:21:02 +0800] "GET /xingrg/all/function/internal_message.html?_=1685496034418&CODE_STATE=getMsg HTTP/1.1" 200 27
116.238.139.35 - - [31/May/2023:09:21:04 +0800] "GET /xingrg/kc/buy/cgsh_order_operate.html?command=get_materiel&rest_code=00150&code=00101008229&supplier_code=00100008&order_time=2023-05-31 HTTP/1.1" 200 420
124.78.155.81 - - [31/May/2023:09:21:04 +0800] "GET /xingrg/all/function/internal_message.html?_=1685496068482&CODE_STATE=getMsg HTTP/1.1" 200 27
124.78.155.81 - - [31/May/2023:09:21:04 +0800] "GET /xingrg/kc/buy/cgsh_order_operate.html?command=get_materiel&rest_code=00106&code=00101008633&supplier_code=00100007&order_time=2023-05-31 HTTP/1.1" 200 414
222.67.234.146 - - [31/May/2023:09:21:05 +0800] "GET /xingrg/check_reg.html?_=1685495572460 HTTP/1.1" 302 -
222.70.180.90 - - [31/May/2023:09:21:06 +0800] "GET /xingrg/all/function/internal_message.html?_=1685496064969&CODE_STATE=getMsg HTTP/1.1" 200 27
116.238.139.35 - - [31/May/2023:09:21:07 +0800] "POST /xingrg/kc/buy/cgsh_order_operate.html HTTP/1.1" 200 2065
180.169.147.146 - - [31/May/2023:09:21:18 +0800] "GET /xingrg/all/function/internal_message.html?_=1685496071204&CODE_STATE=getMsg HTTP/1.1" 200 27
114.83.221.184 - - [31/May/2023:09:21:18 +0800] "GET /xingrg/kc/buy/cgsh_order_operate.html?command=get_materiel&rest_code=00149&code=00101004074&supplier_code=00100083&order_time=2023-05-31 HTTP/1.1" 200 406
116.232.195.127 - - [31/May/2023:09:21:19 +0800] "GET /xingrg/kc/base/wldb_order_operate.html?command=get_materiel&rest_code=00155&base_code=0010756&code=00101019391 HTTP/1.1" 200 484
116.238.139.35 - - [31/May/2023:09:21:19 +0800] "GET /xingrg/kc/buy/cgsh_order_operate.html?command=get_materiel&rest_code=00150&code=00101008224&supplier_code=00100008&order_time=2023-05-31 HTTP/1.1" 200 436
124.78.155.81 - - [31/May/2023:09:21:23 +0800] "GET /xingrg/check_reg.html?_=1685496087406 HTTP/1.1" 200 22
180.152.240.79 - - [31/May/2023:09:21:24 +0800] "GET /xingrg/all/function/internal_message.html?_=1685496087519&CODE_STATE=getMsg HTTP/1.1" 200 27
124.78.155.81 - - [31/May/2023:09:21:26 +0800] "GET /xingrg/kc/buy/cgsh_order_operate.html?command=get_materiel&rest_code=00106&code=00101008061&supplier_code=00100007&order_time=2023-05-31 HTTP/1.1" 200 422
101.83.145.52 - - [31/May/2023:09:21:27 +0800] "GET /xingrg/all/function/internal_message.html?_=1685496089286&CODE_STATE=getMsg HTTP/1.1" 200 27
222.70.180.90 - - [31/May/2023:09:21:28 +0800] "GET /xingrg/all/function/internal_message.html?_=1685496084918&CODE_STATE=getMsg HTTP/1.1" 200 27
124.78.155.81 - - [31/May/2023:09:21:28 +0800] "POST /xingrg/kc/buy/cgsh_order_operate.html HTTP/1.1" 200 2065
114.83.219.126 - - [31/May/2023:09:21:31 +0800] "GET /xingrg/all/function/internal_message.html?_=1685496192439&CODE_STATE=getMsg HTTP/1.1" 200 27
180.157.252.9 - - [31/May/2023:09:21:33 +0800] "GET /xingrg/all/function/internal_message.html?_=1685496093279&CODE_STATE=getMsg HTTP/1.1" 200 27
116.238.139.35 - - [31/May/2023:09:21:34 +0800] "GET /xingrg/kc/buy/cgsh_order_operate.html?command=get_materiel&rest_code=00150&code=00101008358&supplier_code=00100008&order_time=2023-05-31 HTTP/1.1" 200 412
116.232.195.127 - - [31/May/2023:09:21:36 +0800] "GET /xingrg/all/function/internal_message.html?_=1685496120449&CODE_STATE=getMsg HTTP/1.1" 200 27
114.83.221.184 - - [31/May/2023:09:21:36 +0800] "GET /xingrg/kc/buy/cgsh_order_operate.html?command=get_materiel&rest_code=00149&code=00101004103&supplier_code=00100083&order_time=2023-05-31 HTTP/1.1" 200 433
