120.253.135.82 - - [31/May/2023:09:21:38 +0800] "GET /xingrg/all/function/internal_message.html?_=1685495933743&CODE_STATE=getMsg HTTP/1.1" 200 27
101.83.145.52 - - [31/May/2023:09:21:39 +0800] "GET /xingrg/check_reg.html?_=1685495930460 HTTP/1.1" 200 22
101.83.145.52 - - [31/May/2023:09:21:39 +0800] "GET /xingrg/all/function/internal_message.html?_=1685495930463&CODE_STATE=getMsg HTTP/1.1" 200 27
218.81.217.41 - - [31/May/2023:09:21:39 +0800] "GET /xingrg/check_reg.html?_=1685496109291 HTTP/1.1" 200 22
218.81.217.41 - - [31/May/2023:09:21:41 +0800] "GET /xingrg/all/function/internal_message.html?_=1685496111210&CODE_STATE=getMsg HTTP/1.1" 200 27
58.40.7.146 - - [31/May/2023:09:21:42 +0800] "GET /xingrg/all/function/internal_message.html?_=1685496102066&CODE_STATE=getMsg HTTP/1.1" 200 27
114.83.221.184 - - [31/May/2023:09:21:42 +0800] "POST /xingrg/services/DataTransmitService HTTP/1.1" 200 501
58.40.7.146 - - [31/May/2023:09:21:42 +0800] "GET /xingrg/check_reg.html?_=1685496102834 HTTP/1.1" 200 22
124.78.155.81 - - [31/May/2023:09:21:43 +0800] "GET /xingrg/kc/buy/cgsh_order_operate.html?command=get_materiel&rest_code=00106&code=00101008168&supplier_code=00100007&order_time=2023-05-31 HTTP/1.1" 200 413
180.169.147.146 - - [31/May/2023:09:21:44 +0800] "GET /xingrg/all/function/internal_message.html?_=1685496103206&CODE_STATE=getMsg HTTP/1.1" 302 -
116.238.139.35 - - [31/May/2023:09:21:44 +0800] "GET /xingrg/kc/buy/cgsh_order_operate.html?command=get_materiel&rest_code=00150&code=00101008087&supplier_code=00100008&order_time=2023-05-31 HTTP/1.1" 200 412
222.70.180.90 - - [31/May/2023:09:21:44 +0800] "GET /xingrg/kc/base/wldb_order_operate.html?command=get_materiel&rest_code=00111&base_code=0010306&code=00102002497 HTTP/1.1" 200 442
180.152.240.79 - - [31/May/2023:09:21:45 +0800] "GET /xingrg HTTP/1.1" 302 -
180.152.240.79 - - [31/May/2023:09:21:45 +0800] "GET /xingrg/ HTTP/1.1" 200 292
180.152.240.79 - - [31/May/2023:09:21:46 +0800] "GET /xingrg/index.html HTTP/1.1" 302 -
180.152.240.79 - - [31/May/2023:09:21:46 +0800] "GET /xingrg/login.html HTTP/1.1" 200 7641
180.152.240.79 - - [31/May/2023:09:21:46 +0800] "GET /xingrg/images/blue/login_bg.png HTTP/1.1" 200 22101
180.152.240.79 - - [31/May/2023:09:21:46 +0800] "GET /xingrg/images/blue/jxLogo.png HTTP/1.1" 200 6156
180.152.240.79 - - [31/May/2023:09:21:46 +0800] "GET /xingrg/images/blue/srbg.png HTTP/1.1" 200 138
180.152.240.79 - - [31/May/2023:09:21:46 +0800] "GET /xingrg/images/blue/hj.png HTTP/1.1" 200 1014
124.78.155.81 - - [31/May/2023:09:21:46 +0800] "GET /xingrg/all/function/internal_message.html?_=1685496106913&CODE_STATE=getMsg HTTP/1.1" 200 27
180.152.240.79 - - [31/May/2023:09:21:46 +0800] "GET /favicon.ico HTTP/1.1" 404 -
116.238.139.35 - - [31/May/2023:09:21:46 +0800] "GET /xingrg/all/function/internal_message.html?_=1685496106294&CODE_STATE=getMsg HTTP/1.1" 200 27
114.83.221.184 - - [31/May/2023:09:21:48 +0800] "GET /xingrg/check_reg.html?_=1685496106581 HTTP/1.1" 200 22
114.83.221.184 - - [31/May/2023:09:21:48 +0800] "GET /xingrg/all/function/internal_message.html?_=1685496106633&CODE_STATE=getMsg HTTP/1.1" 200 27
124.79.246.33 - - [31/May/2023:09:21:51 +0800] "GET /xingrg/all/function/internal_message.html?_=1685496391180&CODE_STATE=getMsg HTTP/1.1" 200 27
114.83.221.184 - - [31/May/2023:09:21:52 +0800] "POST /xingrg/kc/buy/cgsh_order_operate.html HTTP/1.1" 200 37
180.169.147.146 - - [31/May/2023:09:21:53 +0800] "GET /xingrg/all/function/internal_message.html?_=1685496112964&CODE_STATE=getMsg HTTP/1.1" 302 -
180.152.240.79 - - [31/May/2023:09:21:59 +0800] "GET /favicon.ico HTTP/1.1" 404 -
114.85.113.108 - - [31/May/2023:09:22:02 +0800] "GET /xingrg/all/function/internal_message.html?_=1685496094420&CODE_STATE=getMsg HTTP/1.1" 200 27
180.157.252.9 - - [31/May/2023:09:22:02 +0800] "POST /xingrg/services/DataTransmitService HTTP/1.1" 200 524
222.70.180.90 - - [31/May/2023:09:22:03 +0800] "GET /xingrg/kc/base/wldb_order_operate.html?command=get_materiel&rest_code=00111&base_code=0010306&code=00102002549 HTTP/1.1" 200 448
124.78.155.81 - - [31/May/2023:09:22:04 +0800] "GET /xingrg/all/function/internal_message.html?_=1685496128466&CODE_STATE=getMsg HTTP/1.1" 200 27
180.152.240.79 - - [31/May/2023:09:22:06 +0800] "GET /xingrg/kc/buy/cgsh_order_operate.html?command=get_materiel&rest_code=00102&code=00101016030&supplier_code=00100096&order_time=2023-05-31 HTTP/1.1" 200 412
222.70.180.90 - - [31/May/2023:09:22:06 +0800] "GET /xingrg/all/function/internal_message.html?_=1685496124949&CODE_STATE=getMsg HTTP/1.1" 200 27
180.152.240.79 - - [31/May/2023:09:22:07 +0800] "GET /xingrg/login.html HTTP/1.1" 200 7641
180.152.240.79 - - [31/May/2023:09:22:07 +0800] "GET /xingrg/images/blue/jxLogo.png HTTP/1.1" 200 6156
180.152.240.79 - - [31/May/2023:09:22:07 +0800] "GET /xingrg/images/blue/login_bg.png HTTP/1.1" 200 22101
180.152.240.79 - - [31/May/2023:09:22:07 +0800] "GET /xingrg/images/blue/srbg.png HTTP/1.1" 200 138
180.152.240.79 - - [31/May/2023:09:22:07 +0800] "GET /xingrg/images/blue/hj.png HTTP/1.1" 200 1014
114.83.221.184 - - [31/May/2023:09:22:11 +0800] "POST /xingrg/kc/buy/cgsh_order_operate.html HTTP/1.1" 200 116
124.78.155.81 - - [31/May/2023:09:22:11 +0800] "POST /xingrg/kc/buy/cgsh_order_operate.html HTTP/1.1" 200 37
180.169.147.146 - - [31/May/2023:09:22:18 +0800] "GET /xingrg/all/function/internal_message.html?_=1685496131204&CODE_STATE=getMsg HTTP/1.1" 200 27
180.157.252.9 - - [31/May/2023:09:22:18 +0800] "GET /xingrg/kc/buy/buy_main.html HTTP/1.1" 200 12412
180.157.252.9 - - [31/May/2023:09:22:18 +0800] "GET /xingrg/css/new_ie.css HTTP/1.1" 404 1036
180.157.252.9 - - [31/May/2023:09:22:21 +0800] "GET /xingrg/kc/buy/cgsh_order_list.html HTTP/1.1" 200 8212
180.157.252.9 - - [31/May/2023:09:22:22 +0800] "GET /xingrg/kc/buy/cgsh_order_list.html HTTP/1.1" 200 55732
180.152.240.79 - - [31/May/2023:09:22:24 +0800] "GET /xingrg/all/function/internal_message.html?_=1685496147520&CODE_STATE=getMsg HTTP/1.1" 200 27
114.83.221.184 - - [31/May/2023:09:22:26 +0800] "POST /xingrg/kc/buy/cgsh_order_operate.html HTTP/1.1" 200 37
124.78.155.81 - - [31/May/2023:09:22:26 +0800] "POST /xingrg/kc/buy/cgsh_order_operate.html HTTP/1.1" 200 38727
101.83.145.52 - - [31/May/2023:09:22:27 +0800] "GET /xingrg/all/function/internal_message.html?_=1685496149255&CODE_STATE=getMsg HTTP/1.1" 200 27
222.70.180.90 - - [31/May/2023:09:22:28 +0800] "GET /xingrg/all/function/internal_message.html?_=1685496144890&CODE_STATE=getMsg HTTP/1.1" 200 27
180.152.240.79 - - [31/May/2023:09:22:29 +0800] "GET /xingrg/kc/buy/cgsh_order_operate.html?command=get_materiel&rest_code=00102&code=00101012025&supplier_code=00100096&order_time=2023-05-31 HTTP/1.1" 200 413
114.83.219.126 - - [31/May/2023:09:22:31 +0800] "GET /xingrg/all/function/internal_message.html?_=1685496252439&CODE_STATE=getMsg HTTP/1.1" 200 27
180.157.252.9 - - [31/May/2023:09:22:33 +0800] "GET /xingrg/all/function/internal_message.html?_=1685496153272&CODE_STATE=getMsg HTTP/1.1" 200 27
180.152.240.79 - - [31/May/2023:09:22:34 +0800] "POST /xingrg/login.do HTTP/1.1" 302 -
116.232.195.127 - - [31/May/2023:09:22:36 +0800] "GET /xingrg/all/function/internal_message.html?_=1685496180432&CODE_STATE=getMsg HTTP/1.1" 200 27
116.232.195.127 - - [31/May/2023:09:22:36 +0800] "GET /xingrg/check_reg.html?_=1685496180498 HTTP/1.1" 200 22
120.253.135.82 - - [31/May/2023:09:22:38 +0800] "GET /xingrg/all/function/internal_message.html?_=1685495993755&CODE_STATE=getMsg HTTP/1.1" 200 27
180.152.240.79 - - [31/May/2023:09:22:39 +0800] "POST /xingrg/login.do HTTP/1.1" 200 2098
101.83.145.52 - - [31/May/2023:09:22:39 +0800] "GET /xingrg/all/function/internal_message.html?_=1685495990469&CODE_STATE=getMsg HTTP/1.1" 200 27
180.152.240.79 - - [31/May/2023:09:22:40 +0800] "POST /xingrg/login.do HTTP/1.1" 302 -
180.152.240.79 - - [31/May/2023:09:22:40 +0800] "POST /xingrg/login.do HTTP/1.1" 302 -
180.152.240.79 - - [31/May/2023:09:22:40 +0800] "POST /xingrg/login.do HTTP/1.1" 302 -
180.152.240.79 - - [31/May/2023:09:22:40 +0800] "POST /xingrg/login.do HTTP/1.1" 302 -
180.152.240.79 - - [31/May/2023:09:22:41 +0800] "GET /xingrg/javascript/jquery_easy_ui/themes/default/easyui.css HTTP/1.1" 200 26500
180.152.240.79 - - [31/May/2023:09:22:41 +0800] "GET /xingrg/javascript/jquery-1.4.2.min.js HTTP/1.1" 200 72205
180.152.240.79 - - [31/May/2023:09:22:41 +0800] "GET /xingrg/css/form.css HTTP/1.1" 200 893
180.152.240.79 - - [31/May/2023:09:22:41 +0800] "GET /xingrg/javascript/jquery_easy_ui/easyui-lang-zh_CN.js HTTP/1.1" 200 1900
180.152.240.79 - - [31/May/2023:09:22:41 +0800] "GET /xingrg/javascript/jquery.timers.js HTTP/1.1" 200 3532
180.152.240.79 - - [31/May/2023:09:22:41 +0800] "GET /xingrg/javascript/jquery_easy_ui/jquery.easyui.min.js HTTP/1.1" 200 213662
180.152.240.79 - - [31/May/2023:09:22:41 +0800] "GET /xingrg/javascript/jquery_easy_ui/themes/icon.css HTTP/1.1" 200 3949
180.152.240.79 - - [31/May/2023:09:22:41 +0800] "GET /xingrg/javascript/jquery.utils.js HTTP/1.1" 200 11805
180.152.240.79 - - [31/May/2023:09:22:41 +0800] "GET /xingrg/javascript/jquery.form.js HTTP/1.1" 200 23110
180.152.240.79 - - [31/May/2023:09:22:41 +0800] "GET /xingrg/index.html?sysBaseUrl=http%3A%2F%2F180.169.147.146%3A18081%2Fxingrg%2F&costTime=3377×tamp=1685496160889 HTTP/1.1" 200 17503
180.152.240.79 - - [31/May/2023:09:22:41 +0800] "GET /xingrg/javascript/jquery_easy_ui/themes/icons/settle_new.png HTTP/1.1" 200 826
180.152.240.79 - - [31/May/2023:09:22:41 +0800] "GET /xingrg/images/blue/navBackgound.jpg HTTP/1.1" 200 12378
180.152.240.79 - - [31/May/2023:09:22:41 +0800] "POST /xingrg/all/common/load_tree.html?tree=area_rest_tree_json&manage=1 HTTP/1.1" 200 3499
180.152.240.79 - - [31/May/2023:09:22:41 +0800] "GET /xingrg/javascript/jquery_easy_ui/themes/default/images/panel_tool_expand.gif HTTP/1.1" 200 247
180.152.240.79 - - [31/May/2023:09:22:41 +0800] "GET /xingrg/javascript/jquery_easy_ui/themes/default/images/panel_tool_collapse.gif HTTP/1.1" 200 246
180.152.240.79 - - [31/May/2023:09:22:41 +0800] "GET /xingrg/javascript/jquery_easy_ui/themes/default/images/tabs_rightarrow.png HTTP/1.1" 200 395
180.152.240.79 - - [31/May/2023:09:22:41 +0800] "GET /xingrg/images/blue/pingpu.png HTTP/1.1" 200 231
180.152.240.79 - - [31/May/2023:09:22:41 +0800] "GET /xingrg/javascript/jquery_easy_ui/themes/default/images/tabs_leftarrow.png HTTP/1.1" 200 389
180.152.240.79 - - [31/May/2023:09:22:41 +0800] "GET /xingrg/check_reg.html?_=1685496161569 HTTP/1.1" 200 22
180.152.240.79 - - [31/May/2023:09:22:41 +0800] "GET /xingrg/all/function/internal_message.html?_=1685496161567&CODE_STATE=count HTTP/1.1" 200 11
180.152.240.79 - - [31/May/2023:09:22:41 +0800] "POST /xingrg/load_menu.html HTTP/1.1" 200 11564
218.81.217.41 - - [31/May/2023:09:22:41 +0800] "GET /xingrg/all/function/internal_message.html?_=1685496171224&CODE_STATE=getMsg HTTP/1.1" 200 27
58.40.7.146 - - [31/May/2023:09:22:42 +0800] "GET /xingrg/all/function/internal_message.html?_=1685496162072&CODE_STATE=getMsg HTTP/1.1" 200 27
180.152.240.79 - - [31/May/2023:09:22:42 +0800] "GET /xingrg/javascript/jquery_easy_ui/themes/icons/delivery_new.png HTTP/1.1" 200 700
180.152.240.79 - - [31/May/2023:09:22:42 +0800] "GET /xingrg/javascript/jquery_easy_ui/themes/icons/search_new.png HTTP/1.1" 200 586
180.152.240.79 - - [31/May/2023:09:22:42 +0800] "GET /xingrg/javascript/jquery_easy_ui/themes/default/images/tree_folder_open.gif HTTP/1.1" 200 956
180.152.240.79 - - [31/May/2023:09:22:42 +0800] "GET /xingrg/javascript/jquery_easy_ui/themes/default/images/tree_arrows.gif HTTP/1.1" 200 1043
180.152.240.79 - - [31/May/2023:09:22:42 +0800] "GET /xingrg/javascript/jquery_easy_ui/themes/icons/checkout_new.png HTTP/1.1" 200 744
180.152.240.79 - - [31/May/2023:09:22:42 +0800] "GET /xingrg/javascript/jquery_easy_ui/themes/icons/storage_new.png HTTP/1.1" 200 853
180.152.240.79 - - [31/May/2023:09:22:42 +0800] "GET /xingrg/javascript/jquery_easy_ui/themes/icons/setting_new.png HTTP/1.1" 200 450
180.152.240.79 - - [31/May/2023:09:22:42 +0800] "GET /xingrg/javascript/jquery_easy_ui/themes/icons/systemset_new.png HTTP/1.1" 200 606
180.152.240.79 - - [31/May/2023:09:22:42 +0800] "GET /xingrg/javascript/jquery_easy_ui/themes/default/images/tree_file.gif HTTP/1.1" 200 118
180.152.240.79 - - [31/May/2023:09:22:42 +0800] "GET /xingrg/javascript/jquery_easy_ui/themes/icons/forms_new.png HTTP/1.1" 200 350
180.152.240.79 - - [31/May/2023:09:22:42 +0800] "GET /xingrg/javascript/jquery_easy_ui/themes/default/images/tree_folder.gif HTTP/1.1" 200 952
180.169.147.146 - - [31/May/2023:09:22:44 +0800] "GET /xingrg/all/function/internal_message.html?_=1685496163193&CODE_STATE=getMsg HTTP/1.1" 302 -
180.152.240.79 - - [31/May/2023:09:22:44 +0800] "GET /xingrg/javascript/jquery_easy_ui/themes/default/images/tabs_close.gif HTTP/1.1" 200 829
114.83.221.184 - - [31/May/2023:09:22:44 +0800] "POST /xingrg/kc/buy/cgsh_order_operate.html HTTP/1.1" 200 12
180.157.252.9 - - [31/May/2023:09:22:44 +0800] "POST /xingrg/kc/buy/cgsh_list_operate.html HTTP/1.1" 200 986
180.152.240.79 - - [31/May/2023:09:22:44 +0800] "GET /xingrg/system/sys_right.html HTTP/1.1" 200 10939
180.152.240.79 - - [31/May/2023:09:22:44 +0800] "GET /xingrg/css/blue.css HTTP/1.1" 200 15949
180.152.240.79 - - [31/May/2023:09:22:44 +0800] "GET /xingrg/dwr/engine.js HTTP/1.1" 200 43631
180.152.240.79 - - [31/May/2023:09:22:44 +0800] "GET /xingrg/dwr/util.js HTTP/1.1" 200 35990
180.152.240.79 - - [31/May/2023:09:22:44 +0800] "GET /xingrg/dwr/interface/AjaxSystemService.js HTTP/1.1" 200 13657
180.152.240.79 - - [31/May/2023:09:22:44 +0800] "GET /xingrg/javascript/pic_change.js HTTP/1.1" 200 4739
180.152.240.79 - - [31/May/2023:09:22:44 +0800] "GET /xingrg/javascript/ToolTips.js HTTP/1.1" 200 5615
180.152.240.79 - - [31/May/2023:09:22:44 +0800] "GET /xingrg/javascript/myfunction.js HTTP/1.1" 200 24559
180.152.240.79 - - [31/May/2023:09:22:44 +0800] "GET /xingrg/images/blue/tyydxt.png HTTP/1.1" 200 5622
180.152.240.79 - - [31/May/2023:09:22:44 +0800] "GET /xingrg/images/blue/ygxx.png HTTP/1.1" 200 2850
180.152.240.79 - - [31/May/2023:09:22:44 +0800] "GET /xingrg/images/blue/xtyhgl.png HTTP/1.1" 200 3198
180.152.240.79 - - [31/May/2023:09:22:44 +0800] "GET /xingrg/images/blue/xtjssz.png HTTP/1.1" 200 3013
180.152.240.79 - - [31/May/2023:09:22:44 +0800] "GET /xingrg/images/blue/zxyhgl.png HTTP/1.1" 200 3025
180.152.240.79 - - [31/May/2023:09:22:44 +0800] "GET /xingrg/images/blue/rjxxgl.png HTTP/1.1" 200 1509
180.152.240.79 - - [31/May/2023:09:22:44 +0800] "GET /xingrg/images/blue/cy_cpzs.png HTTP/1.1" 200 2732
180.152.240.79 - - [31/May/2023:09:22:44 +0800] "GET /xingrg/images/blue/webjbsz.png HTTP/1.1" 200 1449
180.152.240.79 - - [31/May/2023:09:22:44 +0800] "GET /xingrg/images/blue/khdxgl.png HTTP/1.1" 200 3777
180.152.240.79 - - [31/May/2023:09:22:44 +0800] "GET /xingrg/images/blue/logsz.png HTTP/1.1" 200 2214
180.152.240.79 - - [31/May/2023:09:22:44 +0800] "GET /xingrg/images/blue/jcsz.png HTTP/1.1" 200 3405
222.70.180.90 - - [31/May/2023:09:22:45 +0800] "GET /xingrg/kc/base/wldb_order_operate.html?command=get_materiel&rest_code=00111&base_code=0010306&code=00102015103 HTTP/1.1" 200 437
116.232.195.127 - - [31/May/2023:09:22:45 +0800] "GET /xingrg/kc/base/wldb_order_operate.html?command=get_materiel&rest_code=00155&base_code=0010756&code=00101027001 HTTP/1.1" 200 472
124.78.155.81 - - [31/May/2023:09:22:46 +0800] "GET /xingrg/all/function/internal_message.html?_=1685496166937&CODE_STATE=getMsg HTTP/1.1" 200 27
124.78.155.81 - - [31/May/2023:09:22:46 +0800] "GET /xingrg/check_reg.html?_=1685496166985 HTTP/1.1" 200 22
116.238.139.35 - - [31/May/2023:09:22:46 +0800] "GET /xingrg/all/function/internal_message.html?_=1685496166289&CODE_STATE=getMsg HTTP/1.1" 200 27
180.152.240.79 - - [31/May/2023:09:22:47 +0800] "GET /xingrg/system/client/station.html HTTP/1.1" 200 5729
180.152.240.79 - - [31/May/2023:09:22:47 +0800] "GET /xingrg/dwr/interface/AjaxClientInfoService.js HTTP/1.1" 200 11196
180.152.240.79 - - [31/May/2023:09:22:47 +0800] "GET /xingrg/javascript/Calendar.js HTTP/1.1" 200 31561
180.152.240.79 - - [31/May/2023:09:22:47 +0800] "GET /xingrg/javascript/Grid.js HTTP/1.1" 200 58908
180.152.240.79 - - [31/May/2023:09:22:47 +0800] "GET /xingrg/dwr/engine.js HTTP/1.1" 200 43631
180.152.240.79 - - [31/May/2023:09:22:47 +0800] "GET /xingrg/javascript/jquery_easy_ui/themes/icons/back_new.png HTTP/1.1" 200 3414
114.83.221.184 - - [31/May/2023:09:22:48 +0800] "GET /xingrg/kc/buy/cgsh_order_info.html?code=212023053111695 HTTP/1.1" 200 66505
114.83.221.184 - - [31/May/2023:09:22:48 +0800] "GET /xingrg/words/20230531091915_words.js HTTP/1.1" 304 -
114.83.221.184 - - [31/May/2023:09:22:48 +0800] "GET /xingrg/javascript/easyui/themes/default/validatebox.css HTTP/1.1" 404 1104
114.83.221.184 - - [31/May/2023:09:22:48 +0800] "GET /xingrg/all/function/internal_message.html?_=1685496166614&CODE_STATE=getMsg HTTP/1.1" 200 27
124.79.246.33 - - [31/May/2023:09:22:51 +0800] "GET /xingrg/all/function/internal_message.html?_=1685496451204&CODE_STATE=getMsg HTTP/1.1" 200 27
114.83.221.184 - - [31/May/2023:09:22:51 +0800] "POST /xingrg/kc/buy/cgsh_order_operate.html HTTP/1.1" 200 3567
180.152.240.79 - - [31/May/2023:09:22:51 +0800] "GET /xingrg/dma/sys/db_reset.html HTTP/1.1" 200 3082
180.152.240.79 - - [31/May/2023:09:22:51 +0800] "GET /xingrg/css/table.css HTTP/1.1" 200 3684
180.152.240.79 - - [31/May/2023:09:22:51 +0800] "GET /xingrg/javascript/jquery_ui/themes/humanity/humanity.css HTTP/1.1" 200 27801
180.152.240.79 - - [31/May/2023:09:22:51 +0800] "GET /xingrg/images/control/ajaxLoader.gif HTTP/1.1" 200 4659
180.169.147.146 - - [31/May/2023:09:22:53 +0800] "GET /xingrg/all/function/internal_message.html?_=1685496172966&CODE_STATE=getMsg HTTP/1.1" 302 -
114.83.219.126 - - [31/May/2023:09:22:58 +0800] "GET /xingrg/kc/base/check_order_list.html HTTP/1.1" 200 16223
114.83.219.126 - - [31/May/2023:09:22:59 +0800] "POST /xingrg/kc/base/check_list_operate.html HTTP/1.1" 200 781
114.85.113.108 - - [31/May/2023:09:23:02 +0800] "GET /xingrg/all/function/internal_message.html?_=1685496154420&CODE_STATE=getMsg HTTP/1.1" 200 27
114.83.219.126 - - [31/May/2023:09:23:02 +0800] "GET /xingrg/kc/base/check_order_add.html HTTP/1.1" 200 25574
114.83.219.126 - - [31/May/2023:09:23:02 +0800] "GET /xingrg/css/table.css HTTP/1.1" 200 3684
114.83.219.126 - - [31/May/2023:09:23:02 +0800] "GET /xingrg/dwr/interface/AjaxCheckService.js HTTP/1.1" 200 14003
114.83.219.126 - - [31/May/2023:09:23:02 +0800] "GET /xingrg/dwr/interface/AjaxComOrderService.js HTTP/1.1" 200 18264
114.83.219.126 - - [31/May/2023:09:23:02 +0800] "GET /xingrg/dwr/util.js HTTP/1.1" 304 -
114.83.219.126 - - [31/May/2023:09:23:02 +0800] "GET /xingrg/dwr/engine.js HTTP/1.1" 200 43631
180.169.147.146 - - [31/May/2023:09:23:02 +0800] "GET /xingrg/check_reg.html?_=1685496181581 HTTP/1.1" 302 -
114.85.113.108 - - [31/May/2023:09:23:02 +0800] "GET /xingrg/check_reg.html?_=1685496154796 HTTP/1.1" 200 22
180.152.240.79 - - [31/May/2023:09:23:02 +0800] "POST /xingrg/dma/sys/setting_operate.html HTTP/1.1" 200 364
116.238.139.35 - - [31/May/2023:09:23:03 +0800] "POST /xingrg/kc/buy/cgsh_order_operate.html HTTP/1.1" 200 37
124.78.155.81 - - [31/May/2023:09:23:04 +0800] "GET /xingrg/all/function/internal_message.html?_=1685496188443&CODE_STATE=getMsg HTTP/1.1" 200 27
222.70.180.90 - - [31/May/2023:09:23:06 +0800] "GET /xingrg/all/function/internal_message.html?_=1685496184925&CODE_STATE=getMsg HTTP/1.1" 200 27
116.238.139.35 - - [31/May/2023:09:23:06 +0800] "POST /xingrg/kc/buy/cgsh_order_operate.html HTTP/1.1" 200 31088
222.70.180.90 - - [31/May/2023:09:23:07 +0800] "GET /xingrg/kc/base/wldb_order_operate.html?command=get_materiel&rest_code=00111&base_code=0010306&code=00102002118 HTTP/1.1" 200 467
180.152.240.79 - - [31/May/2023:09:23:08 +0800] "GET /xingrg/kc/buy/cgsh_order_operate.html?command=get_materiel&rest_code=00102&code=00101006111&supplier_code=00100096&order_time=2023-05-31 HTTP/1.1" 200 409
116.232.195.127 - - [31/May/2023:09:23:09 +0800] "GET /xingrg/kc/base/wldb_order_operate.html?command=get_materiel&rest_code=00155&base_code=0010756&code=00101028011 HTTP/1.1" 200 477
124.79.246.33 - - [31/May/2023:09:23:15 +0800] "GET /xingrg/kc/base/wldb_order_list.html HTTP/1.1" 200 19104
124.79.246.33 - - [31/May/2023:09:23:16 +0800] "POST /xingrg/kc/base/wldb_list_operate.html HTTP/1.1" 200 1782
180.169.147.146 - - [31/May/2023:09:23:18 +0800] "GET /xingrg/all/function/internal_message.html?_=1685496191202&CODE_STATE=getMsg HTTP/1.1" 200 27
180.164.3.199 - - [31/May/2023:09:23:19 +0800] "GET /xingrg/login.html HTTP/1.1" 200 7641
180.164.3.199 - - [31/May/2023:09:23:19 +0800] "GET /favicon.ico HTTP/1.1" 404 -
116.232.195.127 - - [31/May/2023:09:23:20 +0800] "POST /xingrg/kc/base/wldb_order_operate.html HTTP/1.1" 200 37
124.79.246.33 - - [31/May/2023:09:23:20 +0800] "POST /xingrg/kc/base/wldb_list_operate.html HTTP/1.1" 200 463
124.79.246.33 - - [31/May/2023:09:23:21 +0800] "GET /xingrg/kc/base/wldb_order_info.html?code=422023053002446 HTTP/1.1" 200 30402
124.79.246.33 - - [31/May/2023:09:23:21 +0800] "GET /xingrg/words/20230531091915_words.js HTTP/1.1" 200 966334
124.79.246.33 - - [31/May/2023:09:23:22 +0800] "GET /xingrg/javascript/easyui/themes/default/validatebox.css HTTP/1.1" 404 1104
124.79.246.33 - - [31/May/2023:09:23:22 +0800] "GET /xingrg/all/common/auto_word.html?type=base&rest_code=00104 HTTP/1.1" 200 1849
124.79.246.33 - - [31/May/2023:09:23:22 +0800] "GET /xingrg/all/common/auto_word.html?type=base&rest_code=00104 HTTP/1.1" 200 1849
180.164.3.199 - - [31/May/2023:09:23:23 +0800] "POST /xingrg/login.do HTTP/1.1" 302 -
180.164.3.199 - - [31/May/2023:09:23:23 +0800] "GET /xingrg/index.html?sysBaseUrl=http%3A%2F%2F180.169.147.146%3A18081%2Fxingrg%2F&costTime=2319×tamp=1685496203062 HTTP/1.1" 200 17183
180.164.3.199 - - [31/May/2023:09:23:23 +0800] "GET /favicon.ico HTTP/1.1" 404 -
180.164.3.199 - - [31/May/2023:09:23:23 +0800] "GET /xingrg/all/function/internal_message.html?_=1685496202416&CODE_STATE=count HTTP/1.1" 200 11
180.164.3.199 - - [31/May/2023:09:23:23 +0800] "GET /xingrg/check_reg.html?_=1685496202416 HTTP/1.1" 200 22
180.164.3.199 - - [31/May/2023:09:23:23 +0800] "POST /xingrg/all/common/load_tree.html?tree=area_rest_tree_json&manage=1 HTTP/1.1" 200 357
180.164.3.199 - - [31/May/2023:09:23:23 +0800] "POST /xingrg/load_menu.html HTTP/1.1" 200 5138
124.79.246.33 - - [31/May/2023:09:23:23 +0800] "POST /xingrg/kc/base/wldb_order_operate.html HTTP/1.1" 200 3696
180.152.240.79 - - [31/May/2023:09:23:24 +0800] "GET /xingrg/all/function/internal_message.html?_=1685496207524&CODE_STATE=getMsg HTTP/1.1" 200 27
180.152.240.79 - - [31/May/2023:09:23:25 +0800] "GET /xingrg/javascript/jquery_easy_ui/themes/default/images/tabs_active.png HTTP/1.1" 200 2894
101.83.145.52 - - [31/May/2023:09:23:27 +0800] "GET /xingrg/all/function/internal_message.html?_=1685496209233&CODE_STATE=getMsg HTTP/1.1" 200 27
101.83.145.52 - - [31/May/2023:09:23:27 +0800] "GET /xingrg/check_reg.html?_=1685496209641 HTTP/1.1" 200 22
180.164.3.199 - - [31/May/2023:09:23:27 +0800] "GET /xingrg/kc/buy/cgsh_order_list.html HTTP/1.1" 200 55738
222.70.180.90 - - [31/May/2023:09:23:28 +0800] "GET /xingrg/all/function/internal_message.html?_=1685496204895&CODE_STATE=getMsg HTTP/1.1" 200 27
180.152.240.79 - - [31/May/2023:09:23:28 +0800] "GET /xingrg/kc/buy/cgsh_order_operate.html?command=get_materiel&rest_code=00102&code=00101006055&supplier_code=00100096&order_time=2023-05-31 HTTP/1.1" 200 430
180.152.240.79 - - [31/May/2023:09:23:30 +0800] "GET /xingrg/check_reg.html?_=1685496211173 HTTP/1.1" 200 22
116.232.195.127 - - [31/May/2023:09:23:30 +0800] "POST /xingrg/kc/base/wldb_order_operate.html HTTP/1.1" 200 12
116.232.195.127 - - [31/May/2023:09:23:30 +0800] "POST /xingrg/kc/base/wldb_order_operate.html HTTP/1.1" 200 2727
180.152.240.79 - - [31/May/2023:09:23:30 +0800] "GET /xingrg/images/control/ajaxLoader.gif HTTP/1.1" 200 4659
180.152.240.79 - - [31/May/2023:09:23:31 +0800] "POST /xingrg/all/user/operate.html HTTP/1.1" 200 36
180.164.3.199 - - [31/May/2023:09:23:31 +0800] "POST /xingrg/kc/buy/cgsh_list_operate.html HTTP/1.1" 200 986
180.152.240.79 - - [31/May/2023:09:23:31 +0800] "GET /xingrg/javascript/jquery_easy_ui/themes/default/easyui.css HTTP/1.1" 304 -
180.152.240.79 - - [31/May/2023:09:23:31 +0800] "GET /xingrg/javascript/jquery_easy_ui/themes/icon.css HTTP/1.1" 304 -
180.152.240.79 - - [31/May/2023:09:23:31 +0800] "GET /xingrg/index.html?sysBaseUrl=http%3A%2F%2F180.169.147.146%3A18081%2Fxingrg%2F&costTime=1056×tamp=1685495663619 HTTP/1.1" 200 17509
180.152.240.79 - - [31/May/2023:09:23:31 +0800] "GET /xingrg/css/form.css HTTP/1.1" 304 -
180.152.240.79 - - [31/May/2023:09:23:31 +0800] "GET /xingrg/javascript/jquery-1.4.2.min.js HTTP/1.1" 304 -
180.152.240.79 - - [31/May/2023:09:23:31 +0800] "GET /xingrg/javascript/jquery_easy_ui/jquery.easyui.min.js HTTP/1.1" 304 -
180.152.240.79 - - [31/May/2023:09:23:31 +0800] "GET /xingrg/javascript/jquery_easy_ui/easyui-lang-zh_CN.js HTTP/1.1" 304 -
180.152.240.79 - - [31/May/2023:09:23:31 +0800] "GET /xingrg/javascript/jquery.form.js HTTP/1.1" 304 -
180.152.240.79 - - [31/May/2023:09:23:31 +0800] "GET /xingrg/javascript/jquery.utils.js HTTP/1.1" 304 -
114.83.219.126 - - [31/May/2023:09:23:31 +0800] "GET /xingrg/all/function/internal_message.html?_=1685496312412&CODE_STATE=getMsg HTTP/1.1" 200 27
180.152.240.79 - - [31/May/2023:09:23:31 +0800] "GET /xingrg/javascript/jquery.timers.js HTTP/1.1" 304 -
180.152.240.79 - - [31/May/2023:09:23:31 +0800] "GET /xingrg/images/blue/jxLogo.png HTTP/1.1" 304 -
180.152.240.79 - - [31/May/2023:09:23:31 +0800] "GET /xingrg/images/blue/navBackgound.jpg HTTP/1.1" 304 -
180.152.240.79 - - [31/May/2023:09:23:31 +0800] "GET /xingrg/javascript/jquery_easy_ui/themes/icons/settle_new.png HTTP/1.1" 304 -
180.152.240.79 - - [31/May/2023:09:23:31 +0800] "GET /xingrg/javascript/jquery_easy_ui/themes/default/images/panel_tool_expand.gif HTTP/1.1" 304 -
180.152.240.79 - - [31/May/2023:09:23:31 +0800] "GET /xingrg/all/function/internal_message.html?_=1685496214962&CODE_STATE=count HTTP/1.1" 200 11
180.152.240.79 - - [31/May/2023:09:23:31 +0800] "GET /xingrg/check_reg.html?_=1685496214967 HTTP/1.1" 200 22
180.152.240.79 - - [31/May/2023:09:23:31 +0800] "GET /xingrg/javascript/jquery_easy_ui/themes/default/images/tabs_rightarrow.png HTTP/1.1" 304 -
180.152.240.79 - - [31/May/2023:09:23:31 +0800] "GET /xingrg/javascript/jquery_easy_ui/themes/default/images/panel_tool_collapse.gif HTTP/1.1" 304 -
180.152.240.79 - - [31/May/2023:09:23:31 +0800] "GET /xingrg/javascript/jquery_easy_ui/themes/default/images/tabs_leftarrow.png HTTP/1.1" 304 -
180.152.240.79 - - [31/May/2023:09:23:31 +0800] "GET /xingrg/images/blue/pingpu.png HTTP/1.1" 304 -
180.152.240.79 - - [31/May/2023:09:23:31 +0800] "POST /xingrg/all/common/load_tree.html?tree=area_rest_tree_json&manage=1 HTTP/1.1" 200 3499
114.83.219.126 - - [31/May/2023:09:23:32 +0800] "GET /xingrg/check_reg.html?_=1685496312916 HTTP/1.1" 200 22
116.232.195.127 - - [31/May/2023:09:23:32 +0800] "GET /xingrg/kc/base/wldb_order_info.html?code=422023053102570 HTTP/1.1" 200 26261
180.152.240.79 - - [31/May/2023:09:23:32 +0800] "POST /xingrg/load_menu.html HTTP/1.1" 200 9959
116.232.195.127 - - [31/May/2023:09:23:32 +0800] "GET /xingrg/words/20230531091915_words.js HTTP/1.1" 304 -
116.232.195.127 - - [31/May/2023:09:23:32 +0800] "GET /xingrg/javascript/easyui/themes/default/validatebox.css HTTP/1.1" 404 1104
116.232.195.127 - - [31/May/2023:09:23:33 +0800] "POST /xingrg/kc/base/wldb_order_operate.html HTTP/1.1" 200 1006
180.157.252.9 - - [31/May/2023:09:23:33 +0800] "GET /xingrg/all/function/internal_message.html?_=1685496213257&CODE_STATE=getMsg HTTP/1.1" 200 27
180.164.3.199 - - [31/May/2023:09:23:34 +0800] "GET /xingrg/kc/buy/cgsh_order_add.html HTTP/1.1" 200 71602
180.164.3.199 - - [31/May/2023:09:23:34 +0800] "GET /xingrg/words/20230531091915_words.js HTTP/1.1" 200 966334
180.164.3.199 - - [31/May/2023:09:23:34 +0800] "GET /xingrg/javascript/easyui/themes/default/validatebox.css HTTP/1.1" 404 1104
180.164.3.199 - - [31/May/2023:09:23:34 +0800] "POST /xingrg/kc/buy/cgsh_order_operate.html HTTP/1.1" 200 8245
180.164.3.199 - - [31/May/2023:09:23:34 +0800] "GET /xingrg/all/common/auto_word.html?type=employee&rest_code=00108 HTTP/1.1" 200 101
180.164.3.199 - - [31/May/2023:09:23:34 +0800] "GET /xingrg/all/common/auto_word.html?type=employee&rest_code=00108 HTTP/1.1" 200 101
180.152.240.79 - - [31/May/2023:09:23:35 +0800] "GET /xingrg/kc/buy/cgsh_order_list.html HTTP/1.1" 200 55989
180.152.240.79 - - [31/May/2023:09:23:35 +0800] "GET /xingrg/css/base.css HTTP/1.1" 200 2811
180.152.240.79 - - [31/May/2023:09:23:35 +0800] "GET /xingrg/css/site.css HTTP/1.1" 200 7541
180.152.240.79 - - [31/May/2023:09:23:35 +0800] "GET /xingrg/javascript/jquery_tools/datebox.css HTTP/1.1" 200 2597
180.152.240.79 - - [31/May/2023:09:23:35 +0800] "GET /xingrg/javascript/easyui/themes/icon.css HTTP/1.1" 200 4483
180.152.240.79 - - [31/May/2023:09:23:35 +0800] "GET /xingrg/javascript/easyui/themes/default/easyui.css HTTP/1.1" 200 30432
180.152.240.79 - - [31/May/2023:09:23:35 +0800] "GET /xingrg/javascript/auto/jquery.autocomplete.css HTTP/1.1" 200 587
180.152.240.79 - - [31/May/2023:09:23:35 +0800] "GET /xingrg/javascript/jquery_tools/fix.css HTTP/1.1" 200 1702
180.152.240.79 - - [31/May/2023:09:23:35 +0800] "GET /xingrg/javascript/jquery_tools/table.css HTTP/1.1" 200 1032
180.152.240.79 - - [31/May/2023:09:23:35 +0800] "GET /xingrg/javascript/jquery_tools/jquery.tools.min.js HTTP/1.1" 200 138801
180.152.240.79 - - [31/May/2023:09:23:35 +0800] "GET /xingrg/javascript/jquery_tools/jquery.tools.extend.js HTTP/1.1" 200 15385
180.152.240.79 - - [31/May/2023:09:23:35 +0800] "GET /xingrg/javascript/jquery_tools/jquery.tools.hotkey.js HTTP/1.1" 200 3242
180.152.240.79 - - [31/May/2023:09:23:35 +0800] "GET /xingrg/javascript/jquery_tools/jquery.tools.table.js HTTP/1.1" 200 6994
180.152.240.79 - - [31/May/2023:09:23:35 +0800] "GET /xingrg/javascript/jquery_tools/list_manager.js HTTP/1.1" 200 3652
180.152.240.79 - - [31/May/2023:09:23:35 +0800] "GET /xingrg/javascript/auto/jquery.autocomplete.js HTTP/1.1" 200 21624
180.152.240.79 - - [31/May/2023:09:23:35 +0800] "GET /xingrg/javascript/easyui/easyloader.js HTTP/1.1" 200 5975
180.152.240.79 - - [31/May/2023:09:23:35 +0800] "GET /xingrg/javascript/jquery.cookie.js HTTP/1.1" 200 5513
180.152.240.79 - - [31/May/2023:09:23:35 +0800] "GET /xingrg/javascript/easyui/themes/icons/cance_new.png HTTP/1.1" 200 3986
180.152.240.79 - - [31/May/2023:09:23:35 +0800] "GET /xingrg/javascript/easyui/themes/icons/edit_add_new.png HTTP/1.1" 200 2997
180.152.240.79 - - [31/May/2023:09:23:35 +0800] "GET /xingrg/javascript/easyui/themes/icons/import_new.png HTTP/1.1" 200 1247
180.164.3.199 - - [31/May/2023:09:23:35 +0800] "GET /xingrg/javascript/auto/indicator.gif HTTP/1.1" 404 1066
180.152.240.79 - - [31/May/2023:09:23:35 +0800] "GET /xingrg/javascript/easyui/themes/icons/field_new.png HTTP/1.1" 200 1097
180.152.240.79 - - [31/May/2023:09:23:35 +0800] "GET /xingrg/javascript/easyui/themes/icons/check_new.png HTTP/1.1" 200 3224
180.152.240.79 - - [31/May/2023:09:23:35 +0800] "GET /xingrg/javascript/easyui/themes/icons/uncheck_new.png HTTP/1.1" 200 3197
124.78.155.81 - - [31/May/2023:09:23:35 +0800] "POST /xingrg/kc/buy/cgsh_order_operate.html HTTP/1.1" 200 37
180.152.240.79 - - [31/May/2023:09:23:35 +0800] "GET /xingrg/javascript/easyui/plugins/jquery.parser.js HTTP/1.1" 200 1142
116.232.195.127 - - [31/May/2023:09:23:36 +0800] "GET /xingrg/all/function/internal_message.html?_=1685496240422&CODE_STATE=getMsg HTTP/1.1" 200 27
120.253.135.82 - - [31/May/2023:09:23:38 +0800] "GET /xingrg/check_reg.html?_=1685496053712 HTTP/1.1" 200 22
120.253.135.82 - - [31/May/2023:09:23:38 +0800] "GET /xingrg/all/function/internal_message.html?_=1685496053769&CODE_STATE=getMsg HTTP/1.1" 200 27
101.83.145.52 - - [31/May/2023:09:23:39 +0800] "GET /xingrg/all/function/internal_message.html?_=1685496050460&CODE_STATE=getMsg HTTP/1.1" 200 27
180.152.240.79 - - [31/May/2023:09:23:39 +0800] "POST /xingrg/kc/buy/cgsh_list_operate.html HTTP/1.1" 200 986
124.78.155.81 - - [31/May/2023:09:23:40 +0800] "POST /xingrg/kc/buy/cgsh_order_operate.html HTTP/1.1" 200 38727
116.232.195.127 - - [31/May/2023:09:23:41 +0800] "GET /xingrg/kc/base/yddb_order_list.html HTTP/1.1" 200 16710
218.81.217.41 - - [31/May/2023:09:23:41 +0800] "GET /xingrg/all/function/internal_message.html?_=1685496231238&CODE_STATE=getMsg HTTP/1.1" 200 27
58.40.7.146 - - [31/May/2023:09:23:42 +0800] "GET /xingrg/all/function/internal_message.html?_=1685496222074&CODE_STATE=getMsg HTTP/1.1" 200 27
116.232.195.127 - - [31/May/2023:09:23:42 +0800] "POST /xingrg/kc/base/yddb_list_operate.html HTTP/1.1" 200 636
180.169.147.146 - - [31/May/2023:09:23:44 +0800] "GET /xingrg/all/function/internal_message.html?_=1685496223185&CODE_STATE=getMsg HTTP/1.1" 302 -
116.232.195.127 - - [31/May/2023:09:23:44 +0800] "POST /xingrg/kc/base/yddb_list_operate.html HTTP/1.1" 200 7099
116.232.195.127 - - [31/May/2023:09:23:45 +0800] "POST /xingrg/kc/base/yddb_list_operate.html HTTP/1.1" 200 217
222.70.180.90 - - [31/May/2023:09:23:45 +0800] "GET /xingrg/kc/base/wldb_order_operate.html?command=get_materiel&rest_code=00111&base_code=0010306&code=00102024027 HTTP/1.1" 200 442
124.78.155.81 - - [31/May/2023:09:23:46 +0800] "GET /xingrg/all/function/internal_message.html?_=1685496226942&CODE_STATE=getMsg HTTP/1.1" 200 27
116.238.139.35 - - [31/May/2023:09:23:46 +0800] "GET /xingrg/all/function/internal_message.html?_=1685496226289&CODE_STATE=getMsg HTTP/1.1" 200 27
116.232.195.127 - - [31/May/2023:09:23:46 +0800] "GET /xingrg/kc/base/yddb_order_info.html?code=482023053100159 HTTP/1.1" 200 31827
116.232.195.127 - - [31/May/2023:09:23:46 +0800] "GET /xingrg/dwr/interface/AjaxComOrderService.js HTTP/1.1" 200 18264
116.232.195.127 - - [31/May/2023:09:23:46 +0800] "GET /xingrg/dwr/interface/AjaxYddbService.js HTTP/1.1" 200 13201
116.232.195.127 - - [31/May/2023:09:23:46 +0800] "GET /xingrg/dwr/engine.js HTTP/1.1" 200 43631
180.164.3.199 - - [31/May/2023:09:23:47 +0800] "GET /xingrg/kc/buy/cgsh_order_operate.html?command=get_materiel&rest_code=00108&code=00101009050&supplier_code=00100007&order_time=2023-05-31 HTTP/1.1" 200 430
116.232.195.127 - - [31/May/2023:09:23:47 +0800] "POST /xingrg/dwr/call/plaincall/AjaxYddbService.loadMaterielItems.dwr HTTP/1.1" 200 448
114.83.221.184 - - [31/May/2023:09:23:48 +0800] "GET /xingrg/all/function/internal_message.html?_=1685496226592&CODE_STATE=getMsg HTTP/1.1" 200 27
116.232.195.127 - - [31/May/2023:09:23:49 +0800] "GET /xingrg/kc/base/yddb_order_report.html?fileType=servlets/html&code=482023053100159&reportName=ck_order_report&subName=yddb HTTP/1.1" 302 -
116.232.195.127 - - [31/May/2023:09:23:49 +0800] "GET /xingrg/servlets/html?sysBaseUrl=http%3A%2F%2F180.169.147.146%3A18081%2Fxingrg%2F&costTime=1067×tamp=1685496229691 HTTP/1.1" 200 14779
116.232.195.127 - - [31/May/2023:09:23:49 +0800] "GET /xingrg/servlets/image?image=px HTTP/1.1" 200 807
116.232.195.127 - - [31/May/2023:09:23:49 +0800] "GET /favicon.ico HTTP/1.1" 404 -
124.79.246.33 - - [31/May/2023:09:23:51 +0800] "GET /xingrg/all/function/internal_message.html?_=1685496511204&CODE_STATE=getMsg HTTP/1.1" 200 27
114.83.221.184 - - [31/May/2023:09:23:52 +0800] "GET /xingrg/kc/buy/cgsh_order_add.html HTTP/1.1" 200 71598
114.83.221.184 - - [31/May/2023:09:23:52 +0800] "GET /xingrg/words/20230531091915_words.js HTTP/1.1" 304 -
114.83.221.184 - - [31/May/2023:09:23:52 +0800] "POST /xingrg/kc/buy/cgsh_order_operate.html HTTP/1.1" 200 8245
114.83.221.184 - - [31/May/2023:09:23:52 +0800] "GET /xingrg/javascript/easyui/themes/default/validatebox.css HTTP/1.1" 404 1104
180.169.147.146 - - [31/May/2023:09:23:52 +0800] "GET /xingrg/all/function/internal_message.html?_=1685496232958&CODE_STATE=getMsg HTTP/1.1" 302 -
180.152.240.79 - - [31/May/2023:09:23:55 +0800] "POST /xingrg/kc/buy/cgsh_list_operate.html HTTP/1.1" 200 6704
180.164.3.199 - - [31/May/2023:09:23:57 +0800] "GET /xingrg/kc/buy/cgsh_order_operate.html?command=get_materiel&rest_code=00108&code=00101009122&supplier_code=00100007&order_time=2023-05-31 HTTP/1.1" 200 427
180.152.240.79 - - [31/May/2023:09:23:58 +0800] "POST /xingrg/kc/buy/cgsh_list_operate.html HTTP/1.1" 200 564
180.152.240.79 - - [31/May/2023:09:24:00 +0800] "GET /xingrg/javascript/easyui/themes/default/images/button_plain_hover.png HTTP/1.1" 200 144
114.85.113.108 - - [31/May/2023:09:24:02 +0800] "GET /xingrg/all/function/internal_message.html?_=1685496214423&CODE_STATE=getMsg HTTP/1.1" 200 27
222.70.180.90 - - [31/May/2023:09:24:03 +0800] "POST /xingrg/kc/base/wldb_order_operate.html HTTP/1.1" 200 37
124.78.155.81 - - [31/May/2023:09:24:04 +0800] "GET /xingrg/all/function/internal_message.html?_=1685496248418&CODE_STATE=getMsg HTTP/1.1" 200 27
222.70.180.90 - - [31/May/2023:09:24:04 +0800] "POST /xingrg/kc/base/wldb_order_operate.html HTTP/1.1" 200 8485
222.70.180.90 - - [31/May/2023:09:24:06 +0800] "GET /xingrg/kc/base/wldb_order_info.html?code=422023053102571 HTTP/1.1" 200 30396
222.70.180.90 - - [31/May/2023:09:24:06 +0800] "GET /xingrg/words/20230531091915_words.js HTTP/1.1" 200 966334
180.164.3.199 - - [31/May/2023:09:24:06 +0800] "GET /xingrg/kc/buy/cgsh_order_operate.html?command=get_materiel&rest_code=00108&code=00101008370&supplier_code=00100007&order_time=2023-05-31 HTTP/1.1" 200 412
222.70.180.90 - - [31/May/2023:09:24:06 +0800] "GET /xingrg/javascript/easyui/themes/default/validatebox.css HTTP/1.1" 404 1104
222.70.180.90 - - [31/May/2023:09:24:06 +0800] "GET /xingrg/all/function/internal_message.html?_=1685496244919&CODE_STATE=getMsg HTTP/1.1" 200 27
222.70.180.90 - - [31/May/2023:09:24:06 +0800] "GET /xingrg/check_reg.html?_=1685496245136 HTTP/1.1" 200 22
114.83.219.126 - - [31/May/2023:09:24:07 +0800] "POST /xingrg/dwr/call/plaincall/AjaxCheckService.saveOrder.dwr HTTP/1.1" 200 78
180.152.240.79 - - [31/May/2023:09:24:07 +0800] "POST /xingrg/kc/buy/cgsh_list_operate.html HTTP/1.1" 200 4
222.70.180.90 - - [31/May/2023:09:24:08 +0800] "POST /xingrg/kc/base/wldb_order_operate.html HTTP/1.1" 200 8485
222.70.180.90 - - [31/May/2023:09:24:09 +0800] "GET /xingrg/kc/print/load_data.html?order_code=422023053102571&kc_code=wldb&condition= HTTP/1.1" 200 2383
114.83.219.126 - - [31/May/2023:09:24:11 +0800] "POST /xingrg/dwr/call/plaincall/AjaxCheckService.loadOrderItems.dwr HTTP/1.1" 200 367
180.152.240.79 - - [31/May/2023:09:24:12 +0800] "GET /xingrg/kc/buy/cgsh_order_operate.html?command=get_materiel&rest_code=00102&code=00101006065&supplier_code=00100096&order_time=2023-05-31 HTTP/1.1" 200 411
114.83.219.126 - - [31/May/2023:09:24:16 +0800] "GET /xingrg/javascript/jquery_easy_ui/themes/default/images/button_a_bg.gif HTTP/1.1" 200 1194
114.83.219.126 - - [31/May/2023:09:24:16 +0800] "GET /xingrg/javascript/jquery_easy_ui/themes/default/images/button_span_bg.gif HTTP/1.1" 200 2061
114.83.219.126 - - [31/May/2023:09:24:16 +0800] "GET /xingrg/javascript/jquery_easy_ui/themes/default/images/panel_title.png HTTP/1.1" 200 266
114.83.219.126 - - [31/May/2023:09:24:16 +0800] "GET /xingrg/javascript/jquery_easy_ui/themes/icons/ok.png HTTP/1.1" 200 883
114.83.219.126 - - [31/May/2023:09:24:16 +0800] "GET /xingrg/javascript/jquery_easy_ui/themes/icons/pencil.png HTTP/1.1" 200 713
114.83.219.126 - - [31/May/2023:09:24:16 +0800] "GET /xingrg/javascript/jquery_easy_ui/themes/default/images/panel_tools.gif HTTP/1.1" 200 737
180.169.147.146 - - [31/May/2023:09:24:18 +0800] "GET /xingrg/all/function/internal_message.html?_=1685496251201&CODE_STATE=getMsg HTTP/1.1" 200 27
180.164.3.199 - - [31/May/2023:09:24:21 +0800] "GET /xingrg/kc/buy/cgsh_order_operate.html?command=get_materiel&rest_code=00108&code=00101008126&supplier_code=00100007&order_time=2023-05-31 HTTP/1.1" 200 412
180.164.3.199 - - [31/May/2023:09:24:23 +0800] "GET /xingrg/all/function/internal_message.html?_=1685496262418&CODE_STATE=getMsg HTTP/1.1" 200 27
114.83.221.184 - - [31/May/2023:09:24:24 +0800] "POST /xingrg/kc/buy/cgsh_list_operate.html HTTP/1.1" 200 1866
101.83.145.52 - - [31/May/2023:09:24:27 +0800] "GET /xingrg/all/function/internal_message.html?_=1685496269207&CODE_STATE=getMsg HTTP/1.1" 200 27
222.70.180.90 - - [31/May/2023:09:24:28 +0800] "GET /xingrg/all/function/internal_message.html?_=1685496264901&CODE_STATE=getMsg HTTP/1.1" 200 27
180.164.3.199 - - [31/May/2023:09:24:30 +0800] "GET /xingrg/kc/buy/cgsh_order_operate.html?command=get_materiel&rest_code=00108&code=00101008108&supplier_code=00100007&order_time=2023-05-31 HTTP/1.1" 200 412
114.83.221.184 - - [31/May/2023:09:24:31 +0800] "POST /xingrg/kc/buy/cgsh_list_operate.html HTTP/1.1" 200 564
180.152.240.79 - - [31/May/2023:09:24:31 +0800] "POST /xingrg/kc/buy/cgsh_list_operate.html HTTP/1.1" 200 6705
180.152.240.79 - - [31/May/2023:09:24:31 +0800] "GET /xingrg/all/function/internal_message.html?_=1685496274972&CODE_STATE=getMsg HTTP/1.1" 200 27
114.83.221.184 - - [31/May/2023:09:24:32 +0800] "GET /xingrg/kc/buy/cgsh_order_info.html?code=212023053111695 HTTP/1.1" 200 71605
114.83.221.184 - - [31/May/2023:09:24:32 +0800] "GET /xingrg/words/20230531091915_words.js HTTP/1.1" 304 -
114.83.221.184 - - [31/May/2023:09:24:32 +0800] "GET /xingrg/javascript/easyui/themes/default/validatebox.css HTTP/1.1" 404 1104
124.79.246.33 - - [31/May/2023:09:24:33 +0800] "POST /xingrg/kc/base/wldb_order_operate.html HTTP/1.1" 200 37
180.157.252.9 - - [31/May/2023:09:24:33 +0800] "GET /xingrg/all/function/internal_message.html?_=1685496273226&CODE_STATE=getMsg HTTP/1.1" 200 27
114.83.221.184 - - [31/May/2023:09:24:34 +0800] "POST /xingrg/kc/buy/cgsh_order_operate.html HTTP/1.1" 200 5619
116.232.195.127 - - [31/May/2023:09:24:36 +0800] "GET /xingrg/all/function/internal_message.html?_=1685496300454&CODE_STATE=getMsg HTTP/1.1" 200 27
120.253.135.82 - - [31/May/2023:09:24:38 +0800] "GET /xingrg/all/function/internal_message.html?_=1685496113783&CODE_STATE=getMsg HTTP/1.1" 200 27
101.83.145.52 - - [31/May/2023:09:24:39 +0800] "GET /xingrg/all/function/internal_message.html?_=1685496110469&CODE_STATE=getMsg HTTP/1.1" 200 27
218.81.217.41 - - [31/May/2023:09:24:42 +0800] "GET /xingrg/all/function/internal_message.html?_=1685496291504&CODE_STATE=getMsg HTTP/1.1" 200 27
58.40.7.146 - - [31/May/2023:09:24:42 +0800] "GET /xingrg/all/function/internal_message.html?_=1685496282076&CODE_STATE=getMsg HTTP/1.1" 200 27
180.164.3.199 - - [31/May/2023:09:24:42 +0800] "GET /xingrg/kc/buy/cgsh_order_operate.html?command=get_materiel&rest_code=00108&code=00101008290&supplier_code=00100007&order_time=2023-05-31 HTTP/1.1" 200 416
180.169.147.146 - - [31/May/2023:09:24:44 +0800] "GET /xingrg/all/function/internal_message.html?_=1685496283165&CODE_STATE=getMsg HTTP/1.1" 302 -
124.79.246.33 - - [31/May/2023:09:24:44 +0800] "POST /xingrg/kc/base/wldb_order_operate.html HTTP/1.1" 200 12
124.79.246.33 - - [31/May/2023:09:24:44 +0800] "POST /xingrg/kc/base/wldb_order_operate.html HTTP/1.1" 200 3696
114.83.219.126 - - [31/May/2023:09:24:45 +0800] "POST /xingrg/dwr/call/plaincall/AjaxCheckService.importOrderItems.dwr HTTP/1.1" 200 78
124.78.155.81 - - [31/May/2023:09:24:46 +0800] "GET /xingrg/all/function/internal_message.html?_=1685496286938&CODE_STATE=getMsg HTTP/1.1" 200 27
116.238.139.35 - - [31/May/2023:09:24:46 +0800] "GET /xingrg/all/function/internal_message.html?_=1685496286289&CODE_STATE=getMsg HTTP/1.1" 200 27
180.169.147.146 - - [31/May/2023:09:24:46 +0800] "POST /xingrg/kc/buy/cgsh_list_operate.html HTTP/1.1" 200 572
222.70.180.90 - - [31/May/2023:09:24:47 +0800] "GET /xingrg/kc/base/wldb_order_add.html HTTP/1.1" 200 30381
222.70.180.90 - - [31/May/2023:09:24:47 +0800] "POST /xingrg/kc/base/wldb_order_operate.html HTTP/1.1" 200 6806
222.70.180.90 - - [31/May/2023:09:24:47 +0800] "GET /xingrg/javascript/easyui/themes/default/validatebox.css HTTP/1.1" 404 1104
114.83.221.184 - - [31/May/2023:09:24:48 +0800] "GET /xingrg/all/function/internal_message.html?_=1685496286603&CODE_STATE=getMsg HTTP/1.1" 200 27
180.169.147.146 - - [31/May/2023:09:24:49 +0800] "GET /xingrg/kc/buy/cgsh_order_info.html?code=212023053011583 HTTP/1.1" 200 71526
124.79.246.33 - - [31/May/2023:09:24:49 +0800] "GET /xingrg/kc/base/wldb_order_info.html?code=422023053002446 HTTP/1.1" 200 26266
180.169.147.146 - - [31/May/2023:09:24:49 +0800] "GET /xingrg/words/20230531091915_words.js HTTP/1.1" 200 966334
180.169.147.146 - - [31/May/2023:09:24:49 +0800] "GET /xingrg/javascript/easyui/themes/default/validatebox.css HTTP/1.1" 404 1104
180.169.147.146 - - [31/May/2023:09:24:49 +0800] "GET /xingrg/all/common/auto_word.html?type=employee&rest_code=00147 HTTP/1.1" 200 101
180.169.147.146 - - [31/May/2023:09:24:49 +0800] "GET /xingrg/all/common/auto_word.html?type=employee&rest_code=00147 HTTP/1.1" 200 101
124.79.246.33 - - [31/May/2023:09:24:49 +0800] "GET /xingrg/javascript/easyui/themes/default/validatebox.css HTTP/1.1" 404 1104
124.78.155.81 - - [31/May/2023:09:24:49 +0800] "POST /xingrg/services/DataTransmitService HTTP/1.1" 200 524
124.79.246.33 - - [31/May/2023:09:24:50 +0800] "POST /xingrg/kc/base/wldb_order_operate.html HTTP/1.1" 200 1958
180.169.147.146 - - [31/May/2023:09:24:50 +0800] "POST /xingrg/kc/buy/cgsh_order_operate.html HTTP/1.1" 200 5628
124.79.246.33 - - [31/May/2023:09:24:51 +0800] "GET /xingrg/all/function/internal_message.html?_=1685496571203&CODE_STATE=getMsg HTTP/1.1" 200 27
124.79.246.33 - - [31/May/2023:09:24:51 +0800] "GET /xingrg/check_reg.html?_=1685496571203 HTTP/1.1" 200 22
114.83.219.126 - - [31/May/2023:09:24:51 +0800] "POST /xingrg/dwr/call/plaincall/AjaxCheckService.loadOrderItems.dwr HTTP/1.1" 200 16465
114.83.219.126 - - [31/May/2023:09:24:51 +0800] "GET /xingrg/javascript/jquery_easy_ui/themes/icons/no.png HTTP/1.1" 200 922
180.152.240.79 - - [31/May/2023:09:24:52 +0800] "GET /xingrg/kc/buy/cgsh_order_operate.html?command=get_materiel&rest_code=00102&code=00101007061&supplier_code=00100096&order_time=2023-05-31 HTTP/1.1" 200 432
180.169.147.146 - - [31/May/2023:09:24:52 +0800] "GET /xingrg/javascript/auto/indicator.gif HTTP/1.1" 404 1066
180.169.147.146 - - [31/May/2023:09:24:53 +0800] "GET /xingrg/check_reg.html?_=1685496292958 HTTP/1.1" 302 -
180.169.147.146 - - [31/May/2023:09:24:53 +0800] "GET /xingrg/all/function/internal_message.html?_=1685496292956&CODE_STATE=getMsg HTTP/1.1" 302 -
114.83.221.184 - - [31/May/2023:09:24:56 +0800] "POST /xingrg/kc/buy/cgsh_order_operate.html HTTP/1.1" 200 37
114.83.219.126 - - [31/May/2023:09:24:57 +0800] "GET /xingrg/kc/print/load_config.html?_=1685496397808&kc_code=check HTTP/1.1" 200 2488
114.83.219.126 - - [31/May/2023:09:24:57 +0800] "GET /xingrg/kc/print/load_data.html?_=1685496397890&order_code=452023053100291&kc_code=check&condition= HTTP/1.1" 200 4801
180.164.3.199 - - [31/May/2023:09:24:59 +0800] "GET /xingrg/kc/buy/cgsh_order_operate.html?command=get_materiel&rest_code=00108&code=00101008207&supplier_code=00100007&order_time=2023-05-31 HTTP/1.1" 200 408
114.85.113.108 - - [31/May/2023:09:25:02 +0800] "GET /xingrg/all/function/internal_message.html?_=1685496274422&CODE_STATE=getMsg HTTP/1.1" 200 27
124.78.155.81 - - [31/May/2023:09:25:04 +0800] "GET /xingrg/all/function/internal_message.html?_=1685496308424&CODE_STATE=getMsg HTTP/1.1" 200 27
222.70.180.90 - - [31/May/2023:09:25:06 +0800] "GET /xingrg/all/function/internal_message.html?_=1685496304896&CODE_STATE=getMsg HTTP/1.1" 200 27
180.169.147.146 - - [31/May/2023:09:25:09 +0800] "POST /xingrg/kc/buy/cgsh_order_operate.html HTTP/1.1" 200 37
114.83.221.184 - - [31/May/2023:09:25:10 +0800] "POST /xingrg/kc/buy/cgsh_order_operate.html HTTP/1.1" 200 12
180.152.240.79 - - [31/May/2023:09:25:11 +0800] "GET /xingrg/kc/buy/cgsh_order_operate.html?command=get_materiel&rest_code=00102&code=00101007049&supplier_code=00100096&order_time=2023-05-31 HTTP/1.1" 200 411
114.83.221.184 - - [31/May/2023:09:25:16 +0800] "GET /xingrg/kc/buy/cgsh_order_info.html?code=212023053111695 HTTP/1.1" 200 66505
114.83.221.184 - - [31/May/2023:09:25:16 +0800] "GET /xingrg/words/20230531091915_words.js HTTP/1.1" 304 -
114.83.221.184 - - [31/May/2023:09:25:16 +0800] "GET /xingrg/javascript/easyui/themes/default/validatebox.css HTTP/1.1" 404 1104
114.83.221.184 - - [31/May/2023:09:25:19 +0800] "POST /xingrg/kc/buy/cgsh_order_operate.html HTTP/1.1" 200 1791
180.157.252.9 - - [31/May/2023:09:25:21 +0800] "GET /xingrg/kc/buy/cgsh_order_add.html HTTP/1.1" 200 70337
180.157.252.9 - - [31/May/2023:09:25:21 +0800] "GET /xingrg/words/20230531091915_words.js HTTP/1.1" 200 966334
180.157.252.9 - - [31/May/2023:09:25:22 +0800] "GET /xingrg/javascript/easyui/themes/default/validatebox.css HTTP/1.1" 404 1104
180.157.252.9 - - [31/May/2023:09:25:22 +0800] "POST /xingrg/kc/buy/cgsh_order_operate.html HTTP/1.1" 200 8245
180.157.252.9 - - [31/May/2023:09:25:22 +0800] "GET /xingrg/all/common/auto_word.html?type=employee&rest_code=00103 HTTP/1.1" 200 47
180.157.252.9 - - [31/May/2023:09:25:22 +0800] "GET /xingrg/all/common/auto_word.html?type=employee&rest_code=00103 HTTP/1.1" 200 47
124.78.155.81 - - [31/May/2023:09:25:22 +0800] "POST /xingrg/kc/buy/cgsh_order_operate.html HTTP/1.1" 200 37
180.164.3.199 - - [31/May/2023:09:25:23 +0800] "GET /xingrg/all/function/internal_message.html?_=1685496322422&CODE_STATE=getMsg HTTP/1.1" 200 27
114.83.221.184 - - [31/May/2023:09:25:24 +0800] "GET /xingrg/kc/print/load_data.html?order_code=212023053111695&kc_code=cgsh&condition= HTTP/1.1" 200 1164
124.78.155.81 - - [31/May/2023:09:25:26 +0800] "POST /xingrg/kc/buy/cgsh_order_operate.html HTTP/1.1" 200 38727
101.83.145.52 - - [31/May/2023:09:25:27 +0800] "GET /xingrg/all/function/internal_message.html?_=1685496329188&CODE_STATE=getMsg HTTP/1.1" 200 27
222.70.180.90 - - [31/May/2023:09:25:28 +0800] "GET /xingrg/check_reg.html?_=1685496324909 HTTP/1.1" 200 22
