120.253.135.82 - - [29/May/2023:09:32:14 +0800] "GET /xingrg/kc/print/load_data.html?order_code=312023052800595&kc_code=pssh&condition= HTTP/1.1" 200 669
116.238.139.35 - - [29/May/2023:09:32:16 +0800] "GET /xingrg/all/function/internal_message.html?_=1685323845910&CODE_STATE=getMsg HTTP/1.1" 200 27
116.232.195.127 - - [29/May/2023:09:32:20 +0800] "GET /xingrg/all/function/internal_message.html?_=1685323968298&CODE_STATE=getMsg HTTP/1.1" 200 27
114.85.98.170 - - [29/May/2023:09:32:20 +0800] "GET /xingrg/kc/buy/cgsh_order_operate.html?command=get_materiel&rest_code=00102&code=00101007061&supplier_code=00100096&order_time=2023-05-29 HTTP/1.1" 200 411
116.238.139.35 - - [29/May/2023:09:32:25 +0800] "GET /xingrg/all/function/internal_message.html?_=1685323945209&CODE_STATE=getMsg HTTP/1.1" 200 27
218.81.217.41 - - [29/May/2023:09:32:27 +0800] "GET /xingrg/kc/buy/cgsh_order_operate.html?command=get_materiel&rest_code=00146&code=00101016025&supplier_code=00100033&order_time=2023-05-29 HTTP/1.1" 200 408
120.253.135.82 - - [29/May/2023:09:32:29 +0800] "GET /xingrg/all/function/internal_message.html?_=1685323954969&CODE_STATE=getMsg HTTP/1.1" 200 27
114.85.98.170 - - [29/May/2023:09:32:36 +0800] "GET /xingrg/kc/buy/cgsh_order_operate.html?command=get_materiel&rest_code=00102&code=00101007049&supplier_code=00100096&order_time=2023-05-29 HTTP/1.1" 200 411
218.81.217.41 - - [29/May/2023:09:32:39 +0800] "GET /xingrg/kc/buy/cgsh_order_operate.html?command=get_materiel&rest_code=00146&code=00101012040&supplier_code=00100033&order_time=2023-05-29 HTTP/1.1" 200 412
58.40.7.146 - - [29/May/2023:09:32:40 +0800] "GET /xingrg/all/function/internal_message.html?_=1685323960826&CODE_STATE=getMsg HTTP/1.1" 200 27
114.83.218.148 - - [29/May/2023:09:32:45 +0800] "GET /xingrg/check_reg.html?_=1685323964379 HTTP/1.1" 200 22
101.83.145.52 - - [29/May/2023:09:32:46 +0800] "GET /xingrg/all/function/internal_message.html?_=1685323797606&CODE_STATE=getMsg HTTP/1.1" 200 27
180.169.147.146 - - [29/May/2023:09:32:49 +0800] "GET /xingrg/kc/buy/cgsh_order_operate.html?command=get_materiel&rest_code=00147&code=00101008038&supplier_code=00100007&order_time=2023-05-29 HTTP/1.1" 200 412
114.83.218.148 - - [29/May/2023:09:32:49 +0800] "GET /xingrg/all/function/internal_message.html?_=1685323968455&CODE_STATE=getMsg HTTP/1.1" 200 27
114.85.113.108 - - [29/May/2023:09:32:49 +0800] "GET /xingrg/check_reg.html?_=1685323942641 HTTP/1.1" 200 22
114.85.113.108 - - [29/May/2023:09:32:50 +0800] "GET /xingrg/all/function/internal_message.html?_=1685323943273&CODE_STATE=getMsg HTTP/1.1" 200 27
222.70.180.90 - - [29/May/2023:09:32:51 +0800] "GET /xingrg/all/function/internal_message.html?_=1685323971066&CODE_STATE=getMsg HTTP/1.1" 200 27
101.229.22.40 - - [29/May/2023:09:32:53 +0800] "GET /xingrg/all/function/internal_message.html?_=1685323973224&CODE_STATE=getMsg HTTP/1.1" 200 27
114.85.98.170 - - [29/May/2023:09:32:54 +0800] "POST /xingrg/kc/buy/cgsh_order_operate.html HTTP/1.1" 200 37
218.81.217.41 - - [29/May/2023:09:32:54 +0800] "GET /xingrg/kc/buy/cgsh_order_operate.html?command=get_materiel&rest_code=00146&code=00101016033&supplier_code=00100033&order_time=2023-05-29 HTTP/1.1" 200 412
180.169.147.146 - - [29/May/2023:09:32:56 +0800] "GET /xingrg/kc/buy/cgsh_order_operate.html?command=get_materiel&rest_code=00147&code=00101008224&supplier_code=00100007&order_time=2023-05-29 HTTP/1.1" 200 436
114.85.98.170 - - [29/May/2023:09:32:57 +0800] "GET /xingrg/all/function/internal_message.html?_=1685323977021&CODE_STATE=getMsg HTTP/1.1" 200 27
180.169.147.146 - - [29/May/2023:09:33:00 +0800] "GET /xingrg/all/function/internal_message.html?_=1685323980446&CODE_STATE=getMsg HTTP/1.1" 200 27
114.85.98.170 - - [29/May/2023:09:33:00 +0800] "POST /xingrg/kc/buy/cgsh_order_operate.html HTTP/1.1" 200 12
114.85.98.170 - - [29/May/2023:09:33:03 +0800] "GET /xingrg/kc/buy/cgsh_order_info.html?code=212023052910892 HTTP/1.1" 200 66386
114.85.98.170 - - [29/May/2023:09:33:03 +0800] "GET /xingrg/javascript/easyui/themes/default/validatebox.css HTTP/1.1" 404 1104
180.169.147.146 - - [29/May/2023:09:33:04 +0800] "GET /xingrg/kc/buy/cgsh_order_operate.html?command=get_materiel&rest_code=00147&code=00101008197&supplier_code=00100007&order_time=2023-05-29 HTTP/1.1" 200 416
114.85.98.170 - - [29/May/2023:09:33:04 +0800] "POST /xingrg/kc/buy/cgsh_order_operate.html HTTP/1.1" 200 2965
114.85.98.170 - - [29/May/2023:09:33:05 +0800] "GET /xingrg/kc/print/load_config.html?kc_code=cgsh HTTP/1.1" 200 1924
114.85.98.170 - - [29/May/2023:09:33:06 +0800] "GET /xingrg/javascript/jquery_easy_ui/themes/default/images/tabs_active.png HTTP/1.1" 200 2894
218.81.217.41 - - [29/May/2023:09:33:08 +0800] "POST /xingrg/kc/buy/cgsh_order_operate.html HTTP/1.1" 200 37
114.85.98.170 - - [29/May/2023:09:33:08 +0800] "GET /xingrg/kc/print/load_data.html?order_code=212023052910892&kc_code=cgsh&condition= HTTP/1.1" 200 1550
180.164.3.199 - - [29/May/2023:09:33:09 +0800] "GET /xingrg/all/function/internal_message.html?_=1685323988579&CODE_STATE=getMsg HTTP/1.1" 200 27
180.169.147.146 - - [29/May/2023:09:33:10 +0800] "GET /xingrg/all/function/internal_message.html?_=1685323985699&CODE_STATE=getMsg HTTP/1.1" 200 27
180.169.147.146 - - [29/May/2023:09:33:10 +0800] "GET /xingrg/kc/buy/cgsh_order_operate.html?command=get_materiel&rest_code=00147&code=00101008069&supplier_code=00100007&order_time=2023-05-29 HTTP/1.1" 200 412
218.81.217.41 - - [29/May/2023:09:33:11 +0800] "POST /xingrg/kc/buy/cgsh_order_operate.html HTTP/1.1" 200 4416
114.85.98.170 - - [29/May/2023:09:33:13 +0800] "GET /xingrg/kc/buy/cgsh_order_add.html HTTP/1.1" 200 71489
114.85.98.170 - - [29/May/2023:09:33:13 +0800] "POST /xingrg/kc/buy/cgsh_order_operate.html HTTP/1.1" 200 8245
114.85.98.170 - - [29/May/2023:09:33:13 +0800] "GET /xingrg/javascript/easyui/themes/default/validatebox.css HTTP/1.1" 404 1104
218.81.217.41 - - [29/May/2023:09:33:15 +0800] "GET /xingrg/all/function/internal_message.html?_=1685323996743&CODE_STATE=getMsg HTTP/1.1" 200 27
116.238.139.35 - - [29/May/2023:09:33:16 +0800] "GET /xingrg/all/function/internal_message.html?_=1685323905923&CODE_STATE=getMsg HTTP/1.1" 200 27
218.81.217.41 - - [29/May/2023:09:33:16 +0800] "GET /xingrg/kc/print/load_data.html?order_code=212023052910893&kc_code=cgsh&condition= HTTP/1.1" 200 1372
114.85.98.170 - - [29/May/2023:09:33:18 +0800] "GET /xingrg/javascript/easyui/plugins/jquery.draggable.js HTTP/1.1" 200 6121
114.85.98.170 - - [29/May/2023:09:33:18 +0800] "GET /xingrg/css/images/panel_loading.gif HTTP/1.1" 200 1737
114.85.98.170 - - [29/May/2023:09:33:18 +0800] "GET /xingrg/javascript/easyui/plugins/jquery.droppable.js HTTP/1.1" 200 1167
114.85.98.170 - - [29/May/2023:09:33:18 +0800] "GET /xingrg/javascript/easyui/themes/default/tree.css HTTP/1.1" 404 1090
114.85.98.170 - - [29/May/2023:09:33:18 +0800] "GET /xingrg/javascript/easyui/plugins/jquery.tree.js HTTP/1.1" 200 20874
114.85.98.170 - - [29/May/2023:09:33:19 +0800] "POST /xingrg/all/common/load_tree.html?tree=supplier_tree_json&isDelete=1 HTTP/1.1" 200 74195
180.169.147.146 - - [29/May/2023:09:33:19 +0800] "GET /xingrg/kc/buy/cgsh_order_operate.html?command=get_materiel&rest_code=00147&code=00101008233&supplier_code=00100007&order_time=2023-05-29 HTTP/1.1" 200 408
116.232.195.127 - - [29/May/2023:09:33:20 +0800] "GET /xingrg/all/function/internal_message.html?_=1685324028309&CODE_STATE=getMsg HTTP/1.1" 200 27
114.85.98.170 - - [29/May/2023:09:33:20 +0800] "GET /xingrg/javascript/easyui/themes/default/images/tree_arrows.gif HTTP/1.1" 200 617
114.85.98.170 - - [29/May/2023:09:33:20 +0800] "GET /xingrg/javascript/easyui/themes/default/images/tree_file.gif HTTP/1.1" 200 118
114.85.98.170 - - [29/May/2023:09:33:20 +0800] "GET /xingrg/javascript/easyui/themes/default/images/tree_folder_open.gif HTTP/1.1" 200 956
114.85.98.170 - - [29/May/2023:09:33:20 +0800] "GET /xingrg/javascript/easyui/themes/default/images/tree_folder.gif HTTP/1.1" 200 952
218.81.217.41 - - [29/May/2023:09:33:22 +0800] "GET /xingrg/kc/buy/cgsh_order_add.html HTTP/1.1" 200 71454
218.81.217.41 - - [29/May/2023:09:33:23 +0800] "POST /xingrg/kc/buy/cgsh_order_operate.html HTTP/1.1" 200 8245
218.81.217.41 - - [29/May/2023:09:33:23 +0800] "GET /xingrg/javascript/easyui/themes/default/validatebox.css HTTP/1.1" 404 1104
116.238.139.35 - - [29/May/2023:09:33:25 +0800] "GET /xingrg/all/function/internal_message.html?_=1685324005211&CODE_STATE=getMsg HTTP/1.1" 200 27
116.238.139.35 - - [29/May/2023:09:33:25 +0800] "GET /xingrg/check_reg.html?_=1685324005220 HTTP/1.1" 200 22
180.169.147.146 - - [29/May/2023:09:33:28 +0800] "GET /xingrg/kc/buy/cgsh_order_operate.html?command=get_materiel&rest_code=00147&code=00101008213&supplier_code=00100007&order_time=2023-05-29 HTTP/1.1" 200 412
120.253.135.82 - - [29/May/2023:09:33:29 +0800] "GET /xingrg/all/function/internal_message.html?_=1685324014942&CODE_STATE=getMsg HTTP/1.1" 200 27
114.85.98.170 - - [29/May/2023:09:33:34 +0800] "GET /xingrg/kc/buy/cgsh_order_operate.html?command=get_materiel&rest_code=00102&code=00101029085&supplier_code=00100406&order_time=2023-05-29 HTTP/1.1" 200 447
180.169.147.146 - - [29/May/2023:09:33:36 +0800] "GET /xingrg/kc/buy/cgsh_order_operate.html?command=get_materiel&rest_code=00147&code=00101008298&supplier_code=00100007&order_time=2023-05-29 HTTP/1.1" 200 412
218.81.217.41 - - [29/May/2023:09:33:39 +0800] "GET /xingrg/kc/buy/cgsh_order_operate.html?command=get_materiel&rest_code=00146&code=00101001032&supplier_code=00100041&order_time=2023-05-29 HTTP/1.1" 200 413
58.40.7.146 - - [29/May/2023:09:33:40 +0800] "GET /xingrg/all/function/internal_message.html?_=1685324020829&CODE_STATE=getMsg HTTP/1.1" 200 27
101.83.145.52 - - [29/May/2023:09:33:46 +0800] "GET /xingrg/all/function/internal_message.html?_=1685323857616&CODE_STATE=getMsg HTTP/1.1" 200 27
114.85.98.170 - - [29/May/2023:09:33:46 +0800] "POST /xingrg/kc/buy/cgsh_order_operate.html HTTP/1.1" 200 37
180.169.147.146 - - [29/May/2023:09:33:46 +0800] "GET /xingrg/kc/buy/cgsh_order_operate.html?command=get_materiel&rest_code=00147&code=00101008283&supplier_code=00100007&order_time=2023-05-29 HTTP/1.1" 200 408
114.83.218.148 - - [29/May/2023:09:33:49 +0800] "GET /xingrg/all/function/internal_message.html?_=1685324028426&CODE_STATE=getMsg HTTP/1.1" 200 27
114.85.113.108 - - [29/May/2023:09:33:50 +0800] "GET /xingrg/all/function/internal_message.html?_=1685324003248&CODE_STATE=getMsg HTTP/1.1" 200 27
222.70.180.90 - - [29/May/2023:09:33:51 +0800] "GET /xingrg/all/function/internal_message.html?_=1685324031052&CODE_STATE=getMsg HTTP/1.1" 200 27
114.85.98.170 - - [29/May/2023:09:33:53 +0800] "POST /xingrg/kc/buy/cgsh_order_operate.html HTTP/1.1" 200 12
101.229.22.40 - - [29/May/2023:09:33:53 +0800] "GET /xingrg/all/function/internal_message.html?_=1685324033223&CODE_STATE=getMsg HTTP/1.1" 200 27
114.85.98.170 - - [29/May/2023:09:33:56 +0800] "GET /xingrg/kc/buy/cgsh_order_info.html?code=212023052910894 HTTP/1.1" 200 66402
114.85.98.170 - - [29/May/2023:09:33:56 +0800] "GET /xingrg/javascript/easyui/themes/default/validatebox.css HTTP/1.1" 404 1104
218.81.217.41 - - [29/May/2023:09:33:56 +0800] "GET /xingrg/kc/buy/cgsh_order_operate.html?command=get_materiel&rest_code=00146&code=00101001075&supplier_code=00100041&order_time=2023-05-29 HTTP/1.1" 200 409
180.169.147.146 - - [29/May/2023:09:33:56 +0800] "GET /xingrg/kc/buy/cgsh_order_operate.html?command=get_materiel&rest_code=00147&code=00101008166&supplier_code=00100007&order_time=2023-05-29 HTTP/1.1" 200 412
114.85.98.170 - - [29/May/2023:09:33:57 +0800] "POST /xingrg/kc/buy/cgsh_order_operate.html HTTP/1.1" 200 636
114.85.98.170 - - [29/May/2023:09:33:57 +0800] "GET /xingrg/all/function/internal_message.html?_=1685324037056&CODE_STATE=getMsg HTTP/1.1" 200 27
114.85.98.170 - - [29/May/2023:09:33:59 +0800] "GET /xingrg/kc/print/load_data.html?order_code=212023052910894&kc_code=cgsh&condition= HTTP/1.1" 200 716
180.169.147.146 - - [29/May/2023:09:34:00 +0800] "GET /xingrg/all/function/internal_message.html?_=1685324040463&CODE_STATE=getMsg HTTP/1.1" 200 27
114.85.98.170 - - [29/May/2023:09:34:04 +0800] "GET /xingrg/kc/buy/cgsh_order_add.html HTTP/1.1" 200 71489
114.85.98.170 - - [29/May/2023:09:34:04 +0800] "POST /xingrg/kc/buy/cgsh_order_operate.html HTTP/1.1" 200 8245
114.85.98.170 - - [29/May/2023:09:34:04 +0800] "GET /xingrg/javascript/easyui/themes/default/validatebox.css HTTP/1.1" 404 1104
114.85.98.170 - - [29/May/2023:09:34:05 +0800] "GET /xingrg/javascript/easyui/themes/default/tree.css HTTP/1.1" 404 1090
114.85.98.170 - - [29/May/2023:09:34:06 +0800] "POST /xingrg/all/common/load_tree.html?tree=supplier_tree_json&isDelete=1 HTTP/1.1" 200 74195
218.81.217.41 - - [29/May/2023:09:34:07 +0800] "GET /xingrg/check_reg.html?_=1685324048912 HTTP/1.1" 200 22
218.81.217.41 - - [29/May/2023:09:34:07 +0800] "GET /xingrg/kc/buy/cgsh_order_operate.html?command=get_materiel&rest_code=00146&code=00101002027&supplier_code=00100041&order_time=2023-05-29 HTTP/1.1" 200 415
180.164.3.199 - - [29/May/2023:09:34:09 +0800] "GET /xingrg/all/function/internal_message.html?_=1685324048579&CODE_STATE=getMsg HTTP/1.1" 200 27
180.169.147.146 - - [29/May/2023:09:34:10 +0800] "GET /xingrg/all/function/internal_message.html?_=1685324045703&CODE_STATE=getMsg HTTP/1.1" 200 27
218.81.217.41 - - [29/May/2023:09:34:15 +0800] "GET /xingrg/all/function/internal_message.html?_=1685324056757&CODE_STATE=getMsg HTTP/1.1" 200 27
116.238.139.35 - - [29/May/2023:09:34:16 +0800] "GET /xingrg/all/function/internal_message.html?_=1685323965999&CODE_STATE=getMsg HTTP/1.1" 200 27
114.85.98.170 - - [29/May/2023:09:34:19 +0800] "GET /xingrg/kc/buy/cgsh_order_operate.html?command=get_materiel&rest_code=00102&code=00101009001&supplier_code=00100022&order_time=2023-05-29 HTTP/1.1" 200 418
116.232.195.127 - - [29/May/2023:09:34:20 +0800] "GET /xingrg/all/function/internal_message.html?_=1685324088307&CODE_STATE=getMsg HTTP/1.1" 200 27
116.232.195.127 - - [29/May/2023:09:34:20 +0800] "GET /xingrg/check_reg.html?_=1685324088312 HTTP/1.1" 200 22
116.238.139.35 - - [29/May/2023:09:34:25 +0800] "GET /xingrg/all/function/internal_message.html?_=1685324065208&CODE_STATE=getMsg HTTP/1.1" 200 27
180.169.147.146 - - [29/May/2023:09:34:26 +0800] "GET /xingrg/kc/buy/cgsh_order_operate.html?command=get_materiel&rest_code=00147&code=00101008072&supplier_code=00100007&order_time=2023-05-29 HTTP/1.1" 200 408
120.253.135.82 - - [29/May/2023:09:34:29 +0800] "GET /xingrg/all/function/internal_message.html?_=1685324074919&CODE_STATE=getMsg HTTP/1.1" 200 27
114.85.98.170 - - [29/May/2023:09:34:31 +0800] "GET /xingrg/kc/buy/cgsh_order_operate.html?command=get_materiel&rest_code=00102&code=00101009062&supplier_code=00100022&order_time=2023-05-29 HTTP/1.1" 200 412
218.81.217.41 - - [29/May/2023:09:34:39 +0800] "POST /xingrg/kc/buy/cgsh_order_operate.html HTTP/1.1" 200 37
58.40.7.146 - - [29/May/2023:09:34:40 +0800] "GET /xingrg/all/function/internal_message.html?_=1685324080833&CODE_STATE=getMsg HTTP/1.1" 200 27
114.85.98.170 - - [29/May/2023:09:34:40 +0800] "GET /xingrg/kc/buy/cgsh_order_operate.html?command=get_materiel&rest_code=00102&code=00101009044&supplier_code=00100022&order_time=2023-05-29 HTTP/1.1" 200 415
218.81.217.41 - - [29/May/2023:09:34:43 +0800] "POST /xingrg/kc/buy/cgsh_order_operate.html HTTP/1.1" 200 3836
101.83.145.52 - - [29/May/2023:09:34:46 +0800] "GET /xingrg/all/function/internal_message.html?_=1685323917606&CODE_STATE=getMsg HTTP/1.1" 200 27
218.81.217.41 - - [29/May/2023:09:34:47 +0800] "GET /xingrg/kc/print/load_data.html?order_code=212023052910895&kc_code=cgsh&condition= HTTP/1.1" 200 1135
114.83.218.148 - - [29/May/2023:09:34:49 +0800] "GET /xingrg/all/function/internal_message.html?_=1685324088419&CODE_STATE=getMsg HTTP/1.1" 200 27
114.85.113.108 - - [29/May/2023:09:34:50 +0800] "GET /xingrg/all/function/internal_message.html?_=1685324063233&CODE_STATE=getMsg HTTP/1.1" 200 27
222.70.180.90 - - [29/May/2023:09:34:51 +0800] "GET /xingrg/all/function/internal_message.html?_=1685324091038&CODE_STATE=getMsg HTTP/1.1" 200 27
101.229.22.40 - - [29/May/2023:09:34:53 +0800] "GET /xingrg/all/function/internal_message.html?_=1685324093238&CODE_STATE=getMsg HTTP/1.1" 200 27
218.81.217.41 - - [29/May/2023:09:34:54 +0800] "GET /xingrg/kc/buy/cgsh_order_add.html HTTP/1.1" 200 71454
218.81.217.41 - - [29/May/2023:09:34:55 +0800] "POST /xingrg/kc/buy/cgsh_order_operate.html HTTP/1.1" 200 8245
218.81.217.41 - - [29/May/2023:09:34:55 +0800] "GET /xingrg/javascript/easyui/themes/default/validatebox.css HTTP/1.1" 404 1104
114.85.98.170 - - [29/May/2023:09:34:55 +0800] "GET /xingrg/kc/buy/cgsh_order_operate.html?command=get_materiel&rest_code=00102&code=00101015158&supplier_code=00100022&order_time=2023-05-29 HTTP/1.1" 200 422
114.85.98.170 - - [29/May/2023:09:34:57 +0800] "GET /xingrg/all/function/internal_message.html?_=1685324097078&CODE_STATE=getMsg HTTP/1.1" 200 27
180.169.147.146 - - [29/May/2023:09:35:00 +0800] "GET /xingrg/all/function/internal_message.html?_=1685324100470&CODE_STATE=getMsg HTTP/1.1" 200 27
180.169.147.146 - - [29/May/2023:09:35:00 +0800] "GET /xingrg/check_reg.html?_=1685324100472 HTTP/1.1" 200 22
180.169.147.146 - - [29/May/2023:09:35:01 +0800] "GET /xingrg/kc/buy/cgsh_order_operate.html?command=get_materiel&rest_code=00147&code=00101008199&supplier_code=00100007&order_time=2023-05-29 HTTP/1.1" 200 408
114.85.98.170 - - [29/May/2023:09:35:06 +0800] "POST /xingrg/kc/buy/cgsh_order_operate.html HTTP/1.1" 200 37
218.81.217.41 - - [29/May/2023:09:35:08 +0800] "POST /xingrg/services/DataTransmitService HTTP/1.1" 200 524
180.164.3.199 - - [29/May/2023:09:35:09 +0800] "GET /xingrg/all/function/internal_message.html?_=1685324108575&CODE_STATE=getMsg HTTP/1.1" 200 27
218.81.217.41 - - [29/May/2023:09:35:09 +0800] "POST /xingrg/services/DataTransmitService HTTP/1.1" 200 2335
180.169.147.146 - - [29/May/2023:09:35:10 +0800] "GET /xingrg/all/function/internal_message.html?_=1685324105696&CODE_STATE=getMsg HTTP/1.1" 200 27
180.169.147.146 - - [29/May/2023:09:35:10 +0800] "GET /xingrg/check_reg.html?_=1685324105697 HTTP/1.1" 200 22
180.169.147.146 - - [29/May/2023:09:35:12 +0800] "GET /xingrg/kc/buy/cgsh_order_operate.html?command=get_materiel&rest_code=00147&code=00101008370&supplier_code=00100007&order_time=2023-05-29 HTTP/1.1" 200 412
114.85.98.170 - - [29/May/2023:09:35:13 +0800] "POST /xingrg/kc/buy/cgsh_order_operate.html HTTP/1.1" 200 12
218.81.217.41 - - [29/May/2023:09:35:15 +0800] "GET /xingrg/all/function/internal_message.html?_=1685324116770&CODE_STATE=getMsg HTTP/1.1" 200 27
114.85.98.170 - - [29/May/2023:09:35:16 +0800] "GET /xingrg/kc/buy/cgsh_order_info.html?code=212023052910896 HTTP/1.1" 200 66394
114.85.98.170 - - [29/May/2023:09:35:16 +0800] "GET /xingrg/javascript/easyui/themes/default/validatebox.css HTTP/1.1" 404 1104
116.238.139.35 - - [29/May/2023:09:35:16 +0800] "GET /xingrg/all/function/internal_message.html?_=1685324026013&CODE_STATE=getMsg HTTP/1.1" 200 27
114.85.98.170 - - [29/May/2023:09:35:17 +0800] "POST /xingrg/kc/buy/cgsh_order_operate.html HTTP/1.1" 200 2394
114.85.98.170 - - [29/May/2023:09:35:19 +0800] "GET /xingrg/kc/print/load_data.html?order_code=212023052910896&kc_code=cgsh&condition= HTTP/1.1" 200 1400
116.232.195.127 - - [29/May/2023:09:35:20 +0800] "GET /xingrg/all/function/internal_message.html?_=1685324148312&CODE_STATE=getMsg HTTP/1.1" 200 27
180.169.147.146 - - [29/May/2023:09:35:22 +0800] "GET /xingrg/kc/buy/cgsh_order_operate.html?command=get_materiel&rest_code=00147&code=00101008087&supplier_code=00100007&order_time=2023-05-29 HTTP/1.1" 200 412
218.81.217.41 - - [29/May/2023:09:35:24 +0800] "POST /xingrg/services/DataTransmitService HTTP/1.1" 200 524
116.238.139.35 - - [29/May/2023:09:35:25 +0800] "GET /xingrg/all/function/internal_message.html?_=1685324125210&CODE_STATE=getMsg HTTP/1.1" 200 27
218.81.217.41 - - [29/May/2023:09:35:25 +0800] "POST /xingrg/services/DataTransmitService HTTP/1.1" 200 2335
120.253.135.82 - - [29/May/2023:09:35:27 +0800] "GET /xingrg/check_reg.html?_=1685324132476 HTTP/1.1" 200 22
218.81.217.41 - - [29/May/2023:09:35:28 +0800] "POST /xingrg/services/DataTransmitService HTTP/1.1" 200 524
218.81.217.41 - - [29/May/2023:09:35:29 +0800] "POST /xingrg/services/DataTransmitService HTTP/1.1" 200 2335
120.253.135.82 - - [29/May/2023:09:35:29 +0800] "GET /xingrg/all/function/internal_message.html?_=1685324134913&CODE_STATE=getMsg HTTP/1.1" 200 27
180.169.147.146 - - [29/May/2023:09:35:31 +0800] "GET /xingrg/kc/buy/cgsh_order_operate.html?command=get_materiel&rest_code=00147&code=00101008355&supplier_code=00100007&order_time=2023-05-29 HTTP/1.1" 200 408
218.81.217.41 - - [29/May/2023:09:35:31 +0800] "POST /xingrg/services/DataTransmitService HTTP/1.1" 200 524
218.81.217.41 - - [29/May/2023:09:35:32 +0800] "POST /xingrg/services/DataTransmitService HTTP/1.1" 200 2335
218.81.217.41 - - [29/May/2023:09:35:34 +0800] "POST /xingrg/services/DataTransmitService HTTP/1.1" 200 524
120.253.135.82 - - [29/May/2023:09:35:35 +0800] "GET /xingrg/index.html?sysBaseUrl=http%3A%2F%2F180.169.147.146%3A18081%2Fxingrg%2F&costTime=42×tamp=1677553372900 HTTP/1.1" 302 -
120.253.135.82 - - [29/May/2023:09:35:35 +0800] "GET /xingrg/login.html HTTP/1.1" 200 7641
120.253.135.82 - - [29/May/2023:09:35:35 +0800] "GET /favicon.ico HTTP/1.1" 404 -
58.40.7.146 - - [29/May/2023:09:35:40 +0800] "GET /xingrg/all/function/internal_message.html?_=1685324140836&CODE_STATE=getMsg HTTP/1.1" 200 27
180.169.147.146 - - [29/May/2023:09:35:43 +0800] "GET /xingrg/kc/buy/cgsh_order_operate.html?command=get_materiel&rest_code=00147&code=00101008415&supplier_code=00100007&order_time=2023-05-29 HTTP/1.1" 200 412
101.83.145.52 - - [29/May/2023:09:35:46 +0800] "GET /xingrg/all/function/internal_message.html?_=1685323977615&CODE_STATE=getMsg HTTP/1.1" 200 27
218.81.217.41 - - [29/May/2023:09:35:46 +0800] "POST /xingrg/services/DataTransmitService HTTP/1.1" 200 501
114.83.218.148 - - [29/May/2023:09:35:49 +0800] "GET /xingrg/all/function/internal_message.html?_=1685324148392&CODE_STATE=getMsg HTTP/1.1" 200 27
114.85.113.108 - - [29/May/2023:09:35:50 +0800] "GET /xingrg/all/function/internal_message.html?_=1685324123223&CODE_STATE=getMsg HTTP/1.1" 200 27
180.169.147.146 - - [29/May/2023:09:35:50 +0800] "GET /xingrg/kc/buy/cgsh_order_operate.html?command=get_materiel&rest_code=00147&code=00101008296&supplier_code=00100007&order_time=2023-05-29 HTTP/1.1" 200 416
222.70.180.90 - - [29/May/2023:09:35:51 +0800] "GET /xingrg/all/function/internal_message.html?_=1685324151023&CODE_STATE=getMsg HTTP/1.1" 200 27
218.81.217.41 - - [29/May/2023:09:35:51 +0800] "POST /xingrg/services/DataTransmitService HTTP/1.1" 200 524
218.81.217.41 - - [29/May/2023:09:35:53 +0800] "POST /xingrg/services/DataTransmitService HTTP/1.1" 200 412
101.229.22.40 - - [29/May/2023:09:35:53 +0800] "GET /xingrg/all/function/internal_message.html?_=1685324153250&CODE_STATE=getMsg HTTP/1.1" 200 27
114.85.98.170 - - [29/May/2023:09:35:57 +0800] "GET /xingrg/check_reg.html?_=1685324157042 HTTP/1.1" 200 22
114.85.98.170 - - [29/May/2023:09:35:57 +0800] "GET /xingrg/all/function/internal_message.html?_=1685324157070&CODE_STATE=getMsg HTTP/1.1" 200 27
180.169.147.146 - - [29/May/2023:09:35:57 +0800] "GET /xingrg/kc/buy/cgsh_order_operate.html?command=get_materiel&rest_code=00147&code=00101015004&supplier_code=00100007&order_time=2023-05-29 HTTP/1.1" 200 409
172.20.0.100 - - [29/May/2023:09:35:57 +0800] "GET /xingrg/check_reg.html?_=1685324158939 HTTP/1.1" 302 -
58.40.7.146 - - [29/May/2023:09:36:00 +0800] "GET /favicon.ico HTTP/1.1" 404 -
180.169.147.146 - - [29/May/2023:09:36:00 +0800] "GET /xingrg/all/function/internal_message.html?_=1685324160474&CODE_STATE=getMsg HTTP/1.1" 200 27
218.81.217.41 - - [29/May/2023:09:36:00 +0800] "POST /xingrg/services/DataTransmitService HTTP/1.1" 200 524
218.81.217.41 - - [29/May/2023:09:36:01 +0800] "POST /xingrg/services/DataTransmitService HTTP/1.1" 200 412
218.81.217.41 - - [29/May/2023:09:36:03 +0800] "POST /xingrg/services/DataTransmitService HTTP/1.1" 200 524
218.81.217.41 - - [29/May/2023:09:36:04 +0800] "POST /xingrg/services/DataTransmitService HTTP/1.1" 200 412
180.164.3.199 - - [29/May/2023:09:36:09 +0800] "GET /xingrg/check_reg.html?_=1685324168580 HTTP/1.1" 200 22
180.164.3.199 - - [29/May/2023:09:36:09 +0800] "GET /xingrg/all/function/internal_message.html?_=1685324168584&CODE_STATE=getMsg HTTP/1.1" 200 27
218.81.217.41 - - [29/May/2023:09:36:09 +0800] "POST /xingrg/services/DataTransmitService HTTP/1.1" 200 524
218.81.217.41 - - [29/May/2023:09:36:10 +0800] "POST /xingrg/services/DataTransmitService HTTP/1.1" 200 412
180.169.147.146 - - [29/May/2023:09:36:10 +0800] "GET /xingrg/all/function/internal_message.html?_=1685324165718&CODE_STATE=getMsg HTTP/1.1" 200 27
180.169.147.146 - - [29/May/2023:09:36:10 +0800] "GET /xingrg/kc/buy/cgsh_order_operate.html?command=get_materiel&rest_code=00147&code=00101008706&supplier_code=00100007&order_time=2023-05-29 HTTP/1.1" 200 413
218.81.217.41 - - [29/May/2023:09:36:12 +0800] "POST /xingrg/services/DataTransmitService HTTP/1.1" 200 524
218.81.217.41 - - [29/May/2023:09:36:13 +0800] "POST /xingrg/services/DataTransmitService HTTP/1.1" 200 2335
218.81.217.41 - - [29/May/2023:09:36:15 +0800] "GET /xingrg/all/function/internal_message.html?_=1685324177027&CODE_STATE=getMsg HTTP/1.1" 200 27
116.238.139.35 - - [29/May/2023:09:36:15 +0800] "GET /xingrg/check_reg.html?_=1685324085187 HTTP/1.1" 200 22
218.81.217.41 - - [29/May/2023:09:36:16 +0800] "POST /xingrg/services/DataTransmitService HTTP/1.1" 200 524
116.238.139.35 - - [29/May/2023:09:36:16 +0800] "GET /xingrg/all/function/internal_message.html?_=1685324086026&CODE_STATE=getMsg HTTP/1.1" 200 27
218.81.217.41 - - [29/May/2023:09:36:16 +0800] "POST /xingrg/services/DataTransmitService HTTP/1.1" 200 412
218.81.217.41 - - [29/May/2023:09:36:18 +0800] "GET /xingrg/kc/buy/cgsh_order_operate.html?command=get_materiel&rest_code=00146&code=00101002007&supplier_code=00100199&order_time=2023-05-29 HTTP/1.1" 200 409
218.81.217.41 - - [29/May/2023:09:36:18 +0800] "POST /xingrg/services/DataTransmitService HTTP/1.1" 200 524
218.81.217.41 - - [29/May/2023:09:36:19 +0800] "POST /xingrg/services/DataTransmitService HTTP/1.1" 200 412
180.169.147.146 - - [29/May/2023:09:36:19 +0800] "POST /xingrg/kc/buy/cgsh_order_operate.html HTTP/1.1" 200 2065
116.232.195.127 - - [29/May/2023:09:36:20 +0800] "GET /xingrg/all/function/internal_message.html?_=1685324208306&CODE_STATE=getMsg HTTP/1.1" 200 27
218.81.217.41 - - [29/May/2023:09:36:23 +0800] "POST /xingrg/services/DataTransmitService HTTP/1.1" 200 524
218.81.217.41 - - [29/May/2023:09:36:24 +0800] "POST /xingrg/services/DataTransmitService HTTP/1.1" 200 2335
116.238.139.35 - - [29/May/2023:09:36:25 +0800] "GET /xingrg/all/function/internal_message.html?_=1685324185212&CODE_STATE=getMsg HTTP/1.1" 200 27
180.169.147.146 - - [29/May/2023:09:36:26 +0800] "GET /xingrg/kc/buy/cgsh_order_operate.html?command=get_materiel&rest_code=00147&code=00101008137&supplier_code=00100007&order_time=2023-05-29 HTTP/1.1" 200 408
218.81.217.41 - - [29/May/2023:09:36:27 +0800] "POST /xingrg/services/DataTransmitService HTTP/1.1" 200 524
218.81.217.41 - - [29/May/2023:09:36:28 +0800] "POST /xingrg/services/DataTransmitService HTTP/1.1" 200 412
218.81.217.41 - - [29/May/2023:09:36:32 +0800] "POST /xingrg/services/DataTransmitService HTTP/1.1" 200 524
218.81.217.41 - - [29/May/2023:09:36:33 +0800] "POST /xingrg/services/DataTransmitService HTTP/1.1" 200 412
218.81.217.41 - - [29/May/2023:09:36:35 +0800] "POST /xingrg/services/DataTransmitService HTTP/1.1" 200 524
218.81.217.41 - - [29/May/2023:09:36:36 +0800] "GET /xingrg/kc/buy/cgsh_order_operate.html?command=get_materiel&rest_code=00146&code=00101002022&supplier_code=00100199&order_time=2023-05-29 HTTP/1.1" 200 409
218.81.217.41 - - [29/May/2023:09:36:36 +0800] "POST /xingrg/services/DataTransmitService HTTP/1.1" 200 412
58.40.7.146 - - [29/May/2023:09:36:40 +0800] "GET /xingrg/check_reg.html?_=1685324200822 HTTP/1.1" 200 22
58.40.7.146 - - [29/May/2023:09:36:40 +0800] "GET /xingrg/all/function/internal_message.html?_=1685324200824&CODE_STATE=getMsg HTTP/1.1" 200 27
218.81.217.41 - - [29/May/2023:09:36:41 +0800] "POST /xingrg/services/DataTransmitService HTTP/1.1" 200 524
180.169.147.146 - - [29/May/2023:09:36:41 +0800] "GET /xingrg/kc/buy/cgsh_order_operate.html?command=get_materiel&rest_code=00147&code=00101013099&supplier_code=00100007&order_time=2023-05-29 HTTP/1.1" 200 413
218.81.217.41 - - [29/May/2023:09:36:42 +0800] "POST /xingrg/services/DataTransmitService HTTP/1.1" 200 412
218.81.217.41 - - [29/May/2023:09:36:45 +0800] "POST /xingrg/services/DataTransmitService HTTP/1.1" 200 524
101.83.145.52 - - [29/May/2023:09:36:46 +0800] "GET /xingrg/all/function/internal_message.html?_=1685324037603&CODE_STATE=getMsg HTTP/1.1" 200 27
101.83.145.52 - - [29/May/2023:09:36:46 +0800] "GET /xingrg/check_reg.html?_=1685324037606 HTTP/1.1" 200 22
218.81.217.41 - - [29/May/2023:09:36:46 +0800] "POST /xingrg/services/DataTransmitService HTTP/1.1" 200 412
218.81.217.41 - - [29/May/2023:09:36:48 +0800] "POST /xingrg/services/DataTransmitService HTTP/1.1" 200 524
218.81.217.41 - - [29/May/2023:09:36:49 +0800] "POST /xingrg/services/DataTransmitService HTTP/1.1" 200 412
114.83.218.148 - - [29/May/2023:09:36:49 +0800] "GET /xingrg/all/function/internal_message.html?_=1685324208367&CODE_STATE=getMsg HTTP/1.1" 200 27
114.85.113.108 - - [29/May/2023:09:36:50 +0800] "GET /xingrg/all/function/internal_message.html?_=1685324183199&CODE_STATE=getMsg HTTP/1.1" 200 27
222.70.180.90 - - [29/May/2023:09:36:51 +0800] "GET /xingrg/all/function/internal_message.html?_=1685324211007&CODE_STATE=getMsg HTTP/1.1" 200 27
218.81.217.41 - - [29/May/2023:09:36:51 +0800] "POST /xingrg/services/DataTransmitService HTTP/1.1" 200 524
222.70.180.90 - - [29/May/2023:09:36:51 +0800] "GET /xingrg/check_reg.html?_=1685324211712 HTTP/1.1" 200 22
218.81.217.41 - - [29/May/2023:09:36:52 +0800] "POST /xingrg/services/DataTransmitService HTTP/1.1" 200 412
180.169.147.146 - - [29/May/2023:09:36:52 +0800] "GET /xingrg/kc/buy/cgsh_order_operate.html?command=get_materiel&rest_code=00147&code=00101008350&supplier_code=00100007&order_time=2023-05-29 HTTP/1.1" 200 408
101.229.22.40 - - [29/May/2023:09:36:53 +0800] "GET /xingrg/check_reg.html?_=1685324213253 HTTP/1.1" 200 22
101.229.22.40 - - [29/May/2023:09:36:53 +0800] "GET /xingrg/all/function/internal_message.html?_=1685324213251&CODE_STATE=getMsg HTTP/1.1" 200 27
218.81.217.41 - - [29/May/2023:09:36:56 +0800] "POST /xingrg/services/DataTransmitService HTTP/1.1" 200 524
114.85.98.170 - - [29/May/2023:09:36:57 +0800] "GET /xingrg/all/function/internal_message.html?_=1685324217063&CODE_STATE=getMsg HTTP/1.1" 200 27
218.81.217.41 - - [29/May/2023:09:36:57 +0800] "POST /xingrg/services/DataTransmitService HTTP/1.1" 200 412
180.169.147.146 - - [29/May/2023:09:37:00 +0800] "GET /xingrg/all/function/internal_message.html?_=1685324220471&CODE_STATE=getMsg HTTP/1.1" 200 27
218.81.217.41 - - [29/May/2023:09:37:00 +0800] "POST /xingrg/services/DataTransmitService HTTP/1.1" 200 524
218.81.217.41 - - [29/May/2023:09:37:01 +0800] "POST /xingrg/services/DataTransmitService HTTP/1.1" 200 412
218.81.217.41 - - [29/May/2023:09:37:01 +0800] "GET /xingrg/kc/buy/cgsh_order_operate.html?command=get_materiel&rest_code=00146&code=00101001099&supplier_code=00100199&order_time=2023-05-29 HTTP/1.1" 200 409
180.169.147.146 - - [29/May/2023:09:37:03 +0800] "GET /xingrg/kc/buy/cgsh_order_operate.html?command=get_materiel&rest_code=00147&code=00101008036&supplier_code=00100007&order_time=2023-05-29 HTTP/1.1" 200 408
218.81.217.41 - - [29/May/2023:09:37:06 +0800] "POST /xingrg/services/DataTransmitService HTTP/1.1" 200 524
218.81.217.41 - - [29/May/2023:09:37:07 +0800] "POST /xingrg/services/DataTransmitService HTTP/1.1" 200 412
180.164.3.199 - - [29/May/2023:09:37:09 +0800] "GET /xingrg/all/function/internal_message.html?_=1685324228583&CODE_STATE=getMsg HTTP/1.1" 200 27
180.169.147.146 - - [29/May/2023:09:37:10 +0800] "GET /xingrg/all/function/internal_message.html?_=1685324225699&CODE_STATE=getMsg HTTP/1.1" 200 27
180.169.147.146 - - [29/May/2023:09:37:13 +0800] "POST /xingrg/kc/buy/cgsh_order_operate.html HTTP/1.1" 200 37
218.81.217.41 - - [29/May/2023:09:37:15 +0800] "GET /xingrg/all/function/internal_message.html?_=1685324237032&CODE_STATE=getMsg HTTP/1.1" 200 27
218.81.217.41 - - [29/May/2023:09:37:15 +0800] "POST /xingrg/services/DataTransmitService HTTP/1.1" 200 524
116.238.139.35 - - [29/May/2023:09:37:16 +0800] "GET /xingrg/all/function/internal_message.html?_=1685324146106&CODE_STATE=getMsg HTTP/1.1" 200 27
218.81.217.41 - - [29/May/2023:09:37:16 +0800] "POST /xingrg/services/DataTransmitService HTTP/1.1" 200 412
218.81.217.41 - - [29/May/2023:09:37:16 +0800] "GET /xingrg/kc/buy/cgsh_order_operate.html?command=get_materiel&rest_code=00146&code=00101004038&supplier_code=00100199&order_time=2023-05-29 HTTP/1.1" 200 409
180.169.147.146 - - [29/May/2023:09:37:17 +0800] "POST /xingrg/kc/buy/cgsh_order_operate.html HTTP/1.1" 200 15673
180.169.147.146 - - [29/May/2023:09:37:18 +0800] "GET /xingrg/kc/print/load_data.html?order_code=212023052910897&kc_code=cgsh&condition= HTTP/1.1" 200 5649
116.232.195.127 - - [29/May/2023:09:37:20 +0800] "GET /xingrg/all/function/internal_message.html?_=1685324268299&CODE_STATE=getMsg HTTP/1.1" 200 27
218.81.217.41 - - [29/May/2023:09:37:21 +0800] "POST /xingrg/services/DataTransmitService HTTP/1.1" 200 524
218.81.217.41 - - [29/May/2023:09:37:22 +0800] "POST /xingrg/services/DataTransmitService HTTP/1.1" 200 412
218.81.217.41 - - [29/May/2023:09:37:24 +0800] "POST /xingrg/services/DataTransmitService HTTP/1.1" 200 524
218.81.217.41 - - [29/May/2023:09:37:24 +0800] "POST /xingrg/services/DataTransmitService HTTP/1.1" 200 412
116.238.139.35 - - [29/May/2023:09:37:25 +0800] "GET /xingrg/all/function/internal_message.html?_=1685324245216&CODE_STATE=getMsg HTTP/1.1" 200 27
218.81.217.41 - - [29/May/2023:09:37:29 +0800] "POST /xingrg/services/DataTransmitService HTTP/1.1" 200 524
218.81.217.41 - - [29/May/2023:09:37:30 +0800] "POST /xingrg/services/DataTransmitService HTTP/1.1" 200 2335
218.81.217.41 - - [29/May/2023:09:37:31 +0800] "GET /xingrg/kc/buy/cgsh_order_operate.html?command=get_materiel&rest_code=00146&code=00101004020&supplier_code=00100199&order_time=2023-05-29 HTTP/1.1" 200 409
222.67.234.146 - - [29/May/2023:09:37:31 +0800] "GET /xingrg/kc/buy/buy_main.html HTTP/1.1" 302 -
222.67.234.146 - - [29/May/2023:09:37:31 +0800] "GET /xingrg/login.html HTTP/1.1" 200 7641
222.67.234.146 - - [29/May/2023:09:37:31 +0800] "GET /xingrg/login.html HTTP/1.1" 200 7641
222.67.234.146 - - [29/May/2023:09:37:31 +0800] "GET /favicon.ico HTTP/1.1" 404 -
218.81.217.41 - - [29/May/2023:09:37:32 +0800] "POST /xingrg/services/DataTransmitService HTTP/1.1" 200 524
218.81.217.41 - - [29/May/2023:09:37:33 +0800] "POST /xingrg/services/DataTransmitService HTTP/1.1" 200 2335
222.67.234.146 - - [29/May/2023:09:37:35 +0800] "POST /xingrg/login.do HTTP/1.1" 302 -
218.81.217.41 - - [29/May/2023:09:37:35 +0800] "POST /xingrg/services/DataTransmitService HTTP/1.1" 200 524
222.67.234.146 - - [29/May/2023:09:37:35 +0800] "GET /xingrg/index.html?sysBaseUrl=http%3A%2F%2F180.169.147.146%3A18081%2Fxingrg%2F&costTime=844×tamp=1685324255608 HTTP/1.1" 200 17179
222.67.234.146 - - [29/May/2023:09:37:35 +0800] "GET /xingrg/all/function/internal_message.html?_=1685323763980&CODE_STATE=count HTTP/1.1" 200 11
222.67.234.146 - - [29/May/2023:09:37:35 +0800] "GET /xingrg/check_reg.html?_=1685323763981 HTTP/1.1" 200 22
222.67.234.146 - - [29/May/2023:09:37:35 +0800] "GET /favicon.ico HTTP/1.1" 404 -
222.67.234.146 - - [29/May/2023:09:37:35 +0800] "POST /xingrg/all/common/load_tree.html?tree=area_rest_tree_json&manage=1 HTTP/1.1" 200 351
222.67.234.146 - - [29/May/2023:09:37:36 +0800] "POST /xingrg/load_menu.html HTTP/1.1" 200 5138
218.81.217.41 - - [29/May/2023:09:37:36 +0800] "POST /xingrg/services/DataTransmitService HTTP/1.1" 200 2335
218.81.217.41 - - [29/May/2023:09:37:39 +0800] "POST /xingrg/services/DataTransmitService HTTP/1.1" 200 524
218.81.217.41 - - [29/May/2023:09:37:39 +0800] "POST /xingrg/services/DataTransmitService HTTP/1.1" 200 2335
58.40.7.146 - - [29/May/2023:09:37:40 +0800] "GET /xingrg/all/function/internal_message.html?_=1685324260824&CODE_STATE=getMsg HTTP/1.1" 200 27
218.81.217.41 - - [29/May/2023:09:37:41 +0800] "POST /xingrg/services/DataTransmitService HTTP/1.1" 200 524
218.81.217.41 - - [29/May/2023:09:37:42 +0800] "POST /xingrg/services/DataTransmitService HTTP/1.1" 200 2335
218.81.217.41 - - [29/May/2023:09:37:44 +0800] "POST /xingrg/kc/buy/cgsh_order_operate.html HTTP/1.1" 200 37
218.81.217.41 - - [29/May/2023:09:37:44 +0800] "POST /xingrg/services/DataTransmitService HTTP/1.1" 200 524
114.83.218.148 - - [29/May/2023:09:37:45 +0800] "GET /xingrg/check_reg.html?_=1685324264407 HTTP/1.1" 200 22
218.81.217.41 - - [29/May/2023:09:37:45 +0800] "POST /xingrg/services/DataTransmitService HTTP/1.1" 200 2335
101.83.145.52 - - [29/May/2023:09:37:46 +0800] "GET /xingrg/all/function/internal_message.html?_=1685324097613&CODE_STATE=getMsg HTTP/1.1" 200 27
218.81.217.41 - - [29/May/2023:09:37:46 +0800] "POST /xingrg/services/DataTransmitService HTTP/1.1" 200 524
218.81.217.41 - - [29/May/2023:09:37:47 +0800] "POST /xingrg/services/DataTransmitService HTTP/1.1" 200 2335
222.67.234.146 - - [29/May/2023:09:37:48 +0800] "GET /xingrg/kc/buy/buy_main.html HTTP/1.1" 200 12412
218.81.217.41 - - [29/May/2023:09:37:48 +0800] "POST /xingrg/services/DataTransmitService HTTP/1.1" 200 524
222.67.234.146 - - [29/May/2023:09:37:48 +0800] "GET /xingrg/css/new_ie.css HTTP/1.1" 404 1036
114.83.218.148 - - [29/May/2023:09:37:49 +0800] "GET /xingrg/all/function/internal_message.html?_=1685324268342&CODE_STATE=getMsg HTTP/1.1" 200 27
114.85.113.108 - - [29/May/2023:09:37:49 +0800] "GET /xingrg/check_reg.html?_=1685324242624 HTTP/1.1" 200 22
218.81.217.41 - - [29/May/2023:09:37:49 +0800] "POST /xingrg/services/DataTransmitService HTTP/1.1" 200 2335
114.85.113.108 - - [29/May/2023:09:37:50 +0800] "GET /xingrg/all/function/internal_message.html?_=1685324243176&CODE_STATE=getMsg HTTP/1.1" 200 27
222.70.180.90 - - [29/May/2023:09:37:51 +0800] "GET /xingrg/all/function/internal_message.html?_=1685324270979&CODE_STATE=getMsg HTTP/1.1" 200 27
218.81.217.41 - - [29/May/2023:09:37:51 +0800] "POST /xingrg/services/DataTransmitService HTTP/1.1" 200 524
218.81.217.41 - - [29/May/2023:09:37:52 +0800] "POST /xingrg/kc/buy/cgsh_order_operate.html HTTP/1.1" 200 5024
218.81.217.41 - - [29/May/2023:09:37:52 +0800] "POST /xingrg/services/DataTransmitService HTTP/1.1" 200 412
101.229.22.40 - - [29/May/2023:09:37:53 +0800] "GET /xingrg/all/function/internal_message.html?_=1685324273260&CODE_STATE=getMsg HTTP/1.1" 200 27
218.81.217.41 - - [29/May/2023:09:37:54 +0800] "GET /xingrg/kc/print/load_data.html?order_code=212023052910898&kc_code=cgsh&condition= HTTP/1.1" 200 1570
218.81.217.41 - - [29/May/2023:09:37:54 +0800] "POST /xingrg/services/DataTransmitService HTTP/1.1" 200 524
218.81.217.41 - - [29/May/2023:09:37:55 +0800] "POST /xingrg/services/DataTransmitService HTTP/1.1" 200 412
114.85.98.170 - - [29/May/2023:09:37:57 +0800] "GET /xingrg/all/function/internal_message.html?_=1685324277048&CODE_STATE=getMsg HTTP/1.1" 200 27
222.67.234.146 - - [29/May/2023:09:37:58 +0800] "GET /xingrg/images/yd/bt.gif HTTP/1.1" 404 1040
218.81.217.41 - - [29/May/2023:09:37:59 +0800] "POST /xingrg/services/DataTransmitService HTTP/1.1" 200 524
222.67.234.146 - - [29/May/2023:09:37:59 +0800] "GET /xingrg/kc/buy/cgsh_order_list.html HTTP/1.1" 200 55678
218.81.217.41 - - [29/May/2023:09:37:59 +0800] "POST /xingrg/services/DataTransmitService HTTP/1.1" 200 412
180.169.147.146 - - [29/May/2023:09:38:00 +0800] "GET /xingrg/all/function/internal_message.html?_=1685324280466&CODE_STATE=getMsg HTTP/1.1" 200 27
222.67.234.146 - - [29/May/2023:09:38:03 +0800] "POST /xingrg/kc/buy/cgsh_list_operate.html HTTP/1.1" 200 3129
218.81.217.41 - - [29/May/2023:09:38:03 +0800] "POST /xingrg/services/DataTransmitService HTTP/1.1" 200 524
218.81.217.41 - - [29/May/2023:09:38:04 +0800] "POST /xingrg/services/DataTransmitService HTTP/1.1" 200 412
218.81.217.41 - - [29/May/2023:09:38:07 +0800] "POST /xingrg/services/DataTransmitService HTTP/1.1" 200 524
218.81.217.41 - - [29/May/2023:09:38:08 +0800] "POST /xingrg/services/DataTransmitService HTTP/1.1" 200 412
180.164.3.199 - - [29/May/2023:09:38:09 +0800] "GET /xingrg/all/function/internal_message.html?_=1685324288579&CODE_STATE=getMsg HTTP/1.1" 200 27
218.81.217.41 - - [29/May/2023:09:38:09 +0800] "GET /xingrg/kc/buy/cgsh_order_add.html HTTP/1.1" 200 71454
218.81.217.41 - - [29/May/2023:09:38:10 +0800] "POST /xingrg/kc/buy/cgsh_order_operate.html HTTP/1.1" 200 8245
218.81.217.41 - - [29/May/2023:09:38:10 +0800] "GET /xingrg/javascript/easyui/themes/default/validatebox.css HTTP/1.1" 404 1104
180.169.147.146 - - [29/May/2023:09:38:10 +0800] "GET /xingrg/all/function/internal_message.html?_=1685324285711&CODE_STATE=getMsg HTTP/1.1" 200 27
218.81.217.41 - - [29/May/2023:09:38:12 +0800] "POST /xingrg/services/DataTransmitService HTTP/1.1" 200 524
222.67.234.146 - - [29/May/2023:09:38:13 +0800] "GET /xingrg/kc/buy/cgsh_order_add.html HTTP/1.1" 200 71454
222.67.234.146 - - [29/May/2023:09:38:13 +0800] "GET /xingrg/words/20230528204915_words.js HTTP/1.1" 200 966163
218.81.217.41 - - [29/May/2023:09:38:13 +0800] "POST /xingrg/services/DataTransmitService HTTP/1.1" 200 412
222.67.234.146 - - [29/May/2023:09:38:13 +0800] "GET /xingrg/javascript/easyui/themes/default/validatebox.css HTTP/1.1" 404 1104
222.67.234.146 - - [29/May/2023:09:38:13 +0800] "POST /xingrg/kc/buy/cgsh_order_operate.html HTTP/1.1" 200 8245
222.67.234.146 - - [29/May/2023:09:38:13 +0800] "GET /xingrg/all/common/auto_word.html?type=employee&rest_code=00141 HTTP/1.1" 200 201
222.67.234.146 - - [29/May/2023:09:38:13 +0800] "GET /xingrg/all/common/auto_word.html?type=employee&rest_code=00141 HTTP/1.1" 200 201
218.81.217.41 - - [29/May/2023:09:38:15 +0800] "GET /xingrg/all/function/internal_message.html?_=1685324297045&CODE_STATE=getMsg HTTP/1.1" 200 27
116.238.139.35 - - [29/May/2023:09:38:16 +0800] "GET /xingrg/all/function/internal_message.html?_=1685324206117&CODE_STATE=getMsg HTTP/1.1" 200 27
218.81.217.41 - - [29/May/2023:09:38:16 +0800] "POST /xingrg/services/DataTransmitService HTTP/1.1" 200 524
218.81.217.41 - - [29/May/2023:09:38:17 +0800] "POST /xingrg/services/DataTransmitService HTTP/1.1" 200 412
116.232.195.127 - - [29/May/2023:09:38:20 +0800] "GET /xingrg/all/function/internal_message.html?_=1685324328305&CODE_STATE=getMsg HTTP/1.1" 200 27
218.81.217.41 - - [29/May/2023:09:38:20 +0800] "POST /xingrg/services/DataTransmitService HTTP/1.1" 200 524
218.81.217.41 - - [29/May/2023:09:38:21 +0800] "POST /xingrg/services/DataTransmitService HTTP/1.1" 200 412
218.81.217.41 - - [29/May/2023:09:38:24 +0800] "POST /xingrg/services/DataTransmitService HTTP/1.1" 200 524
116.238.139.35 - - [29/May/2023:09:38:25 +0800] "GET /xingrg/all/function/internal_message.html?_=1685324305218&CODE_STATE=getMsg HTTP/1.1" 200 27
116.238.139.35 - - [29/May/2023:09:38:25 +0800] "GET /xingrg/check_reg.html?_=1685324305222 HTTP/1.1" 200 22
218.81.217.41 - - [29/May/2023:09:38:25 +0800] "POST /xingrg/services/DataTransmitService HTTP/1.1" 200 412
218.81.217.41 - - [29/May/2023:09:38:29 +0800] "POST /xingrg/services/DataTransmitService HTTP/1.1" 200 524
218.81.217.41 - - [29/May/2023:09:38:30 +0800] "POST /xingrg/services/DataTransmitService HTTP/1.1" 200 412
222.67.234.146 - - [29/May/2023:09:38:31 +0800] "GET /xingrg/javascript/auto/indicator.gif HTTP/1.1" 404 1066
218.81.217.41 - - [29/May/2023:09:38:35 +0800] "POST /xingrg/services/DataTransmitService HTTP/1.1" 200 524
222.67.234.146 - - [29/May/2023:09:38:35 +0800] "GET /xingrg/all/function/internal_message.html?_=1685323823996&CODE_STATE=getMsg HTTP/1.1" 200 27
218.81.217.41 - - [29/May/2023:09:38:36 +0800] "POST /xingrg/services/DataTransmitService HTTP/1.1" 200 412
58.40.7.146 - - [29/May/2023:09:38:40 +0800] "GET /xingrg/all/function/internal_message.html?_=1685324320827&CODE_STATE=getMsg HTTP/1.1" 200 27
222.67.234.146 - - [29/May/2023:09:38:41 +0800] "GET /xingrg/javascript/jquery_tools/images/prev.gif HTTP/1.1" 404 1086
222.67.234.146 - - [29/May/2023:09:38:41 +0800] "GET /xingrg/javascript/jquery_tools/images/next.gif HTTP/1.1" 404 1086
218.81.217.41 - - [29/May/2023:09:38:44 +0800] "POST /xingrg/services/DataTransmitService HTTP/1.1" 200 524
218.81.217.41 - - [29/May/2023:09:38:44 +0800] "POST /xingrg/services/DataTransmitService HTTP/1.1" 200 412
218.81.217.41 - - [29/May/2023:09:38:45 +0800] "GET /xingrg/kc/buy/cgsh_order_operate.html?command=get_materiel&rest_code=00146&code=00101006127&supplier_code=00100012&order_time=2023-05-29 HTTP/1.1" 200 423
101.83.145.52 - - [29/May/2023:09:38:46 +0800] "GET /xingrg/all/function/internal_message.html?_=1685324157602&CODE_STATE=getMsg HTTP/1.1" 200 27
114.83.218.148 - - [29/May/2023:09:38:49 +0800] "GET /xingrg/all/function/internal_message.html?_=1685324328319&CODE_STATE=getMsg HTTP/1.1" 200 27
114.85.113.108 - - [29/May/2023:09:38:50 +0800] "GET /xingrg/all/function/internal_message.html?_=1685324303153&CODE_STATE=getMsg HTTP/1.1" 200 27
222.70.180.90 - - [29/May/2023:09:38:51 +0800] "GET /xingrg/all/function/internal_message.html?_=1685324330964&CODE_STATE=getMsg HTTP/1.1" 200 27
101.229.22.40 - - [29/May/2023:09:38:53 +0800] "GET /xingrg/all/function/internal_message.html?_=1685324333263&CODE_STATE=getMsg HTTP/1.1" 200 27
114.85.98.170 - - [29/May/2023:09:38:57 +0800] "GET /xingrg/all/function/internal_message.html?_=1685324337044&CODE_STATE=getMsg HTTP/1.1" 200 27
180.169.147.146 - - [29/May/2023:09:39:00 +0800] "GET /xingrg/all/function/internal_message.html?_=1685324340475&CODE_STATE=getMsg HTTP/1.1" 200 27
218.81.217.41 - - [29/May/2023:09:39:02 +0800] "POST /xingrg/services/DataTransmitService HTTP/1.1" 200 524
218.81.217.41 - - [29/May/2023:09:39:03 +0800] "POST /xingrg/services/DataTransmitService HTTP/1.1" 200 412
218.81.217.41 - - [29/May/2023:09:39:06 +0800] "GET /xingrg/kc/buy/cgsh_order_operate.html?command=get_materiel&rest_code=00146&code=00101006184&supplier_code=00100012&order_time=2023-05-29 HTTP/1.1" 200 408
218.81.217.41 - - [29/May/2023:09:39:07 +0800] "GET /xingrg/check_reg.html?_=1685324348915 HTTP/1.1" 200 22
222.67.234.146 - - [29/May/2023:09:39:08 +0800] "GET /xingrg/kc/buy/cgsh_order_operate.html?command=get_materiel&rest_code=00141&code=00101011001&supplier_code=00100036&order_time=2023-05-29 HTTP/1.1" 200 423
180.164.3.199 - - [29/May/2023:09:39:09 +0800] "GET /xingrg/all/function/internal_message.html?_=1685324348568&CODE_STATE=getMsg HTTP/1.1" 200 27
180.169.147.146 - - [29/May/2023:09:39:10 +0800] "GET /xingrg/all/function/internal_message.html?_=1685324345704&CODE_STATE=getMsg HTTP/1.1" 200 27
218.81.217.41 - - [29/May/2023:09:39:15 +0800] "GET /xingrg/all/function/internal_message.html?_=1685324357058&CODE_STATE=getMsg HTTP/1.1" 200 27
116.238.139.35 - - [29/May/2023:09:39:16 +0800] "GET /xingrg/all/function/internal_message.html?_=1685324266192&CODE_STATE=getMsg HTTP/1.1" 200 27
218.81.217.41 - - [29/May/2023:09:39:18 +0800] "GET /xingrg/kc/buy/cgsh_order_operate.html?command=get_materiel&rest_code=00146&code=00101006065&supplier_code=00100012&order_time=2023-05-29 HTTP/1.1" 200 409
116.232.195.127 - - [29/May/2023:09:39:20 +0800] "GET /xingrg/all/function/internal_message.html?_=1685324388300&CODE_STATE=getMsg HTTP/1.1" 200 27
116.232.195.127 - - [29/May/2023:09:39:20 +0800] "GET /xingrg/check_reg.html?_=1685324388306 HTTP/1.1" 200 22
116.238.139.35 - - [29/May/2023:09:39:25 +0800] "GET /xingrg/all/function/internal_message.html?_=1685324365210&CODE_STATE=getMsg HTTP/1.1" 200 27
218.81.217.41 - - [29/May/2023:09:39:25 +0800] "POST /xingrg/services/DataTransmitService HTTP/1.1" 200 524
218.81.217.41 - - [29/May/2023:09:39:26 +0800] "POST /xingrg/services/DataTransmitService HTTP/1.1" 200 412
218.81.217.41 - - [29/May/2023:09:39:31 +0800] "GET /xingrg/kc/buy/cgsh_order_operate.html?command=get_materiel&rest_code=00146&code=00101006111&supplier_code=00100012&order_time=2023-05-29 HTTP/1.1" 200 409
222.67.234.146 - - [29/May/2023:09:39:32 +0800] "GET /xingrg/kc/buy/cgsh_order_operate.html?command=get_materiel&rest_code=00141&code=00101016030&supplier_code=00100036&order_time=2023-05-29 HTTP/1.1" 200 412
222.67.234.146 - - [29/May/2023:09:39:35 +0800] "GET /xingrg/all/function/internal_message.html?_=1685323884037&CODE_STATE=getMsg HTTP/1.1" 200 27
218.81.217.41 - - [29/May/2023:09:39:36 +0800] "POST /xingrg/services/DataTransmitService HTTP/1.1" 200 524
218.81.217.41 - - [29/May/2023:09:39:37 +0800] "POST /xingrg/services/DataTransmitService HTTP/1.1" 200 412
58.40.7.146 - - [29/May/2023:09:39:40 +0800] "GET /xingrg/all/function/internal_message.html?_=1685324380829&CODE_STATE=getMsg HTTP/1.1" 200 27
218.81.217.41 - - [29/May/2023:09:39:41 +0800] "POST /xingrg/services/DataTransmitService HTTP/1.1" 200 524
222.67.234.146 - - [29/May/2023:09:39:42 +0800] "GET /xingrg/kc/buy/cgsh_order_operate.html?command=get_materiel&rest_code=00141&code=00101019771&supplier_code=00100036&order_time=2023-05-29 HTTP/1.1" 200 416
218.81.217.41 - - [29/May/2023:09:39:42 +0800] "POST /xingrg/services/DataTransmitService HTTP/1.1" 200 412
101.83.145.52 - - [29/May/2023:09:39:46 +0800] "GET /xingrg/all/function/internal_message.html?_=1685324217637&CODE_STATE=getMsg HTTP/1.1" 200 27
218.81.217.41 - - [29/May/2023:09:39:46 +0800] "POST /xingrg/kc/buy/cgsh_order_operate.html HTTP/1.1" 200 37
218.81.217.41 - - [29/May/2023:09:39:49 +0800] "POST /xingrg/kc/buy/cgsh_order_operate.html HTTP/1.1" 200 4431
