114.83.218.148 - - [29/May/2023:09:39:49 +0800] "GET /xingrg/all/function/internal_message.html?_=1685324388291&CODE_STATE=getMsg HTTP/1.1" 200 27
114.85.113.108 - - [29/May/2023:09:39:50 +0800] "GET /xingrg/all/function/internal_message.html?_=1685324363137&CODE_STATE=getMsg HTTP/1.1" 200 27
222.70.180.90 - - [29/May/2023:09:39:51 +0800] "GET /xingrg/all/function/internal_message.html?_=1685324390948&CODE_STATE=getMsg HTTP/1.1" 200 27
101.229.22.40 - - [29/May/2023:09:39:53 +0800] "GET /xingrg/all/function/internal_message.html?_=1685324393249&CODE_STATE=getMsg HTTP/1.1" 200 27
218.81.217.41 - - [29/May/2023:09:39:53 +0800] "GET /xingrg/kc/print/load_data.html?order_code=212023052910899&kc_code=cgsh&condition= HTTP/1.1" 200 1443
114.85.98.170 - - [29/May/2023:09:39:57 +0800] "GET /xingrg/all/function/internal_message.html?_=1685324397032&CODE_STATE=getMsg HTTP/1.1" 200 27
222.67.234.146 - - [29/May/2023:09:39:58 +0800] "GET /xingrg/kc/buy/cgsh_order_operate.html?command=get_materiel&rest_code=00141&code=00101010092&supplier_code=00100036&order_time=2023-05-29 HTTP/1.1" 200 449
180.169.147.146 - - [29/May/2023:09:40:00 +0800] "GET /xingrg/all/function/internal_message.html?_=1685324400471&CODE_STATE=getMsg HTTP/1.1" 200 27
180.169.147.146 - - [29/May/2023:09:40:00 +0800] "GET /xingrg/check_reg.html?_=1685324400477 HTTP/1.1" 200 22
218.81.217.41 - - [29/May/2023:09:40:07 +0800] "POST /xingrg/services/DataTransmitService HTTP/1.1" 200 524
218.81.217.41 - - [29/May/2023:09:40:07 +0800] "GET /xingrg/kc/buy/cgsh_order_add.html HTTP/1.1" 200 71454
218.81.217.41 - - [29/May/2023:09:40:07 +0800] "POST /xingrg/services/DataTransmitService HTTP/1.1" 200 412
218.81.217.41 - - [29/May/2023:09:40:08 +0800] "POST /xingrg/kc/buy/cgsh_order_operate.html HTTP/1.1" 200 8245
218.81.217.41 - - [29/May/2023:09:40:09 +0800] "GET /xingrg/javascript/easyui/themes/default/validatebox.css HTTP/1.1" 404 1104
180.164.3.199 - - [29/May/2023:09:40:09 +0800] "GET /xingrg/all/function/internal_message.html?_=1685324408582&CODE_STATE=getMsg HTTP/1.1" 200 27
218.81.217.41 - - [29/May/2023:09:40:10 +0800] "POST /xingrg/services/DataTransmitService HTTP/1.1" 200 524
180.169.147.146 - - [29/May/2023:09:40:10 +0800] "GET /xingrg/all/function/internal_message.html?_=1685324405718&CODE_STATE=getMsg HTTP/1.1" 200 27
180.169.147.146 - - [29/May/2023:09:40:10 +0800] "GET /xingrg/check_reg.html?_=1685324405719 HTTP/1.1" 200 22
218.81.217.41 - - [29/May/2023:09:40:11 +0800] "POST /xingrg/services/DataTransmitService HTTP/1.1" 200 412
218.81.217.41 - - [29/May/2023:09:40:13 +0800] "POST /xingrg/services/DataTransmitService HTTP/1.1" 200 524
218.81.217.41 - - [29/May/2023:09:40:14 +0800] "POST /xingrg/services/DataTransmitService HTTP/1.1" 200 412
218.81.217.41 - - [29/May/2023:09:40:15 +0800] "GET /xingrg/all/function/internal_message.html?_=1685324417074&CODE_STATE=getMsg HTTP/1.1" 200 27
222.67.234.146 - - [29/May/2023:09:40:15 +0800] "GET /xingrg/kc/buy/cgsh_order_operate.html?command=get_materiel&rest_code=00141&code=00101016010&supplier_code=00100036&order_time=2023-05-29 HTTP/1.1" 200 408
116.238.139.35 - - [29/May/2023:09:40:16 +0800] "GET /xingrg/all/function/internal_message.html?_=1685324326205&CODE_STATE=getMsg HTTP/1.1" 200 27
218.81.217.41 - - [29/May/2023:09:40:17 +0800] "POST /xingrg/services/DataTransmitService HTTP/1.1" 200 524
218.81.217.41 - - [29/May/2023:09:40:18 +0800] "POST /xingrg/services/DataTransmitService HTTP/1.1" 200 412
218.81.217.41 - - [29/May/2023:09:40:19 +0800] "POST /xingrg/services/DataTransmitService HTTP/1.1" 200 524
116.232.195.127 - - [29/May/2023:09:40:20 +0800] "GET /xingrg/all/function/internal_message.html?_=1685324448307&CODE_STATE=getMsg HTTP/1.1" 200 27
218.81.217.41 - - [29/May/2023:09:40:20 +0800] "POST /xingrg/services/DataTransmitService HTTP/1.1" 200 2335
222.67.234.146 - - [29/May/2023:09:40:24 +0800] "GET /xingrg/kc/buy/cgsh_order_operate.html?command=get_materiel&rest_code=00141&code=00101012025&supplier_code=00100036&order_time=2023-05-29 HTTP/1.1" 200 412
116.238.139.35 - - [29/May/2023:09:40:25 +0800] "GET /xingrg/all/function/internal_message.html?_=1685324425211&CODE_STATE=getMsg HTTP/1.1" 200 27
218.81.217.41 - - [29/May/2023:09:40:26 +0800] "POST /xingrg/services/DataTransmitService HTTP/1.1" 200 501
222.67.234.146 - - [29/May/2023:09:40:34 +0800] "GET /xingrg/kc/buy/cgsh_order_operate.html?command=get_materiel&rest_code=00141&code=00101011010&supplier_code=00100036&order_time=2023-05-29 HTTP/1.1" 200 418
222.67.234.146 - - [29/May/2023:09:40:35 +0800] "GET /xingrg/all/function/internal_message.html?_=1685323944005&CODE_STATE=getMsg HTTP/1.1" 200 27
218.81.217.41 - - [29/May/2023:09:40:40 +0800] "GET /xingrg/kc/buy/cgsh_order_operate.html?command=get_materiel&rest_code=00146&code=00101007022&supplier_code=00100002&order_time=2023-05-29 HTTP/1.1" 200 413
58.40.7.146 - - [29/May/2023:09:40:40 +0800] "GET /xingrg/all/function/internal_message.html?_=1685324440835&CODE_STATE=getMsg HTTP/1.1" 200 27
101.83.145.52 - - [29/May/2023:09:40:46 +0800] "GET /xingrg/all/function/internal_message.html?_=1685324277645&CODE_STATE=getMsg HTTP/1.1" 200 27
222.67.234.146 - - [29/May/2023:09:40:47 +0800] "GET /xingrg/kc/buy/cgsh_order_operate.html?command=get_materiel&rest_code=00141&code=00101016025&supplier_code=00100036&order_time=2023-05-29 HTTP/1.1" 200 408
114.83.218.148 - - [29/May/2023:09:40:49 +0800] "GET /xingrg/all/function/internal_message.html?_=1685324448268&CODE_STATE=getMsg HTTP/1.1" 200 27
114.85.113.108 - - [29/May/2023:09:40:50 +0800] "GET /xingrg/all/function/internal_message.html?_=1685324423125&CODE_STATE=getMsg HTTP/1.1" 200 27
222.70.180.90 - - [29/May/2023:09:40:51 +0800] "GET /xingrg/all/function/internal_message.html?_=1685324450935&CODE_STATE=getMsg HTTP/1.1" 200 27
101.229.22.40 - - [29/May/2023:09:40:53 +0800] "GET /xingrg/all/function/internal_message.html?_=1685324453254&CODE_STATE=getMsg HTTP/1.1" 200 27
124.79.74.67 - - [29/May/2023:09:40:54 +0800] "GET /favicon.ico HTTP/1.1" 404 -
114.85.98.170 - - [29/May/2023:09:40:57 +0800] "GET /xingrg/all/function/internal_message.html?_=1685324457036&CODE_STATE=getMsg HTTP/1.1" 200 27
114.85.98.170 - - [29/May/2023:09:40:57 +0800] "GET /xingrg/check_reg.html?_=1685324457039 HTTP/1.1" 200 22
172.20.0.100 - - [29/May/2023:09:40:57 +0800] "GET /xingrg/check_reg.html?_=1685324458915 HTTP/1.1" 302 -
218.81.217.41 - - [29/May/2023:09:40:59 +0800] "GET /xingrg/kc/buy/cgsh_order_operate.html?command=get_materiel&rest_code=00146&code=00101007076&supplier_code=00100002&order_time=2023-05-29 HTTP/1.1" 200 409
180.169.147.146 - - [29/May/2023:09:41:00 +0800] "GET /xingrg/all/function/internal_message.html?_=1685324460495&CODE_STATE=getMsg HTTP/1.1" 200 27
116.238.139.35 - - [29/May/2023:09:41:01 +0800] "GET /xingrg/kc/buy/cgsh_order_add.html HTTP/1.1" 200 71498
116.238.139.35 - - [29/May/2023:09:41:01 +0800] "POST /xingrg/kc/buy/cgsh_order_operate.html HTTP/1.1" 200 8245
116.238.139.35 - - [29/May/2023:09:41:01 +0800] "GET /xingrg/javascript/easyui/themes/default/validatebox.css HTTP/1.1" 404 1104
222.67.234.146 - - [29/May/2023:09:41:05 +0800] "POST /xingrg/kc/buy/cgsh_order_operate.html HTTP/1.1" 200 37
180.164.3.199 - - [29/May/2023:09:41:09 +0800] "GET /xingrg/check_reg.html?_=1685324468571 HTTP/1.1" 200 22
180.164.3.199 - - [29/May/2023:09:41:09 +0800] "GET /xingrg/all/function/internal_message.html?_=1685324468573&CODE_STATE=getMsg HTTP/1.1" 200 27
180.169.147.146 - - [29/May/2023:09:41:10 +0800] "GET /xingrg/all/function/internal_message.html?_=1685324465704&CODE_STATE=getMsg HTTP/1.1" 200 27
222.67.234.146 - - [29/May/2023:09:41:14 +0800] "POST /xingrg/kc/buy/cgsh_order_operate.html HTTP/1.1" 200 12
218.81.217.41 - - [29/May/2023:09:41:15 +0800] "GET /xingrg/kc/buy/cgsh_order_operate.html?command=get_materiel&rest_code=00146&code=00101007049&supplier_code=00100002&order_time=2023-05-29 HTTP/1.1" 200 409
218.81.217.41 - - [29/May/2023:09:41:15 +0800] "GET /xingrg/all/function/internal_message.html?_=1685324477086&CODE_STATE=getMsg HTTP/1.1" 200 27
116.238.139.35 - - [29/May/2023:09:41:15 +0800] "GET /xingrg/check_reg.html?_=1685324385260 HTTP/1.1" 200 22
116.238.139.35 - - [29/May/2023:09:41:16 +0800] "GET /xingrg/all/function/internal_message.html?_=1685324386220&CODE_STATE=getMsg HTTP/1.1" 200 27
116.238.139.35 - - [29/May/2023:09:41:17 +0800] "GET /xingrg/kc/buy/cgsh_order_operate.html?command=get_materiel&rest_code=00150&code=00101009039&supplier_code=00100022&order_time=2023-05-29 HTTP/1.1" 200 408
222.67.234.146 - - [29/May/2023:09:41:17 +0800] "GET /xingrg/kc/buy/cgsh_order_info.html?code=212023052910900 HTTP/1.1" 200 66365
222.67.234.146 - - [29/May/2023:09:41:17 +0800] "GET /xingrg/javascript/easyui/themes/default/validatebox.css HTTP/1.1" 404 1104
222.67.234.146 - - [29/May/2023:09:41:18 +0800] "POST /xingrg/kc/buy/cgsh_order_operate.html HTTP/1.1" 200 4174
116.232.195.127 - - [29/May/2023:09:41:20 +0800] "GET /xingrg/all/function/internal_message.html?_=1685324508301&CODE_STATE=getMsg HTTP/1.1" 200 27
222.67.234.146 - - [29/May/2023:09:41:21 +0800] "GET /xingrg/kc/print/load_config.html?kc_code=cgsh HTTP/1.1" 200 1924
222.67.234.146 - - [29/May/2023:09:41:21 +0800] "GET /xingrg/kc/print/load_data.html?order_code=212023052910900&kc_code=cgsh&condition= HTTP/1.1" 200 2155
218.81.217.41 - - [29/May/2023:09:41:23 +0800] "POST /xingrg/services/DataTransmitService HTTP/1.1" 200 501
218.81.217.41 - - [29/May/2023:09:41:23 +0800] "POST /xingrg/services/DataTransmitService HTTP/1.1" 200 524
218.81.217.41 - - [29/May/2023:09:41:24 +0800] "POST /xingrg/services/DataTransmitService HTTP/1.1" 200 2335
116.238.139.35 - - [29/May/2023:09:41:25 +0800] "GET /xingrg/all/function/internal_message.html?_=1685324485214&CODE_STATE=getMsg HTTP/1.1" 200 27
218.81.217.41 - - [29/May/2023:09:41:25 +0800] "POST /xingrg/services/DataTransmitService HTTP/1.1" 200 501
222.67.234.146 - - [29/May/2023:09:41:26 +0800] "GET /xingrg/kc/buy/cgsh_order_add.html HTTP/1.1" 200 71454
116.238.139.35 - - [29/May/2023:09:41:26 +0800] "GET /xingrg/kc/buy/cgsh_order_operate.html?command=get_materiel&rest_code=00150&code=00101009007&supplier_code=00100022&order_time=2023-05-29 HTTP/1.1" 200 408
222.67.234.146 - - [29/May/2023:09:41:26 +0800] "POST /xingrg/kc/buy/cgsh_order_operate.html HTTP/1.1" 200 8245
222.67.234.146 - - [29/May/2023:09:41:26 +0800] "GET /xingrg/javascript/easyui/themes/default/validatebox.css HTTP/1.1" 404 1104
218.81.217.41 - - [29/May/2023:09:41:27 +0800] "POST /xingrg/services/DataTransmitService HTTP/1.1" 200 501
218.81.217.41 - - [29/May/2023:09:41:27 +0800] "POST /xingrg/services/DataTransmitService HTTP/1.1" 200 524
218.81.217.41 - - [29/May/2023:09:41:28 +0800] "POST /xingrg/services/DataTransmitService HTTP/1.1" 200 2335
218.81.217.41 - - [29/May/2023:09:41:28 +0800] "POST /xingrg/services/DataTransmitService HTTP/1.1" 200 501
116.238.139.35 - - [29/May/2023:09:41:33 +0800] "GET /xingrg/kc/buy/cgsh_order_operate.html?command=get_materiel&rest_code=00150&code=00101009001&supplier_code=00100022&order_time=2023-05-29 HTTP/1.1" 200 416
218.81.217.41 - - [29/May/2023:09:41:33 +0800] "GET /xingrg/kc/buy/cgsh_order_operate.html?command=get_materiel&rest_code=00146&code=00101007032&supplier_code=00100002&order_time=2023-05-29 HTTP/1.1" 200 413
222.67.234.146 - - [29/May/2023:09:41:35 +0800] "GET /xingrg/all/function/internal_message.html?_=1685324003997&CODE_STATE=getMsg HTTP/1.1" 200 27
222.67.234.146 - - [29/May/2023:09:41:38 +0800] "GET /xingrg/kc/buy/cgsh_order_operate.html?command=get_materiel&rest_code=00141&code=00101001075&supplier_code=00100040&order_time=2023-05-29 HTTP/1.1" 200 409
58.40.7.146 - - [29/May/2023:09:41:40 +0800] "GET /xingrg/check_reg.html?_=1685324500836 HTTP/1.1" 200 22
58.40.7.146 - - [29/May/2023:09:41:40 +0800] "GET /xingrg/all/function/internal_message.html?_=1685324500838&CODE_STATE=getMsg HTTP/1.1" 200 27
116.238.139.35 - - [29/May/2023:09:41:41 +0800] "GET /xingrg/kc/buy/cgsh_order_operate.html?command=get_materiel&rest_code=00150&code=00101009004&supplier_code=00100022&order_time=2023-05-29 HTTP/1.1" 200 409
101.83.145.52 - - [29/May/2023:09:41:46 +0800] "GET /xingrg/check_reg.html?_=1685324337634 HTTP/1.1" 200 22
101.83.145.52 - - [29/May/2023:09:41:46 +0800] "GET /xingrg/all/function/internal_message.html?_=1685324337637&CODE_STATE=getMsg HTTP/1.1" 200 27
218.81.217.41 - - [29/May/2023:09:41:46 +0800] "POST /xingrg/services/DataTransmitService HTTP/1.1" 200 524
218.81.217.41 - - [29/May/2023:09:41:47 +0800] "POST /xingrg/services/DataTransmitService HTTP/1.1" 200 2335
218.81.217.41 - - [29/May/2023:09:41:47 +0800] "POST /xingrg/kc/buy/cgsh_order_operate.html HTTP/1.1" 200 37
114.83.218.148 - - [29/May/2023:09:41:49 +0800] "GET /xingrg/all/function/internal_message.html?_=1685324508240&CODE_STATE=getMsg HTTP/1.1" 200 27
218.81.217.41 - - [29/May/2023:09:41:49 +0800] "POST /xingrg/kc/buy/cgsh_order_operate.html HTTP/1.1" 200 4429
114.85.113.108 - - [29/May/2023:09:41:50 +0800] "GET /xingrg/all/function/internal_message.html?_=1685324483100&CODE_STATE=getMsg HTTP/1.1" 200 27
222.70.180.90 - - [29/May/2023:09:41:51 +0800] "GET /xingrg/all/function/internal_message.html?_=1685324510920&CODE_STATE=getMsg HTTP/1.1" 200 27
218.81.217.41 - - [29/May/2023:09:41:51 +0800] "POST /xingrg/services/DataTransmitService HTTP/1.1" 200 524
222.70.180.90 - - [29/May/2023:09:41:52 +0800] "GET /xingrg/check_reg.html?_=1685324511718 HTTP/1.1" 200 22
218.81.217.41 - - [29/May/2023:09:41:52 +0800] "POST /xingrg/services/DataTransmitService HTTP/1.1" 200 2335
218.81.217.41 - - [29/May/2023:09:41:52 +0800] "POST /xingrg/services/DataTransmitService HTTP/1.1" 200 524
101.229.22.40 - - [29/May/2023:09:41:53 +0800] "GET /xingrg/all/function/internal_message.html?_=1685324513259&CODE_STATE=getMsg HTTP/1.1" 200 27
101.229.22.40 - - [29/May/2023:09:41:53 +0800] "GET /xingrg/check_reg.html?_=1685324513255 HTTP/1.1" 200 22
218.81.217.41 - - [29/May/2023:09:41:53 +0800] "POST /xingrg/services/DataTransmitService HTTP/1.1" 200 2335
218.81.217.41 - - [29/May/2023:09:41:54 +0800] "GET /xingrg/kc/print/load_data.html?order_code=212023052910901&kc_code=cgsh&condition= HTTP/1.1" 200 1426
114.85.98.170 - - [29/May/2023:09:41:57 +0800] "GET /xingrg/all/function/internal_message.html?_=1685324517027&CODE_STATE=getMsg HTTP/1.1" 200 27
180.169.147.146 - - [29/May/2023:09:42:00 +0800] "GET /xingrg/all/function/internal_message.html?_=1685324520484&CODE_STATE=getMsg HTTP/1.1" 200 27
180.164.3.199 - - [29/May/2023:09:42:09 +0800] "GET /xingrg/all/function/internal_message.html?_=1685324528583&CODE_STATE=getMsg HTTP/1.1" 200 27
180.169.147.146 - - [29/May/2023:09:42:10 +0800] "GET /xingrg/all/function/internal_message.html?_=1685324525718&CODE_STATE=getMsg HTTP/1.1" 200 27
218.81.217.41 - - [29/May/2023:09:42:15 +0800] "GET /xingrg/all/function/internal_message.html?_=1685324537352&CODE_STATE=getMsg HTTP/1.1" 200 27
116.238.139.35 - - [29/May/2023:09:42:16 +0800] "GET /xingrg/all/function/internal_message.html?_=1685324446234&CODE_STATE=getMsg HTTP/1.1" 200 27
116.232.195.127 - - [29/May/2023:09:42:20 +0800] "GET /xingrg/all/function/internal_message.html?_=1685324568306&CODE_STATE=getMsg HTTP/1.1" 200 27
116.238.139.35 - - [29/May/2023:09:42:29 +0800] "POST /xingrg/kc/buy/cgsh_order_operate.html HTTP/1.1" 200 37
222.67.234.146 - - [29/May/2023:09:42:35 +0800] "GET /xingrg/check_reg.html?_=1685324064007 HTTP/1.1" 200 22
222.67.234.146 - - [29/May/2023:09:42:35 +0800] "GET /xingrg/all/function/internal_message.html?_=1685324064009&CODE_STATE=getMsg HTTP/1.1" 200 27
222.67.234.146 - - [29/May/2023:09:42:36 +0800] "POST /xingrg/kc/buy/cgsh_order_operate.html HTTP/1.1" 200 37
116.238.139.35 - - [29/May/2023:09:42:37 +0800] "POST /xingrg/kc/buy/cgsh_order_operate.html HTTP/1.1" 200 12
58.40.7.146 - - [29/May/2023:09:42:40 +0800] "GET /xingrg/all/function/internal_message.html?_=1685324560823&CODE_STATE=getMsg HTTP/1.1" 200 27
180.169.147.146 - - [29/May/2023:09:42:40 +0800] "GET /favicon.ico HTTP/1.1" 404 -
218.81.217.41 - - [29/May/2023:09:42:43 +0800] "POST /xingrg/services/DataTransmitService HTTP/1.1" 200 524
222.67.234.146 - - [29/May/2023:09:42:43 +0800] "POST /xingrg/kc/buy/cgsh_order_operate.html HTTP/1.1" 200 12
116.238.139.35 - - [29/May/2023:09:42:44 +0800] "GET /xingrg/kc/buy/cgsh_order_info.html?code=212023052910902 HTTP/1.1" 200 66405
218.81.217.41 - - [29/May/2023:09:42:44 +0800] "POST /xingrg/services/DataTransmitService HTTP/1.1" 200 2335
116.238.139.35 - - [29/May/2023:09:42:44 +0800] "GET /xingrg/words/20230528204915_words.js HTTP/1.1" 304 -
116.238.139.35 - - [29/May/2023:09:42:45 +0800] "GET /xingrg/javascript/easyui/themes/default/validatebox.css HTTP/1.1" 404 1104
114.83.218.148 - - [29/May/2023:09:42:45 +0800] "GET /xingrg/check_reg.html?_=1685324564436 HTTP/1.1" 200 22
116.238.139.35 - - [29/May/2023:09:42:45 +0800] "POST /xingrg/kc/buy/cgsh_order_operate.html HTTP/1.1" 200 2370
101.83.145.52 - - [29/May/2023:09:42:46 +0800] "GET /xingrg/all/function/internal_message.html?_=1685324397642&CODE_STATE=getMsg HTTP/1.1" 200 27
222.67.234.146 - - [29/May/2023:09:42:46 +0800] "GET /xingrg/kc/buy/cgsh_order_info.html?code=212023052910903 HTTP/1.1" 200 66363
222.67.234.146 - - [29/May/2023:09:42:46 +0800] "GET /xingrg/javascript/easyui/themes/default/validatebox.css HTTP/1.1" 404 1104
222.67.234.146 - - [29/May/2023:09:42:47 +0800] "POST /xingrg/kc/buy/cgsh_order_operate.html HTTP/1.1" 200 603
116.238.139.35 - - [29/May/2023:09:42:47 +0800] "GET /xingrg/kc/print/load_data.html?order_code=212023052910902&kc_code=cgsh&condition= HTTP/1.1" 200 1408
222.67.234.146 - - [29/May/2023:09:42:48 +0800] "GET /xingrg/kc/print/load_data.html?order_code=212023052910903&kc_code=cgsh&condition= HTTP/1.1" 200 778
114.83.218.148 - - [29/May/2023:09:42:49 +0800] "GET /xingrg/all/function/internal_message.html?_=1685324568215&CODE_STATE=getMsg HTTP/1.1" 200 27
114.85.113.108 - - [29/May/2023:09:42:49 +0800] "GET /xingrg/check_reg.html?_=1685324542600 HTTP/1.1" 200 22
114.85.113.108 - - [29/May/2023:09:42:50 +0800] "GET /xingrg/all/function/internal_message.html?_=1685324543073&CODE_STATE=getMsg HTTP/1.1" 200 27
222.70.180.90 - - [29/May/2023:09:42:51 +0800] "GET /xingrg/all/function/internal_message.html?_=1685324570890&CODE_STATE=getMsg HTTP/1.1" 200 27
222.67.234.146 - - [29/May/2023:09:42:51 +0800] "GET /xingrg/kc/buy/buy_main.html HTTP/1.1" 200 12412
222.67.234.146 - - [29/May/2023:09:42:51 +0800] "GET /xingrg/css/new_ie.css HTTP/1.1" 404 1036
222.67.234.146 - - [29/May/2023:09:42:52 +0800] "GET /xingrg/images/yd/bt.gif HTTP/1.1" 404 1040
218.81.217.41 - - [29/May/2023:09:42:52 +0800] "POST /xingrg/services/DataTransmitService HTTP/1.1" 200 524
101.229.22.40 - - [29/May/2023:09:42:53 +0800] "GET /xingrg/all/function/internal_message.html?_=1685324573258&CODE_STATE=getMsg HTTP/1.1" 200 27
222.67.234.146 - - [29/May/2023:09:42:53 +0800] "GET /xingrg/kc/buy/cgsh_order_list.html HTTP/1.1" 200 55678
116.238.139.35 - - [29/May/2023:09:42:53 +0800] "POST /xingrg/all/user/operate.html HTTP/1.1" 200 36
116.238.139.35 - - [29/May/2023:09:42:54 +0800] "GET /xingrg/index.html?sysBaseUrl=http%3A%2F%2F180.169.147.146%3A18081%2Fxingrg%2F&costTime=816×tamp=1685320761667 HTTP/1.1" 200 17177
116.238.139.35 - - [29/May/2023:09:42:54 +0800] "GET /xingrg/javascript/jquery_easy_ui/themes/default/easyui.css HTTP/1.1" 304 -
116.238.139.35 - - [29/May/2023:09:42:54 +0800] "GET /xingrg/javascript/jquery_easy_ui/themes/icon.css HTTP/1.1" 304 -
116.238.139.35 - - [29/May/2023:09:42:54 +0800] "GET /xingrg/css/form.css HTTP/1.1" 304 -
116.238.139.35 - - [29/May/2023:09:42:54 +0800] "GET /xingrg/javascript/jquery-1.4.2.min.js HTTP/1.1" 304 -
116.238.139.35 - - [29/May/2023:09:42:54 +0800] "GET /xingrg/javascript/jquery_easy_ui/jquery.easyui.min.js HTTP/1.1" 304 -
218.81.217.41 - - [29/May/2023:09:42:54 +0800] "POST /xingrg/services/DataTransmitService HTTP/1.1" 200 2335
116.238.139.35 - - [29/May/2023:09:42:54 +0800] "GET /xingrg/javascript/jquery_easy_ui/easyui-lang-zh_CN.js HTTP/1.1" 304 -
116.238.139.35 - - [29/May/2023:09:42:54 +0800] "GET /xingrg/javascript/jquery.form.js HTTP/1.1" 304 -
116.238.139.35 - - [29/May/2023:09:42:54 +0800] "GET /xingrg/javascript/jquery.utils.js HTTP/1.1" 304 -
116.238.139.35 - - [29/May/2023:09:42:54 +0800] "GET /xingrg/javascript/jquery.timers.js HTTP/1.1" 304 -
116.238.139.35 - - [29/May/2023:09:42:54 +0800] "GET /xingrg/images/blue/jxLogo.png HTTP/1.1" 304 -
116.238.139.35 - - [29/May/2023:09:42:54 +0800] "GET /xingrg/javascript/jquery_easy_ui/themes/icons/settle_new.png HTTP/1.1" 304 -
116.238.139.35 - - [29/May/2023:09:42:54 +0800] "GET /xingrg/images/blue/navBackgound.jpg HTTP/1.1" 304 -
116.238.139.35 - - [29/May/2023:09:42:54 +0800] "GET /xingrg/all/function/internal_message.html?_=1685324574332&CODE_STATE=count HTTP/1.1" 200 11
116.238.139.35 - - [29/May/2023:09:42:54 +0800] "GET /xingrg/check_reg.html?_=1685324574333 HTTP/1.1" 200 22
116.238.139.35 - - [29/May/2023:09:42:54 +0800] "GET /xingrg/javascript/jquery_easy_ui/themes/default/images/panel_tool_collapse.gif HTTP/1.1" 304 -
116.238.139.35 - - [29/May/2023:09:42:54 +0800] "GET /xingrg/javascript/jquery_easy_ui/themes/default/images/tabs_rightarrow.png HTTP/1.1" 304 -
116.238.139.35 - - [29/May/2023:09:42:54 +0800] "GET /xingrg/javascript/jquery_easy_ui/themes/default/images/tabs_leftarrow.png HTTP/1.1" 304 -
116.238.139.35 - - [29/May/2023:09:42:54 +0800] "GET /xingrg/images/blue/pingpu.png HTTP/1.1" 304 -
116.238.139.35 - - [29/May/2023:09:42:54 +0800] "POST /xingrg/all/common/load_tree.html?tree=area_rest_tree_json&manage=1 HTTP/1.1" 200 476
116.238.139.35 - - [29/May/2023:09:42:54 +0800] "POST /xingrg/load_menu.html HTTP/1.1" 200 5138
218.81.217.41 - - [29/May/2023:09:42:55 +0800] "POST /xingrg/services/DataTransmitService HTTP/1.1" 200 524
114.85.98.170 - - [29/May/2023:09:42:57 +0800] "GET /xingrg/all/function/internal_message.html?_=1685324577031&CODE_STATE=getMsg HTTP/1.1" 200 27
116.238.139.35 - - [29/May/2023:09:42:57 +0800] "GET /xingrg/kc/buy/cgsh_order_list.html HTTP/1.1" 200 55676
222.67.234.146 - - [29/May/2023:09:42:57 +0800] "POST /xingrg/kc/buy/cgsh_list_operate.html HTTP/1.1" 200 3129
218.81.217.41 - - [29/May/2023:09:42:57 +0800] "POST /xingrg/services/DataTransmitService HTTP/1.1" 200 2335
116.238.139.35 - - [29/May/2023:09:42:59 +0800] "POST /xingrg/kc/buy/cgsh_list_operate.html HTTP/1.1" 200 986
180.169.147.146 - - [29/May/2023:09:43:00 +0800] "GET /xingrg/all/function/internal_message.html?_=1685324580482&CODE_STATE=getMsg HTTP/1.1" 200 27
116.238.139.35 - - [29/May/2023:09:43:01 +0800] "GET /xingrg/kc/buy/cgsh_order_add.html HTTP/1.1" 200 71052
116.238.139.35 - - [29/May/2023:09:43:01 +0800] "POST /xingrg/kc/buy/cgsh_order_operate.html HTTP/1.1" 200 8245
116.238.139.35 - - [29/May/2023:09:43:01 +0800] "GET /xingrg/javascript/easyui/themes/default/validatebox.css HTTP/1.1" 404 1104
116.238.139.35 - - [29/May/2023:09:43:03 +0800] "GET /xingrg/javascript/auto/indicator.gif HTTP/1.1" 404 1066
218.81.217.41 - - [29/May/2023:09:43:03 +0800] "POST /xingrg/services/DataTransmitService HTTP/1.1" 200 524
218.81.217.41 - - [29/May/2023:09:43:04 +0800] "POST /xingrg/services/DataTransmitService HTTP/1.1" 200 2335
218.81.217.41 - - [29/May/2023:09:43:06 +0800] "POST /xingrg/services/DataTransmitService HTTP/1.1" 200 524
218.81.217.41 - - [29/May/2023:09:43:07 +0800] "POST /xingrg/services/DataTransmitService HTTP/1.1" 200 2335
222.67.234.146 - - [29/May/2023:09:43:07 +0800] "POST /xingrg/kc/buy/cgsh_list_operate.html HTTP/1.1" 200 2350
180.164.3.199 - - [29/May/2023:09:43:09 +0800] "GET /xingrg/all/function/internal_message.html?_=1685324588584&CODE_STATE=getMsg HTTP/1.1" 200 27
180.169.147.146 - - [29/May/2023:09:43:10 +0800] "GET /xingrg/all/function/internal_message.html?_=1685324585716&CODE_STATE=getMsg HTTP/1.1" 200 27
116.238.139.35 - - [29/May/2023:09:43:11 +0800] "GET /xingrg/kc/buy/cgsh_order_operate.html?command=get_materiel&rest_code=00151&code=00101009053&supplier_code=00100022&order_time=2023-05-29 HTTP/1.1" 200 408
222.67.234.146 - - [29/May/2023:09:43:11 +0800] "POST /xingrg/kc/buy/cgsh_list_operate.html HTTP/1.1" 200 584
222.67.234.146 - - [29/May/2023:09:43:13 +0800] "GET /xingrg/kc/buy/cgsh_order_info.html?code=212023052910900 HTTP/1.1" 200 66365
222.67.234.146 - - [29/May/2023:09:43:13 +0800] "GET /xingrg/javascript/easyui/themes/default/validatebox.css HTTP/1.1" 404 1104
222.67.234.146 - - [29/May/2023:09:43:14 +0800] "POST /xingrg/kc/buy/cgsh_order_operate.html HTTP/1.1" 200 4174
218.81.217.41 - - [29/May/2023:09:43:15 +0800] "GET /xingrg/all/function/internal_message.html?_=1685324597363&CODE_STATE=getMsg HTTP/1.1" 200 27
116.238.139.35 - - [29/May/2023:09:43:16 +0800] "GET /xingrg/all/function/internal_message.html?_=1685324506247&CODE_STATE=getMsg HTTP/1.1" 200 27
116.232.195.127 - - [29/May/2023:09:43:20 +0800] "GET /xingrg/all/function/internal_message.html?_=1685324628305&CODE_STATE=getMsg HTTP/1.1" 200 27
222.67.234.146 - - [29/May/2023:09:43:20 +0800] "GET /xingrg/kc/buy/cgsh_order_add.html HTTP/1.1" 200 71454
222.67.234.146 - - [29/May/2023:09:43:21 +0800] "POST /xingrg/kc/buy/cgsh_order_operate.html HTTP/1.1" 200 8245
222.67.234.146 - - [29/May/2023:09:43:21 +0800] "GET /xingrg/javascript/easyui/themes/default/validatebox.css HTTP/1.1" 404 1104
116.238.139.35 - - [29/May/2023:09:43:23 +0800] "GET /xingrg/kc/buy/cgsh_order_operate.html?command=get_materiel&rest_code=00151&code=00101009039&supplier_code=00100022&order_time=2023-05-29 HTTP/1.1" 200 408
222.70.110.223 - - [29/May/2023:09:43:31 +0800] "POST /xingrg/services/DataTransmitService HTTP/1.1" 200 524
116.238.139.35 - - [29/May/2023:09:43:31 +0800] "GET /xingrg/kc/buy/cgsh_order_operate.html?command=get_materiel&rest_code=00151&code=00101009088&supplier_code=00100022&order_time=2023-05-29 HTTP/1.1" 200 405
222.67.234.146 - - [29/May/2023:09:43:35 +0800] "GET /xingrg/all/function/internal_message.html?_=1685324124002&CODE_STATE=getMsg HTTP/1.1" 200 27
222.67.234.146 - - [29/May/2023:09:43:37 +0800] "GET /xingrg/kc/buy/cgsh_order_operate.html?command=get_materiel&rest_code=00141&code=00101018007&supplier_code=00100012&order_time=2023-05-29 HTTP/1.1" 200 409
58.40.7.146 - - [29/May/2023:09:43:40 +0800] "GET /xingrg/all/function/internal_message.html?_=1685324620826&CODE_STATE=getMsg HTTP/1.1" 200 27
222.67.234.146 - - [29/May/2023:09:43:45 +0800] "GET /xingrg/kc/buy/cgsh_order_operate.html?command=get_materiel&rest_code=00141&code=00101006133&supplier_code=00100012&order_time=2023-05-29 HTTP/1.1" 200 414
101.83.145.52 - - [29/May/2023:09:43:46 +0800] "GET /xingrg/all/function/internal_message.html?_=1685324457631&CODE_STATE=getMsg HTTP/1.1" 200 27
114.83.218.148 - - [29/May/2023:09:43:49 +0800] "GET /xingrg/all/function/internal_message.html?_=1685324628187&CODE_STATE=getMsg HTTP/1.1" 200 27
114.85.113.108 - - [29/May/2023:09:43:50 +0800] "GET /xingrg/all/function/internal_message.html?_=1685324603056&CODE_STATE=getMsg HTTP/1.1" 200 27
222.67.234.146 - - [29/May/2023:09:43:50 +0800] "GET /xingrg/kc/buy/cgsh_order_operate.html?command=get_materiel&rest_code=00141&code=00101006293&supplier_code=00100012&order_time=2023-05-29 HTTP/1.1" 200 432
222.70.180.90 - - [29/May/2023:09:43:51 +0800] "GET /xingrg/all/function/internal_message.html?_=1685324630902&CODE_STATE=getMsg HTTP/1.1" 200 27
101.229.22.40 - - [29/May/2023:09:43:53 +0800] "GET /xingrg/all/function/internal_message.html?_=1685324633259&CODE_STATE=getMsg HTTP/1.1" 200 27
116.238.139.35 - - [29/May/2023:09:43:54 +0800] "GET /xingrg/all/function/internal_message.html?_=1685324634338&CODE_STATE=getMsg HTTP/1.1" 200 27
114.85.98.170 - - [29/May/2023:09:43:57 +0800] "GET /xingrg/all/function/internal_message.html?_=1685324637040&CODE_STATE=getMsg HTTP/1.1" 200 27
180.169.147.146 - - [29/May/2023:09:44:00 +0800] "GET /xingrg/all/function/internal_message.html?_=1685324640495&CODE_STATE=getMsg HTTP/1.1" 200 27
218.81.217.41 - - [29/May/2023:09:44:07 +0800] "GET /xingrg/check_reg.html?_=1685324649182 HTTP/1.1" 200 22
180.164.3.199 - - [29/May/2023:09:44:09 +0800] "GET /xingrg/all/function/internal_message.html?_=1685324648588&CODE_STATE=getMsg HTTP/1.1" 200 27
180.169.147.146 - - [29/May/2023:09:44:10 +0800] "GET /xingrg/all/function/internal_message.html?_=1685324645715&CODE_STATE=getMsg HTTP/1.1" 200 27
222.67.234.146 - - [29/May/2023:09:44:12 +0800] "GET /xingrg/kc/buy/cgsh_order_operate.html?command=get_materiel&rest_code=00141&code=00101006109&supplier_code=00100012&order_time=2023-05-29 HTTP/1.1" 200 409
218.81.217.41 - - [29/May/2023:09:44:15 +0800] "GET /xingrg/all/function/internal_message.html?_=1685324657376&CODE_STATE=getMsg HTTP/1.1" 200 27
116.238.139.35 - - [29/May/2023:09:44:16 +0800] "GET /xingrg/all/function/internal_message.html?_=1685324566260&CODE_STATE=getMsg HTTP/1.1" 200 27
116.232.195.127 - - [29/May/2023:09:44:20 +0800] "GET /xingrg/all/function/internal_message.html?_=1685324688294&CODE_STATE=getMsg HTTP/1.1" 200 27
116.232.195.127 - - [29/May/2023:09:44:20 +0800] "GET /xingrg/check_reg.html?_=1685324688296 HTTP/1.1" 200 22
222.67.234.146 - - [29/May/2023:09:44:25 +0800] "GET /xingrg/kc/buy/cgsh_order_operate.html?command=get_materiel&rest_code=00141&code=00101006180&supplier_code=00100012&order_time=2023-05-29 HTTP/1.1" 200 423
222.67.234.146 - - [29/May/2023:09:44:35 +0800] "GET /xingrg/kc/buy/cgsh_order_operate.html?command=get_materiel&rest_code=00141&code=00101007043&supplier_code=00100012&order_time=2023-05-29 HTTP/1.1" 200 408
222.67.234.146 - - [29/May/2023:09:44:35 +0800] "GET /xingrg/all/function/internal_message.html?_=1685324184010&CODE_STATE=getMsg HTTP/1.1" 200 27
58.40.7.146 - - [29/May/2023:09:44:40 +0800] "GET /xingrg/all/function/internal_message.html?_=1685324680827&CODE_STATE=getMsg HTTP/1.1" 200 27
116.238.139.35 - - [29/May/2023:09:44:42 +0800] "POST /xingrg/kc/buy/cgsh_order_operate.html HTTP/1.1" 200 37
101.83.145.52 - - [29/May/2023:09:44:46 +0800] "GET /xingrg/all/function/internal_message.html?_=1685324517639&CODE_STATE=getMsg HTTP/1.1" 200 27
114.83.218.148 - - [29/May/2023:09:44:49 +0800] "GET /xingrg/all/function/internal_message.html?_=1685324688184&CODE_STATE=getMsg HTTP/1.1" 200 27
222.67.234.146 - - [29/May/2023:09:44:49 +0800] "POST /xingrg/kc/buy/cgsh_order_operate.html HTTP/1.1" 200 37
114.85.113.108 - - [29/May/2023:09:44:50 +0800] "GET /xingrg/all/function/internal_message.html?_=1685324663047&CODE_STATE=getMsg HTTP/1.1" 200 27
222.70.180.90 - - [29/May/2023:09:44:51 +0800] "GET /xingrg/all/function/internal_message.html?_=1685324690873&CODE_STATE=getMsg HTTP/1.1" 200 27
101.229.22.40 - - [29/May/2023:09:44:53 +0800] "GET /xingrg/all/function/internal_message.html?_=1685324693261&CODE_STATE=getMsg HTTP/1.1" 200 27
222.67.234.146 - - [29/May/2023:09:44:56 +0800] "POST /xingrg/kc/buy/cgsh_order_operate.html HTTP/1.1" 200 12
114.85.98.170 - - [29/May/2023:09:44:57 +0800] "GET /xingrg/all/function/internal_message.html?_=1685324697040&CODE_STATE=getMsg HTTP/1.1" 200 27
222.67.234.146 - - [29/May/2023:09:44:58 +0800] "GET /xingrg/kc/buy/cgsh_order_info.html?code=212023052910905 HTTP/1.1" 200 66363
222.67.234.146 - - [29/May/2023:09:44:58 +0800] "GET /xingrg/javascript/easyui/themes/default/validatebox.css HTTP/1.1" 404 1104
222.67.234.146 - - [29/May/2023:09:44:59 +0800] "POST /xingrg/kc/buy/cgsh_order_operate.html HTTP/1.1" 200 2991
180.169.147.146 - - [29/May/2023:09:45:00 +0800] "GET /xingrg/check_reg.html?_=1685324700497 HTTP/1.1" 200 22
180.169.147.146 - - [29/May/2023:09:45:00 +0800] "GET /xingrg/all/function/internal_message.html?_=1685324700501&CODE_STATE=getMsg HTTP/1.1" 200 27
222.67.234.146 - - [29/May/2023:09:45:00 +0800] "GET /xingrg/kc/print/load_data.html?order_code=212023052910905&kc_code=cgsh&condition= HTTP/1.1" 200 1718
222.67.234.146 - - [29/May/2023:09:45:04 +0800] "GET /xingrg/kc/buy/cgsh_order_add.html HTTP/1.1" 200 71454
222.67.234.146 - - [29/May/2023:09:45:05 +0800] "POST /xingrg/kc/buy/cgsh_order_operate.html HTTP/1.1" 200 8245
222.67.234.146 - - [29/May/2023:09:45:05 +0800] "GET /xingrg/javascript/easyui/themes/default/validatebox.css HTTP/1.1" 404 1104
180.164.3.199 - - [29/May/2023:09:45:09 +0800] "GET /xingrg/all/function/internal_message.html?_=1685324708585&CODE_STATE=getMsg HTTP/1.1" 200 27
116.238.139.35 - - [29/May/2023:09:45:09 +0800] "POST /xingrg/kc/buy/cgsh_order_operate.html HTTP/1.1" 200 12
180.169.147.146 - - [29/May/2023:09:45:10 +0800] "GET /xingrg/all/function/internal_message.html?_=1685324705714&CODE_STATE=getMsg HTTP/1.1" 200 27
180.169.147.146 - - [29/May/2023:09:45:10 +0800] "GET /xingrg/check_reg.html?_=1685324705716 HTTP/1.1" 200 22
116.238.139.35 - - [29/May/2023:09:45:11 +0800] "GET /xingrg/kc/buy/cgsh_order_info.html?code=212023052910904 HTTP/1.1" 200 65959
116.238.139.35 - - [29/May/2023:09:45:11 +0800] "GET /xingrg/javascript/easyui/themes/default/validatebox.css HTTP/1.1" 404 1104
116.238.139.35 - - [29/May/2023:09:45:12 +0800] "POST /xingrg/kc/buy/cgsh_order_operate.html HTTP/1.1" 200 1802
116.238.139.35 - - [29/May/2023:09:45:14 +0800] "GET /xingrg/kc/print/load_data.html?order_code=212023052910904&kc_code=cgsh&condition= HTTP/1.1" 200 1206
222.67.234.146 - - [29/May/2023:09:45:14 +0800] "GET /xingrg/kc/buy/cgsh_order_operate.html?command=get_materiel&rest_code=00141&code=00101007027&supplier_code=00100004&order_time=2023-05-29 HTTP/1.1" 200 421
218.81.217.41 - - [29/May/2023:09:45:15 +0800] "GET /xingrg/all/function/internal_message.html?_=1685324717390&CODE_STATE=getMsg HTTP/1.1" 200 27
116.232.195.127 - - [29/May/2023:09:45:20 +0800] "GET /xingrg/all/function/internal_message.html?_=1685324748301&CODE_STATE=getMsg HTTP/1.1" 200 27
222.67.234.146 - - [29/May/2023:09:45:35 +0800] "GET /xingrg/all/function/internal_message.html?_=1685324244024&CODE_STATE=getMsg HTTP/1.1" 200 27
58.40.7.146 - - [29/May/2023:09:45:40 +0800] "GET /xingrg/all/function/internal_message.html?_=1685324740828&CODE_STATE=getMsg HTTP/1.1" 200 27
222.67.234.146 - - [29/May/2023:09:45:42 +0800] "POST /xingrg/kc/buy/cgsh_order_operate.html HTTP/1.1" 200 37
101.83.145.52 - - [29/May/2023:09:45:46 +0800] "GET /xingrg/all/function/internal_message.html?_=1685324577628&CODE_STATE=getMsg HTTP/1.1" 200 27
114.83.218.148 - - [29/May/2023:09:45:49 +0800] "GET /xingrg/all/function/internal_message.html?_=1685324748154&CODE_STATE=getMsg HTTP/1.1" 200 27
114.85.113.108 - - [29/May/2023:09:45:50 +0800] "GET /xingrg/all/function/internal_message.html?_=1685324723019&CODE_STATE=getMsg HTTP/1.1" 200 27
222.67.234.146 - - [29/May/2023:09:45:50 +0800] "POST /xingrg/kc/buy/cgsh_order_operate.html HTTP/1.1" 200 12
222.70.180.90 - - [29/May/2023:09:45:51 +0800] "GET /xingrg/all/function/internal_message.html?_=1685324750856&CODE_STATE=getMsg HTTP/1.1" 200 27
101.229.22.40 - - [29/May/2023:09:45:53 +0800] "GET /xingrg/all/function/internal_message.html?_=1685324753259&CODE_STATE=getMsg HTTP/1.1" 200 27
116.238.139.35 - - [29/May/2023:09:45:54 +0800] "GET /xingrg/all/function/internal_message.html?_=1685324754350&CODE_STATE=getMsg HTTP/1.1" 200 27
222.67.234.146 - - [29/May/2023:09:45:54 +0800] "GET /xingrg/kc/buy/cgsh_order_info.html?code=212023052910906 HTTP/1.1" 200 66363
222.67.234.146 - - [29/May/2023:09:45:55 +0800] "GET /xingrg/javascript/easyui/themes/default/validatebox.css HTTP/1.1" 404 1104
222.67.234.146 - - [29/May/2023:09:45:56 +0800] "POST /xingrg/kc/buy/cgsh_order_operate.html HTTP/1.1" 200 615
114.85.98.170 - - [29/May/2023:09:45:57 +0800] "GET /xingrg/check_reg.html?_=1685324757036 HTTP/1.1" 200 22
114.85.98.170 - - [29/May/2023:09:45:57 +0800] "GET /xingrg/all/function/internal_message.html?_=1685324757039&CODE_STATE=getMsg HTTP/1.1" 200 27
172.20.0.100 - - [29/May/2023:09:45:57 +0800] "GET /xingrg/check_reg.html?_=1685324758919 HTTP/1.1" 302 -
222.67.234.146 - - [29/May/2023:09:45:57 +0800] "GET /xingrg/kc/print/load_data.html?order_code=212023052910906&kc_code=cgsh&condition= HTTP/1.1" 200 758
180.169.147.146 - - [29/May/2023:09:46:00 +0800] "GET /xingrg/all/function/internal_message.html?_=1685324760498&CODE_STATE=getMsg HTTP/1.1" 200 27
180.164.3.199 - - [29/May/2023:09:46:09 +0800] "GET /xingrg/check_reg.html?_=1685324768586 HTTP/1.1" 200 22
180.164.3.199 - - [29/May/2023:09:46:09 +0800] "GET /xingrg/all/function/internal_message.html?_=1685324768589&CODE_STATE=getMsg HTTP/1.1" 200 27
180.169.147.146 - - [29/May/2023:09:46:10 +0800] "GET /xingrg/all/function/internal_message.html?_=1685324765714&CODE_STATE=getMsg HTTP/1.1" 200 27
218.81.217.41 - - [29/May/2023:09:46:16 +0800] "GET /xingrg/all/function/internal_message.html?_=1685324777675&CODE_STATE=getMsg HTTP/1.1" 200 27
116.232.195.127 - - [29/May/2023:09:46:20 +0800] "GET /xingrg/all/function/internal_message.html?_=1685324808303&CODE_STATE=getMsg HTTP/1.1" 200 27
222.67.234.146 - - [29/May/2023:09:46:35 +0800] "GET /xingrg/all/function/internal_message.html?_=1685324304012&CODE_STATE=getMsg HTTP/1.1" 200 27
58.40.7.146 - - [29/May/2023:09:46:40 +0800] "GET /xingrg/all/function/internal_message.html?_=1685324800831&CODE_STATE=getMsg HTTP/1.1" 200 27
58.40.7.146 - - [29/May/2023:09:46:40 +0800] "GET /xingrg/check_reg.html?_=1685324800832 HTTP/1.1" 200 22
101.83.145.52 - - [29/May/2023:09:46:46 +0800] "GET /xingrg/all/function/internal_message.html?_=1685324637637&CODE_STATE=getMsg HTTP/1.1" 200 27
101.83.145.52 - - [29/May/2023:09:46:46 +0800] "GET /xingrg/check_reg.html?_=1685324637640 HTTP/1.1" 200 22
114.83.218.148 - - [29/May/2023:09:46:49 +0800] "GET /xingrg/all/function/internal_message.html?_=1685324808147&CODE_STATE=getMsg HTTP/1.1" 200 27
114.85.113.108 - - [29/May/2023:09:46:50 +0800] "GET /xingrg/all/function/internal_message.html?_=1685324782995&CODE_STATE=getMsg HTTP/1.1" 200 27
222.70.180.90 - - [29/May/2023:09:46:51 +0800] "GET /xingrg/all/function/internal_message.html?_=1685324810842&CODE_STATE=getMsg HTTP/1.1" 200 27
222.70.180.90 - - [29/May/2023:09:46:52 +0800] "GET /xingrg/check_reg.html?_=1685324811735 HTTP/1.1" 200 22
101.229.22.40 - - [29/May/2023:09:46:53 +0800] "GET /xingrg/all/function/internal_message.html?_=1685324813268&CODE_STATE=getMsg HTTP/1.1" 200 27
101.229.22.40 - - [29/May/2023:09:46:53 +0800] "GET /xingrg/check_reg.html?_=1685324813262 HTTP/1.1" 200 22
116.238.139.35 - - [29/May/2023:09:46:54 +0800] "GET /xingrg/all/function/internal_message.html?_=1685324814335&CODE_STATE=getMsg HTTP/1.1" 200 27
114.85.98.170 - - [29/May/2023:09:46:57 +0800] "GET /xingrg/all/function/internal_message.html?_=1685324817034&CODE_STATE=getMsg HTTP/1.1" 200 27
180.169.147.146 - - [29/May/2023:09:47:00 +0800] "GET /xingrg/all/function/internal_message.html?_=1685324820502&CODE_STATE=getMsg HTTP/1.1" 200 27
180.164.3.199 - - [29/May/2023:09:47:09 +0800] "GET /xingrg/all/function/internal_message.html?_=1685324828589&CODE_STATE=getMsg HTTP/1.1" 200 27
180.169.147.146 - - [29/May/2023:09:47:10 +0800] "GET /xingrg/all/function/internal_message.html?_=1685324825713&CODE_STATE=getMsg HTTP/1.1" 200 27
101.229.22.40 - - [29/May/2023:09:47:13 +0800] "GET /xingrg/javascript/jquery_easy_ui/themes/default/images/tabs_close.gif HTTP/1.1" 304 -
101.229.22.40 - - [29/May/2023:09:47:14 +0800] "GET /xingrg/kc/buy/cgsh_order_list.html HTTP/1.1" 200 55678
101.229.22.40 - - [29/May/2023:09:47:14 +0800] "GET /xingrg/css/base.css HTTP/1.1" 304 -
101.229.22.40 - - [29/May/2023:09:47:14 +0800] "GET /xingrg/javascript/auto/jquery.autocomplete.css HTTP/1.1" 304 -
101.229.22.40 - - [29/May/2023:09:47:14 +0800] "GET /xingrg/javascript/easyui/themes/icon.css HTTP/1.1" 304 -
101.229.22.40 - - [29/May/2023:09:47:14 +0800] "GET /xingrg/css/site.css HTTP/1.1" 304 -
101.229.22.40 - - [29/May/2023:09:47:14 +0800] "GET /xingrg/javascript/jquery_tools/datebox.css HTTP/1.1" 304 -
101.229.22.40 - - [29/May/2023:09:47:14 +0800] "GET /xingrg/javascript/easyui/themes/default/easyui.css HTTP/1.1" 304 -
101.229.22.40 - - [29/May/2023:09:47:14 +0800] "GET /xingrg/javascript/jquery_tools/table.css HTTP/1.1" 304 -
101.229.22.40 - - [29/May/2023:09:47:14 +0800] "GET /xingrg/javascript/jquery_tools/jquery.tools.min.js HTTP/1.1" 304 -
101.229.22.40 - - [29/May/2023:09:47:14 +0800] "GET /xingrg/javascript/jquery_tools/jquery.tools.extend.js HTTP/1.1" 304 -
101.229.22.40 - - [29/May/2023:09:47:14 +0800] "GET /xingrg/javascript/jquery_tools/fix.css HTTP/1.1" 304 -
101.229.22.40 - - [29/May/2023:09:47:14 +0800] "GET /xingrg/javascript/jquery_tools/jquery.tools.hotkey.js HTTP/1.1" 304 -
101.229.22.40 - - [29/May/2023:09:47:14 +0800] "GET /xingrg/javascript/jquery_tools/jquery.tools.table.js HTTP/1.1" 304 -
101.229.22.40 - - [29/May/2023:09:47:14 +0800] "GET /xingrg/javascript/jquery_tools/list_manager.js HTTP/1.1" 304 -
101.229.22.40 - - [29/May/2023:09:47:14 +0800] "GET /xingrg/javascript/jquery.cookie.js HTTP/1.1" 304 -
101.229.22.40 - - [29/May/2023:09:47:14 +0800] "GET /xingrg/javascript/easyui/easyloader.js HTTP/1.1" 304 -
101.229.22.40 - - [29/May/2023:09:47:14 +0800] "GET /xingrg/javascript/auto/jquery.autocomplete.js HTTP/1.1" 304 -
101.229.22.40 - - [29/May/2023:09:47:14 +0800] "GET /xingrg/javascript/print/LodopFuncs.js HTTP/1.1" 304 -
101.229.22.40 - - [29/May/2023:09:47:14 +0800] "GET /xingrg/javascript/easyui/themes/icons/edit_add_new.png HTTP/1.1" 304 -
101.229.22.40 - - [29/May/2023:09:47:14 +0800] "GET /xingrg/javascript/easyui/themes/icons/cance_new.png HTTP/1.1" 304 -
101.229.22.40 - - [29/May/2023:09:47:14 +0800] "GET /xingrg/javascript/easyui/themes/icons/check_new.png HTTP/1.1" 304 -
101.229.22.40 - - [29/May/2023:09:47:14 +0800] "GET /xingrg/javascript/easyui/themes/icons/field_new.png HTTP/1.1" 304 -
101.229.22.40 - - [29/May/2023:09:47:14 +0800] "GET /xingrg/javascript/easyui/themes/icons/import_new.png HTTP/1.1" 304 -
101.229.22.40 - - [29/May/2023:09:47:15 +0800] "GET /xingrg/javascript/easyui/plugins/jquery.parser.js HTTP/1.1" 304 -
101.229.22.40 - - [29/May/2023:09:47:15 +0800] "GET /xingrg/images/control/ajaxLoader.gif HTTP/1.1" 304 -
218.81.217.41 - - [29/May/2023:09:47:16 +0800] "GET /xingrg/all/function/internal_message.html?_=1685324837682&CODE_STATE=getMsg HTTP/1.1" 200 27
101.229.22.40 - - [29/May/2023:09:47:19 +0800] "POST /xingrg/kc/buy/cgsh_list_operate.html HTTP/1.1" 200 2305
116.232.195.127 - - [29/May/2023:09:47:20 +0800] "GET /xingrg/all/function/internal_message.html?_=1685324868297&CODE_STATE=getMsg HTTP/1.1" 200 27
101.229.22.40 - - [29/May/2023:09:47:21 +0800] "GET /xingrg/javascript/easyui/themes/default/images/button_plain_hover.png HTTP/1.1" 304 -
101.229.22.40 - - [29/May/2023:09:47:22 +0800] "GET /xingrg/kc/buy/cgsh_order_add.html HTTP/1.1" 200 70573
101.229.22.40 - - [29/May/2023:09:47:22 +0800] "GET /xingrg/javascript/pic_change.js HTTP/1.1" 304 -
101.229.22.40 - - [29/May/2023:09:47:22 +0800] "GET /xingrg/javascript/jquery_tools/order_manager.js HTTP/1.1" 304 -
101.229.22.40 - - [29/May/2023:09:47:22 +0800] "GET /xingrg/javascript/convert.js HTTP/1.1" 304 -
101.229.22.40 - - [29/May/2023:09:47:22 +0800] "GET /xingrg/javascript/json2.js HTTP/1.1" 304 -
101.229.22.40 - - [29/May/2023:09:47:22 +0800] "GET /xingrg/javascript/print/kc_print.js HTTP/1.1" 304 -
101.229.22.40 - - [29/May/2023:09:47:22 +0800] "GET /xingrg/words/20230528204915_words.js HTTP/1.1" 200 966163
101.229.22.40 - - [29/May/2023:09:47:22 +0800] "GET /xingrg/javascript/easyui/themes/icons/copy_new.png HTTP/1.1" 304 -
101.229.22.40 - - [29/May/2023:09:47:22 +0800] "GET /xingrg/javascript/easyui/themes/icons/template_new.png HTTP/1.1" 304 -
101.229.22.40 - - [29/May/2023:09:47:22 +0800] "GET /xingrg/javascript/easyui/themes/icons/ok.png HTTP/1.1" 304 -
101.229.22.40 - - [29/May/2023:09:47:22 +0800] "GET /xingrg/javascript/easyui/themes/icons/print.png HTTP/1.1" 304 -
101.229.22.40 - - [29/May/2023:09:47:22 +0800] "GET /xingrg/javascript/easyui/themes/default/images/menu_downarrow.png HTTP/1.1" 304 -
101.229.22.40 - - [29/May/2023:09:47:22 +0800] "GET /xingrg/javascript/easyui/themes/icons/cancel.png HTTP/1.1" 304 -
101.229.22.40 - - [29/May/2023:09:47:23 +0800] "POST /xingrg/kc/buy/cgsh_order_operate.html HTTP/1.1" 200 8245
101.229.22.40 - - [29/May/2023:09:47:23 +0800] "GET /xingrg/javascript/easyui/themes/default/validatebox.css HTTP/1.1" 404 1104
101.229.22.40 - - [29/May/2023:09:47:23 +0800] "GET /xingrg/javascript/easyui/plugins/jquery.validatebox.js HTTP/1.1" 304 -
101.229.22.40 - - [29/May/2023:09:47:23 +0800] "GET /xingrg/all/common/auto_word.html?type=employee&rest_code=00142 HTTP/1.1" 200 105
101.229.22.40 - - [29/May/2023:09:47:23 +0800] "GET /xingrg/all/common/auto_word.html?type=employee&rest_code=00142 HTTP/1.1" 200 105
101.229.22.40 - - [29/May/2023:09:47:23 +0800] "GET /xingrg/javascript/easyui/plugins/jquery.numberbox.js HTTP/1.1" 304 -
101.229.22.40 - - [29/May/2023:09:47:23 +0800] "GET /xingrg/javascript/easyui/themes/icons/edit_remove.png HTTP/1.1" 304 -
222.67.234.146 - - [29/May/2023:09:47:35 +0800] "GET /xingrg/all/function/internal_message.html?_=1685324364010&CODE_STATE=getMsg HTTP/1.1" 200 27
222.67.234.146 - - [29/May/2023:09:47:35 +0800] "GET /xingrg/check_reg.html?_=1685324364011 HTTP/1.1" 200 22
58.40.7.146 - - [29/May/2023:09:47:40 +0800] "GET /xingrg/all/function/internal_message.html?_=1685324860835&CODE_STATE=getMsg HTTP/1.1" 200 27
114.83.218.148 - - [29/May/2023:09:47:45 +0800] "GET /xingrg/check_reg.html?_=1685324864455 HTTP/1.1" 200 22
101.83.145.52 - - [29/May/2023:09:47:46 +0800] "GET /xingrg/all/function/internal_message.html?_=1685324697625&CODE_STATE=getMsg HTTP/1.1" 200 27
114.83.218.148 - - [29/May/2023:09:47:49 +0800] "GET /xingrg/all/function/internal_message.html?_=1685324868124&CODE_STATE=getMsg HTTP/1.1" 200 27
114.85.113.108 - - [29/May/2023:09:47:49 +0800] "GET /xingrg/check_reg.html?_=1685324842593 HTTP/1.1" 200 22
114.85.113.108 - - [29/May/2023:09:47:50 +0800] "GET /xingrg/all/function/internal_message.html?_=1685324842976&CODE_STATE=getMsg HTTP/1.1" 200 27
222.70.180.90 - - [29/May/2023:09:47:51 +0800] "GET /xingrg/all/function/internal_message.html?_=1685324870814&CODE_STATE=getMsg HTTP/1.1" 200 27
101.229.22.40 - - [29/May/2023:09:47:53 +0800] "GET /xingrg/all/function/internal_message.html?_=1685324873281&CODE_STATE=getMsg HTTP/1.1" 200 27
116.238.139.35 - - [29/May/2023:09:47:54 +0800] "GET /xingrg/all/function/internal_message.html?_=1685324874322&CODE_STATE=getMsg HTTP/1.1" 200 27
116.238.139.35 - - [29/May/2023:09:47:54 +0800] "GET /xingrg/check_reg.html?_=1685324874342 HTTP/1.1" 200 22
114.85.98.170 - - [29/May/2023:09:47:57 +0800] "GET /xingrg/all/function/internal_message.html?_=1685324877026&CODE_STATE=getMsg HTTP/1.1" 200 27
180.169.147.146 - - [29/May/2023:09:48:00 +0800] "GET /xingrg/all/function/internal_message.html?_=1685324880501&CODE_STATE=getMsg HTTP/1.1" 200 27
180.164.3.199 - - [29/May/2023:09:48:09 +0800] "GET /xingrg/all/function/internal_message.html?_=1685324888580&CODE_STATE=getMsg HTTP/1.1" 200 27
180.169.147.146 - - [29/May/2023:09:48:10 +0800] "GET /xingrg/all/function/internal_message.html?_=1685324885712&CODE_STATE=getMsg HTTP/1.1" 200 27
218.81.217.41 - - [29/May/2023:09:48:16 +0800] "GET /xingrg/all/function/internal_message.html?_=1685324897992&CODE_STATE=getMsg HTTP/1.1" 200 27
116.232.195.127 - - [29/May/2023:09:48:20 +0800] "GET /xingrg/all/function/internal_message.html?_=1685324928305&CODE_STATE=getMsg HTTP/1.1" 200 27
222.67.234.146 - - [29/May/2023:09:48:35 +0800] "GET /xingrg/all/function/internal_message.html?_=1685324424010&CODE_STATE=getMsg HTTP/1.1" 200 27
218.81.217.41 - - [29/May/2023:09:48:37 +0800] "POST /xingrg/services/DataTransmitService HTTP/1.1" 200 524
218.81.217.41 - - [29/May/2023:09:48:38 +0800] "POST /xingrg/services/DataTransmitService HTTP/1.1" 200 2335
218.81.217.41 - - [29/May/2023:09:48:40 +0800] "POST /xingrg/services/DataTransmitService HTTP/1.1" 200 524
58.40.7.146 - - [29/May/2023:09:48:40 +0800] "GET /xingrg/all/function/internal_message.html?_=1685324920837&CODE_STATE=getMsg HTTP/1.1" 200 27
218.81.217.41 - - [29/May/2023:09:48:41 +0800] "POST /xingrg/services/DataTransmitService HTTP/1.1" 200 2335
218.81.217.41 - - [29/May/2023:09:48:41 +0800] "POST /xingrg/services/DataTransmitService HTTP/1.1" 200 524
218.81.217.41 - - [29/May/2023:09:48:42 +0800] "POST /xingrg/services/DataTransmitService HTTP/1.1" 200 2335
101.83.145.52 - - [29/May/2023:09:48:46 +0800] "GET /xingrg/all/function/internal_message.html?_=1685324757634&CODE_STATE=getMsg HTTP/1.1" 200 27
114.83.218.148 - - [29/May/2023:09:48:49 +0800] "GET /xingrg/all/function/internal_message.html?_=1685324928112&CODE_STATE=getMsg HTTP/1.1" 200 27
114.85.113.108 - - [29/May/2023:09:48:50 +0800] "GET /xingrg/all/function/internal_message.html?_=1685324902952&CODE_STATE=getMsg HTTP/1.1" 200 27
222.70.180.90 - - [29/May/2023:09:48:51 +0800] "GET /xingrg/all/function/internal_message.html?_=1685324930799&CODE_STATE=getMsg HTTP/1.1" 200 27
218.81.217.41 - - [29/May/2023:09:48:52 +0800] "POST /xingrg/services/DataTransmitService HTTP/1.1" 200 524
101.229.22.40 - - [29/May/2023:09:48:53 +0800] "GET /xingrg/all/function/internal_message.html?_=1685324933278&CODE_STATE=getMsg HTTP/1.1" 200 27
116.238.139.35 - - [29/May/2023:09:48:54 +0800] "GET /xingrg/all/function/internal_message.html?_=1685324934296&CODE_STATE=getMsg HTTP/1.1" 200 27
114.85.98.170 - - [29/May/2023:09:48:57 +0800] "GET /xingrg/all/function/internal_message.html?_=1685324937042&CODE_STATE=getMsg HTTP/1.1" 200 27
180.169.147.146 - - [29/May/2023:09:49:00 +0800] "GET /xingrg/all/function/internal_message.html?_=1685324940510&CODE_STATE=getMsg HTTP/1.1" 200 27
218.81.217.41 - - [29/May/2023:09:49:07 +0800] "GET /xingrg/check_reg.html?_=1685324949176 HTTP/1.1" 200 22
180.164.3.199 - - [29/May/2023:09:49:09 +0800] "GET /xingrg/all/function/internal_message.html?_=1685324948570&CODE_STATE=getMsg HTTP/1.1" 200 27
