101.83.145.52 - - [29/May/2023:11:58:46 +0800] "GET /xingrg/all/function/internal_message.html?_=1685332557695&CODE_STATE=getMsg HTTP/1.1" 200 27
114.83.218.148 - - [29/May/2023:11:58:47 +0800] "GET /xingrg/all/function/internal_message.html?_=1685332726595&CODE_STATE=getMsg HTTP/1.1" 200 27
124.79.74.67 - - [29/May/2023:11:58:48 +0800] "POST /xingrg/kc/buy/cgsh_order_operate.html HTTP/1.1" 200 37
124.79.74.67 - - [29/May/2023:11:58:49 +0800] "POST /xingrg/kc/buy/cgsh_order_operate.html HTTP/1.1" 200 2659
124.79.74.67 - - [29/May/2023:11:58:50 +0800] "GET /xingrg/all/function/internal_message.html?_=1685332730670&CODE_STATE=getMsg HTTP/1.1" 200 27
218.81.217.41 - - [29/May/2023:11:58:50 +0800] "GET /xingrg/all/function/internal_message.html?_=1685332732383&CODE_STATE=getMsg HTTP/1.1" 200 27
124.79.74.67 - - [29/May/2023:11:58:51 +0800] "GET /xingrg/kc/print/load_config.html?kc_code=cgsh HTTP/1.1" 200 1924
124.79.74.67 - - [29/May/2023:11:58:51 +0800] "GET /xingrg/kc/print/load_data.html?order_code=212023052911037&kc_code=cgsh&condition= HTTP/1.1" 200 665
114.85.36.120 - - [29/May/2023:11:58:52 +0800] "GET /xingrg/all/function/internal_message.html?_=1685331547753&CODE_STATE=getMsg HTTP/1.1" 200 27
101.229.22.40 - - [29/May/2023:11:58:53 +0800] "GET /xingrg/all/function/internal_message.html?_=1685332733495&CODE_STATE=getMsg HTTP/1.1" 200 27
116.238.139.35 - - [29/May/2023:11:58:57 +0800] "GET /xingrg/all/function/internal_message.html?_=1685332737340&CODE_STATE=getMsg HTTP/1.1" 200 27
116.238.139.35 - - [29/May/2023:11:58:57 +0800] "GET /xingrg/check_reg.html?_=1685332737343 HTTP/1.1" 200 22
172.20.0.100 - - [29/May/2023:11:58:58 +0800] "GET /xingrg/all/function/internal_message.html?_=1685332739685&CODE_STATE=getMsg HTTP/1.1" 200 27
222.69.128.166 - - [29/May/2023:11:59:03 +0800] "GET /xingrg/all/function/internal_message.html?_=1685332843123&CODE_STATE=getMsg HTTP/1.1" 200 27
116.237.77.151 - - [29/May/2023:11:59:08 +0800] "GET /xingrg/all/function/internal_message.html?_=1685332750263&CODE_STATE=getMsg HTTP/1.1" 200 27
180.164.3.199 - - [29/May/2023:11:59:09 +0800] "GET /xingrg/all/function/internal_message.html?_=1685332748588&CODE_STATE=getMsg HTTP/1.1" 200 27
218.81.217.41 - - [29/May/2023:11:59:12 +0800] "GET /xingrg/check_reg.html?_=1685332754779 HTTP/1.1" 200 22
124.79.74.67 - - [29/May/2023:11:59:15 +0800] "POST /xingrg/kc/buy/cgsh_list_operate.html HTTP/1.1" 200 5873
120.253.135.82 - - [29/May/2023:11:59:16 +0800] "GET /xingrg/all/function/internal_message.html?_=1685332592404&CODE_STATE=getMsg HTTP/1.1" 200 27
116.232.195.127 - - [29/May/2023:11:59:20 +0800] "GET /xingrg/all/function/internal_message.html?_=1685332787693&CODE_STATE=getMsg HTTP/1.1" 200 27
180.169.147.146 - - [29/May/2023:11:59:20 +0800] "GET /xingrg/all/function/internal_message.html?_=1685332759616&CODE_STATE=getMsg HTTP/1.1" 200 27
116.232.195.127 - - [29/May/2023:11:59:20 +0800] "GET /xingrg/check_reg.html?_=1685332788325 HTTP/1.1" 200 22
222.70.180.90 - - [29/May/2023:11:59:28 +0800] "GET /xingrg/all/function/internal_message.html?_=1685332767997&CODE_STATE=getMsg HTTP/1.1" 200 27
58.40.7.146 - - [29/May/2023:11:59:40 +0800] "GET /xingrg/all/function/internal_message.html?_=1685332780880&CODE_STATE=getMsg HTTP/1.1" 200 27
114.85.113.108 - - [29/May/2023:11:59:44 +0800] "GET /xingrg/all/function/internal_message.html?_=1685332757030&CODE_STATE=getMsg HTTP/1.1" 200 27
172.20.0.100 - - [29/May/2023:11:59:45 +0800] "GET /xingrg/all/function/internal_message.html?_=1685332784543&CODE_STATE=getMsg HTTP/1.1" 302 -
101.83.145.52 - - [29/May/2023:11:59:46 +0800] "GET /xingrg/all/function/internal_message.html?_=1685332617690&CODE_STATE=getMsg HTTP/1.1" 200 27
114.83.218.148 - - [29/May/2023:11:59:47 +0800] "GET /xingrg/all/function/internal_message.html?_=1685332786565&CODE_STATE=getMsg HTTP/1.1" 200 27
124.79.74.67 - - [29/May/2023:11:59:50 +0800] "GET /xingrg/all/function/internal_message.html?_=1685332790679&CODE_STATE=getMsg HTTP/1.1" 200 27
124.79.74.67 - - [29/May/2023:11:59:50 +0800] "GET /xingrg/check_reg.html?_=1685332790681 HTTP/1.1" 200 22
218.81.217.41 - - [29/May/2023:11:59:50 +0800] "GET /xingrg/all/function/internal_message.html?_=1685332792393&CODE_STATE=getMsg HTTP/1.1" 200 27
180.169.147.146 - - [29/May/2023:11:59:50 +0800] "GET /xingrg/kc/base/stock_detail.html?m=00101034085 HTTP/1.1" 200 7367
114.85.36.120 - - [29/May/2023:11:59:52 +0800] "GET /xingrg/all/function/internal_message.html?_=1685331607752&CODE_STATE=getMsg HTTP/1.1" 200 27
101.229.22.40 - - [29/May/2023:11:59:53 +0800] "GET /xingrg/all/function/internal_message.html?_=1685332793497&CODE_STATE=getMsg HTTP/1.1" 200 27
116.238.139.35 - - [29/May/2023:11:59:57 +0800] "GET /xingrg/all/function/internal_message.html?_=1685332797344&CODE_STATE=getMsg HTTP/1.1" 200 27
172.20.0.100 - - [29/May/2023:11:59:58 +0800] "GET /xingrg/all/function/internal_message.html?_=1685332799683&CODE_STATE=getMsg HTTP/1.1" 200 27
180.169.147.146 - - [29/May/2023:12:00:00 +0800] "GET /xingrg/kc/base/stock_operate.html?_=1685332799218&command=get_report_file&start_day=20221001 HTTP/1.1" 200 53
180.169.147.146 - - [29/May/2023:12:00:00 +0800] "GET /xingrg/all/report/report_query.html?isQuery=1&onlyBody=1&rh=2000&fileName=kc/base/kc_stock_detail_new.xml&queryString=(1=1)&queryText=&tableQueryString=init_table$sp1$$sp$crk_table$sp1$order_day%20between%2020221001%20and%2020230531&varString=start_day:20221001,materiel_code:00101034085,cost_id:3936,end_date:20220930 HTTP/1.1" 200 48701
180.169.147.146 - - [29/May/2023:12:00:00 +0800] "GET /xingrg/dwr/interface/AjaxReportQueryService.js HTTP/1.1" 200 13203
180.169.147.146 - - [29/May/2023:12:00:00 +0800] "GET /xingrg/dwr/engine.js HTTP/1.1" 200 43631
180.169.147.146 - - [29/May/2023:12:00:01 +0800] "POST /xingrg/all/report/load_report_page.html HTTP/1.1" 200 25078
180.169.147.146 - - [29/May/2023:12:00:01 +0800] "GET /xingrg/servlets/image?cache=0.05723212012428336&image=px HTTP/1.1" 200 807
222.69.128.166 - - [29/May/2023:12:00:03 +0800] "GET /xingrg/all/function/internal_message.html?_=1685332903115&CODE_STATE=getMsg HTTP/1.1" 200 27
116.237.77.151 - - [29/May/2023:12:00:08 +0800] "GET /xingrg/all/function/internal_message.html?_=1685332810260&CODE_STATE=getMsg HTTP/1.1" 200 27
180.164.3.199 - - [29/May/2023:12:00:09 +0800] "GET /xingrg/all/function/internal_message.html?_=1685332808575&CODE_STATE=getMsg HTTP/1.1" 200 27
180.169.147.146 - - [29/May/2023:12:00:15 +0800] "GET /xingrg/kc/base/stock_operate.html?_=1685332814582&command=get_report_file&start_day=20220901 HTTP/1.1" 200 53
180.169.147.146 - - [29/May/2023:12:00:15 +0800] "GET /xingrg/all/report/report_query.html?isQuery=1&onlyBody=1&rh=2000&fileName=kc/base/kc_stock_detail_new.xml&queryString=(1=1)&queryText=&tableQueryString=init_table$sp1$$sp$crk_table$sp1$order_day%20between%2020220901%20and%2020230531&varString=start_day:20220901,materiel_code:00101034085,cost_id:3882,end_date:20220831 HTTP/1.1" 200 48701
180.169.147.146 - - [29/May/2023:12:00:15 +0800] "GET /xingrg/dwr/interface/AjaxReportQueryService.js HTTP/1.1" 200 13203
180.169.147.146 - - [29/May/2023:12:00:15 +0800] "GET /xingrg/dwr/engine.js HTTP/1.1" 200 43631
120.253.135.82 - - [29/May/2023:12:00:16 +0800] "GET /xingrg/all/function/internal_message.html?_=1685332652419&CODE_STATE=getMsg HTTP/1.1" 200 27
180.169.147.146 - - [29/May/2023:12:00:17 +0800] "POST /xingrg/all/report/load_report_page.html HTTP/1.1" 200 25078
180.169.147.146 - - [29/May/2023:12:00:17 +0800] "GET /xingrg/servlets/image?cache=0.32239538905470433&image=px HTTP/1.1" 200 807
116.232.195.127 - - [29/May/2023:12:00:20 +0800] "GET /xingrg/all/function/internal_message.html?_=1685332847678&CODE_STATE=getMsg HTTP/1.1" 200 27
180.169.147.146 - - [29/May/2023:12:00:20 +0800] "GET /xingrg/check_reg.html?_=1685332819583 HTTP/1.1" 200 22
180.169.147.146 - - [29/May/2023:12:00:20 +0800] "GET /xingrg/all/function/internal_message.html?_=1685332819585&CODE_STATE=getMsg HTTP/1.1" 200 27
180.169.147.146 - - [29/May/2023:12:00:21 +0800] "GET /xingrg/kc/base/stock_detail.html?m=00101023017 HTTP/1.1" 200 7363
222.70.180.90 - - [29/May/2023:12:00:28 +0800] "GET /xingrg/all/function/internal_message.html?_=1685332827981&CODE_STATE=getMsg HTTP/1.1" 200 27
180.169.147.146 - - [29/May/2023:12:00:28 +0800] "GET /xingrg/kc/base/stock_operate.html?_=1685332827422&command=get_report_file&start_day=20220601 HTTP/1.1" 200 53
180.169.147.146 - - [29/May/2023:12:00:28 +0800] "GET /xingrg/all/report/report_query.html?isQuery=1&onlyBody=1&rh=2000&fileName=kc/base/kc_stock_detail_new.xml&queryString=(1=1)&queryText=&tableQueryString=init_table$sp1$$sp$crk_table$sp1$order_day%20between%2020220601%20and%2020230531&varString=start_day:20220601,materiel_code:00101023017,cost_id:3743,end_date:20220531 HTTP/1.1" 200 48701
180.169.147.146 - - [29/May/2023:12:00:28 +0800] "GET /xingrg/dwr/interface/AjaxReportQueryService.js HTTP/1.1" 200 13203
180.169.147.146 - - [29/May/2023:12:00:28 +0800] "GET /xingrg/dwr/engine.js HTTP/1.1" 200 43631
180.169.147.146 - - [29/May/2023:12:00:30 +0800] "POST /xingrg/all/report/load_report_page.html HTTP/1.1" 200 49361
180.169.147.146 - - [29/May/2023:12:00:30 +0800] "GET /xingrg/servlets/image?cache=0.3146431700820601&image=px HTTP/1.1" 200 807
58.40.7.146 - - [29/May/2023:12:00:40 +0800] "GET /xingrg/all/function/internal_message.html?_=1685332840884&CODE_STATE=getMsg HTTP/1.1" 200 27
114.85.113.108 - - [29/May/2023:12:00:40 +0800] "GET /xingrg/kc/mdqp/pssh_order_list.html HTTP/1.1" 200 17054
114.85.113.108 - - [29/May/2023:12:00:40 +0800] "GET /xingrg/javascript/easyui/themes/icon.css HTTP/1.1" 200 4483
114.85.113.108 - - [29/May/2023:12:00:40 +0800] "GET /xingrg/css/base.css HTTP/1.1" 200 2811
114.85.113.108 - - [29/May/2023:12:00:40 +0800] "GET /xingrg/css/site.css HTTP/1.1" 200 7541
114.85.113.108 - - [29/May/2023:12:00:40 +0800] "GET /xingrg/javascript/jquery_tools/datebox.css HTTP/1.1" 200 2597
114.85.113.108 - - [29/May/2023:12:00:40 +0800] "GET /xingrg/javascript/easyui/themes/default/easyui.css HTTP/1.1" 200 30432
114.85.113.108 - - [29/May/2023:12:00:40 +0800] "GET /xingrg/javascript/auto/jquery.autocomplete.css HTTP/1.1" 200 587
114.85.113.108 - - [29/May/2023:12:00:40 +0800] "GET /xingrg/javascript/jquery_tools/jquery.tools.min.js HTTP/1.1" 200 138801
114.85.113.108 - - [29/May/2023:12:00:40 +0800] "GET /xingrg/javascript/jquery_tools/table.css HTTP/1.1" 200 1032
114.85.113.108 - - [29/May/2023:12:00:40 +0800] "GET /xingrg/javascript/jquery_tools/fix.css HTTP/1.1" 200 1702
114.85.113.108 - - [29/May/2023:12:00:40 +0800] "GET /xingrg/javascript/jquery_tools/jquery.tools.extend.js HTTP/1.1" 200 15385
114.85.113.108 - - [29/May/2023:12:00:40 +0800] "GET /xingrg/javascript/jquery_tools/jquery.tools.hotkey.js HTTP/1.1" 200 3242
114.85.113.108 - - [29/May/2023:12:00:40 +0800] "GET /xingrg/javascript/jquery_tools/jquery.tools.table.js HTTP/1.1" 200 6994
114.85.113.108 - - [29/May/2023:12:00:40 +0800] "GET /xingrg/javascript/jquery_tools/list_manager.js HTTP/1.1" 200 3652
114.85.113.108 - - [29/May/2023:12:00:40 +0800] "GET /xingrg/javascript/auto/jquery.autocomplete.js HTTP/1.1" 200 21624
114.85.113.108 - - [29/May/2023:12:00:41 +0800] "GET /xingrg/javascript/easyui/easyloader.js HTTP/1.1" 200 5975
114.85.113.108 - - [29/May/2023:12:00:41 +0800] "GET /xingrg/javascript/jquery.cookie.js HTTP/1.1" 200 5513
114.85.113.108 - - [29/May/2023:12:00:41 +0800] "GET /xingrg/javascript/jquery.utils.js HTTP/1.1" 200 11805
114.85.113.108 - - [29/May/2023:12:00:41 +0800] "GET /xingrg/javascript/easyui/plugins/jquery.parser.js HTTP/1.1" 200 1142
114.85.113.108 - - [29/May/2023:12:00:41 +0800] "GET /xingrg/images/control/ajaxLoader.gif HTTP/1.1" 200 4659
114.85.113.108 - - [29/May/2023:12:00:41 +0800] "POST /xingrg/kc/mdqp/pssh_list_operate.html HTTP/1.1" 200 5473
114.85.113.108 - - [29/May/2023:12:00:44 +0800] "GET /xingrg/all/function/internal_message.html?_=1685332817031&CODE_STATE=getMsg HTTP/1.1" 200 27
172.20.0.100 - - [29/May/2023:12:00:45 +0800] "GET /xingrg/all/function/internal_message.html?_=1685332844546&CODE_STATE=getMsg HTTP/1.1" 302 -
101.83.145.52 - - [29/May/2023:12:00:46 +0800] "GET /xingrg/all/function/internal_message.html?_=1685332677669&CODE_STATE=getMsg HTTP/1.1" 200 27
114.83.218.148 - - [29/May/2023:12:00:47 +0800] "GET /xingrg/all/function/internal_message.html?_=1685332846542&CODE_STATE=getMsg HTTP/1.1" 200 27
114.85.113.108 - - [29/May/2023:12:00:47 +0800] "GET /xingrg/kc/buy/cgsh_order_list.html HTTP/1.1" 200 55678
114.85.113.108 - - [29/May/2023:12:00:47 +0800] "GET /xingrg/javascript/print/LodopFuncs.js HTTP/1.1" 200 5121
114.85.113.108 - - [29/May/2023:12:00:50 +0800] "POST /xingrg/kc/buy/cgsh_list_operate.html HTTP/1.1" 200 986
124.79.74.67 - - [29/May/2023:12:00:50 +0800] "GET /xingrg/all/function/internal_message.html?_=1685332850673&CODE_STATE=getMsg HTTP/1.1" 200 27
218.81.217.41 - - [29/May/2023:12:00:50 +0800] "GET /xingrg/all/function/internal_message.html?_=1685332852405&CODE_STATE=getMsg HTTP/1.1" 200 27
114.85.36.120 - - [29/May/2023:12:00:52 +0800] "GET /xingrg/all/function/internal_message.html?_=1685331667757&CODE_STATE=getMsg HTTP/1.1" 200 27
114.85.113.108 - - [29/May/2023:12:00:53 +0800] "GET /xingrg/kc/buy/cgsh_order_add.html HTTP/1.1" 200 70649
114.85.113.108 - - [29/May/2023:12:00:53 +0800] "GET /xingrg/javascript/pic_change.js HTTP/1.1" 200 4739
114.85.113.108 - - [29/May/2023:12:00:53 +0800] "GET /xingrg/javascript/jquery_tools/order_manager.js HTTP/1.1" 200 11183
114.85.113.108 - - [29/May/2023:12:00:53 +0800] "GET /xingrg/javascript/convert.js HTTP/1.1" 200 1239
114.85.113.108 - - [29/May/2023:12:00:53 +0800] "GET /xingrg/javascript/json2.js HTTP/1.1" 200 11259
114.85.113.108 - - [29/May/2023:12:00:53 +0800] "GET /xingrg/javascript/print/kc_print.js HTTP/1.1" 200 11415
116.237.77.151 - - [29/May/2023:12:00:53 +0800] "GET /xingrg/kc/buy/buy_main.html HTTP/1.1" 200 12412
101.229.22.40 - - [29/May/2023:12:00:53 +0800] "GET /xingrg/all/function/internal_message.html?_=1685332853499&CODE_STATE=getMsg HTTP/1.1" 200 27
114.85.113.108 - - [29/May/2023:12:00:53 +0800] "GET /xingrg/words/20230528204915_words.js HTTP/1.1" 200 966163
116.237.77.151 - - [29/May/2023:12:00:53 +0800] "GET /xingrg/css/new_ie.css HTTP/1.1" 404 1036
114.85.113.108 - - [29/May/2023:12:00:53 +0800] "GET /xingrg/javascript/easyui/themes/icons/copy_new.png HTTP/1.1" 200 815
114.85.113.108 - - [29/May/2023:12:00:53 +0800] "GET /xingrg/javascript/easyui/themes/icons/template_new.png HTTP/1.1" 200 3956
114.85.113.108 - - [29/May/2023:12:00:53 +0800] "GET /xingrg/javascript/easyui/themes/icons/print.png HTTP/1.1" 200 1057
114.85.113.108 - - [29/May/2023:12:00:53 +0800] "GET /xingrg/javascript/easyui/themes/icons/ok.png HTTP/1.1" 200 883
114.85.113.108 - - [29/May/2023:12:00:53 +0800] "GET /xingrg/javascript/easyui/themes/default/images/menu_downarrow.png HTTP/1.1" 200 173
114.85.113.108 - - [29/May/2023:12:00:53 +0800] "GET /xingrg/javascript/easyui/themes/icons/cancel.png HTTP/1.1" 200 1133
114.85.113.108 - - [29/May/2023:12:00:53 +0800] "POST /xingrg/kc/buy/cgsh_order_operate.html HTTP/1.1" 200 8245
114.85.113.108 - - [29/May/2023:12:00:54 +0800] "GET /xingrg/javascript/easyui/themes/default/validatebox.css HTTP/1.1" 404 1104
114.85.113.108 - - [29/May/2023:12:00:54 +0800] "GET /xingrg/javascript/easyui/plugins/jquery.validatebox.js HTTP/1.1" 200 6103
114.85.113.108 - - [29/May/2023:12:00:54 +0800] "GET /xingrg/all/common/auto_word.html?type=employee&rest_code=00145 HTTP/1.1" 200 151
114.85.113.108 - - [29/May/2023:12:00:54 +0800] "GET /xingrg/all/common/auto_word.html?type=employee&rest_code=00145 HTTP/1.1" 200 151
114.85.113.108 - - [29/May/2023:12:00:54 +0800] "GET /xingrg/javascript/easyui/themes/icons/edit_remove.png HTTP/1.1" 200 625
114.85.113.108 - - [29/May/2023:12:00:54 +0800] "GET /xingrg/javascript/easyui/plugins/jquery.numberbox.js HTTP/1.1" 200 5213
114.85.113.108 - - [29/May/2023:12:00:55 +0800] "GET /xingrg/javascript/auto/indicator.gif HTTP/1.1" 404 1066
116.238.139.35 - - [29/May/2023:12:00:57 +0800] "GET /xingrg/all/function/internal_message.html?_=1685332857343&CODE_STATE=getMsg HTTP/1.1" 200 27
172.20.0.100 - - [29/May/2023:12:00:58 +0800] "GET /xingrg/all/function/internal_message.html?_=1685332859682&CODE_STATE=getMsg HTTP/1.1" 200 27
222.69.128.166 - - [29/May/2023:12:01:03 +0800] "GET /xingrg/all/function/internal_message.html?_=1685332963106&CODE_STATE=getMsg HTTP/1.1" 200 27
116.237.77.151 - - [29/May/2023:12:01:08 +0800] "GET /xingrg/all/function/internal_message.html?_=1685332870268&CODE_STATE=getMsg HTTP/1.1" 200 27
180.164.3.199 - - [29/May/2023:12:01:09 +0800] "GET /xingrg/all/function/internal_message.html?_=1685332868591&CODE_STATE=getMsg HTTP/1.1" 200 27
180.164.3.199 - - [29/May/2023:12:01:09 +0800] "GET /xingrg/check_reg.html?_=1685332868594 HTTP/1.1" 200 22
120.253.135.82 - - [29/May/2023:12:01:16 +0800] "GET /xingrg/all/function/internal_message.html?_=1685332712436&CODE_STATE=getMsg HTTP/1.1" 200 27
116.232.195.127 - - [29/May/2023:12:01:20 +0800] "GET /xingrg/all/function/internal_message.html?_=1685332907657&CODE_STATE=getMsg HTTP/1.1" 200 27
180.169.147.146 - - [29/May/2023:12:01:20 +0800] "GET /xingrg/all/function/internal_message.html?_=1685332879583&CODE_STATE=getMsg HTTP/1.1" 200 27
116.237.77.151 - - [29/May/2023:12:01:20 +0800] "GET /xingrg/kc/buy/buy_main.html HTTP/1.1" 200 12412
116.237.77.151 - - [29/May/2023:12:01:20 +0800] "GET /xingrg/css/new_ie.css HTTP/1.1" 404 1036
116.237.77.151 - - [29/May/2023:12:01:22 +0800] "GET /xingrg/images/yd/bt.gif HTTP/1.1" 404 1040
116.237.77.151 - - [29/May/2023:12:01:23 +0800] "GET /xingrg/kc/buy/cgsh_order_list.html HTTP/1.1" 200 55672
114.85.113.108 - - [29/May/2023:12:01:27 +0800] "GET /xingrg/kc/buy/cgsh_order_operate.html?command=get_materiel&rest_code=00145&code=00101009050&supplier_code=00100589&order_time=2023-05-29 HTTP/1.1" 200 427
116.237.77.151 - - [29/May/2023:12:01:27 +0800] "POST /xingrg/kc/buy/cgsh_list_operate.html HTTP/1.1" 200 3111
222.70.180.90 - - [29/May/2023:12:01:28 +0800] "GET /xingrg/all/function/internal_message.html?_=1685332887966&CODE_STATE=getMsg HTTP/1.1" 200 27
58.40.7.146 - - [29/May/2023:12:01:40 +0800] "GET /xingrg/all/function/internal_message.html?_=1685332900888&CODE_STATE=getMsg HTTP/1.1" 200 27
58.40.7.146 - - [29/May/2023:12:01:40 +0800] "GET /xingrg/check_reg.html?_=1685332900889 HTTP/1.1" 200 22
114.85.113.108 - - [29/May/2023:12:01:44 +0800] "GET /xingrg/all/function/internal_message.html?_=1685332877030&CODE_STATE=getMsg HTTP/1.1" 200 27
114.85.113.108 - - [29/May/2023:12:01:44 +0800] "GET /xingrg/kc/buy/cgsh_order_operate.html?command=get_materiel&rest_code=00145&code=00101009122&supplier_code=00100589&order_time=2023-05-29 HTTP/1.1" 200 424
172.20.0.100 - - [29/May/2023:12:01:45 +0800] "GET /xingrg/all/function/internal_message.html?_=1685332904549&CODE_STATE=getMsg HTTP/1.1" 302 -
172.20.0.100 - - [29/May/2023:12:01:45 +0800] "GET /xingrg/check_reg.html?_=1685332904551 HTTP/1.1" 302 -
101.83.145.52 - - [29/May/2023:12:01:46 +0800] "GET /xingrg/all/function/internal_message.html?_=1685332737684&CODE_STATE=getMsg HTTP/1.1" 200 27
101.83.145.52 - - [29/May/2023:12:01:46 +0800] "GET /xingrg/check_reg.html?_=1685332737833 HTTP/1.1" 200 22
114.83.218.148 - - [29/May/2023:12:01:47 +0800] "GET /xingrg/all/function/internal_message.html?_=1685332906538&CODE_STATE=getMsg HTTP/1.1" 200 27
222.70.180.90 - - [29/May/2023:12:01:49 +0800] "POST /xingrg/services/DataTransmitService HTTP/1.1" 200 524
124.79.74.67 - - [29/May/2023:12:01:50 +0800] "GET /xingrg/all/function/internal_message.html?_=1685332910675&CODE_STATE=getMsg HTTP/1.1" 200 27
218.81.217.41 - - [29/May/2023:12:01:51 +0800] "GET /xingrg/all/function/internal_message.html?_=1685332912974&CODE_STATE=getMsg HTTP/1.1" 200 27
114.85.36.120 - - [29/May/2023:12:01:52 +0800] "GET /xingrg/check_reg.html?_=1685331727759 HTTP/1.1" 200 22
114.85.36.120 - - [29/May/2023:12:01:52 +0800] "GET /xingrg/all/function/internal_message.html?_=1685331727762&CODE_STATE=getMsg HTTP/1.1" 200 27
101.229.22.40 - - [29/May/2023:12:01:53 +0800] "GET /xingrg/all/function/internal_message.html?_=1685332913495&CODE_STATE=getMsg HTTP/1.1" 200 27
101.229.22.40 - - [29/May/2023:12:01:53 +0800] "GET /xingrg/check_reg.html?_=1685332913497 HTTP/1.1" 200 22
116.238.139.35 - - [29/May/2023:12:01:57 +0800] "GET /xingrg/all/function/internal_message.html?_=1685332917344&CODE_STATE=getMsg HTTP/1.1" 200 27
172.20.0.100 - - [29/May/2023:12:01:58 +0800] "GET /xingrg/all/function/internal_message.html?_=1685332919680&CODE_STATE=getMsg HTTP/1.1" 200 27
172.20.0.100 - - [29/May/2023:12:01:58 +0800] "GET /xingrg/check_reg.html?_=1685332919681 HTTP/1.1" 200 22
114.85.113.108 - - [29/May/2023:12:02:01 +0800] "POST /xingrg/kc/buy/cgsh_order_operate.html HTTP/1.1" 200 37
222.69.128.166 - - [29/May/2023:12:02:03 +0800] "GET /xingrg/all/function/internal_message.html?_=1685333023118&CODE_STATE=getMsg HTTP/1.1" 200 27
116.237.77.151 - - [29/May/2023:12:02:08 +0800] "GET /xingrg/all/function/internal_message.html?_=1685332930283&CODE_STATE=getMsg HTTP/1.1" 200 27
116.237.77.151 - - [29/May/2023:12:02:08 +0800] "GET /xingrg/check_reg.html?_=1685332930286 HTTP/1.1" 200 22
180.164.3.199 - - [29/May/2023:12:02:09 +0800] "GET /xingrg/all/function/internal_message.html?_=1685332928581&CODE_STATE=getMsg HTTP/1.1" 200 27
120.253.135.82 - - [29/May/2023:12:02:16 +0800] "GET /xingrg/all/function/internal_message.html?_=1685332772446&CODE_STATE=getMsg HTTP/1.1" 200 27
116.232.195.127 - - [29/May/2023:12:02:20 +0800] "GET /xingrg/all/function/internal_message.html?_=1685332967629&CODE_STATE=getMsg HTTP/1.1" 200 27
180.169.147.146 - - [29/May/2023:12:02:20 +0800] "GET /xingrg/all/function/internal_message.html?_=1685332939594&CODE_STATE=getMsg HTTP/1.1" 200 27
222.70.180.90 - - [29/May/2023:12:02:28 +0800] "GET /xingrg/all/function/internal_message.html?_=1685332947952&CODE_STATE=getMsg HTTP/1.1" 200 27
222.70.180.90 - - [29/May/2023:12:02:29 +0800] "GET /xingrg/check_reg.html?_=1685332949359 HTTP/1.1" 200 22
58.40.7.146 - - [29/May/2023:12:02:40 +0800] "GET /xingrg/all/function/internal_message.html?_=1685332960892&CODE_STATE=getMsg HTTP/1.1" 200 27
114.85.113.108 - - [29/May/2023:12:02:44 +0800] "GET /xingrg/all/function/internal_message.html?_=1685332937033&CODE_STATE=getMsg HTTP/1.1" 200 27
114.85.113.108 - - [29/May/2023:12:02:44 +0800] "POST /xingrg/kc/buy/cgsh_order_operate.html HTTP/1.1" 200 12
172.20.0.100 - - [29/May/2023:12:02:45 +0800] "GET /xingrg/all/function/internal_message.html?_=1685332964551&CODE_STATE=getMsg HTTP/1.1" 302 -
101.83.145.52 - - [29/May/2023:12:02:46 +0800] "GET /xingrg/all/function/internal_message.html?_=1685332797663&CODE_STATE=getMsg HTTP/1.1" 200 27
124.79.74.67 - - [29/May/2023:12:02:50 +0800] "GET /xingrg/all/function/internal_message.html?_=1685332970686&CODE_STATE=getMsg HTTP/1.1" 200 27
218.81.217.41 - - [29/May/2023:12:02:51 +0800] "GET /xingrg/all/function/internal_message.html?_=1685332972978&CODE_STATE=getMsg HTTP/1.1" 200 27
114.85.36.120 - - [29/May/2023:12:02:52 +0800] "GET /xingrg/all/function/internal_message.html?_=1685331787751&CODE_STATE=getMsg HTTP/1.1" 200 27
101.229.22.40 - - [29/May/2023:12:02:53 +0800] "GET /xingrg/all/function/internal_message.html?_=1685332973493&CODE_STATE=getMsg HTTP/1.1" 200 27
114.85.113.108 - - [29/May/2023:12:02:54 +0800] "GET /xingrg/kc/buy/cgsh_order_info.html?code=212023052911038 HTTP/1.1" 200 65545
114.85.113.108 - - [29/May/2023:12:02:54 +0800] "GET /xingrg/javascript/easyui/themes/default/validatebox.css HTTP/1.1" 404 1104
114.85.113.108 - - [29/May/2023:12:02:55 +0800] "POST /xingrg/kc/buy/cgsh_order_operate.html HTTP/1.1" 200 1188
116.238.139.35 - - [29/May/2023:12:02:57 +0800] "POST /xingrg/services/DataTransmitService HTTP/1.1" 200 524
116.238.139.35 - - [29/May/2023:12:02:57 +0800] "GET /xingrg/all/function/internal_message.html?_=1685332977343&CODE_STATE=getMsg HTTP/1.1" 200 27
114.85.113.108 - - [29/May/2023:12:02:57 +0800] "GET /xingrg/kc/print/load_config.html?kc_code=cgsh HTTP/1.1" 200 1924
114.85.113.108 - - [29/May/2023:12:02:58 +0800] "GET /xingrg/kc/print/load_data.html?order_code=212023052911038&kc_code=cgsh&condition= HTTP/1.1" 200 913
172.20.0.100 - - [29/May/2023:12:02:58 +0800] "GET /xingrg/all/function/internal_message.html?_=1685332979680&CODE_STATE=getMsg HTTP/1.1" 200 27
116.237.77.151 - - [29/May/2023:12:02:59 +0800] "GET /xingrg/kc/buy/cgsh_order_add.html HTTP/1.1" 200 71448
116.237.77.151 - - [29/May/2023:12:02:59 +0800] "POST /xingrg/kc/buy/cgsh_order_operate.html HTTP/1.1" 200 8245
116.237.77.151 - - [29/May/2023:12:02:59 +0800] "GET /xingrg/javascript/easyui/themes/default/validatebox.css HTTP/1.1" 404 1104
116.238.139.35 - - [29/May/2023:12:03:00 +0800] "POST /xingrg/services/DataTransmitService HTTP/1.1" 200 2079
116.237.77.151 - - [29/May/2023:12:03:00 +0800] "GET /xingrg/javascript/easyui/themes/default/tree.css HTTP/1.1" 404 1090
116.237.77.151 - - [29/May/2023:12:03:01 +0800] "POST /xingrg/all/common/load_tree.html?tree=supplier_tree_json&isDelete=1 HTTP/1.1" 200 74195
116.238.139.35 - - [29/May/2023:12:03:01 +0800] "POST /xingrg/services/DataTransmitService HTTP/1.1" 200 113476
222.69.128.166 - - [29/May/2023:12:03:03 +0800] "GET /xingrg/check_reg.html?_=1685333083110 HTTP/1.1" 200 22
222.69.128.166 - - [29/May/2023:12:03:03 +0800] "GET /xingrg/all/function/internal_message.html?_=1685333083112&CODE_STATE=getMsg HTTP/1.1" 200 27
120.253.135.82 - - [29/May/2023:12:03:03 +0800] "GET /xingrg/login.html HTTP/1.1" 200 7641
114.85.113.108 - - [29/May/2023:12:03:03 +0800] "GET /xingrg/kc/buy/cgsh_order_add.html HTTP/1.1" 200 70649
114.85.113.108 - - [29/May/2023:12:03:03 +0800] "POST /xingrg/kc/buy/cgsh_order_operate.html HTTP/1.1" 200 8245
114.85.113.108 - - [29/May/2023:12:03:03 +0800] "GET /xingrg/javascript/easyui/themes/default/validatebox.css HTTP/1.1" 404 1104
120.253.135.82 - - [29/May/2023:12:03:06 +0800] "POST /xingrg/login.do HTTP/1.1" 302 -
120.253.135.82 - - [29/May/2023:12:03:06 +0800] "GET /xingrg/index.html?sysBaseUrl=http%3A%2F%2F180.169.147.146%3A18081%2Fxingrg%2F&costTime=805×tamp=1685332986231 HTTP/1.1" 200 17173
120.253.135.82 - - [29/May/2023:12:03:06 +0800] "GET /xingrg/all/function/internal_message.html?_=1685333126235&CODE_STATE=count HTTP/1.1" 200 11
120.253.135.82 - - [29/May/2023:12:03:06 +0800] "GET /xingrg/check_reg.html?_=1685333126237 HTTP/1.1" 200 22
120.253.135.82 - - [29/May/2023:12:03:06 +0800] "POST /xingrg/all/common/load_tree.html?tree=area_rest_tree_json&manage=1 HTTP/1.1" 200 344
120.253.135.82 - - [29/May/2023:12:03:06 +0800] "POST /xingrg/load_menu.html HTTP/1.1" 200 6743
116.237.77.151 - - [29/May/2023:12:03:08 +0800] "GET /xingrg/all/function/internal_message.html?_=1685332990281&CODE_STATE=getMsg HTTP/1.1" 200 27
180.164.3.199 - - [29/May/2023:12:03:09 +0800] "GET /xingrg/all/function/internal_message.html?_=1685332988574&CODE_STATE=getMsg HTTP/1.1" 200 27
114.85.113.108 - - [29/May/2023:12:03:09 +0800] "GET /xingrg/index.html?sysBaseUrl=http%3A%2F%2F180.169.147.146%3A18081%2Fxingrg%2F&costTime=816×tamp=1685327623307 HTTP/1.1" 200 17179
114.85.113.108 - - [29/May/2023:12:03:09 +0800] "GET /xingrg/javascript/jquery_easy_ui/themes/default/easyui.css HTTP/1.1" 200 26500
114.85.113.108 - - [29/May/2023:12:03:09 +0800] "GET /xingrg/javascript/jquery_easy_ui/themes/icon.css HTTP/1.1" 200 3949
114.85.113.108 - - [29/May/2023:12:03:09 +0800] "GET /xingrg/css/form.css HTTP/1.1" 200 893
114.85.113.108 - - [29/May/2023:12:03:09 +0800] "GET /xingrg/javascript/jquery_easy_ui/jquery.easyui.min.js HTTP/1.1" 200 213662
114.85.113.108 - - [29/May/2023:12:03:09 +0800] "GET /xingrg/javascript/jquery-1.4.2.min.js HTTP/1.1" 200 72205
114.85.113.108 - - [29/May/2023:12:03:09 +0800] "GET /xingrg/javascript/jquery_easy_ui/easyui-lang-zh_CN.js HTTP/1.1" 200 1900
114.85.113.108 - - [29/May/2023:12:03:09 +0800] "GET /xingrg/javascript/jquery.form.js HTTP/1.1" 200 23110
114.85.113.108 - - [29/May/2023:12:03:09 +0800] "GET /xingrg/javascript/jquery.timers.js HTTP/1.1" 200 3532
114.85.113.108 - - [29/May/2023:12:03:09 +0800] "GET /xingrg/images/blue/jxLogo.png HTTP/1.1" 200 6156
114.85.113.108 - - [29/May/2023:12:03:09 +0800] "GET /xingrg/images/blue/navBackgound.jpg HTTP/1.1" 200 12378
114.85.113.108 - - [29/May/2023:12:03:09 +0800] "GET /xingrg/javascript/jquery_easy_ui/themes/icons/settle_new.png HTTP/1.1" 200 826
114.85.113.108 - - [29/May/2023:12:03:09 +0800] "GET /xingrg/all/function/internal_message.html?_=1685332962585&CODE_STATE=count HTTP/1.1" 200 11
114.85.113.108 - - [29/May/2023:12:03:09 +0800] "GET /xingrg/check_reg.html?_=1685332962586 HTTP/1.1" 200 22
114.85.113.108 - - [29/May/2023:12:03:09 +0800] "GET /xingrg/javascript/jquery_easy_ui/themes/default/images/tabs_rightarrow.png HTTP/1.1" 200 395
114.85.113.108 - - [29/May/2023:12:03:09 +0800] "GET /xingrg/javascript/jquery_easy_ui/themes/default/images/tabs_leftarrow.png HTTP/1.1" 200 389
114.85.113.108 - - [29/May/2023:12:03:09 +0800] "GET /xingrg/images/blue/pingpu.png HTTP/1.1" 200 231
114.85.113.108 - - [29/May/2023:12:03:09 +0800] "GET /xingrg/javascript/jquery_easy_ui/themes/default/images/panel_tool_collapse.gif HTTP/1.1" 200 246
114.85.113.108 - - [29/May/2023:12:03:09 +0800] "POST /xingrg/all/common/load_tree.html?tree=area_rest_tree_json&manage=1 HTTP/1.1" 200 351
114.85.113.108 - - [29/May/2023:12:03:09 +0800] "GET /favicon.ico HTTP/1.1" 404 -
114.85.113.108 - - [29/May/2023:12:03:09 +0800] "POST /xingrg/load_menu.html HTTP/1.1" 200 5138
114.85.113.108 - - [29/May/2023:12:03:10 +0800] "GET /xingrg/javascript/jquery_easy_ui/themes/default/images/tree_folder_open.gif HTTP/1.1" 200 956
114.85.113.108 - - [29/May/2023:12:03:10 +0800] "GET /xingrg/javascript/jquery_easy_ui/themes/icons/forms_new.png HTTP/1.1" 200 350
114.85.113.108 - - [29/May/2023:12:03:10 +0800] "GET /xingrg/javascript/jquery_easy_ui/themes/icons/search_new.png HTTP/1.1" 200 586
114.85.113.108 - - [29/May/2023:12:03:10 +0800] "GET /xingrg/javascript/jquery_easy_ui/themes/default/images/tree_folder.gif HTTP/1.1" 200 952
114.85.113.108 - - [29/May/2023:12:03:10 +0800] "GET /xingrg/javascript/jquery_easy_ui/themes/default/images/tree_file.gif HTTP/1.1" 200 118
114.85.113.108 - - [29/May/2023:12:03:10 +0800] "GET /xingrg/javascript/jquery_easy_ui/themes/icons/storage_new.png HTTP/1.1" 200 853
114.85.113.108 - - [29/May/2023:12:03:10 +0800] "GET /xingrg/javascript/jquery_easy_ui/themes/default/images/tree_arrows.gif HTTP/1.1" 200 1043
120.253.135.82 - - [29/May/2023:12:03:10 +0800] "GET /xingrg/kc/pszx/mdps_order_list.html?orderType=0 HTTP/1.1" 200 21032
120.253.135.82 - - [29/May/2023:12:03:10 +0800] "POST /xingrg/kc/pszx/mdps_list_operate.html HTTP/1.1" 200 5259
120.253.135.82 - - [29/May/2023:12:03:12 +0800] "GET /xingrg/kc/pszx/mdps_order_add.html HTTP/1.1" 200 29101
120.253.135.82 - - [29/May/2023:12:03:12 +0800] "POST /xingrg/kc/pszx/mdps_order_operate.html HTTP/1.1" 200 7126
120.253.135.82 - - [29/May/2023:12:03:12 +0800] "GET /xingrg/javascript/easyui/themes/default/validatebox.css HTTP/1.1" 404 1104
120.253.135.82 - - [29/May/2023:12:03:12 +0800] "GET /xingrg/all/common/auto_word.html?type=base&rest_code=00101 HTTP/1.1" 200 671
120.253.135.82 - - [29/May/2023:12:03:14 +0800] "GET /xingrg/kc/pszx/mdps_order_add.html HTTP/1.1" 200 29101
120.253.135.82 - - [29/May/2023:12:03:14 +0800] "POST /xingrg/kc/pszx/mdps_order_operate.html HTTP/1.1" 200 7126
120.253.135.82 - - [29/May/2023:12:03:14 +0800] "GET /xingrg/all/common/auto_word.html?type=base&rest_code=00101 HTTP/1.1" 200 671
120.253.135.82 - - [29/May/2023:12:03:14 +0800] "GET /xingrg/javascript/easyui/themes/default/validatebox.css HTTP/1.1" 404 1104
120.253.135.82 - - [29/May/2023:12:03:15 +0800] "POST /xingrg/all/common/load_combo.html?type=base HTTP/1.1" 200 1169
120.253.135.82 - - [29/May/2023:12:03:15 +0800] "GET /xingrg/check_reg.html?_=1685332831307 HTTP/1.1" 200 22
120.253.135.82 - - [29/May/2023:12:03:16 +0800] "GET /xingrg/all/function/internal_message.html?_=1685332832458&CODE_STATE=getMsg HTTP/1.1" 200 27
116.237.77.151 - - [29/May/2023:12:03:17 +0800] "GET /xingrg/javascript/auto/indicator.gif HTTP/1.1" 404 1066
116.232.195.127 - - [29/May/2023:12:03:19 +0800] "GET /xingrg/all/function/internal_message.html?_=1685333027614&CODE_STATE=getMsg HTTP/1.1" 200 27
180.169.147.146 - - [29/May/2023:12:03:20 +0800] "GET /xingrg/all/function/internal_message.html?_=1685332999585&CODE_STATE=getMsg HTTP/1.1" 200 27
116.237.77.151 - - [29/May/2023:12:03:21 +0800] "GET /xingrg/kc/buy/cgsh_order_operate.html?command=get_materiel&rest_code=00106&code=00101008149&supplier_code=00100007&order_time=2023-05-29 HTTP/1.1" 200 408
116.238.139.35 - - [29/May/2023:12:03:22 +0800] "POST /xingrg/services/DataTransmitService HTTP/1.1" 200 524
116.238.139.35 - - [29/May/2023:12:03:24 +0800] "POST /xingrg/services/DataTransmitService HTTP/1.1" 200 2079
222.70.180.90 - - [29/May/2023:12:03:28 +0800] "GET /xingrg/all/function/internal_message.html?_=1685333007924&CODE_STATE=getMsg HTTP/1.1" 200 27
120.253.135.82 - - [29/May/2023:12:03:29 +0800] "GET /xingrg/kc/pszx/mdps_order_operate.html?command=get_materiel&pszx_code=00101&rest_code=&base_code=0010570&code=00101025039 HTTP/1.1" 200 458
120.253.135.82 - - [29/May/2023:12:03:33 +0800] "POST /xingrg/all/common/load_select.html HTTP/1.1" 200 25
120.253.135.82 - - [29/May/2023:12:03:35 +0800] "GET /xingrg/kc/pszx/mdps_order_operate.html?command=get_materiel_price&pszx_code=00101&rest_code=&base_code=0010570&code=00101025039&unit_code=00100189&order_time=2023-05-29 HTTP/1.1" 200 35
58.40.7.146 - - [29/May/2023:12:03:40 +0800] "GET /xingrg/all/function/internal_message.html?_=1685333020878&CODE_STATE=getMsg HTTP/1.1" 200 27
172.20.0.100 - - [29/May/2023:12:03:45 +0800] "GET /xingrg/all/function/internal_message.html?_=1685333024555&CODE_STATE=getMsg HTTP/1.1" 302 -
101.83.145.52 - - [29/May/2023:12:03:46 +0800] "GET /xingrg/all/function/internal_message.html?_=1685332857652&CODE_STATE=getMsg HTTP/1.1" 200 27
124.79.74.67 - - [29/May/2023:12:03:50 +0800] "GET /xingrg/all/function/internal_message.html?_=1685333030688&CODE_STATE=getMsg HTTP/1.1" 200 27
218.81.217.41 - - [29/May/2023:12:03:51 +0800] "GET /xingrg/all/function/internal_message.html?_=1685333033553&CODE_STATE=getMsg HTTP/1.1" 200 27
114.85.36.120 - - [29/May/2023:12:03:52 +0800] "GET /xingrg/all/function/internal_message.html?_=1685331847757&CODE_STATE=getMsg HTTP/1.1" 200 27
101.229.22.40 - - [29/May/2023:12:03:53 +0800] "GET /xingrg/all/function/internal_message.html?_=1685333033492&CODE_STATE=getMsg HTTP/1.1" 200 27
116.237.77.151 - - [29/May/2023:12:03:53 +0800] "GET /xingrg/kc/mdqp/qp_main.html HTTP/1.1" 200 10633
116.237.77.151 - - [29/May/2023:12:03:53 +0800] "GET /xingrg/images/blue/button/qqpsd.gif HTTP/1.1" 200 2548
116.237.77.151 - - [29/May/2023:12:03:53 +0800] "GET /xingrg/images/blue/button/pszx.gif HTTP/1.1" 200 2648
116.237.77.151 - - [29/May/2023:12:03:53 +0800] "GET /xingrg/images/blue/button/psshd.gif HTTP/1.1" 200 2692
116.237.77.151 - - [29/May/2023:12:03:54 +0800] "GET /xingrg/kc/buy/buy_main.html HTTP/1.1" 200 12412
116.237.77.151 - - [29/May/2023:12:03:54 +0800] "GET /xingrg/css/new_ie.css HTTP/1.1" 404 1036
116.237.77.151 - - [29/May/2023:12:03:55 +0800] "GET /xingrg/images/yd/bt.gif HTTP/1.1" 404 1040
116.237.77.151 - - [29/May/2023:12:03:56 +0800] "GET /xingrg/kc/buy/cgsh_order_list.html HTTP/1.1" 200 55672
116.238.139.35 - - [29/May/2023:12:03:57 +0800] "GET /xingrg/all/function/internal_message.html?_=1685333037342&CODE_STATE=getMsg HTTP/1.1" 200 27
116.238.139.35 - - [29/May/2023:12:03:57 +0800] "GET /xingrg/check_reg.html?_=1685333037346 HTTP/1.1" 200 22
172.20.0.100 - - [29/May/2023:12:03:58 +0800] "GET /xingrg/all/function/internal_message.html?_=1685333039678&CODE_STATE=getMsg HTTP/1.1" 200 27
116.237.77.151 - - [29/May/2023:12:04:00 +0800] "POST /xingrg/kc/buy/cgsh_list_operate.html HTTP/1.1" 200 3111
222.69.128.166 - - [29/May/2023:12:04:03 +0800] "GET /xingrg/all/function/internal_message.html?_=1685333143108&CODE_STATE=getMsg HTTP/1.1" 200 27
116.237.77.151 - - [29/May/2023:12:04:05 +0800] "POST /xingrg/kc/buy/cgsh_list_operate.html HTTP/1.1" 200 564
120.253.135.82 - - [29/May/2023:12:04:06 +0800] "GET /xingrg/all/function/internal_message.html?_=1685333186255&CODE_STATE=getMsg HTTP/1.1" 200 27
116.237.77.151 - - [29/May/2023:12:04:07 +0800] "GET /xingrg/kc/buy/cgsh_order_info.html?code=212023052910911 HTTP/1.1" 200 71457
116.237.77.151 - - [29/May/2023:12:04:07 +0800] "GET /xingrg/javascript/easyui/themes/default/validatebox.css HTTP/1.1" 404 1104
116.237.77.151 - - [29/May/2023:12:04:08 +0800] "GET /xingrg/all/function/internal_message.html?_=1685333050284&CODE_STATE=getMsg HTTP/1.1" 200 27
116.237.77.151 - - [29/May/2023:12:04:08 +0800] "POST /xingrg/kc/buy/cgsh_order_operate.html HTTP/1.1" 200 23358
180.164.3.199 - - [29/May/2023:12:04:09 +0800] "GET /xingrg/all/function/internal_message.html?_=1685333048589&CODE_STATE=getMsg HTTP/1.1" 200 27
114.85.113.108 - - [29/May/2023:12:04:09 +0800] "GET /xingrg/all/function/internal_message.html?_=1685333022611&CODE_STATE=getMsg HTTP/1.1" 200 27
218.81.217.41 - - [29/May/2023:12:04:12 +0800] "GET /xingrg/check_reg.html?_=1685333054784 HTTP/1.1" 200 22
120.253.135.82 - - [29/May/2023:12:04:16 +0800] "GET /xingrg/all/function/internal_message.html?_=1685332892472&CODE_STATE=getMsg HTTP/1.1" 200 27
116.232.195.127 - - [29/May/2023:12:04:20 +0800] "GET /xingrg/all/function/internal_message.html?_=1685333087591&CODE_STATE=getMsg HTTP/1.1" 200 27
180.169.147.146 - - [29/May/2023:12:04:20 +0800] "GET /xingrg/all/function/internal_message.html?_=1685333059601&CODE_STATE=getMsg HTTP/1.1" 200 27
116.232.195.127 - - [29/May/2023:12:04:20 +0800] "GET /xingrg/check_reg.html?_=1685333088313 HTTP/1.1" 200 22
222.70.180.90 - - [29/May/2023:12:04:28 +0800] "GET /xingrg/all/function/internal_message.html?_=1685333067908&CODE_STATE=getMsg HTTP/1.1" 200 27
101.83.145.52 - - [29/May/2023:12:04:31 +0800] "POST /xingrg/services/DataTransmitService HTTP/1.1" 200 524
101.83.145.52 - - [29/May/2023:12:04:32 +0800] "POST /xingrg/services/DataTransmitService HTTP/1.1" 200 412
58.40.7.146 - - [29/May/2023:12:04:40 +0800] "GET /xingrg/all/function/internal_message.html?_=1685333080880&CODE_STATE=getMsg HTTP/1.1" 200 27
172.20.0.100 - - [29/May/2023:12:04:45 +0800] "GET /xingrg/all/function/internal_message.html?_=1685333084540&CODE_STATE=getMsg HTTP/1.1" 302 -
124.79.246.33 - - [29/May/2023:12:04:45 +0800] "POST /xingrg/login.do HTTP/1.1" 302 -
124.79.246.33 - - [29/May/2023:12:04:45 +0800] "GET /xingrg/index.html?sysBaseUrl=http%3A%2F%2F180.169.147.146%3A18081%2Fxingrg%2F&costTime=935×tamp=1685333085783 HTTP/1.1" 200 17179
101.83.145.52 - - [29/May/2023:12:04:46 +0800] "GET /xingrg/all/function/internal_message.html?_=1685332917630&CODE_STATE=getMsg HTTP/1.1" 200 27
124.79.246.33 - - [29/May/2023:12:04:46 +0800] "POST /xingrg/all/common/load_tree.html?tree=area_rest_tree_json&manage=1 HTTP/1.1" 200 351
124.79.246.33 - - [29/May/2023:12:04:46 +0800] "GET /xingrg/all/function/internal_message.html?_=1685333367301&CODE_STATE=count HTTP/1.1" 200 11
124.79.246.33 - - [29/May/2023:12:04:46 +0800] "GET /xingrg/check_reg.html?_=1685333367302 HTTP/1.1" 200 22
124.79.246.33 - - [29/May/2023:12:04:46 +0800] "POST /xingrg/load_menu.html HTTP/1.1" 200 5138
124.79.246.33 - - [29/May/2023:12:04:47 +0800] "GET /favicon.ico HTTP/1.1" 404 -
124.79.74.67 - - [29/May/2023:12:04:50 +0800] "GET /xingrg/all/function/internal_message.html?_=1685333090689&CODE_STATE=getMsg HTTP/1.1" 200 27
124.79.74.67 - - [29/May/2023:12:04:50 +0800] "GET /xingrg/check_reg.html?_=1685333090690 HTTP/1.1" 200 22
218.81.217.41 - - [29/May/2023:12:04:51 +0800] "GET /xingrg/all/function/internal_message.html?_=1685333093569&CODE_STATE=getMsg HTTP/1.1" 200 27
114.85.36.120 - - [29/May/2023:12:04:52 +0800] "GET /xingrg/all/function/internal_message.html?_=1685331907750&CODE_STATE=getMsg HTTP/1.1" 200 27
114.85.113.108 - - [29/May/2023:12:04:52 +0800] "GET /xingrg/javascript/jquery_easy_ui/themes/default/images/tabs_close.gif HTTP/1.1" 200 829
114.85.113.108 - - [29/May/2023:12:04:52 +0800] "GET /xingrg/kc/buy/cgsh_order_list.html HTTP/1.1" 200 55678
114.85.113.108 - - [29/May/2023:12:04:53 +0800] "GET /xingrg/javascript/easyui/themes/icons/edit_add_new.png HTTP/1.1" 200 2997
114.85.113.108 - - [29/May/2023:12:04:53 +0800] "GET /xingrg/javascript/easyui/themes/icons/import_new.png HTTP/1.1" 200 1247
114.85.113.108 - - [29/May/2023:12:04:53 +0800] "GET /xingrg/javascript/easyui/themes/icons/field_new.png HTTP/1.1" 200 1097
114.85.113.108 - - [29/May/2023:12:04:53 +0800] "GET /xingrg/javascript/easyui/themes/icons/check_new.png HTTP/1.1" 200 3224
114.85.113.108 - - [29/May/2023:12:04:53 +0800] "GET /xingrg/javascript/easyui/themes/icons/cance_new.png HTTP/1.1" 200 3986
101.229.22.40 - - [29/May/2023:12:04:53 +0800] "GET /xingrg/all/function/internal_message.html?_=1685333093494&CODE_STATE=getMsg HTTP/1.1" 200 27
114.85.113.108 - - [29/May/2023:12:04:55 +0800] "POST /xingrg/kc/buy/cgsh_list_operate.html HTTP/1.1" 200 986
116.237.77.151 - - [29/May/2023:12:04:56 +0800] "POST /xingrg/kc/buy/cgsh_order_operate.html HTTP/1.1" 200 37
114.85.113.108 - - [29/May/2023:12:04:57 +0800] "GET /xingrg/javascript/easyui/themes/default/images/button_plain_hover.png HTTP/1.1" 200 144
116.238.139.35 - - [29/May/2023:12:04:57 +0800] "GET /xingrg/all/function/internal_message.html?_=1685333097344&CODE_STATE=getMsg HTTP/1.1" 200 27
114.85.113.108 - - [29/May/2023:12:04:58 +0800] "GET /xingrg/kc/buy/cgsh_order_add.html HTTP/1.1" 200 70649
172.20.0.100 - - [29/May/2023:12:04:58 +0800] "GET /xingrg/all/function/internal_message.html?_=1685333099677&CODE_STATE=getMsg HTTP/1.1" 200 27
114.85.113.108 - - [29/May/2023:12:04:58 +0800] "GET /xingrg/javascript/easyui/themes/default/validatebox.css HTTP/1.1" 404 1104
114.85.113.108 - - [29/May/2023:12:04:58 +0800] "POST /xingrg/kc/buy/cgsh_order_operate.html HTTP/1.1" 200 8245
114.85.113.108 - - [29/May/2023:12:05:00 +0800] "GET /xingrg/javascript/auto/indicator.gif HTTP/1.1" 404 1066
222.69.128.166 - - [29/May/2023:12:05:03 +0800] "GET /xingrg/all/function/internal_message.html?_=1685333203119&CODE_STATE=getMsg HTTP/1.1" 200 27
120.253.135.82 - - [29/May/2023:12:05:06 +0800] "GET /xingrg/all/function/internal_message.html?_=1685333246256&CODE_STATE=getMsg HTTP/1.1" 200 27
116.237.77.151 - - [29/May/2023:12:05:08 +0800] "GET /xingrg/all/function/internal_message.html?_=1685333110277&CODE_STATE=getMsg HTTP/1.1" 200 27
180.164.3.199 - - [29/May/2023:12:05:09 +0800] "GET /xingrg/all/function/internal_message.html?_=1685333108585&CODE_STATE=getMsg HTTP/1.1" 200 27
114.85.113.108 - - [29/May/2023:12:05:09 +0800] "GET /xingrg/all/function/internal_message.html?_=1685333082596&CODE_STATE=getMsg HTTP/1.1" 200 27
116.237.77.151 - - [29/May/2023:12:05:11 +0800] "POST /xingrg/kc/buy/cgsh_order_operate.html HTTP/1.1" 200 12
116.237.77.151 - - [29/May/2023:12:05:13 +0800] "GET /xingrg/kc/buy/cgsh_order_info.html?code=212023052910911 HTTP/1.1" 200 66357
116.237.77.151 - - [29/May/2023:12:05:13 +0800] "GET /xingrg/javascript/easyui/themes/default/validatebox.css HTTP/1.1" 404 1104
116.237.77.151 - - [29/May/2023:12:05:14 +0800] "POST /xingrg/kc/buy/cgsh_order_operate.html HTTP/1.1" 200 21303
116.238.139.35 - - [29/May/2023:12:05:16 +0800] "POST /xingrg/services/DataTransmitService HTTP/1.1" 200 524
120.253.135.82 - - [29/May/2023:12:05:16 +0800] "GET /xingrg/all/function/internal_message.html?_=1685332952486&CODE_STATE=getMsg HTTP/1.1" 200 27
116.237.77.151 - - [29/May/2023:12:05:17 +0800] "GET /xingrg/kc/print/load_data.html?order_code=212023052910911&kc_code=cgsh&condition= HTTP/1.1" 200 8588
116.238.139.35 - - [29/May/2023:12:05:18 +0800] "POST /xingrg/services/DataTransmitService HTTP/1.1" 200 2079
116.232.195.127 - - [29/May/2023:12:05:19 +0800] "GET /xingrg/all/function/internal_message.html?_=1685333147574&CODE_STATE=getMsg HTTP/1.1" 200 27
180.169.147.146 - - [29/May/2023:12:05:20 +0800] "GET /xingrg/check_reg.html?_=1685333119600 HTTP/1.1" 200 22
180.169.147.146 - - [29/May/2023:12:05:20 +0800] "GET /xingrg/all/function/internal_message.html?_=1685333119602&CODE_STATE=getMsg HTTP/1.1" 200 27
116.238.139.35 - - [29/May/2023:12:05:21 +0800] "POST /xingrg/services/DataTransmitService HTTP/1.1" 200 524
116.238.139.35 - - [29/May/2023:12:05:24 +0800] "POST /xingrg/services/DataTransmitService HTTP/1.1" 200 2079
124.79.74.67 - - [29/May/2023:12:05:26 +0800] "GET /xingrg/kc/buy/cgsh_order_add.html HTTP/1.1" 200 71533
124.79.74.67 - - [29/May/2023:12:05:26 +0800] "POST /xingrg/kc/buy/cgsh_order_operate.html HTTP/1.1" 200 8245
124.79.74.67 - - [29/May/2023:12:05:26 +0800] "GET /xingrg/javascript/easyui/themes/default/validatebox.css HTTP/1.1" 404 1104
124.79.74.67 - - [29/May/2023:12:05:26 +0800] "GET /xingrg/all/common/auto_word.html?type=employee&rest_code=00156 HTTP/1.1" 200 97
124.79.74.67 - - [29/May/2023:12:05:26 +0800] "GET /xingrg/all/common/auto_word.html?type=employee&rest_code=00156 HTTP/1.1" 200 97
124.79.74.67 - - [29/May/2023:12:05:27 +0800] "GET /xingrg/javascript/auto/indicator.gif HTTP/1.1" 404 1066
114.85.113.108 - - [29/May/2023:12:05:28 +0800] "GET /xingrg/kc/buy/cgsh_order_operate.html?command=get_materiel&rest_code=00145&code=00101001111&supplier_code=00100185&order_time=2023-05-29 HTTP/1.1" 200 409
222.70.180.90 - - [29/May/2023:12:05:28 +0800] "GET /xingrg/all/function/internal_message.html?_=1685333127894&CODE_STATE=getMsg HTTP/1.1" 200 27
124.79.74.67 - - [29/May/2023:12:05:32 +0800] "GET /xingrg/javascript/jquery_tools/images/prev.gif HTTP/1.1" 404 1086
124.79.74.67 - - [29/May/2023:12:05:32 +0800] "GET /xingrg/javascript/jquery_tools/images/next.gif HTTP/1.1" 404 1086
124.79.74.67 - - [29/May/2023:12:05:40 +0800] "GET /xingrg/kc/buy/cgsh_order_operate.html?command=get_materiel&rest_code=00156&code=00101006193&supplier_code=00100012&order_time=2023-05-29 HTTP/1.1" 200 409
58.40.7.146 - - [29/May/2023:12:05:40 +0800] "GET /xingrg/all/function/internal_message.html?_=1685333140881&CODE_STATE=getMsg HTTP/1.1" 200 27
114.85.113.108 - - [29/May/2023:12:05:43 +0800] "GET /xingrg/kc/buy/cgsh_order_operate.html?command=get_materiel&rest_code=00145&code=00101005032&supplier_code=00100185&order_time=2023-05-29 HTTP/1.1" 200 409
101.83.145.52 - - [29/May/2023:12:05:46 +0800] "GET /xingrg/all/function/internal_message.html?_=1685332977619&CODE_STATE=getMsg HTTP/1.1" 200 27
124.79.246.33 - - [29/May/2023:12:05:46 +0800] "GET /xingrg/all/function/internal_message.html?_=1685333427313&CODE_STATE=getMsg HTTP/1.1" 200 27
124.79.74.67 - - [29/May/2023:12:05:50 +0800] "GET /xingrg/all/function/internal_message.html?_=1685333150692&CODE_STATE=getMsg HTTP/1.1" 200 27
116.237.77.151 - - [29/May/2023:12:05:50 +0800] "POST /xingrg/kc/buy/cgsh_list_operate.html HTTP/1.1" 200 2689
218.81.217.41 - - [29/May/2023:12:05:51 +0800] "GET /xingrg/all/function/internal_message.html?_=1685333153580&CODE_STATE=getMsg HTTP/1.1" 200 27
124.79.74.67 - - [29/May/2023:12:05:51 +0800] "GET /xingrg/kc/buy/cgsh_order_operate.html?command=get_materiel&rest_code=00156&code=00101007082&supplier_code=00100012&order_time=2023-05-29 HTTP/1.1" 200 427
114.85.36.120 - - [29/May/2023:12:05:52 +0800] "GET /xingrg/all/function/internal_message.html?_=1685331967750&CODE_STATE=getMsg HTTP/1.1" 200 27
101.229.22.40 - - [29/May/2023:12:05:53 +0800] "GET /xingrg/all/function/internal_message.html?_=1685333153495&CODE_STATE=getMsg HTTP/1.1" 200 27
114.85.113.108 - - [29/May/2023:12:05:53 +0800] "GET /xingrg/kc/buy/cgsh_order_operate.html?command=get_materiel&rest_code=00145&code=00101002048&supplier_code=00100185&order_time=2023-05-29 HTTP/1.1" 200 413
116.237.77.151 - - [29/May/2023:12:05:56 +0800] "POST /xingrg/kc/buy/cgsh_list_operate.html HTTP/1.1" 200 561
116.238.139.35 - - [29/May/2023:12:05:57 +0800] "GET /xingrg/all/function/internal_message.html?_=1685333157344&CODE_STATE=getMsg HTTP/1.1" 200 27
116.237.77.151 - - [29/May/2023:12:05:57 +0800] "GET /xingrg/kc/buy/cgsh_order_info.html?code=212023052910871 HTTP/1.1" 200 71447
116.237.77.151 - - [29/May/2023:12:05:57 +0800] "GET /xingrg/javascript/easyui/themes/default/validatebox.css HTTP/1.1" 404 1104
172.20.0.100 - - [29/May/2023:12:05:58 +0800] "GET /xingrg/all/function/internal_message.html?_=1685333159701&CODE_STATE=getMsg HTTP/1.1" 200 27
116.237.77.151 - - [29/May/2023:12:05:58 +0800] "POST /xingrg/kc/buy/cgsh_order_operate.html HTTP/1.1" 200 7977
124.79.74.67 - - [29/May/2023:12:06:00 +0800] "GET /xingrg/kc/buy/cgsh_order_operate.html?command=get_materiel&rest_code=00156&code=00101011005&supplier_code=00100012&order_time=2023-05-29 HTTP/1.1" 200 428
222.69.128.166 - - [29/May/2023:12:06:03 +0800] "GET /xingrg/all/function/internal_message.html?_=1685333263115&CODE_STATE=getMsg HTTP/1.1" 200 27
116.237.77.151 - - [29/May/2023:12:06:05 +0800] "POST /xingrg/kc/buy/cgsh_order_operate.html HTTP/1.1" 200 37
114.85.113.108 - - [29/May/2023:12:06:06 +0800] "GET /xingrg/kc/buy/cgsh_order_operate.html?command=get_materiel&rest_code=00145&code=00101010161&supplier_code=00100185&order_time=2023-05-29 HTTP/1.1" 200 409
120.253.135.82 - - [29/May/2023:12:06:06 +0800] "GET /xingrg/all/function/internal_message.html?_=1685333306261&CODE_STATE=getMsg HTTP/1.1" 200 27
180.164.3.199 - - [29/May/2023:12:06:09 +0800] "GET /xingrg/all/function/internal_message.html?_=1685333168574&CODE_STATE=getMsg HTTP/1.1" 200 27
180.164.3.199 - - [29/May/2023:12:06:09 +0800] "GET /xingrg/check_reg.html?_=1685333168577 HTTP/1.1" 200 22
114.85.113.108 - - [29/May/2023:12:06:09 +0800] "GET /xingrg/all/function/internal_message.html?_=1685333142588&CODE_STATE=getMsg HTTP/1.1" 200 27
