114.85.113.108 - - [29/May/2023:11:43:44 +0800] "GET /xingrg/all/function/internal_message.html?_=1685331797023&CODE_STATE=getMsg HTTP/1.1" 200 27
172.20.0.100 - - [29/May/2023:11:43:45 +0800] "GET /xingrg/all/function/internal_message.html?_=1685331824541&CODE_STATE=getMsg HTTP/1.1" 302 -
101.83.145.52 - - [29/May/2023:11:43:46 +0800] "GET /xingrg/all/function/internal_message.html?_=1685331657822&CODE_STATE=getMsg HTTP/1.1" 200 27
218.81.217.41 - - [29/May/2023:11:43:47 +0800] "GET /xingrg/all/function/internal_message.html?_=1685331829448&CODE_STATE=getMsg HTTP/1.1" 200 27
114.83.218.148 - - [29/May/2023:11:43:47 +0800] "GET /xingrg/all/function/internal_message.html?_=1685331826858&CODE_STATE=getMsg HTTP/1.1" 200 27
124.79.74.67 - - [29/May/2023:11:43:50 +0800] "GET /xingrg/all/function/internal_message.html?_=1685331830647&CODE_STATE=getMsg HTTP/1.1" 200 27
114.85.36.120 - - [29/May/2023:11:43:52 +0800] "GET /xingrg/all/function/internal_message.html?_=1685330647743&CODE_STATE=getMsg HTTP/1.1" 200 27
101.229.22.40 - - [29/May/2023:11:43:53 +0800] "GET /xingrg/all/function/internal_message.html?_=1685331833464&CODE_STATE=getMsg HTTP/1.1" 200 27
124.79.74.67 - - [29/May/2023:11:43:54 +0800] "GET /xingrg/kc/buy/cgsh_order_operate.html?command=get_materiel&rest_code=00156&code=00101008010&supplier_code=00100007&order_time=2023-05-28 HTTP/1.1" 200 412
116.238.139.35 - - [29/May/2023:11:43:57 +0800] "GET /xingrg/all/function/internal_message.html?_=1685331837331&CODE_STATE=getMsg HTTP/1.1" 200 27
116.238.139.35 - - [29/May/2023:11:43:57 +0800] "GET /xingrg/check_reg.html?_=1685331837366 HTTP/1.1" 200 22
172.20.0.100 - - [29/May/2023:11:43:58 +0800] "GET /xingrg/all/function/internal_message.html?_=1685331839690&CODE_STATE=getMsg HTTP/1.1" 200 27
101.83.145.52 - - [29/May/2023:11:43:58 +0800] "GET /xingrg/kc/base/wldb_order_operate.html?command=get_materiel&rest_code=00105&base_code=0010507&code=00101019187 HTTP/1.1" 200 479
124.79.74.67 - - [29/May/2023:11:44:01 +0800] "GET /xingrg/kc/buy/cgsh_order_operate.html?command=get_materiel&rest_code=00156&code=00101008268&supplier_code=00100007&order_time=2023-05-28 HTTP/1.1" 200 408
222.69.128.166 - - [29/May/2023:11:44:03 +0800] "GET /xingrg/all/function/internal_message.html?_=1685331943109&CODE_STATE=getMsg HTTP/1.1" 200 27
116.237.77.151 - - [29/May/2023:11:44:08 +0800] "GET /xingrg/all/function/internal_message.html?_=1685331850339&CODE_STATE=getMsg HTTP/1.1" 200 27
180.164.3.199 - - [29/May/2023:11:44:09 +0800] "GET /xingrg/all/function/internal_message.html?_=1685331848592&CODE_STATE=getMsg HTTP/1.1" 200 27
124.79.74.67 - - [29/May/2023:11:44:09 +0800] "GET /xingrg/kc/buy/cgsh_order_operate.html?command=get_materiel&rest_code=00156&code=00101008318&supplier_code=00100007&order_time=2023-05-28 HTTP/1.1" 200 408
101.83.145.52 - - [29/May/2023:11:44:10 +0800] "GET /xingrg/kc/base/wldb_order_operate.html?command=get_materiel&rest_code=00105&base_code=0010507&code=00101019253 HTTP/1.1" 200 481
218.81.217.41 - - [29/May/2023:11:44:12 +0800] "GET /xingrg/check_reg.html?_=1685331854397 HTTP/1.1" 200 22
120.253.135.82 - - [29/May/2023:11:44:16 +0800] "GET /xingrg/all/function/internal_message.html?_=1685331692168&CODE_STATE=getMsg HTTP/1.1" 200 27
124.79.74.67 - - [29/May/2023:11:44:16 +0800] "GET /xingrg/kc/buy/cgsh_order_operate.html?command=get_materiel&rest_code=00156&code=00101008197&supplier_code=00100007&order_time=2023-05-28 HTTP/1.1" 200 416
116.232.195.127 - - [29/May/2023:11:44:20 +0800] "GET /xingrg/all/function/internal_message.html?_=1685331887970&CODE_STATE=getMsg HTTP/1.1" 200 27
116.232.195.127 - - [29/May/2023:11:44:20 +0800] "GET /xingrg/check_reg.html?_=1685331888362 HTTP/1.1" 200 22
124.79.74.67 - - [29/May/2023:11:44:23 +0800] "GET /xingrg/kc/buy/cgsh_order_operate.html?command=get_materiel&rest_code=00156&code=00101003025&supplier_code=00100007&order_time=2023-05-28 HTTP/1.1" 200 409
124.79.74.67 - - [29/May/2023:11:44:28 +0800] "GET /xingrg/kc/buy/cgsh_order_operate.html?command=get_materiel&rest_code=00156&code=00101008185&supplier_code=00100007&order_time=2023-05-28 HTTP/1.1" 200 408
222.70.180.90 - - [29/May/2023:11:44:28 +0800] "GET /xingrg/all/function/internal_message.html?_=1685331868238&CODE_STATE=getMsg HTTP/1.1" 200 27
222.67.234.146 - - [29/May/2023:11:44:35 +0800] "GET /xingrg/all/function/internal_message.html?_=1685331383246&CODE_STATE=getMsg HTTP/1.1" 200 27
124.79.74.67 - - [29/May/2023:11:44:35 +0800] "GET /xingrg/kc/buy/cgsh_order_operate.html?command=get_materiel&rest_code=00156&code=00101008264&supplier_code=00100007&order_time=2023-05-28 HTTP/1.1" 200 412
124.79.74.67 - - [29/May/2023:11:44:39 +0800] "POST /xingrg/kc/buy/cgsh_order_operate.html HTTP/1.1" 200 2065
58.40.7.146 - - [29/May/2023:11:44:40 +0800] "GET /xingrg/all/function/internal_message.html?_=1685331880881&CODE_STATE=getMsg HTTP/1.1" 200 27
114.85.113.108 - - [29/May/2023:11:44:44 +0800] "GET /xingrg/all/function/internal_message.html?_=1685331857020&CODE_STATE=getMsg HTTP/1.1" 200 27
101.83.145.52 - - [29/May/2023:11:44:44 +0800] "POST /xingrg/kc/base/wldb_order_operate.html HTTP/1.1" 200 37
124.79.74.67 - - [29/May/2023:11:44:44 +0800] "GET /xingrg/kc/buy/cgsh_order_operate.html?command=get_materiel&rest_code=00156&code=00101009005&supplier_code=00100007&order_time=2023-05-28 HTTP/1.1" 200 416
101.83.145.52 - - [29/May/2023:11:44:45 +0800] "POST /xingrg/kc/base/wldb_order_operate.html HTTP/1.1" 200 3742
101.83.145.52 - - [29/May/2023:11:44:45 +0800] "GET /xingrg/kc/base/wldb_order_info.html?code=422023052902330 HTTP/1.1" 200 30395
172.20.0.100 - - [29/May/2023:11:44:45 +0800] "GET /xingrg/all/function/internal_message.html?_=1685331884542&CODE_STATE=getMsg HTTP/1.1" 302 -
101.83.145.52 - - [29/May/2023:11:44:46 +0800] "GET /xingrg/javascript/easyui/themes/default/validatebox.css HTTP/1.1" 404 1104
101.83.145.52 - - [29/May/2023:11:44:46 +0800] "GET /xingrg/all/function/internal_message.html?_=1685331717825&CODE_STATE=getMsg HTTP/1.1" 200 27
101.83.145.52 - - [29/May/2023:11:44:46 +0800] "POST /xingrg/kc/base/wldb_order_operate.html HTTP/1.1" 200 3742
218.81.217.41 - - [29/May/2023:11:44:47 +0800] "GET /xingrg/all/function/internal_message.html?_=1685331889458&CODE_STATE=getMsg HTTP/1.1" 200 27
114.83.218.148 - - [29/May/2023:11:44:47 +0800] "GET /xingrg/all/function/internal_message.html?_=1685331886842&CODE_STATE=getMsg HTTP/1.1" 200 27
124.79.74.67 - - [29/May/2023:11:44:50 +0800] "GET /xingrg/all/function/internal_message.html?_=1685331890648&CODE_STATE=getMsg HTTP/1.1" 200 27
124.79.74.67 - - [29/May/2023:11:44:50 +0800] "GET /xingrg/check_reg.html?_=1685331890650 HTTP/1.1" 200 22
124.79.74.67 - - [29/May/2023:11:44:51 +0800] "GET /xingrg/kc/buy/cgsh_order_operate.html?command=get_materiel&rest_code=00156&code=00101008360&supplier_code=00100007&order_time=2023-05-28 HTTP/1.1" 200 412
114.85.36.120 - - [29/May/2023:11:44:52 +0800] "GET /xingrg/all/function/internal_message.html?_=1685330707749&CODE_STATE=getMsg HTTP/1.1" 200 27
101.229.22.40 - - [29/May/2023:11:44:53 +0800] "GET /xingrg/all/function/internal_message.html?_=1685331893465&CODE_STATE=getMsg HTTP/1.1" 200 27
116.238.139.35 - - [29/May/2023:11:44:57 +0800] "GET /xingrg/all/function/internal_message.html?_=1685331897336&CODE_STATE=getMsg HTTP/1.1" 200 27
172.20.0.100 - - [29/May/2023:11:44:58 +0800] "GET /xingrg/all/function/internal_message.html?_=1685331899688&CODE_STATE=getMsg HTTP/1.1" 200 27
124.79.74.67 - - [29/May/2023:11:45:00 +0800] "GET /xingrg/kc/buy/cgsh_order_operate.html?command=get_materiel&rest_code=00156&code=00101008357&supplier_code=00100007&order_time=2023-05-28 HTTP/1.1" 200 428
222.69.128.166 - - [29/May/2023:11:45:03 +0800] "GET /xingrg/all/function/internal_message.html?_=1685332003101&CODE_STATE=getMsg HTTP/1.1" 200 27
124.79.74.67 - - [29/May/2023:11:45:07 +0800] "GET /xingrg/kc/buy/cgsh_order_operate.html?command=get_materiel&rest_code=00156&code=00101008286&supplier_code=00100007&order_time=2023-05-28 HTTP/1.1" 200 408
116.237.77.151 - - [29/May/2023:11:45:08 +0800] "GET /xingrg/all/function/internal_message.html?_=1685331910323&CODE_STATE=getMsg HTTP/1.1" 200 27
180.164.3.199 - - [29/May/2023:11:45:09 +0800] "GET /xingrg/all/function/internal_message.html?_=1685331908593&CODE_STATE=getMsg HTTP/1.1" 200 27
101.83.145.52 - - [29/May/2023:11:45:14 +0800] "GET /xingrg/kc/base/wldb_order_add.html HTTP/1.1" 200 30381
101.83.145.52 - - [29/May/2023:11:45:14 +0800] "POST /xingrg/kc/base/wldb_order_operate.html HTTP/1.1" 200 6806
101.83.145.52 - - [29/May/2023:11:45:14 +0800] "GET /xingrg/javascript/easyui/themes/default/validatebox.css HTTP/1.1" 404 1104
120.253.135.82 - - [29/May/2023:11:45:16 +0800] "GET /xingrg/all/function/internal_message.html?_=1685331752188&CODE_STATE=getMsg HTTP/1.1" 200 27
116.232.195.127 - - [29/May/2023:11:45:20 +0800] "GET /xingrg/all/function/internal_message.html?_=1685331947947&CODE_STATE=getMsg HTTP/1.1" 200 27
222.70.180.90 - - [29/May/2023:11:45:28 +0800] "GET /xingrg/all/function/internal_message.html?_=1685331928223&CODE_STATE=getMsg HTTP/1.1" 200 27
124.79.74.67 - - [29/May/2023:11:45:29 +0800] "POST /xingrg/kc/buy/cgsh_order_operate.html HTTP/1.1" 200 37
101.83.145.52 - - [29/May/2023:11:45:33 +0800] "GET /xingrg/kc/base/wldb_order_operate.html?command=get_materiel&rest_code=00105&base_code=0010507&code=00101016037 HTTP/1.1" 200 452
124.79.74.67 - - [29/May/2023:11:45:33 +0800] "POST /xingrg/kc/buy/cgsh_order_operate.html HTTP/1.1" 200 15647
222.67.234.146 - - [29/May/2023:11:45:35 +0800] "GET /xingrg/all/function/internal_message.html?_=1685331443216&CODE_STATE=getMsg HTTP/1.1" 200 27
101.83.145.52 - - [29/May/2023:11:45:35 +0800] "POST /xingrg/all/common/load_select.html HTTP/1.1" 200 25
124.79.74.67 - - [29/May/2023:11:45:35 +0800] "GET /xingrg/kc/print/load_config.html?kc_code=cgsh HTTP/1.1" 200 1924
124.79.74.67 - - [29/May/2023:11:45:36 +0800] "GET /xingrg/kc/print/load_data.html?order_code=212023052911025&kc_code=cgsh&condition= HTTP/1.1" 200 5612
101.83.145.52 - - [29/May/2023:11:45:39 +0800] "GET /xingrg/kc/base/wldb_order_operate.html?command=get_materiel_price&rest_code=00105&base_code=0010507&code=00101016037&unit_code=00100098 HTTP/1.1" 200 36
58.40.7.146 - - [29/May/2023:11:45:40 +0800] "GET /xingrg/all/function/internal_message.html?_=1685331940885&CODE_STATE=getMsg HTTP/1.1" 200 27
114.85.113.108 - - [29/May/2023:11:45:44 +0800] "GET /xingrg/all/function/internal_message.html?_=1685331917020&CODE_STATE=getMsg HTTP/1.1" 200 27
172.20.0.100 - - [29/May/2023:11:45:45 +0800] "GET /xingrg/all/function/internal_message.html?_=1685331944543&CODE_STATE=getMsg HTTP/1.1" 302 -
101.83.145.52 - - [29/May/2023:11:45:46 +0800] "GET /xingrg/all/function/internal_message.html?_=1685331777836&CODE_STATE=getMsg HTTP/1.1" 200 27
218.81.217.41 - - [29/May/2023:11:45:47 +0800] "GET /xingrg/all/function/internal_message.html?_=1685331949472&CODE_STATE=getMsg HTTP/1.1" 200 27
114.83.218.148 - - [29/May/2023:11:45:47 +0800] "GET /xingrg/all/function/internal_message.html?_=1685331946812&CODE_STATE=getMsg HTTP/1.1" 200 27
124.79.74.67 - - [29/May/2023:11:45:50 +0800] "GET /xingrg/all/function/internal_message.html?_=1685331950650&CODE_STATE=getMsg HTTP/1.1" 200 27
114.85.36.120 - - [29/May/2023:11:45:52 +0800] "GET /xingrg/all/function/internal_message.html?_=1685330767747&CODE_STATE=getMsg HTTP/1.1" 200 27
101.229.22.40 - - [29/May/2023:11:45:53 +0800] "GET /xingrg/all/function/internal_message.html?_=1685331953466&CODE_STATE=getMsg HTTP/1.1" 200 27
116.238.139.35 - - [29/May/2023:11:45:57 +0800] "GET /xingrg/all/function/internal_message.html?_=1685331957338&CODE_STATE=getMsg HTTP/1.1" 200 27
172.20.0.100 - - [29/May/2023:11:45:58 +0800] "GET /xingrg/all/function/internal_message.html?_=1685331959686&CODE_STATE=getMsg HTTP/1.1" 200 27
222.69.128.166 - - [29/May/2023:11:46:03 +0800] "GET /xingrg/all/function/internal_message.html?_=1685332063107&CODE_STATE=getMsg HTTP/1.1" 200 27
116.237.77.151 - - [29/May/2023:11:46:08 +0800] "GET /xingrg/all/function/internal_message.html?_=1685331970309&CODE_STATE=getMsg HTTP/1.1" 200 27
180.164.3.199 - - [29/May/2023:11:46:09 +0800] "GET /xingrg/check_reg.html?_=1685331968583 HTTP/1.1" 200 22
180.164.3.199 - - [29/May/2023:11:46:09 +0800] "GET /xingrg/all/function/internal_message.html?_=1685331968586&CODE_STATE=getMsg HTTP/1.1" 200 27
120.253.135.82 - - [29/May/2023:11:46:16 +0800] "GET /xingrg/all/function/internal_message.html?_=1685331812217&CODE_STATE=getMsg HTTP/1.1" 200 27
116.232.195.127 - - [29/May/2023:11:46:20 +0800] "GET /xingrg/all/function/internal_message.html?_=1685332007939&CODE_STATE=getMsg HTTP/1.1" 200 27
222.70.180.90 - - [29/May/2023:11:46:28 +0800] "GET /xingrg/all/function/internal_message.html?_=1685331988208&CODE_STATE=getMsg HTTP/1.1" 200 27
222.67.234.146 - - [29/May/2023:11:46:34 +0800] "GET /xingrg/all/function/internal_message.html?_=1685331503184&CODE_STATE=getMsg HTTP/1.1" 200 27
101.83.145.52 - - [29/May/2023:11:46:35 +0800] "POST /xingrg/kc/base/wldb_order_operate.html HTTP/1.1" 200 37
101.83.145.52 - - [29/May/2023:11:46:36 +0800] "POST /xingrg/kc/base/wldb_order_operate.html HTTP/1.1" 200 2195
101.83.145.52 - - [29/May/2023:11:46:37 +0800] "GET /xingrg/kc/base/wldb_order_info.html?code=422023052902331 HTTP/1.1" 200 30396
101.83.145.52 - - [29/May/2023:11:46:37 +0800] "GET /xingrg/javascript/easyui/themes/default/validatebox.css HTTP/1.1" 404 1104
101.83.145.52 - - [29/May/2023:11:46:38 +0800] "POST /xingrg/kc/base/wldb_order_operate.html HTTP/1.1" 200 2195
58.40.7.146 - - [29/May/2023:11:46:40 +0800] "GET /xingrg/check_reg.html?_=1685332000872 HTTP/1.1" 200 22
58.40.7.146 - - [29/May/2023:11:46:40 +0800] "GET /xingrg/all/function/internal_message.html?_=1685332000874&CODE_STATE=getMsg HTTP/1.1" 200 27
222.70.180.90 - - [29/May/2023:11:46:41 +0800] "POST /xingrg/services/DataTransmitService HTTP/1.1" 200 524
222.70.180.90 - - [29/May/2023:11:46:42 +0800] "POST /xingrg/services/DataTransmitService HTTP/1.1" 200 501
222.70.180.90 - - [29/May/2023:11:46:42 +0800] "POST /xingrg/services/DataTransmitService HTTP/1.1" 200 501
222.70.180.90 - - [29/May/2023:11:46:43 +0800] "POST /xingrg/services/DataTransmitService HTTP/1.1" 200 501
222.70.180.90 - - [29/May/2023:11:46:43 +0800] "POST /xingrg/services/DataTransmitService HTTP/1.1" 200 501
222.70.180.90 - - [29/May/2023:11:46:43 +0800] "POST /xingrg/services/DataTransmitService HTTP/1.1" 200 501
114.85.113.108 - - [29/May/2023:11:46:44 +0800] "GET /xingrg/all/function/internal_message.html?_=1685331977023&CODE_STATE=getMsg HTTP/1.1" 200 27
222.70.180.90 - - [29/May/2023:11:46:44 +0800] "POST /xingrg/services/DataTransmitService HTTP/1.1" 200 501
222.70.180.90 - - [29/May/2023:11:46:45 +0800] "POST /xingrg/services/DataTransmitService HTTP/1.1" 200 412
172.20.0.100 - - [29/May/2023:11:46:45 +0800] "GET /xingrg/all/function/internal_message.html?_=1685332004546&CODE_STATE=getMsg HTTP/1.1" 302 -
172.20.0.100 - - [29/May/2023:11:46:45 +0800] "GET /xingrg/check_reg.html?_=1685332004547 HTTP/1.1" 302 -
114.83.218.148 - - [29/May/2023:11:46:47 +0800] "GET /xingrg/all/function/internal_message.html?_=1685332006800&CODE_STATE=getMsg HTTP/1.1" 200 27
101.83.145.52 - - [29/May/2023:11:46:47 +0800] "GET /xingrg/kc/base/wldb_order_add.html HTTP/1.1" 200 30381
218.81.217.41 - - [29/May/2023:11:46:48 +0800] "GET /xingrg/all/function/internal_message.html?_=1685332009913&CODE_STATE=getMsg HTTP/1.1" 200 27
101.83.145.52 - - [29/May/2023:11:46:48 +0800] "POST /xingrg/kc/base/wldb_order_operate.html HTTP/1.1" 200 6806
101.83.145.52 - - [29/May/2023:11:46:48 +0800] "GET /xingrg/javascript/easyui/themes/default/validatebox.css HTTP/1.1" 404 1104
124.79.74.67 - - [29/May/2023:11:46:50 +0800] "GET /xingrg/all/function/internal_message.html?_=1685332010653&CODE_STATE=getMsg HTTP/1.1" 200 27
114.85.36.120 - - [29/May/2023:11:46:52 +0800] "GET /xingrg/all/function/internal_message.html?_=1685330827738&CODE_STATE=getMsg HTTP/1.1" 200 27
114.85.36.120 - - [29/May/2023:11:46:52 +0800] "GET /xingrg/check_reg.html?_=1685330827742 HTTP/1.1" 200 22
101.229.22.40 - - [29/May/2023:11:46:53 +0800] "GET /xingrg/all/function/internal_message.html?_=1685332013479&CODE_STATE=getMsg HTTP/1.1" 200 27
101.229.22.40 - - [29/May/2023:11:46:53 +0800] "GET /xingrg/check_reg.html?_=1685332013483 HTTP/1.1" 200 22
116.238.139.35 - - [29/May/2023:11:46:57 +0800] "GET /xingrg/all/function/internal_message.html?_=1685332017341&CODE_STATE=getMsg HTTP/1.1" 200 27
172.20.0.100 - - [29/May/2023:11:46:58 +0800] "GET /xingrg/check_reg.html?_=1685332019685 HTTP/1.1" 200 22
172.20.0.100 - - [29/May/2023:11:46:58 +0800] "GET /xingrg/all/function/internal_message.html?_=1685332019686&CODE_STATE=getMsg HTTP/1.1" 200 27
222.69.128.166 - - [29/May/2023:11:47:03 +0800] "GET /xingrg/all/function/internal_message.html?_=1685332123106&CODE_STATE=getMsg HTTP/1.1" 200 27
116.237.77.151 - - [29/May/2023:11:47:08 +0800] "GET /xingrg/check_reg.html?_=1685332030231 HTTP/1.1" 200 22
116.237.77.151 - - [29/May/2023:11:47:08 +0800] "GET /xingrg/all/function/internal_message.html?_=1685332030281&CODE_STATE=getMsg HTTP/1.1" 200 27
180.164.3.199 - - [29/May/2023:11:47:09 +0800] "GET /xingrg/all/function/internal_message.html?_=1685332028578&CODE_STATE=getMsg HTTP/1.1" 200 27
120.253.135.82 - - [29/May/2023:11:47:16 +0800] "GET /xingrg/all/function/internal_message.html?_=1685331872242&CODE_STATE=getMsg HTTP/1.1" 200 27
116.232.195.127 - - [29/May/2023:11:47:20 +0800] "GET /xingrg/all/function/internal_message.html?_=1685332067917&CODE_STATE=getMsg HTTP/1.1" 200 27
222.70.180.90 - - [29/May/2023:11:47:28 +0800] "GET /xingrg/all/function/internal_message.html?_=1685332048194&CODE_STATE=getMsg HTTP/1.1" 200 27
222.70.180.90 - - [29/May/2023:11:47:29 +0800] "GET /xingrg/check_reg.html?_=1685332049335 HTTP/1.1" 200 22
101.83.145.52 - - [29/May/2023:11:47:30 +0800] "GET /xingrg/kc/base/wldb_order_operate.html?command=get_materiel&rest_code=00105&base_code=0010508&code=00102002304 HTTP/1.1" 200 464
222.67.234.146 - - [29/May/2023:11:47:34 +0800] "GET /xingrg/all/function/internal_message.html?_=1685331563162&CODE_STATE=getMsg HTTP/1.1" 200 27
222.67.234.146 - - [29/May/2023:11:47:36 +0800] "GET /xingrg/check_reg.html?_=1685331564379 HTTP/1.1" 200 22
180.164.3.199 - - [29/May/2023:11:47:37 +0800] "POST /xingrg/services/DataTransmitService HTTP/1.1" 200 524
180.164.3.199 - - [29/May/2023:11:47:38 +0800] "POST /xingrg/services/DataTransmitService HTTP/1.1" 200 412
58.40.7.146 - - [29/May/2023:11:47:40 +0800] "GET /xingrg/all/function/internal_message.html?_=1685332060875&CODE_STATE=getMsg HTTP/1.1" 200 27
114.85.113.108 - - [29/May/2023:11:47:44 +0800] "GET /xingrg/all/function/internal_message.html?_=1685332037021&CODE_STATE=getMsg HTTP/1.1" 200 27
172.20.0.100 - - [29/May/2023:11:47:45 +0800] "GET /xingrg/all/function/internal_message.html?_=1685332064549&CODE_STATE=getMsg HTTP/1.1" 302 -
114.83.218.148 - - [29/May/2023:11:47:45 +0800] "GET /xingrg/check_reg.html?_=1685332064900 HTTP/1.1" 200 22
101.83.145.52 - - [29/May/2023:11:47:46 +0800] "GET /xingrg/all/function/internal_message.html?_=1685331897848&CODE_STATE=getMsg HTTP/1.1" 200 27
114.83.218.148 - - [29/May/2023:11:47:47 +0800] "GET /xingrg/all/function/internal_message.html?_=1685332066773&CODE_STATE=getMsg HTTP/1.1" 200 27
218.81.217.41 - - [29/May/2023:11:47:48 +0800] "GET /xingrg/all/function/internal_message.html?_=1685332070320&CODE_STATE=getMsg HTTP/1.1" 200 27
124.79.74.67 - - [29/May/2023:11:47:50 +0800] "GET /xingrg/all/function/internal_message.html?_=1685332070647&CODE_STATE=getMsg HTTP/1.1" 200 27
114.85.36.120 - - [29/May/2023:11:47:52 +0800] "GET /xingrg/all/function/internal_message.html?_=1685330887742&CODE_STATE=getMsg HTTP/1.1" 200 27
101.229.22.40 - - [29/May/2023:11:47:53 +0800] "GET /xingrg/all/function/internal_message.html?_=1685332073468&CODE_STATE=getMsg HTTP/1.1" 200 27
101.83.145.52 - - [29/May/2023:11:47:56 +0800] "GET /xingrg/kc/base/wldb_order_operate.html?command=get_materiel&rest_code=00105&base_code=0010508&code=00102002562 HTTP/1.1" 200 461
116.238.139.35 - - [29/May/2023:11:47:57 +0800] "GET /xingrg/all/function/internal_message.html?_=1685332077327&CODE_STATE=getMsg HTTP/1.1" 200 27
172.20.0.100 - - [29/May/2023:11:47:58 +0800] "GET /xingrg/all/function/internal_message.html?_=1685332079684&CODE_STATE=getMsg HTTP/1.1" 200 27
222.69.128.166 - - [29/May/2023:11:48:03 +0800] "GET /xingrg/all/function/internal_message.html?_=1685332183115&CODE_STATE=getMsg HTTP/1.1" 200 27
222.69.128.166 - - [29/May/2023:11:48:03 +0800] "GET /xingrg/check_reg.html?_=1685332183116 HTTP/1.1" 200 22
124.79.74.67 - - [29/May/2023:11:48:06 +0800] "GET /xingrg/kc/buy/cgsh_order_add.html HTTP/1.1" 200 71533
124.79.74.67 - - [29/May/2023:11:48:06 +0800] "POST /xingrg/kc/buy/cgsh_order_operate.html HTTP/1.1" 200 8245
124.79.74.67 - - [29/May/2023:11:48:06 +0800] "GET /xingrg/javascript/easyui/themes/default/validatebox.css HTTP/1.1" 404 1104
124.79.74.67 - - [29/May/2023:11:48:06 +0800] "GET /xingrg/all/common/auto_word.html?type=employee&rest_code=00156 HTTP/1.1" 200 97
124.79.74.67 - - [29/May/2023:11:48:06 +0800] "GET /xingrg/all/common/auto_word.html?type=employee&rest_code=00156 HTTP/1.1" 200 97
116.237.77.151 - - [29/May/2023:11:48:08 +0800] "GET /xingrg/all/function/internal_message.html?_=1685332090266&CODE_STATE=getMsg HTTP/1.1" 200 27
180.164.3.199 - - [29/May/2023:11:48:09 +0800] "GET /xingrg/all/function/internal_message.html?_=1685332088588&CODE_STATE=getMsg HTTP/1.1" 200 27
120.253.135.82 - - [29/May/2023:11:48:15 +0800] "GET /xingrg/check_reg.html?_=1685331931292 HTTP/1.1" 200 22
120.253.135.82 - - [29/May/2023:11:48:16 +0800] "GET /xingrg/all/function/internal_message.html?_=1685331932254&CODE_STATE=getMsg HTTP/1.1" 200 27
116.232.195.127 - - [29/May/2023:11:48:20 +0800] "GET /xingrg/all/function/internal_message.html?_=1685332127895&CODE_STATE=getMsg HTTP/1.1" 200 27
222.70.180.90 - - [29/May/2023:11:48:28 +0800] "GET /xingrg/all/function/internal_message.html?_=1685332108165&CODE_STATE=getMsg HTTP/1.1" 200 27
222.67.234.146 - - [29/May/2023:11:48:34 +0800] "GET /xingrg/all/function/internal_message.html?_=1685331623136&CODE_STATE=getMsg HTTP/1.1" 200 27
124.79.246.33 - - [29/May/2023:11:48:40 +0800] "POST /xingrg/services/DataTransmitService HTTP/1.1" 200 524
58.40.7.146 - - [29/May/2023:11:48:40 +0800] "GET /xingrg/all/function/internal_message.html?_=1685332120881&CODE_STATE=getMsg HTTP/1.1" 200 27
124.79.246.33 - - [29/May/2023:11:48:41 +0800] "POST /xingrg/services/DataTransmitService HTTP/1.1" 200 412
114.85.113.108 - - [29/May/2023:11:48:44 +0800] "GET /xingrg/all/function/internal_message.html?_=1685332097023&CODE_STATE=getMsg HTTP/1.1" 200 27
114.85.113.108 - - [29/May/2023:11:48:44 +0800] "GET /xingrg/check_reg.html?_=1685332097026 HTTP/1.1" 200 22
172.20.0.100 - - [29/May/2023:11:48:45 +0800] "GET /xingrg/all/function/internal_message.html?_=1685332124553&CODE_STATE=getMsg HTTP/1.1" 302 -
101.83.145.52 - - [29/May/2023:11:48:46 +0800] "GET /xingrg/all/function/internal_message.html?_=1685331957827&CODE_STATE=getMsg HTTP/1.1" 200 27
114.83.218.148 - - [29/May/2023:11:48:47 +0800] "GET /xingrg/all/function/internal_message.html?_=1685332126758&CODE_STATE=getMsg HTTP/1.1" 200 27
218.81.217.41 - - [29/May/2023:11:48:48 +0800] "GET /xingrg/all/function/internal_message.html?_=1685332130324&CODE_STATE=getMsg HTTP/1.1" 200 27
124.79.74.67 - - [29/May/2023:11:48:50 +0800] "GET /xingrg/all/function/internal_message.html?_=1685332130656&CODE_STATE=getMsg HTTP/1.1" 200 27
114.85.36.120 - - [29/May/2023:11:48:52 +0800] "GET /xingrg/all/function/internal_message.html?_=1685330947749&CODE_STATE=getMsg HTTP/1.1" 200 27
101.229.22.40 - - [29/May/2023:11:48:53 +0800] "GET /xingrg/all/function/internal_message.html?_=1685332133469&CODE_STATE=getMsg HTTP/1.1" 200 27
116.238.139.35 - - [29/May/2023:11:48:57 +0800] "GET /xingrg/all/function/internal_message.html?_=1685332137328&CODE_STATE=getMsg HTTP/1.1" 200 27
116.238.139.35 - - [29/May/2023:11:48:57 +0800] "GET /xingrg/check_reg.html?_=1685332137347 HTTP/1.1" 200 22
172.20.0.100 - - [29/May/2023:11:48:58 +0800] "GET /xingrg/all/function/internal_message.html?_=1685332139683&CODE_STATE=getMsg HTTP/1.1" 200 27
101.83.145.52 - - [29/May/2023:11:48:59 +0800] "GET /xingrg/kc/base/wldb_order_operate.html?command=get_materiel&rest_code=00105&base_code=0010508&code=00102001016 HTTP/1.1" 200 433
124.79.74.67 - - [29/May/2023:11:49:01 +0800] "GET /xingrg/kc/buy/cgsh_order_operate.html?command=get_materiel&rest_code=00156&code=00101001140&supplier_code=00100090&order_time=2023-05-28 HTTP/1.1" 200 415
222.69.128.166 - - [29/May/2023:11:49:03 +0800] "GET /xingrg/all/function/internal_message.html?_=1685332243115&CODE_STATE=getMsg HTTP/1.1" 200 27
116.237.77.151 - - [29/May/2023:11:49:08 +0800] "GET /xingrg/all/function/internal_message.html?_=1685332150252&CODE_STATE=getMsg HTTP/1.1" 200 27
180.164.3.199 - - [29/May/2023:11:49:09 +0800] "GET /xingrg/all/function/internal_message.html?_=1685332148586&CODE_STATE=getMsg HTTP/1.1" 200 27
124.79.74.67 - - [29/May/2023:11:49:11 +0800] "GET /xingrg/kc/buy/cgsh_order_operate.html?command=get_materiel&rest_code=00156&code=00101001052&supplier_code=00100090&order_time=2023-05-28 HTTP/1.1" 200 411
218.81.217.41 - - [29/May/2023:11:49:12 +0800] "GET /xingrg/check_reg.html?_=1685332154776 HTTP/1.1" 200 22
120.253.135.82 - - [29/May/2023:11:49:16 +0800] "GET /xingrg/all/function/internal_message.html?_=1685331992269&CODE_STATE=getMsg HTTP/1.1" 200 27
116.232.195.127 - - [29/May/2023:11:49:20 +0800] "GET /xingrg/all/function/internal_message.html?_=1685332187885&CODE_STATE=getMsg HTTP/1.1" 200 27
116.232.195.127 - - [29/May/2023:11:49:20 +0800] "GET /xingrg/check_reg.html?_=1685332188356 HTTP/1.1" 200 22
101.83.145.52 - - [29/May/2023:11:49:22 +0800] "GET /xingrg/kc/base/wldb_order_operate.html?command=get_materiel&rest_code=00105&base_code=0010508&code=00102002250 HTTP/1.1" 200 439
222.70.180.90 - - [29/May/2023:11:49:28 +0800] "GET /xingrg/all/function/internal_message.html?_=1685332168150&CODE_STATE=getMsg HTTP/1.1" 200 27
124.79.74.67 - - [29/May/2023:11:49:33 +0800] "POST /xingrg/kc/buy/cgsh_order_operate.html HTTP/1.1" 200 37
222.67.234.146 - - [29/May/2023:11:49:34 +0800] "GET /xingrg/all/function/internal_message.html?_=1685331683108&CODE_STATE=getMsg HTTP/1.1" 200 27
124.79.74.67 - - [29/May/2023:11:49:37 +0800] "POST /xingrg/kc/buy/cgsh_order_operate.html HTTP/1.1" 200 3252
124.79.74.67 - - [29/May/2023:11:49:38 +0800] "GET /xingrg/kc/print/load_config.html?kc_code=cgsh HTTP/1.1" 200 1924
124.79.74.67 - - [29/May/2023:11:49:39 +0800] "GET /xingrg/kc/print/load_data.html?order_code=212023052911026&kc_code=cgsh&condition= HTTP/1.1" 200 965
58.40.7.146 - - [29/May/2023:11:49:40 +0800] "GET /xingrg/all/function/internal_message.html?_=1685332180884&CODE_STATE=getMsg HTTP/1.1" 200 27
114.85.113.108 - - [29/May/2023:11:49:44 +0800] "GET /xingrg/all/function/internal_message.html?_=1685332157026&CODE_STATE=getMsg HTTP/1.1" 200 27
172.20.0.100 - - [29/May/2023:11:49:45 +0800] "GET /xingrg/all/function/internal_message.html?_=1685332184555&CODE_STATE=getMsg HTTP/1.1" 302 -
124.79.74.67 - - [29/May/2023:11:49:46 +0800] "GET /xingrg/kc/buy/cgsh_order_add.html HTTP/1.1" 200 71533
124.79.74.67 - - [29/May/2023:11:49:46 +0800] "POST /xingrg/kc/buy/cgsh_order_operate.html HTTP/1.1" 200 8245
101.83.145.52 - - [29/May/2023:11:49:46 +0800] "GET /xingrg/all/function/internal_message.html?_=1685332017832&CODE_STATE=getMsg HTTP/1.1" 200 27
124.79.74.67 - - [29/May/2023:11:49:46 +0800] "GET /xingrg/javascript/easyui/themes/default/validatebox.css HTTP/1.1" 404 1104
124.79.74.67 - - [29/May/2023:11:49:46 +0800] "GET /xingrg/all/common/auto_word.html?type=employee&rest_code=00156 HTTP/1.1" 200 97
124.79.74.67 - - [29/May/2023:11:49:46 +0800] "GET /xingrg/all/common/auto_word.html?type=employee&rest_code=00156 HTTP/1.1" 200 97
114.83.218.148 - - [29/May/2023:11:49:47 +0800] "GET /xingrg/all/function/internal_message.html?_=1685332186755&CODE_STATE=getMsg HTTP/1.1" 200 27
218.81.217.41 - - [29/May/2023:11:49:48 +0800] "GET /xingrg/all/function/internal_message.html?_=1685332190337&CODE_STATE=getMsg HTTP/1.1" 200 27
124.79.74.67 - - [29/May/2023:11:49:50 +0800] "GET /xingrg/all/function/internal_message.html?_=1685332190658&CODE_STATE=getMsg HTTP/1.1" 200 27
124.79.74.67 - - [29/May/2023:11:49:50 +0800] "GET /xingrg/check_reg.html?_=1685332190660 HTTP/1.1" 200 22
101.83.145.52 - - [29/May/2023:11:49:52 +0800] "GET /xingrg/kc/base/wldb_order_operate.html?command=get_materiel&rest_code=00105&base_code=0010508&code=00102010736 HTTP/1.1" 200 435
114.85.36.120 - - [29/May/2023:11:49:52 +0800] "GET /xingrg/all/function/internal_message.html?_=1685331007742&CODE_STATE=getMsg HTTP/1.1" 200 27
101.229.22.40 - - [29/May/2023:11:49:53 +0800] "GET /xingrg/all/function/internal_message.html?_=1685332193471&CODE_STATE=getMsg HTTP/1.1" 200 27
124.79.74.67 - - [29/May/2023:11:49:54 +0800] "GET /xingrg/kc/buy/cgsh_order_operate.html?command=get_materiel&rest_code=00156&code=00101003040&supplier_code=00100093&order_time=2023-05-29 HTTP/1.1" 200 415
116.238.139.35 - - [29/May/2023:11:49:57 +0800] "GET /xingrg/all/function/internal_message.html?_=1685332197337&CODE_STATE=getMsg HTTP/1.1" 200 27
172.20.0.100 - - [29/May/2023:11:49:58 +0800] "GET /xingrg/all/function/internal_message.html?_=1685332199681&CODE_STATE=getMsg HTTP/1.1" 200 27
222.69.128.166 - - [29/May/2023:11:50:03 +0800] "GET /xingrg/all/function/internal_message.html?_=1685332303116&CODE_STATE=getMsg HTTP/1.1" 200 27
101.83.145.52 - - [29/May/2023:11:50:04 +0800] "GET /xingrg/kc/base/wldb_order_operate.html?command=get_materiel&rest_code=00105&base_code=0010508&code=00102001069 HTTP/1.1" 200 440
116.237.77.151 - - [29/May/2023:11:50:08 +0800] "GET /xingrg/all/function/internal_message.html?_=1685332210235&CODE_STATE=getMsg HTTP/1.1" 200 27
180.164.3.199 - - [29/May/2023:11:50:09 +0800] "GET /xingrg/all/function/internal_message.html?_=1685332208577&CODE_STATE=getMsg HTTP/1.1" 200 27
124.79.74.67 - - [29/May/2023:11:50:10 +0800] "POST /xingrg/kc/buy/cgsh_order_operate.html HTTP/1.1" 200 37
120.253.135.82 - - [29/May/2023:11:50:16 +0800] "GET /xingrg/all/function/internal_message.html?_=1685332052282&CODE_STATE=getMsg HTTP/1.1" 200 27
124.79.74.67 - - [29/May/2023:11:50:16 +0800] "POST /xingrg/kc/buy/cgsh_order_operate.html HTTP/1.1" 200 2664
124.79.74.67 - - [29/May/2023:11:50:18 +0800] "GET /xingrg/kc/print/load_config.html?kc_code=cgsh HTTP/1.1" 200 1924
124.79.74.67 - - [29/May/2023:11:50:18 +0800] "GET /xingrg/kc/print/load_data.html?order_code=212023052911027&kc_code=cgsh&condition= HTTP/1.1" 200 725
101.83.145.52 - - [29/May/2023:11:50:19 +0800] "GET /xingrg/kc/base/wldb_order_operate.html?command=get_materiel&rest_code=00105&base_code=0010508&code=00102002557 HTTP/1.1" 200 443
116.232.195.127 - - [29/May/2023:11:50:20 +0800] "GET /xingrg/all/function/internal_message.html?_=1685332247873&CODE_STATE=getMsg HTTP/1.1" 200 27
124.79.74.67 - - [29/May/2023:11:50:28 +0800] "POST /xingrg/kc/buy/cgsh_order_operate.html HTTP/1.1" 200 37
222.70.180.90 - - [29/May/2023:11:50:28 +0800] "GET /xingrg/all/function/internal_message.html?_=1685332228136&CODE_STATE=getMsg HTTP/1.1" 200 27
124.79.74.67 - - [29/May/2023:11:50:30 +0800] "POST /xingrg/kc/buy/cgsh_order_operate.html HTTP/1.1" 200 2664
124.79.74.67 - - [29/May/2023:11:50:32 +0800] "GET /xingrg/kc/print/load_config.html?kc_code=cgsh HTTP/1.1" 200 1924
124.79.74.67 - - [29/May/2023:11:50:33 +0800] "GET /xingrg/kc/print/load_data.html?order_code=212023052911027&kc_code=cgsh&condition= HTTP/1.1" 200 725
222.67.234.146 - - [29/May/2023:11:50:34 +0800] "GET /xingrg/all/function/internal_message.html?_=1685331743084&CODE_STATE=getMsg HTTP/1.1" 200 27
101.83.145.52 - - [29/May/2023:11:50:39 +0800] "POST /xingrg/kc/base/wldb_order_operate.html HTTP/1.1" 200 37
124.79.74.67 - - [29/May/2023:11:50:39 +0800] "GET /xingrg/kc/buy/cgsh_order_add.html HTTP/1.1" 200 71533
124.79.74.67 - - [29/May/2023:11:50:39 +0800] "POST /xingrg/kc/buy/cgsh_order_operate.html HTTP/1.1" 200 8245
124.79.74.67 - - [29/May/2023:11:50:39 +0800] "GET /xingrg/javascript/easyui/themes/default/validatebox.css HTTP/1.1" 404 1104
124.79.74.67 - - [29/May/2023:11:50:39 +0800] "GET /xingrg/all/common/auto_word.html?type=employee&rest_code=00156 HTTP/1.1" 200 97
124.79.74.67 - - [29/May/2023:11:50:39 +0800] "GET /xingrg/all/common/auto_word.html?type=employee&rest_code=00156 HTTP/1.1" 200 97
101.83.145.52 - - [29/May/2023:11:50:40 +0800] "POST /xingrg/kc/base/wldb_order_operate.html HTTP/1.1" 200 3656
101.83.145.52 - - [29/May/2023:11:50:40 +0800] "GET /xingrg/kc/base/wldb_order_info.html?code=422023052902332 HTTP/1.1" 200 30392
58.40.7.146 - - [29/May/2023:11:50:40 +0800] "GET /xingrg/all/function/internal_message.html?_=1685332240887&CODE_STATE=getMsg HTTP/1.1" 200 27
101.83.145.52 - - [29/May/2023:11:50:41 +0800] "GET /xingrg/javascript/easyui/themes/default/validatebox.css HTTP/1.1" 404 1104
101.83.145.52 - - [29/May/2023:11:50:41 +0800] "POST /xingrg/kc/base/wldb_order_operate.html HTTP/1.1" 200 3656
114.85.113.108 - - [29/May/2023:11:50:44 +0800] "GET /xingrg/all/function/internal_message.html?_=1685332217024&CODE_STATE=getMsg HTTP/1.1" 200 27
172.20.0.100 - - [29/May/2023:11:50:45 +0800] "GET /xingrg/all/function/internal_message.html?_=1685332244542&CODE_STATE=getMsg HTTP/1.1" 302 -
101.83.145.52 - - [29/May/2023:11:50:46 +0800] "GET /xingrg/all/function/internal_message.html?_=1685332077807&CODE_STATE=getMsg HTTP/1.1" 200 27
114.83.218.148 - - [29/May/2023:11:50:47 +0800] "GET /xingrg/all/function/internal_message.html?_=1685332246743&CODE_STATE=getMsg HTTP/1.1" 200 27
218.81.217.41 - - [29/May/2023:11:50:48 +0800] "GET /xingrg/all/function/internal_message.html?_=1685332250352&CODE_STATE=getMsg HTTP/1.1" 200 27
124.79.74.67 - - [29/May/2023:11:50:50 +0800] "GET /xingrg/all/function/internal_message.html?_=1685332250656&CODE_STATE=getMsg HTTP/1.1" 200 27
114.85.36.120 - - [29/May/2023:11:50:52 +0800] "GET /xingrg/all/function/internal_message.html?_=1685331067747&CODE_STATE=getMsg HTTP/1.1" 200 27
101.229.22.40 - - [29/May/2023:11:50:53 +0800] "GET /xingrg/all/function/internal_message.html?_=1685332253479&CODE_STATE=getMsg HTTP/1.1" 200 27
124.79.74.67 - - [29/May/2023:11:50:56 +0800] "GET /xingrg/kc/buy/cgsh_order_operate.html?command=get_materiel&rest_code=00156&code=00101004046&supplier_code=00100312&order_time=2023-05-28 HTTP/1.1" 200 433
116.238.139.35 - - [29/May/2023:11:50:57 +0800] "GET /xingrg/all/function/internal_message.html?_=1685332257342&CODE_STATE=getMsg HTTP/1.1" 200 27
172.20.0.100 - - [29/May/2023:11:50:58 +0800] "GET /xingrg/all/function/internal_message.html?_=1685332259680&CODE_STATE=getMsg HTTP/1.1" 200 27
222.69.128.166 - - [29/May/2023:11:51:03 +0800] "GET /xingrg/all/function/internal_message.html?_=1685332363105&CODE_STATE=getMsg HTTP/1.1" 200 27
124.79.74.67 - - [29/May/2023:11:51:04 +0800] "GET /xingrg/kc/buy/cgsh_order_operate.html?command=get_materiel&rest_code=00156&code=00101004005&supplier_code=00100312&order_time=2023-05-28 HTTP/1.1" 200 430
116.237.77.151 - - [29/May/2023:11:51:08 +0800] "GET /xingrg/all/function/internal_message.html?_=1685332270220&CODE_STATE=getMsg HTTP/1.1" 200 27
180.164.3.199 - - [29/May/2023:11:51:09 +0800] "GET /xingrg/all/function/internal_message.html?_=1685332268591&CODE_STATE=getMsg HTTP/1.1" 200 27
180.164.3.199 - - [29/May/2023:11:51:09 +0800] "GET /xingrg/check_reg.html?_=1685332268593 HTTP/1.1" 200 22
124.79.74.67 - - [29/May/2023:11:51:12 +0800] "GET /xingrg/kc/buy/cgsh_order_operate.html?command=get_materiel&rest_code=00156&code=00101004067&supplier_code=00100312&order_time=2023-05-28 HTTP/1.1" 200 435
120.253.135.82 - - [29/May/2023:11:51:16 +0800] "GET /xingrg/all/function/internal_message.html?_=1685332112300&CODE_STATE=getMsg HTTP/1.1" 200 27
116.232.195.127 - - [29/May/2023:11:51:20 +0800] "GET /xingrg/all/function/internal_message.html?_=1685332307846&CODE_STATE=getMsg HTTP/1.1" 200 27
124.79.74.67 - - [29/May/2023:11:51:27 +0800] "POST /xingrg/kc/buy/cgsh_order_operate.html HTTP/1.1" 200 37
222.70.180.90 - - [29/May/2023:11:51:28 +0800] "GET /xingrg/all/function/internal_message.html?_=1685332288147&CODE_STATE=getMsg HTTP/1.1" 200 27
124.79.74.67 - - [29/May/2023:11:51:29 +0800] "POST /xingrg/kc/buy/cgsh_order_operate.html HTTP/1.1" 200 3850
222.67.234.146 - - [29/May/2023:11:51:34 +0800] "GET /xingrg/all/function/internal_message.html?_=1685331803087&CODE_STATE=getMsg HTTP/1.1" 200 27
124.79.74.67 - - [29/May/2023:11:51:38 +0800] "GET /xingrg/kc/print/load_config.html?kc_code=cgsh HTTP/1.1" 200 1924
124.79.74.67 - - [29/May/2023:11:51:39 +0800] "GET /xingrg/kc/print/load_data.html?order_code=212023052911028&kc_code=cgsh&condition= HTTP/1.1" 200 1133
58.40.7.146 - - [29/May/2023:11:51:40 +0800] "GET /xingrg/check_reg.html?_=1685332300873 HTTP/1.1" 200 22
58.40.7.146 - - [29/May/2023:11:51:40 +0800] "GET /xingrg/all/function/internal_message.html?_=1685332300874&CODE_STATE=getMsg HTTP/1.1" 200 27
114.85.113.108 - - [29/May/2023:11:51:44 +0800] "GET /xingrg/all/function/internal_message.html?_=1685332277025&CODE_STATE=getMsg HTTP/1.1" 200 27
172.20.0.100 - - [29/May/2023:11:51:45 +0800] "GET /xingrg/all/function/internal_message.html?_=1685332304544&CODE_STATE=getMsg HTTP/1.1" 302 -
172.20.0.100 - - [29/May/2023:11:51:45 +0800] "GET /xingrg/check_reg.html?_=1685332304545 HTTP/1.1" 302 -
101.83.145.52 - - [29/May/2023:11:51:46 +0800] "GET /xingrg/all/function/internal_message.html?_=1685332137792&CODE_STATE=getMsg HTTP/1.1" 200 27
101.83.145.52 - - [29/May/2023:11:51:46 +0800] "GET /xingrg/check_reg.html?_=1685332137842 HTTP/1.1" 200 22
114.83.218.148 - - [29/May/2023:11:51:47 +0800] "GET /xingrg/all/function/internal_message.html?_=1685332306718&CODE_STATE=getMsg HTTP/1.1" 200 27
218.81.217.41 - - [29/May/2023:11:51:48 +0800] "GET /xingrg/all/function/internal_message.html?_=1685332310794&CODE_STATE=getMsg HTTP/1.1" 200 27
124.79.74.67 - - [29/May/2023:11:51:50 +0800] "GET /xingrg/all/function/internal_message.html?_=1685332310663&CODE_STATE=getMsg HTTP/1.1" 200 27
124.79.74.67 - - [29/May/2023:11:51:51 +0800] "GET /xingrg/kc/buy/cgsh_order_add.html HTTP/1.1" 200 71533
124.79.74.67 - - [29/May/2023:11:51:51 +0800] "POST /xingrg/kc/buy/cgsh_order_operate.html HTTP/1.1" 200 8245
124.79.74.67 - - [29/May/2023:11:51:51 +0800] "GET /xingrg/javascript/easyui/themes/default/validatebox.css HTTP/1.1" 404 1104
124.79.74.67 - - [29/May/2023:11:51:51 +0800] "GET /xingrg/all/common/auto_word.html?type=employee&rest_code=00156 HTTP/1.1" 200 97
124.79.74.67 - - [29/May/2023:11:51:51 +0800] "GET /xingrg/all/common/auto_word.html?type=employee&rest_code=00156 HTTP/1.1" 200 97
114.85.36.120 - - [29/May/2023:11:51:52 +0800] "GET /xingrg/check_reg.html?_=1685331127746 HTTP/1.1" 200 22
114.85.36.120 - - [29/May/2023:11:51:52 +0800] "GET /xingrg/all/function/internal_message.html?_=1685331127748&CODE_STATE=getMsg HTTP/1.1" 200 27
101.229.22.40 - - [29/May/2023:11:51:53 +0800] "GET /xingrg/all/function/internal_message.html?_=1685332313465&CODE_STATE=getMsg HTTP/1.1" 200 27
101.229.22.40 - - [29/May/2023:11:51:53 +0800] "GET /xingrg/check_reg.html?_=1685332313470 HTTP/1.1" 200 22
116.238.139.35 - - [29/May/2023:11:51:57 +0800] "GET /xingrg/all/function/internal_message.html?_=1685332317342&CODE_STATE=getMsg HTTP/1.1" 200 27
172.20.0.100 - - [29/May/2023:11:51:58 +0800] "GET /xingrg/all/function/internal_message.html?_=1685332319678&CODE_STATE=getMsg HTTP/1.1" 200 27
172.20.0.100 - - [29/May/2023:11:51:58 +0800] "GET /xingrg/check_reg.html?_=1685332319679 HTTP/1.1" 200 22
222.69.128.166 - - [29/May/2023:11:52:03 +0800] "GET /xingrg/all/function/internal_message.html?_=1685332423117&CODE_STATE=getMsg HTTP/1.1" 200 27
124.79.74.67 - - [29/May/2023:11:52:06 +0800] "GET /xingrg/kc/buy/cgsh_order_operate.html?command=get_materiel&rest_code=00156&code=00101008316&supplier_code=00100337&order_time=2023-05-28 HTTP/1.1" 200 433
116.237.77.151 - - [29/May/2023:11:52:08 +0800] "GET /xingrg/all/function/internal_message.html?_=1685332330220&CODE_STATE=getMsg HTTP/1.1" 200 27
116.237.77.151 - - [29/May/2023:11:52:08 +0800] "GET /xingrg/check_reg.html?_=1685332330223 HTTP/1.1" 200 22
180.164.3.199 - - [29/May/2023:11:52:09 +0800] "GET /xingrg/all/function/internal_message.html?_=1685332328591&CODE_STATE=getMsg HTTP/1.1" 200 27
120.253.135.82 - - [29/May/2023:11:52:16 +0800] "GET /xingrg/all/function/internal_message.html?_=1685332172309&CODE_STATE=getMsg HTTP/1.1" 200 27
116.232.195.127 - - [29/May/2023:11:52:20 +0800] "GET /xingrg/all/function/internal_message.html?_=1685332367819&CODE_STATE=getMsg HTTP/1.1" 200 27
222.70.180.90 - - [29/May/2023:11:52:28 +0800] "GET /xingrg/all/function/internal_message.html?_=1685332348131&CODE_STATE=getMsg HTTP/1.1" 200 27
222.70.180.90 - - [29/May/2023:11:52:29 +0800] "GET /xingrg/check_reg.html?_=1685332349350 HTTP/1.1" 200 22
222.67.234.146 - - [29/May/2023:11:52:34 +0800] "GET /xingrg/all/function/internal_message.html?_=1685331863060&CODE_STATE=getMsg HTTP/1.1" 200 27
222.67.234.146 - - [29/May/2023:11:52:36 +0800] "GET /xingrg/check_reg.html?_=1685331864403 HTTP/1.1" 200 22
58.40.7.146 - - [29/May/2023:11:52:40 +0800] "GET /xingrg/all/function/internal_message.html?_=1685332360877&CODE_STATE=getMsg HTTP/1.1" 200 27
124.79.74.67 - - [29/May/2023:11:52:40 +0800] "GET /xingrg/kc/buy/cgsh_order_operate.html?command=get_materiel&rest_code=00156&code=00101013139&supplier_code=00100337&order_time=2023-05-28 HTTP/1.1" 200 450
114.85.113.108 - - [29/May/2023:11:52:44 +0800] "GET /xingrg/all/function/internal_message.html?_=1685332337024&CODE_STATE=getMsg HTTP/1.1" 200 27
172.20.0.100 - - [29/May/2023:11:52:45 +0800] "GET /xingrg/all/function/internal_message.html?_=1685332364548&CODE_STATE=getMsg HTTP/1.1" 302 -
114.83.218.148 - - [29/May/2023:11:52:45 +0800] "GET /xingrg/check_reg.html?_=1685332364910 HTTP/1.1" 200 22
101.83.145.52 - - [29/May/2023:11:52:46 +0800] "GET /xingrg/all/function/internal_message.html?_=1685332197770&CODE_STATE=getMsg HTTP/1.1" 200 27
114.83.218.148 - - [29/May/2023:11:52:47 +0800] "GET /xingrg/all/function/internal_message.html?_=1685332366704&CODE_STATE=getMsg HTTP/1.1" 200 27
218.81.217.41 - - [29/May/2023:11:52:49 +0800] "GET /xingrg/all/function/internal_message.html?_=1685332370799&CODE_STATE=getMsg HTTP/1.1" 200 27
124.79.74.67 - - [29/May/2023:11:52:50 +0800] "GET /xingrg/all/function/internal_message.html?_=1685332370665&CODE_STATE=getMsg HTTP/1.1" 200 27
114.85.36.120 - - [29/May/2023:11:52:52 +0800] "GET /xingrg/all/function/internal_message.html?_=1685331187736&CODE_STATE=getMsg HTTP/1.1" 200 27
101.229.22.40 - - [29/May/2023:11:52:53 +0800] "GET /xingrg/all/function/internal_message.html?_=1685332373474&CODE_STATE=getMsg HTTP/1.1" 200 27
116.238.139.35 - - [29/May/2023:11:52:57 +0800] "GET /xingrg/all/function/internal_message.html?_=1685332377345&CODE_STATE=getMsg HTTP/1.1" 200 27
172.20.0.100 - - [29/May/2023:11:52:58 +0800] "GET /xingrg/all/function/internal_message.html?_=1685332379677&CODE_STATE=getMsg HTTP/1.1" 200 27
222.69.128.166 - - [29/May/2023:11:53:03 +0800] "GET /xingrg/check_reg.html?_=1685332483116 HTTP/1.1" 200 22
222.69.128.166 - - [29/May/2023:11:53:03 +0800] "GET /xingrg/all/function/internal_message.html?_=1685332483118&CODE_STATE=getMsg HTTP/1.1" 200 27
116.237.77.151 - - [29/May/2023:11:53:08 +0800] "GET /xingrg/all/function/internal_message.html?_=1685332390250&CODE_STATE=getMsg HTTP/1.1" 200 27
180.164.3.199 - - [29/May/2023:11:53:09 +0800] "GET /xingrg/all/function/internal_message.html?_=1685332388579&CODE_STATE=getMsg HTTP/1.1" 200 27
120.253.135.82 - - [29/May/2023:11:53:15 +0800] "GET /xingrg/check_reg.html?_=1685332231300 HTTP/1.1" 200 22
120.253.135.82 - - [29/May/2023:11:53:16 +0800] "GET /xingrg/all/function/internal_message.html?_=1685332232322&CODE_STATE=getMsg HTTP/1.1" 200 27
116.232.195.127 - - [29/May/2023:11:53:20 +0800] "GET /xingrg/all/function/internal_message.html?_=1685332427815&CODE_STATE=getMsg HTTP/1.1" 200 27
222.70.180.90 - - [29/May/2023:11:53:28 +0800] "GET /xingrg/all/function/internal_message.html?_=1685332408102&CODE_STATE=getMsg HTTP/1.1" 200 27
222.67.234.146 - - [29/May/2023:11:53:34 +0800] "GET /xingrg/all/function/internal_message.html?_=1685331923031&CODE_STATE=getMsg HTTP/1.1" 200 27
124.79.74.67 - - [29/May/2023:11:53:36 +0800] "POST /xingrg/kc/buy/cgsh_order_operate.html HTTP/1.1" 200 37
124.79.74.67 - - [29/May/2023:11:53:38 +0800] "POST /xingrg/kc/buy/cgsh_order_operate.html HTTP/1.1" 200 3259
124.79.74.67 - - [29/May/2023:11:53:39 +0800] "GET /xingrg/kc/print/load_config.html?kc_code=cgsh HTTP/1.1" 200 1924
124.79.74.67 - - [29/May/2023:11:53:40 +0800] "GET /xingrg/kc/print/load_data.html?order_code=212023052911029&kc_code=cgsh&condition= HTTP/1.1" 200 910
58.40.7.146 - - [29/May/2023:11:53:40 +0800] "GET /xingrg/all/function/internal_message.html?_=1685332420880&CODE_STATE=getMsg HTTP/1.1" 200 27
114.85.113.108 - - [29/May/2023:11:53:44 +0800] "GET /xingrg/all/function/internal_message.html?_=1685332397024&CODE_STATE=getMsg HTTP/1.1" 200 27
114.85.113.108 - - [29/May/2023:11:53:44 +0800] "GET /xingrg/check_reg.html?_=1685332397027 HTTP/1.1" 200 22
172.20.0.100 - - [29/May/2023:11:53:45 +0800] "GET /xingrg/all/function/internal_message.html?_=1685332424551&CODE_STATE=getMsg HTTP/1.1" 302 -
101.83.145.52 - - [29/May/2023:11:53:46 +0800] "GET /xingrg/all/function/internal_message.html?_=1685332257759&CODE_STATE=getMsg HTTP/1.1" 200 27
114.83.218.148 - - [29/May/2023:11:53:47 +0800] "GET /xingrg/all/function/internal_message.html?_=1685332426692&CODE_STATE=getMsg HTTP/1.1" 200 27
218.81.217.41 - - [29/May/2023:11:53:49 +0800] "GET /xingrg/all/function/internal_message.html?_=1685332431295&CODE_STATE=getMsg HTTP/1.1" 200 27
124.79.74.67 - - [29/May/2023:11:53:50 +0800] "GET /xingrg/all/function/internal_message.html?_=1685332430661&CODE_STATE=getMsg HTTP/1.1" 200 27
124.79.74.67 - - [29/May/2023:11:53:51 +0800] "GET /xingrg/kc/buy/cgsh_order_add.html HTTP/1.1" 200 71533
124.79.74.67 - - [29/May/2023:11:53:52 +0800] "POST /xingrg/kc/buy/cgsh_order_operate.html HTTP/1.1" 200 8245
124.79.74.67 - - [29/May/2023:11:53:52 +0800] "GET /xingrg/javascript/easyui/themes/default/validatebox.css HTTP/1.1" 404 1104
124.79.74.67 - - [29/May/2023:11:53:52 +0800] "GET /xingrg/all/common/auto_word.html?type=employee&rest_code=00156 HTTP/1.1" 200 97
124.79.74.67 - - [29/May/2023:11:53:52 +0800] "GET /xingrg/all/common/auto_word.html?type=employee&rest_code=00156 HTTP/1.1" 200 97
114.85.36.120 - - [29/May/2023:11:53:52 +0800] "GET /xingrg/all/function/internal_message.html?_=1685331247747&CODE_STATE=getMsg HTTP/1.1" 200 27
101.229.22.40 - - [29/May/2023:11:53:53 +0800] "GET /xingrg/all/function/internal_message.html?_=1685332433476&CODE_STATE=getMsg HTTP/1.1" 200 27
116.238.139.35 - - [29/May/2023:11:53:57 +0800] "GET /xingrg/check_reg.html?_=1685332437349 HTTP/1.1" 200 22
116.238.139.35 - - [29/May/2023:11:53:57 +0800] "GET /xingrg/all/function/internal_message.html?_=1685332437346&CODE_STATE=getMsg HTTP/1.1" 200 27
172.20.0.100 - - [29/May/2023:11:53:58 +0800] "GET /xingrg/all/function/internal_message.html?_=1685332439676&CODE_STATE=getMsg HTTP/1.1" 200 27
222.69.128.166 - - [29/May/2023:11:54:03 +0800] "GET /xingrg/all/function/internal_message.html?_=1685332543120&CODE_STATE=getMsg HTTP/1.1" 200 27
124.79.74.67 - - [29/May/2023:11:54:03 +0800] "GET /xingrg/kc/buy/cgsh_order_operate.html?command=get_materiel&rest_code=00156&code=00101005039&supplier_code=00100316&order_time=2023-05-28 HTTP/1.1" 200 419
116.237.77.151 - - [29/May/2023:11:54:08 +0800] "GET /xingrg/all/function/internal_message.html?_=1685332450250&CODE_STATE=getMsg HTTP/1.1" 200 27
180.164.3.199 - - [29/May/2023:11:54:09 +0800] "GET /xingrg/all/function/internal_message.html?_=1685332448594&CODE_STATE=getMsg HTTP/1.1" 200 27
218.81.217.41 - - [29/May/2023:11:54:12 +0800] "GET /xingrg/check_reg.html?_=1685332454775 HTTP/1.1" 200 22
124.79.74.67 - - [29/May/2023:11:54:15 +0800] "POST /xingrg/kc/buy/cgsh_order_operate.html HTTP/1.1" 200 37
120.253.135.82 - - [29/May/2023:11:54:16 +0800] "GET /xingrg/all/function/internal_message.html?_=1685332292336&CODE_STATE=getMsg HTTP/1.1" 200 27
124.79.74.67 - - [29/May/2023:11:54:17 +0800] "POST /xingrg/kc/buy/cgsh_order_operate.html HTTP/1.1" 200 2666
124.79.74.67 - - [29/May/2023:11:54:19 +0800] "GET /xingrg/kc/print/load_config.html?kc_code=cgsh HTTP/1.1" 200 1924
124.79.74.67 - - [29/May/2023:11:54:19 +0800] "GET /xingrg/kc/print/load_data.html?order_code=212023052911030&kc_code=cgsh&condition= HTTP/1.1" 200 683
116.232.195.127 - - [29/May/2023:11:54:20 +0800] "GET /xingrg/all/function/internal_message.html?_=1685332487788&CODE_STATE=getMsg HTTP/1.1" 200 27
116.232.195.127 - - [29/May/2023:11:54:20 +0800] "GET /xingrg/check_reg.html?_=1685332488338 HTTP/1.1" 200 22
124.79.74.67 - - [29/May/2023:11:54:23 +0800] "GET /xingrg/kc/buy/cgsh_order_add.html HTTP/1.1" 200 71533
124.79.74.67 - - [29/May/2023:11:54:24 +0800] "POST /xingrg/kc/buy/cgsh_order_operate.html HTTP/1.1" 200 8245
124.79.74.67 - - [29/May/2023:11:54:24 +0800] "GET /xingrg/javascript/easyui/themes/default/validatebox.css HTTP/1.1" 404 1104
124.79.74.67 - - [29/May/2023:11:54:24 +0800] "GET /xingrg/all/common/auto_word.html?type=employee&rest_code=00156 HTTP/1.1" 200 97
124.79.74.67 - - [29/May/2023:11:54:24 +0800] "GET /xingrg/all/common/auto_word.html?type=employee&rest_code=00156 HTTP/1.1" 200 97
58.40.7.146 - - [29/May/2023:11:54:26 +0800] "POST /xingrg/services/DataTransmitService HTTP/1.1" 200 524
180.169.147.146 - - [29/May/2023:11:54:27 +0800] "GET /favicon.ico HTTP/1.1" 404 -
