222.70.180.90 - - [29/May/2023:09:00:19 +0800] "POST /xingrg/kc/buy/cgsh_order_operate.html HTTP/1.1" 200 2065
116.238.139.35 - - [29/May/2023:09:00:19 +0800] "GET /xingrg/all/function/internal_message.html?_=1685322019495&CODE_STATE=getMsg HTTP/1.1" 200 27
116.232.195.127 - - [29/May/2023:09:00:20 +0800] "GET /xingrg/all/function/internal_message.html?_=1685322048347&CODE_STATE=getMsg HTTP/1.1" 200 27
114.85.98.170 - - [29/May/2023:09:00:23 +0800] "GET /xingrg/all/function/internal_message.html?_=1685322023723&CODE_STATE=getMsg HTTP/1.1" 302 -
116.238.139.35 - - [29/May/2023:09:00:29 +0800] "GET /xingrg/kc/buy/cgsh_order_operate.html?command=get_materiel&rest_code=00151&code=00102035362&supplier_code=00100097&order_time=2023-05-28 HTTP/1.1" 200 411
218.81.217.41 - - [29/May/2023:09:00:32 +0800] "GET /xingrg/all/function/internal_message.html?_=1685322033970&CODE_STATE=getMsg HTTP/1.1" 200 27
116.237.77.151 - - [29/May/2023:09:00:40 +0800] "GET /xingrg/all/function/internal_message.html?_=1685322041780&CODE_STATE=getMsg HTTP/1.1" 200 27
101.83.145.52 - - [29/May/2023:09:00:46 +0800] "GET /xingrg/all/function/internal_message.html?_=1685321877637&CODE_STATE=getMsg HTTP/1.1" 200 27
114.83.218.148 - - [29/May/2023:09:00:50 +0800] "GET /xingrg/all/function/internal_message.html?_=1685322049057&CODE_STATE=getMsg HTTP/1.1" 200 27
114.85.113.108 - - [29/May/2023:09:00:51 +0800] "GET /xingrg/all/function/internal_message.html?_=1685322023877&CODE_STATE=getMsg HTTP/1.1" 200 27
222.70.180.90 - - [29/May/2023:09:00:51 +0800] "GET /xingrg/all/function/internal_message.html?_=1685322051645&CODE_STATE=getMsg HTTP/1.1" 200 27
101.229.22.40 - - [29/May/2023:09:00:53 +0800] "GET /xingrg/all/function/internal_message.html?_=1685322053177&CODE_STATE=getMsg HTTP/1.1" 200 27
116.238.139.35 - - [29/May/2023:09:00:54 +0800] "POST /xingrg/kc/buy/cgsh_order_operate.html HTTP/1.1" 200 37
180.169.147.146 - - [29/May/2023:09:01:00 +0800] "GET /xingrg/all/function/internal_message.html?_=1685322060445&CODE_STATE=getMsg HTTP/1.1" 200 27
180.164.3.199 - - [29/May/2023:09:01:09 +0800] "GET /xingrg/check_reg.html?_=1685322068575 HTTP/1.1" 200 22
180.164.3.199 - - [29/May/2023:09:01:09 +0800] "GET /xingrg/all/function/internal_message.html?_=1685322068579&CODE_STATE=getMsg HTTP/1.1" 200 27
222.70.180.90 - - [29/May/2023:09:01:13 +0800] "POST /xingrg/kc/buy/cgsh_order_operate.html HTTP/1.1" 200 37
116.238.139.35 - - [29/May/2023:09:01:14 +0800] "POST /xingrg/kc/buy/cgsh_order_operate.html HTTP/1.1" 200 12
116.238.139.35 - - [29/May/2023:09:01:15 +0800] "GET /xingrg/check_reg.html?_=1685321984847 HTTP/1.1" 200 22
116.238.139.35 - - [29/May/2023:09:01:15 +0800] "GET /xingrg/all/function/internal_message.html?_=1685321985036&CODE_STATE=getMsg HTTP/1.1" 200 27
101.83.145.52 - - [29/May/2023:09:01:16 +0800] "GET /xingrg/kc/buy/cgsh_order_operate.html?command=get_materiel&rest_code=00105&code=00101008197&supplier_code=00100203&order_time=2023-05-29 HTTP/1.1" 200 417
116.232.195.127 - - [29/May/2023:09:01:20 +0800] "GET /xingrg/all/function/internal_message.html?_=1685322108335&CODE_STATE=getMsg HTTP/1.1" 200 27
222.70.180.90 - - [29/May/2023:09:01:21 +0800] "POST /xingrg/kc/buy/cgsh_order_operate.html HTTP/1.1" 200 26364
116.238.139.35 - - [29/May/2023:09:01:22 +0800] "GET /xingrg/kc/buy/cgsh_order_info.html?code=212023052810858 HTTP/1.1" 200 65953
116.238.139.35 - - [29/May/2023:09:01:23 +0800] "GET /xingrg/javascript/easyui/themes/default/validatebox.css HTTP/1.1" 404 1104
114.85.98.170 - - [29/May/2023:09:01:23 +0800] "GET /xingrg/all/function/internal_message.html?_=1685322083706&CODE_STATE=getMsg HTTP/1.1" 302 -
116.238.139.35 - - [29/May/2023:09:01:24 +0800] "POST /xingrg/kc/buy/cgsh_order_operate.html HTTP/1.1" 200 2411
116.232.195.127 - - [29/May/2023:09:01:27 +0800] "GET /xingrg/kc/print/load_data.html?order_code=212023052910878&kc_code=cgsh HTTP/1.1" 200 5868
116.238.139.35 - - [29/May/2023:09:01:31 +0800] "POST /xingrg/kc/buy/cgsh_order_operate.html HTTP/1.1" 200 12
218.81.217.41 - - [29/May/2023:09:01:32 +0800] "GET /xingrg/all/function/internal_message.html?_=1685322094063&CODE_STATE=getMsg HTTP/1.1" 200 27
116.238.139.35 - - [29/May/2023:09:01:33 +0800] "GET /xingrg/kc/buy/cgsh_order_info.html?code=212023052810858 HTTP/1.1" 200 71053
116.238.139.35 - - [29/May/2023:09:01:34 +0800] "GET /xingrg/javascript/easyui/themes/default/validatebox.css HTTP/1.1" 404 1104
222.70.180.90 - - [29/May/2023:09:01:34 +0800] "GET /xingrg/kc/buy/cgsh_order_operate.html?command=get_materiel&rest_code=00111&code=00101004034&supplier_code=00100005&order_time=2023-05-29 HTTP/1.1" 200 416
116.238.139.35 - - [29/May/2023:09:01:35 +0800] "POST /xingrg/kc/buy/cgsh_order_operate.html HTTP/1.1" 200 4461
116.237.77.151 - - [29/May/2023:09:01:40 +0800] "GET /xingrg/all/function/internal_message.html?_=1685322101781&CODE_STATE=getMsg HTTP/1.1" 200 27
101.83.145.52 - - [29/May/2023:09:01:45 +0800] "GET /xingrg/check_reg.html?_=1685321937585 HTTP/1.1" 200 22
101.83.145.52 - - [29/May/2023:09:01:46 +0800] "GET /xingrg/all/function/internal_message.html?_=1685321937588&CODE_STATE=getMsg HTTP/1.1" 200 27
116.238.139.35 - - [29/May/2023:09:01:49 +0800] "POST /xingrg/kc/buy/cgsh_order_operate.html HTTP/1.1" 200 37
114.83.218.148 - - [29/May/2023:09:01:50 +0800] "GET /xingrg/all/function/internal_message.html?_=1685322109049&CODE_STATE=getMsg HTTP/1.1" 200 27
114.85.113.108 - - [29/May/2023:09:01:51 +0800] "GET /xingrg/all/function/internal_message.html?_=1685322083862&CODE_STATE=getMsg HTTP/1.1" 200 27
116.238.139.35 - - [29/May/2023:09:01:51 +0800] "POST /xingrg/kc/buy/cgsh_order_operate.html HTTP/1.1" 200 4461
222.70.180.90 - - [29/May/2023:09:01:51 +0800] "GET /xingrg/check_reg.html?_=1685322111635 HTTP/1.1" 200 22
222.70.180.90 - - [29/May/2023:09:01:51 +0800] "GET /xingrg/all/function/internal_message.html?_=1685322111638&CODE_STATE=getMsg HTTP/1.1" 200 27
101.229.22.40 - - [29/May/2023:09:01:53 +0800] "GET /xingrg/check_reg.html?_=1685322113183 HTTP/1.1" 200 22
101.229.22.40 - - [29/May/2023:09:01:53 +0800] "GET /xingrg/all/function/internal_message.html?_=1685322113179&CODE_STATE=getMsg HTTP/1.1" 200 27
222.70.180.90 - - [29/May/2023:09:01:54 +0800] "POST /xingrg/kc/buy/cgsh_order_operate.html HTTP/1.1" 200 37
116.238.139.35 - - [29/May/2023:09:01:59 +0800] "POST /xingrg/kc/buy/cgsh_order_operate.html HTTP/1.1" 200 37
180.169.147.146 - - [29/May/2023:09:02:00 +0800] "GET /xingrg/all/function/internal_message.html?_=1685322120445&CODE_STATE=getMsg HTTP/1.1" 200 27
180.164.3.199 - - [29/May/2023:09:02:09 +0800] "GET /xingrg/all/function/internal_message.html?_=1685322128591&CODE_STATE=getMsg HTTP/1.1" 200 27
116.238.139.35 - - [29/May/2023:09:02:09 +0800] "POST /xingrg/kc/buy/cgsh_order_operate.html HTTP/1.1" 200 12
101.83.145.52 - - [29/May/2023:09:02:09 +0800] "GET /xingrg/kc/buy/cgsh_order_operate.html?command=get_materiel&rest_code=00105&code=00101008223&supplier_code=00100203&order_time=2023-05-29 HTTP/1.1" 200 412
116.238.139.35 - - [29/May/2023:09:02:12 +0800] "GET /xingrg/kc/buy/cgsh_order_info.html?code=212023052810858 HTTP/1.1" 200 65955
116.238.139.35 - - [29/May/2023:09:02:12 +0800] "GET /xingrg/javascript/easyui/themes/default/validatebox.css HTTP/1.1" 404 1104
116.238.139.35 - - [29/May/2023:09:02:14 +0800] "POST /xingrg/kc/buy/cgsh_order_operate.html HTTP/1.1" 200 2411
116.238.139.35 - - [29/May/2023:09:02:15 +0800] "GET /xingrg/all/function/internal_message.html?_=1685322045050&CODE_STATE=getMsg HTTP/1.1" 200 27
116.238.139.35 - - [29/May/2023:09:02:18 +0800] "GET /xingrg/kc/print/load_data.html?order_code=212023052810858&kc_code=cgsh&condition= HTTP/1.1" 200 1439
116.238.139.35 - - [29/May/2023:09:02:19 +0800] "GET /xingrg/all/function/internal_message.html?_=1685322139547&CODE_STATE=getMsg HTTP/1.1" 200 27
116.232.195.127 - - [29/May/2023:09:02:20 +0800] "GET /xingrg/all/function/internal_message.html?_=1685322168318&CODE_STATE=getMsg HTTP/1.1" 200 27
114.85.98.170 - - [29/May/2023:09:02:23 +0800] "GET /xingrg/all/function/internal_message.html?_=1685322143679&CODE_STATE=getMsg HTTP/1.1" 302 -
114.85.98.170 - - [29/May/2023:09:02:24 +0800] "GET /xingrg/check_reg.html?_=1685322144470 HTTP/1.1" 302 -
116.238.139.35 - - [29/May/2023:09:02:25 +0800] "GET /xingrg/kc/buy/cgsh_order_add.html HTTP/1.1" 200 71052
116.238.139.35 - - [29/May/2023:09:02:25 +0800] "POST /xingrg/kc/buy/cgsh_order_operate.html HTTP/1.1" 200 8245
116.238.139.35 - - [29/May/2023:09:02:25 +0800] "GET /xingrg/javascript/easyui/themes/default/validatebox.css HTTP/1.1" 404 1104
222.70.180.90 - - [29/May/2023:09:02:28 +0800] "POST /xingrg/kc/buy/cgsh_order_operate.html HTTP/1.1" 200 26364
101.83.145.52 - - [29/May/2023:09:02:29 +0800] "POST /xingrg/kc/buy/cgsh_order_operate.html HTTP/1.1" 200 2065
222.70.180.90 - - [29/May/2023:09:02:31 +0800] "GET /xingrg/kc/print/load_data.html?order_code=212023052910879&kc_code=cgsh&condition= HTTP/1.1" 200 9714
218.81.217.41 - - [29/May/2023:09:02:32 +0800] "GET /xingrg/all/function/internal_message.html?_=1685322154074&CODE_STATE=getMsg HTTP/1.1" 200 27
116.238.139.35 - - [29/May/2023:09:02:35 +0800] "GET /xingrg/kc/buy/cgsh_order_operate.html?command=get_materiel&rest_code=00151&code=00101011005&supplier_code=00100047&order_time=2023-05-29 HTTP/1.1" 200 428
116.237.77.151 - - [29/May/2023:09:02:40 +0800] "GET /xingrg/all/function/internal_message.html?_=1685322161780&CODE_STATE=getMsg HTTP/1.1" 200 27
116.237.77.151 - - [29/May/2023:09:02:40 +0800] "GET /xingrg/check_reg.html?_=1685322161783 HTTP/1.1" 200 22
101.83.145.52 - - [29/May/2023:09:02:44 +0800] "GET /xingrg/kc/buy/cgsh_order_operate.html?command=get_materiel&rest_code=00105&code=00101008105&supplier_code=00100203&order_time=2023-05-29 HTTP/1.1" 200 412
114.83.218.148 - - [29/May/2023:09:02:45 +0800] "GET /xingrg/check_reg.html?_=1685322164281 HTTP/1.1" 200 22
101.83.145.52 - - [29/May/2023:09:02:45 +0800] "GET /xingrg/all/function/internal_message.html?_=1685321997578&CODE_STATE=getMsg HTTP/1.1" 200 27
116.238.139.35 - - [29/May/2023:09:02:47 +0800] "GET /xingrg/kc/buy/cgsh_order_operate.html?command=get_materiel&rest_code=00151&code=00101011001&supplier_code=00100047&order_time=2023-05-29 HTTP/1.1" 200 423
114.85.113.108 - - [29/May/2023:09:02:49 +0800] "GET /xingrg/check_reg.html?_=1685322142734 HTTP/1.1" 200 22
114.83.218.148 - - [29/May/2023:09:02:50 +0800] "GET /xingrg/all/function/internal_message.html?_=1685322169035&CODE_STATE=getMsg HTTP/1.1" 200 27
114.85.113.108 - - [29/May/2023:09:02:51 +0800] "GET /xingrg/all/function/internal_message.html?_=1685322143842&CODE_STATE=getMsg HTTP/1.1" 200 27
222.70.180.90 - - [29/May/2023:09:02:51 +0800] "GET /xingrg/all/function/internal_message.html?_=1685322171670&CODE_STATE=getMsg HTTP/1.1" 200 27
101.229.22.40 - - [29/May/2023:09:02:53 +0800] "GET /xingrg/all/function/internal_message.html?_=1685322173172&CODE_STATE=getMsg HTTP/1.1" 200 27
116.238.139.35 - - [29/May/2023:09:02:56 +0800] "POST /xingrg/kc/buy/cgsh_order_operate.html HTTP/1.1" 200 37
180.169.147.146 - - [29/May/2023:09:03:00 +0800] "GET /xingrg/all/function/internal_message.html?_=1685322180448&CODE_STATE=getMsg HTTP/1.1" 200 27
222.70.180.90 - - [29/May/2023:09:03:01 +0800] "GET /xingrg/kc/buy/cgsh_order_add.html HTTP/1.1" 200 71410
222.70.180.90 - - [29/May/2023:09:03:01 +0800] "POST /xingrg/kc/buy/cgsh_order_operate.html HTTP/1.1" 200 8245
222.70.180.90 - - [29/May/2023:09:03:01 +0800] "GET /xingrg/javascript/easyui/themes/default/validatebox.css HTTP/1.1" 404 1104
180.164.3.199 - - [29/May/2023:09:03:09 +0800] "GET /xingrg/all/function/internal_message.html?_=1685322188602&CODE_STATE=getMsg HTTP/1.1" 200 27
116.238.139.35 - - [29/May/2023:09:03:12 +0800] "POST /xingrg/kc/buy/cgsh_order_operate.html HTTP/1.1" 200 12
116.238.139.35 - - [29/May/2023:09:03:14 +0800] "GET /xingrg/kc/buy/cgsh_order_info.html?code=212023052910880 HTTP/1.1" 200 65961
116.238.139.35 - - [29/May/2023:09:03:15 +0800] "GET /xingrg/javascript/easyui/themes/default/validatebox.css HTTP/1.1" 404 1104
222.70.180.90 - - [29/May/2023:09:03:15 +0800] "GET /xingrg/kc/buy/cgsh_order_operate.html?command=get_materiel&rest_code=00111&code=00101002027&supplier_code=00100199&order_time=2023-05-29 HTTP/1.1" 200 413
116.238.139.35 - - [29/May/2023:09:03:15 +0800] "GET /xingrg/all/function/internal_message.html?_=1685322105063&CODE_STATE=getMsg HTTP/1.1" 200 27
116.238.139.35 - - [29/May/2023:09:03:16 +0800] "POST /xingrg/kc/buy/cgsh_order_operate.html HTTP/1.1" 200 1222
116.238.139.35 - - [29/May/2023:09:03:18 +0800] "GET /xingrg/kc/print/load_data.html?order_code=212023052910880&kc_code=cgsh&condition= HTTP/1.1" 200 1005
116.238.139.35 - - [29/May/2023:09:03:19 +0800] "GET /xingrg/all/function/internal_message.html?_=1685322199653&CODE_STATE=getMsg HTTP/1.1" 200 27
116.232.195.127 - - [29/May/2023:09:03:20 +0800] "GET /xingrg/all/function/internal_message.html?_=1685322228309&CODE_STATE=getMsg HTTP/1.1" 200 27
114.85.98.170 - - [29/May/2023:09:03:23 +0800] "GET /xingrg/all/function/internal_message.html?_=1685322203668&CODE_STATE=getMsg HTTP/1.1" 302 -
116.238.139.35 - - [29/May/2023:09:03:24 +0800] "POST /xingrg/all/user/operate.html HTTP/1.1" 200 36
116.238.139.35 - - [29/May/2023:09:03:24 +0800] "GET /xingrg/javascript/jquery_easy_ui/themes/default/easyui.css HTTP/1.1" 304 -
116.238.139.35 - - [29/May/2023:09:03:24 +0800] "GET /xingrg/javascript/jquery_easy_ui/themes/icon.css HTTP/1.1" 304 -
116.238.139.35 - - [29/May/2023:09:03:24 +0800] "GET /xingrg/index.html?sysBaseUrl=http%3A%2F%2F180.169.147.146%3A18081%2Fxingrg%2F&costTime=816×tamp=1685320761667 HTTP/1.1" 200 17179
116.238.139.35 - - [29/May/2023:09:03:24 +0800] "GET /xingrg/css/form.css HTTP/1.1" 304 -
116.238.139.35 - - [29/May/2023:09:03:24 +0800] "GET /xingrg/javascript/jquery-1.4.2.min.js HTTP/1.1" 304 -
116.238.139.35 - - [29/May/2023:09:03:25 +0800] "GET /xingrg/javascript/jquery_easy_ui/jquery.easyui.min.js HTTP/1.1" 304 -
116.238.139.35 - - [29/May/2023:09:03:25 +0800] "GET /xingrg/javascript/jquery_easy_ui/easyui-lang-zh_CN.js HTTP/1.1" 304 -
116.238.139.35 - - [29/May/2023:09:03:25 +0800] "GET /xingrg/javascript/jquery.form.js HTTP/1.1" 304 -
116.238.139.35 - - [29/May/2023:09:03:25 +0800] "GET /xingrg/javascript/jquery.utils.js HTTP/1.1" 304 -
116.238.139.35 - - [29/May/2023:09:03:25 +0800] "GET /xingrg/javascript/jquery.timers.js HTTP/1.1" 304 -
116.238.139.35 - - [29/May/2023:09:03:25 +0800] "GET /xingrg/images/blue/jxLogo.png HTTP/1.1" 304 -
116.238.139.35 - - [29/May/2023:09:03:25 +0800] "GET /xingrg/images/blue/navBackgound.jpg HTTP/1.1" 304 -
116.238.139.35 - - [29/May/2023:09:03:25 +0800] "GET /xingrg/javascript/jquery_easy_ui/themes/icons/settle_new.png HTTP/1.1" 304 -
116.238.139.35 - - [29/May/2023:09:03:25 +0800] "GET /xingrg/all/function/internal_message.html?_=1685322205176&CODE_STATE=count HTTP/1.1" 200 11
116.238.139.35 - - [29/May/2023:09:03:25 +0800] "GET /xingrg/check_reg.html?_=1685322205177 HTTP/1.1" 200 22
116.238.139.35 - - [29/May/2023:09:03:25 +0800] "GET /xingrg/images/blue/pingpu.png HTTP/1.1" 304 -
116.238.139.35 - - [29/May/2023:09:03:25 +0800] "GET /xingrg/javascript/jquery_easy_ui/themes/default/images/panel_tool_collapse.gif HTTP/1.1" 304 -
116.238.139.35 - - [29/May/2023:09:03:25 +0800] "GET /xingrg/javascript/jquery_easy_ui/themes/default/images/tabs_rightarrow.png HTTP/1.1" 304 -
116.238.139.35 - - [29/May/2023:09:03:25 +0800] "GET /xingrg/javascript/jquery_easy_ui/themes/default/images/tabs_leftarrow.png HTTP/1.1" 304 -
116.238.139.35 - - [29/May/2023:09:03:25 +0800] "POST /xingrg/all/common/load_tree.html?tree=area_rest_tree_json&manage=1 HTTP/1.1" 200 476
116.238.139.35 - - [29/May/2023:09:03:25 +0800] "POST /xingrg/load_menu.html HTTP/1.1" 200 5138
101.83.145.52 - - [29/May/2023:09:03:27 +0800] "GET /xingrg/kc/buy/cgsh_order_operate.html?command=get_materiel&rest_code=00105&code=00101008168&supplier_code=00100203&order_time=2023-05-29 HTTP/1.1" 200 413
116.238.139.35 - - [29/May/2023:09:03:27 +0800] "GET /xingrg/kc/buy/cgsh_order_list.html HTTP/1.1" 200 55678
116.238.139.35 - - [29/May/2023:09:03:30 +0800] "POST /xingrg/kc/buy/cgsh_list_operate.html HTTP/1.1" 200 986
116.238.139.35 - - [29/May/2023:09:03:32 +0800] "GET /xingrg/kc/buy/cgsh_order_add.html HTTP/1.1" 200 71498
116.238.139.35 - - [29/May/2023:09:03:32 +0800] "POST /xingrg/kc/buy/cgsh_order_operate.html HTTP/1.1" 200 8245
116.238.139.35 - - [29/May/2023:09:03:32 +0800] "GET /xingrg/javascript/easyui/themes/default/validatebox.css HTTP/1.1" 404 1104
218.81.217.41 - - [29/May/2023:09:03:32 +0800] "GET /xingrg/all/function/internal_message.html?_=1685322214184&CODE_STATE=getMsg HTTP/1.1" 200 27
116.238.139.35 - - [29/May/2023:09:03:33 +0800] "GET /xingrg/javascript/auto/indicator.gif HTTP/1.1" 404 1066
222.70.180.90 - - [29/May/2023:09:03:33 +0800] "GET /xingrg/kc/buy/cgsh_order_operate.html?command=get_materiel&rest_code=00111&code=00101004034&supplier_code=00100199&order_time=2023-05-29 HTTP/1.1" 200 416
116.237.77.151 - - [29/May/2023:09:03:40 +0800] "GET /xingrg/all/function/internal_message.html?_=1685322221784&CODE_STATE=getMsg HTTP/1.1" 200 27
116.238.139.35 - - [29/May/2023:09:03:43 +0800] "GET /xingrg/kc/buy/cgsh_order_operate.html?command=get_materiel&rest_code=00150&code=00101011005&supplier_code=00100047&order_time=2023-05-29 HTTP/1.1" 200 428
101.83.145.52 - - [29/May/2023:09:03:45 +0800] "GET /xingrg/all/function/internal_message.html?_=1685322057566&CODE_STATE=getMsg HTTP/1.1" 200 27
222.70.180.90 - - [29/May/2023:09:03:49 +0800] "POST /xingrg/kc/buy/cgsh_order_operate.html HTTP/1.1" 200 37
114.83.218.148 - - [29/May/2023:09:03:50 +0800] "GET /xingrg/all/function/internal_message.html?_=1685322229020&CODE_STATE=getMsg HTTP/1.1" 200 27
114.85.113.108 - - [29/May/2023:09:03:50 +0800] "GET /xingrg/all/function/internal_message.html?_=1685322203827&CODE_STATE=getMsg HTTP/1.1" 200 27
101.229.22.40 - - [29/May/2023:09:03:53 +0800] "GET /xingrg/all/function/internal_message.html?_=1685322233172&CODE_STATE=getMsg HTTP/1.1" 200 27
222.70.180.90 - - [29/May/2023:09:03:53 +0800] "POST /xingrg/kc/buy/cgsh_order_operate.html HTTP/1.1" 200 3261
222.70.180.90 - - [29/May/2023:09:03:55 +0800] "GET /xingrg/kc/print/load_data.html?order_code=212023052910881&kc_code=cgsh&condition= HTTP/1.1" 200 904
116.238.139.35 - - [29/May/2023:09:03:58 +0800] "GET /xingrg/kc/buy/cgsh_order_operate.html?command=get_materiel&rest_code=00150&code=00101011007&supplier_code=00100047&order_time=2023-05-29 HTTP/1.1" 200 414
222.70.180.90 - - [29/May/2023:09:04:00 +0800] "GET /xingrg/kc/buy/cgsh_order_add.html HTTP/1.1" 200 71410
180.169.147.146 - - [29/May/2023:09:04:00 +0800] "GET /xingrg/all/function/internal_message.html?_=1685322240442&CODE_STATE=getMsg HTTP/1.1" 200 27
222.70.180.90 - - [29/May/2023:09:04:00 +0800] "POST /xingrg/kc/buy/cgsh_order_operate.html HTTP/1.1" 200 8245
222.70.180.90 - - [29/May/2023:09:04:00 +0800] "GET /xingrg/javascript/easyui/themes/default/validatebox.css HTTP/1.1" 404 1104
218.81.217.41 - - [29/May/2023:09:04:07 +0800] "GET /xingrg/check_reg.html?_=1685322248831 HTTP/1.1" 200 22
180.164.3.199 - - [29/May/2023:09:04:09 +0800] "GET /xingrg/all/function/internal_message.html?_=1685322248571&CODE_STATE=getMsg HTTP/1.1" 200 27
101.83.145.52 - - [29/May/2023:09:04:09 +0800] "GET /xingrg/kc/buy/cgsh_order_operate.html?command=get_materiel&rest_code=00105&code=00101008061&supplier_code=00100203&order_time=2023-05-29 HTTP/1.1" 200 422
180.169.147.146 - - [29/May/2023:09:04:13 +0800] "POST /xingrg/dwr/call/plaincall/AjaxReportQueryService.refreshCache.dwr HTTP/1.1" 200 78
116.238.139.35 - - [29/May/2023:09:04:15 +0800] "GET /xingrg/all/function/internal_message.html?_=1685322165141&CODE_STATE=getMsg HTTP/1.1" 200 27
116.238.139.35 - - [29/May/2023:09:04:15 +0800] "POST /xingrg/kc/buy/cgsh_order_operate.html HTTP/1.1" 200 37
180.169.147.146 - - [29/May/2023:09:04:16 +0800] "POST /xingrg/all/report/load_report_page.html HTTP/1.1" 200 51300
180.169.147.146 - - [29/May/2023:09:04:16 +0800] "GET /xingrg/servlets/image?cache=0.6796804127904105&image=px HTTP/1.1" 200 807
222.70.180.90 - - [29/May/2023:09:04:16 +0800] "GET /xingrg/kc/buy/cgsh_order_operate.html?command=get_materiel&rest_code=00111&code=00101006111&supplier_code=00100012&order_time=2023-05-29 HTTP/1.1" 200 409
116.232.195.127 - - [29/May/2023:09:04:20 +0800] "GET /xingrg/all/function/internal_message.html?_=1685322288299&CODE_STATE=getMsg HTTP/1.1" 200 27
116.232.195.127 - - [29/May/2023:09:04:20 +0800] "GET /xingrg/check_reg.html?_=1685322288411 HTTP/1.1" 200 22
114.85.98.170 - - [29/May/2023:09:04:23 +0800] "GET /xingrg/all/function/internal_message.html?_=1685322263656&CODE_STATE=getMsg HTTP/1.1" 302 -
116.238.139.35 - - [29/May/2023:09:04:25 +0800] "GET /xingrg/all/function/internal_message.html?_=1685322265195&CODE_STATE=getMsg HTTP/1.1" 200 27
101.83.145.52 - - [29/May/2023:09:04:30 +0800] "POST /xingrg/services/DataTransmitService HTTP/1.1" 200 524
116.238.139.35 - - [29/May/2023:09:04:32 +0800] "POST /xingrg/kc/buy/cgsh_order_operate.html HTTP/1.1" 200 12
218.81.217.41 - - [29/May/2023:09:04:32 +0800] "GET /xingrg/all/function/internal_message.html?_=1685322274196&CODE_STATE=getMsg HTTP/1.1" 200 27
180.169.147.146 - - [29/May/2023:09:04:34 +0800] "POST /xingrg/dwr/call/plaincall/AjaxReportQueryService.refreshCache.dwr HTTP/1.1" 200 78
116.238.139.35 - - [29/May/2023:09:04:35 +0800] "GET /xingrg/kc/buy/cgsh_order_info.html?code=212023052910882 HTTP/1.1" 200 66407
116.238.139.35 - - [29/May/2023:09:04:35 +0800] "GET /xingrg/javascript/easyui/themes/default/validatebox.css HTTP/1.1" 404 1104
101.83.145.52 - - [29/May/2023:09:04:36 +0800] "GET /xingrg/kc/buy/cgsh_order_operate.html?command=get_materiel&rest_code=00105&code=00101008114&supplier_code=00100203&order_time=2023-05-29 HTTP/1.1" 200 413
116.238.139.35 - - [29/May/2023:09:04:37 +0800] "POST /xingrg/kc/buy/cgsh_order_operate.html HTTP/1.1" 200 1199
180.169.147.146 - - [29/May/2023:09:04:37 +0800] "POST /xingrg/all/report/load_report_page.html HTTP/1.1" 200 51091
180.169.147.146 - - [29/May/2023:09:04:38 +0800] "GET /xingrg/servlets/image?cache=0.9112658472264724&image=px HTTP/1.1" 200 807
222.70.180.90 - - [29/May/2023:09:04:39 +0800] "GET /xingrg/kc/buy/cgsh_order_operate.html?command=get_materiel&rest_code=00111&code=00101006084&supplier_code=00100012&order_time=2023-05-29 HTTP/1.1" 200 413
116.238.139.35 - - [29/May/2023:09:04:40 +0800] "GET /xingrg/kc/print/load_data.html?order_code=212023052910882&kc_code=cgsh&condition= HTTP/1.1" 200 985
101.83.145.52 - - [29/May/2023:09:04:40 +0800] "POST /xingrg/kc/buy/cgsh_order_operate.html HTTP/1.1" 200 2065
116.237.77.151 - - [29/May/2023:09:04:40 +0800] "GET /xingrg/all/function/internal_message.html?_=1685322281785&CODE_STATE=getMsg HTTP/1.1" 200 27
180.169.147.146 - - [29/May/2023:09:04:45 +0800] "POST /xingrg/dwr/call/plaincall/AjaxReportQueryService.refreshCache.dwr HTTP/1.1" 200 78
101.83.145.52 - - [29/May/2023:09:04:45 +0800] "GET /xingrg/all/function/internal_message.html?_=1685322117583&CODE_STATE=getMsg HTTP/1.1" 200 27
180.169.147.146 - - [29/May/2023:09:04:48 +0800] "POST /xingrg/all/report/load_report_page.html HTTP/1.1" 200 51247
180.169.147.146 - - [29/May/2023:09:04:48 +0800] "GET /xingrg/servlets/image?cache=0.809064335125852&image=px HTTP/1.1" 200 807
222.70.180.90 - - [29/May/2023:09:04:49 +0800] "GET /xingrg/kc/buy/cgsh_order_operate.html?command=get_materiel&rest_code=00111&code=00101006109&supplier_code=00100012&order_time=2023-05-29 HTTP/1.1" 200 409
114.83.218.148 - - [29/May/2023:09:04:50 +0800] "GET /xingrg/all/function/internal_message.html?_=1685322288993&CODE_STATE=getMsg HTTP/1.1" 200 27
114.85.113.108 - - [29/May/2023:09:04:50 +0800] "GET /xingrg/all/function/internal_message.html?_=1685322263815&CODE_STATE=getMsg HTTP/1.1" 200 27
222.70.180.90 - - [29/May/2023:09:04:51 +0800] "GET /xingrg/all/function/internal_message.html?_=1685322291684&CODE_STATE=getMsg HTTP/1.1" 200 27
101.229.22.40 - - [29/May/2023:09:04:53 +0800] "GET /xingrg/all/function/internal_message.html?_=1685322293191&CODE_STATE=getMsg HTTP/1.1" 200 27
222.70.180.90 - - [29/May/2023:09:04:59 +0800] "GET /xingrg/kc/buy/cgsh_order_operate.html?command=get_materiel&rest_code=00111&code=00101006057&supplier_code=00100012&order_time=2023-05-29 HTTP/1.1" 200 413
180.169.147.146 - - [29/May/2023:09:05:00 +0800] "GET /xingrg/check_reg.html?_=1685322300448 HTTP/1.1" 200 22
180.169.147.146 - - [29/May/2023:09:05:00 +0800] "GET /xingrg/all/function/internal_message.html?_=1685322300449&CODE_STATE=getMsg HTTP/1.1" 200 27
180.164.3.199 - - [29/May/2023:09:05:09 +0800] "GET /xingrg/all/function/internal_message.html?_=1685322308574&CODE_STATE=getMsg HTTP/1.1" 200 27
101.83.145.52 - - [29/May/2023:09:05:09 +0800] "GET /xingrg/kc/buy/cgsh_order_operate.html?command=get_materiel&rest_code=00105&code=00101008261&supplier_code=00100203&order_time=2023-05-29 HTTP/1.1" 200 428
116.238.139.35 - - [29/May/2023:09:05:15 +0800] "GET /xingrg/all/function/internal_message.html?_=1685322225153&CODE_STATE=getMsg HTTP/1.1" 200 27
222.70.180.90 - - [29/May/2023:09:05:18 +0800] "GET /xingrg/kc/buy/cgsh_order_operate.html?command=get_materiel&rest_code=00111&code=00101006144&supplier_code=00100012&order_time=2023-05-29 HTTP/1.1" 200 409
116.232.195.127 - - [29/May/2023:09:05:20 +0800] "GET /xingrg/all/function/internal_message.html?_=1685322348304&CODE_STATE=getMsg HTTP/1.1" 200 27
114.85.98.170 - - [29/May/2023:09:05:23 +0800] "GET /xingrg/all/function/internal_message.html?_=1685322323644&CODE_STATE=getMsg HTTP/1.1" 302 -
116.238.139.35 - - [29/May/2023:09:05:25 +0800] "GET /xingrg/all/function/internal_message.html?_=1685322325185&CODE_STATE=getMsg HTTP/1.1" 200 27
218.81.217.41 - - [29/May/2023:09:05:33 +0800] "GET /xingrg/all/function/internal_message.html?_=1685322334452&CODE_STATE=getMsg HTTP/1.1" 200 27
222.70.180.90 - - [29/May/2023:09:05:37 +0800] "GET /xingrg/kc/buy/cgsh_order_operate.html?command=get_materiel&rest_code=00111&code=00101006001&supplier_code=00100012&order_time=2023-05-29 HTTP/1.1" 200 447
116.237.77.151 - - [29/May/2023:09:05:40 +0800] "GET /xingrg/all/function/internal_message.html?_=1685322341812&CODE_STATE=getMsg HTTP/1.1" 200 27
101.83.145.52 - - [29/May/2023:09:05:41 +0800] "GET /xingrg/kc/buy/cgsh_order_operate.html?command=get_materiel&rest_code=00105&code=00101008502&supplier_code=00100203&order_time=2023-05-29 HTTP/1.1" 200 412
101.83.145.52 - - [29/May/2023:09:05:45 +0800] "GET /xingrg/all/function/internal_message.html?_=1685322177565&CODE_STATE=getMsg HTTP/1.1" 200 27
114.83.218.148 - - [29/May/2023:09:05:50 +0800] "GET /xingrg/all/function/internal_message.html?_=1685322348988&CODE_STATE=getMsg HTTP/1.1" 200 27
114.85.113.108 - - [29/May/2023:09:05:50 +0800] "GET /xingrg/all/function/internal_message.html?_=1685322323785&CODE_STATE=getMsg HTTP/1.1" 200 27
222.70.180.90 - - [29/May/2023:09:05:51 +0800] "GET /xingrg/all/function/internal_message.html?_=1685322351657&CODE_STATE=getMsg HTTP/1.1" 200 27
222.70.180.90 - - [29/May/2023:09:05:52 +0800] "GET /xingrg/kc/buy/cgsh_order_operate.html?command=get_materiel&rest_code=00111&code=00101006193&supplier_code=00100012&order_time=2023-05-29 HTTP/1.1" 200 409
101.229.22.40 - - [29/May/2023:09:05:53 +0800] "GET /xingrg/all/function/internal_message.html?_=1685322353180&CODE_STATE=getMsg HTTP/1.1" 200 27
180.169.147.146 - - [29/May/2023:09:06:00 +0800] "GET /xingrg/all/function/internal_message.html?_=1685322360454&CODE_STATE=getMsg HTTP/1.1" 200 27
180.164.3.199 - - [29/May/2023:09:06:09 +0800] "GET /xingrg/all/function/internal_message.html?_=1685322368578&CODE_STATE=getMsg HTTP/1.1" 200 27
180.164.3.199 - - [29/May/2023:09:06:09 +0800] "GET /xingrg/check_reg.html?_=1685322368579 HTTP/1.1" 200 22
114.83.218.148 - - [29/May/2023:09:06:12 +0800] "GET /xingrg/kc/buy/cgsh_order_operate.html?command=get_materiel&rest_code=00149&code=00102003284&supplier_code=00100075&order_time=2023-05-29 HTTP/1.1" 200 408
222.70.180.90 - - [29/May/2023:09:06:12 +0800] "GET /xingrg/kc/buy/cgsh_order_operate.html?command=get_materiel&rest_code=00111&code=00101006006&supplier_code=00100012&order_time=2023-05-29 HTTP/1.1" 200 409
101.83.145.52 - - [29/May/2023:09:06:14 +0800] "GET /xingrg/kc/buy/cgsh_order_operate.html?command=get_materiel&rest_code=00105&code=00101008333&supplier_code=00100203&order_time=2023-05-29 HTTP/1.1" 200 412
116.238.139.35 - - [29/May/2023:09:06:15 +0800] "GET /xingrg/check_reg.html?_=1685322284899 HTTP/1.1" 200 22
116.238.139.35 - - [29/May/2023:09:06:15 +0800] "GET /xingrg/all/function/internal_message.html?_=1685322285167&CODE_STATE=getMsg HTTP/1.1" 200 27
116.232.195.127 - - [29/May/2023:09:06:20 +0800] "GET /xingrg/all/function/internal_message.html?_=1685322408301&CODE_STATE=getMsg HTTP/1.1" 200 27
114.85.98.170 - - [29/May/2023:09:06:23 +0800] "GET /xingrg/all/function/internal_message.html?_=1685322383622&CODE_STATE=getMsg HTTP/1.1" 302 -
116.238.139.35 - - [29/May/2023:09:06:25 +0800] "GET /xingrg/all/function/internal_message.html?_=1685322385184&CODE_STATE=getMsg HTTP/1.1" 200 27
114.83.218.148 - - [29/May/2023:09:06:29 +0800] "GET /xingrg/kc/buy/cgsh_order_operate.html?command=get_materiel&rest_code=00149&code=00102016562&supplier_code=00100075&order_time=2023-05-29 HTTP/1.1" 200 409
222.70.180.90 - - [29/May/2023:09:06:29 +0800] "GET /xingrg/kc/buy/cgsh_order_operate.html?command=get_materiel&rest_code=00111&code=00101016030&supplier_code=00100012&order_time=2023-05-29 HTTP/1.1" 200 412
101.83.145.52 - - [29/May/2023:09:06:32 +0800] "GET /xingrg/kc/buy/cgsh_order_operate.html?command=get_materiel&rest_code=00105&code=00101008087&supplier_code=00100203&order_time=2023-05-29 HTTP/1.1" 200 412
218.81.217.41 - - [29/May/2023:09:06:33 +0800] "GET /xingrg/all/function/internal_message.html?_=1685322394532&CODE_STATE=getMsg HTTP/1.1" 200 27
116.237.77.151 - - [29/May/2023:09:06:40 +0800] "GET /xingrg/all/function/internal_message.html?_=1685322401810&CODE_STATE=getMsg HTTP/1.1" 200 27
222.70.180.90 - - [29/May/2023:09:06:41 +0800] "POST /xingrg/kc/buy/cgsh_order_operate.html HTTP/1.1" 200 37
114.83.218.148 - - [29/May/2023:09:06:43 +0800] "GET /xingrg/kc/buy/cgsh_order_operate.html?command=get_materiel&rest_code=00149&code=00102003086&supplier_code=00100075&order_time=2023-05-29 HTTP/1.1" 200 409
222.70.180.90 - - [29/May/2023:09:06:45 +0800] "POST /xingrg/kc/buy/cgsh_order_operate.html HTTP/1.1" 200 7413
101.83.145.52 - - [29/May/2023:09:06:45 +0800] "GET /xingrg/check_reg.html?_=1685322237556 HTTP/1.1" 200 22
101.83.145.52 - - [29/May/2023:09:06:45 +0800] "GET /xingrg/all/function/internal_message.html?_=1685322237560&CODE_STATE=getMsg HTTP/1.1" 200 27
222.70.180.90 - - [29/May/2023:09:06:48 +0800] "GET /xingrg/kc/print/load_data.html?order_code=212023052910883&kc_code=cgsh&condition= HTTP/1.1" 200 2575
114.83.218.148 - - [29/May/2023:09:06:50 +0800] "GET /xingrg/all/function/internal_message.html?_=1685322408974&CODE_STATE=getMsg HTTP/1.1" 200 27
114.85.113.108 - - [29/May/2023:09:06:50 +0800] "GET /xingrg/all/function/internal_message.html?_=1685322383770&CODE_STATE=getMsg HTTP/1.1" 200 27
222.70.180.90 - - [29/May/2023:09:06:51 +0800] "GET /xingrg/all/function/internal_message.html?_=1685322411638&CODE_STATE=getMsg HTTP/1.1" 200 27
222.70.180.90 - - [29/May/2023:09:06:51 +0800] "GET /xingrg/check_reg.html?_=1685322411672 HTTP/1.1" 200 22
101.229.22.40 - - [29/May/2023:09:06:53 +0800] "GET /xingrg/check_reg.html?_=1685322413207 HTTP/1.1" 200 22
101.229.22.40 - - [29/May/2023:09:06:53 +0800] "GET /xingrg/all/function/internal_message.html?_=1685322413206&CODE_STATE=getMsg HTTP/1.1" 200 27
101.83.145.52 - - [29/May/2023:09:06:59 +0800] "POST /xingrg/kc/buy/cgsh_order_operate.html HTTP/1.1" 200 2065
180.169.147.146 - - [29/May/2023:09:07:00 +0800] "GET /xingrg/all/function/internal_message.html?_=1685322420445&CODE_STATE=getMsg HTTP/1.1" 200 27
180.164.3.199 - - [29/May/2023:09:07:09 +0800] "GET /xingrg/all/function/internal_message.html?_=1685322428586&CODE_STATE=getMsg HTTP/1.1" 200 27
116.238.139.35 - - [29/May/2023:09:07:15 +0800] "GET /xingrg/all/function/internal_message.html?_=1685322345180&CODE_STATE=getMsg HTTP/1.1" 200 27
116.232.195.127 - - [29/May/2023:09:07:20 +0800] "GET /xingrg/all/function/internal_message.html?_=1685322468294&CODE_STATE=getMsg HTTP/1.1" 200 27
114.85.98.170 - - [29/May/2023:09:07:23 +0800] "GET /xingrg/all/function/internal_message.html?_=1685322443599&CODE_STATE=getMsg HTTP/1.1" 302 -
114.85.98.170 - - [29/May/2023:09:07:24 +0800] "GET /xingrg/check_reg.html?_=1685322444451 HTTP/1.1" 302 -
116.238.139.35 - - [29/May/2023:09:07:25 +0800] "GET /xingrg/all/function/internal_message.html?_=1685322445182&CODE_STATE=getMsg HTTP/1.1" 200 27
101.83.145.52 - - [29/May/2023:09:07:28 +0800] "GET /xingrg/kc/buy/cgsh_order_operate.html?command=get_materiel&rest_code=00105&code=00101008271&supplier_code=00100203&order_time=2023-05-29 HTTP/1.1" 200 408
218.81.217.41 - - [29/May/2023:09:07:33 +0800] "GET /xingrg/all/function/internal_message.html?_=1685322454533&CODE_STATE=getMsg HTTP/1.1" 200 27
116.237.77.151 - - [29/May/2023:09:07:40 +0800] "GET /xingrg/check_reg.html?_=1685322461810 HTTP/1.1" 200 22
116.237.77.151 - - [29/May/2023:09:07:40 +0800] "GET /xingrg/all/function/internal_message.html?_=1685322461813&CODE_STATE=getMsg HTTP/1.1" 200 27
114.83.218.148 - - [29/May/2023:09:07:45 +0800] "GET /xingrg/check_reg.html?_=1685322464289 HTTP/1.1" 200 22
101.83.145.52 - - [29/May/2023:09:07:45 +0800] "GET /xingrg/all/function/internal_message.html?_=1685322297557&CODE_STATE=getMsg HTTP/1.1" 200 27
114.85.113.108 - - [29/May/2023:09:07:49 +0800] "GET /xingrg/check_reg.html?_=1685322442729 HTTP/1.1" 200 22
114.83.218.148 - - [29/May/2023:09:07:50 +0800] "GET /xingrg/all/function/internal_message.html?_=1685322468965&CODE_STATE=getMsg HTTP/1.1" 200 27
101.83.145.52 - - [29/May/2023:09:07:50 +0800] "GET /xingrg/kc/buy/cgsh_order_operate.html?command=get_materiel&rest_code=00105&code=00101008213&supplier_code=00100203&order_time=2023-05-29 HTTP/1.1" 200 412
114.85.113.108 - - [29/May/2023:09:07:50 +0800] "GET /xingrg/all/function/internal_message.html?_=1685322443751&CODE_STATE=getMsg HTTP/1.1" 200 27
222.70.180.90 - - [29/May/2023:09:07:51 +0800] "GET /xingrg/all/function/internal_message.html?_=1685322471610&CODE_STATE=getMsg HTTP/1.1" 200 27
101.229.22.40 - - [29/May/2023:09:07:53 +0800] "GET /xingrg/all/function/internal_message.html?_=1685322473205&CODE_STATE=getMsg HTTP/1.1" 200 27
222.67.234.146 - - [29/May/2023:09:07:58 +0800] "POST /xingrg/services/DataTransmitService HTTP/1.1" 200 524
180.169.147.146 - - [29/May/2023:09:08:00 +0800] "GET /xingrg/all/function/internal_message.html?_=1685322480439&CODE_STATE=getMsg HTTP/1.1" 200 27
180.164.3.199 - - [29/May/2023:09:08:09 +0800] "GET /xingrg/all/function/internal_message.html?_=1685322488588&CODE_STATE=getMsg HTTP/1.1" 200 27
101.83.145.52 - - [29/May/2023:09:08:13 +0800] "GET /xingrg/kc/buy/cgsh_order_operate.html?command=get_materiel&rest_code=00105&code=00101008283&supplier_code=00100203&order_time=2023-05-29 HTTP/1.1" 200 408
116.238.139.35 - - [29/May/2023:09:08:15 +0800] "GET /xingrg/all/function/internal_message.html?_=1685322405194&CODE_STATE=getMsg HTTP/1.1" 200 27
116.232.195.127 - - [29/May/2023:09:08:20 +0800] "GET /xingrg/all/function/internal_message.html?_=1685322528310&CODE_STATE=getMsg HTTP/1.1" 200 27
114.85.98.170 - - [29/May/2023:09:08:23 +0800] "GET /xingrg/all/function/internal_message.html?_=1685322503587&CODE_STATE=getMsg HTTP/1.1" 302 -
116.238.139.35 - - [29/May/2023:09:08:25 +0800] "GET /xingrg/check_reg.html?_=1685322505195 HTTP/1.1" 200 22
116.238.139.35 - - [29/May/2023:09:08:25 +0800] "GET /xingrg/all/function/internal_message.html?_=1685322505202&CODE_STATE=getMsg HTTP/1.1" 200 27
218.81.217.41 - - [29/May/2023:09:08:33 +0800] "GET /xingrg/all/function/internal_message.html?_=1685322514621&CODE_STATE=getMsg HTTP/1.1" 200 27
116.237.77.151 - - [29/May/2023:09:08:40 +0800] "GET /xingrg/all/function/internal_message.html?_=1685322521813&CODE_STATE=getMsg HTTP/1.1" 200 27
101.83.145.52 - - [29/May/2023:09:08:42 +0800] "POST /xingrg/kc/buy/cgsh_order_operate.html HTTP/1.1" 200 37
101.83.145.52 - - [29/May/2023:09:08:44 +0800] "POST /xingrg/kc/buy/cgsh_order_operate.html HTTP/1.1" 200 25731
114.83.218.148 - - [29/May/2023:09:08:44 +0800] "GET /xingrg/kc/buy/cgsh_order_operate.html?command=get_materiel&rest_code=00149&code=00102002766&supplier_code=00100075&order_time=2023-05-29 HTTP/1.1" 200 410
101.83.145.52 - - [29/May/2023:09:08:46 +0800] "GET /xingrg/all/function/internal_message.html?_=1685322357630&CODE_STATE=getMsg HTTP/1.1" 200 27
101.83.145.52 - - [29/May/2023:09:08:49 +0800] "GET /xingrg/kc/print/load_data.html?order_code=212023052910884&kc_code=cgsh&condition= HTTP/1.1" 200 9371
114.83.218.148 - - [29/May/2023:09:08:50 +0800] "GET /xingrg/all/function/internal_message.html?_=1685322528986&CODE_STATE=getMsg HTTP/1.1" 200 27
114.85.113.108 - - [29/May/2023:09:08:50 +0800] "GET /xingrg/all/function/internal_message.html?_=1685322503737&CODE_STATE=getMsg HTTP/1.1" 200 27
222.70.180.90 - - [29/May/2023:09:08:51 +0800] "GET /xingrg/all/function/internal_message.html?_=1685322531595&CODE_STATE=getMsg HTTP/1.1" 200 27
101.229.22.40 - - [29/May/2023:09:08:53 +0800] "GET /xingrg/all/function/internal_message.html?_=1685322533205&CODE_STATE=getMsg HTTP/1.1" 200 27
114.83.218.148 - - [29/May/2023:09:08:56 +0800] "POST /xingrg/kc/buy/cgsh_order_operate.html HTTP/1.1" 200 37
180.169.147.146 - - [29/May/2023:09:09:00 +0800] "GET /xingrg/all/function/internal_message.html?_=1685322540448&CODE_STATE=getMsg HTTP/1.1" 200 27
114.83.218.148 - - [29/May/2023:09:09:04 +0800] "POST /xingrg/kc/buy/cgsh_order_operate.html HTTP/1.1" 200 12
218.81.217.41 - - [29/May/2023:09:09:07 +0800] "GET /xingrg/check_reg.html?_=1685322548837 HTTP/1.1" 200 22
180.164.3.199 - - [29/May/2023:09:09:09 +0800] "GET /xingrg/all/function/internal_message.html?_=1685322548587&CODE_STATE=getMsg HTTP/1.1" 200 27
114.83.218.148 - - [29/May/2023:09:09:09 +0800] "GET /xingrg/kc/buy/cgsh_order_info.html?code=212023052910885 HTTP/1.1" 200 66455
114.83.218.148 - - [29/May/2023:09:09:09 +0800] "GET /xingrg/javascript/easyui/themes/default/validatebox.css HTTP/1.1" 404 1104
114.83.218.148 - - [29/May/2023:09:09:10 +0800] "POST /xingrg/kc/buy/cgsh_order_operate.html HTTP/1.1" 200 2376
116.238.139.35 - - [29/May/2023:09:09:15 +0800] "GET /xingrg/all/function/internal_message.html?_=1685322465256&CODE_STATE=getMsg HTTP/1.1" 200 27
114.83.218.148 - - [29/May/2023:09:09:18 +0800] "GET /xingrg/kc/print/load_data.html?order_code=212023052910885&kc_code=cgsh&condition= HTTP/1.1" 200 1394
101.83.145.52 - - [29/May/2023:09:09:20 +0800] "GET /xingrg/kc/buy/cgsh_order_add.html HTTP/1.1" 200 71536
116.232.195.127 - - [29/May/2023:09:09:20 +0800] "GET /xingrg/all/function/internal_message.html?_=1685322588313&CODE_STATE=getMsg HTTP/1.1" 200 27
116.232.195.127 - - [29/May/2023:09:09:20 +0800] "GET /xingrg/check_reg.html?_=1685322588385 HTTP/1.1" 200 22
101.83.145.52 - - [29/May/2023:09:09:20 +0800] "POST /xingrg/kc/buy/cgsh_order_operate.html HTTP/1.1" 200 8245
101.83.145.52 - - [29/May/2023:09:09:20 +0800] "GET /xingrg/javascript/easyui/themes/default/validatebox.css HTTP/1.1" 404 1104
114.85.98.170 - - [29/May/2023:09:09:23 +0800] "GET /xingrg/all/function/internal_message.html?_=1685322563569&CODE_STATE=getMsg HTTP/1.1" 302 -
116.238.139.35 - - [29/May/2023:09:09:25 +0800] "GET /xingrg/all/function/internal_message.html?_=1685322565195&CODE_STATE=getMsg HTTP/1.1" 200 27
218.81.217.41 - - [29/May/2023:09:09:33 +0800] "GET /xingrg/all/function/internal_message.html?_=1685322574623&CODE_STATE=getMsg HTTP/1.1" 200 27
116.237.77.151 - - [29/May/2023:09:09:40 +0800] "GET /xingrg/all/function/internal_message.html?_=1685322581813&CODE_STATE=getMsg HTTP/1.1" 200 27
114.83.218.148 - - [29/May/2023:09:09:41 +0800] "GET /xingrg/kc/buy/cgsh_order_add.html HTTP/1.1" 200 71542
114.83.218.148 - - [29/May/2023:09:09:41 +0800] "POST /xingrg/kc/buy/cgsh_order_operate.html HTTP/1.1" 200 8245
114.83.218.148 - - [29/May/2023:09:09:41 +0800] "GET /xingrg/javascript/easyui/themes/default/validatebox.css HTTP/1.1" 404 1104
101.83.145.52 - - [29/May/2023:09:09:46 +0800] "GET /xingrg/all/function/internal_message.html?_=1685322417631&CODE_STATE=getMsg HTTP/1.1" 200 27
101.83.145.52 - - [29/May/2023:09:09:47 +0800] "GET /xingrg/kc/buy/cgsh_order_operate.html?command=get_materiel&rest_code=00105&code=00101007048&supplier_code=00100002&order_time=2023-05-29 HTTP/1.1" 200 408
114.83.218.148 - - [29/May/2023:09:09:50 +0800] "GET /xingrg/all/function/internal_message.html?_=1685322588986&CODE_STATE=getMsg HTTP/1.1" 200 27
180.169.147.146 - - [29/May/2023:09:09:50 +0800] "GET /favicon.ico HTTP/1.1" 404 -
114.85.113.108 - - [29/May/2023:09:09:50 +0800] "GET /xingrg/all/function/internal_message.html?_=1685322563715&CODE_STATE=getMsg HTTP/1.1" 200 27
222.70.180.90 - - [29/May/2023:09:09:51 +0800] "GET /xingrg/all/function/internal_message.html?_=1685322591580&CODE_STATE=getMsg HTTP/1.1" 200 27
101.229.22.40 - - [29/May/2023:09:09:53 +0800] "GET /xingrg/all/function/internal_message.html?_=1685322593210&CODE_STATE=getMsg HTTP/1.1" 200 27
114.83.218.148 - - [29/May/2023:09:09:54 +0800] "GET /xingrg/kc/buy/cgsh_order_operate.html?command=get_materiel&rest_code=00149&code=00101001075&supplier_code=00100039&order_time=2023-05-29 HTTP/1.1" 200 410
180.169.147.146 - - [29/May/2023:09:10:00 +0800] "GET /xingrg/check_reg.html?_=1685322600453 HTTP/1.1" 200 22
180.169.147.146 - - [29/May/2023:09:10:00 +0800] "GET /xingrg/all/function/internal_message.html?_=1685322600455&CODE_STATE=getMsg HTTP/1.1" 200 27
114.83.218.148 - - [29/May/2023:09:10:08 +0800] "GET /xingrg/kc/buy/cgsh_order_operate.html?command=get_materiel&rest_code=00149&code=00101001061&supplier_code=00100039&order_time=2023-05-29 HTTP/1.1" 200 419
180.164.3.199 - - [29/May/2023:09:10:09 +0800] "GET /xingrg/all/function/internal_message.html?_=1685322608588&CODE_STATE=getMsg HTTP/1.1" 200 27
101.83.145.52 - - [29/May/2023:09:10:11 +0800] "POST /xingrg/kc/buy/cgsh_order_operate.html HTTP/1.1" 200 37
101.83.145.52 - - [29/May/2023:09:10:14 +0800] "POST /xingrg/kc/buy/cgsh_order_operate.html HTTP/1.1" 200 2652
116.238.139.35 - - [29/May/2023:09:10:15 +0800] "GET /xingrg/all/function/internal_message.html?_=1685322525267&CODE_STATE=getMsg HTTP/1.1" 200 27
116.232.195.127 - - [29/May/2023:09:10:20 +0800] "GET /xingrg/all/function/internal_message.html?_=1685322648306&CODE_STATE=getMsg HTTP/1.1" 200 27
114.83.218.148 - - [29/May/2023:09:10:22 +0800] "POST /xingrg/kc/buy/cgsh_order_operate.html HTTP/1.1" 200 37
114.85.98.170 - - [29/May/2023:09:10:23 +0800] "GET /xingrg/all/function/internal_message.html?_=1685322623553&CODE_STATE=getMsg HTTP/1.1" 302 -
116.238.139.35 - - [29/May/2023:09:10:25 +0800] "GET /xingrg/all/function/internal_message.html?_=1685322625192&CODE_STATE=getMsg HTTP/1.1" 200 27
114.83.218.148 - - [29/May/2023:09:10:29 +0800] "POST /xingrg/kc/buy/cgsh_order_operate.html HTTP/1.1" 200 12
218.81.217.41 - - [29/May/2023:09:10:33 +0800] "GET /xingrg/all/function/internal_message.html?_=1685322634636&CODE_STATE=getMsg HTTP/1.1" 200 27
114.83.218.148 - - [29/May/2023:09:10:35 +0800] "GET /xingrg/kc/buy/cgsh_order_info.html?code=212023052910887 HTTP/1.1" 200 66451
114.83.218.148 - - [29/May/2023:09:10:36 +0800] "GET /xingrg/javascript/easyui/themes/default/validatebox.css HTTP/1.1" 404 1104
114.83.218.148 - - [29/May/2023:09:10:37 +0800] "POST /xingrg/kc/buy/cgsh_order_operate.html HTTP/1.1" 200 1200
101.83.145.52 - - [29/May/2023:09:10:40 +0800] "GET /xingrg/kc/print/load_data.html?order_code=212023052910886&kc_code=cgsh&condition= HTTP/1.1" 200 728
116.237.77.151 - - [29/May/2023:09:10:40 +0800] "GET /xingrg/all/function/internal_message.html?_=1685322641813&CODE_STATE=getMsg HTTP/1.1" 200 27
114.83.218.148 - - [29/May/2023:09:10:42 +0800] "GET /xingrg/kc/print/load_data.html?order_code=212023052910887&kc_code=cgsh&condition= HTTP/1.1" 200 949
101.83.145.52 - - [29/May/2023:09:10:46 +0800] "GET /xingrg/all/function/internal_message.html?_=1685322477610&CODE_STATE=getMsg HTTP/1.1" 200 27
114.83.218.148 - - [29/May/2023:09:10:50 +0800] "GET /xingrg/all/function/internal_message.html?_=1685322648965&CODE_STATE=getMsg HTTP/1.1" 200 27
114.85.113.108 - - [29/May/2023:09:10:50 +0800] "GET /xingrg/all/function/internal_message.html?_=1685322623704&CODE_STATE=getMsg HTTP/1.1" 200 27
222.70.180.90 - - [29/May/2023:09:10:51 +0800] "GET /xingrg/all/function/internal_message.html?_=1685322651564&CODE_STATE=getMsg HTTP/1.1" 200 27
101.229.22.40 - - [29/May/2023:09:10:53 +0800] "GET /xingrg/all/function/internal_message.html?_=1685322653212&CODE_STATE=getMsg HTTP/1.1" 200 27
172.20.0.100 - - [29/May/2023:09:10:58 +0800] "GET /xingrg/check_reg.html?_=1685322659067 HTTP/1.1" 302 -
172.20.0.100 - - [29/May/2023:09:10:58 +0800] "GET /xingrg/login.html HTTP/1.1" 200 7636
180.169.147.146 - - [29/May/2023:09:11:00 +0800] "GET /xingrg/all/function/internal_message.html?_=1685322660447&CODE_STATE=getMsg HTTP/1.1" 200 27
180.164.3.199 - - [29/May/2023:09:11:09 +0800] "GET /xingrg/check_reg.html?_=1685322668583 HTTP/1.1" 200 22
180.164.3.199 - - [29/May/2023:09:11:09 +0800] "GET /xingrg/all/function/internal_message.html?_=1685322668585&CODE_STATE=getMsg HTTP/1.1" 200 27
116.238.139.35 - - [29/May/2023:09:11:15 +0800] "GET /xingrg/check_reg.html?_=1685322584959 HTTP/1.1" 200 22
116.238.139.35 - - [29/May/2023:09:11:15 +0800] "GET /xingrg/all/function/internal_message.html?_=1685322585281&CODE_STATE=getMsg HTTP/1.1" 200 27
58.40.7.146 - - [29/May/2023:09:11:16 +0800] "GET /xingrg/index.html?sysBaseUrl=http%3A%2F%2F180.169.147.146%3A18081%2Fxingrg%2F&costTime=45×tamp=1597139721527 HTTP/1.1" 302 -
58.40.7.146 - - [29/May/2023:09:11:16 +0800] "GET /xingrg/login.html HTTP/1.1" 200 7641
58.40.7.146 - - [29/May/2023:09:11:16 +0800] "GET /xingrg/images/blue/jxLogo.png HTTP/1.1" 200 6156
58.40.7.146 - - [29/May/2023:09:11:16 +0800] "GET /xingrg/images/blue/login_bg.png HTTP/1.1" 200 22101
58.40.7.146 - - [29/May/2023:09:11:16 +0800] "GET /xingrg/images/blue/hj.png HTTP/1.1" 200 1014
58.40.7.146 - - [29/May/2023:09:11:16 +0800] "GET /xingrg/images/blue/srbg.png HTTP/1.1" 200 138
58.40.7.146 - - [29/May/2023:09:11:16 +0800] "GET /favicon.ico HTTP/1.1" 404 -
58.40.7.146 - - [29/May/2023:09:11:18 +0800] "POST /xingrg/login.do HTTP/1.1" 302 -
58.40.7.146 - - [29/May/2023:09:11:18 +0800] "GET /xingrg/index.html?sysBaseUrl=http%3A%2F%2F180.169.147.146%3A18081%2Fxingrg%2F&costTime=821×tamp=1685322678813 HTTP/1.1" 200 17503
58.40.7.146 - - [29/May/2023:09:11:18 +0800] "GET /xingrg/javascript/jquery_easy_ui/themes/default/easyui.css HTTP/1.1" 200 26500
58.40.7.146 - - [29/May/2023:09:11:18 +0800] "GET /xingrg/javascript/jquery_easy_ui/themes/icon.css HTTP/1.1" 200 3949
58.40.7.146 - - [29/May/2023:09:11:18 +0800] "GET /xingrg/css/form.css HTTP/1.1" 200 893
58.40.7.146 - - [29/May/2023:09:11:18 +0800] "GET /xingrg/javascript/jquery_easy_ui/jquery.easyui.min.js HTTP/1.1" 200 213662
58.40.7.146 - - [29/May/2023:09:11:18 +0800] "GET /xingrg/javascript/jquery_easy_ui/easyui-lang-zh_CN.js HTTP/1.1" 200 1900
58.40.7.146 - - [29/May/2023:09:11:18 +0800] "GET /xingrg/javascript/jquery-1.4.2.min.js HTTP/1.1" 200 72205
58.40.7.146 - - [29/May/2023:09:11:18 +0800] "GET /xingrg/javascript/jquery.form.js HTTP/1.1" 200 23110
58.40.7.146 - - [29/May/2023:09:11:18 +0800] "GET /xingrg/javascript/jquery.timers.js HTTP/1.1" 200 3532
58.40.7.146 - - [29/May/2023:09:11:18 +0800] "GET /xingrg/javascript/jquery.utils.js HTTP/1.1" 200 11805
58.40.7.146 - - [29/May/2023:09:11:18 +0800] "GET /favicon.ico HTTP/1.1" 404 -
58.40.7.146 - - [29/May/2023:09:11:19 +0800] "GET /xingrg/images/blue/navBackgound.jpg HTTP/1.1" 200 12378
58.40.7.146 - - [29/May/2023:09:11:19 +0800] "GET /xingrg/javascript/jquery_easy_ui/themes/icons/settle_new.png HTTP/1.1" 200 826
58.40.7.146 - - [29/May/2023:09:11:19 +0800] "GET /xingrg/images/blue/pingpu.png HTTP/1.1" 200 231
58.40.7.146 - - [29/May/2023:09:11:19 +0800] "GET /xingrg/all/function/internal_message.html?_=1685322679111&CODE_STATE=count HTTP/1.1" 200 11
58.40.7.146 - - [29/May/2023:09:11:19 +0800] "GET /xingrg/check_reg.html?_=1685322679111 HTTP/1.1" 200 22
58.40.7.146 - - [29/May/2023:09:11:19 +0800] "GET /xingrg/javascript/jquery_easy_ui/themes/default/images/tabs_leftarrow.png HTTP/1.1" 200 389
58.40.7.146 - - [29/May/2023:09:11:19 +0800] "GET /xingrg/javascript/jquery_easy_ui/themes/default/images/tabs_rightarrow.png HTTP/1.1" 200 395
58.40.7.146 - - [29/May/2023:09:11:19 +0800] "GET /xingrg/javascript/jquery_easy_ui/themes/default/images/panel_tool_collapse.gif HTTP/1.1" 200 246
58.40.7.146 - - [29/May/2023:09:11:19 +0800] "GET /xingrg/javascript/jquery_easy_ui/themes/default/images/panel_tool_expand.gif HTTP/1.1" 200 247
58.40.7.146 - - [29/May/2023:09:11:19 +0800] "POST /xingrg/all/common/load_tree.html?tree=area_rest_tree_json&manage=1 HTTP/1.1" 200 1237
58.40.7.146 - - [29/May/2023:09:11:19 +0800] "POST /xingrg/load_menu.html HTTP/1.1" 200 11564
58.40.7.146 - - [29/May/2023:09:11:19 +0800] "GET /xingrg/javascript/jquery_easy_ui/themes/default/images/tree_arrows.gif HTTP/1.1" 200 1043
58.40.7.146 - - [29/May/2023:09:11:19 +0800] "GET /xingrg/javascript/jquery_easy_ui/themes/default/images/tree_folder_open.gif HTTP/1.1" 200 956
58.40.7.146 - - [29/May/2023:09:11:19 +0800] "GET /xingrg/javascript/jquery_easy_ui/themes/icons/search_new.png HTTP/1.1" 200 586
58.40.7.146 - - [29/May/2023:09:11:19 +0800] "GET /xingrg/javascript/jquery_easy_ui/themes/icons/delivery_new.png HTTP/1.1" 200 700
58.40.7.146 - - [29/May/2023:09:11:19 +0800] "GET /xingrg/javascript/jquery_easy_ui/themes/icons/storage_new.png HTTP/1.1" 200 853
