222.70.180.90 - - [29/May/2023:11:54:28 +0800] "GET /xingrg/all/function/internal_message.html?_=1685332468085&CODE_STATE=getMsg HTTP/1.1" 200 27
116.237.77.151 - - [29/May/2023:11:54:31 +0800] "GET /xingrg/kc/buy/cgsh_order_add.html HTTP/1.1" 200 71448
116.237.77.151 - - [29/May/2023:11:54:31 +0800] "POST /xingrg/kc/buy/cgsh_order_operate.html HTTP/1.1" 200 8245
116.237.77.151 - - [29/May/2023:11:54:31 +0800] "GET /xingrg/javascript/easyui/themes/default/validatebox.css HTTP/1.1" 404 1104
222.67.234.146 - - [29/May/2023:11:54:34 +0800] "GET /xingrg/all/function/internal_message.html?_=1685331983011&CODE_STATE=getMsg HTTP/1.1" 200 27
180.169.147.146 - - [29/May/2023:11:54:35 +0800] "GET /xingrg/login.html HTTP/1.1" 200 7641
180.169.147.146 - - [29/May/2023:11:54:35 +0800] "GET /xingrg/images/blue/jxLogo.png HTTP/1.1" 200 6156
180.169.147.146 - - [29/May/2023:11:54:35 +0800] "GET /xingrg/images/blue/login_bg.png HTTP/1.1" 200 22101
180.169.147.146 - - [29/May/2023:11:54:35 +0800] "GET /xingrg/images/blue/hj.png HTTP/1.1" 200 1014
180.169.147.146 - - [29/May/2023:11:54:35 +0800] "GET /xingrg/images/blue/srbg.png HTTP/1.1" 200 138
116.237.77.151 - - [29/May/2023:11:54:37 +0800] "GET /xingrg/javascript/easyui/themes/default/tree.css HTTP/1.1" 404 1090
116.237.77.151 - - [29/May/2023:11:54:38 +0800] "POST /xingrg/all/common/load_tree.html?tree=supplier_tree_json&isDelete=1 HTTP/1.1" 200 74195
58.40.7.146 - - [29/May/2023:11:54:40 +0800] "GET /xingrg/all/function/internal_message.html?_=1685332480883&CODE_STATE=getMsg HTTP/1.1" 200 27
114.85.113.108 - - [29/May/2023:11:54:44 +0800] "GET /xingrg/all/function/internal_message.html?_=1685332457026&CODE_STATE=getMsg HTTP/1.1" 200 27
172.20.0.100 - - [29/May/2023:11:54:45 +0800] "GET /xingrg/all/function/internal_message.html?_=1685332484555&CODE_STATE=getMsg HTTP/1.1" 302 -
101.83.145.52 - - [29/May/2023:11:54:46 +0800] "GET /xingrg/all/function/internal_message.html?_=1685332317747&CODE_STATE=getMsg HTTP/1.1" 200 27
114.83.218.148 - - [29/May/2023:11:54:47 +0800] "GET /xingrg/all/function/internal_message.html?_=1685332486662&CODE_STATE=getMsg HTTP/1.1" 200 27
218.81.217.41 - - [29/May/2023:11:54:49 +0800] "GET /xingrg/all/function/internal_message.html?_=1685332491310&CODE_STATE=getMsg HTTP/1.1" 200 27
124.79.74.67 - - [29/May/2023:11:54:50 +0800] "GET /xingrg/kc/buy/cgsh_order_operate.html?command=get_materiel&rest_code=00156&code=00101003006&supplier_code=00100092&order_time=2023-05-28 HTTP/1.1" 200 412
124.79.74.67 - - [29/May/2023:11:54:50 +0800] "GET /xingrg/check_reg.html?_=1685332490668 HTTP/1.1" 200 22
124.79.74.67 - - [29/May/2023:11:54:50 +0800] "GET /xingrg/all/function/internal_message.html?_=1685332490668&CODE_STATE=getMsg HTTP/1.1" 200 27
180.169.147.146 - - [29/May/2023:11:54:51 +0800] "GET /xingrg/login.html HTTP/1.1" 200 7641
180.169.147.146 - - [29/May/2023:11:54:51 +0800] "GET /xingrg/images/blue/jxLogo.png HTTP/1.1" 200 6156
180.169.147.146 - - [29/May/2023:11:54:51 +0800] "GET /xingrg/images/blue/login_bg.png HTTP/1.1" 200 22101
180.169.147.146 - - [29/May/2023:11:54:51 +0800] "GET /xingrg/images/blue/srbg.png HTTP/1.1" 200 138
180.169.147.146 - - [29/May/2023:11:54:51 +0800] "GET /xingrg/images/blue/hj.png HTTP/1.1" 200 1014
114.85.36.120 - - [29/May/2023:11:54:52 +0800] "GET /xingrg/all/function/internal_message.html?_=1685331307739&CODE_STATE=getMsg HTTP/1.1" 200 27
101.229.22.40 - - [29/May/2023:11:54:53 +0800] "GET /xingrg/all/function/internal_message.html?_=1685332493499&CODE_STATE=getMsg HTTP/1.1" 200 27
116.238.139.35 - - [29/May/2023:11:54:57 +0800] "GET /xingrg/all/function/internal_message.html?_=1685332497340&CODE_STATE=getMsg HTTP/1.1" 200 27
172.20.0.100 - - [29/May/2023:11:54:58 +0800] "GET /xingrg/all/function/internal_message.html?_=1685332499674&CODE_STATE=getMsg HTTP/1.1" 200 27
222.69.128.166 - - [29/May/2023:11:55:03 +0800] "GET /xingrg/all/function/internal_message.html?_=1685332603120&CODE_STATE=getMsg HTTP/1.1" 200 27
180.169.147.146 - - [29/May/2023:11:55:05 +0800] "GET /favicon.ico HTTP/1.1" 404 -
116.237.77.151 - - [29/May/2023:11:55:08 +0800] "GET /xingrg/all/function/internal_message.html?_=1685332510252&CODE_STATE=getMsg HTTP/1.1" 200 27
180.164.3.199 - - [29/May/2023:11:55:09 +0800] "GET /xingrg/all/function/internal_message.html?_=1685332508571&CODE_STATE=getMsg HTTP/1.1" 200 27
124.79.74.67 - - [29/May/2023:11:55:10 +0800] "POST /xingrg/kc/buy/cgsh_order_operate.html HTTP/1.1" 200 37
116.237.77.151 - - [29/May/2023:11:55:12 +0800] "GET /xingrg/kc/buy/cgsh_order_operate.html?command=get_materiel&rest_code=00106&code=00101009109&supplier_code=00100022&order_time=2023-05-29 HTTP/1.1" 200 415
124.79.74.67 - - [29/May/2023:11:55:15 +0800] "POST /xingrg/kc/buy/cgsh_order_operate.html HTTP/1.1" 200 2661
180.169.147.146 - - [29/May/2023:11:55:15 +0800] "POST /xingrg/login.do HTTP/1.1" 302 -
180.169.147.146 - - [29/May/2023:11:55:16 +0800] "GET /xingrg/index.html?sysBaseUrl=http%3A%2F%2F180.169.147.146%3A18081%2Fxingrg%2F&costTime=834×tamp=1685332515939 HTTP/1.1" 200 17503
120.253.135.82 - - [29/May/2023:11:55:16 +0800] "GET /xingrg/all/function/internal_message.html?_=1685332352350&CODE_STATE=getMsg HTTP/1.1" 200 27
180.169.147.146 - - [29/May/2023:11:55:16 +0800] "GET /xingrg/javascript/jquery_easy_ui/themes/default/easyui.css HTTP/1.1" 200 26500
180.169.147.146 - - [29/May/2023:11:55:16 +0800] "GET /xingrg/javascript/jquery_easy_ui/jquery.easyui.min.js HTTP/1.1" 200 213662
180.169.147.146 - - [29/May/2023:11:55:16 +0800] "GET /xingrg/javascript/jquery-1.4.2.min.js HTTP/1.1" 200 72205
180.169.147.146 - - [29/May/2023:11:55:16 +0800] "GET /xingrg/javascript/jquery_easy_ui/easyui-lang-zh_CN.js HTTP/1.1" 200 1900
180.169.147.146 - - [29/May/2023:11:55:16 +0800] "GET /xingrg/css/form.css HTTP/1.1" 200 893
180.169.147.146 - - [29/May/2023:11:55:16 +0800] "GET /xingrg/javascript/jquery.utils.js HTTP/1.1" 200 11805
180.169.147.146 - - [29/May/2023:11:55:16 +0800] "GET /xingrg/javascript/jquery.form.js HTTP/1.1" 200 23110
180.169.147.146 - - [29/May/2023:11:55:16 +0800] "GET /xingrg/javascript/jquery_easy_ui/themes/icon.css HTTP/1.1" 200 3949
180.169.147.146 - - [29/May/2023:11:55:16 +0800] "GET /favicon.ico HTTP/1.1" 404 -
180.169.147.146 - - [29/May/2023:11:55:16 +0800] "GET /xingrg/javascript/jquery.timers.js HTTP/1.1" 200 3532
180.169.147.146 - - [29/May/2023:11:55:16 +0800] "GET /xingrg/javascript/jquery_easy_ui/themes/icons/settle_new.png HTTP/1.1" 200 826
180.169.147.146 - - [29/May/2023:11:55:16 +0800] "GET /xingrg/images/blue/navBackgound.jpg HTTP/1.1" 200 12378
180.169.147.146 - - [29/May/2023:11:55:16 +0800] "POST /xingrg/all/common/load_tree.html?tree=area_rest_tree_json&manage=1 HTTP/1.1" 200 2106
180.169.147.146 - - [29/May/2023:11:55:16 +0800] "GET /xingrg/all/function/internal_message.html?_=1685332515969&CODE_STATE=count HTTP/1.1" 200 11
180.169.147.146 - - [29/May/2023:11:55:16 +0800] "GET /xingrg/check_reg.html?_=1685332515970 HTTP/1.1" 200 22
180.169.147.146 - - [29/May/2023:11:55:16 +0800] "GET /xingrg/images/blue/pingpu.png HTTP/1.1" 200 231
180.169.147.146 - - [29/May/2023:11:55:16 +0800] "GET /xingrg/javascript/jquery_easy_ui/themes/default/images/tabs_rightarrow.png HTTP/1.1" 200 395
180.169.147.146 - - [29/May/2023:11:55:16 +0800] "GET /xingrg/javascript/jquery_easy_ui/themes/default/images/panel_tool_expand.gif HTTP/1.1" 200 247
180.169.147.146 - - [29/May/2023:11:55:16 +0800] "GET /xingrg/javascript/jquery_easy_ui/themes/default/images/tabs_leftarrow.png HTTP/1.1" 200 389
180.169.147.146 - - [29/May/2023:11:55:16 +0800] "GET /xingrg/javascript/jquery_easy_ui/themes/default/images/panel_tool_collapse.gif HTTP/1.1" 200 246
180.169.147.146 - - [29/May/2023:11:55:16 +0800] "POST /xingrg/load_menu.html HTTP/1.1" 200 11564
180.169.147.146 - - [29/May/2023:11:55:17 +0800] "GET /xingrg/javascript/jquery_easy_ui/themes/default/images/tree_arrows.gif HTTP/1.1" 200 1043
180.169.147.146 - - [29/May/2023:11:55:17 +0800] "GET /xingrg/javascript/jquery_easy_ui/themes/icons/delivery_new.png HTTP/1.1" 200 700
180.169.147.146 - - [29/May/2023:11:55:17 +0800] "GET /xingrg/javascript/jquery_easy_ui/themes/icons/storage_new.png HTTP/1.1" 200 853
180.169.147.146 - - [29/May/2023:11:55:17 +0800] "GET /xingrg/javascript/jquery_easy_ui/themes/icons/checkout_new.png HTTP/1.1" 200 744
180.169.147.146 - - [29/May/2023:11:55:17 +0800] "GET /xingrg/javascript/jquery_easy_ui/themes/icons/search_new.png HTTP/1.1" 200 586
180.169.147.146 - - [29/May/2023:11:55:17 +0800] "GET /xingrg/javascript/jquery_easy_ui/themes/default/images/tree_folder_open.gif HTTP/1.1" 200 956
180.169.147.146 - - [29/May/2023:11:55:17 +0800] "GET /xingrg/javascript/jquery_easy_ui/themes/icons/forms_new.png HTTP/1.1" 200 350
180.169.147.146 - - [29/May/2023:11:55:17 +0800] "GET /xingrg/javascript/jquery_easy_ui/themes/icons/setting_new.png HTTP/1.1" 200 450
180.169.147.146 - - [29/May/2023:11:55:17 +0800] "GET /xingrg/javascript/jquery_easy_ui/themes/icons/systemset_new.png HTTP/1.1" 200 606
180.169.147.146 - - [29/May/2023:11:55:17 +0800] "GET /xingrg/javascript/jquery_easy_ui/themes/default/images/tree_folder.gif HTTP/1.1" 200 952
180.169.147.146 - - [29/May/2023:11:55:17 +0800] "GET /xingrg/javascript/jquery_easy_ui/themes/default/images/tree_file.gif HTTP/1.1" 200 118
180.169.147.146 - - [29/May/2023:11:55:17 +0800] "GET /xingrg/javascript/jquery_easy_ui/themes/icons/area.png HTTP/1.1" 200 262
180.169.147.146 - - [29/May/2023:11:55:17 +0800] "GET /xingrg/javascript/jquery_easy_ui/themes/icons/manage.png HTTP/1.1" 200 696
180.169.147.146 - - [29/May/2023:11:55:17 +0800] "GET /xingrg/javascript/jquery_easy_ui/themes/icons/rest.png HTTP/1.1" 200 695
180.169.147.146 - - [29/May/2023:11:55:17 +0800] "GET /xingrg/javascript/jquery_easy_ui/themes/default/images/button_a_bg.gif HTTP/1.1" 200 1194
180.169.147.146 - - [29/May/2023:11:55:17 +0800] "GET /xingrg/javascript/jquery_easy_ui/themes/default/images/button_span_bg.gif HTTP/1.1" 200 2061
180.169.147.146 - - [29/May/2023:11:55:17 +0800] "GET /xingrg/javascript/jquery_easy_ui/themes/icons/ok.png HTTP/1.1" 200 883
180.169.147.146 - - [29/May/2023:11:55:17 +0800] "GET /xingrg/javascript/jquery_easy_ui/themes/default/images/panel_title.png HTTP/1.1" 200 266
180.169.147.146 - - [29/May/2023:11:55:17 +0800] "GET /xingrg/javascript/jquery_easy_ui/themes/default/images/panel_tools.gif HTTP/1.1" 200 737
124.79.74.67 - - [29/May/2023:11:55:17 +0800] "GET /xingrg/kc/print/load_config.html?kc_code=cgsh HTTP/1.1" 200 1924
124.79.74.67 - - [29/May/2023:11:55:18 +0800] "GET /xingrg/kc/print/load_data.html?order_code=212023052911031&kc_code=cgsh&condition= HTTP/1.1" 200 722
180.169.147.146 - - [29/May/2023:11:55:19 +0800] "GET /xingrg/images/control/ajaxLoader.gif HTTP/1.1" 200 4659
180.169.147.146 - - [29/May/2023:11:55:20 +0800] "POST /xingrg/all/user/operate.html HTTP/1.1" 200 36
116.232.195.127 - - [29/May/2023:11:55:20 +0800] "GET /xingrg/all/function/internal_message.html?_=1685332547775&CODE_STATE=getMsg HTTP/1.1" 200 27
180.169.147.146 - - [29/May/2023:11:55:20 +0800] "GET /xingrg/index.html?sysBaseUrl=http%3A%2F%2F180.169.147.146%3A18081%2Fxingrg%2F&costTime=834×tamp=1685332515939 HTTP/1.1" 200 17509
180.169.147.146 - - [29/May/2023:11:55:20 +0800] "GET /xingrg/javascript/jquery_easy_ui/themes/default/easyui.css HTTP/1.1" 304 -
180.169.147.146 - - [29/May/2023:11:55:20 +0800] "GET /xingrg/javascript/jquery_easy_ui/themes/icon.css HTTP/1.1" 304 -
180.169.147.146 - - [29/May/2023:11:55:20 +0800] "GET /xingrg/css/form.css HTTP/1.1" 304 -
180.169.147.146 - - [29/May/2023:11:55:20 +0800] "GET /xingrg/javascript/jquery-1.4.2.min.js HTTP/1.1" 304 -
180.169.147.146 - - [29/May/2023:11:55:20 +0800] "GET /xingrg/javascript/jquery_easy_ui/jquery.easyui.min.js HTTP/1.1" 304 -
180.169.147.146 - - [29/May/2023:11:55:20 +0800] "GET /xingrg/javascript/jquery_easy_ui/easyui-lang-zh_CN.js HTTP/1.1" 304 -
180.169.147.146 - - [29/May/2023:11:55:20 +0800] "GET /xingrg/javascript/jquery.form.js HTTP/1.1" 304 -
180.169.147.146 - - [29/May/2023:11:55:20 +0800] "GET /xingrg/javascript/jquery.utils.js HTTP/1.1" 304 -
180.169.147.146 - - [29/May/2023:11:55:20 +0800] "GET /xingrg/javascript/jquery.timers.js HTTP/1.1" 304 -
180.169.147.146 - - [29/May/2023:11:55:20 +0800] "GET /xingrg/images/blue/jxLogo.png HTTP/1.1" 304 -
180.169.147.146 - - [29/May/2023:11:55:20 +0800] "GET /xingrg/images/blue/navBackgound.jpg HTTP/1.1" 304 -
180.169.147.146 - - [29/May/2023:11:55:20 +0800] "GET /xingrg/javascript/jquery_easy_ui/themes/icons/settle_new.png HTTP/1.1" 304 -
180.169.147.146 - - [29/May/2023:11:55:20 +0800] "GET /xingrg/all/function/internal_message.html?_=1685332519575&CODE_STATE=count HTTP/1.1" 200 11
180.169.147.146 - - [29/May/2023:11:55:20 +0800] "GET /xingrg/check_reg.html?_=1685332519576 HTTP/1.1" 200 22
180.169.147.146 - - [29/May/2023:11:55:20 +0800] "GET /xingrg/javascript/jquery_easy_ui/themes/default/images/panel_tool_collapse.gif HTTP/1.1" 304 -
180.169.147.146 - - [29/May/2023:11:55:20 +0800] "GET /xingrg/javascript/jquery_easy_ui/themes/default/images/tabs_leftarrow.png HTTP/1.1" 304 -
180.169.147.146 - - [29/May/2023:11:55:20 +0800] "GET /xingrg/javascript/jquery_easy_ui/themes/default/images/panel_tool_expand.gif HTTP/1.1" 304 -
180.169.147.146 - - [29/May/2023:11:55:20 +0800] "GET /xingrg/images/blue/pingpu.png HTTP/1.1" 304 -
180.169.147.146 - - [29/May/2023:11:55:20 +0800] "GET /xingrg/javascript/jquery_easy_ui/themes/default/images/tabs_rightarrow.png HTTP/1.1" 304 -
180.169.147.146 - - [29/May/2023:11:55:20 +0800] "POST /xingrg/all/common/load_tree.html?tree=area_rest_tree_json&manage=1 HTTP/1.1" 200 2106
180.169.147.146 - - [29/May/2023:11:55:20 +0800] "POST /xingrg/load_menu.html HTTP/1.1" 200 9959
124.79.74.67 - - [29/May/2023:11:55:23 +0800] "GET /xingrg/kc/buy/cgsh_order_add.html HTTP/1.1" 200 71533
180.169.147.146 - - [29/May/2023:11:55:23 +0800] "GET /xingrg/javascript/jquery_easy_ui/themes/default/images/tabs_close.gif HTTP/1.1" 200 829
180.169.147.146 - - [29/May/2023:11:55:23 +0800] "GET /xingrg/kc/report/report_main.html HTTP/1.1" 200 7340
180.169.147.146 - - [29/May/2023:11:55:23 +0800] "GET /xingrg/javascript/pic_change.js HTTP/1.1" 200 4739
180.169.147.146 - - [29/May/2023:11:55:23 +0800] "GET /xingrg/javascript/jquery_ui/themes/humanity/humanity.css HTTP/1.1" 200 27801
180.169.147.146 - - [29/May/2023:11:55:23 +0800] "GET /xingrg/css/blue.css HTTP/1.1" 200 15949
124.79.74.67 - - [29/May/2023:11:55:23 +0800] "POST /xingrg/kc/buy/cgsh_order_operate.html HTTP/1.1" 200 8245
180.169.147.146 - - [29/May/2023:11:55:23 +0800] "GET /xingrg/javascript/myfunction.js HTTP/1.1" 200 24559
180.169.147.146 - - [29/May/2023:11:55:23 +0800] "GET /xingrg/javascript/json2.js HTTP/1.1" 200 11259
124.79.74.67 - - [29/May/2023:11:55:23 +0800] "GET /xingrg/javascript/easyui/themes/default/validatebox.css HTTP/1.1" 404 1104
124.79.74.67 - - [29/May/2023:11:55:23 +0800] "GET /xingrg/all/common/auto_word.html?type=employee&rest_code=00156 HTTP/1.1" 200 97
180.169.147.146 - - [29/May/2023:11:55:23 +0800] "GET /xingrg/javascript/jquery_easy_ui/themes/icons/back_new.png HTTP/1.1" 200 3414
124.79.74.67 - - [29/May/2023:11:55:23 +0800] "GET /xingrg/all/common/auto_word.html?type=employee&rest_code=00156 HTTP/1.1" 200 97
180.169.147.146 - - [29/May/2023:11:55:24 +0800] "GET /xingrg/kc/base/kc_stocks.html HTTP/1.1" 200 16512
180.169.147.146 - - [29/May/2023:11:55:24 +0800] "GET /xingrg/css/base.css HTTP/1.1" 200 2811
180.169.147.146 - - [29/May/2023:11:55:24 +0800] "GET /xingrg/css/site.css HTTP/1.1" 200 7541
180.169.147.146 - - [29/May/2023:11:55:24 +0800] "GET /xingrg/javascript/easyui/themes/sunny/easyui.css HTTP/1.1" 200 34304
180.169.147.146 - - [29/May/2023:11:55:24 +0800] "GET /xingrg/javascript/jquery_tools/datebox.css HTTP/1.1" 200 2597
180.169.147.146 - - [29/May/2023:11:55:24 +0800] "GET /xingrg/javascript/auto/jquery.autocomplete.css HTTP/1.1" 200 587
180.169.147.146 - - [29/May/2023:11:55:24 +0800] "GET /xingrg/javascript/easyui/themes/icon.css HTTP/1.1" 200 4483
180.169.147.146 - - [29/May/2023:11:55:24 +0800] "GET /xingrg/javascript/jquery_tools/fix.css HTTP/1.1" 200 1702
180.169.147.146 - - [29/May/2023:11:55:24 +0800] "GET /xingrg/javascript/jquery_tools/jquery.tools.min.js HTTP/1.1" 200 138801
180.169.147.146 - - [29/May/2023:11:55:25 +0800] "GET /xingrg/javascript/jquery_tools/jquery.tools.hotkey.js HTTP/1.1" 200 3242
180.169.147.146 - - [29/May/2023:11:55:25 +0800] "GET /xingrg/javascript/auto/jquery.autocomplete.js HTTP/1.1" 200 21624
180.169.147.146 - - [29/May/2023:11:55:25 +0800] "GET /xingrg/javascript/jquery_tools/list_manager.js HTTP/1.1" 200 3652
180.169.147.146 - - [29/May/2023:11:55:25 +0800] "GET /xingrg/javascript/easyui/easyloader.js HTTP/1.1" 200 5975
180.169.147.146 - - [29/May/2023:11:55:25 +0800] "GET /xingrg/javascript/jquery_tools/jquery.tools.extend.js HTTP/1.1" 200 15385
180.169.147.146 - - [29/May/2023:11:55:25 +0800] "GET /xingrg/javascript/jquery.cookie.js HTTP/1.1" 200 5513
180.169.147.146 - - [29/May/2023:11:55:25 +0800] "GET /xingrg/javascript/convert.js HTTP/1.1" 200 1239
180.169.147.146 - - [29/May/2023:11:55:25 +0800] "GET /xingrg/javascript/print/LodopFuncs.js HTTP/1.1" 200 5121
180.169.147.146 - - [29/May/2023:11:55:25 +0800] "GET /xingrg/javascript/easyui/themes/icons/print_new.png HTTP/1.1" 200 3580
180.169.147.146 - - [29/May/2023:11:55:25 +0800] "GET /xingrg/javascript/easyui/themes/icons/field_new.png HTTP/1.1" 200 1097
180.169.147.146 - - [29/May/2023:11:55:25 +0800] "GET /xingrg/javascript/easyui/themes/icons/filter_new.png HTTP/1.1" 200 795
180.169.147.146 - - [29/May/2023:11:55:25 +0800] "GET /xingrg/javascript/easyui/themes/icons/import_new.png HTTP/1.1" 200 1247
180.169.147.146 - - [29/May/2023:11:55:25 +0800] "GET /xingrg/javascript/easyui/themes/icons/refresh_new.png HTTP/1.1" 200 685
180.169.147.146 - - [29/May/2023:11:55:25 +0800] "GET /xingrg/javascript/easyui/plugins/jquery.parser.js HTTP/1.1" 200 1142
180.169.147.146 - - [29/May/2023:11:55:25 +0800] "GET /xingrg/javascript/easyui/plugins/jquery.draggable.js HTTP/1.1" 200 6121
180.169.147.146 - - [29/May/2023:11:55:25 +0800] "GET /xingrg/javascript/easyui/plugins/jquery.droppable.js HTTP/1.1" 200 1167
180.169.147.146 - - [29/May/2023:11:55:25 +0800] "GET /xingrg/javascript/easyui/themes/default/tree.css HTTP/1.1" 404 1090
180.169.147.146 - - [29/May/2023:11:55:25 +0800] "GET /xingrg/javascript/easyui/plugins/jquery.tree.js HTTP/1.1" 200 20874
180.169.147.146 - - [29/May/2023:11:55:25 +0800] "GET /xingrg/all/common/auto_word.html?type=base&rest_code=00146 HTTP/1.1" 200 1799
180.169.147.146 - - [29/May/2023:11:55:25 +0800] "POST /xingrg/all/common/load_tree.html?tree=materiel_sort_tree_json HTTP/1.1" 200 9500
180.169.147.146 - - [29/May/2023:11:55:25 +0800] "GET /xingrg/javascript/easyui/themes/sunny/images/tree_folder_open.gif HTTP/1.1" 200 956
180.169.147.146 - - [29/May/2023:11:55:25 +0800] "GET /xingrg/javascript/easyui/themes/sunny/images/tree_arrows.gif HTTP/1.1" 200 617
180.169.147.146 - - [29/May/2023:11:55:25 +0800] "GET /xingrg/javascript/easyui/themes/sunny/images/tree_folder.gif HTTP/1.1" 200 952
180.169.147.146 - - [29/May/2023:11:55:25 +0800] "GET /xingrg/javascript/easyui/themes/sunny/images/tree_file.gif HTTP/1.1" 200 118
222.70.180.90 - - [29/May/2023:11:55:28 +0800] "GET /xingrg/all/function/internal_message.html?_=1685332528071&CODE_STATE=getMsg HTTP/1.1" 200 27
180.169.147.146 - - [29/May/2023:11:55:34 +0800] "POST /xingrg/kc/base/stock_operate.html HTTP/1.1" 200 2222
180.169.147.146 - - [29/May/2023:11:55:34 +0800] "GET /xingrg/javascript/jquery_tools/fix_table.js HTTP/1.1" 200 6528
222.67.234.146 - - [29/May/2023:11:55:34 +0800] "GET /xingrg/all/function/internal_message.html?_=1685332042990&CODE_STATE=getMsg HTTP/1.1" 200 27
180.169.147.146 - - [29/May/2023:11:55:35 +0800] "GET /xingrg/kc/base/stock_detail.html?m=00101034085 HTTP/1.1" 200 7367
180.169.147.146 - - [29/May/2023:11:55:36 +0800] "GET /xingrg/javascript/jquery_easy_ui/themes/icons/search.png HTTP/1.1" 200 813
180.169.147.146 - - [29/May/2023:11:55:36 +0800] "GET /xingrg/javascript/jquery_easy_ui/themes/default/images/menu_downarrow.png HTTP/1.1" 200 173
180.169.147.146 - - [29/May/2023:11:55:36 +0800] "GET /xingrg/javascript/jquery_easy_ui/themes/icons/print.png HTTP/1.1" 200 1057
180.169.147.146 - - [29/May/2023:11:55:36 +0800] "GET /xingrg/javascript/jquery_easy_ui/themes/default/images/menu.gif HTTP/1.1" 200 834
180.169.147.146 - - [29/May/2023:11:55:36 +0800] "GET /xingrg/javascript/jquery_easy_ui/themes/default/images/calendar_prevmonth.gif HTTP/1.1" 200 66
180.169.147.146 - - [29/May/2023:11:55:36 +0800] "GET /xingrg/javascript/jquery_easy_ui/themes/default/images/calendar_nextmonth.gif HTTP/1.1" 200 64
180.169.147.146 - - [29/May/2023:11:55:36 +0800] "GET /xingrg/javascript/jquery_easy_ui/themes/default/images/calendar_prevyear.gif HTTP/1.1" 200 76
180.169.147.146 - - [29/May/2023:11:55:36 +0800] "GET /xingrg/javascript/jquery_easy_ui/themes/default/images/calendar_nextyear.gif HTTP/1.1" 200 75
124.79.74.67 - - [29/May/2023:11:55:37 +0800] "GET /xingrg/kc/buy/cgsh_order_operate.html?command=get_materiel&rest_code=00156&code=00101008066&supplier_code=00100338&order_time=2023-05-28 HTTP/1.1" 200 417
180.169.147.146 - - [29/May/2023:11:55:40 +0800] "GET /xingrg/kc/base/stock_operate.html?_=1685332539226&command=get_report_file&start_day=20230301 HTTP/1.1" 200 53
180.169.147.146 - - [29/May/2023:11:55:40 +0800] "GET /xingrg/all/report/report_query.html?isQuery=1&onlyBody=1&rh=2000&fileName=kc/base/kc_stock_detail_new.xml&queryString=(1=1)&queryText=&tableQueryString=init_table$sp1$$sp$crk_table$sp1$order_day%20between%2020230301%20and%2020230531&varString=start_day:20230301,materiel_code:00101034085,cost_id:4187,end_date:20230228 HTTP/1.1" 200 48701
180.169.147.146 - - [29/May/2023:11:55:40 +0800] "GET /xingrg/javascript/multi_select/jqueryMultiSelect.css HTTP/1.1" 200 951
180.169.147.146 - - [29/May/2023:11:55:40 +0800] "GET /xingrg/javascript/calendar/timePicker.css HTTP/1.1" 200 523
180.169.147.146 - - [29/May/2023:11:55:40 +0800] "GET /xingrg/javascript/bigrid/fix.css HTTP/1.1" 200 1702
180.169.147.146 - - [29/May/2023:11:55:40 +0800] "GET /xingrg/dwr/interface/AjaxReportQueryService.js HTTP/1.1" 200 13203
180.169.147.146 - - [29/May/2023:11:55:40 +0800] "GET /xingrg/dwr/util.js HTTP/1.1" 200 35990
180.169.147.146 - - [29/May/2023:11:55:40 +0800] "GET /xingrg/dwr/engine.js HTTP/1.1" 200 43631
180.169.147.146 - - [29/May/2023:11:55:40 +0800] "GET /xingrg/javascript/jqueryMultiSelect.js HTTP/1.1" 200 11866
180.169.147.146 - - [29/May/2023:11:55:40 +0800] "GET /xingrg/javascript/Calendar.js HTTP/1.1" 200 31561
180.169.147.146 - - [29/May/2023:11:55:40 +0800] "GET /xingrg/javascript/calendar/jquery.timePicker.min.js HTTP/1.1" 200 2997
180.169.147.146 - - [29/May/2023:11:55:40 +0800] "GET /xingrg/javascript/bigrid/fix.js HTTP/1.1" 200 6439
180.169.147.146 - - [29/May/2023:11:55:40 +0800] "GET /xingrg/images/control/loading.gif HTTP/1.1" 200 13463
180.169.147.146 - - [29/May/2023:11:55:40 +0800] "GET /xingrg/images/blue/button/advance2over.gif HTTP/1.1" 200 1336
180.169.147.146 - - [29/May/2023:11:55:40 +0800] "GET /xingrg/images/blue/button/advanceover.gif HTTP/1.1" 200 1347
180.169.147.146 - - [29/May/2023:11:55:40 +0800] "GET /xingrg/images/blue/button/back2over.gif HTTP/1.1" 200 1335
180.169.147.146 - - [29/May/2023:11:55:40 +0800] "GET /xingrg/images/blue/button/backover.gif HTTP/1.1" 200 1348
180.169.147.146 - - [29/May/2023:11:55:40 +0800] "GET /xingrg/javascript/jquery_easy_ui/themes/icons/help.png HTTP/1.1" 200 1187
58.40.7.146 - - [29/May/2023:11:55:40 +0800] "GET /xingrg/all/function/internal_message.html?_=1685332540887&CODE_STATE=getMsg HTTP/1.1" 200 27
180.169.147.146 - - [29/May/2023:11:55:41 +0800] "GET /xingrg/javascript/jquery_easy_ui/themes/default/images/button_plain_hover.png HTTP/1.1" 200 252
180.169.147.146 - - [29/May/2023:11:55:41 +0800] "POST /xingrg/all/report/load_report_page.html HTTP/1.1" 200 25047
180.169.147.146 - - [29/May/2023:11:55:41 +0800] "GET /xingrg/servlets/image?cache=0.6832407168476966&image=px HTTP/1.1" 200 807
114.85.113.108 - - [29/May/2023:11:55:44 +0800] "GET /xingrg/all/function/internal_message.html?_=1685332517024&CODE_STATE=getMsg HTTP/1.1" 200 27
172.20.0.100 - - [29/May/2023:11:55:45 +0800] "GET /xingrg/all/function/internal_message.html?_=1685332544563&CODE_STATE=getMsg HTTP/1.1" 302 -
101.83.145.52 - - [29/May/2023:11:55:46 +0800] "GET /xingrg/all/function/internal_message.html?_=1685332377736&CODE_STATE=getMsg HTTP/1.1" 200 27
114.83.218.148 - - [29/May/2023:11:55:47 +0800] "GET /xingrg/all/function/internal_message.html?_=1685332546647&CODE_STATE=getMsg HTTP/1.1" 200 27
218.81.217.41 - - [29/May/2023:11:55:49 +0800] "GET /xingrg/all/function/internal_message.html?_=1685332551322&CODE_STATE=getMsg HTTP/1.1" 200 27
124.79.74.67 - - [29/May/2023:11:55:50 +0800] "GET /xingrg/all/function/internal_message.html?_=1685332550671&CODE_STATE=getMsg HTTP/1.1" 200 27
114.85.36.120 - - [29/May/2023:11:55:52 +0800] "GET /xingrg/all/function/internal_message.html?_=1685331367755&CODE_STATE=getMsg HTTP/1.1" 200 27
124.79.74.67 - - [29/May/2023:11:55:53 +0800] "GET /xingrg/kc/buy/cgsh_order_operate.html?command=get_materiel&rest_code=00156&code=00101012049&supplier_code=00100338&order_time=2023-05-28 HTTP/1.1" 200 449
180.169.147.146 - - [29/May/2023:11:55:53 +0800] "GET /xingrg/javascript/jquery_easy_ui/themes/default/images/tabs_active.png HTTP/1.1" 200 2894
101.229.22.40 - - [29/May/2023:11:55:53 +0800] "GET /xingrg/all/function/internal_message.html?_=1685332553498&CODE_STATE=getMsg HTTP/1.1" 200 27
180.169.147.146 - - [29/May/2023:11:55:55 +0800] "GET /xingrg/kc/base/stock_detail.html?m=00101023017 HTTP/1.1" 200 7363
116.238.139.35 - - [29/May/2023:11:55:57 +0800] "GET /xingrg/all/function/internal_message.html?_=1685332557338&CODE_STATE=getMsg HTTP/1.1" 200 27
172.20.0.100 - - [29/May/2023:11:55:58 +0800] "GET /xingrg/all/function/internal_message.html?_=1685332559689&CODE_STATE=getMsg HTTP/1.1" 200 27
180.169.147.146 - - [29/May/2023:11:56:00 +0800] "GET /xingrg/kc/base/stock_operate.html?_=1685332559302&command=get_report_file&start_day=20230301 HTTP/1.1" 200 53
180.169.147.146 - - [29/May/2023:11:56:00 +0800] "GET /xingrg/all/report/report_query.html?isQuery=1&onlyBody=1&rh=2000&fileName=kc/base/kc_stock_detail_new.xml&queryString=(1=1)&queryText=&tableQueryString=init_table$sp1$$sp$crk_table$sp1$order_day%20between%2020230301%20and%2020230531&varString=start_day:20230301,materiel_code:00101023017,cost_id:4187,end_date:20230228 HTTP/1.1" 200 48701
180.169.147.146 - - [29/May/2023:11:56:00 +0800] "GET /xingrg/dwr/interface/AjaxReportQueryService.js HTTP/1.1" 200 13203
180.169.147.146 - - [29/May/2023:11:56:00 +0800] "GET /xingrg/dwr/engine.js HTTP/1.1" 200 43631
180.169.147.146 - - [29/May/2023:11:56:01 +0800] "POST /xingrg/all/report/load_report_page.html HTTP/1.1" 200 20152
180.169.147.146 - - [29/May/2023:11:56:01 +0800] "GET /xingrg/servlets/image?cache=0.5934103231481231&image=px HTTP/1.1" 200 807
222.69.128.166 - - [29/May/2023:11:56:03 +0800] "GET /xingrg/all/function/internal_message.html?_=1685332663119&CODE_STATE=getMsg HTTP/1.1" 200 27
180.169.147.146 - - [29/May/2023:11:56:08 +0800] "GET /xingrg/kc/base/stock_detail.html?m=00101034085 HTTP/1.1" 200 7367
116.237.77.151 - - [29/May/2023:11:56:08 +0800] "GET /xingrg/all/function/internal_message.html?_=1685332570260&CODE_STATE=getMsg HTTP/1.1" 200 27
180.164.3.199 - - [29/May/2023:11:56:09 +0800] "GET /xingrg/all/function/internal_message.html?_=1685332568576&CODE_STATE=getMsg HTTP/1.1" 200 27
180.164.3.199 - - [29/May/2023:11:56:09 +0800] "GET /xingrg/check_reg.html?_=1685332568579 HTTP/1.1" 200 22
124.79.74.67 - - [29/May/2023:11:56:09 +0800] "POST /xingrg/kc/buy/cgsh_order_operate.html HTTP/1.1" 200 37
124.79.74.67 - - [29/May/2023:11:56:11 +0800] "POST /xingrg/kc/buy/cgsh_order_operate.html HTTP/1.1" 200 3265
124.79.74.67 - - [29/May/2023:11:56:12 +0800] "GET /xingrg/kc/print/report_design.html?orderType=cgsh HTTP/1.1" 200 8625
124.79.74.67 - - [29/May/2023:11:56:12 +0800] "GET /xingrg/css/design.css HTTP/1.1" 200 2477
124.79.74.67 - - [29/May/2023:11:56:12 +0800] "GET /xingrg/javascript/easyui/themes/sunny/easyui.css HTTP/1.1" 200 34304
124.79.74.67 - - [29/May/2023:11:56:12 +0800] "GET /xingrg/javascript/easyui/jquery.easyui.min.js HTTP/1.1" 200 272531
124.79.74.67 - - [29/May/2023:11:56:12 +0800] "GET /xingrg/javascript/print/report.js HTTP/1.1" 200 10993
124.79.74.67 - - [29/May/2023:11:56:12 +0800] "GET /xingrg/javascript/print/report.helper.js HTTP/1.1" 200 7208
124.79.74.67 - - [29/May/2023:11:56:12 +0800] "GET /xingrg/javascript/easyui/themes/sunny/images/ui-bg_highlight-soft_100_feeebd_1x100.png HTTP/1.1" 200 108
124.79.74.67 - - [29/May/2023:11:56:12 +0800] "GET /xingrg/javascript/easyui/themes/sunny/images/ui-bg_gloss-wave_45_817865_500x100.png HTTP/1.1" 200 3971
124.79.74.67 - - [29/May/2023:11:56:12 +0800] "GET /xingrg/javascript/easyui/themes/sunny/images/blank.gif HTTP/1.1" 200 43
124.79.74.67 - - [29/May/2023:11:56:12 +0800] "GET /xingrg/javascript/easyui/themes/sunny/images/ui-icons_fadc7a_256x240.png HTTP/1.1" 200 4369
124.79.74.67 - - [29/May/2023:11:56:12 +0800] "GET /xingrg/javascript/easyui/themes/sunny/images/ui-icons_bd7b00_256x240.png HTTP/1.1" 200 4369
124.79.74.67 - - [29/May/2023:11:56:12 +0800] "GET /xingrg/javascript/easyui/themes/sunny/images/ui-bg_gloss-wave_70_ffdd57_500x100.png HTTP/1.1" 200 3830
124.79.74.67 - - [29/May/2023:11:56:12 +0800] "GET /xingrg/kc/print/design_operate.html?_=1685332572832&command=load_config&code=cgsh HTTP/1.1" 200 2834
124.79.74.67 - - [29/May/2023:11:56:12 +0800] "GET /xingrg/css/images/background.png HTTP/1.1" 200 137
180.169.147.146 - - [29/May/2023:11:56:13 +0800] "GET /xingrg/kc/base/stock_operate.html?_=1685332572510&command=get_report_file&start_day=20230101 HTTP/1.1" 200 53
180.169.147.146 - - [29/May/2023:11:56:13 +0800] "GET /xingrg/all/report/report_query.html?isQuery=1&onlyBody=1&rh=2000&fileName=kc/base/kc_stock_detail_new.xml&queryString=(1=1)&queryText=&tableQueryString=init_table$sp1$$sp$crk_table$sp1$order_day%20between%2020230101%20and%2020230531&varString=start_day:20230101,materiel_code:00101034085,cost_id:4091,end_date:20221231 HTTP/1.1" 200 48701
180.169.147.146 - - [29/May/2023:11:56:13 +0800] "GET /xingrg/dwr/interface/AjaxReportQueryService.js HTTP/1.1" 200 13203
180.169.147.146 - - [29/May/2023:11:56:13 +0800] "GET /xingrg/dwr/engine.js HTTP/1.1" 200 43631
124.79.74.67 - - [29/May/2023:11:56:14 +0800] "GET /xingrg/kc/print/load_config.html?kc_code=cgsh HTTP/1.1" 200 1924
180.169.147.146 - - [29/May/2023:11:56:15 +0800] "POST /xingrg/all/report/load_report_page.html HTTP/1.1" 200 25016
180.169.147.146 - - [29/May/2023:11:56:15 +0800] "GET /xingrg/servlets/image?cache=0.600553762513036&image=px HTTP/1.1" 200 807
124.79.74.67 - - [29/May/2023:11:56:15 +0800] "GET /xingrg/kc/print/load_data.html?order_code=212023052911032&kc_code=cgsh&condition= HTTP/1.1" 200 916
120.253.135.82 - - [29/May/2023:11:56:16 +0800] "GET /xingrg/all/function/internal_message.html?_=1685332412371&CODE_STATE=getMsg HTTP/1.1" 200 27
124.79.74.67 - - [29/May/2023:11:56:19 +0800] "GET /xingrg/kc/buy/cgsh_order_add.html HTTP/1.1" 200 71533
180.169.147.146 - - [29/May/2023:11:56:19 +0800] "GET /xingrg/kc/base/stock_detail.html?m=00101023017 HTTP/1.1" 200 7363
124.79.74.67 - - [29/May/2023:11:56:19 +0800] "POST /xingrg/kc/buy/cgsh_order_operate.html HTTP/1.1" 200 8245
124.79.74.67 - - [29/May/2023:11:56:19 +0800] "GET /xingrg/javascript/easyui/themes/default/validatebox.css HTTP/1.1" 404 1104
124.79.74.67 - - [29/May/2023:11:56:19 +0800] "GET /xingrg/all/common/auto_word.html?type=employee&rest_code=00156 HTTP/1.1" 200 97
124.79.74.67 - - [29/May/2023:11:56:19 +0800] "GET /xingrg/all/common/auto_word.html?type=employee&rest_code=00156 HTTP/1.1" 200 97
116.232.195.127 - - [29/May/2023:11:56:20 +0800] "GET /xingrg/all/function/internal_message.html?_=1685332607747&CODE_STATE=getMsg HTTP/1.1" 200 27
180.169.147.146 - - [29/May/2023:11:56:20 +0800] "GET /xingrg/all/function/internal_message.html?_=1685332579661&CODE_STATE=getMsg HTTP/1.1" 200 27
180.169.147.146 - - [29/May/2023:11:56:24 +0800] "GET /xingrg/kc/base/stock_operate.html?_=1685332583412&command=get_report_file&start_day=20230101 HTTP/1.1" 200 53
180.169.147.146 - - [29/May/2023:11:56:24 +0800] "GET /xingrg/all/report/report_query.html?isQuery=1&onlyBody=1&rh=2000&fileName=kc/base/kc_stock_detail_new.xml&queryString=(1=1)&queryText=&tableQueryString=init_table$sp1$$sp$crk_table$sp1$order_day%20between%2020230101%20and%2020230531&varString=start_day:20230101,materiel_code:00101023017,cost_id:4091,end_date:20221231 HTTP/1.1" 200 48701
180.169.147.146 - - [29/May/2023:11:56:24 +0800] "GET /xingrg/dwr/interface/AjaxReportQueryService.js HTTP/1.1" 200 13203
180.169.147.146 - - [29/May/2023:11:56:24 +0800] "GET /xingrg/dwr/engine.js HTTP/1.1" 200 43631
180.169.147.146 - - [29/May/2023:11:56:25 +0800] "POST /xingrg/all/report/load_report_page.html HTTP/1.1" 200 44546
180.169.147.146 - - [29/May/2023:11:56:25 +0800] "GET /xingrg/servlets/image?cache=0.5307534238363736&image=px HTTP/1.1" 200 807
222.70.180.90 - - [29/May/2023:11:56:28 +0800] "GET /xingrg/all/function/internal_message.html?_=1685332588056&CODE_STATE=getMsg HTTP/1.1" 200 27
124.79.74.67 - - [29/May/2023:11:56:32 +0800] "GET /xingrg/kc/buy/cgsh_order_operate.html?command=get_materiel&rest_code=00156&code=00101010361&supplier_code=00100339&order_time=2023-05-28 HTTP/1.1" 200 418
222.67.234.146 - - [29/May/2023:11:56:34 +0800] "GET /xingrg/all/function/internal_message.html?_=1685332102963&CODE_STATE=getMsg HTTP/1.1" 200 27
58.40.7.146 - - [29/May/2023:11:56:40 +0800] "GET /xingrg/check_reg.html?_=1685332600889 HTTP/1.1" 200 22
58.40.7.146 - - [29/May/2023:11:56:40 +0800] "GET /xingrg/all/function/internal_message.html?_=1685332600890&CODE_STATE=getMsg HTTP/1.1" 200 27
114.85.113.108 - - [29/May/2023:11:56:44 +0800] "GET /xingrg/all/function/internal_message.html?_=1685332577039&CODE_STATE=getMsg HTTP/1.1" 200 27
172.20.0.100 - - [29/May/2023:11:56:45 +0800] "GET /xingrg/check_reg.html?_=1685332604551 HTTP/1.1" 302 -
172.20.0.100 - - [29/May/2023:11:56:45 +0800] "GET /xingrg/all/function/internal_message.html?_=1685332604553&CODE_STATE=getMsg HTTP/1.1" 302 -
101.83.145.52 - - [29/May/2023:11:56:46 +0800] "GET /xingrg/all/function/internal_message.html?_=1685332437725&CODE_STATE=getMsg HTTP/1.1" 200 27
101.83.145.52 - - [29/May/2023:11:56:46 +0800] "GET /xingrg/check_reg.html?_=1685332437825 HTTP/1.1" 200 22
114.83.218.148 - - [29/May/2023:11:56:47 +0800] "GET /xingrg/all/function/internal_message.html?_=1685332606617&CODE_STATE=getMsg HTTP/1.1" 200 27
124.79.74.67 - - [29/May/2023:11:56:47 +0800] "POST /xingrg/kc/buy/cgsh_order_operate.html HTTP/1.1" 200 37
124.79.74.67 - - [29/May/2023:11:56:49 +0800] "POST /xingrg/kc/buy/cgsh_order_operate.html HTTP/1.1" 200 2662
218.81.217.41 - - [29/May/2023:11:56:50 +0800] "GET /xingrg/all/function/internal_message.html?_=1685332611902&CODE_STATE=getMsg HTTP/1.1" 200 27
124.79.74.67 - - [29/May/2023:11:56:50 +0800] "GET /xingrg/all/function/internal_message.html?_=1685332610673&CODE_STATE=getMsg HTTP/1.1" 200 27
114.85.36.120 - - [29/May/2023:11:56:50 +0800] "POST /xingrg/kc/buy/cgsh_list_operate.html HTTP/1.1" 200 594
124.79.74.67 - - [29/May/2023:11:56:50 +0800] "GET /xingrg/kc/print/load_config.html?kc_code=cgsh HTTP/1.1" 200 1924
124.79.74.67 - - [29/May/2023:11:56:51 +0800] "GET /xingrg/kc/print/load_data.html?order_code=212023052911033&kc_code=cgsh&condition= HTTP/1.1" 200 679
114.85.36.120 - - [29/May/2023:11:56:52 +0800] "GET /xingrg/check_reg.html?_=1685331427739 HTTP/1.1" 200 22
114.85.36.120 - - [29/May/2023:11:56:52 +0800] "GET /xingrg/all/function/internal_message.html?_=1685331427741&CODE_STATE=getMsg HTTP/1.1" 200 27
114.85.36.120 - - [29/May/2023:11:56:52 +0800] "GET /xingrg/kc/buy/cgsh_order_info.html?code=212023052308505 HTTP/1.1" 200 70542
114.85.36.120 - - [29/May/2023:11:56:53 +0800] "GET /xingrg/javascript/easyui/themes/default/validatebox.css HTTP/1.1" 404 1104
101.229.22.40 - - [29/May/2023:11:56:53 +0800] "GET /xingrg/check_reg.html?_=1685332613502 HTTP/1.1" 200 22
101.229.22.40 - - [29/May/2023:11:56:53 +0800] "GET /xingrg/all/function/internal_message.html?_=1685332613507&CODE_STATE=getMsg HTTP/1.1" 200 27
114.85.36.120 - - [29/May/2023:11:56:54 +0800] "POST /xingrg/kc/buy/cgsh_order_operate.html HTTP/1.1" 200 12203
124.79.74.67 - - [29/May/2023:11:56:55 +0800] "GET /xingrg/kc/buy/cgsh_order_add.html HTTP/1.1" 200 71533
124.79.74.67 - - [29/May/2023:11:56:55 +0800] "POST /xingrg/kc/buy/cgsh_order_operate.html HTTP/1.1" 200 8245
124.79.74.67 - - [29/May/2023:11:56:55 +0800] "GET /xingrg/javascript/easyui/themes/default/validatebox.css HTTP/1.1" 404 1104
124.79.74.67 - - [29/May/2023:11:56:55 +0800] "GET /xingrg/all/common/auto_word.html?type=employee&rest_code=00156 HTTP/1.1" 200 97
124.79.74.67 - - [29/May/2023:11:56:55 +0800] "GET /xingrg/all/common/auto_word.html?type=employee&rest_code=00156 HTTP/1.1" 200 97
116.237.77.151 - - [29/May/2023:11:56:56 +0800] "GET /xingrg/kc/buy/cgsh_order_operate.html?command=get_materiel&rest_code=00106&code=00101009011&supplier_code=00100022&order_time=2023-05-29 HTTP/1.1" 200 416
116.238.139.35 - - [29/May/2023:11:56:57 +0800] "GET /xingrg/all/function/internal_message.html?_=1685332617338&CODE_STATE=getMsg HTTP/1.1" 200 27
172.20.0.100 - - [29/May/2023:11:56:58 +0800] "GET /xingrg/check_reg.html?_=1685332619687 HTTP/1.1" 200 22
172.20.0.100 - - [29/May/2023:11:56:58 +0800] "GET /xingrg/all/function/internal_message.html?_=1685332619688&CODE_STATE=getMsg HTTP/1.1" 200 27
222.69.128.166 - - [29/May/2023:11:57:03 +0800] "GET /xingrg/all/function/internal_message.html?_=1685332723117&CODE_STATE=getMsg HTTP/1.1" 200 27
124.79.74.67 - - [29/May/2023:11:57:08 +0800] "GET /xingrg/kc/buy/cgsh_order_operate.html?command=get_materiel&rest_code=00156&code=00101019533&supplier_code=00100323&order_time=2023-05-28 HTTP/1.1" 200 413
116.237.77.151 - - [29/May/2023:11:57:08 +0800] "GET /xingrg/check_reg.html?_=1685332630256 HTTP/1.1" 200 22
116.237.77.151 - - [29/May/2023:11:57:08 +0800] "GET /xingrg/all/function/internal_message.html?_=1685332630258&CODE_STATE=getMsg HTTP/1.1" 200 27
180.164.3.199 - - [29/May/2023:11:57:09 +0800] "GET /xingrg/all/function/internal_message.html?_=1685332628585&CODE_STATE=getMsg HTTP/1.1" 200 27
114.85.36.120 - - [29/May/2023:11:57:10 +0800] "GET /xingrg/kc/buy/cgsh_order_operate.html?command=get_materiel&rest_code=00143&code=00101009006&supplier_code=00100207&order_time=2023-05-29 HTTP/1.1" 200 410
116.237.77.151 - - [29/May/2023:11:57:10 +0800] "GET /xingrg/kc/buy/cgsh_order_operate.html?command=get_materiel&rest_code=00106&code=00101009016&supplier_code=00100022&order_time=2023-05-29 HTTP/1.1" 200 414
180.169.147.146 - - [29/May/2023:11:57:15 +0800] "GET /xingrg/kc/base/wldb_order_list.html HTTP/1.1" 200 19359
180.169.147.146 - - [29/May/2023:11:57:15 +0800] "GET /xingrg/javascript/easyui/themes/default/easyui.css HTTP/1.1" 200 30432
180.169.147.146 - - [29/May/2023:11:57:15 +0800] "GET /xingrg/javascript/jquery_tools/table.css HTTP/1.1" 200 1032
180.169.147.146 - - [29/May/2023:11:57:15 +0800] "GET /xingrg/javascript/jquery_tools/jquery.tools.table.js HTTP/1.1" 200 6994
180.169.147.146 - - [29/May/2023:11:57:15 +0800] "GET /xingrg/javascript/easyui/themes/icons/edit_add_new.png HTTP/1.1" 200 2997
180.169.147.146 - - [29/May/2023:11:57:15 +0800] "GET /xingrg/javascript/easyui/themes/icons/cance_new.png HTTP/1.1" 200 3986
180.169.147.146 - - [29/May/2023:11:57:15 +0800] "GET /xingrg/javascript/easyui/themes/icons/check_new.png HTTP/1.1" 200 3224
180.169.147.146 - - [29/May/2023:11:57:15 +0800] "GET /xingrg/javascript/easyui/themes/icons/uncheck_new.png HTTP/1.1" 200 3197
180.169.147.146 - - [29/May/2023:11:57:16 +0800] "POST /xingrg/kc/base/wldb_list_operate.html HTTP/1.1" 200 928
120.253.135.82 - - [29/May/2023:11:57:16 +0800] "GET /xingrg/all/function/internal_message.html?_=1685332472376&CODE_STATE=getMsg HTTP/1.1" 200 27
116.232.195.127 - - [29/May/2023:11:57:20 +0800] "GET /xingrg/all/function/internal_message.html?_=1685332667726&CODE_STATE=getMsg HTTP/1.1" 200 27
180.169.147.146 - - [29/May/2023:11:57:20 +0800] "GET /xingrg/all/function/internal_message.html?_=1685332639650&CODE_STATE=getMsg HTTP/1.1" 200 27
180.169.147.146 - - [29/May/2023:11:57:24 +0800] "GET /xingrg/javascript/easyui/themes/default/images/button_plain_hover.png HTTP/1.1" 200 144
180.169.147.146 - - [29/May/2023:11:57:24 +0800] "GET /xingrg/kc/base/wldb_order_add.html HTTP/1.1" 200 30387
180.169.147.146 - - [29/May/2023:11:57:24 +0800] "GET /xingrg/javascript/jquery_tools/order_manager.js HTTP/1.1" 200 11183
180.169.147.146 - - [29/May/2023:11:57:24 +0800] "GET /xingrg/javascript/print/kc_print.js HTTP/1.1" 200 11415
180.169.147.146 - - [29/May/2023:11:57:24 +0800] "GET /xingrg/words/20230528204915_words.js HTTP/1.1" 200 966163
180.169.147.146 - - [29/May/2023:11:57:25 +0800] "GET /xingrg/javascript/easyui/themes/icons/template_new.png HTTP/1.1" 200 3956
180.169.147.146 - - [29/May/2023:11:57:25 +0800] "GET /xingrg/javascript/easyui/themes/icons/print.png HTTP/1.1" 200 1057
180.169.147.146 - - [29/May/2023:11:57:25 +0800] "GET /xingrg/javascript/easyui/themes/default/images/menu_downarrow.png HTTP/1.1" 200 173
180.169.147.146 - - [29/May/2023:11:57:25 +0800] "GET /xingrg/javascript/easyui/themes/icons/ok.png HTTP/1.1" 200 883
180.169.147.146 - - [29/May/2023:11:57:25 +0800] "GET /xingrg/javascript/easyui/themes/icons/cancel.png HTTP/1.1" 200 1133
180.169.147.146 - - [29/May/2023:11:57:25 +0800] "POST /xingrg/kc/base/wldb_order_operate.html HTTP/1.1" 200 6806
180.169.147.146 - - [29/May/2023:11:57:25 +0800] "GET /xingrg/javascript/easyui/themes/default/validatebox.css HTTP/1.1" 404 1104
180.169.147.146 - - [29/May/2023:11:57:25 +0800] "GET /xingrg/javascript/easyui/plugins/jquery.validatebox.js HTTP/1.1" 200 6103
180.169.147.146 - - [29/May/2023:11:57:25 +0800] "GET /xingrg/javascript/easyui/plugins/jquery.numberbox.js HTTP/1.1" 200 5213
180.169.147.146 - - [29/May/2023:11:57:25 +0800] "GET /xingrg/javascript/easyui/themes/icons/edit_remove.png HTTP/1.1" 200 625
124.79.74.67 - - [29/May/2023:11:57:26 +0800] "GET /xingrg/kc/buy/cgsh_order_operate.html?command=get_materiel&rest_code=00156&code=00101007122&supplier_code=00100323&order_time=2023-05-28 HTTP/1.1" 200 435
116.237.77.151 - - [29/May/2023:11:57:26 +0800] "GET /xingrg/kc/buy/cgsh_order_operate.html?command=get_materiel&rest_code=00106&code=00101009004&supplier_code=00100022&order_time=2023-05-29 HTTP/1.1" 200 409
180.169.147.146 - - [29/May/2023:11:57:27 +0800] "GET /xingrg/javascript/auto/indicator.gif HTTP/1.1" 404 1066
222.70.180.90 - - [29/May/2023:11:57:28 +0800] "GET /xingrg/all/function/internal_message.html?_=1685332648039&CODE_STATE=getMsg HTTP/1.1" 200 27
222.70.180.90 - - [29/May/2023:11:57:29 +0800] "GET /xingrg/check_reg.html?_=1685332649352 HTTP/1.1" 200 22
180.169.147.146 - - [29/May/2023:11:57:31 +0800] "GET /xingrg/kc/base/wldb_order_operate.html?command=get_materiel&rest_code=00146&base_code=&code=00101023017 HTTP/1.1" 200 450
222.67.234.146 - - [29/May/2023:11:57:34 +0800] "GET /xingrg/all/function/internal_message.html?_=1685332162944&CODE_STATE=getMsg HTTP/1.1" 200 27
124.79.74.67 - - [29/May/2023:11:57:36 +0800] "GET /xingrg/kc/buy/cgsh_order_operate.html?command=get_materiel&rest_code=00156&code=00101006343&supplier_code=00100323&order_time=2023-05-28 HTTP/1.1" 200 421
58.40.7.146 - - [29/May/2023:11:57:40 +0800] "GET /xingrg/all/function/internal_message.html?_=1685332660876&CODE_STATE=getMsg HTTP/1.1" 200 27
114.85.113.108 - - [29/May/2023:11:57:44 +0800] "GET /xingrg/all/function/internal_message.html?_=1685332637042&CODE_STATE=getMsg HTTP/1.1" 200 27
172.20.0.100 - - [29/May/2023:11:57:45 +0800] "GET /xingrg/all/function/internal_message.html?_=1685332664553&CODE_STATE=getMsg HTTP/1.1" 302 -
114.83.218.148 - - [29/May/2023:11:57:45 +0800] "GET /xingrg/check_reg.html?_=1685332664931 HTTP/1.1" 200 22
101.83.145.52 - - [29/May/2023:11:57:46 +0800] "GET /xingrg/all/function/internal_message.html?_=1685332497706&CODE_STATE=getMsg HTTP/1.1" 200 27
124.79.74.67 - - [29/May/2023:11:57:46 +0800] "GET /xingrg/kc/buy/cgsh_order_operate.html?command=get_materiel&rest_code=00156&code=00101010218&supplier_code=00100323&order_time=2023-05-28 HTTP/1.1" 200 418
114.83.218.148 - - [29/May/2023:11:57:47 +0800] "GET /xingrg/all/function/internal_message.html?_=1685332666606&CODE_STATE=getMsg HTTP/1.1" 200 27
218.81.217.41 - - [29/May/2023:11:57:50 +0800] "GET /xingrg/all/function/internal_message.html?_=1685332671912&CODE_STATE=getMsg HTTP/1.1" 200 27
124.79.74.67 - - [29/May/2023:11:57:50 +0800] "GET /xingrg/all/function/internal_message.html?_=1685332670675&CODE_STATE=getMsg HTTP/1.1" 200 27
114.85.36.120 - - [29/May/2023:11:57:52 +0800] "GET /xingrg/all/function/internal_message.html?_=1685331487759&CODE_STATE=getMsg HTTP/1.1" 200 27
116.237.77.151 - - [29/May/2023:11:57:52 +0800] "GET /xingrg/kc/buy/cgsh_order_operate.html?command=get_materiel&rest_code=00106&code=00101009140&supplier_code=00100022&order_time=2023-05-29 HTTP/1.1" 200 412
101.229.22.40 - - [29/May/2023:11:57:53 +0800] "GET /xingrg/all/function/internal_message.html?_=1685332673493&CODE_STATE=getMsg HTTP/1.1" 200 27
180.169.147.146 - - [29/May/2023:11:57:54 +0800] "GET /xingrg/kc/base/wldb_order_operate.html?command=get_materiel&rest_code=00146&base_code=&code=00101034085 HTTP/1.1" 200 458
114.85.36.120 - - [29/May/2023:11:57:55 +0800] "GET /xingrg/kc/buy/cgsh_order_operate.html?command=get_materiel&rest_code=00143&code=00101006252&supplier_code=00100207&order_time=2023-05-29 HTTP/1.1" 200 409
124.79.74.67 - - [29/May/2023:11:57:55 +0800] "GET /xingrg/kc/buy/cgsh_order_operate.html?command=get_materiel&rest_code=00156&code=00101010668&supplier_code=00100323&order_time=2023-05-28 HTTP/1.1" 200 424
116.238.139.35 - - [29/May/2023:11:57:57 +0800] "GET /xingrg/all/function/internal_message.html?_=1685332677340&CODE_STATE=getMsg HTTP/1.1" 200 27
172.20.0.100 - - [29/May/2023:11:57:58 +0800] "GET /xingrg/all/function/internal_message.html?_=1685332679686&CODE_STATE=getMsg HTTP/1.1" 200 27
222.69.128.166 - - [29/May/2023:11:58:03 +0800] "GET /xingrg/check_reg.html?_=1685332783118 HTTP/1.1" 200 22
222.69.128.166 - - [29/May/2023:11:58:03 +0800] "GET /xingrg/all/function/internal_message.html?_=1685332783121&CODE_STATE=getMsg HTTP/1.1" 200 27
116.237.77.151 - - [29/May/2023:11:58:08 +0800] "GET /xingrg/all/function/internal_message.html?_=1685332690257&CODE_STATE=getMsg HTTP/1.1" 200 27
180.164.3.199 - - [29/May/2023:11:58:09 +0800] "GET /xingrg/all/function/internal_message.html?_=1685332688575&CODE_STATE=getMsg HTTP/1.1" 200 27
116.237.77.151 - - [29/May/2023:11:58:12 +0800] "POST /xingrg/kc/buy/cgsh_order_operate.html HTTP/1.1" 200 37
124.79.74.67 - - [29/May/2023:11:58:12 +0800] "POST /xingrg/kc/buy/cgsh_order_operate.html HTTP/1.1" 200 64
116.237.77.151 - - [29/May/2023:11:58:14 +0800] "POST /xingrg/kc/buy/cgsh_order_operate.html HTTP/1.1" 200 5026
120.253.135.82 - - [29/May/2023:11:58:15 +0800] "GET /xingrg/check_reg.html?_=1685332531303 HTTP/1.1" 200 22
120.253.135.82 - - [29/May/2023:11:58:16 +0800] "GET /xingrg/all/function/internal_message.html?_=1685332532390&CODE_STATE=getMsg HTTP/1.1" 200 27
124.79.74.67 - - [29/May/2023:11:58:19 +0800] "POST /xingrg/kc/buy/cgsh_order_operate.html HTTP/1.1" 200 37
116.232.195.127 - - [29/May/2023:11:58:20 +0800] "GET /xingrg/all/function/internal_message.html?_=1685332727702&CODE_STATE=getMsg HTTP/1.1" 200 27
180.169.147.146 - - [29/May/2023:11:58:20 +0800] "GET /xingrg/all/function/internal_message.html?_=1685332699629&CODE_STATE=getMsg HTTP/1.1" 200 27
124.79.74.67 - - [29/May/2023:11:58:21 +0800] "POST /xingrg/kc/buy/cgsh_order_operate.html HTTP/1.1" 200 3876
124.79.74.67 - - [29/May/2023:11:58:21 +0800] "GET /xingrg/kc/print/load_config.html?kc_code=cgsh HTTP/1.1" 200 1924
124.79.74.67 - - [29/May/2023:11:58:22 +0800] "GET /xingrg/kc/print/load_data.html?order_code=212023052911036&kc_code=cgsh&condition= HTTP/1.1" 200 1168
124.79.74.67 - - [29/May/2023:11:58:27 +0800] "GET /xingrg/kc/buy/cgsh_order_add.html HTTP/1.1" 200 71533
124.79.74.67 - - [29/May/2023:11:58:28 +0800] "POST /xingrg/kc/buy/cgsh_order_operate.html HTTP/1.1" 200 8245
124.79.74.67 - - [29/May/2023:11:58:28 +0800] "GET /xingrg/javascript/easyui/themes/default/validatebox.css HTTP/1.1" 404 1104
124.79.74.67 - - [29/May/2023:11:58:28 +0800] "GET /xingrg/all/common/auto_word.html?type=employee&rest_code=00156 HTTP/1.1" 200 97
124.79.74.67 - - [29/May/2023:11:58:28 +0800] "GET /xingrg/all/common/auto_word.html?type=employee&rest_code=00156 HTTP/1.1" 200 97
222.70.180.90 - - [29/May/2023:11:58:28 +0800] "GET /xingrg/all/function/internal_message.html?_=1685332708011&CODE_STATE=getMsg HTTP/1.1" 200 27
124.79.74.67 - - [29/May/2023:11:58:38 +0800] "GET /xingrg/kc/buy/cgsh_order_operate.html?command=get_materiel&rest_code=00156&code=00101012119&supplier_code=00100581&order_time=2023-05-28 HTTP/1.1" 200 416
58.40.7.146 - - [29/May/2023:11:58:40 +0800] "GET /xingrg/all/function/internal_message.html?_=1685332720879&CODE_STATE=getMsg HTTP/1.1" 200 27
114.85.113.108 - - [29/May/2023:11:58:44 +0800] "GET /xingrg/all/function/internal_message.html?_=1685332697046&CODE_STATE=getMsg HTTP/1.1" 200 27
114.85.113.108 - - [29/May/2023:11:58:44 +0800] "GET /xingrg/check_reg.html?_=1685332697042 HTTP/1.1" 200 22
172.20.0.100 - - [29/May/2023:11:58:45 +0800] "GET /xingrg/all/function/internal_message.html?_=1685332724555&CODE_STATE=getMsg HTTP/1.1" 302 -
