116.232.195.127 - - [29/May/2023:12:43:14 +0800] "GET /xingrg/all/function/internal_message.html?_=1685335394674&CODE_STATE=getMsg HTTP/1.1" 200 27
120.253.135.82 - - [29/May/2023:12:43:15 +0800] "GET /xingrg/check_reg.html?_=1685335231355 HTTP/1.1" 200 22
120.253.135.82 - - [29/May/2023:12:43:17 +0800] "GET /xingrg/all/function/internal_message.html?_=1685335233002&CODE_STATE=getMsg HTTP/1.1" 200 27
116.232.195.127 - - [29/May/2023:12:43:19 +0800] "GET /xingrg/all/function/internal_message.html?_=1685335426911&CODE_STATE=getMsg HTTP/1.1" 200 27
180.169.147.146 - - [29/May/2023:12:43:20 +0800] "GET /xingrg/all/function/internal_message.html?_=1685335399582&CODE_STATE=getMsg HTTP/1.1" 302 -
114.85.36.120 - - [29/May/2023:12:43:23 +0800] "POST /xingrg/kc/buy/cgsh_order_operate.html HTTP/1.1" 200 37
114.85.36.120 - - [29/May/2023:12:43:26 +0800] "POST /xingrg/kc/buy/cgsh_order_operate.html HTTP/1.1" 200 13383
222.70.180.90 - - [29/May/2023:12:43:27 +0800] "GET /xingrg/all/function/internal_message.html?_=1685335407261&CODE_STATE=getMsg HTTP/1.1" 200 27
222.70.110.223 - - [29/May/2023:12:43:31 +0800] "POST /xingrg/services/DataTransmitService HTTP/1.1" 200 524
222.70.110.223 - - [29/May/2023:12:43:32 +0800] "POST /xingrg/services/DataTransmitService HTTP/1.1" 200 501
222.70.110.223 - - [29/May/2023:12:43:33 +0800] "POST /xingrg/services/DataTransmitService HTTP/1.1" 200 501
222.70.110.223 - - [29/May/2023:12:43:33 +0800] "POST /xingrg/services/DataTransmitService HTTP/1.1" 200 501
222.70.110.223 - - [29/May/2023:12:43:33 +0800] "POST /xingrg/services/DataTransmitService HTTP/1.1" 200 501
222.70.110.223 - - [29/May/2023:12:43:34 +0800] "POST /xingrg/services/DataTransmitService HTTP/1.1" 200 501
222.70.110.223 - - [29/May/2023:12:43:34 +0800] "POST /xingrg/services/DataTransmitService HTTP/1.1" 200 501
114.85.36.120 - - [29/May/2023:12:43:35 +0800] "POST /xingrg/kc/buy/cgsh_list_operate.html HTTP/1.1" 200 2749
222.70.110.223 - - [29/May/2023:12:43:35 +0800] "POST /xingrg/services/DataTransmitService HTTP/1.1" 200 501
222.70.110.223 - - [29/May/2023:12:43:35 +0800] "POST /xingrg/services/DataTransmitService HTTP/1.1" 200 412
58.40.7.146 - - [29/May/2023:12:43:40 +0800] "GET /xingrg/all/function/internal_message.html?_=1685335420894&CODE_STATE=getMsg HTTP/1.1" 200 27
101.83.145.52 - - [29/May/2023:12:43:45 +0800] "GET /xingrg/all/function/internal_message.html?_=1685335257036&CODE_STATE=getMsg HTTP/1.1" 200 27
124.79.246.33 - - [29/May/2023:12:43:46 +0800] "GET /xingrg/all/function/internal_message.html?_=1685335707317&CODE_STATE=getMsg HTTP/1.1" 200 27
114.85.36.120 - - [29/May/2023:12:43:52 +0800] "GET /xingrg/all/function/internal_message.html?_=1685334247806&CODE_STATE=getMsg HTTP/1.1" 200 27
101.229.22.40 - - [29/May/2023:12:43:53 +0800] "GET /xingrg/all/function/internal_message.html?_=1685335433574&CODE_STATE=getMsg HTTP/1.1" 200 27
222.67.234.146 - - [29/May/2023:12:43:56 +0800] "GET /xingrg/kc/buy/cgsh_order_add.html HTTP/1.1" 200 71454
222.67.234.146 - - [29/May/2023:12:43:56 +0800] "POST /xingrg/kc/buy/cgsh_order_operate.html HTTP/1.1" 200 8245
222.67.234.146 - - [29/May/2023:12:43:56 +0800] "GET /xingrg/javascript/easyui/themes/default/validatebox.css HTTP/1.1" 404 1104
116.238.139.35 - - [29/May/2023:12:43:57 +0800] "GET /xingrg/all/function/internal_message.html?_=1685335437381&CODE_STATE=getMsg HTTP/1.1" 200 27
116.238.139.35 - - [29/May/2023:12:43:57 +0800] "GET /xingrg/check_reg.html?_=1685335437382 HTTP/1.1" 200 22
172.20.0.100 - - [29/May/2023:12:43:58 +0800] "GET /xingrg/all/function/internal_message.html?_=1685335439741&CODE_STATE=getMsg HTTP/1.1" 200 27
180.169.147.146 - - [29/May/2023:12:43:58 +0800] "GET /xingrg/all/function/internal_message.html?_=1685335433750&CODE_STATE=getMsg HTTP/1.1" 200 27
218.81.217.41 - - [29/May/2023:12:44:00 +0800] "GET /xingrg/all/function/internal_message.html?_=1685335442686&CODE_STATE=getMsg HTTP/1.1" 200 27
222.69.128.166 - - [29/May/2023:12:44:03 +0800] "GET /xingrg/all/function/internal_message.html?_=1685335543102&CODE_STATE=getMsg HTTP/1.1" 200 27
120.253.135.82 - - [29/May/2023:12:44:06 +0800] "GET /xingrg/all/function/internal_message.html?_=1685335586436&CODE_STATE=getMsg HTTP/1.1" 200 27
180.164.3.199 - - [29/May/2023:12:44:09 +0800] "GET /xingrg/all/function/internal_message.html?_=1685335448586&CODE_STATE=getMsg HTTP/1.1" 200 27
114.85.113.108 - - [29/May/2023:12:44:09 +0800] "GET /xingrg/all/function/internal_message.html?_=1685335422185&CODE_STATE=getMsg HTTP/1.1" 200 27
218.81.217.41 - - [29/May/2023:12:44:12 +0800] "GET /xingrg/check_reg.html?_=1685335454831 HTTP/1.1" 200 22
124.79.74.67 - - [29/May/2023:12:44:14 +0800] "GET /xingrg/all/function/internal_message.html?_=1685335454653&CODE_STATE=getMsg HTTP/1.1" 200 27
116.232.195.127 - - [29/May/2023:12:44:14 +0800] "GET /xingrg/all/function/internal_message.html?_=1685335454697&CODE_STATE=getMsg HTTP/1.1" 200 27
120.253.135.82 - - [29/May/2023:12:44:17 +0800] "GET /xingrg/all/function/internal_message.html?_=1685335293015&CODE_STATE=getMsg HTTP/1.1" 200 27
116.232.195.127 - - [29/May/2023:12:44:19 +0800] "GET /xingrg/all/function/internal_message.html?_=1685335486889&CODE_STATE=getMsg HTTP/1.1" 200 27
180.169.147.146 - - [29/May/2023:12:44:20 +0800] "GET /xingrg/all/function/internal_message.html?_=1685335459604&CODE_STATE=getMsg HTTP/1.1" 302 -
116.232.195.127 - - [29/May/2023:12:44:20 +0800] "GET /xingrg/check_reg.html?_=1685335488306 HTTP/1.1" 200 22
222.67.234.146 - - [29/May/2023:12:44:24 +0800] "GET /xingrg/kc/buy/cgsh_order_operate.html?command=get_materiel&rest_code=00141&code=00102035288&supplier_code=00100460&order_time=2023-05-29 HTTP/1.1" 200 399
222.70.180.90 - - [29/May/2023:12:44:27 +0800] "GET /xingrg/all/function/internal_message.html?_=1685335467246&CODE_STATE=getMsg HTTP/1.1" 200 27
101.229.22.40 - - [29/May/2023:12:44:36 +0800] "POST /xingrg/kc/buy/cgsh_list_operate.html HTTP/1.1" 200 2738
58.40.7.146 - - [29/May/2023:12:44:40 +0800] "GET /xingrg/all/function/internal_message.html?_=1685335480896&CODE_STATE=getMsg HTTP/1.1" 200 27
101.83.145.52 - - [29/May/2023:12:44:45 +0800] "GET /xingrg/all/function/internal_message.html?_=1685335317024&CODE_STATE=getMsg HTTP/1.1" 200 27
101.229.22.40 - - [29/May/2023:12:44:46 +0800] "POST /xingrg/kc/buy/cgsh_list_operate.html HTTP/1.1" 200 618
124.79.246.33 - - [29/May/2023:12:44:46 +0800] "GET /xingrg/check_reg.html?_=1685335767316 HTTP/1.1" 200 22
124.79.246.33 - - [29/May/2023:12:44:46 +0800] "GET /xingrg/all/function/internal_message.html?_=1685335767317&CODE_STATE=getMsg HTTP/1.1" 200 27
101.229.22.40 - - [29/May/2023:12:44:48 +0800] "GET /xingrg/kc/buy/cgsh_order_info.html?code=212023052810556 HTTP/1.1" 200 70576
101.229.22.40 - - [29/May/2023:12:44:48 +0800] "GET /xingrg/javascript/easyui/themes/default/validatebox.css HTTP/1.1" 404 1104
101.229.22.40 - - [29/May/2023:12:44:49 +0800] "POST /xingrg/kc/buy/cgsh_order_operate.html HTTP/1.1" 200 5685
114.85.36.120 - - [29/May/2023:12:44:52 +0800] "GET /xingrg/all/function/internal_message.html?_=1685334307814&CODE_STATE=getMsg HTTP/1.1" 200 27
101.229.22.40 - - [29/May/2023:12:44:53 +0800] "GET /xingrg/all/function/internal_message.html?_=1685335493647&CODE_STATE=getMsg HTTP/1.1" 200 27
116.238.139.35 - - [29/May/2023:12:44:57 +0800] "GET /xingrg/all/function/internal_message.html?_=1685335497383&CODE_STATE=getMsg HTTP/1.1" 200 27
172.20.0.100 - - [29/May/2023:12:44:58 +0800] "GET /xingrg/all/function/internal_message.html?_=1685335499739&CODE_STATE=getMsg HTTP/1.1" 200 27
180.169.147.146 - - [29/May/2023:12:44:58 +0800] "GET /xingrg/all/function/internal_message.html?_=1685335493748&CODE_STATE=getMsg HTTP/1.1" 200 27
218.81.217.41 - - [29/May/2023:12:45:00 +0800] "GET /xingrg/all/function/internal_message.html?_=1685335502690&CODE_STATE=getMsg HTTP/1.1" 200 27
222.67.234.146 - - [29/May/2023:12:45:00 +0800] "GET /xingrg/kc/buy/cgsh_order_operate.html?command=get_materiel&rest_code=00141&code=00102035343&supplier_code=00100460&order_time=2023-05-29 HTTP/1.1" 200 413
101.229.22.40 - - [29/May/2023:12:45:01 +0800] "GET /xingrg/kc/buy/cgsh_order_operate.html?command=get_materiel&rest_code=00142&code=00102002821&supplier_code=00100386&order_time=2023-05-28 HTTP/1.1" 200 424
222.69.128.166 - - [29/May/2023:12:45:03 +0800] "GET /xingrg/all/function/internal_message.html?_=1685335603104&CODE_STATE=getMsg HTTP/1.1" 200 27
120.253.135.82 - - [29/May/2023:12:45:06 +0800] "GET /xingrg/all/function/internal_message.html?_=1685335646440&CODE_STATE=getMsg HTTP/1.1" 200 27
180.164.3.199 - - [29/May/2023:12:45:09 +0800] "GET /xingrg/all/function/internal_message.html?_=1685335508573&CODE_STATE=getMsg HTTP/1.1" 200 27
114.85.113.108 - - [29/May/2023:12:45:09 +0800] "GET /xingrg/all/function/internal_message.html?_=1685335482170&CODE_STATE=getMsg HTTP/1.1" 200 27
124.79.74.67 - - [29/May/2023:12:45:14 +0800] "GET /xingrg/all/function/internal_message.html?_=1685335514658&CODE_STATE=getMsg HTTP/1.1" 200 27
116.232.195.127 - - [29/May/2023:12:45:14 +0800] "GET /xingrg/check_reg.html?_=1685335514661 HTTP/1.1" 200 22
116.232.195.127 - - [29/May/2023:12:45:14 +0800] "GET /xingrg/all/function/internal_message.html?_=1685335514686&CODE_STATE=getMsg HTTP/1.1" 200 27
120.253.135.82 - - [29/May/2023:12:45:17 +0800] "GET /xingrg/all/function/internal_message.html?_=1685335353029&CODE_STATE=getMsg HTTP/1.1" 200 27
116.232.195.127 - - [29/May/2023:12:45:19 +0800] "GET /xingrg/all/function/internal_message.html?_=1685335546871&CODE_STATE=getMsg HTTP/1.1" 200 27
180.169.147.146 - - [29/May/2023:12:45:20 +0800] "GET /xingrg/check_reg.html?_=1685335519602 HTTP/1.1" 302 -
180.169.147.146 - - [29/May/2023:12:45:20 +0800] "GET /xingrg/all/function/internal_message.html?_=1685335519607&CODE_STATE=getMsg HTTP/1.1" 302 -
222.70.180.90 - - [29/May/2023:12:45:27 +0800] "GET /xingrg/all/function/internal_message.html?_=1685335527231&CODE_STATE=getMsg HTTP/1.1" 200 27
101.229.22.40 - - [29/May/2023:12:45:28 +0800] "POST /xingrg/kc/buy/cgsh_order_operate.html HTTP/1.1" 200 37
101.229.22.40 - - [29/May/2023:12:45:32 +0800] "POST /xingrg/kc/buy/cgsh_order_operate.html HTTP/1.1" 200 6289
58.40.7.146 - - [29/May/2023:12:45:40 +0800] "GET /xingrg/all/function/internal_message.html?_=1685335540898&CODE_STATE=getMsg HTTP/1.1" 200 27
222.67.234.146 - - [29/May/2023:12:45:43 +0800] "GET /xingrg/kc/buy/cgsh_order_operate.html?command=get_materiel&rest_code=00141&code=00102006459&supplier_code=00100460&order_time=2023-05-29 HTTP/1.1" 200 421
101.229.22.40 - - [29/May/2023:12:45:44 +0800] "POST /xingrg/kc/buy/cgsh_list_operate.html HTTP/1.1" 200 2739
101.83.145.52 - - [29/May/2023:12:45:45 +0800] "GET /xingrg/all/function/internal_message.html?_=1685335377012&CODE_STATE=getMsg HTTP/1.1" 200 27
124.79.246.33 - - [29/May/2023:12:45:46 +0800] "GET /xingrg/all/function/internal_message.html?_=1685335827315&CODE_STATE=getMsg HTTP/1.1" 200 27
114.85.36.120 - - [29/May/2023:12:45:52 +0800] "GET /xingrg/all/function/internal_message.html?_=1685334367817&CODE_STATE=getMsg HTTP/1.1" 200 27
101.229.22.40 - - [29/May/2023:12:45:53 +0800] "GET /xingrg/all/function/internal_message.html?_=1685335553581&CODE_STATE=getMsg HTTP/1.1" 200 27
116.238.139.35 - - [29/May/2023:12:45:57 +0800] "GET /xingrg/all/function/internal_message.html?_=1685335557382&CODE_STATE=getMsg HTTP/1.1" 200 27
172.20.0.100 - - [29/May/2023:12:45:58 +0800] "GET /xingrg/all/function/internal_message.html?_=1685335559738&CODE_STATE=getMsg HTTP/1.1" 200 27
180.169.147.146 - - [29/May/2023:12:45:58 +0800] "GET /xingrg/check_reg.html?_=1685335553746 HTTP/1.1" 200 22
180.169.147.146 - - [29/May/2023:12:45:58 +0800] "GET /xingrg/all/function/internal_message.html?_=1685335553747&CODE_STATE=getMsg HTTP/1.1" 200 27
222.67.234.146 - - [29/May/2023:12:45:59 +0800] "GET /xingrg/kc/buy/cgsh_order_operate.html?command=get_materiel&rest_code=00141&code=00102035219&supplier_code=00100460&order_time=2023-05-29 HTTP/1.1" 200 426
218.81.217.41 - - [29/May/2023:12:46:00 +0800] "GET /xingrg/all/function/internal_message.html?_=1685335562705&CODE_STATE=getMsg HTTP/1.1" 200 27
222.69.128.166 - - [29/May/2023:12:46:03 +0800] "GET /xingrg/all/function/internal_message.html?_=1685335663114&CODE_STATE=getMsg HTTP/1.1" 200 27
120.253.135.82 - - [29/May/2023:12:46:06 +0800] "GET /xingrg/all/function/internal_message.html?_=1685335706444&CODE_STATE=getMsg HTTP/1.1" 200 27
180.164.3.199 - - [29/May/2023:12:46:09 +0800] "GET /xingrg/all/function/internal_message.html?_=1685335568581&CODE_STATE=getMsg HTTP/1.1" 200 27
180.164.3.199 - - [29/May/2023:12:46:09 +0800] "GET /xingrg/check_reg.html?_=1685335568584 HTTP/1.1" 200 22
114.85.113.108 - - [29/May/2023:12:46:09 +0800] "GET /xingrg/all/function/internal_message.html?_=1685335542159&CODE_STATE=getMsg HTTP/1.1" 200 27
124.79.74.67 - - [29/May/2023:12:46:14 +0800] "GET /xingrg/all/function/internal_message.html?_=1685335574657&CODE_STATE=getMsg HTTP/1.1" 200 27
124.79.74.67 - - [29/May/2023:12:46:14 +0800] "GET /xingrg/check_reg.html?_=1685335574648 HTTP/1.1" 200 22
116.232.195.127 - - [29/May/2023:12:46:14 +0800] "GET /xingrg/all/function/internal_message.html?_=1685335574663&CODE_STATE=getMsg HTTP/1.1" 200 27
120.253.135.82 - - [29/May/2023:12:46:17 +0800] "GET /xingrg/all/function/internal_message.html?_=1685335413048&CODE_STATE=getMsg HTTP/1.1" 200 27
116.232.195.127 - - [29/May/2023:12:46:19 +0800] "GET /xingrg/all/function/internal_message.html?_=1685335606861&CODE_STATE=getMsg HTTP/1.1" 200 27
180.169.147.146 - - [29/May/2023:12:46:20 +0800] "GET /xingrg/all/function/internal_message.html?_=1685335579607&CODE_STATE=getMsg HTTP/1.1" 302 -
222.67.234.146 - - [29/May/2023:12:46:21 +0800] "GET /xingrg/check_reg.html?_=1685335089518 HTTP/1.1" 200 22
222.70.180.90 - - [29/May/2023:12:46:27 +0800] "GET /xingrg/all/function/internal_message.html?_=1685335587215&CODE_STATE=getMsg HTTP/1.1" 200 27
58.40.7.146 - - [29/May/2023:12:46:40 +0800] "GET /xingrg/all/function/internal_message.html?_=1685335600902&CODE_STATE=getMsg HTTP/1.1" 200 27
58.40.7.146 - - [29/May/2023:12:46:40 +0800] "GET /xingrg/check_reg.html?_=1685335600903 HTTP/1.1" 200 22
101.83.145.52 - - [29/May/2023:12:46:45 +0800] "GET /xingrg/all/function/internal_message.html?_=1685335437005&CODE_STATE=getMsg HTTP/1.1" 200 27
101.83.145.52 - - [29/May/2023:12:46:46 +0800] "GET /xingrg/check_reg.html?_=1685335437701 HTTP/1.1" 200 22
124.79.246.33 - - [29/May/2023:12:46:46 +0800] "GET /xingrg/all/function/internal_message.html?_=1685335887313&CODE_STATE=getMsg HTTP/1.1" 200 27
114.85.36.120 - - [29/May/2023:12:46:52 +0800] "GET /xingrg/check_reg.html?_=1685334427813 HTTP/1.1" 200 22
114.85.36.120 - - [29/May/2023:12:46:52 +0800] "GET /xingrg/all/function/internal_message.html?_=1685334427815&CODE_STATE=getMsg HTTP/1.1" 200 27
101.229.22.40 - - [29/May/2023:12:46:53 +0800] "GET /xingrg/check_reg.html?_=1685335613588 HTTP/1.1" 200 22
101.229.22.40 - - [29/May/2023:12:46:53 +0800] "GET /xingrg/all/function/internal_message.html?_=1685335613582&CODE_STATE=getMsg HTTP/1.1" 200 27
116.238.139.35 - - [29/May/2023:12:46:57 +0800] "GET /xingrg/all/function/internal_message.html?_=1685335617382&CODE_STATE=getMsg HTTP/1.1" 200 27
222.67.234.146 - - [29/May/2023:12:46:58 +0800] "POST /xingrg/kc/buy/cgsh_order_operate.html HTTP/1.1" 200 37
172.20.0.100 - - [29/May/2023:12:46:58 +0800] "GET /xingrg/check_reg.html?_=1685335619736 HTTP/1.1" 200 22
172.20.0.100 - - [29/May/2023:12:46:58 +0800] "GET /xingrg/all/function/internal_message.html?_=1685335619738&CODE_STATE=getMsg HTTP/1.1" 200 27
180.169.147.146 - - [29/May/2023:12:46:58 +0800] "GET /xingrg/all/function/internal_message.html?_=1685335613745&CODE_STATE=getMsg HTTP/1.1" 200 27
218.81.217.41 - - [29/May/2023:12:47:01 +0800] "GET /xingrg/all/function/internal_message.html?_=1685335623169&CODE_STATE=getMsg HTTP/1.1" 200 27
222.69.128.166 - - [29/May/2023:12:47:03 +0800] "GET /xingrg/all/function/internal_message.html?_=1685335723109&CODE_STATE=getMsg HTTP/1.1" 200 27
222.67.234.146 - - [29/May/2023:12:47:04 +0800] "POST /xingrg/kc/buy/cgsh_order_operate.html HTTP/1.1" 200 12
120.253.135.82 - - [29/May/2023:12:47:06 +0800] "GET /xingrg/all/function/internal_message.html?_=1685335766450&CODE_STATE=getMsg HTTP/1.1" 200 27
222.67.234.146 - - [29/May/2023:12:47:07 +0800] "GET /xingrg/kc/buy/cgsh_order_info.html?code=212023052911056 HTTP/1.1" 200 66361
222.67.234.146 - - [29/May/2023:12:47:07 +0800] "GET /xingrg/javascript/easyui/themes/default/validatebox.css HTTP/1.1" 404 1104
222.67.234.146 - - [29/May/2023:12:47:08 +0800] "POST /xingrg/kc/buy/cgsh_order_operate.html HTTP/1.1" 200 2423
180.164.3.199 - - [29/May/2023:12:47:09 +0800] "GET /xingrg/all/function/internal_message.html?_=1685335628571&CODE_STATE=getMsg HTTP/1.1" 200 27
114.85.113.108 - - [29/May/2023:12:47:09 +0800] "GET /xingrg/all/function/internal_message.html?_=1685335602145&CODE_STATE=getMsg HTTP/1.1" 200 27
222.67.234.146 - - [29/May/2023:12:47:13 +0800] "GET /xingrg/kc/print/load_data.html?order_code=212023052911056&kc_code=cgsh&condition= HTTP/1.1" 200 1412
124.79.74.67 - - [29/May/2023:12:47:14 +0800] "GET /xingrg/all/function/internal_message.html?_=1685335634657&CODE_STATE=getMsg HTTP/1.1" 200 27
116.232.195.127 - - [29/May/2023:12:47:14 +0800] "GET /xingrg/all/function/internal_message.html?_=1685335634657&CODE_STATE=getMsg HTTP/1.1" 200 27
120.253.135.82 - - [29/May/2023:12:47:17 +0800] "GET /xingrg/all/function/internal_message.html?_=1685335473056&CODE_STATE=getMsg HTTP/1.1" 200 27
116.232.195.127 - - [29/May/2023:12:47:19 +0800] "GET /xingrg/all/function/internal_message.html?_=1685335666839&CODE_STATE=getMsg HTTP/1.1" 200 27
180.169.147.146 - - [29/May/2023:12:47:20 +0800] "GET /xingrg/all/function/internal_message.html?_=1685335639587&CODE_STATE=getMsg HTTP/1.1" 302 -
222.70.180.90 - - [29/May/2023:12:47:27 +0800] "GET /xingrg/all/function/internal_message.html?_=1685335647201&CODE_STATE=getMsg HTTP/1.1" 200 27
222.70.180.90 - - [29/May/2023:12:47:29 +0800] "GET /xingrg/check_reg.html?_=1685335649434 HTTP/1.1" 200 22
58.40.7.146 - - [29/May/2023:12:47:40 +0800] "GET /xingrg/all/function/internal_message.html?_=1685335660904&CODE_STATE=getMsg HTTP/1.1" 200 27
101.83.145.52 - - [29/May/2023:12:47:45 +0800] "GET /xingrg/all/function/internal_message.html?_=1685335496993&CODE_STATE=getMsg HTTP/1.1" 200 27
124.79.246.33 - - [29/May/2023:12:47:46 +0800] "GET /xingrg/all/function/internal_message.html?_=1685335947337&CODE_STATE=getMsg HTTP/1.1" 200 27
114.85.36.120 - - [29/May/2023:12:47:52 +0800] "GET /xingrg/all/function/internal_message.html?_=1685334487810&CODE_STATE=getMsg HTTP/1.1" 200 27
101.229.22.40 - - [29/May/2023:12:47:53 +0800] "GET /xingrg/all/function/internal_message.html?_=1685335673588&CODE_STATE=getMsg HTTP/1.1" 200 27
116.238.139.35 - - [29/May/2023:12:47:57 +0800] "GET /xingrg/all/function/internal_message.html?_=1685335677384&CODE_STATE=getMsg HTTP/1.1" 200 27
172.20.0.100 - - [29/May/2023:12:47:58 +0800] "GET /xingrg/all/function/internal_message.html?_=1685335679736&CODE_STATE=getMsg HTTP/1.1" 200 27
180.169.147.146 - - [29/May/2023:12:47:58 +0800] "GET /xingrg/all/function/internal_message.html?_=1685335673743&CODE_STATE=getMsg HTTP/1.1" 200 27
218.81.217.41 - - [29/May/2023:12:48:01 +0800] "GET /xingrg/all/function/internal_message.html?_=1685335683183&CODE_STATE=getMsg HTTP/1.1" 200 27
222.69.128.166 - - [29/May/2023:12:48:03 +0800] "GET /xingrg/all/function/internal_message.html?_=1685335783106&CODE_STATE=getMsg HTTP/1.1" 200 27
222.69.128.166 - - [29/May/2023:12:48:03 +0800] "GET /xingrg/check_reg.html?_=1685335783107 HTTP/1.1" 200 22
120.253.135.82 - - [29/May/2023:12:48:06 +0800] "GET /xingrg/all/function/internal_message.html?_=1685335826455&CODE_STATE=getMsg HTTP/1.1" 200 27
120.253.135.82 - - [29/May/2023:12:48:06 +0800] "GET /xingrg/check_reg.html?_=1685335826455 HTTP/1.1" 200 22
180.164.3.199 - - [29/May/2023:12:48:09 +0800] "GET /xingrg/all/function/internal_message.html?_=1685335688581&CODE_STATE=getMsg HTTP/1.1" 200 27
114.85.113.108 - - [29/May/2023:12:48:09 +0800] "GET /xingrg/all/function/internal_message.html?_=1685335662117&CODE_STATE=getMsg HTTP/1.1" 200 27
114.85.113.108 - - [29/May/2023:12:48:09 +0800] "GET /xingrg/check_reg.html?_=1685335662638 HTTP/1.1" 200 22
124.79.74.67 - - [29/May/2023:12:48:14 +0800] "GET /xingrg/all/function/internal_message.html?_=1685335694651&CODE_STATE=getMsg HTTP/1.1" 200 27
116.232.195.127 - - [29/May/2023:12:48:14 +0800] "GET /xingrg/all/function/internal_message.html?_=1685335694661&CODE_STATE=getMsg HTTP/1.1" 200 27
120.253.135.82 - - [29/May/2023:12:48:15 +0800] "GET /xingrg/check_reg.html?_=1685335531359 HTTP/1.1" 200 22
120.253.135.82 - - [29/May/2023:12:48:17 +0800] "GET /xingrg/all/function/internal_message.html?_=1685335533071&CODE_STATE=getMsg HTTP/1.1" 200 27
116.232.195.127 - - [29/May/2023:12:48:19 +0800] "GET /xingrg/all/function/internal_message.html?_=1685335726824&CODE_STATE=getMsg HTTP/1.1" 200 27
180.169.147.146 - - [29/May/2023:12:48:20 +0800] "GET /xingrg/all/function/internal_message.html?_=1685335699590&CODE_STATE=getMsg HTTP/1.1" 302 -
222.70.180.90 - - [29/May/2023:12:48:27 +0800] "GET /xingrg/all/function/internal_message.html?_=1685335707172&CODE_STATE=getMsg HTTP/1.1" 200 27
124.79.74.67 - - [29/May/2023:12:48:37 +0800] "GET /xingrg/kc/buy/buy_main.html HTTP/1.1" 200 12412
124.79.74.67 - - [29/May/2023:12:48:37 +0800] "GET /xingrg/css/new_ie.css HTTP/1.1" 404 1036
124.79.74.67 - - [29/May/2023:12:48:38 +0800] "GET /xingrg/images/yd/bt.gif HTTP/1.1" 404 1040
124.79.74.67 - - [29/May/2023:12:48:39 +0800] "GET /xingrg/kc/buy/cgsh_order_list.html HTTP/1.1" 200 55678
58.40.7.146 - - [29/May/2023:12:48:40 +0800] "GET /xingrg/all/function/internal_message.html?_=1685335720906&CODE_STATE=getMsg HTTP/1.1" 200 27
101.83.145.52 - - [29/May/2023:12:48:45 +0800] "GET /xingrg/all/function/internal_message.html?_=1685335556978&CODE_STATE=getMsg HTTP/1.1" 200 27
124.79.246.33 - - [29/May/2023:12:48:46 +0800] "GET /xingrg/all/function/internal_message.html?_=1685336007334&CODE_STATE=getMsg HTTP/1.1" 200 27
114.85.36.120 - - [29/May/2023:12:48:52 +0800] "GET /xingrg/all/function/internal_message.html?_=1685334547813&CODE_STATE=getMsg HTTP/1.1" 200 27
101.229.22.40 - - [29/May/2023:12:48:53 +0800] "GET /xingrg/all/function/internal_message.html?_=1685335733575&CODE_STATE=getMsg HTTP/1.1" 200 27
116.238.139.35 - - [29/May/2023:12:48:57 +0800] "GET /xingrg/all/function/internal_message.html?_=1685335737383&CODE_STATE=getMsg HTTP/1.1" 200 27
116.238.139.35 - - [29/May/2023:12:48:57 +0800] "GET /xingrg/check_reg.html?_=1685335737384 HTTP/1.1" 200 22
172.20.0.100 - - [29/May/2023:12:48:58 +0800] "GET /xingrg/all/function/internal_message.html?_=1685335739734&CODE_STATE=getMsg HTTP/1.1" 200 27
180.169.147.146 - - [29/May/2023:12:48:58 +0800] "GET /xingrg/all/function/internal_message.html?_=1685335733741&CODE_STATE=getMsg HTTP/1.1" 200 27
218.81.217.41 - - [29/May/2023:12:49:01 +0800] "GET /xingrg/all/function/internal_message.html?_=1685335743725&CODE_STATE=getMsg HTTP/1.1" 200 27
222.69.128.166 - - [29/May/2023:12:49:03 +0800] "GET /xingrg/all/function/internal_message.html?_=1685335843112&CODE_STATE=getMsg HTTP/1.1" 200 27
120.253.135.82 - - [29/May/2023:12:49:06 +0800] "GET /xingrg/all/function/internal_message.html?_=1685335886459&CODE_STATE=getMsg HTTP/1.1" 200 27
180.164.3.199 - - [29/May/2023:12:49:09 +0800] "GET /xingrg/all/function/internal_message.html?_=1685335748574&CODE_STATE=getMsg HTTP/1.1" 200 27
114.85.113.108 - - [29/May/2023:12:49:09 +0800] "GET /xingrg/all/function/internal_message.html?_=1685335722093&CODE_STATE=getMsg HTTP/1.1" 200 27
124.79.74.67 - - [29/May/2023:12:49:11 +0800] "POST /xingrg/kc/buy/cgsh_list_operate.html HTTP/1.1" 200 5915
218.81.217.41 - - [29/May/2023:12:49:12 +0800] "GET /xingrg/check_reg.html?_=1685335754834 HTTP/1.1" 200 22
124.79.74.67 - - [29/May/2023:12:49:14 +0800] "GET /xingrg/all/function/internal_message.html?_=1685335754670&CODE_STATE=getMsg HTTP/1.1" 200 27
116.232.195.127 - - [29/May/2023:12:49:14 +0800] "GET /xingrg/all/function/internal_message.html?_=1685335754659&CODE_STATE=getMsg HTTP/1.1" 200 27
120.253.135.82 - - [29/May/2023:12:49:17 +0800] "GET /xingrg/all/function/internal_message.html?_=1685335593082&CODE_STATE=getMsg HTTP/1.1" 200 27
116.232.195.127 - - [29/May/2023:12:49:19 +0800] "GET /xingrg/all/function/internal_message.html?_=1685335786806&CODE_STATE=getMsg HTTP/1.1" 200 27
180.169.147.146 - - [29/May/2023:12:49:20 +0800] "GET /xingrg/all/function/internal_message.html?_=1685335759606&CODE_STATE=getMsg HTTP/1.1" 302 -
116.232.195.127 - - [29/May/2023:12:49:20 +0800] "GET /xingrg/check_reg.html?_=1685335788299 HTTP/1.1" 200 22
222.67.234.146 - - [29/May/2023:12:49:22 +0800] "POST /xingrg/services/DataTransmitService HTTP/1.1" 200 524
222.67.234.146 - - [29/May/2023:12:49:23 +0800] "POST /xingrg/services/DataTransmitService HTTP/1.1" 200 2331
222.67.234.146 - - [29/May/2023:12:49:24 +0800] "POST /xingrg/services/DataTransmitService HTTP/1.1" 200 161692
222.70.180.90 - - [29/May/2023:12:49:27 +0800] "GET /xingrg/all/function/internal_message.html?_=1685335767156&CODE_STATE=getMsg HTTP/1.1" 200 27
124.79.74.67 - - [29/May/2023:12:49:30 +0800] "GET /xingrg/javascript/easyui/themes/default/images/button_plain_hover.png HTTP/1.1" 200 144
124.79.74.67 - - [29/May/2023:12:49:30 +0800] "GET /xingrg/kc/buy/cgsh_order_add.html HTTP/1.1" 200 71533
124.79.74.67 - - [29/May/2023:12:49:31 +0800] "GET /xingrg/javascript/jquery_tools/order_manager.js HTTP/1.1" 200 11183
124.79.74.67 - - [29/May/2023:12:49:31 +0800] "GET /xingrg/javascript/json2.js HTTP/1.1" 200 11259
124.79.74.67 - - [29/May/2023:12:49:31 +0800] "GET /xingrg/javascript/convert.js HTTP/1.1" 200 1239
124.79.74.67 - - [29/May/2023:12:49:31 +0800] "GET /xingrg/javascript/print/kc_print.js HTTP/1.1" 200 11415
124.79.74.67 - - [29/May/2023:12:49:31 +0800] "GET /xingrg/words/20230528204915_words.js HTTP/1.1" 200 966163
124.79.74.67 - - [29/May/2023:12:49:31 +0800] "GET /xingrg/javascript/easyui/themes/icons/copy_new.png HTTP/1.1" 200 815
124.79.74.67 - - [29/May/2023:12:49:31 +0800] "GET /xingrg/javascript/easyui/themes/icons/print.png HTTP/1.1" 200 1057
124.79.74.67 - - [29/May/2023:12:49:31 +0800] "GET /xingrg/javascript/easyui/themes/icons/template_new.png HTTP/1.1" 200 3956
124.79.74.67 - - [29/May/2023:12:49:31 +0800] "GET /xingrg/javascript/easyui/themes/icons/ok.png HTTP/1.1" 200 883
124.79.74.67 - - [29/May/2023:12:49:31 +0800] "GET /xingrg/javascript/easyui/themes/default/images/menu_downarrow.png HTTP/1.1" 200 173
124.79.74.67 - - [29/May/2023:12:49:31 +0800] "GET /xingrg/javascript/easyui/themes/icons/cancel.png HTTP/1.1" 200 1133
124.79.74.67 - - [29/May/2023:12:49:31 +0800] "POST /xingrg/kc/buy/cgsh_order_operate.html HTTP/1.1" 200 8245
124.79.74.67 - - [29/May/2023:12:49:31 +0800] "GET /xingrg/javascript/easyui/themes/default/validatebox.css HTTP/1.1" 404 1104
124.79.74.67 - - [29/May/2023:12:49:31 +0800] "GET /xingrg/javascript/easyui/plugins/jquery.validatebox.js HTTP/1.1" 200 6103
124.79.74.67 - - [29/May/2023:12:49:31 +0800] "GET /xingrg/javascript/easyui/plugins/jquery.numberbox.js HTTP/1.1" 200 5213
124.79.74.67 - - [29/May/2023:12:49:31 +0800] "GET /xingrg/all/common/auto_word.html?type=employee&rest_code=00156 HTTP/1.1" 200 97
124.79.74.67 - - [29/May/2023:12:49:31 +0800] "GET /xingrg/javascript/easyui/themes/icons/edit_remove.png HTTP/1.1" 200 625
124.79.74.67 - - [29/May/2023:12:49:31 +0800] "GET /xingrg/all/common/auto_word.html?type=employee&rest_code=00156 HTTP/1.1" 200 97
124.79.74.67 - - [29/May/2023:12:49:32 +0800] "GET /xingrg/javascript/jquery_tools/images/next.gif HTTP/1.1" 404 1086
124.79.74.67 - - [29/May/2023:12:49:32 +0800] "GET /xingrg/javascript/jquery_tools/images/prev.gif HTTP/1.1" 404 1086
124.79.74.67 - - [29/May/2023:12:49:35 +0800] "GET /xingrg/index.html?sysBaseUrl=http%3A%2F%2F180.169.147.146%3A18081%2Fxingrg%2F&costTime=842×tamp=1685334373948 HTTP/1.1" 200 17179
124.79.74.67 - - [29/May/2023:12:49:35 +0800] "GET /xingrg/all/function/internal_message.html?_=1685335775696&CODE_STATE=count HTTP/1.1" 200 11
124.79.74.67 - - [29/May/2023:12:49:35 +0800] "GET /xingrg/check_reg.html?_=1685335775696 HTTP/1.1" 200 22
124.79.74.67 - - [29/May/2023:12:49:35 +0800] "POST /xingrg/all/common/load_tree.html?tree=area_rest_tree_json&manage=1 HTTP/1.1" 200 351
124.79.74.67 - - [29/May/2023:12:49:35 +0800] "POST /xingrg/load_menu.html HTTP/1.1" 200 5138
124.79.74.67 - - [29/May/2023:12:49:36 +0800] "GET /xingrg/kc/buy/buy_main.html HTTP/1.1" 200 12412
124.79.74.67 - - [29/May/2023:12:49:36 +0800] "GET /xingrg/css/new_ie.css HTTP/1.1" 404 1036
124.79.74.67 - - [29/May/2023:12:49:37 +0800] "GET /xingrg/kc/buy/cgsh_order_list.html HTTP/1.1" 200 55678
58.40.7.146 - - [29/May/2023:12:49:40 +0800] "GET /xingrg/all/function/internal_message.html?_=1685335780908&CODE_STATE=getMsg HTTP/1.1" 200 27
101.83.145.52 - - [29/May/2023:12:49:45 +0800] "GET /xingrg/all/function/internal_message.html?_=1685335616971&CODE_STATE=getMsg HTTP/1.1" 200 27
124.79.246.33 - - [29/May/2023:12:49:46 +0800] "GET /xingrg/all/function/internal_message.html?_=1685336067332&CODE_STATE=getMsg HTTP/1.1" 200 27
124.79.246.33 - - [29/May/2023:12:49:46 +0800] "GET /xingrg/check_reg.html?_=1685336067333 HTTP/1.1" 200 22
114.85.36.120 - - [29/May/2023:12:49:52 +0800] "GET /xingrg/all/function/internal_message.html?_=1685334607812&CODE_STATE=getMsg HTTP/1.1" 200 27
101.229.22.40 - - [29/May/2023:12:49:53 +0800] "GET /xingrg/all/function/internal_message.html?_=1685335793575&CODE_STATE=getMsg HTTP/1.1" 200 27
222.67.234.146 - - [29/May/2023:12:49:56 +0800] "GET /xingrg/kc/buy/cgsh_order_add.html HTTP/1.1" 200 71454
222.67.234.146 - - [29/May/2023:12:49:56 +0800] "POST /xingrg/kc/buy/cgsh_order_operate.html HTTP/1.1" 200 8245
222.67.234.146 - - [29/May/2023:12:49:56 +0800] "GET /xingrg/javascript/easyui/themes/default/validatebox.css HTTP/1.1" 404 1104
116.238.139.35 - - [29/May/2023:12:49:57 +0800] "GET /xingrg/all/function/internal_message.html?_=1685335797384&CODE_STATE=getMsg HTTP/1.1" 200 27
172.20.0.100 - - [29/May/2023:12:49:58 +0800] "GET /xingrg/all/function/internal_message.html?_=1685335799733&CODE_STATE=getMsg HTTP/1.1" 200 27
180.169.147.146 - - [29/May/2023:12:49:58 +0800] "GET /xingrg/all/function/internal_message.html?_=1685335793739&CODE_STATE=getMsg HTTP/1.1" 200 27
218.81.217.41 - - [29/May/2023:12:50:01 +0800] "GET /xingrg/all/function/internal_message.html?_=1685335803726&CODE_STATE=getMsg HTTP/1.1" 200 27
222.69.128.166 - - [29/May/2023:12:50:03 +0800] "GET /xingrg/all/function/internal_message.html?_=1685335903099&CODE_STATE=getMsg HTTP/1.1" 200 27
120.253.135.82 - - [29/May/2023:12:50:06 +0800] "GET /xingrg/all/function/internal_message.html?_=1685335946464&CODE_STATE=getMsg HTTP/1.1" 200 27
124.79.74.67 - - [29/May/2023:12:50:08 +0800] "POST /xingrg/kc/buy/cgsh_list_operate.html HTTP/1.1" 200 5915
180.164.3.199 - - [29/May/2023:12:50:09 +0800] "GET /xingrg/all/function/internal_message.html?_=1685335808586&CODE_STATE=getMsg HTTP/1.1" 200 27
114.85.113.108 - - [29/May/2023:12:50:09 +0800] "GET /xingrg/all/function/internal_message.html?_=1685335782067&CODE_STATE=getMsg HTTP/1.1" 200 27
124.79.74.67 - - [29/May/2023:12:50:11 +0800] "GET /xingrg/kc/buy/cgsh_order_add.html HTTP/1.1" 200 71533
124.79.74.67 - - [29/May/2023:12:50:11 +0800] "GET /xingrg/words/20230528204915_words.js HTTP/1.1" 304 -
124.79.74.67 - - [29/May/2023:12:50:11 +0800] "POST /xingrg/kc/buy/cgsh_order_operate.html HTTP/1.1" 200 8245
124.79.74.67 - - [29/May/2023:12:50:11 +0800] "GET /xingrg/javascript/easyui/themes/default/validatebox.css HTTP/1.1" 404 1104
124.79.74.67 - - [29/May/2023:12:50:11 +0800] "GET /xingrg/all/common/auto_word.html?type=employee&rest_code=00156 HTTP/1.1" 200 97
124.79.74.67 - - [29/May/2023:12:50:11 +0800] "GET /xingrg/all/common/auto_word.html?type=employee&rest_code=00156 HTTP/1.1" 200 97
124.79.74.67 - - [29/May/2023:12:50:12 +0800] "GET /xingrg/javascript/jquery_tools/images/prev.gif HTTP/1.1" 404 1086
124.79.74.67 - - [29/May/2023:12:50:12 +0800] "GET /xingrg/javascript/jquery_tools/images/next.gif HTTP/1.1" 404 1086
116.232.195.127 - - [29/May/2023:12:50:14 +0800] "GET /xingrg/check_reg.html?_=1685335814676 HTTP/1.1" 200 22
116.232.195.127 - - [29/May/2023:12:50:14 +0800] "GET /xingrg/all/function/internal_message.html?_=1685335814680&CODE_STATE=getMsg HTTP/1.1" 200 27
120.253.135.82 - - [29/May/2023:12:50:17 +0800] "GET /xingrg/all/function/internal_message.html?_=1685335653096&CODE_STATE=getMsg HTTP/1.1" 200 27
116.232.195.127 - - [29/May/2023:12:50:19 +0800] "GET /xingrg/all/function/internal_message.html?_=1685335846793&CODE_STATE=getMsg HTTP/1.1" 200 27
180.169.147.146 - - [29/May/2023:12:50:20 +0800] "GET /xingrg/check_reg.html?_=1685335819600 HTTP/1.1" 302 -
180.169.147.146 - - [29/May/2023:12:50:20 +0800] "GET /xingrg/all/function/internal_message.html?_=1685335819602&CODE_STATE=getMsg HTTP/1.1" 302 -
124.79.74.67 - - [29/May/2023:12:50:24 +0800] "GET /xingrg/kc/buy/cgsh_order_operate.html?command=get_materiel&rest_code=00156&code=00102008043&supplier_code=00100151&order_time=2023-05-29 HTTP/1.1" 200 408
222.70.180.90 - - [29/May/2023:12:50:27 +0800] "GET /xingrg/all/function/internal_message.html?_=1685335827141&CODE_STATE=getMsg HTTP/1.1" 200 27
124.79.74.67 - - [29/May/2023:12:50:32 +0800] "GET /xingrg/javascript/auto/indicator.gif HTTP/1.1" 404 1066
124.79.74.67 - - [29/May/2023:12:50:35 +0800] "GET /xingrg/all/function/internal_message.html?_=1685335835706&CODE_STATE=getMsg HTTP/1.1" 200 27
124.79.246.33 - - [29/May/2023:12:50:37 +0800] "GET /xingrg/kc/buy/cgsh_order_add.html HTTP/1.1" 200 71495
124.79.246.33 - - [29/May/2023:12:50:38 +0800] "GET /xingrg/words/20230528204915_words.js HTTP/1.1" 200 966163
124.79.246.33 - - [29/May/2023:12:50:38 +0800] "POST /xingrg/kc/buy/cgsh_order_operate.html HTTP/1.1" 200 8245
124.79.246.33 - - [29/May/2023:12:50:38 +0800] "GET /xingrg/javascript/easyui/themes/default/validatebox.css HTTP/1.1" 404 1104
124.79.246.33 - - [29/May/2023:12:50:38 +0800] "GET /xingrg/all/common/auto_word.html?type=employee&rest_code=00104 HTTP/1.1" 200 245
124.79.246.33 - - [29/May/2023:12:50:38 +0800] "GET /xingrg/all/common/auto_word.html?type=employee&rest_code=00104 HTTP/1.1" 200 245
58.40.7.146 - - [29/May/2023:12:50:40 +0800] "GET /xingrg/all/function/internal_message.html?_=1685335840912&CODE_STATE=getMsg HTTP/1.1" 200 27
124.79.74.67 - - [29/May/2023:12:50:44 +0800] "GET /xingrg/kc/buy/cgsh_order_operate.html?command=get_materiel&rest_code=00156&code=00102009583&supplier_code=00100151&order_time=2023-05-29 HTTP/1.1" 200 413
101.83.145.52 - - [29/May/2023:12:50:45 +0800] "GET /xingrg/all/function/internal_message.html?_=1685335676945&CODE_STATE=getMsg HTTP/1.1" 200 27
124.79.246.33 - - [29/May/2023:12:50:46 +0800] "GET /xingrg/all/function/internal_message.html?_=1685336127333&CODE_STATE=getMsg HTTP/1.1" 200 27
124.79.246.33 - - [29/May/2023:12:50:51 +0800] "GET /xingrg/kc/buy/cgsh_order_operate.html?command=get_materiel&rest_code=00104&code=00101012025&supplier_code=00100036&order_time=2023-05-29 HTTP/1.1" 200 412
114.85.36.120 - - [29/May/2023:12:50:52 +0800] "GET /xingrg/all/function/internal_message.html?_=1685334667828&CODE_STATE=getMsg HTTP/1.1" 200 27
101.229.22.40 - - [29/May/2023:12:50:53 +0800] "GET /xingrg/all/function/internal_message.html?_=1685335853577&CODE_STATE=getMsg HTTP/1.1" 200 27
124.79.74.67 - - [29/May/2023:12:50:54 +0800] "GET /xingrg/kc/buy/cgsh_order_operate.html?command=get_materiel&rest_code=00156&code=00102007055&supplier_code=00100151&order_time=2023-05-29 HTTP/1.1" 200 410
116.238.139.35 - - [29/May/2023:12:50:57 +0800] "GET /xingrg/all/function/internal_message.html?_=1685335857383&CODE_STATE=getMsg HTTP/1.1" 200 27
172.20.0.100 - - [29/May/2023:12:50:58 +0800] "GET /xingrg/all/function/internal_message.html?_=1685335859732&CODE_STATE=getMsg HTTP/1.1" 200 27
180.169.147.146 - - [29/May/2023:12:50:58 +0800] "GET /xingrg/all/function/internal_message.html?_=1685335853738&CODE_STATE=getMsg HTTP/1.1" 200 27
180.169.147.146 - - [29/May/2023:12:50:58 +0800] "GET /xingrg/check_reg.html?_=1685335853740 HTTP/1.1" 200 22
218.81.217.41 - - [29/May/2023:12:51:01 +0800] "GET /xingrg/all/function/internal_message.html?_=1685335863739&CODE_STATE=getMsg HTTP/1.1" 200 27
222.69.128.166 - - [29/May/2023:12:51:03 +0800] "GET /xingrg/all/function/internal_message.html?_=1685335963115&CODE_STATE=getMsg HTTP/1.1" 200 27
120.253.135.82 - - [29/May/2023:12:51:06 +0800] "GET /xingrg/all/function/internal_message.html?_=1685336006469&CODE_STATE=getMsg HTTP/1.1" 200 27
124.79.74.67 - - [29/May/2023:12:51:07 +0800] "POST /xingrg/kc/buy/cgsh_order_operate.html HTTP/1.1" 200 37
124.79.74.67 - - [29/May/2023:12:51:09 +0800] "POST /xingrg/kc/buy/cgsh_order_operate.html HTTP/1.1" 200 3834
180.164.3.199 - - [29/May/2023:12:51:09 +0800] "GET /xingrg/check_reg.html?_=1685335868578 HTTP/1.1" 200 22
180.164.3.199 - - [29/May/2023:12:51:09 +0800] "GET /xingrg/all/function/internal_message.html?_=1685335868581&CODE_STATE=getMsg HTTP/1.1" 200 27
114.85.113.108 - - [29/May/2023:12:51:09 +0800] "GET /xingrg/all/function/internal_message.html?_=1685335842039&CODE_STATE=getMsg HTTP/1.1" 200 27
124.79.74.67 - - [29/May/2023:12:51:10 +0800] "GET /xingrg/kc/print/load_config.html?kc_code=cgsh HTTP/1.1" 200 1924
124.79.74.67 - - [29/May/2023:12:51:11 +0800] "GET /xingrg/kc/print/load_data.html?order_code=212023052911057&kc_code=cgsh&condition= HTTP/1.1" 200 1095
124.79.246.33 - - [29/May/2023:12:51:11 +0800] "GET /xingrg/kc/buy/cgsh_order_operate.html?command=get_materiel&rest_code=00104&code=00101016053&supplier_code=00100036&order_time=2023-05-29 HTTP/1.1" 200 408
116.232.195.127 - - [29/May/2023:12:51:14 +0800] "GET /xingrg/all/function/internal_message.html?_=1685335874665&CODE_STATE=getMsg HTTP/1.1" 200 27
124.79.74.67 - - [29/May/2023:12:51:15 +0800] "GET /xingrg/kc/buy/cgsh_order_add.html HTTP/1.1" 200 71533
124.79.74.67 - - [29/May/2023:12:51:15 +0800] "POST /xingrg/kc/buy/cgsh_order_operate.html HTTP/1.1" 200 8245
124.79.74.67 - - [29/May/2023:12:51:15 +0800] "GET /xingrg/javascript/easyui/themes/default/validatebox.css HTTP/1.1" 404 1104
124.79.74.67 - - [29/May/2023:12:51:15 +0800] "GET /xingrg/all/common/auto_word.html?type=employee&rest_code=00156 HTTP/1.1" 200 97
124.79.74.67 - - [29/May/2023:12:51:15 +0800] "GET /xingrg/all/common/auto_word.html?type=employee&rest_code=00156 HTTP/1.1" 200 97
222.67.234.146 - - [29/May/2023:12:51:16 +0800] "GET /xingrg/kc/buy/cgsh_order_operate.html?command=get_materiel&rest_code=00141&code=00102006018&supplier_code=00100309&order_time=2023-05-29 HTTP/1.1" 200 426
124.79.74.67 - - [29/May/2023:12:51:17 +0800] "GET /xingrg/javascript/jquery_tools/images/prev.gif HTTP/1.1" 404 1086
124.79.74.67 - - [29/May/2023:12:51:17 +0800] "GET /xingrg/javascript/jquery_tools/images/next.gif HTTP/1.1" 404 1086
120.253.135.82 - - [29/May/2023:12:51:17 +0800] "GET /xingrg/all/function/internal_message.html?_=1685335713113&CODE_STATE=getMsg HTTP/1.1" 200 27
116.232.195.127 - - [29/May/2023:12:51:19 +0800] "GET /xingrg/all/function/internal_message.html?_=1685335906774&CODE_STATE=getMsg HTTP/1.1" 200 27
180.169.147.146 - - [29/May/2023:12:51:20 +0800] "GET /xingrg/all/function/internal_message.html?_=1685335879598&CODE_STATE=getMsg HTTP/1.1" 302 -
222.67.234.146 - - [29/May/2023:12:51:21 +0800] "GET /xingrg/check_reg.html?_=1685335389505 HTTP/1.1" 200 22
124.79.74.67 - - [29/May/2023:12:51:26 +0800] "GET /xingrg/kc/buy/cgsh_order_operate.html?command=get_materiel&rest_code=00156&code=00101007084&supplier_code=00100151&order_time=2023-05-29 HTTP/1.1" 200 419
222.70.180.90 - - [29/May/2023:12:51:27 +0800] "GET /xingrg/all/function/internal_message.html?_=1685335887153&CODE_STATE=getMsg HTTP/1.1" 200 27
124.79.246.33 - - [29/May/2023:12:51:28 +0800] "GET /xingrg/kc/buy/cgsh_order_operate.html?command=get_materiel&rest_code=00104&code=00101008257&supplier_code=00100036&order_time=2023-05-29 HTTP/1.1" 200 416
222.67.234.146 - - [29/May/2023:12:51:31 +0800] "GET /xingrg/kc/buy/cgsh_order_operate.html?command=get_materiel&rest_code=00141&code=00102003371&supplier_code=00100309&order_time=2023-05-29 HTTP/1.1" 200 409
124.79.74.67 - - [29/May/2023:12:51:35 +0800] "GET /xingrg/all/function/internal_message.html?_=1685335895712&CODE_STATE=getMsg HTTP/1.1" 200 27
58.40.7.146 - - [29/May/2023:12:51:40 +0800] "GET /xingrg/check_reg.html?_=1685335900897 HTTP/1.1" 200 22
58.40.7.146 - - [29/May/2023:12:51:40 +0800] "GET /xingrg/all/function/internal_message.html?_=1685335900899&CODE_STATE=getMsg HTTP/1.1" 200 27
222.67.234.146 - - [29/May/2023:12:51:42 +0800] "GET /xingrg/kc/buy/cgsh_order_operate.html?command=get_materiel&rest_code=00141&code=00102008115&supplier_code=00100309&order_time=2023-05-29 HTTP/1.1" 200 414
124.79.246.33 - - [29/May/2023:12:51:44 +0800] "GET /xingrg/kc/buy/cgsh_order_operate.html?command=get_materiel&rest_code=00104&code=00101002027&supplier_code=00100036&order_time=2023-05-29 HTTP/1.1" 200 434
101.83.145.52 - - [29/May/2023:12:51:45 +0800] "GET /xingrg/all/function/internal_message.html?_=1685335736930&CODE_STATE=getMsg HTTP/1.1" 200 27
101.83.145.52 - - [29/May/2023:12:51:46 +0800] "GET /xingrg/check_reg.html?_=1685335737690 HTTP/1.1" 200 22
124.79.246.33 - - [29/May/2023:12:51:46 +0800] "GET /xingrg/all/function/internal_message.html?_=1685336187321&CODE_STATE=getMsg HTTP/1.1" 200 27
114.85.36.120 - - [29/May/2023:12:51:52 +0800] "GET /xingrg/check_reg.html?_=1685334727811 HTTP/1.1" 200 22
114.85.36.120 - - [29/May/2023:12:51:52 +0800] "GET /xingrg/all/function/internal_message.html?_=1685334727814&CODE_STATE=getMsg HTTP/1.1" 200 27
101.229.22.40 - - [29/May/2023:12:51:53 +0800] "GET /xingrg/all/function/internal_message.html?_=1685335913582&CODE_STATE=getMsg HTTP/1.1" 200 27
101.229.22.40 - - [29/May/2023:12:51:53 +0800] "GET /xingrg/check_reg.html?_=1685335913583 HTTP/1.1" 200 22
116.238.139.35 - - [29/May/2023:12:51:57 +0800] "GET /xingrg/all/function/internal_message.html?_=1685335917386&CODE_STATE=getMsg HTTP/1.1" 200 27
172.20.0.100 - - [29/May/2023:12:51:58 +0800] "GET /xingrg/all/function/internal_message.html?_=1685335919730&CODE_STATE=getMsg HTTP/1.1" 200 27
172.20.0.100 - - [29/May/2023:12:51:58 +0800] "GET /xingrg/check_reg.html?_=1685335919732 HTTP/1.1" 200 22
180.169.147.146 - - [29/May/2023:12:51:58 +0800] "GET /xingrg/all/function/internal_message.html?_=1685335913738&CODE_STATE=getMsg HTTP/1.1" 200 27
124.79.246.33 - - [29/May/2023:12:52:00 +0800] "GET /xingrg/kc/buy/cgsh_order_operate.html?command=get_materiel&rest_code=00104&code=00101019816&supplier_code=00100036&order_time=2023-05-29 HTTP/1.1" 200 446
218.81.217.41 - - [29/May/2023:12:52:02 +0800] "GET /xingrg/all/function/internal_message.html?_=1685335924210&CODE_STATE=getMsg HTTP/1.1" 200 27
222.69.128.166 - - [29/May/2023:12:52:03 +0800] "GET /xingrg/all/function/internal_message.html?_=1685336023110&CODE_STATE=getMsg HTTP/1.1" 200 27
120.253.135.82 - - [29/May/2023:12:52:06 +0800] "GET /xingrg/all/function/internal_message.html?_=1685336066472&CODE_STATE=getMsg HTTP/1.1" 200 27
222.67.234.146 - - [29/May/2023:12:52:08 +0800] "GET /xingrg/kc/buy/cgsh_order_operate.html?command=get_materiel&rest_code=00141&code=00102016547&supplier_code=00100309&order_time=2023-05-29 HTTP/1.1" 200 420
180.164.3.199 - - [29/May/2023:12:52:09 +0800] "GET /xingrg/all/function/internal_message.html?_=1685335928582&CODE_STATE=getMsg HTTP/1.1" 200 27
114.85.113.108 - - [29/May/2023:12:52:09 +0800] "GET /xingrg/all/function/internal_message.html?_=1685335902024&CODE_STATE=getMsg HTTP/1.1" 200 27
116.232.195.127 - - [29/May/2023:12:52:14 +0800] "GET /xingrg/all/function/internal_message.html?_=1685335934657&CODE_STATE=getMsg HTTP/1.1" 200 27
120.253.135.82 - - [29/May/2023:12:52:17 +0800] "GET /xingrg/all/function/internal_message.html?_=1685335773124&CODE_STATE=getMsg HTTP/1.1" 200 27
116.232.195.127 - - [29/May/2023:12:52:19 +0800] "GET /xingrg/all/function/internal_message.html?_=1685335966760&CODE_STATE=getMsg HTTP/1.1" 200 27
180.169.147.146 - - [29/May/2023:12:52:20 +0800] "GET /xingrg/all/function/internal_message.html?_=1685335939589&CODE_STATE=getMsg HTTP/1.1" 302 -
222.70.180.90 - - [29/May/2023:12:52:27 +0800] "GET /xingrg/all/function/internal_message.html?_=1685335947137&CODE_STATE=getMsg HTTP/1.1" 200 27
222.70.180.90 - - [29/May/2023:12:52:29 +0800] "GET /xingrg/check_reg.html?_=1685335949464 HTTP/1.1" 200 22
124.79.246.33 - - [29/May/2023:12:52:32 +0800] "GET /xingrg/kc/buy/cgsh_order_operate.html?command=get_materiel&rest_code=00104&code=00101019600&supplier_code=00100036&order_time=2023-05-29 HTTP/1.1" 200 421
124.79.74.67 - - [29/May/2023:12:52:35 +0800] "GET /xingrg/all/function/internal_message.html?_=1685335955711&CODE_STATE=getMsg HTTP/1.1" 200 27
58.40.7.146 - - [29/May/2023:12:52:40 +0800] "GET /xingrg/all/function/internal_message.html?_=1685335960901&CODE_STATE=getMsg HTTP/1.1" 200 27
101.83.145.52 - - [29/May/2023:12:52:45 +0800] "GET /xingrg/all/function/internal_message.html?_=1685335796936&CODE_STATE=getMsg HTTP/1.1" 200 27
124.79.246.33 - - [29/May/2023:12:52:46 +0800] "POST /xingrg/kc/buy/cgsh_order_operate.html HTTP/1.1" 200 37
124.79.246.33 - - [29/May/2023:12:52:49 +0800] "POST /xingrg/kc/buy/cgsh_order_operate.html HTTP/1.1" 200 5630
101.229.22.40 - - [29/May/2023:12:52:50 +0800] "GET /xingrg/kc/base/wldb_order_list.html HTTP/1.1" 200 19104
124.79.246.33 - - [29/May/2023:12:52:51 +0800] "GET /xingrg/kc/print/load_config.html?kc_code=cgsh HTTP/1.1" 200 1924
101.229.22.40 - - [29/May/2023:12:52:51 +0800] "POST /xingrg/kc/base/wldb_list_operate.html HTTP/1.1" 200 928
124.79.246.33 - - [29/May/2023:12:52:51 +0800] "GET /xingrg/kc/print/load_data.html?order_code=212023052911058&kc_code=cgsh&condition= HTTP/1.1" 200 1897
114.85.36.120 - - [29/May/2023:12:52:52 +0800] "GET /xingrg/all/function/internal_message.html?_=1685334787836&CODE_STATE=getMsg HTTP/1.1" 200 27
101.229.22.40 - - [29/May/2023:12:52:53 +0800] "GET /xingrg/all/function/internal_message.html?_=1685335973594&CODE_STATE=getMsg HTTP/1.1" 200 27
101.229.22.40 - - [29/May/2023:12:52:54 +0800] "GET /xingrg/kc/base/wldb_order_add.html HTTP/1.1" 200 30391
101.229.22.40 - - [29/May/2023:12:52:55 +0800] "POST /xingrg/kc/base/wldb_order_operate.html HTTP/1.1" 200 6806
101.229.22.40 - - [29/May/2023:12:52:55 +0800] "GET /xingrg/all/common/auto_word.html?type=base&rest_code=00142 HTTP/1.1" 200 719
101.229.22.40 - - [29/May/2023:12:52:55 +0800] "GET /xingrg/all/common/auto_word.html?type=base&rest_code=00142 HTTP/1.1" 200 719
101.229.22.40 - - [29/May/2023:12:52:55 +0800] "GET /xingrg/javascript/easyui/themes/default/validatebox.css HTTP/1.1" 404 1104
116.238.139.35 - - [29/May/2023:12:52:57 +0800] "GET /xingrg/all/function/internal_message.html?_=1685335977386&CODE_STATE=getMsg HTTP/1.1" 200 27
172.20.0.100 - - [29/May/2023:12:52:58 +0800] "GET /xingrg/all/function/internal_message.html?_=1685335979730&CODE_STATE=getMsg HTTP/1.1" 200 27
180.169.147.146 - - [29/May/2023:12:52:58 +0800] "GET /xingrg/all/function/internal_message.html?_=1685335973779&CODE_STATE=getMsg HTTP/1.1" 200 27
218.81.217.41 - - [29/May/2023:12:53:02 +0800] "GET /xingrg/all/function/internal_message.html?_=1685335984218&CODE_STATE=getMsg HTTP/1.1" 200 27
222.69.128.166 - - [29/May/2023:12:53:03 +0800] "GET /xingrg/check_reg.html?_=1685336083097 HTTP/1.1" 200 22
222.69.128.166 - - [29/May/2023:12:53:03 +0800] "GET /xingrg/all/function/internal_message.html?_=1685336083098&CODE_STATE=getMsg HTTP/1.1" 200 27
124.79.74.67 - - [29/May/2023:12:53:03 +0800] "GET /xingrg/kc/buy/cgsh_order_operate.html?command=get_materiel&rest_code=00156&code=00101007048&supplier_code=00100151&order_time=2023-05-29 HTTP/1.1" 200 408
124.79.246.33 - - [29/May/2023:12:53:05 +0800] "GET /xingrg/kc/buy/cgsh_order_add.html HTTP/1.1" 200 71495
124.79.246.33 - - [29/May/2023:12:53:05 +0800] "POST /xingrg/kc/buy/cgsh_order_operate.html HTTP/1.1" 200 8245
124.79.246.33 - - [29/May/2023:12:53:05 +0800] "GET /xingrg/javascript/easyui/themes/default/validatebox.css HTTP/1.1" 404 1104
120.253.135.82 - - [29/May/2023:12:53:06 +0800] "GET /xingrg/check_reg.html?_=1685336126478 HTTP/1.1" 200 22
120.253.135.82 - - [29/May/2023:12:53:06 +0800] "GET /xingrg/all/function/internal_message.html?_=1685336126478&CODE_STATE=getMsg HTTP/1.1" 200 27
180.164.3.199 - - [29/May/2023:12:53:09 +0800] "GET /xingrg/all/function/internal_message.html?_=1685335988570&CODE_STATE=getMsg HTTP/1.1" 200 27
114.85.113.108 - - [29/May/2023:12:53:09 +0800] "GET /xingrg/all/function/internal_message.html?_=1685335962007&CODE_STATE=getMsg HTTP/1.1" 200 27
114.85.113.108 - - [29/May/2023:12:53:09 +0800] "GET /xingrg/check_reg.html?_=1685335962635 HTTP/1.1" 200 22
116.232.195.127 - - [29/May/2023:12:53:14 +0800] "GET /xingrg/all/function/internal_message.html?_=1685335994659&CODE_STATE=getMsg HTTP/1.1" 200 27
120.253.135.82 - - [29/May/2023:12:53:15 +0800] "GET /xingrg/check_reg.html?_=1685335831359 HTTP/1.1" 200 22
120.253.135.82 - - [29/May/2023:12:53:17 +0800] "GET /xingrg/all/function/internal_message.html?_=1685335833137&CODE_STATE=getMsg HTTP/1.1" 200 27
222.67.234.146 - - [29/May/2023:12:53:17 +0800] "GET /xingrg/kc/buy/cgsh_order_operate.html?command=get_materiel&rest_code=00141&code=00102003041&supplier_code=00100309&order_time=2023-05-29 HTTP/1.1" 200 412
124.79.246.33 - - [29/May/2023:12:53:18 +0800] "GET /xingrg/kc/buy/cgsh_order_operate.html?command=get_materiel&rest_code=00104&code=00101006123&supplier_code=00100012&order_time=2023-05-29 HTTP/1.1" 200 409
116.232.195.127 - - [29/May/2023:12:53:19 +0800] "GET /xingrg/all/function/internal_message.html?_=1685336026745&CODE_STATE=getMsg HTTP/1.1" 200 27
