120.253.135.82 - - [29/May/2023:10:33:36 +0800] "GET /xingrg/javascript/jquery_tools/jquery.tools.hotkey.js HTTP/1.1" 304 -
120.253.135.82 - - [29/May/2023:10:33:36 +0800] "GET /xingrg/javascript/jquery_tools/list_manager.js HTTP/1.1" 304 -
120.253.135.82 - - [29/May/2023:10:33:36 +0800] "GET /xingrg/javascript/jquery.cookie.js HTTP/1.1" 304 -
120.253.135.82 - - [29/May/2023:10:33:36 +0800] "GET /xingrg/javascript/jquery_tools/jquery.tools.table.js HTTP/1.1" 304 -
120.253.135.82 - - [29/May/2023:10:33:36 +0800] "GET /xingrg/javascript/jquery_tools/jquery.tools.min.js HTTP/1.1" 304 -
120.253.135.82 - - [29/May/2023:10:33:36 +0800] "GET /xingrg/javascript/easyui/easyloader.js HTTP/1.1" 304 -
120.253.135.82 - - [29/May/2023:10:33:36 +0800] "GET /xingrg/javascript/print/LodopFuncs.js HTTP/1.1" 304 -
120.253.135.82 - - [29/May/2023:10:33:36 +0800] "GET /xingrg/javascript/easyui/plugins/jquery.parser.js HTTP/1.1" 304 -
120.253.135.82 - - [29/May/2023:10:33:37 +0800] "POST /xingrg/kc/pszx/mdps_list_operate.html HTTP/1.1" 200 5259
116.237.77.151 - - [29/May/2023:10:33:38 +0800] "GET /xingrg/all/function/internal_message.html?_=1685327619694&CODE_STATE=getMsg HTTP/1.1" 200 27
58.40.7.146 - - [29/May/2023:10:33:40 +0800] "GET /xingrg/all/function/internal_message.html?_=1685327620857&CODE_STATE=getMsg HTTP/1.1" 200 27
114.85.113.108 - - [29/May/2023:10:33:43 +0800] "POST /xingrg/login.do HTTP/1.1" 302 -
114.85.113.108 - - [29/May/2023:10:33:43 +0800] "GET /xingrg/index.html?sysBaseUrl=http%3A%2F%2F180.169.147.146%3A18081%2Fxingrg%2F&costTime=816×tamp=1685327623307 HTTP/1.1" 200 17179
114.85.113.108 - - [29/May/2023:10:33:43 +0800] "GET /xingrg/javascript/jquery-1.4.2.min.js HTTP/1.1" 200 72205
114.85.113.108 - - [29/May/2023:10:33:43 +0800] "GET /xingrg/css/form.css HTTP/1.1" 200 893
114.85.113.108 - - [29/May/2023:10:33:43 +0800] "GET /xingrg/javascript/jquery_easy_ui/jquery.easyui.min.js HTTP/1.1" 200 213662
114.85.113.108 - - [29/May/2023:10:33:43 +0800] "GET /xingrg/javascript/jquery_easy_ui/easyui-lang-zh_CN.js HTTP/1.1" 200 1900
114.85.113.108 - - [29/May/2023:10:33:43 +0800] "GET /xingrg/javascript/jquery.form.js HTTP/1.1" 200 23110
114.85.113.108 - - [29/May/2023:10:33:43 +0800] "GET /xingrg/javascript/jquery.timers.js HTTP/1.1" 200 3532
114.85.113.108 - - [29/May/2023:10:33:43 +0800] "GET /favicon.ico HTTP/1.1" 404 -
116.238.139.35 - - [29/May/2023:10:33:43 +0800] "GET /xingrg/all/function/internal_message.html?_=1685327623592&CODE_STATE=getMsg HTTP/1.1" 200 27
114.85.113.108 - - [29/May/2023:10:33:43 +0800] "GET /xingrg/javascript/jquery_easy_ui/themes/icons/settle_new.png HTTP/1.1" 200 826
114.85.113.108 - - [29/May/2023:10:33:43 +0800] "GET /xingrg/images/blue/navBackgound.jpg HTTP/1.1" 200 12378
114.85.113.108 - - [29/May/2023:10:33:44 +0800] "POST /xingrg/all/common/load_tree.html?tree=area_rest_tree_json&manage=1 HTTP/1.1" 200 351
114.85.113.108 - - [29/May/2023:10:33:44 +0800] "GET /xingrg/all/function/internal_message.html?_=1685327596954&CODE_STATE=count HTTP/1.1" 200 11
114.85.113.108 - - [29/May/2023:10:33:44 +0800] "GET /xingrg/check_reg.html?_=1685327596956 HTTP/1.1" 200 22
114.85.113.108 - - [29/May/2023:10:33:44 +0800] "GET /xingrg/images/blue/pingpu.png HTTP/1.1" 200 231
114.85.113.108 - - [29/May/2023:10:33:44 +0800] "GET /xingrg/javascript/jquery_easy_ui/themes/default/images/tabs_leftarrow.png HTTP/1.1" 200 389
114.85.113.108 - - [29/May/2023:10:33:44 +0800] "GET /xingrg/javascript/jquery_easy_ui/themes/default/images/tabs_rightarrow.png HTTP/1.1" 200 395
114.85.113.108 - - [29/May/2023:10:33:44 +0800] "GET /xingrg/javascript/jquery_easy_ui/themes/default/images/panel_tool_collapse.gif HTTP/1.1" 200 246
114.85.113.108 - - [29/May/2023:10:33:44 +0800] "POST /xingrg/load_menu.html HTTP/1.1" 200 5138
114.85.113.108 - - [29/May/2023:10:33:44 +0800] "GET /xingrg/javascript/jquery_easy_ui/themes/default/images/tree_arrows.gif HTTP/1.1" 200 1043
114.85.113.108 - - [29/May/2023:10:33:44 +0800] "GET /xingrg/javascript/jquery_easy_ui/themes/default/images/tree_folder_open.gif HTTP/1.1" 200 956
114.85.113.108 - - [29/May/2023:10:33:44 +0800] "GET /xingrg/javascript/jquery_easy_ui/themes/icons/search_new.png HTTP/1.1" 200 586
114.85.113.108 - - [29/May/2023:10:33:44 +0800] "GET /xingrg/javascript/jquery_easy_ui/themes/default/images/tree_folder.gif HTTP/1.1" 200 952
114.85.113.108 - - [29/May/2023:10:33:44 +0800] "GET /xingrg/javascript/jquery_easy_ui/themes/icons/forms_new.png HTTP/1.1" 200 350
114.85.113.108 - - [29/May/2023:10:33:44 +0800] "GET /xingrg/javascript/jquery_easy_ui/themes/icons/storage_new.png HTTP/1.1" 200 853
114.85.113.108 - - [29/May/2023:10:33:44 +0800] "GET /xingrg/javascript/jquery_easy_ui/themes/default/images/tree_file.gif HTTP/1.1" 200 118
101.83.145.52 - - [29/May/2023:10:33:46 +0800] "GET /xingrg/all/function/internal_message.html?_=1685327457696&CODE_STATE=getMsg HTTP/1.1" 200 27
114.85.113.108 - - [29/May/2023:10:33:47 +0800] "GET /xingrg/javascript/jquery_easy_ui/themes/default/images/tabs_close.gif HTTP/1.1" 200 829
114.83.218.148 - - [29/May/2023:10:33:48 +0800] "GET /xingrg/all/function/internal_message.html?_=1685327627184&CODE_STATE=getMsg HTTP/1.1" 200 27
114.85.113.108 - - [29/May/2023:10:33:48 +0800] "GET /xingrg/kc/buy/cgsh_order_list.html HTTP/1.1" 200 55678
114.85.113.108 - - [29/May/2023:10:33:48 +0800] "GET /xingrg/javascript/easyui/themes/icons/edit_add_new.png HTTP/1.1" 200 2997
114.85.113.108 - - [29/May/2023:10:33:48 +0800] "GET /xingrg/javascript/easyui/themes/icons/cance_new.png HTTP/1.1" 200 3986
114.85.113.108 - - [29/May/2023:10:33:48 +0800] "GET /xingrg/javascript/easyui/themes/icons/check_new.png HTTP/1.1" 200 3224
114.85.113.108 - - [29/May/2023:10:33:48 +0800] "GET /xingrg/javascript/easyui/themes/icons/field_new.png HTTP/1.1" 200 1097
114.85.113.108 - - [29/May/2023:10:33:48 +0800] "GET /xingrg/javascript/easyui/themes/icons/import_new.png HTTP/1.1" 200 1247
120.253.135.82 - - [29/May/2023:10:33:48 +0800] "GET /xingrg/all/function/internal_message.html?_=1685327768519&CODE_STATE=getMsg HTTP/1.1" 200 27
114.85.113.108 - - [29/May/2023:10:33:50 +0800] "POST /xingrg/kc/buy/cgsh_list_operate.html HTTP/1.1" 200 986
101.229.22.40 - - [29/May/2023:10:33:53 +0800] "GET /xingrg/all/function/internal_message.html?_=1685327633357&CODE_STATE=getMsg HTTP/1.1" 200 27
114.85.98.170 - - [29/May/2023:10:33:57 +0800] "GET /xingrg/all/function/internal_message.html?_=1685327637042&CODE_STATE=getMsg HTTP/1.1" 200 27
114.85.113.108 - - [29/May/2023:10:34:03 +0800] "GET /xingrg/javascript/easyui/themes/default/images/button_plain_hover.png HTTP/1.1" 200 144
218.81.217.41 - - [29/May/2023:10:34:07 +0800] "GET /xingrg/check_reg.html?_=1685327649229 HTTP/1.1" 200 22
114.85.98.170 - - [29/May/2023:10:34:07 +0800] "GET /xingrg/kc/base/wldb_order_operate.html?command=get_materiel&rest_code=00102&base_code=0010476&code=00101019185 HTTP/1.1" 200 468
180.164.3.199 - - [29/May/2023:10:34:09 +0800] "GET /xingrg/all/function/internal_message.html?_=1685327648583&CODE_STATE=getMsg HTTP/1.1" 200 27
222.70.180.90 - - [29/May/2023:10:34:09 +0800] "GET /xingrg/all/function/internal_message.html?_=1685327648948&CODE_STATE=getMsg HTTP/1.1" 200 27
180.169.147.146 - - [29/May/2023:10:34:10 +0800] "GET /xingrg/all/function/internal_message.html?_=1685327645771&CODE_STATE=getMsg HTTP/1.1" 200 27
120.253.135.82 - - [29/May/2023:10:34:15 +0800] "GET /xingrg/all/function/internal_message.html?_=1685327491129&CODE_STATE=getMsg HTTP/1.1" 200 27
116.237.77.151 - - [29/May/2023:10:34:17 +0800] "GET /xingrg/check_reg.html?_=1685327658580 HTTP/1.1" 200 22
116.232.195.127 - - [29/May/2023:10:34:20 +0800] "GET /xingrg/all/function/internal_message.html?_=1685327688303&CODE_STATE=getMsg HTTP/1.1" 200 27
116.232.195.127 - - [29/May/2023:10:34:20 +0800] "GET /xingrg/check_reg.html?_=1685327688305 HTTP/1.1" 200 22
218.81.217.41 - - [29/May/2023:10:34:23 +0800] "GET /xingrg/all/function/internal_message.html?_=1685327665185&CODE_STATE=getMsg HTTP/1.1" 200 27
101.83.145.52 - - [29/May/2023:10:34:30 +0800] "POST /xingrg/services/DataTransmitService HTTP/1.1" 200 524
101.83.145.52 - - [29/May/2023:10:34:31 +0800] "POST /xingrg/services/DataTransmitService HTTP/1.1" 200 412
222.67.234.146 - - [29/May/2023:10:34:36 +0800] "GET /xingrg/all/function/internal_message.html?_=1685327184159&CODE_STATE=getMsg HTTP/1.1" 200 27
116.237.77.151 - - [29/May/2023:10:34:38 +0800] "GET /xingrg/all/function/internal_message.html?_=1685327679694&CODE_STATE=getMsg HTTP/1.1" 200 27
58.40.7.146 - - [29/May/2023:10:34:40 +0800] "GET /xingrg/all/function/internal_message.html?_=1685327680859&CODE_STATE=getMsg HTTP/1.1" 200 27
116.238.139.35 - - [29/May/2023:10:34:43 +0800] "GET /xingrg/all/function/internal_message.html?_=1685327683591&CODE_STATE=getMsg HTTP/1.1" 200 27
114.85.113.108 - - [29/May/2023:10:34:44 +0800] "GET /xingrg/all/function/internal_message.html?_=1685327656965&CODE_STATE=getMsg HTTP/1.1" 200 27
114.85.98.170 - - [29/May/2023:10:34:45 +0800] "GET /xingrg/kc/base/wldb_order_operate.html?command=get_materiel&rest_code=00102&base_code=0010476&code=00101019391 HTTP/1.1" 200 485
101.83.145.52 - - [29/May/2023:10:34:46 +0800] "GET /xingrg/all/function/internal_message.html?_=1685327517731&CODE_STATE=getMsg HTTP/1.1" 200 27
114.83.218.148 - - [29/May/2023:10:34:48 +0800] "GET /xingrg/all/function/internal_message.html?_=1685327687157&CODE_STATE=getMsg HTTP/1.1" 200 27
120.253.135.82 - - [29/May/2023:10:34:48 +0800] "GET /xingrg/all/function/internal_message.html?_=1685327828521&CODE_STATE=getMsg HTTP/1.1" 200 27
114.85.98.170 - - [29/May/2023:10:34:50 +0800] "GET /xingrg/kc/base/wldb_order_operate.html?command=get_materiel&rest_code=00102&base_code=0010476&code=00101019183 HTTP/1.1" 200 448
101.229.22.40 - - [29/May/2023:10:34:53 +0800] "GET /xingrg/all/function/internal_message.html?_=1685327693355&CODE_STATE=getMsg HTTP/1.1" 200 27
114.85.98.170 - - [29/May/2023:10:34:54 +0800] "GET /xingrg/kc/base/wldb_order_operate.html?command=get_materiel&rest_code=00102&base_code=0010476&code=00101019400 HTTP/1.1" 200 464
114.85.98.170 - - [29/May/2023:10:34:57 +0800] "GET /xingrg/all/function/internal_message.html?_=1685327697040&CODE_STATE=getMsg HTTP/1.1" 200 27
114.85.98.170 - - [29/May/2023:10:35:03 +0800] "POST /xingrg/kc/base/wldb_order_operate.html HTTP/1.1" 200 37
114.85.98.170 - - [29/May/2023:10:35:09 +0800] "POST /xingrg/kc/base/wldb_order_operate.html HTTP/1.1" 200 12
180.164.3.199 - - [29/May/2023:10:35:09 +0800] "GET /xingrg/all/function/internal_message.html?_=1685327708583&CODE_STATE=getMsg HTTP/1.1" 200 27
114.85.98.170 - - [29/May/2023:10:35:09 +0800] "POST /xingrg/kc/base/wldb_order_operate.html HTTP/1.1" 200 3708
222.70.180.90 - - [29/May/2023:10:35:09 +0800] "GET /xingrg/all/function/internal_message.html?_=1685327708948&CODE_STATE=getMsg HTTP/1.1" 200 27
114.85.98.170 - - [29/May/2023:10:35:10 +0800] "GET /xingrg/kc/base/wldb_order_info.html?code=422023052902319 HTTP/1.1" 200 26254
180.169.147.146 - - [29/May/2023:10:35:10 +0800] "GET /xingrg/check_reg.html?_=1685327705786 HTTP/1.1" 200 22
180.169.147.146 - - [29/May/2023:10:35:10 +0800] "GET /xingrg/all/function/internal_message.html?_=1685327705785&CODE_STATE=getMsg HTTP/1.1" 200 27
114.85.98.170 - - [29/May/2023:10:35:10 +0800] "GET /xingrg/javascript/easyui/themes/default/validatebox.css HTTP/1.1" 404 1104
114.85.98.170 - - [29/May/2023:10:35:11 +0800] "POST /xingrg/kc/base/wldb_order_operate.html HTTP/1.1" 200 1972
114.85.98.170 - - [29/May/2023:10:35:14 +0800] "GET /xingrg/kc/base/wldb_order_add.html HTTP/1.1" 200 30377
114.85.98.170 - - [29/May/2023:10:35:14 +0800] "POST /xingrg/kc/base/wldb_order_operate.html HTTP/1.1" 200 6806
114.85.98.170 - - [29/May/2023:10:35:14 +0800] "GET /xingrg/javascript/easyui/themes/default/validatebox.css HTTP/1.1" 404 1104
120.253.135.82 - - [29/May/2023:10:35:15 +0800] "GET /xingrg/all/function/internal_message.html?_=1685327551138&CODE_STATE=getMsg HTTP/1.1" 200 27
114.85.98.170 - - [29/May/2023:10:35:16 +0800] "POST /xingrg/all/common/load_combo.html?type=base HTTP/1.1" 200 3321
114.85.98.170 - - [29/May/2023:10:35:17 +0800] "POST /xingrg/all/common/load_combo.html?type=base HTTP/1.1" 200 3321
116.232.195.127 - - [29/May/2023:10:35:20 +0800] "GET /xingrg/all/function/internal_message.html?_=1685327748297&CODE_STATE=getMsg HTTP/1.1" 200 27
218.81.217.41 - - [29/May/2023:10:35:23 +0800] "GET /xingrg/all/function/internal_message.html?_=1685327725198&CODE_STATE=getMsg HTTP/1.1" 200 27
114.85.98.170 - - [29/May/2023:10:35:25 +0800] "GET /xingrg/kc/base/wldb_order_operate.html?command=get_materiel&rest_code=00102&base_code=0010476&code=00101013092 HTTP/1.1" 200 433
101.83.145.52 - - [29/May/2023:10:35:26 +0800] "GET /xingrg/kc/buy/cgsh_order_add.html HTTP/1.1" 200 71536
101.83.145.52 - - [29/May/2023:10:35:26 +0800] "POST /xingrg/kc/buy/cgsh_order_operate.html HTTP/1.1" 200 8245
101.83.145.52 - - [29/May/2023:10:35:26 +0800] "GET /xingrg/javascript/easyui/themes/default/validatebox.css HTTP/1.1" 404 1104
114.85.98.170 - - [29/May/2023:10:35:29 +0800] "GET /xingrg/kc/base/wldb_order_operate.html?command=get_materiel&rest_code=00102&base_code=0010476&code=00101019063 HTTP/1.1" 200 461
114.85.98.170 - - [29/May/2023:10:35:34 +0800] "GET /xingrg/kc/base/wldb_order_operate.html?command=get_materiel&rest_code=00102&base_code=0010476&code=00101019297 HTTP/1.1" 200 476
222.67.234.146 - - [29/May/2023:10:35:36 +0800] "GET /xingrg/all/function/internal_message.html?_=1685327244158&CODE_STATE=getMsg HTTP/1.1" 200 27
116.237.77.151 - - [29/May/2023:10:35:38 +0800] "GET /xingrg/check_reg.html?_=1685327739695 HTTP/1.1" 200 22
116.237.77.151 - - [29/May/2023:10:35:38 +0800] "GET /xingrg/all/function/internal_message.html?_=1685327739698&CODE_STATE=getMsg HTTP/1.1" 200 27
114.85.98.170 - - [29/May/2023:10:35:38 +0800] "GET /xingrg/kc/base/wldb_order_operate.html?command=get_materiel&rest_code=00102&base_code=0010476&code=00101019258 HTTP/1.1" 200 483
58.40.7.146 - - [29/May/2023:10:35:40 +0800] "GET /xingrg/all/function/internal_message.html?_=1685327740844&CODE_STATE=getMsg HTTP/1.1" 200 27
114.85.98.170 - - [29/May/2023:10:35:43 +0800] "GET /xingrg/kc/base/wldb_order_operate.html?command=get_materiel&rest_code=00102&base_code=0010476&code=00101019066 HTTP/1.1" 200 455
116.238.139.35 - - [29/May/2023:10:35:43 +0800] "GET /xingrg/all/function/internal_message.html?_=1685327743591&CODE_STATE=getMsg HTTP/1.1" 200 27
116.238.139.35 - - [29/May/2023:10:35:43 +0800] "GET /xingrg/check_reg.html?_=1685327743594 HTTP/1.1" 200 22
114.85.113.108 - - [29/May/2023:10:35:44 +0800] "GET /xingrg/all/function/internal_message.html?_=1685327716967&CODE_STATE=getMsg HTTP/1.1" 200 27
101.83.145.52 - - [29/May/2023:10:35:46 +0800] "GET /xingrg/all/function/internal_message.html?_=1685327577707&CODE_STATE=getMsg HTTP/1.1" 200 27
101.83.145.52 - - [29/May/2023:10:35:47 +0800] "GET /xingrg/javascript/jquery_easy_ui/themes/default/images/tabs_active.png HTTP/1.1" 304 -
114.83.218.148 - - [29/May/2023:10:35:48 +0800] "GET /xingrg/all/function/internal_message.html?_=1685327747135&CODE_STATE=getMsg HTTP/1.1" 200 27
120.253.135.82 - - [29/May/2023:10:35:48 +0800] "GET /xingrg/all/function/internal_message.html?_=1685327888526&CODE_STATE=getMsg HTTP/1.1" 200 27
101.229.22.40 - - [29/May/2023:10:35:53 +0800] "GET /xingrg/all/function/internal_message.html?_=1685327753355&CODE_STATE=getMsg HTTP/1.1" 200 27
114.85.98.170 - - [29/May/2023:10:35:57 +0800] "GET /xingrg/check_reg.html?_=1685327757022 HTTP/1.1" 200 22
114.85.98.170 - - [29/May/2023:10:35:57 +0800] "GET /xingrg/all/function/internal_message.html?_=1685327757025&CODE_STATE=getMsg HTTP/1.1" 200 27
172.20.0.100 - - [29/May/2023:10:35:57 +0800] "GET /xingrg/check_reg.html?_=1685327758692 HTTP/1.1" 302 -
101.83.145.52 - - [29/May/2023:10:36:01 +0800] "GET /xingrg/kc/buy/cgsh_order_operate.html?command=get_materiel&rest_code=00105&code=00101004104&supplier_code=00100086&order_time=2023-05-29 HTTP/1.1" 200 408
114.85.98.170 - - [29/May/2023:10:36:04 +0800] "POST /xingrg/kc/base/wldb_order_operate.html HTTP/1.1" 200 37
180.164.3.199 - - [29/May/2023:10:36:09 +0800] "GET /xingrg/check_reg.html?_=1685327768571 HTTP/1.1" 200 22
180.164.3.199 - - [29/May/2023:10:36:09 +0800] "GET /xingrg/all/function/internal_message.html?_=1685327768574&CODE_STATE=getMsg HTTP/1.1" 200 27
222.70.180.90 - - [29/May/2023:10:36:09 +0800] "GET /xingrg/all/function/internal_message.html?_=1685327768948&CODE_STATE=getMsg HTTP/1.1" 200 27
114.85.98.170 - - [29/May/2023:10:36:09 +0800] "POST /xingrg/kc/base/wldb_order_operate.html HTTP/1.1" 200 12
114.85.98.170 - - [29/May/2023:10:36:10 +0800] "POST /xingrg/kc/base/wldb_order_operate.html HTTP/1.1" 200 4190
180.169.147.146 - - [29/May/2023:10:36:10 +0800] "GET /xingrg/all/function/internal_message.html?_=1685327765784&CODE_STATE=getMsg HTTP/1.1" 200 27
114.85.98.170 - - [29/May/2023:10:36:11 +0800] "GET /xingrg/kc/base/wldb_order_info.html?code=422023052902320 HTTP/1.1" 200 26253
114.85.98.170 - - [29/May/2023:10:36:12 +0800] "GET /xingrg/javascript/easyui/themes/default/validatebox.css HTTP/1.1" 404 1104
114.85.98.170 - - [29/May/2023:10:36:12 +0800] "POST /xingrg/kc/base/wldb_order_operate.html HTTP/1.1" 200 2440
120.253.135.82 - - [29/May/2023:10:36:15 +0800] "GET /xingrg/all/function/internal_message.html?_=1685327611157&CODE_STATE=getMsg HTTP/1.1" 200 27
116.232.195.127 - - [29/May/2023:10:36:20 +0800] "GET /xingrg/all/function/internal_message.html?_=1685327808289&CODE_STATE=getMsg HTTP/1.1" 200 27
101.83.145.52 - - [29/May/2023:10:36:21 +0800] "POST /xingrg/kc/buy/cgsh_order_operate.html HTTP/1.1" 200 37
218.81.217.41 - - [29/May/2023:10:36:23 +0800] "GET /xingrg/all/function/internal_message.html?_=1685327785528&CODE_STATE=getMsg HTTP/1.1" 200 27
101.83.145.52 - - [29/May/2023:10:36:28 +0800] "POST /xingrg/kc/buy/cgsh_order_operate.html HTTP/1.1" 200 2655
222.67.234.146 - - [29/May/2023:10:36:36 +0800] "GET /xingrg/all/function/internal_message.html?_=1685327304157&CODE_STATE=getMsg HTTP/1.1" 200 27
116.237.77.151 - - [29/May/2023:10:36:38 +0800] "GET /xingrg/all/function/internal_message.html?_=1685327799698&CODE_STATE=getMsg HTTP/1.1" 200 27
101.83.145.52 - - [29/May/2023:10:36:38 +0800] "GET /xingrg/kc/print/load_data.html?order_code=212023052910916&kc_code=cgsh&condition= HTTP/1.1" 200 731
58.40.7.146 - - [29/May/2023:10:36:40 +0800] "GET /xingrg/all/function/internal_message.html?_=1685327800846&CODE_STATE=getMsg HTTP/1.1" 200 27
58.40.7.146 - - [29/May/2023:10:36:40 +0800] "GET /xingrg/check_reg.html?_=1685327800847 HTTP/1.1" 200 22
116.238.139.35 - - [29/May/2023:10:36:43 +0800] "GET /xingrg/all/function/internal_message.html?_=1685327803591&CODE_STATE=getMsg HTTP/1.1" 200 27
114.85.113.108 - - [29/May/2023:10:36:44 +0800] "GET /xingrg/all/function/internal_message.html?_=1685327776968&CODE_STATE=getMsg HTTP/1.1" 200 27
101.83.145.52 - - [29/May/2023:10:36:46 +0800] "GET /xingrg/all/function/internal_message.html?_=1685327637717&CODE_STATE=getMsg HTTP/1.1" 200 27
101.83.145.52 - - [29/May/2023:10:36:46 +0800] "GET /xingrg/check_reg.html?_=1685327637720 HTTP/1.1" 200 22
114.83.218.148 - - [29/May/2023:10:36:48 +0800] "GET /xingrg/all/function/internal_message.html?_=1685327807122&CODE_STATE=getMsg HTTP/1.1" 200 27
120.253.135.82 - - [29/May/2023:10:36:48 +0800] "GET /xingrg/all/function/internal_message.html?_=1685327948530&CODE_STATE=getMsg HTTP/1.1" 200 27
101.229.22.40 - - [29/May/2023:10:36:53 +0800] "GET /xingrg/check_reg.html?_=1685327813362 HTTP/1.1" 200 22
101.229.22.40 - - [29/May/2023:10:36:53 +0800] "GET /xingrg/all/function/internal_message.html?_=1685327813357&CODE_STATE=getMsg HTTP/1.1" 200 27
114.85.98.170 - - [29/May/2023:10:36:57 +0800] "GET /xingrg/all/function/internal_message.html?_=1685327817028&CODE_STATE=getMsg HTTP/1.1" 200 27
180.164.3.199 - - [29/May/2023:10:37:09 +0800] "GET /xingrg/all/function/internal_message.html?_=1685327828578&CODE_STATE=getMsg HTTP/1.1" 200 27
222.70.180.90 - - [29/May/2023:10:37:09 +0800] "GET /xingrg/check_reg.html?_=1685327828948 HTTP/1.1" 200 22
222.70.180.90 - - [29/May/2023:10:37:09 +0800] "GET /xingrg/all/function/internal_message.html?_=1685327828951&CODE_STATE=getMsg HTTP/1.1" 200 27
180.169.147.146 - - [29/May/2023:10:37:10 +0800] "GET /xingrg/all/function/internal_message.html?_=1685327825783&CODE_STATE=getMsg HTTP/1.1" 200 27
120.253.135.82 - - [29/May/2023:10:37:15 +0800] "GET /xingrg/all/function/internal_message.html?_=1685327671164&CODE_STATE=getMsg HTTP/1.1" 200 27
222.70.180.90 - - [29/May/2023:10:37:20 +0800] "GET /xingrg/login.html HTTP/1.1" 200 7641
116.232.195.127 - - [29/May/2023:10:37:20 +0800] "GET /xingrg/all/function/internal_message.html?_=1685327868294&CODE_STATE=getMsg HTTP/1.1" 200 27
222.70.180.90 - - [29/May/2023:10:37:20 +0800] "GET /favicon.ico HTTP/1.1" 404 -
218.81.217.41 - - [29/May/2023:10:37:23 +0800] "GET /xingrg/all/function/internal_message.html?_=1685327845537&CODE_STATE=getMsg HTTP/1.1" 200 27
222.70.180.90 - - [29/May/2023:10:37:29 +0800] "POST /xingrg/login.do HTTP/1.1" 302 -
222.70.180.90 - - [29/May/2023:10:37:29 +0800] "GET /xingrg/index.html?sysBaseUrl=http%3A%2F%2F180.169.147.146%3A18081%2Fxingrg%2F&costTime=838×tamp=1685327849122 HTTP/1.1" 200 17173
222.70.180.90 - - [29/May/2023:10:37:29 +0800] "GET /favicon.ico HTTP/1.1" 404 -
222.70.180.90 - - [29/May/2023:10:37:29 +0800] "GET /xingrg/all/function/internal_message.html?_=1685327849214&CODE_STATE=count HTTP/1.1" 200 11
222.70.180.90 - - [29/May/2023:10:37:29 +0800] "GET /xingrg/check_reg.html?_=1685327849217 HTTP/1.1" 200 22
222.70.180.90 - - [29/May/2023:10:37:29 +0800] "POST /xingrg/all/common/load_tree.html?tree=area_rest_tree_json&manage=1 HTTP/1.1" 200 342
222.70.180.90 - - [29/May/2023:10:37:29 +0800] "POST /xingrg/load_menu.html HTTP/1.1" 200 5138
222.70.180.90 - - [29/May/2023:10:37:30 +0800] "GET /xingrg/kc/buy/buy_main.html HTTP/1.1" 200 12412
222.70.180.90 - - [29/May/2023:10:37:30 +0800] "GET /xingrg/css/new_ie.css HTTP/1.1" 404 1036
222.70.180.90 - - [29/May/2023:10:37:31 +0800] "GET /xingrg/images/yd/bt.gif HTTP/1.1" 404 1040
222.70.180.90 - - [29/May/2023:10:37:32 +0800] "GET /xingrg/kc/buy/cgsh_order_list.html HTTP/1.1" 200 55672
101.83.145.52 - - [29/May/2023:10:37:32 +0800] "GET /xingrg/kc/buy/cgsh_order_add.html HTTP/1.1" 200 71536
101.83.145.52 - - [29/May/2023:10:37:33 +0800] "POST /xingrg/kc/buy/cgsh_order_operate.html HTTP/1.1" 200 8245
101.83.145.52 - - [29/May/2023:10:37:33 +0800] "GET /xingrg/javascript/easyui/themes/default/validatebox.css HTTP/1.1" 404 1104
222.67.234.146 - - [29/May/2023:10:37:36 +0800] "GET /xingrg/all/function/internal_message.html?_=1685327364157&CODE_STATE=getMsg HTTP/1.1" 200 27
222.67.234.146 - - [29/May/2023:10:37:36 +0800] "GET /xingrg/check_reg.html?_=1685327364158 HTTP/1.1" 200 22
222.70.180.90 - - [29/May/2023:10:37:36 +0800] "POST /xingrg/kc/buy/cgsh_list_operate.html HTTP/1.1" 200 3966
116.237.77.151 - - [29/May/2023:10:37:38 +0800] "GET /xingrg/all/function/internal_message.html?_=1685327859697&CODE_STATE=getMsg HTTP/1.1" 200 27
222.70.180.90 - - [29/May/2023:10:37:40 +0800] "GET /xingrg/kc/buy/cgsh_order_add.html HTTP/1.1" 200 71410
58.40.7.146 - - [29/May/2023:10:37:40 +0800] "GET /xingrg/all/function/internal_message.html?_=1685327860847&CODE_STATE=getMsg HTTP/1.1" 200 27
222.70.180.90 - - [29/May/2023:10:37:40 +0800] "GET /xingrg/javascript/easyui/themes/default/validatebox.css HTTP/1.1" 404 1104
222.70.180.90 - - [29/May/2023:10:37:40 +0800] "POST /xingrg/kc/buy/cgsh_order_operate.html HTTP/1.1" 200 8245
222.70.180.90 - - [29/May/2023:10:37:40 +0800] "GET /xingrg/all/common/auto_word.html?type=employee&rest_code=00111 HTTP/1.1" 200 155
222.70.180.90 - - [29/May/2023:10:37:40 +0800] "GET /xingrg/all/common/auto_word.html?type=employee&rest_code=00111 HTTP/1.1" 200 155
222.70.180.90 - - [29/May/2023:10:37:42 +0800] "GET /xingrg/javascript/auto/indicator.gif HTTP/1.1" 404 1066
222.70.180.90 - - [29/May/2023:10:37:43 +0800] "GET /xingrg/javascript/jquery_tools/images/next.gif HTTP/1.1" 404 1086
222.70.180.90 - - [29/May/2023:10:37:43 +0800] "GET /xingrg/javascript/jquery_tools/images/prev.gif HTTP/1.1" 404 1086
116.238.139.35 - - [29/May/2023:10:37:43 +0800] "GET /xingrg/all/function/internal_message.html?_=1685327863609&CODE_STATE=getMsg HTTP/1.1" 200 27
114.85.113.108 - - [29/May/2023:10:37:44 +0800] "GET /xingrg/all/function/internal_message.html?_=1685327836968&CODE_STATE=getMsg HTTP/1.1" 200 27
114.83.218.148 - - [29/May/2023:10:37:45 +0800] "GET /xingrg/check_reg.html?_=1685327864631 HTTP/1.1" 200 22
101.83.145.52 - - [29/May/2023:10:37:46 +0800] "GET /xingrg/all/function/internal_message.html?_=1685327697725&CODE_STATE=getMsg HTTP/1.1" 200 27
114.83.218.148 - - [29/May/2023:10:37:48 +0800] "GET /xingrg/all/function/internal_message.html?_=1685327867106&CODE_STATE=getMsg HTTP/1.1" 200 27
120.253.135.82 - - [29/May/2023:10:37:48 +0800] "GET /xingrg/all/function/internal_message.html?_=1685328008558&CODE_STATE=getMsg HTTP/1.1" 200 27
120.253.135.82 - - [29/May/2023:10:37:48 +0800] "GET /xingrg/check_reg.html?_=1685328008560 HTTP/1.1" 200 22
222.70.180.90 - - [29/May/2023:10:37:51 +0800] "GET /xingrg/kc/buy/cgsh_order_operate.html?command=get_materiel&rest_code=00111&code=00101001037&supplier_code=00100090&order_time=2023-05-29 HTTP/1.1" 200 418
101.229.22.40 - - [29/May/2023:10:37:53 +0800] "GET /xingrg/all/function/internal_message.html?_=1685327873346&CODE_STATE=getMsg HTTP/1.1" 200 27
101.83.145.52 - - [29/May/2023:10:37:54 +0800] "GET /xingrg/kc/buy/cgsh_order_operate.html?command=get_materiel&rest_code=00105&code=00101001037&supplier_code=00100090&order_time=2023-05-29 HTTP/1.1" 200 418
114.85.98.170 - - [29/May/2023:10:37:57 +0800] "GET /xingrg/all/function/internal_message.html?_=1685327877042&CODE_STATE=getMsg HTTP/1.1" 200 27
222.67.234.146 - - [29/May/2023:10:37:59 +0800] "POST /xingrg/services/DataTransmitService HTTP/1.1" 200 524
222.67.234.146 - - [29/May/2023:10:37:59 +0800] "POST /xingrg/services/DataTransmitService HTTP/1.1" 200 501
180.164.3.199 - - [29/May/2023:10:38:09 +0800] "GET /xingrg/all/function/internal_message.html?_=1685327888581&CODE_STATE=getMsg HTTP/1.1" 200 27
180.169.147.146 - - [29/May/2023:10:38:10 +0800] "GET /xingrg/all/function/internal_message.html?_=1685327885782&CODE_STATE=getMsg HTTP/1.1" 200 27
120.253.135.82 - - [29/May/2023:10:38:15 +0800] "GET /xingrg/check_reg.html?_=1685327731116 HTTP/1.1" 200 22
120.253.135.82 - - [29/May/2023:10:38:15 +0800] "GET /xingrg/all/function/internal_message.html?_=1685327731179&CODE_STATE=getMsg HTTP/1.1" 200 27
120.253.135.82 - - [29/May/2023:10:38:18 +0800] "POST /xingrg/kc/pszx/mdps_list_operate.html HTTP/1.1" 200 4108
116.232.195.127 - - [29/May/2023:10:38:20 +0800] "GET /xingrg/all/function/internal_message.html?_=1685327928309&CODE_STATE=getMsg HTTP/1.1" 200 27
218.81.217.41 - - [29/May/2023:10:38:24 +0800] "GET /xingrg/all/function/internal_message.html?_=1685327905838&CODE_STATE=getMsg HTTP/1.1" 200 27
120.253.135.82 - - [29/May/2023:10:38:24 +0800] "POST /xingrg/kc/pszx/mdps_list_operate.html HTTP/1.1" 200 205
120.253.135.82 - - [29/May/2023:10:38:24 +0800] "GET /xingrg/kc/pszx/mdps_order_info.html?code=312023052900598 HTTP/1.1" 200 23974
120.253.135.82 - - [29/May/2023:10:38:24 +0800] "GET /xingrg/javascript/myfunction.js HTTP/1.1" 304 -
120.253.135.82 - - [29/May/2023:10:38:24 +0800] "GET /xingrg/javascript/pic_change.js HTTP/1.1" 304 -
120.253.135.82 - - [29/May/2023:10:38:24 +0800] "GET /xingrg/javascript/jquery_tools/order_manager.js HTTP/1.1" 304 -
120.253.135.82 - - [29/May/2023:10:38:24 +0800] "GET /xingrg/javascript/print/kc_print.js HTTP/1.1" 304 -
120.253.135.82 - - [29/May/2023:10:38:25 +0800] "GET /xingrg/javascript/convert.js HTTP/1.1" 304 -
120.253.135.82 - - [29/May/2023:10:38:25 +0800] "GET /xingrg/javascript/json2.js HTTP/1.1" 304 -
120.253.135.82 - - [29/May/2023:10:38:25 +0800] "GET /xingrg/words/20230528204915_words.js HTTP/1.1" 304 -
120.253.135.82 - - [29/May/2023:10:38:25 +0800] "GET /xingrg/javascript/easyui/themes/default/validatebox.css HTTP/1.1" 404 1104
120.253.135.82 - - [29/May/2023:10:38:25 +0800] "GET /xingrg/javascript/easyui/plugins/jquery.validatebox.js HTTP/1.1" 304 -
120.253.135.82 - - [29/May/2023:10:38:25 +0800] "GET /xingrg/javascript/easyui/plugins/jquery.numberbox.js HTTP/1.1" 304 -
120.253.135.82 - - [29/May/2023:10:38:25 +0800] "GET /xingrg/all/common/auto_word.html?type=base&rest_code=00101 HTTP/1.1" 200 671
120.253.135.82 - - [29/May/2023:10:38:25 +0800] "POST /xingrg/kc/pszx/mdps_order_operate.html HTTP/1.1" 200 2284
222.70.180.90 - - [29/May/2023:10:38:26 +0800] "POST /xingrg/kc/buy/cgsh_order_operate.html HTTP/1.1" 200 37
120.253.135.82 - - [29/May/2023:10:38:27 +0800] "GET /xingrg/kc/print/load_config.html?kc_code=mdps HTTP/1.1" 200 2390
120.253.135.82 - - [29/May/2023:10:38:28 +0800] "GET /xingrg/kc/print/load_data.html?order_code=312023052900598&kc_code=mdps&condition= HTTP/1.1" 200 685
222.70.180.90 - - [29/May/2023:10:38:28 +0800] "POST /xingrg/kc/buy/cgsh_order_operate.html HTTP/1.1" 200 2665
222.70.180.90 - - [29/May/2023:10:38:29 +0800] "GET /xingrg/all/function/internal_message.html?_=1685327909220&CODE_STATE=getMsg HTTP/1.1" 200 27
222.70.180.90 - - [29/May/2023:10:38:31 +0800] "GET /xingrg/kc/print/load_config.html?kc_code=cgsh HTTP/1.1" 200 1924
222.70.180.90 - - [29/May/2023:10:38:31 +0800] "GET /xingrg/kc/print/load_data.html?order_code=212023052910917&kc_code=cgsh&condition= HTTP/1.1" 200 745
222.67.234.146 - - [29/May/2023:10:38:36 +0800] "GET /xingrg/all/function/internal_message.html?_=1685327424157&CODE_STATE=getMsg HTTP/1.1" 200 27
101.83.145.52 - - [29/May/2023:10:38:37 +0800] "POST /xingrg/kc/buy/cgsh_order_operate.html HTTP/1.1" 200 37
222.70.180.90 - - [29/May/2023:10:38:38 +0800] "GET /xingrg/kc/buy/cgsh_order_add.html HTTP/1.1" 200 71410
116.237.77.151 - - [29/May/2023:10:38:38 +0800] "GET /xingrg/all/function/internal_message.html?_=1685327919698&CODE_STATE=getMsg HTTP/1.1" 200 27
222.70.180.90 - - [29/May/2023:10:38:38 +0800] "POST /xingrg/kc/buy/cgsh_order_operate.html HTTP/1.1" 200 8245
222.70.180.90 - - [29/May/2023:10:38:38 +0800] "GET /xingrg/javascript/easyui/themes/default/validatebox.css HTTP/1.1" 404 1104
101.83.145.52 - - [29/May/2023:10:38:39 +0800] "POST /xingrg/kc/buy/cgsh_order_operate.html HTTP/1.1" 200 2665
58.40.7.146 - - [29/May/2023:10:38:40 +0800] "GET /xingrg/all/function/internal_message.html?_=1685327920851&CODE_STATE=getMsg HTTP/1.1" 200 27
101.83.145.52 - - [29/May/2023:10:38:42 +0800] "GET /xingrg/kc/print/load_data.html?order_code=212023052910918&kc_code=cgsh&condition= HTTP/1.1" 200 742
116.238.139.35 - - [29/May/2023:10:38:43 +0800] "GET /xingrg/all/function/internal_message.html?_=1685327923596&CODE_STATE=getMsg HTTP/1.1" 200 27
114.85.113.108 - - [29/May/2023:10:38:44 +0800] "GET /xingrg/check_reg.html?_=1685327896969 HTTP/1.1" 200 22
114.85.113.108 - - [29/May/2023:10:38:44 +0800] "GET /xingrg/all/function/internal_message.html?_=1685327896970&CODE_STATE=getMsg HTTP/1.1" 200 27
101.83.145.52 - - [29/May/2023:10:38:46 +0800] "GET /xingrg/all/function/internal_message.html?_=1685327757852&CODE_STATE=getMsg HTTP/1.1" 200 27
114.83.218.148 - - [29/May/2023:10:38:48 +0800] "GET /xingrg/all/function/internal_message.html?_=1685327927091&CODE_STATE=getMsg HTTP/1.1" 200 27
120.253.135.82 - - [29/May/2023:10:38:48 +0800] "GET /xingrg/all/function/internal_message.html?_=1685328068538&CODE_STATE=getMsg HTTP/1.1" 200 27
101.229.22.40 - - [29/May/2023:10:38:53 +0800] "GET /xingrg/all/function/internal_message.html?_=1685327933353&CODE_STATE=getMsg HTTP/1.1" 200 27
114.85.98.170 - - [29/May/2023:10:38:57 +0800] "GET /xingrg/all/function/internal_message.html?_=1685327937033&CODE_STATE=getMsg HTTP/1.1" 200 27
218.81.217.41 - - [29/May/2023:10:39:07 +0800] "GET /xingrg/check_reg.html?_=1685327949231 HTTP/1.1" 200 22
101.83.145.52 - - [29/May/2023:10:39:07 +0800] "GET /xingrg/kc/buy/cgsh_order_add.html HTTP/1.1" 200 71536
101.83.145.52 - - [29/May/2023:10:39:08 +0800] "POST /xingrg/kc/buy/cgsh_order_operate.html HTTP/1.1" 200 8245
101.83.145.52 - - [29/May/2023:10:39:08 +0800] "GET /xingrg/javascript/easyui/themes/default/validatebox.css HTTP/1.1" 404 1104
180.164.3.199 - - [29/May/2023:10:39:09 +0800] "GET /xingrg/all/function/internal_message.html?_=1685327948581&CODE_STATE=getMsg HTTP/1.1" 200 27
180.169.147.146 - - [29/May/2023:10:39:10 +0800] "GET /xingrg/all/function/internal_message.html?_=1685327945779&CODE_STATE=getMsg HTTP/1.1" 200 27
120.253.135.82 - - [29/May/2023:10:39:15 +0800] "GET /xingrg/all/function/internal_message.html?_=1685327791199&CODE_STATE=getMsg HTTP/1.1" 200 27
116.237.77.151 - - [29/May/2023:10:39:17 +0800] "GET /xingrg/check_reg.html?_=1685327958556 HTTP/1.1" 200 22
222.70.180.90 - - [29/May/2023:10:39:17 +0800] "GET /xingrg/kc/buy/cgsh_order_operate.html?command=get_materiel&rest_code=00111&code=00101004104&supplier_code=00100086&order_time=2023-05-29 HTTP/1.1" 200 408
116.232.195.127 - - [29/May/2023:10:39:20 +0800] "GET /xingrg/check_reg.html?_=1685327988310 HTTP/1.1" 200 22
116.232.195.127 - - [29/May/2023:10:39:20 +0800] "GET /xingrg/all/function/internal_message.html?_=1685327988312&CODE_STATE=getMsg HTTP/1.1" 200 27
218.81.217.41 - - [29/May/2023:10:39:24 +0800] "GET /xingrg/all/function/internal_message.html?_=1685327965846&CODE_STATE=getMsg HTTP/1.1" 200 27
222.70.180.90 - - [29/May/2023:10:39:29 +0800] "POST /xingrg/kc/buy/cgsh_order_operate.html HTTP/1.1" 200 37
222.70.180.90 - - [29/May/2023:10:39:33 +0800] "POST /xingrg/kc/buy/cgsh_order_operate.html HTTP/1.1" 200 2655
222.67.234.146 - - [29/May/2023:10:39:36 +0800] "GET /xingrg/all/function/internal_message.html?_=1685327484151&CODE_STATE=getMsg HTTP/1.1" 200 27
222.70.180.90 - - [29/May/2023:10:39:36 +0800] "GET /xingrg/kc/print/load_data.html?order_code=212023052910919&kc_code=cgsh&condition= HTTP/1.1" 200 725
116.237.77.151 - - [29/May/2023:10:39:38 +0800] "GET /xingrg/all/function/internal_message.html?_=1685327979698&CODE_STATE=getMsg HTTP/1.1" 200 27
222.70.180.90 - - [29/May/2023:10:39:40 +0800] "GET /xingrg/kc/buy/cgsh_order_add.html HTTP/1.1" 200 71410
222.70.180.90 - - [29/May/2023:10:39:40 +0800] "POST /xingrg/kc/buy/cgsh_order_operate.html HTTP/1.1" 200 8245
222.70.180.90 - - [29/May/2023:10:39:40 +0800] "GET /xingrg/javascript/easyui/themes/default/validatebox.css HTTP/1.1" 404 1104
58.40.7.146 - - [29/May/2023:10:39:40 +0800] "GET /xingrg/all/function/internal_message.html?_=1685327980854&CODE_STATE=getMsg HTTP/1.1" 200 27
116.238.139.35 - - [29/May/2023:10:39:43 +0800] "GET /xingrg/all/function/internal_message.html?_=1685327983604&CODE_STATE=getMsg HTTP/1.1" 200 27
114.85.113.108 - - [29/May/2023:10:39:44 +0800] "GET /xingrg/all/function/internal_message.html?_=1685327956969&CODE_STATE=getMsg HTTP/1.1" 200 27
101.83.145.52 - - [29/May/2023:10:39:46 +0800] "GET /xingrg/all/function/internal_message.html?_=1685327817835&CODE_STATE=getMsg HTTP/1.1" 200 27
114.83.218.148 - - [29/May/2023:10:39:48 +0800] "GET /xingrg/all/function/internal_message.html?_=1685327987080&CODE_STATE=getMsg HTTP/1.1" 200 27
120.253.135.82 - - [29/May/2023:10:39:48 +0800] "GET /xingrg/all/function/internal_message.html?_=1685328128546&CODE_STATE=getMsg HTTP/1.1" 200 27
120.253.135.82 - - [29/May/2023:10:39:50 +0800] "POST /xingrg/kc/pszx/mdps_list_operate.html HTTP/1.1" 200 205
120.253.135.82 - - [29/May/2023:10:39:50 +0800] "GET /xingrg/kc/pszx/mdps_order_info.html?code=312023052900598 HTTP/1.1" 200 23974
120.253.135.82 - - [29/May/2023:10:39:51 +0800] "GET /xingrg/javascript/easyui/themes/default/validatebox.css HTTP/1.1" 404 1104
120.253.135.82 - - [29/May/2023:10:39:51 +0800] "GET /xingrg/all/common/auto_word.html?type=base&rest_code=00101 HTTP/1.1" 200 671
120.253.135.82 - - [29/May/2023:10:39:51 +0800] "POST /xingrg/kc/pszx/mdps_order_operate.html HTTP/1.1" 200 2284
101.229.22.40 - - [29/May/2023:10:39:53 +0800] "GET /xingrg/all/function/internal_message.html?_=1685327993353&CODE_STATE=getMsg HTTP/1.1" 200 27
222.70.180.90 - - [29/May/2023:10:39:53 +0800] "GET /xingrg/kc/buy/cgsh_order_operate.html?command=get_materiel&rest_code=00111&code=00101006001&supplier_code=00100574&order_time=2023-05-29 HTTP/1.1" 200 447
218.81.217.41 - - [29/May/2023:10:39:56 +0800] "GET /favicon.ico HTTP/1.1" 404 -
120.253.135.82 - - [29/May/2023:10:39:56 +0800] "POST /xingrg/kc/pszx/mdps_order_operate.html HTTP/1.1" 200 37
114.85.98.170 - - [29/May/2023:10:39:57 +0800] "GET /xingrg/all/function/internal_message.html?_=1685327997041&CODE_STATE=getMsg HTTP/1.1" 200 27
120.253.135.82 - - [29/May/2023:10:40:01 +0800] "POST /xingrg/kc/pszx/mdps_order_operate.html HTTP/1.1" 200 12
120.253.135.82 - - [29/May/2023:10:40:03 +0800] "GET /xingrg/kc/pszx/mdps_order_info.html?code=312023052900598 HTTP/1.1" 200 19632
120.253.135.82 - - [29/May/2023:10:40:03 +0800] "GET /xingrg/javascript/easyui/themes/default/validatebox.css HTTP/1.1" 404 1104
120.253.135.82 - - [29/May/2023:10:40:04 +0800] "POST /xingrg/kc/pszx/mdps_order_operate.html HTTP/1.1" 200 506
120.253.135.82 - - [29/May/2023:10:40:05 +0800] "POST /xingrg/kc/pszx/mdps_list_operate.html HTTP/1.1" 200 3743
101.83.145.52 - - [29/May/2023:10:40:07 +0800] "GET /xingrg/kc/buy/cgsh_order_operate.html?command=get_materiel&rest_code=00105&code=00101002006&supplier_code=00100091&order_time=2023-05-29 HTTP/1.1" 200 414
180.164.3.199 - - [29/May/2023:10:40:09 +0800] "GET /xingrg/all/function/internal_message.html?_=1685328008577&CODE_STATE=getMsg HTTP/1.1" 200 27
120.253.135.82 - - [29/May/2023:10:40:10 +0800] "POST /xingrg/kc/pszx/mdps_list_operate.html HTTP/1.1" 200 206
180.169.147.146 - - [29/May/2023:10:40:10 +0800] "GET /xingrg/all/function/internal_message.html?_=1685328005778&CODE_STATE=getMsg HTTP/1.1" 200 27
180.169.147.146 - - [29/May/2023:10:40:10 +0800] "GET /xingrg/check_reg.html?_=1685328005779 HTTP/1.1" 200 22
120.253.135.82 - - [29/May/2023:10:40:12 +0800] "GET /xingrg/kc/pszx/mdps_order_info.html?code=312023052000425 HTTP/1.1" 200 23972
120.253.135.82 - - [29/May/2023:10:40:12 +0800] "GET /xingrg/javascript/easyui/themes/default/validatebox.css HTTP/1.1" 404 1104
120.253.135.82 - - [29/May/2023:10:40:12 +0800] "GET /xingrg/all/common/auto_word.html?type=base&rest_code=00101 HTTP/1.1" 200 671
120.253.135.82 - - [29/May/2023:10:40:13 +0800] "POST /xingrg/kc/pszx/mdps_order_operate.html HTTP/1.1" 200 2280
222.70.180.90 - - [29/May/2023:10:40:13 +0800] "POST /xingrg/kc/buy/cgsh_order_operate.html HTTP/1.1" 200 37
120.253.135.82 - - [29/May/2023:10:40:15 +0800] "GET /xingrg/all/function/internal_message.html?_=1685327851206&CODE_STATE=getMsg HTTP/1.1" 200 27
222.70.180.90 - - [29/May/2023:10:40:16 +0800] "POST /xingrg/kc/buy/cgsh_order_operate.html HTTP/1.1" 200 2674
120.253.135.82 - - [29/May/2023:10:40:17 +0800] "POST /xingrg/kc/pszx/mdps_list_operate.html HTTP/1.1" 200 3743
222.70.180.90 - - [29/May/2023:10:40:18 +0800] "GET /xingrg/kc/print/load_data.html?order_code=212023052910920&kc_code=cgsh&condition= HTTP/1.1" 200 692
116.232.195.127 - - [29/May/2023:10:40:20 +0800] "GET /xingrg/all/function/internal_message.html?_=1685328048308&CODE_STATE=getMsg HTTP/1.1" 200 27
222.70.180.90 - - [29/May/2023:10:40:23 +0800] "GET /xingrg/kc/buy/cgsh_order_add.html HTTP/1.1" 200 71410
222.70.180.90 - - [29/May/2023:10:40:23 +0800] "POST /xingrg/kc/buy/cgsh_order_operate.html HTTP/1.1" 200 8245
222.70.180.90 - - [29/May/2023:10:40:23 +0800] "GET /xingrg/javascript/easyui/themes/default/validatebox.css HTTP/1.1" 404 1104
218.81.217.41 - - [29/May/2023:10:40:24 +0800] "GET /xingrg/all/function/internal_message.html?_=1685328025858&CODE_STATE=getMsg HTTP/1.1" 200 27
101.83.145.52 - - [29/May/2023:10:40:25 +0800] "POST /xingrg/kc/buy/cgsh_order_operate.html HTTP/1.1" 200 37
101.83.145.52 - - [29/May/2023:10:40:27 +0800] "POST /xingrg/kc/buy/cgsh_order_operate.html HTTP/1.1" 200 2661
222.67.234.146 - - [29/May/2023:10:40:28 +0800] "GET /xingrg/kc/buy/cgsh_order_add.html HTTP/1.1" 200 71454
222.67.234.146 - - [29/May/2023:10:40:29 +0800] "POST /xingrg/kc/buy/cgsh_order_operate.html HTTP/1.1" 200 8245
222.67.234.146 - - [29/May/2023:10:40:29 +0800] "GET /xingrg/javascript/easyui/themes/default/validatebox.css HTTP/1.1" 404 1104
222.70.180.90 - - [29/May/2023:10:40:29 +0800] "GET /xingrg/all/function/internal_message.html?_=1685328029227&CODE_STATE=getMsg HTTP/1.1" 200 27
101.83.145.52 - - [29/May/2023:10:40:30 +0800] "GET /xingrg/kc/print/load_data.html?order_code=212023052910921&kc_code=cgsh&condition= HTTP/1.1" 200 734
124.79.246.33 - - [29/May/2023:10:40:32 +0800] "GET /favicon.ico HTTP/1.1" 404 -
222.70.180.90 - - [29/May/2023:10:40:34 +0800] "GET /xingrg/kc/buy/cgsh_order_operate.html?command=get_materiel&rest_code=00111&code=00101001140&supplier_code=00100319&order_time=2023-05-29 HTTP/1.1" 200 417
222.67.234.146 - - [29/May/2023:10:40:36 +0800] "GET /xingrg/all/function/internal_message.html?_=1685327544179&CODE_STATE=getMsg HTTP/1.1" 200 27
114.85.98.170 - - [29/May/2023:10:40:37 +0800] "GET /xingrg/kc/base/wldb_order_add.html HTTP/1.1" 200 30377
114.85.98.170 - - [29/May/2023:10:40:37 +0800] "POST /xingrg/kc/base/wldb_order_operate.html HTTP/1.1" 200 6806
114.85.98.170 - - [29/May/2023:10:40:37 +0800] "GET /xingrg/javascript/easyui/themes/default/validatebox.css HTTP/1.1" 404 1104
116.237.77.151 - - [29/May/2023:10:40:38 +0800] "GET /xingrg/check_reg.html?_=1685328039699 HTTP/1.1" 200 22
116.237.77.151 - - [29/May/2023:10:40:38 +0800] "GET /xingrg/all/function/internal_message.html?_=1685328039702&CODE_STATE=getMsg HTTP/1.1" 200 27
114.85.98.170 - - [29/May/2023:10:40:40 +0800] "POST /xingrg/all/common/load_combo.html?type=base HTTP/1.1" 200 3321
58.40.7.146 - - [29/May/2023:10:40:40 +0800] "GET /xingrg/all/function/internal_message.html?_=1685328040856&CODE_STATE=getMsg HTTP/1.1" 200 27
114.85.98.170 - - [29/May/2023:10:40:42 +0800] "POST /xingrg/all/common/load_combo.html?type=base HTTP/1.1" 200 3321
222.67.234.146 - - [29/May/2023:10:40:43 +0800] "GET /xingrg/kc/buy/cgsh_order_operate.html?command=get_materiel&rest_code=00141&code=00101018007&supplier_code=00100330&order_time=2023-05-29 HTTP/1.1" 200 409
116.238.139.35 - - [29/May/2023:10:40:43 +0800] "GET /xingrg/check_reg.html?_=1685328043602 HTTP/1.1" 200 22
116.238.139.35 - - [29/May/2023:10:40:43 +0800] "GET /xingrg/all/function/internal_message.html?_=1685328043608&CODE_STATE=getMsg HTTP/1.1" 200 27
114.85.113.108 - - [29/May/2023:10:40:44 +0800] "GET /xingrg/all/function/internal_message.html?_=1685328016968&CODE_STATE=getMsg HTTP/1.1" 200 27
101.83.145.52 - - [29/May/2023:10:40:46 +0800] "GET /xingrg/all/function/internal_message.html?_=1685327877844&CODE_STATE=getMsg HTTP/1.1" 200 27
101.83.145.52 - - [29/May/2023:10:40:47 +0800] "GET /xingrg/kc/buy/cgsh_order_add.html HTTP/1.1" 200 71536
114.85.98.170 - - [29/May/2023:10:40:47 +0800] "GET /xingrg/kc/base/wldb_order_operate.html?command=get_materiel&rest_code=00102&base_code=0010476&code=00101019111 HTTP/1.1" 200 467
114.83.218.148 - - [29/May/2023:10:40:48 +0800] "GET /xingrg/all/function/internal_message.html?_=1685328047052&CODE_STATE=getMsg HTTP/1.1" 200 27
101.83.145.52 - - [29/May/2023:10:40:48 +0800] "POST /xingrg/kc/buy/cgsh_order_operate.html HTTP/1.1" 200 8245
101.83.145.52 - - [29/May/2023:10:40:48 +0800] "GET /xingrg/javascript/easyui/themes/default/validatebox.css HTTP/1.1" 404 1104
222.70.180.90 - - [29/May/2023:10:40:48 +0800] "POST /xingrg/kc/buy/cgsh_order_operate.html HTTP/1.1" 200 37
120.253.135.82 - - [29/May/2023:10:40:48 +0800] "GET /xingrg/all/function/internal_message.html?_=1685328188549&CODE_STATE=getMsg HTTP/1.1" 200 27
222.70.180.90 - - [29/May/2023:10:40:50 +0800] "POST /xingrg/kc/buy/cgsh_order_operate.html HTTP/1.1" 200 2664
222.70.180.90 - - [29/May/2023:10:40:52 +0800] "GET /xingrg/kc/print/load_data.html?order_code=212023052910922&kc_code=cgsh&condition= HTTP/1.1" 200 681
101.229.22.40 - - [29/May/2023:10:40:53 +0800] "GET /xingrg/all/function/internal_message.html?_=1685328053353&CODE_STATE=getMsg HTTP/1.1" 200 27
222.70.180.90 - - [29/May/2023:10:40:56 +0800] "GET /xingrg/kc/buy/cgsh_order_add.html HTTP/1.1" 200 71410
222.70.180.90 - - [29/May/2023:10:40:56 +0800] "POST /xingrg/kc/buy/cgsh_order_operate.html HTTP/1.1" 200 8245
222.70.180.90 - - [29/May/2023:10:40:56 +0800] "GET /xingrg/javascript/easyui/themes/default/validatebox.css HTTP/1.1" 404 1104
114.85.98.170 - - [29/May/2023:10:40:57 +0800] "GET /xingrg/check_reg.html?_=1685328057035 HTTP/1.1" 200 22
114.85.98.170 - - [29/May/2023:10:40:57 +0800] "GET /xingrg/all/function/internal_message.html?_=1685328057038&CODE_STATE=getMsg HTTP/1.1" 200 27
172.20.0.100 - - [29/May/2023:10:40:57 +0800] "GET /xingrg/check_reg.html?_=1685328058666 HTTP/1.1" 302 -
114.85.98.170 - - [29/May/2023:10:41:01 +0800] "GET /xingrg/kc/base/wldb_order_operate.html?command=get_materiel&rest_code=00102&base_code=0010476&code=00101019071 HTTP/1.1" 200 471
114.85.98.170 - - [29/May/2023:10:41:07 +0800] "POST /xingrg/kc/base/wldb_order_operate.html HTTP/1.1" 200 37
101.83.145.52 - - [29/May/2023:10:41:08 +0800] "GET /xingrg/kc/buy/cgsh_order_operate.html?command=get_materiel&rest_code=00105&code=00101019547&supplier_code=00100338&order_time=2023-05-29 HTTP/1.1" 200 437
180.164.3.199 - - [29/May/2023:10:41:09 +0800] "GET /xingrg/check_reg.html?_=1685328068591 HTTP/1.1" 200 22
180.164.3.199 - - [29/May/2023:10:41:09 +0800] "GET /xingrg/all/function/internal_message.html?_=1685328068592&CODE_STATE=getMsg HTTP/1.1" 200 27
180.169.147.146 - - [29/May/2023:10:41:10 +0800] "GET /xingrg/all/function/internal_message.html?_=1685328065777&CODE_STATE=getMsg HTTP/1.1" 200 27
222.67.234.146 - - [29/May/2023:10:41:13 +0800] "POST /xingrg/kc/buy/cgsh_order_operate.html HTTP/1.1" 200 37
114.85.98.170 - - [29/May/2023:10:41:14 +0800] "POST /xingrg/kc/base/wldb_order_operate.html HTTP/1.1" 200 12
114.85.98.170 - - [29/May/2023:10:41:14 +0800] "POST /xingrg/kc/base/wldb_order_operate.html HTTP/1.1" 200 2713
222.70.180.90 - - [29/May/2023:10:41:14 +0800] "GET /xingrg/kc/buy/cgsh_order_operate.html?command=get_materiel&rest_code=00111&code=00101011016&supplier_code=00100331&order_time=2023-05-29 HTTP/1.1" 200 414
120.253.135.82 - - [29/May/2023:10:41:15 +0800] "GET /xingrg/all/function/internal_message.html?_=1685327911226&CODE_STATE=getMsg HTTP/1.1" 200 27
114.85.98.170 - - [29/May/2023:10:41:15 +0800] "GET /xingrg/kc/base/wldb_order_info.html?code=422023052902321 HTTP/1.1" 200 26254
114.85.98.170 - - [29/May/2023:10:41:15 +0800] "GET /xingrg/javascript/easyui/themes/default/validatebox.css HTTP/1.1" 404 1104
114.85.98.170 - - [29/May/2023:10:41:16 +0800] "POST /xingrg/kc/base/wldb_order_operate.html HTTP/1.1" 200 996
116.232.195.127 - - [29/May/2023:10:41:20 +0800] "GET /xingrg/all/function/internal_message.html?_=1685328108300&CODE_STATE=getMsg HTTP/1.1" 200 27
222.67.234.146 - - [29/May/2023:10:41:21 +0800] "POST /xingrg/kc/buy/cgsh_order_operate.html HTTP/1.1" 200 12
218.81.217.41 - - [29/May/2023:10:41:24 +0800] "GET /xingrg/all/function/internal_message.html?_=1685328086239&CODE_STATE=getMsg HTTP/1.1" 200 27
222.70.180.90 - - [29/May/2023:10:41:25 +0800] "POST /xingrg/kc/buy/cgsh_order_operate.html HTTP/1.1" 200 37
222.67.234.146 - - [29/May/2023:10:41:25 +0800] "GET /xingrg/kc/buy/cgsh_order_info.html?code=212023052910923 HTTP/1.1" 200 66369
222.67.234.146 - - [29/May/2023:10:41:26 +0800] "GET /xingrg/javascript/easyui/themes/default/validatebox.css HTTP/1.1" 404 1104
222.70.180.90 - - [29/May/2023:10:41:26 +0800] "POST /xingrg/kc/buy/cgsh_order_operate.html HTTP/1.1" 200 2672
222.67.234.146 - - [29/May/2023:10:41:27 +0800] "POST /xingrg/kc/buy/cgsh_order_operate.html HTTP/1.1" 200 602
222.70.180.90 - - [29/May/2023:10:41:28 +0800] "GET /xingrg/kc/print/load_data.html?order_code=212023052910924&kc_code=cgsh&condition= HTTP/1.1" 200 678
222.67.234.146 - - [29/May/2023:10:41:29 +0800] "GET /xingrg/kc/print/load_data.html?order_code=212023052910923&kc_code=cgsh&condition= HTTP/1.1" 200 705
222.70.180.90 - - [29/May/2023:10:41:29 +0800] "GET /xingrg/all/function/internal_message.html?_=1685328089239&CODE_STATE=getMsg HTTP/1.1" 200 27
222.70.180.90 - - [29/May/2023:10:41:33 +0800] "GET /xingrg/kc/buy/cgsh_order_add.html HTTP/1.1" 200 71410
222.67.234.146 - - [29/May/2023:10:41:33 +0800] "GET /xingrg/kc/buy/cgsh_order_add.html HTTP/1.1" 200 71454
222.70.180.90 - - [29/May/2023:10:41:33 +0800] "POST /xingrg/kc/buy/cgsh_order_operate.html HTTP/1.1" 200 8245
222.70.180.90 - - [29/May/2023:10:41:33 +0800] "GET /xingrg/javascript/easyui/themes/default/validatebox.css HTTP/1.1" 404 1104
222.67.234.146 - - [29/May/2023:10:41:33 +0800] "GET /xingrg/javascript/easyui/themes/default/validatebox.css HTTP/1.1" 404 1104
222.67.234.146 - - [29/May/2023:10:41:33 +0800] "POST /xingrg/kc/buy/cgsh_order_operate.html HTTP/1.1" 200 8245
222.67.234.146 - - [29/May/2023:10:41:36 +0800] "GET /xingrg/all/function/internal_message.html?_=1685327604192&CODE_STATE=getMsg HTTP/1.1" 200 27
116.237.77.151 - - [29/May/2023:10:41:38 +0800] "GET /xingrg/all/function/internal_message.html?_=1685328099729&CODE_STATE=getMsg HTTP/1.1" 200 27
58.40.7.146 - - [29/May/2023:10:41:40 +0800] "GET /xingrg/check_reg.html?_=1685328100857 HTTP/1.1" 200 22
58.40.7.146 - - [29/May/2023:10:41:40 +0800] "GET /xingrg/all/function/internal_message.html?_=1685328100858&CODE_STATE=getMsg HTTP/1.1" 200 27
222.67.234.146 - - [29/May/2023:10:41:41 +0800] "GET /xingrg/kc/buy/cgsh_order_operate.html?command=get_materiel&rest_code=00141&code=00101001140&supplier_code=00100090&order_time=2023-05-29 HTTP/1.1" 200 417
116.238.139.35 - - [29/May/2023:10:41:43 +0800] "GET /xingrg/all/function/internal_message.html?_=1685328103599&CODE_STATE=getMsg HTTP/1.1" 200 27
