114.85.113.108 - - [29/May/2023:09:21:50 +0800] "GET /xingrg/all/function/internal_message.html?_=1685323283480&CODE_STATE=getMsg HTTP/1.1" 200 27
222.70.180.90 - - [29/May/2023:09:21:51 +0800] "GET /xingrg/all/function/internal_message.html?_=1685323311293&CODE_STATE=getMsg HTTP/1.1" 200 27
222.70.180.90 - - [29/May/2023:09:21:51 +0800] "GET /xingrg/check_reg.html?_=1685323311687 HTTP/1.1" 200 22
101.229.22.40 - - [29/May/2023:09:21:53 +0800] "GET /xingrg/all/function/internal_message.html?_=1685323313234&CODE_STATE=getMsg HTTP/1.1" 200 27
101.229.22.40 - - [29/May/2023:09:21:53 +0800] "GET /xingrg/check_reg.html?_=1685323313236 HTTP/1.1" 200 22
180.169.147.146 - - [29/May/2023:09:22:00 +0800] "GET /xingrg/all/function/internal_message.html?_=1685323320453&CODE_STATE=getMsg HTTP/1.1" 200 27
180.164.3.199 - - [29/May/2023:09:22:09 +0800] "GET /xingrg/all/function/internal_message.html?_=1685323328577&CODE_STATE=getMsg HTTP/1.1" 200 27
116.238.139.35 - - [29/May/2023:09:22:16 +0800] "GET /xingrg/all/function/internal_message.html?_=1685323245634&CODE_STATE=getMsg HTTP/1.1" 200 27
116.232.195.127 - - [29/May/2023:09:22:20 +0800] "GET /xingrg/all/function/internal_message.html?_=1685323368310&CODE_STATE=getMsg HTTP/1.1" 200 27
114.85.98.170 - - [29/May/2023:09:22:23 +0800] "GET /xingrg/all/function/internal_message.html?_=1685323343352&CODE_STATE=getMsg HTTP/1.1" 302 -
114.85.98.170 - - [29/May/2023:09:22:24 +0800] "GET /xingrg/check_reg.html?_=1685323344412 HTTP/1.1" 302 -
116.238.139.35 - - [29/May/2023:09:22:25 +0800] "GET /xingrg/all/function/internal_message.html?_=1685323345200&CODE_STATE=getMsg HTTP/1.1" 200 27
218.81.217.41 - - [29/May/2023:09:22:33 +0800] "GET /xingrg/all/function/internal_message.html?_=1685323354954&CODE_STATE=getMsg HTTP/1.1" 200 27
58.40.7.146 - - [29/May/2023:09:22:40 +0800] "GET /xingrg/all/function/internal_message.html?_=1685323360830&CODE_STATE=getMsg HTTP/1.1" 200 27
114.83.218.148 - - [29/May/2023:09:22:45 +0800] "GET /xingrg/check_reg.html?_=1685323364352 HTTP/1.1" 200 22
101.83.145.52 - - [29/May/2023:09:22:46 +0800] "GET /xingrg/all/function/internal_message.html?_=1685323197606&CODE_STATE=getMsg HTTP/1.1" 200 27
218.81.217.41 - - [29/May/2023:09:22:46 +0800] "GET /xingrg/kc/buy/cgsh_order_operate.html?command=get_materiel&rest_code=00146&code=00101008478&supplier_code=00100005&order_time=2023-05-29 HTTP/1.1" 200 413
114.83.218.148 - - [29/May/2023:09:22:49 +0800] "GET /xingrg/all/function/internal_message.html?_=1685323368707&CODE_STATE=getMsg HTTP/1.1" 200 27
114.85.113.108 - - [29/May/2023:09:22:49 +0800] "GET /xingrg/check_reg.html?_=1685323342672 HTTP/1.1" 200 22
114.85.113.108 - - [29/May/2023:09:22:50 +0800] "GET /xingrg/all/function/internal_message.html?_=1685323343461&CODE_STATE=getMsg HTTP/1.1" 200 27
222.70.180.90 - - [29/May/2023:09:22:51 +0800] "GET /xingrg/all/function/internal_message.html?_=1685323371270&CODE_STATE=getMsg HTTP/1.1" 200 27
101.229.22.40 - - [29/May/2023:09:22:53 +0800] "GET /xingrg/all/function/internal_message.html?_=1685323373234&CODE_STATE=getMsg HTTP/1.1" 200 27
218.81.217.41 - - [29/May/2023:09:22:59 +0800] "GET /xingrg/kc/buy/cgsh_order_operate.html?command=get_materiel&rest_code=00146&code=00101008233&supplier_code=00100005&order_time=2023-05-29 HTTP/1.1" 200 408
180.169.147.146 - - [29/May/2023:09:23:00 +0800] "GET /xingrg/all/function/internal_message.html?_=1685323380445&CODE_STATE=getMsg HTTP/1.1" 200 27
218.81.217.41 - - [29/May/2023:09:23:02 +0800] "POST /xingrg/kc/buy/cgsh_order_operate.html HTTP/1.1" 200 2065
180.164.3.199 - - [29/May/2023:09:23:09 +0800] "GET /xingrg/all/function/internal_message.html?_=1685323388591&CODE_STATE=getMsg HTTP/1.1" 200 27
218.81.217.41 - - [29/May/2023:09:23:10 +0800] "GET /xingrg/kc/buy/cgsh_order_operate.html?command=get_materiel&rest_code=00146&code=00101008098&supplier_code=00100005&order_time=2023-05-29 HTTP/1.1" 200 412
116.238.139.35 - - [29/May/2023:09:23:16 +0800] "GET /xingrg/all/function/internal_message.html?_=1685323305647&CODE_STATE=getMsg HTTP/1.1" 200 27
116.232.195.127 - - [29/May/2023:09:23:20 +0800] "GET /xingrg/all/function/internal_message.html?_=1685323428313&CODE_STATE=getMsg HTTP/1.1" 200 27
114.85.98.170 - - [29/May/2023:09:23:23 +0800] "GET /xingrg/all/function/internal_message.html?_=1685323403343&CODE_STATE=getMsg HTTP/1.1" 302 -
116.238.139.35 - - [29/May/2023:09:23:25 +0800] "GET /xingrg/all/function/internal_message.html?_=1685323405204&CODE_STATE=getMsg HTTP/1.1" 200 27
116.238.139.35 - - [29/May/2023:09:23:25 +0800] "GET /xingrg/check_reg.html?_=1685323405210 HTTP/1.1" 200 22
218.81.217.41 - - [29/May/2023:09:23:31 +0800] "GET /xingrg/kc/buy/cgsh_order_operate.html?command=get_materiel&rest_code=00146&code=00101008114&supplier_code=00100005&order_time=2023-05-29 HTTP/1.1" 200 413
218.81.217.41 - - [29/May/2023:09:23:33 +0800] "GET /xingrg/all/function/internal_message.html?_=1685323414968&CODE_STATE=getMsg HTTP/1.1" 200 27
58.40.7.146 - - [29/May/2023:09:23:40 +0800] "GET /xingrg/all/function/internal_message.html?_=1685323420817&CODE_STATE=getMsg HTTP/1.1" 200 27
218.81.217.41 - - [29/May/2023:09:23:41 +0800] "GET /xingrg/kc/buy/cgsh_order_operate.html?command=get_materiel&rest_code=00146&code=00101008168&supplier_code=00100005&order_time=2023-05-29 HTTP/1.1" 200 413
101.83.145.52 - - [29/May/2023:09:23:46 +0800] "GET /xingrg/all/function/internal_message.html?_=1685323257612&CODE_STATE=getMsg HTTP/1.1" 200 27
114.83.218.148 - - [29/May/2023:09:23:49 +0800] "GET /xingrg/all/function/internal_message.html?_=1685323428678&CODE_STATE=getMsg HTTP/1.1" 200 27
114.85.113.108 - - [29/May/2023:09:23:50 +0800] "GET /xingrg/all/function/internal_message.html?_=1685323403434&CODE_STATE=getMsg HTTP/1.1" 200 27
218.81.217.41 - - [29/May/2023:09:23:51 +0800] "GET /xingrg/kc/buy/cgsh_order_operate.html?command=get_materiel&rest_code=00146&code=00101013114&supplier_code=00100005&order_time=2023-05-29 HTTP/1.1" 200 409
222.70.180.90 - - [29/May/2023:09:23:51 +0800] "GET /xingrg/all/function/internal_message.html?_=1685323431254&CODE_STATE=getMsg HTTP/1.1" 200 27
101.229.22.40 - - [29/May/2023:09:23:53 +0800] "GET /xingrg/all/function/internal_message.html?_=1685323433232&CODE_STATE=getMsg HTTP/1.1" 200 27
218.81.217.41 - - [29/May/2023:09:23:53 +0800] "POST /xingrg/kc/buy/cgsh_order_operate.html HTTP/1.1" 200 2065
180.169.147.146 - - [29/May/2023:09:24:00 +0800] "GET /xingrg/all/function/internal_message.html?_=1685323440446&CODE_STATE=getMsg HTTP/1.1" 200 27
218.81.217.41 - - [29/May/2023:09:24:07 +0800] "GET /xingrg/kc/buy/cgsh_order_operate.html?command=get_materiel&rest_code=00146&code=00101008060&supplier_code=00100005&order_time=2023-05-29 HTTP/1.1" 200 416
218.81.217.41 - - [29/May/2023:09:24:07 +0800] "GET /xingrg/check_reg.html?_=1685323448897 HTTP/1.1" 200 22
180.164.3.199 - - [29/May/2023:09:24:09 +0800] "GET /xingrg/all/function/internal_message.html?_=1685323448589&CODE_STATE=getMsg HTTP/1.1" 200 27
116.238.139.35 - - [29/May/2023:09:24:16 +0800] "GET /xingrg/all/function/internal_message.html?_=1685323365727&CODE_STATE=getMsg HTTP/1.1" 200 27
218.81.217.41 - - [29/May/2023:09:24:17 +0800] "GET /xingrg/kc/buy/cgsh_order_operate.html?command=get_materiel&rest_code=00146&code=00101008439&supplier_code=00100005&order_time=2023-05-29 HTTP/1.1" 200 413
116.232.195.127 - - [29/May/2023:09:24:20 +0800] "GET /xingrg/all/function/internal_message.html?_=1685323488312&CODE_STATE=getMsg HTTP/1.1" 200 27
116.232.195.127 - - [29/May/2023:09:24:20 +0800] "GET /xingrg/check_reg.html?_=1685323488344 HTTP/1.1" 200 22
114.85.98.170 - - [29/May/2023:09:24:23 +0800] "GET /xingrg/all/function/internal_message.html?_=1685323463320&CODE_STATE=getMsg HTTP/1.1" 302 -
116.238.139.35 - - [29/May/2023:09:24:25 +0800] "GET /xingrg/all/function/internal_message.html?_=1685323465196&CODE_STATE=getMsg HTTP/1.1" 200 27
218.81.217.41 - - [29/May/2023:09:24:29 +0800] "GET /xingrg/kc/buy/cgsh_order_operate.html?command=get_materiel&rest_code=00146&code=00101008041&supplier_code=00100005&order_time=2023-05-29 HTTP/1.1" 200 408
180.169.147.146 - - [29/May/2023:09:24:32 +0800] "POST /xingrg/kc/buy/cgsh_list_operate.html HTTP/1.1" 302 -
180.169.147.146 - - [29/May/2023:09:24:32 +0800] "GET /xingrg/login.html HTTP/1.1" 200 7641
180.169.147.146 - - [29/May/2023:09:24:32 +0800] "GET /xingrg/kc/buy/images/blue/login_bg.png HTTP/1.1" 404 1070
180.169.147.146 - - [29/May/2023:09:24:32 +0800] "GET /xingrg/kc/buy/images/blue/hj.png HTTP/1.1" 404 1058
180.169.147.146 - - [29/May/2023:09:24:32 +0800] "GET /xingrg/kc/buy/images/blue/srbg.png HTTP/1.1" 404 1062
218.81.217.41 - - [29/May/2023:09:24:33 +0800] "GET /xingrg/all/function/internal_message.html?_=1685323474981&CODE_STATE=getMsg HTTP/1.1" 200 27
218.81.217.41 - - [29/May/2023:09:24:38 +0800] "GET /xingrg/kc/buy/cgsh_order_operate.html?command=get_materiel&rest_code=00146&code=00101008591&supplier_code=00100005&order_time=2023-05-29 HTTP/1.1" 200 409
58.40.7.146 - - [29/May/2023:09:24:40 +0800] "GET /xingrg/all/function/internal_message.html?_=1685323480817&CODE_STATE=getMsg HTTP/1.1" 200 27
101.83.145.52 - - [29/May/2023:09:24:46 +0800] "GET /xingrg/all/function/internal_message.html?_=1685323317600&CODE_STATE=getMsg HTTP/1.1" 200 27
114.83.218.148 - - [29/May/2023:09:24:49 +0800] "GET /xingrg/all/function/internal_message.html?_=1685323488656&CODE_STATE=getMsg HTTP/1.1" 200 27
218.81.217.41 - - [29/May/2023:09:24:49 +0800] "GET /xingrg/kc/buy/cgsh_order_operate.html?command=get_materiel&rest_code=00146&code=00101008509&supplier_code=00100005&order_time=2023-05-29 HTTP/1.1" 200 409
114.85.113.108 - - [29/May/2023:09:24:50 +0800] "GET /xingrg/all/function/internal_message.html?_=1685323463417&CODE_STATE=getMsg HTTP/1.1" 200 27
222.70.180.90 - - [29/May/2023:09:24:51 +0800] "GET /xingrg/all/function/internal_message.html?_=1685323491225&CODE_STATE=getMsg HTTP/1.1" 200 27
218.81.217.41 - - [29/May/2023:09:24:52 +0800] "POST /xingrg/kc/buy/cgsh_order_operate.html HTTP/1.1" 200 2065
101.229.22.40 - - [29/May/2023:09:24:53 +0800] "GET /xingrg/all/function/internal_message.html?_=1685323493231&CODE_STATE=getMsg HTTP/1.1" 200 27
180.169.147.146 - - [29/May/2023:09:25:00 +0800] "GET /favicon.ico HTTP/1.1" 404 -
180.169.147.146 - - [29/May/2023:09:25:00 +0800] "GET /xingrg/check_reg.html?_=1685323500442 HTTP/1.1" 200 22
180.169.147.146 - - [29/May/2023:09:25:00 +0800] "GET /xingrg/all/function/internal_message.html?_=1685323500444&CODE_STATE=getMsg HTTP/1.1" 200 27
218.81.217.41 - - [29/May/2023:09:25:00 +0800] "GET /xingrg/kc/buy/cgsh_order_operate.html?command=get_materiel&rest_code=00146&code=00101008704&supplier_code=00100005&order_time=2023-05-29 HTTP/1.1" 200 409
180.169.147.146 - - [29/May/2023:09:25:00 +0800] "GET /xingrg/login.html HTTP/1.1" 200 7641
180.169.147.146 - - [29/May/2023:09:25:01 +0800] "GET /favicon.ico HTTP/1.1" 404 -
180.164.3.199 - - [29/May/2023:09:25:09 +0800] "GET /xingrg/all/function/internal_message.html?_=1685323508580&CODE_STATE=getMsg HTTP/1.1" 200 27
180.169.147.146 - - [29/May/2023:09:25:10 +0800] "POST /xingrg/login.do HTTP/1.1" 302 -
180.169.147.146 - - [29/May/2023:09:25:10 +0800] "GET /xingrg/index.html?sysBaseUrl=http%3A%2F%2F180.169.147.146%3A18081%2Fxingrg%2F&costTime=815×tamp=1685323510439 HTTP/1.1" 200 17179
180.169.147.146 - - [29/May/2023:09:25:10 +0800] "GET /favicon.ico HTTP/1.1" 404 -
180.169.147.146 - - [29/May/2023:09:25:10 +0800] "GET /xingrg/all/function/internal_message.html?_=1685323505687&CODE_STATE=count HTTP/1.1" 200 11
180.169.147.146 - - [29/May/2023:09:25:10 +0800] "GET /xingrg/check_reg.html?_=1685323505688 HTTP/1.1" 200 22
180.169.147.146 - - [29/May/2023:09:25:10 +0800] "POST /xingrg/all/common/load_tree.html?tree=area_rest_tree_json&manage=1 HTTP/1.1" 200 351
180.169.147.146 - - [29/May/2023:09:25:10 +0800] "POST /xingrg/load_menu.html HTTP/1.1" 200 5138
218.81.217.41 - - [29/May/2023:09:25:14 +0800] "GET /xingrg/kc/buy/cgsh_order_operate.html?command=get_materiel&rest_code=00146&code=00101008284&supplier_code=00100005&order_time=2023-05-29 HTTP/1.1" 200 412
116.238.139.35 - - [29/May/2023:09:25:16 +0800] "GET /xingrg/all/function/internal_message.html?_=1685323425737&CODE_STATE=getMsg HTTP/1.1" 200 27
116.232.195.127 - - [29/May/2023:09:25:20 +0800] "GET /xingrg/all/function/internal_message.html?_=1685323548301&CODE_STATE=getMsg HTTP/1.1" 200 27
114.85.98.170 - - [29/May/2023:09:25:23 +0800] "GET /xingrg/all/function/internal_message.html?_=1685323523292&CODE_STATE=getMsg HTTP/1.1" 302 -
116.238.139.35 - - [29/May/2023:09:25:25 +0800] "GET /xingrg/all/function/internal_message.html?_=1685323525200&CODE_STATE=getMsg HTTP/1.1" 200 27
218.81.217.41 - - [29/May/2023:09:25:25 +0800] "GET /xingrg/kc/buy/cgsh_order_operate.html?command=get_materiel&rest_code=00146&code=00101015046&supplier_code=00100005&order_time=2023-05-29 HTTP/1.1" 200 412
218.81.217.41 - - [29/May/2023:09:25:33 +0800] "GET /xingrg/all/function/internal_message.html?_=1685323534995&CODE_STATE=getMsg HTTP/1.1" 200 27
218.81.217.41 - - [29/May/2023:09:25:36 +0800] "GET /xingrg/kc/buy/cgsh_order_operate.html?command=get_materiel&rest_code=00146&code=00101009079&supplier_code=00100005&order_time=2023-05-29 HTTP/1.1" 200 409
58.40.7.146 - - [29/May/2023:09:25:40 +0800] "GET /xingrg/all/function/internal_message.html?_=1685323540842&CODE_STATE=getMsg HTTP/1.1" 200 27
101.83.145.52 - - [29/May/2023:09:25:46 +0800] "GET /xingrg/all/function/internal_message.html?_=1685323377608&CODE_STATE=getMsg HTTP/1.1" 200 27
218.81.217.41 - - [29/May/2023:09:25:46 +0800] "GET /xingrg/kc/buy/cgsh_order_operate.html?command=get_materiel&rest_code=00146&code=00101009004&supplier_code=00100005&order_time=2023-05-29 HTTP/1.1" 200 409
218.81.217.41 - - [29/May/2023:09:25:48 +0800] "POST /xingrg/kc/buy/cgsh_order_operate.html HTTP/1.1" 200 2065
114.83.218.148 - - [29/May/2023:09:25:49 +0800] "GET /xingrg/all/function/internal_message.html?_=1685323548630&CODE_STATE=getMsg HTTP/1.1" 200 27
114.85.113.108 - - [29/May/2023:09:25:50 +0800] "GET /xingrg/all/function/internal_message.html?_=1685323523402&CODE_STATE=getMsg HTTP/1.1" 200 27
222.70.180.90 - - [29/May/2023:09:25:51 +0800] "GET /xingrg/all/function/internal_message.html?_=1685323551198&CODE_STATE=getMsg HTTP/1.1" 200 27
101.229.22.40 - - [29/May/2023:09:25:53 +0800] "GET /xingrg/all/function/internal_message.html?_=1685323553230&CODE_STATE=getMsg HTTP/1.1" 200 27
218.81.217.41 - - [29/May/2023:09:25:56 +0800] "GET /xingrg/kc/buy/cgsh_order_operate.html?command=get_materiel&rest_code=00146&code=00101009044&supplier_code=00100005&order_time=2023-05-29 HTTP/1.1" 200 413
172.20.0.100 - - [29/May/2023:09:25:58 +0800] "GET /xingrg/check_reg.html?_=1685323558989 HTTP/1.1" 302 -
101.93.221.162 - - [29/May/2023:09:25:58 +0800] "POST /xingrg/services/DataTransmitService HTTP/1.1" 200 524
180.169.147.146 - - [29/May/2023:09:26:00 +0800] "GET /xingrg/all/function/internal_message.html?_=1685323560452&CODE_STATE=getMsg HTTP/1.1" 200 27
218.81.217.41 - - [29/May/2023:09:26:08 +0800] "GET /xingrg/kc/buy/cgsh_order_operate.html?command=get_materiel&rest_code=00146&code=00101009118&supplier_code=00100005&order_time=2023-05-29 HTTP/1.1" 200 406
180.164.3.199 - - [29/May/2023:09:26:09 +0800] "GET /xingrg/check_reg.html?_=1685323568581 HTTP/1.1" 200 22
180.164.3.199 - - [29/May/2023:09:26:09 +0800] "GET /xingrg/all/function/internal_message.html?_=1685323568584&CODE_STATE=getMsg HTTP/1.1" 200 27
180.169.147.146 - - [29/May/2023:09:26:10 +0800] "GET /xingrg/all/function/internal_message.html?_=1685323565706&CODE_STATE=getMsg HTTP/1.1" 200 27
116.238.139.35 - - [29/May/2023:09:26:15 +0800] "GET /xingrg/check_reg.html?_=1685323485132 HTTP/1.1" 200 22
116.238.139.35 - - [29/May/2023:09:26:16 +0800] "GET /xingrg/all/function/internal_message.html?_=1685323485750&CODE_STATE=getMsg HTTP/1.1" 200 27
116.232.195.127 - - [29/May/2023:09:26:20 +0800] "GET /xingrg/all/function/internal_message.html?_=1685323608297&CODE_STATE=getMsg HTTP/1.1" 200 27
114.85.98.170 - - [29/May/2023:09:26:23 +0800] "GET /xingrg/all/function/internal_message.html?_=1685323583273&CODE_STATE=getMsg HTTP/1.1" 302 -
116.238.139.35 - - [29/May/2023:09:26:25 +0800] "GET /xingrg/all/function/internal_message.html?_=1685323585200&CODE_STATE=getMsg HTTP/1.1" 200 27
218.81.217.41 - - [29/May/2023:09:26:29 +0800] "POST /xingrg/kc/buy/cgsh_order_operate.html HTTP/1.1" 200 37
58.40.7.146 - - [29/May/2023:09:26:40 +0800] "GET /xingrg/check_reg.html?_=1685323600828 HTTP/1.1" 200 22
58.40.7.146 - - [29/May/2023:09:26:40 +0800] "GET /xingrg/all/function/internal_message.html?_=1685323600829&CODE_STATE=getMsg HTTP/1.1" 200 27
101.83.145.52 - - [29/May/2023:09:26:46 +0800] "GET /xingrg/all/function/internal_message.html?_=1685323437617&CODE_STATE=getMsg HTTP/1.1" 200 27
101.83.145.52 - - [29/May/2023:09:26:46 +0800] "GET /xingrg/check_reg.html?_=1685323437620 HTTP/1.1" 200 22
114.83.218.148 - - [29/May/2023:09:26:49 +0800] "GET /xingrg/all/function/internal_message.html?_=1685323608616&CODE_STATE=getMsg HTTP/1.1" 200 27
114.85.113.108 - - [29/May/2023:09:26:50 +0800] "GET /xingrg/all/function/internal_message.html?_=1685323583384&CODE_STATE=getMsg HTTP/1.1" 200 27
222.70.180.90 - - [29/May/2023:09:26:51 +0800] "GET /xingrg/all/function/internal_message.html?_=1685323611170&CODE_STATE=getMsg HTTP/1.1" 200 27
222.70.180.90 - - [29/May/2023:09:26:51 +0800] "GET /xingrg/check_reg.html?_=1685323611687 HTTP/1.1" 200 22
101.229.22.40 - - [29/May/2023:09:26:53 +0800] "GET /xingrg/check_reg.html?_=1685323613231 HTTP/1.1" 200 22
101.229.22.40 - - [29/May/2023:09:26:53 +0800] "GET /xingrg/all/function/internal_message.html?_=1685323613229&CODE_STATE=getMsg HTTP/1.1" 200 27
180.169.147.146 - - [29/May/2023:09:27:00 +0800] "GET /xingrg/all/function/internal_message.html?_=1685323620441&CODE_STATE=getMsg HTTP/1.1" 200 27
180.164.3.199 - - [29/May/2023:09:27:09 +0800] "GET /xingrg/all/function/internal_message.html?_=1685323628580&CODE_STATE=getMsg HTTP/1.1" 200 27
180.169.147.146 - - [29/May/2023:09:27:10 +0800] "GET /xingrg/all/function/internal_message.html?_=1685323625690&CODE_STATE=getMsg HTTP/1.1" 200 27
116.238.139.35 - - [29/May/2023:09:27:16 +0800] "GET /xingrg/all/function/internal_message.html?_=1685323545764&CODE_STATE=getMsg HTTP/1.1" 200 27
116.232.195.127 - - [29/May/2023:09:27:20 +0800] "GET /xingrg/all/function/internal_message.html?_=1685323668311&CODE_STATE=getMsg HTTP/1.1" 200 27
114.85.98.170 - - [29/May/2023:09:27:23 +0800] "GET /xingrg/all/function/internal_message.html?_=1685323643255&CODE_STATE=getMsg HTTP/1.1" 302 -
114.85.98.170 - - [29/May/2023:09:27:24 +0800] "GET /xingrg/check_reg.html?_=1685323644387 HTTP/1.1" 302 -
116.238.139.35 - - [29/May/2023:09:27:25 +0800] "GET /xingrg/all/function/internal_message.html?_=1685323645202&CODE_STATE=getMsg HTTP/1.1" 200 27
58.40.7.146 - - [29/May/2023:09:27:40 +0800] "GET /xingrg/all/function/internal_message.html?_=1685323660832&CODE_STATE=getMsg HTTP/1.1" 200 27
114.83.218.148 - - [29/May/2023:09:27:45 +0800] "GET /xingrg/check_reg.html?_=1685323664382 HTTP/1.1" 200 22
101.83.145.52 - - [29/May/2023:09:27:46 +0800] "GET /xingrg/all/function/internal_message.html?_=1685323497607&CODE_STATE=getMsg HTTP/1.1" 200 27
114.83.218.148 - - [29/May/2023:09:27:49 +0800] "GET /xingrg/all/function/internal_message.html?_=1685323668601&CODE_STATE=getMsg HTTP/1.1" 200 27
114.85.113.108 - - [29/May/2023:09:27:49 +0800] "GET /xingrg/check_reg.html?_=1685323642657 HTTP/1.1" 200 22
114.85.113.108 - - [29/May/2023:09:27:50 +0800] "GET /xingrg/all/function/internal_message.html?_=1685323643367&CODE_STATE=getMsg HTTP/1.1" 200 27
222.70.180.90 - - [29/May/2023:09:27:51 +0800] "GET /xingrg/all/function/internal_message.html?_=1685323671141&CODE_STATE=getMsg HTTP/1.1" 200 27
101.229.22.40 - - [29/May/2023:09:27:53 +0800] "GET /xingrg/all/function/internal_message.html?_=1685323673228&CODE_STATE=getMsg HTTP/1.1" 200 27
180.169.147.146 - - [29/May/2023:09:28:00 +0800] "GET /xingrg/all/function/internal_message.html?_=1685323680435&CODE_STATE=getMsg HTTP/1.1" 200 27
180.164.3.199 - - [29/May/2023:09:28:09 +0800] "GET /xingrg/all/function/internal_message.html?_=1685323688576&CODE_STATE=getMsg HTTP/1.1" 200 27
180.169.147.146 - - [29/May/2023:09:28:10 +0800] "GET /xingrg/all/function/internal_message.html?_=1685323685704&CODE_STATE=getMsg HTTP/1.1" 200 27
116.238.139.35 - - [29/May/2023:09:28:16 +0800] "GET /xingrg/all/function/internal_message.html?_=1685323605778&CODE_STATE=getMsg HTTP/1.1" 200 27
116.232.195.127 - - [29/May/2023:09:28:20 +0800] "GET /xingrg/all/function/internal_message.html?_=1685323728308&CODE_STATE=getMsg HTTP/1.1" 200 27
114.85.98.170 - - [29/May/2023:09:28:23 +0800] "GET /xingrg/all/function/internal_message.html?_=1685323703238&CODE_STATE=getMsg HTTP/1.1" 302 -
116.238.139.35 - - [29/May/2023:09:28:25 +0800] "GET /xingrg/all/function/internal_message.html?_=1685323705204&CODE_STATE=getMsg HTTP/1.1" 200 27
116.238.139.35 - - [29/May/2023:09:28:25 +0800] "GET /xingrg/check_reg.html?_=1685323705210 HTTP/1.1" 200 22
58.40.7.146 - - [29/May/2023:09:28:40 +0800] "GET /xingrg/all/function/internal_message.html?_=1685323720833&CODE_STATE=getMsg HTTP/1.1" 200 27
101.83.145.52 - - [29/May/2023:09:28:46 +0800] "GET /xingrg/all/function/internal_message.html?_=1685323557612&CODE_STATE=getMsg HTTP/1.1" 200 27
114.83.218.148 - - [29/May/2023:09:28:49 +0800] "GET /xingrg/all/function/internal_message.html?_=1685323728571&CODE_STATE=getMsg HTTP/1.1" 200 27
114.85.113.108 - - [29/May/2023:09:28:50 +0800] "GET /xingrg/all/function/internal_message.html?_=1685323703350&CODE_STATE=getMsg HTTP/1.1" 200 27
222.70.180.90 - - [29/May/2023:09:28:51 +0800] "GET /xingrg/all/function/internal_message.html?_=1685323731141&CODE_STATE=getMsg HTTP/1.1" 200 27
101.229.22.40 - - [29/May/2023:09:28:53 +0800] "GET /xingrg/all/function/internal_message.html?_=1685323733227&CODE_STATE=getMsg HTTP/1.1" 200 27
180.169.147.146 - - [29/May/2023:09:29:00 +0800] "GET /xingrg/all/function/internal_message.html?_=1685323740444&CODE_STATE=getMsg HTTP/1.1" 200 27
218.81.217.41 - - [29/May/2023:09:29:01 +0800] "POST /xingrg/kc/buy/cgsh_order_operate.html HTTP/1.1" 200 32187
218.81.217.41 - - [29/May/2023:09:29:03 +0800] "GET /xingrg/all/function/internal_message.html?_=1685323744894&CODE_STATE=getMsg HTTP/1.1" 200 27
218.81.217.41 - - [29/May/2023:09:29:04 +0800] "GET /xingrg/kc/print/load_config.html?kc_code=cgsh HTTP/1.1" 200 1924
218.81.217.41 - - [29/May/2023:09:29:05 +0800] "GET /xingrg/kc/print/load_data.html?order_code=212023052910890&kc_code=cgsh&condition= HTTP/1.1" 200 11864
218.81.217.41 - - [29/May/2023:09:29:07 +0800] "GET /xingrg/check_reg.html?_=1685323748904 HTTP/1.1" 200 22
180.164.3.199 - - [29/May/2023:09:29:09 +0800] "GET /xingrg/all/function/internal_message.html?_=1685323748579&CODE_STATE=getMsg HTTP/1.1" 200 27
180.169.147.146 - - [29/May/2023:09:29:10 +0800] "GET /xingrg/all/function/internal_message.html?_=1685323745703&CODE_STATE=getMsg HTTP/1.1" 200 27
116.238.139.35 - - [29/May/2023:09:29:16 +0800] "GET /xingrg/all/function/internal_message.html?_=1685323665854&CODE_STATE=getMsg HTTP/1.1" 200 27
180.169.147.146 - - [29/May/2023:09:29:16 +0800] "GET /xingrg/kc/buy/buy_main.html HTTP/1.1" 200 12412
180.169.147.146 - - [29/May/2023:09:29:16 +0800] "GET /xingrg/css/new_ie.css HTTP/1.1" 404 1036
116.232.195.127 - - [29/May/2023:09:29:20 +0800] "GET /xingrg/all/function/internal_message.html?_=1685323788301&CODE_STATE=getMsg HTTP/1.1" 200 27
116.232.195.127 - - [29/May/2023:09:29:20 +0800] "GET /xingrg/check_reg.html?_=1685323788332 HTTP/1.1" 200 22
114.85.98.170 - - [29/May/2023:09:29:23 +0800] "GET /xingrg/all/function/internal_message.html?_=1685323763224&CODE_STATE=getMsg HTTP/1.1" 302 -
116.238.139.35 - - [29/May/2023:09:29:25 +0800] "GET /xingrg/all/function/internal_message.html?_=1685323765211&CODE_STATE=getMsg HTTP/1.1" 200 27
180.169.147.146 - - [29/May/2023:09:29:30 +0800] "GET /xingrg/images/yd/bt.gif HTTP/1.1" 404 1040
180.169.147.146 - - [29/May/2023:09:29:33 +0800] "GET /xingrg/kc/buy/cgsh_order_list.html HTTP/1.1" 200 8212
180.169.147.146 - - [29/May/2023:09:29:33 +0800] "GET /xingrg/kc/buy/cgsh_order_list.html HTTP/1.1" 200 55678
180.169.147.146 - - [29/May/2023:09:29:33 +0800] "GET /xingrg/kc/buy/cgsh_order_list.html HTTP/1.1" 200 55678
180.169.147.146 - - [29/May/2023:09:29:33 +0800] "GET /favicon.ico HTTP/1.1" 404 -
180.169.147.146 - - [29/May/2023:09:29:37 +0800] "POST /xingrg/kc/buy/cgsh_list_operate.html HTTP/1.1" 200 6031
180.169.147.146 - - [29/May/2023:09:29:37 +0800] "POST /xingrg/kc/buy/cgsh_list_operate.html HTTP/1.1" 200 6031
58.40.7.146 - - [29/May/2023:09:29:40 +0800] "GET /xingrg/all/function/internal_message.html?_=1685323780818&CODE_STATE=getMsg HTTP/1.1" 200 27
180.169.147.146 - - [29/May/2023:09:29:41 +0800] "GET /xingrg/kc/buy/cgsh_order_add.html HTTP/1.1" 200 71457
180.169.147.146 - - [29/May/2023:09:29:41 +0800] "GET /xingrg/words/20230528204915_words.js HTTP/1.1" 200 966163
180.169.147.146 - - [29/May/2023:09:29:41 +0800] "POST /xingrg/kc/buy/cgsh_order_operate.html HTTP/1.1" 200 8245
180.169.147.146 - - [29/May/2023:09:29:41 +0800] "GET /xingrg/javascript/easyui/themes/default/validatebox.css HTTP/1.1" 404 1104
180.169.147.146 - - [29/May/2023:09:29:41 +0800] "GET /xingrg/all/common/auto_word.html?type=employee&rest_code=00147 HTTP/1.1" 200 101
180.169.147.146 - - [29/May/2023:09:29:41 +0800] "GET /xingrg/all/common/auto_word.html?type=employee&rest_code=00147 HTTP/1.1" 200 101
180.169.147.146 - - [29/May/2023:09:29:42 +0800] "GET /xingrg/javascript/auto/indicator.gif HTTP/1.1" 404 1066
180.169.147.146 - - [29/May/2023:09:29:44 +0800] "GET /xingrg/javascript/jquery_tools/images/prev.gif HTTP/1.1" 404 1086
180.169.147.146 - - [29/May/2023:09:29:44 +0800] "GET /xingrg/javascript/jquery_tools/images/next.gif HTTP/1.1" 404 1086
101.83.145.52 - - [29/May/2023:09:29:46 +0800] "GET /xingrg/all/function/internal_message.html?_=1685323617620&CODE_STATE=getMsg HTTP/1.1" 200 27
114.83.218.148 - - [29/May/2023:09:29:49 +0800] "GET /xingrg/all/function/internal_message.html?_=1685323788541&CODE_STATE=getMsg HTTP/1.1" 200 27
114.85.113.108 - - [29/May/2023:09:29:50 +0800] "GET /xingrg/all/function/internal_message.html?_=1685323763335&CODE_STATE=getMsg HTTP/1.1" 200 27
120.253.135.82 - - [29/May/2023:09:29:51 +0800] "GET /xingrg/index.html?sysBaseUrl=http%3A%2F%2F180.169.147.146%3A18081%2Fxingrg%2F&costTime=42×tamp=1677553372900 HTTP/1.1" 302 -
120.253.135.82 - - [29/May/2023:09:29:51 +0800] "GET /xingrg/login.html HTTP/1.1" 200 7641
222.70.180.90 - - [29/May/2023:09:29:51 +0800] "GET /xingrg/all/function/internal_message.html?_=1685323791125&CODE_STATE=getMsg HTTP/1.1" 200 27
180.169.147.146 - - [29/May/2023:09:29:51 +0800] "GET /xingrg/kc/buy/cgsh_order_operate.html?command=get_materiel&rest_code=00147&code=00101007022&supplier_code=00100004&order_time=2023-05-29 HTTP/1.1" 200 413
120.253.135.82 - - [29/May/2023:09:29:52 +0800] "GET /favicon.ico HTTP/1.1" 404 -
101.229.22.40 - - [29/May/2023:09:29:53 +0800] "GET /xingrg/all/function/internal_message.html?_=1685323793226&CODE_STATE=getMsg HTTP/1.1" 200 27
180.169.147.146 - - [29/May/2023:09:30:00 +0800] "GET /xingrg/check_reg.html?_=1685323800448 HTTP/1.1" 200 22
180.169.147.146 - - [29/May/2023:09:30:00 +0800] "GET /xingrg/all/function/internal_message.html?_=1685323800449&CODE_STATE=getMsg HTTP/1.1" 200 27
180.169.147.146 - - [29/May/2023:09:30:01 +0800] "GET /xingrg/kc/buy/cgsh_order_operate.html?command=get_materiel&rest_code=00147&code=00101007061&supplier_code=00100004&order_time=2023-05-29 HTTP/1.1" 200 409
218.81.217.41 - - [29/May/2023:09:30:03 +0800] "GET /xingrg/all/function/internal_message.html?_=1685323805111&CODE_STATE=getMsg HTTP/1.1" 200 27
180.164.3.199 - - [29/May/2023:09:30:09 +0800] "GET /xingrg/all/function/internal_message.html?_=1685323808580&CODE_STATE=getMsg HTTP/1.1" 200 27
180.169.147.146 - - [29/May/2023:09:30:10 +0800] "GET /xingrg/check_reg.html?_=1685323805707 HTTP/1.1" 200 22
180.169.147.146 - - [29/May/2023:09:30:10 +0800] "GET /xingrg/all/function/internal_message.html?_=1685323805709&CODE_STATE=getMsg HTTP/1.1" 200 27
116.238.139.35 - - [29/May/2023:09:30:16 +0800] "GET /xingrg/all/function/internal_message.html?_=1685323725867&CODE_STATE=getMsg HTTP/1.1" 200 27
116.232.195.127 - - [29/May/2023:09:30:20 +0800] "GET /xingrg/all/function/internal_message.html?_=1685323848296&CODE_STATE=getMsg HTTP/1.1" 200 27
114.85.98.170 - - [29/May/2023:09:30:23 +0800] "GET /xingrg/all/function/internal_message.html?_=1685323823209&CODE_STATE=getMsg HTTP/1.1" 302 -
116.238.139.35 - - [29/May/2023:09:30:25 +0800] "GET /xingrg/all/function/internal_message.html?_=1685323825199&CODE_STATE=getMsg HTTP/1.1" 200 27
120.253.135.82 - - [29/May/2023:09:30:26 +0800] "POST /xingrg/login.do HTTP/1.1" 302 -
120.253.135.82 - - [29/May/2023:09:30:26 +0800] "GET /xingrg/index.html?sysBaseUrl=http%3A%2F%2F180.169.147.146%3A18081%2Fxingrg%2F&costTime=843×tamp=1685323826480 HTTP/1.1" 200 17177
120.253.135.82 - - [29/May/2023:09:30:26 +0800] "GET /favicon.ico HTTP/1.1" 404 -
120.253.135.82 - - [29/May/2023:09:30:27 +0800] "GET /xingrg/check_reg.html?_=1685323832462 HTTP/1.1" 200 22
120.253.135.82 - - [29/May/2023:09:30:27 +0800] "GET /xingrg/all/function/internal_message.html?_=1685323832461&CODE_STATE=count HTTP/1.1" 200 11
120.253.135.82 - - [29/May/2023:09:30:27 +0800] "POST /xingrg/all/common/load_tree.html?tree=area_rest_tree_json&manage=1 HTTP/1.1" 200 348
120.253.135.82 - - [29/May/2023:09:30:27 +0800] "POST /xingrg/load_menu.html HTTP/1.1" 200 5138
180.169.147.146 - - [29/May/2023:09:30:30 +0800] "POST /xingrg/kc/buy/cgsh_order_operate.html HTTP/1.1" 200 37
180.169.147.146 - - [29/May/2023:09:30:32 +0800] "POST /xingrg/kc/buy/cgsh_order_operate.html HTTP/1.1" 200 3244
180.169.147.146 - - [29/May/2023:09:30:32 +0800] "GET /xingrg/kc/print/load_config.html?kc_code=cgsh HTTP/1.1" 200 1924
180.169.147.146 - - [29/May/2023:09:30:33 +0800] "GET /xingrg/kc/print/load_data.html?order_code=212023052910891&kc_code=cgsh&condition= HTTP/1.1" 200 956
180.169.147.146 - - [29/May/2023:09:30:36 +0800] "GET /xingrg/kc/buy/cgsh_order_add.html HTTP/1.1" 200 71457
180.169.147.146 - - [29/May/2023:09:30:36 +0800] "POST /xingrg/kc/buy/cgsh_order_operate.html HTTP/1.1" 200 8245
180.169.147.146 - - [29/May/2023:09:30:36 +0800] "GET /xingrg/javascript/easyui/themes/default/validatebox.css HTTP/1.1" 404 1104
58.40.7.146 - - [29/May/2023:09:30:40 +0800] "GET /xingrg/all/function/internal_message.html?_=1685323840821&CODE_STATE=getMsg HTTP/1.1" 200 27
101.83.145.52 - - [29/May/2023:09:30:46 +0800] "GET /xingrg/all/function/internal_message.html?_=1685323677609&CODE_STATE=getMsg HTTP/1.1" 200 27
120.253.135.82 - - [29/May/2023:09:30:46 +0800] "GET /xingrg/kc/buy/buy_main.html HTTP/1.1" 200 12412
120.253.135.82 - - [29/May/2023:09:30:46 +0800] "GET /xingrg/css/new_ie.css HTTP/1.1" 404 1036
120.253.135.82 - - [29/May/2023:09:30:48 +0800] "GET /xingrg/images/yd/bt.gif HTTP/1.1" 404 1040
114.83.218.148 - - [29/May/2023:09:30:49 +0800] "GET /xingrg/all/function/internal_message.html?_=1685323848511&CODE_STATE=getMsg HTTP/1.1" 200 27
120.253.135.82 - - [29/May/2023:09:30:49 +0800] "GET /xingrg/kc/buy/cgsh_order_list.html HTTP/1.1" 200 55676
180.169.147.146 - - [29/May/2023:09:30:50 +0800] "GET /xingrg/kc/buy/cgsh_order_operate.html?command=get_materiel&rest_code=00147&code=00101008185&supplier_code=00100007&order_time=2023-05-29 HTTP/1.1" 200 408
114.85.113.108 - - [29/May/2023:09:30:50 +0800] "GET /xingrg/all/function/internal_message.html?_=1685323823320&CODE_STATE=getMsg HTTP/1.1" 200 27
222.70.180.90 - - [29/May/2023:09:30:51 +0800] "GET /xingrg/all/function/internal_message.html?_=1685323851111&CODE_STATE=getMsg HTTP/1.1" 200 27
101.229.22.40 - - [29/May/2023:09:30:53 +0800] "GET /xingrg/all/function/internal_message.html?_=1685323853224&CODE_STATE=getMsg HTTP/1.1" 200 27
114.85.98.170 - - [29/May/2023:09:30:54 +0800] "GET /xingrg/kc/buy/cgsh_order_list.html HTTP/1.1" 302 -
114.85.98.170 - - [29/May/2023:09:30:54 +0800] "GET /xingrg/login.html HTTP/1.1" 200 7641
114.85.98.170 - - [29/May/2023:09:30:54 +0800] "GET /xingrg/login.html HTTP/1.1" 200 7641
114.85.98.170 - - [29/May/2023:09:30:54 +0800] "GET /xingrg/images/blue/jxLogo.png HTTP/1.1" 200 6156
114.85.98.170 - - [29/May/2023:09:30:54 +0800] "GET /xingrg/images/blue/login_bg.png HTTP/1.1" 200 22101
114.85.98.170 - - [29/May/2023:09:30:54 +0800] "GET /xingrg/images/blue/hj.png HTTP/1.1" 200 1014
114.85.98.170 - - [29/May/2023:09:30:54 +0800] "GET /xingrg/images/blue/srbg.png HTTP/1.1" 200 138
114.85.98.170 - - [29/May/2023:09:30:54 +0800] "GET /favicon.ico HTTP/1.1" 404 -
120.253.135.82 - - [29/May/2023:09:30:56 +0800] "POST /xingrg/kc/buy/cgsh_list_operate.html HTTP/1.1" 200 2296
114.85.98.170 - - [29/May/2023:09:30:56 +0800] "POST /xingrg/login.do HTTP/1.1" 302 -
114.85.98.170 - - [29/May/2023:09:30:56 +0800] "GET /xingrg/index.html?sysBaseUrl=http%3A%2F%2F180.169.147.146%3A18081%2Fxingrg%2F&costTime=930×tamp=1685323856826 HTTP/1.1" 200 17173
114.85.98.170 - - [29/May/2023:09:30:56 +0800] "GET /xingrg/javascript/jquery_easy_ui/themes/default/easyui.css HTTP/1.1" 200 26500
114.85.98.170 - - [29/May/2023:09:30:56 +0800] "GET /xingrg/javascript/jquery_easy_ui/themes/icon.css HTTP/1.1" 200 3949
114.85.98.170 - - [29/May/2023:09:30:56 +0800] "GET /xingrg/css/form.css HTTP/1.1" 200 893
114.85.98.170 - - [29/May/2023:09:30:56 +0800] "GET /xingrg/javascript/jquery-1.4.2.min.js HTTP/1.1" 200 72205
114.85.98.170 - - [29/May/2023:09:30:56 +0800] "GET /xingrg/javascript/jquery.form.js HTTP/1.1" 200 23110
114.85.98.170 - - [29/May/2023:09:30:56 +0800] "GET /xingrg/javascript/jquery_easy_ui/easyui-lang-zh_CN.js HTTP/1.1" 200 1900
114.85.98.170 - - [29/May/2023:09:30:56 +0800] "GET /xingrg/javascript/jquery_easy_ui/jquery.easyui.min.js HTTP/1.1" 200 213662
114.85.98.170 - - [29/May/2023:09:30:56 +0800] "GET /xingrg/javascript/jquery.utils.js HTTP/1.1" 200 11805
114.85.98.170 - - [29/May/2023:09:30:56 +0800] "GET /xingrg/javascript/jquery.timers.js HTTP/1.1" 200 3532
114.85.98.170 - - [29/May/2023:09:30:57 +0800] "GET /favicon.ico HTTP/1.1" 404 -
114.85.98.170 - - [29/May/2023:09:30:57 +0800] "GET /xingrg/images/blue/navBackgound.jpg HTTP/1.1" 200 12378
114.85.98.170 - - [29/May/2023:09:30:57 +0800] "GET /xingrg/javascript/jquery_easy_ui/themes/icons/settle_new.png HTTP/1.1" 200 826
114.85.98.170 - - [29/May/2023:09:30:57 +0800] "GET /xingrg/all/function/internal_message.html?_=1685323857020&CODE_STATE=count HTTP/1.1" 200 11
114.85.98.170 - - [29/May/2023:09:30:57 +0800] "GET /xingrg/check_reg.html?_=1685323857020 HTTP/1.1" 200 22
114.85.98.170 - - [29/May/2023:09:30:57 +0800] "GET /xingrg/images/blue/pingpu.png HTTP/1.1" 200 231
114.85.98.170 - - [29/May/2023:09:30:57 +0800] "GET /xingrg/javascript/jquery_easy_ui/themes/default/images/panel_tool_collapse.gif HTTP/1.1" 200 246
114.85.98.170 - - [29/May/2023:09:30:57 +0800] "GET /xingrg/javascript/jquery_easy_ui/themes/default/images/tabs_leftarrow.png HTTP/1.1" 200 389
114.85.98.170 - - [29/May/2023:09:30:57 +0800] "GET /xingrg/javascript/jquery_easy_ui/themes/default/images/tabs_rightarrow.png HTTP/1.1" 200 395
114.85.98.170 - - [29/May/2023:09:30:57 +0800] "POST /xingrg/all/common/load_tree.html?tree=area_rest_tree_json&manage=1 HTTP/1.1" 200 342
114.85.98.170 - - [29/May/2023:09:30:57 +0800] "POST /xingrg/load_menu.html HTTP/1.1" 200 5138
114.85.98.170 - - [29/May/2023:09:30:57 +0800] "GET /xingrg/javascript/jquery_easy_ui/themes/default/images/tree_arrows.gif HTTP/1.1" 200 1043
114.85.98.170 - - [29/May/2023:09:30:57 +0800] "GET /xingrg/javascript/jquery_easy_ui/themes/default/images/tree_folder.gif HTTP/1.1" 200 952
114.85.98.170 - - [29/May/2023:09:30:57 +0800] "GET /xingrg/javascript/jquery_easy_ui/themes/default/images/tree_folder_open.gif HTTP/1.1" 200 956
114.85.98.170 - - [29/May/2023:09:30:57 +0800] "GET /xingrg/javascript/jquery_easy_ui/themes/icons/search_new.png HTTP/1.1" 200 586
114.85.98.170 - - [29/May/2023:09:30:57 +0800] "GET /xingrg/javascript/jquery_easy_ui/themes/default/images/tree_file.gif HTTP/1.1" 200 118
114.85.98.170 - - [29/May/2023:09:30:57 +0800] "GET /xingrg/javascript/jquery_easy_ui/themes/icons/storage_new.png HTTP/1.1" 200 853
114.85.98.170 - - [29/May/2023:09:30:57 +0800] "GET /xingrg/javascript/jquery_easy_ui/themes/icons/forms_new.png HTTP/1.1" 200 350
172.20.0.100 - - [29/May/2023:09:30:57 +0800] "GET /xingrg/check_reg.html?_=1685323858963 HTTP/1.1" 302 -
180.169.147.146 - - [29/May/2023:09:31:00 +0800] "GET /xingrg/all/function/internal_message.html?_=1685323860437&CODE_STATE=getMsg HTTP/1.1" 200 27
218.81.217.41 - - [29/May/2023:09:31:03 +0800] "GET /xingrg/all/function/internal_message.html?_=1685323865125&CODE_STATE=getMsg HTTP/1.1" 200 27
114.85.98.170 - - [29/May/2023:09:31:07 +0800] "GET /xingrg/javascript/jquery_easy_ui/themes/default/images/tabs_close.gif HTTP/1.1" 200 829
114.85.98.170 - - [29/May/2023:09:31:07 +0800] "GET /xingrg/kc/buy/cgsh_order_list.html HTTP/1.1" 200 55672
114.85.98.170 - - [29/May/2023:09:31:07 +0800] "GET /xingrg/css/base.css HTTP/1.1" 200 2811
114.85.98.170 - - [29/May/2023:09:31:07 +0800] "GET /xingrg/css/site.css HTTP/1.1" 200 7541
114.85.98.170 - - [29/May/2023:09:31:07 +0800] "GET /xingrg/javascript/jquery_tools/datebox.css HTTP/1.1" 200 2597
114.85.98.170 - - [29/May/2023:09:31:07 +0800] "GET /xingrg/javascript/easyui/themes/default/easyui.css HTTP/1.1" 200 30432
114.85.98.170 - - [29/May/2023:09:31:07 +0800] "GET /xingrg/javascript/easyui/themes/icon.css HTTP/1.1" 200 4483
114.85.98.170 - - [29/May/2023:09:31:07 +0800] "GET /xingrg/javascript/auto/jquery.autocomplete.css HTTP/1.1" 200 587
114.85.98.170 - - [29/May/2023:09:31:07 +0800] "GET /xingrg/javascript/jquery_tools/fix.css HTTP/1.1" 200 1702
114.85.98.170 - - [29/May/2023:09:31:07 +0800] "GET /xingrg/javascript/jquery_tools/table.css HTTP/1.1" 200 1032
114.85.98.170 - - [29/May/2023:09:31:07 +0800] "GET /xingrg/javascript/jquery_tools/jquery.tools.min.js HTTP/1.1" 200 138801
114.85.98.170 - - [29/May/2023:09:31:07 +0800] "GET /xingrg/javascript/jquery_tools/jquery.tools.extend.js HTTP/1.1" 200 15385
114.85.98.170 - - [29/May/2023:09:31:07 +0800] "GET /xingrg/javascript/jquery_tools/jquery.tools.hotkey.js HTTP/1.1" 200 3242
114.85.98.170 - - [29/May/2023:09:31:07 +0800] "GET /xingrg/javascript/jquery_tools/jquery.tools.table.js HTTP/1.1" 200 6994
114.85.98.170 - - [29/May/2023:09:31:07 +0800] "GET /xingrg/javascript/jquery_tools/list_manager.js HTTP/1.1" 200 3652
114.85.98.170 - - [29/May/2023:09:31:07 +0800] "GET /xingrg/javascript/auto/jquery.autocomplete.js HTTP/1.1" 200 21624
114.85.98.170 - - [29/May/2023:09:31:07 +0800] "GET /xingrg/javascript/easyui/easyloader.js HTTP/1.1" 200 5975
114.85.98.170 - - [29/May/2023:09:31:07 +0800] "GET /xingrg/javascript/jquery.cookie.js HTTP/1.1" 200 5513
114.85.98.170 - - [29/May/2023:09:31:07 +0800] "GET /xingrg/javascript/print/LodopFuncs.js HTTP/1.1" 200 5121
114.85.98.170 - - [29/May/2023:09:31:07 +0800] "GET /xingrg/javascript/easyui/themes/icons/import_new.png HTTP/1.1" 200 1247
114.85.98.170 - - [29/May/2023:09:31:07 +0800] "GET /xingrg/javascript/easyui/themes/icons/field_new.png HTTP/1.1" 200 1097
114.85.98.170 - - [29/May/2023:09:31:07 +0800] "GET /xingrg/javascript/easyui/themes/icons/check_new.png HTTP/1.1" 200 3224
114.85.98.170 - - [29/May/2023:09:31:07 +0800] "GET /xingrg/javascript/easyui/themes/icons/edit_add_new.png HTTP/1.1" 200 2997
114.85.98.170 - - [29/May/2023:09:31:07 +0800] "GET /xingrg/javascript/easyui/themes/icons/cance_new.png HTTP/1.1" 200 3986
114.85.98.170 - - [29/May/2023:09:31:07 +0800] "GET /xingrg/javascript/easyui/plugins/jquery.parser.js HTTP/1.1" 200 1142
114.85.98.170 - - [29/May/2023:09:31:07 +0800] "GET /xingrg/images/control/ajaxLoader.gif HTTP/1.1" 200 4659
180.164.3.199 - - [29/May/2023:09:31:09 +0800] "GET /xingrg/all/function/internal_message.html?_=1685323868570&CODE_STATE=getMsg HTTP/1.1" 200 27
180.164.3.199 - - [29/May/2023:09:31:09 +0800] "GET /xingrg/check_reg.html?_=1685323868574 HTTP/1.1" 200 22
180.169.147.146 - - [29/May/2023:09:31:10 +0800] "GET /xingrg/all/function/internal_message.html?_=1685323865710&CODE_STATE=getMsg HTTP/1.1" 200 27
120.253.135.82 - - [29/May/2023:09:31:15 +0800] "POST /xingrg/kc/buy/cgsh_list_operate.html HTTP/1.1" 200 4
116.238.139.35 - - [29/May/2023:09:31:15 +0800] "GET /xingrg/check_reg.html?_=1685323785186 HTTP/1.1" 200 22
116.238.139.35 - - [29/May/2023:09:31:16 +0800] "GET /xingrg/all/function/internal_message.html?_=1685323785880&CODE_STATE=getMsg HTTP/1.1" 200 27
114.85.98.170 - - [29/May/2023:09:31:17 +0800] "POST /xingrg/kc/buy/cgsh_list_operate.html HTTP/1.1" 200 1864
114.85.98.170 - - [29/May/2023:09:31:19 +0800] "GET /xingrg/javascript/easyui/themes/default/images/button_plain_hover.png HTTP/1.1" 200 144
116.232.195.127 - - [29/May/2023:09:31:20 +0800] "GET /xingrg/all/function/internal_message.html?_=1685323908300&CODE_STATE=getMsg HTTP/1.1" 200 27
114.85.98.170 - - [29/May/2023:09:31:20 +0800] "GET /xingrg/kc/buy/cgsh_order_add.html HTTP/1.1" 200 71489
114.85.98.170 - - [29/May/2023:09:31:20 +0800] "GET /xingrg/javascript/pic_change.js HTTP/1.1" 200 4739
114.85.98.170 - - [29/May/2023:09:31:20 +0800] "GET /xingrg/javascript/jquery_tools/order_manager.js HTTP/1.1" 200 11183
114.85.98.170 - - [29/May/2023:09:31:20 +0800] "GET /xingrg/javascript/json2.js HTTP/1.1" 200 11259
114.85.98.170 - - [29/May/2023:09:31:20 +0800] "GET /xingrg/javascript/convert.js HTTP/1.1" 200 1239
114.85.98.170 - - [29/May/2023:09:31:20 +0800] "GET /xingrg/javascript/print/kc_print.js HTTP/1.1" 200 11415
114.85.98.170 - - [29/May/2023:09:31:20 +0800] "GET /xingrg/words/20230528204915_words.js HTTP/1.1" 200 966163
114.85.98.170 - - [29/May/2023:09:31:20 +0800] "GET /xingrg/javascript/easyui/themes/icons/copy_new.png HTTP/1.1" 200 815
114.85.98.170 - - [29/May/2023:09:31:20 +0800] "GET /xingrg/javascript/easyui/themes/icons/print.png HTTP/1.1" 200 1057
114.85.98.170 - - [29/May/2023:09:31:20 +0800] "GET /xingrg/javascript/easyui/themes/icons/ok.png HTTP/1.1" 200 883
114.85.98.170 - - [29/May/2023:09:31:20 +0800] "GET /xingrg/javascript/easyui/themes/icons/cancel.png HTTP/1.1" 200 1133
114.85.98.170 - - [29/May/2023:09:31:20 +0800] "GET /xingrg/javascript/easyui/themes/icons/template_new.png HTTP/1.1" 200 3956
114.85.98.170 - - [29/May/2023:09:31:20 +0800] "GET /xingrg/javascript/easyui/themes/default/images/menu_downarrow.png HTTP/1.1" 200 173
114.85.98.170 - - [29/May/2023:09:31:21 +0800] "POST /xingrg/kc/buy/cgsh_order_operate.html HTTP/1.1" 200 8245
114.85.98.170 - - [29/May/2023:09:31:21 +0800] "GET /xingrg/javascript/easyui/themes/default/validatebox.css HTTP/1.1" 404 1104
114.85.98.170 - - [29/May/2023:09:31:21 +0800] "GET /xingrg/javascript/easyui/plugins/jquery.validatebox.js HTTP/1.1" 200 6103
114.85.98.170 - - [29/May/2023:09:31:21 +0800] "GET /xingrg/all/common/auto_word.html?type=employee&rest_code=00102 HTTP/1.1" 200 189
114.85.98.170 - - [29/May/2023:09:31:21 +0800] "GET /xingrg/all/common/auto_word.html?type=employee&rest_code=00102 HTTP/1.1" 200 189
114.85.98.170 - - [29/May/2023:09:31:21 +0800] "GET /xingrg/javascript/easyui/plugins/jquery.numberbox.js HTTP/1.1" 200 5213
114.85.98.170 - - [29/May/2023:09:31:21 +0800] "GET /xingrg/javascript/easyui/themes/icons/edit_remove.png HTTP/1.1" 200 625
114.85.98.170 - - [29/May/2023:09:31:23 +0800] "GET /xingrg/javascript/auto/indicator.gif HTTP/1.1" 404 1066
116.238.139.35 - - [29/May/2023:09:31:25 +0800] "GET /xingrg/all/function/internal_message.html?_=1685323885199&CODE_STATE=getMsg HTTP/1.1" 200 27
120.253.135.82 - - [29/May/2023:09:31:29 +0800] "GET /xingrg/all/function/internal_message.html?_=1685323894985&CODE_STATE=getMsg HTTP/1.1" 200 27
120.253.135.82 - - [29/May/2023:09:31:31 +0800] "POST /xingrg/kc/buy/cgsh_list_operate.html HTTP/1.1" 200 986
222.70.110.223 - - [29/May/2023:09:31:32 +0800] "GET /favicon.ico HTTP/1.1" 404 -
114.85.98.170 - - [29/May/2023:09:31:33 +0800] "GET /xingrg/kc/buy/cgsh_order_operate.html?command=get_materiel&rest_code=00102&code=00101016030&supplier_code=00100096&order_time=2023-05-29 HTTP/1.1" 200 412
120.253.135.82 - - [29/May/2023:09:31:40 +0800] "GET /xingrg/kc/mdqp/qp_main.html HTTP/1.1" 200 10633
58.40.7.146 - - [29/May/2023:09:31:40 +0800] "GET /xingrg/all/function/internal_message.html?_=1685323900822&CODE_STATE=getMsg HTTP/1.1" 200 27
58.40.7.146 - - [29/May/2023:09:31:40 +0800] "GET /xingrg/check_reg.html?_=1685323900824 HTTP/1.1" 200 22
120.253.135.82 - - [29/May/2023:09:31:41 +0800] "GET /xingrg/images/yd/bt.gif HTTP/1.1" 404 1040
120.253.135.82 - - [29/May/2023:09:31:42 +0800] "GET /xingrg/kc/mdqp/pssh_order_list.html HTTP/1.1" 200 16982
120.253.135.82 - - [29/May/2023:09:31:42 +0800] "POST /xingrg/kc/mdqp/pssh_list_operate.html HTTP/1.1" 200 5404
120.253.135.82 - - [29/May/2023:09:31:44 +0800] "POST /xingrg/kc/mdqp/pssh_list_operate.html HTTP/1.1" 200 259
120.253.135.82 - - [29/May/2023:09:31:45 +0800] "GET /xingrg/kc/mdqp/pssh_order_info.html?code=312023052800595 HTTP/1.1" 200 17301
120.253.135.82 - - [29/May/2023:09:31:45 +0800] "GET /xingrg/javascript/jquery_tools/jquery-1.4.2.min.js HTTP/1.1" 404 1094
120.253.135.82 - - [29/May/2023:09:31:45 +0800] "GET /xingrg/words/20230528204915_words.js HTTP/1.1" 200 966163
120.253.135.82 - - [29/May/2023:09:31:45 +0800] "GET /xingrg/javascript/easyui/themes/default/validatebox.css HTTP/1.1" 404 1104
120.253.135.82 - - [29/May/2023:09:31:45 +0800] "GET /xingrg/all/common/auto_word.html?type=base&rest_code=00157&rest_code=00157 HTTP/1.1" 200 735
120.253.135.82 - - [29/May/2023:09:31:45 +0800] "POST /xingrg/kc/mdqp/pssh_order_operate.html HTTP/1.1" 200 537
120.253.135.82 - - [29/May/2023:09:31:45 +0800] "GET /xingrg/all/common/auto_word.html?type=employee&rest_code=00157 HTTP/1.1" 200 51
101.83.145.52 - - [29/May/2023:09:31:46 +0800] "GET /xingrg/all/function/internal_message.html?_=1685323737618&CODE_STATE=getMsg HTTP/1.1" 200 27
101.83.145.52 - - [29/May/2023:09:31:46 +0800] "GET /xingrg/check_reg.html?_=1685323737621 HTTP/1.1" 200 22
120.253.135.82 - - [29/May/2023:09:31:47 +0800] "GET /xingrg/javascript/jquery_tools/images/prev.gif HTTP/1.1" 404 1086
120.253.135.82 - - [29/May/2023:09:31:47 +0800] "GET /xingrg/javascript/jquery_tools/images/next.gif HTTP/1.1" 404 1086
114.85.98.170 - - [29/May/2023:09:31:47 +0800] "GET /xingrg/kc/buy/cgsh_order_operate.html?command=get_materiel&rest_code=00102&code=00101012003&supplier_code=00100096&order_time=2023-05-29 HTTP/1.1" 200 412
114.83.218.148 - - [29/May/2023:09:31:49 +0800] "GET /xingrg/all/function/internal_message.html?_=1685323908481&CODE_STATE=getMsg HTTP/1.1" 200 27
114.85.113.108 - - [29/May/2023:09:31:50 +0800] "GET /xingrg/all/function/internal_message.html?_=1685323883291&CODE_STATE=getMsg HTTP/1.1" 200 27
222.70.180.90 - - [29/May/2023:09:31:51 +0800] "GET /xingrg/all/function/internal_message.html?_=1685323911096&CODE_STATE=getMsg HTTP/1.1" 200 27
222.70.180.90 - - [29/May/2023:09:31:51 +0800] "GET /xingrg/check_reg.html?_=1685323911707 HTTP/1.1" 200 22
120.253.135.82 - - [29/May/2023:09:31:52 +0800] "GET /xingrg/javascript/auto/indicator.gif HTTP/1.1" 404 1066
101.229.22.40 - - [29/May/2023:09:31:53 +0800] "GET /xingrg/all/function/internal_message.html?_=1685323913224&CODE_STATE=getMsg HTTP/1.1" 200 27
101.229.22.40 - - [29/May/2023:09:31:53 +0800] "GET /xingrg/check_reg.html?_=1685323913226 HTTP/1.1" 200 22
218.81.217.41 - - [29/May/2023:09:31:56 +0800] "GET /xingrg/kc/buy/cgsh_order_add.html HTTP/1.1" 200 71454
114.85.98.170 - - [29/May/2023:09:31:57 +0800] "GET /xingrg/all/function/internal_message.html?_=1685323917028&CODE_STATE=getMsg HTTP/1.1" 200 27
218.81.217.41 - - [29/May/2023:09:31:57 +0800] "POST /xingrg/kc/buy/cgsh_order_operate.html HTTP/1.1" 200 8245
218.81.217.41 - - [29/May/2023:09:31:57 +0800] "GET /xingrg/javascript/easyui/themes/default/validatebox.css HTTP/1.1" 404 1104
120.253.135.82 - - [29/May/2023:09:31:58 +0800] "POST /xingrg/kc/mdqp/pssh_order_operate.html HTTP/1.1" 200 37
114.85.98.170 - - [29/May/2023:09:31:58 +0800] "GET /xingrg/kc/buy/cgsh_order_operate.html?command=get_materiel&rest_code=00102&code=00101006111&supplier_code=00100096&order_time=2023-05-29 HTTP/1.1" 200 409
180.169.147.146 - - [29/May/2023:09:32:00 +0800] "GET /xingrg/all/function/internal_message.html?_=1685323920437&CODE_STATE=getMsg HTTP/1.1" 200 27
120.253.135.82 - - [29/May/2023:09:32:00 +0800] "POST /xingrg/kc/mdqp/pssh_order_operate.html HTTP/1.1" 200 12
218.81.217.41 - - [29/May/2023:09:32:03 +0800] "GET /xingrg/all/function/internal_message.html?_=1685323925138&CODE_STATE=getMsg HTTP/1.1" 200 27
180.164.3.199 - - [29/May/2023:09:32:09 +0800] "GET /xingrg/all/function/internal_message.html?_=1685323928585&CODE_STATE=getMsg HTTP/1.1" 200 27
120.253.135.82 - - [29/May/2023:09:32:10 +0800] "GET /xingrg/kc/mdqp/pssh_order_info.html?code=312023052800595 HTTP/1.1" 200 14390
120.253.135.82 - - [29/May/2023:09:32:10 +0800] "GET /xingrg/javascript/jquery_tools/jquery-1.4.2.min.js HTTP/1.1" 404 1094
180.169.147.146 - - [29/May/2023:09:32:10 +0800] "GET /xingrg/all/function/internal_message.html?_=1685323925695&CODE_STATE=getMsg HTTP/1.1" 200 27
120.253.135.82 - - [29/May/2023:09:32:12 +0800] "GET /xingrg/javascript/easyui/themes/default/validatebox.css HTTP/1.1" 404 1104
120.253.135.82 - - [29/May/2023:09:32:12 +0800] "POST /xingrg/kc/mdqp/pssh_order_operate.html HTTP/1.1" 200 546
218.81.217.41 - - [29/May/2023:09:32:13 +0800] "GET /xingrg/kc/buy/cgsh_order_operate.html?command=get_materiel&rest_code=00146&code=00101016080&supplier_code=00100033&order_time=2023-05-29 HTTP/1.1" 200 408
120.253.135.82 - - [29/May/2023:09:32:14 +0800] "GET /xingrg/kc/print/load_config.html?kc_code=pssh HTTP/1.1" 200 2368
