101.83.145.52 - - [29/May/2023:08:36:54 +0800] "GET /xingrg/javascript/jquery_ui/themes/humanity/images/ui-bg_inset-soft_100_f4f0ec_1x100.png HTTP/1.1" 304 -
101.83.145.52 - - [29/May/2023:08:36:54 +0800] "GET /xingrg/images/blue/bg_dotted.jpg HTTP/1.1" 304 -
101.83.145.52 - - [29/May/2023:08:36:54 +0800] "GET /xingrg/images/blue/button/right_ah.jpg HTTP/1.1" 304 -
101.83.145.52 - - [29/May/2023:08:36:54 +0800] "GET /xingrg/images/blue/button/down_ah.jpg HTTP/1.1" 304 -
101.83.145.52 - - [29/May/2023:08:36:54 +0800] "GET /xingrg/javascript/jquery_ui/themes/humanity/images/ui-iconsnew.jpg HTTP/1.1" 304 -
101.83.145.52 - - [29/May/2023:08:36:54 +0800] "GET /xingrg/javascript/jquery_ui/themes/humanity/images/ui-icons_ffffff_256x240.png HTTP/1.1" 304 -
101.83.145.52 - - [29/May/2023:08:36:54 +0800] "GET /xingrg/javascript/jquery_ui/themes/humanity/images/ui-icons_c47a23_256x240.png HTTP/1.1" 304 -
101.83.145.52 - - [29/May/2023:08:36:54 +0800] "GET /xingrg/javascript/jquery_ui/themes/humanity/images/ui-bg_glass_70_ede4d4_1x400.png HTTP/1.1" 304 -
101.83.145.52 - - [29/May/2023:08:36:55 +0800] "GET /xingrg/images/yd/bt.gif HTTP/1.1" 404 1040
101.83.145.52 - - [29/May/2023:08:36:56 +0800] "GET /xingrg/kc/buy/cgsh_order_list.html HTTP/1.1" 200 55672
101.83.145.52 - - [29/May/2023:08:36:56 +0800] "GET /xingrg/css/base.css HTTP/1.1" 304 -
116.238.139.35 - - [29/May/2023:08:36:56 +0800] "GET /xingrg/all/function/internal_message.html?_=1685320616805&CODE_STATE=getMsg HTTP/1.1" 200 27
101.83.145.52 - - [29/May/2023:08:36:56 +0800] "GET /xingrg/css/site.css HTTP/1.1" 304 -
101.83.145.52 - - [29/May/2023:08:36:56 +0800] "GET /xingrg/javascript/jquery_tools/datebox.css HTTP/1.1" 304 -
101.83.145.52 - - [29/May/2023:08:36:56 +0800] "GET /xingrg/javascript/easyui/themes/default/easyui.css HTTP/1.1" 304 -
101.83.145.52 - - [29/May/2023:08:36:56 +0800] "GET /xingrg/javascript/easyui/themes/icon.css HTTP/1.1" 304 -
101.83.145.52 - - [29/May/2023:08:36:56 +0800] "GET /xingrg/javascript/auto/jquery.autocomplete.css HTTP/1.1" 304 -
101.83.145.52 - - [29/May/2023:08:36:56 +0800] "GET /xingrg/javascript/jquery_tools/fix.css HTTP/1.1" 304 -
101.83.145.52 - - [29/May/2023:08:36:56 +0800] "GET /xingrg/javascript/jquery_tools/table.css HTTP/1.1" 304 -
101.83.145.52 - - [29/May/2023:08:36:56 +0800] "GET /xingrg/javascript/jquery_tools/jquery.tools.min.js HTTP/1.1" 304 -
101.83.145.52 - - [29/May/2023:08:36:56 +0800] "GET /xingrg/javascript/jquery_tools/jquery.tools.extend.js HTTP/1.1" 304 -
101.83.145.52 - - [29/May/2023:08:36:57 +0800] "GET /xingrg/javascript/jquery_tools/jquery.tools.hotkey.js HTTP/1.1" 304 -
101.83.145.52 - - [29/May/2023:08:36:57 +0800] "GET /xingrg/javascript/jquery_tools/jquery.tools.table.js HTTP/1.1" 304 -
101.83.145.52 - - [29/May/2023:08:36:57 +0800] "GET /xingrg/javascript/jquery_tools/list_manager.js HTTP/1.1" 304 -
101.83.145.52 - - [29/May/2023:08:36:57 +0800] "GET /xingrg/javascript/auto/jquery.autocomplete.js HTTP/1.1" 304 -
101.83.145.52 - - [29/May/2023:08:36:57 +0800] "GET /xingrg/javascript/easyui/easyloader.js HTTP/1.1" 304 -
101.83.145.52 - - [29/May/2023:08:36:57 +0800] "GET /xingrg/javascript/jquery.cookie.js HTTP/1.1" 304 -
101.83.145.52 - - [29/May/2023:08:36:57 +0800] "GET /xingrg/javascript/print/LodopFuncs.js HTTP/1.1" 304 -
116.238.139.35 - - [29/May/2023:08:36:58 +0800] "GET /xingrg/kc/buy/cgsh_order_operate.html?command=get_materiel&rest_code=00150&code=00101008079&supplier_code=00100008&order_time=2023-05-29 HTTP/1.1" 200 416
101.83.145.52 - - [29/May/2023:08:36:58 +0800] "GET /xingrg/javascript/easyui/themes/icons/cance_new.png HTTP/1.1" 304 -
101.83.145.52 - - [29/May/2023:08:36:58 +0800] "GET /xingrg/javascript/easyui/themes/icons/check_new.png HTTP/1.1" 304 -
101.83.145.52 - - [29/May/2023:08:36:58 +0800] "GET /xingrg/javascript/easyui/themes/icons/field_new.png HTTP/1.1" 304 -
101.83.145.52 - - [29/May/2023:08:36:58 +0800] "GET /xingrg/javascript/easyui/themes/icons/import_new.png HTTP/1.1" 304 -
101.83.145.52 - - [29/May/2023:08:36:58 +0800] "GET /xingrg/javascript/easyui/themes/icons/edit_add_new.png HTTP/1.1" 304 -
101.83.145.52 - - [29/May/2023:08:36:58 +0800] "GET /xingrg/javascript/easyui/plugins/jquery.parser.js HTTP/1.1" 304 -
101.83.145.52 - - [29/May/2023:08:36:58 +0800] "GET /xingrg/images/control/ajaxLoader.gif HTTP/1.1" 304 -
101.83.145.52 - - [29/May/2023:08:37:00 +0800] "POST /xingrg/kc/buy/cgsh_list_operate.html HTTP/1.1" 200 986
101.83.145.52 - - [29/May/2023:08:37:02 +0800] "GET /xingrg/javascript/easyui/themes/default/images/button_plain_hover.png HTTP/1.1" 304 -
101.83.145.52 - - [29/May/2023:08:37:03 +0800] "GET /xingrg/kc/buy/cgsh_order_add.html HTTP/1.1" 200 71536
101.83.145.52 - - [29/May/2023:08:37:04 +0800] "GET /xingrg/javascript/jquery_tools/order_manager.js HTTP/1.1" 304 -
101.83.145.52 - - [29/May/2023:08:37:04 +0800] "GET /xingrg/javascript/convert.js HTTP/1.1" 304 -
101.83.145.52 - - [29/May/2023:08:37:04 +0800] "GET /xingrg/javascript/json2.js HTTP/1.1" 304 -
101.83.145.52 - - [29/May/2023:08:37:04 +0800] "GET /xingrg/javascript/print/kc_print.js HTTP/1.1" 304 -
101.83.145.52 - - [29/May/2023:08:37:04 +0800] "GET /xingrg/words/20230528204915_words.js HTTP/1.1" 200 966163
101.83.145.52 - - [29/May/2023:08:37:04 +0800] "GET /xingrg/javascript/easyui/themes/icons/copy_new.png HTTP/1.1" 304 -
101.83.145.52 - - [29/May/2023:08:37:04 +0800] "GET /xingrg/javascript/easyui/themes/icons/template_new.png HTTP/1.1" 304 -
101.83.145.52 - - [29/May/2023:08:37:04 +0800] "GET /xingrg/javascript/easyui/themes/icons/ok.png HTTP/1.1" 304 -
101.83.145.52 - - [29/May/2023:08:37:04 +0800] "GET /xingrg/javascript/easyui/themes/icons/print.png HTTP/1.1" 304 -
101.83.145.52 - - [29/May/2023:08:37:04 +0800] "GET /xingrg/javascript/easyui/themes/default/images/menu_downarrow.png HTTP/1.1" 304 -
101.83.145.52 - - [29/May/2023:08:37:04 +0800] "GET /xingrg/javascript/easyui/themes/icons/cancel.png HTTP/1.1" 304 -
101.83.145.52 - - [29/May/2023:08:37:04 +0800] "POST /xingrg/kc/buy/cgsh_order_operate.html HTTP/1.1" 200 8245
101.83.145.52 - - [29/May/2023:08:37:04 +0800] "GET /xingrg/javascript/easyui/themes/default/validatebox.css HTTP/1.1" 404 1104
101.83.145.52 - - [29/May/2023:08:37:04 +0800] "GET /xingrg/javascript/easyui/plugins/jquery.validatebox.js HTTP/1.1" 304 -
101.83.145.52 - - [29/May/2023:08:37:04 +0800] "GET /xingrg/all/common/auto_word.html?type=employee&rest_code=00105 HTTP/1.1" 200 193
101.83.145.52 - - [29/May/2023:08:37:04 +0800] "GET /xingrg/all/common/auto_word.html?type=employee&rest_code=00105 HTTP/1.1" 200 193
101.83.145.52 - - [29/May/2023:08:37:04 +0800] "GET /xingrg/javascript/easyui/themes/icons/edit_remove.png HTTP/1.1" 304 -
101.83.145.52 - - [29/May/2023:08:37:04 +0800] "GET /xingrg/javascript/easyui/plugins/jquery.numberbox.js HTTP/1.1" 304 -
116.238.139.35 - - [29/May/2023:08:37:07 +0800] "GET /xingrg/kc/buy/cgsh_order_operate.html?command=get_materiel&rest_code=00150&code=00101008357&supplier_code=00100008&order_time=2023-05-29 HTTP/1.1" 200 428
180.164.3.199 - - [29/May/2023:08:37:09 +0800] "GET /xingrg/all/function/internal_message.html?_=1685320628574&CODE_STATE=getMsg HTTP/1.1" 200 27
101.83.145.52 - - [29/May/2023:08:37:09 +0800] "GET /xingrg/javascript/auto/indicator.gif HTTP/1.1" 404 1066
116.238.139.35 - - [29/May/2023:08:37:16 +0800] "GET /xingrg/kc/buy/cgsh_order_operate.html?command=get_materiel&rest_code=00150&code=00101008069&supplier_code=00100008&order_time=2023-05-29 HTTP/1.1" 200 412
114.85.98.170 - - [29/May/2023:08:37:24 +0800] "GET /xingrg/all/function/internal_message.html?_=1685320644089&CODE_STATE=getMsg HTTP/1.1" 302 -
116.238.139.35 - - [29/May/2023:08:37:24 +0800] "GET /xingrg/kc/buy/cgsh_order_operate.html?command=get_materiel&rest_code=00150&code=00101008131&supplier_code=00100008&order_time=2023-05-29 HTTP/1.1" 200 409
114.85.98.170 - - [29/May/2023:08:37:24 +0800] "GET /xingrg/check_reg.html?_=1685320644540 HTTP/1.1" 302 -
116.237.77.151 - - [29/May/2023:08:37:27 +0800] "GET /favicon.ico HTTP/1.1" 404 -
116.238.139.35 - - [29/May/2023:08:37:29 +0800] "GET /xingrg/all/function/internal_message.html?_=1685320559250&CODE_STATE=getMsg HTTP/1.1" 200 27
218.81.217.41 - - [29/May/2023:08:37:31 +0800] "GET /xingrg/all/function/internal_message.html?_=1685320653001&CODE_STATE=getMsg HTTP/1.1" 200 27
116.238.139.35 - - [29/May/2023:08:37:32 +0800] "GET /xingrg/kc/buy/cgsh_order_operate.html?command=get_materiel&rest_code=00150&code=00101008694&supplier_code=00100008&order_time=2023-05-29 HTTP/1.1" 200 420
116.237.77.151 - - [29/May/2023:08:37:36 +0800] "GET /xingrg/login.html?r=1 HTTP/1.1" 200 7641
116.237.77.151 - - [29/May/2023:08:37:36 +0800] "GET /xingrg/images/blue/jxLogo.png HTTP/1.1" 304 -
116.237.77.151 - - [29/May/2023:08:37:37 +0800] "GET /xingrg/images/blue/login_bg.png HTTP/1.1" 304 -
116.237.77.151 - - [29/May/2023:08:37:37 +0800] "GET /xingrg/images/blue/hj.png HTTP/1.1" 304 -
116.237.77.151 - - [29/May/2023:08:37:37 +0800] "GET /xingrg/images/blue/srbg.png HTTP/1.1" 304 -
116.237.77.151 - - [29/May/2023:08:37:37 +0800] "GET /favicon.ico HTTP/1.1" 404 -
116.237.77.151 - - [29/May/2023:08:37:40 +0800] "POST /xingrg/login.do HTTP/1.1" 302 -
116.237.77.151 - - [29/May/2023:08:37:40 +0800] "GET /xingrg/index.html?sysBaseUrl=http%3A%2F%2F180.169.147.146%3A18081%2Fxingrg%2F&costTime=811×tamp=1685320660037 HTTP/1.1" 200 17173
116.237.77.151 - - [29/May/2023:08:37:40 +0800] "GET /xingrg/javascript/jquery_easy_ui/themes/default/easyui.css HTTP/1.1" 304 -
116.237.77.151 - - [29/May/2023:08:37:40 +0800] "GET /xingrg/javascript/jquery_easy_ui/themes/icon.css HTTP/1.1" 304 -
116.237.77.151 - - [29/May/2023:08:37:40 +0800] "GET /xingrg/javascript/jquery-1.4.2.min.js HTTP/1.1" 304 -
116.237.77.151 - - [29/May/2023:08:37:40 +0800] "GET /xingrg/javascript/jquery.form.js HTTP/1.1" 304 -
116.237.77.151 - - [29/May/2023:08:37:40 +0800] "GET /xingrg/css/form.css HTTP/1.1" 304 -
116.237.77.151 - - [29/May/2023:08:37:40 +0800] "GET /xingrg/javascript/jquery_easy_ui/jquery.easyui.min.js HTTP/1.1" 304 -
116.237.77.151 - - [29/May/2023:08:37:40 +0800] "GET /xingrg/javascript/jquery.utils.js HTTP/1.1" 304 -
116.237.77.151 - - [29/May/2023:08:37:40 +0800] "GET /xingrg/javascript/jquery_easy_ui/easyui-lang-zh_CN.js HTTP/1.1" 304 -
116.237.77.151 - - [29/May/2023:08:37:40 +0800] "GET /xingrg/javascript/jquery.timers.js HTTP/1.1" 304 -
116.237.77.151 - - [29/May/2023:08:37:40 +0800] "GET /favicon.ico HTTP/1.1" 404 -
116.237.77.151 - - [29/May/2023:08:37:40 +0800] "GET /xingrg/javascript/jquery_easy_ui/themes/icons/settle_new.png HTTP/1.1" 304 -
116.237.77.151 - - [29/May/2023:08:37:40 +0800] "GET /xingrg/images/blue/navBackgound.jpg HTTP/1.1" 304 -
116.237.77.151 - - [29/May/2023:08:37:40 +0800] "GET /xingrg/all/function/internal_message.html?_=1685320661726&CODE_STATE=count HTTP/1.1" 200 11
116.237.77.151 - - [29/May/2023:08:37:40 +0800] "GET /xingrg/check_reg.html?_=1685320661727 HTTP/1.1" 200 22
116.237.77.151 - - [29/May/2023:08:37:40 +0800] "GET /xingrg/images/blue/pingpu.png HTTP/1.1" 304 -
116.237.77.151 - - [29/May/2023:08:37:40 +0800] "GET /xingrg/javascript/jquery_easy_ui/themes/default/images/tabs_leftarrow.png HTTP/1.1" 304 -
116.237.77.151 - - [29/May/2023:08:37:40 +0800] "GET /xingrg/javascript/jquery_easy_ui/themes/default/images/panel_tool_collapse.gif HTTP/1.1" 304 -
116.237.77.151 - - [29/May/2023:08:37:40 +0800] "GET /xingrg/javascript/jquery_easy_ui/themes/default/images/tabs_rightarrow.png HTTP/1.1" 304 -
116.238.139.35 - - [29/May/2023:08:37:40 +0800] "POST /xingrg/kc/buy/cgsh_order_operate.html HTTP/1.1" 200 37
101.83.145.52 - - [29/May/2023:08:37:40 +0800] "GET /xingrg/kc/buy/cgsh_order_operate.html?command=get_materiel&rest_code=00105&code=00101002028&supplier_code=00100397&order_time=2023-05-29 HTTP/1.1" 200 419
116.237.77.151 - - [29/May/2023:08:37:40 +0800] "POST /xingrg/all/common/load_tree.html?tree=area_rest_tree_json&manage=1 HTTP/1.1" 200 342
116.237.77.151 - - [29/May/2023:08:37:40 +0800] "POST /xingrg/load_menu.html HTTP/1.1" 200 5138
116.237.77.151 - - [29/May/2023:08:37:40 +0800] "GET /xingrg/javascript/jquery_easy_ui/themes/default/images/tree_arrows.gif HTTP/1.1" 304 -
116.237.77.151 - - [29/May/2023:08:37:40 +0800] "GET /xingrg/javascript/jquery_easy_ui/themes/default/images/tree_folder_open.gif HTTP/1.1" 304 -
116.237.77.151 - - [29/May/2023:08:37:40 +0800] "GET /xingrg/javascript/jquery_easy_ui/themes/icons/search_new.png HTTP/1.1" 304 -
116.237.77.151 - - [29/May/2023:08:37:40 +0800] "GET /xingrg/javascript/jquery_easy_ui/themes/default/images/tree_folder.gif HTTP/1.1" 304 -
116.237.77.151 - - [29/May/2023:08:37:40 +0800] "GET /xingrg/javascript/jquery_easy_ui/themes/icons/storage_new.png HTTP/1.1" 304 -
116.237.77.151 - - [29/May/2023:08:37:40 +0800] "GET /xingrg/javascript/jquery_easy_ui/themes/icons/forms_new.png HTTP/1.1" 304 -
116.237.77.151 - - [29/May/2023:08:37:40 +0800] "GET /xingrg/javascript/jquery_easy_ui/themes/default/images/tree_file.gif HTTP/1.1" 304 -
116.238.139.35 - - [29/May/2023:08:37:42 +0800] "POST /xingrg/kc/buy/cgsh_order_operate.html HTTP/1.1" 200 13903
116.237.77.151 - - [29/May/2023:08:37:42 +0800] "GET /xingrg/javascript/jquery_easy_ui/themes/default/images/tabs_close.gif HTTP/1.1" 304 -
116.237.77.151 - - [29/May/2023:08:37:42 +0800] "GET /xingrg/kc/buy/buy_main.html HTTP/1.1" 200 12412
116.237.77.151 - - [29/May/2023:08:37:42 +0800] "GET /xingrg/css/blue.css HTTP/1.1" 304 -
116.237.77.151 - - [29/May/2023:08:37:42 +0800] "GET /xingrg/css/new_ie.css HTTP/1.1" 404 1036
116.237.77.151 - - [29/May/2023:08:37:42 +0800] "GET /xingrg/javascript/jquery_ui/themes/humanity/humanity.css HTTP/1.1" 304 -
116.237.77.151 - - [29/May/2023:08:37:42 +0800] "GET /xingrg/javascript/pic_change.js HTTP/1.1" 304 -
116.237.77.151 - - [29/May/2023:08:37:42 +0800] "GET /xingrg/javascript/ToolTips.js HTTP/1.1" 304 -
116.237.77.151 - - [29/May/2023:08:37:42 +0800] "GET /xingrg/javascript/myfunction.js HTTP/1.1" 304 -
116.237.77.151 - - [29/May/2023:08:37:42 +0800] "GET /xingrg/javascript/jquery_ui/jquery-ui.min.js HTTP/1.1" 304 -
116.237.77.151 - - [29/May/2023:08:37:42 +0800] "GET /xingrg/images/blue/button/cgxqd.gif HTTP/1.1" 304 -
116.237.77.151 - - [29/May/2023:08:37:42 +0800] "GET /xingrg/images/blue/button/cgshd.gif HTTP/1.1" 304 -
116.237.77.151 - - [29/May/2023:08:37:42 +0800] "GET /xingrg/images/blue/button/cgydd.gif HTTP/1.1" 304 -
116.237.77.151 - - [29/May/2023:08:37:42 +0800] "GET /xingrg/images/blue/button/cgfkd.gif HTTP/1.1" 304 -
116.237.77.151 - - [29/May/2023:08:37:42 +0800] "GET /xingrg/images/blue/button/kc.gif HTTP/1.1" 304 -
116.237.77.151 - - [29/May/2023:08:37:42 +0800] "GET /xingrg/images/blue/button/ckthd.gif HTTP/1.1" 304 -
116.237.77.151 - - [29/May/2023:08:37:42 +0800] "GET /xingrg/images/blue/pic_form2.gif HTTP/1.1" 304 -
116.237.77.151 - - [29/May/2023:08:37:42 +0800] "GET /xingrg/javascript/jquery_ui/themes/humanity/images/ui-bg_inset-soft_100_f4f0ec_1x100.png HTTP/1.1" 304 -
116.237.77.151 - - [29/May/2023:08:37:42 +0800] "GET /xingrg/images/blue/bg_dotted.jpg HTTP/1.1" 304 -
116.237.77.151 - - [29/May/2023:08:37:42 +0800] "GET /xingrg/images/blue/button/right_ah.jpg HTTP/1.1" 304 -
116.237.77.151 - - [29/May/2023:08:37:42 +0800] "GET /xingrg/images/blue/button/down_ah.jpg HTTP/1.1" 304 -
116.237.77.151 - - [29/May/2023:08:37:42 +0800] "GET /xingrg/javascript/jquery_ui/themes/humanity/images/ui-iconsnew.jpg HTTP/1.1" 304 -
116.237.77.151 - - [29/May/2023:08:37:42 +0800] "GET /xingrg/javascript/jquery_ui/themes/humanity/images/ui-icons_ffffff_256x240.png HTTP/1.1" 304 -
116.237.77.151 - - [29/May/2023:08:37:42 +0800] "GET /xingrg/javascript/jquery_ui/themes/humanity/images/ui-icons_c47a23_256x240.png HTTP/1.1" 304 -
116.237.77.151 - - [29/May/2023:08:37:42 +0800] "GET /xingrg/javascript/jquery_ui/themes/humanity/images/ui-bg_glass_70_ede4d4_1x400.png HTTP/1.1" 304 -
116.237.77.151 - - [29/May/2023:08:37:44 +0800] "GET /xingrg/images/yd/bt.gif HTTP/1.1" 404 1040
116.237.77.151 - - [29/May/2023:08:37:45 +0800] "GET /xingrg/kc/buy/cgsh_order_list.html HTTP/1.1" 200 55672
116.237.77.151 - - [29/May/2023:08:37:45 +0800] "GET /xingrg/css/base.css HTTP/1.1" 304 -
116.237.77.151 - - [29/May/2023:08:37:45 +0800] "GET /xingrg/css/site.css HTTP/1.1" 304 -
116.237.77.151 - - [29/May/2023:08:37:45 +0800] "GET /xingrg/javascript/jquery_tools/datebox.css HTTP/1.1" 304 -
116.237.77.151 - - [29/May/2023:08:37:45 +0800] "GET /xingrg/javascript/easyui/themes/default/easyui.css HTTP/1.1" 304 -
116.237.77.151 - - [29/May/2023:08:37:45 +0800] "GET /xingrg/javascript/easyui/themes/icon.css HTTP/1.1" 304 -
116.237.77.151 - - [29/May/2023:08:37:45 +0800] "GET /xingrg/javascript/auto/jquery.autocomplete.css HTTP/1.1" 304 -
116.237.77.151 - - [29/May/2023:08:37:45 +0800] "GET /xingrg/javascript/jquery_tools/fix.css HTTP/1.1" 304 -
116.237.77.151 - - [29/May/2023:08:37:45 +0800] "GET /xingrg/javascript/jquery_tools/jquery.tools.min.js HTTP/1.1" 304 -
116.237.77.151 - - [29/May/2023:08:37:45 +0800] "GET /xingrg/javascript/jquery_tools/table.css HTTP/1.1" 304 -
116.237.77.151 - - [29/May/2023:08:37:45 +0800] "GET /xingrg/javascript/jquery_tools/jquery.tools.extend.js HTTP/1.1" 304 -
116.237.77.151 - - [29/May/2023:08:37:45 +0800] "GET /xingrg/javascript/jquery_tools/jquery.tools.hotkey.js HTTP/1.1" 304 -
116.237.77.151 - - [29/May/2023:08:37:45 +0800] "GET /xingrg/javascript/jquery_tools/jquery.tools.table.js HTTP/1.1" 304 -
116.237.77.151 - - [29/May/2023:08:37:45 +0800] "GET /xingrg/javascript/jquery_tools/list_manager.js HTTP/1.1" 304 -
116.237.77.151 - - [29/May/2023:08:37:45 +0800] "GET /xingrg/javascript/auto/jquery.autocomplete.js HTTP/1.1" 304 -
116.237.77.151 - - [29/May/2023:08:37:45 +0800] "GET /xingrg/javascript/easyui/easyloader.js HTTP/1.1" 304 -
116.237.77.151 - - [29/May/2023:08:37:45 +0800] "GET /xingrg/javascript/jquery.cookie.js HTTP/1.1" 304 -
116.237.77.151 - - [29/May/2023:08:37:45 +0800] "GET /xingrg/javascript/print/LodopFuncs.js HTTP/1.1" 304 -
116.237.77.151 - - [29/May/2023:08:37:45 +0800] "GET /xingrg/javascript/easyui/themes/icons/import_new.png HTTP/1.1" 304 -
116.237.77.151 - - [29/May/2023:08:37:45 +0800] "GET /xingrg/javascript/easyui/themes/icons/cance_new.png HTTP/1.1" 304 -
116.237.77.151 - - [29/May/2023:08:37:45 +0800] "GET /xingrg/javascript/easyui/themes/icons/check_new.png HTTP/1.1" 304 -
116.237.77.151 - - [29/May/2023:08:37:45 +0800] "GET /xingrg/javascript/easyui/themes/icons/field_new.png HTTP/1.1" 304 -
116.237.77.151 - - [29/May/2023:08:37:45 +0800] "GET /xingrg/javascript/easyui/themes/icons/edit_add_new.png HTTP/1.1" 304 -
116.237.77.151 - - [29/May/2023:08:37:45 +0800] "GET /xingrg/javascript/easyui/plugins/jquery.parser.js HTTP/1.1" 304 -
116.237.77.151 - - [29/May/2023:08:37:45 +0800] "GET /xingrg/images/control/ajaxLoader.gif HTTP/1.1" 304 -
101.83.145.52 - - [29/May/2023:08:37:45 +0800] "GET /xingrg/all/function/internal_message.html?_=1685320497536&CODE_STATE=getMsg HTTP/1.1" 200 27
116.237.77.151 - - [29/May/2023:08:37:47 +0800] "POST /xingrg/kc/buy/cgsh_list_operate.html HTTP/1.1" 200 986
116.238.139.35 - - [29/May/2023:08:37:48 +0800] "GET /xingrg/kc/buy/cgsh_order_operate.html?command=get_materiel&rest_code=00150&code=00101006065&supplier_code=00100096&order_time=2023-05-29 HTTP/1.1" 200 411
116.237.77.151 - - [29/May/2023:08:37:49 +0800] "GET /xingrg/javascript/easyui/themes/default/images/button_plain_hover.png HTTP/1.1" 304 -
114.85.113.108 - - [29/May/2023:08:37:49 +0800] "GET /xingrg/check_reg.html?_=1685320642822 HTTP/1.1" 200 22
116.238.139.35 - - [29/May/2023:08:37:50 +0800] "GET /xingrg/kc/buy/cgsh_order_operate.html?command=get_materiel&rest_code=00150&code=00101008352&supplier_code=00100008&order_time=2023-05-29 HTTP/1.1" 200 412
114.85.113.108 - - [29/May/2023:08:37:51 +0800] "GET /xingrg/all/function/internal_message.html?_=1685320644311&CODE_STATE=getMsg HTTP/1.1" 200 27
116.237.77.151 - - [29/May/2023:08:37:52 +0800] "GET /xingrg/kc/buy/cgsh_order_add.html HTTP/1.1" 200 71448
116.237.77.151 - - [29/May/2023:08:37:52 +0800] "GET /xingrg/javascript/jquery_tools/order_manager.js HTTP/1.1" 304 -
116.237.77.151 - - [29/May/2023:08:37:52 +0800] "GET /xingrg/javascript/convert.js HTTP/1.1" 304 -
116.237.77.151 - - [29/May/2023:08:37:52 +0800] "GET /xingrg/javascript/json2.js HTTP/1.1" 304 -
116.237.77.151 - - [29/May/2023:08:37:52 +0800] "GET /xingrg/javascript/print/kc_print.js HTTP/1.1" 304 -
116.237.77.151 - - [29/May/2023:08:37:52 +0800] "GET /xingrg/words/20230528204915_words.js HTTP/1.1" 200 966163
116.237.77.151 - - [29/May/2023:08:37:52 +0800] "GET /xingrg/javascript/easyui/themes/icons/ok.png HTTP/1.1" 200 883
116.237.77.151 - - [29/May/2023:08:37:52 +0800] "GET /xingrg/javascript/easyui/themes/icons/copy_new.png HTTP/1.1" 304 -
116.237.77.151 - - [29/May/2023:08:37:52 +0800] "GET /xingrg/javascript/easyui/themes/icons/template_new.png HTTP/1.1" 200 3956
116.237.77.151 - - [29/May/2023:08:37:52 +0800] "GET /xingrg/javascript/easyui/themes/icons/print.png HTTP/1.1" 304 -
116.237.77.151 - - [29/May/2023:08:37:52 +0800] "GET /xingrg/javascript/easyui/themes/default/images/menu_downarrow.png HTTP/1.1" 304 -
116.237.77.151 - - [29/May/2023:08:37:52 +0800] "GET /xingrg/javascript/easyui/themes/icons/cancel.png HTTP/1.1" 304 -
116.237.77.151 - - [29/May/2023:08:37:52 +0800] "POST /xingrg/kc/buy/cgsh_order_operate.html HTTP/1.1" 200 8245
116.237.77.151 - - [29/May/2023:08:37:52 +0800] "GET /xingrg/javascript/easyui/themes/default/validatebox.css HTTP/1.1" 404 1104
116.237.77.151 - - [29/May/2023:08:37:52 +0800] "GET /xingrg/javascript/easyui/plugins/jquery.validatebox.js HTTP/1.1" 304 -
116.237.77.151 - - [29/May/2023:08:37:52 +0800] "GET /xingrg/javascript/easyui/plugins/jquery.numberbox.js HTTP/1.1" 304 -
116.237.77.151 - - [29/May/2023:08:37:52 +0800] "GET /xingrg/all/common/auto_word.html?type=employee&rest_code=00106 HTTP/1.1" 200 205
116.237.77.151 - - [29/May/2023:08:37:52 +0800] "GET /xingrg/javascript/easyui/themes/icons/edit_remove.png HTTP/1.1" 304 -
116.237.77.151 - - [29/May/2023:08:37:52 +0800] "GET /xingrg/all/common/auto_word.html?type=employee&rest_code=00106 HTTP/1.1" 200 205
116.237.77.151 - - [29/May/2023:08:37:53 +0800] "GET /xingrg/javascript/easyui/plugins/jquery.draggable.js HTTP/1.1" 200 6121
116.237.77.151 - - [29/May/2023:08:37:53 +0800] "GET /xingrg/css/images/panel_loading.gif HTTP/1.1" 200 1737
116.237.77.151 - - [29/May/2023:08:37:53 +0800] "GET /xingrg/javascript/easyui/plugins/jquery.droppable.js HTTP/1.1" 200 1167
116.237.77.151 - - [29/May/2023:08:37:53 +0800] "GET /xingrg/javascript/easyui/themes/default/tree.css HTTP/1.1" 404 1090
116.237.77.151 - - [29/May/2023:08:37:53 +0800] "GET /xingrg/javascript/easyui/plugins/jquery.tree.js HTTP/1.1" 200 20874
116.237.77.151 - - [29/May/2023:08:37:54 +0800] "POST /xingrg/all/common/load_tree.html?tree=supplier_tree_json&isDelete=1 HTTP/1.1" 200 74195
116.237.77.151 - - [29/May/2023:08:37:55 +0800] "GET /xingrg/javascript/easyui/themes/default/images/tree_arrows.gif HTTP/1.1" 200 617
116.237.77.151 - - [29/May/2023:08:37:55 +0800] "GET /xingrg/javascript/easyui/themes/default/images/tree_folder_open.gif HTTP/1.1" 200 956
116.237.77.151 - - [29/May/2023:08:37:55 +0800] "GET /xingrg/javascript/easyui/themes/default/images/tree_file.gif HTTP/1.1" 200 118
116.237.77.151 - - [29/May/2023:08:37:55 +0800] "GET /xingrg/javascript/easyui/themes/default/images/tree_folder.gif HTTP/1.1" 200 952
116.238.139.35 - - [29/May/2023:08:37:56 +0800] "GET /xingrg/all/function/internal_message.html?_=1685320676800&CODE_STATE=getMsg HTTP/1.1" 200 27
101.83.145.52 - - [29/May/2023:08:38:01 +0800] "POST /xingrg/kc/buy/cgsh_order_operate.html HTTP/1.1" 200 37
116.238.139.35 - - [29/May/2023:08:38:01 +0800] "GET /xingrg/kc/buy/cgsh_order_operate.html?command=get_materiel&rest_code=00150&code=00101008005&supplier_code=00100008&order_time=2023-05-29 HTTP/1.1" 200 412
101.83.145.52 - - [29/May/2023:08:38:04 +0800] "POST /xingrg/kc/buy/cgsh_order_operate.html HTTP/1.1" 200 2665
116.237.77.151 - - [29/May/2023:08:38:06 +0800] "GET /xingrg/javascript/auto/indicator.gif HTTP/1.1" 404 1066
101.83.145.52 - - [29/May/2023:08:38:07 +0800] "GET /xingrg/kc/print/load_config.html?kc_code=cgsh HTTP/1.1" 200 1924
101.83.145.52 - - [29/May/2023:08:38:07 +0800] "GET /xingrg/kc/print/load_data.html?order_code=212023052910868&kc_code=cgsh&condition= HTTP/1.1" 200 668
180.164.3.199 - - [29/May/2023:08:38:09 +0800] "GET /xingrg/all/function/internal_message.html?_=1685320688590&CODE_STATE=getMsg HTTP/1.1" 200 27
116.238.139.35 - - [29/May/2023:08:38:12 +0800] "GET /xingrg/kc/buy/cgsh_order_operate.html?command=get_materiel&rest_code=00150&code=00101006184&supplier_code=00100096&order_time=2023-05-29 HTTP/1.1" 200 408
116.238.139.35 - - [29/May/2023:08:38:16 +0800] "GET /xingrg/kc/buy/cgsh_order_operate.html?command=get_materiel&rest_code=00150&code=00101008271&supplier_code=00100008&order_time=2023-05-29 HTTP/1.1" 200 408
116.238.139.35 - - [29/May/2023:08:38:22 +0800] "GET /xingrg/kc/buy/cgsh_order_operate.html?command=get_materiel&rest_code=00150&code=00101006055&supplier_code=00100096&order_time=2023-05-29 HTTP/1.1" 200 409
114.85.98.170 - - [29/May/2023:08:38:24 +0800] "GET /xingrg/all/function/internal_message.html?_=1685320704081&CODE_STATE=getMsg HTTP/1.1" 302 -
116.238.139.35 - - [29/May/2023:08:38:24 +0800] "GET /xingrg/kc/buy/cgsh_order_operate.html?command=get_materiel&rest_code=00150&code=00101008213&supplier_code=00100008&order_time=2023-05-29 HTTP/1.1" 200 412
116.238.139.35 - - [29/May/2023:08:38:29 +0800] "GET /xingrg/check_reg.html?_=1685320619174 HTTP/1.1" 200 22
116.238.139.35 - - [29/May/2023:08:38:29 +0800] "GET /xingrg/all/function/internal_message.html?_=1685320619263&CODE_STATE=getMsg HTTP/1.1" 200 27
116.237.77.151 - - [29/May/2023:08:38:30 +0800] "GET /xingrg/kc/buy/cgsh_order_operate.html?command=get_materiel&rest_code=00106&code=00101016030&supplier_code=00100096&order_time=2023-05-29 HTTP/1.1" 200 412
218.81.217.41 - - [29/May/2023:08:38:31 +0800] "GET /xingrg/all/function/internal_message.html?_=1685320713101&CODE_STATE=getMsg HTTP/1.1" 200 27
116.238.139.35 - - [29/May/2023:08:38:35 +0800] "GET /xingrg/kc/buy/cgsh_order_operate.html?command=get_materiel&rest_code=00150&code=00101006111&supplier_code=00100096&order_time=2023-05-29 HTTP/1.1" 200 411
116.238.139.35 - - [29/May/2023:08:38:36 +0800] "GET /xingrg/kc/buy/cgsh_order_operate.html?command=get_materiel&rest_code=00150&code=00101008375&supplier_code=00100008&order_time=2023-05-29 HTTP/1.1" 200 417
116.237.77.151 - - [29/May/2023:08:38:40 +0800] "GET /xingrg/all/function/internal_message.html?_=1685320721735&CODE_STATE=getMsg HTTP/1.1" 200 27
101.83.145.52 - - [29/May/2023:08:38:45 +0800] "GET /xingrg/all/function/internal_message.html?_=1685320557533&CODE_STATE=getMsg HTTP/1.1" 200 27
114.85.113.108 - - [29/May/2023:08:38:51 +0800] "GET /xingrg/all/function/internal_message.html?_=1685320704282&CODE_STATE=getMsg HTTP/1.1" 200 27
116.238.139.35 - - [29/May/2023:08:38:52 +0800] "POST /xingrg/kc/buy/cgsh_order_operate.html HTTP/1.1" 200 37
116.238.139.35 - - [29/May/2023:08:38:55 +0800] "GET /xingrg/kc/buy/cgsh_order_operate.html?command=get_materiel&rest_code=00150&code=00101006133&supplier_code=00100096&order_time=2023-05-29 HTTP/1.1" 200 23
116.238.139.35 - - [29/May/2023:08:38:55 +0800] "POST /xingrg/kc/buy/cgsh_order_operate.html HTTP/1.1" 200 16864
116.237.77.151 - - [29/May/2023:08:38:55 +0800] "GET /xingrg/kc/buy/cgsh_order_operate.html?command=get_materiel&rest_code=00106&code=00101016025&supplier_code=00100096&order_time=2023-05-29 HTTP/1.1" 200 410
116.238.139.35 - - [29/May/2023:08:39:02 +0800] "POST /xingrg/kc/buy/cgsh_order_operate.html HTTP/1.1" 200 37
116.238.139.35 - - [29/May/2023:08:39:04 +0800] "GET /xingrg/kc/buy/cgsh_order_operate.html?command=get_materiel&rest_code=00150&code=00101008298&supplier_code=00100008&order_time=2023-05-29 HTTP/1.1" 200 413
116.238.139.35 - - [29/May/2023:08:39:04 +0800] "POST /xingrg/kc/buy/cgsh_order_operate.html HTTP/1.1" 200 4420
218.81.217.41 - - [29/May/2023:08:39:07 +0800] "GET /xingrg/check_reg.html?_=1685320748805 HTTP/1.1" 200 22
180.164.3.199 - - [29/May/2023:08:39:09 +0800] "GET /xingrg/all/function/internal_message.html?_=1685320748576&CODE_STATE=getMsg HTTP/1.1" 200 27
116.238.139.35 - - [29/May/2023:08:39:13 +0800] "POST /xingrg/kc/buy/cgsh_order_operate.html HTTP/1.1" 200 37
116.238.139.35 - - [29/May/2023:08:39:16 +0800] "GET /xingrg/login.html HTTP/1.1" 200 7641
116.237.77.151 - - [29/May/2023:08:39:18 +0800] "GET /xingrg/kc/buy/cgsh_order_operate.html?command=get_materiel&rest_code=00106&code=00101016105&supplier_code=00100096&order_time=2023-05-29 HTTP/1.1" 200 409
116.238.139.35 - - [29/May/2023:08:39:19 +0800] "GET /favicon.ico HTTP/1.1" 404 -
116.238.139.35 - - [29/May/2023:08:39:21 +0800] "POST /xingrg/login.do HTTP/1.1" 302 -
116.238.139.35 - - [29/May/2023:08:39:21 +0800] "GET /xingrg/index.html?sysBaseUrl=http%3A%2F%2F180.169.147.146%3A18081%2Fxingrg%2F&costTime=816×tamp=1685320761667 HTTP/1.1" 200 17177
116.238.139.35 - - [29/May/2023:08:39:22 +0800] "POST /xingrg/all/common/load_tree.html?tree=area_rest_tree_json&manage=1 HTTP/1.1" 200 476
116.238.139.35 - - [29/May/2023:08:39:22 +0800] "GET /xingrg/all/function/internal_message.html?_=1685320761974&CODE_STATE=count HTTP/1.1" 200 11
116.238.139.35 - - [29/May/2023:08:39:22 +0800] "GET /xingrg/check_reg.html?_=1685320761976 HTTP/1.1" 200 22
116.238.139.35 - - [29/May/2023:08:39:22 +0800] "GET /favicon.ico HTTP/1.1" 404 -
116.238.139.35 - - [29/May/2023:08:39:22 +0800] "POST /xingrg/load_menu.html HTTP/1.1" 200 5138
114.85.98.170 - - [29/May/2023:08:39:24 +0800] "GET /xingrg/all/function/internal_message.html?_=1685320764054&CODE_STATE=getMsg HTTP/1.1" 302 -
116.238.139.35 - - [29/May/2023:08:39:26 +0800] "POST /xingrg/all/user/operate.html HTTP/1.1" 200 36
116.238.139.35 - - [29/May/2023:08:39:26 +0800] "GET /xingrg/index.html?sysBaseUrl=http%3A%2F%2F180.169.147.146%3A18081%2Fxingrg%2F&costTime=816×tamp=1685320761667 HTTP/1.1" 200 17179
116.238.139.35 - - [29/May/2023:08:39:26 +0800] "GET /xingrg/javascript/jquery_easy_ui/themes/default/easyui.css HTTP/1.1" 304 -
116.238.139.35 - - [29/May/2023:08:39:26 +0800] "GET /xingrg/javascript/jquery_easy_ui/themes/icon.css HTTP/1.1" 304 -
116.238.139.35 - - [29/May/2023:08:39:26 +0800] "GET /xingrg/css/form.css HTTP/1.1" 304 -
116.238.139.35 - - [29/May/2023:08:39:26 +0800] "GET /xingrg/javascript/jquery-1.4.2.min.js HTTP/1.1" 304 -
116.238.139.35 - - [29/May/2023:08:39:26 +0800] "GET /xingrg/javascript/jquery_easy_ui/jquery.easyui.min.js HTTP/1.1" 304 -
116.238.139.35 - - [29/May/2023:08:39:26 +0800] "GET /xingrg/javascript/jquery_easy_ui/easyui-lang-zh_CN.js HTTP/1.1" 304 -
116.238.139.35 - - [29/May/2023:08:39:26 +0800] "GET /xingrg/javascript/jquery.form.js HTTP/1.1" 304 -
116.238.139.35 - - [29/May/2023:08:39:26 +0800] "GET /xingrg/javascript/jquery.utils.js HTTP/1.1" 304 -
116.238.139.35 - - [29/May/2023:08:39:26 +0800] "GET /xingrg/javascript/jquery.timers.js HTTP/1.1" 304 -
116.238.139.35 - - [29/May/2023:08:39:26 +0800] "GET /xingrg/images/blue/jxLogo.png HTTP/1.1" 304 -
116.238.139.35 - - [29/May/2023:08:39:26 +0800] "GET /xingrg/images/blue/navBackgound.jpg HTTP/1.1" 304 -
116.238.139.35 - - [29/May/2023:08:39:26 +0800] "GET /xingrg/javascript/jquery_easy_ui/themes/icons/settle_new.png HTTP/1.1" 304 -
116.238.139.35 - - [29/May/2023:08:39:26 +0800] "GET /xingrg/all/function/internal_message.html?_=1685320766732&CODE_STATE=count HTTP/1.1" 200 11
116.238.139.35 - - [29/May/2023:08:39:26 +0800] "GET /xingrg/check_reg.html?_=1685320766733 HTTP/1.1" 200 22
116.238.139.35 - - [29/May/2023:08:39:26 +0800] "GET /xingrg/images/blue/pingpu.png HTTP/1.1" 304 -
116.238.139.35 - - [29/May/2023:08:39:26 +0800] "GET /xingrg/javascript/jquery_easy_ui/themes/default/images/panel_tool_collapse.gif HTTP/1.1" 304 -
116.238.139.35 - - [29/May/2023:08:39:26 +0800] "GET /xingrg/javascript/jquery_easy_ui/themes/default/images/tabs_rightarrow.png HTTP/1.1" 304 -
116.238.139.35 - - [29/May/2023:08:39:26 +0800] "GET /xingrg/javascript/jquery_easy_ui/themes/default/images/tabs_leftarrow.png HTTP/1.1" 304 -
116.238.139.35 - - [29/May/2023:08:39:26 +0800] "POST /xingrg/all/common/load_tree.html?tree=area_rest_tree_json&manage=1 HTTP/1.1" 200 476
116.238.139.35 - - [29/May/2023:08:39:26 +0800] "POST /xingrg/load_menu.html HTTP/1.1" 200 5138
116.238.139.35 - - [29/May/2023:08:39:29 +0800] "GET /xingrg/kc/buy/cgsh_order_list.html HTTP/1.1" 200 55678
218.81.217.41 - - [29/May/2023:08:39:31 +0800] "GET /xingrg/all/function/internal_message.html?_=1685320773108&CODE_STATE=getMsg HTTP/1.1" 200 27
116.238.139.35 - - [29/May/2023:08:39:33 +0800] "POST /xingrg/kc/buy/cgsh_list_operate.html HTTP/1.1" 200 2301
101.83.145.52 - - [29/May/2023:08:39:35 +0800] "GET /xingrg/kc/buy/cgsh_order_add.html HTTP/1.1" 200 71536
116.238.139.35 - - [29/May/2023:08:39:35 +0800] "POST /xingrg/kc/buy/cgsh_order_operate.html HTTP/1.1" 200 17456
101.83.145.52 - - [29/May/2023:08:39:35 +0800] "POST /xingrg/kc/buy/cgsh_order_operate.html HTTP/1.1" 200 8245
101.83.145.52 - - [29/May/2023:08:39:35 +0800] "GET /xingrg/javascript/easyui/themes/default/validatebox.css HTTP/1.1" 404 1104
116.238.139.35 - - [29/May/2023:08:39:35 +0800] "POST /xingrg/kc/buy/cgsh_list_operate.html HTTP/1.1" 200 415
116.238.139.35 - - [29/May/2023:08:39:37 +0800] "GET /xingrg/kc/buy/cgsh_order_info.html?code=212023052910869 HTTP/1.1" 200 71497
116.238.139.35 - - [29/May/2023:08:39:37 +0800] "GET /xingrg/javascript/easyui/themes/default/validatebox.css HTTP/1.1" 404 1104
116.238.139.35 - - [29/May/2023:08:39:37 +0800] "GET /xingrg/all/common/auto_word.html?type=employee&rest_code=00150 HTTP/1.1" 200 159
116.238.139.35 - - [29/May/2023:08:39:37 +0800] "GET /xingrg/all/common/auto_word.html?type=employee&rest_code=00150 HTTP/1.1" 200 159
116.238.139.35 - - [29/May/2023:08:39:38 +0800] "POST /xingrg/kc/buy/cgsh_order_operate.html HTTP/1.1" 200 4420
116.237.77.151 - - [29/May/2023:08:39:40 +0800] "GET /xingrg/all/function/internal_message.html?_=1685320781741&CODE_STATE=getMsg HTTP/1.1" 200 27
116.238.139.35 - - [29/May/2023:08:39:42 +0800] "GET /xingrg/javascript/auto/indicator.gif HTTP/1.1" 404 1066
218.81.217.41 - - [29/May/2023:08:39:45 +0800] "POST /xingrg/services/DataTransmitService HTTP/1.1" 200 524
101.83.145.52 - - [29/May/2023:08:39:45 +0800] "GET /xingrg/all/function/internal_message.html?_=1685320617533&CODE_STATE=getMsg HTTP/1.1" 200 27
218.81.217.41 - - [29/May/2023:08:39:45 +0800] "POST /xingrg/services/DataTransmitService HTTP/1.1" 200 412
116.238.139.35 - - [29/May/2023:08:39:46 +0800] "GET /xingrg/kc/buy/cgsh_order_operate.html?command=get_materiel&rest_code=00150&code=00101006133&supplier_code=00100096&order_time=2023-05-29 HTTP/1.1" 200 415
114.85.113.108 - - [29/May/2023:08:39:51 +0800] "GET /xingrg/all/function/internal_message.html?_=1685320764267&CODE_STATE=getMsg HTTP/1.1" 200 27
101.83.145.52 - - [29/May/2023:08:40:03 +0800] "GET /xingrg/kc/buy/cgsh_order_operate.html?command=get_materiel&rest_code=00105&code=00101008044&supplier_code=00100203&order_time=2023-05-29 HTTP/1.1" 200 408
180.164.3.199 - - [29/May/2023:08:40:09 +0800] "GET /xingrg/all/function/internal_message.html?_=1685320808590&CODE_STATE=getMsg HTTP/1.1" 200 27
116.237.77.151 - - [29/May/2023:08:40:12 +0800] "GET /xingrg/kc/buy/cgsh_order_operate.html?command=get_materiel&rest_code=00106&code=00101006109&supplier_code=00100096&order_time=2023-05-29 HTTP/1.1" 200 409
101.83.145.52 - - [29/May/2023:08:40:16 +0800] "GET /xingrg/kc/buy/cgsh_order_operate.html?command=get_materiel&rest_code=00105&code=00101008045&supplier_code=00100203&order_time=2023-05-29 HTTP/1.1" 200 412
114.85.98.170 - - [29/May/2023:08:40:24 +0800] "GET /xingrg/all/function/internal_message.html?_=1685320824044&CODE_STATE=getMsg HTTP/1.1" 302 -
116.238.139.35 - - [29/May/2023:08:40:26 +0800] "GET /xingrg/all/function/internal_message.html?_=1685320826746&CODE_STATE=getMsg HTTP/1.1" 200 27
116.238.139.35 - - [29/May/2023:08:40:29 +0800] "GET /xingrg/all/function/internal_message.html?_=1685320739291&CODE_STATE=getMsg HTTP/1.1" 200 27
218.81.217.41 - - [29/May/2023:08:40:31 +0800] "GET /xingrg/all/function/internal_message.html?_=1685320833120&CODE_STATE=getMsg HTTP/1.1" 200 27
116.237.77.151 - - [29/May/2023:08:40:36 +0800] "GET /xingrg/kc/buy/cgsh_order_operate.html?command=get_materiel&rest_code=00106&code=00101006111&supplier_code=00100096&order_time=2023-05-29 HTTP/1.1" 200 409
116.237.77.151 - - [29/May/2023:08:40:40 +0800] "GET /xingrg/all/function/internal_message.html?_=1685320841800&CODE_STATE=getMsg HTTP/1.1" 200 27
116.238.139.35 - - [29/May/2023:08:40:43 +0800] "POST /xingrg/kc/buy/cgsh_order_operate.html HTTP/1.1" 200 37
101.83.145.52 - - [29/May/2023:08:40:45 +0800] "GET /xingrg/all/function/internal_message.html?_=1685320677537&CODE_STATE=getMsg HTTP/1.1" 200 27
116.237.77.151 - - [29/May/2023:08:40:49 +0800] "GET /xingrg/kc/buy/cgsh_order_operate.html?command=get_materiel&rest_code=00106&code=00101006112&supplier_code=00100096&order_time=2023-05-29 HTTP/1.1" 200 409
114.85.113.108 - - [29/May/2023:08:40:51 +0800] "GET /xingrg/all/function/internal_message.html?_=1685320824237&CODE_STATE=getMsg HTTP/1.1" 200 27
116.238.139.35 - - [29/May/2023:08:40:53 +0800] "POST /xingrg/kc/buy/cgsh_order_operate.html HTTP/1.1" 200 12
116.238.139.35 - - [29/May/2023:08:40:56 +0800] "GET /xingrg/kc/buy/cgsh_order_info.html?code=212023052910867 HTTP/1.1" 200 66423
116.238.139.35 - - [29/May/2023:08:40:56 +0800] "GET /xingrg/javascript/easyui/themes/default/validatebox.css HTTP/1.1" 404 1104
116.238.139.35 - - [29/May/2023:08:40:57 +0800] "POST /xingrg/kc/buy/cgsh_order_operate.html HTTP/1.1" 200 15394
116.238.139.35 - - [29/May/2023:08:40:59 +0800] "GET /xingrg/kc/print/load_config.html?kc_code=cgsh HTTP/1.1" 200 1924
116.238.139.35 - - [29/May/2023:08:40:59 +0800] "GET /xingrg/kc/print/load_data.html?order_code=212023052910867&kc_code=cgsh&condition= HTTP/1.1" 200 6330
116.238.139.35 - - [29/May/2023:08:41:07 +0800] "GET /xingrg/kc/buy/cgsh_order_operate.html?command=get_materiel&rest_code=00150&code=00101007061&supplier_code=00100096&order_time=2023-05-29 HTTP/1.1" 200 411
116.237.77.151 - - [29/May/2023:08:41:08 +0800] "GET /xingrg/kc/buy/cgsh_order_operate.html?command=get_materiel&rest_code=00106&code=00101016104&supplier_code=00100096&order_time=2023-05-29 HTTP/1.1" 200 408
180.164.3.199 - - [29/May/2023:08:41:09 +0800] "GET /xingrg/check_reg.html?_=1685320868589 HTTP/1.1" 200 22
180.164.3.199 - - [29/May/2023:08:41:09 +0800] "GET /xingrg/all/function/internal_message.html?_=1685320868591&CODE_STATE=getMsg HTTP/1.1" 200 27
116.238.139.35 - - [29/May/2023:08:41:11 +0800] "GET /xingrg/javascript/jquery_easy_ui/themes/default/images/button_span_bg.gif HTTP/1.1" 304 -
116.238.139.35 - - [29/May/2023:08:41:11 +0800] "GET /xingrg/javascript/jquery_easy_ui/themes/default/images/button_a_bg.gif HTTP/1.1" 304 -
116.238.139.35 - - [29/May/2023:08:41:11 +0800] "GET /xingrg/javascript/jquery_easy_ui/themes/icons/ok.png HTTP/1.1" 304 -
116.238.139.35 - - [29/May/2023:08:41:11 +0800] "GET /xingrg/javascript/jquery_easy_ui/themes/default/images/panel_tools.gif HTTP/1.1" 304 -
116.238.139.35 - - [29/May/2023:08:41:11 +0800] "GET /xingrg/javascript/jquery_easy_ui/themes/default/images/panel_title.png HTTP/1.1" 304 -
116.238.139.35 - - [29/May/2023:08:41:13 +0800] "POST /xingrg/all/user/operate.html HTTP/1.1" 200 36
116.238.139.35 - - [29/May/2023:08:41:14 +0800] "GET /xingrg/index.html?sysBaseUrl=http%3A%2F%2F180.169.147.146%3A18081%2Fxingrg%2F&costTime=819×tamp=1685320408681 HTTP/1.1" 200 17177
116.238.139.35 - - [29/May/2023:08:41:14 +0800] "GET /xingrg/javascript/jquery_easy_ui/themes/default/easyui.css HTTP/1.1" 304 -
116.238.139.35 - - [29/May/2023:08:41:14 +0800] "GET /xingrg/javascript/jquery_easy_ui/themes/icon.css HTTP/1.1" 304 -
116.238.139.35 - - [29/May/2023:08:41:14 +0800] "GET /xingrg/css/form.css HTTP/1.1" 304 -
116.238.139.35 - - [29/May/2023:08:41:14 +0800] "GET /xingrg/javascript/jquery-1.4.2.min.js HTTP/1.1" 304 -
116.238.139.35 - - [29/May/2023:08:41:14 +0800] "GET /xingrg/javascript/jquery_easy_ui/jquery.easyui.min.js HTTP/1.1" 304 -
116.238.139.35 - - [29/May/2023:08:41:14 +0800] "GET /xingrg/javascript/jquery_easy_ui/easyui-lang-zh_CN.js HTTP/1.1" 304 -
116.238.139.35 - - [29/May/2023:08:41:14 +0800] "GET /xingrg/javascript/jquery.form.js HTTP/1.1" 304 -
116.238.139.35 - - [29/May/2023:08:41:14 +0800] "GET /xingrg/javascript/jquery.utils.js HTTP/1.1" 304 -
116.238.139.35 - - [29/May/2023:08:41:14 +0800] "GET /xingrg/javascript/jquery.timers.js HTTP/1.1" 304 -
116.238.139.35 - - [29/May/2023:08:41:14 +0800] "GET /xingrg/images/blue/jxLogo.png HTTP/1.1" 304 -
116.238.139.35 - - [29/May/2023:08:41:14 +0800] "GET /xingrg/images/blue/navBackgound.jpg HTTP/1.1" 304 -
116.238.139.35 - - [29/May/2023:08:41:14 +0800] "GET /xingrg/javascript/jquery_easy_ui/themes/icons/settle_new.png HTTP/1.1" 304 -
116.238.139.35 - - [29/May/2023:08:41:14 +0800] "GET /xingrg/images/blue/pingpu.png HTTP/1.1" 304 -
116.238.139.35 - - [29/May/2023:08:41:14 +0800] "GET /xingrg/javascript/jquery_easy_ui/themes/default/images/tabs_leftarrow.png HTTP/1.1" 304 -
116.238.139.35 - - [29/May/2023:08:41:14 +0800] "GET /xingrg/javascript/jquery_easy_ui/themes/default/images/tabs_rightarrow.png HTTP/1.1" 304 -
116.238.139.35 - - [29/May/2023:08:41:14 +0800] "GET /xingrg/javascript/jquery_easy_ui/themes/default/images/panel_tool_collapse.gif HTTP/1.1" 304 -
116.238.139.35 - - [29/May/2023:08:41:15 +0800] "GET /xingrg/all/function/internal_message.html?_=1685320784586&CODE_STATE=count HTTP/1.1" 200 11
116.238.139.35 - - [29/May/2023:08:41:15 +0800] "GET /xingrg/check_reg.html?_=1685320784587 HTTP/1.1" 200 22
116.238.139.35 - - [29/May/2023:08:41:15 +0800] "POST /xingrg/all/common/load_tree.html?tree=area_rest_tree_json&manage=1 HTTP/1.1" 200 476
116.238.139.35 - - [29/May/2023:08:41:15 +0800] "POST /xingrg/load_menu.html HTTP/1.1" 200 5138
101.83.145.52 - - [29/May/2023:08:41:17 +0800] "GET /xingrg/kc/buy/cgsh_order_operate.html?command=get_materiel&rest_code=00105&code=00101008149&supplier_code=00100203&order_time=2023-05-29 HTTP/1.1" 200 408
116.238.139.35 - - [29/May/2023:08:41:19 +0800] "GET /xingrg/kc/buy/cgsh_order_list.html HTTP/1.1" 200 55676
114.85.98.170 - - [29/May/2023:08:41:24 +0800] "GET /xingrg/all/function/internal_message.html?_=1685320884042&CODE_STATE=getMsg HTTP/1.1" 302 -
116.238.139.35 - - [29/May/2023:08:41:26 +0800] "GET /xingrg/all/function/internal_message.html?_=1685320886736&CODE_STATE=getMsg HTTP/1.1" 200 27
116.238.139.35 - - [29/May/2023:08:41:29 +0800] "POST /xingrg/kc/buy/cgsh_list_operate.html HTTP/1.1" 200 1852
116.238.139.35 - - [29/May/2023:08:41:31 +0800] "GET /xingrg/kc/buy/cgsh_order_add.html HTTP/1.1" 200 71064
218.81.217.41 - - [29/May/2023:08:41:31 +0800] "GET /xingrg/all/function/internal_message.html?_=1685320893225&CODE_STATE=getMsg HTTP/1.1" 200 27
116.238.139.35 - - [29/May/2023:08:41:32 +0800] "POST /xingrg/kc/buy/cgsh_order_operate.html HTTP/1.1" 200 8245
116.238.139.35 - - [29/May/2023:08:41:32 +0800] "GET /xingrg/all/common/auto_word.html?type=employee&rest_code=00151 HTTP/1.1" 200 293
116.238.139.35 - - [29/May/2023:08:41:32 +0800] "GET /xingrg/javascript/easyui/themes/default/validatebox.css HTTP/1.1" 404 1104
116.238.139.35 - - [29/May/2023:08:41:32 +0800] "GET /xingrg/all/common/auto_word.html?type=employee&rest_code=00151 HTTP/1.1" 200 293
116.237.77.151 - - [29/May/2023:08:41:33 +0800] "GET /favicon.ico HTTP/1.1" 404 -
116.238.139.35 - - [29/May/2023:08:41:34 +0800] "GET /xingrg/javascript/auto/indicator.gif HTTP/1.1" 404 1066
116.237.77.151 - - [29/May/2023:08:41:38 +0800] "GET /xingrg/kc/buy/cgsh_order_operate.html?command=get_materiel&rest_code=00106&code=00101006006&supplier_code=00100096&order_time=2023-05-29 HTTP/1.1" 200 411
116.237.77.151 - - [29/May/2023:08:41:40 +0800] "GET /xingrg/all/function/internal_message.html?_=1685320901785&CODE_STATE=getMsg HTTP/1.1" 200 27
101.83.145.52 - - [29/May/2023:08:41:45 +0800] "GET /xingrg/check_reg.html?_=1685320737540 HTTP/1.1" 200 22
101.83.145.52 - - [29/May/2023:08:41:45 +0800] "GET /xingrg/all/function/internal_message.html?_=1685320737545&CODE_STATE=getMsg HTTP/1.1" 200 27
116.238.139.35 - - [29/May/2023:08:41:46 +0800] "GET /xingrg/kc/buy/cgsh_order_operate.html?command=get_materiel&rest_code=00151&code=00101008350&supplier_code=00100008&order_time=2023-05-29 HTTP/1.1" 200 408
116.238.139.35 - - [29/May/2023:08:41:47 +0800] "GET /xingrg/kc/buy/cgsh_order_operate.html?command=get_materiel&rest_code=00150&code=00101007049&supplier_code=00100096&order_time=2023-05-29 HTTP/1.1" 200 411
114.85.113.108 - - [29/May/2023:08:41:51 +0800] "GET /xingrg/all/function/internal_message.html?_=1685320884233&CODE_STATE=getMsg HTTP/1.1" 200 27
101.83.145.52 - - [29/May/2023:08:41:55 +0800] "GET /xingrg/kc/buy/cgsh_order_operate.html?command=get_materiel&rest_code=00105&code=00101008355&supplier_code=00100203&order_time=2023-05-29 HTTP/1.1" 200 408
116.238.139.35 - - [29/May/2023:08:41:56 +0800] "GET /xingrg/kc/buy/cgsh_order_operate.html?command=get_materiel&rest_code=00151&code=00101008403&supplier_code=00100008&order_time=2023-05-29 HTTP/1.1" 200 412
116.238.139.35 - - [29/May/2023:08:42:05 +0800] "GET /xingrg/kc/buy/cgsh_order_operate.html?command=get_materiel&rest_code=00151&code=00101008096&supplier_code=00100008&order_time=2023-05-29 HTTP/1.1" 200 413
180.164.3.199 - - [29/May/2023:08:42:09 +0800] "GET /xingrg/all/function/internal_message.html?_=1685320928584&CODE_STATE=getMsg HTTP/1.1" 200 27
116.238.139.35 - - [29/May/2023:08:42:15 +0800] "GET /xingrg/all/function/internal_message.html?_=1685320844591&CODE_STATE=getMsg HTTP/1.1" 200 27
101.83.145.52 - - [29/May/2023:08:42:15 +0800] "GET /xingrg/kc/buy/cgsh_order_operate.html?command=get_materiel&rest_code=00105&code=00101008264&supplier_code=00100203&order_time=2023-05-29 HTTP/1.1" 200 412
116.238.139.35 - - [29/May/2023:08:42:21 +0800] "GET /xingrg/kc/buy/cgsh_order_operate.html?command=get_materiel&rest_code=00151&code=00101008209&supplier_code=00100008&order_time=2023-05-29 HTTP/1.1" 200 408
114.85.98.170 - - [29/May/2023:08:42:24 +0800] "GET /xingrg/all/function/internal_message.html?_=1685320944019&CODE_STATE=getMsg HTTP/1.1" 302 -
114.85.98.170 - - [29/May/2023:08:42:24 +0800] "GET /xingrg/check_reg.html?_=1685320944533 HTTP/1.1" 302 -
116.238.139.35 - - [29/May/2023:08:42:26 +0800] "GET /xingrg/all/function/internal_message.html?_=1685320946736&CODE_STATE=getMsg HTTP/1.1" 200 27
218.81.217.41 - - [29/May/2023:08:42:31 +0800] "GET /xingrg/all/function/internal_message.html?_=1685320953226&CODE_STATE=getMsg HTTP/1.1" 200 27
116.238.139.35 - - [29/May/2023:08:42:34 +0800] "GET /xingrg/kc/buy/cgsh_order_operate.html?command=get_materiel&rest_code=00151&code=00101008137&supplier_code=00100008&order_time=2023-05-29 HTTP/1.1" 200 408
114.83.218.148 - - [29/May/2023:08:42:35 +0800] "GET /xingrg/login.html HTTP/1.1" 200 7641
114.83.218.148 - - [29/May/2023:08:42:35 +0800] "GET /favicon.ico HTTP/1.1" 404 -
116.237.77.151 - - [29/May/2023:08:42:40 +0800] "GET /xingrg/check_reg.html?_=1685320961741 HTTP/1.1" 200 22
116.237.77.151 - - [29/May/2023:08:42:40 +0800] "GET /xingrg/all/function/internal_message.html?_=1685320961757&CODE_STATE=getMsg HTTP/1.1" 200 27
116.238.139.35 - - [29/May/2023:08:42:41 +0800] "GET /xingrg/kc/buy/cgsh_order_operate.html?command=get_materiel&rest_code=00151&code=00101015006&supplier_code=00100008&order_time=2023-05-29 HTTP/1.1" 200 413
114.83.218.148 - - [29/May/2023:08:42:44 +0800] "POST /xingrg/login.do HTTP/1.1" 302 -
114.83.218.148 - - [29/May/2023:08:42:44 +0800] "GET /xingrg/index.html?sysBaseUrl=http%3A%2F%2F180.169.147.146%3A18081%2Fxingrg%2F&costTime=816×tamp=1685320964849 HTTP/1.1" 200 17179
114.83.218.148 - - [29/May/2023:08:42:45 +0800] "GET /favicon.ico HTTP/1.1" 404 -
114.83.218.148 - - [29/May/2023:08:42:45 +0800] "POST /xingrg/all/common/load_tree.html?tree=area_rest_tree_json&manage=1 HTTP/1.1" 200 351
114.83.218.148 - - [29/May/2023:08:42:45 +0800] "GET /xingrg/all/function/internal_message.html?_=1685320964204&CODE_STATE=count HTTP/1.1" 200 11
114.83.218.148 - - [29/May/2023:08:42:45 +0800] "GET /xingrg/check_reg.html?_=1685320964204 HTTP/1.1" 200 22
114.83.218.148 - - [29/May/2023:08:42:45 +0800] "POST /xingrg/load_menu.html HTTP/1.1" 200 5138
101.83.145.52 - - [29/May/2023:08:42:45 +0800] "GET /xingrg/all/function/internal_message.html?_=1685320797532&CODE_STATE=getMsg HTTP/1.1" 200 27
114.83.218.148 - - [29/May/2023:08:42:49 +0800] "GET /xingrg/kc/buy/cgsh_order_list.html HTTP/1.1" 200 55678
114.85.113.108 - - [29/May/2023:08:42:49 +0800] "GET /xingrg/check_reg.html?_=1685320942804 HTTP/1.1" 200 22
116.238.139.35 - - [29/May/2023:08:42:50 +0800] "GET /xingrg/kc/buy/cgsh_order_operate.html?command=get_materiel&rest_code=00151&code=00101008029&supplier_code=00100008&order_time=2023-05-29 HTTP/1.1" 200 417
114.85.113.108 - - [29/May/2023:08:42:51 +0800] "GET /xingrg/all/function/internal_message.html?_=1685320944213&CODE_STATE=getMsg HTTP/1.1" 200 27
114.83.218.148 - - [29/May/2023:08:42:51 +0800] "POST /xingrg/kc/buy/cgsh_list_operate.html HTTP/1.1" 200 986
114.83.218.148 - - [29/May/2023:08:42:53 +0800] "GET /xingrg/kc/buy/cgsh_order_add.html HTTP/1.1" 200 71542
114.83.218.148 - - [29/May/2023:08:42:53 +0800] "GET /xingrg/words/20230528204915_words.js HTTP/1.1" 200 966163
114.83.218.148 - - [29/May/2023:08:42:53 +0800] "POST /xingrg/kc/buy/cgsh_order_operate.html HTTP/1.1" 200 8245
114.83.218.148 - - [29/May/2023:08:42:53 +0800] "GET /xingrg/javascript/easyui/themes/default/validatebox.css HTTP/1.1" 404 1104
