114.85.113.108 - - [29/May/2023:10:41:44 +0800] "GET /xingrg/all/function/internal_message.html?_=1685328076967&CODE_STATE=getMsg HTTP/1.1" 200 27
222.70.180.90 - - [29/May/2023:10:41:44 +0800] "GET /xingrg/kc/buy/cgsh_order_operate.html?command=get_materiel&rest_code=00111&code=00101003033&supplier_code=00100092&order_time=2023-05-29 HTTP/1.1" 200 424
101.83.145.52 - - [29/May/2023:10:41:46 +0800] "GET /xingrg/check_reg.html?_=1685327937718 HTTP/1.1" 200 22
101.83.145.52 - - [29/May/2023:10:41:46 +0800] "GET /xingrg/all/function/internal_message.html?_=1685327937818&CODE_STATE=getMsg HTTP/1.1" 200 27
114.83.218.148 - - [29/May/2023:10:41:48 +0800] "GET /xingrg/all/function/internal_message.html?_=1685328107040&CODE_STATE=getMsg HTTP/1.1" 200 27
120.253.135.82 - - [29/May/2023:10:41:48 +0800] "GET /xingrg/all/function/internal_message.html?_=1685328248554&CODE_STATE=getMsg HTTP/1.1" 200 27
222.67.234.146 - - [29/May/2023:10:41:51 +0800] "GET /xingrg/kc/buy/cgsh_order_operate.html?command=get_materiel&rest_code=00141&code=00101001125&supplier_code=00100090&order_time=2023-05-29 HTTP/1.1" 200 415
101.229.22.40 - - [29/May/2023:10:41:53 +0800] "GET /xingrg/all/function/internal_message.html?_=1685328113352&CODE_STATE=getMsg HTTP/1.1" 200 27
101.229.22.40 - - [29/May/2023:10:41:53 +0800] "GET /xingrg/check_reg.html?_=1685328113354 HTTP/1.1" 200 22
114.85.98.170 - - [29/May/2023:10:41:57 +0800] "GET /xingrg/all/function/internal_message.html?_=1685328117027&CODE_STATE=getMsg HTTP/1.1" 200 27
222.70.180.90 - - [29/May/2023:10:41:59 +0800] "POST /xingrg/kc/buy/cgsh_order_operate.html HTTP/1.1" 200 37
222.70.180.90 - - [29/May/2023:10:42:01 +0800] "POST /xingrg/kc/buy/cgsh_order_operate.html HTTP/1.1" 200 2673
101.83.145.52 - - [29/May/2023:10:42:03 +0800] "POST /xingrg/kc/buy/cgsh_order_operate.html HTTP/1.1" 200 37
222.67.234.146 - - [29/May/2023:10:42:03 +0800] "GET /xingrg/kc/buy/cgsh_order_operate.html?command=get_materiel&rest_code=00141&code=00101004065&supplier_code=00100090&order_time=2023-05-29 HTTP/1.1" 200 432
222.70.180.90 - - [29/May/2023:10:42:04 +0800] "GET /xingrg/kc/print/load_data.html?order_code=212023052910925&kc_code=cgsh&condition= HTTP/1.1" 200 737
101.83.145.52 - - [29/May/2023:10:42:06 +0800] "POST /xingrg/kc/buy/cgsh_order_operate.html HTTP/1.1" 200 2682
222.70.180.90 - - [29/May/2023:10:42:09 +0800] "GET /xingrg/kc/buy/cgsh_order_add.html HTTP/1.1" 200 71410
180.164.3.199 - - [29/May/2023:10:42:09 +0800] "GET /xingrg/all/function/internal_message.html?_=1685328128589&CODE_STATE=getMsg HTTP/1.1" 200 27
101.83.145.52 - - [29/May/2023:10:42:09 +0800] "GET /xingrg/kc/print/load_data.html?order_code=212023052910926&kc_code=cgsh&condition= HTTP/1.1" 200 701
222.70.180.90 - - [29/May/2023:10:42:09 +0800] "POST /xingrg/kc/buy/cgsh_order_operate.html HTTP/1.1" 200 8245
222.70.180.90 - - [29/May/2023:10:42:09 +0800] "GET /xingrg/javascript/easyui/themes/default/validatebox.css HTTP/1.1" 404 1104
180.169.147.146 - - [29/May/2023:10:42:10 +0800] "GET /xingrg/all/function/internal_message.html?_=1685328125776&CODE_STATE=getMsg HTTP/1.1" 200 27
120.253.135.82 - - [29/May/2023:10:42:15 +0800] "GET /xingrg/all/function/internal_message.html?_=1685327971232&CODE_STATE=getMsg HTTP/1.1" 200 27
222.70.180.90 - - [29/May/2023:10:42:20 +0800] "GET /xingrg/kc/buy/cgsh_order_operate.html?command=get_materiel&rest_code=00111&code=00101004050&supplier_code=00100312&order_time=2023-05-29 HTTP/1.1" 200 409
116.232.195.127 - - [29/May/2023:10:42:20 +0800] "GET /xingrg/all/function/internal_message.html?_=1685328168292&CODE_STATE=getMsg HTTP/1.1" 200 27
218.81.217.41 - - [29/May/2023:10:42:24 +0800] "GET /xingrg/all/function/internal_message.html?_=1685328146244&CODE_STATE=getMsg HTTP/1.1" 200 27
222.70.180.90 - - [29/May/2023:10:42:29 +0800] "GET /xingrg/check_reg.html?_=1685328149222 HTTP/1.1" 200 22
222.70.180.90 - - [29/May/2023:10:42:29 +0800] "GET /xingrg/all/function/internal_message.html?_=1685328149226&CODE_STATE=getMsg HTTP/1.1" 200 27
222.70.180.90 - - [29/May/2023:10:42:32 +0800] "GET /xingrg/kc/buy/cgsh_order_operate.html?command=get_materiel&rest_code=00111&code=00101004030&supplier_code=00100312&order_time=2023-05-29 HTTP/1.1" 200 408
222.67.234.146 - - [29/May/2023:10:42:36 +0800] "GET /xingrg/all/function/internal_message.html?_=1685327664196&CODE_STATE=getMsg HTTP/1.1" 200 27
222.67.234.146 - - [29/May/2023:10:42:36 +0800] "GET /xingrg/check_reg.html?_=1685327664198 HTTP/1.1" 200 22
116.237.77.151 - - [29/May/2023:10:42:38 +0800] "GET /xingrg/all/function/internal_message.html?_=1685328159729&CODE_STATE=getMsg HTTP/1.1" 200 27
101.83.145.52 - - [29/May/2023:10:42:39 +0800] "GET /xingrg/kc/buy/cgsh_order_add.html HTTP/1.1" 200 71536
101.83.145.52 - - [29/May/2023:10:42:40 +0800] "POST /xingrg/kc/buy/cgsh_order_operate.html HTTP/1.1" 200 8245
101.83.145.52 - - [29/May/2023:10:42:40 +0800] "GET /xingrg/javascript/easyui/themes/default/validatebox.css HTTP/1.1" 404 1104
58.40.7.146 - - [29/May/2023:10:42:40 +0800] "GET /xingrg/all/function/internal_message.html?_=1685328160860&CODE_STATE=getMsg HTTP/1.1" 200 27
222.70.180.90 - - [29/May/2023:10:42:42 +0800] "GET /xingrg/kc/buy/cgsh_order_operate.html?command=get_materiel&rest_code=00111&code=00101001029&supplier_code=00100312&order_time=2023-05-29 HTTP/1.1" 200 417
116.238.139.35 - - [29/May/2023:10:42:43 +0800] "GET /xingrg/all/function/internal_message.html?_=1685328163601&CODE_STATE=getMsg HTTP/1.1" 200 27
114.85.113.108 - - [29/May/2023:10:42:44 +0800] "GET /xingrg/all/function/internal_message.html?_=1685328136966&CODE_STATE=getMsg HTTP/1.1" 200 27
114.83.218.148 - - [29/May/2023:10:42:45 +0800] "GET /xingrg/check_reg.html?_=1685328164655 HTTP/1.1" 200 22
101.83.145.52 - - [29/May/2023:10:42:46 +0800] "GET /xingrg/all/function/internal_message.html?_=1685327997804&CODE_STATE=getMsg HTTP/1.1" 200 27
114.85.98.170 - - [29/May/2023:10:42:46 +0800] "GET /xingrg/kc/base/wldb_order_list.html HTTP/1.1" 200 19098
114.85.98.170 - - [29/May/2023:10:42:46 +0800] "POST /xingrg/kc/base/wldb_list_operate.html HTTP/1.1" 200 928
114.83.218.148 - - [29/May/2023:10:42:48 +0800] "GET /xingrg/all/function/internal_message.html?_=1685328167018&CODE_STATE=getMsg HTTP/1.1" 200 27
120.253.135.82 - - [29/May/2023:10:42:48 +0800] "GET /xingrg/all/function/internal_message.html?_=1685328308558&CODE_STATE=getMsg HTTP/1.1" 200 27
120.253.135.82 - - [29/May/2023:10:42:48 +0800] "GET /xingrg/check_reg.html?_=1685328308560 HTTP/1.1" 200 22
114.85.98.170 - - [29/May/2023:10:42:50 +0800] "POST /xingrg/kc/base/wldb_list_operate.html HTTP/1.1" 200 6084
222.67.234.146 - - [29/May/2023:10:42:51 +0800] "GET /xingrg/kc/buy/cgsh_order_operate.html?command=get_materiel&rest_code=00141&code=00101001169&supplier_code=00100090&order_time=2023-05-29 HTTP/1.1" 200 417
114.85.98.170 - - [29/May/2023:10:42:52 +0800] "POST /xingrg/kc/base/wldb_list_operate.html HTTP/1.1" 200 495
101.229.22.40 - - [29/May/2023:10:42:53 +0800] "GET /xingrg/all/function/internal_message.html?_=1685328173357&CODE_STATE=getMsg HTTP/1.1" 200 27
114.85.98.170 - - [29/May/2023:10:42:56 +0800] "GET /xingrg/kc/base/wldb_order_info.html?code=422023052802308 HTTP/1.1" 200 26255
114.85.98.170 - - [29/May/2023:10:42:57 +0800] "GET /xingrg/javascript/easyui/themes/default/validatebox.css HTTP/1.1" 404 1104
114.85.98.170 - - [29/May/2023:10:42:57 +0800] "GET /xingrg/all/function/internal_message.html?_=1685328177039&CODE_STATE=getMsg HTTP/1.1" 200 27
114.85.98.170 - - [29/May/2023:10:42:57 +0800] "POST /xingrg/kc/base/wldb_order_operate.html HTTP/1.1" 200 2307
101.83.145.52 - - [29/May/2023:10:42:57 +0800] "GET /xingrg/kc/buy/cgsh_order_operate.html?command=get_materiel&rest_code=00105&code=00101010161&supplier_code=00100334&order_time=2023-05-29 HTTP/1.1" 200 409
222.70.180.90 - - [29/May/2023:10:42:59 +0800] "GET /xingrg/kc/buy/cgsh_order_operate.html?command=get_materiel&rest_code=00111&code=00101001156&supplier_code=00100312&order_time=2023-05-29 HTTP/1.1" 200 409
222.67.234.146 - - [29/May/2023:10:43:03 +0800] "POST /xingrg/kc/buy/cgsh_order_operate.html HTTP/1.1" 200 37
222.70.180.90 - - [29/May/2023:10:43:08 +0800] "GET /xingrg/kc/buy/cgsh_order_operate.html?command=get_materiel&rest_code=00111&code=00101005022&supplier_code=00100312&order_time=2023-05-29 HTTP/1.1" 200 417
180.164.3.199 - - [29/May/2023:10:43:09 +0800] "GET /xingrg/all/function/internal_message.html?_=1685328188582&CODE_STATE=getMsg HTTP/1.1" 200 27
222.67.234.146 - - [29/May/2023:10:43:10 +0800] "POST /xingrg/kc/buy/cgsh_order_operate.html HTTP/1.1" 200 12
180.169.147.146 - - [29/May/2023:10:43:10 +0800] "GET /xingrg/all/function/internal_message.html?_=1685328185775&CODE_STATE=getMsg HTTP/1.1" 200 27
114.85.98.170 - - [29/May/2023:10:43:10 +0800] "POST /xingrg/kc/base/wldb_list_operate.html HTTP/1.1" 200 205
222.67.234.146 - - [29/May/2023:10:43:11 +0800] "GET /xingrg/kc/buy/cgsh_order_info.html?code=212023052910927 HTTP/1.1" 200 66367
222.67.234.146 - - [29/May/2023:10:43:12 +0800] "GET /xingrg/javascript/easyui/themes/default/validatebox.css HTTP/1.1" 404 1104
222.67.234.146 - - [29/May/2023:10:43:13 +0800] "POST /xingrg/kc/buy/cgsh_order_operate.html HTTP/1.1" 200 2406
120.253.135.82 - - [29/May/2023:10:43:15 +0800] "GET /xingrg/check_reg.html?_=1685328031149 HTTP/1.1" 200 22
120.253.135.82 - - [29/May/2023:10:43:15 +0800] "GET /xingrg/all/function/internal_message.html?_=1685328031247&CODE_STATE=getMsg HTTP/1.1" 200 27
222.67.234.146 - - [29/May/2023:10:43:16 +0800] "GET /xingrg/kc/print/load_data.html?order_code=212023052910927&kc_code=cgsh&condition= HTTP/1.1" 200 1478
222.67.234.146 - - [29/May/2023:10:43:19 +0800] "GET /xingrg/kc/buy/cgsh_order_add.html HTTP/1.1" 200 71454
222.67.234.146 - - [29/May/2023:10:43:20 +0800] "POST /xingrg/kc/buy/cgsh_order_operate.html HTTP/1.1" 200 8245
222.67.234.146 - - [29/May/2023:10:43:20 +0800] "GET /xingrg/javascript/easyui/themes/default/validatebox.css HTTP/1.1" 404 1104
116.232.195.127 - - [29/May/2023:10:43:20 +0800] "GET /xingrg/all/function/internal_message.html?_=1685328228308&CODE_STATE=getMsg HTTP/1.1" 200 27
222.70.180.90 - - [29/May/2023:10:43:20 +0800] "POST /xingrg/kc/buy/cgsh_order_operate.html HTTP/1.1" 200 37
222.70.180.90 - - [29/May/2023:10:43:22 +0800] "POST /xingrg/kc/buy/cgsh_order_operate.html HTTP/1.1" 200 5036
222.70.180.90 - - [29/May/2023:10:43:24 +0800] "GET /xingrg/kc/print/load_data.html?order_code=212023052910928&kc_code=cgsh&condition= HTTP/1.1" 200 1582
218.81.217.41 - - [29/May/2023:10:43:24 +0800] "GET /xingrg/all/function/internal_message.html?_=1685328206600&CODE_STATE=getMsg HTTP/1.1" 200 27
222.70.180.90 - - [29/May/2023:10:43:28 +0800] "GET /xingrg/kc/buy/cgsh_order_add.html HTTP/1.1" 200 71410
222.70.180.90 - - [29/May/2023:10:43:29 +0800] "POST /xingrg/kc/buy/cgsh_order_operate.html HTTP/1.1" 200 8245
222.70.180.90 - - [29/May/2023:10:43:29 +0800] "GET /xingrg/javascript/easyui/themes/default/validatebox.css HTTP/1.1" 404 1104
222.67.234.146 - - [29/May/2023:10:43:29 +0800] "GET /xingrg/kc/buy/cgsh_order_operate.html?command=get_materiel&rest_code=00141&code=00101010111&supplier_code=00100327&order_time=2023-05-29 HTTP/1.1" 200 417
222.70.180.90 - - [29/May/2023:10:43:29 +0800] "GET /xingrg/all/function/internal_message.html?_=1685328209199&CODE_STATE=getMsg HTTP/1.1" 200 27
222.67.234.146 - - [29/May/2023:10:43:36 +0800] "GET /xingrg/all/function/internal_message.html?_=1685327724183&CODE_STATE=getMsg HTTP/1.1" 200 27
116.237.77.151 - - [29/May/2023:10:43:38 +0800] "GET /xingrg/all/function/internal_message.html?_=1685328219729&CODE_STATE=getMsg HTTP/1.1" 200 27
222.67.234.146 - - [29/May/2023:10:43:39 +0800] "POST /xingrg/kc/buy/cgsh_order_operate.html HTTP/1.1" 200 37
58.40.7.146 - - [29/May/2023:10:43:40 +0800] "GET /xingrg/all/function/internal_message.html?_=1685328220847&CODE_STATE=getMsg HTTP/1.1" 200 27
222.70.180.90 - - [29/May/2023:10:43:41 +0800] "GET /xingrg/kc/buy/cgsh_order_operate.html?command=get_materiel&rest_code=00111&code=00101001045&supplier_code=00100439&order_time=2023-05-29 HTTP/1.1" 200 442
116.238.139.35 - - [29/May/2023:10:43:43 +0800] "GET /xingrg/all/function/internal_message.html?_=1685328223601&CODE_STATE=getMsg HTTP/1.1" 200 27
114.85.113.108 - - [29/May/2023:10:43:44 +0800] "GET /xingrg/all/function/internal_message.html?_=1685328196968&CODE_STATE=getMsg HTTP/1.1" 200 27
114.85.113.108 - - [29/May/2023:10:43:44 +0800] "GET /xingrg/check_reg.html?_=1685328196969 HTTP/1.1" 200 22
101.83.145.52 - - [29/May/2023:10:43:46 +0800] "GET /xingrg/all/function/internal_message.html?_=1685328057795&CODE_STATE=getMsg HTTP/1.1" 200 27
101.83.145.52 - - [29/May/2023:10:43:47 +0800] "POST /xingrg/kc/buy/cgsh_order_operate.html HTTP/1.1" 200 37
114.83.218.148 - - [29/May/2023:10:43:48 +0800] "GET /xingrg/all/function/internal_message.html?_=1685328227004&CODE_STATE=getMsg HTTP/1.1" 200 27
120.253.135.82 - - [29/May/2023:10:43:48 +0800] "GET /xingrg/all/function/internal_message.html?_=1685328368563&CODE_STATE=getMsg HTTP/1.1" 200 27
101.83.145.52 - - [29/May/2023:10:43:49 +0800] "POST /xingrg/kc/buy/cgsh_order_operate.html HTTP/1.1" 200 2654
101.83.145.52 - - [29/May/2023:10:43:51 +0800] "GET /xingrg/kc/print/load_data.html?order_code=212023052910930&kc_code=cgsh&condition= HTTP/1.1" 200 673
222.67.234.146 - - [29/May/2023:10:43:51 +0800] "POST /xingrg/kc/buy/cgsh_order_operate.html HTTP/1.1" 200 12
101.229.22.40 - - [29/May/2023:10:43:53 +0800] "GET /xingrg/all/function/internal_message.html?_=1685328233357&CODE_STATE=getMsg HTTP/1.1" 200 27
222.67.234.146 - - [29/May/2023:10:43:54 +0800] "GET /xingrg/kc/buy/cgsh_order_info.html?code=212023052910929 HTTP/1.1" 200 66363
222.67.234.146 - - [29/May/2023:10:43:54 +0800] "GET /xingrg/javascript/easyui/themes/default/validatebox.css HTTP/1.1" 404 1104
222.70.180.90 - - [29/May/2023:10:43:56 +0800] "POST /xingrg/kc/buy/cgsh_order_operate.html HTTP/1.1" 200 37
222.67.234.146 - - [29/May/2023:10:43:56 +0800] "POST /xingrg/kc/buy/cgsh_order_operate.html HTTP/1.1" 200 611
114.85.98.170 - - [29/May/2023:10:43:57 +0800] "GET /xingrg/all/function/internal_message.html?_=1685328237035&CODE_STATE=getMsg HTTP/1.1" 200 27
222.67.234.146 - - [29/May/2023:10:43:58 +0800] "GET /xingrg/kc/print/load_data.html?order_code=212023052910929&kc_code=cgsh&condition= HTTP/1.1" 200 703
222.70.180.90 - - [29/May/2023:10:43:59 +0800] "POST /xingrg/kc/buy/cgsh_order_operate.html HTTP/1.1" 200 2670
222.70.180.90 - - [29/May/2023:10:44:00 +0800] "GET /xingrg/kc/print/load_data.html?order_code=212023052910931&kc_code=cgsh&condition= HTTP/1.1" 200 690
222.67.234.146 - - [29/May/2023:10:44:02 +0800] "GET /xingrg/kc/buy/cgsh_order_add.html HTTP/1.1" 200 71454
222.67.234.146 - - [29/May/2023:10:44:02 +0800] "POST /xingrg/kc/buy/cgsh_order_operate.html HTTP/1.1" 200 8245
222.67.234.146 - - [29/May/2023:10:44:02 +0800] "GET /xingrg/javascript/easyui/themes/default/validatebox.css HTTP/1.1" 404 1104
222.70.180.90 - - [29/May/2023:10:44:05 +0800] "GET /xingrg/kc/buy/cgsh_order_add.html HTTP/1.1" 200 71410
222.70.180.90 - - [29/May/2023:10:44:05 +0800] "POST /xingrg/kc/buy/cgsh_order_operate.html HTTP/1.1" 200 8245
222.70.180.90 - - [29/May/2023:10:44:06 +0800] "GET /xingrg/javascript/easyui/themes/default/validatebox.css HTTP/1.1" 404 1104
218.81.217.41 - - [29/May/2023:10:44:07 +0800] "GET /xingrg/check_reg.html?_=1685328249238 HTTP/1.1" 200 22
180.164.3.199 - - [29/May/2023:10:44:09 +0800] "GET /xingrg/all/function/internal_message.html?_=1685328248578&CODE_STATE=getMsg HTTP/1.1" 200 27
180.169.147.146 - - [29/May/2023:10:44:10 +0800] "GET /xingrg/all/function/internal_message.html?_=1685328245799&CODE_STATE=getMsg HTTP/1.1" 200 27
101.83.145.52 - - [29/May/2023:10:44:12 +0800] "GET /xingrg/kc/buy/cgsh_order_add.html HTTP/1.1" 200 71536
101.83.145.52 - - [29/May/2023:10:44:12 +0800] "POST /xingrg/kc/buy/cgsh_order_operate.html HTTP/1.1" 200 8245
101.83.145.52 - - [29/May/2023:10:44:12 +0800] "GET /xingrg/javascript/easyui/themes/default/validatebox.css HTTP/1.1" 404 1104
222.67.234.146 - - [29/May/2023:10:44:14 +0800] "GET /xingrg/kc/buy/cgsh_order_operate.html?command=get_materiel&rest_code=00141&code=00101012101&supplier_code=00100487&order_time=2023-05-29 HTTP/1.1" 200 418
120.253.135.82 - - [29/May/2023:10:44:15 +0800] "GET /xingrg/all/function/internal_message.html?_=1685328091260&CODE_STATE=getMsg HTTP/1.1" 200 27
222.70.180.90 - - [29/May/2023:10:44:15 +0800] "GET /xingrg/kc/buy/cgsh_order_operate.html?command=get_materiel&rest_code=00111&code=00101001167&supplier_code=00100314&order_time=2023-05-29 HTTP/1.1" 200 413
116.237.77.151 - - [29/May/2023:10:44:17 +0800] "GET /xingrg/check_reg.html?_=1685328258563 HTTP/1.1" 200 22
116.232.195.127 - - [29/May/2023:10:44:20 +0800] "GET /xingrg/all/function/internal_message.html?_=1685328288306&CODE_STATE=getMsg HTTP/1.1" 200 27
116.232.195.127 - - [29/May/2023:10:44:20 +0800] "GET /xingrg/check_reg.html?_=1685328288308 HTTP/1.1" 200 22
218.81.217.41 - - [29/May/2023:10:44:24 +0800] "GET /xingrg/all/function/internal_message.html?_=1685328266615&CODE_STATE=getMsg HTTP/1.1" 200 27
222.67.234.146 - - [29/May/2023:10:44:25 +0800] "POST /xingrg/kc/buy/cgsh_order_operate.html HTTP/1.1" 200 37
101.83.145.52 - - [29/May/2023:10:44:25 +0800] "POST /xingrg/services/DataTransmitService HTTP/1.1" 200 524
114.83.218.148 - - [29/May/2023:10:44:28 +0800] "GET /xingrg/kc/buy/cgsh_order_add.html HTTP/1.1" 200 71542
114.83.218.148 - - [29/May/2023:10:44:29 +0800] "POST /xingrg/kc/buy/cgsh_order_operate.html HTTP/1.1" 200 8245
114.83.218.148 - - [29/May/2023:10:44:29 +0800] "GET /xingrg/javascript/easyui/themes/default/validatebox.css HTTP/1.1" 404 1104
222.70.180.90 - - [29/May/2023:10:44:29 +0800] "GET /xingrg/all/function/internal_message.html?_=1685328269181&CODE_STATE=getMsg HTTP/1.1" 200 27
222.67.234.146 - - [29/May/2023:10:44:32 +0800] "POST /xingrg/kc/buy/cgsh_order_operate.html HTTP/1.1" 200 12
222.67.234.146 - - [29/May/2023:10:44:33 +0800] "GET /xingrg/kc/buy/cgsh_order_info.html?code=212023052910932 HTTP/1.1" 200 66373
222.67.234.146 - - [29/May/2023:10:44:34 +0800] "GET /xingrg/javascript/easyui/themes/default/validatebox.css HTTP/1.1" 404 1104
222.67.234.146 - - [29/May/2023:10:44:35 +0800] "POST /xingrg/kc/buy/cgsh_order_operate.html HTTP/1.1" 200 613
222.67.234.146 - - [29/May/2023:10:44:36 +0800] "GET /xingrg/all/function/internal_message.html?_=1685327784193&CODE_STATE=getMsg HTTP/1.1" 200 27
222.67.234.146 - - [29/May/2023:10:44:36 +0800] "GET /xingrg/kc/print/load_data.html?order_code=212023052910932&kc_code=cgsh&condition= HTTP/1.1" 200 720
114.83.218.148 - - [29/May/2023:10:44:36 +0800] "GET /xingrg/kc/buy/cgsh_order_operate.html?command=get_materiel&rest_code=00149&code=00101029011&supplier_code=00100151&order_time=2023-05-29 HTTP/1.1" 200 460
101.83.145.52 - - [29/May/2023:10:44:37 +0800] "GET /xingrg/kc/buy/cgsh_order_operate.html?command=get_materiel&rest_code=00105&code=00101004067&supplier_code=00100312&order_time=2023-05-29 HTTP/1.1" 200 433
116.237.77.151 - - [29/May/2023:10:44:38 +0800] "GET /xingrg/all/function/internal_message.html?_=1685328279714&CODE_STATE=getMsg HTTP/1.1" 200 27
116.237.77.151 - - [29/May/2023:10:44:38 +0800] "POST /xingrg/services/DataTransmitService HTTP/1.1" 200 524
222.67.234.146 - - [29/May/2023:10:44:40 +0800] "GET /xingrg/kc/buy/cgsh_order_add.html HTTP/1.1" 200 71454
222.67.234.146 - - [29/May/2023:10:44:40 +0800] "POST /xingrg/kc/buy/cgsh_order_operate.html HTTP/1.1" 200 8245
222.67.234.146 - - [29/May/2023:10:44:40 +0800] "GET /xingrg/javascript/easyui/themes/default/validatebox.css HTTP/1.1" 404 1104
58.40.7.146 - - [29/May/2023:10:44:40 +0800] "GET /xingrg/all/function/internal_message.html?_=1685328280849&CODE_STATE=getMsg HTTP/1.1" 200 27
116.238.139.35 - - [29/May/2023:10:44:43 +0800] "GET /xingrg/all/function/internal_message.html?_=1685328283603&CODE_STATE=getMsg HTTP/1.1" 200 27
114.85.113.108 - - [29/May/2023:10:44:44 +0800] "GET /xingrg/all/function/internal_message.html?_=1685328256970&CODE_STATE=getMsg HTTP/1.1" 200 27
101.83.145.52 - - [29/May/2023:10:44:46 +0800] "GET /xingrg/all/function/internal_message.html?_=1685328117786&CODE_STATE=getMsg HTTP/1.1" 200 27
114.83.218.148 - - [29/May/2023:10:44:48 +0800] "GET /xingrg/all/function/internal_message.html?_=1685328286993&CODE_STATE=getMsg HTTP/1.1" 200 27
222.67.234.146 - - [29/May/2023:10:44:48 +0800] "GET /xingrg/kc/buy/cgsh_order_operate.html?command=get_materiel&rest_code=00141&code=00101004046&supplier_code=00100312&order_time=2023-05-29 HTTP/1.1" 200 433
120.253.135.82 - - [29/May/2023:10:44:48 +0800] "GET /xingrg/all/function/internal_message.html?_=1685328428568&CODE_STATE=getMsg HTTP/1.1" 200 27
114.83.218.148 - - [29/May/2023:10:44:50 +0800] "GET /xingrg/kc/buy/cgsh_order_operate.html?command=get_materiel&rest_code=00149&code=00101019435&supplier_code=00100151&order_time=2023-05-29 HTTP/1.1" 200 417
101.229.22.40 - - [29/May/2023:10:44:53 +0800] "GET /xingrg/all/function/internal_message.html?_=1685328293358&CODE_STATE=getMsg HTTP/1.1" 200 27
101.83.145.52 - - [29/May/2023:10:44:56 +0800] "GET /xingrg/kc/buy/cgsh_order_operate.html?command=get_materiel&rest_code=00105&code=00101004071&supplier_code=00100312&order_time=2023-05-29 HTTP/1.1" 200 409
116.238.139.35 - - [29/May/2023:10:44:56 +0800] "POST /xingrg/services/DataTransmitService HTTP/1.1" 200 524
114.85.98.170 - - [29/May/2023:10:44:57 +0800] "GET /xingrg/all/function/internal_message.html?_=1685328297038&CODE_STATE=getMsg HTTP/1.1" 200 27
222.67.234.146 - - [29/May/2023:10:45:02 +0800] "GET /xingrg/kc/buy/cgsh_order_operate.html?command=get_materiel&rest_code=00141&code=00101004117&supplier_code=00100312&order_time=2023-05-29 HTTP/1.1" 200 409
222.70.180.90 - - [29/May/2023:10:45:09 +0800] "POST /xingrg/kc/buy/cgsh_order_operate.html HTTP/1.1" 200 37
180.164.3.199 - - [29/May/2023:10:45:09 +0800] "GET /xingrg/all/function/internal_message.html?_=1685328308573&CODE_STATE=getMsg HTTP/1.1" 200 27
114.83.218.148 - - [29/May/2023:10:45:10 +0800] "GET /xingrg/kc/buy/cgsh_order_operate.html?command=get_materiel&rest_code=00149&code=00101008330&supplier_code=00100151&order_time=2023-05-29 HTTP/1.1" 200 408
222.70.180.90 - - [29/May/2023:10:45:10 +0800] "POST /xingrg/kc/buy/cgsh_order_operate.html HTTP/1.1" 200 2658
180.169.147.146 - - [29/May/2023:10:45:10 +0800] "GET /xingrg/all/function/internal_message.html?_=1685328305797&CODE_STATE=getMsg HTTP/1.1" 200 27
180.169.147.146 - - [29/May/2023:10:45:10 +0800] "GET /xingrg/check_reg.html?_=1685328305798 HTTP/1.1" 200 22
222.67.234.146 - - [29/May/2023:10:45:11 +0800] "GET /xingrg/kc/buy/cgsh_order_operate.html?command=get_materiel&rest_code=00141&code=00101004067&supplier_code=00100312&order_time=2023-05-29 HTTP/1.1" 200 433
222.70.180.90 - - [29/May/2023:10:45:12 +0800] "GET /xingrg/kc/print/load_data.html?order_code=212023052910933&kc_code=cgsh&condition= HTTP/1.1" 200 674
120.253.135.82 - - [29/May/2023:10:45:15 +0800] "GET /xingrg/all/function/internal_message.html?_=1685328151275&CODE_STATE=getMsg HTTP/1.1" 200 27
222.70.180.90 - - [29/May/2023:10:45:17 +0800] "GET /xingrg/kc/buy/cgsh_order_add.html HTTP/1.1" 200 71410
222.70.180.90 - - [29/May/2023:10:45:18 +0800] "POST /xingrg/kc/buy/cgsh_order_operate.html HTTP/1.1" 200 8245
222.70.180.90 - - [29/May/2023:10:45:18 +0800] "GET /xingrg/javascript/easyui/themes/default/validatebox.css HTTP/1.1" 404 1104
101.83.145.52 - - [29/May/2023:10:45:19 +0800] "POST /xingrg/kc/buy/cgsh_order_operate.html HTTP/1.1" 200 37
116.232.195.127 - - [29/May/2023:10:45:20 +0800] "GET /xingrg/all/function/internal_message.html?_=1685328348306&CODE_STATE=getMsg HTTP/1.1" 200 27
222.67.234.146 - - [29/May/2023:10:45:21 +0800] "GET /xingrg/kc/buy/cgsh_order_operate.html?command=get_materiel&rest_code=00141&code=00101004049&supplier_code=00100312&order_time=2023-05-29 HTTP/1.1" 200 413
101.83.145.52 - - [29/May/2023:10:45:22 +0800] "POST /xingrg/kc/buy/cgsh_order_operate.html HTTP/1.1" 200 3249
218.81.217.41 - - [29/May/2023:10:45:24 +0800] "GET /xingrg/all/function/internal_message.html?_=1685328326629&CODE_STATE=getMsg HTTP/1.1" 200 27
222.70.180.90 - - [29/May/2023:10:45:29 +0800] "GET /xingrg/all/function/internal_message.html?_=1685328329162&CODE_STATE=getMsg HTTP/1.1" 200 27
114.83.218.148 - - [29/May/2023:10:45:32 +0800] "GET /xingrg/kc/buy/cgsh_order_operate.html?command=get_materiel&rest_code=00149&code=00102026001&supplier_code=00100151&order_time=2023-05-29 HTTP/1.1" 200 409
101.83.145.52 - - [29/May/2023:10:45:33 +0800] "GET /xingrg/kc/print/load_data.html?order_code=212023052910934&kc_code=cgsh&condition= HTTP/1.1" 200 901
222.70.180.90 - - [29/May/2023:10:45:34 +0800] "GET /xingrg/kc/buy/cgsh_order_operate.html?command=get_materiel&rest_code=00111&code=00101012049&supplier_code=00100338&order_time=2023-05-29 HTTP/1.1" 200 449
222.67.234.146 - - [29/May/2023:10:45:36 +0800] "GET /xingrg/all/function/internal_message.html?_=1685327844191&CODE_STATE=getMsg HTTP/1.1" 200 27
222.67.234.146 - - [29/May/2023:10:45:36 +0800] "GET /xingrg/kc/buy/cgsh_order_operate.html?command=get_materiel&rest_code=00141&code=00101005017&supplier_code=00100312&order_time=2023-05-29 HTTP/1.1" 200 409
116.237.77.151 - - [29/May/2023:10:45:38 +0800] "GET /xingrg/all/function/internal_message.html?_=1685328339715&CODE_STATE=getMsg HTTP/1.1" 200 27
116.237.77.151 - - [29/May/2023:10:45:38 +0800] "GET /xingrg/check_reg.html?_=1685328339718 HTTP/1.1" 200 22
58.40.7.146 - - [29/May/2023:10:45:40 +0800] "GET /xingrg/all/function/internal_message.html?_=1685328340852&CODE_STATE=getMsg HTTP/1.1" 200 27
116.238.139.35 - - [29/May/2023:10:45:43 +0800] "GET /xingrg/all/function/internal_message.html?_=1685328343604&CODE_STATE=getMsg HTTP/1.1" 200 27
116.238.139.35 - - [29/May/2023:10:45:43 +0800] "GET /xingrg/check_reg.html?_=1685328343609 HTTP/1.1" 200 22
114.85.113.108 - - [29/May/2023:10:45:44 +0800] "GET /xingrg/all/function/internal_message.html?_=1685328316971&CODE_STATE=getMsg HTTP/1.1" 200 27
222.67.234.146 - - [29/May/2023:10:45:45 +0800] "GET /xingrg/kc/buy/cgsh_order_operate.html?command=get_materiel&rest_code=00141&code=00101004050&supplier_code=00100312&order_time=2023-05-29 HTTP/1.1" 200 411
101.83.145.52 - - [29/May/2023:10:45:46 +0800] "GET /xingrg/all/function/internal_message.html?_=1685328177773&CODE_STATE=getMsg HTTP/1.1" 200 27
114.83.218.148 - - [29/May/2023:10:45:47 +0800] "GET /xingrg/all/function/internal_message.html?_=1685328346971&CODE_STATE=getMsg HTTP/1.1" 200 27
120.253.135.82 - - [29/May/2023:10:45:48 +0800] "GET /xingrg/all/function/internal_message.html?_=1685328488572&CODE_STATE=getMsg HTTP/1.1" 200 27
101.229.22.40 - - [29/May/2023:10:45:53 +0800] "GET /xingrg/all/function/internal_message.html?_=1685328353358&CODE_STATE=getMsg HTTP/1.1" 200 27
222.70.180.90 - - [29/May/2023:10:45:53 +0800] "POST /xingrg/kc/buy/cgsh_order_operate.html HTTP/1.1" 200 37
101.83.145.52 - - [29/May/2023:10:45:54 +0800] "GET /xingrg/kc/buy/cgsh_order_add.html HTTP/1.1" 200 71536
101.83.145.52 - - [29/May/2023:10:45:55 +0800] "POST /xingrg/kc/buy/cgsh_order_operate.html HTTP/1.1" 200 8245
101.83.145.52 - - [29/May/2023:10:45:55 +0800] "GET /xingrg/javascript/easyui/themes/default/validatebox.css HTTP/1.1" 404 1104
222.70.180.90 - - [29/May/2023:10:45:55 +0800] "POST /xingrg/kc/buy/cgsh_order_operate.html HTTP/1.1" 200 2668
222.67.234.146 - - [29/May/2023:10:45:55 +0800] "GET /xingrg/kc/buy/cgsh_order_operate.html?command=get_materiel&rest_code=00141&code=00101004127&supplier_code=00100312&order_time=2023-05-29 HTTP/1.1" 200 399
114.85.98.170 - - [29/May/2023:10:45:57 +0800] "GET /xingrg/check_reg.html?_=1685328357030 HTTP/1.1" 200 22
114.85.98.170 - - [29/May/2023:10:45:57 +0800] "GET /xingrg/all/function/internal_message.html?_=1685328357032&CODE_STATE=getMsg HTTP/1.1" 200 27
222.70.180.90 - - [29/May/2023:10:45:57 +0800] "GET /xingrg/kc/print/load_data.html?order_code=212023052910935&kc_code=cgsh&condition= HTTP/1.1" 200 683
172.20.0.100 - - [29/May/2023:10:45:57 +0800] "GET /xingrg/check_reg.html?_=1685328358642 HTTP/1.1" 302 -
222.70.180.90 - - [29/May/2023:10:46:02 +0800] "GET /xingrg/kc/buy/cgsh_order_add.html HTTP/1.1" 200 71410
222.70.180.90 - - [29/May/2023:10:46:02 +0800] "POST /xingrg/kc/buy/cgsh_order_operate.html HTTP/1.1" 200 8245
222.70.180.90 - - [29/May/2023:10:46:02 +0800] "GET /xingrg/javascript/easyui/themes/default/validatebox.css HTTP/1.1" 404 1104
101.229.22.40 - - [29/May/2023:10:46:08 +0800] "POST /xingrg/kc/buy/cgsh_list_operate.html HTTP/1.1" 200 2738
180.164.3.199 - - [29/May/2023:10:46:09 +0800] "GET /xingrg/all/function/internal_message.html?_=1685328368589&CODE_STATE=getMsg HTTP/1.1" 200 27
180.164.3.199 - - [29/May/2023:10:46:09 +0800] "GET /xingrg/check_reg.html?_=1685328368592 HTTP/1.1" 200 22
180.169.147.146 - - [29/May/2023:10:46:10 +0800] "GET /xingrg/all/function/internal_message.html?_=1685328365796&CODE_STATE=getMsg HTTP/1.1" 200 27
222.70.180.90 - - [29/May/2023:10:46:12 +0800] "GET /xingrg/kc/buy/cgsh_order_operate.html?command=get_materiel&rest_code=00111&code=00101013039&supplier_code=00100337&order_time=2023-05-29 HTTP/1.1" 200 432
120.253.135.82 - - [29/May/2023:10:46:15 +0800] "GET /xingrg/all/function/internal_message.html?_=1685328211298&CODE_STATE=getMsg HTTP/1.1" 200 27
116.232.195.127 - - [29/May/2023:10:46:20 +0800] "GET /xingrg/all/function/internal_message.html?_=1685328408298&CODE_STATE=getMsg HTTP/1.1" 200 27
222.70.180.90 - - [29/May/2023:10:46:24 +0800] "GET /xingrg/kc/buy/cgsh_order_operate.html?command=get_materiel&rest_code=00111&code=00101019881&supplier_code=00100337&order_time=2023-05-29 HTTP/1.1" 200 414
218.81.217.41 - - [29/May/2023:10:46:25 +0800] "GET /xingrg/all/function/internal_message.html?_=1685328387014&CODE_STATE=getMsg HTTP/1.1" 200 27
101.83.145.52 - - [29/May/2023:10:46:25 +0800] "GET /xingrg/kc/buy/cgsh_order_operate.html?command=get_materiel&rest_code=00105&code=00101002035&supplier_code=00100088&order_time=2023-05-29 HTTP/1.1" 200 417
114.83.218.148 - - [29/May/2023:10:46:28 +0800] "GET /xingrg/kc/buy/cgsh_order_operate.html?command=get_materiel&rest_code=00149&code=00101007218&supplier_code=00100151&order_time=2023-05-29 HTTP/1.1" 200 418
222.70.180.90 - - [29/May/2023:10:46:33 +0800] "POST /xingrg/kc/buy/cgsh_order_operate.html HTTP/1.1" 200 37
222.67.234.146 - - [29/May/2023:10:46:36 +0800] "GET /xingrg/all/function/internal_message.html?_=1685327904203&CODE_STATE=getMsg HTTP/1.1" 200 27
116.237.77.151 - - [29/May/2023:10:46:38 +0800] "GET /xingrg/all/function/internal_message.html?_=1685328399718&CODE_STATE=getMsg HTTP/1.1" 200 27
58.40.7.146 - - [29/May/2023:10:46:40 +0800] "GET /xingrg/all/function/internal_message.html?_=1685328400856&CODE_STATE=getMsg HTTP/1.1" 200 27
58.40.7.146 - - [29/May/2023:10:46:40 +0800] "GET /xingrg/check_reg.html?_=1685328400857 HTTP/1.1" 200 22
222.70.180.90 - - [29/May/2023:10:46:42 +0800] "POST /xingrg/kc/buy/cgsh_order_operate.html HTTP/1.1" 200 3249
116.238.139.35 - - [29/May/2023:10:46:43 +0800] "GET /xingrg/all/function/internal_message.html?_=1685328403610&CODE_STATE=getMsg HTTP/1.1" 200 27
114.85.113.108 - - [29/May/2023:10:46:44 +0800] "GET /xingrg/all/function/internal_message.html?_=1685328376970&CODE_STATE=getMsg HTTP/1.1" 200 27
218.81.68.38 - - [29/May/2023:10:46:44 +0800] "POST /xingrg/services/DataTransmitService HTTP/1.1" 200 524
222.67.234.146 - - [29/May/2023:10:46:44 +0800] "GET /xingrg/kc/buy/cgsh_order_operate.html?command=get_materiel&rest_code=00141&code=00101001156&supplier_code=00100312&order_time=2023-05-29 HTTP/1.1" 200 409
222.70.180.90 - - [29/May/2023:10:46:44 +0800] "GET /xingrg/kc/print/load_data.html?order_code=212023052910936&kc_code=cgsh&condition= HTTP/1.1" 200 901
218.81.68.38 - - [29/May/2023:10:46:45 +0800] "POST /xingrg/services/DataTransmitService HTTP/1.1" 200 412
101.83.145.52 - - [29/May/2023:10:46:46 +0800] "GET /xingrg/all/function/internal_message.html?_=1685328237746&CODE_STATE=getMsg HTTP/1.1" 200 27
101.83.145.52 - - [29/May/2023:10:46:46 +0800] "GET /xingrg/check_reg.html?_=1685328237742 HTTP/1.1" 200 22
114.83.218.148 - - [29/May/2023:10:46:47 +0800] "GET /xingrg/all/function/internal_message.html?_=1685328406948&CODE_STATE=getMsg HTTP/1.1" 200 27
120.253.135.82 - - [29/May/2023:10:46:48 +0800] "GET /xingrg/all/function/internal_message.html?_=1685328548577&CODE_STATE=getMsg HTTP/1.1" 200 27
222.70.180.90 - - [29/May/2023:10:46:49 +0800] "GET /xingrg/kc/buy/cgsh_order_add.html HTTP/1.1" 200 71410
222.70.180.90 - - [29/May/2023:10:46:50 +0800] "POST /xingrg/kc/buy/cgsh_order_operate.html HTTP/1.1" 200 8245
222.70.180.90 - - [29/May/2023:10:46:50 +0800] "GET /xingrg/javascript/easyui/themes/default/validatebox.css HTTP/1.1" 404 1104
101.229.22.40 - - [29/May/2023:10:46:53 +0800] "GET /xingrg/all/function/internal_message.html?_=1685328413386&CODE_STATE=getMsg HTTP/1.1" 200 27
101.229.22.40 - - [29/May/2023:10:46:53 +0800] "GET /xingrg/check_reg.html?_=1685328413381 HTTP/1.1" 200 22
222.67.234.146 - - [29/May/2023:10:46:53 +0800] "GET /xingrg/kc/buy/cgsh_order_operate.html?command=get_materiel&rest_code=00141&code=00101010672&supplier_code=00100312&order_time=2023-05-29 HTTP/1.1" 200 411
114.85.98.170 - - [29/May/2023:10:46:57 +0800] "GET /xingrg/all/function/internal_message.html?_=1685328417046&CODE_STATE=getMsg HTTP/1.1" 200 27
114.83.218.148 - - [29/May/2023:10:47:01 +0800] "GET /xingrg/kc/buy/cgsh_order_operate.html?command=get_materiel&rest_code=00149&code=00101037304&supplier_code=00100151&order_time=2023-05-29 HTTP/1.1" 200 426
114.83.218.148 - - [29/May/2023:10:47:05 +0800] "POST /xingrg/all/common/load_select.html HTTP/1.1" 200 25
180.169.147.146 - - [29/May/2023:10:47:05 +0800] "GET /favicon.ico HTTP/1.1" 404 -
180.164.3.199 - - [29/May/2023:10:47:09 +0800] "GET /xingrg/all/function/internal_message.html?_=1685328428590&CODE_STATE=getMsg HTTP/1.1" 200 27
180.169.147.146 - - [29/May/2023:10:47:10 +0800] "GET /xingrg/all/function/internal_message.html?_=1685328425810&CODE_STATE=getMsg HTTP/1.1" 200 27
101.83.145.52 - - [29/May/2023:10:47:12 +0800] "POST /xingrg/kc/buy/cgsh_order_operate.html HTTP/1.1" 200 37
114.83.218.148 - - [29/May/2023:10:47:13 +0800] "GET /xingrg/kc/buy/cgsh_order_operate.html?command=get_materiel_price&rest_code=00149&code=00101037304&unit_code=00100036&supplier_code=00100151&order_time=2023-05-29 HTTP/1.1" 200 27
222.70.180.90 - - [29/May/2023:10:47:13 +0800] "GET /xingrg/kc/buy/cgsh_order_operate.html?command=get_materiel&rest_code=00111&code=00101026016&supplier_code=00100017&order_time=2023-05-29 HTTP/1.1" 200 442
222.67.234.146 - - [29/May/2023:10:47:14 +0800] "GET /xingrg/kc/buy/cgsh_order_operate.html?command=get_materiel&rest_code=00141&code=00101004060&supplier_code=00100312&order_time=2023-05-29 HTTP/1.1" 200 413
101.83.145.52 - - [29/May/2023:10:47:14 +0800] "POST /xingrg/kc/buy/cgsh_order_operate.html HTTP/1.1" 200 2666
120.253.135.82 - - [29/May/2023:10:47:15 +0800] "GET /xingrg/all/function/internal_message.html?_=1685328271317&CODE_STATE=getMsg HTTP/1.1" 200 27
101.83.145.52 - - [29/May/2023:10:47:17 +0800] "GET /xingrg/kc/print/load_data.html?order_code=212023052910937&kc_code=cgsh&condition= HTTP/1.1" 200 752
116.232.195.127 - - [29/May/2023:10:47:20 +0800] "GET /xingrg/all/function/internal_message.html?_=1685328468300&CODE_STATE=getMsg HTTP/1.1" 200 27
218.81.217.41 - - [29/May/2023:10:47:25 +0800] "GET /xingrg/all/function/internal_message.html?_=1685328447015&CODE_STATE=getMsg HTTP/1.1" 200 27
222.70.180.90 - - [29/May/2023:10:47:29 +0800] "GET /xingrg/all/function/internal_message.html?_=1685328449178&CODE_STATE=getMsg HTTP/1.1" 200 27
222.70.180.90 - - [29/May/2023:10:47:29 +0800] "GET /xingrg/check_reg.html?_=1685328449242 HTTP/1.1" 200 22
180.169.147.146 - - [29/May/2023:10:47:35 +0800] "GET /favicon.ico HTTP/1.1" 404 -
222.67.234.146 - - [29/May/2023:10:47:36 +0800] "GET /xingrg/all/function/internal_message.html?_=1685327964191&CODE_STATE=getMsg HTTP/1.1" 200 27
222.67.234.146 - - [29/May/2023:10:47:36 +0800] "GET /xingrg/check_reg.html?_=1685327964193 HTTP/1.1" 200 22
116.237.77.151 - - [29/May/2023:10:47:38 +0800] "GET /xingrg/all/function/internal_message.html?_=1685328459718&CODE_STATE=getMsg HTTP/1.1" 200 27
58.40.7.146 - - [29/May/2023:10:47:40 +0800] "GET /xingrg/all/function/internal_message.html?_=1685328460858&CODE_STATE=getMsg HTTP/1.1" 200 27
116.238.139.35 - - [29/May/2023:10:47:43 +0800] "GET /xingrg/all/function/internal_message.html?_=1685328463612&CODE_STATE=getMsg HTTP/1.1" 200 27
114.85.113.108 - - [29/May/2023:10:47:44 +0800] "GET /xingrg/all/function/internal_message.html?_=1685328436968&CODE_STATE=getMsg HTTP/1.1" 200 27
114.83.218.148 - - [29/May/2023:10:47:45 +0800] "GET /xingrg/check_reg.html?_=1685328464681 HTTP/1.1" 200 22
222.67.234.146 - - [29/May/2023:10:47:45 +0800] "GET /xingrg/kc/buy/cgsh_order_operate.html?command=get_materiel&rest_code=00141&code=00101004013&supplier_code=00100312&order_time=2023-05-29 HTTP/1.1" 200 415
101.83.145.52 - - [29/May/2023:10:47:46 +0800] "GET /xingrg/all/function/internal_message.html?_=1685328297728&CODE_STATE=getMsg HTTP/1.1" 200 27
114.83.218.148 - - [29/May/2023:10:47:48 +0800] "GET /xingrg/all/function/internal_message.html?_=1685328467707&CODE_STATE=getMsg HTTP/1.1" 200 27
120.253.135.82 - - [29/May/2023:10:47:48 +0800] "GET /xingrg/all/function/internal_message.html?_=1685328608582&CODE_STATE=getMsg HTTP/1.1" 200 27
120.253.135.82 - - [29/May/2023:10:47:48 +0800] "GET /xingrg/check_reg.html?_=1685328608584 HTTP/1.1" 200 22
101.229.22.40 - - [29/May/2023:10:47:53 +0800] "GET /xingrg/all/function/internal_message.html?_=1685328473370&CODE_STATE=getMsg HTTP/1.1" 200 27
222.70.180.90 - - [29/May/2023:10:47:53 +0800] "GET /xingrg/kc/buy/cgsh_order_operate.html?command=get_materiel&rest_code=00111&code=00101028012&supplier_code=00100017&order_time=2023-05-29 HTTP/1.1" 200 456
114.85.98.170 - - [29/May/2023:10:47:57 +0800] "GET /xingrg/all/function/internal_message.html?_=1685328477035&CODE_STATE=getMsg HTTP/1.1" 200 27
101.83.145.52 - - [29/May/2023:10:47:59 +0800] "GET /xingrg/kc/buy/cgsh_order_add.html HTTP/1.1" 200 71536
101.83.145.52 - - [29/May/2023:10:47:59 +0800] "POST /xingrg/kc/buy/cgsh_order_operate.html HTTP/1.1" 200 8245
101.83.145.52 - - [29/May/2023:10:47:59 +0800] "GET /xingrg/javascript/easyui/themes/default/validatebox.css HTTP/1.1" 404 1104
222.67.234.146 - - [29/May/2023:10:48:05 +0800] "GET /xingrg/kc/buy/cgsh_order_operate.html?command=get_materiel&rest_code=00141&code=00101004023&supplier_code=00100312&order_time=2023-05-29 HTTP/1.1" 200 409
222.70.180.90 - - [29/May/2023:10:48:08 +0800] "GET /xingrg/kc/buy/cgsh_order_operate.html?command=get_materiel&rest_code=00111&code=00101029010&supplier_code=00100017&order_time=2023-05-29 HTTP/1.1" 200 439
180.164.3.199 - - [29/May/2023:10:48:09 +0800] "GET /xingrg/all/function/internal_message.html?_=1685328488590&CODE_STATE=getMsg HTTP/1.1" 200 27
180.169.147.146 - - [29/May/2023:10:48:10 +0800] "GET /xingrg/all/function/internal_message.html?_=1685328485808&CODE_STATE=getMsg HTTP/1.1" 200 27
120.253.135.82 - - [29/May/2023:10:48:15 +0800] "GET /xingrg/check_reg.html?_=1685328331150 HTTP/1.1" 200 22
120.253.135.82 - - [29/May/2023:10:48:15 +0800] "GET /xingrg/all/function/internal_message.html?_=1685328331330&CODE_STATE=getMsg HTTP/1.1" 200 27
116.232.195.127 - - [29/May/2023:10:48:20 +0800] "GET /xingrg/all/function/internal_message.html?_=1685328528297&CODE_STATE=getMsg HTTP/1.1" 200 27
222.70.180.90 - - [29/May/2023:10:48:22 +0800] "POST /xingrg/kc/buy/cgsh_order_operate.html HTTP/1.1" 200 37
114.83.218.148 - - [29/May/2023:10:48:23 +0800] "GET /xingrg/kc/buy/cgsh_order_operate.html?command=get_materiel&rest_code=00149&code=00101008462&supplier_code=00100151&order_time=2023-05-29 HTTP/1.1" 200 409
222.70.180.90 - - [29/May/2023:10:48:24 +0800] "POST /xingrg/kc/buy/cgsh_order_operate.html HTTP/1.1" 200 3926
101.83.145.52 - - [29/May/2023:10:48:24 +0800] "GET /xingrg/kc/buy/cgsh_order_operate.html?command=get_materiel&rest_code=00105&code=00102002167&supplier_code=00100494&order_time=2023-05-29 HTTP/1.1" 200 409
218.81.217.41 - - [29/May/2023:10:48:25 +0800] "GET /xingrg/all/function/internal_message.html?_=1685328507405&CODE_STATE=getMsg HTTP/1.1" 200 27
222.70.180.90 - - [29/May/2023:10:48:26 +0800] "GET /xingrg/kc/print/load_data.html?order_code=212023052910938&kc_code=cgsh&condition= HTTP/1.1" 200 1271
222.70.180.90 - - [29/May/2023:10:48:29 +0800] "GET /xingrg/all/function/internal_message.html?_=1685328509162&CODE_STATE=getMsg HTTP/1.1" 200 27
222.70.180.90 - - [29/May/2023:10:48:31 +0800] "GET /xingrg/kc/buy/cgsh_order_add.html HTTP/1.1" 200 71410
222.70.180.90 - - [29/May/2023:10:48:31 +0800] "POST /xingrg/kc/buy/cgsh_order_operate.html HTTP/1.1" 200 8245
222.70.180.90 - - [29/May/2023:10:48:31 +0800] "GET /xingrg/javascript/easyui/themes/default/validatebox.css HTTP/1.1" 404 1104
222.67.234.146 - - [29/May/2023:10:48:33 +0800] "POST /xingrg/kc/buy/cgsh_order_operate.html HTTP/1.1" 200 37
222.67.234.146 - - [29/May/2023:10:48:36 +0800] "GET /xingrg/all/function/internal_message.html?_=1685328024206&CODE_STATE=getMsg HTTP/1.1" 200 27
116.237.77.151 - - [29/May/2023:10:48:38 +0800] "GET /xingrg/all/function/internal_message.html?_=1685328519719&CODE_STATE=getMsg HTTP/1.1" 200 27
58.40.7.146 - - [29/May/2023:10:48:40 +0800] "GET /xingrg/all/function/internal_message.html?_=1685328520861&CODE_STATE=getMsg HTTP/1.1" 200 27
222.67.234.146 - - [29/May/2023:10:48:41 +0800] "POST /xingrg/kc/buy/cgsh_order_operate.html HTTP/1.1" 200 12
116.238.139.35 - - [29/May/2023:10:48:43 +0800] "GET /xingrg/all/function/internal_message.html?_=1685328523613&CODE_STATE=getMsg HTTP/1.1" 200 27
114.85.113.108 - - [29/May/2023:10:48:44 +0800] "GET /xingrg/all/function/internal_message.html?_=1685328496967&CODE_STATE=getMsg HTTP/1.1" 200 27
114.85.113.108 - - [29/May/2023:10:48:44 +0800] "GET /xingrg/check_reg.html?_=1685328496970 HTTP/1.1" 200 22
101.83.145.52 - - [29/May/2023:10:48:46 +0800] "GET /xingrg/all/function/internal_message.html?_=1685328357879&CODE_STATE=getMsg HTTP/1.1" 200 27
222.67.234.146 - - [29/May/2023:10:48:47 +0800] "GET /xingrg/kc/buy/cgsh_order_info.html?code=212023052910939 HTTP/1.1" 200 66367
222.67.234.146 - - [29/May/2023:10:48:48 +0800] "GET /xingrg/javascript/easyui/themes/default/validatebox.css HTTP/1.1" 404 1104
114.83.218.148 - - [29/May/2023:10:48:48 +0800] "GET /xingrg/all/function/internal_message.html?_=1685328527694&CODE_STATE=getMsg HTTP/1.1" 200 27
120.253.135.82 - - [29/May/2023:10:48:48 +0800] "GET /xingrg/all/function/internal_message.html?_=1685328668587&CODE_STATE=getMsg HTTP/1.1" 200 27
222.67.234.146 - - [29/May/2023:10:48:48 +0800] "POST /xingrg/kc/buy/cgsh_order_operate.html HTTP/1.1" 200 6542
222.67.234.146 - - [29/May/2023:10:48:50 +0800] "GET /xingrg/kc/print/load_data.html?order_code=212023052910939&kc_code=cgsh&condition= HTTP/1.1" 200 2979
101.229.22.40 - - [29/May/2023:10:48:53 +0800] "GET /xingrg/all/function/internal_message.html?_=1685328533372&CODE_STATE=getMsg HTTP/1.1" 200 27
222.67.234.146 - - [29/May/2023:10:48:54 +0800] "GET /xingrg/kc/buy/cgsh_order_add.html HTTP/1.1" 200 71454
222.67.234.146 - - [29/May/2023:10:48:55 +0800] "POST /xingrg/kc/buy/cgsh_order_operate.html HTTP/1.1" 200 8245
222.67.234.146 - - [29/May/2023:10:48:55 +0800] "GET /xingrg/javascript/easyui/themes/default/validatebox.css HTTP/1.1" 404 1104
114.85.98.170 - - [29/May/2023:10:48:57 +0800] "GET /xingrg/all/function/internal_message.html?_=1685328537045&CODE_STATE=getMsg HTTP/1.1" 200 27
101.83.145.52 - - [29/May/2023:10:49:01 +0800] "GET /xingrg/kc/buy/cgsh_order_operate.html?command=get_materiel&rest_code=00105&code=00102002326&supplier_code=00100494&order_time=2023-05-29 HTTP/1.1" 200 412
222.67.234.146 - - [29/May/2023:10:49:02 +0800] "GET /xingrg/kc/buy/cgsh_order_operate.html?command=get_materiel&rest_code=00141&code=00101001115&supplier_code=00100089&order_time=2023-05-29 HTTP/1.1" 200 415
222.70.180.90 - - [29/May/2023:10:49:07 +0800] "GET /xingrg/kc/buy/cgsh_order_operate.html?command=get_materiel&rest_code=00111&code=00101028032&supplier_code=00100230&order_time=2023-05-29 HTTP/1.1" 200 439
218.81.217.41 - - [29/May/2023:10:49:07 +0800] "GET /xingrg/check_reg.html?_=1685328549244 HTTP/1.1" 200 22
180.164.3.199 - - [29/May/2023:10:49:09 +0800] "GET /xingrg/all/function/internal_message.html?_=1685328548591&CODE_STATE=getMsg HTTP/1.1" 200 27
180.169.147.146 - - [29/May/2023:10:49:10 +0800] "GET /xingrg/all/function/internal_message.html?_=1685328545806&CODE_STATE=getMsg HTTP/1.1" 200 27
120.253.135.82 - - [29/May/2023:10:49:15 +0800] "GET /xingrg/all/function/internal_message.html?_=1685328391345&CODE_STATE=getMsg HTTP/1.1" 200 27
222.67.234.146 - - [29/May/2023:10:49:16 +0800] "POST /xingrg/kc/buy/cgsh_order_operate.html HTTP/1.1" 200 37
116.237.77.151 - - [29/May/2023:10:49:17 +0800] "GET /xingrg/check_reg.html?_=1685328558539 HTTP/1.1" 200 22
116.232.195.127 - - [29/May/2023:10:49:20 +0800] "GET /xingrg/all/function/internal_message.html?_=1685328588313&CODE_STATE=getMsg HTTP/1.1" 200 27
116.232.195.127 - - [29/May/2023:10:49:20 +0800] "GET /xingrg/check_reg.html?_=1685328588315 HTTP/1.1" 200 22
222.67.234.146 - - [29/May/2023:10:49:22 +0800] "POST /xingrg/kc/buy/cgsh_order_operate.html HTTP/1.1" 200 12
222.67.234.146 - - [29/May/2023:10:49:24 +0800] "GET /xingrg/kc/buy/cgsh_order_info.html?code=212023052910940 HTTP/1.1" 200 66365
222.67.234.146 - - [29/May/2023:10:49:24 +0800] "GET /xingrg/javascript/easyui/themes/default/validatebox.css HTTP/1.1" 404 1104
222.67.234.146 - - [29/May/2023:10:49:25 +0800] "POST /xingrg/kc/buy/cgsh_order_operate.html HTTP/1.1" 200 611
218.81.217.41 - - [29/May/2023:10:49:25 +0800] "GET /xingrg/all/function/internal_message.html?_=1685328567417&CODE_STATE=getMsg HTTP/1.1" 200 27
222.67.234.146 - - [29/May/2023:10:49:27 +0800] "GET /xingrg/kc/print/load_data.html?order_code=212023052910940&kc_code=cgsh&condition= HTTP/1.1" 200 789
222.70.180.90 - - [29/May/2023:10:49:29 +0800] "GET /xingrg/all/function/internal_message.html?_=1685328569132&CODE_STATE=getMsg HTTP/1.1" 200 27
222.67.234.146 - - [29/May/2023:10:49:31 +0800] "GET /xingrg/kc/buy/cgsh_order_add.html HTTP/1.1" 200 71454
222.67.234.146 - - [29/May/2023:10:49:32 +0800] "POST /xingrg/kc/buy/cgsh_order_operate.html HTTP/1.1" 200 8245
222.67.234.146 - - [29/May/2023:10:49:32 +0800] "GET /xingrg/javascript/easyui/themes/default/validatebox.css HTTP/1.1" 404 1104
222.67.234.146 - - [29/May/2023:10:49:36 +0800] "GET /xingrg/all/function/internal_message.html?_=1685328084230&CODE_STATE=getMsg HTTP/1.1" 200 27
116.237.77.151 - - [29/May/2023:10:49:38 +0800] "GET /xingrg/all/function/internal_message.html?_=1685328579719&CODE_STATE=getMsg HTTP/1.1" 200 27
58.40.7.146 - - [29/May/2023:10:49:40 +0800] "GET /xingrg/all/function/internal_message.html?_=1685328580862&CODE_STATE=getMsg HTTP/1.1" 200 27
222.67.234.146 - - [29/May/2023:10:49:42 +0800] "GET /xingrg/kc/buy/cgsh_order_operate.html?command=get_materiel&rest_code=00141&code=00101010885&supplier_code=00100336&order_time=2023-05-29 HTTP/1.1" 200 423
116.238.139.35 - - [29/May/2023:10:49:43 +0800] "GET /xingrg/all/function/internal_message.html?_=1685328583601&CODE_STATE=getMsg HTTP/1.1" 200 27
114.85.113.108 - - [29/May/2023:10:49:44 +0800] "GET /xingrg/all/function/internal_message.html?_=1685328556969&CODE_STATE=getMsg HTTP/1.1" 200 27
101.83.145.52 - - [29/May/2023:10:49:46 +0800] "GET /xingrg/all/function/internal_message.html?_=1685328417865&CODE_STATE=getMsg HTTP/1.1" 200 27
114.83.218.148 - - [29/May/2023:10:49:48 +0800] "POST /xingrg/kc/buy/cgsh_order_operate.html HTTP/1.1" 200 37
120.253.135.82 - - [29/May/2023:10:49:48 +0800] "GET /xingrg/all/function/internal_message.html?_=1685328728587&CODE_STATE=getMsg HTTP/1.1" 200 27
101.83.145.52 - - [29/May/2023:10:49:53 +0800] "POST /xingrg/kc/buy/cgsh_order_operate.html HTTP/1.1" 200 88
101.229.22.40 - - [29/May/2023:10:49:53 +0800] "GET /xingrg/all/function/internal_message.html?_=1685328593374&CODE_STATE=getMsg HTTP/1.1" 200 27
101.83.145.52 - - [29/May/2023:10:50:05 +0800] "POST /xingrg/kc/buy/cgsh_order_operate.html HTTP/1.1" 200 37
180.164.3.199 - - [29/May/2023:10:50:09 +0800] "GET /xingrg/all/function/internal_message.html?_=1685328608581&CODE_STATE=getMsg HTTP/1.1" 200 27
101.83.145.52 - - [29/May/2023:10:50:09 +0800] "POST /xingrg/kc/buy/cgsh_order_operate.html HTTP/1.1" 200 3241
222.67.234.146 - - [29/May/2023:10:50:10 +0800] "POST /xingrg/kc/buy/cgsh_order_operate.html HTTP/1.1" 200 88
114.83.218.148 - - [29/May/2023:10:50:10 +0800] "POST /xingrg/kc/buy/cgsh_order_operate.html HTTP/1.1" 200 12
180.169.147.146 - - [29/May/2023:10:50:10 +0800] "GET /xingrg/check_reg.html?_=1685328605804 HTTP/1.1" 200 22
180.169.147.146 - - [29/May/2023:10:50:10 +0800] "GET /xingrg/all/function/internal_message.html?_=1685328605805&CODE_STATE=getMsg HTTP/1.1" 200 27
101.83.145.52 - - [29/May/2023:10:50:12 +0800] "GET /xingrg/kc/print/load_data.html?order_code=212023052910943&kc_code=cgsh&condition= HTTP/1.1" 200 871
114.83.218.148 - - [29/May/2023:10:50:13 +0800] "GET /xingrg/kc/buy/cgsh_order_info.html?code=212023052910941 HTTP/1.1" 200 66441
114.83.218.148 - - [29/May/2023:10:50:13 +0800] "GET /xingrg/javascript/easyui/themes/default/validatebox.css HTTP/1.1" 404 1104
114.83.218.148 - - [29/May/2023:10:50:15 +0800] "POST /xingrg/kc/buy/cgsh_order_operate.html HTTP/1.1" 200 4786
120.253.135.82 - - [29/May/2023:10:50:15 +0800] "GET /xingrg/all/function/internal_message.html?_=1685328451357&CODE_STATE=getMsg HTTP/1.1" 200 27
222.67.234.146 - - [29/May/2023:10:50:20 +0800] "POST /xingrg/kc/buy/cgsh_order_operate.html HTTP/1.1" 200 37
114.83.218.148 - - [29/May/2023:10:50:20 +0800] "GET /xingrg/kc/print/load_data.html?order_code=212023052910941&kc_code=cgsh&condition= HTTP/1.1" 200 2301
