116.238.139.35 - - [28/May/2023:06:55:08 +0800] "GET /xingrg/all/function/internal_message.html?_=1685228019440&CODE_STATE=getMsg HTTP/1.1" 200 27
222.67.234.146 - - [28/May/2023:06:55:17 +0800] "GET /xingrg/all/function/internal_message.html?_=1685227627932&CODE_STATE=getMsg HTTP/1.1" 200 27
114.85.113.108 - - [28/May/2023:06:55:18 +0800] "GET /xingrg/all/function/internal_message.html?_=1685228091798&CODE_STATE=getMsg HTTP/1.1" 200 27
58.40.7.146 - - [28/May/2023:06:55:29 +0800] "GET /xingrg/all/function/internal_message.html?_=1685228129166&CODE_STATE=getMsg HTTP/1.1" 200 27
218.81.74.160 - - [28/May/2023:06:55:32 +0800] "GET /xingrg/all/function/internal_message.html?_=1685228132707&CODE_STATE=getMsg HTTP/1.1" 200 27
120.253.135.82 - - [28/May/2023:06:55:40 +0800] "POST /xingrg/kc/base/stock_operate.html HTTP/1.1" 200 1474
101.229.168.164 - - [28/May/2023:06:55:45 +0800] "GET /xingrg/all/function/internal_message.html?_=1685228156613&CODE_STATE=getMsg HTTP/1.1" 200 27
120.253.135.82 - - [28/May/2023:06:55:51 +0800] "POST /xingrg/kc/base/stock_operate.html HTTP/1.1" 200 1468
120.253.135.82 - - [28/May/2023:06:55:54 +0800] "GET /xingrg/all/function/internal_message.html?_=1685227990861&CODE_STATE=getMsg HTTP/1.1" 200 27
116.238.139.35 - - [28/May/2023:06:55:59 +0800] "GET /xingrg/all/function/internal_message.html?_=1685228156660&CODE_STATE=getMsg HTTP/1.1" 200 27
222.70.172.86 - - [28/May/2023:06:56:03 +0800] "GET /xingrg/all/function/internal_message.html?_=1685228188466&CODE_STATE=getMsg HTTP/1.1" 200 27
120.253.135.82 - - [28/May/2023:06:56:07 +0800] "POST /xingrg/kc/base/stock_operate.html HTTP/1.1" 200 1469
116.238.139.35 - - [28/May/2023:06:56:08 +0800] "GET /xingrg/all/function/internal_message.html?_=1685228079455&CODE_STATE=getMsg HTTP/1.1" 200 27
222.67.234.146 - - [28/May/2023:06:56:17 +0800] "GET /xingrg/all/function/internal_message.html?_=1685227687911&CODE_STATE=getMsg HTTP/1.1" 200 27
114.85.113.108 - - [28/May/2023:06:56:18 +0800] "GET /xingrg/all/function/internal_message.html?_=1685228151782&CODE_STATE=getMsg HTTP/1.1" 200 27
120.253.135.82 - - [28/May/2023:06:56:24 +0800] "POST /xingrg/kc/base/stock_operate.html HTTP/1.1" 200 1469
58.40.7.146 - - [28/May/2023:06:56:29 +0800] "GET /xingrg/all/function/internal_message.html?_=1685228189167&CODE_STATE=getMsg HTTP/1.1" 200 27
120.253.135.82 - - [28/May/2023:06:56:30 +0800] "POST /xingrg/kc/base/stock_operate.html HTTP/1.1" 200 1481
218.81.74.160 - - [28/May/2023:06:56:32 +0800] "GET /xingrg/all/function/internal_message.html?_=1685228192705&CODE_STATE=getMsg HTTP/1.1" 200 27
222.67.234.146 - - [28/May/2023:06:56:44 +0800] "GET /xingrg/check_reg.html?_=1685227715296 HTTP/1.1" 200 22
101.229.168.164 - - [28/May/2023:06:56:45 +0800] "GET /xingrg/all/function/internal_message.html?_=1685228216596&CODE_STATE=getMsg HTTP/1.1" 200 27
120.253.135.82 - - [28/May/2023:06:56:52 +0800] "POST /xingrg/kc/base/stock_operate.html HTTP/1.1" 200 1483
120.253.135.82 - - [28/May/2023:06:56:54 +0800] "GET /xingrg/all/function/internal_message.html?_=1685228050875&CODE_STATE=getMsg HTTP/1.1" 200 27
116.238.139.35 - - [28/May/2023:06:56:59 +0800] "GET /xingrg/all/function/internal_message.html?_=1685228216659&CODE_STATE=getMsg HTTP/1.1" 200 27
222.70.172.86 - - [28/May/2023:06:57:03 +0800] "GET /xingrg/all/function/internal_message.html?_=1685228248473&CODE_STATE=getMsg HTTP/1.1" 200 27
116.238.139.35 - - [28/May/2023:06:57:08 +0800] "GET /xingrg/all/function/internal_message.html?_=1685228139479&CODE_STATE=getMsg HTTP/1.1" 200 27
222.67.234.146 - - [28/May/2023:06:57:17 +0800] "GET /xingrg/all/function/internal_message.html?_=1685227747888&CODE_STATE=getMsg HTTP/1.1" 200 27
114.85.113.108 - - [28/May/2023:06:57:18 +0800] "GET /xingrg/all/function/internal_message.html?_=1685228211766&CODE_STATE=getMsg HTTP/1.1" 200 27
120.253.135.82 - - [28/May/2023:06:57:20 +0800] "POST /xingrg/kc/base/stock_operate.html HTTP/1.1" 200 1466
58.40.7.146 - - [28/May/2023:06:57:29 +0800] "GET /xingrg/all/function/internal_message.html?_=1685228249170&CODE_STATE=getMsg HTTP/1.1" 200 27
218.81.74.160 - - [28/May/2023:06:57:32 +0800] "GET /xingrg/all/function/internal_message.html?_=1685228252721&CODE_STATE=getMsg HTTP/1.1" 200 27
218.81.74.160 - - [28/May/2023:06:57:32 +0800] "GET /xingrg/check_reg.html?_=1685228252722 HTTP/1.1" 200 22
101.229.168.164 - - [28/May/2023:06:57:45 +0800] "GET /xingrg/all/function/internal_message.html?_=1685228276579&CODE_STATE=getMsg HTTP/1.1" 200 27
101.229.168.164 - - [28/May/2023:06:57:45 +0800] "GET /xingrg/check_reg.html?_=1685228277210 HTTP/1.1" 200 22
120.253.135.82 - - [28/May/2023:06:57:51 +0800] "GET /xingrg/check_reg.html?_=1685228107643 HTTP/1.1" 200 22
114.85.113.108 - - [28/May/2023:06:57:53 +0800] "GET /xingrg/check_reg.html?_=1685228246245 HTTP/1.1" 200 22
120.253.135.82 - - [28/May/2023:06:57:54 +0800] "GET /xingrg/all/function/internal_message.html?_=1685228110888&CODE_STATE=getMsg HTTP/1.1" 200 27
116.238.139.35 - - [28/May/2023:06:57:54 +0800] "GET /xingrg/check_reg.html?_=1685228185616 HTTP/1.1" 200 22
116.238.139.35 - - [28/May/2023:06:57:59 +0800] "GET /xingrg/all/function/internal_message.html?_=1685228276657&CODE_STATE=getMsg HTTP/1.1" 200 27
120.253.135.82 - - [28/May/2023:06:58:03 +0800] "POST /xingrg/kc/base/stock_operate.html HTTP/1.1" 200 1480
222.70.172.86 - - [28/May/2023:06:58:04 +0800] "GET /xingrg/all/function/internal_message.html?_=1685228309269&CODE_STATE=getMsg HTTP/1.1" 200 27
116.238.139.35 - - [28/May/2023:06:58:08 +0800] "GET /xingrg/all/function/internal_message.html?_=1685228199482&CODE_STATE=getMsg HTTP/1.1" 200 27
120.253.135.82 - - [28/May/2023:06:58:11 +0800] "POST /xingrg/kc/base/stock_operate.html HTTP/1.1" 200 2017
222.67.234.146 - - [28/May/2023:06:58:17 +0800] "GET /xingrg/all/function/internal_message.html?_=1685227807868&CODE_STATE=getMsg HTTP/1.1" 200 27
114.85.113.108 - - [28/May/2023:06:58:18 +0800] "GET /xingrg/all/function/internal_message.html?_=1685228271739&CODE_STATE=getMsg HTTP/1.1" 200 27
120.253.135.82 - - [28/May/2023:06:58:24 +0800] "POST /xingrg/kc/base/stock_operate.html HTTP/1.1" 200 1478
58.40.7.146 - - [28/May/2023:06:58:29 +0800] "GET /xingrg/all/function/internal_message.html?_=1685228309174&CODE_STATE=getMsg HTTP/1.1" 200 27
218.81.74.160 - - [28/May/2023:06:58:32 +0800] "GET /xingrg/all/function/internal_message.html?_=1685228312719&CODE_STATE=getMsg HTTP/1.1" 200 27
180.164.3.199 - - [28/May/2023:06:58:36 +0800] "POST /xingrg/services/DataTransmitService HTTP/1.1" 200 524
222.70.172.86 - - [28/May/2023:06:58:39 +0800] "GET /xingrg/check_reg.html?_=1685228344179 HTTP/1.1" 200 22
101.229.168.164 - - [28/May/2023:06:58:45 +0800] "GET /xingrg/all/function/internal_message.html?_=1685228336556&CODE_STATE=getMsg HTTP/1.1" 200 27
120.253.135.82 - - [28/May/2023:06:58:54 +0800] "GET /xingrg/all/function/internal_message.html?_=1685228170903&CODE_STATE=getMsg HTTP/1.1" 200 27
116.238.139.35 - - [28/May/2023:06:58:59 +0800] "GET /xingrg/all/function/internal_message.html?_=1685228336656&CODE_STATE=getMsg HTTP/1.1" 200 27
116.238.139.35 - - [28/May/2023:06:58:59 +0800] "GET /xingrg/check_reg.html?_=1685228336660 HTTP/1.1" 200 22
222.70.172.86 - - [28/May/2023:06:59:04 +0800] "GET /xingrg/all/function/internal_message.html?_=1685228369279&CODE_STATE=getMsg HTTP/1.1" 200 27
116.238.139.35 - - [28/May/2023:06:59:08 +0800] "GET /xingrg/all/function/internal_message.html?_=1685228259496&CODE_STATE=getMsg HTTP/1.1" 200 27
222.67.234.146 - - [28/May/2023:06:59:17 +0800] "GET /xingrg/all/function/internal_message.html?_=1685227867838&CODE_STATE=getMsg HTTP/1.1" 200 27
114.85.113.108 - - [28/May/2023:06:59:18 +0800] "GET /xingrg/all/function/internal_message.html?_=1685228331723&CODE_STATE=getMsg HTTP/1.1" 200 27
58.40.7.146 - - [28/May/2023:06:59:29 +0800] "GET /xingrg/check_reg.html?_=1685228369160 HTTP/1.1" 200 22
58.40.7.146 - - [28/May/2023:06:59:29 +0800] "GET /xingrg/all/function/internal_message.html?_=1685228369162&CODE_STATE=getMsg HTTP/1.1" 200 27
120.253.135.82 - - [28/May/2023:06:59:31 +0800] "POST /xingrg/kc/base/stock_operate.html HTTP/1.1" 200 1731
218.81.74.160 - - [28/May/2023:06:59:32 +0800] "GET /xingrg/all/function/internal_message.html?_=1685228372718&CODE_STATE=getMsg HTTP/1.1" 200 27
101.229.168.164 - - [28/May/2023:06:59:45 +0800] "GET /xingrg/all/function/internal_message.html?_=1685228396546&CODE_STATE=getMsg HTTP/1.1" 200 27
120.253.135.82 - - [28/May/2023:06:59:54 +0800] "GET /xingrg/all/function/internal_message.html?_=1685228230916&CODE_STATE=getMsg HTTP/1.1" 200 27
116.238.139.35 - - [28/May/2023:06:59:59 +0800] "GET /xingrg/all/function/internal_message.html?_=1685228396660&CODE_STATE=getMsg HTTP/1.1" 200 27
116.238.139.35 - - [28/May/2023:07:00:08 +0800] "GET /xingrg/all/function/internal_message.html?_=1685228319525&CODE_STATE=getMsg HTTP/1.1" 200 27
222.67.234.146 - - [28/May/2023:07:00:17 +0800] "GET /xingrg/all/function/internal_message.html?_=1685227927816&CODE_STATE=getMsg HTTP/1.1" 200 27
114.85.113.108 - - [28/May/2023:07:00:18 +0800] "GET /xingrg/all/function/internal_message.html?_=1685228391695&CODE_STATE=getMsg HTTP/1.1" 200 27
58.40.7.146 - - [28/May/2023:07:00:29 +0800] "GET /xingrg/all/function/internal_message.html?_=1685228429163&CODE_STATE=getMsg HTTP/1.1" 200 27
218.81.74.160 - - [28/May/2023:07:00:32 +0800] "GET /xingrg/all/function/internal_message.html?_=1685228432718&CODE_STATE=getMsg HTTP/1.1" 200 27
120.253.135.82 - - [28/May/2023:07:00:42 +0800] "POST /xingrg/kc/base/stock_operate.html HTTP/1.1" 200 1457
101.229.168.164 - - [28/May/2023:07:00:45 +0800] "GET /xingrg/all/function/internal_message.html?_=1685228456546&CODE_STATE=getMsg HTTP/1.1" 200 27
222.70.172.86 - - [28/May/2023:07:00:46 +0800] "GET /xingrg/all/function/internal_message.html?_=1685228429293&CODE_STATE=getMsg HTTP/1.1" 200 27
120.253.135.82 - - [28/May/2023:07:00:54 +0800] "GET /xingrg/all/function/internal_message.html?_=1685228290929&CODE_STATE=getMsg HTTP/1.1" 200 27
116.238.139.35 - - [28/May/2023:07:00:59 +0800] "GET /xingrg/all/function/internal_message.html?_=1685228456659&CODE_STATE=getMsg HTTP/1.1" 200 27
222.70.172.86 - - [28/May/2023:07:01:04 +0800] "GET /xingrg/all/function/internal_message.html?_=1685228490006&CODE_STATE=getMsg HTTP/1.1" 200 27
120.253.135.82 - - [28/May/2023:07:01:08 +0800] "POST /xingrg/kc/base/stock_operate.html HTTP/1.1" 200 1467
116.238.139.35 - - [28/May/2023:07:01:08 +0800] "GET /xingrg/all/function/internal_message.html?_=1685228379538&CODE_STATE=getMsg HTTP/1.1" 200 27
120.253.135.82 - - [28/May/2023:07:01:14 +0800] "POST /xingrg/kc/base/stock_operate.html HTTP/1.1" 200 1482
222.67.234.146 - - [28/May/2023:07:01:17 +0800] "GET /xingrg/all/function/internal_message.html?_=1685227987796&CODE_STATE=getMsg HTTP/1.1" 200 27
114.85.113.108 - - [28/May/2023:07:01:18 +0800] "GET /xingrg/all/function/internal_message.html?_=1685228451681&CODE_STATE=getMsg HTTP/1.1" 200 27
58.40.7.146 - - [28/May/2023:07:01:29 +0800] "GET /xingrg/all/function/internal_message.html?_=1685228489166&CODE_STATE=getMsg HTTP/1.1" 200 27
218.81.74.160 - - [28/May/2023:07:01:32 +0800] "GET /xingrg/all/function/internal_message.html?_=1685228492744&CODE_STATE=getMsg HTTP/1.1" 200 27
222.67.234.146 - - [28/May/2023:07:01:44 +0800] "GET /xingrg/check_reg.html?_=1685228015302 HTTP/1.1" 200 22
101.229.168.164 - - [28/May/2023:07:01:45 +0800] "GET /xingrg/all/function/internal_message.html?_=1685228516545&CODE_STATE=getMsg HTTP/1.1" 200 27
120.253.135.82 - - [28/May/2023:07:01:54 +0800] "GET /xingrg/all/function/internal_message.html?_=1685228350943&CODE_STATE=getMsg HTTP/1.1" 200 27
116.238.139.35 - - [28/May/2023:07:01:59 +0800] "GET /xingrg/all/function/internal_message.html?_=1685228516658&CODE_STATE=getMsg HTTP/1.1" 200 27
222.70.172.86 - - [28/May/2023:07:02:04 +0800] "GET /xingrg/all/function/internal_message.html?_=1685228550022&CODE_STATE=getMsg HTTP/1.1" 200 27
116.238.139.35 - - [28/May/2023:07:02:08 +0800] "GET /xingrg/all/function/internal_message.html?_=1685228439566&CODE_STATE=getMsg HTTP/1.1" 200 27
222.67.234.146 - - [28/May/2023:07:02:17 +0800] "GET /xingrg/all/function/internal_message.html?_=1685228047778&CODE_STATE=getMsg HTTP/1.1" 200 27
114.85.113.108 - - [28/May/2023:07:02:18 +0800] "GET /xingrg/all/function/internal_message.html?_=1685228511664&CODE_STATE=getMsg HTTP/1.1" 200 27
58.40.7.146 - - [28/May/2023:07:02:29 +0800] "GET /xingrg/all/function/internal_message.html?_=1685228549168&CODE_STATE=getMsg HTTP/1.1" 200 27
218.81.74.160 - - [28/May/2023:07:02:32 +0800] "GET /xingrg/check_reg.html?_=1685228552760 HTTP/1.1" 200 22
218.81.74.160 - - [28/May/2023:07:02:32 +0800] "GET /xingrg/all/function/internal_message.html?_=1685228552756&CODE_STATE=getMsg HTTP/1.1" 200 27
101.229.168.164 - - [28/May/2023:07:02:45 +0800] "GET /xingrg/all/function/internal_message.html?_=1685228576545&CODE_STATE=getMsg HTTP/1.1" 200 27
101.229.168.164 - - [28/May/2023:07:02:45 +0800] "GET /xingrg/check_reg.html?_=1685228577217 HTTP/1.1" 200 22
120.253.135.82 - - [28/May/2023:07:02:51 +0800] "GET /xingrg/check_reg.html?_=1685228407653 HTTP/1.1" 200 22
114.85.113.108 - - [28/May/2023:07:02:53 +0800] "GET /xingrg/check_reg.html?_=1685228546220 HTTP/1.1" 200 22
120.253.135.82 - - [28/May/2023:07:02:54 +0800] "GET /xingrg/all/function/internal_message.html?_=1685228410956&CODE_STATE=getMsg HTTP/1.1" 200 27
116.238.139.35 - - [28/May/2023:07:02:54 +0800] "GET /xingrg/check_reg.html?_=1685228485627 HTTP/1.1" 200 22
116.238.139.35 - - [28/May/2023:07:02:59 +0800] "GET /xingrg/all/function/internal_message.html?_=1685228576656&CODE_STATE=getMsg HTTP/1.1" 200 27
222.70.172.86 - - [28/May/2023:07:03:05 +0800] "GET /xingrg/all/function/internal_message.html?_=1685228610633&CODE_STATE=getMsg HTTP/1.1" 200 27
116.238.139.35 - - [28/May/2023:07:03:08 +0800] "GET /xingrg/all/function/internal_message.html?_=1685228499580&CODE_STATE=getMsg HTTP/1.1" 200 27
222.67.234.146 - - [28/May/2023:07:03:17 +0800] "GET /xingrg/all/function/internal_message.html?_=1685228107786&CODE_STATE=getMsg HTTP/1.1" 200 27
114.85.113.108 - - [28/May/2023:07:03:18 +0800] "GET /xingrg/all/function/internal_message.html?_=1685228571634&CODE_STATE=getMsg HTTP/1.1" 200 27
120.253.135.82 - - [28/May/2023:07:03:28 +0800] "POST /xingrg/kc/base/stock_operate.html HTTP/1.1" 200 1486
58.40.7.146 - - [28/May/2023:07:03:29 +0800] "GET /xingrg/all/function/internal_message.html?_=1685228609171&CODE_STATE=getMsg HTTP/1.1" 200 27
218.81.74.160 - - [28/May/2023:07:03:32 +0800] "GET /xingrg/all/function/internal_message.html?_=1685228612753&CODE_STATE=getMsg HTTP/1.1" 200 27
222.70.172.86 - - [28/May/2023:07:03:39 +0800] "GET /xingrg/check_reg.html?_=1685228644189 HTTP/1.1" 200 22
101.229.168.164 - - [28/May/2023:07:03:45 +0800] "GET /xingrg/all/function/internal_message.html?_=1685228636529&CODE_STATE=getMsg HTTP/1.1" 200 27
120.253.135.82 - - [28/May/2023:07:03:54 +0800] "GET /xingrg/all/function/internal_message.html?_=1685228470970&CODE_STATE=getMsg HTTP/1.1" 200 27
116.238.139.35 - - [28/May/2023:07:03:59 +0800] "GET /xingrg/all/function/internal_message.html?_=1685228636660&CODE_STATE=getMsg HTTP/1.1" 200 27
116.238.139.35 - - [28/May/2023:07:03:59 +0800] "GET /xingrg/check_reg.html?_=1685228636663 HTTP/1.1" 200 22
222.70.172.86 - - [28/May/2023:07:04:05 +0800] "GET /xingrg/all/function/internal_message.html?_=1685228670643&CODE_STATE=getMsg HTTP/1.1" 200 27
116.238.139.35 - - [28/May/2023:07:04:08 +0800] "GET /xingrg/all/function/internal_message.html?_=1685228559594&CODE_STATE=getMsg HTTP/1.1" 200 27
222.67.234.146 - - [28/May/2023:07:04:17 +0800] "GET /xingrg/all/function/internal_message.html?_=1685228167766&CODE_STATE=getMsg HTTP/1.1" 200 27
114.85.113.108 - - [28/May/2023:07:04:18 +0800] "GET /xingrg/all/function/internal_message.html?_=1685228631619&CODE_STATE=getMsg HTTP/1.1" 200 27
58.40.7.146 - - [28/May/2023:07:04:29 +0800] "GET /xingrg/check_reg.html?_=1685228669173 HTTP/1.1" 200 22
58.40.7.146 - - [28/May/2023:07:04:29 +0800] "GET /xingrg/all/function/internal_message.html?_=1685228669174&CODE_STATE=getMsg HTTP/1.1" 200 27
218.81.74.160 - - [28/May/2023:07:04:32 +0800] "GET /xingrg/all/function/internal_message.html?_=1685228672750&CODE_STATE=getMsg HTTP/1.1" 200 27
101.229.168.164 - - [28/May/2023:07:04:44 +0800] "GET /xingrg/all/function/internal_message.html?_=1685228696514&CODE_STATE=getMsg HTTP/1.1" 200 27
120.253.135.82 - - [28/May/2023:07:04:51 +0800] "GET /xingrg/kc/pszx/mdqp_order_list.html?state=10 HTTP/1.1" 200 10275
120.253.135.82 - - [28/May/2023:07:04:51 +0800] "GET /xingrg/dwr/interface/AjaxQqpsService.js HTTP/1.1" 200 16326
120.253.135.82 - - [28/May/2023:07:04:51 +0800] "GET /xingrg/dwr/engine.js HTTP/1.1" 200 43631
120.253.135.82 - - [28/May/2023:07:04:51 +0800] "GET /xingrg/dwr/interface/AjaxReportQueryService.js HTTP/1.1" 200 13203
120.253.135.82 - - [28/May/2023:07:04:54 +0800] "GET /xingrg/all/function/internal_message.html?_=1685228530983&CODE_STATE=getMsg HTTP/1.1" 200 27
116.238.139.35 - - [28/May/2023:07:04:59 +0800] "GET /xingrg/all/function/internal_message.html?_=1685228696662&CODE_STATE=getMsg HTTP/1.1" 200 27
222.70.172.86 - - [28/May/2023:07:05:05 +0800] "GET /xingrg/all/function/internal_message.html?_=1685228730655&CODE_STATE=getMsg HTTP/1.1" 200 27
116.238.139.35 - - [28/May/2023:07:05:08 +0800] "GET /xingrg/all/function/internal_message.html?_=1685228619623&CODE_STATE=getMsg HTTP/1.1" 200 27
222.67.234.146 - - [28/May/2023:07:05:17 +0800] "GET /xingrg/all/function/internal_message.html?_=1685228227746&CODE_STATE=getMsg HTTP/1.1" 200 27
114.85.113.108 - - [28/May/2023:07:05:18 +0800] "GET /xingrg/all/function/internal_message.html?_=1685228691609&CODE_STATE=getMsg HTTP/1.1" 200 27
58.40.7.146 - - [28/May/2023:07:05:29 +0800] "GET /xingrg/all/function/internal_message.html?_=1685228729202&CODE_STATE=getMsg HTTP/1.1" 200 27
218.81.74.160 - - [28/May/2023:07:05:32 +0800] "GET /xingrg/all/function/internal_message.html?_=1685228732733&CODE_STATE=getMsg HTTP/1.1" 200 27
101.229.168.164 - - [28/May/2023:07:05:44 +0800] "GET /xingrg/all/function/internal_message.html?_=1685228756506&CODE_STATE=getMsg HTTP/1.1" 200 27
120.253.135.82 - - [28/May/2023:07:05:54 +0800] "GET /xingrg/all/function/internal_message.html?_=1685228591158&CODE_STATE=getMsg HTTP/1.1" 200 27
116.238.139.35 - - [28/May/2023:07:05:59 +0800] "GET /xingrg/all/function/internal_message.html?_=1685228756661&CODE_STATE=getMsg HTTP/1.1" 200 27
222.70.172.86 - - [28/May/2023:07:06:06 +0800] "GET /xingrg/all/function/internal_message.html?_=1685228791475&CODE_STATE=getMsg HTTP/1.1" 200 27
116.238.139.35 - - [28/May/2023:07:06:08 +0800] "GET /xingrg/all/function/internal_message.html?_=1685228679638&CODE_STATE=getMsg HTTP/1.1" 200 27
222.67.234.146 - - [28/May/2023:07:06:17 +0800] "GET /xingrg/all/function/internal_message.html?_=1685228287719&CODE_STATE=getMsg HTTP/1.1" 200 27
114.85.113.108 - - [28/May/2023:07:06:18 +0800] "GET /xingrg/all/function/internal_message.html?_=1685228751594&CODE_STATE=getMsg HTTP/1.1" 200 27
58.40.7.146 - - [28/May/2023:07:06:29 +0800] "GET /xingrg/all/function/internal_message.html?_=1685228789188&CODE_STATE=getMsg HTTP/1.1" 200 27
218.81.74.160 - - [28/May/2023:07:06:32 +0800] "GET /xingrg/all/function/internal_message.html?_=1685228792747&CODE_STATE=getMsg HTTP/1.1" 200 27
222.67.234.146 - - [28/May/2023:07:06:44 +0800] "GET /xingrg/check_reg.html?_=1685228315334 HTTP/1.1" 200 22
101.229.168.164 - - [28/May/2023:07:06:44 +0800] "GET /xingrg/all/function/internal_message.html?_=1685228816482&CODE_STATE=getMsg HTTP/1.1" 200 27
120.253.135.82 - - [28/May/2023:07:06:54 +0800] "GET /xingrg/all/function/internal_message.html?_=1685228651167&CODE_STATE=getMsg HTTP/1.1" 200 27
116.238.139.35 - - [28/May/2023:07:06:59 +0800] "GET /xingrg/all/function/internal_message.html?_=1685228816661&CODE_STATE=getMsg HTTP/1.1" 200 27
222.70.172.86 - - [28/May/2023:07:07:06 +0800] "GET /xingrg/all/function/internal_message.html?_=1685228851479&CODE_STATE=getMsg HTTP/1.1" 200 27
116.238.139.35 - - [28/May/2023:07:07:08 +0800] "GET /xingrg/all/function/internal_message.html?_=1685228739667&CODE_STATE=getMsg HTTP/1.1" 200 27
120.253.135.82 - - [28/May/2023:07:07:10 +0800] "GET /xingrg/kc/pszx/mdqp_order_list.html?state=10 HTTP/1.1" 200 10275
120.253.135.82 - - [28/May/2023:07:07:10 +0800] "GET /xingrg/dwr/interface/AjaxQqpsService.js HTTP/1.1" 200 16326
120.253.135.82 - - [28/May/2023:07:07:10 +0800] "GET /xingrg/dwr/interface/AjaxReportQueryService.js HTTP/1.1" 200 13203
120.253.135.82 - - [28/May/2023:07:07:10 +0800] "GET /xingrg/dwr/engine.js HTTP/1.1" 200 43631
222.67.234.146 - - [28/May/2023:07:07:17 +0800] "GET /xingrg/all/function/internal_message.html?_=1685228347688&CODE_STATE=getMsg HTTP/1.1" 200 27
114.85.113.108 - - [28/May/2023:07:07:18 +0800] "GET /xingrg/all/function/internal_message.html?_=1685228811563&CODE_STATE=getMsg HTTP/1.1" 200 27
58.40.7.146 - - [28/May/2023:07:07:29 +0800] "GET /xingrg/all/function/internal_message.html?_=1685228849190&CODE_STATE=getMsg HTTP/1.1" 200 27
218.81.74.160 - - [28/May/2023:07:07:32 +0800] "GET /xingrg/all/function/internal_message.html?_=1685228852746&CODE_STATE=getMsg HTTP/1.1" 200 27
218.81.74.160 - - [28/May/2023:07:07:32 +0800] "GET /xingrg/check_reg.html?_=1685228852747 HTTP/1.1" 200 22
120.253.135.82 - - [28/May/2023:07:07:41 +0800] "GET /xingrg/kc/pszx/mdqp_order_list.html?state=10 HTTP/1.1" 200 10275
120.253.135.82 - - [28/May/2023:07:07:41 +0800] "GET /xingrg/dwr/interface/AjaxQqpsService.js HTTP/1.1" 200 16326
120.253.135.82 - - [28/May/2023:07:07:41 +0800] "GET /xingrg/dwr/interface/AjaxReportQueryService.js HTTP/1.1" 200 13203
120.253.135.82 - - [28/May/2023:07:07:41 +0800] "GET /xingrg/dwr/engine.js HTTP/1.1" 200 43631
101.229.168.164 - - [28/May/2023:07:07:44 +0800] "GET /xingrg/all/function/internal_message.html?_=1685228876481&CODE_STATE=getMsg HTTP/1.1" 200 27
101.229.168.164 - - [28/May/2023:07:07:45 +0800] "GET /xingrg/check_reg.html?_=1685228877216 HTTP/1.1" 200 22
120.253.135.82 - - [28/May/2023:07:07:51 +0800] "GET /xingrg/check_reg.html?_=1685228707656 HTTP/1.1" 200 22
114.85.113.108 - - [28/May/2023:07:07:53 +0800] "GET /xingrg/check_reg.html?_=1685228846202 HTTP/1.1" 200 22
120.253.135.82 - - [28/May/2023:07:07:54 +0800] "GET /xingrg/all/function/internal_message.html?_=1685228711180&CODE_STATE=getMsg HTTP/1.1" 200 27
116.238.139.35 - - [28/May/2023:07:07:54 +0800] "GET /xingrg/check_reg.html?_=1685228785631 HTTP/1.1" 200 22
116.238.139.35 - - [28/May/2023:07:07:59 +0800] "GET /xingrg/all/function/internal_message.html?_=1685228876662&CODE_STATE=getMsg HTTP/1.1" 200 27
120.253.135.82 - - [28/May/2023:07:08:03 +0800] "GET /xingrg/kc/pszx/mdqp_order_list.html?state=10 HTTP/1.1" 200 10275
120.253.135.82 - - [28/May/2023:07:08:03 +0800] "GET /xingrg/dwr/interface/AjaxQqpsService.js HTTP/1.1" 200 16326
120.253.135.82 - - [28/May/2023:07:08:03 +0800] "GET /xingrg/dwr/engine.js HTTP/1.1" 200 43631
120.253.135.82 - - [28/May/2023:07:08:03 +0800] "GET /xingrg/dwr/interface/AjaxReportQueryService.js HTTP/1.1" 200 13203
222.70.172.86 - - [28/May/2023:07:08:07 +0800] "GET /xingrg/all/function/internal_message.html?_=1685228912105&CODE_STATE=getMsg HTTP/1.1" 200 27
116.238.139.35 - - [28/May/2023:07:08:08 +0800] "GET /xingrg/all/function/internal_message.html?_=1685228799679&CODE_STATE=getMsg HTTP/1.1" 200 27
222.67.234.146 - - [28/May/2023:07:08:16 +0800] "GET /xingrg/all/function/internal_message.html?_=1685228407657&CODE_STATE=getMsg HTTP/1.1" 200 27
114.85.113.108 - - [28/May/2023:07:08:18 +0800] "GET /xingrg/all/function/internal_message.html?_=1685228871538&CODE_STATE=getMsg HTTP/1.1" 200 27
58.40.7.146 - - [28/May/2023:07:08:29 +0800] "GET /xingrg/all/function/internal_message.html?_=1685228909192&CODE_STATE=getMsg HTTP/1.1" 200 27
218.81.74.160 - - [28/May/2023:07:08:32 +0800] "GET /xingrg/all/function/internal_message.html?_=1685228912746&CODE_STATE=getMsg HTTP/1.1" 200 27
222.70.172.86 - - [28/May/2023:07:08:39 +0800] "GET /xingrg/check_reg.html?_=1685228944190 HTTP/1.1" 200 22
101.229.168.164 - - [28/May/2023:07:08:45 +0800] "GET /xingrg/all/function/internal_message.html?_=1685228936482&CODE_STATE=getMsg HTTP/1.1" 200 27
120.253.135.82 - - [28/May/2023:07:08:47 +0800] "GET /xingrg/kc/pszx/mdqp_order_list.html?state=10 HTTP/1.1" 200 10275
120.253.135.82 - - [28/May/2023:07:08:48 +0800] "GET /xingrg/dwr/interface/AjaxQqpsService.js HTTP/1.1" 200 16326
120.253.135.82 - - [28/May/2023:07:08:48 +0800] "GET /xingrg/dwr/interface/AjaxReportQueryService.js HTTP/1.1" 200 13203
120.253.135.82 - - [28/May/2023:07:08:48 +0800] "GET /xingrg/dwr/engine.js HTTP/1.1" 200 43631
120.253.135.82 - - [28/May/2023:07:08:54 +0800] "GET /xingrg/all/function/internal_message.html?_=1685228771194&CODE_STATE=getMsg HTTP/1.1" 200 27
116.238.139.35 - - [28/May/2023:07:08:59 +0800] "GET /xingrg/all/function/internal_message.html?_=1685228936661&CODE_STATE=getMsg HTTP/1.1" 200 27
116.238.139.35 - - [28/May/2023:07:08:59 +0800] "GET /xingrg/check_reg.html?_=1685228936662 HTTP/1.1" 200 22
222.70.172.86 - - [28/May/2023:07:09:07 +0800] "GET /xingrg/all/function/internal_message.html?_=1685228972114&CODE_STATE=getMsg HTTP/1.1" 200 27
116.238.139.35 - - [28/May/2023:07:09:08 +0800] "GET /xingrg/all/function/internal_message.html?_=1685228859693&CODE_STATE=getMsg HTTP/1.1" 200 27
222.67.234.146 - - [28/May/2023:07:09:16 +0800] "GET /xingrg/all/function/internal_message.html?_=1685228467639&CODE_STATE=getMsg HTTP/1.1" 200 27
114.85.113.108 - - [28/May/2023:07:09:18 +0800] "GET /xingrg/all/function/internal_message.html?_=1685228931513&CODE_STATE=getMsg HTTP/1.1" 200 27
58.40.7.146 - - [28/May/2023:07:09:29 +0800] "GET /xingrg/all/function/internal_message.html?_=1685228969194&CODE_STATE=getMsg HTTP/1.1" 200 27
58.40.7.146 - - [28/May/2023:07:09:29 +0800] "GET /xingrg/check_reg.html?_=1685228969194 HTTP/1.1" 200 22
218.81.74.160 - - [28/May/2023:07:09:32 +0800] "GET /xingrg/all/function/internal_message.html?_=1685228972745&CODE_STATE=getMsg HTTP/1.1" 200 27
101.229.168.164 - - [28/May/2023:07:09:45 +0800] "GET /xingrg/all/function/internal_message.html?_=1685228996519&CODE_STATE=getMsg HTTP/1.1" 200 27
120.253.135.82 - - [28/May/2023:07:09:54 +0800] "GET /xingrg/all/function/internal_message.html?_=1685228831208&CODE_STATE=getMsg HTTP/1.1" 200 27
116.238.139.35 - - [28/May/2023:07:09:59 +0800] "GET /xingrg/all/function/internal_message.html?_=1685228996663&CODE_STATE=getMsg HTTP/1.1" 200 27
222.70.172.86 - - [28/May/2023:07:10:07 +0800] "GET /xingrg/all/function/internal_message.html?_=1685229032128&CODE_STATE=getMsg HTTP/1.1" 200 27
116.238.139.35 - - [28/May/2023:07:10:08 +0800] "GET /xingrg/all/function/internal_message.html?_=1685228919722&CODE_STATE=getMsg HTTP/1.1" 200 27
120.253.135.82 - - [28/May/2023:07:10:15 +0800] "GET /xingrg/kc/pszx/mdps_order_list.html?orderType=0 HTTP/1.1" 200 21032
120.253.135.82 - - [28/May/2023:07:10:15 +0800] "POST /xingrg/kc/pszx/mdps_list_operate.html HTTP/1.1" 200 5378
222.67.234.146 - - [28/May/2023:07:10:16 +0800] "GET /xingrg/all/function/internal_message.html?_=1685228527610&CODE_STATE=getMsg HTTP/1.1" 200 27
114.85.113.108 - - [28/May/2023:07:10:18 +0800] "GET /xingrg/all/function/internal_message.html?_=1685228991498&CODE_STATE=getMsg HTTP/1.1" 200 27
120.253.135.82 - - [28/May/2023:07:10:21 +0800] "POST /xingrg/kc/pszx/mdps_list_operate.html HTTP/1.1" 200 2057
120.253.135.82 - - [28/May/2023:07:10:22 +0800] "POST /xingrg/kc/pszx/mdps_list_operate.html HTTP/1.1" 200 385
120.253.135.82 - - [28/May/2023:07:10:25 +0800] "GET /xingrg/kc/pszx/mdps_order_info.html?code=312023052700574 HTTP/1.1" 200 23976
120.253.135.82 - - [28/May/2023:07:10:25 +0800] "GET /xingrg/javascript/easyui/themes/default/validatebox.css HTTP/1.1" 404 1104
120.253.135.82 - - [28/May/2023:07:10:25 +0800] "POST /xingrg/kc/pszx/mdps_order_operate.html HTTP/1.1" 200 3338
58.40.7.146 - - [28/May/2023:07:10:29 +0800] "GET /xingrg/all/function/internal_message.html?_=1685229029197&CODE_STATE=getMsg HTTP/1.1" 200 27
218.81.74.160 - - [28/May/2023:07:10:32 +0800] "GET /xingrg/all/function/internal_message.html?_=1685229032758&CODE_STATE=getMsg HTTP/1.1" 200 27
120.253.135.82 - - [28/May/2023:07:10:37 +0800] "GET /xingrg/kc/pszx/mdqp_order_list.html?state=10 HTTP/1.1" 200 10275
120.253.135.82 - - [28/May/2023:07:10:37 +0800] "GET /xingrg/dwr/interface/AjaxQqpsService.js HTTP/1.1" 200 16326
120.253.135.82 - - [28/May/2023:07:10:37 +0800] "GET /xingrg/dwr/interface/AjaxReportQueryService.js HTTP/1.1" 200 13203
120.253.135.82 - - [28/May/2023:07:10:37 +0800] "GET /xingrg/dwr/engine.js HTTP/1.1" 200 43631
101.229.168.164 - - [28/May/2023:07:10:44 +0800] "GET /xingrg/all/function/internal_message.html?_=1685229056513&CODE_STATE=getMsg HTTP/1.1" 200 27
120.253.135.82 - - [28/May/2023:07:10:54 +0800] "GET /xingrg/all/function/internal_message.html?_=1685228891221&CODE_STATE=getMsg HTTP/1.1" 200 27
116.238.139.35 - - [28/May/2023:07:10:59 +0800] "GET /xingrg/all/function/internal_message.html?_=1685229056666&CODE_STATE=getMsg HTTP/1.1" 200 27
222.70.172.86 - - [28/May/2023:07:11:07 +0800] "GET /xingrg/all/function/internal_message.html?_=1685229092913&CODE_STATE=getMsg HTTP/1.1" 200 27
116.238.139.35 - - [28/May/2023:07:11:08 +0800] "GET /xingrg/all/function/internal_message.html?_=1685228979736&CODE_STATE=getMsg HTTP/1.1" 200 27
222.67.234.146 - - [28/May/2023:07:11:16 +0800] "GET /xingrg/all/function/internal_message.html?_=1685228587584&CODE_STATE=getMsg HTTP/1.1" 200 27
114.85.113.108 - - [28/May/2023:07:11:18 +0800] "GET /xingrg/all/function/internal_message.html?_=1685229051484&CODE_STATE=getMsg HTTP/1.1" 200 27
58.40.7.146 - - [28/May/2023:07:11:29 +0800] "GET /xingrg/all/function/internal_message.html?_=1685229089199&CODE_STATE=getMsg HTTP/1.1" 200 27
218.81.74.160 - - [28/May/2023:07:11:32 +0800] "GET /xingrg/all/function/internal_message.html?_=1685229092755&CODE_STATE=getMsg HTTP/1.1" 200 27
222.67.234.146 - - [28/May/2023:07:11:44 +0800] "GET /xingrg/check_reg.html?_=1685228615325 HTTP/1.1" 200 22
101.229.168.164 - - [28/May/2023:07:11:44 +0800] "GET /xingrg/all/function/internal_message.html?_=1685229116494&CODE_STATE=getMsg HTTP/1.1" 200 27
120.253.135.82 - - [28/May/2023:07:11:54 +0800] "GET /xingrg/all/function/internal_message.html?_=1685228951236&CODE_STATE=getMsg HTTP/1.1" 200 27
116.238.139.35 - - [28/May/2023:07:11:59 +0800] "GET /xingrg/all/function/internal_message.html?_=1685229116666&CODE_STATE=getMsg HTTP/1.1" 200 27
222.70.172.86 - - [28/May/2023:07:12:07 +0800] "GET /xingrg/all/function/internal_message.html?_=1685229152920&CODE_STATE=getMsg HTTP/1.1" 200 27
116.238.139.35 - - [28/May/2023:07:12:08 +0800] "GET /xingrg/all/function/internal_message.html?_=1685229039766&CODE_STATE=getMsg HTTP/1.1" 200 27
222.67.234.146 - - [28/May/2023:07:12:16 +0800] "GET /xingrg/all/function/internal_message.html?_=1685228647552&CODE_STATE=getMsg HTTP/1.1" 200 27
114.85.113.108 - - [28/May/2023:07:12:18 +0800] "GET /xingrg/all/function/internal_message.html?_=1685229111466&CODE_STATE=getMsg HTTP/1.1" 200 27
58.40.7.146 - - [28/May/2023:07:12:29 +0800] "GET /xingrg/all/function/internal_message.html?_=1685229149200&CODE_STATE=getMsg HTTP/1.1" 200 27
218.81.74.160 - - [28/May/2023:07:12:32 +0800] "GET /xingrg/check_reg.html?_=1685229152754 HTTP/1.1" 200 22
218.81.74.160 - - [28/May/2023:07:12:32 +0800] "GET /xingrg/all/function/internal_message.html?_=1685229152756&CODE_STATE=getMsg HTTP/1.1" 200 27
101.229.168.164 - - [28/May/2023:07:12:44 +0800] "GET /xingrg/all/function/internal_message.html?_=1685229176508&CODE_STATE=getMsg HTTP/1.1" 200 27
101.229.168.164 - - [28/May/2023:07:12:45 +0800] "GET /xingrg/check_reg.html?_=1685229177217 HTTP/1.1" 200 22
120.253.135.82 - - [28/May/2023:07:12:51 +0800] "GET /xingrg/check_reg.html?_=1685229007828 HTTP/1.1" 200 22
114.85.113.108 - - [28/May/2023:07:12:53 +0800] "GET /xingrg/check_reg.html?_=1685229146180 HTTP/1.1" 200 22
120.253.135.82 - - [28/May/2023:07:12:54 +0800] "GET /xingrg/all/function/internal_message.html?_=1685229011248&CODE_STATE=getMsg HTTP/1.1" 200 27
116.238.139.35 - - [28/May/2023:07:12:54 +0800] "GET /xingrg/check_reg.html?_=1685229085634 HTTP/1.1" 200 22
116.238.139.35 - - [28/May/2023:07:12:59 +0800] "GET /xingrg/all/function/internal_message.html?_=1685229176664&CODE_STATE=getMsg HTTP/1.1" 200 27
222.70.172.86 - - [28/May/2023:07:13:08 +0800] "GET /xingrg/all/function/internal_message.html?_=1685229213699&CODE_STATE=getMsg HTTP/1.1" 200 27
116.238.139.35 - - [28/May/2023:07:13:08 +0800] "GET /xingrg/all/function/internal_message.html?_=1685229099779&CODE_STATE=getMsg HTTP/1.1" 200 27
222.67.234.146 - - [28/May/2023:07:13:16 +0800] "GET /xingrg/all/function/internal_message.html?_=1685228707526&CODE_STATE=getMsg HTTP/1.1" 200 27
114.85.113.108 - - [28/May/2023:07:13:18 +0800] "GET /xingrg/all/function/internal_message.html?_=1685229171451&CODE_STATE=getMsg HTTP/1.1" 200 27
58.40.7.146 - - [28/May/2023:07:13:29 +0800] "GET /xingrg/all/function/internal_message.html?_=1685229209204&CODE_STATE=getMsg HTTP/1.1" 200 27
218.81.74.160 - - [28/May/2023:07:13:32 +0800] "GET /xingrg/all/function/internal_message.html?_=1685229212753&CODE_STATE=getMsg HTTP/1.1" 200 27
120.253.135.82 - - [28/May/2023:07:13:35 +0800] "GET /xingrg/kc/pszx/mdps_order_list.html?orderType=0 HTTP/1.1" 200 21032
120.253.135.82 - - [28/May/2023:07:13:36 +0800] "POST /xingrg/kc/pszx/mdps_list_operate.html HTTP/1.1" 200 5378
222.70.172.86 - - [28/May/2023:07:13:39 +0800] "GET /xingrg/check_reg.html?_=1685229244199 HTTP/1.1" 200 22
101.229.168.164 - - [28/May/2023:07:13:44 +0800] "GET /xingrg/all/function/internal_message.html?_=1685229236495&CODE_STATE=getMsg HTTP/1.1" 200 27
120.253.135.82 - - [28/May/2023:07:13:51 +0800] "POST /xingrg/kc/pszx/mdps_list_operate.html HTTP/1.1" 200 2830
120.253.135.82 - - [28/May/2023:07:13:53 +0800] "POST /xingrg/kc/pszx/mdps_list_operate.html HTTP/1.1" 200 457
120.253.135.82 - - [28/May/2023:07:13:54 +0800] "GET /xingrg/all/function/internal_message.html?_=1685229071262&CODE_STATE=getMsg HTTP/1.1" 200 27
120.253.135.82 - - [28/May/2023:07:13:55 +0800] "GET /xingrg/kc/pszx/mdps_order_info.html?code=312023052800587 HTTP/1.1" 200 23982
120.253.135.82 - - [28/May/2023:07:13:55 +0800] "GET /xingrg/javascript/easyui/themes/default/validatebox.css HTTP/1.1" 404 1104
120.253.135.82 - - [28/May/2023:07:13:56 +0800] "POST /xingrg/kc/pszx/mdps_order_operate.html HTTP/1.1" 200 3785
116.238.139.35 - - [28/May/2023:07:13:59 +0800] "GET /xingrg/all/function/internal_message.html?_=1685229236662&CODE_STATE=getMsg HTTP/1.1" 200 27
116.238.139.35 - - [28/May/2023:07:13:59 +0800] "GET /xingrg/check_reg.html?_=1685229236665 HTTP/1.1" 200 22
120.253.135.82 - - [28/May/2023:07:14:04 +0800] "GET /xingrg/kc/buy/cgsh_order_list.html HTTP/1.1" 200 55672
120.253.135.82 - - [28/May/2023:07:14:06 +0800] "POST /xingrg/kc/buy/cgsh_list_operate.html HTTP/1.1" 200 986
120.253.135.82 - - [28/May/2023:07:14:08 +0800] "GET /xingrg/kc/buy/cgsh_order_add.html HTTP/1.1" 200 70518
222.70.172.86 - - [28/May/2023:07:14:08 +0800] "GET /xingrg/all/function/internal_message.html?_=1685229273710&CODE_STATE=getMsg HTTP/1.1" 200 27
120.253.135.82 - - [28/May/2023:07:14:08 +0800] "POST /xingrg/kc/buy/cgsh_order_operate.html HTTP/1.1" 200 8245
116.238.139.35 - - [28/May/2023:07:14:08 +0800] "GET /xingrg/all/function/internal_message.html?_=1685229159793&CODE_STATE=getMsg HTTP/1.1" 200 27
120.253.135.82 - - [28/May/2023:07:14:09 +0800] "GET /xingrg/all/common/auto_word.html?type=employee&rest_code=00101 HTTP/1.1" 200 927
120.253.135.82 - - [28/May/2023:07:14:09 +0800] "GET /xingrg/all/common/auto_word.html?type=employee&rest_code=00101 HTTP/1.1" 200 927
120.253.135.82 - - [28/May/2023:07:14:09 +0800] "GET /xingrg/javascript/easyui/themes/default/validatebox.css HTTP/1.1" 404 1104
222.67.234.146 - - [28/May/2023:07:14:16 +0800] "GET /xingrg/all/function/internal_message.html?_=1685228767526&CODE_STATE=getMsg HTTP/1.1" 200 27
114.85.113.108 - - [28/May/2023:07:14:18 +0800] "GET /xingrg/all/function/internal_message.html?_=1685229231436&CODE_STATE=getMsg HTTP/1.1" 200 27
58.40.7.146 - - [28/May/2023:07:14:29 +0800] "GET /xingrg/check_reg.html?_=1685229269192 HTTP/1.1" 200 22
58.40.7.146 - - [28/May/2023:07:14:29 +0800] "GET /xingrg/all/function/internal_message.html?_=1685229269193&CODE_STATE=getMsg HTTP/1.1" 200 27
218.81.74.160 - - [28/May/2023:07:14:32 +0800] "GET /xingrg/all/function/internal_message.html?_=1685229272737&CODE_STATE=getMsg HTTP/1.1" 200 27
120.253.135.82 - - [28/May/2023:07:14:34 +0800] "POST /xingrg/all/common/load_combo.html?type=employee HTTP/1.1" 200 1664
101.229.168.164 - - [28/May/2023:07:14:44 +0800] "GET /xingrg/all/function/internal_message.html?_=1685229296485&CODE_STATE=getMsg HTTP/1.1" 200 27
120.253.135.82 - - [28/May/2023:07:14:50 +0800] "GET /xingrg/kc/buy/cgsh_order_operate.html?command=get_materiel&rest_code=00101&code=00102002851&supplier_code=00100403&order_time=2023-05-28 HTTP/1.1" 200 445
180.164.3.199 - - [28/May/2023:07:14:52 +0800] "POST /xingrg/services/DataTransmitService HTTP/1.1" 200 524
120.253.135.82 - - [28/May/2023:07:14:54 +0800] "GET /xingrg/all/function/internal_message.html?_=1685229131275&CODE_STATE=getMsg HTTP/1.1" 200 27
116.238.139.35 - - [28/May/2023:07:14:59 +0800] "GET /xingrg/all/function/internal_message.html?_=1685229296666&CODE_STATE=getMsg HTTP/1.1" 200 27
222.70.172.86 - - [28/May/2023:07:15:08 +0800] "GET /xingrg/all/function/internal_message.html?_=1685229333725&CODE_STATE=getMsg HTTP/1.1" 200 27
116.238.139.35 - - [28/May/2023:07:15:09 +0800] "GET /xingrg/all/function/internal_message.html?_=1685229219822&CODE_STATE=getMsg HTTP/1.1" 200 27
222.67.234.146 - - [28/May/2023:07:15:16 +0800] "GET /xingrg/all/function/internal_message.html?_=1685228827507&CODE_STATE=getMsg HTTP/1.1" 200 27
114.85.113.108 - - [28/May/2023:07:15:18 +0800] "GET /xingrg/all/function/internal_message.html?_=1685229291423&CODE_STATE=getMsg HTTP/1.1" 200 27
120.253.135.82 - - [28/May/2023:07:15:28 +0800] "POST /xingrg/kc/buy/cgsh_order_operate.html HTTP/1.1" 200 37
58.40.7.146 - - [28/May/2023:07:15:29 +0800] "GET /xingrg/all/function/internal_message.html?_=1685229329194&CODE_STATE=getMsg HTTP/1.1" 200 27
120.253.135.82 - - [28/May/2023:07:15:30 +0800] "POST /xingrg/kc/buy/cgsh_order_operate.html HTTP/1.1" 200 2679
218.81.74.160 - - [28/May/2023:07:15:32 +0800] "GET /xingrg/all/function/internal_message.html?_=1685229332763&CODE_STATE=getMsg HTTP/1.1" 200 27
120.253.135.82 - - [28/May/2023:07:15:33 +0800] "GET /xingrg/kc/print/load_config.html?kc_code=cgsh HTTP/1.1" 200 1924
120.253.135.82 - - [28/May/2023:07:15:34 +0800] "GET /xingrg/kc/print/load_data.html?order_code=212023052810507&kc_code=cgsh&condition= HTTP/1.1" 200 687
101.229.168.164 - - [28/May/2023:07:15:44 +0800] "GET /xingrg/all/function/internal_message.html?_=1685229356484&CODE_STATE=getMsg HTTP/1.1" 200 27
120.253.135.82 - - [28/May/2023:07:15:54 +0800] "GET /xingrg/all/function/internal_message.html?_=1685229191289&CODE_STATE=getMsg HTTP/1.1" 200 27
116.238.139.35 - - [28/May/2023:07:15:59 +0800] "GET /xingrg/all/function/internal_message.html?_=1685229356679&CODE_STATE=getMsg HTTP/1.1" 200 27
116.238.139.35 - - [28/May/2023:07:16:09 +0800] "GET /xingrg/all/function/internal_message.html?_=1685229279835&CODE_STATE=getMsg HTTP/1.1" 200 27
222.70.172.86 - - [28/May/2023:07:16:09 +0800] "GET /xingrg/all/function/internal_message.html?_=1685229394528&CODE_STATE=getMsg HTTP/1.1" 200 27
222.67.234.146 - - [28/May/2023:07:16:16 +0800] "GET /xingrg/all/function/internal_message.html?_=1685228887487&CODE_STATE=getMsg HTTP/1.1" 200 27
114.85.113.108 - - [28/May/2023:07:16:18 +0800] "GET /xingrg/all/function/internal_message.html?_=1685229351406&CODE_STATE=getMsg HTTP/1.1" 200 27
58.40.7.146 - - [28/May/2023:07:16:29 +0800] "GET /xingrg/all/function/internal_message.html?_=1685229389196&CODE_STATE=getMsg HTTP/1.1" 200 27
218.81.74.160 - - [28/May/2023:07:16:32 +0800] "GET /xingrg/all/function/internal_message.html?_=1685229392761&CODE_STATE=getMsg HTTP/1.1" 200 27
222.67.234.146 - - [28/May/2023:07:16:44 +0800] "GET /xingrg/check_reg.html?_=1685228915351 HTTP/1.1" 200 22
101.229.168.164 - - [28/May/2023:07:16:44 +0800] "GET /xingrg/all/function/internal_message.html?_=1685229416511&CODE_STATE=getMsg HTTP/1.1" 200 27
222.70.180.90 - - [28/May/2023:07:16:50 +0800] "POST /xingrg/services/DataTransmitService HTTP/1.1" 200 524
124.79.246.33 - - [28/May/2023:07:16:51 +0800] "POST /xingrg/services/DataTransmitService HTTP/1.1" 200 524
120.253.135.82 - - [28/May/2023:07:16:54 +0800] "GET /xingrg/all/function/internal_message.html?_=1685229251303&CODE_STATE=getMsg HTTP/1.1" 200 27
116.238.139.35 - - [28/May/2023:07:16:59 +0800] "GET /xingrg/all/function/internal_message.html?_=1685229416680&CODE_STATE=getMsg HTTP/1.1" 200 27
116.238.139.35 - - [28/May/2023:07:17:09 +0800] "GET /xingrg/all/function/internal_message.html?_=1685229339864&CODE_STATE=getMsg HTTP/1.1" 200 27
222.70.172.86 - - [28/May/2023:07:17:09 +0800] "GET /xingrg/all/function/internal_message.html?_=1685229454532&CODE_STATE=getMsg HTTP/1.1" 200 27
222.67.234.146 - - [28/May/2023:07:17:16 +0800] "GET /xingrg/all/function/internal_message.html?_=1685228947467&CODE_STATE=getMsg HTTP/1.1" 200 27
114.85.113.108 - - [28/May/2023:07:17:18 +0800] "GET /xingrg/all/function/internal_message.html?_=1685229411392&CODE_STATE=getMsg HTTP/1.1" 200 27
58.40.7.146 - - [28/May/2023:07:17:29 +0800] "GET /xingrg/all/function/internal_message.html?_=1685229449198&CODE_STATE=getMsg HTTP/1.1" 200 27
120.253.135.82 - - [28/May/2023:07:17:32 +0800] "POST /xingrg/kc/buy/cgsh_order_operate.html HTTP/1.1" 200 37
218.81.74.160 - - [28/May/2023:07:17:32 +0800] "GET /xingrg/all/function/internal_message.html?_=1685229452770&CODE_STATE=getMsg HTTP/1.1" 200 27
218.81.74.160 - - [28/May/2023:07:17:32 +0800] "GET /xingrg/check_reg.html?_=1685229452773 HTTP/1.1" 200 22
120.253.135.82 - - [28/May/2023:07:17:39 +0800] "POST /xingrg/kc/buy/cgsh_order_operate.html HTTP/1.1" 200 12
120.253.135.82 - - [28/May/2023:07:17:41 +0800] "GET /xingrg/kc/buy/cgsh_order_info.html?code=212023052810507 HTTP/1.1" 200 65422
120.253.135.82 - - [28/May/2023:07:17:42 +0800] "GET /xingrg/javascript/easyui/themes/default/validatebox.css HTTP/1.1" 404 1104
120.253.135.82 - - [28/May/2023:07:17:43 +0800] "POST /xingrg/kc/buy/cgsh_order_operate.html HTTP/1.1" 200 629
101.229.168.164 - - [28/May/2023:07:17:44 +0800] "GET /xingrg/all/function/internal_message.html?_=1685229476489&CODE_STATE=getMsg HTTP/1.1" 200 27
101.229.168.164 - - [28/May/2023:07:17:45 +0800] "GET /xingrg/check_reg.html?_=1685229477222 HTTP/1.1" 200 22
120.253.135.82 - - [28/May/2023:07:17:49 +0800] "GET /xingrg/kc/pszx/mdps_order_list.html?orderType=0 HTTP/1.1" 200 21032
120.253.135.82 - - [28/May/2023:07:17:49 +0800] "POST /xingrg/kc/pszx/mdps_list_operate.html HTTP/1.1" 200 5378
120.253.135.82 - - [28/May/2023:07:17:51 +0800] "GET /xingrg/check_reg.html?_=1685229307826 HTTP/1.1" 200 22
114.85.113.108 - - [28/May/2023:07:17:52 +0800] "GET /xingrg/check_reg.html?_=1685229446171 HTTP/1.1" 200 22
120.253.135.82 - - [28/May/2023:07:17:54 +0800] "GET /xingrg/all/function/internal_message.html?_=1685229311316&CODE_STATE=getMsg HTTP/1.1" 200 27
116.238.139.35 - - [28/May/2023:07:17:54 +0800] "GET /xingrg/check_reg.html?_=1685229385635 HTTP/1.1" 200 22
120.253.135.82 - - [28/May/2023:07:17:58 +0800] "POST /xingrg/kc/pszx/mdps_list_operate.html HTTP/1.1" 200 2830
116.238.139.35 - - [28/May/2023:07:17:59 +0800] "GET /xingrg/all/function/internal_message.html?_=1685229476679&CODE_STATE=getMsg HTTP/1.1" 200 27
120.253.135.82 - - [28/May/2023:07:17:59 +0800] "POST /xingrg/kc/pszx/mdps_list_operate.html HTTP/1.1" 200 457
120.253.135.82 - - [28/May/2023:07:18:00 +0800] "GET /xingrg/kc/pszx/mdps_order_info.html?code=312023052800587 HTTP/1.1" 200 23982
120.253.135.82 - - [28/May/2023:07:18:01 +0800] "GET /xingrg/javascript/easyui/themes/default/validatebox.css HTTP/1.1" 404 1104
120.253.135.82 - - [28/May/2023:07:18:01 +0800] "POST /xingrg/kc/pszx/mdps_order_operate.html HTTP/1.1" 200 3787
116.238.139.35 - - [28/May/2023:07:18:09 +0800] "GET /xingrg/all/function/internal_message.html?_=1685229399878&CODE_STATE=getMsg HTTP/1.1" 200 27
222.70.172.86 - - [28/May/2023:07:18:10 +0800] "GET /xingrg/all/function/internal_message.html?_=1685229515166&CODE_STATE=getMsg HTTP/1.1" 200 27
120.253.135.82 - - [28/May/2023:07:18:15 +0800] "POST /xingrg/kc/pszx/mdps_list_operate.html HTTP/1.1" 200 2805
222.67.234.146 - - [28/May/2023:07:18:16 +0800] "GET /xingrg/all/function/internal_message.html?_=1685229007442&CODE_STATE=getMsg HTTP/1.1" 200 27
120.253.135.82 - - [28/May/2023:07:18:16 +0800] "POST /xingrg/kc/pszx/mdps_list_operate.html HTTP/1.1" 200 279
114.85.113.108 - - [28/May/2023:07:18:18 +0800] "GET /xingrg/all/function/internal_message.html?_=1685229471368&CODE_STATE=getMsg HTTP/1.1" 200 27
120.253.135.82 - - [28/May/2023:07:18:18 +0800] "POST /xingrg/kc/pszx/mdps_list_operate.html HTTP/1.1" 200 200
120.253.135.82 - - [28/May/2023:07:18:20 +0800] "POST /xingrg/kc/pszx/mdps_list_operate.html HTTP/1.1" 200 657
120.253.135.82 - - [28/May/2023:07:18:21 +0800] "GET /xingrg/kc/pszx/mdps_order_info.html?code=312023052800589 HTTP/1.1" 200 23978
120.253.135.82 - - [28/May/2023:07:18:22 +0800] "GET /xingrg/javascript/easyui/themes/default/validatebox.css HTTP/1.1" 404 1104
120.253.135.82 - - [28/May/2023:07:18:22 +0800] "POST /xingrg/kc/pszx/mdps_order_operate.html HTTP/1.1" 200 7987
58.40.7.146 - - [28/May/2023:07:18:29 +0800] "GET /xingrg/all/function/internal_message.html?_=1685229509201&CODE_STATE=getMsg HTTP/1.1" 200 27
218.81.74.160 - - [28/May/2023:07:18:32 +0800] "GET /xingrg/all/function/internal_message.html?_=1685229512787&CODE_STATE=getMsg HTTP/1.1" 200 27
222.70.172.86 - - [28/May/2023:07:18:39 +0800] "GET /xingrg/check_reg.html?_=1685229544201 HTTP/1.1" 200 22
101.229.168.164 - - [28/May/2023:07:18:44 +0800] "GET /xingrg/all/function/internal_message.html?_=1685229536505&CODE_STATE=getMsg HTTP/1.1" 200 27
120.253.135.82 - - [28/May/2023:07:18:54 +0800] "GET /xingrg/all/function/internal_message.html?_=1685229371329&CODE_STATE=getMsg HTTP/1.1" 200 27
116.238.139.35 - - [28/May/2023:07:18:59 +0800] "GET /xingrg/all/function/internal_message.html?_=1685229536684&CODE_STATE=getMsg HTTP/1.1" 200 27
116.238.139.35 - - [28/May/2023:07:18:59 +0800] "GET /xingrg/check_reg.html?_=1685229536680 HTTP/1.1" 200 22
116.238.139.35 - - [28/May/2023:07:19:09 +0800] "GET /xingrg/all/function/internal_message.html?_=1685229459892&CODE_STATE=getMsg HTTP/1.1" 200 27
222.70.172.86 - - [28/May/2023:07:19:10 +0800] "GET /xingrg/all/function/internal_message.html?_=1685229575168&CODE_STATE=getMsg HTTP/1.1" 200 27
222.67.234.146 - - [28/May/2023:07:19:16 +0800] "GET /xingrg/all/function/internal_message.html?_=1685229067423&CODE_STATE=getMsg HTTP/1.1" 200 27
114.85.113.108 - - [28/May/2023:07:19:18 +0800] "GET /xingrg/all/function/internal_message.html?_=1685229531353&CODE_STATE=getMsg HTTP/1.1" 200 27
58.40.7.146 - - [28/May/2023:07:19:29 +0800] "GET /xingrg/check_reg.html?_=1685229569205 HTTP/1.1" 200 22
58.40.7.146 - - [28/May/2023:07:19:29 +0800] "GET /xingrg/all/function/internal_message.html?_=1685229569205&CODE_STATE=getMsg HTTP/1.1" 200 27
218.81.74.160 - - [28/May/2023:07:19:32 +0800] "GET /xingrg/all/function/internal_message.html?_=1685229572771&CODE_STATE=getMsg HTTP/1.1" 200 27
101.229.168.164 - - [28/May/2023:07:19:44 +0800] "GET /xingrg/all/function/internal_message.html?_=1685229596490&CODE_STATE=getMsg HTTP/1.1" 200 27
120.253.135.82 - - [28/May/2023:07:19:54 +0800] "GET /xingrg/all/function/internal_message.html?_=1685229431343&CODE_STATE=getMsg HTTP/1.1" 200 27
116.238.139.35 - - [28/May/2023:07:19:59 +0800] "GET /xingrg/all/function/internal_message.html?_=1685229596683&CODE_STATE=getMsg HTTP/1.1" 200 27
116.238.139.35 - - [28/May/2023:07:20:09 +0800] "GET /xingrg/all/function/internal_message.html?_=1685229519920&CODE_STATE=getMsg HTTP/1.1" 200 27
222.70.172.86 - - [28/May/2023:07:20:10 +0800] "GET /xingrg/all/function/internal_message.html?_=1685229635181&CODE_STATE=getMsg HTTP/1.1" 200 27
222.67.234.146 - - [28/May/2023:07:20:16 +0800] "GET /xingrg/all/function/internal_message.html?_=1685229127392&CODE_STATE=getMsg HTTP/1.1" 200 27
114.85.113.108 - - [28/May/2023:07:20:18 +0800] "GET /xingrg/all/function/internal_message.html?_=1685229591341&CODE_STATE=getMsg HTTP/1.1" 200 27
58.40.7.146 - - [28/May/2023:07:20:29 +0800] "GET /xingrg/all/function/internal_message.html?_=1685229629209&CODE_STATE=getMsg HTTP/1.1" 200 27
218.81.74.160 - - [28/May/2023:07:20:32 +0800] "GET /xingrg/all/function/internal_message.html?_=1685229632771&CODE_STATE=getMsg HTTP/1.1" 200 27
101.229.168.164 - - [28/May/2023:07:20:44 +0800] "GET /xingrg/all/function/internal_message.html?_=1685229656492&CODE_STATE=getMsg HTTP/1.1" 200 27
120.253.135.82 - - [28/May/2023:07:20:55 +0800] "GET /xingrg/all/function/internal_message.html?_=1685229491552&CODE_STATE=getMsg HTTP/1.1" 200 27
116.238.139.35 - - [28/May/2023:07:20:59 +0800] "GET /xingrg/all/function/internal_message.html?_=1685229656681&CODE_STATE=getMsg HTTP/1.1" 200 27
116.238.139.35 - - [28/May/2023:07:21:09 +0800] "GET /xingrg/all/function/internal_message.html?_=1685229579935&CODE_STATE=getMsg HTTP/1.1" 200 27
222.70.172.86 - - [28/May/2023:07:21:10 +0800] "GET /xingrg/all/function/internal_message.html?_=1685229695847&CODE_STATE=getMsg HTTP/1.1" 200 27
222.67.234.146 - - [28/May/2023:07:21:16 +0800] "GET /xingrg/all/function/internal_message.html?_=1685229187365&CODE_STATE=getMsg HTTP/1.1" 200 27
114.85.113.108 - - [28/May/2023:07:21:18 +0800] "GET /xingrg/all/function/internal_message.html?_=1685229651325&CODE_STATE=getMsg HTTP/1.1" 200 27
