222.70.172.86 - - [28/May/2023:09:04:31 +0800] "GET /xingrg/kc/print/load_data.html?order_code=212023052810515&kc_code=cgsh&condition= HTTP/1.1" 200 13888
114.83.218.148 - - [28/May/2023:09:04:37 +0800] "GET /xingrg/kc/buy/cgsh_order_operate.html?command=get_materiel&rest_code=00149&code=00101008312&supplier_code=00100008&order_time=2023-05-28 HTTP/1.1" 200 412
116.238.139.35 - - [28/May/2023:09:04:37 +0800] "GET /xingrg/kc/buy/cgsh_order_operate.html?command=get_materiel&rest_code=00150&code=00101008357&supplier_code=00100008&order_time=2023-05-28 HTTP/1.1" 200 408
101.85.192.2 - - [28/May/2023:09:04:44 +0800] "GET /xingrg/all/function/internal_message.html?_=1685235885863&CODE_STATE=getMsg HTTP/1.1" 200 27
101.229.168.164 - - [28/May/2023:09:04:44 +0800] "GET /xingrg/all/function/internal_message.html?_=1685235896549&CODE_STATE=getMsg HTTP/1.1" 200 27
116.238.139.35 - - [28/May/2023:09:04:46 +0800] "GET /xingrg/kc/buy/cgsh_order_operate.html?command=get_materiel&rest_code=00150&code=00101008069&supplier_code=00100008&order_time=2023-05-28 HTTP/1.1" 200 412
222.67.234.146 - - [28/May/2023:09:04:47 +0800] "GET /xingrg/all/function/internal_message.html?_=1685235887667&CODE_STATE=getMsg HTTP/1.1" 200 27
114.83.218.148 - - [28/May/2023:09:04:47 +0800] "GET /xingrg/kc/buy/cgsh_order_operate.html?command=get_materiel&rest_code=00149&code=00101008674&supplier_code=00100008&order_time=2023-05-28 HTTP/1.1" 200 412
116.232.195.127 - - [28/May/2023:09:04:48 +0800] "GET /xingrg/all/function/internal_message.html?_=1685235918657&CODE_STATE=getMsg HTTP/1.1" 200 27
116.238.139.35 - - [28/May/2023:09:04:50 +0800] "GET /xingrg/all/function/internal_message.html?_=1685235887773&CODE_STATE=getMsg HTTP/1.1" 200 27
116.238.139.35 - - [28/May/2023:09:04:55 +0800] "GET /xingrg/kc/buy/cgsh_order_operate.html?command=get_materiel&rest_code=00150&code=00101008286&supplier_code=00100008&order_time=2023-05-28 HTTP/1.1" 200 408
114.83.218.148 - - [28/May/2023:09:04:57 +0800] "GET /xingrg/kc/buy/cgsh_order_operate.html?command=get_materiel&rest_code=00149&code=00101008096&supplier_code=00100008&order_time=2023-05-28 HTTP/1.1" 200 413
124.78.158.100 - - [28/May/2023:09:04:57 +0800] "GET /xingrg/kc/buy/cgsh_order_operate.html?command=get_materiel&rest_code=00106&code=00101006129&supplier_code=00100096&order_time=2023-05-28 HTTP/1.1" 200 433
222.70.172.86 - - [28/May/2023:09:05:02 +0800] "GET /xingrg/kc/buy/cgsh_order_add.html HTTP/1.1" 200 71454
222.70.172.86 - - [28/May/2023:09:05:02 +0800] "POST /xingrg/kc/buy/cgsh_order_operate.html HTTP/1.1" 200 8245
222.70.172.86 - - [28/May/2023:09:05:02 +0800] "GET /xingrg/javascript/easyui/themes/default/validatebox.css HTTP/1.1" 404 1104
124.78.158.100 - - [28/May/2023:09:05:02 +0800] "GET /xingrg/all/function/internal_message.html?_=1685235903405&CODE_STATE=getMsg HTTP/1.1" 200 27
116.238.139.35 - - [28/May/2023:09:05:05 +0800] "GET /xingrg/kc/buy/cgsh_order_operate.html?command=get_materiel&rest_code=00150&code=00101008131&supplier_code=00100008&order_time=2023-05-28 HTTP/1.1" 200 409
120.253.135.82 - - [28/May/2023:09:05:05 +0800] "GET /xingrg/all/function/internal_message.html?_=1685235741841&CODE_STATE=getMsg HTTP/1.1" 200 27
222.70.172.86 - - [28/May/2023:09:05:05 +0800] "GET /xingrg/javascript/auto/indicator.gif HTTP/1.1" 404 1066
116.238.139.35 - - [28/May/2023:09:05:07 +0800] "POST /xingrg/kc/buy/cgsh_order_operate.html HTTP/1.1" 200 2065
222.70.172.86 - - [28/May/2023:09:05:07 +0800] "GET /xingrg/all/function/internal_message.html?_=1685235933097&CODE_STATE=getMsg HTTP/1.1" 200 27
222.70.172.86 - - [28/May/2023:09:05:10 +0800] "GET /xingrg/javascript/jquery_tools/images/next.gif HTTP/1.1" 404 1086
222.70.172.86 - - [28/May/2023:09:05:10 +0800] "GET /xingrg/javascript/jquery_tools/images/prev.gif HTTP/1.1" 404 1086
116.238.139.35 - - [28/May/2023:09:05:11 +0800] "GET /xingrg/all/function/internal_message.html?_=1685235821939&CODE_STATE=getMsg HTTP/1.1" 200 27
222.67.234.146 - - [28/May/2023:09:05:14 +0800] "GET /xingrg/all/function/internal_message.html?_=1685235425102&CODE_STATE=getMsg HTTP/1.1" 200 27
116.238.139.35 - - [28/May/2023:09:05:14 +0800] "GET /xingrg/kc/buy/cgsh_order_operate.html?command=get_materiel&rest_code=00150&code=00101008352&supplier_code=00100008&order_time=2023-05-28 HTTP/1.1" 200 412
114.85.113.108 - - [28/May/2023:09:05:16 +0800] "GET /xingrg/all/function/internal_message.html?_=1685235889274&CODE_STATE=getMsg HTTP/1.1" 200 27
114.83.218.148 - - [28/May/2023:09:05:20 +0800] "GET /xingrg/all/function/internal_message.html?_=1685235920761&CODE_STATE=getMsg HTTP/1.1" 200 27
101.83.145.52 - - [28/May/2023:09:05:23 +0800] "GET /xingrg/all/function/internal_message.html?_=1685235754630&CODE_STATE=getMsg HTTP/1.1" 200 27
222.67.234.146 - - [28/May/2023:09:05:23 +0800] "POST /xingrg/services/DataTransmitService HTTP/1.1" 200 524
222.70.172.86 - - [28/May/2023:09:05:23 +0800] "GET /xingrg/kc/buy/cgsh_order_operate.html?command=get_materiel&rest_code=00146&code=00101006184&supplier_code=00100012&order_time=2023-05-28 HTTP/1.1" 200 408
101.83.145.52 - - [28/May/2023:09:05:24 +0800] "GET /xingrg/all/function/internal_message.html?_=1685235925642&CODE_STATE=getMsg HTTP/1.1" 200 27
116.238.139.35 - - [28/May/2023:09:05:26 +0800] "GET /xingrg/kc/buy/cgsh_order_operate.html?command=get_materiel&rest_code=00150&code=00101008005&supplier_code=00100008&order_time=2023-05-28 HTTP/1.1" 200 412
124.78.158.100 - - [28/May/2023:09:05:27 +0800] "GET /xingrg/check_reg.html?_=1685235927921 HTTP/1.1" 200 22
124.78.158.100 - - [28/May/2023:09:05:27 +0800] "GET /xingrg/all/function/internal_message.html?_=1685235927923&CODE_STATE=getMsg HTTP/1.1" 200 27
114.83.218.148 - - [28/May/2023:09:05:27 +0800] "GET /xingrg/kc/buy/cgsh_order_operate.html?command=get_materiel&rest_code=00149&code=00101008038&supplier_code=00100008&order_time=2023-05-28 HTTP/1.1" 200 412
58.40.7.146 - - [28/May/2023:09:05:29 +0800] "GET /xingrg/all/function/internal_message.html?_=1685235929237&CODE_STATE=getMsg HTTP/1.1" 200 27
116.238.139.35 - - [28/May/2023:09:05:34 +0800] "GET /xingrg/kc/buy/cgsh_order_operate.html?command=get_materiel&rest_code=00150&code=00101008271&supplier_code=00100008&order_time=2023-05-28 HTTP/1.1" 200 408
101.83.145.52 - - [28/May/2023:09:05:36 +0800] "GET /xingrg/kc/buy/cgsh_order_operate.html?command=get_materiel&rest_code=00105&code=00102010244&supplier_code=00100099&order_time=2023-05-28 HTTP/1.1" 200 413
116.238.139.35 - - [28/May/2023:09:05:43 +0800] "GET /xingrg/kc/buy/cgsh_order_operate.html?command=get_materiel&rest_code=00150&code=00101008353&supplier_code=00100008&order_time=2023-05-28 HTTP/1.1" 200 408
101.85.192.2 - - [28/May/2023:09:05:44 +0800] "GET /xingrg/all/function/internal_message.html?_=1685235945843&CODE_STATE=getMsg HTTP/1.1" 200 27
101.229.168.164 - - [28/May/2023:09:05:44 +0800] "GET /xingrg/all/function/internal_message.html?_=1685235956548&CODE_STATE=getMsg HTTP/1.1" 200 27
114.83.218.148 - - [28/May/2023:09:05:45 +0800] "GET /xingrg/kc/buy/cgsh_order_operate.html?command=get_materiel&rest_code=00149&code=00101008283&supplier_code=00100008&order_time=2023-05-28 HTTP/1.1" 200 408
222.67.234.146 - - [28/May/2023:09:05:47 +0800] "GET /xingrg/all/function/internal_message.html?_=1685235947665&CODE_STATE=getMsg HTTP/1.1" 200 27
116.232.195.127 - - [28/May/2023:09:05:48 +0800] "GET /xingrg/all/function/internal_message.html?_=1685235978641&CODE_STATE=getMsg HTTP/1.1" 200 27
222.70.172.86 - - [28/May/2023:09:05:50 +0800] "GET /xingrg/kc/buy/cgsh_order_operate.html?command=get_materiel&rest_code=00146&code=00101006130&supplier_code=00100012&order_time=2023-05-28 HTTP/1.1" 200 427
116.238.139.35 - - [28/May/2023:09:05:50 +0800] "GET /xingrg/all/function/internal_message.html?_=1685235947764&CODE_STATE=getMsg HTTP/1.1" 200 27
116.238.139.35 - - [28/May/2023:09:05:50 +0800] "GET /xingrg/check_reg.html?_=1685235947769 HTTP/1.1" 200 22
116.238.139.35 - - [28/May/2023:09:05:53 +0800] "GET /xingrg/kc/buy/cgsh_order_operate.html?command=get_materiel&rest_code=00150&code=00101008359&supplier_code=00100008&order_time=2023-05-28 HTTP/1.1" 200 408
116.238.139.35 - - [28/May/2023:09:05:54 +0800] "POST /xingrg/kc/buy/cgsh_order_operate.html HTTP/1.1" 200 2065
114.83.218.148 - - [28/May/2023:09:05:57 +0800] "GET /xingrg/kc/buy/cgsh_order_operate.html?command=get_materiel&rest_code=00149&code=00101008358&supplier_code=00100008&order_time=2023-05-28 HTTP/1.1" 200 412
120.253.135.82 - - [28/May/2023:09:05:58 +0800] "POST /xingrg/kc/pszx/mdps_list_operate.html HTTP/1.1" 200 1689
120.253.135.82 - - [28/May/2023:09:05:59 +0800] "POST /xingrg/kc/pszx/mdps_list_operate.html HTTP/1.1" 200 293
120.253.135.82 - - [28/May/2023:09:06:00 +0800] "GET /xingrg/kc/pszx/mdps_order_info.html?code=312023052700581 HTTP/1.1" 200 23976
120.253.135.82 - - [28/May/2023:09:06:01 +0800] "GET /xingrg/javascript/easyui/themes/default/validatebox.css HTTP/1.1" 404 1104
120.253.135.82 - - [28/May/2023:09:06:01 +0800] "POST /xingrg/kc/pszx/mdps_order_operate.html HTTP/1.1" 200 2785
124.78.158.100 - - [28/May/2023:09:06:02 +0800] "GET /xingrg/check_reg.html?_=1685235963101 HTTP/1.1" 200 22
124.78.158.100 - - [28/May/2023:09:06:02 +0800] "GET /xingrg/all/function/internal_message.html?_=1685235963398&CODE_STATE=getMsg HTTP/1.1" 200 27
116.238.139.35 - - [28/May/2023:09:06:03 +0800] "GET /xingrg/kc/buy/cgsh_order_operate.html?command=get_materiel&rest_code=00150&code=00101008213&supplier_code=00100008&order_time=2023-05-28 HTTP/1.1" 200 412
120.253.135.82 - - [28/May/2023:09:06:05 +0800] "GET /xingrg/all/function/internal_message.html?_=1685235801847&CODE_STATE=getMsg HTTP/1.1" 200 27
120.253.135.82 - - [28/May/2023:09:06:05 +0800] "GET /xingrg/kc/print/load_data.html?order_code=312023052700581&kc_code=mdps&condition= HTTP/1.1" 200 921
222.70.172.86 - - [28/May/2023:09:06:07 +0800] "GET /xingrg/all/function/internal_message.html?_=1685235993111&CODE_STATE=getMsg HTTP/1.1" 200 27
116.238.139.35 - - [28/May/2023:09:06:11 +0800] "GET /xingrg/all/function/internal_message.html?_=1685235881955&CODE_STATE=getMsg HTTP/1.1" 200 27
116.238.139.35 - - [28/May/2023:09:06:11 +0800] "GET /xingrg/kc/buy/cgsh_order_operate.html?command=get_materiel&rest_code=00150&code=00101008291&supplier_code=00100008&order_time=2023-05-28 HTTP/1.1" 200 408
114.83.218.148 - - [28/May/2023:09:06:13 +0800] "GET /xingrg/kc/buy/cgsh_order_operate.html?command=get_materiel&rest_code=00149&code=00101008304&supplier_code=00100008&order_time=2023-05-28 HTTP/1.1" 200 413
222.67.234.146 - - [28/May/2023:09:06:14 +0800] "GET /xingrg/all/function/internal_message.html?_=1685235485076&CODE_STATE=getMsg HTTP/1.1" 200 27
114.85.113.108 - - [28/May/2023:09:06:16 +0800] "GET /xingrg/all/function/internal_message.html?_=1685235949258&CODE_STATE=getMsg HTTP/1.1" 200 27
222.70.172.86 - - [28/May/2023:09:06:16 +0800] "GET /xingrg/kc/buy/cgsh_order_operate.html?command=get_materiel&rest_code=00146&code=00101006174&supplier_code=00100012&order_time=2023-05-28 HTTP/1.1" 200 414
114.83.218.148 - - [28/May/2023:09:06:20 +0800] "GET /xingrg/check_reg.html?_=1685235980758 HTTP/1.1" 200 22
114.83.218.148 - - [28/May/2023:09:06:20 +0800] "GET /xingrg/all/function/internal_message.html?_=1685235980762&CODE_STATE=getMsg HTTP/1.1" 200 27
116.238.139.35 - - [28/May/2023:09:06:21 +0800] "GET /xingrg/kc/buy/cgsh_order_operate.html?command=get_materiel&rest_code=00150&code=00101008275&supplier_code=00100008&order_time=2023-05-28 HTTP/1.1" 200 416
101.83.145.52 - - [28/May/2023:09:06:22 +0800] "GET /xingrg/check_reg.html?_=1685235814282 HTTP/1.1" 200 22
101.83.145.52 - - [28/May/2023:09:06:22 +0800] "GET /xingrg/all/function/internal_message.html?_=1685235814612&CODE_STATE=getMsg HTTP/1.1" 200 27
114.83.218.148 - - [28/May/2023:09:06:23 +0800] "GET /xingrg/kc/buy/cgsh_order_operate.html?command=get_materiel&rest_code=00149&code=00101008010&supplier_code=00100008&order_time=2023-05-28 HTTP/1.1" 200 412
101.83.145.52 - - [28/May/2023:09:06:24 +0800] "GET /xingrg/all/function/internal_message.html?_=1685235985640&CODE_STATE=getMsg HTTP/1.1" 200 27
124.78.158.100 - - [28/May/2023:09:06:27 +0800] "GET /xingrg/all/function/internal_message.html?_=1685235987924&CODE_STATE=getMsg HTTP/1.1" 200 27
222.70.172.86 - - [28/May/2023:09:06:28 +0800] "GET /xingrg/kc/buy/cgsh_order_operate.html?command=get_materiel&rest_code=00146&code=00101006065&supplier_code=00100012&order_time=2023-05-28 HTTP/1.1" 200 409
58.40.7.146 - - [28/May/2023:09:06:29 +0800] "GET /xingrg/all/function/internal_message.html?_=1685235989239&CODE_STATE=getMsg HTTP/1.1" 200 27
116.238.139.35 - - [28/May/2023:09:06:30 +0800] "GET /xingrg/kc/buy/cgsh_order_operate.html?command=get_materiel&rest_code=00150&code=00101008061&supplier_code=00100008&order_time=2023-05-28 HTTP/1.1" 200 422
114.83.218.148 - - [28/May/2023:09:06:35 +0800] "GET /xingrg/kc/buy/cgsh_order_operate.html?command=get_materiel&rest_code=00149&code=00101008101&supplier_code=00100008&order_time=2023-05-28 HTTP/1.1" 200 412
101.83.145.52 - - [28/May/2023:09:06:41 +0800] "POST /xingrg/kc/buy/cgsh_order_operate.html HTTP/1.1" 200 37
116.238.139.35 - - [28/May/2023:09:06:42 +0800] "GET /xingrg/kc/buy/cgsh_order_operate.html?command=get_materiel&rest_code=00150&code=00101008095&supplier_code=00100008&order_time=2023-05-28 HTTP/1.1" 200 412
101.83.145.52 - - [28/May/2023:09:06:42 +0800] "POST /xingrg/kc/buy/cgsh_order_operate.html HTTP/1.1" 200 2656
222.70.172.86 - - [28/May/2023:09:06:43 +0800] "GET /xingrg/kc/buy/cgsh_order_operate.html?command=get_materiel&rest_code=00146&code=00101006194&supplier_code=00100012&order_time=2023-05-28 HTTP/1.1" 200 413
116.238.139.35 - - [28/May/2023:09:06:43 +0800] "POST /xingrg/kc/buy/cgsh_order_operate.html HTTP/1.1" 200 2065
124.78.158.100 - - [28/May/2023:09:06:43 +0800] "GET /xingrg/kc/buy/cgsh_order_operate.html?command=get_materiel&rest_code=00106&code=00101010711&supplier_code=00100096&order_time=2023-05-28 HTTP/1.1" 200 405
101.85.192.2 - - [28/May/2023:09:06:44 +0800] "GET /xingrg/all/function/internal_message.html?_=1685236005823&CODE_STATE=getMsg HTTP/1.1" 200 27
222.67.234.146 - - [28/May/2023:09:06:44 +0800] "GET /xingrg/check_reg.html?_=1685235515604 HTTP/1.1" 200 22
101.229.168.164 - - [28/May/2023:09:06:44 +0800] "GET /xingrg/all/function/internal_message.html?_=1685236016562&CODE_STATE=getMsg HTTP/1.1" 200 27
114.83.218.148 - - [28/May/2023:09:06:45 +0800] "GET /xingrg/kc/buy/cgsh_order_operate.html?command=get_materiel&rest_code=00149&code=00101008361&supplier_code=00100008&order_time=2023-05-28 HTTP/1.1" 200 408
101.83.145.52 - - [28/May/2023:09:06:46 +0800] "GET /xingrg/kc/print/load_config.html?kc_code=cgsh HTTP/1.1" 200 1924
222.67.234.146 - - [28/May/2023:09:06:47 +0800] "GET /xingrg/all/function/internal_message.html?_=1685236007692&CODE_STATE=getMsg HTTP/1.1" 200 27
101.83.145.52 - - [28/May/2023:09:06:47 +0800] "GET /xingrg/kc/print/load_data.html?order_code=212023052810516&kc_code=cgsh&condition= HTTP/1.1" 200 641
116.232.195.127 - - [28/May/2023:09:06:48 +0800] "GET /xingrg/all/function/internal_message.html?_=1685236038633&CODE_STATE=getMsg HTTP/1.1" 200 27
116.232.195.127 - - [28/May/2023:09:06:48 +0800] "GET /xingrg/check_reg.html?_=1685236038774 HTTP/1.1" 200 22
116.238.139.35 - - [28/May/2023:09:06:50 +0800] "GET /xingrg/all/function/internal_message.html?_=1685236007776&CODE_STATE=getMsg HTTP/1.1" 200 27
116.238.139.35 - - [28/May/2023:09:06:55 +0800] "GET /xingrg/kc/buy/cgsh_order_operate.html?command=get_materiel&rest_code=00150&code=00101008110&supplier_code=00100008&order_time=2023-05-28 HTTP/1.1" 200 408
222.70.172.86 - - [28/May/2023:09:06:55 +0800] "GET /xingrg/kc/buy/cgsh_order_operate.html?command=get_materiel&rest_code=00146&code=00101006055&supplier_code=00100012&order_time=2023-05-28 HTTP/1.1" 200 409
114.83.218.148 - - [28/May/2023:09:06:57 +0800] "GET /xingrg/kc/buy/cgsh_order_operate.html?command=get_materiel&rest_code=00149&code=00101008004&supplier_code=00100008&order_time=2023-05-28 HTTP/1.1" 200 416
114.83.218.148 - - [28/May/2023:09:07:02 +0800] "POST /xingrg/kc/buy/cgsh_order_operate.html HTTP/1.1" 200 2065
124.78.158.100 - - [28/May/2023:09:07:02 +0800] "GET /xingrg/all/function/internal_message.html?_=1685236023367&CODE_STATE=getMsg HTTP/1.1" 200 27
124.78.158.100 - - [28/May/2023:09:07:02 +0800] "GET /xingrg/kc/buy/cgsh_order_operate.html?command=get_materiel&rest_code=00106&code=00101006112&supplier_code=00100096&order_time=2023-05-28 HTTP/1.1" 200 409
120.253.135.82 - - [28/May/2023:09:07:05 +0800] "GET /xingrg/all/function/internal_message.html?_=1685235861861&CODE_STATE=getMsg HTTP/1.1" 200 27
222.70.172.86 - - [28/May/2023:09:07:07 +0800] "GET /xingrg/kc/buy/cgsh_order_operate.html?command=get_materiel&rest_code=00146&code=00101006111&supplier_code=00100012&order_time=2023-05-28 HTTP/1.1" 200 409
116.238.139.35 - - [28/May/2023:09:07:07 +0800] "GET /xingrg/kc/buy/cgsh_order_operate.html?command=get_materiel&rest_code=00150&code=00101008229&supplier_code=00100008&order_time=2023-05-28 HTTP/1.1" 200 420
222.70.172.86 - - [28/May/2023:09:07:07 +0800] "GET /xingrg/all/function/internal_message.html?_=1685236053124&CODE_STATE=getMsg HTTP/1.1" 200 27
114.83.218.148 - - [28/May/2023:09:07:08 +0800] "GET /xingrg/kc/buy/cgsh_order_operate.html?command=get_materiel&rest_code=00149&code=00101008372&supplier_code=00100008&order_time=2023-05-28 HTTP/1.1" 200 408
116.238.139.35 - - [28/May/2023:09:07:11 +0800] "GET /xingrg/all/function/internal_message.html?_=1685235941983&CODE_STATE=getMsg HTTP/1.1" 200 27
101.83.145.52 - - [28/May/2023:09:07:11 +0800] "GET /xingrg/kc/buy/cgsh_order_add.html HTTP/1.1" 200 71536
101.83.145.52 - - [28/May/2023:09:07:11 +0800] "POST /xingrg/kc/buy/cgsh_order_operate.html HTTP/1.1" 200 8245
101.83.145.52 - - [28/May/2023:09:07:11 +0800] "GET /xingrg/javascript/easyui/themes/default/validatebox.css HTTP/1.1" 404 1104
222.67.234.146 - - [28/May/2023:09:07:14 +0800] "GET /xingrg/all/function/internal_message.html?_=1685235545049&CODE_STATE=getMsg HTTP/1.1" 200 27
114.85.113.108 - - [28/May/2023:09:07:16 +0800] "GET /xingrg/all/function/internal_message.html?_=1685236009243&CODE_STATE=getMsg HTTP/1.1" 200 27
116.238.139.35 - - [28/May/2023:09:07:17 +0800] "GET /xingrg/kc/buy/cgsh_order_operate.html?command=get_materiel&rest_code=00150&code=00101008041&supplier_code=00100008&order_time=2023-05-28 HTTP/1.1" 200 408
116.238.139.35 - - [28/May/2023:09:07:18 +0800] "POST /xingrg/kc/buy/cgsh_order_operate.html HTTP/1.1" 200 2065
114.83.218.148 - - [28/May/2023:09:07:20 +0800] "GET /xingrg/all/function/internal_message.html?_=1685236040765&CODE_STATE=getMsg HTTP/1.1" 200 27
101.83.145.52 - - [28/May/2023:09:07:22 +0800] "POST /xingrg/kc/base/wldb_order_operate.html HTTP/1.1" 200 37
101.83.145.52 - - [28/May/2023:09:07:22 +0800] "GET /xingrg/all/function/internal_message.html?_=1685235874599&CODE_STATE=getMsg HTTP/1.1" 200 27
101.83.145.52 - - [28/May/2023:09:07:23 +0800] "POST /xingrg/kc/base/wldb_order_operate.html HTTP/1.1" 200 4576
101.83.145.52 - - [28/May/2023:09:07:24 +0800] "GET /xingrg/kc/base/wldb_order_info.html?code=422023052802226 HTTP/1.1" 200 30392
101.83.145.52 - - [28/May/2023:09:07:24 +0800] "GET /xingrg/all/function/internal_message.html?_=1685236045666&CODE_STATE=getMsg HTTP/1.1" 200 27
101.83.145.52 - - [28/May/2023:09:07:25 +0800] "GET /xingrg/javascript/easyui/themes/default/validatebox.css HTTP/1.1" 404 1104
101.83.145.52 - - [28/May/2023:09:07:25 +0800] "POST /xingrg/kc/base/wldb_order_operate.html HTTP/1.1" 200 4576
124.78.158.100 - - [28/May/2023:09:07:27 +0800] "GET /xingrg/all/function/internal_message.html?_=1685236047924&CODE_STATE=getMsg HTTP/1.1" 200 27
222.70.172.86 - - [28/May/2023:09:07:28 +0800] "POST /xingrg/kc/buy/cgsh_order_operate.html HTTP/1.1" 200 37
114.83.218.148 - - [28/May/2023:09:07:28 +0800] "GET /xingrg/kc/buy/cgsh_order_operate.html?command=get_materiel&rest_code=00149&code=00101008356&supplier_code=00100008&order_time=2023-05-28 HTTP/1.1" 200 408
58.40.7.146 - - [28/May/2023:09:07:29 +0800] "GET /xingrg/all/function/internal_message.html?_=1685236049242&CODE_STATE=getMsg HTTP/1.1" 200 27
116.238.139.35 - - [28/May/2023:09:07:29 +0800] "GET /xingrg/kc/buy/cgsh_order_operate.html?command=get_materiel&rest_code=00150&code=00101008283&supplier_code=00100008&order_time=2023-05-28 HTTP/1.1" 200 408
222.70.172.86 - - [28/May/2023:09:07:33 +0800] "POST /xingrg/kc/buy/cgsh_order_operate.html HTTP/1.1" 200 6211
222.70.172.86 - - [28/May/2023:09:07:39 +0800] "GET /xingrg/kc/print/load_data.html?order_code=212023052810517&kc_code=cgsh&condition= HTTP/1.1" 200 2126
101.85.192.2 - - [28/May/2023:09:07:44 +0800] "GET /xingrg/all/function/internal_message.html?_=1685236065810&CODE_STATE=getMsg HTTP/1.1" 200 27
101.229.168.164 - - [28/May/2023:09:07:44 +0800] "GET /xingrg/all/function/internal_message.html?_=1685236076554&CODE_STATE=getMsg HTTP/1.1" 200 27
124.78.158.100 - - [28/May/2023:09:07:45 +0800] "GET /xingrg/kc/buy/cgsh_order_operate.html?command=get_materiel&rest_code=00106&code=00101006109&supplier_code=00100096&order_time=2023-05-28 HTTP/1.1" 200 409
101.229.168.164 - - [28/May/2023:09:07:45 +0800] "GET /xingrg/check_reg.html?_=1685236077283 HTTP/1.1" 200 22
222.67.234.146 - - [28/May/2023:09:07:47 +0800] "GET /xingrg/all/function/internal_message.html?_=1685236067690&CODE_STATE=getMsg HTTP/1.1" 200 27
101.83.145.52 - - [28/May/2023:09:07:48 +0800] "GET /xingrg/kc/base/wldb_order_add.html HTTP/1.1" 200 30381
116.232.195.127 - - [28/May/2023:09:07:48 +0800] "GET /xingrg/all/function/internal_message.html?_=1685236098611&CODE_STATE=getMsg HTTP/1.1" 200 27
101.83.145.52 - - [28/May/2023:09:07:48 +0800] "POST /xingrg/kc/base/wldb_order_operate.html HTTP/1.1" 200 6806
101.83.145.52 - - [28/May/2023:09:07:48 +0800] "GET /xingrg/javascript/easyui/themes/default/validatebox.css HTTP/1.1" 404 1104
222.70.172.86 - - [28/May/2023:09:07:50 +0800] "GET /xingrg/kc/buy/cgsh_order_add.html HTTP/1.1" 200 71454
116.238.139.35 - - [28/May/2023:09:07:50 +0800] "GET /xingrg/all/function/internal_message.html?_=1685236067766&CODE_STATE=getMsg HTTP/1.1" 200 27
222.70.172.86 - - [28/May/2023:09:07:50 +0800] "POST /xingrg/kc/buy/cgsh_order_operate.html HTTP/1.1" 200 8245
222.70.172.86 - - [28/May/2023:09:07:50 +0800] "GET /xingrg/javascript/easyui/themes/default/validatebox.css HTTP/1.1" 404 1104
114.85.113.108 - - [28/May/2023:09:07:52 +0800] "GET /xingrg/check_reg.html?_=1685236045754 HTTP/1.1" 200 22
116.232.195.127 - - [28/May/2023:09:07:52 +0800] "GET /favicon.ico HTTP/1.1" 404 -
120.253.135.82 - - [28/May/2023:09:07:53 +0800] "GET /xingrg/check_reg.html?_=1685235909474 HTTP/1.1" 200 22
116.238.139.35 - - [28/May/2023:09:07:53 +0800] "GET /xingrg/kc/buy/cgsh_order_operate.html?command=get_materiel&rest_code=00150&code=00101008298&supplier_code=00100008&order_time=2023-05-28 HTTP/1.1" 200 413
116.238.139.35 - - [28/May/2023:09:07:55 +0800] "GET /xingrg/check_reg.html?_=1685235985756 HTTP/1.1" 200 22
116.232.195.127 - - [28/May/2023:09:07:56 +0800] "GET /xingrg/login.html HTTP/1.1" 200 7641
116.232.195.127 - - [28/May/2023:09:07:58 +0800] "GET /favicon.ico HTTP/1.1" 404 -
124.78.158.100 - - [28/May/2023:09:08:02 +0800] "GET /xingrg/all/function/internal_message.html?_=1685236083355&CODE_STATE=getMsg HTTP/1.1" 200 27
116.238.139.35 - - [28/May/2023:09:08:03 +0800] "GET /xingrg/kc/buy/cgsh_order_operate.html?command=get_materiel&rest_code=00150&code=00101008072&supplier_code=00100008&order_time=2023-05-28 HTTP/1.1" 200 408
120.253.135.82 - - [28/May/2023:09:08:05 +0800] "GET /xingrg/all/function/internal_message.html?_=1685235921874&CODE_STATE=getMsg HTTP/1.1" 200 27
222.70.172.86 - - [28/May/2023:09:08:07 +0800] "GET /xingrg/all/function/internal_message.html?_=1685236113137&CODE_STATE=getMsg HTTP/1.1" 200 27
116.232.195.127 - - [28/May/2023:09:08:10 +0800] "POST /xingrg/login.do HTTP/1.1" 200 2421
116.232.195.127 - - [28/May/2023:09:08:10 +0800] "GET /favicon.ico HTTP/1.1" 404 -
116.238.139.35 - - [28/May/2023:09:08:11 +0800] "GET /xingrg/all/function/internal_message.html?_=1685236001996&CODE_STATE=getMsg HTTP/1.1" 200 27
114.83.218.148 - - [28/May/2023:09:08:11 +0800] "GET /xingrg/kc/buy/cgsh_order_operate.html?command=get_materiel&rest_code=00149&code=00101008300&supplier_code=00100008&order_time=2023-05-28 HTTP/1.1" 200 412
116.232.195.127 - - [28/May/2023:09:08:12 +0800] "GET /xingrg/login.html HTTP/1.1" 200 7641
116.232.195.127 - - [28/May/2023:09:08:12 +0800] "GET /favicon.ico HTTP/1.1" 404 -
222.70.172.86 - - [28/May/2023:09:08:12 +0800] "GET /xingrg/kc/buy/cgsh_order_operate.html?command=get_materiel&rest_code=00146&code=00101002007&supplier_code=00100199&order_time=2023-05-28 HTTP/1.1" 200 409
222.67.234.146 - - [28/May/2023:09:08:14 +0800] "GET /xingrg/all/function/internal_message.html?_=1685235605023&CODE_STATE=getMsg HTTP/1.1" 200 27
116.238.139.35 - - [28/May/2023:09:08:14 +0800] "GET /xingrg/kc/buy/cgsh_order_operate.html?command=get_materiel&rest_code=00150&code=00101008358&supplier_code=00100008&order_time=2023-05-28 HTTP/1.1" 200 412
114.85.113.108 - - [28/May/2023:09:08:16 +0800] "GET /xingrg/all/function/internal_message.html?_=1685236069219&CODE_STATE=getMsg HTTP/1.1" 200 27
116.232.195.127 - - [28/May/2023:09:08:17 +0800] "POST /xingrg/login.do HTTP/1.1" 302 -
116.232.195.127 - - [28/May/2023:09:08:18 +0800] "POST /xingrg/login.do HTTP/1.1" 302 -
116.232.195.127 - - [28/May/2023:09:08:18 +0800] "GET /xingrg/index.html?sysBaseUrl=http%3A%2F%2F180.169.147.146%3A18081%2Fxingrg%2F&costTime=1739×tamp=1685236098423 HTTP/1.1" 200 17503
116.232.195.127 - - [28/May/2023:09:08:19 +0800] "GET /favicon.ico HTTP/1.1" 404 -
116.232.195.127 - - [28/May/2023:09:08:19 +0800] "POST /xingrg/all/common/load_tree.html?tree=area_rest_tree_json&manage=1 HTTP/1.1" 200 3499
116.232.195.127 - - [28/May/2023:09:08:19 +0800] "GET /xingrg/check_reg.html?_=1685236099543 HTTP/1.1" 200 22
116.232.195.127 - - [28/May/2023:09:08:19 +0800] "GET /xingrg/all/function/internal_message.html?_=1685236099543&CODE_STATE=count HTTP/1.1" 200 11
116.232.195.127 - - [28/May/2023:09:08:19 +0800] "POST /xingrg/load_menu.html HTTP/1.1" 200 11443
114.83.218.148 - - [28/May/2023:09:08:20 +0800] "GET /xingrg/all/function/internal_message.html?_=1685236100776&CODE_STATE=getMsg HTTP/1.1" 200 27
124.78.158.100 - - [28/May/2023:09:08:22 +0800] "GET /xingrg/kc/buy/cgsh_order_operate.html?command=get_materiel&rest_code=00106&code=00101006133&supplier_code=00100096&order_time=2023-05-28 HTTP/1.1" 200 415
101.83.145.52 - - [28/May/2023:09:08:22 +0800] "GET /xingrg/all/function/internal_message.html?_=1685235934596&CODE_STATE=getMsg HTTP/1.1" 200 27
116.232.195.127 - - [28/May/2023:09:08:24 +0800] "GET /xingrg/system/info/materiel_manager.html HTTP/1.1" 200 19497
116.232.195.127 - - [28/May/2023:09:08:24 +0800] "GET /xingrg/dwr/interface/AjaxBaseInfoService.js HTTP/1.1" 200 21363
116.232.195.127 - - [28/May/2023:09:08:24 +0800] "GET /xingrg/dwr/interface/AjaxComOrderService.js HTTP/1.1" 200 18264
116.232.195.127 - - [28/May/2023:09:08:24 +0800] "GET /xingrg/dwr/util.js HTTP/1.1" 200 35990
116.232.195.127 - - [28/May/2023:09:08:24 +0800] "GET /xingrg/dwr/engine.js HTTP/1.1" 200 43631
101.83.145.52 - - [28/May/2023:09:08:24 +0800] "GET /xingrg/check_reg.html?_=1685236105697 HTTP/1.1" 200 22
101.83.145.52 - - [28/May/2023:09:08:24 +0800] "GET /xingrg/all/function/internal_message.html?_=1685236105698&CODE_STATE=getMsg HTTP/1.1" 200 27
116.232.195.127 - - [28/May/2023:09:08:25 +0800] "POST /xingrg/dwr/call/plaincall/AjaxBaseInfoService.getSubMaterielSorts.dwr HTTP/1.1" 200 219
116.232.195.127 - - [28/May/2023:09:08:26 +0800] "POST /xingrg/dwr/call/plaincall/AjaxBaseInfoService.getMateriels.dwr HTTP/1.1" 200 2930
116.232.195.127 - - [28/May/2023:09:08:26 +0800] "POST /xingrg/dwr/call/plaincall/AjaxBaseInfoService.getSubMaterielSorts.dwr HTTP/1.1" 200 4044
124.78.158.100 - - [28/May/2023:09:08:27 +0800] "GET /xingrg/all/function/internal_message.html?_=1685236107924&CODE_STATE=getMsg HTTP/1.1" 200 27
116.232.195.127 - - [28/May/2023:09:08:27 +0800] "POST /xingrg/dwr/call/plaincall/AjaxBaseInfoService.getMateriels.dwr HTTP/1.1" 200 2928
58.40.7.146 - - [28/May/2023:09:08:29 +0800] "GET /xingrg/all/function/internal_message.html?_=1685236109244&CODE_STATE=getMsg HTTP/1.1" 200 27
101.83.145.52 - - [28/May/2023:09:08:29 +0800] "GET /xingrg/kc/base/wldb_order_operate.html?command=get_materiel&rest_code=00105&base_code=0010514&code=00101008107 HTTP/1.1" 200 433
120.253.135.82 - - [28/May/2023:09:08:31 +0800] "POST /xingrg/kc/pszx/mdps_list_operate.html HTTP/1.1" 200 1689
222.70.172.86 - - [28/May/2023:09:08:32 +0800] "GET /xingrg/kc/buy/cgsh_order_operate.html?command=get_materiel&rest_code=00146&code=00101001099&supplier_code=00100199&order_time=2023-05-28 HTTP/1.1" 200 409
120.253.135.82 - - [28/May/2023:09:08:35 +0800] "POST /xingrg/kc/pszx/mdps_list_operate.html HTTP/1.1" 200 293
120.253.135.82 - - [28/May/2023:09:08:37 +0800] "GET /xingrg/kc/pszx/mdps_order_info.html?code=312023052700581 HTTP/1.1" 200 23976
114.83.218.148 - - [28/May/2023:09:08:37 +0800] "GET /xingrg/kc/buy/cgsh_order_operate.html?command=get_materiel&rest_code=00149&code=00101008439&supplier_code=00100008&order_time=2023-05-28 HTTP/1.1" 200 413
120.253.135.82 - - [28/May/2023:09:08:37 +0800] "GET /xingrg/javascript/easyui/themes/default/validatebox.css HTTP/1.1" 404 1104
120.253.135.82 - - [28/May/2023:09:08:38 +0800] "POST /xingrg/kc/pszx/mdps_order_operate.html HTTP/1.1" 200 2785
120.253.135.82 - - [28/May/2023:09:08:41 +0800] "POST /xingrg/kc/pszx/mdps_order_operate.html HTTP/1.1" 200 37
101.85.192.2 - - [28/May/2023:09:08:44 +0800] "GET /xingrg/all/function/internal_message.html?_=1685236125789&CODE_STATE=getMsg HTTP/1.1" 200 27
101.85.192.2 - - [28/May/2023:09:08:44 +0800] "GET /xingrg/check_reg.html?_=1685236125930 HTTP/1.1" 200 22
101.229.168.164 - - [28/May/2023:09:08:44 +0800] "GET /xingrg/all/function/internal_message.html?_=1685236136566&CODE_STATE=getMsg HTTP/1.1" 200 27
120.253.135.82 - - [28/May/2023:09:08:45 +0800] "POST /xingrg/kc/pszx/mdps_order_operate.html HTTP/1.1" 200 12
222.70.172.86 - - [28/May/2023:09:08:46 +0800] "GET /xingrg/kc/buy/cgsh_order_operate.html?command=get_materiel&rest_code=00146&code=00101004074&supplier_code=00100199&order_time=2023-05-28 HTTP/1.1" 200 406
120.253.135.82 - - [28/May/2023:09:08:47 +0800] "GET /xingrg/kc/pszx/mdps_order_info.html?code=312023052700581 HTTP/1.1" 200 19636
222.67.234.146 - - [28/May/2023:09:08:47 +0800] "GET /xingrg/all/function/internal_message.html?_=1685236127690&CODE_STATE=getMsg HTTP/1.1" 200 27
222.67.234.146 - - [28/May/2023:09:08:47 +0800] "GET /xingrg/check_reg.html?_=1685236127691 HTTP/1.1" 200 22
120.253.135.82 - - [28/May/2023:09:08:47 +0800] "GET /xingrg/javascript/easyui/themes/default/validatebox.css HTTP/1.1" 404 1104
120.253.135.82 - - [28/May/2023:09:08:48 +0800] "POST /xingrg/kc/pszx/mdps_order_operate.html HTTP/1.1" 200 1002
114.83.218.148 - - [28/May/2023:09:08:48 +0800] "GET /xingrg/kc/buy/cgsh_order_operate.html?command=get_materiel&rest_code=00149&code=00101008137&supplier_code=00100008&order_time=2023-05-28 HTTP/1.1" 200 408
116.232.195.127 - - [28/May/2023:09:08:48 +0800] "GET /xingrg/all/function/internal_message.html?_=1685236158601&CODE_STATE=getMsg HTTP/1.1" 200 27
120.253.135.82 - - [28/May/2023:09:08:49 +0800] "POST /xingrg/kc/pszx/mdps_list_operate.html HTTP/1.1" 200 868
116.238.139.35 - - [28/May/2023:09:08:50 +0800] "GET /xingrg/all/function/internal_message.html?_=1685236127765&CODE_STATE=getMsg HTTP/1.1" 200 27
114.83.218.148 - - [28/May/2023:09:08:51 +0800] "POST /xingrg/kc/buy/cgsh_order_operate.html HTTP/1.1" 200 2065
120.253.135.82 - - [28/May/2023:09:08:52 +0800] "GET /xingrg/kc/pszx/mdqp_order_list.html?state=10 HTTP/1.1" 200 10275
120.253.135.82 - - [28/May/2023:09:08:52 +0800] "GET /xingrg/dwr/interface/AjaxQqpsService.js HTTP/1.1" 200 16326
120.253.135.82 - - [28/May/2023:09:08:52 +0800] "GET /xingrg/dwr/interface/AjaxReportQueryService.js HTTP/1.1" 200 13203
120.253.135.82 - - [28/May/2023:09:08:52 +0800] "GET /xingrg/dwr/engine.js HTTP/1.1" 200 43631
120.253.135.82 - - [28/May/2023:09:08:56 +0800] "GET /xingrg/kc/pszx/mdqp_order_list.html?state=10 HTTP/1.1" 200 10275
120.253.135.82 - - [28/May/2023:09:08:56 +0800] "GET /xingrg/dwr/interface/AjaxQqpsService.js HTTP/1.1" 200 16326
120.253.135.82 - - [28/May/2023:09:08:56 +0800] "GET /xingrg/dwr/interface/AjaxReportQueryService.js HTTP/1.1" 200 13203
120.253.135.82 - - [28/May/2023:09:08:56 +0800] "GET /xingrg/dwr/engine.js HTTP/1.1" 200 43631
114.83.218.148 - - [28/May/2023:09:08:57 +0800] "GET /xingrg/kc/buy/cgsh_order_operate.html?command=get_materiel&rest_code=00149&code=00101008059&supplier_code=00100008&order_time=2023-05-28 HTTP/1.1" 200 408
124.78.158.100 - - [28/May/2023:09:09:02 +0800] "GET /xingrg/all/function/internal_message.html?_=1685236143326&CODE_STATE=getMsg HTTP/1.1" 200 27
120.253.135.82 - - [28/May/2023:09:09:05 +0800] "GET /xingrg/all/function/internal_message.html?_=1685235981889&CODE_STATE=getMsg HTTP/1.1" 200 27
222.70.172.86 - - [28/May/2023:09:09:05 +0800] "POST /xingrg/kc/buy/cgsh_order_operate.html HTTP/1.1" 200 37
222.70.172.86 - - [28/May/2023:09:09:07 +0800] "GET /xingrg/check_reg.html?_=1685236173105 HTTP/1.1" 200 22
222.70.172.86 - - [28/May/2023:09:09:07 +0800] "GET /xingrg/all/function/internal_message.html?_=1685236173152&CODE_STATE=getMsg HTTP/1.1" 200 27
222.70.172.86 - - [28/May/2023:09:09:08 +0800] "POST /xingrg/kc/buy/cgsh_order_operate.html HTTP/1.1" 200 3837
116.238.139.35 - - [28/May/2023:09:09:11 +0800] "GET /xingrg/all/function/internal_message.html?_=1685236062011&CODE_STATE=getMsg HTTP/1.1" 200 27
114.83.218.148 - - [28/May/2023:09:09:11 +0800] "GET /xingrg/kc/buy/cgsh_order_operate.html?command=get_materiel&rest_code=00149&code=00101008223&supplier_code=00100008&order_time=2023-05-28 HTTP/1.1" 200 412
222.70.172.86 - - [28/May/2023:09:09:12 +0800] "GET /xingrg/kc/print/load_data.html?order_code=212023052810518&kc_code=cgsh&condition= HTTP/1.1" 200 1120
222.67.234.146 - - [28/May/2023:09:09:14 +0800] "GET /xingrg/all/function/internal_message.html?_=1685235664992&CODE_STATE=getMsg HTTP/1.1" 200 27
114.85.113.108 - - [28/May/2023:09:09:16 +0800] "GET /xingrg/all/function/internal_message.html?_=1685236129204&CODE_STATE=getMsg HTTP/1.1" 200 27
124.78.158.100 - - [28/May/2023:09:09:19 +0800] "POST /xingrg/services/DataTransmitService HTTP/1.1" 200 524
101.83.145.52 - - [28/May/2023:09:09:19 +0800] "GET /xingrg/kc/base/wldb_order_operate.html?command=get_materiel&rest_code=00105&base_code=0010514&code=00101008130 HTTP/1.1" 200 432
116.232.195.127 - - [28/May/2023:09:09:19 +0800] "GET /xingrg/all/function/internal_message.html?_=1685236159563&CODE_STATE=getMsg HTTP/1.1" 200 27
114.83.218.148 - - [28/May/2023:09:09:20 +0800] "GET /xingrg/all/function/internal_message.html?_=1685236160769&CODE_STATE=getMsg HTTP/1.1" 200 27
101.83.145.52 - - [28/May/2023:09:09:22 +0800] "GET /xingrg/all/function/internal_message.html?_=1685235994574&CODE_STATE=getMsg HTTP/1.1" 200 27
101.83.145.52 - - [28/May/2023:09:09:24 +0800] "GET /xingrg/all/function/internal_message.html?_=1685236165681&CODE_STATE=getMsg HTTP/1.1" 200 27
114.83.218.148 - - [28/May/2023:09:09:25 +0800] "GET /xingrg/kc/buy/cgsh_order_operate.html?command=get_materiel&rest_code=00149&code=00101008330&supplier_code=00100008&order_time=2023-05-28 HTTP/1.1" 200 410
124.78.158.100 - - [28/May/2023:09:09:26 +0800] "GET /xingrg/kc/buy/cgsh_order_operate.html?command=get_materiel&rest_code=00106&code=00101006174&supplier_code=00100096&order_time=2023-05-28 HTTP/1.1" 200 414
124.78.158.100 - - [28/May/2023:09:09:27 +0800] "GET /xingrg/all/function/internal_message.html?_=1685236167925&CODE_STATE=getMsg HTTP/1.1" 200 27
58.40.7.146 - - [28/May/2023:09:09:29 +0800] "GET /xingrg/check_reg.html?_=1685236169246 HTTP/1.1" 200 22
58.40.7.146 - - [28/May/2023:09:09:29 +0800] "GET /xingrg/all/function/internal_message.html?_=1685236169247&CODE_STATE=getMsg HTTP/1.1" 200 27
101.83.145.52 - - [28/May/2023:09:09:33 +0800] "GET /xingrg/kc/buy/cgsh_order_operate.html?command=get_materiel&rest_code=00105&code=00102035302&supplier_code=00100077&order_time=2023-05-28 HTTP/1.1" 200 391
101.83.145.52 - - [28/May/2023:09:09:43 +0800] "POST /xingrg/kc/base/wldb_order_operate.html HTTP/1.1" 200 37
101.85.192.2 - - [28/May/2023:09:09:44 +0800] "GET /xingrg/all/function/internal_message.html?_=1685236185768&CODE_STATE=getMsg HTTP/1.1" 200 27
101.229.168.164 - - [28/May/2023:09:09:44 +0800] "GET /xingrg/all/function/internal_message.html?_=1685236196559&CODE_STATE=getMsg HTTP/1.1" 200 27
101.83.145.52 - - [28/May/2023:09:09:44 +0800] "POST /xingrg/kc/base/wldb_order_operate.html HTTP/1.1" 200 2654
101.83.145.52 - - [28/May/2023:09:09:45 +0800] "GET /xingrg/kc/base/wldb_order_info.html?code=422023052802227 HTTP/1.1" 200 30389
116.238.139.35 - - [28/May/2023:09:09:45 +0800] "POST /xingrg/kc/buy/cgsh_order_operate.html HTTP/1.1" 200 37
101.83.145.52 - - [28/May/2023:09:09:45 +0800] "GET /xingrg/javascript/easyui/themes/default/validatebox.css HTTP/1.1" 404 1104
101.83.145.52 - - [28/May/2023:09:09:46 +0800] "POST /xingrg/kc/base/wldb_order_operate.html HTTP/1.1" 200 2654
222.67.234.146 - - [28/May/2023:09:09:47 +0800] "GET /xingrg/all/function/internal_message.html?_=1685236187690&CODE_STATE=getMsg HTTP/1.1" 200 27
114.83.218.148 - - [28/May/2023:09:09:48 +0800] "GET /xingrg/kc/buy/cgsh_order_operate.html?command=get_materiel&rest_code=00149&code=00101008502&supplier_code=00100008&order_time=2023-05-28 HTTP/1.1" 200 413
116.232.195.127 - - [28/May/2023:09:09:48 +0800] "GET /xingrg/all/function/internal_message.html?_=1685236218576&CODE_STATE=getMsg HTTP/1.1" 200 27
124.78.158.100 - - [28/May/2023:09:09:49 +0800] "GET /xingrg/kc/buy/cgsh_order_operate.html?command=get_materiel&rest_code=00106&code=00101006184&supplier_code=00100096&order_time=2023-05-28 HTTP/1.1" 200 408
101.83.145.52 - - [28/May/2023:09:09:51 +0800] "GET /xingrg/kc/base/wldb_order_add.html HTTP/1.1" 200 30381
101.83.145.52 - - [28/May/2023:09:09:51 +0800] "POST /xingrg/kc/base/wldb_order_operate.html HTTP/1.1" 200 6806
101.83.145.52 - - [28/May/2023:09:09:51 +0800] "GET /xingrg/javascript/easyui/themes/default/validatebox.css HTTP/1.1" 404 1104
116.232.195.127 - - [28/May/2023:09:09:54 +0800] "POST /xingrg/dwr/call/plaincall/AjaxBaseInfoService.getMateriels.dwr HTTP/1.1" 200 3049
116.232.195.127 - - [28/May/2023:09:09:55 +0800] "GET /xingrg/system/info/materiel_info.html?code=00101010&isAdd=1 HTTP/1.1" 200 37275
116.232.195.127 - - [28/May/2023:09:09:55 +0800] "GET /xingrg/dwr/interface/AjaxGetFirstChart.js HTTP/1.1" 200 631
116.232.195.127 - - [28/May/2023:09:09:55 +0800] "GET /xingrg/dwr/engine.js HTTP/1.1" 200 43631
116.232.195.127 - - [28/May/2023:09:09:55 +0800] "GET /favicon.ico HTTP/1.1" 404 -
116.232.195.127 - - [28/May/2023:09:09:55 +0800] "POST /xingrg/all/common/load_tree.html?tree=area_rest_tree_json HTTP/1.1" 200 3499
116.232.195.127 - - [28/May/2023:09:09:56 +0800] "POST /xingrg/dwr/call/plaincall/AjaxBaseInfoService.getMaterielInfo.dwr HTTP/1.1" 200 210
116.232.195.127 - - [28/May/2023:09:09:56 +0800] "POST /xingrg/all/common/load_tree.html?tree=area_rest_tree_json&defaultRests=undefined HTTP/1.1" 200 3499
116.232.195.127 - - [28/May/2023:09:10:02 +0800] "POST /xingrg/dwr/call/plaincall/AjaxGetFirstChart.getFirstChart.dwr HTTP/1.1" 200 80
124.78.158.100 - - [28/May/2023:09:10:02 +0800] "GET /xingrg/all/function/internal_message.html?_=1685236203304&CODE_STATE=getMsg HTTP/1.1" 200 27
101.83.145.52 - - [28/May/2023:09:10:03 +0800] "GET /xingrg/kc/buy/cgsh_order_operate.html?command=get_materiel&rest_code=00105&code=00102005634&supplier_code=00100077&order_time=2023-05-28 HTTP/1.1" 200 421
120.253.135.82 - - [28/May/2023:09:10:05 +0800] "GET /xingrg/all/function/internal_message.html?_=1685236041901&CODE_STATE=getMsg HTTP/1.1" 200 27
114.83.218.148 - - [28/May/2023:09:10:06 +0800] "GET /xingrg/kc/buy/cgsh_order_operate.html?command=get_materiel&rest_code=00149&code=00101008273&supplier_code=00100008&order_time=2023-05-28 HTTP/1.1" 200 412
116.232.195.127 - - [28/May/2023:09:10:07 +0800] "POST /xingrg/dwr/call/plaincall/AjaxBaseInfoService.changeUnitGroup.dwr HTTP/1.1" 200 243
222.70.172.86 - - [28/May/2023:09:10:07 +0800] "GET /xingrg/all/function/internal_message.html?_=1685236233207&CODE_STATE=getMsg HTTP/1.1" 200 27
116.232.195.127 - - [28/May/2023:09:10:09 +0800] "POST /xingrg/dwr/call/plaincall/AjaxBaseInfoService.saveMateriel.dwr HTTP/1.1" 200 109
116.232.195.127 - - [28/May/2023:09:10:10 +0800] "POST /xingrg/dwr/call/plaincall/AjaxBaseInfoService.getMateriels.dwr HTTP/1.1" 200 3049
116.238.139.35 - - [28/May/2023:09:10:11 +0800] "GET /xingrg/all/function/internal_message.html?_=1685236122038&CODE_STATE=getMsg HTTP/1.1" 200 27
114.83.218.148 - - [28/May/2023:09:10:12 +0800] "POST /xingrg/kc/buy/cgsh_order_operate.html HTTP/1.1" 200 2065
116.238.139.35 - - [28/May/2023:09:10:12 +0800] "GET /xingrg/all/function/internal_message.html?_=1685236210132&CODE_STATE=getMsg HTTP/1.1" 200 27
116.238.139.35 - - [28/May/2023:09:10:13 +0800] "POST /xingrg/kc/buy/cgsh_order_operate.html HTTP/1.1" 200 28113
222.67.234.146 - - [28/May/2023:09:10:14 +0800] "GET /xingrg/all/function/internal_message.html?_=1685235724969&CODE_STATE=getMsg HTTP/1.1" 200 27
114.85.113.108 - - [28/May/2023:09:10:16 +0800] "GET /xingrg/all/function/internal_message.html?_=1685236189180&CODE_STATE=getMsg HTTP/1.1" 200 27
116.232.195.127 - - [28/May/2023:09:10:19 +0800] "GET /xingrg/all/function/internal_message.html?_=1685236219559&CODE_STATE=getMsg HTTP/1.1" 200 27
114.83.218.148 - - [28/May/2023:09:10:20 +0800] "GET /xingrg/kc/buy/cgsh_order_operate.html?command=get_materiel&rest_code=00149&code=00101008357&supplier_code=00100008&order_time=2023-05-28 HTTP/1.1" 200 408
114.83.218.148 - - [28/May/2023:09:10:20 +0800] "GET /xingrg/all/function/internal_message.html?_=1685236220805&CODE_STATE=getMsg HTTP/1.1" 200 27
101.83.145.52 - - [28/May/2023:09:10:22 +0800] "GET /xingrg/all/function/internal_message.html?_=1685236054552&CODE_STATE=getMsg HTTP/1.1" 200 27
101.83.145.52 - - [28/May/2023:09:10:24 +0800] "GET /xingrg/all/function/internal_message.html?_=1685236225709&CODE_STATE=getMsg HTTP/1.1" 200 27
124.78.158.100 - - [28/May/2023:09:10:27 +0800] "GET /xingrg/check_reg.html?_=1685236227925 HTTP/1.1" 200 22
124.78.158.100 - - [28/May/2023:09:10:27 +0800] "GET /xingrg/all/function/internal_message.html?_=1685236227928&CODE_STATE=getMsg HTTP/1.1" 200 27
58.40.7.146 - - [28/May/2023:09:10:29 +0800] "GET /xingrg/all/function/internal_message.html?_=1685236229250&CODE_STATE=getMsg HTTP/1.1" 200 27
101.83.145.52 - - [28/May/2023:09:10:32 +0800] "POST /xingrg/kc/buy/cgsh_order_operate.html HTTP/1.1" 200 37
101.83.145.52 - - [28/May/2023:09:10:34 +0800] "POST /xingrg/kc/buy/cgsh_order_operate.html HTTP/1.1" 200 3252
101.83.145.52 - - [28/May/2023:09:10:36 +0800] "GET /xingrg/kc/print/load_data.html?order_code=212023052810520&kc_code=cgsh&condition= HTTP/1.1" 200 931
101.83.145.52 - - [28/May/2023:09:10:39 +0800] "GET /xingrg/kc/base/wldb_order_operate.html?command=get_materiel&rest_code=00105&base_code=0010514&code=00101019006 HTTP/1.1" 200 464
222.70.172.86 - - [28/May/2023:09:10:42 +0800] "GET /xingrg/kc/buy/cgsh_order_add.html HTTP/1.1" 200 71454
222.70.172.86 - - [28/May/2023:09:10:42 +0800] "GET /xingrg/words/20230528091009_words.js HTTP/1.1" 200 966030
222.70.172.86 - - [28/May/2023:09:10:43 +0800] "POST /xingrg/kc/buy/cgsh_order_operate.html HTTP/1.1" 200 8245
222.70.172.86 - - [28/May/2023:09:10:43 +0800] "GET /xingrg/javascript/easyui/themes/default/validatebox.css HTTP/1.1" 404 1104
114.83.218.148 - - [28/May/2023:09:10:44 +0800] "GET /xingrg/kc/buy/cgsh_order_operate.html?command=get_materiel&rest_code=00149&code=00101008286&supplier_code=00100008&order_time=2023-05-28 HTTP/1.1" 200 408
101.85.192.2 - - [28/May/2023:09:10:44 +0800] "GET /xingrg/all/function/internal_message.html?_=1685236245762&CODE_STATE=getMsg HTTP/1.1" 200 27
101.229.168.164 - - [28/May/2023:09:10:44 +0800] "GET /xingrg/all/function/internal_message.html?_=1685236256555&CODE_STATE=getMsg HTTP/1.1" 200 27
101.83.145.52 - - [28/May/2023:09:10:46 +0800] "GET /xingrg/kc/buy/cgsh_order_add.html HTTP/1.1" 200 71536
101.83.145.52 - - [28/May/2023:09:10:46 +0800] "GET /xingrg/words/20230528091009_words.js HTTP/1.1" 200 966030
101.83.145.52 - - [28/May/2023:09:10:46 +0800] "POST /xingrg/kc/buy/cgsh_order_operate.html HTTP/1.1" 200 8245
101.83.145.52 - - [28/May/2023:09:10:46 +0800] "GET /xingrg/javascript/easyui/themes/default/validatebox.css HTTP/1.1" 404 1104
222.67.234.146 - - [28/May/2023:09:10:47 +0800] "GET /xingrg/all/function/internal_message.html?_=1685236247691&CODE_STATE=getMsg HTTP/1.1" 200 27
116.232.195.127 - - [28/May/2023:09:10:48 +0800] "GET /xingrg/all/function/internal_message.html?_=1685236278558&CODE_STATE=getMsg HTTP/1.1" 200 27
116.238.139.35 - - [28/May/2023:09:10:50 +0800] "GET /xingrg/check_reg.html?_=1685236247845 HTTP/1.1" 200 22
114.83.218.148 - - [28/May/2023:09:10:59 +0800] "GET /xingrg/kc/buy/cgsh_order_operate.html?command=get_materiel&rest_code=00149&code=00101008036&supplier_code=00100008&order_time=2023-05-28 HTTP/1.1" 200 408
124.78.158.100 - - [28/May/2023:09:11:02 +0800] "GET /xingrg/check_reg.html?_=1685236263098 HTTP/1.1" 200 22
124.78.158.100 - - [28/May/2023:09:11:02 +0800] "GET /xingrg/all/function/internal_message.html?_=1685236263288&CODE_STATE=getMsg HTTP/1.1" 200 27
120.253.135.82 - - [28/May/2023:09:11:05 +0800] "GET /xingrg/all/function/internal_message.html?_=1685236102120&CODE_STATE=getMsg HTTP/1.1" 200 27
222.70.172.86 - - [28/May/2023:09:11:05 +0800] "GET /xingrg/kc/buy/cgsh_order_operate.html?command=get_materiel&rest_code=00146&code=00101007049&supplier_code=00100002&order_time=2023-05-28 HTTP/1.1" 200 409
222.70.172.86 - - [28/May/2023:09:11:07 +0800] "GET /xingrg/all/function/internal_message.html?_=1685236293210&CODE_STATE=getMsg HTTP/1.1" 200 27
114.83.218.148 - - [28/May/2023:09:11:10 +0800] "POST /xingrg/kc/buy/cgsh_order_operate.html HTTP/1.1" 200 2065
101.83.145.52 - - [28/May/2023:09:11:11 +0800] "GET /xingrg/kc/base/wldb_order_operate.html?command=get_materiel&rest_code=00105&base_code=0010514&code=00101019281 HTTP/1.1" 200 460
116.238.139.35 - - [28/May/2023:09:11:11 +0800] "GET /xingrg/all/function/internal_message.html?_=1685236182053&CODE_STATE=getMsg HTTP/1.1" 200 27
116.238.139.35 - - [28/May/2023:09:11:12 +0800] "GET /xingrg/all/function/internal_message.html?_=1685236270163&CODE_STATE=getMsg HTTP/1.1" 200 27
222.67.234.146 - - [28/May/2023:09:11:14 +0800] "GET /xingrg/all/function/internal_message.html?_=1685235784940&CODE_STATE=getMsg HTTP/1.1" 200 27
114.85.113.108 - - [28/May/2023:09:11:16 +0800] "GET /xingrg/all/function/internal_message.html?_=1685236249170&CODE_STATE=getMsg HTTP/1.1" 200 27
116.232.195.127 - - [28/May/2023:09:11:19 +0800] "GET /xingrg/all/function/internal_message.html?_=1685236279569&CODE_STATE=getMsg HTTP/1.1" 200 27
114.83.218.148 - - [28/May/2023:09:11:20 +0800] "GET /xingrg/check_reg.html?_=1685236280785 HTTP/1.1" 200 22
114.83.218.148 - - [28/May/2023:09:11:20 +0800] "GET /xingrg/all/function/internal_message.html?_=1685236280791&CODE_STATE=getMsg HTTP/1.1" 200 27
222.70.172.86 - - [28/May/2023:09:11:22 +0800] "GET /xingrg/kc/buy/cgsh_order_operate.html?command=get_materiel&rest_code=00146&code=00101007081&supplier_code=00100002&order_time=2023-05-28 HTTP/1.1" 200 413
101.83.145.52 - - [28/May/2023:09:11:22 +0800] "GET /xingrg/check_reg.html?_=1685236114307 HTTP/1.1" 200 22
114.83.218.148 - - [28/May/2023:09:11:22 +0800] "GET /xingrg/kc/buy/cgsh_order_operate.html?command=get_materiel&rest_code=00149&code=00101008131&supplier_code=00100008&order_time=2023-05-28 HTTP/1.1" 200 409
101.83.145.52 - - [28/May/2023:09:11:22 +0800] "GET /xingrg/all/function/internal_message.html?_=1685236114528&CODE_STATE=getMsg HTTP/1.1" 200 27
101.83.145.52 - - [28/May/2023:09:11:24 +0800] "GET /xingrg/all/function/internal_message.html?_=1685236285700&CODE_STATE=getMsg HTTP/1.1" 200 27
124.78.158.100 - - [28/May/2023:09:11:27 +0800] "GET /xingrg/all/function/internal_message.html?_=1685236287956&CODE_STATE=getMsg HTTP/1.1" 200 27
58.40.7.146 - - [28/May/2023:09:11:29 +0800] "GET /xingrg/all/function/internal_message.html?_=1685236289236&CODE_STATE=getMsg HTTP/1.1" 200 27
101.83.145.52 - - [28/May/2023:09:11:34 +0800] "GET /xingrg/kc/buy/cgsh_order_operate.html?command=get_materiel&rest_code=00105&code=00101002027&supplier_code=00100397&order_time=2023-05-28 HTTP/1.1" 200 413
101.83.145.52 - - [28/May/2023:09:11:40 +0800] "GET /xingrg/kc/base/wldb_order_operate.html?command=get_materiel&rest_code=00105&base_code=0010514&code=00101019375 HTTP/1.1" 200 464
101.85.192.2 - - [28/May/2023:09:11:44 +0800] "GET /xingrg/all/function/internal_message.html?_=1685236305758&CODE_STATE=getMsg HTTP/1.1" 200 27
222.67.234.146 - - [28/May/2023:09:11:44 +0800] "GET /xingrg/check_reg.html?_=1685235815613 HTTP/1.1" 200 22
101.229.168.164 - - [28/May/2023:09:11:44 +0800] "GET /xingrg/all/function/internal_message.html?_=1685236316556&CODE_STATE=getMsg HTTP/1.1" 200 27
222.67.234.146 - - [28/May/2023:09:11:47 +0800] "GET /xingrg/all/function/internal_message.html?_=1685236307689&CODE_STATE=getMsg HTTP/1.1" 200 27
116.232.195.127 - - [28/May/2023:09:11:48 +0800] "GET /xingrg/all/function/internal_message.html?_=1685236338547&CODE_STATE=getMsg HTTP/1.1" 200 27
116.232.195.127 - - [28/May/2023:09:11:48 +0800] "GET /xingrg/check_reg.html?_=1685236338783 HTTP/1.1" 200 22
114.83.218.148 - - [28/May/2023:09:11:50 +0800] "POST /xingrg/kc/buy/cgsh_order_operate.html HTTP/1.1" 200 37
