124.78.158.100 - - [28/May/2023:08:43:02 +0800] "GET /xingrg/all/function/internal_message.html?_=1685234582982&CODE_STATE=getMsg HTTP/1.1" 200 27
120.253.135.82 - - [28/May/2023:08:43:03 +0800] "GET /xingrg/all/function/internal_message.html?_=1685234420411&CODE_STATE=getMsg HTTP/1.1" 200 27
116.238.139.35 - - [28/May/2023:08:43:10 +0800] "GET /xingrg/all/function/internal_message.html?_=1685234501501&CODE_STATE=getMsg HTTP/1.1" 200 27
222.67.234.146 - - [28/May/2023:08:43:14 +0800] "GET /xingrg/all/function/internal_message.html?_=1685234105588&CODE_STATE=getMsg HTTP/1.1" 200 27
114.85.113.108 - - [28/May/2023:08:43:16 +0800] "GET /xingrg/all/function/internal_message.html?_=1685234569724&CODE_STATE=getMsg HTTP/1.1" 200 27
124.78.158.100 - - [28/May/2023:08:43:23 +0800] "GET /xingrg/kc/buy/cgsh_order_operate.html?command=get_materiel&rest_code=00106&code=00101011010&supplier_code=00100007&order_time=2023-05-28 HTTP/1.1" 200 418
101.83.145.52 - - [28/May/2023:08:43:24 +0800] "GET /xingrg/all/function/internal_message.html?_=1685234605610&CODE_STATE=getMsg HTTP/1.1" 200 27
101.83.145.52 - - [28/May/2023:08:43:24 +0800] "GET /xingrg/check_reg.html?_=1685234605615 HTTP/1.1" 200 22
124.78.158.100 - - [28/May/2023:08:43:27 +0800] "GET /xingrg/all/function/internal_message.html?_=1685234607806&CODE_STATE=getMsg HTTP/1.1" 200 27
58.40.7.146 - - [28/May/2023:08:43:29 +0800] "GET /xingrg/all/function/internal_message.html?_=1685234609242&CODE_STATE=getMsg HTTP/1.1" 200 27
218.81.74.160 - - [28/May/2023:08:43:32 +0800] "GET /xingrg/all/function/internal_message.html?_=1685234612924&CODE_STATE=getMsg HTTP/1.1" 200 27
222.70.172.86 - - [28/May/2023:08:43:34 +0800] "GET /xingrg/all/function/internal_message.html?_=1685234640262&CODE_STATE=getMsg HTTP/1.1" 200 27
124.78.158.100 - - [28/May/2023:08:43:35 +0800] "GET /xingrg/kc/buy/cgsh_order_operate.html?command=get_materiel&rest_code=00106&code=00101011005&supplier_code=00100007&order_time=2023-05-28 HTTP/1.1" 200 428
222.70.172.86 - - [28/May/2023:08:43:38 +0800] "GET /xingrg/check_reg.html?_=1685234644295 HTTP/1.1" 200 22
101.229.168.164 - - [28/May/2023:08:43:44 +0800] "GET /xingrg/all/function/internal_message.html?_=1685234636548&CODE_STATE=getMsg HTTP/1.1" 200 27
222.67.234.146 - - [28/May/2023:08:43:46 +0800] "GET /xingrg/login.html HTTP/1.1" 200 7641
222.67.234.146 - - [28/May/2023:08:43:47 +0800] "GET /favicon.ico HTTP/1.1" 404 -
116.232.195.127 - - [28/May/2023:08:43:48 +0800] "GET /xingrg/all/function/internal_message.html?_=1685234658767&CODE_STATE=getMsg HTTP/1.1" 200 27
124.78.158.100 - - [28/May/2023:08:43:51 +0800] "GET /xingrg/kc/buy/cgsh_order_operate.html?command=get_materiel&rest_code=00106&code=00101008210&supplier_code=00100007&order_time=2023-05-28 HTTP/1.1" 200 408
124.78.158.100 - - [28/May/2023:08:44:02 +0800] "GET /xingrg/all/function/internal_message.html?_=1685234642983&CODE_STATE=getMsg HTTP/1.1" 200 27
120.253.135.82 - - [28/May/2023:08:44:03 +0800] "GET /xingrg/all/function/internal_message.html?_=1685234480425&CODE_STATE=getMsg HTTP/1.1" 200 27
116.238.139.35 - - [28/May/2023:08:44:10 +0800] "GET /xingrg/all/function/internal_message.html?_=1685234561515&CODE_STATE=getMsg HTTP/1.1" 200 27
222.67.234.146 - - [28/May/2023:08:44:14 +0800] "GET /xingrg/all/function/internal_message.html?_=1685234165558&CODE_STATE=getMsg HTTP/1.1" 200 27
116.232.195.127 - - [28/May/2023:08:44:15 +0800] "GET /xingrg/javascript/auto/indicator.gif HTTP/1.1" 404 1066
114.85.113.108 - - [28/May/2023:08:44:16 +0800] "GET /xingrg/all/function/internal_message.html?_=1685234629710&CODE_STATE=getMsg HTTP/1.1" 200 27
116.232.195.127 - - [28/May/2023:08:44:16 +0800] "GET /xingrg/javascript/jquery_tools/images/prev.gif HTTP/1.1" 404 1086
116.232.195.127 - - [28/May/2023:08:44:16 +0800] "GET /xingrg/javascript/jquery_tools/images/next.gif HTTP/1.1" 404 1086
116.232.195.127 - - [28/May/2023:08:44:22 +0800] "GET /xingrg/kc/buy/cgsh_order_operate.html?command=get_materiel&rest_code=00155&code=00101002027&supplier_code=00100199&order_time=2023-05-28 HTTP/1.1" 200 413
101.83.145.52 - - [28/May/2023:08:44:24 +0800] "GET /xingrg/all/function/internal_message.html?_=1685234665600&CODE_STATE=getMsg HTTP/1.1" 200 27
124.78.158.100 - - [28/May/2023:08:44:27 +0800] "GET /xingrg/all/function/internal_message.html?_=1685234667806&CODE_STATE=getMsg HTTP/1.1" 200 27
58.40.7.146 - - [28/May/2023:08:44:29 +0800] "GET /xingrg/check_reg.html?_=1685234669228 HTTP/1.1" 200 22
58.40.7.146 - - [28/May/2023:08:44:29 +0800] "GET /xingrg/all/function/internal_message.html?_=1685234669229&CODE_STATE=getMsg HTTP/1.1" 200 27
218.81.74.160 - - [28/May/2023:08:44:32 +0800] "GET /xingrg/all/function/internal_message.html?_=1685234672924&CODE_STATE=getMsg HTTP/1.1" 200 27
222.70.172.86 - - [28/May/2023:08:44:34 +0800] "GET /xingrg/all/function/internal_message.html?_=1685234700268&CODE_STATE=getMsg HTTP/1.1" 200 27
116.232.195.127 - - [28/May/2023:08:44:39 +0800] "GET /xingrg/kc/buy/cgsh_order_operate.html?command=get_materiel&rest_code=00155&code=00101001125&supplier_code=00100199&order_time=2023-05-28 HTTP/1.1" 200 417
101.229.168.164 - - [28/May/2023:08:44:44 +0800] "GET /xingrg/all/function/internal_message.html?_=1685234696547&CODE_STATE=getMsg HTTP/1.1" 200 27
116.232.195.127 - - [28/May/2023:08:44:48 +0800] "GET /xingrg/all/function/internal_message.html?_=1685234718776&CODE_STATE=getMsg HTTP/1.1" 200 27
180.164.3.199 - - [28/May/2023:08:44:52 +0800] "POST /xingrg/services/DataTransmitService HTTP/1.1" 200 524
124.78.158.100 - - [28/May/2023:08:44:56 +0800] "GET /xingrg/kc/buy/cgsh_order_operate.html?command=get_materiel&rest_code=00106&code=00101008096&supplier_code=00100007&order_time=2023-05-28 HTTP/1.1" 200 412
116.232.195.127 - - [28/May/2023:08:44:58 +0800] "GET /xingrg/kc/buy/cgsh_order_operate.html?command=get_materiel&rest_code=00155&code=00101002022&supplier_code=00100199&order_time=2023-05-28 HTTP/1.1" 200 410
124.78.158.100 - - [28/May/2023:08:45:01 +0800] "POST /xingrg/kc/buy/cgsh_order_operate.html HTTP/1.1" 200 2065
124.78.158.100 - - [28/May/2023:08:45:02 +0800] "GET /xingrg/all/function/internal_message.html?_=1685234702980&CODE_STATE=getMsg HTTP/1.1" 200 27
120.253.135.82 - - [28/May/2023:08:45:04 +0800] "GET /xingrg/all/function/internal_message.html?_=1685234540721&CODE_STATE=getMsg HTTP/1.1" 200 27
116.238.139.35 - - [28/May/2023:08:45:10 +0800] "GET /xingrg/all/function/internal_message.html?_=1685234621542&CODE_STATE=getMsg HTTP/1.1" 200 27
116.232.195.127 - - [28/May/2023:08:45:14 +0800] "GET /xingrg/kc/buy/cgsh_order_operate.html?command=get_materiel&rest_code=00155&code=00101001052&supplier_code=00100199&order_time=2023-05-28 HTTP/1.1" 200 409
222.67.234.146 - - [28/May/2023:08:45:14 +0800] "GET /xingrg/all/function/internal_message.html?_=1685234225528&CODE_STATE=getMsg HTTP/1.1" 200 27
114.85.113.108 - - [28/May/2023:08:45:16 +0800] "GET /xingrg/all/function/internal_message.html?_=1685234689681&CODE_STATE=getMsg HTTP/1.1" 200 27
101.83.145.52 - - [28/May/2023:08:45:23 +0800] "GET /xingrg/index.html?sysBaseUrl=http%3A%2F%2F180.169.147.146%3A18081%2Fxingrg%2F&costTime=32×tamp=1585224308505 HTTP/1.1" 302 -
222.70.172.86 - - [28/May/2023:08:45:24 +0800] "GET /xingrg/kc/buy/cgsh_order_list.html HTTP/1.1" 200 55678
101.83.145.52 - - [28/May/2023:08:45:24 +0800] "GET /xingrg/all/function/internal_message.html?_=1685234725602&CODE_STATE=getMsg HTTP/1.1" 200 27
222.70.172.86 - - [28/May/2023:08:45:26 +0800] "POST /xingrg/kc/buy/cgsh_list_operate.html HTTP/1.1" 200 986
124.78.158.100 - - [28/May/2023:08:45:27 +0800] "GET /xingrg/all/function/internal_message.html?_=1685234727807&CODE_STATE=getMsg HTTP/1.1" 200 27
124.78.158.100 - - [28/May/2023:08:45:27 +0800] "GET /xingrg/check_reg.html?_=1685234727809 HTTP/1.1" 200 22
101.83.145.52 - - [28/May/2023:08:45:28 +0800] "GET /xingrg/login.html HTTP/1.1" 200 7641
101.83.145.52 - - [28/May/2023:08:45:29 +0800] "GET /xingrg/images/blue/jxLogo.png HTTP/1.1" 304 -
58.40.7.146 - - [28/May/2023:08:45:29 +0800] "GET /xingrg/all/function/internal_message.html?_=1685234729230&CODE_STATE=getMsg HTTP/1.1" 200 27
222.70.172.86 - - [28/May/2023:08:45:29 +0800] "GET /xingrg/kc/buy/cgsh_order_add.html HTTP/1.1" 200 71454
222.70.172.86 - - [28/May/2023:08:45:29 +0800] "POST /xingrg/kc/buy/cgsh_order_operate.html HTTP/1.1" 200 8245
222.70.172.86 - - [28/May/2023:08:45:30 +0800] "GET /xingrg/all/common/auto_word.html?type=employee&rest_code=00146 HTTP/1.1" 200 101
222.70.172.86 - - [28/May/2023:08:45:30 +0800] "GET /xingrg/javascript/easyui/themes/default/validatebox.css HTTP/1.1" 404 1104
222.70.172.86 - - [28/May/2023:08:45:30 +0800] "GET /xingrg/all/common/auto_word.html?type=employee&rest_code=00146 HTTP/1.1" 200 101
218.81.74.160 - - [28/May/2023:08:45:32 +0800] "GET /xingrg/all/function/internal_message.html?_=1685234732923&CODE_STATE=getMsg HTTP/1.1" 200 27
101.83.145.52 - - [28/May/2023:08:45:32 +0800] "GET /xingrg/images/blue/login_bg.png HTTP/1.1" 304 -
101.83.145.52 - - [28/May/2023:08:45:32 +0800] "GET /xingrg/images/blue/hj.png HTTP/1.1" 304 -
101.83.145.52 - - [28/May/2023:08:45:33 +0800] "GET /xingrg/images/blue/srbg.png HTTP/1.1" 304 -
101.83.145.52 - - [28/May/2023:08:45:34 +0800] "GET /favicon.ico HTTP/1.1" 404 -
116.232.195.127 - - [28/May/2023:08:45:34 +0800] "GET /xingrg/kc/buy/cgsh_order_operate.html?command=get_materiel&rest_code=00155&code=00101031012&supplier_code=00100199&order_time=2023-05-28 HTTP/1.1" 200 417
222.70.172.86 - - [28/May/2023:08:45:35 +0800] "GET /xingrg/all/function/internal_message.html?_=1685234760734&CODE_STATE=getMsg HTTP/1.1" 200 27
124.78.158.100 - - [28/May/2023:08:45:39 +0800] "GET /xingrg/kc/buy/cgsh_order_operate.html?command=get_materiel&rest_code=00106&code=00101008321&supplier_code=00100007&order_time=2023-05-28 HTTP/1.1" 200 412
101.229.168.164 - - [28/May/2023:08:45:44 +0800] "GET /xingrg/all/function/internal_message.html?_=1685234756546&CODE_STATE=getMsg HTTP/1.1" 200 27
116.232.195.127 - - [28/May/2023:08:45:45 +0800] "POST /xingrg/kc/buy/cgsh_order_operate.html HTTP/1.1" 200 37
222.67.234.146 - - [28/May/2023:08:45:47 +0800] "POST /xingrg/login.do HTTP/1.1" 302 -
116.232.195.127 - - [28/May/2023:08:45:47 +0800] "POST /xingrg/kc/buy/cgsh_order_operate.html HTTP/1.1" 200 5633
222.67.234.146 - - [28/May/2023:08:45:47 +0800] "GET /xingrg/index.html?sysBaseUrl=http%3A%2F%2F180.169.147.146%3A18081%2Fxingrg%2F&costTime=855×tamp=1685234747188 HTTP/1.1" 200 17503
222.67.234.146 - - [28/May/2023:08:45:47 +0800] "GET /favicon.ico HTTP/1.1" 404 -
222.67.234.146 - - [28/May/2023:08:45:47 +0800] "GET /xingrg/all/function/internal_message.html?_=1685234747558&CODE_STATE=count HTTP/1.1" 200 11
222.67.234.146 - - [28/May/2023:08:45:47 +0800] "GET /xingrg/check_reg.html?_=1685234747559 HTTP/1.1" 200 22
222.67.234.146 - - [28/May/2023:08:45:47 +0800] "POST /xingrg/all/common/load_tree.html?tree=area_rest_tree_json&manage=1 HTTP/1.1" 200 3499
222.67.234.146 - - [28/May/2023:08:45:47 +0800] "POST /xingrg/load_menu.html HTTP/1.1" 200 11443
116.232.195.127 - - [28/May/2023:08:45:48 +0800] "GET /xingrg/kc/print/load_config.html?kc_code=cgsh HTTP/1.1" 200 1924
222.70.172.86 - - [28/May/2023:08:45:48 +0800] "GET /xingrg/kc/buy/cgsh_order_operate.html?command=get_materiel&rest_code=00146&code=00101008176&supplier_code=00100005&order_time=2023-05-28 HTTP/1.1" 200 413
116.232.195.127 - - [28/May/2023:08:45:48 +0800] "GET /xingrg/all/function/internal_message.html?_=1685234778762&CODE_STATE=getMsg HTTP/1.1" 200 27
116.232.195.127 - - [28/May/2023:08:45:48 +0800] "GET /xingrg/kc/print/load_data.html?order_code=212023052810508&kc_code=cgsh&condition= HTTP/1.1" 200 1820
116.232.195.127 - - [28/May/2023:08:45:54 +0800] "GET /xingrg/kc/print/load_data.html?order_code=212023052810508&kc_code=cgsh HTTP/1.1" 200 1820
124.78.158.100 - - [28/May/2023:08:46:02 +0800] "GET /xingrg/all/function/internal_message.html?_=1685234762981&CODE_STATE=getMsg HTTP/1.1" 200 27
124.78.158.100 - - [28/May/2023:08:46:02 +0800] "GET /xingrg/check_reg.html?_=1685234762984 HTTP/1.1" 200 22
120.253.135.82 - - [28/May/2023:08:46:04 +0800] "GET /xingrg/all/function/internal_message.html?_=1685234600734&CODE_STATE=getMsg HTTP/1.1" 200 27
124.78.158.100 - - [28/May/2023:08:46:05 +0800] "GET /xingrg/kc/buy/cgsh_order_operate.html?command=get_materiel&rest_code=00106&code=00101008300&supplier_code=00100007&order_time=2023-05-28 HTTP/1.1" 200 412
116.232.195.127 - - [28/May/2023:08:46:10 +0800] "GET /xingrg/kc/buy/cgsh_order_add.html HTTP/1.1" 200 71501
116.232.195.127 - - [28/May/2023:08:46:10 +0800] "POST /xingrg/kc/buy/cgsh_order_operate.html HTTP/1.1" 200 8245
116.238.139.35 - - [28/May/2023:08:46:10 +0800] "GET /xingrg/all/function/internal_message.html?_=1685234681557&CODE_STATE=getMsg HTTP/1.1" 200 27
116.232.195.127 - - [28/May/2023:08:46:10 +0800] "GET /xingrg/javascript/easyui/themes/default/validatebox.css HTTP/1.1" 404 1104
222.70.172.86 - - [28/May/2023:08:46:12 +0800] "GET /xingrg/kc/buy/cgsh_order_operate.html?command=get_materiel&rest_code=00146&code=00101008207&supplier_code=00100005&order_time=2023-05-28 HTTP/1.1" 200 408
222.67.234.146 - - [28/May/2023:08:46:14 +0800] "GET /xingrg/all/function/internal_message.html?_=1685234285499&CODE_STATE=getMsg HTTP/1.1" 200 27
114.85.113.108 - - [28/May/2023:08:46:16 +0800] "GET /xingrg/all/function/internal_message.html?_=1685234749666&CODE_STATE=getMsg HTTP/1.1" 200 27
124.78.158.100 - - [28/May/2023:08:46:20 +0800] "GET /xingrg/kc/buy/cgsh_order_operate.html?command=get_materiel&rest_code=00106&code=00101008357&supplier_code=00100007&order_time=2023-05-28 HTTP/1.1" 200 408
101.83.145.52 - - [28/May/2023:08:46:21 +0800] "POST /xingrg/login.do HTTP/1.1" 302 -
101.83.145.52 - - [28/May/2023:08:46:21 +0800] "GET /xingrg/index.html?sysBaseUrl=http%3A%2F%2F180.169.147.146%3A18081%2Fxingrg%2F&costTime=806×tamp=1685234781710 HTTP/1.1" 200 17173
101.83.145.52 - - [28/May/2023:08:46:21 +0800] "GET /xingrg/javascript/jquery_easy_ui/themes/default/easyui.css HTTP/1.1" 304 -
101.83.145.52 - - [28/May/2023:08:46:21 +0800] "GET /xingrg/javascript/jquery_easy_ui/themes/icon.css HTTP/1.1" 304 -
101.83.145.52 - - [28/May/2023:08:46:21 +0800] "GET /xingrg/css/form.css HTTP/1.1" 304 -
101.83.145.52 - - [28/May/2023:08:46:21 +0800] "GET /xingrg/javascript/jquery-1.4.2.min.js HTTP/1.1" 304 -
101.83.145.52 - - [28/May/2023:08:46:21 +0800] "GET /xingrg/javascript/jquery_easy_ui/jquery.easyui.min.js HTTP/1.1" 304 -
101.83.145.52 - - [28/May/2023:08:46:21 +0800] "GET /xingrg/javascript/jquery_easy_ui/easyui-lang-zh_CN.js HTTP/1.1" 304 -
101.83.145.52 - - [28/May/2023:08:46:21 +0800] "GET /xingrg/javascript/jquery.form.js HTTP/1.1" 304 -
101.83.145.52 - - [28/May/2023:08:46:21 +0800] "GET /xingrg/javascript/jquery.utils.js HTTP/1.1" 304 -
101.83.145.52 - - [28/May/2023:08:46:21 +0800] "GET /xingrg/javascript/jquery.timers.js HTTP/1.1" 304 -
101.83.145.52 - - [28/May/2023:08:46:22 +0800] "GET /favicon.ico HTTP/1.1" 404 -
101.83.145.52 - - [28/May/2023:08:46:22 +0800] "GET /xingrg/javascript/jquery_easy_ui/themes/icons/settle_new.png HTTP/1.1" 304 -
101.83.145.52 - - [28/May/2023:08:46:22 +0800] "GET /xingrg/images/blue/navBackgound.jpg HTTP/1.1" 304 -
222.70.172.86 - - [28/May/2023:08:46:22 +0800] "GET /xingrg/kc/buy/cgsh_order_operate.html?command=get_materiel&rest_code=00146&code=00101008290&supplier_code=00100005&order_time=2023-05-28 HTTP/1.1" 200 416
101.83.145.52 - - [28/May/2023:08:46:22 +0800] "POST /xingrg/all/common/load_tree.html?tree=area_rest_tree_json&manage=1 HTTP/1.1" 200 342
116.232.195.127 - - [28/May/2023:08:46:22 +0800] "GET /xingrg/kc/buy/cgsh_order_operate.html?command=get_materiel&rest_code=00155&code=00101015074&supplier_code=00100037&order_time=2023-05-28 HTTP/1.1" 200 408
101.83.145.52 - - [28/May/2023:08:46:22 +0800] "GET /xingrg/all/function/internal_message.html?_=1685234614265&CODE_STATE=count HTTP/1.1" 200 11
101.83.145.52 - - [28/May/2023:08:46:22 +0800] "GET /xingrg/check_reg.html?_=1685234614266 HTTP/1.1" 200 22
101.83.145.52 - - [28/May/2023:08:46:22 +0800] "GET /xingrg/images/blue/pingpu.png HTTP/1.1" 304 -
101.83.145.52 - - [28/May/2023:08:46:22 +0800] "GET /xingrg/javascript/jquery_easy_ui/themes/default/images/tabs_leftarrow.png HTTP/1.1" 304 -
101.83.145.52 - - [28/May/2023:08:46:22 +0800] "GET /xingrg/javascript/jquery_easy_ui/themes/default/images/tabs_rightarrow.png HTTP/1.1" 304 -
101.83.145.52 - - [28/May/2023:08:46:22 +0800] "GET /xingrg/javascript/jquery_easy_ui/themes/default/images/panel_tool_collapse.gif HTTP/1.1" 304 -
101.83.145.52 - - [28/May/2023:08:46:22 +0800] "POST /xingrg/load_menu.html HTTP/1.1" 200 5138
101.83.145.52 - - [28/May/2023:08:46:22 +0800] "GET /xingrg/javascript/jquery_easy_ui/themes/default/images/tree_arrows.gif HTTP/1.1" 304 -
101.83.145.52 - - [28/May/2023:08:46:22 +0800] "GET /xingrg/javascript/jquery_easy_ui/themes/default/images/tree_folder_open.gif HTTP/1.1" 304 -
101.83.145.52 - - [28/May/2023:08:46:22 +0800] "GET /xingrg/javascript/jquery_easy_ui/themes/icons/search_new.png HTTP/1.1" 304 -
101.83.145.52 - - [28/May/2023:08:46:22 +0800] "GET /xingrg/javascript/jquery_easy_ui/themes/default/images/tree_folder.gif HTTP/1.1" 304 -
101.83.145.52 - - [28/May/2023:08:46:22 +0800] "GET /xingrg/javascript/jquery_easy_ui/themes/icons/storage_new.png HTTP/1.1" 304 -
101.83.145.52 - - [28/May/2023:08:46:22 +0800] "GET /xingrg/javascript/jquery_easy_ui/themes/icons/forms_new.png HTTP/1.1" 304 -
101.83.145.52 - - [28/May/2023:08:46:23 +0800] "GET /xingrg/javascript/jquery_easy_ui/themes/default/images/tree_file.gif HTTP/1.1" 304 -
101.83.145.52 - - [28/May/2023:08:46:24 +0800] "GET /xingrg/all/function/internal_message.html?_=1685234785604&CODE_STATE=getMsg HTTP/1.1" 200 27
124.78.158.100 - - [28/May/2023:08:46:27 +0800] "GET /xingrg/all/function/internal_message.html?_=1685234787809&CODE_STATE=getMsg HTTP/1.1" 200 27
58.40.7.146 - - [28/May/2023:08:46:29 +0800] "GET /xingrg/all/function/internal_message.html?_=1685234789233&CODE_STATE=getMsg HTTP/1.1" 200 27
218.81.74.160 - - [28/May/2023:08:46:32 +0800] "GET /xingrg/all/function/internal_message.html?_=1685234792924&CODE_STATE=getMsg HTTP/1.1" 200 27
116.232.195.127 - - [28/May/2023:08:46:34 +0800] "GET /xingrg/kc/buy/cgsh_order_operate.html?command=get_materiel&rest_code=00155&code=00101023022&supplier_code=00100037&order_time=2023-05-28 HTTP/1.1" 200 406
222.70.172.86 - - [28/May/2023:08:46:35 +0800] "GET /xingrg/all/function/internal_message.html?_=1685234820748&CODE_STATE=getMsg HTTP/1.1" 200 27
222.70.172.86 - - [28/May/2023:08:46:39 +0800] "GET /xingrg/kc/buy/cgsh_order_operate.html?command=get_materiel&rest_code=00146&code=00101008003&supplier_code=00100005&order_time=2023-05-28 HTTP/1.1" 200 408
124.78.158.100 - - [28/May/2023:08:46:39 +0800] "GET /xingrg/kc/buy/cgsh_order_operate.html?command=get_materiel&rest_code=00106&code=00101008213&supplier_code=00100007&order_time=2023-05-28 HTTP/1.1" 200 412
116.232.195.127 - - [28/May/2023:08:46:41 +0800] "GET /xingrg/kc/buy/cgsh_order_operate.html?command=get_materiel&rest_code=00155&code=00101007067&supplier_code=00100037&order_time=2023-05-28 HTTP/1.1" 200 409
124.78.158.100 - - [28/May/2023:08:46:42 +0800] "POST /xingrg/kc/buy/cgsh_order_operate.html HTTP/1.1" 200 2065
222.67.234.146 - - [28/May/2023:08:46:44 +0800] "GET /xingrg/check_reg.html?_=1685234315555 HTTP/1.1" 200 22
101.229.168.164 - - [28/May/2023:08:46:44 +0800] "GET /xingrg/all/function/internal_message.html?_=1685234816545&CODE_STATE=getMsg HTTP/1.1" 200 27
222.67.234.146 - - [28/May/2023:08:46:47 +0800] "GET /xingrg/all/function/internal_message.html?_=1685234807567&CODE_STATE=getMsg HTTP/1.1" 200 27
116.232.195.127 - - [28/May/2023:08:46:48 +0800] "GET /xingrg/check_reg.html?_=1685234838773 HTTP/1.1" 200 22
116.232.195.127 - - [28/May/2023:08:46:48 +0800] "GET /xingrg/all/function/internal_message.html?_=1685234838777&CODE_STATE=getMsg HTTP/1.1" 200 27
222.70.180.90 - - [28/May/2023:08:46:50 +0800] "POST /xingrg/services/DataTransmitService HTTP/1.1" 200 524
124.79.246.33 - - [28/May/2023:08:46:51 +0800] "POST /xingrg/services/DataTransmitService HTTP/1.1" 200 524
222.70.172.86 - - [28/May/2023:08:46:51 +0800] "GET /xingrg/kc/buy/cgsh_order_operate.html?command=get_materiel&rest_code=00146&code=00101008087&supplier_code=00100005&order_time=2023-05-28 HTTP/1.1" 200 412
116.232.195.127 - - [28/May/2023:08:47:01 +0800] "GET /xingrg/kc/buy/cgsh_order_operate.html?command=get_materiel&rest_code=00155&code=00101020087&supplier_code=00100037&order_time=2023-05-28 HTTP/1.1" 200 409
124.78.158.100 - - [28/May/2023:08:47:02 +0800] "GET /xingrg/all/function/internal_message.html?_=1685234823003&CODE_STATE=getMsg HTTP/1.1" 200 27
222.70.172.86 - - [28/May/2023:08:47:03 +0800] "GET /xingrg/kc/buy/cgsh_order_operate.html?command=get_materiel&rest_code=00146&code=00101008067&supplier_code=00100005&order_time=2023-05-28 HTTP/1.1" 200 416
120.253.135.82 - - [28/May/2023:08:47:04 +0800] "GET /xingrg/all/function/internal_message.html?_=1685234661049&CODE_STATE=getMsg HTTP/1.1" 200 27
116.238.139.35 - - [28/May/2023:08:47:10 +0800] "GET /xingrg/all/function/internal_message.html?_=1685234741586&CODE_STATE=getMsg HTTP/1.1" 200 27
222.67.234.146 - - [28/May/2023:08:47:14 +0800] "GET /xingrg/all/function/internal_message.html?_=1685234345480&CODE_STATE=getMsg HTTP/1.1" 200 27
222.70.172.86 - - [28/May/2023:08:47:15 +0800] "GET /xingrg/kc/buy/cgsh_order_operate.html?command=get_materiel&rest_code=00146&code=00101008213&supplier_code=00100005&order_time=2023-05-28 HTTP/1.1" 200 412
114.85.113.108 - - [28/May/2023:08:47:16 +0800] "GET /xingrg/all/function/internal_message.html?_=1685234809653&CODE_STATE=getMsg HTTP/1.1" 200 27
116.232.195.127 - - [28/May/2023:08:47:20 +0800] "GET /xingrg/kc/buy/cgsh_order_operate.html?command=get_materiel&rest_code=00155&code=00101011013&supplier_code=00100037&order_time=2023-05-28 HTTP/1.1" 200 413
101.83.145.52 - - [28/May/2023:08:47:22 +0800] "GET /xingrg/all/function/internal_message.html?_=1685234674275&CODE_STATE=getMsg HTTP/1.1" 200 27
101.83.145.52 - - [28/May/2023:08:47:24 +0800] "GET /xingrg/all/function/internal_message.html?_=1685234845604&CODE_STATE=getMsg HTTP/1.1" 200 27
222.70.172.86 - - [28/May/2023:08:47:26 +0800] "GET /xingrg/kc/buy/cgsh_order_operate.html?command=get_materiel&rest_code=00146&code=00101008239&supplier_code=00100005&order_time=2023-05-28 HTTP/1.1" 200 416
124.78.158.100 - - [28/May/2023:08:47:27 +0800] "GET /xingrg/all/function/internal_message.html?_=1685234847837&CODE_STATE=getMsg HTTP/1.1" 200 27
58.40.7.146 - - [28/May/2023:08:47:29 +0800] "GET /xingrg/all/function/internal_message.html?_=1685234849235&CODE_STATE=getMsg HTTP/1.1" 200 27
124.78.158.100 - - [28/May/2023:08:47:32 +0800] "GET /xingrg/kc/buy/cgsh_order_operate.html?command=get_materiel&rest_code=00106&code=00101008323&supplier_code=00100007&order_time=2023-05-28 HTTP/1.1" 200 408
218.81.74.160 - - [28/May/2023:08:47:32 +0800] "GET /xingrg/check_reg.html?_=1685234852922 HTTP/1.1" 200 22
218.81.74.160 - - [28/May/2023:08:47:32 +0800] "GET /xingrg/all/function/internal_message.html?_=1685234852924&CODE_STATE=getMsg HTTP/1.1" 200 27
116.232.195.127 - - [28/May/2023:08:47:33 +0800] "GET /xingrg/kc/buy/cgsh_order_operate.html?command=get_materiel&rest_code=00155&code=00101011005&supplier_code=00100037&order_time=2023-05-28 HTTP/1.1" 200 428
222.70.172.86 - - [28/May/2023:08:47:35 +0800] "GET /xingrg/all/function/internal_message.html?_=1685234880762&CODE_STATE=getMsg HTTP/1.1" 200 27
222.70.172.86 - - [28/May/2023:08:47:37 +0800] "GET /xingrg/kc/buy/cgsh_order_operate.html?command=get_materiel&rest_code=00146&code=00101008403&supplier_code=00100005&order_time=2023-05-28 HTTP/1.1" 200 412
101.229.168.164 - - [28/May/2023:08:47:44 +0800] "GET /xingrg/all/function/internal_message.html?_=1685234876546&CODE_STATE=getMsg HTTP/1.1" 200 27
101.229.168.164 - - [28/May/2023:08:47:45 +0800] "GET /xingrg/check_reg.html?_=1685234877297 HTTP/1.1" 200 22
222.67.234.146 - - [28/May/2023:08:47:47 +0800] "GET /xingrg/all/function/internal_message.html?_=1685234867563&CODE_STATE=getMsg HTTP/1.1" 200 27
222.70.172.86 - - [28/May/2023:08:47:48 +0800] "GET /xingrg/kc/buy/cgsh_order_operate.html?command=get_materiel&rest_code=00146&code=00101008256&supplier_code=00100005&order_time=2023-05-28 HTTP/1.1" 200 413
116.232.195.127 - - [28/May/2023:08:47:48 +0800] "GET /xingrg/all/function/internal_message.html?_=1685234898787&CODE_STATE=getMsg HTTP/1.1" 200 27
114.85.113.108 - - [28/May/2023:08:47:52 +0800] "GET /xingrg/check_reg.html?_=1685234845818 HTTP/1.1" 200 22
120.253.135.82 - - [28/May/2023:08:47:52 +0800] "GET /xingrg/check_reg.html?_=1685234709454 HTTP/1.1" 200 22
116.238.139.35 - - [28/May/2023:08:47:55 +0800] "GET /xingrg/check_reg.html?_=1685234785742 HTTP/1.1" 200 22
124.78.158.100 - - [28/May/2023:08:47:56 +0800] "GET /xingrg/kc/buy/cgsh_order_operate.html?command=get_materiel&rest_code=00106&code=00101008215&supplier_code=00100007&order_time=2023-05-28 HTTP/1.1" 200 413
101.83.145.52 - - [28/May/2023:08:47:58 +0800] "GET /xingrg/kc/mdqp/qp_main.html HTTP/1.1" 200 10633
101.83.145.52 - - [28/May/2023:08:47:58 +0800] "GET /xingrg/css/blue.css HTTP/1.1" 304 -
101.83.145.52 - - [28/May/2023:08:47:58 +0800] "GET /xingrg/javascript/jquery_easy_ui/themes/default/images/tabs_close.gif HTTP/1.1" 304 -
101.83.145.52 - - [28/May/2023:08:47:58 +0800] "GET /xingrg/javascript/jquery_ui/themes/humanity/humanity.css HTTP/1.1" 304 -
101.83.145.52 - - [28/May/2023:08:47:58 +0800] "GET /xingrg/javascript/pic_change.js HTTP/1.1" 304 -
101.83.145.52 - - [28/May/2023:08:47:58 +0800] "GET /xingrg/javascript/ToolTips.js HTTP/1.1" 304 -
101.83.145.52 - - [28/May/2023:08:47:58 +0800] "GET /xingrg/javascript/myfunction.js HTTP/1.1" 304 -
101.83.145.52 - - [28/May/2023:08:47:58 +0800] "GET /xingrg/javascript/jquery_ui/jquery-ui.min.js HTTP/1.1" 304 -
101.83.145.52 - - [28/May/2023:08:47:58 +0800] "GET /xingrg/images/blue/button/cgxqd.gif HTTP/1.1" 304 -
101.83.145.52 - - [28/May/2023:08:47:58 +0800] "GET /xingrg/images/blue/button/qqpsd.gif HTTP/1.1" 304 -
101.83.145.52 - - [28/May/2023:08:47:58 +0800] "GET /xingrg/images/blue/button/pszx.gif HTTP/1.1" 304 -
101.83.145.52 - - [28/May/2023:08:47:58 +0800] "GET /xingrg/images/blue/button/psshd.gif HTTP/1.1" 304 -
101.83.145.52 - - [28/May/2023:08:47:58 +0800] "GET /xingrg/images/blue/pic_form2.gif HTTP/1.1" 304 -
101.83.145.52 - - [28/May/2023:08:47:58 +0800] "GET /xingrg/javascript/jquery_ui/themes/humanity/images/ui-bg_inset-soft_100_f4f0ec_1x100.png HTTP/1.1" 304 -
101.83.145.52 - - [28/May/2023:08:47:58 +0800] "GET /xingrg/images/blue/bg_dotted.jpg HTTP/1.1" 304 -
101.83.145.52 - - [28/May/2023:08:47:58 +0800] "GET /xingrg/images/blue/button/right_ah.jpg HTTP/1.1" 304 -
101.83.145.52 - - [28/May/2023:08:47:58 +0800] "GET /xingrg/images/blue/button/down_ah.jpg HTTP/1.1" 304 -
101.83.145.52 - - [28/May/2023:08:47:59 +0800] "GET /xingrg/javascript/jquery_ui/themes/humanity/images/ui-iconsnew.jpg HTTP/1.1" 304 -
101.83.145.52 - - [28/May/2023:08:47:59 +0800] "GET /xingrg/javascript/jquery_ui/themes/humanity/images/ui-icons_ffffff_256x240.png HTTP/1.1" 304 -
101.83.145.52 - - [28/May/2023:08:47:59 +0800] "GET /xingrg/javascript/jquery_ui/themes/humanity/images/ui-icons_c47a23_256x240.png HTTP/1.1" 304 -
101.83.145.52 - - [28/May/2023:08:47:59 +0800] "GET /xingrg/javascript/jquery_ui/themes/humanity/images/ui-bg_glass_70_ede4d4_1x400.png HTTP/1.1" 304 -
101.83.145.52 - - [28/May/2023:08:47:59 +0800] "GET /xingrg/images/yd/bt.gif HTTP/1.1" 404 1040
101.83.145.52 - - [28/May/2023:08:48:00 +0800] "GET /xingrg/kc/mdqp/pssh_order_list.html HTTP/1.1" 200 17928
101.83.145.52 - - [28/May/2023:08:48:00 +0800] "GET /xingrg/css/base.css HTTP/1.1" 304 -
101.83.145.52 - - [28/May/2023:08:48:00 +0800] "GET /xingrg/css/site.css HTTP/1.1" 304 -
101.83.145.52 - - [28/May/2023:08:48:00 +0800] "GET /xingrg/javascript/jquery_tools/datebox.css HTTP/1.1" 304 -
101.83.145.52 - - [28/May/2023:08:48:00 +0800] "GET /xingrg/javascript/easyui/themes/default/easyui.css HTTP/1.1" 304 -
101.83.145.52 - - [28/May/2023:08:48:00 +0800] "GET /xingrg/javascript/easyui/themes/icon.css HTTP/1.1" 304 -
101.83.145.52 - - [28/May/2023:08:48:00 +0800] "GET /xingrg/javascript/auto/jquery.autocomplete.css HTTP/1.1" 304 -
101.83.145.52 - - [28/May/2023:08:48:00 +0800] "GET /xingrg/javascript/jquery_tools/fix.css HTTP/1.1" 304 -
101.83.145.52 - - [28/May/2023:08:48:00 +0800] "GET /xingrg/javascript/jquery_tools/table.css HTTP/1.1" 304 -
101.83.145.52 - - [28/May/2023:08:48:00 +0800] "GET /xingrg/javascript/jquery_tools/jquery.tools.min.js HTTP/1.1" 304 -
101.83.145.52 - - [28/May/2023:08:48:00 +0800] "GET /xingrg/javascript/jquery_tools/jquery.tools.extend.js HTTP/1.1" 304 -
101.83.145.52 - - [28/May/2023:08:48:00 +0800] "GET /xingrg/javascript/jquery_tools/jquery.tools.hotkey.js HTTP/1.1" 304 -
101.83.145.52 - - [28/May/2023:08:48:00 +0800] "GET /xingrg/javascript/jquery_tools/jquery.tools.table.js HTTP/1.1" 304 -
101.83.145.52 - - [28/May/2023:08:48:00 +0800] "GET /xingrg/javascript/jquery_tools/list_manager.js HTTP/1.1" 304 -
101.83.145.52 - - [28/May/2023:08:48:00 +0800] "GET /xingrg/javascript/auto/jquery.autocomplete.js HTTP/1.1" 304 -
101.83.145.52 - - [28/May/2023:08:48:00 +0800] "GET /xingrg/javascript/easyui/easyloader.js HTTP/1.1" 304 -
101.83.145.52 - - [28/May/2023:08:48:00 +0800] "GET /xingrg/javascript/jquery.cookie.js HTTP/1.1" 304 -
101.83.145.52 - - [28/May/2023:08:48:01 +0800] "GET /xingrg/javascript/easyui/themes/icons/field_new.png HTTP/1.1" 304 -
101.83.145.52 - - [28/May/2023:08:48:01 +0800] "GET /xingrg/javascript/easyui/plugins/jquery.parser.js HTTP/1.1" 304 -
101.83.145.52 - - [28/May/2023:08:48:01 +0800] "GET /xingrg/images/control/ajaxLoader.gif HTTP/1.1" 304 -
101.83.145.52 - - [28/May/2023:08:48:01 +0800] "POST /xingrg/kc/mdqp/pssh_list_operate.html HTTP/1.1" 200 5382
124.78.158.100 - - [28/May/2023:08:48:02 +0800] "GET /xingrg/all/function/internal_message.html?_=1685234883013&CODE_STATE=getMsg HTTP/1.1" 200 27
222.70.172.86 - - [28/May/2023:08:48:03 +0800] "GET /xingrg/kc/buy/cgsh_order_operate.html?command=get_materiel&rest_code=00146&code=00101008210&supplier_code=00100005&order_time=2023-05-28 HTTP/1.1" 200 408
120.253.135.82 - - [28/May/2023:08:48:04 +0800] "GET /xingrg/all/function/internal_message.html?_=1685234721057&CODE_STATE=getMsg HTTP/1.1" 200 27
116.232.195.127 - - [28/May/2023:08:48:08 +0800] "POST /xingrg/kc/buy/cgsh_order_operate.html HTTP/1.1" 200 37
116.238.139.35 - - [28/May/2023:08:48:10 +0800] "GET /xingrg/all/function/internal_message.html?_=1685234801600&CODE_STATE=getMsg HTTP/1.1" 200 27
116.232.195.127 - - [28/May/2023:08:48:13 +0800] "POST /xingrg/kc/buy/cgsh_order_operate.html HTTP/1.1" 200 5596
222.67.234.146 - - [28/May/2023:08:48:14 +0800] "GET /xingrg/all/function/internal_message.html?_=1685234405458&CODE_STATE=getMsg HTTP/1.1" 200 27
222.70.172.86 - - [28/May/2023:08:48:15 +0800] "GET /xingrg/kc/buy/cgsh_order_operate.html?command=get_materiel&rest_code=00146&code=00101008350&supplier_code=00100005&order_time=2023-05-28 HTTP/1.1" 200 408
114.85.113.108 - - [28/May/2023:08:48:16 +0800] "GET /xingrg/all/function/internal_message.html?_=1685234869634&CODE_STATE=getMsg HTTP/1.1" 200 27
101.83.145.52 - - [28/May/2023:08:48:19 +0800] "POST /xingrg/kc/mdqp/pssh_list_operate.html HTTP/1.1" 200 783
124.78.158.100 - - [28/May/2023:08:48:19 +0800] "GET /xingrg/kc/buy/cgsh_order_operate.html?command=get_materiel&rest_code=00106&code=00101008257&supplier_code=00100007&order_time=2023-05-28 HTTP/1.1" 200 416
101.83.145.52 - - [28/May/2023:08:48:20 +0800] "GET /xingrg/kc/mdqp/pssh_order_info.html?code=312023052600527 HTTP/1.1" 200 17297
101.83.145.52 - - [28/May/2023:08:48:20 +0800] "GET /xingrg/javascript/jquery_tools/jquery-1.4.2.min.js HTTP/1.1" 404 1094
101.83.145.52 - - [28/May/2023:08:48:20 +0800] "GET /xingrg/javascript/jquery_tools/order_manager.js HTTP/1.1" 304 -
101.83.145.52 - - [28/May/2023:08:48:20 +0800] "GET /xingrg/javascript/convert.js HTTP/1.1" 304 -
101.83.145.52 - - [28/May/2023:08:48:20 +0800] "GET /xingrg/javascript/json2.js HTTP/1.1" 304 -
101.83.145.52 - - [28/May/2023:08:48:20 +0800] "GET /xingrg/javascript/print/kc_print.js HTTP/1.1" 304 -
101.83.145.52 - - [28/May/2023:08:48:20 +0800] "GET /xingrg/javascript/print/LodopFuncs.js HTTP/1.1" 304 -
101.83.145.52 - - [28/May/2023:08:48:20 +0800] "GET /xingrg/words/20230527154709_words.js HTTP/1.1" 200 965973
101.83.145.52 - - [28/May/2023:08:48:21 +0800] "GET /xingrg/javascript/easyui/themes/icons/print.png HTTP/1.1" 304 -
101.83.145.52 - - [28/May/2023:08:48:21 +0800] "GET /xingrg/javascript/easyui/themes/icons/back_new.png HTTP/1.1" 304 -
101.83.145.52 - - [28/May/2023:08:48:21 +0800] "GET /xingrg/javascript/easyui/themes/icons/check_new.png HTTP/1.1" 304 -
101.83.145.52 - - [28/May/2023:08:48:21 +0800] "GET /xingrg/javascript/easyui/themes/icons/ok.png HTTP/1.1" 304 -
101.83.145.52 - - [28/May/2023:08:48:21 +0800] "GET /xingrg/javascript/easyui/themes/icons/cance_new.png HTTP/1.1" 304 -
101.83.145.52 - - [28/May/2023:08:48:21 +0800] "GET /xingrg/javascript/easyui/themes/default/images/menu_downarrow.png HTTP/1.1" 304 -
101.83.145.52 - - [28/May/2023:08:48:21 +0800] "GET /xingrg/javascript/easyui/themes/default/validatebox.css HTTP/1.1" 404 1104
101.83.145.52 - - [28/May/2023:08:48:21 +0800] "GET /xingrg/javascript/easyui/plugins/jquery.validatebox.js HTTP/1.1" 304 -
101.83.145.52 - - [28/May/2023:08:48:21 +0800] "GET /xingrg/javascript/easyui/plugins/jquery.numberbox.js HTTP/1.1" 304 -
101.83.145.52 - - [28/May/2023:08:48:21 +0800] "GET /xingrg/all/common/auto_word.html?type=employee&rest_code=00105 HTTP/1.1" 200 193
101.83.145.52 - - [28/May/2023:08:48:21 +0800] "GET /xingrg/all/common/auto_word.html?type=base&rest_code=00105&rest_code=00105 HTTP/1.1" 200 1907
101.83.145.52 - - [28/May/2023:08:48:21 +0800] "POST /xingrg/kc/mdqp/pssh_order_operate.html HTTP/1.1" 200 10210
101.83.145.52 - - [28/May/2023:08:48:22 +0800] "GET /xingrg/all/function/internal_message.html?_=1685234734291&CODE_STATE=getMsg HTTP/1.1" 200 27
116.232.195.127 - - [28/May/2023:08:48:24 +0800] "GET /xingrg/kc/print/load_data.html?order_code=212023052810509&kc_code=cgsh&condition= HTTP/1.1" 200 1840
101.83.145.52 - - [28/May/2023:08:48:24 +0800] "GET /xingrg/all/function/internal_message.html?_=1685234905612&CODE_STATE=getMsg HTTP/1.1" 200 27
101.83.145.52 - - [28/May/2023:08:48:24 +0800] "GET /xingrg/check_reg.html?_=1685234905613 HTTP/1.1" 200 22
124.78.158.100 - - [28/May/2023:08:48:27 +0800] "GET /xingrg/all/function/internal_message.html?_=1685234907837&CODE_STATE=getMsg HTTP/1.1" 200 27
116.232.195.127 - - [28/May/2023:08:48:28 +0800] "GET /xingrg/kc/buy/cgsh_order_add.html HTTP/1.1" 200 71501
116.232.195.127 - - [28/May/2023:08:48:29 +0800] "POST /xingrg/kc/buy/cgsh_order_operate.html HTTP/1.1" 200 8245
58.40.7.146 - - [28/May/2023:08:48:29 +0800] "GET /xingrg/all/function/internal_message.html?_=1685234909237&CODE_STATE=getMsg HTTP/1.1" 200 27
116.232.195.127 - - [28/May/2023:08:48:29 +0800] "GET /xingrg/javascript/easyui/themes/default/validatebox.css HTTP/1.1" 404 1104
101.83.145.52 - - [28/May/2023:08:48:30 +0800] "GET /xingrg/javascript/auto/indicator.gif HTTP/1.1" 404 1066
218.81.74.160 - - [28/May/2023:08:48:32 +0800] "GET /xingrg/all/function/internal_message.html?_=1685234912923&CODE_STATE=getMsg HTTP/1.1" 200 27
101.83.145.52 - - [28/May/2023:08:48:34 +0800] "GET /xingrg/javascript/jquery_tools/images/prev.gif HTTP/1.1" 404 1086
101.83.145.52 - - [28/May/2023:08:48:34 +0800] "GET /xingrg/javascript/jquery_tools/images/next.gif HTTP/1.1" 404 1086
222.70.172.86 - - [28/May/2023:08:48:35 +0800] "GET /xingrg/all/function/internal_message.html?_=1685234940776&CODE_STATE=getMsg HTTP/1.1" 200 27
222.70.172.86 - - [28/May/2023:08:48:37 +0800] "GET /xingrg/kc/buy/cgsh_order_operate.html?command=get_materiel&rest_code=00146&code=00101008244&supplier_code=00100005&order_time=2023-05-28 HTTP/1.1" 200 408
222.70.172.86 - - [28/May/2023:08:48:38 +0800] "GET /xingrg/check_reg.html?_=1685234944300 HTTP/1.1" 200 22
101.229.168.164 - - [28/May/2023:08:48:44 +0800] "GET /xingrg/all/function/internal_message.html?_=1685234936547&CODE_STATE=getMsg HTTP/1.1" 200 27
101.83.145.52 - - [28/May/2023:08:48:46 +0800] "GET /xingrg/css/images/panel_loading.gif HTTP/1.1" 304 -
101.83.145.52 - - [28/May/2023:08:48:46 +0800] "POST /xingrg/all/common/load_combo.html?type=employee HTTP/1.1" 200 356
222.67.234.146 - - [28/May/2023:08:48:47 +0800] "POST /xingrg/all/user/operate.html HTTP/1.1" 200 36
222.67.234.146 - - [28/May/2023:08:48:47 +0800] "GET /xingrg/index.html?sysBaseUrl=http%3A%2F%2F180.169.147.146%3A18081%2Fxingrg%2F&costTime=855×tamp=1685234747188 HTTP/1.1" 200 17509
222.67.234.146 - - [28/May/2023:08:48:47 +0800] "GET /xingrg/javascript/jquery_easy_ui/themes/default/easyui.css HTTP/1.1" 304 -
222.67.234.146 - - [28/May/2023:08:48:47 +0800] "GET /xingrg/javascript/jquery_easy_ui/themes/icon.css HTTP/1.1" 304 -
222.67.234.146 - - [28/May/2023:08:48:47 +0800] "GET /xingrg/css/form.css HTTP/1.1" 304 -
222.67.234.146 - - [28/May/2023:08:48:47 +0800] "GET /xingrg/javascript/jquery-1.4.2.min.js HTTP/1.1" 304 -
222.67.234.146 - - [28/May/2023:08:48:47 +0800] "GET /xingrg/javascript/jquery_easy_ui/jquery.easyui.min.js HTTP/1.1" 304 -
222.67.234.146 - - [28/May/2023:08:48:47 +0800] "GET /xingrg/javascript/jquery_easy_ui/easyui-lang-zh_CN.js HTTP/1.1" 304 -
222.67.234.146 - - [28/May/2023:08:48:47 +0800] "GET /xingrg/javascript/jquery.form.js HTTP/1.1" 304 -
222.67.234.146 - - [28/May/2023:08:48:47 +0800] "GET /xingrg/javascript/jquery.utils.js HTTP/1.1" 304 -
222.67.234.146 - - [28/May/2023:08:48:47 +0800] "GET /xingrg/javascript/jquery.timers.js HTTP/1.1" 304 -
222.67.234.146 - - [28/May/2023:08:48:47 +0800] "GET /xingrg/images/blue/jxLogo.png HTTP/1.1" 304 -
222.67.234.146 - - [28/May/2023:08:48:47 +0800] "GET /xingrg/javascript/jquery_easy_ui/themes/icons/settle_new.png HTTP/1.1" 304 -
222.67.234.146 - - [28/May/2023:08:48:47 +0800] "GET /xingrg/images/blue/navBackgound.jpg HTTP/1.1" 304 -
222.67.234.146 - - [28/May/2023:08:48:47 +0800] "GET /xingrg/all/function/internal_message.html?_=1685234927633&CODE_STATE=count HTTP/1.1" 200 11
222.67.234.146 - - [28/May/2023:08:48:47 +0800] "GET /xingrg/check_reg.html?_=1685234927633 HTTP/1.1" 200 22
222.67.234.146 - - [28/May/2023:08:48:47 +0800] "GET /xingrg/javascript/jquery_easy_ui/themes/default/images/panel_tool_expand.gif HTTP/1.1" 304 -
222.67.234.146 - - [28/May/2023:08:48:47 +0800] "GET /xingrg/javascript/jquery_easy_ui/themes/default/images/panel_tool_collapse.gif HTTP/1.1" 304 -
222.67.234.146 - - [28/May/2023:08:48:47 +0800] "GET /xingrg/javascript/jquery_easy_ui/themes/default/images/tabs_rightarrow.png HTTP/1.1" 304 -
222.67.234.146 - - [28/May/2023:08:48:47 +0800] "GET /xingrg/javascript/jquery_easy_ui/themes/default/images/tabs_leftarrow.png HTTP/1.1" 304 -
222.67.234.146 - - [28/May/2023:08:48:47 +0800] "GET /xingrg/images/blue/pingpu.png HTTP/1.1" 304 -
222.67.234.146 - - [28/May/2023:08:48:47 +0800] "POST /xingrg/all/common/load_tree.html?tree=area_rest_tree_json&manage=1 HTTP/1.1" 200 3499
222.67.234.146 - - [28/May/2023:08:48:47 +0800] "POST /xingrg/load_menu.html HTTP/1.1" 200 9959
116.232.195.127 - - [28/May/2023:08:48:47 +0800] "GET /xingrg/kc/buy/cgsh_order_operate.html?command=get_materiel&rest_code=00155&code=00101006124&supplier_code=00100012&order_time=2023-05-28 HTTP/1.1" 200 409
116.232.195.127 - - [28/May/2023:08:48:48 +0800] "GET /xingrg/all/function/internal_message.html?_=1685234958763&CODE_STATE=getMsg HTTP/1.1" 200 27
222.67.234.146 - - [28/May/2023:08:48:49 +0800] "GET /xingrg/kc/base/yddb_order_list.html HTTP/1.1" 200 16710
222.67.234.146 - - [28/May/2023:08:48:50 +0800] "POST /xingrg/kc/base/yddb_list_operate.html HTTP/1.1" 200 636
222.67.234.146 - - [28/May/2023:08:48:51 +0800] "GET /xingrg/kc/base/wldb_order_list.html HTTP/1.1" 200 19359
222.67.234.146 - - [28/May/2023:08:48:52 +0800] "POST /xingrg/kc/base/wldb_list_operate.html HTTP/1.1" 200 928
222.70.172.86 - - [28/May/2023:08:48:52 +0800] "GET /xingrg/kc/buy/cgsh_order_operate.html?command=get_materiel&rest_code=00146&code=00101008185&supplier_code=00100005&order_time=2023-05-28 HTTP/1.1" 200 408
222.67.234.146 - - [28/May/2023:08:48:55 +0800] "GET /xingrg/javascript/jquery_tools/images/prev.gif HTTP/1.1" 404 1086
222.67.234.146 - - [28/May/2023:08:48:55 +0800] "GET /xingrg/javascript/jquery_tools/images/next.gif HTTP/1.1" 404 1086
222.67.234.146 - - [28/May/2023:08:48:57 +0800] "POST /xingrg/kc/base/wldb_list_operate.html HTTP/1.1" 200 4725
116.232.195.127 - - [28/May/2023:08:48:58 +0800] "GET /xingrg/kc/buy/cgsh_order_operate.html?command=get_materiel&rest_code=00155&code=00101006055&supplier_code=00100012&order_time=2023-05-28 HTTP/1.1" 200 409
222.67.234.146 - - [28/May/2023:08:49:01 +0800] "POST /xingrg/kc/base/wldb_list_operate.html HTTP/1.1" 200 659
124.78.158.100 - - [28/May/2023:08:49:02 +0800] "GET /xingrg/all/function/internal_message.html?_=1685234943011&CODE_STATE=getMsg HTTP/1.1" 200 27
120.253.135.82 - - [28/May/2023:08:49:04 +0800] "GET /xingrg/all/function/internal_message.html?_=1685234781070&CODE_STATE=getMsg HTTP/1.1" 200 27
116.232.195.127 - - [28/May/2023:08:49:04 +0800] "GET /xingrg/kc/buy/cgsh_order_operate.html?command=get_materiel&rest_code=00155&code=00101006109&supplier_code=00100012&order_time=2023-05-28 HTTP/1.1" 200 409
124.78.158.100 - - [28/May/2023:08:49:05 +0800] "POST /xingrg/kc/buy/cgsh_order_operate.html HTTP/1.1" 200 2065
222.70.172.86 - - [28/May/2023:08:49:05 +0800] "GET /xingrg/kc/buy/cgsh_order_operate.html?command=get_materiel&rest_code=00146&code=00101008354&supplier_code=00100005&order_time=2023-05-28 HTTP/1.1" 200 412
116.238.139.35 - - [28/May/2023:08:49:10 +0800] "GET /xingrg/all/function/internal_message.html?_=1685234861614&CODE_STATE=getMsg HTTP/1.1" 200 27
222.67.234.146 - - [28/May/2023:08:49:14 +0800] "GET /xingrg/all/function/internal_message.html?_=1685234465429&CODE_STATE=getMsg HTTP/1.1" 200 27
222.67.234.146 - - [28/May/2023:08:49:15 +0800] "POST /xingrg/kc/base/wldb_list_operate.html HTTP/1.1" 200 4
222.70.172.86 - - [28/May/2023:08:49:16 +0800] "GET /xingrg/kc/buy/cgsh_order_operate.html?command=get_materiel&rest_code=00146&code=00101008351&supplier_code=00100005&order_time=2023-05-28 HTTP/1.1" 200 408
114.85.113.108 - - [28/May/2023:08:49:16 +0800] "GET /xingrg/all/function/internal_message.html?_=1685234929619&CODE_STATE=getMsg HTTP/1.1" 200 27
116.232.195.127 - - [28/May/2023:08:49:19 +0800] "GET /xingrg/kc/buy/cgsh_order_operate.html?command=get_materiel&rest_code=00155&code=00101006111&supplier_code=00100012&order_time=2023-05-28 HTTP/1.1" 200 409
101.83.145.52 - - [28/May/2023:08:49:22 +0800] "GET /xingrg/all/function/internal_message.html?_=1685234794274&CODE_STATE=getMsg HTTP/1.1" 200 27
222.67.234.146 - - [28/May/2023:08:49:23 +0800] "POST /xingrg/kc/base/wldb_list_operate.html HTTP/1.1" 200 4307
101.83.145.52 - - [28/May/2023:08:49:24 +0800] "GET /xingrg/all/function/internal_message.html?_=1685234965613&CODE_STATE=getMsg HTTP/1.1" 200 27
222.70.172.86 - - [28/May/2023:08:49:26 +0800] "GET /xingrg/kc/buy/cgsh_order_operate.html?command=get_materiel&rest_code=00146&code=00101008096&supplier_code=00100005&order_time=2023-05-28 HTTP/1.1" 200 412
124.78.158.100 - - [28/May/2023:08:49:27 +0800] "GET /xingrg/all/function/internal_message.html?_=1685234967837&CODE_STATE=getMsg HTTP/1.1" 200 27
58.40.7.146 - - [28/May/2023:08:49:29 +0800] "GET /xingrg/check_reg.html?_=1685234969241 HTTP/1.1" 200 22
58.40.7.146 - - [28/May/2023:08:49:29 +0800] "GET /xingrg/all/function/internal_message.html?_=1685234969243&CODE_STATE=getMsg HTTP/1.1" 200 27
101.83.145.52 - - [28/May/2023:08:49:30 +0800] "GET /xingrg/javascript/easyui/themes/default/images/button_plain_hover.png HTTP/1.1" 304 -
116.232.195.127 - - [28/May/2023:08:49:30 +0800] "POST /xingrg/kc/buy/cgsh_order_operate.html HTTP/1.1" 200 37
116.232.195.127 - - [28/May/2023:08:49:31 +0800] "POST /xingrg/kc/buy/cgsh_order_operate.html HTTP/1.1" 200 4422
218.81.74.160 - - [28/May/2023:08:49:32 +0800] "GET /xingrg/all/function/internal_message.html?_=1685234972923&CODE_STATE=getMsg HTTP/1.1" 200 27
124.78.158.100 - - [28/May/2023:08:49:33 +0800] "GET /xingrg/kc/buy/cgsh_order_operate.html?command=get_materiel&rest_code=00106&code=00101008224&supplier_code=00100007&order_time=2023-05-28 HTTP/1.1" 200 416
222.70.172.86 - - [28/May/2023:08:49:35 +0800] "GET /xingrg/all/function/internal_message.html?_=1685235000789&CODE_STATE=getMsg HTTP/1.1" 200 27
101.83.145.52 - - [28/May/2023:08:49:36 +0800] "POST /xingrg/kc/mdqp/pssh_order_operate.html HTTP/1.1" 200 37
222.70.172.86 - - [28/May/2023:08:49:37 +0800] "GET /xingrg/kc/buy/cgsh_order_operate.html?command=get_materiel&rest_code=00146&code=00101008038&supplier_code=00100005&order_time=2023-05-28 HTTP/1.1" 200 412
101.83.145.52 - - [28/May/2023:08:49:40 +0800] "POST /xingrg/kc/mdqp/pssh_order_operate.html HTTP/1.1" 200 12
116.232.195.127 - - [28/May/2023:08:49:41 +0800] "GET /xingrg/kc/print/load_data.html?order_code=212023052810510&kc_code=cgsh&condition= HTTP/1.1" 200 1428
101.83.145.52 - - [28/May/2023:08:49:43 +0800] "GET /xingrg/kc/mdqp/pssh_order_info.html?code=312023052600527 HTTP/1.1" 200 14386
101.83.145.52 - - [28/May/2023:08:49:43 +0800] "GET /xingrg/javascript/jquery_tools/jquery-1.4.2.min.js HTTP/1.1" 404 1094
101.83.145.52 - - [28/May/2023:08:49:44 +0800] "GET /xingrg/javascript/easyui/themes/icons/uncheck_new.png HTTP/1.1" 304 -
101.83.145.52 - - [28/May/2023:08:49:44 +0800] "GET /xingrg/javascript/easyui/themes/default/validatebox.css HTTP/1.1" 404 1104
101.83.145.52 - - [28/May/2023:08:49:44 +0800] "POST /xingrg/kc/mdqp/pssh_order_operate.html HTTP/1.1" 200 10210
101.229.168.164 - - [28/May/2023:08:49:44 +0800] "GET /xingrg/all/function/internal_message.html?_=1685234996545&CODE_STATE=getMsg HTTP/1.1" 200 27
116.232.195.127 - - [28/May/2023:08:49:46 +0800] "GET /xingrg/kc/print/load_data.html?order_code=212023052810510&kc_code=cgsh HTTP/1.1" 200 1428
101.83.145.52 - - [28/May/2023:08:49:47 +0800] "GET /xingrg/kc/print/load_config.html?kc_code=pssh HTTP/1.1" 200 2368
101.83.145.52 - - [28/May/2023:08:49:47 +0800] "GET /xingrg/kc/print/load_data.html?order_code=312023052600527&kc_code=pssh&condition= HTTP/1.1" 200 4124
222.67.234.146 - - [28/May/2023:08:49:47 +0800] "GET /xingrg/all/function/internal_message.html?_=1685234987650&CODE_STATE=getMsg HTTP/1.1" 200 27
222.70.172.86 - - [28/May/2023:08:49:48 +0800] "GET /xingrg/kc/buy/cgsh_order_operate.html?command=get_materiel&rest_code=00146&code=00101008358&supplier_code=00100005&order_time=2023-05-28 HTTP/1.1" 200 412
124.78.158.100 - - [28/May/2023:08:49:48 +0800] "GET /xingrg/kc/buy/cgsh_order_operate.html?command=get_materiel&rest_code=00106&code=00101008370&supplier_code=00100007&order_time=2023-05-28 HTTP/1.1" 200 412
116.232.195.127 - - [28/May/2023:08:49:48 +0800] "GET /xingrg/all/function/internal_message.html?_=1685235018778&CODE_STATE=getMsg HTTP/1.1" 200 27
222.70.172.86 - - [28/May/2023:08:49:51 +0800] "POST /xingrg/kc/buy/cgsh_order_operate.html HTTP/1.1" 200 2065
116.232.195.127 - - [28/May/2023:08:49:58 +0800] "GET /xingrg/kc/buy/cgsh_order_add.html HTTP/1.1" 200 71501
116.232.195.127 - - [28/May/2023:08:49:59 +0800] "POST /xingrg/kc/buy/cgsh_order_operate.html HTTP/1.1" 200 8245
116.232.195.127 - - [28/May/2023:08:49:59 +0800] "GET /xingrg/javascript/easyui/themes/default/validatebox.css HTTP/1.1" 404 1104
124.78.158.100 - - [28/May/2023:08:50:02 +0800] "GET /xingrg/all/function/internal_message.html?_=1685235003004&CODE_STATE=getMsg HTTP/1.1" 200 27
120.253.135.82 - - [28/May/2023:08:50:04 +0800] "GET /xingrg/all/function/internal_message.html?_=1685234841314&CODE_STATE=getMsg HTTP/1.1" 200 27
116.232.195.127 - - [28/May/2023:08:50:08 +0800] "GET /xingrg/kc/buy/cgsh_order_operate.html?command=get_materiel&rest_code=00155&code=00101007061&supplier_code=00100002&order_time=2023-05-28 HTTP/1.1" 200 409
222.70.172.86 - - [28/May/2023:08:50:09 +0800] "GET /xingrg/kc/buy/cgsh_order_operate.html?command=get_materiel&rest_code=00146&code=00101008361&supplier_code=00100005&order_time=2023-05-28 HTTP/1.1" 200 408
116.238.139.35 - - [28/May/2023:08:50:10 +0800] "GET /xingrg/all/function/internal_message.html?_=1685234921642&CODE_STATE=getMsg HTTP/1.1" 200 27
222.67.234.146 - - [28/May/2023:08:50:14 +0800] "GET /xingrg/all/function/internal_message.html?_=1685234525405&CODE_STATE=getMsg HTTP/1.1" 200 27
114.85.113.108 - - [28/May/2023:08:50:16 +0800] "GET /xingrg/all/function/internal_message.html?_=1685234989591&CODE_STATE=getMsg HTTP/1.1" 200 27
116.232.195.127 - - [28/May/2023:08:50:18 +0800] "GET /xingrg/kc/buy/cgsh_order_operate.html?command=get_materiel&rest_code=00155&code=00101007072&supplier_code=00100002&order_time=2023-05-28 HTTP/1.1" 200 413
222.70.172.86 - - [28/May/2023:08:50:22 +0800] "GET /xingrg/kc/buy/cgsh_order_operate.html?command=get_materiel&rest_code=00146&code=00101008355&supplier_code=00100005&order_time=2023-05-28 HTTP/1.1" 200 408
101.83.145.52 - - [28/May/2023:08:50:22 +0800] "GET /xingrg/all/function/internal_message.html?_=1685234854285&CODE_STATE=getMsg HTTP/1.1" 200 27
101.83.145.52 - - [28/May/2023:08:50:24 +0800] "GET /xingrg/all/function/internal_message.html?_=1685235025599&CODE_STATE=getMsg HTTP/1.1" 200 27
124.78.158.100 - - [28/May/2023:08:50:26 +0800] "GET /xingrg/kc/buy/cgsh_order_operate.html?command=get_materiel&rest_code=00106&code=00101008131&supplier_code=00100007&order_time=2023-05-28 HTTP/1.1" 200 409
124.78.158.100 - - [28/May/2023:08:50:27 +0800] "GET /xingrg/all/function/internal_message.html?_=1685235027837&CODE_STATE=getMsg HTTP/1.1" 200 27
124.78.158.100 - - [28/May/2023:08:50:27 +0800] "GET /xingrg/check_reg.html?_=1685235027838 HTTP/1.1" 200 22
