180.164.3.199 - - [25/May/2023:11:53:36 +0800] "POST /xingrg/kc/buy/cgsh_order_operate.html HTTP/1.1" 200 37
101.83.145.52 - - [25/May/2023:11:53:38 +0800] "GET /xingrg/check_reg.html?_=1684986651221 HTTP/1.1" 302 -
101.83.145.52 - - [25/May/2023:11:53:38 +0800] "GET /xingrg/all/function/internal_message.html?_=1684986651224&CODE_STATE=getMsg HTTP/1.1" 302 -
180.164.3.199 - - [25/May/2023:11:53:39 +0800] "POST /xingrg/kc/buy/cgsh_order_operate.html HTTP/1.1" 200 2669
61.170.234.108 - - [25/May/2023:11:53:41 +0800] "POST /xingrg/dwr/call/plaincall/AjaxQqpsService.getMaterielByCode.dwr HTTP/1.1" 200 2674
116.238.139.35 - - [25/May/2023:11:53:43 +0800] "GET /xingrg/all/function/internal_message.html?_=1684986737234&CODE_STATE=getMsg HTTP/1.1" 302 -
116.238.139.35 - - [25/May/2023:11:53:43 +0800] "GET /xingrg/login.html HTTP/1.1" 200 7641
180.164.3.199 - - [25/May/2023:11:53:44 +0800] "GET /xingrg/kc/print/load_data.html?order_code=212023052509269&kc_code=cgsh&condition= HTTP/1.1" 200 706
61.170.234.108 - - [25/May/2023:11:53:45 +0800] "POST /xingrg/dwr/call/plaincall/AjaxQqpsService.saveMaterielItem.dwr HTTP/1.1" 200 78
180.164.3.199 - - [25/May/2023:11:53:48 +0800] "GET /xingrg/kc/buy/cgsh_order_add.html HTTP/1.1" 200 71543
180.164.3.199 - - [25/May/2023:11:53:48 +0800] "POST /xingrg/kc/buy/cgsh_order_operate.html HTTP/1.1" 200 8245
180.164.3.199 - - [25/May/2023:11:53:48 +0800] "GET /xingrg/javascript/easyui/themes/default/validatebox.css HTTP/1.1" 404 1104
61.170.234.108 - - [25/May/2023:11:53:53 +0800] "POST /xingrg/dwr/call/plaincall/AjaxQqpsService.saveOrder.dwr HTTP/1.1" 200 78
116.238.139.35 - - [25/May/2023:11:53:56 +0800] "GET /xingrg/all/function/internal_message.html?_=1684986834180&CODE_STATE=getMsg HTTP/1.1" 302 -
101.83.145.52 - - [25/May/2023:11:53:56 +0800] "GET /xingrg/all/function/internal_message.html?_=1684986837466&CODE_STATE=getMsg HTTP/1.1" 302 -
61.170.234.108 - - [25/May/2023:11:53:57 +0800] "GET /xingrg/kc/mdqp/qqps_order_list.html?isBack=1 HTTP/1.1" 200 11187
61.170.234.108 - - [25/May/2023:11:53:57 +0800] "GET /xingrg/dwr/interface/AjaxQqpsService.js HTTP/1.1" 200 16326
61.170.234.108 - - [25/May/2023:11:53:57 +0800] "GET /xingrg/dwr/engine.js HTTP/1.1" 200 43631
61.170.234.108 - - [25/May/2023:11:53:57 +0800] "GET /xingrg/dwr/interface/AjaxReportQueryService.js HTTP/1.1" 200 13203
180.169.147.146 - - [25/May/2023:11:53:57 +0800] "GET /xingrg/check_reg.html?_=1684986832421 HTTP/1.1" 302 -
180.169.147.146 - - [25/May/2023:11:53:57 +0800] "GET /xingrg/all/function/internal_message.html?_=1684986832423&CODE_STATE=getMsg HTTP/1.1" 302 -
61.170.234.108 - - [25/May/2023:11:54:00 +0800] "GET /xingrg/kc/base/base_main.html HTTP/1.1" 200 12142
101.229.22.40 - - [25/May/2023:11:54:02 +0800] "GET /xingrg/all/function/internal_message.html?_=1684986842556&CODE_STATE=getMsg HTTP/1.1" 200 27
61.170.234.108 - - [25/May/2023:11:54:02 +0800] "GET /xingrg/kc/base/wldb_order_list.html HTTP/1.1" 200 19098
61.170.234.108 - - [25/May/2023:11:54:03 +0800] "POST /xingrg/kc/base/wldb_list_operate.html HTTP/1.1" 200 3344
180.164.3.199 - - [25/May/2023:11:54:03 +0800] "GET /xingrg/all/function/internal_message.html?_=1684986842965&CODE_STATE=getMsg HTTP/1.1" 200 27
61.170.234.108 - - [25/May/2023:11:54:03 +0800] "GET /xingrg/all/function/internal_message.html?_=1684986845149&CODE_STATE=getMsg HTTP/1.1" 200 27
114.83.218.112 - - [25/May/2023:11:54:06 +0800] "GET /xingrg/all/function/internal_message.html?_=1684986843175&CODE_STATE=getMsg HTTP/1.1" 200 27
61.170.234.108 - - [25/May/2023:11:54:09 +0800] "POST /xingrg/kc/base/wldb_list_operate.html HTTP/1.1" 200 6080
58.40.7.146 - - [25/May/2023:11:54:15 +0800] "POST /xingrg/services/DataTransmitService HTTP/1.1" 200 524
116.232.195.127 - - [25/May/2023:11:54:19 +0800] "GET /xingrg/all/function/internal_message.html?_=1684986895402&CODE_STATE=getMsg HTTP/1.1" 302 -
61.170.234.108 - - [25/May/2023:11:54:19 +0800] "GET /xingrg/all/function/internal_message.html?_=1684986860909&CODE_STATE=getMsg HTTP/1.1" 200 27
222.70.172.86 - - [25/May/2023:11:54:20 +0800] "GET /xingrg/all/function/internal_message.html?_=1684986874444&CODE_STATE=getMsg HTTP/1.1" 200 27
172.20.0.100 - - [25/May/2023:11:54:20 +0800] "GET /xingrg/all/function/internal_message.html?_=1684986870577&CODE_STATE=getMsg HTTP/1.1" 302 -
61.170.234.108 - - [25/May/2023:11:54:22 +0800] "POST /xingrg/kc/base/wldb_list_operate.html HTTP/1.1" 200 6314
180.169.147.146 - - [25/May/2023:11:54:26 +0800] "GET /xingrg/all/function/internal_message.html?_=1684986867270&CODE_STATE=getMsg HTTP/1.1" 200 27
58.40.7.146 - - [25/May/2023:11:54:27 +0800] "GET /xingrg/all/function/internal_message.html?_=1684986867481&CODE_STATE=getMsg HTTP/1.1" 200 27
58.40.7.146 - - [25/May/2023:11:54:27 +0800] "GET /xingrg/check_reg.html?_=1684986867483 HTTP/1.1" 200 22
180.169.147.146 - - [25/May/2023:11:54:27 +0800] "GET /xingrg/all/function/internal_message.html?_=1684986868837&CODE_STATE=getMsg HTTP/1.1" 200 27
180.169.147.146 - - [25/May/2023:11:54:27 +0800] "GET /xingrg/check_reg.html?_=1684986868838 HTTP/1.1" 200 22
180.164.3.199 - - [25/May/2023:11:54:28 +0800] "GET /xingrg/kc/buy/cgsh_order_operate.html?command=get_materiel&rest_code=00108&code=00101013079&supplier_code=00100337&order_time=2023-05-25 HTTP/1.1" 200 416
124.79.240.114 - - [25/May/2023:11:54:29 +0800] "GET /xingrg/login.html HTTP/1.1" 200 7641
124.79.240.114 - - [25/May/2023:11:54:30 +0800] "GET /favicon.ico HTTP/1.1" 404 -
124.79.74.67 - - [25/May/2023:11:54:36 +0800] "GET /xingrg/all/function/internal_message.html?_=1684986882584&CODE_STATE=getMsg HTTP/1.1" 302 -
124.79.74.67 - - [25/May/2023:11:54:36 +0800] "GET /xingrg/login.html HTTP/1.1" 200 7641
61.170.234.108 - - [25/May/2023:11:54:38 +0800] "POST /xingrg/kc/base/wldb_list_operate.html HTTP/1.1" 200 6317
101.83.145.52 - - [25/May/2023:11:54:38 +0800] "GET /xingrg/all/function/internal_message.html?_=1684986711224&CODE_STATE=getMsg HTTP/1.1" 302 -
116.238.139.35 - - [25/May/2023:11:54:43 +0800] "GET /xingrg/all/function/internal_message.html?_=1684986797257&CODE_STATE=getMsg HTTP/1.1" 302 -
116.238.139.35 - - [25/May/2023:11:54:43 +0800] "GET /xingrg/login.html HTTP/1.1" 200 7641
61.170.234.108 - - [25/May/2023:11:54:43 +0800] "POST /xingrg/kc/base/wldb_list_operate.html HTTP/1.1" 200 6314
218.81.78.189 - - [25/May/2023:11:54:50 +0800] "GET /xingrg/check_reg.html?_=1684986889203 HTTP/1.1" 302 -
116.238.139.35 - - [25/May/2023:11:54:56 +0800] "GET /xingrg/all/function/internal_message.html?_=1684986894181&CODE_STATE=getMsg HTTP/1.1" 302 -
101.83.145.52 - - [25/May/2023:11:54:56 +0800] "GET /xingrg/all/function/internal_message.html?_=1684986897470&CODE_STATE=getMsg HTTP/1.1" 302 -
180.169.147.146 - - [25/May/2023:11:54:57 +0800] "GET /xingrg/all/function/internal_message.html?_=1684986892424&CODE_STATE=getMsg HTTP/1.1" 302 -
101.229.22.40 - - [25/May/2023:11:55:02 +0800] "GET /xingrg/all/function/internal_message.html?_=1684986902555&CODE_STATE=getMsg HTTP/1.1" 200 27
180.164.3.199 - - [25/May/2023:11:55:03 +0800] "GET /xingrg/all/function/internal_message.html?_=1684986902955&CODE_STATE=getMsg HTTP/1.1" 200 27
61.170.234.108 - - [25/May/2023:11:55:03 +0800] "GET /xingrg/check_reg.html?_=1684986905175 HTTP/1.1" 200 22
61.170.234.108 - - [25/May/2023:11:55:03 +0800] "GET /xingrg/all/function/internal_message.html?_=1684986905176&CODE_STATE=getMsg HTTP/1.1" 200 27
180.164.3.199 - - [25/May/2023:11:55:03 +0800] "GET /xingrg/check_reg.html?_=1684986903047 HTTP/1.1" 200 22
114.83.218.112 - - [25/May/2023:11:55:06 +0800] "GET /xingrg/all/function/internal_message.html?_=1684986903156&CODE_STATE=getMsg HTTP/1.1" 200 27
116.232.195.127 - - [25/May/2023:11:55:12 +0800] "GET /xingrg/check_reg.html?_=1684986949059 HTTP/1.1" 302 -
222.70.172.86 - - [25/May/2023:11:55:15 +0800] "GET /xingrg/check_reg.html?_=1684986929449 HTTP/1.1" 200 22
180.164.3.199 - - [25/May/2023:11:55:17 +0800] "GET /xingrg/kc/buy/cgsh_order_operate.html?command=get_materiel&rest_code=00108&code=00101020078&supplier_code=00100337&order_time=2023-05-25 HTTP/1.1" 200 431
116.232.195.127 - - [25/May/2023:11:55:19 +0800] "GET /xingrg/all/function/internal_message.html?_=1684986955393&CODE_STATE=getMsg HTTP/1.1" 302 -
61.170.234.108 - - [25/May/2023:11:55:19 +0800] "GET /xingrg/all/function/internal_message.html?_=1684986920919&CODE_STATE=getMsg HTTP/1.1" 200 27
222.70.172.86 - - [25/May/2023:11:55:20 +0800] "GET /xingrg/all/function/internal_message.html?_=1684986934457&CODE_STATE=getMsg HTTP/1.1" 200 27
172.20.0.100 - - [25/May/2023:11:55:20 +0800] "GET /xingrg/all/function/internal_message.html?_=1684986930576&CODE_STATE=getMsg HTTP/1.1" 302 -
61.170.234.108 - - [25/May/2023:11:55:23 +0800] "POST /xingrg/kc/base/wldb_list_operate.html HTTP/1.1" 200 6285
180.169.147.146 - - [25/May/2023:11:55:26 +0800] "GET /xingrg/all/function/internal_message.html?_=1684986927283&CODE_STATE=getMsg HTTP/1.1" 200 27
180.169.147.146 - - [25/May/2023:11:55:26 +0800] "GET /xingrg/check_reg.html?_=1684986927284 HTTP/1.1" 200 22
58.40.7.146 - - [25/May/2023:11:55:27 +0800] "GET /xingrg/all/function/internal_message.html?_=1684986927486&CODE_STATE=getMsg HTTP/1.1" 200 27
180.169.147.146 - - [25/May/2023:11:55:27 +0800] "GET /xingrg/all/function/internal_message.html?_=1684986928839&CODE_STATE=getMsg HTTP/1.1" 200 27
180.164.3.199 - - [25/May/2023:11:55:27 +0800] "GET /xingrg/kc/buy/cgsh_order_operate.html?command=get_materiel&rest_code=00108&code=00101013169&supplier_code=00100337&order_time=2023-05-25 HTTP/1.1" 200 416
61.170.234.108 - - [25/May/2023:11:55:28 +0800] "POST /xingrg/kc/base/wldb_list_operate.html HTTP/1.1" 200 6314
124.79.74.67 - - [25/May/2023:11:55:36 +0800] "GET /xingrg/all/function/internal_message.html?_=1684986942586&CODE_STATE=getMsg HTTP/1.1" 302 -
124.79.74.67 - - [25/May/2023:11:55:36 +0800] "GET /xingrg/login.html HTTP/1.1" 200 7641
101.83.145.52 - - [25/May/2023:11:55:38 +0800] "GET /xingrg/all/function/internal_message.html?_=1684986771223&CODE_STATE=getMsg HTTP/1.1" 302 -
180.164.3.199 - - [25/May/2023:11:55:39 +0800] "POST /xingrg/kc/buy/cgsh_order_operate.html HTTP/1.1" 200 37
61.170.234.108 - - [25/May/2023:11:55:40 +0800] "POST /xingrg/kc/base/wldb_list_operate.html HTTP/1.1" 200 363
180.164.3.199 - - [25/May/2023:11:55:42 +0800] "POST /xingrg/kc/buy/cgsh_order_operate.html HTTP/1.1" 200 3867
116.238.139.35 - - [25/May/2023:11:55:43 +0800] "GET /xingrg/all/function/internal_message.html?_=1684986857261&CODE_STATE=getMsg HTTP/1.1" 302 -
116.238.139.35 - - [25/May/2023:11:55:43 +0800] "GET /xingrg/login.html HTTP/1.1" 200 7641
180.164.3.199 - - [25/May/2023:11:55:45 +0800] "GET /xingrg/kc/print/load_data.html?order_code=212023052509270&kc_code=cgsh&condition= HTTP/1.1" 200 1164
61.170.234.108 - - [25/May/2023:11:55:46 +0800] "POST /xingrg/kc/base/wldb_list_operate.html HTTP/1.1" 200 6317
180.164.3.199 - - [25/May/2023:11:55:49 +0800] "GET /xingrg/kc/buy/cgsh_order_add.html HTTP/1.1" 200 71543
180.164.3.199 - - [25/May/2023:11:55:49 +0800] "POST /xingrg/kc/buy/cgsh_order_operate.html HTTP/1.1" 200 8245
180.164.3.199 - - [25/May/2023:11:55:49 +0800] "GET /xingrg/javascript/easyui/themes/default/validatebox.css HTTP/1.1" 404 1104
61.170.234.108 - - [25/May/2023:11:55:54 +0800] "POST /xingrg/kc/base/wldb_list_operate.html HTTP/1.1" 200 430
116.238.139.35 - - [25/May/2023:11:55:56 +0800] "GET /xingrg/check_reg.html?_=1684986954179 HTTP/1.1" 302 -
116.238.139.35 - - [25/May/2023:11:55:56 +0800] "GET /xingrg/all/function/internal_message.html?_=1684986954181&CODE_STATE=getMsg HTTP/1.1" 302 -
124.79.240.114 - - [25/May/2023:11:55:56 +0800] "POST /xingrg/login.do HTTP/1.1" 302 -
124.79.240.114 - - [25/May/2023:11:55:56 +0800] "GET /xingrg/index.html?sysBaseUrl=http%3A%2F%2F180.169.147.146%3A18081%2Fxingrg%2F&costTime=804×tamp=1684986956388 HTTP/1.1" 200 17179
101.83.145.52 - - [25/May/2023:11:55:56 +0800] "GET /xingrg/all/function/internal_message.html?_=1684986957457&CODE_STATE=getMsg HTTP/1.1" 302 -
124.79.240.114 - - [25/May/2023:11:55:56 +0800] "GET /xingrg/check_reg.html?_=1684987235750 HTTP/1.1" 200 22
124.79.240.114 - - [25/May/2023:11:55:56 +0800] "GET /favicon.ico HTTP/1.1" 404 -
124.79.240.114 - - [25/May/2023:11:55:56 +0800] "POST /xingrg/all/common/load_tree.html?tree=area_rest_tree_json&manage=1 HTTP/1.1" 200 351
124.79.240.114 - - [25/May/2023:11:55:56 +0800] "GET /xingrg/all/function/internal_message.html?_=1684987235749&CODE_STATE=count HTTP/1.1" 200 11
124.79.240.114 - - [25/May/2023:11:55:56 +0800] "POST /xingrg/load_menu.html HTTP/1.1" 200 5138
180.169.147.146 - - [25/May/2023:11:55:57 +0800] "GET /xingrg/all/function/internal_message.html?_=1684986952423&CODE_STATE=getMsg HTTP/1.1" 302 -
61.170.234.108 - - [25/May/2023:11:55:58 +0800] "POST /xingrg/kc/base/wldb_list_operate.html HTTP/1.1" 200 294
124.79.240.114 - - [25/May/2023:11:56:01 +0800] "GET /xingrg/kc/buy/cgsh_order_list.html HTTP/1.1" 200 55675
101.229.22.40 - - [25/May/2023:11:56:02 +0800] "GET /xingrg/all/function/internal_message.html?_=1684986962556&CODE_STATE=getMsg HTTP/1.1" 200 27
180.164.3.199 - - [25/May/2023:11:56:03 +0800] "GET /xingrg/all/function/internal_message.html?_=1684986962938&CODE_STATE=getMsg HTTP/1.1" 200 27
61.170.234.108 - - [25/May/2023:11:56:03 +0800] "GET /xingrg/all/function/internal_message.html?_=1684986965175&CODE_STATE=getMsg HTTP/1.1" 200 27
180.164.3.199 - - [25/May/2023:11:56:04 +0800] "GET /xingrg/kc/buy/cgsh_order_operate.html?command=get_materiel&rest_code=00108&code=00101018011&supplier_code=00100330&order_time=2023-05-25 HTTP/1.1" 200 413
124.79.240.114 - - [25/May/2023:11:56:04 +0800] "POST /xingrg/kc/buy/cgsh_list_operate.html HTTP/1.1" 200 1852
61.170.234.108 - - [25/May/2023:11:56:05 +0800] "GET /xingrg/kc/base/wldb_order_info.html?code=422023052301840 HTTP/1.1" 200 26266
114.83.218.112 - - [25/May/2023:11:56:05 +0800] "GET /xingrg/all/function/internal_message.html?_=1684986963137&CODE_STATE=getMsg HTTP/1.1" 200 27
61.170.234.108 - - [25/May/2023:11:56:06 +0800] "GET /xingrg/javascript/easyui/themes/default/validatebox.css HTTP/1.1" 404 1104
61.170.234.108 - - [25/May/2023:11:56:06 +0800] "POST /xingrg/kc/base/wldb_order_operate.html HTTP/1.1" 200 971
124.79.240.114 - - [25/May/2023:11:56:08 +0800] "POST /xingrg/kc/buy/cgsh_list_operate.html HTTP/1.1" 200 202
61.170.234.108 - - [25/May/2023:11:56:14 +0800] "GET /xingrg/kc/base/base_main.html HTTP/1.1" 200 12142
61.170.234.108 - - [25/May/2023:11:56:16 +0800] "GET /xingrg/kc/base/wldb_order_list.html HTTP/1.1" 200 19098
61.170.234.108 - - [25/May/2023:11:56:17 +0800] "POST /xingrg/kc/base/wldb_list_operate.html HTTP/1.1" 200 3344
180.164.3.199 - - [25/May/2023:11:56:18 +0800] "GET /xingrg/kc/buy/cgsh_order_operate.html?command=get_materiel&rest_code=00108&code=00101006067&supplier_code=00100330&order_time=2023-05-25 HTTP/1.1" 200 409
116.232.195.127 - - [25/May/2023:11:56:19 +0800] "GET /xingrg/all/function/internal_message.html?_=1684987015375&CODE_STATE=getMsg HTTP/1.1" 302 -
61.170.234.108 - - [25/May/2023:11:56:19 +0800] "GET /xingrg/all/function/internal_message.html?_=1684986980918&CODE_STATE=getMsg HTTP/1.1" 200 27
124.79.240.114 - - [25/May/2023:11:56:20 +0800] "POST /xingrg/kc/buy/cgsh_list_operate.html HTTP/1.1" 200 4
222.70.172.86 - - [25/May/2023:11:56:20 +0800] "GET /xingrg/all/function/internal_message.html?_=1684986994477&CODE_STATE=getMsg HTTP/1.1" 200 27
172.20.0.100 - - [25/May/2023:11:56:20 +0800] "GET /xingrg/all/function/internal_message.html?_=1684986990574&CODE_STATE=getMsg HTTP/1.1" 302 -
124.79.240.114 - - [25/May/2023:11:56:24 +0800] "POST /xingrg/kc/buy/cgsh_list_operate.html HTTP/1.1" 200 986
180.169.147.146 - - [25/May/2023:11:56:26 +0800] "GET /xingrg/all/function/internal_message.html?_=1684986987283&CODE_STATE=getMsg HTTP/1.1" 200 27
58.40.7.146 - - [25/May/2023:11:56:27 +0800] "GET /xingrg/all/function/internal_message.html?_=1684986987490&CODE_STATE=getMsg HTTP/1.1" 200 27
180.169.147.146 - - [25/May/2023:11:56:27 +0800] "GET /xingrg/all/function/internal_message.html?_=1684986988838&CODE_STATE=getMsg HTTP/1.1" 200 27
61.170.234.108 - - [25/May/2023:11:56:28 +0800] "GET /xingrg/kc/mdqp/qp_main.html HTTP/1.1" 200 10633
180.164.3.199 - - [25/May/2023:11:56:29 +0800] "POST /xingrg/kc/buy/cgsh_order_operate.html HTTP/1.1" 200 37
116.238.139.35 - - [25/May/2023:11:56:29 +0800] "GET /xingrg/check_reg.html?_=1684986904033 HTTP/1.1" 302 -
116.238.139.35 - - [25/May/2023:11:56:29 +0800] "GET /xingrg/login.html HTTP/1.1" 200 7641
180.164.3.199 - - [25/May/2023:11:56:31 +0800] "POST /xingrg/kc/buy/cgsh_order_operate.html HTTP/1.1" 200 3247
180.164.3.199 - - [25/May/2023:11:56:33 +0800] "GET /xingrg/kc/print/load_data.html?order_code=212023052509271&kc_code=cgsh&condition= HTTP/1.1" 200 917
124.79.74.67 - - [25/May/2023:11:56:36 +0800] "GET /xingrg/all/function/internal_message.html?_=1684987002588&CODE_STATE=getMsg HTTP/1.1" 302 -
124.79.74.67 - - [25/May/2023:11:56:36 +0800] "GET /xingrg/login.html HTTP/1.1" 200 7641
101.83.145.52 - - [25/May/2023:11:56:38 +0800] "GET /xingrg/all/function/internal_message.html?_=1684986831224&CODE_STATE=getMsg HTTP/1.1" 302 -
180.164.3.199 - - [25/May/2023:11:56:38 +0800] "GET /xingrg/kc/buy/cgsh_order_add.html HTTP/1.1" 200 71543
180.164.3.199 - - [25/May/2023:11:56:38 +0800] "POST /xingrg/kc/buy/cgsh_order_operate.html HTTP/1.1" 200 8245
180.164.3.199 - - [25/May/2023:11:56:38 +0800] "GET /xingrg/javascript/easyui/themes/default/validatebox.css HTTP/1.1" 404 1104
116.238.139.35 - - [25/May/2023:11:56:43 +0800] "GET /xingrg/all/function/internal_message.html?_=1684986917285&CODE_STATE=getMsg HTTP/1.1" 302 -
116.238.139.35 - - [25/May/2023:11:56:43 +0800] "GET /xingrg/login.html HTTP/1.1" 200 7641
116.238.139.35 - - [25/May/2023:11:56:56 +0800] "GET /xingrg/all/function/internal_message.html?_=1684987014180&CODE_STATE=getMsg HTTP/1.1" 302 -
101.83.145.52 - - [25/May/2023:11:56:56 +0800] "GET /xingrg/all/function/internal_message.html?_=1684987017458&CODE_STATE=getMsg HTTP/1.1" 302 -
101.83.145.52 - - [25/May/2023:11:56:56 +0800] "GET /xingrg/check_reg.html?_=1684987017463 HTTP/1.1" 302 -
124.79.240.114 - - [25/May/2023:11:56:56 +0800] "GET /xingrg/all/function/internal_message.html?_=1684987295762&CODE_STATE=getMsg HTTP/1.1" 200 27
180.164.3.199 - - [25/May/2023:11:56:57 +0800] "GET /xingrg/kc/buy/cgsh_order_operate.html?command=get_materiel&rest_code=00108&code=00101001008&supplier_code=00100482&order_time=2023-05-25 HTTP/1.1" 200 415
180.169.147.146 - - [25/May/2023:11:56:57 +0800] "GET /xingrg/all/function/internal_message.html?_=1684987012424&CODE_STATE=getMsg HTTP/1.1" 302 -
101.229.22.40 - - [25/May/2023:11:57:02 +0800] "GET /xingrg/all/function/internal_message.html?_=1684987022556&CODE_STATE=getMsg HTTP/1.1" 200 27
180.164.3.199 - - [25/May/2023:11:57:03 +0800] "GET /xingrg/all/function/internal_message.html?_=1684987022922&CODE_STATE=getMsg HTTP/1.1" 200 27
61.170.234.108 - - [25/May/2023:11:57:03 +0800] "GET /xingrg/all/function/internal_message.html?_=1684987025173&CODE_STATE=getMsg HTTP/1.1" 200 27
114.83.218.112 - - [25/May/2023:11:57:05 +0800] "GET /xingrg/all/function/internal_message.html?_=1684987023121&CODE_STATE=getMsg HTTP/1.1" 200 27
116.232.195.127 - - [25/May/2023:11:57:19 +0800] "GET /xingrg/all/function/internal_message.html?_=1684987075353&CODE_STATE=getMsg HTTP/1.1" 302 -
61.170.234.108 - - [25/May/2023:11:57:19 +0800] "GET /xingrg/check_reg.html?_=1684987040913 HTTP/1.1" 200 22
61.170.234.108 - - [25/May/2023:11:57:19 +0800] "GET /xingrg/all/function/internal_message.html?_=1684987040915&CODE_STATE=getMsg HTTP/1.1" 200 27
222.70.172.86 - - [25/May/2023:11:57:20 +0800] "GET /xingrg/all/function/internal_message.html?_=1684987054585&CODE_STATE=getMsg HTTP/1.1" 200 27
172.20.0.100 - - [25/May/2023:11:57:20 +0800] "GET /xingrg/all/function/internal_message.html?_=1684987050577&CODE_STATE=getMsg HTTP/1.1" 302 -
172.20.0.100 - - [25/May/2023:11:57:20 +0800] "GET /xingrg/check_reg.html?_=1684987050579 HTTP/1.1" 302 -
180.164.3.199 - - [25/May/2023:11:57:23 +0800] "POST /xingrg/kc/buy/cgsh_order_operate.html HTTP/1.1" 200 37
180.169.147.146 - - [25/May/2023:11:57:26 +0800] "GET /xingrg/all/function/internal_message.html?_=1684987047281&CODE_STATE=getMsg HTTP/1.1" 200 27
180.164.3.199 - - [25/May/2023:11:57:27 +0800] "POST /xingrg/kc/buy/cgsh_order_operate.html HTTP/1.1" 200 2660
58.40.7.146 - - [25/May/2023:11:57:27 +0800] "GET /xingrg/all/function/internal_message.html?_=1684987047477&CODE_STATE=getMsg HTTP/1.1" 200 27
180.169.147.146 - - [25/May/2023:11:57:27 +0800] "GET /xingrg/all/function/internal_message.html?_=1684987048840&CODE_STATE=getMsg HTTP/1.1" 200 27
218.81.78.189 - - [25/May/2023:11:57:27 +0800] "GET /xingrg/images/yd/bt.gif HTTP/1.1" 404 1040
218.81.78.189 - - [25/May/2023:11:57:30 +0800] "GET /xingrg/index.html?sysBaseUrl=http%3A%2F%2F180.169.147.146%3A18081%2Fxingrg%2F&costTime=1017×tamp=1684917129708 HTTP/1.1" 302 -
218.81.78.189 - - [25/May/2023:11:57:30 +0800] "GET /xingrg/login.html HTTP/1.1" 200 7641
218.81.78.189 - - [25/May/2023:11:57:30 +0800] "GET /xingrg/images/blue/jxLogo.png HTTP/1.1" 304 -
218.81.78.189 - - [25/May/2023:11:57:30 +0800] "GET /xingrg/images/blue/login_bg.png HTTP/1.1" 304 -
218.81.78.189 - - [25/May/2023:11:57:30 +0800] "GET /xingrg/images/blue/hj.png HTTP/1.1" 304 -
218.81.78.189 - - [25/May/2023:11:57:30 +0800] "GET /xingrg/images/blue/srbg.png HTTP/1.1" 304 -
180.164.3.199 - - [25/May/2023:11:57:31 +0800] "GET /xingrg/kc/print/load_data.html?order_code=212023052509272&kc_code=cgsh&condition= HTTP/1.1" 200 694
61.170.234.108 - - [25/May/2023:11:57:33 +0800] "GET /xingrg/images/yd/bt.gif HTTP/1.1" 404 1040
61.170.234.108 - - [25/May/2023:11:57:34 +0800] "GET /xingrg/kc/mdqp/qqps_order_list.html HTTP/1.1" 200 11178
61.170.234.108 - - [25/May/2023:11:57:34 +0800] "GET /xingrg/dwr/interface/AjaxQqpsService.js HTTP/1.1" 200 16326
61.170.234.108 - - [25/May/2023:11:57:34 +0800] "GET /xingrg/dwr/interface/AjaxReportQueryService.js HTTP/1.1" 200 13203
61.170.234.108 - - [25/May/2023:11:57:34 +0800] "GET /xingrg/dwr/engine.js HTTP/1.1" 200 43631
124.79.74.67 - - [25/May/2023:11:57:36 +0800] "GET /xingrg/all/function/internal_message.html?_=1684987062591&CODE_STATE=getMsg HTTP/1.1" 302 -
124.79.74.67 - - [25/May/2023:11:57:36 +0800] "GET /xingrg/login.html HTTP/1.1" 200 7641
61.170.234.108 - - [25/May/2023:11:57:37 +0800] "GET /xingrg/kc/mdqp/qqps_order_add.html HTTP/1.1" 200 28236
61.170.234.108 - - [25/May/2023:11:57:38 +0800] "GET /xingrg/dwr/interface/AjaxComOrderService.js HTTP/1.1" 200 18264
61.170.234.108 - - [25/May/2023:11:57:38 +0800] "GET /xingrg/dwr/engine.js HTTP/1.1" 200 43631
61.170.234.108 - - [25/May/2023:11:57:38 +0800] "GET /xingrg/dwr/interface/AjaxQqpsService.js HTTP/1.1" 200 16326
101.83.145.52 - - [25/May/2023:11:57:38 +0800] "GET /xingrg/all/function/internal_message.html?_=1684986891224&CODE_STATE=getMsg HTTP/1.1" 302 -
116.238.139.35 - - [25/May/2023:11:57:43 +0800] "GET /xingrg/all/function/internal_message.html?_=1684986977288&CODE_STATE=getMsg HTTP/1.1" 302 -
116.238.139.35 - - [25/May/2023:11:57:43 +0800] "GET /xingrg/login.html HTTP/1.1" 200 7641
180.164.3.199 - - [25/May/2023:11:57:44 +0800] "GET /xingrg/kc/buy/cgsh_order_add.html HTTP/1.1" 200 71543
180.164.3.199 - - [25/May/2023:11:57:44 +0800] "POST /xingrg/kc/buy/cgsh_order_operate.html HTTP/1.1" 200 8245
180.164.3.199 - - [25/May/2023:11:57:44 +0800] "GET /xingrg/javascript/easyui/themes/default/validatebox.css HTTP/1.1" 404 1104
61.170.234.108 - - [25/May/2023:11:57:52 +0800] "POST /xingrg/dwr/call/plaincall/AjaxQqpsService.saveOrder.dwr HTTP/1.1" 200 78
116.238.139.35 - - [25/May/2023:11:57:56 +0800] "GET /xingrg/all/function/internal_message.html?_=1684987074179&CODE_STATE=getMsg HTTP/1.1" 302 -
101.83.145.52 - - [25/May/2023:11:57:56 +0800] "GET /xingrg/all/function/internal_message.html?_=1684987077462&CODE_STATE=getMsg HTTP/1.1" 302 -
124.79.240.114 - - [25/May/2023:11:57:56 +0800] "GET /xingrg/all/function/internal_message.html?_=1684987355745&CODE_STATE=getMsg HTTP/1.1" 200 27
180.169.147.146 - - [25/May/2023:11:57:57 +0800] "GET /xingrg/all/function/internal_message.html?_=1684987072425&CODE_STATE=getMsg HTTP/1.1" 302 -
180.164.3.199 - - [25/May/2023:11:57:58 +0800] "GET /xingrg/kc/buy/cgsh_order_operate.html?command=get_materiel&rest_code=00108&code=00101001140&supplier_code=00100090&order_time=2023-05-25 HTTP/1.1" 200 415
101.229.22.40 - - [25/May/2023:11:58:02 +0800] "GET /xingrg/all/function/internal_message.html?_=1684987082556&CODE_STATE=getMsg HTTP/1.1" 200 27
101.229.22.40 - - [25/May/2023:11:58:02 +0800] "GET /xingrg/check_reg.html?_=1684987082562 HTTP/1.1" 200 22
180.164.3.199 - - [25/May/2023:11:58:03 +0800] "GET /xingrg/all/function/internal_message.html?_=1684987082896&CODE_STATE=getMsg HTTP/1.1" 200 27
61.170.234.108 - - [25/May/2023:11:58:03 +0800] "GET /xingrg/all/function/internal_message.html?_=1684987085171&CODE_STATE=getMsg HTTP/1.1" 200 27
61.170.234.108 - - [25/May/2023:11:58:04 +0800] "GET /xingrg/javascript/auto/indicator.gif HTTP/1.1" 404 1066
114.83.218.112 - - [25/May/2023:11:58:05 +0800] "GET /xingrg/all/function/internal_message.html?_=1684987083092&CODE_STATE=getMsg HTTP/1.1" 200 27
114.83.218.112 - - [25/May/2023:11:58:06 +0800] "GET /xingrg/check_reg.html?_=1684987083322 HTTP/1.1" 200 22
180.164.3.199 - - [25/May/2023:11:58:08 +0800] "POST /xingrg/kc/buy/cgsh_order_operate.html HTTP/1.1" 200 37
61.170.234.108 - - [25/May/2023:11:58:09 +0800] "POST /xingrg/dwr/call/plaincall/AjaxQqpsService.getMaterielByCode.dwr HTTP/1.1" 200 2726
180.169.147.146 - - [25/May/2023:11:58:11 +0800] "GET /xingrg/check_reg.html?_=1684987091112 HTTP/1.1" 302 -
61.170.234.108 - - [25/May/2023:11:58:13 +0800] "POST /xingrg/dwr/call/plaincall/AjaxQqpsService.saveMaterielItem.dwr HTTP/1.1" 200 78
180.164.3.199 - - [25/May/2023:11:58:15 +0800] "POST /xingrg/kc/buy/cgsh_order_operate.html HTTP/1.1" 200 2662
180.164.3.199 - - [25/May/2023:11:58:18 +0800] "GET /xingrg/kc/print/load_data.html?order_code=212023052509273&kc_code=cgsh&condition= HTTP/1.1" 200 759
116.232.195.127 - - [25/May/2023:11:58:19 +0800] "GET /xingrg/all/function/internal_message.html?_=1684987135333&CODE_STATE=getMsg HTTP/1.1" 302 -
61.170.234.108 - - [25/May/2023:11:58:19 +0800] "GET /xingrg/all/function/internal_message.html?_=1684987100928&CODE_STATE=getMsg HTTP/1.1" 200 27
222.70.172.86 - - [25/May/2023:11:58:20 +0800] "GET /xingrg/all/function/internal_message.html?_=1684987114593&CODE_STATE=getMsg HTTP/1.1" 200 27
172.20.0.100 - - [25/May/2023:11:58:20 +0800] "GET /xingrg/all/function/internal_message.html?_=1684987110602&CODE_STATE=getMsg HTTP/1.1" 302 -
61.170.234.108 - - [25/May/2023:11:58:23 +0800] "POST /xingrg/dwr/call/plaincall/AjaxQqpsService.getMaterielByCode.dwr HTTP/1.1" 200 2714
180.169.147.146 - - [25/May/2023:11:58:26 +0800] "GET /xingrg/all/function/internal_message.html?_=1684987107280&CODE_STATE=getMsg HTTP/1.1" 200 27
61.170.234.108 - - [25/May/2023:11:58:26 +0800] "POST /xingrg/dwr/call/plaincall/AjaxQqpsService.saveMaterielItem.dwr HTTP/1.1" 200 78
58.40.7.146 - - [25/May/2023:11:58:27 +0800] "GET /xingrg/all/function/internal_message.html?_=1684987107479&CODE_STATE=getMsg HTTP/1.1" 200 27
180.169.147.146 - - [25/May/2023:11:58:27 +0800] "GET /xingrg/all/function/internal_message.html?_=1684987108839&CODE_STATE=getMsg HTTP/1.1" 200 27
180.164.3.199 - - [25/May/2023:11:58:30 +0800] "GET /xingrg/kc/buy/cgsh_order_add.html HTTP/1.1" 200 71543
180.164.3.199 - - [25/May/2023:11:58:30 +0800] "POST /xingrg/kc/buy/cgsh_order_operate.html HTTP/1.1" 200 8245
180.164.3.199 - - [25/May/2023:11:58:30 +0800] "GET /xingrg/javascript/easyui/themes/default/validatebox.css HTTP/1.1" 404 1104
222.67.238.82 - - [25/May/2023:11:58:32 +0800] "GET /xingrg/check_reg.html?_=1684986623548 HTTP/1.1" 302 -
124.79.74.67 - - [25/May/2023:11:58:36 +0800] "GET /xingrg/all/function/internal_message.html?_=1684987122593&CODE_STATE=getMsg HTTP/1.1" 302 -
124.79.74.67 - - [25/May/2023:11:58:36 +0800] "GET /xingrg/check_reg.html?_=1684987122594 HTTP/1.1" 302 -
124.79.74.67 - - [25/May/2023:11:58:36 +0800] "GET /xingrg/login.html HTTP/1.1" 200 7641
124.79.74.67 - - [25/May/2023:11:58:36 +0800] "GET /xingrg/login.html HTTP/1.1" 200 7641
101.83.145.52 - - [25/May/2023:11:58:38 +0800] "GET /xingrg/check_reg.html?_=1684986951224 HTTP/1.1" 302 -
101.83.145.52 - - [25/May/2023:11:58:38 +0800] "GET /xingrg/all/function/internal_message.html?_=1684986951227&CODE_STATE=getMsg HTTP/1.1" 302 -
116.238.139.35 - - [25/May/2023:11:58:43 +0800] "GET /xingrg/all/function/internal_message.html?_=1684987037312&CODE_STATE=getMsg HTTP/1.1" 302 -
116.238.139.35 - - [25/May/2023:11:58:43 +0800] "GET /xingrg/login.html HTTP/1.1" 200 7641
180.164.3.199 - - [25/May/2023:11:58:50 +0800] "GET /xingrg/kc/buy/cgsh_order_operate.html?command=get_materiel&rest_code=00108&code=00101010916&supplier_code=00100430&order_time=2023-05-25 HTTP/1.1" 200 395
61.170.234.108 - - [25/May/2023:11:58:54 +0800] "POST /xingrg/dwr/call/plaincall/AjaxQqpsService.getMaterielByCode.dwr HTTP/1.1" 200 2659
116.238.139.35 - - [25/May/2023:11:58:56 +0800] "GET /xingrg/all/function/internal_message.html?_=1684987134178&CODE_STATE=getMsg HTTP/1.1" 302 -
101.83.145.52 - - [25/May/2023:11:58:56 +0800] "GET /xingrg/all/function/internal_message.html?_=1684987137464&CODE_STATE=getMsg HTTP/1.1" 302 -
124.79.240.114 - - [25/May/2023:11:58:56 +0800] "GET /xingrg/all/function/internal_message.html?_=1684987415744&CODE_STATE=getMsg HTTP/1.1" 200 27
61.170.234.108 - - [25/May/2023:11:58:57 +0800] "POST /xingrg/dwr/call/plaincall/AjaxQqpsService.saveMaterielItem.dwr HTTP/1.1" 200 78
180.169.147.146 - - [25/May/2023:11:58:57 +0800] "GET /xingrg/check_reg.html?_=1684987132451 HTTP/1.1" 302 -
180.169.147.146 - - [25/May/2023:11:58:57 +0800] "GET /xingrg/all/function/internal_message.html?_=1684987132453&CODE_STATE=getMsg HTTP/1.1" 302 -
180.164.3.199 - - [25/May/2023:11:59:01 +0800] "POST /xingrg/kc/buy/cgsh_order_operate.html HTTP/1.1" 200 37
101.229.22.40 - - [25/May/2023:11:59:02 +0800] "GET /xingrg/all/function/internal_message.html?_=1684987142568&CODE_STATE=getMsg HTTP/1.1" 200 27
180.164.3.199 - - [25/May/2023:11:59:03 +0800] "POST /xingrg/kc/buy/cgsh_order_operate.html HTTP/1.1" 200 2655
180.164.3.199 - - [25/May/2023:11:59:03 +0800] "GET /xingrg/all/function/internal_message.html?_=1684987142881&CODE_STATE=getMsg HTTP/1.1" 200 27
61.170.234.108 - - [25/May/2023:11:59:03 +0800] "GET /xingrg/all/function/internal_message.html?_=1684987145169&CODE_STATE=getMsg HTTP/1.1" 200 27
180.164.3.199 - - [25/May/2023:11:59:04 +0800] "GET /xingrg/kc/print/load_data.html?order_code=212023052509274&kc_code=cgsh&condition= HTTP/1.1" 200 655
114.83.218.112 - - [25/May/2023:11:59:05 +0800] "GET /xingrg/all/function/internal_message.html?_=1684987143094&CODE_STATE=getMsg HTTP/1.1" 200 27
218.81.78.189 - - [25/May/2023:11:59:09 +0800] "POST /xingrg/login.do HTTP/1.1" 302 -
218.81.78.189 - - [25/May/2023:11:59:09 +0800] "POST /xingrg/login.do HTTP/1.1" 302 -
218.81.78.189 - - [25/May/2023:11:59:09 +0800] "GET /xingrg/index.html?sysBaseUrl=http%3A%2F%2F180.169.147.146%3A18081%2Fxingrg%2F&costTime=1610×tamp=1684987149637 HTTP/1.1" 200 17179
218.81.78.189 - - [25/May/2023:11:59:09 +0800] "GET /favicon.ico HTTP/1.1" 404 -
218.81.78.189 - - [25/May/2023:11:59:10 +0800] "POST /xingrg/all/common/load_tree.html?tree=area_rest_tree_json&manage=1 HTTP/1.1" 200 476
218.81.78.189 - - [25/May/2023:11:59:10 +0800] "GET /xingrg/check_reg.html?_=1684987149214 HTTP/1.1" 200 22
218.81.78.189 - - [25/May/2023:11:59:10 +0800] "GET /xingrg/all/function/internal_message.html?_=1684987149212&CODE_STATE=count HTTP/1.1" 200 11
218.81.78.189 - - [25/May/2023:11:59:10 +0800] "POST /xingrg/load_menu.html HTTP/1.1" 200 5138
218.81.78.189 - - [25/May/2023:11:59:12 +0800] "GET /xingrg/kc/buy/buy_main.html HTTP/1.1" 200 12412
218.81.78.189 - - [25/May/2023:11:59:12 +0800] "GET /xingrg/css/new_ie.css HTTP/1.1" 404 1036
218.81.78.189 - - [25/May/2023:11:59:12 +0800] "GET /xingrg/images/yd/bt.gif HTTP/1.1" 404 1040
218.81.78.189 - - [25/May/2023:11:59:13 +0800] "GET /xingrg/kc/buy/cgsh_order_list.html HTTP/1.1" 200 55675
218.81.78.189 - - [25/May/2023:11:59:16 +0800] "POST /xingrg/kc/buy/cgsh_list_operate.html HTTP/1.1" 200 986
116.232.195.127 - - [25/May/2023:11:59:19 +0800] "GET /xingrg/all/function/internal_message.html?_=1684987195305&CODE_STATE=getMsg HTTP/1.1" 302 -
61.170.234.108 - - [25/May/2023:11:59:19 +0800] "GET /xingrg/all/function/internal_message.html?_=1684987160933&CODE_STATE=getMsg HTTP/1.1" 200 27
61.170.234.108 - - [25/May/2023:11:59:19 +0800] "POST /xingrg/dwr/call/plaincall/AjaxQqpsService.getMaterielByCode.dwr HTTP/1.1" 200 2659
172.20.0.100 - - [25/May/2023:11:59:20 +0800] "GET /xingrg/all/function/internal_message.html?_=1684987170600&CODE_STATE=getMsg HTTP/1.1" 302 -
222.70.172.86 - - [25/May/2023:11:59:20 +0800] "GET /xingrg/all/function/internal_message.html?_=1684987174708&CODE_STATE=getMsg HTTP/1.1" 200 27
222.70.178.80 - - [25/May/2023:11:59:23 +0800] "POST /xingrg/services/DataTransmitService HTTP/1.1" 200 524
61.170.234.108 - - [25/May/2023:11:59:24 +0800] "POST /xingrg/dwr/call/plaincall/AjaxQqpsService.saveMaterielItem.dwr HTTP/1.1" 200 78
222.70.178.80 - - [25/May/2023:11:59:25 +0800] "POST /xingrg/services/DataTransmitService HTTP/1.1" 200 501
222.70.178.80 - - [25/May/2023:11:59:25 +0800] "POST /xingrg/services/DataTransmitService HTTP/1.1" 200 501
180.169.147.146 - - [25/May/2023:11:59:26 +0800] "GET /xingrg/all/function/internal_message.html?_=1684987167305&CODE_STATE=getMsg HTTP/1.1" 200 27
222.70.178.80 - - [25/May/2023:11:59:26 +0800] "POST /xingrg/services/DataTransmitService HTTP/1.1" 200 501
222.70.178.80 - - [25/May/2023:11:59:26 +0800] "POST /xingrg/services/DataTransmitService HTTP/1.1" 200 501
222.70.178.80 - - [25/May/2023:11:59:27 +0800] "POST /xingrg/services/DataTransmitService HTTP/1.1" 200 501
58.40.7.146 - - [25/May/2023:11:59:27 +0800] "GET /xingrg/all/function/internal_message.html?_=1684987167481&CODE_STATE=getMsg HTTP/1.1" 200 27
58.40.7.146 - - [25/May/2023:11:59:27 +0800] "GET /xingrg/check_reg.html?_=1684987167483 HTTP/1.1" 200 22
180.169.147.146 - - [25/May/2023:11:59:27 +0800] "GET /xingrg/check_reg.html?_=1684987168838 HTTP/1.1" 200 22
180.169.147.146 - - [25/May/2023:11:59:27 +0800] "GET /xingrg/all/function/internal_message.html?_=1684987168839&CODE_STATE=getMsg HTTP/1.1" 200 27
222.70.178.80 - - [25/May/2023:11:59:28 +0800] "POST /xingrg/services/DataTransmitService HTTP/1.1" 200 501
222.70.178.80 - - [25/May/2023:11:59:28 +0800] "POST /xingrg/services/DataTransmitService HTTP/1.1" 200 412
124.79.74.67 - - [25/May/2023:11:59:36 +0800] "GET /xingrg/all/function/internal_message.html?_=1684987182597&CODE_STATE=getMsg HTTP/1.1" 302 -
124.79.74.67 - - [25/May/2023:11:59:36 +0800] "GET /xingrg/login.html HTTP/1.1" 200 7641
101.83.145.52 - - [25/May/2023:11:59:38 +0800] "GET /xingrg/all/function/internal_message.html?_=1684987011226&CODE_STATE=getMsg HTTP/1.1" 302 -
61.170.234.108 - - [25/May/2023:11:59:42 +0800] "POST /xingrg/dwr/call/plaincall/AjaxQqpsService.getMaterielByCode.dwr HTTP/1.1" 200 2671
116.238.139.35 - - [25/May/2023:11:59:43 +0800] "GET /xingrg/all/function/internal_message.html?_=1684987097315&CODE_STATE=getMsg HTTP/1.1" 302 -
116.238.139.35 - - [25/May/2023:11:59:43 +0800] "GET /xingrg/login.html HTTP/1.1" 200 7641
61.170.234.108 - - [25/May/2023:11:59:47 +0800] "POST /xingrg/dwr/call/plaincall/AjaxQqpsService.saveMaterielItem.dwr HTTP/1.1" 200 79
116.238.139.35 - - [25/May/2023:11:59:56 +0800] "GET /xingrg/all/function/internal_message.html?_=1684987194179&CODE_STATE=getMsg HTTP/1.1" 302 -
101.83.145.52 - - [25/May/2023:11:59:56 +0800] "GET /xingrg/all/function/internal_message.html?_=1684987197463&CODE_STATE=getMsg HTTP/1.1" 302 -
124.79.240.114 - - [25/May/2023:11:59:56 +0800] "GET /xingrg/all/function/internal_message.html?_=1684987475749&CODE_STATE=getMsg HTTP/1.1" 200 27
180.169.147.146 - - [25/May/2023:11:59:57 +0800] "GET /xingrg/all/function/internal_message.html?_=1684987192438&CODE_STATE=getMsg HTTP/1.1" 302 -
101.229.22.40 - - [25/May/2023:12:00:02 +0800] "GET /xingrg/all/function/internal_message.html?_=1684987202553&CODE_STATE=getMsg HTTP/1.1" 200 27
180.164.3.199 - - [25/May/2023:12:00:03 +0800] "GET /xingrg/all/function/internal_message.html?_=1684987202872&CODE_STATE=getMsg HTTP/1.1" 200 27
61.170.234.108 - - [25/May/2023:12:00:03 +0800] "GET /xingrg/check_reg.html?_=1684987205168 HTTP/1.1" 200 22
61.170.234.108 - - [25/May/2023:12:00:03 +0800] "GET /xingrg/all/function/internal_message.html?_=1684987205167&CODE_STATE=getMsg HTTP/1.1" 200 27
180.164.3.199 - - [25/May/2023:12:00:03 +0800] "GET /xingrg/check_reg.html?_=1684987203045 HTTP/1.1" 200 22
58.40.7.146 - - [25/May/2023:12:00:04 +0800] "POST /xingrg/services/DataTransmitService HTTP/1.1" 200 524
114.83.218.112 - - [25/May/2023:12:00:05 +0800] "GET /xingrg/all/function/internal_message.html?_=1684987203086&CODE_STATE=getMsg HTTP/1.1" 200 27
218.81.78.189 - - [25/May/2023:12:00:10 +0800] "GET /xingrg/all/function/internal_message.html?_=1684987209228&CODE_STATE=getMsg HTTP/1.1" 200 27
116.232.195.127 - - [25/May/2023:12:00:12 +0800] "GET /xingrg/check_reg.html?_=1684987249043 HTTP/1.1" 302 -
61.170.234.108 - - [25/May/2023:12:00:15 +0800] "POST /xingrg/dwr/call/plaincall/AjaxQqpsService.saveOrder.dwr HTTP/1.1" 200 79
222.70.172.86 - - [25/May/2023:12:00:15 +0800] "GET /xingrg/check_reg.html?_=1684987229456 HTTP/1.1" 200 22
116.232.195.127 - - [25/May/2023:12:00:19 +0800] "GET /xingrg/all/function/internal_message.html?_=1684987255290&CODE_STATE=getMsg HTTP/1.1" 302 -
172.20.0.100 - - [25/May/2023:12:00:20 +0800] "GET /xingrg/all/function/internal_message.html?_=1684987230598&CODE_STATE=getMsg HTTP/1.1" 302 -
222.70.172.86 - - [25/May/2023:12:00:20 +0800] "GET /xingrg/all/function/internal_message.html?_=1684987234712&CODE_STATE=getMsg HTTP/1.1" 200 27
61.170.234.108 - - [25/May/2023:12:00:21 +0800] "GET /xingrg/kc/mdqp/qqps_order_add.html HTTP/1.1" 200 28236
61.170.234.108 - - [25/May/2023:12:00:21 +0800] "GET /xingrg/dwr/interface/AjaxQqpsService.js HTTP/1.1" 200 16326
61.170.234.108 - - [25/May/2023:12:00:21 +0800] "GET /xingrg/dwr/interface/AjaxComOrderService.js HTTP/1.1" 200 18264
61.170.234.108 - - [25/May/2023:12:00:21 +0800] "GET /xingrg/dwr/engine.js HTTP/1.1" 200 43631
180.169.147.146 - - [25/May/2023:12:00:26 +0800] "GET /xingrg/all/function/internal_message.html?_=1684987227304&CODE_STATE=getMsg HTTP/1.1" 200 27
180.169.147.146 - - [25/May/2023:12:00:26 +0800] "GET /xingrg/check_reg.html?_=1684987227305 HTTP/1.1" 200 22
58.40.7.146 - - [25/May/2023:12:00:27 +0800] "GET /xingrg/all/function/internal_message.html?_=1684987227486&CODE_STATE=getMsg HTTP/1.1" 200 27
180.169.147.146 - - [25/May/2023:12:00:27 +0800] "GET /xingrg/all/function/internal_message.html?_=1684987228865&CODE_STATE=getMsg HTTP/1.1" 200 27
124.79.74.67 - - [25/May/2023:12:00:36 +0800] "GET /xingrg/all/function/internal_message.html?_=1684987242598&CODE_STATE=getMsg HTTP/1.1" 302 -
124.79.74.67 - - [25/May/2023:12:00:36 +0800] "GET /xingrg/login.html HTTP/1.1" 200 7641
101.83.145.52 - - [25/May/2023:12:00:38 +0800] "GET /xingrg/all/function/internal_message.html?_=1684987071225&CODE_STATE=getMsg HTTP/1.1" 302 -
116.238.139.35 - - [25/May/2023:12:00:43 +0800] "GET /xingrg/all/function/internal_message.html?_=1684987157337&CODE_STATE=getMsg HTTP/1.1" 302 -
116.238.139.35 - - [25/May/2023:12:00:43 +0800] "GET /xingrg/login.html HTTP/1.1" 200 7641
180.164.3.199 - - [25/May/2023:12:00:50 +0800] "GET /xingrg/kc/buy/cgsh_order_add.html HTTP/1.1" 200 71543
61.170.234.108 - - [25/May/2023:12:00:50 +0800] "POST /xingrg/dwr/call/plaincall/AjaxQqpsService.saveOrder.dwr HTTP/1.1" 200 78
180.164.3.199 - - [25/May/2023:12:00:50 +0800] "POST /xingrg/kc/buy/cgsh_order_operate.html HTTP/1.1" 200 8245
180.164.3.199 - - [25/May/2023:12:00:50 +0800] "GET /xingrg/javascript/easyui/themes/default/validatebox.css HTTP/1.1" 404 1104
116.238.139.35 - - [25/May/2023:12:00:56 +0800] "GET /xingrg/check_reg.html?_=1684987254179 HTTP/1.1" 302 -
116.238.139.35 - - [25/May/2023:12:00:56 +0800] "GET /xingrg/all/function/internal_message.html?_=1684987254180&CODE_STATE=getMsg HTTP/1.1" 302 -
101.83.145.52 - - [25/May/2023:12:00:56 +0800] "GET /xingrg/all/function/internal_message.html?_=1684987257463&CODE_STATE=getMsg HTTP/1.1" 302 -
124.79.240.114 - - [25/May/2023:12:00:56 +0800] "GET /xingrg/all/function/internal_message.html?_=1684987535760&CODE_STATE=getMsg HTTP/1.1" 200 27
124.79.240.114 - - [25/May/2023:12:00:56 +0800] "GET /xingrg/check_reg.html?_=1684987535759 HTTP/1.1" 200 22
180.169.147.146 - - [25/May/2023:12:00:57 +0800] "GET /xingrg/all/function/internal_message.html?_=1684987252437&CODE_STATE=getMsg HTTP/1.1" 302 -
61.170.234.108 - - [25/May/2023:12:01:02 +0800] "POST /xingrg/dwr/call/plaincall/AjaxQqpsService.getMaterielByCode.dwr HTTP/1.1" 200 2665
101.229.22.40 - - [25/May/2023:12:01:02 +0800] "GET /xingrg/all/function/internal_message.html?_=1684987262553&CODE_STATE=getMsg HTTP/1.1" 200 27
180.164.3.199 - - [25/May/2023:12:01:03 +0800] "GET /xingrg/all/function/internal_message.html?_=1684987262866&CODE_STATE=getMsg HTTP/1.1" 200 27
61.170.234.108 - - [25/May/2023:12:01:03 +0800] "GET /xingrg/all/function/internal_message.html?_=1684987265168&CODE_STATE=getMsg HTTP/1.1" 200 27
61.170.234.108 - - [25/May/2023:12:01:05 +0800] "POST /xingrg/dwr/call/plaincall/AjaxQqpsService.saveMaterielItem.dwr HTTP/1.1" 200 78
114.83.218.112 - - [25/May/2023:12:01:05 +0800] "GET /xingrg/all/function/internal_message.html?_=1684987263064&CODE_STATE=getMsg HTTP/1.1" 200 27
218.81.78.189 - - [25/May/2023:12:01:10 +0800] "GET /xingrg/all/function/internal_message.html?_=1684987269228&CODE_STATE=getMsg HTTP/1.1" 200 27
180.164.3.199 - - [25/May/2023:12:01:12 +0800] "GET /xingrg/kc/buy/cgsh_order_operate.html?command=get_materiel&rest_code=00108&code=00101006350&supplier_code=00100325&order_time=2023-05-25 HTTP/1.1" 200 408
116.232.195.127 - - [25/May/2023:12:01:19 +0800] "GET /xingrg/all/function/internal_message.html?_=1684987315265&CODE_STATE=getMsg HTTP/1.1" 302 -
61.170.234.108 - - [25/May/2023:12:01:19 +0800] "GET /xingrg/all/function/internal_message.html?_=1684987280956&CODE_STATE=getMsg HTTP/1.1" 200 27
172.20.0.100 - - [25/May/2023:12:01:20 +0800] "GET /xingrg/all/function/internal_message.html?_=1684987290613&CODE_STATE=getMsg HTTP/1.1" 302 -
222.70.172.86 - - [25/May/2023:12:01:20 +0800] "GET /xingrg/all/function/internal_message.html?_=1684987294725&CODE_STATE=getMsg HTTP/1.1" 200 27
180.164.3.199 - - [25/May/2023:12:01:24 +0800] "GET /xingrg/kc/buy/cgsh_order_operate.html?command=get_materiel&rest_code=00108&code=00101006060&supplier_code=00100325&order_time=2023-05-25 HTTP/1.1" 200 409
180.169.147.146 - - [25/May/2023:12:01:26 +0800] "GET /xingrg/all/function/internal_message.html?_=1684987287303&CODE_STATE=getMsg HTTP/1.1" 200 27
58.40.7.146 - - [25/May/2023:12:01:27 +0800] "GET /xingrg/all/function/internal_message.html?_=1684987287488&CODE_STATE=getMsg HTTP/1.1" 200 27
180.169.147.146 - - [25/May/2023:12:01:27 +0800] "GET /xingrg/all/function/internal_message.html?_=1684987288863&CODE_STATE=getMsg HTTP/1.1" 200 27
116.238.139.35 - - [25/May/2023:12:01:29 +0800] "GET /xingrg/check_reg.html?_=1684987204037 HTTP/1.1" 302 -
116.238.139.35 - - [25/May/2023:12:01:29 +0800] "GET /xingrg/login.html HTTP/1.1" 200 7641
61.170.234.108 - - [25/May/2023:12:01:31 +0800] "POST /xingrg/dwr/call/plaincall/AjaxQqpsService.saveOrder.dwr HTTP/1.1" 200 78
180.164.3.199 - - [25/May/2023:12:01:33 +0800] "GET /xingrg/kc/buy/cgsh_order_operate.html?command=get_materiel&rest_code=00108&code=00101016075&supplier_code=00100325&order_time=2023-05-25 HTTP/1.1" 200 444
124.79.74.67 - - [25/May/2023:12:01:36 +0800] "GET /xingrg/all/function/internal_message.html?_=1684987302601&CODE_STATE=getMsg HTTP/1.1" 302 -
124.79.74.67 - - [25/May/2023:12:01:36 +0800] "GET /xingrg/login.html HTTP/1.1" 200 7641
61.170.234.108 - - [25/May/2023:12:01:36 +0800] "GET /xingrg/kc/mdqp/qp_main.html HTTP/1.1" 200 10633
101.83.145.52 - - [25/May/2023:12:01:38 +0800] "GET /xingrg/all/function/internal_message.html?_=1684987131226&CODE_STATE=getMsg HTTP/1.1" 302 -
61.170.234.108 - - [25/May/2023:12:01:38 +0800] "GET /xingrg/kc/mdqp/qqps_order_list.html HTTP/1.1" 200 11946
61.170.234.108 - - [25/May/2023:12:01:38 +0800] "GET /xingrg/dwr/interface/AjaxQqpsService.js HTTP/1.1" 200 16326
61.170.234.108 - - [25/May/2023:12:01:38 +0800] "GET /xingrg/dwr/interface/AjaxReportQueryService.js HTTP/1.1" 200 13203
61.170.234.108 - - [25/May/2023:12:01:38 +0800] "GET /xingrg/dwr/engine.js HTTP/1.1" 200 43631
61.170.234.108 - - [25/May/2023:12:01:40 +0800] "GET /xingrg/kc/buy/buy_main.html HTTP/1.1" 200 12412
61.170.234.108 - - [25/May/2023:12:01:40 +0800] "GET /xingrg/css/new_ie.css HTTP/1.1" 404 1036
180.164.3.199 - - [25/May/2023:12:01:40 +0800] "GET /xingrg/kc/buy/cgsh_order_operate.html?command=get_materiel&rest_code=00108&code=00101016081&supplier_code=00100325&order_time=2023-05-25 HTTP/1.1" 200 447
61.170.234.108 - - [25/May/2023:12:01:42 +0800] "GET /xingrg/kc/buy/cgsh_order_list.html HTTP/1.1" 200 55669
116.238.139.35 - - [25/May/2023:12:01:43 +0800] "GET /xingrg/all/function/internal_message.html?_=1684987217342&CODE_STATE=getMsg HTTP/1.1" 302 -
116.238.139.35 - - [25/May/2023:12:01:43 +0800] "GET /xingrg/login.html HTTP/1.1" 200 7641
61.170.234.108 - - [25/May/2023:12:01:45 +0800] "POST /xingrg/kc/buy/cgsh_list_operate.html HTTP/1.1" 200 2693
61.170.234.108 - - [25/May/2023:12:01:52 +0800] "GET /xingrg/kc/buy/cgsh_order_add.html HTTP/1.1" 200 71445
61.170.234.108 - - [25/May/2023:12:01:52 +0800] "POST /xingrg/kc/buy/cgsh_order_operate.html HTTP/1.1" 200 8245
61.170.234.108 - - [25/May/2023:12:01:52 +0800] "GET /xingrg/javascript/easyui/themes/default/validatebox.css HTTP/1.1" 404 1104
61.170.234.108 - - [25/May/2023:12:01:52 +0800] "GET /xingrg/all/common/auto_word.html?type=employee&rest_code=00106 HTTP/1.1" 200 205
61.170.234.108 - - [25/May/2023:12:01:52 +0800] "GET /xingrg/all/common/auto_word.html?type=employee&rest_code=00106 HTTP/1.1" 200 205
61.170.234.108 - - [25/May/2023:12:01:53 +0800] "GET /xingrg/javascript/easyui/themes/default/tree.css HTTP/1.1" 404 1090
61.170.234.108 - - [25/May/2023:12:01:54 +0800] "POST /xingrg/all/common/load_tree.html?tree=supplier_tree_json&isDelete=1 HTTP/1.1" 200 74192
116.238.139.35 - - [25/May/2023:12:01:56 +0800] "GET /xingrg/all/function/internal_message.html?_=1684987314179&CODE_STATE=getMsg HTTP/1.1" 302 -
101.83.145.52 - - [25/May/2023:12:01:56 +0800] "GET /xingrg/check_reg.html?_=1684987317511 HTTP/1.1" 302 -
101.83.145.52 - - [25/May/2023:12:01:56 +0800] "GET /xingrg/all/function/internal_message.html?_=1684987317513&CODE_STATE=getMsg HTTP/1.1" 302 -
124.79.240.114 - - [25/May/2023:12:01:56 +0800] "GET /xingrg/all/function/internal_message.html?_=1684987595746&CODE_STATE=getMsg HTTP/1.1" 200 27
180.169.147.146 - - [25/May/2023:12:01:57 +0800] "GET /xingrg/all/function/internal_message.html?_=1684987312452&CODE_STATE=getMsg HTTP/1.1" 302 -
101.229.22.40 - - [25/May/2023:12:02:02 +0800] "GET /xingrg/all/function/internal_message.html?_=1684987322561&CODE_STATE=getMsg HTTP/1.1" 200 27
180.164.3.199 - - [25/May/2023:12:02:03 +0800] "GET /xingrg/all/function/internal_message.html?_=1684987322850&CODE_STATE=getMsg HTTP/1.1" 200 27
61.170.234.108 - - [25/May/2023:12:02:03 +0800] "GET /xingrg/all/function/internal_message.html?_=1684987325167&CODE_STATE=getMsg HTTP/1.1" 200 27
114.83.218.112 - - [25/May/2023:12:02:05 +0800] "GET /xingrg/all/function/internal_message.html?_=1684987323042&CODE_STATE=getMsg HTTP/1.1" 200 27
218.81.78.189 - - [25/May/2023:12:02:10 +0800] "GET /xingrg/all/function/internal_message.html?_=1684987329222&CODE_STATE=getMsg HTTP/1.1" 200 27
116.232.195.127 - - [25/May/2023:12:02:19 +0800] "GET /xingrg/all/function/internal_message.html?_=1684987375261&CODE_STATE=getMsg HTTP/1.1" 302 -
61.170.234.108 - - [25/May/2023:12:02:19 +0800] "GET /xingrg/javascript/auto/indicator.gif HTTP/1.1" 404 1066
61.170.234.108 - - [25/May/2023:12:02:19 +0800] "GET /xingrg/check_reg.html?_=1684987340944 HTTP/1.1" 200 22
61.170.234.108 - - [25/May/2023:12:02:19 +0800] "GET /xingrg/all/function/internal_message.html?_=1684987340945&CODE_STATE=getMsg HTTP/1.1" 200 27
172.20.0.100 - - [25/May/2023:12:02:20 +0800] "GET /xingrg/check_reg.html?_=1684987350611 HTTP/1.1" 302 -
172.20.0.100 - - [25/May/2023:12:02:20 +0800] "GET /xingrg/all/function/internal_message.html?_=1684987350613&CODE_STATE=getMsg HTTP/1.1" 302 -
222.70.172.86 - - [25/May/2023:12:02:20 +0800] "GET /xingrg/all/function/internal_message.html?_=1684987354833&CODE_STATE=getMsg HTTP/1.1" 200 27
180.164.3.199 - - [25/May/2023:12:02:22 +0800] "GET /xingrg/kc/buy/cgsh_order_operate.html?command=get_materiel&rest_code=00108&code=00101011008&supplier_code=00100325&order_time=2023-05-25 HTTP/1.1" 200 419
180.169.147.146 - - [25/May/2023:12:02:26 +0800] "GET /xingrg/all/function/internal_message.html?_=1684987347301&CODE_STATE=getMsg HTTP/1.1" 200 27
58.40.7.146 - - [25/May/2023:12:02:27 +0800] "GET /xingrg/all/function/internal_message.html?_=1684987347494&CODE_STATE=getMsg HTTP/1.1" 200 27
180.169.147.146 - - [25/May/2023:12:02:27 +0800] "GET /xingrg/all/function/internal_message.html?_=1684987348877&CODE_STATE=getMsg HTTP/1.1" 200 27
180.164.3.199 - - [25/May/2023:12:02:32 +0800] "POST /xingrg/kc/buy/cgsh_order_operate.html HTTP/1.1" 200 37
180.164.3.199 - - [25/May/2023:12:02:34 +0800] "POST /xingrg/kc/buy/cgsh_order_operate.html HTTP/1.1" 200 4456
124.79.74.67 - - [25/May/2023:12:02:36 +0800] "GET /xingrg/all/function/internal_message.html?_=1684987362603&CODE_STATE=getMsg HTTP/1.1" 302 -
124.79.74.67 - - [25/May/2023:12:02:36 +0800] "GET /xingrg/login.html HTTP/1.1" 200 7641
