116.232.195.127 - - [25/May/2023:09:30:21 +0800] "GET /xingrg/all/function/internal_message.html?_=1684978258060&CODE_STATE=getMsg HTTP/1.1" 200 27
222.70.172.86 - - [25/May/2023:09:30:22 +0800] "GET /xingrg/all/function/internal_message.html?_=1684978235841&CODE_STATE=getMsg HTTP/1.1" 200 27
180.152.240.15 - - [25/May/2023:09:30:26 +0800] "GET /xingrg/all/function/internal_message.html?_=1684978226772&CODE_STATE=getMsg HTTP/1.1" 200 27
180.152.240.15 - - [25/May/2023:09:30:28 +0800] "POST /xingrg/kc/buy/cgsh_order_operate.html HTTP/1.1" 200 12
222.70.178.80 - - [25/May/2023:09:30:28 +0800] "GET /xingrg/all/function/internal_message.html?_=1684978227789&CODE_STATE=getMsg HTTP/1.1" 200 27
101.83.145.52 - - [25/May/2023:09:30:38 +0800] "GET /xingrg/all/function/internal_message.html?_=1684978071123&CODE_STATE=getMsg HTTP/1.1" 200 27
180.152.240.15 - - [25/May/2023:09:30:39 +0800] "GET /xingrg/kc/buy/cgsh_order_info.html?code=212023052509200 HTTP/1.1" 200 66391
180.152.240.15 - - [25/May/2023:09:30:39 +0800] "GET /xingrg/javascript/easyui/themes/default/validatebox.css HTTP/1.1" 404 1104
180.152.240.15 - - [25/May/2023:09:30:40 +0800] "POST /xingrg/kc/buy/cgsh_order_operate.html HTTP/1.1" 200 4178
116.238.139.35 - - [25/May/2023:09:30:41 +0800] "GET /xingrg/all/function/internal_message.html?_=1684978155285&CODE_STATE=getMsg HTTP/1.1" 200 27
172.20.0.100 - - [25/May/2023:09:30:44 +0800] "GET /xingrg/all/function/internal_message.html?_=1684978253688&CODE_STATE=getMsg HTTP/1.1" 302 -
101.83.145.52 - - [25/May/2023:09:30:50 +0800] "GET /xingrg/all/function/internal_message.html?_=1684978251426&CODE_STATE=getMsg HTTP/1.1" 200 27
120.253.135.82 - - [25/May/2023:09:30:51 +0800] "GET /xingrg/check_reg.html?_=1684978087889 HTTP/1.1" 200 22
120.253.135.82 - - [25/May/2023:09:30:51 +0800] "GET /xingrg/all/function/internal_message.html?_=1684978088510&CODE_STATE=getMsg HTTP/1.1" 200 27
114.83.218.112 - - [25/May/2023:09:30:53 +0800] "GET /xingrg/kc/buy/cgsh_order_add.html HTTP/1.1" 200 71539
114.83.218.112 - - [25/May/2023:09:30:53 +0800] "POST /xingrg/kc/buy/cgsh_order_operate.html HTTP/1.1" 200 8245
114.83.218.112 - - [25/May/2023:09:30:53 +0800] "GET /xingrg/javascript/easyui/themes/default/validatebox.css HTTP/1.1" 404 1104
101.229.22.40 - - [25/May/2023:09:30:55 +0800] "GET /xingrg/check_reg.html?_=1684978255527 HTTP/1.1" 200 22
124.79.240.114 - - [25/May/2023:09:30:55 +0800] "GET /xingrg/all/function/internal_message.html?_=1684978534831&CODE_STATE=getMsg HTTP/1.1" 200 27
101.229.22.40 - - [25/May/2023:09:30:56 +0800] "GET /xingrg/all/function/internal_message.html?_=1684978256155&CODE_STATE=getMsg HTTP/1.1" 200 27
114.83.218.112 - - [25/May/2023:09:30:58 +0800] "GET /xingrg/all/function/internal_message.html?_=1684978255406&CODE_STATE=getMsg HTTP/1.1" 200 27
114.83.218.112 - - [25/May/2023:09:30:58 +0800] "GET /xingrg/check_reg.html?_=1684978255821 HTTP/1.1" 200 22
116.238.139.35 - - [25/May/2023:09:31:05 +0800] "GET /xingrg/all/function/internal_message.html?_=1684978262903&CODE_STATE=getMsg HTTP/1.1" 200 27
116.238.139.35 - - [25/May/2023:09:31:05 +0800] "GET /xingrg/check_reg.html?_=1684978262955 HTTP/1.1" 200 22
114.83.218.112 - - [25/May/2023:09:31:11 +0800] "GET /xingrg/kc/buy/cgsh_order_operate.html?command=get_materiel&rest_code=00149&code=00101004051&supplier_code=00100083&order_time=2023-05-25 HTTP/1.1" 200 408
116.232.195.127 - - [25/May/2023:09:31:21 +0800] "GET /xingrg/all/function/internal_message.html?_=1684978318045&CODE_STATE=getMsg HTTP/1.1" 200 27
222.70.172.86 - - [25/May/2023:09:31:22 +0800] "GET /xingrg/all/function/internal_message.html?_=1684978295854&CODE_STATE=getMsg HTTP/1.1" 200 27
180.169.147.146 - - [25/May/2023:09:31:23 +0800] "GET /xingrg/check_reg.html?_=1684978284880 HTTP/1.1" 200 22
180.152.240.15 - - [25/May/2023:09:31:26 +0800] "GET /xingrg/all/function/internal_message.html?_=1684978286778&CODE_STATE=getMsg HTTP/1.1" 200 27
114.83.218.112 - - [25/May/2023:09:31:27 +0800] "POST /xingrg/kc/buy/cgsh_order_operate.html HTTP/1.1" 200 37
222.70.178.80 - - [25/May/2023:09:31:28 +0800] "GET /xingrg/all/function/internal_message.html?_=1684978287790&CODE_STATE=getMsg HTTP/1.1" 200 27
116.238.139.35 - - [25/May/2023:09:31:29 +0800] "GET /xingrg/check_reg.html?_=1684978203841 HTTP/1.1" 200 22
116.238.139.35 - - [25/May/2023:09:31:35 +0800] "GET /xingrg/kc/buy/cgsh_order_add.html HTTP/1.1" 200 71049
116.238.139.35 - - [25/May/2023:09:31:35 +0800] "POST /xingrg/kc/buy/cgsh_order_operate.html HTTP/1.1" 200 8245
116.238.139.35 - - [25/May/2023:09:31:35 +0800] "GET /xingrg/javascript/easyui/themes/default/validatebox.css HTTP/1.1" 404 1104
114.83.218.112 - - [25/May/2023:09:31:37 +0800] "POST /xingrg/kc/buy/cgsh_order_operate.html HTTP/1.1" 200 12
101.83.145.52 - - [25/May/2023:09:31:38 +0800] "GET /xingrg/all/function/internal_message.html?_=1684978131126&CODE_STATE=getMsg HTTP/1.1" 200 27
116.238.139.35 - - [25/May/2023:09:31:41 +0800] "GET /xingrg/all/function/internal_message.html?_=1684978215290&CODE_STATE=getMsg HTTP/1.1" 200 27
114.83.218.112 - - [25/May/2023:09:31:42 +0800] "GET /xingrg/kc/buy/cgsh_order_info.html?code=212023052509201 HTTP/1.1" 200 66446
114.83.218.112 - - [25/May/2023:09:31:42 +0800] "GET /xingrg/javascript/easyui/themes/default/validatebox.css HTTP/1.1" 404 1104
114.83.218.112 - - [25/May/2023:09:31:43 +0800] "POST /xingrg/kc/buy/cgsh_order_operate.html HTTP/1.1" 200 606
172.20.0.100 - - [25/May/2023:09:31:44 +0800] "GET /xingrg/all/function/internal_message.html?_=1684978313686&CODE_STATE=getMsg HTTP/1.1" 302 -
116.238.139.35 - - [25/May/2023:09:31:44 +0800] "GET /xingrg/kc/buy/cgsh_order_operate.html?command=get_materiel&rest_code=00151&code=00101009078&supplier_code=00100022&order_time=2023-05-25 HTTP/1.1" 200 408
114.83.218.112 - - [25/May/2023:09:31:45 +0800] "GET /xingrg/kc/print/load_data.html?order_code=212023052509201&kc_code=cgsh&condition= HTTP/1.1" 200 715
101.83.145.52 - - [25/May/2023:09:31:50 +0800] "GET /xingrg/all/function/internal_message.html?_=1684978311432&CODE_STATE=getMsg HTTP/1.1" 200 27
120.253.135.82 - - [25/May/2023:09:31:51 +0800] "GET /xingrg/all/function/internal_message.html?_=1684978148524&CODE_STATE=getMsg HTTP/1.1" 200 27
116.238.139.35 - - [25/May/2023:09:31:55 +0800] "GET /xingrg/kc/buy/cgsh_order_operate.html?command=get_materiel&rest_code=00151&code=00101009053&supplier_code=00100022&order_time=2023-05-25 HTTP/1.1" 200 408
124.79.240.114 - - [25/May/2023:09:31:55 +0800] "GET /xingrg/all/function/internal_message.html?_=1684978594831&CODE_STATE=getMsg HTTP/1.1" 200 27
101.229.22.40 - - [25/May/2023:09:31:56 +0800] "GET /xingrg/all/function/internal_message.html?_=1684978316140&CODE_STATE=getMsg HTTP/1.1" 200 27
114.83.218.112 - - [25/May/2023:09:31:58 +0800] "GET /xingrg/all/function/internal_message.html?_=1684978315420&CODE_STATE=getMsg HTTP/1.1" 200 27
116.238.139.35 - - [25/May/2023:09:32:01 +0800] "GET /xingrg/kc/buy/cgsh_order_operate.html?command=get_materiel&rest_code=00151&code=00101009062&supplier_code=00100022&order_time=2023-05-25 HTTP/1.1" 200 412
116.238.139.35 - - [25/May/2023:09:32:05 +0800] "GET /xingrg/all/function/internal_message.html?_=1684978322889&CODE_STATE=getMsg HTTP/1.1" 200 27
116.238.139.35 - - [25/May/2023:09:32:10 +0800] "GET /xingrg/kc/buy/cgsh_order_operate.html?command=get_materiel&rest_code=00151&code=00101009039&supplier_code=00100022&order_time=2023-05-25 HTTP/1.1" 200 408
116.232.195.127 - - [25/May/2023:09:32:21 +0800] "GET /xingrg/all/function/internal_message.html?_=1684978378027&CODE_STATE=getMsg HTTP/1.1" 200 27
222.70.172.86 - - [25/May/2023:09:32:22 +0800] "GET /xingrg/check_reg.html?_=1684978355486 HTTP/1.1" 200 22
114.83.218.112 - - [25/May/2023:09:32:22 +0800] "GET /xingrg/kc/buy/cgsh_order_add.html HTTP/1.1" 200 71539
222.70.172.86 - - [25/May/2023:09:32:22 +0800] "GET /xingrg/all/function/internal_message.html?_=1684978355868&CODE_STATE=getMsg HTTP/1.1" 200 27
114.83.218.112 - - [25/May/2023:09:32:22 +0800] "POST /xingrg/kc/buy/cgsh_order_operate.html HTTP/1.1" 200 8245
114.83.218.112 - - [25/May/2023:09:32:22 +0800] "GET /xingrg/javascript/easyui/themes/default/validatebox.css HTTP/1.1" 404 1104
180.152.240.15 - - [25/May/2023:09:32:26 +0800] "GET /xingrg/all/function/internal_message.html?_=1684978346779&CODE_STATE=getMsg HTTP/1.1" 200 27
222.70.178.80 - - [25/May/2023:09:32:28 +0800] "GET /xingrg/check_reg.html?_=1684978347791 HTTP/1.1" 200 22
222.70.178.80 - - [25/May/2023:09:32:28 +0800] "GET /xingrg/all/function/internal_message.html?_=1684978347793&CODE_STATE=getMsg HTTP/1.1" 200 27
180.152.240.15 - - [25/May/2023:09:32:32 +0800] "GET /xingrg/kc/print/load_data.html?order_code=212023052509200&kc_code=cgsh&condition= HTTP/1.1" 200 2080
101.83.145.52 - - [25/May/2023:09:32:38 +0800] "GET /xingrg/all/function/internal_message.html?_=1684978191136&CODE_STATE=getMsg HTTP/1.1" 200 27
180.152.240.15 - - [25/May/2023:09:32:39 +0800] "GET /xingrg/kc/buy/cgsh_order_add.html HTTP/1.1" 200 71486
180.152.240.15 - - [25/May/2023:09:32:39 +0800] "POST /xingrg/kc/buy/cgsh_order_operate.html HTTP/1.1" 200 8245
180.152.240.15 - - [25/May/2023:09:32:39 +0800] "GET /xingrg/javascript/easyui/themes/default/validatebox.css HTTP/1.1" 404 1104
116.238.139.35 - - [25/May/2023:09:32:41 +0800] "GET /xingrg/all/function/internal_message.html?_=1684978275303&CODE_STATE=getMsg HTTP/1.1" 200 27
222.70.178.80 - - [25/May/2023:09:32:43 +0800] "GET /xingrg/kc/buy/cgsh_order_operate.html?command=get_materiel&rest_code=00111&code=00101008132&supplier_code=00100005&order_time=2023-05-25 HTTP/1.1" 200 408
172.20.0.100 - - [25/May/2023:09:32:44 +0800] "GET /xingrg/check_reg.html?_=1684978373685 HTTP/1.1" 302 -
172.20.0.100 - - [25/May/2023:09:32:44 +0800] "GET /xingrg/all/function/internal_message.html?_=1684978373686&CODE_STATE=getMsg HTTP/1.1" 302 -
116.238.139.35 - - [25/May/2023:09:32:47 +0800] "POST /xingrg/kc/buy/cgsh_order_operate.html HTTP/1.1" 200 37
222.70.172.86 - - [25/May/2023:09:32:49 +0800] "GET /xingrg/kc/buy/cgsh_order_operate.html?command=get_materiel&rest_code=00146&code=00101008004&supplier_code=00100005&order_time=2023-05-25 HTTP/1.1" 200 416
101.83.145.52 - - [25/May/2023:09:32:50 +0800] "GET /xingrg/all/function/internal_message.html?_=1684978371402&CODE_STATE=getMsg HTTP/1.1" 200 27
120.253.135.82 - - [25/May/2023:09:32:51 +0800] "GET /xingrg/all/function/internal_message.html?_=1684978208538&CODE_STATE=getMsg HTTP/1.1" 200 27
124.79.240.114 - - [25/May/2023:09:32:55 +0800] "GET /xingrg/all/function/internal_message.html?_=1684978654829&CODE_STATE=getMsg HTTP/1.1" 200 27
101.229.22.40 - - [25/May/2023:09:32:56 +0800] "GET /xingrg/all/function/internal_message.html?_=1684978376125&CODE_STATE=getMsg HTTP/1.1" 200 27
222.70.178.80 - - [25/May/2023:09:32:57 +0800] "POST /xingrg/kc/buy/cgsh_order_operate.html HTTP/1.1" 200 37
116.238.139.35 - - [25/May/2023:09:32:57 +0800] "POST /xingrg/kc/buy/cgsh_order_operate.html HTTP/1.1" 200 12
114.83.218.112 - - [25/May/2023:09:32:58 +0800] "GET /xingrg/all/function/internal_message.html?_=1684978375410&CODE_STATE=getMsg HTTP/1.1" 200 27
116.238.139.35 - - [25/May/2023:09:32:59 +0800] "GET /xingrg/kc/buy/cgsh_order_info.html?code=212023052509202 HTTP/1.1" 200 65956
116.238.139.35 - - [25/May/2023:09:33:00 +0800] "GET /xingrg/javascript/easyui/themes/default/validatebox.css HTTP/1.1" 404 1104
116.238.139.35 - - [25/May/2023:09:33:01 +0800] "POST /xingrg/kc/buy/cgsh_order_operate.html HTTP/1.1" 200 2404
222.70.172.86 - - [25/May/2023:09:33:01 +0800] "GET /xingrg/kc/buy/cgsh_order_operate.html?command=get_materiel&rest_code=00146&code=00101008264&supplier_code=00100005&order_time=2023-05-25 HTTP/1.1" 200 412
222.70.178.80 - - [25/May/2023:09:33:02 +0800] "POST /xingrg/kc/buy/cgsh_order_operate.html HTTP/1.1" 200 40558
222.70.172.86 - - [25/May/2023:09:33:04 +0800] "POST /xingrg/kc/buy/cgsh_order_operate.html HTTP/1.1" 200 2065
222.70.178.80 - - [25/May/2023:09:33:04 +0800] "GET /xingrg/kc/print/load_config.html?kc_code=cgsh HTTP/1.1" 200 1924
116.238.139.35 - - [25/May/2023:09:33:05 +0800] "GET /xingrg/all/function/internal_message.html?_=1684978382866&CODE_STATE=getMsg HTTP/1.1" 200 27
116.238.139.35 - - [25/May/2023:09:33:05 +0800] "GET /xingrg/kc/print/load_data.html?order_code=212023052509202&kc_code=cgsh&condition= HTTP/1.1" 200 1439
222.70.178.80 - - [25/May/2023:09:33:05 +0800] "GET /xingrg/kc/print/load_data.html?order_code=212023052509187&kc_code=cgsh&condition= HTTP/1.1" 200 15071
180.169.147.146 - - [25/May/2023:09:33:11 +0800] "GET /xingrg/check_reg.html?_=1684978391418 HTTP/1.1" 200 22
116.238.139.35 - - [25/May/2023:09:33:12 +0800] "POST /xingrg/all/user/operate.html HTTP/1.1" 200 36
116.238.139.35 - - [25/May/2023:09:33:12 +0800] "GET /xingrg/index.html?sysBaseUrl=http%3A%2F%2F180.169.147.146%3A18081%2Fxingrg%2F&costTime=913×tamp=1684917018581 HTTP/1.1" 200 17179
116.238.139.35 - - [25/May/2023:09:33:12 +0800] "GET /xingrg/javascript/jquery_easy_ui/themes/default/easyui.css HTTP/1.1" 304 -
116.238.139.35 - - [25/May/2023:09:33:12 +0800] "GET /xingrg/javascript/jquery_easy_ui/themes/icon.css HTTP/1.1" 304 -
116.238.139.35 - - [25/May/2023:09:33:12 +0800] "GET /xingrg/css/form.css HTTP/1.1" 304 -
116.238.139.35 - - [25/May/2023:09:33:12 +0800] "GET /xingrg/javascript/jquery-1.4.2.min.js HTTP/1.1" 304 -
116.238.139.35 - - [25/May/2023:09:33:12 +0800] "GET /xingrg/javascript/jquery_easy_ui/jquery.easyui.min.js HTTP/1.1" 304 -
116.238.139.35 - - [25/May/2023:09:33:13 +0800] "GET /xingrg/javascript/jquery_easy_ui/easyui-lang-zh_CN.js HTTP/1.1" 304 -
116.238.139.35 - - [25/May/2023:09:33:13 +0800] "GET /xingrg/javascript/jquery.form.js HTTP/1.1" 304 -
116.238.139.35 - - [25/May/2023:09:33:13 +0800] "GET /xingrg/javascript/jquery.utils.js HTTP/1.1" 304 -
116.238.139.35 - - [25/May/2023:09:33:13 +0800] "GET /xingrg/javascript/jquery.timers.js HTTP/1.1" 304 -
116.238.139.35 - - [25/May/2023:09:33:13 +0800] "GET /xingrg/images/blue/jxLogo.png HTTP/1.1" 304 -
116.238.139.35 - - [25/May/2023:09:33:13 +0800] "GET /xingrg/images/blue/navBackgound.jpg HTTP/1.1" 304 -
116.238.139.35 - - [25/May/2023:09:33:13 +0800] "GET /xingrg/javascript/jquery_easy_ui/themes/icons/settle_new.png HTTP/1.1" 304 -
116.238.139.35 - - [25/May/2023:09:33:13 +0800] "GET /xingrg/all/function/internal_message.html?_=1684978391033&CODE_STATE=count HTTP/1.1" 200 11
116.238.139.35 - - [25/May/2023:09:33:13 +0800] "GET /xingrg/check_reg.html?_=1684978391034 HTTP/1.1" 200 22
116.238.139.35 - - [25/May/2023:09:33:13 +0800] "GET /xingrg/javascript/jquery_easy_ui/themes/default/images/tabs_rightarrow.png HTTP/1.1" 304 -
116.238.139.35 - - [25/May/2023:09:33:13 +0800] "GET /xingrg/images/blue/pingpu.png HTTP/1.1" 304 -
116.238.139.35 - - [25/May/2023:09:33:13 +0800] "GET /xingrg/javascript/jquery_easy_ui/themes/default/images/panel_tool_collapse.gif HTTP/1.1" 304 -
116.238.139.35 - - [25/May/2023:09:33:13 +0800] "GET /xingrg/javascript/jquery_easy_ui/themes/default/images/tabs_leftarrow.png HTTP/1.1" 304 -
116.238.139.35 - - [25/May/2023:09:33:13 +0800] "POST /xingrg/all/common/load_tree.html?tree=area_rest_tree_json&manage=1 HTTP/1.1" 200 476
116.238.139.35 - - [25/May/2023:09:33:13 +0800] "POST /xingrg/load_menu.html HTTP/1.1" 200 5138
116.238.139.35 - - [25/May/2023:09:33:15 +0800] "GET /xingrg/kc/buy/cgsh_order_list.html HTTP/1.1" 200 55675
222.70.172.86 - - [25/May/2023:09:33:15 +0800] "GET /xingrg/kc/buy/cgsh_order_operate.html?command=get_materiel&rest_code=00146&code=00101008024&supplier_code=00100005&order_time=2023-05-25 HTTP/1.1" 200 408
116.238.139.35 - - [25/May/2023:09:33:17 +0800] "POST /xingrg/kc/buy/cgsh_list_operate.html HTTP/1.1" 200 986
116.238.139.35 - - [25/May/2023:09:33:18 +0800] "GET /xingrg/kc/buy/cgsh_order_add.html HTTP/1.1" 200 71495
116.238.139.35 - - [25/May/2023:09:33:19 +0800] "POST /xingrg/kc/buy/cgsh_order_operate.html HTTP/1.1" 200 8245
116.238.139.35 - - [25/May/2023:09:33:19 +0800] "GET /xingrg/javascript/easyui/themes/default/validatebox.css HTTP/1.1" 404 1104
114.83.218.112 - - [25/May/2023:09:33:19 +0800] "GET /xingrg/kc/buy/cgsh_order_operate.html?command=get_materiel&rest_code=00149&code=00101009109&supplier_code=00100201&order_time=2023-05-25 HTTP/1.1" 200 413
116.238.139.35 - - [25/May/2023:09:33:20 +0800] "GET /xingrg/javascript/auto/indicator.gif HTTP/1.1" 404 1066
180.152.240.15 - - [25/May/2023:09:33:21 +0800] "GET /xingrg/javascript/easyui/themes/default/tree.css HTTP/1.1" 404 1090
116.232.195.127 - - [25/May/2023:09:33:21 +0800] "GET /xingrg/all/function/internal_message.html?_=1684978438011&CODE_STATE=getMsg HTTP/1.1" 200 27
180.152.240.15 - - [25/May/2023:09:33:21 +0800] "POST /xingrg/all/common/load_tree.html?tree=supplier_tree_json&isDelete=1 HTTP/1.1" 200 74192
222.70.172.86 - - [25/May/2023:09:33:22 +0800] "GET /xingrg/all/function/internal_message.html?_=1684978415881&CODE_STATE=getMsg HTTP/1.1" 200 27
222.70.172.86 - - [25/May/2023:09:33:26 +0800] "GET /xingrg/kc/buy/cgsh_order_operate.html?command=get_materiel&rest_code=00146&code=00101008300&supplier_code=00100005&order_time=2023-05-25 HTTP/1.1" 200 412
180.152.240.15 - - [25/May/2023:09:33:26 +0800] "GET /xingrg/all/function/internal_message.html?_=1684978406773&CODE_STATE=getMsg HTTP/1.1" 200 27
222.70.178.80 - - [25/May/2023:09:33:28 +0800] "GET /xingrg/all/function/internal_message.html?_=1684978407789&CODE_STATE=getMsg HTTP/1.1" 200 27
116.238.139.35 - - [25/May/2023:09:33:30 +0800] "GET /xingrg/kc/buy/cgsh_order_operate.html?command=get_materiel&rest_code=00150&code=00101009004&supplier_code=00100022&order_time=2023-05-25 HTTP/1.1" 200 409
114.83.218.112 - - [25/May/2023:09:33:35 +0800] "GET /xingrg/kc/buy/cgsh_order_operate.html?command=get_materiel&rest_code=00149&code=00101008418&supplier_code=00100201&order_time=2023-05-25 HTTP/1.1" 200 412
101.83.145.52 - - [25/May/2023:09:33:38 +0800] "GET /xingrg/check_reg.html?_=1684978251125 HTTP/1.1" 200 22
101.83.145.52 - - [25/May/2023:09:33:38 +0800] "GET /xingrg/all/function/internal_message.html?_=1684978251128&CODE_STATE=getMsg HTTP/1.1" 200 27
116.238.139.35 - - [25/May/2023:09:33:41 +0800] "GET /xingrg/all/function/internal_message.html?_=1684978335325&CODE_STATE=getMsg HTTP/1.1" 200 27
116.238.139.35 - - [25/May/2023:09:33:41 +0800] "POST /xingrg/kc/buy/cgsh_order_operate.html HTTP/1.1" 200 37
222.70.172.86 - - [25/May/2023:09:33:43 +0800] "GET /xingrg/kc/buy/cgsh_order_operate.html?command=get_materiel&rest_code=00146&code=00101008356&supplier_code=00100005&order_time=2023-05-25 HTTP/1.1" 200 408
172.20.0.100 - - [25/May/2023:09:33:44 +0800] "GET /xingrg/all/function/internal_message.html?_=1684978433684&CODE_STATE=getMsg HTTP/1.1" 302 -
101.83.145.52 - - [25/May/2023:09:33:50 +0800] "GET /xingrg/all/function/internal_message.html?_=1684978431376&CODE_STATE=getMsg HTTP/1.1" 200 27
120.253.135.82 - - [25/May/2023:09:33:52 +0800] "GET /xingrg/all/function/internal_message.html?_=1684978268585&CODE_STATE=getMsg HTTP/1.1" 200 27
101.83.145.52 - - [25/May/2023:09:33:52 +0800] "GET /xingrg/check_reg.html?_=1684978433310 HTTP/1.1" 200 22
116.238.139.35 - - [25/May/2023:09:33:54 +0800] "POST /xingrg/kc/buy/cgsh_order_operate.html HTTP/1.1" 200 12
124.79.240.114 - - [25/May/2023:09:33:55 +0800] "GET /xingrg/all/function/internal_message.html?_=1684978714829&CODE_STATE=getMsg HTTP/1.1" 200 27
124.79.240.114 - - [25/May/2023:09:33:55 +0800] "GET /xingrg/check_reg.html?_=1684978714828 HTTP/1.1" 200 22
101.229.22.40 - - [25/May/2023:09:33:56 +0800] "GET /xingrg/all/function/internal_message.html?_=1684978436111&CODE_STATE=getMsg HTTP/1.1" 200 27
114.83.218.112 - - [25/May/2023:09:33:57 +0800] "POST /xingrg/kc/buy/cgsh_order_operate.html HTTP/1.1" 200 37
222.70.172.86 - - [25/May/2023:09:33:57 +0800] "GET /xingrg/kc/buy/cgsh_order_operate.html?command=get_materiel&rest_code=00146&code=00101008272&supplier_code=00100005&order_time=2023-05-25 HTTP/1.1" 200 412
180.152.240.15 - - [25/May/2023:09:33:57 +0800] "GET /xingrg/kc/buy/cgsh_order_operate.html?command=get_materiel&rest_code=00102&code=00101002027&supplier_code=00100400&order_time=2023-05-25 HTTP/1.1" 200 413
116.238.139.35 - - [25/May/2023:09:33:58 +0800] "GET /xingrg/kc/buy/cgsh_order_info.html?code=212023052509203 HTTP/1.1" 200 66402
116.238.139.35 - - [25/May/2023:09:33:58 +0800] "GET /xingrg/javascript/easyui/themes/default/validatebox.css HTTP/1.1" 404 1104
116.238.139.35 - - [25/May/2023:09:33:59 +0800] "POST /xingrg/kc/buy/cgsh_order_operate.html HTTP/1.1" 200 602
222.70.178.80 - - [25/May/2023:09:34:03 +0800] "GET /xingrg/kc/buy/cgsh_order_add.html HTTP/1.1" 200 71407
222.70.178.80 - - [25/May/2023:09:34:03 +0800] "POST /xingrg/kc/buy/cgsh_order_operate.html HTTP/1.1" 200 8245
222.70.178.80 - - [25/May/2023:09:34:03 +0800] "GET /xingrg/javascript/easyui/themes/default/validatebox.css HTTP/1.1" 404 1104
114.83.218.112 - - [25/May/2023:09:34:04 +0800] "POST /xingrg/kc/buy/cgsh_order_operate.html HTTP/1.1" 200 12
116.238.139.35 - - [25/May/2023:09:34:04 +0800] "GET /xingrg/kc/print/load_data.html?order_code=212023052509203&kc_code=cgsh&condition= HTTP/1.1" 200 725
114.83.218.112 - - [25/May/2023:09:34:06 +0800] "GET /xingrg/kc/buy/cgsh_order_info.html?code=212023052509204 HTTP/1.1" 200 66448
114.83.218.112 - - [25/May/2023:09:34:06 +0800] "GET /xingrg/javascript/easyui/themes/default/validatebox.css HTTP/1.1" 404 1104
114.83.218.112 - - [25/May/2023:09:34:07 +0800] "POST /xingrg/kc/buy/cgsh_order_operate.html HTTP/1.1" 200 1200
180.152.240.15 - - [25/May/2023:09:34:08 +0800] "GET /xingrg/kc/buy/cgsh_order_operate.html?command=get_materiel&rest_code=00102&code=00101002022&supplier_code=00100400&order_time=2023-05-25 HTTP/1.1" 200 409
114.83.218.112 - - [25/May/2023:09:34:09 +0800] "GET /xingrg/kc/print/load_data.html?order_code=212023052509204&kc_code=cgsh&condition= HTTP/1.1" 200 935
116.238.139.35 - - [25/May/2023:09:34:13 +0800] "GET /xingrg/all/function/internal_message.html?_=1684978451046&CODE_STATE=getMsg HTTP/1.1" 200 27
222.70.172.86 - - [25/May/2023:09:34:18 +0800] "GET /xingrg/kc/buy/cgsh_order_operate.html?command=get_materiel&rest_code=00146&code=00101008137&supplier_code=00100005&order_time=2023-05-25 HTTP/1.1" 200 427
116.232.195.127 - - [25/May/2023:09:34:21 +0800] "GET /xingrg/all/function/internal_message.html?_=1684978497992&CODE_STATE=getMsg HTTP/1.1" 200 27
222.70.172.86 - - [25/May/2023:09:34:21 +0800] "POST /xingrg/kc/buy/cgsh_order_operate.html HTTP/1.1" 200 2065
180.152.240.15 - - [25/May/2023:09:34:21 +0800] "GET /xingrg/kc/buy/cgsh_order_operate.html?command=get_materiel&rest_code=00102&code=00101001044&supplier_code=00100400&order_time=2023-05-25 HTTP/1.1" 200 411
222.70.172.86 - - [25/May/2023:09:34:22 +0800] "GET /xingrg/all/function/internal_message.html?_=1684978475896&CODE_STATE=getMsg HTTP/1.1" 200 27
180.152.240.15 - - [25/May/2023:09:34:26 +0800] "GET /xingrg/check_reg.html?_=1684978466777 HTTP/1.1" 200 22
180.152.240.15 - - [25/May/2023:09:34:26 +0800] "GET /xingrg/all/function/internal_message.html?_=1684978466780&CODE_STATE=getMsg HTTP/1.1" 200 27
222.70.178.80 - - [25/May/2023:09:34:28 +0800] "GET /xingrg/all/function/internal_message.html?_=1684978467795&CODE_STATE=getMsg HTTP/1.1" 200 27
222.70.172.86 - - [25/May/2023:09:34:29 +0800] "GET /xingrg/kc/buy/cgsh_order_operate.html?command=get_materiel&rest_code=00146&code=00101008360&supplier_code=00100005&order_time=2023-05-25 HTTP/1.1" 200 412
101.83.145.52 - - [25/May/2023:09:34:38 +0800] "GET /xingrg/all/function/internal_message.html?_=1684978311136&CODE_STATE=getMsg HTTP/1.1" 200 27
222.70.172.86 - - [25/May/2023:09:34:39 +0800] "GET /xingrg/kc/buy/cgsh_order_operate.html?command=get_materiel&rest_code=00146&code=00101008196&supplier_code=00100005&order_time=2023-05-25 HTTP/1.1" 200 435
116.238.139.35 - - [25/May/2023:09:34:41 +0800] "GET /xingrg/all/function/internal_message.html?_=1684978395330&CODE_STATE=getMsg HTTP/1.1" 200 27
172.20.0.100 - - [25/May/2023:09:34:44 +0800] "GET /xingrg/all/function/internal_message.html?_=1684978493682&CODE_STATE=getMsg HTTP/1.1" 302 -
101.83.145.52 - - [25/May/2023:09:34:50 +0800] "GET /xingrg/all/function/internal_message.html?_=1684978491353&CODE_STATE=getMsg HTTP/1.1" 200 27
114.83.218.112 - - [25/May/2023:09:34:51 +0800] "GET /xingrg/kc/buy/cgsh_order_add.html HTTP/1.1" 200 71539
120.253.135.82 - - [25/May/2023:09:34:52 +0800] "GET /xingrg/all/function/internal_message.html?_=1684978328596&CODE_STATE=getMsg HTTP/1.1" 200 27
114.83.218.112 - - [25/May/2023:09:34:52 +0800] "POST /xingrg/kc/buy/cgsh_order_operate.html HTTP/1.1" 200 8245
114.83.218.112 - - [25/May/2023:09:34:52 +0800] "GET /xingrg/javascript/easyui/themes/default/validatebox.css HTTP/1.1" 404 1104
222.70.172.86 - - [25/May/2023:09:34:54 +0800] "GET /xingrg/kc/buy/cgsh_order_operate.html?command=get_materiel&rest_code=00146&code=00101008197&supplier_code=00100005&order_time=2023-05-25 HTTP/1.1" 200 416
124.79.240.114 - - [25/May/2023:09:34:55 +0800] "GET /xingrg/all/function/internal_message.html?_=1684978774827&CODE_STATE=getMsg HTTP/1.1" 200 27
101.229.22.40 - - [25/May/2023:09:34:56 +0800] "GET /xingrg/all/function/internal_message.html?_=1684978496096&CODE_STATE=getMsg HTTP/1.1" 200 27
180.152.240.15 - - [25/May/2023:09:34:57 +0800] "GET /xingrg/kc/buy/cgsh_order_operate.html?command=get_materiel&rest_code=00102&code=00101004030&supplier_code=00100400&order_time=2023-05-25 HTTP/1.1" 200 408
114.83.218.112 - - [25/May/2023:09:34:58 +0800] "GET /xingrg/all/function/internal_message.html?_=1684978495420&CODE_STATE=getMsg HTTP/1.1" 200 27
222.70.172.86 - - [25/May/2023:09:35:04 +0800] "GET /xingrg/kc/buy/cgsh_order_operate.html?command=get_materiel&rest_code=00146&code=00101008069&supplier_code=00100005&order_time=2023-05-25 HTTP/1.1" 200 412
180.152.240.15 - - [25/May/2023:09:35:07 +0800] "GET /xingrg/kc/buy/cgsh_order_operate.html?command=get_materiel&rest_code=00102&code=00101001069&supplier_code=00100400&order_time=2023-05-25 HTTP/1.1" 200 409
114.83.218.112 - - [25/May/2023:09:35:08 +0800] "GET /xingrg/kc/buy/cgsh_order_operate.html?command=get_materiel&rest_code=00149&code=00101011003&supplier_code=00100051&order_time=2023-05-25 HTTP/1.1" 200 432
116.232.195.127 - - [25/May/2023:09:35:12 +0800] "GET /xingrg/check_reg.html?_=1684978549054 HTTP/1.1" 200 22
116.238.139.35 - - [25/May/2023:09:35:13 +0800] "GET /xingrg/all/function/internal_message.html?_=1684978511047&CODE_STATE=getMsg HTTP/1.1" 200 27
222.70.172.86 - - [25/May/2023:09:35:16 +0800] "GET /xingrg/kc/buy/cgsh_order_operate.html?command=get_materiel&rest_code=00146&code=00101008286&supplier_code=00100005&order_time=2023-05-25 HTTP/1.1" 200 408
180.169.147.146 - - [25/May/2023:09:35:19 +0800] "GET /favicon.ico HTTP/1.1" 404 -
180.152.240.15 - - [25/May/2023:09:35:21 +0800] "GET /xingrg/kc/buy/cgsh_order_operate.html?command=get_materiel&rest_code=00102&code=00101005037&supplier_code=00100400&order_time=2023-05-25 HTTP/1.1" 200 409
116.232.195.127 - - [25/May/2023:09:35:21 +0800] "GET /xingrg/all/function/internal_message.html?_=1684978557976&CODE_STATE=getMsg HTTP/1.1" 200 27
222.70.172.86 - - [25/May/2023:09:35:22 +0800] "GET /xingrg/all/function/internal_message.html?_=1684978535909&CODE_STATE=getMsg HTTP/1.1" 200 27
180.152.240.15 - - [25/May/2023:09:35:26 +0800] "GET /xingrg/all/function/internal_message.html?_=1684978526777&CODE_STATE=getMsg HTTP/1.1" 200 27
114.83.218.112 - - [25/May/2023:09:35:26 +0800] "POST /xingrg/kc/buy/cgsh_order_operate.html HTTP/1.1" 200 37
222.70.178.80 - - [25/May/2023:09:35:28 +0800] "GET /xingrg/all/function/internal_message.html?_=1684978527795&CODE_STATE=getMsg HTTP/1.1" 200 27
222.70.172.86 - - [25/May/2023:09:35:29 +0800] "GET /xingrg/kc/buy/cgsh_order_operate.html?command=get_materiel&rest_code=00146&code=00101008036&supplier_code=00100005&order_time=2023-05-25 HTTP/1.1" 200 408
180.152.240.15 - - [25/May/2023:09:35:29 +0800] "GET /xingrg/kc/buy/cgsh_order_operate.html?command=get_materiel&rest_code=00102&code=00101004089&supplier_code=00100400&order_time=2023-05-25 HTTP/1.1" 200 406
222.70.172.86 - - [25/May/2023:09:35:32 +0800] "POST /xingrg/kc/buy/cgsh_order_operate.html HTTP/1.1" 200 2065
114.83.218.112 - - [25/May/2023:09:35:32 +0800] "POST /xingrg/kc/buy/cgsh_order_operate.html HTTP/1.1" 200 12
114.83.218.112 - - [25/May/2023:09:35:34 +0800] "GET /xingrg/kc/buy/cgsh_order_info.html?code=212023052509205 HTTP/1.1" 200 66448
114.83.218.112 - - [25/May/2023:09:35:35 +0800] "GET /xingrg/javascript/easyui/themes/default/validatebox.css HTTP/1.1" 404 1104
114.83.218.112 - - [25/May/2023:09:35:36 +0800] "POST /xingrg/kc/buy/cgsh_order_operate.html HTTP/1.1" 200 606
101.83.145.52 - - [25/May/2023:09:35:38 +0800] "GET /xingrg/all/function/internal_message.html?_=1684978371128&CODE_STATE=getMsg HTTP/1.1" 200 27
180.152.240.15 - - [25/May/2023:09:35:39 +0800] "POST /xingrg/kc/buy/cgsh_order_operate.html HTTP/1.1" 200 37
114.83.218.112 - - [25/May/2023:09:35:40 +0800] "GET /xingrg/kc/print/load_data.html?order_code=212023052509205&kc_code=cgsh&condition= HTTP/1.1" 200 717
116.238.139.35 - - [25/May/2023:09:35:41 +0800] "GET /xingrg/all/function/internal_message.html?_=1684978455352&CODE_STATE=getMsg HTTP/1.1" 200 27
222.70.172.86 - - [25/May/2023:09:35:41 +0800] "GET /xingrg/kc/buy/cgsh_order_operate.html?command=get_materiel&rest_code=00146&code=00101008131&supplier_code=00100005&order_time=2023-05-25 HTTP/1.1" 200 409
172.20.0.100 - - [25/May/2023:09:35:44 +0800] "GET /xingrg/all/function/internal_message.html?_=1684978553680&CODE_STATE=getMsg HTTP/1.1" 302 -
180.152.240.15 - - [25/May/2023:09:35:48 +0800] "POST /xingrg/kc/buy/cgsh_order_operate.html HTTP/1.1" 200 12
101.83.145.52 - - [25/May/2023:09:35:50 +0800] "GET /xingrg/all/function/internal_message.html?_=1684978551335&CODE_STATE=getMsg HTTP/1.1" 200 27
120.253.135.82 - - [25/May/2023:09:35:51 +0800] "GET /xingrg/check_reg.html?_=1684978387934 HTTP/1.1" 200 22
120.253.135.82 - - [25/May/2023:09:35:52 +0800] "GET /xingrg/all/function/internal_message.html?_=1684978388609&CODE_STATE=getMsg HTTP/1.1" 200 27
222.70.172.86 - - [25/May/2023:09:35:53 +0800] "GET /xingrg/kc/buy/cgsh_order_operate.html?command=get_materiel&rest_code=00146&code=00101008296&supplier_code=00100005&order_time=2023-05-25 HTTP/1.1" 200 416
101.229.22.40 - - [25/May/2023:09:35:55 +0800] "GET /xingrg/check_reg.html?_=1684978555519 HTTP/1.1" 200 22
124.79.240.114 - - [25/May/2023:09:35:55 +0800] "GET /xingrg/all/function/internal_message.html?_=1684978834825&CODE_STATE=getMsg HTTP/1.1" 200 27
101.229.22.40 - - [25/May/2023:09:35:56 +0800] "GET /xingrg/all/function/internal_message.html?_=1684978556068&CODE_STATE=getMsg HTTP/1.1" 200 27
114.83.218.112 - - [25/May/2023:09:35:58 +0800] "GET /xingrg/all/function/internal_message.html?_=1684978555410&CODE_STATE=getMsg HTTP/1.1" 200 27
114.83.218.112 - - [25/May/2023:09:35:58 +0800] "GET /xingrg/check_reg.html?_=1684978555820 HTTP/1.1" 200 22
222.70.178.80 - - [25/May/2023:09:36:02 +0800] "GET /xingrg/kc/buy/cgsh_order_operate.html?command=get_materiel&rest_code=00111&code=00101002027&supplier_code=00100199&order_time=2023-05-25 HTTP/1.1" 200 415
222.70.172.86 - - [25/May/2023:09:36:06 +0800] "GET /xingrg/kc/buy/cgsh_order_operate.html?command=get_materiel&rest_code=00146&code=00101008005&supplier_code=00100005&order_time=2023-05-25 HTTP/1.1" 200 412
116.238.139.35 - - [25/May/2023:09:36:13 +0800] "GET /xingrg/all/function/internal_message.html?_=1684978571049&CODE_STATE=getMsg HTTP/1.1" 200 27
180.152.240.15 - - [25/May/2023:09:36:15 +0800] "GET /xingrg/kc/buy/cgsh_order_info.html?code=212023052509206 HTTP/1.1" 200 66391
180.152.240.15 - - [25/May/2023:09:36:16 +0800] "GET /xingrg/javascript/easyui/themes/default/validatebox.css HTTP/1.1" 404 1104
180.152.240.15 - - [25/May/2023:09:36:17 +0800] "POST /xingrg/kc/buy/cgsh_order_operate.html HTTP/1.1" 200 4146
222.70.172.86 - - [25/May/2023:09:36:18 +0800] "GET /xingrg/kc/buy/cgsh_order_operate.html?command=get_materiel&rest_code=00146&code=00101008271&supplier_code=00100005&order_time=2023-05-25 HTTP/1.1" 200 408
116.232.195.127 - - [25/May/2023:09:36:21 +0800] "GET /xingrg/all/function/internal_message.html?_=1684978617959&CODE_STATE=getMsg HTTP/1.1" 200 27
222.70.172.86 - - [25/May/2023:09:36:22 +0800] "GET /xingrg/all/function/internal_message.html?_=1684978595922&CODE_STATE=getMsg HTTP/1.1" 200 27
180.169.147.146 - - [25/May/2023:09:36:23 +0800] "GET /xingrg/check_reg.html?_=1684978584855 HTTP/1.1" 200 22
180.152.240.15 - - [25/May/2023:09:36:26 +0800] "GET /xingrg/all/function/internal_message.html?_=1684978586771&CODE_STATE=getMsg HTTP/1.1" 200 27
222.70.178.80 - - [25/May/2023:09:36:28 +0800] "GET /xingrg/all/function/internal_message.html?_=1684978587793&CODE_STATE=getMsg HTTP/1.1" 200 27
116.238.139.35 - - [25/May/2023:09:36:29 +0800] "GET /xingrg/check_reg.html?_=1684978503849 HTTP/1.1" 200 22
222.70.172.86 - - [25/May/2023:09:36:35 +0800] "GET /xingrg/kc/buy/cgsh_order_operate.html?command=get_materiel&rest_code=00146&code=00101008353&supplier_code=00100005&order_time=2023-05-25 HTTP/1.1" 200 408
101.83.145.52 - - [25/May/2023:09:36:38 +0800] "GET /xingrg/all/function/internal_message.html?_=1684978431129&CODE_STATE=getMsg HTTP/1.1" 200 27
116.238.139.35 - - [25/May/2023:09:36:41 +0800] "GET /xingrg/all/function/internal_message.html?_=1684978515357&CODE_STATE=getMsg HTTP/1.1" 200 27
116.238.139.35 - - [25/May/2023:09:36:41 +0800] "GET /xingrg/kc/base/wldb_order_list.html HTTP/1.1" 200 19104
116.238.139.35 - - [25/May/2023:09:36:41 +0800] "POST /xingrg/kc/base/wldb_list_operate.html HTTP/1.1" 200 928
116.238.139.35 - - [25/May/2023:09:36:43 +0800] "GET /xingrg/kc/base/wldb_order_add.html HTTP/1.1" 200 30387
116.238.139.35 - - [25/May/2023:09:36:43 +0800] "POST /xingrg/kc/base/wldb_order_operate.html HTTP/1.1" 200 6806
116.238.139.35 - - [25/May/2023:09:36:43 +0800] "GET /xingrg/javascript/easyui/themes/default/validatebox.css HTTP/1.1" 404 1104
172.20.0.100 - - [25/May/2023:09:36:44 +0800] "GET /xingrg/all/function/internal_message.html?_=1684978613679&CODE_STATE=getMsg HTTP/1.1" 302 -
222.70.172.86 - - [25/May/2023:09:36:44 +0800] "POST /xingrg/kc/buy/cgsh_order_operate.html HTTP/1.1" 200 2065
180.152.240.15 - - [25/May/2023:09:36:45 +0800] "GET /xingrg/kc/print/load_data.html?order_code=212023052509206&kc_code=cgsh&condition= HTTP/1.1" 200 2020
116.238.139.35 - - [25/May/2023:09:36:48 +0800] "GET /xingrg/kc/base/wldb_order_operate.html?command=get_materiel&rest_code=00150&base_code=0010447&code=00101014040 HTTP/1.1" 200 435
101.83.145.52 - - [25/May/2023:09:36:50 +0800] "GET /xingrg/all/function/internal_message.html?_=1684978611318&CODE_STATE=getMsg HTTP/1.1" 200 27
120.253.135.82 - - [25/May/2023:09:36:52 +0800] "GET /xingrg/all/function/internal_message.html?_=1684978448623&CODE_STATE=getMsg HTTP/1.1" 200 27
222.70.172.86 - - [25/May/2023:09:36:52 +0800] "GET /xingrg/kc/buy/cgsh_order_operate.html?command=get_materiel&rest_code=00146&code=00101008213&supplier_code=00100005&order_time=2023-05-25 HTTP/1.1" 200 412
116.238.139.35 - - [25/May/2023:09:36:54 +0800] "GET /xingrg/kc/mdqp/qqps_order_list.html HTTP/1.1" 200 9222
116.238.139.35 - - [25/May/2023:09:36:54 +0800] "GET /xingrg/dwr/interface/AjaxQqpsService.js HTTP/1.1" 200 16326
116.238.139.35 - - [25/May/2023:09:36:54 +0800] "GET /xingrg/dwr/interface/AjaxReportQueryService.js HTTP/1.1" 200 13203
116.238.139.35 - - [25/May/2023:09:36:54 +0800] "GET /xingrg/dwr/util.js HTTP/1.1" 304 -
116.238.139.35 - - [25/May/2023:09:36:54 +0800] "GET /xingrg/dwr/engine.js HTTP/1.1" 200 43631
124.79.240.114 - - [25/May/2023:09:36:55 +0800] "GET /xingrg/all/function/internal_message.html?_=1684978894827&CODE_STATE=getMsg HTTP/1.1" 200 27
101.229.22.40 - - [25/May/2023:09:36:56 +0800] "GET /xingrg/all/function/internal_message.html?_=1684978616053&CODE_STATE=getMsg HTTP/1.1" 200 27
116.238.139.35 - - [25/May/2023:09:36:57 +0800] "GET /xingrg/kc/mdqp/qqps_order_list.html?isQuery=1&timeSelect=1&orderTime=day&startTime=2023-05-24&endTime=2023-05-25&state=all&query=%C8%B7++%B6%A8 HTTP/1.1" 200 11022
116.238.139.35 - - [25/May/2023:09:36:57 +0800] "GET /xingrg/dwr/interface/AjaxQqpsService.js HTTP/1.1" 200 16326
116.238.139.35 - - [25/May/2023:09:36:57 +0800] "GET /xingrg/dwr/interface/AjaxReportQueryService.js HTTP/1.1" 200 13203
116.238.139.35 - - [25/May/2023:09:36:57 +0800] "GET /xingrg/dwr/engine.js HTTP/1.1" 200 43631
114.83.218.112 - - [25/May/2023:09:36:58 +0800] "GET /xingrg/all/function/internal_message.html?_=1684978615397&CODE_STATE=getMsg HTTP/1.1" 200 27
116.238.139.35 - - [25/May/2023:09:37:01 +0800] "GET /xingrg/kc/mdqp/qqps_order_info.html?code=302023052400388 HTTP/1.1" 200 26657
116.238.139.35 - - [25/May/2023:09:37:01 +0800] "GET /xingrg/dwr/interface/AjaxComOrderService.js HTTP/1.1" 200 18264
116.238.139.35 - - [25/May/2023:09:37:01 +0800] "GET /xingrg/dwr/interface/AjaxQqpsService.js HTTP/1.1" 200 16326
116.238.139.35 - - [25/May/2023:09:37:01 +0800] "GET /xingrg/dwr/engine.js HTTP/1.1" 200 43631
116.238.139.35 - - [25/May/2023:09:37:02 +0800] "POST /xingrg/dwr/call/plaincall/AjaxQqpsService.loadMaterielItems.dwr HTTP/1.1" 200 371
116.238.139.35 - - [25/May/2023:09:37:04 +0800] "GET /xingrg/kc/mdqp/qqps_order_list.html?isBack=1 HTTP/1.1" 302 -
222.70.172.86 - - [25/May/2023:09:37:04 +0800] "GET /xingrg/kc/buy/cgsh_order_operate.html?command=get_materiel&rest_code=00146&code=00101008312&supplier_code=00100005&order_time=2023-05-25 HTTP/1.1" 200 412
116.238.139.35 - - [25/May/2023:09:37:04 +0800] "GET /xingrg/kc/mdqp/qqps_order_list.html?isQuery=1&timeSelect=1&orderTime=day&startTime=2023-05-24&endTime=2023-05-25&state=all&query=%C8%B7++%B6%A8 HTTP/1.1" 200 11022
116.238.139.35 - - [25/May/2023:09:37:04 +0800] "GET /xingrg/dwr/interface/AjaxQqpsService.js HTTP/1.1" 200 16326
116.238.139.35 - - [25/May/2023:09:37:04 +0800] "GET /xingrg/dwr/interface/AjaxReportQueryService.js HTTP/1.1" 200 13203
116.238.139.35 - - [25/May/2023:09:37:04 +0800] "GET /xingrg/dwr/engine.js HTTP/1.1" 200 43631
116.238.139.35 - - [25/May/2023:09:37:07 +0800] "GET /xingrg/kc/mdqp/qqps_order_info.html?code=302023052400395 HTTP/1.1" 200 26657
116.238.139.35 - - [25/May/2023:09:37:07 +0800] "GET /xingrg/dwr/interface/AjaxComOrderService.js HTTP/1.1" 200 18264
116.238.139.35 - - [25/May/2023:09:37:07 +0800] "GET /xingrg/dwr/interface/AjaxQqpsService.js HTTP/1.1" 200 16326
116.238.139.35 - - [25/May/2023:09:37:07 +0800] "GET /xingrg/dwr/engine.js HTTP/1.1" 200 43631
116.238.139.35 - - [25/May/2023:09:37:08 +0800] "POST /xingrg/dwr/call/plaincall/AjaxQqpsService.loadMaterielItems.dwr HTTP/1.1" 200 608
116.238.139.35 - - [25/May/2023:09:37:11 +0800] "GET /xingrg/kc/mdqp/qqps_order_list.html?isBack=1 HTTP/1.1" 302 -
116.238.139.35 - - [25/May/2023:09:37:12 +0800] "GET /xingrg/kc/mdqp/qqps_order_list.html?isQuery=1&timeSelect=1&orderTime=day&startTime=2023-05-24&endTime=2023-05-25&state=all&query=%C8%B7++%B6%A8 HTTP/1.1" 200 11022
116.238.139.35 - - [25/May/2023:09:37:12 +0800] "GET /xingrg/dwr/interface/AjaxQqpsService.js HTTP/1.1" 200 16326
116.238.139.35 - - [25/May/2023:09:37:12 +0800] "GET /xingrg/dwr/interface/AjaxReportQueryService.js HTTP/1.1" 200 13203
116.238.139.35 - - [25/May/2023:09:37:12 +0800] "GET /xingrg/dwr/engine.js HTTP/1.1" 200 43631
116.238.139.35 - - [25/May/2023:09:37:13 +0800] "GET /xingrg/all/function/internal_message.html?_=1684978631048&CODE_STATE=getMsg HTTP/1.1" 200 27
116.238.139.35 - - [25/May/2023:09:37:14 +0800] "GET /xingrg/kc/mdqp/qqps_order_info.html?code=302023052400396 HTTP/1.1" 200 26657
116.238.139.35 - - [25/May/2023:09:37:14 +0800] "GET /xingrg/dwr/interface/AjaxComOrderService.js HTTP/1.1" 200 18264
116.238.139.35 - - [25/May/2023:09:37:14 +0800] "GET /xingrg/dwr/interface/AjaxQqpsService.js HTTP/1.1" 200 16326
116.238.139.35 - - [25/May/2023:09:37:14 +0800] "GET /xingrg/dwr/engine.js HTTP/1.1" 200 43631
116.238.139.35 - - [25/May/2023:09:37:15 +0800] "POST /xingrg/dwr/call/plaincall/AjaxQqpsService.loadMaterielItems.dwr HTTP/1.1" 200 7843
222.70.172.86 - - [25/May/2023:09:37:17 +0800] "GET /xingrg/kc/buy/cgsh_order_operate.html?command=get_materiel&rest_code=00146&code=00101008283&supplier_code=00100005&order_time=2023-05-25 HTTP/1.1" 200 408
116.232.195.127 - - [25/May/2023:09:37:21 +0800] "GET /xingrg/all/function/internal_message.html?_=1684978677941&CODE_STATE=getMsg HTTP/1.1" 200 27
222.70.172.86 - - [25/May/2023:09:37:22 +0800] "GET /xingrg/check_reg.html?_=1684978655483 HTTP/1.1" 200 22
222.70.172.86 - - [25/May/2023:09:37:22 +0800] "GET /xingrg/all/function/internal_message.html?_=1684978655936&CODE_STATE=getMsg HTTP/1.1" 200 27
180.152.240.15 - - [25/May/2023:09:37:26 +0800] "GET /xingrg/all/function/internal_message.html?_=1684978646776&CODE_STATE=getMsg HTTP/1.1" 200 27
222.70.178.80 - - [25/May/2023:09:37:28 +0800] "GET /xingrg/all/function/internal_message.html?_=1684978647804&CODE_STATE=getMsg HTTP/1.1" 200 27
222.70.178.80 - - [25/May/2023:09:37:28 +0800] "GET /xingrg/check_reg.html?_=1684978647807 HTTP/1.1" 200 22
116.238.139.35 - - [25/May/2023:09:37:28 +0800] "GET /xingrg/images/yd/bt.gif HTTP/1.1" 404 1040
116.238.139.35 - - [25/May/2023:09:37:29 +0800] "GET /xingrg/kc/mdqp/qqps_order_list.html?isBack=1 HTTP/1.1" 302 -
116.238.139.35 - - [25/May/2023:09:37:30 +0800] "GET /xingrg/kc/mdqp/qqps_order_list.html?isQuery=1&timeSelect=1&orderTime=day&startTime=2023-05-24&endTime=2023-05-25&state=all&query=%C8%B7++%B6%A8 HTTP/1.1" 200 11022
116.238.139.35 - - [25/May/2023:09:37:30 +0800] "GET /xingrg/dwr/interface/AjaxQqpsService.js HTTP/1.1" 200 16326
116.238.139.35 - - [25/May/2023:09:37:30 +0800] "GET /xingrg/dwr/interface/AjaxReportQueryService.js HTTP/1.1" 200 13203
116.238.139.35 - - [25/May/2023:09:37:30 +0800] "GET /xingrg/dwr/engine.js HTTP/1.1" 200 43631
222.70.172.86 - - [25/May/2023:09:37:32 +0800] "GET /xingrg/kc/buy/cgsh_order_operate.html?command=get_materiel&rest_code=00146&code=00101008010&supplier_code=00100005&order_time=2023-05-25 HTTP/1.1" 200 412
101.83.145.52 - - [25/May/2023:09:37:38 +0800] "GET /xingrg/all/function/internal_message.html?_=1684978491129&CODE_STATE=getMsg HTTP/1.1" 200 27
116.238.139.35 - - [25/May/2023:09:37:41 +0800] "GET /xingrg/all/function/internal_message.html?_=1684978575371&CODE_STATE=getMsg HTTP/1.1" 200 27
172.20.0.100 - - [25/May/2023:09:37:44 +0800] "GET /xingrg/all/function/internal_message.html?_=1684978673678&CODE_STATE=getMsg HTTP/1.1" 302 -
172.20.0.100 - - [25/May/2023:09:37:44 +0800] "GET /xingrg/check_reg.html?_=1684978673679 HTTP/1.1" 302 -
222.70.172.86 - - [25/May/2023:09:37:44 +0800] "GET /xingrg/kc/buy/cgsh_order_operate.html?command=get_materiel&rest_code=00146&code=00101013179&supplier_code=00100005&order_time=2023-05-25 HTTP/1.1" 200 412
222.70.172.86 - - [25/May/2023:09:37:50 +0800] "POST /xingrg/kc/buy/cgsh_order_operate.html HTTP/1.1" 200 2065
101.83.145.52 - - [25/May/2023:09:37:50 +0800] "GET /xingrg/all/function/internal_message.html?_=1684978671288&CODE_STATE=getMsg HTTP/1.1" 200 27
120.253.135.82 - - [25/May/2023:09:37:52 +0800] "GET /xingrg/all/function/internal_message.html?_=1684978508636&CODE_STATE=getMsg HTTP/1.1" 200 27
124.79.240.114 - - [25/May/2023:09:37:55 +0800] "GET /xingrg/all/function/internal_message.html?_=1684978954826&CODE_STATE=getMsg HTTP/1.1" 200 27
101.229.22.40 - - [25/May/2023:09:37:56 +0800] "GET /xingrg/all/function/internal_message.html?_=1684978676031&CODE_STATE=getMsg HTTP/1.1" 200 27
114.83.218.112 - - [25/May/2023:09:37:58 +0800] "GET /xingrg/all/function/internal_message.html?_=1684978675368&CODE_STATE=getMsg HTTP/1.1" 200 27
222.70.172.86 - - [25/May/2023:09:38:00 +0800] "GET /xingrg/kc/buy/cgsh_order_operate.html?command=get_materiel&rest_code=00146&code=00101008225&supplier_code=00100005&order_time=2023-05-25 HTTP/1.1" 200 417
180.169.147.146 - - [25/May/2023:09:38:11 +0800] "GET /xingrg/check_reg.html?_=1684978691411 HTTP/1.1" 200 22
116.238.139.35 - - [25/May/2023:09:38:13 +0800] "GET /xingrg/check_reg.html?_=1684978691047 HTTP/1.1" 200 22
116.238.139.35 - - [25/May/2023:09:38:13 +0800] "GET /xingrg/all/function/internal_message.html?_=1684978691052&CODE_STATE=getMsg HTTP/1.1" 200 27
116.232.195.127 - - [25/May/2023:09:38:21 +0800] "GET /xingrg/all/function/internal_message.html?_=1684978737935&CODE_STATE=getMsg HTTP/1.1" 200 27
222.70.172.86 - - [25/May/2023:09:38:22 +0800] "GET /xingrg/all/function/internal_message.html?_=1684978715949&CODE_STATE=getMsg HTTP/1.1" 200 27
222.70.172.86 - - [25/May/2023:09:38:22 +0800] "GET /xingrg/kc/buy/cgsh_order_operate.html?command=get_materiel&rest_code=00146&code=00101008291&supplier_code=00100005&order_time=2023-05-25 HTTP/1.1" 200 408
180.152.240.15 - - [25/May/2023:09:38:26 +0800] "GET /xingrg/all/function/internal_message.html?_=1684978706772&CODE_STATE=getMsg HTTP/1.1" 200 27
222.70.178.80 - - [25/May/2023:09:38:28 +0800] "GET /xingrg/all/function/internal_message.html?_=1684978707806&CODE_STATE=getMsg HTTP/1.1" 200 27
222.70.172.86 - - [25/May/2023:09:38:34 +0800] "GET /xingrg/kc/buy/cgsh_order_operate.html?command=get_materiel&rest_code=00146&code=00101008114&supplier_code=00100005&order_time=2023-05-25 HTTP/1.1" 200 413
101.83.145.52 - - [25/May/2023:09:38:38 +0800] "GET /xingrg/check_reg.html?_=1684978551121 HTTP/1.1" 200 22
101.83.145.52 - - [25/May/2023:09:38:38 +0800] "GET /xingrg/all/function/internal_message.html?_=1684978551124&CODE_STATE=getMsg HTTP/1.1" 200 27
116.238.139.35 - - [25/May/2023:09:38:41 +0800] "GET /xingrg/all/function/internal_message.html?_=1684978635393&CODE_STATE=getMsg HTTP/1.1" 200 27
172.20.0.100 - - [25/May/2023:09:38:44 +0800] "GET /xingrg/all/function/internal_message.html?_=1684978733677&CODE_STATE=getMsg HTTP/1.1" 302 -
101.83.145.52 - - [25/May/2023:09:38:50 +0800] "GET /xingrg/all/function/internal_message.html?_=1684978731256&CODE_STATE=getMsg HTTP/1.1" 200 27
120.253.135.82 - - [25/May/2023:09:38:52 +0800] "GET /xingrg/all/function/internal_message.html?_=1684978568685&CODE_STATE=getMsg HTTP/1.1" 200 27
101.83.145.52 - - [25/May/2023:09:38:52 +0800] "GET /xingrg/check_reg.html?_=1684978733278 HTTP/1.1" 200 22
124.79.240.114 - - [25/May/2023:09:38:55 +0800] "GET /xingrg/all/function/internal_message.html?_=1684979014824&CODE_STATE=getMsg HTTP/1.1" 200 27
124.79.240.114 - - [25/May/2023:09:38:55 +0800] "GET /xingrg/check_reg.html?_=1684979014825 HTTP/1.1" 200 22
101.229.22.40 - - [25/May/2023:09:38:56 +0800] "GET /xingrg/all/function/internal_message.html?_=1684978736001&CODE_STATE=getMsg HTTP/1.1" 200 27
114.83.218.112 - - [25/May/2023:09:38:58 +0800] "GET /xingrg/all/function/internal_message.html?_=1684978735340&CODE_STATE=getMsg HTTP/1.1" 200 27
180.152.240.15 - - [25/May/2023:09:39:01 +0800] "GET /xingrg/javascript/jquery_easy_ui/themes/default/images/tabs_active.png HTTP/1.1" 200 2894
222.70.110.223 - - [25/May/2023:09:39:05 +0800] "POST /xingrg/services/DataTransmitService HTTP/1.1" 200 524
222.70.172.86 - - [25/May/2023:09:39:10 +0800] "POST /xingrg/kc/buy/cgsh_order_operate.html HTTP/1.1" 200 2065
116.238.139.35 - - [25/May/2023:09:39:13 +0800] "GET /xingrg/all/function/internal_message.html?_=1684978751052&CODE_STATE=getMsg HTTP/1.1" 200 27
222.70.178.80 - - [25/May/2023:09:39:16 +0800] "GET /xingrg/kc/buy/cgsh_order_operate.html?command=get_materiel&rest_code=00111&code=00101002006&supplier_code=00100199&order_time=2023-05-25 HTTP/1.1" 200 414
222.70.172.86 - - [25/May/2023:09:39:16 +0800] "GET /xingrg/kc/buy/cgsh_order_operate.html?command=get_materiel&rest_code=00146&code=00101008168&supplier_code=00100005&order_time=2023-05-25 HTTP/1.1" 200 432
116.232.195.127 - - [25/May/2023:09:39:21 +0800] "GET /xingrg/all/function/internal_message.html?_=1684978797910&CODE_STATE=getMsg HTTP/1.1" 200 27
222.70.172.86 - - [25/May/2023:09:39:22 +0800] "GET /xingrg/all/function/internal_message.html?_=1684978775964&CODE_STATE=getMsg HTTP/1.1" 200 27
222.70.172.86 - - [25/May/2023:09:39:25 +0800] "GET /xingrg/kc/buy/cgsh_order_operate.html?command=get_materiel&rest_code=00146&code=00101008706&supplier_code=00100005&order_time=2023-05-25 HTTP/1.1" 200 413
180.152.240.15 - - [25/May/2023:09:39:26 +0800] "GET /xingrg/all/function/internal_message.html?_=1684978766785&CODE_STATE=getMsg HTTP/1.1" 200 27
180.152.240.15 - - [25/May/2023:09:39:26 +0800] "GET /xingrg/check_reg.html?_=1684978766789 HTTP/1.1" 200 22
222.70.178.80 - - [25/May/2023:09:39:28 +0800] "GET /xingrg/kc/buy/cgsh_order_operate.html?command=get_materiel&rest_code=00111&code=00101001069&supplier_code=00100199&order_time=2023-05-25 HTTP/1.1" 200 411
222.70.178.80 - - [25/May/2023:09:39:28 +0800] "GET /xingrg/all/function/internal_message.html?_=1684978767838&CODE_STATE=getMsg HTTP/1.1" 200 27
222.70.172.86 - - [25/May/2023:09:39:36 +0800] "GET /xingrg/kc/buy/cgsh_order_operate.html?command=get_materiel&rest_code=00146&code=00101013114&supplier_code=00100005&order_time=2023-05-25 HTTP/1.1" 200 409
101.83.145.52 - - [25/May/2023:09:39:38 +0800] "GET /xingrg/all/function/internal_message.html?_=1684978611131&CODE_STATE=getMsg HTTP/1.1" 200 27
222.70.178.80 - - [25/May/2023:09:39:39 +0800] "POST /xingrg/kc/buy/cgsh_order_operate.html HTTP/1.1" 200 37
116.238.139.35 - - [25/May/2023:09:39:41 +0800] "GET /xingrg/all/function/internal_message.html?_=1684978695398&CODE_STATE=getMsg HTTP/1.1" 200 27
222.70.178.80 - - [25/May/2023:09:39:43 +0800] "POST /xingrg/kc/buy/cgsh_order_operate.html HTTP/1.1" 200 3849
172.20.0.100 - - [25/May/2023:09:39:44 +0800] "GET /xingrg/all/function/internal_message.html?_=1684978793675&CODE_STATE=getMsg HTTP/1.1" 302 -
222.70.178.80 - - [25/May/2023:09:39:45 +0800] "GET /xingrg/kc/print/load_data.html?order_code=212023052509207&kc_code=cgsh&condition= HTTP/1.1" 200 1130
222.70.172.86 - - [25/May/2023:09:39:50 +0800] "GET /xingrg/kc/buy/cgsh_order_operate.html?command=get_materiel&rest_code=00146&code=00101008060&supplier_code=00100005&order_time=2023-05-25 HTTP/1.1" 200 416
