172.20.0.100 - - [25/May/2023:10:06:44 +0800] "GET /xingrg/all/function/internal_message.html?_=1684980413708&CODE_STATE=getMsg HTTP/1.1" 302 -
101.83.145.52 - - [25/May/2023:10:06:47 +0800] "POST /xingrg/services/DataTransmitService HTTP/1.1" 200 524
101.83.145.52 - - [25/May/2023:10:06:48 +0800] "POST /xingrg/services/DataTransmitService HTTP/1.1" 200 2319
180.152.240.15 - - [25/May/2023:10:06:48 +0800] "GET /xingrg/all/function/internal_message.html?_=1684980408730&CODE_STATE=getMsg HTTP/1.1" 200 27
101.83.145.52 - - [25/May/2023:10:06:49 +0800] "POST /xingrg/services/DataTransmitService HTTP/1.1" 200 160364
101.83.145.52 - - [25/May/2023:10:06:49 +0800] "GET /xingrg/all/function/internal_message.html?_=1684980410627&CODE_STATE=getMsg HTTP/1.1" 200 27
222.70.178.80 - - [25/May/2023:10:06:51 +0800] "GET /xingrg/all/function/internal_message.html?_=1684980410573&CODE_STATE=getMsg HTTP/1.1" 200 27
120.253.135.82 - - [25/May/2023:10:06:52 +0800] "GET /xingrg/all/function/internal_message.html?_=1684980249405&CODE_STATE=getMsg HTTP/1.1" 200 27
101.229.22.40 - - [25/May/2023:10:06:55 +0800] "GET /xingrg/all/function/internal_message.html?_=1684980415550&CODE_STATE=getMsg HTTP/1.1" 200 27
124.79.240.114 - - [25/May/2023:10:06:55 +0800] "GET /xingrg/all/function/internal_message.html?_=1684980694863&CODE_STATE=getMsg HTTP/1.1" 200 27
114.83.218.112 - - [25/May/2023:10:06:57 +0800] "GET /xingrg/all/function/internal_message.html?_=1684980414790&CODE_STATE=getMsg HTTP/1.1" 200 27
101.83.145.52 - - [25/May/2023:10:06:58 +0800] "GET /xingrg/kc/buy/cgsh_order_operate.html?command=get_materiel&rest_code=00105&code=00101007081&supplier_code=00100002&order_time=2023-05-25 HTTP/1.1" 200 413
222.67.238.82 - - [25/May/2023:10:07:07 +0800] "GET /xingrg/all/function/internal_message.html?_=1684979937838&CODE_STATE=getMsg HTTP/1.1" 200 27
222.67.238.82 - - [25/May/2023:10:07:07 +0800] "GET /xingrg/check_reg.html?_=1684979937865 HTTP/1.1" 200 22
116.238.139.35 - - [25/May/2023:10:07:13 +0800] "GET /xingrg/all/function/internal_message.html?_=1684980431070&CODE_STATE=getMsg HTTP/1.1" 200 27
101.83.145.52 - - [25/May/2023:10:07:20 +0800] "GET /xingrg/kc/buy/cgsh_order_operate.html?command=get_materiel&rest_code=00105&code=00101007072&supplier_code=00100002&order_time=2023-05-25 HTTP/1.1" 200 413
116.232.195.127 - - [25/May/2023:10:07:20 +0800] "GET /xingrg/all/function/internal_message.html?_=1684980477373&CODE_STATE=getMsg HTTP/1.1" 200 27
222.70.172.86 - - [25/May/2023:10:07:22 +0800] "GET /xingrg/check_reg.html?_=1684980456404 HTTP/1.1" 200 22
222.70.172.86 - - [25/May/2023:10:07:24 +0800] "GET /xingrg/all/function/internal_message.html?_=1684980458528&CODE_STATE=getMsg HTTP/1.1" 200 27
101.83.145.52 - - [25/May/2023:10:07:32 +0800] "POST /xingrg/kc/buy/cgsh_order_operate.html HTTP/1.1" 200 37
101.83.145.52 - - [25/May/2023:10:07:34 +0800] "POST /xingrg/kc/buy/cgsh_order_operate.html HTTP/1.1" 200 3252
101.83.145.52 - - [25/May/2023:10:07:35 +0800] "GET /xingrg/kc/print/load_data.html?order_code=212023052509219&kc_code=cgsh&condition= HTTP/1.1" 200 972
101.83.145.52 - - [25/May/2023:10:07:38 +0800] "GET /xingrg/all/function/internal_message.html?_=1684980291149&CODE_STATE=getMsg HTTP/1.1" 200 27
116.238.139.35 - - [25/May/2023:10:07:41 +0800] "GET /xingrg/all/function/internal_message.html?_=1684980375779&CODE_STATE=getMsg HTTP/1.1" 200 27
172.20.0.100 - - [25/May/2023:10:07:44 +0800] "GET /xingrg/all/function/internal_message.html?_=1684980473706&CODE_STATE=getMsg HTTP/1.1" 302 -
172.20.0.100 - - [25/May/2023:10:07:44 +0800] "GET /xingrg/check_reg.html?_=1684980473707 HTTP/1.1" 302 -
180.152.240.15 - - [25/May/2023:10:07:48 +0800] "GET /xingrg/check_reg.html?_=1684980468722 HTTP/1.1" 200 22
180.152.240.15 - - [25/May/2023:10:07:48 +0800] "GET /xingrg/all/function/internal_message.html?_=1684980468724&CODE_STATE=getMsg HTTP/1.1" 200 27
101.83.145.52 - - [25/May/2023:10:07:49 +0800] "GET /xingrg/all/function/internal_message.html?_=1684980470601&CODE_STATE=getMsg HTTP/1.1" 200 27
222.70.178.80 - - [25/May/2023:10:07:51 +0800] "GET /xingrg/all/function/internal_message.html?_=1684980470570&CODE_STATE=getMsg HTTP/1.1" 200 27
120.253.135.82 - - [25/May/2023:10:07:52 +0800] "GET /xingrg/all/function/internal_message.html?_=1684980309418&CODE_STATE=getMsg HTTP/1.1" 200 27
101.229.22.40 - - [25/May/2023:10:07:55 +0800] "GET /xingrg/all/function/internal_message.html?_=1684980475549&CODE_STATE=getMsg HTTP/1.1" 200 27
124.79.240.114 - - [25/May/2023:10:07:55 +0800] "GET /xingrg/all/function/internal_message.html?_=1684980754849&CODE_STATE=getMsg HTTP/1.1" 200 27
114.83.218.112 - - [25/May/2023:10:07:57 +0800] "GET /xingrg/all/function/internal_message.html?_=1684980474762&CODE_STATE=getMsg HTTP/1.1" 200 27
222.67.238.82 - - [25/May/2023:10:08:07 +0800] "GET /xingrg/all/function/internal_message.html?_=1684979997852&CODE_STATE=getMsg HTTP/1.1" 200 27
180.169.147.146 - - [25/May/2023:10:08:11 +0800] "GET /xingrg/check_reg.html?_=1684980491364 HTTP/1.1" 200 22
116.238.139.35 - - [25/May/2023:10:08:13 +0800] "GET /xingrg/check_reg.html?_=1684980491121 HTTP/1.1" 200 22
116.238.139.35 - - [25/May/2023:10:08:13 +0800] "GET /xingrg/all/function/internal_message.html?_=1684980491076&CODE_STATE=getMsg HTTP/1.1" 200 27
222.67.238.82 - - [25/May/2023:10:08:17 +0800] "GET /xingrg/kc/buy/cgsh_order_add.html HTTP/1.1" 200 71451
222.67.238.82 - - [25/May/2023:10:08:17 +0800] "POST /xingrg/kc/buy/cgsh_order_operate.html HTTP/1.1" 200 8245
222.67.238.82 - - [25/May/2023:10:08:17 +0800] "GET /xingrg/javascript/easyui/themes/default/validatebox.css HTTP/1.1" 404 1104
116.232.195.127 - - [25/May/2023:10:08:20 +0800] "GET /xingrg/all/function/internal_message.html?_=1684980537348&CODE_STATE=getMsg HTTP/1.1" 200 27
222.70.172.86 - - [25/May/2023:10:08:24 +0800] "GET /xingrg/all/function/internal_message.html?_=1684980518542&CODE_STATE=getMsg HTTP/1.1" 200 27
101.83.145.52 - - [25/May/2023:10:08:26 +0800] "GET /xingrg/kc/buy/cgsh_order_add.html HTTP/1.1" 200 71533
101.83.145.52 - - [25/May/2023:10:08:26 +0800] "GET /xingrg/javascript/easyui/themes/default/validatebox.css HTTP/1.1" 404 1104
101.83.145.52 - - [25/May/2023:10:08:26 +0800] "POST /xingrg/kc/buy/cgsh_order_operate.html HTTP/1.1" 200 8245
101.83.145.52 - - [25/May/2023:10:08:37 +0800] "GET /xingrg/kc/buy/cgsh_order_operate.html?command=get_materiel&rest_code=00105&code=00101006193&supplier_code=00100012&order_time=2023-05-25 HTTP/1.1" 200 409
222.67.238.82 - - [25/May/2023:10:08:37 +0800] "GET /xingrg/kc/buy/cgsh_order_operate.html?command=get_materiel&rest_code=00141&code=00101007076&supplier_code=00100004&order_time=2023-05-25 HTTP/1.1" 200 409
101.83.145.52 - - [25/May/2023:10:08:38 +0800] "GET /xingrg/all/function/internal_message.html?_=1684980351148&CODE_STATE=getMsg HTTP/1.1" 200 27
101.83.145.52 - - [25/May/2023:10:08:38 +0800] "GET /xingrg/check_reg.html?_=1684980351151 HTTP/1.1" 200 22
116.238.139.35 - - [25/May/2023:10:08:41 +0800] "GET /xingrg/all/function/internal_message.html?_=1684980435800&CODE_STATE=getMsg HTTP/1.1" 200 27
172.20.0.100 - - [25/May/2023:10:08:44 +0800] "GET /xingrg/all/function/internal_message.html?_=1684980533705&CODE_STATE=getMsg HTTP/1.1" 302 -
180.152.240.15 - - [25/May/2023:10:08:48 +0800] "GET /xingrg/all/function/internal_message.html?_=1684980528722&CODE_STATE=getMsg HTTP/1.1" 200 27
101.83.145.52 - - [25/May/2023:10:08:49 +0800] "GET /xingrg/all/function/internal_message.html?_=1684980530576&CODE_STATE=getMsg HTTP/1.1" 200 27
222.70.178.80 - - [25/May/2023:10:08:51 +0800] "GET /xingrg/check_reg.html?_=1684980530568 HTTP/1.1" 200 22
222.70.178.80 - - [25/May/2023:10:08:51 +0800] "GET /xingrg/all/function/internal_message.html?_=1684980530571&CODE_STATE=getMsg HTTP/1.1" 200 27
101.83.145.52 - - [25/May/2023:10:08:52 +0800] "GET /xingrg/check_reg.html?_=1684980533211 HTTP/1.1" 200 22
120.253.135.82 - - [25/May/2023:10:08:52 +0800] "GET /xingrg/all/function/internal_message.html?_=1684980369467&CODE_STATE=getMsg HTTP/1.1" 200 27
101.83.145.52 - - [25/May/2023:10:08:53 +0800] "GET /xingrg/kc/buy/cgsh_order_operate.html?command=get_materiel&rest_code=00105&code=00101006129&supplier_code=00100012&order_time=2023-05-25 HTTP/1.1" 200 431
101.229.22.40 - - [25/May/2023:10:08:55 +0800] "GET /xingrg/all/function/internal_message.html?_=1684980535546&CODE_STATE=getMsg HTTP/1.1" 200 27
124.79.240.114 - - [25/May/2023:10:08:55 +0800] "GET /xingrg/all/function/internal_message.html?_=1684980814874&CODE_STATE=getMsg HTTP/1.1" 200 27
124.79.240.114 - - [25/May/2023:10:08:56 +0800] "GET /xingrg/check_reg.html?_=1684980814898 HTTP/1.1" 200 22
114.83.218.112 - - [25/May/2023:10:08:57 +0800] "GET /xingrg/all/function/internal_message.html?_=1684980534733&CODE_STATE=getMsg HTTP/1.1" 200 27
222.67.238.82 - - [25/May/2023:10:09:02 +0800] "GET /xingrg/kc/buy/cgsh_order_operate.html?command=get_materiel&rest_code=00141&code=00101007038&supplier_code=00100004&order_time=2023-05-25 HTTP/1.1" 200 420
222.67.238.82 - - [25/May/2023:10:09:07 +0800] "GET /xingrg/all/function/internal_message.html?_=1684980057854&CODE_STATE=getMsg HTTP/1.1" 200 27
222.67.238.82 - - [25/May/2023:10:09:12 +0800] "GET /xingrg/kc/buy/cgsh_order_operate.html?command=get_materiel&rest_code=00141&code=00101007071&supplier_code=00100004&order_time=2023-05-25 HTTP/1.1" 200 417
116.238.139.35 - - [25/May/2023:10:09:13 +0800] "GET /xingrg/all/function/internal_message.html?_=1684980551076&CODE_STATE=getMsg HTTP/1.1" 200 27
101.83.145.52 - - [25/May/2023:10:09:16 +0800] "GET /xingrg/kc/buy/cgsh_order_operate.html?command=get_materiel&rest_code=00105&code=00101007199&supplier_code=00100012&order_time=2023-05-25 HTTP/1.1" 200 435
222.67.238.82 - - [25/May/2023:10:09:20 +0800] "GET /xingrg/kc/buy/cgsh_order_operate.html?command=get_materiel&rest_code=00141&code=00101007027&supplier_code=00100004&order_time=2023-05-25 HTTP/1.1" 200 421
116.232.195.127 - - [25/May/2023:10:09:20 +0800] "GET /xingrg/all/function/internal_message.html?_=1684980597334&CODE_STATE=getMsg HTTP/1.1" 200 27
120.253.135.82 - - [25/May/2023:10:09:24 +0800] "GET /xingrg/kc/report/report_main.html HTTP/1.1" 200 8599
120.253.135.82 - - [25/May/2023:10:09:24 +0800] "GET /xingrg/javascript/jquery_ui/themes/humanity/humanity.css HTTP/1.1" 304 -
222.70.172.86 - - [25/May/2023:10:09:24 +0800] "GET /xingrg/all/function/internal_message.html?_=1684980578554&CODE_STATE=getMsg HTTP/1.1" 200 27
120.253.135.82 - - [25/May/2023:10:09:26 +0800] "GET /xingrg/kc/base/kc_stocks.html HTTP/1.1" 200 16506
120.253.135.82 - - [25/May/2023:10:09:26 +0800] "GET /xingrg/javascript/easyui/themes/sunny/easyui.css HTTP/1.1" 304 -
120.253.135.82 - - [25/May/2023:10:09:26 +0800] "GET /xingrg/javascript/easyui/plugins/jquery.draggable.js HTTP/1.1" 304 -
120.253.135.82 - - [25/May/2023:10:09:26 +0800] "GET /xingrg/javascript/easyui/plugins/jquery.droppable.js HTTP/1.1" 304 -
120.253.135.82 - - [25/May/2023:10:09:26 +0800] "GET /xingrg/javascript/easyui/themes/default/tree.css HTTP/1.1" 404 1090
120.253.135.82 - - [25/May/2023:10:09:26 +0800] "GET /xingrg/javascript/easyui/plugins/jquery.tree.js HTTP/1.1" 304 -
120.253.135.82 - - [25/May/2023:10:09:26 +0800] "POST /xingrg/all/common/load_tree.html?tree=materiel_sort_tree_json HTTP/1.1" 200 9500
120.253.135.82 - - [25/May/2023:10:09:28 +0800] "POST /xingrg/all/common/load_combo.html?type=base HTTP/1.1" 200 1169
101.83.145.52 - - [25/May/2023:10:09:32 +0800] "GET /xingrg/kc/buy/cgsh_order_operate.html?command=get_materiel&rest_code=00105&code=00101006317&supplier_code=00100012&order_time=2023-05-25 HTTP/1.1" 200 413
101.83.145.52 - - [25/May/2023:10:09:38 +0800] "GET /xingrg/all/function/internal_message.html?_=1684980411157&CODE_STATE=getMsg HTTP/1.1" 200 27
116.238.139.35 - - [25/May/2023:10:09:41 +0800] "GET /xingrg/all/function/internal_message.html?_=1684980495806&CODE_STATE=getMsg HTTP/1.1" 200 27
101.83.145.52 - - [25/May/2023:10:09:42 +0800] "GET /xingrg/kc/buy/cgsh_order_operate.html?command=get_materiel&rest_code=00105&code=00101010248&supplier_code=00100012&order_time=2023-05-25 HTTP/1.1" 200 430
172.20.0.100 - - [25/May/2023:10:09:44 +0800] "GET /xingrg/all/function/internal_message.html?_=1684980593705&CODE_STATE=getMsg HTTP/1.1" 302 -
120.253.135.82 - - [25/May/2023:10:09:44 +0800] "POST /xingrg/kc/base/stock_operate.html HTTP/1.1" 200 2010
120.253.135.82 - - [25/May/2023:10:09:44 +0800] "GET /xingrg/javascript/jquery_tools/fix_table.js HTTP/1.1" 304 -
180.152.240.15 - - [25/May/2023:10:09:48 +0800] "GET /xingrg/all/function/internal_message.html?_=1684980588721&CODE_STATE=getMsg HTTP/1.1" 200 27
101.83.145.52 - - [25/May/2023:10:09:49 +0800] "GET /xingrg/all/function/internal_message.html?_=1684980590557&CODE_STATE=getMsg HTTP/1.1" 200 27
222.67.238.82 - - [25/May/2023:10:09:50 +0800] "GET /xingrg/kc/buy/cgsh_order_operate.html?command=get_materiel&rest_code=00141&code=00101007077&supplier_code=00100004&order_time=2023-05-25 HTTP/1.1" 200 415
120.253.135.82 - - [25/May/2023:10:09:50 +0800] "GET /xingrg/kc/pszx/mdqp_order_list.html?state=10 HTTP/1.1" 200 10275
120.253.135.82 - - [25/May/2023:10:09:50 +0800] "GET /xingrg/dwr/interface/AjaxQqpsService.js HTTP/1.1" 200 16326
120.253.135.82 - - [25/May/2023:10:09:50 +0800] "GET /xingrg/dwr/interface/AjaxReportQueryService.js HTTP/1.1" 200 13203
120.253.135.82 - - [25/May/2023:10:09:50 +0800] "GET /xingrg/dwr/engine.js HTTP/1.1" 200 43631
222.70.178.80 - - [25/May/2023:10:09:51 +0800] "GET /xingrg/all/function/internal_message.html?_=1684980590571&CODE_STATE=getMsg HTTP/1.1" 200 27
120.253.135.82 - - [25/May/2023:10:09:52 +0800] "GET /xingrg/all/function/internal_message.html?_=1684980429477&CODE_STATE=getMsg HTTP/1.1" 200 27
101.83.145.52 - - [25/May/2023:10:09:53 +0800] "GET /xingrg/kc/buy/cgsh_order_operate.html?command=get_materiel&rest_code=00105&code=00101007122&supplier_code=00100012&order_time=2023-05-25 HTTP/1.1" 200 437
101.229.22.40 - - [25/May/2023:10:09:55 +0800] "GET /xingrg/all/function/internal_message.html?_=1684980595545&CODE_STATE=getMsg HTTP/1.1" 200 27
124.79.240.114 - - [25/May/2023:10:09:55 +0800] "GET /xingrg/all/function/internal_message.html?_=1684980874889&CODE_STATE=getMsg HTTP/1.1" 200 27
114.83.218.112 - - [25/May/2023:10:09:57 +0800] "GET /xingrg/all/function/internal_message.html?_=1684980594721&CODE_STATE=getMsg HTTP/1.1" 200 27
222.67.238.82 - - [25/May/2023:10:10:07 +0800] "GET /xingrg/all/function/internal_message.html?_=1684980117861&CODE_STATE=getMsg HTTP/1.1" 200 27
116.232.195.127 - - [25/May/2023:10:10:12 +0800] "GET /xingrg/check_reg.html?_=1684980649048 HTTP/1.1" 200 22
116.238.139.35 - - [25/May/2023:10:10:13 +0800] "GET /xingrg/all/function/internal_message.html?_=1684980611082&CODE_STATE=getMsg HTTP/1.1" 200 27
222.67.238.82 - - [25/May/2023:10:10:14 +0800] "POST /xingrg/kc/buy/cgsh_order_operate.html HTTP/1.1" 200 37
116.232.195.127 - - [25/May/2023:10:10:20 +0800] "GET /xingrg/all/function/internal_message.html?_=1684980657317&CODE_STATE=getMsg HTTP/1.1" 200 27
222.67.238.82 - - [25/May/2023:10:10:22 +0800] "POST /xingrg/kc/buy/cgsh_order_operate.html HTTP/1.1" 200 12
222.67.238.82 - - [25/May/2023:10:10:24 +0800] "GET /xingrg/kc/buy/cgsh_order_info.html?code=212023052509220 HTTP/1.1" 200 66360
222.67.238.82 - - [25/May/2023:10:10:24 +0800] "GET /xingrg/javascript/easyui/themes/default/validatebox.css HTTP/1.1" 404 1104
222.70.172.86 - - [25/May/2023:10:10:25 +0800] "GET /xingrg/all/function/internal_message.html?_=1684980638849&CODE_STATE=getMsg HTTP/1.1" 200 27
222.67.238.82 - - [25/May/2023:10:10:25 +0800] "POST /xingrg/kc/buy/cgsh_order_operate.html HTTP/1.1" 200 3593
222.67.238.82 - - [25/May/2023:10:10:27 +0800] "GET /xingrg/kc/print/load_data.html?order_code=212023052509220&kc_code=cgsh&condition= HTTP/1.1" 200 1917
222.67.238.82 - - [25/May/2023:10:10:31 +0800] "GET /xingrg/kc/buy/cgsh_order_add.html HTTP/1.1" 200 71451
222.67.238.82 - - [25/May/2023:10:10:32 +0800] "POST /xingrg/kc/buy/cgsh_order_operate.html HTTP/1.1" 200 8245
222.67.238.82 - - [25/May/2023:10:10:32 +0800] "GET /xingrg/javascript/easyui/themes/default/validatebox.css HTTP/1.1" 404 1104
101.83.145.52 - - [25/May/2023:10:10:38 +0800] "GET /xingrg/all/function/internal_message.html?_=1684980471147&CODE_STATE=getMsg HTTP/1.1" 200 27
116.238.139.35 - - [25/May/2023:10:10:41 +0800] "GET /xingrg/all/function/internal_message.html?_=1684980555829&CODE_STATE=getMsg HTTP/1.1" 200 27
172.20.0.100 - - [25/May/2023:10:10:44 +0800] "GET /xingrg/all/function/internal_message.html?_=1684980653703&CODE_STATE=getMsg HTTP/1.1" 302 -
180.152.240.15 - - [25/May/2023:10:10:48 +0800] "GET /xingrg/all/function/internal_message.html?_=1684980648711&CODE_STATE=getMsg HTTP/1.1" 200 27
101.83.145.52 - - [25/May/2023:10:10:49 +0800] "GET /xingrg/all/function/internal_message.html?_=1684980650539&CODE_STATE=getMsg HTTP/1.1" 200 27
222.70.178.80 - - [25/May/2023:10:10:51 +0800] "GET /xingrg/all/function/internal_message.html?_=1684980650572&CODE_STATE=getMsg HTTP/1.1" 200 27
120.253.135.82 - - [25/May/2023:10:10:51 +0800] "GET /xingrg/check_reg.html?_=1684980488140 HTTP/1.1" 200 22
120.253.135.82 - - [25/May/2023:10:10:52 +0800] "GET /xingrg/all/function/internal_message.html?_=1684980489491&CODE_STATE=getMsg HTTP/1.1" 200 27
101.229.22.40 - - [25/May/2023:10:10:55 +0800] "GET /xingrg/all/function/internal_message.html?_=1684980655544&CODE_STATE=getMsg HTTP/1.1" 200 27
101.229.22.40 - - [25/May/2023:10:10:55 +0800] "GET /xingrg/check_reg.html?_=1684980655545 HTTP/1.1" 200 22
124.79.240.114 - - [25/May/2023:10:10:55 +0800] "GET /xingrg/all/function/internal_message.html?_=1684980934873&CODE_STATE=getMsg HTTP/1.1" 200 27
114.83.218.112 - - [25/May/2023:10:10:57 +0800] "GET /xingrg/all/function/internal_message.html?_=1684980654703&CODE_STATE=getMsg HTTP/1.1" 200 27
114.83.218.112 - - [25/May/2023:10:10:58 +0800] "GET /xingrg/check_reg.html?_=1684980655803 HTTP/1.1" 200 22
222.67.238.82 - - [25/May/2023:10:11:07 +0800] "GET /xingrg/all/function/internal_message.html?_=1684980177866&CODE_STATE=getMsg HTTP/1.1" 200 27
222.67.238.82 - - [25/May/2023:10:11:12 +0800] "GET /xingrg/kc/buy/cgsh_order_operate.html?command=get_materiel&rest_code=00141&code=00101008185&supplier_code=00100007&order_time=2023-05-25 HTTP/1.1" 200 408
116.238.139.35 - - [25/May/2023:10:11:13 +0800] "GET /xingrg/all/function/internal_message.html?_=1684980671070&CODE_STATE=getMsg HTTP/1.1" 200 27
222.70.172.86 - - [25/May/2023:10:11:20 +0800] "GET /xingrg/kc/buy/cgsh_order_add.html HTTP/1.1" 200 71451
116.232.195.127 - - [25/May/2023:10:11:20 +0800] "GET /xingrg/all/function/internal_message.html?_=1684980717302&CODE_STATE=getMsg HTTP/1.1" 200 27
222.70.172.86 - - [25/May/2023:10:11:21 +0800] "POST /xingrg/kc/buy/cgsh_order_operate.html HTTP/1.1" 200 8245
222.70.172.86 - - [25/May/2023:10:11:22 +0800] "GET /xingrg/javascript/easyui/themes/default/validatebox.css HTTP/1.1" 404 1104
180.169.147.146 - - [25/May/2023:10:11:23 +0800] "GET /xingrg/check_reg.html?_=1684980684748 HTTP/1.1" 200 22
222.67.238.82 - - [25/May/2023:10:11:25 +0800] "GET /xingrg/kc/buy/cgsh_order_operate.html?command=get_materiel&rest_code=00141&code=00101008354&supplier_code=00100007&order_time=2023-05-25 HTTP/1.1" 200 412
222.70.172.86 - - [25/May/2023:10:11:25 +0800] "GET /xingrg/all/function/internal_message.html?_=1684980698863&CODE_STATE=getMsg HTTP/1.1" 200 27
116.238.139.35 - - [25/May/2023:10:11:29 +0800] "GET /xingrg/check_reg.html?_=1684980603882 HTTP/1.1" 200 22
222.67.238.82 - - [25/May/2023:10:11:32 +0800] "GET /xingrg/kc/buy/cgsh_order_operate.html?command=get_materiel&rest_code=00141&code=00101008010&supplier_code=00100007&order_time=2023-05-25 HTTP/1.1" 200 412
101.83.145.52 - - [25/May/2023:10:11:38 +0800] "GET /xingrg/all/function/internal_message.html?_=1684980531156&CODE_STATE=getMsg HTTP/1.1" 200 27
116.238.139.35 - - [25/May/2023:10:11:41 +0800] "GET /xingrg/all/function/internal_message.html?_=1684980615832&CODE_STATE=getMsg HTTP/1.1" 200 27
101.83.145.52 - - [25/May/2023:10:11:42 +0800] "POST /xingrg/kc/buy/cgsh_order_operate.html HTTP/1.1" 200 37
172.20.0.100 - - [25/May/2023:10:11:44 +0800] "GET /xingrg/all/function/internal_message.html?_=1684980713701&CODE_STATE=getMsg HTTP/1.1" 302 -
101.83.145.52 - - [25/May/2023:10:11:44 +0800] "POST /xingrg/kc/buy/cgsh_order_operate.html HTTP/1.1" 200 5688
222.67.238.82 - - [25/May/2023:10:11:44 +0800] "GET /xingrg/kc/buy/cgsh_order_operate.html?command=get_materiel&rest_code=00141&code=00101008351&supplier_code=00100007&order_time=2023-05-25 HTTP/1.1" 200 427
101.83.145.52 - - [25/May/2023:10:11:46 +0800] "GET /xingrg/kc/print/load_data.html?order_code=212023052509221&kc_code=cgsh&condition= HTTP/1.1" 200 1966
180.152.240.15 - - [25/May/2023:10:11:48 +0800] "GET /xingrg/all/function/internal_message.html?_=1684980708725&CODE_STATE=getMsg HTTP/1.1" 200 27
101.83.145.52 - - [25/May/2023:10:11:49 +0800] "GET /xingrg/all/function/internal_message.html?_=1684980710520&CODE_STATE=getMsg HTTP/1.1" 200 27
222.70.178.80 - - [25/May/2023:10:11:51 +0800] "GET /xingrg/all/function/internal_message.html?_=1684980710560&CODE_STATE=getMsg HTTP/1.1" 200 27
120.253.135.82 - - [25/May/2023:10:11:52 +0800] "GET /xingrg/all/function/internal_message.html?_=1684980549504&CODE_STATE=getMsg HTTP/1.1" 200 27
101.229.22.40 - - [25/May/2023:10:11:55 +0800] "GET /xingrg/all/function/internal_message.html?_=1684980715544&CODE_STATE=getMsg HTTP/1.1" 200 27
101.83.145.52 - - [25/May/2023:10:11:55 +0800] "GET /xingrg/index.html?sysBaseUrl=http%3A%2F%2F180.169.147.146%3A18081%2Fxingrg%2F&costTime=36×tamp=1585222720700 HTTP/1.1" 200 17173
124.79.240.114 - - [25/May/2023:10:11:56 +0800] "GET /xingrg/all/function/internal_message.html?_=1684980994879&CODE_STATE=getMsg HTTP/1.1" 200 27
101.83.145.52 - - [25/May/2023:10:11:56 +0800] "GET /favicon.ico HTTP/1.1" 404 -
101.83.145.52 - - [25/May/2023:10:11:56 +0800] "GET /xingrg/all/function/internal_message.html?_=1684980717282&CODE_STATE=count HTTP/1.1" 200 11
101.83.145.52 - - [25/May/2023:10:11:56 +0800] "GET /xingrg/check_reg.html?_=1684980717283 HTTP/1.1" 200 22
101.83.145.52 - - [25/May/2023:10:11:56 +0800] "POST /xingrg/all/common/load_tree.html?tree=area_rest_tree_json&manage=1 HTTP/1.1" 200 3499
101.83.145.52 - - [25/May/2023:10:11:56 +0800] "POST /xingrg/load_menu.html HTTP/1.1" 200 5138
222.67.238.82 - - [25/May/2023:10:11:57 +0800] "GET /xingrg/kc/buy/cgsh_order_operate.html?command=get_materiel&rest_code=00141&code=00101008119&supplier_code=00100007&order_time=2023-05-25 HTTP/1.1" 200 431
114.83.218.112 - - [25/May/2023:10:11:57 +0800] "GET /xingrg/all/function/internal_message.html?_=1684980714679&CODE_STATE=getMsg HTTP/1.1" 200 27
101.83.145.52 - - [25/May/2023:10:12:02 +0800] "GET /xingrg/kc/buy/cgsh_order_list.html HTTP/1.1" 200 55669
101.83.145.52 - - [25/May/2023:10:12:05 +0800] "POST /xingrg/kc/buy/cgsh_list_operate.html HTTP/1.1" 200 3542
222.67.238.82 - - [25/May/2023:10:12:07 +0800] "GET /xingrg/all/function/internal_message.html?_=1684980237858&CODE_STATE=getMsg HTTP/1.1" 200 27
222.67.238.82 - - [25/May/2023:10:12:07 +0800] "GET /xingrg/check_reg.html?_=1684980237860 HTTP/1.1" 200 22
116.238.139.35 - - [25/May/2023:10:12:13 +0800] "GET /xingrg/all/function/internal_message.html?_=1684980731075&CODE_STATE=getMsg HTTP/1.1" 200 27
222.67.238.82 - - [25/May/2023:10:12:13 +0800] "GET /xingrg/kc/buy/cgsh_order_operate.html?command=get_materiel&rest_code=00141&code=00101008674&supplier_code=00100007&order_time=2023-05-25 HTTP/1.1" 200 412
116.232.195.127 - - [25/May/2023:10:12:20 +0800] "GET /xingrg/all/function/internal_message.html?_=1684980777298&CODE_STATE=getMsg HTTP/1.1" 200 27
222.70.172.86 - - [25/May/2023:10:12:22 +0800] "GET /xingrg/check_reg.html?_=1684980756411 HTTP/1.1" 200 22
222.70.172.86 - - [25/May/2023:10:12:25 +0800] "GET /xingrg/all/function/internal_message.html?_=1684980758876&CODE_STATE=getMsg HTTP/1.1" 200 27
222.67.238.82 - - [25/May/2023:10:12:29 +0800] "GET /xingrg/kc/buy/cgsh_order_operate.html?command=get_materiel&rest_code=00141&code=00101008096&supplier_code=00100007&order_time=2023-05-25 HTTP/1.1" 200 412
101.83.145.52 - - [25/May/2023:10:12:38 +0800] "GET /xingrg/all/function/internal_message.html?_=1684980591146&CODE_STATE=getMsg HTTP/1.1" 200 27
222.67.238.82 - - [25/May/2023:10:12:38 +0800] "GET /xingrg/kc/buy/cgsh_order_operate.html?command=get_materiel&rest_code=00141&code=00101008264&supplier_code=00100007&order_time=2023-05-25 HTTP/1.1" 200 412
116.238.139.35 - - [25/May/2023:10:12:41 +0800] "GET /xingrg/all/function/internal_message.html?_=1684980675846&CODE_STATE=getMsg HTTP/1.1" 200 27
172.20.0.100 - - [25/May/2023:10:12:44 +0800] "GET /xingrg/all/function/internal_message.html?_=1684980773699&CODE_STATE=getMsg HTTP/1.1" 302 -
172.20.0.100 - - [25/May/2023:10:12:44 +0800] "GET /xingrg/check_reg.html?_=1684980773700 HTTP/1.1" 302 -
180.152.240.15 - - [25/May/2023:10:12:48 +0800] "GET /xingrg/check_reg.html?_=1684980768730 HTTP/1.1" 200 22
180.152.240.15 - - [25/May/2023:10:12:48 +0800] "GET /xingrg/all/function/internal_message.html?_=1684980768732&CODE_STATE=getMsg HTTP/1.1" 200 27
222.70.178.80 - - [25/May/2023:10:12:51 +0800] "GET /xingrg/all/function/internal_message.html?_=1684980770564&CODE_STATE=getMsg HTTP/1.1" 200 27
120.253.135.82 - - [25/May/2023:10:12:52 +0800] "GET /xingrg/all/function/internal_message.html?_=1684980609517&CODE_STATE=getMsg HTTP/1.1" 200 27
222.67.238.82 - - [25/May/2023:10:12:53 +0800] "GET /xingrg/kc/buy/cgsh_order_operate.html?command=get_materiel&rest_code=00141&code=00101008356&supplier_code=00100007&order_time=2023-05-25 HTTP/1.1" 200 408
222.70.172.86 - - [25/May/2023:10:12:53 +0800] "GET /xingrg/kc/buy/cgsh_order_operate.html?command=get_materiel&rest_code=00146&code=00101001032&supplier_code=00100041&order_time=2023-05-24 HTTP/1.1" 200 413
101.229.22.40 - - [25/May/2023:10:12:55 +0800] "GET /xingrg/all/function/internal_message.html?_=1684980775543&CODE_STATE=getMsg HTTP/1.1" 200 27
124.79.240.114 - - [25/May/2023:10:12:55 +0800] "GET /xingrg/all/function/internal_message.html?_=1684981054882&CODE_STATE=getMsg HTTP/1.1" 200 27
101.83.145.52 - - [25/May/2023:10:12:56 +0800] "GET /xingrg/all/function/internal_message.html?_=1684980777301&CODE_STATE=getMsg HTTP/1.1" 200 27
114.83.218.112 - - [25/May/2023:10:12:57 +0800] "GET /xingrg/all/function/internal_message.html?_=1684980774655&CODE_STATE=getMsg HTTP/1.1" 200 27
123.6.49.10 - - [25/May/2023:10:13:02 +0800] "HEAD / HTTP/1.1" 404 -
222.67.238.82 - - [25/May/2023:10:13:07 +0800] "GET /xingrg/all/function/internal_message.html?_=1684980297904&CODE_STATE=getMsg HTTP/1.1" 200 27
180.169.147.146 - - [25/May/2023:10:13:11 +0800] "GET /xingrg/check_reg.html?_=1684980791349 HTTP/1.1" 200 22
116.238.139.35 - - [25/May/2023:10:13:13 +0800] "GET /xingrg/all/function/internal_message.html?_=1684980791077&CODE_STATE=getMsg HTTP/1.1" 200 27
116.238.139.35 - - [25/May/2023:10:13:13 +0800] "GET /xingrg/check_reg.html?_=1684980791099 HTTP/1.1" 200 22
222.70.172.86 - - [25/May/2023:10:13:17 +0800] "GET /xingrg/kc/buy/cgsh_order_operate.html?command=get_materiel&rest_code=00146&code=00101010161&supplier_code=00100041&order_time=2023-05-24 HTTP/1.1" 200 409
116.232.195.127 - - [25/May/2023:10:13:20 +0800] "GET /xingrg/all/function/internal_message.html?_=1684980837271&CODE_STATE=getMsg HTTP/1.1" 200 27
222.70.172.86 - - [25/May/2023:10:13:25 +0800] "GET /xingrg/all/function/internal_message.html?_=1684980818889&CODE_STATE=getMsg HTTP/1.1" 200 27
222.70.172.86 - - [25/May/2023:10:13:35 +0800] "GET /xingrg/kc/buy/cgsh_order_operate.html?command=get_materiel&rest_code=00146&code=00101018019&supplier_code=00100041&order_time=2023-05-24 HTTP/1.1" 200 421
101.83.145.52 - - [25/May/2023:10:13:38 +0800] "GET /xingrg/all/function/internal_message.html?_=1684980651155&CODE_STATE=getMsg HTTP/1.1" 200 27
101.83.145.52 - - [25/May/2023:10:13:38 +0800] "GET /xingrg/check_reg.html?_=1684980651158 HTTP/1.1" 200 22
116.238.139.35 - - [25/May/2023:10:13:41 +0800] "GET /xingrg/all/function/internal_message.html?_=1684980735867&CODE_STATE=getMsg HTTP/1.1" 200 27
180.163.220.4 - - [25/May/2023:10:13:42 +0800] "GET / HTTP/1.1" 404 -
172.20.0.100 - - [25/May/2023:10:13:44 +0800] "GET /xingrg/all/function/internal_message.html?_=1684980833702&CODE_STATE=getMsg HTTP/1.1" 302 -
222.70.172.86 - - [25/May/2023:10:13:45 +0800] "POST /xingrg/services/DataTransmitService HTTP/1.1" 200 524
180.152.240.15 - - [25/May/2023:10:13:48 +0800] "GET /xingrg/all/function/internal_message.html?_=1684980828714&CODE_STATE=getMsg HTTP/1.1" 200 27
222.67.238.82 - - [25/May/2023:10:13:50 +0800] "GET /xingrg/kc/buy/cgsh_order_operate.html?command=get_materiel&rest_code=00141&code=00101008137&supplier_code=00100007&order_time=2023-05-25 HTTP/1.1" 200 427
222.70.172.86 - - [25/May/2023:10:13:50 +0800] "POST /xingrg/services/DataTransmitService HTTP/1.1" 200 412
222.70.172.86 - - [25/May/2023:10:13:50 +0800] "POST /xingrg/services/DataTransmitService HTTP/1.1" 200 524
222.70.178.80 - - [25/May/2023:10:13:51 +0800] "GET /xingrg/all/function/internal_message.html?_=1684980830564&CODE_STATE=getMsg HTTP/1.1" 200 27
222.70.178.80 - - [25/May/2023:10:13:51 +0800] "GET /xingrg/check_reg.html?_=1684980830566 HTTP/1.1" 200 22
120.253.135.82 - - [25/May/2023:10:13:53 +0800] "GET /xingrg/all/function/internal_message.html?_=1684980669567&CODE_STATE=getMsg HTTP/1.1" 200 27
222.70.172.86 - - [25/May/2023:10:13:53 +0800] "GET /xingrg/kc/buy/cgsh_order_operate.html?command=get_materiel&rest_code=00146&code=00101001075&supplier_code=00100041&order_time=2023-05-24 HTTP/1.1" 200 409
222.70.172.86 - - [25/May/2023:10:13:54 +0800] "POST /xingrg/services/DataTransmitService HTTP/1.1" 200 412
222.70.172.86 - - [25/May/2023:10:13:54 +0800] "POST /xingrg/services/DataTransmitService HTTP/1.1" 200 524
101.229.22.40 - - [25/May/2023:10:13:55 +0800] "GET /xingrg/all/function/internal_message.html?_=1684980835540&CODE_STATE=getMsg HTTP/1.1" 200 27
124.79.240.114 - - [25/May/2023:10:13:55 +0800] "GET /xingrg/check_reg.html?_=1684981114913 HTTP/1.1" 200 22
124.79.240.114 - - [25/May/2023:10:13:55 +0800] "GET /xingrg/all/function/internal_message.html?_=1684981114905&CODE_STATE=getMsg HTTP/1.1" 200 27
101.83.145.52 - - [25/May/2023:10:13:56 +0800] "GET /xingrg/all/function/internal_message.html?_=1684980837292&CODE_STATE=getMsg HTTP/1.1" 200 27
114.83.218.112 - - [25/May/2023:10:13:57 +0800] "GET /xingrg/all/function/internal_message.html?_=1684980834633&CODE_STATE=getMsg HTTP/1.1" 200 27
222.70.172.86 - - [25/May/2023:10:13:58 +0800] "POST /xingrg/services/DataTransmitService HTTP/1.1" 200 412
222.67.238.82 - - [25/May/2023:10:13:59 +0800] "GET /xingrg/kc/buy/cgsh_order_operate.html?command=get_materiel&rest_code=00141&code=00101008079&supplier_code=00100007&order_time=2023-05-25 HTTP/1.1" 200 416
222.70.172.86 - - [25/May/2023:10:14:03 +0800] "POST /xingrg/services/DataTransmitService HTTP/1.1" 200 524
222.70.172.86 - - [25/May/2023:10:14:06 +0800] "POST /xingrg/services/DataTransmitService HTTP/1.1" 200 412
222.70.172.86 - - [25/May/2023:10:14:07 +0800] "POST /xingrg/services/DataTransmitService HTTP/1.1" 200 524
222.67.238.82 - - [25/May/2023:10:14:07 +0800] "GET /xingrg/all/function/internal_message.html?_=1684980357867&CODE_STATE=getMsg HTTP/1.1" 200 27
222.70.172.86 - - [25/May/2023:10:14:07 +0800] "POST /xingrg/services/DataTransmitService HTTP/1.1" 200 2335
222.67.238.82 - - [25/May/2023:10:14:08 +0800] "GET /xingrg/kc/buy/cgsh_order_operate.html?command=get_materiel&rest_code=00141&code=00101008077&supplier_code=00100007&order_time=2023-05-25 HTTP/1.1" 200 435
116.238.139.35 - - [25/May/2023:10:14:13 +0800] "GET /xingrg/all/function/internal_message.html?_=1684980851085&CODE_STATE=getMsg HTTP/1.1" 200 27
36.110.211.69 - - [25/May/2023:10:14:13 +0800] "GET / HTTP/1.1" 404 -
222.70.172.86 - - [25/May/2023:10:14:18 +0800] "POST /xingrg/services/DataTransmitService HTTP/1.1" 200 524
222.67.238.82 - - [25/May/2023:10:14:19 +0800] "GET /xingrg/kc/buy/cgsh_order_operate.html?command=get_materiel&rest_code=00141&code=00101008069&supplier_code=00100007&order_time=2023-05-25 HTTP/1.1" 200 412
116.232.195.127 - - [25/May/2023:10:14:20 +0800] "GET /xingrg/all/function/internal_message.html?_=1684980897261&CODE_STATE=getMsg HTTP/1.1" 200 27
222.70.172.86 - - [25/May/2023:10:14:25 +0800] "GET /xingrg/all/function/internal_message.html?_=1684980878904&CODE_STATE=getMsg HTTP/1.1" 200 27
222.67.238.82 - - [25/May/2023:10:14:30 +0800] "GET /xingrg/kc/buy/cgsh_order_operate.html?command=get_materiel&rest_code=00141&code=00101008286&supplier_code=00100007&order_time=2023-05-25 HTTP/1.1" 200 408
222.70.172.86 - - [25/May/2023:10:14:34 +0800] "POST /xingrg/services/DataTransmitService HTTP/1.1" 200 501
124.79.240.114 - - [25/May/2023:10:14:36 +0800] "GET /xingrg/login.html HTTP/1.1" 200 7641
101.83.145.52 - - [25/May/2023:10:14:38 +0800] "GET /xingrg/all/function/internal_message.html?_=1684980711145&CODE_STATE=getMsg HTTP/1.1" 200 27
124.79.240.114 - - [25/May/2023:10:14:40 +0800] "GET /favicon.ico HTTP/1.1" 404 -
116.238.139.35 - - [25/May/2023:10:14:41 +0800] "GET /xingrg/all/function/internal_message.html?_=1684980795874&CODE_STATE=getMsg HTTP/1.1" 200 27
172.20.0.100 - - [25/May/2023:10:14:44 +0800] "GET /xingrg/all/function/internal_message.html?_=1684980893701&CODE_STATE=getMsg HTTP/1.1" 302 -
180.152.240.15 - - [25/May/2023:10:14:48 +0800] "GET /xingrg/all/function/internal_message.html?_=1684980888723&CODE_STATE=getMsg HTTP/1.1" 200 27
222.70.178.80 - - [25/May/2023:10:14:51 +0800] "GET /xingrg/all/function/internal_message.html?_=1684980890566&CODE_STATE=getMsg HTTP/1.1" 200 27
120.253.135.82 - - [25/May/2023:10:14:53 +0800] "GET /xingrg/all/function/internal_message.html?_=1684980729575&CODE_STATE=getMsg HTTP/1.1" 200 27
101.229.22.40 - - [25/May/2023:10:14:55 +0800] "GET /xingrg/all/function/internal_message.html?_=1684980895539&CODE_STATE=getMsg HTTP/1.1" 200 27
222.70.172.86 - - [25/May/2023:10:14:55 +0800] "POST /xingrg/kc/buy/cgsh_order_operate.html HTTP/1.1" 200 37
101.83.145.52 - - [25/May/2023:10:14:56 +0800] "GET /xingrg/all/function/internal_message.html?_=1684980897295&CODE_STATE=getMsg HTTP/1.1" 200 27
114.83.218.112 - - [25/May/2023:10:14:57 +0800] "GET /xingrg/all/function/internal_message.html?_=1684980894608&CODE_STATE=getMsg HTTP/1.1" 200 27
222.70.172.86 - - [25/May/2023:10:14:57 +0800] "POST /xingrg/kc/buy/cgsh_order_operate.html HTTP/1.1" 200 4435
61.170.234.108 - - [25/May/2023:10:14:58 +0800] "GET /xingrg/login.html?r=1 HTTP/1.1" 200 7641
61.170.234.108 - - [25/May/2023:10:14:58 +0800] "GET /favicon.ico HTTP/1.1" 404 -
222.67.238.82 - - [25/May/2023:10:14:59 +0800] "GET /xingrg/kc/buy/cgsh_order_operate.html?command=get_materiel&rest_code=00141&code=00101008036&supplier_code=00100007&order_time=2023-05-25 HTTP/1.1" 200 408
222.70.172.86 - - [25/May/2023:10:15:00 +0800] "POST /xingrg/services/DataTransmitService HTTP/1.1" 200 524
222.70.172.86 - - [25/May/2023:10:15:03 +0800] "GET /xingrg/kc/print/load_data.html?order_code=212023052509222&kc_code=cgsh&condition= HTTP/1.1" 200 1370
61.170.234.108 - - [25/May/2023:10:15:03 +0800] "POST /xingrg/login.do HTTP/1.1" 302 -
61.170.234.108 - - [25/May/2023:10:15:03 +0800] "GET /xingrg/index.html?sysBaseUrl=http%3A%2F%2F180.169.147.146%3A18081%2Fxingrg%2F&costTime=2005×tamp=1684980903040 HTTP/1.1" 200 17173
61.170.234.108 - - [25/May/2023:10:15:03 +0800] "GET /favicon.ico HTTP/1.1" 404 -
61.170.234.108 - - [25/May/2023:10:15:03 +0800] "GET /xingrg/check_reg.html?_=1684980904881 HTTP/1.1" 200 22
61.170.234.108 - - [25/May/2023:10:15:03 +0800] "GET /xingrg/all/function/internal_message.html?_=1684980904880&CODE_STATE=count HTTP/1.1" 200 11
61.170.234.108 - - [25/May/2023:10:15:03 +0800] "POST /xingrg/all/common/load_tree.html?tree=area_rest_tree_json&manage=1 HTTP/1.1" 200 342
61.170.234.108 - - [25/May/2023:10:15:03 +0800] "POST /xingrg/load_menu.html HTTP/1.1" 200 5138
222.70.172.86 - - [25/May/2023:10:15:05 +0800] "POST /xingrg/services/DataTransmitService HTTP/1.1" 200 412
222.70.172.86 - - [25/May/2023:10:15:05 +0800] "POST /xingrg/services/DataTransmitService HTTP/1.1" 200 524
222.70.172.86 - - [25/May/2023:10:15:06 +0800] "POST /xingrg/services/DataTransmitService HTTP/1.1" 200 2335
222.70.172.86 - - [25/May/2023:10:15:06 +0800] "POST /xingrg/services/DataTransmitService HTTP/1.1" 200 524
222.67.238.82 - - [25/May/2023:10:15:07 +0800] "GET /xingrg/all/function/internal_message.html?_=1684980417909&CODE_STATE=getMsg HTTP/1.1" 200 27
222.67.238.82 - - [25/May/2023:10:15:09 +0800] "GET /xingrg/kc/buy/cgsh_order_operate.html?command=get_materiel&rest_code=00141&code=00101008318&supplier_code=00100007&order_time=2023-05-25 HTTP/1.1" 200 408
222.70.172.86 - - [25/May/2023:10:15:11 +0800] "POST /xingrg/services/DataTransmitService HTTP/1.1" 200 412
124.79.240.114 - - [25/May/2023:10:15:11 +0800] "POST /xingrg/login.do HTTP/1.1" 302 -
124.79.240.114 - - [25/May/2023:10:15:12 +0800] "GET /xingrg/index.html?sysBaseUrl=http%3A%2F%2F180.169.147.146%3A18081%2Fxingrg%2F&costTime=1017×tamp=1684980911923 HTTP/1.1" 200 17179
124.79.240.114 - - [25/May/2023:10:15:12 +0800] "GET /favicon.ico HTTP/1.1" 404 -
116.232.195.127 - - [25/May/2023:10:15:12 +0800] "GET /xingrg/check_reg.html?_=1684980949064 HTTP/1.1" 200 22
124.79.240.114 - - [25/May/2023:10:15:12 +0800] "POST /xingrg/all/common/load_tree.html?tree=area_rest_tree_json&manage=1 HTTP/1.1" 200 351
124.79.240.114 - - [25/May/2023:10:15:13 +0800] "GET /xingrg/all/function/internal_message.html?_=1684981192034&CODE_STATE=count HTTP/1.1" 200 11
124.79.240.114 - - [25/May/2023:10:15:13 +0800] "GET /xingrg/check_reg.html?_=1684981192050 HTTP/1.1" 200 22
116.238.139.35 - - [25/May/2023:10:15:13 +0800] "GET /xingrg/all/function/internal_message.html?_=1684980911073&CODE_STATE=getMsg HTTP/1.1" 200 27
124.79.240.114 - - [25/May/2023:10:15:13 +0800] "POST /xingrg/load_menu.html HTTP/1.1" 200 5138
222.67.238.82 - - [25/May/2023:10:15:18 +0800] "GET /xingrg/kc/buy/cgsh_order_operate.html?command=get_materiel&rest_code=00141&code=00101008352&supplier_code=00100007&order_time=2023-05-25 HTTP/1.1" 200 412
116.232.195.127 - - [25/May/2023:10:15:20 +0800] "GET /xingrg/all/function/internal_message.html?_=1684980957247&CODE_STATE=getMsg HTTP/1.1" 200 27
222.70.172.86 - - [25/May/2023:10:15:25 +0800] "GET /xingrg/all/function/internal_message.html?_=1684980939158&CODE_STATE=getMsg HTTP/1.1" 200 27
222.67.238.82 - - [25/May/2023:10:15:27 +0800] "GET /xingrg/kc/buy/cgsh_order_operate.html?command=get_materiel&rest_code=00141&code=00101008098&supplier_code=00100007&order_time=2023-05-25 HTTP/1.1" 200 412
101.83.145.52 - - [25/May/2023:10:15:38 +0800] "GET /xingrg/all/function/internal_message.html?_=1684980771153&CODE_STATE=getMsg HTTP/1.1" 200 27
116.238.139.35 - - [25/May/2023:10:15:41 +0800] "GET /xingrg/all/function/internal_message.html?_=1684980855896&CODE_STATE=getMsg HTTP/1.1" 200 27
172.20.0.100 - - [25/May/2023:10:15:44 +0800] "GET /xingrg/all/function/internal_message.html?_=1684980953699&CODE_STATE=getMsg HTTP/1.1" 302 -
61.170.234.108 - - [25/May/2023:10:15:45 +0800] "GET /xingrg/kc/mdqp/qp_main.html HTTP/1.1" 200 10633
61.170.234.108 - - [25/May/2023:10:15:45 +0800] "GET /xingrg/images/blue/button/pszx.gif HTTP/1.1" 200 2648
61.170.234.108 - - [25/May/2023:10:15:45 +0800] "GET /xingrg/images/blue/button/psshd.gif HTTP/1.1" 200 2692
61.170.234.108 - - [25/May/2023:10:15:45 +0800] "GET /xingrg/images/blue/button/qqpsd.gif HTTP/1.1" 200 2548
61.170.234.108 - - [25/May/2023:10:15:46 +0800] "GET /xingrg/images/yd/bt.gif HTTP/1.1" 404 1040
61.170.234.108 - - [25/May/2023:10:15:47 +0800] "GET /xingrg/kc/mdqp/qqps_order_list.html HTTP/1.1" 200 9222
61.170.234.108 - - [25/May/2023:10:15:47 +0800] "GET /xingrg/dwr/interface/AjaxReportQueryService.js HTTP/1.1" 200 13203
61.170.234.108 - - [25/May/2023:10:15:47 +0800] "GET /xingrg/dwr/interface/AjaxQqpsService.js HTTP/1.1" 200 16326
61.170.234.108 - - [25/May/2023:10:15:47 +0800] "GET /xingrg/dwr/engine.js HTTP/1.1" 200 43631
61.170.234.108 - - [25/May/2023:10:15:47 +0800] "GET /xingrg/dwr/util.js HTTP/1.1" 200 35990
61.170.234.108 - - [25/May/2023:10:15:47 +0800] "GET /xingrg/javascript/Calendar.js HTTP/1.1" 200 31561
61.170.234.108 - - [25/May/2023:10:15:47 +0800] "GET /xingrg/javascript/jquery_easy_ui/themes/icons/edit_add_new.png HTTP/1.1" 200 2997
61.170.234.108 - - [25/May/2023:10:15:47 +0800] "GET /xingrg/javascript/jquery_easy_ui/themes/icons/check_new.png HTTP/1.1" 200 3224
61.170.234.108 - - [25/May/2023:10:15:47 +0800] "GET /xingrg/javascript/jquery_easy_ui/themes/icons/uncheck_new.png HTTP/1.1" 200 3197
61.170.234.108 - - [25/May/2023:10:15:47 +0800] "GET /xingrg/javascript/jquery_easy_ui/themes/icons/cance_new.png HTTP/1.1" 200 3986
180.152.240.15 - - [25/May/2023:10:15:48 +0800] "GET /xingrg/all/function/internal_message.html?_=1684980948720&CODE_STATE=getMsg HTTP/1.1" 200 27
222.70.178.80 - - [25/May/2023:10:15:51 +0800] "GET /xingrg/all/function/internal_message.html?_=1684980950567&CODE_STATE=getMsg HTTP/1.1" 200 27
120.253.135.82 - - [25/May/2023:10:15:51 +0800] "GET /xingrg/check_reg.html?_=1684980788178 HTTP/1.1" 200 22
61.170.234.108 - - [25/May/2023:10:15:52 +0800] "GET /xingrg/javascript/jquery_easy_ui/themes/default/images/button_plain_hover.png HTTP/1.1" 200 252
120.253.135.82 - - [25/May/2023:10:15:53 +0800] "GET /xingrg/all/function/internal_message.html?_=1684980789593&CODE_STATE=getMsg HTTP/1.1" 200 27
61.170.234.108 - - [25/May/2023:10:15:53 +0800] "GET /xingrg/kc/mdqp/qqps_order_add.html HTTP/1.1" 200 28236
61.170.234.108 - - [25/May/2023:10:15:53 +0800] "GET /xingrg/dwr/interface/AjaxComOrderService.js HTTP/1.1" 200 18264
61.170.234.108 - - [25/May/2023:10:15:53 +0800] "GET /xingrg/dwr/interface/AjaxQqpsService.js HTTP/1.1" 200 16326
61.170.234.108 - - [25/May/2023:10:15:53 +0800] "GET /xingrg/javascript/AjaxInfoList.js HTTP/1.1" 200 3774
61.170.234.108 - - [25/May/2023:10:15:53 +0800] "GET /xingrg/javascript/Grid.js HTTP/1.1" 200 58908
61.170.234.108 - - [25/May/2023:10:15:53 +0800] "GET /xingrg/dwr/engine.js HTTP/1.1" 200 43631
61.170.234.108 - - [25/May/2023:10:15:53 +0800] "GET /xingrg/javascript/tools/jquery.qtip-1.0.0-rc3.min.js HTTP/1.1" 200 38404
61.170.234.108 - - [25/May/2023:10:15:53 +0800] "GET /xingrg/javascript/jquery_easy_ui/themes/icons/template_new.png HTTP/1.1" 200 3956
61.170.234.108 - - [25/May/2023:10:15:53 +0800] "GET /xingrg/javascript/jquery_easy_ui/themes/icons/copy_new.png HTTP/1.1" 200 815
61.170.234.108 - - [25/May/2023:10:15:53 +0800] "GET /xingrg/javascript/jquery_easy_ui/themes/icons/ok.png HTTP/1.1" 200 883
61.170.234.108 - - [25/May/2023:10:15:53 +0800] "GET /xingrg/javascript/jquery_easy_ui/themes/icons/print.png HTTP/1.1" 200 1057
61.170.234.108 - - [25/May/2023:10:15:53 +0800] "GET /xingrg/javascript/jquery_easy_ui/themes/default/images/menu_downarrow.png HTTP/1.1" 200 173
61.170.234.108 - - [25/May/2023:10:15:53 +0800] "GET /xingrg/javascript/jquery_easy_ui/themes/icons/back_new.png HTTP/1.1" 200 3414
61.170.234.108 - - [25/May/2023:10:15:54 +0800] "GET /xingrg/images/blue/button/kc_tab_edit.gif HTTP/1.1" 200 551
61.170.234.108 - - [25/May/2023:10:15:54 +0800] "GET /xingrg/images/blue/button/kc_tab_add.gif HTTP/1.1" 200 375
61.170.234.108 - - [25/May/2023:10:15:54 +0800] "GET /xingrg/images/blue/button/kc_tab_save.gif HTTP/1.1" 200 777
61.170.234.108 - - [25/May/2023:10:15:54 +0800] "GET /xingrg/images/blue/button/kc_tab_del.gif HTTP/1.1" 200 383
61.170.234.108 - - [25/May/2023:10:15:54 +0800] "GET /xingrg/javascript/jquery_easy_ui/themes/default/images/combo_arrow_dot.gif HTTP/1.1" 200 79
61.170.234.108 - - [25/May/2023:10:15:54 +0800] "GET /xingrg/images/blue/kc_tab_left.gif HTTP/1.1" 200 188
61.170.234.108 - - [25/May/2023:10:15:54 +0800] "GET /xingrg/images/blue/kc_tab_mid.gif HTTP/1.1" 200 44
61.170.234.108 - - [25/May/2023:10:15:54 +0800] "GET /xingrg/images/blue/kc_tab_right.gif HTTP/1.1" 200 643
61.170.234.108 - - [25/May/2023:10:15:54 +0800] "GET /xingrg/images/blue/kc_tab2_left.gif HTTP/1.1" 200 625
61.170.234.108 - - [25/May/2023:10:15:54 +0800] "GET /xingrg/images/blue/kc_tab2_right.gif HTTP/1.1" 200 192
101.229.22.40 - - [25/May/2023:10:15:55 +0800] "GET /xingrg/all/function/internal_message.html?_=1684980955554&CODE_STATE=getMsg HTTP/1.1" 200 27
101.229.22.40 - - [25/May/2023:10:15:55 +0800] "GET /xingrg/check_reg.html?_=1684980955555 HTTP/1.1" 200 22
101.83.145.52 - - [25/May/2023:10:15:56 +0800] "GET /xingrg/all/function/internal_message.html?_=1684980957296&CODE_STATE=getMsg HTTP/1.1" 200 27
222.67.238.82 - - [25/May/2023:10:15:56 +0800] "GET /xingrg/kc/buy/cgsh_order_operate.html?command=get_materiel&rest_code=00141&code=00101008005&supplier_code=00100007&order_time=2023-05-25 HTTP/1.1" 200 412
114.83.218.112 - - [25/May/2023:10:15:57 +0800] "GET /xingrg/all/function/internal_message.html?_=1684980954598&CODE_STATE=getMsg HTTP/1.1" 200 27
114.83.218.112 - - [25/May/2023:10:15:58 +0800] "GET /xingrg/check_reg.html?_=1684980955774 HTTP/1.1" 200 22
222.67.238.82 - - [25/May/2023:10:15:59 +0800] "POST /xingrg/kc/buy/cgsh_order_operate.html HTTP/1.1" 200 2065
61.170.234.108 - - [25/May/2023:10:16:03 +0800] "GET /xingrg/all/function/internal_message.html?_=1684980964872&CODE_STATE=getMsg HTTP/1.1" 200 27
222.67.238.82 - - [25/May/2023:10:16:04 +0800] "GET /xingrg/kc/buy/cgsh_order_operate.html?command=get_materiel&rest_code=00141&code=00101008271&supplier_code=00100007&order_time=2023-05-25 HTTP/1.1" 200 408
61.170.234.108 - - [25/May/2023:10:16:07 +0800] "GET /xingrg/images/blue/wait.gif HTTP/1.1" 200 1100
222.67.238.82 - - [25/May/2023:10:16:07 +0800] "GET /xingrg/all/function/internal_message.html?_=1684980477941&CODE_STATE=getMsg HTTP/1.1" 200 27
61.170.234.108 - - [25/May/2023:10:16:07 +0800] "POST /xingrg/dwr/call/plaincall/AjaxQqpsService.saveOrder.dwr HTTP/1.1" 200 78
222.67.238.82 - - [25/May/2023:10:16:12 +0800] "GET /xingrg/kc/buy/cgsh_order_operate.html?command=get_materiel&rest_code=00141&code=00101008144&supplier_code=00100007&order_time=2023-05-25 HTTP/1.1" 200 412
124.79.240.114 - - [25/May/2023:10:16:13 +0800] "GET /xingrg/all/function/internal_message.html?_=1684981252070&CODE_STATE=getMsg HTTP/1.1" 200 27
116.232.195.127 - - [25/May/2023:10:16:20 +0800] "GET /xingrg/all/function/internal_message.html?_=1684981017223&CODE_STATE=getMsg HTTP/1.1" 200 27
180.169.147.146 - - [25/May/2023:10:16:23 +0800] "GET /xingrg/check_reg.html?_=1684980984724 HTTP/1.1" 200 22
222.70.172.86 - - [25/May/2023:10:16:25 +0800] "GET /xingrg/all/function/internal_message.html?_=1684980999164&CODE_STATE=getMsg HTTP/1.1" 200 27
116.238.139.35 - - [25/May/2023:10:16:29 +0800] "GET /xingrg/check_reg.html?_=1684980903893 HTTP/1.1" 200 22
61.170.234.108 - - [25/May/2023:10:16:35 +0800] "GET /xingrg/javascript/auto/indicator.gif HTTP/1.1" 404 1066
61.170.234.108 - - [25/May/2023:10:16:36 +0800] "POST /xingrg/dwr/call/plaincall/AjaxQqpsService.getMaterielByCode.dwr HTTP/1.1" 200 2768
101.83.145.52 - - [25/May/2023:10:16:38 +0800] "GET /xingrg/all/function/internal_message.html?_=1684980831154&CODE_STATE=getMsg HTTP/1.1" 200 27
61.170.234.108 - - [25/May/2023:10:16:39 +0800] "POST /xingrg/dwr/call/plaincall/AjaxQqpsService.saveMaterielItem.dwr HTTP/1.1" 200 78
61.170.234.108 - - [25/May/2023:10:16:40 +0800] "POST /xingrg/dwr/call/plaincall/AjaxQqpsService.saveOrder.dwr HTTP/1.1" 200 78
116.238.139.35 - - [25/May/2023:10:16:41 +0800] "GET /xingrg/all/function/internal_message.html?_=1684980915900&CODE_STATE=getMsg HTTP/1.1" 200 27
61.170.234.108 - - [25/May/2023:10:16:41 +0800] "POST /xingrg/dwr/call/plaincall/AjaxQqpsService.saveOrder.dwr HTTP/1.1" 200 78
222.67.238.82 - - [25/May/2023:10:16:42 +0800] "GET /xingrg/kc/buy/cgsh_order_operate.html?command=get_materiel&rest_code=00141&code=00101019738&supplier_code=00100007&order_time=2023-05-25 HTTP/1.1" 200 448
172.20.0.100 - - [25/May/2023:10:16:44 +0800] "GET /xingrg/all/function/internal_message.html?_=1684981013713&CODE_STATE=getMsg HTTP/1.1" 302 -
61.170.234.108 - - [25/May/2023:10:16:47 +0800] "GET /xingrg/kc/mdqp/qqps_order_add.html HTTP/1.1" 200 28236
61.170.234.108 - - [25/May/2023:10:16:47 +0800] "GET /xingrg/dwr/interface/AjaxComOrderService.js HTTP/1.1" 200 18264
61.170.234.108 - - [25/May/2023:10:16:47 +0800] "GET /xingrg/dwr/interface/AjaxQqpsService.js HTTP/1.1" 200 16326
61.170.234.108 - - [25/May/2023:10:16:47 +0800] "GET /xingrg/dwr/engine.js HTTP/1.1" 200 43631
180.152.240.15 - - [25/May/2023:10:16:48 +0800] "GET /xingrg/all/function/internal_message.html?_=1684981008710&CODE_STATE=getMsg HTTP/1.1" 200 27
222.70.178.80 - - [25/May/2023:10:16:51 +0800] "GET /xingrg/all/function/internal_message.html?_=1684981010566&CODE_STATE=getMsg HTTP/1.1" 200 27
120.253.135.82 - - [25/May/2023:10:16:53 +0800] "GET /xingrg/all/function/internal_message.html?_=1684980849603&CODE_STATE=getMsg HTTP/1.1" 200 27
116.238.139.35 - - [25/May/2023:10:16:54 +0800] "GET /xingrg/index.html?sysBaseUrl=http%3A%2F%2F180.169.147.146%3A18081%2Fxingrg%2F&costTime=913×tamp=1684917018581 HTTP/1.1" 200 17179
116.238.139.35 - - [25/May/2023:10:16:55 +0800] "POST /xingrg/all/common/load_tree.html?tree=area_rest_tree_json&manage=1 HTTP/1.1" 200 476
116.238.139.35 - - [25/May/2023:10:16:55 +0800] "GET /xingrg/all/function/internal_message.html?_=1684981012883&CODE_STATE=count HTTP/1.1" 200 11
116.238.139.35 - - [25/May/2023:10:16:55 +0800] "GET /xingrg/check_reg.html?_=1684981012892 HTTP/1.1" 200 22
116.238.139.35 - - [25/May/2023:10:16:55 +0800] "GET /favicon.ico HTTP/1.1" 404 -
116.238.139.35 - - [25/May/2023:10:16:55 +0800] "POST /xingrg/load_menu.html HTTP/1.1" 200 5138
101.229.22.40 - - [25/May/2023:10:16:55 +0800] "GET /xingrg/all/function/internal_message.html?_=1684981015553&CODE_STATE=getMsg HTTP/1.1" 200 27
