180.164.3.199 - - [25/May/2023:10:43:34 +0800] "POST /xingrg/all/common/load_tree.html?tree=area_rest_tree_json&manage=1 HTTP/1.1" 200 482
180.152.240.15 - - [25/May/2023:10:43:34 +0800] "POST /xingrg/dwr/call/plaincall/AjaxQqpsService.saveMaterielItem.dwr HTTP/1.1" 200 79
180.164.3.199 - - [25/May/2023:10:43:34 +0800] "POST /xingrg/load_menu.html HTTP/1.1" 200 9959
180.164.3.199 - - [25/May/2023:10:43:36 +0800] "POST /xingrg/load_menu.html HTTP/1.1" 200 9242
101.83.145.52 - - [25/May/2023:10:43:38 +0800] "GET /xingrg/check_reg.html?_=1684982451249 HTTP/1.1" 200 22
101.83.145.52 - - [25/May/2023:10:43:38 +0800] "GET /xingrg/all/function/internal_message.html?_=1684982451245&CODE_STATE=getMsg HTTP/1.1" 200 27
180.164.3.199 - - [25/May/2023:10:43:39 +0800] "GET /xingrg/all/report/report_query.html?fileName=dma/new_5.0/yingye/order_list.xml HTTP/1.1" 200 55281
180.164.3.199 - - [25/May/2023:10:43:39 +0800] "GET /xingrg/dwr/interface/AjaxReportQueryService.js HTTP/1.1" 200 13203
180.164.3.199 - - [25/May/2023:10:43:39 +0800] "GET /xingrg/dwr/util.js HTTP/1.1" 304 -
180.164.3.199 - - [25/May/2023:10:43:39 +0800] "GET /xingrg/dwr/engine.js HTTP/1.1" 200 43631
180.164.3.199 - - [25/May/2023:10:43:39 +0800] "POST /xingrg/dwr/call/plaincall/AjaxReportQueryService.getFixDate.dwr HTTP/1.1" 200 111
180.164.3.199 - - [25/May/2023:10:43:39 +0800] "POST /xingrg/dwr/call/plaincall/AjaxReportQueryService.getInitString.dwr HTTP/1.1" 200 76
180.164.3.199 - - [25/May/2023:10:43:39 +0800] "POST /xingrg/all/common/load_tree.html?tree=area_station_tree_json&manage=1 HTTP/1.1" 200 476
61.170.234.108 - - [25/May/2023:10:43:39 +0800] "GET /xingrg/all/function/internal_message.html?_=1684982621254&CODE_STATE=getMsg HTTP/1.1" 200 27
120.253.135.82 - - [25/May/2023:10:43:41 +0800] "GET /xingrg/all/function/internal_message.html?_=1684982457616&CODE_STATE=getMsg HTTP/1.1" 200 27
116.238.139.35 - - [25/May/2023:10:43:42 +0800] "GET /xingrg/all/function/internal_message.html?_=1684982536277&CODE_STATE=getMsg HTTP/1.1" 200 27
180.164.3.199 - - [25/May/2023:10:43:42 +0800] "POST /xingrg/dwr/call/plaincall/AjaxReportQueryService.refreshCache.dwr HTTP/1.1" 200 78
180.164.3.199 - - [25/May/2023:10:43:43 +0800] "POST /xingrg/all/report/load_report_page.html HTTP/1.1" 200 89
172.20.0.100 - - [25/May/2023:10:43:44 +0800] "GET /xingrg/all/function/internal_message.html?_=1684982633735&CODE_STATE=getMsg HTTP/1.1" 302 -
180.152.240.15 - - [25/May/2023:10:43:45 +0800] "POST /xingrg/dwr/call/plaincall/AjaxQqpsService.checkOrder.dwr HTTP/1.1" 200 79
180.152.240.15 - - [25/May/2023:10:43:47 +0800] "GET /xingrg/kc/mdqp/qqps_order_info.html?code=302023052500406 HTTP/1.1" 200 26706
180.152.240.15 - - [25/May/2023:10:43:47 +0800] "GET /xingrg/dwr/interface/AjaxComOrderService.js HTTP/1.1" 200 18264
180.152.240.15 - - [25/May/2023:10:43:47 +0800] "GET /xingrg/dwr/interface/AjaxQqpsService.js HTTP/1.1" 200 16326
180.152.240.15 - - [25/May/2023:10:43:47 +0800] "GET /xingrg/dwr/engine.js HTTP/1.1" 200 43631
180.164.3.199 - - [25/May/2023:10:43:47 +0800] "POST /xingrg/dwr/call/plaincall/AjaxReportQueryService.refreshCache.dwr HTTP/1.1" 200 78
180.152.240.15 - - [25/May/2023:10:43:48 +0800] "GET /xingrg/all/function/internal_message.html?_=1684982628714&CODE_STATE=getMsg HTTP/1.1" 200 27
180.164.3.199 - - [25/May/2023:10:43:49 +0800] "POST /xingrg/all/report/load_report_page.html HTTP/1.1" 200 89
180.152.240.15 - - [25/May/2023:10:43:49 +0800] "POST /xingrg/dwr/call/plaincall/AjaxQqpsService.loadMaterielItems.dwr HTTP/1.1" 200 1626
116.238.139.35 - - [25/May/2023:10:43:49 +0800] "GET /xingrg/kc/mdqp/psth_order_add1.html HTTP/1.1" 200 25315
116.238.139.35 - - [25/May/2023:10:43:49 +0800] "GET /xingrg/javascript/jquery_tools/jquery-1.4.2.min.js HTTP/1.1" 404 1094
116.238.139.35 - - [25/May/2023:10:43:49 +0800] "POST /xingrg/kc/mdqp/psth_order_operate.html HTTP/1.1" 200 6806
116.238.139.35 - - [25/May/2023:10:43:49 +0800] "GET /xingrg/javascript/easyui/themes/default/validatebox.css HTTP/1.1" 404 1104
116.238.139.35 - - [25/May/2023:10:43:49 +0800] "GET /xingrg/all/common/auto_word.html?type=base&rest_code=00150&rest_code=00101 HTTP/1.1" 200 1853
222.70.178.80 - - [25/May/2023:10:43:51 +0800] "GET /xingrg/all/function/internal_message.html?_=1684982630623&CODE_STATE=getMsg HTTP/1.1" 200 27
222.70.178.80 - - [25/May/2023:10:43:51 +0800] "GET /xingrg/check_reg.html?_=1684982630626 HTTP/1.1" 200 22
180.152.240.15 - - [25/May/2023:10:43:51 +0800] "GET /xingrg/kc/mdqp/qqps_order_list.html HTTP/1.1" 200 9664
180.152.240.15 - - [25/May/2023:10:43:51 +0800] "GET /xingrg/dwr/interface/AjaxQqpsService.js HTTP/1.1" 200 16326
180.152.240.15 - - [25/May/2023:10:43:51 +0800] "GET /xingrg/dwr/interface/AjaxReportQueryService.js HTTP/1.1" 200 13203
180.152.240.15 - - [25/May/2023:10:43:51 +0800] "GET /xingrg/dwr/engine.js HTTP/1.1" 200 43631
180.164.3.199 - - [25/May/2023:10:43:51 +0800] "POST /xingrg/kc/buy/cgsh_list_operate.html HTTP/1.1" 200 4
222.70.172.86 - - [25/May/2023:10:43:53 +0800] "POST /xingrg/kc/buy/cgsh_list_operate.html HTTP/1.1" 200 6187
180.152.240.15 - - [25/May/2023:10:43:54 +0800] "GET /xingrg/kc/mdqp/qqps_order_info.html?code=302023052500406 HTTP/1.1" 200 8212
180.152.240.15 - - [25/May/2023:10:43:54 +0800] "GET /xingrg/kc/mdqp/qqps_order_info.html?code=302023052500406 HTTP/1.1" 200 26706
180.152.240.15 - - [25/May/2023:10:43:54 +0800] "GET /xingrg/dwr/interface/AjaxComOrderService.js HTTP/1.1" 200 18264
180.152.240.15 - - [25/May/2023:10:43:54 +0800] "GET /xingrg/dwr/interface/AjaxQqpsService.js HTTP/1.1" 200 16326
180.152.240.15 - - [25/May/2023:10:43:54 +0800] "GET /xingrg/dwr/engine.js HTTP/1.1" 200 43631
58.40.7.146 - - [25/May/2023:10:43:54 +0800] "GET /xingrg/all/function/internal_message.html?_=1684982634797&CODE_STATE=getMsg HTTP/1.1" 200 27
116.238.139.35 - - [25/May/2023:10:43:55 +0800] "GET /xingrg/all/function/internal_message.html?_=1684982632988&CODE_STATE=getMsg HTTP/1.1" 200 27
180.152.240.15 - - [25/May/2023:10:43:55 +0800] "POST /xingrg/dwr/call/plaincall/AjaxQqpsService.loadMaterielItems.dwr HTTP/1.1" 200 1626
101.229.22.40 - - [25/May/2023:10:43:55 +0800] "GET /xingrg/all/function/internal_message.html?_=1684982635569&CODE_STATE=getMsg HTTP/1.1" 200 27
180.164.3.199 - - [25/May/2023:10:43:55 +0800] "POST /xingrg/dwr/call/plaincall/AjaxReportQueryService.refreshCache.dwr HTTP/1.1" 200 78
101.83.145.52 - - [25/May/2023:10:43:56 +0800] "GET /xingrg/all/function/internal_message.html?_=1684982637331&CODE_STATE=getMsg HTTP/1.1" 200 27
180.164.3.199 - - [25/May/2023:10:43:56 +0800] "POST /xingrg/all/report/load_report_page.html HTTP/1.1" 200 178688
180.164.3.199 - - [25/May/2023:10:43:57 +0800] "GET /xingrg/servlets/image?cache=0.33350798318671826&image=px HTTP/1.1" 200 807
114.83.218.112 - - [25/May/2023:10:43:57 +0800] "GET /xingrg/all/function/internal_message.html?_=1684982634166&CODE_STATE=getMsg HTTP/1.1" 200 27
180.164.3.199 - - [25/May/2023:10:43:57 +0800] "POST /xingrg/kc/buy/cgsh_list_operate.html HTTP/1.1" 200 6007
116.238.139.35 - - [25/May/2023:10:43:59 +0800] "GET /xingrg/kc/mdqp/psth_order_operate.html?command=get_materiel&base_code=0010854&rest_code=00150&code=00101020268 HTTP/1.1" 200 444
116.238.139.35 - - [25/May/2023:10:44:01 +0800] "POST /xingrg/all/common/load_select.html HTTP/1.1" 200 25
116.238.139.35 - - [25/May/2023:10:44:02 +0800] "GET /xingrg/kc/mdqp/psth_order_operate.html?command=get_materiel_price&pszx_code=00101&rest_code=00150&code=00101020268&unit_code=00100443&order_time=2023-05-25 HTTP/1.1" 200 34
61.170.234.108 - - [25/May/2023:10:44:03 +0800] "GET /xingrg/all/function/internal_message.html?_=1684982644959&CODE_STATE=getMsg HTTP/1.1" 200 27
124.79.240.114 - - [25/May/2023:10:44:03 +0800] "POST /xingrg/services/DataTransmitService HTTP/1.1" 200 501
61.170.234.108 - - [25/May/2023:10:44:04 +0800] "GET /xingrg/kc/base/wldb_order_operate.html?command=get_materiel&rest_code=00106&base_code=0010396&code=00101019306 HTTP/1.1" 200 479
222.67.238.82 - - [25/May/2023:10:44:06 +0800] "GET /xingrg/all/function/internal_message.html?_=1684982157590&CODE_STATE=getMsg HTTP/1.1" 200 27
124.79.240.114 - - [25/May/2023:10:44:08 +0800] "POST /xingrg/services/DataTransmitService HTTP/1.1" 200 501
124.79.74.67 - - [25/May/2023:10:44:12 +0800] "GET /xingrg/all/function/internal_message.html?_=1684982659022&CODE_STATE=getMsg HTTP/1.1" 200 27
124.79.240.114 - - [25/May/2023:10:44:13 +0800] "GET /xingrg/all/function/internal_message.html?_=1684982932094&CODE_STATE=getMsg HTTP/1.1" 200 27
180.164.3.199 - - [25/May/2023:10:44:14 +0800] "GET /xingrg/all/function/internal_message.html?_=1684982653541&CODE_STATE=getMsg HTTP/1.1" 200 27
180.152.240.15 - - [25/May/2023:10:44:15 +0800] "GET /xingrg/kc/mdqp/qqps_order_list.html HTTP/1.1" 200 9664
180.152.240.15 - - [25/May/2023:10:44:15 +0800] "GET /xingrg/dwr/interface/AjaxReportQueryService.js HTTP/1.1" 200 13203
180.152.240.15 - - [25/May/2023:10:44:15 +0800] "GET /xingrg/dwr/interface/AjaxQqpsService.js HTTP/1.1" 200 16326
180.152.240.15 - - [25/May/2023:10:44:15 +0800] "GET /xingrg/dwr/engine.js HTTP/1.1" 200 43631
116.238.139.35 - - [25/May/2023:10:44:15 +0800] "POST /xingrg/kc/mdqp/psth_order_operate.html HTTP/1.1" 200 37
116.238.139.35 - - [25/May/2023:10:44:18 +0800] "POST /xingrg/kc/mdqp/psth_order_operate.html HTTP/1.1" 200 2200
120.253.135.82 - - [25/May/2023:10:44:18 +0800] "POST /xingrg/kc/pszx/mdps_order_operate.html HTTP/1.1" 200 37
61.170.234.108 - - [25/May/2023:10:44:18 +0800] "GET /xingrg/kc/base/wldb_order_operate.html?command=get_materiel&rest_code=00106&base_code=0010396&code=00101019492 HTTP/1.1" 200 457
180.169.147.146 - - [25/May/2023:10:44:19 +0800] "GET /xingrg/all/function/internal_message.html?_=1684982653455&CODE_STATE=getMsg HTTP/1.1" 200 27
120.253.135.82 - - [25/May/2023:10:44:20 +0800] "GET /xingrg/kc/pszx/mdps_order_info.html?code=312023052500520 HTTP/1.1" 200 23972
116.232.195.127 - - [25/May/2023:10:44:20 +0800] "GET /xingrg/all/function/internal_message.html?_=1684982696727&CODE_STATE=getMsg HTTP/1.1" 200 27
120.253.135.82 - - [25/May/2023:10:44:20 +0800] "GET /xingrg/javascript/easyui/themes/default/validatebox.css HTTP/1.1" 404 1104
180.152.240.15 - - [25/May/2023:10:44:21 +0800] "GET /xingrg/kc/mdqp/qqps_order_list.html?isQuery=1&timeSelect=1&orderTime=day&startTime=2023-05-24&endTime=2023-05-24&state=all&query=%C8%B7++%B6%A8 HTTP/1.1" 200 10174
180.152.240.15 - - [25/May/2023:10:44:21 +0800] "GET /xingrg/dwr/interface/AjaxQqpsService.js HTTP/1.1" 200 16326
180.152.240.15 - - [25/May/2023:10:44:21 +0800] "GET /xingrg/dwr/interface/AjaxReportQueryService.js HTTP/1.1" 200 13203
180.152.240.15 - - [25/May/2023:10:44:21 +0800] "GET /xingrg/dwr/engine.js HTTP/1.1" 200 43631
180.169.147.146 - - [25/May/2023:10:44:22 +0800] "GET /xingrg/kc/buy/cgsh_order_operate.html?command=get_materiel&rest_code=00147&code=00101008223&supplier_code=00100007&order_time=2023-05-25 HTTP/1.1" 200 431
180.152.240.15 - - [25/May/2023:10:44:23 +0800] "GET /xingrg/kc/mdqp/qqps_order_info.html?code=302023052400401 HTTP/1.1" 200 8212
180.152.240.15 - - [25/May/2023:10:44:23 +0800] "GET /xingrg/kc/mdqp/qqps_order_info.html?code=302023052400401 HTTP/1.1" 200 8212
180.169.147.146 - - [25/May/2023:10:44:24 +0800] "POST /xingrg/kc/buy/cgsh_order_operate.html HTTP/1.1" 200 2065
120.253.135.82 - - [25/May/2023:10:44:24 +0800] "POST /xingrg/kc/pszx/mdps_order_operate.html HTTP/1.1" 200 9573
180.152.240.15 - - [25/May/2023:10:44:25 +0800] "GET /xingrg/kc/mdqp/qqps_order_info.html?code=302023052400401 HTTP/1.1" 200 8212
180.152.240.15 - - [25/May/2023:10:44:26 +0800] "GET /xingrg/kc/mdqp/qqps_order_info.html?code=302023052400401 HTTP/1.1" 200 26710
180.152.240.15 - - [25/May/2023:10:44:26 +0800] "GET /xingrg/dwr/interface/AjaxComOrderService.js HTTP/1.1" 200 18264
180.152.240.15 - - [25/May/2023:10:44:26 +0800] "GET /xingrg/dwr/engine.js HTTP/1.1" 200 43631
180.152.240.15 - - [25/May/2023:10:44:26 +0800] "GET /xingrg/dwr/interface/AjaxQqpsService.js HTTP/1.1" 200 16326
180.152.240.15 - - [25/May/2023:10:44:27 +0800] "POST /xingrg/dwr/call/plaincall/AjaxQqpsService.loadMaterielItems.dwr HTTP/1.1" 200 1521
222.70.172.86 - - [25/May/2023:10:44:27 +0800] "GET /xingrg/all/function/internal_message.html?_=1684982681160&CODE_STATE=getMsg HTTP/1.1" 200 27
116.238.139.35 - - [25/May/2023:10:44:27 +0800] "POST /xingrg/kc/mdqp/psth_order_operate.html HTTP/1.1" 200 12
180.169.147.146 - - [25/May/2023:10:44:29 +0800] "GET /xingrg/kc/buy/cgsh_order_operate.html?command=get_materiel&rest_code=00147&code=00101008168&supplier_code=00100007&order_time=2023-05-25 HTTP/1.1" 200 432
120.253.135.82 - - [25/May/2023:10:44:30 +0800] "POST /xingrg/kc/pszx/mdps_list_operate.html HTTP/1.1" 200 283
116.238.139.35 - - [25/May/2023:10:44:30 +0800] "GET /xingrg/kc/mdqp/psth_order_info1.html?code=322023052500008 HTTP/1.1" 200 22419
116.238.139.35 - - [25/May/2023:10:44:30 +0800] "GET /xingrg/javascript/jquery_tools/jquery-1.4.2.min.js HTTP/1.1" 404 1094
116.238.139.35 - - [25/May/2023:10:44:31 +0800] "GET /xingrg/javascript/easyui/themes/default/validatebox.css HTTP/1.1" 404 1104
116.238.139.35 - - [25/May/2023:10:44:31 +0800] "POST /xingrg/kc/mdqp/psth_order_operate.html HTTP/1.1" 200 501
180.152.240.15 - - [25/May/2023:10:44:31 +0800] "GET /xingrg/kc/mdqp/qqps_order_list.html?isBack=1 HTTP/1.1" 302 -
120.253.135.82 - - [25/May/2023:10:44:32 +0800] "GET /xingrg/kc/pszx/mdps_order_info.html?code=312023052500521 HTTP/1.1" 200 23970
180.152.240.15 - - [25/May/2023:10:44:32 +0800] "GET /xingrg/kc/mdqp/qqps_order_list.html?isQuery=1&timeSelect=1&orderTime=day&startTime=2023-05-24&endTime=2023-05-24&state=all&query=%C8%B7++%B6%A8 HTTP/1.1" 200 10174
180.152.240.15 - - [25/May/2023:10:44:32 +0800] "GET /xingrg/dwr/interface/AjaxQqpsService.js HTTP/1.1" 200 16326
180.152.240.15 - - [25/May/2023:10:44:32 +0800] "GET /xingrg/dwr/interface/AjaxReportQueryService.js HTTP/1.1" 200 13203
180.152.240.15 - - [25/May/2023:10:44:32 +0800] "GET /xingrg/dwr/engine.js HTTP/1.1" 200 43631
120.253.135.82 - - [25/May/2023:10:44:32 +0800] "GET /xingrg/javascript/easyui/themes/default/validatebox.css HTTP/1.1" 404 1104
180.164.3.199 - - [25/May/2023:10:44:34 +0800] "GET /xingrg/all/function/internal_message.html?_=1684982672706&CODE_STATE=getMsg HTTP/1.1" 200 27
180.152.240.15 - - [25/May/2023:10:44:34 +0800] "GET /xingrg/kc/mdqp/qqps_order_info.html?code=302023052400391 HTTP/1.1" 200 26706
180.152.240.15 - - [25/May/2023:10:44:34 +0800] "GET /xingrg/dwr/interface/AjaxQqpsService.js HTTP/1.1" 200 16326
180.152.240.15 - - [25/May/2023:10:44:34 +0800] "GET /xingrg/dwr/interface/AjaxComOrderService.js HTTP/1.1" 200 18264
180.152.240.15 - - [25/May/2023:10:44:34 +0800] "GET /xingrg/dwr/engine.js HTTP/1.1" 200 43631
120.253.135.82 - - [25/May/2023:10:44:34 +0800] "POST /xingrg/kc/pszx/mdps_order_operate.html HTTP/1.1" 200 2806
180.152.240.15 - - [25/May/2023:10:44:35 +0800] "POST /xingrg/dwr/call/plaincall/AjaxQqpsService.loadMaterielItems.dwr HTTP/1.1" 200 7232
101.83.145.52 - - [25/May/2023:10:44:38 +0800] "GET /xingrg/all/function/internal_message.html?_=1684982511193&CODE_STATE=getMsg HTTP/1.1" 200 27
61.170.234.108 - - [25/May/2023:10:44:39 +0800] "GET /xingrg/check_reg.html?_=1684982681245 HTTP/1.1" 200 22
61.170.234.108 - - [25/May/2023:10:44:39 +0800] "GET /xingrg/all/function/internal_message.html?_=1684982681247&CODE_STATE=getMsg HTTP/1.1" 200 27
180.169.147.146 - - [25/May/2023:10:44:40 +0800] "GET /xingrg/kc/buy/cgsh_order_operate.html?command=get_materiel&rest_code=00147&code=00101008150&supplier_code=00100007&order_time=2023-05-25 HTTP/1.1" 200 428
120.253.135.82 - - [25/May/2023:10:44:41 +0800] "GET /xingrg/all/function/internal_message.html?_=1684982517628&CODE_STATE=getMsg HTTP/1.1" 200 27
116.238.139.35 - - [25/May/2023:10:44:42 +0800] "GET /xingrg/all/function/internal_message.html?_=1684982596280&CODE_STATE=getMsg HTTP/1.1" 200 27
120.253.135.82 - - [25/May/2023:10:44:43 +0800] "POST /xingrg/kc/pszx/mdps_list_operate.html HTTP/1.1" 200 3134
172.20.0.100 - - [25/May/2023:10:44:44 +0800] "GET /xingrg/all/function/internal_message.html?_=1684982693733&CODE_STATE=getMsg HTTP/1.1" 302 -
180.152.240.15 - - [25/May/2023:10:44:45 +0800] "GET /xingrg/kc/mdqp/qqps_order_list.html?isBack=1 HTTP/1.1" 302 -
180.152.240.15 - - [25/May/2023:10:44:45 +0800] "GET /xingrg/kc/mdqp/qqps_order_list.html?isQuery=1&timeSelect=1&orderTime=day&startTime=2023-05-24&endTime=2023-05-24&state=all&query=%C8%B7++%B6%A8 HTTP/1.1" 200 10174
180.152.240.15 - - [25/May/2023:10:44:45 +0800] "GET /xingrg/dwr/interface/AjaxQqpsService.js HTTP/1.1" 200 16326
180.152.240.15 - - [25/May/2023:10:44:45 +0800] "GET /xingrg/dwr/interface/AjaxReportQueryService.js HTTP/1.1" 200 13203
180.152.240.15 - - [25/May/2023:10:44:45 +0800] "GET /xingrg/dwr/engine.js HTTP/1.1" 200 43631
61.170.234.108 - - [25/May/2023:10:44:45 +0800] "POST /xingrg/kc/base/wldb_order_operate.html HTTP/1.1" 200 37
120.253.135.82 - - [25/May/2023:10:44:46 +0800] "GET /xingrg/kc/buy/buy_main.html HTTP/1.1" 200 12341
120.253.135.82 - - [25/May/2023:10:44:46 +0800] "GET /xingrg/css/new_ie.css HTTP/1.1" 404 1036
120.253.135.82 - - [25/May/2023:10:44:46 +0800] "GET /xingrg/javascript/jquery_ui/jquery-ui.min.js HTTP/1.1" 304 -
120.253.135.82 - - [25/May/2023:10:44:46 +0800] "GET /xingrg/javascript/ToolTips.js HTTP/1.1" 304 -
120.253.135.82 - - [25/May/2023:10:44:46 +0800] "GET /xingrg/javascript/jquery_ui/themes/humanity/humanity.css HTTP/1.1" 304 -
120.253.135.82 - - [25/May/2023:10:44:46 +0800] "GET /xingrg/images/blue/button/cgxqd.gif HTTP/1.1" 304 -
120.253.135.82 - - [25/May/2023:10:44:46 +0800] "GET /xingrg/images/blue/button/cgshd.gif HTTP/1.1" 304 -
120.253.135.82 - - [25/May/2023:10:44:46 +0800] "GET /xingrg/images/blue/button/kc.gif HTTP/1.1" 304 -
120.253.135.82 - - [25/May/2023:10:44:46 +0800] "GET /xingrg/images/blue/button/cgfkd.gif HTTP/1.1" 304 -
120.253.135.82 - - [25/May/2023:10:44:46 +0800] "GET /xingrg/javascript/jquery_ui/themes/humanity/images/ui-bg_inset-soft_100_f4f0ec_1x100.png HTTP/1.1" 304 -
120.253.135.82 - - [25/May/2023:10:44:46 +0800] "GET /xingrg/images/blue/button/ckthd.gif HTTP/1.1" 304 -
120.253.135.82 - - [25/May/2023:10:44:46 +0800] "GET /xingrg/images/blue/button/right_ah.jpg HTTP/1.1" 304 -
120.253.135.82 - - [25/May/2023:10:44:46 +0800] "GET /xingrg/javascript/jquery_ui/themes/humanity/images/ui-iconsnew.jpg HTTP/1.1" 304 -
120.253.135.82 - - [25/May/2023:10:44:46 +0800] "GET /xingrg/javascript/jquery_ui/themes/humanity/images/ui-icons_ffffff_256x240.png HTTP/1.1" 304 -
120.253.135.82 - - [25/May/2023:10:44:46 +0800] "GET /xingrg/javascript/jquery_ui/themes/humanity/images/ui-icons_c47a23_256x240.png HTTP/1.1" 304 -
120.253.135.82 - - [25/May/2023:10:44:46 +0800] "GET /xingrg/javascript/jquery_ui/themes/humanity/images/ui-bg_glass_70_ede4d4_1x400.png HTTP/1.1" 304 -
61.170.234.108 - - [25/May/2023:10:44:46 +0800] "POST /xingrg/kc/base/wldb_order_operate.html HTTP/1.1" 200 4239
120.253.135.82 - - [25/May/2023:10:44:47 +0800] "GET /xingrg/images/yd/bt.gif HTTP/1.1" 404 1040
61.170.234.108 - - [25/May/2023:10:44:47 +0800] "GET /xingrg/kc/base/wldb_order_info.html?code=422023052501969 HTTP/1.1" 200 30396
61.170.234.108 - - [25/May/2023:10:44:47 +0800] "GET /xingrg/javascript/easyui/themes/default/validatebox.css HTTP/1.1" 404 1104
180.169.147.146 - - [25/May/2023:10:44:48 +0800] "GET /xingrg/kc/buy/cgsh_order_operate.html?command=get_materiel&rest_code=00147&code=00101008061&supplier_code=00100007&order_time=2023-05-25 HTTP/1.1" 200 441
120.253.135.82 - - [25/May/2023:10:44:48 +0800] "GET /xingrg/kc/buy/cgsh_order_list.html HTTP/1.1" 200 55669
180.152.240.15 - - [25/May/2023:10:44:48 +0800] "GET /xingrg/all/function/internal_message.html?_=1684982688730&CODE_STATE=getMsg HTTP/1.1" 200 27
218.81.78.189 - - [25/May/2023:10:44:50 +0800] "GET /xingrg/check_reg.html?_=1684982689349 HTTP/1.1" 200 22
222.70.172.86 - - [25/May/2023:10:44:50 +0800] "POST /xingrg/kc/buy/cgsh_list_operate.html HTTP/1.1" 200 5708
61.170.234.108 - - [25/May/2023:10:44:50 +0800] "POST /xingrg/kc/base/wldb_order_operate.html HTTP/1.1" 200 4239
222.70.178.80 - - [25/May/2023:10:44:51 +0800] "GET /xingrg/all/function/internal_message.html?_=1684982690625&CODE_STATE=getMsg HTTP/1.1" 200 27
61.170.234.108 - - [25/May/2023:10:44:54 +0800] "GET /xingrg/kc/base/wldb_order_add.html HTTP/1.1" 200 30381
61.170.234.108 - - [25/May/2023:10:44:54 +0800] "POST /xingrg/kc/base/wldb_order_operate.html HTTP/1.1" 200 6806
61.170.234.108 - - [25/May/2023:10:44:54 +0800] "GET /xingrg/javascript/easyui/themes/default/validatebox.css HTTP/1.1" 404 1104
58.40.7.146 - - [25/May/2023:10:44:54 +0800] "GET /xingrg/all/function/internal_message.html?_=1684982694799&CODE_STATE=getMsg HTTP/1.1" 200 27
116.238.139.35 - - [25/May/2023:10:44:55 +0800] "GET /xingrg/all/function/internal_message.html?_=1684982692977&CODE_STATE=getMsg HTTP/1.1" 200 27
101.229.22.40 - - [25/May/2023:10:44:55 +0800] "GET /xingrg/all/function/internal_message.html?_=1684982695568&CODE_STATE=getMsg HTTP/1.1" 200 27
61.170.234.108 - - [25/May/2023:10:44:56 +0800] "POST /xingrg/all/common/load_combo.html?type=base HTTP/1.1" 200 3227
101.83.145.52 - - [25/May/2023:10:44:56 +0800] "GET /xingrg/all/function/internal_message.html?_=1684982697331&CODE_STATE=getMsg HTTP/1.1" 200 27
114.83.218.112 - - [25/May/2023:10:44:57 +0800] "GET /xingrg/all/function/internal_message.html?_=1684982694137&CODE_STATE=getMsg HTTP/1.1" 200 27
222.70.172.86 - - [25/May/2023:10:44:57 +0800] "POST /xingrg/kc/buy/cgsh_list_operate.html HTTP/1.1" 200 559
120.253.135.82 - - [25/May/2023:10:44:58 +0800] "POST /xingrg/kc/buy/cgsh_list_operate.html HTTP/1.1" 200 986
61.170.234.108 - - [25/May/2023:10:44:59 +0800] "POST /xingrg/all/common/load_combo.html?type=base HTTP/1.1" 200 3227
116.238.139.35 - - [25/May/2023:10:45:00 +0800] "GET /xingrg/kc/base/wldb_order_list.html HTTP/1.1" 200 19104
116.238.139.35 - - [25/May/2023:10:45:01 +0800] "POST /xingrg/kc/base/wldb_list_operate.html HTTP/1.1" 200 928
120.253.135.82 - - [25/May/2023:10:45:01 +0800] "GET /xingrg/kc/buy/cgsh_order_add.html HTTP/1.1" 200 70515
120.253.135.82 - - [25/May/2023:10:45:02 +0800] "POST /xingrg/kc/buy/cgsh_order_operate.html HTTP/1.1" 200 8245
120.253.135.82 - - [25/May/2023:10:45:02 +0800] "GET /xingrg/javascript/easyui/themes/default/validatebox.css HTTP/1.1" 404 1104
120.253.135.82 - - [25/May/2023:10:45:02 +0800] "GET /xingrg/all/common/auto_word.html?type=employee&rest_code=00101 HTTP/1.1" 200 927
120.253.135.82 - - [25/May/2023:10:45:02 +0800] "GET /xingrg/all/common/auto_word.html?type=employee&rest_code=00101 HTTP/1.1" 200 927
61.170.234.108 - - [25/May/2023:10:45:03 +0800] "GET /xingrg/all/function/internal_message.html?_=1684982704957&CODE_STATE=getMsg HTTP/1.1" 200 27
61.170.234.108 - - [25/May/2023:10:45:03 +0800] "GET /xingrg/check_reg.html?_=1684982704974 HTTP/1.1" 200 22
222.70.172.86 - - [25/May/2023:10:45:06 +0800] "GET /xingrg/kc/buy/cgsh_order_info.html?code=212023052509234 HTTP/1.1" 200 66362
222.67.238.82 - - [25/May/2023:10:45:06 +0800] "GET /xingrg/all/function/internal_message.html?_=1684982217571&CODE_STATE=getMsg HTTP/1.1" 200 27
222.70.172.86 - - [25/May/2023:10:45:07 +0800] "GET /xingrg/javascript/easyui/themes/default/validatebox.css HTTP/1.1" 404 1104
222.70.172.86 - - [25/May/2023:10:45:08 +0800] "POST /xingrg/kc/buy/cgsh_order_operate.html HTTP/1.1" 200 3544
222.70.172.86 - - [25/May/2023:10:45:12 +0800] "GET /xingrg/kc/print/load_data.html?order_code=212023052509234&kc_code=cgsh&condition= HTTP/1.1" 200 1855
116.232.195.127 - - [25/May/2023:10:45:12 +0800] "GET /xingrg/check_reg.html?_=1684982749065 HTTP/1.1" 200 22
124.79.74.67 - - [25/May/2023:10:45:12 +0800] "GET /xingrg/all/function/internal_message.html?_=1684982719020&CODE_STATE=getMsg HTTP/1.1" 200 27
124.79.240.114 - - [25/May/2023:10:45:13 +0800] "GET /xingrg/all/function/internal_message.html?_=1684982992083&CODE_STATE=getMsg HTTP/1.1" 200 27
124.79.240.114 - - [25/May/2023:10:45:13 +0800] "GET /xingrg/check_reg.html?_=1684982992082 HTTP/1.1" 200 22
180.164.3.199 - - [25/May/2023:10:45:14 +0800] "GET /xingrg/check_reg.html?_=1684982713549 HTTP/1.1" 200 22
180.164.3.199 - - [25/May/2023:10:45:14 +0800] "GET /xingrg/all/function/internal_message.html?_=1684982713552&CODE_STATE=getMsg HTTP/1.1" 200 27
180.169.147.146 - - [25/May/2023:10:45:15 +0800] "POST /xingrg/kc/buy/cgsh_order_operate.html HTTP/1.1" 200 2065
61.170.234.108 - - [25/May/2023:10:45:16 +0800] "GET /xingrg/kc/base/wldb_order_operate.html?command=get_materiel&rest_code=00106&base_code=0010396&code=00101019258 HTTP/1.1" 200 483
120.253.135.82 - - [25/May/2023:10:45:16 +0800] "GET /xingrg/kc/buy/cgsh_order_operate.html?command=get_materiel&rest_code=00101&code=00101025013&supplier_code=&order_time=2023-05-25 HTTP/1.1" 200 442
180.169.147.146 - - [25/May/2023:10:45:19 +0800] "GET /xingrg/all/function/internal_message.html?_=1684982713455&CODE_STATE=getMsg HTTP/1.1" 200 27
116.232.195.127 - - [25/May/2023:10:45:20 +0800] "GET /xingrg/all/function/internal_message.html?_=1684982756718&CODE_STATE=getMsg HTTP/1.1" 200 27
61.170.234.108 - - [25/May/2023:10:45:26 +0800] "GET /xingrg/kc/base/wldb_order_operate.html?command=get_materiel&rest_code=00106&base_code=0010396&code=00101019391 HTTP/1.1" 200 485
180.164.3.199 - - [25/May/2023:10:45:26 +0800] "POST /xingrg/kc/buy/cgsh_list_operate.html HTTP/1.1" 200 4
222.70.172.86 - - [25/May/2023:10:45:27 +0800] "POST /xingrg/services/DataTransmitService HTTP/1.1" 200 524
124.79.240.114 - - [25/May/2023:10:45:27 +0800] "POST /xingrg/services/DataTransmitService HTTP/1.1" 200 501
116.238.139.35 - - [25/May/2023:10:45:27 +0800] "POST /xingrg/all/user/operate.html HTTP/1.1" 200 36
116.238.139.35 - - [25/May/2023:10:45:27 +0800] "GET /xingrg/index.html?sysBaseUrl=http%3A%2F%2F180.169.147.146%3A18081%2Fxingrg%2F&costTime=913×tamp=1684917018581 HTTP/1.1" 200 17177
116.238.139.35 - - [25/May/2023:10:45:27 +0800] "GET /xingrg/javascript/jquery_easy_ui/themes/default/easyui.css HTTP/1.1" 304 -
116.238.139.35 - - [25/May/2023:10:45:27 +0800] "GET /xingrg/javascript/jquery_easy_ui/themes/icon.css HTTP/1.1" 304 -
116.238.139.35 - - [25/May/2023:10:45:27 +0800] "GET /xingrg/css/form.css HTTP/1.1" 304 -
116.238.139.35 - - [25/May/2023:10:45:27 +0800] "GET /xingrg/javascript/jquery-1.4.2.min.js HTTP/1.1" 304 -
116.238.139.35 - - [25/May/2023:10:45:27 +0800] "GET /xingrg/javascript/jquery_easy_ui/jquery.easyui.min.js HTTP/1.1" 304 -
222.70.172.86 - - [25/May/2023:10:45:27 +0800] "GET /xingrg/all/function/internal_message.html?_=1684982741165&CODE_STATE=getMsg HTTP/1.1" 200 27
116.238.139.35 - - [25/May/2023:10:45:27 +0800] "GET /xingrg/javascript/jquery_easy_ui/easyui-lang-zh_CN.js HTTP/1.1" 304 -
116.238.139.35 - - [25/May/2023:10:45:27 +0800] "GET /xingrg/javascript/jquery.form.js HTTP/1.1" 304 -
116.238.139.35 - - [25/May/2023:10:45:27 +0800] "GET /xingrg/javascript/jquery.utils.js HTTP/1.1" 304 -
116.238.139.35 - - [25/May/2023:10:45:27 +0800] "GET /xingrg/javascript/jquery.timers.js HTTP/1.1" 304 -
116.238.139.35 - - [25/May/2023:10:45:27 +0800] "GET /xingrg/images/blue/jxLogo.png HTTP/1.1" 304 -
116.238.139.35 - - [25/May/2023:10:45:27 +0800] "GET /xingrg/javascript/jquery_easy_ui/themes/icons/settle_new.png HTTP/1.1" 304 -
116.238.139.35 - - [25/May/2023:10:45:27 +0800] "GET /xingrg/images/blue/navBackgound.jpg HTTP/1.1" 304 -
116.238.139.35 - - [25/May/2023:10:45:27 +0800] "GET /xingrg/check_reg.html?_=1684982725782 HTTP/1.1" 200 22
116.238.139.35 - - [25/May/2023:10:45:27 +0800] "GET /xingrg/all/function/internal_message.html?_=1684982725780&CODE_STATE=count HTTP/1.1" 200 11
116.238.139.35 - - [25/May/2023:10:45:27 +0800] "GET /xingrg/javascript/jquery_easy_ui/themes/default/images/panel_tool_collapse.gif HTTP/1.1" 304 -
116.238.139.35 - - [25/May/2023:10:45:27 +0800] "GET /xingrg/images/blue/pingpu.png HTTP/1.1" 304 -
116.238.139.35 - - [25/May/2023:10:45:27 +0800] "GET /xingrg/javascript/jquery_easy_ui/themes/default/images/tabs_leftarrow.png HTTP/1.1" 304 -
116.238.139.35 - - [25/May/2023:10:45:27 +0800] "GET /xingrg/javascript/jquery_easy_ui/themes/default/images/tabs_rightarrow.png HTTP/1.1" 304 -
116.238.139.35 - - [25/May/2023:10:45:28 +0800] "POST /xingrg/all/common/load_tree.html?tree=area_rest_tree_json&manage=1 HTTP/1.1" 200 476
116.238.139.35 - - [25/May/2023:10:45:28 +0800] "POST /xingrg/load_menu.html HTTP/1.1" 200 5138
222.70.172.86 - - [25/May/2023:10:45:28 +0800] "POST /xingrg/services/DataTransmitService HTTP/1.1" 200 2335
222.70.178.80 - - [25/May/2023:10:45:28 +0800] "GET /xingrg/kc/buy/cgsh_order_operate.html?command=get_materiel&rest_code=00111&code=00101010616&supplier_code=00100151&order_time=2023-05-25 HTTP/1.1" 200 409
116.238.139.35 - - [25/May/2023:10:45:30 +0800] "GET /xingrg/kc/base/yddb_order_list.html HTTP/1.1" 200 16708
180.169.147.146 - - [25/May/2023:10:45:30 +0800] "GET /xingrg/kc/buy/cgsh_order_operate.html?command=get_materiel&rest_code=00147&code=00101008298&supplier_code=00100007&order_time=2023-05-25 HTTP/1.1" 200 412
116.238.139.35 - - [25/May/2023:10:45:30 +0800] "POST /xingrg/kc/base/yddb_list_operate.html HTTP/1.1" 200 636
180.164.3.199 - - [25/May/2023:10:45:32 +0800] "POST /xingrg/kc/buy/cgsh_list_operate.html HTTP/1.1" 200 2748
116.238.139.35 - - [25/May/2023:10:45:32 +0800] "GET /xingrg/kc/base/yddb_order_add.html HTTP/1.1" 200 29953
116.238.139.35 - - [25/May/2023:10:45:32 +0800] "GET /xingrg/dwr/interface/AjaxComOrderService.js HTTP/1.1" 200 18264
116.238.139.35 - - [25/May/2023:10:45:32 +0800] "GET /xingrg/dwr/interface/AjaxYddbService.js HTTP/1.1" 200 13201
116.238.139.35 - - [25/May/2023:10:45:32 +0800] "GET /xingrg/dwr/engine.js HTTP/1.1" 200 43631
120.253.135.82 - - [25/May/2023:10:45:36 +0800] "GET /xingrg/kc/buy/cgsh_order_operate.html?command=get_materiel&rest_code=00101&code=00101025041&supplier_code=&order_time=2023-05-25 HTTP/1.1" 200 434
116.238.139.35 - - [25/May/2023:10:45:37 +0800] "POST /xingrg/dwr/call/plaincall/AjaxYddbService.getRestBases.dwr HTTP/1.1" 200 1649
101.83.145.52 - - [25/May/2023:10:45:38 +0800] "GET /xingrg/all/function/internal_message.html?_=1684982571187&CODE_STATE=getMsg HTTP/1.1" 200 27
61.170.234.108 - - [25/May/2023:10:45:39 +0800] "GET /xingrg/all/function/internal_message.html?_=1684982741260&CODE_STATE=getMsg HTTP/1.1" 200 27
120.253.135.82 - - [25/May/2023:10:45:41 +0800] "GET /xingrg/all/function/internal_message.html?_=1684982577642&CODE_STATE=getMsg HTTP/1.1" 200 27
180.169.147.146 - - [25/May/2023:10:45:41 +0800] "GET /xingrg/kc/buy/cgsh_order_operate.html?command=get_materiel&rest_code=00147&code=00101008003&supplier_code=00100007&order_time=2023-05-25 HTTP/1.1" 200 409
116.238.139.35 - - [25/May/2023:10:45:42 +0800] "GET /xingrg/all/function/internal_message.html?_=1684982656304&CODE_STATE=getMsg HTTP/1.1" 200 27
116.238.139.35 - - [25/May/2023:10:45:43 +0800] "POST /xingrg/dwr/call/plaincall/AjaxYddbService.saveOrder.dwr HTTP/1.1" 200 78
116.238.139.35 - - [25/May/2023:10:45:43 +0800] "GET /xingrg/images/yd/bt.gif HTTP/1.1" 404 1040
172.20.0.100 - - [25/May/2023:10:45:44 +0800] "GET /xingrg/all/function/internal_message.html?_=1684982753731&CODE_STATE=getMsg HTTP/1.1" 302 -
61.170.234.108 - - [25/May/2023:10:45:45 +0800] "GET /xingrg/kc/base/wldb_order_operate.html?command=get_materiel&rest_code=00106&base_code=0010396&code=00101016094 HTTP/1.1" 200 470
116.238.139.35 - - [25/May/2023:10:45:46 +0800] "POST /xingrg/dwr/call/plaincall/AjaxComOrderService.getMaterielSearchList.dwr HTTP/1.1" 200 9511
120.253.135.82 - - [25/May/2023:10:45:46 +0800] "GET /xingrg/kc/pszx/mdps_order_list.html?orderType=0 HTTP/1.1" 200 21032
120.253.135.82 - - [25/May/2023:10:45:47 +0800] "POST /xingrg/kc/pszx/mdps_list_operate.html HTTP/1.1" 200 5246
116.238.139.35 - - [25/May/2023:10:45:47 +0800] "POST /xingrg/dwr/call/plaincall/AjaxComOrderService.getMaterielSearchList.dwr HTTP/1.1" 200 29075
116.238.139.35 - - [25/May/2023:10:45:48 +0800] "POST /xingrg/dwr/call/plaincall/AjaxComOrderService.getMaterielSearchList.dwr HTTP/1.1" 200 1575
180.152.240.15 - - [25/May/2023:10:45:48 +0800] "GET /xingrg/all/function/internal_message.html?_=1684982748713&CODE_STATE=getMsg HTTP/1.1" 200 27
116.238.139.35 - - [25/May/2023:10:45:49 +0800] "POST /xingrg/dwr/call/plaincall/AjaxYddbService.getMaterielByMap.dwr HTTP/1.1" 200 2375
222.70.178.80 - - [25/May/2023:10:45:51 +0800] "GET /xingrg/all/function/internal_message.html?_=1684982750622&CODE_STATE=getMsg HTTP/1.1" 200 27
101.83.145.52 - - [25/May/2023:10:45:51 +0800] "GET /xingrg/javascript/auto/indicator.gif HTTP/1.1" 404 1066
120.253.135.82 - - [25/May/2023:10:45:52 +0800] "POST /xingrg/kc/pszx/mdps_list_operate.html HTTP/1.1" 200 3134
116.238.139.35 - - [25/May/2023:10:45:53 +0800] "POST /xingrg/dwr/call/plaincall/AjaxYddbService.saveMaterielItem.dwr HTTP/1.1" 200 78
58.40.7.146 - - [25/May/2023:10:45:54 +0800] "GET /xingrg/all/function/internal_message.html?_=1684982754803&CODE_STATE=getMsg HTTP/1.1" 200 27
101.229.22.40 - - [25/May/2023:10:45:55 +0800] "GET /xingrg/all/function/internal_message.html?_=1684982755566&CODE_STATE=getMsg HTTP/1.1" 200 27
101.229.22.40 - - [25/May/2023:10:45:55 +0800] "GET /xingrg/check_reg.html?_=1684982755568 HTTP/1.1" 200 22
116.238.139.35 - - [25/May/2023:10:45:56 +0800] "POST /xingrg/dwr/call/plaincall/AjaxComOrderService.getMaterielSearchList.dwr HTTP/1.1" 200 15314
101.83.145.52 - - [25/May/2023:10:45:56 +0800] "GET /xingrg/all/function/internal_message.html?_=1684982757330&CODE_STATE=getMsg HTTP/1.1" 200 27
114.83.218.112 - - [25/May/2023:10:45:57 +0800] "GET /xingrg/all/function/internal_message.html?_=1684982754122&CODE_STATE=getMsg HTTP/1.1" 200 27
116.238.139.35 - - [25/May/2023:10:45:57 +0800] "POST /xingrg/dwr/call/plaincall/AjaxComOrderService.getMaterielSearchList.dwr HTTP/1.1" 200 297
116.238.139.35 - - [25/May/2023:10:45:58 +0800] "POST /xingrg/dwr/call/plaincall/AjaxYddbService.getMaterielByMap.dwr HTTP/1.1" 200 2348
114.83.218.112 - - [25/May/2023:10:45:58 +0800] "GET /xingrg/check_reg.html?_=1684982755827 HTTP/1.1" 200 22
116.238.139.35 - - [25/May/2023:10:46:00 +0800] "POST /xingrg/dwr/call/plaincall/AjaxYddbService.getUnitPrice.dwr HTTP/1.1" 200 88
61.170.234.108 - - [25/May/2023:10:46:03 +0800] "GET /xingrg/all/function/internal_message.html?_=1684982764957&CODE_STATE=getMsg HTTP/1.1" 200 27
222.70.178.80 - - [25/May/2023:10:46:04 +0800] "GET /xingrg/kc/buy/cgsh_order_add.html HTTP/1.1" 200 71407
222.70.178.80 - - [25/May/2023:10:46:04 +0800] "GET /xingrg/words/20230524171051_words.js HTTP/1.1" 304 -
116.238.139.35 - - [25/May/2023:10:46:04 +0800] "POST /xingrg/dwr/call/plaincall/AjaxYddbService.saveMaterielItem.dwr HTTP/1.1" 200 79
222.70.178.80 - - [25/May/2023:10:46:04 +0800] "POST /xingrg/kc/buy/cgsh_order_operate.html HTTP/1.1" 200 8245
222.70.178.80 - - [25/May/2023:10:46:04 +0800] "GET /xingrg/javascript/easyui/themes/default/validatebox.css HTTP/1.1" 404 1104
180.169.147.146 - - [25/May/2023:10:46:05 +0800] "GET /xingrg/kc/buy/cgsh_order_operate.html?command=get_materiel&rest_code=00147&code=00101008350&supplier_code=00100007&order_time=2023-05-25 HTTP/1.1" 200 428
116.238.139.35 - - [25/May/2023:10:46:06 +0800] "POST /xingrg/dwr/call/plaincall/AjaxComOrderService.getMaterielSearchList.dwr HTTP/1.1" 200 2032
222.67.238.82 - - [25/May/2023:10:46:06 +0800] "GET /xingrg/all/function/internal_message.html?_=1684982277553&CODE_STATE=getMsg HTTP/1.1" 200 27
116.238.139.35 - - [25/May/2023:10:46:07 +0800] "POST /xingrg/dwr/call/plaincall/AjaxComOrderService.getMaterielSearchList.dwr HTTP/1.1" 200 2032
116.238.139.35 - - [25/May/2023:10:46:09 +0800] "POST /xingrg/dwr/call/plaincall/AjaxYddbService.getMaterielByMap.dwr HTTP/1.1" 200 2364
180.169.147.146 - - [25/May/2023:10:46:10 +0800] "POST /xingrg/kc/buy/cgsh_order_operate.html HTTP/1.1" 200 2065
116.238.139.35 - - [25/May/2023:10:46:10 +0800] "POST /xingrg/dwr/call/plaincall/AjaxYddbService.getUnitPrice.dwr HTTP/1.1" 200 88
120.253.135.82 - - [25/May/2023:10:46:11 +0800] "POST /xingrg/kc/pszx/mdps_list_operate.html HTTP/1.1" 200 283
124.79.74.67 - - [25/May/2023:10:46:12 +0800] "GET /xingrg/all/function/internal_message.html?_=1684982779019&CODE_STATE=getMsg HTTP/1.1" 200 27
124.79.74.67 - - [25/May/2023:10:46:12 +0800] "GET /xingrg/check_reg.html?_=1684982779020 HTTP/1.1" 200 22
124.79.240.114 - - [25/May/2023:10:46:13 +0800] "GET /xingrg/all/function/internal_message.html?_=1684983052087&CODE_STATE=getMsg HTTP/1.1" 200 27
180.164.3.199 - - [25/May/2023:10:46:14 +0800] "GET /xingrg/all/function/internal_message.html?_=1684982773544&CODE_STATE=getMsg HTTP/1.1" 200 27
222.70.178.80 - - [25/May/2023:10:46:14 +0800] "GET /xingrg/kc/buy/cgsh_order_operate.html?command=get_materiel&rest_code=00111&code=00101001111&supplier_code=00100042&order_time=2023-05-25 HTTP/1.1" 200 409
120.253.135.82 - - [25/May/2023:10:46:14 +0800] "GET /xingrg/kc/pszx/mdps_order_info.html?code=312023052500521 HTTP/1.1" 200 23970
116.238.139.35 - - [25/May/2023:10:46:14 +0800] "POST /xingrg/dwr/call/plaincall/AjaxYddbService.saveMaterielItem.dwr HTTP/1.1" 200 79
120.253.135.82 - - [25/May/2023:10:46:14 +0800] "GET /xingrg/javascript/easyui/themes/default/validatebox.css HTTP/1.1" 404 1104
120.253.135.82 - - [25/May/2023:10:46:15 +0800] "POST /xingrg/kc/pszx/mdps_order_operate.html HTTP/1.1" 200 2806
116.238.139.35 - - [25/May/2023:10:46:16 +0800] "POST /xingrg/dwr/call/plaincall/AjaxComOrderService.getMaterielSearchList.dwr HTTP/1.1" 200 704
116.238.139.35 - - [25/May/2023:10:46:17 +0800] "POST /xingrg/dwr/call/plaincall/AjaxComOrderService.getMaterielSearchList.dwr HTTP/1.1" 200 704
222.70.172.86 - - [25/May/2023:10:46:18 +0800] "POST /xingrg/services/DataTransmitService HTTP/1.1" 200 524
124.79.240.114 - - [25/May/2023:10:46:18 +0800] "POST /xingrg/services/DataTransmitService HTTP/1.1" 200 501
180.169.147.146 - - [25/May/2023:10:46:19 +0800] "GET /xingrg/all/function/internal_message.html?_=1684982773453&CODE_STATE=getMsg HTTP/1.1" 200 27
180.169.147.146 - - [25/May/2023:10:46:19 +0800] "GET /xingrg/check_reg.html?_=1684982773456 HTTP/1.1" 200 22
116.238.139.35 - - [25/May/2023:10:46:19 +0800] "POST /xingrg/dwr/call/plaincall/AjaxYddbService.getMaterielByMap.dwr HTTP/1.1" 200 2327
120.253.135.82 - - [25/May/2023:10:46:19 +0800] "POST /xingrg/kc/pszx/mdps_list_operate.html HTTP/1.1" 200 614
180.169.147.146 - - [25/May/2023:10:46:20 +0800] "GET /xingrg/kc/buy/cgsh_order_operate.html?command=get_materiel&rest_code=00147&code=00101008036&supplier_code=00100007&order_time=2023-05-25 HTTP/1.1" 200 408
116.232.195.127 - - [25/May/2023:10:46:20 +0800] "GET /xingrg/all/function/internal_message.html?_=1684982816703&CODE_STATE=getMsg HTTP/1.1" 200 27
120.253.135.82 - - [25/May/2023:10:46:21 +0800] "GET /xingrg/kc/pszx/mdps_order_info.html?code=312023052500522 HTTP/1.1" 200 23972
116.238.139.35 - - [25/May/2023:10:46:21 +0800] "GET /xingrg/images/yd/bt2.gif HTTP/1.1" 404 1042
120.253.135.82 - - [25/May/2023:10:46:21 +0800] "GET /xingrg/javascript/easyui/themes/default/validatebox.css HTTP/1.1" 404 1104
180.169.147.146 - - [25/May/2023:10:46:23 +0800] "GET /xingrg/check_reg.html?_=1684982784611 HTTP/1.1" 200 22
116.238.139.35 - - [25/May/2023:10:46:23 +0800] "POST /xingrg/dwr/call/plaincall/AjaxYddbService.saveMaterielItem.dwr HTTP/1.1" 200 79
124.79.240.114 - - [25/May/2023:10:46:24 +0800] "POST /xingrg/services/DataTransmitService HTTP/1.1" 200 501
120.253.135.82 - - [25/May/2023:10:46:25 +0800] "POST /xingrg/kc/pszx/mdps_order_operate.html HTTP/1.1" 200 7807
222.70.178.80 - - [25/May/2023:10:46:26 +0800] "GET /xingrg/kc/buy/cgsh_order_operate.html?command=get_materiel&rest_code=00111&code=00101018019&supplier_code=00100042&order_time=2023-05-25 HTTP/1.1" 200 421
116.238.139.35 - - [25/May/2023:10:46:26 +0800] "POST /xingrg/dwr/call/plaincall/AjaxComOrderService.getMaterielSearchList.dwr HTTP/1.1" 200 35852
116.238.139.35 - - [25/May/2023:10:46:26 +0800] "POST /xingrg/dwr/call/plaincall/AjaxComOrderService.getMaterielSearchList.dwr HTTP/1.1" 200 1736
222.70.172.86 - - [25/May/2023:10:46:27 +0800] "POST /xingrg/services/DataTransmitService HTTP/1.1" 200 412
222.70.172.86 - - [25/May/2023:10:46:27 +0800] "GET /xingrg/all/function/internal_message.html?_=1684982801477&CODE_STATE=getMsg HTTP/1.1" 200 27
116.238.139.35 - - [25/May/2023:10:46:27 +0800] "GET /xingrg/all/function/internal_message.html?_=1684982785791&CODE_STATE=getMsg HTTP/1.1" 200 27
124.79.240.114 - - [25/May/2023:10:46:28 +0800] "POST /xingrg/services/DataTransmitService HTTP/1.1" 200 501
116.238.139.35 - - [25/May/2023:10:46:28 +0800] "POST /xingrg/dwr/call/plaincall/AjaxYddbService.getMaterielByMap.dwr HTTP/1.1" 200 2332
116.238.139.35 - - [25/May/2023:10:46:29 +0800] "GET /xingrg/check_reg.html?_=1684982703927 HTTP/1.1" 200 22
116.238.139.35 - - [25/May/2023:10:46:32 +0800] "POST /xingrg/dwr/call/plaincall/AjaxYddbService.saveMaterielItem.dwr HTTP/1.1" 200 79
116.238.139.35 - - [25/May/2023:10:46:35 +0800] "POST /xingrg/dwr/call/plaincall/AjaxComOrderService.getMaterielSearchList.dwr HTTP/1.1" 200 2032
180.169.147.146 - - [25/May/2023:10:46:36 +0800] "GET /xingrg/kc/buy/cgsh_order_operate.html?command=get_materiel&rest_code=00147&code=00101008041&supplier_code=00100007&order_time=2023-05-25 HTTP/1.1" 200 408
101.83.145.52 - - [25/May/2023:10:46:38 +0800] "GET /xingrg/all/function/internal_message.html?_=1684982631200&CODE_STATE=getMsg HTTP/1.1" 200 27
222.70.178.80 - - [25/May/2023:10:46:38 +0800] "GET /xingrg/kc/buy/cgsh_order_operate.html?command=get_materiel&rest_code=00111&code=00101001075&supplier_code=00100042&order_time=2023-05-25 HTTP/1.1" 200 409
61.170.234.108 - - [25/May/2023:10:46:39 +0800] "GET /xingrg/all/function/internal_message.html?_=1684982801271&CODE_STATE=getMsg HTTP/1.1" 200 27
180.164.3.199 - - [25/May/2023:10:46:39 +0800] "POST /xingrg/kc/buy/cgsh_list_operate.html HTTP/1.1" 200 4
116.238.139.35 - - [25/May/2023:10:46:40 +0800] "POST /xingrg/dwr/call/plaincall/AjaxYddbService.getMaterielByMap.dwr HTTP/1.1" 200 2341
120.253.135.82 - - [25/May/2023:10:46:41 +0800] "GET /xingrg/all/function/internal_message.html?_=1684982637656&CODE_STATE=getMsg HTTP/1.1" 200 27
116.238.139.35 - - [25/May/2023:10:46:42 +0800] "GET /xingrg/all/function/internal_message.html?_=1684982716308&CODE_STATE=getMsg HTTP/1.1" 200 27
116.238.139.35 - - [25/May/2023:10:46:43 +0800] "POST /xingrg/dwr/call/plaincall/AjaxYddbService.saveMaterielItem.dwr HTTP/1.1" 200 79
172.20.0.100 - - [25/May/2023:10:46:44 +0800] "GET /xingrg/all/function/internal_message.html?_=1684982813731&CODE_STATE=getMsg HTTP/1.1" 302 -
116.238.139.35 - - [25/May/2023:10:46:46 +0800] "POST /xingrg/dwr/call/plaincall/AjaxComOrderService.getMaterielSearchList.dwr HTTP/1.1" 200 8752
116.238.139.35 - - [25/May/2023:10:46:47 +0800] "POST /xingrg/dwr/call/plaincall/AjaxComOrderService.getMaterielSearchList.dwr HTTP/1.1" 200 699
120.253.135.82 - - [25/May/2023:10:46:47 +0800] "GET /xingrg/kc/pszx/mdps_order_operate.html?command=get_materiel&pszx_code=00101&rest_code=00111&base_code=0010250&code=00102002432 HTTP/1.1" 200 414
180.152.240.15 - - [25/May/2023:10:46:48 +0800] "GET /xingrg/all/function/internal_message.html?_=1684982808705&CODE_STATE=getMsg HTTP/1.1" 200 27
116.238.139.35 - - [25/May/2023:10:46:48 +0800] "POST /xingrg/dwr/call/plaincall/AjaxYddbService.getMaterielByMap.dwr HTTP/1.1" 200 2334
222.70.172.86 - - [25/May/2023:10:46:48 +0800] "POST /xingrg/services/DataTransmitService HTTP/1.1" 200 524
124.79.240.114 - - [25/May/2023:10:46:48 +0800] "POST /xingrg/services/DataTransmitService HTTP/1.1" 200 501
222.70.178.80 - - [25/May/2023:10:46:51 +0800] "GET /xingrg/kc/buy/cgsh_order_operate.html?command=get_materiel&rest_code=00111&code=00101006067&supplier_code=00100042&order_time=2023-05-25 HTTP/1.1" 200 409
222.70.178.80 - - [25/May/2023:10:46:51 +0800] "GET /xingrg/all/function/internal_message.html?_=1684982810644&CODE_STATE=getMsg HTTP/1.1" 200 27
124.79.240.114 - - [25/May/2023:10:46:51 +0800] "POST /xingrg/services/DataTransmitService HTTP/1.1" 200 501
180.164.3.199 - - [25/May/2023:10:46:51 +0800] "POST /xingrg/kc/buy/cgsh_list_operate.html HTTP/1.1" 200 986
116.238.139.35 - - [25/May/2023:10:46:52 +0800] "POST /xingrg/dwr/call/plaincall/AjaxYddbService.saveMaterielItem.dwr HTTP/1.1" 200 79
222.70.172.86 - - [25/May/2023:10:46:54 +0800] "POST /xingrg/services/DataTransmitService HTTP/1.1" 200 412
116.238.139.35 - - [25/May/2023:10:46:54 +0800] "POST /xingrg/dwr/call/plaincall/AjaxComOrderService.getMaterielSearchList.dwr HTTP/1.1" 200 25508
58.40.7.146 - - [25/May/2023:10:46:54 +0800] "GET /xingrg/check_reg.html?_=1684982814790 HTTP/1.1" 200 22
58.40.7.146 - - [25/May/2023:10:46:54 +0800] "GET /xingrg/all/function/internal_message.html?_=1684982814791&CODE_STATE=getMsg HTTP/1.1" 200 27
116.238.139.35 - - [25/May/2023:10:46:55 +0800] "POST /xingrg/dwr/call/plaincall/AjaxComOrderService.getMaterielSearchList.dwr HTTP/1.1" 200 1282
101.229.22.40 - - [25/May/2023:10:46:55 +0800] "GET /xingrg/all/function/internal_message.html?_=1684982815566&CODE_STATE=getMsg HTTP/1.1" 200 27
101.83.145.52 - - [25/May/2023:10:46:56 +0800] "GET /xingrg/all/function/internal_message.html?_=1684982817330&CODE_STATE=getMsg HTTP/1.1" 200 27
101.83.145.52 - - [25/May/2023:10:46:56 +0800] "GET /xingrg/check_reg.html?_=1684982817332 HTTP/1.1" 200 22
116.238.139.35 - - [25/May/2023:10:46:56 +0800] "POST /xingrg/dwr/call/plaincall/AjaxYddbService.getMaterielByMap.dwr HTTP/1.1" 200 2360
114.83.218.112 - - [25/May/2023:10:46:57 +0800] "GET /xingrg/all/function/internal_message.html?_=1684982814096&CODE_STATE=getMsg HTTP/1.1" 200 27
120.253.135.82 - - [25/May/2023:10:46:57 +0800] "POST /xingrg/kc/pszx/mdps_order_operate.html HTTP/1.1" 200 37
61.170.234.108 - - [25/May/2023:10:46:58 +0800] "POST /xingrg/kc/base/wldb_order_operate.html HTTP/1.1" 200 37
222.70.172.86 - - [25/May/2023:10:46:58 +0800] "POST /xingrg/services/DataTransmitService HTTP/1.1" 200 524
124.79.240.114 - - [25/May/2023:10:46:58 +0800] "POST /xingrg/services/DataTransmitService HTTP/1.1" 200 501
61.170.234.108 - - [25/May/2023:10:46:58 +0800] "POST /xingrg/kc/base/wldb_order_operate.html HTTP/1.1" 200 4267
61.170.234.108 - - [25/May/2023:10:47:00 +0800] "GET /xingrg/kc/base/wldb_order_info.html?code=422023052501970 HTTP/1.1" 200 30396
61.170.234.108 - - [25/May/2023:10:47:00 +0800] "GET /xingrg/javascript/easyui/themes/default/validatebox.css HTTP/1.1" 404 1104
120.253.135.82 - - [25/May/2023:10:47:00 +0800] "GET /xingrg/kc/pszx/mdps_order_info.html?code=312023052500522 HTTP/1.1" 200 23972
116.238.139.35 - - [25/May/2023:10:47:00 +0800] "POST /xingrg/dwr/call/plaincall/AjaxYddbService.saveMaterielItem.dwr HTTP/1.1" 200 79
124.79.240.114 - - [25/May/2023:10:47:00 +0800] "POST /xingrg/services/DataTransmitService HTTP/1.1" 200 412
61.170.234.108 - - [25/May/2023:10:47:01 +0800] "POST /xingrg/kc/base/wldb_order_operate.html HTTP/1.1" 200 4267
120.253.135.82 - - [25/May/2023:10:47:01 +0800] "GET /xingrg/javascript/easyui/themes/default/validatebox.css HTTP/1.1" 404 1104
222.70.178.80 - - [25/May/2023:10:47:01 +0800] "GET /xingrg/kc/buy/cgsh_order_operate.html?command=get_materiel&rest_code=00111&code=00101018007&supplier_code=00100042&order_time=2023-05-25 HTTP/1.1" 200 409
120.253.135.82 - - [25/May/2023:10:47:01 +0800] "POST /xingrg/kc/pszx/mdps_order_operate.html HTTP/1.1" 200 7790
222.70.172.86 - - [25/May/2023:10:47:02 +0800] "POST /xingrg/services/DataTransmitService HTTP/1.1" 200 412
222.70.172.86 - - [25/May/2023:10:47:02 +0800] "POST /xingrg/services/DataTransmitService HTTP/1.1" 200 524
61.170.234.108 - - [25/May/2023:10:47:03 +0800] "GET /xingrg/all/function/internal_message.html?_=1684982824955&CODE_STATE=getMsg HTTP/1.1" 200 27
222.70.172.86 - - [25/May/2023:10:47:05 +0800] "POST /xingrg/services/DataTransmitService HTTP/1.1" 200 412
222.70.172.86 - - [25/May/2023:10:47:05 +0800] "POST /xingrg/services/DataTransmitService HTTP/1.1" 200 524
222.67.238.82 - - [25/May/2023:10:47:06 +0800] "GET /xingrg/all/function/internal_message.html?_=1684982337528&CODE_STATE=getMsg HTTP/1.1" 200 27
61.170.234.108 - - [25/May/2023:10:47:07 +0800] "GET /xingrg/kc/base/wldb_order_add.html HTTP/1.1" 200 30381
222.67.238.82 - - [25/May/2023:10:47:07 +0800] "GET /xingrg/check_reg.html?_=1684982337935 HTTP/1.1" 200 22
61.170.234.108 - - [25/May/2023:10:47:07 +0800] "GET /xingrg/javascript/easyui/themes/default/validatebox.css HTTP/1.1" 404 1104
61.170.234.108 - - [25/May/2023:10:47:07 +0800] "POST /xingrg/kc/base/wldb_order_operate.html HTTP/1.1" 200 6806
222.70.172.86 - - [25/May/2023:10:47:09 +0800] "POST /xingrg/services/DataTransmitService HTTP/1.1" 200 412
120.253.135.82 - - [25/May/2023:10:47:09 +0800] "POST /xingrg/kc/pszx/mdps_list_operate.html HTTP/1.1" 200 3134
120.253.135.82 - - [25/May/2023:10:47:11 +0800] "POST /xingrg/kc/pszx/mdps_list_operate.html HTTP/1.1" 200 625
222.70.178.80 - - [25/May/2023:10:47:11 +0800] "GET /xingrg/kc/buy/cgsh_order_operate.html?command=get_materiel&rest_code=00111&code=00101010616&supplier_code=00100042&order_time=2023-05-25 HTTP/1.1" 200 409
116.238.139.35 - - [25/May/2023:10:47:11 +0800] "POST /xingrg/dwr/call/plaincall/AjaxYddbService.checkOrder.dwr HTTP/1.1" 200 79
124.79.74.67 - - [25/May/2023:10:47:12 +0800] "GET /xingrg/all/function/internal_message.html?_=1684982839017&CODE_STATE=getMsg HTTP/1.1" 200 27
120.253.135.82 - - [25/May/2023:10:47:12 +0800] "GET /xingrg/kc/pszx/mdps_order_info.html?code=312023052500523 HTTP/1.1" 200 23972
124.79.240.114 - - [25/May/2023:10:47:13 +0800] "GET /xingrg/all/function/internal_message.html?_=1684983112086&CODE_STATE=getMsg HTTP/1.1" 200 27
120.253.135.82 - - [25/May/2023:10:47:13 +0800] "GET /xingrg/javascript/easyui/themes/default/validatebox.css HTTP/1.1" 404 1104
222.70.172.86 - - [25/May/2023:10:47:13 +0800] "POST /xingrg/services/DataTransmitService HTTP/1.1" 200 524
