58.40.7.146 - - [25/May/2023:11:30:08 +0800] "GET /xingrg/all/function/internal_message.html?_=1684985394816&CODE_STATE=getMsg HTTP/1.1" 302 -
101.83.145.52 - - [25/May/2023:11:30:08 +0800] "GET /xingrg/all/function/internal_message.html?_=1684985397409&CODE_STATE=getMsg HTTP/1.1" 302 -
61.170.234.108 - - [25/May/2023:11:30:08 +0800] "GET /xingrg/check_reg.html?_=1684985405097 HTTP/1.1" 302 -
120.253.135.82 - - [25/May/2023:11:30:08 +0800] "GET /xingrg/all/function/internal_message.html?_=1684985228896&CODE_STATE=getMsg HTTP/1.1" 302 -
61.170.234.108 - - [25/May/2023:11:30:08 +0800] "GET /xingrg/all/function/internal_message.html?_=1684985405098&CODE_STATE=getMsg HTTP/1.1" 302 -
101.83.145.52 - - [25/May/2023:11:30:08 +0800] "GET /xingrg/all/function/internal_message.html?_=1684985211199&CODE_STATE=getMsg HTTP/1.1" 302 -
114.83.218.112 - - [25/May/2023:11:30:08 +0800] "GET /xingrg/kc/base/wldb_order_operate.html?command=get_materiel&rest_code=00149&base_code=0010394&code=00101019425 HTTP/1.1" 302 -
180.169.147.146 - - [25/May/2023:11:30:08 +0800] "GET /xingrg/all/function/internal_message.html?_=1684985392364&CODE_STATE=getMsg HTTP/1.1" 302 -
116.238.139.35 - - [25/May/2023:11:30:08 +0800] "GET /xingrg/all/function/internal_message.html?_=1684985296908&CODE_STATE=getMsg HTTP/1.1" 302 -
114.83.218.112 - - [25/May/2023:11:30:08 +0800] "GET /xingrg/all/function/internal_message.html?_=1684985393389&CODE_STATE=getMsg HTTP/1.1" 302 -
180.152.240.15 - - [25/May/2023:11:30:08 +0800] "GET /xingrg/all/function/internal_message.html?_=1684985388721&CODE_STATE=getMsg HTTP/1.1" 302 -
218.81.78.189 - - [25/May/2023:11:30:08 +0800] "GET /xingrg/check_reg.html?_=1684985389276 HTTP/1.1" 302 -
222.70.172.86 - - [25/May/2023:11:30:09 +0800] "GET /xingrg/login.html HTTP/1.1" 200 7641
101.83.145.52 - - [25/May/2023:11:30:09 +0800] "GET /xingrg/login.html HTTP/1.1" 200 7641
116.238.139.35 - - [25/May/2023:11:30:09 +0800] "GET /xingrg/login.html HTTP/1.1" 200 7641
61.170.234.108 - - [25/May/2023:11:30:09 +0800] "GET /xingrg/login.html HTTP/1.1" 200 7641
61.170.234.108 - - [25/May/2023:11:30:09 +0800] "GET /xingrg/login.html HTTP/1.1" 200 7641
218.81.78.189 - - [25/May/2023:11:30:09 +0800] "GET /xingrg/login.html HTTP/1.1" 200 7641
222.70.172.86 - - [25/May/2023:11:30:09 +0800] "GET /favicon.ico HTTP/1.1" 404 -
117.136.119.232 - - [25/May/2023:11:30:10 +0800] "GET /favicon.ico HTTP/1.1" 404 -
117.136.119.232 - - [25/May/2023:11:30:10 +0800] "GET /favicon.ico HTTP/1.1" 404 -
117.136.119.232 - - [25/May/2023:11:30:10 +0800] "POST /xingrg/dma/mobile/report_query.html HTTP/1.1" 200 121
180.164.3.199 - - [25/May/2023:11:30:10 +0800] "POST /xingrg/services/DataTransmitService HTTP/1.1" 200 524
180.164.3.199 - - [25/May/2023:11:30:11 +0800] "POST /xingrg/services/DataTransmitService HTTP/1.1" 200 501
222.70.172.86 - - [25/May/2023:11:30:11 +0800] "POST /xingrg/login.do HTTP/1.1" 302 -
222.70.172.86 - - [25/May/2023:11:30:11 +0800] "GET /xingrg/javascript/jquery-1.4.2.min.js HTTP/1.1" 304 -
222.70.172.86 - - [25/May/2023:11:30:11 +0800] "GET /xingrg/javascript/jquery.utils.js HTTP/1.1" 304 -
222.70.172.86 - - [25/May/2023:11:30:11 +0800] "GET /xingrg/javascript/jquery.form.js HTTP/1.1" 304 -
222.70.172.86 - - [25/May/2023:11:30:11 +0800] "GET /xingrg/javascript/jquery_easy_ui/themes/icon.css HTTP/1.1" 304 -
222.70.172.86 - - [25/May/2023:11:30:11 +0800] "GET /xingrg/javascript/jquery_easy_ui/themes/default/easyui.css HTTP/1.1" 304 -
222.70.172.86 - - [25/May/2023:11:30:11 +0800] "GET /xingrg/javascript/jquery.timers.js HTTP/1.1" 304 -
222.70.172.86 - - [25/May/2023:11:30:11 +0800] "GET /xingrg/javascript/jquery_easy_ui/jquery.easyui.min.js HTTP/1.1" 304 -
222.70.172.86 - - [25/May/2023:11:30:11 +0800] "GET /xingrg/javascript/jquery_easy_ui/easyui-lang-zh_CN.js HTTP/1.1" 304 -
222.70.172.86 - - [25/May/2023:11:30:11 +0800] "GET /xingrg/css/form.css HTTP/1.1" 304 -
222.70.172.86 - - [25/May/2023:11:30:11 +0800] "GET /favicon.ico HTTP/1.1" 404 -
222.70.172.86 - - [25/May/2023:11:30:11 +0800] "GET /xingrg/index.html?sysBaseUrl=http%3A%2F%2F180.169.147.146%3A18081%2Fxingrg%2F&costTime=259×tamp=1684985411161 HTTP/1.1" 200 17179
222.70.172.86 - - [25/May/2023:11:30:11 +0800] "POST /xingrg/all/common/load_tree.html?tree=area_rest_tree_json&manage=1 HTTP/1.1" 200 479
222.70.172.86 - - [25/May/2023:11:30:11 +0800] "GET /xingrg/check_reg.html?_=1684985425269 HTTP/1.1" 200 22
222.70.172.86 - - [25/May/2023:11:30:11 +0800] "GET /xingrg/all/function/internal_message.html?_=1684985425268&CODE_STATE=count HTTP/1.1" 200 11
222.70.172.86 - - [25/May/2023:11:30:11 +0800] "POST /xingrg/load_menu.html HTTP/1.1" 200 5138
116.232.195.127 - - [25/May/2023:11:30:12 +0800] "GET /xingrg/check_reg.html?_=1684985449056 HTTP/1.1" 302 -
124.79.240.114 - - [25/May/2023:11:30:13 +0800] "GET /xingrg/check_reg.html?_=1684985692148 HTTP/1.1" 302 -
180.164.3.199 - - [25/May/2023:11:30:14 +0800] "GET /xingrg/all/function/internal_message.html?_=1684985413561&CODE_STATE=getMsg HTTP/1.1" 302 -
180.164.3.199 - - [25/May/2023:11:30:14 +0800] "GET /xingrg/check_reg.html?_=1684985413564 HTTP/1.1" 302 -
222.70.172.86 - - [25/May/2023:11:30:14 +0800] "GET /xingrg/kc/buy/cgsh_order_list.html HTTP/1.1" 200 55675
222.70.172.86 - - [25/May/2023:11:30:14 +0800] "GET /xingrg/css/base.css HTTP/1.1" 304 -
222.70.172.86 - - [25/May/2023:11:30:14 +0800] "GET /xingrg/css/site.css HTTP/1.1" 304 -
222.70.172.86 - - [25/May/2023:11:30:14 +0800] "GET /xingrg/javascript/auto/jquery.autocomplete.css HTTP/1.1" 304 -
222.70.172.86 - - [25/May/2023:11:30:14 +0800] "GET /xingrg/javascript/easyui/themes/icon.css HTTP/1.1" 304 -
222.70.172.86 - - [25/May/2023:11:30:14 +0800] "GET /xingrg/javascript/jquery_tools/datebox.css HTTP/1.1" 304 -
222.70.172.86 - - [25/May/2023:11:30:14 +0800] "GET /xingrg/javascript/jquery_tools/jquery.tools.extend.js HTTP/1.1" 304 -
222.70.172.86 - - [25/May/2023:11:30:14 +0800] "GET /xingrg/javascript/jquery_tools/fix.css HTTP/1.1" 304 -
222.70.172.86 - - [25/May/2023:11:30:14 +0800] "GET /xingrg/javascript/easyui/themes/default/easyui.css HTTP/1.1" 304 -
222.70.172.86 - - [25/May/2023:11:30:14 +0800] "GET /xingrg/javascript/jquery_tools/jquery.tools.min.js HTTP/1.1" 304 -
222.70.172.86 - - [25/May/2023:11:30:14 +0800] "GET /xingrg/javascript/jquery_tools/table.css HTTP/1.1" 304 -
222.70.172.86 - - [25/May/2023:11:30:14 +0800] "GET /xingrg/javascript/jquery_tools/jquery.tools.hotkey.js HTTP/1.1" 304 -
222.70.172.86 - - [25/May/2023:11:30:14 +0800] "GET /xingrg/javascript/jquery_tools/list_manager.js HTTP/1.1" 304 -
222.70.172.86 - - [25/May/2023:11:30:14 +0800] "GET /xingrg/javascript/jquery_tools/jquery.tools.table.js HTTP/1.1" 304 -
222.70.172.86 - - [25/May/2023:11:30:14 +0800] "GET /xingrg/javascript/auto/jquery.autocomplete.js HTTP/1.1" 304 -
222.70.172.86 - - [25/May/2023:11:30:14 +0800] "GET /xingrg/javascript/jquery.cookie.js HTTP/1.1" 304 -
222.70.172.86 - - [25/May/2023:11:30:14 +0800] "GET /xingrg/javascript/print/LodopFuncs.js HTTP/1.1" 304 -
222.70.172.86 - - [25/May/2023:11:30:14 +0800] "GET /xingrg/javascript/easyui/easyloader.js HTTP/1.1" 304 -
222.70.172.86 - - [25/May/2023:11:30:14 +0800] "GET /xingrg/javascript/easyui/plugins/jquery.parser.js HTTP/1.1" 304 -
117.136.119.232 - - [25/May/2023:11:30:16 +0800] "GET /xingrg HTTP/1.1" 302 -
117.136.119.232 - - [25/May/2023:11:30:16 +0800] "GET /xingrg/index.html HTTP/1.1" 302 -
117.136.119.232 - - [25/May/2023:11:30:17 +0800] "GET /xingrg/login.html HTTP/1.1" 200 2139
117.136.119.232 - - [25/May/2023:11:30:17 +0800] "GET /favicon.ico HTTP/1.1" 404 -
222.70.172.86 - - [25/May/2023:11:30:17 +0800] "POST /xingrg/kc/buy/cgsh_list_operate.html HTTP/1.1" 200 5958
124.79.240.114 - - [25/May/2023:11:30:18 +0800] "GET /xingrg/all/function/internal_message.html?_=1684985697440&CODE_STATE=getMsg HTTP/1.1" 302 -
117.136.119.232 - - [25/May/2023:11:30:19 +0800] "POST /xingrg/login.do HTTP/1.1" 302 -
117.136.119.232 - - [25/May/2023:11:30:19 +0800] "GET /xingrg/index_mobile.html?sysBaseUrl=http%3A%2F%2F180.169.147.146%3A18081%2Fxingrg%2F&costTime=24×tamp=1684985419223 HTTP/1.1" 200 3182
114.83.218.112 - - [25/May/2023:11:30:19 +0800] "POST /xingrg/kc/base/wldb_order_operate.html HTTP/1.1" 302 -
116.232.195.127 - - [25/May/2023:11:30:19 +0800] "GET /xingrg/all/function/internal_message.html?_=1684985455865&CODE_STATE=getMsg HTTP/1.1" 302 -
117.136.119.232 - - [25/May/2023:11:30:20 +0800] "GET /xingrg/dma/mobile/column_pie.html?type=yyfx&title=%D3%AA%D2%B5%B7%D6%CE%F6 HTTP/1.1" 200 10245
117.136.119.232 - - [25/May/2023:11:30:20 +0800] "POST /xingrg/dma/mobile/report_query.html HTTP/1.1" 200 121
172.20.0.100 - - [25/May/2023:11:30:20 +0800] "GET /xingrg/all/function/internal_message.html?_=1684985430584&CODE_STATE=getMsg HTTP/1.1" 302 -
117.136.119.232 - - [25/May/2023:11:30:25 +0800] "POST /xingrg/dma/mobile/report_query.html HTTP/1.1" 200 490
124.79.74.67 - - [25/May/2023:11:30:36 +0800] "GET /xingrg/all/function/internal_message.html?_=1684985442525&CODE_STATE=getMsg HTTP/1.1" 302 -
124.79.74.67 - - [25/May/2023:11:30:36 +0800] "GET /xingrg/login.html HTTP/1.1" 200 7641
101.83.145.52 - - [25/May/2023:11:30:38 +0800] "GET /xingrg/all/function/internal_message.html?_=1684985271202&CODE_STATE=getMsg HTTP/1.1" 302 -
116.238.139.35 - - [25/May/2023:11:30:42 +0800] "GET /xingrg/all/function/internal_message.html?_=1684985356931&CODE_STATE=getMsg HTTP/1.1" 302 -
116.238.139.35 - - [25/May/2023:11:30:42 +0800] "GET /xingrg/login.html HTTP/1.1" 200 7641
114.83.218.112 - - [25/May/2023:11:30:48 +0800] "GET /xingrg/login.html HTTP/1.1" 200 7641
114.83.218.112 - - [25/May/2023:11:30:48 +0800] "GET /favicon.ico HTTP/1.1" 404 -
180.152.240.15 - - [25/May/2023:11:30:48 +0800] "GET /xingrg/all/function/internal_message.html?_=1684985448718&CODE_STATE=getMsg HTTP/1.1" 302 -
222.70.172.86 - - [25/May/2023:11:30:52 +0800] "GET /xingrg/kc/buy/cgsh_order_add.html HTTP/1.1" 200 71451
222.70.172.86 - - [25/May/2023:11:30:52 +0800] "GET /xingrg/javascript/pic_change.js HTTP/1.1" 304 -
222.70.172.86 - - [25/May/2023:11:30:52 +0800] "GET /xingrg/javascript/convert.js HTTP/1.1" 304 -
222.70.172.86 - - [25/May/2023:11:30:52 +0800] "GET /xingrg/javascript/json2.js HTTP/1.1" 304 -
222.70.172.86 - - [25/May/2023:11:30:52 +0800] "GET /xingrg/javascript/print/kc_print.js HTTP/1.1" 304 -
222.70.172.86 - - [25/May/2023:11:30:52 +0800] "GET /xingrg/javascript/jquery_tools/order_manager.js HTTP/1.1" 304 -
222.70.172.86 - - [25/May/2023:11:30:52 +0800] "GET /xingrg/words/20230524171051_words.js HTTP/1.1" 304 -
222.70.172.86 - - [25/May/2023:11:30:52 +0800] "POST /xingrg/kc/buy/cgsh_order_operate.html HTTP/1.1" 200 8245
120.253.135.82 - - [25/May/2023:11:30:52 +0800] "GET /xingrg/all/function/internal_message.html?_=1684985288921&CODE_STATE=getMsg HTTP/1.1" 302 -
222.70.172.86 - - [25/May/2023:11:30:52 +0800] "GET /xingrg/all/common/auto_word.html?type=employee&rest_code=00146 HTTP/1.1" 200 101
222.70.172.86 - - [25/May/2023:11:30:52 +0800] "GET /xingrg/all/common/auto_word.html?type=employee&rest_code=00146 HTTP/1.1" 200 101
222.70.172.86 - - [25/May/2023:11:30:52 +0800] "GET /xingrg/javascript/easyui/plugins/jquery.validatebox.js HTTP/1.1" 304 -
222.70.172.86 - - [25/May/2023:11:30:52 +0800] "GET /xingrg/javascript/easyui/themes/default/validatebox.css HTTP/1.1" 404 1104
222.70.172.86 - - [25/May/2023:11:30:53 +0800] "GET /xingrg/javascript/easyui/plugins/jquery.numberbox.js HTTP/1.1" 304 -
114.83.218.112 - - [25/May/2023:11:30:53 +0800] "POST /xingrg/login.do HTTP/1.1" 302 -
114.83.218.112 - - [25/May/2023:11:30:53 +0800] "GET /xingrg/index.html?sysBaseUrl=http%3A%2F%2F180.169.147.146%3A18081%2Fxingrg%2F&costTime=35×tamp=1684985453852 HTTP/1.1" 200 17179
114.83.218.112 - - [25/May/2023:11:30:53 +0800] "GET /favicon.ico HTTP/1.1" 404 -
114.83.218.112 - - [25/May/2023:11:30:54 +0800] "POST /xingrg/all/common/load_tree.html?tree=area_rest_tree_json&manage=1 HTTP/1.1" 200 351
114.83.218.112 - - [25/May/2023:11:30:54 +0800] "GET /xingrg/all/function/internal_message.html?_=1684985451237&CODE_STATE=count HTTP/1.1" 200 11
114.83.218.112 - - [25/May/2023:11:30:54 +0800] "GET /xingrg/check_reg.html?_=1684985451240 HTTP/1.1" 200 22
114.83.218.112 - - [25/May/2023:11:30:54 +0800] "POST /xingrg/load_menu.html HTTP/1.1" 200 5138
58.40.7.146 - - [25/May/2023:11:30:54 +0800] "GET /xingrg/all/function/internal_message.html?_=1684985454818&CODE_STATE=getMsg HTTP/1.1" 302 -
101.229.22.40 - - [25/May/2023:11:30:55 +0800] "GET /xingrg/all/function/internal_message.html?_=1684985455621&CODE_STATE=getMsg HTTP/1.1" 302 -
101.229.22.40 - - [25/May/2023:11:30:55 +0800] "GET /xingrg/check_reg.html?_=1684985455657 HTTP/1.1" 302 -
116.238.139.35 - - [25/May/2023:11:30:56 +0800] "GET /xingrg/check_reg.html?_=1684985454169 HTTP/1.1" 302 -
116.238.139.35 - - [25/May/2023:11:30:56 +0800] "GET /xingrg/all/function/internal_message.html?_=1684985454170&CODE_STATE=getMsg HTTP/1.1" 302 -
101.83.145.52 - - [25/May/2023:11:30:56 +0800] "GET /xingrg/all/function/internal_message.html?_=1684985457411&CODE_STATE=getMsg HTTP/1.1" 302 -
222.70.172.86 - - [25/May/2023:11:30:57 +0800] "GET /xingrg/javascript/auto/indicator.gif HTTP/1.1" 404 1066
180.169.147.146 - - [25/May/2023:11:30:57 +0800] "GET /xingrg/all/function/internal_message.html?_=1684985452367&CODE_STATE=getMsg HTTP/1.1" 302 -
114.83.218.112 - - [25/May/2023:11:30:58 +0800] "GET /xingrg/kc/base/wldb_order_list.html HTTP/1.1" 200 19104
114.83.218.112 - - [25/May/2023:11:30:58 +0800] "POST /xingrg/kc/base/wldb_list_operate.html HTTP/1.1" 200 928
222.70.172.86 - - [25/May/2023:11:31:00 +0800] "GET /xingrg/javascript/jquery_tools/images/next.gif HTTP/1.1" 404 1086
222.70.172.86 - - [25/May/2023:11:31:00 +0800] "GET /xingrg/javascript/jquery_tools/images/prev.gif HTTP/1.1" 404 1086
61.170.234.108 - - [25/May/2023:11:31:03 +0800] "GET /xingrg/all/function/internal_message.html?_=1684985465096&CODE_STATE=getMsg HTTP/1.1" 302 -
114.83.218.112 - - [25/May/2023:11:31:05 +0800] "GET /xingrg/javascript/jquery_tools/images/next.gif HTTP/1.1" 404 1086
114.83.218.112 - - [25/May/2023:11:31:05 +0800] "GET /xingrg/javascript/jquery_tools/images/prev.gif HTTP/1.1" 404 1086
114.83.218.112 - - [25/May/2023:11:31:09 +0800] "POST /xingrg/kc/base/wldb_list_operate.html HTTP/1.1" 200 1798
222.70.172.86 - - [25/May/2023:11:31:10 +0800] "GET /xingrg/kc/buy/cgsh_order_operate.html?command=get_materiel&rest_code=00146&code=00101010079&supplier_code=00100336&order_time=2023-05-25 HTTP/1.1" 200 413
222.70.172.86 - - [25/May/2023:11:31:11 +0800] "GET /xingrg/all/function/internal_message.html?_=1684985485270&CODE_STATE=getMsg HTTP/1.1" 200 27
114.83.218.112 - - [25/May/2023:11:31:14 +0800] "GET /xingrg/kc/base/wldb_order_add.html HTTP/1.1" 200 30387
180.164.3.199 - - [25/May/2023:11:31:14 +0800] "GET /xingrg/all/function/internal_message.html?_=1684985473557&CODE_STATE=getMsg HTTP/1.1" 302 -
114.83.218.112 - - [25/May/2023:11:31:14 +0800] "POST /xingrg/kc/base/wldb_order_operate.html HTTP/1.1" 200 6806
114.83.218.112 - - [25/May/2023:11:31:14 +0800] "GET /xingrg/all/common/auto_word.html?type=base&rest_code=00149 HTTP/1.1" 200 1907
114.83.218.112 - - [25/May/2023:11:31:14 +0800] "GET /xingrg/all/common/auto_word.html?type=base&rest_code=00149 HTTP/1.1" 200 1907
114.83.218.112 - - [25/May/2023:11:31:14 +0800] "GET /xingrg/javascript/easyui/themes/default/validatebox.css HTTP/1.1" 404 1104
114.83.218.112 - - [25/May/2023:11:31:16 +0800] "POST /xingrg/all/common/load_combo.html?type=base HTTP/1.1" 200 3409
124.79.240.114 - - [25/May/2023:11:31:18 +0800] "GET /xingrg/all/function/internal_message.html?_=1684985757411&CODE_STATE=getMsg HTTP/1.1" 302 -
222.70.172.86 - - [25/May/2023:11:31:18 +0800] "POST /xingrg/services/DataTransmitService HTTP/1.1" 200 524
114.83.218.112 - - [25/May/2023:11:31:18 +0800] "GET /xingrg/javascript/auto/indicator.gif HTTP/1.1" 404 1066
116.232.195.127 - - [25/May/2023:11:31:19 +0800] "GET /xingrg/all/function/internal_message.html?_=1684985515849&CODE_STATE=getMsg HTTP/1.1" 302 -
172.20.0.100 - - [25/May/2023:11:31:20 +0800] "GET /xingrg/all/function/internal_message.html?_=1684985490584&CODE_STATE=getMsg HTTP/1.1" 302 -
180.169.147.146 - - [25/May/2023:11:31:23 +0800] "GET /xingrg/check_reg.html?_=1684985484461 HTTP/1.1" 302 -
180.169.147.146 - - [25/May/2023:11:31:23 +0800] "GET /xingrg/login.html HTTP/1.1" 200 7641
222.70.172.86 - - [25/May/2023:11:31:23 +0800] "POST /xingrg/kc/buy/cgsh_order_operate.html HTTP/1.1" 200 37
222.70.172.86 - - [25/May/2023:11:31:24 +0800] "POST /xingrg/services/DataTransmitService HTTP/1.1" 200 412
114.83.218.112 - - [25/May/2023:11:31:25 +0800] "GET /xingrg/kc/base/wldb_order_operate.html?command=get_materiel&rest_code=00149&base_code=0010394&code=00101027001 HTTP/1.1" 200 471
222.70.172.86 - - [25/May/2023:11:31:28 +0800] "POST /xingrg/services/DataTransmitService HTTP/1.1" 200 524
222.70.172.86 - - [25/May/2023:11:31:28 +0800] "POST /xingrg/kc/buy/cgsh_order_operate.html HTTP/1.1" 200 2657
116.238.139.35 - - [25/May/2023:11:31:29 +0800] "GET /xingrg/check_reg.html?_=1684985403978 HTTP/1.1" 302 -
116.238.139.35 - - [25/May/2023:11:31:29 +0800] "GET /xingrg/login.html HTTP/1.1" 200 7641
114.83.218.112 - - [25/May/2023:11:31:30 +0800] "GET /xingrg/kc/base/wldb_order_operate.html?command=get_materiel&rest_code=00149&base_code=0010394&code=00101019222 HTTP/1.1" 200 453
222.70.172.86 - - [25/May/2023:11:31:31 +0800] "POST /xingrg/services/DataTransmitService HTTP/1.1" 200 412
222.70.172.86 - - [25/May/2023:11:31:31 +0800] "GET /xingrg/kc/print/load_config.html?kc_code=cgsh HTTP/1.1" 200 1924
222.70.172.86 - - [25/May/2023:11:31:31 +0800] "GET /xingrg/kc/print/load_data.html?order_code=212023052509252&kc_code=cgsh&condition= HTTP/1.1" 200 679
180.164.3.199 - - [25/May/2023:11:31:33 +0800] "POST /xingrg/services/DataTransmitService HTTP/1.1" 200 524
114.83.218.112 - - [25/May/2023:11:31:35 +0800] "GET /xingrg/kc/base/wldb_order_operate.html?command=get_materiel&rest_code=00149&base_code=0010394&code=00101019400 HTTP/1.1" 200 464
222.70.172.86 - - [25/May/2023:11:31:35 +0800] "POST /xingrg/services/DataTransmitService HTTP/1.1" 200 524
124.79.74.67 - - [25/May/2023:11:31:36 +0800] "GET /xingrg/all/function/internal_message.html?_=1684985502528&CODE_STATE=getMsg HTTP/1.1" 302 -
124.79.74.67 - - [25/May/2023:11:31:36 +0800] "GET /xingrg/login.html HTTP/1.1" 200 7641
124.79.240.114 - - [25/May/2023:11:31:36 +0800] "POST /xingrg/services/DataTransmitService HTTP/1.1" 401 565
124.79.240.114 - - [25/May/2023:11:31:36 +0800] "POST /xingrg/services/DataTransmitService HTTP/1.1" 200 478
124.79.240.114 - - [25/May/2023:11:31:36 +0800] "POST /xingrg/services/DataTransmitService HTTP/1.1" 200 1319
124.79.240.114 - - [25/May/2023:11:31:36 +0800] "POST /xingrg/services/DataTransmitService HTTP/1.1" 200 478
124.79.240.114 - - [25/May/2023:11:31:36 +0800] "POST /xingrg/services/DataTransmitService HTTP/1.1" 200 1319
124.79.240.114 - - [25/May/2023:11:31:36 +0800] "POST /xingrg/services/DataTransmitService HTTP/1.1" 200 524
222.70.172.86 - - [25/May/2023:11:31:36 +0800] "POST /xingrg/services/DataTransmitService HTTP/1.1" 200 412
222.70.172.86 - - [25/May/2023:11:31:37 +0800] "POST /xingrg/services/DataTransmitService HTTP/1.1" 200 524
124.79.240.114 - - [25/May/2023:11:31:37 +0800] "POST /xingrg/services/DataTransmitService HTTP/1.1" 200 2315
222.70.172.86 - - [25/May/2023:11:31:37 +0800] "GET /xingrg/kc/buy/cgsh_order_add.html HTTP/1.1" 200 71451
222.70.172.86 - - [25/May/2023:11:31:37 +0800] "POST /xingrg/kc/buy/cgsh_order_operate.html HTTP/1.1" 200 8245
222.70.172.86 - - [25/May/2023:11:31:37 +0800] "GET /xingrg/javascript/easyui/themes/default/validatebox.css HTTP/1.1" 404 1104
124.79.240.114 - - [25/May/2023:11:31:38 +0800] "POST /xingrg/services/DataTransmitService HTTP/1.1" 200 126911
101.83.145.52 - - [25/May/2023:11:31:38 +0800] "GET /xingrg/all/function/internal_message.html?_=1684985331208&CODE_STATE=getMsg HTTP/1.1" 302 -
222.70.172.86 - - [25/May/2023:11:31:38 +0800] "POST /xingrg/services/DataTransmitService HTTP/1.1" 200 412
222.70.172.86 - - [25/May/2023:11:31:38 +0800] "POST /xingrg/services/DataTransmitService HTTP/1.1" 200 524
222.70.172.86 - - [25/May/2023:11:31:39 +0800] "POST /xingrg/services/DataTransmitService HTTP/1.1" 200 412
222.70.172.86 - - [25/May/2023:11:31:40 +0800] "POST /xingrg/services/DataTransmitService HTTP/1.1" 200 524
222.70.172.86 - - [25/May/2023:11:31:41 +0800] "POST /xingrg/services/DataTransmitService HTTP/1.1" 200 412
116.238.139.35 - - [25/May/2023:11:31:42 +0800] "GET /xingrg/all/function/internal_message.html?_=1684985416935&CODE_STATE=getMsg HTTP/1.1" 302 -
116.238.139.35 - - [25/May/2023:11:31:42 +0800] "GET /xingrg/login.html HTTP/1.1" 200 7641
114.83.218.112 - - [25/May/2023:11:31:43 +0800] "GET /xingrg/kc/base/wldb_order_operate.html?command=get_materiel&rest_code=00149&base_code=0010394&code=00101019058 HTTP/1.1" 200 453
180.152.240.15 - - [25/May/2023:11:31:48 +0800] "GET /xingrg/all/function/internal_message.html?_=1684985508722&CODE_STATE=getMsg HTTP/1.1" 302 -
114.83.218.112 - - [25/May/2023:11:31:49 +0800] "GET /xingrg/kc/base/wldb_order_operate.html?command=get_materiel&rest_code=00149&base_code=0010394&code=00101019066 HTTP/1.1" 200 455
120.253.135.82 - - [25/May/2023:11:31:52 +0800] "GET /xingrg/all/function/internal_message.html?_=1684985348938&CODE_STATE=getMsg HTTP/1.1" 302 -
114.83.218.112 - - [25/May/2023:11:31:54 +0800] "GET /xingrg/all/function/internal_message.html?_=1684985511256&CODE_STATE=getMsg HTTP/1.1" 200 27
58.40.7.146 - - [25/May/2023:11:31:54 +0800] "GET /xingrg/check_reg.html?_=1684985514824 HTTP/1.1" 302 -
58.40.7.146 - - [25/May/2023:11:31:54 +0800] "GET /xingrg/all/function/internal_message.html?_=1684985514826&CODE_STATE=getMsg HTTP/1.1" 302 -
101.229.22.40 - - [25/May/2023:11:31:55 +0800] "GET /xingrg/all/function/internal_message.html?_=1684985515624&CODE_STATE=getMsg HTTP/1.1" 302 -
114.83.218.112 - - [25/May/2023:11:31:56 +0800] "GET /xingrg/kc/base/wldb_order_operate.html?command=get_materiel&rest_code=00149&base_code=0010394&code=00101019425 HTTP/1.1" 200 458
116.238.139.35 - - [25/May/2023:11:31:56 +0800] "GET /xingrg/all/function/internal_message.html?_=1684985514169&CODE_STATE=getMsg HTTP/1.1" 302 -
101.83.145.52 - - [25/May/2023:11:31:56 +0800] "GET /xingrg/all/function/internal_message.html?_=1684985517414&CODE_STATE=getMsg HTTP/1.1" 302 -
101.83.145.52 - - [25/May/2023:11:31:56 +0800] "GET /xingrg/check_reg.html?_=1684985517417 HTTP/1.1" 302 -
180.169.147.146 - - [25/May/2023:11:31:57 +0800] "GET /xingrg/all/function/internal_message.html?_=1684985512367&CODE_STATE=getMsg HTTP/1.1" 302 -
222.70.172.86 - - [25/May/2023:11:31:59 +0800] "GET /xingrg/kc/buy/cgsh_order_operate.html?command=get_materiel&rest_code=00146&code=00101001080&supplier_code=00100325&order_time=2023-05-25 HTTP/1.1" 200 419
61.170.234.108 - - [25/May/2023:11:32:03 +0800] "GET /xingrg/all/function/internal_message.html?_=1684985525097&CODE_STATE=getMsg HTTP/1.1" 302 -
222.70.172.86 - - [25/May/2023:11:32:06 +0800] "POST /xingrg/services/DataTransmitService HTTP/1.1" 401 565
222.70.172.86 - - [25/May/2023:11:32:06 +0800] "POST /xingrg/services/DataTransmitService HTTP/1.1" 200 478
222.70.172.86 - - [25/May/2023:11:32:06 +0800] "POST /xingrg/services/DataTransmitService HTTP/1.1" 200 1319
222.70.172.86 - - [25/May/2023:11:32:06 +0800] "POST /xingrg/services/DataTransmitService HTTP/1.1" 200 478
222.70.172.86 - - [25/May/2023:11:32:06 +0800] "POST /xingrg/services/DataTransmitService HTTP/1.1" 200 1319
222.70.172.86 - - [25/May/2023:11:32:06 +0800] "POST /xingrg/services/DataTransmitService HTTP/1.1" 200 524
222.70.172.86 - - [25/May/2023:11:32:07 +0800] "POST /xingrg/services/DataTransmitService HTTP/1.1" 200 2335
222.70.172.86 - - [25/May/2023:11:32:08 +0800] "POST /xingrg/services/DataTransmitService HTTP/1.1" 200 165131
114.83.218.112 - - [25/May/2023:11:32:09 +0800] "GET /xingrg/kc/base/wldb_order_operate.html?command=get_materiel&rest_code=00149&base_code=0010394&code=00101019384 HTTP/1.1" 200 471
222.70.172.86 - - [25/May/2023:11:32:11 +0800] "GET /xingrg/all/function/internal_message.html?_=1684985545283&CODE_STATE=getMsg HTTP/1.1" 200 27
124.79.240.114 - - [25/May/2023:11:32:12 +0800] "POST /xingrg/services/DataTransmitService HTTP/1.1" 200 45454
124.79.240.114 - - [25/May/2023:11:32:12 +0800] "POST /xingrg/services/DataTransmitService HTTP/1.1" 200 19237
180.164.3.199 - - [25/May/2023:11:32:14 +0800] "GET /xingrg/all/function/internal_message.html?_=1684985533560&CODE_STATE=getMsg HTTP/1.1" 302 -
222.70.172.86 - - [25/May/2023:11:32:16 +0800] "GET /xingrg/kc/buy/cgsh_order_operate.html?command=get_materiel&rest_code=00146&code=00101010214&supplier_code=00100325&order_time=2023-05-25 HTTP/1.1" 200 414
124.79.240.114 - - [25/May/2023:11:32:18 +0800] "GET /xingrg/all/function/internal_message.html?_=1684985817384&CODE_STATE=getMsg HTTP/1.1" 302 -
116.232.195.127 - - [25/May/2023:11:32:19 +0800] "GET /xingrg/all/function/internal_message.html?_=1684985575825&CODE_STATE=getMsg HTTP/1.1" 302 -
172.20.0.100 - - [25/May/2023:11:32:20 +0800] "GET /xingrg/all/function/internal_message.html?_=1684985550582&CODE_STATE=getMsg HTTP/1.1" 302 -
172.20.0.100 - - [25/May/2023:11:32:20 +0800] "GET /xingrg/check_reg.html?_=1684985550583 HTTP/1.1" 302 -
222.70.172.86 - - [25/May/2023:11:32:27 +0800] "GET /xingrg/kc/buy/cgsh_order_operate.html?command=get_materiel&rest_code=00146&code=00101010785&supplier_code=00100325&order_time=2023-05-25 HTTP/1.1" 200 461
124.79.240.114 - - [25/May/2023:11:32:29 +0800] "POST /xingrg/services/DataTransmitService HTTP/1.1" 200 524
124.79.74.67 - - [25/May/2023:11:32:36 +0800] "GET /xingrg/all/function/internal_message.html?_=1684985562530&CODE_STATE=getMsg HTTP/1.1" 302 -
124.79.74.67 - - [25/May/2023:11:32:36 +0800] "GET /xingrg/login.html HTTP/1.1" 200 7641
101.83.145.52 - - [25/May/2023:11:32:38 +0800] "GET /xingrg/all/function/internal_message.html?_=1684985391194&CODE_STATE=getMsg HTTP/1.1" 302 -
222.70.172.86 - - [25/May/2023:11:32:39 +0800] "GET /xingrg/kc/buy/cgsh_order_operate.html?command=get_materiel&rest_code=00146&code=00101008680&supplier_code=00100325&order_time=2023-05-25 HTTP/1.1" 200 415
116.238.139.35 - - [25/May/2023:11:32:42 +0800] "GET /xingrg/all/function/internal_message.html?_=1684985476955&CODE_STATE=getMsg HTTP/1.1" 302 -
116.238.139.35 - - [25/May/2023:11:32:42 +0800] "GET /xingrg/login.html HTTP/1.1" 200 7641
180.152.240.15 - - [25/May/2023:11:32:48 +0800] "GET /xingrg/check_reg.html?_=1684985568727 HTTP/1.1" 302 -
180.152.240.15 - - [25/May/2023:11:32:48 +0800] "GET /xingrg/all/function/internal_message.html?_=1684985568732&CODE_STATE=getMsg HTTP/1.1" 302 -
120.253.135.82 - - [25/May/2023:11:32:52 +0800] "GET /xingrg/check_reg.html?_=1684985408554 HTTP/1.1" 302 -
120.253.135.82 - - [25/May/2023:11:32:52 +0800] "GET /xingrg/all/function/internal_message.html?_=1684985408951&CODE_STATE=getMsg HTTP/1.1" 302 -
222.70.172.86 - - [25/May/2023:11:32:52 +0800] "GET /xingrg/kc/buy/cgsh_order_operate.html?command=get_materiel&rest_code=00146&code=00101008214&supplier_code=00100325&order_time=2023-05-25 HTTP/1.1" 200 409
114.83.218.112 - - [25/May/2023:11:32:54 +0800] "GET /xingrg/all/function/internal_message.html?_=1684985571264&CODE_STATE=getMsg HTTP/1.1" 200 27
58.40.7.146 - - [25/May/2023:11:32:54 +0800] "GET /xingrg/all/function/internal_message.html?_=1684985574812&CODE_STATE=getMsg HTTP/1.1" 302 -
222.70.172.86 - - [25/May/2023:11:32:54 +0800] "POST /xingrg/services/DataTransmitService HTTP/1.1" 200 45454
222.70.172.86 - - [25/May/2023:11:32:55 +0800] "POST /xingrg/services/DataTransmitService HTTP/1.1" 200 19237
101.229.22.40 - - [25/May/2023:11:32:55 +0800] "GET /xingrg/all/function/internal_message.html?_=1684985575624&CODE_STATE=getMsg HTTP/1.1" 302 -
116.238.139.35 - - [25/May/2023:11:32:56 +0800] "GET /xingrg/all/function/internal_message.html?_=1684985574169&CODE_STATE=getMsg HTTP/1.1" 302 -
101.83.145.52 - - [25/May/2023:11:32:56 +0800] "GET /xingrg/all/function/internal_message.html?_=1684985577418&CODE_STATE=getMsg HTTP/1.1" 302 -
180.164.3.199 - - [25/May/2023:11:32:56 +0800] "POST /xingrg/services/DataTransmitService HTTP/1.1" 200 501
180.164.3.199 - - [25/May/2023:11:32:57 +0800] "POST /xingrg/services/DataTransmitService HTTP/1.1" 200 501
180.169.147.146 - - [25/May/2023:11:32:57 +0800] "GET /xingrg/all/function/internal_message.html?_=1684985572393&CODE_STATE=getMsg HTTP/1.1" 302 -
114.83.218.112 - - [25/May/2023:11:33:00 +0800] "GET /xingrg/kc/base/wldb_order_operate.html?command=get_materiel&rest_code=00149&base_code=0010394&code=00101019536 HTTP/1.1" 200 471
61.170.234.108 - - [25/May/2023:11:33:03 +0800] "GET /xingrg/all/function/internal_message.html?_=1684985585084&CODE_STATE=getMsg HTTP/1.1" 302 -
222.70.172.86 - - [25/May/2023:11:33:07 +0800] "POST /xingrg/kc/buy/cgsh_order_operate.html HTTP/1.1" 200 37
222.70.172.86 - - [25/May/2023:11:33:10 +0800] "POST /xingrg/kc/buy/cgsh_order_operate.html HTTP/1.1" 200 5071
180.169.147.146 - - [25/May/2023:11:33:11 +0800] "GET /xingrg/check_reg.html?_=1684985591164 HTTP/1.1" 302 -
180.169.147.146 - - [25/May/2023:11:33:11 +0800] "GET /xingrg/login.html HTTP/1.1" 200 7641
222.70.172.86 - - [25/May/2023:11:33:11 +0800] "GET /xingrg/all/function/internal_message.html?_=1684985605297&CODE_STATE=getMsg HTTP/1.1" 200 27
222.70.172.86 - - [25/May/2023:11:33:13 +0800] "GET /xingrg/kc/print/load_data.html?order_code=212023052509253&kc_code=cgsh&condition= HTTP/1.1" 200 1634
180.164.3.199 - - [25/May/2023:11:33:14 +0800] "GET /xingrg/all/function/internal_message.html?_=1684985593541&CODE_STATE=getMsg HTTP/1.1" 302 -
124.79.240.114 - - [25/May/2023:11:33:18 +0800] "GET /xingrg/all/function/internal_message.html?_=1684985877360&CODE_STATE=getMsg HTTP/1.1" 302 -
222.70.172.86 - - [25/May/2023:11:33:19 +0800] "GET /xingrg/kc/buy/cgsh_order_add.html HTTP/1.1" 200 71451
116.232.195.127 - - [25/May/2023:11:33:19 +0800] "GET /xingrg/all/function/internal_message.html?_=1684985635813&CODE_STATE=getMsg HTTP/1.1" 302 -
222.70.172.86 - - [25/May/2023:11:33:19 +0800] "POST /xingrg/kc/buy/cgsh_order_operate.html HTTP/1.1" 200 8245
222.70.172.86 - - [25/May/2023:11:33:19 +0800] "GET /xingrg/javascript/easyui/themes/default/validatebox.css HTTP/1.1" 404 1104
172.20.0.100 - - [25/May/2023:11:33:20 +0800] "GET /xingrg/all/function/internal_message.html?_=1684985610582&CODE_STATE=getMsg HTTP/1.1" 302 -
124.79.74.67 - - [25/May/2023:11:33:36 +0800] "GET /xingrg/all/function/internal_message.html?_=1684985622532&CODE_STATE=getMsg HTTP/1.1" 302 -
124.79.74.67 - - [25/May/2023:11:33:36 +0800] "GET /xingrg/check_reg.html?_=1684985622533 HTTP/1.1" 302 -
124.79.74.67 - - [25/May/2023:11:33:36 +0800] "GET /xingrg/login.html HTTP/1.1" 200 7641
124.79.74.67 - - [25/May/2023:11:33:36 +0800] "GET /xingrg/login.html HTTP/1.1" 200 7641
101.83.145.52 - - [25/May/2023:11:33:38 +0800] "GET /xingrg/check_reg.html?_=1684985451194 HTTP/1.1" 302 -
101.83.145.52 - - [25/May/2023:11:33:38 +0800] "GET /xingrg/all/function/internal_message.html?_=1684985451198&CODE_STATE=getMsg HTTP/1.1" 302 -
222.70.172.86 - - [25/May/2023:11:33:41 +0800] "GET /xingrg/kc/buy/cgsh_order_operate.html?command=get_materiel&rest_code=00146&code=00101005009&supplier_code=00100316&order_time=2023-05-25 HTTP/1.1" 200 417
116.238.139.35 - - [25/May/2023:11:33:42 +0800] "GET /xingrg/all/function/internal_message.html?_=1684985536962&CODE_STATE=getMsg HTTP/1.1" 302 -
116.238.139.35 - - [25/May/2023:11:33:42 +0800] "GET /xingrg/login.html HTTP/1.1" 200 7641
180.164.3.199 - - [25/May/2023:11:33:46 +0800] "POST /xingrg/services/DataTransmitService HTTP/1.1" 200 501
180.152.240.15 - - [25/May/2023:11:33:48 +0800] "GET /xingrg/all/function/internal_message.html?_=1684985628722&CODE_STATE=getMsg HTTP/1.1" 302 -
120.253.135.82 - - [25/May/2023:11:33:52 +0800] "GET /xingrg/all/function/internal_message.html?_=1684985468976&CODE_STATE=getMsg HTTP/1.1" 302 -
114.83.218.112 - - [25/May/2023:11:33:54 +0800] "GET /xingrg/all/function/internal_message.html?_=1684985631266&CODE_STATE=getMsg HTTP/1.1" 200 27
58.40.7.146 - - [25/May/2023:11:33:54 +0800] "GET /xingrg/all/function/internal_message.html?_=1684985634816&CODE_STATE=getMsg HTTP/1.1" 302 -
101.229.22.40 - - [25/May/2023:11:33:55 +0800] "GET /xingrg/all/function/internal_message.html?_=1684985635623&CODE_STATE=getMsg HTTP/1.1" 302 -
116.238.139.35 - - [25/May/2023:11:33:56 +0800] "GET /xingrg/all/function/internal_message.html?_=1684985634168&CODE_STATE=getMsg HTTP/1.1" 302 -
101.83.145.52 - - [25/May/2023:11:33:56 +0800] "GET /xingrg/all/function/internal_message.html?_=1684985637406&CODE_STATE=getMsg HTTP/1.1" 302 -
180.169.147.146 - - [25/May/2023:11:33:57 +0800] "GET /xingrg/check_reg.html?_=1684985632392 HTTP/1.1" 302 -
180.169.147.146 - - [25/May/2023:11:33:57 +0800] "GET /xingrg/all/function/internal_message.html?_=1684985632395&CODE_STATE=getMsg HTTP/1.1" 302 -
61.170.234.108 - - [25/May/2023:11:34:03 +0800] "GET /xingrg/all/function/internal_message.html?_=1684985645099&CODE_STATE=getMsg HTTP/1.1" 302 -
114.83.218.112 - - [25/May/2023:11:34:09 +0800] "POST /xingrg/kc/base/wldb_order_operate.html HTTP/1.1" 200 37
222.70.172.86 - - [25/May/2023:11:34:10 +0800] "POST /xingrg/kc/buy/cgsh_order_operate.html HTTP/1.1" 200 37
114.83.218.112 - - [25/May/2023:11:34:10 +0800] "POST /xingrg/kc/base/wldb_order_operate.html HTTP/1.1" 200 5163
180.164.3.199 - - [25/May/2023:11:34:14 +0800] "GET /xingrg/all/function/internal_message.html?_=1684985653541&CODE_STATE=getMsg HTTP/1.1" 302 -
222.70.172.86 - - [25/May/2023:11:34:17 +0800] "POST /xingrg/kc/buy/cgsh_order_operate.html HTTP/1.1" 200 2666
124.79.240.114 - - [25/May/2023:11:34:18 +0800] "GET /xingrg/all/function/internal_message.html?_=1684985937340&CODE_STATE=getMsg HTTP/1.1" 302 -
116.232.195.127 - - [25/May/2023:11:34:19 +0800] "GET /xingrg/all/function/internal_message.html?_=1684985695789&CODE_STATE=getMsg HTTP/1.1" 302 -
222.70.172.86 - - [25/May/2023:11:34:19 +0800] "GET /xingrg/all/function/internal_message.html?_=1684985673734&CODE_STATE=getMsg HTTP/1.1" 200 27
172.20.0.100 - - [25/May/2023:11:34:20 +0800] "GET /xingrg/all/function/internal_message.html?_=1684985670580&CODE_STATE=getMsg HTTP/1.1" 302 -
222.70.172.86 - - [25/May/2023:11:34:21 +0800] "GET /xingrg/kc/print/load_data.html?order_code=212023052509254&kc_code=cgsh&condition= HTTP/1.1" 200 699
114.83.218.112 - - [25/May/2023:11:34:22 +0800] "POST /xingrg/kc/base/wldb_order_operate.html HTTP/1.1" 200 12
114.83.218.112 - - [25/May/2023:11:34:25 +0800] "GET /xingrg/kc/base/wldb_order_info.html?code=422023052501987 HTTP/1.1" 200 26265
114.83.218.112 - - [25/May/2023:11:34:25 +0800] "GET /xingrg/javascript/easyui/themes/default/validatebox.css HTTP/1.1" 404 1104
114.83.218.112 - - [25/May/2023:11:34:26 +0800] "POST /xingrg/kc/base/wldb_order_operate.html HTTP/1.1" 200 3388
222.70.172.86 - - [25/May/2023:11:34:27 +0800] "GET /xingrg/kc/buy/cgsh_order_add.html HTTP/1.1" 200 71451
222.70.172.86 - - [25/May/2023:11:34:28 +0800] "POST /xingrg/kc/buy/cgsh_order_operate.html HTTP/1.1" 200 8245
222.70.172.86 - - [25/May/2023:11:34:28 +0800] "GET /xingrg/javascript/easyui/themes/default/validatebox.css HTTP/1.1" 404 1104
124.79.74.67 - - [25/May/2023:11:34:36 +0800] "GET /xingrg/all/function/internal_message.html?_=1684985682534&CODE_STATE=getMsg HTTP/1.1" 302 -
124.79.74.67 - - [25/May/2023:11:34:36 +0800] "GET /xingrg/login.html HTTP/1.1" 200 7641
101.83.145.52 - - [25/May/2023:11:34:38 +0800] "GET /xingrg/all/function/internal_message.html?_=1684985511205&CODE_STATE=getMsg HTTP/1.1" 302 -
114.83.218.112 - - [25/May/2023:11:34:38 +0800] "GET /xingrg/kc/base/wldb_order_add.html HTTP/1.1" 200 30387
114.83.218.112 - - [25/May/2023:11:34:38 +0800] "POST /xingrg/kc/base/wldb_order_operate.html HTTP/1.1" 200 6806
114.83.218.112 - - [25/May/2023:11:34:38 +0800] "GET /xingrg/javascript/easyui/themes/default/validatebox.css HTTP/1.1" 404 1104
222.70.172.86 - - [25/May/2023:11:34:42 +0800] "GET /xingrg/kc/buy/cgsh_order_operate.html?command=get_materiel&rest_code=00146&code=00101012119&supplier_code=00100581&order_time=2023-05-25 HTTP/1.1" 200 416
116.238.139.35 - - [25/May/2023:11:34:42 +0800] "GET /xingrg/all/function/internal_message.html?_=1684985596985&CODE_STATE=getMsg HTTP/1.1" 302 -
116.238.139.35 - - [25/May/2023:11:34:42 +0800] "GET /xingrg/login.html HTTP/1.1" 200 7641
114.83.218.112 - - [25/May/2023:11:34:44 +0800] "POST /xingrg/all/common/load_combo.html?type=base HTTP/1.1" 200 3409
180.152.240.15 - - [25/May/2023:11:34:48 +0800] "GET /xingrg/all/function/internal_message.html?_=1684985688721&CODE_STATE=getMsg HTTP/1.1" 302 -
218.81.78.189 - - [25/May/2023:11:34:50 +0800] "GET /xingrg/check_reg.html?_=1684985689250 HTTP/1.1" 302 -
120.253.135.82 - - [25/May/2023:11:34:52 +0800] "GET /xingrg/all/function/internal_message.html?_=1684985528995&CODE_STATE=getMsg HTTP/1.1" 302 -
222.70.172.86 - - [25/May/2023:11:34:53 +0800] "POST /xingrg/kc/buy/cgsh_order_operate.html HTTP/1.1" 200 37
222.70.172.86 - - [25/May/2023:11:34:54 +0800] "POST /xingrg/services/DataTransmitService HTTP/1.1" 401 565
222.70.172.86 - - [25/May/2023:11:34:54 +0800] "POST /xingrg/services/DataTransmitService HTTP/1.1" 200 478
114.83.218.112 - - [25/May/2023:11:34:54 +0800] "GET /xingrg/all/function/internal_message.html?_=1684985691319&CODE_STATE=getMsg HTTP/1.1" 200 27
222.70.172.86 - - [25/May/2023:11:34:54 +0800] "POST /xingrg/services/DataTransmitService HTTP/1.1" 200 1319
222.70.172.86 - - [25/May/2023:11:34:54 +0800] "POST /xingrg/services/DataTransmitService HTTP/1.1" 200 478
222.70.172.86 - - [25/May/2023:11:34:54 +0800] "POST /xingrg/services/DataTransmitService HTTP/1.1" 200 1319
58.40.7.146 - - [25/May/2023:11:34:54 +0800] "GET /xingrg/all/function/internal_message.html?_=1684985694818&CODE_STATE=getMsg HTTP/1.1" 302 -
101.229.22.40 - - [25/May/2023:11:34:55 +0800] "GET /xingrg/all/function/internal_message.html?_=1684985695619&CODE_STATE=getMsg HTTP/1.1" 302 -
116.238.139.35 - - [25/May/2023:11:34:56 +0800] "GET /xingrg/all/function/internal_message.html?_=1684985694167&CODE_STATE=getMsg HTTP/1.1" 302 -
101.83.145.52 - - [25/May/2023:11:34:56 +0800] "GET /xingrg/all/function/internal_message.html?_=1684985697406&CODE_STATE=getMsg HTTP/1.1" 302 -
114.83.218.112 - - [25/May/2023:11:34:57 +0800] "GET /xingrg/kc/base/wldb_order_operate.html?command=get_materiel&rest_code=00149&base_code=0010394&code=00101019079 HTTP/1.1" 200 479
180.169.147.146 - - [25/May/2023:11:34:57 +0800] "GET /xingrg/all/function/internal_message.html?_=1684985692394&CODE_STATE=getMsg HTTP/1.1" 302 -
222.70.172.86 - - [25/May/2023:11:34:58 +0800] "POST /xingrg/kc/buy/cgsh_order_operate.html HTTP/1.1" 200 2659
180.164.3.199 - - [25/May/2023:11:34:59 +0800] "GET /xingrg/index.html?sysBaseUrl=http%3A%2F%2F180.169.147.146%3A18081%2Fxingrg%2F&costTime=1380×tamp=1684981213988 HTTP/1.1" 302 -
180.164.3.199 - - [25/May/2023:11:34:59 +0800] "GET /xingrg/login.html HTTP/1.1" 200 7641
180.164.3.199 - - [25/May/2023:11:34:59 +0800] "GET /favicon.ico HTTP/1.1" 404 -
222.70.172.86 - - [25/May/2023:11:35:01 +0800] "GET /xingrg/kc/print/load_data.html?order_code=212023052509255&kc_code=cgsh&condition= HTTP/1.1" 200 674
180.164.3.199 - - [25/May/2023:11:35:03 +0800] "POST /xingrg/login.do HTTP/1.1" 302 -
180.164.3.199 - - [25/May/2023:11:35:03 +0800] "GET /xingrg/index.html?sysBaseUrl=http%3A%2F%2F180.169.147.146%3A18081%2Fxingrg%2F&costTime=1394×tamp=1684985703531 HTTP/1.1" 200 17183
61.170.234.108 - - [25/May/2023:11:35:03 +0800] "GET /xingrg/check_reg.html?_=1684985705097 HTTP/1.1" 302 -
61.170.234.108 - - [25/May/2023:11:35:03 +0800] "GET /xingrg/all/function/internal_message.html?_=1684985705099&CODE_STATE=getMsg HTTP/1.1" 302 -
180.164.3.199 - - [25/May/2023:11:35:03 +0800] "GET /favicon.ico HTTP/1.1" 404 -
180.164.3.199 - - [25/May/2023:11:35:03 +0800] "GET /xingrg/check_reg.html?_=1684985703040 HTTP/1.1" 200 22
180.164.3.199 - - [25/May/2023:11:35:03 +0800] "GET /xingrg/all/function/internal_message.html?_=1684985703040&CODE_STATE=count HTTP/1.1" 200 11
180.164.3.199 - - [25/May/2023:11:35:03 +0800] "POST /xingrg/load_menu.html HTTP/1.1" 200 5138
180.164.3.199 - - [25/May/2023:11:35:04 +0800] "POST /xingrg/all/common/load_tree.html?tree=area_rest_tree_json&manage=1 HTTP/1.1" 200 357
114.83.218.112 - - [25/May/2023:11:35:05 +0800] "GET /xingrg/kc/base/wldb_order_operate.html?command=get_materiel&rest_code=00149&base_code=0010394&code=00101016060 HTTP/1.1" 200 464
222.70.172.86 - - [25/May/2023:11:35:11 +0800] "GET /xingrg/check_reg.html?_=1684985725262 HTTP/1.1" 200 22
222.70.172.86 - - [25/May/2023:11:35:11 +0800] "GET /xingrg/kc/buy/cgsh_order_add.html HTTP/1.1" 200 71451
222.70.172.86 - - [25/May/2023:11:35:11 +0800] "POST /xingrg/kc/buy/cgsh_order_operate.html HTTP/1.1" 200 8245
222.70.172.86 - - [25/May/2023:11:35:12 +0800] "GET /xingrg/javascript/easyui/themes/default/validatebox.css HTTP/1.1" 404 1104
116.232.195.127 - - [25/May/2023:11:35:12 +0800] "GET /xingrg/check_reg.html?_=1684985749049 HTTP/1.1" 302 -
124.79.240.114 - - [25/May/2023:11:35:13 +0800] "GET /xingrg/check_reg.html?_=1684985992152 HTTP/1.1" 302 -
114.83.218.112 - - [25/May/2023:11:35:16 +0800] "GET /xingrg/kc/base/wldb_order_operate.html?command=get_materiel&rest_code=00149&base_code=0010394&code=00101019529 HTTP/1.1" 200 476
124.79.240.114 - - [25/May/2023:11:35:18 +0800] "GET /xingrg/all/function/internal_message.html?_=1684985997316&CODE_STATE=getMsg HTTP/1.1" 302 -
116.232.195.127 - - [25/May/2023:11:35:19 +0800] "GET /xingrg/all/function/internal_message.html?_=1684985755775&CODE_STATE=getMsg HTTP/1.1" 302 -
222.70.172.86 - - [25/May/2023:11:35:19 +0800] "GET /xingrg/all/function/internal_message.html?_=1684985733771&CODE_STATE=getMsg HTTP/1.1" 200 27
172.20.0.100 - - [25/May/2023:11:35:20 +0800] "GET /xingrg/all/function/internal_message.html?_=1684985730578&CODE_STATE=getMsg HTTP/1.1" 302 -
222.70.172.86 - - [25/May/2023:11:35:21 +0800] "POST /xingrg/services/DataTransmitService HTTP/1.1" 200 519
222.70.172.86 - - [25/May/2023:11:35:21 +0800] "POST /xingrg/services/DataTransmitService HTTP/1.1" 200 519
180.164.3.199 - - [25/May/2023:11:35:21 +0800] "POST /xingrg/services/DataTransmitService HTTP/1.1" 200 501
222.70.172.86 - - [25/May/2023:11:35:24 +0800] "POST /xingrg/services/DataTransmitService HTTP/1.1" 401 565
222.70.172.86 - - [25/May/2023:11:35:24 +0800] "POST /xingrg/services/DataTransmitService HTTP/1.1" 200 478
222.70.172.86 - - [25/May/2023:11:35:24 +0800] "POST /xingrg/services/DataTransmitService HTTP/1.1" 200 1319
222.70.172.86 - - [25/May/2023:11:35:24 +0800] "POST /xingrg/services/DataTransmitService HTTP/1.1" 200 478
222.70.172.86 - - [25/May/2023:11:35:24 +0800] "POST /xingrg/services/DataTransmitService HTTP/1.1" 200 1319
180.164.3.199 - - [25/May/2023:11:35:26 +0800] "GET /xingrg/kc/buy/buy_main.html HTTP/1.1" 200 12412
180.164.3.199 - - [25/May/2023:11:35:26 +0800] "GET /xingrg/css/new_ie.css HTTP/1.1" 404 1036
222.70.172.86 - - [25/May/2023:11:35:30 +0800] "GET /xingrg/kc/buy/cgsh_order_operate.html?command=get_materiel&rest_code=00146&code=00101006310&supplier_code=00100505&order_time=2023-05-25 HTTP/1.1" 200 417
114.83.218.112 - - [25/May/2023:11:35:30 +0800] "GET /xingrg/kc/base/wldb_order_operate.html?command=get_materiel&rest_code=00149&base_code=0010394&code=00101016120 HTTP/1.1" 200 455
180.164.3.199 - - [25/May/2023:11:35:30 +0800] "GET /xingrg/images/yd/bt.gif HTTP/1.1" 404 1040
180.164.3.199 - - [25/May/2023:11:35:32 +0800] "GET /xingrg/kc/buy/cgsh_order_list.html HTTP/1.1" 200 55679
180.164.3.199 - - [25/May/2023:11:35:35 +0800] "POST /xingrg/kc/buy/cgsh_list_operate.html HTTP/1.1" 200 4077
124.79.74.67 - - [25/May/2023:11:35:36 +0800] "GET /xingrg/all/function/internal_message.html?_=1684985742537&CODE_STATE=getMsg HTTP/1.1" 302 -
124.79.74.67 - - [25/May/2023:11:35:36 +0800] "GET /xingrg/login.html HTTP/1.1" 200 7641
222.70.172.86 - - [25/May/2023:11:35:38 +0800] "POST /xingrg/services/DataTransmitService HTTP/1.1" 200 524
124.79.240.114 - - [25/May/2023:11:35:38 +0800] "POST /xingrg/services/DataTransmitService HTTP/1.1" 200 501
101.83.145.52 - - [25/May/2023:11:35:38 +0800] "GET /xingrg/all/function/internal_message.html?_=1684985571190&CODE_STATE=getMsg HTTP/1.1" 302 -
222.70.172.86 - - [25/May/2023:11:35:39 +0800] "POST /xingrg/services/DataTransmitService HTTP/1.1" 200 2335
222.70.172.86 - - [25/May/2023:11:35:39 +0800] "POST /xingrg/services/DataTransmitService HTTP/1.1" 200 45454
114.83.218.112 - - [25/May/2023:11:35:39 +0800] "GET /xingrg/kc/base/wldb_order_operate.html?command=get_materiel&rest_code=00149&base_code=0010394&code=00101019071 HTTP/1.1" 200 471
222.70.172.86 - - [25/May/2023:11:35:39 +0800] "POST /xingrg/services/DataTransmitService HTTP/1.1" 200 19237
180.164.3.199 - - [25/May/2023:11:35:42 +0800] "POST /xingrg/services/DataTransmitService HTTP/1.1" 200 501
116.238.139.35 - - [25/May/2023:11:35:42 +0800] "GET /xingrg/all/function/internal_message.html?_=1684985656989&CODE_STATE=getMsg HTTP/1.1" 302 -
116.238.139.35 - - [25/May/2023:11:35:42 +0800] "GET /xingrg/login.html HTTP/1.1" 200 7641
124.79.240.114 - - [25/May/2023:11:35:47 +0800] "POST /xingrg/services/DataTransmitService HTTP/1.1" 200 501
180.152.240.15 - - [25/May/2023:11:35:48 +0800] "GET /xingrg/all/function/internal_message.html?_=1684985748708&CODE_STATE=getMsg HTTP/1.1" 302 -
180.164.3.199 - - [25/May/2023:11:35:49 +0800] "POST /xingrg/services/DataTransmitService HTTP/1.1" 200 501
222.70.172.86 - - [25/May/2023:11:35:51 +0800] "POST /xingrg/kc/buy/cgsh_order_operate.html HTTP/1.1" 200 37
120.253.135.82 - - [25/May/2023:11:35:52 +0800] "GET /xingrg/all/function/internal_message.html?_=1684985589014&CODE_STATE=getMsg HTTP/1.1" 302 -
222.70.172.86 - - [25/May/2023:11:35:53 +0800] "POST /xingrg/kc/buy/cgsh_order_operate.html HTTP/1.1" 200 2662
114.83.218.112 - - [25/May/2023:11:35:54 +0800] "GET /xingrg/check_reg.html?_=1684985751256 HTTP/1.1" 200 22
114.83.218.112 - - [25/May/2023:11:35:54 +0800] "GET /xingrg/all/function/internal_message.html?_=1684985751310&CODE_STATE=getMsg HTTP/1.1" 200 27
58.40.7.146 - - [25/May/2023:11:35:54 +0800] "GET /xingrg/all/function/internal_message.html?_=1684985754820&CODE_STATE=getMsg HTTP/1.1" 302 -
101.229.22.40 - - [25/May/2023:11:35:55 +0800] "GET /xingrg/all/function/internal_message.html?_=1684985755619&CODE_STATE=getMsg HTTP/1.1" 302 -
101.229.22.40 - - [25/May/2023:11:35:55 +0800] "GET /xingrg/check_reg.html?_=1684985755637 HTTP/1.1" 302 -
116.238.139.35 - - [25/May/2023:11:35:56 +0800] "GET /xingrg/all/function/internal_message.html?_=1684985754165&CODE_STATE=getMsg HTTP/1.1" 302 -
116.238.139.35 - - [25/May/2023:11:35:56 +0800] "GET /xingrg/check_reg.html?_=1684985754167 HTTP/1.1" 302 -
101.83.145.52 - - [25/May/2023:11:35:56 +0800] "GET /xingrg/all/function/internal_message.html?_=1684985757433&CODE_STATE=getMsg HTTP/1.1" 302 -
222.70.172.86 - - [25/May/2023:11:35:56 +0800] "GET /xingrg/kc/print/load_data.html?order_code=212023052509256&kc_code=cgsh&condition= HTTP/1.1" 200 676
180.169.147.146 - - [25/May/2023:11:35:57 +0800] "GET /xingrg/all/function/internal_message.html?_=1684985752393&CODE_STATE=getMsg HTTP/1.1" 302 -
222.70.172.86 - - [25/May/2023:11:36:03 +0800] "GET /xingrg/kc/buy/cgsh_order_add.html HTTP/1.1" 200 71451
222.70.172.86 - - [25/May/2023:11:36:03 +0800] "POST /xingrg/kc/buy/cgsh_order_operate.html HTTP/1.1" 200 8245
222.70.172.86 - - [25/May/2023:11:36:03 +0800] "GET /xingrg/javascript/easyui/themes/default/validatebox.css HTTP/1.1" 404 1104
61.170.234.108 - - [25/May/2023:11:36:03 +0800] "GET /xingrg/all/function/internal_message.html?_=1684985765097&CODE_STATE=getMsg HTTP/1.1" 302 -
180.164.3.199 - - [25/May/2023:11:36:03 +0800] "GET /xingrg/all/function/internal_message.html?_=1684985763065&CODE_STATE=getMsg HTTP/1.1" 200 27
114.83.218.112 - - [25/May/2023:11:36:07 +0800] "POST /xingrg/kc/base/wldb_order_operate.html HTTP/1.1" 200 37
114.83.218.112 - - [25/May/2023:11:36:08 +0800] "POST /xingrg/kc/base/wldb_order_operate.html HTTP/1.1" 200 4218
180.164.3.199 - - [25/May/2023:11:36:12 +0800] "POST /xingrg/kc/buy/cgsh_list_operate.html HTTP/1.1" 200 584
114.83.218.112 - - [25/May/2023:11:36:15 +0800] "POST /xingrg/kc/base/wldb_order_operate.html HTTP/1.1" 200 12
180.164.3.199 - - [25/May/2023:11:36:16 +0800] "POST /xingrg/kc/buy/cgsh_list_operate.html HTTP/1.1" 200 560
180.164.3.199 - - [25/May/2023:11:36:17 +0800] "GET /xingrg/kc/buy/cgsh_order_info.html?code=212023052509245 HTTP/1.1" 200 71552
180.164.3.199 - - [25/May/2023:11:36:17 +0800] "GET /xingrg/javascript/easyui/themes/default/validatebox.css HTTP/1.1" 404 1104
124.79.240.114 - - [25/May/2023:11:36:18 +0800] "GET /xingrg/all/function/internal_message.html?_=1684986057292&CODE_STATE=getMsg HTTP/1.1" 302 -
222.70.172.86 - - [25/May/2023:11:36:18 +0800] "GET /xingrg/kc/buy/cgsh_order_operate.html?command=get_materiel&rest_code=00146&code=00101013071&supplier_code=00100337&order_time=2023-05-25 HTTP/1.1" 200 418
180.164.3.199 - - [25/May/2023:11:36:18 +0800] "POST /xingrg/kc/buy/cgsh_order_operate.html HTTP/1.1" 200 20377
116.232.195.127 - - [25/May/2023:11:36:19 +0800] "GET /xingrg/all/function/internal_message.html?_=1684985815767&CODE_STATE=getMsg HTTP/1.1" 302 -
222.70.172.86 - - [25/May/2023:11:36:20 +0800] "GET /xingrg/all/function/internal_message.html?_=1684985793822&CODE_STATE=getMsg HTTP/1.1" 200 27
172.20.0.100 - - [25/May/2023:11:36:20 +0800] "GET /xingrg/all/function/internal_message.html?_=1684985790582&CODE_STATE=getMsg HTTP/1.1" 302 -
180.169.147.146 - - [25/May/2023:11:36:23 +0800] "GET /xingrg/check_reg.html?_=1684985784436 HTTP/1.1" 302 -
222.70.172.86 - - [25/May/2023:11:36:23 +0800] "POST /xingrg/services/DataTransmitService HTTP/1.1" 401 565
