116.238.139.35 - - [24/May/2023:09:04:42 +0800] "GET /xingrg/javascript/jquery_easy_ui/themes/default/images/tabs_leftarrow.png HTTP/1.1" 304 -
116.238.139.35 - - [24/May/2023:09:04:42 +0800] "GET /xingrg/javascript/jquery_easy_ui/themes/default/images/tabs_rightarrow.png HTTP/1.1" 304 -
116.238.139.35 - - [24/May/2023:09:04:42 +0800] "GET /xingrg/javascript/jquery_easy_ui/themes/default/images/panel_tool_collapse.gif HTTP/1.1" 304 -
116.238.139.35 - - [24/May/2023:09:04:42 +0800] "GET /xingrg/all/function/internal_message.html?_=1684890197723&CODE_STATE=count HTTP/1.1" 200 11
116.238.139.35 - - [24/May/2023:09:04:42 +0800] "GET /xingrg/check_reg.html?_=1684890197724 HTTP/1.1" 200 22
222.70.172.86 - - [24/May/2023:09:04:42 +0800] "GET /xingrg/all/function/internal_message.html?_=1684890291775&CODE_STATE=getMsg HTTP/1.1" 200 27
116.238.139.35 - - [24/May/2023:09:04:42 +0800] "POST /xingrg/all/common/load_tree.html?tree=area_rest_tree_json&manage=1 HTTP/1.1" 200 476
116.238.139.35 - - [24/May/2023:09:04:42 +0800] "POST /xingrg/load_menu.html HTTP/1.1" 200 5138
116.232.195.127 - - [24/May/2023:09:04:45 +0800] "POST /xingrg/kc/buy/cgsh_order_operate.html HTTP/1.1" 200 37
222.70.178.80 - - [24/May/2023:09:04:45 +0800] "GET /xingrg/kc/buy/cgsh_order_operate.html?command=get_materiel&rest_code=00111&code=00101018019&supplier_code=00100005&order_time=2023-05-24 HTTP/1.1" 200 421
101.83.145.52 - - [24/May/2023:09:04:45 +0800] "POST /xingrg/kc/buy/cgsh_order_operate.html HTTP/1.1" 200 42234
172.20.0.100 - - [24/May/2023:09:04:45 +0800] "GET /xingrg/all/function/internal_message.html?_=1684890292514&CODE_STATE=getMsg HTTP/1.1" 200 27
114.83.218.112 - - [24/May/2023:09:04:46 +0800] "GET /xingrg/all/function/internal_message.html?_=1684890283430&CODE_STATE=getMsg HTTP/1.1" 200 27
116.232.195.127 - - [24/May/2023:09:04:46 +0800] "POST /xingrg/kc/buy/cgsh_order_operate.html HTTP/1.1" 200 29335
116.232.195.127 - - [24/May/2023:09:04:49 +0800] "GET /xingrg/kc/print/load_data.html?order_code=212023052408775&kc_code=cgsh&condition= HTTP/1.1" 200 10855
101.83.145.52 - - [24/May/2023:09:04:49 +0800] "POST /xingrg/kc/buy/cgsh_list_operate.html HTTP/1.1" 200 6670
222.70.178.80 - - [24/May/2023:09:04:51 +0800] "GET /xingrg/all/function/internal_message.html?_=1684890292224&CODE_STATE=getMsg HTTP/1.1" 200 27
116.232.195.127 - - [24/May/2023:09:04:53 +0800] "GET /xingrg/kc/print/load_data.html?order_code=212023052408775&kc_code=cgsh HTTP/1.1" 200 10855
116.238.139.35 - - [24/May/2023:09:04:58 +0800] "GET /xingrg/kc/buy/cgsh_order_list.html HTTP/1.1" 200 55675
116.238.139.35 - - [24/May/2023:09:05:00 +0800] "POST /xingrg/kc/buy/cgsh_list_operate.html HTTP/1.1" 200 986
116.238.139.35 - - [24/May/2023:09:05:02 +0800] "GET /xingrg/kc/buy/cgsh_order_add.html HTTP/1.1" 200 71507
116.238.139.35 - - [24/May/2023:09:05:02 +0800] "POST /xingrg/kc/buy/cgsh_order_operate.html HTTP/1.1" 200 8245
116.238.139.35 - - [24/May/2023:09:05:02 +0800] "GET /xingrg/javascript/easyui/themes/default/validatebox.css HTTP/1.1" 404 1104
120.253.135.82 - - [24/May/2023:09:05:02 +0800] "GET /xingrg/all/function/internal_message.html?_=1684890439671&CODE_STATE=getMsg HTTP/1.1" 200 27
116.238.139.35 - - [24/May/2023:09:05:03 +0800] "POST /xingrg/services/DataTransmitService HTTP/1.1" 200 524
116.238.139.35 - - [24/May/2023:09:05:04 +0800] "GET /xingrg/javascript/auto/indicator.gif HTTP/1.1" 404 1066
222.70.178.80 - - [24/May/2023:09:05:06 +0800] "GET /xingrg/kc/buy/cgsh_order_operate.html?command=get_materiel&rest_code=00111&code=00101008357&supplier_code=00100005&order_time=2023-05-24 HTTP/1.1" 200 408
101.83.145.52 - - [24/May/2023:09:05:10 +0800] "GET /xingrg/all/function/internal_message.html?_=1684890310507&CODE_STATE=getMsg HTTP/1.1" 200 27
180.164.3.199 - - [24/May/2023:09:05:11 +0800] "GET /xingrg/all/function/internal_message.html?_=1684890311609&CODE_STATE=getMsg HTTP/1.1" 200 27
116.232.195.127 - - [24/May/2023:09:05:14 +0800] "GET /xingrg/all/function/internal_message.html?_=1684890353330&CODE_STATE=getMsg HTTP/1.1" 200 27
116.237.73.194 - - [24/May/2023:09:05:20 +0800] "GET /xingrg/all/function/internal_message.html?_=1684890313407&CODE_STATE=getMsg HTTP/1.1" 200 27
101.83.145.52 - - [24/May/2023:09:05:20 +0800] "GET /xingrg/all/function/internal_message.html?_=1684890153517&CODE_STATE=getMsg HTTP/1.1" 200 27
116.238.139.35 - - [24/May/2023:09:05:29 +0800] "GET /xingrg/all/function/internal_message.html?_=1684890327646&CODE_STATE=getMsg HTTP/1.1" 200 27
222.70.178.80 - - [24/May/2023:09:05:37 +0800] "GET /xingrg/kc/buy/cgsh_order_operate.html?command=get_materiel&rest_code=00111&code=00101008264&supplier_code=00100005&order_time=2023-05-24 HTTP/1.1" 200 412
116.238.139.35 - - [24/May/2023:09:05:42 +0800] "GET /xingrg/all/function/internal_message.html?_=1684890257744&CODE_STATE=getMsg HTTP/1.1" 200 27
222.70.172.86 - - [24/May/2023:09:05:43 +0800] "GET /xingrg/all/function/internal_message.html?_=1684890352435&CODE_STATE=getMsg HTTP/1.1" 200 27
172.20.0.100 - - [24/May/2023:09:05:45 +0800] "GET /xingrg/all/function/internal_message.html?_=1684890352513&CODE_STATE=getMsg HTTP/1.1" 200 27
222.70.172.86 - - [24/May/2023:09:05:46 +0800] "GET /xingrg/check_reg.html?_=1684890355438 HTTP/1.1" 200 22
114.83.218.112 - - [24/May/2023:09:05:46 +0800] "GET /xingrg/all/function/internal_message.html?_=1684890343431&CODE_STATE=getMsg HTTP/1.1" 200 27
116.238.139.35 - - [24/May/2023:09:05:47 +0800] "GET /xingrg/kc/buy/cgsh_order_operate.html?command=get_materiel&rest_code=00150&code=00101013206&supplier_code=00100096&order_time=2023-05-24 HTTP/1.1" 200 413
222.70.178.80 - - [24/May/2023:09:05:52 +0800] "GET /xingrg/all/function/internal_message.html?_=1684890352229&CODE_STATE=getMsg HTTP/1.1" 200 27
116.238.139.35 - - [24/May/2023:09:05:58 +0800] "POST /xingrg/kc/buy/cgsh_order_operate.html HTTP/1.1" 200 37
222.70.178.80 - - [24/May/2023:09:05:58 +0800] "GET /xingrg/kc/buy/cgsh_order_operate.html?command=get_materiel&rest_code=00111&code=00101008674&supplier_code=00100005&order_time=2023-05-24 HTTP/1.1" 200 412
222.70.178.80 - - [24/May/2023:09:06:01 +0800] "POST /xingrg/kc/buy/cgsh_order_operate.html HTTP/1.1" 200 2065
116.238.139.35 - - [24/May/2023:09:06:08 +0800] "POST /xingrg/kc/buy/cgsh_order_operate.html HTTP/1.1" 200 12
120.253.135.82 - - [24/May/2023:09:06:09 +0800] "GET /xingrg/all/function/internal_message.html?_=1684890499675&CODE_STATE=getMsg HTTP/1.1" 200 27
120.253.135.82 - - [24/May/2023:09:06:09 +0800] "GET /xingrg/check_reg.html?_=1684890499677 HTTP/1.1" 200 22
101.83.145.52 - - [24/May/2023:09:06:10 +0800] "GET /xingrg/all/function/internal_message.html?_=1684890370489&CODE_STATE=getMsg HTTP/1.1" 200 27
116.238.139.35 - - [24/May/2023:09:06:11 +0800] "GET /xingrg/kc/buy/cgsh_order_info.html?code=212023052408776 HTTP/1.1" 200 66410
116.238.139.35 - - [24/May/2023:09:06:11 +0800] "GET /xingrg/javascript/easyui/themes/default/validatebox.css HTTP/1.1" 404 1104
180.164.3.199 - - [24/May/2023:09:06:11 +0800] "GET /xingrg/all/function/internal_message.html?_=1684890371615&CODE_STATE=getMsg HTTP/1.1" 200 27
116.238.139.35 - - [24/May/2023:09:06:13 +0800] "POST /xingrg/kc/buy/cgsh_order_operate.html HTTP/1.1" 200 608
116.232.195.127 - - [24/May/2023:09:06:14 +0800] "GET /xingrg/all/function/internal_message.html?_=1684890413322&CODE_STATE=getMsg HTTP/1.1" 200 27
116.238.139.35 - - [24/May/2023:09:06:15 +0800] "GET /xingrg/kc/print/load_data.html?order_code=212023052408776&kc_code=cgsh&condition= HTTP/1.1" 200 703
116.237.73.194 - - [24/May/2023:09:06:20 +0800] "GET /xingrg/all/function/internal_message.html?_=1684890373377&CODE_STATE=getMsg HTTP/1.1" 200 27
101.83.145.52 - - [24/May/2023:09:06:20 +0800] "GET /xingrg/all/function/internal_message.html?_=1684890213521&CODE_STATE=getMsg HTTP/1.1" 200 27
116.238.139.35 - - [24/May/2023:09:06:23 +0800] "GET /xingrg/kc/buy/cgsh_order_add.html HTTP/1.1" 200 71507
116.238.139.35 - - [24/May/2023:09:06:23 +0800] "POST /xingrg/kc/buy/cgsh_order_operate.html HTTP/1.1" 200 8245
116.238.139.35 - - [24/May/2023:09:06:24 +0800] "GET /xingrg/javascript/easyui/themes/default/validatebox.css HTTP/1.1" 404 1104
222.70.178.80 - - [24/May/2023:09:06:29 +0800] "GET /xingrg/kc/buy/cgsh_order_operate.html?command=get_materiel&rest_code=00111&code=00101008270&supplier_code=00100005&order_time=2023-05-24 HTTP/1.1" 200 412
116.238.139.35 - - [24/May/2023:09:06:29 +0800] "GET /xingrg/all/function/internal_message.html?_=1684890387634&CODE_STATE=getMsg HTTP/1.1" 200 27
116.238.139.35 - - [24/May/2023:09:06:36 +0800] "GET /xingrg/kc/buy/cgsh_order_operate.html?command=get_materiel&rest_code=00150&code=00101008261&supplier_code=00100008&order_time=2023-05-24 HTTP/1.1" 200 408
116.238.139.35 - - [24/May/2023:09:06:42 +0800] "GET /xingrg/all/function/internal_message.html?_=1684890317759&CODE_STATE=getMsg HTTP/1.1" 200 27
222.70.172.86 - - [24/May/2023:09:06:43 +0800] "GET /xingrg/all/function/internal_message.html?_=1684890412442&CODE_STATE=getMsg HTTP/1.1" 200 27
222.70.178.80 - - [24/May/2023:09:06:43 +0800] "GET /xingrg/kc/buy/cgsh_order_operate.html?command=get_materiel&rest_code=00111&code=00101008036&supplier_code=00100005&order_time=2023-05-24 HTTP/1.1" 200 408
172.20.0.100 - - [24/May/2023:09:06:45 +0800] "GET /xingrg/all/function/internal_message.html?_=1684890412512&CODE_STATE=getMsg HTTP/1.1" 200 27
114.83.218.112 - - [24/May/2023:09:06:46 +0800] "GET /xingrg/all/function/internal_message.html?_=1684890403424&CODE_STATE=getMsg HTTP/1.1" 200 27
116.238.139.35 - - [24/May/2023:09:06:51 +0800] "GET /xingrg/kc/buy/cgsh_order_operate.html?command=get_materiel&rest_code=00150&code=00101008072&supplier_code=00100008&order_time=2023-05-24 HTTP/1.1" 200 408
222.70.178.80 - - [24/May/2023:09:06:52 +0800] "GET /xingrg/all/function/internal_message.html?_=1684890412235&CODE_STATE=getMsg HTTP/1.1" 200 27
218.81.78.189 - - [24/May/2023:09:06:54 +0800] "GET /xingrg/check_reg.html?_=1684890413044 HTTP/1.1" 200 22
120.253.135.82 - - [24/May/2023:09:07:01 +0800] "GET /xingrg/all/function/internal_message.html?_=1684890559680&CODE_STATE=getMsg HTTP/1.1" 200 27
222.70.178.80 - - [24/May/2023:09:07:04 +0800] "GET /xingrg/kc/buy/cgsh_order_operate.html?command=get_materiel&rest_code=00111&code=00101008286&supplier_code=00100005&order_time=2023-05-24 HTTP/1.1" 200 408
116.238.139.35 - - [24/May/2023:09:07:05 +0800] "GET /xingrg/kc/buy/cgsh_order_operate.html?command=get_materiel&rest_code=00150&code=00101008156&supplier_code=00100008&order_time=2023-05-24 HTTP/1.1" 200 415
222.70.178.80 - - [24/May/2023:09:07:06 +0800] "POST /xingrg/kc/buy/cgsh_order_operate.html HTTP/1.1" 200 2065
101.83.145.52 - - [24/May/2023:09:07:10 +0800] "GET /xingrg/all/function/internal_message.html?_=1684890430469&CODE_STATE=getMsg HTTP/1.1" 200 27
180.164.3.199 - - [24/May/2023:09:07:11 +0800] "GET /xingrg/check_reg.html?_=1684890431616 HTTP/1.1" 200 22
180.164.3.199 - - [24/May/2023:09:07:11 +0800] "GET /xingrg/all/function/internal_message.html?_=1684890431617&CODE_STATE=getMsg HTTP/1.1" 200 27
222.70.178.80 - - [24/May/2023:09:07:14 +0800] "GET /xingrg/kc/buy/cgsh_order_operate.html?command=get_materiel&rest_code=00111&code=00101008356&supplier_code=00100005&order_time=2023-05-24 HTTP/1.1" 200 408
116.232.195.127 - - [24/May/2023:09:07:14 +0800] "GET /xingrg/all/function/internal_message.html?_=1684890473337&CODE_STATE=getMsg HTTP/1.1" 200 27
116.237.73.194 - - [24/May/2023:09:07:19 +0800] "GET /xingrg/all/function/internal_message.html?_=1684890433350&CODE_STATE=getMsg HTTP/1.1" 200 27
101.83.145.52 - - [24/May/2023:09:07:20 +0800] "GET /xingrg/all/function/internal_message.html?_=1684890273521&CODE_STATE=getMsg HTTP/1.1" 200 27
116.238.139.35 - - [24/May/2023:09:07:23 +0800] "GET /xingrg/kc/buy/cgsh_order_operate.html?command=get_materiel&rest_code=00150&code=00101008331&supplier_code=00100008&order_time=2023-05-24 HTTP/1.1" 200 435
116.238.139.35 - - [24/May/2023:09:07:29 +0800] "GET /xingrg/all/function/internal_message.html?_=1684890447617&CODE_STATE=getMsg HTTP/1.1" 200 27
116.238.139.35 - - [24/May/2023:09:07:37 +0800] "GET /xingrg/kc/buy/cgsh_order_operate.html?command=get_materiel&rest_code=00150&code=00101008350&supplier_code=00100008&order_time=2023-05-24 HTTP/1.1" 200 428
116.238.139.35 - - [24/May/2023:09:07:42 +0800] "GET /xingrg/all/function/internal_message.html?_=1684890377772&CODE_STATE=getMsg HTTP/1.1" 200 27
222.70.178.80 - - [24/May/2023:09:07:42 +0800] "GET /xingrg/kc/buy/cgsh_order_operate.html?command=get_materiel&rest_code=00111&code=00101008134&supplier_code=00100005&order_time=2023-05-24 HTTP/1.1" 200 412
222.70.172.86 - - [24/May/2023:09:07:43 +0800] "GET /xingrg/all/function/internal_message.html?_=1684890472456&CODE_STATE=getMsg HTTP/1.1" 200 27
116.238.139.35 - - [24/May/2023:09:07:44 +0800] "GET /xingrg/check_reg.html?_=1684890462734 HTTP/1.1" 200 22
172.20.0.100 - - [24/May/2023:09:07:45 +0800] "GET /xingrg/all/function/internal_message.html?_=1684890472526&CODE_STATE=getMsg HTTP/1.1" 200 27
172.20.0.100 - - [24/May/2023:09:07:45 +0800] "GET /xingrg/check_reg.html?_=1684890472527 HTTP/1.1" 200 22
114.83.218.112 - - [24/May/2023:09:07:46 +0800] "GET /xingrg/all/function/internal_message.html?_=1684890463417&CODE_STATE=getMsg HTTP/1.1" 200 27
114.83.218.112 - - [24/May/2023:09:07:46 +0800] "GET /xingrg/check_reg.html?_=1684890463422 HTTP/1.1" 200 22
222.70.178.80 - - [24/May/2023:09:07:51 +0800] "GET /xingrg/kc/buy/cgsh_order_operate.html?command=get_materiel&rest_code=00111&code=00101008148&supplier_code=00100005&order_time=2023-05-24 HTTP/1.1" 200 416
222.70.178.80 - - [24/May/2023:09:07:51 +0800] "GET /xingrg/all/function/internal_message.html?_=1684890472225&CODE_STATE=getMsg HTTP/1.1" 200 27
116.238.139.35 - - [24/May/2023:09:07:54 +0800] "GET /xingrg/kc/buy/cgsh_order_operate.html?command=get_materiel&rest_code=00150&code=00101008185&supplier_code=00100008&order_time=2023-05-24 HTTP/1.1" 200 408
180.169.147.146 - - [24/May/2023:09:07:55 +0800] "GET /xingrg/index.html?sysBaseUrl=http%3A%2F%2F180.169.147.146%3A18081%2Fxingrg%2F&costTime=39×tamp=1592034574635 HTTP/1.1" 302 -
180.169.147.146 - - [24/May/2023:09:07:55 +0800] "GET /xingrg/login.html HTTP/1.1" 200 7641
180.169.147.146 - - [24/May/2023:09:07:56 +0800] "GET /favicon.ico HTTP/1.1" 404 -
114.83.218.112 - - [24/May/2023:09:07:56 +0800] "GET /xingrg/kc/buy/cgsh_order_operate.html?command=get_materiel&rest_code=00149&code=00101008101&supplier_code=00100008&order_time=2023-05-24 HTTP/1.1" 200 412
180.169.147.146 - - [24/May/2023:09:07:59 +0800] "POST /xingrg/login.do HTTP/1.1" 302 -
222.70.178.80 - - [24/May/2023:09:07:59 +0800] "POST /xingrg/kc/buy/cgsh_order_operate.html HTTP/1.1" 200 2065
180.169.147.146 - - [24/May/2023:09:07:59 +0800] "GET /xingrg/index.html?sysBaseUrl=http%3A%2F%2F180.169.147.146%3A18081%2Fxingrg%2F&costTime=1195×tamp=1684890479167 HTTP/1.1" 200 17503
180.169.147.146 - - [24/May/2023:09:07:59 +0800] "GET /favicon.ico HTTP/1.1" 404 -
180.169.147.146 - - [24/May/2023:09:07:59 +0800] "GET /xingrg/all/function/internal_message.html?_=1684890479587&CODE_STATE=count HTTP/1.1" 200 11
180.169.147.146 - - [24/May/2023:09:07:59 +0800] "GET /xingrg/check_reg.html?_=1684890479588 HTTP/1.1" 200 22
180.169.147.146 - - [24/May/2023:09:07:59 +0800] "POST /xingrg/all/common/load_tree.html?tree=area_rest_tree_json&manage=1 HTTP/1.1" 200 3499
180.169.147.146 - - [24/May/2023:09:07:59 +0800] "POST /xingrg/load_menu.html HTTP/1.1" 200 11564
120.253.135.82 - - [24/May/2023:09:08:00 +0800] "GET /xingrg/all/function/internal_message.html?_=1684890619685&CODE_STATE=getMsg HTTP/1.1" 200 27
180.169.147.146 - - [24/May/2023:09:08:03 +0800] "GET /xingrg/kc/report/report_main.html HTTP/1.1" 200 8599
180.169.147.146 - - [24/May/2023:09:08:07 +0800] "GET /xingrg/kc/report/report_main.html HTTP/1.1" 200 8599
114.83.218.112 - - [24/May/2023:09:08:09 +0800] "GET /xingrg/kc/buy/cgsh_order_operate.html?command=get_materiel&rest_code=00149&code=00101008355&supplier_code=00100008&order_time=2023-05-24 HTTP/1.1" 200 408
116.238.139.35 - - [24/May/2023:09:08:10 +0800] "GET /xingrg/kc/buy/cgsh_order_operate.html?command=get_materiel&rest_code=00150&code=00101008010&supplier_code=00100008&order_time=2023-05-24 HTTP/1.1" 200 412
101.83.145.52 - - [24/May/2023:09:08:10 +0800] "GET /xingrg/all/function/internal_message.html?_=1684890490444&CODE_STATE=getMsg HTTP/1.1" 200 27
180.164.3.199 - - [24/May/2023:09:08:11 +0800] "GET /xingrg/all/function/internal_message.html?_=1684890491602&CODE_STATE=getMsg HTTP/1.1" 200 27
116.232.195.127 - - [24/May/2023:09:08:14 +0800] "GET /xingrg/all/function/internal_message.html?_=1684890533328&CODE_STATE=getMsg HTTP/1.1" 200 27
116.237.73.194 - - [24/May/2023:09:08:19 +0800] "GET /xingrg/all/function/internal_message.html?_=1684890493320&CODE_STATE=getMsg HTTP/1.1" 200 27
101.83.145.52 - - [24/May/2023:09:08:20 +0800] "GET /xingrg/all/function/internal_message.html?_=1684890333519&CODE_STATE=getMsg HTTP/1.1" 200 27
114.83.218.112 - - [24/May/2023:09:08:20 +0800] "GET /xingrg/kc/buy/cgsh_order_operate.html?command=get_materiel&rest_code=00149&code=00101008144&supplier_code=00100008&order_time=2023-05-24 HTTP/1.1" 200 412
116.238.139.35 - - [24/May/2023:09:08:21 +0800] "GET /xingrg/kc/buy/cgsh_order_operate.html?command=get_materiel&rest_code=00150&code=00101008351&supplier_code=00100008&order_time=2023-05-24 HTTP/1.1" 200 427
116.238.139.35 - - [24/May/2023:09:08:29 +0800] "GET /xingrg/all/function/internal_message.html?_=1684890507603&CODE_STATE=getMsg HTTP/1.1" 200 27
114.83.218.112 - - [24/May/2023:09:08:33 +0800] "GET /xingrg/kc/buy/cgsh_order_operate.html?command=get_materiel&rest_code=00149&code=00101008439&supplier_code=00100008&order_time=2023-05-24 HTTP/1.1" 200 413
114.83.218.112 - - [24/May/2023:09:08:35 +0800] "POST /xingrg/kc/buy/cgsh_order_operate.html HTTP/1.1" 200 2065
116.232.195.127 - - [24/May/2023:09:08:35 +0800] "POST /xingrg/services/DataTransmitService HTTP/1.1" 200 524
116.238.139.35 - - [24/May/2023:09:08:37 +0800] "GET /xingrg/kc/buy/cgsh_order_operate.html?command=get_materiel&rest_code=00150&code=00101008038&supplier_code=00100008&order_time=2023-05-24 HTTP/1.1" 200 412
222.70.178.80 - - [24/May/2023:09:08:38 +0800] "GET /xingrg/kc/buy/cgsh_order_operate.html?command=get_materiel&rest_code=00111&code=00101008349&supplier_code=00100005&order_time=2023-05-24 HTTP/1.1" 200 414
116.238.139.35 - - [24/May/2023:09:08:42 +0800] "GET /xingrg/all/function/internal_message.html?_=1684890437812&CODE_STATE=getMsg HTTP/1.1" 200 27
222.70.172.86 - - [24/May/2023:09:08:43 +0800] "GET /xingrg/all/function/internal_message.html?_=1684890532973&CODE_STATE=getMsg HTTP/1.1" 200 27
114.83.218.112 - - [24/May/2023:09:08:43 +0800] "GET /xingrg/kc/buy/cgsh_order_operate.html?command=get_materiel&rest_code=00149&code=00101008137&supplier_code=00100008&order_time=2023-05-24 HTTP/1.1" 200 427
172.20.0.100 - - [24/May/2023:09:08:45 +0800] "GET /xingrg/all/function/internal_message.html?_=1684890532525&CODE_STATE=getMsg HTTP/1.1" 200 27
114.83.218.112 - - [24/May/2023:09:08:46 +0800] "GET /xingrg/all/function/internal_message.html?_=1684890523445&CODE_STATE=getMsg HTTP/1.1" 200 27
222.70.178.80 - - [24/May/2023:09:08:48 +0800] "GET /xingrg/kc/buy/cgsh_order_operate.html?command=get_materiel&rest_code=00111&code=00101008098&supplier_code=00100005&order_time=2023-05-24 HTTP/1.1" 200 412
116.238.139.35 - - [24/May/2023:09:08:51 +0800] "GET /xingrg/kc/buy/cgsh_order_operate.html?command=get_materiel&rest_code=00150&code=00101008224&supplier_code=00100008&order_time=2023-05-24 HTTP/1.1" 200 416
222.70.178.80 - - [24/May/2023:09:08:51 +0800] "GET /xingrg/check_reg.html?_=1684890532226 HTTP/1.1" 200 22
222.70.178.80 - - [24/May/2023:09:08:52 +0800] "GET /xingrg/all/function/internal_message.html?_=1684890532223&CODE_STATE=getMsg HTTP/1.1" 200 27
114.83.218.112 - - [24/May/2023:09:08:52 +0800] "GET /xingrg/kc/buy/cgsh_order_operate.html?command=get_materiel&rest_code=00149&code=00101008059&supplier_code=00100008&order_time=2023-05-24 HTTP/1.1" 200 408
222.70.178.80 - - [24/May/2023:09:08:58 +0800] "GET /xingrg/kc/buy/cgsh_order_operate.html?command=get_materiel&rest_code=00111&code=00101008291&supplier_code=00100005&order_time=2023-05-24 HTTP/1.1" 200 408
180.169.147.146 - - [24/May/2023:09:08:59 +0800] "GET /xingrg/all/function/internal_message.html?_=1684890539592&CODE_STATE=getMsg HTTP/1.1" 200 27
120.253.135.82 - - [24/May/2023:09:09:00 +0800] "GET /xingrg/all/function/internal_message.html?_=1684890679690&CODE_STATE=getMsg HTTP/1.1" 200 27
116.238.139.35 - - [24/May/2023:09:09:00 +0800] "GET /xingrg/kc/buy/cgsh_order_operate.html?command=get_materiel&rest_code=00150&code=00101008101&supplier_code=00100008&order_time=2023-05-24 HTTP/1.1" 200 412
114.83.218.112 - - [24/May/2023:09:09:01 +0800] "GET /xingrg/kc/buy/cgsh_order_operate.html?command=get_materiel&rest_code=00149&code=00101008077&supplier_code=00100008&order_time=2023-05-24 HTTP/1.1" 200 435
222.70.172.86 - - [24/May/2023:09:09:02 +0800] "POST /xingrg/services/DataTransmitService HTTP/1.1" 200 524
222.70.172.86 - - [24/May/2023:09:09:03 +0800] "POST /xingrg/services/DataTransmitService HTTP/1.1" 200 412
222.70.178.80 - - [24/May/2023:09:09:09 +0800] "GET /xingrg/kc/buy/cgsh_order_operate.html?command=get_materiel&rest_code=00111&code=00101008155&supplier_code=00100005&order_time=2023-05-24 HTTP/1.1" 200 408
101.83.145.52 - - [24/May/2023:09:09:10 +0800] "GET /xingrg/check_reg.html?_=1684890550380 HTTP/1.1" 200 22
101.83.145.52 - - [24/May/2023:09:09:10 +0800] "GET /xingrg/all/function/internal_message.html?_=1684890550425&CODE_STATE=getMsg HTTP/1.1" 200 27
116.238.139.35 - - [24/May/2023:09:09:10 +0800] "GET /xingrg/kc/buy/cgsh_order_operate.html?command=get_materiel&rest_code=00150&code=00101008370&supplier_code=00100008&order_time=2023-05-24 HTTP/1.1" 200 412
180.164.3.199 - - [24/May/2023:09:09:11 +0800] "GET /xingrg/all/function/internal_message.html?_=1684890551619&CODE_STATE=getMsg HTTP/1.1" 200 27
114.83.218.112 - - [24/May/2023:09:09:13 +0800] "GET /xingrg/kc/buy/cgsh_order_operate.html?command=get_materiel&rest_code=00149&code=00101008286&supplier_code=00100008&order_time=2023-05-24 HTTP/1.1" 200 408
116.232.195.127 - - [24/May/2023:09:09:14 +0800] "GET /xingrg/all/function/internal_message.html?_=1684890593334&CODE_STATE=getMsg HTTP/1.1" 200 27
116.232.195.127 - - [24/May/2023:09:09:14 +0800] "GET /xingrg/check_reg.html?_=1684890593342 HTTP/1.1" 200 22
116.237.73.194 - - [24/May/2023:09:09:17 +0800] "GET /xingrg/check_reg.html?_=1684890550357 HTTP/1.1" 200 22
116.237.73.194 - - [24/May/2023:09:09:19 +0800] "GET /xingrg/all/function/internal_message.html?_=1684890553294&CODE_STATE=getMsg HTTP/1.1" 200 27
101.83.145.52 - - [24/May/2023:09:09:20 +0800] "GET /xingrg/check_reg.html?_=1684890393519 HTTP/1.1" 200 22
101.83.145.52 - - [24/May/2023:09:09:20 +0800] "GET /xingrg/all/function/internal_message.html?_=1684890393521&CODE_STATE=getMsg HTTP/1.1" 200 27
116.238.139.35 - - [24/May/2023:09:09:24 +0800] "GET /xingrg/kc/buy/cgsh_order_operate.html?command=get_materiel&rest_code=00150&code=00101008141&supplier_code=00100008&order_time=2023-05-24 HTTP/1.1" 200 412
116.238.139.35 - - [24/May/2023:09:09:29 +0800] "GET /xingrg/all/function/internal_message.html?_=1684890567587&CODE_STATE=getMsg HTTP/1.1" 200 27
116.238.139.35 - - [24/May/2023:09:09:33 +0800] "GET /xingrg/kc/buy/cgsh_order_operate.html?command=get_materiel&rest_code=00150&code=00101008087&supplier_code=00100008&order_time=2023-05-24 HTTP/1.1" 200 412
222.70.178.80 - - [24/May/2023:09:09:37 +0800] "GET /xingrg/kc/buy/cgsh_order_operate.html?command=get_materiel&rest_code=00111&code=00101008350&supplier_code=00100005&order_time=2023-05-24 HTTP/1.1" 200 428
116.238.139.35 - - [24/May/2023:09:09:42 +0800] "GET /xingrg/check_reg.html?_=1684890497727 HTTP/1.1" 200 22
116.238.139.35 - - [24/May/2023:09:09:42 +0800] "GET /xingrg/all/function/internal_message.html?_=1684890497814&CODE_STATE=getMsg HTTP/1.1" 200 27
222.70.172.86 - - [24/May/2023:09:09:43 +0800] "GET /xingrg/all/function/internal_message.html?_=1684890592982&CODE_STATE=getMsg HTTP/1.1" 200 27
172.20.0.100 - - [24/May/2023:09:09:45 +0800] "GET /xingrg/all/function/internal_message.html?_=1684890592524&CODE_STATE=getMsg HTTP/1.1" 200 27
114.83.218.112 - - [24/May/2023:09:09:46 +0800] "GET /xingrg/all/function/internal_message.html?_=1684890583442&CODE_STATE=getMsg HTTP/1.1" 200 27
222.70.178.80 - - [24/May/2023:09:09:46 +0800] "POST /xingrg/kc/buy/cgsh_order_operate.html HTTP/1.1" 200 2065
116.238.139.35 - - [24/May/2023:09:09:48 +0800] "GET /xingrg/kc/buy/cgsh_order_operate.html?command=get_materiel&rest_code=00150&code=00101008144&supplier_code=00100008&order_time=2023-05-24 HTTP/1.1" 200 412
222.70.178.80 - - [24/May/2023:09:09:51 +0800] "GET /xingrg/all/function/internal_message.html?_=1684890592227&CODE_STATE=getMsg HTTP/1.1" 200 27
222.70.178.80 - - [24/May/2023:09:09:52 +0800] "GET /xingrg/kc/buy/cgsh_order_operate.html?command=get_materiel&rest_code=00111&code=00101008331&supplier_code=00100005&order_time=2023-05-24 HTTP/1.1" 200 435
116.238.139.35 - - [24/May/2023:09:09:57 +0800] "GET /xingrg/kc/buy/cgsh_order_operate.html?command=get_materiel&rest_code=00150&code=00101008024&supplier_code=00100008&order_time=2023-05-24 HTTP/1.1" 200 408
180.169.147.146 - - [24/May/2023:09:09:59 +0800] "GET /xingrg/all/function/internal_message.html?_=1684890599600&CODE_STATE=getMsg HTTP/1.1" 200 27
120.253.135.82 - - [24/May/2023:09:10:00 +0800] "GET /xingrg/all/function/internal_message.html?_=1684890739694&CODE_STATE=getMsg HTTP/1.1" 200 27
222.70.178.80 - - [24/May/2023:09:10:05 +0800] "GET /xingrg/kc/buy/cgsh_order_operate.html?command=get_materiel&rest_code=00111&code=00101008061&supplier_code=00100005&order_time=2023-05-24 HTTP/1.1" 200 441
116.238.139.35 - - [24/May/2023:09:10:09 +0800] "GET /xingrg/kc/buy/cgsh_order_operate.html?command=get_materiel&rest_code=00150&code=00101008356&supplier_code=00100008&order_time=2023-05-24 HTTP/1.1" 200 408
101.83.145.52 - - [24/May/2023:09:10:10 +0800] "GET /xingrg/all/function/internal_message.html?_=1684890610403&CODE_STATE=getMsg HTTP/1.1" 200 27
180.164.3.199 - - [24/May/2023:09:10:11 +0800] "GET /xingrg/all/function/internal_message.html?_=1684890611610&CODE_STATE=getMsg HTTP/1.1" 200 27
116.232.195.127 - - [24/May/2023:09:10:14 +0800] "GET /xingrg/all/function/internal_message.html?_=1684890653339&CODE_STATE=getMsg HTTP/1.1" 200 27
116.237.73.194 - - [24/May/2023:09:10:19 +0800] "GET /xingrg/all/function/internal_message.html?_=1684890613283&CODE_STATE=getMsg HTTP/1.1" 200 27
101.83.145.52 - - [24/May/2023:09:10:20 +0800] "GET /xingrg/all/function/internal_message.html?_=1684890453519&CODE_STATE=getMsg HTTP/1.1" 200 27
116.238.139.35 - - [24/May/2023:09:10:22 +0800] "GET /xingrg/kc/buy/cgsh_order_operate.html?command=get_materiel&rest_code=00150&code=00101008137&supplier_code=00100008&order_time=2023-05-24 HTTP/1.1" 200 427
116.238.139.35 - - [24/May/2023:09:10:29 +0800] "GET /xingrg/all/function/internal_message.html?_=1684890627571&CODE_STATE=getMsg HTTP/1.1" 200 27
222.70.178.80 - - [24/May/2023:09:10:34 +0800] "GET /xingrg/kc/buy/cgsh_order_operate.html?command=get_materiel&rest_code=00111&code=00101008041&supplier_code=00100005&order_time=2023-05-24 HTTP/1.1" 200 408
116.238.139.35 - - [24/May/2023:09:10:38 +0800] "GET /xingrg/kc/buy/cgsh_order_operate.html?command=get_materiel&rest_code=00150&code=00101008360&supplier_code=00100008&order_time=2023-05-24 HTTP/1.1" 200 412
222.70.178.80 - - [24/May/2023:09:10:42 +0800] "GET /xingrg/kc/buy/cgsh_order_operate.html?command=get_materiel&rest_code=00111&code=00101008114&supplier_code=00100005&order_time=2023-05-24 HTTP/1.1" 200 413
116.238.139.35 - - [24/May/2023:09:10:42 +0800] "GET /xingrg/all/function/internal_message.html?_=1684890557828&CODE_STATE=getMsg HTTP/1.1" 200 27
222.70.172.86 - - [24/May/2023:09:10:44 +0800] "GET /xingrg/all/function/internal_message.html?_=1684890653495&CODE_STATE=getMsg HTTP/1.1" 200 27
172.20.0.100 - - [24/May/2023:09:10:45 +0800] "GET /xingrg/all/function/internal_message.html?_=1684890652523&CODE_STATE=getMsg HTTP/1.1" 200 27
222.70.172.86 - - [24/May/2023:09:10:46 +0800] "GET /xingrg/check_reg.html?_=1684890655451 HTTP/1.1" 200 22
114.83.218.112 - - [24/May/2023:09:10:46 +0800] "GET /xingrg/all/function/internal_message.html?_=1684890643441&CODE_STATE=getMsg HTTP/1.1" 200 27
116.238.139.35 - - [24/May/2023:09:10:50 +0800] "GET /xingrg/kc/buy/cgsh_order_operate.html?command=get_materiel&rest_code=00150&code=00101008077&supplier_code=00100008&order_time=2023-05-24 HTTP/1.1" 200 435
222.70.178.80 - - [24/May/2023:09:10:52 +0800] "GET /xingrg/all/function/internal_message.html?_=1684890652235&CODE_STATE=getMsg HTTP/1.1" 200 27
180.169.147.146 - - [24/May/2023:09:10:59 +0800] "GET /xingrg/all/function/internal_message.html?_=1684890659607&CODE_STATE=getMsg HTTP/1.1" 200 27
120.253.135.82 - - [24/May/2023:09:11:00 +0800] "GET /xingrg/all/function/internal_message.html?_=1684890799699&CODE_STATE=getMsg HTTP/1.1" 200 27
120.253.135.82 - - [24/May/2023:09:11:00 +0800] "GET /xingrg/check_reg.html?_=1684890799699 HTTP/1.1" 200 22
116.238.139.35 - - [24/May/2023:09:11:03 +0800] "POST /xingrg/kc/buy/cgsh_order_operate.html HTTP/1.1" 200 37
116.238.139.35 - - [24/May/2023:09:11:06 +0800] "POST /xingrg/kc/buy/cgsh_order_operate.html HTTP/1.1" 200 13909
101.83.145.52 - - [24/May/2023:09:11:10 +0800] "GET /xingrg/all/function/internal_message.html?_=1684890670382&CODE_STATE=getMsg HTTP/1.1" 200 27
180.164.3.199 - - [24/May/2023:09:11:11 +0800] "GET /xingrg/all/function/internal_message.html?_=1684890671623&CODE_STATE=getMsg HTTP/1.1" 200 27
116.238.139.35 - - [24/May/2023:09:11:13 +0800] "GET /xingrg/kc/buy/cgsh_order_operate.html?command=get_materiel&rest_code=00150&code=00101008078&supplier_code=00100008&order_time=2023-05-24 HTTP/1.1" 200 416
116.232.195.127 - - [24/May/2023:09:11:14 +0800] "GET /xingrg/all/function/internal_message.html?_=1684890713324&CODE_STATE=getMsg HTTP/1.1" 200 27
116.237.73.194 - - [24/May/2023:09:11:19 +0800] "GET /xingrg/all/function/internal_message.html?_=1684890673255&CODE_STATE=getMsg HTTP/1.1" 200 27
101.83.145.52 - - [24/May/2023:09:11:20 +0800] "GET /xingrg/all/function/internal_message.html?_=1684890513519&CODE_STATE=getMsg HTTP/1.1" 200 27
116.238.139.35 - - [24/May/2023:09:11:20 +0800] "GET /xingrg/kc/buy/cgsh_order_operate.html?command=get_materiel&rest_code=00150&code=00101008079&supplier_code=00100008&order_time=2023-05-24 HTTP/1.1" 200 416
222.70.178.80 - - [24/May/2023:09:11:27 +0800] "GET /xingrg/kc/buy/cgsh_order_operate.html?command=get_materiel&rest_code=00111&code=00101008353&supplier_code=00100005&order_time=2023-05-24 HTTP/1.1" 200 408
116.238.139.35 - - [24/May/2023:09:11:29 +0800] "GET /xingrg/all/function/internal_message.html?_=1684890687553&CODE_STATE=getMsg HTTP/1.1" 200 27
222.70.178.80 - - [24/May/2023:09:11:32 +0800] "POST /xingrg/kc/buy/cgsh_order_operate.html HTTP/1.1" 200 2065
116.238.139.35 - - [24/May/2023:09:11:34 +0800] "GET /xingrg/kc/buy/cgsh_order_operate.html?command=get_materiel&rest_code=00150&code=00101008558&supplier_code=00100008&order_time=2023-05-24 HTTP/1.1" 200 409
222.70.178.80 - - [24/May/2023:09:11:37 +0800] "GET /xingrg/kc/buy/cgsh_order_operate.html?command=get_materiel&rest_code=00111&code=00101008069&supplier_code=00100005&order_time=2023-05-24 HTTP/1.1" 200 412
116.238.139.35 - - [24/May/2023:09:11:42 +0800] "GET /xingrg/all/function/internal_message.html?_=1684890617842&CODE_STATE=getMsg HTTP/1.1" 200 27
116.238.139.35 - - [24/May/2023:09:11:43 +0800] "GET /xingrg/kc/buy/cgsh_order_operate.html?command=get_materiel&rest_code=00150&code=00101008357&supplier_code=00100008&order_time=2023-05-24 HTTP/1.1" 200 408
222.70.172.86 - - [24/May/2023:09:11:44 +0800] "GET /xingrg/all/function/internal_message.html?_=1684890713509&CODE_STATE=getMsg HTTP/1.1" 200 27
172.20.0.100 - - [24/May/2023:09:11:45 +0800] "GET /xingrg/all/function/internal_message.html?_=1684890712524&CODE_STATE=getMsg HTTP/1.1" 200 27
114.83.218.112 - - [24/May/2023:09:11:46 +0800] "GET /xingrg/all/function/internal_message.html?_=1684890703442&CODE_STATE=getMsg HTTP/1.1" 200 27
222.70.178.80 - - [24/May/2023:09:11:48 +0800] "GET /xingrg/kc/buy/cgsh_order_operate.html?command=get_materiel&rest_code=00111&code=00101008233&supplier_code=00100005&order_time=2023-05-24 HTTP/1.1" 200 408
116.238.139.35 - - [24/May/2023:09:11:51 +0800] "GET /xingrg/kc/buy/cgsh_order_operate.html?command=get_materiel&rest_code=00150&code=00101008069&supplier_code=00100008&order_time=2023-05-24 HTTP/1.1" 200 412
222.70.178.80 - - [24/May/2023:09:11:52 +0800] "GET /xingrg/all/function/internal_message.html?_=1684890712273&CODE_STATE=getMsg HTTP/1.1" 200 27
218.81.78.189 - - [24/May/2023:09:11:53 +0800] "GET /xingrg/check_reg.html?_=1684890713048 HTTP/1.1" 200 22
116.238.139.35 - - [24/May/2023:09:11:59 +0800] "GET /xingrg/kc/buy/cgsh_order_operate.html?command=get_materiel&rest_code=00150&code=00101008286&supplier_code=00100008&order_time=2023-05-24 HTTP/1.1" 200 408
180.169.147.146 - - [24/May/2023:09:11:59 +0800] "GET /xingrg/all/function/internal_message.html?_=1684890719608&CODE_STATE=getMsg HTTP/1.1" 200 27
120.253.135.82 - - [24/May/2023:09:12:00 +0800] "GET /xingrg/all/function/internal_message.html?_=1684890859697&CODE_STATE=getMsg HTTP/1.1" 200 27
101.83.145.52 - - [24/May/2023:09:12:10 +0800] "GET /xingrg/all/function/internal_message.html?_=1684890730354&CODE_STATE=getMsg HTTP/1.1" 200 27
116.238.139.35 - - [24/May/2023:09:12:10 +0800] "POST /xingrg/kc/buy/cgsh_order_operate.html HTTP/1.1" 200 37
180.164.3.199 - - [24/May/2023:09:12:11 +0800] "GET /xingrg/check_reg.html?_=1684890731608 HTTP/1.1" 200 22
180.164.3.199 - - [24/May/2023:09:12:11 +0800] "GET /xingrg/all/function/internal_message.html?_=1684890731610&CODE_STATE=getMsg HTTP/1.1" 200 27
116.238.139.35 - - [24/May/2023:09:12:12 +0800] "POST /xingrg/kc/buy/cgsh_order_operate.html HTTP/1.1" 200 16865
114.83.218.112 - - [24/May/2023:09:12:13 +0800] "GET /xingrg/kc/buy/cgsh_order_operate.html?command=get_materiel&rest_code=00149&code=00101008036&supplier_code=00100008&order_time=2023-05-24 HTTP/1.1" 200 23
116.232.195.127 - - [24/May/2023:09:12:14 +0800] "GET /xingrg/all/function/internal_message.html?_=1684890773325&CODE_STATE=getMsg HTTP/1.1" 200 27
116.237.73.194 - - [24/May/2023:09:12:19 +0800] "GET /xingrg/all/function/internal_message.html?_=1684890733224&CODE_STATE=getMsg HTTP/1.1" 200 27
101.83.145.52 - - [24/May/2023:09:12:20 +0800] "GET /xingrg/all/function/internal_message.html?_=1684890573517&CODE_STATE=getMsg HTTP/1.1" 200 27
116.238.139.35 - - [24/May/2023:09:12:21 +0800] "GET /xingrg/kc/buy/cgsh_order_operate.html?command=get_materiel&rest_code=00150&code=00101008279&supplier_code=00100008&order_time=2023-05-24 HTTP/1.1" 200 412
114.83.218.112 - - [24/May/2023:09:12:25 +0800] "POST /xingrg/kc/buy/cgsh_order_operate.html HTTP/1.1" 200 37
222.70.178.80 - - [24/May/2023:09:12:25 +0800] "POST /xingrg/kc/buy/cgsh_order_operate.html HTTP/1.1" 200 2065
114.83.218.112 - - [24/May/2023:09:12:27 +0800] "POST /xingrg/kc/buy/cgsh_order_operate.html HTTP/1.1" 200 11537
116.238.139.35 - - [24/May/2023:09:12:29 +0800] "GET /xingrg/all/function/internal_message.html?_=1684890747530&CODE_STATE=getMsg HTTP/1.1" 200 27
116.238.139.35 - - [24/May/2023:09:12:30 +0800] "GET /xingrg/kc/buy/cgsh_order_operate.html?command=get_materiel&rest_code=00150&code=00101008694&supplier_code=00100008&order_time=2023-05-24 HTTP/1.1" 200 420
114.83.218.112 - - [24/May/2023:09:12:31 +0800] "GET /xingrg/login.html HTTP/1.1" 200 7641
114.83.218.112 - - [24/May/2023:09:12:31 +0800] "GET /favicon.ico HTTP/1.1" 404 -
222.70.178.80 - - [24/May/2023:09:12:35 +0800] "GET /xingrg/kc/buy/cgsh_order_operate.html?command=get_materiel&rest_code=00111&code=00101008439&supplier_code=00100005&order_time=2023-05-24 HTTP/1.1" 200 413
116.238.139.35 - - [24/May/2023:09:12:39 +0800] "GET /xingrg/kc/buy/cgsh_order_operate.html?command=get_materiel&rest_code=00150&code=00101008318&supplier_code=00100008&order_time=2023-05-24 HTTP/1.1" 200 408
114.83.218.112 - - [24/May/2023:09:12:40 +0800] "POST /xingrg/login.do HTTP/1.1" 302 -
114.83.218.112 - - [24/May/2023:09:12:41 +0800] "GET /xingrg/index.html?sysBaseUrl=http%3A%2F%2F180.169.147.146%3A18081%2Fxingrg%2F&costTime=1249×tamp=1684890760885 HTTP/1.1" 200 17179
114.83.218.112 - - [24/May/2023:09:12:41 +0800] "GET /favicon.ico HTTP/1.1" 404 -
114.83.218.112 - - [24/May/2023:09:12:41 +0800] "GET /xingrg/all/function/internal_message.html?_=1684890758603&CODE_STATE=count HTTP/1.1" 200 11
114.83.218.112 - - [24/May/2023:09:12:41 +0800] "GET /xingrg/check_reg.html?_=1684890758605 HTTP/1.1" 200 22
114.83.218.112 - - [24/May/2023:09:12:41 +0800] "POST /xingrg/all/common/load_tree.html?tree=area_rest_tree_json&manage=1 HTTP/1.1" 200 351
114.83.218.112 - - [24/May/2023:09:12:41 +0800] "POST /xingrg/load_menu.html HTTP/1.1" 200 5138
116.238.139.35 - - [24/May/2023:09:12:42 +0800] "GET /xingrg/all/function/internal_message.html?_=1684890677856&CODE_STATE=getMsg HTTP/1.1" 200 27
222.70.172.86 - - [24/May/2023:09:12:44 +0800] "GET /xingrg/all/function/internal_message.html?_=1684890773522&CODE_STATE=getMsg HTTP/1.1" 200 27
114.83.218.112 - - [24/May/2023:09:12:44 +0800] "GET /xingrg/kc/buy/cgsh_order_list.html HTTP/1.1" 200 55675
116.238.139.35 - - [24/May/2023:09:12:44 +0800] "GET /xingrg/check_reg.html?_=1684890762749 HTTP/1.1" 200 22
172.20.0.100 - - [24/May/2023:09:12:45 +0800] "GET /xingrg/all/function/internal_message.html?_=1684890772548&CODE_STATE=getMsg HTTP/1.1" 200 27
172.20.0.100 - - [24/May/2023:09:12:45 +0800] "GET /xingrg/check_reg.html?_=1684890772549 HTTP/1.1" 200 22
116.238.139.35 - - [24/May/2023:09:12:49 +0800] "GET /xingrg/kc/buy/cgsh_order_operate.html?command=get_materiel&rest_code=00150&code=00101008353&supplier_code=00100008&order_time=2023-05-24 HTTP/1.1" 200 408
114.83.218.112 - - [24/May/2023:09:12:49 +0800] "POST /xingrg/kc/buy/cgsh_list_operate.html HTTP/1.1" 200 1867
222.70.178.80 - - [24/May/2023:09:12:52 +0800] "GET /xingrg/all/function/internal_message.html?_=1684890772251&CODE_STATE=getMsg HTTP/1.1" 200 27
114.83.218.112 - - [24/May/2023:09:12:52 +0800] "POST /xingrg/kc/buy/cgsh_list_operate.html HTTP/1.1" 200 568
114.83.218.112 - - [24/May/2023:09:12:54 +0800] "GET /xingrg/kc/buy/cgsh_order_info.html?code=212023052408773 HTTP/1.1" 200 71548
114.83.218.112 - - [24/May/2023:09:12:54 +0800] "GET /xingrg/javascript/easyui/themes/default/validatebox.css HTTP/1.1" 404 1104
114.83.218.112 - - [24/May/2023:09:12:54 +0800] "GET /xingrg/all/common/auto_word.html?type=employee&rest_code=00149 HTTP/1.1" 200 197
114.83.218.112 - - [24/May/2023:09:12:54 +0800] "GET /xingrg/all/common/auto_word.html?type=employee&rest_code=00149 HTTP/1.1" 200 197
114.83.218.112 - - [24/May/2023:09:12:55 +0800] "POST /xingrg/kc/buy/cgsh_order_operate.html HTTP/1.1" 200 11537
114.83.218.112 - - [24/May/2023:09:12:59 +0800] "GET /xingrg/javascript/auto/indicator.gif HTTP/1.1" 404 1066
180.169.147.146 - - [24/May/2023:09:12:59 +0800] "GET /xingrg/check_reg.html?_=1684890779595 HTTP/1.1" 200 22
180.169.147.146 - - [24/May/2023:09:12:59 +0800] "GET /xingrg/all/function/internal_message.html?_=1684890779597&CODE_STATE=getMsg HTTP/1.1" 200 27
120.253.135.82 - - [24/May/2023:09:13:00 +0800] "GET /xingrg/all/function/internal_message.html?_=1684890919709&CODE_STATE=getMsg HTTP/1.1" 200 27
101.83.145.52 - - [24/May/2023:09:13:10 +0800] "GET /xingrg/all/function/internal_message.html?_=1684890790333&CODE_STATE=getMsg HTTP/1.1" 200 27
114.83.218.112 - - [24/May/2023:09:13:11 +0800] "GET /xingrg/kc/buy/cgsh_order_operate.html?command=get_materiel&rest_code=00149&code=00101008036&supplier_code=00100008&order_time=2023-05-24 HTTP/1.1" 200 408
116.238.139.35 - - [24/May/2023:09:13:11 +0800] "POST /xingrg/kc/buy/cgsh_order_operate.html HTTP/1.1" 200 37
180.164.3.199 - - [24/May/2023:09:13:11 +0800] "GET /xingrg/all/function/internal_message.html?_=1684890791623&CODE_STATE=getMsg HTTP/1.1" 200 27
116.238.139.35 - - [24/May/2023:09:13:14 +0800] "POST /xingrg/kc/buy/cgsh_order_operate.html HTTP/1.1" 200 19816
116.232.195.127 - - [24/May/2023:09:13:14 +0800] "GET /xingrg/all/function/internal_message.html?_=1684890833327&CODE_STATE=getMsg HTTP/1.1" 200 27
116.237.73.194 - - [24/May/2023:09:13:19 +0800] "GET /xingrg/all/function/internal_message.html?_=1684890793197&CODE_STATE=getMsg HTTP/1.1" 200 27
101.83.145.52 - - [24/May/2023:09:13:20 +0800] "GET /xingrg/all/function/internal_message.html?_=1684890633517&CODE_STATE=getMsg HTTP/1.1" 200 27
116.238.139.35 - - [24/May/2023:09:13:23 +0800] "GET /xingrg/kc/buy/cgsh_order_operate.html?command=get_materiel&rest_code=00150&code=00101008291&supplier_code=00100008&order_time=2023-05-24 HTTP/1.1" 200 408
114.83.218.112 - - [24/May/2023:09:13:23 +0800] "GET /xingrg/kc/buy/cgsh_order_operate.html?command=get_materiel&rest_code=00149&code=00101008131&supplier_code=00100008&order_time=2023-05-24 HTTP/1.1" 200 409
116.238.139.35 - - [24/May/2023:09:13:29 +0800] "GET /xingrg/all/function/internal_message.html?_=1684890807517&CODE_STATE=getMsg HTTP/1.1" 200 27
114.83.218.112 - - [24/May/2023:09:13:32 +0800] "GET /xingrg/kc/buy/cgsh_order_operate.html?command=get_materiel&rest_code=00149&code=00101008296&supplier_code=00100008&order_time=2023-05-24 HTTP/1.1" 200 416
116.238.139.35 - - [24/May/2023:09:13:38 +0800] "GET /xingrg/kc/buy/cgsh_order_operate.html?command=get_materiel&rest_code=00150&code=00101008312&supplier_code=00100008&order_time=2023-05-24 HTTP/1.1" 200 412
114.83.218.112 - - [24/May/2023:09:13:41 +0800] "GET /xingrg/all/function/internal_message.html?_=1684890818609&CODE_STATE=getMsg HTTP/1.1" 200 27
116.238.139.35 - - [24/May/2023:09:13:42 +0800] "GET /xingrg/all/function/internal_message.html?_=1684890737869&CODE_STATE=getMsg HTTP/1.1" 200 27
114.83.218.112 - - [24/May/2023:09:13:43 +0800] "GET /xingrg/kc/buy/cgsh_order_operate.html?command=get_materiel&rest_code=00149&code=00101008318&supplier_code=00100008&order_time=2023-05-24 HTTP/1.1" 200 408
222.70.172.86 - - [24/May/2023:09:13:44 +0800] "GET /xingrg/all/function/internal_message.html?_=1684890834053&CODE_STATE=getMsg HTTP/1.1" 200 27
172.20.0.100 - - [24/May/2023:09:13:45 +0800] "GET /xingrg/all/function/internal_message.html?_=1684890832547&CODE_STATE=getMsg HTTP/1.1" 200 27
114.83.218.112 - - [24/May/2023:09:13:51 +0800] "POST /xingrg/kc/buy/cgsh_order_operate.html HTTP/1.1" 200 2065
222.70.178.80 - - [24/May/2023:09:13:52 +0800] "GET /xingrg/check_reg.html?_=1684890832223 HTTP/1.1" 200 22
222.70.178.80 - - [24/May/2023:09:13:52 +0800] "GET /xingrg/all/function/internal_message.html?_=1684890832227&CODE_STATE=getMsg HTTP/1.1" 200 27
222.70.178.80 - - [24/May/2023:09:13:53 +0800] "POST /xingrg/kc/buy/cgsh_order_operate.html HTTP/1.1" 200 2065
114.83.218.112 - - [24/May/2023:09:13:57 +0800] "GET /xingrg/kc/buy/cgsh_order_operate.html?command=get_materiel&rest_code=00149&code=00101008352&supplier_code=00100008&order_time=2023-05-24 HTTP/1.1" 200 412
180.169.147.146 - - [24/May/2023:09:13:59 +0800] "GET /xingrg/all/function/internal_message.html?_=1684890839601&CODE_STATE=getMsg HTTP/1.1" 200 27
120.253.135.82 - - [24/May/2023:09:14:00 +0800] "GET /xingrg/all/function/internal_message.html?_=1684890979713&CODE_STATE=getMsg HTTP/1.1" 200 27
114.83.218.112 - - [24/May/2023:09:14:07 +0800] "GET /xingrg/kc/buy/cgsh_order_operate.html?command=get_materiel&rest_code=00149&code=00101008098&supplier_code=00100008&order_time=2023-05-24 HTTP/1.1" 200 412
101.83.145.52 - - [24/May/2023:09:14:10 +0800] "GET /xingrg/all/function/internal_message.html?_=1684890850313&CODE_STATE=getMsg HTTP/1.1" 200 27
101.83.145.52 - - [24/May/2023:09:14:10 +0800] "GET /xingrg/check_reg.html?_=1684890850358 HTTP/1.1" 200 22
180.164.3.199 - - [24/May/2023:09:14:11 +0800] "GET /xingrg/all/function/internal_message.html?_=1684890851619&CODE_STATE=getMsg HTTP/1.1" 200 27
116.232.195.127 - - [24/May/2023:09:14:14 +0800] "GET /xingrg/all/function/internal_message.html?_=1684890893330&CODE_STATE=getMsg HTTP/1.1" 200 27
116.232.195.127 - - [24/May/2023:09:14:14 +0800] "GET /xingrg/check_reg.html?_=1684890893333 HTTP/1.1" 200 22
116.237.73.194 - - [24/May/2023:09:14:17 +0800] "GET /xingrg/check_reg.html?_=1684890850360 HTTP/1.1" 200 22
116.238.139.35 - - [24/May/2023:09:14:18 +0800] "GET /xingrg/kc/buy/cgsh_order_operate.html?command=get_materiel&rest_code=00150&code=00101008229&supplier_code=00100008&order_time=2023-05-24 HTTP/1.1" 200 420
114.83.218.112 - - [24/May/2023:09:14:19 +0800] "GET /xingrg/kc/buy/cgsh_order_operate.html?command=get_materiel&rest_code=00149&code=00101008005&supplier_code=00100008&order_time=2023-05-24 HTTP/1.1" 200 412
116.237.73.194 - - [24/May/2023:09:14:19 +0800] "GET /xingrg/all/function/internal_message.html?_=1684890853171&CODE_STATE=getMsg HTTP/1.1" 200 27
101.83.145.52 - - [24/May/2023:09:14:20 +0800] "GET /xingrg/all/function/internal_message.html?_=1684890693518&CODE_STATE=getMsg HTTP/1.1" 200 27
101.83.145.52 - - [24/May/2023:09:14:20 +0800] "GET /xingrg/check_reg.html?_=1684890693525 HTTP/1.1" 200 22
114.83.218.112 - - [24/May/2023:09:14:29 +0800] "GET /xingrg/kc/buy/cgsh_order_operate.html?command=get_materiel&rest_code=00149&code=00101008353&supplier_code=00100008&order_time=2023-05-24 HTTP/1.1" 200 408
116.238.139.35 - - [24/May/2023:09:14:29 +0800] "GET /xingrg/all/function/internal_message.html?_=1684890867500&CODE_STATE=getMsg HTTP/1.1" 200 27
116.238.139.35 - - [24/May/2023:09:14:35 +0800] "GET /xingrg/kc/buy/cgsh_order_operate.html?command=get_materiel&rest_code=00150&code=00101008114&supplier_code=00100008&order_time=2023-05-24 HTTP/1.1" 200 413
114.83.218.112 - - [24/May/2023:09:14:40 +0800] "GET /xingrg/kc/buy/cgsh_order_operate.html?command=get_materiel&rest_code=00149&code=00101008359&supplier_code=00100008&order_time=2023-05-24 HTTP/1.1" 200 408
114.83.218.112 - - [24/May/2023:09:14:41 +0800] "GET /xingrg/all/function/internal_message.html?_=1684890878618&CODE_STATE=getMsg HTTP/1.1" 200 27
116.238.139.35 - - [24/May/2023:09:14:42 +0800] "GET /xingrg/check_reg.html?_=1684890797727 HTTP/1.1" 200 22
116.238.139.35 - - [24/May/2023:09:14:42 +0800] "GET /xingrg/all/function/internal_message.html?_=1684890798004&CODE_STATE=getMsg HTTP/1.1" 200 27
114.83.218.112 - - [24/May/2023:09:14:43 +0800] "POST /xingrg/kc/buy/cgsh_order_operate.html HTTP/1.1" 200 2065
222.70.172.86 - - [24/May/2023:09:14:44 +0800] "GET /xingrg/all/function/internal_message.html?_=1684890894063&CODE_STATE=getMsg HTTP/1.1" 200 27
172.20.0.100 - - [24/May/2023:09:14:45 +0800] "GET /xingrg/all/function/internal_message.html?_=1684890892545&CODE_STATE=getMsg HTTP/1.1" 200 27
116.238.139.35 - - [24/May/2023:09:14:46 +0800] "GET /xingrg/kc/buy/cgsh_order_operate.html?command=get_materiel&rest_code=00150&code=00101009015&supplier_code=00100008&order_time=2023-05-24 HTTP/1.1" 200 416
114.83.218.112 - - [24/May/2023:09:14:49 +0800] "GET /xingrg/kc/buy/cgsh_order_operate.html?command=get_materiel&rest_code=00149&code=00101008213&supplier_code=00100008&order_time=2023-05-24 HTTP/1.1" 200 412
180.169.147.146 - - [24/May/2023:09:14:51 +0800] "GET /xingrg/kc/buy/buy_main.html HTTP/1.1" 200 12412
180.169.147.146 - - [24/May/2023:09:14:51 +0800] "GET /xingrg/css/new_ie.css HTTP/1.1" 404 1036
180.169.147.146 - - [24/May/2023:09:14:51 +0800] "GET /xingrg/images/yd/bt.gif HTTP/1.1" 404 1040
222.70.178.80 - - [24/May/2023:09:14:52 +0800] "GET /xingrg/all/function/internal_message.html?_=1684890892260&CODE_STATE=getMsg HTTP/1.1" 200 27
180.169.147.146 - - [24/May/2023:09:14:53 +0800] "GET /xingrg/kc/buy/cgsh_order_list.html HTTP/1.1" 200 55675
180.169.147.146 - - [24/May/2023:09:14:54 +0800] "GET /xingrg/kc/buy/cgsh_order_list.html HTTP/1.1" 200 55675
180.169.147.146 - - [24/May/2023:09:14:54 +0800] "GET /favicon.ico HTTP/1.1" 404 -
116.238.139.35 - - [24/May/2023:09:14:57 +0800] "POST /xingrg/kc/buy/cgsh_order_operate.html HTTP/1.1" 200 37
116.238.139.35 - - [24/May/2023:09:14:59 +0800] "POST /xingrg/kc/buy/cgsh_order_operate.html HTTP/1.1" 200 22783
180.169.147.146 - - [24/May/2023:09:14:59 +0800] "GET /xingrg/all/function/internal_message.html?_=1684890899605&CODE_STATE=getMsg HTTP/1.1" 200 27
180.169.147.146 - - [24/May/2023:09:15:00 +0800] "POST /xingrg/kc/buy/cgsh_list_operate.html HTTP/1.1" 200 6053
114.83.218.112 - - [24/May/2023:09:15:00 +0800] "GET /xingrg/kc/buy/cgsh_order_operate.html?command=get_materiel&rest_code=00149&code=00101008095&supplier_code=00100008&order_time=2023-05-24 HTTP/1.1" 200 412
120.253.135.82 - - [24/May/2023:09:15:00 +0800] "GET /xingrg/all/function/internal_message.html?_=1684891039718&CODE_STATE=getMsg HTTP/1.1" 200 27
180.169.147.146 - - [24/May/2023:09:15:00 +0800] "POST /xingrg/kc/buy/cgsh_list_operate.html HTTP/1.1" 200 6053
116.238.139.35 - - [24/May/2023:09:15:06 +0800] "GET /xingrg/kc/buy/cgsh_order_operate.html?command=get_materiel&rest_code=00150&code=00101008150&supplier_code=00100008&order_time=2023-05-24 HTTP/1.1" 200 428
101.83.145.52 - - [24/May/2023:09:15:10 +0800] "GET /xingrg/all/function/internal_message.html?_=1684890910312&CODE_STATE=getMsg HTTP/1.1" 200 27
180.164.3.199 - - [24/May/2023:09:15:11 +0800] "GET /xingrg/all/function/internal_message.html?_=1684890911620&CODE_STATE=getMsg HTTP/1.1" 200 27
114.83.218.112 - - [24/May/2023:09:15:12 +0800] "GET /xingrg/kc/buy/cgsh_order_operate.html?command=get_materiel&rest_code=00149&code=00101008041&supplier_code=00100008&order_time=2023-05-24 HTTP/1.1" 200 408
116.232.195.127 - - [24/May/2023:09:15:14 +0800] "GET /xingrg/all/function/internal_message.html?_=1684890953328&CODE_STATE=getMsg HTTP/1.1" 200 27
