101.83.145.52 - - [24/May/2023:10:25:20 +0800] "GET /xingrg/all/function/internal_message.html?_=1684894953630&CODE_STATE=getMsg HTTP/1.1" 200 27
114.83.218.112 - - [24/May/2023:10:25:22 +0800] "GET /xingrg/kc/base/wldb_order_operate.html?command=get_materiel&rest_code=00149&base_code=0010394&code=00101019422 HTTP/1.1" 200 472
180.164.3.199 - - [24/May/2023:10:25:22 +0800] "GET /xingrg/all/function/internal_message.html?_=1684895122409&CODE_STATE=getMsg HTTP/1.1" 200 27
114.83.218.112 - - [24/May/2023:10:25:25 +0800] "GET /xingrg/kc/base/wldb_order_operate.html?command=get_materiel&rest_code=00149&base_code=0010394&code=00101019185 HTTP/1.1" 200 469
116.238.139.35 - - [24/May/2023:10:25:28 +0800] "GET /xingrg/all/function/internal_message.html?_=1684895126432&CODE_STATE=getMsg HTTP/1.1" 200 27
114.83.218.112 - - [24/May/2023:10:25:28 +0800] "GET /xingrg/kc/base/wldb_order_operate.html?command=get_materiel&rest_code=00149&base_code=0010394&code=00101019391 HTTP/1.1" 200 485
114.83.218.112 - - [24/May/2023:10:25:32 +0800] "GET /xingrg/kc/base/wldb_order_operate.html?command=get_materiel&rest_code=00149&base_code=0010394&code=00101019438 HTTP/1.1" 200 461
114.83.218.112 - - [24/May/2023:10:25:36 +0800] "GET /xingrg/kc/base/wldb_order_operate.html?command=get_materiel&rest_code=00149&base_code=0010394&code=00101016076 HTTP/1.1" 200 477
114.83.218.112 - - [24/May/2023:10:25:40 +0800] "GET /xingrg/all/function/internal_message.html?_=1684895137719&CODE_STATE=getMsg HTTP/1.1" 200 27
222.70.178.80 - - [24/May/2023:10:25:40 +0800] "POST /xingrg/services/DataTransmitService HTTP/1.1" 200 501
114.83.218.112 - - [24/May/2023:10:25:44 +0800] "GET /xingrg/kc/base/wldb_order_operate.html?command=get_materiel&rest_code=00149&base_code=0010394&code=00101019527 HTTP/1.1" 200 473
172.20.0.100 - - [24/May/2023:10:25:45 +0800] "GET /xingrg/all/function/internal_message.html?_=1684895152594&CODE_STATE=getMsg HTTP/1.1" 200 27
116.238.139.35 - - [24/May/2023:10:25:45 +0800] "GET /xingrg/all/function/internal_message.html?_=1684895061233&CODE_STATE=getMsg HTTP/1.1" 200 27
222.70.172.86 - - [24/May/2023:10:25:46 +0800] "GET /xingrg/check_reg.html?_=1684895156074 HTTP/1.1" 200 22
114.83.218.112 - - [24/May/2023:10:25:48 +0800] "GET /xingrg/kc/base/wldb_order_operate.html?command=get_materiel&rest_code=00149&base_code=0010394&code=00101016094 HTTP/1.1" 200 469
114.83.218.112 - - [24/May/2023:10:25:53 +0800] "GET /xingrg/kc/base/wldb_order_operate.html?command=get_materiel&rest_code=00149&base_code=0010394&code=00101019773 HTTP/1.1" 200 441
124.79.240.114 - - [24/May/2023:10:25:54 +0800] "GET /xingrg/all/function/internal_message.html?_=1684895432861&CODE_STATE=getMsg HTTP/1.1" 200 27
180.164.3.199 - - [24/May/2023:10:25:56 +0800] "GET /xingrg/kc/buy/cgsh_order_operate.html?command=get_materiel&rest_code=00108&code=00101008175&supplier_code=00100007&order_time=2023-05-24 HTTP/1.1" 200 412
180.169.147.146 - - [24/May/2023:10:25:59 +0800] "GET /xingrg/all/function/internal_message.html?_=1684895159604&CODE_STATE=getMsg HTTP/1.1" 200 27
114.83.218.112 - - [24/May/2023:10:25:59 +0800] "GET /xingrg/kc/base/wldb_order_operate.html?command=get_materiel&rest_code=00149&base_code=0010394&code=00101019450 HTTP/1.1" 200 481
222.69.129.217 - - [24/May/2023:10:25:59 +0800] "GET /xingrg/all/function/internal_message.html?_=1684895257545&CODE_STATE=getMsg HTTP/1.1" 200 27
180.152.240.15 - - [24/May/2023:10:26:00 +0800] "GET /xingrg/all/function/internal_message.html?_=1684895162371&CODE_STATE=getMsg HTTP/1.1" 200 27
222.70.178.80 - - [24/May/2023:10:26:06 +0800] "POST /xingrg/services/DataTransmitService HTTP/1.1" 200 501
222.70.178.80 - - [24/May/2023:10:26:08 +0800] "POST /xingrg/services/DataTransmitService HTTP/1.1" 200 501
180.169.147.146 - - [24/May/2023:10:26:09 +0800] "GET /xingrg/all/function/internal_message.html?_=1684895169454&CODE_STATE=getMsg HTTP/1.1" 200 27
180.152.240.15 - - [24/May/2023:10:26:11 +0800] "GET /xingrg/kc/base/wldb_order_add.html HTTP/1.1" 200 30377
180.152.240.15 - - [24/May/2023:10:26:11 +0800] "POST /xingrg/kc/base/wldb_order_operate.html HTTP/1.1" 200 6806
180.152.240.15 - - [24/May/2023:10:26:11 +0800] "GET /xingrg/javascript/easyui/themes/default/validatebox.css HTTP/1.1" 404 1104
222.70.172.86 - - [24/May/2023:10:26:11 +0800] "GET /xingrg/all/function/internal_message.html?_=1684895181205&CODE_STATE=getMsg HTTP/1.1" 200 27
180.164.3.199 - - [24/May/2023:10:26:12 +0800] "GET /xingrg/kc/buy/cgsh_order_operate.html?command=get_materiel&rest_code=00108&code=00101008150&supplier_code=00100007&order_time=2023-05-24 HTTP/1.1" 200 428
180.152.240.15 - - [24/May/2023:10:26:12 +0800] "POST /xingrg/all/common/load_combo.html?type=base HTTP/1.1" 200 3321
116.232.195.127 - - [24/May/2023:10:26:14 +0800] "GET /xingrg/all/function/internal_message.html?_=1684895213344&CODE_STATE=getMsg HTTP/1.1" 200 27
101.83.145.52 - - [24/May/2023:10:26:14 +0800] "GET /xingrg/all/function/internal_message.html?_=1684895175018&CODE_STATE=getMsg HTTP/1.1" 200 27
222.70.178.80 - - [24/May/2023:10:26:16 +0800] "POST /xingrg/services/DataTransmitService HTTP/1.1" 200 501
222.67.238.82 - - [24/May/2023:10:26:16 +0800] "GET /xingrg/all/function/internal_message.html?_=1684894688171&CODE_STATE=getMsg HTTP/1.1" 200 27
222.70.178.80 - - [24/May/2023:10:26:17 +0800] "POST /xingrg/services/DataTransmitService HTTP/1.1" 200 501
180.152.240.15 - - [24/May/2023:10:26:17 +0800] "POST /xingrg/all/common/load_combo.html?type=base HTTP/1.1" 200 3321
116.237.73.194 - - [24/May/2023:10:26:18 +0800] "GET /xingrg/all/function/internal_message.html?_=1684895171495&CODE_STATE=getMsg HTTP/1.1" 200 27
222.70.178.80 - - [24/May/2023:10:26:18 +0800] "POST /xingrg/services/DataTransmitService HTTP/1.1" 200 501
222.70.178.80 - - [24/May/2023:10:26:20 +0800] "POST /xingrg/services/DataTransmitService HTTP/1.1" 200 412
101.83.145.52 - - [24/May/2023:10:26:20 +0800] "GET /xingrg/all/function/internal_message.html?_=1684895013615&CODE_STATE=getMsg HTTP/1.1" 200 27
114.83.218.112 - - [24/May/2023:10:26:21 +0800] "POST /xingrg/kc/base/wldb_order_operate.html HTTP/1.1" 200 37
114.83.218.112 - - [24/May/2023:10:26:22 +0800] "POST /xingrg/kc/base/wldb_order_operate.html HTTP/1.1" 200 6225
180.164.3.199 - - [24/May/2023:10:26:22 +0800] "GET /xingrg/all/function/internal_message.html?_=1684895182391&CODE_STATE=getMsg HTTP/1.1" 200 27
180.164.3.199 - - [24/May/2023:10:26:23 +0800] "GET /xingrg/kc/buy/cgsh_order_operate.html?command=get_materiel&rest_code=00108&code=00101008229&supplier_code=00100007&order_time=2023-05-24 HTTP/1.1" 200 420
114.83.218.112 - - [24/May/2023:10:26:23 +0800] "GET /xingrg/kc/base/wldb_order_info.html?code=422023052401892 HTTP/1.1" 200 30402
114.83.218.112 - - [24/May/2023:10:26:23 +0800] "GET /xingrg/javascript/easyui/themes/default/validatebox.css HTTP/1.1" 404 1104
114.83.218.112 - - [24/May/2023:10:26:24 +0800] "POST /xingrg/kc/base/wldb_order_operate.html HTTP/1.1" 200 6225
114.83.218.112 - - [24/May/2023:10:26:27 +0800] "GET /xingrg/kc/base/wldb_order_add.html HTTP/1.1" 200 30387
114.83.218.112 - - [24/May/2023:10:26:27 +0800] "POST /xingrg/kc/base/wldb_order_operate.html HTTP/1.1" 200 6806
114.83.218.112 - - [24/May/2023:10:26:27 +0800] "GET /xingrg/javascript/easyui/themes/default/validatebox.css HTTP/1.1" 404 1104
116.238.139.35 - - [24/May/2023:10:26:28 +0800] "GET /xingrg/all/function/internal_message.html?_=1684895186415&CODE_STATE=getMsg HTTP/1.1" 200 27
180.169.147.146 - - [24/May/2023:10:26:28 +0800] "GET /xingrg/check_reg.html?_=1684895189535 HTTP/1.1" 200 22
180.164.3.199 - - [24/May/2023:10:26:33 +0800] "GET /xingrg/kc/buy/cgsh_order_operate.html?command=get_materiel&rest_code=00108&code=00101008168&supplier_code=00100007&order_time=2023-05-24 HTTP/1.1" 200 432
114.83.218.112 - - [24/May/2023:10:26:36 +0800] "GET /xingrg/kc/base/wldb_order_operate.html?command=get_materiel&rest_code=00149&base_code=0010395&code=00102002831 HTTP/1.1" 200 439
114.83.218.112 - - [24/May/2023:10:26:40 +0800] "GET /xingrg/all/function/internal_message.html?_=1684895197696&CODE_STATE=getMsg HTTP/1.1" 200 27
180.164.3.199 - - [24/May/2023:10:26:42 +0800] "GET /xingrg/kc/buy/cgsh_order_operate.html?command=get_materiel&rest_code=00108&code=00101008061&supplier_code=00100007&order_time=2023-05-24 HTTP/1.1" 200 441
172.20.0.100 - - [24/May/2023:10:26:45 +0800] "GET /xingrg/all/function/internal_message.html?_=1684895212594&CODE_STATE=getMsg HTTP/1.1" 200 27
116.238.139.35 - - [24/May/2023:10:26:46 +0800] "GET /xingrg/all/function/internal_message.html?_=1684895121254&CODE_STATE=getMsg HTTP/1.1" 200 27
116.232.195.127 - - [24/May/2023:10:26:46 +0800] "GET /xingrg/login.html HTTP/1.1" 200 7641
116.232.195.127 - - [24/May/2023:10:26:47 +0800] "GET /favicon.ico HTTP/1.1" 404 -
180.164.3.199 - - [24/May/2023:10:26:51 +0800] "GET /xingrg/kc/buy/cgsh_order_operate.html?command=get_materiel&rest_code=00108&code=00101008558&supplier_code=00100007&order_time=2023-05-24 HTTP/1.1" 200 409
116.232.195.127 - - [24/May/2023:10:26:52 +0800] "POST /xingrg/login.do HTTP/1.1" 302 -
116.232.195.127 - - [24/May/2023:10:26:53 +0800] "GET /xingrg/index.html?sysBaseUrl=http%3A%2F%2F180.169.147.146%3A18081%2Fxingrg%2F&costTime=945×tamp=1684895212967 HTTP/1.1" 200 17503
116.232.195.127 - - [24/May/2023:10:26:53 +0800] "GET /favicon.ico HTTP/1.1" 404 -
116.232.195.127 - - [24/May/2023:10:26:53 +0800] "GET /xingrg/check_reg.html?_=1684895213637 HTTP/1.1" 200 22
116.232.195.127 - - [24/May/2023:10:26:53 +0800] "GET /xingrg/all/function/internal_message.html?_=1684895213636&CODE_STATE=count HTTP/1.1" 200 11
116.232.195.127 - - [24/May/2023:10:26:53 +0800] "POST /xingrg/all/common/load_tree.html?tree=area_rest_tree_json&manage=1 HTTP/1.1" 200 3499
116.232.195.127 - - [24/May/2023:10:26:53 +0800] "POST /xingrg/load_menu.html HTTP/1.1" 200 11443
218.81.78.189 - - [24/May/2023:10:26:53 +0800] "GET /xingrg/check_reg.html?_=1684895212877 HTTP/1.1" 200 22
124.79.240.114 - - [24/May/2023:10:26:54 +0800] "GET /xingrg/all/function/internal_message.html?_=1684895492859&CODE_STATE=getMsg HTTP/1.1" 200 27
116.232.195.127 - - [24/May/2023:10:26:58 +0800] "POST /xingrg/all/user/operate.html HTTP/1.1" 200 36
116.232.195.127 - - [24/May/2023:10:26:58 +0800] "GET /xingrg/index.html?sysBaseUrl=http%3A%2F%2F180.169.147.146%3A18081%2Fxingrg%2F&costTime=945×tamp=1684895212967 HTTP/1.1" 200 17509
116.232.195.127 - - [24/May/2023:10:26:58 +0800] "GET /xingrg/javascript/jquery_easy_ui/themes/default/easyui.css HTTP/1.1" 304 -
116.232.195.127 - - [24/May/2023:10:26:58 +0800] "GET /xingrg/javascript/jquery_easy_ui/themes/icon.css HTTP/1.1" 304 -
116.232.195.127 - - [24/May/2023:10:26:58 +0800] "GET /xingrg/css/form.css HTTP/1.1" 304 -
116.232.195.127 - - [24/May/2023:10:26:58 +0800] "GET /xingrg/javascript/jquery-1.4.2.min.js HTTP/1.1" 304 -
116.232.195.127 - - [24/May/2023:10:26:58 +0800] "GET /xingrg/javascript/jquery_easy_ui/jquery.easyui.min.js HTTP/1.1" 304 -
116.232.195.127 - - [24/May/2023:10:26:58 +0800] "GET /xingrg/javascript/jquery_easy_ui/easyui-lang-zh_CN.js HTTP/1.1" 304 -
116.232.195.127 - - [24/May/2023:10:26:58 +0800] "GET /xingrg/javascript/jquery.form.js HTTP/1.1" 304 -
116.232.195.127 - - [24/May/2023:10:26:58 +0800] "GET /xingrg/javascript/jquery.utils.js HTTP/1.1" 304 -
116.232.195.127 - - [24/May/2023:10:26:58 +0800] "GET /xingrg/javascript/jquery.timers.js HTTP/1.1" 304 -
116.232.195.127 - - [24/May/2023:10:26:58 +0800] "GET /xingrg/images/blue/jxLogo.png HTTP/1.1" 304 -
116.232.195.127 - - [24/May/2023:10:26:58 +0800] "GET /xingrg/images/blue/navBackgound.jpg HTTP/1.1" 304 -
116.232.195.127 - - [24/May/2023:10:26:58 +0800] "GET /xingrg/javascript/jquery_easy_ui/themes/icons/settle_new.png HTTP/1.1" 304 -
116.232.195.127 - - [24/May/2023:10:26:59 +0800] "GET /xingrg/all/function/internal_message.html?_=1684895219012&CODE_STATE=count HTTP/1.1" 200 11
116.232.195.127 - - [24/May/2023:10:26:59 +0800] "GET /xingrg/check_reg.html?_=1684895219012 HTTP/1.1" 200 22
116.232.195.127 - - [24/May/2023:10:26:59 +0800] "GET /xingrg/javascript/jquery_easy_ui/themes/default/images/tabs_leftarrow.png HTTP/1.1" 304 -
116.232.195.127 - - [24/May/2023:10:26:59 +0800] "GET /xingrg/javascript/jquery_easy_ui/themes/default/images/panel_tool_expand.gif HTTP/1.1" 304 -
116.232.195.127 - - [24/May/2023:10:26:59 +0800] "GET /xingrg/javascript/jquery_easy_ui/themes/default/images/panel_tool_collapse.gif HTTP/1.1" 304 -
116.232.195.127 - - [24/May/2023:10:26:59 +0800] "GET /xingrg/javascript/jquery_easy_ui/themes/default/images/tabs_rightarrow.png HTTP/1.1" 304 -
116.232.195.127 - - [24/May/2023:10:26:59 +0800] "GET /xingrg/images/blue/pingpu.png HTTP/1.1" 304 -
116.232.195.127 - - [24/May/2023:10:26:59 +0800] "POST /xingrg/all/common/load_tree.html?tree=area_rest_tree_json&manage=1 HTTP/1.1" 200 3499
116.232.195.127 - - [24/May/2023:10:26:59 +0800] "POST /xingrg/load_menu.html HTTP/1.1" 200 9959
180.169.147.146 - - [24/May/2023:10:26:59 +0800] "GET /xingrg/all/function/internal_message.html?_=1684895219592&CODE_STATE=getMsg HTTP/1.1" 200 27
222.69.129.217 - - [24/May/2023:10:26:59 +0800] "GET /xingrg/all/function/internal_message.html?_=1684895317521&CODE_STATE=getMsg HTTP/1.1" 200 27
180.152.240.15 - - [24/May/2023:10:27:00 +0800] "GET /xingrg/all/function/internal_message.html?_=1684895222369&CODE_STATE=getMsg HTTP/1.1" 200 27
116.232.195.127 - - [24/May/2023:10:27:01 +0800] "GET /xingrg/kc/buy/buy_main.html HTTP/1.1" 200 12412
116.232.195.127 - - [24/May/2023:10:27:01 +0800] "GET /xingrg/css/new_ie.css HTTP/1.1" 404 1036
180.152.240.15 - - [24/May/2023:10:27:01 +0800] "GET /xingrg/check_reg.html?_=1684895223201 HTTP/1.1" 200 22
116.232.195.127 - - [24/May/2023:10:27:01 +0800] "GET /xingrg/images/yd/bt.gif HTTP/1.1" 404 1040
116.232.195.127 - - [24/May/2023:10:27:02 +0800] "GET /xingrg/kc/buy/cgsh_order_list.html HTTP/1.1" 200 55930
116.232.195.127 - - [24/May/2023:10:27:05 +0800] "POST /xingrg/kc/buy/cgsh_list_operate.html HTTP/1.1" 200 986
114.83.218.112 - - [24/May/2023:10:27:06 +0800] "GET /xingrg/kc/base/wldb_order_add.html HTTP/1.1" 200 30387
180.164.3.199 - - [24/May/2023:10:27:06 +0800] "GET /xingrg/kc/buy/cgsh_order_operate.html?command=get_materiel&rest_code=00108&code=00101008069&supplier_code=00100007&order_time=2023-05-24 HTTP/1.1" 200 412
114.83.218.112 - - [24/May/2023:10:27:07 +0800] "GET /xingrg/javascript/easyui/themes/default/validatebox.css HTTP/1.1" 404 1104
114.83.218.112 - - [24/May/2023:10:27:07 +0800] "POST /xingrg/kc/base/wldb_order_operate.html HTTP/1.1" 200 6806
180.169.147.146 - - [24/May/2023:10:27:09 +0800] "GET /xingrg/check_reg.html?_=1684895229368 HTTP/1.1" 200 22
180.169.147.146 - - [24/May/2023:10:27:09 +0800] "GET /xingrg/all/function/internal_message.html?_=1684895229433&CODE_STATE=getMsg HTTP/1.1" 200 27
180.169.147.146 - - [24/May/2023:10:27:10 +0800] "GET /xingrg/all/report/report_query.html?isQuery=1&fileName=kc/buy/wlcg_cate_hz.xml&queryString=(CONVERT(char(10)%252Ca.order_time%252C%2520120)%253E%253D'2021-09-01')%2520and%2520(CONVERT(char(10)%252Ca.order_time%252C%2520120)%253C%253D'2023-02-28')%2520and%2520(a.supplier_code%2520in%2520('00100017'))%2520and%2520(a.supplier_code%253D'00100017')&queryText=%25E3%2580%2590%25E9%2587%2587%25E8%25B4%25AD%25E6%2597%25A5%25E6%259C%259F%253A2021-09-01%2520%25E8%2587%25B3%25202023-02-28%25E3%2580%2591%2520%25E5%25B9%25B6%25E4%25B8%2594%2520%2520%25E3%2580%2590%25E4%25BE%259B%25E5%25BA%2594%25E5%2595%2586%2520%253D%2520%25E9%2585%2592%25E6%25B0%25B4%25EF%25BC%2588%25E9%25BE%2599%25E5%25B7%259D%25EF%25BC%2589%25E3%2580%2591%2520%25E5%25B9%25B6%25E4%25B8%2594%2520%25E3%2580%2590%25E4%25BE%259B%25E5%25BA%2594%25E5%2595%2586%253D%25E9%2585%2592%25E6%25B0%25B4%25EF%25BC%2588%25E9%25BE%2599%25E5%25B7%259D%25EF%25BC%2589%25E3%2580%2591 HTTP/1.1" 200 54457
180.169.147.146 - - [24/May/2023:10:27:10 +0800] "GET /xingrg/dwr/interface/AjaxReportQueryService.js HTTP/1.1" 200 13203
180.169.147.146 - - [24/May/2023:10:27:10 +0800] "GET /xingrg/dwr/engine.js HTTP/1.1" 200 43631
116.232.195.127 - - [24/May/2023:10:27:10 +0800] "GET /xingrg/javascript/jquery_tools/images/next.gif HTTP/1.1" 404 1086
116.232.195.127 - - [24/May/2023:10:27:10 +0800] "GET /xingrg/javascript/jquery_tools/images/prev.gif HTTP/1.1" 404 1086
222.70.172.86 - - [24/May/2023:10:27:11 +0800] "GET /xingrg/all/function/internal_message.html?_=1684895241219&CODE_STATE=getMsg HTTP/1.1" 200 27
180.164.3.199 - - [24/May/2023:10:27:12 +0800] "GET /xingrg/check_reg.html?_=1684895231724 HTTP/1.1" 200 22
180.169.147.146 - - [24/May/2023:10:27:13 +0800] "POST /xingrg/all/report/load_report_page.html HTTP/1.1" 200 8712
180.169.147.146 - - [24/May/2023:10:27:13 +0800] "GET /xingrg/servlets/image?cache=0.9812092571483126&image=px HTTP/1.1" 200 807
116.232.195.127 - - [24/May/2023:10:27:14 +0800] "GET /xingrg/all/function/internal_message.html?_=1684895273321&CODE_STATE=getMsg HTTP/1.1" 200 27
101.83.145.52 - - [24/May/2023:10:27:14 +0800] "GET /xingrg/all/function/internal_message.html?_=1684895235019&CODE_STATE=getMsg HTTP/1.1" 200 27
222.67.238.82 - - [24/May/2023:10:27:16 +0800] "GET /xingrg/all/function/internal_message.html?_=1684894748142&CODE_STATE=getMsg HTTP/1.1" 200 27
180.164.3.199 - - [24/May/2023:10:27:17 +0800] "GET /xingrg/kc/buy/cgsh_order_operate.html?command=get_materiel&rest_code=00108&code=00101008674&supplier_code=00100007&order_time=2023-05-24 HTTP/1.1" 200 412
222.67.238.82 - - [24/May/2023:10:27:17 +0800] "GET /xingrg/check_reg.html?_=1684894749351 HTTP/1.1" 200 22
120.253.135.82 - - [24/May/2023:10:27:18 +0800] "GET /xingrg/check_reg.html?_=1684895073991 HTTP/1.1" 200 22
116.237.73.194 - - [24/May/2023:10:27:18 +0800] "GET /xingrg/all/function/internal_message.html?_=1684895231467&CODE_STATE=getMsg HTTP/1.1" 200 27
180.169.147.146 - - [24/May/2023:10:27:18 +0800] "POST /xingrg/all/report/load_report_page.html HTTP/1.1" 200 117657
180.169.147.146 - - [24/May/2023:10:27:18 +0800] "GET /xingrg/servlets/image?cache=0.01164506680965438&image=px HTTP/1.1" 200 807
116.232.195.127 - - [24/May/2023:10:27:19 +0800] "GET /xingrg/javascript/auto/indicator.gif HTTP/1.1" 404 1066
101.83.145.52 - - [24/May/2023:10:27:20 +0800] "GET /xingrg/all/function/internal_message.html?_=1684895073615&CODE_STATE=getMsg HTTP/1.1" 200 27
180.169.147.146 - - [24/May/2023:10:27:21 +0800] "POST /xingrg/all/report/load_report_page.html HTTP/1.1" 200 84489
180.169.147.146 - - [24/May/2023:10:27:21 +0800] "GET /xingrg/servlets/image?cache=0.3685963888711514&image=px HTTP/1.1" 200 807
180.164.3.199 - - [24/May/2023:10:27:22 +0800] "GET /xingrg/all/function/internal_message.html?_=1684895242375&CODE_STATE=getMsg HTTP/1.1" 200 27
116.232.195.127 - - [24/May/2023:10:27:25 +0800] "POST /xingrg/kc/buy/cgsh_list_operate.html HTTP/1.1" 200 1889
180.169.147.146 - - [24/May/2023:10:27:26 +0800] "POST /xingrg/all/report/report_print.html HTTP/1.1" 200 17948
180.164.3.199 - - [24/May/2023:10:27:26 +0800] "GET /xingrg/kc/buy/cgsh_order_operate.html?command=get_materiel&rest_code=00108&code=00101008356&supplier_code=00100007&order_time=2023-05-24 HTTP/1.1" 200 408
114.83.218.112 - - [24/May/2023:10:27:27 +0800] "GET /xingrg/kc/base/wldb_order_operate.html?command=get_materiel&rest_code=00149&base_code=0010395&code=00102002238 HTTP/1.1" 200 434
116.238.139.35 - - [24/May/2023:10:27:28 +0800] "GET /xingrg/all/function/internal_message.html?_=1684895246401&CODE_STATE=getMsg HTTP/1.1" 200 27
116.232.195.127 - - [24/May/2023:10:27:29 +0800] "POST /xingrg/kc/buy/cgsh_list_operate.html HTTP/1.1" 200 565
114.83.218.112 - - [24/May/2023:10:27:31 +0800] "GET /xingrg/kc/base/wldb_order_operate.html?command=get_materiel&rest_code=00149&base_code=0010395&code=00102002362 HTTP/1.1" 200 434
116.232.195.127 - - [24/May/2023:10:27:35 +0800] "POST /xingrg/kc/buy/cgsh_list_operate.html HTTP/1.1" 200 4
180.164.3.199 - - [24/May/2023:10:27:38 +0800] "GET /xingrg/kc/buy/cgsh_order_operate.html?command=get_materiel&rest_code=00108&code=00101008077&supplier_code=00100007&order_time=2023-05-24 HTTP/1.1" 200 435
114.83.218.112 - - [24/May/2023:10:27:40 +0800] "GET /xingrg/all/function/internal_message.html?_=1684895257699&CODE_STATE=getMsg HTTP/1.1" 200 27
116.232.195.127 - - [24/May/2023:10:27:40 +0800] "POST /xingrg/kc/buy/cgsh_list_operate.html HTTP/1.1" 200 1864
114.83.218.112 - - [24/May/2023:10:27:40 +0800] "GET /xingrg/kc/base/wldb_order_operate.html?command=get_materiel&rest_code=00149&base_code=0010395&code=00102001069 HTTP/1.1" 200 440
114.83.218.112 - - [24/May/2023:10:27:41 +0800] "GET /xingrg/check_reg.html?_=1684895258624 HTTP/1.1" 200 22
116.238.139.35 - - [24/May/2023:10:27:44 +0800] "GET /xingrg/check_reg.html?_=1684895262801 HTTP/1.1" 200 22
172.20.0.100 - - [24/May/2023:10:27:45 +0800] "GET /xingrg/all/function/internal_message.html?_=1684895272592&CODE_STATE=getMsg HTTP/1.1" 200 27
172.20.0.100 - - [24/May/2023:10:27:45 +0800] "GET /xingrg/check_reg.html?_=1684895272593 HTTP/1.1" 200 22
180.164.3.199 - - [24/May/2023:10:27:45 +0800] "GET /xingrg/kc/buy/cgsh_order_operate.html?command=get_materiel&rest_code=00108&code=00101008223&supplier_code=00100007&order_time=2023-05-24 HTTP/1.1" 200 431
116.238.139.35 - - [24/May/2023:10:27:46 +0800] "GET /xingrg/all/function/internal_message.html?_=1684895181387&CODE_STATE=getMsg HTTP/1.1" 200 27
124.79.240.114 - - [24/May/2023:10:27:54 +0800] "GET /xingrg/check_reg.html?_=1684895552857 HTTP/1.1" 200 22
124.79.240.114 - - [24/May/2023:10:27:54 +0800] "GET /xingrg/all/function/internal_message.html?_=1684895552859&CODE_STATE=getMsg HTTP/1.1" 200 27
116.232.195.127 - - [24/May/2023:10:27:59 +0800] "GET /xingrg/all/function/internal_message.html?_=1684895279023&CODE_STATE=getMsg HTTP/1.1" 200 27
114.83.218.112 - - [24/May/2023:10:27:59 +0800] "POST /xingrg/kc/base/wldb_order_operate.html HTTP/1.1" 200 37
180.169.147.146 - - [24/May/2023:10:27:59 +0800] "GET /xingrg/all/function/internal_message.html?_=1684895279610&CODE_STATE=getMsg HTTP/1.1" 200 27
180.169.147.146 - - [24/May/2023:10:27:59 +0800] "GET /xingrg/check_reg.html?_=1684895279615 HTTP/1.1" 200 22
222.69.129.217 - - [24/May/2023:10:27:59 +0800] "GET /xingrg/all/function/internal_message.html?_=1684895377512&CODE_STATE=getMsg HTTP/1.1" 200 27
180.164.3.199 - - [24/May/2023:10:27:59 +0800] "GET /xingrg/kc/buy/cgsh_order_operate.html?command=get_materiel&rest_code=00108&code=00101008131&supplier_code=00100007&order_time=2023-05-24 HTTP/1.1" 200 409
114.83.218.112 - - [24/May/2023:10:28:00 +0800] "POST /xingrg/kc/base/wldb_order_operate.html HTTP/1.1" 200 3133
180.152.240.15 - - [24/May/2023:10:28:00 +0800] "GET /xingrg/all/function/internal_message.html?_=1684895282356&CODE_STATE=getMsg HTTP/1.1" 200 27
114.83.218.112 - - [24/May/2023:10:28:01 +0800] "GET /xingrg/kc/base/wldb_order_info.html?code=422023052401893 HTTP/1.1" 200 30403
114.83.218.112 - - [24/May/2023:10:28:01 +0800] "GET /xingrg/javascript/easyui/themes/default/validatebox.css HTTP/1.1" 404 1104
114.83.218.112 - - [24/May/2023:10:28:02 +0800] "POST /xingrg/kc/base/wldb_order_operate.html HTTP/1.1" 200 3133
180.171.134.236 - - [24/May/2023:10:28:03 +0800] "GET /favicon.ico HTTP/1.1" 404 -
114.83.218.112 - - [24/May/2023:10:28:05 +0800] "GET /xingrg/kc/base/wldb_order_add.html HTTP/1.1" 200 30387
114.83.218.112 - - [24/May/2023:10:28:05 +0800] "POST /xingrg/kc/base/wldb_order_operate.html HTTP/1.1" 200 6806
114.83.218.112 - - [24/May/2023:10:28:05 +0800] "GET /xingrg/javascript/easyui/themes/default/validatebox.css HTTP/1.1" 404 1104
180.164.3.199 - - [24/May/2023:10:28:07 +0800] "GET /xingrg/kc/buy/cgsh_order_operate.html?command=get_materiel&rest_code=00108&code=00101008005&supplier_code=00100007&order_time=2023-05-24 HTTP/1.1" 200 412
180.169.147.146 - - [24/May/2023:10:28:09 +0800] "GET /xingrg/all/function/internal_message.html?_=1684895289416&CODE_STATE=getMsg HTTP/1.1" 200 27
222.70.172.86 - - [24/May/2023:10:28:12 +0800] "GET /xingrg/all/function/internal_message.html?_=1684895301833&CODE_STATE=getMsg HTTP/1.1" 200 27
114.83.218.112 - - [24/May/2023:10:28:13 +0800] "GET /xingrg/kc/base/wldb_order_operate.html?command=get_materiel&rest_code=00149&base_code=0010394&code=00101019390 HTTP/1.1" 200 470
116.232.195.127 - - [24/May/2023:10:28:14 +0800] "GET /xingrg/all/function/internal_message.html?_=1684895333333&CODE_STATE=getMsg HTTP/1.1" 200 27
101.83.145.52 - - [24/May/2023:10:28:14 +0800] "GET /xingrg/all/function/internal_message.html?_=1684895295005&CODE_STATE=getMsg HTTP/1.1" 200 27
222.67.238.82 - - [24/May/2023:10:28:16 +0800] "GET /xingrg/all/function/internal_message.html?_=1684894808116&CODE_STATE=getMsg HTTP/1.1" 200 27
116.237.73.194 - - [24/May/2023:10:28:18 +0800] "GET /xingrg/all/function/internal_message.html?_=1684895291438&CODE_STATE=getMsg HTTP/1.1" 200 27
180.164.3.199 - - [24/May/2023:10:28:19 +0800] "GET /xingrg/kc/buy/cgsh_order_operate.html?command=get_materiel&rest_code=00108&code=00101008095&supplier_code=00100007&order_time=2023-05-24 HTTP/1.1" 200 414
101.83.145.52 - - [24/May/2023:10:28:20 +0800] "GET /xingrg/all/function/internal_message.html?_=1684895133644&CODE_STATE=getMsg HTTP/1.1" 200 27
180.164.3.199 - - [24/May/2023:10:28:22 +0800] "GET /xingrg/all/function/internal_message.html?_=1684895302359&CODE_STATE=getMsg HTTP/1.1" 200 27
114.83.218.112 - - [24/May/2023:10:28:23 +0800] "GET /xingrg/kc/base/wldb_order_operate.html?command=get_materiel&rest_code=00149&base_code=0010394&code=00101019056 HTTP/1.1" 200 476
116.238.139.35 - - [24/May/2023:10:28:28 +0800] "GET /xingrg/all/function/internal_message.html?_=1684895306374&CODE_STATE=getMsg HTTP/1.1" 200 27
114.83.218.112 - - [24/May/2023:10:28:29 +0800] "GET /xingrg/kc/base/wldb_order_operate.html?command=get_materiel&rest_code=00149&base_code=0010394&code=00101019066 HTTP/1.1" 200 455
180.164.3.199 - - [24/May/2023:10:28:32 +0800] "GET /xingrg/kc/buy/cgsh_order_operate.html?command=get_materiel&rest_code=00108&code=00101008210&supplier_code=00100007&order_time=2023-05-24 HTTP/1.1" 200 408
180.164.3.199 - - [24/May/2023:10:28:40 +0800] "POST /xingrg/kc/buy/cgsh_order_operate.html HTTP/1.1" 200 2065
114.83.218.112 - - [24/May/2023:10:28:40 +0800] "GET /xingrg/all/function/internal_message.html?_=1684895317662&CODE_STATE=getMsg HTTP/1.1" 200 27
172.20.0.100 - - [24/May/2023:10:28:45 +0800] "GET /xingrg/all/function/internal_message.html?_=1684895332591&CODE_STATE=getMsg HTTP/1.1" 200 27
116.238.139.35 - - [24/May/2023:10:28:46 +0800] "GET /xingrg/all/function/internal_message.html?_=1684895241401&CODE_STATE=getMsg HTTP/1.1" 200 27
124.79.240.114 - - [24/May/2023:10:28:54 +0800] "GET /xingrg/all/function/internal_message.html?_=1684895612856&CODE_STATE=getMsg HTTP/1.1" 200 27
180.152.240.15 - - [24/May/2023:10:28:55 +0800] "POST /xingrg/services/DataTransmitService HTTP/1.1" 401 565
180.152.240.15 - - [24/May/2023:10:28:55 +0800] "POST /xingrg/services/DataTransmitService HTTP/1.1" 200 478
180.152.240.15 - - [24/May/2023:10:28:55 +0800] "POST /xingrg/services/DataTransmitService HTTP/1.1" 200 1319
180.152.240.15 - - [24/May/2023:10:28:55 +0800] "POST /xingrg/services/DataTransmitService HTTP/1.1" 200 478
180.152.240.15 - - [24/May/2023:10:28:55 +0800] "POST /xingrg/services/DataTransmitService HTTP/1.1" 200 1319
180.152.240.15 - - [24/May/2023:10:28:55 +0800] "POST /xingrg/services/DataTransmitService HTTP/1.1" 200 524
114.83.218.112 - - [24/May/2023:10:28:55 +0800] "POST /xingrg/kc/base/wldb_order_operate.html HTTP/1.1" 200 37
180.152.240.15 - - [24/May/2023:10:28:56 +0800] "POST /xingrg/services/DataTransmitService HTTP/1.1" 200 2399
222.69.129.217 - - [24/May/2023:10:28:56 +0800] "GET /xingrg/check_reg.html?_=1684895433931 HTTP/1.1" 200 22
180.152.240.15 - - [24/May/2023:10:28:56 +0800] "POST /xingrg/services/DataTransmitService HTTP/1.1" 200 45454
114.83.218.112 - - [24/May/2023:10:28:56 +0800] "POST /xingrg/kc/base/wldb_order_operate.html HTTP/1.1" 200 3705
180.152.240.15 - - [24/May/2023:10:28:56 +0800] "POST /xingrg/services/DataTransmitService HTTP/1.1" 200 19237
114.83.218.112 - - [24/May/2023:10:28:57 +0800] "GET /xingrg/kc/base/wldb_order_info.html?code=422023052401894 HTTP/1.1" 200 30401
114.83.218.112 - - [24/May/2023:10:28:57 +0800] "GET /xingrg/javascript/easyui/themes/default/validatebox.css HTTP/1.1" 404 1104
114.83.218.112 - - [24/May/2023:10:28:58 +0800] "POST /xingrg/kc/base/wldb_order_operate.html HTTP/1.1" 200 3705
116.232.195.127 - - [24/May/2023:10:28:59 +0800] "GET /xingrg/all/function/internal_message.html?_=1684895339038&CODE_STATE=getMsg HTTP/1.1" 200 27
180.169.147.146 - - [24/May/2023:10:28:59 +0800] "GET /xingrg/all/function/internal_message.html?_=1684895339607&CODE_STATE=getMsg HTTP/1.1" 200 27
222.69.129.217 - - [24/May/2023:10:28:59 +0800] "GET /xingrg/all/function/internal_message.html?_=1684895437507&CODE_STATE=getMsg HTTP/1.1" 200 27
114.83.218.112 - - [24/May/2023:10:29:00 +0800] "POST /xingrg/kc/base/wldb_list_operate.html HTTP/1.1" 200 3796
180.152.240.15 - - [24/May/2023:10:29:00 +0800] "GET /xingrg/all/function/internal_message.html?_=1684895342349&CODE_STATE=getMsg HTTP/1.1" 200 27
180.169.147.146 - - [24/May/2023:10:29:09 +0800] "GET /xingrg/all/function/internal_message.html?_=1684895349413&CODE_STATE=getMsg HTTP/1.1" 200 27
222.70.172.86 - - [24/May/2023:10:29:12 +0800] "GET /xingrg/all/function/internal_message.html?_=1684895361838&CODE_STATE=getMsg HTTP/1.1" 200 27
116.232.195.127 - - [24/May/2023:10:29:14 +0800] "GET /xingrg/check_reg.html?_=1684895393332 HTTP/1.1" 200 22
101.83.145.52 - - [24/May/2023:10:29:14 +0800] "GET /xingrg/all/function/internal_message.html?_=1684895355004&CODE_STATE=getMsg HTTP/1.1" 200 27
116.232.195.127 - - [24/May/2023:10:29:14 +0800] "GET /xingrg/all/function/internal_message.html?_=1684895393337&CODE_STATE=getMsg HTTP/1.1" 200 27
180.152.240.15 - - [24/May/2023:10:29:16 +0800] "POST /xingrg/services/DataTransmitService HTTP/1.1" 401 565
180.152.240.15 - - [24/May/2023:10:29:16 +0800] "POST /xingrg/services/DataTransmitService HTTP/1.1" 200 478
222.67.238.82 - - [24/May/2023:10:29:16 +0800] "GET /xingrg/all/function/internal_message.html?_=1684894868089&CODE_STATE=getMsg HTTP/1.1" 200 27
180.152.240.15 - - [24/May/2023:10:29:16 +0800] "POST /xingrg/services/DataTransmitService HTTP/1.1" 200 1319
180.152.240.15 - - [24/May/2023:10:29:16 +0800] "POST /xingrg/services/DataTransmitService HTTP/1.1" 200 478
180.152.240.15 - - [24/May/2023:10:29:16 +0800] "POST /xingrg/services/DataTransmitService HTTP/1.1" 200 1319
180.152.240.15 - - [24/May/2023:10:29:16 +0800] "POST /xingrg/services/DataTransmitService HTTP/1.1" 200 524
116.237.73.194 - - [24/May/2023:10:29:17 +0800] "GET /xingrg/check_reg.html?_=1684895350413 HTTP/1.1" 200 22
180.152.240.15 - - [24/May/2023:10:29:17 +0800] "POST /xingrg/services/DataTransmitService HTTP/1.1" 200 2399
180.152.240.15 - - [24/May/2023:10:29:17 +0800] "POST /xingrg/services/DataTransmitService HTTP/1.1" 200 45454
116.237.73.194 - - [24/May/2023:10:29:18 +0800] "GET /xingrg/all/function/internal_message.html?_=1684895351416&CODE_STATE=getMsg HTTP/1.1" 200 27
180.152.240.15 - - [24/May/2023:10:29:18 +0800] "POST /xingrg/services/DataTransmitService HTTP/1.1" 200 19237
101.83.145.52 - - [24/May/2023:10:29:20 +0800] "GET /xingrg/check_reg.html?_=1684895193648 HTTP/1.1" 200 22
101.83.145.52 - - [24/May/2023:10:29:20 +0800] "GET /xingrg/all/function/internal_message.html?_=1684895193650&CODE_STATE=getMsg HTTP/1.1" 200 27
180.164.3.199 - - [24/May/2023:10:29:22 +0800] "GET /xingrg/all/function/internal_message.html?_=1684895362345&CODE_STATE=getMsg HTTP/1.1" 200 27
116.238.139.35 - - [24/May/2023:10:29:28 +0800] "GET /xingrg/all/function/internal_message.html?_=1684895366366&CODE_STATE=getMsg HTTP/1.1" 200 27
180.164.3.199 - - [24/May/2023:10:29:29 +0800] "GET /xingrg/kc/buy/cgsh_order_operate.html?command=get_materiel&rest_code=00108&code=00101008387&supplier_code=00100007&order_time=2023-05-24 HTTP/1.1" 200 412
180.152.240.15 - - [24/May/2023:10:29:31 +0800] "POST /xingrg/services/DataTransmitService HTTP/1.1" 200 524
114.83.218.112 - - [24/May/2023:10:29:40 +0800] "GET /xingrg/all/function/internal_message.html?_=1684895377638&CODE_STATE=getMsg HTTP/1.1" 200 27
116.238.139.35 - - [24/May/2023:10:29:44 +0800] "GET /xingrg/check_reg.html?_=1684895299464 HTTP/1.1" 200 22
180.164.3.199 - - [24/May/2023:10:29:44 +0800] "GET /xingrg/kc/buy/cgsh_order_operate.html?command=get_materiel&rest_code=00108&code=00101008207&supplier_code=00100007&order_time=2023-05-24 HTTP/1.1" 200 408
172.20.0.100 - - [24/May/2023:10:29:45 +0800] "GET /xingrg/all/function/internal_message.html?_=1684895392589&CODE_STATE=getMsg HTTP/1.1" 200 27
116.238.139.35 - - [24/May/2023:10:29:46 +0800] "GET /xingrg/all/function/internal_message.html?_=1684895301413&CODE_STATE=getMsg HTTP/1.1" 200 27
124.79.240.114 - - [24/May/2023:10:29:54 +0800] "GET /xingrg/all/function/internal_message.html?_=1684895672855&CODE_STATE=getMsg HTTP/1.1" 200 27
114.83.218.112 - - [24/May/2023:10:29:55 +0800] "POST /xingrg/kc/base/wldb_list_operate.html HTTP/1.1" 200 4
180.152.240.15 - - [24/May/2023:10:29:56 +0800] "POST /xingrg/services/DataTransmitService HTTP/1.1" 200 501
180.164.3.199 - - [24/May/2023:10:29:57 +0800] "GET /xingrg/kc/buy/cgsh_order_operate.html?command=get_materiel&rest_code=00108&code=00101008003&supplier_code=00100007&order_time=2023-05-24 HTTP/1.1" 200 408
180.152.240.15 - - [24/May/2023:10:29:58 +0800] "POST /xingrg/services/DataTransmitService HTTP/1.1" 200 501
116.232.195.127 - - [24/May/2023:10:29:59 +0800] "GET /xingrg/all/function/internal_message.html?_=1684895399032&CODE_STATE=getMsg HTTP/1.1" 200 27
114.83.218.112 - - [24/May/2023:10:29:59 +0800] "POST /xingrg/kc/base/wldb_list_operate.html HTTP/1.1" 200 928
180.169.147.146 - - [24/May/2023:10:29:59 +0800] "GET /xingrg/all/function/internal_message.html?_=1684895399604&CODE_STATE=getMsg HTTP/1.1" 200 27
222.69.129.217 - - [24/May/2023:10:29:59 +0800] "GET /xingrg/all/function/internal_message.html?_=1684895497483&CODE_STATE=getMsg HTTP/1.1" 200 27
180.152.240.15 - - [24/May/2023:10:30:00 +0800] "GET /xingrg/all/function/internal_message.html?_=1684895402342&CODE_STATE=getMsg HTTP/1.1" 200 27
180.169.147.146 - - [24/May/2023:10:30:09 +0800] "GET /xingrg/all/function/internal_message.html?_=1684895409393&CODE_STATE=getMsg HTTP/1.1" 200 27
222.70.172.86 - - [24/May/2023:10:30:13 +0800] "GET /xingrg/all/function/internal_message.html?_=1684895422596&CODE_STATE=getMsg HTTP/1.1" 200 27
180.164.3.199 - - [24/May/2023:10:30:14 +0800] "GET /xingrg/kc/buy/cgsh_order_operate.html?command=get_materiel&rest_code=00108&code=00101008300&supplier_code=00100007&order_time=2023-05-24 HTTP/1.1" 200 412
116.232.195.127 - - [24/May/2023:10:30:14 +0800] "GET /xingrg/all/function/internal_message.html?_=1684895453340&CODE_STATE=getMsg HTTP/1.1" 200 27
101.83.145.52 - - [24/May/2023:10:30:14 +0800] "GET /xingrg/all/function/internal_message.html?_=1684895415018&CODE_STATE=getMsg HTTP/1.1" 200 27
101.83.145.52 - - [24/May/2023:10:30:14 +0800] "GET /xingrg/check_reg.html?_=1684895415024 HTTP/1.1" 200 22
222.67.238.82 - - [24/May/2023:10:30:16 +0800] "GET /xingrg/all/function/internal_message.html?_=1684894928059&CODE_STATE=getMsg HTTP/1.1" 200 27
180.152.240.15 - - [24/May/2023:10:30:17 +0800] "POST /xingrg/services/DataTransmitService HTTP/1.1" 200 501
116.237.73.194 - - [24/May/2023:10:30:18 +0800] "GET /xingrg/all/function/internal_message.html?_=1684895411403&CODE_STATE=getMsg HTTP/1.1" 200 27
101.83.145.52 - - [24/May/2023:10:30:20 +0800] "GET /xingrg/all/function/internal_message.html?_=1684895253647&CODE_STATE=getMsg HTTP/1.1" 200 27
180.164.3.199 - - [24/May/2023:10:30:22 +0800] "GET /xingrg/all/function/internal_message.html?_=1684895422353&CODE_STATE=getMsg HTTP/1.1" 200 27
116.238.139.35 - - [24/May/2023:10:30:28 +0800] "GET /xingrg/all/function/internal_message.html?_=1684895426350&CODE_STATE=getMsg HTTP/1.1" 200 27
180.164.3.199 - - [24/May/2023:10:30:30 +0800] "GET /xingrg/kc/buy/cgsh_order_operate.html?command=get_materiel&rest_code=00108&code=00101008694&supplier_code=00100007&order_time=2023-05-24 HTTP/1.1" 200 420
180.164.3.199 - - [24/May/2023:10:30:37 +0800] "POST /xingrg/kc/buy/cgsh_order_operate.html HTTP/1.1" 200 2065
180.152.240.15 - - [24/May/2023:10:30:38 +0800] "POST /xingrg/services/DataTransmitService HTTP/1.1" 200 501
114.83.218.112 - - [24/May/2023:10:30:40 +0800] "GET /xingrg/all/function/internal_message.html?_=1684895437615&CODE_STATE=getMsg HTTP/1.1" 200 27
180.152.240.15 - - [24/May/2023:10:30:40 +0800] "POST /xingrg/services/DataTransmitService HTTP/1.1" 200 501
180.152.240.15 - - [24/May/2023:10:30:41 +0800] "POST /xingrg/services/DataTransmitService HTTP/1.1" 200 501
172.20.0.100 - - [24/May/2023:10:30:45 +0800] "GET /xingrg/all/function/internal_message.html?_=1684895452587&CODE_STATE=getMsg HTTP/1.1" 200 27
116.238.139.35 - - [24/May/2023:10:30:46 +0800] "GET /xingrg/all/function/internal_message.html?_=1684895361427&CODE_STATE=getMsg HTTP/1.1" 200 27
222.70.172.86 - - [24/May/2023:10:30:46 +0800] "GET /xingrg/check_reg.html?_=1684895456078 HTTP/1.1" 200 22
180.164.3.199 - - [24/May/2023:10:30:47 +0800] "GET /xingrg/kc/buy/cgsh_order_operate.html?command=get_materiel&rest_code=00108&code=00101008004&supplier_code=00100007&order_time=2023-05-24 HTTP/1.1" 200 416
180.152.240.15 - - [24/May/2023:10:30:49 +0800] "POST /xingrg/services/DataTransmitService HTTP/1.1" 200 501
180.152.240.15 - - [24/May/2023:10:30:50 +0800] "POST /xingrg/services/DataTransmitService HTTP/1.1" 200 501
180.152.240.15 - - [24/May/2023:10:30:50 +0800] "POST /xingrg/services/DataTransmitService HTTP/1.1" 200 501
180.152.240.15 - - [24/May/2023:10:30:51 +0800] "POST /xingrg/services/DataTransmitService HTTP/1.1" 200 412
124.79.240.114 - - [24/May/2023:10:30:54 +0800] "GET /xingrg/all/function/internal_message.html?_=1684895732878&CODE_STATE=getMsg HTTP/1.1" 200 27
116.232.195.127 - - [24/May/2023:10:30:59 +0800] "GET /xingrg/all/function/internal_message.html?_=1684895459031&CODE_STATE=getMsg HTTP/1.1" 200 27
180.169.147.146 - - [24/May/2023:10:30:59 +0800] "GET /xingrg/all/function/internal_message.html?_=1684895459603&CODE_STATE=getMsg HTTP/1.1" 200 27
180.164.3.199 - - [24/May/2023:10:30:59 +0800] "GET /xingrg/kc/buy/cgsh_order_operate.html?command=get_materiel&rest_code=00108&code=00101008185&supplier_code=00100007&order_time=2023-05-24 HTTP/1.1" 200 408
222.69.129.217 - - [24/May/2023:10:30:59 +0800] "GET /xingrg/all/function/internal_message.html?_=1684895557481&CODE_STATE=getMsg HTTP/1.1" 200 27
180.152.240.15 - - [24/May/2023:10:31:00 +0800] "GET /xingrg/all/function/internal_message.html?_=1684895462335&CODE_STATE=getMsg HTTP/1.1" 200 27
180.169.147.146 - - [24/May/2023:10:31:09 +0800] "GET /xingrg/all/function/internal_message.html?_=1684895469371&CODE_STATE=getMsg HTTP/1.1" 200 27
180.164.3.199 - - [24/May/2023:10:31:12 +0800] "GET /xingrg/kc/buy/cgsh_order_operate.html?command=get_materiel&rest_code=00108&code=00101008101&supplier_code=00100007&order_time=2023-05-24 HTTP/1.1" 200 412
222.70.172.86 - - [24/May/2023:10:31:13 +0800] "GET /xingrg/all/function/internal_message.html?_=1684895482603&CODE_STATE=getMsg HTTP/1.1" 200 27
116.232.195.127 - - [24/May/2023:10:31:14 +0800] "GET /xingrg/all/function/internal_message.html?_=1684895513328&CODE_STATE=getMsg HTTP/1.1" 200 27
101.83.145.52 - - [24/May/2023:10:31:14 +0800] "GET /xingrg/all/function/internal_message.html?_=1684895475009&CODE_STATE=getMsg HTTP/1.1" 200 27
222.67.238.82 - - [24/May/2023:10:31:16 +0800] "GET /xingrg/all/function/internal_message.html?_=1684894988039&CODE_STATE=getMsg HTTP/1.1" 200 27
101.83.145.52 - - [24/May/2023:10:31:17 +0800] "GET /favicon.ico HTTP/1.1" 404 -
116.237.73.194 - - [24/May/2023:10:31:18 +0800] "GET /xingrg/all/function/internal_message.html?_=1684895471389&CODE_STATE=getMsg HTTP/1.1" 200 27
101.83.145.52 - - [24/May/2023:10:31:20 +0800] "GET /xingrg/all/function/internal_message.html?_=1684895313644&CODE_STATE=getMsg HTTP/1.1" 200 27
180.164.3.199 - - [24/May/2023:10:31:22 +0800] "GET /xingrg/all/function/internal_message.html?_=1684895482318&CODE_STATE=getMsg HTTP/1.1" 200 27
116.238.139.35 - - [24/May/2023:10:31:28 +0800] "GET /xingrg/all/function/internal_message.html?_=1684895486334&CODE_STATE=getMsg HTTP/1.1" 200 27
180.169.147.146 - - [24/May/2023:10:31:28 +0800] "GET /xingrg/check_reg.html?_=1684895489511 HTTP/1.1" 200 22
180.164.3.199 - - [24/May/2023:10:31:33 +0800] "GET /xingrg/kc/buy/cgsh_order_operate.html?command=get_materiel&rest_code=00108&code=00101008148&supplier_code=00100007&order_time=2023-05-24 HTTP/1.1" 200 416
114.83.218.112 - - [24/May/2023:10:31:40 +0800] "GET /xingrg/all/function/internal_message.html?_=1684895497590&CODE_STATE=getMsg HTTP/1.1" 200 27
180.164.3.199 - - [24/May/2023:10:31:44 +0800] "GET /xingrg/kc/buy/cgsh_order_operate.html?command=get_materiel&rest_code=00108&code=00101008137&supplier_code=00100007&order_time=2023-05-24 HTTP/1.1" 200 427
172.20.0.100 - - [24/May/2023:10:31:45 +0800] "GET /xingrg/all/function/internal_message.html?_=1684895512603&CODE_STATE=getMsg HTTP/1.1" 200 27
116.238.139.35 - - [24/May/2023:10:31:46 +0800] "GET /xingrg/all/function/internal_message.html?_=1684895421440&CODE_STATE=getMsg HTTP/1.1" 200 27
180.164.3.199 - - [24/May/2023:10:31:46 +0800] "POST /xingrg/kc/buy/cgsh_order_operate.html HTTP/1.1" 200 2065
218.81.78.189 - - [24/May/2023:10:31:53 +0800] "GET /xingrg/check_reg.html?_=1684895512890 HTTP/1.1" 200 22
124.79.240.114 - - [24/May/2023:10:31:54 +0800] "GET /xingrg/all/function/internal_message.html?_=1684895792877&CODE_STATE=getMsg HTTP/1.1" 200 27
116.232.195.127 - - [24/May/2023:10:31:59 +0800] "GET /xingrg/check_reg.html?_=1684895519026 HTTP/1.1" 200 22
116.232.195.127 - - [24/May/2023:10:31:59 +0800] "GET /xingrg/all/function/internal_message.html?_=1684895519030&CODE_STATE=getMsg HTTP/1.1" 200 27
222.69.129.217 - - [24/May/2023:10:31:59 +0800] "GET /xingrg/all/function/internal_message.html?_=1684895617480&CODE_STATE=getMsg HTTP/1.1" 200 27
180.169.147.146 - - [24/May/2023:10:31:59 +0800] "GET /xingrg/all/function/internal_message.html?_=1684895519598&CODE_STATE=getMsg HTTP/1.1" 200 27
180.152.240.15 - - [24/May/2023:10:32:00 +0800] "GET /xingrg/all/function/internal_message.html?_=1684895522319&CODE_STATE=getMsg HTTP/1.1" 200 27
180.152.240.15 - - [24/May/2023:10:32:01 +0800] "GET /xingrg/check_reg.html?_=1684895523191 HTTP/1.1" 200 22
218.81.78.189 - - [24/May/2023:10:32:02 +0800] "POST /xingrg/services/DataTransmitService HTTP/1.1" 200 524
218.81.78.189 - - [24/May/2023:10:32:04 +0800] "POST /xingrg/services/DataTransmitService HTTP/1.1" 200 412
180.169.147.146 - - [24/May/2023:10:32:09 +0800] "GET /xingrg/check_reg.html?_=1684895529386 HTTP/1.1" 200 22
180.169.147.146 - - [24/May/2023:10:32:09 +0800] "GET /xingrg/all/function/internal_message.html?_=1684895529391&CODE_STATE=getMsg HTTP/1.1" 200 27
180.164.3.199 - - [24/May/2023:10:32:12 +0800] "GET /xingrg/check_reg.html?_=1684895531695 HTTP/1.1" 200 22
222.70.172.86 - - [24/May/2023:10:32:13 +0800] "GET /xingrg/all/function/internal_message.html?_=1684895542612&CODE_STATE=getMsg HTTP/1.1" 200 27
116.232.195.127 - - [24/May/2023:10:32:14 +0800] "GET /xingrg/all/function/internal_message.html?_=1684895573331&CODE_STATE=getMsg HTTP/1.1" 200 27
101.83.145.52 - - [24/May/2023:10:32:14 +0800] "GET /xingrg/all/function/internal_message.html?_=1684895535009&CODE_STATE=getMsg HTTP/1.1" 200 27
222.67.238.82 - - [24/May/2023:10:32:16 +0800] "GET /xingrg/all/function/internal_message.html?_=1684895048018&CODE_STATE=getMsg HTTP/1.1" 200 27
120.253.135.82 - - [24/May/2023:10:32:17 +0800] "GET /xingrg/check_reg.html?_=1684895373993 HTTP/1.1" 200 22
222.67.238.82 - - [24/May/2023:10:32:17 +0800] "GET /xingrg/check_reg.html?_=1684895049347 HTTP/1.1" 200 22
116.237.73.194 - - [24/May/2023:10:32:18 +0800] "GET /xingrg/all/function/internal_message.html?_=1684895531361&CODE_STATE=getMsg HTTP/1.1" 200 27
101.83.145.52 - - [24/May/2023:10:32:20 +0800] "GET /xingrg/all/function/internal_message.html?_=1684895373642&CODE_STATE=getMsg HTTP/1.1" 200 27
180.164.3.199 - - [24/May/2023:10:32:22 +0800] "GET /xingrg/all/function/internal_message.html?_=1684895542292&CODE_STATE=getMsg HTTP/1.1" 200 27
116.238.139.35 - - [24/May/2023:10:32:28 +0800] "GET /xingrg/all/function/internal_message.html?_=1684895546319&CODE_STATE=getMsg HTTP/1.1" 200 27
124.79.240.114 - - [24/May/2023:10:32:33 +0800] "POST /xingrg/services/DataTransmitService HTTP/1.1" 200 524
124.79.240.114 - - [24/May/2023:10:32:35 +0800] "POST /xingrg/services/DataTransmitService HTTP/1.1" 200 412
114.83.218.112 - - [24/May/2023:10:32:40 +0800] "GET /xingrg/all/function/internal_message.html?_=1684895557562&CODE_STATE=getMsg HTTP/1.1" 200 27
114.83.218.112 - - [24/May/2023:10:32:41 +0800] "GET /xingrg/check_reg.html?_=1684895558608 HTTP/1.1" 200 22
116.238.139.35 - - [24/May/2023:10:32:44 +0800] "GET /xingrg/check_reg.html?_=1684895562802 HTTP/1.1" 200 22
172.20.0.100 - - [24/May/2023:10:32:45 +0800] "GET /xingrg/check_reg.html?_=1684895572601 HTTP/1.1" 200 22
172.20.0.100 - - [24/May/2023:10:32:45 +0800] "GET /xingrg/all/function/internal_message.html?_=1684895572602&CODE_STATE=getMsg HTTP/1.1" 200 27
116.238.139.35 - - [24/May/2023:10:32:46 +0800] "GET /xingrg/all/function/internal_message.html?_=1684895481607&CODE_STATE=getMsg HTTP/1.1" 200 27
124.79.240.114 - - [24/May/2023:10:32:54 +0800] "GET /xingrg/all/function/internal_message.html?_=1684895852877&CODE_STATE=getMsg HTTP/1.1" 200 27
124.79.240.114 - - [24/May/2023:10:32:54 +0800] "GET /xingrg/check_reg.html?_=1684895852878 HTTP/1.1" 200 22
116.232.195.127 - - [24/May/2023:10:32:59 +0800] "GET /xingrg/all/function/internal_message.html?_=1684895579033&CODE_STATE=getMsg HTTP/1.1" 200 27
180.169.147.146 - - [24/May/2023:10:32:59 +0800] "GET /xingrg/all/function/internal_message.html?_=1684895579617&CODE_STATE=getMsg HTTP/1.1" 200 27
180.169.147.146 - - [24/May/2023:10:32:59 +0800] "GET /xingrg/check_reg.html?_=1684895579622 HTTP/1.1" 200 22
222.69.129.217 - - [24/May/2023:10:32:59 +0800] "GET /xingrg/all/function/internal_message.html?_=1684895677467&CODE_STATE=getMsg HTTP/1.1" 200 27
180.152.240.15 - - [24/May/2023:10:33:00 +0800] "GET /xingrg/all/function/internal_message.html?_=1684895582320&CODE_STATE=getMsg HTTP/1.1" 200 27
180.169.147.146 - - [24/May/2023:10:33:09 +0800] "GET /xingrg/all/function/internal_message.html?_=1684895589372&CODE_STATE=getMsg HTTP/1.1" 200 27
180.164.3.199 - - [24/May/2023:10:33:10 +0800] "GET /xingrg/kc/buy/cgsh_order_operate.html?command=get_materiel&rest_code=00108&code=00101008079&supplier_code=00100007&order_time=2023-05-24 HTTP/1.1" 200 416
180.152.240.15 - - [24/May/2023:10:33:13 +0800] "GET /xingrg/kc/base/wldb_order_operate.html?command=get_materiel&rest_code=00102&base_code=0010476&code=00101019373 HTTP/1.1" 200 466
222.70.172.86 - - [24/May/2023:10:33:13 +0800] "GET /xingrg/all/function/internal_message.html?_=1684895603431&CODE_STATE=getMsg HTTP/1.1" 200 27
116.232.195.127 - - [24/May/2023:10:33:14 +0800] "GET /xingrg/all/function/internal_message.html?_=1684895633333&CODE_STATE=getMsg HTTP/1.1" 200 27
101.83.145.52 - - [24/May/2023:10:33:14 +0800] "GET /xingrg/all/function/internal_message.html?_=1684895595010&CODE_STATE=getMsg HTTP/1.1" 200 27
222.67.238.82 - - [24/May/2023:10:33:16 +0800] "GET /xingrg/all/function/internal_message.html?_=1684895107997&CODE_STATE=getMsg HTTP/1.1" 200 27
116.237.73.194 - - [24/May/2023:10:33:18 +0800] "GET /xingrg/all/function/internal_message.html?_=1684895591329&CODE_STATE=getMsg HTTP/1.1" 200 27
101.83.145.52 - - [24/May/2023:10:33:20 +0800] "GET /xingrg/all/function/internal_message.html?_=1684895433644&CODE_STATE=getMsg HTTP/1.1" 200 27
180.164.3.199 - - [24/May/2023:10:33:22 +0800] "GET /xingrg/all/function/internal_message.html?_=1684895602272&CODE_STATE=getMsg HTTP/1.1" 200 27
180.164.3.199 - - [24/May/2023:10:33:26 +0800] "POST /xingrg/kc/buy/cgsh_order_operate.html HTTP/1.1" 200 37
116.238.139.35 - - [24/May/2023:10:33:28 +0800] "GET /xingrg/all/function/internal_message.html?_=1684895606302&CODE_STATE=getMsg HTTP/1.1" 200 27
180.164.3.199 - - [24/May/2023:10:33:29 +0800] "POST /xingrg/kc/buy/cgsh_order_operate.html HTTP/1.1" 200 20437
180.152.240.15 - - [24/May/2023:10:33:29 +0800] "GET /xingrg/kc/base/wldb_order_operate.html?command=get_materiel&rest_code=00102&base_code=0010476&code=00101019374 HTTP/1.1" 200 467
116.237.73.194 - - [24/May/2023:10:33:30 +0800] "GET /xingrg/kc/buy/cgsh_order_add.html HTTP/1.1" 200 71451
116.237.73.194 - - [24/May/2023:10:33:30 +0800] "GET /xingrg/words/20230523165722_words.js HTTP/1.1" 304 -
116.237.73.194 - - [24/May/2023:10:33:30 +0800] "POST /xingrg/kc/buy/cgsh_order_operate.html HTTP/1.1" 200 8245
116.237.73.194 - - [24/May/2023:10:33:30 +0800] "GET /xingrg/javascript/easyui/themes/default/validatebox.css HTTP/1.1" 404 1104
116.237.73.194 - - [24/May/2023:10:33:32 +0800] "GET /xingrg/javascript/easyui/themes/default/tree.css HTTP/1.1" 404 1090
116.237.73.194 - - [24/May/2023:10:33:32 +0800] "POST /xingrg/all/common/load_tree.html?tree=supplier_tree_json&isDelete=1 HTTP/1.1" 200 74192
180.152.240.15 - - [24/May/2023:10:33:39 +0800] "POST /xingrg/kc/base/wldb_order_operate.html HTTP/1.1" 200 37
114.83.218.112 - - [24/May/2023:10:33:40 +0800] "GET /xingrg/all/function/internal_message.html?_=1684895617538&CODE_STATE=getMsg HTTP/1.1" 200 27
180.152.240.15 - - [24/May/2023:10:33:45 +0800] "POST /xingrg/kc/base/wldb_order_operate.html HTTP/1.1" 200 12
180.152.240.15 - - [24/May/2023:10:33:45 +0800] "POST /xingrg/kc/base/wldb_order_operate.html HTTP/1.1" 200 2706
172.20.0.100 - - [24/May/2023:10:33:45 +0800] "GET /xingrg/all/function/internal_message.html?_=1684895632600&CODE_STATE=getMsg HTTP/1.1" 200 27
116.238.139.35 - - [24/May/2023:10:33:46 +0800] "GET /xingrg/all/function/internal_message.html?_=1684895541608&CODE_STATE=getMsg HTTP/1.1" 200 27
