116.237.73.194 - - [24/May/2023:10:40:22 +0800] "GET /xingrg/kc/buy/cgsh_order_operate.html?command=get_materiel&rest_code=00106&code=00101008230&supplier_code=00100007&order_time=2023-05-24 HTTP/1.1" 200 408
180.164.3.199 - - [24/May/2023:10:40:22 +0800] "GET /xingrg/all/function/internal_message.html?_=1684896022108&CODE_STATE=getMsg HTTP/1.1" 200 27
116.238.139.35 - - [24/May/2023:10:40:28 +0800] "GET /xingrg/all/function/internal_message.html?_=1684896026187&CODE_STATE=getMsg HTTP/1.1" 200 27
116.237.73.194 - - [24/May/2023:10:40:32 +0800] "GET /xingrg/kc/buy/cgsh_order_operate.html?command=get_materiel&rest_code=00106&code=00101008286&supplier_code=00100007&order_time=2023-05-24 HTTP/1.1" 200 408
114.83.218.112 - - [24/May/2023:10:40:40 +0800] "GET /xingrg/all/function/internal_message.html?_=1684896037418&CODE_STATE=getMsg HTTP/1.1" 200 27
116.237.73.194 - - [24/May/2023:10:40:45 +0800] "GET /xingrg/kc/buy/cgsh_order_operate.html?command=get_materiel&rest_code=00106&code=00101008036&supplier_code=00100007&order_time=2023-05-24 HTTP/1.1" 200 408
172.20.0.100 - - [24/May/2023:10:40:45 +0800] "GET /xingrg/all/function/internal_message.html?_=1684896052591&CODE_STATE=getMsg HTTP/1.1" 200 27
222.70.172.86 - - [24/May/2023:10:40:46 +0800] "GET /xingrg/check_reg.html?_=1684896056089 HTTP/1.1" 200 22
116.238.139.35 - - [24/May/2023:10:40:46 +0800] "GET /xingrg/all/function/internal_message.html?_=1684895961843&CODE_STATE=getMsg HTTP/1.1" 200 27
180.164.3.199 - - [24/May/2023:10:40:48 +0800] "GET /xingrg/kc/buy/cgsh_order_operate.html?command=get_materiel&rest_code=00108&code=00101008234&supplier_code=00100007&order_time=2023-05-24 HTTP/1.1" 200 408
124.79.240.114 - - [24/May/2023:10:40:54 +0800] "GET /xingrg/all/function/internal_message.html?_=1684896332883&CODE_STATE=getMsg HTTP/1.1" 200 27
116.232.195.127 - - [24/May/2023:10:40:59 +0800] "GET /xingrg/all/function/internal_message.html?_=1684896059033&CODE_STATE=getMsg HTTP/1.1" 200 27
116.237.73.194 - - [24/May/2023:10:40:59 +0800] "GET /xingrg/kc/buy/cgsh_order_operate.html?command=get_materiel&rest_code=00106&code=00101008098&supplier_code=00100007&order_time=2023-05-24 HTTP/1.1" 200 412
222.69.129.217 - - [24/May/2023:10:40:59 +0800] "GET /xingrg/all/function/internal_message.html?_=1684896157338&CODE_STATE=getMsg HTTP/1.1" 200 27
180.169.147.146 - - [24/May/2023:10:40:59 +0800] "GET /xingrg/all/function/internal_message.html?_=1684896059629&CODE_STATE=getMsg HTTP/1.1" 200 27
180.152.240.15 - - [24/May/2023:10:41:00 +0800] "GET /xingrg/all/function/internal_message.html?_=1684896062223&CODE_STATE=getMsg HTTP/1.1" 200 27
180.169.147.146 - - [24/May/2023:10:41:09 +0800] "GET /xingrg/all/function/internal_message.html?_=1684896069380&CODE_STATE=getMsg HTTP/1.1" 200 27
180.164.3.199 - - [24/May/2023:10:41:10 +0800] "GET /xingrg/kc/buy/cgsh_order_operate.html?command=get_materiel&rest_code=00108&code=00101008136&supplier_code=00100007&order_time=2023-05-24 HTTP/1.1" 200 413
116.232.195.127 - - [24/May/2023:10:41:14 +0800] "GET /xingrg/all/function/internal_message.html?_=1684896113316&CODE_STATE=getMsg HTTP/1.1" 200 27
101.83.145.52 - - [24/May/2023:10:41:14 +0800] "GET /xingrg/all/function/internal_message.html?_=1684896075033&CODE_STATE=getMsg HTTP/1.1" 200 27
222.70.172.86 - - [24/May/2023:10:41:15 +0800] "GET /xingrg/all/function/internal_message.html?_=1684896085589&CODE_STATE=getMsg HTTP/1.1" 200 27
222.67.238.82 - - [24/May/2023:10:41:16 +0800] "GET /xingrg/all/function/internal_message.html?_=1684895587837&CODE_STATE=getMsg HTTP/1.1" 200 27
116.237.73.194 - - [24/May/2023:10:41:17 +0800] "GET /xingrg/all/function/internal_message.html?_=1684896071154&CODE_STATE=getMsg HTTP/1.1" 200 27
101.83.145.52 - - [24/May/2023:10:41:20 +0800] "GET /xingrg/all/function/internal_message.html?_=1684895913641&CODE_STATE=getMsg HTTP/1.1" 200 27
180.164.3.199 - - [24/May/2023:10:41:22 +0800] "GET /xingrg/all/function/internal_message.html?_=1684896082092&CODE_STATE=getMsg HTTP/1.1" 200 27
116.238.139.35 - - [24/May/2023:10:41:28 +0800] "GET /xingrg/all/function/internal_message.html?_=1684896086171&CODE_STATE=getMsg HTTP/1.1" 200 27
180.169.147.146 - - [24/May/2023:10:41:28 +0800] "GET /xingrg/check_reg.html?_=1684896089488 HTTP/1.1" 200 22
114.83.218.112 - - [24/May/2023:10:41:40 +0800] "GET /xingrg/all/function/internal_message.html?_=1684896097388&CODE_STATE=getMsg HTTP/1.1" 200 27
180.164.3.199 - - [24/May/2023:10:41:42 +0800] "GET /xingrg/kc/buy/cgsh_order_operate.html?command=get_materiel&rest_code=00108&code=00101009030&supplier_code=00100007&order_time=2023-05-24 HTTP/1.1" 200 412
172.20.0.100 - - [24/May/2023:10:41:45 +0800] "GET /xingrg/all/function/internal_message.html?_=1684896112589&CODE_STATE=getMsg HTTP/1.1" 200 27
116.238.139.35 - - [24/May/2023:10:41:46 +0800] "GET /xingrg/all/function/internal_message.html?_=1684896021857&CODE_STATE=getMsg HTTP/1.1" 200 27
180.164.3.199 - - [24/May/2023:10:41:50 +0800] "POST /xingrg/kc/buy/cgsh_order_operate.html HTTP/1.1" 200 2065
116.237.73.194 - - [24/May/2023:10:41:52 +0800] "GET /xingrg/kc/buy/cgsh_order_operate.html?command=get_materiel&rest_code=00106&code=00101008353&supplier_code=00100007&order_time=2023-05-24 HTTP/1.1" 200 408
218.81.78.189 - - [24/May/2023:10:41:53 +0800] "GET /xingrg/check_reg.html?_=1684896112871 HTTP/1.1" 200 22
124.79.240.114 - - [24/May/2023:10:41:54 +0800] "GET /xingrg/all/function/internal_message.html?_=1684896392884&CODE_STATE=getMsg HTTP/1.1" 200 27
116.232.195.127 - - [24/May/2023:10:41:59 +0800] "GET /xingrg/check_reg.html?_=1684896119022 HTTP/1.1" 200 22
116.232.195.127 - - [24/May/2023:10:41:59 +0800] "GET /xingrg/all/function/internal_message.html?_=1684896119024&CODE_STATE=getMsg HTTP/1.1" 200 27
222.69.129.217 - - [24/May/2023:10:41:59 +0800] "GET /xingrg/all/function/internal_message.html?_=1684896217329&CODE_STATE=getMsg HTTP/1.1" 200 27
180.169.147.146 - - [24/May/2023:10:41:59 +0800] "GET /xingrg/all/function/internal_message.html?_=1684896119622&CODE_STATE=getMsg HTTP/1.1" 200 27
180.152.240.15 - - [24/May/2023:10:42:00 +0800] "GET /xingrg/all/function/internal_message.html?_=1684896122222&CODE_STATE=getMsg HTTP/1.1" 200 27
180.152.240.15 - - [24/May/2023:10:42:01 +0800] "GET /xingrg/check_reg.html?_=1684896123157 HTTP/1.1" 200 22
180.164.3.199 - - [24/May/2023:10:42:03 +0800] "GET /xingrg/kc/buy/cgsh_order_operate.html?command=get_materiel&rest_code=00108&code=00101008351&supplier_code=00100007&order_time=2023-05-24 HTTP/1.1" 200 427
116.237.73.194 - - [24/May/2023:10:42:07 +0800] "GET /xingrg/kc/buy/cgsh_order_operate.html?command=get_materiel&rest_code=00106&code=00101008283&supplier_code=00100007&order_time=2023-05-24 HTTP/1.1" 200 408
180.169.147.146 - - [24/May/2023:10:42:09 +0800] "GET /xingrg/check_reg.html?_=1684896129376 HTTP/1.1" 200 22
180.169.147.146 - - [24/May/2023:10:42:09 +0800] "GET /xingrg/all/function/internal_message.html?_=1684896129379&CODE_STATE=getMsg HTTP/1.1" 200 27
180.164.3.199 - - [24/May/2023:10:42:12 +0800] "GET /xingrg/check_reg.html?_=1684896131657 HTTP/1.1" 200 22
180.164.3.199 - - [24/May/2023:10:42:14 +0800] "GET /xingrg/kc/buy/cgsh_order_operate.html?command=get_materiel&rest_code=00108&code=00101008213&supplier_code=00100007&order_time=2023-05-24 HTTP/1.1" 200 412
116.232.195.127 - - [24/May/2023:10:42:14 +0800] "GET /xingrg/all/function/internal_message.html?_=1684896173326&CODE_STATE=getMsg HTTP/1.1" 200 27
101.83.145.52 - - [24/May/2023:10:42:14 +0800] "GET /xingrg/all/function/internal_message.html?_=1684896135034&CODE_STATE=getMsg HTTP/1.1" 200 27
222.70.172.86 - - [24/May/2023:10:42:15 +0800] "GET /xingrg/all/function/internal_message.html?_=1684896145603&CODE_STATE=getMsg HTTP/1.1" 200 27
222.67.238.82 - - [24/May/2023:10:42:16 +0800] "GET /xingrg/all/function/internal_message.html?_=1684895647811&CODE_STATE=getMsg HTTP/1.1" 200 27
116.237.73.194 - - [24/May/2023:10:42:17 +0800] "GET /xingrg/all/function/internal_message.html?_=1684896131131&CODE_STATE=getMsg HTTP/1.1" 200 27
120.253.135.82 - - [24/May/2023:10:42:17 +0800] "GET /xingrg/check_reg.html?_=1684895974099 HTTP/1.1" 200 22
222.67.238.82 - - [24/May/2023:10:42:17 +0800] "GET /xingrg/check_reg.html?_=1684895649376 HTTP/1.1" 200 22
116.237.73.194 - - [24/May/2023:10:42:18 +0800] "GET /xingrg/kc/buy/cgsh_order_operate.html?command=get_materiel&rest_code=00106&code=00101008261&supplier_code=00100007&order_time=2023-05-24 HTTP/1.1" 200 408
101.83.145.52 - - [24/May/2023:10:42:20 +0800] "GET /xingrg/all/function/internal_message.html?_=1684895973646&CODE_STATE=getMsg HTTP/1.1" 200 27
180.164.3.199 - - [24/May/2023:10:42:22 +0800] "GET /xingrg/all/function/internal_message.html?_=1684896142076&CODE_STATE=getMsg HTTP/1.1" 200 27
180.164.3.199 - - [24/May/2023:10:42:26 +0800] "GET /xingrg/kc/buy/cgsh_order_operate.html?command=get_materiel&rest_code=00108&code=00101008132&supplier_code=00100007&order_time=2023-05-24 HTTP/1.1" 200 408
116.238.139.35 - - [24/May/2023:10:42:28 +0800] "GET /xingrg/all/function/internal_message.html?_=1684896146156&CODE_STATE=getMsg HTTP/1.1" 200 27
116.237.73.194 - - [24/May/2023:10:42:37 +0800] "POST /xingrg/kc/buy/cgsh_order_operate.html HTTP/1.1" 200 37
116.237.73.194 - - [24/May/2023:10:42:39 +0800] "POST /xingrg/kc/buy/cgsh_order_operate.html HTTP/1.1" 200 10322
114.83.218.112 - - [24/May/2023:10:42:40 +0800] "GET /xingrg/all/function/internal_message.html?_=1684896157358&CODE_STATE=getMsg HTTP/1.1" 200 27
114.83.218.112 - - [24/May/2023:10:42:41 +0800] "GET /xingrg/check_reg.html?_=1684896158593 HTTP/1.1" 200 22
116.238.139.35 - - [24/May/2023:10:42:44 +0800] "GET /xingrg/check_reg.html?_=1684896162809 HTTP/1.1" 200 22
172.20.0.100 - - [24/May/2023:10:42:45 +0800] "GET /xingrg/all/function/internal_message.html?_=1684896172587&CODE_STATE=getMsg HTTP/1.1" 200 27
172.20.0.100 - - [24/May/2023:10:42:45 +0800] "GET /xingrg/check_reg.html?_=1684896172588 HTTP/1.1" 200 22
116.238.139.35 - - [24/May/2023:10:42:46 +0800] "GET /xingrg/all/function/internal_message.html?_=1684896082009&CODE_STATE=getMsg HTTP/1.1" 200 27
180.164.3.199 - - [24/May/2023:10:42:52 +0800] "GET /xingrg/kc/buy/cgsh_order_operate.html?command=get_materiel&rest_code=00108&code=00101008323&supplier_code=00100007&order_time=2023-05-24 HTTP/1.1" 200 408
124.79.240.114 - - [24/May/2023:10:42:54 +0800] "GET /xingrg/all/function/internal_message.html?_=1684896452887&CODE_STATE=getMsg HTTP/1.1" 200 27
124.79.240.114 - - [24/May/2023:10:42:54 +0800] "GET /xingrg/check_reg.html?_=1684896452912 HTTP/1.1" 200 22
180.164.3.199 - - [24/May/2023:10:42:54 +0800] "POST /xingrg/kc/buy/cgsh_order_operate.html HTTP/1.1" 200 2065
222.70.178.80 - - [24/May/2023:10:42:54 +0800] "GET /xingrg/login.html HTTP/1.1" 200 7641
222.70.178.80 - - [24/May/2023:10:42:55 +0800] "GET /favicon.ico HTTP/1.1" 404 -
116.232.195.127 - - [24/May/2023:10:42:59 +0800] "GET /xingrg/all/function/internal_message.html?_=1684896179034&CODE_STATE=getMsg HTTP/1.1" 200 27
222.69.129.217 - - [24/May/2023:10:42:59 +0800] "GET /xingrg/all/function/internal_message.html?_=1684896277321&CODE_STATE=getMsg HTTP/1.1" 200 27
180.169.147.146 - - [24/May/2023:10:42:59 +0800] "GET /xingrg/all/function/internal_message.html?_=1684896179640&CODE_STATE=getMsg HTTP/1.1" 200 27
180.169.147.146 - - [24/May/2023:10:42:59 +0800] "GET /xingrg/check_reg.html?_=1684896179642 HTTP/1.1" 200 22
180.152.240.15 - - [24/May/2023:10:43:00 +0800] "GET /xingrg/all/function/internal_message.html?_=1684896182208&CODE_STATE=getMsg HTTP/1.1" 200 27
222.70.178.80 - - [24/May/2023:10:43:02 +0800] "POST /xingrg/login.do HTTP/1.1" 302 -
222.70.178.80 - - [24/May/2023:10:43:02 +0800] "GET /xingrg/index.html?sysBaseUrl=http%3A%2F%2F180.169.147.146%3A18081%2Fxingrg%2F&costTime=1028×tamp=1684896182300 HTTP/1.1" 200 17173
222.70.178.80 - - [24/May/2023:10:43:02 +0800] "GET /favicon.ico HTTP/1.1" 404 -
222.70.178.80 - - [24/May/2023:10:43:02 +0800] "GET /xingrg/all/function/internal_message.html?_=1684896183076&CODE_STATE=count HTTP/1.1" 200 11
222.70.178.80 - - [24/May/2023:10:43:02 +0800] "GET /xingrg/check_reg.html?_=1684896183077 HTTP/1.1" 200 22
222.70.178.80 - - [24/May/2023:10:43:02 +0800] "POST /xingrg/all/common/load_tree.html?tree=area_rest_tree_json&manage=1 HTTP/1.1" 200 342
222.70.178.80 - - [24/May/2023:10:43:02 +0800] "POST /xingrg/load_menu.html HTTP/1.1" 200 5138
222.70.178.80 - - [24/May/2023:10:43:04 +0800] "GET /xingrg/kc/buy/buy_main.html HTTP/1.1" 200 12412
222.70.178.80 - - [24/May/2023:10:43:04 +0800] "GET /xingrg/css/new_ie.css HTTP/1.1" 404 1036
222.70.178.80 - - [24/May/2023:10:43:05 +0800] "GET /xingrg/images/yd/bt.gif HTTP/1.1" 404 1040
222.70.178.80 - - [24/May/2023:10:43:06 +0800] "GET /xingrg/kc/buy/cgsh_order_list.html HTTP/1.1" 200 55669
180.169.147.146 - - [24/May/2023:10:43:09 +0800] "GET /xingrg/all/function/internal_message.html?_=1684896189375&CODE_STATE=getMsg HTTP/1.1" 200 27
222.70.178.80 - - [24/May/2023:10:43:10 +0800] "POST /xingrg/kc/buy/cgsh_list_operate.html HTTP/1.1" 200 3544
180.164.3.199 - - [24/May/2023:10:43:10 +0800] "GET /xingrg/kc/buy/cgsh_order_operate.html?command=get_materiel&rest_code=00108&code=00101008561&supplier_code=00100007&order_time=2023-05-24 HTTP/1.1" 200 413
116.237.73.194 - - [24/May/2023:10:43:10 +0800] "GET /xingrg/kc/buy/cgsh_order_operate.html?command=get_materiel&rest_code=00106&code=00101008246&supplier_code=00100007&order_time=2023-05-24 HTTP/1.1" 200 427
222.70.178.80 - - [24/May/2023:10:43:14 +0800] "GET /xingrg/kc/buy/cgsh_order_add.html HTTP/1.1" 200 71407
101.83.145.52 - - [24/May/2023:10:43:14 +0800] "GET /xingrg/all/function/internal_message.html?_=1684896195032&CODE_STATE=getMsg HTTP/1.1" 200 27
116.232.195.127 - - [24/May/2023:10:43:14 +0800] "GET /xingrg/all/function/internal_message.html?_=1684896233347&CODE_STATE=getMsg HTTP/1.1" 200 27
222.70.178.80 - - [24/May/2023:10:43:14 +0800] "GET /xingrg/words/20230523165722_words.js HTTP/1.1" 304 -
222.70.178.80 - - [24/May/2023:10:43:15 +0800] "POST /xingrg/kc/buy/cgsh_order_operate.html HTTP/1.1" 200 8245
222.70.178.80 - - [24/May/2023:10:43:15 +0800] "GET /xingrg/javascript/easyui/themes/default/validatebox.css HTTP/1.1" 404 1104
222.70.178.80 - - [24/May/2023:10:43:15 +0800] "GET /xingrg/all/common/auto_word.html?type=employee&rest_code=00111 HTTP/1.1" 200 155
222.70.178.80 - - [24/May/2023:10:43:15 +0800] "GET /xingrg/all/common/auto_word.html?type=employee&rest_code=00111 HTTP/1.1" 200 155
218.81.78.189 - - [24/May/2023:10:43:15 +0800] "GET /xingrg/kc/mdqp/qp_main.html HTTP/1.1" 200 10633
222.67.238.82 - - [24/May/2023:10:43:16 +0800] "GET /xingrg/all/function/internal_message.html?_=1684895707785&CODE_STATE=getMsg HTTP/1.1" 200 27
222.70.172.86 - - [24/May/2023:10:43:16 +0800] "GET /xingrg/all/function/internal_message.html?_=1684896206233&CODE_STATE=getMsg HTTP/1.1" 200 27
180.163.30.76 - - [24/May/2023:10:43:17 +0800] "GET /xingrg/all/function/internal_message.html?_=1684896131131&CODE_STATE=getMsg HTTP/1.1" 302 -
180.163.30.76 - - [24/May/2023:10:43:17 +0800] "GET /xingrg/login.html HTTP/1.1" 200 7641
116.237.73.194 - - [24/May/2023:10:43:17 +0800] "GET /xingrg/all/function/internal_message.html?_=1684896191106&CODE_STATE=getMsg HTTP/1.1" 200 27
218.81.78.189 - - [24/May/2023:10:43:19 +0800] "POST /xingrg/all/user/operate.html HTTP/1.1" 200 36
218.81.78.189 - - [24/May/2023:10:43:19 +0800] "GET /xingrg/index.html?sysBaseUrl=http%3A%2F%2F180.169.147.146%3A18081%2Fxingrg%2F&costTime=1409×tamp=1684844481527 HTTP/1.1" 200 17177
218.81.78.189 - - [24/May/2023:10:43:19 +0800] "GET /xingrg/javascript/jquery_easy_ui/themes/default/easyui.css HTTP/1.1" 304 -
218.81.78.189 - - [24/May/2023:10:43:19 +0800] "GET /xingrg/javascript/jquery_easy_ui/easyui-lang-zh_CN.js HTTP/1.1" 304 -
218.81.78.189 - - [24/May/2023:10:43:19 +0800] "GET /xingrg/javascript/jquery.utils.js HTTP/1.1" 304 -
218.81.78.189 - - [24/May/2023:10:43:19 +0800] "GET /xingrg/javascript/jquery_easy_ui/themes/icon.css HTTP/1.1" 304 -
218.81.78.189 - - [24/May/2023:10:43:19 +0800] "GET /xingrg/javascript/jquery-1.4.2.min.js HTTP/1.1" 304 -
218.81.78.189 - - [24/May/2023:10:43:19 +0800] "GET /xingrg/css/form.css HTTP/1.1" 304 -
218.81.78.189 - - [24/May/2023:10:43:19 +0800] "GET /xingrg/javascript/jquery.timers.js HTTP/1.1" 304 -
218.81.78.189 - - [24/May/2023:10:43:19 +0800] "GET /xingrg/javascript/jquery_easy_ui/jquery.easyui.min.js HTTP/1.1" 304 -
218.81.78.189 - - [24/May/2023:10:43:19 +0800] "GET /xingrg/javascript/jquery.form.js HTTP/1.1" 304 -
218.81.78.189 - - [24/May/2023:10:43:19 +0800] "GET /xingrg/images/blue/jxLogo.png HTTP/1.1" 304 -
218.81.78.189 - - [24/May/2023:10:43:19 +0800] "GET /xingrg/images/blue/navBackgound.jpg HTTP/1.1" 304 -
218.81.78.189 - - [24/May/2023:10:43:19 +0800] "GET /xingrg/javascript/jquery_easy_ui/themes/icons/settle_new.png HTTP/1.1" 304 -
218.81.78.189 - - [24/May/2023:10:43:19 +0800] "GET /xingrg/all/function/internal_message.html?_=1684896198878&CODE_STATE=count HTTP/1.1" 200 11
218.81.78.189 - - [24/May/2023:10:43:19 +0800] "GET /xingrg/check_reg.html?_=1684896198880 HTTP/1.1" 200 22
218.81.78.189 - - [24/May/2023:10:43:19 +0800] "POST /xingrg/all/common/load_tree.html?tree=area_rest_tree_json&manage=1 HTTP/1.1" 200 476
218.81.78.189 - - [24/May/2023:10:43:19 +0800] "GET /xingrg/javascript/jquery_easy_ui/themes/default/images/panel_tool_collapse.gif HTTP/1.1" 304 -
218.81.78.189 - - [24/May/2023:10:43:19 +0800] "GET /xingrg/javascript/jquery_easy_ui/themes/default/images/tabs_leftarrow.png HTTP/1.1" 304 -
218.81.78.189 - - [24/May/2023:10:43:19 +0800] "GET /xingrg/images/blue/pingpu.png HTTP/1.1" 304 -
218.81.78.189 - - [24/May/2023:10:43:19 +0800] "GET /xingrg/javascript/jquery_easy_ui/themes/default/images/tabs_rightarrow.png HTTP/1.1" 304 -
218.81.78.189 - - [24/May/2023:10:43:19 +0800] "POST /xingrg/load_menu.html HTTP/1.1" 200 5138
101.83.145.52 - - [24/May/2023:10:43:21 +0800] "GET /xingrg/all/function/internal_message.html?_=1684896033649&CODE_STATE=getMsg HTTP/1.1" 200 27
180.164.3.199 - - [24/May/2023:10:43:22 +0800] "GET /xingrg/all/function/internal_message.html?_=1684896202065&CODE_STATE=getMsg HTTP/1.1" 200 27
222.70.178.80 - - [24/May/2023:10:43:24 +0800] "GET /xingrg/javascript/auto/indicator.gif HTTP/1.1" 404 1066
218.81.78.189 - - [24/May/2023:10:43:25 +0800] "GET /xingrg/kc/mdqp/qp_main.html HTTP/1.1" 200 10633
218.81.78.189 - - [24/May/2023:10:43:26 +0800] "GET /xingrg/images/yd/bt.gif HTTP/1.1" 404 1040
218.81.78.189 - - [24/May/2023:10:43:27 +0800] "GET /xingrg/kc/mdqp/qqps_order_list.html HTTP/1.1" 200 9222
218.81.78.189 - - [24/May/2023:10:43:27 +0800] "GET /xingrg/dwr/interface/AjaxQqpsService.js HTTP/1.1" 200 16326
218.81.78.189 - - [24/May/2023:10:43:27 +0800] "GET /xingrg/dwr/interface/AjaxReportQueryService.js HTTP/1.1" 200 13203
218.81.78.189 - - [24/May/2023:10:43:27 +0800] "GET /xingrg/dwr/util.js HTTP/1.1" 304 -
218.81.78.189 - - [24/May/2023:10:43:27 +0800] "GET /xingrg/dwr/engine.js HTTP/1.1" 200 43631
116.238.139.35 - - [24/May/2023:10:43:28 +0800] "GET /xingrg/all/function/internal_message.html?_=1684896206137&CODE_STATE=getMsg HTTP/1.1" 200 27
222.70.178.80 - - [24/May/2023:10:43:28 +0800] "GET /xingrg/javascript/jquery_tools/images/prev.gif HTTP/1.1" 404 1086
222.70.178.80 - - [24/May/2023:10:43:28 +0800] "GET /xingrg/javascript/jquery_tools/images/next.gif HTTP/1.1" 404 1086
218.81.78.189 - - [24/May/2023:10:43:32 +0800] "GET /xingrg/kc/mdqp/qqps_order_list.html?isQuery=1&timeSelect=1&orderTime=day&startTime=2023-05-23&endTime=2023-05-24&state=all&query=%C8%B7++%B6%A8 HTTP/1.1" 200 9763
218.81.78.189 - - [24/May/2023:10:43:32 +0800] "GET /xingrg/dwr/interface/AjaxQqpsService.js HTTP/1.1" 200 16326
218.81.78.189 - - [24/May/2023:10:43:32 +0800] "GET /xingrg/dwr/interface/AjaxReportQueryService.js HTTP/1.1" 200 13203
218.81.78.189 - - [24/May/2023:10:43:32 +0800] "GET /xingrg/dwr/engine.js HTTP/1.1" 200 43631
116.237.73.194 - - [24/May/2023:10:43:34 +0800] "GET /xingrg/kc/buy/cgsh_order_operate.html?command=get_materiel&rest_code=00106&code=00101008087&supplier_code=00100007&order_time=2023-05-24 HTTP/1.1" 200 412
218.81.78.189 - - [24/May/2023:10:43:34 +0800] "GET /xingrg/kc/mdqp/qqps_order_info.html?code=302023052300383 HTTP/1.1" 200 24066
218.81.78.189 - - [24/May/2023:10:43:34 +0800] "GET /xingrg/dwr/interface/AjaxComOrderService.js HTTP/1.1" 200 18264
218.81.78.189 - - [24/May/2023:10:43:34 +0800] "GET /xingrg/dwr/interface/AjaxQqpsService.js HTTP/1.1" 200 16326
218.81.78.189 - - [24/May/2023:10:43:34 +0800] "GET /xingrg/dwr/engine.js HTTP/1.1" 200 43631
218.81.78.189 - - [24/May/2023:10:43:34 +0800] "GET /xingrg/words/20230523165722_words.js HTTP/1.1" 304 -
218.81.78.189 - - [24/May/2023:10:43:36 +0800] "POST /xingrg/dwr/call/plaincall/AjaxQqpsService.loadMaterielItems.dwr HTTP/1.1" 200 5222
222.70.178.80 - - [24/May/2023:10:43:37 +0800] "GET /xingrg/kc/buy/cgsh_order_operate.html?command=get_materiel&rest_code=00111&code=00101002042&supplier_code=00100088&order_time=2023-05-24 HTTP/1.1" 200 418
114.83.218.112 - - [24/May/2023:10:43:39 +0800] "GET /xingrg/all/function/internal_message.html?_=1684896217340&CODE_STATE=getMsg HTTP/1.1" 200 27
218.81.78.189 - - [24/May/2023:10:43:43 +0800] "GET /xingrg/images/yd/bt2.gif HTTP/1.1" 404 1042
172.20.0.100 - - [24/May/2023:10:43:45 +0800] "GET /xingrg/all/function/internal_message.html?_=1684896232602&CODE_STATE=getMsg HTTP/1.1" 200 27
116.237.73.194 - - [24/May/2023:10:43:46 +0800] "GET /xingrg/kc/buy/cgsh_order_operate.html?command=get_materiel&rest_code=00106&code=00101008224&supplier_code=00100007&order_time=2023-05-24 HTTP/1.1" 200 416
116.238.139.35 - - [24/May/2023:10:43:46 +0800] "GET /xingrg/all/function/internal_message.html?_=1684896142024&CODE_STATE=getMsg HTTP/1.1" 200 27
218.81.78.189 - - [24/May/2023:10:43:50 +0800] "GET /xingrg/kc/mdqp/qqps_order_add.html HTTP/1.1" 200 25672
218.81.78.189 - - [24/May/2023:10:43:50 +0800] "GET /xingrg/dwr/interface/AjaxComOrderService.js HTTP/1.1" 200 18264
218.81.78.189 - - [24/May/2023:10:43:50 +0800] "GET /xingrg/dwr/interface/AjaxQqpsService.js HTTP/1.1" 200 16326
218.81.78.189 - - [24/May/2023:10:43:50 +0800] "GET /xingrg/dwr/engine.js HTTP/1.1" 200 43631
124.79.240.114 - - [24/May/2023:10:43:54 +0800] "GET /xingrg/all/function/internal_message.html?_=1684896512880&CODE_STATE=getMsg HTTP/1.1" 200 27
222.69.129.217 - - [24/May/2023:10:43:56 +0800] "GET /xingrg/check_reg.html?_=1684896333929 HTTP/1.1" 200 22
116.237.73.194 - - [24/May/2023:10:43:58 +0800] "POST /xingrg/kc/buy/cgsh_order_operate.html HTTP/1.1" 200 2065
116.232.195.127 - - [24/May/2023:10:43:59 +0800] "GET /xingrg/all/function/internal_message.html?_=1684896239031&CODE_STATE=getMsg HTTP/1.1" 200 27
222.69.129.217 - - [24/May/2023:10:43:59 +0800] "GET /xingrg/all/function/internal_message.html?_=1684896337321&CODE_STATE=getMsg HTTP/1.1" 200 27
180.169.147.146 - - [24/May/2023:10:43:59 +0800] "GET /xingrg/all/function/internal_message.html?_=1684896239631&CODE_STATE=getMsg HTTP/1.1" 200 27
180.152.240.15 - - [24/May/2023:10:44:00 +0800] "GET /xingrg/all/function/internal_message.html?_=1684896242189&CODE_STATE=getMsg HTTP/1.1" 200 27
222.70.178.80 - - [24/May/2023:10:44:00 +0800] "POST /xingrg/kc/buy/cgsh_order_operate.html HTTP/1.1" 200 37
222.70.178.80 - - [24/May/2023:10:44:02 +0800] "POST /xingrg/kc/buy/cgsh_order_operate.html HTTP/1.1" 200 2667
222.70.178.80 - - [24/May/2023:10:44:02 +0800] "GET /xingrg/all/function/internal_message.html?_=1684896243093&CODE_STATE=getMsg HTTP/1.1" 200 27
218.81.78.189 - - [24/May/2023:10:44:02 +0800] "POST /xingrg/dwr/call/plaincall/AjaxQqpsService.saveOrder.dwr HTTP/1.1" 200 78
222.70.178.80 - - [24/May/2023:10:44:03 +0800] "GET /xingrg/kc/print/load_config.html?kc_code=cgsh HTTP/1.1" 200 1924
218.81.78.189 - - [24/May/2023:10:44:05 +0800] "GET /xingrg/javascript/auto/indicator.gif HTTP/1.1" 404 1066
116.237.73.194 - - [24/May/2023:10:44:07 +0800] "POST /xingrg/kc/buy/cgsh_order_operate.html HTTP/1.1" 200 37
218.81.78.189 - - [24/May/2023:10:44:08 +0800] "POST /xingrg/dwr/call/plaincall/AjaxQqpsService.getMaterielByCode.dwr HTTP/1.1" 200 2540
180.169.147.146 - - [24/May/2023:10:44:09 +0800] "GET /xingrg/all/function/internal_message.html?_=1684896249365&CODE_STATE=getMsg HTTP/1.1" 200 27
222.70.178.80 - - [24/May/2023:10:44:10 +0800] "GET /xingrg/kc/print/load_data.html?order_code=212023052408815&kc_code=cgsh&condition= HTTP/1.1" 200 2278
116.232.195.127 - - [24/May/2023:10:44:14 +0800] "GET /xingrg/check_reg.html?_=1684896293326 HTTP/1.1" 200 22
101.83.145.52 - - [24/May/2023:10:44:14 +0800] "GET /xingrg/all/function/internal_message.html?_=1684896255031&CODE_STATE=getMsg HTTP/1.1" 200 27
116.232.195.127 - - [24/May/2023:10:44:14 +0800] "GET /xingrg/all/function/internal_message.html?_=1684896293328&CODE_STATE=getMsg HTTP/1.1" 200 27
218.81.78.189 - - [24/May/2023:10:44:15 +0800] "POST /xingrg/dwr/call/plaincall/AjaxQqpsService.saveMaterielItem.dwr HTTP/1.1" 200 78
222.67.238.82 - - [24/May/2023:10:44:16 +0800] "GET /xingrg/all/function/internal_message.html?_=1684895767757&CODE_STATE=getMsg HTTP/1.1" 200 27
222.70.172.86 - - [24/May/2023:10:44:16 +0800] "GET /xingrg/all/function/internal_message.html?_=1684896266238&CODE_STATE=getMsg HTTP/1.1" 200 27
218.81.78.189 - - [24/May/2023:10:44:19 +0800] "POST /xingrg/dwr/call/plaincall/AjaxQqpsService.getMaterielByCode.dwr HTTP/1.1" 200 2550
218.81.78.189 - - [24/May/2023:10:44:19 +0800] "GET /xingrg/all/function/internal_message.html?_=1684896258891&CODE_STATE=getMsg HTTP/1.1" 200 27
101.83.145.52 - - [24/May/2023:10:44:20 +0800] "GET /xingrg/check_reg.html?_=1684896093647 HTTP/1.1" 200 22
101.83.145.52 - - [24/May/2023:10:44:20 +0800] "GET /xingrg/all/function/internal_message.html?_=1684896093651&CODE_STATE=getMsg HTTP/1.1" 200 27
218.81.78.189 - - [24/May/2023:10:44:21 +0800] "POST /xingrg/dwr/call/plaincall/AjaxQqpsService.removeMaterielItem.dwr HTTP/1.1" 200 78
180.164.3.199 - - [24/May/2023:10:44:22 +0800] "GET /xingrg/all/function/internal_message.html?_=1684896262042&CODE_STATE=getMsg HTTP/1.1" 200 27
222.70.178.80 - - [24/May/2023:10:44:25 +0800] "GET /xingrg/login.html HTTP/1.1" 200 7641
222.70.178.80 - - [24/May/2023:10:44:25 +0800] "GET /favicon.ico HTTP/1.1" 404 -
218.81.78.189 - - [24/May/2023:10:44:25 +0800] "POST /xingrg/dwr/call/plaincall/AjaxQqpsService.getMaterielByCode.dwr HTTP/1.1" 200 2538
116.238.139.35 - - [24/May/2023:10:44:28 +0800] "GET /xingrg/all/function/internal_message.html?_=1684896266120&CODE_STATE=getMsg HTTP/1.1" 200 27
218.81.78.189 - - [24/May/2023:10:44:32 +0800] "POST /xingrg/dwr/call/plaincall/AjaxQqpsService.saveMaterielItem.dwr HTTP/1.1" 200 78
218.81.78.189 - - [24/May/2023:10:44:34 +0800] "POST /xingrg/dwr/call/plaincall/AjaxQqpsService.getMaterielByCode.dwr HTTP/1.1" 200 2551
222.70.178.80 - - [24/May/2023:10:44:36 +0800] "POST /xingrg/login.do HTTP/1.1" 302 -
222.70.178.80 - - [24/May/2023:10:44:36 +0800] "GET /xingrg/index.html?sysBaseUrl=http%3A%2F%2F180.169.147.146%3A18081%2Fxingrg%2F&costTime=807×tamp=1684896276791 HTTP/1.1" 200 17173
222.70.178.80 - - [24/May/2023:10:44:37 +0800] "GET /favicon.ico HTTP/1.1" 404 -
222.70.178.80 - - [24/May/2023:10:44:37 +0800] "GET /xingrg/check_reg.html?_=1684896277358 HTTP/1.1" 200 22
222.70.178.80 - - [24/May/2023:10:44:37 +0800] "GET /xingrg/all/function/internal_message.html?_=1684896277357&CODE_STATE=count HTTP/1.1" 200 11
222.70.178.80 - - [24/May/2023:10:44:37 +0800] "POST /xingrg/all/common/load_tree.html?tree=area_rest_tree_json&manage=1 HTTP/1.1" 200 342
222.70.178.80 - - [24/May/2023:10:44:37 +0800] "POST /xingrg/load_menu.html HTTP/1.1" 200 5138
222.70.178.80 - - [24/May/2023:10:44:39 +0800] "GET /xingrg/kc/buy/buy_main.html HTTP/1.1" 200 12412
222.70.178.80 - - [24/May/2023:10:44:39 +0800] "GET /xingrg/css/new_ie.css HTTP/1.1" 404 1036
114.83.218.112 - - [24/May/2023:10:44:39 +0800] "GET /xingrg/all/function/internal_message.html?_=1684896277345&CODE_STATE=getMsg HTTP/1.1" 200 27
222.70.178.80 - - [24/May/2023:10:44:40 +0800] "GET /xingrg/images/yd/bt.gif HTTP/1.1" 404 1040
218.81.78.189 - - [24/May/2023:10:44:40 +0800] "POST /xingrg/dwr/call/plaincall/AjaxQqpsService.saveMaterielItem.dwr HTTP/1.1" 200 78
222.70.178.80 - - [24/May/2023:10:44:41 +0800] "GET /xingrg/kc/buy/cgsh_order_list.html HTTP/1.1" 200 55669
116.238.139.35 - - [24/May/2023:10:44:44 +0800] "GET /xingrg/check_reg.html?_=1684896199875 HTTP/1.1" 200 22
172.20.0.100 - - [24/May/2023:10:44:45 +0800] "GET /xingrg/all/function/internal_message.html?_=1684896292600&CODE_STATE=getMsg HTTP/1.1" 200 27
116.238.139.35 - - [24/May/2023:10:44:46 +0800] "GET /xingrg/all/function/internal_message.html?_=1684896202038&CODE_STATE=getMsg HTTP/1.1" 200 27
218.81.78.189 - - [24/May/2023:10:44:47 +0800] "POST /xingrg/dwr/call/plaincall/AjaxQqpsService.getMaterielByCode.dwr HTTP/1.1" 200 2527
180.164.3.199 - - [24/May/2023:10:44:49 +0800] "POST /xingrg/kc/buy/cgsh_order_operate.html HTTP/1.1" 200 37
116.237.73.194 - - [24/May/2023:10:44:49 +0800] "POST /xingrg/kc/buy/cgsh_order_operate.html HTTP/1.1" 200 17421
222.70.178.80 - - [24/May/2023:10:44:50 +0800] "POST /xingrg/kc/buy/cgsh_list_operate.html HTTP/1.1" 200 3969
180.164.3.199 - - [24/May/2023:10:44:51 +0800] "POST /xingrg/kc/buy/cgsh_order_operate.html HTTP/1.1" 200 31640
218.81.78.189 - - [24/May/2023:10:44:51 +0800] "POST /xingrg/dwr/call/plaincall/AjaxQqpsService.saveMaterielItem.dwr HTTP/1.1" 200 79
218.81.78.189 - - [24/May/2023:10:44:54 +0800] "POST /xingrg/dwr/call/plaincall/AjaxQqpsService.checkOrder.dwr HTTP/1.1" 200 79
124.79.240.114 - - [24/May/2023:10:44:54 +0800] "GET /xingrg/all/function/internal_message.html?_=1684896572879&CODE_STATE=getMsg HTTP/1.1" 200 27
180.164.3.199 - - [24/May/2023:10:44:55 +0800] "GET /xingrg/kc/print/load_data.html?order_code=212023052408812&kc_code=cgsh&condition= HTTP/1.1" 200 11692
116.232.195.127 - - [24/May/2023:10:44:59 +0800] "GET /xingrg/all/function/internal_message.html?_=1684896299034&CODE_STATE=getMsg HTTP/1.1" 200 27
222.69.129.217 - - [24/May/2023:10:44:59 +0800] "GET /xingrg/all/function/internal_message.html?_=1684896397306&CODE_STATE=getMsg HTTP/1.1" 200 27
180.169.147.146 - - [24/May/2023:10:44:59 +0800] "GET /xingrg/all/function/internal_message.html?_=1684896299631&CODE_STATE=getMsg HTTP/1.1" 200 27
180.152.240.15 - - [24/May/2023:10:45:00 +0800] "GET /xingrg/all/function/internal_message.html?_=1684896302187&CODE_STATE=getMsg HTTP/1.1" 200 27
180.169.147.146 - - [24/May/2023:10:45:09 +0800] "GET /xingrg/all/function/internal_message.html?_=1684896309382&CODE_STATE=getMsg HTTP/1.1" 200 27
116.237.73.194 - - [24/May/2023:10:45:09 +0800] "GET /xingrg/kc/buy/cgsh_order_operate.html?command=get_materiel&rest_code=00106&code=00101008027&supplier_code=00100007&order_time=2023-05-24 HTTP/1.1" 200 409
180.169.147.146 - - [24/May/2023:10:45:10 +0800] "GET /xingrg/kc/buy/buy_main.html HTTP/1.1" 200 12412
180.169.147.146 - - [24/May/2023:10:45:10 +0800] "GET /xingrg/css/new_ie.css HTTP/1.1" 404 1036
180.169.147.146 - - [24/May/2023:10:45:11 +0800] "GET /xingrg/images/yd/bt.gif HTTP/1.1" 404 1040
180.169.147.146 - - [24/May/2023:10:45:12 +0800] "GET /xingrg/kc/buy/cgsh_order_list.html HTTP/1.1" 200 8212
180.169.147.146 - - [24/May/2023:10:45:12 +0800] "GET /xingrg/kc/buy/cgsh_order_list.html HTTP/1.1" 200 55675
116.232.195.127 - - [24/May/2023:10:45:14 +0800] "GET /xingrg/all/function/internal_message.html?_=1684896353325&CODE_STATE=getMsg HTTP/1.1" 200 27
101.83.145.52 - - [24/May/2023:10:45:14 +0800] "GET /xingrg/check_reg.html?_=1684896315033 HTTP/1.1" 200 22
101.83.145.52 - - [24/May/2023:10:45:14 +0800] "GET /xingrg/all/function/internal_message.html?_=1684896315037&CODE_STATE=getMsg HTTP/1.1" 200 27
180.169.147.146 - - [24/May/2023:10:45:16 +0800] "POST /xingrg/kc/buy/cgsh_list_operate.html HTTP/1.1" 200 1864
222.67.238.82 - - [24/May/2023:10:45:16 +0800] "GET /xingrg/all/function/internal_message.html?_=1684895827727&CODE_STATE=getMsg HTTP/1.1" 200 27
222.70.172.86 - - [24/May/2023:10:45:17 +0800] "GET /xingrg/all/function/internal_message.html?_=1684896326946&CODE_STATE=getMsg HTTP/1.1" 200 27
116.237.73.194 - - [24/May/2023:10:45:17 +0800] "GET /xingrg/all/function/internal_message.html?_=1684896311120&CODE_STATE=getMsg HTTP/1.1" 200 27
101.83.145.52 - - [24/May/2023:10:45:20 +0800] "GET /xingrg/all/function/internal_message.html?_=1684896153642&CODE_STATE=getMsg HTTP/1.1" 200 27
180.164.3.199 - - [24/May/2023:10:45:22 +0800] "GET /xingrg/all/function/internal_message.html?_=1684896322021&CODE_STATE=getMsg HTTP/1.1" 200 27
116.238.139.35 - - [24/May/2023:10:45:28 +0800] "GET /xingrg/all/function/internal_message.html?_=1684896326106&CODE_STATE=getMsg HTTP/1.1" 200 27
116.237.73.194 - - [24/May/2023:10:45:32 +0800] "GET /xingrg/kc/buy/cgsh_order_operate.html?command=get_materiel&rest_code=00106&code=00101008132&supplier_code=00100007&order_time=2023-05-24 HTTP/1.1" 200 408
116.238.139.35 - - [24/May/2023:10:45:36 +0800] "GET /xingrg/kc/mdqp/qqps_order_list.html HTTP/1.1" 200 9222
116.238.139.35 - - [24/May/2023:10:45:36 +0800] "GET /xingrg/dwr/interface/AjaxQqpsService.js HTTP/1.1" 200 16326
116.238.139.35 - - [24/May/2023:10:45:36 +0800] "GET /xingrg/dwr/interface/AjaxReportQueryService.js HTTP/1.1" 200 13203
116.238.139.35 - - [24/May/2023:10:45:36 +0800] "GET /xingrg/dwr/engine.js HTTP/1.1" 200 43631
116.238.139.35 - - [24/May/2023:10:45:36 +0800] "GET /xingrg/dwr/util.js HTTP/1.1" 304 -
116.238.139.35 - - [24/May/2023:10:45:36 +0800] "GET /xingrg/javascript/Calendar.js HTTP/1.1" 304 -
116.238.139.35 - - [24/May/2023:10:45:36 +0800] "GET /xingrg/javascript/myfunction.js HTTP/1.1" 304 -
116.238.139.35 - - [24/May/2023:10:45:36 +0800] "GET /xingrg/javascript/ToolTips.js HTTP/1.1" 304 -
222.70.178.80 - - [24/May/2023:10:45:37 +0800] "GET /xingrg/all/function/internal_message.html?_=1684896337363&CODE_STATE=getMsg HTTP/1.1" 200 27
116.238.139.35 - - [24/May/2023:10:45:37 +0800] "GET /xingrg/javascript/jquery_easy_ui/themes/icons/edit_add_new.png HTTP/1.1" 304 -
116.238.139.35 - - [24/May/2023:10:45:37 +0800] "GET /xingrg/javascript/jquery_easy_ui/themes/icons/uncheck_new.png HTTP/1.1" 200 3197
116.238.139.35 - - [24/May/2023:10:45:37 +0800] "GET /xingrg/javascript/jquery_easy_ui/themes/icons/cance_new.png HTTP/1.1" 304 -
116.238.139.35 - - [24/May/2023:10:45:38 +0800] "GET /xingrg/javascript/jquery_easy_ui/themes/default/images/button_plain_hover.png HTTP/1.1" 304 -
114.83.218.112 - - [24/May/2023:10:45:39 +0800] "GET /xingrg/all/function/internal_message.html?_=1684896337330&CODE_STATE=getMsg HTTP/1.1" 200 27
116.238.139.35 - - [24/May/2023:10:45:40 +0800] "GET /xingrg/kc/mdqp/qqps_order_add.html HTTP/1.1" 200 28250
116.238.139.35 - - [24/May/2023:10:45:40 +0800] "GET /xingrg/javascript/tools/jquery.qtip-1.0.0-rc3.min.js HTTP/1.1" 200 38404
116.238.139.35 - - [24/May/2023:10:45:40 +0800] "GET /xingrg/dwr/interface/AjaxComOrderService.js HTTP/1.1" 200 18264
116.238.139.35 - - [24/May/2023:10:45:40 +0800] "GET /xingrg/dwr/interface/AjaxQqpsService.js HTTP/1.1" 200 16326
116.238.139.35 - - [24/May/2023:10:45:40 +0800] "GET /xingrg/dwr/engine.js HTTP/1.1" 200 43631
116.238.139.35 - - [24/May/2023:10:45:40 +0800] "GET /xingrg/javascript/Grid.js HTTP/1.1" 304 -
116.238.139.35 - - [24/May/2023:10:45:40 +0800] "GET /xingrg/javascript/AjaxInfoList.js HTTP/1.1" 304 -
116.238.139.35 - - [24/May/2023:10:45:44 +0800] "GET /xingrg/javascript/jquery_easy_ui/themes/icons/template_new.png HTTP/1.1" 200 3956
116.238.139.35 - - [24/May/2023:10:45:44 +0800] "GET /xingrg/javascript/jquery_easy_ui/themes/icons/copy_new.png HTTP/1.1" 200 815
116.238.139.35 - - [24/May/2023:10:45:44 +0800] "GET /xingrg/javascript/jquery_easy_ui/themes/icons/print.png HTTP/1.1" 304 -
116.238.139.35 - - [24/May/2023:10:45:44 +0800] "GET /xingrg/javascript/jquery_easy_ui/themes/default/images/menu_downarrow.png HTTP/1.1" 304 -
116.238.139.35 - - [24/May/2023:10:45:44 +0800] "GET /xingrg/javascript/jquery_easy_ui/themes/icons/back_new.png HTTP/1.1" 304 -
116.237.73.194 - - [24/May/2023:10:45:45 +0800] "GET /xingrg/kc/buy/cgsh_order_operate.html?command=get_materiel&rest_code=00106&code=00101008080&supplier_code=00100007&order_time=2023-05-24 HTTP/1.1" 200 416
172.20.0.100 - - [24/May/2023:10:45:45 +0800] "GET /xingrg/all/function/internal_message.html?_=1684896352600&CODE_STATE=getMsg HTTP/1.1" 200 27
116.238.139.35 - - [24/May/2023:10:45:46 +0800] "GET /xingrg/javascript/jquery_easy_ui/themes/default/images/combo_arrow_dot.gif HTTP/1.1" 200 79
222.70.172.86 - - [24/May/2023:10:45:46 +0800] "GET /xingrg/check_reg.html?_=1684896356102 HTTP/1.1" 200 22
116.238.139.35 - - [24/May/2023:10:45:47 +0800] "GET /xingrg/images/blue/button/kc_tab_edit.gif HTTP/1.1" 304 -
116.238.139.35 - - [24/May/2023:10:45:47 +0800] "GET /xingrg/images/blue/button/kc_tab_add.gif HTTP/1.1" 304 -
116.238.139.35 - - [24/May/2023:10:45:47 +0800] "GET /xingrg/images/blue/button/kc_tab_save.gif HTTP/1.1" 304 -
116.238.139.35 - - [24/May/2023:10:45:47 +0800] "GET /xingrg/images/blue/button/kc_tab_del.gif HTTP/1.1" 304 -
116.238.139.35 - - [24/May/2023:10:45:47 +0800] "GET /xingrg/images/blue/kc_tab_left.gif HTTP/1.1" 304 -
116.238.139.35 - - [24/May/2023:10:45:47 +0800] "GET /xingrg/images/blue/kc_tab_mid.gif HTTP/1.1" 304 -
116.238.139.35 - - [24/May/2023:10:45:47 +0800] "GET /xingrg/images/blue/kc_tab_right.gif HTTP/1.1" 304 -
116.238.139.35 - - [24/May/2023:10:45:47 +0800] "GET /xingrg/images/blue/kc_tab2_left.gif HTTP/1.1" 304 -
116.238.139.35 - - [24/May/2023:10:45:47 +0800] "GET /xingrg/images/blue/kc_tab2_right.gif HTTP/1.1" 304 -
116.238.139.35 - - [24/May/2023:10:45:47 +0800] "GET /xingrg/all/function/internal_message.html?_=1684896263083&CODE_STATE=getMsg HTTP/1.1" 200 27
124.79.240.114 - - [24/May/2023:10:45:54 +0800] "GET /xingrg/all/function/internal_message.html?_=1684896632904&CODE_STATE=getMsg HTTP/1.1" 200 27
180.169.147.146 - - [24/May/2023:10:45:54 +0800] "POST /xingrg/kc/buy/cgsh_list_operate.html HTTP/1.1" 200 565
180.169.147.146 - - [24/May/2023:10:45:55 +0800] "GET /xingrg/kc/buy/cgsh_order_info.html?code=212023052308521 HTTP/1.1" 200 71459
180.169.147.146 - - [24/May/2023:10:45:56 +0800] "GET /xingrg/javascript/easyui/themes/default/validatebox.css HTTP/1.1" 404 1104
180.169.147.146 - - [24/May/2023:10:45:57 +0800] "POST /xingrg/kc/buy/cgsh_order_operate.html HTTP/1.1" 200 29279
116.237.73.194 - - [24/May/2023:10:45:57 +0800] "GET /xingrg/kc/buy/cgsh_order_operate.html?command=get_materiel&rest_code=00106&code=00101008185&supplier_code=00100007&order_time=2023-05-24 HTTP/1.1" 200 408
116.232.195.127 - - [24/May/2023:10:45:59 +0800] "GET /xingrg/all/function/internal_message.html?_=1684896359033&CODE_STATE=getMsg HTTP/1.1" 200 27
222.69.129.217 - - [24/May/2023:10:45:59 +0800] "GET /xingrg/all/function/internal_message.html?_=1684896457286&CODE_STATE=getMsg HTTP/1.1" 200 27
180.169.147.146 - - [24/May/2023:10:45:59 +0800] "GET /xingrg/all/function/internal_message.html?_=1684896359626&CODE_STATE=getMsg HTTP/1.1" 200 27
116.238.139.35 - - [24/May/2023:10:46:00 +0800] "GET /xingrg/images/blue/wait.gif HTTP/1.1" 304 -
180.152.240.15 - - [24/May/2023:10:46:00 +0800] "GET /xingrg/all/function/internal_message.html?_=1684896362162&CODE_STATE=getMsg HTTP/1.1" 200 27
116.237.73.194 - - [24/May/2023:10:46:00 +0800] "POST /xingrg/kc/buy/cgsh_order_operate.html HTTP/1.1" 200 2065
116.238.139.35 - - [24/May/2023:10:46:00 +0800] "POST /xingrg/dwr/call/plaincall/AjaxQqpsService.saveOrder.dwr HTTP/1.1" 200 78
180.169.147.146 - - [24/May/2023:10:46:02 +0800] "GET /xingrg/javascript/auto/indicator.gif HTTP/1.1" 404 1066
180.169.147.146 - - [24/May/2023:10:46:05 +0800] "GET /xingrg/javascript/jquery_tools/images/prev.gif HTTP/1.1" 404 1086
180.169.147.146 - - [24/May/2023:10:46:05 +0800] "GET /xingrg/javascript/jquery_tools/images/next.gif HTTP/1.1" 404 1086
116.238.139.35 - - [24/May/2023:10:46:05 +0800] "POST /xingrg/dwr/call/plaincall/AjaxQqpsService.getMaterielByCode.dwr HTTP/1.1" 200 3912
116.237.73.194 - - [24/May/2023:10:46:07 +0800] "GET /xingrg/kc/buy/cgsh_order_operate.html?command=get_materiel&rest_code=00106&code=00101008186&supplier_code=00100007&order_time=2023-05-24 HTTP/1.1" 200 408
116.238.139.35 - - [24/May/2023:10:46:08 +0800] "POST /xingrg/dwr/call/plaincall/AjaxQqpsService.saveMaterielItem.dwr HTTP/1.1" 200 78
180.169.147.146 - - [24/May/2023:10:46:09 +0800] "GET /xingrg/all/function/internal_message.html?_=1684896369386&CODE_STATE=getMsg HTTP/1.1" 200 27
116.238.139.35 - - [24/May/2023:10:46:11 +0800] "POST /xingrg/dwr/call/plaincall/AjaxQqpsService.checkOrder.dwr HTTP/1.1" 200 78
116.238.139.35 - - [24/May/2023:10:46:13 +0800] "GET /xingrg/kc/mdqp/qqps_order_info.html?code=302023052400388 HTTP/1.1" 200 26657
116.238.139.35 - - [24/May/2023:10:46:13 +0800] "GET /xingrg/dwr/interface/AjaxQqpsService.js HTTP/1.1" 200 16326
116.238.139.35 - - [24/May/2023:10:46:13 +0800] "GET /xingrg/dwr/engine.js HTTP/1.1" 200 43631
116.238.139.35 - - [24/May/2023:10:46:13 +0800] "GET /xingrg/dwr/interface/AjaxComOrderService.js HTTP/1.1" 200 18264
116.232.195.127 - - [24/May/2023:10:46:14 +0800] "GET /xingrg/all/function/internal_message.html?_=1684896413328&CODE_STATE=getMsg HTTP/1.1" 200 27
101.83.145.52 - - [24/May/2023:10:46:14 +0800] "GET /xingrg/all/function/internal_message.html?_=1684896375037&CODE_STATE=getMsg HTTP/1.1" 200 27
116.238.139.35 - - [24/May/2023:10:46:15 +0800] "POST /xingrg/dwr/call/plaincall/AjaxQqpsService.loadMaterielItems.dwr HTTP/1.1" 200 371
180.169.147.146 - - [24/May/2023:10:46:16 +0800] "POST /xingrg/kc/buy/cgsh_order_operate.html HTTP/1.1" 200 37
222.67.238.82 - - [24/May/2023:10:46:16 +0800] "GET /xingrg/all/function/internal_message.html?_=1684895887722&CODE_STATE=getMsg HTTP/1.1" 200 27
222.70.172.86 - - [24/May/2023:10:46:17 +0800] "GET /xingrg/all/function/internal_message.html?_=1684896386952&CODE_STATE=getMsg HTTP/1.1" 200 27
116.237.73.194 - - [24/May/2023:10:46:17 +0800] "GET /xingrg/all/function/internal_message.html?_=1684896371093&CODE_STATE=getMsg HTTP/1.1" 200 27
101.83.145.52 - - [24/May/2023:10:46:20 +0800] "GET /xingrg/all/function/internal_message.html?_=1684896213676&CODE_STATE=getMsg HTTP/1.1" 200 27
180.164.3.199 - - [24/May/2023:10:46:22 +0800] "GET /xingrg/all/function/internal_message.html?_=1684896381998&CODE_STATE=getMsg HTTP/1.1" 200 27
116.237.73.194 - - [24/May/2023:10:46:23 +0800] "GET /xingrg/kc/buy/cgsh_order_operate.html?command=get_materiel&rest_code=00106&code=00101009030&supplier_code=00100007&order_time=2023-05-24 HTTP/1.1" 200 412
180.169.147.146 - - [24/May/2023:10:46:24 +0800] "POST /xingrg/kc/buy/cgsh_order_operate.html HTTP/1.1" 200 29279
116.238.139.35 - - [24/May/2023:10:46:28 +0800] "GET /xingrg/all/function/internal_message.html?_=1684896386092&CODE_STATE=getMsg HTTP/1.1" 200 27
180.169.147.146 - - [24/May/2023:10:46:28 +0800] "GET /xingrg/check_reg.html?_=1684896389483 HTTP/1.1" 200 22
180.169.147.146 - - [24/May/2023:10:46:29 +0800] "POST /xingrg/kc/buy/cgsh_order_operate.html HTTP/1.1" 200 37
116.237.73.194 - - [24/May/2023:10:46:32 +0800] "GET /xingrg/kc/buy/cgsh_order_operate.html?command=get_materiel&rest_code=00106&code=00101008300&supplier_code=00100007&order_time=2023-05-24 HTTP/1.1" 200 412
222.70.178.80 - - [24/May/2023:10:46:37 +0800] "GET /xingrg/all/function/internal_message.html?_=1684896397365&CODE_STATE=getMsg HTTP/1.1" 200 27
101.83.145.52 - - [24/May/2023:10:46:38 +0800] "GET /xingrg/kc/buy/cgsh_order_add.html HTTP/1.1" 200 71533
101.83.145.52 - - [24/May/2023:10:46:38 +0800] "GET /xingrg/words/20230523165722_words.js HTTP/1.1" 304 -
101.83.145.52 - - [24/May/2023:10:46:38 +0800] "GET /xingrg/javascript/easyui/themes/default/validatebox.css HTTP/1.1" 404 1104
101.83.145.52 - - [24/May/2023:10:46:38 +0800] "POST /xingrg/kc/buy/cgsh_order_operate.html HTTP/1.1" 200 8245
114.83.218.112 - - [24/May/2023:10:46:39 +0800] "GET /xingrg/all/function/internal_message.html?_=1684896397307&CODE_STATE=getMsg HTTP/1.1" 200 27
172.20.0.100 - - [24/May/2023:10:46:45 +0800] "GET /xingrg/all/function/internal_message.html?_=1684896412598&CODE_STATE=getMsg HTTP/1.1" 200 27
116.238.139.35 - - [24/May/2023:10:46:47 +0800] "GET /xingrg/all/function/internal_message.html?_=1684896323094&CODE_STATE=getMsg HTTP/1.1" 200 27
124.79.240.114 - - [24/May/2023:10:46:54 +0800] "GET /xingrg/all/function/internal_message.html?_=1684896692902&CODE_STATE=getMsg HTTP/1.1" 200 27
116.237.73.194 - - [24/May/2023:10:46:54 +0800] "GET /xingrg/kc/buy/cgsh_order_operate.html?command=get_materiel&rest_code=00106&code=00101008131&supplier_code=00100007&order_time=2023-05-24 HTTP/1.1" 200 409
101.83.145.52 - - [24/May/2023:10:46:55 +0800] "GET /xingrg/kc/buy/cgsh_order_operate.html?command=get_materiel&rest_code=00105&code=00101016167&supplier_code=&order_time=2023-05-24 HTTP/1.1" 200 395
116.237.73.194 - - [24/May/2023:10:46:57 +0800] "POST /xingrg/kc/buy/cgsh_order_operate.html HTTP/1.1" 200 2065
116.232.195.127 - - [24/May/2023:10:46:59 +0800] "GET /xingrg/check_reg.html?_=1684896419025 HTTP/1.1" 200 22
116.232.195.127 - - [24/May/2023:10:46:59 +0800] "GET /xingrg/all/function/internal_message.html?_=1684896419030&CODE_STATE=getMsg HTTP/1.1" 200 27
222.69.129.217 - - [24/May/2023:10:46:59 +0800] "GET /xingrg/all/function/internal_message.html?_=1684896517281&CODE_STATE=getMsg HTTP/1.1" 200 27
180.169.147.146 - - [24/May/2023:10:46:59 +0800] "GET /xingrg/all/function/internal_message.html?_=1684896419631&CODE_STATE=getMsg HTTP/1.1" 200 27
180.152.240.15 - - [24/May/2023:10:47:00 +0800] "GET /xingrg/all/function/internal_message.html?_=1684896422133&CODE_STATE=getMsg HTTP/1.1" 200 27
180.152.240.15 - - [24/May/2023:10:47:01 +0800] "GET /xingrg/check_reg.html?_=1684896423145 HTTP/1.1" 200 22
180.169.147.146 - - [24/May/2023:10:47:09 +0800] "GET /xingrg/check_reg.html?_=1684896429370 HTTP/1.1" 200 22
180.169.147.146 - - [24/May/2023:10:47:09 +0800] "GET /xingrg/all/function/internal_message.html?_=1684896429374&CODE_STATE=getMsg HTTP/1.1" 200 27
180.164.3.199 - - [24/May/2023:10:47:12 +0800] "GET /xingrg/check_reg.html?_=1684896431642 HTTP/1.1" 200 22
116.232.195.127 - - [24/May/2023:10:47:14 +0800] "GET /xingrg/all/function/internal_message.html?_=1684896473324&CODE_STATE=getMsg HTTP/1.1" 200 27
101.83.145.52 - - [24/May/2023:10:47:14 +0800] "GET /xingrg/all/function/internal_message.html?_=1684896435044&CODE_STATE=getMsg HTTP/1.1" 200 27
116.237.73.194 - - [24/May/2023:10:47:15 +0800] "GET /xingrg/kc/buy/cgsh_order_operate.html?command=get_materiel&rest_code=00106&code=00101008359&supplier_code=00100007&order_time=2023-05-24 HTTP/1.1" 200 408
222.67.238.82 - - [24/May/2023:10:47:16 +0800] "GET /xingrg/all/function/internal_message.html?_=1684895947692&CODE_STATE=getMsg HTTP/1.1" 200 27
222.70.172.86 - - [24/May/2023:10:47:17 +0800] "GET /xingrg/all/function/internal_message.html?_=1684896446965&CODE_STATE=getMsg HTTP/1.1" 200 27
116.237.73.194 - - [24/May/2023:10:47:17 +0800] "GET /xingrg/all/function/internal_message.html?_=1684896431074&CODE_STATE=getMsg HTTP/1.1" 200 27
222.67.238.82 - - [24/May/2023:10:47:17 +0800] "GET /xingrg/check_reg.html?_=1684895949410 HTTP/1.1" 200 22
120.253.135.82 - - [24/May/2023:10:47:18 +0800] "GET /xingrg/check_reg.html?_=1684896274181 HTTP/1.1" 200 22
101.83.145.52 - - [24/May/2023:10:47:20 +0800] "GET /xingrg/all/function/internal_message.html?_=1684896273670&CODE_STATE=getMsg HTTP/1.1" 200 27
180.164.3.199 - - [24/May/2023:10:47:22 +0800] "GET /xingrg/all/function/internal_message.html?_=1684896441982&CODE_STATE=getMsg HTTP/1.1" 200 27
116.238.139.35 - - [24/May/2023:10:47:28 +0800] "GET /xingrg/all/function/internal_message.html?_=1684896446077&CODE_STATE=getMsg HTTP/1.1" 200 27
101.83.145.52 - - [24/May/2023:10:47:29 +0800] "POST /xingrg/kc/buy/cgsh_order_operate.html HTTP/1.1" 200 37
116.237.73.194 - - [24/May/2023:10:47:29 +0800] "GET /xingrg/kc/buy/cgsh_order_operate.html?command=get_materiel&rest_code=00106&code=00101008096&supplier_code=00100007&order_time=2023-05-24 HTTP/1.1" 200 412
101.83.145.52 - - [24/May/2023:10:47:32 +0800] "POST /xingrg/kc/buy/cgsh_order_operate.html HTTP/1.1" 200 2654
222.70.178.80 - - [24/May/2023:10:47:37 +0800] "GET /xingrg/all/function/internal_message.html?_=1684896457364&CODE_STATE=getMsg HTTP/1.1" 200 27
114.83.218.112 - - [24/May/2023:10:47:39 +0800] "GET /xingrg/all/function/internal_message.html?_=1684896457281&CODE_STATE=getMsg HTTP/1.1" 200 27
114.83.218.112 - - [24/May/2023:10:47:41 +0800] "GET /xingrg/check_reg.html?_=1684896458597 HTTP/1.1" 200 22
116.238.139.35 - - [24/May/2023:10:47:44 +0800] "GET /xingrg/check_reg.html?_=1684896462818 HTTP/1.1" 200 22
172.20.0.100 - - [24/May/2023:10:47:45 +0800] "GET /xingrg/check_reg.html?_=1684896472596 HTTP/1.1" 200 22
172.20.0.100 - - [24/May/2023:10:47:45 +0800] "GET /xingrg/all/function/internal_message.html?_=1684896472597&CODE_STATE=getMsg HTTP/1.1" 200 27
116.238.139.35 - - [24/May/2023:10:47:47 +0800] "GET /xingrg/all/function/internal_message.html?_=1684896383109&CODE_STATE=getMsg HTTP/1.1" 200 27
116.237.73.194 - - [24/May/2023:10:47:52 +0800] "POST /xingrg/kc/buy/cgsh_order_operate.html HTTP/1.1" 200 37
124.79.240.114 - - [24/May/2023:10:47:54 +0800] "GET /xingrg/all/function/internal_message.html?_=1684896752917&CODE_STATE=getMsg HTTP/1.1" 200 27
124.79.240.114 - - [24/May/2023:10:47:54 +0800] "GET /xingrg/check_reg.html?_=1684896752918 HTTP/1.1" 200 22
101.83.145.52 - - [24/May/2023:10:47:55 +0800] "GET /xingrg/kc/print/load_data.html?order_code=212023052408816&kc_code=cgsh&condition= HTTP/1.1" 200 2278
116.232.195.127 - - [24/May/2023:10:47:59 +0800] "GET /xingrg/all/function/internal_message.html?_=1684896479021&CODE_STATE=getMsg HTTP/1.1" 200 27
222.69.129.217 - - [24/May/2023:10:47:59 +0800] "GET /xingrg/all/function/internal_message.html?_=1684896577259&CODE_STATE=getMsg HTTP/1.1" 200 27
