116.238.139.35 - - [24/May/2023:11:08:31 +0800] "GET /xingrg/javascript/jquery_easy_ui/themes/default/images/panel_tool_collapse.gif HTTP/1.1" 304 -
116.238.139.35 - - [24/May/2023:11:08:31 +0800] "POST /xingrg/all/common/load_tree.html?tree=area_rest_tree_json&manage=1 HTTP/1.1" 200 476
116.238.139.35 - - [24/May/2023:11:08:31 +0800] "GET /xingrg/check_reg.html?_=1684897626828 HTTP/1.1" 200 22
116.238.139.35 - - [24/May/2023:11:08:31 +0800] "GET /xingrg/all/function/internal_message.html?_=1684897626827&CODE_STATE=count HTTP/1.1" 200 11
116.238.139.35 - - [24/May/2023:11:08:31 +0800] "GET /xingrg/javascript/jquery_easy_ui/themes/default/images/tree_arrows.gif HTTP/1.1" 304 -
116.238.139.35 - - [24/May/2023:11:08:31 +0800] "POST /xingrg/load_menu.html HTTP/1.1" 200 5138
116.238.139.35 - - [24/May/2023:11:08:31 +0800] "GET /xingrg/javascript/jquery_easy_ui/themes/default/images/tree_folder_open.gif HTTP/1.1" 304 -
116.238.139.35 - - [24/May/2023:11:08:31 +0800] "GET /xingrg/javascript/jquery_easy_ui/themes/icons/search_new.png HTTP/1.1" 304 -
116.238.139.35 - - [24/May/2023:11:08:31 +0800] "GET /xingrg/javascript/jquery_easy_ui/themes/default/images/tree_folder.gif HTTP/1.1" 304 -
116.238.139.35 - - [24/May/2023:11:08:31 +0800] "GET /xingrg/javascript/jquery_easy_ui/themes/icons/storage_new.png HTTP/1.1" 304 -
116.238.139.35 - - [24/May/2023:11:08:31 +0800] "GET /xingrg/javascript/jquery_easy_ui/themes/icons/forms_new.png HTTP/1.1" 304 -
116.238.139.35 - - [24/May/2023:11:08:31 +0800] "GET /xingrg/javascript/jquery_easy_ui/themes/default/images/tree_file.gif HTTP/1.1" 304 -
116.238.139.35 - - [24/May/2023:11:08:33 +0800] "GET /xingrg/javascript/jquery_easy_ui/themes/default/images/tabs_active.png HTTP/1.1" 304 -
116.228.172.94 - - [24/May/2023:11:08:33 +0800] "GET /xingrg/all/function/internal_message.html?_=1684897461132&CODE_STATE=getMsg HTTP/1.1" 200 27
116.238.139.35 - - [24/May/2023:11:08:34 +0800] "GET /xingrg/javascript/jquery_easy_ui/themes/icons/area.png HTTP/1.1" 304 -
116.238.139.35 - - [24/May/2023:11:08:34 +0800] "GET /xingrg/javascript/jquery_easy_ui/themes/icons/rest.png HTTP/1.1" 304 -
116.238.139.35 - - [24/May/2023:11:08:34 +0800] "GET /xingrg/javascript/jquery_easy_ui/themes/default/images/button_a_bg.gif HTTP/1.1" 304 -
116.238.139.35 - - [24/May/2023:11:08:34 +0800] "GET /xingrg/javascript/jquery_easy_ui/themes/default/images/button_span_bg.gif HTTP/1.1" 304 -
116.238.139.35 - - [24/May/2023:11:08:34 +0800] "GET /xingrg/javascript/jquery_easy_ui/themes/icons/ok.png HTTP/1.1" 304 -
116.238.139.35 - - [24/May/2023:11:08:34 +0800] "GET /xingrg/javascript/jquery_easy_ui/themes/default/images/panel_tools.gif HTTP/1.1" 304 -
116.238.139.35 - - [24/May/2023:11:08:34 +0800] "GET /xingrg/javascript/jquery_easy_ui/themes/default/images/panel_title.png HTTP/1.1" 304 -
116.238.139.35 - - [24/May/2023:11:08:37 +0800] "GET /xingrg/images/control/ajaxLoader.gif HTTP/1.1" 304 -
222.70.178.80 - - [24/May/2023:11:08:37 +0800] "GET /xingrg/all/function/internal_message.html?_=1684897717393&CODE_STATE=getMsg HTTP/1.1" 200 27
116.238.139.35 - - [24/May/2023:11:08:37 +0800] "POST /xingrg/all/user/operate.html HTTP/1.1" 200 36
116.238.139.35 - - [24/May/2023:11:08:37 +0800] "GET /xingrg/index.html?sysBaseUrl=http%3A%2F%2F180.169.147.146%3A18081%2Fxingrg%2F&costTime=819×tamp=1684897710556 HTTP/1.1" 200 17177
116.238.139.35 - - [24/May/2023:11:08:37 +0800] "GET /xingrg/javascript/jquery_easy_ui/themes/default/easyui.css HTTP/1.1" 304 -
116.238.139.35 - - [24/May/2023:11:08:37 +0800] "GET /xingrg/javascript/jquery_easy_ui/themes/icon.css HTTP/1.1" 304 -
116.238.139.35 - - [24/May/2023:11:08:37 +0800] "GET /xingrg/css/form.css HTTP/1.1" 304 -
116.238.139.35 - - [24/May/2023:11:08:37 +0800] "GET /xingrg/javascript/jquery-1.4.2.min.js HTTP/1.1" 304 -
116.238.139.35 - - [24/May/2023:11:08:37 +0800] "GET /xingrg/javascript/jquery_easy_ui/jquery.easyui.min.js HTTP/1.1" 304 -
116.238.139.35 - - [24/May/2023:11:08:37 +0800] "GET /xingrg/javascript/jquery_easy_ui/easyui-lang-zh_CN.js HTTP/1.1" 304 -
116.238.139.35 - - [24/May/2023:11:08:37 +0800] "GET /xingrg/javascript/jquery.form.js HTTP/1.1" 304 -
116.238.139.35 - - [24/May/2023:11:08:37 +0800] "GET /xingrg/javascript/jquery.utils.js HTTP/1.1" 304 -
116.238.139.35 - - [24/May/2023:11:08:37 +0800] "GET /xingrg/javascript/jquery.timers.js HTTP/1.1" 304 -
116.238.139.35 - - [24/May/2023:11:08:37 +0800] "GET /xingrg/images/blue/navBackgound.jpg HTTP/1.1" 304 -
116.238.139.35 - - [24/May/2023:11:08:37 +0800] "GET /xingrg/images/blue/jxLogo.png HTTP/1.1" 304 -
116.238.139.35 - - [24/May/2023:11:08:37 +0800] "GET /xingrg/javascript/jquery_easy_ui/themes/icons/settle_new.png HTTP/1.1" 304 -
116.238.139.35 - - [24/May/2023:11:08:37 +0800] "GET /xingrg/images/blue/pingpu.png HTTP/1.1" 304 -
116.238.139.35 - - [24/May/2023:11:08:37 +0800] "GET /xingrg/javascript/jquery_easy_ui/themes/default/images/tabs_leftarrow.png HTTP/1.1" 304 -
116.238.139.35 - - [24/May/2023:11:08:37 +0800] "GET /xingrg/javascript/jquery_easy_ui/themes/default/images/tabs_rightarrow.png HTTP/1.1" 304 -
116.238.139.35 - - [24/May/2023:11:08:37 +0800] "GET /xingrg/javascript/jquery_easy_ui/themes/default/images/panel_tool_collapse.gif HTTP/1.1" 304 -
116.238.139.35 - - [24/May/2023:11:08:37 +0800] "GET /xingrg/check_reg.html?_=1684897632842 HTTP/1.1" 200 22
116.238.139.35 - - [24/May/2023:11:08:37 +0800] "GET /xingrg/all/function/internal_message.html?_=1684897632841&CODE_STATE=count HTTP/1.1" 200 11
116.238.139.35 - - [24/May/2023:11:08:37 +0800] "POST /xingrg/all/common/load_tree.html?tree=area_rest_tree_json&manage=1 HTTP/1.1" 200 476
116.238.139.35 - - [24/May/2023:11:08:37 +0800] "POST /xingrg/load_menu.html HTTP/1.1" 200 5138
101.83.145.52 - - [24/May/2023:11:08:38 +0800] "GET /xingrg/kc/buy/cgsh_order_operate.html?command=get_materiel&rest_code=00105&code=00101001141&supplier_code=00100327&order_time=2023-05-24 HTTP/1.1" 200 413
114.83.218.112 - - [24/May/2023:11:08:39 +0800] "GET /xingrg/all/function/internal_message.html?_=1684897716884&CODE_STATE=getMsg HTTP/1.1" 200 27
116.238.139.35 - - [24/May/2023:11:08:41 +0800] "GET /xingrg/javascript/jquery_easy_ui/themes/default/images/tabs_close.gif HTTP/1.1" 304 -
116.238.139.35 - - [24/May/2023:11:08:42 +0800] "GET /xingrg/kc/buy/cgsh_order_list.html HTTP/1.1" 200 55673
116.238.139.35 - - [24/May/2023:11:08:42 +0800] "GET /xingrg/css/base.css HTTP/1.1" 304 -
116.238.139.35 - - [24/May/2023:11:08:42 +0800] "GET /xingrg/css/site.css HTTP/1.1" 304 -
116.238.139.35 - - [24/May/2023:11:08:42 +0800] "GET /xingrg/javascript/jquery_tools/datebox.css HTTP/1.1" 304 -
116.238.139.35 - - [24/May/2023:11:08:42 +0800] "GET /xingrg/javascript/easyui/themes/default/easyui.css HTTP/1.1" 304 -
116.238.139.35 - - [24/May/2023:11:08:42 +0800] "GET /xingrg/javascript/easyui/themes/icon.css HTTP/1.1" 304 -
116.238.139.35 - - [24/May/2023:11:08:42 +0800] "GET /xingrg/javascript/auto/jquery.autocomplete.css HTTP/1.1" 304 -
116.238.139.35 - - [24/May/2023:11:08:42 +0800] "GET /xingrg/javascript/auto/jquery.autocomplete.js HTTP/1.1" 304 -
116.238.139.35 - - [24/May/2023:11:08:42 +0800] "GET /xingrg/javascript/jquery_tools/list_manager.js HTTP/1.1" 304 -
116.238.139.35 - - [24/May/2023:11:08:42 +0800] "GET /xingrg/javascript/jquery_tools/fix.css HTTP/1.1" 304 -
116.238.139.35 - - [24/May/2023:11:08:42 +0800] "GET /xingrg/javascript/easyui/easyloader.js HTTP/1.1" 304 -
116.238.139.35 - - [24/May/2023:11:08:42 +0800] "GET /xingrg/javascript/jquery.cookie.js HTTP/1.1" 304 -
116.238.139.35 - - [24/May/2023:11:08:42 +0800] "GET /xingrg/javascript/jquery_tools/table.css HTTP/1.1" 304 -
116.238.139.35 - - [24/May/2023:11:08:42 +0800] "GET /xingrg/javascript/jquery_tools/jquery.tools.table.js HTTP/1.1" 304 -
116.238.139.35 - - [24/May/2023:11:08:42 +0800] "GET /xingrg/javascript/jquery_tools/jquery.tools.min.js HTTP/1.1" 304 -
116.238.139.35 - - [24/May/2023:11:08:42 +0800] "GET /xingrg/javascript/jquery_tools/jquery.tools.hotkey.js HTTP/1.1" 304 -
116.238.139.35 - - [24/May/2023:11:08:42 +0800] "GET /xingrg/javascript/jquery_tools/jquery.tools.extend.js HTTP/1.1" 304 -
116.238.139.35 - - [24/May/2023:11:08:42 +0800] "GET /xingrg/javascript/print/LodopFuncs.js HTTP/1.1" 304 -
116.238.139.35 - - [24/May/2023:11:08:43 +0800] "GET /xingrg/javascript/easyui/themes/icons/edit_add_new.png HTTP/1.1" 304 -
116.238.139.35 - - [24/May/2023:11:08:43 +0800] "GET /xingrg/javascript/easyui/themes/icons/cance_new.png HTTP/1.1" 304 -
116.238.139.35 - - [24/May/2023:11:08:43 +0800] "GET /xingrg/javascript/easyui/themes/icons/check_new.png HTTP/1.1" 304 -
116.238.139.35 - - [24/May/2023:11:08:43 +0800] "GET /xingrg/javascript/easyui/themes/icons/field_new.png HTTP/1.1" 304 -
116.238.139.35 - - [24/May/2023:11:08:43 +0800] "GET /xingrg/javascript/easyui/themes/icons/import_new.png HTTP/1.1" 304 -
116.238.139.35 - - [24/May/2023:11:08:43 +0800] "GET /xingrg/javascript/easyui/plugins/jquery.parser.js HTTP/1.1" 304 -
116.238.139.35 - - [24/May/2023:11:08:45 +0800] "POST /xingrg/kc/buy/cgsh_list_operate.html HTTP/1.1" 200 986
172.20.0.100 - - [24/May/2023:11:08:45 +0800] "GET /xingrg/all/function/internal_message.html?_=1684897732627&CODE_STATE=getMsg HTTP/1.1" 200 27
116.238.139.35 - - [24/May/2023:11:08:45 +0800] "GET /xingrg/javascript/easyui/themes/default/images/button_plain_hover.png HTTP/1.1" 304 -
116.238.139.35 - - [24/May/2023:11:08:45 +0800] "GET /xingrg/javascript/easyui/themes/default/images/button_plain_hover.png HTTP/1.1" 304 -
116.238.139.35 - - [24/May/2023:11:08:46 +0800] "GET /xingrg/kc/buy/cgsh_order_add.html HTTP/1.1" 200 71061
116.238.139.35 - - [24/May/2023:11:08:46 +0800] "GET /xingrg/javascript/jquery_tools/order_manager.js HTTP/1.1" 304 -
116.238.139.35 - - [24/May/2023:11:08:46 +0800] "GET /xingrg/javascript/convert.js HTTP/1.1" 304 -
116.238.139.35 - - [24/May/2023:11:08:46 +0800] "GET /xingrg/javascript/json2.js HTTP/1.1" 304 -
116.238.139.35 - - [24/May/2023:11:08:46 +0800] "GET /xingrg/javascript/pic_change.js HTTP/1.1" 304 -
116.238.139.35 - - [24/May/2023:11:08:46 +0800] "GET /xingrg/javascript/print/kc_print.js HTTP/1.1" 304 -
116.238.139.35 - - [24/May/2023:11:08:46 +0800] "GET /xingrg/words/20230523165722_words.js HTTP/1.1" 304 -
116.238.139.35 - - [24/May/2023:11:08:46 +0800] "GET /xingrg/javascript/easyui/themes/icons/copy_new.png HTTP/1.1" 304 -
116.238.139.35 - - [24/May/2023:11:08:46 +0800] "GET /xingrg/javascript/easyui/themes/icons/template_new.png HTTP/1.1" 304 -
116.238.139.35 - - [24/May/2023:11:08:46 +0800] "GET /xingrg/javascript/easyui/themes/icons/ok.png HTTP/1.1" 304 -
116.238.139.35 - - [24/May/2023:11:08:46 +0800] "GET /xingrg/javascript/easyui/themes/icons/print.png HTTP/1.1" 304 -
116.238.139.35 - - [24/May/2023:11:08:46 +0800] "GET /xingrg/javascript/easyui/themes/default/images/menu_downarrow.png HTTP/1.1" 304 -
116.238.139.35 - - [24/May/2023:11:08:46 +0800] "GET /xingrg/javascript/easyui/themes/icons/cancel.png HTTP/1.1" 304 -
116.238.139.35 - - [24/May/2023:11:08:47 +0800] "POST /xingrg/kc/buy/cgsh_order_operate.html HTTP/1.1" 200 8245
116.238.139.35 - - [24/May/2023:11:08:47 +0800] "GET /xingrg/javascript/easyui/themes/icons/edit_remove.png HTTP/1.1" 304 -
116.238.139.35 - - [24/May/2023:11:08:47 +0800] "GET /xingrg/all/common/auto_word.html?type=employee&rest_code=00151 HTTP/1.1" 200 293
116.238.139.35 - - [24/May/2023:11:08:47 +0800] "GET /xingrg/javascript/easyui/themes/default/validatebox.css HTTP/1.1" 404 1104
116.238.139.35 - - [24/May/2023:11:08:47 +0800] "GET /xingrg/javascript/easyui/plugins/jquery.validatebox.js HTTP/1.1" 304 -
116.238.139.35 - - [24/May/2023:11:08:47 +0800] "GET /xingrg/javascript/easyui/plugins/jquery.numberbox.js HTTP/1.1" 304 -
116.238.139.35 - - [24/May/2023:11:08:47 +0800] "GET /xingrg/all/common/auto_word.html?type=employee&rest_code=00151 HTTP/1.1" 200 293
116.238.139.35 - - [24/May/2023:11:08:52 +0800] "GET /xingrg/javascript/auto/indicator.gif HTTP/1.1" 404 1066
101.83.145.52 - - [24/May/2023:11:08:52 +0800] "GET /xingrg/kc/buy/cgsh_order_operate.html?command=get_materiel&rest_code=00105&code=00101010097&supplier_code=00100327&order_time=2023-05-24 HTTP/1.1" 200 432
124.79.240.114 - - [24/May/2023:11:08:54 +0800] "GET /xingrg/all/function/internal_message.html?_=1684898012929&CODE_STATE=getMsg HTTP/1.1" 200 27
222.69.129.217 - - [24/May/2023:11:08:56 +0800] "GET /xingrg/check_reg.html?_=1684897833928 HTTP/1.1" 200 22
116.232.195.127 - - [24/May/2023:11:08:59 +0800] "GET /xingrg/all/function/internal_message.html?_=1684897739035&CODE_STATE=getMsg HTTP/1.1" 200 27
222.69.129.217 - - [24/May/2023:11:08:59 +0800] "GET /xingrg/all/function/internal_message.html?_=1684897836988&CODE_STATE=getMsg HTTP/1.1" 200 27
180.169.147.146 - - [24/May/2023:11:08:59 +0800] "GET /xingrg/all/function/internal_message.html?_=1684897739631&CODE_STATE=getMsg HTTP/1.1" 200 27
116.238.139.35 - - [24/May/2023:11:08:59 +0800] "GET /xingrg/kc/buy/cgsh_order_operate.html?command=get_materiel&rest_code=00151&code=00101011005&supplier_code=00100047&order_time=2023-05-24 HTTP/1.1" 200 429
180.152.240.15 - - [24/May/2023:11:08:59 +0800] "GET /xingrg/all/function/internal_message.html?_=1684897741741&CODE_STATE=getMsg HTTP/1.1" 200 27
180.169.147.146 - - [24/May/2023:11:09:02 +0800] "GET /xingrg/kc/buy/cgsh_order_operate.html?command=get_materiel&rest_code=00147&code=00101008371&supplier_code=00100007&order_time=2023-05-24 HTTP/1.1" 200 412
116.232.195.127 - - [24/May/2023:11:09:03 +0800] "GET /xingrg/check_reg.html?_=1684897781726 HTTP/1.1" 200 22
116.232.195.127 - - [24/May/2023:11:09:03 +0800] "GET /xingrg/all/function/internal_message.html?_=1684897781730&CODE_STATE=getMsg HTTP/1.1" 200 27
101.83.145.52 - - [24/May/2023:11:09:04 +0800] "GET /xingrg/all/function/internal_message.html?_=1684897745149&CODE_STATE=getMsg HTTP/1.1" 200 27
218.81.78.189 - - [24/May/2023:11:09:04 +0800] "GET /xingrg/all/function/internal_message.html?_=1684897744024&CODE_STATE=getMsg HTTP/1.1" 200 27
101.83.145.52 - - [24/May/2023:11:09:05 +0800] "GET /xingrg/kc/buy/cgsh_order_operate.html?command=get_materiel&rest_code=00105&code=00101010691&supplier_code=00100327&order_time=2023-05-24 HTTP/1.1" 200 411
101.83.145.52 - - [24/May/2023:11:09:05 +0800] "GET /xingrg/check_reg.html?_=1684897745319 HTTP/1.1" 200 22
218.81.78.189 - - [24/May/2023:11:09:05 +0800] "GET /xingrg/check_reg.html?_=1684897744385 HTTP/1.1" 200 22
180.169.147.146 - - [24/May/2023:11:09:09 +0800] "GET /xingrg/all/function/internal_message.html?_=1684897749377&CODE_STATE=getMsg HTTP/1.1" 200 27
116.238.139.35 - - [24/May/2023:11:09:10 +0800] "GET /xingrg/kc/buy/cgsh_order_operate.html?command=get_materiel&rest_code=00151&code=00101011001&supplier_code=00100047&order_time=2023-05-24 HTTP/1.1" 200 423
180.152.240.15 - - [24/May/2023:11:09:11 +0800] "GET /xingrg/kc/report/report_main.html HTTP/1.1" 200 7340
180.152.240.15 - - [24/May/2023:11:09:11 +0800] "GET /xingrg/javascript/jquery_ui/themes/humanity/humanity.css HTTP/1.1" 200 27801
180.152.240.15 - - [24/May/2023:11:09:11 +0800] "GET /xingrg/javascript/myfunction.js HTTP/1.1" 200 24559
180.152.240.15 - - [24/May/2023:11:09:12 +0800] "GET /xingrg/javascript/jquery_easy_ui/themes/icons/back_new.png HTTP/1.1" 200 3414
180.152.240.15 - - [24/May/2023:11:09:13 +0800] "GET /xingrg/kc/base/crk_hz.html HTTP/1.1" 200 11247
180.152.240.15 - - [24/May/2023:11:09:13 +0800] "GET /xingrg/css/table.css HTTP/1.1" 200 3684
180.152.240.15 - - [24/May/2023:11:09:13 +0800] "GET /xingrg/javascript/step/step.css HTTP/1.1" 200 999
180.152.240.15 - - [24/May/2023:11:09:13 +0800] "GET /xingrg/javascript/jquery_easy_ui/themes/default/images/calendar_nextmonth.gif HTTP/1.1" 200 64
180.152.240.15 - - [24/May/2023:11:09:13 +0800] "GET /xingrg/javascript/jquery_easy_ui/themes/default/images/calendar_nextyear.gif HTTP/1.1" 200 75
180.152.240.15 - - [24/May/2023:11:09:13 +0800] "GET /xingrg/javascript/jquery_easy_ui/themes/icons/print.png HTTP/1.1" 200 1057
180.152.240.15 - - [24/May/2023:11:09:13 +0800] "GET /xingrg/javascript/jquery_easy_ui/themes/default/images/menu_downarrow.png HTTP/1.1" 200 173
180.152.240.15 - - [24/May/2023:11:09:13 +0800] "GET /xingrg/javascript/jquery_easy_ui/themes/default/images/calendar_prevmonth.gif HTTP/1.1" 200 66
180.152.240.15 - - [24/May/2023:11:09:13 +0800] "GET /xingrg/javascript/jquery_easy_ui/themes/default/images/combo_arrow_dot.gif HTTP/1.1" 200 79
180.152.240.15 - - [24/May/2023:11:09:13 +0800] "GET /xingrg/javascript/jquery_easy_ui/themes/default/images/menu.gif HTTP/1.1" 200 834
180.152.240.15 - - [24/May/2023:11:09:13 +0800] "GET /xingrg/javascript/jquery_easy_ui/themes/default/images/calendar_prevyear.gif HTTP/1.1" 200 76
180.152.240.15 - - [24/May/2023:11:09:13 +0800] "POST /xingrg/kc/cost/cost_operate.html?command=get_base_tree HTTP/1.1" 200 2589
180.152.240.15 - - [24/May/2023:11:09:13 +0800] "GET /xingrg/javascript/jquery_easy_ui/themes/default/images/tree_checkbox_0.gif HTTP/1.1" 200 168
180.152.240.15 - - [24/May/2023:11:09:13 +0800] "POST /xingrg/all/common/load_tree.html?tree=materiel_sort_tree_json HTTP/1.1" 200 9500
116.237.73.194 - - [24/May/2023:11:09:17 +0800] "GET /xingrg/check_reg.html?_=1684897750379 HTTP/1.1" 200 22
116.237.73.194 - - [24/May/2023:11:09:17 +0800] "GET /xingrg/all/function/internal_message.html?_=1684897750700&CODE_STATE=getMsg HTTP/1.1" 200 27
180.152.240.15 - - [24/May/2023:11:09:19 +0800] "GET /xingrg/javascript/jquery_easy_ui/themes/default/images/tree_checkbox_1.gif HTTP/1.1" 200 174
180.152.240.15 - - [24/May/2023:11:09:19 +0800] "GET /xingrg/javascript/jquery_easy_ui/themes/default/images/tree_checkbox_2.gif HTTP/1.1" 200 181
101.83.145.52 - - [24/May/2023:11:09:21 +0800] "GET /xingrg/all/function/internal_message.html?_=1684897593707&CODE_STATE=getMsg HTTP/1.1" 200 27
101.83.145.52 - - [24/May/2023:11:09:21 +0800] "GET /xingrg/check_reg.html?_=1684897593709 HTTP/1.1" 200 22
180.152.240.15 - - [24/May/2023:11:09:21 +0800] "GET /xingrg/kc/base/crk_hz.html?_=1684897763219&command=get_cost_id&end_date=2023-05-24&start_date=2023-05-01 HTTP/1.1" 200 51
180.152.240.15 - - [24/May/2023:11:09:21 +0800] "GET /xingrg/all/report/report_query.html?isQuery=1&onlyBody=1&rh=99999&rw=1800&varString=start:20230501,cost_id:4339,mid:20230501&fileName=kc/base/crk_hz_type_by_base.xml&queryString=%20a.base_code%20in%20('0010490')%20&queryText=ÈÕÆÚ£º2023-05-01ÖÁ2023-05-24%20²Ö¿â£ºÔ±¹¤²Í&tableQueryString=materiel_table$sp1$$sp$before_table$sp1$$sp$crk_table$sp1$order_day%20between%2020230501%20and%2020230524 HTTP/1.1" 200 49400
180.152.240.15 - - [24/May/2023:11:09:21 +0800] "GET /xingrg/javascript/multi_select/jqueryMultiSelect.css HTTP/1.1" 200 951
180.152.240.15 - - [24/May/2023:11:09:21 +0800] "GET /xingrg/javascript/calendar/timePicker.css HTTP/1.1" 200 523
180.152.240.15 - - [24/May/2023:11:09:21 +0800] "GET /xingrg/javascript/bigrid/fix.css HTTP/1.1" 200 1702
180.152.240.15 - - [24/May/2023:11:09:21 +0800] "GET /xingrg/dwr/interface/AjaxReportQueryService.js HTTP/1.1" 200 13203
180.152.240.15 - - [24/May/2023:11:09:21 +0800] "GET /xingrg/dwr/engine.js HTTP/1.1" 200 43631
180.152.240.15 - - [24/May/2023:11:09:21 +0800] "GET /xingrg/dwr/util.js HTTP/1.1" 200 35990
180.152.240.15 - - [24/May/2023:11:09:21 +0800] "GET /xingrg/javascript/jqueryMultiSelect.js HTTP/1.1" 200 11866
180.152.240.15 - - [24/May/2023:11:09:21 +0800] "GET /xingrg/javascript/Calendar.js HTTP/1.1" 200 31561
180.152.240.15 - - [24/May/2023:11:09:21 +0800] "GET /xingrg/javascript/calendar/jquery.timePicker.min.js HTTP/1.1" 200 2997
180.152.240.15 - - [24/May/2023:11:09:21 +0800] "GET /xingrg/javascript/bigrid/fix.js HTTP/1.1" 200 6439
180.152.240.15 - - [24/May/2023:11:09:21 +0800] "GET /xingrg/images/control/loading.gif HTTP/1.1" 200 13463
180.152.240.15 - - [24/May/2023:11:09:21 +0800] "GET /xingrg/images/blue/button/advanceover.gif HTTP/1.1" 200 1347
180.152.240.15 - - [24/May/2023:11:09:21 +0800] "GET /xingrg/images/blue/button/advance2over.gif HTTP/1.1" 200 1336
180.152.240.15 - - [24/May/2023:11:09:21 +0800] "GET /xingrg/images/blue/button/backover.gif HTTP/1.1" 200 1348
180.152.240.15 - - [24/May/2023:11:09:21 +0800] "GET /xingrg/images/blue/button/back2over.gif HTTP/1.1" 200 1335
180.152.240.15 - - [24/May/2023:11:09:21 +0800] "GET /xingrg/javascript/jquery_easy_ui/themes/icons/help.png HTTP/1.1" 200 1187
180.164.3.199 - - [24/May/2023:11:09:21 +0800] "GET /xingrg/all/function/internal_message.html?_=1684897761587&CODE_STATE=getMsg HTTP/1.1" 200 27
222.70.172.86 - - [24/May/2023:11:09:23 +0800] "GET /xingrg/all/function/internal_message.html?_=1684897772802&CODE_STATE=getMsg HTTP/1.1" 200 27
180.169.147.146 - - [24/May/2023:11:09:24 +0800] "POST /xingrg/kc/buy/cgsh_order_operate.html HTTP/1.1" 200 37
180.152.240.15 - - [24/May/2023:11:09:25 +0800] "POST /xingrg/all/report/load_report_page.html HTTP/1.1" 200 94671
101.83.145.52 - - [24/May/2023:11:09:25 +0800] "GET /xingrg/kc/buy/cgsh_order_operate.html?command=get_materiel&rest_code=00105&code=00101010792&supplier_code=00100327&order_time=2023-05-24 HTTP/1.1" 200 410
180.152.240.15 - - [24/May/2023:11:09:25 +0800] "GET /xingrg/servlets/image?cache=0.25041071735515696&image=px HTTP/1.1" 200 807
180.169.147.146 - - [24/May/2023:11:09:26 +0800] "POST /xingrg/kc/buy/cgsh_order_operate.html HTTP/1.1" 200 20401
116.238.139.35 - - [24/May/2023:11:09:27 +0800] "GET /xingrg/all/function/internal_message.html?_=1684897765745&CODE_STATE=getMsg HTTP/1.1" 200 27
116.238.139.35 - - [24/May/2023:11:09:28 +0800] "POST /xingrg/kc/buy/cgsh_order_operate.html HTTP/1.1" 200 88
116.228.172.94 - - [24/May/2023:11:09:33 +0800] "GET /xingrg/all/function/internal_message.html?_=1684897521119&CODE_STATE=getMsg HTTP/1.1" 200 27
222.70.178.80 - - [24/May/2023:11:09:37 +0800] "POST /xingrg/kc/buy/cgsh_order_operate.html HTTP/1.1" 200 37
116.238.139.35 - - [24/May/2023:11:09:37 +0800] "GET /xingrg/all/function/internal_message.html?_=1684897692846&CODE_STATE=getMsg HTTP/1.1" 200 27
180.169.147.146 - - [24/May/2023:11:09:38 +0800] "GET /xingrg/kc/buy/cgsh_order_operate.html?command=get_materiel&rest_code=00147&code=00101008339&supplier_code=00100007&order_time=2023-05-24 HTTP/1.1" 200 412
114.83.218.112 - - [24/May/2023:11:09:39 +0800] "GET /xingrg/all/function/internal_message.html?_=1684897776860&CODE_STATE=getMsg HTTP/1.1" 200 27
101.83.145.52 - - [24/May/2023:11:09:39 +0800] "GET /xingrg/kc/buy/cgsh_order_operate.html?command=get_materiel&rest_code=00105&code=00101010143&supplier_code=00100327&order_time=2023-05-24 HTTP/1.1" 200 413
116.238.139.35 - - [24/May/2023:11:09:40 +0800] "POST /xingrg/kc/buy/cgsh_order_operate.html HTTP/1.1" 200 88
222.70.178.80 - - [24/May/2023:11:09:41 +0800] "POST /xingrg/kc/buy/cgsh_order_operate.html HTTP/1.1" 200 2663
222.70.178.80 - - [24/May/2023:11:09:44 +0800] "GET /xingrg/kc/print/load_data.html?order_code=212023052408858&kc_code=cgsh&condition= HTTP/1.1" 200 684
172.20.0.100 - - [24/May/2023:11:09:45 +0800] "GET /xingrg/all/function/internal_message.html?_=1684897792626&CODE_STATE=getMsg HTTP/1.1" 200 27
116.238.139.35 - - [24/May/2023:11:09:47 +0800] "POST /xingrg/kc/buy/cgsh_order_operate.html HTTP/1.1" 200 37
222.70.178.80 - - [24/May/2023:11:09:49 +0800] "GET /xingrg/kc/buy/cgsh_order_add.html HTTP/1.1" 200 71407
116.238.139.35 - - [24/May/2023:11:09:49 +0800] "POST /xingrg/kc/buy/cgsh_order_operate.html HTTP/1.1" 200 3272
101.83.145.52 - - [24/May/2023:11:09:49 +0800] "GET /xingrg/kc/buy/cgsh_order_operate.html?command=get_materiel&rest_code=00105&code=00101008555&supplier_code=00100327&order_time=2023-05-24 HTTP/1.1" 200 425
222.70.178.80 - - [24/May/2023:11:09:49 +0800] "POST /xingrg/kc/buy/cgsh_order_operate.html HTTP/1.1" 200 8245
222.70.178.80 - - [24/May/2023:11:09:49 +0800] "GET /xingrg/javascript/easyui/themes/default/validatebox.css HTTP/1.1" 404 1104
124.79.240.114 - - [24/May/2023:11:09:54 +0800] "GET /xingrg/all/function/internal_message.html?_=1684898072935&CODE_STATE=getMsg HTTP/1.1" 200 27
180.169.147.146 - - [24/May/2023:11:09:54 +0800] "GET /xingrg/kc/buy/cgsh_order_operate.html?command=get_materiel&rest_code=00147&code=00101008003&supplier_code=00100007&order_time=2023-05-24 HTTP/1.1" 200 409
116.238.139.35 - - [24/May/2023:11:09:56 +0800] "POST /xingrg/kc/buy/cgsh_order_operate.html HTTP/1.1" 200 37
101.83.145.52 - - [24/May/2023:11:09:56 +0800] "GET /xingrg/kc/buy/cgsh_order_operate.html?command=get_materiel&rest_code=00105&code=00101008486&supplier_code=00100327&order_time=2023-05-24 HTTP/1.1" 200 414
116.232.195.127 - - [24/May/2023:11:09:59 +0800] "GET /xingrg/all/function/internal_message.html?_=1684897799038&CODE_STATE=getMsg HTTP/1.1" 200 27
222.69.129.217 - - [24/May/2023:11:09:59 +0800] "GET /xingrg/all/function/internal_message.html?_=1684897896983&CODE_STATE=getMsg HTTP/1.1" 200 27
180.169.147.146 - - [24/May/2023:11:09:59 +0800] "GET /xingrg/all/function/internal_message.html?_=1684897799617&CODE_STATE=getMsg HTTP/1.1" 200 27
180.152.240.15 - - [24/May/2023:11:09:59 +0800] "GET /xingrg/all/function/internal_message.html?_=1684897801718&CODE_STATE=getMsg HTTP/1.1" 200 27
116.238.139.35 - - [24/May/2023:11:10:02 +0800] "POST /xingrg/kc/buy/cgsh_order_operate.html HTTP/1.1" 200 12
116.232.195.127 - - [24/May/2023:11:10:03 +0800] "GET /xingrg/all/function/internal_message.html?_=1684897841725&CODE_STATE=getMsg HTTP/1.1" 200 27
222.70.178.80 - - [24/May/2023:11:10:04 +0800] "GET /xingrg/kc/buy/cgsh_order_operate.html?command=get_materiel&rest_code=00111&code=00101008730&supplier_code=00100331&order_time=2023-05-24 HTTP/1.1" 200 399
116.238.139.35 - - [24/May/2023:11:10:04 +0800] "GET /xingrg/kc/buy/cgsh_order_info.html?code=212023052408860 HTTP/1.1" 200 65974
116.238.139.35 - - [24/May/2023:11:10:04 +0800] "GET /xingrg/javascript/easyui/themes/default/validatebox.css HTTP/1.1" 404 1104
218.81.78.189 - - [24/May/2023:11:10:04 +0800] "GET /xingrg/all/function/internal_message.html?_=1684897803995&CODE_STATE=getMsg HTTP/1.1" 200 27
101.83.145.52 - - [24/May/2023:11:10:04 +0800] "GET /xingrg/all/function/internal_message.html?_=1684897805157&CODE_STATE=getMsg HTTP/1.1" 200 27
116.238.139.35 - - [24/May/2023:11:10:05 +0800] "POST /xingrg/kc/buy/cgsh_order_operate.html HTTP/1.1" 200 1222
116.238.139.35 - - [24/May/2023:11:10:06 +0800] "GET /xingrg/kc/print/load_config.html?kc_code=cgsh HTTP/1.1" 200 1924
116.238.139.35 - - [24/May/2023:11:10:08 +0800] "GET /xingrg/kc/print/load_data.html?order_code=212023052408860&kc_code=cgsh&condition= HTTP/1.1" 200 1026
116.228.172.94 - - [24/May/2023:11:10:09 +0800] "GET /xingrg/kc/buy/cgsh_order_add.html HTTP/1.1" 200 70504
116.228.172.94 - - [24/May/2023:11:10:09 +0800] "POST /xingrg/kc/buy/cgsh_order_operate.html HTTP/1.1" 200 8245
116.228.172.94 - - [24/May/2023:11:10:09 +0800] "GET /xingrg/javascript/easyui/themes/default/validatebox.css HTTP/1.1" 404 1104
180.169.147.146 - - [24/May/2023:11:10:09 +0800] "GET /xingrg/all/function/internal_message.html?_=1684897809365&CODE_STATE=getMsg HTTP/1.1" 200 27
101.83.145.52 - - [24/May/2023:11:10:10 +0800] "GET /xingrg/kc/buy/cgsh_order_operate.html?command=get_materiel&rest_code=00105&code=00101015100&supplier_code=00100327&order_time=2023-05-24 HTTP/1.1" 200 428
116.237.73.194 - - [24/May/2023:11:10:17 +0800] "GET /xingrg/all/function/internal_message.html?_=1684897810683&CODE_STATE=getMsg HTTP/1.1" 200 27
101.83.145.52 - - [24/May/2023:11:10:21 +0800] "GET /xingrg/all/function/internal_message.html?_=1684897653709&CODE_STATE=getMsg HTTP/1.1" 200 27
180.164.3.199 - - [24/May/2023:11:10:21 +0800] "GET /xingrg/all/function/internal_message.html?_=1684897821560&CODE_STATE=getMsg HTTP/1.1" 200 27
222.70.178.80 - - [24/May/2023:11:10:22 +0800] "POST /xingrg/kc/buy/cgsh_order_operate.html HTTP/1.1" 200 37
222.70.172.86 - - [24/May/2023:11:10:23 +0800] "GET /xingrg/all/function/internal_message.html?_=1684897833595&CODE_STATE=getMsg HTTP/1.1" 200 27
222.70.178.80 - - [24/May/2023:11:10:25 +0800] "POST /xingrg/kc/buy/cgsh_order_operate.html HTTP/1.1" 200 2656
222.70.178.80 - - [24/May/2023:11:10:27 +0800] "GET /xingrg/kc/print/load_data.html?order_code=212023052408861&kc_code=cgsh&condition= HTTP/1.1" 200 665
116.238.139.35 - - [24/May/2023:11:10:27 +0800] "GET /xingrg/all/function/internal_message.html?_=1684897825728&CODE_STATE=getMsg HTTP/1.1" 200 27
116.228.172.94 - - [24/May/2023:11:10:33 +0800] "GET /xingrg/all/function/internal_message.html?_=1684897581114&CODE_STATE=getMsg HTTP/1.1" 200 27
222.70.178.80 - - [24/May/2023:11:10:37 +0800] "GET /xingrg/all/function/internal_message.html?_=1684897837416&CODE_STATE=getMsg HTTP/1.1" 200 27
116.238.139.35 - - [24/May/2023:11:10:37 +0800] "GET /xingrg/all/function/internal_message.html?_=1684897752870&CODE_STATE=getMsg HTTP/1.1" 200 27
101.83.145.52 - - [24/May/2023:11:10:38 +0800] "POST /xingrg/kc/buy/cgsh_order_operate.html HTTP/1.1" 200 37
114.83.218.112 - - [24/May/2023:11:10:39 +0800] "GET /xingrg/all/function/internal_message.html?_=1684897836832&CODE_STATE=getMsg HTTP/1.1" 200 27
101.83.145.52 - - [24/May/2023:11:10:41 +0800] "POST /xingrg/kc/buy/cgsh_order_operate.html HTTP/1.1" 200 6845
101.83.145.52 - - [24/May/2023:11:10:43 +0800] "GET /xingrg/kc/print/load_data.html?order_code=212023052408862&kc_code=cgsh&condition= HTTP/1.1" 200 2289
172.20.0.100 - - [24/May/2023:11:10:45 +0800] "GET /xingrg/all/function/internal_message.html?_=1684897852624&CODE_STATE=getMsg HTTP/1.1" 200 27
116.228.172.94 - - [24/May/2023:11:10:46 +0800] "GET /xingrg/javascript/auto/indicator.gif HTTP/1.1" 404 1066
222.70.172.86 - - [24/May/2023:11:10:46 +0800] "GET /xingrg/check_reg.html?_=1684897856590 HTTP/1.1" 200 22
101.83.145.52 - - [24/May/2023:11:10:48 +0800] "GET /xingrg/kc/buy/cgsh_order_add.html HTTP/1.1" 200 71533
101.83.145.52 - - [24/May/2023:11:10:49 +0800] "GET /xingrg/javascript/easyui/themes/default/validatebox.css HTTP/1.1" 404 1104
101.83.145.52 - - [24/May/2023:11:10:49 +0800] "POST /xingrg/kc/buy/cgsh_order_operate.html HTTP/1.1" 200 8245
124.79.240.114 - - [24/May/2023:11:10:54 +0800] "GET /xingrg/all/function/internal_message.html?_=1684898132935&CODE_STATE=getMsg HTTP/1.1" 200 27
116.232.195.127 - - [24/May/2023:11:10:59 +0800] "GET /xingrg/all/function/internal_message.html?_=1684897859056&CODE_STATE=getMsg HTTP/1.1" 200 27
222.69.129.217 - - [24/May/2023:11:10:59 +0800] "GET /xingrg/all/function/internal_message.html?_=1684897956969&CODE_STATE=getMsg HTTP/1.1" 200 27
180.169.147.146 - - [24/May/2023:11:10:59 +0800] "GET /xingrg/all/function/internal_message.html?_=1684897859631&CODE_STATE=getMsg HTTP/1.1" 200 27
180.152.240.15 - - [24/May/2023:11:10:59 +0800] "GET /xingrg/all/function/internal_message.html?_=1684897861696&CODE_STATE=getMsg HTTP/1.1" 200 27
116.232.195.127 - - [24/May/2023:11:11:03 +0800] "GET /xingrg/all/function/internal_message.html?_=1684897901720&CODE_STATE=getMsg HTTP/1.1" 200 27
101.83.145.52 - - [24/May/2023:11:11:04 +0800] "GET /xingrg/all/function/internal_message.html?_=1684897865073&CODE_STATE=getMsg HTTP/1.1" 200 27
218.81.78.189 - - [24/May/2023:11:11:04 +0800] "GET /xingrg/all/function/internal_message.html?_=1684897863966&CODE_STATE=getMsg HTTP/1.1" 200 27
180.169.147.146 - - [24/May/2023:11:11:09 +0800] "GET /xingrg/all/function/internal_message.html?_=1684897869379&CODE_STATE=getMsg HTTP/1.1" 200 27
101.83.145.52 - - [24/May/2023:11:11:12 +0800] "GET /xingrg/kc/buy/cgsh_order_operate.html?command=get_materiel&rest_code=00105&code=00101010936&supplier_code=00100570&order_time=2023-05-24 HTTP/1.1" 200 403
116.237.73.194 - - [24/May/2023:11:11:17 +0800] "GET /xingrg/all/function/internal_message.html?_=1684897870671&CODE_STATE=getMsg HTTP/1.1" 200 27
101.83.145.52 - - [24/May/2023:11:11:21 +0800] "GET /xingrg/all/function/internal_message.html?_=1684897713702&CODE_STATE=getMsg HTTP/1.1" 200 27
180.164.3.199 - - [24/May/2023:11:11:21 +0800] "GET /xingrg/all/function/internal_message.html?_=1684897881544&CODE_STATE=getMsg HTTP/1.1" 200 27
222.70.172.86 - - [24/May/2023:11:11:23 +0800] "GET /xingrg/all/function/internal_message.html?_=1684897893610&CODE_STATE=getMsg HTTP/1.1" 200 27
101.83.145.52 - - [24/May/2023:11:11:26 +0800] "GET /xingrg/kc/buy/cgsh_order_operate.html?command=get_materiel&rest_code=00105&code=00101010934&supplier_code=00100570&order_time=2023-05-24 HTTP/1.1" 200 404
116.238.139.35 - - [24/May/2023:11:11:27 +0800] "GET /xingrg/all/function/internal_message.html?_=1684897885714&CODE_STATE=getMsg HTTP/1.1" 200 27
180.169.147.146 - - [24/May/2023:11:11:28 +0800] "GET /xingrg/check_reg.html?_=1684897889389 HTTP/1.1" 200 22
116.228.172.94 - - [24/May/2023:11:11:33 +0800] "GET /xingrg/check_reg.html?_=1684897641136 HTTP/1.1" 200 22
116.228.172.94 - - [24/May/2023:11:11:33 +0800] "GET /xingrg/all/function/internal_message.html?_=1684897641145&CODE_STATE=getMsg HTTP/1.1" 200 27
180.169.147.146 - - [24/May/2023:11:11:34 +0800] "GET /xingrg/kc/buy/cgsh_order_operate.html?command=get_materiel&rest_code=00147&code=00101008199&supplier_code=00100007&order_time=2023-05-24 HTTP/1.1" 200 408
101.83.145.52 - - [24/May/2023:11:11:37 +0800] "GET /xingrg/kc/buy/cgsh_order_operate.html?command=get_materiel&rest_code=00105&code=00101010935&supplier_code=00100570&order_time=2023-05-24 HTTP/1.1" 200 407
222.70.178.80 - - [24/May/2023:11:11:37 +0800] "GET /xingrg/all/function/internal_message.html?_=1684897897400&CODE_STATE=getMsg HTTP/1.1" 200 27
116.238.139.35 - - [24/May/2023:11:11:37 +0800] "GET /xingrg/all/function/internal_message.html?_=1684897812874&CODE_STATE=getMsg HTTP/1.1" 200 27
114.83.218.112 - - [24/May/2023:11:11:39 +0800] "GET /xingrg/all/function/internal_message.html?_=1684897896826&CODE_STATE=getMsg HTTP/1.1" 200 27
180.169.147.146 - - [24/May/2023:11:11:42 +0800] "GET /xingrg/kc/buy/cgsh_order_operate.html?command=get_materiel&rest_code=00147&code=00101008223&supplier_code=00100007&order_time=2023-05-24 HTTP/1.1" 200 431
172.20.0.100 - - [24/May/2023:11:11:45 +0800] "GET /xingrg/all/function/internal_message.html?_=1684897912622&CODE_STATE=getMsg HTTP/1.1" 200 27
101.83.145.52 - - [24/May/2023:11:11:47 +0800] "POST /xingrg/kc/buy/cgsh_order_operate.html HTTP/1.1" 200 37
101.83.145.52 - - [24/May/2023:11:11:49 +0800] "POST /xingrg/kc/buy/cgsh_order_operate.html HTTP/1.1" 200 3863
101.83.145.52 - - [24/May/2023:11:11:51 +0800] "GET /xingrg/kc/print/load_data.html?order_code=212023052408863&kc_code=cgsh&condition= HTTP/1.1" 200 1129
180.169.147.146 - - [24/May/2023:11:11:51 +0800] "GET /xingrg/kc/buy/cgsh_order_operate.html?command=get_materiel&rest_code=00147&code=00101008061&supplier_code=00100007&order_time=2023-05-24 HTTP/1.1" 200 441
124.79.240.114 - - [24/May/2023:11:11:54 +0800] "GET /xingrg/all/function/internal_message.html?_=1684898192940&CODE_STATE=getMsg HTTP/1.1" 200 27
180.169.147.146 - - [24/May/2023:11:11:54 +0800] "POST /xingrg/kc/buy/cgsh_order_operate.html HTTP/1.1" 200 2065
116.228.172.94 - - [24/May/2023:11:11:54 +0800] "GET /xingrg/javascript/jquery_tools/images/prev.gif HTTP/1.1" 404 1086
116.228.172.94 - - [24/May/2023:11:11:54 +0800] "GET /xingrg/javascript/jquery_tools/images/next.gif HTTP/1.1" 404 1086
101.83.145.52 - - [24/May/2023:11:11:54 +0800] "GET /xingrg/kc/buy/cgsh_order_add.html HTTP/1.1" 200 71533
101.83.145.52 - - [24/May/2023:11:11:55 +0800] "POST /xingrg/kc/buy/cgsh_order_operate.html HTTP/1.1" 200 8245
101.83.145.52 - - [24/May/2023:11:11:55 +0800] "GET /xingrg/javascript/easyui/themes/default/validatebox.css HTTP/1.1" 404 1104
116.232.195.127 - - [24/May/2023:11:11:59 +0800] "GET /xingrg/check_reg.html?_=1684897919030 HTTP/1.1" 200 22
116.232.195.127 - - [24/May/2023:11:11:59 +0800] "GET /xingrg/all/function/internal_message.html?_=1684897919032&CODE_STATE=getMsg HTTP/1.1" 200 27
222.69.129.217 - - [24/May/2023:11:11:59 +0800] "GET /xingrg/all/function/internal_message.html?_=1684898016959&CODE_STATE=getMsg HTTP/1.1" 200 27
180.169.147.146 - - [24/May/2023:11:11:59 +0800] "GET /xingrg/all/function/internal_message.html?_=1684897919632&CODE_STATE=getMsg HTTP/1.1" 200 27
180.152.240.15 - - [24/May/2023:11:11:59 +0800] "GET /xingrg/all/function/internal_message.html?_=1684897921691&CODE_STATE=getMsg HTTP/1.1" 200 27
180.169.147.146 - - [24/May/2023:11:11:59 +0800] "GET /xingrg/kc/buy/cgsh_order_operate.html?command=get_materiel&rest_code=00147&code=00101008150&supplier_code=00100007&order_time=2023-05-24 HTTP/1.1" 200 428
180.152.240.15 - - [24/May/2023:11:12:01 +0800] "GET /xingrg/check_reg.html?_=1684897923097 HTTP/1.1" 200 22
116.228.172.94 - - [24/May/2023:11:12:02 +0800] "GET /xingrg/kc/buy/cgsh_order_operate.html?command=get_materiel&rest_code=00153&code=00101011005&supplier_code=00100049&order_time=2023-05-18 HTTP/1.1" 200 431
116.232.195.127 - - [24/May/2023:11:12:03 +0800] "GET /xingrg/all/function/internal_message.html?_=1684897961725&CODE_STATE=getMsg HTTP/1.1" 200 27
101.83.145.52 - - [24/May/2023:11:12:04 +0800] "GET /xingrg/all/function/internal_message.html?_=1684897925060&CODE_STATE=getMsg HTTP/1.1" 200 27
218.81.78.189 - - [24/May/2023:11:12:04 +0800] "GET /xingrg/all/function/internal_message.html?_=1684897923937&CODE_STATE=getMsg HTTP/1.1" 200 27
101.83.145.52 - - [24/May/2023:11:12:06 +0800] "GET /xingrg/kc/buy/cgsh_order_operate.html?command=get_materiel&rest_code=00105&code=00101008496&supplier_code=00100323&order_time=2023-05-24 HTTP/1.1" 200 405
180.169.147.146 - - [24/May/2023:11:12:09 +0800] "GET /xingrg/check_reg.html?_=1684897929370 HTTP/1.1" 200 22
180.169.147.146 - - [24/May/2023:11:12:09 +0800] "GET /xingrg/all/function/internal_message.html?_=1684897929373&CODE_STATE=getMsg HTTP/1.1" 200 27
180.164.3.199 - - [24/May/2023:11:12:11 +0800] "GET /xingrg/check_reg.html?_=1684897931613 HTTP/1.1" 200 22
116.237.73.194 - - [24/May/2023:11:12:17 +0800] "GET /xingrg/all/function/internal_message.html?_=1684897930655&CODE_STATE=getMsg HTTP/1.1" 200 27
120.253.135.82 - - [24/May/2023:11:12:17 +0800] "GET /xingrg/check_reg.html?_=1684897774232 HTTP/1.1" 200 22
101.83.145.52 - - [24/May/2023:11:12:18 +0800] "GET /xingrg/kc/buy/cgsh_order_operate.html?command=get_materiel&rest_code=00105&code=00101012064&supplier_code=00100323&order_time=2023-05-24 HTTP/1.1" 200 428
101.83.145.52 - - [24/May/2023:11:12:18 +0800] "POST /xingrg/all/common/load_select.html HTTP/1.1" 200 25
101.83.145.52 - - [24/May/2023:11:12:21 +0800] "GET /xingrg/all/function/internal_message.html?_=1684897773713&CODE_STATE=getMsg HTTP/1.1" 200 27
180.164.3.199 - - [24/May/2023:11:12:21 +0800] "GET /xingrg/all/function/internal_message.html?_=1684897941531&CODE_STATE=getMsg HTTP/1.1" 200 27
101.83.145.52 - - [24/May/2023:11:12:23 +0800] "GET /xingrg/kc/buy/cgsh_order_operate.html?command=get_materiel_price&rest_code=00105&code=00101012064&unit_code=00100040&supplier_code=00100323&order_time=2023-05-24 HTTP/1.1" 200 27
222.70.172.86 - - [24/May/2023:11:12:23 +0800] "GET /xingrg/all/function/internal_message.html?_=1684897953623&CODE_STATE=getMsg HTTP/1.1" 200 27
116.238.139.35 - - [24/May/2023:11:12:27 +0800] "GET /xingrg/all/function/internal_message.html?_=1684897945706&CODE_STATE=getMsg HTTP/1.1" 200 27
116.228.172.94 - - [24/May/2023:11:12:28 +0800] "GET /xingrg/kc/buy/cgsh_order_operate.html?command=get_materiel&rest_code=00153&code=00101011009&supplier_code=00100049&order_time=2023-05-18 HTTP/1.1" 200 418
116.228.172.94 - - [24/May/2023:11:12:33 +0800] "GET /xingrg/all/function/internal_message.html?_=1684897701132&CODE_STATE=getMsg HTTP/1.1" 200 27
180.169.147.146 - - [24/May/2023:11:12:35 +0800] "GET /xingrg/kc/buy/cgsh_order_operate.html?command=get_materiel&rest_code=00147&code=00101008558&supplier_code=00100007&order_time=2023-05-24 HTTP/1.1" 200 409
101.83.145.52 - - [24/May/2023:11:12:36 +0800] "GET /xingrg/kc/buy/cgsh_order_operate.html?command=get_materiel&rest_code=00105&code=00101010772&supplier_code=00100323&order_time=2023-05-24 HTTP/1.1" 200 456
222.70.178.80 - - [24/May/2023:11:12:37 +0800] "GET /xingrg/all/function/internal_message.html?_=1684897957386&CODE_STATE=getMsg HTTP/1.1" 200 27
116.238.139.35 - - [24/May/2023:11:12:37 +0800] "GET /xingrg/all/function/internal_message.html?_=1684897872902&CODE_STATE=getMsg HTTP/1.1" 200 27
114.83.218.112 - - [24/May/2023:11:12:39 +0800] "GET /xingrg/all/function/internal_message.html?_=1684897956816&CODE_STATE=getMsg HTTP/1.1" 200 27
114.83.218.112 - - [24/May/2023:11:12:41 +0800] "GET /xingrg/check_reg.html?_=1684897958584 HTTP/1.1" 200 22
116.228.172.94 - - [24/May/2023:11:12:43 +0800] "POST /xingrg/kc/buy/cgsh_order_operate.html HTTP/1.1" 200 37
116.238.139.35 - - [24/May/2023:11:12:44 +0800] "GET /xingrg/check_reg.html?_=1684897962839 HTTP/1.1" 200 22
180.169.147.146 - - [24/May/2023:11:12:45 +0800] "GET /xingrg/kc/buy/cgsh_order_operate.html?command=get_materiel&rest_code=00147&code=00101008036&supplier_code=00100007&order_time=2023-05-24 HTTP/1.1" 200 408
172.20.0.100 - - [24/May/2023:11:12:45 +0800] "GET /xingrg/all/function/internal_message.html?_=1684897972621&CODE_STATE=getMsg HTTP/1.1" 200 27
172.20.0.100 - - [24/May/2023:11:12:45 +0800] "GET /xingrg/check_reg.html?_=1684897972622 HTTP/1.1" 200 22
116.228.172.94 - - [24/May/2023:11:12:45 +0800] "POST /xingrg/kc/buy/cgsh_order_operate.html HTTP/1.1" 200 3852
180.169.147.146 - - [24/May/2023:11:12:48 +0800] "POST /xingrg/kc/buy/cgsh_order_operate.html HTTP/1.1" 200 2065
124.79.240.114 - - [24/May/2023:11:12:54 +0800] "GET /xingrg/check_reg.html?_=1684898252938 HTTP/1.1" 200 22
124.79.240.114 - - [24/May/2023:11:12:54 +0800] "GET /xingrg/all/function/internal_message.html?_=1684898252940&CODE_STATE=getMsg HTTP/1.1" 200 27
101.83.145.52 - - [24/May/2023:11:12:56 +0800] "GET /xingrg/kc/buy/cgsh_order_operate.html?command=get_materiel&rest_code=00105&code=00101010063&supplier_code=00100323&order_time=2023-05-24 HTTP/1.1" 200 409
116.232.195.127 - - [24/May/2023:11:12:59 +0800] "GET /xingrg/all/function/internal_message.html?_=1684897979035&CODE_STATE=getMsg HTTP/1.1" 200 27
222.69.129.217 - - [24/May/2023:11:12:59 +0800] "GET /xingrg/all/function/internal_message.html?_=1684898076955&CODE_STATE=getMsg HTTP/1.1" 200 27
180.169.147.146 - - [24/May/2023:11:12:59 +0800] "GET /xingrg/all/function/internal_message.html?_=1684897979627&CODE_STATE=getMsg HTTP/1.1" 200 27
180.169.147.146 - - [24/May/2023:11:12:59 +0800] "GET /xingrg/check_reg.html?_=1684897979629 HTTP/1.1" 200 22
180.152.240.15 - - [24/May/2023:11:12:59 +0800] "GET /xingrg/all/function/internal_message.html?_=1684897981666&CODE_STATE=getMsg HTTP/1.1" 200 27
116.232.195.127 - - [24/May/2023:11:13:03 +0800] "GET /xingrg/all/function/internal_message.html?_=1684898021718&CODE_STATE=getMsg HTTP/1.1" 200 27
116.228.172.94 - - [24/May/2023:11:13:03 +0800] "GET /xingrg/kc/print/load_data.html?order_code=212023052408864&kc_code=cgsh&condition= HTTP/1.1" 200 1177
218.81.78.189 - - [24/May/2023:11:13:04 +0800] "GET /xingrg/all/function/internal_message.html?_=1684897983922&CODE_STATE=getMsg HTTP/1.1" 200 27
116.228.172.94 - - [24/May/2023:11:13:09 +0800] "GET /xingrg/kc/buy/cgsh_order_add.html HTTP/1.1" 200 70504
180.169.147.146 - - [24/May/2023:11:13:09 +0800] "GET /xingrg/all/function/internal_message.html?_=1684897989386&CODE_STATE=getMsg HTTP/1.1" 200 27
116.228.172.94 - - [24/May/2023:11:13:09 +0800] "POST /xingrg/kc/buy/cgsh_order_operate.html HTTP/1.1" 200 8245
116.228.172.94 - - [24/May/2023:11:13:09 +0800] "GET /xingrg/javascript/easyui/themes/default/validatebox.css HTTP/1.1" 404 1104
101.83.145.52 - - [24/May/2023:11:13:10 +0800] "POST /xingrg/kc/buy/cgsh_order_operate.html HTTP/1.1" 200 37
101.83.145.52 - - [24/May/2023:11:13:11 +0800] "POST /xingrg/kc/buy/cgsh_order_operate.html HTTP/1.1" 200 4461
101.83.145.52 - - [24/May/2023:11:13:15 +0800] "GET /xingrg/kc/print/load_data.html?order_code=212023052408865&kc_code=cgsh&condition= HTTP/1.1" 200 1378
116.237.73.194 - - [24/May/2023:11:13:17 +0800] "GET /xingrg/all/function/internal_message.html?_=1684897990640&CODE_STATE=getMsg HTTP/1.1" 200 27
101.83.145.52 - - [24/May/2023:11:13:19 +0800] "GET /xingrg/kc/buy/cgsh_order_add.html HTTP/1.1" 200 71533
101.83.145.52 - - [24/May/2023:11:13:19 +0800] "GET /xingrg/javascript/easyui/themes/default/validatebox.css HTTP/1.1" 404 1104
101.83.145.52 - - [24/May/2023:11:13:19 +0800] "POST /xingrg/kc/buy/cgsh_order_operate.html HTTP/1.1" 200 8245
180.169.147.146 - - [24/May/2023:11:13:19 +0800] "GET /xingrg/kc/buy/cgsh_order_operate.html?command=get_materiel&rest_code=00147&code=00101008732&supplier_code=00100007&order_time=2023-05-24 HTTP/1.1" 200 398
101.83.145.52 - - [24/May/2023:11:13:21 +0800] "GET /xingrg/all/function/internal_message.html?_=1684897833700&CODE_STATE=getMsg HTTP/1.1" 200 27
180.164.3.199 - - [24/May/2023:11:13:21 +0800] "GET /xingrg/all/function/internal_message.html?_=1684898001503&CODE_STATE=getMsg HTTP/1.1" 200 27
180.169.147.146 - - [24/May/2023:11:13:24 +0800] "GET /xingrg/kc/buy/cgsh_order_operate.html?command=get_materiel&rest_code=00147&code=00101015006&supplier_code=00100007&order_time=2023-05-24 HTTP/1.1" 200 413
222.70.172.86 - - [24/May/2023:11:13:24 +0800] "GET /xingrg/all/function/internal_message.html?_=1684898014548&CODE_STATE=getMsg HTTP/1.1" 200 27
116.238.139.35 - - [24/May/2023:11:13:27 +0800] "GET /xingrg/all/function/internal_message.html?_=1684898005678&CODE_STATE=getMsg HTTP/1.1" 200 27
116.228.172.94 - - [24/May/2023:11:13:33 +0800] "GET /xingrg/all/function/internal_message.html?_=1684897761123&CODE_STATE=getMsg HTTP/1.1" 200 27
101.83.145.52 - - [24/May/2023:11:13:34 +0800] "GET /xingrg/kc/buy/cgsh_order_operate.html?command=get_materiel&rest_code=00105&code=00101001256&supplier_code=00100479&order_time=2023-05-24 HTTP/1.1" 200 418
180.169.147.146 - - [24/May/2023:11:13:34 +0800] "POST /xingrg/kc/buy/cgsh_order_operate.html HTTP/1.1" 200 37
222.70.178.80 - - [24/May/2023:11:13:37 +0800] "GET /xingrg/all/function/internal_message.html?_=1684898017371&CODE_STATE=getMsg HTTP/1.1" 200 27
116.238.139.35 - - [24/May/2023:11:13:37 +0800] "GET /xingrg/check_reg.html?_=1684897932843 HTTP/1.1" 200 22
116.238.139.35 - - [24/May/2023:11:13:37 +0800] "GET /xingrg/all/function/internal_message.html?_=1684897932916&CODE_STATE=getMsg HTTP/1.1" 200 27
180.169.147.146 - - [24/May/2023:11:13:39 +0800] "POST /xingrg/kc/buy/cgsh_order_operate.html HTTP/1.1" 200 27476
114.83.218.112 - - [24/May/2023:11:13:39 +0800] "GET /xingrg/all/function/internal_message.html?_=1684898016792&CODE_STATE=getMsg HTTP/1.1" 200 27
101.83.145.52 - - [24/May/2023:11:13:44 +0800] "POST /xingrg/kc/buy/cgsh_order_operate.html HTTP/1.1" 200 37
180.169.147.146 - - [24/May/2023:11:13:44 +0800] "GET /xingrg/kc/print/load_data.html?order_code=212023052408856&kc_code=cgsh&condition= HTTP/1.1" 200 10104
172.20.0.100 - - [24/May/2023:11:13:45 +0800] "GET /xingrg/all/function/internal_message.html?_=1684898032620&CODE_STATE=getMsg HTTP/1.1" 200 27
101.83.145.52 - - [24/May/2023:11:13:46 +0800] "POST /xingrg/kc/buy/cgsh_order_operate.html HTTP/1.1" 200 2662
124.79.240.114 - - [24/May/2023:11:13:54 +0800] "GET /xingrg/all/function/internal_message.html?_=1684898312943&CODE_STATE=getMsg HTTP/1.1" 200 27
222.69.129.217 - - [24/May/2023:11:13:56 +0800] "GET /xingrg/check_reg.html?_=1684898133911 HTTP/1.1" 200 22
101.83.145.52 - - [24/May/2023:11:13:58 +0800] "GET /xingrg/kc/print/load_data.html?order_code=212023052408866&kc_code=cgsh&condition= HTTP/1.1" 200 678
116.232.195.127 - - [24/May/2023:11:13:59 +0800] "GET /xingrg/all/function/internal_message.html?_=1684898039042&CODE_STATE=getMsg HTTP/1.1" 200 27
222.69.129.217 - - [24/May/2023:11:13:59 +0800] "GET /xingrg/all/function/internal_message.html?_=1684898136929&CODE_STATE=getMsg HTTP/1.1" 200 27
180.169.147.146 - - [24/May/2023:11:13:59 +0800] "GET /xingrg/all/function/internal_message.html?_=1684898039625&CODE_STATE=getMsg HTTP/1.1" 200 27
180.152.240.15 - - [24/May/2023:11:13:59 +0800] "GET /xingrg/all/function/internal_message.html?_=1684898041638&CODE_STATE=getMsg HTTP/1.1" 200 27
101.83.145.52 - - [24/May/2023:11:14:02 +0800] "GET /xingrg/kc/buy/cgsh_order_add.html HTTP/1.1" 200 71533
101.83.145.52 - - [24/May/2023:11:14:02 +0800] "GET /xingrg/javascript/easyui/themes/default/validatebox.css HTTP/1.1" 404 1104
101.83.145.52 - - [24/May/2023:11:14:02 +0800] "POST /xingrg/kc/buy/cgsh_order_operate.html HTTP/1.1" 200 8245
116.232.195.127 - - [24/May/2023:11:14:03 +0800] "GET /xingrg/all/function/internal_message.html?_=1684898081728&CODE_STATE=getMsg HTTP/1.1" 200 27
116.232.195.127 - - [24/May/2023:11:14:03 +0800] "GET /xingrg/check_reg.html?_=1684898081731 HTTP/1.1" 200 22
218.81.78.189 - - [24/May/2023:11:14:04 +0800] "GET /xingrg/all/function/internal_message.html?_=1684898043898&CODE_STATE=getMsg HTTP/1.1" 200 27
101.83.145.52 - - [24/May/2023:11:14:04 +0800] "GET /xingrg/all/function/internal_message.html?_=1684898045057&CODE_STATE=getMsg HTTP/1.1" 200 27
101.83.145.52 - - [24/May/2023:11:14:05 +0800] "GET /xingrg/check_reg.html?_=1684898045383 HTTP/1.1" 200 22
218.81.78.189 - - [24/May/2023:11:14:05 +0800] "GET /xingrg/check_reg.html?_=1684898044359 HTTP/1.1" 200 22
180.169.147.146 - - [24/May/2023:11:14:09 +0800] "GET /xingrg/all/function/internal_message.html?_=1684898049382&CODE_STATE=getMsg HTTP/1.1" 200 27
101.83.145.52 - - [24/May/2023:11:14:14 +0800] "GET /xingrg/kc/buy/cgsh_order_operate.html?command=get_materiel&rest_code=00105&code=00101007176&supplier_code=00100443&order_time=2023-05-24 HTTP/1.1" 200 421
116.237.73.194 - - [24/May/2023:11:14:17 +0800] "GET /xingrg/check_reg.html?_=1684898050369 HTTP/1.1" 200 22
116.237.73.194 - - [24/May/2023:11:14:17 +0800] "GET /xingrg/all/function/internal_message.html?_=1684898050620&CODE_STATE=getMsg HTTP/1.1" 200 27
101.83.145.52 - - [24/May/2023:11:14:21 +0800] "GET /xingrg/all/function/internal_message.html?_=1684897893710&CODE_STATE=getMsg HTTP/1.1" 200 27
101.83.145.52 - - [24/May/2023:11:14:21 +0800] "GET /xingrg/check_reg.html?_=1684897893713 HTTP/1.1" 200 22
