116.232.195.127 - - [24/May/2023:11:43:44 +0800] "GET /xingrg/kc/print/load_data.html?order_code=212023052408944&kc_code=cgsh HTTP/1.1" 200 1588
222.67.238.82 - - [24/May/2023:11:43:44 +0800] "GET /xingrg/all/function/internal_message.html?_=1684899336419&CODE_STATE=getMsg HTTP/1.1" 200 27
172.20.0.100 - - [24/May/2023:11:43:45 +0800] "GET /xingrg/all/function/internal_message.html?_=1684899832637&CODE_STATE=getMsg HTTP/1.1" 200 27
222.67.238.82 - - [24/May/2023:11:43:47 +0800] "POST /xingrg/kc/buy/cgsh_order_operate.html HTTP/1.1" 200 37
116.237.73.194 - - [24/May/2023:11:43:47 +0800] "POST /xingrg/kc/buy/cgsh_list_operate.html HTTP/1.1" 200 280
114.83.218.112 - - [24/May/2023:11:43:49 +0800] "POST /xingrg/kc/buy/cgsh_order_operate.html HTTP/1.1" 200 12
116.238.139.35 - - [24/May/2023:11:43:50 +0800] "POST /xingrg/all/user/operate.html HTTP/1.1" 200 36
116.232.195.127 - - [24/May/2023:11:43:50 +0800] "GET /xingrg/kc/print/load_data.html?order_code=212023052408944&kc_code=cgsh&condition= HTTP/1.1" 200 1588
116.238.139.35 - - [24/May/2023:11:43:50 +0800] "GET /xingrg/index.html?sysBaseUrl=http%3A%2F%2F180.169.147.146%3A18081%2Fxingrg%2F&costTime=819×tamp=1684897710556 HTTP/1.1" 200 17177
116.238.139.35 - - [24/May/2023:11:43:51 +0800] "GET /xingrg/javascript/jquery_easy_ui/themes/default/easyui.css HTTP/1.1" 304 -
116.238.139.35 - - [24/May/2023:11:43:51 +0800] "GET /xingrg/javascript/jquery_easy_ui/themes/icon.css HTTP/1.1" 304 -
116.238.139.35 - - [24/May/2023:11:43:51 +0800] "GET /xingrg/css/form.css HTTP/1.1" 304 -
116.238.139.35 - - [24/May/2023:11:43:51 +0800] "GET /xingrg/javascript/jquery-1.4.2.min.js HTTP/1.1" 304 -
116.238.139.35 - - [24/May/2023:11:43:51 +0800] "GET /xingrg/javascript/jquery_easy_ui/jquery.easyui.min.js HTTP/1.1" 304 -
116.238.139.35 - - [24/May/2023:11:43:51 +0800] "GET /xingrg/javascript/jquery_easy_ui/easyui-lang-zh_CN.js HTTP/1.1" 304 -
116.238.139.35 - - [24/May/2023:11:43:51 +0800] "GET /xingrg/javascript/jquery.form.js HTTP/1.1" 304 -
116.238.139.35 - - [24/May/2023:11:43:51 +0800] "GET /xingrg/javascript/jquery.utils.js HTTP/1.1" 304 -
116.238.139.35 - - [24/May/2023:11:43:51 +0800] "GET /xingrg/javascript/jquery.timers.js HTTP/1.1" 304 -
116.238.139.35 - - [24/May/2023:11:43:51 +0800] "GET /xingrg/images/blue/jxLogo.png HTTP/1.1" 304 -
116.238.139.35 - - [24/May/2023:11:43:51 +0800] "GET /xingrg/javascript/jquery_easy_ui/themes/icons/settle_new.png HTTP/1.1" 304 -
116.238.139.35 - - [24/May/2023:11:43:51 +0800] "GET /xingrg/images/blue/navBackgound.jpg HTTP/1.1" 304 -
116.238.139.35 - - [24/May/2023:11:43:51 +0800] "GET /xingrg/images/blue/pingpu.png HTTP/1.1" 304 -
116.238.139.35 - - [24/May/2023:11:43:51 +0800] "GET /xingrg/javascript/jquery_easy_ui/themes/default/images/tabs_leftarrow.png HTTP/1.1" 304 -
116.238.139.35 - - [24/May/2023:11:43:51 +0800] "GET /xingrg/javascript/jquery_easy_ui/themes/default/images/tabs_rightarrow.png HTTP/1.1" 304 -
116.238.139.35 - - [24/May/2023:11:43:51 +0800] "GET /xingrg/javascript/jquery_easy_ui/themes/default/images/panel_tool_collapse.gif HTTP/1.1" 304 -
116.238.139.35 - - [24/May/2023:11:43:51 +0800] "GET /xingrg/all/function/internal_message.html?_=1684899746452&CODE_STATE=count HTTP/1.1" 200 11
116.238.139.35 - - [24/May/2023:11:43:51 +0800] "GET /xingrg/check_reg.html?_=1684899746453 HTTP/1.1" 200 22
116.238.139.35 - - [24/May/2023:11:43:51 +0800] "POST /xingrg/all/common/load_tree.html?tree=area_rest_tree_json&manage=1 HTTP/1.1" 200 476
116.238.139.35 - - [24/May/2023:11:43:51 +0800] "POST /xingrg/load_menu.html HTTP/1.1" 200 5138
116.228.172.94 - - [24/May/2023:11:43:53 +0800] "GET /xingrg/kc/buy/cgsh_order_info.html?code=212023052408930 HTTP/1.1" 200 70513
101.229.22.40 - - [24/May/2023:11:43:53 +0800] "GET /xingrg/all/function/internal_message.html?_=1684899833332&CODE_STATE=getMsg HTTP/1.1" 200 27
116.228.172.94 - - [24/May/2023:11:43:53 +0800] "GET /xingrg/javascript/easyui/themes/default/validatebox.css HTTP/1.1" 404 1104
116.228.172.94 - - [24/May/2023:11:43:53 +0800] "GET /xingrg/all/common/auto_word.html?type=employee&rest_code=00153 HTTP/1.1" 200 47
116.228.172.94 - - [24/May/2023:11:43:53 +0800] "GET /xingrg/all/common/auto_word.html?type=employee&rest_code=00153 HTTP/1.1" 200 47
124.79.240.114 - - [24/May/2023:11:43:54 +0800] "GET /xingrg/all/function/internal_message.html?_=1684900112979&CODE_STATE=getMsg HTTP/1.1" 200 27
116.228.172.94 - - [24/May/2023:11:43:54 +0800] "POST /xingrg/kc/buy/cgsh_order_operate.html HTTP/1.1" 200 8589
116.238.139.35 - - [24/May/2023:11:43:54 +0800] "GET /xingrg/kc/buy/cgsh_order_list.html HTTP/1.1" 200 55673
116.232.195.127 - - [24/May/2023:11:43:54 +0800] "GET /xingrg/kc/buy/cgsh_order_add.html HTTP/1.1" 200 71498
116.232.195.127 - - [24/May/2023:11:43:54 +0800] "POST /xingrg/kc/buy/cgsh_order_operate.html HTTP/1.1" 200 8245
116.232.195.127 - - [24/May/2023:11:43:54 +0800] "GET /xingrg/javascript/easyui/themes/default/validatebox.css HTTP/1.1" 404 1104
222.67.238.82 - - [24/May/2023:11:43:55 +0800] "POST /xingrg/kc/buy/cgsh_order_operate.html HTTP/1.1" 200 12
222.69.129.217 - - [24/May/2023:11:43:56 +0800] "GET /xingrg/check_reg.html?_=1684899933930 HTTP/1.1" 200 22
116.238.139.35 - - [24/May/2023:11:43:56 +0800] "POST /xingrg/kc/buy/cgsh_list_operate.html HTTP/1.1" 200 986
114.83.218.112 - - [24/May/2023:11:43:57 +0800] "GET /xingrg/kc/buy/cgsh_order_info.html?code=212023052408943 HTTP/1.1" 200 66452
116.237.73.194 - - [24/May/2023:11:43:57 +0800] "GET /xingrg/kc/buy/cgsh_order_info.html?code=212023052408869 HTTP/1.1" 200 66358
114.83.218.112 - - [24/May/2023:11:43:57 +0800] "GET /xingrg/javascript/easyui/themes/default/validatebox.css HTTP/1.1" 404 1104
116.228.172.94 - - [24/May/2023:11:43:58 +0800] "GET /xingrg/javascript/auto/indicator.gif HTTP/1.1" 404 1066
116.237.73.194 - - [24/May/2023:11:43:58 +0800] "GET /xingrg/javascript/easyui/themes/default/validatebox.css HTTP/1.1" 404 1104
222.69.129.217 - - [24/May/2023:11:43:58 +0800] "GET /xingrg/all/function/internal_message.html?_=1684899936513&CODE_STATE=getMsg HTTP/1.1" 200 27
114.83.218.112 - - [24/May/2023:11:43:59 +0800] "POST /xingrg/kc/buy/cgsh_order_operate.html HTTP/1.1" 200 612
116.232.195.127 - - [24/May/2023:11:43:59 +0800] "GET /xingrg/all/function/internal_message.html?_=1684899839024&CODE_STATE=getMsg HTTP/1.1" 200 27
116.237.73.194 - - [24/May/2023:11:43:59 +0800] "POST /xingrg/kc/buy/cgsh_order_operate.html HTTP/1.1" 200 1214
180.152.240.15 - - [24/May/2023:11:43:59 +0800] "GET /xingrg/all/function/internal_message.html?_=1684899841058&CODE_STATE=getMsg HTTP/1.1" 200 27
222.67.238.82 - - [24/May/2023:11:43:59 +0800] "GET /xingrg/kc/buy/cgsh_order_info.html?code=212023052408945 HTTP/1.1" 200 66352
116.238.139.35 - - [24/May/2023:11:43:59 +0800] "GET /xingrg/kc/buy/cgsh_order_add.html HTTP/1.1" 200 71061
116.237.73.194 - - [24/May/2023:11:43:59 +0800] "GET /xingrg/kc/buy/cgsh_order_add.html HTTP/1.1" 200 71445
222.67.238.82 - - [24/May/2023:11:43:59 +0800] "GET /xingrg/javascript/easyui/themes/default/validatebox.css HTTP/1.1" 404 1104
116.238.139.35 - - [24/May/2023:11:43:59 +0800] "POST /xingrg/kc/buy/cgsh_order_operate.html HTTP/1.1" 200 8245
116.237.73.194 - - [24/May/2023:11:43:59 +0800] "POST /xingrg/kc/buy/cgsh_order_operate.html HTTP/1.1" 200 8245
116.237.73.194 - - [24/May/2023:11:43:59 +0800] "GET /xingrg/javascript/easyui/themes/default/validatebox.css HTTP/1.1" 404 1104
116.238.139.35 - - [24/May/2023:11:43:59 +0800] "GET /xingrg/javascript/easyui/themes/default/validatebox.css HTTP/1.1" 404 1104
180.169.147.146 - - [24/May/2023:11:43:59 +0800] "GET /xingrg/all/function/internal_message.html?_=1684899839720&CODE_STATE=getMsg HTTP/1.1" 200 27
222.67.238.82 - - [24/May/2023:11:44:00 +0800] "POST /xingrg/kc/buy/cgsh_order_operate.html HTTP/1.1" 200 1202
116.238.139.35 - - [24/May/2023:11:44:01 +0800] "GET /xingrg/javascript/auto/indicator.gif HTTP/1.1" 404 1066
116.237.73.194 - - [24/May/2023:11:44:01 +0800] "GET /xingrg/javascript/easyui/themes/default/tree.css HTTP/1.1" 404 1090
116.228.172.94 - - [24/May/2023:11:44:01 +0800] "GET /xingrg/kc/buy/cgsh_order_operate.html?command=get_materiel&rest_code=00153&code=00101008137&supplier_code=00100590&order_time=2023-05-24 HTTP/1.1" 200 427
116.237.73.194 - - [24/May/2023:11:44:02 +0800] "POST /xingrg/all/common/load_tree.html?tree=supplier_tree_json&isDelete=1 HTTP/1.1" 200 74192
222.67.238.82 - - [24/May/2023:11:44:02 +0800] "GET /xingrg/kc/print/load_data.html?order_code=212023052408945&kc_code=cgsh&condition= HTTP/1.1" 200 915
116.237.73.194 - - [24/May/2023:11:44:03 +0800] "GET /xingrg/kc/print/load_data.html?order_code=212023052408869&kc_code=cgsh HTTP/1.1" 200 1013
116.232.195.127 - - [24/May/2023:11:44:03 +0800] "GET /xingrg/all/function/internal_message.html?_=1684899882335&CODE_STATE=getMsg HTTP/1.1" 200 27
101.83.145.52 - - [24/May/2023:11:44:04 +0800] "GET /xingrg/all/function/internal_message.html?_=1684899844373&CODE_STATE=getMsg HTTP/1.1" 200 27
218.81.78.189 - - [24/May/2023:11:44:04 +0800] "GET /xingrg/all/function/internal_message.html?_=1684899843289&CODE_STATE=getMsg HTTP/1.1" 200 27
101.83.145.52 - - [24/May/2023:11:44:05 +0800] "GET /xingrg/check_reg.html?_=1684899845349 HTTP/1.1" 200 22
218.81.78.189 - - [24/May/2023:11:44:05 +0800] "GET /xingrg/check_reg.html?_=1684899844306 HTTP/1.1" 200 22
116.237.73.194 - - [24/May/2023:11:44:06 +0800] "GET /xingrg/all/function/internal_message.html?_=1684899847806&CODE_STATE=getMsg HTTP/1.1" 200 27
222.67.238.82 - - [24/May/2023:11:44:07 +0800] "GET /xingrg/kc/buy/cgsh_order_add.html HTTP/1.1" 200 71451
222.67.238.82 - - [24/May/2023:11:44:07 +0800] "POST /xingrg/kc/buy/cgsh_order_operate.html HTTP/1.1" 200 8245
222.67.238.82 - - [24/May/2023:11:44:07 +0800] "GET /xingrg/javascript/easyui/themes/default/validatebox.css HTTP/1.1" 404 1104
114.83.218.112 - - [24/May/2023:11:44:08 +0800] "GET /xingrg/kc/print/load_data.html?order_code=212023052408943&kc_code=cgsh&condition= HTTP/1.1" 200 783
180.169.147.146 - - [24/May/2023:11:44:09 +0800] "GET /xingrg/all/function/internal_message.html?_=1684899849460&CODE_STATE=getMsg HTTP/1.1" 200 27
116.238.139.35 - - [24/May/2023:11:44:12 +0800] "GET /xingrg/kc/buy/cgsh_order_operate.html?command=get_materiel&rest_code=00151&code=00101010079&supplier_code=00100336&order_time=2023-05-24 HTTP/1.1" 200 413
120.253.135.82 - - [24/May/2023:11:44:13 +0800] "GET /xingrg/all/function/internal_message.html?_=1684899992118&CODE_STATE=getMsg HTTP/1.1" 200 27
222.70.172.86 - - [24/May/2023:11:44:13 +0800] "GET /xingrg/all/function/internal_message.html?_=1684899863731&CODE_STATE=getMsg HTTP/1.1" 200 27
116.232.195.127 - - [24/May/2023:11:44:15 +0800] "GET /xingrg/kc/buy/cgsh_order_operate.html?command=get_materiel&rest_code=00155&code=00102002191&supplier_code=00100486&order_time=2023-05-24 HTTP/1.1" 200 410
116.237.73.194 - - [24/May/2023:11:44:17 +0800] "GET /xingrg/check_reg.html?_=1684899850296 HTTP/1.1" 200 22
101.83.145.52 - - [24/May/2023:11:44:21 +0800] "GET /xingrg/all/function/internal_message.html?_=1684899693744&CODE_STATE=getMsg HTTP/1.1" 200 27
101.83.145.52 - - [24/May/2023:11:44:21 +0800] "GET /xingrg/check_reg.html?_=1684899693748 HTTP/1.1" 200 22
180.164.3.199 - - [24/May/2023:11:44:21 +0800] "GET /xingrg/all/function/internal_message.html?_=1684899860921&CODE_STATE=getMsg HTTP/1.1" 200 27
114.83.218.112 - - [24/May/2023:11:44:21 +0800] "GET /xingrg/kc/buy/cgsh_order_add.html HTTP/1.1" 200 71539
116.228.172.94 - - [24/May/2023:11:44:21 +0800] "POST /xingrg/kc/buy/cgsh_order_operate.html HTTP/1.1" 200 37
114.83.218.112 - - [24/May/2023:11:44:22 +0800] "GET /xingrg/javascript/easyui/themes/default/validatebox.css HTTP/1.1" 404 1104
114.83.218.112 - - [24/May/2023:11:44:22 +0800] "POST /xingrg/kc/buy/cgsh_order_operate.html HTTP/1.1" 200 8245
116.228.172.94 - - [24/May/2023:11:44:23 +0800] "GET /xingrg/all/function/internal_message.html?_=1684899611177&CODE_STATE=getMsg HTTP/1.1" 200 27
222.67.238.82 - - [24/May/2023:11:44:24 +0800] "GET /xingrg/kc/buy/cgsh_order_operate.html?command=get_materiel&rest_code=00141&code=00101008061&supplier_code=00100339&order_time=2023-05-24 HTTP/1.1" 200 23
116.237.73.194 - - [24/May/2023:11:44:25 +0800] "GET /xingrg/all/function/internal_message.html?_=1684899866672&CODE_STATE=getMsg HTTP/1.1" 200 27
116.238.139.35 - - [24/May/2023:11:44:27 +0800] "GET /xingrg/all/function/internal_message.html?_=1684899865234&CODE_STATE=getMsg HTTP/1.1" 200 27
222.67.238.82 - - [24/May/2023:11:44:29 +0800] "GET /xingrg/login.html HTTP/1.1" 200 7641
222.67.238.82 - - [24/May/2023:11:44:29 +0800] "GET /favicon.ico HTTP/1.1" 404 -
222.67.238.82 - - [24/May/2023:11:44:31 +0800] "POST /xingrg/login.do HTTP/1.1" 302 -
222.67.238.82 - - [24/May/2023:11:44:31 +0800] "GET /xingrg/index.html?sysBaseUrl=http%3A%2F%2F180.169.147.146%3A18081%2Fxingrg%2F&costTime=807×tamp=1684899871670 HTTP/1.1" 200 17179
222.67.238.82 - - [24/May/2023:11:44:31 +0800] "GET /favicon.ico HTTP/1.1" 404 -
222.67.238.82 - - [24/May/2023:11:44:31 +0800] "GET /xingrg/check_reg.html?_=1684899383890 HTTP/1.1" 200 22
222.67.238.82 - - [24/May/2023:11:44:31 +0800] "GET /xingrg/all/function/internal_message.html?_=1684899383889&CODE_STATE=count HTTP/1.1" 200 11
222.67.238.82 - - [24/May/2023:11:44:32 +0800] "POST /xingrg/all/common/load_tree.html?tree=area_rest_tree_json&manage=1 HTTP/1.1" 200 351
222.67.238.82 - - [24/May/2023:11:44:32 +0800] "POST /xingrg/load_menu.html HTTP/1.1" 200 5138
222.67.238.82 - - [24/May/2023:11:44:32 +0800] "GET /xingrg/kc/buy/buy_main.html HTTP/1.1" 200 12412
222.67.238.82 - - [24/May/2023:11:44:33 +0800] "GET /xingrg/css/new_ie.css HTTP/1.1" 404 1036
222.67.238.82 - - [24/May/2023:11:44:33 +0800] "GET /xingrg/images/yd/bt.gif HTTP/1.1" 404 1040
116.232.195.127 - - [24/May/2023:11:44:35 +0800] "POST /xingrg/kc/buy/cgsh_order_operate.html HTTP/1.1" 200 37
116.228.172.94 - - [24/May/2023:11:44:35 +0800] "POST /xingrg/kc/buy/cgsh_order_operate.html HTTP/1.1" 200 15687
116.232.195.127 - - [24/May/2023:11:44:37 +0800] "POST /xingrg/kc/buy/cgsh_order_operate.html HTTP/1.1" 200 2657
222.67.238.82 - - [24/May/2023:11:44:37 +0800] "GET /xingrg/kc/buy/cgsh_order_list.html HTTP/1.1" 200 55675
116.228.172.94 - - [24/May/2023:11:44:38 +0800] "GET /xingrg/kc/print/load_config.html?kc_code=cgsh HTTP/1.1" 200 1924
114.83.218.112 - - [24/May/2023:11:44:38 +0800] "GET /xingrg/kc/buy/cgsh_order_operate.html?command=get_materiel&rest_code=00149&code=00101001125&supplier_code=00100319&order_time=2023-05-24 HTTP/1.1" 200 417
116.237.73.194 - - [24/May/2023:11:44:38 +0800] "GET /xingrg/kc/buy/cgsh_order_operate.html?command=get_materiel&rest_code=00106&code=00101006199&supplier_code=00100330&order_time=2023-05-24 HTTP/1.1" 200 23
114.83.218.112 - - [24/May/2023:11:44:38 +0800] "GET /xingrg/all/function/internal_message.html?_=1684899876285&CODE_STATE=getMsg HTTP/1.1" 200 27
116.237.73.194 - - [24/May/2023:11:44:39 +0800] "GET /xingrg/all/function/internal_message.html?_=1684899872909&CODE_STATE=getMsg HTTP/1.1" 200 27
116.238.139.35 - - [24/May/2023:11:44:42 +0800] "POST /xingrg/kc/buy/cgsh_order_operate.html HTTP/1.1" 200 88
116.228.172.94 - - [24/May/2023:11:44:42 +0800] "GET /xingrg/kc/print/load_data.html?order_code=212023052408930&kc_code=cgsh&condition= HTTP/1.1" 200 3127
116.232.195.127 - - [24/May/2023:11:44:43 +0800] "GET /xingrg/kc/print/load_data.html?order_code=212023052408946&kc_code=cgsh&condition= HTTP/1.1" 200 679
222.67.238.82 - - [24/May/2023:11:44:43 +0800] "POST /xingrg/kc/buy/cgsh_list_operate.html HTTP/1.1" 200 1869
172.20.0.100 - - [24/May/2023:11:44:45 +0800] "GET /xingrg/all/function/internal_message.html?_=1684899892652&CODE_STATE=getMsg HTTP/1.1" 200 27
222.67.238.82 - - [24/May/2023:11:44:46 +0800] "GET /xingrg/kc/buy/cgsh_order_add.html HTTP/1.1" 200 71451
222.67.238.82 - - [24/May/2023:11:44:47 +0800] "POST /xingrg/kc/buy/cgsh_order_operate.html HTTP/1.1" 200 8245
222.67.238.82 - - [24/May/2023:11:44:47 +0800] "GET /xingrg/javascript/easyui/themes/default/validatebox.css HTTP/1.1" 404 1104
222.67.238.82 - - [24/May/2023:11:44:47 +0800] "GET /xingrg/all/common/auto_word.html?type=employee&rest_code=00141 HTTP/1.1" 200 201
222.67.238.82 - - [24/May/2023:11:44:47 +0800] "GET /xingrg/all/common/auto_word.html?type=employee&rest_code=00141 HTTP/1.1" 200 201
116.232.195.127 - - [24/May/2023:11:44:47 +0800] "GET /xingrg/kc/buy/cgsh_order_add.html HTTP/1.1" 200 71498
116.232.195.127 - - [24/May/2023:11:44:48 +0800] "POST /xingrg/kc/buy/cgsh_order_operate.html HTTP/1.1" 200 8245
116.232.195.127 - - [24/May/2023:11:44:48 +0800] "GET /xingrg/javascript/easyui/themes/default/validatebox.css HTTP/1.1" 404 1104
222.67.238.82 - - [24/May/2023:11:44:49 +0800] "GET /xingrg/javascript/auto/indicator.gif HTTP/1.1" 404 1066
222.67.238.82 - - [24/May/2023:11:44:50 +0800] "GET /xingrg/javascript/jquery_tools/images/prev.gif HTTP/1.1" 404 1086
222.67.238.82 - - [24/May/2023:11:44:50 +0800] "GET /xingrg/javascript/jquery_tools/images/next.gif HTTP/1.1" 404 1086
116.238.139.35 - - [24/May/2023:11:44:51 +0800] "GET /xingrg/all/function/internal_message.html?_=1684899806457&CODE_STATE=getMsg HTTP/1.1" 200 27
116.238.139.35 - - [24/May/2023:11:44:51 +0800] "POST /xingrg/kc/buy/cgsh_order_operate.html HTTP/1.1" 200 37
116.238.139.35 - - [24/May/2023:11:44:53 +0800] "POST /xingrg/kc/buy/cgsh_order_operate.html HTTP/1.1" 200 2668
101.229.22.40 - - [24/May/2023:11:44:53 +0800] "GET /xingrg/check_reg.html?_=1684899893332 HTTP/1.1" 200 22
101.229.22.40 - - [24/May/2023:11:44:53 +0800] "GET /xingrg/all/function/internal_message.html?_=1684899893335&CODE_STATE=getMsg HTTP/1.1" 200 27
124.79.240.114 - - [24/May/2023:11:44:54 +0800] "GET /xingrg/all/function/internal_message.html?_=1684900172983&CODE_STATE=getMsg HTTP/1.1" 200 27
116.237.73.194 - - [24/May/2023:11:44:55 +0800] "POST /xingrg/kc/buy/cgsh_order_operate.html HTTP/1.1" 200 64
116.232.195.127 - - [24/May/2023:11:44:56 +0800] "GET /xingrg/kc/buy/cgsh_order_operate.html?command=get_materiel&rest_code=00155&code=00101001287&supplier_code=00100430&order_time=2023-05-24 HTTP/1.1" 200 415
222.67.238.82 - - [24/May/2023:11:44:57 +0800] "GET /xingrg/kc/buy/cgsh_order_operate.html?command=get_materiel&rest_code=00141&code=00101008061&supplier_code=00100339&order_time=2023-05-24 HTTP/1.1" 200 442
114.83.218.112 - - [24/May/2023:11:44:57 +0800] "GET /xingrg/kc/buy/cgsh_order_operate.html?command=get_materiel&rest_code=00149&code=00101001093&supplier_code=00100319&order_time=2023-05-24 HTTP/1.1" 200 413
222.69.129.217 - - [24/May/2023:11:44:58 +0800] "GET /xingrg/all/function/internal_message.html?_=1684899996507&CODE_STATE=getMsg HTTP/1.1" 200 27
116.232.195.127 - - [24/May/2023:11:44:59 +0800] "GET /xingrg/all/function/internal_message.html?_=1684899899033&CODE_STATE=getMsg HTTP/1.1" 200 27
180.152.240.15 - - [24/May/2023:11:44:59 +0800] "GET /xingrg/all/function/internal_message.html?_=1684899901029&CODE_STATE=getMsg HTTP/1.1" 200 27
116.238.139.35 - - [24/May/2023:11:44:59 +0800] "POST /xingrg/kc/buy/cgsh_order_operate.html HTTP/1.1" 200 37
116.228.172.94 - - [24/May/2023:11:44:59 +0800] "GET /xingrg/kc/buy/cgsh_order_add.html HTTP/1.1" 200 70504
180.169.147.146 - - [24/May/2023:11:44:59 +0800] "GET /xingrg/all/function/internal_message.html?_=1684899899734&CODE_STATE=getMsg HTTP/1.1" 200 27
116.228.172.94 - - [24/May/2023:11:45:00 +0800] "POST /xingrg/kc/buy/cgsh_order_operate.html HTTP/1.1" 200 8245
116.228.172.94 - - [24/May/2023:11:45:00 +0800] "GET /xingrg/javascript/easyui/themes/default/validatebox.css HTTP/1.1" 404 1104
116.232.195.127 - - [24/May/2023:11:45:03 +0800] "GET /xingrg/all/function/internal_message.html?_=1684899942335&CODE_STATE=getMsg HTTP/1.1" 200 27
116.232.195.127 - - [24/May/2023:11:45:03 +0800] "GET /xingrg/kc/buy/cgsh_order_operate.html?command=get_materiel&rest_code=00155&code=00101004038&supplier_code=00100430&order_time=2023-05-24 HTTP/1.1" 200 429
101.83.145.52 - - [24/May/2023:11:45:04 +0800] "GET /xingrg/all/function/internal_message.html?_=1684899904353&CODE_STATE=getMsg HTTP/1.1" 200 27
218.81.78.189 - - [24/May/2023:11:45:04 +0800] "GET /xingrg/all/function/internal_message.html?_=1684899903262&CODE_STATE=getMsg HTTP/1.1" 200 27
116.237.73.194 - - [24/May/2023:11:45:06 +0800] "GET /xingrg/all/function/internal_message.html?_=1684899907806&CODE_STATE=getMsg HTTP/1.1" 200 27
116.238.139.35 - - [24/May/2023:11:45:07 +0800] "POST /xingrg/kc/buy/cgsh_order_operate.html HTTP/1.1" 200 12
116.228.172.94 - - [24/May/2023:11:45:07 +0800] "GET /xingrg/kc/buy/cgsh_order_info.html?code=212023052408930 HTTP/1.1" 200 70513
116.228.172.94 - - [24/May/2023:11:45:07 +0800] "GET /xingrg/javascript/easyui/themes/default/validatebox.css HTTP/1.1" 404 1104
180.169.147.146 - - [24/May/2023:11:45:09 +0800] "GET /xingrg/all/function/internal_message.html?_=1684899909476&CODE_STATE=getMsg HTTP/1.1" 200 27
116.238.139.35 - - [24/May/2023:11:45:09 +0800] "GET /xingrg/kc/buy/cgsh_order_info.html?code=212023052408948 HTTP/1.1" 200 65974
116.238.139.35 - - [24/May/2023:11:45:10 +0800] "GET /xingrg/javascript/easyui/themes/default/validatebox.css HTTP/1.1" 404 1104
120.253.135.82 - - [24/May/2023:11:45:13 +0800] "GET /xingrg/all/function/internal_message.html?_=1684900052123&CODE_STATE=getMsg HTTP/1.1" 200 27
222.70.172.86 - - [24/May/2023:11:45:14 +0800] "GET /xingrg/all/function/internal_message.html?_=1684899924404&CODE_STATE=getMsg HTTP/1.1" 200 27
180.163.29.103 - - [24/May/2023:11:45:17 +0800] "GET /xingrg/check_reg.html?_=1684899850296 HTTP/1.1" 302 -
180.163.29.103 - - [24/May/2023:11:45:17 +0800] "GET /xingrg/login.html HTTP/1.1" 200 7641
114.83.218.112 - - [24/May/2023:11:45:18 +0800] "POST /xingrg/kc/buy/cgsh_order_operate.html HTTP/1.1" 200 37
116.238.139.35 - - [24/May/2023:11:45:18 +0800] "POST /xingrg/kc/buy/cgsh_order_operate.html HTTP/1.1" 200 618
101.83.145.52 - - [24/May/2023:11:45:21 +0800] "GET /xingrg/all/function/internal_message.html?_=1684899753748&CODE_STATE=getMsg HTTP/1.1" 200 27
180.164.3.199 - - [24/May/2023:11:45:21 +0800] "GET /xingrg/all/function/internal_message.html?_=1684899920904&CODE_STATE=getMsg HTTP/1.1" 200 27
116.232.195.127 - - [24/May/2023:11:45:22 +0800] "POST /xingrg/kc/buy/cgsh_order_operate.html HTTP/1.1" 200 88
116.228.172.94 - - [24/May/2023:11:45:23 +0800] "GET /xingrg/all/function/internal_message.html?_=1684899671167&CODE_STATE=getMsg HTTP/1.1" 200 27
222.67.238.82 - - [24/May/2023:11:45:23 +0800] "POST /xingrg/kc/buy/cgsh_order_operate.html HTTP/1.1" 200 37
116.228.172.94 - - [24/May/2023:11:45:23 +0800] "POST /xingrg/kc/buy/cgsh_order_operate.html HTTP/1.1" 200 15687
116.238.139.35 - - [24/May/2023:11:45:24 +0800] "GET /xingrg/kc/print/load_data.html?order_code=212023052408948&kc_code=cgsh&condition= HTTP/1.1" 200 744
116.237.73.194 - - [24/May/2023:11:45:25 +0800] "GET /xingrg/all/function/internal_message.html?_=1684899926734&CODE_STATE=getMsg HTTP/1.1" 200 27
116.228.172.94 - - [24/May/2023:11:45:26 +0800] "GET /xingrg/javascript/jquery_tools/images/prev.gif HTTP/1.1" 404 1086
116.228.172.94 - - [24/May/2023:11:45:26 +0800] "GET /xingrg/javascript/jquery_tools/images/next.gif HTTP/1.1" 404 1086
116.238.139.35 - - [24/May/2023:11:45:27 +0800] "GET /xingrg/all/function/internal_message.html?_=1684899925219&CODE_STATE=getMsg HTTP/1.1" 200 27
222.70.172.86 - - [24/May/2023:11:45:28 +0800] "GET /xingrg/kc/buy/cgsh_order_add.html HTTP/1.1" 200 71451
222.70.172.86 - - [24/May/2023:11:45:31 +0800] "POST /xingrg/kc/buy/cgsh_order_operate.html HTTP/1.1" 200 8245
222.70.172.86 - - [24/May/2023:11:45:31 +0800] "GET /xingrg/javascript/easyui/themes/default/validatebox.css HTTP/1.1" 404 1104
222.67.238.82 - - [24/May/2023:11:45:31 +0800] "GET /xingrg/all/function/internal_message.html?_=1684899443894&CODE_STATE=getMsg HTTP/1.1" 200 27
116.238.139.35 - - [24/May/2023:11:45:33 +0800] "GET /xingrg/kc/buy/cgsh_order_add.html HTTP/1.1" 200 71061
116.232.195.127 - - [24/May/2023:11:45:33 +0800] "POST /xingrg/kc/buy/cgsh_order_operate.html HTTP/1.1" 200 37
116.238.139.35 - - [24/May/2023:11:45:33 +0800] "POST /xingrg/kc/buy/cgsh_order_operate.html HTTP/1.1" 200 8245
116.238.139.35 - - [24/May/2023:11:45:34 +0800] "GET /xingrg/javascript/easyui/themes/default/validatebox.css HTTP/1.1" 404 1104
114.83.218.112 - - [24/May/2023:11:45:34 +0800] "POST /xingrg/kc/buy/cgsh_order_operate.html HTTP/1.1" 200 12
116.237.73.194 - - [24/May/2023:11:45:35 +0800] "GET /xingrg/login.html?r=1 HTTP/1.1" 200 7641
116.232.195.127 - - [24/May/2023:11:45:35 +0800] "POST /xingrg/kc/buy/cgsh_order_operate.html HTTP/1.1" 200 3252
116.237.73.194 - - [24/May/2023:11:45:35 +0800] "GET /favicon.ico HTTP/1.1" 404 -
116.232.195.127 - - [24/May/2023:11:45:38 +0800] "GET /xingrg/kc/print/load_data.html?order_code=212023052408953&kc_code=cgsh&condition= HTTP/1.1" 200 886
114.83.218.112 - - [24/May/2023:11:45:38 +0800] "GET /xingrg/all/function/internal_message.html?_=1684899936300&CODE_STATE=getMsg HTTP/1.1" 200 27
116.237.73.194 - - [24/May/2023:11:45:39 +0800] "GET /xingrg/all/function/internal_message.html?_=1684899932898&CODE_STATE=getMsg HTTP/1.1" 200 27
116.237.73.194 - - [24/May/2023:11:45:39 +0800] "POST /xingrg/login.do HTTP/1.1" 302 -
116.237.73.194 - - [24/May/2023:11:45:40 +0800] "GET /xingrg/index.html?sysBaseUrl=http%3A%2F%2F180.169.147.146%3A18081%2Fxingrg%2F&costTime=976×tamp=1684899939995 HTTP/1.1" 200 17173
116.237.73.194 - - [24/May/2023:11:45:40 +0800] "GET /favicon.ico HTTP/1.1" 404 -
116.237.73.194 - - [24/May/2023:11:45:40 +0800] "GET /xingrg/check_reg.html?_=1684899941856 HTTP/1.1" 200 22
116.237.73.194 - - [24/May/2023:11:45:40 +0800] "GET /xingrg/all/function/internal_message.html?_=1684899941855&CODE_STATE=count HTTP/1.1" 200 11
116.237.73.194 - - [24/May/2023:11:45:40 +0800] "POST /xingrg/all/common/load_tree.html?tree=area_rest_tree_json&manage=1 HTTP/1.1" 200 342
116.237.73.194 - - [24/May/2023:11:45:40 +0800] "POST /xingrg/load_menu.html HTTP/1.1" 200 5138
222.70.172.86 - - [24/May/2023:11:45:41 +0800] "GET /xingrg/kc/buy/cgsh_order_operate.html?command=get_materiel&rest_code=00146&code=00101006287&supplier_code=&order_time=2023-05-24 HTTP/1.1" 200 414
222.67.238.82 - - [24/May/2023:11:45:41 +0800] "POST /xingrg/kc/buy/cgsh_order_operate.html HTTP/1.1" 200 12
116.232.195.127 - - [24/May/2023:11:45:41 +0800] "GET /xingrg/kc/buy/cgsh_order_add.html HTTP/1.1" 200 71498
116.232.195.127 - - [24/May/2023:11:45:41 +0800] "POST /xingrg/kc/buy/cgsh_order_operate.html HTTP/1.1" 200 8245
116.232.195.127 - - [24/May/2023:11:45:41 +0800] "GET /xingrg/javascript/easyui/themes/default/validatebox.css HTTP/1.1" 404 1104
114.83.218.112 - - [24/May/2023:11:45:41 +0800] "GET /xingrg/kc/buy/cgsh_order_info.html?code=212023052408950 HTTP/1.1" 200 66452
116.237.73.194 - - [24/May/2023:11:45:41 +0800] "GET /xingrg/kc/buy/buy_main.html HTTP/1.1" 200 12412
116.237.73.194 - - [24/May/2023:11:45:41 +0800] "GET /xingrg/css/new_ie.css HTTP/1.1" 404 1036
114.83.218.112 - - [24/May/2023:11:45:42 +0800] "GET /xingrg/javascript/easyui/themes/default/validatebox.css HTTP/1.1" 404 1104
116.237.73.194 - - [24/May/2023:11:45:42 +0800] "GET /xingrg/images/yd/bt.gif HTTP/1.1" 404 1040
114.83.218.112 - - [24/May/2023:11:45:43 +0800] "POST /xingrg/kc/buy/cgsh_order_operate.html HTTP/1.1" 200 1208
116.237.73.194 - - [24/May/2023:11:45:44 +0800] "GET /xingrg/kc/buy/cgsh_order_list.html HTTP/1.1" 200 55669
116.238.139.35 - - [24/May/2023:11:45:44 +0800] "GET /xingrg/kc/buy/cgsh_order_operate.html?command=get_materiel&rest_code=00151&code=00101021017&supplier_code=00100547&order_time=2023-05-24 HTTP/1.1" 200 405
222.67.238.82 - - [24/May/2023:11:45:45 +0800] "GET /xingrg/kc/buy/cgsh_order_info.html?code=212023052408952 HTTP/1.1" 200 66363
101.83.145.52 - - [24/May/2023:11:45:45 +0800] "GET /xingrg/kc/buy/buy_main.html HTTP/1.1" 200 12412
101.83.145.52 - - [24/May/2023:11:45:45 +0800] "GET /xingrg/css/new_ie.css HTTP/1.1" 404 1036
222.67.238.82 - - [24/May/2023:11:45:45 +0800] "GET /xingrg/javascript/easyui/themes/default/validatebox.css HTTP/1.1" 404 1104
114.83.218.112 - - [24/May/2023:11:45:45 +0800] "GET /xingrg/kc/print/load_data.html?order_code=212023052408950&kc_code=cgsh&condition= HTTP/1.1" 200 945
172.20.0.100 - - [24/May/2023:11:45:45 +0800] "GET /xingrg/all/function/internal_message.html?_=1684899952651&CODE_STATE=getMsg HTTP/1.1" 200 27
101.83.145.52 - - [24/May/2023:11:45:45 +0800] "GET /xingrg/images/yd/bt.gif HTTP/1.1" 404 1040
222.67.238.82 - - [24/May/2023:11:45:46 +0800] "POST /xingrg/kc/buy/cgsh_order_operate.html HTTP/1.1" 200 616
222.67.238.82 - - [24/May/2023:11:45:47 +0800] "GET /xingrg/kc/print/load_config.html?kc_code=cgsh HTTP/1.1" 200 1924
101.83.145.52 - - [24/May/2023:11:45:47 +0800] "GET /xingrg/kc/buy/cgsh_order_list.html HTTP/1.1" 200 55669
116.232.195.127 - - [24/May/2023:11:45:47 +0800] "GET /xingrg/kc/buy/cgsh_order_operate.html?command=get_materiel&rest_code=00155&code=00101001019&supplier_code=00100430&order_time=2023-05-24 HTTP/1.1" 200 416
116.237.73.194 - - [24/May/2023:11:45:48 +0800] "POST /xingrg/kc/buy/cgsh_list_operate.html HTTP/1.1" 200 1864
222.67.238.82 - - [24/May/2023:11:45:48 +0800] "GET /xingrg/kc/print/load_data.html?order_code=212023052408952&kc_code=cgsh&condition= HTTP/1.1" 200 714
116.238.139.35 - - [24/May/2023:11:45:51 +0800] "GET /xingrg/all/function/internal_message.html?_=1684899866471&CODE_STATE=getMsg HTTP/1.1" 200 27
101.83.145.52 - - [24/May/2023:11:45:51 +0800] "POST /xingrg/kc/buy/cgsh_list_operate.html HTTP/1.1" 200 5920
116.237.73.194 - - [24/May/2023:11:45:51 +0800] "GET /xingrg/kc/buy/cgsh_order_add.html HTTP/1.1" 200 71445
116.237.73.194 - - [24/May/2023:11:45:51 +0800] "GET /xingrg/javascript/easyui/themes/default/validatebox.css HTTP/1.1" 404 1104
116.237.73.194 - - [24/May/2023:11:45:51 +0800] "POST /xingrg/kc/buy/cgsh_order_operate.html HTTP/1.1" 200 8245
116.237.73.194 - - [24/May/2023:11:45:51 +0800] "GET /xingrg/all/common/auto_word.html?type=employee&rest_code=00106 HTTP/1.1" 200 205
116.237.73.194 - - [24/May/2023:11:45:51 +0800] "GET /xingrg/all/common/auto_word.html?type=employee&rest_code=00106 HTTP/1.1" 200 205
101.229.22.40 - - [24/May/2023:11:45:53 +0800] "GET /xingrg/all/function/internal_message.html?_=1684899953334&CODE_STATE=getMsg HTTP/1.1" 200 27
116.237.73.194 - - [24/May/2023:11:45:53 +0800] "GET /xingrg/javascript/easyui/themes/default/tree.css HTTP/1.1" 404 1090
124.79.240.114 - - [24/May/2023:11:45:54 +0800] "GET /xingrg/all/function/internal_message.html?_=1684900233009&CODE_STATE=getMsg HTTP/1.1" 200 27
116.237.73.194 - - [24/May/2023:11:45:54 +0800] "POST /xingrg/all/common/load_tree.html?tree=supplier_tree_json&isDelete=1 HTTP/1.1" 200 74192
222.67.238.82 - - [24/May/2023:11:45:54 +0800] "GET /xingrg/kc/buy/cgsh_order_add.html HTTP/1.1" 200 71451
222.67.238.82 - - [24/May/2023:11:45:55 +0800] "POST /xingrg/kc/buy/cgsh_order_operate.html HTTP/1.1" 200 8245
222.67.238.82 - - [24/May/2023:11:45:55 +0800] "GET /xingrg/javascript/easyui/themes/default/validatebox.css HTTP/1.1" 404 1104
222.69.129.217 - - [24/May/2023:11:45:58 +0800] "GET /xingrg/all/function/internal_message.html?_=1684900056483&CODE_STATE=getMsg HTTP/1.1" 200 27
116.232.195.127 - - [24/May/2023:11:45:59 +0800] "GET /xingrg/all/function/internal_message.html?_=1684899959031&CODE_STATE=getMsg HTTP/1.1" 200 27
180.152.240.15 - - [24/May/2023:11:45:59 +0800] "GET /xingrg/all/function/internal_message.html?_=1684899961006&CODE_STATE=getMsg HTTP/1.1" 200 27
101.83.145.52 - - [24/May/2023:11:45:59 +0800] "GET /xingrg/kc/buy/cgsh_order_add.html HTTP/1.1" 200 71533
180.169.147.146 - - [24/May/2023:11:45:59 +0800] "GET /xingrg/all/function/internal_message.html?_=1684899959735&CODE_STATE=getMsg HTTP/1.1" 200 27
116.238.139.35 - - [24/May/2023:11:46:00 +0800] "POST /xingrg/kc/buy/cgsh_order_operate.html HTTP/1.1" 200 37
101.83.145.52 - - [24/May/2023:11:46:00 +0800] "POST /xingrg/kc/buy/cgsh_order_operate.html HTTP/1.1" 200 8245
101.83.145.52 - - [24/May/2023:11:46:00 +0800] "GET /xingrg/javascript/easyui/themes/default/validatebox.css HTTP/1.1" 404 1104
222.67.238.82 - - [24/May/2023:11:46:02 +0800] "GET /xingrg/kc/buy/cgsh_order_operate.html?command=get_materiel&rest_code=00141&code=00101002006&supplier_code=00100091&order_time=2023-05-24 HTTP/1.1" 200 414
116.232.195.127 - - [24/May/2023:11:46:03 +0800] "GET /xingrg/all/function/internal_message.html?_=1684900002335&CODE_STATE=getMsg HTTP/1.1" 200 27
101.83.145.52 - - [24/May/2023:11:46:04 +0800] "GET /xingrg/all/function/internal_message.html?_=1684899964332&CODE_STATE=getMsg HTTP/1.1" 200 27
218.81.78.189 - - [24/May/2023:11:46:04 +0800] "GET /xingrg/all/function/internal_message.html?_=1684899963248&CODE_STATE=getMsg HTTP/1.1" 200 27
116.232.195.127 - - [24/May/2023:11:46:04 +0800] "POST /xingrg/kc/buy/cgsh_order_operate.html HTTP/1.1" 200 88
101.83.145.52 - - [24/May/2023:11:46:04 +0800] "GET /xingrg/javascript/auto/indicator.gif HTTP/1.1" 404 1066
114.83.218.112 - - [24/May/2023:11:46:05 +0800] "GET /xingrg/kc/buy/cgsh_order_add.html HTTP/1.1" 200 71539
114.83.218.112 - - [24/May/2023:11:46:05 +0800] "POST /xingrg/kc/buy/cgsh_order_operate.html HTTP/1.1" 200 8245
114.83.218.112 - - [24/May/2023:11:46:05 +0800] "GET /xingrg/javascript/easyui/themes/default/validatebox.css HTTP/1.1" 404 1104
116.237.73.194 - - [24/May/2023:11:46:07 +0800] "GET /xingrg/javascript/auto/indicator.gif HTTP/1.1" 404 1066
180.169.147.146 - - [24/May/2023:11:46:09 +0800] "GET /xingrg/all/function/internal_message.html?_=1684899969477&CODE_STATE=getMsg HTTP/1.1" 200 27
116.238.139.35 - - [24/May/2023:11:46:12 +0800] "POST /xingrg/kc/buy/cgsh_order_operate.html HTTP/1.1" 200 116
120.253.135.82 - - [24/May/2023:11:46:13 +0800] "GET /xingrg/all/function/internal_message.html?_=1684900112127&CODE_STATE=getMsg HTTP/1.1" 200 27
120.253.135.82 - - [24/May/2023:11:46:13 +0800] "GET /xingrg/check_reg.html?_=1684900112131 HTTP/1.1" 200 22
222.70.172.86 - - [24/May/2023:11:46:13 +0800] "GET /xingrg/check_reg.html?_=1684899983089 HTTP/1.1" 200 22
222.70.172.86 - - [24/May/2023:11:46:14 +0800] "GET /xingrg/all/function/internal_message.html?_=1684899984413&CODE_STATE=getMsg HTTP/1.1" 200 27
116.228.172.94 - - [24/May/2023:11:46:18 +0800] "POST /xingrg/kc/buy/cgsh_order_operate.html HTTP/1.1" 200 37
124.79.240.114 - - [24/May/2023:11:46:19 +0800] "POST /xingrg/services/DataTransmitService HTTP/1.1" 200 524
101.83.145.52 - - [24/May/2023:11:46:20 +0800] "GET /xingrg/kc/buy/cgsh_order_operate.html?command=get_materiel&rest_code=00105&code=00101011005&supplier_code=00100052&order_time=2023-05-24 HTTP/1.1" 200 429
222.67.238.82 - - [24/May/2023:11:46:20 +0800] "GET /xingrg/kc/buy/cgsh_order_operate.html?command=get_materiel&rest_code=00141&code=00101002034&supplier_code=00100091&order_time=2023-05-24 HTTP/1.1" 200 410
116.237.73.194 - - [24/May/2023:11:46:20 +0800] "GET /xingrg/kc/buy/cgsh_order_operate.html?command=get_materiel&rest_code=00106&code=00101006199&supplier_code=00100330&order_time=2023-05-24 HTTP/1.1" 200 414
101.83.145.52 - - [24/May/2023:11:46:21 +0800] "GET /xingrg/all/function/internal_message.html?_=1684899813764&CODE_STATE=getMsg HTTP/1.1" 200 27
180.164.3.199 - - [24/May/2023:11:46:21 +0800] "GET /xingrg/all/function/internal_message.html?_=1684899980879&CODE_STATE=getMsg HTTP/1.1" 200 27
116.232.195.127 - - [24/May/2023:11:46:21 +0800] "POST /xingrg/kc/buy/cgsh_order_operate.html HTTP/1.1" 200 64
124.79.240.114 - - [24/May/2023:11:46:21 +0800] "POST /xingrg/services/DataTransmitService HTTP/1.1" 200 2315
116.228.172.94 - - [24/May/2023:11:46:22 +0800] "POST /xingrg/kc/buy/cgsh_order_operate.html HTTP/1.1" 200 2653
124.79.240.114 - - [24/May/2023:11:46:22 +0800] "POST /xingrg/services/DataTransmitService HTTP/1.1" 200 127680
116.228.172.94 - - [24/May/2023:11:46:23 +0800] "GET /xingrg/all/function/internal_message.html?_=1684899731166&CODE_STATE=getMsg HTTP/1.1" 200 27
116.238.139.35 - - [24/May/2023:11:46:27 +0800] "GET /xingrg/all/function/internal_message.html?_=1684899985215&CODE_STATE=getMsg HTTP/1.1" 200 27
180.169.147.146 - - [24/May/2023:11:46:28 +0800] "GET /xingrg/check_reg.html?_=1684899989276 HTTP/1.1" 200 22
222.67.238.82 - - [24/May/2023:11:46:31 +0800] "GET /xingrg/all/function/internal_message.html?_=1684899503909&CODE_STATE=getMsg HTTP/1.1" 200 27
116.238.139.35 - - [24/May/2023:11:46:32 +0800] "POST /xingrg/kc/buy/cgsh_order_operate.html HTTP/1.1" 200 64
116.232.195.127 - - [24/May/2023:11:46:32 +0800] "POST /xingrg/kc/buy/cgsh_order_operate.html HTTP/1.1" 200 37
114.83.218.112 - - [24/May/2023:11:46:34 +0800] "GET /xingrg/kc/buy/cgsh_order_operate.html?command=get_materiel&rest_code=00149&code=00101019424&supplier_code=00100337&order_time=2023-05-24 HTTP/1.1" 200 448
116.232.195.127 - - [24/May/2023:11:46:34 +0800] "POST /xingrg/kc/buy/cgsh_order_operate.html HTTP/1.1" 200 2665
114.83.218.112 - - [24/May/2023:11:46:38 +0800] "GET /xingrg/all/function/internal_message.html?_=1684899996279&CODE_STATE=getMsg HTTP/1.1" 200 27
116.237.73.194 - - [24/May/2023:11:46:38 +0800] "POST /xingrg/kc/buy/cgsh_order_operate.html HTTP/1.1" 200 37
116.237.73.194 - - [24/May/2023:11:46:39 +0800] "GET /xingrg/all/function/internal_message.html?_=1684899992881&CODE_STATE=getMsg HTTP/1.1" 200 27
116.237.73.194 - - [24/May/2023:11:46:42 +0800] "GET /xingrg/all/function/internal_message.html?_=1684900003848&CODE_STATE=getMsg HTTP/1.1" 200 27
116.238.139.35 - - [24/May/2023:11:46:43 +0800] "POST /xingrg/kc/buy/cgsh_order_operate.html HTTP/1.1" 200 37
101.229.22.40 - - [24/May/2023:11:46:43 +0800] "GET /xingrg/javascript/easyui/themes/default/images/button_plain_hover.png HTTP/1.1" 304 -
116.232.195.127 - - [24/May/2023:11:46:44 +0800] "GET /xingrg/kc/print/load_data.html?order_code=212023052408957&kc_code=cgsh&condition= HTTP/1.1" 200 667
101.83.145.52 - - [24/May/2023:11:46:44 +0800] "GET /xingrg/kc/buy/cgsh_order_operate.html?command=get_materiel&rest_code=00105&code=00101011010&supplier_code=00100052&order_time=2023-05-24 HTTP/1.1" 200 418
172.20.0.100 - - [24/May/2023:11:46:45 +0800] "GET /xingrg/all/function/internal_message.html?_=1684900012650&CODE_STATE=getMsg HTTP/1.1" 200 27
116.238.139.35 - - [24/May/2023:11:46:45 +0800] "POST /xingrg/kc/buy/cgsh_order_operate.html HTTP/1.1" 200 3255
101.229.22.40 - - [24/May/2023:11:46:46 +0800] "GET /xingrg/kc/buy/cgsh_order_add.html HTTP/1.1" 200 70570
101.229.22.40 - - [24/May/2023:11:46:46 +0800] "GET /xingrg/javascript/pic_change.js HTTP/1.1" 304 -
101.229.22.40 - - [24/May/2023:11:46:46 +0800] "GET /xingrg/javascript/print/kc_print.js HTTP/1.1" 304 -
101.229.22.40 - - [24/May/2023:11:46:46 +0800] "GET /xingrg/javascript/jquery_tools/order_manager.js HTTP/1.1" 304 -
101.229.22.40 - - [24/May/2023:11:46:46 +0800] "GET /xingrg/javascript/convert.js HTTP/1.1" 304 -
101.229.22.40 - - [24/May/2023:11:46:46 +0800] "GET /xingrg/javascript/json2.js HTTP/1.1" 304 -
101.229.22.40 - - [24/May/2023:11:46:46 +0800] "GET /xingrg/words/20230523165722_words.js HTTP/1.1" 200 965427
101.229.22.40 - - [24/May/2023:11:46:46 +0800] "GET /xingrg/javascript/easyui/themes/icons/template_new.png HTTP/1.1" 304 -
101.229.22.40 - - [24/May/2023:11:46:46 +0800] "GET /xingrg/javascript/easyui/themes/icons/copy_new.png HTTP/1.1" 304 -
101.229.22.40 - - [24/May/2023:11:46:46 +0800] "GET /xingrg/javascript/easyui/themes/icons/print.png HTTP/1.1" 304 -
101.229.22.40 - - [24/May/2023:11:46:46 +0800] "GET /xingrg/javascript/easyui/themes/icons/ok.png HTTP/1.1" 304 -
101.229.22.40 - - [24/May/2023:11:46:46 +0800] "GET /xingrg/javascript/easyui/themes/icons/cancel.png HTTP/1.1" 304 -
101.229.22.40 - - [24/May/2023:11:46:46 +0800] "GET /xingrg/javascript/easyui/themes/default/images/menu_downarrow.png HTTP/1.1" 304 -
101.229.22.40 - - [24/May/2023:11:46:46 +0800] "POST /xingrg/kc/buy/cgsh_order_operate.html HTTP/1.1" 200 8245
101.229.22.40 - - [24/May/2023:11:46:46 +0800] "GET /xingrg/javascript/easyui/themes/default/validatebox.css HTTP/1.1" 404 1104
101.229.22.40 - - [24/May/2023:11:46:46 +0800] "GET /xingrg/javascript/easyui/plugins/jquery.validatebox.js HTTP/1.1" 304 -
101.229.22.40 - - [24/May/2023:11:46:46 +0800] "GET /xingrg/javascript/easyui/themes/icons/edit_remove.png HTTP/1.1" 304 -
101.229.22.40 - - [24/May/2023:11:46:46 +0800] "GET /xingrg/javascript/easyui/plugins/jquery.numberbox.js HTTP/1.1" 304 -
101.229.22.40 - - [24/May/2023:11:46:47 +0800] "GET /xingrg/all/common/auto_word.html?type=employee&rest_code=00142 HTTP/1.1" 200 105
101.229.22.40 - - [24/May/2023:11:46:47 +0800] "GET /xingrg/all/common/auto_word.html?type=employee&rest_code=00142 HTTP/1.1" 200 105
116.232.195.127 - - [24/May/2023:11:46:47 +0800] "GET /xingrg/kc/buy/cgsh_order_add.html HTTP/1.1" 200 71498
116.232.195.127 - - [24/May/2023:11:46:47 +0800] "POST /xingrg/kc/buy/cgsh_order_operate.html HTTP/1.1" 200 8245
116.232.195.127 - - [24/May/2023:11:46:47 +0800] "GET /xingrg/javascript/easyui/themes/default/validatebox.css HTTP/1.1" 404 1104
116.237.73.194 - - [24/May/2023:11:46:49 +0800] "POST /xingrg/kc/buy/cgsh_order_operate.html HTTP/1.1" 200 12
222.67.238.82 - - [24/May/2023:11:46:53 +0800] "POST /xingrg/kc/buy/cgsh_order_operate.html HTTP/1.1" 200 37
101.229.22.40 - - [24/May/2023:11:46:53 +0800] "GET /xingrg/all/function/internal_message.html?_=1684900013333&CODE_STATE=getMsg HTTP/1.1" 200 27
101.229.22.40 - - [24/May/2023:11:46:53 +0800] "GET /xingrg/javascript/auto/indicator.gif HTTP/1.1" 404 1066
116.237.73.194 - - [24/May/2023:11:46:54 +0800] "GET /xingrg/kc/buy/cgsh_order_info.html?code=212023052408958 HTTP/1.1" 200 66360
116.237.73.194 - - [24/May/2023:11:46:54 +0800] "GET /xingrg/javascript/easyui/themes/default/validatebox.css HTTP/1.1" 404 1104
124.79.240.114 - - [24/May/2023:11:46:54 +0800] "GET /xingrg/all/function/internal_message.html?_=1684900293007&CODE_STATE=getMsg HTTP/1.1" 200 27
116.238.139.35 - - [24/May/2023:11:46:57 +0800] "POST /xingrg/kc/buy/cgsh_order_operate.html HTTP/1.1" 200 37
116.237.73.194 - - [24/May/2023:11:46:57 +0800] "POST /xingrg/kc/buy/cgsh_order_operate.html HTTP/1.1" 200 607
222.69.129.217 - - [24/May/2023:11:46:58 +0800] "GET /xingrg/all/function/internal_message.html?_=1684900116468&CODE_STATE=getMsg HTTP/1.1" 200 27
116.232.195.127 - - [24/May/2023:11:46:59 +0800] "GET /xingrg/all/function/internal_message.html?_=1684900019022&CODE_STATE=getMsg HTTP/1.1" 200 27
116.232.195.127 - - [24/May/2023:11:46:59 +0800] "GET /xingrg/check_reg.html?_=1684900019024 HTTP/1.1" 200 22
180.152.240.15 - - [24/May/2023:11:46:59 +0800] "GET /xingrg/all/function/internal_message.html?_=1684900020978&CODE_STATE=getMsg HTTP/1.1" 200 27
180.169.147.146 - - [24/May/2023:11:46:59 +0800] "GET /xingrg/all/function/internal_message.html?_=1684900019738&CODE_STATE=getMsg HTTP/1.1" 200 27
116.237.73.194 - - [24/May/2023:11:46:59 +0800] "GET /xingrg/kc/print/load_config.html?kc_code=cgsh HTTP/1.1" 200 1924
180.152.240.15 - - [24/May/2023:11:47:01 +0800] "GET /xingrg/check_reg.html?_=1684900022985 HTTP/1.1" 200 22
101.83.145.52 - - [24/May/2023:11:47:02 +0800] "POST /xingrg/kc/buy/cgsh_order_operate.html HTTP/1.1" 200 37
116.237.73.194 - - [24/May/2023:11:47:03 +0800] "GET /xingrg/kc/print/load_data.html?order_code=212023052408958&kc_code=cgsh&condition= HTTP/1.1" 200 704
116.232.195.127 - - [24/May/2023:11:47:03 +0800] "GET /xingrg/check_reg.html?_=1684900062333 HTTP/1.1" 200 22
116.232.195.127 - - [24/May/2023:11:47:03 +0800] "GET /xingrg/all/function/internal_message.html?_=1684900062336&CODE_STATE=getMsg HTTP/1.1" 200 27
222.67.238.82 - - [24/May/2023:11:47:04 +0800] "POST /xingrg/kc/buy/cgsh_order_operate.html HTTP/1.1" 200 12
101.83.145.52 - - [24/May/2023:11:47:04 +0800] "GET /xingrg/all/function/internal_message.html?_=1684900024305&CODE_STATE=getMsg HTTP/1.1" 200 27
218.81.78.189 - - [24/May/2023:11:47:04 +0800] "GET /xingrg/all/function/internal_message.html?_=1684900023220&CODE_STATE=getMsg HTTP/1.1" 200 27
101.83.145.52 - - [24/May/2023:11:47:04 +0800] "POST /xingrg/kc/buy/cgsh_order_operate.html HTTP/1.1" 200 3259
101.83.145.52 - - [24/May/2023:11:47:07 +0800] "GET /xingrg/kc/print/load_config.html?kc_code=cgsh HTTP/1.1" 200 1924
101.83.145.52 - - [24/May/2023:11:47:08 +0800] "GET /xingrg/kc/print/load_data.html?order_code=212023052408960&kc_code=cgsh&condition= HTTP/1.1" 200 953
180.169.147.146 - - [24/May/2023:11:47:09 +0800] "GET /xingrg/all/function/internal_message.html?_=1684900029489&CODE_STATE=getMsg HTTP/1.1" 200 27
180.169.147.146 - - [24/May/2023:11:47:09 +0800] "GET /xingrg/check_reg.html?_=1684900029491 HTTP/1.1" 200 22
116.237.73.194 - - [24/May/2023:11:47:09 +0800] "GET /xingrg/kc/buy/cgsh_order_add.html HTTP/1.1" 200 71445
116.237.73.194 - - [24/May/2023:11:47:10 +0800] "POST /xingrg/kc/buy/cgsh_order_operate.html HTTP/1.1" 200 8245
116.237.73.194 - - [24/May/2023:11:47:10 +0800] "GET /xingrg/javascript/easyui/themes/default/validatebox.css HTTP/1.1" 404 1104
180.164.3.199 - - [24/May/2023:11:47:11 +0800] "GET /xingrg/check_reg.html?_=1684900031607 HTTP/1.1" 200 22
116.238.139.35 - - [24/May/2023:11:47:12 +0800] "POST /xingrg/kc/buy/cgsh_order_operate.html HTTP/1.1" 200 12
222.67.238.82 - - [24/May/2023:11:47:12 +0800] "GET /xingrg/kc/buy/cgsh_order_info.html?code=212023052408959 HTTP/1.1" 200 66364
222.67.238.82 - - [24/May/2023:11:47:12 +0800] "GET /xingrg/javascript/easyui/themes/default/validatebox.css HTTP/1.1" 404 1104
116.228.172.94 - - [24/May/2023:11:47:13 +0800] "POST /xingrg/kc/buy/cgsh_list_operate.html HTTP/1.1" 200 3984
120.253.135.82 - - [24/May/2023:11:47:13 +0800] "GET /xingrg/all/function/internal_message.html?_=1684900172132&CODE_STATE=getMsg HTTP/1.1" 200 27
222.67.238.82 - - [24/May/2023:11:47:13 +0800] "POST /xingrg/kc/buy/cgsh_order_operate.html HTTP/1.1" 200 1203
116.238.139.35 - - [24/May/2023:11:47:14 +0800] "GET /xingrg/all/function/internal_message.html?_=1684899949260&CODE_STATE=getMsg HTTP/1.1" 200 27
116.238.139.35 - - [24/May/2023:11:47:14 +0800] "GET /xingrg/kc/buy/cgsh_order_info.html?code=212023052408954 HTTP/1.1" 200 65966
116.232.195.127 - - [24/May/2023:11:47:14 +0800] "GET /xingrg/kc/buy/cgsh_order_operate.html?command=get_materiel&rest_code=00155&code=00101001115&supplier_code=00100089&order_time=2023-05-24 HTTP/1.1" 200 414
116.238.139.35 - - [24/May/2023:11:47:14 +0800] "GET /xingrg/javascript/easyui/themes/default/validatebox.css HTTP/1.1" 404 1104
222.70.172.86 - - [24/May/2023:11:47:14 +0800] "GET /xingrg/all/function/internal_message.html?_=1684900044426&CODE_STATE=getMsg HTTP/1.1" 200 27
116.238.139.35 - - [24/May/2023:11:47:15 +0800] "POST /xingrg/kc/buy/cgsh_order_operate.html HTTP/1.1" 200 610
222.67.238.82 - - [24/May/2023:11:47:16 +0800] "GET /xingrg/kc/print/load_data.html?order_code=212023052408959&kc_code=cgsh&condition= HTTP/1.1" 200 1004
116.238.139.35 - - [24/May/2023:11:47:17 +0800] "GET /xingrg/kc/print/load_data.html?order_code=212023052408954&kc_code=cgsh&condition= HTTP/1.1" 200 711
120.253.135.82 - - [24/May/2023:11:47:18 +0800] "GET /xingrg/check_reg.html?_=1684899874263 HTTP/1.1" 200 22
116.237.73.194 - - [24/May/2023:11:47:18 +0800] "GET /xingrg/javascript/easyui/themes/default/tree.css HTTP/1.1" 404 1090
116.237.73.194 - - [24/May/2023:11:47:18 +0800] "POST /xingrg/all/common/load_tree.html?tree=supplier_tree_json&isDelete=1 HTTP/1.1" 200 74192
114.83.218.112 - - [24/May/2023:11:47:19 +0800] "GET /xingrg/kc/buy/cgsh_order_operate.html?command=get_materiel&rest_code=00149&code=00101019551&supplier_code=00100337&order_time=2023-05-24 HTTP/1.1" 200 463
101.83.145.52 - - [24/May/2023:11:47:20 +0800] "POST /xingrg/services/DataTransmitService HTTP/1.1" 200 524
222.67.238.82 - - [24/May/2023:11:47:20 +0800] "GET /xingrg/kc/buy/cgsh_order_add.html HTTP/1.1" 200 71451
222.67.238.82 - - [24/May/2023:11:47:20 +0800] "POST /xingrg/kc/buy/cgsh_order_operate.html HTTP/1.1" 200 8245
222.67.238.82 - - [24/May/2023:11:47:20 +0800] "GET /xingrg/javascript/easyui/themes/default/validatebox.css HTTP/1.1" 404 1104
101.83.145.52 - - [24/May/2023:11:47:21 +0800] "GET /xingrg/all/function/internal_message.html?_=1684899873773&CODE_STATE=getMsg HTTP/1.1" 200 27
180.164.3.199 - - [24/May/2023:11:47:21 +0800] "GET /xingrg/all/function/internal_message.html?_=1684900040868&CODE_STATE=getMsg HTTP/1.1" 200 27
116.228.172.94 - - [24/May/2023:11:47:23 +0800] "GET /xingrg/all/function/internal_message.html?_=1684899791166&CODE_STATE=getMsg HTTP/1.1" 200 27
116.238.139.35 - - [24/May/2023:11:47:23 +0800] "GET /xingrg/kc/buy/cgsh_order_add.html HTTP/1.1" 200 71061
101.83.145.52 - - [24/May/2023:11:47:23 +0800] "POST /xingrg/services/DataTransmitService HTTP/1.1" 200 412
116.238.139.35 - - [24/May/2023:11:47:23 +0800] "POST /xingrg/kc/buy/cgsh_order_operate.html HTTP/1.1" 200 8245
116.238.139.35 - - [24/May/2023:11:47:23 +0800] "GET /xingrg/javascript/easyui/themes/default/validatebox.css HTTP/1.1" 404 1104
116.228.172.94 - - [24/May/2023:11:47:25 +0800] "POST /xingrg/kc/buy/cgsh_list_operate.html HTTP/1.1" 200 197
116.228.172.94 - - [24/May/2023:11:47:27 +0800] "GET /xingrg/kc/buy/cgsh_order_info.html?code=212023052408930 HTTP/1.1" 200 70513
116.238.139.35 - - [24/May/2023:11:47:27 +0800] "GET /xingrg/all/function/internal_message.html?_=1684900045199&CODE_STATE=getMsg HTTP/1.1" 200 27
116.228.172.94 - - [24/May/2023:11:47:27 +0800] "GET /xingrg/javascript/easyui/themes/default/validatebox.css HTTP/1.1" 404 1104
116.228.172.94 - - [24/May/2023:11:47:28 +0800] "POST /xingrg/kc/buy/cgsh_order_operate.html HTTP/1.1" 200 2653
222.67.238.82 - - [24/May/2023:11:47:31 +0800] "GET /xingrg/all/function/internal_message.html?_=1684899563910&CODE_STATE=getMsg HTTP/1.1" 200 27
116.232.195.127 - - [24/May/2023:11:47:34 +0800] "POST /xingrg/kc/buy/cgsh_order_operate.html HTTP/1.1" 200 37
114.83.218.112 - - [24/May/2023:11:47:36 +0800] "GET /xingrg/kc/buy/cgsh_order_operate.html?command=get_materiel&rest_code=00149&code=00101020087&supplier_code=00100337&order_time=2023-05-24 HTTP/1.1" 200 409
