116.232.195.127 - - [24/May/2023:11:21:59 +0800] "GET /xingrg/check_reg.html?_=1684898519031 HTTP/1.1" 200 22
116.232.195.127 - - [24/May/2023:11:21:59 +0800] "GET /xingrg/all/function/internal_message.html?_=1684898519033&CODE_STATE=getMsg HTTP/1.1" 200 27
222.69.129.217 - - [24/May/2023:11:21:59 +0800] "GET /xingrg/all/function/internal_message.html?_=1684898616803&CODE_STATE=getMsg HTTP/1.1" 200 27
116.237.73.194 - - [24/May/2023:11:21:59 +0800] "POST /xingrg/kc/buy/cgsh_order_operate.html HTTP/1.1" 200 8245
116.237.73.194 - - [24/May/2023:11:21:59 +0800] "GET /xingrg/javascript/easyui/themes/default/validatebox.css HTTP/1.1" 404 1104
222.70.178.80 - - [24/May/2023:11:21:59 +0800] "POST /xingrg/kc/base/wldb_order_operate.html HTTP/1.1" 200 3196
180.152.240.15 - - [24/May/2023:11:21:59 +0800] "GET /xingrg/all/function/internal_message.html?_=1684898521495&CODE_STATE=getMsg HTTP/1.1" 200 27
180.169.147.146 - - [24/May/2023:11:21:59 +0800] "GET /xingrg/all/function/internal_message.html?_=1684898519671&CODE_STATE=getMsg HTTP/1.1" 200 27
222.70.178.80 - - [24/May/2023:11:22:00 +0800] "GET /xingrg/kc/base/wldb_order_info.html?code=422023052401906 HTTP/1.1" 200 30396
222.70.178.80 - - [24/May/2023:11:22:00 +0800] "GET /xingrg/javascript/easyui/themes/default/validatebox.css HTTP/1.1" 404 1104
116.237.73.194 - - [24/May/2023:11:22:00 +0800] "GET /xingrg/javascript/easyui/themes/default/tree.css HTTP/1.1" 404 1090
222.70.178.80 - - [24/May/2023:11:22:01 +0800] "POST /xingrg/kc/base/wldb_order_operate.html HTTP/1.1" 200 3196
180.152.240.15 - - [24/May/2023:11:22:01 +0800] "GET /xingrg/check_reg.html?_=1684898523065 HTTP/1.1" 200 22
116.237.73.194 - - [24/May/2023:11:22:01 +0800] "POST /xingrg/all/common/load_tree.html?tree=supplier_tree_json&isDelete=1 HTTP/1.1" 200 74192
116.232.195.127 - - [24/May/2023:11:22:03 +0800] "GET /xingrg/all/function/internal_message.html?_=1684898561722&CODE_STATE=getMsg HTTP/1.1" 200 27
101.83.145.52 - - [24/May/2023:11:22:03 +0800] "GET /xingrg/kc/base/wldb_order_operate.html?command=get_materiel&rest_code=00105&base_code=0010507&code=00101019258 HTTP/1.1" 200 483
101.83.145.52 - - [24/May/2023:11:22:04 +0800] "GET /xingrg/all/function/internal_message.html?_=1684898524841&CODE_STATE=getMsg HTTP/1.1" 200 27
218.81.78.189 - - [24/May/2023:11:22:04 +0800] "GET /xingrg/all/function/internal_message.html?_=1684898523751&CODE_STATE=getMsg HTTP/1.1" 200 27
222.70.178.80 - - [24/May/2023:11:22:05 +0800] "GET /xingrg/kc/base/wldb_order_add.html HTTP/1.1" 200 30381
222.70.178.80 - - [24/May/2023:11:22:06 +0800] "POST /xingrg/kc/base/wldb_order_operate.html HTTP/1.1" 200 6806
116.237.73.194 - - [24/May/2023:11:22:06 +0800] "GET /xingrg/all/function/internal_message.html?_=1684898527736&CODE_STATE=getMsg HTTP/1.1" 200 27
222.70.178.80 - - [24/May/2023:11:22:06 +0800] "GET /xingrg/javascript/easyui/themes/default/validatebox.css HTTP/1.1" 404 1104
180.169.147.146 - - [24/May/2023:11:22:09 +0800] "GET /xingrg/all/function/internal_message.html?_=1684898529415&CODE_STATE=getMsg HTTP/1.1" 200 27
180.169.147.146 - - [24/May/2023:11:22:09 +0800] "GET /xingrg/check_reg.html?_=1684898529417 HTTP/1.1" 200 22
180.164.3.199 - - [24/May/2023:11:22:11 +0800] "GET /xingrg/check_reg.html?_=1684898531625 HTTP/1.1" 200 22
101.83.145.52 - - [24/May/2023:11:22:14 +0800] "GET /xingrg/kc/base/wldb_order_operate.html?command=get_materiel&rest_code=00105&base_code=0010507&code=00101019142 HTTP/1.1" 200 464
120.253.135.82 - - [24/May/2023:11:22:17 +0800] "GET /xingrg/check_reg.html?_=1684898374242 HTTP/1.1" 200 22
222.70.172.86 - - [24/May/2023:11:22:19 +0800] "GET /xingrg/kc/buy/cgsh_order_operate.html?command=get_materiel&rest_code=00146&code=00101010669&supplier_code=00100329&order_time=2023-05-24 HTTP/1.1" 200 422
116.237.73.194 - - [24/May/2023:11:22:19 +0800] "GET /xingrg/kc/buy/cgsh_order_operate.html?command=get_materiel&rest_code=00106&code=00101002006&supplier_code=00100091&order_time=2023-05-24 HTTP/1.1" 200 414
101.83.145.52 - - [24/May/2023:11:22:21 +0800] "GET /xingrg/all/function/internal_message.html?_=1684898373728&CODE_STATE=getMsg HTTP/1.1" 200 27
180.164.3.199 - - [24/May/2023:11:22:21 +0800] "GET /xingrg/all/function/internal_message.html?_=1684898541341&CODE_STATE=getMsg HTTP/1.1" 200 27
101.83.145.52 - - [24/May/2023:11:22:24 +0800] "GET /xingrg/kc/base/wldb_order_operate.html?command=get_materiel&rest_code=00105&base_code=0010507&code=00101019222 HTTP/1.1" 200 454
222.70.172.86 - - [24/May/2023:11:22:26 +0800] "GET /xingrg/all/function/internal_message.html?_=1684898555873&CODE_STATE=getMsg HTTP/1.1" 200 27
116.238.139.35 - - [24/May/2023:11:22:27 +0800] "GET /xingrg/all/function/internal_message.html?_=1684898545551&CODE_STATE=getMsg HTTP/1.1" 200 27
222.70.178.80 - - [24/May/2023:11:22:32 +0800] "GET /xingrg/kc/base/wldb_order_operate.html?command=get_materiel&rest_code=00111&base_code=0010306&code=00102002198 HTTP/1.1" 200 451
116.228.172.94 - - [24/May/2023:11:22:33 +0800] "GET /xingrg/all/function/internal_message.html?_=1684898301117&CODE_STATE=getMsg HTTP/1.1" 200 27
222.70.172.86 - - [24/May/2023:11:22:33 +0800] "GET /xingrg/kc/buy/cgsh_order_operate.html?command=get_materiel&rest_code=00146&code=00101010754&supplier_code=00100329&order_time=2023-05-24 HTTP/1.1" 200 456
101.83.145.52 - - [24/May/2023:11:22:36 +0800] "GET /xingrg/kc/base/wldb_order_operate.html?command=get_materiel&rest_code=00105&base_code=0010507&code=00101019400 HTTP/1.1" 200 465
222.70.178.80 - - [24/May/2023:11:22:37 +0800] "GET /xingrg/all/function/internal_message.html?_=1684898557197&CODE_STATE=getMsg HTTP/1.1" 200 27
116.238.139.35 - - [24/May/2023:11:22:37 +0800] "GET /xingrg/all/function/internal_message.html?_=1684898473070&CODE_STATE=getMsg HTTP/1.1" 200 27
114.83.218.112 - - [24/May/2023:11:22:39 +0800] "GET /xingrg/all/function/internal_message.html?_=1684898556620&CODE_STATE=getMsg HTTP/1.1" 200 27
114.83.218.112 - - [24/May/2023:11:22:41 +0800] "GET /xingrg/check_reg.html?_=1684898558573 HTTP/1.1" 200 22
222.70.178.80 - - [24/May/2023:11:22:42 +0800] "GET /xingrg/kc/base/wldb_order_operate.html?command=get_materiel&rest_code=00111&base_code=0010306&code=00102002558 HTTP/1.1" 200 447
116.238.139.35 - - [24/May/2023:11:22:44 +0800] "GET /xingrg/check_reg.html?_=1684898562845 HTTP/1.1" 200 22
172.20.0.100 - - [24/May/2023:11:22:45 +0800] "GET /xingrg/check_reg.html?_=1684898572646 HTTP/1.1" 200 22
172.20.0.100 - - [24/May/2023:11:22:45 +0800] "GET /xingrg/all/function/internal_message.html?_=1684898572647&CODE_STATE=getMsg HTTP/1.1" 200 27
101.83.145.52 - - [24/May/2023:11:22:47 +0800] "GET /xingrg/kc/base/wldb_order_operate.html?command=get_materiel&rest_code=00105&base_code=0010507&code=00101019183 HTTP/1.1" 200 449
222.70.178.80 - - [24/May/2023:11:22:50 +0800] "POST /xingrg/kc/base/wldb_order_operate.html HTTP/1.1" 200 37
222.70.178.80 - - [24/May/2023:11:22:51 +0800] "POST /xingrg/kc/base/wldb_order_operate.html HTTP/1.1" 200 2680
222.70.178.80 - - [24/May/2023:11:22:52 +0800] "GET /xingrg/kc/base/wldb_order_info.html?code=422023052401907 HTTP/1.1" 200 30397
222.70.178.80 - - [24/May/2023:11:22:52 +0800] "GET /xingrg/javascript/easyui/themes/default/validatebox.css HTTP/1.1" 404 1104
222.70.178.80 - - [24/May/2023:11:22:53 +0800] "POST /xingrg/kc/base/wldb_order_operate.html HTTP/1.1" 200 2680
124.79.240.114 - - [24/May/2023:11:22:54 +0800] "GET /xingrg/all/function/internal_message.html?_=1684898852960&CODE_STATE=getMsg HTTP/1.1" 200 27
124.79.240.114 - - [24/May/2023:11:22:54 +0800] "GET /xingrg/check_reg.html?_=1684898852962 HTTP/1.1" 200 22
222.70.178.80 - - [24/May/2023:11:22:54 +0800] "GET /xingrg/kc/base/wldb_order_add.html HTTP/1.1" 200 30381
222.70.178.80 - - [24/May/2023:11:22:54 +0800] "POST /xingrg/kc/base/wldb_order_operate.html HTTP/1.1" 200 6806
222.70.178.80 - - [24/May/2023:11:22:55 +0800] "GET /xingrg/javascript/easyui/themes/default/validatebox.css HTTP/1.1" 404 1104
222.69.129.217 - - [24/May/2023:11:22:59 +0800] "GET /xingrg/all/function/internal_message.html?_=1684898676779&CODE_STATE=getMsg HTTP/1.1" 200 27
116.232.195.127 - - [24/May/2023:11:22:59 +0800] "GET /xingrg/all/function/internal_message.html?_=1684898579042&CODE_STATE=getMsg HTTP/1.1" 200 27
180.152.240.15 - - [24/May/2023:11:22:59 +0800] "GET /xingrg/all/function/internal_message.html?_=1684898581476&CODE_STATE=getMsg HTTP/1.1" 200 27
180.169.147.146 - - [24/May/2023:11:22:59 +0800] "GET /xingrg/all/function/internal_message.html?_=1684898579668&CODE_STATE=getMsg HTTP/1.1" 200 27
180.169.147.146 - - [24/May/2023:11:22:59 +0800] "GET /xingrg/check_reg.html?_=1684898579665 HTTP/1.1" 200 22
101.83.145.52 - - [24/May/2023:11:23:00 +0800] "GET /xingrg/kc/base/wldb_order_operate.html?command=get_materiel&rest_code=00105&base_code=0010507&code=00101019199 HTTP/1.1" 200 473
116.232.195.127 - - [24/May/2023:11:23:03 +0800] "GET /xingrg/all/function/internal_message.html?_=1684898621716&CODE_STATE=getMsg HTTP/1.1" 200 27
101.83.145.52 - - [24/May/2023:11:23:04 +0800] "GET /xingrg/all/function/internal_message.html?_=1684898584819&CODE_STATE=getMsg HTTP/1.1" 200 27
218.81.78.189 - - [24/May/2023:11:23:04 +0800] "GET /xingrg/all/function/internal_message.html?_=1684898583729&CODE_STATE=getMsg HTTP/1.1" 200 27
116.237.73.194 - - [24/May/2023:11:23:06 +0800] "GET /xingrg/all/function/internal_message.html?_=1684898587744&CODE_STATE=getMsg HTTP/1.1" 200 27
116.237.73.194 - - [24/May/2023:11:23:09 +0800] "POST /xingrg/kc/buy/cgsh_order_operate.html HTTP/1.1" 200 37
180.169.147.146 - - [24/May/2023:11:23:09 +0800] "GET /xingrg/all/function/internal_message.html?_=1684898589418&CODE_STATE=getMsg HTTP/1.1" 200 27
222.70.178.80 - - [24/May/2023:11:23:10 +0800] "GET /xingrg/kc/base/wldb_order_operate.html?command=get_materiel&rest_code=00111&base_code=0010283&code=00101019373 HTTP/1.1" 200 467
101.83.145.52 - - [24/May/2023:11:23:12 +0800] "GET /xingrg/kc/base/wldb_order_operate.html?command=get_materiel&rest_code=00105&base_code=0010507&code=00101019536 HTTP/1.1" 200 470
116.237.73.194 - - [24/May/2023:11:23:16 +0800] "POST /xingrg/kc/buy/cgsh_order_operate.html HTTP/1.1" 200 12
116.237.73.194 - - [24/May/2023:11:23:18 +0800] "GET /xingrg/kc/buy/cgsh_order_info.html?code=212023052408873 HTTP/1.1" 200 66358
116.237.73.194 - - [24/May/2023:11:23:18 +0800] "GET /xingrg/javascript/easyui/themes/default/validatebox.css HTTP/1.1" 404 1104
116.237.73.194 - - [24/May/2023:11:23:19 +0800] "POST /xingrg/kc/buy/cgsh_order_operate.html HTTP/1.1" 200 612
101.83.145.52 - - [24/May/2023:11:23:21 +0800] "GET /xingrg/all/function/internal_message.html?_=1684898433728&CODE_STATE=getMsg HTTP/1.1" 200 27
180.164.3.199 - - [24/May/2023:11:23:21 +0800] "GET /xingrg/all/function/internal_message.html?_=1684898601318&CODE_STATE=getMsg HTTP/1.1" 200 27
116.237.73.194 - - [24/May/2023:11:23:22 +0800] "GET /xingrg/kc/print/load_data.html?order_code=212023052408873&kc_code=cgsh&condition= HTTP/1.1" 200 774
101.83.145.52 - - [24/May/2023:11:23:26 +0800] "GET /xingrg/kc/base/wldb_order_operate.html?command=get_materiel&rest_code=00105&base_code=0010507&code=00101019551 HTTP/1.1" 200 465
222.70.172.86 - - [24/May/2023:11:23:26 +0800] "GET /xingrg/all/function/internal_message.html?_=1684898615879&CODE_STATE=getMsg HTTP/1.1" 200 27
116.238.139.35 - - [24/May/2023:11:23:27 +0800] "GET /xingrg/all/function/internal_message.html?_=1684898605545&CODE_STATE=getMsg HTTP/1.1" 200 27
222.70.172.86 - - [24/May/2023:11:23:29 +0800] "POST /xingrg/kc/buy/cgsh_order_operate.html HTTP/1.1" 200 37
116.228.172.94 - - [24/May/2023:11:23:33 +0800] "GET /xingrg/all/function/internal_message.html?_=1684898361120&CODE_STATE=getMsg HTTP/1.1" 200 27
116.237.73.194 - - [24/May/2023:11:23:36 +0800] "GET /xingrg/kc/buy/cgsh_order_add.html HTTP/1.1" 200 71445
116.237.73.194 - - [24/May/2023:11:23:36 +0800] "POST /xingrg/kc/buy/cgsh_order_operate.html HTTP/1.1" 200 8245
116.237.73.194 - - [24/May/2023:11:23:36 +0800] "GET /xingrg/javascript/easyui/themes/default/validatebox.css HTTP/1.1" 404 1104
101.83.145.52 - - [24/May/2023:11:23:36 +0800] "GET /xingrg/kc/base/wldb_order_operate.html?command=get_materiel&rest_code=00105&base_code=0010507&code=00101013193 HTTP/1.1" 200 444
222.70.178.80 - - [24/May/2023:11:23:36 +0800] "GET /xingrg/all/function/internal_message.html?_=1684898617178&CODE_STATE=getMsg HTTP/1.1" 200 27
116.238.139.35 - - [24/May/2023:11:23:37 +0800] "GET /xingrg/check_reg.html?_=1684898532891 HTTP/1.1" 200 22
116.238.139.35 - - [24/May/2023:11:23:37 +0800] "GET /xingrg/all/function/internal_message.html?_=1684898533083&CODE_STATE=getMsg HTTP/1.1" 200 27
114.83.218.112 - - [24/May/2023:11:23:39 +0800] "GET /xingrg/all/function/internal_message.html?_=1684898616594&CODE_STATE=getMsg HTTP/1.1" 200 27
172.20.0.100 - - [24/May/2023:11:23:45 +0800] "GET /xingrg/all/function/internal_message.html?_=1684898632646&CODE_STATE=getMsg HTTP/1.1" 200 27
116.237.73.194 - - [24/May/2023:11:23:45 +0800] "GET /xingrg/javascript/easyui/themes/default/tree.css HTTP/1.1" 404 1090
116.237.73.194 - - [24/May/2023:11:23:46 +0800] "POST /xingrg/all/common/load_tree.html?tree=supplier_tree_json&isDelete=1 HTTP/1.1" 200 74192
222.70.172.86 - - [24/May/2023:11:23:48 +0800] "POST /xingrg/kc/buy/cgsh_order_operate.html HTTP/1.1" 200 2695
101.83.145.52 - - [24/May/2023:11:23:51 +0800] "GET /xingrg/kc/base/wldb_order_operate.html?command=get_materiel&rest_code=00105&base_code=0010507&code=00101019058 HTTP/1.1" 200 453
222.70.172.86 - - [24/May/2023:11:23:51 +0800] "GET /xingrg/kc/print/load_data.html?order_code=212023052408874&kc_code=cgsh&condition= HTTP/1.1" 200 719
124.79.240.114 - - [24/May/2023:11:23:54 +0800] "GET /xingrg/all/function/internal_message.html?_=1684898912971&CODE_STATE=getMsg HTTP/1.1" 200 27
222.69.129.217 - - [24/May/2023:11:23:56 +0800] "GET /xingrg/check_reg.html?_=1684898733912 HTTP/1.1" 200 22
222.69.129.217 - - [24/May/2023:11:23:59 +0800] "GET /xingrg/all/function/internal_message.html?_=1684898736767&CODE_STATE=getMsg HTTP/1.1" 200 27
116.232.195.127 - - [24/May/2023:11:23:59 +0800] "GET /xingrg/all/function/internal_message.html?_=1684898639042&CODE_STATE=getMsg HTTP/1.1" 200 27
180.152.240.15 - - [24/May/2023:11:23:59 +0800] "GET /xingrg/all/function/internal_message.html?_=1684898641464&CODE_STATE=getMsg HTTP/1.1" 200 27
180.169.147.146 - - [24/May/2023:11:23:59 +0800] "GET /xingrg/all/function/internal_message.html?_=1684898639681&CODE_STATE=getMsg HTTP/1.1" 200 27
180.171.134.236 - - [24/May/2023:11:24:00 +0800] "POST /xingrg/services/DataTransmitService HTTP/1.1" 200 524
180.171.134.236 - - [24/May/2023:11:24:01 +0800] "POST /xingrg/services/DataTransmitService HTTP/1.1" 200 501
101.83.145.52 - - [24/May/2023:11:24:01 +0800] "GET /xingrg/kc/base/wldb_order_operate.html?command=get_materiel&rest_code=00105&base_code=0010507&code=00101016044 HTTP/1.1" 200 466
116.232.195.127 - - [24/May/2023:11:24:03 +0800] "GET /xingrg/check_reg.html?_=1684898681733 HTTP/1.1" 200 22
116.232.195.127 - - [24/May/2023:11:24:03 +0800] "GET /xingrg/all/function/internal_message.html?_=1684898681731&CODE_STATE=getMsg HTTP/1.1" 200 27
101.83.145.52 - - [24/May/2023:11:24:04 +0800] "GET /xingrg/all/function/internal_message.html?_=1684898644790&CODE_STATE=getMsg HTTP/1.1" 200 27
218.81.78.189 - - [24/May/2023:11:24:04 +0800] "GET /xingrg/all/function/internal_message.html?_=1684898643712&CODE_STATE=getMsg HTTP/1.1" 200 27
101.83.145.52 - - [24/May/2023:11:24:05 +0800] "GET /xingrg/check_reg.html?_=1684898645329 HTTP/1.1" 200 22
218.81.78.189 - - [24/May/2023:11:24:05 +0800] "GET /xingrg/check_reg.html?_=1684898644338 HTTP/1.1" 200 22
116.237.73.194 - - [24/May/2023:11:24:05 +0800] "GET /xingrg/kc/buy/cgsh_order_operate.html?command=get_materiel&rest_code=00106&code=00101004124&supplier_code=00100086&order_time=2023-05-24 HTTP/1.1" 200 412
116.237.73.194 - - [24/May/2023:11:24:06 +0800] "GET /xingrg/all/function/internal_message.html?_=1684898647740&CODE_STATE=getMsg HTTP/1.1" 200 27
180.169.147.146 - - [24/May/2023:11:24:09 +0800] "GET /xingrg/all/function/internal_message.html?_=1684898649425&CODE_STATE=getMsg HTTP/1.1" 200 27
101.83.145.52 - - [24/May/2023:11:24:15 +0800] "GET /xingrg/kc/base/wldb_order_operate.html?command=get_materiel&rest_code=00105&base_code=0010507&code=00101019018 HTTP/1.1" 200 465
101.83.145.52 - - [24/May/2023:11:24:21 +0800] "GET /xingrg/check_reg.html?_=1684898493731 HTTP/1.1" 200 22
101.83.145.52 - - [24/May/2023:11:24:21 +0800] "GET /xingrg/all/function/internal_message.html?_=1684898493734&CODE_STATE=getMsg HTTP/1.1" 200 27
180.164.3.199 - - [24/May/2023:11:24:21 +0800] "GET /xingrg/all/function/internal_message.html?_=1684898661302&CODE_STATE=getMsg HTTP/1.1" 200 27
222.70.178.80 - - [24/May/2023:11:24:24 +0800] "POST /xingrg/kc/base/wldb_order_operate.html HTTP/1.1" 200 37
222.70.178.80 - - [24/May/2023:11:24:25 +0800] "POST /xingrg/kc/base/wldb_order_operate.html HTTP/1.1" 200 2210
222.70.172.86 - - [24/May/2023:11:24:26 +0800] "GET /xingrg/all/function/internal_message.html?_=1684898676365&CODE_STATE=getMsg HTTP/1.1" 200 27
222.70.178.80 - - [24/May/2023:11:24:26 +0800] "GET /xingrg/kc/base/wldb_order_info.html?code=422023052401908 HTTP/1.1" 200 30393
222.70.178.80 - - [24/May/2023:11:24:27 +0800] "GET /xingrg/javascript/easyui/themes/default/validatebox.css HTTP/1.1" 404 1104
116.238.139.35 - - [24/May/2023:11:24:27 +0800] "GET /xingrg/all/function/internal_message.html?_=1684898665528&CODE_STATE=getMsg HTTP/1.1" 200 27
222.70.178.80 - - [24/May/2023:11:24:27 +0800] "POST /xingrg/kc/base/wldb_order_operate.html HTTP/1.1" 200 2210
116.237.73.194 - - [24/May/2023:11:24:32 +0800] "GET /xingrg/kc/buy/cgsh_order_operate.html?command=get_materiel&rest_code=00106&code=00101005088&supplier_code=00100086&order_time=2023-05-24 HTTP/1.1" 200 414
116.228.172.94 - - [24/May/2023:11:24:33 +0800] "GET /xingrg/all/function/internal_message.html?_=1684898421118&CODE_STATE=getMsg HTTP/1.1" 200 27
101.83.145.52 - - [24/May/2023:11:24:34 +0800] "POST /xingrg/kc/base/wldb_order_operate.html HTTP/1.1" 200 37
101.83.145.52 - - [24/May/2023:11:24:35 +0800] "POST /xingrg/kc/base/wldb_order_operate.html HTTP/1.1" 200 9153
101.83.145.52 - - [24/May/2023:11:24:35 +0800] "GET /xingrg/kc/base/wldb_order_info.html?code=422023052401909 HTTP/1.1" 200 30396
101.83.145.52 - - [24/May/2023:11:24:36 +0800] "GET /xingrg/javascript/easyui/themes/default/validatebox.css HTTP/1.1" 404 1104
222.70.178.80 - - [24/May/2023:11:24:36 +0800] "GET /xingrg/all/function/internal_message.html?_=1684898677159&CODE_STATE=getMsg HTTP/1.1" 200 27
222.70.178.80 - - [24/May/2023:11:24:37 +0800] "GET /xingrg/check_reg.html?_=1684898677519 HTTP/1.1" 200 22
101.83.145.52 - - [24/May/2023:11:24:37 +0800] "POST /xingrg/kc/base/wldb_order_operate.html HTTP/1.1" 200 9153
116.238.139.35 - - [24/May/2023:11:24:37 +0800] "GET /xingrg/all/function/internal_message.html?_=1684898593096&CODE_STATE=getMsg HTTP/1.1" 200 27
114.83.218.112 - - [24/May/2023:11:24:39 +0800] "GET /xingrg/all/function/internal_message.html?_=1684898676564&CODE_STATE=getMsg HTTP/1.1" 200 27
116.237.73.194 - - [24/May/2023:11:24:42 +0800] "GET /xingrg/javascript/jquery_easy_ui/themes/icons/rest.png HTTP/1.1" 304 -
116.237.73.194 - - [24/May/2023:11:24:42 +0800] "GET /xingrg/javascript/jquery_easy_ui/themes/icons/area.png HTTP/1.1" 304 -
222.70.172.86 - - [24/May/2023:11:24:44 +0800] "GET /xingrg/kc/buy/cgsh_order_add.html HTTP/1.1" 200 71451
172.20.0.100 - - [24/May/2023:11:24:45 +0800] "GET /xingrg/all/function/internal_message.html?_=1684898692644&CODE_STATE=getMsg HTTP/1.1" 200 27
222.70.172.86 - - [24/May/2023:11:24:46 +0800] "POST /xingrg/kc/buy/cgsh_order_operate.html HTTP/1.1" 200 8245
222.70.172.86 - - [24/May/2023:11:24:46 +0800] "GET /xingrg/javascript/easyui/themes/default/validatebox.css HTTP/1.1" 404 1104
222.70.178.80 - - [24/May/2023:11:24:47 +0800] "POST /xingrg/kc/base/wldb_order_operate.html HTTP/1.1" 200 37
222.70.178.80 - - [24/May/2023:11:24:48 +0800] "POST /xingrg/kc/base/wldb_order_operate.html HTTP/1.1" 200 2210
222.70.178.80 - - [24/May/2023:11:24:48 +0800] "GET /xingrg/kc/base/wldb_order_info.html?code=422023052401908 HTTP/1.1" 200 30393
116.237.73.194 - - [24/May/2023:11:24:49 +0800] "POST /xingrg/kc/buy/cgsh_order_operate.html HTTP/1.1" 200 37
222.70.178.80 - - [24/May/2023:11:24:49 +0800] "GET /xingrg/javascript/easyui/themes/default/validatebox.css HTTP/1.1" 404 1104
222.70.178.80 - - [24/May/2023:11:24:49 +0800] "POST /xingrg/kc/base/wldb_order_operate.html HTTP/1.1" 200 2210
222.70.178.80 - - [24/May/2023:11:24:51 +0800] "GET /xingrg/kc/base/wldb_order_add.html HTTP/1.1" 200 30381
222.70.178.80 - - [24/May/2023:11:24:52 +0800] "POST /xingrg/kc/base/wldb_order_operate.html HTTP/1.1" 200 6806
222.70.178.80 - - [24/May/2023:11:24:52 +0800] "GET /xingrg/javascript/easyui/themes/default/validatebox.css HTTP/1.1" 404 1104
124.79.240.114 - - [24/May/2023:11:24:54 +0800] "GET /xingrg/all/function/internal_message.html?_=1684898972957&CODE_STATE=getMsg HTTP/1.1" 200 27
116.237.73.194 - - [24/May/2023:11:24:56 +0800] "POST /xingrg/kc/buy/cgsh_order_operate.html HTTP/1.1" 200 12
116.237.73.194 - - [24/May/2023:11:24:58 +0800] "GET /xingrg/kc/buy/cgsh_order_info.html?code=212023052408875 HTTP/1.1" 200 66358
116.237.73.194 - - [24/May/2023:11:24:58 +0800] "GET /xingrg/javascript/easyui/themes/default/validatebox.css HTTP/1.1" 404 1104
222.69.129.217 - - [24/May/2023:11:24:59 +0800] "GET /xingrg/all/function/internal_message.html?_=1684898796746&CODE_STATE=getMsg HTTP/1.1" 200 27
116.232.195.127 - - [24/May/2023:11:24:59 +0800] "GET /xingrg/all/function/internal_message.html?_=1684898699043&CODE_STATE=getMsg HTTP/1.1" 200 27
116.237.73.194 - - [24/May/2023:11:24:59 +0800] "POST /xingrg/kc/buy/cgsh_order_operate.html HTTP/1.1" 200 1207
180.152.240.15 - - [24/May/2023:11:24:59 +0800] "GET /xingrg/all/function/internal_message.html?_=1684898701445&CODE_STATE=getMsg HTTP/1.1" 200 27
180.169.147.146 - - [24/May/2023:11:24:59 +0800] "GET /xingrg/all/function/internal_message.html?_=1684898699677&CODE_STATE=getMsg HTTP/1.1" 200 27
116.232.195.127 - - [24/May/2023:11:25:03 +0800] "GET /xingrg/all/function/internal_message.html?_=1684898741725&CODE_STATE=getMsg HTTP/1.1" 200 27
222.70.172.86 - - [24/May/2023:11:25:03 +0800] "GET /xingrg/kc/buy/cgsh_order_operate.html?command=get_materiel&rest_code=00146&code=00101004104&supplier_code=00100439&order_time=2023-05-24 HTTP/1.1" 200 408
101.83.145.52 - - [24/May/2023:11:25:04 +0800] "GET /xingrg/all/function/internal_message.html?_=1684898704759&CODE_STATE=getMsg HTTP/1.1" 200 27
218.81.78.189 - - [24/May/2023:11:25:04 +0800] "GET /xingrg/all/function/internal_message.html?_=1684898703682&CODE_STATE=getMsg HTTP/1.1" 200 27
101.83.145.52 - - [24/May/2023:11:25:04 +0800] "GET /xingrg/kc/base/wldb_order_add.html HTTP/1.1" 200 30381
101.83.145.52 - - [24/May/2023:11:25:05 +0800] "POST /xingrg/kc/base/wldb_order_operate.html HTTP/1.1" 200 6806
101.83.145.52 - - [24/May/2023:11:25:05 +0800] "GET /xingrg/javascript/easyui/themes/default/validatebox.css HTTP/1.1" 404 1104
116.237.73.194 - - [24/May/2023:11:25:05 +0800] "GET /xingrg/kc/print/load_data.html?order_code=212023052408875&kc_code=cgsh&condition= HTTP/1.1" 200 996
116.237.73.194 - - [24/May/2023:11:25:06 +0800] "GET /xingrg/all/function/internal_message.html?_=1684898707771&CODE_STATE=getMsg HTTP/1.1" 200 27
180.169.147.146 - - [24/May/2023:11:25:09 +0800] "GET /xingrg/all/function/internal_message.html?_=1684898709423&CODE_STATE=getMsg HTTP/1.1" 200 27
101.83.145.52 - - [24/May/2023:11:25:11 +0800] "GET /xingrg/kc/base/wldb_order_list.html HTTP/1.1" 200 19098
101.83.145.52 - - [24/May/2023:11:25:12 +0800] "POST /xingrg/kc/base/wldb_list_operate.html HTTP/1.1" 200 2165
116.237.73.194 - - [24/May/2023:11:25:13 +0800] "GET /xingrg/kc/buy/cgsh_order_add.html HTTP/1.1" 200 71445
101.83.145.52 - - [24/May/2023:11:25:13 +0800] "GET /xingrg/kc/base/wldb_order_add.html HTTP/1.1" 200 30381
116.237.73.194 - - [24/May/2023:11:25:13 +0800] "GET /xingrg/javascript/easyui/themes/default/validatebox.css HTTP/1.1" 404 1104
116.237.73.194 - - [24/May/2023:11:25:13 +0800] "POST /xingrg/kc/buy/cgsh_order_operate.html HTTP/1.1" 200 8245
101.83.145.52 - - [24/May/2023:11:25:14 +0800] "POST /xingrg/kc/base/wldb_order_operate.html HTTP/1.1" 200 6806
101.83.145.52 - - [24/May/2023:11:25:14 +0800] "GET /xingrg/all/common/auto_word.html?type=base&rest_code=00105 HTTP/1.1" 200 1907
101.83.145.52 - - [24/May/2023:11:25:14 +0800] "GET /xingrg/all/common/auto_word.html?type=base&rest_code=00105 HTTP/1.1" 200 1907
101.83.145.52 - - [24/May/2023:11:25:14 +0800] "GET /xingrg/javascript/easyui/themes/default/validatebox.css HTTP/1.1" 404 1104
101.83.145.52 - - [24/May/2023:11:25:14 +0800] "POST /xingrg/all/common/load_combo.html?type=base HTTP/1.1" 200 3409
116.237.73.194 - - [24/May/2023:11:25:15 +0800] "GET /xingrg/javascript/easyui/themes/default/tree.css HTTP/1.1" 404 1090
116.237.73.194 - - [24/May/2023:11:25:15 +0800] "POST /xingrg/all/common/load_tree.html?tree=supplier_tree_json&isDelete=1 HTTP/1.1" 200 74192
101.83.145.52 - - [24/May/2023:11:25:18 +0800] "GET /xingrg/javascript/jquery_tools/images/prev.gif HTTP/1.1" 404 1086
101.83.145.52 - - [24/May/2023:11:25:18 +0800] "GET /xingrg/javascript/jquery_tools/images/next.gif HTTP/1.1" 404 1086
222.70.178.80 - - [24/May/2023:11:25:19 +0800] "GET /xingrg/kc/base/wldb_order_operate.html?command=get_materiel&rest_code=00111&base_code=0010306&code=00102002484 HTTP/1.1" 200 456
101.83.145.52 - - [24/May/2023:11:25:21 +0800] "GET /xingrg/all/function/internal_message.html?_=1684898553734&CODE_STATE=getMsg HTTP/1.1" 200 27
180.164.3.199 - - [24/May/2023:11:25:21 +0800] "GET /xingrg/all/function/internal_message.html?_=1684898721300&CODE_STATE=getMsg HTTP/1.1" 200 27
222.70.172.86 - - [24/May/2023:11:25:26 +0800] "GET /xingrg/all/function/internal_message.html?_=1684898736387&CODE_STATE=getMsg HTTP/1.1" 200 27
101.83.145.52 - - [24/May/2023:11:25:27 +0800] "GET /xingrg/kc/base/wldb_order_operate.html?command=get_materiel&rest_code=00105&base_code=0010507&code=00101016019 HTTP/1.1" 200 451
116.238.139.35 - - [24/May/2023:11:25:27 +0800] "GET /xingrg/all/function/internal_message.html?_=1684898725513&CODE_STATE=getMsg HTTP/1.1" 200 27
101.83.145.52 - - [24/May/2023:11:25:28 +0800] "GET /xingrg/kc/base/wldb_order_operate.html?command=get_materiel&rest_code=00105&base_code=0010508&code=00102002256 HTTP/1.1" 200 443
222.70.172.86 - - [24/May/2023:11:25:30 +0800] "POST /xingrg/kc/buy/cgsh_order_operate.html HTTP/1.1" 200 37
222.70.172.86 - - [24/May/2023:11:25:31 +0800] "POST /xingrg/kc/buy/cgsh_order_operate.html HTTP/1.1" 200 2655
222.70.178.80 - - [24/May/2023:11:25:33 +0800] "GET /xingrg/kc/base/wldb_order_operate.html?command=get_materiel&rest_code=00111&base_code=0010306&code=00102002603 HTTP/1.1" 200 432
116.228.172.94 - - [24/May/2023:11:25:33 +0800] "GET /xingrg/all/function/internal_message.html?_=1684898481119&CODE_STATE=getMsg HTTP/1.1" 200 27
222.70.172.86 - - [24/May/2023:11:25:36 +0800] "GET /xingrg/kc/print/load_data.html?order_code=212023052408876&kc_code=cgsh&condition= HTTP/1.1" 200 683
222.67.238.82 - - [24/May/2023:11:25:36 +0800] "GET /xingrg/kc/buy/cgsh_order_add.html HTTP/1.1" 200 71451
222.67.238.82 - - [24/May/2023:11:25:36 +0800] "POST /xingrg/kc/buy/cgsh_order_operate.html HTTP/1.1" 200 8245
222.67.238.82 - - [24/May/2023:11:25:36 +0800] "GET /xingrg/javascript/easyui/themes/default/validatebox.css HTTP/1.1" 404 1104
222.70.178.80 - - [24/May/2023:11:25:36 +0800] "GET /xingrg/all/function/internal_message.html?_=1684898737145&CODE_STATE=getMsg HTTP/1.1" 200 27
116.238.139.35 - - [24/May/2023:11:25:37 +0800] "GET /xingrg/all/function/internal_message.html?_=1684898653110&CODE_STATE=getMsg HTTP/1.1" 200 27
114.83.218.112 - - [24/May/2023:11:25:39 +0800] "GET /xingrg/all/function/internal_message.html?_=1684898736548&CODE_STATE=getMsg HTTP/1.1" 200 27
116.237.73.194 - - [24/May/2023:11:25:40 +0800] "GET /xingrg/kc/buy/cgsh_order_operate.html?command=get_materiel&rest_code=00106&code=00101003035&supplier_code=00100092&order_time=2023-05-24 HTTP/1.1" 200 413
101.83.145.52 - - [24/May/2023:11:25:42 +0800] "GET /xingrg/kc/base/wldb_order_operate.html?command=get_materiel&rest_code=00105&base_code=0010507&code=00101019133 HTTP/1.1" 200 480
116.228.172.94 - - [24/May/2023:11:25:45 +0800] "POST /xingrg/kc/buy/cgsh_order_operate.html HTTP/1.1" 200 37
172.20.0.100 - - [24/May/2023:11:25:45 +0800] "GET /xingrg/all/function/internal_message.html?_=1684898752642&CODE_STATE=getMsg HTTP/1.1" 200 27
222.70.172.86 - - [24/May/2023:11:25:46 +0800] "GET /xingrg/check_reg.html?_=1684898756612 HTTP/1.1" 200 22
222.67.238.82 - - [24/May/2023:11:25:47 +0800] "GET /xingrg/kc/buy/cgsh_order_operate.html?command=get_materiel&rest_code=00141&code=00101010263&supplier_code=00100327&order_time=2023-05-24 HTTP/1.1" 200 409
101.83.145.52 - - [24/May/2023:11:25:48 +0800] "GET /xingrg/kc/base/wldb_order_operate.html?command=get_materiel&rest_code=00105&base_code=0010508&code=00102002685 HTTP/1.1" 200 458
116.228.172.94 - - [24/May/2023:11:25:49 +0800] "POST /xingrg/kc/buy/cgsh_order_operate.html HTTP/1.1" 200 8611
222.70.172.86 - - [24/May/2023:11:25:51 +0800] "GET /xingrg/kc/buy/cgsh_order_add.html HTTP/1.1" 200 71451
222.70.172.86 - - [24/May/2023:11:25:53 +0800] "POST /xingrg/kc/buy/cgsh_order_operate.html HTTP/1.1" 200 8245
222.70.172.86 - - [24/May/2023:11:25:53 +0800] "GET /xingrg/javascript/easyui/themes/default/validatebox.css HTTP/1.1" 404 1104
116.228.172.94 - - [24/May/2023:11:25:53 +0800] "GET /xingrg/kc/print/load_data.html?order_code=212023052408877&kc_code=cgsh&condition= HTTP/1.1" 200 2921
124.79.240.114 - - [24/May/2023:11:25:54 +0800] "GET /xingrg/all/function/internal_message.html?_=1684899032956&CODE_STATE=getMsg HTTP/1.1" 200 27
101.83.145.52 - - [24/May/2023:11:25:56 +0800] "GET /xingrg/kc/base/wldb_order_operate.html?command=get_materiel&rest_code=00105&base_code=0010508&code=00102002198 HTTP/1.1" 200 450
222.70.178.80 - - [24/May/2023:11:25:57 +0800] "GET /xingrg/kc/base/wldb_order_operate.html?command=get_materiel&rest_code=00111&base_code=0010306&code=00102002150 HTTP/1.1" 200 447
101.83.145.52 - - [24/May/2023:11:25:58 +0800] "GET /xingrg/kc/base/wldb_order_operate.html?command=get_materiel&rest_code=00105&base_code=0010507&code=00101019127 HTTP/1.1" 200 480
222.69.129.217 - - [24/May/2023:11:25:59 +0800] "GET /xingrg/all/function/internal_message.html?_=1684898856723&CODE_STATE=getMsg HTTP/1.1" 200 27
116.232.195.127 - - [24/May/2023:11:25:59 +0800] "GET /xingrg/all/function/internal_message.html?_=1684898759028&CODE_STATE=getMsg HTTP/1.1" 200 27
180.152.240.15 - - [24/May/2023:11:25:59 +0800] "GET /xingrg/all/function/internal_message.html?_=1684898761424&CODE_STATE=getMsg HTTP/1.1" 200 27
180.169.147.146 - - [24/May/2023:11:25:59 +0800] "GET /xingrg/all/function/internal_message.html?_=1684898759673&CODE_STATE=getMsg HTTP/1.1" 200 27
116.232.195.127 - - [24/May/2023:11:26:03 +0800] "GET /xingrg/all/function/internal_message.html?_=1684898801727&CODE_STATE=getMsg HTTP/1.1" 200 27
101.83.145.52 - - [24/May/2023:11:26:04 +0800] "GET /xingrg/all/function/internal_message.html?_=1684898764776&CODE_STATE=getMsg HTTP/1.1" 200 27
218.81.78.189 - - [24/May/2023:11:26:04 +0800] "GET /xingrg/all/function/internal_message.html?_=1684898763668&CODE_STATE=getMsg HTTP/1.1" 200 27
116.237.73.194 - - [24/May/2023:11:26:06 +0800] "GET /xingrg/check_reg.html?_=1684898767751 HTTP/1.1" 200 22
116.237.73.194 - - [24/May/2023:11:26:06 +0800] "GET /xingrg/all/function/internal_message.html?_=1684898767754&CODE_STATE=getMsg HTTP/1.1" 200 27
222.70.178.80 - - [24/May/2023:11:26:06 +0800] "POST /xingrg/kc/base/wldb_order_operate.html HTTP/1.1" 200 37
222.70.178.80 - - [24/May/2023:11:26:07 +0800] "POST /xingrg/kc/base/wldb_order_operate.html HTTP/1.1" 200 3169
222.70.178.80 - - [24/May/2023:11:26:08 +0800] "GET /xingrg/kc/base/wldb_order_info.html?code=422023052401910 HTTP/1.1" 200 30396
222.70.178.80 - - [24/May/2023:11:26:09 +0800] "GET /xingrg/javascript/easyui/themes/default/validatebox.css HTTP/1.1" 404 1104
180.169.147.146 - - [24/May/2023:11:26:09 +0800] "GET /xingrg/all/function/internal_message.html?_=1684898769426&CODE_STATE=getMsg HTTP/1.1" 200 27
222.70.178.80 - - [24/May/2023:11:26:09 +0800] "POST /xingrg/kc/base/wldb_order_operate.html HTTP/1.1" 200 3169
222.70.178.80 - - [24/May/2023:11:26:11 +0800] "GET /xingrg/kc/base/wldb_order_add.html HTTP/1.1" 200 30381
222.70.178.80 - - [24/May/2023:11:26:11 +0800] "POST /xingrg/kc/base/wldb_order_operate.html HTTP/1.1" 200 6806
222.70.178.80 - - [24/May/2023:11:26:11 +0800] "GET /xingrg/javascript/easyui/themes/default/validatebox.css HTTP/1.1" 404 1104
222.67.238.82 - - [24/May/2023:11:26:12 +0800] "POST /xingrg/kc/buy/cgsh_order_operate.html HTTP/1.1" 200 37
222.70.172.86 - - [24/May/2023:11:26:14 +0800] "GET /xingrg/kc/buy/cgsh_order_operate.html?command=get_materiel&rest_code=00146&code=00101001156&supplier_code=00100312&order_time=2023-05-24 HTTP/1.1" 200 411
101.83.145.52 - - [24/May/2023:11:26:15 +0800] "GET /xingrg/kc/base/wldb_order_operate.html?command=get_materiel&rest_code=00105&base_code=0010508&code=00102002197 HTTP/1.1" 200 459
116.237.73.194 - - [24/May/2023:11:26:16 +0800] "POST /xingrg/kc/buy/cgsh_order_operate.html HTTP/1.1" 200 88
101.83.145.52 - - [24/May/2023:11:26:20 +0800] "POST /xingrg/kc/base/wldb_order_operate.html HTTP/1.1" 200 37
101.83.145.52 - - [24/May/2023:11:26:21 +0800] "GET /xingrg/all/function/internal_message.html?_=1684898613729&CODE_STATE=getMsg HTTP/1.1" 200 27
180.164.3.199 - - [24/May/2023:11:26:21 +0800] "GET /xingrg/all/function/internal_message.html?_=1684898781281&CODE_STATE=getMsg HTTP/1.1" 200 27
116.237.73.194 - - [24/May/2023:11:26:24 +0800] "POST /xingrg/kc/buy/cgsh_order_operate.html HTTP/1.1" 200 37
222.67.238.82 - - [24/May/2023:11:26:24 +0800] "POST /xingrg/kc/buy/cgsh_order_operate.html HTTP/1.1" 200 12
101.83.145.52 - - [24/May/2023:11:26:24 +0800] "POST /xingrg/kc/base/wldb_order_operate.html HTTP/1.1" 200 3662
222.70.178.80 - - [24/May/2023:11:26:24 +0800] "GET /xingrg/kc/base/wldb_order_operate.html?command=get_materiel&rest_code=00111&base_code=0010306&code=00102002453 HTTP/1.1" 200 435
116.237.73.194 - - [24/May/2023:11:26:27 +0800] "POST /xingrg/kc/buy/cgsh_order_operate.html HTTP/1.1" 200 2660
116.238.139.35 - - [24/May/2023:11:26:27 +0800] "GET /xingrg/all/function/internal_message.html?_=1684898785500&CODE_STATE=getMsg HTTP/1.1" 200 27
101.83.145.52 - - [24/May/2023:11:26:28 +0800] "GET /xingrg/kc/base/wldb_order_info.html?code=422023052401911 HTTP/1.1" 200 30398
101.83.145.52 - - [24/May/2023:11:26:28 +0800] "GET /xingrg/javascript/easyui/themes/default/validatebox.css HTTP/1.1" 404 1104
180.169.147.146 - - [24/May/2023:11:26:28 +0800] "GET /xingrg/check_reg.html?_=1684898789343 HTTP/1.1" 200 22
101.83.145.52 - - [24/May/2023:11:26:29 +0800] "POST /xingrg/kc/base/wldb_order_operate.html HTTP/1.1" 200 3662
222.67.238.82 - - [24/May/2023:11:26:30 +0800] "GET /xingrg/kc/buy/cgsh_order_info.html?code=212023052408878 HTTP/1.1" 200 66360
101.83.145.52 - - [24/May/2023:11:26:30 +0800] "GET /xingrg/kc/base/wldb_order_add.html HTTP/1.1" 200 30381
101.83.145.52 - - [24/May/2023:11:26:31 +0800] "POST /xingrg/kc/base/wldb_order_operate.html HTTP/1.1" 200 6806
222.67.238.82 - - [24/May/2023:11:26:31 +0800] "GET /xingrg/javascript/easyui/themes/default/validatebox.css HTTP/1.1" 404 1104
101.83.145.52 - - [24/May/2023:11:26:31 +0800] "GET /xingrg/javascript/easyui/themes/default/validatebox.css HTTP/1.1" 404 1104
101.83.145.52 - - [24/May/2023:11:26:31 +0800] "POST /xingrg/all/common/load_combo.html?type=base HTTP/1.1" 200 3409
222.70.172.86 - - [24/May/2023:11:26:31 +0800] "POST /xingrg/kc/buy/cgsh_order_operate.html HTTP/1.1" 200 37
222.67.238.82 - - [24/May/2023:11:26:32 +0800] "POST /xingrg/kc/buy/cgsh_order_operate.html HTTP/1.1" 200 604
116.228.172.94 - - [24/May/2023:11:26:33 +0800] "GET /xingrg/all/function/internal_message.html?_=1684898541123&CODE_STATE=getMsg HTTP/1.1" 200 27
116.228.172.94 - - [24/May/2023:11:26:33 +0800] "GET /xingrg/check_reg.html?_=1684898541126 HTTP/1.1" 200 22
101.83.145.52 - - [24/May/2023:11:26:34 +0800] "GET /xingrg/kc/base/wldb_order_operate.html?command=get_materiel&rest_code=00105&base_code=0010507&code=00101019184 HTTP/1.1" 200 458
222.70.178.80 - - [24/May/2023:11:26:36 +0800] "GET /xingrg/all/function/internal_message.html?_=1684898797131&CODE_STATE=getMsg HTTP/1.1" 200 27
222.67.238.82 - - [24/May/2023:11:26:37 +0800] "GET /xingrg/kc/print/load_data.html?order_code=212023052408878&kc_code=cgsh&condition= HTTP/1.1" 200 702
116.238.139.35 - - [24/May/2023:11:26:37 +0800] "GET /xingrg/all/function/internal_message.html?_=1684898713138&CODE_STATE=getMsg HTTP/1.1" 200 27
116.237.73.194 - - [24/May/2023:11:26:37 +0800] "POST /xingrg/kc/buy/cgsh_order_operate.html HTTP/1.1" 200 37
114.83.218.112 - - [24/May/2023:11:26:39 +0800] "GET /xingrg/all/function/internal_message.html?_=1684898796518&CODE_STATE=getMsg HTTP/1.1" 200 27
101.83.145.52 - - [24/May/2023:11:26:39 +0800] "GET /xingrg/kc/base/wldb_order_operate.html?command=get_materiel&rest_code=00105&base_code=0010508&code=00102002204 HTTP/1.1" 200 448
222.70.172.86 - - [24/May/2023:11:26:43 +0800] "POST /xingrg/kc/buy/cgsh_order_operate.html HTTP/1.1" 200 2655
116.237.73.194 - - [24/May/2023:11:26:44 +0800] "POST /xingrg/kc/buy/cgsh_order_operate.html HTTP/1.1" 200 12
101.83.145.52 - - [24/May/2023:11:26:45 +0800] "GET /xingrg/kc/base/wldb_order_operate.html?command=get_materiel&rest_code=00105&base_code=0010507&code=00101019390 HTTP/1.1" 200 469
172.20.0.100 - - [24/May/2023:11:26:45 +0800] "GET /xingrg/all/function/internal_message.html?_=1684898812641&CODE_STATE=getMsg HTTP/1.1" 200 27
222.67.238.82 - - [24/May/2023:11:26:45 +0800] "GET /xingrg/kc/buy/cgsh_order_add.html HTTP/1.1" 200 71451
222.70.172.86 - - [24/May/2023:11:26:45 +0800] "GET /xingrg/all/function/internal_message.html?_=1684898815607&CODE_STATE=getMsg HTTP/1.1" 200 27
222.67.238.82 - - [24/May/2023:11:26:46 +0800] "POST /xingrg/kc/buy/cgsh_order_operate.html HTTP/1.1" 200 8245
222.67.238.82 - - [24/May/2023:11:26:46 +0800] "GET /xingrg/javascript/easyui/themes/default/validatebox.css HTTP/1.1" 404 1104
116.237.73.194 - - [24/May/2023:11:26:47 +0800] "GET /xingrg/kc/buy/cgsh_order_info.html?code=212023052408880 HTTP/1.1" 200 66356
116.237.73.194 - - [24/May/2023:11:26:47 +0800] "GET /xingrg/javascript/easyui/themes/default/validatebox.css HTTP/1.1" 404 1104
222.70.172.86 - - [24/May/2023:11:26:48 +0800] "GET /xingrg/kc/print/load_data.html?order_code=212023052408881&kc_code=cgsh&condition= HTTP/1.1" 200 676
116.237.73.194 - - [24/May/2023:11:26:48 +0800] "POST /xingrg/kc/buy/cgsh_order_operate.html HTTP/1.1" 200 610
101.83.145.52 - - [24/May/2023:11:26:49 +0800] "GET /xingrg/kc/base/wldb_order_operate.html?command=get_materiel&rest_code=00105&base_code=0010508&code=00102002304 HTTP/1.1" 200 464
116.237.73.194 - - [24/May/2023:11:26:51 +0800] "GET /xingrg/kc/print/load_data.html?order_code=212023052408880&kc_code=cgsh&condition= HTTP/1.1" 200 753
116.237.73.194 - - [24/May/2023:11:26:53 +0800] "GET /xingrg/kc/buy/cgsh_order_info.html?code=212023052408814 HTTP/1.1" 200 66362
222.67.238.82 - - [24/May/2023:11:26:53 +0800] "GET /xingrg/kc/buy/cgsh_order_operate.html?command=get_materiel&rest_code=00141&code=00101001037&supplier_code=00100090&order_time=2023-05-24 HTTP/1.1" 200 418
124.79.240.114 - - [24/May/2023:11:26:54 +0800] "GET /xingrg/all/function/internal_message.html?_=1684899092956&CODE_STATE=getMsg HTTP/1.1" 200 27
116.237.73.194 - - [24/May/2023:11:26:55 +0800] "GET /xingrg/javascript/easyui/themes/default/validatebox.css HTTP/1.1" 404 1104
101.83.145.52 - - [24/May/2023:11:26:56 +0800] "POST /xingrg/kc/base/wldb_order_operate.html HTTP/1.1" 200 37
116.237.73.194 - - [24/May/2023:11:26:57 +0800] "POST /xingrg/kc/buy/cgsh_order_operate.html HTTP/1.1" 200 25417
101.83.145.52 - - [24/May/2023:11:26:58 +0800] "POST /xingrg/kc/base/wldb_order_operate.html HTTP/1.1" 200 5225
222.69.129.217 - - [24/May/2023:11:26:58 +0800] "GET /xingrg/all/function/internal_message.html?_=1684898916715&CODE_STATE=getMsg HTTP/1.1" 200 27
116.232.195.127 - - [24/May/2023:11:26:59 +0800] "GET /xingrg/check_reg.html?_=1684898819026 HTTP/1.1" 200 22
116.232.195.127 - - [24/May/2023:11:26:59 +0800] "GET /xingrg/all/function/internal_message.html?_=1684898819024&CODE_STATE=getMsg HTTP/1.1" 200 27
101.83.145.52 - - [24/May/2023:11:26:59 +0800] "POST /xingrg/kc/base/wldb_order_operate.html HTTP/1.1" 200 64
180.152.240.15 - - [24/May/2023:11:26:59 +0800] "GET /xingrg/all/function/internal_message.html?_=1684898821398&CODE_STATE=getMsg HTTP/1.1" 200 27
101.83.145.52 - - [24/May/2023:11:26:59 +0800] "GET /xingrg/kc/base/wldb_order_info.html?code=422023052401913 HTTP/1.1" 200 30395
222.70.172.86 - - [24/May/2023:11:26:59 +0800] "GET /xingrg/kc/buy/cgsh_order_add.html HTTP/1.1" 200 71451
180.169.147.146 - - [24/May/2023:11:26:59 +0800] "GET /xingrg/all/function/internal_message.html?_=1684898819684&CODE_STATE=getMsg HTTP/1.1" 200 27
101.83.145.52 - - [24/May/2023:11:27:00 +0800] "GET /xingrg/javascript/easyui/themes/default/validatebox.css HTTP/1.1" 404 1104
101.83.145.52 - - [24/May/2023:11:27:01 +0800] "POST /xingrg/kc/base/wldb_order_operate.html HTTP/1.1" 200 5225
180.152.240.15 - - [24/May/2023:11:27:01 +0800] "GET /xingrg/check_reg.html?_=1684898823048 HTTP/1.1" 200 22
222.70.172.86 - - [24/May/2023:11:27:01 +0800] "POST /xingrg/kc/buy/cgsh_order_operate.html HTTP/1.1" 200 8245
222.70.172.86 - - [24/May/2023:11:27:01 +0800] "GET /xingrg/javascript/easyui/themes/default/validatebox.css HTTP/1.1" 404 1104
116.237.73.194 - - [24/May/2023:11:27:01 +0800] "GET /xingrg/kc/print/load_data.html?order_code=212023052408814&kc_code=cgsh&condition= HTTP/1.1" 200 10131
116.232.195.127 - - [24/May/2023:11:27:03 +0800] "GET /xingrg/all/function/internal_message.html?_=1684898861727&CODE_STATE=getMsg HTTP/1.1" 200 27
101.83.145.52 - - [24/May/2023:11:27:04 +0800] "GET /xingrg/all/function/internal_message.html?_=1684898824769&CODE_STATE=getMsg HTTP/1.1" 200 27
218.81.78.189 - - [24/May/2023:11:27:04 +0800] "GET /xingrg/all/function/internal_message.html?_=1684898823653&CODE_STATE=getMsg HTTP/1.1" 200 27
101.83.145.52 - - [24/May/2023:11:27:05 +0800] "POST /xingrg/kc/base/wldb_order_operate.html HTTP/1.1" 200 37
116.237.73.194 - - [24/May/2023:11:27:06 +0800] "GET /xingrg/all/function/internal_message.html?_=1684898827754&CODE_STATE=getMsg HTTP/1.1" 200 27
101.83.145.52 - - [24/May/2023:11:27:06 +0800] "POST /xingrg/kc/base/wldb_order_operate.html HTTP/1.1" 200 2696
101.83.145.52 - - [24/May/2023:11:27:07 +0800] "GET /xingrg/kc/base/wldb_order_info.html?code=422023052401914 HTTP/1.1" 200 30395
101.83.145.52 - - [24/May/2023:11:27:08 +0800] "GET /xingrg/javascript/easyui/themes/default/validatebox.css HTTP/1.1" 404 1104
101.83.145.52 - - [24/May/2023:11:27:09 +0800] "POST /xingrg/kc/base/wldb_order_operate.html HTTP/1.1" 200 2696
180.169.147.146 - - [24/May/2023:11:27:09 +0800] "GET /xingrg/all/function/internal_message.html?_=1684898829430&CODE_STATE=getMsg HTTP/1.1" 200 27
180.169.147.146 - - [24/May/2023:11:27:09 +0800] "GET /xingrg/check_reg.html?_=1684898829432 HTTP/1.1" 200 22
101.83.145.52 - - [24/May/2023:11:27:10 +0800] "GET /xingrg/kc/base/wldb_order_add.html HTTP/1.1" 200 30381
101.83.145.52 - - [24/May/2023:11:27:10 +0800] "POST /xingrg/kc/base/wldb_order_operate.html HTTP/1.1" 200 6806
101.83.145.52 - - [24/May/2023:11:27:11 +0800] "GET /xingrg/javascript/easyui/themes/default/validatebox.css HTTP/1.1" 404 1104
116.237.73.194 - - [24/May/2023:11:27:11 +0800] "GET /xingrg/kc/print/load_data.html?order_code=212023052408814&kc_code=cgsh HTTP/1.1" 200 10131
101.83.145.52 - - [24/May/2023:11:27:11 +0800] "POST /xingrg/all/common/load_combo.html?type=base HTTP/1.1" 200 3409
180.164.3.199 - - [24/May/2023:11:27:11 +0800] "GET /xingrg/check_reg.html?_=1684898831626 HTTP/1.1" 200 22
120.253.135.82 - - [24/May/2023:11:27:17 +0800] "GET /xingrg/check_reg.html?_=1684898674246 HTTP/1.1" 200 22
101.83.145.52 - - [24/May/2023:11:27:20 +0800] "GET /xingrg/kc/base/wldb_order_operate.html?command=get_materiel&rest_code=00105&base_code=0010508&code=00102002439 HTTP/1.1" 200 472
222.70.178.80 - - [24/May/2023:11:27:20 +0800] "GET /xingrg/kc/base/wldb_order_operate.html?command=get_materiel&rest_code=00111&base_code=0010306&code=00102002586 HTTP/1.1" 200 438
101.83.145.52 - - [24/May/2023:11:27:21 +0800] "GET /xingrg/all/function/internal_message.html?_=1684898673731&CODE_STATE=getMsg HTTP/1.1" 200 27
180.164.3.199 - - [24/May/2023:11:27:21 +0800] "GET /xingrg/all/function/internal_message.html?_=1684898841266&CODE_STATE=getMsg HTTP/1.1" 200 27
101.83.145.52 - - [24/May/2023:11:27:26 +0800] "GET /xingrg/kc/base/wldb_order_operate.html?command=get_materiel&rest_code=00105&base_code=0010508&code=00102002258 HTTP/1.1" 200 447
101.83.145.52 - - [24/May/2023:11:27:26 +0800] "GET /xingrg/kc/base/wldb_order_add.html HTTP/1.1" 200 30381
101.83.145.52 - - [24/May/2023:11:27:27 +0800] "POST /xingrg/kc/base/wldb_order_operate.html HTTP/1.1" 200 6806
101.83.145.52 - - [24/May/2023:11:27:27 +0800] "GET /xingrg/javascript/easyui/themes/default/validatebox.css HTTP/1.1" 404 1104
116.238.139.35 - - [24/May/2023:11:27:27 +0800] "GET /xingrg/all/function/internal_message.html?_=1684898845484&CODE_STATE=getMsg HTTP/1.1" 200 27
101.83.145.52 - - [24/May/2023:11:27:32 +0800] "POST /xingrg/kc/base/wldb_order_operate.html HTTP/1.1" 200 37
222.70.178.80 - - [24/May/2023:11:27:33 +0800] "GET /xingrg/kc/base/wldb_order_operate.html?command=get_materiel&rest_code=00111&base_code=0010306&code=00102002238 HTTP/1.1" 200 434
116.228.172.94 - - [24/May/2023:11:27:33 +0800] "GET /xingrg/all/function/internal_message.html?_=1684898601126&CODE_STATE=getMsg HTTP/1.1" 200 27
101.83.145.52 - - [24/May/2023:11:27:33 +0800] "POST /xingrg/kc/base/wldb_order_operate.html HTTP/1.1" 200 2691
222.67.238.82 - - [24/May/2023:11:27:34 +0800] "GET /xingrg/kc/buy/cgsh_order_operate.html?command=get_materiel&rest_code=00141&code=00101001140&supplier_code=00100090&order_time=2023-05-24 HTTP/1.1" 200 415
222.70.178.80 - - [24/May/2023:11:27:36 +0800] "GET /xingrg/all/function/internal_message.html?_=1684898857107&CODE_STATE=getMsg HTTP/1.1" 200 27
116.238.139.35 - - [24/May/2023:11:27:37 +0800] "GET /xingrg/all/function/internal_message.html?_=1684898773153&CODE_STATE=getMsg HTTP/1.1" 200 27
114.83.218.112 - - [24/May/2023:11:27:39 +0800] "GET /xingrg/all/function/internal_message.html?_=1684898856515&CODE_STATE=getMsg HTTP/1.1" 200 27
222.70.178.80 - - [24/May/2023:11:27:39 +0800] "GET /xingrg/kc/base/wldb_order_operate.html?command=get_materiel&rest_code=00111&base_code=0010306&code=00102002163 HTTP/1.1" 200 435
116.237.73.194 - - [24/May/2023:11:27:39 +0800] "GET /xingrg/all/function/internal_message.html?_=1684898852963&CODE_STATE=getMsg HTTP/1.1" 200 27
101.83.145.52 - - [24/May/2023:11:27:40 +0800] "GET /xingrg/kc/base/wldb_order_info.html?code=422023052401915 HTTP/1.1" 200 30395
114.83.218.112 - - [24/May/2023:11:27:41 +0800] "GET /xingrg/check_reg.html?_=1684898858576 HTTP/1.1" 200 22
101.83.145.52 - - [24/May/2023:11:27:41 +0800] "GET /xingrg/javascript/easyui/themes/default/validatebox.css HTTP/1.1" 404 1104
101.83.145.52 - - [24/May/2023:11:27:42 +0800] "POST /xingrg/kc/base/wldb_order_operate.html HTTP/1.1" 200 2691
116.238.139.35 - - [24/May/2023:11:27:42 +0800] "GET /xingrg/javascript/jquery_easy_ui/themes/default/images/tabs_active.png HTTP/1.1" 304 -
222.67.238.82 - - [24/May/2023:11:27:42 +0800] "GET /xingrg/kc/buy/cgsh_order_operate.html?command=get_materiel&rest_code=00141&code=00101004104&supplier_code=00100090&order_time=2023-05-24 HTTP/1.1" 200 408
116.238.139.35 - - [24/May/2023:11:27:44 +0800] "GET /xingrg/check_reg.html?_=1684898862849 HTTP/1.1" 200 22
172.20.0.100 - - [24/May/2023:11:27:45 +0800] "GET /xingrg/all/function/internal_message.html?_=1684898872640&CODE_STATE=getMsg HTTP/1.1" 200 27
172.20.0.100 - - [24/May/2023:11:27:45 +0800] "GET /xingrg/check_reg.html?_=1684898872641 HTTP/1.1" 200 22
222.70.172.86 - - [24/May/2023:11:27:45 +0800] "GET /xingrg/all/function/internal_message.html?_=1684898875620&CODE_STATE=getMsg HTTP/1.1" 200 27
101.83.145.52 - - [24/May/2023:11:27:46 +0800] "GET /xingrg/kc/base/wldb_order_add.html HTTP/1.1" 200 30381
101.83.145.52 - - [24/May/2023:11:27:47 +0800] "GET /xingrg/javascript/easyui/themes/default/validatebox.css HTTP/1.1" 404 1104
101.83.145.52 - - [24/May/2023:11:27:47 +0800] "POST /xingrg/kc/base/wldb_order_operate.html HTTP/1.1" 200 6806
222.70.178.80 - - [24/May/2023:11:27:47 +0800] "POST /xingrg/kc/base/wldb_order_operate.html HTTP/1.1" 200 37
101.83.145.52 - - [24/May/2023:11:27:47 +0800] "POST /xingrg/all/common/load_combo.html?type=base HTTP/1.1" 200 3409
222.70.178.80 - - [24/May/2023:11:27:48 +0800] "POST /xingrg/kc/base/wldb_order_operate.html HTTP/1.1" 200 3609
180.163.28.55 - - [24/May/2023:11:27:51 +0800] "GET /xingrg/kc/buy/cgsh_order_info.html?code=212023052408814 HTTP/1.1" 302 -
180.163.28.55 - - [24/May/2023:11:27:51 +0800] "GET /xingrg/login.html HTTP/1.1" 200 7641
116.228.172.94 - - [24/May/2023:11:27:51 +0800] "POST /xingrg/kc/buy/cgsh_list_operate.html HTTP/1.1" 200 2705
222.70.178.80 - - [24/May/2023:11:27:51 +0800] "GET /xingrg/kc/base/wldb_order_info.html?code=422023052401916 HTTP/1.1" 200 30396
222.70.178.80 - - [24/May/2023:11:27:52 +0800] "GET /xingrg/javascript/easyui/themes/default/validatebox.css HTTP/1.1" 404 1104
222.67.238.82 - - [24/May/2023:11:27:52 +0800] "GET /xingrg/kc/buy/cgsh_order_operate.html?command=get_materiel&rest_code=00141&code=00101004065&supplier_code=00100090&order_time=2023-05-24 HTTP/1.1" 200 413
