222.67.238.82 - - [24/May/2023:09:21:57 +0800] "POST /xingrg/kc/buy/cgsh_list_operate.html HTTP/1.1" 200 6094
180.152.240.15 - - [24/May/2023:09:21:58 +0800] "GET /xingrg/javascript/jquery_easy_ui/themes/default/images/button_plain_hover.png HTTP/1.1" 200 252
114.83.218.112 - - [24/May/2023:09:21:59 +0800] "GET /xingrg/kc/buy/cgsh_order_operate.html?command=get_materiel&rest_code=00149&code=00101009118&supplier_code=00100201&order_time=2023-05-24 HTTP/1.1" 200 406
180.169.147.146 - - [24/May/2023:09:21:59 +0800] "GET /xingrg/all/function/internal_message.html?_=1684891319609&CODE_STATE=getMsg HTTP/1.1" 200 27
120.253.135.82 - - [24/May/2023:09:22:00 +0800] "GET /xingrg/all/function/internal_message.html?_=1684891459751&CODE_STATE=getMsg HTTP/1.1" 200 27
180.152.240.15 - - [24/May/2023:09:22:01 +0800] "GET /xingrg/check_reg.html?_=1684891323324 HTTP/1.1" 200 22
180.152.240.15 - - [24/May/2023:09:22:01 +0800] "GET /xingrg/all/function/internal_message.html?_=1684891323325&CODE_STATE=getMsg HTTP/1.1" 200 27
222.67.238.82 - - [24/May/2023:09:22:01 +0800] "POST /xingrg/kc/buy/cgsh_list_operate.html HTTP/1.1" 200 598
180.164.3.199 - - [24/May/2023:09:22:11 +0800] "GET /xingrg/check_reg.html?_=1684891331621 HTTP/1.1" 200 22
180.164.3.199 - - [24/May/2023:09:22:11 +0800] "GET /xingrg/all/function/internal_message.html?_=1684891331623&CODE_STATE=getMsg HTTP/1.1" 200 27
116.232.195.127 - - [24/May/2023:09:22:14 +0800] "GET /xingrg/all/function/internal_message.html?_=1684891373327&CODE_STATE=getMsg HTTP/1.1" 200 27
101.83.145.52 - - [24/May/2023:09:22:14 +0800] "GET /xingrg/all/function/internal_message.html?_=1684891334963&CODE_STATE=getMsg HTTP/1.1" 200 27
222.70.178.80 - - [24/May/2023:09:22:15 +0800] "POST /xingrg/kc/buy/cgsh_order_operate.html HTTP/1.1" 200 37
222.70.178.80 - - [24/May/2023:09:22:17 +0800] "POST /xingrg/kc/buy/cgsh_order_operate.html HTTP/1.1" 200 38166
222.67.238.82 - - [24/May/2023:09:22:17 +0800] "GET /xingrg/check_reg.html?_=1684890849167 HTTP/1.1" 200 22
222.67.238.82 - - [24/May/2023:09:22:17 +0800] "GET /xingrg/all/function/internal_message.html?_=1684890849169&CODE_STATE=getMsg HTTP/1.1" 200 27
222.70.178.80 - - [24/May/2023:09:22:18 +0800] "GET /xingrg/kc/print/load_config.html?kc_code=cgsh HTTP/1.1" 200 1924
222.70.178.80 - - [24/May/2023:09:22:19 +0800] "GET /xingrg/kc/print/load_data.html?order_code=212023052408780&kc_code=cgsh&condition= HTTP/1.1" 200 14142
116.237.73.194 - - [24/May/2023:09:22:19 +0800] "GET /xingrg/all/function/internal_message.html?_=1684891332980&CODE_STATE=getMsg HTTP/1.1" 200 27
180.152.240.15 - - [24/May/2023:09:22:20 +0800] "GET /xingrg/kc/buy/cgsh_order_operate.html?command=get_materiel&rest_code=00102&code=00101007095&supplier_code=00100096&order_time=2023-05-24 HTTP/1.1" 200 417
101.83.145.52 - - [24/May/2023:09:22:20 +0800] "GET /xingrg/all/function/internal_message.html?_=1684891173543&CODE_STATE=getMsg HTTP/1.1" 200 27
116.237.73.194 - - [24/May/2023:09:22:27 +0800] "POST /xingrg/services/DataTransmitService HTTP/1.1" 200 524
116.238.139.35 - - [24/May/2023:09:22:29 +0800] "GET /xingrg/all/function/internal_message.html?_=1684891347387&CODE_STATE=getMsg HTTP/1.1" 200 27
114.83.218.112 - - [24/May/2023:09:22:38 +0800] "POST /xingrg/kc/buy/cgsh_order_operate.html HTTP/1.1" 200 37
116.238.139.35 - - [24/May/2023:09:22:43 +0800] "GET /xingrg/all/function/internal_message.html?_=1684891278396&CODE_STATE=getMsg HTTP/1.1" 200 27
116.238.139.35 - - [24/May/2023:09:22:44 +0800] "GET /xingrg/check_reg.html?_=1684891362739 HTTP/1.1" 200 22
172.20.0.100 - - [24/May/2023:09:22:45 +0800] "GET /xingrg/check_reg.html?_=1684891372550 HTTP/1.1" 200 22
172.20.0.100 - - [24/May/2023:09:22:45 +0800] "GET /xingrg/all/function/internal_message.html?_=1684891372551&CODE_STATE=getMsg HTTP/1.1" 200 27
222.70.172.86 - - [24/May/2023:09:22:46 +0800] "GET /xingrg/all/function/internal_message.html?_=1684891375514&CODE_STATE=getMsg HTTP/1.1" 200 27
180.152.240.15 - - [24/May/2023:09:22:50 +0800] "GET /xingrg/kc/buy/cgsh_order_operate.html?command=get_materiel&rest_code=00102&code=00101007061&supplier_code=00100096&order_time=2023-05-24 HTTP/1.1" 200 409
222.70.178.80 - - [24/May/2023:09:22:52 +0800] "GET /xingrg/all/function/internal_message.html?_=1684891372265&CODE_STATE=getMsg HTTP/1.1" 200 27
114.83.218.112 - - [24/May/2023:09:22:53 +0800] "POST /xingrg/kc/buy/cgsh_order_operate.html HTTP/1.1" 200 12
114.83.218.112 - - [24/May/2023:09:22:58 +0800] "GET /xingrg/kc/buy/cgsh_order_info.html?code=212023052408781 HTTP/1.1" 200 66448
114.83.218.112 - - [24/May/2023:09:22:58 +0800] "GET /xingrg/javascript/easyui/themes/default/validatebox.css HTTP/1.1" 404 1104
114.83.218.112 - - [24/May/2023:09:22:59 +0800] "POST /xingrg/kc/buy/cgsh_order_operate.html HTTP/1.1" 200 2366
180.169.147.146 - - [24/May/2023:09:22:59 +0800] "GET /xingrg/check_reg.html?_=1684891379610 HTTP/1.1" 200 22
180.169.147.146 - - [24/May/2023:09:22:59 +0800] "GET /xingrg/all/function/internal_message.html?_=1684891379611&CODE_STATE=getMsg HTTP/1.1" 200 27
120.253.135.82 - - [24/May/2023:09:23:00 +0800] "GET /xingrg/all/function/internal_message.html?_=1684891519755&CODE_STATE=getMsg HTTP/1.1" 200 27
180.152.240.15 - - [24/May/2023:09:23:01 +0800] "GET /xingrg/all/function/internal_message.html?_=1684891383341&CODE_STATE=getMsg HTTP/1.1" 200 27
180.152.240.15 - - [24/May/2023:09:23:01 +0800] "GET /xingrg/kc/buy/cgsh_order_operate.html?command=get_materiel&rest_code=00102&code=00101007049&supplier_code=00100096&order_time=2023-05-24 HTTP/1.1" 200 409
114.83.218.112 - - [24/May/2023:09:23:04 +0800] "GET /xingrg/kc/print/load_data.html?order_code=212023052408781&kc_code=cgsh&condition= HTTP/1.1" 200 1375
180.164.3.199 - - [24/May/2023:09:23:11 +0800] "GET /xingrg/all/function/internal_message.html?_=1684891391620&CODE_STATE=getMsg HTTP/1.1" 200 27
222.67.238.82 - - [24/May/2023:09:23:13 +0800] "POST /xingrg/kc/buy/cgsh_list_operate.html HTTP/1.1" 200 6227
116.232.195.127 - - [24/May/2023:09:23:14 +0800] "GET /xingrg/all/function/internal_message.html?_=1684891433324&CODE_STATE=getMsg HTTP/1.1" 200 27
101.83.145.52 - - [24/May/2023:09:23:14 +0800] "GET /xingrg/all/function/internal_message.html?_=1684891394959&CODE_STATE=getMsg HTTP/1.1" 200 27
180.169.147.146 - - [24/May/2023:09:23:15 +0800] "GET /favicon.ico HTTP/1.1" 404 -
222.67.238.82 - - [24/May/2023:09:23:17 +0800] "GET /xingrg/all/function/internal_message.html?_=1684890909189&CODE_STATE=getMsg HTTP/1.1" 200 27
116.237.73.194 - - [24/May/2023:09:23:19 +0800] "GET /xingrg/all/function/internal_message.html?_=1684891392953&CODE_STATE=getMsg HTTP/1.1" 200 27
101.83.145.52 - - [24/May/2023:09:23:20 +0800] "GET /xingrg/all/function/internal_message.html?_=1684891233542&CODE_STATE=getMsg HTTP/1.1" 200 27
222.70.178.80 - - [24/May/2023:09:23:25 +0800] "GET /xingrg/kc/buy/cgsh_order_add.html HTTP/1.1" 200 71407
222.70.178.80 - - [24/May/2023:09:23:25 +0800] "POST /xingrg/kc/buy/cgsh_order_operate.html HTTP/1.1" 200 8245
222.70.178.80 - - [24/May/2023:09:23:25 +0800] "GET /xingrg/javascript/easyui/themes/default/validatebox.css HTTP/1.1" 404 1104
116.238.139.35 - - [24/May/2023:09:23:29 +0800] "GET /xingrg/all/function/internal_message.html?_=1684891407373&CODE_STATE=getMsg HTTP/1.1" 200 27
180.152.240.15 - - [24/May/2023:09:23:32 +0800] "GET /xingrg/kc/buy/cgsh_order_operate.html?command=get_materiel&rest_code=00102&code=00101006065&supplier_code=00100096&order_time=2023-05-24 HTTP/1.1" 200 411
101.83.145.52 - - [24/May/2023:09:23:37 +0800] "GET /xingrg/javascript/auto/indicator.gif HTTP/1.1" 404 1066
222.70.178.80 - - [24/May/2023:09:23:38 +0800] "GET /xingrg/kc/buy/cgsh_order_operate.html?command=get_materiel&rest_code=00111&code=00101006129&supplier_code=00100012&order_time=2023-05-24 HTTP/1.1" 200 431
222.67.238.82 - - [24/May/2023:09:23:39 +0800] "POST /xingrg/kc/buy/cgsh_list_operate.html HTTP/1.1" 200 6094
114.83.218.112 - - [24/May/2023:09:23:41 +0800] "GET /xingrg/all/function/internal_message.html?_=1684891418658&CODE_STATE=getMsg HTTP/1.1" 200 27
116.238.139.35 - - [24/May/2023:09:23:43 +0800] "GET /xingrg/all/function/internal_message.html?_=1684891338590&CODE_STATE=getMsg HTTP/1.1" 200 27
180.152.240.15 - - [24/May/2023:09:23:44 +0800] "GET /xingrg/kc/buy/cgsh_order_operate.html?command=get_materiel&rest_code=00102&code=00101006055&supplier_code=00100096&order_time=2023-05-24 HTTP/1.1" 200 430
172.20.0.100 - - [24/May/2023:09:23:45 +0800] "GET /xingrg/all/function/internal_message.html?_=1684891432549&CODE_STATE=getMsg HTTP/1.1" 200 27
222.70.172.86 - - [24/May/2023:09:23:46 +0800] "GET /xingrg/all/function/internal_message.html?_=1684891435933&CODE_STATE=getMsg HTTP/1.1" 200 27
101.83.145.52 - - [24/May/2023:09:23:48 +0800] "POST /xingrg/kc/buy/cgsh_list_operate.html HTTP/1.1" 200 5434
222.69.129.217 - - [24/May/2023:09:23:51 +0800] "GET /xingrg/login.html HTTP/1.1" 200 7641
222.70.178.80 - - [24/May/2023:09:23:52 +0800] "GET /xingrg/check_reg.html?_=1684891432285 HTTP/1.1" 200 22
222.70.178.80 - - [24/May/2023:09:23:52 +0800] "GET /xingrg/all/function/internal_message.html?_=1684891432287&CODE_STATE=getMsg HTTP/1.1" 200 27
222.69.129.217 - - [24/May/2023:09:23:52 +0800] "GET /favicon.ico HTTP/1.1" 404 -
222.70.178.80 - - [24/May/2023:09:23:53 +0800] "GET /xingrg/kc/buy/cgsh_order_operate.html?command=get_materiel&rest_code=00111&code=00101006111&supplier_code=00100012&order_time=2023-05-24 HTTP/1.1" 200 409
222.69.129.217 - - [24/May/2023:09:23:55 +0800] "POST /xingrg/login.do HTTP/1.1" 302 -
222.69.129.217 - - [24/May/2023:09:23:56 +0800] "GET /xingrg/index.html?sysBaseUrl=http%3A%2F%2F180.169.147.146%3A18081%2Fxingrg%2F&costTime=948×tamp=1684891435924 HTTP/1.1" 200 17179
222.69.129.217 - - [24/May/2023:09:23:56 +0800] "GET /favicon.ico HTTP/1.1" 404 -
222.69.129.217 - - [24/May/2023:09:23:56 +0800] "POST /xingrg/all/common/load_tree.html?tree=area_rest_tree_json&manage=1 HTTP/1.1" 200 351
222.69.129.217 - - [24/May/2023:09:23:56 +0800] "GET /xingrg/check_reg.html?_=1684891533906 HTTP/1.1" 200 22
222.69.129.217 - - [24/May/2023:09:23:56 +0800] "GET /xingrg/all/function/internal_message.html?_=1684891533903&CODE_STATE=count HTTP/1.1" 200 11
222.69.129.217 - - [24/May/2023:09:23:56 +0800] "POST /xingrg/load_menu.html HTTP/1.1" 200 5138
180.169.147.146 - - [24/May/2023:09:23:59 +0800] "GET /xingrg/all/function/internal_message.html?_=1684891439611&CODE_STATE=getMsg HTTP/1.1" 200 27
222.69.129.217 - - [24/May/2023:09:24:00 +0800] "GET /xingrg/kc/buy/cgsh_order_list.html HTTP/1.1" 200 55675
120.253.135.82 - - [24/May/2023:09:24:00 +0800] "GET /xingrg/all/function/internal_message.html?_=1684891579760&CODE_STATE=getMsg HTTP/1.1" 200 27
180.152.240.15 - - [24/May/2023:09:24:01 +0800] "GET /xingrg/all/function/internal_message.html?_=1684891443324&CODE_STATE=getMsg HTTP/1.1" 200 27
222.70.172.86 - - [24/May/2023:09:24:02 +0800] "GET /xingrg/kc/buy/cgsh_order_add.html HTTP/1.1" 200 71451
222.70.172.86 - - [24/May/2023:09:24:02 +0800] "POST /xingrg/kc/buy/cgsh_order_operate.html HTTP/1.1" 200 8245
222.70.172.86 - - [24/May/2023:09:24:03 +0800] "GET /xingrg/javascript/easyui/themes/default/validatebox.css HTTP/1.1" 404 1104
180.152.240.15 - - [24/May/2023:09:24:05 +0800] "POST /xingrg/kc/buy/cgsh_order_operate.html HTTP/1.1" 200 37
180.152.240.15 - - [24/May/2023:09:24:07 +0800] "POST /xingrg/kc/buy/cgsh_order_operate.html HTTP/1.1" 200 7386
222.69.129.217 - - [24/May/2023:09:24:10 +0800] "POST /xingrg/kc/buy/cgsh_list_operate.html HTTP/1.1" 200 2686
120.253.135.82 - - [24/May/2023:09:24:10 +0800] "GET /xingrg/kc/pszx/mdps_order_add.html HTTP/1.1" 200 29101
120.253.135.82 - - [24/May/2023:09:24:10 +0800] "GET /xingrg/words/20230523165722_words.js HTTP/1.1" 304 -
120.253.135.82 - - [24/May/2023:09:24:10 +0800] "POST /xingrg/kc/pszx/mdps_order_operate.html HTTP/1.1" 200 7126
120.253.135.82 - - [24/May/2023:09:24:10 +0800] "GET /xingrg/javascript/easyui/themes/default/validatebox.css HTTP/1.1" 404 1104
120.253.135.82 - - [24/May/2023:09:24:10 +0800] "GET /xingrg/all/common/auto_word.html?type=base&rest_code=00101 HTTP/1.1" 200 671
180.164.3.199 - - [24/May/2023:09:24:11 +0800] "GET /xingrg/all/function/internal_message.html?_=1684891451615&CODE_STATE=getMsg HTTP/1.1" 200 27
222.69.129.217 - - [24/May/2023:09:24:12 +0800] "GET /xingrg/kc/base/wldb_order_list.html HTTP/1.1" 200 19104
120.253.135.82 - - [24/May/2023:09:24:12 +0800] "POST /xingrg/all/common/load_combo.html?type=base HTTP/1.1" 200 1169
222.69.129.217 - - [24/May/2023:09:24:13 +0800] "POST /xingrg/kc/base/wldb_list_operate.html HTTP/1.1" 200 928
116.232.195.127 - - [24/May/2023:09:24:14 +0800] "GET /xingrg/all/function/internal_message.html?_=1684891493342&CODE_STATE=getMsg HTTP/1.1" 200 27
116.232.195.127 - - [24/May/2023:09:24:14 +0800] "GET /xingrg/check_reg.html?_=1684891493343 HTTP/1.1" 200 22
101.83.145.52 - - [24/May/2023:09:24:14 +0800] "GET /xingrg/all/function/internal_message.html?_=1684891454955&CODE_STATE=getMsg HTTP/1.1" 200 27
222.69.129.217 - - [24/May/2023:09:24:15 +0800] "GET /xingrg/kc/base/wldb_order_add.html HTTP/1.1" 200 30387
222.69.129.217 - - [24/May/2023:09:24:15 +0800] "GET /xingrg/words/20230523165722_words.js HTTP/1.1" 304 -
222.69.129.217 - - [24/May/2023:09:24:15 +0800] "POST /xingrg/kc/base/wldb_order_operate.html HTTP/1.1" 200 6806
222.69.129.217 - - [24/May/2023:09:24:15 +0800] "GET /xingrg/all/common/auto_word.html?type=base&rest_code=00154 HTTP/1.1" 200 831
222.69.129.217 - - [24/May/2023:09:24:15 +0800] "GET /xingrg/all/common/auto_word.html?type=base&rest_code=00154 HTTP/1.1" 200 831
222.69.129.217 - - [24/May/2023:09:24:15 +0800] "GET /xingrg/javascript/easyui/themes/default/validatebox.css HTTP/1.1" 404 1104
120.253.135.82 - - [24/May/2023:09:24:16 +0800] "GET /xingrg/javascript/easyui/themes/default/tree.css HTTP/1.1" 404 1090
120.253.135.82 - - [24/May/2023:09:24:16 +0800] "POST /xingrg/all/common/load_tree.html?tree=area_rest_tree_json&only_rest=1 HTTP/1.1" 200 3378
116.237.73.194 - - [24/May/2023:09:24:17 +0800] "GET /xingrg/check_reg.html?_=1684891450372 HTTP/1.1" 200 22
222.69.129.217 - - [24/May/2023:09:24:17 +0800] "POST /xingrg/all/common/load_combo.html?type=base HTTP/1.1" 200 1491
222.67.238.82 - - [24/May/2023:09:24:17 +0800] "GET /xingrg/all/function/internal_message.html?_=1684890969176&CODE_STATE=getMsg HTTP/1.1" 200 27
180.152.240.15 - - [24/May/2023:09:24:17 +0800] "POST /xingrg/kc/buy/cgsh_order_operate.html HTTP/1.1" 200 37
116.237.73.194 - - [24/May/2023:09:24:19 +0800] "GET /xingrg/all/function/internal_message.html?_=1684891452937&CODE_STATE=getMsg HTTP/1.1" 200 27
222.69.129.217 - - [24/May/2023:09:24:20 +0800] "POST /xingrg/all/common/load_combo.html?type=base HTTP/1.1" 200 1491
101.83.145.52 - - [24/May/2023:09:24:20 +0800] "GET /xingrg/all/function/internal_message.html?_=1684891293539&CODE_STATE=getMsg HTTP/1.1" 200 27
101.83.145.52 - - [24/May/2023:09:24:20 +0800] "GET /xingrg/check_reg.html?_=1684891293543 HTTP/1.1" 200 22
222.70.172.86 - - [24/May/2023:09:24:25 +0800] "GET /xingrg/kc/buy/cgsh_order_operate.html?command=get_materiel&rest_code=00146&code=00101008087&supplier_code=00100005&order_time=2023-05-24 HTTP/1.1" 200 412
180.152.240.15 - - [24/May/2023:09:24:29 +0800] "POST /xingrg/kc/buy/cgsh_order_operate.html HTTP/1.1" 200 12
116.238.139.35 - - [24/May/2023:09:24:29 +0800] "GET /xingrg/all/function/internal_message.html?_=1684891467357&CODE_STATE=getMsg HTTP/1.1" 200 27
222.69.129.217 - - [24/May/2023:09:24:30 +0800] "GET /xingrg/javascript/auto/indicator.gif HTTP/1.1" 404 1066
180.152.240.15 - - [24/May/2023:09:24:31 +0800] "GET /xingrg/kc/buy/cgsh_order_info.html?code=212023052408782 HTTP/1.1" 200 66383
180.152.240.15 - - [24/May/2023:09:24:31 +0800] "GET /xingrg/javascript/easyui/themes/default/validatebox.css HTTP/1.1" 404 1104
180.152.240.15 - - [24/May/2023:09:24:32 +0800] "POST /xingrg/kc/buy/cgsh_order_operate.html HTTP/1.1" 200 5331
222.69.129.217 - - [24/May/2023:09:24:34 +0800] "GET /xingrg/kc/base/wldb_order_operate.html?command=get_materiel&rest_code=00154&base_code=0010726&code=00101029003 HTTP/1.1" 200 474
180.152.240.15 - - [24/May/2023:09:24:34 +0800] "GET /xingrg/kc/print/load_config.html?kc_code=cgsh HTTP/1.1" 200 1924
180.152.240.15 - - [24/May/2023:09:24:34 +0800] "GET /xingrg/kc/print/load_data.html?order_code=212023052408782&kc_code=cgsh&condition= HTTP/1.1" 200 2444
120.253.135.82 - - [24/May/2023:09:24:36 +0800] "GET /xingrg/kc/pszx/mdps_order_operate.html?command=get_materiel&pszx_code=00101&rest_code=00108&base_code=0010246&code=00101013106 HTTP/1.1" 200 420
222.69.129.217 - - [24/May/2023:09:24:38 +0800] "POST /xingrg/all/common/load_select.html HTTP/1.1" 200 25
222.69.129.217 - - [24/May/2023:09:24:40 +0800] "GET /xingrg/kc/base/wldb_order_operate.html?command=get_materiel_price&rest_code=00154&base_code=0010726&code=00101029003&unit_code=00100179 HTTP/1.1" 200 35
114.83.218.112 - - [24/May/2023:09:24:41 +0800] "GET /xingrg/all/function/internal_message.html?_=1684891478638&CODE_STATE=getMsg HTTP/1.1" 200 27
116.238.139.35 - - [24/May/2023:09:24:42 +0800] "GET /xingrg/check_reg.html?_=1684891397742 HTTP/1.1" 200 22
180.152.240.15 - - [24/May/2023:09:24:43 +0800] "GET /xingrg/kc/buy/cgsh_order_add.html HTTP/1.1" 200 71486
180.152.240.15 - - [24/May/2023:09:24:43 +0800] "POST /xingrg/kc/buy/cgsh_order_operate.html HTTP/1.1" 200 8245
180.152.240.15 - - [24/May/2023:09:24:43 +0800] "GET /xingrg/javascript/easyui/themes/default/validatebox.css HTTP/1.1" 404 1104
116.238.139.35 - - [24/May/2023:09:24:43 +0800] "GET /xingrg/all/function/internal_message.html?_=1684891398743&CODE_STATE=getMsg HTTP/1.1" 200 27
222.70.178.80 - - [24/May/2023:09:24:43 +0800] "GET /xingrg/kc/buy/cgsh_order_operate.html?command=get_materiel&rest_code=00111&code=00101016030&supplier_code=00100012&order_time=2023-05-24 HTTP/1.1" 200 412
222.69.129.217 - - [24/May/2023:09:24:45 +0800] "GET /xingrg/kc/base/wldb_order_operate.html?command=get_materiel&rest_code=00154&base_code=0010726&code=00101029023 HTTP/1.1" 200 476
172.20.0.100 - - [24/May/2023:09:24:45 +0800] "GET /xingrg/all/function/internal_message.html?_=1684891492547&CODE_STATE=getMsg HTTP/1.1" 200 27
222.70.172.86 - - [24/May/2023:09:24:46 +0800] "GET /xingrg/all/function/internal_message.html?_=1684891495946&CODE_STATE=getMsg HTTP/1.1" 200 27
180.152.240.15 - - [24/May/2023:09:24:47 +0800] "GET /xingrg/javascript/easyui/plugins/jquery.draggable.js HTTP/1.1" 200 6121
180.152.240.15 - - [24/May/2023:09:24:47 +0800] "GET /xingrg/css/images/panel_loading.gif HTTP/1.1" 200 1737
180.152.240.15 - - [24/May/2023:09:24:47 +0800] "GET /xingrg/javascript/easyui/plugins/jquery.droppable.js HTTP/1.1" 200 1167
180.152.240.15 - - [24/May/2023:09:24:47 +0800] "GET /xingrg/javascript/easyui/themes/default/tree.css HTTP/1.1" 404 1090
180.152.240.15 - - [24/May/2023:09:24:47 +0800] "GET /xingrg/javascript/easyui/plugins/jquery.tree.js HTTP/1.1" 200 20874
180.152.240.15 - - [24/May/2023:09:24:48 +0800] "POST /xingrg/all/common/load_tree.html?tree=supplier_tree_json&isDelete=1 HTTP/1.1" 200 74192
222.69.129.217 - - [24/May/2023:09:24:49 +0800] "POST /xingrg/all/common/load_select.html HTTP/1.1" 200 25
180.152.240.15 - - [24/May/2023:09:24:49 +0800] "GET /xingrg/javascript/easyui/themes/default/images/tree_arrows.gif HTTP/1.1" 200 617
180.152.240.15 - - [24/May/2023:09:24:49 +0800] "GET /xingrg/javascript/easyui/themes/default/images/tree_folder.gif HTTP/1.1" 200 952
180.152.240.15 - - [24/May/2023:09:24:49 +0800] "GET /xingrg/javascript/easyui/themes/default/images/tree_folder_open.gif HTTP/1.1" 200 956
180.152.240.15 - - [24/May/2023:09:24:49 +0800] "GET /xingrg/javascript/easyui/themes/default/images/tree_file.gif HTTP/1.1" 200 118
222.69.129.217 - - [24/May/2023:09:24:51 +0800] "GET /xingrg/kc/base/wldb_order_operate.html?command=get_materiel_price&rest_code=00154&base_code=0010726&code=00101029023&unit_code=00100179 HTTP/1.1" 200 35
222.70.178.80 - - [24/May/2023:09:24:52 +0800] "GET /xingrg/all/function/internal_message.html?_=1684891492272&CODE_STATE=getMsg HTTP/1.1" 200 27
222.69.129.217 - - [24/May/2023:09:24:56 +0800] "GET /xingrg/all/function/internal_message.html?_=1684891593923&CODE_STATE=getMsg HTTP/1.1" 200 27
222.69.129.217 - - [24/May/2023:09:24:58 +0800] "GET /xingrg/kc/base/wldb_order_operate.html?command=get_materiel&rest_code=00154&base_code=0010726&code=00101028013 HTTP/1.1" 200 467
180.169.147.146 - - [24/May/2023:09:24:59 +0800] "GET /xingrg/all/function/internal_message.html?_=1684891499616&CODE_STATE=getMsg HTTP/1.1" 200 27
120.253.135.82 - - [24/May/2023:09:25:00 +0800] "GET /xingrg/all/function/internal_message.html?_=1684891639765&CODE_STATE=getMsg HTTP/1.1" 200 27
180.152.240.15 - - [24/May/2023:09:25:01 +0800] "GET /xingrg/all/function/internal_message.html?_=1684891503336&CODE_STATE=getMsg HTTP/1.1" 200 27
222.70.110.223 - - [24/May/2023:09:25:02 +0800] "GET /favicon.ico HTTP/1.1" 404 -
222.69.129.217 - - [24/May/2023:09:25:02 +0800] "POST /xingrg/all/common/load_select.html HTTP/1.1" 200 25
222.70.178.80 - - [24/May/2023:09:25:04 +0800] "POST /xingrg/kc/buy/cgsh_order_operate.html HTTP/1.1" 200 37
222.69.129.217 - - [24/May/2023:09:25:04 +0800] "GET /xingrg/kc/base/wldb_order_operate.html?command=get_materiel_price&rest_code=00154&base_code=0010726&code=00101028013&unit_code=00100157 HTTP/1.1" 200 34
222.70.178.80 - - [24/May/2023:09:25:07 +0800] "POST /xingrg/kc/buy/cgsh_order_operate.html HTTP/1.1" 200 5052
222.70.178.80 - - [24/May/2023:09:25:11 +0800] "GET /xingrg/kc/print/load_data.html?order_code=212023052408783&kc_code=cgsh&condition= HTTP/1.1" 200 1690
222.70.172.86 - - [24/May/2023:09:25:11 +0800] "GET /xingrg/kc/buy/cgsh_order_operate.html?command=get_materiel&rest_code=00146&code=00101008270&supplier_code=00100005&order_time=2023-05-24 HTTP/1.1" 200 412
180.164.3.199 - - [24/May/2023:09:25:11 +0800] "GET /xingrg/all/function/internal_message.html?_=1684891511600&CODE_STATE=getMsg HTTP/1.1" 200 27
222.69.129.217 - - [24/May/2023:09:25:13 +0800] "GET /xingrg/kc/base/wldb_order_operate.html?command=get_materiel&rest_code=00154&base_code=0010726&code=00101027054 HTTP/1.1" 200 506
116.232.195.127 - - [24/May/2023:09:25:14 +0800] "GET /xingrg/all/function/internal_message.html?_=1684891553332&CODE_STATE=getMsg HTTP/1.1" 200 27
101.83.145.52 - - [24/May/2023:09:25:14 +0800] "GET /xingrg/all/function/internal_message.html?_=1684891514956&CODE_STATE=getMsg HTTP/1.1" 200 27
101.83.145.52 - - [24/May/2023:09:25:14 +0800] "GET /xingrg/check_reg.html?_=1684891514953 HTTP/1.1" 200 22
222.70.178.80 - - [24/May/2023:09:25:17 +0800] "GET /xingrg/kc/buy/cgsh_order_add.html HTTP/1.1" 200 71407
222.70.178.80 - - [24/May/2023:09:25:17 +0800] "POST /xingrg/kc/buy/cgsh_order_operate.html HTTP/1.1" 200 8245
222.67.238.82 - - [24/May/2023:09:25:17 +0800] "GET /xingrg/all/function/internal_message.html?_=1684891029178&CODE_STATE=getMsg HTTP/1.1" 200 27
222.70.178.80 - - [24/May/2023:09:25:17 +0800] "GET /xingrg/javascript/easyui/themes/default/validatebox.css HTTP/1.1" 404 1104
222.69.129.217 - - [24/May/2023:09:25:17 +0800] "POST /xingrg/all/common/load_select.html HTTP/1.1" 200 25
116.237.73.194 - - [24/May/2023:09:25:19 +0800] "GET /xingrg/all/function/internal_message.html?_=1684891512912&CODE_STATE=getMsg HTTP/1.1" 200 27
222.69.129.217 - - [24/May/2023:09:25:20 +0800] "GET /xingrg/kc/base/wldb_order_operate.html?command=get_materiel_price&rest_code=00154&base_code=0010726&code=00101027054&unit_code=00100189 HTTP/1.1" 200 35
101.83.145.52 - - [24/May/2023:09:25:20 +0800] "GET /xingrg/all/function/internal_message.html?_=1684891353541&CODE_STATE=getMsg HTTP/1.1" 200 27
180.169.147.146 - - [24/May/2023:09:25:22 +0800] "POST /xingrg/kc/buy/cgsh_order_operate.html HTTP/1.1" 200 5624
180.152.240.15 - - [24/May/2023:09:25:22 +0800] "GET /xingrg/kc/buy/cgsh_order_operate.html?command=get_materiel&rest_code=00102&code=00101002027&supplier_code=00100400&order_time=2023-05-24 HTTP/1.1" 200 413
222.70.178.80 - - [24/May/2023:09:25:27 +0800] "GET /xingrg/kc/buy/cgsh_order_operate.html?command=get_materiel&rest_code=00111&code=00101007085&supplier_code=00100004&order_time=2023-05-24 HTTP/1.1" 200 413
222.70.172.86 - - [24/May/2023:09:25:29 +0800] "GET /xingrg/kc/buy/cgsh_order_operate.html?command=get_materiel&rest_code=00146&code=00101008144&supplier_code=00100005&order_time=2023-05-24 HTTP/1.1" 200 412
116.238.139.35 - - [24/May/2023:09:25:29 +0800] "GET /xingrg/all/function/internal_message.html?_=1684891527352&CODE_STATE=getMsg HTTP/1.1" 200 27
222.69.129.217 - - [24/May/2023:09:25:30 +0800] "GET /xingrg/kc/base/wldb_order_operate.html?command=get_materiel&rest_code=00154&base_code=0010726&code=00101028050 HTTP/1.1" 200 452
180.169.147.146 - - [24/May/2023:09:25:32 +0800] "POST /xingrg/kc/buy/cgsh_order_operate.html HTTP/1.1" 200 37
222.69.129.217 - - [24/May/2023:09:25:33 +0800] "POST /xingrg/all/common/load_select.html HTTP/1.1" 200 12
222.69.129.217 - - [24/May/2023:09:25:35 +0800] "GET /xingrg/kc/base/wldb_order_operate.html?command=get_materiel_price&rest_code=00154&base_code=0010726&code=00101028050&unit_code=00100016 HTTP/1.1" 200 35
180.169.147.146 - - [24/May/2023:09:25:37 +0800] "POST /xingrg/kc/buy/cgsh_order_operate.html HTTP/1.1" 200 5624
180.152.240.15 - - [24/May/2023:09:25:39 +0800] "GET /xingrg/kc/buy/cgsh_order_operate.html?command=get_materiel&rest_code=00102&code=00101002022&supplier_code=00100400&order_time=2023-05-24 HTTP/1.1" 200 409
180.169.147.146 - - [24/May/2023:09:25:40 +0800] "POST /xingrg/kc/buy/cgsh_list_operate.html HTTP/1.1" 200 6235
114.83.218.112 - - [24/May/2023:09:25:41 +0800] "GET /xingrg/all/function/internal_message.html?_=1684891538618&CODE_STATE=getMsg HTTP/1.1" 200 27
116.238.139.35 - - [24/May/2023:09:25:43 +0800] "GET /xingrg/all/function/internal_message.html?_=1684891458750&CODE_STATE=getMsg HTTP/1.1" 200 27
180.152.240.15 - - [24/May/2023:09:25:44 +0800] "GET /xingrg/javascript/jquery_easy_ui/themes/default/images/tabs_active.png HTTP/1.1" 200 2894
172.20.0.100 - - [24/May/2023:09:25:45 +0800] "GET /xingrg/all/function/internal_message.html?_=1684891552546&CODE_STATE=getMsg HTTP/1.1" 200 27
222.70.172.86 - - [24/May/2023:09:25:46 +0800] "GET /xingrg/check_reg.html?_=1684891555493 HTTP/1.1" 200 22
222.70.172.86 - - [24/May/2023:09:25:46 +0800] "GET /xingrg/all/function/internal_message.html?_=1684891555960&CODE_STATE=getMsg HTTP/1.1" 200 27
222.69.129.217 - - [24/May/2023:09:25:46 +0800] "GET /xingrg/kc/base/wldb_order_operate.html?command=get_materiel&rest_code=00154&base_code=0010726&code=00101029024 HTTP/1.1" 200 459
222.70.172.86 - - [24/May/2023:09:25:47 +0800] "GET /xingrg/kc/buy/cgsh_order_operate.html?command=get_materiel&rest_code=00146&code=00101008357&supplier_code=00100005&order_time=2023-05-24 HTTP/1.1" 200 408
222.70.178.80 - - [24/May/2023:09:25:47 +0800] "GET /xingrg/kc/buy/cgsh_order_operate.html?command=get_materiel&rest_code=00111&code=00101007090&supplier_code=00100004&order_time=2023-05-24 HTTP/1.1" 200 413
180.152.240.15 - - [24/May/2023:09:25:49 +0800] "GET /xingrg/kc/buy/cgsh_order_operate.html?command=get_materiel&rest_code=00102&code=00101005037&supplier_code=00100400&order_time=2023-05-24 HTTP/1.1" 200 409
222.69.129.217 - - [24/May/2023:09:25:51 +0800] "POST /xingrg/all/common/load_select.html HTTP/1.1" 200 25
222.70.178.80 - - [24/May/2023:09:25:52 +0800] "GET /xingrg/all/function/internal_message.html?_=1684891552277&CODE_STATE=getMsg HTTP/1.1" 200 27
222.69.129.217 - - [24/May/2023:09:25:53 +0800] "GET /xingrg/kc/base/wldb_order_operate.html?command=get_materiel_price&rest_code=00154&base_code=0010726&code=00101029024&unit_code=00100179 HTTP/1.1" 200 35
222.69.129.217 - - [24/May/2023:09:25:56 +0800] "GET /xingrg/all/function/internal_message.html?_=1684891653913&CODE_STATE=getMsg HTTP/1.1" 200 27
222.70.178.80 - - [24/May/2023:09:25:59 +0800] "GET /xingrg/kc/buy/cgsh_order_operate.html?command=get_materiel&rest_code=00111&code=00101007081&supplier_code=00100004&order_time=2023-05-24 HTTP/1.1" 200 413
222.70.172.86 - - [24/May/2023:09:25:59 +0800] "GET /xingrg/kc/buy/cgsh_order_operate.html?command=get_materiel&rest_code=00146&code=00101008502&supplier_code=00100005&order_time=2023-05-24 HTTP/1.1" 200 412
180.169.147.146 - - [24/May/2023:09:25:59 +0800] "GET /xingrg/all/function/internal_message.html?_=1684891559617&CODE_STATE=getMsg HTTP/1.1" 200 27
120.253.135.82 - - [24/May/2023:09:26:00 +0800] "GET /xingrg/all/function/internal_message.html?_=1684891699769&CODE_STATE=getMsg HTTP/1.1" 200 27
120.253.135.82 - - [24/May/2023:09:26:00 +0800] "GET /xingrg/check_reg.html?_=1684891699771 HTTP/1.1" 200 22
180.152.240.15 - - [24/May/2023:09:26:01 +0800] "GET /xingrg/all/function/internal_message.html?_=1684891563340&CODE_STATE=getMsg HTTP/1.1" 200 27
180.152.240.15 - - [24/May/2023:09:26:03 +0800] "GET /xingrg/kc/buy/cgsh_order_operate.html?command=get_materiel&rest_code=00102&code=00101001075&supplier_code=00100400&order_time=2023-05-24 HTTP/1.1" 200 409
222.69.129.217 - - [24/May/2023:09:26:03 +0800] "POST /xingrg/all/common/load_select.html HTTP/1.1" 200 25
120.253.135.82 - - [24/May/2023:09:26:06 +0800] "GET /xingrg/kc/pszx/mdps_order_operate.html?command=get_materiel&pszx_code=00101&rest_code=00108&base_code=0010246&code=00101020421 HTTP/1.1" 200 459
120.253.135.82 - - [24/May/2023:09:26:09 +0800] "POST /xingrg/all/common/load_select.html HTTP/1.1" 200 25
180.164.3.199 - - [24/May/2023:09:26:11 +0800] "GET /xingrg/all/function/internal_message.html?_=1684891571617&CODE_STATE=getMsg HTTP/1.1" 200 27
222.69.129.217 - - [24/May/2023:09:26:12 +0800] "GET /xingrg/kc/base/wldb_order_operate.html?command=get_materiel&rest_code=00154&base_code=0010726&code=00101029002 HTTP/1.1" 200 470
222.70.172.86 - - [24/May/2023:09:26:13 +0800] "GET /xingrg/kc/buy/cgsh_order_operate.html?command=get_materiel&rest_code=00146&code=00101008359&supplier_code=00100005&order_time=2023-05-24 HTTP/1.1" 200 408
120.253.135.82 - - [24/May/2023:09:26:13 +0800] "GET /xingrg/kc/pszx/mdps_order_operate.html?command=get_materiel_price&pszx_code=00101&rest_code=00108&base_code=0010246&code=00101020421&unit_code=00100068&order_time=2023-05-24 HTTP/1.1" 200 35
116.232.195.127 - - [24/May/2023:09:26:14 +0800] "GET /xingrg/all/function/internal_message.html?_=1684891613326&CODE_STATE=getMsg HTTP/1.1" 200 27
101.83.145.52 - - [24/May/2023:09:26:14 +0800] "GET /xingrg/all/function/internal_message.html?_=1684891574955&CODE_STATE=getMsg HTTP/1.1" 200 27
180.152.240.15 - - [24/May/2023:09:26:14 +0800] "GET /xingrg/kc/buy/cgsh_order_operate.html?command=get_materiel&rest_code=00102&code=00101004030&supplier_code=00100400&order_time=2023-05-24 HTTP/1.1" 200 408
222.67.238.82 - - [24/May/2023:09:26:17 +0800] "GET /xingrg/all/function/internal_message.html?_=1684891089179&CODE_STATE=getMsg HTTP/1.1" 200 27
222.69.129.217 - - [24/May/2023:09:26:17 +0800] "POST /xingrg/all/common/load_select.html HTTP/1.1" 200 25
180.163.28.143 - - [24/May/2023:09:26:19 +0800] "GET /xingrg/all/function/internal_message.html?_=1684891512912&CODE_STATE=getMsg HTTP/1.1" 302 -
180.163.28.143 - - [24/May/2023:09:26:19 +0800] "GET /xingrg/login.html HTTP/1.1" 200 7641
116.237.73.194 - - [24/May/2023:09:26:19 +0800] "GET /xingrg/all/function/internal_message.html?_=1684891572883&CODE_STATE=getMsg HTTP/1.1" 200 27
222.69.129.217 - - [24/May/2023:09:26:19 +0800] "GET /xingrg/kc/base/wldb_order_operate.html?command=get_materiel_price&rest_code=00154&base_code=0010726&code=00101029002&unit_code=00100157 HTTP/1.1" 200 34
101.83.145.52 - - [24/May/2023:09:26:20 +0800] "GET /xingrg/all/function/internal_message.html?_=1684891413540&CODE_STATE=getMsg HTTP/1.1" 200 27
120.253.135.82 - - [24/May/2023:09:26:22 +0800] "POST /xingrg/kc/pszx/mdps_order_operate.html HTTP/1.1" 200 37
120.253.135.82 - - [24/May/2023:09:26:25 +0800] "GET /xingrg/kc/pszx/mdps_order_info.html?code=312023052400505 HTTP/1.1" 200 23980
120.253.135.82 - - [24/May/2023:09:26:25 +0800] "GET /xingrg/javascript/easyui/themes/default/validatebox.css HTTP/1.1" 404 1104
120.253.135.82 - - [24/May/2023:09:26:26 +0800] "GET /xingrg/all/common/auto_word.html?type=base&rest_code=00101 HTTP/1.1" 200 671
222.70.172.86 - - [24/May/2023:09:26:26 +0800] "GET /xingrg/kc/buy/cgsh_order_operate.html?command=get_materiel&rest_code=00146&code=00101008175&supplier_code=00100005&order_time=2023-05-24 HTTP/1.1" 200 412
120.253.135.82 - - [24/May/2023:09:26:26 +0800] "POST /xingrg/kc/pszx/mdps_order_operate.html HTTP/1.1" 200 2776
180.169.147.146 - - [24/May/2023:09:26:29 +0800] "GET /xingrg/check_reg.html?_=1684891589711 HTTP/1.1" 200 22
116.238.139.35 - - [24/May/2023:09:26:29 +0800] "GET /xingrg/all/function/internal_message.html?_=1684891587336&CODE_STATE=getMsg HTTP/1.1" 200 27
114.83.218.112 - - [24/May/2023:09:26:31 +0800] "POST /xingrg/services/DataTransmitService HTTP/1.1" 200 524
180.152.240.15 - - [24/May/2023:09:26:34 +0800] "POST /xingrg/kc/buy/cgsh_order_operate.html HTTP/1.1" 200 37
222.70.178.80 - - [24/May/2023:09:26:34 +0800] "POST /xingrg/kc/buy/cgsh_order_operate.html HTTP/1.1" 200 64
114.83.218.112 - - [24/May/2023:09:26:34 +0800] "POST /xingrg/services/DataTransmitService HTTP/1.1" 200 2067
114.83.218.112 - - [24/May/2023:09:26:36 +0800] "POST /xingrg/services/DataTransmitService HTTP/1.1" 200 131923
114.83.218.112 - - [24/May/2023:09:26:41 +0800] "GET /xingrg/all/function/internal_message.html?_=1684891598603&CODE_STATE=getMsg HTTP/1.1" 200 27
222.70.178.80 - - [24/May/2023:09:26:42 +0800] "POST /xingrg/kc/buy/cgsh_order_operate.html HTTP/1.1" 200 37
116.238.139.35 - - [24/May/2023:09:26:43 +0800] "GET /xingrg/all/function/internal_message.html?_=1684891518765&CODE_STATE=getMsg HTTP/1.1" 200 27
222.70.178.80 - - [24/May/2023:09:26:44 +0800] "POST /xingrg/kc/buy/cgsh_order_operate.html HTTP/1.1" 200 4436
172.20.0.100 - - [24/May/2023:09:26:45 +0800] "GET /xingrg/all/function/internal_message.html?_=1684891612544&CODE_STATE=getMsg HTTP/1.1" 200 27
222.70.172.86 - - [24/May/2023:09:26:46 +0800] "GET /xingrg/all/function/internal_message.html?_=1684891615973&CODE_STATE=getMsg HTTP/1.1" 200 27
222.70.178.80 - - [24/May/2023:09:26:46 +0800] "GET /xingrg/kc/print/load_data.html?order_code=212023052408786&kc_code=cgsh&condition= HTTP/1.1" 200 1402
222.70.172.86 - - [24/May/2023:09:26:49 +0800] "GET /xingrg/kc/buy/cgsh_order_operate.html?command=get_materiel&rest_code=00146&code=00101008176&supplier_code=00100005&order_time=2023-05-24 HTTP/1.1" 200 413
222.70.178.80 - - [24/May/2023:09:26:52 +0800] "GET /xingrg/all/function/internal_message.html?_=1684891612276&CODE_STATE=getMsg HTTP/1.1" 200 27
222.70.178.80 - - [24/May/2023:09:26:52 +0800] "GET /xingrg/kc/buy/cgsh_order_add.html HTTP/1.1" 200 71407
222.70.178.80 - - [24/May/2023:09:26:52 +0800] "POST /xingrg/kc/buy/cgsh_order_operate.html HTTP/1.1" 200 8245
222.70.178.80 - - [24/May/2023:09:26:52 +0800] "GET /xingrg/javascript/easyui/themes/default/validatebox.css HTTP/1.1" 404 1104
180.169.147.146 - - [24/May/2023:09:26:52 +0800] "POST /xingrg/kc/buy/cgsh_list_operate.html HTTP/1.1" 200 4
218.81.78.189 - - [24/May/2023:09:26:53 +0800] "GET /xingrg/check_reg.html?_=1684891613003 HTTP/1.1" 200 22
180.152.240.15 - - [24/May/2023:09:26:55 +0800] "POST /xingrg/kc/buy/cgsh_order_operate.html HTTP/1.1" 200 12
222.69.129.217 - - [24/May/2023:09:26:56 +0800] "GET /xingrg/all/function/internal_message.html?_=1684891713919&CODE_STATE=getMsg HTTP/1.1" 200 27
222.70.172.86 - - [24/May/2023:09:26:58 +0800] "GET /xingrg/kc/buy/cgsh_order_operate.html?command=get_materiel&rest_code=00146&code=00101008331&supplier_code=00100005&order_time=2023-05-24 HTTP/1.1" 200 435
180.169.147.146 - - [24/May/2023:09:26:59 +0800] "GET /xingrg/all/function/internal_message.html?_=1684891619617&CODE_STATE=getMsg HTTP/1.1" 200 27
120.253.135.82 - - [24/May/2023:09:27:00 +0800] "GET /xingrg/all/function/internal_message.html?_=1684891759774&CODE_STATE=getMsg HTTP/1.1" 200 27
180.169.147.146 - - [24/May/2023:09:27:01 +0800] "POST /xingrg/kc/buy/cgsh_list_operate.html HTTP/1.1" 200 6008
180.152.240.15 - - [24/May/2023:09:27:06 +0800] "GET /xingrg/kc/buy/cgsh_order_info.html?code=212023052408784 HTTP/1.1" 200 66391
180.152.240.15 - - [24/May/2023:09:27:06 +0800] "GET /xingrg/javascript/easyui/themes/default/validatebox.css HTTP/1.1" 404 1104
180.152.240.15 - - [24/May/2023:09:27:07 +0800] "POST /xingrg/kc/buy/cgsh_order_operate.html HTTP/1.1" 200 2965
222.70.172.86 - - [24/May/2023:09:27:11 +0800] "GET /xingrg/kc/buy/cgsh_order_operate.html?command=get_materiel&rest_code=00146&code=00101008244&supplier_code=00100005&order_time=2023-05-24 HTTP/1.1" 200 408
180.164.3.199 - - [24/May/2023:09:27:11 +0800] "GET /xingrg/all/function/internal_message.html?_=1684891631616&CODE_STATE=getMsg HTTP/1.1" 200 27
180.164.3.199 - - [24/May/2023:09:27:11 +0800] "GET /xingrg/check_reg.html?_=1684891631618 HTTP/1.1" 200 22
116.232.195.127 - - [24/May/2023:09:27:14 +0800] "GET /xingrg/all/function/internal_message.html?_=1684891673323&CODE_STATE=getMsg HTTP/1.1" 200 27
101.83.145.52 - - [24/May/2023:09:27:14 +0800] "GET /xingrg/all/function/internal_message.html?_=1684891634953&CODE_STATE=getMsg HTTP/1.1" 200 27
222.70.178.80 - - [24/May/2023:09:27:15 +0800] "GET /xingrg/kc/buy/cgsh_order_operate.html?command=get_materiel&rest_code=00111&code=00101009109&supplier_code=00100037&order_time=2023-05-24 HTTP/1.1" 200 413
222.67.238.82 - - [24/May/2023:09:27:17 +0800] "GET /xingrg/check_reg.html?_=1684891149207 HTTP/1.1" 200 22
222.67.238.82 - - [24/May/2023:09:27:17 +0800] "GET /xingrg/all/function/internal_message.html?_=1684891149208&CODE_STATE=getMsg HTTP/1.1" 200 27
180.152.240.15 - - [24/May/2023:09:27:17 +0800] "GET /xingrg/kc/print/load_data.html?order_code=212023052408784&kc_code=cgsh&condition= HTTP/1.1" 200 1575
116.237.73.194 - - [24/May/2023:09:27:19 +0800] "GET /xingrg/all/function/internal_message.html?_=1684891632858&CODE_STATE=getMsg HTTP/1.1" 200 27
222.69.129.217 - - [24/May/2023:09:27:20 +0800] "GET /xingrg/kc/base/wldb_order_operate.html?command=get_materiel&rest_code=00154&base_code=0010726&code=00101027072 HTTP/1.1" 200 457
101.83.145.52 - - [24/May/2023:09:27:20 +0800] "GET /xingrg/all/function/internal_message.html?_=1684891473541&CODE_STATE=getMsg HTTP/1.1" 200 27
222.70.172.86 - - [24/May/2023:09:27:21 +0800] "GET /xingrg/kc/buy/cgsh_order_operate.html?command=get_materiel&rest_code=00146&code=00101008185&supplier_code=00100005&order_time=2023-05-24 HTTP/1.1" 200 408
222.69.129.217 - - [24/May/2023:09:27:24 +0800] "POST /xingrg/all/common/load_select.html HTTP/1.1" 200 25
222.69.129.217 - - [24/May/2023:09:27:27 +0800] "GET /xingrg/kc/base/wldb_order_operate.html?command=get_materiel_price&rest_code=00154&base_code=0010726&code=00101027072&unit_code=00100189 HTTP/1.1" 200 35
116.238.139.35 - - [24/May/2023:09:27:29 +0800] "GET /xingrg/all/function/internal_message.html?_=1684891647319&CODE_STATE=getMsg HTTP/1.1" 200 27
222.70.178.80 - - [24/May/2023:09:27:30 +0800] "GET /xingrg/kc/buy/cgsh_order_operate.html?command=get_materiel&rest_code=00111&code=00101020153&supplier_code=00100037&order_time=2023-05-24 HTTP/1.1" 200 408
222.69.129.217 - - [24/May/2023:09:27:33 +0800] "GET /xingrg/kc/base/wldb_order_operate.html?command=get_materiel&rest_code=00154&base_code=0010726&code=00101029094 HTTP/1.1" 200 461
222.70.172.86 - - [24/May/2023:09:27:33 +0800] "GET /xingrg/kc/buy/cgsh_order_operate.html?command=get_materiel&rest_code=00146&code=00101008354&supplier_code=00100005&order_time=2023-05-24 HTTP/1.1" 200 412
120.253.135.82 - - [24/May/2023:09:27:33 +0800] "GET /xingrg/kc/pszx/mdps_order_list.html?orderType=0 HTTP/1.1" 200 21032
120.253.135.82 - - [24/May/2023:09:27:35 +0800] "POST /xingrg/kc/pszx/mdps_list_operate.html HTTP/1.1" 200 5318
120.253.135.82 - - [24/May/2023:09:27:35 +0800] "POST /xingrg/kc/pszx/mdps_list_operate.html HTTP/1.1" 200 5318
222.69.129.217 - - [24/May/2023:09:27:37 +0800] "POST /xingrg/all/common/load_select.html HTTP/1.1" 200 25
222.69.129.217 - - [24/May/2023:09:27:39 +0800] "GET /xingrg/kc/base/wldb_order_operate.html?command=get_materiel_price&rest_code=00154&base_code=0010726&code=00101029094&unit_code=00100179 HTTP/1.1" 200 35
120.253.135.82 - - [24/May/2023:09:27:40 +0800] "POST /xingrg/kc/pszx/mdps_list_operate.html HTTP/1.1" 200 5403
114.83.218.112 - - [24/May/2023:09:27:41 +0800] "GET /xingrg/all/function/internal_message.html?_=1684891658583&CODE_STATE=getMsg HTTP/1.1" 200 27
114.83.218.112 - - [24/May/2023:09:27:41 +0800] "GET /xingrg/check_reg.html?_=1684891658674 HTTP/1.1" 200 22
222.70.172.86 - - [24/May/2023:09:27:42 +0800] "GET /xingrg/kc/buy/cgsh_order_operate.html?command=get_materiel&rest_code=00146&code=00101008096&supplier_code=00100005&order_time=2023-05-24 HTTP/1.1" 200 412
114.83.218.112 - - [24/May/2023:09:27:43 +0800] "POST /xingrg/services/DataTransmitService HTTP/1.1" 200 524
116.238.139.35 - - [24/May/2023:09:27:43 +0800] "GET /xingrg/all/function/internal_message.html?_=1684891578926&CODE_STATE=getMsg HTTP/1.1" 200 27
120.253.135.82 - - [24/May/2023:09:27:43 +0800] "POST /xingrg/kc/pszx/mdps_list_operate.html HTTP/1.1" 200 286
120.253.135.82 - - [24/May/2023:09:27:44 +0800] "GET /xingrg/kc/pszx/mdps_order_info.html?code=312023052400505 HTTP/1.1" 200 23980
120.253.135.82 - - [24/May/2023:09:27:44 +0800] "GET /xingrg/javascript/easyui/themes/default/validatebox.css HTTP/1.1" 404 1104
116.238.139.35 - - [24/May/2023:09:27:44 +0800] "GET /xingrg/check_reg.html?_=1684891662760 HTTP/1.1" 200 22
120.253.135.82 - - [24/May/2023:09:27:45 +0800] "POST /xingrg/kc/pszx/mdps_order_operate.html HTTP/1.1" 200 2776
172.20.0.100 - - [24/May/2023:09:27:45 +0800] "GET /xingrg/all/function/internal_message.html?_=1684891672543&CODE_STATE=getMsg HTTP/1.1" 200 27
172.20.0.100 - - [24/May/2023:09:27:45 +0800] "GET /xingrg/check_reg.html?_=1684891672544 HTTP/1.1" 200 22
222.70.172.86 - - [24/May/2023:09:27:46 +0800] "GET /xingrg/all/function/internal_message.html?_=1684891675987&CODE_STATE=getMsg HTTP/1.1" 200 27
120.253.135.82 - - [24/May/2023:09:27:47 +0800] "GET /xingrg/kc/print/load_data.html?order_code=312023052400505&kc_code=mdps&condition= HTTP/1.1" 200 928
222.70.178.80 - - [24/May/2023:09:27:52 +0800] "GET /xingrg/all/function/internal_message.html?_=1684891672278&CODE_STATE=getMsg HTTP/1.1" 200 27
222.69.129.217 - - [24/May/2023:09:27:53 +0800] "GET /xingrg/kc/base/wldb_order_operate.html?command=get_materiel&rest_code=00154&base_code=0010726&code=00101027076 HTTP/1.1" 200 471
222.70.172.86 - - [24/May/2023:09:27:55 +0800] "GET /xingrg/kc/buy/cgsh_order_operate.html?command=get_materiel&rest_code=00146&code=00101008038&supplier_code=00100005&order_time=2023-05-24 HTTP/1.1" 200 412
222.69.129.217 - - [24/May/2023:09:27:56 +0800] "GET /xingrg/all/function/internal_message.html?_=1684891773928&CODE_STATE=getMsg HTTP/1.1" 200 27
180.169.147.146 - - [24/May/2023:09:27:59 +0800] "GET /xingrg/check_reg.html?_=1684891679619 HTTP/1.1" 200 22
180.169.147.146 - - [24/May/2023:09:27:59 +0800] "GET /xingrg/all/function/internal_message.html?_=1684891679623&CODE_STATE=getMsg HTTP/1.1" 200 27
120.253.135.82 - - [24/May/2023:09:28:00 +0800] "GET /xingrg/all/function/internal_message.html?_=1684891819779&CODE_STATE=getMsg HTTP/1.1" 200 27
180.152.240.15 - - [24/May/2023:09:28:01 +0800] "GET /xingrg/all/function/internal_message.html?_=1684891683343&CODE_STATE=getMsg HTTP/1.1" 200 27
222.70.178.80 - - [24/May/2023:09:28:05 +0800] "GET /xingrg/kc/buy/cgsh_order_operate.html?command=get_materiel&rest_code=00111&code=00101016105&supplier_code=00100037&order_time=2023-05-24 HTTP/1.1" 200 409
222.70.172.86 - - [24/May/2023:09:28:05 +0800] "GET /xingrg/kc/buy/cgsh_order_operate.html?command=get_materiel&rest_code=00146&code=00101008290&supplier_code=00100005&order_time=2023-05-24 HTTP/1.1" 200 416
180.164.3.199 - - [24/May/2023:09:28:11 +0800] "GET /xingrg/all/function/internal_message.html?_=1684891691617&CODE_STATE=getMsg HTTP/1.1" 200 27
180.152.240.15 - - [24/May/2023:09:28:13 +0800] "GET /xingrg/kc/buy/cgsh_order_add.html HTTP/1.1" 200 71486
180.152.240.15 - - [24/May/2023:09:28:13 +0800] "POST /xingrg/kc/buy/cgsh_order_operate.html HTTP/1.1" 200 8245
180.152.240.15 - - [24/May/2023:09:28:13 +0800] "GET /xingrg/javascript/easyui/themes/default/validatebox.css HTTP/1.1" 404 1104
180.152.240.15 - - [24/May/2023:09:28:14 +0800] "GET /xingrg/javascript/easyui/themes/default/tree.css HTTP/1.1" 404 1090
116.232.195.127 - - [24/May/2023:09:28:14 +0800] "GET /xingrg/all/function/internal_message.html?_=1684891733332&CODE_STATE=getMsg HTTP/1.1" 200 27
101.83.145.52 - - [24/May/2023:09:28:14 +0800] "GET /xingrg/all/function/internal_message.html?_=1684891694967&CODE_STATE=getMsg HTTP/1.1" 200 27
180.152.240.15 - - [24/May/2023:09:28:15 +0800] "POST /xingrg/all/common/load_tree.html?tree=supplier_tree_json&isDelete=1 HTTP/1.1" 200 74192
222.70.178.80 - - [24/May/2023:09:28:15 +0800] "GET /xingrg/kc/buy/cgsh_order_operate.html?command=get_materiel&rest_code=00111&code=00101008180&supplier_code=00100037&order_time=2023-05-24 HTTP/1.1" 200 413
222.70.172.86 - - [24/May/2023:09:28:15 +0800] "GET /xingrg/kc/buy/cgsh_order_operate.html?command=get_materiel&rest_code=00146&code=00101008126&supplier_code=00100005&order_time=2023-05-24 HTTP/1.1" 200 412
222.67.238.82 - - [24/May/2023:09:28:17 +0800] "GET /xingrg/all/function/internal_message.html?_=1684891209207&CODE_STATE=getMsg HTTP/1.1" 200 27
116.237.73.194 - - [24/May/2023:09:28:19 +0800] "GET /xingrg/all/function/internal_message.html?_=1684891692828&CODE_STATE=getMsg HTTP/1.1" 200 27
101.83.145.52 - - [24/May/2023:09:28:20 +0800] "GET /xingrg/all/function/internal_message.html?_=1684891533552&CODE_STATE=getMsg HTTP/1.1" 200 27
222.69.129.217 - - [24/May/2023:09:28:26 +0800] "POST /xingrg/kc/base/wldb_order_operate.html HTTP/1.1" 200 37
222.69.129.217 - - [24/May/2023:09:28:27 +0800] "POST /xingrg/kc/base/wldb_order_operate.html HTTP/1.1" 200 7236
222.70.178.80 - - [24/May/2023:09:28:27 +0800] "GET /xingrg/kc/buy/cgsh_order_operate.html?command=get_materiel&rest_code=00111&code=00101020218&supplier_code=00100037&order_time=2023-05-24 HTTP/1.1" 200 440
222.69.129.217 - - [24/May/2023:09:28:28 +0800] "GET /xingrg/kc/base/wldb_order_info.html?code=422023052401886 HTTP/1.1" 200 30402
116.238.139.35 - - [24/May/2023:09:28:29 +0800] "GET /xingrg/all/function/internal_message.html?_=1684891707301&CODE_STATE=getMsg HTTP/1.1" 200 27
222.69.129.217 - - [24/May/2023:09:28:29 +0800] "GET /xingrg/javascript/easyui/themes/default/validatebox.css HTTP/1.1" 404 1104
120.253.135.82 - - [24/May/2023:09:28:29 +0800] "POST /xingrg/kc/pszx/mdps_list_operate.html HTTP/1.1" 200 5403
222.70.172.86 - - [24/May/2023:09:28:29 +0800] "GET /xingrg/kc/buy/cgsh_order_operate.html?command=get_materiel&rest_code=00146&code=00101008355&supplier_code=00100005&order_time=2023-05-24 HTTP/1.1" 200 408
222.69.129.217 - - [24/May/2023:09:28:29 +0800] "POST /xingrg/kc/base/wldb_order_operate.html HTTP/1.1" 200 7236
222.70.178.80 - - [24/May/2023:09:28:31 +0800] "POST /xingrg/all/common/load_select.html HTTP/1.1" 200 25
114.83.218.112 - - [24/May/2023:09:28:31 +0800] "POST /xingrg/services/DataTransmitService HTTP/1.1" 200 501
180.152.240.15 - - [24/May/2023:09:28:33 +0800] "GET /xingrg/kc/buy/cgsh_order_operate.html?command=get_materiel&rest_code=00102&code=00101015158&supplier_code=00100022&order_time=2023-05-24 HTTP/1.1" 200 422
222.70.178.80 - - [24/May/2023:09:28:35 +0800] "GET /xingrg/kc/buy/cgsh_order_operate.html?command=get_materiel_price&rest_code=00111&code=00101020218&unit_code=00100195&supplier_code=00100037&order_time=2023-05-24 HTTP/1.1" 200 28
222.69.129.217 - - [24/May/2023:09:28:37 +0800] "GET /xingrg/kc/base/wldb_order_operate.html?command=get_materiel&rest_code=00154&base_code=0010726&code=00101028012 HTTP/1.1" 200 477
222.69.129.217 - - [24/May/2023:09:28:40 +0800] "POST /xingrg/all/common/load_select.html HTTP/1.1" 200 25
114.83.218.112 - - [24/May/2023:09:28:41 +0800] "GET /xingrg/all/function/internal_message.html?_=1684891718572&CODE_STATE=getMsg HTTP/1.1" 200 27
222.70.172.86 - - [24/May/2023:09:28:41 +0800] "GET /xingrg/kc/buy/cgsh_order_operate.html?command=get_materiel&rest_code=00146&code=00101008004&supplier_code=00100005&order_time=2023-05-24 HTTP/1.1" 200 416
222.69.129.217 - - [24/May/2023:09:28:41 +0800] "GET /xingrg/kc/base/wldb_order_operate.html?command=get_materiel_price&rest_code=00154&base_code=0010726&code=00101028012&unit_code=00100157 HTTP/1.1" 200 36
116.238.139.35 - - [24/May/2023:09:28:43 +0800] "GET /xingrg/all/function/internal_message.html?_=1684891638931&CODE_STATE=getMsg HTTP/1.1" 200 27
172.20.0.100 - - [24/May/2023:09:28:45 +0800] "GET /xingrg/all/function/internal_message.html?_=1684891732542&CODE_STATE=getMsg HTTP/1.1" 200 27
222.70.172.86 - - [24/May/2023:09:28:46 +0800] "GET /xingrg/all/function/internal_message.html?_=1684891736000&CODE_STATE=getMsg HTTP/1.1" 200 27
222.70.178.80 - - [24/May/2023:09:28:48 +0800] "GET /xingrg/kc/buy/cgsh_order_operate.html?command=get_materiel&rest_code=00111&code=00101009015&supplier_code=00100037&order_time=2023-05-24 HTTP/1.1" 200 417
180.152.240.15 - - [24/May/2023:09:28:50 +0800] "GET /xingrg/kc/buy/cgsh_order_operate.html?command=get_materiel&rest_code=00102&code=00101009160&supplier_code=00100022&order_time=2023-05-24 HTTP/1.1" 200 415
222.70.172.86 - - [24/May/2023:09:28:51 +0800] "GET /xingrg/kc/buy/cgsh_order_operate.html?command=get_materiel&rest_code=00146&code=00101009030&supplier_code=00100005&order_time=2023-05-24 HTTP/1.1" 200 412
222.70.178.80 - - [24/May/2023:09:28:52 +0800] "GET /xingrg/check_reg.html?_=1684891732276 HTTP/1.1" 200 22
222.70.178.80 - - [24/May/2023:09:28:52 +0800] "GET /xingrg/all/function/internal_message.html?_=1684891732272&CODE_STATE=getMsg HTTP/1.1" 200 27
222.70.172.86 - - [24/May/2023:09:28:54 +0800] "POST /xingrg/kc/buy/cgsh_order_operate.html HTTP/1.1" 200 2065
