180.169.147.146 - - [24/May/2023:10:47:59 +0800] "GET /xingrg/all/function/internal_message.html?_=1684896479627&CODE_STATE=getMsg HTTP/1.1" 200 27
180.169.147.146 - - [24/May/2023:10:47:59 +0800] "GET /xingrg/check_reg.html?_=1684896479628 HTTP/1.1" 200 22
180.152.240.15 - - [24/May/2023:10:48:00 +0800] "GET /xingrg/all/function/internal_message.html?_=1684896482121&CODE_STATE=getMsg HTTP/1.1" 200 27
101.83.145.52 - - [24/May/2023:10:48:06 +0800] "POST /xingrg/kc/buy/cgsh_list_operate.html HTTP/1.1" 200 4398
180.169.147.146 - - [24/May/2023:10:48:09 +0800] "GET /xingrg/all/function/internal_message.html?_=1684896489371&CODE_STATE=getMsg HTTP/1.1" 200 27
180.163.30.85 - - [24/May/2023:10:48:12 +0800] "GET /xingrg/kc/buy/cgsh_order_operate.html?command=get_materiel&rest_code=00106&code=00101008359&supplier_code=00100007&order_time=2023-05-24 HTTP/1.1" 302 -
180.163.30.85 - - [24/May/2023:10:48:12 +0800] "GET /xingrg/login.html HTTP/1.1" 200 7641
116.232.195.127 - - [24/May/2023:10:48:14 +0800] "GET /xingrg/all/function/internal_message.html?_=1684896533331&CODE_STATE=getMsg HTTP/1.1" 200 27
101.83.145.52 - - [24/May/2023:10:48:14 +0800] "GET /xingrg/all/function/internal_message.html?_=1684896495073&CODE_STATE=getMsg HTTP/1.1" 200 27
222.67.238.82 - - [24/May/2023:10:48:16 +0800] "GET /xingrg/all/function/internal_message.html?_=1684896007662&CODE_STATE=getMsg HTTP/1.1" 200 27
222.70.172.86 - - [24/May/2023:10:48:17 +0800] "GET /xingrg/all/function/internal_message.html?_=1684896507596&CODE_STATE=getMsg HTTP/1.1" 200 27
101.83.145.52 - - [24/May/2023:10:48:20 +0800] "GET /xingrg/all/function/internal_message.html?_=1684896333673&CODE_STATE=getMsg HTTP/1.1" 200 27
180.164.3.199 - - [24/May/2023:10:48:22 +0800] "GET /xingrg/all/function/internal_message.html?_=1684896501958&CODE_STATE=getMsg HTTP/1.1" 200 27
116.238.139.35 - - [24/May/2023:10:48:28 +0800] "GET /xingrg/all/function/internal_message.html?_=1684896506071&CODE_STATE=getMsg HTTP/1.1" 200 27
222.70.178.80 - - [24/May/2023:10:48:37 +0800] "GET /xingrg/all/function/internal_message.html?_=1684896517366&CODE_STATE=getMsg HTTP/1.1" 200 27
114.83.218.112 - - [24/May/2023:10:48:39 +0800] "GET /xingrg/all/function/internal_message.html?_=1684896517256&CODE_STATE=getMsg HTTP/1.1" 200 27
172.20.0.100 - - [24/May/2023:10:48:45 +0800] "GET /xingrg/all/function/internal_message.html?_=1684896532621&CODE_STATE=getMsg HTTP/1.1" 200 27
116.238.139.35 - - [24/May/2023:10:48:48 +0800] "GET /xingrg/all/function/internal_message.html?_=1684896443245&CODE_STATE=getMsg HTTP/1.1" 200 27
180.164.3.199 - - [24/May/2023:10:48:49 +0800] "POST /xingrg/services/DataTransmitService HTTP/1.1" 200 524
180.164.3.199 - - [24/May/2023:10:48:49 +0800] "POST /xingrg/services/DataTransmitService HTTP/1.1" 200 412
124.79.240.114 - - [24/May/2023:10:48:54 +0800] "GET /xingrg/all/function/internal_message.html?_=1684896812916&CODE_STATE=getMsg HTTP/1.1" 200 27
222.67.238.82 - - [24/May/2023:10:48:56 +0800] "POST /xingrg/services/DataTransmitService HTTP/1.1" 200 524
222.69.129.217 - - [24/May/2023:10:48:56 +0800] "GET /xingrg/check_reg.html?_=1684896633924 HTTP/1.1" 200 22
222.67.238.82 - - [24/May/2023:10:48:56 +0800] "POST /xingrg/services/DataTransmitService HTTP/1.1" 200 501
116.232.195.127 - - [24/May/2023:10:48:59 +0800] "GET /xingrg/all/function/internal_message.html?_=1684896539054&CODE_STATE=getMsg HTTP/1.1" 200 27
222.69.129.217 - - [24/May/2023:10:48:59 +0800] "GET /xingrg/all/function/internal_message.html?_=1684896637242&CODE_STATE=getMsg HTTP/1.1" 200 27
180.169.147.146 - - [24/May/2023:10:48:59 +0800] "GET /xingrg/all/function/internal_message.html?_=1684896539645&CODE_STATE=getMsg HTTP/1.1" 200 27
180.152.240.15 - - [24/May/2023:10:49:00 +0800] "GET /xingrg/all/function/internal_message.html?_=1684896542113&CODE_STATE=getMsg HTTP/1.1" 200 27
101.83.145.52 - - [24/May/2023:10:49:04 +0800] "GET /xingrg/index.html?sysBaseUrl=http%3A%2F%2F180.169.147.146%3A18081%2Fxingrg%2F&costTime=36×tamp=1585222720700 HTTP/1.1" 200 17173
180.169.147.146 - - [24/May/2023:10:49:04 +0800] "POST /xingrg/kc/buy/cgsh_order_operate.html HTTP/1.1" 200 29279
101.83.145.52 - - [24/May/2023:10:49:05 +0800] "GET /favicon.ico HTTP/1.1" 404 -
101.83.145.52 - - [24/May/2023:10:49:05 +0800] "GET /xingrg/all/function/internal_message.html?_=1684896545300&CODE_STATE=count HTTP/1.1" 200 11
101.83.145.52 - - [24/May/2023:10:49:05 +0800] "GET /xingrg/check_reg.html?_=1684896545301 HTTP/1.1" 200 22
120.253.135.82 - - [24/May/2023:10:49:05 +0800] "GET /xingrg/login.html HTTP/1.1" 200 7641
101.83.145.52 - - [24/May/2023:10:49:05 +0800] "POST /xingrg/all/common/load_tree.html?tree=area_rest_tree_json&manage=1 HTTP/1.1" 200 3499
101.83.145.52 - - [24/May/2023:10:49:05 +0800] "POST /xingrg/load_menu.html HTTP/1.1" 200 5138
218.81.78.189 - - [24/May/2023:10:49:05 +0800] "GET /xingrg/all/function/internal_message.html?_=1684896544425&CODE_STATE=getMsg HTTP/1.1" 200 27
218.81.78.189 - - [24/May/2023:10:49:05 +0800] "GET /xingrg/check_reg.html?_=1684896544427 HTTP/1.1" 200 22
218.81.78.189 - - [24/May/2023:10:49:05 +0800] "GET /xingrg/kc/mdqp/qqps_order_info.html?code=302023052400387 HTTP/1.1" 200 24066
218.81.78.189 - - [24/May/2023:10:49:05 +0800] "GET /xingrg/dwr/interface/AjaxComOrderService.js HTTP/1.1" 200 18264
218.81.78.189 - - [24/May/2023:10:49:05 +0800] "GET /xingrg/dwr/interface/AjaxQqpsService.js HTTP/1.1" 200 16326
218.81.78.189 - - [24/May/2023:10:49:05 +0800] "GET /xingrg/dwr/engine.js HTTP/1.1" 200 43631
218.81.78.189 - - [24/May/2023:10:49:07 +0800] "POST /xingrg/dwr/call/plaincall/AjaxQqpsService.loadMaterielItems.dwr HTTP/1.1" 200 1347
101.83.145.52 - - [24/May/2023:10:49:08 +0800] "GET /xingrg/kc/buy/cgsh_order_list.html HTTP/1.1" 200 55669
120.253.135.82 - - [24/May/2023:10:49:08 +0800] "POST /xingrg/login.do HTTP/1.1" 302 -
120.253.135.82 - - [24/May/2023:10:49:09 +0800] "GET /xingrg/index.html?sysBaseUrl=http%3A%2F%2F180.169.147.146%3A18081%2Fxingrg%2F&costTime=1599×tamp=1684896548996 HTTP/1.1" 200 17173
120.253.135.82 - - [24/May/2023:10:49:09 +0800] "GET /xingrg/all/function/internal_message.html?_=1684896688516&CODE_STATE=count HTTP/1.1" 200 11
120.253.135.82 - - [24/May/2023:10:49:09 +0800] "GET /xingrg/check_reg.html?_=1684896688518 HTTP/1.1" 200 22
180.169.147.146 - - [24/May/2023:10:49:09 +0800] "GET /xingrg/all/function/internal_message.html?_=1684896549372&CODE_STATE=getMsg HTTP/1.1" 200 27
120.253.135.82 - - [24/May/2023:10:49:09 +0800] "POST /xingrg/load_menu.html HTTP/1.1" 200 6743
120.253.135.82 - - [24/May/2023:10:49:09 +0800] "POST /xingrg/all/common/load_tree.html?tree=area_rest_tree_json&manage=1 HTTP/1.1" 200 344
101.83.145.52 - - [24/May/2023:10:49:12 +0800] "POST /xingrg/kc/buy/cgsh_list_operate.html HTTP/1.1" 200 4398
180.169.147.146 - - [24/May/2023:10:49:13 +0800] "POST /xingrg/kc/buy/cgsh_order_operate.html HTTP/1.1" 200 37
116.232.195.127 - - [24/May/2023:10:49:14 +0800] "GET /xingrg/check_reg.html?_=1684896593328 HTTP/1.1" 200 22
116.232.195.127 - - [24/May/2023:10:49:14 +0800] "GET /xingrg/all/function/internal_message.html?_=1684896593329&CODE_STATE=getMsg HTTP/1.1" 200 27
222.67.238.82 - - [24/May/2023:10:49:16 +0800] "GET /xingrg/all/function/internal_message.html?_=1684896067632&CODE_STATE=getMsg HTTP/1.1" 200 27
222.70.172.86 - - [24/May/2023:10:49:17 +0800] "GET /xingrg/all/function/internal_message.html?_=1684896567601&CODE_STATE=getMsg HTTP/1.1" 200 27
101.83.145.52 - - [24/May/2023:10:49:20 +0800] "GET /xingrg/check_reg.html?_=1684896393673 HTTP/1.1" 200 22
101.83.145.52 - - [24/May/2023:10:49:20 +0800] "GET /xingrg/all/function/internal_message.html?_=1684896393675&CODE_STATE=getMsg HTTP/1.1" 200 27
180.164.3.199 - - [24/May/2023:10:49:22 +0800] "GET /xingrg/all/function/internal_message.html?_=1684896561941&CODE_STATE=getMsg HTTP/1.1" 200 27
116.238.139.35 - - [24/May/2023:10:49:28 +0800] "GET /xingrg/all/function/internal_message.html?_=1684896566056&CODE_STATE=getMsg HTTP/1.1" 200 27
180.169.147.146 - - [24/May/2023:10:49:29 +0800] "POST /xingrg/kc/buy/cgsh_order_operate.html HTTP/1.1" 200 29279
120.253.135.82 - - [24/May/2023:10:49:29 +0800] "GET /xingrg/kc/pszx/mdps_order_list.html?orderType=0 HTTP/1.1" 200 21032
120.253.135.82 - - [24/May/2023:10:49:29 +0800] "POST /xingrg/kc/pszx/mdps_list_operate.html HTTP/1.1" 200 5318
120.253.135.82 - - [24/May/2023:10:49:31 +0800] "GET /xingrg/kc/pszx/mdps_order_add.html HTTP/1.1" 200 29101
120.253.135.82 - - [24/May/2023:10:49:31 +0800] "POST /xingrg/kc/pszx/mdps_order_operate.html HTTP/1.1" 200 7126
120.253.135.82 - - [24/May/2023:10:49:31 +0800] "GET /xingrg/all/common/auto_word.html?type=base&rest_code=00101 HTTP/1.1" 200 671
120.253.135.82 - - [24/May/2023:10:49:31 +0800] "GET /xingrg/javascript/easyui/themes/default/validatebox.css HTTP/1.1" 404 1104
120.253.135.82 - - [24/May/2023:10:49:33 +0800] "POST /xingrg/all/common/load_combo.html?type=base HTTP/1.1" 200 1169
120.253.135.82 - - [24/May/2023:10:49:36 +0800] "GET /xingrg/javascript/easyui/themes/default/tree.css HTTP/1.1" 404 1090
120.253.135.82 - - [24/May/2023:10:49:37 +0800] "POST /xingrg/all/common/load_tree.html?tree=area_rest_tree_json&only_rest=1 HTTP/1.1" 200 3378
222.70.178.80 - - [24/May/2023:10:49:37 +0800] "GET /xingrg/all/function/internal_message.html?_=1684896577369&CODE_STATE=getMsg HTTP/1.1" 200 27
222.70.178.80 - - [24/May/2023:10:49:37 +0800] "GET /xingrg/check_reg.html?_=1684896577366 HTTP/1.1" 200 22
114.83.218.112 - - [24/May/2023:10:49:39 +0800] "GET /xingrg/all/function/internal_message.html?_=1684896577244&CODE_STATE=getMsg HTTP/1.1" 200 27
180.169.147.146 - - [24/May/2023:10:49:41 +0800] "POST /xingrg/kc/buy/cgsh_order_operate.html HTTP/1.1" 200 37
116.238.139.35 - - [24/May/2023:10:49:44 +0800] "GET /xingrg/check_reg.html?_=1684896499882 HTTP/1.1" 200 22
172.20.0.100 - - [24/May/2023:10:49:45 +0800] "GET /xingrg/all/function/internal_message.html?_=1684896592620&CODE_STATE=getMsg HTTP/1.1" 200 27
116.238.139.35 - - [24/May/2023:10:49:48 +0800] "GET /xingrg/all/function/internal_message.html?_=1684896503260&CODE_STATE=getMsg HTTP/1.1" 200 27
120.253.135.82 - - [24/May/2023:10:49:51 +0800] "GET /xingrg/kc/pszx/mdps_order_operate.html?command=get_materiel&pszx_code=00101&rest_code=00150&base_code=0010246&code=00101019247 HTTP/1.1" 200 468
180.169.147.146 - - [24/May/2023:10:49:52 +0800] "POST /xingrg/kc/buy/cgsh_order_operate.html HTTP/1.1" 200 12
120.253.135.82 - - [24/May/2023:10:49:52 +0800] "POST /xingrg/all/common/load_select.html HTTP/1.1" 200 25
101.83.145.52 - - [24/May/2023:10:49:52 +0800] "POST /xingrg/kc/buy/cgsh_list_operate.html HTTP/1.1" 200 201
124.79.240.114 - - [24/May/2023:10:49:54 +0800] "GET /xingrg/all/function/internal_message.html?_=1684896872915&CODE_STATE=getMsg HTTP/1.1" 200 27
180.169.147.146 - - [24/May/2023:10:49:54 +0800] "GET /xingrg/kc/buy/cgsh_order_info.html?code=212023052308521 HTTP/1.1" 200 66363
101.83.145.52 - - [24/May/2023:10:49:54 +0800] "GET /xingrg/kc/buy/cgsh_order_info.html?code=212023052408816 HTTP/1.1" 200 71552
120.253.135.82 - - [24/May/2023:10:49:54 +0800] "GET /xingrg/kc/pszx/mdps_order_operate.html?command=get_materiel_price&pszx_code=00101&rest_code=00150&base_code=0010246&code=00101019247&unit_code=00100189&order_time=2023-05-24 HTTP/1.1" 200 33
180.169.147.146 - - [24/May/2023:10:49:55 +0800] "GET /xingrg/javascript/easyui/themes/default/validatebox.css HTTP/1.1" 404 1104
101.83.145.52 - - [24/May/2023:10:49:55 +0800] "GET /xingrg/javascript/easyui/themes/default/validatebox.css HTTP/1.1" 404 1104
101.83.145.52 - - [24/May/2023:10:49:55 +0800] "GET /xingrg/all/common/auto_word.html?type=employee&rest_code=00105 HTTP/1.1" 200 193
101.83.145.52 - - [24/May/2023:10:49:55 +0800] "GET /xingrg/all/common/auto_word.html?type=employee&rest_code=00105 HTTP/1.1" 200 193
180.169.147.146 - - [24/May/2023:10:49:55 +0800] "POST /xingrg/kc/buy/cgsh_order_operate.html HTTP/1.1" 200 27223
101.83.145.52 - - [24/May/2023:10:49:56 +0800] "POST /xingrg/kc/buy/cgsh_order_operate.html HTTP/1.1" 200 2654
101.83.145.52 - - [24/May/2023:10:49:57 +0800] "GET /xingrg/kc/print/load_config.html?kc_code=cgsh HTTP/1.1" 200 1924
180.169.147.146 - - [24/May/2023:10:49:57 +0800] "GET /xingrg/kc/buy/cgsh_order_add.html HTTP/1.1" 200 71454
180.169.147.146 - - [24/May/2023:10:49:57 +0800] "POST /xingrg/kc/buy/cgsh_order_operate.html HTTP/1.1" 200 8245
180.169.147.146 - - [24/May/2023:10:49:57 +0800] "GET /xingrg/javascript/easyui/themes/default/validatebox.css HTTP/1.1" 404 1104
101.83.145.52 - - [24/May/2023:10:49:58 +0800] "GET /xingrg/kc/print/load_data.html?order_code=212023052408816&kc_code=cgsh&condition= HTTP/1.1" 200 673
116.232.195.127 - - [24/May/2023:10:49:59 +0800] "GET /xingrg/all/function/internal_message.html?_=1684896599036&CODE_STATE=getMsg HTTP/1.1" 200 27
222.69.129.217 - - [24/May/2023:10:49:59 +0800] "GET /xingrg/all/function/internal_message.html?_=1684896697225&CODE_STATE=getMsg HTTP/1.1" 200 27
180.169.147.146 - - [24/May/2023:10:49:59 +0800] "GET /xingrg/all/function/internal_message.html?_=1684896599633&CODE_STATE=getMsg HTTP/1.1" 200 27
180.152.240.15 - - [24/May/2023:10:50:00 +0800] "GET /xingrg/all/function/internal_message.html?_=1684896602089&CODE_STATE=getMsg HTTP/1.1" 200 27
120.253.135.82 - - [24/May/2023:10:50:01 +0800] "POST /xingrg/kc/pszx/mdps_order_operate.html HTTP/1.1" 200 37
101.83.145.52 - - [24/May/2023:10:50:02 +0800] "GET /xingrg/kc/buy/cgsh_order_add.html HTTP/1.1" 200 71533
101.83.145.52 - - [24/May/2023:10:50:02 +0800] "GET /xingrg/javascript/easyui/themes/default/validatebox.css HTTP/1.1" 404 1104
101.83.145.52 - - [24/May/2023:10:50:02 +0800] "POST /xingrg/kc/buy/cgsh_order_operate.html HTTP/1.1" 200 8245
120.253.135.82 - - [24/May/2023:10:50:03 +0800] "GET /xingrg/kc/pszx/mdps_order_info.html?code=312023052400506 HTTP/1.1" 200 23976
120.253.135.82 - - [24/May/2023:10:50:03 +0800] "GET /xingrg/javascript/easyui/themes/default/validatebox.css HTTP/1.1" 404 1104
120.253.135.82 - - [24/May/2023:10:50:03 +0800] "GET /xingrg/all/common/auto_word.html?type=base&rest_code=00101 HTTP/1.1" 200 671
120.253.135.82 - - [24/May/2023:10:50:04 +0800] "POST /xingrg/kc/pszx/mdps_order_operate.html HTTP/1.1" 200 2289
101.83.145.52 - - [24/May/2023:10:50:04 +0800] "GET /xingrg/javascript/auto/indicator.gif HTTP/1.1" 404 1066
101.83.145.52 - - [24/May/2023:10:50:05 +0800] "GET /xingrg/all/function/internal_message.html?_=1684896605315&CODE_STATE=getMsg HTTP/1.1" 200 27
218.81.78.189 - - [24/May/2023:10:50:05 +0800] "GET /xingrg/all/function/internal_message.html?_=1684896604418&CODE_STATE=getMsg HTTP/1.1" 200 27
116.237.73.194 - - [24/May/2023:10:50:05 +0800] "POST /xingrg/kc/buy/cgsh_order_operate.html HTTP/1.1" 200 20362
120.253.135.82 - - [24/May/2023:10:50:09 +0800] "GET /xingrg/all/function/internal_message.html?_=1684896748531&CODE_STATE=getMsg HTTP/1.1" 200 27
180.169.147.146 - - [24/May/2023:10:50:09 +0800] "GET /xingrg/all/function/internal_message.html?_=1684896609369&CODE_STATE=getMsg HTTP/1.1" 200 27
180.152.240.15 - - [24/May/2023:10:50:09 +0800] "GET /xingrg/kc/buy/cgsh_order_list.html HTTP/1.1" 200 55669
180.169.147.146 - - [24/May/2023:10:50:11 +0800] "GET /xingrg/kc/buy/cgsh_order_operate.html?command=get_materiel&rest_code=00147&code=00101007081&supplier_code=00100004&order_time=2023-05-24 HTTP/1.1" 200 413
180.152.240.15 - - [24/May/2023:10:50:11 +0800] "POST /xingrg/kc/buy/cgsh_list_operate.html HTTP/1.1" 200 986
120.253.135.82 - - [24/May/2023:10:50:14 +0800] "GET /xingrg/kc/pszx/mdps_order_list.html?orderType=0 HTTP/1.1" 200 21032
120.253.135.82 - - [24/May/2023:10:50:14 +0800] "POST /xingrg/kc/pszx/mdps_list_operate.html HTTP/1.1" 200 5318
116.232.195.127 - - [24/May/2023:10:50:14 +0800] "GET /xingrg/all/function/internal_message.html?_=1684896653330&CODE_STATE=getMsg HTTP/1.1" 200 27
222.67.238.82 - - [24/May/2023:10:50:16 +0800] "GET /xingrg/all/function/internal_message.html?_=1684896127603&CODE_STATE=getMsg HTTP/1.1" 200 27
101.83.145.52 - - [24/May/2023:10:50:17 +0800] "GET /xingrg/kc/buy/cgsh_order_operate.html?command=get_materiel&rest_code=00105&code=00101010522&supplier_code=00100337&order_time=2023-05-24 HTTP/1.1" 200 442
116.237.73.194 - - [24/May/2023:10:50:17 +0800] "GET /xingrg/all/function/internal_message.html?_=1684896611084&CODE_STATE=getMsg HTTP/1.1" 200 27
120.253.135.82 - - [24/May/2023:10:50:17 +0800] "POST /xingrg/kc/pszx/mdps_list_operate.html HTTP/1.1" 200 5407
222.70.172.86 - - [24/May/2023:10:50:18 +0800] "GET /xingrg/all/function/internal_message.html?_=1684896628395&CODE_STATE=getMsg HTTP/1.1" 200 27
120.253.135.82 - - [24/May/2023:10:50:19 +0800] "POST /xingrg/kc/pszx/mdps_list_operate.html HTTP/1.1" 200 204
120.253.135.82 - - [24/May/2023:10:50:20 +0800] "GET /xingrg/kc/pszx/mdps_order_info.html?code=312023052400506 HTTP/1.1" 200 23976
120.253.135.82 - - [24/May/2023:10:50:20 +0800] "GET /xingrg/javascript/easyui/themes/default/validatebox.css HTTP/1.1" 404 1104
101.83.145.52 - - [24/May/2023:10:50:20 +0800] "GET /xingrg/all/function/internal_message.html?_=1684896453679&CODE_STATE=getMsg HTTP/1.1" 200 27
120.253.135.82 - - [24/May/2023:10:50:21 +0800] "POST /xingrg/kc/pszx/mdps_order_operate.html HTTP/1.1" 200 2289
180.164.3.199 - - [24/May/2023:10:50:22 +0800] "GET /xingrg/all/function/internal_message.html?_=1684896621939&CODE_STATE=getMsg HTTP/1.1" 200 27
180.152.240.15 - - [24/May/2023:10:50:23 +0800] "GET /xingrg/kc/buy/cgsh_order_add.html HTTP/1.1" 200 71486
180.152.240.15 - - [24/May/2023:10:50:23 +0800] "GET /xingrg/javascript/easyui/themes/default/validatebox.css HTTP/1.1" 404 1104
180.152.240.15 - - [24/May/2023:10:50:23 +0800] "POST /xingrg/kc/buy/cgsh_order_operate.html HTTP/1.1" 200 8245
120.253.135.82 - - [24/May/2023:10:50:24 +0800] "GET /xingrg/kc/print/load_data.html?order_code=312023052400506&kc_code=mdps&condition= HTTP/1.1" 200 678
180.152.240.15 - - [24/May/2023:10:50:25 +0800] "GET /xingrg/javascript/easyui/themes/default/tree.css HTTP/1.1" 404 1090
180.152.240.15 - - [24/May/2023:10:50:26 +0800] "POST /xingrg/all/common/load_tree.html?tree=supplier_tree_json&isDelete=1 HTTP/1.1" 200 74192
180.169.147.146 - - [24/May/2023:10:50:27 +0800] "GET /xingrg/kc/buy/cgsh_order_operate.html?command=get_materiel&rest_code=00147&code=00101007072&supplier_code=00100004&order_time=2023-05-24 HTTP/1.1" 200 413
116.238.139.35 - - [24/May/2023:10:50:28 +0800] "GET /xingrg/all/function/internal_message.html?_=1684896626039&CODE_STATE=getMsg HTTP/1.1" 200 27
180.152.240.15 - - [24/May/2023:10:50:33 +0800] "GET /xingrg/javascript/auto/indicator.gif HTTP/1.1" 404 1066
180.169.147.146 - - [24/May/2023:10:50:37 +0800] "GET /xingrg/kc/buy/cgsh_order_operate.html?command=get_materiel&rest_code=00147&code=00101007022&supplier_code=00100004&order_time=2023-05-24 HTTP/1.1" 200 413
222.70.178.80 - - [24/May/2023:10:50:37 +0800] "GET /xingrg/all/function/internal_message.html?_=1684896637369&CODE_STATE=getMsg HTTP/1.1" 200 27
180.152.240.15 - - [24/May/2023:10:50:38 +0800] "GET /xingrg/kc/buy/cgsh_order_operate.html?command=get_materiel&rest_code=00102&code=00101011005&supplier_code=00100047&order_time=2023-05-24 HTTP/1.1" 200 429
114.83.218.112 - - [24/May/2023:10:50:39 +0800] "GET /xingrg/all/function/internal_message.html?_=1684896637231&CODE_STATE=getMsg HTTP/1.1" 200 27
172.20.0.100 - - [24/May/2023:10:50:45 +0800] "GET /xingrg/all/function/internal_message.html?_=1684896652619&CODE_STATE=getMsg HTTP/1.1" 200 27
222.70.172.86 - - [24/May/2023:10:50:46 +0800] "GET /xingrg/check_reg.html?_=1684896656110 HTTP/1.1" 200 22
180.152.240.15 - - [24/May/2023:10:50:48 +0800] "GET /xingrg/kc/buy/cgsh_order_operate.html?command=get_materiel&rest_code=00102&code=00101011001&supplier_code=00100047&order_time=2023-05-24 HTTP/1.1" 200 423
116.238.139.35 - - [24/May/2023:10:50:48 +0800] "GET /xingrg/all/function/internal_message.html?_=1684896563273&CODE_STATE=getMsg HTTP/1.1" 200 27
180.169.147.146 - - [24/May/2023:10:50:51 +0800] "GET /xingrg/kc/buy/cgsh_order_operate.html?command=get_materiel&rest_code=00147&code=00101007061&supplier_code=00100004&order_time=2023-05-24 HTTP/1.1" 200 409
124.79.240.114 - - [24/May/2023:10:50:54 +0800] "GET /xingrg/all/function/internal_message.html?_=1684896932913&CODE_STATE=getMsg HTTP/1.1" 200 27
116.232.195.127 - - [24/May/2023:10:50:59 +0800] "GET /xingrg/all/function/internal_message.html?_=1684896659036&CODE_STATE=getMsg HTTP/1.1" 200 27
222.69.129.217 - - [24/May/2023:10:50:59 +0800] "GET /xingrg/all/function/internal_message.html?_=1684896757217&CODE_STATE=getMsg HTTP/1.1" 200 27
180.169.147.146 - - [24/May/2023:10:50:59 +0800] "GET /xingrg/all/function/internal_message.html?_=1684896659641&CODE_STATE=getMsg HTTP/1.1" 200 27
180.152.240.15 - - [24/May/2023:10:51:00 +0800] "GET /xingrg/all/function/internal_message.html?_=1684896662081&CODE_STATE=getMsg HTTP/1.1" 200 27
101.83.145.52 - - [24/May/2023:10:51:05 +0800] "GET /xingrg/all/function/internal_message.html?_=1684896665316&CODE_STATE=getMsg HTTP/1.1" 200 27
218.81.78.189 - - [24/May/2023:10:51:05 +0800] "GET /xingrg/all/function/internal_message.html?_=1684896664387&CODE_STATE=getMsg HTTP/1.1" 200 27
120.253.135.82 - - [24/May/2023:10:51:09 +0800] "GET /xingrg/all/function/internal_message.html?_=1684896808533&CODE_STATE=getMsg HTTP/1.1" 200 27
180.169.147.146 - - [24/May/2023:10:51:09 +0800] "GET /xingrg/all/function/internal_message.html?_=1684896669371&CODE_STATE=getMsg HTTP/1.1" 200 27
180.169.147.146 - - [24/May/2023:10:51:14 +0800] "POST /xingrg/kc/buy/cgsh_order_operate.html HTTP/1.1" 200 37
116.232.195.127 - - [24/May/2023:10:51:14 +0800] "GET /xingrg/all/function/internal_message.html?_=1684896713323&CODE_STATE=getMsg HTTP/1.1" 200 27
120.253.135.82 - - [24/May/2023:10:51:15 +0800] "POST /xingrg/kc/pszx/mdps_order_operate.html HTTP/1.1" 200 37
222.67.238.82 - - [24/May/2023:10:51:16 +0800] "GET /xingrg/all/function/internal_message.html?_=1684896187573&CODE_STATE=getMsg HTTP/1.1" 200 27
180.169.147.146 - - [24/May/2023:10:51:17 +0800] "POST /xingrg/kc/buy/cgsh_order_operate.html HTTP/1.1" 200 4431
116.237.73.194 - - [24/May/2023:10:51:17 +0800] "GET /xingrg/all/function/internal_message.html?_=1684896671058&CODE_STATE=getMsg HTTP/1.1" 200 27
180.169.147.146 - - [24/May/2023:10:51:18 +0800] "GET /xingrg/kc/print/load_config.html?kc_code=cgsh HTTP/1.1" 200 1924
222.70.172.86 - - [24/May/2023:10:51:18 +0800] "GET /xingrg/all/function/internal_message.html?_=1684896688409&CODE_STATE=getMsg HTTP/1.1" 200 27
180.169.147.146 - - [24/May/2023:10:51:19 +0800] "GET /xingrg/kc/print/load_data.html?order_code=212023052408817&kc_code=cgsh&condition= HTTP/1.1" 200 1406
101.83.145.52 - - [24/May/2023:10:51:20 +0800] "GET /xingrg/all/function/internal_message.html?_=1684896513668&CODE_STATE=getMsg HTTP/1.1" 200 27
120.253.135.82 - - [24/May/2023:10:51:21 +0800] "POST /xingrg/kc/pszx/mdps_order_operate.html HTTP/1.1" 200 12
180.164.3.199 - - [24/May/2023:10:51:22 +0800] "GET /xingrg/all/function/internal_message.html?_=1684896681924&CODE_STATE=getMsg HTTP/1.1" 200 27
222.70.178.80 - - [24/May/2023:10:51:23 +0800] "POST /xingrg/kc/buy/cgsh_list_operate.html HTTP/1.1" 200 204
180.169.147.146 - - [24/May/2023:10:51:23 +0800] "GET /xingrg/kc/buy/cgsh_order_add.html HTTP/1.1" 200 71454
180.169.147.146 - - [24/May/2023:10:51:23 +0800] "POST /xingrg/kc/buy/cgsh_order_operate.html HTTP/1.1" 200 8245
180.169.147.146 - - [24/May/2023:10:51:23 +0800] "GET /xingrg/javascript/easyui/themes/default/validatebox.css HTTP/1.1" 404 1104
222.70.178.80 - - [24/May/2023:10:51:24 +0800] "GET /xingrg/kc/buy/cgsh_order_info.html?code=212023052408815 HTTP/1.1" 200 71418
222.70.178.80 - - [24/May/2023:10:51:25 +0800] "GET /xingrg/javascript/easyui/themes/default/validatebox.css HTTP/1.1" 404 1104
222.70.178.80 - - [24/May/2023:10:51:25 +0800] "GET /xingrg/all/common/auto_word.html?type=employee&rest_code=00111 HTTP/1.1" 200 155
222.70.178.80 - - [24/May/2023:10:51:25 +0800] "GET /xingrg/all/common/auto_word.html?type=employee&rest_code=00111 HTTP/1.1" 200 155
222.70.178.80 - - [24/May/2023:10:51:26 +0800] "POST /xingrg/kc/buy/cgsh_order_operate.html HTTP/1.1" 200 2667
222.70.178.80 - - [24/May/2023:10:51:27 +0800] "GET /xingrg/kc/print/load_config.html?kc_code=cgsh HTTP/1.1" 200 1924
116.238.139.35 - - [24/May/2023:10:51:28 +0800] "GET /xingrg/all/function/internal_message.html?_=1684896686023&CODE_STATE=getMsg HTTP/1.1" 200 27
222.70.178.80 - - [24/May/2023:10:51:28 +0800] "GET /xingrg/kc/print/load_data.html?order_code=212023052408815&kc_code=cgsh&condition= HTTP/1.1" 200 753
180.169.147.146 - - [24/May/2023:10:51:28 +0800] "GET /xingrg/check_reg.html?_=1684896689475 HTTP/1.1" 200 22
120.253.135.82 - - [24/May/2023:10:51:29 +0800] "GET /xingrg/kc/pszx/mdps_order_info.html?code=312023052400506 HTTP/1.1" 200 19636
120.253.135.82 - - [24/May/2023:10:51:30 +0800] "GET /xingrg/javascript/easyui/themes/default/validatebox.css HTTP/1.1" 404 1104
120.253.135.82 - - [24/May/2023:10:51:30 +0800] "POST /xingrg/kc/pszx/mdps_order_operate.html HTTP/1.1" 200 511
222.70.178.80 - - [24/May/2023:10:51:33 +0800] "GET /xingrg/kc/buy/cgsh_order_add.html HTTP/1.1" 200 71407
222.70.178.80 - - [24/May/2023:10:51:34 +0800] "POST /xingrg/kc/buy/cgsh_order_operate.html HTTP/1.1" 200 8245
222.70.178.80 - - [24/May/2023:10:51:34 +0800] "GET /xingrg/javascript/easyui/themes/default/validatebox.css HTTP/1.1" 404 1104
180.169.147.146 - - [24/May/2023:10:51:34 +0800] "GET /xingrg/kc/buy/cgsh_order_operate.html?command=get_materiel&rest_code=00147&code=00101006293&supplier_code=00100015&order_time=2023-05-24 HTTP/1.1" 200 430
222.70.178.80 - - [24/May/2023:10:51:34 +0800] "GET /xingrg/javascript/auto/indicator.gif HTTP/1.1" 404 1066
222.70.178.80 - - [24/May/2023:10:51:37 +0800] "GET /xingrg/all/function/internal_message.html?_=1684896697378&CODE_STATE=getMsg HTTP/1.1" 200 27
222.70.178.80 - - [24/May/2023:10:51:38 +0800] "GET /xingrg/javascript/jquery_tools/images/next.gif HTTP/1.1" 404 1086
222.70.178.80 - - [24/May/2023:10:51:38 +0800] "GET /xingrg/javascript/jquery_tools/images/prev.gif HTTP/1.1" 404 1086
114.83.218.112 - - [24/May/2023:10:51:39 +0800] "GET /xingrg/all/function/internal_message.html?_=1684896697201&CODE_STATE=getMsg HTTP/1.1" 200 27
101.83.145.52 - - [24/May/2023:10:51:44 +0800] "POST /xingrg/kc/buy/cgsh_order_operate.html HTTP/1.1" 200 37
180.169.147.146 - - [24/May/2023:10:51:44 +0800] "GET /xingrg/kc/buy/cgth_order_list.html HTTP/1.1" 200 55333
172.20.0.100 - - [24/May/2023:10:51:45 +0800] "GET /xingrg/all/function/internal_message.html?_=1684896712617&CODE_STATE=getMsg HTTP/1.1" 200 27
101.83.145.52 - - [24/May/2023:10:51:46 +0800] "POST /xingrg/kc/buy/cgsh_order_operate.html HTTP/1.1" 200 2661
180.169.147.146 - - [24/May/2023:10:51:46 +0800] "POST /xingrg/kc/buy/cgth_list_operate.html HTTP/1.1" 200 1931
180.169.147.146 - - [24/May/2023:10:51:47 +0800] "POST /xingrg/kc/buy/cgth_list_operate.html HTTP/1.1" 200 429
222.70.178.80 - - [24/May/2023:10:51:47 +0800] "GET /xingrg/kc/buy/cgsh_order_operate.html?command=get_materiel&rest_code=00111&code=00101010327&supplier_code=00100327&order_time=2023-05-24 HTTP/1.1" 200 417
180.169.147.146 - - [24/May/2023:10:51:47 +0800] "GET /xingrg/kc/buy/cgsh_order_operate.html?command=get_materiel&rest_code=00147&code=00101006129&supplier_code=00100015&order_time=2023-05-24 HTTP/1.1" 200 431
116.238.139.35 - - [24/May/2023:10:51:48 +0800] "GET /xingrg/all/function/internal_message.html?_=1684896623417&CODE_STATE=getMsg HTTP/1.1" 200 27
101.83.145.52 - - [24/May/2023:10:51:48 +0800] "GET /xingrg/kc/print/load_data.html?order_code=212023052408818&kc_code=cgsh&condition= HTTP/1.1" 200 677
120.253.135.82 - - [24/May/2023:10:51:49 +0800] "GET /xingrg/kc/pszx/mdps_order_list.html?orderType=0 HTTP/1.1" 200 21032
120.253.135.82 - - [24/May/2023:10:51:50 +0800] "POST /xingrg/kc/pszx/mdps_list_operate.html HTTP/1.1" 200 5318
180.169.147.146 - - [24/May/2023:10:51:50 +0800] "GET /xingrg/kc/buy/cgth_order_info.html?code=232022102600023 HTTP/1.1" 200 73482
180.169.147.146 - - [24/May/2023:10:51:50 +0800] "GET /xingrg/dwr/interface/AjaxComOrderService.js HTTP/1.1" 200 18264
180.169.147.146 - - [24/May/2023:10:51:50 +0800] "GET /xingrg/dwr/interface/AjaxCgthService.js HTTP/1.1" 200 14519
180.169.147.146 - - [24/May/2023:10:51:50 +0800] "GET /xingrg/dwr/engine.js HTTP/1.1" 200 43631
180.169.147.146 - - [24/May/2023:10:51:51 +0800] "POST /xingrg/all/common/load_tree.html?tree=supplier_tree_json&isDelete=1 HTTP/1.1" 200 74192
101.83.145.52 - - [24/May/2023:10:51:52 +0800] "GET /xingrg/kc/buy/cgsh_order_add.html HTTP/1.1" 200 71533
101.83.145.52 - - [24/May/2023:10:51:53 +0800] "GET /xingrg/javascript/easyui/themes/default/validatebox.css HTTP/1.1" 404 1104
101.83.145.52 - - [24/May/2023:10:51:53 +0800] "POST /xingrg/kc/buy/cgsh_order_operate.html HTTP/1.1" 200 8245
180.169.147.146 - - [24/May/2023:10:51:53 +0800] "POST /xingrg/dwr/call/plaincall/AjaxCgthService.loadMaterielItems.dwr HTTP/1.1" 200 4318
124.79.240.114 - - [24/May/2023:10:51:54 +0800] "GET /xingrg/all/function/internal_message.html?_=1684896992912&CODE_STATE=getMsg HTTP/1.1" 200 27
222.70.178.80 - - [24/May/2023:10:51:58 +0800] "POST /xingrg/kc/buy/cgsh_order_operate.html HTTP/1.1" 200 37
116.232.195.127 - - [24/May/2023:10:51:59 +0800] "GET /xingrg/check_reg.html?_=1684896719026 HTTP/1.1" 200 22
116.232.195.127 - - [24/May/2023:10:51:59 +0800] "GET /xingrg/all/function/internal_message.html?_=1684896719029&CODE_STATE=getMsg HTTP/1.1" 200 27
222.69.129.217 - - [24/May/2023:10:51:59 +0800] "GET /xingrg/all/function/internal_message.html?_=1684896817200&CODE_STATE=getMsg HTTP/1.1" 200 27
180.169.147.146 - - [24/May/2023:10:51:59 +0800] "GET /xingrg/all/function/internal_message.html?_=1684896719640&CODE_STATE=getMsg HTTP/1.1" 200 27
180.152.240.15 - - [24/May/2023:10:52:00 +0800] "GET /xingrg/all/function/internal_message.html?_=1684896722052&CODE_STATE=getMsg HTTP/1.1" 200 27
222.70.178.80 - - [24/May/2023:10:52:00 +0800] "POST /xingrg/kc/buy/cgsh_order_operate.html HTTP/1.1" 200 2662
180.152.240.15 - - [24/May/2023:10:52:01 +0800] "GET /xingrg/check_reg.html?_=1684896723166 HTTP/1.1" 200 22
222.70.178.80 - - [24/May/2023:10:52:03 +0800] "GET /xingrg/kc/print/load_data.html?order_code=212023052408819&kc_code=cgsh&condition= HTTP/1.1" 200 672
101.83.145.52 - - [24/May/2023:10:52:03 +0800] "GET /xingrg/kc/buy/cgsh_order_operate.html?command=get_materiel&rest_code=00105&code=00101001140&supplier_code=00100319&order_time=2023-05-24 HTTP/1.1" 200 417
180.169.147.146 - - [24/May/2023:10:52:04 +0800] "GET /xingrg/kc/buy/cgsh_order_operate.html?command=get_materiel&rest_code=00147&code=00101006240&supplier_code=00100015&order_time=2023-05-24 HTTP/1.1" 200 422
101.83.145.52 - - [24/May/2023:10:52:05 +0800] "GET /xingrg/all/function/internal_message.html?_=1684896725309&CODE_STATE=getMsg HTTP/1.1" 200 27
218.81.78.189 - - [24/May/2023:10:52:05 +0800] "GET /xingrg/all/function/internal_message.html?_=1684896724358&CODE_STATE=getMsg HTTP/1.1" 200 27
222.70.178.80 - - [24/May/2023:10:52:07 +0800] "GET /xingrg/kc/buy/cgsh_order_add.html HTTP/1.1" 200 71407
222.70.178.80 - - [24/May/2023:10:52:07 +0800] "POST /xingrg/kc/buy/cgsh_order_operate.html HTTP/1.1" 200 8245
222.70.178.80 - - [24/May/2023:10:52:07 +0800] "GET /xingrg/javascript/easyui/themes/default/validatebox.css HTTP/1.1" 404 1104
120.253.135.82 - - [24/May/2023:10:52:09 +0800] "GET /xingrg/all/function/internal_message.html?_=1684896868538&CODE_STATE=getMsg HTTP/1.1" 200 27
180.169.147.146 - - [24/May/2023:10:52:09 +0800] "GET /xingrg/check_reg.html?_=1684896729379 HTTP/1.1" 200 22
180.169.147.146 - - [24/May/2023:10:52:09 +0800] "GET /xingrg/all/function/internal_message.html?_=1684896729384&CODE_STATE=getMsg HTTP/1.1" 200 27
180.164.3.199 - - [24/May/2023:10:52:11 +0800] "GET /xingrg/check_reg.html?_=1684896731625 HTTP/1.1" 200 22
116.232.195.127 - - [24/May/2023:10:52:14 +0800] "GET /xingrg/all/function/internal_message.html?_=1684896773337&CODE_STATE=getMsg HTTP/1.1" 200 27
222.67.238.82 - - [24/May/2023:10:52:16 +0800] "GET /xingrg/all/function/internal_message.html?_=1684896247542&CODE_STATE=getMsg HTTP/1.1" 200 27
180.152.240.15 - - [24/May/2023:10:52:17 +0800] "POST /xingrg/kc/buy/cgsh_order_operate.html HTTP/1.1" 200 37
116.237.73.194 - - [24/May/2023:10:52:17 +0800] "GET /xingrg/all/function/internal_message.html?_=1684896731042&CODE_STATE=getMsg HTTP/1.1" 200 27
222.67.238.82 - - [24/May/2023:10:52:17 +0800] "GET /xingrg/check_reg.html?_=1684896249397 HTTP/1.1" 200 22
120.253.135.82 - - [24/May/2023:10:52:17 +0800] "GET /xingrg/check_reg.html?_=1684896574207 HTTP/1.1" 200 22
222.70.172.86 - - [24/May/2023:10:52:18 +0800] "GET /xingrg/all/function/internal_message.html?_=1684896748423&CODE_STATE=getMsg HTTP/1.1" 200 27
101.83.145.52 - - [24/May/2023:10:52:19 +0800] "GET /xingrg/kc/buy/cgsh_order_operate.html?command=get_materiel&rest_code=00105&code=00101001125&supplier_code=00100319&order_time=2023-05-24 HTTP/1.1" 200 415
101.83.145.52 - - [24/May/2023:10:52:20 +0800] "GET /xingrg/all/function/internal_message.html?_=1684896573672&CODE_STATE=getMsg HTTP/1.1" 200 27
222.70.178.80 - - [24/May/2023:10:52:21 +0800] "GET /xingrg/kc/buy/cgsh_order_operate.html?command=get_materiel&rest_code=00111&code=00101003082&supplier_code=00100094&order_time=2023-05-24 HTTP/1.1" 200 418
180.164.3.199 - - [24/May/2023:10:52:22 +0800] "GET /xingrg/all/function/internal_message.html?_=1684896741922&CODE_STATE=getMsg HTTP/1.1" 200 27
180.169.147.146 - - [24/May/2023:10:52:26 +0800] "POST /xingrg/kc/buy/cgsh_order_operate.html HTTP/1.1" 200 37
180.152.240.15 - - [24/May/2023:10:52:27 +0800] "POST /xingrg/kc/buy/cgsh_order_operate.html HTTP/1.1" 200 12
116.237.73.194 - - [24/May/2023:10:52:28 +0800] "POST /xingrg/services/DataTransmitService HTTP/1.1" 200 524
116.238.139.35 - - [24/May/2023:10:52:28 +0800] "GET /xingrg/all/function/internal_message.html?_=1684896746008&CODE_STATE=getMsg HTTP/1.1" 200 27
180.169.147.146 - - [24/May/2023:10:52:28 +0800] "POST /xingrg/kc/buy/cgsh_order_operate.html HTTP/1.1" 200 3890
116.237.73.194 - - [24/May/2023:10:52:28 +0800] "POST /xingrg/services/DataTransmitService HTTP/1.1" 200 501
180.169.147.146 - - [24/May/2023:10:52:30 +0800] "GET /xingrg/kc/print/load_data.html?order_code=212023052408821&kc_code=cgsh&condition= HTTP/1.1" 200 1272
180.152.240.15 - - [24/May/2023:10:52:30 +0800] "GET /xingrg/kc/buy/cgsh_order_info.html?code=212023052408820 HTTP/1.1" 200 66393
180.152.240.15 - - [24/May/2023:10:52:30 +0800] "GET /xingrg/javascript/easyui/themes/default/validatebox.css HTTP/1.1" 404 1104
101.83.145.52 - - [24/May/2023:10:52:30 +0800] "GET /xingrg/kc/buy/cgsh_order_operate.html?command=get_materiel&rest_code=00105&code=00101001169&supplier_code=00100319&order_time=2023-05-24 HTTP/1.1" 200 417
180.152.240.15 - - [24/May/2023:10:52:31 +0800] "POST /xingrg/kc/buy/cgsh_order_operate.html HTTP/1.1" 200 1210
180.169.147.146 - - [24/May/2023:10:52:33 +0800] "GET /xingrg/kc/buy/cgsh_order_add.html HTTP/1.1" 200 71454
180.152.240.15 - - [24/May/2023:10:52:33 +0800] "GET /xingrg/kc/print/load_data.html?order_code=212023052408820&kc_code=cgsh&condition= HTTP/1.1" 200 972
180.169.147.146 - - [24/May/2023:10:52:33 +0800] "GET /xingrg/javascript/easyui/themes/default/validatebox.css HTTP/1.1" 404 1104
180.169.147.146 - - [24/May/2023:10:52:33 +0800] "POST /xingrg/kc/buy/cgsh_order_operate.html HTTP/1.1" 200 8245
222.70.110.223 - - [24/May/2023:10:52:34 +0800] "POST /xingrg/services/DataTransmitService HTTP/1.1" 200 524
222.70.178.80 - - [24/May/2023:10:52:37 +0800] "GET /xingrg/all/function/internal_message.html?_=1684896757389&CODE_STATE=getMsg HTTP/1.1" 200 27
114.83.218.112 - - [24/May/2023:10:52:39 +0800] "GET /xingrg/all/function/internal_message.html?_=1684896757173&CODE_STATE=getMsg HTTP/1.1" 200 27
114.83.218.112 - - [24/May/2023:10:52:41 +0800] "GET /xingrg/check_reg.html?_=1684896758585 HTTP/1.1" 200 22
222.70.178.80 - - [24/May/2023:10:52:44 +0800] "POST /xingrg/kc/buy/cgsh_order_operate.html HTTP/1.1" 200 37
116.238.139.35 - - [24/May/2023:10:52:44 +0800] "GET /xingrg/check_reg.html?_=1684896762811 HTTP/1.1" 200 22
172.20.0.100 - - [24/May/2023:10:52:45 +0800] "GET /xingrg/all/function/internal_message.html?_=1684896772615&CODE_STATE=getMsg HTTP/1.1" 200 27
172.20.0.100 - - [24/May/2023:10:52:45 +0800] "GET /xingrg/check_reg.html?_=1684896772616 HTTP/1.1" 200 22
222.70.178.80 - - [24/May/2023:10:52:46 +0800] "POST /xingrg/kc/buy/cgsh_order_operate.html HTTP/1.1" 200 2667
101.83.145.52 - - [24/May/2023:10:52:47 +0800] "POST /xingrg/kc/buy/cgsh_order_operate.html HTTP/1.1" 200 88
116.238.139.35 - - [24/May/2023:10:52:48 +0800] "GET /xingrg/all/function/internal_message.html?_=1684896683425&CODE_STATE=getMsg HTTP/1.1" 200 27
222.70.178.80 - - [24/May/2023:10:52:48 +0800] "GET /xingrg/kc/print/load_data.html?order_code=212023052408822&kc_code=cgsh&condition= HTTP/1.1" 200 755
222.70.178.80 - - [24/May/2023:10:52:53 +0800] "GET /xingrg/kc/buy/cgsh_order_add.html HTTP/1.1" 200 71407
222.70.178.80 - - [24/May/2023:10:52:53 +0800] "POST /xingrg/kc/buy/cgsh_order_operate.html HTTP/1.1" 200 8245
222.70.178.80 - - [24/May/2023:10:52:53 +0800] "GET /xingrg/javascript/easyui/themes/default/validatebox.css HTTP/1.1" 404 1104
124.79.240.114 - - [24/May/2023:10:52:54 +0800] "GET /xingrg/check_reg.html?_=1684897052912 HTTP/1.1" 200 22
124.79.240.114 - - [24/May/2023:10:52:54 +0800] "GET /xingrg/all/function/internal_message.html?_=1684897052910&CODE_STATE=getMsg HTTP/1.1" 200 27
101.83.145.52 - - [24/May/2023:10:52:54 +0800] "POST /xingrg/kc/buy/cgsh_order_operate.html HTTP/1.1" 200 37
101.83.145.52 - - [24/May/2023:10:52:56 +0800] "POST /xingrg/kc/buy/cgsh_order_operate.html HTTP/1.1" 200 3863
116.232.195.127 - - [24/May/2023:10:52:59 +0800] "GET /xingrg/all/function/internal_message.html?_=1684896779025&CODE_STATE=getMsg HTTP/1.1" 200 27
222.69.129.217 - - [24/May/2023:10:52:59 +0800] "GET /xingrg/all/function/internal_message.html?_=1684896877198&CODE_STATE=getMsg HTTP/1.1" 200 27
101.83.145.52 - - [24/May/2023:10:52:59 +0800] "GET /xingrg/kc/print/load_data.html?order_code=212023052408824&kc_code=cgsh&condition= HTTP/1.1" 200 1142
180.169.147.146 - - [24/May/2023:10:52:59 +0800] "GET /xingrg/check_reg.html?_=1684896779633 HTTP/1.1" 200 22
180.169.147.146 - - [24/May/2023:10:52:59 +0800] "GET /xingrg/all/function/internal_message.html?_=1684896779636&CODE_STATE=getMsg HTTP/1.1" 200 27
180.152.240.15 - - [24/May/2023:10:53:00 +0800] "GET /xingrg/all/function/internal_message.html?_=1684896782038&CODE_STATE=getMsg HTTP/1.1" 200 27
222.70.178.80 - - [24/May/2023:10:53:04 +0800] "GET /xingrg/kc/buy/cgsh_order_operate.html?command=get_materiel&rest_code=00111&code=00101006001&supplier_code=00100574&order_time=2023-05-24 HTTP/1.1" 200 428
101.83.145.52 - - [24/May/2023:10:53:04 +0800] "GET /xingrg/kc/buy/cgsh_order_add.html HTTP/1.1" 200 71533
101.83.145.52 - - [24/May/2023:10:53:05 +0800] "GET /xingrg/javascript/easyui/themes/default/validatebox.css HTTP/1.1" 404 1104
101.83.145.52 - - [24/May/2023:10:53:05 +0800] "POST /xingrg/kc/buy/cgsh_order_operate.html HTTP/1.1" 200 8245
101.83.145.52 - - [24/May/2023:10:53:05 +0800] "GET /xingrg/all/function/internal_message.html?_=1684896785333&CODE_STATE=getMsg HTTP/1.1" 200 27
218.81.78.189 - - [24/May/2023:10:53:05 +0800] "GET /xingrg/all/function/internal_message.html?_=1684896784329&CODE_STATE=getMsg HTTP/1.1" 200 27
120.253.135.82 - - [24/May/2023:10:53:09 +0800] "GET /xingrg/all/function/internal_message.html?_=1684896928542&CODE_STATE=getMsg HTTP/1.1" 200 27
180.169.147.146 - - [24/May/2023:10:53:09 +0800] "GET /xingrg/all/function/internal_message.html?_=1684896789377&CODE_STATE=getMsg HTTP/1.1" 200 27
116.232.195.127 - - [24/May/2023:10:53:14 +0800] "GET /xingrg/all/function/internal_message.html?_=1684896833332&CODE_STATE=getMsg HTTP/1.1" 200 27
222.67.238.82 - - [24/May/2023:10:53:15 +0800] "GET /xingrg/all/function/internal_message.html?_=1684896307521&CODE_STATE=getMsg HTTP/1.1" 200 27
114.83.218.112 - - [24/May/2023:10:53:16 +0800] "GET /xingrg/kc/base/wldb_order_add.html HTTP/1.1" 200 30387
114.83.218.112 - - [24/May/2023:10:53:16 +0800] "GET /xingrg/words/20230523165722_words.js HTTP/1.1" 304 -
114.83.218.112 - - [24/May/2023:10:53:16 +0800] "POST /xingrg/kc/base/wldb_order_operate.html HTTP/1.1" 200 6806
114.83.218.112 - - [24/May/2023:10:53:16 +0800] "GET /xingrg/javascript/easyui/themes/default/validatebox.css HTTP/1.1" 404 1104
116.237.73.194 - - [24/May/2023:10:53:17 +0800] "GET /xingrg/all/function/internal_message.html?_=1684896791015&CODE_STATE=getMsg HTTP/1.1" 200 27
101.83.145.52 - - [24/May/2023:10:53:19 +0800] "GET /xingrg/kc/buy/cgsh_order_operate.html?command=get_materiel&rest_code=00105&code=00101004101&supplier_code=00100086&order_time=2023-05-24 HTTP/1.1" 200 434
222.70.178.80 - - [24/May/2023:10:53:19 +0800] "GET /xingrg/kc/buy/cgsh_order_operate.html?command=get_materiel&rest_code=00111&code=00101010282&supplier_code=00100574&order_time=2023-05-24 HTTP/1.1" 200 413
222.70.172.86 - - [24/May/2023:10:53:19 +0800] "GET /xingrg/all/function/internal_message.html?_=1684896809143&CODE_STATE=getMsg HTTP/1.1" 200 27
101.83.145.52 - - [24/May/2023:10:53:20 +0800] "GET /xingrg/all/function/internal_message.html?_=1684896633675&CODE_STATE=getMsg HTTP/1.1" 200 27
180.164.3.199 - - [24/May/2023:10:53:22 +0800] "GET /xingrg/all/function/internal_message.html?_=1684896801907&CODE_STATE=getMsg HTTP/1.1" 200 27
114.83.218.112 - - [24/May/2023:10:53:25 +0800] "GET /xingrg/kc/base/wldb_order_operate.html?command=get_materiel&rest_code=00149&base_code=0010394&code=00101019222 HTTP/1.1" 200 453
116.238.139.35 - - [24/May/2023:10:53:28 +0800] "GET /xingrg/all/function/internal_message.html?_=1684896805977&CODE_STATE=getMsg HTTP/1.1" 200 27
101.83.145.52 - - [24/May/2023:10:53:31 +0800] "POST /xingrg/kc/buy/cgsh_order_operate.html HTTP/1.1" 200 37
222.70.178.80 - - [24/May/2023:10:53:35 +0800] "POST /xingrg/kc/buy/cgsh_order_operate.html HTTP/1.1" 200 88
114.83.218.112 - - [24/May/2023:10:53:35 +0800] "GET /xingrg/kc/base/wldb_order_operate.html?command=get_materiel&rest_code=00149&base_code=0010394&code=00101019071 HTTP/1.1" 200 471
101.83.145.52 - - [24/May/2023:10:53:35 +0800] "POST /xingrg/kc/buy/cgsh_order_operate.html HTTP/1.1" 200 2660
222.70.178.80 - - [24/May/2023:10:53:37 +0800] "GET /xingrg/all/function/internal_message.html?_=1684896817373&CODE_STATE=getMsg HTTP/1.1" 200 27
101.83.145.52 - - [24/May/2023:10:53:38 +0800] "GET /xingrg/kc/print/load_data.html?order_code=212023052408825&kc_code=cgsh&condition= HTTP/1.1" 200 736
114.83.218.112 - - [24/May/2023:10:53:39 +0800] "GET /xingrg/all/function/internal_message.html?_=1684896817170&CODE_STATE=getMsg HTTP/1.1" 200 27
114.83.218.112 - - [24/May/2023:10:53:42 +0800] "GET /xingrg/kc/base/wldb_order_operate.html?command=get_materiel&rest_code=00149&base_code=0010394&code=00101019063 HTTP/1.1" 200 460
101.83.145.52 - - [24/May/2023:10:53:42 +0800] "GET /xingrg/kc/buy/cgsh_order_add.html HTTP/1.1" 200 71533
101.83.145.52 - - [24/May/2023:10:53:42 +0800] "POST /xingrg/kc/buy/cgsh_order_operate.html HTTP/1.1" 200 8245
101.83.145.52 - - [24/May/2023:10:53:42 +0800] "GET /xingrg/javascript/easyui/themes/default/validatebox.css HTTP/1.1" 404 1104
222.70.178.80 - - [24/May/2023:10:53:42 +0800] "POST /xingrg/kc/buy/cgsh_order_operate.html HTTP/1.1" 200 37
222.70.178.80 - - [24/May/2023:10:53:44 +0800] "POST /xingrg/kc/buy/cgsh_order_operate.html HTTP/1.1" 200 3266
172.20.0.100 - - [24/May/2023:10:53:45 +0800] "GET /xingrg/all/function/internal_message.html?_=1684896832615&CODE_STATE=getMsg HTTP/1.1" 200 27
222.70.178.80 - - [24/May/2023:10:53:47 +0800] "GET /xingrg/kc/print/load_data.html?order_code=212023052408827&kc_code=cgsh&condition= HTTP/1.1" 200 917
116.238.139.35 - - [24/May/2023:10:53:48 +0800] "GET /xingrg/all/function/internal_message.html?_=1684896743581&CODE_STATE=getMsg HTTP/1.1" 200 27
222.70.178.80 - - [24/May/2023:10:53:52 +0800] "GET /xingrg/kc/buy/cgsh_order_add.html HTTP/1.1" 200 71407
222.70.178.80 - - [24/May/2023:10:53:52 +0800] "POST /xingrg/kc/buy/cgsh_order_operate.html HTTP/1.1" 200 8245
222.70.178.80 - - [24/May/2023:10:53:52 +0800] "GET /xingrg/javascript/easyui/themes/default/validatebox.css HTTP/1.1" 404 1104
124.79.240.114 - - [24/May/2023:10:53:54 +0800] "GET /xingrg/all/function/internal_message.html?_=1684897112909&CODE_STATE=getMsg HTTP/1.1" 200 27
116.232.195.127 - - [24/May/2023:10:53:54 +0800] "GET /favicon.ico HTTP/1.1" 404 -
180.169.147.146 - - [24/May/2023:10:53:54 +0800] "GET /xingrg/kc/buy/cgsh_order_operate.html?command=get_materiel&rest_code=00147&code=00101011004&supplier_code=00100242&order_time=2023-05-24 HTTP/1.1" 200 412
116.232.195.127 - - [24/May/2023:10:53:54 +0800] "GET /xingrg/index.html?sysBaseUrl=http%3A%2F%2F180.169.147.146%3A18081%2Fxingrg%2F&costTime=1277×tamp=1606817596806 HTTP/1.1" 302 -
116.232.195.127 - - [24/May/2023:10:53:54 +0800] "GET /xingrg/login.html HTTP/1.1" 200 7641
101.83.145.52 - - [24/May/2023:10:53:54 +0800] "GET /xingrg/kc/buy/cgsh_order_operate.html?command=get_materiel&rest_code=00105&code=00101018019&supplier_code=00100330&order_time=2023-05-24 HTTP/1.1" 200 421
116.232.195.127 - - [24/May/2023:10:53:55 +0800] "GET /favicon.ico HTTP/1.1" 404 -
222.69.129.217 - - [24/May/2023:10:53:56 +0800] "GET /xingrg/check_reg.html?_=1684896933923 HTTP/1.1" 200 22
116.232.195.127 - - [24/May/2023:10:53:59 +0800] "GET /xingrg/all/function/internal_message.html?_=1684896839039&CODE_STATE=getMsg HTTP/1.1" 200 27
222.69.129.217 - - [24/May/2023:10:53:59 +0800] "GET /xingrg/all/function/internal_message.html?_=1684896937178&CODE_STATE=getMsg HTTP/1.1" 200 27
114.83.218.112 - - [24/May/2023:10:53:59 +0800] "POST /xingrg/kc/base/wldb_order_operate.html HTTP/1.1" 200 37
180.169.147.146 - - [24/May/2023:10:53:59 +0800] "GET /xingrg/all/function/internal_message.html?_=1684896839635&CODE_STATE=getMsg HTTP/1.1" 200 27
180.152.240.15 - - [24/May/2023:10:54:00 +0800] "GET /xingrg/all/function/internal_message.html?_=1684896842021&CODE_STATE=getMsg HTTP/1.1" 200 27
114.83.218.112 - - [24/May/2023:10:54:00 +0800] "POST /xingrg/kc/base/wldb_order_operate.html HTTP/1.1" 200 4179
114.83.218.112 - - [24/May/2023:10:54:01 +0800] "GET /xingrg/kc/base/wldb_order_info.html?code=422023052401900 HTTP/1.1" 200 30402
114.83.218.112 - - [24/May/2023:10:54:01 +0800] "GET /xingrg/javascript/easyui/themes/default/validatebox.css HTTP/1.1" 404 1104
114.83.218.112 - - [24/May/2023:10:54:02 +0800] "POST /xingrg/kc/base/wldb_order_operate.html HTTP/1.1" 200 4179
222.70.178.80 - - [24/May/2023:10:54:02 +0800] "GET /xingrg/kc/buy/cgsh_order_operate.html?command=get_materiel&rest_code=00111&code=00101010547&supplier_code=00100325&order_time=2023-05-24 HTTP/1.1" 200 421
116.232.195.127 - - [24/May/2023:10:54:02 +0800] "POST /xingrg/login.do HTTP/1.1" 302 -
116.232.195.127 - - [24/May/2023:10:54:02 +0800] "GET /xingrg/index.html?sysBaseUrl=http%3A%2F%2F180.169.147.146%3A18081%2Fxingrg%2F&costTime=883×tamp=1684896842741 HTTP/1.1" 200 17179
116.232.195.127 - - [24/May/2023:10:54:02 +0800] "GET /favicon.ico HTTP/1.1" 404 -
116.232.195.127 - - [24/May/2023:10:54:03 +0800] "GET /xingrg/all/function/internal_message.html?_=1684896881704&CODE_STATE=count HTTP/1.1" 200 11
116.232.195.127 - - [24/May/2023:10:54:03 +0800] "GET /xingrg/check_reg.html?_=1684896881705 HTTP/1.1" 200 22
116.232.195.127 - - [24/May/2023:10:54:03 +0800] "POST /xingrg/all/common/load_tree.html?tree=area_rest_tree_json&manage=1 HTTP/1.1" 200 479
116.232.195.127 - - [24/May/2023:10:54:03 +0800] "POST /xingrg/load_menu.html HTTP/1.1" 200 5138
180.169.147.146 - - [24/May/2023:10:54:04 +0800] "GET /xingrg/kc/buy/cgsh_order_operate.html?command=get_materiel&rest_code=00147&code=00101011005&supplier_code=00100242&order_time=2023-05-24 HTTP/1.1" 200 429
101.83.145.52 - - [24/May/2023:10:54:05 +0800] "GET /xingrg/check_reg.html?_=1684896845308 HTTP/1.1" 200 22
101.83.145.52 - - [24/May/2023:10:54:05 +0800] "GET /xingrg/all/function/internal_message.html?_=1684896845311&CODE_STATE=getMsg HTTP/1.1" 200 27
218.81.78.189 - - [24/May/2023:10:54:05 +0800] "GET /xingrg/all/function/internal_message.html?_=1684896844299&CODE_STATE=getMsg HTTP/1.1" 200 27
218.81.78.189 - - [24/May/2023:10:54:05 +0800] "GET /xingrg/check_reg.html?_=1684896844412 HTTP/1.1" 200 22
101.83.145.52 - - [24/May/2023:10:54:08 +0800] "GET /xingrg/kc/buy/cgsh_order_operate.html?command=get_materiel&rest_code=00105&code=00101018018&supplier_code=00100330&order_time=2023-05-24 HTTP/1.1" 200 419
120.253.135.82 - - [24/May/2023:10:54:09 +0800] "GET /xingrg/all/function/internal_message.html?_=1684896988547&CODE_STATE=getMsg HTTP/1.1" 200 27
120.253.135.82 - - [24/May/2023:10:54:09 +0800] "GET /xingrg/check_reg.html?_=1684896988549 HTTP/1.1" 200 22
180.169.147.146 - - [24/May/2023:10:54:09 +0800] "GET /xingrg/all/function/internal_message.html?_=1684896849381&CODE_STATE=getMsg HTTP/1.1" 200 27
116.232.195.127 - - [24/May/2023:10:54:10 +0800] "GET /xingrg/kc/buy/cgsh_order_list.html HTTP/1.1" 200 55675
116.238.139.35 - - [24/May/2023:10:54:13 +0800] "GET /xingrg/kc/mdqp/pssh_order_list.html HTTP/1.1" 200 17886
116.238.139.35 - - [24/May/2023:10:54:14 +0800] "POST /xingrg/kc/mdqp/pssh_list_operate.html HTTP/1.1" 200 5471
116.238.139.35 - - [24/May/2023:10:54:15 +0800] "POST /xingrg/kc/mdqp/pssh_list_operate.html HTTP/1.1" 200 258
116.237.73.194 - - [24/May/2023:10:54:17 +0800] "GET /xingrg/check_reg.html?_=1684896850456 HTTP/1.1" 200 22
116.237.73.194 - - [24/May/2023:10:54:17 +0800] "GET /xingrg/all/function/internal_message.html?_=1684896850991&CODE_STATE=getMsg HTTP/1.1" 200 27
101.83.145.52 - - [24/May/2023:10:54:18 +0800] "POST /xingrg/kc/buy/cgsh_order_operate.html HTTP/1.1" 200 37
