222.70.178.80 - - [24/May/2023:11:27:53 +0800] "POST /xingrg/kc/base/wldb_order_operate.html HTTP/1.1" 200 3609
124.79.240.114 - - [24/May/2023:11:27:54 +0800] "GET /xingrg/all/function/internal_message.html?_=1684899152955&CODE_STATE=getMsg HTTP/1.1" 200 27
124.79.240.114 - - [24/May/2023:11:27:54 +0800] "GET /xingrg/check_reg.html?_=1684899152957 HTTP/1.1" 200 22
222.70.178.80 - - [24/May/2023:11:27:54 +0800] "GET /xingrg/kc/base/wldb_order_add.html HTTP/1.1" 200 30381
222.70.178.80 - - [24/May/2023:11:27:54 +0800] "GET /xingrg/javascript/easyui/themes/default/validatebox.css HTTP/1.1" 404 1104
222.70.178.80 - - [24/May/2023:11:27:54 +0800] "POST /xingrg/kc/base/wldb_order_operate.html HTTP/1.1" 200 6806
101.83.145.52 - - [24/May/2023:11:27:57 +0800] "GET /xingrg/kc/base/wldb_order_operate.html?command=get_materiel&rest_code=00105&base_code=0010507&code=00101019339 HTTP/1.1" 200 468
222.69.129.217 - - [24/May/2023:11:27:58 +0800] "GET /xingrg/all/function/internal_message.html?_=1684898976698&CODE_STATE=getMsg HTTP/1.1" 200 27
116.232.195.127 - - [24/May/2023:11:27:59 +0800] "GET /xingrg/all/function/internal_message.html?_=1684898879043&CODE_STATE=getMsg HTTP/1.1" 200 27
116.228.172.94 - - [24/May/2023:11:27:59 +0800] "GET /xingrg/kc/buy/cgsh_order_add.html HTTP/1.1" 200 70504
180.152.240.15 - - [24/May/2023:11:27:59 +0800] "GET /xingrg/all/function/internal_message.html?_=1684898881389&CODE_STATE=getMsg HTTP/1.1" 200 27
180.169.147.146 - - [24/May/2023:11:27:59 +0800] "GET /xingrg/check_reg.html?_=1684898879680 HTTP/1.1" 200 22
180.169.147.146 - - [24/May/2023:11:27:59 +0800] "GET /xingrg/all/function/internal_message.html?_=1684898879683&CODE_STATE=getMsg HTTP/1.1" 200 27
116.228.172.94 - - [24/May/2023:11:27:59 +0800] "POST /xingrg/kc/buy/cgsh_order_operate.html HTTP/1.1" 200 8245
116.228.172.94 - - [24/May/2023:11:27:59 +0800] "GET /xingrg/javascript/easyui/themes/default/validatebox.css HTTP/1.1" 404 1104
222.67.238.82 - - [24/May/2023:11:28:00 +0800] "GET /xingrg/kc/buy/cgsh_order_operate.html?command=get_materiel&rest_code=00141&code=00101001052&supplier_code=00100090&order_time=2023-05-24 HTTP/1.1" 200 409
116.232.195.127 - - [24/May/2023:11:28:03 +0800] "GET /xingrg/all/function/internal_message.html?_=1684898921716&CODE_STATE=getMsg HTTP/1.1" 200 27
101.83.145.52 - - [24/May/2023:11:28:04 +0800] "GET /xingrg/kc/base/wldb_order_operate.html?command=get_materiel&rest_code=00105&base_code=0010508&code=00102002500 HTTP/1.1" 200 453
101.83.145.52 - - [24/May/2023:11:28:04 +0800] "GET /xingrg/all/function/internal_message.html?_=1684898884764&CODE_STATE=getMsg HTTP/1.1" 200 27
218.81.78.189 - - [24/May/2023:11:28:04 +0800] "GET /xingrg/all/function/internal_message.html?_=1684898883629&CODE_STATE=getMsg HTTP/1.1" 200 27
116.237.73.194 - - [24/May/2023:11:28:06 +0800] "GET /xingrg/all/function/internal_message.html?_=1684898887764&CODE_STATE=getMsg HTTP/1.1" 200 27
222.70.178.80 - - [24/May/2023:11:28:06 +0800] "GET /xingrg/kc/base/wldb_order_operate.html?command=get_materiel&rest_code=00111&base_code=0010306&code=00102009742 HTTP/1.1" 200 435
180.163.28.109 - - [24/May/2023:11:28:09 +0800] "GET /xingrg/kc/print/load_data.html?order_code=212023052408814&kc_code=cgsh HTTP/1.1" 302 -
180.163.28.109 - - [24/May/2023:11:28:09 +0800] "GET /xingrg/login.html HTTP/1.1" 200 7641
180.169.147.146 - - [24/May/2023:11:28:09 +0800] "GET /xingrg/all/function/internal_message.html?_=1684898889431&CODE_STATE=getMsg HTTP/1.1" 200 27
101.83.145.52 - - [24/May/2023:11:28:09 +0800] "GET /xingrg/kc/base/wldb_order_operate.html?command=get_materiel&rest_code=00105&base_code=0010508&code=00102002562 HTTP/1.1" 200 461
101.83.145.52 - - [24/May/2023:11:28:11 +0800] "GET /xingrg/kc/base/wldb_order_operate.html?command=get_materiel&rest_code=00105&base_code=0010507&code=00101019249 HTTP/1.1" 200 470
222.70.178.80 - - [24/May/2023:11:28:11 +0800] "GET /xingrg/kc/base/wldb_order_operate.html?command=get_materiel&rest_code=00111&base_code=0010306&code=00102002118 HTTP/1.1" 200 467
222.67.238.82 - - [24/May/2023:11:28:11 +0800] "POST /xingrg/kc/buy/cgsh_order_operate.html HTTP/1.1" 200 37
101.83.145.52 - - [24/May/2023:11:28:15 +0800] "POST /xingrg/kc/base/wldb_order_operate.html HTTP/1.1" 200 37
101.83.145.52 - - [24/May/2023:11:28:16 +0800] "POST /xingrg/kc/base/wldb_order_operate.html HTTP/1.1" 200 2688
116.228.172.94 - - [24/May/2023:11:28:17 +0800] "GET /xingrg/kc/buy/cgsh_order_operate.html?command=get_materiel&rest_code=00153&code=00101008155&supplier_code=00100590&order_time=2023-05-17 HTTP/1.1" 200 408
116.237.73.194 - - [24/May/2023:11:28:17 +0800] "GET /xingrg/kc/buy/cgsh_order_add.html HTTP/1.1" 200 71451
116.237.73.194 - - [24/May/2023:11:28:18 +0800] "GET /xingrg/javascript/easyui/themes/default/validatebox.css HTTP/1.1" 404 1104
116.237.73.194 - - [24/May/2023:11:28:18 +0800] "POST /xingrg/kc/buy/cgsh_order_operate.html HTTP/1.1" 200 8245
116.237.73.194 - - [24/May/2023:11:28:19 +0800] "GET /xingrg/javascript/easyui/themes/default/tree.css HTTP/1.1" 404 1090
116.237.73.194 - - [24/May/2023:11:28:20 +0800] "POST /xingrg/all/common/load_tree.html?tree=supplier_tree_json&isDelete=1 HTTP/1.1" 200 74192
101.83.145.52 - - [24/May/2023:11:28:21 +0800] "GET /xingrg/all/function/internal_message.html?_=1684898733739&CODE_STATE=getMsg HTTP/1.1" 200 27
222.67.238.82 - - [24/May/2023:11:28:21 +0800] "POST /xingrg/kc/buy/cgsh_order_operate.html HTTP/1.1" 200 12
180.164.3.199 - - [24/May/2023:11:28:21 +0800] "GET /xingrg/all/function/internal_message.html?_=1684898901238&CODE_STATE=getMsg HTTP/1.1" 200 27
222.70.172.86 - - [24/May/2023:11:28:21 +0800] "GET /xingrg/kc/buy/cgsh_order_operate.html?command=get_materiel&rest_code=00146&code=00101010079&supplier_code=00100336&order_time=2023-05-24 HTTP/1.1" 200 413
116.228.172.94 - - [24/May/2023:11:28:23 +0800] "GET /xingrg/kc/buy/cgsh_order_operate.html?command=get_materiel&rest_code=00153&code=00101008350&supplier_code=00100590&order_time=2023-05-17 HTTP/1.1" 200 428
222.67.238.82 - - [24/May/2023:11:28:23 +0800] "GET /xingrg/kc/buy/cgsh_order_info.html?code=212023052408882 HTTP/1.1" 200 66364
101.83.145.52 - - [24/May/2023:11:28:23 +0800] "GET /xingrg/kc/base/wldb_order_info.html?code=422023052401917 HTTP/1.1" 200 30395
222.67.238.82 - - [24/May/2023:11:28:24 +0800] "GET /xingrg/javascript/easyui/themes/default/validatebox.css HTTP/1.1" 404 1104
101.83.145.52 - - [24/May/2023:11:28:24 +0800] "GET /xingrg/javascript/easyui/themes/default/validatebox.css HTTP/1.1" 404 1104
222.67.238.82 - - [24/May/2023:11:28:24 +0800] "POST /xingrg/kc/buy/cgsh_order_operate.html HTTP/1.1" 200 2993
101.83.145.52 - - [24/May/2023:11:28:24 +0800] "POST /xingrg/kc/base/wldb_order_operate.html HTTP/1.1" 200 2688
222.70.178.80 - - [24/May/2023:11:28:25 +0800] "GET /xingrg/kc/base/wldb_order_operate.html?command=get_materiel&rest_code=00111&base_code=0010306&code=00102002197 HTTP/1.1" 200 459
222.67.238.82 - - [24/May/2023:11:28:26 +0800] "GET /xingrg/kc/print/load_data.html?order_code=212023052408882&kc_code=cgsh&condition= HTTP/1.1" 200 1695
116.238.139.35 - - [24/May/2023:11:28:27 +0800] "GET /xingrg/all/function/internal_message.html?_=1684898905470&CODE_STATE=getMsg HTTP/1.1" 200 27
116.228.172.94 - - [24/May/2023:11:28:30 +0800] "GET /xingrg/kc/buy/cgsh_order_operate.html?command=get_materiel&rest_code=00153&code=00101016051&supplier_code=00100590&order_time=2023-05-17 HTTP/1.1" 200 408
116.228.172.94 - - [24/May/2023:11:28:33 +0800] "GET /xingrg/all/function/internal_message.html?_=1684898661110&CODE_STATE=getMsg HTTP/1.1" 200 27
222.70.178.80 - - [24/May/2023:11:28:33 +0800] "GET /xingrg/kc/base/wldb_order_operate.html?command=get_materiel&rest_code=00111&base_code=0010306&code=00102002685 HTTP/1.1" 200 458
222.70.172.86 - - [24/May/2023:11:28:36 +0800] "POST /xingrg/kc/buy/cgsh_order_operate.html HTTP/1.1" 200 37
101.83.145.52 - - [24/May/2023:11:28:36 +0800] "GET /xingrg/kc/base/wldb_order_operate.html?command=get_materiel&rest_code=00105&base_code=0010507&code=00101019079 HTTP/1.1" 200 479
222.70.178.80 - - [24/May/2023:11:28:36 +0800] "GET /xingrg/all/function/internal_message.html?_=1684898917081&CODE_STATE=getMsg HTTP/1.1" 200 27
116.238.139.35 - - [24/May/2023:11:28:37 +0800] "GET /xingrg/check_reg.html?_=1684898832889 HTTP/1.1" 200 22
116.238.139.35 - - [24/May/2023:11:28:37 +0800] "GET /xingrg/all/function/internal_message.html?_=1684898833178&CODE_STATE=getMsg HTTP/1.1" 200 27
222.70.178.80 - - [24/May/2023:11:28:38 +0800] "POST /xingrg/all/common/load_select.html HTTP/1.1" 200 25
114.83.218.112 - - [24/May/2023:11:28:39 +0800] "GET /xingrg/all/function/internal_message.html?_=1684898916485&CODE_STATE=getMsg HTTP/1.1" 200 27
116.237.73.194 - - [24/May/2023:11:28:39 +0800] "GET /xingrg/kc/buy/cgsh_order_operate.html?command=get_materiel&rest_code=00106&code=00101009109&supplier_code=00100022&order_time=2023-05-24 HTTP/1.1" 200 415
116.228.172.94 - - [24/May/2023:11:28:39 +0800] "GET /xingrg/kc/buy/cgsh_order_operate.html?command=get_materiel&rest_code=00153&code=00101008300&supplier_code=00100590&order_time=2023-05-17 HTTP/1.1" 200 412
116.237.73.194 - - [24/May/2023:11:28:39 +0800] "GET /xingrg/all/function/internal_message.html?_=1684898912962&CODE_STATE=getMsg HTTP/1.1" 200 27
222.70.178.80 - - [24/May/2023:11:28:41 +0800] "GET /xingrg/kc/base/wldb_order_operate.html?command=get_materiel_price&rest_code=00111&base_code=0010306&code=00102002685&unit_code=00100347 HTTP/1.1" 200 35
222.70.172.86 - - [24/May/2023:11:28:41 +0800] "POST /xingrg/kc/buy/cgsh_order_operate.html HTTP/1.1" 200 2657
172.20.0.100 - - [24/May/2023:11:28:45 +0800] "GET /xingrg/all/function/internal_message.html?_=1684898932640&CODE_STATE=getMsg HTTP/1.1" 200 27
222.70.172.86 - - [24/May/2023:11:28:45 +0800] "GET /xingrg/all/function/internal_message.html?_=1684898935634&CODE_STATE=getMsg HTTP/1.1" 200 27
222.70.172.86 - - [24/May/2023:11:28:47 +0800] "GET /xingrg/kc/print/load_data.html?order_code=212023052408883&kc_code=cgsh&condition= HTTP/1.1" 200 679
101.83.145.52 - - [24/May/2023:11:28:48 +0800] "GET /xingrg/kc/base/wldb_order_operate.html?command=get_materiel&rest_code=00105&base_code=0010507&code=00101019110 HTTP/1.1" 200 475
114.83.218.112 - - [24/May/2023:11:28:49 +0800] "GET /xingrg/kc/buy/cgsh_order_list.html HTTP/1.1" 200 55675
222.70.178.80 - - [24/May/2023:11:28:50 +0800] "GET /xingrg/kc/base/wldb_order_operate.html?command=get_materiel&rest_code=00111&base_code=0010306&code=00102018089 HTTP/1.1" 200 428
116.228.172.94 - - [24/May/2023:11:28:50 +0800] "GET /xingrg/kc/buy/cgsh_order_operate.html?command=get_materiel&rest_code=00153&code=00101008234&supplier_code=00100590&order_time=2023-05-17 HTTP/1.1" 200 409
114.83.218.112 - - [24/May/2023:11:28:51 +0800] "POST /xingrg/kc/buy/cgsh_list_operate.html HTTP/1.1" 200 986
124.79.240.114 - - [24/May/2023:11:28:54 +0800] "GET /xingrg/all/function/internal_message.html?_=1684899212954&CODE_STATE=getMsg HTTP/1.1" 200 27
116.237.73.194 - - [24/May/2023:11:28:54 +0800] "GET /xingrg/kc/buy/cgsh_order_operate.html?command=get_materiel&rest_code=00106&code=00101009011&supplier_code=00100022&order_time=2023-05-24 HTTP/1.1" 200 416
222.69.129.217 - - [24/May/2023:11:28:56 +0800] "GET /xingrg/check_reg.html?_=1684899033932 HTTP/1.1" 200 22
222.70.172.86 - - [24/May/2023:11:28:57 +0800] "GET /xingrg/kc/buy/cgsh_order_add.html HTTP/1.1" 200 71451
114.83.218.112 - - [24/May/2023:11:28:58 +0800] "GET /xingrg/kc/buy/cgsh_order_add.html HTTP/1.1" 200 71539
222.69.129.217 - - [24/May/2023:11:28:58 +0800] "GET /xingrg/all/function/internal_message.html?_=1684899036682&CODE_STATE=getMsg HTTP/1.1" 200 27
116.232.195.127 - - [24/May/2023:11:28:59 +0800] "GET /xingrg/all/function/internal_message.html?_=1684898939021&CODE_STATE=getMsg HTTP/1.1" 200 27
222.70.172.86 - - [24/May/2023:11:28:59 +0800] "POST /xingrg/kc/buy/cgsh_order_operate.html HTTP/1.1" 200 8245
114.83.218.112 - - [24/May/2023:11:28:59 +0800] "POST /xingrg/kc/buy/cgsh_order_operate.html HTTP/1.1" 200 8245
114.83.218.112 - - [24/May/2023:11:28:59 +0800] "GET /xingrg/javascript/easyui/themes/default/validatebox.css HTTP/1.1" 404 1104
222.70.172.86 - - [24/May/2023:11:28:59 +0800] "GET /xingrg/javascript/easyui/themes/default/validatebox.css HTTP/1.1" 404 1104
180.152.240.15 - - [24/May/2023:11:28:59 +0800] "GET /xingrg/all/function/internal_message.html?_=1684898941364&CODE_STATE=getMsg HTTP/1.1" 200 27
180.169.147.146 - - [24/May/2023:11:28:59 +0800] "GET /xingrg/all/function/internal_message.html?_=1684898939685&CODE_STATE=getMsg HTTP/1.1" 200 27
101.83.145.52 - - [24/May/2023:11:29:01 +0800] "GET /xingrg/kc/base/wldb_order_operate.html?command=get_materiel&rest_code=00105&base_code=0010507&code=00101019391 HTTP/1.1" 200 485
222.67.238.82 - - [24/May/2023:11:29:02 +0800] "GET /xingrg/kc/buy/cgsh_order_add.html HTTP/1.1" 200 71451
222.67.238.82 - - [24/May/2023:11:29:02 +0800] "POST /xingrg/kc/buy/cgsh_order_operate.html HTTP/1.1" 200 8245
222.67.238.82 - - [24/May/2023:11:29:02 +0800] "GET /xingrg/javascript/easyui/themes/default/validatebox.css HTTP/1.1" 404 1104
222.70.178.80 - - [24/May/2023:11:29:03 +0800] "POST /xingrg/kc/base/wldb_order_operate.html HTTP/1.1" 200 37
116.232.195.127 - - [24/May/2023:11:29:03 +0800] "GET /xingrg/all/function/internal_message.html?_=1684898981727&CODE_STATE=getMsg HTTP/1.1" 200 27
116.232.195.127 - - [24/May/2023:11:29:03 +0800] "GET /xingrg/check_reg.html?_=1684898981731 HTTP/1.1" 200 22
222.70.172.86 - - [24/May/2023:11:29:04 +0800] "GET /favicon.ico HTTP/1.1" 404 -
222.70.178.80 - - [24/May/2023:11:29:04 +0800] "POST /xingrg/kc/base/wldb_order_operate.html HTTP/1.1" 200 4640
101.83.145.52 - - [24/May/2023:11:29:04 +0800] "GET /xingrg/all/function/internal_message.html?_=1684898944764&CODE_STATE=getMsg HTTP/1.1" 200 27
218.81.78.189 - - [24/May/2023:11:29:04 +0800] "GET /xingrg/all/function/internal_message.html?_=1684898943641&CODE_STATE=getMsg HTTP/1.1" 200 27
101.83.145.52 - - [24/May/2023:11:29:05 +0800] "GET /xingrg/check_reg.html?_=1684898945352 HTTP/1.1" 200 22
218.81.78.189 - - [24/May/2023:11:29:05 +0800] "GET /xingrg/check_reg.html?_=1684898944345 HTTP/1.1" 200 22
116.237.73.194 - - [24/May/2023:11:29:05 +0800] "GET /xingrg/kc/buy/cgsh_order_operate.html?command=get_materiel&rest_code=00106&code=00101009059&supplier_code=00100022&order_time=2023-05-24 HTTP/1.1" 200 408
116.228.172.94 - - [24/May/2023:11:29:05 +0800] "GET /xingrg/kc/buy/cgsh_order_operate.html?command=get_materiel&rest_code=00153&code=00101008323&supplier_code=00100590&order_time=2023-05-17 HTTP/1.1" 200 410
116.237.73.194 - - [24/May/2023:11:29:06 +0800] "GET /xingrg/all/function/internal_message.html?_=1684898947764&CODE_STATE=getMsg HTTP/1.1" 200 27
222.70.178.80 - - [24/May/2023:11:29:07 +0800] "GET /xingrg/kc/base/wldb_order_info.html?code=422023052401918 HTTP/1.1" 200 30398
222.70.178.80 - - [24/May/2023:11:29:08 +0800] "GET /xingrg/javascript/easyui/themes/default/validatebox.css HTTP/1.1" 404 1104
222.70.178.80 - - [24/May/2023:11:29:08 +0800] "POST /xingrg/kc/base/wldb_order_operate.html HTTP/1.1" 200 4640
180.169.147.146 - - [24/May/2023:11:29:09 +0800] "GET /xingrg/all/function/internal_message.html?_=1684898949439&CODE_STATE=getMsg HTTP/1.1" 200 27
116.238.139.35 - - [24/May/2023:11:29:09 +0800] "POST /xingrg/all/user/operate.html HTTP/1.1" 200 36
222.67.238.82 - - [24/May/2023:11:29:09 +0800] "GET /xingrg/kc/buy/cgsh_order_operate.html?command=get_materiel&rest_code=00141&code=00101004051&supplier_code=00100312&order_time=2023-05-24 HTTP/1.1" 200 408
116.238.139.35 - - [24/May/2023:11:29:10 +0800] "GET /xingrg/index.html?sysBaseUrl=http%3A%2F%2F180.169.147.146%3A18081%2Fxingrg%2F&costTime=819×tamp=1684897710556 HTTP/1.1" 200 17179
116.238.139.35 - - [24/May/2023:11:29:10 +0800] "GET /xingrg/javascript/jquery_easy_ui/themes/default/easyui.css HTTP/1.1" 304 -
116.238.139.35 - - [24/May/2023:11:29:10 +0800] "GET /xingrg/javascript/jquery_easy_ui/themes/icon.css HTTP/1.1" 304 -
116.238.139.35 - - [24/May/2023:11:29:10 +0800] "GET /xingrg/css/form.css HTTP/1.1" 304 -
116.238.139.35 - - [24/May/2023:11:29:10 +0800] "GET /xingrg/javascript/jquery-1.4.2.min.js HTTP/1.1" 304 -
116.238.139.35 - - [24/May/2023:11:29:10 +0800] "GET /xingrg/javascript/jquery_easy_ui/jquery.easyui.min.js HTTP/1.1" 304 -
116.238.139.35 - - [24/May/2023:11:29:10 +0800] "GET /xingrg/javascript/jquery_easy_ui/easyui-lang-zh_CN.js HTTP/1.1" 304 -
116.238.139.35 - - [24/May/2023:11:29:10 +0800] "GET /xingrg/javascript/jquery.form.js HTTP/1.1" 304 -
116.238.139.35 - - [24/May/2023:11:29:10 +0800] "GET /xingrg/javascript/jquery.utils.js HTTP/1.1" 304 -
116.238.139.35 - - [24/May/2023:11:29:10 +0800] "GET /xingrg/javascript/jquery.timers.js HTTP/1.1" 304 -
116.238.139.35 - - [24/May/2023:11:29:10 +0800] "GET /xingrg/images/blue/jxLogo.png HTTP/1.1" 304 -
116.238.139.35 - - [24/May/2023:11:29:10 +0800] "GET /xingrg/images/blue/navBackgound.jpg HTTP/1.1" 304 -
116.238.139.35 - - [24/May/2023:11:29:10 +0800] "GET /xingrg/javascript/jquery_easy_ui/themes/icons/settle_new.png HTTP/1.1" 304 -
116.238.139.35 - - [24/May/2023:11:29:10 +0800] "GET /xingrg/images/blue/pingpu.png HTTP/1.1" 304 -
116.238.139.35 - - [24/May/2023:11:29:10 +0800] "GET /xingrg/javascript/jquery_easy_ui/themes/default/images/tabs_rightarrow.png HTTP/1.1" 304 -
116.238.139.35 - - [24/May/2023:11:29:10 +0800] "GET /xingrg/javascript/jquery_easy_ui/themes/default/images/tabs_leftarrow.png HTTP/1.1" 304 -
116.238.139.35 - - [24/May/2023:11:29:10 +0800] "GET /xingrg/javascript/jquery_easy_ui/themes/default/images/panel_tool_collapse.gif HTTP/1.1" 304 -
116.238.139.35 - - [24/May/2023:11:29:10 +0800] "GET /xingrg/all/function/internal_message.html?_=1684898865878&CODE_STATE=count HTTP/1.1" 200 11
116.238.139.35 - - [24/May/2023:11:29:10 +0800] "GET /xingrg/check_reg.html?_=1684898865879 HTTP/1.1" 200 22
116.238.139.35 - - [24/May/2023:11:29:10 +0800] "POST /xingrg/all/common/load_tree.html?tree=area_rest_tree_json&manage=1 HTTP/1.1" 200 476
116.238.139.35 - - [24/May/2023:11:29:10 +0800] "POST /xingrg/load_menu.html HTTP/1.1" 200 5138
116.237.73.194 - - [24/May/2023:11:29:15 +0800] "GET /xingrg/kc/buy/cgsh_order_operate.html?command=get_materiel&rest_code=00106&code=00101009031&supplier_code=00100022&order_time=2023-05-24 HTTP/1.1" 200 408
116.228.172.94 - - [24/May/2023:11:29:15 +0800] "GET /xingrg/kc/buy/cgsh_order_operate.html?command=get_materiel&rest_code=00153&code=00101006106&supplier_code=00100590&order_time=2023-05-17 HTTP/1.1" 200 421
222.70.172.86 - - [24/May/2023:11:29:16 +0800] "GET /xingrg/kc/buy/cgsh_order_operate.html?command=get_materiel&rest_code=00146&code=00101001039&supplier_code=00100430&order_time=2023-05-24 HTTP/1.1" 200 424
116.238.139.35 - - [24/May/2023:11:29:16 +0800] "GET /xingrg/kc/buy/cgsh_order_list.html HTTP/1.1" 200 55675
116.237.73.194 - - [24/May/2023:11:29:17 +0800] "GET /xingrg/check_reg.html?_=1684898950356 HTTP/1.1" 200 22
116.238.139.35 - - [24/May/2023:11:29:18 +0800] "POST /xingrg/kc/buy/cgsh_list_operate.html HTTP/1.1" 200 986
116.238.139.35 - - [24/May/2023:11:29:20 +0800] "GET /xingrg/kc/buy/cgsh_order_add.html HTTP/1.1" 200 71507
116.238.139.35 - - [24/May/2023:11:29:20 +0800] "POST /xingrg/kc/buy/cgsh_order_operate.html HTTP/1.1" 200 8245
116.238.139.35 - - [24/May/2023:11:29:20 +0800] "GET /xingrg/all/common/auto_word.html?type=employee&rest_code=00150 HTTP/1.1" 200 159
116.238.139.35 - - [24/May/2023:11:29:20 +0800] "GET /xingrg/javascript/easyui/themes/default/validatebox.css HTTP/1.1" 404 1104
116.238.139.35 - - [24/May/2023:11:29:20 +0800] "GET /xingrg/all/common/auto_word.html?type=employee&rest_code=00150 HTTP/1.1" 200 159
101.83.145.52 - - [24/May/2023:11:29:21 +0800] "GET /xingrg/all/function/internal_message.html?_=1684898793734&CODE_STATE=getMsg HTTP/1.1" 200 27
101.83.145.52 - - [24/May/2023:11:29:21 +0800] "GET /xingrg/check_reg.html?_=1684898793736 HTTP/1.1" 200 22
180.164.3.199 - - [24/May/2023:11:29:21 +0800] "GET /xingrg/all/function/internal_message.html?_=1684898961216&CODE_STATE=getMsg HTTP/1.1" 200 27
114.83.218.112 - - [24/May/2023:11:29:21 +0800] "GET /xingrg/kc/buy/cgsh_order_operate.html?command=get_materiel&rest_code=00149&code=00101020301&supplier_code=00100323&order_time=2023-05-24 HTTP/1.1" 200 426
116.238.139.35 - - [24/May/2023:11:29:21 +0800] "GET /xingrg/javascript/auto/indicator.gif HTTP/1.1" 404 1066
222.67.238.82 - - [24/May/2023:11:29:22 +0800] "GET /xingrg/kc/buy/cgsh_order_operate.html?command=get_materiel&rest_code=00141&code=00101004061&supplier_code=00100312&order_time=2023-05-24 HTTP/1.1" 200 409
116.228.172.94 - - [24/May/2023:11:29:23 +0800] "GET /xingrg/kc/buy/cgsh_order_operate.html?command=get_materiel&rest_code=00153&code=00101007183&supplier_code=00100590&order_time=2023-05-17 HTTP/1.1" 200 411
101.83.145.52 - - [24/May/2023:11:29:26 +0800] "GET /xingrg/kc/base/wldb_order_operate.html?command=get_materiel&rest_code=00105&base_code=0010507&code=00101019313 HTTP/1.1" 200 455
116.238.139.35 - - [24/May/2023:11:29:27 +0800] "GET /xingrg/all/function/internal_message.html?_=1684898965454&CODE_STATE=getMsg HTTP/1.1" 200 27
116.237.73.194 - - [24/May/2023:11:29:29 +0800] "GET /xingrg/kc/buy/cgsh_order_operate.html?command=get_materiel&rest_code=00106&code=00101009004&supplier_code=00100022&order_time=2023-05-24 HTTP/1.1" 200 409
116.238.139.35 - - [24/May/2023:11:29:30 +0800] "GET /xingrg/kc/buy/cgsh_order_operate.html?command=get_materiel&rest_code=00150&code=00101018007&supplier_code=00100330&order_time=2023-05-24 HTTP/1.1" 200 409
222.67.238.82 - - [24/May/2023:11:29:32 +0800] "GET /xingrg/kc/buy/cgsh_order_operate.html?command=get_materiel&rest_code=00141&code=00101004071&supplier_code=00100312&order_time=2023-05-24 HTTP/1.1" 200 409
116.228.172.94 - - [24/May/2023:11:29:33 +0800] "GET /xingrg/all/function/internal_message.html?_=1684898721129&CODE_STATE=getMsg HTTP/1.1" 200 27
116.228.172.94 - - [24/May/2023:11:29:33 +0800] "GET /xingrg/kc/buy/cgsh_order_operate.html?command=get_materiel&rest_code=00153&code=00101012029&supplier_code=00100590&order_time=2023-05-17 HTTP/1.1" 200 412
222.70.172.86 - - [24/May/2023:11:29:33 +0800] "GET /xingrg/kc/buy/cgsh_order_operate.html?command=get_materiel&rest_code=00146&code=00101004038&supplier_code=00100430&order_time=2023-05-24 HTTP/1.1" 200 429
222.70.178.80 - - [24/May/2023:11:29:36 +0800] "GET /xingrg/all/function/internal_message.html?_=1684898977063&CODE_STATE=getMsg HTTP/1.1" 200 27
222.70.178.80 - - [24/May/2023:11:29:37 +0800] "GET /xingrg/check_reg.html?_=1684898977501 HTTP/1.1" 200 22
222.67.238.82 - - [24/May/2023:11:29:38 +0800] "GET /xingrg/kc/buy/cgsh_order_operate.html?command=get_materiel&rest_code=00141&code=00101004049&supplier_code=00100312&order_time=2023-05-24 HTTP/1.1" 200 413
114.83.218.112 - - [24/May/2023:11:29:39 +0800] "GET /xingrg/all/function/internal_message.html?_=1684898976466&CODE_STATE=getMsg HTTP/1.1" 200 27
116.237.73.194 - - [24/May/2023:11:29:39 +0800] "GET /xingrg/all/function/internal_message.html?_=1684898972964&CODE_STATE=getMsg HTTP/1.1" 200 27
101.83.145.52 - - [24/May/2023:11:29:40 +0800] "GET /xingrg/kc/base/wldb_order_operate.html?command=get_materiel&rest_code=00105&base_code=0010507&code=00101019535 HTTP/1.1" 200 477
116.238.139.35 - - [24/May/2023:11:29:44 +0800] "POST /xingrg/kc/buy/cgsh_order_operate.html HTTP/1.1" 200 37
172.20.0.100 - - [24/May/2023:11:29:45 +0800] "GET /xingrg/all/function/internal_message.html?_=1684898992638&CODE_STATE=getMsg HTTP/1.1" 200 27
222.70.172.86 - - [24/May/2023:11:29:45 +0800] "GET /xingrg/all/function/internal_message.html?_=1684898995647&CODE_STATE=getMsg HTTP/1.1" 200 27
114.83.218.112 - - [24/May/2023:11:29:46 +0800] "GET /xingrg/kc/buy/cgsh_order_operate.html?command=get_materiel&rest_code=00149&code=00101006026&supplier_code=00100323&order_time=2023-05-24 HTTP/1.1" 200 409
116.228.172.94 - - [24/May/2023:11:29:46 +0800] "GET /xingrg/kc/buy/cgsh_order_operate.html?command=get_materiel&rest_code=00153&code=00101008207&supplier_code=00100590&order_time=2023-05-17 HTTP/1.1" 200 410
222.67.238.82 - - [24/May/2023:11:29:47 +0800] "GET /xingrg/kc/buy/cgsh_order_operate.html?command=get_materiel&rest_code=00141&code=00101004079&supplier_code=00100312&order_time=2023-05-24 HTTP/1.1" 200 434
101.83.145.52 - - [24/May/2023:11:29:51 +0800] "POST /xingrg/kc/base/wldb_order_operate.html HTTP/1.1" 200 37
101.83.145.52 - - [24/May/2023:11:29:52 +0800] "GET /xingrg/kc/base/wldb_order_info.html?code=422023052401919 HTTP/1.1" 200 30396
222.70.172.86 - - [24/May/2023:11:29:52 +0800] "POST /xingrg/kc/buy/cgsh_order_operate.html HTTP/1.1" 200 37
101.83.145.52 - - [24/May/2023:11:29:53 +0800] "GET /xingrg/javascript/easyui/themes/default/validatebox.css HTTP/1.1" 404 1104
116.238.139.35 - - [24/May/2023:11:29:53 +0800] "POST /xingrg/kc/buy/cgsh_order_operate.html HTTP/1.1" 200 12
101.83.145.52 - - [24/May/2023:11:29:53 +0800] "POST /xingrg/kc/base/wldb_order_operate.html HTTP/1.1" 200 6238
101.83.145.52 - - [24/May/2023:11:29:53 +0800] "POST /xingrg/kc/base/wldb_order_operate.html HTTP/1.1" 200 6238
124.79.240.114 - - [24/May/2023:11:29:54 +0800] "GET /xingrg/all/function/internal_message.html?_=1684899272969&CODE_STATE=getMsg HTTP/1.1" 200 27
114.83.218.112 - - [24/May/2023:11:29:54 +0800] "GET /xingrg/kc/buy/cgsh_order_operate.html?command=get_materiel&rest_code=00149&code=00101020113&supplier_code=00100323&order_time=2023-05-24 HTTP/1.1" 200 409
116.228.172.94 - - [24/May/2023:11:29:54 +0800] "GET /xingrg/kc/buy/cgsh_order_operate.html?command=get_materiel&rest_code=00153&code=00101008370&supplier_code=00100590&order_time=2023-05-17 HTTP/1.1" 200 414
116.238.139.35 - - [24/May/2023:11:29:56 +0800] "GET /xingrg/kc/buy/cgsh_order_info.html?code=212023052408884 HTTP/1.1" 200 66426
116.238.139.35 - - [24/May/2023:11:29:56 +0800] "GET /xingrg/javascript/easyui/themes/default/validatebox.css HTTP/1.1" 404 1104
222.67.238.82 - - [24/May/2023:11:29:57 +0800] "GET /xingrg/kc/buy/cgsh_order_operate.html?command=get_materiel&rest_code=00141&code=00101005017&supplier_code=00100312&order_time=2023-05-24 HTTP/1.1" 200 409
222.70.172.86 - - [24/May/2023:11:29:57 +0800] "POST /xingrg/kc/buy/cgsh_order_operate.html HTTP/1.1" 200 3263
116.238.139.35 - - [24/May/2023:11:29:57 +0800] "POST /xingrg/kc/buy/cgsh_order_operate.html HTTP/1.1" 200 602
116.237.73.194 - - [24/May/2023:11:29:57 +0800] "GET /xingrg/kc/buy/cgsh_order_operate.html?command=get_materiel&rest_code=00106&code=00101009044&supplier_code=00100022&order_time=2023-05-24 HTTP/1.1" 200 415
222.69.129.217 - - [24/May/2023:11:29:58 +0800] "GET /xingrg/all/function/internal_message.html?_=1684899096672&CODE_STATE=getMsg HTTP/1.1" 200 27
116.232.195.127 - - [24/May/2023:11:29:59 +0800] "GET /xingrg/all/function/internal_message.html?_=1684898999055&CODE_STATE=getMsg HTTP/1.1" 200 27
180.152.240.15 - - [24/May/2023:11:29:59 +0800] "GET /xingrg/all/function/internal_message.html?_=1684899001343&CODE_STATE=getMsg HTTP/1.1" 200 27
116.238.139.35 - - [24/May/2023:11:29:59 +0800] "GET /xingrg/kc/print/load_data.html?order_code=212023052408884&kc_code=cgsh&condition= HTTP/1.1" 200 729
180.169.147.146 - - [24/May/2023:11:29:59 +0800] "GET /xingrg/all/function/internal_message.html?_=1684898999683&CODE_STATE=getMsg HTTP/1.1" 200 27
116.228.172.94 - - [24/May/2023:11:30:00 +0800] "GET /xingrg/kc/buy/cgsh_order_operate.html?command=get_materiel&rest_code=00153&code=00101008036&supplier_code=00100590&order_time=2023-05-17 HTTP/1.1" 200 408
222.70.172.86 - - [24/May/2023:11:30:01 +0800] "GET /xingrg/kc/print/load_data.html?order_code=212023052408885&kc_code=cgsh&condition= HTTP/1.1" 200 900
114.83.218.112 - - [24/May/2023:11:30:02 +0800] "GET /xingrg/kc/buy/cgsh_order_operate.html?command=get_materiel&rest_code=00149&code=00101008203&supplier_code=00100323&order_time=2023-05-24 HTTP/1.1" 200 408
116.232.195.127 - - [24/May/2023:11:30:03 +0800] "GET /xingrg/all/function/internal_message.html?_=1684899041731&CODE_STATE=getMsg HTTP/1.1" 200 27
101.83.145.52 - - [24/May/2023:11:30:04 +0800] "GET /xingrg/all/function/internal_message.html?_=1684899004717&CODE_STATE=getMsg HTTP/1.1" 200 27
218.81.78.189 - - [24/May/2023:11:30:04 +0800] "GET /xingrg/all/function/internal_message.html?_=1684899003616&CODE_STATE=getMsg HTTP/1.1" 200 27
116.237.73.194 - - [24/May/2023:11:30:06 +0800] "GET /xingrg/all/function/internal_message.html?_=1684899007764&CODE_STATE=getMsg HTTP/1.1" 200 27
180.169.147.146 - - [24/May/2023:11:30:09 +0800] "GET /xingrg/all/function/internal_message.html?_=1684899009439&CODE_STATE=getMsg HTTP/1.1" 200 27
222.70.172.86 - - [24/May/2023:11:30:09 +0800] "GET /xingrg/kc/buy/cgsh_order_add.html HTTP/1.1" 200 71451
116.238.139.35 - - [24/May/2023:11:30:10 +0800] "GET /xingrg/all/function/internal_message.html?_=1684898925894&CODE_STATE=getMsg HTTP/1.1" 200 27
222.70.172.86 - - [24/May/2023:11:30:11 +0800] "POST /xingrg/kc/buy/cgsh_order_operate.html HTTP/1.1" 200 8245
222.70.172.86 - - [24/May/2023:11:30:11 +0800] "GET /xingrg/javascript/easyui/themes/default/validatebox.css HTTP/1.1" 404 1104
101.83.145.52 - - [24/May/2023:11:30:16 +0800] "GET /xingrg/kc/buy/buy_main.html HTTP/1.1" 200 12412
101.83.145.52 - - [24/May/2023:11:30:16 +0800] "GET /xingrg/css/new_ie.css HTTP/1.1" 404 1036
101.83.145.52 - - [24/May/2023:11:30:16 +0800] "GET /xingrg/images/yd/bt.gif HTTP/1.1" 404 1040
101.83.145.52 - - [24/May/2023:11:30:17 +0800] "GET /xingrg/kc/buy/cgsh_order_list.html HTTP/1.1" 200 55669
101.83.145.52 - - [24/May/2023:11:30:21 +0800] "GET /xingrg/all/function/internal_message.html?_=1684898853759&CODE_STATE=getMsg HTTP/1.1" 200 27
180.164.3.199 - - [24/May/2023:11:30:21 +0800] "GET /xingrg/all/function/internal_message.html?_=1684899021198&CODE_STATE=getMsg HTTP/1.1" 200 27
114.83.218.112 - - [24/May/2023:11:30:22 +0800] "POST /xingrg/kc/buy/cgsh_order_operate.html HTTP/1.1" 200 37
101.83.145.52 - - [24/May/2023:11:30:25 +0800] "POST /xingrg/kc/buy/cgsh_list_operate.html HTTP/1.1" 200 5920
116.237.73.194 - - [24/May/2023:11:30:27 +0800] "POST /xingrg/kc/buy/cgsh_order_operate.html HTTP/1.1" 200 88
116.238.139.35 - - [24/May/2023:11:30:27 +0800] "GET /xingrg/all/function/internal_message.html?_=1684899025445&CODE_STATE=getMsg HTTP/1.1" 200 27
116.238.139.35 - - [24/May/2023:11:30:27 +0800] "GET /xingrg/kc/buy/cgsh_order_add.html HTTP/1.1" 200 71507
116.238.139.35 - - [24/May/2023:11:30:28 +0800] "POST /xingrg/kc/buy/cgsh_order_operate.html HTTP/1.1" 200 8245
116.238.139.35 - - [24/May/2023:11:30:28 +0800] "GET /xingrg/javascript/easyui/themes/default/validatebox.css HTTP/1.1" 404 1104
222.70.172.86 - - [24/May/2023:11:30:32 +0800] "GET /xingrg/kc/buy/cgsh_order_operate.html?command=get_materiel&rest_code=00146&code=00101001301&supplier_code=00100430&order_time=2023-05-24 HTTP/1.1" 200 420
114.83.218.112 - - [24/May/2023:11:30:32 +0800] "POST /xingrg/kc/buy/cgsh_order_operate.html HTTP/1.1" 200 12
116.228.172.94 - - [24/May/2023:11:30:33 +0800] "GET /xingrg/all/function/internal_message.html?_=1684898781130&CODE_STATE=getMsg HTTP/1.1" 200 27
101.83.145.52 - - [24/May/2023:11:30:34 +0800] "GET /xingrg/javascript/jquery_tools/images/prev.gif HTTP/1.1" 404 1086
101.83.145.52 - - [24/May/2023:11:30:34 +0800] "GET /xingrg/javascript/jquery_tools/images/next.gif HTTP/1.1" 404 1086
222.67.238.82 - - [24/May/2023:11:30:35 +0800] "GET /xingrg/kc/buy/cgsh_order_operate.html?command=get_materiel&rest_code=00141&code=00101005015&supplier_code=00100312&order_time=2023-05-24 HTTP/1.1" 200 409
114.83.218.112 - - [24/May/2023:11:30:36 +0800] "GET /xingrg/kc/buy/cgsh_order_info.html?code=212023052408886 HTTP/1.1" 200 66451
114.83.218.112 - - [24/May/2023:11:30:36 +0800] "GET /xingrg/javascript/easyui/themes/default/validatebox.css HTTP/1.1" 404 1104
222.70.178.80 - - [24/May/2023:11:30:36 +0800] "GET /xingrg/all/function/internal_message.html?_=1684899037032&CODE_STATE=getMsg HTTP/1.1" 200 27
114.83.218.112 - - [24/May/2023:11:30:37 +0800] "POST /xingrg/kc/buy/cgsh_order_operate.html HTTP/1.1" 200 2384
114.83.218.112 - - [24/May/2023:11:30:39 +0800] "GET /xingrg/all/function/internal_message.html?_=1684899036448&CODE_STATE=getMsg HTTP/1.1" 200 27
114.83.218.112 - - [24/May/2023:11:30:39 +0800] "GET /xingrg/kc/print/load_data.html?order_code=212023052408886&kc_code=cgsh&condition= HTTP/1.1" 200 1390
116.238.139.35 - - [24/May/2023:11:30:40 +0800] "GET /xingrg/kc/buy/cgsh_order_operate.html?command=get_materiel&rest_code=00150&code=00102002504&supplier_code=00100327&order_time=2023-05-24 HTTP/1.1" 200 417
114.83.218.112 - - [24/May/2023:11:30:43 +0800] "GET /xingrg/kc/buy/cgsh_order_add.html HTTP/1.1" 200 71539
114.83.218.112 - - [24/May/2023:11:30:44 +0800] "POST /xingrg/kc/buy/cgsh_order_operate.html HTTP/1.1" 200 8245
114.83.218.112 - - [24/May/2023:11:30:44 +0800] "GET /xingrg/javascript/easyui/themes/default/validatebox.css HTTP/1.1" 404 1104
172.20.0.100 - - [24/May/2023:11:30:45 +0800] "GET /xingrg/all/function/internal_message.html?_=1684899052652&CODE_STATE=getMsg HTTP/1.1" 200 27
222.70.172.86 - - [24/May/2023:11:30:45 +0800] "GET /xingrg/all/function/internal_message.html?_=1684899055661&CODE_STATE=getMsg HTTP/1.1" 200 27
222.70.172.86 - - [24/May/2023:11:30:46 +0800] "GET /xingrg/check_reg.html?_=1684899056614 HTTP/1.1" 200 22
124.79.240.114 - - [24/May/2023:11:30:54 +0800] "GET /xingrg/all/function/internal_message.html?_=1684899332998&CODE_STATE=getMsg HTTP/1.1" 200 27
180.163.28.55 - - [24/May/2023:11:30:55 +0800] "GET /xingrg/kc/buy/cgsh_order_operate.html?command=get_materiel&rest_code=00106&code=00101009044&supplier_code=00100022&order_time=2023-05-24 HTTP/1.1" 302 -
180.163.28.55 - - [24/May/2023:11:30:55 +0800] "GET /xingrg/login.html HTTP/1.1" 200 7641
222.67.238.82 - - [24/May/2023:11:30:55 +0800] "GET /xingrg/kc/buy/cgsh_order_operate.html?command=get_materiel&rest_code=00141&code=00101004020&supplier_code=00100312&order_time=2023-05-24 HTTP/1.1" 200 408
222.69.129.217 - - [24/May/2023:11:30:58 +0800] "GET /xingrg/all/function/internal_message.html?_=1684899156646&CODE_STATE=getMsg HTTP/1.1" 200 27
116.232.195.127 - - [24/May/2023:11:30:59 +0800] "GET /xingrg/all/function/internal_message.html?_=1684899059044&CODE_STATE=getMsg HTTP/1.1" 200 27
101.83.145.52 - - [24/May/2023:11:30:59 +0800] "GET /xingrg/javascript/auto/indicator.gif HTTP/1.1" 404 1066
180.152.240.15 - - [24/May/2023:11:30:59 +0800] "GET /xingrg/all/function/internal_message.html?_=1684899061330&CODE_STATE=getMsg HTTP/1.1" 200 27
180.169.147.146 - - [24/May/2023:11:30:59 +0800] "GET /xingrg/all/function/internal_message.html?_=1684899059705&CODE_STATE=getMsg HTTP/1.1" 200 27
116.238.139.35 - - [24/May/2023:11:31:00 +0800] "POST /xingrg/kc/buy/cgsh_order_operate.html HTTP/1.1" 200 37
116.232.195.127 - - [24/May/2023:11:31:03 +0800] "GET /xingrg/all/function/internal_message.html?_=1684899101731&CODE_STATE=getMsg HTTP/1.1" 200 27
116.228.172.94 - - [24/May/2023:11:31:04 +0800] "POST /xingrg/kc/buy/cgsh_order_operate.html HTTP/1.1" 200 88
101.83.145.52 - - [24/May/2023:11:31:04 +0800] "GET /xingrg/all/function/internal_message.html?_=1684899064699&CODE_STATE=getMsg HTTP/1.1" 200 27
218.81.78.189 - - [24/May/2023:11:31:04 +0800] "GET /xingrg/all/function/internal_message.html?_=1684899063598&CODE_STATE=getMsg HTTP/1.1" 200 27
222.70.172.86 - - [24/May/2023:11:31:05 +0800] "POST /xingrg/kc/buy/cgsh_order_operate.html HTTP/1.1" 200 37
116.237.73.194 - - [24/May/2023:11:31:06 +0800] "GET /xingrg/check_reg.html?_=1684899067765 HTTP/1.1" 200 22
116.237.73.194 - - [24/May/2023:11:31:06 +0800] "GET /xingrg/all/function/internal_message.html?_=1684899067767&CODE_STATE=getMsg HTTP/1.1" 200 27
114.83.218.112 - - [24/May/2023:11:31:06 +0800] "GET /xingrg/kc/buy/cgsh_order_operate.html?command=get_materiel&rest_code=00149&code=00101001139&supplier_code=00100430&order_time=2023-05-24 HTTP/1.1" 200 421
222.70.172.86 - - [24/May/2023:11:31:07 +0800] "POST /xingrg/kc/buy/cgsh_order_operate.html HTTP/1.1" 200 2667
116.238.139.35 - - [24/May/2023:11:31:09 +0800] "POST /xingrg/kc/buy/cgsh_order_operate.html HTTP/1.1" 200 12
180.169.147.146 - - [24/May/2023:11:31:09 +0800] "GET /xingrg/all/function/internal_message.html?_=1684899069444&CODE_STATE=getMsg HTTP/1.1" 200 27
116.228.172.94 - - [24/May/2023:11:31:13 +0800] "POST /xingrg/kc/buy/cgsh_order_operate.html HTTP/1.1" 200 37
222.70.172.86 - - [24/May/2023:11:31:14 +0800] "GET /xingrg/kc/print/load_data.html?order_code=212023052408890&kc_code=cgsh&condition= HTTP/1.1" 200 668
222.67.238.82 - - [24/May/2023:11:31:15 +0800] "GET /xingrg/kc/buy/cgsh_order_operate.html?command=get_materiel&rest_code=00141&code=00101004057&supplier_code=00100312&order_time=2023-05-24 HTTP/1.1" 200 409
116.228.172.94 - - [24/May/2023:11:31:16 +0800] "POST /xingrg/kc/buy/cgsh_order_operate.html HTTP/1.1" 200 9192
101.83.145.52 - - [24/May/2023:11:31:16 +0800] "POST /xingrg/kc/buy/cgsh_list_operate.html HTTP/1.1" 200 5434
116.228.172.94 - - [24/May/2023:11:31:19 +0800] "GET /xingrg/kc/print/load_data.html?order_code=212023052408891&kc_code=cgsh&condition= HTTP/1.1" 200 3145
101.83.145.52 - - [24/May/2023:11:31:21 +0800] "GET /xingrg/all/function/internal_message.html?_=1684898913740&CODE_STATE=getMsg HTTP/1.1" 200 27
180.164.3.199 - - [24/May/2023:11:31:21 +0800] "GET /xingrg/all/function/internal_message.html?_=1684899081172&CODE_STATE=getMsg HTTP/1.1" 200 27
114.83.218.112 - - [24/May/2023:11:31:21 +0800] "GET /xingrg/kc/buy/cgsh_order_operate.html?command=get_materiel&rest_code=00149&code=00101001039&supplier_code=00100430&order_time=2023-05-24 HTTP/1.1" 200 424
222.70.172.86 - - [24/May/2023:11:31:22 +0800] "GET /xingrg/kc/buy/cgsh_order_add.html HTTP/1.1" 200 71451
222.70.172.86 - - [24/May/2023:11:31:24 +0800] "POST /xingrg/kc/buy/cgsh_order_operate.html HTTP/1.1" 200 8245
222.70.172.86 - - [24/May/2023:11:31:24 +0800] "GET /xingrg/javascript/easyui/themes/default/validatebox.css HTTP/1.1" 404 1104
116.228.172.94 - - [24/May/2023:11:31:25 +0800] "GET /xingrg/kc/buy/cgsh_order_add.html HTTP/1.1" 200 70504
116.228.172.94 - - [24/May/2023:11:31:25 +0800] "POST /xingrg/kc/buy/cgsh_order_operate.html HTTP/1.1" 200 8245
116.228.172.94 - - [24/May/2023:11:31:25 +0800] "GET /xingrg/javascript/easyui/themes/default/validatebox.css HTTP/1.1" 404 1104
116.238.139.35 - - [24/May/2023:11:31:27 +0800] "GET /xingrg/all/function/internal_message.html?_=1684899085431&CODE_STATE=getMsg HTTP/1.1" 200 27
180.169.147.146 - - [24/May/2023:11:31:28 +0800] "GET /xingrg/check_reg.html?_=1684899089318 HTTP/1.1" 200 22
116.238.139.35 - - [24/May/2023:11:31:29 +0800] "GET /xingrg/all/function/internal_message.html?_=1684899004268&CODE_STATE=getMsg HTTP/1.1" 200 27
222.67.238.82 - - [24/May/2023:11:31:29 +0800] "GET /xingrg/kc/buy/cgsh_order_operate.html?command=get_materiel&rest_code=00141&code=00101004060&supplier_code=00100312&order_time=2023-05-24 HTTP/1.1" 200 413
116.238.139.35 - - [24/May/2023:11:31:29 +0800] "GET /xingrg/kc/buy/cgsh_order_info.html?code=212023052408888 HTTP/1.1" 200 66420
116.238.139.35 - - [24/May/2023:11:31:29 +0800] "GET /xingrg/javascript/easyui/themes/default/validatebox.css HTTP/1.1" 404 1104
114.83.218.112 - - [24/May/2023:11:31:29 +0800] "GET /xingrg/kc/buy/cgsh_order_operate.html?command=get_materiel&rest_code=00149&code=00101004038&supplier_code=00100430&order_time=2023-05-24 HTTP/1.1" 200 429
116.238.139.35 - - [24/May/2023:11:31:30 +0800] "POST /xingrg/kc/buy/cgsh_order_operate.html HTTP/1.1" 200 612
116.228.172.94 - - [24/May/2023:11:31:33 +0800] "GET /xingrg/check_reg.html?_=1684898841138 HTTP/1.1" 200 22
116.228.172.94 - - [24/May/2023:11:31:33 +0800] "GET /xingrg/all/function/internal_message.html?_=1684898841143&CODE_STATE=getMsg HTTP/1.1" 200 27
116.238.139.35 - - [24/May/2023:11:31:34 +0800] "GET /xingrg/kc/print/load_data.html?order_code=212023052408888&kc_code=cgsh&condition= HTTP/1.1" 200 728
222.70.178.80 - - [24/May/2023:11:31:36 +0800] "GET /xingrg/all/function/internal_message.html?_=1684899097016&CODE_STATE=getMsg HTTP/1.1" 200 27
114.83.218.112 - - [24/May/2023:11:31:39 +0800] "GET /xingrg/all/function/internal_message.html?_=1684899096428&CODE_STATE=getMsg HTTP/1.1" 200 27
114.83.218.112 - - [24/May/2023:11:31:41 +0800] "POST /xingrg/kc/buy/cgsh_order_operate.html HTTP/1.1" 200 37
116.228.172.94 - - [24/May/2023:11:31:42 +0800] "GET /xingrg/kc/buy/cgsh_order_operate.html?command=get_materiel&rest_code=00153&code=00101008300&supplier_code=00100590&order_time=2023-05-18 HTTP/1.1" 200 412
222.70.172.86 - - [24/May/2023:11:31:43 +0800] "GET /xingrg/kc/buy/cgsh_order_operate.html?command=get_materiel&rest_code=00146&code=00101001019&supplier_code=00100430&order_time=2023-05-24 HTTP/1.1" 200 416
222.67.238.82 - - [24/May/2023:11:31:43 +0800] "GET /xingrg/kc/buy/cgsh_order_operate.html?command=get_materiel&rest_code=00141&code=00101005022&supplier_code=00100312&order_time=2023-05-24 HTTP/1.1" 200 419
172.20.0.100 - - [24/May/2023:11:31:45 +0800] "GET /xingrg/all/function/internal_message.html?_=1684899112651&CODE_STATE=getMsg HTTP/1.1" 200 27
222.70.172.86 - - [24/May/2023:11:31:45 +0800] "GET /xingrg/all/function/internal_message.html?_=1684899115675&CODE_STATE=getMsg HTTP/1.1" 200 27
116.238.139.35 - - [24/May/2023:11:31:46 +0800] "GET /xingrg/kc/buy/cgsh_order_add.html HTTP/1.1" 200 71507
116.238.139.35 - - [24/May/2023:11:31:46 +0800] "POST /xingrg/kc/buy/cgsh_order_operate.html HTTP/1.1" 200 8245
116.238.139.35 - - [24/May/2023:11:31:47 +0800] "GET /xingrg/javascript/easyui/themes/default/validatebox.css HTTP/1.1" 404 1104
116.228.172.94 - - [24/May/2023:11:31:48 +0800] "GET /xingrg/kc/buy/cgsh_order_operate.html?command=get_materiel&rest_code=00153&code=00101008024&supplier_code=00100590&order_time=2023-05-18 HTTP/1.1" 200 408
114.83.218.112 - - [24/May/2023:11:31:49 +0800] "POST /xingrg/kc/buy/cgsh_order_operate.html HTTP/1.1" 200 12
114.83.218.112 - - [24/May/2023:11:31:51 +0800] "GET /xingrg/kc/buy/cgsh_order_info.html?code=212023052408892 HTTP/1.1" 200 66440
114.83.218.112 - - [24/May/2023:11:31:51 +0800] "GET /xingrg/javascript/easyui/themes/default/validatebox.css HTTP/1.1" 404 1104
114.83.218.112 - - [24/May/2023:11:31:52 +0800] "POST /xingrg/kc/buy/cgsh_order_operate.html HTTP/1.1" 200 1213
124.79.240.114 - - [24/May/2023:11:31:54 +0800] "GET /xingrg/all/function/internal_message.html?_=1684899392982&CODE_STATE=getMsg HTTP/1.1" 200 27
116.237.73.194 - - [24/May/2023:11:31:56 +0800] "POST /xingrg/kc/buy/cgsh_order_operate.html HTTP/1.1" 200 37
114.83.218.112 - - [24/May/2023:11:31:56 +0800] "GET /xingrg/kc/print/load_data.html?order_code=212023052408892&kc_code=cgsh&condition= HTTP/1.1" 200 929
116.228.172.94 - - [24/May/2023:11:31:58 +0800] "GET /xingrg/kc/buy/cgsh_order_operate.html?command=get_materiel&rest_code=00153&code=00101008150&supplier_code=00100590&order_time=2023-05-18 HTTP/1.1" 200 427
116.238.139.35 - - [24/May/2023:11:31:58 +0800] "GET /xingrg/kc/buy/cgsh_order_operate.html?command=get_materiel&rest_code=00150&code=00101010842&supplier_code=00100575&order_time=2023-05-24 HTTP/1.1" 200 435
222.69.129.217 - - [24/May/2023:11:31:58 +0800] "GET /xingrg/all/function/internal_message.html?_=1684899216637&CODE_STATE=getMsg HTTP/1.1" 200 27
116.232.195.127 - - [24/May/2023:11:31:59 +0800] "GET /xingrg/check_reg.html?_=1684899119046 HTTP/1.1" 200 22
116.232.195.127 - - [24/May/2023:11:31:59 +0800] "GET /xingrg/all/function/internal_message.html?_=1684899119048&CODE_STATE=getMsg HTTP/1.1" 200 27
180.152.240.15 - - [24/May/2023:11:31:59 +0800] "GET /xingrg/all/function/internal_message.html?_=1684899121309&CODE_STATE=getMsg HTTP/1.1" 200 27
222.67.238.82 - - [24/May/2023:11:31:59 +0800] "GET /xingrg/kc/buy/cgsh_order_operate.html?command=get_materiel&rest_code=00141&code=00101001029&supplier_code=00100312&order_time=2023-05-24 HTTP/1.1" 200 417
116.237.73.194 - - [24/May/2023:11:31:59 +0800] "POST /xingrg/kc/buy/cgsh_order_operate.html HTTP/1.1" 200 5613
180.169.147.146 - - [24/May/2023:11:31:59 +0800] "GET /xingrg/all/function/internal_message.html?_=1684899119678&CODE_STATE=getMsg HTTP/1.1" 200 27
180.152.240.15 - - [24/May/2023:11:32:01 +0800] "GET /xingrg/check_reg.html?_=1684899123033 HTTP/1.1" 200 22
116.238.139.35 - - [24/May/2023:11:32:01 +0800] "POST /xingrg/all/common/load_select.html HTTP/1.1" 200 25
114.83.218.112 - - [24/May/2023:11:32:02 +0800] "GET /xingrg/kc/buy/cgsh_order_add.html HTTP/1.1" 200 71539
114.83.218.112 - - [24/May/2023:11:32:02 +0800] "POST /xingrg/kc/buy/cgsh_order_operate.html HTTP/1.1" 200 8245
114.83.218.112 - - [24/May/2023:11:32:02 +0800] "GET /xingrg/javascript/easyui/themes/default/validatebox.css HTTP/1.1" 404 1104
116.232.195.127 - - [24/May/2023:11:32:03 +0800] "GET /xingrg/all/function/internal_message.html?_=1684899161719&CODE_STATE=getMsg HTTP/1.1" 200 27
101.83.145.52 - - [24/May/2023:11:32:04 +0800] "GET /xingrg/all/function/internal_message.html?_=1684899124676&CODE_STATE=getMsg HTTP/1.1" 200 27
218.81.78.189 - - [24/May/2023:11:32:04 +0800] "GET /xingrg/all/function/internal_message.html?_=1684899123584&CODE_STATE=getMsg HTTP/1.1" 200 27
222.70.172.86 - - [24/May/2023:11:32:05 +0800] "POST /xingrg/kc/buy/cgsh_order_operate.html HTTP/1.1" 200 37
116.237.73.194 - - [24/May/2023:11:32:05 +0800] "GET /xingrg/kc/print/load_data.html?order_code=212023052408893&kc_code=cgsh HTTP/1.1" 200 1824
116.237.73.194 - - [24/May/2023:11:32:06 +0800] "GET /xingrg/all/function/internal_message.html?_=1684899127761&CODE_STATE=getMsg HTTP/1.1" 200 27
116.238.139.35 - - [24/May/2023:11:32:06 +0800] "GET /xingrg/kc/buy/cgsh_order_operate.html?command=get_materiel_price&rest_code=00150&code=00101010842&unit_code=00100049&supplier_code=00100575&order_time=2023-05-24 HTTP/1.1" 200 28
116.228.172.94 - - [24/May/2023:11:32:06 +0800] "GET /xingrg/kc/buy/cgsh_order_operate.html?command=get_materiel&rest_code=00153&code=00101008355&supplier_code=00100590&order_time=2023-05-18 HTTP/1.1" 200 408
222.70.172.86 - - [24/May/2023:11:32:08 +0800] "POST /xingrg/kc/buy/cgsh_order_operate.html HTTP/1.1" 200 2663
180.169.147.146 - - [24/May/2023:11:32:09 +0800] "GET /xingrg/check_reg.html?_=1684899129430 HTTP/1.1" 200 22
180.169.147.146 - - [24/May/2023:11:32:09 +0800] "GET /xingrg/all/function/internal_message.html?_=1684899129432&CODE_STATE=getMsg HTTP/1.1" 200 27
180.164.3.199 - - [24/May/2023:11:32:11 +0800] "GET /xingrg/check_reg.html?_=1684899131618 HTTP/1.1" 200 22
114.83.218.112 - - [24/May/2023:11:32:12 +0800] "GET /xingrg/kc/buy/cgsh_order_operate.html?command=get_materiel&rest_code=00149&code=00101001301&supplier_code=00100430&order_time=2023-05-24 HTTP/1.1" 200 420
222.70.172.86 - - [24/May/2023:11:32:13 +0800] "GET /xingrg/kc/print/load_data.html?order_code=212023052408894&kc_code=cgsh&condition= HTTP/1.1" 200 667
116.238.139.35 - - [24/May/2023:11:32:17 +0800] "POST /xingrg/kc/buy/cgsh_order_operate.html HTTP/1.1" 200 37
120.253.135.82 - - [24/May/2023:11:32:17 +0800] "GET /xingrg/check_reg.html?_=1684898974247 HTTP/1.1" 200 22
222.70.172.86 - - [24/May/2023:11:32:21 +0800] "GET /xingrg/kc/buy/cgsh_order_add.html HTTP/1.1" 200 71451
101.83.145.52 - - [24/May/2023:11:32:21 +0800] "GET /xingrg/all/function/internal_message.html?_=1684898973746&CODE_STATE=getMsg HTTP/1.1" 200 27
180.164.3.199 - - [24/May/2023:11:32:21 +0800] "GET /xingrg/all/function/internal_message.html?_=1684899141159&CODE_STATE=getMsg HTTP/1.1" 200 27
116.228.172.94 - - [24/May/2023:11:32:21 +0800] "GET /xingrg/kc/buy/cgsh_order_operate.html?command=get_materiel&rest_code=00153&code=00101008084&supplier_code=00100590&order_time=2023-05-18 HTTP/1.1" 200 412
116.232.195.127 - - [24/May/2023:11:32:22 +0800] "GET /xingrg/kc/buy/cgsh_order_add.html HTTP/1.1" 200 71498
222.70.172.86 - - [24/May/2023:11:32:22 +0800] "POST /xingrg/kc/buy/cgsh_order_operate.html HTTP/1.1" 200 8245
222.70.172.86 - - [24/May/2023:11:32:22 +0800] "GET /xingrg/javascript/easyui/themes/default/validatebox.css HTTP/1.1" 404 1104
116.232.195.127 - - [24/May/2023:11:32:22 +0800] "GET /xingrg/words/20230523165722_words.js HTTP/1.1" 304 -
116.237.73.194 - - [24/May/2023:11:32:22 +0800] "GET /xingrg/kc/base/base_main.html HTTP/1.1" 200 12142
116.232.195.127 - - [24/May/2023:11:32:23 +0800] "POST /xingrg/kc/buy/cgsh_order_operate.html HTTP/1.1" 200 8245
116.232.195.127 - - [24/May/2023:11:32:23 +0800] "GET /xingrg/javascript/easyui/themes/default/validatebox.css HTTP/1.1" 404 1104
116.232.195.127 - - [24/May/2023:11:32:23 +0800] "GET /xingrg/all/common/auto_word.html?type=employee&rest_code=00155 HTTP/1.1" 200 205
116.232.195.127 - - [24/May/2023:11:32:23 +0800] "GET /xingrg/all/common/auto_word.html?type=employee&rest_code=00155 HTTP/1.1" 200 205
116.237.73.194 - - [24/May/2023:11:32:25 +0800] "GET /xingrg/kc/base/wldb_order_list.html HTTP/1.1" 200 19098
114.83.218.112 - - [24/May/2023:11:32:26 +0800] "POST /xingrg/kc/buy/cgsh_order_operate.html HTTP/1.1" 200 37
116.237.73.194 - - [24/May/2023:11:32:26 +0800] "POST /xingrg/kc/base/wldb_list_operate.html HTTP/1.1" 200 2166
116.238.139.35 - - [24/May/2023:11:32:27 +0800] "POST /xingrg/kc/buy/cgsh_order_operate.html HTTP/1.1" 200 12
116.238.139.35 - - [24/May/2023:11:32:27 +0800] "GET /xingrg/all/function/internal_message.html?_=1684899145414&CODE_STATE=getMsg HTTP/1.1" 200 27
116.228.172.94 - - [24/May/2023:11:32:27 +0800] "GET /xingrg/kc/buy/cgsh_order_operate.html?command=get_materiel&rest_code=00153&code=00101012029&supplier_code=00100590&order_time=2023-05-18 HTTP/1.1" 200 412
116.237.73.194 - - [24/May/2023:11:32:28 +0800] "GET /xingrg/kc/base/wldb_order_add.html HTTP/1.1" 200 30385
222.67.238.82 - - [24/May/2023:11:32:28 +0800] "GET /xingrg/kc/buy/cgsh_order_operate.html?command=get_materiel&rest_code=00141&code=00101005055&supplier_code=00100312&order_time=2023-05-24 HTTP/1.1" 200 406
116.237.73.194 - - [24/May/2023:11:32:28 +0800] "POST /xingrg/kc/base/wldb_order_operate.html HTTP/1.1" 200 6806
