180.163.29.234 - - [23/May/2023:09:13:09 +0800] "GET /xingrg/all/function/internal_message.html?_=1684804323707&CODE_STATE=getMsg HTTP/1.1" 302 -
180.163.28.180 - - [23/May/2023:09:13:09 +0800] "GET /xingrg/check_reg.html?_=1684804323711 HTTP/1.1" 302 -
180.163.28.180 - - [23/May/2023:09:13:09 +0800] "GET /xingrg/login.html HTTP/1.1" 200 7641
180.163.29.234 - - [23/May/2023:09:13:09 +0800] "GET /xingrg/login.html HTTP/1.1" 200 7641
116.237.79.115 - - [23/May/2023:09:13:09 +0800] "GET /xingrg/all/function/internal_message.html?_=1684804383701&CODE_STATE=getMsg HTTP/1.1" 200 27
114.83.216.71 - - [23/May/2023:09:13:13 +0800] "GET /xingrg/kc/buy/cgsh_order_operate.html?command=get_materiel&rest_code=00149&code=00101002022&supplier_code=00100039&order_time=2023-05-23 HTTP/1.1" 200 411
116.238.139.35 - - [23/May/2023:09:13:16 +0800] "GET /xingrg/all/function/internal_message.html?_=1684804394440&CODE_STATE=getMsg HTTP/1.1" 200 27
180.171.121.39 - - [23/May/2023:09:13:20 +0800] "GET /xingrg/all/function/internal_message.html?_=1684804399737&CODE_STATE=getMsg HTTP/1.1" 200 27
222.69.129.217 - - [23/May/2023:09:13:20 +0800] "GET /xingrg/check_reg.html?_=1684804498028 HTTP/1.1" 200 22
222.69.129.217 - - [23/May/2023:09:13:20 +0800] "GET /xingrg/all/function/internal_message.html?_=1684804498030&CODE_STATE=getMsg HTTP/1.1" 200 27
172.20.0.100 - - [23/May/2023:09:13:21 +0800] "GET /xingrg/all/function/internal_message.html?_=1684804405603&CODE_STATE=getMsg HTTP/1.1" 200 27
116.237.79.115 - - [23/May/2023:09:13:22 +0800] "POST /xingrg/kc/buy/cgsh_order_operate.html HTTP/1.1" 200 37
180.169.147.146 - - [23/May/2023:09:13:24 +0800] "GET /xingrg/all/function/internal_message.html?_=1684804405157&CODE_STATE=getMsg HTTP/1.1" 200 27
114.83.216.71 - - [23/May/2023:09:13:25 +0800] "GET /xingrg/all/function/internal_message.html?_=1684804403125&CODE_STATE=getMsg HTTP/1.1" 200 27
180.171.121.39 - - [23/May/2023:09:13:25 +0800] "GET /xingrg/kc/buy/cgsh_order_operate.html?command=get_materiel&rest_code=00111&code=00101009007&supplier_code=00100037&order_time=2023-05-23 HTTP/1.1" 200 23
114.83.216.71 - - [23/May/2023:09:13:27 +0800] "GET /xingrg/kc/buy/cgsh_order_operate.html?command=get_materiel&rest_code=00149&code=00101005037&supplier_code=00100039&order_time=2023-05-23 HTTP/1.1" 200 409
180.171.121.39 - - [23/May/2023:09:13:36 +0800] "GET /xingrg/kc/buy/cgsh_order_operate.html?command=get_materiel&rest_code=00111&code=00101009003&supplier_code=00100037&order_time=2023-05-23 HTTP/1.1" 200 409
114.83.216.71 - - [23/May/2023:09:13:39 +0800] "GET /xingrg/kc/buy/cgsh_order_operate.html?command=get_materiel&rest_code=00149&code=00101001075&supplier_code=00100039&order_time=2023-05-23 HTTP/1.1" 200 411
116.224.158.100 - - [23/May/2023:09:13:48 +0800] "GET /xingrg/kc/base/wldb_order_operate.html?command=get_materiel&rest_code=00105&base_code=0010515&code=00101019161 HTTP/1.1" 200 433
180.163.28.55 - - [23/May/2023:09:13:52 +0800] "GET /xingrg/kc/buy/cgsh_order_operate.html?command=get_materiel&rest_code=00106&code=00101008223&supplier_code=00100007&order_time=2023-05-23 HTTP/1.1" 302 -
180.163.28.55 - - [23/May/2023:09:13:52 +0800] "GET /xingrg/login.html HTTP/1.1" 200 7641
116.224.158.100 - - [23/May/2023:09:13:52 +0800] "GET /xingrg/all/function/internal_message.html?_=1684804265693&CODE_STATE=getMsg HTTP/1.1" 200 27
114.83.216.71 - - [23/May/2023:09:13:52 +0800] "POST /xingrg/kc/buy/cgsh_order_operate.html HTTP/1.1" 200 37
114.83.216.71 - - [23/May/2023:09:13:59 +0800] "POST /xingrg/kc/buy/cgsh_order_operate.html HTTP/1.1" 200 12
116.238.139.35 - - [23/May/2023:09:14:02 +0800] "GET /xingrg/all/function/internal_message.html?_=1684804358759&CODE_STATE=getMsg HTTP/1.1" 200 27
114.83.216.71 - - [23/May/2023:09:14:03 +0800] "GET /xingrg/kc/buy/cgsh_order_info.html?code=212023052308480 HTTP/1.1" 200 66448
114.83.216.71 - - [23/May/2023:09:14:03 +0800] "GET /xingrg/javascript/easyui/themes/default/validatebox.css HTTP/1.1" 404 1104
114.83.216.71 - - [23/May/2023:09:14:04 +0800] "POST /xingrg/kc/buy/cgsh_order_operate.html HTTP/1.1" 200 2382
114.83.216.71 - - [23/May/2023:09:14:07 +0800] "GET /xingrg/kc/print/load_data.html?order_code=212023052308480&kc_code=cgsh&condition= HTTP/1.1" 200 1393
180.171.121.39 - - [23/May/2023:09:14:07 +0800] "GET /xingrg/kc/buy/cgsh_order_operate.html?command=get_materiel&rest_code=00111&code=00101009015&supplier_code=00100037&order_time=2023-05-23 HTTP/1.1" 200 416
116.238.139.35 - - [23/May/2023:09:14:16 +0800] "GET /xingrg/all/function/internal_message.html?_=1684804454441&CODE_STATE=getMsg HTTP/1.1" 200 27
116.232.195.127 - - [23/May/2023:09:14:19 +0800] "GET /xingrg/check_reg.html?_=1684804500624 HTTP/1.1" 200 22
180.171.121.39 - - [23/May/2023:09:14:20 +0800] "GET /xingrg/kc/buy/cgsh_order_operate.html?command=get_materiel&rest_code=00111&code=00101009113&supplier_code=00100037&order_time=2023-05-23 HTTP/1.1" 200 413
180.171.121.39 - - [23/May/2023:09:14:20 +0800] "GET /xingrg/all/function/internal_message.html?_=1684804459730&CODE_STATE=getMsg HTTP/1.1" 200 27
222.69.129.217 - - [23/May/2023:09:14:20 +0800] "GET /xingrg/all/function/internal_message.html?_=1684804558020&CODE_STATE=getMsg HTTP/1.1" 200 27
172.20.0.100 - - [23/May/2023:09:14:21 +0800] "GET /xingrg/all/function/internal_message.html?_=1684804465601&CODE_STATE=getMsg HTTP/1.1" 200 27
180.169.147.146 - - [23/May/2023:09:14:24 +0800] "GET /xingrg/check_reg.html?_=1684804465142 HTTP/1.1" 200 22
180.169.147.146 - - [23/May/2023:09:14:24 +0800] "GET /xingrg/all/function/internal_message.html?_=1684804465148&CODE_STATE=getMsg HTTP/1.1" 200 27
114.83.216.71 - - [23/May/2023:09:14:25 +0800] "GET /xingrg/all/function/internal_message.html?_=1684804463108&CODE_STATE=getMsg HTTP/1.1" 200 27
218.81.65.10 - - [23/May/2023:09:14:27 +0800] "GET /xingrg/check_reg.html?_=1684804466202 HTTP/1.1" 200 22
180.171.121.39 - - [23/May/2023:09:14:33 +0800] "GET /xingrg/kc/buy/cgsh_order_operate.html?command=get_materiel&rest_code=00111&code=00101012026&supplier_code=00100037&order_time=2023-05-23 HTTP/1.1" 200 408
180.171.121.39 - - [23/May/2023:09:14:33 +0800] "GET /xingrg/check_reg.html?_=1684804616826 HTTP/1.1" 200 22
116.237.79.115 - - [23/May/2023:09:14:42 +0800] "POST /xingrg/kc/buy/cgsh_order_operate.html HTTP/1.1" 200 16839
180.171.121.39 - - [23/May/2023:09:14:44 +0800] "GET /xingrg/kc/buy/cgsh_order_operate.html?command=get_materiel&rest_code=00111&code=00101012029&supplier_code=00100037&order_time=2023-05-23 HTTP/1.1" 200 412
116.224.158.100 - - [23/May/2023:09:14:52 +0800] "GET /xingrg/all/function/internal_message.html?_=1684804325705&CODE_STATE=getMsg HTTP/1.1" 200 27
116.238.139.35 - - [23/May/2023:09:15:02 +0800] "GET /xingrg/check_reg.html?_=1684804418631 HTTP/1.1" 200 22
116.238.139.35 - - [23/May/2023:09:15:02 +0800] "GET /xingrg/all/function/internal_message.html?_=1684804418771&CODE_STATE=getMsg HTTP/1.1" 200 27
180.171.121.39 - - [23/May/2023:09:15:03 +0800] "GET /xingrg/kc/buy/cgsh_order_operate.html?command=get_materiel&rest_code=00111&code=00101007109&supplier_code=00100037&order_time=2023-05-23 HTTP/1.1" 200 408
116.224.158.100 - - [23/May/2023:09:15:06 +0800] "GET /xingrg/kc/base/wldb_order_operate.html?command=get_materiel&rest_code=00105&base_code=0010515&code=00101020022 HTTP/1.1" 200 434
116.237.79.115 - - [23/May/2023:09:15:09 +0800] "GET /xingrg/all/function/internal_message.html?_=1684804503701&CODE_STATE=getMsg HTTP/1.1" 200 27
114.85.97.46 - - [23/May/2023:09:15:09 +0800] "GET /xingrg/index.html?sysBaseUrl=http%3A%2F%2F180.169.147.146%3A18081%2Fxingrg%2F&costTime=1203×tamp=1684722966409 HTTP/1.1" 302 -
114.85.97.46 - - [23/May/2023:09:15:09 +0800] "GET /xingrg/login.html HTTP/1.1" 200 7641
114.85.97.46 - - [23/May/2023:09:15:09 +0800] "GET /xingrg/images/blue/jxLogo.png HTTP/1.1" 200 6156
114.85.97.46 - - [23/May/2023:09:15:10 +0800] "GET /xingrg/images/blue/hj.png HTTP/1.1" 200 1014
114.85.97.46 - - [23/May/2023:09:15:10 +0800] "GET /xingrg/images/blue/login_bg.png HTTP/1.1" 200 22101
114.85.97.46 - - [23/May/2023:09:15:10 +0800] "GET /xingrg/images/blue/srbg.png HTTP/1.1" 200 138
114.85.97.46 - - [23/May/2023:09:15:10 +0800] "GET /favicon.ico HTTP/1.1" 404 -
116.224.158.100 - - [23/May/2023:09:15:11 +0800] "GET /xingrg/check_reg.html?_=1684804512713 HTTP/1.1" 200 22
114.85.97.46 - - [23/May/2023:09:15:11 +0800] "POST /xingrg/login.do HTTP/1.1" 302 -
114.85.97.46 - - [23/May/2023:09:15:11 +0800] "GET /xingrg/index.html?sysBaseUrl=http%3A%2F%2F180.169.147.146%3A18081%2Fxingrg%2F&costTime=857×tamp=1684804511876 HTTP/1.1" 200 17173
114.85.97.46 - - [23/May/2023:09:15:11 +0800] "GET /xingrg/javascript/jquery_easy_ui/themes/default/easyui.css HTTP/1.1" 200 26500
114.85.97.46 - - [23/May/2023:09:15:11 +0800] "GET /xingrg/javascript/jquery_easy_ui/themes/icon.css HTTP/1.1" 200 3949
114.85.97.46 - - [23/May/2023:09:15:11 +0800] "GET /xingrg/css/form.css HTTP/1.1" 200 893
114.85.97.46 - - [23/May/2023:09:15:11 +0800] "GET /xingrg/javascript/jquery-1.4.2.min.js HTTP/1.1" 200 72205
114.85.97.46 - - [23/May/2023:09:15:11 +0800] "GET /xingrg/javascript/jquery.form.js HTTP/1.1" 200 23110
114.85.97.46 - - [23/May/2023:09:15:11 +0800] "GET /xingrg/javascript/jquery.utils.js HTTP/1.1" 200 11805
114.85.97.46 - - [23/May/2023:09:15:11 +0800] "GET /xingrg/javascript/jquery_easy_ui/easyui-lang-zh_CN.js HTTP/1.1" 200 1900
114.85.97.46 - - [23/May/2023:09:15:12 +0800] "GET /xingrg/javascript/jquery_easy_ui/jquery.easyui.min.js HTTP/1.1" 200 213662
114.85.97.46 - - [23/May/2023:09:15:12 +0800] "GET /xingrg/javascript/jquery.timers.js HTTP/1.1" 200 3532
114.85.97.46 - - [23/May/2023:09:15:12 +0800] "GET /favicon.ico HTTP/1.1" 404 -
114.85.97.46 - - [23/May/2023:09:15:12 +0800] "GET /xingrg/images/blue/navBackgound.jpg HTTP/1.1" 200 12378
114.85.97.46 - - [23/May/2023:09:15:12 +0800] "GET /xingrg/javascript/jquery_easy_ui/themes/icons/settle_new.png HTTP/1.1" 200 826
114.85.97.46 - - [23/May/2023:09:15:12 +0800] "GET /xingrg/images/blue/pingpu.png HTTP/1.1" 200 231
114.85.97.46 - - [23/May/2023:09:15:12 +0800] "GET /xingrg/check_reg.html?_=1684804512917 HTTP/1.1" 200 22
114.85.97.46 - - [23/May/2023:09:15:12 +0800] "GET /xingrg/all/function/internal_message.html?_=1684804512916&CODE_STATE=count HTTP/1.1" 200 11
114.85.97.46 - - [23/May/2023:09:15:12 +0800] "GET /xingrg/javascript/jquery_easy_ui/themes/default/images/panel_tool_collapse.gif HTTP/1.1" 200 246
114.85.97.46 - - [23/May/2023:09:15:12 +0800] "GET /xingrg/javascript/jquery_easy_ui/themes/default/images/tabs_leftarrow.png HTTP/1.1" 200 389
114.85.97.46 - - [23/May/2023:09:15:12 +0800] "GET /xingrg/javascript/jquery_easy_ui/themes/default/images/tabs_rightarrow.png HTTP/1.1" 200 395
114.85.97.46 - - [23/May/2023:09:15:12 +0800] "POST /xingrg/all/common/load_tree.html?tree=area_rest_tree_json&manage=1 HTTP/1.1" 200 342
114.85.97.46 - - [23/May/2023:09:15:12 +0800] "POST /xingrg/load_menu.html HTTP/1.1" 200 5138
114.85.97.46 - - [23/May/2023:09:15:12 +0800] "GET /xingrg/javascript/jquery_easy_ui/themes/icons/forms_new.png HTTP/1.1" 200 350
114.85.97.46 - - [23/May/2023:09:15:12 +0800] "GET /xingrg/javascript/jquery_easy_ui/themes/icons/search_new.png HTTP/1.1" 200 586
114.85.97.46 - - [23/May/2023:09:15:12 +0800] "GET /xingrg/javascript/jquery_easy_ui/themes/icons/storage_new.png HTTP/1.1" 200 853
114.85.97.46 - - [23/May/2023:09:15:12 +0800] "GET /xingrg/javascript/jquery_easy_ui/themes/default/images/tree_file.gif HTTP/1.1" 200 118
114.85.97.46 - - [23/May/2023:09:15:12 +0800] "GET /xingrg/javascript/jquery_easy_ui/themes/default/images/tree_arrows.gif HTTP/1.1" 200 1043
114.85.97.46 - - [23/May/2023:09:15:12 +0800] "GET /xingrg/javascript/jquery_easy_ui/themes/default/images/tree_folder.gif HTTP/1.1" 200 952
114.85.97.46 - - [23/May/2023:09:15:12 +0800] "GET /xingrg/javascript/jquery_easy_ui/themes/default/images/tree_folder_open.gif HTTP/1.1" 200 956
180.171.121.39 - - [23/May/2023:09:15:14 +0800] "GET /xingrg/kc/buy/cgsh_order_operate.html?command=get_materiel&rest_code=00111&code=00101020131&supplier_code=00100037&order_time=2023-05-23 HTTP/1.1" 200 416
116.238.139.35 - - [23/May/2023:09:15:16 +0800] "GET /xingrg/all/function/internal_message.html?_=1684804514446&CODE_STATE=getMsg HTTP/1.1" 200 27
114.85.97.46 - - [23/May/2023:09:15:18 +0800] "GET /xingrg/javascript/jquery_easy_ui/themes/default/images/tabs_active.png HTTP/1.1" 200 2894
120.253.135.82 - - [23/May/2023:09:15:19 +0800] "POST /xingrg/kc/pszx/mdps_list_operate.html HTTP/1.1" 200 2057
180.171.121.39 - - [23/May/2023:09:15:20 +0800] "GET /xingrg/all/function/internal_message.html?_=1684804519786&CODE_STATE=getMsg HTTP/1.1" 200 27
222.69.129.217 - - [23/May/2023:09:15:20 +0800] "GET /xingrg/all/function/internal_message.html?_=1684804618036&CODE_STATE=getMsg HTTP/1.1" 200 27
172.20.0.100 - - [23/May/2023:09:15:21 +0800] "GET /xingrg/all/function/internal_message.html?_=1684804525599&CODE_STATE=getMsg HTTP/1.1" 200 27
172.20.0.100 - - [23/May/2023:09:15:21 +0800] "GET /xingrg/check_reg.html?_=1684804525600 HTTP/1.1" 200 22
180.169.147.146 - - [23/May/2023:09:15:24 +0800] "GET /xingrg/all/function/internal_message.html?_=1684804525140&CODE_STATE=getMsg HTTP/1.1" 200 27
114.83.216.71 - - [23/May/2023:09:15:24 +0800] "GET /xingrg/all/function/internal_message.html?_=1684804523081&CODE_STATE=getMsg HTTP/1.1" 200 27
120.253.135.82 - - [23/May/2023:09:15:27 +0800] "POST /xingrg/kc/pszx/mdps_list_operate.html HTTP/1.1" 200 4302
180.171.121.39 - - [23/May/2023:09:15:31 +0800] "GET /xingrg/kc/buy/cgsh_order_operate.html?command=get_materiel&rest_code=00111&code=00101012002&supplier_code=00100037&order_time=2023-05-23 HTTP/1.1" 200 419
120.253.135.82 - - [23/May/2023:09:15:34 +0800] "POST /xingrg/kc/pszx/mdps_list_operate.html HTTP/1.1" 200 530
120.253.135.82 - - [23/May/2023:09:15:36 +0800] "GET /xingrg/kc/pszx/mdps_order_info.html?code=312023052200475 HTTP/1.1" 200 23978
120.253.135.82 - - [23/May/2023:09:15:36 +0800] "GET /xingrg/javascript/easyui/themes/default/validatebox.css HTTP/1.1" 404 1104
120.253.135.82 - - [23/May/2023:09:15:36 +0800] "POST /xingrg/kc/pszx/mdps_order_operate.html HTTP/1.1" 200 4274
180.171.121.39 - - [23/May/2023:09:15:40 +0800] "GET /xingrg/kc/buy/cgsh_order_operate.html?command=get_materiel&rest_code=00111&code=00101012025&supplier_code=00100037&order_time=2023-05-23 HTTP/1.1" 200 412
120.253.135.82 - - [23/May/2023:09:15:41 +0800] "POST /xingrg/kc/pszx/mdps_order_operate.html HTTP/1.1" 200 37
120.253.135.82 - - [23/May/2023:09:15:45 +0800] "POST /xingrg/kc/pszx/mdps_order_operate.html HTTP/1.1" 200 12
180.164.3.199 - - [23/May/2023:09:15:48 +0800] "POST /xingrg/services/DataTransmitService HTTP/1.1" 200 524
116.224.158.100 - - [23/May/2023:09:15:52 +0800] "GET /xingrg/all/function/internal_message.html?_=1684804385707&CODE_STATE=getMsg HTTP/1.1" 200 27
180.171.121.39 - - [23/May/2023:09:15:53 +0800] "GET /xingrg/kc/buy/cgsh_order_operate.html?command=get_materiel&rest_code=00111&code=00102003233&supplier_code=00100037&order_time=2023-05-23 HTTP/1.1" 200 408
120.253.135.82 - - [23/May/2023:09:15:59 +0800] "GET /xingrg/kc/pszx/mdps_order_info.html?code=312023052200475 HTTP/1.1" 200 19638
180.171.121.39 - - [23/May/2023:09:16:00 +0800] "GET /xingrg/kc/buy/cgsh_order_operate.html?command=get_materiel&rest_code=00111&code=00101008214&supplier_code=00100037&order_time=2023-05-23 HTTP/1.1" 200 409
120.253.135.82 - - [23/May/2023:09:16:00 +0800] "GET /xingrg/javascript/easyui/themes/default/validatebox.css HTTP/1.1" 404 1104
120.253.135.82 - - [23/May/2023:09:16:00 +0800] "POST /xingrg/kc/pszx/mdps_order_operate.html HTTP/1.1" 200 2479
222.67.238.82 - - [23/May/2023:09:16:00 +0800] "POST /xingrg/services/DataTransmitService HTTP/1.1" 200 524
120.253.135.82 - - [23/May/2023:09:16:01 +0800] "POST /xingrg/kc/pszx/mdps_list_operate.html HTTP/1.1" 200 3930
116.238.139.35 - - [23/May/2023:09:16:02 +0800] "GET /xingrg/all/function/internal_message.html?_=1684804478785&CODE_STATE=getMsg HTTP/1.1" 200 27
120.253.135.82 - - [23/May/2023:09:16:03 +0800] "POST /xingrg/kc/pszx/mdps_list_operate.html HTTP/1.1" 200 631
120.253.135.82 - - [23/May/2023:09:16:04 +0800] "GET /xingrg/kc/pszx/mdps_order_info.html?code=312023052200478 HTTP/1.1" 200 23978
120.253.135.82 - - [23/May/2023:09:16:05 +0800] "GET /xingrg/javascript/easyui/themes/default/validatebox.css HTTP/1.1" 404 1104
120.253.135.82 - - [23/May/2023:09:16:05 +0800] "POST /xingrg/kc/pszx/mdps_order_operate.html HTTP/1.1" 200 7320
120.253.135.82 - - [23/May/2023:09:16:08 +0800] "POST /xingrg/kc/pszx/mdps_list_operate.html HTTP/1.1" 200 3930
180.163.29.219 - - [23/May/2023:09:16:09 +0800] "GET /xingrg/all/function/internal_message.html?_=1684804503701&CODE_STATE=getMsg HTTP/1.1" 302 -
180.163.29.219 - - [23/May/2023:09:16:09 +0800] "GET /xingrg/login.html HTTP/1.1" 200 7641
116.237.79.115 - - [23/May/2023:09:16:09 +0800] "GET /xingrg/all/function/internal_message.html?_=1684804563673&CODE_STATE=getMsg HTTP/1.1" 200 27
120.253.135.82 - - [23/May/2023:09:16:10 +0800] "POST /xingrg/kc/pszx/mdps_list_operate.html HTTP/1.1" 200 451
120.253.135.82 - - [23/May/2023:09:16:12 +0800] "GET /xingrg/kc/pszx/mdps_order_info.html?code=312023052200476 HTTP/1.1" 200 23978
114.85.97.46 - - [23/May/2023:09:16:12 +0800] "GET /xingrg/all/function/internal_message.html?_=1684804572934&CODE_STATE=getMsg HTTP/1.1" 200 27
120.253.135.82 - - [23/May/2023:09:16:12 +0800] "GET /xingrg/javascript/easyui/themes/default/validatebox.css HTTP/1.1" 404 1104
120.253.135.82 - - [23/May/2023:09:16:13 +0800] "POST /xingrg/kc/pszx/mdps_order_operate.html HTTP/1.1" 200 3786
114.83.216.71 - - [23/May/2023:09:16:13 +0800] "GET /xingrg/kc/buy/cgsh_order_add.html HTTP/1.1" 200 71539
114.83.216.71 - - [23/May/2023:09:16:13 +0800] "POST /xingrg/kc/buy/cgsh_order_operate.html HTTP/1.1" 200 8245
114.83.216.71 - - [23/May/2023:09:16:13 +0800] "GET /xingrg/javascript/easyui/themes/default/validatebox.css HTTP/1.1" 404 1104
116.238.139.35 - - [23/May/2023:09:16:16 +0800] "GET /xingrg/all/function/internal_message.html?_=1684804574448&CODE_STATE=getMsg HTTP/1.1" 200 27
120.253.135.82 - - [23/May/2023:09:16:16 +0800] "POST /xingrg/kc/pszx/mdps_order_operate.html HTTP/1.1" 200 37
180.171.121.39 - - [23/May/2023:09:16:20 +0800] "GET /xingrg/all/function/internal_message.html?_=1684804579698&CODE_STATE=getMsg HTTP/1.1" 200 27
222.69.129.217 - - [23/May/2023:09:16:20 +0800] "GET /xingrg/all/function/internal_message.html?_=1684804678032&CODE_STATE=getMsg HTTP/1.1" 200 27
120.253.135.82 - - [23/May/2023:09:16:20 +0800] "POST /xingrg/kc/pszx/mdps_order_operate.html HTTP/1.1" 200 12
172.20.0.100 - - [23/May/2023:09:16:21 +0800] "GET /xingrg/all/function/internal_message.html?_=1684804585598&CODE_STATE=getMsg HTTP/1.1" 200 27
180.171.121.39 - - [23/May/2023:09:16:23 +0800] "GET /xingrg/kc/buy/cgsh_order_operate.html?command=get_materiel&rest_code=00111&code=00101016025&supplier_code=00100037&order_time=2023-05-23 HTTP/1.1" 200 408
180.169.147.146 - - [23/May/2023:09:16:24 +0800] "GET /xingrg/all/function/internal_message.html?_=1684804585157&CODE_STATE=getMsg HTTP/1.1" 200 27
114.83.216.71 - - [23/May/2023:09:16:24 +0800] "GET /xingrg/all/function/internal_message.html?_=1684804583066&CODE_STATE=getMsg HTTP/1.1" 200 27
116.238.139.35 - - [23/May/2023:09:16:27 +0800] "POST /xingrg/services/DataTransmitService HTTP/1.1" 200 524
114.83.216.71 - - [23/May/2023:09:16:28 +0800] "GET /xingrg/kc/buy/cgsh_order_operate.html?command=get_materiel&rest_code=00149&code=00101012028&supplier_code=00100096&order_time=2023-05-23 HTTP/1.1" 200 414
180.171.121.39 - - [23/May/2023:09:16:38 +0800] "GET /xingrg/kc/buy/cgsh_order_operate.html?command=get_materiel&rest_code=00111&code=00101011005&supplier_code=00100037&order_time=2023-05-23 HTTP/1.1" 200 429
114.83.216.71 - - [23/May/2023:09:16:38 +0800] "GET /xingrg/kc/buy/cgsh_order_operate.html?command=get_materiel&rest_code=00149&code=00101012051&supplier_code=00100096&order_time=2023-05-23 HTTP/1.1" 200 408
120.253.135.82 - - [23/May/2023:09:16:48 +0800] "GET /xingrg/kc/pszx/mdps_order_info.html?code=312023052200476 HTTP/1.1" 200 19638
114.83.216.71 - - [23/May/2023:09:16:49 +0800] "GET /xingrg/kc/buy/cgsh_order_operate.html?command=get_materiel&rest_code=00149&code=00101012029&supplier_code=00100096&order_time=2023-05-23 HTTP/1.1" 200 413
120.253.135.82 - - [23/May/2023:09:16:49 +0800] "GET /xingrg/check_reg.html?_=1684804446185 HTTP/1.1" 200 22
120.253.135.82 - - [23/May/2023:09:16:49 +0800] "GET /xingrg/javascript/easyui/themes/default/validatebox.css HTTP/1.1" 404 1104
120.253.135.82 - - [23/May/2023:09:16:50 +0800] "POST /xingrg/kc/pszx/mdps_order_operate.html HTTP/1.1" 200 1996
116.224.158.100 - - [23/May/2023:09:16:52 +0800] "GET /xingrg/all/function/internal_message.html?_=1684804445704&CODE_STATE=getMsg HTTP/1.1" 200 27
120.253.135.82 - - [23/May/2023:09:16:53 +0800] "POST /xingrg/kc/pszx/mdps_list_operate.html HTTP/1.1" 200 3559
120.253.135.82 - - [23/May/2023:09:16:56 +0800] "POST /xingrg/kc/pszx/mdps_list_operate.html HTTP/1.1" 200 650
120.253.135.82 - - [23/May/2023:09:16:57 +0800] "GET /xingrg/kc/pszx/mdps_order_info.html?code=312023052200474 HTTP/1.1" 200 23978
120.253.135.82 - - [23/May/2023:09:16:58 +0800] "GET /xingrg/javascript/easyui/themes/default/validatebox.css HTTP/1.1" 404 1104
180.171.121.39 - - [23/May/2023:09:16:58 +0800] "GET /xingrg/kc/buy/cgsh_order_operate.html?command=get_materiel&rest_code=00111&code=00101020144&supplier_code=00100037&order_time=2023-05-23 HTTP/1.1" 200 429
120.253.135.82 - - [23/May/2023:09:16:58 +0800] "POST /xingrg/kc/pszx/mdps_order_operate.html HTTP/1.1" 200 11498
116.238.139.35 - - [23/May/2023:09:17:02 +0800] "GET /xingrg/all/function/internal_message.html?_=1684804538798&CODE_STATE=getMsg HTTP/1.1" 200 27
114.83.216.71 - - [23/May/2023:09:17:05 +0800] "GET /xingrg/kc/buy/cgsh_order_operate.html?command=get_materiel&rest_code=00149&code=00101007076&supplier_code=00100096&order_time=2023-05-23 HTTP/1.1" 200 410
120.253.135.82 - - [23/May/2023:09:17:05 +0800] "POST /xingrg/kc/pszx/mdps_order_operate.html HTTP/1.1" 200 37
180.171.121.39 - - [23/May/2023:09:17:06 +0800] "GET /xingrg/kc/buy/cgsh_order_operate.html?command=get_materiel&rest_code=00111&code=00101023022&supplier_code=00100037&order_time=2023-05-23 HTTP/1.1" 200 406
180.163.28.143 - - [23/May/2023:09:17:09 +0800] "GET /xingrg/all/function/internal_message.html?_=1684804563673&CODE_STATE=getMsg HTTP/1.1" 302 -
180.163.28.143 - - [23/May/2023:09:17:09 +0800] "GET /xingrg/login.html HTTP/1.1" 200 7641
116.237.79.115 - - [23/May/2023:09:17:09 +0800] "GET /xingrg/all/function/internal_message.html?_=1684804623648&CODE_STATE=getMsg HTTP/1.1" 200 27
116.237.79.115 - - [23/May/2023:09:17:09 +0800] "GET /xingrg/check_reg.html?_=1684804623683 HTTP/1.1" 200 22
120.253.135.82 - - [23/May/2023:09:17:10 +0800] "POST /xingrg/kc/pszx/mdps_order_operate.html HTTP/1.1" 200 12
222.67.238.82 - - [23/May/2023:09:17:12 +0800] "GET /favicon.ico HTTP/1.1" 404 -
114.85.97.46 - - [23/May/2023:09:17:12 +0800] "GET /xingrg/all/function/internal_message.html?_=1684804632932&CODE_STATE=getMsg HTTP/1.1" 200 27
120.253.135.82 - - [23/May/2023:09:17:13 +0800] "GET /xingrg/kc/pszx/mdps_order_info.html?code=312023052200474 HTTP/1.1" 200 19638
116.224.158.100 - - [23/May/2023:09:17:13 +0800] "GET /xingrg/kc/base/wldb_order_operate.html?command=get_materiel&rest_code=00105&base_code=0010515&code=00101008710 HTTP/1.1" 200 446
120.253.135.82 - - [23/May/2023:09:17:13 +0800] "GET /xingrg/javascript/easyui/themes/default/validatebox.css HTTP/1.1" 404 1104
120.253.135.82 - - [23/May/2023:09:17:14 +0800] "POST /xingrg/kc/pszx/mdps_order_operate.html HTTP/1.1" 200 9646
180.171.121.39 - - [23/May/2023:09:17:15 +0800] "GET /xingrg/kc/buy/cgsh_order_operate.html?command=get_materiel&rest_code=00111&code=00101013205&supplier_code=00100037&order_time=2023-05-23 HTTP/1.1" 200 421
116.238.139.35 - - [23/May/2023:09:17:16 +0800] "GET /xingrg/all/function/internal_message.html?_=1684804634449&CODE_STATE=getMsg HTTP/1.1" 200 27
116.238.139.35 - - [23/May/2023:09:17:16 +0800] "GET /xingrg/check_reg.html?_=1684804634452 HTTP/1.1" 200 22
114.83.216.71 - - [23/May/2023:09:17:19 +0800] "GET /xingrg/kc/buy/cgsh_order_operate.html?command=get_materiel&rest_code=00149&code=00101006112&supplier_code=00100096&order_time=2023-05-23 HTTP/1.1" 200 409
114.83.216.71 - - [23/May/2023:09:17:19 +0800] "GET /xingrg/check_reg.html?_=1684804638062 HTTP/1.1" 200 22
180.171.121.39 - - [23/May/2023:09:17:20 +0800] "GET /xingrg/all/function/internal_message.html?_=1684804639695&CODE_STATE=getMsg HTTP/1.1" 200 27
180.171.121.39 - - [23/May/2023:09:17:20 +0800] "GET /xingrg/check_reg.html?_=1684804639742 HTTP/1.1" 200 22
222.69.129.217 - - [23/May/2023:09:17:20 +0800] "GET /xingrg/all/function/internal_message.html?_=1684804738029&CODE_STATE=getMsg HTTP/1.1" 200 27
172.20.0.100 - - [23/May/2023:09:17:21 +0800] "GET /xingrg/all/function/internal_message.html?_=1684804645598&CODE_STATE=getMsg HTTP/1.1" 200 27
180.169.147.146 - - [23/May/2023:09:17:24 +0800] "GET /xingrg/all/function/internal_message.html?_=1684804645144&CODE_STATE=getMsg HTTP/1.1" 200 27
114.83.216.71 - - [23/May/2023:09:17:24 +0800] "GET /xingrg/all/function/internal_message.html?_=1684804643047&CODE_STATE=getMsg HTTP/1.1" 200 27
180.171.121.39 - - [23/May/2023:09:17:30 +0800] "GET /xingrg/kc/buy/cgsh_order_operate.html?command=get_materiel&rest_code=00111&code=00101006006&supplier_code=00100037&order_time=2023-05-23 HTTP/1.1" 200 409
120.253.135.82 - - [23/May/2023:09:17:31 +0800] "POST /xingrg/kc/pszx/mdps_list_operate.html HTTP/1.1" 200 3186
120.253.135.82 - - [23/May/2023:09:17:33 +0800] "POST /xingrg/kc/pszx/mdps_list_operate.html HTTP/1.1" 200 211
120.253.135.82 - - [23/May/2023:09:17:34 +0800] "GET /xingrg/kc/pszx/mdps_order_info.html?code=312023051700364 HTTP/1.1" 200 23984
120.253.135.82 - - [23/May/2023:09:17:34 +0800] "GET /xingrg/javascript/easyui/themes/default/validatebox.css HTTP/1.1" 404 1104
120.253.135.82 - - [23/May/2023:09:17:35 +0800] "POST /xingrg/kc/pszx/mdps_order_operate.html HTTP/1.1" 200 2289
120.253.135.82 - - [23/May/2023:09:17:37 +0800] "POST /xingrg/kc/pszx/mdps_order_operate.html HTTP/1.1" 200 37
120.253.135.82 - - [23/May/2023:09:17:42 +0800] "POST /xingrg/kc/pszx/mdps_order_operate.html HTTP/1.1" 200 12
114.83.216.71 - - [23/May/2023:09:17:44 +0800] "POST /xingrg/kc/buy/cgsh_order_operate.html HTTP/1.1" 200 37
180.171.121.39 - - [23/May/2023:09:17:44 +0800] "GET /xingrg/kc/buy/cgsh_order_operate.html?command=get_materiel&rest_code=00111&code=00101008137&supplier_code=00100037&order_time=2023-05-23 HTTP/1.1" 200 408
120.253.135.82 - - [23/May/2023:09:17:50 +0800] "GET /xingrg/kc/pszx/mdps_order_info.html?code=312023051700364 HTTP/1.1" 200 19644
120.253.135.82 - - [23/May/2023:09:17:50 +0800] "GET /xingrg/javascript/easyui/themes/default/validatebox.css HTTP/1.1" 404 1104
120.253.135.82 - - [23/May/2023:09:17:51 +0800] "POST /xingrg/kc/pszx/mdps_order_operate.html HTTP/1.1" 200 511
114.83.216.71 - - [23/May/2023:09:17:51 +0800] "POST /xingrg/kc/buy/cgsh_order_operate.html HTTP/1.1" 200 12
120.253.135.82 - - [23/May/2023:09:17:52 +0800] "POST /xingrg/kc/pszx/mdps_list_operate.html HTTP/1.1" 200 2806
116.224.158.100 - - [23/May/2023:09:17:52 +0800] "GET /xingrg/all/function/internal_message.html?_=1684804505710&CODE_STATE=getMsg HTTP/1.1" 200 27
116.224.158.100 - - [23/May/2023:09:17:52 +0800] "GET /xingrg/check_reg.html?_=1684804505714 HTTP/1.1" 200 22
116.237.79.115 - - [23/May/2023:09:17:52 +0800] "POST /xingrg/services/DataTransmitService HTTP/1.1" 200 524
180.171.121.39 - - [23/May/2023:09:17:53 +0800] "GET /xingrg/kc/buy/cgsh_order_operate.html?command=get_materiel&rest_code=00111&code=00101008005&supplier_code=00100037&order_time=2023-05-23 HTTP/1.1" 200 412
114.83.216.71 - - [23/May/2023:09:17:57 +0800] "GET /xingrg/kc/buy/cgsh_order_info.html?code=212023052308481 HTTP/1.1" 200 66438
114.83.216.71 - - [23/May/2023:09:17:57 +0800] "GET /xingrg/javascript/easyui/themes/default/validatebox.css HTTP/1.1" 404 1104
114.83.216.71 - - [23/May/2023:09:17:58 +0800] "POST /xingrg/kc/buy/cgsh_order_operate.html HTTP/1.1" 200 2977
120.253.135.82 - - [23/May/2023:09:18:00 +0800] "POST /xingrg/kc/pszx/mdps_list_operate.html HTTP/1.1" 200 631
180.171.121.39 - - [23/May/2023:09:18:01 +0800] "POST /xingrg/kc/buy/cgsh_order_operate.html HTTP/1.1" 200 2065
120.253.135.82 - - [23/May/2023:09:18:02 +0800] "GET /xingrg/kc/pszx/mdps_order_info.html?code=312023052200478 HTTP/1.1" 200 23978
116.238.139.35 - - [23/May/2023:09:18:02 +0800] "GET /xingrg/all/function/internal_message.html?_=1684804598838&CODE_STATE=getMsg HTTP/1.1" 200 27
120.253.135.82 - - [23/May/2023:09:18:02 +0800] "GET /xingrg/javascript/easyui/themes/default/validatebox.css HTTP/1.1" 404 1104
114.83.216.71 - - [23/May/2023:09:18:03 +0800] "GET /xingrg/kc/print/load_data.html?order_code=212023052308481&kc_code=cgsh&condition= HTTP/1.1" 200 1583
120.253.135.82 - - [23/May/2023:09:18:03 +0800] "POST /xingrg/kc/pszx/mdps_order_operate.html HTTP/1.1" 200 7320
180.171.121.39 - - [23/May/2023:09:18:07 +0800] "GET /xingrg/kc/buy/cgsh_order_operate.html?command=get_materiel&rest_code=00111&code=00101006056&supplier_code=00100037&order_time=2023-05-23 HTTP/1.1" 200 413
120.253.135.82 - - [23/May/2023:09:18:07 +0800] "POST /xingrg/kc/pszx/mdps_order_operate.html HTTP/1.1" 200 37
180.163.29.234 - - [23/May/2023:09:18:09 +0800] "GET /xingrg/all/function/internal_message.html?_=1684804623648&CODE_STATE=getMsg HTTP/1.1" 302 -
180.163.29.234 - - [23/May/2023:09:18:09 +0800] "GET /xingrg/login.html HTTP/1.1" 200 7641
180.163.28.68 - - [23/May/2023:09:18:09 +0800] "GET /xingrg/check_reg.html?_=1684804623683 HTTP/1.1" 302 -
116.237.79.115 - - [23/May/2023:09:18:09 +0800] "GET /xingrg/all/function/internal_message.html?_=1684804683628&CODE_STATE=getMsg HTTP/1.1" 200 27
180.163.28.68 - - [23/May/2023:09:18:09 +0800] "GET /xingrg/login.html HTTP/1.1" 200 7641
114.85.97.46 - - [23/May/2023:09:18:12 +0800] "GET /xingrg/all/function/internal_message.html?_=1684804692920&CODE_STATE=getMsg HTTP/1.1" 200 27
120.253.135.82 - - [23/May/2023:09:18:12 +0800] "POST /xingrg/kc/pszx/mdps_order_operate.html HTTP/1.1" 200 12
120.253.135.82 - - [23/May/2023:09:18:14 +0800] "GET /xingrg/kc/pszx/mdps_order_info.html?code=312023052200478 HTTP/1.1" 200 19638
120.253.135.82 - - [23/May/2023:09:18:14 +0800] "GET /xingrg/javascript/easyui/themes/default/validatebox.css HTTP/1.1" 404 1104
120.253.135.82 - - [23/May/2023:09:18:15 +0800] "POST /xingrg/kc/pszx/mdps_order_operate.html HTTP/1.1" 200 5493
120.253.135.82 - - [23/May/2023:09:18:16 +0800] "POST /xingrg/kc/pszx/mdps_list_operate.html HTTP/1.1" 200 2434
116.238.139.35 - - [23/May/2023:09:18:16 +0800] "GET /xingrg/all/function/internal_message.html?_=1684804694444&CODE_STATE=getMsg HTTP/1.1" 200 27
180.171.121.39 - - [23/May/2023:09:18:20 +0800] "GET /xingrg/all/function/internal_message.html?_=1684804699677&CODE_STATE=getMsg HTTP/1.1" 200 27
222.69.129.217 - - [23/May/2023:09:18:20 +0800] "GET /xingrg/check_reg.html?_=1684804798020 HTTP/1.1" 200 22
222.69.129.217 - - [23/May/2023:09:18:20 +0800] "GET /xingrg/all/function/internal_message.html?_=1684804798022&CODE_STATE=getMsg HTTP/1.1" 200 27
172.20.0.100 - - [23/May/2023:09:18:21 +0800] "GET /xingrg/all/function/internal_message.html?_=1684804705596&CODE_STATE=getMsg HTTP/1.1" 200 27
180.169.147.146 - - [23/May/2023:09:18:24 +0800] "GET /xingrg/all/function/internal_message.html?_=1684804705153&CODE_STATE=getMsg HTTP/1.1" 200 27
120.253.135.82 - - [23/May/2023:09:18:24 +0800] "POST /xingrg/kc/pszx/mdps_list_operate.html HTTP/1.1" 200 455
114.83.216.71 - - [23/May/2023:09:18:24 +0800] "GET /xingrg/all/function/internal_message.html?_=1684804703032&CODE_STATE=getMsg HTTP/1.1" 200 27
116.224.158.100 - - [23/May/2023:09:18:25 +0800] "POST /xingrg/kc/base/wldb_order_operate.html HTTP/1.1" 200 37
120.253.135.82 - - [23/May/2023:09:18:26 +0800] "GET /xingrg/kc/pszx/mdps_order_info.html?code=312023052200480 HTTP/1.1" 200 23978
116.224.158.100 - - [23/May/2023:09:18:26 +0800] "POST /xingrg/kc/base/wldb_order_operate.html HTTP/1.1" 200 4094
120.253.135.82 - - [23/May/2023:09:18:26 +0800] "GET /xingrg/javascript/easyui/themes/default/validatebox.css HTTP/1.1" 404 1104
120.253.135.82 - - [23/May/2023:09:18:27 +0800] "POST /xingrg/kc/pszx/mdps_order_operate.html HTTP/1.1" 200 3797
116.224.158.100 - - [23/May/2023:09:18:27 +0800] "GET /xingrg/kc/base/wldb_order_info.html?code=422023052301821 HTTP/1.1" 200 30389
116.224.158.100 - - [23/May/2023:09:18:28 +0800] "GET /xingrg/javascript/easyui/themes/default/validatebox.css HTTP/1.1" 404 1104
116.224.158.100 - - [23/May/2023:09:18:29 +0800] "POST /xingrg/kc/base/wldb_order_operate.html HTTP/1.1" 200 4094
116.224.158.100 - - [23/May/2023:09:18:32 +0800] "GET /xingrg/kc/base/wldb_order_add.html HTTP/1.1" 200 30381
116.224.158.100 - - [23/May/2023:09:18:33 +0800] "POST /xingrg/kc/base/wldb_order_operate.html HTTP/1.1" 200 6806
116.224.158.100 - - [23/May/2023:09:18:33 +0800] "GET /xingrg/javascript/easyui/themes/default/validatebox.css HTTP/1.1" 404 1104
120.253.135.82 - - [23/May/2023:09:18:34 +0800] "POST /xingrg/kc/pszx/mdps_order_operate.html HTTP/1.1" 200 37
120.253.135.82 - - [23/May/2023:09:18:38 +0800] "POST /xingrg/kc/pszx/mdps_order_operate.html HTTP/1.1" 200 12
120.253.135.82 - - [23/May/2023:09:18:39 +0800] "GET /xingrg/kc/pszx/mdps_order_info.html?code=312023052200480 HTTP/1.1" 200 19638
120.253.135.82 - - [23/May/2023:09:18:40 +0800] "GET /xingrg/javascript/easyui/themes/default/validatebox.css HTTP/1.1" 404 1104
120.253.135.82 - - [23/May/2023:09:18:40 +0800] "POST /xingrg/kc/pszx/mdps_order_operate.html HTTP/1.1" 200 2007
120.253.135.82 - - [23/May/2023:09:18:41 +0800] "POST /xingrg/kc/pszx/mdps_list_operate.html HTTP/1.1" 200 2062
120.253.135.82 - - [23/May/2023:09:18:52 +0800] "POST /xingrg/kc/pszx/mdps_list_operate.html HTTP/1.1" 200 369
116.224.158.100 - - [23/May/2023:09:18:52 +0800] "GET /xingrg/all/function/internal_message.html?_=1684804565715&CODE_STATE=getMsg HTTP/1.1" 200 27
120.253.135.82 - - [23/May/2023:09:18:53 +0800] "GET /xingrg/kc/pszx/mdps_order_info.html?code=312023052300482 HTTP/1.1" 200 23978
120.253.135.82 - - [23/May/2023:09:18:54 +0800] "GET /xingrg/javascript/easyui/themes/default/validatebox.css HTTP/1.1" 404 1104
120.253.135.82 - - [23/May/2023:09:18:54 +0800] "POST /xingrg/kc/pszx/mdps_order_operate.html HTTP/1.1" 200 3286
120.253.135.82 - - [23/May/2023:09:18:57 +0800] "POST /xingrg/kc/pszx/mdps_order_operate.html HTTP/1.1" 200 37
120.253.135.82 - - [23/May/2023:09:19:01 +0800] "POST /xingrg/kc/pszx/mdps_order_operate.html HTTP/1.1" 200 12
222.67.238.82 - - [23/May/2023:09:19:01 +0800] "POST /xingrg/kc/buy/cgsh_list_operate.html HTTP/1.1" 302 -
222.67.238.82 - - [23/May/2023:09:19:01 +0800] "GET /xingrg/login.html HTTP/1.1" 200 7641
116.238.139.35 - - [23/May/2023:09:19:02 +0800] "GET /xingrg/all/function/internal_message.html?_=1684804658857&CODE_STATE=getMsg HTTP/1.1" 200 27
222.67.238.82 - - [23/May/2023:09:19:02 +0800] "GET /xingrg/javascript/jquery_tools/images/next.gif HTTP/1.1" 404 1086
222.67.238.82 - - [23/May/2023:09:19:02 +0800] "GET /xingrg/javascript/jquery_tools/images/prev.gif HTTP/1.1" 404 1086
222.67.238.82 - - [23/May/2023:09:19:06 +0800] "GET /xingrg/login.html HTTP/1.1" 200 7641
222.67.238.82 - - [23/May/2023:09:19:06 +0800] "GET /favicon.ico HTTP/1.1" 404 -
222.67.238.82 - - [23/May/2023:09:19:08 +0800] "POST /xingrg/login.do HTTP/1.1" 302 -
222.67.238.82 - - [23/May/2023:09:19:08 +0800] "GET /xingrg/index.html?sysBaseUrl=http%3A%2F%2F180.169.147.146%3A18081%2Fxingrg%2F&costTime=798×tamp=1684804748883 HTTP/1.1" 200 17179
222.67.238.82 - - [23/May/2023:09:19:09 +0800] "GET /favicon.ico HTTP/1.1" 404 -
222.67.238.82 - - [23/May/2023:09:19:09 +0800] "GET /xingrg/all/function/internal_message.html?_=1684804261471&CODE_STATE=count HTTP/1.1" 200 11
222.67.238.82 - - [23/May/2023:09:19:09 +0800] "GET /xingrg/check_reg.html?_=1684804261472 HTTP/1.1" 200 22
222.67.238.82 - - [23/May/2023:09:19:09 +0800] "POST /xingrg/all/common/load_tree.html?tree=area_rest_tree_json&manage=1 HTTP/1.1" 200 351
222.67.238.82 - - [23/May/2023:09:19:09 +0800] "POST /xingrg/load_menu.html HTTP/1.1" 200 5138
116.237.79.115 - - [23/May/2023:09:19:09 +0800] "GET /xingrg/all/function/internal_message.html?_=1684804743599&CODE_STATE=getMsg HTTP/1.1" 200 27
222.67.238.82 - - [23/May/2023:09:19:10 +0800] "GET /xingrg/kc/buy/buy_main.html HTTP/1.1" 200 12412
222.67.238.82 - - [23/May/2023:09:19:11 +0800] "GET /xingrg/css/new_ie.css HTTP/1.1" 404 1036
114.85.97.46 - - [23/May/2023:09:19:12 +0800] "GET /xingrg/all/function/internal_message.html?_=1684804752938&CODE_STATE=getMsg HTTP/1.1" 200 27
222.67.238.82 - - [23/May/2023:09:19:12 +0800] "GET /xingrg/images/yd/bt.gif HTTP/1.1" 404 1040
222.67.238.82 - - [23/May/2023:09:19:14 +0800] "GET /xingrg/kc/buy/cgsh_order_list.html HTTP/1.1" 200 55675
222.67.238.82 - - [23/May/2023:09:19:16 +0800] "POST /xingrg/kc/buy/cgsh_list_operate.html HTTP/1.1" 200 986
116.238.139.35 - - [23/May/2023:09:19:16 +0800] "GET /xingrg/all/function/internal_message.html?_=1684804754444&CODE_STATE=getMsg HTTP/1.1" 200 27
222.67.238.82 - - [23/May/2023:09:19:19 +0800] "GET /xingrg/kc/buy/cgsh_order_add.html HTTP/1.1" 200 71451
222.67.238.82 - - [23/May/2023:09:19:19 +0800] "GET /xingrg/words/20230521105100_words.js HTTP/1.1" 304 -
222.67.238.82 - - [23/May/2023:09:19:19 +0800] "POST /xingrg/kc/buy/cgsh_order_operate.html HTTP/1.1" 200 8245
116.232.195.127 - - [23/May/2023:09:19:19 +0800] "GET /xingrg/check_reg.html?_=1684804800606 HTTP/1.1" 200 22
222.67.238.82 - - [23/May/2023:09:19:19 +0800] "GET /xingrg/javascript/easyui/themes/default/validatebox.css HTTP/1.1" 404 1104
222.67.238.82 - - [23/May/2023:09:19:19 +0800] "GET /xingrg/all/common/auto_word.html?type=employee&rest_code=00141 HTTP/1.1" 200 201
222.67.238.82 - - [23/May/2023:09:19:19 +0800] "GET /xingrg/all/common/auto_word.html?type=employee&rest_code=00141 HTTP/1.1" 200 201
180.171.121.39 - - [23/May/2023:09:19:20 +0800] "GET /xingrg/all/function/internal_message.html?_=1684804759668&CODE_STATE=getMsg HTTP/1.1" 200 27
222.69.129.217 - - [23/May/2023:09:19:20 +0800] "GET /xingrg/all/function/internal_message.html?_=1684804858015&CODE_STATE=getMsg HTTP/1.1" 200 27
172.20.0.100 - - [23/May/2023:09:19:21 +0800] "GET /xingrg/all/function/internal_message.html?_=1684804765594&CODE_STATE=getMsg HTTP/1.1" 200 27
120.253.135.82 - - [23/May/2023:09:19:24 +0800] "GET /xingrg/kc/pszx/mdps_order_info.html?code=312023052300482 HTTP/1.1" 200 19638
180.169.147.146 - - [23/May/2023:09:19:24 +0800] "GET /xingrg/check_reg.html?_=1684804765148 HTTP/1.1" 200 22
180.169.147.146 - - [23/May/2023:09:19:24 +0800] "GET /xingrg/all/function/internal_message.html?_=1684804765149&CODE_STATE=getMsg HTTP/1.1" 200 27
114.83.216.71 - - [23/May/2023:09:19:24 +0800] "GET /xingrg/all/function/internal_message.html?_=1684804763018&CODE_STATE=getMsg HTTP/1.1" 200 27
120.253.135.82 - - [23/May/2023:09:19:25 +0800] "GET /xingrg/javascript/easyui/themes/default/validatebox.css HTTP/1.1" 404 1104
120.253.135.82 - - [23/May/2023:09:19:25 +0800] "POST /xingrg/kc/pszx/mdps_order_operate.html HTTP/1.1" 200 1500
218.81.65.10 - - [23/May/2023:09:19:27 +0800] "GET /xingrg/check_reg.html?_=1684804766184 HTTP/1.1" 200 22
120.253.135.82 - - [23/May/2023:09:19:27 +0800] "POST /xingrg/kc/pszx/mdps_list_operate.html HTTP/1.1" 200 1688
120.253.135.82 - - [23/May/2023:09:19:29 +0800] "POST /xingrg/kc/pszx/mdps_list_operate.html HTTP/1.1" 200 201
116.224.158.100 - - [23/May/2023:09:19:32 +0800] "GET /xingrg/kc/base/wldb_order_operate.html?command=get_materiel&rest_code=00105&base_code=0010515&code=00101019010 HTTP/1.1" 200 468
120.253.135.82 - - [23/May/2023:09:19:33 +0800] "GET /xingrg/kc/pszx/mdqp_order_list.html?state=10 HTTP/1.1" 200 10275
180.171.121.39 - - [23/May/2023:09:19:33 +0800] "GET /xingrg/check_reg.html?_=1684804916815 HTTP/1.1" 200 22
120.253.135.82 - - [23/May/2023:09:19:33 +0800] "GET /xingrg/dwr/engine.js HTTP/1.1" 200 43631
120.253.135.82 - - [23/May/2023:09:19:33 +0800] "GET /xingrg/dwr/interface/AjaxReportQueryService.js HTTP/1.1" 200 13203
120.253.135.82 - - [23/May/2023:09:19:33 +0800] "GET /xingrg/dwr/interface/AjaxQqpsService.js HTTP/1.1" 200 16326
120.253.135.82 - - [23/May/2023:09:19:36 +0800] "GET /xingrg/kc/pszx/mdps_order_list.html?orderType=0 HTTP/1.1" 200 21032
120.253.135.82 - - [23/May/2023:09:19:37 +0800] "POST /xingrg/kc/pszx/mdps_list_operate.html HTTP/1.1" 200 5319
222.67.238.82 - - [23/May/2023:09:19:41 +0800] "GET /xingrg/javascript/auto/indicator.gif HTTP/1.1" 404 1066
222.67.238.82 - - [23/May/2023:09:19:44 +0800] "GET /xingrg/javascript/jquery_tools/images/prev.gif HTTP/1.1" 404 1086
222.67.238.82 - - [23/May/2023:09:19:44 +0800] "GET /xingrg/javascript/jquery_tools/images/next.gif HTTP/1.1" 404 1086
116.224.158.100 - - [23/May/2023:09:19:52 +0800] "GET /xingrg/all/function/internal_message.html?_=1684804625707&CODE_STATE=getMsg HTTP/1.1" 200 27
222.67.238.82 - - [23/May/2023:09:19:53 +0800] "GET /xingrg/kc/buy/cgsh_order_operate.html?command=get_materiel&rest_code=00141&code=00101012038&supplier_code=00100036&order_time=2023-05-23 HTTP/1.1" 200 412
116.238.139.35 - - [23/May/2023:09:20:02 +0800] "GET /xingrg/check_reg.html?_=1684804718671 HTTP/1.1" 200 22
116.238.139.35 - - [23/May/2023:09:20:02 +0800] "GET /xingrg/all/function/internal_message.html?_=1684804718870&CODE_STATE=getMsg HTTP/1.1" 200 27
222.67.238.82 - - [23/May/2023:09:20:09 +0800] "GET /xingrg/all/function/internal_message.html?_=1684804321479&CODE_STATE=getMsg HTTP/1.1" 200 27
180.163.28.180 - - [23/May/2023:09:20:09 +0800] "GET /xingrg/all/function/internal_message.html?_=1684804743599&CODE_STATE=getMsg HTTP/1.1" 302 -
180.163.28.180 - - [23/May/2023:09:20:09 +0800] "GET /xingrg/login.html HTTP/1.1" 200 7641
116.237.79.115 - - [23/May/2023:09:20:09 +0800] "GET /xingrg/all/function/internal_message.html?_=1684804803573&CODE_STATE=getMsg HTTP/1.1" 200 27
116.224.158.100 - - [23/May/2023:09:20:11 +0800] "GET /xingrg/check_reg.html?_=1684804812749 HTTP/1.1" 200 22
114.85.97.46 - - [23/May/2023:09:20:12 +0800] "GET /xingrg/check_reg.html?_=1684804812926 HTTP/1.1" 200 22
114.85.97.46 - - [23/May/2023:09:20:12 +0800] "GET /xingrg/all/function/internal_message.html?_=1684804812927&CODE_STATE=getMsg HTTP/1.1" 200 27
222.67.238.82 - - [23/May/2023:09:20:15 +0800] "GET /xingrg/kc/buy/cgsh_order_operate.html?command=get_materiel&rest_code=00141&code=00101012051&supplier_code=00100036&order_time=2023-05-23 HTTP/1.1" 200 408
116.238.139.35 - - [23/May/2023:09:20:16 +0800] "GET /xingrg/all/function/internal_message.html?_=1684804814445&CODE_STATE=getMsg HTTP/1.1" 200 27
180.171.121.39 - - [23/May/2023:09:20:20 +0800] "GET /xingrg/all/function/internal_message.html?_=1684804819650&CODE_STATE=getMsg HTTP/1.1" 200 27
222.69.129.217 - - [23/May/2023:09:20:20 +0800] "GET /xingrg/all/function/internal_message.html?_=1684804918027&CODE_STATE=getMsg HTTP/1.1" 200 27
172.20.0.100 - - [23/May/2023:09:20:21 +0800] "GET /xingrg/all/function/internal_message.html?_=1684804825609&CODE_STATE=getMsg HTTP/1.1" 200 27
172.20.0.100 - - [23/May/2023:09:20:21 +0800] "GET /xingrg/check_reg.html?_=1684804825610 HTTP/1.1" 200 22
180.169.147.146 - - [23/May/2023:09:20:24 +0800] "GET /xingrg/all/function/internal_message.html?_=1684804825141&CODE_STATE=getMsg HTTP/1.1" 200 27
114.83.216.71 - - [23/May/2023:09:20:24 +0800] "GET /xingrg/all/function/internal_message.html?_=1684804822996&CODE_STATE=getMsg HTTP/1.1" 200 27
116.224.158.100 - - [23/May/2023:09:20:38 +0800] "GET /xingrg/kc/base/wldb_order_operate.html?command=get_materiel&rest_code=00105&base_code=0010515&code=00101019425 HTTP/1.1" 200 458
116.224.158.100 - - [23/May/2023:09:20:52 +0800] "GET /xingrg/all/function/internal_message.html?_=1684804685723&CODE_STATE=getMsg HTTP/1.1" 200 27
116.237.79.115 - - [23/May/2023:09:20:56 +0800] "POST /xingrg/kc/buy/cgsh_order_operate.html HTTP/1.1" 200 37
116.238.139.35 - - [23/May/2023:09:21:02 +0800] "GET /xingrg/all/function/internal_message.html?_=1684804778885&CODE_STATE=getMsg HTTP/1.1" 200 27
222.67.238.82 - - [23/May/2023:09:21:09 +0800] "GET /xingrg/all/function/internal_message.html?_=1684804381483&CODE_STATE=getMsg HTTP/1.1" 200 27
180.163.30.85 - - [23/May/2023:09:21:09 +0800] "GET /xingrg/all/function/internal_message.html?_=1684804803573&CODE_STATE=getMsg HTTP/1.1" 302 -
180.163.30.85 - - [23/May/2023:09:21:09 +0800] "GET /xingrg/login.html HTTP/1.1" 200 7641
114.85.97.46 - - [23/May/2023:09:21:12 +0800] "GET /xingrg/all/function/internal_message.html?_=1684804872942&CODE_STATE=getMsg HTTP/1.1" 200 27
116.224.158.100 - - [23/May/2023:09:21:15 +0800] "POST /xingrg/kc/base/wldb_order_operate.html HTTP/1.1" 200 37
116.224.158.100 - - [23/May/2023:09:21:16 +0800] "POST /xingrg/kc/base/wldb_order_operate.html HTTP/1.1" 200 2698
116.238.139.35 - - [23/May/2023:09:21:16 +0800] "GET /xingrg/all/function/internal_message.html?_=1684804874446&CODE_STATE=getMsg HTTP/1.1" 200 27
116.224.158.100 - - [23/May/2023:09:21:16 +0800] "GET /xingrg/kc/base/wldb_order_info.html?code=422023052301822 HTTP/1.1" 200 30391
116.224.158.100 - - [23/May/2023:09:21:17 +0800] "GET /xingrg/javascript/easyui/themes/default/validatebox.css HTTP/1.1" 404 1104
116.224.158.100 - - [23/May/2023:09:21:17 +0800] "POST /xingrg/kc/base/wldb_order_operate.html HTTP/1.1" 200 2698
180.171.121.39 - - [23/May/2023:09:21:20 +0800] "GET /xingrg/all/function/internal_message.html?_=1684804879628&CODE_STATE=getMsg HTTP/1.1" 200 27
222.69.129.217 - - [23/May/2023:09:21:20 +0800] "GET /xingrg/all/function/internal_message.html?_=1684804978023&CODE_STATE=getMsg HTTP/1.1" 200 27
172.20.0.100 - - [23/May/2023:09:21:21 +0800] "GET /xingrg/all/function/internal_message.html?_=1684804885594&CODE_STATE=getMsg HTTP/1.1" 200 27
180.169.147.146 - - [23/May/2023:09:21:24 +0800] "GET /xingrg/all/function/internal_message.html?_=1684804885158&CODE_STATE=getMsg HTTP/1.1" 200 27
114.83.216.71 - - [23/May/2023:09:21:24 +0800] "GET /xingrg/all/function/internal_message.html?_=1684804882981&CODE_STATE=getMsg HTTP/1.1" 200 27
116.237.79.115 - - [23/May/2023:09:21:37 +0800] "POST /xingrg/kc/buy/cgsh_order_operate.html HTTP/1.1" 200 16839
222.67.238.82 - - [23/May/2023:09:21:47 +0800] "GET /xingrg/kc/buy/cgsh_order_operate.html?command=get_materiel&rest_code=00141&code=00101010166&supplier_code=00100036&order_time=2023-05-23 HTTP/1.1" 200 417
120.253.135.82 - - [23/May/2023:09:21:49 +0800] "GET /xingrg/check_reg.html?_=1684804746180 HTTP/1.1" 200 22
116.224.158.100 - - [23/May/2023:09:21:52 +0800] "GET /xingrg/all/function/internal_message.html?_=1684804745720&CODE_STATE=getMsg HTTP/1.1" 200 27
222.67.238.82 - - [23/May/2023:09:21:57 +0800] "GET /xingrg/kc/buy/cgsh_order_operate.html?command=get_materiel&rest_code=00141&code=00101011001&supplier_code=00100036&order_time=2023-05-23 HTTP/1.1" 200 423
116.238.139.35 - - [23/May/2023:09:22:02 +0800] "GET /xingrg/all/function/internal_message.html?_=1684804838897&CODE_STATE=getMsg HTTP/1.1" 200 27
222.67.238.82 - - [23/May/2023:09:22:09 +0800] "GET /xingrg/all/function/internal_message.html?_=1684804441506&CODE_STATE=getMsg HTTP/1.1" 200 27
116.237.79.115 - - [23/May/2023:09:22:09 +0800] "GET /xingrg/all/function/internal_message.html?_=1684804923590&CODE_STATE=getMsg HTTP/1.1" 200 27
116.237.79.115 - - [23/May/2023:09:22:09 +0800] "GET /xingrg/check_reg.html?_=1684804923688 HTTP/1.1" 200 22
114.85.97.46 - - [23/May/2023:09:22:12 +0800] "GET /xingrg/all/function/internal_message.html?_=1684804932928&CODE_STATE=getMsg HTTP/1.1" 200 27
222.67.238.82 - - [23/May/2023:09:22:15 +0800] "POST /xingrg/kc/buy/cgsh_order_operate.html HTTP/1.1" 200 37
116.238.139.35 - - [23/May/2023:09:22:16 +0800] "GET /xingrg/all/function/internal_message.html?_=1684804934447&CODE_STATE=getMsg HTTP/1.1" 200 27
116.238.139.35 - - [23/May/2023:09:22:16 +0800] "GET /xingrg/check_reg.html?_=1684804934450 HTTP/1.1" 200 22
114.83.216.71 - - [23/May/2023:09:22:19 +0800] "GET /xingrg/check_reg.html?_=1684804938083 HTTP/1.1" 200 22
180.171.121.39 - - [23/May/2023:09:22:20 +0800] "GET /xingrg/all/function/internal_message.html?_=1684804939601&CODE_STATE=getMsg HTTP/1.1" 200 27
180.171.121.39 - - [23/May/2023:09:22:20 +0800] "GET /xingrg/check_reg.html?_=1684804939713 HTTP/1.1" 200 22
222.69.129.217 - - [23/May/2023:09:22:20 +0800] "GET /xingrg/all/function/internal_message.html?_=1684805038013&CODE_STATE=getMsg HTTP/1.1" 200 27
172.20.0.100 - - [23/May/2023:09:22:21 +0800] "GET /xingrg/all/function/internal_message.html?_=1684804945601&CODE_STATE=getMsg HTTP/1.1" 200 27
180.169.147.146 - - [23/May/2023:09:22:24 +0800] "GET /xingrg/all/function/internal_message.html?_=1684804945153&CODE_STATE=getMsg HTTP/1.1" 200 27
114.83.216.71 - - [23/May/2023:09:22:24 +0800] "GET /xingrg/all/function/internal_message.html?_=1684804942971&CODE_STATE=getMsg HTTP/1.1" 200 27
222.67.238.82 - - [23/May/2023:09:22:33 +0800] "POST /xingrg/kc/buy/cgsh_order_operate.html HTTP/1.1" 200 12
222.67.238.82 - - [23/May/2023:09:22:37 +0800] "GET /xingrg/kc/buy/cgsh_order_info.html?code=212023052308482 HTTP/1.1" 200 66362
222.67.238.82 - - [23/May/2023:09:22:37 +0800] "GET /xingrg/javascript/easyui/themes/default/validatebox.css HTTP/1.1" 404 1104
222.67.238.82 - - [23/May/2023:09:22:38 +0800] "POST /xingrg/kc/buy/cgsh_order_operate.html HTTP/1.1" 200 2394
116.224.158.100 - - [23/May/2023:09:22:38 +0800] "GET /xingrg/kc/base/base_main.html HTTP/1.1" 200 12142
116.224.158.100 - - [23/May/2023:09:22:40 +0800] "GET /xingrg/kc/base/wldb_order_list.html HTTP/1.1" 200 19098
116.224.158.100 - - [23/May/2023:09:22:41 +0800] "POST /xingrg/kc/base/wldb_list_operate.html HTTP/1.1" 200 2542
222.67.238.82 - - [23/May/2023:09:22:41 +0800] "GET /xingrg/kc/print/load_config.html?kc_code=cgsh HTTP/1.1" 200 1924
