180.169.147.146 - - [23/May/2023:12:08:17 +0800] "GET /xingrg/all/function/internal_message.html?_=1684814897674&CODE_STATE=getMsg HTTP/1.1" 200 27
120.253.135.82 - - [23/May/2023:12:08:18 +0800] "GET /xingrg/kc/buy/cgsh_order_operate.html?command=get_materiel&rest_code=00101&code=00101016020&supplier_code=00100100&order_time=2023-05-23 HTTP/1.1" 200 446
222.69.129.217 - - [23/May/2023:12:08:20 +0800] "GET /xingrg/check_reg.html?_=1684814998021 HTTP/1.1" 200 22
222.69.129.217 - - [23/May/2023:12:08:20 +0800] "GET /xingrg/all/function/internal_message.html?_=1684814998022&CODE_STATE=getMsg HTTP/1.1" 200 27
120.253.135.82 - - [23/May/2023:12:08:20 +0800] "POST /xingrg/kc/buy/cgsh_order_operate.html HTTP/1.1" 200 12
120.253.135.82 - - [23/May/2023:12:08:21 +0800] "POST /xingrg/all/common/load_select.html HTTP/1.1" 200 25
172.20.0.100 - - [23/May/2023:12:08:21 +0800] "GET /xingrg/all/function/internal_message.html?_=1684814905732&CODE_STATE=getMsg HTTP/1.1" 302 -
120.253.135.82 - - [23/May/2023:12:08:23 +0800] "GET /xingrg/all/function/internal_message.html?_=1684814739979&CODE_STATE=getMsg HTTP/1.1" 200 27
120.253.135.82 - - [23/May/2023:12:08:23 +0800] "GET /xingrg/check_reg.html?_=1684814740072 HTTP/1.1" 200 22
120.253.135.82 - - [23/May/2023:12:08:23 +0800] "GET /xingrg/kc/buy/cgsh_order_info.html?code=212023052308531 HTTP/1.1" 200 65425
120.253.135.82 - - [23/May/2023:12:08:24 +0800] "GET /xingrg/javascript/easyui/themes/default/validatebox.css HTTP/1.1" 404 1104
180.169.147.146 - - [23/May/2023:12:08:24 +0800] "GET /xingrg/all/function/internal_message.html?_=1684814905135&CODE_STATE=getMsg HTTP/1.1" 200 27
120.253.135.82 - - [23/May/2023:12:08:25 +0800] "POST /xingrg/kc/buy/cgsh_order_operate.html HTTP/1.1" 200 1222
222.70.172.86 - - [23/May/2023:12:08:25 +0800] "GET /xingrg/all/function/internal_message.html?_=1684814911414&CODE_STATE=getMsg HTTP/1.1" 200 27
218.81.65.10 - - [23/May/2023:12:08:25 +0800] "GET /xingrg/all/function/internal_message.html?_=1684814904879&CODE_STATE=getMsg HTTP/1.1" 200 27
120.253.135.82 - - [23/May/2023:12:08:25 +0800] "GET /xingrg/kc/buy/cgsh_order_operate.html?command=get_materiel_price&rest_code=00101&code=00101016020&unit_code=00100142&supplier_code=00100100&order_time=2023-05-23 HTTP/1.1" 200 29
114.85.36.120 - - [23/May/2023:12:08:26 +0800] "GET /xingrg/all/function/internal_message.html?_=1684813729132&CODE_STATE=getMsg HTTP/1.1" 200 27
116.237.79.115 - - [23/May/2023:12:08:27 +0800] "GET /xingrg/all/function/internal_message.html?_=1684814901283&CODE_STATE=getMsg HTTP/1.1" 200 27
180.169.147.146 - - [23/May/2023:12:08:30 +0800] "GET /xingrg/all/function/internal_message.html?_=1684814910888&CODE_STATE=getMsg HTTP/1.1" 200 27
120.253.135.82 - - [23/May/2023:12:08:31 +0800] "POST /xingrg/kc/buy/cgsh_order_operate.html HTTP/1.1" 200 2065
120.253.135.82 - - [23/May/2023:12:08:31 +0800] "POST /xingrg/kc/buy/cgsh_list_operate.html HTTP/1.1" 200 2267
180.169.147.146 - - [23/May/2023:12:08:34 +0800] "GET /xingrg/all/function/internal_message.html?_=1684814911115&CODE_STATE=getMsg HTTP/1.1" 200 27
116.238.139.35 - - [23/May/2023:12:08:34 +0800] "GET /xingrg/all/function/internal_message.html?_=1684814912615&CODE_STATE=getMsg HTTP/1.1" 200 27
116.238.139.35 - - [23/May/2023:12:08:34 +0800] "GET /xingrg/check_reg.html?_=1684814912616 HTTP/1.1" 200 22
120.253.135.82 - - [23/May/2023:12:08:34 +0800] "POST /xingrg/kc/buy/cgsh_list_operate.html HTTP/1.1" 200 429
180.169.147.146 - - [23/May/2023:12:08:36 +0800] "GET /xingrg/kc/buy/cgsh_order_operate.html?command=get_materiel&rest_code=00147&code=00101002038&supplier_code=00100087&order_time=2023-05-22 HTTP/1.1" 200 416
120.253.135.82 - - [23/May/2023:12:08:36 +0800] "GET /xingrg/kc/buy/cgsh_order_info.html?code=212023052308532 HTTP/1.1" 200 70518
120.253.135.82 - - [23/May/2023:12:08:37 +0800] "GET /xingrg/javascript/easyui/themes/default/validatebox.css HTTP/1.1" 404 1104
120.253.135.82 - - [23/May/2023:12:08:37 +0800] "POST /xingrg/kc/buy/cgsh_order_operate.html HTTP/1.1" 200 4479
101.229.22.40 - - [23/May/2023:12:08:45 +0800] "GET /xingrg/all/function/internal_message.html?_=1684814924899&CODE_STATE=getMsg HTTP/1.1" 200 27
180.169.147.146 - - [23/May/2023:12:08:46 +0800] "POST /xingrg/kc/buy/cgsh_order_operate.html HTTP/1.1" 200 37
180.169.147.146 - - [23/May/2023:12:08:47 +0800] "POST /xingrg/kc/buy/cgsh_order_operate.html HTTP/1.1" 200 2664
180.169.147.146 - - [23/May/2023:12:08:48 +0800] "GET /xingrg/kc/print/load_data.html?order_code=212023052308534&kc_code=cgsh&condition= HTTP/1.1" 200 741
120.253.135.82 - - [23/May/2023:12:08:49 +0800] "GET /xingrg/kc/print/load_data.html?order_code=212023052308532&kc_code=cgsh&condition= HTTP/1.1" 200 1443
180.164.3.199 - - [23/May/2023:12:08:50 +0800] "GET /xingrg/all/function/internal_message.html?_=1684814929522&CODE_STATE=getMsg HTTP/1.1" 200 27
116.224.158.100 - - [23/May/2023:12:08:50 +0800] "GET /xingrg/all/function/internal_message.html?_=1684814764142&CODE_STATE=getMsg HTTP/1.1" 200 27
116.238.139.35 - - [23/May/2023:12:08:51 +0800] "GET /xingrg/all/function/internal_message.html?_=1684814848140&CODE_STATE=getMsg HTTP/1.1" 200 27
180.169.147.146 - - [23/May/2023:12:08:52 +0800] "GET /xingrg/kc/buy/cgsh_order_add.html HTTP/1.1" 200 71454
180.169.147.146 - - [23/May/2023:12:08:52 +0800] "GET /xingrg/javascript/easyui/themes/default/validatebox.css HTTP/1.1" 404 1104
180.169.147.146 - - [23/May/2023:12:08:52 +0800] "POST /xingrg/kc/buy/cgsh_order_operate.html HTTP/1.1" 200 8245
218.81.65.10 - - [23/May/2023:12:08:52 +0800] "GET /xingrg/all/function/internal_message.html?_=1684814933034&CODE_STATE=getMsg HTTP/1.1" 200 27
114.83.216.71 - - [23/May/2023:12:08:53 +0800] "GET /xingrg/all/function/internal_message.html?_=1684814931546&CODE_STATE=getMsg HTTP/1.1" 200 27
120.253.135.82 - - [23/May/2023:12:08:57 +0800] "POST /xingrg/kc/buy/cgsh_order_operate.html HTTP/1.1" 200 37
120.253.135.82 - - [23/May/2023:12:08:59 +0800] "POST /xingrg/kc/buy/cgsh_order_operate.html HTTP/1.1" 200 9544
124.79.240.114 - - [23/May/2023:12:09:02 +0800] "GET /xingrg/all/function/internal_message.html?_=1684815220890&CODE_STATE=getMsg HTTP/1.1" 200 27
180.169.147.146 - - [23/May/2023:12:09:03 +0800] "GET /xingrg/kc/buy/cgsh_order_operate.html?command=get_materiel&rest_code=00147&code=00101002006&supplier_code=00100091&order_time=2023-05-22 HTTP/1.1" 200 414
222.67.238.82 - - [23/May/2023:12:09:05 +0800] "GET /xingrg/all/function/internal_message.html?_=1684814458014&CODE_STATE=getMsg HTTP/1.1" 200 27
120.253.135.82 - - [23/May/2023:12:09:09 +0800] "GET /xingrg/all/function/internal_message.html?_=1684815088300&CODE_STATE=getMsg HTTP/1.1" 200 27
222.67.238.82 - - [23/May/2023:12:09:09 +0800] "GET /xingrg/check_reg.html?_=1684814461912 HTTP/1.1" 200 22
120.253.135.82 - - [23/May/2023:12:09:09 +0800] "POST /xingrg/kc/buy/cgsh_order_operate.html HTTP/1.1" 200 37
124.79.74.67 - - [23/May/2023:12:09:10 +0800] "GET /xingrg/all/function/internal_message.html?_=1684814953826&CODE_STATE=getMsg HTTP/1.1" 200 27
120.253.135.82 - - [23/May/2023:12:09:12 +0800] "POST /xingrg/kc/buy/cgsh_order_operate.html HTTP/1.1" 200 9544
180.169.147.146 - - [23/May/2023:12:09:17 +0800] "GET /xingrg/all/function/internal_message.html?_=1684814957674&CODE_STATE=getMsg HTTP/1.1" 200 27
116.232.195.127 - - [23/May/2023:12:09:20 +0800] "GET /xingrg/check_reg.html?_=1684815000616 HTTP/1.1" 200 22
222.69.129.217 - - [23/May/2023:12:09:20 +0800] "GET /xingrg/all/function/internal_message.html?_=1684815058019&CODE_STATE=getMsg HTTP/1.1" 200 27
172.20.0.100 - - [23/May/2023:12:09:21 +0800] "GET /xingrg/all/function/internal_message.html?_=1684814965730&CODE_STATE=getMsg HTTP/1.1" 302 -
180.169.147.146 - - [23/May/2023:12:09:21 +0800] "GET /xingrg/kc/buy/cgsh_order_operate.html?command=get_materiel&rest_code=00147&code=00101002034&supplier_code=00100091&order_time=2023-05-22 HTTP/1.1" 200 410
120.253.135.82 - - [23/May/2023:12:09:23 +0800] "GET /xingrg/all/function/internal_message.html?_=1684814800072&CODE_STATE=getMsg HTTP/1.1" 200 27
180.164.3.199 - - [23/May/2023:12:09:23 +0800] "GET /xingrg/check_reg.html?_=1684814962604 HTTP/1.1" 200 22
180.169.147.146 - - [23/May/2023:12:09:24 +0800] "GET /xingrg/check_reg.html?_=1684814965149 HTTP/1.1" 200 22
180.169.147.146 - - [23/May/2023:12:09:24 +0800] "GET /xingrg/all/function/internal_message.html?_=1684814965148&CODE_STATE=getMsg HTTP/1.1" 200 27
222.70.172.86 - - [23/May/2023:12:09:25 +0800] "GET /xingrg/all/function/internal_message.html?_=1684814971419&CODE_STATE=getMsg HTTP/1.1" 200 27
218.81.65.10 - - [23/May/2023:12:09:25 +0800] "GET /xingrg/all/function/internal_message.html?_=1684814964869&CODE_STATE=getMsg HTTP/1.1" 200 27
114.85.36.120 - - [23/May/2023:12:09:26 +0800] "GET /xingrg/all/function/internal_message.html?_=1684813789142&CODE_STATE=getMsg HTTP/1.1" 200 27
180.163.29.79 - - [23/May/2023:12:09:27 +0800] "GET /xingrg/all/function/internal_message.html?_=1684814901283&CODE_STATE=getMsg HTTP/1.1" 302 -
180.163.29.79 - - [23/May/2023:12:09:27 +0800] "GET /xingrg/login.html HTTP/1.1" 200 7641
116.237.79.115 - - [23/May/2023:12:09:27 +0800] "GET /xingrg/all/function/internal_message.html?_=1684814961268&CODE_STATE=getMsg HTTP/1.1" 200 27
180.169.147.146 - - [23/May/2023:12:09:29 +0800] "POST /xingrg/kc/buy/cgsh_order_operate.html HTTP/1.1" 200 37
180.169.147.146 - - [23/May/2023:12:09:30 +0800] "GET /xingrg/all/function/internal_message.html?_=1684814970859&CODE_STATE=getMsg HTTP/1.1" 200 27
180.169.147.146 - - [23/May/2023:12:09:31 +0800] "POST /xingrg/kc/buy/cgsh_order_operate.html HTTP/1.1" 200 3254
180.169.147.146 - - [23/May/2023:12:09:32 +0800] "GET /xingrg/kc/print/load_data.html?order_code=212023052308535&kc_code=cgsh&condition= HTTP/1.1" 200 982
180.171.121.39 - - [23/May/2023:12:09:33 +0800] "GET /xingrg/check_reg.html?_=1684815116343 HTTP/1.1" 200 22
180.169.147.146 - - [23/May/2023:12:09:34 +0800] "GET /xingrg/all/function/internal_message.html?_=1684814971115&CODE_STATE=getMsg HTTP/1.1" 200 27
116.238.139.35 - - [23/May/2023:12:09:34 +0800] "GET /xingrg/all/function/internal_message.html?_=1684814972615&CODE_STATE=getMsg HTTP/1.1" 200 27
180.169.147.146 - - [23/May/2023:12:09:36 +0800] "GET /xingrg/kc/buy/cgsh_order_add.html HTTP/1.1" 200 71454
180.169.147.146 - - [23/May/2023:12:09:37 +0800] "POST /xingrg/kc/buy/cgsh_order_operate.html HTTP/1.1" 200 8245
180.169.147.146 - - [23/May/2023:12:09:37 +0800] "GET /xingrg/javascript/easyui/themes/default/validatebox.css HTTP/1.1" 404 1104
101.229.22.40 - - [23/May/2023:12:09:45 +0800] "GET /xingrg/all/function/internal_message.html?_=1684814984899&CODE_STATE=getMsg HTTP/1.1" 200 27
180.164.3.199 - - [23/May/2023:12:09:50 +0800] "GET /xingrg/all/function/internal_message.html?_=1684814989529&CODE_STATE=getMsg HTTP/1.1" 200 27
116.224.158.100 - - [23/May/2023:12:09:50 +0800] "GET /xingrg/all/function/internal_message.html?_=1684814824112&CODE_STATE=getMsg HTTP/1.1" 200 27
116.238.139.35 - - [23/May/2023:12:09:51 +0800] "GET /xingrg/all/function/internal_message.html?_=1684814908196&CODE_STATE=getMsg HTTP/1.1" 200 27
218.81.65.10 - - [23/May/2023:12:09:52 +0800] "GET /xingrg/all/function/internal_message.html?_=1684814993021&CODE_STATE=getMsg HTTP/1.1" 200 27
114.83.216.71 - - [23/May/2023:12:09:53 +0800] "GET /xingrg/all/function/internal_message.html?_=1684814991572&CODE_STATE=getMsg HTTP/1.1" 200 27
114.83.216.71 - - [23/May/2023:12:09:53 +0800] "GET /xingrg/check_reg.html?_=1684814991575 HTTP/1.1" 200 22
180.169.147.146 - - [23/May/2023:12:09:57 +0800] "GET /xingrg/kc/buy/cgsh_order_operate.html?command=get_materiel&rest_code=00147&code=00101001037&supplier_code=00100090&order_time=2023-05-22 HTTP/1.1" 200 418
124.79.240.114 - - [23/May/2023:12:10:02 +0800] "GET /xingrg/check_reg.html?_=1684815280889 HTTP/1.1" 200 22
124.79.240.114 - - [23/May/2023:12:10:02 +0800] "GET /xingrg/all/function/internal_message.html?_=1684815280890&CODE_STATE=getMsg HTTP/1.1" 200 27
222.67.238.82 - - [23/May/2023:12:10:05 +0800] "GET /xingrg/all/function/internal_message.html?_=1684814517994&CODE_STATE=getMsg HTTP/1.1" 200 27
120.253.135.82 - - [23/May/2023:12:10:09 +0800] "GET /xingrg/all/function/internal_message.html?_=1684815148301&CODE_STATE=getMsg HTTP/1.1" 200 27
124.79.74.67 - - [23/May/2023:12:10:10 +0800] "GET /xingrg/check_reg.html?_=1684815013828 HTTP/1.1" 200 22
124.79.74.67 - - [23/May/2023:12:10:10 +0800] "GET /xingrg/all/function/internal_message.html?_=1684815013825&CODE_STATE=getMsg HTTP/1.1" 200 27
116.224.158.100 - - [23/May/2023:12:10:11 +0800] "GET /xingrg/check_reg.html?_=1684815013039 HTTP/1.1" 200 22
180.169.147.146 - - [23/May/2023:12:10:12 +0800] "GET /xingrg/kc/buy/cgsh_order_operate.html?command=get_materiel&rest_code=00147&code=00101001093&supplier_code=00100090&order_time=2023-05-22 HTTP/1.1" 200 412
180.169.147.146 - - [23/May/2023:12:10:17 +0800] "GET /xingrg/all/function/internal_message.html?_=1684815017667&CODE_STATE=getMsg HTTP/1.1" 200 27
222.69.129.217 - - [23/May/2023:12:10:20 +0800] "GET /xingrg/all/function/internal_message.html?_=1684815118031&CODE_STATE=getMsg HTTP/1.1" 200 27
180.169.147.146 - - [23/May/2023:12:10:20 +0800] "POST /xingrg/kc/buy/cgsh_order_operate.html HTTP/1.1" 200 37
172.20.0.100 - - [23/May/2023:12:10:21 +0800] "GET /xingrg/all/function/internal_message.html?_=1684815025728&CODE_STATE=getMsg HTTP/1.1" 302 -
172.20.0.100 - - [23/May/2023:12:10:21 +0800] "GET /xingrg/check_reg.html?_=1684815025730 HTTP/1.1" 302 -
180.169.147.146 - - [23/May/2023:12:10:22 +0800] "POST /xingrg/kc/buy/cgsh_order_operate.html HTTP/1.1" 200 3256
222.70.172.86 - - [23/May/2023:12:10:22 +0800] "GET /xingrg/check_reg.html?_=1684815028471 HTTP/1.1" 200 22
120.253.135.82 - - [23/May/2023:12:10:23 +0800] "GET /xingrg/all/function/internal_message.html?_=1684814860084&CODE_STATE=getMsg HTTP/1.1" 200 27
180.169.147.146 - - [23/May/2023:12:10:23 +0800] "GET /xingrg/kc/print/load_data.html?order_code=212023052308536&kc_code=cgsh&condition= HTTP/1.1" 200 987
180.169.147.146 - - [23/May/2023:12:10:24 +0800] "GET /xingrg/all/function/internal_message.html?_=1684815025140&CODE_STATE=getMsg HTTP/1.1" 200 27
120.253.135.82 - - [23/May/2023:12:10:25 +0800] "POST /xingrg/kc/buy/cgsh_order_operate.html HTTP/1.1" 200 37
222.70.172.86 - - [23/May/2023:12:10:25 +0800] "GET /xingrg/all/function/internal_message.html?_=1684815031433&CODE_STATE=getMsg HTTP/1.1" 200 27
218.81.65.10 - - [23/May/2023:12:10:25 +0800] "GET /xingrg/all/function/internal_message.html?_=1684815024874&CODE_STATE=getMsg HTTP/1.1" 200 27
218.81.65.10 - - [23/May/2023:12:10:25 +0800] "GET /xingrg/check_reg.html?_=1684815024884 HTTP/1.1" 200 22
114.85.36.120 - - [23/May/2023:12:10:26 +0800] "GET /xingrg/all/function/internal_message.html?_=1684813849139&CODE_STATE=getMsg HTTP/1.1" 200 27
180.169.147.146 - - [23/May/2023:12:10:26 +0800] "GET /xingrg/kc/buy/cgsh_order_add.html HTTP/1.1" 200 71454
180.169.147.146 - - [23/May/2023:12:10:26 +0800] "POST /xingrg/kc/buy/cgsh_order_operate.html HTTP/1.1" 200 8245
180.169.147.146 - - [23/May/2023:12:10:26 +0800] "GET /xingrg/javascript/easyui/themes/default/validatebox.css HTTP/1.1" 404 1104
180.163.29.217 - - [23/May/2023:12:10:27 +0800] "GET /xingrg/all/function/internal_message.html?_=1684814961268&CODE_STATE=getMsg HTTP/1.1" 302 -
180.163.29.217 - - [23/May/2023:12:10:27 +0800] "GET /xingrg/login.html HTTP/1.1" 200 7641
116.237.79.115 - - [23/May/2023:12:10:27 +0800] "GET /xingrg/all/function/internal_message.html?_=1684815021241&CODE_STATE=getMsg HTTP/1.1" 200 27
180.169.147.146 - - [23/May/2023:12:10:30 +0800] "GET /xingrg/all/function/internal_message.html?_=1684815030841&CODE_STATE=getMsg HTTP/1.1" 200 27
120.253.135.82 - - [23/May/2023:12:10:32 +0800] "POST /xingrg/kc/buy/cgsh_order_operate.html HTTP/1.1" 200 12
180.169.147.146 - - [23/May/2023:12:10:34 +0800] "GET /xingrg/all/function/internal_message.html?_=1684815031115&CODE_STATE=getMsg HTTP/1.1" 200 27
116.238.139.35 - - [23/May/2023:12:10:34 +0800] "GET /xingrg/all/function/internal_message.html?_=1684815032631&CODE_STATE=getMsg HTTP/1.1" 200 27
120.253.135.82 - - [23/May/2023:12:10:34 +0800] "GET /xingrg/kc/buy/cgsh_order_info.html?code=212023052308532 HTTP/1.1" 200 65411
120.253.135.82 - - [23/May/2023:12:10:35 +0800] "GET /xingrg/javascript/easyui/themes/default/validatebox.css HTTP/1.1" 404 1104
120.253.135.82 - - [23/May/2023:12:10:36 +0800] "POST /xingrg/kc/buy/cgsh_order_operate.html HTTP/1.1" 200 2429
180.169.147.146 - - [23/May/2023:12:10:40 +0800] "GET /xingrg/kc/buy/cgsh_order_operate.html?command=get_materiel&rest_code=00147&code=00101006064&supplier_code=00100329&order_time=2023-05-22 HTTP/1.1" 200 441
180.169.147.146 - - [23/May/2023:12:10:40 +0800] "POST /xingrg/all/common/load_select.html HTTP/1.1" 200 12
120.253.135.82 - - [23/May/2023:12:10:42 +0800] "GET /xingrg/kc/buy/cgsh_order_list.html HTTP/1.1" 200 55669
120.253.135.82 - - [23/May/2023:12:10:42 +0800] "GET /xingrg/kc/buy/cgsh_order_list.html HTTP/1.1" 200 55669
120.253.135.82 - - [23/May/2023:12:10:43 +0800] "POST /xingrg/kc/buy/cgsh_list_operate.html HTTP/1.1" 200 1855
180.169.147.146 - - [23/May/2023:12:10:45 +0800] "GET /xingrg/kc/buy/cgsh_order_operate.html?command=get_materiel_price&rest_code=00147&code=00101006064&unit_code=00100001&supplier_code=00100329&order_time=2023-05-22 HTTP/1.1" 200 28
101.229.22.40 - - [23/May/2023:12:10:45 +0800] "GET /xingrg/all/function/internal_message.html?_=1684815044899&CODE_STATE=getMsg HTTP/1.1" 200 27
120.253.135.82 - - [23/May/2023:12:10:46 +0800] "POST /xingrg/kc/buy/cgsh_list_operate.html HTTP/1.1" 200 1855
120.253.135.82 - - [23/May/2023:12:10:47 +0800] "POST /xingrg/kc/buy/cgsh_list_operate.html HTTP/1.1" 200 641
120.253.135.82 - - [23/May/2023:12:10:49 +0800] "GET /xingrg/kc/buy/cgsh_order_info.html?code=212023052308533 HTTP/1.1" 200 70524
120.253.135.82 - - [23/May/2023:12:10:49 +0800] "GET /xingrg/javascript/easyui/themes/default/validatebox.css HTTP/1.1" 404 1104
120.253.135.82 - - [23/May/2023:12:10:50 +0800] "POST /xingrg/kc/buy/cgsh_order_operate.html HTTP/1.1" 200 9544
180.164.3.199 - - [23/May/2023:12:10:50 +0800] "GET /xingrg/all/function/internal_message.html?_=1684815049541&CODE_STATE=getMsg HTTP/1.1" 200 27
180.164.3.199 - - [23/May/2023:12:10:50 +0800] "GET /xingrg/check_reg.html?_=1684815049543 HTTP/1.1" 200 22
116.224.158.100 - - [23/May/2023:12:10:50 +0800] "GET /xingrg/all/function/internal_message.html?_=1684814884083&CODE_STATE=getMsg HTTP/1.1" 200 27
116.238.139.35 - - [23/May/2023:12:10:51 +0800] "GET /xingrg/all/function/internal_message.html?_=1684814968199&CODE_STATE=getMsg HTTP/1.1" 200 27
218.81.65.10 - - [23/May/2023:12:10:52 +0800] "GET /xingrg/all/function/internal_message.html?_=1684815053011&CODE_STATE=getMsg HTTP/1.1" 200 27
218.81.65.10 - - [23/May/2023:12:10:53 +0800] "GET /xingrg/check_reg.html?_=1684815053400 HTTP/1.1" 200 22
114.83.216.71 - - [23/May/2023:12:10:53 +0800] "GET /xingrg/all/function/internal_message.html?_=1684815051575&CODE_STATE=getMsg HTTP/1.1" 200 27
180.169.147.146 - - [23/May/2023:12:10:58 +0800] "GET /xingrg/kc/buy/cgsh_order_operate.html?command=get_materiel&rest_code=00147&code=00101010669&supplier_code=00100329&order_time=2023-05-22 HTTP/1.1" 200 424
101.229.22.40 - - [23/May/2023:12:10:59 +0800] "GET /xingrg/javascript/easyui/themes/sunny/images/ui-bg_gloss-wave_70_ffdd57_500x100.png HTTP/1.1" 304 -
124.79.240.114 - - [23/May/2023:12:11:02 +0800] "GET /xingrg/all/function/internal_message.html?_=1684815340888&CODE_STATE=getMsg HTTP/1.1" 200 27
222.67.238.82 - - [23/May/2023:12:11:05 +0800] "GET /xingrg/all/function/internal_message.html?_=1684814577975&CODE_STATE=getMsg HTTP/1.1" 200 27
180.169.147.146 - - [23/May/2023:12:11:09 +0800] "GET /xingrg/kc/buy/cgsh_order_operate.html?command=get_materiel&rest_code=00147&code=00101010869&supplier_code=00100329&order_time=2023-05-22 HTTP/1.1" 200 438
120.253.135.82 - - [23/May/2023:12:11:09 +0800] "GET /xingrg/all/function/internal_message.html?_=1684815208305&CODE_STATE=getMsg HTTP/1.1" 200 27
120.253.135.82 - - [23/May/2023:12:11:09 +0800] "GET /xingrg/check_reg.html?_=1684815208310 HTTP/1.1" 200 22
101.229.22.40 - - [23/May/2023:12:11:10 +0800] "GET /xingrg/login.html HTTP/1.1" 200 7641
101.229.22.40 - - [23/May/2023:12:11:10 +0800] "GET /favicon.ico HTTP/1.1" 404 -
124.79.74.67 - - [23/May/2023:12:11:10 +0800] "GET /xingrg/all/function/internal_message.html?_=1684815073826&CODE_STATE=getMsg HTTP/1.1" 200 27
120.253.135.82 - - [23/May/2023:12:11:14 +0800] "GET /xingrg/kc/print/load_data.html?order_code=212023052308533&kc_code=cgsh&condition= HTTP/1.1" 200 3524
180.169.147.146 - - [23/May/2023:12:11:17 +0800] "GET /xingrg/all/function/internal_message.html?_=1684815077676&CODE_STATE=getMsg HTTP/1.1" 200 27
180.169.147.146 - - [23/May/2023:12:11:18 +0800] "POST /xingrg/all/common/load_select.html HTTP/1.1" 200 25
222.69.129.217 - - [23/May/2023:12:11:20 +0800] "GET /xingrg/all/function/internal_message.html?_=1684815178023&CODE_STATE=getMsg HTTP/1.1" 200 27
172.20.0.100 - - [23/May/2023:12:11:21 +0800] "GET /xingrg/all/function/internal_message.html?_=1684815085728&CODE_STATE=getMsg HTTP/1.1" 302 -
180.169.147.146 - - [23/May/2023:12:11:22 +0800] "GET /xingrg/kc/buy/cgsh_order_operate.html?command=get_materiel_price&rest_code=00147&code=00101010869&unit_code=00100252&supplier_code=00100329&order_time=2023-05-22 HTTP/1.1" 200 30
120.253.135.82 - - [23/May/2023:12:11:23 +0800] "GET /xingrg/all/function/internal_message.html?_=1684814920097&CODE_STATE=getMsg HTTP/1.1" 200 27
180.169.147.146 - - [23/May/2023:12:11:24 +0800] "GET /xingrg/all/function/internal_message.html?_=1684815085145&CODE_STATE=getMsg HTTP/1.1" 200 27
222.70.172.86 - - [23/May/2023:12:11:25 +0800] "GET /xingrg/all/function/internal_message.html?_=1684815091445&CODE_STATE=getMsg HTTP/1.1" 200 27
218.81.65.10 - - [23/May/2023:12:11:25 +0800] "GET /xingrg/all/function/internal_message.html?_=1684815084869&CODE_STATE=getMsg HTTP/1.1" 200 27
114.85.36.120 - - [23/May/2023:12:11:26 +0800] "GET /xingrg/all/function/internal_message.html?_=1684813909129&CODE_STATE=getMsg HTTP/1.1" 200 27
114.85.36.120 - - [23/May/2023:12:11:26 +0800] "GET /xingrg/check_reg.html?_=1684813909133 HTTP/1.1" 200 22
61.151.231.107 - - [23/May/2023:12:11:27 +0800] "GET /xingrg/all/function/internal_message.html?_=1684815021241&CODE_STATE=getMsg HTTP/1.1" 302 -
61.151.231.107 - - [23/May/2023:12:11:27 +0800] "GET /xingrg/login.html HTTP/1.1" 200 7641
116.237.79.115 - - [23/May/2023:12:11:27 +0800] "GET /xingrg/all/function/internal_message.html?_=1684815081211&CODE_STATE=getMsg HTTP/1.1" 200 27
101.229.22.40 - - [23/May/2023:12:11:28 +0800] "POST /xingrg/login.do HTTP/1.1" 302 -
101.229.22.40 - - [23/May/2023:12:11:28 +0800] "GET /xingrg/index.html?sysBaseUrl=http%3A%2F%2F180.169.147.146%3A18081%2Fxingrg%2F&costTime=837×tamp=1684815088474 HTTP/1.1" 200 17179
101.229.22.40 - - [23/May/2023:12:11:28 +0800] "GET /xingrg/all/function/internal_message.html?_=1684815087828&CODE_STATE=count HTTP/1.1" 200 11
101.229.22.40 - - [23/May/2023:12:11:28 +0800] "GET /xingrg/check_reg.html?_=1684815087829 HTTP/1.1" 200 22
101.229.22.40 - - [23/May/2023:12:11:28 +0800] "GET /favicon.ico HTTP/1.1" 404 -
101.229.22.40 - - [23/May/2023:12:11:28 +0800] "POST /xingrg/all/common/load_tree.html?tree=area_rest_tree_json&manage=1 HTTP/1.1" 200 351
101.229.22.40 - - [23/May/2023:12:11:28 +0800] "POST /xingrg/load_menu.html HTTP/1.1" 200 5138
180.169.147.146 - - [23/May/2023:12:11:30 +0800] "GET /xingrg/all/function/internal_message.html?_=1684815090821&CODE_STATE=getMsg HTTP/1.1" 200 27
180.169.147.146 - - [23/May/2023:12:11:31 +0800] "GET /xingrg/check_reg.html?_=1684815091910 HTTP/1.1" 200 22
101.229.22.40 - - [23/May/2023:12:11:32 +0800] "GET /xingrg/kc/buy/cgsh_order_list.html HTTP/1.1" 200 55675
180.169.147.146 - - [23/May/2023:12:11:32 +0800] "POST /xingrg/kc/buy/cgsh_order_operate.html HTTP/1.1" 200 37
180.169.147.146 - - [23/May/2023:12:11:34 +0800] "GET /xingrg/all/function/internal_message.html?_=1684815091140&CODE_STATE=getMsg HTTP/1.1" 200 27
116.238.139.35 - - [23/May/2023:12:11:34 +0800] "GET /xingrg/all/function/internal_message.html?_=1684815092631&CODE_STATE=getMsg HTTP/1.1" 200 27
101.229.22.40 - - [23/May/2023:12:11:45 +0800] "POST /xingrg/kc/buy/cgsh_list_operate.html HTTP/1.1" 200 4455
101.229.22.40 - - [23/May/2023:12:11:48 +0800] "POST /xingrg/kc/buy/cgsh_list_operate.html HTTP/1.1" 200 556
116.238.139.35 - - [23/May/2023:12:11:50 +0800] "GET /xingrg/check_reg.html?_=1684815026471 HTTP/1.1" 200 22
180.164.3.199 - - [23/May/2023:12:11:50 +0800] "GET /xingrg/all/function/internal_message.html?_=1684815109534&CODE_STATE=getMsg HTTP/1.1" 200 27
116.224.158.100 - - [23/May/2023:12:11:50 +0800] "GET /xingrg/all/function/internal_message.html?_=1684814944054&CODE_STATE=getMsg HTTP/1.1" 200 27
101.229.22.40 - - [23/May/2023:12:11:51 +0800] "GET /xingrg/kc/buy/cgsh_order_info.html?code=212023051605779 HTTP/1.1" 200 70575
116.238.139.35 - - [23/May/2023:12:11:51 +0800] "GET /xingrg/all/function/internal_message.html?_=1684815028212&CODE_STATE=getMsg HTTP/1.1" 200 27
101.229.22.40 - - [23/May/2023:12:11:52 +0800] "GET /xingrg/javascript/easyui/themes/default/validatebox.css HTTP/1.1" 404 1104
101.229.22.40 - - [23/May/2023:12:11:52 +0800] "GET /xingrg/all/common/auto_word.html?type=employee&rest_code=00142 HTTP/1.1" 200 105
101.229.22.40 - - [23/May/2023:12:11:52 +0800] "GET /xingrg/all/common/auto_word.html?type=employee&rest_code=00142 HTTP/1.1" 200 105
218.81.65.10 - - [23/May/2023:12:11:52 +0800] "GET /xingrg/all/function/internal_message.html?_=1684815113002&CODE_STATE=getMsg HTTP/1.1" 200 27
101.229.22.40 - - [23/May/2023:12:11:53 +0800] "POST /xingrg/kc/buy/cgsh_order_operate.html HTTP/1.1" 200 13256
114.83.216.71 - - [23/May/2023:12:11:53 +0800] "GET /xingrg/all/function/internal_message.html?_=1684815111579&CODE_STATE=getMsg HTTP/1.1" 200 27
124.79.240.114 - - [23/May/2023:12:12:02 +0800] "GET /xingrg/all/function/internal_message.html?_=1684815400886&CODE_STATE=getMsg HTTP/1.1" 200 27
222.67.238.82 - - [23/May/2023:12:12:05 +0800] "GET /xingrg/all/function/internal_message.html?_=1684814637957&CODE_STATE=getMsg HTTP/1.1" 200 27
120.253.135.82 - - [23/May/2023:12:12:09 +0800] "GET /xingrg/all/function/internal_message.html?_=1684815268310&CODE_STATE=getMsg HTTP/1.1" 200 27
116.237.79.115 - - [23/May/2023:12:12:09 +0800] "GET /xingrg/check_reg.html?_=1684815123836 HTTP/1.1" 200 22
124.79.74.67 - - [23/May/2023:12:12:10 +0800] "GET /xingrg/all/function/internal_message.html?_=1684815133827&CODE_STATE=getMsg HTTP/1.1" 200 27
180.169.147.146 - - [23/May/2023:12:12:17 +0800] "GET /xingrg/all/function/internal_message.html?_=1684815137669&CODE_STATE=getMsg HTTP/1.1" 200 27
180.169.147.146 - - [23/May/2023:12:12:17 +0800] "GET /xingrg/check_reg.html?_=1684815137671 HTTP/1.1" 200 22
222.69.129.217 - - [23/May/2023:12:12:20 +0800] "GET /xingrg/all/function/internal_message.html?_=1684815238009&CODE_STATE=getMsg HTTP/1.1" 200 27
172.20.0.100 - - [23/May/2023:12:12:21 +0800] "GET /xingrg/all/function/internal_message.html?_=1684815145732&CODE_STATE=getMsg HTTP/1.1" 302 -
180.169.147.146 - - [23/May/2023:12:12:24 +0800] "GET /xingrg/all/function/internal_message.html?_=1684815145141&CODE_STATE=getMsg HTTP/1.1" 200 27
222.70.172.86 - - [23/May/2023:12:12:25 +0800] "GET /xingrg/all/function/internal_message.html?_=1684815151459&CODE_STATE=getMsg HTTP/1.1" 200 27
218.81.65.10 - - [23/May/2023:12:12:25 +0800] "GET /xingrg/all/function/internal_message.html?_=1684815144875&CODE_STATE=getMsg HTTP/1.1" 200 27
114.85.36.120 - - [23/May/2023:12:12:26 +0800] "GET /xingrg/all/function/internal_message.html?_=1684813969135&CODE_STATE=getMsg HTTP/1.1" 200 27
180.163.28.109 - - [23/May/2023:12:12:27 +0800] "GET /xingrg/all/function/internal_message.html?_=1684815081211&CODE_STATE=getMsg HTTP/1.1" 302 -
180.163.28.109 - - [23/May/2023:12:12:27 +0800] "GET /xingrg/login.html HTTP/1.1" 200 7641
116.237.79.115 - - [23/May/2023:12:12:27 +0800] "GET /xingrg/all/function/internal_message.html?_=1684815141188&CODE_STATE=getMsg HTTP/1.1" 200 27
120.253.135.82 - - [23/May/2023:12:12:28 +0800] "POST /xingrg/kc/buy/cgsh_order_operate.html HTTP/1.1" 200 37
101.229.22.40 - - [23/May/2023:12:12:28 +0800] "GET /xingrg/all/function/internal_message.html?_=1684815147844&CODE_STATE=getMsg HTTP/1.1" 200 27
114.85.97.46 - - [23/May/2023:12:12:29 +0800] "GET /xingrg/login.html HTTP/1.1" 200 7641
114.85.97.46 - - [23/May/2023:12:12:29 +0800] "GET /favicon.ico HTTP/1.1" 404 -
114.85.97.46 - - [23/May/2023:12:12:31 +0800] "POST /xingrg/login.do HTTP/1.1" 302 -
114.85.97.46 - - [23/May/2023:12:12:32 +0800] "GET /xingrg/index.html?sysBaseUrl=http%3A%2F%2F180.169.147.146%3A18081%2Fxingrg%2F&costTime=845×tamp=1684815151944 HTTP/1.1" 200 17173
114.85.97.46 - - [23/May/2023:12:12:33 +0800] "GET /favicon.ico HTTP/1.1" 404 -
114.85.97.46 - - [23/May/2023:12:12:33 +0800] "POST /xingrg/all/common/load_tree.html?tree=area_rest_tree_json&manage=1 HTTP/1.1" 200 342
114.85.97.46 - - [23/May/2023:12:12:33 +0800] "GET /xingrg/all/function/internal_message.html?_=1684815161130&CODE_STATE=count HTTP/1.1" 200 11
114.85.97.46 - - [23/May/2023:12:12:33 +0800] "GET /xingrg/check_reg.html?_=1684815161132 HTTP/1.1" 200 22
114.85.97.46 - - [23/May/2023:12:12:33 +0800] "POST /xingrg/load_menu.html HTTP/1.1" 200 5138
180.169.147.146 - - [23/May/2023:12:12:34 +0800] "GET /xingrg/check_reg.html?_=1684815151140 HTTP/1.1" 200 22
180.169.147.146 - - [23/May/2023:12:12:34 +0800] "GET /xingrg/all/function/internal_message.html?_=1684815151143&CODE_STATE=getMsg HTTP/1.1" 200 27
116.238.139.35 - - [23/May/2023:12:12:34 +0800] "GET /xingrg/all/function/internal_message.html?_=1684815152631&CODE_STATE=getMsg HTTP/1.1" 200 27
114.85.97.46 - - [23/May/2023:12:12:36 +0800] "GET /xingrg/kc/buy/cgsh_order_list.html HTTP/1.1" 200 55669
114.85.97.46 - - [23/May/2023:12:12:38 +0800] "POST /xingrg/kc/buy/cgsh_list_operate.html HTTP/1.1" 200 986
114.85.97.46 - - [23/May/2023:12:12:40 +0800] "GET /xingrg/kc/buy/cgsh_order_add.html HTTP/1.1" 200 71492
114.85.97.46 - - [23/May/2023:12:12:40 +0800] "GET /xingrg/words/20230521105100_words.js HTTP/1.1" 304 -
114.85.97.46 - - [23/May/2023:12:12:40 +0800] "POST /xingrg/kc/buy/cgsh_order_operate.html HTTP/1.1" 200 8245
114.85.97.46 - - [23/May/2023:12:12:41 +0800] "GET /xingrg/javascript/easyui/themes/default/validatebox.css HTTP/1.1" 404 1104
114.85.97.46 - - [23/May/2023:12:12:41 +0800] "GET /xingrg/all/common/auto_word.html?type=employee&rest_code=00102 HTTP/1.1" 200 189
114.85.97.46 - - [23/May/2023:12:12:41 +0800] "GET /xingrg/all/common/auto_word.html?type=employee&rest_code=00102 HTTP/1.1" 200 189
114.85.97.46 - - [23/May/2023:12:12:42 +0800] "GET /xingrg/javascript/auto/indicator.gif HTTP/1.1" 404 1066
114.85.97.46 - - [23/May/2023:12:12:46 +0800] "GET /xingrg/javascript/jquery_tools/images/next.gif HTTP/1.1" 404 1086
114.85.97.46 - - [23/May/2023:12:12:46 +0800] "GET /xingrg/javascript/jquery_tools/images/prev.gif HTTP/1.1" 404 1086
116.224.158.100 - - [23/May/2023:12:12:50 +0800] "GET /xingrg/all/function/internal_message.html?_=1684815004031&CODE_STATE=getMsg HTTP/1.1" 200 27
180.164.3.199 - - [23/May/2023:12:12:50 +0800] "GET /xingrg/all/function/internal_message.html?_=1684815169543&CODE_STATE=getMsg HTTP/1.1" 200 27
120.253.135.82 - - [23/May/2023:12:12:51 +0800] "POST /xingrg/kc/buy/cgsh_order_operate.html HTTP/1.1" 200 12
116.238.139.35 - - [23/May/2023:12:12:51 +0800] "GET /xingrg/all/function/internal_message.html?_=1684815088225&CODE_STATE=getMsg HTTP/1.1" 200 27
116.224.158.100 - - [23/May/2023:12:12:52 +0800] "GET /xingrg/check_reg.html?_=1684815005601 HTTP/1.1" 200 22
218.81.65.10 - - [23/May/2023:12:12:52 +0800] "GET /xingrg/all/function/internal_message.html?_=1684815172987&CODE_STATE=getMsg HTTP/1.1" 200 27
114.83.216.71 - - [23/May/2023:12:12:53 +0800] "GET /xingrg/all/function/internal_message.html?_=1684815171568&CODE_STATE=getMsg HTTP/1.1" 200 27
120.253.135.82 - - [23/May/2023:12:12:54 +0800] "GET /xingrg/all/function/internal_message.html?_=1684815011467&CODE_STATE=getMsg HTTP/1.1" 200 27
120.253.135.82 - - [23/May/2023:12:12:54 +0800] "GET /xingrg/kc/buy/cgsh_order_info.html?code=212023052308533 HTTP/1.1" 200 65417
120.253.135.82 - - [23/May/2023:12:12:55 +0800] "GET /xingrg/javascript/easyui/themes/default/validatebox.css HTTP/1.1" 404 1104
120.253.135.82 - - [23/May/2023:12:12:56 +0800] "POST /xingrg/kc/buy/cgsh_order_operate.html HTTP/1.1" 200 7469
114.85.36.120 - - [23/May/2023:12:13:00 +0800] "GET /xingrg/kc/buy/cgsh_order_add.html HTTP/1.1" 200 70532
120.253.135.82 - - [23/May/2023:12:13:00 +0800] "POST /xingrg/kc/buy/cgsh_list_operate.html HTTP/1.1" 200 986
114.85.36.120 - - [23/May/2023:12:13:01 +0800] "POST /xingrg/kc/buy/cgsh_order_operate.html HTTP/1.1" 200 8245
114.85.36.120 - - [23/May/2023:12:13:01 +0800] "GET /xingrg/javascript/easyui/themes/default/validatebox.css HTTP/1.1" 404 1104
114.85.36.120 - - [23/May/2023:12:13:02 +0800] "GET /xingrg/javascript/easyui/themes/default/tree.css HTTP/1.1" 404 1090
124.79.240.114 - - [23/May/2023:12:13:02 +0800] "GET /xingrg/all/function/internal_message.html?_=1684815460885&CODE_STATE=getMsg HTTP/1.1" 200 27
114.85.36.120 - - [23/May/2023:12:13:03 +0800] "POST /xingrg/all/common/load_tree.html?tree=supplier_tree_json&isDelete=1 HTTP/1.1" 200 74192
222.67.238.82 - - [23/May/2023:12:13:05 +0800] "GET /xingrg/all/function/internal_message.html?_=1684814697933&CODE_STATE=getMsg HTTP/1.1" 200 27
180.163.29.79 - - [23/May/2023:12:13:09 +0800] "GET /xingrg/check_reg.html?_=1684815123836 HTTP/1.1" 302 -
180.163.29.79 - - [23/May/2023:12:13:09 +0800] "GET /xingrg/login.html HTTP/1.1" 200 7641
120.253.135.82 - - [23/May/2023:12:13:09 +0800] "GET /xingrg/all/function/internal_message.html?_=1684815328314&CODE_STATE=getMsg HTTP/1.1" 200 27
124.79.74.67 - - [23/May/2023:12:13:10 +0800] "GET /xingrg/all/function/internal_message.html?_=1684815193827&CODE_STATE=getMsg HTTP/1.1" 200 27
114.85.36.120 - - [23/May/2023:12:13:10 +0800] "GET /xingrg/javascript/jquery_tools/images/next.gif HTTP/1.1" 404 1086
114.85.36.120 - - [23/May/2023:12:13:10 +0800] "GET /xingrg/javascript/jquery_tools/images/prev.gif HTTP/1.1" 404 1086
180.169.147.146 - - [23/May/2023:12:13:17 +0800] "GET /xingrg/all/function/internal_message.html?_=1684815197669&CODE_STATE=getMsg HTTP/1.1" 200 27
222.69.129.217 - - [23/May/2023:12:13:20 +0800] "GET /xingrg/all/function/internal_message.html?_=1684815298017&CODE_STATE=getMsg HTTP/1.1" 200 27
222.69.129.217 - - [23/May/2023:12:13:20 +0800] "GET /xingrg/check_reg.html?_=1684815298019 HTTP/1.1" 200 22
116.237.79.115 - - [23/May/2023:12:13:21 +0800] "POST /xingrg/kc/base/wldb_list_operate.html HTTP/1.1" 200 196
172.20.0.100 - - [23/May/2023:12:13:21 +0800] "GET /xingrg/all/function/internal_message.html?_=1684815205730&CODE_STATE=getMsg HTTP/1.1" 302 -
116.237.79.115 - - [23/May/2023:12:13:21 +0800] "GET /xingrg/kc/base/wldb_order_info.html?code=422023052301845 HTTP/1.1" 200 30400
116.237.79.115 - - [23/May/2023:12:13:22 +0800] "GET /xingrg/javascript/easyui/themes/default/validatebox.css HTTP/1.1" 404 1104
116.237.79.115 - - [23/May/2023:12:13:23 +0800] "POST /xingrg/kc/base/wldb_order_operate.html HTTP/1.1" 200 2178
120.253.135.82 - - [23/May/2023:12:13:23 +0800] "GET /xingrg/check_reg.html?_=1684815040168 HTTP/1.1" 200 22
180.169.147.146 - - [23/May/2023:12:13:24 +0800] "GET /xingrg/all/function/internal_message.html?_=1684815205146&CODE_STATE=getMsg HTTP/1.1" 200 27
218.81.65.10 - - [23/May/2023:12:13:25 +0800] "GET /xingrg/all/function/internal_message.html?_=1684815204882&CODE_STATE=getMsg HTTP/1.1" 200 27
222.70.172.86 - - [23/May/2023:12:13:25 +0800] "GET /xingrg/all/function/internal_message.html?_=1684815211695&CODE_STATE=getMsg HTTP/1.1" 200 27
114.85.36.120 - - [23/May/2023:12:13:26 +0800] "GET /xingrg/all/function/internal_message.html?_=1684814029152&CODE_STATE=getMsg HTTP/1.1" 200 27
116.237.79.115 - - [23/May/2023:12:13:27 +0800] "GET /xingrg/all/function/internal_message.html?_=1684815201164&CODE_STATE=getMsg HTTP/1.1" 200 27
116.237.79.115 - - [23/May/2023:12:13:28 +0800] "GET /xingrg/kc/base/wldb_order_operate.html?command=get_materiel&rest_code=00106&base_code=0010397&code=00102002448 HTTP/1.1" 200 441
101.229.22.40 - - [23/May/2023:12:13:28 +0800] "GET /xingrg/all/function/internal_message.html?_=1684815207834&CODE_STATE=getMsg HTTP/1.1" 200 27
114.85.97.46 - - [23/May/2023:12:13:33 +0800] "GET /xingrg/all/function/internal_message.html?_=1684815221143&CODE_STATE=getMsg HTTP/1.1" 200 27
114.85.36.120 - - [23/May/2023:12:13:33 +0800] "GET /xingrg/javascript/auto/indicator.gif HTTP/1.1" 404 1066
180.169.147.146 - - [23/May/2023:12:13:34 +0800] "GET /xingrg/all/function/internal_message.html?_=1684815211142&CODE_STATE=getMsg HTTP/1.1" 200 27
116.238.139.35 - - [23/May/2023:12:13:34 +0800] "GET /xingrg/check_reg.html?_=1684815212630 HTTP/1.1" 200 22
116.238.139.35 - - [23/May/2023:12:13:34 +0800] "GET /xingrg/all/function/internal_message.html?_=1684815212633&CODE_STATE=getMsg HTTP/1.1" 200 27
114.85.36.120 - - [23/May/2023:12:13:39 +0800] "GET /xingrg/kc/buy/cgsh_order_operate.html?command=get_materiel&rest_code=00143&code=00101008126&supplier_code=00100161&order_time=2023-05-21 HTTP/1.1" 200 412
114.85.97.46 - - [23/May/2023:12:13:44 +0800] "GET /xingrg/kc/buy/cgsh_order_operate.html?command=get_materiel&rest_code=00102&code=00101008080&supplier_code=00100008&order_time=2023-05-22 HTTP/1.1" 200 416
116.224.158.100 - - [23/May/2023:12:13:50 +0800] "GET /xingrg/all/function/internal_message.html?_=1684815064010&CODE_STATE=getMsg HTTP/1.1" 200 27
180.164.3.199 - - [23/May/2023:12:13:50 +0800] "GET /xingrg/all/function/internal_message.html?_=1684815229536&CODE_STATE=getMsg HTTP/1.1" 200 27
114.85.97.46 - - [23/May/2023:12:13:51 +0800] "GET /xingrg/kc/buy/cgsh_order_operate.html?command=get_materiel&rest_code=00102&code=00101008331&supplier_code=00100008&order_time=2023-05-22 HTTP/1.1" 200 435
116.238.139.35 - - [23/May/2023:12:13:51 +0800] "GET /xingrg/all/function/internal_message.html?_=1684815148240&CODE_STATE=getMsg HTTP/1.1" 200 27
218.81.65.10 - - [23/May/2023:12:13:52 +0800] "GET /xingrg/all/function/internal_message.html?_=1684815232986&CODE_STATE=getMsg HTTP/1.1" 200 27
114.83.216.71 - - [23/May/2023:12:13:53 +0800] "GET /xingrg/all/function/internal_message.html?_=1684815231581&CODE_STATE=getMsg HTTP/1.1" 200 27
114.85.36.120 - - [23/May/2023:12:13:54 +0800] "GET /xingrg/kc/buy/cgsh_order_operate.html?command=get_materiel&rest_code=00143&code=00101008108&supplier_code=00100161&order_time=2023-05-21 HTTP/1.1" 200 412
120.253.135.82 - - [23/May/2023:12:13:54 +0800] "GET /xingrg/all/function/internal_message.html?_=1684815071496&CODE_STATE=getMsg HTTP/1.1" 200 27
114.85.97.46 - - [23/May/2023:12:13:58 +0800] "GET /xingrg/kc/buy/cgsh_order_operate.html?command=get_materiel&rest_code=00102&code=00101008185&supplier_code=00100008&order_time=2023-05-22 HTTP/1.1" 200 408
124.79.240.114 - - [23/May/2023:12:14:02 +0800] "GET /xingrg/all/function/internal_message.html?_=1684815520883&CODE_STATE=getMsg HTTP/1.1" 200 27
101.229.22.40 - - [23/May/2023:12:14:03 +0800] "POST /xingrg/kc/buy/cgsh_order_operate.html HTTP/1.1" 200 37
114.85.97.46 - - [23/May/2023:12:14:05 +0800] "GET /xingrg/kc/buy/cgsh_order_operate.html?command=get_materiel&rest_code=00102&code=00101008264&supplier_code=00100008&order_time=2023-05-22 HTTP/1.1" 200 412
222.67.238.82 - - [23/May/2023:12:14:05 +0800] "GET /xingrg/all/function/internal_message.html?_=1684814757904&CODE_STATE=getMsg HTTP/1.1" 200 27
101.229.22.40 - - [23/May/2023:12:14:05 +0800] "POST /xingrg/kc/buy/cgsh_order_operate.html HTTP/1.1" 200 13269
114.85.36.120 - - [23/May/2023:12:14:07 +0800] "GET /xingrg/kc/buy/cgsh_order_operate.html?command=get_materiel&rest_code=00143&code=00101008036&supplier_code=00100161&order_time=2023-05-21 HTTP/1.1" 200 408
180.169.147.146 - - [23/May/2023:12:14:08 +0800] "POST /xingrg/kc/buy/cgsh_order_operate.html HTTP/1.1" 200 3876
222.67.238.82 - - [23/May/2023:12:14:09 +0800] "GET /xingrg/check_reg.html?_=1684814761906 HTTP/1.1" 200 22
120.253.135.82 - - [23/May/2023:12:14:09 +0800] "GET /xingrg/all/function/internal_message.html?_=1684815388319&CODE_STATE=getMsg HTTP/1.1" 200 27
124.79.74.67 - - [23/May/2023:12:14:10 +0800] "GET /xingrg/all/function/internal_message.html?_=1684815253853&CODE_STATE=getMsg HTTP/1.1" 200 27
114.85.97.46 - - [23/May/2023:12:14:12 +0800] "GET /xingrg/kc/buy/cgsh_order_operate.html?command=get_materiel&rest_code=00102&code=00101008077&supplier_code=00100008&order_time=2023-05-22 HTTP/1.1" 200 416
101.229.22.40 - - [23/May/2023:12:14:14 +0800] "POST /xingrg/kc/buy/cgsh_order_operate.html HTTP/1.1" 200 37
180.169.147.146 - - [23/May/2023:12:14:17 +0800] "GET /xingrg/all/function/internal_message.html?_=1684815257677&CODE_STATE=getMsg HTTP/1.1" 200 27
114.85.36.120 - - [23/May/2023:12:14:18 +0800] "GET /xingrg/kc/buy/cgsh_order_operate.html?command=get_materiel&rest_code=00143&code=00101008005&supplier_code=00100161&order_time=2023-05-21 HTTP/1.1" 200 412
116.232.195.127 - - [23/May/2023:12:14:20 +0800] "GET /xingrg/check_reg.html?_=1684815300606 HTTP/1.1" 200 22
222.69.129.217 - - [23/May/2023:12:14:20 +0800] "GET /xingrg/all/function/internal_message.html?_=1684815358035&CODE_STATE=getMsg HTTP/1.1" 200 27
114.85.97.46 - - [23/May/2023:12:14:21 +0800] "GET /xingrg/kc/buy/cgsh_order_operate.html?command=get_materiel&rest_code=00102&code=00101015060&supplier_code=00100008&order_time=2023-05-22 HTTP/1.1" 200 413
172.20.0.100 - - [23/May/2023:12:14:21 +0800] "GET /xingrg/all/function/internal_message.html?_=1684815265728&CODE_STATE=getMsg HTTP/1.1" 302 -
180.169.147.146 - - [23/May/2023:12:14:22 +0800] "GET /xingrg/kc/print/load_data.html?order_code=212023052308537&kc_code=cgsh&condition= HTTP/1.1" 200 1178
101.229.22.40 - - [23/May/2023:12:14:23 +0800] "POST /xingrg/kc/buy/cgsh_order_operate.html HTTP/1.1" 200 12
180.164.3.199 - - [23/May/2023:12:14:23 +0800] "GET /xingrg/check_reg.html?_=1684815262589 HTTP/1.1" 200 22
180.169.147.146 - - [23/May/2023:12:14:24 +0800] "GET /xingrg/all/function/internal_message.html?_=1684815265146&CODE_STATE=getMsg HTTP/1.1" 200 27
180.169.147.146 - - [23/May/2023:12:14:24 +0800] "GET /xingrg/check_reg.html?_=1684815265152 HTTP/1.1" 200 22
180.169.147.146 - - [23/May/2023:12:14:25 +0800] "GET /xingrg/kc/buy/cgsh_order_add.html HTTP/1.1" 200 71454
218.81.65.10 - - [23/May/2023:12:14:25 +0800] "GET /xingrg/all/function/internal_message.html?_=1684815264872&CODE_STATE=getMsg HTTP/1.1" 200 27
222.70.172.86 - - [23/May/2023:12:14:25 +0800] "GET /xingrg/all/function/internal_message.html?_=1684815271705&CODE_STATE=getMsg HTTP/1.1" 200 27
180.169.147.146 - - [23/May/2023:12:14:25 +0800] "POST /xingrg/kc/buy/cgsh_order_operate.html HTTP/1.1" 200 8245
180.169.147.146 - - [23/May/2023:12:14:26 +0800] "GET /xingrg/javascript/easyui/themes/default/validatebox.css HTTP/1.1" 404 1104
114.85.36.120 - - [23/May/2023:12:14:26 +0800] "GET /xingrg/all/function/internal_message.html?_=1684814089142&CODE_STATE=getMsg HTTP/1.1" 200 27
180.163.29.103 - - [23/May/2023:12:14:27 +0800] "GET /xingrg/all/function/internal_message.html?_=1684815201164&CODE_STATE=getMsg HTTP/1.1" 302 -
180.163.29.103 - - [23/May/2023:12:14:27 +0800] "GET /xingrg/login.html HTTP/1.1" 200 7641
116.237.79.115 - - [23/May/2023:12:14:27 +0800] "GET /xingrg/all/function/internal_message.html?_=1684815261139&CODE_STATE=getMsg HTTP/1.1" 200 27
180.163.29.206 - - [23/May/2023:12:14:28 +0800] "GET /xingrg/kc/base/wldb_order_operate.html?command=get_materiel&rest_code=00106&base_code=0010397&code=00102002448 HTTP/1.1" 302 -
180.163.29.206 - - [23/May/2023:12:14:28 +0800] "GET /xingrg/login.html HTTP/1.1" 200 7641
101.229.22.40 - - [23/May/2023:12:14:28 +0800] "GET /xingrg/all/function/internal_message.html?_=1684815267838&CODE_STATE=getMsg HTTP/1.1" 200 27
101.229.22.40 - - [23/May/2023:12:14:29 +0800] "GET /xingrg/kc/buy/cgsh_order_info.html?code=212023051605779 HTTP/1.1" 200 65470
114.85.97.46 - - [23/May/2023:12:14:29 +0800] "GET /xingrg/kc/buy/cgsh_order_operate.html?command=get_materiel&rest_code=00102&code=00101008069&supplier_code=00100008&order_time=2023-05-22 HTTP/1.1" 200 412
101.229.22.40 - - [23/May/2023:12:14:29 +0800] "GET /xingrg/javascript/easyui/themes/default/validatebox.css HTTP/1.1" 404 1104
101.229.22.40 - - [23/May/2023:12:14:30 +0800] "POST /xingrg/kc/buy/cgsh_order_operate.html HTTP/1.1" 200 11213
180.169.147.146 - - [23/May/2023:12:14:30 +0800] "GET /xingrg/all/function/internal_message.html?_=1684815270829&CODE_STATE=getMsg HTTP/1.1" 200 27
114.85.36.120 - - [23/May/2023:12:14:30 +0800] "GET /xingrg/kc/buy/cgsh_order_operate.html?command=get_materiel&rest_code=00143&code=00101008049&supplier_code=00100161&order_time=2023-05-21 HTTP/1.1" 200 408
101.229.22.40 - - [23/May/2023:12:14:32 +0800] "GET /xingrg/kc/print/load_config.html?kc_code=cgsh HTTP/1.1" 200 1924
101.229.22.40 - - [23/May/2023:12:14:33 +0800] "GET /xingrg/kc/print/load_data.html?order_code=212023051605779&kc_code=cgsh&condition= HTTP/1.1" 200 4736
114.85.97.46 - - [23/May/2023:12:14:33 +0800] "GET /xingrg/all/function/internal_message.html?_=1684815281146&CODE_STATE=getMsg HTTP/1.1" 200 27
180.171.121.39 - - [23/May/2023:12:14:33 +0800] "GET /xingrg/check_reg.html?_=1684815416324 HTTP/1.1" 200 22
180.169.147.146 - - [23/May/2023:12:14:34 +0800] "GET /xingrg/all/function/internal_message.html?_=1684815271142&CODE_STATE=getMsg HTTP/1.1" 200 27
116.238.139.35 - - [23/May/2023:12:14:34 +0800] "GET /xingrg/all/function/internal_message.html?_=1684815272631&CODE_STATE=getMsg HTTP/1.1" 200 27
114.85.97.46 - - [23/May/2023:12:14:37 +0800] "GET /xingrg/kc/buy/cgsh_order_operate.html?command=get_materiel&rest_code=00102&code=00101008286&supplier_code=00100008&order_time=2023-05-22 HTTP/1.1" 200 408
114.85.36.120 - - [23/May/2023:12:14:43 +0800] "GET /xingrg/kc/buy/cgsh_order_operate.html?command=get_materiel&rest_code=00143&code=00101008261&supplier_code=00100161&order_time=2023-05-21 HTTP/1.1" 200 408
114.85.97.46 - - [23/May/2023:12:14:46 +0800] "GET /xingrg/kc/buy/cgsh_order_operate.html?command=get_materiel&rest_code=00102&code=00101008131&supplier_code=00100008&order_time=2023-05-22 HTTP/1.1" 200 409
101.229.22.40 - - [23/May/2023:12:14:50 +0800] "POST /xingrg/kc/buy/cgsh_list_operate.html HTTP/1.1" 200 4024
116.224.158.100 - - [23/May/2023:12:14:50 +0800] "GET /xingrg/all/function/internal_message.html?_=1684815123994&CODE_STATE=getMsg HTTP/1.1" 200 27
180.164.3.199 - - [23/May/2023:12:14:50 +0800] "GET /xingrg/all/function/internal_message.html?_=1684815289524&CODE_STATE=getMsg HTTP/1.1" 200 27
120.253.135.82 - - [23/May/2023:12:14:51 +0800] "GET /xingrg/kc/buy/cgsh_order_list.html HTTP/1.1" 200 55669
114.85.36.120 - - [23/May/2023:12:14:51 +0800] "GET /xingrg/kc/buy/cgsh_order_operate.html?command=get_materiel&rest_code=00143&code=00101008268&supplier_code=00100161&order_time=2023-05-21 HTTP/1.1" 200 408
116.238.139.35 - - [23/May/2023:12:14:52 +0800] "GET /xingrg/all/function/internal_message.html?_=1684815208293&CODE_STATE=getMsg HTTP/1.1" 200 27
218.81.65.10 - - [23/May/2023:12:14:52 +0800] "GET /xingrg/all/function/internal_message.html?_=1684815292977&CODE_STATE=getMsg HTTP/1.1" 200 27
101.229.22.40 - - [23/May/2023:12:14:53 +0800] "POST /xingrg/kc/buy/cgsh_list_operate.html HTTP/1.1" 200 559
120.253.135.82 - - [23/May/2023:12:14:53 +0800] "POST /xingrg/kc/buy/cgsh_list_operate.html HTTP/1.1" 200 986
114.83.216.71 - - [23/May/2023:12:14:53 +0800] "GET /xingrg/all/function/internal_message.html?_=1684815291586&CODE_STATE=getMsg HTTP/1.1" 200 27
114.83.216.71 - - [23/May/2023:12:14:53 +0800] "GET /xingrg/check_reg.html?_=1684815291589 HTTP/1.1" 200 22
114.85.97.46 - - [23/May/2023:12:14:53 +0800] "GET /xingrg/kc/buy/cgsh_order_operate.html?command=get_materiel&rest_code=00102&code=00101008005&supplier_code=00100008&order_time=2023-05-22 HTTP/1.1" 200 412
101.229.22.40 - - [23/May/2023:12:14:54 +0800] "GET /xingrg/kc/buy/cgsh_order_info.html?code=212023051706183 HTTP/1.1" 200 70575
120.253.135.82 - - [23/May/2023:12:14:54 +0800] "GET /xingrg/all/function/internal_message.html?_=1684815131510&CODE_STATE=getMsg HTTP/1.1" 200 27
101.229.22.40 - - [23/May/2023:12:14:55 +0800] "GET /xingrg/javascript/easyui/themes/default/validatebox.css HTTP/1.1" 404 1104
101.229.22.40 - - [23/May/2023:12:14:55 +0800] "POST /xingrg/kc/buy/cgsh_order_operate.html HTTP/1.1" 200 9719
114.85.97.46 - - [23/May/2023:12:15:00 +0800] "GET /xingrg/kc/buy/cgsh_order_operate.html?command=get_materiel&rest_code=00102&code=00101008347&supplier_code=00100008&order_time=2023-05-22 HTTP/1.1" 200 408
124.79.240.114 - - [23/May/2023:12:15:02 +0800] "GET /xingrg/all/function/internal_message.html?_=1684815580908&CODE_STATE=getMsg HTTP/1.1" 200 27
124.79.240.114 - - [23/May/2023:12:15:02 +0800] "GET /xingrg/check_reg.html?_=1684815580908 HTTP/1.1" 200 22
222.67.238.82 - - [23/May/2023:12:15:05 +0800] "GET /xingrg/all/function/internal_message.html?_=1684814817884&CODE_STATE=getMsg HTTP/1.1" 200 27
114.85.36.120 - - [23/May/2023:12:15:07 +0800] "GET /xingrg/kc/buy/cgsh_order_operate.html?command=get_materiel&rest_code=00143&code=00101008059&supplier_code=00100161&order_time=2023-05-21 HTTP/1.1" 200 408
114.85.97.46 - - [23/May/2023:12:15:09 +0800] "GET /xingrg/kc/buy/cgsh_order_operate.html?command=get_materiel&rest_code=00102&code=00101008101&supplier_code=00100008&order_time=2023-05-22 HTTP/1.1" 200 412
120.253.135.82 - - [23/May/2023:12:15:09 +0800] "GET /xingrg/all/function/internal_message.html?_=1684815448323&CODE_STATE=getMsg HTTP/1.1" 200 27
124.79.74.67 - - [23/May/2023:12:15:10 +0800] "GET /xingrg/check_reg.html?_=1684815313854 HTTP/1.1" 200 22
