116.238.139.35 - - [23/May/2023:11:41:49 +0800] "GET /xingrg/check_reg.html?_=1684813226224 HTTP/1.1" 200 22
180.164.3.199 - - [23/May/2023:11:41:50 +0800] "GET /xingrg/all/function/internal_message.html?_=1684813309527&CODE_STATE=getMsg HTTP/1.1" 200 27
116.238.139.35 - - [23/May/2023:11:41:51 +0800] "GET /xingrg/all/function/internal_message.html?_=1684813227602&CODE_STATE=getMsg HTTP/1.1" 200 27
116.224.158.100 - - [23/May/2023:11:41:51 +0800] "GET /xingrg/all/function/internal_message.html?_=1684813144655&CODE_STATE=getMsg HTTP/1.1" 200 27
180.169.147.146 - - [23/May/2023:11:41:52 +0800] "GET /xingrg/kc/buy/cgsh_order_operate.html?command=get_materiel&rest_code=00147&code=00101008358&supplier_code=00100467&order_time=2023-05-22 HTTP/1.1" 200 412
218.81.65.10 - - [23/May/2023:11:41:53 +0800] "GET /xingrg/all/function/internal_message.html?_=1684813313283&CODE_STATE=getMsg HTTP/1.1" 200 27
114.83.216.71 - - [23/May/2023:11:41:53 +0800] "GET /xingrg/all/function/internal_message.html?_=1684813311454&CODE_STATE=getMsg HTTP/1.1" 200 27
120.253.135.82 - - [23/May/2023:11:42:01 +0800] "GET /xingrg/all/function/internal_message.html?_=1684813158347&CODE_STATE=getMsg HTTP/1.1" 200 27
180.169.147.146 - - [23/May/2023:11:42:01 +0800] "GET /xingrg/kc/buy/cgsh_order_operate.html?command=get_materiel&rest_code=00147&code=00101008370&supplier_code=00100467&order_time=2023-05-22 HTTP/1.1" 200 412
124.79.240.114 - - [23/May/2023:11:42:02 +0800] "GET /xingrg/all/function/internal_message.html?_=1684813600826&CODE_STATE=getMsg HTTP/1.1" 200 27
222.67.238.82 - - [23/May/2023:11:42:06 +0800] "GET /xingrg/all/function/internal_message.html?_=1684812838605&CODE_STATE=getMsg HTTP/1.1" 200 27
116.237.79.115 - - [23/May/2023:11:42:09 +0800] "GET /xingrg/check_reg.html?_=1684813323808 HTTP/1.1" 200 22
124.79.74.67 - - [23/May/2023:11:42:10 +0800] "GET /xingrg/all/function/internal_message.html?_=1684813333774&CODE_STATE=getMsg HTTP/1.1" 200 27
180.169.147.146 - - [23/May/2023:11:42:11 +0800] "GET /xingrg/kc/buy/cgsh_order_operate.html?command=get_materiel&rest_code=00147&code=00101008141&supplier_code=00100467&order_time=2023-05-22 HTTP/1.1" 200 412
120.253.135.82 - - [23/May/2023:11:42:16 +0800] "POST /xingrg/kc/pszx/mdps_order_operate.html HTTP/1.1" 200 37
180.169.147.146 - - [23/May/2023:11:42:17 +0800] "GET /xingrg/check_reg.html?_=1684813337677 HTTP/1.1" 200 22
180.169.147.146 - - [23/May/2023:11:42:17 +0800] "GET /xingrg/all/function/internal_message.html?_=1684813337672&CODE_STATE=getMsg HTTP/1.1" 200 27
120.253.135.82 - - [23/May/2023:11:42:20 +0800] "GET /xingrg/kc/pszx/mdps_order_info.html?code=312023052300491 HTTP/1.1" 200 23978
222.69.129.217 - - [23/May/2023:11:42:20 +0800] "GET /xingrg/all/function/internal_message.html?_=1684813438025&CODE_STATE=getMsg HTTP/1.1" 200 27
120.253.135.82 - - [23/May/2023:11:42:20 +0800] "GET /xingrg/javascript/easyui/themes/default/validatebox.css HTTP/1.1" 404 1104
120.253.135.82 - - [23/May/2023:11:42:21 +0800] "POST /xingrg/kc/pszx/mdps_order_operate.html HTTP/1.1" 200 8532
172.20.0.100 - - [23/May/2023:11:42:21 +0800] "GET /xingrg/all/function/internal_message.html?_=1684813345708&CODE_STATE=getMsg HTTP/1.1" 302 -
120.253.135.82 - - [23/May/2023:11:42:22 +0800] "POST /xingrg/kc/pszx/mdps_list_operate.html HTTP/1.1" 200 2807
120.253.135.82 - - [23/May/2023:11:42:24 +0800] "POST /xingrg/kc/pszx/mdps_list_operate.html HTTP/1.1" 200 299
222.70.172.86 - - [23/May/2023:11:42:24 +0800] "GET /xingrg/all/function/internal_message.html?_=1684813349804&CODE_STATE=getMsg HTTP/1.1" 200 27
114.85.36.120 - - [23/May/2023:11:42:24 +0800] "POST /xingrg/kc/buy/cgsh_order_operate.html HTTP/1.1" 200 37
180.169.147.146 - - [23/May/2023:11:42:24 +0800] "GET /xingrg/all/function/internal_message.html?_=1684813345141&CODE_STATE=getMsg HTTP/1.1" 200 27
218.81.65.10 - - [23/May/2023:11:42:25 +0800] "GET /xingrg/all/function/internal_message.html?_=1684813344825&CODE_STATE=getMsg HTTP/1.1" 200 27
180.169.147.146 - - [23/May/2023:11:42:26 +0800] "GET /xingrg/kc/buy/cgsh_order_operate.html?command=get_materiel&rest_code=00147&code=00101008321&supplier_code=00100467&order_time=2023-05-22 HTTP/1.1" 200 412
114.85.36.120 - - [23/May/2023:11:42:26 +0800] "GET /xingrg/all/function/internal_message.html?_=1684812169093&CODE_STATE=getMsg HTTP/1.1" 200 27
114.85.36.120 - - [23/May/2023:11:42:26 +0800] "POST /xingrg/kc/buy/cgsh_order_operate.html HTTP/1.1" 200 18579
120.253.135.82 - - [23/May/2023:11:42:27 +0800] "GET /xingrg/kc/pszx/mdps_order_info.html?code=312023052300501 HTTP/1.1" 200 23978
116.237.79.115 - - [23/May/2023:11:42:27 +0800] "GET /xingrg/all/function/internal_message.html?_=1684813341877&CODE_STATE=getMsg HTTP/1.1" 200 27
180.169.147.146 - - [23/May/2023:11:42:28 +0800] "POST /xingrg/kc/buy/cgsh_order_operate.html HTTP/1.1" 200 2065
120.253.135.82 - - [23/May/2023:11:42:28 +0800] "GET /xingrg/javascript/easyui/themes/default/validatebox.css HTTP/1.1" 404 1104
120.253.135.82 - - [23/May/2023:11:42:28 +0800] "POST /xingrg/kc/pszx/mdps_order_operate.html HTTP/1.1" 200 2803
180.163.30.100 - - [23/May/2023:11:42:30 +0800] "GET /xingrg/all/function/internal_message.html?_=1684813281900&CODE_STATE=getMsg HTTP/1.1" 302 -
180.163.30.100 - - [23/May/2023:11:42:30 +0800] "GET /xingrg/login.html HTTP/1.1" 200 7641
180.169.147.146 - - [23/May/2023:11:42:31 +0800] "GET /xingrg/all/function/internal_message.html?_=1684813351268&CODE_STATE=getMsg HTTP/1.1" 200 27
120.253.135.82 - - [23/May/2023:11:42:31 +0800] "POST /xingrg/kc/pszx/mdps_order_operate.html HTTP/1.1" 200 12
120.253.135.82 - - [23/May/2023:11:42:32 +0800] "POST /xingrg/kc/pszx/mdps_list_operate.html HTTP/1.1" 200 2436
180.169.147.146 - - [23/May/2023:11:42:34 +0800] "GET /xingrg/all/function/internal_message.html?_=1684813351079&CODE_STATE=getMsg HTTP/1.1" 200 27
180.169.147.146 - - [23/May/2023:11:42:34 +0800] "GET /xingrg/check_reg.html?_=1684813351083 HTTP/1.1" 200 22
180.169.147.146 - - [23/May/2023:11:42:34 +0800] "GET /xingrg/kc/buy/cgsh_order_operate.html?command=get_materiel&rest_code=00147&code=00101008059&supplier_code=00100467&order_time=2023-05-22 HTTP/1.1" 200 408
116.238.139.35 - - [23/May/2023:11:42:34 +0800] "GET /xingrg/all/function/internal_message.html?_=1684813352604&CODE_STATE=getMsg HTTP/1.1" 200 27
120.253.135.82 - - [23/May/2023:11:42:35 +0800] "POST /xingrg/kc/pszx/mdps_list_operate.html HTTP/1.1" 200 653
114.85.36.120 - - [23/May/2023:11:42:38 +0800] "POST /xingrg/kc/buy/cgsh_order_operate.html HTTP/1.1" 200 37
120.253.135.82 - - [23/May/2023:11:42:38 +0800] "GET /xingrg/kc/pszx/mdps_order_info.html?code=312023052300491 HTTP/1.1" 200 23978
120.253.135.82 - - [23/May/2023:11:42:38 +0800] "GET /xingrg/javascript/easyui/themes/default/validatebox.css HTTP/1.1" 404 1104
120.253.135.82 - - [23/May/2023:11:42:39 +0800] "POST /xingrg/kc/pszx/mdps_order_operate.html HTTP/1.1" 200 8532
101.229.22.40 - - [23/May/2023:11:42:45 +0800] "GET /xingrg/check_reg.html?_=1684813364860 HTTP/1.1" 200 22
101.229.22.40 - - [23/May/2023:11:42:45 +0800] "GET /xingrg/all/function/internal_message.html?_=1684813364863&CODE_STATE=getMsg HTTP/1.1" 200 27
114.85.36.120 - - [23/May/2023:11:42:45 +0800] "POST /xingrg/kc/buy/cgsh_order_operate.html HTTP/1.1" 200 12
114.85.36.120 - - [23/May/2023:11:42:48 +0800] "GET /xingrg/kc/buy/cgsh_order_info.html?code=212023052308522 HTTP/1.1" 200 65432
114.85.36.120 - - [23/May/2023:11:42:49 +0800] "GET /xingrg/javascript/easyui/themes/default/validatebox.css HTTP/1.1" 404 1104
120.253.135.82 - - [23/May/2023:11:42:49 +0800] "POST /xingrg/kc/pszx/mdps_order_operate.html HTTP/1.1" 200 37
114.85.36.120 - - [23/May/2023:11:42:50 +0800] "POST /xingrg/kc/buy/cgsh_order_operate.html HTTP/1.1" 200 16523
180.164.3.199 - - [23/May/2023:11:42:50 +0800] "GET /xingrg/all/function/internal_message.html?_=1684813369535&CODE_STATE=getMsg HTTP/1.1" 200 27
120.253.135.82 - - [23/May/2023:11:42:50 +0800] "GET /xingrg/kc/pszx/mdps_order_info.html?code=312023052300491 HTTP/1.1" 200 23978
116.238.139.35 - - [23/May/2023:11:42:51 +0800] "GET /xingrg/all/function/internal_message.html?_=1684813287616&CODE_STATE=getMsg HTTP/1.1" 200 27
116.224.158.100 - - [23/May/2023:11:42:51 +0800] "GET /xingrg/all/function/internal_message.html?_=1684813204637&CODE_STATE=getMsg HTTP/1.1" 200 27
120.253.135.82 - - [23/May/2023:11:42:51 +0800] "GET /xingrg/javascript/easyui/themes/default/validatebox.css HTTP/1.1" 404 1104
120.253.135.82 - - [23/May/2023:11:42:51 +0800] "POST /xingrg/kc/pszx/mdps_order_operate.html HTTP/1.1" 200 8533
116.224.158.100 - - [23/May/2023:11:42:52 +0800] "GET /xingrg/check_reg.html?_=1684813205690 HTTP/1.1" 200 22
120.253.135.82 - - [23/May/2023:11:42:53 +0800] "POST /xingrg/kc/pszx/mdps_list_operate.html HTTP/1.1" 200 2436
218.81.65.10 - - [23/May/2023:11:42:53 +0800] "GET /xingrg/all/function/internal_message.html?_=1684813373268&CODE_STATE=getMsg HTTP/1.1" 200 27
114.83.216.71 - - [23/May/2023:11:42:53 +0800] "GET /xingrg/all/function/internal_message.html?_=1684813371443&CODE_STATE=getMsg HTTP/1.1" 200 27
114.85.36.120 - - [23/May/2023:11:42:57 +0800] "GET /xingrg/kc/print/load_data.html?order_code=212023052308522&kc_code=cgsh&condition= HTTP/1.1" 200 6727
120.253.135.82 - - [23/May/2023:11:43:00 +0800] "GET /xingrg/check_reg.html?_=1684813217237 HTTP/1.1" 200 22
120.253.135.82 - - [23/May/2023:11:43:01 +0800] "GET /xingrg/all/function/internal_message.html?_=1684813218426&CODE_STATE=getMsg HTTP/1.1" 200 27
124.79.240.114 - - [23/May/2023:11:43:02 +0800] "GET /xingrg/all/function/internal_message.html?_=1684813660839&CODE_STATE=getMsg HTTP/1.1" 200 27
222.67.238.82 - - [23/May/2023:11:43:06 +0800] "GET /xingrg/all/function/internal_message.html?_=1684812898586&CODE_STATE=getMsg HTTP/1.1" 200 27
114.85.36.120 - - [23/May/2023:11:43:08 +0800] "GET /xingrg/kc/report/report_main.html HTTP/1.1" 200 7340
114.85.36.120 - - [23/May/2023:11:43:08 +0800] "GET /xingrg/javascript/jquery_easy_ui/themes/icons/back_new.png HTTP/1.1" 304 -
180.163.29.234 - - [23/May/2023:11:43:09 +0800] "GET /xingrg/check_reg.html?_=1684813323808 HTTP/1.1" 302 -
180.163.29.234 - - [23/May/2023:11:43:09 +0800] "GET /xingrg/login.html HTTP/1.1" 200 7641
124.79.74.67 - - [23/May/2023:11:43:10 +0800] "GET /xingrg/all/function/internal_message.html?_=1684813393762&CODE_STATE=getMsg HTTP/1.1" 200 27
114.85.36.120 - - [23/May/2023:11:43:10 +0800] "GET /xingrg/all/report/report_query.html?fileName=kc/buy/gys_amount.xml&rh=99999 HTTP/1.1" 200 52006
114.85.36.120 - - [23/May/2023:11:43:10 +0800] "GET /xingrg/javascript/multi_select/jqueryMultiSelect.css HTTP/1.1" 304 -
114.85.36.120 - - [23/May/2023:11:43:10 +0800] "GET /xingrg/dwr/engine.js HTTP/1.1" 200 43631
114.85.36.120 - - [23/May/2023:11:43:10 +0800] "GET /xingrg/javascript/calendar/timePicker.css HTTP/1.1" 304 -
114.85.36.120 - - [23/May/2023:11:43:10 +0800] "GET /xingrg/dwr/interface/AjaxReportQueryService.js HTTP/1.1" 200 13203
114.85.36.120 - - [23/May/2023:11:43:10 +0800] "GET /xingrg/javascript/bigrid/fix.css HTTP/1.1" 304 -
114.85.36.120 - - [23/May/2023:11:43:10 +0800] "GET /xingrg/dwr/util.js HTTP/1.1" 200 35990
114.85.36.120 - - [23/May/2023:11:43:10 +0800] "GET /xingrg/javascript/jqueryMultiSelect.js HTTP/1.1" 304 -
114.85.36.120 - - [23/May/2023:11:43:10 +0800] "GET /xingrg/javascript/Calendar.js HTTP/1.1" 304 -
114.85.36.120 - - [23/May/2023:11:43:10 +0800] "GET /xingrg/javascript/calendar/jquery.timePicker.min.js HTTP/1.1" 304 -
114.85.36.120 - - [23/May/2023:11:43:10 +0800] "GET /xingrg/javascript/bigrid/fix.js HTTP/1.1" 304 -
114.85.36.120 - - [23/May/2023:11:43:10 +0800] "GET /xingrg/images/control/loading.gif HTTP/1.1" 304 -
114.85.36.120 - - [23/May/2023:11:43:10 +0800] "GET /xingrg/images/blue/button/advanceover.gif HTTP/1.1" 304 -
114.85.36.120 - - [23/May/2023:11:43:10 +0800] "GET /xingrg/images/blue/button/advance2over.gif HTTP/1.1" 304 -
114.85.36.120 - - [23/May/2023:11:43:10 +0800] "GET /xingrg/images/blue/button/back2over.gif HTTP/1.1" 304 -
114.85.36.120 - - [23/May/2023:11:43:10 +0800] "GET /xingrg/images/blue/button/backover.gif HTTP/1.1" 304 -
114.85.36.120 - - [23/May/2023:11:43:10 +0800] "GET /xingrg/javascript/jquery_easy_ui/themes/icons/help.png HTTP/1.1" 304 -
114.85.36.120 - - [23/May/2023:11:43:10 +0800] "GET /xingrg/javascript/jquery_easy_ui/themes/default/images/menu_downarrow.png HTTP/1.1" 304 -
114.85.36.120 - - [23/May/2023:11:43:10 +0800] "GET /xingrg/javascript/jquery_easy_ui/themes/default/images/button_a_bg.gif HTTP/1.1" 304 -
114.85.36.120 - - [23/May/2023:11:43:10 +0800] "GET /xingrg/javascript/jquery_easy_ui/themes/default/images/menu.gif HTTP/1.1" 304 -
114.85.36.120 - - [23/May/2023:11:43:10 +0800] "GET /xingrg/javascript/jquery_easy_ui/themes/icons/print.png HTTP/1.1" 304 -
114.85.36.120 - - [23/May/2023:11:43:10 +0800] "GET /xingrg/javascript/jquery_easy_ui/themes/icons/pencil.png HTTP/1.1" 304 -
114.85.36.120 - - [23/May/2023:11:43:10 +0800] "POST /xingrg/dwr/call/plaincall/AjaxReportQueryService.getFixDate.dwr HTTP/1.1" 200 111
114.85.36.120 - - [23/May/2023:11:43:10 +0800] "GET /xingrg/javascript/jquery_easy_ui/themes/default/images/menu_rightarrow.png HTTP/1.1" 304 -
114.85.36.120 - - [23/May/2023:11:43:11 +0800] "GET /xingrg/javascript/jquery_easy_ui/themes/default/images/combo_arrow_dot.gif HTTP/1.1" 304 -
114.85.36.120 - - [23/May/2023:11:43:11 +0800] "POST /xingrg/dwr/call/plaincall/AjaxReportQueryService.getInitString.dwr HTTP/1.1" 200 411
114.85.36.120 - - [23/May/2023:11:43:11 +0800] "POST /xingrg/all/common/load_tree.html?tree=materiel_sort_tree_json HTTP/1.1" 200 9500
114.85.36.120 - - [23/May/2023:11:43:11 +0800] "GET /xingrg/javascript/multi_select/dropdown.gif HTTP/1.1" 304 -
114.85.36.120 - - [23/May/2023:11:43:11 +0800] "POST /xingrg/all/common/load_tree.html?tree=supplier_tree_json&manage=1 HTTP/1.1" 200 76117
114.85.36.120 - - [23/May/2023:11:43:11 +0800] "GET /xingrg/javascript/jquery_easy_ui/themes/default/images/tree_checkbox_0.gif HTTP/1.1" 304 -
114.85.36.120 - - [23/May/2023:11:43:17 +0800] "POST /xingrg/dwr/call/plaincall/AjaxReportQueryService.getFixDate.dwr HTTP/1.1" 200 111
180.169.147.146 - - [23/May/2023:11:43:17 +0800] "GET /xingrg/all/function/internal_message.html?_=1684813397671&CODE_STATE=getMsg HTTP/1.1" 200 27
222.69.129.217 - - [23/May/2023:11:43:20 +0800] "GET /xingrg/check_reg.html?_=1684813498015 HTTP/1.1" 200 22
222.69.129.217 - - [23/May/2023:11:43:20 +0800] "GET /xingrg/all/function/internal_message.html?_=1684813498017&CODE_STATE=getMsg HTTP/1.1" 200 27
172.20.0.100 - - [23/May/2023:11:43:21 +0800] "GET /xingrg/all/function/internal_message.html?_=1684813405707&CODE_STATE=getMsg HTTP/1.1" 302 -
222.70.172.86 - - [23/May/2023:11:43:24 +0800] "GET /xingrg/all/function/internal_message.html?_=1684813410064&CODE_STATE=getMsg HTTP/1.1" 200 27
180.169.147.146 - - [23/May/2023:11:43:24 +0800] "GET /xingrg/all/function/internal_message.html?_=1684813405147&CODE_STATE=getMsg HTTP/1.1" 200 27
218.81.65.10 - - [23/May/2023:11:43:25 +0800] "GET /xingrg/all/function/internal_message.html?_=1684813404865&CODE_STATE=getMsg HTTP/1.1" 200 27
114.85.36.120 - - [23/May/2023:11:43:26 +0800] "GET /xingrg/all/function/internal_message.html?_=1684812229106&CODE_STATE=getMsg HTTP/1.1" 200 27
116.237.79.115 - - [23/May/2023:11:43:27 +0800] "GET /xingrg/all/function/internal_message.html?_=1684813401864&CODE_STATE=getMsg HTTP/1.1" 200 27
180.169.147.146 - - [23/May/2023:11:43:31 +0800] "GET /xingrg/all/function/internal_message.html?_=1684813411243&CODE_STATE=getMsg HTTP/1.1" 200 27
180.169.147.146 - - [23/May/2023:11:43:34 +0800] "GET /xingrg/all/function/internal_message.html?_=1684813411083&CODE_STATE=getMsg HTTP/1.1" 200 27
116.238.139.35 - - [23/May/2023:11:43:34 +0800] "GET /xingrg/check_reg.html?_=1684813412605 HTTP/1.1" 200 22
116.238.139.35 - - [23/May/2023:11:43:34 +0800] "GET /xingrg/all/function/internal_message.html?_=1684813412613&CODE_STATE=getMsg HTTP/1.1" 200 27
101.229.22.40 - - [23/May/2023:11:43:45 +0800] "GET /xingrg/all/function/internal_message.html?_=1684813424855&CODE_STATE=getMsg HTTP/1.1" 200 27
180.164.3.199 - - [23/May/2023:11:43:50 +0800] "GET /xingrg/all/function/internal_message.html?_=1684813429526&CODE_STATE=getMsg HTTP/1.1" 200 27
116.238.139.35 - - [23/May/2023:11:43:51 +0800] "GET /xingrg/all/function/internal_message.html?_=1684813347629&CODE_STATE=getMsg HTTP/1.1" 200 27
116.224.158.100 - - [23/May/2023:11:43:51 +0800] "GET /xingrg/all/function/internal_message.html?_=1684813264614&CODE_STATE=getMsg HTTP/1.1" 200 27
218.81.65.10 - - [23/May/2023:11:43:53 +0800] "GET /xingrg/all/function/internal_message.html?_=1684813433252&CODE_STATE=getMsg HTTP/1.1" 200 27
114.83.216.71 - - [23/May/2023:11:43:53 +0800] "GET /xingrg/all/function/internal_message.html?_=1684813431443&CODE_STATE=getMsg HTTP/1.1" 200 27
120.253.135.82 - - [23/May/2023:11:44:01 +0800] "GET /xingrg/all/function/internal_message.html?_=1684813278436&CODE_STATE=getMsg HTTP/1.1" 200 27
124.79.240.114 - - [23/May/2023:11:44:02 +0800] "GET /xingrg/all/function/internal_message.html?_=1684813720838&CODE_STATE=getMsg HTTP/1.1" 200 27
222.67.238.82 - - [23/May/2023:11:44:06 +0800] "GET /xingrg/all/function/internal_message.html?_=1684812958566&CODE_STATE=getMsg HTTP/1.1" 200 27
222.67.238.82 - - [23/May/2023:11:44:09 +0800] "GET /xingrg/check_reg.html?_=1684812961839 HTTP/1.1" 200 22
124.79.74.67 - - [23/May/2023:11:44:10 +0800] "GET /xingrg/all/function/internal_message.html?_=1684813453761&CODE_STATE=getMsg HTTP/1.1" 200 27
114.85.36.120 - - [23/May/2023:11:44:16 +0800] "POST /xingrg/dwr/call/plaincall/AjaxReportQueryService.refreshCache.dwr HTTP/1.1" 200 78
180.169.147.146 - - [23/May/2023:11:44:17 +0800] "GET /xingrg/all/function/internal_message.html?_=1684813457667&CODE_STATE=getMsg HTTP/1.1" 200 27
116.232.195.127 - - [23/May/2023:11:44:20 +0800] "GET /xingrg/check_reg.html?_=1684813500611 HTTP/1.1" 200 22
222.69.129.217 - - [23/May/2023:11:44:20 +0800] "GET /xingrg/all/function/internal_message.html?_=1684813558020&CODE_STATE=getMsg HTTP/1.1" 200 27
114.85.36.120 - - [23/May/2023:11:44:21 +0800] "POST /xingrg/all/report/load_report_page.html HTTP/1.1" 200 39195
114.85.36.120 - - [23/May/2023:11:44:21 +0800] "GET /xingrg/servlets/image?cache=0.8529685056732521&image=px HTTP/1.1" 200 807
172.20.0.100 - - [23/May/2023:11:44:21 +0800] "GET /xingrg/all/function/internal_message.html?_=1684813465709&CODE_STATE=getMsg HTTP/1.1" 302 -
180.164.3.199 - - [23/May/2023:11:44:23 +0800] "GET /xingrg/check_reg.html?_=1684813462677 HTTP/1.1" 200 22
222.70.172.86 - - [23/May/2023:11:44:24 +0800] "GET /xingrg/all/function/internal_message.html?_=1684813470067&CODE_STATE=getMsg HTTP/1.1" 200 27
180.169.147.146 - - [23/May/2023:11:44:24 +0800] "GET /xingrg/check_reg.html?_=1684813465138 HTTP/1.1" 200 22
180.169.147.146 - - [23/May/2023:11:44:24 +0800] "GET /xingrg/all/function/internal_message.html?_=1684813465143&CODE_STATE=getMsg HTTP/1.1" 200 27
218.81.65.10 - - [23/May/2023:11:44:25 +0800] "GET /xingrg/all/function/internal_message.html?_=1684813464836&CODE_STATE=getMsg HTTP/1.1" 200 27
114.85.36.120 - - [23/May/2023:11:44:26 +0800] "GET /xingrg/all/function/internal_message.html?_=1684812289105&CODE_STATE=getMsg HTTP/1.1" 200 27
116.237.79.115 - - [23/May/2023:11:44:27 +0800] "GET /xingrg/all/function/internal_message.html?_=1684813461833&CODE_STATE=getMsg HTTP/1.1" 200 27
180.169.147.146 - - [23/May/2023:11:44:31 +0800] "GET /xingrg/all/function/internal_message.html?_=1684813471225&CODE_STATE=getMsg HTTP/1.1" 200 27
180.171.121.39 - - [23/May/2023:11:44:33 +0800] "GET /xingrg/check_reg.html?_=1684813616419 HTTP/1.1" 200 22
180.169.147.146 - - [23/May/2023:11:44:34 +0800] "GET /xingrg/all/function/internal_message.html?_=1684813471083&CODE_STATE=getMsg HTTP/1.1" 200 27
116.238.139.35 - - [23/May/2023:11:44:34 +0800] "GET /xingrg/all/function/internal_message.html?_=1684813472600&CODE_STATE=getMsg HTTP/1.1" 200 27
101.229.22.40 - - [23/May/2023:11:44:45 +0800] "GET /xingrg/all/function/internal_message.html?_=1684813484852&CODE_STATE=getMsg HTTP/1.1" 200 27
180.164.3.199 - - [23/May/2023:11:44:50 +0800] "GET /xingrg/all/function/internal_message.html?_=1684813489537&CODE_STATE=getMsg HTTP/1.1" 200 27
116.224.158.100 - - [23/May/2023:11:44:51 +0800] "GET /xingrg/all/function/internal_message.html?_=1684813324598&CODE_STATE=getMsg HTTP/1.1" 200 27
116.238.139.35 - - [23/May/2023:11:44:51 +0800] "GET /xingrg/all/function/internal_message.html?_=1684813407686&CODE_STATE=getMsg HTTP/1.1" 200 27
218.81.65.10 - - [23/May/2023:11:44:53 +0800] "GET /xingrg/all/function/internal_message.html?_=1684813493237&CODE_STATE=getMsg HTTP/1.1" 200 27
114.83.216.71 - - [23/May/2023:11:44:53 +0800] "GET /xingrg/all/function/internal_message.html?_=1684813491482&CODE_STATE=getMsg HTTP/1.1" 200 27
114.83.216.71 - - [23/May/2023:11:44:53 +0800] "GET /xingrg/check_reg.html?_=1684813491485 HTTP/1.1" 200 22
120.253.135.82 - - [23/May/2023:11:45:01 +0800] "GET /xingrg/all/function/internal_message.html?_=1684813338450&CODE_STATE=getMsg HTTP/1.1" 200 27
124.79.240.114 - - [23/May/2023:11:45:02 +0800] "GET /xingrg/check_reg.html?_=1684813780863 HTTP/1.1" 200 22
124.79.240.114 - - [23/May/2023:11:45:02 +0800] "GET /xingrg/all/function/internal_message.html?_=1684813780863&CODE_STATE=getMsg HTTP/1.1" 200 27
180.169.147.146 - - [23/May/2023:11:45:04 +0800] "GET /xingrg/kc/buy/cgsh_order_operate.html?command=get_materiel&rest_code=00147&code=00101008196&supplier_code=00100467&order_time=2023-05-22 HTTP/1.1" 200 416
222.67.238.82 - - [23/May/2023:11:45:06 +0800] "GET /xingrg/all/function/internal_message.html?_=1684813018534&CODE_STATE=getMsg HTTP/1.1" 200 27
124.79.74.67 - - [23/May/2023:11:45:10 +0800] "GET /xingrg/all/function/internal_message.html?_=1684813513760&CODE_STATE=getMsg HTTP/1.1" 200 27
124.79.74.67 - - [23/May/2023:11:45:10 +0800] "GET /xingrg/check_reg.html?_=1684813513762 HTTP/1.1" 200 22
116.224.158.100 - - [23/May/2023:11:45:11 +0800] "GET /xingrg/check_reg.html?_=1684813512983 HTTP/1.1" 200 22
114.85.36.120 - - [23/May/2023:11:45:15 +0800] "GET /xingrg/all/report/report_query.html?isQuery=1&fileName=kc/buy/wlcg_cate_hz.xml&queryString=(CONVERT(char(10)%252Ca.order_time%252C%2520120)%253E%253D'2022-06-01')%2520and%2520(CONVERT(char(10)%252Ca.order_time%252C%2520120)%253C%253D'2023-06-30')%2520and%2520(a.number%253E0%2520and%2520a.supplier_code%253D'00100207')&queryText=%25E3%2580%2590%25E9%2587%2587%25E8%25B4%25AD%25E6%2597%25A5%25E6%259C%259F%253A2022-06-01%2520%25E8%2587%25B3%25202023-06-30%25E3%2580%2591%2520%25E5%25B9%25B6%25E4%25B8%2594%2520%25E3%2580%2590%25E4%25BE%259B%25E5%25BA%2594%25E5%2595%2586%253D%25E8%2587%25AA%25E8%25B4%25AD%25EF%25BC%2588%25E7%2581%25AB%25E9%2594%2585%25EF%25BC%2589%25E3%2580%2591 HTTP/1.1" 200 54370
114.85.36.120 - - [23/May/2023:11:45:15 +0800] "GET /xingrg/dwr/interface/AjaxReportQueryService.js HTTP/1.1" 200 13203
114.85.36.120 - - [23/May/2023:11:45:15 +0800] "GET /xingrg/dwr/engine.js HTTP/1.1" 200 43631
180.169.147.146 - - [23/May/2023:11:45:17 +0800] "GET /xingrg/all/function/internal_message.html?_=1684813517672&CODE_STATE=getMsg HTTP/1.1" 200 27
114.85.36.120 - - [23/May/2023:11:45:18 +0800] "POST /xingrg/all/report/load_report_page.html HTTP/1.1" 200 10899
114.85.36.120 - - [23/May/2023:11:45:18 +0800] "GET /xingrg/servlets/image?cache=0.2869802906211616&image=px HTTP/1.1" 200 807
222.69.129.217 - - [23/May/2023:11:45:20 +0800] "GET /xingrg/all/function/internal_message.html?_=1684813618036&CODE_STATE=getMsg HTTP/1.1" 200 27
172.20.0.100 - - [23/May/2023:11:45:21 +0800] "GET /xingrg/all/function/internal_message.html?_=1684813525731&CODE_STATE=getMsg HTTP/1.1" 302 -
172.20.0.100 - - [23/May/2023:11:45:21 +0800] "GET /xingrg/check_reg.html?_=1684813525750 HTTP/1.1" 302 -
222.70.172.86 - - [23/May/2023:11:45:21 +0800] "GET /xingrg/check_reg.html?_=1684813527435 HTTP/1.1" 200 22
114.85.36.120 - - [23/May/2023:11:45:22 +0800] "POST /xingrg/all/report/load_report_page.html HTTP/1.1" 200 66422
114.85.36.120 - - [23/May/2023:11:45:22 +0800] "GET /xingrg/images/blue/button/back2.gif HTTP/1.1" 304 -
114.85.36.120 - - [23/May/2023:11:45:22 +0800] "GET /xingrg/images/blue/button/back.gif HTTP/1.1" 304 -
114.85.36.120 - - [23/May/2023:11:45:22 +0800] "GET /xingrg/servlets/image?cache=0.645818471693685&image=px HTTP/1.1" 200 807
222.70.172.86 - - [23/May/2023:11:45:24 +0800] "GET /xingrg/all/function/internal_message.html?_=1684813530079&CODE_STATE=getMsg HTTP/1.1" 200 27
180.169.147.146 - - [23/May/2023:11:45:24 +0800] "GET /xingrg/all/function/internal_message.html?_=1684813525153&CODE_STATE=getMsg HTTP/1.1" 200 27
218.81.65.10 - - [23/May/2023:11:45:25 +0800] "GET /xingrg/check_reg.html?_=1684813524798 HTTP/1.1" 200 22
218.81.65.10 - - [23/May/2023:11:45:25 +0800] "GET /xingrg/all/function/internal_message.html?_=1684813524806&CODE_STATE=getMsg HTTP/1.1" 200 27
114.85.36.120 - - [23/May/2023:11:45:26 +0800] "GET /xingrg/all/function/internal_message.html?_=1684812349099&CODE_STATE=getMsg HTTP/1.1" 200 27
61.151.231.107 - - [23/May/2023:11:45:27 +0800] "GET /xingrg/all/function/internal_message.html?_=1684813461833&CODE_STATE=getMsg HTTP/1.1" 302 -
61.151.231.107 - - [23/May/2023:11:45:27 +0800] "GET /xingrg/login.html HTTP/1.1" 200 7641
116.237.79.115 - - [23/May/2023:11:45:27 +0800] "GET /xingrg/all/function/internal_message.html?_=1684813521819&CODE_STATE=getMsg HTTP/1.1" 200 27
180.169.147.146 - - [23/May/2023:11:45:31 +0800] "GET /xingrg/all/function/internal_message.html?_=1684813531206&CODE_STATE=getMsg HTTP/1.1" 200 27
180.169.147.146 - - [23/May/2023:11:45:34 +0800] "GET /xingrg/all/function/internal_message.html?_=1684813531083&CODE_STATE=getMsg HTTP/1.1" 200 27
116.238.139.35 - - [23/May/2023:11:45:34 +0800] "GET /xingrg/all/function/internal_message.html?_=1684813532602&CODE_STATE=getMsg HTTP/1.1" 200 27
114.85.36.120 - - [23/May/2023:11:45:34 +0800] "POST /xingrg/all/report/load_report_page.html HTTP/1.1" 200 66436
114.85.36.120 - - [23/May/2023:11:45:34 +0800] "GET /xingrg/images/blue/button/advance.gif HTTP/1.1" 304 -
114.85.36.120 - - [23/May/2023:11:45:35 +0800] "GET /xingrg/images/blue/button/advance2.gif HTTP/1.1" 304 -
114.85.36.120 - - [23/May/2023:11:45:35 +0800] "GET /xingrg/servlets/image?cache=0.025198724291007002&image=px HTTP/1.1" 200 807
114.85.36.120 - - [23/May/2023:11:45:40 +0800] "POST /xingrg/all/report/load_report_page.html HTTP/1.1" 200 66609
114.85.36.120 - - [23/May/2023:11:45:40 +0800] "GET /xingrg/servlets/image?cache=0.6451031038179507&image=px HTTP/1.1" 200 807
114.85.36.120 - - [23/May/2023:11:45:45 +0800] "POST /xingrg/all/report/load_report_page.html HTTP/1.1" 200 66748
114.85.36.120 - - [23/May/2023:11:45:45 +0800] "GET /xingrg/servlets/image?cache=0.5533627748655321&image=px HTTP/1.1" 200 807
101.229.22.40 - - [23/May/2023:11:45:45 +0800] "GET /xingrg/all/function/internal_message.html?_=1684813544863&CODE_STATE=getMsg HTTP/1.1" 200 27
180.164.3.199 - - [23/May/2023:11:45:50 +0800] "GET /xingrg/check_reg.html?_=1684813549538 HTTP/1.1" 200 22
180.164.3.199 - - [23/May/2023:11:45:50 +0800] "GET /xingrg/all/function/internal_message.html?_=1684813549541&CODE_STATE=getMsg HTTP/1.1" 200 27
116.224.158.100 - - [23/May/2023:11:45:51 +0800] "GET /xingrg/all/function/internal_message.html?_=1684813384582&CODE_STATE=getMsg HTTP/1.1" 200 27
116.238.139.35 - - [23/May/2023:11:45:51 +0800] "GET /xingrg/all/function/internal_message.html?_=1684813467688&CODE_STATE=getMsg HTTP/1.1" 200 27
218.81.65.10 - - [23/May/2023:11:45:53 +0800] "GET /xingrg/all/function/internal_message.html?_=1684813553222&CODE_STATE=getMsg HTTP/1.1" 200 27
218.81.65.10 - - [23/May/2023:11:45:53 +0800] "GET /xingrg/check_reg.html?_=1684813553333 HTTP/1.1" 200 22
114.83.216.71 - - [23/May/2023:11:45:53 +0800] "GET /xingrg/all/function/internal_message.html?_=1684813551471&CODE_STATE=getMsg HTTP/1.1" 200 27
120.253.135.82 - - [23/May/2023:11:46:01 +0800] "GET /xingrg/all/function/internal_message.html?_=1684813398531&CODE_STATE=getMsg HTTP/1.1" 200 27
124.79.240.114 - - [23/May/2023:11:46:02 +0800] "GET /xingrg/all/function/internal_message.html?_=1684813840861&CODE_STATE=getMsg HTTP/1.1" 200 27
222.67.238.82 - - [23/May/2023:11:46:06 +0800] "GET /xingrg/all/function/internal_message.html?_=1684813078517&CODE_STATE=getMsg HTTP/1.1" 200 27
124.79.74.67 - - [23/May/2023:11:46:10 +0800] "GET /xingrg/all/function/internal_message.html?_=1684813573760&CODE_STATE=getMsg HTTP/1.1" 200 27
180.169.147.146 - - [23/May/2023:11:46:17 +0800] "GET /xingrg/all/function/internal_message.html?_=1684813577661&CODE_STATE=getMsg HTTP/1.1" 200 27
222.69.129.217 - - [23/May/2023:11:46:20 +0800] "GET /xingrg/all/function/internal_message.html?_=1684813678034&CODE_STATE=getMsg HTTP/1.1" 200 27
172.20.0.100 - - [23/May/2023:11:46:21 +0800] "GET /xingrg/all/function/internal_message.html?_=1684813585734&CODE_STATE=getMsg HTTP/1.1" 302 -
222.70.172.86 - - [23/May/2023:11:46:24 +0800] "GET /xingrg/all/function/internal_message.html?_=1684813590092&CODE_STATE=getMsg HTTP/1.1" 200 27
180.169.147.146 - - [23/May/2023:11:46:24 +0800] "GET /xingrg/all/function/internal_message.html?_=1684813585146&CODE_STATE=getMsg HTTP/1.1" 200 27
218.81.65.10 - - [23/May/2023:11:46:25 +0800] "GET /xingrg/all/function/internal_message.html?_=1684813584815&CODE_STATE=getMsg HTTP/1.1" 200 27
114.85.36.120 - - [23/May/2023:11:46:26 +0800] "GET /xingrg/check_reg.html?_=1684812409114 HTTP/1.1" 200 22
114.85.36.120 - - [23/May/2023:11:46:26 +0800] "GET /xingrg/all/function/internal_message.html?_=1684812409117&CODE_STATE=getMsg HTTP/1.1" 200 27
180.163.28.109 - - [23/May/2023:11:46:27 +0800] "GET /xingrg/all/function/internal_message.html?_=1684813521819&CODE_STATE=getMsg HTTP/1.1" 302 -
180.163.28.109 - - [23/May/2023:11:46:27 +0800] "GET /xingrg/login.html HTTP/1.1" 200 7641
116.237.79.115 - - [23/May/2023:11:46:27 +0800] "GET /xingrg/all/function/internal_message.html?_=1684813581790&CODE_STATE=getMsg HTTP/1.1" 200 27
180.169.147.146 - - [23/May/2023:11:46:31 +0800] "GET /xingrg/all/function/internal_message.html?_=1684813591183&CODE_STATE=getMsg HTTP/1.1" 200 27
180.169.147.146 - - [23/May/2023:11:46:31 +0800] "GET /xingrg/check_reg.html?_=1684813591482 HTTP/1.1" 200 22
180.169.147.146 - - [23/May/2023:11:46:34 +0800] "GET /xingrg/all/function/internal_message.html?_=1684813591083&CODE_STATE=getMsg HTTP/1.1" 200 27
116.238.139.35 - - [23/May/2023:11:46:34 +0800] "GET /xingrg/all/function/internal_message.html?_=1684813592605&CODE_STATE=getMsg HTTP/1.1" 200 27
180.169.147.146 - - [23/May/2023:11:46:41 +0800] "POST /xingrg/kc/buy/cgsh_order_operate.html HTTP/1.1" 200 37
180.169.147.146 - - [23/May/2023:11:46:44 +0800] "POST /xingrg/kc/buy/cgsh_order_operate.html HTTP/1.1" 200 29279
180.169.147.146 - - [23/May/2023:11:46:45 +0800] "GET /xingrg/kc/print/load_data.html?order_code=212023052308521&kc_code=cgsh&condition= HTTP/1.1" 200 10731
101.229.22.40 - - [23/May/2023:11:46:45 +0800] "GET /xingrg/all/function/internal_message.html?_=1684813604863&CODE_STATE=getMsg HTTP/1.1" 200 27
116.238.139.35 - - [23/May/2023:11:46:49 +0800] "GET /xingrg/check_reg.html?_=1684813526261 HTTP/1.1" 200 22
180.164.3.199 - - [23/May/2023:11:46:50 +0800] "GET /xingrg/all/function/internal_message.html?_=1684813609537&CODE_STATE=getMsg HTTP/1.1" 200 27
116.224.158.100 - - [23/May/2023:11:46:51 +0800] "GET /xingrg/all/function/internal_message.html?_=1684813444565&CODE_STATE=getMsg HTTP/1.1" 200 27
116.238.139.35 - - [23/May/2023:11:46:51 +0800] "GET /xingrg/all/function/internal_message.html?_=1684813527701&CODE_STATE=getMsg HTTP/1.1" 200 27
218.81.65.10 - - [23/May/2023:11:46:53 +0800] "GET /xingrg/all/function/internal_message.html?_=1684813613216&CODE_STATE=getMsg HTTP/1.1" 200 27
114.83.216.71 - - [23/May/2023:11:46:53 +0800] "GET /xingrg/all/function/internal_message.html?_=1684813611479&CODE_STATE=getMsg HTTP/1.1" 200 27
120.253.135.82 - - [23/May/2023:11:47:01 +0800] "GET /xingrg/all/function/internal_message.html?_=1684813458540&CODE_STATE=getMsg HTTP/1.1" 200 27
124.79.240.114 - - [23/May/2023:11:47:02 +0800] "GET /xingrg/all/function/internal_message.html?_=1684813900859&CODE_STATE=getMsg HTTP/1.1" 200 27
222.67.238.82 - - [23/May/2023:11:47:06 +0800] "GET /xingrg/all/function/internal_message.html?_=1684813138527&CODE_STATE=getMsg HTTP/1.1" 200 27
116.237.79.115 - - [23/May/2023:11:47:09 +0800] "GET /xingrg/check_reg.html?_=1684813623807 HTTP/1.1" 200 22
124.79.74.67 - - [23/May/2023:11:47:10 +0800] "GET /xingrg/all/function/internal_message.html?_=1684813633759&CODE_STATE=getMsg HTTP/1.1" 200 27
180.169.147.146 - - [23/May/2023:11:47:17 +0800] "GET /xingrg/all/function/internal_message.html?_=1684813637672&CODE_STATE=getMsg HTTP/1.1" 200 27
180.169.147.146 - - [23/May/2023:11:47:17 +0800] "GET /xingrg/check_reg.html?_=1684813637681 HTTP/1.1" 200 22
222.69.129.217 - - [23/May/2023:11:47:20 +0800] "GET /xingrg/all/function/internal_message.html?_=1684813738022&CODE_STATE=getMsg HTTP/1.1" 200 27
172.20.0.100 - - [23/May/2023:11:47:21 +0800] "GET /xingrg/all/function/internal_message.html?_=1684813645733&CODE_STATE=getMsg HTTP/1.1" 302 -
222.70.172.86 - - [23/May/2023:11:47:24 +0800] "GET /xingrg/all/function/internal_message.html?_=1684813650106&CODE_STATE=getMsg HTTP/1.1" 200 27
180.169.147.146 - - [23/May/2023:11:47:24 +0800] "GET /xingrg/all/function/internal_message.html?_=1684813645133&CODE_STATE=getMsg HTTP/1.1" 200 27
218.81.65.10 - - [23/May/2023:11:47:25 +0800] "GET /xingrg/all/function/internal_message.html?_=1684813644816&CODE_STATE=getMsg HTTP/1.1" 200 27
114.85.36.120 - - [23/May/2023:11:47:26 +0800] "GET /xingrg/all/function/internal_message.html?_=1684812469113&CODE_STATE=getMsg HTTP/1.1" 200 27
180.163.29.103 - - [23/May/2023:11:47:27 +0800] "GET /xingrg/all/function/internal_message.html?_=1684813581790&CODE_STATE=getMsg HTTP/1.1" 302 -
180.163.29.103 - - [23/May/2023:11:47:27 +0800] "GET /xingrg/login.html HTTP/1.1" 200 7641
116.237.79.115 - - [23/May/2023:11:47:27 +0800] "GET /xingrg/all/function/internal_message.html?_=1684813641769&CODE_STATE=getMsg HTTP/1.1" 200 27
180.169.147.146 - - [23/May/2023:11:47:31 +0800] "GET /xingrg/all/function/internal_message.html?_=1684813651171&CODE_STATE=getMsg HTTP/1.1" 200 27
180.169.147.146 - - [23/May/2023:11:47:34 +0800] "GET /xingrg/all/function/internal_message.html?_=1684813651086&CODE_STATE=getMsg HTTP/1.1" 200 27
180.169.147.146 - - [23/May/2023:11:47:34 +0800] "GET /xingrg/check_reg.html?_=1684813651083 HTTP/1.1" 200 22
116.238.139.35 - - [23/May/2023:11:47:34 +0800] "GET /xingrg/all/function/internal_message.html?_=1684813652608&CODE_STATE=getMsg HTTP/1.1" 200 27
101.229.22.40 - - [23/May/2023:11:47:40 +0800] "GET /xingrg/javascript/jquery_easy_ui/themes/default/images/tabs_active.png HTTP/1.1" 304 -
101.229.22.40 - - [23/May/2023:11:47:44 +0800] "GET /xingrg/kc/report/report_main.html HTTP/1.1" 200 7340
101.229.22.40 - - [23/May/2023:11:47:44 +0800] "GET /xingrg/css/blue.css HTTP/1.1" 200 15949
101.229.22.40 - - [23/May/2023:11:47:44 +0800] "GET /xingrg/javascript/jquery_ui/themes/humanity/humanity.css HTTP/1.1" 200 27801
101.229.22.40 - - [23/May/2023:11:47:44 +0800] "GET /xingrg/javascript/myfunction.js HTTP/1.1" 200 24559
101.229.22.40 - - [23/May/2023:11:47:44 +0800] "GET /xingrg/javascript/jquery_easy_ui/themes/icons/back_new.png HTTP/1.1" 200 3414
101.229.22.40 - - [23/May/2023:11:47:45 +0800] "GET /xingrg/check_reg.html?_=1684813664871 HTTP/1.1" 200 22
101.229.22.40 - - [23/May/2023:11:47:45 +0800] "GET /xingrg/all/function/internal_message.html?_=1684813664874&CODE_STATE=getMsg HTTP/1.1" 200 27
101.229.22.40 - - [23/May/2023:11:47:46 +0800] "GET /xingrg/kc/base/kc_stocks.html HTTP/1.1" 200 16512
101.229.22.40 - - [23/May/2023:11:47:46 +0800] "GET /xingrg/javascript/easyui/themes/sunny/easyui.css HTTP/1.1" 304 -
101.229.22.40 - - [23/May/2023:11:47:46 +0800] "GET /xingrg/javascript/easyui/themes/icons/refresh_new.png HTTP/1.1" 304 -
101.229.22.40 - - [23/May/2023:11:47:46 +0800] "GET /xingrg/javascript/easyui/themes/icons/filter_new.png HTTP/1.1" 304 -
101.229.22.40 - - [23/May/2023:11:47:46 +0800] "GET /xingrg/javascript/easyui/themes/icons/print_new.png HTTP/1.1" 304 -
101.229.22.40 - - [23/May/2023:11:47:47 +0800] "GET /xingrg/javascript/easyui/plugins/jquery.draggable.js HTTP/1.1" 304 -
101.229.22.40 - - [23/May/2023:11:47:47 +0800] "GET /xingrg/javascript/easyui/plugins/jquery.droppable.js HTTP/1.1" 304 -
101.229.22.40 - - [23/May/2023:11:47:47 +0800] "GET /xingrg/javascript/easyui/themes/default/tree.css HTTP/1.1" 404 1090
101.229.22.40 - - [23/May/2023:11:47:47 +0800] "GET /xingrg/javascript/easyui/plugins/jquery.tree.js HTTP/1.1" 304 -
101.229.22.40 - - [23/May/2023:11:47:47 +0800] "GET /xingrg/all/common/auto_word.html?type=base&rest_code=00142 HTTP/1.1" 200 719
101.229.22.40 - - [23/May/2023:11:47:47 +0800] "POST /xingrg/all/common/load_tree.html?tree=materiel_sort_tree_json HTTP/1.1" 200 9500
101.229.22.40 - - [23/May/2023:11:47:47 +0800] "GET /xingrg/javascript/easyui/themes/sunny/images/tree_folder.gif HTTP/1.1" 304 -
101.229.22.40 - - [23/May/2023:11:47:47 +0800] "GET /xingrg/javascript/easyui/themes/sunny/images/tree_arrows.gif HTTP/1.1" 304 -
101.229.22.40 - - [23/May/2023:11:47:47 +0800] "GET /xingrg/javascript/easyui/themes/sunny/images/tree_folder_open.gif HTTP/1.1" 304 -
101.229.22.40 - - [23/May/2023:11:47:47 +0800] "GET /xingrg/javascript/easyui/themes/sunny/images/tree_file.gif HTTP/1.1" 304 -
180.164.3.199 - - [23/May/2023:11:47:50 +0800] "GET /xingrg/all/function/internal_message.html?_=1684813669533&CODE_STATE=getMsg HTTP/1.1" 200 27
116.224.158.100 - - [23/May/2023:11:47:51 +0800] "GET /xingrg/all/function/internal_message.html?_=1684813504551&CODE_STATE=getMsg HTTP/1.1" 200 27
116.238.139.35 - - [23/May/2023:11:47:51 +0800] "GET /xingrg/all/function/internal_message.html?_=1684813587714&CODE_STATE=getMsg HTTP/1.1" 200 27
101.229.22.40 - - [23/May/2023:11:47:52 +0800] "GET /xingrg/css/images/panel_loading.gif HTTP/1.1" 304 -
101.229.22.40 - - [23/May/2023:11:47:52 +0800] "POST /xingrg/all/common/load_combo.html?type=base HTTP/1.1" 200 1306
116.224.158.100 - - [23/May/2023:11:47:52 +0800] "GET /xingrg/check_reg.html?_=1684813505663 HTTP/1.1" 200 22
218.81.65.10 - - [23/May/2023:11:47:53 +0800] "GET /xingrg/all/function/internal_message.html?_=1684813673210&CODE_STATE=getMsg HTTP/1.1" 200 27
114.83.216.71 - - [23/May/2023:11:47:53 +0800] "GET /xingrg/all/function/internal_message.html?_=1684813671485&CODE_STATE=getMsg HTTP/1.1" 200 27
101.229.22.40 - - [23/May/2023:11:47:55 +0800] "POST /xingrg/kc/base/stock_operate.html HTTP/1.1" 200 3991
101.229.22.40 - - [23/May/2023:11:47:55 +0800] "GET /xingrg/javascript/jquery_tools/fix_table.js HTTP/1.1" 304 -
120.253.135.82 - - [23/May/2023:11:48:00 +0800] "GET /xingrg/check_reg.html?_=1684813517297 HTTP/1.1" 200 22
120.253.135.82 - - [23/May/2023:11:48:01 +0800] "GET /xingrg/all/function/internal_message.html?_=1684813518553&CODE_STATE=getMsg HTTP/1.1" 200 27
124.79.240.114 - - [23/May/2023:11:48:02 +0800] "GET /xingrg/all/function/internal_message.html?_=1684813960859&CODE_STATE=getMsg HTTP/1.1" 200 27
101.229.22.40 - - [23/May/2023:11:48:04 +0800] "POST /xingrg/kc/base/stock_operate.html HTTP/1.1" 200 4150
222.67.238.82 - - [23/May/2023:11:48:06 +0800] "GET /xingrg/all/function/internal_message.html?_=1684813198498&CODE_STATE=getMsg HTTP/1.1" 200 27
101.229.22.40 - - [23/May/2023:11:48:09 +0800] "POST /xingrg/kc/base/stock_operate.html HTTP/1.1" 200 4258
180.163.29.212 - - [23/May/2023:11:48:10 +0800] "GET /xingrg/check_reg.html?_=1684813623807 HTTP/1.1" 302 -
180.163.29.212 - - [23/May/2023:11:48:10 +0800] "GET /xingrg/login.html HTTP/1.1" 200 7641
124.79.74.67 - - [23/May/2023:11:48:10 +0800] "GET /xingrg/all/function/internal_message.html?_=1684813693801&CODE_STATE=getMsg HTTP/1.1" 200 27
180.169.147.146 - - [23/May/2023:11:48:17 +0800] "GET /xingrg/all/function/internal_message.html?_=1684813697669&CODE_STATE=getMsg HTTP/1.1" 200 27
222.69.129.217 - - [23/May/2023:11:48:20 +0800] "GET /xingrg/check_reg.html?_=1684813798022 HTTP/1.1" 200 22
222.69.129.217 - - [23/May/2023:11:48:20 +0800] "GET /xingrg/all/function/internal_message.html?_=1684813798023&CODE_STATE=getMsg HTTP/1.1" 200 27
172.20.0.100 - - [23/May/2023:11:48:21 +0800] "GET /xingrg/all/function/internal_message.html?_=1684813705732&CODE_STATE=getMsg HTTP/1.1" 302 -
222.70.172.86 - - [23/May/2023:11:48:24 +0800] "GET /xingrg/all/function/internal_message.html?_=1684813710338&CODE_STATE=getMsg HTTP/1.1" 200 27
180.169.147.146 - - [23/May/2023:11:48:24 +0800] "GET /xingrg/all/function/internal_message.html?_=1684813705148&CODE_STATE=getMsg HTTP/1.1" 200 27
218.81.65.10 - - [23/May/2023:11:48:25 +0800] "GET /xingrg/all/function/internal_message.html?_=1684813704824&CODE_STATE=getMsg HTTP/1.1" 200 27
114.85.36.120 - - [23/May/2023:11:48:26 +0800] "GET /xingrg/all/function/internal_message.html?_=1684812529123&CODE_STATE=getMsg HTTP/1.1" 200 27
116.237.79.115 - - [23/May/2023:11:48:27 +0800] "GET /xingrg/all/function/internal_message.html?_=1684813701754&CODE_STATE=getMsg HTTP/1.1" 200 27
180.169.147.146 - - [23/May/2023:11:48:31 +0800] "GET /xingrg/all/function/internal_message.html?_=1684813711149&CODE_STATE=getMsg HTTP/1.1" 200 27
180.169.147.146 - - [23/May/2023:11:48:34 +0800] "GET /xingrg/all/function/internal_message.html?_=1684813711070&CODE_STATE=getMsg HTTP/1.1" 200 27
116.238.139.35 - - [23/May/2023:11:48:34 +0800] "GET /xingrg/all/function/internal_message.html?_=1684813712608&CODE_STATE=getMsg HTTP/1.1" 200 27
116.238.139.35 - - [23/May/2023:11:48:34 +0800] "GET /xingrg/check_reg.html?_=1684813712612 HTTP/1.1" 200 22
101.229.22.40 - - [23/May/2023:11:48:45 +0800] "GET /xingrg/all/function/internal_message.html?_=1684813724866&CODE_STATE=getMsg HTTP/1.1" 200 27
180.164.3.199 - - [23/May/2023:11:48:50 +0800] "GET /xingrg/all/function/internal_message.html?_=1684813729538&CODE_STATE=getMsg HTTP/1.1" 200 27
116.224.158.100 - - [23/May/2023:11:48:51 +0800] "GET /xingrg/all/function/internal_message.html?_=1684813564529&CODE_STATE=getMsg HTTP/1.1" 200 27
116.238.139.35 - - [23/May/2023:11:48:51 +0800] "GET /xingrg/all/function/internal_message.html?_=1684813647729&CODE_STATE=getMsg HTTP/1.1" 200 27
218.81.65.10 - - [23/May/2023:11:48:53 +0800] "GET /xingrg/all/function/internal_message.html?_=1684813733203&CODE_STATE=getMsg HTTP/1.1" 200 27
114.83.216.71 - - [23/May/2023:11:48:53 +0800] "GET /xingrg/all/function/internal_message.html?_=1684813731490&CODE_STATE=getMsg HTTP/1.1" 200 27
120.253.135.82 - - [23/May/2023:11:49:01 +0800] "GET /xingrg/all/function/internal_message.html?_=1684813578567&CODE_STATE=getMsg HTTP/1.1" 200 27
124.79.240.114 - - [23/May/2023:11:49:02 +0800] "GET /xingrg/all/function/internal_message.html?_=1684814020858&CODE_STATE=getMsg HTTP/1.1" 200 27
222.67.238.82 - - [23/May/2023:11:49:06 +0800] "GET /xingrg/all/function/internal_message.html?_=1684813258467&CODE_STATE=getMsg HTTP/1.1" 200 27
222.67.238.82 - - [23/May/2023:11:49:09 +0800] "GET /xingrg/check_reg.html?_=1684813261866 HTTP/1.1" 200 22
124.79.74.67 - - [23/May/2023:11:49:10 +0800] "GET /xingrg/all/function/internal_message.html?_=1684813753799&CODE_STATE=getMsg HTTP/1.1" 200 27
180.169.147.146 - - [23/May/2023:11:49:17 +0800] "GET /xingrg/all/function/internal_message.html?_=1684813757699&CODE_STATE=getMsg HTTP/1.1" 200 27
116.232.195.127 - - [23/May/2023:11:49:20 +0800] "GET /xingrg/check_reg.html?_=1684813800617 HTTP/1.1" 200 22
222.69.129.217 - - [23/May/2023:11:49:20 +0800] "GET /xingrg/all/function/internal_message.html?_=1684813858017&CODE_STATE=getMsg HTTP/1.1" 200 27
172.20.0.100 - - [23/May/2023:11:49:21 +0800] "GET /xingrg/all/function/internal_message.html?_=1684813765731&CODE_STATE=getMsg HTTP/1.1" 302 -
180.164.3.199 - - [23/May/2023:11:49:23 +0800] "GET /xingrg/check_reg.html?_=1684813762658 HTTP/1.1" 200 22
222.70.172.86 - - [23/May/2023:11:49:24 +0800] "GET /xingrg/all/function/internal_message.html?_=1684813770351&CODE_STATE=getMsg HTTP/1.1" 200 27
180.169.147.146 - - [23/May/2023:11:49:24 +0800] "GET /xingrg/check_reg.html?_=1684813765152 HTTP/1.1" 200 22
180.169.147.146 - - [23/May/2023:11:49:24 +0800] "GET /xingrg/all/function/internal_message.html?_=1684813765154&CODE_STATE=getMsg HTTP/1.1" 200 27
218.81.65.10 - - [23/May/2023:11:49:25 +0800] "GET /xingrg/all/function/internal_message.html?_=1684813764822&CODE_STATE=getMsg HTTP/1.1" 200 27
114.85.36.120 - - [23/May/2023:11:49:26 +0800] "GET /xingrg/all/function/internal_message.html?_=1684812589118&CODE_STATE=getMsg HTTP/1.1" 200 27
180.163.28.180 - - [23/May/2023:11:49:27 +0800] "GET /xingrg/all/function/internal_message.html?_=1684813701754&CODE_STATE=getMsg HTTP/1.1" 302 -
180.163.28.180 - - [23/May/2023:11:49:27 +0800] "GET /xingrg/login.html HTTP/1.1" 200 7641
116.237.79.115 - - [23/May/2023:11:49:27 +0800] "GET /xingrg/all/function/internal_message.html?_=1684813761742&CODE_STATE=getMsg HTTP/1.1" 200 27
180.169.147.146 - - [23/May/2023:11:49:31 +0800] "GET /xingrg/all/function/internal_message.html?_=1684813771132&CODE_STATE=getMsg HTTP/1.1" 200 27
180.171.121.39 - - [23/May/2023:11:49:33 +0800] "GET /xingrg/check_reg.html?_=1684813916403 HTTP/1.1" 200 22
180.169.147.146 - - [23/May/2023:11:49:34 +0800] "GET /xingrg/all/function/internal_message.html?_=1684813771077&CODE_STATE=getMsg HTTP/1.1" 200 27
116.238.139.35 - - [23/May/2023:11:49:34 +0800] "GET /xingrg/all/function/internal_message.html?_=1684813772601&CODE_STATE=getMsg HTTP/1.1" 200 27
101.229.22.40 - - [23/May/2023:11:49:45 +0800] "GET /xingrg/all/function/internal_message.html?_=1684813784865&CODE_STATE=getMsg HTTP/1.1" 200 27
180.164.3.199 - - [23/May/2023:11:49:50 +0800] "GET /xingrg/all/function/internal_message.html?_=1684813789537&CODE_STATE=getMsg HTTP/1.1" 200 27
116.224.158.100 - - [23/May/2023:11:49:51 +0800] "GET /xingrg/all/function/internal_message.html?_=1684813624499&CODE_STATE=getMsg HTTP/1.1" 200 27
116.238.139.35 - - [23/May/2023:11:49:51 +0800] "GET /xingrg/all/function/internal_message.html?_=1684813707778&CODE_STATE=getMsg HTTP/1.1" 200 27
218.81.65.10 - - [23/May/2023:11:49:52 +0800] "GET /xingrg/all/function/internal_message.html?_=1684813793182&CODE_STATE=getMsg HTTP/1.1" 200 27
114.83.216.71 - - [23/May/2023:11:49:53 +0800] "GET /xingrg/all/function/internal_message.html?_=1684813791490&CODE_STATE=getMsg HTTP/1.1" 200 27
114.83.216.71 - - [23/May/2023:11:49:53 +0800] "GET /xingrg/check_reg.html?_=1684813791493 HTTP/1.1" 200 22
120.253.135.82 - - [23/May/2023:11:50:02 +0800] "GET /xingrg/all/function/internal_message.html?_=1684813638581&CODE_STATE=getMsg HTTP/1.1" 200 27
124.79.240.114 - - [23/May/2023:11:50:02 +0800] "GET /xingrg/check_reg.html?_=1684814080858 HTTP/1.1" 200 22
124.79.240.114 - - [23/May/2023:11:50:02 +0800] "GET /xingrg/all/function/internal_message.html?_=1684814080857&CODE_STATE=getMsg HTTP/1.1" 200 27
222.67.238.82 - - [23/May/2023:11:50:05 +0800] "GET /xingrg/all/function/internal_message.html?_=1684813318447&CODE_STATE=getMsg HTTP/1.1" 200 27
124.79.74.67 - - [23/May/2023:11:50:10 +0800] "GET /xingrg/check_reg.html?_=1684813813799 HTTP/1.1" 200 22
124.79.74.67 - - [23/May/2023:11:50:10 +0800] "GET /xingrg/all/function/internal_message.html?_=1684813813801&CODE_STATE=getMsg HTTP/1.1" 200 27
116.224.158.100 - - [23/May/2023:11:50:11 +0800] "GET /xingrg/check_reg.html?_=1684813813002 HTTP/1.1" 200 22
180.169.147.146 - - [23/May/2023:11:50:17 +0800] "GET /xingrg/all/function/internal_message.html?_=1684813817672&CODE_STATE=getMsg HTTP/1.1" 200 27
222.69.129.217 - - [23/May/2023:11:50:20 +0800] "GET /xingrg/all/function/internal_message.html?_=1684813918033&CODE_STATE=getMsg HTTP/1.1" 200 27
172.20.0.100 - - [23/May/2023:11:50:21 +0800] "GET /xingrg/check_reg.html?_=1684813825730 HTTP/1.1" 302 -
172.20.0.100 - - [23/May/2023:11:50:21 +0800] "GET /xingrg/all/function/internal_message.html?_=1684813825729&CODE_STATE=getMsg HTTP/1.1" 302 -
222.70.172.86 - - [23/May/2023:11:50:21 +0800] "GET /xingrg/check_reg.html?_=1684813827649 HTTP/1.1" 200 22
222.70.172.86 - - [23/May/2023:11:50:24 +0800] "GET /xingrg/all/function/internal_message.html?_=1684813830365&CODE_STATE=getMsg HTTP/1.1" 200 27
180.169.147.146 - - [23/May/2023:11:50:24 +0800] "GET /xingrg/all/function/internal_message.html?_=1684813825146&CODE_STATE=getMsg HTTP/1.1" 200 27
218.81.65.10 - - [23/May/2023:11:50:25 +0800] "GET /xingrg/all/function/internal_message.html?_=1684813824819&CODE_STATE=getMsg HTTP/1.1" 200 27
218.81.65.10 - - [23/May/2023:11:50:25 +0800] "GET /xingrg/check_reg.html?_=1684813824826 HTTP/1.1" 200 22
114.85.36.120 - - [23/May/2023:11:50:26 +0800] "GET /xingrg/all/function/internal_message.html?_=1684812649111&CODE_STATE=getMsg HTTP/1.1" 200 27
180.163.29.103 - - [23/May/2023:11:50:27 +0800] "GET /xingrg/all/function/internal_message.html?_=1684813761742&CODE_STATE=getMsg HTTP/1.1" 302 -
180.163.29.103 - - [23/May/2023:11:50:27 +0800] "GET /xingrg/login.html HTTP/1.1" 200 7641
116.237.79.115 - - [23/May/2023:11:50:27 +0800] "GET /xingrg/all/function/internal_message.html?_=1684813821713&CODE_STATE=getMsg HTTP/1.1" 200 27
180.169.147.146 - - [23/May/2023:11:50:31 +0800] "GET /xingrg/all/function/internal_message.html?_=1684813831115&CODE_STATE=getMsg HTTP/1.1" 200 27
180.169.147.146 - - [23/May/2023:11:50:34 +0800] "GET /xingrg/all/function/internal_message.html?_=1684813831077&CODE_STATE=getMsg HTTP/1.1" 200 27
116.238.139.35 - - [23/May/2023:11:50:34 +0800] "GET /xingrg/all/function/internal_message.html?_=1684813832603&CODE_STATE=getMsg HTTP/1.1" 200 27
101.229.22.40 - - [23/May/2023:11:50:45 +0800] "GET /xingrg/all/function/internal_message.html?_=1684813844876&CODE_STATE=getMsg HTTP/1.1" 200 27
180.164.3.199 - - [23/May/2023:11:50:50 +0800] "GET /xingrg/all/function/internal_message.html?_=1684813849530&CODE_STATE=getMsg HTTP/1.1" 200 27
