222.70.172.86 - - [23/May/2023:10:36:17 +0800] "GET /xingrg/kc/buy/cgsh_order_operate.html?command=get_materiel&rest_code=00146&code=00101008213&supplier_code=00100005&order_time=2023-05-23 HTTP/1.1" 200 412
180.169.147.146 - - [23/May/2023:10:36:17 +0800] "GET /xingrg/all/function/internal_message.html?_=1684809377674&CODE_STATE=getMsg HTTP/1.1" 200 27
222.67.238.82 - - [23/May/2023:10:36:17 +0800] "GET /xingrg/kc/buy/cgsh_order_operate.html?command=get_materiel&rest_code=00141&code=00102011201&supplier_code=00100384&order_time=2023-05-23 HTTP/1.1" 200 413
120.253.135.82 - - [23/May/2023:10:36:18 +0800] "POST /xingrg/kc/pszx/mdps_order_operate.html HTTP/1.1" 200 37
120.253.135.82 - - [23/May/2023:10:36:19 +0800] "GET /xingrg/kc/pszx/mdps_order_info.html?code=312023052300500 HTTP/1.1" 200 23982
180.171.121.39 - - [23/May/2023:10:36:19 +0800] "GET /xingrg/all/function/internal_message.html?_=1684809378755&CODE_STATE=getMsg HTTP/1.1" 200 27
120.253.135.82 - - [23/May/2023:10:36:20 +0800] "GET /xingrg/javascript/easyui/themes/default/validatebox.css HTTP/1.1" 404 1104
120.253.135.82 - - [23/May/2023:10:36:20 +0800] "POST /xingrg/kc/pszx/mdps_order_operate.html HTTP/1.1" 200 2286
222.69.129.217 - - [23/May/2023:10:36:20 +0800] "GET /xingrg/all/function/internal_message.html?_=1684809478020&CODE_STATE=getMsg HTTP/1.1" 200 27
172.20.0.100 - - [23/May/2023:10:36:21 +0800] "POST /xingrg/system/rest/edit_item.html HTTP/1.1" 200 -
172.20.0.100 - - [23/May/2023:10:36:21 +0800] "GET /xingrg/all/function/internal_message.html?_=1684809385656&CODE_STATE=getMsg HTTP/1.1" 302 -
172.20.0.100 - - [23/May/2023:10:36:22 +0800] "POST /xingrg/system/rest/edit_item.html HTTP/1.1" 200 51496
120.253.135.82 - - [23/May/2023:10:36:22 +0800] "POST /xingrg/kc/pszx/mdps_list_operate.html HTTP/1.1" 200 2830
120.253.135.82 - - [23/May/2023:10:36:22 +0800] "GET /xingrg/check_reg.html?_=1684809219555 HTTP/1.1" 200 22
120.253.135.82 - - [23/May/2023:10:36:23 +0800] "GET /xingrg/all/function/internal_message.html?_=1684809219821&CODE_STATE=getMsg HTTP/1.1" 200 27
180.169.147.146 - - [23/May/2023:10:36:24 +0800] "GET /xingrg/all/function/internal_message.html?_=1684809385149&CODE_STATE=getMsg HTTP/1.1" 200 27
120.253.135.82 - - [23/May/2023:10:36:25 +0800] "POST /xingrg/kc/pszx/mdps_list_operate.html HTTP/1.1" 200 623
120.253.135.82 - - [23/May/2023:10:36:26 +0800] "GET /xingrg/kc/pszx/mdps_order_info.html?code=312023052300488 HTTP/1.1" 200 23982
120.253.135.82 - - [23/May/2023:10:36:27 +0800] "GET /xingrg/javascript/easyui/themes/default/validatebox.css HTTP/1.1" 404 1104
120.253.135.82 - - [23/May/2023:10:36:27 +0800] "POST /xingrg/kc/pszx/mdps_order_operate.html HTTP/1.1" 200 7321
116.237.79.115 - - [23/May/2023:10:36:29 +0800] "GET /xingrg/all/function/internal_message.html?_=1684809383212&CODE_STATE=getMsg HTTP/1.1" 200 27
61.151.231.107 - - [23/May/2023:10:36:29 +0800] "GET /xingrg/all/function/internal_message.html?_=1684809323241&CODE_STATE=getMsg HTTP/1.1" 302 -
61.151.231.107 - - [23/May/2023:10:36:29 +0800] "GET /xingrg/login.html HTTP/1.1" 200 7641
120.253.135.82 - - [23/May/2023:10:36:30 +0800] "POST /xingrg/kc/pszx/mdps_list_operate.html HTTP/1.1" 200 2830
180.164.3.199 - - [23/May/2023:10:36:31 +0800] "POST /xingrg/services/DataTransmitService HTTP/1.1" 200 524
222.70.172.86 - - [23/May/2023:10:36:31 +0800] "POST /xingrg/services/DataTransmitService HTTP/1.1" 200 501
116.232.195.127 - - [23/May/2023:10:36:31 +0800] "POST /xingrg/services/DataTransmitService HTTP/1.1" 200 412
180.164.3.199 - - [23/May/2023:10:36:32 +0800] "POST /xingrg/services/DataTransmitService HTTP/1.1" 200 1907
222.67.238.82 - - [23/May/2023:10:36:32 +0800] "GET /xingrg/kc/buy/cgsh_order_operate.html?command=get_materiel&rest_code=00141&code=00102010832&supplier_code=00100384&order_time=2023-05-23 HTTP/1.1" 200 413
114.85.97.46 - - [23/May/2023:10:36:38 +0800] "GET /xingrg/kc/base/wldb_order_list.html HTTP/1.1" 200 19098
114.85.97.46 - - [23/May/2023:10:36:39 +0800] "POST /xingrg/kc/base/wldb_list_operate.html HTTP/1.1" 200 928
114.85.97.46 - - [23/May/2023:10:36:39 +0800] "GET /xingrg/kc/base/wldb_order_add.html HTTP/1.1" 200 30377
114.85.97.46 - - [23/May/2023:10:36:40 +0800] "POST /xingrg/kc/base/wldb_order_operate.html HTTP/1.1" 200 6806
114.85.97.46 - - [23/May/2023:10:36:40 +0800] "GET /xingrg/all/common/auto_word.html?type=base&rest_code=00102 HTTP/1.1" 200 1857
114.85.97.46 - - [23/May/2023:10:36:40 +0800] "GET /xingrg/javascript/easyui/themes/default/validatebox.css HTTP/1.1" 404 1104
114.85.97.46 - - [23/May/2023:10:36:40 +0800] "GET /xingrg/all/common/auto_word.html?type=base&rest_code=00102 HTTP/1.1" 200 1857
222.70.172.86 - - [23/May/2023:10:36:40 +0800] "GET /xingrg/kc/buy/cgsh_order_operate.html?command=get_materiel&rest_code=00146&code=00101008298&supplier_code=00100005&order_time=2023-05-23 HTTP/1.1" 200 412
114.85.97.46 - - [23/May/2023:10:36:41 +0800] "POST /xingrg/all/common/load_combo.html?type=base HTTP/1.1" 200 3321
222.70.172.86 - - [23/May/2023:10:36:43 +0800] "POST /xingrg/kc/buy/cgsh_order_operate.html HTTP/1.1" 200 2065
172.20.0.100 - - [23/May/2023:10:36:46 +0800] "POST /xingrg/system/rest/edit_item.html HTTP/1.1" 200 -
114.85.97.46 - - [23/May/2023:10:36:46 +0800] "POST /xingrg/all/common/load_combo.html?type=base HTTP/1.1" 200 3321
222.70.172.86 - - [23/May/2023:10:36:48 +0800] "POST /xingrg/services/DataTransmitService HTTP/1.1" 200 501
116.238.139.35 - - [23/May/2023:10:36:49 +0800] "GET /xingrg/check_reg.html?_=1684809325659 HTTP/1.1" 200 22
172.20.0.100 - - [23/May/2023:10:36:49 +0800] "POST /xingrg/system/rest/edit_item.html HTTP/1.1" 200 -
222.70.172.86 - - [23/May/2023:10:36:49 +0800] "POST /xingrg/services/DataTransmitService HTTP/1.1" 200 501
116.238.139.35 - - [23/May/2023:10:36:49 +0800] "GET /xingrg/all/function/internal_message.html?_=1684809326298&CODE_STATE=getMsg HTTP/1.1" 200 27
222.70.172.86 - - [23/May/2023:10:36:50 +0800] "POST /xingrg/services/DataTransmitService HTTP/1.1" 200 501
116.238.139.35 - - [23/May/2023:10:36:50 +0800] "GET /xingrg/all/function/internal_message.html?_=1684809408326&CODE_STATE=getMsg HTTP/1.1" 200 27
180.164.3.199 - - [23/May/2023:10:36:50 +0800] "GET /xingrg/all/function/internal_message.html?_=1684809409541&CODE_STATE=getMsg HTTP/1.1" 200 27
172.20.0.100 - - [23/May/2023:10:36:51 +0800] "POST /xingrg/system/rest/edit_item.html HTTP/1.1" 200 -
116.224.158.100 - - [23/May/2023:10:36:52 +0800] "GET /xingrg/all/function/internal_message.html?_=1684809245747&CODE_STATE=getMsg HTTP/1.1" 200 27
114.85.97.46 - - [23/May/2023:10:36:52 +0800] "GET /xingrg/kc/base/wldb_order_operate.html?command=get_materiel&rest_code=00102&base_code=0010476&code=00101019358 HTTP/1.1" 200 459
114.83.216.71 - - [23/May/2023:10:36:53 +0800] "GET /xingrg/all/function/internal_message.html?_=1684809411203&CODE_STATE=getMsg HTTP/1.1" 200 27
172.20.0.100 - - [23/May/2023:10:36:54 +0800] "GET /xingrg/all/function/internal_message.html?_=1684809386557&CODE_STATE=getMsg HTTP/1.1" 200 27
222.70.172.86 - - [23/May/2023:10:36:55 +0800] "GET /xingrg/kc/buy/cgsh_order_operate.html?command=get_materiel&rest_code=00146&code=00101008403&supplier_code=00100005&order_time=2023-05-23 HTTP/1.1" 200 412
222.70.172.86 - - [23/May/2023:10:36:55 +0800] "POST /xingrg/services/DataTransmitService HTTP/1.1" 200 501
172.20.0.100 - - [23/May/2023:10:36:56 +0800] "POST /xingrg/system/rest/get_infos.html?command=get_menu_tree HTTP/1.1" 200 420832
222.70.172.86 - - [23/May/2023:10:36:57 +0800] "POST /xingrg/services/DataTransmitService HTTP/1.1" 200 501
114.85.97.46 - - [23/May/2023:10:36:59 +0800] "GET /xingrg/kc/base/wldb_order_operate.html?command=get_materiel&rest_code=00102&base_code=0010476&code=00101019079 HTTP/1.1" 200 479
222.67.238.82 - - [23/May/2023:10:37:01 +0800] "GET /xingrg/kc/buy/cgsh_order_operate.html?command=get_materiel&rest_code=00141&code=00102010702&supplier_code=00100384&order_time=2023-05-23 HTTP/1.1" 200 414
222.70.172.86 - - [23/May/2023:10:37:02 +0800] "POST /xingrg/services/DataTransmitService HTTP/1.1" 200 501
222.70.172.86 - - [23/May/2023:10:37:02 +0800] "POST /xingrg/services/DataTransmitService HTTP/1.1" 200 412
114.85.97.46 - - [23/May/2023:10:37:04 +0800] "GET /xingrg/kc/base/wldb_order_operate.html?command=get_materiel&rest_code=00102&base_code=0010476&code=00101019306 HTTP/1.1" 200 477
222.67.238.82 - - [23/May/2023:10:37:06 +0800] "POST /xingrg/kc/buy/cgsh_order_operate.html HTTP/1.1" 200 2065
222.67.238.82 - - [23/May/2023:10:37:07 +0800] "GET /xingrg/all/function/internal_message.html?_=1684808940155&CODE_STATE=getMsg HTTP/1.1" 200 27
114.85.97.46 - - [23/May/2023:10:37:09 +0800] "GET /xingrg/kc/base/wldb_order_operate.html?command=get_materiel&rest_code=00102&base_code=0010476&code=00101019391 HTTP/1.1" 200 485
116.237.79.115 - - [23/May/2023:10:37:09 +0800] "GET /xingrg/check_reg.html?_=1684809423759 HTTP/1.1" 200 22
222.70.172.86 - - [23/May/2023:10:37:11 +0800] "GET /xingrg/all/function/internal_message.html?_=1684809436565&CODE_STATE=getMsg HTTP/1.1" 200 27
114.85.97.46 - - [23/May/2023:10:37:12 +0800] "GET /xingrg/all/function/internal_message.html?_=1684809432936&CODE_STATE=getMsg HTTP/1.1" 200 27
114.85.97.46 - - [23/May/2023:10:37:15 +0800] "GET /xingrg/kc/base/wldb_order_operate.html?command=get_materiel&rest_code=00102&base_code=0010476&code=00101019405 HTTP/1.1" 200 482
180.169.147.146 - - [23/May/2023:10:37:17 +0800] "GET /xingrg/check_reg.html?_=1684809437668 HTTP/1.1" 200 22
180.169.147.146 - - [23/May/2023:10:37:17 +0800] "GET /xingrg/all/function/internal_message.html?_=1684809437673&CODE_STATE=getMsg HTTP/1.1" 200 27
180.171.121.39 - - [23/May/2023:10:37:19 +0800] "GET /xingrg/all/function/internal_message.html?_=1684809438748&CODE_STATE=getMsg HTTP/1.1" 200 27
180.171.121.39 - - [23/May/2023:10:37:20 +0800] "GET /xingrg/check_reg.html?_=1684809439640 HTTP/1.1" 200 22
222.69.129.217 - - [23/May/2023:10:37:20 +0800] "GET /xingrg/all/function/internal_message.html?_=1684809538027&CODE_STATE=getMsg HTTP/1.1" 200 27
172.20.0.100 - - [23/May/2023:10:37:21 +0800] "GET /xingrg/all/function/internal_message.html?_=1684809445659&CODE_STATE=getMsg HTTP/1.1" 302 -
180.169.147.146 - - [23/May/2023:10:37:24 +0800] "GET /xingrg/all/function/internal_message.html?_=1684809445138&CODE_STATE=getMsg HTTP/1.1" 200 27
114.85.97.46 - - [23/May/2023:10:37:27 +0800] "GET /xingrg/kc/base/wldb_order_operate.html?command=get_materiel&rest_code=00102&base_code=0010476&code=00101019134 HTTP/1.1" 200 480
116.237.79.115 - - [23/May/2023:10:37:29 +0800] "GET /xingrg/all/function/internal_message.html?_=1684809443185&CODE_STATE=getMsg HTTP/1.1" 200 27
180.163.28.143 - - [23/May/2023:10:37:29 +0800] "GET /xingrg/all/function/internal_message.html?_=1684809383212&CODE_STATE=getMsg HTTP/1.1" 302 -
180.163.28.143 - - [23/May/2023:10:37:29 +0800] "GET /xingrg/login.html HTTP/1.1" 200 7641
222.67.238.82 - - [23/May/2023:10:37:33 +0800] "GET /xingrg/kc/buy/cgsh_order_operate.html?command=get_materiel&rest_code=00141&code=00102010297&supplier_code=00100384&order_time=2023-05-23 HTTP/1.1" 200 412
172.20.0.100 - - [23/May/2023:10:37:40 +0800] "POST /xingrg/system/rest/edit_item.html HTTP/1.1" 200 -
172.20.0.100 - - [23/May/2023:10:37:40 +0800] "POST /xingrg/system/rest/edit_item.html HTTP/1.1" 200 52391
114.85.97.46 - - [23/May/2023:10:37:40 +0800] "POST /xingrg/kc/base/wldb_order_operate.html HTTP/1.1" 200 37
120.253.135.82 - - [23/May/2023:10:37:42 +0800] "GET /xingrg/login.html HTTP/1.1" 200 7641
222.70.172.86 - - [23/May/2023:10:37:43 +0800] "GET /xingrg/kc/buy/cgsh_order_operate.html?command=get_materiel&rest_code=00146&code=00101008114&supplier_code=00100005&order_time=2023-05-23 HTTP/1.1" 200 413
120.253.135.82 - - [23/May/2023:10:37:43 +0800] "GET /favicon.ico HTTP/1.1" 404 -
172.20.0.100 - - [23/May/2023:10:37:47 +0800] "POST /xingrg/system/rest/edit_item.html HTTP/1.1" 200 -
114.85.97.46 - - [23/May/2023:10:37:47 +0800] "POST /xingrg/kc/base/wldb_order_operate.html HTTP/1.1" 200 12
222.67.238.82 - - [23/May/2023:10:37:47 +0800] "GET /xingrg/kc/buy/cgsh_order_operate.html?command=get_materiel&rest_code=00141&code=00102010528&supplier_code=00100384&order_time=2023-05-23 HTTP/1.1" 200 413
114.85.97.46 - - [23/May/2023:10:37:47 +0800] "POST /xingrg/kc/base/wldb_order_operate.html HTTP/1.1" 200 4768
114.85.97.46 - - [23/May/2023:10:37:48 +0800] "GET /xingrg/kc/base/wldb_order_info.html?code=422023052301831 HTTP/1.1" 200 26254
114.85.97.46 - - [23/May/2023:10:37:48 +0800] "GET /xingrg/javascript/easyui/themes/default/validatebox.css HTTP/1.1" 404 1104
114.85.97.46 - - [23/May/2023:10:37:49 +0800] "POST /xingrg/kc/base/wldb_order_operate.html HTTP/1.1" 200 3007
172.20.0.100 - - [23/May/2023:10:37:49 +0800] "POST /xingrg/system/rest/edit_item.html HTTP/1.1" 200 -
116.238.139.35 - - [23/May/2023:10:37:49 +0800] "GET /xingrg/all/function/internal_message.html?_=1684809386327&CODE_STATE=getMsg HTTP/1.1" 200 27
116.238.139.35 - - [23/May/2023:10:37:50 +0800] "GET /xingrg/all/function/internal_message.html?_=1684809468326&CODE_STATE=getMsg HTTP/1.1" 200 27
180.164.3.199 - - [23/May/2023:10:37:50 +0800] "GET /xingrg/all/function/internal_message.html?_=1684809469535&CODE_STATE=getMsg HTTP/1.1" 200 27
172.20.0.100 - - [23/May/2023:10:37:50 +0800] "POST /xingrg/system/rest/edit_item.html HTTP/1.1" 200 32
172.20.0.100 - - [23/May/2023:10:37:50 +0800] "GET /xingrg/system/rest/get_item.html?table=cuxiao&code=d774b2faef4f4574b43a4b380275305f&_=1684809443262 HTTP/1.1" 200 305
114.85.97.46 - - [23/May/2023:10:37:51 +0800] "GET /xingrg/kc/base/wldb_order_add.html HTTP/1.1" 200 30377
114.85.97.46 - - [23/May/2023:10:37:51 +0800] "POST /xingrg/kc/base/wldb_order_operate.html HTTP/1.1" 200 6806
114.85.97.46 - - [23/May/2023:10:37:51 +0800] "GET /xingrg/javascript/easyui/themes/default/validatebox.css HTTP/1.1" 404 1104
172.20.0.100 - - [23/May/2023:10:37:52 +0800] "POST /xingrg/system/rest/edit_item.html HTTP/1.1" 200 52389
116.224.158.100 - - [23/May/2023:10:37:52 +0800] "GET /xingrg/all/function/internal_message.html?_=1684809305738&CODE_STATE=getMsg HTTP/1.1" 200 27
114.85.97.46 - - [23/May/2023:10:37:52 +0800] "POST /xingrg/all/common/load_combo.html?type=base HTTP/1.1" 200 3321
116.224.158.100 - - [23/May/2023:10:37:52 +0800] "GET /xingrg/check_reg.html?_=1684809305838 HTTP/1.1" 200 22
172.20.0.100 - - [23/May/2023:10:37:52 +0800] "GET /xingrg/system/rest/query_items.html?_=1684809444718&table=cuxiao&page=1&rows=10&key=&status=1 HTTP/1.1" 200 832
114.83.216.71 - - [23/May/2023:10:37:53 +0800] "GET /xingrg/all/function/internal_message.html?_=1684809471203&CODE_STATE=getMsg HTTP/1.1" 200 27
172.20.0.100 - - [23/May/2023:10:37:54 +0800] "GET /xingrg/all/function/internal_message.html?_=1684809446537&CODE_STATE=getMsg HTTP/1.1" 200 27
114.85.97.46 - - [23/May/2023:10:37:54 +0800] "POST /xingrg/all/common/load_combo.html?type=base HTTP/1.1" 200 3321
120.253.135.82 - - [23/May/2023:10:37:56 +0800] "GET /xingrg/login.html HTTP/1.1" 200 7641
120.253.135.82 - - [23/May/2023:10:37:56 +0800] "GET /favicon.ico HTTP/1.1" 404 -
120.253.135.82 - - [23/May/2023:10:37:59 +0800] "POST /xingrg/login.do HTTP/1.1" 302 -
120.253.135.82 - - [23/May/2023:10:37:59 +0800] "GET /xingrg/index.html?sysBaseUrl=http%3A%2F%2F180.169.147.146%3A18081%2Fxingrg%2F&costTime=859×tamp=1684809479677 HTTP/1.1" 200 17173
120.253.135.82 - - [23/May/2023:10:37:59 +0800] "GET /xingrg/javascript/jquery_easy_ui/themes/default/easyui.css HTTP/1.1" 304 -
120.253.135.82 - - [23/May/2023:10:37:59 +0800] "GET /xingrg/css/form.css HTTP/1.1" 304 -
120.253.135.82 - - [23/May/2023:10:37:59 +0800] "GET /xingrg/javascript/jquery.timers.js HTTP/1.1" 304 -
120.253.135.82 - - [23/May/2023:10:37:59 +0800] "GET /xingrg/javascript/jquery-1.4.2.min.js HTTP/1.1" 304 -
120.253.135.82 - - [23/May/2023:10:37:59 +0800] "GET /xingrg/javascript/jquery_easy_ui/themes/icon.css HTTP/1.1" 304 -
120.253.135.82 - - [23/May/2023:10:37:59 +0800] "GET /xingrg/javascript/jquery_easy_ui/easyui-lang-zh_CN.js HTTP/1.1" 304 -
120.253.135.82 - - [23/May/2023:10:37:59 +0800] "GET /xingrg/javascript/jquery_easy_ui/jquery.easyui.min.js HTTP/1.1" 304 -
120.253.135.82 - - [23/May/2023:10:37:59 +0800] "GET /xingrg/javascript/jquery.utils.js HTTP/1.1" 304 -
120.253.135.82 - - [23/May/2023:10:37:59 +0800] "GET /xingrg/javascript/jquery.form.js HTTP/1.1" 304 -
120.253.135.82 - - [23/May/2023:10:38:00 +0800] "GET /favicon.ico HTTP/1.1" 404 -
120.253.135.82 - - [23/May/2023:10:38:00 +0800] "GET /xingrg/all/function/internal_message.html?_=1684809316705&CODE_STATE=count HTTP/1.1" 200 11
120.253.135.82 - - [23/May/2023:10:38:00 +0800] "GET /xingrg/check_reg.html?_=1684809316706 HTTP/1.1" 200 22
120.253.135.82 - - [23/May/2023:10:38:00 +0800] "POST /xingrg/all/common/load_tree.html?tree=area_rest_tree_json&manage=1 HTTP/1.1" 200 344
120.253.135.82 - - [23/May/2023:10:38:00 +0800] "POST /xingrg/load_menu.html HTTP/1.1" 200 6743
222.67.238.82 - - [23/May/2023:10:38:01 +0800] "GET /xingrg/kc/buy/cgsh_order_operate.html?command=get_materiel&rest_code=00141&code=00102002361&supplier_code=00100384&order_time=2023-05-23 HTTP/1.1" 200 409
114.85.97.46 - - [23/May/2023:10:38:03 +0800] "GET /xingrg/kc/base/wldb_order_operate.html?command=get_materiel&rest_code=00102&base_code=0010476&code=00101019128 HTTP/1.1" 200 472
222.67.238.82 - - [23/May/2023:10:38:07 +0800] "GET /xingrg/all/function/internal_message.html?_=1684809000124&CODE_STATE=getMsg HTTP/1.1" 200 27
120.253.135.82 - - [23/May/2023:10:38:09 +0800] "GET /xingrg/kc/base/wlsy_order_list.html?syType=1 HTTP/1.1" 200 17218
120.253.135.82 - - [23/May/2023:10:38:09 +0800] "GET /xingrg/css/base.css HTTP/1.1" 304 -
120.253.135.82 - - [23/May/2023:10:38:09 +0800] "GET /xingrg/javascript/jquery_tools/datebox.css HTTP/1.1" 304 -
120.253.135.82 - - [23/May/2023:10:38:09 +0800] "GET /xingrg/css/site.css HTTP/1.1" 304 -
120.253.135.82 - - [23/May/2023:10:38:09 +0800] "GET /xingrg/javascript/auto/jquery.autocomplete.css HTTP/1.1" 304 -
120.253.135.82 - - [23/May/2023:10:38:09 +0800] "GET /xingrg/javascript/easyui/themes/default/easyui.css HTTP/1.1" 304 -
120.253.135.82 - - [23/May/2023:10:38:09 +0800] "GET /xingrg/javascript/jquery_tools/fix.css HTTP/1.1" 304 -
120.253.135.82 - - [23/May/2023:10:38:09 +0800] "GET /xingrg/javascript/jquery_tools/table.css HTTP/1.1" 304 -
120.253.135.82 - - [23/May/2023:10:38:09 +0800] "GET /xingrg/javascript/easyui/themes/icon.css HTTP/1.1" 304 -
120.253.135.82 - - [23/May/2023:10:38:09 +0800] "GET /xingrg/javascript/jquery_tools/jquery.tools.hotkey.js HTTP/1.1" 304 -
120.253.135.82 - - [23/May/2023:10:38:09 +0800] "GET /xingrg/javascript/jquery_tools/jquery.tools.table.js HTTP/1.1" 304 -
120.253.135.82 - - [23/May/2023:10:38:09 +0800] "GET /xingrg/javascript/jquery_tools/list_manager.js HTTP/1.1" 304 -
120.253.135.82 - - [23/May/2023:10:38:09 +0800] "GET /xingrg/javascript/auto/jquery.autocomplete.js HTTP/1.1" 304 -
120.253.135.82 - - [23/May/2023:10:38:09 +0800] "GET /xingrg/javascript/easyui/easyloader.js HTTP/1.1" 304 -
120.253.135.82 - - [23/May/2023:10:38:09 +0800] "GET /xingrg/javascript/jquery_tools/jquery.tools.extend.js HTTP/1.1" 304 -
120.253.135.82 - - [23/May/2023:10:38:09 +0800] "GET /xingrg/javascript/jquery_tools/jquery.tools.min.js HTTP/1.1" 304 -
120.253.135.82 - - [23/May/2023:10:38:09 +0800] "GET /xingrg/javascript/jquery.cookie.js HTTP/1.1" 304 -
120.253.135.82 - - [23/May/2023:10:38:09 +0800] "GET /xingrg/javascript/easyui/plugins/jquery.parser.js HTTP/1.1" 304 -
180.163.30.27 - - [23/May/2023:10:38:09 +0800] "GET /xingrg/check_reg.html?_=1684809423759 HTTP/1.1" 302 -
180.163.30.27 - - [23/May/2023:10:38:09 +0800] "GET /xingrg/login.html HTTP/1.1" 200 7641
120.253.135.82 - - [23/May/2023:10:38:09 +0800] "POST /xingrg/kc/base/wlsy_list_operate.html?syType=1 HTTP/1.1" 200 862
114.85.97.46 - - [23/May/2023:10:38:10 +0800] "GET /xingrg/kc/base/wldb_order_operate.html?command=get_materiel&rest_code=00102&base_code=0010476&code=00101019071 HTTP/1.1" 200 471
222.70.172.86 - - [23/May/2023:10:38:11 +0800] "GET /xingrg/all/function/internal_message.html?_=1684809496671&CODE_STATE=getMsg HTTP/1.1" 200 27
114.85.97.46 - - [23/May/2023:10:38:12 +0800] "GET /xingrg/all/function/internal_message.html?_=1684809492938&CODE_STATE=getMsg HTTP/1.1" 200 27
120.253.135.82 - - [23/May/2023:10:38:13 +0800] "GET /xingrg/kc/base/wlsy_order_add.html?syType=1 HTTP/1.1" 200 28586
120.253.135.82 - - [23/May/2023:10:38:13 +0800] "GET /xingrg/javascript/pic_change.js HTTP/1.1" 304 -
120.253.135.82 - - [23/May/2023:10:38:13 +0800] "GET /xingrg/javascript/jquery_tools/order_manager.js HTTP/1.1" 304 -
120.253.135.82 - - [23/May/2023:10:38:13 +0800] "GET /xingrg/javascript/json2.js HTTP/1.1" 304 -
120.253.135.82 - - [23/May/2023:10:38:13 +0800] "GET /xingrg/javascript/convert.js HTTP/1.1" 304 -
120.253.135.82 - - [23/May/2023:10:38:13 +0800] "GET /xingrg/words/20230521105100_words.js HTTP/1.1" 304 -
120.253.135.82 - - [23/May/2023:10:38:13 +0800] "POST /xingrg/kc/base/wlsy_order_operate.html HTTP/1.1" 200 6806
120.253.135.82 - - [23/May/2023:10:38:13 +0800] "GET /xingrg/all/common/auto_word.html?type=base&rest_code=00101 HTTP/1.1" 200 671
120.253.135.82 - - [23/May/2023:10:38:13 +0800] "GET /xingrg/javascript/easyui/themes/default/validatebox.css HTTP/1.1" 404 1104
120.253.135.82 - - [23/May/2023:10:38:13 +0800] "GET /xingrg/javascript/easyui/plugins/jquery.validatebox.js HTTP/1.1" 304 -
120.253.135.82 - - [23/May/2023:10:38:14 +0800] "GET /xingrg/javascript/easyui/plugins/jquery.numberbox.js HTTP/1.1" 304 -
120.253.135.82 - - [23/May/2023:10:38:15 +0800] "GET /xingrg/javascript/auto/indicator.gif HTTP/1.1" 404 1066
114.85.97.46 - - [23/May/2023:10:38:16 +0800] "GET /xingrg/kc/base/wldb_order_operate.html?command=get_materiel&rest_code=00102&base_code=0010476&code=00101019438 HTTP/1.1" 200 462
180.169.147.146 - - [23/May/2023:10:38:17 +0800] "GET /xingrg/all/function/internal_message.html?_=1684809497668&CODE_STATE=getMsg HTTP/1.1" 200 27
180.171.121.39 - - [23/May/2023:10:38:19 +0800] "GET /xingrg/all/function/internal_message.html?_=1684809498748&CODE_STATE=getMsg HTTP/1.1" 200 27
222.69.129.217 - - [23/May/2023:10:38:20 +0800] "GET /xingrg/check_reg.html?_=1684809598028 HTTP/1.1" 200 22
222.69.129.217 - - [23/May/2023:10:38:20 +0800] "GET /xingrg/all/function/internal_message.html?_=1684809598031&CODE_STATE=getMsg HTTP/1.1" 200 27
120.253.135.82 - - [23/May/2023:10:38:21 +0800] "GET /xingrg/javascript/easyui/plugins/jquery.draggable.js HTTP/1.1" 304 -
120.253.135.82 - - [23/May/2023:10:38:21 +0800] "GET /xingrg/javascript/easyui/plugins/jquery.droppable.js HTTP/1.1" 304 -
120.253.135.82 - - [23/May/2023:10:38:21 +0800] "GET /xingrg/javascript/easyui/plugins/jquery.tree.js HTTP/1.1" 304 -
120.253.135.82 - - [23/May/2023:10:38:21 +0800] "GET /xingrg/javascript/easyui/themes/default/tree.css HTTP/1.1" 404 1090
120.253.135.82 - - [23/May/2023:10:38:21 +0800] "POST /xingrg/all/common/load_tree.html?tree=employee_tree_json HTTP/1.1" 200 25571
114.85.97.46 - - [23/May/2023:10:38:21 +0800] "GET /xingrg/kc/base/wldb_order_operate.html?command=get_materiel&rest_code=00102&base_code=0010476&code=00101019108 HTTP/1.1" 200 477
172.20.0.100 - - [23/May/2023:10:38:21 +0800] "GET /xingrg/all/function/internal_message.html?_=1684809505659&CODE_STATE=getMsg HTTP/1.1" 302 -
120.253.135.82 - - [23/May/2023:10:38:22 +0800] "GET /xingrg/javascript/easyui/themes/default/images/tree_arrows.gif HTTP/1.1" 304 -
120.253.135.82 - - [23/May/2023:10:38:22 +0800] "GET /xingrg/javascript/easyui/themes/default/images/tree_folder_open.gif HTTP/1.1" 304 -
120.253.135.82 - - [23/May/2023:10:38:22 +0800] "GET /xingrg/javascript/easyui/themes/icons/areas.png HTTP/1.1" 304 -
120.253.135.82 - - [23/May/2023:10:38:22 +0800] "GET /xingrg/javascript/easyui/themes/icons/rest.png HTTP/1.1" 304 -
120.253.135.82 - - [23/May/2023:10:38:22 +0800] "GET /xingrg/javascript/easyui/themes/icons/accept_new.png HTTP/1.1" 304 -
180.169.147.146 - - [23/May/2023:10:38:24 +0800] "GET /xingrg/all/function/internal_message.html?_=1684809505142&CODE_STATE=getMsg HTTP/1.1" 200 27
116.237.79.115 - - [23/May/2023:10:38:29 +0800] "GET /xingrg/all/function/internal_message.html?_=1684809503173&CODE_STATE=getMsg HTTP/1.1" 200 27
114.85.97.46 - - [23/May/2023:10:38:31 +0800] "GET /xingrg/kc/base/wldb_order_operate.html?command=get_materiel&rest_code=00102&base_code=0010476&code=00101019238 HTTP/1.1" 200 467
222.70.172.86 - - [23/May/2023:10:38:32 +0800] "POST /xingrg/kc/buy/cgsh_order_operate.html HTTP/1.1" 200 2065
114.85.97.46 - - [23/May/2023:10:38:35 +0800] "GET /xingrg/kc/base/wldb_order_operate.html?command=get_materiel&rest_code=00102&base_code=0010476&code=00101019184 HTTP/1.1" 200 456
120.253.135.82 - - [23/May/2023:10:38:40 +0800] "GET /xingrg/kc/base/wlsy_order_operate.html?command=get_materiel&rest_code=00101&base_code=0010250&code=00102002831 HTTP/1.1" 200 437
114.85.97.46 - - [23/May/2023:10:38:40 +0800] "GET /xingrg/kc/base/wldb_order_operate.html?command=get_materiel&rest_code=00102&base_code=0010476&code=00101019015 HTTP/1.1" 200 450
222.70.172.86 - - [23/May/2023:10:38:43 +0800] "GET /xingrg/kc/buy/cgsh_order_operate.html?command=get_materiel&rest_code=00146&code=00101009044&supplier_code=00100005&order_time=2023-05-23 HTTP/1.1" 200 413
116.238.139.35 - - [23/May/2023:10:38:49 +0800] "GET /xingrg/all/function/internal_message.html?_=1684809446341&CODE_STATE=getMsg HTTP/1.1" 200 27
116.238.139.35 - - [23/May/2023:10:38:50 +0800] "GET /xingrg/all/function/internal_message.html?_=1684809528326&CODE_STATE=getMsg HTTP/1.1" 200 27
116.238.139.35 - - [23/May/2023:10:38:50 +0800] "GET /xingrg/check_reg.html?_=1684809528329 HTTP/1.1" 200 22
180.164.3.199 - - [23/May/2023:10:38:50 +0800] "GET /xingrg/all/function/internal_message.html?_=1684809529525&CODE_STATE=getMsg HTTP/1.1" 200 27
116.224.158.100 - - [23/May/2023:10:38:52 +0800] "GET /xingrg/all/function/internal_message.html?_=1684809365718&CODE_STATE=getMsg HTTP/1.1" 200 27
114.83.216.71 - - [23/May/2023:10:38:53 +0800] "GET /xingrg/all/function/internal_message.html?_=1684809531204&CODE_STATE=getMsg HTTP/1.1" 200 27
172.20.0.100 - - [23/May/2023:10:38:54 +0800] "GET /xingrg/all/function/internal_message.html?_=1684809506564&CODE_STATE=getMsg HTTP/1.1" 200 27
222.70.172.86 - - [23/May/2023:10:38:56 +0800] "GET /xingrg/kc/buy/cgsh_order_operate.html?command=get_materiel&rest_code=00146&code=00101009079&supplier_code=00100005&order_time=2023-05-23 HTTP/1.1" 200 409
120.253.135.82 - - [23/May/2023:10:39:00 +0800] "GET /xingrg/all/function/internal_message.html?_=1684809376711&CODE_STATE=getMsg HTTP/1.1" 200 27
114.85.97.46 - - [23/May/2023:10:39:05 +0800] "POST /xingrg/kc/base/wldb_order_operate.html HTTP/1.1" 200 37
222.67.238.82 - - [23/May/2023:10:39:07 +0800] "GET /xingrg/all/function/internal_message.html?_=1684809060161&CODE_STATE=getMsg HTTP/1.1" 200 27
222.67.238.82 - - [23/May/2023:10:39:09 +0800] "GET /xingrg/check_reg.html?_=1684809061678 HTTP/1.1" 200 22
222.70.172.86 - - [23/May/2023:10:39:09 +0800] "GET /xingrg/kc/buy/cgsh_order_operate.html?command=get_materiel&rest_code=00146&code=00101009004&supplier_code=00100005&order_time=2023-05-23 HTTP/1.1" 200 409
222.70.172.86 - - [23/May/2023:10:39:11 +0800] "GET /xingrg/all/function/internal_message.html?_=1684809556688&CODE_STATE=getMsg HTTP/1.1" 200 27
114.85.97.46 - - [23/May/2023:10:39:12 +0800] "GET /xingrg/all/function/internal_message.html?_=1684809552933&CODE_STATE=getMsg HTTP/1.1" 200 27
114.85.97.46 - - [23/May/2023:10:39:14 +0800] "POST /xingrg/kc/base/wldb_order_operate.html HTTP/1.1" 200 12
114.85.97.46 - - [23/May/2023:10:39:14 +0800] "POST /xingrg/kc/base/wldb_order_operate.html HTTP/1.1" 200 5695
114.85.97.46 - - [23/May/2023:10:39:16 +0800] "GET /xingrg/kc/base/wldb_order_info.html?code=422023052301832 HTTP/1.1" 200 26254
114.85.97.46 - - [23/May/2023:10:39:16 +0800] "GET /xingrg/javascript/easyui/themes/default/validatebox.css HTTP/1.1" 404 1104
114.85.97.46 - - [23/May/2023:10:39:16 +0800] "POST /xingrg/kc/base/wldb_order_operate.html HTTP/1.1" 200 3910
180.169.147.146 - - [23/May/2023:10:39:17 +0800] "GET /xingrg/all/function/internal_message.html?_=1684809557677&CODE_STATE=getMsg HTTP/1.1" 200 27
180.171.121.39 - - [23/May/2023:10:39:19 +0800] "GET /xingrg/all/function/internal_message.html?_=1684809558741&CODE_STATE=getMsg HTTP/1.1" 200 27
116.232.195.127 - - [23/May/2023:10:39:20 +0800] "GET /xingrg/check_reg.html?_=1684809600617 HTTP/1.1" 200 22
222.69.129.217 - - [23/May/2023:10:39:20 +0800] "GET /xingrg/all/function/internal_message.html?_=1684809658022&CODE_STATE=getMsg HTTP/1.1" 200 27
172.20.0.100 - - [23/May/2023:10:39:21 +0800] "GET /xingrg/all/function/internal_message.html?_=1684809565658&CODE_STATE=getMsg HTTP/1.1" 302 -
180.164.3.199 - - [23/May/2023:10:39:24 +0800] "GET /xingrg/check_reg.html?_=1684809562869 HTTP/1.1" 200 22
180.169.147.146 - - [23/May/2023:10:39:24 +0800] "GET /xingrg/check_reg.html?_=1684809565154 HTTP/1.1" 200 22
180.169.147.146 - - [23/May/2023:10:39:24 +0800] "GET /xingrg/all/function/internal_message.html?_=1684809565156&CODE_STATE=getMsg HTTP/1.1" 200 27
222.70.172.86 - - [23/May/2023:10:39:25 +0800] "GET /xingrg/kc/buy/cgsh_order_operate.html?command=get_materiel&rest_code=00146&code=00101008095&supplier_code=00100005&order_time=2023-05-23 HTTP/1.1" 200 412
218.81.65.10 - - [23/May/2023:10:39:27 +0800] "GET /xingrg/check_reg.html?_=1684809566092 HTTP/1.1" 200 22
180.163.29.206 - - [23/May/2023:10:39:29 +0800] "GET /xingrg/all/function/internal_message.html?_=1684809503173&CODE_STATE=getMsg HTTP/1.1" 302 -
180.163.29.206 - - [23/May/2023:10:39:29 +0800] "GET /xingrg/login.html HTTP/1.1" 200 7641
116.237.79.115 - - [23/May/2023:10:39:29 +0800] "GET /xingrg/all/function/internal_message.html?_=1684809563158&CODE_STATE=getMsg HTTP/1.1" 200 27
180.171.121.39 - - [23/May/2023:10:39:33 +0800] "GET /xingrg/check_reg.html?_=1684809716594 HTTP/1.1" 200 22
120.253.135.82 - - [23/May/2023:10:39:34 +0800] "POST /xingrg/kc/base/wlsy_order_operate.html HTTP/1.1" 200 37
120.253.135.82 - - [23/May/2023:10:39:34 +0800] "POST /xingrg/kc/base/wlsy_order_operate.html HTTP/1.1" 200 2164
120.253.135.82 - - [23/May/2023:10:39:36 +0800] "POST /xingrg/kc/base/wlsy_list_operate.html?syType=1 HTTP/1.1" 200 1675
222.70.172.86 - - [23/May/2023:10:39:46 +0800] "GET /xingrg/kc/buy/cgsh_order_operate.html?command=get_materiel&rest_code=00146&code=00101008110&supplier_code=00100005&order_time=2023-05-23 HTTP/1.1" 200 408
116.238.139.35 - - [23/May/2023:10:39:50 +0800] "GET /xingrg/all/function/internal_message.html?_=1684809506395&CODE_STATE=getMsg HTTP/1.1" 200 27
116.238.139.35 - - [23/May/2023:10:39:50 +0800] "GET /xingrg/all/function/internal_message.html?_=1684809588328&CODE_STATE=getMsg HTTP/1.1" 200 27
120.253.135.82 - - [23/May/2023:10:39:50 +0800] "POST /xingrg/kc/base/wlsy_list_operate.html?syType=1 HTTP/1.1" 200 206
180.164.3.199 - - [23/May/2023:10:39:50 +0800] "GET /xingrg/all/function/internal_message.html?_=1684809589537&CODE_STATE=getMsg HTTP/1.1" 200 27
222.70.172.86 - - [23/May/2023:10:39:51 +0800] "POST /xingrg/kc/buy/cgsh_order_operate.html HTTP/1.1" 200 2065
120.253.135.82 - - [23/May/2023:10:39:51 +0800] "GET /xingrg/kc/base/wlsy_order_info.html?code=412023052300008 HTTP/1.1" 200 28681
116.224.158.100 - - [23/May/2023:10:39:52 +0800] "GET /xingrg/all/function/internal_message.html?_=1684809425697&CODE_STATE=getMsg HTTP/1.1" 200 27
120.253.135.82 - - [23/May/2023:10:39:52 +0800] "GET /xingrg/javascript/easyui/themes/default/validatebox.css HTTP/1.1" 404 1104
120.253.135.82 - - [23/May/2023:10:39:52 +0800] "POST /xingrg/kc/base/wlsy_order_operate.html HTTP/1.1" 200 2164
114.83.216.71 - - [23/May/2023:10:39:53 +0800] "GET /xingrg/all/function/internal_message.html?_=1684809591217&CODE_STATE=getMsg HTTP/1.1" 200 27
114.83.216.71 - - [23/May/2023:10:39:53 +0800] "GET /xingrg/check_reg.html?_=1684809591220 HTTP/1.1" 200 22
172.20.0.100 - - [23/May/2023:10:39:54 +0800] "GET /xingrg/check_reg.html?_=1684809566565 HTTP/1.1" 200 22
172.20.0.100 - - [23/May/2023:10:39:54 +0800] "GET /xingrg/all/function/internal_message.html?_=1684809566569&CODE_STATE=getMsg HTTP/1.1" 200 27
120.253.135.82 - - [23/May/2023:10:40:00 +0800] "GET /xingrg/all/function/internal_message.html?_=1684809436725&CODE_STATE=getMsg HTTP/1.1" 200 27
120.253.135.82 - - [23/May/2023:10:40:00 +0800] "POST /xingrg/kc/base/wlsy_order_operate.html HTTP/1.1" 200 37
120.253.135.82 - - [23/May/2023:10:40:00 +0800] "POST /xingrg/kc/base/wlsy_order_operate.html HTTP/1.1" 200 2164
222.70.172.86 - - [23/May/2023:10:40:03 +0800] "GET /xingrg/kc/buy/cgsh_order_operate.html?command=get_materiel&rest_code=00146&code=00101013114&supplier_code=00100005&order_time=2023-05-23 HTTP/1.1" 200 409
120.253.135.82 - - [23/May/2023:10:40:04 +0800] "POST /xingrg/kc/base/wlsy_order_operate.html HTTP/1.1" 200 12
222.67.238.82 - - [23/May/2023:10:40:04 +0800] "GET /xingrg/kc/buy/cgsh_order_operate.html?command=get_materiel&rest_code=00141&code=00102002293&supplier_code=00100384&order_time=2023-05-23 HTTP/1.1" 200 412
222.67.238.82 - - [23/May/2023:10:40:07 +0800] "GET /xingrg/all/function/internal_message.html?_=1684809120121&CODE_STATE=getMsg HTTP/1.1" 200 27
120.253.135.82 - - [23/May/2023:10:40:08 +0800] "POST /xingrg/kc/base/wlsy_list_operate.html?syType=1 HTTP/1.1" 200 862
222.70.172.86 - - [23/May/2023:10:40:10 +0800] "GET /xingrg/check_reg.html?_=1684809616419 HTTP/1.1" 200 22
222.70.172.86 - - [23/May/2023:10:40:11 +0800] "GET /xingrg/all/function/internal_message.html?_=1684809616700&CODE_STATE=getMsg HTTP/1.1" 200 27
116.224.158.100 - - [23/May/2023:10:40:11 +0800] "GET /xingrg/check_reg.html?_=1684809612873 HTTP/1.1" 200 22
114.85.97.46 - - [23/May/2023:10:40:12 +0800] "GET /xingrg/all/function/internal_message.html?_=1684809612936&CODE_STATE=getMsg HTTP/1.1" 200 27
114.85.97.46 - - [23/May/2023:10:40:12 +0800] "GET /xingrg/check_reg.html?_=1684809612937 HTTP/1.1" 200 22
120.253.135.82 - - [23/May/2023:10:40:16 +0800] "GET /xingrg/kc/pszx/mdqp_order_list.html?state=10 HTTP/1.1" 200 10275
120.253.135.82 - - [23/May/2023:10:40:16 +0800] "GET /xingrg/css/blue.css HTTP/1.1" 304 -
120.253.135.82 - - [23/May/2023:10:40:16 +0800] "GET /xingrg/dwr/interface/AjaxQqpsService.js HTTP/1.1" 200 16326
120.253.135.82 - - [23/May/2023:10:40:16 +0800] "GET /xingrg/dwr/util.js HTTP/1.1" 304 -
120.253.135.82 - - [23/May/2023:10:40:16 +0800] "GET /xingrg/dwr/interface/AjaxReportQueryService.js HTTP/1.1" 200 13203
120.253.135.82 - - [23/May/2023:10:40:16 +0800] "GET /xingrg/dwr/engine.js HTTP/1.1" 200 43631
120.253.135.82 - - [23/May/2023:10:40:16 +0800] "GET /xingrg/javascript/myfunction.js HTTP/1.1" 304 -
120.253.135.82 - - [23/May/2023:10:40:16 +0800] "GET /xingrg/javascript/Calendar.js HTTP/1.1" 304 -
222.67.238.82 - - [23/May/2023:10:40:16 +0800] "GET /xingrg/kc/buy/cgsh_order_operate.html?command=get_materiel&rest_code=00141&code=00102002130&supplier_code=00100384&order_time=2023-05-23 HTTP/1.1" 200 408
180.169.147.146 - - [23/May/2023:10:40:17 +0800] "GET /xingrg/all/function/internal_message.html?_=1684809617673&CODE_STATE=getMsg HTTP/1.1" 200 27
120.253.135.82 - - [23/May/2023:10:40:18 +0800] "GET /xingrg/javascript/print/LodopFuncs.js HTTP/1.1" 304 -
120.253.135.82 - - [23/May/2023:10:40:18 +0800] "GET /xingrg/kc/pszx/mdps_order_list.html?orderType=0 HTTP/1.1" 200 21032
120.253.135.82 - - [23/May/2023:10:40:19 +0800] "POST /xingrg/kc/pszx/mdps_list_operate.html HTTP/1.1" 200 5319
180.171.121.39 - - [23/May/2023:10:40:19 +0800] "GET /xingrg/all/function/internal_message.html?_=1684809618738&CODE_STATE=getMsg HTTP/1.1" 200 27
222.69.129.217 - - [23/May/2023:10:40:20 +0800] "GET /xingrg/all/function/internal_message.html?_=1684809718017&CODE_STATE=getMsg HTTP/1.1" 200 27
172.20.0.100 - - [23/May/2023:10:40:21 +0800] "GET /xingrg/check_reg.html?_=1684809625682 HTTP/1.1" 302 -
172.20.0.100 - - [23/May/2023:10:40:21 +0800] "GET /xingrg/all/function/internal_message.html?_=1684809625683&CODE_STATE=getMsg HTTP/1.1" 302 -
180.169.147.146 - - [23/May/2023:10:40:24 +0800] "GET /xingrg/all/function/internal_message.html?_=1684809625148&CODE_STATE=getMsg HTTP/1.1" 200 27
120.253.135.82 - - [23/May/2023:10:40:26 +0800] "POST /xingrg/kc/pszx/mdps_list_operate.html HTTP/1.1" 200 4290
222.70.172.86 - - [23/May/2023:10:40:27 +0800] "GET /xingrg/kc/buy/cgsh_order_operate.html?command=get_materiel&rest_code=00146&code=00101009011&supplier_code=00100005&order_time=2023-05-23 HTTP/1.1" 200 416
120.253.135.82 - - [23/May/2023:10:40:29 +0800] "POST /xingrg/kc/pszx/mdps_list_operate.html HTTP/1.1" 200 206
116.237.79.115 - - [23/May/2023:10:40:29 +0800] "GET /xingrg/all/function/internal_message.html?_=1684809623144&CODE_STATE=getMsg HTTP/1.1" 200 27
180.163.29.219 - - [23/May/2023:10:40:29 +0800] "GET /xingrg/all/function/internal_message.html?_=1684809563158&CODE_STATE=getMsg HTTP/1.1" 302 -
180.163.29.219 - - [23/May/2023:10:40:29 +0800] "GET /xingrg/login.html HTTP/1.1" 200 7641
120.253.135.82 - - [23/May/2023:10:40:32 +0800] "GET /xingrg/kc/pszx/mdps_order_info.html?code=312023052300498 HTTP/1.1" 200 23978
120.253.135.82 - - [23/May/2023:10:40:32 +0800] "GET /xingrg/javascript/print/kc_print.js HTTP/1.1" 304 -
120.253.135.82 - - [23/May/2023:10:40:32 +0800] "GET /xingrg/javascript/easyui/themes/default/validatebox.css HTTP/1.1" 404 1104
120.253.135.82 - - [23/May/2023:10:40:33 +0800] "POST /xingrg/kc/pszx/mdps_order_operate.html HTTP/1.1" 200 2286
222.67.238.82 - - [23/May/2023:10:40:33 +0800] "POST /xingrg/kc/buy/cgsh_order_operate.html HTTP/1.1" 200 2065
120.253.135.82 - - [23/May/2023:10:40:38 +0800] "POST /xingrg/kc/pszx/mdps_list_operate.html HTTP/1.1" 200 208
120.253.135.82 - - [23/May/2023:10:40:39 +0800] "GET /xingrg/kc/pszx/mdps_order_info.html?code=312023052300499 HTTP/1.1" 200 23978
120.253.135.82 - - [23/May/2023:10:40:40 +0800] "GET /xingrg/javascript/easyui/themes/default/validatebox.css HTTP/1.1" 404 1104
120.253.135.82 - - [23/May/2023:10:40:40 +0800] "POST /xingrg/kc/pszx/mdps_order_operate.html HTTP/1.1" 200 2291
222.70.172.86 - - [23/May/2023:10:40:45 +0800] "GET /xingrg/kc/buy/cgsh_order_operate.html?command=get_materiel&rest_code=00146&code=00101009015&supplier_code=00100005&order_time=2023-05-23 HTTP/1.1" 200 416
222.67.238.82 - - [23/May/2023:10:40:45 +0800] "GET /xingrg/kc/buy/cgsh_order_operate.html?command=get_materiel&rest_code=00141&code=00102011247&supplier_code=00100384&order_time=2023-05-23 HTTP/1.1" 200 409
114.85.97.46 - - [23/May/2023:10:40:48 +0800] "GET /xingrg/kc/base/wldb_order_add.html HTTP/1.1" 200 30377
114.85.97.46 - - [23/May/2023:10:40:48 +0800] "POST /xingrg/kc/base/wldb_order_operate.html HTTP/1.1" 200 6806
114.85.97.46 - - [23/May/2023:10:40:48 +0800] "GET /xingrg/javascript/easyui/themes/default/validatebox.css HTTP/1.1" 404 1104
116.238.139.35 - - [23/May/2023:10:40:50 +0800] "GET /xingrg/all/function/internal_message.html?_=1684809566398&CODE_STATE=getMsg HTTP/1.1" 200 27
116.238.139.35 - - [23/May/2023:10:40:50 +0800] "GET /xingrg/all/function/internal_message.html?_=1684809648329&CODE_STATE=getMsg HTTP/1.1" 200 27
114.85.97.46 - - [23/May/2023:10:40:50 +0800] "POST /xingrg/all/common/load_combo.html?type=base HTTP/1.1" 200 3321
180.164.3.199 - - [23/May/2023:10:40:50 +0800] "GET /xingrg/check_reg.html?_=1684809649536 HTTP/1.1" 200 22
180.164.3.199 - - [23/May/2023:10:40:50 +0800] "GET /xingrg/all/function/internal_message.html?_=1684809649539&CODE_STATE=getMsg HTTP/1.1" 200 27
116.224.158.100 - - [23/May/2023:10:40:52 +0800] "GET /xingrg/all/function/internal_message.html?_=1684809485670&CODE_STATE=getMsg HTTP/1.1" 200 27
114.83.216.71 - - [23/May/2023:10:40:53 +0800] "GET /xingrg/all/function/internal_message.html?_=1684809651222&CODE_STATE=getMsg HTTP/1.1" 200 27
114.85.97.46 - - [23/May/2023:10:40:53 +0800] "POST /xingrg/all/common/load_combo.html?type=base HTTP/1.1" 200 3321
172.20.0.100 - - [23/May/2023:10:40:54 +0800] "GET /xingrg/all/function/internal_message.html?_=1684809626562&CODE_STATE=getMsg HTTP/1.1" 200 27
114.85.97.46 - - [23/May/2023:10:40:59 +0800] "GET /xingrg/kc/base/wldb_order_operate.html?command=get_materiel&rest_code=00102&base_code=0010476&code=00101019400 HTTP/1.1" 200 464
120.253.135.82 - - [23/May/2023:10:41:00 +0800] "GET /xingrg/all/function/internal_message.html?_=1684809496738&CODE_STATE=getMsg HTTP/1.1" 200 27
114.85.97.46 - - [23/May/2023:10:41:05 +0800] "GET /xingrg/kc/base/wldb_order_operate.html?command=get_materiel&rest_code=00102&base_code=0010476&code=00101019183 HTTP/1.1" 200 448
222.67.238.82 - - [23/May/2023:10:41:07 +0800] "GET /xingrg/all/function/internal_message.html?_=1684809180030&CODE_STATE=getMsg HTTP/1.1" 200 27
222.70.172.86 - - [23/May/2023:10:41:11 +0800] "GET /xingrg/all/function/internal_message.html?_=1684809676714&CODE_STATE=getMsg HTTP/1.1" 200 27
114.85.97.46 - - [23/May/2023:10:41:12 +0800] "GET /xingrg/all/function/internal_message.html?_=1684809672933&CODE_STATE=getMsg HTTP/1.1" 200 27
222.67.238.82 - - [23/May/2023:10:41:13 +0800] "GET /xingrg/kc/buy/cgsh_order_operate.html?command=get_materiel&rest_code=00141&code=00102009501&supplier_code=00100384&order_time=2023-05-23 HTTP/1.1" 200 420
180.169.147.146 - - [23/May/2023:10:41:17 +0800] "GET /xingrg/all/function/internal_message.html?_=1684809677668&CODE_STATE=getMsg HTTP/1.1" 200 27
180.171.121.39 - - [23/May/2023:10:41:19 +0800] "GET /xingrg/all/function/internal_message.html?_=1684809678723&CODE_STATE=getMsg HTTP/1.1" 200 27
222.69.129.217 - - [23/May/2023:10:41:20 +0800] "GET /xingrg/all/function/internal_message.html?_=1684809778026&CODE_STATE=getMsg HTTP/1.1" 200 27
172.20.0.100 - - [23/May/2023:10:41:21 +0800] "GET /xingrg/all/function/internal_message.html?_=1684809685682&CODE_STATE=getMsg HTTP/1.1" 302 -
222.70.172.86 - - [23/May/2023:10:41:23 +0800] "GET /xingrg/kc/buy/cgsh_order_operate.html?command=get_materiel&rest_code=00146&code=00101020397&supplier_code=00100005&order_time=2023-05-23 HTTP/1.1" 200 412
180.169.147.146 - - [23/May/2023:10:41:24 +0800] "GET /xingrg/all/function/internal_message.html?_=1684809685147&CODE_STATE=getMsg HTTP/1.1" 200 27
116.237.79.115 - - [23/May/2023:10:41:29 +0800] "GET /xingrg/all/function/internal_message.html?_=1684809683116&CODE_STATE=getMsg HTTP/1.1" 200 27
114.85.97.46 - - [23/May/2023:10:41:29 +0800] "POST /xingrg/kc/base/wldb_order_operate.html HTTP/1.1" 200 37
114.85.97.46 - - [23/May/2023:10:41:38 +0800] "POST /xingrg/kc/base/wldb_order_operate.html HTTP/1.1" 200 12
114.85.97.46 - - [23/May/2023:10:41:38 +0800] "POST /xingrg/kc/base/wldb_order_operate.html HTTP/1.1" 200 2689
114.85.97.46 - - [23/May/2023:10:41:40 +0800] "GET /xingrg/kc/base/wldb_order_info.html?code=422023052301833 HTTP/1.1" 200 26253
114.85.97.46 - - [23/May/2023:10:41:40 +0800] "GET /xingrg/javascript/easyui/themes/default/validatebox.css HTTP/1.1" 404 1104
114.85.97.46 - - [23/May/2023:10:41:40 +0800] "POST /xingrg/kc/base/wldb_order_operate.html HTTP/1.1" 200 973
114.85.97.46 - - [23/May/2023:10:41:42 +0800] "GET /xingrg/kc/base/wldb_order_add.html HTTP/1.1" 200 30377
114.85.97.46 - - [23/May/2023:10:41:43 +0800] "POST /xingrg/kc/base/wldb_order_operate.html HTTP/1.1" 200 6806
114.85.97.46 - - [23/May/2023:10:41:43 +0800] "GET /xingrg/javascript/easyui/themes/default/validatebox.css HTTP/1.1" 404 1104
180.169.147.146 - - [23/May/2023:10:41:46 +0800] "GET /xingrg/login.html HTTP/1.1" 200 7641
114.85.97.46 - - [23/May/2023:10:41:47 +0800] "POST /xingrg/all/common/load_combo.html?type=base HTTP/1.1" 200 3321
116.238.139.35 - - [23/May/2023:10:41:49 +0800] "GET /xingrg/check_reg.html?_=1684809625704 HTTP/1.1" 200 22
180.169.147.146 - - [23/May/2023:10:41:49 +0800] "GET /favicon.ico HTTP/1.1" 404 -
116.238.139.35 - - [23/May/2023:10:41:50 +0800] "GET /xingrg/all/function/internal_message.html?_=1684809626412&CODE_STATE=getMsg HTTP/1.1" 200 27
116.238.139.35 - - [23/May/2023:10:41:50 +0800] "GET /xingrg/all/function/internal_message.html?_=1684809708330&CODE_STATE=getMsg HTTP/1.1" 200 27
180.164.3.199 - - [23/May/2023:10:41:50 +0800] "GET /xingrg/all/function/internal_message.html?_=1684809709534&CODE_STATE=getMsg HTTP/1.1" 200 27
116.224.158.100 - - [23/May/2023:10:41:52 +0800] "GET /xingrg/all/function/internal_message.html?_=1684809545654&CODE_STATE=getMsg HTTP/1.1" 200 27
114.83.216.71 - - [23/May/2023:10:41:53 +0800] "GET /xingrg/all/function/internal_message.html?_=1684809711222&CODE_STATE=getMsg HTTP/1.1" 200 27
172.20.0.100 - - [23/May/2023:10:41:54 +0800] "GET /xingrg/all/function/internal_message.html?_=1684809686562&CODE_STATE=getMsg HTTP/1.1" 200 27
114.85.97.46 - - [23/May/2023:10:41:56 +0800] "POST /xingrg/all/common/load_combo.html?type=base HTTP/1.1" 200 3321
120.253.135.82 - - [23/May/2023:10:42:00 +0800] "GET /xingrg/all/function/internal_message.html?_=1684809556752&CODE_STATE=getMsg HTTP/1.1" 200 27
222.70.172.86 - - [23/May/2023:10:42:04 +0800] "POST /xingrg/kc/buy/cgsh_order_operate.html HTTP/1.1" 200 37
222.67.238.82 - - [23/May/2023:10:42:07 +0800] "GET /xingrg/all/function/internal_message.html?_=1684809240064&CODE_STATE=getMsg HTTP/1.1" 200 27
222.67.238.82 - - [23/May/2023:10:42:09 +0800] "POST /xingrg/kc/buy/cgsh_order_operate.html HTTP/1.1" 200 88
116.237.79.115 - - [23/May/2023:10:42:09 +0800] "GET /xingrg/check_reg.html?_=1684809723761 HTTP/1.1" 200 22
222.70.172.86 - - [23/May/2023:10:42:12 +0800] "POST /xingrg/kc/buy/cgsh_order_operate.html HTTP/1.1" 200 26910
114.85.97.46 - - [23/May/2023:10:42:12 +0800] "GET /xingrg/all/function/internal_message.html?_=1684809732934&CODE_STATE=getMsg HTTP/1.1" 200 27
114.85.97.46 - - [23/May/2023:10:42:14 +0800] "GET /xingrg/kc/base/wldb_order_operate.html?command=get_materiel&rest_code=00102&base_code=0010476&code=00101019195 HTTP/1.1" 200 472
222.70.172.86 - - [23/May/2023:10:42:14 +0800] "GET /xingrg/all/function/internal_message.html?_=1684809740530&CODE_STATE=getMsg HTTP/1.1" 200 27
222.70.172.86 - - [23/May/2023:10:42:15 +0800] "GET /xingrg/kc/print/load_config.html?kc_code=cgsh HTTP/1.1" 200 1924
222.70.172.86 - - [23/May/2023:10:42:15 +0800] "GET /xingrg/kc/print/load_data.html?order_code=212023052308501&kc_code=cgsh&condition= HTTP/1.1" 200 9894
180.169.147.146 - - [23/May/2023:10:42:17 +0800] "GET /xingrg/all/function/internal_message.html?_=1684809737686&CODE_STATE=getMsg HTTP/1.1" 200 27
180.169.147.146 - - [23/May/2023:10:42:17 +0800] "GET /xingrg/check_reg.html?_=1684809737689 HTTP/1.1" 200 22
180.171.121.39 - - [23/May/2023:10:42:19 +0800] "GET /xingrg/all/function/internal_message.html?_=1684809738718&CODE_STATE=getMsg HTTP/1.1" 200 27
120.253.135.82 - - [23/May/2023:10:42:19 +0800] "POST /xingrg/kc/pszx/mdps_list_operate.html HTTP/1.1" 200 4290
180.171.121.39 - - [23/May/2023:10:42:20 +0800] "GET /xingrg/check_reg.html?_=1684809739611 HTTP/1.1" 200 22
222.69.129.217 - - [23/May/2023:10:42:20 +0800] "GET /xingrg/all/function/internal_message.html?_=1684809838026&CODE_STATE=getMsg HTTP/1.1" 200 27
172.20.0.100 - - [23/May/2023:10:42:21 +0800] "GET /xingrg/all/function/internal_message.html?_=1684809745675&CODE_STATE=getMsg HTTP/1.1" 302 -
114.85.97.46 - - [23/May/2023:10:42:24 +0800] "GET /xingrg/kc/base/wldb_order_operate.html?command=get_materiel&rest_code=00102&base_code=0010476&code=00101016029 HTTP/1.1" 200 460
180.169.147.146 - - [23/May/2023:10:42:24 +0800] "GET /xingrg/all/function/internal_message.html?_=1684809745148&CODE_STATE=getMsg HTTP/1.1" 200 27
180.169.147.146 - - [23/May/2023:10:42:26 +0800] "POST /xingrg/login.do HTTP/1.1" 302 -
180.169.147.146 - - [23/May/2023:10:42:26 +0800] "GET /xingrg/index.html?sysBaseUrl=http%3A%2F%2F180.169.147.146%3A18081%2Fxingrg%2F&costTime=1904×tamp=1684809746365 HTTP/1.1" 200 17503
180.169.147.146 - - [23/May/2023:10:42:26 +0800] "GET /favicon.ico HTTP/1.1" 404 -
180.169.147.146 - - [23/May/2023:10:42:27 +0800] "POST /xingrg/all/common/load_tree.html?tree=area_rest_tree_json&manage=1 HTTP/1.1" 200 3499
180.169.147.146 - - [23/May/2023:10:42:27 +0800] "GET /xingrg/all/function/internal_message.html?_=1684809744270&CODE_STATE=count HTTP/1.1" 200 11
180.169.147.146 - - [23/May/2023:10:42:27 +0800] "GET /xingrg/check_reg.html?_=1684809744271 HTTP/1.1" 200 22
180.169.147.146 - - [23/May/2023:10:42:27 +0800] "POST /xingrg/load_menu.html HTTP/1.1" 200 11443
222.67.238.82 - - [23/May/2023:10:42:28 +0800] "POST /xingrg/kc/buy/cgsh_order_operate.html HTTP/1.1" 200 37
120.253.135.82 - - [23/May/2023:10:42:28 +0800] "GET /xingrg/kc/base/wldb_order_list.html HTTP/1.1" 200 19098
114.85.97.46 - - [23/May/2023:10:42:29 +0800] "GET /xingrg/kc/base/wldb_order_operate.html?command=get_materiel&rest_code=00102&base_code=0010476&code=00101019127 HTTP/1.1" 200 479
61.151.231.107 - - [23/May/2023:10:42:29 +0800] "GET /xingrg/all/function/internal_message.html?_=1684809683116&CODE_STATE=getMsg HTTP/1.1" 302 -
61.151.231.107 - - [23/May/2023:10:42:29 +0800] "GET /xingrg/login.html HTTP/1.1" 200 7641
116.237.79.115 - - [23/May/2023:10:42:29 +0800] "GET /xingrg/all/function/internal_message.html?_=1684809743092&CODE_STATE=getMsg HTTP/1.1" 200 27
120.253.135.82 - - [23/May/2023:10:42:29 +0800] "POST /xingrg/kc/base/wldb_list_operate.html HTTP/1.1" 200 928
120.253.135.82 - - [23/May/2023:10:42:32 +0800] "GET /xingrg/kc/base/wldb_order_add.html HTTP/1.1" 200 30381
120.253.135.82 - - [23/May/2023:10:42:32 +0800] "POST /xingrg/kc/base/wldb_order_operate.html HTTP/1.1" 200 6806
120.253.135.82 - - [23/May/2023:10:42:32 +0800] "GET /xingrg/javascript/easyui/themes/default/validatebox.css HTTP/1.1" 404 1104
180.169.147.146 - - [23/May/2023:10:42:33 +0800] "POST /xingrg/all/user/operate.html HTTP/1.1" 200 36
180.169.147.146 - - [23/May/2023:10:42:33 +0800] "GET /xingrg/index.html?sysBaseUrl=http%3A%2F%2F180.169.147.146%3A18081%2Fxingrg%2F&costTime=1904×tamp=1684809746365 HTTP/1.1" 200 17509
