218.81.65.10 - - [23/May/2023:11:10:25 +0800] "GET /xingrg/javascript/jquery_easy_ui/themes/icons/settle_new.png HTTP/1.1" 304 -
218.81.65.10 - - [23/May/2023:11:10:25 +0800] "GET /xingrg/all/function/internal_message.html?_=1684811424713&CODE_STATE=count HTTP/1.1" 200 11
218.81.65.10 - - [23/May/2023:11:10:25 +0800] "GET /xingrg/check_reg.html?_=1684811424715 HTTP/1.1" 200 22
218.81.65.10 - - [23/May/2023:11:10:25 +0800] "GET /xingrg/javascript/jquery_easy_ui/themes/default/images/panel_tool_collapse.gif HTTP/1.1" 304 -
218.81.65.10 - - [23/May/2023:11:10:25 +0800] "GET /xingrg/javascript/jquery_easy_ui/themes/default/images/tabs_leftarrow.png HTTP/1.1" 304 -
218.81.65.10 - - [23/May/2023:11:10:25 +0800] "GET /xingrg/images/blue/pingpu.png HTTP/1.1" 304 -
218.81.65.10 - - [23/May/2023:11:10:25 +0800] "GET /xingrg/javascript/jquery_easy_ui/themes/default/images/tabs_rightarrow.png HTTP/1.1" 304 -
218.81.65.10 - - [23/May/2023:11:10:25 +0800] "POST /xingrg/all/common/load_tree.html?tree=area_rest_tree_json&manage=1 HTTP/1.1" 200 476
218.81.65.10 - - [23/May/2023:11:10:25 +0800] "POST /xingrg/load_menu.html HTTP/1.1" 200 5138
218.81.65.10 - - [23/May/2023:11:10:26 +0800] "GET /xingrg/kc/report/report_main.html HTTP/1.1" 200 7340
218.81.65.10 - - [23/May/2023:11:10:27 +0800] "GET /xingrg/all/report/report_query.html?fileName=kc/buy/wlcg_mx.xml HTTP/1.1" 200 51648
218.81.65.10 - - [23/May/2023:11:10:28 +0800] "GET /xingrg/dwr/interface/AjaxReportQueryService.js HTTP/1.1" 200 13203
218.81.65.10 - - [23/May/2023:11:10:28 +0800] "GET /xingrg/dwr/engine.js HTTP/1.1" 200 43631
180.163.28.143 - - [23/May/2023:11:10:28 +0800] "GET /xingrg/all/function/internal_message.html?_=1684811362592&CODE_STATE=getMsg HTTP/1.1" 302 -
180.163.28.143 - - [23/May/2023:11:10:28 +0800] "GET /xingrg/login.html HTTP/1.1" 200 7641
218.81.65.10 - - [23/May/2023:11:10:28 +0800] "POST /xingrg/dwr/call/plaincall/AjaxReportQueryService.getFixDate.dwr HTTP/1.1" 200 111
218.81.65.10 - - [23/May/2023:11:10:28 +0800] "POST /xingrg/dwr/call/plaincall/AjaxReportQueryService.getInitString.dwr HTTP/1.1" 200 34859
116.237.79.115 - - [23/May/2023:11:10:28 +0800] "GET /xingrg/all/function/internal_message.html?_=1684811422578&CODE_STATE=getMsg HTTP/1.1" 200 27
218.81.65.10 - - [23/May/2023:11:10:30 +0800] "POST /xingrg/dwr/call/plaincall/AjaxReportQueryService.getInitString.dwr HTTP/1.1" 200 1023
218.81.65.10 - - [23/May/2023:11:10:30 +0800] "POST /xingrg/dwr/call/plaincall/AjaxReportQueryService.getInitString.dwr HTTP/1.1" 200 125
180.169.147.146 - - [23/May/2023:11:10:34 +0800] "GET /xingrg/all/function/internal_message.html?_=1684811431025&CODE_STATE=getMsg HTTP/1.1" 200 27
218.81.65.10 - - [23/May/2023:11:10:35 +0800] "POST /xingrg/dwr/call/plaincall/AjaxReportQueryService.refreshCache.dwr HTTP/1.1" 200 78
218.81.65.10 - - [23/May/2023:11:10:41 +0800] "POST /xingrg/all/report/load_report_page.html HTTP/1.1" 200 53484
218.81.65.10 - - [23/May/2023:11:10:41 +0800] "GET /xingrg/images/blue/button/back2.gif HTTP/1.1" 200 1339
218.81.65.10 - - [23/May/2023:11:10:41 +0800] "GET /xingrg/images/blue/button/back.gif HTTP/1.1" 200 1352
218.81.65.10 - - [23/May/2023:11:10:41 +0800] "GET /xingrg/servlets/image?cache=0.9252682433562334&image=px HTTP/1.1" 200 807
218.81.65.10 - - [23/May/2023:11:10:45 +0800] "POST /xingrg/all/report/load_report_page.html HTTP/1.1" 200 53473
218.81.65.10 - - [23/May/2023:11:10:45 +0800] "GET /xingrg/images/blue/button/advance.gif HTTP/1.1" 200 1354
218.81.65.10 - - [23/May/2023:11:10:45 +0800] "GET /xingrg/images/blue/button/advance2.gif HTTP/1.1" 200 1338
218.81.65.10 - - [23/May/2023:11:10:45 +0800] "GET /xingrg/servlets/image?cache=0.842810752018601&image=px HTTP/1.1" 200 807
218.81.65.10 - - [23/May/2023:11:10:47 +0800] "POST /xingrg/all/report/load_report_page.html HTTP/1.1" 200 18766
218.81.65.10 - - [23/May/2023:11:10:47 +0800] "GET /xingrg/servlets/image?cache=0.3479154875916065&image=px HTTP/1.1" 200 807
218.81.65.10 - - [23/May/2023:11:10:49 +0800] "POST /xingrg/all/report/load_report_page.html HTTP/1.1" 200 53497
218.81.65.10 - - [23/May/2023:11:10:49 +0800] "GET /xingrg/servlets/image?cache=0.06692170611352011&image=px HTTP/1.1" 200 807
116.238.139.35 - - [23/May/2023:11:10:50 +0800] "GET /xingrg/all/function/internal_message.html?_=1684811448351&CODE_STATE=getMsg HTTP/1.1" 200 27
116.238.139.35 - - [23/May/2023:11:10:50 +0800] "GET /xingrg/all/function/internal_message.html?_=1684811367009&CODE_STATE=getMsg HTTP/1.1" 200 27
180.164.3.199 - - [23/May/2023:11:10:50 +0800] "GET /xingrg/check_reg.html?_=1684811449531 HTTP/1.1" 200 22
180.164.3.199 - - [23/May/2023:11:10:50 +0800] "GET /xingrg/all/function/internal_message.html?_=1684811449533&CODE_STATE=getMsg HTTP/1.1" 200 27
116.224.158.100 - - [23/May/2023:11:10:51 +0800] "GET /xingrg/all/function/internal_message.html?_=1684811285177&CODE_STATE=getMsg HTTP/1.1" 200 27
218.81.65.10 - - [23/May/2023:11:10:53 +0800] "POST /xingrg/all/report/load_report_page.html HTTP/1.1" 200 53484
218.81.65.10 - - [23/May/2023:11:10:53 +0800] "GET /xingrg/servlets/image?cache=0.3001530833100554&image=px HTTP/1.1" 200 807
114.83.216.71 - - [23/May/2023:11:10:53 +0800] "GET /xingrg/all/function/internal_message.html?_=1684811451334&CODE_STATE=getMsg HTTP/1.1" 200 27
120.253.135.82 - - [23/May/2023:11:11:01 +0800] "GET /xingrg/all/function/internal_message.html?_=1684811297644&CODE_STATE=getMsg HTTP/1.1" 200 27
124.79.240.114 - - [23/May/2023:11:11:02 +0800] "GET /xingrg/all/function/internal_message.html?_=1684811740774&CODE_STATE=getMsg HTTP/1.1" 200 27
114.85.36.120 - - [23/May/2023:11:11:04 +0800] "GET /xingrg HTTP/1.1" 302 -
114.85.36.120 - - [23/May/2023:11:11:05 +0800] "GET /xingrg/ HTTP/1.1" 304 -
114.85.36.120 - - [23/May/2023:11:11:06 +0800] "GET /xingrg/index.html HTTP/1.1" 302 -
114.85.36.120 - - [23/May/2023:11:11:06 +0800] "GET /xingrg/login.html HTTP/1.1" 200 7641
114.85.36.120 - - [23/May/2023:11:11:06 +0800] "GET /xingrg/images/blue/jxLogo.png HTTP/1.1" 304 -
114.85.36.120 - - [23/May/2023:11:11:06 +0800] "GET /xingrg/images/blue/login_bg.png HTTP/1.1" 304 -
114.85.36.120 - - [23/May/2023:11:11:06 +0800] "GET /xingrg/images/blue/srbg.png HTTP/1.1" 304 -
114.85.36.120 - - [23/May/2023:11:11:06 +0800] "GET /xingrg/images/blue/hj.png HTTP/1.1" 304 -
222.67.238.82 - - [23/May/2023:11:11:06 +0800] "GET /xingrg/all/function/internal_message.html?_=1684810979362&CODE_STATE=getMsg HTTP/1.1" 200 27
114.85.36.120 - - [23/May/2023:11:11:07 +0800] "GET /favicon.ico HTTP/1.1" 404 -
114.85.36.120 - - [23/May/2023:11:11:08 +0800] "GET /favicon.ico HTTP/1.1" 404 -
222.70.172.86 - - [23/May/2023:11:11:16 +0800] "GET /xingrg/all/function/internal_message.html?_=1684811482067&CODE_STATE=getMsg HTTP/1.1" 200 27
180.169.147.146 - - [23/May/2023:11:11:17 +0800] "GET /xingrg/all/function/internal_message.html?_=1684811477687&CODE_STATE=getMsg HTTP/1.1" 200 27
180.171.121.39 - - [23/May/2023:11:11:18 +0800] "POST /xingrg/services/DataTransmitService HTTP/1.1" 200 524
180.171.121.39 - - [23/May/2023:11:11:19 +0800] "POST /xingrg/services/DataTransmitService HTTP/1.1" 200 412
222.69.129.217 - - [23/May/2023:11:11:20 +0800] "GET /xingrg/all/function/internal_message.html?_=1684811578032&CODE_STATE=getMsg HTTP/1.1" 200 27
172.20.0.100 - - [23/May/2023:11:11:21 +0800] "GET /xingrg/all/function/internal_message.html?_=1684811485676&CODE_STATE=getMsg HTTP/1.1" 302 -
27.115.124.101 - - [23/May/2023:11:11:23 +0800] "GET /xingrg HTTP/1.1" 302 -
27.115.124.101 - - [23/May/2023:11:11:23 +0800] "GET /xingrg/ HTTP/1.1" 200 292
180.169.147.146 - - [23/May/2023:11:11:24 +0800] "GET /xingrg/all/function/internal_message.html?_=1684811485150&CODE_STATE=getMsg HTTP/1.1" 200 27
218.81.65.10 - - [23/May/2023:11:11:25 +0800] "GET /xingrg/all/function/internal_message.html?_=1684811484733&CODE_STATE=getMsg HTTP/1.1" 200 27
114.85.36.120 - - [23/May/2023:11:11:25 +0800] "POST /xingrg/login.do HTTP/1.1" 302 -
114.85.36.120 - - [23/May/2023:11:11:25 +0800] "GET /xingrg/index.html?sysBaseUrl=http%3A%2F%2F180.169.147.146%3A18081%2Fxingrg%2F&costTime=921×tamp=1684811485810 HTTP/1.1" 200 17179
114.85.36.120 - - [23/May/2023:11:11:25 +0800] "GET /xingrg/javascript/jquery_easy_ui/themes/default/easyui.css HTTP/1.1" 304 -
114.85.36.120 - - [23/May/2023:11:11:25 +0800] "GET /xingrg/javascript/jquery_easy_ui/themes/icon.css HTTP/1.1" 304 -
114.85.36.120 - - [23/May/2023:11:11:25 +0800] "GET /xingrg/css/form.css HTTP/1.1" 304 -
114.85.36.120 - - [23/May/2023:11:11:25 +0800] "GET /xingrg/javascript/jquery_easy_ui/easyui-lang-zh_CN.js HTTP/1.1" 304 -
114.85.36.120 - - [23/May/2023:11:11:25 +0800] "GET /xingrg/javascript/jquery.form.js HTTP/1.1" 304 -
114.85.36.120 - - [23/May/2023:11:11:25 +0800] "GET /xingrg/javascript/jquery.utils.js HTTP/1.1" 304 -
114.85.36.120 - - [23/May/2023:11:11:25 +0800] "GET /xingrg/javascript/jquery-1.4.2.min.js HTTP/1.1" 304 -
114.85.36.120 - - [23/May/2023:11:11:25 +0800] "GET /xingrg/javascript/jquery_easy_ui/jquery.easyui.min.js HTTP/1.1" 304 -
114.85.36.120 - - [23/May/2023:11:11:25 +0800] "GET /xingrg/javascript/jquery.timers.js HTTP/1.1" 304 -
114.85.36.120 - - [23/May/2023:11:11:26 +0800] "GET /favicon.ico HTTP/1.1" 404 -
114.85.36.120 - - [23/May/2023:11:11:26 +0800] "GET /xingrg/javascript/jquery_easy_ui/themes/icons/settle_new.png HTTP/1.1" 304 -
114.85.36.120 - - [23/May/2023:11:11:26 +0800] "GET /xingrg/images/blue/navBackgound.jpg HTTP/1.1" 304 -
114.85.36.120 - - [23/May/2023:11:11:26 +0800] "GET /xingrg/all/function/internal_message.html?_=1684810309045&CODE_STATE=count HTTP/1.1" 200 11
114.85.36.120 - - [23/May/2023:11:11:26 +0800] "GET /xingrg/check_reg.html?_=1684810309046 HTTP/1.1" 200 22
114.85.36.120 - - [23/May/2023:11:11:26 +0800] "GET /xingrg/images/blue/pingpu.png HTTP/1.1" 304 -
114.85.36.120 - - [23/May/2023:11:11:26 +0800] "GET /xingrg/javascript/jquery_easy_ui/themes/default/images/panel_tool_collapse.gif HTTP/1.1" 304 -
114.85.36.120 - - [23/May/2023:11:11:26 +0800] "GET /xingrg/javascript/jquery_easy_ui/themes/default/images/tabs_leftarrow.png HTTP/1.1" 304 -
114.85.36.120 - - [23/May/2023:11:11:26 +0800] "GET /xingrg/javascript/jquery_easy_ui/themes/default/images/tabs_rightarrow.png HTTP/1.1" 304 -
114.85.36.120 - - [23/May/2023:11:11:26 +0800] "POST /xingrg/all/common/load_tree.html?tree=area_rest_tree_json&manage=1 HTTP/1.1" 200 351
114.85.36.120 - - [23/May/2023:11:11:26 +0800] "POST /xingrg/load_menu.html HTTP/1.1" 200 5138
114.85.36.120 - - [23/May/2023:11:11:26 +0800] "GET /xingrg/javascript/jquery_easy_ui/themes/default/images/tree_arrows.gif HTTP/1.1" 304 -
114.85.36.120 - - [23/May/2023:11:11:26 +0800] "GET /xingrg/javascript/jquery_easy_ui/themes/default/images/tree_folder_open.gif HTTP/1.1" 304 -
114.85.36.120 - - [23/May/2023:11:11:26 +0800] "GET /xingrg/javascript/jquery_easy_ui/themes/icons/search_new.png HTTP/1.1" 304 -
114.85.36.120 - - [23/May/2023:11:11:26 +0800] "GET /xingrg/javascript/jquery_easy_ui/themes/default/images/tree_folder.gif HTTP/1.1" 304 -
114.85.36.120 - - [23/May/2023:11:11:26 +0800] "GET /xingrg/javascript/jquery_easy_ui/themes/icons/storage_new.png HTTP/1.1" 304 -
114.85.36.120 - - [23/May/2023:11:11:26 +0800] "GET /xingrg/javascript/jquery_easy_ui/themes/icons/forms_new.png HTTP/1.1" 304 -
114.85.36.120 - - [23/May/2023:11:11:26 +0800] "GET /xingrg/javascript/jquery_easy_ui/themes/default/images/tree_file.gif HTTP/1.1" 304 -
114.85.36.120 - - [23/May/2023:11:11:28 +0800] "GET /xingrg/kc/buy/buy_main.html HTTP/1.1" 200 12412
114.85.36.120 - - [23/May/2023:11:11:28 +0800] "GET /xingrg/javascript/jquery_easy_ui/themes/default/images/tabs_close.gif HTTP/1.1" 304 -
114.85.36.120 - - [23/May/2023:11:11:28 +0800] "GET /xingrg/css/blue.css HTTP/1.1" 304 -
114.85.36.120 - - [23/May/2023:11:11:28 +0800] "GET /xingrg/css/new_ie.css HTTP/1.1" 404 1036
114.85.36.120 - - [23/May/2023:11:11:28 +0800] "GET /xingrg/javascript/jquery_ui/themes/humanity/humanity.css HTTP/1.1" 304 -
114.85.36.120 - - [23/May/2023:11:11:28 +0800] "GET /xingrg/javascript/pic_change.js HTTP/1.1" 304 -
114.85.36.120 - - [23/May/2023:11:11:28 +0800] "GET /xingrg/javascript/ToolTips.js HTTP/1.1" 304 -
114.85.36.120 - - [23/May/2023:11:11:28 +0800] "GET /xingrg/javascript/myfunction.js HTTP/1.1" 304 -
114.85.36.120 - - [23/May/2023:11:11:28 +0800] "GET /xingrg/javascript/jquery_ui/jquery-ui.min.js HTTP/1.1" 304 -
114.85.36.120 - - [23/May/2023:11:11:28 +0800] "GET /xingrg/images/blue/button/cgxqd.gif HTTP/1.1" 304 -
114.85.36.120 - - [23/May/2023:11:11:28 +0800] "GET /xingrg/images/blue/button/cgydd.gif HTTP/1.1" 304 -
114.85.36.120 - - [23/May/2023:11:11:28 +0800] "GET /xingrg/images/blue/button/cgshd.gif HTTP/1.1" 304 -
114.85.36.120 - - [23/May/2023:11:11:28 +0800] "GET /xingrg/images/blue/button/cgfkd.gif HTTP/1.1" 304 -
114.85.36.120 - - [23/May/2023:11:11:28 +0800] "GET /xingrg/images/blue/button/kc.gif HTTP/1.1" 304 -
114.85.36.120 - - [23/May/2023:11:11:28 +0800] "GET /xingrg/images/blue/button/ckthd.gif HTTP/1.1" 304 -
114.85.36.120 - - [23/May/2023:11:11:28 +0800] "GET /xingrg/images/blue/pic_form2.gif HTTP/1.1" 304 -
114.85.36.120 - - [23/May/2023:11:11:28 +0800] "GET /xingrg/images/blue/bg_dotted.jpg HTTP/1.1" 304 -
114.85.36.120 - - [23/May/2023:11:11:28 +0800] "GET /xingrg/images/blue/button/right_ah.jpg HTTP/1.1" 304 -
114.85.36.120 - - [23/May/2023:11:11:28 +0800] "GET /xingrg/javascript/jquery_ui/themes/humanity/images/ui-bg_inset-soft_100_f4f0ec_1x100.png HTTP/1.1" 304 -
114.85.36.120 - - [23/May/2023:11:11:28 +0800] "GET /xingrg/images/blue/button/down_ah.jpg HTTP/1.1" 304 -
114.85.36.120 - - [23/May/2023:11:11:28 +0800] "GET /xingrg/javascript/jquery_ui/themes/humanity/images/ui-iconsnew.jpg HTTP/1.1" 304 -
114.85.36.120 - - [23/May/2023:11:11:28 +0800] "GET /xingrg/javascript/jquery_ui/themes/humanity/images/ui-icons_c47a23_256x240.png HTTP/1.1" 304 -
114.85.36.120 - - [23/May/2023:11:11:28 +0800] "GET /xingrg/javascript/jquery_ui/themes/humanity/images/ui-icons_ffffff_256x240.png HTTP/1.1" 304 -
114.85.36.120 - - [23/May/2023:11:11:28 +0800] "GET /xingrg/javascript/jquery_ui/themes/humanity/images/ui-bg_glass_70_ede4d4_1x400.png HTTP/1.1" 304 -
180.163.29.79 - - [23/May/2023:11:11:28 +0800] "GET /xingrg/all/function/internal_message.html?_=1684811422578&CODE_STATE=getMsg HTTP/1.1" 302 -
180.163.29.79 - - [23/May/2023:11:11:28 +0800] "GET /xingrg/login.html HTTP/1.1" 200 7641
116.237.79.115 - - [23/May/2023:11:11:28 +0800] "GET /xingrg/all/function/internal_message.html?_=1684811482560&CODE_STATE=getMsg HTTP/1.1" 200 27
114.85.36.120 - - [23/May/2023:11:11:28 +0800] "GET /xingrg/images/yd/bt.gif HTTP/1.1" 404 1040
114.85.36.120 - - [23/May/2023:11:11:30 +0800] "GET /xingrg/kc/buy/cgsh_order_list.html HTTP/1.1" 200 55675
114.85.36.120 - - [23/May/2023:11:11:30 +0800] "GET /xingrg/css/base.css HTTP/1.1" 304 -
114.85.36.120 - - [23/May/2023:11:11:30 +0800] "GET /xingrg/css/site.css HTTP/1.1" 304 -
114.85.36.120 - - [23/May/2023:11:11:30 +0800] "GET /xingrg/javascript/jquery_tools/datebox.css HTTP/1.1" 304 -
114.85.36.120 - - [23/May/2023:11:11:30 +0800] "GET /xingrg/javascript/easyui/themes/default/easyui.css HTTP/1.1" 304 -
114.85.36.120 - - [23/May/2023:11:11:30 +0800] "GET /xingrg/javascript/easyui/themes/icon.css HTTP/1.1" 304 -
114.85.36.120 - - [23/May/2023:11:11:30 +0800] "GET /xingrg/javascript/auto/jquery.autocomplete.css HTTP/1.1" 304 -
114.85.36.120 - - [23/May/2023:11:11:30 +0800] "GET /xingrg/javascript/jquery_tools/fix.css HTTP/1.1" 304 -
114.85.36.120 - - [23/May/2023:11:11:30 +0800] "GET /xingrg/javascript/jquery_tools/table.css HTTP/1.1" 304 -
114.85.36.120 - - [23/May/2023:11:11:30 +0800] "GET /xingrg/javascript/jquery_tools/jquery.tools.min.js HTTP/1.1" 304 -
114.85.36.120 - - [23/May/2023:11:11:30 +0800] "GET /xingrg/javascript/jquery_tools/jquery.tools.extend.js HTTP/1.1" 304 -
114.85.36.120 - - [23/May/2023:11:11:30 +0800] "GET /xingrg/javascript/jquery_tools/jquery.tools.hotkey.js HTTP/1.1" 304 -
114.85.36.120 - - [23/May/2023:11:11:30 +0800] "GET /xingrg/javascript/jquery_tools/jquery.tools.table.js HTTP/1.1" 304 -
114.85.36.120 - - [23/May/2023:11:11:30 +0800] "GET /xingrg/javascript/jquery_tools/list_manager.js HTTP/1.1" 304 -
114.85.36.120 - - [23/May/2023:11:11:30 +0800] "GET /xingrg/javascript/auto/jquery.autocomplete.js HTTP/1.1" 304 -
114.85.36.120 - - [23/May/2023:11:11:30 +0800] "GET /xingrg/javascript/easyui/easyloader.js HTTP/1.1" 304 -
114.85.36.120 - - [23/May/2023:11:11:30 +0800] "GET /xingrg/javascript/jquery.cookie.js HTTP/1.1" 304 -
114.85.36.120 - - [23/May/2023:11:11:30 +0800] "GET /xingrg/javascript/print/LodopFuncs.js HTTP/1.1" 304 -
114.85.36.120 - - [23/May/2023:11:11:30 +0800] "GET /xingrg/javascript/easyui/themes/icons/import_new.png HTTP/1.1" 304 -
114.85.36.120 - - [23/May/2023:11:11:30 +0800] "GET /xingrg/javascript/easyui/themes/icons/check_new.png HTTP/1.1" 304 -
114.85.36.120 - - [23/May/2023:11:11:30 +0800] "GET /xingrg/javascript/easyui/themes/icons/field_new.png HTTP/1.1" 304 -
114.85.36.120 - - [23/May/2023:11:11:30 +0800] "GET /xingrg/javascript/easyui/themes/icons/cance_new.png HTTP/1.1" 304 -
114.85.36.120 - - [23/May/2023:11:11:30 +0800] "GET /xingrg/javascript/easyui/themes/icons/edit_add_new.png HTTP/1.1" 304 -
114.85.36.120 - - [23/May/2023:11:11:30 +0800] "GET /xingrg/javascript/easyui/plugins/jquery.parser.js HTTP/1.1" 304 -
114.85.36.120 - - [23/May/2023:11:11:30 +0800] "GET /xingrg/images/control/ajaxLoader.gif HTTP/1.1" 304 -
180.169.147.146 - - [23/May/2023:11:11:34 +0800] "GET /xingrg/all/function/internal_message.html?_=1684811491024&CODE_STATE=getMsg HTTP/1.1" 200 27
114.85.36.120 - - [23/May/2023:11:11:35 +0800] "POST /xingrg/kc/buy/cgsh_list_operate.html HTTP/1.1" 200 2313
114.85.36.120 - - [23/May/2023:11:11:37 +0800] "GET /xingrg/javascript/easyui/themes/default/images/button_plain_hover.png HTTP/1.1" 304 -
114.85.36.120 - - [23/May/2023:11:11:38 +0800] "GET /xingrg/kc/buy/cgsh_order_add.html HTTP/1.1" 200 70532
114.85.36.120 - - [23/May/2023:11:11:38 +0800] "GET /xingrg/javascript/jquery_tools/order_manager.js HTTP/1.1" 304 -
114.85.36.120 - - [23/May/2023:11:11:38 +0800] "GET /xingrg/javascript/convert.js HTTP/1.1" 304 -
114.85.36.120 - - [23/May/2023:11:11:38 +0800] "GET /xingrg/javascript/json2.js HTTP/1.1" 304 -
114.85.36.120 - - [23/May/2023:11:11:38 +0800] "GET /xingrg/javascript/print/kc_print.js HTTP/1.1" 304 -
114.85.36.120 - - [23/May/2023:11:11:39 +0800] "GET /xingrg/words/20230521105100_words.js HTTP/1.1" 200 965364
114.85.36.120 - - [23/May/2023:11:11:39 +0800] "GET /xingrg/javascript/easyui/themes/icons/ok.png HTTP/1.1" 304 -
114.85.36.120 - - [23/May/2023:11:11:39 +0800] "GET /xingrg/javascript/easyui/themes/icons/copy_new.png HTTP/1.1" 304 -
114.85.36.120 - - [23/May/2023:11:11:39 +0800] "GET /xingrg/javascript/easyui/themes/icons/print.png HTTP/1.1" 304 -
114.85.36.120 - - [23/May/2023:11:11:39 +0800] "GET /xingrg/javascript/easyui/themes/icons/template_new.png HTTP/1.1" 304 -
114.85.36.120 - - [23/May/2023:11:11:39 +0800] "GET /xingrg/javascript/easyui/themes/default/images/menu_downarrow.png HTTP/1.1" 304 -
114.85.36.120 - - [23/May/2023:11:11:39 +0800] "GET /xingrg/javascript/easyui/themes/icons/cancel.png HTTP/1.1" 304 -
114.85.36.120 - - [23/May/2023:11:11:39 +0800] "POST /xingrg/kc/buy/cgsh_order_operate.html HTTP/1.1" 200 8245
114.85.36.120 - - [23/May/2023:11:11:39 +0800] "GET /xingrg/javascript/easyui/themes/default/validatebox.css HTTP/1.1" 404 1104
114.85.36.120 - - [23/May/2023:11:11:39 +0800] "GET /xingrg/javascript/easyui/plugins/jquery.validatebox.js HTTP/1.1" 304 -
114.85.36.120 - - [23/May/2023:11:11:39 +0800] "GET /xingrg/javascript/easyui/plugins/jquery.numberbox.js HTTP/1.1" 304 -
114.85.36.120 - - [23/May/2023:11:11:39 +0800] "GET /xingrg/all/common/auto_word.html?type=employee&rest_code=00143 HTTP/1.1" 200 55
114.85.36.120 - - [23/May/2023:11:11:39 +0800] "GET /xingrg/javascript/easyui/themes/icons/edit_remove.png HTTP/1.1" 304 -
114.85.36.120 - - [23/May/2023:11:11:39 +0800] "GET /xingrg/all/common/auto_word.html?type=employee&rest_code=00143 HTTP/1.1" 200 55
114.85.36.120 - - [23/May/2023:11:11:41 +0800] "GET /xingrg/javascript/easyui/plugins/jquery.draggable.js HTTP/1.1" 304 -
114.85.36.120 - - [23/May/2023:11:11:41 +0800] "GET /xingrg/css/images/panel_loading.gif HTTP/1.1" 304 -
114.85.36.120 - - [23/May/2023:11:11:41 +0800] "GET /xingrg/javascript/easyui/plugins/jquery.droppable.js HTTP/1.1" 304 -
114.85.36.120 - - [23/May/2023:11:11:41 +0800] "GET /xingrg/javascript/easyui/themes/default/tree.css HTTP/1.1" 404 1090
114.85.36.120 - - [23/May/2023:11:11:41 +0800] "GET /xingrg/javascript/easyui/plugins/jquery.tree.js HTTP/1.1" 304 -
114.85.36.120 - - [23/May/2023:11:11:42 +0800] "POST /xingrg/all/common/load_tree.html?tree=supplier_tree_json&isDelete=1 HTTP/1.1" 200 74192
114.85.36.120 - - [23/May/2023:11:11:44 +0800] "GET /xingrg/javascript/easyui/themes/default/images/tree_arrows.gif HTTP/1.1" 304 -
114.85.36.120 - - [23/May/2023:11:11:44 +0800] "GET /xingrg/javascript/easyui/themes/default/images/tree_folder_open.gif HTTP/1.1" 304 -
114.85.36.120 - - [23/May/2023:11:11:44 +0800] "GET /xingrg/javascript/easyui/themes/default/images/tree_folder.gif HTTP/1.1" 304 -
114.85.36.120 - - [23/May/2023:11:11:44 +0800] "GET /xingrg/javascript/easyui/themes/default/images/tree_file.gif HTTP/1.1" 304 -
124.79.240.114 - - [23/May/2023:11:11:46 +0800] "GET /xingrg/kc/buy/cgsh_order_add.html HTTP/1.1" 200 71492
124.79.240.114 - - [23/May/2023:11:11:47 +0800] "GET /xingrg/words/20230521105100_words.js HTTP/1.1" 304 -
124.79.240.114 - - [23/May/2023:11:11:47 +0800] "GET /xingrg/javascript/easyui/themes/default/validatebox.css HTTP/1.1" 404 1104
124.79.240.114 - - [23/May/2023:11:11:47 +0800] "POST /xingrg/kc/buy/cgsh_order_operate.html HTTP/1.1" 200 8245
124.79.240.114 - - [23/May/2023:11:11:47 +0800] "GET /xingrg/all/common/auto_word.html?type=employee&rest_code=00104 HTTP/1.1" 200 245
124.79.240.114 - - [23/May/2023:11:11:47 +0800] "GET /xingrg/all/common/auto_word.html?type=employee&rest_code=00104 HTTP/1.1" 200 245
27.115.124.101 - - [23/May/2023:11:11:48 +0800] "GET /xingrg HTTP/1.1" 302 -
116.238.139.35 - - [23/May/2023:11:11:49 +0800] "GET /xingrg/check_reg.html?_=1684811425958 HTTP/1.1" 200 22
116.238.139.35 - - [23/May/2023:11:11:50 +0800] "GET /xingrg/all/function/internal_message.html?_=1684811508353&CODE_STATE=getMsg HTTP/1.1" 200 27
116.238.139.35 - - [23/May/2023:11:11:50 +0800] "GET /xingrg/all/function/internal_message.html?_=1684811427022&CODE_STATE=getMsg HTTP/1.1" 200 27
180.164.3.199 - - [23/May/2023:11:11:50 +0800] "GET /xingrg/all/function/internal_message.html?_=1684811509549&CODE_STATE=getMsg HTTP/1.1" 200 27
116.224.158.100 - - [23/May/2023:11:11:51 +0800] "GET /xingrg/all/function/internal_message.html?_=1684811345183&CODE_STATE=getMsg HTTP/1.1" 200 27
114.83.216.71 - - [23/May/2023:11:11:53 +0800] "GET /xingrg/all/function/internal_message.html?_=1684811511351&CODE_STATE=getMsg HTTP/1.1" 200 27
120.253.135.82 - - [23/May/2023:11:12:01 +0800] "GET /xingrg/all/function/internal_message.html?_=1684811357659&CODE_STATE=getMsg HTTP/1.1" 200 27
124.79.240.114 - - [23/May/2023:11:12:02 +0800] "GET /xingrg/all/function/internal_message.html?_=1684811800797&CODE_STATE=getMsg HTTP/1.1" 200 27
27.115.124.101 - - [23/May/2023:11:12:02 +0800] "GET /xingrg/ HTTP/1.1" 200 292
114.85.36.120 - - [23/May/2023:11:12:04 +0800] "GET /xingrg/javascript/auto/indicator.gif HTTP/1.1" 404 1066
222.67.238.82 - - [23/May/2023:11:12:06 +0800] "GET /xingrg/all/function/internal_message.html?_=1684811039336&CODE_STATE=getMsg HTTP/1.1" 200 27
116.237.79.115 - - [23/May/2023:11:12:09 +0800] "GET /xingrg/check_reg.html?_=1684811523782 HTTP/1.1" 200 22
114.85.36.120 - - [23/May/2023:11:12:10 +0800] "GET /xingrg/kc/buy/cgsh_order_operate.html?command=get_materiel&rest_code=00143&code=00101010136&supplier_code=00100207&order_time=2023-05-23 HTTP/1.1" 200 408
27.115.124.38 - - [23/May/2023:11:12:13 +0800] "GET /xingrg HTTP/1.1" 302 -
27.115.124.38 - - [23/May/2023:11:12:13 +0800] "GET /xingrg/ HTTP/1.1" 200 292
27.115.124.38 - - [23/May/2023:11:12:15 +0800] "GET /xingrg HTTP/1.1" 302 -
222.70.172.86 - - [23/May/2023:11:12:16 +0800] "GET /xingrg/all/function/internal_message.html?_=1684811542207&CODE_STATE=getMsg HTTP/1.1" 200 27
27.115.124.6 - - [23/May/2023:11:12:17 +0800] "GET /xingrg/ HTTP/1.1" 200 292
180.169.147.146 - - [23/May/2023:11:12:17 +0800] "GET /xingrg/check_reg.html?_=1684811537668 HTTP/1.1" 200 22
180.169.147.146 - - [23/May/2023:11:12:17 +0800] "GET /xingrg/all/function/internal_message.html?_=1684811537671&CODE_STATE=getMsg HTTP/1.1" 200 27
222.69.129.217 - - [23/May/2023:11:12:20 +0800] "GET /xingrg/all/function/internal_message.html?_=1684811638020&CODE_STATE=getMsg HTTP/1.1" 200 27
172.20.0.100 - - [23/May/2023:11:12:21 +0800] "GET /xingrg/all/function/internal_message.html?_=1684811545700&CODE_STATE=getMsg HTTP/1.1" 302 -
180.169.147.146 - - [23/May/2023:11:12:24 +0800] "GET /xingrg/all/function/internal_message.html?_=1684811545149&CODE_STATE=getMsg HTTP/1.1" 200 27
27.115.124.6 - - [23/May/2023:11:12:25 +0800] "GET /xingrg/index.html HTTP/1.1" 302 -
218.81.65.10 - - [23/May/2023:11:12:25 +0800] "GET /xingrg/all/function/internal_message.html?_=1684811544725&CODE_STATE=getMsg HTTP/1.1" 200 27
27.115.124.6 - - [23/May/2023:11:12:25 +0800] "GET /xingrg/login.html HTTP/1.1" 200 2139
27.115.124.6 - - [23/May/2023:11:12:25 +0800] "GET /xingrg/javascript/mobile/jquery.mobile-1.3.2.min.css HTTP/1.1" 200 94670
27.115.124.53 - - [23/May/2023:11:12:25 +0800] "GET /xingrg/javascript/mobile/jquery-1.8.3.min.js HTTP/1.1" 200 93637
27.115.124.38 - - [23/May/2023:11:12:25 +0800] "GET /xingrg/javascript/mobile/jquery.mobile-1.3.2.min.js HTTP/1.1" 200 145396
27.115.124.38 - - [23/May/2023:11:12:26 +0800] "GET /xingrg/javascript/mobile/images/ajax-loader.gif HTTP/1.1" 200 7825
114.85.36.120 - - [23/May/2023:11:12:26 +0800] "GET /xingrg/all/function/internal_message.html?_=1684810369051&CODE_STATE=getMsg HTTP/1.1" 200 27
61.151.231.107 - - [23/May/2023:11:12:28 +0800] "GET /xingrg/all/function/internal_message.html?_=1684811482560&CODE_STATE=getMsg HTTP/1.1" 302 -
61.151.231.107 - - [23/May/2023:11:12:28 +0800] "GET /xingrg/login.html HTTP/1.1" 200 7641
116.237.79.115 - - [23/May/2023:11:12:28 +0800] "GET /xingrg/all/function/internal_message.html?_=1684811542536&CODE_STATE=getMsg HTTP/1.1" 200 27
180.169.147.146 - - [23/May/2023:11:12:34 +0800] "GET /xingrg/all/function/internal_message.html?_=1684811551023&CODE_STATE=getMsg HTTP/1.1" 200 27
180.169.147.146 - - [23/May/2023:11:12:34 +0800] "GET /xingrg/check_reg.html?_=1684811551028 HTTP/1.1" 200 22
114.85.36.120 - - [23/May/2023:11:12:45 +0800] "GET /xingrg/kc/buy/cgsh_order_operate.html?command=get_materiel&rest_code=00143&code=00101006028&supplier_code=00100207&order_time=2023-05-23 HTTP/1.1" 200 417
116.238.139.35 - - [23/May/2023:11:12:50 +0800] "GET /xingrg/all/function/internal_message.html?_=1684811568350&CODE_STATE=getMsg HTTP/1.1" 200 27
116.238.139.35 - - [23/May/2023:11:12:50 +0800] "GET /xingrg/all/function/internal_message.html?_=1684811487036&CODE_STATE=getMsg HTTP/1.1" 200 27
180.164.3.199 - - [23/May/2023:11:12:50 +0800] "GET /xingrg/all/function/internal_message.html?_=1684811569537&CODE_STATE=getMsg HTTP/1.1" 200 27
116.224.158.100 - - [23/May/2023:11:12:51 +0800] "GET /xingrg/all/function/internal_message.html?_=1684811405153&CODE_STATE=getMsg HTTP/1.1" 200 27
116.224.158.100 - - [23/May/2023:11:12:52 +0800] "GET /xingrg/check_reg.html?_=1684811405783 HTTP/1.1" 200 22
114.83.216.71 - - [23/May/2023:11:12:53 +0800] "GET /xingrg/all/function/internal_message.html?_=1684811571351&CODE_STATE=getMsg HTTP/1.1" 200 27
120.253.135.82 - - [23/May/2023:11:13:00 +0800] "GET /xingrg/check_reg.html?_=1684811416955 HTTP/1.1" 200 22
120.253.135.82 - - [23/May/2023:11:13:01 +0800] "GET /xingrg/all/function/internal_message.html?_=1684811417673&CODE_STATE=getMsg HTTP/1.1" 200 27
124.79.240.114 - - [23/May/2023:11:13:02 +0800] "GET /xingrg/all/function/internal_message.html?_=1684811860796&CODE_STATE=getMsg HTTP/1.1" 200 27
222.67.238.82 - - [23/May/2023:11:13:06 +0800] "GET /xingrg/all/function/internal_message.html?_=1684811099305&CODE_STATE=getMsg HTTP/1.1" 200 27
180.163.29.212 - - [23/May/2023:11:13:09 +0800] "GET /xingrg/check_reg.html?_=1684811523782 HTTP/1.1" 302 -
180.163.29.212 - - [23/May/2023:11:13:09 +0800] "GET /xingrg/login.html HTTP/1.1" 200 7641
222.70.172.86 - - [23/May/2023:11:13:16 +0800] "GET /xingrg/all/function/internal_message.html?_=1684811602218&CODE_STATE=getMsg HTTP/1.1" 200 27
180.169.147.146 - - [23/May/2023:11:13:17 +0800] "GET /xingrg/all/function/internal_message.html?_=1684811597677&CODE_STATE=getMsg HTTP/1.1" 200 27
222.69.129.217 - - [23/May/2023:11:13:20 +0800] "GET /xingrg/check_reg.html?_=1684811698026 HTTP/1.1" 200 22
222.69.129.217 - - [23/May/2023:11:13:20 +0800] "GET /xingrg/all/function/internal_message.html?_=1684811698029&CODE_STATE=getMsg HTTP/1.1" 200 27
172.20.0.100 - - [23/May/2023:11:13:21 +0800] "GET /xingrg/all/function/internal_message.html?_=1684811605698&CODE_STATE=getMsg HTTP/1.1" 302 -
114.85.36.120 - - [23/May/2023:11:13:23 +0800] "GET /xingrg/kc/buy/cgsh_order_operate.html?command=get_materiel&rest_code=00143&code=00101006128&supplier_code=00100207&order_time=2023-05-23 HTTP/1.1" 200 429
180.169.147.146 - - [23/May/2023:11:13:24 +0800] "GET /xingrg/all/function/internal_message.html?_=1684811605138&CODE_STATE=getMsg HTTP/1.1" 200 27
218.81.65.10 - - [23/May/2023:11:13:25 +0800] "GET /xingrg/all/function/internal_message.html?_=1684811604718&CODE_STATE=getMsg HTTP/1.1" 200 27
114.85.36.120 - - [23/May/2023:11:13:26 +0800] "GET /xingrg/all/function/internal_message.html?_=1684810429043&CODE_STATE=getMsg HTTP/1.1" 200 27
116.237.79.115 - - [23/May/2023:11:13:28 +0800] "GET /xingrg/all/function/internal_message.html?_=1684811602523&CODE_STATE=getMsg HTTP/1.1" 200 27
222.67.238.82 - - [23/May/2023:11:13:30 +0800] "GET /xingrg/kc/buy/cgsh_order_add.html HTTP/1.1" 200 71451
222.67.238.82 - - [23/May/2023:11:13:30 +0800] "POST /xingrg/kc/buy/cgsh_order_operate.html HTTP/1.1" 200 8245
222.67.238.82 - - [23/May/2023:11:13:30 +0800] "GET /xingrg/javascript/easyui/themes/default/validatebox.css HTTP/1.1" 404 1104
120.253.135.82 - - [23/May/2023:11:13:32 +0800] "GET /xingrg/kc/pszx/mdqp_order_list.html?state=10 HTTP/1.1" 200 10275
120.253.135.82 - - [23/May/2023:11:13:32 +0800] "GET /xingrg/dwr/interface/AjaxReportQueryService.js HTTP/1.1" 200 13203
120.253.135.82 - - [23/May/2023:11:13:32 +0800] "GET /xingrg/dwr/interface/AjaxQqpsService.js HTTP/1.1" 200 16326
120.253.135.82 - - [23/May/2023:11:13:32 +0800] "GET /xingrg/dwr/engine.js HTTP/1.1" 200 43631
180.169.147.146 - - [23/May/2023:11:13:34 +0800] "GET /xingrg/all/function/internal_message.html?_=1684811611027&CODE_STATE=getMsg HTTP/1.1" 200 27
120.253.135.82 - - [23/May/2023:11:13:41 +0800] "GET /xingrg/kc/base/wldb_order_list.html HTTP/1.1" 200 19098
120.253.135.82 - - [23/May/2023:11:13:42 +0800] "POST /xingrg/kc/base/wldb_list_operate.html HTTP/1.1" 200 928
116.238.139.35 - - [23/May/2023:11:13:50 +0800] "GET /xingrg/all/function/internal_message.html?_=1684811628351&CODE_STATE=getMsg HTTP/1.1" 200 27
116.238.139.35 - - [23/May/2023:11:13:50 +0800] "GET /xingrg/check_reg.html?_=1684811628354 HTTP/1.1" 200 22
116.238.139.35 - - [23/May/2023:11:13:50 +0800] "GET /xingrg/all/function/internal_message.html?_=1684811547051&CODE_STATE=getMsg HTTP/1.1" 200 27
180.164.3.199 - - [23/May/2023:11:13:50 +0800] "GET /xingrg/all/function/internal_message.html?_=1684811629527&CODE_STATE=getMsg HTTP/1.1" 200 27
116.224.158.100 - - [23/May/2023:11:13:51 +0800] "GET /xingrg/all/function/internal_message.html?_=1684811465132&CODE_STATE=getMsg HTTP/1.1" 200 27
114.85.36.120 - - [23/May/2023:11:13:52 +0800] "GET /xingrg/kc/buy/cgsh_order_operate.html?command=get_materiel&rest_code=00143&code=00101002048&supplier_code=00100207&order_time=2023-05-23 HTTP/1.1" 200 415
114.83.216.71 - - [23/May/2023:11:13:53 +0800] "GET /xingrg/all/function/internal_message.html?_=1684811631359&CODE_STATE=getMsg HTTP/1.1" 200 27
222.67.238.82 - - [23/May/2023:11:13:53 +0800] "GET /xingrg/kc/buy/cgsh_order_operate.html?command=get_materiel&rest_code=00141&code=00102009491&supplier_code=00100384&order_time=2023-05-23 HTTP/1.1" 200 416
120.253.135.82 - - [23/May/2023:11:14:01 +0800] "GET /xingrg/all/function/internal_message.html?_=1684811477687&CODE_STATE=getMsg HTTP/1.1" 200 27
124.79.240.114 - - [23/May/2023:11:14:02 +0800] "GET /xingrg/all/function/internal_message.html?_=1684811920791&CODE_STATE=getMsg HTTP/1.1" 200 27
222.67.238.82 - - [23/May/2023:11:14:06 +0800] "GET /xingrg/all/function/internal_message.html?_=1684811159281&CODE_STATE=getMsg HTTP/1.1" 200 27
120.253.135.82 - - [23/May/2023:11:14:08 +0800] "GET /xingrg/kc/pszx/mdps_order_list.html?orderType=0 HTTP/1.1" 200 21032
120.253.135.82 - - [23/May/2023:11:14:08 +0800] "POST /xingrg/kc/pszx/mdps_list_operate.html HTTP/1.1" 200 5319
222.67.238.82 - - [23/May/2023:11:14:09 +0800] "GET /xingrg/check_reg.html?_=1684811161779 HTTP/1.1" 200 22
222.70.172.86 - - [23/May/2023:11:14:16 +0800] "GET /xingrg/all/function/internal_message.html?_=1684811662232&CODE_STATE=getMsg HTTP/1.1" 200 27
114.85.36.120 - - [23/May/2023:11:14:17 +0800] "POST /xingrg/kc/buy/cgsh_order_operate.html HTTP/1.1" 200 37
180.169.147.146 - - [23/May/2023:11:14:17 +0800] "GET /xingrg/all/function/internal_message.html?_=1684811657673&CODE_STATE=getMsg HTTP/1.1" 200 27
114.85.36.120 - - [23/May/2023:11:14:19 +0800] "POST /xingrg/kc/buy/cgsh_order_operate.html HTTP/1.1" 200 4449
116.232.195.127 - - [23/May/2023:11:14:20 +0800] "GET /xingrg/check_reg.html?_=1684811700610 HTTP/1.1" 200 22
222.69.129.217 - - [23/May/2023:11:14:20 +0800] "GET /xingrg/all/function/internal_message.html?_=1684811758021&CODE_STATE=getMsg HTTP/1.1" 200 27
172.20.0.100 - - [23/May/2023:11:14:21 +0800] "GET /xingrg/all/function/internal_message.html?_=1684811665697&CODE_STATE=getMsg HTTP/1.1" 302 -
120.253.135.82 - - [23/May/2023:11:14:21 +0800] "POST /xingrg/kc/pszx/mdps_list_operate.html HTTP/1.1" 200 4290
114.85.36.120 - - [23/May/2023:11:14:22 +0800] "GET /xingrg/javascript/jquery_easy_ui/themes/default/images/tabs_active.png HTTP/1.1" 304 -
180.164.3.199 - - [23/May/2023:11:14:24 +0800] "GET /xingrg/check_reg.html?_=1684811662754 HTTP/1.1" 200 22
120.253.135.82 - - [23/May/2023:11:14:24 +0800] "POST /xingrg/kc/pszx/mdps_list_operate.html HTTP/1.1" 200 620
180.169.147.146 - - [23/May/2023:11:14:24 +0800] "GET /xingrg/all/function/internal_message.html?_=1684811665148&CODE_STATE=getMsg HTTP/1.1" 200 27
180.169.147.146 - - [23/May/2023:11:14:24 +0800] "GET /xingrg/check_reg.html?_=1684811665153 HTTP/1.1" 200 22
218.81.65.10 - - [23/May/2023:11:14:25 +0800] "GET /xingrg/all/function/internal_message.html?_=1684811664730&CODE_STATE=getMsg HTTP/1.1" 200 27
120.253.135.82 - - [23/May/2023:11:14:26 +0800] "GET /xingrg/kc/pszx/mdps_order_info.html?code=312023052100464 HTTP/1.1" 200 23978
114.85.36.120 - - [23/May/2023:11:14:26 +0800] "GET /xingrg/all/function/internal_message.html?_=1684810489066&CODE_STATE=getMsg HTTP/1.1" 200 27
120.253.135.82 - - [23/May/2023:11:14:26 +0800] "GET /xingrg/javascript/easyui/themes/default/validatebox.css HTTP/1.1" 404 1104
120.253.135.82 - - [23/May/2023:11:14:27 +0800] "POST /xingrg/kc/pszx/mdps_order_operate.html HTTP/1.1" 200 5297
180.163.28.109 - - [23/May/2023:11:14:28 +0800] "GET /xingrg/all/function/internal_message.html?_=1684811602523&CODE_STATE=getMsg HTTP/1.1" 302 -
180.163.28.109 - - [23/May/2023:11:14:28 +0800] "GET /xingrg/login.html HTTP/1.1" 200 7641
116.237.79.115 - - [23/May/2023:11:14:28 +0800] "GET /xingrg/all/function/internal_message.html?_=1684811662499&CODE_STATE=getMsg HTTP/1.1" 200 27
114.85.36.120 - - [23/May/2023:11:14:31 +0800] "POST /xingrg/kc/buy/cgsh_list_operate.html HTTP/1.1" 200 2749
180.171.121.39 - - [23/May/2023:11:14:33 +0800] "GET /xingrg/check_reg.html?_=1684811816481 HTTP/1.1" 200 22
180.169.147.146 - - [23/May/2023:11:14:34 +0800] "GET /xingrg/all/function/internal_message.html?_=1684811671028&CODE_STATE=getMsg HTTP/1.1" 200 27
116.224.158.100 - - [23/May/2023:11:14:35 +0800] "POST /xingrg/services/DataTransmitService HTTP/1.1" 200 524
222.67.238.82 - - [23/May/2023:11:14:36 +0800] "GET /xingrg/kc/buy/cgsh_order_operate.html?command=get_materiel&rest_code=00141&code=00102008072&supplier_code=00100384&order_time=2023-05-23 HTTP/1.1" 200 409
116.224.158.100 - - [23/May/2023:11:14:37 +0800] "POST /xingrg/services/DataTransmitService HTTP/1.1" 200 412
114.85.36.120 - - [23/May/2023:11:14:39 +0800] "GET /xingrg/kc/buy/cgsh_order_add.html HTTP/1.1" 200 70532
114.85.36.120 - - [23/May/2023:11:14:40 +0800] "POST /xingrg/kc/buy/cgsh_order_operate.html HTTP/1.1" 200 8245
114.85.36.120 - - [23/May/2023:11:14:40 +0800] "GET /xingrg/javascript/easyui/themes/default/validatebox.css HTTP/1.1" 404 1104
114.85.36.120 - - [23/May/2023:11:14:41 +0800] "GET /xingrg/javascript/easyui/themes/default/tree.css HTTP/1.1" 404 1090
114.85.36.120 - - [23/May/2023:11:14:42 +0800] "POST /xingrg/all/common/load_tree.html?tree=supplier_tree_json&isDelete=1 HTTP/1.1" 200 74192
120.253.135.82 - - [23/May/2023:11:14:43 +0800] "POST /xingrg/kc/pszx/mdps_list_operate.html HTTP/1.1" 200 1688
116.238.139.35 - - [23/May/2023:11:14:50 +0800] "GET /xingrg/all/function/internal_message.html?_=1684811688366&CODE_STATE=getMsg HTTP/1.1" 200 27
116.238.139.35 - - [23/May/2023:11:14:50 +0800] "GET /xingrg/all/function/internal_message.html?_=1684811607102&CODE_STATE=getMsg HTTP/1.1" 200 27
180.164.3.199 - - [23/May/2023:11:14:50 +0800] "GET /xingrg/all/function/internal_message.html?_=1684811689531&CODE_STATE=getMsg HTTP/1.1" 200 27
120.253.135.82 - - [23/May/2023:11:14:51 +0800] "POST /xingrg/kc/pszx/mdps_list_operate.html HTTP/1.1" 200 4872
116.224.158.100 - - [23/May/2023:11:14:51 +0800] "GET /xingrg/all/function/internal_message.html?_=1684811525104&CODE_STATE=getMsg HTTP/1.1" 200 27
114.83.216.71 - - [23/May/2023:11:14:53 +0800] "GET /xingrg/check_reg.html?_=1684811691346 HTTP/1.1" 200 22
114.83.216.71 - - [23/May/2023:11:14:53 +0800] "GET /xingrg/all/function/internal_message.html?_=1684811691349&CODE_STATE=getMsg HTTP/1.1" 200 27
120.253.135.82 - - [23/May/2023:11:14:53 +0800] "POST /xingrg/kc/pszx/mdps_list_operate.html HTTP/1.1" 200 211
120.253.135.82 - - [23/May/2023:11:14:56 +0800] "POST /xingrg/kc/pszx/mdps_list_operate.html HTTP/1.1" 200 631
114.85.36.120 - - [23/May/2023:11:14:56 +0800] "GET /xingrg/javascript/jquery_tools/images/prev.gif HTTP/1.1" 404 1086
114.85.36.120 - - [23/May/2023:11:14:56 +0800] "GET /xingrg/javascript/jquery_tools/images/next.gif HTTP/1.1" 404 1086
120.253.135.82 - - [23/May/2023:11:14:57 +0800] "GET /xingrg/kc/pszx/mdps_order_info.html?code=312023052200478 HTTP/1.1" 200 19638
120.253.135.82 - - [23/May/2023:11:14:58 +0800] "GET /xingrg/javascript/easyui/themes/default/validatebox.css HTTP/1.1" 404 1104
120.253.135.82 - - [23/May/2023:11:14:58 +0800] "POST /xingrg/kc/pszx/mdps_order_operate.html HTTP/1.1" 200 5493
120.253.135.82 - - [23/May/2023:11:15:01 +0800] "GET /xingrg/all/function/internal_message.html?_=1684811537699&CODE_STATE=getMsg HTTP/1.1" 200 27
124.79.240.114 - - [23/May/2023:11:15:02 +0800] "GET /xingrg/all/function/internal_message.html?_=1684811980808&CODE_STATE=getMsg HTTP/1.1" 200 27
124.79.240.114 - - [23/May/2023:11:15:02 +0800] "GET /xingrg/check_reg.html?_=1684811980810 HTTP/1.1" 200 22
222.67.238.82 - - [23/May/2023:11:15:06 +0800] "GET /xingrg/all/function/internal_message.html?_=1684811219263&CODE_STATE=getMsg HTTP/1.1" 200 27
120.253.135.82 - - [23/May/2023:11:15:06 +0800] "POST /xingrg/kc/pszx/mdps_list_operate.html HTTP/1.1" 200 4872
120.253.135.82 - - [23/May/2023:11:15:08 +0800] "GET /xingrg/kc/pszx/mdqp_order_list.html?state=10 HTTP/1.1" 200 10275
120.253.135.82 - - [23/May/2023:11:15:08 +0800] "GET /xingrg/dwr/interface/AjaxQqpsService.js HTTP/1.1" 200 16326
120.253.135.82 - - [23/May/2023:11:15:08 +0800] "GET /xingrg/dwr/interface/AjaxReportQueryService.js HTTP/1.1" 200 13203
120.253.135.82 - - [23/May/2023:11:15:08 +0800] "GET /xingrg/dwr/engine.js HTTP/1.1" 200 43631
222.67.238.82 - - [23/May/2023:11:15:10 +0800] "POST /xingrg/kc/buy/cgsh_order_operate.html HTTP/1.1" 200 37
222.70.172.86 - - [23/May/2023:11:15:11 +0800] "GET /xingrg/check_reg.html?_=1684811716802 HTTP/1.1" 200 22
116.224.158.100 - - [23/May/2023:11:15:11 +0800] "GET /xingrg/check_reg.html?_=1684811712926 HTTP/1.1" 200 22
222.67.238.82 - - [23/May/2023:11:15:16 +0800] "POST /xingrg/kc/buy/cgsh_order_operate.html HTTP/1.1" 200 12
222.70.172.86 - - [23/May/2023:11:15:16 +0800] "GET /xingrg/all/function/internal_message.html?_=1684811722245&CODE_STATE=getMsg HTTP/1.1" 200 27
180.169.147.146 - - [23/May/2023:11:15:17 +0800] "GET /xingrg/all/function/internal_message.html?_=1684811717680&CODE_STATE=getMsg HTTP/1.1" 200 27
222.67.238.82 - - [23/May/2023:11:15:18 +0800] "GET /xingrg/kc/buy/cgsh_order_info.html?code=212023052308506 HTTP/1.1" 200 66370
222.67.238.82 - - [23/May/2023:11:15:19 +0800] "GET /xingrg/javascript/easyui/themes/default/validatebox.css HTTP/1.1" 404 1104
222.67.238.82 - - [23/May/2023:11:15:20 +0800] "POST /xingrg/kc/buy/cgsh_order_operate.html HTTP/1.1" 200 2394
222.69.129.217 - - [23/May/2023:11:15:20 +0800] "GET /xingrg/all/function/internal_message.html?_=1684811818039&CODE_STATE=getMsg HTTP/1.1" 200 27
172.20.0.100 - - [23/May/2023:11:15:21 +0800] "GET /xingrg/all/function/internal_message.html?_=1684811725706&CODE_STATE=getMsg HTTP/1.1" 302 -
172.20.0.100 - - [23/May/2023:11:15:21 +0800] "GET /xingrg/check_reg.html?_=1684811725707 HTTP/1.1" 302 -
180.169.147.146 - - [23/May/2023:11:15:24 +0800] "GET /xingrg/all/function/internal_message.html?_=1684811725150&CODE_STATE=getMsg HTTP/1.1" 200 27
218.81.65.10 - - [23/May/2023:11:15:25 +0800] "GET /xingrg/check_reg.html?_=1684811724732 HTTP/1.1" 200 22
218.81.65.10 - - [23/May/2023:11:15:25 +0800] "GET /xingrg/all/function/internal_message.html?_=1684811724740&CODE_STATE=getMsg HTTP/1.1" 200 27
114.85.36.120 - - [23/May/2023:11:15:26 +0800] "GET /xingrg/all/function/internal_message.html?_=1684810549077&CODE_STATE=getMsg HTTP/1.1" 200 27
180.163.29.212 - - [23/May/2023:11:15:28 +0800] "GET /xingrg/all/function/internal_message.html?_=1684811662499&CODE_STATE=getMsg HTTP/1.1" 302 -
180.163.29.212 - - [23/May/2023:11:15:28 +0800] "GET /xingrg/login.html HTTP/1.1" 200 7641
116.237.79.115 - - [23/May/2023:11:15:28 +0800] "GET /xingrg/all/function/internal_message.html?_=1684811722471&CODE_STATE=getMsg HTTP/1.1" 200 27
222.70.172.86 - - [23/May/2023:11:15:33 +0800] "GET /xingrg/kc/buy/cgsh_order_operate.html?command=get_materiel&rest_code=00146&code=00102013004&supplier_code=00100075&order_time=2023-05-23 HTTP/1.1" 200 408
180.169.147.146 - - [23/May/2023:11:15:34 +0800] "GET /xingrg/all/function/internal_message.html?_=1684811731030&CODE_STATE=getMsg HTTP/1.1" 200 27
114.85.36.120 - - [23/May/2023:11:15:37 +0800] "GET /xingrg/kc/buy/cgsh_order_operate.html?command=get_materiel&rest_code=00143&code=00101008005&supplier_code=00100161&order_time=2023-05-18 HTTP/1.1" 200 412
116.238.139.35 - - [23/May/2023:11:15:50 +0800] "GET /xingrg/all/function/internal_message.html?_=1684811748348&CODE_STATE=getMsg HTTP/1.1" 200 27
116.238.139.35 - - [23/May/2023:11:15:50 +0800] "GET /xingrg/all/function/internal_message.html?_=1684811667109&CODE_STATE=getMsg HTTP/1.1" 200 27
180.164.3.199 - - [23/May/2023:11:15:50 +0800] "GET /xingrg/check_reg.html?_=1684811749545 HTTP/1.1" 200 22
180.164.3.199 - - [23/May/2023:11:15:50 +0800] "GET /xingrg/all/function/internal_message.html?_=1684811749547&CODE_STATE=getMsg HTTP/1.1" 200 27
116.224.158.100 - - [23/May/2023:11:15:51 +0800] "GET /xingrg/all/function/internal_message.html?_=1684811585084&CODE_STATE=getMsg HTTP/1.1" 200 27
222.67.238.82 - - [23/May/2023:11:15:52 +0800] "GET /xingrg/kc/print/load_data.html?order_code=212023052308506&kc_code=cgsh&condition= HTTP/1.1" 200 1401
114.83.216.71 - - [23/May/2023:11:15:53 +0800] "GET /xingrg/all/function/internal_message.html?_=1684811751351&CODE_STATE=getMsg HTTP/1.1" 200 27
114.85.36.120 - - [23/May/2023:11:15:57 +0800] "GET /xingrg/kc/buy/cgsh_order_operate.html?command=get_materiel&rest_code=00143&code=00101008059&supplier_code=00100161&order_time=2023-05-18 HTTP/1.1" 200 408
222.70.172.86 - - [23/May/2023:11:15:57 +0800] "GET /xingrg/kc/buy/cgsh_order_operate.html?command=get_materiel&rest_code=00146&code=00102003284&supplier_code=00100075&order_time=2023-05-23 HTTP/1.1" 200 408
120.253.135.82 - - [23/May/2023:11:16:01 +0800] "GET /xingrg/all/function/internal_message.html?_=1684811597818&CODE_STATE=getMsg HTTP/1.1" 200 27
124.79.240.114 - - [23/May/2023:11:16:02 +0800] "GET /xingrg/all/function/internal_message.html?_=1684812040800&CODE_STATE=getMsg HTTP/1.1" 200 27
222.67.238.82 - - [23/May/2023:11:16:06 +0800] "GET /xingrg/all/function/internal_message.html?_=1684811279246&CODE_STATE=getMsg HTTP/1.1" 200 27
222.70.172.86 - - [23/May/2023:11:16:10 +0800] "POST /xingrg/kc/buy/cgsh_order_operate.html HTTP/1.1" 200 37
114.85.36.120 - - [23/May/2023:11:16:14 +0800] "GET /xingrg/kc/buy/cgsh_order_operate.html?command=get_materiel&rest_code=00143&code=00101008370&supplier_code=00100161&order_time=2023-05-18 HTTP/1.1" 200 412
222.70.172.86 - - [23/May/2023:11:16:17 +0800] "POST /xingrg/kc/buy/cgsh_order_operate.html HTTP/1.1" 200 3242
180.169.147.146 - - [23/May/2023:11:16:17 +0800] "GET /xingrg/all/function/internal_message.html?_=1684811777682&CODE_STATE=getMsg HTTP/1.1" 200 27
222.70.172.86 - - [23/May/2023:11:16:19 +0800] "GET /xingrg/all/function/internal_message.html?_=1684811785005&CODE_STATE=getMsg HTTP/1.1" 200 27
222.69.129.217 - - [23/May/2023:11:16:20 +0800] "GET /xingrg/all/function/internal_message.html?_=1684811878022&CODE_STATE=getMsg HTTP/1.1" 200 27
222.70.172.86 - - [23/May/2023:11:16:20 +0800] "GET /xingrg/kc/print/load_data.html?order_code=212023052308507&kc_code=cgsh&condition= HTTP/1.1" 200 915
172.20.0.100 - - [23/May/2023:11:16:21 +0800] "GET /xingrg/all/function/internal_message.html?_=1684811785705&CODE_STATE=getMsg HTTP/1.1" 302 -
114.85.36.120 - - [23/May/2023:11:16:24 +0800] "GET /xingrg/kc/buy/cgsh_order_operate.html?command=get_materiel&rest_code=00143&code=00101008361&supplier_code=00100161&order_time=2023-05-18 HTTP/1.1" 200 408
180.169.147.146 - - [23/May/2023:11:16:24 +0800] "GET /xingrg/all/function/internal_message.html?_=1684811785141&CODE_STATE=getMsg HTTP/1.1" 200 27
218.81.65.10 - - [23/May/2023:11:16:25 +0800] "GET /xingrg/all/function/internal_message.html?_=1684811784732&CODE_STATE=getMsg HTTP/1.1" 200 27
114.85.36.120 - - [23/May/2023:11:16:26 +0800] "GET /xingrg/check_reg.html?_=1684810609055 HTTP/1.1" 200 22
114.85.36.120 - - [23/May/2023:11:16:26 +0800] "GET /xingrg/all/function/internal_message.html?_=1684810609058&CODE_STATE=getMsg HTTP/1.1" 200 27
222.70.172.86 - - [23/May/2023:11:16:27 +0800] "GET /xingrg/kc/buy/cgsh_order_add.html HTTP/1.1" 200 71451
222.70.172.86 - - [23/May/2023:11:16:27 +0800] "POST /xingrg/kc/buy/cgsh_order_operate.html HTTP/1.1" 200 8245
222.70.172.86 - - [23/May/2023:11:16:27 +0800] "GET /xingrg/javascript/easyui/themes/default/validatebox.css HTTP/1.1" 404 1104
180.163.28.68 - - [23/May/2023:11:16:28 +0800] "GET /xingrg/all/function/internal_message.html?_=1684811722471&CODE_STATE=getMsg HTTP/1.1" 302 -
180.163.28.68 - - [23/May/2023:11:16:28 +0800] "GET /xingrg/login.html HTTP/1.1" 200 7641
116.237.79.115 - - [23/May/2023:11:16:28 +0800] "GET /xingrg/all/function/internal_message.html?_=1684811782456&CODE_STATE=getMsg HTTP/1.1" 200 27
180.169.147.146 - - [23/May/2023:11:16:34 +0800] "GET /xingrg/all/function/internal_message.html?_=1684811791029&CODE_STATE=getMsg HTTP/1.1" 200 27
114.85.36.120 - - [23/May/2023:11:16:36 +0800] "GET /xingrg/kc/buy/cgsh_order_operate.html?command=get_materiel&rest_code=00143&code=00101008355&supplier_code=00100161&order_time=2023-05-18 HTTP/1.1" 200 408
222.70.172.86 - - [23/May/2023:11:16:44 +0800] "GET /xingrg/kc/buy/cgsh_order_operate.html?command=get_materiel&rest_code=00146&code=00101006111&supplier_code=00100012&order_time=2023-05-23 HTTP/1.1" 200 409
114.85.36.120 - - [23/May/2023:11:16:45 +0800] "GET /xingrg/kc/buy/cgsh_order_operate.html?command=get_materiel&rest_code=00143&code=00101008024&supplier_code=00100161&order_time=2023-05-18 HTTP/1.1" 200 408
116.238.139.35 - - [23/May/2023:11:16:49 +0800] "GET /xingrg/check_reg.html?_=1684811726003 HTTP/1.1" 200 22
116.238.139.35 - - [23/May/2023:11:16:50 +0800] "GET /xingrg/all/function/internal_message.html?_=1684811808352&CODE_STATE=getMsg HTTP/1.1" 200 27
116.238.139.35 - - [23/May/2023:11:16:50 +0800] "GET /xingrg/all/function/internal_message.html?_=1684811727123&CODE_STATE=getMsg HTTP/1.1" 200 27
180.164.3.199 - - [23/May/2023:11:16:50 +0800] "GET /xingrg/all/function/internal_message.html?_=1684811809543&CODE_STATE=getMsg HTTP/1.1" 200 27
116.224.158.100 - - [23/May/2023:11:16:51 +0800] "GET /xingrg/all/function/internal_message.html?_=1684811645070&CODE_STATE=getMsg HTTP/1.1" 200 27
114.83.216.71 - - [23/May/2023:11:16:53 +0800] "GET /xingrg/all/function/internal_message.html?_=1684811811351&CODE_STATE=getMsg HTTP/1.1" 200 27
114.85.36.120 - - [23/May/2023:11:16:56 +0800] "GET /xingrg/kc/buy/cgsh_order_operate.html?command=get_materiel&rest_code=00143&code=00101008356&supplier_code=00100161&order_time=2023-05-18 HTTP/1.1" 200 408
120.253.135.82 - - [23/May/2023:11:17:01 +0800] "GET /xingrg/all/function/internal_message.html?_=1684811657820&CODE_STATE=getMsg HTTP/1.1" 200 27
124.79.240.114 - - [23/May/2023:11:17:02 +0800] "GET /xingrg/all/function/internal_message.html?_=1684812100801&CODE_STATE=getMsg HTTP/1.1" 200 27
