120.253.135.82 - - [23/May/2023:11:36:53 +0800] "GET /xingrg/dwr/engine.js HTTP/1.1" 200 43631
180.169.147.146 - - [23/May/2023:11:36:53 +0800] "GET /xingrg/kc/buy/cgsh_order_operate.html?command=get_materiel&rest_code=00147&code=00101008119&supplier_code=00100467&order_time=2023-05-22 HTTP/1.1" 200 412
218.81.65.10 - - [23/May/2023:11:36:53 +0800] "POST /xingrg/kc/mdqp/pssh_list_operate.html HTTP/1.1" 200 5331
218.81.65.10 - - [23/May/2023:11:36:55 +0800] "GET /xingrg/kc/mdqp/qqps_order_list.html HTTP/1.1" 200 9640
218.81.65.10 - - [23/May/2023:11:36:55 +0800] "GET /xingrg/dwr/interface/AjaxQqpsService.js HTTP/1.1" 200 16326
218.81.65.10 - - [23/May/2023:11:36:55 +0800] "GET /xingrg/dwr/interface/AjaxReportQueryService.js HTTP/1.1" 200 13203
218.81.65.10 - - [23/May/2023:11:36:55 +0800] "GET /xingrg/dwr/engine.js HTTP/1.1" 200 43631
218.81.65.10 - - [23/May/2023:11:36:56 +0800] "GET /xingrg/kc/mdqp/qqps_order_add.html HTTP/1.1" 200 28300
218.81.65.10 - - [23/May/2023:11:36:56 +0800] "GET /xingrg/dwr/interface/AjaxComOrderService.js HTTP/1.1" 200 18264
218.81.65.10 - - [23/May/2023:11:36:56 +0800] "GET /xingrg/dwr/interface/AjaxQqpsService.js HTTP/1.1" 200 16326
218.81.65.10 - - [23/May/2023:11:36:56 +0800] "GET /xingrg/dwr/engine.js HTTP/1.1" 200 43631
120.253.135.82 - - [23/May/2023:11:37:01 +0800] "GET /xingrg/all/function/internal_message.html?_=1684812858279&CODE_STATE=getMsg HTTP/1.1" 200 27
180.169.147.146 - - [23/May/2023:11:37:01 +0800] "GET /xingrg/kc/buy/cgsh_order_operate.html?command=get_materiel&rest_code=00147&code=00101008038&supplier_code=00100467&order_time=2023-05-22 HTTP/1.1" 200 412
114.85.36.120 - - [23/May/2023:11:37:02 +0800] "GET /xingrg/kc/buy/cgsh_order_operate.html?command=get_materiel&rest_code=00143&code=00101008298&supplier_code=00100161&order_time=2023-05-20 HTTP/1.1" 200 412
124.79.240.114 - - [23/May/2023:11:37:02 +0800] "GET /xingrg/all/function/internal_message.html?_=1684813300833&CODE_STATE=getMsg HTTP/1.1" 200 27
218.81.65.10 - - [23/May/2023:11:37:04 +0800] "POST /xingrg/dwr/call/plaincall/AjaxQqpsService.saveOrder.dwr HTTP/1.1" 200 78
222.67.238.82 - - [23/May/2023:11:37:06 +0800] "GET /xingrg/all/function/internal_message.html?_=1684812538734&CODE_STATE=getMsg HTTP/1.1" 200 27
116.238.139.35 - - [23/May/2023:11:37:06 +0800] "GET /xingrg/kc/base/wldb_order_operate.html?command=get_materiel&rest_code=00150&base_code=0010446&code=00102002367 HTTP/1.1" 200 430
114.85.36.120 - - [23/May/2023:11:37:07 +0800] "POST /xingrg/kc/buy/cgsh_order_operate.html HTTP/1.1" 200 2065
218.81.65.10 - - [23/May/2023:11:37:07 +0800] "GET /xingrg/javascript/auto/indicator.gif HTTP/1.1" 404 1066
218.81.65.10 - - [23/May/2023:11:37:08 +0800] "POST /xingrg/dwr/call/plaincall/AjaxQqpsService.getMaterielByCode.dwr HTTP/1.1" 200 2714
180.169.147.146 - - [23/May/2023:11:37:09 +0800] "GET /xingrg/kc/buy/cgsh_order_operate.html?command=get_materiel&rest_code=00147&code=00101008163&supplier_code=00100467&order_time=2023-05-22 HTTP/1.1" 200 409
116.237.79.115 - - [23/May/2023:11:37:09 +0800] "GET /xingrg/check_reg.html?_=1684813023805 HTTP/1.1" 200 22
124.79.74.67 - - [23/May/2023:11:37:10 +0800] "GET /xingrg/all/function/internal_message.html?_=1684813033762&CODE_STATE=getMsg HTTP/1.1" 200 27
218.81.65.10 - - [23/May/2023:11:37:10 +0800] "POST /xingrg/dwr/call/plaincall/AjaxQqpsService.saveMaterielItem.dwr HTTP/1.1" 200 78
116.238.139.35 - - [23/May/2023:11:37:11 +0800] "GET /xingrg/kc/base/wldb_order_operate.html?command=get_materiel&rest_code=00150&base_code=0010446&code=00102002448 HTTP/1.1" 200 440
180.169.147.146 - - [23/May/2023:11:37:16 +0800] "GET /xingrg/kc/buy/cgsh_order_operate.html?command=get_materiel&rest_code=00147&code=00101008224&supplier_code=00100467&order_time=2023-05-22 HTTP/1.1" 200 416
116.238.139.35 - - [23/May/2023:11:37:17 +0800] "GET /xingrg/kc/base/wldb_order_operate.html?command=get_materiel&rest_code=00150&base_code=0010446&code=00102004030 HTTP/1.1" 200 442
180.169.147.146 - - [23/May/2023:11:37:17 +0800] "GET /xingrg/check_reg.html?_=1684813037681 HTTP/1.1" 200 22
180.169.147.146 - - [23/May/2023:11:37:17 +0800] "GET /xingrg/all/function/internal_message.html?_=1684813037686&CODE_STATE=getMsg HTTP/1.1" 200 27
114.85.36.120 - - [23/May/2023:11:37:20 +0800] "GET /xingrg/kc/buy/cgsh_order_operate.html?command=get_materiel&rest_code=00143&code=00101008176&supplier_code=00100161&order_time=2023-05-20 HTTP/1.1" 200 413
222.69.129.217 - - [23/May/2023:11:37:20 +0800] "GET /xingrg/all/function/internal_message.html?_=1684813138021&CODE_STATE=getMsg HTTP/1.1" 200 27
172.20.0.100 - - [23/May/2023:11:37:21 +0800] "GET /xingrg/all/function/internal_message.html?_=1684813045710&CODE_STATE=getMsg HTTP/1.1" 302 -
116.238.139.35 - - [23/May/2023:11:37:22 +0800] "GET /xingrg/kc/base/wldb_order_operate.html?command=get_materiel&rest_code=00150&base_code=0010446&code=00102002238 HTTP/1.1" 200 434
180.169.147.146 - - [23/May/2023:11:37:23 +0800] "GET /xingrg/kc/buy/cgsh_order_operate.html?command=get_materiel&rest_code=00147&code=00101008361&supplier_code=00100467&order_time=2023-05-22 HTTP/1.1" 200 408
222.70.172.86 - - [23/May/2023:11:37:23 +0800] "GET /xingrg/all/function/internal_message.html?_=1684813049502&CODE_STATE=getMsg HTTP/1.1" 200 27
180.169.147.146 - - [23/May/2023:11:37:24 +0800] "GET /xingrg/all/function/internal_message.html?_=1684813045154&CODE_STATE=getMsg HTTP/1.1" 200 27
101.229.22.40 - - [23/May/2023:11:37:25 +0800] "GET /favicon.ico HTTP/1.1" 404 -
101.229.22.40 - - [23/May/2023:11:37:25 +0800] "GET /xingrg/login.html HTTP/1.1" 200 7641
218.81.65.10 - - [23/May/2023:11:37:25 +0800] "GET /xingrg/all/function/internal_message.html?_=1684813044790&CODE_STATE=getMsg HTTP/1.1" 200 27
101.229.22.40 - - [23/May/2023:11:37:25 +0800] "GET /xingrg/images/blue/jxLogo.png HTTP/1.1" 304 -
101.229.22.40 - - [23/May/2023:11:37:26 +0800] "GET /xingrg/images/blue/login_bg.png HTTP/1.1" 304 -
101.229.22.40 - - [23/May/2023:11:37:26 +0800] "GET /xingrg/images/blue/srbg.png HTTP/1.1" 304 -
101.229.22.40 - - [23/May/2023:11:37:26 +0800] "GET /xingrg/images/blue/hj.png HTTP/1.1" 304 -
114.85.36.120 - - [23/May/2023:11:37:26 +0800] "GET /xingrg/all/function/internal_message.html?_=1684811869079&CODE_STATE=getMsg HTTP/1.1" 200 27
101.229.22.40 - - [23/May/2023:11:37:26 +0800] "GET /favicon.ico HTTP/1.1" 404 -
116.237.79.115 - - [23/May/2023:11:37:28 +0800] "GET /xingrg/all/function/internal_message.html?_=1684813041969&CODE_STATE=getMsg HTTP/1.1" 200 27
180.163.30.27 - - [23/May/2023:11:37:28 +0800] "GET /xingrg/all/function/internal_message.html?_=1684812981993&CODE_STATE=getMsg HTTP/1.1" 302 -
180.163.30.27 - - [23/May/2023:11:37:28 +0800] "GET /xingrg/login.html HTTP/1.1" 200 7641
116.238.139.35 - - [23/May/2023:11:37:29 +0800] "GET /xingrg/kc/base/wldb_order_operate.html?command=get_materiel&rest_code=00150&base_code=0010446&code=00102001031 HTTP/1.1" 200 440
180.169.147.146 - - [23/May/2023:11:37:31 +0800] "GET /xingrg/all/function/internal_message.html?_=1684813051351&CODE_STATE=getMsg HTTP/1.1" 200 27
180.169.147.146 - - [23/May/2023:11:37:31 +0800] "GET /xingrg/kc/buy/cgsh_order_operate.html?command=get_materiel&rest_code=00147&code=00101008355&supplier_code=00100467&order_time=2023-05-22 HTTP/1.1" 200 408
180.169.147.146 - - [23/May/2023:11:37:34 +0800] "GET /xingrg/check_reg.html?_=1684813051052 HTTP/1.1" 200 22
180.169.147.146 - - [23/May/2023:11:37:34 +0800] "GET /xingrg/all/function/internal_message.html?_=1684813051055&CODE_STATE=getMsg HTTP/1.1" 200 27
116.238.139.35 - - [23/May/2023:11:37:34 +0800] "GET /xingrg/all/function/internal_message.html?_=1684813052588&CODE_STATE=getMsg HTTP/1.1" 200 27
116.238.139.35 - - [23/May/2023:11:37:35 +0800] "GET /xingrg/kc/base/wldb_order_operate.html?command=get_materiel&rest_code=00150&base_code=0010446&code=00102001111 HTTP/1.1" 200 439
180.169.147.146 - - [23/May/2023:11:37:38 +0800] "GET /xingrg/kc/buy/cgsh_order_operate.html?command=get_materiel&rest_code=00147&code=00101008144&supplier_code=00100467&order_time=2023-05-22 HTTP/1.1" 200 412
101.229.22.40 - - [23/May/2023:11:37:45 +0800] "POST /xingrg/login.do HTTP/1.1" 302 -
101.229.22.40 - - [23/May/2023:11:37:45 +0800] "GET /xingrg/index.html?sysBaseUrl=http%3A%2F%2F180.169.147.146%3A18081%2Fxingrg%2F&costTime=813×tamp=1684813065337 HTTP/1.1" 200 17179
101.229.22.40 - - [23/May/2023:11:37:45 +0800] "GET /xingrg/javascript/jquery_easy_ui/themes/default/easyui.css HTTP/1.1" 304 -
101.229.22.40 - - [23/May/2023:11:37:45 +0800] "GET /xingrg/javascript/jquery_easy_ui/themes/icon.css HTTP/1.1" 304 -
101.229.22.40 - - [23/May/2023:11:37:45 +0800] "GET /xingrg/javascript/jquery_easy_ui/easyui-lang-zh_CN.js HTTP/1.1" 304 -
101.229.22.40 - - [23/May/2023:11:37:45 +0800] "GET /xingrg/javascript/jquery.form.js HTTP/1.1" 304 -
101.229.22.40 - - [23/May/2023:11:37:45 +0800] "GET /xingrg/css/form.css HTTP/1.1" 304 -
101.229.22.40 - - [23/May/2023:11:37:45 +0800] "GET /xingrg/javascript/jquery_easy_ui/jquery.easyui.min.js HTTP/1.1" 304 -
101.229.22.40 - - [23/May/2023:11:37:45 +0800] "GET /xingrg/javascript/jquery-1.4.2.min.js HTTP/1.1" 304 -
101.229.22.40 - - [23/May/2023:11:37:45 +0800] "GET /xingrg/javascript/jquery.utils.js HTTP/1.1" 304 -
101.229.22.40 - - [23/May/2023:11:37:45 +0800] "GET /xingrg/javascript/jquery.timers.js HTTP/1.1" 304 -
101.229.22.40 - - [23/May/2023:11:37:45 +0800] "GET /favicon.ico HTTP/1.1" 404 -
101.229.22.40 - - [23/May/2023:11:37:45 +0800] "GET /xingrg/images/blue/navBackgound.jpg HTTP/1.1" 304 -
101.229.22.40 - - [23/May/2023:11:37:45 +0800] "GET /xingrg/javascript/jquery_easy_ui/themes/icons/settle_new.png HTTP/1.1" 304 -
180.169.147.146 - - [23/May/2023:11:37:45 +0800] "GET /xingrg/kc/buy/cgsh_order_operate.html?command=get_materiel&rest_code=00147&code=00101008264&supplier_code=00100467&order_time=2023-05-22 HTTP/1.1" 200 412
101.229.22.40 - - [23/May/2023:11:37:45 +0800] "POST /xingrg/all/common/load_tree.html?tree=area_rest_tree_json&manage=1 HTTP/1.1" 200 351
101.229.22.40 - - [23/May/2023:11:37:45 +0800] "GET /xingrg/images/blue/pingpu.png HTTP/1.1" 304 -
101.229.22.40 - - [23/May/2023:11:37:45 +0800] "GET /xingrg/javascript/jquery_easy_ui/themes/default/images/tabs_leftarrow.png HTTP/1.1" 304 -
101.229.22.40 - - [23/May/2023:11:37:45 +0800] "GET /xingrg/all/function/internal_message.html?_=1684813064844&CODE_STATE=count HTTP/1.1" 200 11
101.229.22.40 - - [23/May/2023:11:37:45 +0800] "GET /xingrg/check_reg.html?_=1684813064846 HTTP/1.1" 200 22
101.229.22.40 - - [23/May/2023:11:37:45 +0800] "GET /xingrg/javascript/jquery_easy_ui/themes/default/images/tabs_rightarrow.png HTTP/1.1" 304 -
101.229.22.40 - - [23/May/2023:11:37:45 +0800] "GET /xingrg/javascript/jquery_easy_ui/themes/default/images/panel_tool_collapse.gif HTTP/1.1" 304 -
101.229.22.40 - - [23/May/2023:11:37:45 +0800] "POST /xingrg/load_menu.html HTTP/1.1" 200 5138
101.229.22.40 - - [23/May/2023:11:37:46 +0800] "GET /xingrg/javascript/jquery_easy_ui/themes/default/images/tree_arrows.gif HTTP/1.1" 304 -
101.229.22.40 - - [23/May/2023:11:37:46 +0800] "GET /xingrg/javascript/jquery_easy_ui/themes/default/images/tree_folder_open.gif HTTP/1.1" 304 -
101.229.22.40 - - [23/May/2023:11:37:46 +0800] "GET /xingrg/javascript/jquery_easy_ui/themes/icons/forms_new.png HTTP/1.1" 304 -
101.229.22.40 - - [23/May/2023:11:37:46 +0800] "GET /xingrg/javascript/jquery_easy_ui/themes/default/images/tree_folder.gif HTTP/1.1" 304 -
101.229.22.40 - - [23/May/2023:11:37:46 +0800] "GET /xingrg/javascript/jquery_easy_ui/themes/icons/storage_new.png HTTP/1.1" 304 -
101.229.22.40 - - [23/May/2023:11:37:46 +0800] "GET /xingrg/javascript/jquery_easy_ui/themes/icons/search_new.png HTTP/1.1" 304 -
101.229.22.40 - - [23/May/2023:11:37:46 +0800] "GET /xingrg/javascript/jquery_easy_ui/themes/default/images/tree_file.gif HTTP/1.1" 304 -
218.81.65.10 - - [23/May/2023:11:37:49 +0800] "POST /xingrg/dwr/call/plaincall/AjaxQqpsService.getMaterielByCode.dwr HTTP/1.1" 200 2768
101.229.22.40 - - [23/May/2023:11:37:50 +0800] "GET /xingrg/javascript/jquery_easy_ui/themes/icons/area.png HTTP/1.1" 304 -
101.229.22.40 - - [23/May/2023:11:37:50 +0800] "GET /xingrg/javascript/jquery_easy_ui/themes/icons/rest.png HTTP/1.1" 304 -
180.164.3.199 - - [23/May/2023:11:37:50 +0800] "GET /xingrg/all/function/internal_message.html?_=1684813069527&CODE_STATE=getMsg HTTP/1.1" 200 27
116.238.139.35 - - [23/May/2023:11:37:51 +0800] "GET /xingrg/all/function/internal_message.html?_=1684812987516&CODE_STATE=getMsg HTTP/1.1" 200 27
116.238.139.35 - - [23/May/2023:11:37:51 +0800] "POST /xingrg/kc/base/wldb_order_operate.html HTTP/1.1" 200 37
116.224.158.100 - - [23/May/2023:11:37:51 +0800] "GET /xingrg/all/function/internal_message.html?_=1684812904707&CODE_STATE=getMsg HTTP/1.1" 200 27
218.81.65.10 - - [23/May/2023:11:37:51 +0800] "POST /xingrg/dwr/call/plaincall/AjaxQqpsService.saveMaterielItem.dwr HTTP/1.1" 200 78
116.224.158.100 - - [23/May/2023:11:37:52 +0800] "GET /xingrg/check_reg.html?_=1684812905693 HTTP/1.1" 200 22
180.169.147.146 - - [23/May/2023:11:37:52 +0800] "GET /xingrg/kc/buy/cgsh_order_operate.html?command=get_materiel&rest_code=00147&code=00101008415&supplier_code=00100467&order_time=2023-05-22 HTTP/1.1" 200 412
114.83.216.71 - - [23/May/2023:11:37:53 +0800] "GET /xingrg/all/function/internal_message.html?_=1684813071446&CODE_STATE=getMsg HTTP/1.1" 200 27
218.81.65.10 - - [23/May/2023:11:37:54 +0800] "POST /xingrg/dwr/call/plaincall/AjaxQqpsService.checkOrder.dwr HTTP/1.1" 200 78
218.81.65.10 - - [23/May/2023:11:37:55 +0800] "GET /xingrg/kc/mdqp/qqps_order_info.html?code=302023052300386 HTTP/1.1" 200 26701
218.81.65.10 - - [23/May/2023:11:37:55 +0800] "GET /xingrg/dwr/interface/AjaxComOrderService.js HTTP/1.1" 200 18264
218.81.65.10 - - [23/May/2023:11:37:55 +0800] "GET /xingrg/dwr/interface/AjaxQqpsService.js HTTP/1.1" 200 16326
218.81.65.10 - - [23/May/2023:11:37:55 +0800] "GET /xingrg/dwr/engine.js HTTP/1.1" 200 43631
218.81.65.10 - - [23/May/2023:11:37:56 +0800] "POST /xingrg/dwr/call/plaincall/AjaxQqpsService.loadMaterielItems.dwr HTTP/1.1" 200 701
101.229.22.40 - - [23/May/2023:11:37:56 +0800] "GET /xingrg/javascript/jquery_easy_ui/themes/default/images/tabs_close.gif HTTP/1.1" 304 -
101.229.22.40 - - [23/May/2023:11:37:57 +0800] "GET /xingrg/kc/buy/cgsh_order_list.html HTTP/1.1" 200 55675
101.229.22.40 - - [23/May/2023:11:37:57 +0800] "GET /xingrg/css/base.css HTTP/1.1" 304 -
101.229.22.40 - - [23/May/2023:11:37:57 +0800] "GET /xingrg/css/site.css HTTP/1.1" 304 -
101.229.22.40 - - [23/May/2023:11:37:57 +0800] "GET /xingrg/javascript/jquery_tools/datebox.css HTTP/1.1" 304 -
101.229.22.40 - - [23/May/2023:11:37:57 +0800] "GET /xingrg/javascript/easyui/themes/default/easyui.css HTTP/1.1" 304 -
101.229.22.40 - - [23/May/2023:11:37:57 +0800] "GET /xingrg/javascript/easyui/themes/icon.css HTTP/1.1" 304 -
101.229.22.40 - - [23/May/2023:11:37:57 +0800] "GET /xingrg/javascript/auto/jquery.autocomplete.css HTTP/1.1" 304 -
101.229.22.40 - - [23/May/2023:11:37:57 +0800] "GET /xingrg/javascript/jquery_tools/fix.css HTTP/1.1" 304 -
101.229.22.40 - - [23/May/2023:11:37:57 +0800] "GET /xingrg/javascript/jquery_tools/table.css HTTP/1.1" 304 -
101.229.22.40 - - [23/May/2023:11:37:57 +0800] "GET /xingrg/javascript/jquery_tools/jquery.tools.min.js HTTP/1.1" 304 -
101.229.22.40 - - [23/May/2023:11:37:57 +0800] "GET /xingrg/javascript/jquery_tools/jquery.tools.extend.js HTTP/1.1" 304 -
101.229.22.40 - - [23/May/2023:11:37:57 +0800] "GET /xingrg/javascript/jquery_tools/jquery.tools.hotkey.js HTTP/1.1" 304 -
101.229.22.40 - - [23/May/2023:11:37:57 +0800] "GET /xingrg/javascript/jquery_tools/jquery.tools.table.js HTTP/1.1" 304 -
101.229.22.40 - - [23/May/2023:11:37:57 +0800] "GET /xingrg/javascript/jquery_tools/list_manager.js HTTP/1.1" 304 -
101.229.22.40 - - [23/May/2023:11:37:57 +0800] "GET /xingrg/javascript/auto/jquery.autocomplete.js HTTP/1.1" 304 -
101.229.22.40 - - [23/May/2023:11:37:57 +0800] "GET /xingrg/javascript/easyui/easyloader.js HTTP/1.1" 304 -
101.229.22.40 - - [23/May/2023:11:37:57 +0800] "GET /xingrg/javascript/jquery.cookie.js HTTP/1.1" 304 -
101.229.22.40 - - [23/May/2023:11:37:57 +0800] "GET /xingrg/javascript/print/LodopFuncs.js HTTP/1.1" 304 -
101.229.22.40 - - [23/May/2023:11:37:57 +0800] "GET /xingrg/javascript/easyui/themes/icons/edit_add_new.png HTTP/1.1" 304 -
101.229.22.40 - - [23/May/2023:11:37:57 +0800] "GET /xingrg/javascript/easyui/themes/icons/cance_new.png HTTP/1.1" 304 -
101.229.22.40 - - [23/May/2023:11:37:57 +0800] "GET /xingrg/javascript/easyui/themes/icons/check_new.png HTTP/1.1" 304 -
101.229.22.40 - - [23/May/2023:11:37:57 +0800] "GET /xingrg/javascript/easyui/themes/icons/field_new.png HTTP/1.1" 304 -
101.229.22.40 - - [23/May/2023:11:37:57 +0800] "GET /xingrg/javascript/easyui/themes/icons/import_new.png HTTP/1.1" 304 -
101.229.22.40 - - [23/May/2023:11:37:57 +0800] "GET /xingrg/javascript/easyui/plugins/jquery.parser.js HTTP/1.1" 304 -
101.229.22.40 - - [23/May/2023:11:37:57 +0800] "GET /xingrg/images/control/ajaxLoader.gif HTTP/1.1" 304 -
116.238.139.35 - - [23/May/2023:11:37:59 +0800] "POST /xingrg/kc/base/wldb_order_operate.html HTTP/1.1" 200 12
116.238.139.35 - - [23/May/2023:11:37:59 +0800] "POST /xingrg/kc/base/wldb_order_operate.html HTTP/1.1" 200 4562
180.169.147.146 - - [23/May/2023:11:37:59 +0800] "GET /xingrg/kc/buy/cgsh_order_operate.html?command=get_materiel&rest_code=00147&code=00101015004&supplier_code=00100467&order_time=2023-05-22 HTTP/1.1" 200 409
120.253.135.82 - - [23/May/2023:11:38:00 +0800] "GET /xingrg/check_reg.html?_=1684812917243 HTTP/1.1" 200 22
120.253.135.82 - - [23/May/2023:11:38:01 +0800] "GET /xingrg/all/function/internal_message.html?_=1684812918292&CODE_STATE=getMsg HTTP/1.1" 200 27
124.79.240.114 - - [23/May/2023:11:38:02 +0800] "GET /xingrg/all/function/internal_message.html?_=1684813360832&CODE_STATE=getMsg HTTP/1.1" 200 27
116.238.139.35 - - [23/May/2023:11:38:03 +0800] "GET /xingrg/kc/base/wldb_order_info.html?code=422023052301855 HTTP/1.1" 200 26266
116.238.139.35 - - [23/May/2023:11:38:03 +0800] "GET /xingrg/javascript/easyui/themes/default/validatebox.css HTTP/1.1" 404 1104
116.238.139.35 - - [23/May/2023:11:38:04 +0800] "POST /xingrg/kc/base/wldb_order_operate.html HTTP/1.1" 200 2801
222.67.238.82 - - [23/May/2023:11:38:06 +0800] "GET /xingrg/all/function/internal_message.html?_=1684812598711&CODE_STATE=getMsg HTTP/1.1" 200 27
114.85.36.120 - - [23/May/2023:11:38:06 +0800] "GET /xingrg/kc/buy/cgsh_order_operate.html?command=get_materiel&rest_code=00143&code=00101008354&supplier_code=00100161&order_time=2023-05-20 HTTP/1.1" 200 412
180.169.147.146 - - [23/May/2023:11:38:08 +0800] "GET /xingrg/kc/buy/cgsh_order_operate.html?command=get_materiel&rest_code=00147&code=00101008137&supplier_code=00100467&order_time=2023-05-22 HTTP/1.1" 200 408
218.81.65.10 - - [23/May/2023:11:38:08 +0800] "GET /xingrg/images/yd/bt.gif HTTP/1.1" 404 1040
218.81.65.10 - - [23/May/2023:11:38:08 +0800] "GET /xingrg/images/yd/bt2.gif HTTP/1.1" 404 1042
124.79.74.67 - - [23/May/2023:11:38:10 +0800] "GET /xingrg/all/function/internal_message.html?_=1684813093768&CODE_STATE=getMsg HTTP/1.1" 200 27
101.229.22.40 - - [23/May/2023:11:38:10 +0800] "POST /xingrg/kc/buy/cgsh_list_operate.html HTTP/1.1" 200 4455
101.229.22.40 - - [23/May/2023:11:38:14 +0800] "GET /xingrg/javascript/easyui/themes/default/images/button_plain_hover.png HTTP/1.1" 304 -
101.229.22.40 - - [23/May/2023:11:38:15 +0800] "GET /xingrg/kc/buy/cgsh_order_add.html HTTP/1.1" 200 70570
101.229.22.40 - - [23/May/2023:11:38:15 +0800] "GET /xingrg/javascript/pic_change.js HTTP/1.1" 304 -
101.229.22.40 - - [23/May/2023:11:38:15 +0800] "GET /xingrg/javascript/jquery_tools/order_manager.js HTTP/1.1" 304 -
101.229.22.40 - - [23/May/2023:11:38:15 +0800] "GET /xingrg/javascript/convert.js HTTP/1.1" 304 -
101.229.22.40 - - [23/May/2023:11:38:15 +0800] "GET /xingrg/javascript/json2.js HTTP/1.1" 304 -
101.229.22.40 - - [23/May/2023:11:38:15 +0800] "GET /xingrg/javascript/print/kc_print.js HTTP/1.1" 304 -
101.229.22.40 - - [23/May/2023:11:38:15 +0800] "GET /xingrg/words/20230521105100_words.js HTTP/1.1" 200 965364
180.169.147.146 - - [23/May/2023:11:38:15 +0800] "GET /xingrg/kc/buy/cgsh_order_operate.html?command=get_materiel&rest_code=00147&code=00101008360&supplier_code=00100467&order_time=2023-05-22 HTTP/1.1" 200 412
101.229.22.40 - - [23/May/2023:11:38:15 +0800] "GET /xingrg/javascript/easyui/themes/icons/copy_new.png HTTP/1.1" 304 -
101.229.22.40 - - [23/May/2023:11:38:15 +0800] "GET /xingrg/javascript/easyui/themes/icons/template_new.png HTTP/1.1" 304 -
101.229.22.40 - - [23/May/2023:11:38:15 +0800] "GET /xingrg/javascript/easyui/themes/icons/ok.png HTTP/1.1" 304 -
101.229.22.40 - - [23/May/2023:11:38:15 +0800] "GET /xingrg/javascript/easyui/themes/icons/print.png HTTP/1.1" 304 -
101.229.22.40 - - [23/May/2023:11:38:15 +0800] "GET /xingrg/javascript/easyui/themes/default/images/menu_downarrow.png HTTP/1.1" 304 -
101.229.22.40 - - [23/May/2023:11:38:15 +0800] "GET /xingrg/javascript/easyui/themes/icons/cancel.png HTTP/1.1" 304 -
218.81.65.10 - - [23/May/2023:11:38:16 +0800] "GET /xingrg/kc/mdqp/qqps_order_list.html?isBack=1 HTTP/1.1" 200 10056
218.81.65.10 - - [23/May/2023:11:38:16 +0800] "GET /xingrg/dwr/interface/AjaxQqpsService.js HTTP/1.1" 200 16326
218.81.65.10 - - [23/May/2023:11:38:16 +0800] "GET /xingrg/dwr/interface/AjaxReportQueryService.js HTTP/1.1" 200 13203
218.81.65.10 - - [23/May/2023:11:38:16 +0800] "GET /xingrg/dwr/engine.js HTTP/1.1" 200 43631
101.229.22.40 - - [23/May/2023:11:38:16 +0800] "GET /xingrg/javascript/easyui/themes/default/validatebox.css HTTP/1.1" 404 1104
101.229.22.40 - - [23/May/2023:11:38:16 +0800] "GET /xingrg/javascript/easyui/plugins/jquery.validatebox.js HTTP/1.1" 304 -
101.229.22.40 - - [23/May/2023:11:38:16 +0800] "POST /xingrg/kc/buy/cgsh_order_operate.html HTTP/1.1" 200 8245
101.229.22.40 - - [23/May/2023:11:38:16 +0800] "GET /xingrg/javascript/easyui/plugins/jquery.numberbox.js HTTP/1.1" 304 -
101.229.22.40 - - [23/May/2023:11:38:16 +0800] "GET /xingrg/all/common/auto_word.html?type=employee&rest_code=00142 HTTP/1.1" 200 105
101.229.22.40 - - [23/May/2023:11:38:16 +0800] "GET /xingrg/all/common/auto_word.html?type=employee&rest_code=00142 HTTP/1.1" 200 105
101.229.22.40 - - [23/May/2023:11:38:16 +0800] "GET /xingrg/javascript/easyui/themes/icons/edit_remove.png HTTP/1.1" 304 -
114.85.36.120 - - [23/May/2023:11:38:17 +0800] "GET /xingrg/kc/buy/cgsh_order_operate.html?command=get_materiel&rest_code=00143&code=00101008323&supplier_code=00100161&order_time=2023-05-20 HTTP/1.1" 200 408
180.169.147.146 - - [23/May/2023:11:38:17 +0800] "GET /xingrg/all/function/internal_message.html?_=1684813097672&CODE_STATE=getMsg HTTP/1.1" 200 27
218.81.65.10 - - [23/May/2023:11:38:18 +0800] "GET /xingrg/kc/mdqp/qqps_order_info.html?code=302023052300386 HTTP/1.1" 200 26701
218.81.65.10 - - [23/May/2023:11:38:18 +0800] "GET /xingrg/dwr/interface/AjaxQqpsService.js HTTP/1.1" 200 16326
218.81.65.10 - - [23/May/2023:11:38:18 +0800] "GET /xingrg/dwr/engine.js HTTP/1.1" 200 43631
218.81.65.10 - - [23/May/2023:11:38:18 +0800] "GET /xingrg/dwr/interface/AjaxComOrderService.js HTTP/1.1" 200 18264
218.81.65.10 - - [23/May/2023:11:38:18 +0800] "POST /xingrg/dwr/call/plaincall/AjaxQqpsService.loadMaterielItems.dwr HTTP/1.1" 200 701
101.229.22.40 - - [23/May/2023:11:38:19 +0800] "GET /xingrg/javascript/auto/indicator.gif HTTP/1.1" 404 1066
222.69.129.217 - - [23/May/2023:11:38:20 +0800] "GET /xingrg/all/function/internal_message.html?_=1684813198020&CODE_STATE=getMsg HTTP/1.1" 200 27
222.69.129.217 - - [23/May/2023:11:38:20 +0800] "GET /xingrg/check_reg.html?_=1684813198022 HTTP/1.1" 200 22
172.20.0.100 - - [23/May/2023:11:38:21 +0800] "GET /xingrg/all/function/internal_message.html?_=1684813105710&CODE_STATE=getMsg HTTP/1.1" 302 -
180.169.147.146 - - [23/May/2023:11:38:22 +0800] "GET /xingrg/kc/buy/cgsh_order_operate.html?command=get_materiel&rest_code=00147&code=00101008197&supplier_code=00100467&order_time=2023-05-22 HTTP/1.1" 200 416
222.70.172.86 - - [23/May/2023:11:38:24 +0800] "GET /xingrg/all/function/internal_message.html?_=1684813109757&CODE_STATE=getMsg HTTP/1.1" 200 27
180.169.147.146 - - [23/May/2023:11:38:24 +0800] "GET /xingrg/all/function/internal_message.html?_=1684813105151&CODE_STATE=getMsg HTTP/1.1" 200 27
218.81.65.10 - - [23/May/2023:11:38:25 +0800] "GET /xingrg/all/function/internal_message.html?_=1684813104789&CODE_STATE=getMsg HTTP/1.1" 200 27
114.85.36.120 - - [23/May/2023:11:38:26 +0800] "GET /xingrg/all/function/internal_message.html?_=1684811929087&CODE_STATE=getMsg HTTP/1.1" 200 27
116.237.79.115 - - [23/May/2023:11:38:27 +0800] "GET /xingrg/all/function/internal_message.html?_=1684813101957&CODE_STATE=getMsg HTTP/1.1" 200 27
180.169.147.146 - - [23/May/2023:11:38:31 +0800] "GET /xingrg/all/function/internal_message.html?_=1684813111332&CODE_STATE=getMsg HTTP/1.1" 200 27
180.169.147.146 - - [23/May/2023:11:38:31 +0800] "GET /xingrg/kc/buy/cgsh_order_operate.html?command=get_materiel&rest_code=00147&code=00101008069&supplier_code=00100467&order_time=2023-05-22 HTTP/1.1" 200 412
180.169.147.146 - - [23/May/2023:11:38:34 +0800] "GET /xingrg/all/function/internal_message.html?_=1684813111081&CODE_STATE=getMsg HTTP/1.1" 200 27
116.238.139.35 - - [23/May/2023:11:38:34 +0800] "GET /xingrg/all/function/internal_message.html?_=1684813112593&CODE_STATE=getMsg HTTP/1.1" 200 27
116.238.139.35 - - [23/May/2023:11:38:34 +0800] "GET /xingrg/check_reg.html?_=1684813112599 HTTP/1.1" 200 22
114.85.36.120 - - [23/May/2023:11:38:34 +0800] "GET /xingrg/kc/buy/cgsh_order_operate.html?command=get_materiel&rest_code=00143&code=00101008205&supplier_code=00100161&order_time=2023-05-20 HTTP/1.1" 200 412
180.169.147.146 - - [23/May/2023:11:38:38 +0800] "GET /xingrg/kc/buy/cgsh_order_operate.html?command=get_materiel&rest_code=00147&code=00101008286&supplier_code=00100467&order_time=2023-05-22 HTTP/1.1" 200 408
180.169.147.146 - - [23/May/2023:11:38:45 +0800] "GET /xingrg/kc/buy/cgsh_order_operate.html?command=get_materiel&rest_code=00147&code=00101008131&supplier_code=00100467&order_time=2023-05-22 HTTP/1.1" 200 409
101.229.22.40 - - [23/May/2023:11:38:45 +0800] "GET /xingrg/all/function/internal_message.html?_=1684813124955&CODE_STATE=getMsg HTTP/1.1" 200 27
180.169.147.146 - - [23/May/2023:11:38:47 +0800] "POST /xingrg/kc/buy/cgsh_order_operate.html HTTP/1.1" 200 2065
114.85.36.120 - - [23/May/2023:11:38:49 +0800] "GET /xingrg/kc/buy/cgsh_order_operate.html?command=get_materiel&rest_code=00143&code=00101008321&supplier_code=00100161&order_time=2023-05-20 HTTP/1.1" 200 412
180.164.3.199 - - [23/May/2023:11:38:50 +0800] "GET /xingrg/all/function/internal_message.html?_=1684813129529&CODE_STATE=getMsg HTTP/1.1" 200 27
116.238.139.35 - - [23/May/2023:11:38:51 +0800] "GET /xingrg/all/function/internal_message.html?_=1684813047530&CODE_STATE=getMsg HTTP/1.1" 200 27
116.224.158.100 - - [23/May/2023:11:38:51 +0800] "GET /xingrg/all/function/internal_message.html?_=1684812964679&CODE_STATE=getMsg HTTP/1.1" 200 27
180.169.147.146 - - [23/May/2023:11:38:51 +0800] "GET /xingrg/kc/buy/cgsh_order_operate.html?command=get_materiel&rest_code=00147&code=00101008296&supplier_code=00100467&order_time=2023-05-22 HTTP/1.1" 200 416
218.81.65.10 - - [23/May/2023:11:38:53 +0800] "GET /xingrg/all/function/internal_message.html?_=1684813133339&CODE_STATE=getMsg HTTP/1.1" 200 27
114.83.216.71 - - [23/May/2023:11:38:53 +0800] "GET /xingrg/all/function/internal_message.html?_=1684813131448&CODE_STATE=getMsg HTTP/1.1" 200 27
114.85.36.120 - - [23/May/2023:11:38:53 +0800] "POST /xingrg/kc/buy/cgsh_order_operate.html HTTP/1.1" 200 2065
180.169.147.146 - - [23/May/2023:11:38:58 +0800] "GET /xingrg/kc/buy/cgsh_order_operate.html?command=get_materiel&rest_code=00147&code=00101008318&supplier_code=00100467&order_time=2023-05-22 HTTP/1.1" 200 408
120.253.135.82 - - [23/May/2023:11:39:01 +0800] "GET /xingrg/all/function/internal_message.html?_=1684812978307&CODE_STATE=getMsg HTTP/1.1" 200 27
124.79.240.114 - - [23/May/2023:11:39:02 +0800] "GET /xingrg/all/function/internal_message.html?_=1684813420831&CODE_STATE=getMsg HTTP/1.1" 200 27
114.85.36.120 - - [23/May/2023:11:39:02 +0800] "GET /xingrg/kc/buy/cgsh_order_operate.html?command=get_materiel&rest_code=00143&code=00101008459&supplier_code=00100161&order_time=2023-05-20 HTTP/1.1" 200 409
180.169.147.146 - - [23/May/2023:11:39:05 +0800] "GET /xingrg/kc/buy/cgsh_order_operate.html?command=get_materiel&rest_code=00147&code=00101008353&supplier_code=00100467&order_time=2023-05-22 HTTP/1.1" 200 408
222.67.238.82 - - [23/May/2023:11:39:06 +0800] "GET /xingrg/all/function/internal_message.html?_=1684812658683&CODE_STATE=getMsg HTTP/1.1" 200 27
222.67.238.82 - - [23/May/2023:11:39:09 +0800] "GET /xingrg/check_reg.html?_=1684812661827 HTTP/1.1" 200 22
124.79.74.67 - - [23/May/2023:11:39:10 +0800] "GET /xingrg/all/function/internal_message.html?_=1684813153774&CODE_STATE=getMsg HTTP/1.1" 200 27
180.169.147.146 - - [23/May/2023:11:39:11 +0800] "GET /xingrg/kc/buy/cgsh_order_operate.html?command=get_materiel&rest_code=00147&code=00101008213&supplier_code=00100467&order_time=2023-05-22 HTTP/1.1" 200 412
114.85.36.120 - - [23/May/2023:11:39:15 +0800] "GET /xingrg/kc/buy/cgsh_order_operate.html?command=get_materiel&rest_code=00143&code=00101012029&supplier_code=00100161&order_time=2023-05-20 HTTP/1.1" 200 412
180.169.147.146 - - [23/May/2023:11:39:17 +0800] "GET /xingrg/all/function/internal_message.html?_=1684813157670&CODE_STATE=getMsg HTTP/1.1" 200 27
120.253.135.82 - - [23/May/2023:11:39:18 +0800] "GET /xingrg/kc/report/report_main.html HTTP/1.1" 200 8599
180.169.147.146 - - [23/May/2023:11:39:18 +0800] "GET /xingrg/kc/buy/cgsh_order_operate.html?command=get_materiel&rest_code=00147&code=00101008411&supplier_code=00100467&order_time=2023-05-22 HTTP/1.1" 200 412
120.253.135.82 - - [23/May/2023:11:39:19 +0800] "GET /xingrg/kc/base/kc_stocks.html HTTP/1.1" 200 16506
120.253.135.82 - - [23/May/2023:11:39:19 +0800] "GET /xingrg/javascript/easyui/themes/default/tree.css HTTP/1.1" 404 1090
116.232.195.127 - - [23/May/2023:11:39:20 +0800] "GET /xingrg/check_reg.html?_=1684813200609 HTTP/1.1" 200 22
120.253.135.82 - - [23/May/2023:11:39:20 +0800] "POST /xingrg/all/common/load_tree.html?tree=materiel_sort_tree_json HTTP/1.1" 200 9500
222.69.129.217 - - [23/May/2023:11:39:20 +0800] "GET /xingrg/all/function/internal_message.html?_=1684813258009&CODE_STATE=getMsg HTTP/1.1" 200 27
120.253.135.82 - - [23/May/2023:11:39:21 +0800] "POST /xingrg/all/common/load_combo.html?type=base HTTP/1.1" 200 1169
172.20.0.100 - - [23/May/2023:11:39:21 +0800] "GET /xingrg/all/function/internal_message.html?_=1684813165708&CODE_STATE=getMsg HTTP/1.1" 302 -
180.169.147.146 - - [23/May/2023:11:39:22 +0800] "POST /xingrg/kc/buy/cgsh_order_operate.html HTTP/1.1" 200 2065
180.164.3.199 - - [23/May/2023:11:39:23 +0800] "GET /xingrg/check_reg.html?_=1684813162688 HTTP/1.1" 200 22
222.70.172.86 - - [23/May/2023:11:39:24 +0800] "GET /xingrg/all/function/internal_message.html?_=1684813169763&CODE_STATE=getMsg HTTP/1.1" 200 27
180.169.147.146 - - [23/May/2023:11:39:24 +0800] "GET /xingrg/check_reg.html?_=1684813165149 HTTP/1.1" 200 22
180.169.147.146 - - [23/May/2023:11:39:24 +0800] "GET /xingrg/all/function/internal_message.html?_=1684813165151&CODE_STATE=getMsg HTTP/1.1" 200 27
218.81.65.10 - - [23/May/2023:11:39:25 +0800] "GET /xingrg/all/function/internal_message.html?_=1684813164799&CODE_STATE=getMsg HTTP/1.1" 200 27
114.85.36.120 - - [23/May/2023:11:39:25 +0800] "GET /xingrg/kc/buy/cgsh_order_operate.html?command=get_materiel&rest_code=00143&code=00101012024&supplier_code=00100161&order_time=2023-05-20 HTTP/1.1" 200 408
114.85.36.120 - - [23/May/2023:11:39:26 +0800] "GET /xingrg/all/function/internal_message.html?_=1684811989078&CODE_STATE=getMsg HTTP/1.1" 200 27
116.237.79.115 - - [23/May/2023:11:39:27 +0800] "GET /xingrg/all/function/internal_message.html?_=1684813161943&CODE_STATE=getMsg HTTP/1.1" 200 27
120.253.135.82 - - [23/May/2023:11:39:28 +0800] "POST /xingrg/kc/base/stock_operate.html HTTP/1.1" 200 1966
180.169.147.146 - - [23/May/2023:11:39:30 +0800] "GET /xingrg/kc/buy/cgsh_order_operate.html?command=get_materiel&rest_code=00147&code=00101008182&supplier_code=00100467&order_time=2023-05-22 HTTP/1.1" 200 412
180.169.147.146 - - [23/May/2023:11:39:31 +0800] "GET /xingrg/all/function/internal_message.html?_=1684813171344&CODE_STATE=getMsg HTTP/1.1" 200 27
180.171.121.39 - - [23/May/2023:11:39:33 +0800] "GET /xingrg/check_reg.html?_=1684813316432 HTTP/1.1" 200 22
180.169.147.146 - - [23/May/2023:11:39:34 +0800] "GET /xingrg/all/function/internal_message.html?_=1684813171081&CODE_STATE=getMsg HTTP/1.1" 200 27
116.238.139.35 - - [23/May/2023:11:39:34 +0800] "GET /xingrg/all/function/internal_message.html?_=1684813172600&CODE_STATE=getMsg HTTP/1.1" 200 27
120.253.135.82 - - [23/May/2023:11:39:37 +0800] "GET /xingrg/kc/pszx/mdqp_order_list.html?state=10 HTTP/1.1" 200 10713
120.253.135.82 - - [23/May/2023:11:39:37 +0800] "GET /xingrg/dwr/interface/AjaxQqpsService.js HTTP/1.1" 200 16326
120.253.135.82 - - [23/May/2023:11:39:37 +0800] "GET /xingrg/dwr/interface/AjaxReportQueryService.js HTTP/1.1" 200 13203
120.253.135.82 - - [23/May/2023:11:39:37 +0800] "GET /xingrg/dwr/engine.js HTTP/1.1" 200 43631
180.169.147.146 - - [23/May/2023:11:39:38 +0800] "GET /xingrg/kc/buy/cgsh_order_operate.html?command=get_materiel&rest_code=00147&code=00101008283&supplier_code=00100467&order_time=2023-05-22 HTTP/1.1" 200 408
120.253.135.82 - - [23/May/2023:11:39:40 +0800] "GET /xingrg/kc/pszx/mdqp_order_info.html?code=302023052300386 HTTP/1.1" 200 13350
120.253.135.82 - - [23/May/2023:11:39:40 +0800] "GET /xingrg/javascript/tools/jquery.qtip-1.0.0-rc3.min.js HTTP/1.1" 304 -
120.253.135.82 - - [23/May/2023:11:39:40 +0800] "GET /xingrg/dwr/interface/AjaxQqpsService.js HTTP/1.1" 200 16326
120.253.135.82 - - [23/May/2023:11:39:40 +0800] "GET /xingrg/dwr/interface/AjaxComOrderService.js HTTP/1.1" 200 18264
120.253.135.82 - - [23/May/2023:11:39:40 +0800] "GET /xingrg/dwr/engine.js HTTP/1.1" 200 43631
120.253.135.82 - - [23/May/2023:11:39:40 +0800] "GET /xingrg/javascript/checkform.js HTTP/1.1" 304 -
120.253.135.82 - - [23/May/2023:11:39:40 +0800] "GET /xingrg/javascript/ToolTips.js HTTP/1.1" 304 -
120.253.135.82 - - [23/May/2023:11:39:40 +0800] "GET /xingrg/javascript/AjaxInfoList.js HTTP/1.1" 304 -
120.253.135.82 - - [23/May/2023:11:39:40 +0800] "GET /xingrg/javascript/Grid.js HTTP/1.1" 304 -
120.253.135.82 - - [23/May/2023:11:39:41 +0800] "POST /xingrg/dwr/call/plaincall/AjaxQqpsService.loadMaterielItems.dwr HTTP/1.1" 200 701
101.229.22.40 - - [23/May/2023:11:39:45 +0800] "GET /xingrg/all/function/internal_message.html?_=1684813184934&CODE_STATE=getMsg HTTP/1.1" 200 27
120.253.135.82 - - [23/May/2023:11:39:46 +0800] "GET /xingrg/kc/pszx/mdqp_order_list.html?isBack=1 HTTP/1.1" 302 -
120.253.135.82 - - [23/May/2023:11:39:47 +0800] "GET /xingrg/kc/pszx/mdqp_order_list.html?state=10 HTTP/1.1" 200 10713
120.253.135.82 - - [23/May/2023:11:39:47 +0800] "GET /xingrg/dwr/interface/AjaxQqpsService.js HTTP/1.1" 200 16326
120.253.135.82 - - [23/May/2023:11:39:47 +0800] "GET /xingrg/dwr/interface/AjaxReportQueryService.js HTTP/1.1" 200 13203
120.253.135.82 - - [23/May/2023:11:39:47 +0800] "GET /xingrg/dwr/engine.js HTTP/1.1" 200 43631
180.169.147.146 - - [23/May/2023:11:39:50 +0800] "GET /xingrg/kc/buy/cgsh_order_operate.html?command=get_materiel&rest_code=00147&code=00101008101&supplier_code=00100467&order_time=2023-05-22 HTTP/1.1" 200 412
180.164.3.199 - - [23/May/2023:11:39:50 +0800] "GET /xingrg/all/function/internal_message.html?_=1684813189544&CODE_STATE=getMsg HTTP/1.1" 200 27
116.238.139.35 - - [23/May/2023:11:39:51 +0800] "GET /xingrg/all/function/internal_message.html?_=1684813107582&CODE_STATE=getMsg HTTP/1.1" 200 27
116.224.158.100 - - [23/May/2023:11:39:51 +0800] "GET /xingrg/all/function/internal_message.html?_=1684813024689&CODE_STATE=getMsg HTTP/1.1" 200 27
218.81.65.10 - - [23/May/2023:11:39:53 +0800] "GET /xingrg/all/function/internal_message.html?_=1684813193312&CODE_STATE=getMsg HTTP/1.1" 200 27
114.83.216.71 - - [23/May/2023:11:39:53 +0800] "GET /xingrg/all/function/internal_message.html?_=1684813191449&CODE_STATE=getMsg HTTP/1.1" 200 27
114.83.216.71 - - [23/May/2023:11:39:53 +0800] "GET /xingrg/check_reg.html?_=1684813191451 HTTP/1.1" 200 22
120.253.135.82 - - [23/May/2023:11:40:01 +0800] "GET /xingrg/all/function/internal_message.html?_=1684813038320&CODE_STATE=getMsg HTTP/1.1" 200 27
124.79.240.114 - - [23/May/2023:11:40:02 +0800] "GET /xingrg/all/function/internal_message.html?_=1684813480828&CODE_STATE=getMsg HTTP/1.1" 200 27
124.79.240.114 - - [23/May/2023:11:40:02 +0800] "GET /xingrg/check_reg.html?_=1684813480829 HTTP/1.1" 200 22
222.67.238.82 - - [23/May/2023:11:40:06 +0800] "GET /xingrg/all/function/internal_message.html?_=1684812718658&CODE_STATE=getMsg HTTP/1.1" 200 27
124.79.74.67 - - [23/May/2023:11:40:10 +0800] "GET /xingrg/check_reg.html?_=1684813213765 HTTP/1.1" 200 22
124.79.74.67 - - [23/May/2023:11:40:10 +0800] "GET /xingrg/all/function/internal_message.html?_=1684813213774&CODE_STATE=getMsg HTTP/1.1" 200 27
180.169.147.146 - - [23/May/2023:11:40:10 +0800] "POST /xingrg/kc/buy/cgsh_order_operate.html HTTP/1.1" 200 37
116.224.158.100 - - [23/May/2023:11:40:11 +0800] "GET /xingrg/check_reg.html?_=1684813212987 HTTP/1.1" 200 22
180.169.147.146 - - [23/May/2023:11:40:11 +0800] "POST /xingrg/kc/buy/cgsh_order_operate.html HTTP/1.1" 200 18020
180.169.147.146 - - [23/May/2023:11:40:17 +0800] "GET /xingrg/all/function/internal_message.html?_=1684813217672&CODE_STATE=getMsg HTTP/1.1" 200 27
180.169.147.146 - - [23/May/2023:11:40:19 +0800] "GET /xingrg/kc/buy/cgsh_order_operate.html?command=get_materiel&rest_code=00147&code=00101008223&supplier_code=00100467&order_time=2023-05-22 HTTP/1.1" 200 431
222.69.129.217 - - [23/May/2023:11:40:20 +0800] "GET /xingrg/all/function/internal_message.html?_=1684813318019&CODE_STATE=getMsg HTTP/1.1" 200 27
222.70.172.86 - - [23/May/2023:11:40:21 +0800] "GET /xingrg/check_reg.html?_=1684813227204 HTTP/1.1" 200 22
172.20.0.100 - - [23/May/2023:11:40:21 +0800] "GET /xingrg/all/function/internal_message.html?_=1684813225711&CODE_STATE=getMsg HTTP/1.1" 302 -
172.20.0.100 - - [23/May/2023:11:40:21 +0800] "GET /xingrg/check_reg.html?_=1684813225709 HTTP/1.1" 302 -
222.70.172.86 - - [23/May/2023:11:40:24 +0800] "GET /xingrg/all/function/internal_message.html?_=1684813229777&CODE_STATE=getMsg HTTP/1.1" 200 27
180.169.147.146 - - [23/May/2023:11:40:24 +0800] "GET /xingrg/all/function/internal_message.html?_=1684813225141&CODE_STATE=getMsg HTTP/1.1" 200 27
218.81.65.10 - - [23/May/2023:11:40:25 +0800] "GET /xingrg/check_reg.html?_=1684813224792 HTTP/1.1" 200 22
218.81.65.10 - - [23/May/2023:11:40:25 +0800] "GET /xingrg/all/function/internal_message.html?_=1684813224800&CODE_STATE=getMsg HTTP/1.1" 200 27
114.85.36.120 - - [23/May/2023:11:40:26 +0800] "GET /xingrg/all/function/internal_message.html?_=1684812049098&CODE_STATE=getMsg HTTP/1.1" 200 27
116.237.79.115 - - [23/May/2023:11:40:27 +0800] "GET /xingrg/all/function/internal_message.html?_=1684813221914&CODE_STATE=getMsg HTTP/1.1" 200 27
180.163.29.206 - - [23/May/2023:11:40:28 +0800] "GET /xingrg/all/function/internal_message.html?_=1684813161943&CODE_STATE=getMsg HTTP/1.1" 302 -
180.163.29.206 - - [23/May/2023:11:40:28 +0800] "GET /xingrg/login.html HTTP/1.1" 200 7641
180.169.147.146 - - [23/May/2023:11:40:29 +0800] "GET /xingrg/kc/buy/cgsh_order_operate.html?command=get_materiel&rest_code=00147&code=00101008563&supplier_code=00100467&order_time=2023-05-22 HTTP/1.1" 200 413
120.253.135.82 - - [23/May/2023:11:40:29 +0800] "GET /xingrg/kc/pszx/jzcl_ps.html HTTP/1.1" 200 7683
120.253.135.82 - - [23/May/2023:11:40:29 +0800] "GET /xingrg/javascript/step/step.css HTTP/1.1" 304 -
120.253.135.82 - - [23/May/2023:11:40:29 +0800] "GET /xingrg/css/table.css HTTP/1.1" 304 -
120.253.135.82 - - [23/May/2023:11:40:30 +0800] "POST /xingrg/all/common/load_tree.html?tree=area_rest_tree_json HTTP/1.1" 200 3499
120.253.135.82 - - [23/May/2023:11:40:30 +0800] "POST /xingrg/kc/pszx/jzcl_ps_operate.html HTTP/1.1" 200 426
120.253.135.82 - - [23/May/2023:11:40:30 +0800] "POST /xingrg/kc/pszx/jzcl_ps_operate.html HTTP/1.1" 200 426
180.169.147.146 - - [23/May/2023:11:40:31 +0800] "GET /xingrg/all/function/internal_message.html?_=1684813231318&CODE_STATE=getMsg HTTP/1.1" 200 27
180.169.147.146 - - [23/May/2023:11:40:34 +0800] "GET /xingrg/all/function/internal_message.html?_=1684813231082&CODE_STATE=getMsg HTTP/1.1" 200 27
116.238.139.35 - - [23/May/2023:11:40:34 +0800] "GET /xingrg/all/function/internal_message.html?_=1684813232602&CODE_STATE=getMsg HTTP/1.1" 200 27
120.253.135.82 - - [23/May/2023:11:40:36 +0800] "POST /xingrg/kc/pszx/jzcl_ps_operate.html HTTP/1.1" 200 4
120.253.135.82 - - [23/May/2023:11:40:36 +0800] "GET /xingrg/javascript/step/images/navBtn.gif HTTP/1.1" 304 -
120.253.135.82 - - [23/May/2023:11:40:36 +0800] "GET /xingrg/javascript/step/images/navBtn.gif HTTP/1.1" 304 -
120.253.135.82 - - [23/May/2023:11:40:38 +0800] "GET /xingrg/kc/pszx/mdps_order_list.html HTTP/1.1" 200 21032
120.253.135.82 - - [23/May/2023:11:40:38 +0800] "POST /xingrg/kc/pszx/jzcl_ps_operate.html HTTP/1.1" 200 21
120.253.135.82 - - [23/May/2023:11:40:38 +0800] "POST /xingrg/kc/pszx/mdps_list_operate.html HTTP/1.1" 200 5378
180.169.147.146 - - [23/May/2023:11:40:43 +0800] "GET /xingrg/kc/buy/cgsh_order_operate.html?command=get_materiel&rest_code=00147&code=00101008095&supplier_code=00100467&order_time=2023-05-22 HTTP/1.1" 200 412
180.169.147.146 - - [23/May/2023:11:40:44 +0800] "POST /xingrg/kc/buy/cgsh_order_operate.html HTTP/1.1" 200 2065
101.229.22.40 - - [23/May/2023:11:40:45 +0800] "GET /xingrg/all/function/internal_message.html?_=1684813244915&CODE_STATE=getMsg HTTP/1.1" 200 27
120.253.135.82 - - [23/May/2023:11:40:46 +0800] "POST /xingrg/kc/pszx/mdps_list_operate.html HTTP/1.1" 200 2807
120.253.135.82 - - [23/May/2023:11:40:48 +0800] "POST /xingrg/kc/pszx/mdps_list_operate.html HTTP/1.1" 200 589
180.164.3.199 - - [23/May/2023:11:40:49 +0800] "POST /xingrg/services/DataTransmitService HTTP/1.1" 200 524
180.164.3.199 - - [23/May/2023:11:40:49 +0800] "POST /xingrg/services/DataTransmitService HTTP/1.1" 200 1907
180.169.147.146 - - [23/May/2023:11:40:50 +0800] "GET /xingrg/kc/buy/cgsh_order_operate.html?command=get_materiel&rest_code=00147&code=00101009011&supplier_code=00100467&order_time=2023-05-22 HTTP/1.1" 200 416
120.253.135.82 - - [23/May/2023:11:40:50 +0800] "GET /xingrg/kc/pszx/mdps_order_info.html?code=312023052300490 HTTP/1.1" 200 23978
180.164.3.199 - - [23/May/2023:11:40:50 +0800] "GET /xingrg/all/function/internal_message.html?_=1684813249532&CODE_STATE=getMsg HTTP/1.1" 200 27
180.164.3.199 - - [23/May/2023:11:40:50 +0800] "GET /xingrg/check_reg.html?_=1684813249535 HTTP/1.1" 200 22
120.253.135.82 - - [23/May/2023:11:40:50 +0800] "GET /xingrg/javascript/easyui/themes/default/validatebox.css HTTP/1.1" 404 1104
180.164.3.199 - - [23/May/2023:11:40:51 +0800] "POST /xingrg/services/DataTransmitService HTTP/1.1" 200 87784
116.238.139.35 - - [23/May/2023:11:40:51 +0800] "GET /xingrg/all/function/internal_message.html?_=1684813167589&CODE_STATE=getMsg HTTP/1.1" 200 27
116.224.158.100 - - [23/May/2023:11:40:51 +0800] "GET /xingrg/all/function/internal_message.html?_=1684813084671&CODE_STATE=getMsg HTTP/1.1" 200 27
120.253.135.82 - - [23/May/2023:11:40:51 +0800] "POST /xingrg/kc/pszx/mdps_order_operate.html HTTP/1.1" 200 6784
218.81.65.10 - - [23/May/2023:11:40:53 +0800] "GET /xingrg/all/function/internal_message.html?_=1684813253298&CODE_STATE=getMsg HTTP/1.1" 200 27
218.81.65.10 - - [23/May/2023:11:40:53 +0800] "GET /xingrg/check_reg.html?_=1684813253345 HTTP/1.1" 200 22
114.83.216.71 - - [23/May/2023:11:40:53 +0800] "GET /xingrg/all/function/internal_message.html?_=1684813251452&CODE_STATE=getMsg HTTP/1.1" 200 27
180.169.147.146 - - [23/May/2023:11:40:57 +0800] "GET /xingrg/kc/buy/cgsh_order_operate.html?command=get_materiel&rest_code=00147&code=00101009015&supplier_code=00100467&order_time=2023-05-22 HTTP/1.1" 200 416
120.253.135.82 - - [23/May/2023:11:41:01 +0800] "GET /xingrg/all/function/internal_message.html?_=1684813098333&CODE_STATE=getMsg HTTP/1.1" 200 27
120.253.135.82 - - [23/May/2023:11:41:01 +0800] "POST /xingrg/kc/pszx/mdps_list_operate.html HTTP/1.1" 200 653
124.79.240.114 - - [23/May/2023:11:41:02 +0800] "GET /xingrg/all/function/internal_message.html?_=1684813540827&CODE_STATE=getMsg HTTP/1.1" 200 27
120.253.135.82 - - [23/May/2023:11:41:03 +0800] "GET /xingrg/kc/pszx/mdps_order_info.html?code=312023052300491 HTTP/1.1" 200 23978
120.253.135.82 - - [23/May/2023:11:41:04 +0800] "GET /xingrg/javascript/easyui/themes/default/validatebox.css HTTP/1.1" 404 1104
180.169.147.146 - - [23/May/2023:11:41:04 +0800] "GET /xingrg/kc/buy/cgsh_order_operate.html?command=get_materiel&rest_code=00147&code=00101008558&supplier_code=00100467&order_time=2023-05-22 HTTP/1.1" 200 409
120.253.135.82 - - [23/May/2023:11:41:04 +0800] "POST /xingrg/kc/pszx/mdps_order_operate.html HTTP/1.1" 200 7984
222.67.238.82 - - [23/May/2023:11:41:06 +0800] "GET /xingrg/all/function/internal_message.html?_=1684812778635&CODE_STATE=getMsg HTTP/1.1" 200 27
222.67.238.82 - - [23/May/2023:11:41:09 +0800] "POST /xingrg/services/DataTransmitService HTTP/1.1" 200 524
124.79.74.67 - - [23/May/2023:11:41:10 +0800] "GET /xingrg/all/function/internal_message.html?_=1684813273774&CODE_STATE=getMsg HTTP/1.1" 200 27
222.67.238.82 - - [23/May/2023:11:41:10 +0800] "POST /xingrg/services/DataTransmitService HTTP/1.1" 200 2331
222.67.238.82 - - [23/May/2023:11:41:12 +0800] "POST /xingrg/services/DataTransmitService HTTP/1.1" 200 159607
180.169.147.146 - - [23/May/2023:11:41:12 +0800] "GET /xingrg/kc/buy/cgsh_order_operate.html?command=get_materiel&rest_code=00147&code=00101008261&supplier_code=00100467&order_time=2023-05-22 HTTP/1.1" 200 408
120.253.135.82 - - [23/May/2023:11:41:13 +0800] "GET /xingrg/kc/pszx/mdps_order_operate.html?command=get_materiel&pszx_code=00101&rest_code=00148&base_code=0010246&code=00101013011 HTTP/1.1" 200 450
120.253.135.82 - - [23/May/2023:11:41:17 +0800] "POST /xingrg/all/common/load_select.html HTTP/1.1" 200 25
180.169.147.146 - - [23/May/2023:11:41:17 +0800] "GET /xingrg/all/function/internal_message.html?_=1684813277666&CODE_STATE=getMsg HTTP/1.1" 200 27
120.253.135.82 - - [23/May/2023:11:41:19 +0800] "GET /xingrg/kc/pszx/mdps_order_operate.html?command=get_materiel_price&pszx_code=00101&rest_code=00148&base_code=0010246&code=00101013011&unit_code=00100088&order_time=2023-05-24 HTTP/1.1" 200 34
222.69.129.217 - - [23/May/2023:11:41:20 +0800] "GET /xingrg/all/function/internal_message.html?_=1684813378025&CODE_STATE=getMsg HTTP/1.1" 200 27
172.20.0.100 - - [23/May/2023:11:41:21 +0800] "GET /xingrg/all/function/internal_message.html?_=1684813285709&CODE_STATE=getMsg HTTP/1.1" 302 -
222.70.172.86 - - [23/May/2023:11:41:24 +0800] "GET /xingrg/all/function/internal_message.html?_=1684813289791&CODE_STATE=getMsg HTTP/1.1" 200 27
180.169.147.146 - - [23/May/2023:11:41:24 +0800] "GET /xingrg/all/function/internal_message.html?_=1684813285149&CODE_STATE=getMsg HTTP/1.1" 200 27
180.169.147.146 - - [23/May/2023:11:41:25 +0800] "GET /xingrg/kc/buy/cgsh_order_operate.html?command=get_materiel&rest_code=00147&code=00101008072&supplier_code=00100467&order_time=2023-05-22 HTTP/1.1" 200 408
218.81.65.10 - - [23/May/2023:11:41:25 +0800] "GET /xingrg/all/function/internal_message.html?_=1684813284797&CODE_STATE=getMsg HTTP/1.1" 200 27
114.85.36.120 - - [23/May/2023:11:41:26 +0800] "GET /xingrg/check_reg.html?_=1684812109095 HTTP/1.1" 200 22
114.85.36.120 - - [23/May/2023:11:41:26 +0800] "GET /xingrg/all/function/internal_message.html?_=1684812109097&CODE_STATE=getMsg HTTP/1.1" 200 27
180.169.147.146 - - [23/May/2023:11:41:27 +0800] "POST /xingrg/kc/buy/cgsh_order_operate.html HTTP/1.1" 200 2065
116.237.79.115 - - [23/May/2023:11:41:27 +0800] "GET /xingrg/all/function/internal_message.html?_=1684813281900&CODE_STATE=getMsg HTTP/1.1" 200 27
180.163.28.114 - - [23/May/2023:11:41:28 +0800] "GET /xingrg/all/function/internal_message.html?_=1684813221914&CODE_STATE=getMsg HTTP/1.1" 302 -
180.163.28.114 - - [23/May/2023:11:41:28 +0800] "GET /xingrg/login.html HTTP/1.1" 200 7641
180.169.147.146 - - [23/May/2023:11:41:31 +0800] "GET /xingrg/all/function/internal_message.html?_=1684813291294&CODE_STATE=getMsg HTTP/1.1" 200 27
180.169.147.146 - - [23/May/2023:11:41:31 +0800] "GET /xingrg/check_reg.html?_=1684813291482 HTTP/1.1" 200 22
180.169.147.146 - - [23/May/2023:11:41:34 +0800] "GET /xingrg/all/function/internal_message.html?_=1684813291077&CODE_STATE=getMsg HTTP/1.1" 200 27
116.238.139.35 - - [23/May/2023:11:41:34 +0800] "GET /xingrg/all/function/internal_message.html?_=1684813292602&CODE_STATE=getMsg HTTP/1.1" 200 27
180.169.147.146 - - [23/May/2023:11:41:35 +0800] "GET /xingrg/kc/buy/cgsh_order_operate.html?command=get_materiel&rest_code=00147&code=00101008155&supplier_code=00100467&order_time=2023-05-22 HTTP/1.1" 200 408
120.253.135.82 - - [23/May/2023:11:41:35 +0800] "GET /xingrg/kc/pszx/mdps_order_operate.html?command=get_materiel&pszx_code=00101&rest_code=00148&base_code=0010246&code=00101019391 HTTP/1.1" 200 498
120.253.135.82 - - [23/May/2023:11:41:37 +0800] "POST /xingrg/all/common/load_select.html HTTP/1.1" 200 25
120.253.135.82 - - [23/May/2023:11:41:39 +0800] "GET /xingrg/kc/pszx/mdps_order_operate.html?command=get_materiel_price&pszx_code=00101&rest_code=00148&base_code=0010246&code=00101019391&unit_code=00100157&order_time=2023-05-24 HTTP/1.1" 200 34
101.229.22.40 - - [23/May/2023:11:41:45 +0800] "GET /xingrg/all/function/internal_message.html?_=1684813304894&CODE_STATE=getMsg HTTP/1.1" 200 27
