116.238.139.35 - - [23/May/2023:08:35:09 +0800] "GET /xingrg/all/function/internal_message.html?_=1684802107320&CODE_STATE=getMsg HTTP/1.1" 200 27
116.232.195.127 - - [23/May/2023:08:35:18 +0800] "GET /xingrg/all/function/internal_message.html?_=1684802158793&CODE_STATE=getMsg HTTP/1.1" 200 27
172.20.0.100 - - [23/May/2023:08:35:21 +0800] "GET /xingrg/all/function/internal_message.html?_=1684802125574&CODE_STATE=getMsg HTTP/1.1" 200 27
172.20.0.100 - - [23/May/2023:08:35:21 +0800] "GET /xingrg/check_reg.html?_=1684802125576 HTTP/1.1" 200 22
180.164.3.199 - - [23/May/2023:08:35:24 +0800] "GET /xingrg/all/function/internal_message.html?_=1684802123113&CODE_STATE=getMsg HTTP/1.1" 200 27
116.238.139.35 - - [23/May/2023:08:35:39 +0800] "GET /xingrg/kc/buy/cgsh_order_operate.html?command=get_materiel&rest_code=00150&code=00101007061&supplier_code=00100096&order_time=2023-05-23 HTTP/1.1" 200 409
120.253.135.82 - - [23/May/2023:08:35:55 +0800] "GET /xingrg/all/function/internal_message.html?_=1684801992404&CODE_STATE=getMsg HTTP/1.1" 200 27
116.238.139.35 - - [23/May/2023:08:35:56 +0800] "GET /xingrg/kc/buy/cgsh_order_operate.html?command=get_materiel&rest_code=00150&code=00101007049&supplier_code=00100096&order_time=2023-05-23 HTTP/1.1" 200 410
222.70.172.86 - - [23/May/2023:08:35:57 +0800] "GET /xingrg/all/function/internal_message.html?_=1684802162776&CODE_STATE=getMsg HTTP/1.1" 200 27
116.238.139.35 - - [23/May/2023:08:36:07 +0800] "GET /xingrg/kc/buy/cgsh_order_operate.html?command=get_materiel&rest_code=00150&code=00101007081&supplier_code=00100096&order_time=2023-05-23 HTTP/1.1" 200 413
116.238.139.35 - - [23/May/2023:08:36:09 +0800] "GET /xingrg/all/function/internal_message.html?_=1684802167292&CODE_STATE=getMsg HTTP/1.1" 200 27
116.238.139.35 - - [23/May/2023:08:36:14 +0800] "GET /xingrg/kc/buy/cgsh_order_operate.html?command=get_materiel&rest_code=00150&code=00101007001&supplier_code=00100096&order_time=2023-05-23 HTTP/1.1" 200 409
116.232.195.127 - - [23/May/2023:08:36:18 +0800] "GET /xingrg/all/function/internal_message.html?_=1684802218793&CODE_STATE=getMsg HTTP/1.1" 200 27
172.20.0.100 - - [23/May/2023:08:36:21 +0800] "GET /xingrg/all/function/internal_message.html?_=1684802185574&CODE_STATE=getMsg HTTP/1.1" 200 27
116.238.139.35 - - [23/May/2023:08:36:22 +0800] "GET /xingrg/kc/buy/cgsh_order_operate.html?command=get_materiel&rest_code=00150&code=00101007134&supplier_code=00100096&order_time=2023-05-23 HTTP/1.1" 200 415
180.164.3.199 - - [23/May/2023:08:36:24 +0800] "GET /xingrg/all/function/internal_message.html?_=1684802183102&CODE_STATE=getMsg HTTP/1.1" 200 27
116.238.139.35 - - [23/May/2023:08:36:30 +0800] "GET /xingrg/check_reg.html?_=1684802188068 HTTP/1.1" 200 22
116.238.139.35 - - [23/May/2023:08:36:35 +0800] "GET /xingrg/kc/buy/cgsh_order_operate.html?command=get_materiel&rest_code=00150&code=00101006065&supplier_code=00100096&order_time=2023-05-23 HTTP/1.1" 200 411
116.238.139.35 - - [23/May/2023:08:36:46 +0800] "GET /xingrg/kc/buy/cgsh_order_operate.html?command=get_materiel&rest_code=00150&code=00101006055&supplier_code=00100096&order_time=2023-05-23 HTTP/1.1" 200 428
116.238.139.35 - - [23/May/2023:08:36:55 +0800] "GET /xingrg/kc/buy/cgsh_order_operate.html?command=get_materiel&rest_code=00150&code=00101006111&supplier_code=00100096&order_time=2023-05-23 HTTP/1.1" 200 411
222.70.172.86 - - [23/May/2023:08:36:57 +0800] "GET /xingrg/all/function/internal_message.html?_=1684802222783&CODE_STATE=getMsg HTTP/1.1" 200 27
116.238.139.35 - - [23/May/2023:08:37:07 +0800] "GET /xingrg/kc/buy/cgsh_order_operate.html?command=get_materiel&rest_code=00150&code=00101006168&supplier_code=00100096&order_time=2023-05-23 HTTP/1.1" 200 423
116.238.139.35 - - [23/May/2023:08:37:09 +0800] "GET /xingrg/all/function/internal_message.html?_=1684802227261&CODE_STATE=getMsg HTTP/1.1" 200 27
116.232.195.127 - - [23/May/2023:08:37:18 +0800] "GET /xingrg/all/function/internal_message.html?_=1684802278786&CODE_STATE=getMsg HTTP/1.1" 200 27
172.20.0.100 - - [23/May/2023:08:37:21 +0800] "GET /xingrg/all/function/internal_message.html?_=1684802245573&CODE_STATE=getMsg HTTP/1.1" 200 27
180.164.3.199 - - [23/May/2023:08:37:24 +0800] "GET /xingrg/all/function/internal_message.html?_=1684802243107&CODE_STATE=getMsg HTTP/1.1" 200 27
222.70.172.86 - - [23/May/2023:08:37:57 +0800] "GET /xingrg/all/function/internal_message.html?_=1684802283047&CODE_STATE=getMsg HTTP/1.1" 200 27
116.238.139.35 - - [23/May/2023:08:38:09 +0800] "GET /xingrg/all/function/internal_message.html?_=1684802287241&CODE_STATE=getMsg HTTP/1.1" 200 27
116.232.195.127 - - [23/May/2023:08:38:18 +0800] "GET /xingrg/check_reg.html?_=1684802338798 HTTP/1.1" 200 22
116.232.195.127 - - [23/May/2023:08:38:18 +0800] "GET /xingrg/all/function/internal_message.html?_=1684802338803&CODE_STATE=getMsg HTTP/1.1" 200 27
222.70.172.86 - - [23/May/2023:08:38:19 +0800] "GET /xingrg/check_reg.html?_=1684802304293 HTTP/1.1" 200 22
172.20.0.100 - - [23/May/2023:08:38:21 +0800] "GET /xingrg/all/function/internal_message.html?_=1684802305572&CODE_STATE=getMsg HTTP/1.1" 200 27
180.164.3.199 - - [23/May/2023:08:38:24 +0800] "GET /xingrg/all/function/internal_message.html?_=1684802303111&CODE_STATE=getMsg HTTP/1.1" 200 27
222.70.172.86 - - [23/May/2023:08:38:57 +0800] "GET /xingrg/all/function/internal_message.html?_=1684802343060&CODE_STATE=getMsg HTTP/1.1" 200 27
116.238.139.35 - - [23/May/2023:08:39:09 +0800] "GET /xingrg/all/function/internal_message.html?_=1684802347235&CODE_STATE=getMsg HTTP/1.1" 200 27
116.238.139.35 - - [23/May/2023:08:39:13 +0800] "POST /xingrg/kc/buy/cgsh_order_operate.html HTTP/1.1" 200 37
116.232.195.127 - - [23/May/2023:08:39:18 +0800] "GET /xingrg/all/function/internal_message.html?_=1684802398798&CODE_STATE=getMsg HTTP/1.1" 200 27
172.20.0.100 - - [23/May/2023:08:39:21 +0800] "GET /xingrg/all/function/internal_message.html?_=1684802365578&CODE_STATE=getMsg HTTP/1.1" 200 27
116.238.139.35 - - [23/May/2023:08:39:23 +0800] "POST /xingrg/kc/buy/cgsh_order_operate.html HTTP/1.1" 200 12
180.164.3.199 - - [23/May/2023:08:39:24 +0800] "GET /xingrg/all/function/internal_message.html?_=1684802363110&CODE_STATE=getMsg HTTP/1.1" 200 27
180.164.3.199 - - [23/May/2023:08:39:24 +0800] "GET /xingrg/check_reg.html?_=1684802363111 HTTP/1.1" 200 22
116.238.139.35 - - [23/May/2023:08:39:25 +0800] "GET /xingrg/kc/buy/cgsh_order_info.html?code=212023052308457 HTTP/1.1" 200 66394
116.238.139.35 - - [23/May/2023:08:39:26 +0800] "GET /xingrg/javascript/easyui/themes/default/validatebox.css HTTP/1.1" 404 1104
116.238.139.35 - - [23/May/2023:08:39:26 +0800] "POST /xingrg/kc/buy/cgsh_order_operate.html HTTP/1.1" 200 6517
116.238.139.35 - - [23/May/2023:08:39:29 +0800] "GET /xingrg/kc/print/load_config.html?kc_code=cgsh HTTP/1.1" 200 1924
116.238.139.35 - - [23/May/2023:08:39:29 +0800] "GET /xingrg/kc/print/load_data.html?order_code=212023052308457&kc_code=cgsh&condition= HTTP/1.1" 200 2919
180.171.121.39 - - [23/May/2023:08:39:33 +0800] "GET /xingrg/check_reg.html?_=1684802516946 HTTP/1.1" 200 22
116.224.158.100 - - [23/May/2023:08:39:45 +0800] "GET /xingrg/index.html?sysBaseUrl=http%3A%2F%2F180.169.147.146%3A18081%2Fxingrg%2F&costTime=36×tamp=1585223203754 HTTP/1.1" 302 -
116.224.158.100 - - [23/May/2023:08:39:45 +0800] "GET /xingrg/login.html HTTP/1.1" 200 7641
116.224.158.100 - - [23/May/2023:08:39:46 +0800] "GET /favicon.ico HTTP/1.1" 404 -
116.238.139.35 - - [23/May/2023:08:39:52 +0800] "POST /xingrg/all/user/operate.html HTTP/1.1" 200 36
116.238.139.35 - - [23/May/2023:08:39:52 +0800] "GET /xingrg/index.html?sysBaseUrl=http%3A%2F%2F180.169.147.146%3A18081%2Fxingrg%2F&costTime=2421×tamp=1684723659785 HTTP/1.1" 200 17177
116.238.139.35 - - [23/May/2023:08:39:52 +0800] "GET /xingrg/javascript/jquery_easy_ui/themes/default/easyui.css HTTP/1.1" 304 -
116.238.139.35 - - [23/May/2023:08:39:52 +0800] "GET /xingrg/javascript/jquery_easy_ui/themes/icon.css HTTP/1.1" 304 -
116.238.139.35 - - [23/May/2023:08:39:52 +0800] "GET /xingrg/css/form.css HTTP/1.1" 304 -
116.238.139.35 - - [23/May/2023:08:39:52 +0800] "GET /xingrg/javascript/jquery-1.4.2.min.js HTTP/1.1" 304 -
116.238.139.35 - - [23/May/2023:08:39:53 +0800] "GET /xingrg/javascript/jquery_easy_ui/jquery.easyui.min.js HTTP/1.1" 304 -
116.238.139.35 - - [23/May/2023:08:39:53 +0800] "GET /xingrg/javascript/jquery_easy_ui/easyui-lang-zh_CN.js HTTP/1.1" 304 -
116.238.139.35 - - [23/May/2023:08:39:53 +0800] "GET /xingrg/javascript/jquery.form.js HTTP/1.1" 304 -
116.238.139.35 - - [23/May/2023:08:39:53 +0800] "GET /xingrg/javascript/jquery.utils.js HTTP/1.1" 304 -
116.238.139.35 - - [23/May/2023:08:39:53 +0800] "GET /xingrg/javascript/jquery.timers.js HTTP/1.1" 304 -
116.238.139.35 - - [23/May/2023:08:39:53 +0800] "GET /xingrg/images/blue/jxLogo.png HTTP/1.1" 304 -
116.238.139.35 - - [23/May/2023:08:39:53 +0800] "GET /xingrg/javascript/jquery_easy_ui/themes/icons/settle_new.png HTTP/1.1" 304 -
116.238.139.35 - - [23/May/2023:08:39:53 +0800] "GET /xingrg/images/blue/navBackgound.jpg HTTP/1.1" 304 -
116.238.139.35 - - [23/May/2023:08:39:53 +0800] "GET /xingrg/all/function/internal_message.html?_=1684802391229&CODE_STATE=count HTTP/1.1" 200 11
116.238.139.35 - - [23/May/2023:08:39:53 +0800] "GET /xingrg/check_reg.html?_=1684802391231 HTTP/1.1" 200 22
116.238.139.35 - - [23/May/2023:08:39:53 +0800] "GET /xingrg/javascript/jquery_easy_ui/themes/default/images/panel_tool_collapse.gif HTTP/1.1" 304 -
116.238.139.35 - - [23/May/2023:08:39:53 +0800] "GET /xingrg/javascript/jquery_easy_ui/themes/default/images/tabs_leftarrow.png HTTP/1.1" 304 -
116.238.139.35 - - [23/May/2023:08:39:53 +0800] "GET /xingrg/javascript/jquery_easy_ui/themes/default/images/tabs_rightarrow.png HTTP/1.1" 304 -
116.238.139.35 - - [23/May/2023:08:39:53 +0800] "GET /xingrg/images/blue/pingpu.png HTTP/1.1" 304 -
116.238.139.35 - - [23/May/2023:08:39:53 +0800] "POST /xingrg/all/common/load_tree.html?tree=area_rest_tree_json&manage=1 HTTP/1.1" 200 476
116.238.139.35 - - [23/May/2023:08:39:53 +0800] "POST /xingrg/load_menu.html HTTP/1.1" 200 5138
116.238.139.35 - - [23/May/2023:08:39:56 +0800] "GET /xingrg/kc/buy/cgsh_order_list.html HTTP/1.1" 200 55673
222.70.172.86 - - [23/May/2023:08:39:57 +0800] "GET /xingrg/all/function/internal_message.html?_=1684802403073&CODE_STATE=getMsg HTTP/1.1" 200 27
116.238.139.35 - - [23/May/2023:08:39:58 +0800] "POST /xingrg/kc/buy/cgsh_list_operate.html HTTP/1.1" 200 986
116.238.139.35 - - [23/May/2023:08:40:00 +0800] "GET /xingrg/kc/buy/cgsh_order_add.html HTTP/1.1" 200 71049
116.238.139.35 - - [23/May/2023:08:40:01 +0800] "POST /xingrg/kc/buy/cgsh_order_operate.html HTTP/1.1" 200 8245
116.238.139.35 - - [23/May/2023:08:40:01 +0800] "GET /xingrg/javascript/easyui/themes/default/validatebox.css HTTP/1.1" 404 1104
116.238.139.35 - - [23/May/2023:08:40:01 +0800] "GET /xingrg/all/common/auto_word.html?type=employee&rest_code=00151 HTTP/1.1" 200 293
116.238.139.35 - - [23/May/2023:08:40:01 +0800] "GET /xingrg/all/common/auto_word.html?type=employee&rest_code=00151 HTTP/1.1" 200 293
116.238.139.35 - - [23/May/2023:08:40:02 +0800] "GET /xingrg/javascript/auto/indicator.gif HTTP/1.1" 404 1066
116.224.158.100 - - [23/May/2023:08:40:05 +0800] "POST /xingrg/login.do HTTP/1.1" 200 2421
116.224.158.100 - - [23/May/2023:08:40:05 +0800] "GET /favicon.ico HTTP/1.1" 404 -
116.224.158.100 - - [23/May/2023:08:40:07 +0800] "GET /xingrg/login.html HTTP/1.1" 200 7641
116.224.158.100 - - [23/May/2023:08:40:07 +0800] "GET /favicon.ico HTTP/1.1" 404 -
116.224.158.100 - - [23/May/2023:08:40:11 +0800] "POST /xingrg/login.do HTTP/1.1" 302 -
116.224.158.100 - - [23/May/2023:08:40:11 +0800] "GET /xingrg/index.html?sysBaseUrl=http%3A%2F%2F180.169.147.146%3A18081%2Fxingrg%2F&costTime=840×tamp=1684802411344 HTTP/1.1" 200 17173
116.224.158.100 - - [23/May/2023:08:40:11 +0800] "GET /favicon.ico HTTP/1.1" 404 -
116.224.158.100 - - [23/May/2023:08:40:11 +0800] "GET /xingrg/check_reg.html?_=1684802412675 HTTP/1.1" 200 22
116.224.158.100 - - [23/May/2023:08:40:11 +0800] "GET /xingrg/all/function/internal_message.html?_=1684802412674&CODE_STATE=count HTTP/1.1" 200 11
116.224.158.100 - - [23/May/2023:08:40:11 +0800] "POST /xingrg/all/common/load_tree.html?tree=area_rest_tree_json&manage=1 HTTP/1.1" 200 3499
116.224.158.100 - - [23/May/2023:08:40:11 +0800] "POST /xingrg/load_menu.html HTTP/1.1" 200 5138
116.238.139.35 - - [23/May/2023:08:40:11 +0800] "GET /xingrg/kc/buy/cgsh_order_operate.html?command=get_materiel&rest_code=00151&code=00101012084&supplier_code=00100096&order_time=2023-05-23 HTTP/1.1" 200 412
116.232.195.127 - - [23/May/2023:08:40:18 +0800] "GET /xingrg/all/function/internal_message.html?_=1684802458792&CODE_STATE=getMsg HTTP/1.1" 200 27
172.20.0.100 - - [23/May/2023:08:40:21 +0800] "GET /xingrg/check_reg.html?_=1684802425576 HTTP/1.1" 200 22
172.20.0.100 - - [23/May/2023:08:40:21 +0800] "GET /xingrg/all/function/internal_message.html?_=1684802425578&CODE_STATE=getMsg HTTP/1.1" 200 27
116.238.139.35 - - [23/May/2023:08:40:24 +0800] "GET /xingrg/kc/buy/cgsh_order_operate.html?command=get_materiel&rest_code=00151&code=00101012060&supplier_code=00100096&order_time=2023-05-23 HTTP/1.1" 200 408
180.164.3.199 - - [23/May/2023:08:40:24 +0800] "GET /xingrg/all/function/internal_message.html?_=1684802423096&CODE_STATE=getMsg HTTP/1.1" 200 27
116.224.158.100 - - [23/May/2023:08:40:26 +0800] "GET /xingrg/kc/mdqp/pssh_order_list.html HTTP/1.1" 200 17928
116.224.158.100 - - [23/May/2023:08:40:27 +0800] "POST /xingrg/kc/mdqp/pssh_list_operate.html HTTP/1.1" 200 5359
116.224.158.100 - - [23/May/2023:08:40:30 +0800] "POST /xingrg/kc/mdqp/pssh_list_operate.html HTTP/1.1" 200 260
116.224.158.100 - - [23/May/2023:08:40:31 +0800] "GET /xingrg/kc/mdqp/pssh_order_info.html?code=312023052100435 HTTP/1.1" 200 17295
116.224.158.100 - - [23/May/2023:08:40:31 +0800] "GET /xingrg/javascript/jquery_tools/jquery-1.4.2.min.js HTTP/1.1" 404 1094
116.224.158.100 - - [23/May/2023:08:40:31 +0800] "GET /xingrg/words/20230521105100_words.js HTTP/1.1" 200 965364
116.224.158.100 - - [23/May/2023:08:40:32 +0800] "GET /xingrg/javascript/easyui/themes/icons/back_new.png HTTP/1.1" 304 -
116.224.158.100 - - [23/May/2023:08:40:32 +0800] "GET /xingrg/javascript/easyui/themes/default/validatebox.css HTTP/1.1" 404 1104
116.224.158.100 - - [23/May/2023:08:40:32 +0800] "GET /xingrg/all/common/auto_word.html?type=employee&rest_code=00105 HTTP/1.1" 200 193
116.224.158.100 - - [23/May/2023:08:40:32 +0800] "GET /xingrg/all/common/auto_word.html?type=base&rest_code=00105&rest_code=00105 HTTP/1.1" 200 1907
116.224.158.100 - - [23/May/2023:08:40:32 +0800] "POST /xingrg/kc/mdqp/pssh_order_operate.html HTTP/1.1" 200 533
116.224.158.100 - - [23/May/2023:08:40:33 +0800] "GET /xingrg/javascript/jquery_tools/images/next.gif HTTP/1.1" 404 1086
116.224.158.100 - - [23/May/2023:08:40:33 +0800] "GET /xingrg/javascript/jquery_tools/images/prev.gif HTTP/1.1" 404 1086
116.238.139.35 - - [23/May/2023:08:40:34 +0800] "GET /xingrg/kc/buy/cgsh_order_operate.html?command=get_materiel&rest_code=00151&code=00101016025&supplier_code=00100096&order_time=2023-05-23 HTTP/1.1" 200 408
116.224.158.100 - - [23/May/2023:08:40:36 +0800] "POST /xingrg/all/common/load_combo.html?type=employee HTTP/1.1" 200 356
114.85.97.46 - - [23/May/2023:08:40:39 +0800] "GET /xingrg/check_reg.html?_=1684802440063 HTTP/1.1" 302 -
114.85.97.46 - - [23/May/2023:08:40:39 +0800] "GET /xingrg/login.html HTTP/1.1" 200 7641
116.224.158.100 - - [23/May/2023:08:40:40 +0800] "POST /xingrg/kc/mdqp/pssh_order_operate.html HTTP/1.1" 200 37
116.224.158.100 - - [23/May/2023:08:40:41 +0800] "POST /xingrg/kc/mdqp/pssh_order_operate.html HTTP/1.1" 200 533
116.238.139.35 - - [23/May/2023:08:40:42 +0800] "GET /xingrg/kc/buy/cgsh_order_operate.html?command=get_materiel&rest_code=00151&code=00101012039&supplier_code=00100096&order_time=2023-05-23 HTTP/1.1" 200 408
116.224.158.100 - - [23/May/2023:08:40:44 +0800] "POST /xingrg/kc/mdqp/pssh_order_operate.html HTTP/1.1" 200 37
116.224.158.100 - - [23/May/2023:08:40:46 +0800] "POST /xingrg/kc/mdqp/pssh_order_operate.html HTTP/1.1" 200 12
116.224.158.100 - - [23/May/2023:08:40:48 +0800] "GET /xingrg/kc/mdqp/pssh_order_info.html?code=312023052100435 HTTP/1.1" 200 14384
116.224.158.100 - - [23/May/2023:08:40:48 +0800] "GET /xingrg/javascript/jquery_tools/jquery-1.4.2.min.js HTTP/1.1" 404 1094
116.224.158.100 - - [23/May/2023:08:40:48 +0800] "GET /xingrg/javascript/easyui/themes/default/validatebox.css HTTP/1.1" 404 1104
116.224.158.100 - - [23/May/2023:08:40:48 +0800] "POST /xingrg/kc/mdqp/pssh_order_operate.html HTTP/1.1" 200 533
116.224.158.100 - - [23/May/2023:08:40:49 +0800] "GET /xingrg/kc/print/load_config.html?kc_code=pssh HTTP/1.1" 200 2368
116.224.158.100 - - [23/May/2023:08:40:50 +0800] "GET /xingrg/kc/print/load_data.html?order_code=312023052100435&kc_code=pssh&condition= HTTP/1.1" 200 654
116.238.139.35 - - [23/May/2023:08:40:51 +0800] "GET /xingrg/kc/buy/cgsh_order_operate.html?command=get_materiel&rest_code=00151&code=00101007061&supplier_code=00100096&order_time=2023-05-23 HTTP/1.1" 200 411
116.238.139.35 - - [23/May/2023:08:40:53 +0800] "GET /xingrg/all/function/internal_message.html?_=1684802451248&CODE_STATE=getMsg HTTP/1.1" 200 27
116.224.158.100 - - [23/May/2023:08:40:55 +0800] "GET /xingrg/kc/mdqp/pssh_order_list.html HTTP/1.1" 200 17928
116.224.158.100 - - [23/May/2023:08:40:55 +0800] "POST /xingrg/kc/mdqp/pssh_list_operate.html HTTP/1.1" 200 5384
116.224.158.100 - - [23/May/2023:08:40:57 +0800] "POST /xingrg/kc/mdqp/pssh_list_operate.html HTTP/1.1" 200 364
222.70.172.86 - - [23/May/2023:08:40:58 +0800] "GET /xingrg/all/function/internal_message.html?_=1684802463329&CODE_STATE=getMsg HTTP/1.1" 200 27
116.224.158.100 - - [23/May/2023:08:41:00 +0800] "GET /xingrg/kc/mdqp/pssh_order_info.html?code=312023052100434 HTTP/1.1" 200 17295
116.224.158.100 - - [23/May/2023:08:41:00 +0800] "GET /xingrg/javascript/jquery_tools/jquery-1.4.2.min.js HTTP/1.1" 404 1094
116.224.158.100 - - [23/May/2023:08:41:01 +0800] "GET /xingrg/javascript/easyui/themes/default/validatebox.css HTTP/1.1" 404 1104
116.224.158.100 - - [23/May/2023:08:41:01 +0800] "POST /xingrg/kc/mdqp/pssh_order_operate.html HTTP/1.1" 200 1073
116.238.139.35 - - [23/May/2023:08:41:02 +0800] "GET /xingrg/kc/buy/cgsh_order_operate.html?command=get_materiel&rest_code=00151&code=00101007089&supplier_code=00100096&order_time=2023-05-23 HTTP/1.1" 200 410
116.224.158.100 - - [23/May/2023:08:41:05 +0800] "POST /xingrg/all/common/load_combo.html?type=employee HTTP/1.1" 200 356
116.224.158.100 - - [23/May/2023:08:41:09 +0800] "POST /xingrg/kc/mdqp/pssh_order_operate.html HTTP/1.1" 200 37
116.224.158.100 - - [23/May/2023:08:41:10 +0800] "POST /xingrg/kc/mdqp/pssh_order_operate.html HTTP/1.1" 200 1073
116.224.158.100 - - [23/May/2023:08:41:13 +0800] "POST /xingrg/kc/mdqp/pssh_order_operate.html HTTP/1.1" 200 37
116.238.139.35 - - [23/May/2023:08:41:15 +0800] "GET /xingrg/kc/buy/cgsh_order_operate.html?command=get_materiel&rest_code=00151&code=00101006058&supplier_code=00100096&order_time=2023-05-23 HTTP/1.1" 200 415
116.224.158.100 - - [23/May/2023:08:41:15 +0800] "POST /xingrg/kc/mdqp/pssh_order_operate.html HTTP/1.1" 200 12
116.224.158.100 - - [23/May/2023:08:41:17 +0800] "GET /xingrg/kc/mdqp/pssh_order_info.html?code=312023052100434 HTTP/1.1" 200 14384
116.224.158.100 - - [23/May/2023:08:41:17 +0800] "GET /xingrg/javascript/jquery_tools/jquery-1.4.2.min.js HTTP/1.1" 404 1094
116.224.158.100 - - [23/May/2023:08:41:17 +0800] "GET /xingrg/javascript/easyui/themes/default/validatebox.css HTTP/1.1" 404 1104
116.224.158.100 - - [23/May/2023:08:41:17 +0800] "POST /xingrg/kc/mdqp/pssh_order_operate.html HTTP/1.1" 200 1073
116.232.195.127 - - [23/May/2023:08:41:18 +0800] "GET /xingrg/all/function/internal_message.html?_=1684802518810&CODE_STATE=getMsg HTTP/1.1" 200 27
116.224.158.100 - - [23/May/2023:08:41:19 +0800] "GET /xingrg/kc/print/load_data.html?order_code=312023052100434&kc_code=pssh&condition= HTTP/1.1" 200 864
172.20.0.100 - - [23/May/2023:08:41:21 +0800] "GET /xingrg/all/function/internal_message.html?_=1684802485576&CODE_STATE=getMsg HTTP/1.1" 200 27
180.164.3.199 - - [23/May/2023:08:41:24 +0800] "GET /xingrg/all/function/internal_message.html?_=1684802483099&CODE_STATE=getMsg HTTP/1.1" 200 27
116.238.139.35 - - [23/May/2023:08:41:25 +0800] "GET /xingrg/kc/buy/cgsh_order_operate.html?command=get_materiel&rest_code=00151&code=00101006013&supplier_code=00100096&order_time=2023-05-23 HTTP/1.1" 200 409
116.238.139.35 - - [23/May/2023:08:41:53 +0800] "GET /xingrg/all/function/internal_message.html?_=1684802511248&CODE_STATE=getMsg HTTP/1.1" 200 27
222.70.172.86 - - [23/May/2023:08:41:58 +0800] "GET /xingrg/all/function/internal_message.html?_=1684802523335&CODE_STATE=getMsg HTTP/1.1" 200 27
116.224.158.100 - - [23/May/2023:08:42:00 +0800] "GET /xingrg/kc/mdqp/pssh_order_list.html HTTP/1.1" 200 17928
116.224.158.100 - - [23/May/2023:08:42:01 +0800] "POST /xingrg/kc/mdqp/pssh_list_operate.html HTTP/1.1" 200 5409
116.224.158.100 - - [23/May/2023:08:42:08 +0800] "POST /xingrg/kc/mdqp/pssh_list_operate.html HTTP/1.1" 200 763
116.224.158.100 - - [23/May/2023:08:42:09 +0800] "GET /xingrg/kc/mdqp/pssh_order_info.html?code=312023052100436 HTTP/1.1" 200 17297
116.224.158.100 - - [23/May/2023:08:42:09 +0800] "GET /xingrg/javascript/jquery_tools/jquery-1.4.2.min.js HTTP/1.1" 404 1094
116.224.158.100 - - [23/May/2023:08:42:09 +0800] "GET /xingrg/javascript/easyui/themes/default/validatebox.css HTTP/1.1" 404 1104
116.238.139.35 - - [23/May/2023:08:42:09 +0800] "POST /xingrg/kc/buy/cgsh_order_operate.html HTTP/1.1" 200 37
116.224.158.100 - - [23/May/2023:08:42:09 +0800] "POST /xingrg/kc/mdqp/pssh_order_operate.html HTTP/1.1" 200 4707
116.224.158.100 - - [23/May/2023:08:42:11 +0800] "GET /xingrg/all/function/internal_message.html?_=1684802532752&CODE_STATE=getMsg HTTP/1.1" 200 27
116.238.139.35 - - [23/May/2023:08:42:16 +0800] "POST /xingrg/kc/buy/cgsh_order_operate.html HTTP/1.1" 200 12
116.232.195.127 - - [23/May/2023:08:42:18 +0800] "GET /xingrg/all/function/internal_message.html?_=1684802578798&CODE_STATE=getMsg HTTP/1.1" 200 27
116.238.139.35 - - [23/May/2023:08:42:18 +0800] "GET /xingrg/kc/buy/cgsh_order_info.html?code=212023052308458 HTTP/1.1" 200 65948
116.238.139.35 - - [23/May/2023:08:42:18 +0800] "GET /xingrg/javascript/easyui/themes/default/validatebox.css HTTP/1.1" 404 1104
116.238.139.35 - - [23/May/2023:08:42:19 +0800] "POST /xingrg/kc/buy/cgsh_order_operate.html HTTP/1.1" 200 4776
180.171.121.39 - - [23/May/2023:08:42:21 +0800] "GET /favicon.ico HTTP/1.1" 404 -
172.20.0.100 - - [23/May/2023:08:42:21 +0800] "GET /xingrg/all/function/internal_message.html?_=1684802545574&CODE_STATE=getMsg HTTP/1.1" 200 27
116.238.139.35 - - [23/May/2023:08:42:21 +0800] "GET /xingrg/kc/print/load_data.html?order_code=212023052308458&kc_code=cgsh&condition= HTTP/1.1" 200 2277
180.164.3.199 - - [23/May/2023:08:42:24 +0800] "GET /xingrg/all/function/internal_message.html?_=1684802543101&CODE_STATE=getMsg HTTP/1.1" 200 27
180.171.121.39 - - [23/May/2023:08:42:30 +0800] "GET /xingrg/login.html HTTP/1.1" 200 7641
180.171.121.39 - - [23/May/2023:08:42:31 +0800] "GET /favicon.ico HTTP/1.1" 404 -
180.171.121.39 - - [23/May/2023:08:42:38 +0800] "POST /xingrg/login.do HTTP/1.1" 302 -
180.171.121.39 - - [23/May/2023:08:42:38 +0800] "GET /xingrg/index.html?sysBaseUrl=http%3A%2F%2F180.169.147.146%3A18081%2Fxingrg%2F&costTime=810×tamp=1684802558637 HTTP/1.1" 200 17173
180.171.121.39 - - [23/May/2023:08:42:39 +0800] "GET /favicon.ico HTTP/1.1" 404 -
180.171.121.39 - - [23/May/2023:08:42:39 +0800] "GET /xingrg/check_reg.html?_=1684802558364 HTTP/1.1" 200 22
180.171.121.39 - - [23/May/2023:08:42:39 +0800] "GET /xingrg/all/function/internal_message.html?_=1684802558363&CODE_STATE=count HTTP/1.1" 200 11
180.171.121.39 - - [23/May/2023:08:42:39 +0800] "POST /xingrg/all/common/load_tree.html?tree=area_rest_tree_json&manage=1 HTTP/1.1" 200 342
180.171.121.39 - - [23/May/2023:08:42:39 +0800] "POST /xingrg/load_menu.html HTTP/1.1" 200 5138
180.171.121.39 - - [23/May/2023:08:42:43 +0800] "GET /xingrg/kc/buy/buy_main.html HTTP/1.1" 200 12412
180.171.121.39 - - [23/May/2023:08:42:43 +0800] "GET /xingrg/css/new_ie.css HTTP/1.1" 404 1036
180.171.121.39 - - [23/May/2023:08:42:44 +0800] "GET /xingrg/images/yd/bt.gif HTTP/1.1" 404 1040
180.171.121.39 - - [23/May/2023:08:42:45 +0800] "GET /xingrg/kc/buy/cgsh_order_list.html HTTP/1.1" 200 55669
180.171.121.39 - - [23/May/2023:08:42:47 +0800] "POST /xingrg/kc/buy/cgsh_list_operate.html HTTP/1.1" 200 986
180.171.121.39 - - [23/May/2023:08:42:49 +0800] "GET /xingrg/kc/buy/cgsh_order_add.html HTTP/1.1" 200 71407
180.171.121.39 - - [23/May/2023:08:42:49 +0800] "GET /xingrg/words/20230521105100_words.js HTTP/1.1" 304 -
180.171.121.39 - - [23/May/2023:08:42:50 +0800] "POST /xingrg/kc/buy/cgsh_order_operate.html HTTP/1.1" 200 8245
180.171.121.39 - - [23/May/2023:08:42:50 +0800] "GET /xingrg/javascript/easyui/themes/default/validatebox.css HTTP/1.1" 404 1104
180.171.121.39 - - [23/May/2023:08:42:50 +0800] "GET /xingrg/all/common/auto_word.html?type=employee&rest_code=00111 HTTP/1.1" 200 155
180.171.121.39 - - [23/May/2023:08:42:50 +0800] "GET /xingrg/all/common/auto_word.html?type=employee&rest_code=00111 HTTP/1.1" 200 155
180.171.121.39 - - [23/May/2023:08:42:52 +0800] "GET /xingrg/javascript/auto/indicator.gif HTTP/1.1" 404 1066
116.238.139.35 - - [23/May/2023:08:42:53 +0800] "GET /xingrg/all/function/internal_message.html?_=1684802571249&CODE_STATE=getMsg HTTP/1.1" 200 27
180.171.121.39 - - [23/May/2023:08:42:53 +0800] "GET /xingrg/javascript/jquery_tools/images/prev.gif HTTP/1.1" 404 1086
180.171.121.39 - - [23/May/2023:08:42:53 +0800] "GET /xingrg/javascript/jquery_tools/images/next.gif HTTP/1.1" 404 1086
222.70.172.86 - - [23/May/2023:08:42:58 +0800] "GET /xingrg/all/function/internal_message.html?_=1684802583584&CODE_STATE=getMsg HTTP/1.1" 200 27
180.171.121.39 - - [23/May/2023:08:43:02 +0800] "GET /xingrg/kc/buy/cgsh_order_operate.html?command=get_materiel&rest_code=00111&code=00101008321&supplier_code=00100005&order_time=2023-05-23 HTTP/1.1" 200 412
116.224.158.100 - - [23/May/2023:08:43:11 +0800] "GET /xingrg/all/function/internal_message.html?_=1684802592725&CODE_STATE=getMsg HTTP/1.1" 200 27
116.232.195.127 - - [23/May/2023:08:43:18 +0800] "GET /xingrg/check_reg.html?_=1684802638787 HTTP/1.1" 200 22
116.232.195.127 - - [23/May/2023:08:43:18 +0800] "GET /xingrg/all/function/internal_message.html?_=1684802638792&CODE_STATE=getMsg HTTP/1.1" 200 27
222.70.172.86 - - [23/May/2023:08:43:19 +0800] "GET /xingrg/check_reg.html?_=1684802604301 HTTP/1.1" 200 22
172.20.0.100 - - [23/May/2023:08:43:21 +0800] "GET /xingrg/all/function/internal_message.html?_=1684802605573&CODE_STATE=getMsg HTTP/1.1" 200 27
180.164.3.199 - - [23/May/2023:08:43:24 +0800] "GET /xingrg/all/function/internal_message.html?_=1684802603118&CODE_STATE=getMsg HTTP/1.1" 200 27
116.224.158.100 - - [23/May/2023:08:43:37 +0800] "POST /xingrg/all/common/load_combo.html?type=employee HTTP/1.1" 200 356
180.171.121.39 - - [23/May/2023:08:43:39 +0800] "GET /xingrg/all/function/internal_message.html?_=1684802618370&CODE_STATE=getMsg HTTP/1.1" 200 27
116.238.139.35 - - [23/May/2023:08:43:41 +0800] "GET /xingrg/kc/buy/cgsh_order_add.html HTTP/1.1" 200 71049
116.238.139.35 - - [23/May/2023:08:43:41 +0800] "POST /xingrg/kc/buy/cgsh_order_operate.html HTTP/1.1" 200 8245
116.238.139.35 - - [23/May/2023:08:43:41 +0800] "GET /xingrg/javascript/easyui/themes/default/validatebox.css HTTP/1.1" 404 1104
116.224.158.100 - - [23/May/2023:08:43:42 +0800] "POST /xingrg/kc/mdqp/pssh_order_operate.html HTTP/1.1" 200 37
116.224.158.100 - - [23/May/2023:08:43:43 +0800] "POST /xingrg/kc/mdqp/pssh_order_operate.html HTTP/1.1" 200 4744
116.224.158.100 - - [23/May/2023:08:43:47 +0800] "POST /xingrg/kc/mdqp/pssh_order_operate.html HTTP/1.1" 200 37
116.224.158.100 - - [23/May/2023:08:43:50 +0800] "POST /xingrg/kc/mdqp/pssh_order_operate.html HTTP/1.1" 200 12
116.224.158.100 - - [23/May/2023:08:43:51 +0800] "GET /xingrg/kc/mdqp/pssh_order_info.html?code=312023052100436 HTTP/1.1" 200 14386
116.224.158.100 - - [23/May/2023:08:43:51 +0800] "GET /xingrg/javascript/jquery_tools/jquery-1.4.2.min.js HTTP/1.1" 404 1094
116.224.158.100 - - [23/May/2023:08:43:51 +0800] "GET /xingrg/javascript/easyui/themes/default/validatebox.css HTTP/1.1" 404 1104
116.224.158.100 - - [23/May/2023:08:43:51 +0800] "POST /xingrg/kc/mdqp/pssh_order_operate.html HTTP/1.1" 200 4744
116.238.139.35 - - [23/May/2023:08:43:53 +0800] "GET /xingrg/all/function/internal_message.html?_=1684802631244&CODE_STATE=getMsg HTTP/1.1" 200 27
116.224.158.100 - - [23/May/2023:08:43:53 +0800] "GET /xingrg/kc/print/load_data.html?order_code=312023052100436&kc_code=pssh&condition= HTTP/1.1" 200 2083
222.70.172.86 - - [23/May/2023:08:43:58 +0800] "GET /xingrg/all/function/internal_message.html?_=1684802643595&CODE_STATE=getMsg HTTP/1.1" 200 27
116.224.158.100 - - [23/May/2023:08:44:11 +0800] "GET /xingrg/all/function/internal_message.html?_=1684802652697&CODE_STATE=getMsg HTTP/1.1" 200 27
116.232.195.127 - - [23/May/2023:08:44:13 +0800] "GET /xingrg/images/yd/bt.gif HTTP/1.1" 404 1040
116.232.195.127 - - [23/May/2023:08:44:13 +0800] "GET /xingrg/images/yd/bt2.gif HTTP/1.1" 404 1042
116.232.195.127 - - [23/May/2023:08:44:15 +0800] "GET /xingrg/kc/buy/cgsh_order_list.html HTTP/1.1" 200 55675
116.232.195.127 - - [23/May/2023:08:44:17 +0800] "POST /xingrg/kc/buy/cgsh_list_operate.html HTTP/1.1" 200 986
116.232.195.127 - - [23/May/2023:08:44:18 +0800] "GET /xingrg/all/function/internal_message.html?_=1684802698921&CODE_STATE=getMsg HTTP/1.1" 200 27
172.20.0.100 - - [23/May/2023:08:44:21 +0800] "GET /xingrg/all/function/internal_message.html?_=1684802665571&CODE_STATE=getMsg HTTP/1.1" 200 27
180.164.3.199 - - [23/May/2023:08:44:24 +0800] "GET /xingrg/check_reg.html?_=1684802663107 HTTP/1.1" 200 22
180.164.3.199 - - [23/May/2023:08:44:24 +0800] "GET /xingrg/all/function/internal_message.html?_=1684802663107&CODE_STATE=getMsg HTTP/1.1" 200 27
180.171.121.39 - - [23/May/2023:08:44:33 +0800] "GET /xingrg/check_reg.html?_=1684802816923 HTTP/1.1" 200 22
180.171.121.39 - - [23/May/2023:08:44:39 +0800] "GET /xingrg/all/function/internal_message.html?_=1684802678363&CODE_STATE=getMsg HTTP/1.1" 200 27
116.232.195.127 - - [23/May/2023:08:44:40 +0800] "GET /xingrg/kc/buy/cgsh_order_add.html HTTP/1.1" 200 71498
116.232.195.127 - - [23/May/2023:08:44:40 +0800] "POST /xingrg/kc/buy/cgsh_order_operate.html HTTP/1.1" 200 8245
116.232.195.127 - - [23/May/2023:08:44:40 +0800] "GET /xingrg/javascript/easyui/themes/default/validatebox.css HTTP/1.1" 404 1104
116.232.195.127 - - [23/May/2023:08:44:44 +0800] "GET /xingrg/javascript/auto/indicator.gif HTTP/1.1" 404 1066
116.232.195.127 - - [23/May/2023:08:44:45 +0800] "GET /xingrg/javascript/jquery_tools/images/prev.gif HTTP/1.1" 404 1086
116.232.195.127 - - [23/May/2023:08:44:45 +0800] "GET /xingrg/javascript/jquery_tools/images/next.gif HTTP/1.1" 404 1086
116.232.195.127 - - [23/May/2023:08:44:51 +0800] "GET /xingrg/kc/buy/cgsh_order_operate.html?command=get_materiel&rest_code=00155&code=00101002027&supplier_code=00100199&order_time=2023-05-23 HTTP/1.1" 200 413
116.238.139.35 - - [23/May/2023:08:44:53 +0800] "GET /xingrg/check_reg.html?_=1684802691244 HTTP/1.1" 200 22
116.238.139.35 - - [23/May/2023:08:44:53 +0800] "GET /xingrg/all/function/internal_message.html?_=1684802691248&CODE_STATE=getMsg HTTP/1.1" 200 27
222.70.172.86 - - [23/May/2023:08:44:58 +0800] "GET /xingrg/all/function/internal_message.html?_=1684802703609&CODE_STATE=getMsg HTTP/1.1" 200 27
116.232.195.127 - - [23/May/2023:08:45:08 +0800] "GET /xingrg/kc/buy/cgsh_order_operate.html?command=get_materiel&rest_code=00155&code=00101004038&supplier_code=00100199&order_time=2023-05-23 HTTP/1.1" 200 409
116.224.158.100 - - [23/May/2023:08:45:11 +0800] "GET /xingrg/check_reg.html?_=1684802712674 HTTP/1.1" 200 22
116.224.158.100 - - [23/May/2023:08:45:11 +0800] "GET /xingrg/all/function/internal_message.html?_=1684802712675&CODE_STATE=getMsg HTTP/1.1" 200 27
116.232.195.127 - - [23/May/2023:08:45:15 +0800] "GET /xingrg/kc/buy/cgsh_order_operate.html?command=get_materiel&rest_code=00155&code=00101001111&supplier_code=00100199&order_time=2023-05-23 HTTP/1.1" 200 409
116.232.195.127 - - [23/May/2023:08:45:18 +0800] "GET /xingrg/all/function/internal_message.html?_=1684802758919&CODE_STATE=getMsg HTTP/1.1" 200 27
172.20.0.100 - - [23/May/2023:08:45:21 +0800] "GET /xingrg/all/function/internal_message.html?_=1684802725569&CODE_STATE=getMsg HTTP/1.1" 200 27
172.20.0.100 - - [23/May/2023:08:45:21 +0800] "GET /xingrg/check_reg.html?_=1684802725571 HTTP/1.1" 200 22
180.164.3.199 - - [23/May/2023:08:45:24 +0800] "GET /xingrg/all/function/internal_message.html?_=1684802723112&CODE_STATE=getMsg HTTP/1.1" 200 27
180.171.121.39 - - [23/May/2023:08:45:39 +0800] "GET /xingrg/all/function/internal_message.html?_=1684802738356&CODE_STATE=getMsg HTTP/1.1" 200 27
114.85.97.46 - - [23/May/2023:08:45:39 +0800] "GET /xingrg/check_reg.html?_=1684802740039 HTTP/1.1" 302 -
116.232.195.127 - - [23/May/2023:08:45:51 +0800] "POST /xingrg/kc/buy/cgsh_order_operate.html HTTP/1.1" 200 37
116.238.139.35 - - [23/May/2023:08:45:53 +0800] "GET /xingrg/all/function/internal_message.html?_=1684802751244&CODE_STATE=getMsg HTTP/1.1" 200 27
116.232.195.127 - - [23/May/2023:08:45:53 +0800] "POST /xingrg/kc/buy/cgsh_order_operate.html HTTP/1.1" 200 3845
116.224.158.100 - - [23/May/2023:08:45:56 +0800] "GET /xingrg/kc/buy/cgsh_order_list.html HTTP/1.1" 200 55669
116.224.158.100 - - [23/May/2023:08:45:58 +0800] "POST /xingrg/kc/buy/cgsh_list_operate.html HTTP/1.1" 200 986
222.70.172.86 - - [23/May/2023:08:45:58 +0800] "GET /xingrg/all/function/internal_message.html?_=1684802763838&CODE_STATE=getMsg HTTP/1.1" 200 27
180.171.121.39 - - [23/May/2023:08:45:59 +0800] "GET /xingrg/kc/buy/cgsh_order_operate.html?command=get_materiel&rest_code=00111&code=00101008372&supplier_code=00100005&order_time=2023-05-23 HTTP/1.1" 200 410
116.224.158.100 - - [23/May/2023:08:46:00 +0800] "GET /xingrg/kc/buy/cgsh_order_add.html HTTP/1.1" 200 71533
116.224.158.100 - - [23/May/2023:08:46:01 +0800] "POST /xingrg/kc/buy/cgsh_order_operate.html HTTP/1.1" 200 8245
116.224.158.100 - - [23/May/2023:08:46:01 +0800] "GET /xingrg/javascript/easyui/themes/default/validatebox.css HTTP/1.1" 404 1104
116.224.158.100 - - [23/May/2023:08:46:03 +0800] "GET /xingrg/javascript/auto/indicator.gif HTTP/1.1" 404 1066
116.232.195.127 - - [23/May/2023:08:46:03 +0800] "GET /xingrg/kc/print/load_config.html?kc_code=cgsh HTTP/1.1" 200 1924
116.232.195.127 - - [23/May/2023:08:46:04 +0800] "GET /xingrg/kc/print/load_data.html?order_code=212023052308459&kc_code=cgsh&condition= HTTP/1.1" 200 1128
180.171.121.39 - - [23/May/2023:08:46:10 +0800] "GET /xingrg/kc/buy/cgsh_order_operate.html?command=get_materiel&rest_code=00111&code=00101008261&supplier_code=00100005&order_time=2023-05-23 HTTP/1.1" 200 408
116.232.195.127 - - [23/May/2023:08:46:11 +0800] "GET /xingrg/kc/print/load_data.html?order_code=212023052308459&kc_code=cgsh HTTP/1.1" 200 1128
116.224.158.100 - - [23/May/2023:08:46:11 +0800] "GET /xingrg/all/function/internal_message.html?_=1684802772659&CODE_STATE=getMsg HTTP/1.1" 200 27
116.237.79.115 - - [23/May/2023:08:46:18 +0800] "GET /xingrg/login.html HTTP/1.1" 200 7641
116.224.158.100 - - [23/May/2023:08:46:19 +0800] "GET /xingrg/kc/buy/cgsh_order_operate.html?command=get_materiel&rest_code=00105&code=00101008230&supplier_code=00100203&order_time=2023-05-23 HTTP/1.1" 200 408
116.232.195.127 - - [23/May/2023:08:46:21 +0800] "GET /xingrg/all/function/internal_message.html?_=1684802822402&CODE_STATE=getMsg HTTP/1.1" 200 27
116.237.79.115 - - [23/May/2023:08:46:21 +0800] "GET /xingrg/login.html HTTP/1.1" 200 7641
172.20.0.100 - - [23/May/2023:08:46:21 +0800] "GET /xingrg/all/function/internal_message.html?_=1684802785569&CODE_STATE=getMsg HTTP/1.1" 200 27
116.238.139.35 - - [23/May/2023:08:46:21 +0800] "GET /xingrg/kc/buy/cgsh_order_operate.html?command=get_materiel&rest_code=00151&code=00101008323&supplier_code=00100008&order_time=2023-05-23 HTTP/1.1" 200 408
180.171.121.39 - - [23/May/2023:08:46:23 +0800] "GET /xingrg/kc/buy/cgsh_order_operate.html?command=get_materiel&rest_code=00111&code=00101008169&supplier_code=00100005&order_time=2023-05-23 HTTP/1.1" 200 412
180.164.3.199 - - [23/May/2023:08:46:24 +0800] "GET /xingrg/all/function/internal_message.html?_=1684802783113&CODE_STATE=getMsg HTTP/1.1" 200 27
116.224.158.100 - - [23/May/2023:08:46:30 +0800] "GET /xingrg/kc/buy/cgsh_order_operate.html?command=get_materiel&rest_code=00105&code=00101008286&supplier_code=00100203&order_time=2023-05-23 HTTP/1.1" 200 408
116.238.139.35 - - [23/May/2023:08:46:31 +0800] "GET /xingrg/kc/buy/cgsh_order_operate.html?command=get_materiel&rest_code=00151&code=00101008261&supplier_code=00100008&order_time=2023-05-23 HTTP/1.1" 200 408
116.238.139.35 - - [23/May/2023:08:46:39 +0800] "GET /xingrg/kc/buy/cgsh_order_operate.html?command=get_materiel&rest_code=00151&code=00101008302&supplier_code=00100008&order_time=2023-05-23 HTTP/1.1" 200 412
180.171.121.39 - - [23/May/2023:08:46:39 +0800] "GET /xingrg/all/function/internal_message.html?_=1684802798363&CODE_STATE=getMsg HTTP/1.1" 200 27
180.171.121.39 - - [23/May/2023:08:46:40 +0800] "GET /xingrg/kc/buy/cgsh_order_operate.html?command=get_materiel&rest_code=00111&code=00101008003&supplier_code=00100005&order_time=2023-05-23 HTTP/1.1" 200 408
116.224.158.100 - - [23/May/2023:08:46:41 +0800] "GET /xingrg/kc/buy/cgsh_order_operate.html?command=get_materiel&rest_code=00105&code=00101008354&supplier_code=00100203&order_time=2023-05-23 HTTP/1.1" 200 412
116.238.139.35 - - [23/May/2023:08:46:47 +0800] "GET /xingrg/kc/buy/cgsh_order_operate.html?command=get_materiel&rest_code=00151&code=00101008049&supplier_code=00100008&order_time=2023-05-23 HTTP/1.1" 200 408
116.238.139.35 - - [23/May/2023:08:46:53 +0800] "GET /xingrg/all/function/internal_message.html?_=1684802811249&CODE_STATE=getMsg HTTP/1.1" 200 27
180.171.121.39 - - [23/May/2023:08:46:55 +0800] "GET /xingrg/kc/buy/cgsh_order_operate.html?command=get_materiel&rest_code=00111&code=00101008270&supplier_code=00100005&order_time=2023-05-23 HTTP/1.1" 200 412
222.70.172.86 - - [23/May/2023:08:46:58 +0800] "GET /xingrg/all/function/internal_message.html?_=1684802823841&CODE_STATE=getMsg HTTP/1.1" 200 27
116.224.158.100 - - [23/May/2023:08:47:00 +0800] "GET /xingrg/kc/buy/cgsh_order_operate.html?command=get_materiel&rest_code=00105&code=00101008026&supplier_code=00100203&order_time=2023-05-23 HTTP/1.1" 200 409
116.238.139.35 - - [23/May/2023:08:47:04 +0800] "GET /xingrg/kc/buy/cgsh_order_operate.html?command=get_materiel&rest_code=00151&code=00101008631&supplier_code=00100008&order_time=2023-05-23 HTTP/1.1" 200 405
180.171.121.39 - - [23/May/2023:08:47:04 +0800] "GET /xingrg/kc/buy/cgsh_order_operate.html?command=get_materiel&rest_code=00111&code=00101008096&supplier_code=00100005&order_time=2023-05-23 HTTP/1.1" 200 412
116.232.195.127 - - [23/May/2023:08:47:10 +0800] "GET /xingrg/kc/buy/cgsh_order_add.html HTTP/1.1" 200 71498
116.232.195.127 - - [23/May/2023:08:47:10 +0800] "POST /xingrg/kc/buy/cgsh_order_operate.html HTTP/1.1" 200 8245
116.232.195.127 - - [23/May/2023:08:47:10 +0800] "GET /xingrg/javascript/easyui/themes/default/validatebox.css HTTP/1.1" 404 1104
116.224.158.100 - - [23/May/2023:08:47:11 +0800] "GET /xingrg/all/function/internal_message.html?_=1684802832668&CODE_STATE=getMsg HTTP/1.1" 200 27
116.224.158.100 - - [23/May/2023:08:47:11 +0800] "GET /xingrg/kc/buy/cgsh_order_operate.html?command=get_materiel&rest_code=00105&code=00101008221&supplier_code=00100203&order_time=2023-05-23 HTTP/1.1" 200 412
116.238.139.35 - - [23/May/2023:08:47:15 +0800] "GET /xingrg/kc/buy/cgsh_order_operate.html?command=get_materiel&rest_code=00151&code=00101008186&supplier_code=00100008&order_time=2023-05-23 HTTP/1.1" 200 408
180.163.28.114 - - [23/May/2023:08:47:18 +0800] "GET /xingrg/login.html HTTP/1.1" 200 7641
116.232.195.127 - - [23/May/2023:08:47:18 +0800] "GET /xingrg/kc/buy/cgsh_order_operate.html?command=get_materiel&rest_code=00155&code=00101015006&supplier_code=00100037&order_time=2023-05-23 HTTP/1.1" 200 412
180.171.121.39 - - [23/May/2023:08:47:19 +0800] "GET /xingrg/kc/buy/cgsh_order_operate.html?command=get_materiel&rest_code=00111&code=00101019254&supplier_code=00100005&order_time=2023-05-23 HTTP/1.1" 200 447
116.224.158.100 - - [23/May/2023:08:47:20 +0800] "GET /xingrg/kc/buy/cgsh_order_operate.html?command=get_materiel&rest_code=00105&code=00101008163&supplier_code=00100203&order_time=2023-05-23 HTTP/1.1" 200 411
180.171.121.39 - - [23/May/2023:08:47:21 +0800] "POST /xingrg/all/common/load_select.html HTTP/1.1" 200 25
116.232.195.127 - - [23/May/2023:08:47:21 +0800] "GET /xingrg/all/function/internal_message.html?_=1684802882405&CODE_STATE=getMsg HTTP/1.1" 200 27
172.20.0.100 - - [23/May/2023:08:47:21 +0800] "GET /xingrg/all/function/internal_message.html?_=1684802845584&CODE_STATE=getMsg HTTP/1.1" 200 27
116.238.139.35 - - [23/May/2023:08:47:24 +0800] "GET /xingrg/kc/buy/cgsh_order_operate.html?command=get_materiel&rest_code=00151&code=00101008096&supplier_code=00100008&order_time=2023-05-23 HTTP/1.1" 200 412
180.164.3.199 - - [23/May/2023:08:47:24 +0800] "GET /xingrg/all/function/internal_message.html?_=1684802843108&CODE_STATE=getMsg HTTP/1.1" 200 27
116.237.79.115 - - [23/May/2023:08:47:24 +0800] "GET /xingrg/login.html HTTP/1.1" 200 7641
116.237.79.115 - - [23/May/2023:08:47:25 +0800] "GET /favicon.ico HTTP/1.1" 404 -
180.171.121.39 - - [23/May/2023:08:47:25 +0800] "GET /xingrg/kc/buy/cgsh_order_operate.html?command=get_materiel_price&rest_code=00111&code=00101019254&unit_code=00100040&supplier_code=00100005&order_time=2023-05-23 HTTP/1.1" 200 27
116.232.195.127 - - [23/May/2023:08:47:26 +0800] "GET /xingrg/kc/buy/cgsh_order_operate.html?command=get_materiel&rest_code=00155&code=00101009011&supplier_code=00100037&order_time=2023-05-23 HTTP/1.1" 200 416
116.238.139.35 - - [23/May/2023:08:47:32 +0800] "GET /xingrg/kc/buy/cgsh_order_operate.html?command=get_materiel&rest_code=00151&code=00101008372&supplier_code=00100008&order_time=2023-05-23 HTTP/1.1" 200 408
116.237.79.115 - - [23/May/2023:08:47:32 +0800] "POST /xingrg/login.do HTTP/1.1" 302 -
116.237.79.115 - - [23/May/2023:08:47:32 +0800] "GET /xingrg/index.html?sysBaseUrl=http%3A%2F%2F180.169.147.146%3A18081%2Fxingrg%2F&costTime=864×tamp=1684802852691 HTTP/1.1" 200 17173
116.237.79.115 - - [23/May/2023:08:47:33 +0800] "GET /favicon.ico HTTP/1.1" 404 -
116.237.79.115 - - [23/May/2023:08:47:34 +0800] "POST /xingrg/all/common/load_tree.html?tree=area_rest_tree_json&manage=1 HTTP/1.1" 200 342
116.237.79.115 - - [23/May/2023:08:47:34 +0800] "GET /xingrg/all/function/internal_message.html?_=1684802848311&CODE_STATE=count HTTP/1.1" 200 11
116.237.79.115 - - [23/May/2023:08:47:34 +0800] "GET /xingrg/check_reg.html?_=1684802848314 HTTP/1.1" 200 22
116.237.79.115 - - [23/May/2023:08:47:34 +0800] "POST /xingrg/load_menu.html HTTP/1.1" 200 5138
116.224.158.100 - - [23/May/2023:08:47:34 +0800] "GET /xingrg/kc/buy/cgsh_order_operate.html?command=get_materiel&rest_code=00105&code=00101008372&supplier_code=00100203&order_time=2023-05-23 HTTP/1.1" 200 408
116.237.79.115 - - [23/May/2023:08:47:38 +0800] "GET /xingrg/kc/mdqp/qp_main.html HTTP/1.1" 200 10633
180.171.121.39 - - [23/May/2023:08:47:39 +0800] "GET /xingrg/check_reg.html?_=1684802858362 HTTP/1.1" 200 22
180.171.121.39 - - [23/May/2023:08:47:39 +0800] "GET /xingrg/all/function/internal_message.html?_=1684802858365&CODE_STATE=getMsg HTTP/1.1" 200 27
180.171.121.39 - - [23/May/2023:08:47:41 +0800] "GET /xingrg/kc/buy/cgsh_order_operate.html?command=get_materiel&rest_code=00111&code=00101008141&supplier_code=00100005&order_time=2023-05-23 HTTP/1.1" 200 412
116.232.195.127 - - [23/May/2023:08:47:41 +0800] "GET /xingrg/kc/buy/cgsh_order_operate.html?command=get_materiel&rest_code=00155&code=00101016004&supplier_code=00100037&order_time=2023-05-23 HTTP/1.1" 200 421
116.238.139.35 - - [23/May/2023:08:47:42 +0800] "GET /xingrg/kc/buy/cgsh_order_operate.html?command=get_materiel&rest_code=00151&code=00101008024&supplier_code=00100008&order_time=2023-05-23 HTTP/1.1" 200 408
116.224.158.100 - - [23/May/2023:08:47:42 +0800] "GET /xingrg/kc/buy/cgsh_order_operate.html?command=get_materiel&rest_code=00105&code=00101008264&supplier_code=00100203&order_time=2023-05-23 HTTP/1.1" 200 412
116.237.79.115 - - [23/May/2023:08:47:44 +0800] "GET /xingrg/images/yd/bt.gif HTTP/1.1" 404 1040
116.237.79.115 - - [23/May/2023:08:47:45 +0800] "GET /xingrg/kc/mdqp/pssh_order_list.html HTTP/1.1" 200 17844
116.237.79.115 - - [23/May/2023:08:47:46 +0800] "POST /xingrg/kc/mdqp/pssh_list_operate.html HTTP/1.1" 200 5202
116.224.158.100 - - [23/May/2023:08:47:49 +0800] "GET /xingrg/kc/buy/cgsh_order_operate.html?command=get_materiel&rest_code=00105&code=00101008356&supplier_code=00100203&order_time=2023-05-23 HTTP/1.1" 200 408
116.238.139.35 - - [23/May/2023:08:47:50 +0800] "GET /xingrg/kc/buy/cgsh_order_operate.html?command=get_materiel&rest_code=00151&code=00101008300&supplier_code=00100008&order_time=2023-05-23 HTTP/1.1" 200 412
116.238.139.35 - - [23/May/2023:08:47:53 +0800] "GET /xingrg/all/function/internal_message.html?_=1684802871249&CODE_STATE=getMsg HTTP/1.1" 200 27
116.237.79.115 - - [23/May/2023:08:47:55 +0800] "POST /xingrg/kc/mdqp/pssh_list_operate.html HTTP/1.1" 200 440
180.171.121.39 - - [23/May/2023:08:47:55 +0800] "GET /xingrg/kc/buy/cgsh_order_operate.html?command=get_materiel&rest_code=00111&code=00101008283&supplier_code=00100005&order_time=2023-05-23 HTTP/1.1" 200 408
116.224.158.100 - - [23/May/2023:08:47:55 +0800] "GET /xingrg/index.html?sysBaseUrl=http%3A%2F%2F180.169.147.146%3A18081%2Fxingrg%2F&costTime=32×tamp=1585224308505 HTTP/1.1" 302 -
116.232.195.127 - - [23/May/2023:08:47:55 +0800] "GET /xingrg/kc/buy/cgsh_order_operate.html?command=get_materiel&rest_code=00155&code=00101009057&supplier_code=00100037&order_time=2023-05-23 HTTP/1.1" 200 408
116.224.158.100 - - [23/May/2023:08:47:55 +0800] "GET /xingrg/login.html HTTP/1.1" 200 7641
116.224.158.100 - - [23/May/2023:08:47:56 +0800] "GET /xingrg/images/blue/jxLogo.png HTTP/1.1" 304 -
116.237.79.115 - - [23/May/2023:08:47:56 +0800] "GET /xingrg/kc/mdqp/pssh_order_info.html?code=312023052000430 HTTP/1.1" 200 17266
116.237.79.115 - - [23/May/2023:08:47:56 +0800] "GET /xingrg/javascript/jquery_tools/jquery-1.4.2.min.js HTTP/1.1" 404 1094
116.224.158.100 - - [23/May/2023:08:47:56 +0800] "GET /xingrg/kc/buy/cgsh_order_operate.html?command=get_materiel&rest_code=00105&code=00101008196&supplier_code=00100203&order_time=2023-05-23 HTTP/1.1" 200 416
116.237.79.115 - - [23/May/2023:08:47:56 +0800] "GET /xingrg/words/20230521105100_words.js HTTP/1.1" 304 -
116.238.139.35 - - [23/May/2023:08:47:57 +0800] "GET /xingrg/kc/buy/cgsh_order_operate.html?command=get_materiel&rest_code=00151&code=00101008223&supplier_code=00100008&order_time=2023-05-23 HTTP/1.1" 200 431
116.237.79.115 - - [23/May/2023:08:47:58 +0800] "POST /xingrg/kc/mdqp/pssh_order_operate.html HTTP/1.1" 200 1537
116.237.79.115 - - [23/May/2023:08:47:58 +0800] "GET /xingrg/all/common/auto_word.html?type=base&rest_code=00106&rest_code=00106 HTTP/1.1" 200 1799
116.237.79.115 - - [23/May/2023:08:47:58 +0800] "GET /xingrg/javascript/easyui/themes/default/validatebox.css HTTP/1.1" 404 1104
116.237.79.115 - - [23/May/2023:08:47:58 +0800] "GET /xingrg/all/common/auto_word.html?type=employee&rest_code=00106 HTTP/1.1" 200 205
222.70.172.86 - - [23/May/2023:08:47:58 +0800] "GET /xingrg/all/function/internal_message.html?_=1684802884092&CODE_STATE=getMsg HTTP/1.1" 200 27
116.237.79.115 - - [23/May/2023:08:48:00 +0800] "POST /xingrg/all/common/load_combo.html?type=base&rest_code=00106 HTTP/1.1" 200 3227
116.237.79.115 - - [23/May/2023:08:48:02 +0800] "POST /xingrg/all/common/load_combo.html?type=employee HTTP/1.1" 200 365
180.171.121.39 - - [23/May/2023:08:48:04 +0800] "GET /xingrg/kc/buy/cgsh_order_operate.html?command=get_materiel&rest_code=00111&code=00101008296&supplier_code=00100005&order_time=2023-05-23 HTTP/1.1" 200 416
116.232.195.127 - - [23/May/2023:08:48:04 +0800] "GET /xingrg/kc/buy/cgsh_order_operate.html?command=get_materiel&rest_code=00155&code=00101012059&supplier_code=00100037&order_time=2023-05-23 HTTP/1.1" 200 412
116.224.158.100 - - [23/May/2023:08:48:04 +0800] "GET /xingrg/images/blue/login_bg.png HTTP/1.1" 304 -
116.224.158.100 - - [23/May/2023:08:48:04 +0800] "GET /xingrg/images/blue/hj.png HTTP/1.1" 304 -
116.224.158.100 - - [23/May/2023:08:48:04 +0800] "GET /xingrg/images/blue/srbg.png HTTP/1.1" 304 -
116.224.158.100 - - [23/May/2023:08:48:05 +0800] "GET /favicon.ico HTTP/1.1" 404 -
116.224.158.100 - - [23/May/2023:08:48:05 +0800] "GET /xingrg/kc/buy/cgsh_order_operate.html?command=get_materiel&rest_code=00105&code=00101008036&supplier_code=00100203&order_time=2023-05-23 HTTP/1.1" 200 408
116.237.79.115 - - [23/May/2023:08:48:06 +0800] "POST /xingrg/kc/mdqp/pssh_order_operate.html HTTP/1.1" 200 37
116.238.139.35 - - [23/May/2023:08:48:07 +0800] "GET /xingrg/kc/buy/cgsh_order_operate.html?command=get_materiel&rest_code=00151&code=00101008357&supplier_code=00100008&order_time=2023-05-23 HTTP/1.1" 200 408
116.237.79.115 - - [23/May/2023:08:48:09 +0800] "POST /xingrg/kc/mdqp/pssh_order_operate.html HTTP/1.1" 200 12
116.237.79.115 - - [23/May/2023:08:48:10 +0800] "GET /xingrg/kc/mdqp/pssh_order_info.html?code=312023052000430 HTTP/1.1" 200 14390
116.237.79.115 - - [23/May/2023:08:48:10 +0800] "GET /xingrg/javascript/jquery_tools/jquery-1.4.2.min.js HTTP/1.1" 404 1094
116.237.79.115 - - [23/May/2023:08:48:11 +0800] "GET /xingrg/javascript/easyui/themes/default/validatebox.css HTTP/1.1" 404 1104
