222.70.168.127 - - [23/May/2023:06:03:41 +0800] "GET /xingrg/all/function/internal_message.html?_=1684793026602&CODE_STATE=getMsg HTTP/1.1" 200 27
120.253.135.82 - - [23/May/2023:06:03:43 +0800] "GET /xingrg/kc/pszx/mdqp_order_info.html?code=302023052200368 HTTP/1.1" 200 13358
120.253.135.82 - - [23/May/2023:06:03:43 +0800] "GET /xingrg/dwr/interface/AjaxQqpsService.js HTTP/1.1" 200 16326
120.253.135.82 - - [23/May/2023:06:03:43 +0800] "GET /xingrg/dwr/interface/AjaxComOrderService.js HTTP/1.1" 200 18264
120.253.135.82 - - [23/May/2023:06:03:43 +0800] "GET /xingrg/dwr/engine.js HTTP/1.1" 200 43631
120.253.135.82 - - [23/May/2023:06:03:43 +0800] "POST /xingrg/dwr/call/plaincall/AjaxQqpsService.loadMaterielItems.dwr HTTP/1.1" 200 3258
120.253.135.82 - - [23/May/2023:06:03:45 +0800] "GET /xingrg/images/yd/bt.gif HTTP/1.1" 404 1040
120.253.135.82 - - [23/May/2023:06:03:45 +0800] "GET /xingrg/images/yd/bt2.gif HTTP/1.1" 404 1042
120.253.135.82 - - [23/May/2023:06:03:51 +0800] "GET /xingrg/kc/pszx/mdqp_order_list.html?isBack=1 HTTP/1.1" 302 -
120.253.135.82 - - [23/May/2023:06:03:51 +0800] "GET /xingrg/kc/pszx/mdqp_order_list.html?state=10 HTTP/1.1" 200 13565
120.253.135.82 - - [23/May/2023:06:03:51 +0800] "GET /xingrg/dwr/interface/AjaxQqpsService.js HTTP/1.1" 200 16326
120.253.135.82 - - [23/May/2023:06:03:51 +0800] "GET /xingrg/dwr/interface/AjaxReportQueryService.js HTTP/1.1" 200 13203
120.253.135.82 - - [23/May/2023:06:03:51 +0800] "GET /xingrg/dwr/engine.js HTTP/1.1" 200 43631
120.253.135.82 - - [23/May/2023:06:03:53 +0800] "GET /xingrg/kc/pszx/mdqp_order_info.html?code=302023052200380 HTTP/1.1" 200 13358
120.253.135.82 - - [23/May/2023:06:03:53 +0800] "GET /xingrg/dwr/interface/AjaxQqpsService.js HTTP/1.1" 200 16326
120.253.135.82 - - [23/May/2023:06:03:53 +0800] "GET /xingrg/dwr/engine.js HTTP/1.1" 200 43631
120.253.135.82 - - [23/May/2023:06:03:53 +0800] "GET /xingrg/dwr/interface/AjaxComOrderService.js HTTP/1.1" 200 18264
120.253.135.82 - - [23/May/2023:06:03:54 +0800] "POST /xingrg/dwr/call/plaincall/AjaxQqpsService.loadMaterielItems.dwr HTTP/1.1" 200 353
116.238.139.35 - - [23/May/2023:06:03:57 +0800] "POST /xingrg/services/DataTransmitService HTTP/1.1" 200 524
120.253.135.82 - - [23/May/2023:06:03:58 +0800] "GET /xingrg/kc/pszx/mdqp_order_list.html?isBack=1 HTTP/1.1" 302 -
120.253.135.82 - - [23/May/2023:06:03:58 +0800] "GET /xingrg/images/yd/bt.gif HTTP/1.1" 404 1040
120.253.135.82 - - [23/May/2023:06:03:58 +0800] "GET /xingrg/images/yd/bt2.gif HTTP/1.1" 404 1042
120.253.135.82 - - [23/May/2023:06:03:58 +0800] "GET /xingrg/kc/pszx/mdqp_order_list.html?state=10 HTTP/1.1" 200 13565
120.253.135.82 - - [23/May/2023:06:03:58 +0800] "GET /xingrg/dwr/interface/AjaxQqpsService.js HTTP/1.1" 200 16326
120.253.135.82 - - [23/May/2023:06:03:58 +0800] "GET /xingrg/dwr/interface/AjaxReportQueryService.js HTTP/1.1" 200 13203
120.253.135.82 - - [23/May/2023:06:03:58 +0800] "GET /xingrg/dwr/engine.js HTTP/1.1" 200 43631
120.253.135.82 - - [23/May/2023:06:04:02 +0800] "GET /xingrg/kc/pszx/jzcl_ps.html HTTP/1.1" 200 7683
120.253.135.82 - - [23/May/2023:06:04:02 +0800] "POST /xingrg/all/common/load_tree.html?tree=area_rest_tree_json HTTP/1.1" 200 3499
120.253.135.82 - - [23/May/2023:06:04:03 +0800] "POST /xingrg/kc/pszx/jzcl_ps_operate.html HTTP/1.1" 200 3551
120.253.135.82 - - [23/May/2023:06:04:03 +0800] "POST /xingrg/kc/pszx/jzcl_ps_operate.html HTTP/1.1" 200 3551
120.253.135.82 - - [23/May/2023:06:04:10 +0800] "GET /xingrg/all/function/internal_message.html?_=1684792887281&CODE_STATE=getMsg HTTP/1.1" 200 27
116.238.139.35 - - [23/May/2023:06:04:11 +0800] "GET /xingrg/all/function/internal_message.html?_=1684793049605&CODE_STATE=getMsg HTTP/1.1" 200 27
172.20.0.100 - - [23/May/2023:06:04:22 +0800] "GET /xingrg/all/function/internal_message.html?_=1684793065446&CODE_STATE=getMsg HTTP/1.1" 200 27
180.164.3.199 - - [23/May/2023:06:04:24 +0800] "GET /xingrg/check_reg.html?_=1684793063109 HTTP/1.1" 200 22
180.164.3.199 - - [23/May/2023:06:04:24 +0800] "GET /xingrg/all/function/internal_message.html?_=1684793063110&CODE_STATE=getMsg HTTP/1.1" 200 27
180.171.121.39 - - [23/May/2023:06:04:34 +0800] "GET /xingrg/check_reg.html?_=1684793217458 HTTP/1.1" 200 22
120.253.135.82 - - [23/May/2023:06:04:35 +0800] "POST /xingrg/kc/pszx/jzcl_ps_operate.html HTTP/1.1" 200 4
222.70.168.127 - - [23/May/2023:06:04:41 +0800] "GET /xingrg/all/function/internal_message.html?_=1684793086615&CODE_STATE=getMsg HTTP/1.1" 200 27
120.253.135.82 - - [23/May/2023:06:04:51 +0800] "GET /xingrg/kc/pszx/mdps_order_list.html HTTP/1.1" 200 21032
120.253.135.82 - - [23/May/2023:06:04:51 +0800] "POST /xingrg/kc/pszx/jzcl_ps_operate.html HTTP/1.1" 200 2271
120.253.135.82 - - [23/May/2023:06:04:52 +0800] "POST /xingrg/kc/pszx/mdps_list_operate.html HTTP/1.1" 200 5312
120.253.135.82 - - [23/May/2023:06:05:10 +0800] "GET /xingrg/all/function/internal_message.html?_=1684792947294&CODE_STATE=getMsg HTTP/1.1" 200 27
116.238.139.35 - - [23/May/2023:06:05:11 +0800] "GET /xingrg/all/function/internal_message.html?_=1684793109590&CODE_STATE=getMsg HTTP/1.1" 200 27
172.20.0.100 - - [23/May/2023:06:05:22 +0800] "GET /xingrg/all/function/internal_message.html?_=1684793125445&CODE_STATE=getMsg HTTP/1.1" 200 27
172.20.0.100 - - [23/May/2023:06:05:22 +0800] "GET /xingrg/check_reg.html?_=1684793125447 HTTP/1.1" 200 22
180.164.3.199 - - [23/May/2023:06:05:24 +0800] "GET /xingrg/all/function/internal_message.html?_=1684793123119&CODE_STATE=getMsg HTTP/1.1" 200 27
222.70.168.127 - - [23/May/2023:06:05:42 +0800] "GET /xingrg/all/function/internal_message.html?_=1684793146864&CODE_STATE=getMsg HTTP/1.1" 200 27
120.253.135.82 - - [23/May/2023:06:06:10 +0800] "GET /xingrg/check_reg.html?_=1684793006792 HTTP/1.1" 200 22
120.253.135.82 - - [23/May/2023:06:06:10 +0800] "GET /xingrg/all/function/internal_message.html?_=1684793007308&CODE_STATE=getMsg HTTP/1.1" 200 27
116.238.139.35 - - [23/May/2023:06:06:11 +0800] "GET /xingrg/all/function/internal_message.html?_=1684793169574&CODE_STATE=getMsg HTTP/1.1" 200 27
172.20.0.100 - - [23/May/2023:06:06:22 +0800] "GET /xingrg/all/function/internal_message.html?_=1684793185446&CODE_STATE=getMsg HTTP/1.1" 200 27
120.253.135.82 - - [23/May/2023:06:06:24 +0800] "POST /xingrg/kc/pszx/mdps_list_operate.html HTTP/1.1" 200 2454
180.164.3.199 - - [23/May/2023:06:06:24 +0800] "GET /xingrg/all/function/internal_message.html?_=1684793183110&CODE_STATE=getMsg HTTP/1.1" 200 27
120.253.135.82 - - [23/May/2023:06:06:25 +0800] "POST /xingrg/kc/pszx/mdps_list_operate.html HTTP/1.1" 200 202
120.253.135.82 - - [23/May/2023:06:06:26 +0800] "GET /xingrg/kc/pszx/mdps_order_info.html?code=312023052300487 HTTP/1.1" 200 23982
120.253.135.82 - - [23/May/2023:06:06:27 +0800] "GET /xingrg/javascript/easyui/themes/default/validatebox.css HTTP/1.1" 404 1104
120.253.135.82 - - [23/May/2023:06:06:27 +0800] "POST /xingrg/kc/pszx/mdps_order_operate.html HTTP/1.1" 200 2275
116.238.139.35 - - [23/May/2023:06:06:29 +0800] "GET /xingrg/check_reg.html?_=1684793187921 HTTP/1.1" 200 22
120.253.135.82 - - [23/May/2023:06:06:30 +0800] "POST /xingrg/kc/pszx/mdps_order_operate.html HTTP/1.1" 200 37
120.253.135.82 - - [23/May/2023:06:06:32 +0800] "GET /xingrg/kc/pszx/mdps_order_info.html?code=312023052300487 HTTP/1.1" 200 23982
120.253.135.82 - - [23/May/2023:06:06:32 +0800] "GET /xingrg/javascript/easyui/themes/default/validatebox.css HTTP/1.1" 404 1104
120.253.135.82 - - [23/May/2023:06:06:32 +0800] "POST /xingrg/kc/pszx/mdps_order_operate.html HTTP/1.1" 200 2283
120.253.135.82 - - [23/May/2023:06:06:35 +0800] "POST /xingrg/kc/pszx/mdps_list_operate.html HTTP/1.1" 200 623
120.253.135.82 - - [23/May/2023:06:06:37 +0800] "GET /xingrg/kc/pszx/mdps_order_info.html?code=312023052300488 HTTP/1.1" 200 23982
120.253.135.82 - - [23/May/2023:06:06:37 +0800] "GET /xingrg/javascript/easyui/themes/default/validatebox.css HTTP/1.1" 404 1104
120.253.135.82 - - [23/May/2023:06:06:38 +0800] "POST /xingrg/kc/pszx/mdps_order_operate.html HTTP/1.1" 200 7227
120.253.135.82 - - [23/May/2023:06:06:39 +0800] "POST /xingrg/all/common/load_combo.html?type=base HTTP/1.1" 200 1169
222.70.168.127 - - [23/May/2023:06:06:42 +0800] "GET /xingrg/all/function/internal_message.html?_=1684793206876&CODE_STATE=getMsg HTTP/1.1" 200 27
120.253.135.82 - - [23/May/2023:06:06:43 +0800] "POST /xingrg/kc/pszx/mdps_order_operate.html HTTP/1.1" 200 37
120.253.135.82 - - [23/May/2023:06:06:45 +0800] "GET /xingrg/kc/pszx/mdps_order_info.html?code=312023052300488 HTTP/1.1" 200 23982
120.253.135.82 - - [23/May/2023:06:06:45 +0800] "GET /xingrg/javascript/easyui/themes/default/validatebox.css HTTP/1.1" 404 1104
120.253.135.82 - - [23/May/2023:06:06:46 +0800] "POST /xingrg/kc/pszx/mdps_order_operate.html HTTP/1.1" 200 7318
120.253.135.82 - - [23/May/2023:06:07:10 +0800] "GET /xingrg/all/function/internal_message.html?_=1684793067321&CODE_STATE=getMsg HTTP/1.1" 200 27
116.238.139.35 - - [23/May/2023:06:07:11 +0800] "GET /xingrg/all/function/internal_message.html?_=1684793229568&CODE_STATE=getMsg HTTP/1.1" 200 27
172.20.0.100 - - [23/May/2023:06:07:22 +0800] "GET /xingrg/all/function/internal_message.html?_=1684793245445&CODE_STATE=getMsg HTTP/1.1" 200 27
180.164.3.199 - - [23/May/2023:06:07:24 +0800] "GET /xingrg/all/function/internal_message.html?_=1684793243101&CODE_STATE=getMsg HTTP/1.1" 200 27
120.253.135.82 - - [23/May/2023:06:07:25 +0800] "POST /xingrg/all/common/load_select.html HTTP/1.1" 200 25
120.253.135.82 - - [23/May/2023:06:07:28 +0800] "GET /xingrg/kc/pszx/mdps_order_operate.html?command=get_materiel_price&pszx_code=00101&rest_code=00108&base_code=0010250&code=00102002433&unit_code=00100104&order_time=2023-05-24 HTTP/1.1" 200 39
120.253.135.82 - - [23/May/2023:06:07:40 +0800] "POST /xingrg/kc/pszx/mdps_order_operate.html HTTP/1.1" 200 37
120.253.135.82 - - [23/May/2023:06:07:42 +0800] "GET /xingrg/kc/pszx/mdps_order_info.html?code=312023052300488 HTTP/1.1" 200 23982
222.70.168.127 - - [23/May/2023:06:07:42 +0800] "GET /xingrg/all/function/internal_message.html?_=1684793267118&CODE_STATE=getMsg HTTP/1.1" 200 27
120.253.135.82 - - [23/May/2023:06:07:42 +0800] "GET /xingrg/javascript/easyui/themes/default/validatebox.css HTTP/1.1" 404 1104
120.253.135.82 - - [23/May/2023:06:07:43 +0800] "POST /xingrg/kc/pszx/mdps_order_operate.html HTTP/1.1" 200 7320
120.253.135.82 - - [23/May/2023:06:07:47 +0800] "POST /xingrg/kc/pszx/mdps_list_operate.html HTTP/1.1" 200 2453
120.253.135.82 - - [23/May/2023:06:07:48 +0800] "POST /xingrg/kc/pszx/mdps_list_operate.html HTTP/1.1" 200 585
120.253.135.82 - - [23/May/2023:06:07:49 +0800] "GET /xingrg/kc/pszx/mdps_order_info.html?code=312023052300489 HTTP/1.1" 200 23982
120.253.135.82 - - [23/May/2023:06:07:50 +0800] "GET /xingrg/javascript/easyui/themes/default/validatebox.css HTTP/1.1" 404 1104
120.253.135.82 - - [23/May/2023:06:07:50 +0800] "POST /xingrg/kc/pszx/mdps_order_operate.html HTTP/1.1" 200 18274
120.253.135.82 - - [23/May/2023:06:07:53 +0800] "POST /xingrg/kc/pszx/mdps_order_operate.html HTTP/1.1" 200 37
120.253.135.82 - - [23/May/2023:06:07:54 +0800] "GET /xingrg/kc/pszx/mdps_order_info.html?code=312023052300489 HTTP/1.1" 200 23982
120.253.135.82 - - [23/May/2023:06:07:55 +0800] "GET /xingrg/javascript/easyui/themes/default/validatebox.css HTTP/1.1" 404 1104
120.253.135.82 - - [23/May/2023:06:07:55 +0800] "POST /xingrg/kc/pszx/mdps_order_operate.html HTTP/1.1" 200 18532
116.232.195.127 - - [23/May/2023:06:07:59 +0800] "POST /xingrg/services/DataTransmitService HTTP/1.1" 200 524
116.232.195.127 - - [23/May/2023:06:08:05 +0800] "POST /xingrg/services/DataTransmitService HTTP/1.1" 200 501
116.232.195.127 - - [23/May/2023:06:08:07 +0800] "POST /xingrg/services/DataTransmitService HTTP/1.1" 200 501
120.253.135.82 - - [23/May/2023:06:08:09 +0800] "GET /xingrg/kc/pszx/mdps_order_operate.html?command=get_materiel&pszx_code=00101&rest_code=00108&base_code=0010246&code=00101019216 HTTP/1.1" 200 477
120.253.135.82 - - [23/May/2023:06:08:10 +0800] "GET /xingrg/all/function/internal_message.html?_=1684793127335&CODE_STATE=getMsg HTTP/1.1" 200 27
116.238.139.35 - - [23/May/2023:06:08:11 +0800] "GET /xingrg/all/function/internal_message.html?_=1684793289552&CODE_STATE=getMsg HTTP/1.1" 200 27
120.253.135.82 - - [23/May/2023:06:08:13 +0800] "POST /xingrg/all/common/load_select.html HTTP/1.1" 200 25
120.253.135.82 - - [23/May/2023:06:08:15 +0800] "GET /xingrg/kc/pszx/mdps_order_operate.html?command=get_materiel_price&pszx_code=00101&rest_code=00108&base_code=0010246&code=00101019216&unit_code=00100074&order_time=2023-05-24 HTTP/1.1" 200 35
222.70.168.127 - - [23/May/2023:06:08:19 +0800] "GET /xingrg/check_reg.html?_=1684793303940 HTTP/1.1" 200 22
172.20.0.100 - - [23/May/2023:06:08:22 +0800] "GET /xingrg/all/function/internal_message.html?_=1684793305443&CODE_STATE=getMsg HTTP/1.1" 200 27
120.253.135.82 - - [23/May/2023:06:08:22 +0800] "POST /xingrg/kc/pszx/mdps_order_operate.html HTTP/1.1" 200 37
116.232.195.127 - - [23/May/2023:06:08:23 +0800] "POST /xingrg/services/DataTransmitService HTTP/1.1" 200 501
180.164.3.199 - - [23/May/2023:06:08:24 +0800] "GET /xingrg/all/function/internal_message.html?_=1684793303104&CODE_STATE=getMsg HTTP/1.1" 200 27
120.253.135.82 - - [23/May/2023:06:08:24 +0800] "GET /xingrg/kc/pszx/mdps_order_info.html?code=312023052300489 HTTP/1.1" 200 23982
120.253.135.82 - - [23/May/2023:06:08:25 +0800] "GET /xingrg/javascript/easyui/themes/default/validatebox.css HTTP/1.1" 404 1104
120.253.135.82 - - [23/May/2023:06:08:25 +0800] "POST /xingrg/kc/pszx/mdps_order_operate.html HTTP/1.1" 200 18565
116.232.195.127 - - [23/May/2023:06:08:26 +0800] "POST /xingrg/services/DataTransmitService HTTP/1.1" 500 1621
222.70.168.127 - - [23/May/2023:06:08:42 +0800] "GET /xingrg/all/function/internal_message.html?_=1684793327122&CODE_STATE=getMsg HTTP/1.1" 200 27
120.253.135.82 - - [23/May/2023:06:09:10 +0800] "GET /xingrg/all/function/internal_message.html?_=1684793187349&CODE_STATE=getMsg HTTP/1.1" 200 27
116.238.139.35 - - [23/May/2023:06:09:11 +0800] "GET /xingrg/all/function/internal_message.html?_=1684793349536&CODE_STATE=getMsg HTTP/1.1" 200 27
172.20.0.100 - - [23/May/2023:06:09:22 +0800] "GET /xingrg/all/function/internal_message.html?_=1684793365457&CODE_STATE=getMsg HTTP/1.1" 200 27
180.164.3.199 - - [23/May/2023:06:09:24 +0800] "GET /xingrg/all/function/internal_message.html?_=1684793363107&CODE_STATE=getMsg HTTP/1.1" 200 27
180.164.3.199 - - [23/May/2023:06:09:24 +0800] "GET /xingrg/check_reg.html?_=1684793363108 HTTP/1.1" 200 22
180.171.121.39 - - [23/May/2023:06:09:34 +0800] "GET /xingrg/check_reg.html?_=1684793517439 HTTP/1.1" 200 22
222.70.168.127 - - [23/May/2023:06:09:42 +0800] "GET /xingrg/all/function/internal_message.html?_=1684793387136&CODE_STATE=getMsg HTTP/1.1" 200 27
120.253.135.82 - - [23/May/2023:06:10:10 +0800] "GET /xingrg/all/function/internal_message.html?_=1684793247364&CODE_STATE=getMsg HTTP/1.1" 200 27
116.238.139.35 - - [23/May/2023:06:10:11 +0800] "GET /xingrg/all/function/internal_message.html?_=1684793409521&CODE_STATE=getMsg HTTP/1.1" 200 27
172.20.0.100 - - [23/May/2023:06:10:22 +0800] "GET /xingrg/check_reg.html?_=1684793425456 HTTP/1.1" 200 22
172.20.0.100 - - [23/May/2023:06:10:22 +0800] "GET /xingrg/all/function/internal_message.html?_=1684793425457&CODE_STATE=getMsg HTTP/1.1" 200 27
180.164.3.199 - - [23/May/2023:06:10:24 +0800] "GET /xingrg/all/function/internal_message.html?_=1684793423123&CODE_STATE=getMsg HTTP/1.1" 200 27
222.70.168.127 - - [23/May/2023:06:10:42 +0800] "GET /xingrg/all/function/internal_message.html?_=1684793447378&CODE_STATE=getMsg HTTP/1.1" 200 27
120.253.135.82 - - [23/May/2023:06:11:10 +0800] "GET /xingrg/check_reg.html?_=1684793306864 HTTP/1.1" 200 22
120.253.135.82 - - [23/May/2023:06:11:10 +0800] "GET /xingrg/all/function/internal_message.html?_=1684793307376&CODE_STATE=getMsg HTTP/1.1" 200 27
116.238.139.35 - - [23/May/2023:06:11:11 +0800] "GET /xingrg/all/function/internal_message.html?_=1684793469506&CODE_STATE=getMsg HTTP/1.1" 200 27
172.20.0.100 - - [23/May/2023:06:11:22 +0800] "GET /xingrg/all/function/internal_message.html?_=1684793485456&CODE_STATE=getMsg HTTP/1.1" 200 27
180.164.3.199 - - [23/May/2023:06:11:24 +0800] "GET /xingrg/all/function/internal_message.html?_=1684793483123&CODE_STATE=getMsg HTTP/1.1" 200 27
116.238.139.35 - - [23/May/2023:06:11:29 +0800] "GET /xingrg/check_reg.html?_=1684793487934 HTTP/1.1" 200 22
222.70.168.127 - - [23/May/2023:06:11:42 +0800] "GET /xingrg/all/function/internal_message.html?_=1684793507383&CODE_STATE=getMsg HTTP/1.1" 200 27
120.253.135.82 - - [23/May/2023:06:12:10 +0800] "GET /xingrg/all/function/internal_message.html?_=1684793367389&CODE_STATE=getMsg HTTP/1.1" 200 27
116.238.139.35 - - [23/May/2023:06:12:11 +0800] "GET /xingrg/all/function/internal_message.html?_=1684793529479&CODE_STATE=getMsg HTTP/1.1" 200 27
172.20.0.100 - - [23/May/2023:06:12:22 +0800] "GET /xingrg/all/function/internal_message.html?_=1684793545446&CODE_STATE=getMsg HTTP/1.1" 200 27
180.164.3.199 - - [23/May/2023:06:12:24 +0800] "GET /xingrg/all/function/internal_message.html?_=1684793543118&CODE_STATE=getMsg HTTP/1.1" 200 27
222.70.168.127 - - [23/May/2023:06:12:42 +0800] "GET /xingrg/all/function/internal_message.html?_=1684793567630&CODE_STATE=getMsg HTTP/1.1" 200 27
120.253.135.82 - - [23/May/2023:06:13:10 +0800] "GET /xingrg/all/function/internal_message.html?_=1684793427473&CODE_STATE=getMsg HTTP/1.1" 200 27
116.238.139.35 - - [23/May/2023:06:13:11 +0800] "GET /xingrg/all/function/internal_message.html?_=1684793589469&CODE_STATE=getMsg HTTP/1.1" 200 27
222.70.168.127 - - [23/May/2023:06:13:19 +0800] "GET /xingrg/check_reg.html?_=1684793603949 HTTP/1.1" 200 22
172.20.0.100 - - [23/May/2023:06:13:22 +0800] "GET /xingrg/all/function/internal_message.html?_=1684793605444&CODE_STATE=getMsg HTTP/1.1" 200 27
180.164.3.199 - - [23/May/2023:06:13:24 +0800] "GET /xingrg/all/function/internal_message.html?_=1684793603115&CODE_STATE=getMsg HTTP/1.1" 200 27
120.253.135.82 - - [23/May/2023:06:13:34 +0800] "POST /xingrg/kc/pszx/mdps_order_operate.html HTTP/1.1" 200 37
120.253.135.82 - - [23/May/2023:06:13:35 +0800] "GET /xingrg/kc/pszx/mdps_order_info.html?code=312023052300489 HTTP/1.1" 200 23982
120.253.135.82 - - [23/May/2023:06:13:36 +0800] "GET /xingrg/javascript/easyui/themes/default/validatebox.css HTTP/1.1" 404 1104
120.253.135.82 - - [23/May/2023:06:13:36 +0800] "POST /xingrg/kc/pszx/mdps_order_operate.html HTTP/1.1" 200 18565
222.70.168.127 - - [23/May/2023:06:13:42 +0800] "GET /xingrg/all/function/internal_message.html?_=1684793627642&CODE_STATE=getMsg HTTP/1.1" 200 27
120.253.135.82 - - [23/May/2023:06:13:47 +0800] "POST /xingrg/kc/pszx/mdps_list_operate.html HTTP/1.1" 200 2453
120.253.135.82 - - [23/May/2023:06:13:49 +0800] "POST /xingrg/kc/pszx/mdps_list_operate.html HTTP/1.1" 200 623
120.253.135.82 - - [23/May/2023:06:13:57 +0800] "GET /xingrg/kc/pszx/mdqp_order_list.html?state=10 HTTP/1.1" 200 12340
120.253.135.82 - - [23/May/2023:06:13:57 +0800] "GET /xingrg/dwr/interface/AjaxQqpsService.js HTTP/1.1" 200 16326
120.253.135.82 - - [23/May/2023:06:13:57 +0800] "GET /xingrg/dwr/interface/AjaxReportQueryService.js HTTP/1.1" 200 13203
120.253.135.82 - - [23/May/2023:06:13:57 +0800] "GET /xingrg/dwr/engine.js HTTP/1.1" 200 43631
120.253.135.82 - - [23/May/2023:06:14:01 +0800] "GET /xingrg/kc/pszx/mdqp_order_info.html?code=302023052200365 HTTP/1.1" 200 13350
120.253.135.82 - - [23/May/2023:06:14:01 +0800] "GET /xingrg/dwr/interface/AjaxComOrderService.js HTTP/1.1" 200 18264
120.253.135.82 - - [23/May/2023:06:14:01 +0800] "GET /xingrg/dwr/interface/AjaxQqpsService.js HTTP/1.1" 200 16326
120.253.135.82 - - [23/May/2023:06:14:01 +0800] "GET /xingrg/dwr/engine.js HTTP/1.1" 200 43631
120.253.135.82 - - [23/May/2023:06:14:02 +0800] "POST /xingrg/dwr/call/plaincall/AjaxQqpsService.loadMaterielItems.dwr HTTP/1.1" 200 3849
120.253.135.82 - - [23/May/2023:06:14:03 +0800] "GET /xingrg/images/yd/bt.gif HTTP/1.1" 404 1040
120.253.135.82 - - [23/May/2023:06:14:03 +0800] "GET /xingrg/images/yd/bt2.gif HTTP/1.1" 404 1042
120.253.135.82 - - [23/May/2023:06:14:10 +0800] "GET /xingrg/all/function/internal_message.html?_=1684793487479&CODE_STATE=getMsg HTTP/1.1" 200 27
116.238.139.35 - - [23/May/2023:06:14:11 +0800] "GET /xingrg/all/function/internal_message.html?_=1684793649453&CODE_STATE=getMsg HTTP/1.1" 200 27
172.20.0.100 - - [23/May/2023:06:14:22 +0800] "GET /xingrg/all/function/internal_message.html?_=1684793665442&CODE_STATE=getMsg HTTP/1.1" 200 27
120.253.135.82 - - [23/May/2023:06:14:24 +0800] "GET /xingrg/kc/pszx/mdqp_order_list.html?isBack=1 HTTP/1.1" 302 -
180.164.3.199 - - [23/May/2023:06:14:24 +0800] "GET /xingrg/check_reg.html?_=1684793663106 HTTP/1.1" 200 22
180.164.3.199 - - [23/May/2023:06:14:24 +0800] "GET /xingrg/all/function/internal_message.html?_=1684793663107&CODE_STATE=getMsg HTTP/1.1" 200 27
120.253.135.82 - - [23/May/2023:06:14:24 +0800] "GET /xingrg/kc/pszx/mdqp_order_list.html?state=10 HTTP/1.1" 200 12340
120.253.135.82 - - [23/May/2023:06:14:24 +0800] "GET /xingrg/dwr/interface/AjaxQqpsService.js HTTP/1.1" 200 16326
120.253.135.82 - - [23/May/2023:06:14:24 +0800] "GET /xingrg/dwr/interface/AjaxReportQueryService.js HTTP/1.1" 200 13203
120.253.135.82 - - [23/May/2023:06:14:24 +0800] "GET /xingrg/dwr/engine.js HTTP/1.1" 200 43631
120.253.135.82 - - [23/May/2023:06:14:26 +0800] "GET /xingrg/kc/pszx/mdqp_order_info.html?code=302023052200377 HTTP/1.1" 200 13350
120.253.135.82 - - [23/May/2023:06:14:26 +0800] "GET /xingrg/dwr/interface/AjaxComOrderService.js HTTP/1.1" 200 18264
120.253.135.82 - - [23/May/2023:06:14:26 +0800] "GET /xingrg/dwr/interface/AjaxQqpsService.js HTTP/1.1" 200 16326
120.253.135.82 - - [23/May/2023:06:14:26 +0800] "GET /xingrg/dwr/engine.js HTTP/1.1" 200 43631
120.253.135.82 - - [23/May/2023:06:14:27 +0800] "POST /xingrg/dwr/call/plaincall/AjaxQqpsService.loadMaterielItems.dwr HTTP/1.1" 200 3164
180.171.121.39 - - [23/May/2023:06:14:34 +0800] "GET /xingrg/check_reg.html?_=1684793817417 HTTP/1.1" 200 22
222.70.168.127 - - [23/May/2023:06:14:42 +0800] "GET /xingrg/all/function/internal_message.html?_=1684793687656&CODE_STATE=getMsg HTTP/1.1" 200 27
120.253.135.82 - - [23/May/2023:06:15:07 +0800] "GET /xingrg/images/yd/bt.gif HTTP/1.1" 404 1040
120.253.135.82 - - [23/May/2023:06:15:07 +0800] "GET /xingrg/images/yd/bt2.gif HTTP/1.1" 404 1042
120.253.135.82 - - [23/May/2023:06:15:10 +0800] "GET /xingrg/all/function/internal_message.html?_=1684793547523&CODE_STATE=getMsg HTTP/1.1" 200 27
116.238.139.35 - - [23/May/2023:06:15:11 +0800] "GET /xingrg/all/function/internal_message.html?_=1684793709437&CODE_STATE=getMsg HTTP/1.1" 200 27
120.253.135.82 - - [23/May/2023:06:15:11 +0800] "GET /xingrg/kc/pszx/mdqp_order_list.html?isBack=1 HTTP/1.1" 302 -
120.253.135.82 - - [23/May/2023:06:15:11 +0800] "GET /xingrg/kc/pszx/mdqp_order_list.html?state=10 HTTP/1.1" 200 12340
120.253.135.82 - - [23/May/2023:06:15:11 +0800] "GET /xingrg/dwr/interface/AjaxReportQueryService.js HTTP/1.1" 200 13203
120.253.135.82 - - [23/May/2023:06:15:11 +0800] "GET /xingrg/dwr/engine.js HTTP/1.1" 200 43631
120.253.135.82 - - [23/May/2023:06:15:11 +0800] "GET /xingrg/dwr/interface/AjaxQqpsService.js HTTP/1.1" 200 16326
120.253.135.82 - - [23/May/2023:06:15:15 +0800] "GET /xingrg/kc/pszx/jzcl_ps.html HTTP/1.1" 200 7683
120.253.135.82 - - [23/May/2023:06:15:15 +0800] "POST /xingrg/all/common/load_tree.html?tree=area_rest_tree_json HTTP/1.1" 200 3499
120.253.135.82 - - [23/May/2023:06:15:15 +0800] "POST /xingrg/kc/pszx/jzcl_ps_operate.html HTTP/1.1" 200 2271
120.253.135.82 - - [23/May/2023:06:15:16 +0800] "POST /xingrg/kc/pszx/jzcl_ps_operate.html HTTP/1.1" 200 2271
172.20.0.100 - - [23/May/2023:06:15:22 +0800] "GET /xingrg/check_reg.html?_=1684793725458 HTTP/1.1" 200 22
172.20.0.100 - - [23/May/2023:06:15:22 +0800] "GET /xingrg/all/function/internal_message.html?_=1684793725457&CODE_STATE=getMsg HTTP/1.1" 200 27
180.164.3.199 - - [23/May/2023:06:15:24 +0800] "GET /xingrg/all/function/internal_message.html?_=1684793723108&CODE_STATE=getMsg HTTP/1.1" 200 27
120.253.135.82 - - [23/May/2023:06:15:35 +0800] "POST /xingrg/kc/pszx/jzcl_ps_operate.html HTTP/1.1" 200 4
120.253.135.82 - - [23/May/2023:06:15:37 +0800] "GET /xingrg/kc/pszx/mdps_order_list.html HTTP/1.1" 200 21032
120.253.135.82 - - [23/May/2023:06:15:37 +0800] "POST /xingrg/kc/pszx/jzcl_ps_operate.html HTTP/1.1" 200 1377
120.253.135.82 - - [23/May/2023:06:15:37 +0800] "POST /xingrg/kc/pszx/mdps_list_operate.html HTTP/1.1" 200 5311
222.70.168.127 - - [23/May/2023:06:15:43 +0800] "GET /xingrg/all/function/internal_message.html?_=1684793747926&CODE_STATE=getMsg HTTP/1.1" 200 27
120.253.135.82 - - [23/May/2023:06:15:46 +0800] "POST /xingrg/kc/pszx/mdps_list_operate.html HTTP/1.1" 200 2064
120.253.135.82 - - [23/May/2023:06:15:48 +0800] "POST /xingrg/kc/pszx/mdps_list_operate.html HTTP/1.1" 200 588
180.164.3.199 - - [23/May/2023:06:15:48 +0800] "POST /xingrg/services/DataTransmitService HTTP/1.1" 200 524
120.253.135.82 - - [23/May/2023:06:15:49 +0800] "GET /xingrg/kc/pszx/mdps_order_info.html?code=312023052300490 HTTP/1.1" 200 23978
120.253.135.82 - - [23/May/2023:06:15:49 +0800] "GET /xingrg/javascript/easyui/themes/default/validatebox.css HTTP/1.1" 404 1104
120.253.135.82 - - [23/May/2023:06:15:50 +0800] "POST /xingrg/kc/pszx/mdps_order_operate.html HTTP/1.1" 200 7184
120.253.135.82 - - [23/May/2023:06:15:53 +0800] "POST /xingrg/kc/pszx/mdps_order_operate.html HTTP/1.1" 200 37
120.253.135.82 - - [23/May/2023:06:15:54 +0800] "GET /xingrg/kc/pszx/mdps_order_info.html?code=312023052300490 HTTP/1.1" 200 23978
120.253.135.82 - - [23/May/2023:06:15:54 +0800] "GET /xingrg/javascript/easyui/themes/default/validatebox.css HTTP/1.1" 404 1104
120.253.135.82 - - [23/May/2023:06:15:55 +0800] "POST /xingrg/kc/pszx/mdps_order_operate.html HTTP/1.1" 200 7269
222.67.238.82 - - [23/May/2023:06:16:00 +0800] "POST /xingrg/services/DataTransmitService HTTP/1.1" 200 524
120.253.135.82 - - [23/May/2023:06:16:10 +0800] "GET /xingrg/check_reg.html?_=1684793606887 HTTP/1.1" 200 22
120.253.135.82 - - [23/May/2023:06:16:10 +0800] "GET /xingrg/all/function/internal_message.html?_=1684793607537&CODE_STATE=getMsg HTTP/1.1" 200 27
116.238.139.35 - - [23/May/2023:06:16:11 +0800] "GET /xingrg/all/function/internal_message.html?_=1684793769420&CODE_STATE=getMsg HTTP/1.1" 200 27
120.253.135.82 - - [23/May/2023:06:16:15 +0800] "GET /xingrg/kc/pszx/mdps_order_operate.html?command=get_materiel&pszx_code=00101&rest_code=00148&base_code=0010246&code=00101019161 HTTP/1.1" 200 421
172.20.0.100 - - [23/May/2023:06:16:22 +0800] "GET /xingrg/all/function/internal_message.html?_=1684793785457&CODE_STATE=getMsg HTTP/1.1" 200 27
180.164.3.199 - - [23/May/2023:06:16:24 +0800] "GET /xingrg/all/function/internal_message.html?_=1684793783122&CODE_STATE=getMsg HTTP/1.1" 200 27
116.238.139.35 - - [23/May/2023:06:16:29 +0800] "GET /xingrg/check_reg.html?_=1684793787936 HTTP/1.1" 200 22
120.253.135.82 - - [23/May/2023:06:16:39 +0800] "POST /xingrg/kc/pszx/mdps_order_operate.html HTTP/1.1" 200 37
120.253.135.82 - - [23/May/2023:06:16:41 +0800] "GET /xingrg/kc/pszx/mdps_order_info.html?code=312023052300490 HTTP/1.1" 200 23978
120.253.135.82 - - [23/May/2023:06:16:41 +0800] "GET /xingrg/javascript/easyui/themes/default/validatebox.css HTTP/1.1" 404 1104
120.253.135.82 - - [23/May/2023:06:16:42 +0800] "POST /xingrg/kc/pszx/mdps_order_operate.html HTTP/1.1" 200 7273
222.70.168.127 - - [23/May/2023:06:16:43 +0800] "GET /xingrg/all/function/internal_message.html?_=1684793807933&CODE_STATE=getMsg HTTP/1.1" 200 27
222.70.168.127 - - [23/May/2023:06:16:44 +0800] "GET /xingrg/kc/buy/cgsh_order_list.html HTTP/1.1" 200 55675
222.70.168.127 - - [23/May/2023:06:16:44 +0800] "GET /xingrg/css/base.css HTTP/1.1" 304 -
222.70.168.127 - - [23/May/2023:06:16:44 +0800] "GET /xingrg/css/site.css HTTP/1.1" 304 -
222.70.168.127 - - [23/May/2023:06:16:44 +0800] "GET /xingrg/javascript/jquery_tools/datebox.css HTTP/1.1" 304 -
222.70.168.127 - - [23/May/2023:06:16:44 +0800] "GET /xingrg/javascript/jquery_tools/jquery.tools.extend.js HTTP/1.1" 304 -
222.70.168.127 - - [23/May/2023:06:16:44 +0800] "GET /xingrg/javascript/easyui/themes/icon.css HTTP/1.1" 304 -
222.70.168.127 - - [23/May/2023:06:16:44 +0800] "GET /xingrg/javascript/auto/jquery.autocomplete.css HTTP/1.1" 304 -
222.70.168.127 - - [23/May/2023:06:16:44 +0800] "GET /xingrg/javascript/easyui/themes/default/easyui.css HTTP/1.1" 304 -
222.70.168.127 - - [23/May/2023:06:16:44 +0800] "GET /xingrg/javascript/jquery_tools/jquery.tools.min.js HTTP/1.1" 304 -
222.70.168.127 - - [23/May/2023:06:16:44 +0800] "GET /xingrg/javascript/jquery_tools/jquery.tools.table.js HTTP/1.1" 304 -
222.70.168.127 - - [23/May/2023:06:16:44 +0800] "GET /xingrg/javascript/jquery_tools/table.css HTTP/1.1" 304 -
222.70.168.127 - - [23/May/2023:06:16:44 +0800] "GET /xingrg/javascript/jquery_tools/fix.css HTTP/1.1" 304 -
222.70.168.127 - - [23/May/2023:06:16:44 +0800] "GET /xingrg/javascript/jquery_tools/list_manager.js HTTP/1.1" 304 -
222.70.168.127 - - [23/May/2023:06:16:44 +0800] "GET /xingrg/javascript/auto/jquery.autocomplete.js HTTP/1.1" 304 -
222.70.168.127 - - [23/May/2023:06:16:44 +0800] "GET /xingrg/javascript/jquery_tools/jquery.tools.hotkey.js HTTP/1.1" 304 -
222.70.168.127 - - [23/May/2023:06:16:44 +0800] "GET /xingrg/javascript/jquery.utils.js HTTP/1.1" 304 -
222.70.168.127 - - [23/May/2023:06:16:44 +0800] "GET /xingrg/javascript/easyui/easyloader.js HTTP/1.1" 304 -
222.70.168.127 - - [23/May/2023:06:16:44 +0800] "GET /xingrg/javascript/jquery.cookie.js HTTP/1.1" 304 -
222.70.168.127 - - [23/May/2023:06:16:44 +0800] "GET /xingrg/javascript/print/LodopFuncs.js HTTP/1.1" 304 -
222.70.168.127 - - [23/May/2023:06:16:44 +0800] "GET /xingrg/javascript/easyui/plugins/jquery.parser.js HTTP/1.1" 304 -
120.253.135.82 - - [23/May/2023:06:16:46 +0800] "GET /xingrg/kc/pszx/mdps_order_add.html HTTP/1.1" 200 29101
120.253.135.82 - - [23/May/2023:06:16:46 +0800] "POST /xingrg/kc/pszx/mdps_order_operate.html HTTP/1.1" 200 7126
120.253.135.82 - - [23/May/2023:06:16:46 +0800] "GET /xingrg/javascript/easyui/themes/default/validatebox.css HTTP/1.1" 404 1104
222.70.168.127 - - [23/May/2023:06:16:47 +0800] "POST /xingrg/kc/buy/cgsh_list_operate.html HTTP/1.1" 200 5961
120.253.135.82 - - [23/May/2023:06:16:52 +0800] "GET /xingrg/javascript/jquery_tools/images/prev.gif HTTP/1.1" 404 1086
120.253.135.82 - - [23/May/2023:06:16:52 +0800] "GET /xingrg/javascript/jquery_tools/images/next.gif HTTP/1.1" 404 1086
222.70.168.127 - - [23/May/2023:06:16:54 +0800] "POST /xingrg/kc/buy/cgsh_list_operate.html HTTP/1.1" 200 586
120.253.135.82 - - [23/May/2023:06:16:55 +0800] "POST /xingrg/all/common/load_combo.html?type=base HTTP/1.1" 200 1169
222.70.168.127 - - [23/May/2023:06:16:57 +0800] "POST /xingrg/kc/buy/cgsh_list_operate.html HTTP/1.1" 200 565
222.70.168.127 - - [23/May/2023:06:17:01 +0800] "POST /xingrg/kc/buy/cgsh_list_operate.html HTTP/1.1" 200 569
120.253.135.82 - - [23/May/2023:06:17:02 +0800] "GET /xingrg/kc/pszx/mdps_order_operate.html?command=get_materiel&pszx_code=00101&rest_code=00148&base_code=0010252&code=00101014040 HTTP/1.1" 200 421
222.70.168.127 - - [23/May/2023:06:17:04 +0800] "POST /xingrg/kc/buy/cgsh_list_operate.html HTTP/1.1" 200 423
120.253.135.82 - - [23/May/2023:06:17:09 +0800] "POST /xingrg/kc/pszx/mdps_order_operate.html HTTP/1.1" 200 37
120.253.135.82 - - [23/May/2023:06:17:10 +0800] "GET /xingrg/kc/pszx/mdps_order_info.html?code=312023052300492 HTTP/1.1" 200 23978
120.253.135.82 - - [23/May/2023:06:17:10 +0800] "GET /xingrg/javascript/easyui/themes/default/validatebox.css HTTP/1.1" 404 1104
120.253.135.82 - - [23/May/2023:06:17:11 +0800] "GET /xingrg/all/function/internal_message.html?_=1684793667551&CODE_STATE=getMsg HTTP/1.1" 200 27
120.253.135.82 - - [23/May/2023:06:17:11 +0800] "POST /xingrg/kc/pszx/mdps_order_operate.html HTTP/1.1" 200 2276
116.238.139.35 - - [23/May/2023:06:17:11 +0800] "GET /xingrg/all/function/internal_message.html?_=1684793829404&CODE_STATE=getMsg HTTP/1.1" 200 27
120.253.135.82 - - [23/May/2023:06:17:13 +0800] "POST /xingrg/kc/pszx/mdps_list_operate.html HTTP/1.1" 200 2437
120.253.135.82 - - [23/May/2023:06:17:19 +0800] "POST /xingrg/kc/pszx/mdps_list_operate.html HTTP/1.1" 200 589
120.253.135.82 - - [23/May/2023:06:17:20 +0800] "GET /xingrg/kc/pszx/mdps_order_info.html?code=312023052300490 HTTP/1.1" 200 23978
120.253.135.82 - - [23/May/2023:06:17:20 +0800] "GET /xingrg/javascript/easyui/themes/default/validatebox.css HTTP/1.1" 404 1104
120.253.135.82 - - [23/May/2023:06:17:21 +0800] "POST /xingrg/kc/pszx/mdps_order_operate.html HTTP/1.1" 200 7273
172.20.0.100 - - [23/May/2023:06:17:22 +0800] "GET /xingrg/all/function/internal_message.html?_=1684793845444&CODE_STATE=getMsg HTTP/1.1" 200 27
180.164.3.199 - - [23/May/2023:06:17:24 +0800] "GET /xingrg/all/function/internal_message.html?_=1684793843107&CODE_STATE=getMsg HTTP/1.1" 200 27
120.253.135.82 - - [23/May/2023:06:17:29 +0800] "POST /xingrg/kc/pszx/mdps_order_operate.html HTTP/1.1" 200 37
120.253.135.82 - - [23/May/2023:06:17:31 +0800] "GET /xingrg/kc/pszx/mdps_order_info.html?code=312023052300490 HTTP/1.1" 200 23978
120.253.135.82 - - [23/May/2023:06:17:32 +0800] "GET /xingrg/javascript/easyui/themes/default/validatebox.css HTTP/1.1" 404 1104
120.253.135.82 - - [23/May/2023:06:17:32 +0800] "POST /xingrg/kc/pszx/mdps_order_operate.html HTTP/1.1" 200 6784
222.70.168.127 - - [23/May/2023:06:17:43 +0800] "GET /xingrg/all/function/internal_message.html?_=1684793868121&CODE_STATE=getMsg HTTP/1.1" 200 27
120.253.135.82 - - [23/May/2023:06:17:52 +0800] "POST /xingrg/kc/pszx/mdps_list_operate.html HTTP/1.1" 200 2436
124.78.156.121 - - [23/May/2023:06:17:52 +0800] "POST /xingrg/services/DataTransmitService HTTP/1.1" 200 524
120.253.135.82 - - [23/May/2023:06:17:53 +0800] "POST /xingrg/kc/pszx/mdps_list_operate.html HTTP/1.1" 200 653
120.253.135.82 - - [23/May/2023:06:17:55 +0800] "GET /xingrg/kc/pszx/mdps_order_info.html?code=312023052300491 HTTP/1.1" 200 23978
120.253.135.82 - - [23/May/2023:06:17:56 +0800] "GET /xingrg/javascript/easyui/themes/default/validatebox.css HTTP/1.1" 404 1104
120.253.135.82 - - [23/May/2023:06:17:56 +0800] "POST /xingrg/kc/pszx/mdps_order_operate.html HTTP/1.1" 200 7888
120.253.135.82 - - [23/May/2023:06:18:00 +0800] "POST /xingrg/kc/pszx/mdps_order_operate.html HTTP/1.1" 200 37
120.253.135.82 - - [23/May/2023:06:18:01 +0800] "GET /xingrg/kc/pszx/mdps_order_info.html?code=312023052300491 HTTP/1.1" 200 23978
120.253.135.82 - - [23/May/2023:06:18:02 +0800] "GET /xingrg/javascript/easyui/themes/default/validatebox.css HTTP/1.1" 404 1104
120.253.135.82 - - [23/May/2023:06:18:02 +0800] "POST /xingrg/kc/pszx/mdps_order_operate.html HTTP/1.1" 200 7984
222.70.168.127 - - [23/May/2023:06:18:07 +0800] "POST /xingrg/kc/buy/cgsh_list_operate.html HTTP/1.1" 200 4
120.253.135.82 - - [23/May/2023:06:18:11 +0800] "GET /xingrg/all/function/internal_message.html?_=1684793727564&CODE_STATE=getMsg HTTP/1.1" 200 27
116.238.139.35 - - [23/May/2023:06:18:11 +0800] "GET /xingrg/all/function/internal_message.html?_=1684793889387&CODE_STATE=getMsg HTTP/1.1" 200 27
222.70.168.127 - - [23/May/2023:06:18:14 +0800] "POST /xingrg/kc/buy/cgsh_list_operate.html HTTP/1.1" 200 5330
222.70.168.127 - - [23/May/2023:06:18:19 +0800] "GET /xingrg/check_reg.html?_=1684793903954 HTTP/1.1" 200 22
172.20.0.100 - - [23/May/2023:06:18:22 +0800] "GET /xingrg/all/function/internal_message.html?_=1684793905442&CODE_STATE=getMsg HTTP/1.1" 200 27
180.164.3.199 - - [23/May/2023:06:18:24 +0800] "GET /xingrg/all/function/internal_message.html?_=1684793903111&CODE_STATE=getMsg HTTP/1.1" 200 27
222.70.168.127 - - [23/May/2023:06:18:27 +0800] "POST /xingrg/kc/buy/cgsh_list_operate.html HTTP/1.1" 200 501
222.70.168.127 - - [23/May/2023:06:18:34 +0800] "POST /xingrg/kc/buy/cgsh_list_operate.html HTTP/1.1" 200 499
120.253.135.82 - - [23/May/2023:06:18:38 +0800] "POST /xingrg/kc/pszx/mdps_order_operate.html HTTP/1.1" 200 37
120.253.135.82 - - [23/May/2023:06:18:40 +0800] "GET /xingrg/kc/pszx/mdps_order_info.html?code=312023052300491 HTTP/1.1" 200 23978
120.253.135.82 - - [23/May/2023:06:18:41 +0800] "GET /xingrg/javascript/easyui/themes/default/validatebox.css HTTP/1.1" 404 1104
120.253.135.82 - - [23/May/2023:06:18:41 +0800] "POST /xingrg/kc/pszx/mdps_order_operate.html HTTP/1.1" 200 7984
222.70.168.127 - - [23/May/2023:06:18:43 +0800] "GET /xingrg/all/function/internal_message.html?_=1684793928311&CODE_STATE=getMsg HTTP/1.1" 200 27
120.253.135.82 - - [23/May/2023:06:19:11 +0800] "GET /xingrg/all/function/internal_message.html?_=1684793787578&CODE_STATE=getMsg HTTP/1.1" 200 27
116.238.139.35 - - [23/May/2023:06:19:11 +0800] "GET /xingrg/all/function/internal_message.html?_=1684793949373&CODE_STATE=getMsg HTTP/1.1" 200 27
172.20.0.100 - - [23/May/2023:06:19:22 +0800] "GET /xingrg/all/function/internal_message.html?_=1684793965456&CODE_STATE=getMsg HTTP/1.1" 200 27
180.164.3.199 - - [23/May/2023:06:19:24 +0800] "GET /xingrg/check_reg.html?_=1684793963101 HTTP/1.1" 200 22
180.164.3.199 - - [23/May/2023:06:19:24 +0800] "GET /xingrg/all/function/internal_message.html?_=1684793963103&CODE_STATE=getMsg HTTP/1.1" 200 27
222.70.168.127 - - [23/May/2023:06:19:26 +0800] "POST /xingrg/kc/buy/cgsh_list_operate.html HTTP/1.1" 200 4
222.70.168.127 - - [23/May/2023:06:19:33 +0800] "POST /xingrg/kc/buy/cgsh_list_operate.html HTTP/1.1" 200 986
180.171.121.39 - - [23/May/2023:06:19:34 +0800] "GET /xingrg/check_reg.html?_=1684794117406 HTTP/1.1" 200 22
222.70.168.127 - - [23/May/2023:06:19:43 +0800] "GET /xingrg/all/function/internal_message.html?_=1684793988317&CODE_STATE=getMsg HTTP/1.1" 200 27
120.253.135.82 - - [23/May/2023:06:20:11 +0800] "GET /xingrg/all/function/internal_message.html?_=1684793847591&CODE_STATE=getMsg HTTP/1.1" 200 27
116.238.139.35 - - [23/May/2023:06:20:11 +0800] "GET /xingrg/all/function/internal_message.html?_=1684794009357&CODE_STATE=getMsg HTTP/1.1" 200 27
172.20.0.100 - - [23/May/2023:06:20:22 +0800] "GET /xingrg/all/function/internal_message.html?_=1684794025455&CODE_STATE=getMsg HTTP/1.1" 200 27
172.20.0.100 - - [23/May/2023:06:20:22 +0800] "GET /xingrg/check_reg.html?_=1684794025456 HTTP/1.1" 200 22
180.164.3.199 - - [23/May/2023:06:20:24 +0800] "GET /xingrg/all/function/internal_message.html?_=1684794023118&CODE_STATE=getMsg HTTP/1.1" 200 27
222.70.168.127 - - [23/May/2023:06:20:43 +0800] "GET /xingrg/all/function/internal_message.html?_=1684794048331&CODE_STATE=getMsg HTTP/1.1" 200 27
120.253.135.82 - - [23/May/2023:06:20:56 +0800] "POST /xingrg/kc/pszx/mdps_list_operate.html HTTP/1.1" 200 2436
120.253.135.82 - - [23/May/2023:06:20:58 +0800] "POST /xingrg/kc/pszx/mdps_list_operate.html HTTP/1.1" 200 202
120.253.135.82 - - [23/May/2023:06:21:01 +0800] "POST /xingrg/kc/pszx/mdps_list_operate.html HTTP/1.1" 200 653
120.253.135.82 - - [23/May/2023:06:21:03 +0800] "POST /xingrg/kc/pszx/mdps_list_operate.html HTTP/1.1" 200 589
120.253.135.82 - - [23/May/2023:06:21:06 +0800] "GET /xingrg/kc/pszx/mdps_order_info.html?code=312023052300490 HTTP/1.1" 200 23978
120.253.135.82 - - [23/May/2023:06:21:07 +0800] "GET /xingrg/javascript/easyui/themes/default/validatebox.css HTTP/1.1" 404 1104
120.253.135.82 - - [23/May/2023:06:21:07 +0800] "POST /xingrg/kc/pszx/mdps_order_operate.html HTTP/1.1" 200 6784
120.253.135.82 - - [23/May/2023:06:21:10 +0800] "GET /xingrg/check_reg.html?_=1684793906888 HTTP/1.1" 200 22
120.253.135.82 - - [23/May/2023:06:21:11 +0800] "GET /xingrg/all/function/internal_message.html?_=1684793907605&CODE_STATE=getMsg HTTP/1.1" 200 27
116.238.139.35 - - [23/May/2023:06:21:11 +0800] "GET /xingrg/all/function/internal_message.html?_=1684794069342&CODE_STATE=getMsg HTTP/1.1" 200 27
120.253.135.82 - - [23/May/2023:06:21:15 +0800] "POST /xingrg/kc/pszx/mdps_list_operate.html HTTP/1.1" 200 2436
120.253.135.82 - - [23/May/2023:06:21:18 +0800] "GET /xingrg/kc/pszx/mdqp_order_list.html?state=10 HTTP/1.1" 200 11535
120.253.135.82 - - [23/May/2023:06:21:18 +0800] "GET /xingrg/dwr/interface/AjaxQqpsService.js HTTP/1.1" 200 16326
120.253.135.82 - - [23/May/2023:06:21:18 +0800] "GET /xingrg/dwr/engine.js HTTP/1.1" 200 43631
120.253.135.82 - - [23/May/2023:06:21:18 +0800] "GET /xingrg/dwr/interface/AjaxReportQueryService.js HTTP/1.1" 200 13203
120.253.135.82 - - [23/May/2023:06:21:21 +0800] "GET /xingrg/kc/pszx/mdqp_order_info.html?code=302023052200374 HTTP/1.1" 200 13354
120.253.135.82 - - [23/May/2023:06:21:21 +0800] "GET /xingrg/dwr/interface/AjaxQqpsService.js HTTP/1.1" 200 16326
120.253.135.82 - - [23/May/2023:06:21:21 +0800] "GET /xingrg/dwr/interface/AjaxComOrderService.js HTTP/1.1" 200 18264
120.253.135.82 - - [23/May/2023:06:21:21 +0800] "GET /xingrg/dwr/engine.js HTTP/1.1" 200 43631
172.20.0.100 - - [23/May/2023:06:21:22 +0800] "GET /xingrg/all/function/internal_message.html?_=1684794085455&CODE_STATE=getMsg HTTP/1.1" 200 27
120.253.135.82 - - [23/May/2023:06:21:22 +0800] "POST /xingrg/dwr/call/plaincall/AjaxQqpsService.loadMaterielItems.dwr HTTP/1.1" 200 6739
120.253.135.82 - - [23/May/2023:06:21:23 +0800] "GET /xingrg/images/yd/bt.gif HTTP/1.1" 404 1040
120.253.135.82 - - [23/May/2023:06:21:23 +0800] "GET /xingrg/images/yd/bt2.gif HTTP/1.1" 404 1042
180.164.3.199 - - [23/May/2023:06:21:24 +0800] "GET /xingrg/all/function/internal_message.html?_=1684794083117&CODE_STATE=getMsg HTTP/1.1" 200 27
116.238.139.35 - - [23/May/2023:06:21:29 +0800] "GET /xingrg/check_reg.html?_=1684794087940 HTTP/1.1" 200 22
222.70.168.127 - - [23/May/2023:06:21:43 +0800] "GET /xingrg/all/function/internal_message.html?_=1684794108557&CODE_STATE=getMsg HTTP/1.1" 200 27
120.253.135.82 - - [23/May/2023:06:21:52 +0800] "GET /xingrg/kc/pszx/mdqp_order_list.html?isBack=1 HTTP/1.1" 302 -
120.253.135.82 - - [23/May/2023:06:21:52 +0800] "GET /xingrg/kc/pszx/mdqp_order_list.html?state=10 HTTP/1.1" 200 11535
120.253.135.82 - - [23/May/2023:06:21:53 +0800] "GET /xingrg/dwr/interface/AjaxQqpsService.js HTTP/1.1" 200 16326
120.253.135.82 - - [23/May/2023:06:21:53 +0800] "GET /xingrg/dwr/engine.js HTTP/1.1" 200 43631
120.253.135.82 - - [23/May/2023:06:21:53 +0800] "GET /xingrg/dwr/interface/AjaxReportQueryService.js HTTP/1.1" 200 13203
120.253.135.82 - - [23/May/2023:06:21:55 +0800] "GET /xingrg/kc/pszx/mdqp_order_info.html?code=302023052200376 HTTP/1.1" 200 13354
120.253.135.82 - - [23/May/2023:06:21:55 +0800] "GET /xingrg/dwr/interface/AjaxComOrderService.js HTTP/1.1" 200 18264
120.253.135.82 - - [23/May/2023:06:21:55 +0800] "GET /xingrg/dwr/interface/AjaxQqpsService.js HTTP/1.1" 200 16326
120.253.135.82 - - [23/May/2023:06:21:55 +0800] "GET /xingrg/dwr/engine.js HTTP/1.1" 200 43631
120.253.135.82 - - [23/May/2023:06:21:56 +0800] "POST /xingrg/dwr/call/plaincall/AjaxQqpsService.loadMaterielItems.dwr HTTP/1.1" 200 435
120.253.135.82 - - [23/May/2023:06:21:58 +0800] "GET /xingrg/kc/pszx/mdqp_order_list.html?isBack=1 HTTP/1.1" 302 -
120.253.135.82 - - [23/May/2023:06:21:59 +0800] "GET /xingrg/kc/pszx/mdqp_order_list.html?state=10 HTTP/1.1" 200 11535
120.253.135.82 - - [23/May/2023:06:21:59 +0800] "GET /xingrg/dwr/interface/AjaxQqpsService.js HTTP/1.1" 200 16326
120.253.135.82 - - [23/May/2023:06:21:59 +0800] "GET /xingrg/dwr/interface/AjaxReportQueryService.js HTTP/1.1" 200 13203
120.253.135.82 - - [23/May/2023:06:21:59 +0800] "GET /xingrg/dwr/engine.js HTTP/1.1" 200 43631
120.253.135.82 - - [23/May/2023:06:22:01 +0800] "GET /xingrg/kc/pszx/jzcl_ps.html HTTP/1.1" 200 7683
120.253.135.82 - - [23/May/2023:06:22:01 +0800] "POST /xingrg/all/common/load_tree.html?tree=area_rest_tree_json HTTP/1.1" 200 3499
120.253.135.82 - - [23/May/2023:06:22:02 +0800] "POST /xingrg/kc/pszx/jzcl_ps_operate.html HTTP/1.1" 200 1377
120.253.135.82 - - [23/May/2023:06:22:02 +0800] "POST /xingrg/kc/pszx/jzcl_ps_operate.html HTTP/1.1" 200 1377
120.253.135.82 - - [23/May/2023:06:22:11 +0800] "GET /xingrg/all/function/internal_message.html?_=1684793967619&CODE_STATE=getMsg HTTP/1.1" 200 27
116.238.139.35 - - [23/May/2023:06:22:11 +0800] "GET /xingrg/all/function/internal_message.html?_=1684794129312&CODE_STATE=getMsg HTTP/1.1" 200 27
172.20.0.100 - - [23/May/2023:06:22:22 +0800] "GET /xingrg/all/function/internal_message.html?_=1684794145454&CODE_STATE=getMsg HTTP/1.1" 200 27
180.164.3.199 - - [23/May/2023:06:22:24 +0800] "GET /xingrg/all/function/internal_message.html?_=1684794143113&CODE_STATE=getMsg HTTP/1.1" 200 27
120.253.135.82 - - [23/May/2023:06:22:27 +0800] "POST /xingrg/kc/pszx/jzcl_ps_operate.html HTTP/1.1" 200 4
120.253.135.82 - - [23/May/2023:06:22:33 +0800] "GET /xingrg/kc/pszx/mdps_order_list.html HTTP/1.1" 200 21032
120.253.135.82 - - [23/May/2023:06:22:33 +0800] "POST /xingrg/kc/pszx/jzcl_ps_operate.html HTTP/1.1" 200 21
120.253.135.82 - - [23/May/2023:06:22:34 +0800] "POST /xingrg/kc/pszx/mdps_list_operate.html HTTP/1.1" 200 5389
222.70.168.127 - - [23/May/2023:06:22:43 +0800] "GET /xingrg/all/function/internal_message.html?_=1684794168561&CODE_STATE=getMsg HTTP/1.1" 200 27
120.253.135.82 - - [23/May/2023:06:22:48 +0800] "POST /xingrg/kc/pszx/mdps_list_operate.html HTTP/1.1" 200 2824
120.253.135.82 - - [23/May/2023:06:22:50 +0800] "POST /xingrg/kc/pszx/mdps_list_operate.html HTTP/1.1" 200 213
120.253.135.82 - - [23/May/2023:06:22:52 +0800] "POST /xingrg/kc/pszx/mdps_list_operate.html HTTP/1.1" 200 614
120.253.135.82 - - [23/May/2023:06:22:54 +0800] "GET /xingrg/kc/pszx/mdps_order_info.html?code=312023052300493 HTTP/1.1" 200 23982
120.253.135.82 - - [23/May/2023:06:22:54 +0800] "GET /xingrg/javascript/easyui/themes/default/validatebox.css HTTP/1.1" 404 1104
120.253.135.82 - - [23/May/2023:06:22:55 +0800] "POST /xingrg/kc/pszx/mdps_order_operate.html HTTP/1.1" 200 6671
120.253.135.82 - - [23/May/2023:06:22:56 +0800] "POST /xingrg/all/common/load_combo.html?type=base HTTP/1.1" 200 1169
120.253.135.82 - - [23/May/2023:06:23:00 +0800] "POST /xingrg/kc/pszx/mdps_order_operate.html HTTP/1.1" 200 37
120.253.135.82 - - [23/May/2023:06:23:02 +0800] "GET /xingrg/kc/pszx/mdps_order_info.html?code=312023052300493 HTTP/1.1" 200 23982
120.253.135.82 - - [23/May/2023:06:23:02 +0800] "GET /xingrg/javascript/easyui/themes/default/validatebox.css HTTP/1.1" 404 1104
120.253.135.82 - - [23/May/2023:06:23:03 +0800] "POST /xingrg/kc/pszx/mdps_order_operate.html HTTP/1.1" 200 6754
120.253.135.82 - - [23/May/2023:06:23:11 +0800] "GET /xingrg/all/function/internal_message.html?_=1684794027632&CODE_STATE=getMsg HTTP/1.1" 200 27
116.238.139.35 - - [23/May/2023:06:23:11 +0800] "GET /xingrg/all/function/internal_message.html?_=1684794189302&CODE_STATE=getMsg HTTP/1.1" 200 27
222.70.168.127 - - [23/May/2023:06:23:19 +0800] "GET /xingrg/check_reg.html?_=1684794204151 HTTP/1.1" 200 22
172.20.0.100 - - [23/May/2023:06:23:22 +0800] "GET /xingrg/all/function/internal_message.html?_=1684794205478&CODE_STATE=getMsg HTTP/1.1" 200 27
180.164.3.199 - - [23/May/2023:06:23:24 +0800] "GET /xingrg/all/function/internal_message.html?_=1684794203111&CODE_STATE=getMsg HTTP/1.1" 200 27
120.253.135.82 - - [23/May/2023:06:23:26 +0800] "POST /xingrg/kc/pszx/mdps_list_operate.html HTTP/1.1" 200 232
120.253.135.82 - - [23/May/2023:06:23:27 +0800] "GET /xingrg/kc/pszx/mdps_order_info.html?code=312023052300494 HTTP/1.1" 200 23982
120.253.135.82 - - [23/May/2023:06:23:28 +0800] "GET /xingrg/javascript/easyui/themes/default/validatebox.css HTTP/1.1" 404 1104
120.253.135.82 - - [23/May/2023:06:23:28 +0800] "POST /xingrg/kc/pszx/mdps_order_operate.html HTTP/1.1" 200 2320
120.253.135.82 - - [23/May/2023:06:23:31 +0800] "POST /xingrg/kc/pszx/mdps_order_operate.html HTTP/1.1" 200 37
120.253.135.82 - - [23/May/2023:06:23:32 +0800] "GET /xingrg/kc/pszx/mdps_order_info.html?code=312023052300494 HTTP/1.1" 200 23982
120.253.135.82 - - [23/May/2023:06:23:33 +0800] "GET /xingrg/javascript/easyui/themes/default/validatebox.css HTTP/1.1" 404 1104
120.253.135.82 - - [23/May/2023:06:23:33 +0800] "POST /xingrg/kc/pszx/mdps_order_operate.html HTTP/1.1" 200 2329
120.253.135.82 - - [23/May/2023:06:23:36 +0800] "POST /xingrg/kc/pszx/mdps_list_operate.html HTTP/1.1" 200 2824
120.253.135.82 - - [23/May/2023:06:23:37 +0800] "POST /xingrg/kc/pszx/mdps_list_operate.html HTTP/1.1" 200 663
120.253.135.82 - - [23/May/2023:06:23:39 +0800] "GET /xingrg/kc/pszx/mdps_order_info.html?code=312023052300495 HTTP/1.1" 200 23982
120.253.135.82 - - [23/May/2023:06:23:39 +0800] "GET /xingrg/javascript/easyui/themes/default/validatebox.css HTTP/1.1" 404 1104
120.253.135.82 - - [23/May/2023:06:23:39 +0800] "POST /xingrg/kc/pszx/mdps_order_operate.html HTTP/1.1" 200 12437
120.253.135.82 - - [23/May/2023:06:23:43 +0800] "POST /xingrg/kc/pszx/mdps_order_operate.html HTTP/1.1" 200 37
222.70.168.127 - - [23/May/2023:06:23:43 +0800] "GET /xingrg/all/function/internal_message.html?_=1684794228574&CODE_STATE=getMsg HTTP/1.1" 200 27
120.253.135.82 - - [23/May/2023:06:23:45 +0800] "GET /xingrg/kc/pszx/mdps_order_info.html?code=312023052300495 HTTP/1.1" 200 23982
120.253.135.82 - - [23/May/2023:06:23:45 +0800] "GET /xingrg/javascript/easyui/themes/default/validatebox.css HTTP/1.1" 404 1104
120.253.135.82 - - [23/May/2023:06:23:46 +0800] "POST /xingrg/kc/pszx/mdps_order_operate.html HTTP/1.1" 200 12599
120.253.135.82 - - [23/May/2023:06:24:10 +0800] "POST /xingrg/kc/pszx/mdps_order_operate.html HTTP/1.1" 200 37
116.238.139.35 - - [23/May/2023:06:24:11 +0800] "GET /xingrg/all/function/internal_message.html?_=1684794249289&CODE_STATE=getMsg HTTP/1.1" 200 27
120.253.135.82 - - [23/May/2023:06:24:12 +0800] "GET /xingrg/kc/pszx/mdps_order_info.html?code=312023052300495 HTTP/1.1" 200 23982
120.253.135.82 - - [23/May/2023:06:24:12 +0800] "GET /xingrg/javascript/easyui/themes/default/validatebox.css HTTP/1.1" 404 1104
120.253.135.82 - - [23/May/2023:06:24:12 +0800] "GET /xingrg/all/function/internal_message.html?_=1684794089392&CODE_STATE=getMsg HTTP/1.1" 200 27
