222.70.168.127 - - [22/May/2023:10:18:13 +0800] "GET /xingrg/kc/print/load_config.html?kc_code=cgsh HTTP/1.1" 200 1924
58.39.41.124 - - [22/May/2023:10:18:13 +0800] "GET /xingrg/all/function/internal_message.html?_=1684721894117&CODE_STATE=getMsg HTTP/1.1" 200 27
116.238.139.35 - - [22/May/2023:10:18:13 +0800] "GET /xingrg/all/function/internal_message.html?_=1684721811375&CODE_STATE=getMsg HTTP/1.1" 200 27
222.70.168.127 - - [22/May/2023:10:18:14 +0800] "GET /xingrg/kc/print/load_data.html?order_code=212023052208225&kc_code=cgsh&condition= HTTP/1.1" 200 13439
114.83.218.112 - - [22/May/2023:10:18:21 +0800] "POST /xingrg/dwr/call/plaincall/AjaxCheckService.setItemNumber.dwr HTTP/1.1" 200 78
114.83.218.112 - - [22/May/2023:10:18:21 +0800] "POST /xingrg/dwr/call/plaincall/AjaxCheckService.setItemNumber.dwr HTTP/1.1" 200 78
114.83.218.112 - - [22/May/2023:10:18:21 +0800] "POST /xingrg/dwr/call/plaincall/AjaxCheckService.setItemNumber.dwr HTTP/1.1" 200 78
114.83.218.112 - - [22/May/2023:10:18:22 +0800] "POST /xingrg/dwr/call/plaincall/AjaxCheckService.setItemNumber.dwr HTTP/1.1" 200 78
114.83.218.112 - - [22/May/2023:10:18:22 +0800] "POST /xingrg/dwr/call/plaincall/AjaxCheckService.setItemNumber.dwr HTTP/1.1" 200 78
114.83.218.112 - - [22/May/2023:10:18:22 +0800] "POST /xingrg/dwr/call/plaincall/AjaxCheckService.setItemNumber.dwr HTTP/1.1" 200 78
114.83.218.112 - - [22/May/2023:10:18:22 +0800] "POST /xingrg/dwr/call/plaincall/AjaxCheckService.setItemNumber.dwr HTTP/1.1" 200 78
222.67.238.82 - - [22/May/2023:10:18:22 +0800] "GET /xingrg/all/function/internal_message.html?_=1684721415630&CODE_STATE=getMsg HTTP/1.1" 200 27
222.67.238.82 - - [22/May/2023:10:18:22 +0800] "GET /xingrg/check_reg.html?_=1684721415632 HTTP/1.1" 200 22
114.83.218.112 - - [22/May/2023:10:18:22 +0800] "POST /xingrg/dwr/call/plaincall/AjaxCheckService.setItemNumber.dwr HTTP/1.1" 200 78
114.83.218.112 - - [22/May/2023:10:18:22 +0800] "POST /xingrg/dwr/call/plaincall/AjaxCheckService.setItemNumber.dwr HTTP/1.1" 200 78
114.83.218.112 - - [22/May/2023:10:18:23 +0800] "POST /xingrg/dwr/call/plaincall/AjaxCheckService.setItemNumber.dwr HTTP/1.1" 200 78
114.83.218.112 - - [22/May/2023:10:18:24 +0800] "POST /xingrg/dwr/call/plaincall/AjaxCheckService.setItemNumber.dwr HTTP/1.1" 200 78
114.83.218.112 - - [22/May/2023:10:18:25 +0800] "POST /xingrg/dwr/call/plaincall/AjaxCheckService.setItemNumber.dwr HTTP/1.1" 200 78
114.83.218.112 - - [22/May/2023:10:18:25 +0800] "POST /xingrg/dwr/call/plaincall/AjaxCheckService.setItemNumber.dwr HTTP/1.1" 200 78
114.83.218.112 - - [22/May/2023:10:18:25 +0800] "POST /xingrg/dwr/call/plaincall/AjaxCheckService.setItemNumber.dwr HTTP/1.1" 200 78
114.83.218.112 - - [22/May/2023:10:18:25 +0800] "POST /xingrg/dwr/call/plaincall/AjaxCheckService.setItemNumber.dwr HTTP/1.1" 200 78
114.83.218.112 - - [22/May/2023:10:18:25 +0800] "POST /xingrg/dwr/call/plaincall/AjaxCheckService.setItemNumber.dwr HTTP/1.1" 200 78
114.83.218.112 - - [22/May/2023:10:18:26 +0800] "POST /xingrg/dwr/call/plaincall/AjaxCheckService.setItemNumber.dwr HTTP/1.1" 200 78
114.83.218.112 - - [22/May/2023:10:18:27 +0800] "POST /xingrg/dwr/call/plaincall/AjaxCheckService.setItemNumber.dwr HTTP/1.1" 200 78
116.238.139.35 - - [22/May/2023:10:18:28 +0800] "POST /xingrg/kc/buy/cgsh_order_operate.html HTTP/1.1" 200 37
114.83.218.112 - - [22/May/2023:10:18:28 +0800] "POST /xingrg/dwr/call/plaincall/AjaxCheckService.setItemNumber.dwr HTTP/1.1" 200 78
114.83.218.112 - - [22/May/2023:10:18:28 +0800] "POST /xingrg/dwr/call/plaincall/AjaxCheckService.setItemNumber.dwr HTTP/1.1" 200 78
114.83.218.112 - - [22/May/2023:10:18:28 +0800] "POST /xingrg/dwr/call/plaincall/AjaxCheckService.setItemNumber.dwr HTTP/1.1" 200 78
114.83.218.112 - - [22/May/2023:10:18:28 +0800] "POST /xingrg/dwr/call/plaincall/AjaxCheckService.setItemNumber.dwr HTTP/1.1" 200 78
114.83.218.112 - - [22/May/2023:10:18:29 +0800] "POST /xingrg/dwr/call/plaincall/AjaxCheckService.setItemNumber.dwr HTTP/1.1" 200 78
114.83.218.112 - - [22/May/2023:10:18:29 +0800] "POST /xingrg/dwr/call/plaincall/AjaxCheckService.setItemNumber.dwr HTTP/1.1" 200 78
114.83.218.112 - - [22/May/2023:10:18:29 +0800] "POST /xingrg/dwr/call/plaincall/AjaxCheckService.setItemNumber.dwr HTTP/1.1" 200 78
180.171.122.0 - - [22/May/2023:10:18:29 +0800] "GET /xingrg/all/function/internal_message.html?_=1684721909173&CODE_STATE=getMsg HTTP/1.1" 200 27
114.83.218.112 - - [22/May/2023:10:18:30 +0800] "POST /xingrg/dwr/call/plaincall/AjaxCheckService.setItemNumber.dwr HTTP/1.1" 200 78
114.83.218.112 - - [22/May/2023:10:18:30 +0800] "POST /xingrg/dwr/call/plaincall/AjaxCheckService.setItemNumber.dwr HTTP/1.1" 200 78
114.83.218.112 - - [22/May/2023:10:18:31 +0800] "POST /xingrg/dwr/call/plaincall/AjaxCheckService.setItemNumber.dwr HTTP/1.1" 200 78
114.83.218.112 - - [22/May/2023:10:18:31 +0800] "POST /xingrg/dwr/call/plaincall/AjaxCheckService.setItemNumber.dwr HTTP/1.1" 200 78
114.83.218.112 - - [22/May/2023:10:18:31 +0800] "POST /xingrg/dwr/call/plaincall/AjaxCheckService.setItemNumber.dwr HTTP/1.1" 200 78
114.83.218.112 - - [22/May/2023:10:18:32 +0800] "POST /xingrg/dwr/call/plaincall/AjaxCheckService.setItemNumber.dwr HTTP/1.1" 200 78
114.83.218.112 - - [22/May/2023:10:18:32 +0800] "POST /xingrg/dwr/call/plaincall/AjaxCheckService.setItemNumber.dwr HTTP/1.1" 200 78
114.83.218.112 - - [22/May/2023:10:18:32 +0800] "POST /xingrg/dwr/call/plaincall/AjaxCheckService.setItemNumber.dwr HTTP/1.1" 200 78
114.83.218.112 - - [22/May/2023:10:18:33 +0800] "POST /xingrg/dwr/call/plaincall/AjaxCheckService.setItemNumber.dwr HTTP/1.1" 200 78
114.83.218.112 - - [22/May/2023:10:18:33 +0800] "POST /xingrg/dwr/call/plaincall/AjaxCheckService.setItemNumber.dwr HTTP/1.1" 200 78
114.83.218.112 - - [22/May/2023:10:18:33 +0800] "POST /xingrg/dwr/call/plaincall/AjaxCheckService.setItemNumber.dwr HTTP/1.1" 200 78
116.224.158.100 - - [22/May/2023:10:18:34 +0800] "GET /xingrg/all/function/internal_message.html?_=1684721747551&CODE_STATE=getMsg HTTP/1.1" 200 27
114.83.218.112 - - [22/May/2023:10:18:34 +0800] "POST /xingrg/dwr/call/plaincall/AjaxCheckService.setItemNumber.dwr HTTP/1.1" 200 78
114.83.218.112 - - [22/May/2023:10:18:35 +0800] "POST /xingrg/dwr/call/plaincall/AjaxCheckService.setItemNumber.dwr HTTP/1.1" 200 78
114.83.218.112 - - [22/May/2023:10:18:35 +0800] "POST /xingrg/dwr/call/plaincall/AjaxCheckService.setItemNumber.dwr HTTP/1.1" 200 78
114.83.218.112 - - [22/May/2023:10:18:35 +0800] "POST /xingrg/dwr/call/plaincall/AjaxCheckService.setItemNumber.dwr HTTP/1.1" 200 78
124.78.156.121 - - [22/May/2023:10:18:36 +0800] "GET /xingrg/all/function/internal_message.html?_=1684721910712&CODE_STATE=getMsg HTTP/1.1" 200 27
114.83.218.112 - - [22/May/2023:10:18:36 +0800] "POST /xingrg/dwr/call/plaincall/AjaxCheckService.setItemNumber.dwr HTTP/1.1" 200 78
114.83.218.112 - - [22/May/2023:10:18:36 +0800] "POST /xingrg/dwr/call/plaincall/AjaxCheckService.setItemNumber.dwr HTTP/1.1" 200 78
114.83.218.112 - - [22/May/2023:10:18:37 +0800] "POST /xingrg/dwr/call/plaincall/AjaxCheckService.setItemNumber.dwr HTTP/1.1" 200 78
114.83.218.112 - - [22/May/2023:10:18:37 +0800] "POST /xingrg/dwr/call/plaincall/AjaxCheckService.setItemNumber.dwr HTTP/1.1" 200 78
114.83.218.112 - - [22/May/2023:10:18:37 +0800] "POST /xingrg/dwr/call/plaincall/AjaxCheckService.setItemNumber.dwr HTTP/1.1" 200 78
116.238.139.35 - - [22/May/2023:10:18:37 +0800] "GET /xingrg/all/function/internal_message.html?_=1684721915876&CODE_STATE=getMsg HTTP/1.1" 200 27
114.83.218.112 - - [22/May/2023:10:18:38 +0800] "POST /xingrg/dwr/call/plaincall/AjaxCheckService.setItemNumber.dwr HTTP/1.1" 200 78
114.83.218.112 - - [22/May/2023:10:18:38 +0800] "POST /xingrg/dwr/call/plaincall/AjaxCheckService.setItemNumber.dwr HTTP/1.1" 200 78
114.83.218.112 - - [22/May/2023:10:18:38 +0800] "GET /xingrg/check_reg.html?_=1684721902854 HTTP/1.1" 200 22
114.83.218.112 - - [22/May/2023:10:18:38 +0800] "GET /xingrg/all/function/internal_message.html?_=1684721902917&CODE_STATE=getMsg HTTP/1.1" 200 27
114.83.218.112 - - [22/May/2023:10:18:38 +0800] "POST /xingrg/dwr/call/plaincall/AjaxCheckService.setItemNumber.dwr HTTP/1.1" 200 78
114.83.218.112 - - [22/May/2023:10:18:38 +0800] "POST /xingrg/dwr/call/plaincall/AjaxCheckService.setItemNumber.dwr HTTP/1.1" 200 78
114.83.218.112 - - [22/May/2023:10:18:39 +0800] "POST /xingrg/dwr/call/plaincall/AjaxCheckService.setItemNumber.dwr HTTP/1.1" 200 78
114.83.218.112 - - [22/May/2023:10:18:39 +0800] "POST /xingrg/dwr/call/plaincall/AjaxCheckService.setItemNumber.dwr HTTP/1.1" 200 78
114.83.218.112 - - [22/May/2023:10:18:39 +0800] "POST /xingrg/dwr/call/plaincall/AjaxCheckService.setItemNumber.dwr HTTP/1.1" 200 78
114.83.218.112 - - [22/May/2023:10:18:39 +0800] "POST /xingrg/dwr/call/plaincall/AjaxCheckService.setItemNumber.dwr HTTP/1.1" 200 78
114.83.218.112 - - [22/May/2023:10:18:40 +0800] "POST /xingrg/dwr/call/plaincall/AjaxCheckService.setItemNumber.dwr HTTP/1.1" 200 78
114.83.218.112 - - [22/May/2023:10:18:40 +0800] "POST /xingrg/dwr/call/plaincall/AjaxCheckService.setItemNumber.dwr HTTP/1.1" 200 78
114.83.218.112 - - [22/May/2023:10:18:41 +0800] "POST /xingrg/dwr/call/plaincall/AjaxCheckService.setItemNumber.dwr HTTP/1.1" 200 78
222.70.168.127 - - [22/May/2023:10:18:49 +0800] "GET /xingrg/all/function/internal_message.html?_=1684721931255&CODE_STATE=getMsg HTTP/1.1" 200 27
58.39.41.124 - - [22/May/2023:10:18:49 +0800] "GET /xingrg/all/function/internal_message.html?_=1684721932020&CODE_STATE=getMsg HTTP/1.1" 200 27
180.164.3.199 - - [22/May/2023:10:18:53 +0800] "GET /xingrg/all/function/internal_message.html?_=1684721933156&CODE_STATE=getMsg HTTP/1.1" 200 27
58.39.41.124 - - [22/May/2023:10:18:55 +0800] "GET /xingrg/check_reg.html?_=1684721937579 HTTP/1.1" 200 22
58.39.41.124 - - [22/May/2023:10:18:55 +0800] "GET /xingrg/all/function/internal_message.html?_=1684721937587&CODE_STATE=getMsg HTTP/1.1" 200 27
116.238.139.35 - - [22/May/2023:10:18:55 +0800] "GET /xingrg/all/function/internal_message.html?_=1684721853174&CODE_STATE=getMsg HTTP/1.1" 200 27
58.39.41.124 - - [22/May/2023:10:18:59 +0800] "GET /xingrg/kc/base/check_order_list.html HTTP/1.1" 200 16217
116.232.195.127 - - [22/May/2023:10:19:01 +0800] "GET /xingrg/all/function/internal_message.html?_=1684721940841&CODE_STATE=getMsg HTTP/1.1" 200 27
180.157.254.191 - - [22/May/2023:10:19:02 +0800] "GET /xingrg/all/function/internal_message.html?_=1684721942244&CODE_STATE=getMsg HTTP/1.1" 200 27
180.157.254.191 - - [22/May/2023:10:19:02 +0800] "GET /xingrg/check_reg.html?_=1684721942245 HTTP/1.1" 200 22
120.253.135.82 - - [22/May/2023:10:19:02 +0800] "GET /xingrg/all/function/internal_message.html?_=1684721778702&CODE_STATE=getMsg HTTP/1.1" 200 27
116.232.195.127 - - [22/May/2023:10:19:03 +0800] "GET /xingrg/all/function/internal_message.html?_=1684721985713&CODE_STATE=getMsg HTTP/1.1" 200 27
124.79.240.114 - - [22/May/2023:10:19:09 +0800] "GET /xingrg/all/function/internal_message.html?_=1684722228267&CODE_STATE=getMsg HTTP/1.1" 200 27
124.79.240.114 - - [22/May/2023:10:19:11 +0800] "GET /xingrg/check_reg.html?_=1684722229722 HTTP/1.1" 200 22
116.238.139.35 - - [22/May/2023:10:19:11 +0800] "GET /xingrg/check_reg.html?_=1684721869072 HTTP/1.1" 200 22
58.39.41.124 - - [22/May/2023:10:19:13 +0800] "GET /xingrg/all/function/internal_message.html?_=1684721954106&CODE_STATE=getMsg HTTP/1.1" 200 27
116.238.139.35 - - [22/May/2023:10:19:13 +0800] "GET /xingrg/all/function/internal_message.html?_=1684721871388&CODE_STATE=getMsg HTTP/1.1" 200 27
222.67.238.82 - - [22/May/2023:10:19:22 +0800] "GET /xingrg/all/function/internal_message.html?_=1684721475617&CODE_STATE=getMsg HTTP/1.1" 200 27
58.39.41.124 - - [22/May/2023:10:19:22 +0800] "POST /xingrg/services/DataTransmitService HTTP/1.1" 200 524
222.70.168.127 - - [22/May/2023:10:19:22 +0800] "POST /xingrg/services/DataTransmitService HTTP/1.1" 200 501
58.39.41.124 - - [22/May/2023:10:19:23 +0800] "POST /xingrg/services/DataTransmitService HTTP/1.1" 200 2399
114.83.218.112 - - [22/May/2023:10:19:24 +0800] "GET /xingrg/all/function/internal_message.html?_=1684721962895&CODE_STATE=getMsg HTTP/1.1" 200 27
180.171.122.0 - - [22/May/2023:10:19:29 +0800] "GET /xingrg/all/function/internal_message.html?_=1684721969164&CODE_STATE=getMsg HTTP/1.1" 200 27
222.70.168.127 - - [22/May/2023:10:19:32 +0800] "POST /xingrg/services/DataTransmitService HTTP/1.1" 200 524
116.224.158.100 - - [22/May/2023:10:19:34 +0800] "GET /xingrg/all/function/internal_message.html?_=1684721807554&CODE_STATE=getMsg HTTP/1.1" 200 27
222.70.168.127 - - [22/May/2023:10:19:34 +0800] "POST /xingrg/services/DataTransmitService HTTP/1.1" 200 412
124.78.156.121 - - [22/May/2023:10:19:36 +0800] "GET /xingrg/all/function/internal_message.html?_=1684721970701&CODE_STATE=getMsg HTTP/1.1" 200 27
116.238.139.35 - - [22/May/2023:10:19:37 +0800] "GET /xingrg/all/function/internal_message.html?_=1684721975863&CODE_STATE=getMsg HTTP/1.1" 200 27
222.70.168.127 - - [22/May/2023:10:19:38 +0800] "POST /xingrg/services/DataTransmitService HTTP/1.1" 200 524
222.70.168.127 - - [22/May/2023:10:19:39 +0800] "POST /xingrg/services/DataTransmitService HTTP/1.1" 200 412
222.70.168.127 - - [22/May/2023:10:19:41 +0800] "POST /xingrg/services/DataTransmitService HTTP/1.1" 200 524
222.70.168.127 - - [22/May/2023:10:19:41 +0800] "POST /xingrg/services/DataTransmitService HTTP/1.1" 200 412
222.70.168.127 - - [22/May/2023:10:19:42 +0800] "POST /xingrg/services/DataTransmitService HTTP/1.1" 200 524
222.70.168.127 - - [22/May/2023:10:19:43 +0800] "POST /xingrg/services/DataTransmitService HTTP/1.1" 200 412
222.70.168.127 - - [22/May/2023:10:19:47 +0800] "POST /xingrg/services/DataTransmitService HTTP/1.1" 200 524
222.70.168.127 - - [22/May/2023:10:19:48 +0800] "POST /xingrg/services/DataTransmitService HTTP/1.1" 200 412
222.70.168.127 - - [22/May/2023:10:19:49 +0800] "POST /xingrg/services/DataTransmitService HTTP/1.1" 200 524
222.70.168.127 - - [22/May/2023:10:19:49 +0800] "GET /xingrg/all/function/internal_message.html?_=1684721991266&CODE_STATE=getMsg HTTP/1.1" 200 27
58.39.41.124 - - [22/May/2023:10:19:49 +0800] "GET /xingrg/check_reg.html?_=1684721992016 HTTP/1.1" 200 22
58.39.41.124 - - [22/May/2023:10:19:49 +0800] "GET /xingrg/all/function/internal_message.html?_=1684721992018&CODE_STATE=getMsg HTTP/1.1" 200 27
222.70.168.127 - - [22/May/2023:10:19:50 +0800] "POST /xingrg/services/DataTransmitService HTTP/1.1" 200 412
222.70.168.127 - - [22/May/2023:10:19:51 +0800] "POST /xingrg/services/DataTransmitService HTTP/1.1" 200 524
222.70.168.127 - - [22/May/2023:10:19:52 +0800] "POST /xingrg/services/DataTransmitService HTTP/1.1" 200 412
180.164.3.199 - - [22/May/2023:10:19:53 +0800] "GET /xingrg/all/function/internal_message.html?_=1684721993139&CODE_STATE=getMsg HTTP/1.1" 200 27
222.70.168.127 - - [22/May/2023:10:19:54 +0800] "POST /xingrg/services/DataTransmitService HTTP/1.1" 200 524
222.70.168.127 - - [22/May/2023:10:19:55 +0800] "POST /xingrg/services/DataTransmitService HTTP/1.1" 200 2335
58.39.41.124 - - [22/May/2023:10:19:55 +0800] "GET /xingrg/all/function/internal_message.html?_=1684721997585&CODE_STATE=getMsg HTTP/1.1" 200 27
116.238.139.35 - - [22/May/2023:10:19:55 +0800] "GET /xingrg/all/function/internal_message.html?_=1684721913182&CODE_STATE=getMsg HTTP/1.1" 200 27
116.232.195.127 - - [22/May/2023:10:20:01 +0800] "GET /xingrg/all/function/internal_message.html?_=1684722000856&CODE_STATE=getMsg HTTP/1.1" 200 27
180.157.254.191 - - [22/May/2023:10:20:02 +0800] "GET /xingrg/all/function/internal_message.html?_=1684722002228&CODE_STATE=getMsg HTTP/1.1" 200 27
120.253.135.82 - - [22/May/2023:10:20:02 +0800] "GET /xingrg/check_reg.html?_=1684721838587 HTTP/1.1" 200 22
120.253.135.82 - - [22/May/2023:10:20:02 +0800] "GET /xingrg/all/function/internal_message.html?_=1684721838716&CODE_STATE=getMsg HTTP/1.1" 200 27
116.232.195.127 - - [22/May/2023:10:20:03 +0800] "GET /xingrg/all/function/internal_message.html?_=1684722045728&CODE_STATE=getMsg HTTP/1.1" 200 27
222.70.168.127 - - [22/May/2023:10:20:07 +0800] "POST /xingrg/services/DataTransmitService HTTP/1.1" 200 524
124.79.240.114 - - [22/May/2023:10:20:09 +0800] "GET /xingrg/all/function/internal_message.html?_=1684722288237&CODE_STATE=getMsg HTTP/1.1" 200 27
124.78.156.121 - - [22/May/2023:10:20:12 +0800] "GET /xingrg/check_reg.html?_=1684722007239 HTTP/1.1" 200 22
58.39.41.124 - - [22/May/2023:10:20:13 +0800] "GET /xingrg/all/function/internal_message.html?_=1684722014103&CODE_STATE=getMsg HTTP/1.1" 200 27
116.238.139.35 - - [22/May/2023:10:20:13 +0800] "GET /xingrg/all/function/internal_message.html?_=1684721931402&CODE_STATE=getMsg HTTP/1.1" 200 27
222.67.238.82 - - [22/May/2023:10:20:22 +0800] "GET /xingrg/all/function/internal_message.html?_=1684721535622&CODE_STATE=getMsg HTTP/1.1" 200 27
114.83.218.112 - - [22/May/2023:10:20:24 +0800] "GET /xingrg/all/function/internal_message.html?_=1684722022878&CODE_STATE=getMsg HTTP/1.1" 200 27
180.171.122.0 - - [22/May/2023:10:20:29 +0800] "GET /xingrg/all/function/internal_message.html?_=1684722029169&CODE_STATE=getMsg HTTP/1.1" 200 27
116.224.158.100 - - [22/May/2023:10:20:34 +0800] "GET /xingrg/all/function/internal_message.html?_=1684721867558&CODE_STATE=getMsg HTTP/1.1" 200 27
124.78.156.121 - - [22/May/2023:10:20:36 +0800] "GET /xingrg/all/function/internal_message.html?_=1684722030683&CODE_STATE=getMsg HTTP/1.1" 200 27
116.238.139.35 - - [22/May/2023:10:20:37 +0800] "GET /xingrg/all/function/internal_message.html?_=1684722035844&CODE_STATE=getMsg HTTP/1.1" 200 27
58.39.41.124 - - [22/May/2023:10:20:49 +0800] "GET /xingrg/all/function/internal_message.html?_=1684722052013&CODE_STATE=getMsg HTTP/1.1" 200 27
222.70.168.127 - - [22/May/2023:10:20:50 +0800] "GET /xingrg/all/function/internal_message.html?_=1684722051540&CODE_STATE=getMsg HTTP/1.1" 200 27
58.39.41.124 - - [22/May/2023:10:20:52 +0800] "POST /xingrg/services/DataTransmitService HTTP/1.1" 401 565
58.39.41.124 - - [22/May/2023:10:20:52 +0800] "POST /xingrg/services/DataTransmitService HTTP/1.1" 200 478
58.39.41.124 - - [22/May/2023:10:20:52 +0800] "POST /xingrg/services/DataTransmitService HTTP/1.1" 200 1319
58.39.41.124 - - [22/May/2023:10:20:53 +0800] "POST /xingrg/services/DataTransmitService HTTP/1.1" 200 478
58.39.41.124 - - [22/May/2023:10:20:53 +0800] "POST /xingrg/services/DataTransmitService HTTP/1.1" 200 1319
58.39.41.124 - - [22/May/2023:10:20:53 +0800] "POST /xingrg/services/DataTransmitService HTTP/1.1" 200 524
180.164.3.199 - - [22/May/2023:10:20:53 +0800] "GET /xingrg/all/function/internal_message.html?_=1684722053122&CODE_STATE=getMsg HTTP/1.1" 200 27
58.39.41.124 - - [22/May/2023:10:20:54 +0800] "POST /xingrg/services/DataTransmitService HTTP/1.1" 200 2399
58.39.41.124 - - [22/May/2023:10:20:55 +0800] "GET /xingrg/all/function/internal_message.html?_=1684722057584&CODE_STATE=getMsg HTTP/1.1" 200 27
116.238.139.35 - - [22/May/2023:10:20:55 +0800] "GET /xingrg/all/function/internal_message.html?_=1684721973207&CODE_STATE=getMsg HTTP/1.1" 200 27
116.232.195.127 - - [22/May/2023:10:21:01 +0800] "GET /xingrg/all/function/internal_message.html?_=1684722060846&CODE_STATE=getMsg HTTP/1.1" 200 27
116.232.195.127 - - [22/May/2023:10:21:01 +0800] "GET /xingrg/check_reg.html?_=1684722061018 HTTP/1.1" 200 22
180.157.254.191 - - [22/May/2023:10:21:02 +0800] "GET /xingrg/all/function/internal_message.html?_=1684722062228&CODE_STATE=getMsg HTTP/1.1" 200 27
120.253.135.82 - - [22/May/2023:10:21:02 +0800] "GET /xingrg/all/function/internal_message.html?_=1684721898728&CODE_STATE=getMsg HTTP/1.1" 200 27
116.232.195.127 - - [22/May/2023:10:21:03 +0800] "GET /xingrg/all/function/internal_message.html?_=1684722105714&CODE_STATE=getMsg HTTP/1.1" 200 27
180.164.3.199 - - [22/May/2023:10:21:05 +0800] "GET /xingrg/check_reg.html?_=1684722064322 HTTP/1.1" 200 22
124.79.240.114 - - [22/May/2023:10:21:09 +0800] "GET /xingrg/all/function/internal_message.html?_=1684722348224&CODE_STATE=getMsg HTTP/1.1" 200 27
180.169.147.146 - - [22/May/2023:10:21:10 +0800] "GET /xingrg/check_reg.html?_=1684722071864 HTTP/1.1" 200 22
58.39.41.124 - - [22/May/2023:10:21:13 +0800] "GET /xingrg/all/function/internal_message.html?_=1684722074099&CODE_STATE=getMsg HTTP/1.1" 200 27
116.238.139.35 - - [22/May/2023:10:21:13 +0800] "GET /xingrg/all/function/internal_message.html?_=1684721991415&CODE_STATE=getMsg HTTP/1.1" 200 27
222.67.238.82 - - [22/May/2023:10:21:22 +0800] "GET /xingrg/all/function/internal_message.html?_=1684721595611&CODE_STATE=getMsg HTTP/1.1" 200 27
114.83.218.112 - - [22/May/2023:10:21:24 +0800] "GET /xingrg/all/function/internal_message.html?_=1684722082857&CODE_STATE=getMsg HTTP/1.1" 200 27
180.171.122.0 - - [22/May/2023:10:21:29 +0800] "GET /xingrg/all/function/internal_message.html?_=1684722089159&CODE_STATE=getMsg HTTP/1.1" 200 27
180.171.122.0 - - [22/May/2023:10:21:29 +0800] "GET /xingrg/check_reg.html?_=1684722089160 HTTP/1.1" 200 22
58.39.41.124 - - [22/May/2023:10:21:31 +0800] "GET /xingrg/kc/base/wldb_order_list.html HTTP/1.1" 200 19098
58.39.41.124 - - [22/May/2023:10:21:33 +0800] "POST /xingrg/kc/base/wldb_list_operate.html HTTP/1.1" 200 928
58.39.41.124 - - [22/May/2023:10:21:34 +0800] "GET /xingrg/kc/base/wldb_order_add.html HTTP/1.1" 200 30377
116.224.158.100 - - [22/May/2023:10:21:34 +0800] "GET /xingrg/all/function/internal_message.html?_=1684721927545&CODE_STATE=getMsg HTTP/1.1" 200 27
58.39.41.124 - - [22/May/2023:10:21:34 +0800] "POST /xingrg/kc/base/wldb_order_operate.html HTTP/1.1" 200 6806
58.39.41.124 - - [22/May/2023:10:21:34 +0800] "GET /xingrg/javascript/easyui/themes/default/validatebox.css HTTP/1.1" 404 1104
58.39.41.124 - - [22/May/2023:10:21:34 +0800] "GET /xingrg/all/common/auto_word.html?type=base&rest_code=00102 HTTP/1.1" 200 1857
58.39.41.124 - - [22/May/2023:10:21:34 +0800] "GET /xingrg/all/common/auto_word.html?type=base&rest_code=00102 HTTP/1.1" 200 1857
58.39.41.124 - - [22/May/2023:10:21:35 +0800] "POST /xingrg/all/common/load_combo.html?type=base HTTP/1.1" 200 3321
124.78.156.121 - - [22/May/2023:10:21:36 +0800] "GET /xingrg/all/function/internal_message.html?_=1684722090653&CODE_STATE=getMsg HTTP/1.1" 200 27
116.238.139.35 - - [22/May/2023:10:21:37 +0800] "GET /xingrg/all/function/internal_message.html?_=1684722095832&CODE_STATE=getMsg HTTP/1.1" 200 27
116.238.139.35 - - [22/May/2023:10:21:38 +0800] "GET /xingrg/check_reg.html?_=1684722096620 HTTP/1.1" 200 22
58.39.41.124 - - [22/May/2023:10:21:38 +0800] "GET /xingrg/javascript/auto/indicator.gif HTTP/1.1" 404 1066
58.39.41.124 - - [22/May/2023:10:21:41 +0800] "GET /xingrg/kc/base/wldb_order_operate.html?command=get_materiel&rest_code=00102&base_code=0010476&code=00101013150 HTTP/1.1" 200 428
58.39.41.124 - - [22/May/2023:10:21:49 +0800] "GET /xingrg/all/function/internal_message.html?_=1684722112011&CODE_STATE=getMsg HTTP/1.1" 200 27
222.70.168.127 - - [22/May/2023:10:21:50 +0800] "GET /xingrg/all/function/internal_message.html?_=1684722111543&CODE_STATE=getMsg HTTP/1.1" 200 27
180.164.3.199 - - [22/May/2023:10:21:53 +0800] "GET /xingrg/all/function/internal_message.html?_=1684722113104&CODE_STATE=getMsg HTTP/1.1" 200 27
222.70.168.127 - - [22/May/2023:10:21:54 +0800] "POST /xingrg/services/DataTransmitService HTTP/1.1" 200 501
58.39.41.124 - - [22/May/2023:10:21:55 +0800] "GET /xingrg/all/function/internal_message.html?_=1684722117587&CODE_STATE=getMsg HTTP/1.1" 200 27
116.238.139.35 - - [22/May/2023:10:21:55 +0800] "GET /xingrg/check_reg.html?_=1684722033134 HTTP/1.1" 200 22
116.238.139.35 - - [22/May/2023:10:21:55 +0800] "GET /xingrg/all/function/internal_message.html?_=1684722033224&CODE_STATE=getMsg HTTP/1.1" 200 27
222.70.168.127 - - [22/May/2023:10:21:56 +0800] "POST /xingrg/services/DataTransmitService HTTP/1.1" 200 501
172.20.0.100 - - [22/May/2023:10:21:59 +0800] "GET /xingrg/check_reg.html?_=1684722120414 HTTP/1.1" 302 -
116.232.195.127 - - [22/May/2023:10:22:01 +0800] "GET /xingrg/all/function/internal_message.html?_=1684722120837&CODE_STATE=getMsg HTTP/1.1" 200 27
180.157.254.191 - - [22/May/2023:10:22:02 +0800] "GET /xingrg/all/function/internal_message.html?_=1684722122227&CODE_STATE=getMsg HTTP/1.1" 200 27
120.253.135.82 - - [22/May/2023:10:22:02 +0800] "GET /xingrg/all/function/internal_message.html?_=1684721958743&CODE_STATE=getMsg HTTP/1.1" 200 27
116.232.195.127 - - [22/May/2023:10:22:03 +0800] "GET /xingrg/all/function/internal_message.html?_=1684722165723&CODE_STATE=getMsg HTTP/1.1" 200 27
116.232.195.127 - - [22/May/2023:10:22:03 +0800] "GET /xingrg/check_reg.html?_=1684722165727 HTTP/1.1" 200 22
124.79.240.114 - - [22/May/2023:10:22:09 +0800] "GET /xingrg/all/function/internal_message.html?_=1684722408193&CODE_STATE=getMsg HTTP/1.1" 200 27
58.39.41.124 - - [22/May/2023:10:22:13 +0800] "GET /xingrg/all/function/internal_message.html?_=1684722134112&CODE_STATE=getMsg HTTP/1.1" 200 27
58.39.41.124 - - [22/May/2023:10:22:13 +0800] "GET /xingrg/check_reg.html?_=1684722134113 HTTP/1.1" 200 22
116.238.139.35 - - [22/May/2023:10:22:13 +0800] "GET /xingrg/all/function/internal_message.html?_=1684722051452&CODE_STATE=getMsg HTTP/1.1" 200 27
222.67.238.82 - - [22/May/2023:10:22:22 +0800] "GET /xingrg/all/function/internal_message.html?_=1684721655655&CODE_STATE=getMsg HTTP/1.1" 200 27
114.83.218.112 - - [22/May/2023:10:22:24 +0800] "GET /xingrg/all/function/internal_message.html?_=1684722142862&CODE_STATE=getMsg HTTP/1.1" 200 27
180.171.122.0 - - [22/May/2023:10:22:29 +0800] "GET /xingrg/all/function/internal_message.html?_=1684722149170&CODE_STATE=getMsg HTTP/1.1" 200 27
222.70.168.127 - - [22/May/2023:10:22:33 +0800] "POST /xingrg/services/DataTransmitService HTTP/1.1" 200 501
116.224.158.100 - - [22/May/2023:10:22:34 +0800] "GET /xingrg/all/function/internal_message.html?_=1684721987548&CODE_STATE=getMsg HTTP/1.1" 200 27
116.224.158.100 - - [22/May/2023:10:22:34 +0800] "GET /xingrg/check_reg.html?_=1684721987551 HTTP/1.1" 200 22
124.78.156.121 - - [22/May/2023:10:22:36 +0800] "GET /xingrg/all/function/internal_message.html?_=1684722150639&CODE_STATE=getMsg HTTP/1.1" 200 27
116.238.139.35 - - [22/May/2023:10:22:37 +0800] "GET /xingrg/all/function/internal_message.html?_=1684722155812&CODE_STATE=getMsg HTTP/1.1" 200 27
58.39.41.124 - - [22/May/2023:10:22:49 +0800] "GET /xingrg/all/function/internal_message.html?_=1684722172010&CODE_STATE=getMsg HTTP/1.1" 200 27
222.70.168.127 - - [22/May/2023:10:22:50 +0800] "GET /xingrg/all/function/internal_message.html?_=1684722171815&CODE_STATE=getMsg HTTP/1.1" 200 27
180.164.3.199 - - [22/May/2023:10:22:53 +0800] "GET /xingrg/all/function/internal_message.html?_=1684722173091&CODE_STATE=getMsg HTTP/1.1" 200 27
58.39.41.124 - - [22/May/2023:10:22:55 +0800] "GET /xingrg/all/function/internal_message.html?_=1684722177587&CODE_STATE=getMsg HTTP/1.1" 200 27
116.238.139.35 - - [22/May/2023:10:22:55 +0800] "GET /xingrg/all/function/internal_message.html?_=1684722093238&CODE_STATE=getMsg HTTP/1.1" 200 27
116.232.195.127 - - [22/May/2023:10:23:01 +0800] "GET /xingrg/all/function/internal_message.html?_=1684722180844&CODE_STATE=getMsg HTTP/1.1" 200 27
180.157.254.191 - - [22/May/2023:10:23:02 +0800] "GET /xingrg/all/function/internal_message.html?_=1684722182242&CODE_STATE=getMsg HTTP/1.1" 200 27
120.253.135.82 - - [22/May/2023:10:23:02 +0800] "GET /xingrg/all/function/internal_message.html?_=1684722018771&CODE_STATE=getMsg HTTP/1.1" 200 27
116.232.195.127 - - [22/May/2023:10:23:03 +0800] "GET /xingrg/all/function/internal_message.html?_=1684722225717&CODE_STATE=getMsg HTTP/1.1" 200 27
124.79.240.114 - - [22/May/2023:10:23:09 +0800] "GET /xingrg/all/function/internal_message.html?_=1684722468163&CODE_STATE=getMsg HTTP/1.1" 200 27
222.70.168.127 - - [22/May/2023:10:23:09 +0800] "GET /xingrg/check_reg.html?_=1684722191338 HTTP/1.1" 200 22
58.39.41.124 - - [22/May/2023:10:23:13 +0800] "GET /xingrg/all/function/internal_message.html?_=1684722194105&CODE_STATE=getMsg HTTP/1.1" 200 27
116.238.139.35 - - [22/May/2023:10:23:13 +0800] "GET /xingrg/all/function/internal_message.html?_=1684722111458&CODE_STATE=getMsg HTTP/1.1" 200 27
222.70.168.127 - - [22/May/2023:10:23:14 +0800] "POST /xingrg/services/DataTransmitService HTTP/1.1" 200 501
222.70.168.127 - - [22/May/2023:10:23:16 +0800] "POST /xingrg/services/DataTransmitService HTTP/1.1" 200 501
222.70.168.127 - - [22/May/2023:10:23:17 +0800] "POST /xingrg/services/DataTransmitService HTTP/1.1" 200 501
222.67.238.82 - - [22/May/2023:10:23:22 +0800] "GET /xingrg/all/function/internal_message.html?_=1684721715634&CODE_STATE=getMsg HTTP/1.1" 200 27
222.67.238.82 - - [22/May/2023:10:23:22 +0800] "GET /xingrg/check_reg.html?_=1684721715635 HTTP/1.1" 200 22
114.83.218.112 - - [22/May/2023:10:23:24 +0800] "GET /xingrg/all/function/internal_message.html?_=1684722202861&CODE_STATE=getMsg HTTP/1.1" 200 27
114.83.218.112 - - [22/May/2023:10:23:24 +0800] "GET /xingrg/check_reg.html?_=1684722202863 HTTP/1.1" 200 22
180.171.122.0 - - [22/May/2023:10:23:29 +0800] "GET /xingrg/all/function/internal_message.html?_=1684722209155&CODE_STATE=getMsg HTTP/1.1" 200 27
27.156.135.215 - - [22/May/2023:10:23:32 +0800] "GET /xingrg/index.html?sysBaseUrl=http%3A%2F%2F180.169.147.146%3A18081%2Fxingrg%2F&costTime=39×tamp=1592034574635 HTTP/1.1" 302 -
27.156.135.215 - - [22/May/2023:10:23:32 +0800] "GET /xingrg/login.html HTTP/1.1" 200 7641
27.156.135.215 - - [22/May/2023:10:23:32 +0800] "GET /favicon.ico HTTP/1.1" 404 -
222.70.168.127 - - [22/May/2023:10:23:33 +0800] "GET /xingrg/kc/buy/cgsh_order_add.html HTTP/1.1" 200 71451
116.224.158.100 - - [22/May/2023:10:23:34 +0800] "GET /xingrg/all/function/internal_message.html?_=1684722047559&CODE_STATE=getMsg HTTP/1.1" 200 27
222.70.168.127 - - [22/May/2023:10:23:34 +0800] "POST /xingrg/kc/buy/cgsh_order_operate.html HTTP/1.1" 200 8245
222.70.168.127 - - [22/May/2023:10:23:34 +0800] "GET /xingrg/javascript/easyui/themes/default/validatebox.css HTTP/1.1" 404 1104
222.70.168.127 - - [22/May/2023:10:23:35 +0800] "POST /xingrg/services/DataTransmitService HTTP/1.1" 200 501
124.78.156.121 - - [22/May/2023:10:23:35 +0800] "GET /xingrg/all/function/internal_message.html?_=1684722210624&CODE_STATE=getMsg HTTP/1.1" 200 27
116.238.139.35 - - [22/May/2023:10:23:37 +0800] "GET /xingrg/all/function/internal_message.html?_=1684722215787&CODE_STATE=getMsg HTTP/1.1" 200 27
222.70.168.127 - - [22/May/2023:10:23:37 +0800] "POST /xingrg/services/DataTransmitService HTTP/1.1" 200 501
222.70.168.127 - - [22/May/2023:10:23:40 +0800] "POST /xingrg/services/DataTransmitService HTTP/1.1" 200 501
58.39.41.124 - - [22/May/2023:10:23:40 +0800] "GET /xingrg/kc/base/check_order_list.html HTTP/1.1" 200 16484
222.70.168.127 - - [22/May/2023:10:23:41 +0800] "POST /xingrg/services/DataTransmitService HTTP/1.1" 200 412
58.39.41.124 - - [22/May/2023:10:23:49 +0800] "GET /xingrg/all/function/internal_message.html?_=1684722232009&CODE_STATE=getMsg HTTP/1.1" 200 27
222.70.168.127 - - [22/May/2023:10:23:50 +0800] "GET /xingrg/all/function/internal_message.html?_=1684722231819&CODE_STATE=getMsg HTTP/1.1" 200 27
180.164.3.199 - - [22/May/2023:10:23:53 +0800] "GET /xingrg/all/function/internal_message.html?_=1684722233072&CODE_STATE=getMsg HTTP/1.1" 200 27
58.39.41.124 - - [22/May/2023:10:23:55 +0800] "GET /xingrg/all/function/internal_message.html?_=1684722237585&CODE_STATE=getMsg HTTP/1.1" 200 27
58.39.41.124 - - [22/May/2023:10:23:55 +0800] "GET /xingrg/check_reg.html?_=1684722237587 HTTP/1.1" 200 22
116.238.139.35 - - [22/May/2023:10:23:55 +0800] "GET /xingrg/all/function/internal_message.html?_=1684722153252&CODE_STATE=getMsg HTTP/1.1" 200 27
116.232.195.127 - - [22/May/2023:10:24:01 +0800] "GET /xingrg/all/function/internal_message.html?_=1684722240823&CODE_STATE=getMsg HTTP/1.1" 200 27
180.157.254.191 - - [22/May/2023:10:24:02 +0800] "GET /xingrg/all/function/internal_message.html?_=1684722242239&CODE_STATE=getMsg HTTP/1.1" 200 27
180.157.254.191 - - [22/May/2023:10:24:02 +0800] "GET /xingrg/check_reg.html?_=1684722242240 HTTP/1.1" 200 22
120.253.135.82 - - [22/May/2023:10:24:02 +0800] "GET /xingrg/all/function/internal_message.html?_=1684722078786&CODE_STATE=getMsg HTTP/1.1" 200 27
116.232.195.127 - - [22/May/2023:10:24:03 +0800] "GET /xingrg/all/function/internal_message.html?_=1684722285735&CODE_STATE=getMsg HTTP/1.1" 200 27
124.79.240.114 - - [22/May/2023:10:24:09 +0800] "GET /xingrg/all/function/internal_message.html?_=1684722528132&CODE_STATE=getMsg HTTP/1.1" 200 27
124.79.240.114 - - [22/May/2023:10:24:11 +0800] "GET /xingrg/check_reg.html?_=1684722529704 HTTP/1.1" 200 22
116.238.139.35 - - [22/May/2023:10:24:11 +0800] "GET /xingrg/check_reg.html?_=1684722169102 HTTP/1.1" 200 22
58.39.41.124 - - [22/May/2023:10:24:13 +0800] "GET /xingrg/all/function/internal_message.html?_=1684722254093&CODE_STATE=getMsg HTTP/1.1" 200 27
116.238.139.35 - - [22/May/2023:10:24:14 +0800] "GET /xingrg/all/function/internal_message.html?_=1684722171472&CODE_STATE=getMsg HTTP/1.1" 200 27
114.83.218.112 - - [22/May/2023:10:24:21 +0800] "GET /xingrg/kc/buy/cgsh_order_list.html HTTP/1.1" 200 55675
222.67.238.82 - - [22/May/2023:10:24:22 +0800] "GET /xingrg/all/function/internal_message.html?_=1684721775650&CODE_STATE=getMsg HTTP/1.1" 200 27
114.83.218.112 - - [22/May/2023:10:24:24 +0800] "GET /xingrg/all/function/internal_message.html?_=1684722262882&CODE_STATE=getMsg HTTP/1.1" 200 27
180.171.122.0 - - [22/May/2023:10:24:29 +0800] "GET /xingrg/all/function/internal_message.html?_=1684722269155&CODE_STATE=getMsg HTTP/1.1" 200 27
116.224.158.100 - - [22/May/2023:10:24:34 +0800] "GET /xingrg/all/function/internal_message.html?_=1684722107547&CODE_STATE=getMsg HTTP/1.1" 200 27
124.78.156.121 - - [22/May/2023:10:24:35 +0800] "GET /xingrg/all/function/internal_message.html?_=1684722270609&CODE_STATE=getMsg HTTP/1.1" 200 27
116.238.139.35 - - [22/May/2023:10:24:37 +0800] "GET /xingrg/all/function/internal_message.html?_=1684722275758&CODE_STATE=getMsg HTTP/1.1" 200 27
58.39.41.124 - - [22/May/2023:10:24:49 +0800] "GET /xingrg/all/function/internal_message.html?_=1684722292006&CODE_STATE=getMsg HTTP/1.1" 200 27
58.39.41.124 - - [22/May/2023:10:24:49 +0800] "GET /xingrg/check_reg.html?_=1684722292009 HTTP/1.1" 200 22
222.70.168.127 - - [22/May/2023:10:24:50 +0800] "GET /xingrg/all/function/internal_message.html?_=1684722291833&CODE_STATE=getMsg HTTP/1.1" 200 27
222.70.168.127 - - [22/May/2023:10:24:53 +0800] "GET /xingrg/kc/buy/cgsh_order_operate.html?command=get_materiel&rest_code=00146&code=00101009050&supplier_code=00100023&order_time=2023-05-22 HTTP/1.1" 200 408
180.164.3.199 - - [22/May/2023:10:24:53 +0800] "GET /xingrg/all/function/internal_message.html?_=1684722293056&CODE_STATE=getMsg HTTP/1.1" 200 27
58.39.41.124 - - [22/May/2023:10:24:55 +0800] "GET /xingrg/all/function/internal_message.html?_=1684722297582&CODE_STATE=getMsg HTTP/1.1" 200 27
116.238.139.35 - - [22/May/2023:10:24:55 +0800] "GET /xingrg/all/function/internal_message.html?_=1684722213274&CODE_STATE=getMsg HTTP/1.1" 200 27
222.70.110.223 - - [22/May/2023:10:24:57 +0800] "POST /xingrg/services/DataTransmitService HTTP/1.1" 200 524
222.70.110.223 - - [22/May/2023:10:24:58 +0800] "POST /xingrg/services/DataTransmitService HTTP/1.1" 200 2051
222.70.110.223 - - [22/May/2023:10:25:00 +0800] "POST /xingrg/services/DataTransmitService HTTP/1.1" 200 104312
116.232.195.127 - - [22/May/2023:10:25:01 +0800] "GET /xingrg/all/function/internal_message.html?_=1684722300813&CODE_STATE=getMsg HTTP/1.1" 200 27
180.157.254.191 - - [22/May/2023:10:25:02 +0800] "GET /xingrg/all/function/internal_message.html?_=1684722302225&CODE_STATE=getMsg HTTP/1.1" 200 27
120.253.135.82 - - [22/May/2023:10:25:02 +0800] "GET /xingrg/check_reg.html?_=1684722138597 HTTP/1.1" 200 22
120.253.135.82 - - [22/May/2023:10:25:02 +0800] "GET /xingrg/all/function/internal_message.html?_=1684722138799&CODE_STATE=getMsg HTTP/1.1" 200 27
116.232.195.127 - - [22/May/2023:10:25:03 +0800] "GET /xingrg/all/function/internal_message.html?_=1684722345735&CODE_STATE=getMsg HTTP/1.1" 200 27
124.78.156.121 - - [22/May/2023:10:25:12 +0800] "GET /xingrg/check_reg.html?_=1684722307239 HTTP/1.1" 200 22
58.39.41.124 - - [22/May/2023:10:25:13 +0800] "GET /xingrg/all/function/internal_message.html?_=1684722314110&CODE_STATE=getMsg HTTP/1.1" 200 27
116.238.139.35 - - [22/May/2023:10:25:14 +0800] "GET /xingrg/all/function/internal_message.html?_=1684722231485&CODE_STATE=getMsg HTTP/1.1" 200 27
222.70.168.127 - - [22/May/2023:10:25:19 +0800] "GET /xingrg/kc/buy/cgsh_order_operate.html?command=get_materiel&rest_code=00146&code=00101009062&supplier_code=00100023&order_time=2023-05-22 HTTP/1.1" 200 412
222.67.238.82 - - [22/May/2023:10:25:22 +0800] "GET /xingrg/all/function/internal_message.html?_=1684721835638&CODE_STATE=getMsg HTTP/1.1" 200 27
114.83.218.112 - - [22/May/2023:10:25:24 +0800] "GET /xingrg/all/function/internal_message.html?_=1684722322878&CODE_STATE=getMsg HTTP/1.1" 200 27
101.229.22.40 - - [22/May/2023:10:25:29 +0800] "GET /favicon.ico HTTP/1.1" 404 -
180.171.122.0 - - [22/May/2023:10:25:29 +0800] "GET /xingrg/all/function/internal_message.html?_=1684722329156&CODE_STATE=getMsg HTTP/1.1" 200 27
101.229.22.40 - - [22/May/2023:10:25:29 +0800] "GET /xingrg/login.html HTTP/1.1" 200 7641
101.229.22.40 - - [22/May/2023:10:25:29 +0800] "GET /xingrg/images/blue/jxLogo.png HTTP/1.1" 304 -
101.229.22.40 - - [22/May/2023:10:25:30 +0800] "GET /xingrg/images/blue/login_bg.png HTTP/1.1" 304 -
101.229.22.40 - - [22/May/2023:10:25:30 +0800] "GET /xingrg/images/blue/hj.png HTTP/1.1" 304 -
101.229.22.40 - - [22/May/2023:10:25:30 +0800] "GET /xingrg/images/blue/srbg.png HTTP/1.1" 304 -
101.229.22.40 - - [22/May/2023:10:25:30 +0800] "GET /favicon.ico HTTP/1.1" 404 -
222.70.110.223 - - [22/May/2023:10:25:33 +0800] "POST /xingrg/services/DataTransmitService HTTP/1.1" 200 524
222.70.110.223 - - [22/May/2023:10:25:33 +0800] "POST /xingrg/services/DataTransmitService HTTP/1.1" 200 2051
116.224.158.100 - - [22/May/2023:10:25:34 +0800] "GET /xingrg/all/function/internal_message.html?_=1684722167552&CODE_STATE=getMsg HTTP/1.1" 200 27
222.70.110.223 - - [22/May/2023:10:25:34 +0800] "POST /xingrg/services/DataTransmitService HTTP/1.1" 200 524
222.70.168.127 - - [22/May/2023:10:25:35 +0800] "GET /xingrg/kc/buy/cgsh_order_operate.html?command=get_materiel&rest_code=00146&code=00101009011&supplier_code=00100023&order_time=2023-05-22 HTTP/1.1" 200 416
222.70.110.223 - - [22/May/2023:10:25:35 +0800] "POST /xingrg/services/DataTransmitService HTTP/1.1" 200 2051
124.78.156.121 - - [22/May/2023:10:25:35 +0800] "GET /xingrg/all/function/internal_message.html?_=1684722330594&CODE_STATE=getMsg HTTP/1.1" 200 27
116.238.139.35 - - [22/May/2023:10:25:37 +0800] "GET /xingrg/all/function/internal_message.html?_=1684722335733&CODE_STATE=getMsg HTTP/1.1" 200 27
222.70.110.223 - - [22/May/2023:10:25:38 +0800] "POST /xingrg/services/DataTransmitService HTTP/1.1" 200 524
222.70.110.223 - - [22/May/2023:10:25:39 +0800] "POST /xingrg/services/DataTransmitService HTTP/1.1" 200 2051
58.39.41.124 - - [22/May/2023:10:25:49 +0800] "GET /xingrg/all/function/internal_message.html?_=1684722352020&CODE_STATE=getMsg HTTP/1.1" 200 27
222.70.168.127 - - [22/May/2023:10:25:50 +0800] "GET /xingrg/all/function/internal_message.html?_=1684722351847&CODE_STATE=getMsg HTTP/1.1" 200 27
180.164.3.199 - - [22/May/2023:10:25:53 +0800] "GET /xingrg/all/function/internal_message.html?_=1684722353039&CODE_STATE=getMsg HTTP/1.1" 200 27
58.39.41.124 - - [22/May/2023:10:25:55 +0800] "POST /xingrg/services/DataTransmitService HTTP/1.1" 401 565
58.39.41.124 - - [22/May/2023:10:25:55 +0800] "POST /xingrg/services/DataTransmitService HTTP/1.1" 200 478
58.39.41.124 - - [22/May/2023:10:25:55 +0800] "POST /xingrg/services/DataTransmitService HTTP/1.1" 200 1319
58.39.41.124 - - [22/May/2023:10:25:55 +0800] "POST /xingrg/services/DataTransmitService HTTP/1.1" 200 478
58.39.41.124 - - [22/May/2023:10:25:55 +0800] "POST /xingrg/services/DataTransmitService HTTP/1.1" 200 1319
58.39.41.124 - - [22/May/2023:10:25:55 +0800] "POST /xingrg/services/DataTransmitService HTTP/1.1" 200 524
116.238.139.35 - - [22/May/2023:10:25:55 +0800] "GET /xingrg/all/function/internal_message.html?_=1684722273278&CODE_STATE=getMsg HTTP/1.1" 200 27
58.39.41.124 - - [22/May/2023:10:25:56 +0800] "POST /xingrg/services/DataTransmitService HTTP/1.1" 200 2399
58.39.41.124 - - [22/May/2023:10:25:58 +0800] "POST /xingrg/services/DataTransmitService HTTP/1.1" 200 175855
116.232.195.127 - - [22/May/2023:10:26:01 +0800] "GET /xingrg/all/function/internal_message.html?_=1684722360814&CODE_STATE=getMsg HTTP/1.1" 200 27
116.232.195.127 - - [22/May/2023:10:26:01 +0800] "GET /xingrg/check_reg.html?_=1684722361030 HTTP/1.1" 200 22
222.70.168.127 - - [22/May/2023:10:26:01 +0800] "GET /xingrg/kc/buy/cgsh_order_operate.html?command=get_materiel&rest_code=00146&code=00101009059&supplier_code=00100023&order_time=2023-05-22 HTTP/1.1" 200 409
180.157.254.191 - - [22/May/2023:10:26:02 +0800] "GET /xingrg/all/function/internal_message.html?_=1684722362235&CODE_STATE=getMsg HTTP/1.1" 200 27
120.253.135.82 - - [22/May/2023:10:26:02 +0800] "GET /xingrg/all/function/internal_message.html?_=1684722198814&CODE_STATE=getMsg HTTP/1.1" 200 27
116.232.195.127 - - [22/May/2023:10:26:03 +0800] "GET /xingrg/all/function/internal_message.html?_=1684722405727&CODE_STATE=getMsg HTTP/1.1" 200 27
180.164.3.199 - - [22/May/2023:10:26:05 +0800] "GET /xingrg/check_reg.html?_=1684722364291 HTTP/1.1" 200 22
180.169.147.146 - - [22/May/2023:10:26:10 +0800] "GET /xingrg/check_reg.html?_=1684722371885 HTTP/1.1" 200 22
180.157.254.191 - - [22/May/2023:10:26:13 +0800] "GET /xingrg/kc/base/check_order_list.html?isBack=1 HTTP/1.1" 200 16223
58.39.41.124 - - [22/May/2023:10:26:13 +0800] "GET /xingrg/all/function/internal_message.html?_=1684722374107&CODE_STATE=getMsg HTTP/1.1" 200 27
116.238.139.35 - - [22/May/2023:10:26:14 +0800] "GET /xingrg/all/function/internal_message.html?_=1684722291499&CODE_STATE=getMsg HTTP/1.1" 200 27
222.67.238.82 - - [22/May/2023:10:26:22 +0800] "GET /xingrg/all/function/internal_message.html?_=1684721895641&CODE_STATE=getMsg HTTP/1.1" 200 27
114.83.218.112 - - [22/May/2023:10:26:24 +0800] "GET /xingrg/all/function/internal_message.html?_=1684722382879&CODE_STATE=getMsg HTTP/1.1" 200 27
180.171.122.0 - - [22/May/2023:10:26:29 +0800] "GET /xingrg/all/function/internal_message.html?_=1684722389165&CODE_STATE=getMsg HTTP/1.1" 200 27
180.171.122.0 - - [22/May/2023:10:26:29 +0800] "GET /xingrg/check_reg.html?_=1684722389168 HTTP/1.1" 200 22
222.70.168.127 - - [22/May/2023:10:26:33 +0800] "GET /xingrg/kc/buy/cgsh_order_operate.html?command=get_materiel&rest_code=00146&code=00101009118&supplier_code=00100023&order_time=2023-05-22 HTTP/1.1" 200 406
116.224.158.100 - - [22/May/2023:10:26:34 +0800] "GET /xingrg/all/function/internal_message.html?_=1684722227562&CODE_STATE=getMsg HTTP/1.1" 200 27
124.78.156.121 - - [22/May/2023:10:26:35 +0800] "GET /xingrg/all/function/internal_message.html?_=1684722390581&CODE_STATE=getMsg HTTP/1.1" 200 27
116.238.139.35 - - [22/May/2023:10:26:37 +0800] "GET /xingrg/all/function/internal_message.html?_=1684722395722&CODE_STATE=getMsg HTTP/1.1" 200 27
116.238.139.35 - - [22/May/2023:10:26:38 +0800] "GET /xingrg/check_reg.html?_=1684722396603 HTTP/1.1" 200 22
58.39.41.124 - - [22/May/2023:10:26:49 +0800] "GET /xingrg/all/function/internal_message.html?_=1684722412037&CODE_STATE=getMsg HTTP/1.1" 200 27
222.70.168.127 - - [22/May/2023:10:26:50 +0800] "GET /xingrg/all/function/internal_message.html?_=1684722411861&CODE_STATE=getMsg HTTP/1.1" 200 27
58.39.41.124 - - [22/May/2023:10:26:50 +0800] "POST /xingrg/services/DataTransmitService HTTP/1.1" 200 45454
58.39.41.124 - - [22/May/2023:10:26:50 +0800] "POST /xingrg/services/DataTransmitService HTTP/1.1" 200 19237
180.164.3.199 - - [22/May/2023:10:26:53 +0800] "GET /xingrg/all/function/internal_message.html?_=1684722413022&CODE_STATE=getMsg HTTP/1.1" 200 27
116.238.139.35 - - [22/May/2023:10:26:55 +0800] "GET /xingrg/check_reg.html?_=1684722333148 HTTP/1.1" 200 22
116.238.139.35 - - [22/May/2023:10:26:55 +0800] "GET /xingrg/all/function/internal_message.html?_=1684722333292&CODE_STATE=getMsg HTTP/1.1" 200 27
172.20.0.100 - - [22/May/2023:10:26:59 +0800] "GET /xingrg/check_reg.html?_=1684722420386 HTTP/1.1" 302 -
116.232.195.127 - - [22/May/2023:10:27:01 +0800] "GET /xingrg/all/function/internal_message.html?_=1684722420801&CODE_STATE=getMsg HTTP/1.1" 200 27
180.157.254.191 - - [22/May/2023:10:27:02 +0800] "GET /xingrg/all/function/internal_message.html?_=1684722422235&CODE_STATE=getMsg HTTP/1.1" 200 27
120.253.135.82 - - [22/May/2023:10:27:02 +0800] "GET /xingrg/all/function/internal_message.html?_=1684722258826&CODE_STATE=getMsg HTTP/1.1" 200 27
116.232.195.127 - - [22/May/2023:10:27:03 +0800] "GET /xingrg/check_reg.html?_=1684722465721 HTTP/1.1" 200 22
116.232.195.127 - - [22/May/2023:10:27:03 +0800] "GET /xingrg/all/function/internal_message.html?_=1684722465725&CODE_STATE=getMsg HTTP/1.1" 200 27
58.39.41.124 - - [22/May/2023:10:27:13 +0800] "GET /xingrg/all/function/internal_message.html?_=1684722434095&CODE_STATE=getMsg HTTP/1.1" 200 27
58.39.41.124 - - [22/May/2023:10:27:13 +0800] "GET /xingrg/check_reg.html?_=1684722434095 HTTP/1.1" 200 22
116.238.139.35 - - [22/May/2023:10:27:14 +0800] "GET /xingrg/all/function/internal_message.html?_=1684722351539&CODE_STATE=getMsg HTTP/1.1" 200 27
58.39.41.124 - - [22/May/2023:10:27:19 +0800] "POST /xingrg/services/DataTransmitService HTTP/1.1" 200 524
222.67.238.82 - - [22/May/2023:10:27:22 +0800] "GET /xingrg/all/function/internal_message.html?_=1684721955662&CODE_STATE=getMsg HTTP/1.1" 200 27
114.83.218.112 - - [22/May/2023:10:27:24 +0800] "GET /xingrg/all/function/internal_message.html?_=1684722442887&CODE_STATE=getMsg HTTP/1.1" 200 27
180.171.122.0 - - [22/May/2023:10:27:29 +0800] "GET /xingrg/all/function/internal_message.html?_=1684722449167&CODE_STATE=getMsg HTTP/1.1" 200 27
116.224.158.100 - - [22/May/2023:10:27:34 +0800] "GET /xingrg/all/function/internal_message.html?_=1684722287558&CODE_STATE=getMsg HTTP/1.1" 200 27
116.224.158.100 - - [22/May/2023:10:27:34 +0800] "GET /xingrg/check_reg.html?_=1684722287557 HTTP/1.1" 200 22
124.78.156.121 - - [22/May/2023:10:27:35 +0800] "GET /xingrg/all/function/internal_message.html?_=1684722450570&CODE_STATE=getMsg HTTP/1.1" 200 27
116.238.139.35 - - [22/May/2023:10:27:37 +0800] "GET /xingrg/all/function/internal_message.html?_=1684722455701&CODE_STATE=getMsg HTTP/1.1" 200 27
58.39.41.124 - - [22/May/2023:10:27:44 +0800] "GET /xingrg/kc/base/wldb_order_operate.html?command=get_materiel&rest_code=00102&base_code=0010476&code=00101013265 HTTP/1.1" 200 435
58.39.41.124 - - [22/May/2023:10:27:49 +0800] "GET /xingrg/all/function/internal_message.html?_=1684722472033&CODE_STATE=getMsg HTTP/1.1" 200 27
58.39.41.124 - - [22/May/2023:10:27:50 +0800] "GET /xingrg/kc/base/wldb_order_operate.html?command=get_materiel&rest_code=00102&base_code=0010476&code=00101013263 HTTP/1.1" 200 433
222.70.168.127 - - [22/May/2023:10:27:50 +0800] "GET /xingrg/all/function/internal_message.html?_=1684722472134&CODE_STATE=getMsg HTTP/1.1" 200 27
180.164.3.199 - - [22/May/2023:10:27:53 +0800] "GET /xingrg/all/function/internal_message.html?_=1684722473007&CODE_STATE=getMsg HTTP/1.1" 200 27
116.238.139.35 - - [22/May/2023:10:27:55 +0800] "GET /xingrg/all/function/internal_message.html?_=1684722393314&CODE_STATE=getMsg HTTP/1.1" 200 27
58.39.41.124 - - [22/May/2023:10:27:57 +0800] "GET /xingrg/kc/base/wldb_order_operate.html?command=get_materiel&rest_code=00102&base_code=0010476&code=00101013264 HTTP/1.1" 200 435
116.232.195.127 - - [22/May/2023:10:28:01 +0800] "GET /xingrg/all/function/internal_message.html?_=1684722480805&CODE_STATE=getMsg HTTP/1.1" 200 27
180.157.254.191 - - [22/May/2023:10:28:02 +0800] "GET /xingrg/all/function/internal_message.html?_=1684722482257&CODE_STATE=getMsg HTTP/1.1" 200 27
120.253.135.82 - - [22/May/2023:10:28:02 +0800] "GET /xingrg/all/function/internal_message.html?_=1684722318862&CODE_STATE=getMsg HTTP/1.1" 200 27
116.232.195.127 - - [22/May/2023:10:28:03 +0800] "GET /xingrg/all/function/internal_message.html?_=1684722525717&CODE_STATE=getMsg HTTP/1.1" 200 27
222.70.168.127 - - [22/May/2023:10:28:09 +0800] "GET /xingrg/check_reg.html?_=1684722491345 HTTP/1.1" 200 22
58.39.41.124 - - [22/May/2023:10:28:13 +0800] "GET /xingrg/all/function/internal_message.html?_=1684722494101&CODE_STATE=getMsg HTTP/1.1" 200 27
116.238.139.35 - - [22/May/2023:10:28:14 +0800] "GET /xingrg/all/function/internal_message.html?_=1684722411542&CODE_STATE=getMsg HTTP/1.1" 200 27
222.67.238.82 - - [22/May/2023:10:28:22 +0800] "GET /xingrg/check_reg.html?_=1684722015650 HTTP/1.1" 200 22
222.67.238.82 - - [22/May/2023:10:28:22 +0800] "GET /xingrg/all/function/internal_message.html?_=1684722015652&CODE_STATE=getMsg HTTP/1.1" 200 27
114.83.218.112 - - [22/May/2023:10:28:24 +0800] "GET /xingrg/check_reg.html?_=1684722502882 HTTP/1.1" 200 22
114.83.218.112 - - [22/May/2023:10:28:24 +0800] "GET /xingrg/all/function/internal_message.html?_=1684722502887&CODE_STATE=getMsg HTTP/1.1" 200 27
124.79.240.114 - - [22/May/2023:10:28:27 +0800] "GET /favicon.ico HTTP/1.1" 404 -
180.171.122.0 - - [22/May/2023:10:28:29 +0800] "GET /xingrg/all/function/internal_message.html?_=1684722509152&CODE_STATE=getMsg HTTP/1.1" 200 27
58.39.41.124 - - [22/May/2023:10:28:32 +0800] "POST /xingrg/services/DataTransmitService HTTP/1.1" 401 565
58.39.41.124 - - [22/May/2023:10:28:32 +0800] "POST /xingrg/services/DataTransmitService HTTP/1.1" 200 478
58.39.41.124 - - [22/May/2023:10:28:32 +0800] "POST /xingrg/services/DataTransmitService HTTP/1.1" 200 1319
58.39.41.124 - - [22/May/2023:10:28:32 +0800] "POST /xingrg/services/DataTransmitService HTTP/1.1" 200 478
58.39.41.124 - - [22/May/2023:10:28:33 +0800] "POST /xingrg/services/DataTransmitService HTTP/1.1" 200 1319
