180.157.254.191 - - [22/May/2023:10:11:38 +0800] "POST /xingrg/dwr/call/plaincall/AjaxComOrderService.getMaterielByCode.dwr HTTP/1.1" 200 2656
120.253.135.82 - - [22/May/2023:10:11:38 +0800] "POST /xingrg/all/common/load_select.html HTTP/1.1" 200 25
116.238.139.35 - - [22/May/2023:10:11:38 +0800] "GET /xingrg/check_reg.html?_=1684721496665 HTTP/1.1" 200 22
120.253.135.82 - - [22/May/2023:10:11:43 +0800] "GET /xingrg/kc/buy/cgsh_order_operate.html?command=get_materiel_price&rest_code=00101&code=00101025014&unit_code=00100189&supplier_code=00100410&order_time=2023-05-22 HTTP/1.1" 200 30
180.157.254.191 - - [22/May/2023:10:11:47 +0800] "POST /xingrg/dwr/call/plaincall/AjaxComOrderService.getMaterielSearchList.dwr HTTP/1.1" 200 78
222.70.168.127 - - [22/May/2023:10:11:47 +0800] "GET /xingrg/kc/buy/cgsh_order_operate.html?command=get_materiel&rest_code=00146&code=00101008563&supplier_code=00100005&order_time=2023-05-22 HTTP/1.1" 200 413
180.157.254.191 - - [22/May/2023:10:11:48 +0800] "POST /xingrg/dwr/call/plaincall/AjaxComOrderService.getMaterielSearchList.dwr HTTP/1.1" 200 78
222.70.168.127 - - [22/May/2023:10:11:49 +0800] "GET /xingrg/all/function/internal_message.html?_=1684721510705&CODE_STATE=getMsg HTTP/1.1" 200 27
58.39.41.124 - - [22/May/2023:10:11:49 +0800] "GET /xingrg/all/function/internal_message.html?_=1684721512003&CODE_STATE=getMsg HTTP/1.1" 200 27
180.157.254.191 - - [22/May/2023:10:11:50 +0800] "POST /xingrg/dwr/call/plaincall/AjaxComOrderService.getMaterielSearchList.dwr HTTP/1.1" 200 2461
180.164.3.199 - - [22/May/2023:10:11:54 +0800] "GET /xingrg/all/function/internal_message.html?_=1684721513273&CODE_STATE=getMsg HTTP/1.1" 200 27
58.39.41.124 - - [22/May/2023:10:11:55 +0800] "GET /xingrg/all/function/internal_message.html?_=1684721517562&CODE_STATE=getMsg HTTP/1.1" 200 27
172.20.0.100 - - [22/May/2023:10:11:59 +0800] "GET /xingrg/check_reg.html?_=1684721520441 HTTP/1.1" 302 -
116.232.195.127 - - [22/May/2023:10:12:01 +0800] "GET /xingrg/all/function/internal_message.html?_=1684721520908&CODE_STATE=getMsg HTTP/1.1" 200 27
180.157.254.191 - - [22/May/2023:10:12:02 +0800] "GET /xingrg/all/function/internal_message.html?_=1684721522223&CODE_STATE=getMsg HTTP/1.1" 200 27
120.253.135.82 - - [22/May/2023:10:12:02 +0800] "GET /xingrg/all/function/internal_message.html?_=1684721358591&CODE_STATE=getMsg HTTP/1.1" 200 27
180.164.3.199 - - [22/May/2023:10:12:02 +0800] "POST /xingrg/dwr/call/plaincall/AjaxCheckService.setItemNumber.dwr HTTP/1.1" 200 76
116.232.195.127 - - [22/May/2023:10:12:03 +0800] "GET /xingrg/all/function/internal_message.html?_=1684721565721&CODE_STATE=getMsg HTTP/1.1" 200 27
116.232.195.127 - - [22/May/2023:10:12:03 +0800] "GET /xingrg/check_reg.html?_=1684721565728 HTTP/1.1" 200 22
120.253.135.82 - - [22/May/2023:10:12:04 +0800] "POST /xingrg/kc/buy/cgsh_order_operate.html HTTP/1.1" 200 37
180.164.3.199 - - [22/May/2023:10:12:04 +0800] "POST /xingrg/dwr/call/plaincall/AjaxCheckService.setItemNumber.dwr HTTP/1.1" 200 76
180.164.3.199 - - [22/May/2023:10:12:06 +0800] "POST /xingrg/dwr/call/plaincall/AjaxCheckService.setItemNumber.dwr HTTP/1.1" 200 76
120.253.135.82 - - [22/May/2023:10:12:07 +0800] "POST /xingrg/kc/buy/cgsh_order_operate.html HTTP/1.1" 200 2688
180.164.3.199 - - [22/May/2023:10:12:08 +0800] "POST /xingrg/dwr/call/plaincall/AjaxCheckService.setItemNumber.dwr HTTP/1.1" 200 76
124.79.240.114 - - [22/May/2023:10:12:09 +0800] "GET /xingrg/all/function/internal_message.html?_=1684721808403&CODE_STATE=getMsg HTTP/1.1" 200 27
120.253.135.82 - - [22/May/2023:10:12:10 +0800] "GET /xingrg/kc/print/load_config.html?kc_code=cgsh HTTP/1.1" 200 1924
180.164.3.199 - - [22/May/2023:10:12:11 +0800] "POST /xingrg/dwr/call/plaincall/AjaxCheckService.setItemNumber.dwr HTTP/1.1" 200 76
120.253.135.82 - - [22/May/2023:10:12:11 +0800] "GET /xingrg/kc/print/load_data.html?order_code=212023052208226&kc_code=cgsh&condition= HTTP/1.1" 200 708
180.164.3.199 - - [22/May/2023:10:12:12 +0800] "POST /xingrg/dwr/call/plaincall/AjaxCheckService.setItemNumber.dwr HTTP/1.1" 200 76
180.164.3.199 - - [22/May/2023:10:12:12 +0800] "POST /xingrg/dwr/call/plaincall/AjaxCheckService.setItemNumber.dwr HTTP/1.1" 200 77
180.164.3.199 - - [22/May/2023:10:12:12 +0800] "POST /xingrg/dwr/call/plaincall/AjaxCheckService.setItemNumber.dwr HTTP/1.1" 200 77
180.164.3.199 - - [22/May/2023:10:12:13 +0800] "POST /xingrg/dwr/call/plaincall/AjaxCheckService.setItemNumber.dwr HTTP/1.1" 200 77
116.238.139.35 - - [22/May/2023:10:12:13 +0800] "GET /xingrg/all/function/internal_message.html?_=1684721451265&CODE_STATE=getMsg HTTP/1.1" 200 27
58.39.41.124 - - [22/May/2023:10:12:13 +0800] "GET /xingrg/check_reg.html?_=1684721534106 HTTP/1.1" 200 22
58.39.41.124 - - [22/May/2023:10:12:13 +0800] "GET /xingrg/all/function/internal_message.html?_=1684721534107&CODE_STATE=getMsg HTTP/1.1" 200 27
180.164.3.199 - - [22/May/2023:10:12:15 +0800] "POST /xingrg/dwr/call/plaincall/AjaxCheckService.setItemNumber.dwr HTTP/1.1" 200 77
180.164.3.199 - - [22/May/2023:10:12:15 +0800] "POST /xingrg/dwr/call/plaincall/AjaxCheckService.setItemNumber.dwr HTTP/1.1" 200 77
180.164.3.199 - - [22/May/2023:10:12:16 +0800] "POST /xingrg/dwr/call/plaincall/AjaxCheckService.setItemNumber.dwr HTTP/1.1" 200 77
180.164.3.199 - - [22/May/2023:10:12:16 +0800] "POST /xingrg/dwr/call/plaincall/AjaxCheckService.setItemNumber.dwr HTTP/1.1" 200 77
180.164.3.199 - - [22/May/2023:10:12:17 +0800] "POST /xingrg/dwr/call/plaincall/AjaxCheckService.setItemNumber.dwr HTTP/1.1" 200 77
222.67.238.82 - - [22/May/2023:10:12:19 +0800] "GET /xingrg/kc/base/base_main.html HTTP/1.1" 200 12142
180.164.3.199 - - [22/May/2023:10:12:19 +0800] "POST /xingrg/dwr/call/plaincall/AjaxCheckService.setItemNumber.dwr HTTP/1.1" 200 77
180.164.3.199 - - [22/May/2023:10:12:20 +0800] "POST /xingrg/dwr/call/plaincall/AjaxCheckService.setItemNumber.dwr HTTP/1.1" 200 77
222.67.238.82 - - [22/May/2023:10:12:20 +0800] "GET /xingrg/kc/base/check_order_list.html HTTP/1.1" 200 16223
180.164.3.199 - - [22/May/2023:10:12:20 +0800] "POST /xingrg/dwr/call/plaincall/AjaxCheckService.setItemNumber.dwr HTTP/1.1" 200 77
222.67.238.82 - - [22/May/2023:10:12:21 +0800] "POST /xingrg/kc/base/check_list_operate.html HTTP/1.1" 200 2868
180.164.3.199 - - [22/May/2023:10:12:21 +0800] "POST /xingrg/dwr/call/plaincall/AjaxCheckService.setItemNumber.dwr HTTP/1.1" 200 77
222.67.238.82 - - [22/May/2023:10:12:22 +0800] "GET /xingrg/all/function/internal_message.html?_=1684721055620&CODE_STATE=getMsg HTTP/1.1" 200 27
114.83.218.112 - - [22/May/2023:10:12:24 +0800] "GET /xingrg/all/function/internal_message.html?_=1684721542809&CODE_STATE=getMsg HTTP/1.1" 200 27
180.164.3.199 - - [22/May/2023:10:12:24 +0800] "POST /xingrg/dwr/call/plaincall/AjaxCheckService.setItemNumber.dwr HTTP/1.1" 200 77
180.164.3.199 - - [22/May/2023:10:12:25 +0800] "POST /xingrg/dwr/call/plaincall/AjaxCheckService.setItemNumber.dwr HTTP/1.1" 200 77
180.164.3.199 - - [22/May/2023:10:12:26 +0800] "POST /xingrg/dwr/call/plaincall/AjaxCheckService.setItemNumber.dwr HTTP/1.1" 200 77
180.164.3.199 - - [22/May/2023:10:12:27 +0800] "POST /xingrg/dwr/call/plaincall/AjaxCheckService.setItemNumber.dwr HTTP/1.1" 200 77
180.164.3.199 - - [22/May/2023:10:12:29 +0800] "POST /xingrg/dwr/call/plaincall/AjaxCheckService.setItemNumber.dwr HTTP/1.1" 200 77
180.171.122.0 - - [22/May/2023:10:12:29 +0800] "GET /xingrg/all/function/internal_message.html?_=1684721549139&CODE_STATE=getMsg HTTP/1.1" 200 27
180.164.3.199 - - [22/May/2023:10:12:29 +0800] "POST /xingrg/dwr/call/plaincall/AjaxCheckService.setItemNumber.dwr HTTP/1.1" 200 77
180.164.3.199 - - [22/May/2023:10:12:30 +0800] "POST /xingrg/dwr/call/plaincall/AjaxCheckService.setItemNumber.dwr HTTP/1.1" 200 77
180.164.3.199 - - [22/May/2023:10:12:30 +0800] "POST /xingrg/dwr/call/plaincall/AjaxCheckService.setItemNumber.dwr HTTP/1.1" 200 77
222.70.168.127 - - [22/May/2023:10:12:32 +0800] "POST /xingrg/kc/buy/cgsh_order_operate.html HTTP/1.1" 200 2065
116.224.158.100 - - [22/May/2023:10:12:34 +0800] "GET /xingrg/all/function/internal_message.html?_=1684721387529&CODE_STATE=getMsg HTTP/1.1" 200 27
116.224.158.100 - - [22/May/2023:10:12:34 +0800] "GET /xingrg/check_reg.html?_=1684721387532 HTTP/1.1" 200 22
180.164.3.199 - - [22/May/2023:10:12:35 +0800] "POST /xingrg/dwr/call/plaincall/AjaxCheckService.setItemNumber.dwr HTTP/1.1" 200 77
222.67.238.82 - - [22/May/2023:10:12:35 +0800] "GET /xingrg/kc/base/check_order_info.html?code=452023052100197 HTTP/1.1" 200 26471
222.67.238.82 - - [22/May/2023:10:12:35 +0800] "GET /xingrg/dwr/interface/AjaxCheckService.js HTTP/1.1" 200 14003
222.67.238.82 - - [22/May/2023:10:12:35 +0800] "GET /xingrg/dwr/interface/AjaxComOrderService.js HTTP/1.1" 200 18264
222.67.238.82 - - [22/May/2023:10:12:35 +0800] "GET /xingrg/dwr/engine.js HTTP/1.1" 200 43631
124.78.156.121 - - [22/May/2023:10:12:36 +0800] "GET /xingrg/all/function/internal_message.html?_=1684721550819&CODE_STATE=getMsg HTTP/1.1" 200 27
180.164.3.199 - - [22/May/2023:10:12:36 +0800] "POST /xingrg/dwr/call/plaincall/AjaxCheckService.setItemNumber.dwr HTTP/1.1" 200 77
222.67.238.82 - - [22/May/2023:10:12:37 +0800] "POST /xingrg/dwr/call/plaincall/AjaxCheckService.loadOrderItems.dwr HTTP/1.1" 200 49715
180.164.3.199 - - [22/May/2023:10:12:37 +0800] "POST /xingrg/dwr/call/plaincall/AjaxCheckService.setItemNumber.dwr HTTP/1.1" 200 77
116.238.139.35 - - [22/May/2023:10:12:37 +0800] "GET /xingrg/all/function/internal_message.html?_=1684721556012&CODE_STATE=getMsg HTTP/1.1" 200 27
180.164.3.199 - - [22/May/2023:10:12:38 +0800] "POST /xingrg/dwr/call/plaincall/AjaxCheckService.setItemNumber.dwr HTTP/1.1" 200 77
180.164.3.199 - - [22/May/2023:10:12:38 +0800] "POST /xingrg/dwr/call/plaincall/AjaxCheckService.setItemNumber.dwr HTTP/1.1" 200 77
180.164.3.199 - - [22/May/2023:10:12:39 +0800] "POST /xingrg/dwr/call/plaincall/AjaxCheckService.setItemNumber.dwr HTTP/1.1" 200 77
180.164.3.199 - - [22/May/2023:10:12:39 +0800] "POST /xingrg/dwr/call/plaincall/AjaxCheckService.setItemNumber.dwr HTTP/1.1" 200 77
180.164.3.199 - - [22/May/2023:10:12:40 +0800] "POST /xingrg/dwr/call/plaincall/AjaxCheckService.setItemNumber.dwr HTTP/1.1" 200 77
180.164.3.199 - - [22/May/2023:10:12:40 +0800] "POST /xingrg/dwr/call/plaincall/AjaxCheckService.setItemNumber.dwr HTTP/1.1" 200 77
180.164.3.199 - - [22/May/2023:10:12:41 +0800] "POST /xingrg/dwr/call/plaincall/AjaxCheckService.setItemNumber.dwr HTTP/1.1" 200 77
180.164.3.199 - - [22/May/2023:10:12:42 +0800] "POST /xingrg/dwr/call/plaincall/AjaxCheckService.setItemNumber.dwr HTTP/1.1" 200 77
180.164.3.199 - - [22/May/2023:10:12:42 +0800] "POST /xingrg/dwr/call/plaincall/AjaxCheckService.setItemNumber.dwr HTTP/1.1" 200 77
180.164.3.199 - - [22/May/2023:10:12:42 +0800] "POST /xingrg/dwr/call/plaincall/AjaxCheckService.setItemNumber.dwr HTTP/1.1" 200 77
180.164.3.199 - - [22/May/2023:10:12:45 +0800] "POST /xingrg/dwr/call/plaincall/AjaxCheckService.setItemNumber.dwr HTTP/1.1" 200 77
222.70.168.127 - - [22/May/2023:10:12:49 +0800] "GET /xingrg/all/function/internal_message.html?_=1684721570733&CODE_STATE=getMsg HTTP/1.1" 200 27
58.39.41.124 - - [22/May/2023:10:12:49 +0800] "GET /xingrg/all/function/internal_message.html?_=1684721572016&CODE_STATE=getMsg HTTP/1.1" 200 27
180.164.3.199 - - [22/May/2023:10:12:50 +0800] "POST /xingrg/dwr/call/plaincall/AjaxCheckService.setItemNumber.dwr HTTP/1.1" 200 77
180.164.3.199 - - [22/May/2023:10:12:50 +0800] "POST /xingrg/dwr/call/plaincall/AjaxCheckService.setItemNumber.dwr HTTP/1.1" 200 77
180.164.3.199 - - [22/May/2023:10:12:51 +0800] "POST /xingrg/dwr/call/plaincall/AjaxCheckService.setItemNumber.dwr HTTP/1.1" 200 77
180.164.3.199 - - [22/May/2023:10:12:51 +0800] "POST /xingrg/dwr/call/plaincall/AjaxCheckService.setItemNumber.dwr HTTP/1.1" 200 77
180.164.3.199 - - [22/May/2023:10:12:52 +0800] "POST /xingrg/dwr/call/plaincall/AjaxCheckService.setItemNumber.dwr HTTP/1.1" 200 77
180.164.3.199 - - [22/May/2023:10:12:54 +0800] "GET /xingrg/all/function/internal_message.html?_=1684721573263&CODE_STATE=getMsg HTTP/1.1" 200 27
180.164.3.199 - - [22/May/2023:10:12:55 +0800] "POST /xingrg/dwr/call/plaincall/AjaxCheckService.setItemNumber.dwr HTTP/1.1" 200 77
58.39.41.124 - - [22/May/2023:10:12:55 +0800] "GET /xingrg/all/function/internal_message.html?_=1684721577563&CODE_STATE=getMsg HTTP/1.1" 200 27
180.164.3.199 - - [22/May/2023:10:12:57 +0800] "POST /xingrg/dwr/call/plaincall/AjaxCheckService.setItemNumber.dwr HTTP/1.1" 200 77
180.164.3.199 - - [22/May/2023:10:12:58 +0800] "POST /xingrg/dwr/call/plaincall/AjaxCheckService.setItemNumber.dwr HTTP/1.1" 200 77
180.164.3.199 - - [22/May/2023:10:12:58 +0800] "POST /xingrg/dwr/call/plaincall/AjaxCheckService.setItemNumber.dwr HTTP/1.1" 200 77
116.232.195.127 - - [22/May/2023:10:13:01 +0800] "GET /xingrg/all/function/internal_message.html?_=1684721580903&CODE_STATE=getMsg HTTP/1.1" 200 27
180.164.3.199 - - [22/May/2023:10:13:01 +0800] "POST /xingrg/dwr/call/plaincall/AjaxCheckService.setItemNumber.dwr HTTP/1.1" 200 77
180.157.254.191 - - [22/May/2023:10:13:02 +0800] "GET /xingrg/all/function/internal_message.html?_=1684721582198&CODE_STATE=getMsg HTTP/1.1" 200 27
180.164.3.199 - - [22/May/2023:10:13:02 +0800] "POST /xingrg/dwr/call/plaincall/AjaxCheckService.setItemNumber.dwr HTTP/1.1" 200 77
120.253.135.82 - - [22/May/2023:10:13:02 +0800] "GET /xingrg/all/function/internal_message.html?_=1684721418605&CODE_STATE=getMsg HTTP/1.1" 200 27
116.232.195.127 - - [22/May/2023:10:13:03 +0800] "GET /xingrg/all/function/internal_message.html?_=1684721625727&CODE_STATE=getMsg HTTP/1.1" 200 27
180.164.3.199 - - [22/May/2023:10:13:03 +0800] "POST /xingrg/dwr/call/plaincall/AjaxCheckService.setItemNumber.dwr HTTP/1.1" 200 77
180.164.3.199 - - [22/May/2023:10:13:03 +0800] "POST /xingrg/dwr/call/plaincall/AjaxCheckService.setItemNumber.dwr HTTP/1.1" 200 77
180.164.3.199 - - [22/May/2023:10:13:04 +0800] "POST /xingrg/dwr/call/plaincall/AjaxCheckService.setItemNumber.dwr HTTP/1.1" 200 77
180.164.3.199 - - [22/May/2023:10:13:05 +0800] "POST /xingrg/dwr/call/plaincall/AjaxCheckService.setItemNumber.dwr HTTP/1.1" 200 77
180.164.3.199 - - [22/May/2023:10:13:06 +0800] "POST /xingrg/dwr/call/plaincall/AjaxCheckService.setItemNumber.dwr HTTP/1.1" 200 77
180.164.3.199 - - [22/May/2023:10:13:06 +0800] "POST /xingrg/dwr/call/plaincall/AjaxCheckService.setItemNumber.dwr HTTP/1.1" 200 77
180.164.3.199 - - [22/May/2023:10:13:07 +0800] "POST /xingrg/dwr/call/plaincall/AjaxCheckService.setItemNumber.dwr HTTP/1.1" 200 77
180.164.3.199 - - [22/May/2023:10:13:07 +0800] "POST /xingrg/dwr/call/plaincall/AjaxCheckService.setItemNumber.dwr HTTP/1.1" 200 77
180.164.3.199 - - [22/May/2023:10:13:08 +0800] "POST /xingrg/dwr/call/plaincall/AjaxCheckService.setItemNumber.dwr HTTP/1.1" 200 77
180.164.3.199 - - [22/May/2023:10:13:08 +0800] "POST /xingrg/dwr/call/plaincall/AjaxCheckService.setItemNumber.dwr HTTP/1.1" 200 77
180.164.3.199 - - [22/May/2023:10:13:09 +0800] "POST /xingrg/dwr/call/plaincall/AjaxCheckService.setItemNumber.dwr HTTP/1.1" 200 77
124.79.240.114 - - [22/May/2023:10:13:09 +0800] "GET /xingrg/all/function/internal_message.html?_=1684721868376&CODE_STATE=getMsg HTTP/1.1" 200 27
222.70.168.127 - - [22/May/2023:10:13:09 +0800] "GET /xingrg/check_reg.html?_=1684721591327 HTTP/1.1" 200 22
180.164.3.199 - - [22/May/2023:10:13:10 +0800] "POST /xingrg/dwr/call/plaincall/AjaxCheckService.setItemNumber.dwr HTTP/1.1" 200 77
180.164.3.199 - - [22/May/2023:10:13:10 +0800] "POST /xingrg/dwr/call/plaincall/AjaxCheckService.setItemNumber.dwr HTTP/1.1" 200 77
180.164.3.199 - - [22/May/2023:10:13:11 +0800] "POST /xingrg/dwr/call/plaincall/AjaxCheckService.setItemNumber.dwr HTTP/1.1" 200 77
180.164.3.199 - - [22/May/2023:10:13:11 +0800] "POST /xingrg/dwr/call/plaincall/AjaxCheckService.setItemNumber.dwr HTTP/1.1" 200 77
180.164.3.199 - - [22/May/2023:10:13:12 +0800] "POST /xingrg/dwr/call/plaincall/AjaxCheckService.setItemNumber.dwr HTTP/1.1" 200 77
180.164.3.199 - - [22/May/2023:10:13:13 +0800] "POST /xingrg/dwr/call/plaincall/AjaxCheckService.setItemNumber.dwr HTTP/1.1" 200 77
116.238.139.35 - - [22/May/2023:10:13:13 +0800] "GET /xingrg/all/function/internal_message.html?_=1684721511275&CODE_STATE=getMsg HTTP/1.1" 200 27
58.39.41.124 - - [22/May/2023:10:13:13 +0800] "GET /xingrg/all/function/internal_message.html?_=1684721594104&CODE_STATE=getMsg HTTP/1.1" 200 27
58.39.41.124 - - [22/May/2023:10:13:20 +0800] "POST /xingrg/kc/base/check_list_operate.html HTTP/1.1" 200 2913
180.164.3.199 - - [22/May/2023:10:13:21 +0800] "POST /xingrg/dwr/call/plaincall/AjaxCheckService.setItemNumber.dwr HTTP/1.1" 200 77
58.39.41.124 - - [22/May/2023:10:13:21 +0800] "POST /xingrg/kc/base/check_list_operate.html HTTP/1.1" 200 2913
222.67.238.82 - - [22/May/2023:10:13:22 +0800] "GET /xingrg/check_reg.html?_=1684721115628 HTTP/1.1" 200 22
222.67.238.82 - - [22/May/2023:10:13:22 +0800] "GET /xingrg/all/function/internal_message.html?_=1684721115630&CODE_STATE=getMsg HTTP/1.1" 200 27
180.164.3.199 - - [22/May/2023:10:13:22 +0800] "POST /xingrg/dwr/call/plaincall/AjaxCheckService.setItemNumber.dwr HTTP/1.1" 200 77
180.164.3.199 - - [22/May/2023:10:13:23 +0800] "POST /xingrg/dwr/call/plaincall/AjaxCheckService.setItemNumber.dwr HTTP/1.1" 200 77
180.164.3.199 - - [22/May/2023:10:13:23 +0800] "POST /xingrg/dwr/call/plaincall/AjaxCheckService.setItemNumber.dwr HTTP/1.1" 200 77
180.164.3.199 - - [22/May/2023:10:13:24 +0800] "POST /xingrg/dwr/call/plaincall/AjaxCheckService.setItemNumber.dwr HTTP/1.1" 200 77
114.83.218.112 - - [22/May/2023:10:13:24 +0800] "GET /xingrg/all/function/internal_message.html?_=1684721602821&CODE_STATE=getMsg HTTP/1.1" 200 27
114.83.218.112 - - [22/May/2023:10:13:24 +0800] "GET /xingrg/check_reg.html?_=1684721602848 HTTP/1.1" 200 22
180.164.3.199 - - [22/May/2023:10:13:24 +0800] "POST /xingrg/dwr/call/plaincall/AjaxCheckService.setItemNumber.dwr HTTP/1.1" 200 77
180.164.3.199 - - [22/May/2023:10:13:24 +0800] "POST /xingrg/dwr/call/plaincall/AjaxCheckService.setItemNumber.dwr HTTP/1.1" 200 77
180.164.3.199 - - [22/May/2023:10:13:27 +0800] "POST /xingrg/dwr/call/plaincall/AjaxCheckService.setItemNumber.dwr HTTP/1.1" 200 77
180.164.3.199 - - [22/May/2023:10:13:27 +0800] "POST /xingrg/dwr/call/plaincall/AjaxCheckService.setItemNumber.dwr HTTP/1.1" 200 77
180.164.3.199 - - [22/May/2023:10:13:28 +0800] "POST /xingrg/dwr/call/plaincall/AjaxCheckService.setItemNumber.dwr HTTP/1.1" 200 77
180.164.3.199 - - [22/May/2023:10:13:29 +0800] "POST /xingrg/dwr/call/plaincall/AjaxCheckService.setItemNumber.dwr HTTP/1.1" 200 77
180.171.122.0 - - [22/May/2023:10:13:29 +0800] "GET /xingrg/all/function/internal_message.html?_=1684721609143&CODE_STATE=getMsg HTTP/1.1" 200 27
180.164.3.199 - - [22/May/2023:10:13:29 +0800] "POST /xingrg/dwr/call/plaincall/AjaxCheckService.setItemNumber.dwr HTTP/1.1" 200 77
180.164.3.199 - - [22/May/2023:10:13:30 +0800] "POST /xingrg/dwr/call/plaincall/AjaxCheckService.setItemNumber.dwr HTTP/1.1" 200 77
180.164.3.199 - - [22/May/2023:10:13:30 +0800] "POST /xingrg/dwr/call/plaincall/AjaxCheckService.setItemNumber.dwr HTTP/1.1" 200 77
180.164.3.199 - - [22/May/2023:10:13:31 +0800] "POST /xingrg/dwr/call/plaincall/AjaxCheckService.setItemNumber.dwr HTTP/1.1" 200 77
120.253.135.82 - - [22/May/2023:10:13:31 +0800] "POST /xingrg/kc/buy/cgsh_order_operate.html HTTP/1.1" 200 37
180.164.3.199 - - [22/May/2023:10:13:32 +0800] "POST /xingrg/dwr/call/plaincall/AjaxCheckService.setItemNumber.dwr HTTP/1.1" 200 77
180.164.3.199 - - [22/May/2023:10:13:32 +0800] "POST /xingrg/dwr/call/plaincall/AjaxCheckService.setItemNumber.dwr HTTP/1.1" 200 77
180.164.3.199 - - [22/May/2023:10:13:33 +0800] "POST /xingrg/dwr/call/plaincall/AjaxCheckService.setItemNumber.dwr HTTP/1.1" 200 77
116.224.158.100 - - [22/May/2023:10:13:34 +0800] "GET /xingrg/all/function/internal_message.html?_=1684721447546&CODE_STATE=getMsg HTTP/1.1" 200 27
124.78.156.121 - - [22/May/2023:10:13:36 +0800] "GET /xingrg/all/function/internal_message.html?_=1684721610807&CODE_STATE=getMsg HTTP/1.1" 200 27
180.164.3.199 - - [22/May/2023:10:13:36 +0800] "POST /xingrg/dwr/call/plaincall/AjaxCheckService.setItemNumber.dwr HTTP/1.1" 200 77
180.164.3.199 - - [22/May/2023:10:13:37 +0800] "POST /xingrg/dwr/call/plaincall/AjaxCheckService.setItemNumber.dwr HTTP/1.1" 200 77
180.164.3.199 - - [22/May/2023:10:13:37 +0800] "POST /xingrg/dwr/call/plaincall/AjaxCheckService.setItemNumber.dwr HTTP/1.1" 200 77
116.238.139.35 - - [22/May/2023:10:13:37 +0800] "GET /xingrg/all/function/internal_message.html?_=1684721615983&CODE_STATE=getMsg HTTP/1.1" 200 27
180.164.3.199 - - [22/May/2023:10:13:38 +0800] "POST /xingrg/dwr/call/plaincall/AjaxCheckService.setItemNumber.dwr HTTP/1.1" 200 77
180.164.3.199 - - [22/May/2023:10:13:38 +0800] "POST /xingrg/dwr/call/plaincall/AjaxCheckService.setItemNumber.dwr HTTP/1.1" 200 77
180.164.3.199 - - [22/May/2023:10:13:38 +0800] "POST /xingrg/dwr/call/plaincall/AjaxCheckService.setItemNumber.dwr HTTP/1.1" 200 77
180.164.3.199 - - [22/May/2023:10:13:40 +0800] "POST /xingrg/dwr/call/plaincall/AjaxCheckService.setItemNumber.dwr HTTP/1.1" 200 77
180.164.3.199 - - [22/May/2023:10:13:41 +0800] "POST /xingrg/dwr/call/plaincall/AjaxCheckService.setItemNumber.dwr HTTP/1.1" 200 77
180.164.3.199 - - [22/May/2023:10:13:42 +0800] "POST /xingrg/dwr/call/plaincall/AjaxCheckService.setItemNumber.dwr HTTP/1.1" 200 77
180.164.3.199 - - [22/May/2023:10:13:43 +0800] "POST /xingrg/dwr/call/plaincall/AjaxCheckService.setItemNumber.dwr HTTP/1.1" 200 77
180.164.3.199 - - [22/May/2023:10:13:45 +0800] "POST /xingrg/dwr/call/plaincall/AjaxCheckService.setItemNumber.dwr HTTP/1.1" 200 78
180.164.3.199 - - [22/May/2023:10:13:46 +0800] "POST /xingrg/dwr/call/plaincall/AjaxCheckService.setItemNumber.dwr HTTP/1.1" 200 78
180.164.3.199 - - [22/May/2023:10:13:47 +0800] "POST /xingrg/dwr/call/plaincall/AjaxCheckService.setItemNumber.dwr HTTP/1.1" 200 78
180.164.3.199 - - [22/May/2023:10:13:47 +0800] "POST /xingrg/dwr/call/plaincall/AjaxCheckService.setItemNumber.dwr HTTP/1.1" 200 78
180.164.3.199 - - [22/May/2023:10:13:48 +0800] "POST /xingrg/dwr/call/plaincall/AjaxCheckService.setItemNumber.dwr HTTP/1.1" 200 78
222.70.168.127 - - [22/May/2023:10:13:49 +0800] "GET /xingrg/all/function/internal_message.html?_=1684721630747&CODE_STATE=getMsg HTTP/1.1" 200 27
180.164.3.199 - - [22/May/2023:10:13:49 +0800] "POST /xingrg/dwr/call/plaincall/AjaxCheckService.setItemNumber.dwr HTTP/1.1" 200 78
58.39.41.124 - - [22/May/2023:10:13:49 +0800] "GET /xingrg/all/function/internal_message.html?_=1684721632014&CODE_STATE=getMsg HTTP/1.1" 200 27
180.164.3.199 - - [22/May/2023:10:13:51 +0800] "POST /xingrg/dwr/call/plaincall/AjaxCheckService.setItemNumber.dwr HTTP/1.1" 200 78
180.164.3.199 - - [22/May/2023:10:13:53 +0800] "POST /xingrg/dwr/call/plaincall/AjaxCheckService.setItemNumber.dwr HTTP/1.1" 200 78
180.164.3.199 - - [22/May/2023:10:13:53 +0800] "POST /xingrg/dwr/call/plaincall/AjaxCheckService.setItemNumber.dwr HTTP/1.1" 200 78
180.164.3.199 - - [22/May/2023:10:13:54 +0800] "GET /xingrg/all/function/internal_message.html?_=1684721633242&CODE_STATE=getMsg HTTP/1.1" 200 27
120.253.135.82 - - [22/May/2023:10:13:54 +0800] "POST /xingrg/kc/buy/cgsh_order_operate.html HTTP/1.1" 200 12
58.39.41.124 - - [22/May/2023:10:13:55 +0800] "GET /xingrg/check_reg.html?_=1684721637571 HTTP/1.1" 200 22
58.39.41.124 - - [22/May/2023:10:13:55 +0800] "GET /xingrg/all/function/internal_message.html?_=1684721637580&CODE_STATE=getMsg HTTP/1.1" 200 27
180.164.3.199 - - [22/May/2023:10:13:55 +0800] "POST /xingrg/dwr/call/plaincall/AjaxCheckService.setItemNumber.dwr HTTP/1.1" 200 78
180.164.3.199 - - [22/May/2023:10:13:56 +0800] "POST /xingrg/dwr/call/plaincall/AjaxCheckService.setItemNumber.dwr HTTP/1.1" 200 78
180.164.3.199 - - [22/May/2023:10:13:58 +0800] "POST /xingrg/dwr/call/plaincall/AjaxCheckService.setItemNumber.dwr HTTP/1.1" 200 78
180.157.254.191 - - [22/May/2023:10:13:58 +0800] "POST /xingrg/dwr/call/plaincall/AjaxComOrderService.getMaterielSearchList.dwr HTTP/1.1" 200 78
180.164.3.199 - - [22/May/2023:10:13:59 +0800] "POST /xingrg/dwr/call/plaincall/AjaxCheckService.setItemNumber.dwr HTTP/1.1" 200 78
114.83.218.112 - - [22/May/2023:10:13:59 +0800] "GET /xingrg/kc/base/check_order_info.html?code=452023052100209 HTTP/1.1" 200 26562
114.83.218.112 - - [22/May/2023:10:13:59 +0800] "GET /xingrg/dwr/interface/AjaxComOrderService.js HTTP/1.1" 200 18264
114.83.218.112 - - [22/May/2023:10:13:59 +0800] "GET /xingrg/dwr/interface/AjaxCheckService.js HTTP/1.1" 200 14003
114.83.218.112 - - [22/May/2023:10:13:59 +0800] "GET /xingrg/dwr/engine.js HTTP/1.1" 200 43631
180.164.3.199 - - [22/May/2023:10:14:00 +0800] "POST /xingrg/dwr/call/plaincall/AjaxCheckService.setItemNumber.dwr HTTP/1.1" 200 78
180.164.3.199 - - [22/May/2023:10:14:00 +0800] "POST /xingrg/dwr/call/plaincall/AjaxCheckService.setItemNumber.dwr HTTP/1.1" 200 78
116.232.195.127 - - [22/May/2023:10:14:01 +0800] "GET /xingrg/all/function/internal_message.html?_=1684721640896&CODE_STATE=getMsg HTTP/1.1" 200 27
180.157.254.191 - - [22/May/2023:10:14:01 +0800] "POST /xingrg/dwr/call/plaincall/AjaxComOrderService.getMaterielSearchList.dwr HTTP/1.1" 200 2461
120.253.135.82 - - [22/May/2023:10:14:01 +0800] "GET /xingrg/kc/buy/cgsh_order_info.html?code=212023052208226 HTTP/1.1" 200 65421
180.164.3.199 - - [22/May/2023:10:14:01 +0800] "POST /xingrg/dwr/call/plaincall/AjaxCheckService.setItemNumber.dwr HTTP/1.1" 200 78
222.70.168.127 - - [22/May/2023:10:14:01 +0800] "GET /xingrg/kc/buy/cgsh_order_operate.html?command=get_materiel&rest_code=00146&code=00101009031&supplier_code=00100005&order_time=2023-05-22 HTTP/1.1" 200 408
114.83.218.112 - - [22/May/2023:10:14:01 +0800] "POST /xingrg/dwr/call/plaincall/AjaxCheckService.loadOrderItems.dwr HTTP/1.1" 200 150028
120.253.135.82 - - [22/May/2023:10:14:01 +0800] "GET /xingrg/javascript/easyui/themes/default/validatebox.css HTTP/1.1" 404 1104
180.157.254.191 - - [22/May/2023:10:14:02 +0800] "GET /xingrg/all/function/internal_message.html?_=1684721642206&CODE_STATE=getMsg HTTP/1.1" 200 27
180.157.254.191 - - [22/May/2023:10:14:02 +0800] "GET /xingrg/check_reg.html?_=1684721642209 HTTP/1.1" 200 22
120.253.135.82 - - [22/May/2023:10:14:02 +0800] "GET /xingrg/all/function/internal_message.html?_=1684721478618&CODE_STATE=getMsg HTTP/1.1" 200 27
116.232.195.127 - - [22/May/2023:10:14:03 +0800] "GET /xingrg/all/function/internal_message.html?_=1684721685721&CODE_STATE=getMsg HTTP/1.1" 200 27
222.70.168.127 - - [22/May/2023:10:14:03 +0800] "POST /xingrg/services/DataTransmitService HTTP/1.1" 200 524
120.253.135.82 - - [22/May/2023:10:14:04 +0800] "POST /xingrg/kc/buy/cgsh_order_operate.html HTTP/1.1" 200 638
180.157.254.191 - - [22/May/2023:10:14:05 +0800] "POST /xingrg/dwr/call/plaincall/AjaxComOrderService.getMaterielByCode.dwr HTTP/1.1" 200 2656
222.70.168.127 - - [22/May/2023:10:14:05 +0800] "POST /xingrg/kc/buy/cgsh_order_operate.html HTTP/1.1" 200 2065
222.67.238.82 - - [22/May/2023:10:14:05 +0800] "POST /xingrg/dwr/call/plaincall/AjaxCheckService.setItemNumber.dwr HTTP/1.1" 200 76
222.70.168.127 - - [22/May/2023:10:14:06 +0800] "POST /xingrg/services/DataTransmitService HTTP/1.1" 200 2335
180.164.3.199 - - [22/May/2023:10:14:07 +0800] "POST /xingrg/dwr/call/plaincall/AjaxCheckService.setItemNumber.dwr HTTP/1.1" 200 78
114.83.218.112 - - [22/May/2023:10:14:07 +0800] "POST /xingrg/dwr/call/plaincall/AjaxCheckService.setItemNumber.dwr HTTP/1.1" 200 76
180.164.3.199 - - [22/May/2023:10:14:08 +0800] "POST /xingrg/dwr/call/plaincall/AjaxCheckService.setItemNumber.dwr HTTP/1.1" 200 78
114.83.218.112 - - [22/May/2023:10:14:08 +0800] "POST /xingrg/dwr/call/plaincall/AjaxCheckService.setItemNumber.dwr HTTP/1.1" 200 76
222.67.238.82 - - [22/May/2023:10:14:08 +0800] "POST /xingrg/dwr/call/plaincall/AjaxCheckService.setItemNumber.dwr HTTP/1.1" 200 76
222.67.238.82 - - [22/May/2023:10:14:09 +0800] "POST /xingrg/dwr/call/plaincall/AjaxCheckService.setItemNumber.dwr HTTP/1.1" 200 76
180.164.3.199 - - [22/May/2023:10:14:09 +0800] "POST /xingrg/dwr/call/plaincall/AjaxCheckService.setItemNumber.dwr HTTP/1.1" 200 78
124.79.240.114 - - [22/May/2023:10:14:09 +0800] "GET /xingrg/all/function/internal_message.html?_=1684721928358&CODE_STATE=getMsg HTTP/1.1" 200 27
120.253.135.82 - - [22/May/2023:10:14:10 +0800] "GET /xingrg/kc/report/report_main.html HTTP/1.1" 200 8599
120.253.135.82 - - [22/May/2023:10:14:10 +0800] "GET /xingrg/javascript/jquery_ui/themes/humanity/humanity.css HTTP/1.1" 304 -
180.164.3.199 - - [22/May/2023:10:14:10 +0800] "POST /xingrg/dwr/call/plaincall/AjaxCheckService.setItemNumber.dwr HTTP/1.1" 200 78
114.83.218.112 - - [22/May/2023:10:14:10 +0800] "POST /xingrg/dwr/call/plaincall/AjaxCheckService.setItemNumber.dwr HTTP/1.1" 200 76
124.79.240.114 - - [22/May/2023:10:14:11 +0800] "GET /xingrg/check_reg.html?_=1684721929717 HTTP/1.1" 200 22
116.238.139.35 - - [22/May/2023:10:14:11 +0800] "GET /xingrg/check_reg.html?_=1684721569040 HTTP/1.1" 200 22
180.164.3.199 - - [22/May/2023:10:14:12 +0800] "POST /xingrg/dwr/call/plaincall/AjaxCheckService.setItemNumber.dwr HTTP/1.1" 200 78
114.83.218.112 - - [22/May/2023:10:14:12 +0800] "POST /xingrg/dwr/call/plaincall/AjaxCheckService.setItemNumber.dwr HTTP/1.1" 200 76
114.83.218.112 - - [22/May/2023:10:14:12 +0800] "POST /xingrg/dwr/call/plaincall/AjaxCheckService.setItemNumber.dwr HTTP/1.1" 200 76
114.83.218.112 - - [22/May/2023:10:14:12 +0800] "POST /xingrg/dwr/call/plaincall/AjaxCheckService.setItemNumber.dwr HTTP/1.1" 200 76
116.238.139.35 - - [22/May/2023:10:14:13 +0800] "GET /xingrg/all/function/internal_message.html?_=1684721571289&CODE_STATE=getMsg HTTP/1.1" 200 27
58.39.41.124 - - [22/May/2023:10:14:13 +0800] "GET /xingrg/all/function/internal_message.html?_=1684721654093&CODE_STATE=getMsg HTTP/1.1" 200 27
114.83.218.112 - - [22/May/2023:10:14:13 +0800] "POST /xingrg/dwr/call/plaincall/AjaxCheckService.setItemNumber.dwr HTTP/1.1" 200 76
180.157.254.191 - - [22/May/2023:10:14:14 +0800] "GET /xingrg/kc/base/check_order_list.html?isBack=1 HTTP/1.1" 200 16223
114.83.218.112 - - [22/May/2023:10:14:14 +0800] "POST /xingrg/dwr/call/plaincall/AjaxCheckService.setItemNumber.dwr HTTP/1.1" 200 76
114.83.218.112 - - [22/May/2023:10:14:14 +0800] "POST /xingrg/dwr/call/plaincall/AjaxCheckService.setItemNumber.dwr HTTP/1.1" 200 77
114.83.218.112 - - [22/May/2023:10:14:14 +0800] "POST /xingrg/dwr/call/plaincall/AjaxCheckService.setItemNumber.dwr HTTP/1.1" 200 77
180.164.3.199 - - [22/May/2023:10:14:14 +0800] "POST /xingrg/dwr/call/plaincall/AjaxCheckService.setItemNumber.dwr HTTP/1.1" 200 78
120.253.135.82 - - [22/May/2023:10:14:14 +0800] "GET /xingrg/kc/base/kc_stocks.html HTTP/1.1" 200 16506
120.253.135.82 - - [22/May/2023:10:14:14 +0800] "GET /xingrg/javascript/easyui/themes/sunny/easyui.css HTTP/1.1" 304 -
120.253.135.82 - - [22/May/2023:10:14:15 +0800] "GET /xingrg/javascript/easyui/plugins/jquery.draggable.js HTTP/1.1" 304 -
120.253.135.82 - - [22/May/2023:10:14:15 +0800] "GET /xingrg/javascript/easyui/plugins/jquery.droppable.js HTTP/1.1" 304 -
120.253.135.82 - - [22/May/2023:10:14:15 +0800] "GET /xingrg/javascript/easyui/themes/default/tree.css HTTP/1.1" 404 1090
120.253.135.82 - - [22/May/2023:10:14:15 +0800] "GET /xingrg/javascript/easyui/plugins/jquery.tree.js HTTP/1.1" 304 -
180.164.3.199 - - [22/May/2023:10:14:16 +0800] "POST /xingrg/dwr/call/plaincall/AjaxCheckService.setItemNumber.dwr HTTP/1.1" 200 78
114.83.218.112 - - [22/May/2023:10:14:16 +0800] "POST /xingrg/dwr/call/plaincall/AjaxCheckService.setItemNumber.dwr HTTP/1.1" 200 77
222.67.238.82 - - [22/May/2023:10:14:16 +0800] "POST /xingrg/dwr/call/plaincall/AjaxCheckService.setItemNumber.dwr HTTP/1.1" 200 76
114.83.218.112 - - [22/May/2023:10:14:16 +0800] "POST /xingrg/dwr/call/plaincall/AjaxCheckService.setItemNumber.dwr HTTP/1.1" 200 77
114.83.218.112 - - [22/May/2023:10:14:17 +0800] "POST /xingrg/dwr/call/plaincall/AjaxCheckService.setItemNumber.dwr HTTP/1.1" 200 77
120.253.135.82 - - [22/May/2023:10:14:17 +0800] "GET /xingrg/all/common/auto_word.html?type=base&rest_code=00101 HTTP/1.1" 200 671
180.164.3.199 - - [22/May/2023:10:14:17 +0800] "POST /xingrg/dwr/call/plaincall/AjaxCheckService.setItemNumber.dwr HTTP/1.1" 200 78
180.157.254.191 - - [22/May/2023:10:14:18 +0800] "POST /xingrg/kc/base/check_list_operate.html HTTP/1.1" 200 1560
180.164.3.199 - - [22/May/2023:10:14:18 +0800] "POST /xingrg/dwr/call/plaincall/AjaxCheckService.setItemNumber.dwr HTTP/1.1" 200 78
120.253.135.82 - - [22/May/2023:10:14:19 +0800] "POST /xingrg/all/common/load_tree.html?tree=materiel_sort_tree_json HTTP/1.1" 200 9500
114.83.218.112 - - [22/May/2023:10:14:19 +0800] "POST /xingrg/dwr/call/plaincall/AjaxCheckService.setItemNumber.dwr HTTP/1.1" 200 77
180.164.3.199 - - [22/May/2023:10:14:19 +0800] "POST /xingrg/dwr/call/plaincall/AjaxCheckService.setItemNumber.dwr HTTP/1.1" 200 78
222.70.168.127 - - [22/May/2023:10:14:19 +0800] "GET /xingrg/kc/buy/cgsh_order_operate.html?command=get_materiel&rest_code=00146&code=00101009044&supplier_code=00100005&order_time=2023-05-22 HTTP/1.1" 200 413
114.83.218.112 - - [22/May/2023:10:14:19 +0800] "POST /xingrg/dwr/call/plaincall/AjaxCheckService.setItemNumber.dwr HTTP/1.1" 200 76
120.253.135.82 - - [22/May/2023:10:14:19 +0800] "GET /xingrg/javascript/easyui/themes/sunny/images/ui-bg_gloss-wave_60_fece2f_500x100.png HTTP/1.1" 304 -
180.164.3.199 - - [22/May/2023:10:14:20 +0800] "POST /xingrg/dwr/call/plaincall/AjaxCheckService.setItemNumber.dwr HTTP/1.1" 200 78
180.164.3.199 - - [22/May/2023:10:14:20 +0800] "POST /xingrg/dwr/call/plaincall/AjaxCheckService.setItemNumber.dwr HTTP/1.1" 200 78
114.83.218.112 - - [22/May/2023:10:14:20 +0800] "POST /xingrg/dwr/call/plaincall/AjaxCheckService.setItemNumber.dwr HTTP/1.1" 200 77
114.83.218.112 - - [22/May/2023:10:14:21 +0800] "POST /xingrg/dwr/call/plaincall/AjaxCheckService.setItemNumber.dwr HTTP/1.1" 200 77
114.83.218.112 - - [22/May/2023:10:14:21 +0800] "POST /xingrg/dwr/call/plaincall/AjaxCheckService.setItemNumber.dwr HTTP/1.1" 200 77
180.164.3.199 - - [22/May/2023:10:14:21 +0800] "POST /xingrg/dwr/call/plaincall/AjaxCheckService.setItemNumber.dwr HTTP/1.1" 200 78
120.253.135.82 - - [22/May/2023:10:14:22 +0800] "POST /xingrg/all/common/load_combo.html?type=base HTTP/1.1" 200 1169
180.164.3.199 - - [22/May/2023:10:14:22 +0800] "POST /xingrg/dwr/call/plaincall/AjaxCheckService.setItemNumber.dwr HTTP/1.1" 200 78
222.67.238.82 - - [22/May/2023:10:14:22 +0800] "GET /xingrg/all/function/internal_message.html?_=1684721175631&CODE_STATE=getMsg HTTP/1.1" 200 27
180.164.3.199 - - [22/May/2023:10:14:23 +0800] "POST /xingrg/dwr/call/plaincall/AjaxCheckService.setItemNumber.dwr HTTP/1.1" 200 78
180.164.3.199 - - [22/May/2023:10:14:23 +0800] "POST /xingrg/dwr/call/plaincall/AjaxCheckService.setItemNumber.dwr HTTP/1.1" 200 78
222.70.168.127 - - [22/May/2023:10:14:23 +0800] "POST /xingrg/services/DataTransmitService HTTP/1.1" 200 166643
180.164.3.199 - - [22/May/2023:10:14:23 +0800] "POST /xingrg/dwr/call/plaincall/AjaxCheckService.setItemNumber.dwr HTTP/1.1" 200 78
114.83.218.112 - - [22/May/2023:10:14:24 +0800] "GET /xingrg/all/function/internal_message.html?_=1684721662851&CODE_STATE=getMsg HTTP/1.1" 200 27
114.83.218.112 - - [22/May/2023:10:14:25 +0800] "POST /xingrg/dwr/call/plaincall/AjaxCheckService.setItemNumber.dwr HTTP/1.1" 200 77
58.39.41.124 - - [22/May/2023:10:14:25 +0800] "POST /xingrg/kc/base/check_list_operate.html HTTP/1.1" 200 5505
180.157.254.191 - - [22/May/2023:10:14:25 +0800] "POST /xingrg/kc/base/stock_operate.html HTTP/1.1" 200 3673
222.67.238.82 - - [22/May/2023:10:14:25 +0800] "POST /xingrg/dwr/call/plaincall/AjaxCheckService.setItemNumber.dwr HTTP/1.1" 200 76
114.83.218.112 - - [22/May/2023:10:14:26 +0800] "POST /xingrg/dwr/call/plaincall/AjaxCheckService.setItemNumber.dwr HTTP/1.1" 200 77
114.83.218.112 - - [22/May/2023:10:14:26 +0800] "POST /xingrg/dwr/call/plaincall/AjaxCheckService.setItemNumber.dwr HTTP/1.1" 200 77
114.83.218.112 - - [22/May/2023:10:14:26 +0800] "POST /xingrg/dwr/call/plaincall/AjaxCheckService.setItemNumber.dwr HTTP/1.1" 200 77
114.83.218.112 - - [22/May/2023:10:14:27 +0800] "POST /xingrg/dwr/call/plaincall/AjaxCheckService.setItemNumber.dwr HTTP/1.1" 200 77
180.164.3.199 - - [22/May/2023:10:14:27 +0800] "POST /xingrg/dwr/call/plaincall/AjaxCheckService.setItemNumber.dwr HTTP/1.1" 200 78
180.164.3.199 - - [22/May/2023:10:14:27 +0800] "POST /xingrg/dwr/call/plaincall/AjaxCheckService.setItemNumber.dwr HTTP/1.1" 200 78
222.67.238.82 - - [22/May/2023:10:14:28 +0800] "POST /xingrg/dwr/call/plaincall/AjaxCheckService.setItemNumber.dwr HTTP/1.1" 200 76
180.164.3.199 - - [22/May/2023:10:14:28 +0800] "POST /xingrg/dwr/call/plaincall/AjaxCheckService.setItemNumber.dwr HTTP/1.1" 200 78
114.83.218.112 - - [22/May/2023:10:14:29 +0800] "POST /xingrg/dwr/call/plaincall/AjaxCheckService.setItemNumber.dwr HTTP/1.1" 200 77
114.83.218.112 - - [22/May/2023:10:14:29 +0800] "POST /xingrg/dwr/call/plaincall/AjaxCheckService.setItemNumber.dwr HTTP/1.1" 200 77
180.171.122.0 - - [22/May/2023:10:14:29 +0800] "GET /xingrg/all/function/internal_message.html?_=1684721669134&CODE_STATE=getMsg HTTP/1.1" 200 27
114.83.218.112 - - [22/May/2023:10:14:29 +0800] "POST /xingrg/dwr/call/plaincall/AjaxCheckService.setItemNumber.dwr HTTP/1.1" 200 77
114.83.218.112 - - [22/May/2023:10:14:30 +0800] "POST /xingrg/dwr/call/plaincall/AjaxCheckService.setItemNumber.dwr HTTP/1.1" 200 77
114.83.218.112 - - [22/May/2023:10:14:30 +0800] "POST /xingrg/dwr/call/plaincall/AjaxCheckService.setItemNumber.dwr HTTP/1.1" 200 77
180.164.3.199 - - [22/May/2023:10:14:30 +0800] "POST /xingrg/dwr/call/plaincall/AjaxCheckService.setItemNumber.dwr HTTP/1.1" 200 78
180.164.3.199 - - [22/May/2023:10:14:30 +0800] "POST /xingrg/dwr/call/plaincall/AjaxCheckService.setItemNumber.dwr HTTP/1.1" 200 78
180.164.3.199 - - [22/May/2023:10:14:31 +0800] "POST /xingrg/dwr/call/plaincall/AjaxCheckService.setItemNumber.dwr HTTP/1.1" 200 78
114.83.218.112 - - [22/May/2023:10:14:31 +0800] "POST /xingrg/dwr/call/plaincall/AjaxCheckService.setItemNumber.dwr HTTP/1.1" 200 77
180.164.3.199 - - [22/May/2023:10:14:31 +0800] "POST /xingrg/dwr/call/plaincall/AjaxCheckService.setItemNumber.dwr HTTP/1.1" 200 78
114.83.218.112 - - [22/May/2023:10:14:31 +0800] "POST /xingrg/dwr/call/plaincall/AjaxCheckService.setItemNumber.dwr HTTP/1.1" 200 77
114.83.218.112 - - [22/May/2023:10:14:32 +0800] "POST /xingrg/dwr/call/plaincall/AjaxCheckService.setItemNumber.dwr HTTP/1.1" 200 77
180.164.3.199 - - [22/May/2023:10:14:32 +0800] "POST /xingrg/dwr/call/plaincall/AjaxCheckService.setItemNumber.dwr HTTP/1.1" 200 78
114.83.218.112 - - [22/May/2023:10:14:32 +0800] "POST /xingrg/dwr/call/plaincall/AjaxCheckService.setItemNumber.dwr HTTP/1.1" 200 77
114.83.218.112 - - [22/May/2023:10:14:33 +0800] "POST /xingrg/dwr/call/plaincall/AjaxCheckService.setItemNumber.dwr HTTP/1.1" 200 77
222.67.238.82 - - [22/May/2023:10:14:33 +0800] "POST /xingrg/dwr/call/plaincall/AjaxCheckService.setItemNumber.dwr HTTP/1.1" 200 76
114.83.218.112 - - [22/May/2023:10:14:33 +0800] "POST /xingrg/dwr/call/plaincall/AjaxCheckService.setItemNumber.dwr HTTP/1.1" 200 77
116.224.158.100 - - [22/May/2023:10:14:34 +0800] "GET /xingrg/all/function/internal_message.html?_=1684721507551&CODE_STATE=getMsg HTTP/1.1" 200 27
180.164.3.199 - - [22/May/2023:10:14:34 +0800] "POST /xingrg/dwr/call/plaincall/AjaxCheckService.setItemNumber.dwr HTTP/1.1" 200 78
180.164.3.199 - - [22/May/2023:10:14:34 +0800] "POST /xingrg/dwr/call/plaincall/AjaxCheckService.setItemNumber.dwr HTTP/1.1" 200 78
222.70.168.127 - - [22/May/2023:10:14:34 +0800] "GET /xingrg/kc/buy/cgsh_order_operate.html?command=get_materiel&rest_code=00146&code=00101008223&supplier_code=00100005&order_time=2023-05-22 HTTP/1.1" 200 412
180.164.3.199 - - [22/May/2023:10:14:34 +0800] "POST /xingrg/dwr/call/plaincall/AjaxCheckService.setItemNumber.dwr HTTP/1.1" 200 78
114.83.218.112 - - [22/May/2023:10:14:34 +0800] "POST /xingrg/dwr/call/plaincall/AjaxCheckService.setItemNumber.dwr HTTP/1.1" 200 77
114.83.218.112 - - [22/May/2023:10:14:34 +0800] "POST /xingrg/dwr/call/plaincall/AjaxCheckService.setItemNumber.dwr HTTP/1.1" 200 77
180.164.3.199 - - [22/May/2023:10:14:35 +0800] "POST /xingrg/dwr/call/plaincall/AjaxCheckService.setItemNumber.dwr HTTP/1.1" 200 78
180.164.3.199 - - [22/May/2023:10:14:35 +0800] "POST /xingrg/dwr/call/plaincall/AjaxCheckService.setItemNumber.dwr HTTP/1.1" 200 78
180.164.3.199 - - [22/May/2023:10:14:36 +0800] "POST /xingrg/dwr/call/plaincall/AjaxCheckService.setItemNumber.dwr HTTP/1.1" 200 78
124.78.156.121 - - [22/May/2023:10:14:36 +0800] "GET /xingrg/all/function/internal_message.html?_=1684721670776&CODE_STATE=getMsg HTTP/1.1" 200 27
114.83.218.112 - - [22/May/2023:10:14:36 +0800] "POST /xingrg/dwr/call/plaincall/AjaxCheckService.setItemNumber.dwr HTTP/1.1" 200 77
180.164.3.199 - - [22/May/2023:10:14:36 +0800] "POST /xingrg/dwr/call/plaincall/AjaxCheckService.setItemNumber.dwr HTTP/1.1" 200 78
180.164.3.199 - - [22/May/2023:10:14:37 +0800] "POST /xingrg/dwr/call/plaincall/AjaxCheckService.setItemNumber.dwr HTTP/1.1" 200 78
180.164.3.199 - - [22/May/2023:10:14:37 +0800] "POST /xingrg/dwr/call/plaincall/AjaxCheckService.setItemNumber.dwr HTTP/1.1" 200 78
116.238.139.35 - - [22/May/2023:10:14:37 +0800] "GET /xingrg/all/function/internal_message.html?_=1684721675969&CODE_STATE=getMsg HTTP/1.1" 200 27
114.83.218.112 - - [22/May/2023:10:14:38 +0800] "POST /xingrg/dwr/call/plaincall/AjaxCheckService.setItemNumber.dwr HTTP/1.1" 200 77
180.164.3.199 - - [22/May/2023:10:14:38 +0800] "POST /xingrg/dwr/call/plaincall/AjaxCheckService.setItemNumber.dwr HTTP/1.1" 200 78
222.67.238.82 - - [22/May/2023:10:14:38 +0800] "POST /xingrg/dwr/call/plaincall/AjaxCheckService.setItemNumber.dwr HTTP/1.1" 200 76
180.164.3.199 - - [22/May/2023:10:14:39 +0800] "POST /xingrg/dwr/call/plaincall/AjaxCheckService.setItemNumber.dwr HTTP/1.1" 200 78
114.83.218.112 - - [22/May/2023:10:14:39 +0800] "POST /xingrg/dwr/call/plaincall/AjaxCheckService.setItemNumber.dwr HTTP/1.1" 200 77
114.83.218.112 - - [22/May/2023:10:14:39 +0800] "POST /xingrg/dwr/call/plaincall/AjaxCheckService.setItemNumber.dwr HTTP/1.1" 200 77
180.164.3.199 - - [22/May/2023:10:14:40 +0800] "POST /xingrg/dwr/call/plaincall/AjaxCheckService.setItemNumber.dwr HTTP/1.1" 200 78
114.83.218.112 - - [22/May/2023:10:14:40 +0800] "POST /xingrg/dwr/call/plaincall/AjaxCheckService.setItemNumber.dwr HTTP/1.1" 200 77
114.83.218.112 - - [22/May/2023:10:14:40 +0800] "POST /xingrg/dwr/call/plaincall/AjaxCheckService.setItemNumber.dwr HTTP/1.1" 200 77
180.164.3.199 - - [22/May/2023:10:14:41 +0800] "POST /xingrg/dwr/call/plaincall/AjaxCheckService.setItemNumber.dwr HTTP/1.1" 200 78
114.83.218.112 - - [22/May/2023:10:14:41 +0800] "POST /xingrg/dwr/call/plaincall/AjaxCheckService.setItemNumber.dwr HTTP/1.1" 200 77
180.164.3.199 - - [22/May/2023:10:14:41 +0800] "POST /xingrg/dwr/call/plaincall/AjaxCheckService.setItemNumber.dwr HTTP/1.1" 200 78
114.83.218.112 - - [22/May/2023:10:14:42 +0800] "POST /xingrg/dwr/call/plaincall/AjaxCheckService.setItemNumber.dwr HTTP/1.1" 200 77
180.164.3.199 - - [22/May/2023:10:14:42 +0800] "POST /xingrg/dwr/call/plaincall/AjaxCheckService.setItemNumber.dwr HTTP/1.1" 200 78
120.253.135.82 - - [22/May/2023:10:14:42 +0800] "POST /xingrg/kc/base/stock_operate.html HTTP/1.1" 200 1744
120.253.135.82 - - [22/May/2023:10:14:42 +0800] "GET /xingrg/javascript/jquery_tools/fix_table.js HTTP/1.1" 304 -
180.157.254.191 - - [22/May/2023:10:14:42 +0800] "GET /xingrg/kc/base/check_order_info.html?code=452023052100233 HTTP/1.1" 200 26514
180.157.254.191 - - [22/May/2023:10:14:42 +0800] "GET /xingrg/dwr/interface/AjaxComOrderService.js HTTP/1.1" 200 18264
180.157.254.191 - - [22/May/2023:10:14:42 +0800] "GET /xingrg/dwr/interface/AjaxCheckService.js HTTP/1.1" 200 14003
180.157.254.191 - - [22/May/2023:10:14:42 +0800] "GET /xingrg/dwr/engine.js HTTP/1.1" 200 43631
180.164.3.199 - - [22/May/2023:10:14:43 +0800] "POST /xingrg/dwr/call/plaincall/AjaxCheckService.setItemNumber.dwr HTTP/1.1" 200 78
180.164.3.199 - - [22/May/2023:10:14:43 +0800] "POST /xingrg/dwr/call/plaincall/AjaxCheckService.setItemNumber.dwr HTTP/1.1" 200 78
114.83.218.112 - - [22/May/2023:10:14:43 +0800] "POST /xingrg/dwr/call/plaincall/AjaxCheckService.setItemNumber.dwr HTTP/1.1" 200 77
114.83.218.112 - - [22/May/2023:10:14:43 +0800] "POST /xingrg/dwr/call/plaincall/AjaxCheckService.setItemNumber.dwr HTTP/1.1" 200 77
114.83.218.112 - - [22/May/2023:10:14:43 +0800] "POST /xingrg/dwr/call/plaincall/AjaxCheckService.setItemNumber.dwr HTTP/1.1" 200 77
180.164.3.199 - - [22/May/2023:10:14:44 +0800] "POST /xingrg/dwr/call/plaincall/AjaxCheckService.setItemNumber.dwr HTTP/1.1" 200 78
180.164.3.199 - - [22/May/2023:10:14:44 +0800] "POST /xingrg/dwr/call/plaincall/AjaxCheckService.setItemNumber.dwr HTTP/1.1" 200 78
180.157.254.191 - - [22/May/2023:10:14:44 +0800] "POST /xingrg/dwr/call/plaincall/AjaxCheckService.loadOrderItems.dwr HTTP/1.1" 200 137231
180.164.3.199 - - [22/May/2023:10:14:44 +0800] "POST /xingrg/dwr/call/plaincall/AjaxCheckService.setItemNumber.dwr HTTP/1.1" 200 78
180.164.3.199 - - [22/May/2023:10:14:45 +0800] "POST /xingrg/dwr/call/plaincall/AjaxCheckService.setItemNumber.dwr HTTP/1.1" 200 78
180.164.3.199 - - [22/May/2023:10:14:45 +0800] "POST /xingrg/dwr/call/plaincall/AjaxCheckService.setItemNumber.dwr HTTP/1.1" 200 78
180.164.3.199 - - [22/May/2023:10:14:46 +0800] "POST /xingrg/dwr/call/plaincall/AjaxCheckService.setItemNumber.dwr HTTP/1.1" 200 78
180.164.3.199 - - [22/May/2023:10:14:47 +0800] "POST /xingrg/dwr/call/plaincall/AjaxCheckService.setItemNumber.dwr HTTP/1.1" 200 78
180.164.3.199 - - [22/May/2023:10:14:47 +0800] "POST /xingrg/dwr/call/plaincall/AjaxCheckService.setItemNumber.dwr HTTP/1.1" 200 78
180.157.254.191 - - [22/May/2023:10:14:48 +0800] "POST /xingrg/dwr/call/plaincall/AjaxComOrderService.getMaterielSearchList.dwr HTTP/1.1" 200 76
222.70.168.127 - - [22/May/2023:10:14:49 +0800] "GET /xingrg/all/function/internal_message.html?_=1684721690761&CODE_STATE=getMsg HTTP/1.1" 200 27
180.157.254.191 - - [22/May/2023:10:14:49 +0800] "POST /xingrg/dwr/call/plaincall/AjaxComOrderService.getMaterielSearchList.dwr HTTP/1.1" 200 2459
58.39.41.124 - - [22/May/2023:10:14:49 +0800] "GET /xingrg/all/function/internal_message.html?_=1684721691998&CODE_STATE=getMsg HTTP/1.1" 200 27
58.39.41.124 - - [22/May/2023:10:14:49 +0800] "GET /xingrg/check_reg.html?_=1684721692000 HTTP/1.1" 200 22
180.157.254.191 - - [22/May/2023:10:14:50 +0800] "POST /xingrg/dwr/call/plaincall/AjaxComOrderService.getMaterielSearchList.dwr HTTP/1.1" 200 2459
180.164.3.199 - - [22/May/2023:10:14:50 +0800] "POST /xingrg/dwr/call/plaincall/AjaxCheckService.setItemNumber.dwr HTTP/1.1" 200 78
222.70.168.127 - - [22/May/2023:10:14:52 +0800] "GET /xingrg/kc/buy/cgsh_order_operate.html?command=get_materiel&rest_code=00146&code=00101008168&supplier_code=00100005&order_time=2023-05-22 HTTP/1.1" 200 413
180.164.3.199 - - [22/May/2023:10:14:54 +0800] "GET /xingrg/all/function/internal_message.html?_=1684721693232&CODE_STATE=getMsg HTTP/1.1" 200 27
222.67.238.82 - - [22/May/2023:10:14:54 +0800] "POST /xingrg/dwr/call/plaincall/AjaxCheckService.setItemNumber.dwr HTTP/1.1" 200 76
114.83.218.112 - - [22/May/2023:10:14:54 +0800] "POST /xingrg/dwr/call/plaincall/AjaxCheckService.setItemNumber.dwr HTTP/1.1" 200 77
58.39.41.124 - - [22/May/2023:10:14:55 +0800] "GET /xingrg/all/function/internal_message.html?_=1684721697572&CODE_STATE=getMsg HTTP/1.1" 200 27
114.83.218.112 - - [22/May/2023:10:14:55 +0800] "POST /xingrg/dwr/call/plaincall/AjaxCheckService.setItemNumber.dwr HTTP/1.1" 200 77
114.83.218.112 - - [22/May/2023:10:14:56 +0800] "POST /xingrg/dwr/call/plaincall/AjaxCheckService.setItemNumber.dwr HTTP/1.1" 200 77
114.83.218.112 - - [22/May/2023:10:14:56 +0800] "POST /xingrg/dwr/call/plaincall/AjaxCheckService.setItemNumber.dwr HTTP/1.1" 200 77
222.67.238.82 - - [22/May/2023:10:14:57 +0800] "POST /xingrg/dwr/call/plaincall/AjaxCheckService.setItemNumber.dwr HTTP/1.1" 200 77
114.83.218.112 - - [22/May/2023:10:14:57 +0800] "POST /xingrg/dwr/call/plaincall/AjaxCheckService.setItemNumber.dwr HTTP/1.1" 200 77
114.83.218.112 - - [22/May/2023:10:14:58 +0800] "POST /xingrg/dwr/call/plaincall/AjaxCheckService.setItemNumber.dwr HTTP/1.1" 200 77
114.83.218.112 - - [22/May/2023:10:14:59 +0800] "POST /xingrg/dwr/call/plaincall/AjaxCheckService.setItemNumber.dwr HTTP/1.1" 200 77
180.164.3.199 - - [22/May/2023:10:14:59 +0800] "POST /xingrg/dwr/call/plaincall/AjaxCheckService.setItemNumber.dwr HTTP/1.1" 200 78
222.67.238.82 - - [22/May/2023:10:15:00 +0800] "POST /xingrg/dwr/call/plaincall/AjaxCheckService.setItemNumber.dwr HTTP/1.1" 200 77
114.83.218.112 - - [22/May/2023:10:15:00 +0800] "POST /xingrg/dwr/call/plaincall/AjaxCheckService.setItemNumber.dwr HTTP/1.1" 200 77
116.232.195.127 - - [22/May/2023:10:15:01 +0800] "GET /xingrg/all/function/internal_message.html?_=1684721700878&CODE_STATE=getMsg HTTP/1.1" 200 27
114.83.218.112 - - [22/May/2023:10:15:01 +0800] "POST /xingrg/dwr/call/plaincall/AjaxCheckService.setItemNumber.dwr HTTP/1.1" 200 77
114.83.218.112 - - [22/May/2023:10:15:01 +0800] "POST /xingrg/dwr/call/plaincall/AjaxCheckService.setItemNumber.dwr HTTP/1.1" 200 77
180.164.3.199 - - [22/May/2023:10:15:01 +0800] "POST /xingrg/dwr/call/plaincall/AjaxCheckService.setItemNumber.dwr HTTP/1.1" 200 78
180.157.254.191 - - [22/May/2023:10:15:02 +0800] "GET /xingrg/all/function/internal_message.html?_=1684721702205&CODE_STATE=getMsg HTTP/1.1" 200 27
180.164.3.199 - - [22/May/2023:10:15:02 +0800] "POST /xingrg/dwr/call/plaincall/AjaxCheckService.setItemNumber.dwr HTTP/1.1" 200 78
120.253.135.82 - - [22/May/2023:10:15:02 +0800] "GET /xingrg/check_reg.html?_=1684721538574 HTTP/1.1" 200 22
120.253.135.82 - - [22/May/2023:10:15:02 +0800] "GET /xingrg/all/function/internal_message.html?_=1684721538632&CODE_STATE=getMsg HTTP/1.1" 200 27
