124.78.156.121 - - [22/May/2023:09:54:36 +0800] "GET /xingrg/all/function/internal_message.html?_=1684720471132&CODE_STATE=getMsg HTTP/1.1" 200 27
180.164.3.199 - - [22/May/2023:09:54:37 +0800] "POST /xingrg/dwr/call/plaincall/AjaxCheckService.saveOrder.dwr HTTP/1.1" 200 80
116.232.195.127 - - [22/May/2023:09:54:37 +0800] "GET /xingrg/kc/base/crk_hz.html?_=1684720477424&command=get_cost_id&end_date=2023-05-21&start_date=2023-05-01 HTTP/1.1" 200 51
116.232.195.127 - - [22/May/2023:09:54:37 +0800] "GET /xingrg/all/report/report_query.html?isQuery=1&onlyBody=1&rh=99999&rw=1800&varString=start:20230501,cost_id:4342,mid:20230501&fileName=kc/base/crk_hz_type_by_base.xml&queryString=%20a.base_code%20in%20('0010348')%20%20and%20m.sort_code%20in%20('00101001','00101002','00101003','00101004','00101005','00101006','00101007','00101008','00101009','00101010','00101011','00101012','00101013','00101014','00101015','00101016','00101017','00101018','00101019','00101020','00101021','00101022','00101023','00101024','00101025','00101026','00101027','00101028','00101029','00101030','00101031','00101032','00101033','00101034','00101036','00101037','00101038','00101039','00101040','00101041','00101042','00101043')%20&queryText=ÈÕÆÚ£º2023-05-01ÖÁ2023-05-21%20²Ö¿â£ºµãÐÄ&tableQueryString=materiel_table$sp1$$sp$before_table$sp1$$sp$crk_table$sp1$order_day%20between%2020230501%20and%2020230521 HTTP/1.1" 200 49884
116.232.195.127 - - [22/May/2023:09:54:38 +0800] "GET /xingrg/dwr/interface/AjaxReportQueryService.js HTTP/1.1" 200 13203
116.232.195.127 - - [22/May/2023:09:54:38 +0800] "GET /xingrg/dwr/engine.js HTTP/1.1" 200 43631
116.238.139.35 - - [22/May/2023:09:54:38 +0800] "GET /xingrg/all/function/internal_message.html?_=1684720476350&CODE_STATE=getMsg HTTP/1.1" 200 27
180.157.254.191 - - [22/May/2023:09:54:44 +0800] "POST /xingrg/dwr/call/plaincall/AjaxCheckService.setItemNumber.dwr HTTP/1.1" 200 77
180.164.3.199 - - [22/May/2023:09:54:45 +0800] "POST /xingrg/dwr/call/plaincall/AjaxCheckService.loadOrderItems.dwr HTTP/1.1" 200 153180
116.232.195.127 - - [22/May/2023:09:54:46 +0800] "POST /xingrg/all/report/load_report_page.html HTTP/1.1" 200 94736
116.232.195.127 - - [22/May/2023:09:54:46 +0800] "GET /xingrg/servlets/image?cache=0.17217681301701437&image=px HTTP/1.1" 200 807
222.70.168.127 - - [22/May/2023:09:54:47 +0800] "GET /xingrg/kc/buy/cgsh_order_operate.html?command=get_materiel&rest_code=00146&code=00101008176&supplier_code=00100005&order_time=2023-05-22 HTTP/1.1" 200 413
180.164.3.199 - - [22/May/2023:09:54:47 +0800] "GET /xingrg/kc/base/check_order_list.html?isBack=1 HTTP/1.1" 200 16227
180.164.3.199 - - [22/May/2023:09:54:48 +0800] "POST /xingrg/kc/base/check_list_operate.html HTTP/1.1" 200 2574
222.70.168.127 - - [22/May/2023:09:54:48 +0800] "GET /xingrg/all/function/internal_message.html?_=1684720489991&CODE_STATE=getMsg HTTP/1.1" 200 27
180.157.254.191 - - [22/May/2023:09:54:48 +0800] "POST /xingrg/dwr/call/plaincall/AjaxCheckService.setItemNumber.dwr HTTP/1.1" 200 77
58.39.41.124 - - [22/May/2023:09:54:50 +0800] "GET /xingrg/all/function/internal_message.html?_=1684720492017&CODE_STATE=getMsg HTTP/1.1" 200 27
58.39.41.124 - - [22/May/2023:09:54:50 +0800] "GET /xingrg/check_reg.html?_=1684720492019 HTTP/1.1" 200 22
180.164.3.199 - - [22/May/2023:09:54:50 +0800] "GET /xingrg/kc/base/check_order_info.html?code=452023052100208 HTTP/1.1" 200 26475
180.164.3.199 - - [22/May/2023:09:54:50 +0800] "GET /xingrg/dwr/interface/AjaxComOrderService.js HTTP/1.1" 200 18264
180.164.3.199 - - [22/May/2023:09:54:50 +0800] "GET /xingrg/dwr/interface/AjaxCheckService.js HTTP/1.1" 200 14003
180.164.3.199 - - [22/May/2023:09:54:50 +0800] "GET /xingrg/dwr/engine.js HTTP/1.1" 200 43631
180.164.3.199 - - [22/May/2023:09:54:51 +0800] "POST /xingrg/dwr/call/plaincall/AjaxCheckService.loadOrderItems.dwr HTTP/1.1" 200 45179
116.238.139.35 - - [22/May/2023:09:54:52 +0800] "POST /xingrg/kc/buy/cgsh_order_operate.html HTTP/1.1" 200 37
124.78.156.121 - - [22/May/2023:09:54:53 +0800] "GET /xingrg/kc/buy/cgsh_order_operate.html?command=get_materiel&rest_code=00106&code=00101007048&supplier_code=00100096&order_time=2023-05-22 HTTP/1.1" 200 408
116.238.139.35 - - [22/May/2023:09:54:54 +0800] "POST /xingrg/kc/buy/cgsh_order_operate.html HTTP/1.1" 200 2668
180.164.3.199 - - [22/May/2023:09:54:54 +0800] "GET /xingrg/all/function/internal_message.html?_=1684720493481&CODE_STATE=getMsg HTTP/1.1" 200 27
180.157.254.191 - - [22/May/2023:09:54:56 +0800] "POST /xingrg/dwr/call/plaincall/AjaxCheckService.setItemNumber.dwr HTTP/1.1" 200 77
180.157.254.191 - - [22/May/2023:09:54:57 +0800] "POST /xingrg/dwr/call/plaincall/AjaxCheckService.setItemNumber.dwr HTTP/1.1" 200 77
180.164.3.199 - - [22/May/2023:09:54:59 +0800] "POST /xingrg/dwr/call/plaincall/AjaxCheckService.setItemNumber.dwr HTTP/1.1" 200 76
180.164.3.199 - - [22/May/2023:09:55:00 +0800] "POST /xingrg/dwr/call/plaincall/AjaxCheckService.setItemNumber.dwr HTTP/1.1" 200 76
180.157.254.191 - - [22/May/2023:09:55:02 +0800] "GET /xingrg/all/function/internal_message.html?_=1684720502174&CODE_STATE=getMsg HTTP/1.1" 200 27
180.164.3.199 - - [22/May/2023:09:55:02 +0800] "POST /xingrg/dwr/call/plaincall/AjaxCheckService.setItemNumber.dwr HTTP/1.1" 200 76
116.232.195.127 - - [22/May/2023:09:55:03 +0800] "GET /xingrg/all/function/internal_message.html?_=1684720545734&CODE_STATE=getMsg HTTP/1.1" 200 27
180.164.3.199 - - [22/May/2023:09:55:03 +0800] "POST /xingrg/dwr/call/plaincall/AjaxCheckService.setItemNumber.dwr HTTP/1.1" 200 76
180.164.3.199 - - [22/May/2023:09:55:04 +0800] "POST /xingrg/dwr/call/plaincall/AjaxCheckService.setItemNumber.dwr HTTP/1.1" 200 76
180.164.3.199 - - [22/May/2023:09:55:05 +0800] "POST /xingrg/dwr/call/plaincall/AjaxCheckService.setItemNumber.dwr HTTP/1.1" 200 76
180.164.3.199 - - [22/May/2023:09:55:06 +0800] "POST /xingrg/dwr/call/plaincall/AjaxCheckService.setItemNumber.dwr HTTP/1.1" 200 76
180.164.3.199 - - [22/May/2023:09:55:06 +0800] "POST /xingrg/dwr/call/plaincall/AjaxCheckService.setItemNumber.dwr HTTP/1.1" 200 76
222.70.168.127 - - [22/May/2023:09:55:08 +0800] "GET /xingrg/kc/buy/cgsh_order_operate.html?command=get_materiel&rest_code=00146&code=00101008256&supplier_code=00100005&order_time=2023-05-22 HTTP/1.1" 200 413
180.157.254.191 - - [22/May/2023:09:55:08 +0800] "POST /xingrg/dwr/call/plaincall/AjaxCheckService.setItemNumber.dwr HTTP/1.1" 200 77
180.164.3.199 - - [22/May/2023:09:55:08 +0800] "POST /xingrg/dwr/call/plaincall/AjaxCheckService.setItemNumber.dwr HTTP/1.1" 200 76
180.164.3.199 - - [22/May/2023:09:55:09 +0800] "POST /xingrg/dwr/call/plaincall/AjaxCheckService.setItemNumber.dwr HTTP/1.1" 200 77
124.79.240.114 - - [22/May/2023:09:55:10 +0800] "GET /xingrg/all/function/internal_message.html?_=1684720788786&CODE_STATE=getMsg HTTP/1.1" 200 27
180.164.3.199 - - [22/May/2023:09:55:10 +0800] "POST /xingrg/dwr/call/plaincall/AjaxCheckService.setItemNumber.dwr HTTP/1.1" 200 77
116.238.139.35 - - [22/May/2023:09:55:11 +0800] "GET /xingrg/all/function/internal_message.html?_=1684720429081&CODE_STATE=getMsg HTTP/1.1" 200 27
180.164.3.199 - - [22/May/2023:09:55:11 +0800] "POST /xingrg/dwr/call/plaincall/AjaxCheckService.setItemNumber.dwr HTTP/1.1" 200 77
124.78.156.121 - - [22/May/2023:09:55:12 +0800] "GET /xingrg/check_reg.html?_=1684720507220 HTTP/1.1" 200 22
180.164.3.199 - - [22/May/2023:09:55:12 +0800] "POST /xingrg/dwr/call/plaincall/AjaxCheckService.setItemNumber.dwr HTTP/1.1" 200 77
58.39.41.124 - - [22/May/2023:09:55:13 +0800] "GET /xingrg/all/function/internal_message.html?_=1684720514103&CODE_STATE=getMsg HTTP/1.1" 200 27
180.164.3.199 - - [22/May/2023:09:55:14 +0800] "POST /xingrg/dwr/call/plaincall/AjaxCheckService.setItemNumber.dwr HTTP/1.1" 200 77
180.164.3.199 - - [22/May/2023:09:55:14 +0800] "POST /xingrg/dwr/call/plaincall/AjaxCheckService.setItemNumber.dwr HTTP/1.1" 200 77
180.164.3.199 - - [22/May/2023:09:55:15 +0800] "POST /xingrg/dwr/call/plaincall/AjaxCheckService.setItemNumber.dwr HTTP/1.1" 200 77
180.157.254.191 - - [22/May/2023:09:55:15 +0800] "POST /xingrg/dwr/call/plaincall/AjaxCheckService.setItemNumber.dwr HTTP/1.1" 200 77
180.164.3.199 - - [22/May/2023:09:55:16 +0800] "POST /xingrg/dwr/call/plaincall/AjaxCheckService.setItemNumber.dwr HTTP/1.1" 200 77
116.238.139.35 - - [22/May/2023:09:55:16 +0800] "GET /xingrg/kc/buy/cgsh_order_operate.html?command=get_materiel&rest_code=00150&code=00101012116&supplier_code=00100481&order_time=2023-05-22 HTTP/1.1" 200 432
180.164.3.199 - - [22/May/2023:09:55:16 +0800] "POST /xingrg/dwr/call/plaincall/AjaxCheckService.setItemNumber.dwr HTTP/1.1" 200 77
180.164.3.199 - - [22/May/2023:09:55:17 +0800] "POST /xingrg/dwr/call/plaincall/AjaxCheckService.setItemNumber.dwr HTTP/1.1" 200 77
180.164.3.199 - - [22/May/2023:09:55:18 +0800] "POST /xingrg/dwr/call/plaincall/AjaxCheckService.setItemNumber.dwr HTTP/1.1" 200 77
180.164.3.199 - - [22/May/2023:09:55:19 +0800] "POST /xingrg/dwr/call/plaincall/AjaxCheckService.setItemNumber.dwr HTTP/1.1" 200 77
180.164.3.199 - - [22/May/2023:09:55:19 +0800] "POST /xingrg/dwr/call/plaincall/AjaxCheckService.setItemNumber.dwr HTTP/1.1" 200 77
180.164.3.199 - - [22/May/2023:09:55:20 +0800] "POST /xingrg/dwr/call/plaincall/AjaxCheckService.setItemNumber.dwr HTTP/1.1" 200 77
222.67.238.82 - - [22/May/2023:09:55:22 +0800] "GET /xingrg/all/function/internal_message.html?_=1684720035553&CODE_STATE=getMsg HTTP/1.1" 200 27
116.232.195.127 - - [22/May/2023:09:55:23 +0800] "GET /xingrg/all/function/internal_message.html?_=1684720523014&CODE_STATE=getMsg HTTP/1.1" 200 27
180.164.3.199 - - [22/May/2023:09:55:24 +0800] "POST /xingrg/dwr/call/plaincall/AjaxCheckService.setItemNumber.dwr HTTP/1.1" 200 77
114.83.218.112 - - [22/May/2023:09:55:24 +0800] "GET /xingrg/all/function/internal_message.html?_=1684720522755&CODE_STATE=getMsg HTTP/1.1" 200 27
180.164.3.199 - - [22/May/2023:09:55:25 +0800] "POST /xingrg/dwr/call/plaincall/AjaxCheckService.setItemNumber.dwr HTTP/1.1" 200 77
180.164.3.199 - - [22/May/2023:09:55:26 +0800] "POST /xingrg/dwr/call/plaincall/AjaxCheckService.setItemNumber.dwr HTTP/1.1" 200 77
222.70.168.127 - - [22/May/2023:09:55:26 +0800] "GET /xingrg/kc/buy/cgsh_order_operate.html?command=get_materiel&rest_code=00146&code=00101008132&supplier_code=00100005&order_time=2023-05-22 HTTP/1.1" 200 408
180.164.3.199 - - [22/May/2023:09:55:28 +0800] "POST /xingrg/dwr/call/plaincall/AjaxCheckService.setItemNumber.dwr HTTP/1.1" 200 77
180.171.122.0 - - [22/May/2023:09:55:29 +0800] "GET /xingrg/all/function/internal_message.html?_=1684720529134&CODE_STATE=getMsg HTTP/1.1" 200 27
180.157.254.191 - - [22/May/2023:09:55:30 +0800] "POST /xingrg/dwr/call/plaincall/AjaxCheckService.setItemNumber.dwr HTTP/1.1" 200 77
180.164.3.199 - - [22/May/2023:09:55:30 +0800] "POST /xingrg/dwr/call/plaincall/AjaxCheckService.setItemNumber.dwr HTTP/1.1" 200 77
180.164.3.199 - - [22/May/2023:09:55:31 +0800] "POST /xingrg/dwr/call/plaincall/AjaxCheckService.setItemNumber.dwr HTTP/1.1" 200 77
180.164.3.199 - - [22/May/2023:09:55:31 +0800] "POST /xingrg/dwr/call/plaincall/AjaxCheckService.setItemNumber.dwr HTTP/1.1" 200 77
180.164.3.199 - - [22/May/2023:09:55:33 +0800] "POST /xingrg/dwr/call/plaincall/AjaxCheckService.setItemNumber.dwr HTTP/1.1" 200 77
116.224.158.100 - - [22/May/2023:09:55:34 +0800] "GET /xingrg/all/function/internal_message.html?_=1684720367527&CODE_STATE=getMsg HTTP/1.1" 200 27
180.164.3.199 - - [22/May/2023:09:55:36 +0800] "POST /xingrg/dwr/call/plaincall/AjaxCheckService.setItemNumber.dwr HTTP/1.1" 200 77
180.157.254.191 - - [22/May/2023:09:55:36 +0800] "POST /xingrg/dwr/call/plaincall/AjaxCheckService.setItemNumber.dwr HTTP/1.1" 200 77
124.78.156.121 - - [22/May/2023:09:55:36 +0800] "GET /xingrg/all/function/internal_message.html?_=1684720531105&CODE_STATE=getMsg HTTP/1.1" 200 27
116.238.139.35 - - [22/May/2023:09:55:38 +0800] "GET /xingrg/all/function/internal_message.html?_=1684720536362&CODE_STATE=getMsg HTTP/1.1" 200 27
180.164.3.199 - - [22/May/2023:09:55:40 +0800] "POST /xingrg/dwr/call/plaincall/AjaxCheckService.setItemNumber.dwr HTTP/1.1" 200 77
116.238.139.35 - - [22/May/2023:09:55:41 +0800] "GET /xingrg/kc/buy/cgsh_order_operate.html?command=get_materiel&rest_code=00150&code=00101012073&supplier_code=00100481&order_time=2023-05-22 HTTP/1.1" 200 431
180.164.3.199 - - [22/May/2023:09:55:41 +0800] "POST /xingrg/dwr/call/plaincall/AjaxCheckService.setItemNumber.dwr HTTP/1.1" 200 77
180.157.254.191 - - [22/May/2023:09:55:42 +0800] "POST /xingrg/dwr/call/plaincall/AjaxCheckService.setItemNumber.dwr HTTP/1.1" 200 77
180.164.3.199 - - [22/May/2023:09:55:43 +0800] "POST /xingrg/dwr/call/plaincall/AjaxCheckService.setItemNumber.dwr HTTP/1.1" 200 77
180.164.3.199 - - [22/May/2023:09:55:43 +0800] "POST /xingrg/dwr/call/plaincall/AjaxCheckService.setItemNumber.dwr HTTP/1.1" 200 77
180.164.3.199 - - [22/May/2023:09:55:44 +0800] "POST /xingrg/dwr/call/plaincall/AjaxCheckService.setItemNumber.dwr HTTP/1.1" 200 77
180.164.3.199 - - [22/May/2023:09:55:45 +0800] "POST /xingrg/dwr/call/plaincall/AjaxCheckService.setItemNumber.dwr HTTP/1.1" 200 77
180.157.254.191 - - [22/May/2023:09:55:46 +0800] "POST /xingrg/dwr/call/plaincall/AjaxCheckService.setItemNumber.dwr HTTP/1.1" 200 77
180.164.3.199 - - [22/May/2023:09:55:46 +0800] "POST /xingrg/dwr/call/plaincall/AjaxCheckService.setItemNumber.dwr HTTP/1.1" 200 77
180.164.3.199 - - [22/May/2023:09:55:46 +0800] "POST /xingrg/dwr/call/plaincall/AjaxCheckService.setItemNumber.dwr HTTP/1.1" 200 77
222.70.168.127 - - [22/May/2023:09:55:47 +0800] "GET /xingrg/kc/buy/cgsh_order_operate.html?command=get_materiel&rest_code=00146&code=00101008185&supplier_code=00100005&order_time=2023-05-22 HTTP/1.1" 200 408
180.164.3.199 - - [22/May/2023:09:55:47 +0800] "POST /xingrg/dwr/call/plaincall/AjaxCheckService.setItemNumber.dwr HTTP/1.1" 200 77
124.78.156.121 - - [22/May/2023:09:55:47 +0800] "GET /xingrg/kc/buy/cgsh_order_operate.html?command=get_materiel&rest_code=00106&code=00101007033&supplier_code=00100096&order_time=2023-05-22 HTTP/1.1" 200 419
116.238.139.35 - - [22/May/2023:09:55:48 +0800] "POST /xingrg/all/common/load_select.html HTTP/1.1" 200 25
222.70.168.127 - - [22/May/2023:09:55:48 +0800] "GET /xingrg/all/function/internal_message.html?_=1684720550004&CODE_STATE=getMsg HTTP/1.1" 200 27
180.164.3.199 - - [22/May/2023:09:55:48 +0800] "POST /xingrg/dwr/call/plaincall/AjaxCheckService.setItemNumber.dwr HTTP/1.1" 200 77
180.164.3.199 - - [22/May/2023:09:55:49 +0800] "POST /xingrg/dwr/call/plaincall/AjaxCheckService.setItemNumber.dwr HTTP/1.1" 200 77
58.39.41.124 - - [22/May/2023:09:55:50 +0800] "GET /xingrg/all/function/internal_message.html?_=1684720552014&CODE_STATE=getMsg HTTP/1.1" 200 27
180.164.3.199 - - [22/May/2023:09:55:51 +0800] "POST /xingrg/dwr/call/plaincall/AjaxCheckService.setItemNumber.dwr HTTP/1.1" 200 77
180.157.254.191 - - [22/May/2023:09:55:51 +0800] "POST /xingrg/dwr/call/plaincall/AjaxCheckService.setItemNumber.dwr HTTP/1.1" 200 77
180.164.3.199 - - [22/May/2023:09:55:53 +0800] "POST /xingrg/dwr/call/plaincall/AjaxCheckService.setItemNumber.dwr HTTP/1.1" 200 77
180.164.3.199 - - [22/May/2023:09:55:54 +0800] "GET /xingrg/all/function/internal_message.html?_=1684720553466&CODE_STATE=getMsg HTTP/1.1" 200 27
180.164.3.199 - - [22/May/2023:09:55:54 +0800] "POST /xingrg/dwr/call/plaincall/AjaxCheckService.setItemNumber.dwr HTTP/1.1" 200 77
116.238.139.35 - - [22/May/2023:09:55:55 +0800] "GET /xingrg/kc/buy/cgsh_order_operate.html?command=get_materiel_price&rest_code=00150&code=00101012116&unit_code=00100110&supplier_code=00100481&order_time=2023-05-22 HTTP/1.1" 200 28
180.164.3.199 - - [22/May/2023:09:55:55 +0800] "POST /xingrg/dwr/call/plaincall/AjaxCheckService.setItemNumber.dwr HTTP/1.1" 200 77
180.157.254.191 - - [22/May/2023:09:55:55 +0800] "POST /xingrg/dwr/call/plaincall/AjaxCheckService.setItemNumber.dwr HTTP/1.1" 200 77
180.164.3.199 - - [22/May/2023:09:55:56 +0800] "POST /xingrg/dwr/call/plaincall/AjaxCheckService.setItemNumber.dwr HTTP/1.1" 200 77
180.164.3.199 - - [22/May/2023:09:55:57 +0800] "POST /xingrg/dwr/call/plaincall/AjaxCheckService.setItemNumber.dwr HTTP/1.1" 200 77
180.164.3.199 - - [22/May/2023:09:55:57 +0800] "POST /xingrg/dwr/call/plaincall/AjaxCheckService.setItemNumber.dwr HTTP/1.1" 200 77
180.164.3.199 - - [22/May/2023:09:55:58 +0800] "POST /xingrg/dwr/call/plaincall/AjaxCheckService.setItemNumber.dwr HTTP/1.1" 200 77
180.164.3.199 - - [22/May/2023:09:55:59 +0800] "POST /xingrg/dwr/call/plaincall/AjaxCheckService.setItemNumber.dwr HTTP/1.1" 200 77
180.164.3.199 - - [22/May/2023:09:56:00 +0800] "POST /xingrg/dwr/call/plaincall/AjaxCheckService.setItemNumber.dwr HTTP/1.1" 200 77
180.157.254.191 - - [22/May/2023:09:56:00 +0800] "POST /xingrg/dwr/call/plaincall/AjaxCheckService.setItemNumber.dwr HTTP/1.1" 200 77
124.78.156.121 - - [22/May/2023:09:56:00 +0800] "POST /xingrg/kc/buy/cgsh_order_operate.html HTTP/1.1" 200 2065
180.164.3.199 - - [22/May/2023:09:56:00 +0800] "POST /xingrg/dwr/call/plaincall/AjaxCheckService.setItemNumber.dwr HTTP/1.1" 200 77
180.164.3.199 - - [22/May/2023:09:56:01 +0800] "POST /xingrg/dwr/call/plaincall/AjaxCheckService.setItemNumber.dwr HTTP/1.1" 200 77
180.157.254.191 - - [22/May/2023:09:56:02 +0800] "GET /xingrg/all/function/internal_message.html?_=1684720562197&CODE_STATE=getMsg HTTP/1.1" 200 27
116.232.195.127 - - [22/May/2023:09:56:02 +0800] "GET /xingrg/all/function/internal_message.html?_=1684720605719&CODE_STATE=getMsg HTTP/1.1" 200 27
180.157.254.191 - - [22/May/2023:09:56:03 +0800] "POST /xingrg/dwr/call/plaincall/AjaxCheckService.setItemNumber.dwr HTTP/1.1" 200 77
180.164.3.199 - - [22/May/2023:09:56:03 +0800] "POST /xingrg/dwr/call/plaincall/AjaxCheckService.setItemNumber.dwr HTTP/1.1" 200 77
222.70.168.127 - - [22/May/2023:09:56:05 +0800] "GET /xingrg/kc/buy/cgsh_order_operate.html?command=get_materiel&rest_code=00146&code=00101008028&supplier_code=00100005&order_time=2023-05-22 HTTP/1.1" 200 412
180.164.3.199 - - [22/May/2023:09:56:05 +0800] "POST /xingrg/dwr/call/plaincall/AjaxCheckService.setItemNumber.dwr HTTP/1.1" 200 77
180.164.3.199 - - [22/May/2023:09:56:05 +0800] "GET /xingrg/check_reg.html?_=1684720564414 HTTP/1.1" 200 22
180.164.3.199 - - [22/May/2023:09:56:05 +0800] "POST /xingrg/dwr/call/plaincall/AjaxCheckService.setItemNumber.dwr HTTP/1.1" 200 77
180.157.254.191 - - [22/May/2023:09:56:06 +0800] "POST /xingrg/dwr/call/plaincall/AjaxCheckService.setItemNumber.dwr HTTP/1.1" 200 77
180.164.3.199 - - [22/May/2023:09:56:06 +0800] "POST /xingrg/dwr/call/plaincall/AjaxCheckService.setItemNumber.dwr HTTP/1.1" 200 77
180.164.3.199 - - [22/May/2023:09:56:07 +0800] "POST /xingrg/dwr/call/plaincall/AjaxCheckService.setItemNumber.dwr HTTP/1.1" 200 77
180.157.254.191 - - [22/May/2023:09:56:08 +0800] "POST /xingrg/dwr/call/plaincall/AjaxCheckService.setItemNumber.dwr HTTP/1.1" 200 77
124.78.156.121 - - [22/May/2023:09:56:09 +0800] "GET /xingrg/kc/buy/cgsh_order_operate.html?command=get_materiel&rest_code=00106&code=00101007038&supplier_code=00100096&order_time=2023-05-22 HTTP/1.1" 200 421
124.79.240.114 - - [22/May/2023:09:56:10 +0800] "GET /xingrg/all/function/internal_message.html?_=1684720848760&CODE_STATE=getMsg HTTP/1.1" 200 27
180.169.147.146 - - [22/May/2023:09:56:10 +0800] "GET /xingrg/check_reg.html?_=1684720571747 HTTP/1.1" 200 22
116.238.139.35 - - [22/May/2023:09:56:11 +0800] "GET /xingrg/all/function/internal_message.html?_=1684720489094&CODE_STATE=getMsg HTTP/1.1" 200 27
180.164.3.199 - - [22/May/2023:09:56:12 +0800] "POST /xingrg/dwr/call/plaincall/AjaxCheckService.setItemNumber.dwr HTTP/1.1" 200 77
180.164.3.199 - - [22/May/2023:09:56:13 +0800] "POST /xingrg/dwr/call/plaincall/AjaxCheckService.setItemNumber.dwr HTTP/1.1" 200 77
58.39.41.124 - - [22/May/2023:09:56:13 +0800] "GET /xingrg/all/function/internal_message.html?_=1684720574102&CODE_STATE=getMsg HTTP/1.1" 200 27
180.164.3.199 - - [22/May/2023:09:56:14 +0800] "POST /xingrg/dwr/call/plaincall/AjaxCheckService.setItemNumber.dwr HTTP/1.1" 200 77
180.164.3.199 - - [22/May/2023:09:56:15 +0800] "POST /xingrg/dwr/call/plaincall/AjaxCheckService.setItemNumber.dwr HTTP/1.1" 200 77
180.164.3.199 - - [22/May/2023:09:56:15 +0800] "POST /xingrg/dwr/call/plaincall/AjaxCheckService.setItemNumber.dwr HTTP/1.1" 200 77
180.157.254.191 - - [22/May/2023:09:56:15 +0800] "POST /xingrg/dwr/call/plaincall/AjaxCheckService.setItemNumber.dwr HTTP/1.1" 200 77
222.70.168.127 - - [22/May/2023:09:56:16 +0800] "GET /xingrg/kc/buy/cgsh_order_operate.html?command=get_materiel&rest_code=00146&code=00101008038&supplier_code=00100005&order_time=2023-05-22 HTTP/1.1" 200 412
180.164.3.199 - - [22/May/2023:09:56:16 +0800] "POST /xingrg/dwr/call/plaincall/AjaxCheckService.setItemNumber.dwr HTTP/1.1" 200 77
180.164.3.199 - - [22/May/2023:09:56:17 +0800] "POST /xingrg/dwr/call/plaincall/AjaxCheckService.setItemNumber.dwr HTTP/1.1" 200 77
180.157.254.191 - - [22/May/2023:09:56:18 +0800] "POST /xingrg/dwr/call/plaincall/AjaxCheckService.setItemNumber.dwr HTTP/1.1" 200 77
180.157.254.191 - - [22/May/2023:09:56:19 +0800] "POST /xingrg/dwr/call/plaincall/AjaxCheckService.setItemNumber.dwr HTTP/1.1" 200 77
180.164.3.199 - - [22/May/2023:09:56:22 +0800] "POST /xingrg/dwr/call/plaincall/AjaxCheckService.saveOrder.dwr HTTP/1.1" 200 79
222.67.238.82 - - [22/May/2023:09:56:22 +0800] "GET /xingrg/all/function/internal_message.html?_=1684720095551&CODE_STATE=getMsg HTTP/1.1" 200 27
116.232.195.127 - - [22/May/2023:09:56:23 +0800] "GET /xingrg/all/function/internal_message.html?_=1684720582994&CODE_STATE=getMsg HTTP/1.1" 200 27
180.157.254.191 - - [22/May/2023:09:56:23 +0800] "POST /xingrg/dwr/call/plaincall/AjaxCheckService.setItemNumber.dwr HTTP/1.1" 200 77
124.78.156.121 - - [22/May/2023:09:56:24 +0800] "GET /xingrg/kc/buy/cgsh_order_operate.html?command=get_materiel&rest_code=00106&code=00101007027&supplier_code=00100096&order_time=2023-05-22 HTTP/1.1" 200 421
114.83.218.112 - - [22/May/2023:09:56:24 +0800] "GET /xingrg/all/function/internal_message.html?_=1684720582756&CODE_STATE=getMsg HTTP/1.1" 200 27
180.164.3.199 - - [22/May/2023:09:56:25 +0800] "POST /xingrg/dwr/call/plaincall/AjaxCheckService.loadOrderItems.dwr HTTP/1.1" 200 45181
180.164.3.199 - - [22/May/2023:09:56:26 +0800] "GET /xingrg/kc/base/check_order_list.html?isBack=1 HTTP/1.1" 200 16227
180.164.3.199 - - [22/May/2023:09:56:27 +0800] "POST /xingrg/kc/base/check_list_operate.html HTTP/1.1" 200 2583
222.70.168.127 - - [22/May/2023:09:56:27 +0800] "GET /xingrg/kc/buy/cgsh_order_operate.html?command=get_materiel&rest_code=00146&code=00101008358&supplier_code=00100005&order_time=2023-05-22 HTTP/1.1" 200 412
180.171.122.0 - - [22/May/2023:09:56:29 +0800] "GET /xingrg/check_reg.html?_=1684720589144 HTTP/1.1" 200 22
180.171.122.0 - - [22/May/2023:09:56:29 +0800] "GET /xingrg/all/function/internal_message.html?_=1684720589147&CODE_STATE=getMsg HTTP/1.1" 200 27
180.164.3.199 - - [22/May/2023:09:56:29 +0800] "GET /xingrg/kc/base/check_order_info.html?code=452023052100207 HTTP/1.1" 200 26475
180.164.3.199 - - [22/May/2023:09:56:29 +0800] "GET /xingrg/dwr/interface/AjaxComOrderService.js HTTP/1.1" 200 18264
180.164.3.199 - - [22/May/2023:09:56:29 +0800] "GET /xingrg/dwr/interface/AjaxCheckService.js HTTP/1.1" 200 14003
180.164.3.199 - - [22/May/2023:09:56:29 +0800] "GET /xingrg/dwr/engine.js HTTP/1.1" 200 43631
116.238.139.35 - - [22/May/2023:09:56:30 +0800] "GET /xingrg/kc/buy/cgsh_order_operate.html?command=get_materiel&rest_code=00150&code=00101010587&supplier_code=00100481&order_time=2023-05-22 HTTP/1.1" 200 418
180.164.3.199 - - [22/May/2023:09:56:30 +0800] "POST /xingrg/dwr/call/plaincall/AjaxCheckService.loadOrderItems.dwr HTTP/1.1" 200 47662
180.157.254.191 - - [22/May/2023:09:56:32 +0800] "POST /xingrg/dwr/call/plaincall/AjaxCheckService.setItemNumber.dwr HTTP/1.1" 200 77
116.224.158.100 - - [22/May/2023:09:56:34 +0800] "GET /xingrg/all/function/internal_message.html?_=1684720427531&CODE_STATE=getMsg HTTP/1.1" 200 27
180.164.3.199 - - [22/May/2023:09:56:34 +0800] "POST /xingrg/dwr/call/plaincall/AjaxCheckService.setItemNumber.dwr HTTP/1.1" 200 76
180.164.3.199 - - [22/May/2023:09:56:34 +0800] "POST /xingrg/dwr/call/plaincall/AjaxCheckService.setItemNumber.dwr HTTP/1.1" 200 76
180.164.3.199 - - [22/May/2023:09:56:36 +0800] "POST /xingrg/dwr/call/plaincall/AjaxCheckService.setItemNumber.dwr HTTP/1.1" 200 76
124.78.156.121 - - [22/May/2023:09:56:36 +0800] "GET /xingrg/all/function/internal_message.html?_=1684720591088&CODE_STATE=getMsg HTTP/1.1" 200 27
180.164.3.199 - - [22/May/2023:09:56:36 +0800] "POST /xingrg/dwr/call/plaincall/AjaxCheckService.setItemNumber.dwr HTTP/1.1" 200 76
180.164.3.199 - - [22/May/2023:09:56:37 +0800] "POST /xingrg/dwr/call/plaincall/AjaxCheckService.setItemNumber.dwr HTTP/1.1" 200 76
116.238.139.35 - - [22/May/2023:09:56:38 +0800] "GET /xingrg/all/function/internal_message.html?_=1684720596338&CODE_STATE=getMsg HTTP/1.1" 200 27
116.238.139.35 - - [22/May/2023:09:56:38 +0800] "GET /xingrg/check_reg.html?_=1684720596726 HTTP/1.1" 200 22
180.164.3.199 - - [22/May/2023:09:56:41 +0800] "POST /xingrg/dwr/call/plaincall/AjaxCheckService.setItemNumber.dwr HTTP/1.1" 200 76
222.70.168.127 - - [22/May/2023:09:56:41 +0800] "GET /xingrg/kc/buy/cgsh_order_operate.html?command=get_materiel&rest_code=00146&code=00101008003&supplier_code=00100005&order_time=2023-05-22 HTTP/1.1" 200 408
180.164.3.199 - - [22/May/2023:09:56:43 +0800] "POST /xingrg/dwr/call/plaincall/AjaxCheckService.setItemNumber.dwr HTTP/1.1" 200 76
180.164.3.199 - - [22/May/2023:09:56:44 +0800] "POST /xingrg/dwr/call/plaincall/AjaxCheckService.setItemNumber.dwr HTTP/1.1" 200 76
180.157.254.191 - - [22/May/2023:09:56:45 +0800] "POST /xingrg/dwr/call/plaincall/AjaxCheckService.setItemNumber.dwr HTTP/1.1" 200 77
180.157.254.191 - - [22/May/2023:09:56:47 +0800] "POST /xingrg/dwr/call/plaincall/AjaxCheckService.setItemNumber.dwr HTTP/1.1" 200 77
222.70.168.127 - - [22/May/2023:09:56:48 +0800] "GET /xingrg/all/function/internal_message.html?_=1684720610083&CODE_STATE=getMsg HTTP/1.1" 200 27
124.78.156.121 - - [22/May/2023:09:56:49 +0800] "POST /xingrg/kc/buy/cgsh_order_operate.html HTTP/1.1" 200 37
58.39.41.124 - - [22/May/2023:09:56:50 +0800] "GET /xingrg/all/function/internal_message.html?_=1684720612012&CODE_STATE=getMsg HTTP/1.1" 200 27
124.78.156.121 - - [22/May/2023:09:56:51 +0800] "POST /xingrg/kc/buy/cgsh_order_operate.html HTTP/1.1" 200 10994
180.157.254.191 - - [22/May/2023:09:56:53 +0800] "POST /xingrg/dwr/call/plaincall/AjaxCheckService.setItemNumber.dwr HTTP/1.1" 200 77
180.164.3.199 - - [22/May/2023:09:56:54 +0800] "GET /xingrg/all/function/internal_message.html?_=1684720613462&CODE_STATE=getMsg HTTP/1.1" 200 27
222.70.168.127 - - [22/May/2023:09:56:56 +0800] "GET /xingrg/kc/buy/cgsh_order_operate.html?command=get_materiel&rest_code=00146&code=00101008004&supplier_code=00100005&order_time=2023-05-22 HTTP/1.1" 200 416
116.238.139.35 - - [22/May/2023:09:56:57 +0800] "GET /xingrg/kc/buy/cgsh_order_operate.html?command=get_materiel&rest_code=00150&code=00101012003&supplier_code=00100481&order_time=2023-05-22 HTTP/1.1" 200 412
222.70.168.127 - - [22/May/2023:09:56:58 +0800] "POST /xingrg/kc/buy/cgsh_order_operate.html HTTP/1.1" 200 2065
172.20.0.100 - - [22/May/2023:09:56:59 +0800] "GET /xingrg/check_reg.html?_=1684720620525 HTTP/1.1" 302 -
180.157.254.191 - - [22/May/2023:09:56:59 +0800] "POST /xingrg/dwr/call/plaincall/AjaxCheckService.setItemNumber.dwr HTTP/1.1" 200 77
180.157.254.191 - - [22/May/2023:09:57:02 +0800] "GET /xingrg/all/function/internal_message.html?_=1684720622179&CODE_STATE=getMsg HTTP/1.1" 200 27
116.232.195.127 - - [22/May/2023:09:57:03 +0800] "GET /xingrg/all/function/internal_message.html?_=1684720665734&CODE_STATE=getMsg HTTP/1.1" 200 27
116.232.195.127 - - [22/May/2023:09:57:03 +0800] "GET /xingrg/check_reg.html?_=1684720665740 HTTP/1.1" 200 22
222.70.168.127 - - [22/May/2023:09:57:06 +0800] "GET /xingrg/kc/buy/cgsh_order_operate.html?command=get_materiel&rest_code=00146&code=00101008264&supplier_code=00100005&order_time=2023-05-22 HTTP/1.1" 200 412
180.164.3.199 - - [22/May/2023:09:57:09 +0800] "POST /xingrg/dwr/call/plaincall/AjaxCheckService.setItemNumber.dwr HTTP/1.1" 200 76
124.79.240.114 - - [22/May/2023:09:57:10 +0800] "GET /xingrg/all/function/internal_message.html?_=1684720908741&CODE_STATE=getMsg HTTP/1.1" 200 27
180.164.3.199 - - [22/May/2023:09:57:10 +0800] "POST /xingrg/dwr/call/plaincall/AjaxCheckService.setItemNumber.dwr HTTP/1.1" 200 77
180.171.122.0 - - [22/May/2023:09:57:11 +0800] "GET /xingrg/kc/buy/cgsh_order_operate.html?command=get_materiel&rest_code=00111&code=00101008150&supplier_code=00100005&order_time=2023-05-22 HTTP/1.1" 200 409
116.238.139.35 - - [22/May/2023:09:57:11 +0800] "GET /xingrg/all/function/internal_message.html?_=1684720549119&CODE_STATE=getMsg HTTP/1.1" 200 27
180.164.3.199 - - [22/May/2023:09:57:13 +0800] "POST /xingrg/dwr/call/plaincall/AjaxCheckService.setItemNumber.dwr HTTP/1.1" 200 77
58.39.41.124 - - [22/May/2023:09:57:13 +0800] "GET /xingrg/all/function/internal_message.html?_=1684720634114&CODE_STATE=getMsg HTTP/1.1" 200 27
58.39.41.124 - - [22/May/2023:09:57:13 +0800] "GET /xingrg/check_reg.html?_=1684720634115 HTTP/1.1" 200 22
180.171.122.0 - - [22/May/2023:09:57:14 +0800] "POST /xingrg/kc/buy/cgsh_order_operate.html HTTP/1.1" 200 2065
180.164.3.199 - - [22/May/2023:09:57:14 +0800] "POST /xingrg/dwr/call/plaincall/AjaxCheckService.setItemNumber.dwr HTTP/1.1" 200 77
180.164.3.199 - - [22/May/2023:09:57:15 +0800] "POST /xingrg/dwr/call/plaincall/AjaxCheckService.setItemNumber.dwr HTTP/1.1" 200 77
180.164.3.199 - - [22/May/2023:09:57:15 +0800] "POST /xingrg/dwr/call/plaincall/AjaxCheckService.setItemNumber.dwr HTTP/1.1" 200 77
180.164.3.199 - - [22/May/2023:09:57:16 +0800] "POST /xingrg/dwr/call/plaincall/AjaxCheckService.setItemNumber.dwr HTTP/1.1" 200 77
180.164.3.199 - - [22/May/2023:09:57:17 +0800] "POST /xingrg/dwr/call/plaincall/AjaxCheckService.setItemNumber.dwr HTTP/1.1" 200 77
180.164.3.199 - - [22/May/2023:09:57:17 +0800] "POST /xingrg/dwr/call/plaincall/AjaxCheckService.setItemNumber.dwr HTTP/1.1" 200 77
180.164.3.199 - - [22/May/2023:09:57:18 +0800] "POST /xingrg/dwr/call/plaincall/AjaxCheckService.setItemNumber.dwr HTTP/1.1" 200 77
180.157.254.191 - - [22/May/2023:09:57:19 +0800] "POST /xingrg/dwr/call/plaincall/AjaxCheckService.setItemNumber.dwr HTTP/1.1" 200 77
180.164.3.199 - - [22/May/2023:09:57:20 +0800] "POST /xingrg/dwr/call/plaincall/AjaxCheckService.setItemNumber.dwr HTTP/1.1" 200 77
180.164.3.199 - - [22/May/2023:09:57:20 +0800] "POST /xingrg/dwr/call/plaincall/AjaxCheckService.setItemNumber.dwr HTTP/1.1" 200 77
222.70.168.127 - - [22/May/2023:09:57:21 +0800] "GET /xingrg/kc/buy/cgsh_order_operate.html?command=get_materiel&rest_code=00146&code=00101008356&supplier_code=00100005&order_time=2023-05-22 HTTP/1.1" 200 408
180.164.3.199 - - [22/May/2023:09:57:21 +0800] "POST /xingrg/dwr/call/plaincall/AjaxCheckService.setItemNumber.dwr HTTP/1.1" 200 77
124.78.156.121 - - [22/May/2023:09:57:21 +0800] "POST /xingrg/kc/buy/cgsh_order_operate.html HTTP/1.1" 200 37
222.67.238.82 - - [22/May/2023:09:57:22 +0800] "GET /xingrg/all/function/internal_message.html?_=1684720155576&CODE_STATE=getMsg HTTP/1.1" 200 27
180.164.3.199 - - [22/May/2023:09:57:22 +0800] "POST /xingrg/dwr/call/plaincall/AjaxCheckService.setItemNumber.dwr HTTP/1.1" 200 77
116.232.195.127 - - [22/May/2023:09:57:23 +0800] "GET /xingrg/all/function/internal_message.html?_=1684720642989&CODE_STATE=getMsg HTTP/1.1" 200 27
114.83.218.112 - - [22/May/2023:09:57:24 +0800] "GET /xingrg/all/function/internal_message.html?_=1684720642758&CODE_STATE=getMsg HTTP/1.1" 200 27
180.157.254.191 - - [22/May/2023:09:57:25 +0800] "POST /xingrg/dwr/call/plaincall/AjaxCheckService.setItemNumber.dwr HTTP/1.1" 200 77
180.164.3.199 - - [22/May/2023:09:57:26 +0800] "POST /xingrg/dwr/call/plaincall/AjaxCheckService.setItemNumber.dwr HTTP/1.1" 200 77
180.171.122.0 - - [22/May/2023:09:57:29 +0800] "GET /xingrg/all/function/internal_message.html?_=1684720649123&CODE_STATE=getMsg HTTP/1.1" 200 27
222.70.168.127 - - [22/May/2023:09:57:32 +0800] "GET /xingrg/kc/buy/cgsh_order_operate.html?command=get_materiel&rest_code=00146&code=00101008300&supplier_code=00100005&order_time=2023-05-22 HTTP/1.1" 200 412
180.164.3.199 - - [22/May/2023:09:57:33 +0800] "POST /xingrg/dwr/call/plaincall/AjaxCheckService.setItemNumber.dwr HTTP/1.1" 200 77
116.224.158.100 - - [22/May/2023:09:57:34 +0800] "GET /xingrg/all/function/internal_message.html?_=1684720487516&CODE_STATE=getMsg HTTP/1.1" 200 27
116.224.158.100 - - [22/May/2023:09:57:34 +0800] "GET /xingrg/check_reg.html?_=1684720487519 HTTP/1.1" 200 22
180.164.3.199 - - [22/May/2023:09:57:34 +0800] "POST /xingrg/dwr/call/plaincall/AjaxCheckService.setItemNumber.dwr HTTP/1.1" 200 77
180.164.3.199 - - [22/May/2023:09:57:34 +0800] "POST /xingrg/dwr/call/plaincall/AjaxCheckService.setItemNumber.dwr HTTP/1.1" 200 77
180.164.3.199 - - [22/May/2023:09:57:35 +0800] "POST /xingrg/dwr/call/plaincall/AjaxCheckService.setItemNumber.dwr HTTP/1.1" 200 77
116.238.139.35 - - [22/May/2023:09:57:35 +0800] "GET /xingrg/kc/buy/cgsh_order_operate.html?command=get_materiel&rest_code=00150&code=00102026001&supplier_code=00100481&order_time=2023-05-22 HTTP/1.1" 200 409
180.164.3.199 - - [22/May/2023:09:57:35 +0800] "POST /xingrg/dwr/call/plaincall/AjaxCheckService.setItemNumber.dwr HTTP/1.1" 200 77
124.78.156.121 - - [22/May/2023:09:57:36 +0800] "POST /xingrg/kc/buy/cgsh_order_operate.html HTTP/1.1" 200 12
180.164.3.199 - - [22/May/2023:09:57:37 +0800] "POST /xingrg/dwr/call/plaincall/AjaxCheckService.setItemNumber.dwr HTTP/1.1" 200 77
180.164.3.199 - - [22/May/2023:09:57:37 +0800] "POST /xingrg/dwr/call/plaincall/AjaxCheckService.setItemNumber.dwr HTTP/1.1" 200 77
116.238.139.35 - - [22/May/2023:09:57:38 +0800] "GET /xingrg/all/function/internal_message.html?_=1684720656312&CODE_STATE=getMsg HTTP/1.1" 200 27
180.164.3.199 - - [22/May/2023:09:57:38 +0800] "POST /xingrg/dwr/call/plaincall/AjaxCheckService.setItemNumber.dwr HTTP/1.1" 200 77
180.164.3.199 - - [22/May/2023:09:57:39 +0800] "POST /xingrg/dwr/call/plaincall/AjaxCheckService.setItemNumber.dwr HTTP/1.1" 200 77
124.78.156.121 - - [22/May/2023:09:57:41 +0800] "GET /xingrg/kc/buy/cgsh_order_info.html?code=212023052208222 HTTP/1.1" 200 66352
180.164.3.199 - - [22/May/2023:09:57:41 +0800] "POST /xingrg/dwr/call/plaincall/AjaxCheckService.setItemNumber.dwr HTTP/1.1" 200 77
124.78.156.121 - - [22/May/2023:09:57:41 +0800] "GET /xingrg/javascript/easyui/themes/default/validatebox.css HTTP/1.1" 404 1104
180.164.3.199 - - [22/May/2023:09:57:43 +0800] "POST /xingrg/dwr/call/plaincall/AjaxCheckService.setItemNumber.dwr HTTP/1.1" 200 77
180.164.3.199 - - [22/May/2023:09:57:46 +0800] "POST /xingrg/dwr/call/plaincall/AjaxCheckService.setItemNumber.dwr HTTP/1.1" 200 77
116.238.139.35 - - [22/May/2023:09:57:46 +0800] "POST /xingrg/kc/buy/cgsh_order_operate.html HTTP/1.1" 200 37
124.78.156.121 - - [22/May/2023:09:57:46 +0800] "POST /xingrg/kc/buy/cgsh_order_operate.html HTTP/1.1" 200 8939
180.164.3.199 - - [22/May/2023:09:57:47 +0800] "POST /xingrg/dwr/call/plaincall/AjaxCheckService.setItemNumber.dwr HTTP/1.1" 200 77
222.70.168.127 - - [22/May/2023:09:57:48 +0800] "GET /xingrg/all/function/internal_message.html?_=1684720670094&CODE_STATE=getMsg HTTP/1.1" 200 27
180.164.3.199 - - [22/May/2023:09:57:48 +0800] "POST /xingrg/dwr/call/plaincall/AjaxCheckService.setItemNumber.dwr HTTP/1.1" 200 77
180.164.3.199 - - [22/May/2023:09:57:49 +0800] "POST /xingrg/dwr/call/plaincall/AjaxCheckService.setItemNumber.dwr HTTP/1.1" 200 77
180.157.254.191 - - [22/May/2023:09:57:49 +0800] "POST /xingrg/dwr/call/plaincall/AjaxCheckService.setItemNumber.dwr HTTP/1.1" 200 77
58.39.41.124 - - [22/May/2023:09:57:50 +0800] "GET /xingrg/all/function/internal_message.html?_=1684720671996&CODE_STATE=getMsg HTTP/1.1" 200 27
222.70.168.127 - - [22/May/2023:09:57:50 +0800] "GET /xingrg/kc/buy/cgsh_order_operate.html?command=get_materiel&rest_code=00146&code=00101008197&supplier_code=00100005&order_time=2023-05-22 HTTP/1.1" 200 416
116.238.139.35 - - [22/May/2023:09:57:50 +0800] "POST /xingrg/kc/buy/cgsh_order_operate.html HTTP/1.1" 200 3255
124.78.156.121 - - [22/May/2023:09:57:51 +0800] "GET /xingrg/kc/print/load_data.html?order_code=212023052208222&kc_code=cgsh&condition= HTTP/1.1" 200 3858
180.164.3.199 - - [22/May/2023:09:57:51 +0800] "POST /xingrg/dwr/call/plaincall/AjaxCheckService.setItemNumber.dwr HTTP/1.1" 200 77
180.157.254.191 - - [22/May/2023:09:57:51 +0800] "POST /xingrg/dwr/call/plaincall/AjaxCheckService.setItemNumber.dwr HTTP/1.1" 200 77
180.157.254.191 - - [22/May/2023:09:57:53 +0800] "POST /xingrg/dwr/call/plaincall/AjaxCheckService.setItemNumber.dwr HTTP/1.1" 200 77
180.164.3.199 - - [22/May/2023:09:57:54 +0800] "GET /xingrg/all/function/internal_message.html?_=1684720673456&CODE_STATE=getMsg HTTP/1.1" 200 27
180.164.3.199 - - [22/May/2023:09:57:58 +0800] "POST /xingrg/dwr/call/plaincall/AjaxCheckService.setItemNumber.dwr HTTP/1.1" 200 77
180.164.3.199 - - [22/May/2023:09:57:59 +0800] "POST /xingrg/dwr/call/plaincall/AjaxCheckService.setItemNumber.dwr HTTP/1.1" 200 77
180.164.3.199 - - [22/May/2023:09:58:00 +0800] "POST /xingrg/dwr/call/plaincall/AjaxCheckService.setItemNumber.dwr HTTP/1.1" 200 77
180.164.3.199 - - [22/May/2023:09:58:01 +0800] "POST /xingrg/dwr/call/plaincall/AjaxCheckService.setItemNumber.dwr HTTP/1.1" 200 77
180.164.3.199 - - [22/May/2023:09:58:01 +0800] "POST /xingrg/dwr/call/plaincall/AjaxCheckService.setItemNumber.dwr HTTP/1.1" 200 77
124.78.156.121 - - [22/May/2023:09:58:01 +0800] "GET /xingrg/kc/print/load_data.html?order_code=212023052208222&kc_code=cgsh HTTP/1.1" 200 3858
180.157.254.191 - - [22/May/2023:09:58:02 +0800] "GET /xingrg/all/function/internal_message.html?_=1684720682177&CODE_STATE=getMsg HTTP/1.1" 200 27
180.157.254.191 - - [22/May/2023:09:58:02 +0800] "POST /xingrg/dwr/call/plaincall/AjaxCheckService.setItemNumber.dwr HTTP/1.1" 200 77
116.232.195.127 - - [22/May/2023:09:58:02 +0800] "GET /xingrg/all/function/internal_message.html?_=1684720725719&CODE_STATE=getMsg HTTP/1.1" 200 27
180.171.122.0 - - [22/May/2023:09:58:04 +0800] "POST /xingrg/kc/buy/cgsh_order_operate.html HTTP/1.1" 200 2065
222.70.168.127 - - [22/May/2023:09:58:06 +0800] "GET /xingrg/kc/buy/cgsh_order_operate.html?command=get_materiel&rest_code=00146&code=00101008357&supplier_code=00100005&order_time=2023-05-22 HTTP/1.1" 200 408
180.164.3.199 - - [22/May/2023:09:58:07 +0800] "POST /xingrg/dwr/call/plaincall/AjaxCheckService.setItemNumber.dwr HTTP/1.1" 200 77
180.164.3.199 - - [22/May/2023:09:58:08 +0800] "POST /xingrg/dwr/call/plaincall/AjaxCheckService.setItemNumber.dwr HTTP/1.1" 200 77
180.164.3.199 - - [22/May/2023:09:58:09 +0800] "POST /xingrg/dwr/call/plaincall/AjaxCheckService.setItemNumber.dwr HTTP/1.1" 200 77
222.70.168.127 - - [22/May/2023:09:58:09 +0800] "POST /xingrg/kc/buy/cgsh_order_operate.html HTTP/1.1" 200 2065
222.70.168.127 - - [22/May/2023:09:58:09 +0800] "GET /xingrg/check_reg.html?_=1684720691134 HTTP/1.1" 200 22
180.164.3.199 - - [22/May/2023:09:58:09 +0800] "POST /xingrg/dwr/call/plaincall/AjaxCheckService.setItemNumber.dwr HTTP/1.1" 200 77
124.79.240.114 - - [22/May/2023:09:58:10 +0800] "GET /xingrg/all/function/internal_message.html?_=1684720968721&CODE_STATE=getMsg HTTP/1.1" 200 27
180.164.3.199 - - [22/May/2023:09:58:10 +0800] "POST /xingrg/dwr/call/plaincall/AjaxCheckService.setItemNumber.dwr HTTP/1.1" 200 77
180.157.254.191 - - [22/May/2023:09:58:10 +0800] "POST /xingrg/dwr/call/plaincall/AjaxCheckService.setItemNumber.dwr HTTP/1.1" 200 77
180.164.3.199 - - [22/May/2023:09:58:11 +0800] "POST /xingrg/dwr/call/plaincall/AjaxCheckService.setItemNumber.dwr HTTP/1.1" 200 77
116.238.139.35 - - [22/May/2023:09:58:11 +0800] "GET /xingrg/all/function/internal_message.html?_=1684720609137&CODE_STATE=getMsg HTTP/1.1" 200 27
180.171.122.0 - - [22/May/2023:09:58:11 +0800] "GET /xingrg/kc/buy/cgsh_order_operate.html?command=get_materiel&rest_code=00111&code=00101008098&supplier_code=00100005&order_time=2023-05-22 HTTP/1.1" 200 412
180.157.254.191 - - [22/May/2023:09:58:13 +0800] "POST /xingrg/dwr/call/plaincall/AjaxCheckService.setItemNumber.dwr HTTP/1.1" 200 77
58.39.41.124 - - [22/May/2023:09:58:13 +0800] "GET /xingrg/all/function/internal_message.html?_=1684720694110&CODE_STATE=getMsg HTTP/1.1" 200 27
180.157.254.191 - - [22/May/2023:09:58:15 +0800] "POST /xingrg/dwr/call/plaincall/AjaxCheckService.setItemNumber.dwr HTTP/1.1" 200 77
180.157.254.191 - - [22/May/2023:09:58:17 +0800] "POST /xingrg/dwr/call/plaincall/AjaxCheckService.setItemNumber.dwr HTTP/1.1" 200 77
222.70.168.127 - - [22/May/2023:09:58:18 +0800] "GET /xingrg/kc/buy/cgsh_order_operate.html?command=get_materiel&rest_code=00146&code=00101008069&supplier_code=00100005&order_time=2023-05-22 HTTP/1.1" 200 412
180.164.3.199 - - [22/May/2023:09:58:19 +0800] "POST /xingrg/dwr/call/plaincall/AjaxCheckService.setItemNumber.dwr HTTP/1.1" 200 77
180.157.254.191 - - [22/May/2023:09:58:19 +0800] "POST /xingrg/dwr/call/plaincall/AjaxCheckService.setItemNumber.dwr HTTP/1.1" 200 77
180.164.3.199 - - [22/May/2023:09:58:20 +0800] "POST /xingrg/dwr/call/plaincall/AjaxCheckService.setItemNumber.dwr HTTP/1.1" 200 77
180.164.3.199 - - [22/May/2023:09:58:20 +0800] "POST /xingrg/dwr/call/plaincall/AjaxCheckService.setItemNumber.dwr HTTP/1.1" 200 77
180.164.3.199 - - [22/May/2023:09:58:21 +0800] "POST /xingrg/dwr/call/plaincall/AjaxCheckService.setItemNumber.dwr HTTP/1.1" 200 77
180.164.3.199 - - [22/May/2023:09:58:21 +0800] "POST /xingrg/dwr/call/plaincall/AjaxCheckService.setItemNumber.dwr HTTP/1.1" 200 77
180.164.3.199 - - [22/May/2023:09:58:22 +0800] "POST /xingrg/dwr/call/plaincall/AjaxCheckService.setItemNumber.dwr HTTP/1.1" 200 77
222.67.238.82 - - [22/May/2023:09:58:22 +0800] "GET /xingrg/all/function/internal_message.html?_=1684720215574&CODE_STATE=getMsg HTTP/1.1" 200 27
222.67.238.82 - - [22/May/2023:09:58:22 +0800] "GET /xingrg/check_reg.html?_=1684720215576 HTTP/1.1" 200 22
180.164.3.199 - - [22/May/2023:09:58:23 +0800] "POST /xingrg/dwr/call/plaincall/AjaxCheckService.setItemNumber.dwr HTTP/1.1" 200 77
116.232.195.127 - - [22/May/2023:09:58:23 +0800] "GET /xingrg/all/function/internal_message.html?_=1684720702974&CODE_STATE=getMsg HTTP/1.1" 200 27
180.164.3.199 - - [22/May/2023:09:58:24 +0800] "POST /xingrg/dwr/call/plaincall/AjaxCheckService.setItemNumber.dwr HTTP/1.1" 200 77
180.157.254.191 - - [22/May/2023:09:58:24 +0800] "POST /xingrg/dwr/call/plaincall/AjaxCheckService.setItemNumber.dwr HTTP/1.1" 200 77
114.83.218.112 - - [22/May/2023:09:58:24 +0800] "GET /xingrg/all/function/internal_message.html?_=1684720702760&CODE_STATE=getMsg HTTP/1.1" 200 27
114.83.218.112 - - [22/May/2023:09:58:24 +0800] "GET /xingrg/check_reg.html?_=1684720702765 HTTP/1.1" 200 22
180.164.3.199 - - [22/May/2023:09:58:25 +0800] "POST /xingrg/dwr/call/plaincall/AjaxCheckService.setItemNumber.dwr HTTP/1.1" 200 77
180.164.3.199 - - [22/May/2023:09:58:25 +0800] "POST /xingrg/dwr/call/plaincall/AjaxCheckService.setItemNumber.dwr HTTP/1.1" 200 77
180.164.3.199 - - [22/May/2023:09:58:27 +0800] "POST /xingrg/dwr/call/plaincall/AjaxCheckService.setItemNumber.dwr HTTP/1.1" 200 77
180.157.254.191 - - [22/May/2023:09:58:28 +0800] "POST /xingrg/dwr/call/plaincall/AjaxCheckService.setItemNumber.dwr HTTP/1.1" 200 77
180.171.122.0 - - [22/May/2023:09:58:29 +0800] "GET /xingrg/all/function/internal_message.html?_=1684720709139&CODE_STATE=getMsg HTTP/1.1" 200 27
180.157.254.191 - - [22/May/2023:09:58:30 +0800] "POST /xingrg/dwr/call/plaincall/AjaxCheckService.setItemNumber.dwr HTTP/1.1" 200 77
180.164.3.199 - - [22/May/2023:09:58:31 +0800] "POST /xingrg/dwr/call/plaincall/AjaxCheckService.setItemNumber.dwr HTTP/1.1" 200 77
222.70.168.127 - - [22/May/2023:09:58:32 +0800] "GET /xingrg/kc/buy/cgsh_order_operate.html?command=get_materiel&rest_code=00146&code=00101008286&supplier_code=00100005&order_time=2023-05-22 HTTP/1.1" 200 408
180.164.3.199 - - [22/May/2023:09:58:32 +0800] "POST /xingrg/dwr/call/plaincall/AjaxCheckService.setItemNumber.dwr HTTP/1.1" 200 77
180.164.3.199 - - [22/May/2023:09:58:33 +0800] "POST /xingrg/dwr/call/plaincall/AjaxCheckService.setItemNumber.dwr HTTP/1.1" 200 77
116.224.158.100 - - [22/May/2023:09:58:34 +0800] "GET /xingrg/all/function/internal_message.html?_=1684720547522&CODE_STATE=getMsg HTTP/1.1" 200 27
124.78.156.121 - - [22/May/2023:09:58:36 +0800] "GET /xingrg/all/function/internal_message.html?_=1684720711104&CODE_STATE=getMsg HTTP/1.1" 200 27
116.238.139.35 - - [22/May/2023:09:58:38 +0800] "GET /xingrg/all/function/internal_message.html?_=1684720716292&CODE_STATE=getMsg HTTP/1.1" 200 27
180.164.3.199 - - [22/May/2023:09:58:39 +0800] "POST /xingrg/dwr/call/plaincall/AjaxCheckService.setItemNumber.dwr HTTP/1.1" 200 77
180.157.254.191 - - [22/May/2023:09:58:39 +0800] "POST /xingrg/dwr/call/plaincall/AjaxCheckService.setItemNumber.dwr HTTP/1.1" 200 77
180.157.254.191 - - [22/May/2023:09:58:42 +0800] "POST /xingrg/dwr/call/plaincall/AjaxCheckService.setItemNumber.dwr HTTP/1.1" 200 77
180.157.254.191 - - [22/May/2023:09:58:45 +0800] "POST /xingrg/dwr/call/plaincall/AjaxCheckService.setItemNumber.dwr HTTP/1.1" 200 77
180.164.3.199 - - [22/May/2023:09:58:45 +0800] "POST /xingrg/dwr/call/plaincall/AjaxCheckService.saveOrder.dwr HTTP/1.1" 200 79
180.164.3.199 - - [22/May/2023:09:58:48 +0800] "POST /xingrg/dwr/call/plaincall/AjaxCheckService.loadOrderItems.dwr HTTP/1.1" 200 47682
222.70.168.127 - - [22/May/2023:09:58:48 +0800] "GET /xingrg/kc/buy/cgsh_order_operate.html?command=get_materiel&rest_code=00146&code=00101008036&supplier_code=00100005&order_time=2023-05-22 HTTP/1.1" 200 408
222.70.168.127 - - [22/May/2023:09:58:48 +0800] "GET /xingrg/all/function/internal_message.html?_=1684720730107&CODE_STATE=getMsg HTTP/1.1" 200 27
58.39.41.124 - - [22/May/2023:09:58:50 +0800] "GET /xingrg/all/function/internal_message.html?_=1684720732008&CODE_STATE=getMsg HTTP/1.1" 200 27
180.164.3.199 - - [22/May/2023:09:58:53 +0800] "GET /xingrg/kc/base/check_order_list.html?isBack=1 HTTP/1.1" 200 16227
180.164.3.199 - - [22/May/2023:09:58:53 +0800] "POST /xingrg/kc/base/check_list_operate.html HTTP/1.1" 200 2592
180.164.3.199 - - [22/May/2023:09:58:54 +0800] "GET /xingrg/all/function/internal_message.html?_=1684720733447&CODE_STATE=getMsg HTTP/1.1" 200 27
222.70.168.127 - - [22/May/2023:09:58:58 +0800] "GET /xingrg/kc/buy/cgsh_order_operate.html?command=get_materiel&rest_code=00146&code=00101008131&supplier_code=00100005&order_time=2023-05-22 HTTP/1.1" 200 409
180.157.254.191 - - [22/May/2023:09:59:00 +0800] "POST /xingrg/dwr/call/plaincall/AjaxCheckService.setItemNumber.dwr HTTP/1.1" 200 77
180.157.254.191 - - [22/May/2023:09:59:02 +0800] "POST /xingrg/dwr/call/plaincall/AjaxCheckService.setItemNumber.dwr HTTP/1.1" 200 77
180.157.254.191 - - [22/May/2023:09:59:02 +0800] "GET /xingrg/check_reg.html?_=1684720742209 HTTP/1.1" 200 22
180.157.254.191 - - [22/May/2023:09:59:02 +0800] "GET /xingrg/all/function/internal_message.html?_=1684720742209&CODE_STATE=getMsg HTTP/1.1" 200 27
116.232.195.127 - - [22/May/2023:09:59:03 +0800] "GET /xingrg/all/function/internal_message.html?_=1684720785734&CODE_STATE=getMsg HTTP/1.1" 200 27
180.157.254.191 - - [22/May/2023:09:59:07 +0800] "POST /xingrg/dwr/call/plaincall/AjaxCheckService.setItemNumber.dwr HTTP/1.1" 200 77
124.79.240.114 - - [22/May/2023:09:59:10 +0800] "GET /xingrg/all/function/internal_message.html?_=1684721028689&CODE_STATE=getMsg HTTP/1.1" 200 27
124.79.240.114 - - [22/May/2023:09:59:11 +0800] "GET /xingrg/check_reg.html?_=1684721029767 HTTP/1.1" 200 22
116.238.139.35 - - [22/May/2023:09:59:11 +0800] "GET /xingrg/check_reg.html?_=1684720668926 HTTP/1.1" 200 22
116.238.139.35 - - [22/May/2023:09:59:11 +0800] "GET /xingrg/all/function/internal_message.html?_=1684720669151&CODE_STATE=getMsg HTTP/1.1" 200 27
180.157.254.191 - - [22/May/2023:09:59:13 +0800] "POST /xingrg/dwr/call/plaincall/AjaxCheckService.setItemNumber.dwr HTTP/1.1" 200 77
58.39.41.124 - - [22/May/2023:09:59:13 +0800] "GET /xingrg/all/function/internal_message.html?_=1684720754106&CODE_STATE=getMsg HTTP/1.1" 200 27
180.157.254.191 - - [22/May/2023:09:59:19 +0800] "POST /xingrg/dwr/call/plaincall/AjaxCheckService.setItemNumber.dwr HTTP/1.1" 200 77
180.171.122.0 - - [22/May/2023:09:59:21 +0800] "POST /xingrg/kc/buy/cgsh_order_operate.html HTTP/1.1" 200 37
222.67.238.82 - - [22/May/2023:09:59:22 +0800] "GET /xingrg/all/function/internal_message.html?_=1684720275573&CODE_STATE=getMsg HTTP/1.1" 200 27
116.232.195.127 - - [22/May/2023:09:59:23 +0800] "GET /xingrg/all/function/internal_message.html?_=1684720762968&CODE_STATE=getMsg HTTP/1.1" 200 27
116.232.195.127 - - [22/May/2023:09:59:23 +0800] "GET /xingrg/check_reg.html?_=1684720763023 HTTP/1.1" 200 22
114.83.218.112 - - [22/May/2023:09:59:24 +0800] "GET /xingrg/all/function/internal_message.html?_=1684720762791&CODE_STATE=getMsg HTTP/1.1" 200 27
180.157.254.191 - - [22/May/2023:09:59:25 +0800] "POST /xingrg/dwr/call/plaincall/AjaxCheckService.setItemNumber.dwr HTTP/1.1" 200 77
116.238.139.35 - - [22/May/2023:09:59:27 +0800] "POST /xingrg/kc/buy/cgsh_order_operate.html HTTP/1.1" 200 37
180.171.122.0 - - [22/May/2023:09:59:27 +0800] "POST /xingrg/kc/buy/cgsh_order_operate.html HTTP/1.1" 200 37590
222.70.168.127 - - [22/May/2023:09:59:27 +0800] "GET /xingrg/kc/buy/cgsh_order_operate.html?command=get_materiel&rest_code=00146&code=00101008352&supplier_code=00100005&order_time=2023-05-22 HTTP/1.1" 200 412
180.171.122.0 - - [22/May/2023:09:59:29 +0800] "GET /xingrg/all/function/internal_message.html?_=1684720769122&CODE_STATE=getMsg HTTP/1.1" 200 27
180.157.254.191 - - [22/May/2023:09:59:29 +0800] "POST /xingrg/dwr/call/plaincall/AjaxCheckService.setItemNumber.dwr HTTP/1.1" 200 77
