114.83.218.112 - - [22/May/2023:10:45:55 +0800] "POST /xingrg/kc/buy/cgsh_order_operate.html HTTP/1.1" 200 12
116.224.158.100 - - [22/May/2023:10:45:55 +0800] "POST /xingrg/kc/base/wldb_order_operate.html HTTP/1.1" 200 2696
124.78.156.121 - - [22/May/2023:10:45:55 +0800] "POST /xingrg/kc/base/wldb_order_operate.html HTTP/1.1" 200 5719
124.78.156.121 - - [22/May/2023:10:45:55 +0800] "GET /xingrg/javascript/easyui/themes/default/validatebox.css HTTP/1.1" 404 1104
124.78.156.121 - - [22/May/2023:10:45:56 +0800] "POST /xingrg/kc/base/wldb_order_operate.html HTTP/1.1" 200 5719
124.78.156.121 - - [22/May/2023:10:45:56 +0800] "GET /xingrg/kc/buy/cgsh_order_info.html?code=212023052208211 HTTP/1.1" 200 66362
124.78.156.121 - - [22/May/2023:10:45:56 +0800] "GET /xingrg/javascript/easyui/themes/default/validatebox.css HTTP/1.1" 404 1104
222.67.238.82 - - [22/May/2023:10:45:56 +0800] "POST /xingrg/kc/buy/cgsh_list_operate.html HTTP/1.1" 200 986
124.78.156.121 - - [22/May/2023:10:45:57 +0800] "POST /xingrg/kc/buy/cgsh_order_operate.html HTTP/1.1" 200 21894
114.83.218.112 - - [22/May/2023:10:45:58 +0800] "GET /xingrg/kc/buy/cgsh_order_info.html?code=212023052208235 HTTP/1.1" 200 66446
114.83.218.112 - - [22/May/2023:10:45:58 +0800] "GET /xingrg/javascript/easyui/themes/default/validatebox.css HTTP/1.1" 404 1104
58.39.41.124 - - [22/May/2023:10:45:58 +0800] "POST /xingrg/services/DataTransmitService HTTP/1.1" 200 524
222.70.168.127 - - [22/May/2023:10:45:58 +0800] "GET /xingrg/check_reg.html?_=1684723560375 HTTP/1.1" 200 22
222.70.168.127 - - [22/May/2023:10:45:59 +0800] "GET /xingrg/all/function/internal_message.html?_=1684723560579&CODE_STATE=getMsg HTTP/1.1" 200 27
114.83.218.112 - - [22/May/2023:10:45:59 +0800] "POST /xingrg/kc/buy/cgsh_order_operate.html HTTP/1.1" 200 3765
124.78.156.121 - - [22/May/2023:10:46:00 +0800] "GET /xingrg/all/function/internal_message.html?_=1684723554714&CODE_STATE=getMsg HTTP/1.1" 200 27
116.232.195.127 - - [22/May/2023:10:46:00 +0800] "GET /xingrg/all/function/internal_message.html?_=1684723560527&CODE_STATE=getMsg HTTP/1.1" 302 -
222.67.238.82 - - [22/May/2023:10:46:01 +0800] "GET /xingrg/all/function/internal_message.html?_=1684723074187&CODE_STATE=getMsg HTTP/1.1" 200 27
116.232.195.127 - - [22/May/2023:10:46:01 +0800] "GET /xingrg/check_reg.html?_=1684723561107 HTTP/1.1" 302 -
114.83.218.112 - - [22/May/2023:10:46:01 +0800] "GET /xingrg/kc/print/load_config.html?kc_code=cgsh HTTP/1.1" 200 1924
114.83.218.112 - - [22/May/2023:10:46:02 +0800] "GET /xingrg/kc/print/load_data.html?order_code=212023052208235&kc_code=cgsh&condition= HTTP/1.1" 200 2094
116.232.195.127 - - [22/May/2023:10:46:03 +0800] "GET /xingrg/all/function/internal_message.html?_=1684723605712&CODE_STATE=getMsg HTTP/1.1" 302 -
222.70.168.127 - - [22/May/2023:10:46:04 +0800] "GET /xingrg/kc/buy/cgsh_order_operate.html?command=get_materiel&rest_code=00146&code=00101002006&supplier_code=00100199&order_time=2023-05-22 HTTP/1.1" 200 414
180.164.3.199 - - [22/May/2023:10:46:05 +0800] "GET /xingrg/check_reg.html?_=1684723564225 HTTP/1.1" 302 -
58.39.41.124 - - [22/May/2023:10:46:06 +0800] "GET /xingrg/check_reg.html?_=1684723567000 HTTP/1.1" 200 22
58.39.41.124 - - [22/May/2023:10:46:06 +0800] "GET /xingrg/all/function/internal_message.html?_=1684723567001&CODE_STATE=getMsg HTTP/1.1" 200 27
124.78.156.121 - - [22/May/2023:10:46:08 +0800] "GET /xingrg/kc/print/load_data.html?order_code=212023052208211&kc_code=cgsh&condition= HTTP/1.1" 200 8823
180.169.147.146 - - [22/May/2023:10:46:10 +0800] "GET /xingrg/check_reg.html?_=1684723571915 HTTP/1.1" 302 -
180.171.122.0 - - [22/May/2023:10:46:16 +0800] "GET /xingrg/all/function/internal_message.html?_=1684723576612&CODE_STATE=getMsg HTTP/1.1" 200 27
124.78.156.121 - - [22/May/2023:10:46:19 +0800] "GET /xingrg/kc/base/wldb_order_add.html HTTP/1.1" 200 30381
124.78.156.121 - - [22/May/2023:10:46:19 +0800] "POST /xingrg/kc/base/wldb_order_operate.html HTTP/1.1" 200 6806
124.78.156.121 - - [22/May/2023:10:46:19 +0800] "GET /xingrg/javascript/easyui/themes/default/validatebox.css HTTP/1.1" 404 1104
180.157.254.191 - - [22/May/2023:10:46:20 +0800] "GET /xingrg/check_reg.html?_=1684723580453 HTTP/1.1" 200 22
180.157.254.191 - - [22/May/2023:10:46:20 +0800] "GET /xingrg/all/function/internal_message.html?_=1684723580484&CODE_STATE=getMsg HTTP/1.1" 200 27
101.229.22.40 - - [22/May/2023:10:46:20 +0800] "POST /xingrg/login.do HTTP/1.1" 302 -
222.70.168.127 - - [22/May/2023:10:46:20 +0800] "GET /xingrg/kc/buy/cgsh_order_operate.html?command=get_materiel&rest_code=00146&code=00101003035&supplier_code=00100199&order_time=2023-05-22 HTTP/1.1" 200 411
101.229.22.40 - - [22/May/2023:10:46:21 +0800] "GET /xingrg/index.html?sysBaseUrl=http%3A%2F%2F180.169.147.146%3A18081%2Fxingrg%2F&costTime=1286×tamp=1684723580896 HTTP/1.1" 200 17179
101.229.22.40 - - [22/May/2023:10:46:21 +0800] "GET /xingrg/javascript/jquery_easy_ui/themes/default/easyui.css HTTP/1.1" 304 -
101.229.22.40 - - [22/May/2023:10:46:21 +0800] "GET /xingrg/javascript/jquery_easy_ui/themes/icon.css HTTP/1.1" 304 -
101.229.22.40 - - [22/May/2023:10:46:21 +0800] "GET /xingrg/css/form.css HTTP/1.1" 304 -
101.229.22.40 - - [22/May/2023:10:46:21 +0800] "GET /xingrg/javascript/jquery-1.4.2.min.js HTTP/1.1" 304 -
101.229.22.40 - - [22/May/2023:10:46:21 +0800] "GET /xingrg/javascript/jquery.form.js HTTP/1.1" 304 -
101.229.22.40 - - [22/May/2023:10:46:21 +0800] "GET /xingrg/javascript/jquery.utils.js HTTP/1.1" 304 -
101.229.22.40 - - [22/May/2023:10:46:21 +0800] "GET /xingrg/javascript/jquery.timers.js HTTP/1.1" 304 -
101.229.22.40 - - [22/May/2023:10:46:21 +0800] "GET /xingrg/javascript/jquery_easy_ui/easyui-lang-zh_CN.js HTTP/1.1" 304 -
101.229.22.40 - - [22/May/2023:10:46:21 +0800] "GET /xingrg/javascript/jquery_easy_ui/jquery.easyui.min.js HTTP/1.1" 304 -
101.229.22.40 - - [22/May/2023:10:46:21 +0800] "GET /favicon.ico HTTP/1.1" 404 -
101.229.22.40 - - [22/May/2023:10:46:21 +0800] "GET /xingrg/images/blue/navBackgound.jpg HTTP/1.1" 304 -
101.229.22.40 - - [22/May/2023:10:46:21 +0800] "GET /xingrg/javascript/jquery_easy_ui/themes/icons/settle_new.png HTTP/1.1" 304 -
101.229.22.40 - - [22/May/2023:10:46:21 +0800] "GET /xingrg/check_reg.html?_=1684723581300 HTTP/1.1" 200 22
101.229.22.40 - - [22/May/2023:10:46:21 +0800] "GET /xingrg/images/blue/pingpu.png HTTP/1.1" 304 -
101.229.22.40 - - [22/May/2023:10:46:21 +0800] "GET /xingrg/javascript/jquery_easy_ui/themes/default/images/tabs_leftarrow.png HTTP/1.1" 304 -
101.229.22.40 - - [22/May/2023:10:46:21 +0800] "GET /xingrg/javascript/jquery_easy_ui/themes/default/images/tabs_rightarrow.png HTTP/1.1" 304 -
101.229.22.40 - - [22/May/2023:10:46:21 +0800] "GET /xingrg/javascript/jquery_easy_ui/themes/default/images/panel_tool_collapse.gif HTTP/1.1" 304 -
124.78.156.121 - - [22/May/2023:10:46:21 +0800] "POST /xingrg/all/common/load_combo.html?type=base HTTP/1.1" 200 3227
101.229.22.40 - - [22/May/2023:10:46:21 +0800] "GET /xingrg/all/function/internal_message.html?_=1684723581299&CODE_STATE=count HTTP/1.1" 200 11
101.229.22.40 - - [22/May/2023:10:46:21 +0800] "POST /xingrg/all/common/load_tree.html?tree=area_rest_tree_json&manage=1 HTTP/1.1" 200 351
101.229.22.40 - - [22/May/2023:10:46:21 +0800] "POST /xingrg/load_menu.html HTTP/1.1" 200 5138
101.229.22.40 - - [22/May/2023:10:46:22 +0800] "GET /xingrg/javascript/jquery_easy_ui/themes/icons/search_new.png HTTP/1.1" 304 -
101.229.22.40 - - [22/May/2023:10:46:22 +0800] "GET /xingrg/javascript/jquery_easy_ui/themes/default/images/tree_folder.gif HTTP/1.1" 304 -
101.229.22.40 - - [22/May/2023:10:46:22 +0800] "GET /xingrg/javascript/jquery_easy_ui/themes/default/images/tree_folder_open.gif HTTP/1.1" 304 -
101.229.22.40 - - [22/May/2023:10:46:22 +0800] "GET /xingrg/javascript/jquery_easy_ui/themes/icons/storage_new.png HTTP/1.1" 304 -
101.229.22.40 - - [22/May/2023:10:46:22 +0800] "GET /xingrg/javascript/jquery_easy_ui/themes/default/images/tree_arrows.gif HTTP/1.1" 304 -
101.229.22.40 - - [22/May/2023:10:46:22 +0800] "GET /xingrg/javascript/jquery_easy_ui/themes/icons/forms_new.png HTTP/1.1" 304 -
101.229.22.40 - - [22/May/2023:10:46:22 +0800] "GET /xingrg/javascript/jquery_easy_ui/themes/default/images/tree_file.gif HTTP/1.1" 304 -
114.83.218.112 - - [22/May/2023:10:46:22 +0800] "GET /xingrg/kc/buy/cgsh_order_add.html HTTP/1.1" 200 71539
58.39.41.124 - - [22/May/2023:10:46:22 +0800] "POST /xingrg/services/DataTransmitService HTTP/1.1" 200 501
114.83.218.112 - - [22/May/2023:10:46:22 +0800] "POST /xingrg/kc/buy/cgsh_order_operate.html HTTP/1.1" 200 8245
114.83.218.112 - - [22/May/2023:10:46:22 +0800] "GET /xingrg/javascript/easyui/themes/default/validatebox.css HTTP/1.1" 404 1104
124.79.74.67 - - [22/May/2023:10:46:23 +0800] "GET /xingrg/all/function/internal_message.html?_=1684723583446&CODE_STATE=getMsg HTTP/1.1" 200 27
58.39.41.124 - - [22/May/2023:10:46:23 +0800] "POST /xingrg/services/DataTransmitService HTTP/1.1" 200 501
101.229.22.40 - - [22/May/2023:10:46:25 +0800] "GET /xingrg/javascript/jquery_easy_ui/themes/icons/area.png HTTP/1.1" 304 -
101.229.22.40 - - [22/May/2023:10:46:25 +0800] "GET /xingrg/javascript/jquery_easy_ui/themes/icons/rest.png HTTP/1.1" 304 -
124.78.156.121 - - [22/May/2023:10:46:25 +0800] "POST /xingrg/all/common/load_combo.html?type=base HTTP/1.1" 200 3227
180.157.254.191 - - [22/May/2023:10:46:26 +0800] "GET /xingrg/kc/buy/cgsh_order_operate.html?command=get_materiel&rest_code=00148&code=00101008323&supplier_code=00100008&order_time=2023-05-22 HTTP/1.1" 200 408
124.79.74.67 - - [22/May/2023:10:46:30 +0800] "POST /xingrg/dwr/call/plaincall/AjaxCheckService.setItemNumber.dwr HTTP/1.1" 200 76
124.79.74.67 - - [22/May/2023:10:46:31 +0800] "POST /xingrg/dwr/call/plaincall/AjaxCheckService.setItemNumber.dwr HTTP/1.1" 200 76
124.79.74.67 - - [22/May/2023:10:46:32 +0800] "POST /xingrg/dwr/call/plaincall/AjaxCheckService.setItemNumber.dwr HTTP/1.1" 200 76
124.79.74.67 - - [22/May/2023:10:46:32 +0800] "POST /xingrg/dwr/call/plaincall/AjaxCheckService.setItemNumber.dwr HTTP/1.1" 200 76
124.79.74.67 - - [22/May/2023:10:46:32 +0800] "POST /xingrg/dwr/call/plaincall/AjaxCheckService.setItemNumber.dwr HTTP/1.1" 200 76
124.79.74.67 - - [22/May/2023:10:46:33 +0800] "POST /xingrg/dwr/call/plaincall/AjaxCheckService.setItemNumber.dwr HTTP/1.1" 200 76
124.79.74.67 - - [22/May/2023:10:46:34 +0800] "POST /xingrg/dwr/call/plaincall/AjaxCheckService.setItemNumber.dwr HTTP/1.1" 200 76
124.79.74.67 - - [22/May/2023:10:46:34 +0800] "POST /xingrg/dwr/call/plaincall/AjaxCheckService.setItemNumber.dwr HTTP/1.1" 200 76
124.79.74.67 - - [22/May/2023:10:46:34 +0800] "POST /xingrg/dwr/call/plaincall/AjaxCheckService.setItemNumber.dwr HTTP/1.1" 200 76
124.79.74.67 - - [22/May/2023:10:46:35 +0800] "POST /xingrg/dwr/call/plaincall/AjaxCheckService.setItemNumber.dwr HTTP/1.1" 200 77
124.79.74.67 - - [22/May/2023:10:46:35 +0800] "POST /xingrg/dwr/call/plaincall/AjaxCheckService.setItemNumber.dwr HTTP/1.1" 200 77
124.79.74.67 - - [22/May/2023:10:46:35 +0800] "POST /xingrg/dwr/call/plaincall/AjaxCheckService.setItemNumber.dwr HTTP/1.1" 200 77
124.79.74.67 - - [22/May/2023:10:46:36 +0800] "POST /xingrg/dwr/call/plaincall/AjaxCheckService.setItemNumber.dwr HTTP/1.1" 200 77
124.79.74.67 - - [22/May/2023:10:46:36 +0800] "POST /xingrg/dwr/call/plaincall/AjaxCheckService.setItemNumber.dwr HTTP/1.1" 200 77
124.79.74.67 - - [22/May/2023:10:46:37 +0800] "POST /xingrg/dwr/call/plaincall/AjaxCheckService.setItemNumber.dwr HTTP/1.1" 200 77
124.79.74.67 - - [22/May/2023:10:46:37 +0800] "POST /xingrg/dwr/call/plaincall/AjaxCheckService.setItemNumber.dwr HTTP/1.1" 200 77
124.79.74.67 - - [22/May/2023:10:46:37 +0800] "POST /xingrg/dwr/call/plaincall/AjaxCheckService.setItemNumber.dwr HTTP/1.1" 200 77
124.79.74.67 - - [22/May/2023:10:46:38 +0800] "POST /xingrg/dwr/call/plaincall/AjaxCheckService.setItemNumber.dwr HTTP/1.1" 200 77
124.79.74.67 - - [22/May/2023:10:46:38 +0800] "POST /xingrg/dwr/call/plaincall/AjaxCheckService.setItemNumber.dwr HTTP/1.1" 200 77
124.79.74.67 - - [22/May/2023:10:46:39 +0800] "POST /xingrg/dwr/call/plaincall/AjaxCheckService.setItemNumber.dwr HTTP/1.1" 200 77
222.67.238.82 - - [22/May/2023:10:46:39 +0800] "GET /xingrg/kc/buy/cgsh_order_add.html HTTP/1.1" 200 71451
222.67.238.82 - - [22/May/2023:10:46:39 +0800] "GET /xingrg/javascript/jquery_tools/order_manager.js HTTP/1.1" 200 11183
222.67.238.82 - - [22/May/2023:10:46:39 +0800] "GET /xingrg/javascript/json2.js HTTP/1.1" 200 11259
222.67.238.82 - - [22/May/2023:10:46:39 +0800] "GET /xingrg/words/20230521105100_words.js HTTP/1.1" 200 965364
222.67.238.82 - - [22/May/2023:10:46:39 +0800] "GET /xingrg/javascript/easyui/themes/icons/template_new.png HTTP/1.1" 200 3956
222.67.238.82 - - [22/May/2023:10:46:39 +0800] "GET /xingrg/javascript/easyui/themes/icons/ok.png HTTP/1.1" 200 883
222.67.238.82 - - [22/May/2023:10:46:39 +0800] "GET /xingrg/javascript/easyui/themes/icons/cancel.png HTTP/1.1" 200 1133
222.67.238.82 - - [22/May/2023:10:46:39 +0800] "GET /xingrg/javascript/easyui/themes/icons/print.png HTTP/1.1" 200 1057
222.67.238.82 - - [22/May/2023:10:46:39 +0800] "GET /xingrg/javascript/easyui/themes/icons/copy_new.png HTTP/1.1" 200 815
222.67.238.82 - - [22/May/2023:10:46:39 +0800] "GET /xingrg/javascript/easyui/themes/default/images/menu_downarrow.png HTTP/1.1" 200 173
124.79.74.67 - - [22/May/2023:10:46:39 +0800] "POST /xingrg/dwr/call/plaincall/AjaxCheckService.setItemNumber.dwr HTTP/1.1" 200 77
222.67.238.82 - - [22/May/2023:10:46:40 +0800] "POST /xingrg/kc/buy/cgsh_order_operate.html HTTP/1.1" 200 8245
222.67.238.82 - - [22/May/2023:10:46:40 +0800] "GET /xingrg/javascript/easyui/themes/default/validatebox.css HTTP/1.1" 404 1104
222.67.238.82 - - [22/May/2023:10:46:40 +0800] "GET /xingrg/javascript/easyui/plugins/jquery.validatebox.js HTTP/1.1" 200 6103
222.67.238.82 - - [22/May/2023:10:46:40 +0800] "GET /xingrg/javascript/easyui/plugins/jquery.numberbox.js HTTP/1.1" 200 5213
222.67.238.82 - - [22/May/2023:10:46:40 +0800] "GET /xingrg/javascript/easyui/themes/icons/edit_remove.png HTTP/1.1" 200 625
222.67.238.82 - - [22/May/2023:10:46:40 +0800] "GET /xingrg/all/common/auto_word.html?type=employee&rest_code=00141 HTTP/1.1" 200 201
222.67.238.82 - - [22/May/2023:10:46:40 +0800] "GET /xingrg/all/common/auto_word.html?type=employee&rest_code=00141 HTTP/1.1" 200 201
124.79.74.67 - - [22/May/2023:10:46:40 +0800] "POST /xingrg/dwr/call/plaincall/AjaxCheckService.setItemNumber.dwr HTTP/1.1" 200 77
124.79.74.67 - - [22/May/2023:10:46:40 +0800] "POST /xingrg/dwr/call/plaincall/AjaxCheckService.setItemNumber.dwr HTTP/1.1" 200 77
124.79.74.67 - - [22/May/2023:10:46:40 +0800] "POST /xingrg/dwr/call/plaincall/AjaxCheckService.setItemNumber.dwr HTTP/1.1" 200 77
124.79.74.67 - - [22/May/2023:10:46:41 +0800] "POST /xingrg/dwr/call/plaincall/AjaxCheckService.setItemNumber.dwr HTTP/1.1" 200 77
124.79.74.67 - - [22/May/2023:10:46:41 +0800] "POST /xingrg/dwr/call/plaincall/AjaxCheckService.setItemNumber.dwr HTTP/1.1" 200 77
124.79.74.67 - - [22/May/2023:10:46:41 +0800] "POST /xingrg/dwr/call/plaincall/AjaxCheckService.setItemNumber.dwr HTTP/1.1" 200 77
116.224.158.100 - - [22/May/2023:10:46:42 +0800] "GET /xingrg/all/function/internal_message.html?_=1684723435848&CODE_STATE=getMsg HTTP/1.1" 200 27
124.79.74.67 - - [22/May/2023:10:46:42 +0800] "POST /xingrg/dwr/call/plaincall/AjaxCheckService.setItemNumber.dwr HTTP/1.1" 200 77
124.79.74.67 - - [22/May/2023:10:46:42 +0800] "POST /xingrg/dwr/call/plaincall/AjaxCheckService.setItemNumber.dwr HTTP/1.1" 200 77
124.79.74.67 - - [22/May/2023:10:46:43 +0800] "POST /xingrg/dwr/call/plaincall/AjaxCheckService.setItemNumber.dwr HTTP/1.1" 200 77
180.157.254.191 - - [22/May/2023:10:46:43 +0800] "GET /xingrg/kc/buy/cgsh_order_operate.html?command=get_materiel&rest_code=00148&code=00101008302&supplier_code=00100008&order_time=2023-05-22 HTTP/1.1" 200 412
124.79.74.67 - - [22/May/2023:10:46:43 +0800] "POST /xingrg/dwr/call/plaincall/AjaxCheckService.setItemNumber.dwr HTTP/1.1" 200 77
124.79.74.67 - - [22/May/2023:10:46:44 +0800] "POST /xingrg/dwr/call/plaincall/AjaxCheckService.setItemNumber.dwr HTTP/1.1" 200 77
124.79.74.67 - - [22/May/2023:10:46:44 +0800] "POST /xingrg/dwr/call/plaincall/AjaxCheckService.setItemNumber.dwr HTTP/1.1" 200 77
58.39.41.124 - - [22/May/2023:10:46:44 +0800] "GET /xingrg/all/function/internal_message.html?_=1684723606601&CODE_STATE=getMsg HTTP/1.1" 200 27
124.79.74.67 - - [22/May/2023:10:46:44 +0800] "POST /xingrg/dwr/call/plaincall/AjaxCheckService.setItemNumber.dwr HTTP/1.1" 200 77
124.79.74.67 - - [22/May/2023:10:46:45 +0800] "POST /xingrg/dwr/call/plaincall/AjaxCheckService.setItemNumber.dwr HTTP/1.1" 200 77
124.79.74.67 - - [22/May/2023:10:46:45 +0800] "POST /xingrg/dwr/call/plaincall/AjaxCheckService.setItemNumber.dwr HTTP/1.1" 200 77
124.79.74.67 - - [22/May/2023:10:46:46 +0800] "POST /xingrg/dwr/call/plaincall/AjaxCheckService.setItemNumber.dwr HTTP/1.1" 200 77
124.79.74.67 - - [22/May/2023:10:46:46 +0800] "POST /xingrg/dwr/call/plaincall/AjaxCheckService.setItemNumber.dwr HTTP/1.1" 200 77
124.79.74.67 - - [22/May/2023:10:46:47 +0800] "POST /xingrg/dwr/call/plaincall/AjaxCheckService.setItemNumber.dwr HTTP/1.1" 200 77
124.79.74.67 - - [22/May/2023:10:46:47 +0800] "POST /xingrg/dwr/call/plaincall/AjaxCheckService.setItemNumber.dwr HTTP/1.1" 200 77
124.79.74.67 - - [22/May/2023:10:46:47 +0800] "POST /xingrg/dwr/call/plaincall/AjaxCheckService.setItemNumber.dwr HTTP/1.1" 200 77
124.79.74.67 - - [22/May/2023:10:46:48 +0800] "POST /xingrg/dwr/call/plaincall/AjaxCheckService.setItemNumber.dwr HTTP/1.1" 200 77
124.79.74.67 - - [22/May/2023:10:46:48 +0800] "POST /xingrg/dwr/call/plaincall/AjaxCheckService.setItemNumber.dwr HTTP/1.1" 200 77
124.79.74.67 - - [22/May/2023:10:46:49 +0800] "POST /xingrg/dwr/call/plaincall/AjaxCheckService.setItemNumber.dwr HTTP/1.1" 200 77
114.83.218.112 - - [22/May/2023:10:46:49 +0800] "GET /xingrg/all/function/internal_message.html?_=1684723607725&CODE_STATE=getMsg HTTP/1.1" 200 27
124.79.74.67 - - [22/May/2023:10:46:49 +0800] "POST /xingrg/dwr/call/plaincall/AjaxCheckService.setItemNumber.dwr HTTP/1.1" 200 77
124.79.74.67 - - [22/May/2023:10:46:50 +0800] "POST /xingrg/dwr/call/plaincall/AjaxCheckService.setItemNumber.dwr HTTP/1.1" 200 77
124.79.74.67 - - [22/May/2023:10:46:50 +0800] "POST /xingrg/dwr/call/plaincall/AjaxCheckService.setItemNumber.dwr HTTP/1.1" 200 77
124.79.74.67 - - [22/May/2023:10:46:51 +0800] "POST /xingrg/dwr/call/plaincall/AjaxCheckService.setItemNumber.dwr HTTP/1.1" 200 77
222.67.238.82 - - [22/May/2023:10:46:51 +0800] "GET /xingrg/javascript/auto/indicator.gif HTTP/1.1" 404 1066
58.39.41.124 - - [22/May/2023:10:46:51 +0800] "POST /xingrg/services/DataTransmitService HTTP/1.1" 200 501
124.79.74.67 - - [22/May/2023:10:46:51 +0800] "POST /xingrg/dwr/call/plaincall/AjaxCheckService.setItemNumber.dwr HTTP/1.1" 200 77
222.70.168.127 - - [22/May/2023:10:46:52 +0800] "GET /xingrg/kc/buy/cgsh_order_operate.html?command=get_materiel&rest_code=00146&code=00101003006&supplier_code=00100199&order_time=2023-05-22 HTTP/1.1" 200 414
180.164.3.199 - - [22/May/2023:10:46:53 +0800] "GET /xingrg/all/function/internal_message.html?_=1684723612702&CODE_STATE=getMsg HTTP/1.1" 302 -
222.67.238.82 - - [22/May/2023:10:46:53 +0800] "GET /xingrg/javascript/jquery_tools/images/next.gif HTTP/1.1" 404 1086
222.67.238.82 - - [22/May/2023:10:46:53 +0800] "GET /xingrg/javascript/jquery_tools/images/prev.gif HTTP/1.1" 404 1086
124.78.156.121 - - [22/May/2023:10:46:54 +0800] "GET /xingrg/check_reg.html?_=1684723614399 HTTP/1.1" 200 22
124.78.156.121 - - [22/May/2023:10:46:54 +0800] "GET /xingrg/all/function/internal_message.html?_=1684723614791&CODE_STATE=getMsg HTTP/1.1" 200 27
114.83.218.112 - - [22/May/2023:10:46:55 +0800] "GET /xingrg/kc/buy/cgsh_order_operate.html?command=get_materiel&rest_code=00149&code=00101009109&supplier_code=00100201&order_time=2023-05-22 HTTP/1.1" 200 413
124.79.74.67 - - [22/May/2023:10:46:55 +0800] "POST /xingrg/dwr/call/plaincall/AjaxCheckService.setItemNumber.dwr HTTP/1.1" 200 77
124.79.74.67 - - [22/May/2023:10:46:56 +0800] "POST /xingrg/dwr/call/plaincall/AjaxCheckService.setItemNumber.dwr HTTP/1.1" 200 77
124.79.74.67 - - [22/May/2023:10:46:56 +0800] "POST /xingrg/dwr/call/plaincall/AjaxCheckService.setItemNumber.dwr HTTP/1.1" 200 77
124.79.74.67 - - [22/May/2023:10:46:57 +0800] "POST /xingrg/dwr/call/plaincall/AjaxCheckService.setItemNumber.dwr HTTP/1.1" 200 77
180.157.254.191 - - [22/May/2023:10:46:57 +0800] "GET /xingrg/kc/buy/cgsh_order_operate.html?command=get_materiel&rest_code=00148&code=00101008210&supplier_code=00100008&order_time=2023-05-22 HTTP/1.1" 200 408
124.79.74.67 - - [22/May/2023:10:46:57 +0800] "POST /xingrg/dwr/call/plaincall/AjaxCheckService.setItemNumber.dwr HTTP/1.1" 200 77
124.79.74.67 - - [22/May/2023:10:46:57 +0800] "POST /xingrg/dwr/call/plaincall/AjaxCheckService.setItemNumber.dwr HTTP/1.1" 200 77
124.79.74.67 - - [22/May/2023:10:46:58 +0800] "POST /xingrg/dwr/call/plaincall/AjaxCheckService.setItemNumber.dwr HTTP/1.1" 200 77
124.79.74.67 - - [22/May/2023:10:46:58 +0800] "POST /xingrg/dwr/call/plaincall/AjaxCheckService.setItemNumber.dwr HTTP/1.1" 200 77
222.70.168.127 - - [22/May/2023:10:46:59 +0800] "GET /xingrg/all/function/internal_message.html?_=1684723620588&CODE_STATE=getMsg HTTP/1.1" 200 27
172.20.0.100 - - [22/May/2023:10:46:59 +0800] "GET /xingrg/check_reg.html?_=1684723620275 HTTP/1.1" 302 -
124.79.74.67 - - [22/May/2023:10:46:59 +0800] "POST /xingrg/dwr/call/plaincall/AjaxCheckService.setItemNumber.dwr HTTP/1.1" 200 77
124.79.74.67 - - [22/May/2023:10:46:59 +0800] "POST /xingrg/dwr/call/plaincall/AjaxCheckService.setItemNumber.dwr HTTP/1.1" 200 77
124.79.74.67 - - [22/May/2023:10:46:59 +0800] "POST /xingrg/dwr/call/plaincall/AjaxCheckService.setItemNumber.dwr HTTP/1.1" 200 77
124.78.156.121 - - [22/May/2023:10:47:00 +0800] "GET /xingrg/all/function/internal_message.html?_=1684723614633&CODE_STATE=getMsg HTTP/1.1" 200 27
124.79.74.67 - - [22/May/2023:10:47:00 +0800] "POST /xingrg/dwr/call/plaincall/AjaxCheckService.setItemNumber.dwr HTTP/1.1" 200 77
116.232.195.127 - - [22/May/2023:10:47:00 +0800] "GET /xingrg/all/function/internal_message.html?_=1684723620493&CODE_STATE=getMsg HTTP/1.1" 302 -
124.79.74.67 - - [22/May/2023:10:47:00 +0800] "POST /xingrg/dwr/call/plaincall/AjaxCheckService.setItemNumber.dwr HTTP/1.1" 200 77
124.79.74.67 - - [22/May/2023:10:47:01 +0800] "POST /xingrg/dwr/call/plaincall/AjaxCheckService.setItemNumber.dwr HTTP/1.1" 200 77
222.67.238.82 - - [22/May/2023:10:47:01 +0800] "GET /xingrg/all/function/internal_message.html?_=1684723134181&CODE_STATE=getMsg HTTP/1.1" 200 27
124.79.74.67 - - [22/May/2023:10:47:01 +0800] "POST /xingrg/dwr/call/plaincall/AjaxCheckService.setItemNumber.dwr HTTP/1.1" 200 77
124.79.74.67 - - [22/May/2023:10:47:01 +0800] "POST /xingrg/dwr/call/plaincall/AjaxCheckService.setItemNumber.dwr HTTP/1.1" 200 77
124.79.74.67 - - [22/May/2023:10:47:02 +0800] "POST /xingrg/dwr/call/plaincall/AjaxCheckService.setItemNumber.dwr HTTP/1.1" 200 77
124.79.74.67 - - [22/May/2023:10:47:02 +0800] "POST /xingrg/dwr/call/plaincall/AjaxCheckService.setItemNumber.dwr HTTP/1.1" 200 77
116.232.195.127 - - [22/May/2023:10:47:03 +0800] "GET /xingrg/all/function/internal_message.html?_=1684723665717&CODE_STATE=getMsg HTTP/1.1" 302 -
116.232.195.127 - - [22/May/2023:10:47:03 +0800] "GET /xingrg/check_reg.html?_=1684723665718 HTTP/1.1" 302 -
222.67.238.82 - - [22/May/2023:10:47:03 +0800] "GET /xingrg/kc/buy/cgsh_order_operate.html?command=get_materiel&rest_code=00141&code=00101007081&supplier_code=00100004&order_time=2023-05-22 HTTP/1.1" 200 413
124.79.74.67 - - [22/May/2023:10:47:03 +0800] "POST /xingrg/dwr/call/plaincall/AjaxCheckService.setItemNumber.dwr HTTP/1.1" 200 77
124.79.74.67 - - [22/May/2023:10:47:04 +0800] "POST /xingrg/dwr/call/plaincall/AjaxCheckService.setItemNumber.dwr HTTP/1.1" 200 77
124.79.74.67 - - [22/May/2023:10:47:04 +0800] "POST /xingrg/dwr/call/plaincall/AjaxCheckService.setItemNumber.dwr HTTP/1.1" 200 77
124.79.74.67 - - [22/May/2023:10:47:05 +0800] "POST /xingrg/dwr/call/plaincall/AjaxCheckService.setItemNumber.dwr HTTP/1.1" 200 77
124.79.74.67 - - [22/May/2023:10:47:05 +0800] "POST /xingrg/dwr/call/plaincall/AjaxCheckService.setItemNumber.dwr HTTP/1.1" 200 77
180.157.254.191 - - [22/May/2023:10:47:05 +0800] "GET /xingrg/kc/buy/cgsh_order_operate.html?command=get_materiel&rest_code=00148&code=00101008185&supplier_code=00100008&order_time=2023-05-22 HTTP/1.1" 200 408
114.83.218.112 - - [22/May/2023:10:47:05 +0800] "GET /xingrg/kc/buy/cgsh_order_operate.html?command=get_materiel&rest_code=00149&code=00101009062&supplier_code=00100201&order_time=2023-05-22 HTTP/1.1" 200 412
124.79.74.67 - - [22/May/2023:10:47:06 +0800] "POST /xingrg/dwr/call/plaincall/AjaxCheckService.setItemNumber.dwr HTTP/1.1" 200 77
58.39.41.124 - - [22/May/2023:10:47:06 +0800] "GET /xingrg/all/function/internal_message.html?_=1684723626991&CODE_STATE=getMsg HTTP/1.1" 200 27
124.79.74.67 - - [22/May/2023:10:47:10 +0800] "POST /xingrg/dwr/call/plaincall/AjaxCheckService.setItemNumber.dwr HTTP/1.1" 200 77
124.79.74.67 - - [22/May/2023:10:47:11 +0800] "POST /xingrg/dwr/call/plaincall/AjaxCheckService.setItemNumber.dwr HTTP/1.1" 200 77
124.79.74.67 - - [22/May/2023:10:47:11 +0800] "POST /xingrg/dwr/call/plaincall/AjaxCheckService.setItemNumber.dwr HTTP/1.1" 200 77
124.79.74.67 - - [22/May/2023:10:47:12 +0800] "POST /xingrg/dwr/call/plaincall/AjaxCheckService.setItemNumber.dwr HTTP/1.1" 200 77
124.79.74.67 - - [22/May/2023:10:47:12 +0800] "POST /xingrg/dwr/call/plaincall/AjaxCheckService.setItemNumber.dwr HTTP/1.1" 200 77
124.79.74.67 - - [22/May/2023:10:47:13 +0800] "POST /xingrg/dwr/call/plaincall/AjaxCheckService.setItemNumber.dwr HTTP/1.1" 200 77
124.79.74.67 - - [22/May/2023:10:47:13 +0800] "POST /xingrg/dwr/call/plaincall/AjaxCheckService.setItemNumber.dwr HTTP/1.1" 200 77
124.79.74.67 - - [22/May/2023:10:47:13 +0800] "POST /xingrg/dwr/call/plaincall/AjaxCheckService.setItemNumber.dwr HTTP/1.1" 200 77
124.79.74.67 - - [22/May/2023:10:47:14 +0800] "POST /xingrg/dwr/call/plaincall/AjaxCheckService.setItemNumber.dwr HTTP/1.1" 200 77
124.79.74.67 - - [22/May/2023:10:47:14 +0800] "POST /xingrg/dwr/call/plaincall/AjaxCheckService.setItemNumber.dwr HTTP/1.1" 200 77
124.79.74.67 - - [22/May/2023:10:47:14 +0800] "POST /xingrg/dwr/call/plaincall/AjaxCheckService.setItemNumber.dwr HTTP/1.1" 200 77
124.79.74.67 - - [22/May/2023:10:47:15 +0800] "POST /xingrg/dwr/call/plaincall/AjaxCheckService.setItemNumber.dwr HTTP/1.1" 200 77
124.79.74.67 - - [22/May/2023:10:47:16 +0800] "POST /xingrg/dwr/call/plaincall/AjaxCheckService.setItemNumber.dwr HTTP/1.1" 200 77
124.79.74.67 - - [22/May/2023:10:47:16 +0800] "POST /xingrg/dwr/call/plaincall/AjaxCheckService.setItemNumber.dwr HTTP/1.1" 200 77
222.70.168.127 - - [22/May/2023:10:47:16 +0800] "POST /xingrg/kc/buy/cgsh_order_operate.html HTTP/1.1" 200 37
180.157.254.191 - - [22/May/2023:10:47:16 +0800] "GET /xingrg/kc/buy/cgsh_order_operate.html?command=get_materiel&rest_code=00148&code=00101008010&supplier_code=00100008&order_time=2023-05-22 HTTP/1.1" 200 412
180.171.122.0 - - [22/May/2023:10:47:16 +0800] "GET /xingrg/all/function/internal_message.html?_=1684723636622&CODE_STATE=getMsg HTTP/1.1" 200 27
124.79.74.67 - - [22/May/2023:10:47:17 +0800] "POST /xingrg/dwr/call/plaincall/AjaxCheckService.setItemNumber.dwr HTTP/1.1" 200 77
124.79.74.67 - - [22/May/2023:10:47:17 +0800] "POST /xingrg/dwr/call/plaincall/AjaxCheckService.setItemNumber.dwr HTTP/1.1" 200 77
124.79.74.67 - - [22/May/2023:10:47:18 +0800] "POST /xingrg/dwr/call/plaincall/AjaxCheckService.setItemNumber.dwr HTTP/1.1" 200 77
124.79.74.67 - - [22/May/2023:10:47:18 +0800] "POST /xingrg/dwr/call/plaincall/AjaxCheckService.setItemNumber.dwr HTTP/1.1" 200 77
222.67.238.82 - - [22/May/2023:10:47:18 +0800] "GET /xingrg/kc/buy/cgsh_order_operate.html?command=get_materiel&rest_code=00141&code=00101007071&supplier_code=00100004&order_time=2023-05-22 HTTP/1.1" 200 417
114.83.218.112 - - [22/May/2023:10:47:18 +0800] "GET /xingrg/kc/buy/cgsh_order_operate.html?command=get_materiel&rest_code=00149&code=00101009011&supplier_code=00100201&order_time=2023-05-22 HTTP/1.1" 200 416
124.79.74.67 - - [22/May/2023:10:47:18 +0800] "POST /xingrg/dwr/call/plaincall/AjaxCheckService.setItemNumber.dwr HTTP/1.1" 200 77
222.70.168.127 - - [22/May/2023:10:47:19 +0800] "POST /xingrg/kc/buy/cgsh_order_operate.html HTTP/1.1" 200 4446
124.79.74.67 - - [22/May/2023:10:47:19 +0800] "POST /xingrg/dwr/call/plaincall/AjaxCheckService.setItemNumber.dwr HTTP/1.1" 200 77
124.79.74.67 - - [22/May/2023:10:47:19 +0800] "POST /xingrg/dwr/call/plaincall/AjaxCheckService.setItemNumber.dwr HTTP/1.1" 200 77
124.79.74.67 - - [22/May/2023:10:47:19 +0800] "POST /xingrg/dwr/call/plaincall/AjaxCheckService.setItemNumber.dwr HTTP/1.1" 200 77
180.157.254.191 - - [22/May/2023:10:47:20 +0800] "GET /xingrg/all/function/internal_message.html?_=1684723640459&CODE_STATE=getMsg HTTP/1.1" 200 27
124.79.74.67 - - [22/May/2023:10:47:20 +0800] "POST /xingrg/dwr/call/plaincall/AjaxCheckService.setItemNumber.dwr HTTP/1.1" 200 77
58.39.41.124 - - [22/May/2023:10:47:20 +0800] "POST /xingrg/services/DataTransmitService HTTP/1.1" 200 501
101.229.22.40 - - [22/May/2023:10:47:21 +0800] "GET /xingrg/all/function/internal_message.html?_=1684723641310&CODE_STATE=getMsg HTTP/1.1" 200 27
222.70.168.127 - - [22/May/2023:10:47:21 +0800] "GET /xingrg/kc/print/load_data.html?order_code=212023052208236&kc_code=cgsh&condition= HTTP/1.1" 200 1367
58.39.41.124 - - [22/May/2023:10:47:22 +0800] "POST /xingrg/services/DataTransmitService HTTP/1.1" 200 501
58.39.41.124 - - [22/May/2023:10:47:23 +0800] "POST /xingrg/services/DataTransmitService HTTP/1.1" 200 501
124.79.74.67 - - [22/May/2023:10:47:23 +0800] "GET /xingrg/all/function/internal_message.html?_=1684723643436&CODE_STATE=getMsg HTTP/1.1" 200 27
124.79.74.67 - - [22/May/2023:10:47:24 +0800] "POST /xingrg/dwr/call/plaincall/AjaxCheckService.setItemNumber.dwr HTTP/1.1" 200 77
124.79.74.67 - - [22/May/2023:10:47:25 +0800] "POST /xingrg/dwr/call/plaincall/AjaxCheckService.setItemNumber.dwr HTTP/1.1" 200 77
124.79.74.67 - - [22/May/2023:10:47:25 +0800] "POST /xingrg/dwr/call/plaincall/AjaxCheckService.setItemNumber.dwr HTTP/1.1" 200 77
124.79.74.67 - - [22/May/2023:10:47:26 +0800] "POST /xingrg/dwr/call/plaincall/AjaxCheckService.setItemNumber.dwr HTTP/1.1" 200 78
180.157.254.191 - - [22/May/2023:10:47:26 +0800] "GET /xingrg/kc/buy/cgsh_order_operate.html?command=get_materiel&rest_code=00148&code=00101008205&supplier_code=00100008&order_time=2023-05-22 HTTP/1.1" 200 412
124.79.74.67 - - [22/May/2023:10:47:26 +0800] "POST /xingrg/dwr/call/plaincall/AjaxCheckService.setItemNumber.dwr HTTP/1.1" 200 78
124.79.74.67 - - [22/May/2023:10:47:27 +0800] "POST /xingrg/dwr/call/plaincall/AjaxCheckService.setItemNumber.dwr HTTP/1.1" 200 78
124.79.74.67 - - [22/May/2023:10:47:27 +0800] "POST /xingrg/dwr/call/plaincall/AjaxCheckService.setItemNumber.dwr HTTP/1.1" 200 78
124.79.74.67 - - [22/May/2023:10:47:28 +0800] "POST /xingrg/dwr/call/plaincall/AjaxCheckService.setItemNumber.dwr HTTP/1.1" 200 78
124.79.74.67 - - [22/May/2023:10:47:28 +0800] "POST /xingrg/dwr/call/plaincall/AjaxCheckService.setItemNumber.dwr HTTP/1.1" 200 78
101.229.22.40 - - [22/May/2023:10:47:28 +0800] "GET /xingrg/javascript/jquery_easy_ui/themes/default/images/tabs_close.gif HTTP/1.1" 304 -
124.79.74.67 - - [22/May/2023:10:47:29 +0800] "POST /xingrg/dwr/call/plaincall/AjaxCheckService.setItemNumber.dwr HTTP/1.1" 200 78
101.229.22.40 - - [22/May/2023:10:47:29 +0800] "GET /xingrg/kc/buy/cgsh_order_list.html HTTP/1.1" 200 55675
101.229.22.40 - - [22/May/2023:10:47:29 +0800] "GET /xingrg/css/base.css HTTP/1.1" 304 -
101.229.22.40 - - [22/May/2023:10:47:29 +0800] "GET /xingrg/css/site.css HTTP/1.1" 304 -
101.229.22.40 - - [22/May/2023:10:47:29 +0800] "GET /xingrg/javascript/jquery_tools/datebox.css HTTP/1.1" 304 -
101.229.22.40 - - [22/May/2023:10:47:29 +0800] "GET /xingrg/javascript/auto/jquery.autocomplete.css HTTP/1.1" 304 -
101.229.22.40 - - [22/May/2023:10:47:29 +0800] "GET /xingrg/javascript/easyui/themes/default/easyui.css HTTP/1.1" 304 -
101.229.22.40 - - [22/May/2023:10:47:29 +0800] "GET /xingrg/javascript/easyui/themes/icon.css HTTP/1.1" 304 -
101.229.22.40 - - [22/May/2023:10:47:29 +0800] "GET /xingrg/javascript/jquery_tools/fix.css HTTP/1.1" 304 -
101.229.22.40 - - [22/May/2023:10:47:29 +0800] "GET /xingrg/javascript/jquery_tools/table.css HTTP/1.1" 304 -
101.229.22.40 - - [22/May/2023:10:47:29 +0800] "GET /xingrg/javascript/jquery_tools/jquery.tools.min.js HTTP/1.1" 304 -
101.229.22.40 - - [22/May/2023:10:47:29 +0800] "GET /xingrg/javascript/jquery_tools/jquery.tools.extend.js HTTP/1.1" 304 -
101.229.22.40 - - [22/May/2023:10:47:29 +0800] "GET /xingrg/javascript/jquery_tools/jquery.tools.hotkey.js HTTP/1.1" 304 -
101.229.22.40 - - [22/May/2023:10:47:29 +0800] "GET /xingrg/javascript/jquery_tools/jquery.tools.table.js HTTP/1.1" 304 -
101.229.22.40 - - [22/May/2023:10:47:29 +0800] "GET /xingrg/javascript/jquery_tools/list_manager.js HTTP/1.1" 304 -
101.229.22.40 - - [22/May/2023:10:47:29 +0800] "GET /xingrg/javascript/auto/jquery.autocomplete.js HTTP/1.1" 304 -
101.229.22.40 - - [22/May/2023:10:47:29 +0800] "GET /xingrg/javascript/easyui/easyloader.js HTTP/1.1" 304 -
101.229.22.40 - - [22/May/2023:10:47:29 +0800] "GET /xingrg/javascript/print/LodopFuncs.js HTTP/1.1" 304 -
101.229.22.40 - - [22/May/2023:10:47:29 +0800] "GET /xingrg/javascript/jquery.cookie.js HTTP/1.1" 304 -
101.229.22.40 - - [22/May/2023:10:47:30 +0800] "GET /xingrg/javascript/easyui/themes/icons/edit_add_new.png HTTP/1.1" 304 -
101.229.22.40 - - [22/May/2023:10:47:30 +0800] "GET /xingrg/javascript/easyui/themes/icons/check_new.png HTTP/1.1" 304 -
101.229.22.40 - - [22/May/2023:10:47:30 +0800] "GET /xingrg/javascript/easyui/themes/icons/cance_new.png HTTP/1.1" 304 -
101.229.22.40 - - [22/May/2023:10:47:30 +0800] "GET /xingrg/javascript/easyui/themes/icons/field_new.png HTTP/1.1" 304 -
101.229.22.40 - - [22/May/2023:10:47:30 +0800] "GET /xingrg/javascript/easyui/themes/icons/import_new.png HTTP/1.1" 304 -
124.78.156.121 - - [22/May/2023:10:47:30 +0800] "GET /xingrg/kc/base/wldb_order_operate.html?command=get_materiel&rest_code=00106&base_code=0010396&code=00101019405 HTTP/1.1" 200 482
101.229.22.40 - - [22/May/2023:10:47:30 +0800] "GET /xingrg/javascript/easyui/plugins/jquery.parser.js HTTP/1.1" 304 -
101.229.22.40 - - [22/May/2023:10:47:30 +0800] "GET /xingrg/images/control/ajaxLoader.gif HTTP/1.1" 304 -
124.79.74.67 - - [22/May/2023:10:47:31 +0800] "POST /xingrg/dwr/call/plaincall/AjaxCheckService.setItemNumber.dwr HTTP/1.1" 200 78
114.83.218.112 - - [22/May/2023:10:47:31 +0800] "POST /xingrg/kc/buy/cgsh_order_operate.html HTTP/1.1" 200 37
124.79.74.67 - - [22/May/2023:10:47:32 +0800] "POST /xingrg/dwr/call/plaincall/AjaxCheckService.setItemNumber.dwr HTTP/1.1" 200 78
124.79.74.67 - - [22/May/2023:10:47:32 +0800] "POST /xingrg/dwr/call/plaincall/AjaxCheckService.setItemNumber.dwr HTTP/1.1" 200 78
124.79.74.67 - - [22/May/2023:10:47:32 +0800] "POST /xingrg/dwr/call/plaincall/AjaxCheckService.setItemNumber.dwr HTTP/1.1" 200 78
124.79.74.67 - - [22/May/2023:10:47:33 +0800] "POST /xingrg/dwr/call/plaincall/AjaxCheckService.setItemNumber.dwr HTTP/1.1" 200 78
124.79.74.67 - - [22/May/2023:10:47:33 +0800] "POST /xingrg/dwr/call/plaincall/AjaxCheckService.setItemNumber.dwr HTTP/1.1" 200 78
180.171.122.0 - - [22/May/2023:10:47:34 +0800] "GET /xingrg/kc/buy/cgsh_order_operate.html?command=get_materiel&rest_code=00111&code=00101019399&supplier_code=00100037&order_time=2023-05-22 HTTP/1.1" 200 420
124.79.74.67 - - [22/May/2023:10:47:34 +0800] "POST /xingrg/dwr/call/plaincall/AjaxCheckService.setItemNumber.dwr HTTP/1.1" 200 78
124.79.74.67 - - [22/May/2023:10:47:34 +0800] "POST /xingrg/dwr/call/plaincall/AjaxCheckService.setItemNumber.dwr HTTP/1.1" 200 78
124.79.74.67 - - [22/May/2023:10:47:35 +0800] "POST /xingrg/dwr/call/plaincall/AjaxCheckService.setItemNumber.dwr HTTP/1.1" 200 78
222.67.238.82 - - [22/May/2023:10:47:35 +0800] "GET /xingrg/kc/buy/cgsh_order_operate.html?command=get_materiel&rest_code=00141&code=00101007030&supplier_code=00100004&order_time=2023-05-22 HTTP/1.1" 200 412
124.79.74.67 - - [22/May/2023:10:47:35 +0800] "POST /xingrg/dwr/call/plaincall/AjaxCheckService.setItemNumber.dwr HTTP/1.1" 200 78
124.79.74.67 - - [22/May/2023:10:47:36 +0800] "POST /xingrg/dwr/call/plaincall/AjaxCheckService.setItemNumber.dwr HTTP/1.1" 200 78
124.79.74.67 - - [22/May/2023:10:47:36 +0800] "POST /xingrg/dwr/call/plaincall/AjaxCheckService.setItemNumber.dwr HTTP/1.1" 200 78
58.39.41.124 - - [22/May/2023:10:47:37 +0800] "POST /xingrg/services/DataTransmitService HTTP/1.1" 200 501
124.79.74.67 - - [22/May/2023:10:47:37 +0800] "POST /xingrg/dwr/call/plaincall/AjaxCheckService.setItemNumber.dwr HTTP/1.1" 200 78
124.79.74.67 - - [22/May/2023:10:47:37 +0800] "POST /xingrg/dwr/call/plaincall/AjaxCheckService.setItemNumber.dwr HTTP/1.1" 200 78
124.79.74.67 - - [22/May/2023:10:47:38 +0800] "POST /xingrg/dwr/call/plaincall/AjaxCheckService.setItemNumber.dwr HTTP/1.1" 200 78
124.79.74.67 - - [22/May/2023:10:47:38 +0800] "POST /xingrg/dwr/call/plaincall/AjaxCheckService.setItemNumber.dwr HTTP/1.1" 200 78
124.79.74.67 - - [22/May/2023:10:47:38 +0800] "POST /xingrg/dwr/call/plaincall/AjaxCheckService.setItemNumber.dwr HTTP/1.1" 200 78
124.79.74.67 - - [22/May/2023:10:47:39 +0800] "POST /xingrg/dwr/call/plaincall/AjaxCheckService.setItemNumber.dwr HTTP/1.1" 200 78
124.79.74.67 - - [22/May/2023:10:47:39 +0800] "POST /xingrg/dwr/call/plaincall/AjaxCheckService.setItemNumber.dwr HTTP/1.1" 200 78
116.238.139.35 - - [22/May/2023:10:47:39 +0800] "POST /xingrg/login.do HTTP/1.1" 302 -
116.238.139.35 - - [22/May/2023:10:47:40 +0800] "GET /xingrg/index.html?sysBaseUrl=http%3A%2F%2F180.169.147.146%3A18081%2Fxingrg%2F&costTime=2421×tamp=1684723659785 HTTP/1.1" 200 17177
124.79.74.67 - - [22/May/2023:10:47:40 +0800] "POST /xingrg/dwr/call/plaincall/AjaxCheckService.setItemNumber.dwr HTTP/1.1" 200 78
116.238.139.35 - - [22/May/2023:10:47:40 +0800] "GET /favicon.ico HTTP/1.1" 404 -
116.238.139.35 - - [22/May/2023:10:47:40 +0800] "GET /xingrg/check_reg.html?_=1684723658419 HTTP/1.1" 200 22
116.238.139.35 - - [22/May/2023:10:47:40 +0800] "POST /xingrg/all/common/load_tree.html?tree=area_rest_tree_json&manage=1 HTTP/1.1" 200 476
124.79.74.67 - - [22/May/2023:10:47:40 +0800] "POST /xingrg/dwr/call/plaincall/AjaxCheckService.setItemNumber.dwr HTTP/1.1" 200 78
116.238.139.35 - - [22/May/2023:10:47:40 +0800] "GET /xingrg/all/function/internal_message.html?_=1684723658418&CODE_STATE=count HTTP/1.1" 200 11
116.238.139.35 - - [22/May/2023:10:47:41 +0800] "POST /xingrg/load_menu.html HTTP/1.1" 200 5138
124.79.74.67 - - [22/May/2023:10:47:41 +0800] "POST /xingrg/dwr/call/plaincall/AjaxCheckService.setItemNumber.dwr HTTP/1.1" 200 78
124.79.74.67 - - [22/May/2023:10:47:41 +0800] "POST /xingrg/dwr/call/plaincall/AjaxCheckService.setItemNumber.dwr HTTP/1.1" 200 78
180.157.254.191 - - [22/May/2023:10:47:41 +0800] "GET /xingrg/kc/buy/cgsh_order_operate.html?command=get_materiel&rest_code=00148&code=00101008131&supplier_code=00100008&order_time=2023-05-22 HTTP/1.1" 200 409
124.79.74.67 - - [22/May/2023:10:47:41 +0800] "POST /xingrg/dwr/call/plaincall/AjaxCheckService.setItemNumber.dwr HTTP/1.1" 200 78
58.39.41.124 - - [22/May/2023:10:47:42 +0800] "POST /xingrg/services/DataTransmitService HTTP/1.1" 200 501
116.224.158.100 - - [22/May/2023:10:47:42 +0800] "GET /xingrg/check_reg.html?_=1684723495852 HTTP/1.1" 200 22
116.224.158.100 - - [22/May/2023:10:47:42 +0800] "GET /xingrg/all/function/internal_message.html?_=1684723495855&CODE_STATE=getMsg HTTP/1.1" 200 27
58.39.41.124 - - [22/May/2023:10:47:42 +0800] "POST /xingrg/services/DataTransmitService HTTP/1.1" 200 501
116.238.139.35 - - [22/May/2023:10:47:43 +0800] "POST /xingrg/all/user/operate.html HTTP/1.1" 200 36
116.238.139.35 - - [22/May/2023:10:47:43 +0800] "GET /xingrg/index.html?sysBaseUrl=http%3A%2F%2F180.169.147.146%3A18081%2Fxingrg%2F&costTime=2421×tamp=1684723659785 HTTP/1.1" 200 17179
116.238.139.35 - - [22/May/2023:10:47:43 +0800] "GET /xingrg/javascript/jquery_easy_ui/themes/default/easyui.css HTTP/1.1" 304 -
116.238.139.35 - - [22/May/2023:10:47:43 +0800] "GET /xingrg/javascript/jquery_easy_ui/themes/icon.css HTTP/1.1" 304 -
116.238.139.35 - - [22/May/2023:10:47:43 +0800] "GET /xingrg/css/form.css HTTP/1.1" 304 -
116.238.139.35 - - [22/May/2023:10:47:43 +0800] "GET /xingrg/javascript/jquery-1.4.2.min.js HTTP/1.1" 304 -
116.238.139.35 - - [22/May/2023:10:47:43 +0800] "GET /xingrg/javascript/jquery_easy_ui/jquery.easyui.min.js HTTP/1.1" 304 -
116.238.139.35 - - [22/May/2023:10:47:43 +0800] "GET /xingrg/javascript/jquery_easy_ui/easyui-lang-zh_CN.js HTTP/1.1" 304 -
116.238.139.35 - - [22/May/2023:10:47:43 +0800] "GET /xingrg/javascript/jquery.form.js HTTP/1.1" 304 -
116.238.139.35 - - [22/May/2023:10:47:43 +0800] "GET /xingrg/javascript/jquery.utils.js HTTP/1.1" 304 -
116.238.139.35 - - [22/May/2023:10:47:43 +0800] "GET /xingrg/javascript/jquery.timers.js HTTP/1.1" 304 -
116.238.139.35 - - [22/May/2023:10:47:43 +0800] "GET /xingrg/images/blue/jxLogo.png HTTP/1.1" 304 -
116.238.139.35 - - [22/May/2023:10:47:43 +0800] "GET /xingrg/images/blue/navBackgound.jpg HTTP/1.1" 304 -
116.238.139.35 - - [22/May/2023:10:47:43 +0800] "GET /xingrg/javascript/jquery_easy_ui/themes/icons/settle_new.png HTTP/1.1" 304 -
116.238.139.35 - - [22/May/2023:10:47:44 +0800] "GET /xingrg/all/function/internal_message.html?_=1684723662062&CODE_STATE=count HTTP/1.1" 200 11
116.238.139.35 - - [22/May/2023:10:47:44 +0800] "GET /xingrg/check_reg.html?_=1684723662066 HTTP/1.1" 200 22
116.238.139.35 - - [22/May/2023:10:47:44 +0800] "GET /xingrg/images/blue/pingpu.png HTTP/1.1" 304 -
116.238.139.35 - - [22/May/2023:10:47:44 +0800] "GET /xingrg/javascript/jquery_easy_ui/themes/default/images/panel_tool_collapse.gif HTTP/1.1" 304 -
116.238.139.35 - - [22/May/2023:10:47:44 +0800] "GET /xingrg/javascript/jquery_easy_ui/themes/default/images/tabs_leftarrow.png HTTP/1.1" 304 -
116.238.139.35 - - [22/May/2023:10:47:44 +0800] "GET /xingrg/javascript/jquery_easy_ui/themes/default/images/tabs_rightarrow.png HTTP/1.1" 304 -
116.238.139.35 - - [22/May/2023:10:47:44 +0800] "POST /xingrg/all/common/load_tree.html?tree=area_rest_tree_json&manage=1 HTTP/1.1" 200 476
116.238.139.35 - - [22/May/2023:10:47:44 +0800] "POST /xingrg/load_menu.html HTTP/1.1" 200 5138
114.83.218.112 - - [22/May/2023:10:47:44 +0800] "POST /xingrg/kc/buy/cgsh_order_operate.html HTTP/1.1" 200 12
58.39.41.124 - - [22/May/2023:10:47:44 +0800] "GET /xingrg/all/function/internal_message.html?_=1684723666601&CODE_STATE=getMsg HTTP/1.1" 200 27
124.79.74.67 - - [22/May/2023:10:47:45 +0800] "POST /xingrg/dwr/call/plaincall/AjaxCheckService.setItemNumber.dwr HTTP/1.1" 200 78
58.39.41.124 - - [22/May/2023:10:47:45 +0800] "POST /xingrg/services/DataTransmitService HTTP/1.1" 200 412
124.79.74.67 - - [22/May/2023:10:47:45 +0800] "POST /xingrg/dwr/call/plaincall/AjaxCheckService.setItemNumber.dwr HTTP/1.1" 200 78
124.79.74.67 - - [22/May/2023:10:47:46 +0800] "POST /xingrg/dwr/call/plaincall/AjaxCheckService.setItemNumber.dwr HTTP/1.1" 200 78
124.79.74.67 - - [22/May/2023:10:47:47 +0800] "POST /xingrg/dwr/call/plaincall/AjaxCheckService.setItemNumber.dwr HTTP/1.1" 200 78
116.238.139.35 - - [22/May/2023:10:47:47 +0800] "GET /xingrg/kc/buy/cgsh_order_list.html HTTP/1.1" 200 55675
124.79.74.67 - - [22/May/2023:10:47:47 +0800] "POST /xingrg/dwr/call/plaincall/AjaxCheckService.setItemNumber.dwr HTTP/1.1" 200 78
124.79.74.67 - - [22/May/2023:10:47:47 +0800] "POST /xingrg/dwr/call/plaincall/AjaxCheckService.setItemNumber.dwr HTTP/1.1" 200 78
180.157.254.191 - - [22/May/2023:10:47:47 +0800] "GET /xingrg/kc/buy/cgsh_order_operate.html?command=get_materiel&rest_code=00148&code=00101008353&supplier_code=00100008&order_time=2023-05-22 HTTP/1.1" 200 408
124.79.74.67 - - [22/May/2023:10:47:47 +0800] "POST /xingrg/dwr/call/plaincall/AjaxCheckService.setItemNumber.dwr HTTP/1.1" 200 78
124.79.74.67 - - [22/May/2023:10:47:49 +0800] "POST /xingrg/dwr/call/plaincall/AjaxCheckService.setItemNumber.dwr HTTP/1.1" 200 78
114.83.218.112 - - [22/May/2023:10:47:49 +0800] "GET /xingrg/all/function/internal_message.html?_=1684723667718&CODE_STATE=getMsg HTTP/1.1" 200 27
124.79.74.67 - - [22/May/2023:10:47:49 +0800] "POST /xingrg/dwr/call/plaincall/AjaxCheckService.setItemNumber.dwr HTTP/1.1" 200 78
114.83.218.112 - - [22/May/2023:10:47:49 +0800] "GET /xingrg/kc/buy/cgsh_order_info.html?code=212023052208237 HTTP/1.1" 200 66448
124.79.74.67 - - [22/May/2023:10:47:49 +0800] "POST /xingrg/dwr/call/plaincall/AjaxCheckService.setItemNumber.dwr HTTP/1.1" 200 78
114.83.218.112 - - [22/May/2023:10:47:49 +0800] "GET /xingrg/javascript/easyui/themes/default/validatebox.css HTTP/1.1" 404 1104
124.79.74.67 - - [22/May/2023:10:47:49 +0800] "POST /xingrg/dwr/call/plaincall/AjaxCheckService.setItemNumber.dwr HTTP/1.1" 200 78
101.229.22.40 - - [22/May/2023:10:47:50 +0800] "POST /xingrg/kc/buy/cgsh_list_operate.html HTTP/1.1" 200 4024
124.78.156.121 - - [22/May/2023:10:47:50 +0800] "GET /xingrg/kc/base/wldb_order_operate.html?command=get_materiel&rest_code=00106&base_code=0010396&code=00101019262 HTTP/1.1" 200 478
124.79.74.67 - - [22/May/2023:10:47:50 +0800] "POST /xingrg/dwr/call/plaincall/AjaxCheckService.setItemNumber.dwr HTTP/1.1" 200 78
124.79.74.67 - - [22/May/2023:10:47:50 +0800] "POST /xingrg/dwr/call/plaincall/AjaxCheckService.setItemNumber.dwr HTTP/1.1" 200 78
114.83.218.112 - - [22/May/2023:10:47:50 +0800] "POST /xingrg/kc/buy/cgsh_order_operate.html HTTP/1.1" 200 1793
124.79.74.67 - - [22/May/2023:10:47:51 +0800] "POST /xingrg/dwr/call/plaincall/AjaxCheckService.setItemNumber.dwr HTTP/1.1" 200 78
124.79.74.67 - - [22/May/2023:10:47:52 +0800] "POST /xingrg/dwr/call/plaincall/AjaxCheckService.setItemNumber.dwr HTTP/1.1" 200 78
116.238.139.35 - - [22/May/2023:10:47:52 +0800] "POST /xingrg/kc/buy/cgsh_list_operate.html HTTP/1.1" 200 1896
124.79.74.67 - - [22/May/2023:10:47:52 +0800] "POST /xingrg/dwr/call/plaincall/AjaxCheckService.setItemNumber.dwr HTTP/1.1" 200 78
124.79.74.67 - - [22/May/2023:10:47:52 +0800] "POST /xingrg/dwr/call/plaincall/AjaxCheckService.setItemNumber.dwr HTTP/1.1" 200 78
101.229.22.40 - - [22/May/2023:10:47:52 +0800] "GET /xingrg/javascript/easyui/themes/default/images/button_plain_hover.png HTTP/1.1" 304 -
124.79.74.67 - - [22/May/2023:10:47:53 +0800] "POST /xingrg/dwr/call/plaincall/AjaxCheckService.setItemNumber.dwr HTTP/1.1" 200 78
180.164.3.199 - - [22/May/2023:10:47:53 +0800] "GET /xingrg/all/function/internal_message.html?_=1684723672702&CODE_STATE=getMsg HTTP/1.1" 302 -
124.79.74.67 - - [22/May/2023:10:47:53 +0800] "POST /xingrg/dwr/call/plaincall/AjaxCheckService.setItemNumber.dwr HTTP/1.1" 200 78
101.229.22.40 - - [22/May/2023:10:47:54 +0800] "GET /xingrg/kc/buy/cgsh_order_add.html HTTP/1.1" 200 70570
101.229.22.40 - - [22/May/2023:10:47:54 +0800] "GET /xingrg/javascript/pic_change.js HTTP/1.1" 304 -
101.229.22.40 - - [22/May/2023:10:47:54 +0800] "GET /xingrg/javascript/jquery_tools/order_manager.js HTTP/1.1" 304 -
101.229.22.40 - - [22/May/2023:10:47:54 +0800] "GET /xingrg/javascript/convert.js HTTP/1.1" 304 -
101.229.22.40 - - [22/May/2023:10:47:54 +0800] "GET /xingrg/javascript/json2.js HTTP/1.1" 304 -
101.229.22.40 - - [22/May/2023:10:47:54 +0800] "GET /xingrg/javascript/print/kc_print.js HTTP/1.1" 304 -
101.229.22.40 - - [22/May/2023:10:47:54 +0800] "GET /xingrg/words/20230521105100_words.js HTTP/1.1" 200 965364
101.229.22.40 - - [22/May/2023:10:47:54 +0800] "GET /xingrg/javascript/easyui/themes/icons/copy_new.png HTTP/1.1" 304 -
101.229.22.40 - - [22/May/2023:10:47:54 +0800] "GET /xingrg/javascript/easyui/themes/icons/template_new.png HTTP/1.1" 304 -
101.229.22.40 - - [22/May/2023:10:47:54 +0800] "GET /xingrg/javascript/easyui/themes/icons/ok.png HTTP/1.1" 304 -
101.229.22.40 - - [22/May/2023:10:47:54 +0800] "GET /xingrg/javascript/easyui/themes/icons/print.png HTTP/1.1" 304 -
101.229.22.40 - - [22/May/2023:10:47:54 +0800] "GET /xingrg/javascript/easyui/themes/default/images/menu_downarrow.png HTTP/1.1" 304 -
101.229.22.40 - - [22/May/2023:10:47:54 +0800] "GET /xingrg/javascript/easyui/themes/icons/cancel.png HTTP/1.1" 304 -
124.79.74.67 - - [22/May/2023:10:47:54 +0800] "POST /xingrg/dwr/call/plaincall/AjaxCheckService.setItemNumber.dwr HTTP/1.1" 200 78
101.229.22.40 - - [22/May/2023:10:47:54 +0800] "POST /xingrg/kc/buy/cgsh_order_operate.html HTTP/1.1" 200 8245
101.229.22.40 - - [22/May/2023:10:47:54 +0800] "GET /xingrg/javascript/easyui/themes/default/validatebox.css HTTP/1.1" 404 1104
101.229.22.40 - - [22/May/2023:10:47:54 +0800] "GET /xingrg/javascript/easyui/plugins/jquery.validatebox.js HTTP/1.1" 304 -
124.79.74.67 - - [22/May/2023:10:47:54 +0800] "POST /xingrg/dwr/call/plaincall/AjaxCheckService.setItemNumber.dwr HTTP/1.1" 200 78
101.229.22.40 - - [22/May/2023:10:47:54 +0800] "GET /xingrg/javascript/easyui/themes/icons/edit_remove.png HTTP/1.1" 304 -
101.229.22.40 - - [22/May/2023:10:47:54 +0800] "GET /xingrg/javascript/easyui/plugins/jquery.numberbox.js HTTP/1.1" 304 -
101.229.22.40 - - [22/May/2023:10:47:54 +0800] "GET /xingrg/all/common/auto_word.html?type=employee&rest_code=00142 HTTP/1.1" 200 105
101.229.22.40 - - [22/May/2023:10:47:54 +0800] "GET /xingrg/all/common/auto_word.html?type=employee&rest_code=00142 HTTP/1.1" 200 105
124.78.156.121 - - [22/May/2023:10:47:54 +0800] "GET /xingrg/all/function/internal_message.html?_=1684723674768&CODE_STATE=getMsg HTTP/1.1" 200 27
114.83.218.112 - - [22/May/2023:10:47:54 +0800] "GET /xingrg/kc/print/load_data.html?order_code=212023052208237&kc_code=cgsh&condition= HTTP/1.1" 200 1169
