61.170.233.64 - - [22/May/2023:05:36:38 +0800] "GET /xingrg/check_reg.html?_=1684704993433 HTTP/1.1" 200 22
180.164.3.199 - - [22/May/2023:05:36:56 +0800] "GET /xingrg/all/function/internal_message.html?_=1684705015353&CODE_STATE=getMsg HTTP/1.1" 200 27
172.20.0.100 - - [22/May/2023:05:37:01 +0800] "GET /xingrg/check_reg.html?_=1684705021709 HTTP/1.1" 302 -
180.169.147.146 - - [22/May/2023:05:37:07 +0800] "GET /xingrg/all/function/internal_message.html?_=1684705027835&CODE_STATE=getMsg HTTP/1.1" 200 27
180.163.29.79 - - [22/May/2023:05:37:20 +0800] "GET /xingrg/all/function/internal_message.html?_=1684704975549&CODE_STATE=getMsg HTTP/1.1" 302 -
180.163.29.79 - - [22/May/2023:05:37:20 +0800] "GET /xingrg/login.html HTTP/1.1" 200 7641
61.170.233.64 - - [22/May/2023:05:37:20 +0800] "GET /xingrg/all/function/internal_message.html?_=1684705035526&CODE_STATE=getMsg HTTP/1.1" 200 27
180.171.122.0 - - [22/May/2023:05:37:26 +0800] "GET /xingrg/all/function/internal_message.html?_=1684705046695&CODE_STATE=getMsg HTTP/1.1" 200 27
116.238.139.35 - - [22/May/2023:05:37:30 +0800] "GET /xingrg/all/function/internal_message.html?_=1684705048243&CODE_STATE=getMsg HTTP/1.1" 200 27
222.70.168.127 - - [22/May/2023:05:37:34 +0800] "GET /xingrg/all/function/internal_message.html?_=1684705055429&CODE_STATE=getMsg HTTP/1.1" 200 27
180.164.3.199 - - [22/May/2023:05:37:56 +0800] "GET /xingrg/all/function/internal_message.html?_=1684705075339&CODE_STATE=getMsg HTTP/1.1" 200 27
180.169.147.146 - - [22/May/2023:05:38:07 +0800] "GET /xingrg/all/function/internal_message.html?_=1684705087869&CODE_STATE=getMsg HTTP/1.1" 200 27
222.70.168.127 - - [22/May/2023:05:38:09 +0800] "GET /xingrg/check_reg.html?_=1684705090558 HTTP/1.1" 200 22
61.170.233.64 - - [22/May/2023:05:38:20 +0800] "GET /xingrg/all/function/internal_message.html?_=1684705095509&CODE_STATE=getMsg HTTP/1.1" 200 27
180.171.122.0 - - [22/May/2023:05:38:26 +0800] "GET /xingrg/all/function/internal_message.html?_=1684705106685&CODE_STATE=getMsg HTTP/1.1" 200 27
116.238.139.35 - - [22/May/2023:05:38:30 +0800] "GET /xingrg/all/function/internal_message.html?_=1684705108244&CODE_STATE=getMsg HTTP/1.1" 200 27
222.70.168.127 - - [22/May/2023:05:38:34 +0800] "GET /xingrg/all/function/internal_message.html?_=1684705115436&CODE_STATE=getMsg HTTP/1.1" 200 27
180.169.147.146 - - [22/May/2023:05:38:43 +0800] "GET /xingrg/check_reg.html?_=1684705123900 HTTP/1.1" 200 22
180.164.3.199 - - [22/May/2023:05:38:56 +0800] "GET /xingrg/all/function/internal_message.html?_=1684705135329&CODE_STATE=getMsg HTTP/1.1" 200 27
180.169.147.146 - - [22/May/2023:05:39:07 +0800] "GET /xingrg/all/function/internal_message.html?_=1684705147877&CODE_STATE=getMsg HTTP/1.1" 200 27
61.170.233.64 - - [22/May/2023:05:39:20 +0800] "GET /xingrg/all/function/internal_message.html?_=1684705155493&CODE_STATE=getMsg HTTP/1.1" 200 27
180.171.122.0 - - [22/May/2023:05:39:26 +0800] "GET /xingrg/all/function/internal_message.html?_=1684705166694&CODE_STATE=getMsg HTTP/1.1" 200 27
116.238.139.35 - - [22/May/2023:05:39:30 +0800] "GET /xingrg/all/function/internal_message.html?_=1684705168250&CODE_STATE=getMsg HTTP/1.1" 200 27
222.70.168.127 - - [22/May/2023:05:39:34 +0800] "GET /xingrg/all/function/internal_message.html?_=1684705175450&CODE_STATE=getMsg HTTP/1.1" 200 27
180.164.3.199 - - [22/May/2023:05:39:56 +0800] "GET /xingrg/all/function/internal_message.html?_=1684705195314&CODE_STATE=getMsg HTTP/1.1" 200 27
180.169.147.146 - - [22/May/2023:05:40:07 +0800] "GET /xingrg/all/function/internal_message.html?_=1684705207891&CODE_STATE=getMsg HTTP/1.1" 200 27
180.163.30.76 - - [22/May/2023:05:40:20 +0800] "GET /xingrg/all/function/internal_message.html?_=1684705155493&CODE_STATE=getMsg HTTP/1.1" 302 -
180.163.30.76 - - [22/May/2023:05:40:20 +0800] "GET /xingrg/login.html HTTP/1.1" 200 7641
61.170.233.64 - - [22/May/2023:05:40:20 +0800] "GET /xingrg/all/function/internal_message.html?_=1684705215468&CODE_STATE=getMsg HTTP/1.1" 200 27
120.253.135.82 - - [22/May/2023:05:40:22 +0800] "GET /xingrg/login.html HTTP/1.1" 200 7641
120.253.135.82 - - [22/May/2023:05:40:22 +0800] "GET /favicon.ico HTTP/1.1" 404 -
180.171.122.0 - - [22/May/2023:05:40:26 +0800] "GET /xingrg/all/function/internal_message.html?_=1684705226699&CODE_STATE=getMsg HTTP/1.1" 200 27
120.253.135.82 - - [22/May/2023:05:40:28 +0800] "POST /xingrg/login.do HTTP/1.1" 302 -
120.253.135.82 - - [22/May/2023:05:40:28 +0800] "GET /xingrg/index.html?sysBaseUrl=http%3A%2F%2F180.169.147.146%3A18081%2Fxingrg%2F&costTime=1523×tamp=1684705228711 HTTP/1.1" 200 17173
120.253.135.82 - - [22/May/2023:05:40:28 +0800] "GET /xingrg/javascript/jquery_easy_ui/themes/default/easyui.css HTTP/1.1" 304 -
120.253.135.82 - - [22/May/2023:05:40:28 +0800] "GET /xingrg/javascript/jquery_easy_ui/themes/icon.css HTTP/1.1" 304 -
120.253.135.82 - - [22/May/2023:05:40:28 +0800] "GET /xingrg/javascript/jquery_easy_ui/jquery.easyui.min.js HTTP/1.1" 304 -
120.253.135.82 - - [22/May/2023:05:40:28 +0800] "GET /xingrg/css/form.css HTTP/1.1" 304 -
120.253.135.82 - - [22/May/2023:05:40:28 +0800] "GET /xingrg/javascript/jquery-1.4.2.min.js HTTP/1.1" 304 -
120.253.135.82 - - [22/May/2023:05:40:28 +0800] "GET /xingrg/javascript/jquery_easy_ui/easyui-lang-zh_CN.js HTTP/1.1" 304 -
120.253.135.82 - - [22/May/2023:05:40:28 +0800] "GET /xingrg/javascript/jquery.form.js HTTP/1.1" 304 -
120.253.135.82 - - [22/May/2023:05:40:28 +0800] "GET /xingrg/javascript/jquery.utils.js HTTP/1.1" 304 -
120.253.135.82 - - [22/May/2023:05:40:28 +0800] "GET /xingrg/javascript/jquery.timers.js HTTP/1.1" 304 -
120.253.135.82 - - [22/May/2023:05:40:29 +0800] "GET /xingrg/all/function/internal_message.html?_=1684705065342&CODE_STATE=count HTTP/1.1" 200 11
120.253.135.82 - - [22/May/2023:05:40:29 +0800] "GET /xingrg/check_reg.html?_=1684705065343 HTTP/1.1" 200 22
120.253.135.82 - - [22/May/2023:05:40:29 +0800] "GET /favicon.ico HTTP/1.1" 404 -
120.253.135.82 - - [22/May/2023:05:40:29 +0800] "POST /xingrg/all/common/load_tree.html?tree=area_rest_tree_json&manage=1 HTTP/1.1" 200 344
120.253.135.82 - - [22/May/2023:05:40:29 +0800] "POST /xingrg/load_menu.html HTTP/1.1" 200 6743
116.238.139.35 - - [22/May/2023:05:40:30 +0800] "GET /xingrg/check_reg.html?_=1684705228251 HTTP/1.1" 200 22
116.238.139.35 - - [22/May/2023:05:40:30 +0800] "GET /xingrg/all/function/internal_message.html?_=1684705228255&CODE_STATE=getMsg HTTP/1.1" 200 27
120.253.135.82 - - [22/May/2023:05:40:33 +0800] "GET /xingrg/kc/pszx/mdqp_order_list.html?state=10 HTTP/1.1" 200 15569
120.253.135.82 - - [22/May/2023:05:40:33 +0800] "GET /xingrg/css/blue.css HTTP/1.1" 304 -
120.253.135.82 - - [22/May/2023:05:40:33 +0800] "GET /xingrg/dwr/interface/AjaxReportQueryService.js HTTP/1.1" 200 13203
120.253.135.82 - - [22/May/2023:05:40:33 +0800] "GET /xingrg/dwr/interface/AjaxQqpsService.js HTTP/1.1" 200 16326
120.253.135.82 - - [22/May/2023:05:40:33 +0800] "GET /xingrg/dwr/engine.js HTTP/1.1" 200 43631
120.253.135.82 - - [22/May/2023:05:40:33 +0800] "GET /xingrg/dwr/util.js HTTP/1.1" 304 -
120.253.135.82 - - [22/May/2023:05:40:33 +0800] "GET /xingrg/javascript/pic_change.js HTTP/1.1" 304 -
120.253.135.82 - - [22/May/2023:05:40:33 +0800] "GET /xingrg/javascript/Calendar.js HTTP/1.1" 304 -
120.253.135.82 - - [22/May/2023:05:40:33 +0800] "GET /xingrg/javascript/myfunction.js HTTP/1.1" 304 -
222.70.168.127 - - [22/May/2023:05:40:34 +0800] "GET /xingrg/all/function/internal_message.html?_=1684705235580&CODE_STATE=getMsg HTTP/1.1" 200 27
120.253.135.82 - - [22/May/2023:05:40:41 +0800] "GET /xingrg/kc/buy/cgsh_order_list.html HTTP/1.1" 200 55669
120.253.135.82 - - [22/May/2023:05:40:41 +0800] "GET /xingrg/javascript/jquery_tools/datebox.css HTTP/1.1" 304 -
120.253.135.82 - - [22/May/2023:05:40:41 +0800] "GET /xingrg/css/base.css HTTP/1.1" 304 -
120.253.135.82 - - [22/May/2023:05:40:41 +0800] "GET /xingrg/css/site.css HTTP/1.1" 304 -
120.253.135.82 - - [22/May/2023:05:40:41 +0800] "GET /xingrg/javascript/easyui/themes/icon.css HTTP/1.1" 304 -
120.253.135.82 - - [22/May/2023:05:40:41 +0800] "GET /xingrg/javascript/auto/jquery.autocomplete.css HTTP/1.1" 304 -
120.253.135.82 - - [22/May/2023:05:40:41 +0800] "GET /xingrg/javascript/easyui/themes/default/easyui.css HTTP/1.1" 304 -
120.253.135.82 - - [22/May/2023:05:40:41 +0800] "GET /xingrg/javascript/jquery_tools/fix.css HTTP/1.1" 304 -
120.253.135.82 - - [22/May/2023:05:40:41 +0800] "GET /xingrg/javascript/jquery_tools/jquery.tools.extend.js HTTP/1.1" 304 -
120.253.135.82 - - [22/May/2023:05:40:41 +0800] "GET /xingrg/javascript/jquery_tools/list_manager.js HTTP/1.1" 304 -
120.253.135.82 - - [22/May/2023:05:40:41 +0800] "GET /xingrg/javascript/jquery_tools/jquery.tools.hotkey.js HTTP/1.1" 304 -
120.253.135.82 - - [22/May/2023:05:40:41 +0800] "GET /xingrg/javascript/auto/jquery.autocomplete.js HTTP/1.1" 304 -
120.253.135.82 - - [22/May/2023:05:40:41 +0800] "GET /xingrg/javascript/easyui/easyloader.js HTTP/1.1" 304 -
120.253.135.82 - - [22/May/2023:05:40:41 +0800] "GET /xingrg/javascript/jquery_tools/jquery.tools.min.js HTTP/1.1" 304 -
120.253.135.82 - - [22/May/2023:05:40:41 +0800] "GET /xingrg/javascript/jquery.cookie.js HTTP/1.1" 304 -
120.253.135.82 - - [22/May/2023:05:40:41 +0800] "GET /xingrg/javascript/jquery_tools/jquery.tools.table.js HTTP/1.1" 304 -
120.253.135.82 - - [22/May/2023:05:40:41 +0800] "GET /xingrg/javascript/jquery_tools/table.css HTTP/1.1" 304 -
120.253.135.82 - - [22/May/2023:05:40:41 +0800] "GET /xingrg/javascript/print/LodopFuncs.js HTTP/1.1" 304 -
120.253.135.82 - - [22/May/2023:05:40:41 +0800] "GET /xingrg/javascript/easyui/plugins/jquery.parser.js HTTP/1.1" 304 -
120.253.135.82 - - [22/May/2023:05:40:46 +0800] "POST /xingrg/kc/buy/cgsh_list_operate.html HTTP/1.1" 200 1855
180.164.3.199 - - [22/May/2023:05:40:56 +0800] "GET /xingrg/all/function/internal_message.html?_=1684705255310&CODE_STATE=getMsg HTTP/1.1" 200 27
120.253.135.82 - - [22/May/2023:05:40:56 +0800] "POST /xingrg/kc/buy/cgsh_list_operate.html HTTP/1.1" 200 300
120.253.135.82 - - [22/May/2023:05:40:58 +0800] "GET /xingrg/kc/buy/cgsh_order_info.html?code=212023052108108 HTTP/1.1" 200 70521
120.253.135.82 - - [22/May/2023:05:40:58 +0800] "GET /xingrg/javascript/jquery_tools/order_manager.js HTTP/1.1" 304 -
120.253.135.82 - - [22/May/2023:05:40:58 +0800] "GET /xingrg/javascript/convert.js HTTP/1.1" 304 -
120.253.135.82 - - [22/May/2023:05:40:58 +0800] "GET /xingrg/javascript/print/kc_print.js HTTP/1.1" 304 -
120.253.135.82 - - [22/May/2023:05:40:58 +0800] "GET /xingrg/javascript/json2.js HTTP/1.1" 304 -
120.253.135.82 - - [22/May/2023:05:40:58 +0800] "GET /xingrg/words/20230521105100_words.js HTTP/1.1" 304 -
120.253.135.82 - - [22/May/2023:05:40:59 +0800] "GET /xingrg/javascript/easyui/themes/default/validatebox.css HTTP/1.1" 404 1104
120.253.135.82 - - [22/May/2023:05:40:59 +0800] "GET /xingrg/javascript/easyui/plugins/jquery.validatebox.js HTTP/1.1" 304 -
120.253.135.82 - - [22/May/2023:05:40:59 +0800] "GET /xingrg/javascript/easyui/plugins/jquery.numberbox.js HTTP/1.1" 304 -
120.253.135.82 - - [22/May/2023:05:40:59 +0800] "GET /xingrg/all/common/auto_word.html?type=employee&rest_code=00101 HTTP/1.1" 200 927
120.253.135.82 - - [22/May/2023:05:40:59 +0800] "GET /xingrg/all/common/auto_word.html?type=employee&rest_code=00101 HTTP/1.1" 200 927
120.253.135.82 - - [22/May/2023:05:41:00 +0800] "POST /xingrg/kc/buy/cgsh_order_operate.html HTTP/1.1" 200 3301
180.164.3.199 - - [22/May/2023:05:41:05 +0800] "GET /xingrg/check_reg.html?_=1684705265082 HTTP/1.1" 200 22
180.169.147.146 - - [22/May/2023:05:41:07 +0800] "GET /xingrg/all/function/internal_message.html?_=1684705267925&CODE_STATE=getMsg HTTP/1.1" 200 27
120.253.135.82 - - [22/May/2023:05:41:11 +0800] "POST /xingrg/kc/buy/cgsh_order_operate.html HTTP/1.1" 200 37
61.170.233.64 - - [22/May/2023:05:41:20 +0800] "GET /xingrg/all/function/internal_message.html?_=1684705275443&CODE_STATE=getMsg HTTP/1.1" 200 27
120.253.135.82 - - [22/May/2023:05:41:22 +0800] "POST /xingrg/kc/buy/cgsh_order_operate.html HTTP/1.1" 200 12
180.171.122.0 - - [22/May/2023:05:41:26 +0800] "GET /xingrg/check_reg.html?_=1684705286690 HTTP/1.1" 200 22
180.171.122.0 - - [22/May/2023:05:41:26 +0800] "GET /xingrg/all/function/internal_message.html?_=1684705286693&CODE_STATE=getMsg HTTP/1.1" 200 27
120.253.135.82 - - [22/May/2023:05:41:28 +0800] "GET /xingrg/kc/buy/cgsh_order_info.html?code=212023052108108 HTTP/1.1" 200 65414
120.253.135.82 - - [22/May/2023:05:41:28 +0800] "GET /xingrg/javascript/easyui/themes/default/validatebox.css HTTP/1.1" 404 1104
120.253.135.82 - - [22/May/2023:05:41:29 +0800] "GET /xingrg/all/function/internal_message.html?_=1684705125346&CODE_STATE=getMsg HTTP/1.1" 200 27
120.253.135.82 - - [22/May/2023:05:41:30 +0800] "POST /xingrg/kc/buy/cgsh_order_operate.html HTTP/1.1" 200 1251
116.238.139.35 - - [22/May/2023:05:41:30 +0800] "GET /xingrg/all/function/internal_message.html?_=1684705288241&CODE_STATE=getMsg HTTP/1.1" 200 27
222.70.168.127 - - [22/May/2023:05:41:34 +0800] "GET /xingrg/all/function/internal_message.html?_=1684705295587&CODE_STATE=getMsg HTTP/1.1" 200 27
61.170.233.64 - - [22/May/2023:05:41:38 +0800] "GET /xingrg/check_reg.html?_=1684705293433 HTTP/1.1" 200 22
120.253.135.82 - - [22/May/2023:05:41:38 +0800] "GET /xingrg/kc/pszx/mdps_order_list.html?orderType=0 HTTP/1.1" 200 21032
120.253.135.82 - - [22/May/2023:05:41:39 +0800] "POST /xingrg/kc/pszx/mdps_list_operate.html HTTP/1.1" 200 5343
120.253.135.82 - - [22/May/2023:05:41:42 +0800] "GET /xingrg/javascript/auto/indicator.gif HTTP/1.1" 404 1066
120.253.135.82 - - [22/May/2023:05:41:44 +0800] "POST /xingrg/kc/pszx/mdps_list_operate.html HTTP/1.1" 200 4581
120.253.135.82 - - [22/May/2023:05:41:48 +0800] "POST /xingrg/kc/pszx/mdps_list_operate.html HTTP/1.1" 200 593
120.253.135.82 - - [22/May/2023:05:41:49 +0800] "GET /xingrg/kc/pszx/mdps_order_info.html?code=312023052100448 HTTP/1.1" 200 23972
120.253.135.82 - - [22/May/2023:05:41:50 +0800] "GET /xingrg/javascript/easyui/themes/default/validatebox.css HTTP/1.1" 404 1104
120.253.135.82 - - [22/May/2023:05:41:50 +0800] "GET /xingrg/all/common/auto_word.html?type=base&rest_code=00101 HTTP/1.1" 200 671
120.253.135.82 - - [22/May/2023:05:41:51 +0800] "POST /xingrg/kc/pszx/mdps_order_operate.html HTTP/1.1" 200 11875
180.164.3.199 - - [22/May/2023:05:41:56 +0800] "GET /xingrg/all/function/internal_message.html?_=1684705315290&CODE_STATE=getMsg HTTP/1.1" 200 27
172.20.0.100 - - [22/May/2023:05:42:01 +0800] "GET /xingrg/check_reg.html?_=1684705321711 HTTP/1.1" 302 -
180.169.147.146 - - [22/May/2023:05:42:07 +0800] "GET /xingrg/all/function/internal_message.html?_=1684705327934&CODE_STATE=getMsg HTTP/1.1" 200 27
61.170.233.64 - - [22/May/2023:05:42:20 +0800] "GET /xingrg/all/function/internal_message.html?_=1684705335418&CODE_STATE=getMsg HTTP/1.1" 200 27
180.171.122.0 - - [22/May/2023:05:42:26 +0800] "GET /xingrg/all/function/internal_message.html?_=1684705346696&CODE_STATE=getMsg HTTP/1.1" 200 27
120.253.135.82 - - [22/May/2023:05:42:29 +0800] "GET /xingrg/all/function/internal_message.html?_=1684705185359&CODE_STATE=getMsg HTTP/1.1" 200 27
116.238.139.35 - - [22/May/2023:05:42:30 +0800] "GET /xingrg/all/function/internal_message.html?_=1684705348245&CODE_STATE=getMsg HTTP/1.1" 200 27
222.70.168.127 - - [22/May/2023:05:42:35 +0800] "GET /xingrg/all/function/internal_message.html?_=1684705355713&CODE_STATE=getMsg HTTP/1.1" 200 27
180.164.3.199 - - [22/May/2023:05:42:55 +0800] "GET /xingrg/all/function/internal_message.html?_=1684705375261&CODE_STATE=getMsg HTTP/1.1" 200 27
180.169.147.146 - - [22/May/2023:05:43:07 +0800] "GET /xingrg/all/function/internal_message.html?_=1684705387965&CODE_STATE=getMsg HTTP/1.1" 200 27
222.70.168.127 - - [22/May/2023:05:43:09 +0800] "GET /xingrg/check_reg.html?_=1684705390564 HTTP/1.1" 200 22
61.170.233.64 - - [22/May/2023:05:43:20 +0800] "GET /xingrg/all/function/internal_message.html?_=1684705395393&CODE_STATE=getMsg HTTP/1.1" 200 27
180.171.122.0 - - [22/May/2023:05:43:26 +0800] "GET /xingrg/all/function/internal_message.html?_=1684705406729&CODE_STATE=getMsg HTTP/1.1" 200 27
120.253.135.82 - - [22/May/2023:05:43:29 +0800] "GET /xingrg/all/function/internal_message.html?_=1684705245373&CODE_STATE=getMsg HTTP/1.1" 200 27
116.238.139.35 - - [22/May/2023:05:43:30 +0800] "GET /xingrg/all/function/internal_message.html?_=1684705408246&CODE_STATE=getMsg HTTP/1.1" 200 27
222.70.168.127 - - [22/May/2023:05:43:35 +0800] "GET /xingrg/all/function/internal_message.html?_=1684705415723&CODE_STATE=getMsg HTTP/1.1" 200 27
180.169.147.146 - - [22/May/2023:05:43:43 +0800] "GET /xingrg/check_reg.html?_=1684705423912 HTTP/1.1" 200 22
180.164.3.199 - - [22/May/2023:05:43:55 +0800] "GET /xingrg/all/function/internal_message.html?_=1684705435254&CODE_STATE=getMsg HTTP/1.1" 200 27
180.169.147.146 - - [22/May/2023:05:44:07 +0800] "GET /xingrg/all/function/internal_message.html?_=1684705447977&CODE_STATE=getMsg HTTP/1.1" 200 27
61.170.233.64 - - [22/May/2023:05:44:20 +0800] "GET /xingrg/all/function/internal_message.html?_=1684705455365&CODE_STATE=getMsg HTTP/1.1" 200 27
180.171.122.0 - - [22/May/2023:05:44:26 +0800] "GET /xingrg/all/function/internal_message.html?_=1684705466726&CODE_STATE=getMsg HTTP/1.1" 200 27
120.253.135.82 - - [22/May/2023:05:44:29 +0800] "GET /xingrg/all/function/internal_message.html?_=1684705305391&CODE_STATE=getMsg HTTP/1.1" 200 27
116.238.139.35 - - [22/May/2023:05:44:30 +0800] "GET /xingrg/all/function/internal_message.html?_=1684705468247&CODE_STATE=getMsg HTTP/1.1" 200 27
222.70.168.127 - - [22/May/2023:05:44:35 +0800] "GET /xingrg/all/function/internal_message.html?_=1684705475736&CODE_STATE=getMsg HTTP/1.1" 200 27
180.164.3.199 - - [22/May/2023:05:44:55 +0800] "GET /xingrg/all/function/internal_message.html?_=1684705495252&CODE_STATE=getMsg HTTP/1.1" 200 27
180.169.147.146 - - [22/May/2023:05:45:07 +0800] "GET /xingrg/all/function/internal_message.html?_=1684705507991&CODE_STATE=getMsg HTTP/1.1" 200 27
61.170.233.64 - - [22/May/2023:05:45:20 +0800] "GET /xingrg/all/function/internal_message.html?_=1684705515337&CODE_STATE=getMsg HTTP/1.1" 200 27
180.171.122.0 - - [22/May/2023:05:45:26 +0800] "GET /xingrg/all/function/internal_message.html?_=1684705526713&CODE_STATE=getMsg HTTP/1.1" 200 27
120.253.135.82 - - [22/May/2023:05:45:29 +0800] "GET /xingrg/check_reg.html?_=1684705365338 HTTP/1.1" 200 22
120.253.135.82 - - [22/May/2023:05:45:29 +0800] "GET /xingrg/all/function/internal_message.html?_=1684705365409&CODE_STATE=getMsg HTTP/1.1" 200 27
116.238.139.35 - - [22/May/2023:05:45:30 +0800] "GET /xingrg/all/function/internal_message.html?_=1684705528252&CODE_STATE=getMsg HTTP/1.1" 200 27
116.238.139.35 - - [22/May/2023:05:45:30 +0800] "GET /xingrg/check_reg.html?_=1684705528256 HTTP/1.1" 200 22
222.70.168.127 - - [22/May/2023:05:45:35 +0800] "GET /xingrg/all/function/internal_message.html?_=1684705535866&CODE_STATE=getMsg HTTP/1.1" 200 27
180.164.3.199 - - [22/May/2023:05:45:55 +0800] "GET /xingrg/all/function/internal_message.html?_=1684705555246&CODE_STATE=getMsg HTTP/1.1" 200 27
180.164.3.199 - - [22/May/2023:05:46:05 +0800] "GET /xingrg/check_reg.html?_=1684705565069 HTTP/1.1" 200 22
180.169.147.146 - - [22/May/2023:05:46:07 +0800] "GET /xingrg/all/function/internal_message.html?_=1684705568022&CODE_STATE=getMsg HTTP/1.1" 200 27
180.163.29.234 - - [22/May/2023:05:46:20 +0800] "GET /xingrg/all/function/internal_message.html?_=1684705515337&CODE_STATE=getMsg HTTP/1.1" 302 -
180.163.29.234 - - [22/May/2023:05:46:20 +0800] "GET /xingrg/login.html HTTP/1.1" 200 7641
61.170.233.64 - - [22/May/2023:05:46:20 +0800] "GET /xingrg/all/function/internal_message.html?_=1684705575322&CODE_STATE=getMsg HTTP/1.1" 200 27
180.171.122.0 - - [22/May/2023:05:46:26 +0800] "GET /xingrg/all/function/internal_message.html?_=1684705586713&CODE_STATE=getMsg HTTP/1.1" 200 27
180.171.122.0 - - [22/May/2023:05:46:26 +0800] "GET /xingrg/check_reg.html?_=1684705586716 HTTP/1.1" 200 22
120.253.135.82 - - [22/May/2023:05:46:29 +0800] "GET /xingrg/all/function/internal_message.html?_=1684705425414&CODE_STATE=getMsg HTTP/1.1" 200 27
116.238.139.35 - - [22/May/2023:05:46:30 +0800] "GET /xingrg/all/function/internal_message.html?_=1684705588258&CODE_STATE=getMsg HTTP/1.1" 200 27
222.70.168.127 - - [22/May/2023:05:46:35 +0800] "GET /xingrg/all/function/internal_message.html?_=1684705595873&CODE_STATE=getMsg HTTP/1.1" 200 27
61.170.233.64 - - [22/May/2023:05:46:38 +0800] "GET /xingrg/check_reg.html?_=1684705593438 HTTP/1.1" 200 22
180.164.3.199 - - [22/May/2023:05:46:55 +0800] "GET /xingrg/all/function/internal_message.html?_=1684705615235&CODE_STATE=getMsg HTTP/1.1" 200 27
172.20.0.100 - - [22/May/2023:05:47:01 +0800] "GET /xingrg/check_reg.html?_=1684705621684 HTTP/1.1" 302 -
180.169.147.146 - - [22/May/2023:05:47:07 +0800] "GET /xingrg/all/function/internal_message.html?_=1684705628033&CODE_STATE=getMsg HTTP/1.1" 200 27
180.163.30.76 - - [22/May/2023:05:47:20 +0800] "GET /xingrg/all/function/internal_message.html?_=1684705575322&CODE_STATE=getMsg HTTP/1.1" 302 -
180.163.30.76 - - [22/May/2023:05:47:20 +0800] "GET /xingrg/login.html HTTP/1.1" 200 7641
61.170.233.64 - - [22/May/2023:05:47:20 +0800] "GET /xingrg/all/function/internal_message.html?_=1684705635298&CODE_STATE=getMsg HTTP/1.1" 200 27
180.171.122.0 - - [22/May/2023:05:47:26 +0800] "GET /xingrg/all/function/internal_message.html?_=1684705646717&CODE_STATE=getMsg HTTP/1.1" 200 27
120.253.135.82 - - [22/May/2023:05:47:29 +0800] "GET /xingrg/all/function/internal_message.html?_=1684705485426&CODE_STATE=getMsg HTTP/1.1" 200 27
116.238.139.35 - - [22/May/2023:05:47:30 +0800] "GET /xingrg/all/function/internal_message.html?_=1684705648244&CODE_STATE=getMsg HTTP/1.1" 200 27
222.70.168.127 - - [22/May/2023:05:47:35 +0800] "GET /xingrg/all/function/internal_message.html?_=1684705655999&CODE_STATE=getMsg HTTP/1.1" 200 27
180.163.28.143 - - [22/May/2023:05:47:38 +0800] "GET /xingrg/check_reg.html?_=1684705593438 HTTP/1.1" 302 -
180.163.28.143 - - [22/May/2023:05:47:38 +0800] "GET /xingrg/login.html HTTP/1.1" 200 7641
180.164.3.199 - - [22/May/2023:05:47:55 +0800] "GET /xingrg/all/function/internal_message.html?_=1684705675232&CODE_STATE=getMsg HTTP/1.1" 200 27
180.169.147.146 - - [22/May/2023:05:48:07 +0800] "GET /xingrg/all/function/internal_message.html?_=1684705688065&CODE_STATE=getMsg HTTP/1.1" 200 27
222.70.168.127 - - [22/May/2023:05:48:09 +0800] "GET /xingrg/check_reg.html?_=1684705690565 HTTP/1.1" 200 22
61.170.233.64 - - [22/May/2023:05:48:20 +0800] "GET /xingrg/all/function/internal_message.html?_=1684705695270&CODE_STATE=getMsg HTTP/1.1" 200 27
180.171.122.0 - - [22/May/2023:05:48:26 +0800] "GET /xingrg/all/function/internal_message.html?_=1684705706719&CODE_STATE=getMsg HTTP/1.1" 200 27
120.253.135.82 - - [22/May/2023:05:48:29 +0800] "GET /xingrg/all/function/internal_message.html?_=1684705545446&CODE_STATE=getMsg HTTP/1.1" 200 27
116.238.139.35 - - [22/May/2023:05:48:30 +0800] "GET /xingrg/all/function/internal_message.html?_=1684705708260&CODE_STATE=getMsg HTTP/1.1" 200 27
222.70.168.127 - - [22/May/2023:05:48:35 +0800] "GET /xingrg/all/function/internal_message.html?_=1684705716010&CODE_STATE=getMsg HTTP/1.1" 200 27
180.169.147.146 - - [22/May/2023:05:48:43 +0800] "GET /xingrg/check_reg.html?_=1684705723911 HTTP/1.1" 200 22
180.164.3.199 - - [22/May/2023:05:48:55 +0800] "GET /xingrg/all/function/internal_message.html?_=1684705735214&CODE_STATE=getMsg HTTP/1.1" 200 27
180.169.147.146 - - [22/May/2023:05:49:07 +0800] "GET /xingrg/all/function/internal_message.html?_=1684705748076&CODE_STATE=getMsg HTTP/1.1" 200 27
61.170.233.64 - - [22/May/2023:05:49:20 +0800] "GET /xingrg/all/function/internal_message.html?_=1684705755239&CODE_STATE=getMsg HTTP/1.1" 200 27
180.171.122.0 - - [22/May/2023:05:49:26 +0800] "GET /xingrg/all/function/internal_message.html?_=1684705766720&CODE_STATE=getMsg HTTP/1.1" 200 27
120.253.135.82 - - [22/May/2023:05:49:29 +0800] "GET /xingrg/all/function/internal_message.html?_=1684705605455&CODE_STATE=getMsg HTTP/1.1" 200 27
116.238.139.35 - - [22/May/2023:05:49:30 +0800] "GET /xingrg/all/function/internal_message.html?_=1684705768249&CODE_STATE=getMsg HTTP/1.1" 200 27
222.70.168.127 - - [22/May/2023:05:49:35 +0800] "GET /xingrg/all/function/internal_message.html?_=1684705776023&CODE_STATE=getMsg HTTP/1.1" 200 27
180.164.3.199 - - [22/May/2023:05:49:55 +0800] "GET /xingrg/all/function/internal_message.html?_=1684705795201&CODE_STATE=getMsg HTTP/1.1" 200 27
180.169.147.146 - - [22/May/2023:05:50:07 +0800] "GET /xingrg/all/function/internal_message.html?_=1684705808089&CODE_STATE=getMsg HTTP/1.1" 200 27
61.170.233.64 - - [22/May/2023:05:50:20 +0800] "GET /xingrg/all/function/internal_message.html?_=1684705815211&CODE_STATE=getMsg HTTP/1.1" 200 27
180.171.122.0 - - [22/May/2023:05:50:26 +0800] "GET /xingrg/all/function/internal_message.html?_=1684705826719&CODE_STATE=getMsg HTTP/1.1" 200 27
120.253.135.82 - - [22/May/2023:05:50:29 +0800] "GET /xingrg/check_reg.html?_=1684705665357 HTTP/1.1" 200 22
120.253.135.82 - - [22/May/2023:05:50:29 +0800] "GET /xingrg/all/function/internal_message.html?_=1684705665470&CODE_STATE=getMsg HTTP/1.1" 200 27
222.70.168.127 - - [22/May/2023:05:50:29 +0800] "GET /xingrg/kc/buy/cgsh_order_list.html HTTP/1.1" 200 55675
222.70.168.127 - - [22/May/2023:05:50:30 +0800] "GET /xingrg/javascript/jquery_tools/jquery.tools.extend.js HTTP/1.1" 304 -
222.70.168.127 - - [22/May/2023:05:50:30 +0800] "GET /xingrg/css/site.css HTTP/1.1" 304 -
222.70.168.127 - - [22/May/2023:05:50:30 +0800] "GET /xingrg/css/base.css HTTP/1.1" 304 -
222.70.168.127 - - [22/May/2023:05:50:30 +0800] "GET /xingrg/javascript/easyui/themes/icon.css HTTP/1.1" 304 -
222.70.168.127 - - [22/May/2023:05:50:30 +0800] "GET /xingrg/javascript/auto/jquery.autocomplete.css HTTP/1.1" 304 -
222.70.168.127 - - [22/May/2023:05:50:30 +0800] "GET /xingrg/javascript/jquery_tools/jquery.tools.hotkey.js HTTP/1.1" 304 -
222.70.168.127 - - [22/May/2023:05:50:30 +0800] "GET /xingrg/javascript/jquery_tools/fix.css HTTP/1.1" 304 -
222.70.168.127 - - [22/May/2023:05:50:30 +0800] "GET /xingrg/javascript/easyui/themes/default/easyui.css HTTP/1.1" 304 -
222.70.168.127 - - [22/May/2023:05:50:30 +0800] "GET /xingrg/javascript/jquery_tools/jquery.tools.min.js HTTP/1.1" 304 -
222.70.168.127 - - [22/May/2023:05:50:30 +0800] "GET /xingrg/javascript/jquery_tools/datebox.css HTTP/1.1" 304 -
222.70.168.127 - - [22/May/2023:05:50:30 +0800] "GET /xingrg/javascript/jquery_tools/jquery.tools.table.js HTTP/1.1" 304 -
222.70.168.127 - - [22/May/2023:05:50:30 +0800] "GET /xingrg/javascript/jquery_tools/table.css HTTP/1.1" 304 -
222.70.168.127 - - [22/May/2023:05:50:30 +0800] "GET /xingrg/javascript/jquery_tools/list_manager.js HTTP/1.1" 304 -
222.70.168.127 - - [22/May/2023:05:50:30 +0800] "GET /xingrg/javascript/jquery.utils.js HTTP/1.1" 304 -
222.70.168.127 - - [22/May/2023:05:50:30 +0800] "GET /xingrg/javascript/easyui/easyloader.js HTTP/1.1" 304 -
222.70.168.127 - - [22/May/2023:05:50:30 +0800] "GET /xingrg/javascript/jquery.cookie.js HTTP/1.1" 304 -
222.70.168.127 - - [22/May/2023:05:50:30 +0800] "GET /xingrg/javascript/print/LodopFuncs.js HTTP/1.1" 304 -
222.70.168.127 - - [22/May/2023:05:50:30 +0800] "GET /xingrg/javascript/auto/jquery.autocomplete.js HTTP/1.1" 304 -
222.70.168.127 - - [22/May/2023:05:50:30 +0800] "GET /xingrg/javascript/easyui/plugins/jquery.parser.js HTTP/1.1" 304 -
116.238.139.35 - - [22/May/2023:05:50:30 +0800] "GET /xingrg/all/function/internal_message.html?_=1684705828250&CODE_STATE=getMsg HTTP/1.1" 200 27
116.238.139.35 - - [22/May/2023:05:50:30 +0800] "GET /xingrg/check_reg.html?_=1684705828254 HTTP/1.1" 200 22
222.70.168.127 - - [22/May/2023:05:50:35 +0800] "GET /xingrg/all/function/internal_message.html?_=1684705836211&CODE_STATE=getMsg HTTP/1.1" 200 27
222.70.168.127 - - [22/May/2023:05:50:36 +0800] "POST /xingrg/kc/buy/cgsh_list_operate.html HTTP/1.1" 200 6020
180.164.3.199 - - [22/May/2023:05:50:55 +0800] "GET /xingrg/all/function/internal_message.html?_=1684705855187&CODE_STATE=getMsg HTTP/1.1" 200 27
180.164.3.199 - - [22/May/2023:05:51:05 +0800] "GET /xingrg/check_reg.html?_=1684705865063 HTTP/1.1" 200 22
180.169.147.146 - - [22/May/2023:05:51:07 +0800] "GET /xingrg/all/function/internal_message.html?_=1684705868121&CODE_STATE=getMsg HTTP/1.1" 200 27
120.253.135.82 - - [22/May/2023:05:51:19 +0800] "GET /xingrg/kc/pszx/mdqp_order_list.html?state=10 HTTP/1.1" 200 15569
120.253.135.82 - - [22/May/2023:05:51:19 +0800] "GET /xingrg/dwr/engine.js HTTP/1.1" 200 43631
120.253.135.82 - - [22/May/2023:05:51:19 +0800] "GET /xingrg/dwr/interface/AjaxReportQueryService.js HTTP/1.1" 200 13203
120.253.135.82 - - [22/May/2023:05:51:19 +0800] "GET /xingrg/dwr/interface/AjaxQqpsService.js HTTP/1.1" 200 16326
222.70.168.127 - - [22/May/2023:05:51:19 +0800] "POST /xingrg/kc/buy/cgsh_list_operate.html HTTP/1.1" 200 415
180.163.30.85 - - [22/May/2023:05:51:20 +0800] "GET /xingrg/all/function/internal_message.html?_=1684705815211&CODE_STATE=getMsg HTTP/1.1" 302 -
180.163.30.85 - - [22/May/2023:05:51:20 +0800] "GET /xingrg/login.html HTTP/1.1" 200 7641
61.170.233.64 - - [22/May/2023:05:51:20 +0800] "GET /xingrg/all/function/internal_message.html?_=1684705875183&CODE_STATE=getMsg HTTP/1.1" 200 27
222.70.168.127 - - [22/May/2023:05:51:26 +0800] "POST /xingrg/kc/buy/cgsh_list_operate.html HTTP/1.1" 200 488
180.171.122.0 - - [22/May/2023:05:51:26 +0800] "GET /xingrg/check_reg.html?_=1684705886722 HTTP/1.1" 200 22
180.171.122.0 - - [22/May/2023:05:51:26 +0800] "GET /xingrg/all/function/internal_message.html?_=1684705886724&CODE_STATE=getMsg HTTP/1.1" 200 27
120.253.135.82 - - [22/May/2023:05:51:29 +0800] "GET /xingrg/all/function/internal_message.html?_=1684705725491&CODE_STATE=getMsg HTTP/1.1" 200 27
116.238.139.35 - - [22/May/2023:05:51:30 +0800] "GET /xingrg/all/function/internal_message.html?_=1684705888255&CODE_STATE=getMsg HTTP/1.1" 200 27
222.70.168.127 - - [22/May/2023:05:51:35 +0800] "GET /xingrg/all/function/internal_message.html?_=1684705896312&CODE_STATE=getMsg HTTP/1.1" 200 27
120.253.135.82 - - [22/May/2023:05:51:38 +0800] "GET /xingrg/kc/pszx/jzcl_ps.html HTTP/1.1" 200 7683
120.253.135.82 - - [22/May/2023:05:51:38 +0800] "GET /xingrg/javascript/step/step.css HTTP/1.1" 304 -
120.253.135.82 - - [22/May/2023:05:51:38 +0800] "GET /xingrg/css/table.css HTTP/1.1" 304 -
120.253.135.82 - - [22/May/2023:05:51:38 +0800] "GET /xingrg/javascript/tools/jquery.qtip-1.0.0-rc3.min.js HTTP/1.1" 304 -
61.170.233.64 - - [22/May/2023:05:51:38 +0800] "GET /xingrg/check_reg.html?_=1684705893455 HTTP/1.1" 200 22
120.253.135.82 - - [22/May/2023:05:51:38 +0800] "POST /xingrg/all/common/load_tree.html?tree=area_rest_tree_json HTTP/1.1" 200 3499
120.253.135.82 - - [22/May/2023:05:51:39 +0800] "POST /xingrg/kc/pszx/jzcl_ps_operate.html HTTP/1.1" 200 5715
120.253.135.82 - - [22/May/2023:05:51:39 +0800] "POST /xingrg/kc/pszx/jzcl_ps_operate.html HTTP/1.1" 200 5715
180.164.3.199 - - [22/May/2023:05:51:55 +0800] "GET /xingrg/all/function/internal_message.html?_=1684705915176&CODE_STATE=getMsg HTTP/1.1" 200 27
120.253.135.82 - - [22/May/2023:05:51:59 +0800] "POST /xingrg/kc/pszx/jzcl_ps_operate.html HTTP/1.1" 200 4
120.253.135.82 - - [22/May/2023:05:51:59 +0800] "GET /xingrg/javascript/step/images/navBtn.gif HTTP/1.1" 304 -
172.20.0.100 - - [22/May/2023:05:52:01 +0800] "GET /xingrg/check_reg.html?_=1684705921655 HTTP/1.1" 302 -
120.253.135.82 - - [22/May/2023:05:52:03 +0800] "GET /xingrg/kc/pszx/mdps_order_list.html HTTP/1.1" 200 21032
120.253.135.82 - - [22/May/2023:05:52:03 +0800] "POST /xingrg/kc/pszx/jzcl_ps_operate.html HTTP/1.1" 200 5257
120.253.135.82 - - [22/May/2023:05:52:04 +0800] "POST /xingrg/kc/pszx/mdps_list_operate.html HTTP/1.1" 200 5352
120.253.135.82 - - [22/May/2023:05:52:07 +0800] "GET /xingrg/kc/pszx/jzcl_ps.html HTTP/1.1" 200 7683
180.169.147.146 - - [22/May/2023:05:52:07 +0800] "GET /xingrg/all/function/internal_message.html?_=1684705928132&CODE_STATE=getMsg HTTP/1.1" 200 27
120.253.135.82 - - [22/May/2023:05:52:07 +0800] "POST /xingrg/all/common/load_tree.html?tree=area_rest_tree_json HTTP/1.1" 200 3499
120.253.135.82 - - [22/May/2023:05:52:08 +0800] "POST /xingrg/kc/pszx/jzcl_ps_operate.html HTTP/1.1" 200 5257
120.253.135.82 - - [22/May/2023:05:52:08 +0800] "POST /xingrg/kc/pszx/jzcl_ps_operate.html HTTP/1.1" 200 5257
180.163.28.109 - - [22/May/2023:05:52:20 +0800] "GET /xingrg/all/function/internal_message.html?_=1684705875183&CODE_STATE=getMsg HTTP/1.1" 302 -
180.163.28.109 - - [22/May/2023:05:52:20 +0800] "GET /xingrg/login.html HTTP/1.1" 200 7641
61.170.233.64 - - [22/May/2023:05:52:20 +0800] "GET /xingrg/all/function/internal_message.html?_=1684705935158&CODE_STATE=getMsg HTTP/1.1" 200 27
180.171.122.0 - - [22/May/2023:05:52:26 +0800] "GET /xingrg/all/function/internal_message.html?_=1684705946710&CODE_STATE=getMsg HTTP/1.1" 200 27
120.253.135.82 - - [22/May/2023:05:52:29 +0800] "GET /xingrg/all/function/internal_message.html?_=1684705785518&CODE_STATE=getMsg HTTP/1.1" 200 27
116.238.139.35 - - [22/May/2023:05:52:30 +0800] "GET /xingrg/all/function/internal_message.html?_=1684705948259&CODE_STATE=getMsg HTTP/1.1" 200 27
120.253.135.82 - - [22/May/2023:05:52:31 +0800] "POST /xingrg/kc/pszx/jzcl_ps_operate.html HTTP/1.1" 200 4
222.70.168.127 - - [22/May/2023:05:52:35 +0800] "GET /xingrg/all/function/internal_message.html?_=1684705956313&CODE_STATE=getMsg HTTP/1.1" 200 27
120.253.135.82 - - [22/May/2023:05:52:35 +0800] "POST /xingrg/kc/pszx/jzcl_ps_operate.html HTTP/1.1" 200 4785
120.253.135.82 - - [22/May/2023:05:52:35 +0800] "GET /xingrg/kc/pszx/mdps_order_list.html HTTP/1.1" 200 21032
120.253.135.82 - - [22/May/2023:05:52:36 +0800] "POST /xingrg/kc/pszx/mdps_list_operate.html HTTP/1.1" 200 5352
120.253.135.82 - - [22/May/2023:05:52:51 +0800] "POST /xingrg/kc/pszx/mdps_list_operate.html HTTP/1.1" 200 1692
120.253.135.82 - - [22/May/2023:05:52:53 +0800] "POST /xingrg/kc/pszx/mdps_list_operate.html HTTP/1.1" 200 629
120.253.135.82 - - [22/May/2023:05:52:55 +0800] "GET /xingrg/kc/pszx/mdps_order_info.html?code=312023052200468 HTTP/1.1" 200 23978
120.253.135.82 - - [22/May/2023:05:52:55 +0800] "GET /xingrg/javascript/easyui/themes/default/validatebox.css HTTP/1.1" 404 1104
180.164.3.199 - - [22/May/2023:05:52:55 +0800] "GET /xingrg/all/function/internal_message.html?_=1684705975171&CODE_STATE=getMsg HTTP/1.1" 200 27
222.70.168.127 - - [22/May/2023:05:52:59 +0800] "POST /xingrg/kc/buy/cgsh_list_operate.html HTTP/1.1" 200 4
120.253.135.82 - - [22/May/2023:05:52:59 +0800] "POST /xingrg/kc/pszx/mdps_order_operate.html HTTP/1.1" 200 7276
120.253.135.82 - - [22/May/2023:05:53:03 +0800] "POST /xingrg/kc/pszx/mdps_order_operate.html HTTP/1.1" 200 37
120.253.135.82 - - [22/May/2023:05:53:05 +0800] "GET /xingrg/kc/pszx/mdps_order_info.html?code=312023052200468 HTTP/1.1" 200 23978
120.253.135.82 - - [22/May/2023:05:53:05 +0800] "GET /xingrg/javascript/easyui/themes/default/validatebox.css HTTP/1.1" 404 1104
120.253.135.82 - - [22/May/2023:05:53:06 +0800] "POST /xingrg/kc/pszx/mdps_order_operate.html HTTP/1.1" 200 7366
222.70.168.127 - - [22/May/2023:05:53:07 +0800] "POST /xingrg/kc/buy/cgsh_list_operate.html HTTP/1.1" 200 5920
180.169.147.146 - - [22/May/2023:05:53:07 +0800] "GET /xingrg/all/function/internal_message.html?_=1684705988165&CODE_STATE=getMsg HTTP/1.1" 200 27
222.70.168.127 - - [22/May/2023:05:53:09 +0800] "GET /xingrg/check_reg.html?_=1684705990593 HTTP/1.1" 200 22
222.70.168.127 - - [22/May/2023:05:53:12 +0800] "POST /xingrg/kc/buy/cgsh_list_operate.html HTTP/1.1" 200 560
222.70.168.127 - - [22/May/2023:05:53:15 +0800] "POST /xingrg/kc/buy/cgsh_list_operate.html HTTP/1.1" 200 270
222.70.168.127 - - [22/May/2023:05:53:18 +0800] "POST /xingrg/kc/buy/cgsh_list_operate.html HTTP/1.1" 200 347
180.163.28.114 - - [22/May/2023:05:53:20 +0800] "GET /xingrg/all/function/internal_message.html?_=1684705935158&CODE_STATE=getMsg HTTP/1.1" 302 -
180.163.28.114 - - [22/May/2023:05:53:20 +0800] "GET /xingrg/login.html HTTP/1.1" 200 7641
61.170.233.64 - - [22/May/2023:05:53:20 +0800] "GET /xingrg/all/function/internal_message.html?_=1684705995128&CODE_STATE=getMsg HTTP/1.1" 200 27
222.70.168.127 - - [22/May/2023:05:53:23 +0800] "POST /xingrg/kc/buy/cgsh_list_operate.html HTTP/1.1" 200 562
180.171.122.0 - - [22/May/2023:05:53:26 +0800] "GET /xingrg/all/function/internal_message.html?_=1684706006711&CODE_STATE=getMsg HTTP/1.1" 200 27
120.253.135.82 - - [22/May/2023:05:53:29 +0800] "GET /xingrg/all/function/internal_message.html?_=1684705845524&CODE_STATE=getMsg HTTP/1.1" 200 27
116.238.139.35 - - [22/May/2023:05:53:30 +0800] "GET /xingrg/all/function/internal_message.html?_=1684706008261&CODE_STATE=getMsg HTTP/1.1" 200 27
120.253.135.82 - - [22/May/2023:05:53:34 +0800] "GET /xingrg/kc/print/load_config.html?kc_code=mdps HTTP/1.1" 200 2390
120.253.135.82 - - [22/May/2023:05:53:35 +0800] "GET /xingrg/kc/print/load_data.html?order_code=312023052200468&kc_code=mdps&condition= HTTP/1.1" 200 3061
222.70.168.127 - - [22/May/2023:05:53:35 +0800] "GET /xingrg/all/function/internal_message.html?_=1684706016330&CODE_STATE=getMsg HTTP/1.1" 200 27
180.169.147.146 - - [22/May/2023:05:53:43 +0800] "GET /xingrg/check_reg.html?_=1684706023917 HTTP/1.1" 200 22
180.164.3.199 - - [22/May/2023:05:53:55 +0800] "GET /xingrg/all/function/internal_message.html?_=1684706035144&CODE_STATE=getMsg HTTP/1.1" 200 27
180.169.147.146 - - [22/May/2023:05:54:07 +0800] "GET /xingrg/all/function/internal_message.html?_=1684706048175&CODE_STATE=getMsg HTTP/1.1" 200 27
120.253.135.82 - - [22/May/2023:05:54:12 +0800] "POST /xingrg/kc/pszx/mdps_list_operate.html HTTP/1.1" 200 1692
120.253.135.82 - - [22/May/2023:05:54:14 +0800] "POST /xingrg/kc/pszx/mdps_list_operate.html HTTP/1.1" 200 627
120.253.135.82 - - [22/May/2023:05:54:19 +0800] "GET /xingrg/kc/pszx/mdps_order_info.html?code=312023052200467 HTTP/1.1" 200 23978
120.253.135.82 - - [22/May/2023:05:54:19 +0800] "GET /xingrg/javascript/easyui/themes/default/validatebox.css HTTP/1.1" 404 1104
120.253.135.82 - - [22/May/2023:05:54:20 +0800] "POST /xingrg/kc/pszx/mdps_order_operate.html HTTP/1.1" 200 7335
61.170.233.64 - - [22/May/2023:05:54:20 +0800] "GET /xingrg/all/function/internal_message.html?_=1684706055105&CODE_STATE=getMsg HTTP/1.1" 200 27
120.253.135.82 - - [22/May/2023:05:54:25 +0800] "POST /xingrg/kc/pszx/mdps_order_operate.html HTTP/1.1" 200 37
180.171.122.0 - - [22/May/2023:05:54:26 +0800] "GET /xingrg/all/function/internal_message.html?_=1684706066709&CODE_STATE=getMsg HTTP/1.1" 200 27
120.253.135.82 - - [22/May/2023:05:54:27 +0800] "GET /xingrg/kc/pszx/mdps_order_info.html?code=312023052200467 HTTP/1.1" 200 23978
120.253.135.82 - - [22/May/2023:05:54:28 +0800] "GET /xingrg/javascript/easyui/themes/default/validatebox.css HTTP/1.1" 404 1104
120.253.135.82 - - [22/May/2023:05:54:29 +0800] "GET /xingrg/all/function/internal_message.html?_=1684705905538&CODE_STATE=getMsg HTTP/1.1" 200 27
116.238.139.35 - - [22/May/2023:05:54:30 +0800] "GET /xingrg/all/function/internal_message.html?_=1684706068261&CODE_STATE=getMsg HTTP/1.1" 200 27
120.253.135.82 - - [22/May/2023:05:54:32 +0800] "POST /xingrg/kc/pszx/mdps_order_operate.html HTTP/1.1" 200 7422
222.70.168.127 - - [22/May/2023:05:54:35 +0800] "GET /xingrg/all/function/internal_message.html?_=1684706076423&CODE_STATE=getMsg HTTP/1.1" 200 27
180.164.3.199 - - [22/May/2023:05:54:55 +0800] "GET /xingrg/all/function/internal_message.html?_=1684706095136&CODE_STATE=getMsg HTTP/1.1" 200 27
180.169.147.146 - - [22/May/2023:05:55:07 +0800] "GET /xingrg/all/function/internal_message.html?_=1684706108188&CODE_STATE=getMsg HTTP/1.1" 200 27
222.70.168.127 - - [22/May/2023:05:55:07 +0800] "POST /xingrg/kc/buy/cgsh_list_operate.html HTTP/1.1" 200 4
61.170.233.64 - - [22/May/2023:05:55:20 +0800] "GET /xingrg/all/function/internal_message.html?_=1684706115093&CODE_STATE=getMsg HTTP/1.1" 200 27
180.171.122.0 - - [22/May/2023:05:55:26 +0800] "GET /xingrg/all/function/internal_message.html?_=1684706126723&CODE_STATE=getMsg HTTP/1.1" 200 27
120.253.135.82 - - [22/May/2023:05:55:29 +0800] "GET /xingrg/check_reg.html?_=1684705965350 HTTP/1.1" 200 22
120.253.135.82 - - [22/May/2023:05:55:29 +0800] "GET /xingrg/all/function/internal_message.html?_=1684705965551&CODE_STATE=getMsg HTTP/1.1" 200 27
116.238.139.35 - - [22/May/2023:05:55:30 +0800] "GET /xingrg/check_reg.html?_=1684706128264 HTTP/1.1" 200 22
116.238.139.35 - - [22/May/2023:05:55:30 +0800] "GET /xingrg/all/function/internal_message.html?_=1684706128267&CODE_STATE=getMsg HTTP/1.1" 200 27
120.253.135.82 - - [22/May/2023:05:55:40 +0800] "GET /xingrg/kc/print/load_data.html?order_code=312023052200467&kc_code=mdps&condition= HTTP/1.1" 200 3141
180.164.3.199 - - [22/May/2023:05:55:55 +0800] "GET /xingrg/all/function/internal_message.html?_=1684706155130&CODE_STATE=getMsg HTTP/1.1" 200 27
180.164.3.199 - - [22/May/2023:05:56:05 +0800] "GET /xingrg/check_reg.html?_=1684706165053 HTTP/1.1" 200 22
180.169.147.146 - - [22/May/2023:05:56:07 +0800] "GET /xingrg/all/function/internal_message.html?_=1684706168224&CODE_STATE=getMsg HTTP/1.1" 200 27
61.170.233.64 - - [22/May/2023:05:56:20 +0800] "GET /xingrg/all/function/internal_message.html?_=1684706175078&CODE_STATE=getMsg HTTP/1.1" 200 27
180.171.122.0 - - [22/May/2023:05:56:26 +0800] "GET /xingrg/check_reg.html?_=1684706186730 HTTP/1.1" 200 22
180.171.122.0 - - [22/May/2023:05:56:26 +0800] "GET /xingrg/all/function/internal_message.html?_=1684706186733&CODE_STATE=getMsg HTTP/1.1" 200 27
120.253.135.82 - - [22/May/2023:05:56:29 +0800] "GET /xingrg/all/function/internal_message.html?_=1684706025579&CODE_STATE=getMsg HTTP/1.1" 200 27
116.238.139.35 - - [22/May/2023:05:56:30 +0800] "GET /xingrg/all/function/internal_message.html?_=1684706188256&CODE_STATE=getMsg HTTP/1.1" 200 27
61.170.233.64 - - [22/May/2023:05:56:38 +0800] "GET /xingrg/check_reg.html?_=1684706193459 HTTP/1.1" 200 22
180.164.3.199 - - [22/May/2023:05:56:55 +0800] "GET /xingrg/all/function/internal_message.html?_=1684706215104&CODE_STATE=getMsg HTTP/1.1" 200 27
172.20.0.100 - - [22/May/2023:05:57:01 +0800] "GET /xingrg/check_reg.html?_=1684706221628 HTTP/1.1" 302 -
180.169.147.146 - - [22/May/2023:05:57:07 +0800] "GET /xingrg/all/function/internal_message.html?_=1684706228232&CODE_STATE=getMsg HTTP/1.1" 200 27
61.170.233.64 - - [22/May/2023:05:57:20 +0800] "GET /xingrg/all/function/internal_message.html?_=1684706235053&CODE_STATE=getMsg HTTP/1.1" 200 27
180.171.122.0 - - [22/May/2023:05:57:26 +0800] "GET /xingrg/all/function/internal_message.html?_=1684706246724&CODE_STATE=getMsg HTTP/1.1" 200 27
124.79.240.114 - - [22/May/2023:05:57:29 +0800] "POST /xingrg/services/DataTransmitService HTTP/1.1" 200 524
120.253.135.82 - - [22/May/2023:05:57:29 +0800] "GET /xingrg/all/function/internal_message.html?_=1684706085594&CODE_STATE=getMsg HTTP/1.1" 200 27
222.70.168.127 - - [22/May/2023:05:57:29 +0800] "POST /xingrg/kc/buy/cgsh_list_operate.html HTTP/1.1" 200 5317
116.238.139.35 - - [22/May/2023:05:57:30 +0800] "GET /xingrg/all/function/internal_message.html?_=1684706248258&CODE_STATE=getMsg HTTP/1.1" 200 27
222.70.168.127 - - [22/May/2023:05:57:35 +0800] "GET /xingrg/all/function/internal_message.html?_=1684706256460&CODE_STATE=getMsg HTTP/1.1" 200 27
180.164.3.199 - - [22/May/2023:05:57:55 +0800] "GET /xingrg/all/function/internal_message.html?_=1684706275103&CODE_STATE=getMsg HTTP/1.1" 200 27
180.169.147.146 - - [22/May/2023:05:58:07 +0800] "GET /xingrg/all/function/internal_message.html?_=1684706288264&CODE_STATE=getMsg HTTP/1.1" 200 27
222.70.168.127 - - [22/May/2023:05:58:09 +0800] "GET /xingrg/check_reg.html?_=1684706290713 HTTP/1.1" 200 22
61.170.233.64 - - [22/May/2023:05:58:20 +0800] "GET /xingrg/all/function/internal_message.html?_=1684706295031&CODE_STATE=getMsg HTTP/1.1" 200 27
180.171.122.0 - - [22/May/2023:05:58:26 +0800] "GET /xingrg/all/function/internal_message.html?_=1684706306711&CODE_STATE=getMsg HTTP/1.1" 200 27
120.253.135.82 - - [22/May/2023:05:58:29 +0800] "GET /xingrg/all/function/internal_message.html?_=1684706145622&CODE_STATE=getMsg HTTP/1.1" 200 27
116.238.139.35 - - [22/May/2023:05:58:30 +0800] "GET /xingrg/all/function/internal_message.html?_=1684706308261&CODE_STATE=getMsg HTTP/1.1" 200 27
222.70.168.127 - - [22/May/2023:05:58:35 +0800] "GET /xingrg/all/function/internal_message.html?_=1684706316473&CODE_STATE=getMsg HTTP/1.1" 200 27
180.169.147.146 - - [22/May/2023:05:58:43 +0800] "GET /xingrg/check_reg.html?_=1684706323923 HTTP/1.1" 200 22
180.164.3.199 - - [22/May/2023:05:58:55 +0800] "GET /xingrg/all/function/internal_message.html?_=1684706335089&CODE_STATE=getMsg HTTP/1.1" 200 27
180.169.147.146 - - [22/May/2023:05:59:07 +0800] "GET /xingrg/all/function/internal_message.html?_=1684706348274&CODE_STATE=getMsg HTTP/1.1" 200 27
222.70.168.127 - - [22/May/2023:05:59:14 +0800] "POST /xingrg/kc/buy/cgsh_list_operate.html HTTP/1.1" 200 4
61.170.233.64 - - [22/May/2023:05:59:20 +0800] "GET /xingrg/all/function/internal_message.html?_=1684706355004&CODE_STATE=getMsg HTTP/1.1" 200 27
180.163.30.76 - - [22/May/2023:05:59:20 +0800] "GET /xingrg/all/function/internal_message.html?_=1684706295031&CODE_STATE=getMsg HTTP/1.1" 302 -
180.163.30.76 - - [22/May/2023:05:59:20 +0800] "GET /xingrg/login.html HTTP/1.1" 200 7641
120.253.135.82 - - [22/May/2023:05:59:23 +0800] "POST /xingrg/kc/pszx/mdps_list_operate.html HTTP/1.1" 200 1692
222.70.168.127 - - [22/May/2023:05:59:24 +0800] "POST /xingrg/kc/buy/cgsh_list_operate.html HTTP/1.1" 200 986
180.171.122.0 - - [22/May/2023:05:59:26 +0800] "GET /xingrg/all/function/internal_message.html?_=1684706366720&CODE_STATE=getMsg HTTP/1.1" 200 27
120.253.135.82 - - [22/May/2023:05:59:29 +0800] "GET /xingrg/all/function/internal_message.html?_=1684706205637&CODE_STATE=getMsg HTTP/1.1" 200 27
116.238.139.35 - - [22/May/2023:05:59:30 +0800] "GET /xingrg/all/function/internal_message.html?_=1684706368260&CODE_STATE=getMsg HTTP/1.1" 200 27
120.253.135.82 - - [22/May/2023:05:59:30 +0800] "POST /xingrg/kc/pszx/mdps_list_operate.html HTTP/1.1" 200 3136
120.253.135.82 - - [22/May/2023:05:59:33 +0800] "POST /xingrg/kc/pszx/mdps_list_operate.html HTTP/1.1" 200 657
222.70.168.127 - - [22/May/2023:05:59:35 +0800] "GET /xingrg/all/function/internal_message.html?_=1684706376486&CODE_STATE=getMsg HTTP/1.1" 200 27
120.253.135.82 - - [22/May/2023:05:59:35 +0800] "POST /xingrg/kc/pszx/mdps_list_operate.html HTTP/1.1" 200 594
120.253.135.82 - - [22/May/2023:05:59:37 +0800] "POST /xingrg/kc/pszx/mdps_list_operate.html HTTP/1.1" 200 606
120.253.135.82 - - [22/May/2023:05:59:39 +0800] "POST /xingrg/kc/pszx/mdps_list_operate.html HTTP/1.1" 200 206
120.253.135.82 - - [22/May/2023:05:59:42 +0800] "POST /xingrg/kc/pszx/mdps_list_operate.html HTTP/1.1" 200 290
180.164.3.199 - - [22/May/2023:05:59:55 +0800] "GET /xingrg/all/function/internal_message.html?_=1684706395079&CODE_STATE=getMsg HTTP/1.1" 200 27
61.170.233.64 - - [22/May/2023:06:00:20 +0800] "GET /xingrg/all/function/internal_message.html?_=1684706414977&CODE_STATE=getMsg HTTP/1.1" 200 27
180.171.122.0 - - [22/May/2023:06:00:26 +0800] "GET /xingrg/all/function/internal_message.html?_=1684706426729&CODE_STATE=getMsg HTTP/1.1" 200 27
120.253.135.82 - - [22/May/2023:06:00:29 +0800] "GET /xingrg/check_reg.html?_=1684706265381 HTTP/1.1" 200 22
120.253.135.82 - - [22/May/2023:06:00:29 +0800] "GET /xingrg/all/function/internal_message.html?_=1684706265651&CODE_STATE=getMsg HTTP/1.1" 200 27
116.238.139.35 - - [22/May/2023:06:00:30 +0800] "GET /xingrg/all/function/internal_message.html?_=1684706428260&CODE_STATE=getMsg HTTP/1.1" 200 27
116.238.139.35 - - [22/May/2023:06:00:30 +0800] "GET /xingrg/check_reg.html?_=1684706428268 HTTP/1.1" 200 22
222.70.168.127 - - [22/May/2023:06:00:35 +0800] "GET /xingrg/all/function/internal_message.html?_=1684706436500&CODE_STATE=getMsg HTTP/1.1" 200 27
222.70.168.127 - - [22/May/2023:06:00:46 +0800] "POST /xingrg/services/DataTransmitService HTTP/1.1" 200 524
222.70.168.127 - - [22/May/2023:06:00:47 +0800] "POST /xingrg/services/DataTransmitService HTTP/1.1" 200 412
120.253.135.82 - - [22/May/2023:06:00:53 +0800] "POST /xingrg/kc/pszx/mdps_list_operate.html HTTP/1.1" 200 3550
120.253.135.82 - - [22/May/2023:06:00:54 +0800] "POST /xingrg/kc/pszx/mdps_list_operate.html HTTP/1.1" 200 205
116.238.139.35 - - [22/May/2023:06:00:55 +0800] "POST /xingrg/services/DataTransmitService HTTP/1.1" 200 524
180.164.3.199 - - [22/May/2023:06:00:55 +0800] "GET /xingrg/all/function/internal_message.html?_=1684706455068&CODE_STATE=getMsg HTTP/1.1" 200 27
120.253.135.82 - - [22/May/2023:06:00:57 +0800] "POST /xingrg/kc/pszx/mdps_list_operate.html HTTP/1.1" 200 202
180.164.3.199 - - [22/May/2023:06:01:05 +0800] "GET /xingrg/check_reg.html?_=1684706465037 HTTP/1.1" 200 22
61.170.233.64 - - [22/May/2023:06:01:20 +0800] "GET /xingrg/all/function/internal_message.html?_=1684706474948&CODE_STATE=getMsg HTTP/1.1" 200 27
180.171.122.0 - - [22/May/2023:06:01:26 +0800] "GET /xingrg/all/function/internal_message.html?_=1684706486719&CODE_STATE=getMsg HTTP/1.1" 200 27
180.171.122.0 - - [22/May/2023:06:01:26 +0800] "GET /xingrg/check_reg.html?_=1684706486721 HTTP/1.1" 200 22
120.253.135.82 - - [22/May/2023:06:01:29 +0800] "GET /xingrg/all/function/internal_message.html?_=1684706325677&CODE_STATE=getMsg HTTP/1.1" 200 27
116.238.139.35 - - [22/May/2023:06:01:30 +0800] "GET /xingrg/all/function/internal_message.html?_=1684706488268&CODE_STATE=getMsg HTTP/1.1" 200 27
222.70.168.127 - - [22/May/2023:06:01:35 +0800] "GET /xingrg/all/function/internal_message.html?_=1684706496618&CODE_STATE=getMsg HTTP/1.1" 200 27
61.170.233.64 - - [22/May/2023:06:01:38 +0800] "GET /xingrg/check_reg.html?_=1684706493465 HTTP/1.1" 200 22
180.164.3.199 - - [22/May/2023:06:01:55 +0800] "GET /xingrg/all/function/internal_message.html?_=1684706515043&CODE_STATE=getMsg HTTP/1.1" 200 27
