116.238.139.35 - - [21/May/2023:09:21:53 +0800] "GET /xingrg/javascript/jquery_tools/fix.css HTTP/1.1" 304 -
116.238.139.35 - - [21/May/2023:09:21:53 +0800] "GET /xingrg/javascript/jquery_tools/jquery.tools.min.js HTTP/1.1" 304 -
116.238.139.35 - - [21/May/2023:09:21:53 +0800] "GET /xingrg/javascript/jquery_tools/jquery.tools.table.js HTTP/1.1" 304 -
116.238.139.35 - - [21/May/2023:09:21:53 +0800] "GET /xingrg/javascript/jquery_tools/jquery.tools.hotkey.js HTTP/1.1" 304 -
116.238.139.35 - - [21/May/2023:09:21:53 +0800] "GET /xingrg/javascript/auto/jquery.autocomplete.js HTTP/1.1" 304 -
116.238.139.35 - - [21/May/2023:09:21:53 +0800] "GET /xingrg/javascript/jquery_tools/list_manager.js HTTP/1.1" 304 -
116.238.139.35 - - [21/May/2023:09:21:53 +0800] "GET /xingrg/javascript/jquery.cookie.js HTTP/1.1" 304 -
116.238.139.35 - - [21/May/2023:09:21:53 +0800] "GET /xingrg/javascript/easyui/easyloader.js HTTP/1.1" 304 -
116.238.139.35 - - [21/May/2023:09:21:53 +0800] "GET /xingrg/javascript/print/LodopFuncs.js HTTP/1.1" 304 -
120.253.135.82 - - [21/May/2023:09:21:53 +0800] "GET /xingrg/kc/pszx/mdps_order_info.html?code=312023052100448 HTTP/1.1" 200 23972
222.67.238.82 - - [21/May/2023:09:21:53 +0800] "GET /xingrg/all/function/internal_message.html?_=1684631626938&CODE_STATE=getMsg HTTP/1.1" 200 27
120.253.135.82 - - [21/May/2023:09:21:53 +0800] "GET /xingrg/javascript/easyui/themes/default/validatebox.css HTTP/1.1" 404 1104
116.238.139.35 - - [21/May/2023:09:21:53 +0800] "GET /xingrg/javascript/easyui/themes/icons/edit_add_new.png HTTP/1.1" 304 -
116.238.139.35 - - [21/May/2023:09:21:53 +0800] "GET /xingrg/javascript/easyui/themes/icons/check_new.png HTTP/1.1" 304 -
116.238.139.35 - - [21/May/2023:09:21:53 +0800] "GET /xingrg/javascript/easyui/themes/icons/cance_new.png HTTP/1.1" 304 -
116.238.139.35 - - [21/May/2023:09:21:53 +0800] "GET /xingrg/javascript/easyui/themes/icons/import_new.png HTTP/1.1" 304 -
116.238.139.35 - - [21/May/2023:09:21:53 +0800] "GET /xingrg/javascript/easyui/themes/icons/field_new.png HTTP/1.1" 304 -
116.238.139.35 - - [21/May/2023:09:21:53 +0800] "GET /xingrg/javascript/jquery_easy_ui/themes/icons/area.png HTTP/1.1" 304 -
116.238.139.35 - - [21/May/2023:09:21:53 +0800] "GET /xingrg/javascript/jquery_easy_ui/themes/icons/rest.png HTTP/1.1" 304 -
116.238.139.35 - - [21/May/2023:09:21:53 +0800] "GET /xingrg/javascript/easyui/plugins/jquery.parser.js HTTP/1.1" 304 -
116.238.139.35 - - [21/May/2023:09:21:53 +0800] "GET /xingrg/images/control/ajaxLoader.gif HTTP/1.1" 304 -
116.224.158.100 - - [21/May/2023:09:21:54 +0800] "GET /xingrg/all/function/internal_message.html?_=1684631947414&CODE_STATE=getMsg HTTP/1.1" 200 27
120.253.135.82 - - [21/May/2023:09:21:54 +0800] "POST /xingrg/kc/pszx/mdps_order_operate.html HTTP/1.1" 200 11698
222.67.238.82 - - [21/May/2023:09:21:55 +0800] "POST /xingrg/dwr/call/plaincall/AjaxQqpsService.saveMaterielItem.dwr HTTP/1.1" 200 79
120.253.135.82 - - [21/May/2023:09:21:56 +0800] "POST /xingrg/all/common/load_combo.html?type=base HTTP/1.1" 200 1169
116.224.158.100 - - [21/May/2023:09:21:57 +0800] "GET /xingrg/kc/buy/cgsh_order_operate.html?command=get_materiel&rest_code=00105&code=00101008359&supplier_code=00100203&order_time=2023-05-21 HTTP/1.1" 200 408
116.238.139.35 - - [21/May/2023:09:21:57 +0800] "POST /xingrg/kc/buy/cgsh_list_operate.html HTTP/1.1" 200 986
124.79.74.67 - - [21/May/2023:09:21:59 +0800] "GET /xingrg/all/function/internal_message.html?_=1684632119305&CODE_STATE=getMsg HTTP/1.1" 200 27
116.238.139.35 - - [21/May/2023:09:21:59 +0800] "GET /xingrg/javascript/easyui/themes/default/images/button_plain_hover.png HTTP/1.1" 304 -
116.238.139.35 - - [21/May/2023:09:21:59 +0800] "GET /xingrg/javascript/easyui/themes/default/images/button_plain_hover.png HTTP/1.1" 304 -
114.83.218.112 - - [21/May/2023:09:21:59 +0800] "GET /xingrg/kc/buy/cgsh_order_operate.html?command=get_materiel&rest_code=00149&code=00101008095&supplier_code=00100008&order_time=2023-05-21 HTTP/1.1" 200 412
116.232.195.127 - - [21/May/2023:09:22:00 +0800] "GET /xingrg/kc/buy/cgsh_order_operate.html?command=get_materiel&rest_code=00155&code=00101009163&supplier_code=00100005&order_time=2023-05-21 HTTP/1.1" 200 400
116.238.139.35 - - [21/May/2023:09:22:00 +0800] "GET /xingrg/kc/buy/cgsh_order_add.html HTTP/1.1" 200 71507
116.238.139.35 - - [21/May/2023:09:22:00 +0800] "GET /xingrg/javascript/pic_change.js HTTP/1.1" 304 -
116.238.139.35 - - [21/May/2023:09:22:00 +0800] "GET /xingrg/javascript/jquery_tools/order_manager.js HTTP/1.1" 304 -
116.238.139.35 - - [21/May/2023:09:22:00 +0800] "GET /xingrg/javascript/convert.js HTTP/1.1" 304 -
116.238.139.35 - - [21/May/2023:09:22:00 +0800] "GET /xingrg/javascript/print/kc_print.js HTTP/1.1" 304 -
116.238.139.35 - - [21/May/2023:09:22:00 +0800] "GET /xingrg/javascript/json2.js HTTP/1.1" 304 -
116.238.139.35 - - [21/May/2023:09:22:00 +0800] "GET /xingrg/words/20230519131949_words.js HTTP/1.1" 304 -
116.238.139.35 - - [21/May/2023:09:22:01 +0800] "GET /xingrg/javascript/easyui/themes/icons/copy_new.png HTTP/1.1" 304 -
116.238.139.35 - - [21/May/2023:09:22:01 +0800] "GET /xingrg/javascript/easyui/themes/icons/ok.png HTTP/1.1" 304 -
116.238.139.35 - - [21/May/2023:09:22:01 +0800] "GET /xingrg/javascript/easyui/themes/icons/template_new.png HTTP/1.1" 304 -
116.238.139.35 - - [21/May/2023:09:22:01 +0800] "GET /xingrg/javascript/easyui/themes/icons/print.png HTTP/1.1" 304 -
116.238.139.35 - - [21/May/2023:09:22:01 +0800] "GET /xingrg/javascript/easyui/themes/default/images/menu_downarrow.png HTTP/1.1" 304 -
116.238.139.35 - - [21/May/2023:09:22:01 +0800] "GET /xingrg/javascript/easyui/themes/icons/cancel.png HTTP/1.1" 304 -
116.238.139.35 - - [21/May/2023:09:22:01 +0800] "POST /xingrg/kc/buy/cgsh_order_operate.html HTTP/1.1" 200 8245
116.238.139.35 - - [21/May/2023:09:22:01 +0800] "GET /xingrg/javascript/easyui/themes/icons/edit_remove.png HTTP/1.1" 304 -
116.238.139.35 - - [21/May/2023:09:22:01 +0800] "GET /xingrg/javascript/easyui/themes/default/validatebox.css HTTP/1.1" 404 1104
116.238.139.35 - - [21/May/2023:09:22:01 +0800] "GET /xingrg/javascript/easyui/plugins/jquery.validatebox.js HTTP/1.1" 304 -
116.238.139.35 - - [21/May/2023:09:22:01 +0800] "GET /xingrg/javascript/easyui/plugins/jquery.numberbox.js HTTP/1.1" 304 -
116.238.139.35 - - [21/May/2023:09:22:01 +0800] "GET /xingrg/all/common/auto_word.html?type=employee&rest_code=00150 HTTP/1.1" 200 159
116.238.139.35 - - [21/May/2023:09:22:01 +0800] "GET /xingrg/all/common/auto_word.html?type=employee&rest_code=00150 HTTP/1.1" 200 159
120.253.135.82 - - [21/May/2023:09:22:02 +0800] "POST /xingrg/kc/pszx/mdps_order_operate.html HTTP/1.1" 200 37
222.70.168.127 - - [21/May/2023:09:22:03 +0800] "GET /xingrg/kc/base/wldb_order_operate.html?command=get_materiel&rest_code=00146&base_code=0010063&code=00101019091 HTTP/1.1" 200 462
120.253.135.82 - - [21/May/2023:09:22:03 +0800] "GET /xingrg/all/function/internal_message.html?_=1684631959941&CODE_STATE=getMsg HTTP/1.1" 200 27
120.253.135.82 - - [21/May/2023:09:22:03 +0800] "GET /xingrg/kc/pszx/mdps_order_info.html?code=312023052100448 HTTP/1.1" 200 23972
120.253.135.82 - - [21/May/2023:09:22:04 +0800] "GET /xingrg/javascript/easyui/themes/default/validatebox.css HTTP/1.1" 404 1104
116.224.158.100 - - [21/May/2023:09:22:04 +0800] "POST /xingrg/services/DataTransmitService HTTP/1.1" 200 524
120.253.135.82 - - [21/May/2023:09:22:04 +0800] "POST /xingrg/kc/pszx/mdps_order_operate.html HTTP/1.1" 200 11870
116.238.139.35 - - [21/May/2023:09:22:06 +0800] "POST /xingrg/kc/buy/cgsh_order_operate.html HTTP/1.1" 200 37
114.83.218.112 - - [21/May/2023:09:22:06 +0800] "GET /xingrg/all/function/internal_message.html?_=1684632126485&CODE_STATE=getMsg HTTP/1.1" 200 27
116.238.139.35 - - [21/May/2023:09:22:06 +0800] "GET /xingrg/javascript/auto/indicator.gif HTTP/1.1" 404 1066
116.224.158.100 - - [21/May/2023:09:22:06 +0800] "GET /xingrg/kc/buy/cgsh_order_operate.html?command=get_materiel&rest_code=00105&code=00101008004&supplier_code=00100203&order_time=2023-05-21 HTTP/1.1" 200 416
172.20.0.100 - - [21/May/2023:09:22:08 +0800] "GET /xingrg/check_reg.html?_=1684632147018 HTTP/1.1" 302 -
222.67.238.82 - - [21/May/2023:09:22:11 +0800] "POST /xingrg/dwr/call/plaincall/AjaxQqpsService.getMaterielByCode.dwr HTTP/1.1" 200 2715
222.70.168.127 - - [21/May/2023:09:22:11 +0800] "GET /xingrg/kc/base/wldb_order_operate.html?command=get_materiel&rest_code=00146&base_code=0010063&code=00101016020 HTTP/1.1" 200 447
116.238.139.35 - - [21/May/2023:09:22:13 +0800] "GET /xingrg/all/function/internal_message.html?_=1684632131871&CODE_STATE=getMsg HTTP/1.1" 200 27
116.224.158.100 - - [21/May/2023:09:22:17 +0800] "GET /xingrg/all/function/internal_message.html?_=1684632137503&CODE_STATE=getMsg HTTP/1.1" 200 27
114.83.218.112 - - [21/May/2023:09:22:20 +0800] "GET /xingrg/kc/buy/cgsh_order_operate.html?command=get_materiel&rest_code=00149&code=00101008041&supplier_code=00100008&order_time=2023-05-21 HTTP/1.1" 200 408
116.238.139.35 - - [21/May/2023:09:22:21 +0800] "POST /xingrg/kc/buy/cgsh_order_operate.html HTTP/1.1" 200 12
58.39.41.124 - - [21/May/2023:09:22:21 +0800] "GET /xingrg/all/function/internal_message.html?_=1684632175813&CODE_STATE=getMsg HTTP/1.1" 200 27
116.224.158.100 - - [21/May/2023:09:22:24 +0800] "GET /xingrg/kc/buy/cgsh_order_operate.html?command=get_materiel&rest_code=00105&code=00101008403&supplier_code=00100203&order_time=2023-05-21 HTTP/1.1" 200 412
116.238.139.35 - - [21/May/2023:09:22:24 +0800] "GET /xingrg/kc/buy/cgsh_order_info.html?code=212023052107709 HTTP/1.1" 200 65958
116.238.139.35 - - [21/May/2023:09:22:24 +0800] "GET /xingrg/javascript/easyui/themes/default/validatebox.css HTTP/1.1" 404 1104
116.238.139.35 - - [21/May/2023:09:22:26 +0800] "POST /xingrg/kc/buy/cgsh_order_operate.html HTTP/1.1" 200 12612
116.238.139.35 - - [21/May/2023:09:22:28 +0800] "GET /xingrg/kc/buy/cgsh_order_operate.html?command=get_materiel&rest_code=00150&code=00101009001&supplier_code=00100022&order_time=2023-05-21 HTTP/1.1" 200 416
116.238.139.35 - - [21/May/2023:09:22:29 +0800] "GET /xingrg/kc/print/load_data.html?order_code=212023052107709&kc_code=cgsh&condition= HTTP/1.1" 200 5361
58.39.41.124 - - [21/May/2023:09:22:29 +0800] "GET /xingrg/all/function/internal_message.html?_=1684632149560&CODE_STATE=getMsg HTTP/1.1" 200 27
120.253.135.82 - - [21/May/2023:09:22:29 +0800] "POST /xingrg/all/common/load_select.html HTTP/1.1" 200 25
116.224.158.100 - - [21/May/2023:09:22:31 +0800] "POST /xingrg/services/DataTransmitService HTTP/1.1" 200 501
222.67.238.82 - - [21/May/2023:09:22:33 +0800] "POST /xingrg/dwr/call/plaincall/AjaxQqpsService.saveMaterielItem.dwr HTTP/1.1" 200 79
222.70.168.127 - - [21/May/2023:09:22:33 +0800] "POST /xingrg/kc/base/wldb_order_operate.html HTTP/1.1" 200 37
116.224.158.100 - - [21/May/2023:09:22:33 +0800] "GET /xingrg/kc/buy/cgsh_order_operate.html?command=get_materiel&rest_code=00105&code=00101008350&supplier_code=00100203&order_time=2023-05-21 HTTP/1.1" 200 408
120.253.135.82 - - [21/May/2023:09:22:33 +0800] "GET /xingrg/kc/pszx/mdps_order_operate.html?command=get_materiel_price&pszx_code=00101&rest_code=00106&base_code=0010250&code=00102002433&unit_code=00100104&order_time=2023-05-22 HTTP/1.1" 200 39
114.83.218.112 - - [21/May/2023:09:22:34 +0800] "GET /xingrg/kc/buy/cgsh_order_operate.html?command=get_materiel&rest_code=00149&code=00101008275&supplier_code=00100008&order_time=2023-05-21 HTTP/1.1" 200 416
222.70.168.127 - - [21/May/2023:09:22:36 +0800] "GET /xingrg/all/function/internal_message.html?_=1684632185999&CODE_STATE=getMsg HTTP/1.1" 200 27
116.238.139.35 - - [21/May/2023:09:22:36 +0800] "GET /xingrg/kc/buy/cgsh_order_add.html HTTP/1.1" 200 71049
116.238.139.35 - - [21/May/2023:09:22:37 +0800] "POST /xingrg/kc/buy/cgsh_order_operate.html HTTP/1.1" 200 8245
116.238.139.35 - - [21/May/2023:09:22:37 +0800] "GET /xingrg/javascript/easyui/themes/default/validatebox.css HTTP/1.1" 404 1104
222.67.238.82 - - [21/May/2023:09:22:46 +0800] "POST /xingrg/dwr/call/plaincall/AjaxQqpsService.getMaterielByCode.dwr HTTP/1.1" 200 2683
116.224.158.100 - - [21/May/2023:09:22:46 +0800] "GET /xingrg/kc/buy/cgsh_order_operate.html?command=get_materiel&rest_code=00105&code=00101008036&supplier_code=00100203&order_time=2023-05-21 HTTP/1.1" 200 408
222.70.168.127 - - [21/May/2023:09:22:46 +0800] "POST /xingrg/kc/base/wldb_order_operate.html HTTP/1.1" 200 12
222.70.168.127 - - [21/May/2023:09:22:47 +0800] "POST /xingrg/kc/base/wldb_order_operate.html HTTP/1.1" 200 8247
116.238.139.35 - - [21/May/2023:09:22:47 +0800] "GET /xingrg/all/function/internal_message.html?_=1684632085777&CODE_STATE=getMsg HTTP/1.1" 200 27
61.170.233.64 - - [21/May/2023:09:22:48 +0800] "GET /xingrg/all/function/internal_message.html?_=1684632164197&CODE_STATE=getMsg HTTP/1.1" 200 27
222.70.168.127 - - [21/May/2023:09:22:48 +0800] "GET /xingrg/kc/base/wldb_order_info.html?code=422023052101612 HTTP/1.1" 200 26266
116.238.139.35 - - [21/May/2023:09:22:49 +0800] "GET /xingrg/kc/buy/cgsh_order_operate.html?command=get_materiel&rest_code=00150&code=00101009062&supplier_code=00100022&order_time=2023-05-21 HTTP/1.1" 200 412
116.238.139.35 - - [21/May/2023:09:22:49 +0800] "GET /xingrg/kc/buy/cgsh_order_operate.html?command=get_materiel&rest_code=00151&code=00101012084&supplier_code=00100096&order_time=2023-05-21 HTTP/1.1" 200 412
222.70.168.127 - - [21/May/2023:09:22:49 +0800] "GET /xingrg/javascript/easyui/themes/default/validatebox.css HTTP/1.1" 404 1104
222.70.168.127 - - [21/May/2023:09:22:49 +0800] "POST /xingrg/kc/base/wldb_order_operate.html HTTP/1.1" 200 6387
116.232.195.127 - - [21/May/2023:09:22:50 +0800] "GET /xingrg/all/function/internal_message.html?_=1684632212883&CODE_STATE=getMsg HTTP/1.1" 200 27
116.224.158.100 - - [21/May/2023:09:22:51 +0800] "POST /xingrg/services/DataTransmitService HTTP/1.1" 200 524
114.83.218.112 - - [21/May/2023:09:22:52 +0800] "GET /xingrg/kc/buy/cgsh_order_operate.html?command=get_materiel&rest_code=00149&code=00101008060&supplier_code=00100008&order_time=2023-05-21 HTTP/1.1" 200 416
222.70.168.127 - - [21/May/2023:09:22:53 +0800] "GET /xingrg/kc/base/wldb_order_add.html HTTP/1.1" 200 30387
222.70.168.127 - - [21/May/2023:09:22:53 +0800] "POST /xingrg/kc/base/wldb_order_operate.html HTTP/1.1" 200 6806
222.67.238.82 - - [21/May/2023:09:22:53 +0800] "GET /xingrg/check_reg.html?_=1684631686964 HTTP/1.1" 200 22
222.67.238.82 - - [21/May/2023:09:22:53 +0800] "GET /xingrg/all/function/internal_message.html?_=1684631686965&CODE_STATE=getMsg HTTP/1.1" 200 27
222.70.168.127 - - [21/May/2023:09:22:53 +0800] "GET /xingrg/javascript/easyui/themes/default/validatebox.css HTTP/1.1" 404 1104
116.224.158.100 - - [21/May/2023:09:22:54 +0800] "GET /xingrg/all/function/internal_message.html?_=1684632007423&CODE_STATE=getMsg HTTP/1.1" 200 27
116.224.158.100 - - [21/May/2023:09:22:54 +0800] "GET /xingrg/check_reg.html?_=1684632007426 HTTP/1.1" 200 22
116.238.139.35 - - [21/May/2023:09:22:58 +0800] "GET /xingrg/kc/buy/cgsh_order_operate.html?command=get_materiel&rest_code=00151&code=00101012060&supplier_code=00100096&order_time=2023-05-21 HTTP/1.1" 200 408
124.79.74.67 - - [21/May/2023:09:22:59 +0800] "GET /xingrg/all/function/internal_message.html?_=1684632179297&CODE_STATE=getMsg HTTP/1.1" 200 27
120.253.135.82 - - [21/May/2023:09:23:00 +0800] "POST /xingrg/kc/pszx/mdps_order_operate.html HTTP/1.1" 200 37
120.253.135.82 - - [21/May/2023:09:23:03 +0800] "GET /xingrg/all/function/internal_message.html?_=1684632019954&CODE_STATE=getMsg HTTP/1.1" 200 27
120.253.135.82 - - [21/May/2023:09:23:03 +0800] "GET /xingrg/kc/pszx/mdps_order_info.html?code=312023052100448 HTTP/1.1" 200 23972
120.253.135.82 - - [21/May/2023:09:23:04 +0800] "GET /xingrg/javascript/easyui/themes/default/validatebox.css HTTP/1.1" 404 1104
116.238.139.35 - - [21/May/2023:09:23:04 +0800] "GET /xingrg/kc/buy/cgsh_order_operate.html?command=get_materiel&rest_code=00150&code=00101009012&supplier_code=00100022&order_time=2023-05-21 HTTP/1.1" 200 409
120.253.135.82 - - [21/May/2023:09:23:04 +0800] "POST /xingrg/kc/pszx/mdps_order_operate.html HTTP/1.1" 200 11872
116.224.158.100 - - [21/May/2023:09:23:06 +0800] "POST /xingrg/services/DataTransmitService HTTP/1.1" 200 501
114.83.218.112 - - [21/May/2023:09:23:06 +0800] "GET /xingrg/all/function/internal_message.html?_=1684632186495&CODE_STATE=getMsg HTTP/1.1" 200 27
116.238.139.35 - - [21/May/2023:09:23:08 +0800] "GET /xingrg/kc/buy/cgsh_order_operate.html?command=get_materiel&rest_code=00151&code=00101016025&supplier_code=00100096&order_time=2023-05-21 HTTP/1.1" 200 408
114.83.218.112 - - [21/May/2023:09:23:10 +0800] "GET /xingrg/kc/buy/cgsh_order_operate.html?command=get_materiel&rest_code=00149&code=00101009004&supplier_code=00100008&order_time=2023-05-21 HTTP/1.1" 200 408
116.224.158.100 - - [21/May/2023:09:23:11 +0800] "GET /xingrg/kc/buy/cgsh_order_operate.html?command=get_materiel&rest_code=00105&code=00101008041&supplier_code=00100203&order_time=2023-05-21 HTTP/1.1" 200 408
116.232.195.127 - - [21/May/2023:09:23:12 +0800] "GET /xingrg/check_reg.html?_=1684632193058 HTTP/1.1" 302 -
116.238.139.35 - - [21/May/2023:09:23:13 +0800] "GET /xingrg/check_reg.html?_=1684632191851 HTTP/1.1" 200 22
116.238.139.35 - - [21/May/2023:09:23:13 +0800] "GET /xingrg/all/function/internal_message.html?_=1684632191853&CODE_STATE=getMsg HTTP/1.1" 200 27
114.83.218.112 - - [21/May/2023:09:23:14 +0800] "POST /xingrg/kc/buy/cgsh_order_operate.html HTTP/1.1" 200 2065
116.238.139.35 - - [21/May/2023:09:23:14 +0800] "GET /xingrg/kc/buy/cgsh_order_operate.html?command=get_materiel&rest_code=00150&code=00101009011&supplier_code=00100022&order_time=2023-05-21 HTTP/1.1" 200 416
116.238.139.35 - - [21/May/2023:09:23:16 +0800] "GET /xingrg/kc/buy/cgsh_order_operate.html?command=get_materiel&rest_code=00151&code=00101012039&supplier_code=00100096&order_time=2023-05-21 HTTP/1.1" 200 408
116.224.158.100 - - [21/May/2023:09:23:17 +0800] "GET /xingrg/all/function/internal_message.html?_=1684632197549&CODE_STATE=getMsg HTTP/1.1" 200 27
114.83.218.112 - - [21/May/2023:09:23:21 +0800] "GET /xingrg/kc/buy/cgsh_order_operate.html?command=get_materiel&rest_code=00149&code=00101008114&supplier_code=00100008&order_time=2023-05-21 HTTP/1.1" 200 413
58.39.41.124 - - [21/May/2023:09:23:21 +0800] "GET /xingrg/check_reg.html?_=1684632235810 HTTP/1.1" 200 22
58.39.41.124 - - [21/May/2023:09:23:21 +0800] "GET /xingrg/all/function/internal_message.html?_=1684632235813&CODE_STATE=getMsg HTTP/1.1" 200 27
222.70.168.127 - - [21/May/2023:09:23:27 +0800] "GET /xingrg/kc/base/wldb_order_operate.html?command=get_materiel&rest_code=00146&base_code=0010064&code=00102001031 HTTP/1.1" 200 440
116.238.139.35 - - [21/May/2023:09:23:27 +0800] "GET /xingrg/kc/buy/cgsh_order_operate.html?command=get_materiel&rest_code=00151&code=00101016038&supplier_code=00100096&order_time=2023-05-21 HTTP/1.1" 200 408
222.67.238.82 - - [21/May/2023:09:23:28 +0800] "POST /xingrg/dwr/call/plaincall/AjaxQqpsService.saveMaterielItem.dwr HTTP/1.1" 200 79
58.39.41.124 - - [21/May/2023:09:23:29 +0800] "GET /xingrg/check_reg.html?_=1684632209551 HTTP/1.1" 200 22
58.39.41.124 - - [21/May/2023:09:23:29 +0800] "GET /xingrg/all/function/internal_message.html?_=1684632209553&CODE_STATE=getMsg HTTP/1.1" 200 27
116.238.139.35 - - [21/May/2023:09:23:30 +0800] "GET /xingrg/kc/buy/cgsh_order_operate.html?command=get_materiel&rest_code=00150&code=00101009031&supplier_code=00100022&order_time=2023-05-21 HTTP/1.1" 200 408
114.83.218.112 - - [21/May/2023:09:23:31 +0800] "GET /xingrg/kc/buy/cgsh_order_operate.html?command=get_materiel&rest_code=00149&code=00101009011&supplier_code=00100008&order_time=2023-05-21 HTTP/1.1" 200 416
116.238.139.35 - - [21/May/2023:09:23:34 +0800] "GET /xingrg/kc/buy/cgsh_order_operate.html?command=get_materiel&rest_code=00151&code=00101016051&supplier_code=00100096&order_time=2023-05-21 HTTP/1.1" 200 408
222.67.238.82 - - [21/May/2023:09:23:34 +0800] "POST /xingrg/dwr/call/plaincall/AjaxQqpsService.removeMaterielItem.dwr HTTP/1.1" 200 79
116.224.158.100 - - [21/May/2023:09:23:35 +0800] "GET /xingrg/kc/buy/buy_main.html HTTP/1.1" 200 12412
116.224.158.100 - - [21/May/2023:09:23:35 +0800] "GET /xingrg/javascript/jquery_easy_ui/themes/default/images/tabs_close.gif HTTP/1.1" 304 -
116.224.158.100 - - [21/May/2023:09:23:35 +0800] "GET /xingrg/css/blue.css HTTP/1.1" 304 -
116.224.158.100 - - [21/May/2023:09:23:35 +0800] "GET /xingrg/css/new_ie.css HTTP/1.1" 404 1036
116.224.158.100 - - [21/May/2023:09:23:35 +0800] "GET /xingrg/javascript/jquery_ui/themes/humanity/humanity.css HTTP/1.1" 304 -
116.224.158.100 - - [21/May/2023:09:23:35 +0800] "GET /xingrg/javascript/pic_change.js HTTP/1.1" 304 -
116.224.158.100 - - [21/May/2023:09:23:35 +0800] "GET /xingrg/javascript/ToolTips.js HTTP/1.1" 304 -
116.224.158.100 - - [21/May/2023:09:23:35 +0800] "GET /xingrg/javascript/myfunction.js HTTP/1.1" 304 -
116.224.158.100 - - [21/May/2023:09:23:35 +0800] "GET /xingrg/javascript/jquery_ui/jquery-ui.min.js HTTP/1.1" 304 -
116.224.158.100 - - [21/May/2023:09:23:35 +0800] "GET /xingrg/images/blue/button/cgxqd.gif HTTP/1.1" 304 -
116.224.158.100 - - [21/May/2023:09:23:35 +0800] "GET /xingrg/images/blue/button/cgydd.gif HTTP/1.1" 304 -
116.224.158.100 - - [21/May/2023:09:23:35 +0800] "GET /xingrg/images/blue/button/cgshd.gif HTTP/1.1" 304 -
116.224.158.100 - - [21/May/2023:09:23:35 +0800] "GET /xingrg/images/blue/button/cgfkd.gif HTTP/1.1" 304 -
116.224.158.100 - - [21/May/2023:09:23:35 +0800] "GET /xingrg/images/blue/button/kc.gif HTTP/1.1" 304 -
116.224.158.100 - - [21/May/2023:09:23:35 +0800] "GET /xingrg/images/blue/button/ckthd.gif HTTP/1.1" 304 -
116.224.158.100 - - [21/May/2023:09:23:35 +0800] "GET /xingrg/images/blue/pic_form2.gif HTTP/1.1" 304 -
116.224.158.100 - - [21/May/2023:09:23:35 +0800] "POST /xingrg/kc/buy/cgsh_order_operate.html HTTP/1.1" 200 2065
116.224.158.100 - - [21/May/2023:09:23:35 +0800] "GET /xingrg/javascript/jquery_ui/themes/humanity/images/ui-bg_inset-soft_100_f4f0ec_1x100.png HTTP/1.1" 304 -
116.224.158.100 - - [21/May/2023:09:23:35 +0800] "GET /xingrg/images/blue/bg_dotted.jpg HTTP/1.1" 304 -
116.224.158.100 - - [21/May/2023:09:23:35 +0800] "GET /xingrg/images/blue/button/right_ah.jpg HTTP/1.1" 304 -
116.224.158.100 - - [21/May/2023:09:23:35 +0800] "GET /xingrg/images/blue/button/down_ah.jpg HTTP/1.1" 304 -
116.224.158.100 - - [21/May/2023:09:23:35 +0800] "GET /xingrg/javascript/jquery_ui/themes/humanity/images/ui-iconsnew.jpg HTTP/1.1" 304 -
116.224.158.100 - - [21/May/2023:09:23:35 +0800] "GET /xingrg/javascript/jquery_ui/themes/humanity/images/ui-icons_ffffff_256x240.png HTTP/1.1" 304 -
116.224.158.100 - - [21/May/2023:09:23:35 +0800] "GET /xingrg/javascript/jquery_ui/themes/humanity/images/ui-icons_c47a23_256x240.png HTTP/1.1" 304 -
116.224.158.100 - - [21/May/2023:09:23:35 +0800] "GET /xingrg/javascript/jquery_ui/themes/humanity/images/ui-bg_glass_70_ede4d4_1x400.png HTTP/1.1" 304 -
116.224.158.100 - - [21/May/2023:09:23:36 +0800] "GET /xingrg/images/yd/bt.gif HTTP/1.1" 404 1040
222.70.168.127 - - [21/May/2023:09:23:36 +0800] "GET /xingrg/all/function/internal_message.html?_=1684632246014&CODE_STATE=getMsg HTTP/1.1" 200 27
116.224.158.100 - - [21/May/2023:09:23:36 +0800] "POST /xingrg/kc/buy/cgsh_order_operate.html HTTP/1.1" 200 2065
116.224.158.100 - - [21/May/2023:09:23:37 +0800] "GET /xingrg/kc/buy/cgsh_order_list.html HTTP/1.1" 200 55669
116.224.158.100 - - [21/May/2023:09:23:37 +0800] "GET /xingrg/css/base.css HTTP/1.1" 304 -
116.224.158.100 - - [21/May/2023:09:23:37 +0800] "GET /xingrg/css/site.css HTTP/1.1" 304 -
116.224.158.100 - - [21/May/2023:09:23:37 +0800] "GET /xingrg/javascript/jquery_tools/datebox.css HTTP/1.1" 304 -
116.224.158.100 - - [21/May/2023:09:23:37 +0800] "GET /xingrg/javascript/easyui/themes/default/easyui.css HTTP/1.1" 304 -
116.224.158.100 - - [21/May/2023:09:23:37 +0800] "GET /xingrg/javascript/easyui/themes/icon.css HTTP/1.1" 304 -
116.224.158.100 - - [21/May/2023:09:23:37 +0800] "GET /xingrg/javascript/auto/jquery.autocomplete.css HTTP/1.1" 304 -
116.224.158.100 - - [21/May/2023:09:23:37 +0800] "GET /xingrg/javascript/jquery_tools/fix.css HTTP/1.1" 304 -
116.224.158.100 - - [21/May/2023:09:23:37 +0800] "GET /xingrg/javascript/jquery_tools/table.css HTTP/1.1" 304 -
116.224.158.100 - - [21/May/2023:09:23:37 +0800] "GET /xingrg/javascript/jquery_tools/jquery.tools.min.js HTTP/1.1" 304 -
116.224.158.100 - - [21/May/2023:09:23:37 +0800] "GET /xingrg/javascript/jquery_tools/jquery.tools.extend.js HTTP/1.1" 304 -
116.224.158.100 - - [21/May/2023:09:23:37 +0800] "GET /xingrg/javascript/jquery_tools/jquery.tools.hotkey.js HTTP/1.1" 304 -
116.224.158.100 - - [21/May/2023:09:23:37 +0800] "GET /xingrg/javascript/jquery_tools/jquery.tools.table.js HTTP/1.1" 304 -
116.224.158.100 - - [21/May/2023:09:23:37 +0800] "GET /xingrg/javascript/jquery_tools/list_manager.js HTTP/1.1" 304 -
116.224.158.100 - - [21/May/2023:09:23:37 +0800] "GET /xingrg/javascript/auto/jquery.autocomplete.js HTTP/1.1" 304 -
116.224.158.100 - - [21/May/2023:09:23:37 +0800] "GET /xingrg/javascript/easyui/easyloader.js HTTP/1.1" 304 -
116.224.158.100 - - [21/May/2023:09:23:37 +0800] "GET /xingrg/javascript/jquery.cookie.js HTTP/1.1" 304 -
116.224.158.100 - - [21/May/2023:09:23:37 +0800] "GET /xingrg/javascript/print/LodopFuncs.js HTTP/1.1" 304 -
116.224.158.100 - - [21/May/2023:09:23:38 +0800] "GET /xingrg/javascript/easyui/themes/icons/import_new.png HTTP/1.1" 304 -
116.224.158.100 - - [21/May/2023:09:23:38 +0800] "GET /xingrg/javascript/easyui/themes/icons/check_new.png HTTP/1.1" 304 -
116.224.158.100 - - [21/May/2023:09:23:38 +0800] "GET /xingrg/javascript/easyui/themes/icons/field_new.png HTTP/1.1" 304 -
116.224.158.100 - - [21/May/2023:09:23:38 +0800] "GET /xingrg/javascript/easyui/themes/icons/cance_new.png HTTP/1.1" 304 -
116.224.158.100 - - [21/May/2023:09:23:38 +0800] "GET /xingrg/javascript/easyui/themes/icons/edit_add_new.png HTTP/1.1" 304 -
116.224.158.100 - - [21/May/2023:09:23:38 +0800] "GET /xingrg/javascript/easyui/plugins/jquery.parser.js HTTP/1.1" 304 -
116.224.158.100 - - [21/May/2023:09:23:38 +0800] "GET /xingrg/images/control/ajaxLoader.gif HTTP/1.1" 304 -
222.67.238.82 - - [21/May/2023:09:23:43 +0800] "POST /xingrg/dwr/call/plaincall/AjaxQqpsService.checkOrder.dwr HTTP/1.1" 200 79
222.70.168.127 - - [21/May/2023:09:23:44 +0800] "GET /xingrg/kc/base/wldb_order_operate.html?command=get_materiel&rest_code=00146&base_code=0010064&code=00102001111 HTTP/1.1" 200 439
222.67.238.82 - - [21/May/2023:09:23:44 +0800] "GET /xingrg/kc/mdqp/qqps_order_info.html?code=302023052000334 HTTP/1.1" 200 26634
222.67.238.82 - - [21/May/2023:09:23:44 +0800] "GET /xingrg/dwr/interface/AjaxComOrderService.js HTTP/1.1" 200 18264
222.67.238.82 - - [21/May/2023:09:23:44 +0800] "GET /xingrg/dwr/interface/AjaxQqpsService.js HTTP/1.1" 200 16326
222.67.238.82 - - [21/May/2023:09:23:44 +0800] "GET /xingrg/dwr/engine.js HTTP/1.1" 200 43631
222.67.238.82 - - [21/May/2023:09:23:45 +0800] "POST /xingrg/dwr/call/plaincall/AjaxQqpsService.loadMaterielItems.dwr HTTP/1.1" 200 3773
116.238.139.35 - - [21/May/2023:09:23:46 +0800] "POST /xingrg/kc/buy/cgsh_order_operate.html HTTP/1.1" 200 37
114.83.218.112 - - [21/May/2023:09:23:46 +0800] "GET /xingrg/kc/buy/cgsh_order_operate.html?command=get_materiel&rest_code=00149&code=00101009015&supplier_code=00100008&order_time=2023-05-21 HTTP/1.1" 200 416
116.224.158.100 - - [21/May/2023:09:23:46 +0800] "POST /xingrg/kc/buy/cgsh_list_operate.html HTTP/1.1" 200 3113
116.238.139.35 - - [21/May/2023:09:23:47 +0800] "GET /xingrg/kc/buy/cgsh_order_operate.html?command=get_materiel&rest_code=00151&code=00101006168&supplier_code=00100096&order_time=2023-05-21 HTTP/1.1" 200 421
116.224.158.100 - - [21/May/2023:09:23:48 +0800] "GET /xingrg/kc/buy/cgsh_order_operate.html?command=get_materiel&rest_code=00105&code=00101008223&supplier_code=00100203&order_time=2023-05-21 HTTP/1.1" 200 412
116.238.139.35 - - [21/May/2023:09:23:48 +0800] "POST /xingrg/kc/buy/cgsh_order_operate.html HTTP/1.1" 200 5024
61.170.233.64 - - [21/May/2023:09:23:48 +0800] "GET /xingrg/all/function/internal_message.html?_=1684632224199&CODE_STATE=getMsg HTTP/1.1" 200 27
222.67.238.82 - - [21/May/2023:09:23:49 +0800] "GET /xingrg/kc/mdqp/qqps_order_add.html HTTP/1.1" 200 28231
222.67.238.82 - - [21/May/2023:09:23:49 +0800] "GET /xingrg/dwr/interface/AjaxQqpsService.js HTTP/1.1" 200 16326
222.67.238.82 - - [21/May/2023:09:23:49 +0800] "GET /xingrg/dwr/interface/AjaxComOrderService.js HTTP/1.1" 200 18264
222.67.238.82 - - [21/May/2023:09:23:49 +0800] "GET /xingrg/dwr/engine.js HTTP/1.1" 200 43631
116.232.195.127 - - [21/May/2023:09:23:50 +0800] "GET /xingrg/all/function/internal_message.html?_=1684632272879&CODE_STATE=getMsg HTTP/1.1" 200 27
222.67.238.82 - - [21/May/2023:09:23:53 +0800] "GET /xingrg/all/function/internal_message.html?_=1684631746952&CODE_STATE=getMsg HTTP/1.1" 200 27
116.224.158.100 - - [21/May/2023:09:23:54 +0800] "GET /xingrg/all/function/internal_message.html?_=1684632067423&CODE_STATE=getMsg HTTP/1.1" 200 27
116.224.158.100 - - [21/May/2023:09:23:55 +0800] "GET /xingrg/kc/buy/cgsh_order_operate.html?command=get_materiel&rest_code=00105&code=00101008439&supplier_code=00100203&order_time=2023-05-21 HTTP/1.1" 200 413
222.70.168.127 - - [21/May/2023:09:23:56 +0800] "GET /xingrg/kc/base/wldb_order_operate.html?command=get_materiel&rest_code=00146&base_code=0010064&code=00102001110 HTTP/1.1" 200 446
114.83.218.112 - - [21/May/2023:09:23:56 +0800] "GET /xingrg/kc/buy/cgsh_order_operate.html?command=get_materiel&rest_code=00149&code=00101008330&supplier_code=00100008&order_time=2023-05-21 HTTP/1.1" 200 408
120.253.135.82 - - [21/May/2023:09:23:58 +0800] "POST /xingrg/kc/pszx/mdps_order_operate.html HTTP/1.1" 200 37
180.157.249.103 - - [21/May/2023:09:23:58 +0800] "GET /xingrg/check_reg.html?_=1684632238650 HTTP/1.1" 302 -
124.79.74.67 - - [21/May/2023:09:23:59 +0800] "GET /xingrg/all/function/internal_message.html?_=1684632239303&CODE_STATE=getMsg HTTP/1.1" 200 27
116.238.139.35 - - [21/May/2023:09:24:00 +0800] "GET /xingrg/kc/buy/cgsh_order_operate.html?command=get_materiel&rest_code=00151&code=00101010711&supplier_code=00100096&order_time=2023-05-21 HTTP/1.1" 200 408
120.253.135.82 - - [21/May/2023:09:24:00 +0800] "GET /xingrg/kc/pszx/mdps_order_info.html?code=312023052100448 HTTP/1.1" 200 23972
120.253.135.82 - - [21/May/2023:09:24:00 +0800] "GET /xingrg/javascript/easyui/themes/default/validatebox.css HTTP/1.1" 404 1104
120.253.135.82 - - [21/May/2023:09:24:01 +0800] "POST /xingrg/kc/pszx/mdps_order_operate.html HTTP/1.1" 200 11872
120.253.135.82 - - [21/May/2023:09:24:03 +0800] "GET /xingrg/all/function/internal_message.html?_=1684632079968&CODE_STATE=getMsg HTTP/1.1" 200 27
222.67.238.82 - - [21/May/2023:09:24:04 +0800] "GET /xingrg/javascript/auto/indicator.gif HTTP/1.1" 404 1066
120.253.135.82 - - [21/May/2023:09:24:05 +0800] "POST /xingrg/kc/pszx/mdps_list_operate.html HTTP/1.1" 200 4218
116.224.158.100 - - [21/May/2023:09:24:05 +0800] "POST /xingrg/kc/buy/cgsh_list_operate.html HTTP/1.1" 200 203
222.70.168.127 - - [21/May/2023:09:24:06 +0800] "GET /xingrg/kc/base/wldb_order_operate.html?command=get_materiel&rest_code=00146&base_code=0010064&code=00102002347 HTTP/1.1" 200 457
114.83.218.112 - - [21/May/2023:09:24:06 +0800] "GET /xingrg/all/function/internal_message.html?_=1684632246519&CODE_STATE=getMsg HTTP/1.1" 200 27
120.253.135.82 - - [21/May/2023:09:24:07 +0800] "POST /xingrg/kc/pszx/mdps_list_operate.html HTTP/1.1" 200 593
114.83.218.112 - - [21/May/2023:09:24:08 +0800] "GET /xingrg/kc/buy/cgsh_order_operate.html?command=get_materiel&rest_code=00149&code=00101008502&supplier_code=00100008&order_time=2023-05-21 HTTP/1.1" 200 413
120.253.135.82 - - [21/May/2023:09:24:08 +0800] "POST /xingrg/kc/pszx/mdps_list_operate.html HTTP/1.1" 200 208
222.67.238.82 - - [21/May/2023:09:24:09 +0800] "POST /xingrg/dwr/call/plaincall/AjaxQqpsService.saveOrder.dwr HTTP/1.1" 200 78
120.253.135.82 - - [21/May/2023:09:24:11 +0800] "GET /xingrg/kc/pszx/mdqp_order_list.html?state=10 HTTP/1.1" 200 11928
120.253.135.82 - - [21/May/2023:09:24:11 +0800] "GET /xingrg/dwr/engine.js HTTP/1.1" 200 43631
120.253.135.82 - - [21/May/2023:09:24:11 +0800] "GET /xingrg/dwr/interface/AjaxQqpsService.js HTTP/1.1" 200 16326
120.253.135.82 - - [21/May/2023:09:24:11 +0800] "GET /xingrg/dwr/interface/AjaxReportQueryService.js HTTP/1.1" 200 13203
116.238.139.35 - - [21/May/2023:09:24:13 +0800] "GET /xingrg/all/function/internal_message.html?_=1684632251836&CODE_STATE=getMsg HTTP/1.1" 200 27
116.232.195.127 - - [21/May/2023:09:24:14 +0800] "GET /xingrg/kc/buy/cgsh_order_operate.html?command=get_materiel&rest_code=00155&code=00101008387&supplier_code=00100005&order_time=2023-05-21 HTTP/1.1" 200 412
114.83.218.112 - - [21/May/2023:09:24:14 +0800] "POST /xingrg/kc/buy/cgsh_order_operate.html HTTP/1.1" 200 2065
116.238.139.35 - - [21/May/2023:09:24:15 +0800] "GET /xingrg/kc/buy/cgsh_order_operate.html?command=get_materiel&rest_code=00151&code=00101006027&supplier_code=00100096&order_time=2023-05-21 HTTP/1.1" 200 411
120.253.135.82 - - [21/May/2023:09:24:17 +0800] "GET /xingrg/kc/pszx/mdqp_order_info.html?code=302023052000332 HTTP/1.1" 200 13350
120.253.135.82 - - [21/May/2023:09:24:17 +0800] "GET /xingrg/dwr/interface/AjaxComOrderService.js HTTP/1.1" 200 18264
120.253.135.82 - - [21/May/2023:09:24:17 +0800] "GET /xingrg/dwr/interface/AjaxQqpsService.js HTTP/1.1" 200 16326
120.253.135.82 - - [21/May/2023:09:24:17 +0800] "GET /xingrg/dwr/engine.js HTTP/1.1" 200 43631
116.224.158.100 - - [21/May/2023:09:24:17 +0800] "GET /xingrg/all/function/internal_message.html?_=1684632257520&CODE_STATE=getMsg HTTP/1.1" 200 27
120.253.135.82 - - [21/May/2023:09:24:18 +0800] "POST /xingrg/dwr/call/plaincall/AjaxQqpsService.loadMaterielItems.dwr HTTP/1.1" 200 3821
222.67.238.82 - - [21/May/2023:09:24:18 +0800] "POST /xingrg/dwr/call/plaincall/AjaxQqpsService.getMaterielByCode.dwr HTTP/1.1" 200 2690
120.253.135.82 - - [21/May/2023:09:24:19 +0800] "GET /xingrg/images/yd/bt.gif HTTP/1.1" 404 1040
120.253.135.82 - - [21/May/2023:09:24:19 +0800] "GET /xingrg/images/yd/bt2.gif HTTP/1.1" 404 1042
222.70.168.127 - - [21/May/2023:09:24:19 +0800] "POST /xingrg/kc/base/wldb_order_operate.html HTTP/1.1" 200 37
120.253.135.82 - - [21/May/2023:09:24:20 +0800] "GET /xingrg/kc/pszx/mdqp_order_list.html?isBack=1 HTTP/1.1" 302 -
114.83.218.112 - - [21/May/2023:09:24:20 +0800] "GET /favicon.ico HTTP/1.1" 404 -
120.253.135.82 - - [21/May/2023:09:24:20 +0800] "GET /xingrg/kc/pszx/mdqp_order_list.html?state=10 HTTP/1.1" 200 11928
120.253.135.82 - - [21/May/2023:09:24:20 +0800] "GET /xingrg/dwr/interface/AjaxReportQueryService.js HTTP/1.1" 200 13203
120.253.135.82 - - [21/May/2023:09:24:20 +0800] "GET /xingrg/dwr/interface/AjaxQqpsService.js HTTP/1.1" 200 16326
120.253.135.82 - - [21/May/2023:09:24:20 +0800] "GET /xingrg/dwr/engine.js HTTP/1.1" 200 43631
114.83.218.112 - - [21/May/2023:09:24:20 +0800] "GET /xingrg/kc/buy/cgsh_order_operate.html?command=get_materiel&rest_code=00149&code=00101013044&supplier_code=00100008&order_time=2023-05-21 HTTP/1.1" 200 429
222.67.238.82 - - [21/May/2023:09:24:21 +0800] "POST /xingrg/dwr/call/plaincall/AjaxQqpsService.saveMaterielItem.dwr HTTP/1.1" 200 78
58.39.41.124 - - [21/May/2023:09:24:21 +0800] "GET /xingrg/all/function/internal_message.html?_=1684632295808&CODE_STATE=getMsg HTTP/1.1" 200 27
120.253.135.82 - - [21/May/2023:09:24:23 +0800] "GET /xingrg/kc/pszx/mdqp_order_info.html?code=302023052000334 HTTP/1.1" 200 13350
120.253.135.82 - - [21/May/2023:09:24:23 +0800] "GET /xingrg/dwr/interface/AjaxQqpsService.js HTTP/1.1" 200 16326
120.253.135.82 - - [21/May/2023:09:24:23 +0800] "GET /xingrg/dwr/interface/AjaxComOrderService.js HTTP/1.1" 200 18264
120.253.135.82 - - [21/May/2023:09:24:23 +0800] "GET /xingrg/dwr/engine.js HTTP/1.1" 200 43631
120.253.135.82 - - [21/May/2023:09:24:24 +0800] "POST /xingrg/dwr/call/plaincall/AjaxQqpsService.loadMaterielItems.dwr HTTP/1.1" 200 3773
222.70.168.127 - - [21/May/2023:09:24:26 +0800] "POST /xingrg/kc/base/wldb_order_operate.html HTTP/1.1" 200 12
222.70.168.127 - - [21/May/2023:09:24:26 +0800] "POST /xingrg/kc/base/wldb_order_operate.html HTTP/1.1" 200 3170
116.238.139.35 - - [21/May/2023:09:24:26 +0800] "GET /xingrg/kc/buy/cgsh_order_operate.html?command=get_materiel&rest_code=00151&code=00101006013&supplier_code=00100096&order_time=2023-05-21 HTTP/1.1" 200 409
222.67.238.82 - - [21/May/2023:09:24:27 +0800] "POST /xingrg/dwr/call/plaincall/AjaxQqpsService.removeMaterielItem.dwr HTTP/1.1" 200 78
222.70.168.127 - - [21/May/2023:09:24:27 +0800] "GET /xingrg/kc/base/wldb_order_info.html?code=422023052101613 HTTP/1.1" 200 26266
222.70.168.127 - - [21/May/2023:09:24:28 +0800] "GET /xingrg/javascript/easyui/themes/default/validatebox.css HTTP/1.1" 404 1104
120.253.135.82 - - [21/May/2023:09:24:28 +0800] "GET /xingrg/kc/pszx/mdqp_order_list.html?isBack=1 HTTP/1.1" 302 -
222.70.168.127 - - [21/May/2023:09:24:28 +0800] "POST /xingrg/kc/base/wldb_order_operate.html HTTP/1.1" 200 1442
120.253.135.82 - - [21/May/2023:09:24:28 +0800] "GET /xingrg/kc/pszx/mdqp_order_list.html?state=10 HTTP/1.1" 200 11928
120.253.135.82 - - [21/May/2023:09:24:28 +0800] "GET /xingrg/dwr/interface/AjaxReportQueryService.js HTTP/1.1" 200 13203
120.253.135.82 - - [21/May/2023:09:24:28 +0800] "GET /xingrg/dwr/interface/AjaxQqpsService.js HTTP/1.1" 200 16326
120.253.135.82 - - [21/May/2023:09:24:28 +0800] "GET /xingrg/dwr/engine.js HTTP/1.1" 200 43631
58.39.41.124 - - [21/May/2023:09:24:29 +0800] "GET /xingrg/all/function/internal_message.html?_=1684632269561&CODE_STATE=getMsg HTTP/1.1" 200 27
116.224.158.100 - - [21/May/2023:09:24:30 +0800] "GET /xingrg/kc/buy/cgsh_order_operate.html?command=get_materiel&rest_code=00105&code=00101008114&supplier_code=00100203&order_time=2023-05-21 HTTP/1.1" 200 413
222.67.238.82 - - [21/May/2023:09:24:31 +0800] "POST /xingrg/dwr/call/plaincall/AjaxQqpsService.removeMaterielItem.dwr HTTP/1.1" 200 78
222.70.168.127 - - [21/May/2023:09:24:31 +0800] "GET /xingrg/kc/base/wldb_order_add.html HTTP/1.1" 200 30387
116.232.195.127 - - [21/May/2023:09:24:31 +0800] "GET /xingrg/kc/buy/cgsh_order_add.html HTTP/1.1" 200 71498
222.70.168.127 - - [21/May/2023:09:24:31 +0800] "POST /xingrg/kc/base/wldb_order_operate.html HTTP/1.1" 200 6806
116.232.195.127 - - [21/May/2023:09:24:31 +0800] "POST /xingrg/kc/buy/cgsh_order_operate.html HTTP/1.1" 200 8245
116.232.195.127 - - [21/May/2023:09:24:31 +0800] "GET /xingrg/javascript/easyui/themes/default/validatebox.css HTTP/1.1" 404 1104
120.253.135.82 - - [21/May/2023:09:24:32 +0800] "GET /xingrg/kc/pszx/jzcl_ps.html HTTP/1.1" 200 7683
222.70.168.127 - - [21/May/2023:09:24:32 +0800] "GET /xingrg/javascript/easyui/themes/default/validatebox.css HTTP/1.1" 404 1104
120.253.135.82 - - [21/May/2023:09:24:32 +0800] "POST /xingrg/all/common/load_tree.html?tree=area_rest_tree_json HTTP/1.1" 200 3499
120.253.135.82 - - [21/May/2023:09:24:32 +0800] "POST /xingrg/kc/pszx/jzcl_ps_operate.html HTTP/1.1" 200 1863
120.253.135.82 - - [21/May/2023:09:24:33 +0800] "POST /xingrg/kc/pszx/jzcl_ps_operate.html HTTP/1.1" 200 1863
116.238.139.35 - - [21/May/2023:09:24:35 +0800] "GET /xingrg/kc/buy/cgsh_order_operate.html?command=get_materiel&rest_code=00151&code=00101006109&supplier_code=00100096&order_time=2023-05-21 HTTP/1.1" 200 411
222.70.168.127 - - [21/May/2023:09:24:36 +0800] "GET /xingrg/all/function/internal_message.html?_=1684632306027&CODE_STATE=getMsg HTTP/1.1" 200 27
116.224.158.100 - - [21/May/2023:09:24:37 +0800] "GET /xingrg/kc/buy/cgsh_order_operate.html?command=get_materiel&rest_code=00105&code=00101008134&supplier_code=00100203&order_time=2023-05-21 HTTP/1.1" 200 412
222.67.238.82 - - [21/May/2023:09:24:39 +0800] "POST /xingrg/dwr/call/plaincall/AjaxQqpsService.getMaterielByCode.dwr HTTP/1.1" 200 2687
222.67.238.82 - - [21/May/2023:09:24:44 +0800] "POST /xingrg/dwr/call/plaincall/AjaxQqpsService.saveMaterielItem.dwr HTTP/1.1" 200 78
116.238.139.35 - - [21/May/2023:09:24:45 +0800] "GET /xingrg/all/function/internal_message.html?_=1684632203916&CODE_STATE=getMsg HTTP/1.1" 200 27
222.67.238.82 - - [21/May/2023:09:24:47 +0800] "POST /xingrg/dwr/call/plaincall/AjaxQqpsService.getMaterielByCode.dwr HTTP/1.1" 200 2665
61.170.233.64 - - [21/May/2023:09:24:48 +0800] "GET /xingrg/all/function/internal_message.html?_=1684632284205&CODE_STATE=getMsg HTTP/1.1" 200 27
116.232.195.127 - - [21/May/2023:09:24:50 +0800] "GET /xingrg/all/function/internal_message.html?_=1684632332879&CODE_STATE=getMsg HTTP/1.1" 200 27
116.232.195.127 - - [21/May/2023:09:24:50 +0800] "GET /xingrg/check_reg.html?_=1684632332884 HTTP/1.1" 200 22
222.67.238.82 - - [21/May/2023:09:24:53 +0800] "GET /xingrg/all/function/internal_message.html?_=1684631806939&CODE_STATE=getMsg HTTP/1.1" 200 27
116.224.158.100 - - [21/May/2023:09:24:54 +0800] "GET /xingrg/all/function/internal_message.html?_=1684632127421&CODE_STATE=getMsg HTTP/1.1" 200 27
222.70.168.127 - - [21/May/2023:09:24:57 +0800] "GET /xingrg/kc/base/wldb_order_operate.html?command=get_materiel&rest_code=00146&base_code=0010064&code=00102002547 HTTP/1.1" 200 450
114.83.218.112 - - [21/May/2023:09:24:59 +0800] "POST /xingrg/kc/buy/cgsh_order_operate.html HTTP/1.1" 200 37
124.79.74.67 - - [21/May/2023:09:24:59 +0800] "GET /xingrg/check_reg.html?_=1684632299303 HTTP/1.1" 200 22
124.79.74.67 - - [21/May/2023:09:24:59 +0800] "GET /xingrg/all/function/internal_message.html?_=1684632299312&CODE_STATE=getMsg HTTP/1.1" 200 27
116.238.139.35 - - [21/May/2023:09:25:00 +0800] "POST /xingrg/kc/buy/cgsh_order_operate.html HTTP/1.1" 200 64
116.224.158.100 - - [21/May/2023:09:25:01 +0800] "POST /xingrg/kc/buy/cgsh_list_operate.html HTTP/1.1" 200 1244
116.224.158.100 - - [21/May/2023:09:25:02 +0800] "GET /xingrg/kc/buy/cgsh_order_operate.html?command=get_materiel&rest_code=00105&code=00101008509&supplier_code=00100203&order_time=2023-05-21 HTTP/1.1" 200 23
120.253.135.82 - - [21/May/2023:09:25:03 +0800] "GET /xingrg/all/function/internal_message.html?_=1684632139981&CODE_STATE=getMsg HTTP/1.1" 200 27
222.67.238.82 - - [21/May/2023:09:25:03 +0800] "POST /xingrg/dwr/call/plaincall/AjaxQqpsService.saveMaterielItem.dwr HTTP/1.1" 200 78
116.224.158.100 - - [21/May/2023:09:25:06 +0800] "GET /xingrg/javascript/jquery_easy_ui/themes/default/images/tabs_active.png HTTP/1.1" 304 -
114.83.218.112 - - [21/May/2023:09:25:06 +0800] "GET /xingrg/all/function/internal_message.html?_=1684632306500&CODE_STATE=getMsg HTTP/1.1" 200 27
222.67.238.82 - - [21/May/2023:09:25:08 +0800] "POST /xingrg/dwr/call/plaincall/AjaxQqpsService.checkOrder.dwr HTTP/1.1" 200 78
222.67.238.82 - - [21/May/2023:09:25:10 +0800] "GET /xingrg/kc/mdqp/qqps_order_info.html?code=302023052100341 HTTP/1.1" 200 26634
222.67.238.82 - - [21/May/2023:09:25:10 +0800] "GET /xingrg/dwr/interface/AjaxComOrderService.js HTTP/1.1" 200 18264
222.67.238.82 - - [21/May/2023:09:25:10 +0800] "GET /xingrg/dwr/interface/AjaxQqpsService.js HTTP/1.1" 200 16326
222.67.238.82 - - [21/May/2023:09:25:10 +0800] "GET /xingrg/dwr/engine.js HTTP/1.1" 200 43631
222.67.238.82 - - [21/May/2023:09:25:11 +0800] "POST /xingrg/dwr/call/plaincall/AjaxQqpsService.loadMaterielItems.dwr HTTP/1.1" 200 604
116.238.139.35 - - [21/May/2023:09:25:12 +0800] "POST /xingrg/kc/buy/cgsh_order_operate.html HTTP/1.1" 200 37
222.70.168.127 - - [21/May/2023:09:25:13 +0800] "GET /xingrg/kc/base/wldb_order_operate.html?command=get_materiel&rest_code=00146&base_code=0010064&code=00102002671 HTTP/1.1" 200 431
116.224.158.100 - - [21/May/2023:09:25:13 +0800] "GET /xingrg/kc/buy/cgsh_order_operate.html?command=get_materiel&rest_code=00105&code=00101008284&supplier_code=00100203&order_time=2023-05-21 HTTP/1.1" 200 412
116.238.139.35 - - [21/May/2023:09:25:13 +0800] "GET /xingrg/all/function/internal_message.html?_=1684632311819&CODE_STATE=getMsg HTTP/1.1" 200 27
222.67.238.82 - - [21/May/2023:09:25:15 +0800] "GET /xingrg/kc/mdqp/qqps_order_add.html HTTP/1.1" 200 28231
222.67.238.82 - - [21/May/2023:09:25:15 +0800] "GET /xingrg/dwr/interface/AjaxComOrderService.js HTTP/1.1" 200 18264
222.67.238.82 - - [21/May/2023:09:25:15 +0800] "GET /xingrg/dwr/interface/AjaxQqpsService.js HTTP/1.1" 200 16326
222.67.238.82 - - [21/May/2023:09:25:15 +0800] "GET /xingrg/dwr/engine.js HTTP/1.1" 200 43631
116.224.158.100 - - [21/May/2023:09:25:17 +0800] "GET /xingrg/check_reg.html?_=1684632317529 HTTP/1.1" 200 22
116.224.158.100 - - [21/May/2023:09:25:17 +0800] "GET /xingrg/all/function/internal_message.html?_=1684632317530&CODE_STATE=getMsg HTTP/1.1" 200 27
114.83.218.112 - - [21/May/2023:09:25:18 +0800] "POST /xingrg/kc/buy/cgsh_order_operate.html HTTP/1.1" 200 12
116.238.139.35 - - [21/May/2023:09:25:20 +0800] "POST /xingrg/kc/buy/cgsh_order_operate.html HTTP/1.1" 200 5024
58.39.41.124 - - [21/May/2023:09:25:21 +0800] "GET /xingrg/all/function/internal_message.html?_=1684632355792&CODE_STATE=getMsg HTTP/1.1" 200 27
116.224.158.100 - - [21/May/2023:09:25:22 +0800] "GET /xingrg/kc/buy/cgsh_order_operate.html?command=get_materiel&rest_code=00105&code=00101009063&supplier_code=00100203&order_time=2023-05-21 HTTP/1.1" 200 410
222.70.168.127 - - [21/May/2023:09:25:23 +0800] "GET /xingrg/kc/base/wldb_order_operate.html?command=get_materiel&rest_code=00146&base_code=0010064&code=00102002453 HTTP/1.1" 200 435
124.79.74.67 - - [21/May/2023:09:25:23 +0800] "POST /xingrg/dwr/call/plaincall/AjaxReportQueryService.getFixDate.dwr HTTP/1.1" 200 111
114.83.218.112 - - [21/May/2023:09:25:24 +0800] "GET /xingrg/kc/buy/cgsh_order_info.html?code=212023052107703 HTTP/1.1" 200 66448
120.253.135.82 - - [21/May/2023:09:25:24 +0800] "POST /xingrg/kc/pszx/jzcl_ps_operate.html HTTP/1.1" 200 4
114.83.218.112 - - [21/May/2023:09:25:24 +0800] "GET /xingrg/javascript/easyui/themes/default/validatebox.css HTTP/1.1" 404 1104
222.67.238.82 - - [21/May/2023:09:25:24 +0800] "GET /xingrg/javascript/auto/indicator.gif HTTP/1.1" 404 1066
124.79.74.67 - - [21/May/2023:09:25:25 +0800] "POST /xingrg/dwr/call/plaincall/AjaxReportQueryService.refreshCache.dwr HTTP/1.1" 200 78
114.83.218.112 - - [21/May/2023:09:25:25 +0800] "POST /xingrg/kc/buy/cgsh_order_operate.html HTTP/1.1" 200 45612
124.79.74.67 - - [21/May/2023:09:25:26 +0800] "POST /xingrg/all/report/load_report_page.html HTTP/1.1" 200 127909
124.79.74.67 - - [21/May/2023:09:25:26 +0800] "GET /xingrg/servlets/image?cache=0.1090627908398385&image=px HTTP/1.1" 200 807
120.253.135.82 - - [21/May/2023:09:25:26 +0800] "POST /xingrg/kc/pszx/jzcl_ps_operate.html HTTP/1.1" 200 1352
120.253.135.82 - - [21/May/2023:09:25:26 +0800] "GET /xingrg/kc/pszx/mdps_order_list.html HTTP/1.1" 200 21032
114.83.218.112 - - [21/May/2023:09:25:26 +0800] "GET /xingrg/kc/print/load_config.html?kc_code=cgsh HTTP/1.1" 200 1924
120.253.135.82 - - [21/May/2023:09:25:27 +0800] "POST /xingrg/kc/pszx/mdps_list_operate.html HTTP/1.1" 200 5277
116.232.195.127 - - [21/May/2023:09:25:27 +0800] "GET /xingrg/kc/buy/cgsh_order_operate.html?command=get_materiel&rest_code=00155&code=00101011004&supplier_code=00100037&order_time=2023-05-21 HTTP/1.1" 200 412
114.83.218.112 - - [21/May/2023:09:25:27 +0800] "GET /xingrg/kc/print/load_data.html?order_code=212023052107703&kc_code=cgsh&condition= HTTP/1.1" 200 17751
222.67.238.82 - - [21/May/2023:09:25:28 +0800] "POST /xingrg/dwr/call/plaincall/AjaxQqpsService.saveOrder.dwr HTTP/1.1" 200 78
116.238.139.35 - - [21/May/2023:09:25:29 +0800] "POST /xingrg/kc/buy/cgsh_order_operate.html HTTP/1.1" 200 37
58.39.41.124 - - [21/May/2023:09:25:29 +0800] "GET /xingrg/all/function/internal_message.html?_=1684632329554&CODE_STATE=getMsg HTTP/1.1" 200 27
116.224.158.100 - - [21/May/2023:09:25:33 +0800] "GET /xingrg/kc/buy/cgsh_order_operate.html?command=get_materiel&rest_code=00105&code=00101015113&supplier_code=00100203&order_time=2023-05-21 HTTP/1.1" 200 416
222.70.168.127 - - [21/May/2023:09:25:36 +0800] "GET /xingrg/check_reg.html?_=1684632365923 HTTP/1.1" 200 22
222.70.168.127 - - [21/May/2023:09:25:36 +0800] "GET /xingrg/all/function/internal_message.html?_=1684632366040&CODE_STATE=getMsg HTTP/1.1" 200 27
116.238.139.35 - - [21/May/2023:09:25:36 +0800] "POST /xingrg/kc/buy/cgsh_order_operate.html HTTP/1.1" 200 12
222.70.168.127 - - [21/May/2023:09:25:36 +0800] "GET /xingrg/kc/base/wldb_order_operate.html?command=get_materiel&rest_code=00146&base_code=0010064&code=00102002586 HTTP/1.1" 200 438
120.253.135.82 - - [21/May/2023:09:25:37 +0800] "POST /xingrg/kc/pszx/mdps_list_operate.html HTTP/1.1" 200 2436
116.238.139.35 - - [21/May/2023:09:25:38 +0800] "GET /xingrg/kc/buy/cgsh_order_info.html?code=212023052107711 HTTP/1.1" 200 66418
116.238.139.35 - - [21/May/2023:09:25:39 +0800] "GET /xingrg/javascript/easyui/themes/default/validatebox.css HTTP/1.1" 404 1104
120.253.135.82 - - [21/May/2023:09:25:39 +0800] "POST /xingrg/kc/pszx/mdps_list_operate.html HTTP/1.1" 200 278
116.238.139.35 - - [21/May/2023:09:25:40 +0800] "POST /xingrg/kc/buy/cgsh_order_operate.html HTTP/1.1" 200 2973
116.224.158.100 - - [21/May/2023:09:25:40 +0800] "GET /xingrg/kc/buy/cgsh_order_operate.html?command=get_materiel&rest_code=00105&code=00101008061&supplier_code=00100203&order_time=2023-05-21 HTTP/1.1" 200 422
120.253.135.82 - - [21/May/2023:09:25:41 +0800] "POST /xingrg/kc/pszx/mdps_list_operate.html HTTP/1.1" 200 631
116.238.139.35 - - [21/May/2023:09:25:41 +0800] "GET /xingrg/kc/print/load_config.html?kc_code=cgsh HTTP/1.1" 200 1924
116.238.139.35 - - [21/May/2023:09:25:42 +0800] "GET /xingrg/kc/print/load_data.html?order_code=212023052107711&kc_code=cgsh&condition= HTTP/1.1" 200 1675
120.253.135.82 - - [21/May/2023:09:25:42 +0800] "GET /xingrg/kc/pszx/mdps_order_info.html?code=312023052100449 HTTP/1.1" 200 23978
120.253.135.82 - - [21/May/2023:09:25:43 +0800] "GET /xingrg/javascript/easyui/themes/default/validatebox.css HTTP/1.1" 404 1104
