180.157.249.103 - - [21/May/2023:20:51:38 +0800] "GET /xingrg/dwr/interface/AjaxCheckService.js HTTP/1.1" 200 14003
180.157.249.103 - - [21/May/2023:20:51:38 +0800] "GET /xingrg/dwr/engine.js HTTP/1.1" 200 43631
180.157.249.103 - - [21/May/2023:20:51:39 +0800] "POST /xingrg/dwr/call/plaincall/AjaxCheckService.loadOrderItems.dwr HTTP/1.1" 200 20503
139.227.99.161 - - [21/May/2023:20:51:42 +0800] "POST /xingrg/kc/base/check_list_operate.html HTTP/1.1" 200 4036
139.227.99.161 - - [21/May/2023:20:51:46 +0800] "GET /xingrg/javascript/easyui/themes/default/images/button_plain_hover.png HTTP/1.1" 200 144
116.232.195.127 - - [21/May/2023:20:51:47 +0800] "GET /xingrg/all/function/internal_message.html?_=1684673549487&CODE_STATE=getMsg HTTP/1.1" 200 27
116.224.158.100 - - [21/May/2023:20:51:47 +0800] "GET /xingrg/all/function/internal_message.html?_=1684673340755&CODE_STATE=getMsg HTTP/1.1" 200 27
180.157.249.103 - - [21/May/2023:20:51:48 +0800] "POST /xingrg/kc/base/check_list_operate.html HTTP/1.1" 200 2550
139.227.99.161 - - [21/May/2023:20:51:48 +0800] "POST /xingrg/kc/base/check_list_operate.html HTTP/1.1" 200 81
180.157.249.103 - - [21/May/2023:20:51:50 +0800] "GET /xingrg/kc/base/check_order_info.html?code=452023052100235 HTTP/1.1" 200 26514
180.157.249.103 - - [21/May/2023:20:51:50 +0800] "GET /xingrg/dwr/interface/AjaxComOrderService.js HTTP/1.1" 200 18264
180.157.249.103 - - [21/May/2023:20:51:50 +0800] "GET /xingrg/dwr/interface/AjaxCheckService.js HTTP/1.1" 200 14003
180.157.249.103 - - [21/May/2023:20:51:50 +0800] "GET /xingrg/dwr/engine.js HTTP/1.1" 200 43631
180.157.249.103 - - [21/May/2023:20:51:51 +0800] "POST /xingrg/dwr/call/plaincall/AjaxCheckService.loadOrderItems.dwr HTTP/1.1" 200 6158
180.157.249.103 - - [21/May/2023:20:51:54 +0800] "GET /xingrg/kc/base/check_order_info.html?code=452023052100236 HTTP/1.1" 200 26514
180.157.249.103 - - [21/May/2023:20:51:54 +0800] "GET /xingrg/dwr/interface/AjaxComOrderService.js HTTP/1.1" 200 18264
180.157.249.103 - - [21/May/2023:20:51:54 +0800] "GET /xingrg/dwr/interface/AjaxCheckService.js HTTP/1.1" 200 14003
180.157.249.103 - - [21/May/2023:20:51:54 +0800] "GET /xingrg/dwr/engine.js HTTP/1.1" 200 43631
139.227.99.161 - - [21/May/2023:20:51:55 +0800] "GET /xingrg/kc/cost/cost_list.html HTTP/1.1" 200 6093
139.227.99.161 - - [21/May/2023:20:51:55 +0800] "GET /xingrg/css/table.css HTTP/1.1" 200 3684
139.227.99.161 - - [21/May/2023:20:51:55 +0800] "GET /xingrg/javascript/step/step.css HTTP/1.1" 200 999
139.227.99.161 - - [21/May/2023:20:51:55 +0800] "GET /xingrg/dwr/interface/AjaxReportQueryService.js HTTP/1.1" 200 13203
139.227.99.161 - - [21/May/2023:20:51:55 +0800] "GET /xingrg/dwr/util.js HTTP/1.1" 304 -
139.227.99.161 - - [21/May/2023:20:51:55 +0800] "GET /xingrg/dwr/engine.js HTTP/1.1" 200 43631
139.227.99.161 - - [21/May/2023:20:51:55 +0800] "GET /xingrg/javascript/jquery_easy_ui/themes/icons/edit_remove.png HTTP/1.1" 200 625
139.227.99.161 - - [21/May/2023:20:51:55 +0800] "GET /xingrg/javascript/jquery_easy_ui/themes/icons/pencil.png HTTP/1.1" 200 713
139.227.99.161 - - [21/May/2023:20:51:55 +0800] "GET /xingrg/javascript/jquery_easy_ui/themes/icons/edit_add.png HTTP/1.1" 200 1088
139.227.99.161 - - [21/May/2023:20:51:55 +0800] "GET /xingrg/javascript/jquery_easy_ui/themes/default/images/pagination_loading.gif HTTP/1.1" 200 1737
139.227.99.161 - - [21/May/2023:20:51:55 +0800] "GET /xingrg/javascript/jquery_easy_ui/themes/default/images/datagrid_header_bg.gif HTTP/1.1" 200 97
180.157.249.103 - - [21/May/2023:20:51:55 +0800] "POST /xingrg/dwr/call/plaincall/AjaxCheckService.loadOrderItems.dwr HTTP/1.1" 200 7307
139.227.99.161 - - [21/May/2023:20:51:55 +0800] "GET /xingrg/kc/cost/cost_operate.html?_=1684673514901&command=load_cost_list HTTP/1.1" 200 7336
180.169.147.146 - - [21/May/2023:20:51:57 +0800] "GET /xingrg/all/function/internal_message.html?_=1684673541464&CODE_STATE=getMsg HTTP/1.1" 200 27
139.227.99.161 - - [21/May/2023:20:51:58 +0800] "GET /xingrg/javascript/jquery_easy_ui/themes/default/images/button_plain_hover.png HTTP/1.1" 200 252
180.157.249.103 - - [21/May/2023:20:51:58 +0800] "POST /xingrg/dwr/call/plaincall/AjaxCheckService.setItemNumber.dwr HTTP/1.1" 200 76
180.157.249.103 - - [21/May/2023:20:51:59 +0800] "POST /xingrg/dwr/call/plaincall/AjaxCheckService.setItemNumber.dwr HTTP/1.1" 200 76
180.157.249.103 - - [21/May/2023:20:51:59 +0800] "POST /xingrg/dwr/call/plaincall/AjaxCheckService.setItemNumber.dwr HTTP/1.1" 200 76
180.157.249.103 - - [21/May/2023:20:52:00 +0800] "POST /xingrg/dwr/call/plaincall/AjaxCheckService.setItemNumber.dwr HTTP/1.1" 200 76
180.157.249.103 - - [21/May/2023:20:52:01 +0800] "POST /xingrg/dwr/call/plaincall/AjaxCheckService.setItemNumber.dwr HTTP/1.1" 200 76
180.157.249.103 - - [21/May/2023:20:52:02 +0800] "POST /xingrg/dwr/call/plaincall/AjaxCheckService.setItemNumber.dwr HTTP/1.1" 200 76
180.164.3.199 - - [21/May/2023:20:52:02 +0800] "GET /xingrg/all/function/internal_message.html?_=1684673521811&CODE_STATE=getMsg HTTP/1.1" 200 27
180.157.249.103 - - [21/May/2023:20:52:02 +0800] "POST /xingrg/dwr/call/plaincall/AjaxCheckService.setItemNumber.dwr HTTP/1.1" 200 76
180.157.249.103 - - [21/May/2023:20:52:03 +0800] "POST /xingrg/dwr/call/plaincall/AjaxCheckService.setItemNumber.dwr HTTP/1.1" 200 76
180.157.249.103 - - [21/May/2023:20:52:03 +0800] "POST /xingrg/dwr/call/plaincall/AjaxCheckService.setItemNumber.dwr HTTP/1.1" 200 76
180.157.249.103 - - [21/May/2023:20:52:03 +0800] "POST /xingrg/dwr/call/plaincall/AjaxCheckService.setItemNumber.dwr HTTP/1.1" 200 77
180.157.249.103 - - [21/May/2023:20:52:04 +0800] "POST /xingrg/dwr/call/plaincall/AjaxCheckService.setItemNumber.dwr HTTP/1.1" 200 77
172.20.0.100 - - [21/May/2023:20:52:04 +0800] "GET /xingrg/check_reg.html?_=1684673544055 HTTP/1.1" 302 -
222.70.168.127 - - [21/May/2023:20:52:09 +0800] "GET /xingrg/all/function/internal_message.html?_=1684673560491&CODE_STATE=getMsg HTTP/1.1" 200 27
180.157.249.103 - - [21/May/2023:20:52:16 +0800] "POST /xingrg/dwr/call/plaincall/AjaxCheckService.checkOrder.dwr HTTP/1.1" 200 79
124.79.240.114 - - [21/May/2023:20:52:17 +0800] "GET /xingrg/all/function/internal_message.html?_=1684673815173&CODE_STATE=getMsg HTTP/1.1" 200 27
180.157.249.103 - - [21/May/2023:20:52:18 +0800] "GET /xingrg/kc/base/check_order_info.html?code=452023052100236 HTTP/1.1" 200 22854
180.157.249.103 - - [21/May/2023:20:52:18 +0800] "GET /xingrg/dwr/interface/AjaxComOrderService.js HTTP/1.1" 200 18264
180.157.249.103 - - [21/May/2023:20:52:18 +0800] "GET /xingrg/dwr/interface/AjaxCheckService.js HTTP/1.1" 200 14003
180.157.249.103 - - [21/May/2023:20:52:18 +0800] "GET /xingrg/dwr/engine.js HTTP/1.1" 200 43631
180.157.249.103 - - [21/May/2023:20:52:19 +0800] "POST /xingrg/dwr/call/plaincall/AjaxCheckService.loadOrderItems.dwr HTTP/1.1" 200 3389
180.157.249.103 - - [21/May/2023:20:52:21 +0800] "POST /xingrg/kc/base/check_list_operate.html HTTP/1.1" 200 2220
180.157.249.103 - - [21/May/2023:20:52:23 +0800] "GET /xingrg/kc/base/check_order_info.html?code=452023052100235 HTTP/1.1" 200 26514
180.157.249.103 - - [21/May/2023:20:52:23 +0800] "GET /xingrg/dwr/interface/AjaxComOrderService.js HTTP/1.1" 200 18264
180.157.249.103 - - [21/May/2023:20:52:23 +0800] "GET /xingrg/dwr/interface/AjaxCheckService.js HTTP/1.1" 200 14003
180.157.249.103 - - [21/May/2023:20:52:23 +0800] "GET /xingrg/dwr/engine.js HTTP/1.1" 200 43631
180.157.249.103 - - [21/May/2023:20:52:24 +0800] "POST /xingrg/dwr/call/plaincall/AjaxCheckService.loadOrderItems.dwr HTTP/1.1" 200 6158
180.171.122.0 - - [21/May/2023:20:52:25 +0800] "GET /xingrg/all/function/internal_message.html?_=1684673541257&CODE_STATE=getMsg HTTP/1.1" 200 27
139.227.99.161 - - [21/May/2023:20:52:26 +0800] "GET /xingrg/all/function/internal_message.html?_=1684673545751&CODE_STATE=getMsg HTTP/1.1" 200 27
180.157.249.103 - - [21/May/2023:20:52:27 +0800] "POST /xingrg/dwr/call/plaincall/AjaxCheckService.setItemNumber.dwr HTTP/1.1" 200 76
180.157.249.103 - - [21/May/2023:20:52:28 +0800] "POST /xingrg/dwr/call/plaincall/AjaxCheckService.setItemNumber.dwr HTTP/1.1" 200 76
222.67.238.82 - - [21/May/2023:20:52:28 +0800] "GET /xingrg/check_reg.html?_=1684673062394 HTTP/1.1" 200 22
180.157.249.103 - - [21/May/2023:20:52:29 +0800] "POST /xingrg/dwr/call/plaincall/AjaxCheckService.setItemNumber.dwr HTTP/1.1" 200 76
139.227.99.161 - - [21/May/2023:20:52:29 +0800] "POST /xingrg/kc/cost/cost_operate.html HTTP/1.1" 200 4
180.157.249.103 - - [21/May/2023:20:52:29 +0800] "POST /xingrg/dwr/call/plaincall/AjaxCheckService.setItemNumber.dwr HTTP/1.1" 200 76
116.238.139.35 - - [21/May/2023:20:52:29 +0800] "GET /xingrg/all/function/internal_message.html?_=1684673547814&CODE_STATE=getMsg HTTP/1.1" 200 27
180.157.249.103 - - [21/May/2023:20:52:29 +0800] "POST /xingrg/dwr/call/plaincall/AjaxCheckService.setItemNumber.dwr HTTP/1.1" 200 76
180.157.249.103 - - [21/May/2023:20:52:30 +0800] "POST /xingrg/dwr/call/plaincall/AjaxCheckService.setItemNumber.dwr HTTP/1.1" 200 76
180.157.249.103 - - [21/May/2023:20:52:30 +0800] "POST /xingrg/dwr/call/plaincall/AjaxCheckService.setItemNumber.dwr HTTP/1.1" 200 76
116.224.158.100 - - [21/May/2023:20:52:30 +0800] "GET /xingrg/all/function/internal_message.html?_=1684673383579&CODE_STATE=getMsg HTTP/1.1" 200 27
180.157.249.103 - - [21/May/2023:20:52:30 +0800] "POST /xingrg/dwr/call/plaincall/AjaxCheckService.setItemNumber.dwr HTTP/1.1" 200 76
180.157.249.103 - - [21/May/2023:20:52:30 +0800] "POST /xingrg/dwr/call/plaincall/AjaxCheckService.setItemNumber.dwr HTTP/1.1" 200 76
139.227.99.161 - - [21/May/2023:20:52:31 +0800] "GET /xingrg/kc/cost/cost_operate.html?_=1684673549938&command=load_cost_list HTTP/1.1" 200 7138
61.170.233.64 - - [21/May/2023:20:52:33 +0800] "GET /xingrg/all/function/internal_message.html?_=1684673548128&CODE_STATE=getMsg HTTP/1.1" 200 27
180.157.249.103 - - [21/May/2023:20:52:34 +0800] "GET /xingrg/all/function/internal_message.html?_=1684673554048&CODE_STATE=getMsg HTTP/1.1" 200 27
139.227.99.161 - - [21/May/2023:20:52:37 +0800] "GET /xingrg/kc/base/base_main.html HTTP/1.1" 200 12142
139.227.99.161 - - [21/May/2023:20:52:38 +0800] "GET /xingrg/kc/base/check_order_list.html HTTP/1.1" 200 16488
180.157.249.103 - - [21/May/2023:20:52:42 +0800] "POST /xingrg/dwr/call/plaincall/AjaxCheckService.checkOrder.dwr HTTP/1.1" 200 79
139.227.99.161 - - [21/May/2023:20:52:42 +0800] "POST /xingrg/kc/base/check_list_operate.html HTTP/1.1" 200 2565
180.157.249.103 - - [21/May/2023:20:52:43 +0800] "GET /xingrg/kc/base/check_order_info.html?code=452023052100235 HTTP/1.1" 200 22854
180.157.249.103 - - [21/May/2023:20:52:43 +0800] "GET /xingrg/dwr/interface/AjaxComOrderService.js HTTP/1.1" 200 18264
180.157.249.103 - - [21/May/2023:20:52:43 +0800] "GET /xingrg/dwr/interface/AjaxCheckService.js HTTP/1.1" 200 14003
180.157.249.103 - - [21/May/2023:20:52:43 +0800] "GET /xingrg/dwr/engine.js HTTP/1.1" 200 43631
180.157.249.103 - - [21/May/2023:20:52:44 +0800] "POST /xingrg/dwr/call/plaincall/AjaxCheckService.loadOrderItems.dwr HTTP/1.1" 200 2954
180.157.249.103 - - [21/May/2023:20:52:46 +0800] "POST /xingrg/kc/base/check_list_operate.html HTTP/1.1" 200 1890
116.232.195.127 - - [21/May/2023:20:52:47 +0800] "GET /xingrg/all/function/internal_message.html?_=1684673609487&CODE_STATE=getMsg HTTP/1.1" 200 27
116.224.158.100 - - [21/May/2023:20:52:47 +0800] "GET /xingrg/all/function/internal_message.html?_=1684673400740&CODE_STATE=getMsg HTTP/1.1" 200 27
180.157.249.103 - - [21/May/2023:20:52:47 +0800] "GET /xingrg/kc/base/check_order_info.html?code=452023052100234 HTTP/1.1" 200 26514
180.157.249.103 - - [21/May/2023:20:52:47 +0800] "GET /xingrg/dwr/interface/AjaxComOrderService.js HTTP/1.1" 200 18264
180.157.249.103 - - [21/May/2023:20:52:47 +0800] "GET /xingrg/dwr/interface/AjaxCheckService.js HTTP/1.1" 200 14003
180.157.249.103 - - [21/May/2023:20:52:47 +0800] "GET /xingrg/dwr/engine.js HTTP/1.1" 200 43631
180.157.249.103 - - [21/May/2023:20:52:48 +0800] "POST /xingrg/dwr/call/plaincall/AjaxCheckService.loadOrderItems.dwr HTTP/1.1" 200 115991
116.232.195.127 - - [21/May/2023:20:52:49 +0800] "GET /xingrg/check_reg.html?_=1684673611880 HTTP/1.1" 200 22
116.224.158.100 - - [21/May/2023:20:52:52 +0800] "GET /xingrg/check_reg.html?_=1684673405849 HTTP/1.1" 200 22
180.169.147.146 - - [21/May/2023:20:52:57 +0800] "GET /xingrg/all/function/internal_message.html?_=1684673601493&CODE_STATE=getMsg HTTP/1.1" 200 27
180.164.3.199 - - [21/May/2023:20:53:02 +0800] "GET /xingrg/all/function/internal_message.html?_=1684673581790&CODE_STATE=getMsg HTTP/1.1" 200 27
180.157.249.103 - - [21/May/2023:20:53:02 +0800] "POST /xingrg/dwr/call/plaincall/AjaxCheckService.setItemNumber.dwr HTTP/1.1" 200 76
139.227.99.161 - - [21/May/2023:20:53:03 +0800] "POST /xingrg/kc/base/check_list_operate.html HTTP/1.1" 200 4036
222.70.168.127 - - [21/May/2023:20:53:07 +0800] "GET /xingrg/check_reg.html?_=1684673619236 HTTP/1.1" 200 22
222.70.168.127 - - [21/May/2023:20:53:09 +0800] "GET /xingrg/all/function/internal_message.html?_=1684673620505&CODE_STATE=getMsg HTTP/1.1" 200 27
116.232.195.127 - - [21/May/2023:20:53:09 +0800] "GET /xingrg/check_reg.html?_=1684673589697 HTTP/1.1" 200 22
180.157.249.103 - - [21/May/2023:20:53:15 +0800] "POST /xingrg/dwr/call/plaincall/AjaxCheckService.setItemNumber.dwr HTTP/1.1" 200 76
180.157.249.103 - - [21/May/2023:20:53:16 +0800] "POST /xingrg/dwr/call/plaincall/AjaxCheckService.setItemNumber.dwr HTTP/1.1" 200 76
124.79.240.114 - - [21/May/2023:20:53:17 +0800] "GET /xingrg/all/function/internal_message.html?_=1684673875177&CODE_STATE=getMsg HTTP/1.1" 200 27
180.157.249.103 - - [21/May/2023:20:53:17 +0800] "POST /xingrg/dwr/call/plaincall/AjaxCheckService.setItemNumber.dwr HTTP/1.1" 200 76
180.157.249.103 - - [21/May/2023:20:53:18 +0800] "POST /xingrg/dwr/call/plaincall/AjaxCheckService.setItemNumber.dwr HTTP/1.1" 200 76
180.157.249.103 - - [21/May/2023:20:53:22 +0800] "POST /xingrg/dwr/call/plaincall/AjaxCheckService.setItemNumber.dwr HTTP/1.1" 200 76
180.157.249.103 - - [21/May/2023:20:53:23 +0800] "POST /xingrg/dwr/call/plaincall/AjaxCheckService.setItemNumber.dwr HTTP/1.1" 200 76
180.157.249.103 - - [21/May/2023:20:53:23 +0800] "POST /xingrg/dwr/call/plaincall/AjaxCheckService.setItemNumber.dwr HTTP/1.1" 200 76
180.157.249.103 - - [21/May/2023:20:53:24 +0800] "POST /xingrg/dwr/call/plaincall/AjaxCheckService.setItemNumber.dwr HTTP/1.1" 200 76
180.157.249.103 - - [21/May/2023:20:53:25 +0800] "POST /xingrg/dwr/call/plaincall/AjaxCheckService.setItemNumber.dwr HTTP/1.1" 200 77
180.171.122.0 - - [21/May/2023:20:53:25 +0800] "GET /xingrg/all/function/internal_message.html?_=1684673601263&CODE_STATE=getMsg HTTP/1.1" 200 27
139.227.99.161 - - [21/May/2023:20:53:26 +0800] "GET /xingrg/all/function/internal_message.html?_=1684673605749&CODE_STATE=getMsg HTTP/1.1" 200 27
116.238.139.35 - - [21/May/2023:20:53:29 +0800] "GET /xingrg/all/function/internal_message.html?_=1684673607816&CODE_STATE=getMsg HTTP/1.1" 200 27
116.224.158.100 - - [21/May/2023:20:53:30 +0800] "GET /xingrg/all/function/internal_message.html?_=1684673443571&CODE_STATE=getMsg HTTP/1.1" 200 27
180.157.249.103 - - [21/May/2023:20:53:30 +0800] "POST /xingrg/dwr/call/plaincall/AjaxCheckService.setItemNumber.dwr HTTP/1.1" 200 77
180.157.249.103 - - [21/May/2023:20:53:31 +0800] "POST /xingrg/dwr/call/plaincall/AjaxCheckService.setItemNumber.dwr HTTP/1.1" 200 77
180.157.249.103 - - [21/May/2023:20:53:31 +0800] "POST /xingrg/dwr/call/plaincall/AjaxCheckService.setItemNumber.dwr HTTP/1.1" 200 77
180.157.249.103 - - [21/May/2023:20:53:31 +0800] "POST /xingrg/dwr/call/plaincall/AjaxCheckService.setItemNumber.dwr HTTP/1.1" 200 77
180.157.249.103 - - [21/May/2023:20:53:32 +0800] "POST /xingrg/dwr/call/plaincall/AjaxCheckService.setItemNumber.dwr HTTP/1.1" 200 77
180.157.249.103 - - [21/May/2023:20:53:32 +0800] "POST /xingrg/dwr/call/plaincall/AjaxCheckService.setItemNumber.dwr HTTP/1.1" 200 77
61.170.233.64 - - [21/May/2023:20:53:33 +0800] "GET /xingrg/all/function/internal_message.html?_=1684673608100&CODE_STATE=getMsg HTTP/1.1" 200 27
180.157.249.103 - - [21/May/2023:20:53:34 +0800] "POST /xingrg/dwr/call/plaincall/AjaxCheckService.setItemNumber.dwr HTTP/1.1" 200 77
180.157.249.103 - - [21/May/2023:20:53:34 +0800] "GET /xingrg/all/function/internal_message.html?_=1684673614031&CODE_STATE=getMsg HTTP/1.1" 200 27
180.157.249.103 - - [21/May/2023:20:53:34 +0800] "POST /xingrg/dwr/call/plaincall/AjaxCheckService.setItemNumber.dwr HTTP/1.1" 200 77
180.157.249.103 - - [21/May/2023:20:53:34 +0800] "POST /xingrg/dwr/call/plaincall/AjaxCheckService.setItemNumber.dwr HTTP/1.1" 200 77
180.157.249.103 - - [21/May/2023:20:53:36 +0800] "POST /xingrg/dwr/call/plaincall/AjaxCheckService.setItemNumber.dwr HTTP/1.1" 200 77
180.157.249.103 - - [21/May/2023:20:53:37 +0800] "POST /xingrg/dwr/call/plaincall/AjaxCheckService.setItemNumber.dwr HTTP/1.1" 200 77
139.227.99.161 - - [21/May/2023:20:53:38 +0800] "POST /xingrg/kc/base/check_list_operate.html HTTP/1.1" 200 4
180.157.249.103 - - [21/May/2023:20:53:38 +0800] "POST /xingrg/dwr/call/plaincall/AjaxCheckService.setItemNumber.dwr HTTP/1.1" 200 77
139.227.99.161 - - [21/May/2023:20:53:39 +0800] "POST /xingrg/kc/base/check_list_operate.html HTTP/1.1" 200 3936
180.157.249.103 - - [21/May/2023:20:53:41 +0800] "POST /xingrg/dwr/call/plaincall/AjaxCheckService.setItemNumber.dwr HTTP/1.1" 200 77
180.157.249.103 - - [21/May/2023:20:53:41 +0800] "POST /xingrg/dwr/call/plaincall/AjaxCheckService.setItemNumber.dwr HTTP/1.1" 200 77
180.169.147.146 - - [21/May/2023:20:53:43 +0800] "GET /xingrg/check_reg.html?_=1684673648137 HTTP/1.1" 200 22
116.232.195.127 - - [21/May/2023:20:53:47 +0800] "GET /xingrg/all/function/internal_message.html?_=1684673669470&CODE_STATE=getMsg HTTP/1.1" 200 27
116.224.158.100 - - [21/May/2023:20:53:47 +0800] "GET /xingrg/all/function/internal_message.html?_=1684673460717&CODE_STATE=getMsg HTTP/1.1" 200 27
180.157.249.103 - - [21/May/2023:20:53:48 +0800] "POST /xingrg/dwr/call/plaincall/AjaxCheckService.setItemNumber.dwr HTTP/1.1" 200 77
180.157.249.103 - - [21/May/2023:20:53:55 +0800] "POST /xingrg/dwr/call/plaincall/AjaxCheckService.setItemNumber.dwr HTTP/1.1" 200 77
180.157.249.103 - - [21/May/2023:20:53:55 +0800] "POST /xingrg/dwr/call/plaincall/AjaxCheckService.setItemNumber.dwr HTTP/1.1" 200 77
180.157.249.103 - - [21/May/2023:20:53:55 +0800] "POST /xingrg/dwr/call/plaincall/AjaxCheckService.setItemNumber.dwr HTTP/1.1" 200 77
180.169.147.146 - - [21/May/2023:20:53:57 +0800] "GET /xingrg/all/function/internal_message.html?_=1684673661507&CODE_STATE=getMsg HTTP/1.1" 200 27
180.157.249.103 - - [21/May/2023:20:54:00 +0800] "POST /xingrg/dwr/call/plaincall/AjaxCheckService.setItemNumber.dwr HTTP/1.1" 200 77
180.164.3.199 - - [21/May/2023:20:54:02 +0800] "GET /xingrg/all/function/internal_message.html?_=1684673641773&CODE_STATE=getMsg HTTP/1.1" 200 27
180.157.249.103 - - [21/May/2023:20:54:02 +0800] "POST /xingrg/dwr/call/plaincall/AjaxCheckService.setItemNumber.dwr HTTP/1.1" 200 77
180.157.249.103 - - [21/May/2023:20:54:03 +0800] "POST /xingrg/dwr/call/plaincall/AjaxCheckService.setItemNumber.dwr HTTP/1.1" 200 77
180.157.249.103 - - [21/May/2023:20:54:04 +0800] "POST /xingrg/dwr/call/plaincall/AjaxCheckService.setItemNumber.dwr HTTP/1.1" 200 77
180.157.249.103 - - [21/May/2023:20:54:04 +0800] "POST /xingrg/dwr/call/plaincall/AjaxCheckService.setItemNumber.dwr HTTP/1.1" 200 77
180.157.249.103 - - [21/May/2023:20:54:04 +0800] "POST /xingrg/dwr/call/plaincall/AjaxCheckService.setItemNumber.dwr HTTP/1.1" 200 77
139.227.99.161 - - [21/May/2023:20:54:06 +0800] "POST /xingrg/kc/base/check_list_operate.html HTTP/1.1" 200 4
180.157.249.103 - - [21/May/2023:20:54:06 +0800] "POST /xingrg/dwr/call/plaincall/AjaxCheckService.setItemNumber.dwr HTTP/1.1" 200 77
180.157.249.103 - - [21/May/2023:20:54:06 +0800] "POST /xingrg/dwr/call/plaincall/AjaxCheckService.setItemNumber.dwr HTTP/1.1" 200 77
180.157.249.103 - - [21/May/2023:20:54:06 +0800] "POST /xingrg/dwr/call/plaincall/AjaxCheckService.setItemNumber.dwr HTTP/1.1" 200 77
180.157.249.103 - - [21/May/2023:20:54:06 +0800] "POST /xingrg/dwr/call/plaincall/AjaxCheckService.setItemNumber.dwr HTTP/1.1" 200 77
180.157.249.103 - - [21/May/2023:20:54:06 +0800] "POST /xingrg/dwr/call/plaincall/AjaxCheckService.setItemNumber.dwr HTTP/1.1" 200 77
180.157.249.103 - - [21/May/2023:20:54:07 +0800] "POST /xingrg/dwr/call/plaincall/AjaxCheckService.setItemNumber.dwr HTTP/1.1" 200 77
180.157.249.103 - - [21/May/2023:20:54:08 +0800] "POST /xingrg/dwr/call/plaincall/AjaxCheckService.setItemNumber.dwr HTTP/1.1" 200 77
180.157.249.103 - - [21/May/2023:20:54:08 +0800] "POST /xingrg/dwr/call/plaincall/AjaxCheckService.setItemNumber.dwr HTTP/1.1" 200 77
180.157.249.103 - - [21/May/2023:20:54:08 +0800] "POST /xingrg/dwr/call/plaincall/AjaxCheckService.setItemNumber.dwr HTTP/1.1" 200 77
180.157.249.103 - - [21/May/2023:20:54:08 +0800] "POST /xingrg/dwr/call/plaincall/AjaxCheckService.setItemNumber.dwr HTTP/1.1" 200 77
222.70.168.127 - - [21/May/2023:20:54:09 +0800] "GET /xingrg/all/function/internal_message.html?_=1684673680519&CODE_STATE=getMsg HTTP/1.1" 200 27
180.157.249.103 - - [21/May/2023:20:54:09 +0800] "POST /xingrg/dwr/call/plaincall/AjaxCheckService.setItemNumber.dwr HTTP/1.1" 200 77
180.157.249.103 - - [21/May/2023:20:54:09 +0800] "POST /xingrg/dwr/call/plaincall/AjaxCheckService.setItemNumber.dwr HTTP/1.1" 200 77
139.227.99.161 - - [21/May/2023:20:54:09 +0800] "POST /xingrg/kc/base/check_list_operate.html HTTP/1.1" 200 2565
180.157.249.103 - - [21/May/2023:20:54:09 +0800] "POST /xingrg/dwr/call/plaincall/AjaxCheckService.setItemNumber.dwr HTTP/1.1" 200 77
180.157.249.103 - - [21/May/2023:20:54:16 +0800] "POST /xingrg/dwr/call/plaincall/AjaxCheckService.setItemNumber.dwr HTTP/1.1" 200 77
124.79.240.114 - - [21/May/2023:20:54:17 +0800] "GET /xingrg/all/function/internal_message.html?_=1684673935179&CODE_STATE=getMsg HTTP/1.1" 200 27
180.157.249.103 - - [21/May/2023:20:54:21 +0800] "POST /xingrg/dwr/call/plaincall/AjaxCheckService.setItemNumber.dwr HTTP/1.1" 200 77
180.157.249.103 - - [21/May/2023:20:54:22 +0800] "POST /xingrg/dwr/call/plaincall/AjaxCheckService.setItemNumber.dwr HTTP/1.1" 200 77
139.227.99.161 - - [21/May/2023:20:54:22 +0800] "POST /xingrg/all/user/operate.html HTTP/1.1" 200 36
180.157.249.103 - - [21/May/2023:20:54:22 +0800] "POST /xingrg/dwr/call/plaincall/AjaxCheckService.setItemNumber.dwr HTTP/1.1" 200 77
139.227.99.161 - - [21/May/2023:20:54:22 +0800] "GET /xingrg/index.html?sysBaseUrl=http%3A%2F%2F180.169.147.146%3A18081%2Fxingrg%2F&costTime=1548×tamp=1684673480869 HTTP/1.1" 200 17509
139.227.99.161 - - [21/May/2023:20:54:22 +0800] "GET /xingrg/javascript/jquery_easy_ui/themes/default/easyui.css HTTP/1.1" 304 -
139.227.99.161 - - [21/May/2023:20:54:22 +0800] "GET /xingrg/javascript/jquery_easy_ui/themes/icon.css HTTP/1.1" 304 -
139.227.99.161 - - [21/May/2023:20:54:22 +0800] "GET /xingrg/css/form.css HTTP/1.1" 304 -
139.227.99.161 - - [21/May/2023:20:54:22 +0800] "GET /xingrg/javascript/jquery-1.4.2.min.js HTTP/1.1" 304 -
139.227.99.161 - - [21/May/2023:20:54:22 +0800] "GET /xingrg/javascript/jquery_easy_ui/jquery.easyui.min.js HTTP/1.1" 304 -
139.227.99.161 - - [21/May/2023:20:54:22 +0800] "GET /xingrg/javascript/jquery_easy_ui/easyui-lang-zh_CN.js HTTP/1.1" 304 -
139.227.99.161 - - [21/May/2023:20:54:22 +0800] "GET /xingrg/javascript/jquery.form.js HTTP/1.1" 304 -
139.227.99.161 - - [21/May/2023:20:54:22 +0800] "GET /xingrg/javascript/jquery.utils.js HTTP/1.1" 304 -
139.227.99.161 - - [21/May/2023:20:54:22 +0800] "GET /xingrg/javascript/jquery.timers.js HTTP/1.1" 304 -
139.227.99.161 - - [21/May/2023:20:54:22 +0800] "GET /xingrg/images/blue/jxLogo.png HTTP/1.1" 304 -
139.227.99.161 - - [21/May/2023:20:54:22 +0800] "GET /xingrg/images/blue/navBackgound.jpg HTTP/1.1" 304 -
139.227.99.161 - - [21/May/2023:20:54:22 +0800] "GET /xingrg/javascript/jquery_easy_ui/themes/icons/settle_new.png HTTP/1.1" 304 -
139.227.99.161 - - [21/May/2023:20:54:22 +0800] "GET /xingrg/all/function/internal_message.html?_=1684673661962&CODE_STATE=count HTTP/1.1" 200 11
139.227.99.161 - - [21/May/2023:20:54:22 +0800] "GET /xingrg/check_reg.html?_=1684673661964 HTTP/1.1" 200 22
139.227.99.161 - - [21/May/2023:20:54:22 +0800] "GET /xingrg/javascript/jquery_easy_ui/themes/default/images/tabs_rightarrow.png HTTP/1.1" 304 -
139.227.99.161 - - [21/May/2023:20:54:22 +0800] "GET /xingrg/javascript/jquery_easy_ui/themes/default/images/panel_tool_expand.gif HTTP/1.1" 304 -
139.227.99.161 - - [21/May/2023:20:54:22 +0800] "GET /xingrg/javascript/jquery_easy_ui/themes/default/images/tabs_leftarrow.png HTTP/1.1" 304 -
139.227.99.161 - - [21/May/2023:20:54:22 +0800] "GET /xingrg/javascript/jquery_easy_ui/themes/default/images/panel_tool_collapse.gif HTTP/1.1" 304 -
139.227.99.161 - - [21/May/2023:20:54:22 +0800] "GET /xingrg/images/blue/pingpu.png HTTP/1.1" 304 -
139.227.99.161 - - [21/May/2023:20:54:23 +0800] "POST /xingrg/all/common/load_tree.html?tree=area_rest_tree_json&manage=1 HTTP/1.1" 200 3499
139.227.99.161 - - [21/May/2023:20:54:23 +0800] "POST /xingrg/load_menu.html HTTP/1.1" 200 9959
180.157.249.103 - - [21/May/2023:20:54:24 +0800] "POST /xingrg/dwr/call/plaincall/AjaxCheckService.setItemNumber.dwr HTTP/1.1" 200 77
180.157.249.103 - - [21/May/2023:20:54:24 +0800] "POST /xingrg/dwr/call/plaincall/AjaxCheckService.setItemNumber.dwr HTTP/1.1" 200 77
139.227.99.161 - - [21/May/2023:20:54:24 +0800] "GET /xingrg/kc/base/base_main.html HTTP/1.1" 200 12142
180.157.249.103 - - [21/May/2023:20:54:24 +0800] "POST /xingrg/dwr/call/plaincall/AjaxCheckService.setItemNumber.dwr HTTP/1.1" 200 77
180.157.249.103 - - [21/May/2023:20:54:25 +0800] "POST /xingrg/dwr/call/plaincall/AjaxCheckService.setItemNumber.dwr HTTP/1.1" 200 77
139.227.99.161 - - [21/May/2023:20:54:25 +0800] "GET /xingrg/kc/base/check_order_list.html HTTP/1.1" 200 16484
139.227.99.161 - - [21/May/2023:20:54:25 +0800] "POST /xingrg/kc/base/check_list_operate.html HTTP/1.1" 200 1890
180.171.122.0 - - [21/May/2023:20:54:25 +0800] "GET /xingrg/all/function/internal_message.html?_=1684673661268&CODE_STATE=getMsg HTTP/1.1" 200 27
180.157.249.103 - - [21/May/2023:20:54:27 +0800] "POST /xingrg/dwr/call/plaincall/AjaxCheckService.setItemNumber.dwr HTTP/1.1" 200 77
116.238.139.35 - - [21/May/2023:20:54:29 +0800] "GET /xingrg/all/function/internal_message.html?_=1684673667817&CODE_STATE=getMsg HTTP/1.1" 200 27
116.224.158.100 - - [21/May/2023:20:54:30 +0800] "GET /xingrg/all/function/internal_message.html?_=1684673503559&CODE_STATE=getMsg HTTP/1.1" 200 27
180.157.249.103 - - [21/May/2023:20:54:31 +0800] "POST /xingrg/dwr/call/plaincall/AjaxCheckService.setItemNumber.dwr HTTP/1.1" 200 77
139.227.99.161 - - [21/May/2023:20:54:32 +0800] "POST /xingrg/kc/base/check_list_operate.html HTTP/1.1" 200 5362
180.157.249.103 - - [21/May/2023:20:54:32 +0800] "POST /xingrg/dwr/call/plaincall/AjaxCheckService.setItemNumber.dwr HTTP/1.1" 200 77
180.163.29.219 - - [21/May/2023:20:54:33 +0800] "GET /xingrg/all/function/internal_message.html?_=1684673608100&CODE_STATE=getMsg HTTP/1.1" 302 -
61.170.233.64 - - [21/May/2023:20:54:33 +0800] "GET /xingrg/all/function/internal_message.html?_=1684673668071&CODE_STATE=getMsg HTTP/1.1" 200 27
180.157.249.103 - - [21/May/2023:20:54:33 +0800] "POST /xingrg/dwr/call/plaincall/AjaxCheckService.setItemNumber.dwr HTTP/1.1" 200 77
180.163.29.219 - - [21/May/2023:20:54:33 +0800] "GET /xingrg/login.html HTTP/1.1" 200 7641
180.157.249.103 - - [21/May/2023:20:54:34 +0800] "GET /xingrg/all/function/internal_message.html?_=1684673674069&CODE_STATE=getMsg HTTP/1.1" 200 27
180.157.249.103 - - [21/May/2023:20:54:34 +0800] "POST /xingrg/dwr/call/plaincall/AjaxCheckService.setItemNumber.dwr HTTP/1.1" 200 77
116.224.158.100 - - [21/May/2023:20:54:34 +0800] "GET /xingrg/check_reg.html?_=1684673507656 HTTP/1.1" 200 22
180.157.249.103 - - [21/May/2023:20:54:35 +0800] "POST /xingrg/dwr/call/plaincall/AjaxCheckService.setItemNumber.dwr HTTP/1.1" 200 77
180.157.249.103 - - [21/May/2023:20:54:35 +0800] "POST /xingrg/dwr/call/plaincall/AjaxCheckService.setItemNumber.dwr HTTP/1.1" 200 77
180.157.249.103 - - [21/May/2023:20:54:36 +0800] "POST /xingrg/dwr/call/plaincall/AjaxCheckService.setItemNumber.dwr HTTP/1.1" 200 77
180.157.249.103 - - [21/May/2023:20:54:36 +0800] "POST /xingrg/dwr/call/plaincall/AjaxCheckService.setItemNumber.dwr HTTP/1.1" 200 77
180.157.249.103 - - [21/May/2023:20:54:36 +0800] "POST /xingrg/dwr/call/plaincall/AjaxCheckService.setItemNumber.dwr HTTP/1.1" 200 77
180.157.249.103 - - [21/May/2023:20:54:37 +0800] "POST /xingrg/dwr/call/plaincall/AjaxCheckService.setItemNumber.dwr HTTP/1.1" 200 77
139.227.99.161 - - [21/May/2023:20:54:44 +0800] "POST /xingrg/kc/base/check_list_operate.html HTTP/1.1" 200 4885
180.157.249.103 - - [21/May/2023:20:54:44 +0800] "POST /xingrg/dwr/call/plaincall/AjaxCheckService.setItemNumber.dwr HTTP/1.1" 200 77
124.79.240.114 - - [21/May/2023:20:54:44 +0800] "POST /xingrg/services/DataTransmitService HTTP/1.1" 200 524
180.157.249.103 - - [21/May/2023:20:54:45 +0800] "POST /xingrg/dwr/call/plaincall/AjaxCheckService.setItemNumber.dwr HTTP/1.1" 200 77
180.157.249.103 - - [21/May/2023:20:54:46 +0800] "POST /xingrg/dwr/call/plaincall/AjaxCheckService.setItemNumber.dwr HTTP/1.1" 200 77
139.227.99.161 - - [21/May/2023:20:54:46 +0800] "POST /xingrg/kc/base/check_list_operate.html HTTP/1.1" 200 6777
180.157.249.103 - - [21/May/2023:20:54:46 +0800] "POST /xingrg/dwr/call/plaincall/AjaxCheckService.setItemNumber.dwr HTTP/1.1" 200 77
180.157.249.103 - - [21/May/2023:20:54:46 +0800] "POST /xingrg/dwr/call/plaincall/AjaxCheckService.setItemNumber.dwr HTTP/1.1" 200 77
116.232.195.127 - - [21/May/2023:20:54:47 +0800] "GET /xingrg/all/function/internal_message.html?_=1684673729457&CODE_STATE=getMsg HTTP/1.1" 200 27
116.224.158.100 - - [21/May/2023:20:54:47 +0800] "GET /xingrg/all/function/internal_message.html?_=1684673520687&CODE_STATE=getMsg HTTP/1.1" 200 27
180.157.249.103 - - [21/May/2023:20:54:47 +0800] "POST /xingrg/dwr/call/plaincall/AjaxCheckService.setItemNumber.dwr HTTP/1.1" 200 77
180.157.249.103 - - [21/May/2023:20:54:47 +0800] "POST /xingrg/dwr/call/plaincall/AjaxCheckService.setItemNumber.dwr HTTP/1.1" 200 77
180.157.249.103 - - [21/May/2023:20:54:48 +0800] "POST /xingrg/dwr/call/plaincall/AjaxCheckService.setItemNumber.dwr HTTP/1.1" 200 77
180.157.249.103 - - [21/May/2023:20:54:48 +0800] "POST /xingrg/dwr/call/plaincall/AjaxCheckService.setItemNumber.dwr HTTP/1.1" 200 77
180.157.249.103 - - [21/May/2023:20:54:49 +0800] "POST /xingrg/dwr/call/plaincall/AjaxCheckService.setItemNumber.dwr HTTP/1.1" 200 77
180.157.249.103 - - [21/May/2023:20:54:49 +0800] "POST /xingrg/dwr/call/plaincall/AjaxCheckService.setItemNumber.dwr HTTP/1.1" 200 77
180.157.249.103 - - [21/May/2023:20:54:50 +0800] "POST /xingrg/dwr/call/plaincall/AjaxCheckService.setItemNumber.dwr HTTP/1.1" 200 77
180.157.249.103 - - [21/May/2023:20:54:51 +0800] "POST /xingrg/dwr/call/plaincall/AjaxCheckService.setItemNumber.dwr HTTP/1.1" 200 77
180.157.249.103 - - [21/May/2023:20:54:51 +0800] "POST /xingrg/dwr/call/plaincall/AjaxCheckService.setItemNumber.dwr HTTP/1.1" 200 77
180.157.249.103 - - [21/May/2023:20:54:52 +0800] "POST /xingrg/dwr/call/plaincall/AjaxCheckService.setItemNumber.dwr HTTP/1.1" 200 77
180.157.249.103 - - [21/May/2023:20:54:53 +0800] "POST /xingrg/dwr/call/plaincall/AjaxCheckService.setItemNumber.dwr HTTP/1.1" 200 77
180.157.249.103 - - [21/May/2023:20:54:53 +0800] "POST /xingrg/dwr/call/plaincall/AjaxCheckService.setItemNumber.dwr HTTP/1.1" 200 77
124.79.240.114 - - [21/May/2023:20:54:54 +0800] "POST /xingrg/services/DataTransmitService HTTP/1.1" 200 501
180.157.249.103 - - [21/May/2023:20:54:54 +0800] "POST /xingrg/dwr/call/plaincall/AjaxCheckService.setItemNumber.dwr HTTP/1.1" 200 77
180.157.249.103 - - [21/May/2023:20:54:55 +0800] "POST /xingrg/dwr/call/plaincall/AjaxCheckService.setItemNumber.dwr HTTP/1.1" 200 77
180.157.249.103 - - [21/May/2023:20:54:55 +0800] "POST /xingrg/dwr/call/plaincall/AjaxCheckService.setItemNumber.dwr HTTP/1.1" 200 77
124.79.240.114 - - [21/May/2023:20:54:56 +0800] "POST /xingrg/services/DataTransmitService HTTP/1.1" 200 501
180.169.147.146 - - [21/May/2023:20:54:57 +0800] "GET /xingrg/all/function/internal_message.html?_=1684673721536&CODE_STATE=getMsg HTTP/1.1" 200 27
139.227.99.161 - - [21/May/2023:20:54:58 +0800] "POST /xingrg/kc/base/check_list_operate.html HTTP/1.1" 200 81
139.227.99.161 - - [21/May/2023:20:55:02 +0800] "GET /xingrg/kc/cost/cost_list.html HTTP/1.1" 200 6093
139.227.99.161 - - [21/May/2023:20:55:02 +0800] "GET /xingrg/dwr/interface/AjaxReportQueryService.js HTTP/1.1" 200 13203
139.227.99.161 - - [21/May/2023:20:55:02 +0800] "GET /xingrg/dwr/engine.js HTTP/1.1" 200 43631
180.164.3.199 - - [21/May/2023:20:55:02 +0800] "GET /xingrg/all/function/internal_message.html?_=1684673701760&CODE_STATE=getMsg HTTP/1.1" 200 27
139.227.99.161 - - [21/May/2023:20:55:02 +0800] "GET /xingrg/kc/cost/cost_operate.html?_=1684673701545&command=load_cost_list HTTP/1.1" 200 10229
180.157.249.103 - - [21/May/2023:20:55:03 +0800] "POST /xingrg/dwr/call/plaincall/AjaxCheckService.setItemNumber.dwr HTTP/1.1" 200 77
180.157.249.103 - - [21/May/2023:20:55:03 +0800] "POST /xingrg/dwr/call/plaincall/AjaxCheckService.setItemNumber.dwr HTTP/1.1" 200 77
180.157.249.103 - - [21/May/2023:20:55:03 +0800] "POST /xingrg/dwr/call/plaincall/AjaxCheckService.setItemNumber.dwr HTTP/1.1" 200 77
180.157.249.103 - - [21/May/2023:20:55:04 +0800] "POST /xingrg/dwr/call/plaincall/AjaxCheckService.setItemNumber.dwr HTTP/1.1" 200 77
180.157.249.103 - - [21/May/2023:20:55:04 +0800] "POST /xingrg/dwr/call/plaincall/AjaxCheckService.setItemNumber.dwr HTTP/1.1" 200 77
180.157.249.103 - - [21/May/2023:20:55:05 +0800] "POST /xingrg/dwr/call/plaincall/AjaxCheckService.setItemNumber.dwr HTTP/1.1" 200 77
180.157.249.103 - - [21/May/2023:20:55:06 +0800] "POST /xingrg/dwr/call/plaincall/AjaxCheckService.setItemNumber.dwr HTTP/1.1" 200 77
180.157.249.103 - - [21/May/2023:20:55:07 +0800] "POST /xingrg/dwr/call/plaincall/AjaxCheckService.setItemNumber.dwr HTTP/1.1" 200 77
180.157.249.103 - - [21/May/2023:20:55:07 +0800] "POST /xingrg/dwr/call/plaincall/AjaxCheckService.setItemNumber.dwr HTTP/1.1" 200 77
180.157.249.103 - - [21/May/2023:20:55:08 +0800] "POST /xingrg/dwr/call/plaincall/AjaxCheckService.setItemNumber.dwr HTTP/1.1" 200 77
180.157.249.103 - - [21/May/2023:20:55:08 +0800] "POST /xingrg/dwr/call/plaincall/AjaxCheckService.setItemNumber.dwr HTTP/1.1" 200 77
222.70.168.127 - - [21/May/2023:20:55:09 +0800] "GET /xingrg/all/function/internal_message.html?_=1684673740532&CODE_STATE=getMsg HTTP/1.1" 200 27
180.157.249.103 - - [21/May/2023:20:55:09 +0800] "POST /xingrg/dwr/call/plaincall/AjaxCheckService.setItemNumber.dwr HTTP/1.1" 200 77
180.157.249.103 - - [21/May/2023:20:55:10 +0800] "POST /xingrg/dwr/call/plaincall/AjaxCheckService.setItemNumber.dwr HTTP/1.1" 200 77
180.157.249.103 - - [21/May/2023:20:55:10 +0800] "POST /xingrg/dwr/call/plaincall/AjaxCheckService.setItemNumber.dwr HTTP/1.1" 200 78
180.157.249.103 - - [21/May/2023:20:55:12 +0800] "POST /xingrg/dwr/call/plaincall/AjaxCheckService.setItemNumber.dwr HTTP/1.1" 200 78
180.157.249.103 - - [21/May/2023:20:55:13 +0800] "POST /xingrg/dwr/call/plaincall/AjaxCheckService.setItemNumber.dwr HTTP/1.1" 200 78
180.157.249.103 - - [21/May/2023:20:55:15 +0800] "POST /xingrg/dwr/call/plaincall/AjaxCheckService.setItemNumber.dwr HTTP/1.1" 200 78
180.157.249.103 - - [21/May/2023:20:55:15 +0800] "POST /xingrg/dwr/call/plaincall/AjaxCheckService.setItemNumber.dwr HTTP/1.1" 200 78
180.157.249.103 - - [21/May/2023:20:55:16 +0800] "POST /xingrg/dwr/call/plaincall/AjaxCheckService.setItemNumber.dwr HTTP/1.1" 200 78
180.157.249.103 - - [21/May/2023:20:55:16 +0800] "POST /xingrg/dwr/call/plaincall/AjaxCheckService.setItemNumber.dwr HTTP/1.1" 200 78
124.79.240.114 - - [21/May/2023:20:55:17 +0800] "GET /xingrg/check_reg.html?_=1684673995164 HTTP/1.1" 200 22
124.79.240.114 - - [21/May/2023:20:55:17 +0800] "GET /xingrg/all/function/internal_message.html?_=1684673995165&CODE_STATE=getMsg HTTP/1.1" 200 27
180.157.249.103 - - [21/May/2023:20:55:17 +0800] "POST /xingrg/dwr/call/plaincall/AjaxCheckService.setItemNumber.dwr HTTP/1.1" 200 78
180.157.249.103 - - [21/May/2023:20:55:19 +0800] "POST /xingrg/dwr/call/plaincall/AjaxCheckService.setItemNumber.dwr HTTP/1.1" 200 78
124.79.240.114 - - [21/May/2023:20:55:20 +0800] "POST /xingrg/services/DataTransmitService HTTP/1.1" 200 501
180.157.249.103 - - [21/May/2023:20:55:22 +0800] "POST /xingrg/dwr/call/plaincall/AjaxCheckService.setItemNumber.dwr HTTP/1.1" 200 78
139.227.99.161 - - [21/May/2023:20:55:22 +0800] "GET /xingrg/all/function/internal_message.html?_=1684673721970&CODE_STATE=getMsg HTTP/1.1" 200 27
180.157.249.103 - - [21/May/2023:20:55:23 +0800] "POST /xingrg/dwr/call/plaincall/AjaxCheckService.setItemNumber.dwr HTTP/1.1" 200 78
180.157.249.103 - - [21/May/2023:20:55:23 +0800] "POST /xingrg/dwr/call/plaincall/AjaxCheckService.setItemNumber.dwr HTTP/1.1" 200 78
180.157.249.103 - - [21/May/2023:20:55:24 +0800] "POST /xingrg/dwr/call/plaincall/AjaxCheckService.setItemNumber.dwr HTTP/1.1" 200 78
180.157.249.103 - - [21/May/2023:20:55:25 +0800] "POST /xingrg/dwr/call/plaincall/AjaxCheckService.setItemNumber.dwr HTTP/1.1" 200 78
180.171.122.0 - - [21/May/2023:20:55:25 +0800] "GET /xingrg/all/function/internal_message.html?_=1684673721258&CODE_STATE=getMsg HTTP/1.1" 200 27
180.157.249.103 - - [21/May/2023:20:55:26 +0800] "POST /xingrg/dwr/call/plaincall/AjaxCheckService.setItemNumber.dwr HTTP/1.1" 200 78
180.157.249.103 - - [21/May/2023:20:55:27 +0800] "POST /xingrg/dwr/call/plaincall/AjaxCheckService.setItemNumber.dwr HTTP/1.1" 200 78
180.157.249.103 - - [21/May/2023:20:55:27 +0800] "POST /xingrg/dwr/call/plaincall/AjaxCheckService.setItemNumber.dwr HTTP/1.1" 200 78
180.157.249.103 - - [21/May/2023:20:55:28 +0800] "POST /xingrg/dwr/call/plaincall/AjaxCheckService.setItemNumber.dwr HTTP/1.1" 200 78
180.157.249.103 - - [21/May/2023:20:55:28 +0800] "POST /xingrg/dwr/call/plaincall/AjaxCheckService.setItemNumber.dwr HTTP/1.1" 200 78
180.157.249.103 - - [21/May/2023:20:55:29 +0800] "POST /xingrg/dwr/call/plaincall/AjaxCheckService.setItemNumber.dwr HTTP/1.1" 200 78
116.238.139.35 - - [21/May/2023:20:55:29 +0800] "GET /xingrg/all/function/internal_message.html?_=1684673727818&CODE_STATE=getMsg HTTP/1.1" 200 27
116.238.139.35 - - [21/May/2023:20:55:29 +0800] "GET /xingrg/check_reg.html?_=1684673727822 HTTP/1.1" 200 22
180.157.249.103 - - [21/May/2023:20:55:29 +0800] "POST /xingrg/dwr/call/plaincall/AjaxCheckService.setItemNumber.dwr HTTP/1.1" 200 78
116.224.158.100 - - [21/May/2023:20:55:30 +0800] "GET /xingrg/all/function/internal_message.html?_=1684673563538&CODE_STATE=getMsg HTTP/1.1" 200 27
180.157.249.103 - - [21/May/2023:20:55:31 +0800] "POST /xingrg/dwr/call/plaincall/AjaxCheckService.setItemNumber.dwr HTTP/1.1" 200 78
180.157.249.103 - - [21/May/2023:20:55:31 +0800] "POST /xingrg/dwr/call/plaincall/AjaxCheckService.setItemNumber.dwr HTTP/1.1" 200 78
180.157.249.103 - - [21/May/2023:20:55:31 +0800] "POST /xingrg/dwr/call/plaincall/AjaxCheckService.setItemNumber.dwr HTTP/1.1" 200 78
61.170.233.64 - - [21/May/2023:20:55:33 +0800] "GET /xingrg/all/function/internal_message.html?_=1684673728057&CODE_STATE=getMsg HTTP/1.1" 200 27
180.157.249.103 - - [21/May/2023:20:55:34 +0800] "GET /xingrg/all/function/internal_message.html?_=1684673734042&CODE_STATE=getMsg HTTP/1.1" 200 27
180.157.249.103 - - [21/May/2023:20:55:36 +0800] "POST /xingrg/dwr/call/plaincall/AjaxCheckService.setItemNumber.dwr HTTP/1.1" 200 78
180.157.249.103 - - [21/May/2023:20:55:36 +0800] "POST /xingrg/dwr/call/plaincall/AjaxCheckService.setItemNumber.dwr HTTP/1.1" 200 78
180.157.249.103 - - [21/May/2023:20:55:37 +0800] "POST /xingrg/dwr/call/plaincall/AjaxCheckService.setItemNumber.dwr HTTP/1.1" 200 78
180.157.249.103 - - [21/May/2023:20:55:37 +0800] "POST /xingrg/dwr/call/plaincall/AjaxCheckService.setItemNumber.dwr HTTP/1.1" 200 78
180.157.249.103 - - [21/May/2023:20:55:38 +0800] "POST /xingrg/dwr/call/plaincall/AjaxCheckService.setItemNumber.dwr HTTP/1.1" 200 78
180.157.249.103 - - [21/May/2023:20:55:39 +0800] "POST /xingrg/dwr/call/plaincall/AjaxCheckService.setItemNumber.dwr HTTP/1.1" 200 78
180.157.249.103 - - [21/May/2023:20:55:42 +0800] "POST /xingrg/dwr/call/plaincall/AjaxCheckService.setItemNumber.dwr HTTP/1.1" 200 78
180.157.249.103 - - [21/May/2023:20:55:42 +0800] "POST /xingrg/dwr/call/plaincall/AjaxCheckService.setItemNumber.dwr HTTP/1.1" 200 78
180.157.249.103 - - [21/May/2023:20:55:43 +0800] "POST /xingrg/dwr/call/plaincall/AjaxCheckService.setItemNumber.dwr HTTP/1.1" 200 78
180.157.249.103 - - [21/May/2023:20:55:43 +0800] "POST /xingrg/dwr/call/plaincall/AjaxCheckService.setItemNumber.dwr HTTP/1.1" 200 78
180.157.249.103 - - [21/May/2023:20:55:44 +0800] "POST /xingrg/dwr/call/plaincall/AjaxCheckService.setItemNumber.dwr HTTP/1.1" 200 78
180.157.249.103 - - [21/May/2023:20:55:45 +0800] "POST /xingrg/dwr/call/plaincall/AjaxCheckService.setItemNumber.dwr HTTP/1.1" 200 78
180.157.249.103 - - [21/May/2023:20:55:46 +0800] "POST /xingrg/dwr/call/plaincall/AjaxCheckService.setItemNumber.dwr HTTP/1.1" 200 78
180.157.249.103 - - [21/May/2023:20:55:46 +0800] "POST /xingrg/dwr/call/plaincall/AjaxCheckService.setItemNumber.dwr HTTP/1.1" 200 78
116.232.195.127 - - [21/May/2023:20:55:47 +0800] "GET /xingrg/all/function/internal_message.html?_=1684673789446&CODE_STATE=getMsg HTTP/1.1" 200 27
180.157.249.103 - - [21/May/2023:20:55:47 +0800] "POST /xingrg/dwr/call/plaincall/AjaxCheckService.setItemNumber.dwr HTTP/1.1" 200 78
116.224.158.100 - - [21/May/2023:20:55:47 +0800] "GET /xingrg/all/function/internal_message.html?_=1684673580678&CODE_STATE=getMsg HTTP/1.1" 200 27
180.157.249.103 - - [21/May/2023:20:55:47 +0800] "POST /xingrg/dwr/call/plaincall/AjaxCheckService.setItemNumber.dwr HTTP/1.1" 200 78
180.157.249.103 - - [21/May/2023:20:55:48 +0800] "POST /xingrg/dwr/call/plaincall/AjaxCheckService.setItemNumber.dwr HTTP/1.1" 200 78
180.157.249.103 - - [21/May/2023:20:55:48 +0800] "POST /xingrg/dwr/call/plaincall/AjaxCheckService.setItemNumber.dwr HTTP/1.1" 200 78
180.157.249.103 - - [21/May/2023:20:55:49 +0800] "POST /xingrg/dwr/call/plaincall/AjaxCheckService.setItemNumber.dwr HTTP/1.1" 200 78
180.157.249.103 - - [21/May/2023:20:55:50 +0800] "POST /xingrg/dwr/call/plaincall/AjaxCheckService.setItemNumber.dwr HTTP/1.1" 200 78
180.157.249.103 - - [21/May/2023:20:55:50 +0800] "POST /xingrg/dwr/call/plaincall/AjaxCheckService.setItemNumber.dwr HTTP/1.1" 200 78
180.157.249.103 - - [21/May/2023:20:55:51 +0800] "POST /xingrg/dwr/call/plaincall/AjaxCheckService.setItemNumber.dwr HTTP/1.1" 200 78
180.157.249.103 - - [21/May/2023:20:55:51 +0800] "POST /xingrg/dwr/call/plaincall/AjaxCheckService.setItemNumber.dwr HTTP/1.1" 200 78
180.157.249.103 - - [21/May/2023:20:55:52 +0800] "POST /xingrg/dwr/call/plaincall/AjaxCheckService.setItemNumber.dwr HTTP/1.1" 200 78
180.157.249.103 - - [21/May/2023:20:55:52 +0800] "POST /xingrg/dwr/call/plaincall/AjaxCheckService.setItemNumber.dwr HTTP/1.1" 200 78
180.157.249.103 - - [21/May/2023:20:55:53 +0800] "POST /xingrg/dwr/call/plaincall/AjaxCheckService.setItemNumber.dwr HTTP/1.1" 200 78
180.157.249.103 - - [21/May/2023:20:55:53 +0800] "POST /xingrg/dwr/call/plaincall/AjaxCheckService.setItemNumber.dwr HTTP/1.1" 200 78
180.157.249.103 - - [21/May/2023:20:55:54 +0800] "POST /xingrg/dwr/call/plaincall/AjaxCheckService.setItemNumber.dwr HTTP/1.1" 200 78
124.79.240.114 - - [21/May/2023:20:55:55 +0800] "POST /xingrg/services/DataTransmitService HTTP/1.1" 200 501
124.79.240.114 - - [21/May/2023:20:55:57 +0800] "POST /xingrg/services/DataTransmitService HTTP/1.1" 200 501
180.169.147.146 - - [21/May/2023:20:55:57 +0800] "GET /xingrg/all/function/internal_message.html?_=1684673781565&CODE_STATE=getMsg HTTP/1.1" 200 27
124.79.240.114 - - [21/May/2023:20:55:58 +0800] "POST /xingrg/services/DataTransmitService HTTP/1.1" 200 501
180.157.249.103 - - [21/May/2023:20:56:00 +0800] "POST /xingrg/dwr/call/plaincall/AjaxCheckService.setItemNumber.dwr HTTP/1.1" 200 78
180.164.3.199 - - [21/May/2023:20:56:02 +0800] "GET /xingrg/all/function/internal_message.html?_=1684673761748&CODE_STATE=getMsg HTTP/1.1" 200 27
139.227.99.161 - - [21/May/2023:20:56:04 +0800] "POST /xingrg/kc/cost/cost_operate.html HTTP/1.1" 200 4
124.79.240.114 - - [21/May/2023:20:56:04 +0800] "POST /xingrg/services/DataTransmitService HTTP/1.1" 200 501
124.79.240.114 - - [21/May/2023:20:56:05 +0800] "POST /xingrg/services/DataTransmitService HTTP/1.1" 200 501
124.79.240.114 - - [21/May/2023:20:56:06 +0800] "POST /xingrg/services/DataTransmitService HTTP/1.1" 200 501
139.227.99.161 - - [21/May/2023:20:56:07 +0800] "GET /xingrg/kc/cost/cost_operate.html?_=1684673766113&command=load_cost_list HTTP/1.1" 200 10031
180.164.3.199 - - [21/May/2023:20:56:07 +0800] "GET /xingrg/check_reg.html?_=1684673766714 HTTP/1.1" 200 22
124.79.240.114 - - [21/May/2023:20:56:07 +0800] "POST /xingrg/services/DataTransmitService HTTP/1.1" 200 412
222.70.168.127 - - [21/May/2023:20:56:09 +0800] "GET /xingrg/all/function/internal_message.html?_=1684673800661&CODE_STATE=getMsg HTTP/1.1" 200 27
139.227.99.161 - - [21/May/2023:20:56:10 +0800] "GET /xingrg/kc/base/base_main.html HTTP/1.1" 200 12142
139.227.99.161 - - [21/May/2023:20:56:11 +0800] "GET /xingrg/kc/base/check_order_list.html HTTP/1.1" 200 16484
139.227.99.161 - - [21/May/2023:20:56:11 +0800] "POST /xingrg/kc/base/check_list_operate.html HTTP/1.1" 200 1890
139.227.99.161 - - [21/May/2023:20:56:15 +0800] "POST /xingrg/kc/base/check_list_operate.html HTTP/1.1" 200 6499
124.79.240.114 - - [21/May/2023:20:56:17 +0800] "GET /xingrg/all/function/internal_message.html?_=1684674055181&CODE_STATE=getMsg HTTP/1.1" 200 27
139.227.99.161 - - [21/May/2023:20:56:19 +0800] "POST /xingrg/kc/base/check_list_operate.html HTTP/1.1" 200 6777
139.227.99.161 - - [21/May/2023:20:56:22 +0800] "GET /xingrg/all/function/internal_message.html?_=1684673782003&CODE_STATE=getMsg HTTP/1.1" 200 27
180.171.122.0 - - [21/May/2023:20:56:25 +0800] "GET /xingrg/check_reg.html?_=1684673781265 HTTP/1.1" 200 22
180.171.122.0 - - [21/May/2023:20:56:25 +0800] "GET /xingrg/all/function/internal_message.html?_=1684673781267&CODE_STATE=getMsg HTTP/1.1" 200 27
180.157.249.103 - - [21/May/2023:20:56:29 +0800] "POST /xingrg/dwr/call/plaincall/AjaxCheckService.setItemNumber.dwr HTTP/1.1" 200 78
139.227.99.161 - - [21/May/2023:20:56:29 +0800] "POST /xingrg/kc/base/check_list_operate.html HTTP/1.1" 200 156
116.238.139.35 - - [21/May/2023:20:56:29 +0800] "GET /xingrg/all/function/internal_message.html?_=1684673787812&CODE_STATE=getMsg HTTP/1.1" 200 27
116.224.158.100 - - [21/May/2023:20:56:30 +0800] "GET /xingrg/all/function/internal_message.html?_=1684673623509&CODE_STATE=getMsg HTTP/1.1" 200 27
180.157.249.103 - - [21/May/2023:20:56:30 +0800] "GET /xingrg/check_reg.html?_=1684673790771 HTTP/1.1" 200 22
180.157.249.103 - - [21/May/2023:20:56:31 +0800] "POST /xingrg/dwr/call/plaincall/AjaxCheckService.setItemNumber.dwr HTTP/1.1" 200 78
61.170.233.64 - - [21/May/2023:20:56:33 +0800] "GET /xingrg/all/function/internal_message.html?_=1684673788026&CODE_STATE=getMsg HTTP/1.1" 200 27
180.157.249.103 - - [21/May/2023:20:56:34 +0800] "GET /xingrg/all/function/internal_message.html?_=1684673794035&CODE_STATE=getMsg HTTP/1.1" 200 27
180.157.249.103 - - [21/May/2023:20:56:34 +0800] "POST /xingrg/dwr/call/plaincall/AjaxCheckService.setItemNumber.dwr HTTP/1.1" 200 78
180.157.249.103 - - [21/May/2023:20:56:35 +0800] "POST /xingrg/dwr/call/plaincall/AjaxCheckService.setItemNumber.dwr HTTP/1.1" 200 78
180.157.249.103 - - [21/May/2023:20:56:36 +0800] "POST /xingrg/dwr/call/plaincall/AjaxCheckService.setItemNumber.dwr HTTP/1.1" 200 78
180.157.249.103 - - [21/May/2023:20:56:37 +0800] "POST /xingrg/dwr/call/plaincall/AjaxCheckService.setItemNumber.dwr HTTP/1.1" 200 78
180.157.249.103 - - [21/May/2023:20:56:37 +0800] "POST /xingrg/dwr/call/plaincall/AjaxCheckService.setItemNumber.dwr HTTP/1.1" 200 78
61.170.233.64 - - [21/May/2023:20:56:38 +0800] "GET /xingrg/check_reg.html?_=1684673793021 HTTP/1.1" 200 22
180.157.249.103 - - [21/May/2023:20:56:38 +0800] "POST /xingrg/dwr/call/plaincall/AjaxCheckService.setItemNumber.dwr HTTP/1.1" 200 78
180.157.249.103 - - [21/May/2023:20:56:38 +0800] "POST /xingrg/dwr/call/plaincall/AjaxCheckService.setItemNumber.dwr HTTP/1.1" 200 78
180.157.249.103 - - [21/May/2023:20:56:39 +0800] "POST /xingrg/dwr/call/plaincall/AjaxCheckService.setItemNumber.dwr HTTP/1.1" 200 78
139.227.99.161 - - [21/May/2023:20:56:39 +0800] "POST /xingrg/kc/base/check_list_operate.html HTTP/1.1" 200 156
180.157.249.103 - - [21/May/2023:20:56:39 +0800] "POST /xingrg/dwr/call/plaincall/AjaxCheckService.setItemNumber.dwr HTTP/1.1" 200 78
180.157.249.103 - - [21/May/2023:20:56:40 +0800] "POST /xingrg/dwr/call/plaincall/AjaxCheckService.setItemNumber.dwr HTTP/1.1" 200 78
180.157.249.103 - - [21/May/2023:20:56:40 +0800] "POST /xingrg/dwr/call/plaincall/AjaxCheckService.setItemNumber.dwr HTTP/1.1" 200 78
180.157.249.103 - - [21/May/2023:20:56:40 +0800] "POST /xingrg/dwr/call/plaincall/AjaxCheckService.setItemNumber.dwr HTTP/1.1" 200 78
116.232.195.127 - - [21/May/2023:20:56:47 +0800] "GET /xingrg/all/function/internal_message.html?_=1684673849418&CODE_STATE=getMsg HTTP/1.1" 200 27
116.224.158.100 - - [21/May/2023:20:56:47 +0800] "GET /xingrg/all/function/internal_message.html?_=1684673640663&CODE_STATE=getMsg HTTP/1.1" 200 27
180.169.147.146 - - [21/May/2023:20:56:57 +0800] "GET /xingrg/all/function/internal_message.html?_=1684673841579&CODE_STATE=getMsg HTTP/1.1" 200 27
180.164.3.199 - - [21/May/2023:20:57:02 +0800] "GET /xingrg/all/function/internal_message.html?_=1684673821747&CODE_STATE=getMsg HTTP/1.1" 200 27
