124.79.240.114 - - [21/May/2023:19:27:30 +0800] "GET /xingrg/images/blue/button/back2.gif HTTP/1.1" 200 1339
124.79.240.114 - - [21/May/2023:19:27:30 +0800] "GET /xingrg/images/blue/button/back.gif HTTP/1.1" 200 1352
124.79.240.114 - - [21/May/2023:19:27:30 +0800] "GET /xingrg/servlets/image?cache=0.4022600521599625&image=px HTTP/1.1" 200 807
116.224.158.100 - - [21/May/2023:19:27:32 +0800] "GET /xingrg/all/function/internal_message.html?_=1684668285041&CODE_STATE=getMsg HTTP/1.1" 200 27
101.229.22.40 - - [21/May/2023:19:27:33 +0800] "GET /xingrg/all/function/internal_message.html?_=1684668451846&CODE_STATE=getMsg HTTP/1.1" 200 27
180.157.249.103 - - [21/May/2023:19:27:34 +0800] "GET /xingrg/all/function/internal_message.html?_=1684668454662&CODE_STATE=getMsg HTTP/1.1" 200 27
61.170.233.64 - - [21/May/2023:19:27:35 +0800] "GET /xingrg/all/function/internal_message.html?_=1684668450168&CODE_STATE=getMsg HTTP/1.1" 200 27
116.224.158.100 - - [21/May/2023:19:27:38 +0800] "GET /xingrg/all/function/internal_message.html?_=1684668459557&CODE_STATE=getMsg HTTP/1.1" 200 27
222.70.168.127 - - [21/May/2023:19:27:40 +0800] "POST /xingrg/services/DataTransmitService HTTP/1.1" 200 501
222.70.168.127 - - [21/May/2023:19:27:42 +0800] "POST /xingrg/services/DataTransmitService HTTP/1.1" 200 501
116.232.195.127 - - [21/May/2023:19:27:48 +0800] "GET /xingrg/all/function/internal_message.html?_=1684668511024&CODE_STATE=getMsg HTTP/1.1" 200 27
116.224.158.100 - - [21/May/2023:19:27:49 +0800] "GET /xingrg/all/function/internal_message.html?_=1684668302277&CODE_STATE=getMsg HTTP/1.1" 200 27
116.232.195.127 - - [21/May/2023:19:27:49 +0800] "GET /xingrg/check_reg.html?_=1684668512151 HTTP/1.1" 200 22
116.224.158.100 - - [21/May/2023:19:27:53 +0800] "GET /xingrg/check_reg.html?_=1684668306118 HTTP/1.1" 200 22
180.169.147.146 - - [21/May/2023:19:27:55 +0800] "GET /xingrg/all/function/internal_message.html?_=1684668499701&CODE_STATE=getMsg HTTP/1.1" 200 27
180.164.3.199 - - [21/May/2023:19:28:03 +0800] "GET /xingrg/all/function/internal_message.html?_=1684668483104&CODE_STATE=getMsg HTTP/1.1" 200 27
222.70.168.127 - - [21/May/2023:19:28:04 +0800] "POST /xingrg/services/DataTransmitService HTTP/1.1" 200 501
222.70.168.127 - - [21/May/2023:19:28:05 +0800] "GET /xingrg/check_reg.html?_=1684668517222 HTTP/1.1" 200 22
222.70.168.127 - - [21/May/2023:19:28:06 +0800] "GET /xingrg/all/function/internal_message.html?_=1684668517384&CODE_STATE=getMsg HTTP/1.1" 200 27
116.232.195.127 - - [21/May/2023:19:28:09 +0800] "GET /xingrg/check_reg.html?_=1684668489934 HTTP/1.1" 200 22
114.85.36.120 - - [21/May/2023:19:28:13 +0800] "GET /xingrg/all/function/internal_message.html?_=1684667318716&CODE_STATE=getMsg HTTP/1.1" 200 27
114.85.36.120 - - [21/May/2023:19:28:13 +0800] "GET /xingrg/check_reg.html?_=1684667318719 HTTP/1.1" 200 22
180.171.122.0 - - [21/May/2023:19:28:25 +0800] "GET /xingrg/all/function/internal_message.html?_=1684668501129&CODE_STATE=getMsg HTTP/1.1" 200 27
222.70.168.127 - - [21/May/2023:19:28:26 +0800] "POST /xingrg/services/DataTransmitService HTTP/1.1" 200 501
222.70.168.127 - - [21/May/2023:19:28:28 +0800] "POST /xingrg/services/DataTransmitService HTTP/1.1" 200 501
222.70.168.127 - - [21/May/2023:19:28:29 +0800] "POST /xingrg/services/DataTransmitService HTTP/1.1" 200 501
114.83.218.112 - - [21/May/2023:19:28:30 +0800] "GET /xingrg/login.html HTTP/1.1" 200 7641
114.83.218.112 - - [21/May/2023:19:28:31 +0800] "GET /favicon.ico HTTP/1.1" 404 -
116.224.158.100 - - [21/May/2023:19:28:32 +0800] "GET /xingrg/all/function/internal_message.html?_=1684668345026&CODE_STATE=getMsg HTTP/1.1" 200 27
101.229.22.40 - - [21/May/2023:19:28:33 +0800] "GET /xingrg/all/function/internal_message.html?_=1684668511846&CODE_STATE=getMsg HTTP/1.1" 200 27
180.157.249.103 - - [21/May/2023:19:28:34 +0800] "GET /xingrg/all/function/internal_message.html?_=1684668514641&CODE_STATE=getMsg HTTP/1.1" 200 27
61.170.233.64 - - [21/May/2023:19:28:35 +0800] "GET /xingrg/all/function/internal_message.html?_=1684668510141&CODE_STATE=getMsg HTTP/1.1" 200 27
116.224.158.100 - - [21/May/2023:19:28:38 +0800] "GET /xingrg/all/function/internal_message.html?_=1684668519557&CODE_STATE=getMsg HTTP/1.1" 200 27
124.79.240.114 - - [21/May/2023:19:28:39 +0800] "GET /xingrg/check_reg.html?_=1684668797266 HTTP/1.1" 200 22
116.238.139.35 - - [21/May/2023:19:28:40 +0800] "POST /xingrg/services/DataTransmitService HTTP/1.1" 200 524
222.70.168.127 - - [21/May/2023:19:28:40 +0800] "POST /xingrg/services/DataTransmitService HTTP/1.1" 200 501
180.169.147.146 - - [21/May/2023:19:28:43 +0800] "GET /xingrg/check_reg.html?_=1684668547544 HTTP/1.1" 200 22
116.238.139.35 - - [21/May/2023:19:28:43 +0800] "POST /xingrg/services/DataTransmitService HTTP/1.1" 200 501
222.70.168.127 - - [21/May/2023:19:28:44 +0800] "POST /xingrg/services/DataTransmitService HTTP/1.1" 200 501
222.70.168.127 - - [21/May/2023:19:28:46 +0800] "POST /xingrg/services/DataTransmitService HTTP/1.1" 200 501
222.70.168.127 - - [21/May/2023:19:28:46 +0800] "POST /xingrg/services/DataTransmitService HTTP/1.1" 200 412
116.232.195.127 - - [21/May/2023:19:28:48 +0800] "GET /xingrg/all/function/internal_message.html?_=1684668571010&CODE_STATE=getMsg HTTP/1.1" 200 27
116.224.158.100 - - [21/May/2023:19:28:49 +0800] "GET /xingrg/all/function/internal_message.html?_=1684668362253&CODE_STATE=getMsg HTTP/1.1" 200 27
180.157.249.103 - - [21/May/2023:19:28:51 +0800] "GET /xingrg/kc/buy/cgsh_order_add.html HTTP/1.1" 200 71445
180.157.249.103 - - [21/May/2023:19:28:52 +0800] "POST /xingrg/kc/buy/cgsh_order_operate.html HTTP/1.1" 200 8245
180.157.249.103 - - [21/May/2023:19:28:52 +0800] "GET /xingrg/javascript/easyui/themes/default/validatebox.css HTTP/1.1" 404 1104
180.169.147.146 - - [21/May/2023:19:28:55 +0800] "GET /xingrg/all/function/internal_message.html?_=1684668559712&CODE_STATE=getMsg HTTP/1.1" 200 27
180.157.249.103 - - [21/May/2023:19:29:00 +0800] "GET /xingrg/javascript/jquery_tools/images/next.gif HTTP/1.1" 404 1086
180.157.249.103 - - [21/May/2023:19:29:00 +0800] "GET /xingrg/javascript/jquery_tools/images/prev.gif HTTP/1.1" 404 1086
180.164.3.199 - - [21/May/2023:19:29:03 +0800] "GET /xingrg/all/function/internal_message.html?_=1684668543096&CODE_STATE=getMsg HTTP/1.1" 200 27
222.70.168.127 - - [21/May/2023:19:29:06 +0800] "GET /xingrg/all/function/internal_message.html?_=1684668577398&CODE_STATE=getMsg HTTP/1.1" 200 27
114.85.36.120 - - [21/May/2023:19:29:13 +0800] "GET /xingrg/all/function/internal_message.html?_=1684667378714&CODE_STATE=getMsg HTTP/1.1" 200 27
180.171.122.0 - - [21/May/2023:19:29:20 +0800] "POST /xingrg/dwr/call/plaincall/AjaxCheckService.setItemNumber.dwr HTTP/1.1" 200 77
180.171.122.0 - - [21/May/2023:19:29:23 +0800] "POST /xingrg/dwr/call/plaincall/AjaxCheckService.setItemNumber.dwr HTTP/1.1" 200 77
180.171.122.0 - - [21/May/2023:19:29:25 +0800] "POST /xingrg/dwr/call/plaincall/AjaxCheckService.setItemNumber.dwr HTTP/1.1" 200 77
180.171.122.0 - - [21/May/2023:19:29:25 +0800] "GET /xingrg/all/function/internal_message.html?_=1684668561128&CODE_STATE=getMsg HTTP/1.1" 200 27
180.171.122.0 - - [21/May/2023:19:29:26 +0800] "POST /xingrg/dwr/call/plaincall/AjaxCheckService.setItemNumber.dwr HTTP/1.1" 200 77
180.157.249.103 - - [21/May/2023:19:29:27 +0800] "GET /xingrg/kc/buy/cgsh_order_operate.html?command=get_materiel&rest_code=00148&code=00101007061&supplier_code=00100004&order_time=2023-05-21 HTTP/1.1" 200 409
180.171.122.0 - - [21/May/2023:19:29:27 +0800] "POST /xingrg/dwr/call/plaincall/AjaxCheckService.setItemNumber.dwr HTTP/1.1" 200 78
180.171.122.0 - - [21/May/2023:19:29:30 +0800] "POST /xingrg/dwr/call/plaincall/AjaxCheckService.setItemNumber.dwr HTTP/1.1" 200 78
124.79.240.114 - - [21/May/2023:19:29:31 +0800] "GET /xingrg/all/report/report_query.html?isQuery=1&fileName=kc/buy/wlcg_cate_hz.xml&queryString=(CONVERT(char(10)%252Ca.order_time%252C%2520120)%253E%253D'2023-05-01')%2520and%2520(CONVERT(char(10)%252Ca.order_time%252C%2520120)%253C%253D'2023-05-31')%2520and%2520(a.supplier_code%2520in%2520('00100036'))%2520and%2520(a.supplier_code%253D'00100036')&queryText=%25E3%2580%2590%25E9%2587%2587%25E8%25B4%25AD%25E6%2597%25A5%25E6%259C%259F%253A2023-05-01%2520%25E8%2587%25B3%25202023-05-31%25E3%2580%2591%2520%25E5%25B9%25B6%25E4%25B8%2594%2520%2520%25E3%2580%2590%25E4%25BE%259B%25E5%25BA%2594%25E5%2595%2586%2520%253D%2520%25E8%25B1%2586%25E5%2588%25B6%25E5%2593%2581%25EF%25BC%2588%25E6%259D%258E%25E8%25B4%25BB%25E5%258D%258E%25EF%25BC%2589%25E3%2580%2591%2520%25E5%25B9%25B6%25E4%25B8%2594%2520%25E3%2580%2590%25E4%25BE%259B%25E5%25BA%2594%25E5%2595%2586%253D%25E8%25B1%2586%25E5%2588%25B6%25E5%2593%2581%25EF%25BC%2588%25E6%259D%258E%25E8%25B4%25BB%25E5%258D%258E%25EF%25BC%2589%25E3%2580%2591 HTTP/1.1" 200 54473
124.79.240.114 - - [21/May/2023:19:29:31 +0800] "GET /xingrg/dwr/engine.js HTTP/1.1" 200 43631
124.79.240.114 - - [21/May/2023:19:29:31 +0800] "GET /xingrg/dwr/interface/AjaxReportQueryService.js HTTP/1.1" 200 13203
180.171.122.0 - - [21/May/2023:19:29:31 +0800] "POST /xingrg/dwr/call/plaincall/AjaxCheckService.setItemNumber.dwr HTTP/1.1" 200 78
116.224.158.100 - - [21/May/2023:19:29:31 +0800] "GET /xingrg/all/function/internal_message.html?_=1684668404997&CODE_STATE=getMsg HTTP/1.1" 200 27
101.229.22.40 - - [21/May/2023:19:29:33 +0800] "GET /xingrg/all/function/internal_message.html?_=1684668571842&CODE_STATE=getMsg HTTP/1.1" 200 27
116.224.158.100 - - [21/May/2023:19:29:34 +0800] "GET /xingrg/check_reg.html?_=1684668407527 HTTP/1.1" 200 22
180.157.249.103 - - [21/May/2023:19:29:34 +0800] "GET /xingrg/all/function/internal_message.html?_=1684668574620&CODE_STATE=getMsg HTTP/1.1" 200 27
180.171.122.0 - - [21/May/2023:19:29:35 +0800] "POST /xingrg/dwr/call/plaincall/AjaxCheckService.setItemNumber.dwr HTTP/1.1" 200 78
61.170.233.64 - - [21/May/2023:19:29:35 +0800] "GET /xingrg/all/function/internal_message.html?_=1684668570113&CODE_STATE=getMsg HTTP/1.1" 200 27
180.171.122.0 - - [21/May/2023:19:29:35 +0800] "POST /xingrg/dwr/call/plaincall/AjaxCheckService.setItemNumber.dwr HTTP/1.1" 200 78
124.79.240.114 - - [21/May/2023:19:29:37 +0800] "POST /xingrg/all/report/load_report_page.html HTTP/1.1" 200 8722
124.79.240.114 - - [21/May/2023:19:29:37 +0800] "GET /xingrg/servlets/image?cache=0.17798127782223505&image=px HTTP/1.1" 200 807
180.171.122.0 - - [21/May/2023:19:29:37 +0800] "POST /xingrg/dwr/call/plaincall/AjaxCheckService.setItemNumber.dwr HTTP/1.1" 200 78
124.79.240.114 - - [21/May/2023:19:29:37 +0800] "POST /xingrg/all/report/load_report_page.html HTTP/1.1" 200 86629
124.79.240.114 - - [21/May/2023:19:29:37 +0800] "GET /xingrg/servlets/image?cache=0.853779776003184&image=px HTTP/1.1" 200 807
180.171.122.0 - - [21/May/2023:19:29:38 +0800] "POST /xingrg/dwr/call/plaincall/AjaxCheckService.setItemNumber.dwr HTTP/1.1" 200 78
116.224.158.100 - - [21/May/2023:19:29:38 +0800] "GET /xingrg/all/function/internal_message.html?_=1684668579559&CODE_STATE=getMsg HTTP/1.1" 200 27
180.157.249.103 - - [21/May/2023:19:29:39 +0800] "GET /xingrg/kc/buy/cgsh_order_operate.html?command=get_materiel&rest_code=00148&code=00101007049&supplier_code=00100004&order_time=2023-05-21 HTTP/1.1" 200 409
180.171.122.0 - - [21/May/2023:19:29:40 +0800] "POST /xingrg/dwr/call/plaincall/AjaxCheckService.setItemNumber.dwr HTTP/1.1" 200 78
180.171.122.0 - - [21/May/2023:19:29:41 +0800] "POST /xingrg/dwr/call/plaincall/AjaxCheckService.setItemNumber.dwr HTTP/1.1" 200 78
180.171.122.0 - - [21/May/2023:19:29:43 +0800] "POST /xingrg/dwr/call/plaincall/AjaxCheckService.setItemNumber.dwr HTTP/1.1" 200 78
180.171.122.0 - - [21/May/2023:19:29:45 +0800] "POST /xingrg/dwr/call/plaincall/AjaxCheckService.setItemNumber.dwr HTTP/1.1" 200 78
180.171.122.0 - - [21/May/2023:19:29:46 +0800] "POST /xingrg/dwr/call/plaincall/AjaxCheckService.setItemNumber.dwr HTTP/1.1" 200 78
180.171.122.0 - - [21/May/2023:19:29:48 +0800] "POST /xingrg/dwr/call/plaincall/AjaxCheckService.setItemNumber.dwr HTTP/1.1" 200 78
116.232.195.127 - - [21/May/2023:19:29:48 +0800] "GET /xingrg/all/function/internal_message.html?_=1684668630986&CODE_STATE=getMsg HTTP/1.1" 200 27
116.224.158.100 - - [21/May/2023:19:29:49 +0800] "GET /xingrg/all/function/internal_message.html?_=1684668422223&CODE_STATE=getMsg HTTP/1.1" 200 27
180.157.249.103 - - [21/May/2023:19:29:49 +0800] "GET /xingrg/kc/buy/cgsh_order_operate.html?command=get_materiel&rest_code=00148&code=00101007190&supplier_code=00100004&order_time=2023-05-21 HTTP/1.1" 200 410
180.171.122.0 - - [21/May/2023:19:29:50 +0800] "POST /xingrg/dwr/call/plaincall/AjaxCheckService.setItemNumber.dwr HTTP/1.1" 200 78
180.171.122.0 - - [21/May/2023:19:29:52 +0800] "POST /xingrg/dwr/call/plaincall/AjaxCheckService.setItemNumber.dwr HTTP/1.1" 200 78
180.171.122.0 - - [21/May/2023:19:29:53 +0800] "POST /xingrg/dwr/call/plaincall/AjaxCheckService.setItemNumber.dwr HTTP/1.1" 200 78
101.229.22.40 - - [21/May/2023:19:29:55 +0800] "GET /xingrg/kc/buy/cgsh_order_list.html HTTP/1.1" 200 55675
180.171.122.0 - - [21/May/2023:19:29:55 +0800] "POST /xingrg/dwr/call/plaincall/AjaxCheckService.setItemNumber.dwr HTTP/1.1" 200 78
180.169.147.146 - - [21/May/2023:19:29:55 +0800] "GET /xingrg/all/function/internal_message.html?_=1684668619726&CODE_STATE=getMsg HTTP/1.1" 200 27
180.171.122.0 - - [21/May/2023:19:29:56 +0800] "POST /xingrg/dwr/call/plaincall/AjaxCheckService.setItemNumber.dwr HTTP/1.1" 200 78
180.171.122.0 - - [21/May/2023:19:29:58 +0800] "POST /xingrg/dwr/call/plaincall/AjaxCheckService.setItemNumber.dwr HTTP/1.1" 200 78
180.171.122.0 - - [21/May/2023:19:29:59 +0800] "POST /xingrg/dwr/call/plaincall/AjaxCheckService.setItemNumber.dwr HTTP/1.1" 200 78
180.171.122.0 - - [21/May/2023:19:30:01 +0800] "POST /xingrg/dwr/call/plaincall/AjaxCheckService.setItemNumber.dwr HTTP/1.1" 200 78
180.171.122.0 - - [21/May/2023:19:30:02 +0800] "POST /xingrg/dwr/call/plaincall/AjaxCheckService.setItemNumber.dwr HTTP/1.1" 200 78
180.157.249.103 - - [21/May/2023:19:30:03 +0800] "POST /xingrg/kc/buy/cgsh_order_operate.html HTTP/1.1" 200 37
180.164.3.199 - - [21/May/2023:19:30:03 +0800] "GET /xingrg/all/function/internal_message.html?_=1684668603092&CODE_STATE=getMsg HTTP/1.1" 200 27
180.171.122.0 - - [21/May/2023:19:30:04 +0800] "POST /xingrg/dwr/call/plaincall/AjaxCheckService.setItemNumber.dwr HTTP/1.1" 200 78
222.70.168.127 - - [21/May/2023:19:30:06 +0800] "GET /xingrg/all/function/internal_message.html?_=1684668637412&CODE_STATE=getMsg HTTP/1.1" 200 27
180.171.122.0 - - [21/May/2023:19:30:06 +0800] "POST /xingrg/dwr/call/plaincall/AjaxCheckService.setItemNumber.dwr HTTP/1.1" 200 78
180.171.122.0 - - [21/May/2023:19:30:07 +0800] "POST /xingrg/dwr/call/plaincall/AjaxCheckService.setItemNumber.dwr HTTP/1.1" 200 78
101.229.22.40 - - [21/May/2023:19:30:08 +0800] "GET /xingrg/login.html HTTP/1.1" 200 7641
101.229.22.40 - - [21/May/2023:19:30:09 +0800] "GET /favicon.ico HTTP/1.1" 404 -
180.171.122.0 - - [21/May/2023:19:30:09 +0800] "POST /xingrg/dwr/call/plaincall/AjaxCheckService.setItemNumber.dwr HTTP/1.1" 200 78
180.171.122.0 - - [21/May/2023:19:30:10 +0800] "POST /xingrg/dwr/call/plaincall/AjaxCheckService.setItemNumber.dwr HTTP/1.1" 200 78
114.85.36.120 - - [21/May/2023:19:30:13 +0800] "GET /xingrg/all/function/internal_message.html?_=1684667438710&CODE_STATE=getMsg HTTP/1.1" 200 27
180.171.122.0 - - [21/May/2023:19:30:13 +0800] "POST /xingrg/dwr/call/plaincall/AjaxCheckService.setItemNumber.dwr HTTP/1.1" 200 78
180.157.249.103 - - [21/May/2023:19:30:14 +0800] "POST /xingrg/kc/buy/cgsh_order_operate.html HTTP/1.1" 200 12
180.171.122.0 - - [21/May/2023:19:30:16 +0800] "POST /xingrg/dwr/call/plaincall/AjaxCheckService.setItemNumber.dwr HTTP/1.1" 200 78
180.171.122.0 - - [21/May/2023:19:30:17 +0800] "POST /xingrg/dwr/call/plaincall/AjaxCheckService.setItemNumber.dwr HTTP/1.1" 200 78
101.229.22.40 - - [21/May/2023:19:30:18 +0800] "POST /xingrg/login.do HTTP/1.1" 302 -
101.229.22.40 - - [21/May/2023:19:30:18 +0800] "GET /xingrg/index.html?sysBaseUrl=http%3A%2F%2F180.169.147.146%3A18081%2Fxingrg%2F&costTime=1629×tamp=1684668618188 HTTP/1.1" 200 17179
101.229.22.40 - - [21/May/2023:19:30:18 +0800] "GET /favicon.ico HTTP/1.1" 404 -
101.229.22.40 - - [21/May/2023:19:30:18 +0800] "GET /xingrg/all/function/internal_message.html?_=1684668617247&CODE_STATE=count HTTP/1.1" 200 11
101.229.22.40 - - [21/May/2023:19:30:18 +0800] "GET /xingrg/check_reg.html?_=1684668617248 HTTP/1.1" 200 22
101.229.22.40 - - [21/May/2023:19:30:18 +0800] "POST /xingrg/all/common/load_tree.html?tree=area_rest_tree_json&manage=1 HTTP/1.1" 200 351
101.229.22.40 - - [21/May/2023:19:30:18 +0800] "POST /xingrg/load_menu.html HTTP/1.1" 200 5138
180.171.122.0 - - [21/May/2023:19:30:20 +0800] "POST /xingrg/dwr/call/plaincall/AjaxCheckService.setItemNumber.dwr HTTP/1.1" 200 78
101.229.22.40 - - [21/May/2023:19:30:20 +0800] "POST /xingrg/kc/buy/cgsh_list_operate.html HTTP/1.1" 200 3593
180.171.122.0 - - [21/May/2023:19:30:22 +0800] "POST /xingrg/dwr/call/plaincall/AjaxCheckService.setItemNumber.dwr HTTP/1.1" 200 78
180.171.122.0 - - [21/May/2023:19:30:23 +0800] "POST /xingrg/dwr/call/plaincall/AjaxCheckService.setItemNumber.dwr HTTP/1.1" 200 78
101.229.22.40 - - [21/May/2023:19:30:24 +0800] "GET /xingrg/kc/buy/cgsh_order_list.html HTTP/1.1" 200 55675
180.171.122.0 - - [21/May/2023:19:30:25 +0800] "GET /xingrg/all/function/internal_message.html?_=1684668621190&CODE_STATE=getMsg HTTP/1.1" 200 27
180.171.122.0 - - [21/May/2023:19:30:26 +0800] "POST /xingrg/dwr/call/plaincall/AjaxCheckService.setItemNumber.dwr HTTP/1.1" 200 78
180.171.122.0 - - [21/May/2023:19:30:27 +0800] "POST /xingrg/dwr/call/plaincall/AjaxCheckService.setItemNumber.dwr HTTP/1.1" 200 78
180.171.122.0 - - [21/May/2023:19:30:31 +0800] "POST /xingrg/dwr/call/plaincall/AjaxCheckService.setItemNumber.dwr HTTP/1.1" 200 78
116.224.158.100 - - [21/May/2023:19:30:31 +0800] "GET /xingrg/all/function/internal_message.html?_=1684668464968&CODE_STATE=getMsg HTTP/1.1" 200 27
180.171.122.0 - - [21/May/2023:19:30:32 +0800] "POST /xingrg/dwr/call/plaincall/AjaxCheckService.setItemNumber.dwr HTTP/1.1" 200 78
180.171.122.0 - - [21/May/2023:19:30:33 +0800] "POST /xingrg/dwr/call/plaincall/AjaxCheckService.setItemNumber.dwr HTTP/1.1" 200 78
61.170.233.64 - - [21/May/2023:19:30:35 +0800] "GET /xingrg/all/function/internal_message.html?_=1684668630083&CODE_STATE=getMsg HTTP/1.1" 200 27
180.163.29.234 - - [21/May/2023:19:30:35 +0800] "GET /xingrg/all/function/internal_message.html?_=1684668570113&CODE_STATE=getMsg HTTP/1.1" 302 -
180.163.29.234 - - [21/May/2023:19:30:35 +0800] "GET /xingrg/login.html HTTP/1.1" 200 7641
180.171.122.0 - - [21/May/2023:19:30:35 +0800] "POST /xingrg/dwr/call/plaincall/AjaxCheckService.setItemNumber.dwr HTTP/1.1" 200 78
101.229.22.40 - - [21/May/2023:19:30:36 +0800] "POST /xingrg/kc/buy/cgsh_list_operate.html HTTP/1.1" 200 3593
180.171.122.0 - - [21/May/2023:19:30:38 +0800] "POST /xingrg/dwr/call/plaincall/AjaxCheckService.setItemNumber.dwr HTTP/1.1" 200 78
116.224.158.100 - - [21/May/2023:19:30:38 +0800] "GET /xingrg/all/function/internal_message.html?_=1684668639557&CODE_STATE=getMsg HTTP/1.1" 200 27
180.171.122.0 - - [21/May/2023:19:30:41 +0800] "POST /xingrg/dwr/call/plaincall/AjaxCheckService.setItemNumber.dwr HTTP/1.1" 200 78
101.229.22.40 - - [21/May/2023:19:30:41 +0800] "GET /xingrg/kc/buy/cgsh_order_add.html HTTP/1.1" 200 70570
101.229.22.40 - - [21/May/2023:19:30:42 +0800] "GET /xingrg/words/20230521105100_words.js HTTP/1.1" 304 -
101.229.22.40 - - [21/May/2023:19:30:42 +0800] "GET /xingrg/javascript/easyui/themes/icons/copy_new.png HTTP/1.1" 304 -
101.229.22.40 - - [21/May/2023:19:30:42 +0800] "POST /xingrg/kc/buy/cgsh_order_operate.html HTTP/1.1" 200 8245
101.229.22.40 - - [21/May/2023:19:30:42 +0800] "GET /xingrg/javascript/easyui/themes/default/validatebox.css HTTP/1.1" 404 1104
180.171.122.0 - - [21/May/2023:19:30:42 +0800] "POST /xingrg/dwr/call/plaincall/AjaxCheckService.setItemNumber.dwr HTTP/1.1" 200 78
101.229.22.40 - - [21/May/2023:19:30:42 +0800] "GET /xingrg/all/common/auto_word.html?type=employee&rest_code=00142 HTTP/1.1" 200 105
101.229.22.40 - - [21/May/2023:19:30:42 +0800] "GET /xingrg/all/common/auto_word.html?type=employee&rest_code=00142 HTTP/1.1" 200 105
180.171.122.0 - - [21/May/2023:19:30:45 +0800] "POST /xingrg/dwr/call/plaincall/AjaxCheckService.setItemNumber.dwr HTTP/1.1" 200 78
101.229.22.40 - - [21/May/2023:19:30:45 +0800] "GET /xingrg/javascript/auto/indicator.gif HTTP/1.1" 404 1066
180.157.249.103 - - [21/May/2023:19:30:45 +0800] "GET /xingrg/kc/buy/cgsh_order_info.html?code=212023052108194 HTTP/1.1" 200 66352
180.171.122.0 - - [21/May/2023:19:30:45 +0800] "POST /xingrg/dwr/call/plaincall/AjaxCheckService.setItemNumber.dwr HTTP/1.1" 200 78
180.157.249.103 - - [21/May/2023:19:30:46 +0800] "GET /xingrg/javascript/easyui/themes/default/validatebox.css HTTP/1.1" 404 1104
180.157.249.103 - - [21/May/2023:19:30:47 +0800] "POST /xingrg/kc/buy/cgsh_order_operate.html HTTP/1.1" 200 1779
101.229.22.40 - - [21/May/2023:19:30:48 +0800] "GET /xingrg/javascript/jquery_tools/images/prev.gif HTTP/1.1" 404 1086
101.229.22.40 - - [21/May/2023:19:30:48 +0800] "GET /xingrg/javascript/jquery_tools/images/next.gif HTTP/1.1" 404 1086
116.232.195.127 - - [21/May/2023:19:30:48 +0800] "GET /xingrg/all/function/internal_message.html?_=1684668690978&CODE_STATE=getMsg HTTP/1.1" 200 27
116.224.158.100 - - [21/May/2023:19:30:49 +0800] "GET /xingrg/all/function/internal_message.html?_=1684668482193&CODE_STATE=getMsg HTTP/1.1" 200 27
180.157.249.103 - - [21/May/2023:19:30:49 +0800] "GET /xingrg/kc/print/load_data.html?order_code=212023052108194&kc_code=cgsh&condition= HTTP/1.1" 200 1191
180.171.122.0 - - [21/May/2023:19:30:54 +0800] "POST /xingrg/dwr/call/plaincall/AjaxCheckService.setItemNumber.dwr HTTP/1.1" 200 78
180.169.147.146 - - [21/May/2023:19:30:55 +0800] "GET /xingrg/all/function/internal_message.html?_=1684668679754&CODE_STATE=getMsg HTTP/1.1" 200 27
180.171.122.0 - - [21/May/2023:19:30:57 +0800] "POST /xingrg/dwr/call/plaincall/AjaxCheckService.setItemNumber.dwr HTTP/1.1" 200 78
180.171.122.0 - - [21/May/2023:19:30:58 +0800] "POST /xingrg/dwr/call/plaincall/AjaxCheckService.setItemNumber.dwr HTTP/1.1" 200 78
101.229.22.40 - - [21/May/2023:19:30:59 +0800] "GET /xingrg/kc/buy/cgsh_order_operate.html?command=get_materiel&rest_code=00142&code=00101008108&supplier_code=00100161&order_time=2023-05-21 HTTP/1.1" 200 412
180.171.122.0 - - [21/May/2023:19:31:00 +0800] "POST /xingrg/dwr/call/plaincall/AjaxCheckService.setItemNumber.dwr HTTP/1.1" 200 78
180.171.122.0 - - [21/May/2023:19:31:02 +0800] "POST /xingrg/dwr/call/plaincall/AjaxCheckService.setItemNumber.dwr HTTP/1.1" 200 78
180.164.3.199 - - [21/May/2023:19:31:03 +0800] "GET /xingrg/all/function/internal_message.html?_=1684668663072&CODE_STATE=getMsg HTTP/1.1" 200 27
180.171.122.0 - - [21/May/2023:19:31:05 +0800] "POST /xingrg/dwr/call/plaincall/AjaxCheckService.setItemNumber.dwr HTTP/1.1" 200 78
222.70.168.127 - - [21/May/2023:19:31:06 +0800] "GET /xingrg/all/function/internal_message.html?_=1684668697536&CODE_STATE=getMsg HTTP/1.1" 200 27
180.171.122.0 - - [21/May/2023:19:31:06 +0800] "POST /xingrg/dwr/call/plaincall/AjaxCheckService.setItemNumber.dwr HTTP/1.1" 200 78
180.164.3.199 - - [21/May/2023:19:31:07 +0800] "GET /xingrg/check_reg.html?_=1684668666952 HTTP/1.1" 200 22
180.171.122.0 - - [21/May/2023:19:31:08 +0800] "POST /xingrg/dwr/call/plaincall/AjaxCheckService.setItemNumber.dwr HTTP/1.1" 200 78
180.171.122.0 - - [21/May/2023:19:31:09 +0800] "POST /xingrg/dwr/call/plaincall/AjaxCheckService.setItemNumber.dwr HTTP/1.1" 200 78
180.171.122.0 - - [21/May/2023:19:31:10 +0800] "POST /xingrg/dwr/call/plaincall/AjaxCheckService.setItemNumber.dwr HTTP/1.1" 200 78
114.85.36.120 - - [21/May/2023:19:31:13 +0800] "GET /xingrg/all/function/internal_message.html?_=1684667498705&CODE_STATE=getMsg HTTP/1.1" 200 27
180.171.122.0 - - [21/May/2023:19:31:13 +0800] "POST /xingrg/dwr/call/plaincall/AjaxCheckService.setItemNumber.dwr HTTP/1.1" 200 78
101.229.22.40 - - [21/May/2023:19:31:14 +0800] "GET /xingrg/kc/buy/cgsh_order_operate.html?command=get_materiel&rest_code=00142&code=00101008368&supplier_code=00100161&order_time=2023-05-21 HTTP/1.1" 200 408
180.171.122.0 - - [21/May/2023:19:31:15 +0800] "POST /xingrg/dwr/call/plaincall/AjaxCheckService.setItemNumber.dwr HTTP/1.1" 200 78
180.171.122.0 - - [21/May/2023:19:31:17 +0800] "POST /xingrg/dwr/call/plaincall/AjaxCheckService.setItemNumber.dwr HTTP/1.1" 200 78
101.229.22.40 - - [21/May/2023:19:31:18 +0800] "GET /xingrg/all/function/internal_message.html?_=1684668677261&CODE_STATE=getMsg HTTP/1.1" 200 27
180.171.122.0 - - [21/May/2023:19:31:20 +0800] "POST /xingrg/dwr/call/plaincall/AjaxCheckService.setItemNumber.dwr HTTP/1.1" 200 78
180.171.122.0 - - [21/May/2023:19:31:22 +0800] "POST /xingrg/dwr/call/plaincall/AjaxCheckService.setItemNumber.dwr HTTP/1.1" 200 78
180.171.122.0 - - [21/May/2023:19:31:23 +0800] "POST /xingrg/dwr/call/plaincall/AjaxCheckService.setItemNumber.dwr HTTP/1.1" 200 78
180.171.122.0 - - [21/May/2023:19:31:25 +0800] "GET /xingrg/check_reg.html?_=1684668681144 HTTP/1.1" 200 22
180.171.122.0 - - [21/May/2023:19:31:25 +0800] "GET /xingrg/all/function/internal_message.html?_=1684668681167&CODE_STATE=getMsg HTTP/1.1" 200 27
180.171.122.0 - - [21/May/2023:19:31:26 +0800] "POST /xingrg/dwr/call/plaincall/AjaxCheckService.setItemNumber.dwr HTTP/1.1" 200 78
180.171.122.0 - - [21/May/2023:19:31:27 +0800] "POST /xingrg/dwr/call/plaincall/AjaxCheckService.setItemNumber.dwr HTTP/1.1" 200 78
101.229.22.40 - - [21/May/2023:19:31:29 +0800] "GET /xingrg/kc/buy/cgsh_order_operate.html?command=get_materiel&rest_code=00142&code=00101008049&supplier_code=00100161&order_time=2023-05-21 HTTP/1.1" 200 408
180.171.122.0 - - [21/May/2023:19:31:29 +0800] "POST /xingrg/dwr/call/plaincall/AjaxCheckService.setItemNumber.dwr HTTP/1.1" 200 78
180.157.249.103 - - [21/May/2023:19:31:30 +0800] "GET /xingrg/check_reg.html?_=1684668690771 HTTP/1.1" 200 22
180.171.122.0 - - [21/May/2023:19:31:31 +0800] "POST /xingrg/dwr/call/plaincall/AjaxCheckService.setItemNumber.dwr HTTP/1.1" 200 78
116.224.158.100 - - [21/May/2023:19:31:31 +0800] "GET /xingrg/all/function/internal_message.html?_=1684668524952&CODE_STATE=getMsg HTTP/1.1" 200 27
180.171.122.0 - - [21/May/2023:19:31:33 +0800] "POST /xingrg/dwr/call/plaincall/AjaxCheckService.setItemNumber.dwr HTTP/1.1" 200 78
180.157.249.103 - - [21/May/2023:19:31:34 +0800] "GET /xingrg/all/function/internal_message.html?_=1684668694629&CODE_STATE=getMsg HTTP/1.1" 200 27
61.170.233.64 - - [21/May/2023:19:31:34 +0800] "GET /xingrg/all/function/internal_message.html?_=1684668690056&CODE_STATE=getMsg HTTP/1.1" 200 27
180.171.122.0 - - [21/May/2023:19:31:35 +0800] "POST /xingrg/dwr/call/plaincall/AjaxCheckService.setItemNumber.dwr HTTP/1.1" 200 78
180.171.122.0 - - [21/May/2023:19:31:37 +0800] "POST /xingrg/dwr/call/plaincall/AjaxCheckService.setItemNumber.dwr HTTP/1.1" 200 78
61.170.233.64 - - [21/May/2023:19:31:37 +0800] "GET /xingrg/check_reg.html?_=1684668692960 HTTP/1.1" 200 22
116.224.158.100 - - [21/May/2023:19:31:38 +0800] "GET /xingrg/check_reg.html?_=1684668699558 HTTP/1.1" 200 22
116.224.158.100 - - [21/May/2023:19:31:38 +0800] "GET /xingrg/all/function/internal_message.html?_=1684668699561&CODE_STATE=getMsg HTTP/1.1" 200 27
180.171.122.0 - - [21/May/2023:19:31:39 +0800] "POST /xingrg/dwr/call/plaincall/AjaxCheckService.setItemNumber.dwr HTTP/1.1" 200 78
101.229.22.40 - - [21/May/2023:19:31:39 +0800] "GET /xingrg/kc/buy/cgsh_order_operate.html?command=get_materiel&rest_code=00142&code=00101008268&supplier_code=00100161&order_time=2023-05-21 HTTP/1.1" 200 408
180.171.122.0 - - [21/May/2023:19:31:41 +0800] "POST /xingrg/dwr/call/plaincall/AjaxCheckService.setItemNumber.dwr HTTP/1.1" 200 78
180.171.122.0 - - [21/May/2023:19:31:43 +0800] "POST /xingrg/dwr/call/plaincall/AjaxCheckService.setItemNumber.dwr HTTP/1.1" 200 78
180.171.122.0 - - [21/May/2023:19:31:47 +0800] "POST /xingrg/dwr/call/plaincall/AjaxCheckService.setItemNumber.dwr HTTP/1.1" 200 78
116.232.195.127 - - [21/May/2023:19:31:48 +0800] "GET /xingrg/all/function/internal_message.html?_=1684668750954&CODE_STATE=getMsg HTTP/1.1" 200 27
180.171.122.0 - - [21/May/2023:19:31:48 +0800] "POST /xingrg/dwr/call/plaincall/AjaxCheckService.setItemNumber.dwr HTTP/1.1" 200 78
116.224.158.100 - - [21/May/2023:19:31:49 +0800] "GET /xingrg/all/function/internal_message.html?_=1684668542176&CODE_STATE=getMsg HTTP/1.1" 200 27
180.171.122.0 - - [21/May/2023:19:31:50 +0800] "POST /xingrg/dwr/call/plaincall/AjaxCheckService.setItemNumber.dwr HTTP/1.1" 200 78
180.171.122.0 - - [21/May/2023:19:31:52 +0800] "POST /xingrg/dwr/call/plaincall/AjaxCheckService.setItemNumber.dwr HTTP/1.1" 200 78
101.229.22.40 - - [21/May/2023:19:31:53 +0800] "GET /xingrg/kc/buy/cgsh_order_operate.html?command=get_materiel&rest_code=00142&code=00101008059&supplier_code=00100161&order_time=2023-05-21 HTTP/1.1" 200 408
180.171.122.0 - - [21/May/2023:19:31:53 +0800] "POST /xingrg/dwr/call/plaincall/AjaxCheckService.setItemNumber.dwr HTTP/1.1" 200 78
180.171.122.0 - - [21/May/2023:19:31:55 +0800] "POST /xingrg/dwr/call/plaincall/AjaxCheckService.setItemNumber.dwr HTTP/1.1" 200 78
180.169.147.146 - - [21/May/2023:19:31:55 +0800] "GET /xingrg/all/function/internal_message.html?_=1684668739769&CODE_STATE=getMsg HTTP/1.1" 200 27
180.171.122.0 - - [21/May/2023:19:31:56 +0800] "POST /xingrg/dwr/call/plaincall/AjaxCheckService.setItemNumber.dwr HTTP/1.1" 200 78
180.171.122.0 - - [21/May/2023:19:31:58 +0800] "POST /xingrg/dwr/call/plaincall/AjaxCheckService.setItemNumber.dwr HTTP/1.1" 200 78
180.171.122.0 - - [21/May/2023:19:31:59 +0800] "POST /xingrg/dwr/call/plaincall/AjaxCheckService.setItemNumber.dwr HTTP/1.1" 200 78
180.171.122.0 - - [21/May/2023:19:32:01 +0800] "POST /xingrg/dwr/call/plaincall/AjaxCheckService.setItemNumber.dwr HTTP/1.1" 200 78
222.67.238.82 - - [21/May/2023:19:32:02 +0800] "GET /xingrg/check_reg.html?_=1684668235567 HTTP/1.1" 200 22
180.164.3.199 - - [21/May/2023:19:32:03 +0800] "GET /xingrg/all/function/internal_message.html?_=1684668723057&CODE_STATE=getMsg HTTP/1.1" 200 27
172.20.0.100 - - [21/May/2023:19:32:05 +0800] "GET /xingrg/check_reg.html?_=1684668744431 HTTP/1.1" 302 -
180.171.122.0 - - [21/May/2023:19:32:06 +0800] "POST /xingrg/dwr/call/plaincall/AjaxCheckService.setItemNumber.dwr HTTP/1.1" 200 78
222.70.168.127 - - [21/May/2023:19:32:06 +0800] "GET /xingrg/all/function/internal_message.html?_=1684668757549&CODE_STATE=getMsg HTTP/1.1" 200 27
180.171.122.0 - - [21/May/2023:19:32:10 +0800] "POST /xingrg/dwr/call/plaincall/AjaxCheckService.setItemNumber.dwr HTTP/1.1" 200 78
180.171.122.0 - - [21/May/2023:19:32:11 +0800] "POST /xingrg/dwr/call/plaincall/AjaxCheckService.setItemNumber.dwr HTTP/1.1" 200 78
114.85.36.120 - - [21/May/2023:19:32:13 +0800] "GET /xingrg/all/function/internal_message.html?_=1684667558715&CODE_STATE=getMsg HTTP/1.1" 200 27
180.171.122.0 - - [21/May/2023:19:32:13 +0800] "POST /xingrg/dwr/call/plaincall/AjaxCheckService.setItemNumber.dwr HTTP/1.1" 200 78
180.171.122.0 - - [21/May/2023:19:32:14 +0800] "POST /xingrg/dwr/call/plaincall/AjaxCheckService.setItemNumber.dwr HTTP/1.1" 200 78
180.171.122.0 - - [21/May/2023:19:32:15 +0800] "POST /xingrg/dwr/call/plaincall/AjaxCheckService.setItemNumber.dwr HTTP/1.1" 200 78
180.171.122.0 - - [21/May/2023:19:32:17 +0800] "POST /xingrg/dwr/call/plaincall/AjaxCheckService.setItemNumber.dwr HTTP/1.1" 200 78
101.229.22.40 - - [21/May/2023:19:32:18 +0800] "GET /xingrg/all/function/internal_message.html?_=1684668737260&CODE_STATE=getMsg HTTP/1.1" 200 27
180.169.147.146 - - [21/May/2023:19:32:19 +0800] "GET /xingrg/check_reg.html?_=1684668731416 HTTP/1.1" 200 22
180.171.122.0 - - [21/May/2023:19:32:19 +0800] "POST /xingrg/dwr/call/plaincall/AjaxCheckService.setItemNumber.dwr HTTP/1.1" 200 78
180.171.122.0 - - [21/May/2023:19:32:20 +0800] "POST /xingrg/dwr/call/plaincall/AjaxCheckService.setItemNumber.dwr HTTP/1.1" 200 78
180.171.122.0 - - [21/May/2023:19:32:22 +0800] "POST /xingrg/dwr/call/plaincall/AjaxCheckService.setItemNumber.dwr HTTP/1.1" 200 78
180.171.122.0 - - [21/May/2023:19:32:24 +0800] "POST /xingrg/dwr/call/plaincall/AjaxCheckService.setItemNumber.dwr HTTP/1.1" 200 78
180.171.122.0 - - [21/May/2023:19:32:25 +0800] "GET /xingrg/all/function/internal_message.html?_=1684668741137&CODE_STATE=getMsg HTTP/1.1" 200 27
180.171.122.0 - - [21/May/2023:19:32:26 +0800] "POST /xingrg/dwr/call/plaincall/AjaxCheckService.setItemNumber.dwr HTTP/1.1" 200 78
180.171.122.0 - - [21/May/2023:19:32:27 +0800] "POST /xingrg/dwr/call/plaincall/AjaxCheckService.setItemNumber.dwr HTTP/1.1" 200 78
180.171.122.0 - - [21/May/2023:19:32:29 +0800] "POST /xingrg/dwr/call/plaincall/AjaxCheckService.setItemNumber.dwr HTTP/1.1" 200 78
116.224.158.100 - - [21/May/2023:19:32:31 +0800] "GET /xingrg/all/function/internal_message.html?_=1684668584937&CODE_STATE=getMsg HTTP/1.1" 200 27
180.171.122.0 - - [21/May/2023:19:32:32 +0800] "POST /xingrg/dwr/call/plaincall/AjaxCheckService.setItemNumber.dwr HTTP/1.1" 200 78
180.157.249.103 - - [21/May/2023:19:32:34 +0800] "GET /xingrg/all/function/internal_message.html?_=1684668754620&CODE_STATE=getMsg HTTP/1.1" 200 27
61.170.233.64 - - [21/May/2023:19:32:34 +0800] "GET /xingrg/all/function/internal_message.html?_=1684668750031&CODE_STATE=getMsg HTTP/1.1" 200 27
180.171.122.0 - - [21/May/2023:19:32:35 +0800] "POST /xingrg/dwr/call/plaincall/AjaxCheckService.setItemNumber.dwr HTTP/1.1" 200 78
180.171.122.0 - - [21/May/2023:19:32:38 +0800] "POST /xingrg/dwr/call/plaincall/AjaxCheckService.setItemNumber.dwr HTTP/1.1" 200 78
116.224.158.100 - - [21/May/2023:19:32:38 +0800] "GET /xingrg/all/function/internal_message.html?_=1684668759547&CODE_STATE=getMsg HTTP/1.1" 200 27
180.171.122.0 - - [21/May/2023:19:32:41 +0800] "POST /xingrg/dwr/call/plaincall/AjaxCheckService.setItemNumber.dwr HTTP/1.1" 200 78
180.171.122.0 - - [21/May/2023:19:32:43 +0800] "POST /xingrg/dwr/call/plaincall/AjaxCheckService.setItemNumber.dwr HTTP/1.1" 200 78
180.171.122.0 - - [21/May/2023:19:32:44 +0800] "POST /xingrg/dwr/call/plaincall/AjaxCheckService.setItemNumber.dwr HTTP/1.1" 200 78
180.171.122.0 - - [21/May/2023:19:32:46 +0800] "POST /xingrg/dwr/call/plaincall/AjaxCheckService.setItemNumber.dwr HTTP/1.1" 200 78
116.232.195.127 - - [21/May/2023:19:32:48 +0800] "GET /xingrg/all/function/internal_message.html?_=1684668810929&CODE_STATE=getMsg HTTP/1.1" 200 27
180.171.122.0 - - [21/May/2023:19:32:48 +0800] "POST /xingrg/dwr/call/plaincall/AjaxCheckService.setItemNumber.dwr HTTP/1.1" 200 78
116.224.158.100 - - [21/May/2023:19:32:49 +0800] "GET /xingrg/all/function/internal_message.html?_=1684668602161&CODE_STATE=getMsg HTTP/1.1" 200 27
116.232.195.127 - - [21/May/2023:19:32:49 +0800] "GET /xingrg/check_reg.html?_=1684668812137 HTTP/1.1" 200 22
180.171.122.0 - - [21/May/2023:19:32:50 +0800] "POST /xingrg/dwr/call/plaincall/AjaxCheckService.setItemNumber.dwr HTTP/1.1" 200 78
180.171.122.0 - - [21/May/2023:19:32:52 +0800] "POST /xingrg/dwr/call/plaincall/AjaxCheckService.setItemNumber.dwr HTTP/1.1" 200 78
116.224.158.100 - - [21/May/2023:19:32:53 +0800] "GET /xingrg/check_reg.html?_=1684668606095 HTTP/1.1" 200 22
180.169.147.146 - - [21/May/2023:19:32:55 +0800] "GET /xingrg/all/function/internal_message.html?_=1684668799797&CODE_STATE=getMsg HTTP/1.1" 200 27
180.171.122.0 - - [21/May/2023:19:32:56 +0800] "POST /xingrg/dwr/call/plaincall/AjaxCheckService.setItemNumber.dwr HTTP/1.1" 200 78
180.164.3.199 - - [21/May/2023:19:33:03 +0800] "GET /xingrg/all/function/internal_message.html?_=1684668783035&CODE_STATE=getMsg HTTP/1.1" 200 27
180.171.122.0 - - [21/May/2023:19:33:05 +0800] "GET /xingrg/kc/base/check_order_list.html?isBack=1 HTTP/1.1" 200 16217
222.70.168.127 - - [21/May/2023:19:33:06 +0800] "GET /xingrg/check_reg.html?_=1684668817331 HTTP/1.1" 200 22
222.70.168.127 - - [21/May/2023:19:33:06 +0800] "GET /xingrg/all/function/internal_message.html?_=1684668817561&CODE_STATE=getMsg HTTP/1.1" 200 27
180.171.122.0 - - [21/May/2023:19:33:06 +0800] "POST /xingrg/kc/base/check_list_operate.html HTTP/1.1" 200 3195
101.229.22.40 - - [21/May/2023:19:33:06 +0800] "GET /xingrg/kc/buy/cgsh_order_operate.html?command=get_materiel&rest_code=00142&code=00101008155&supplier_code=00100161&order_time=2023-05-21 HTTP/1.1" 200 408
116.232.195.127 - - [21/May/2023:19:33:09 +0800] "GET /xingrg/check_reg.html?_=1684668789924 HTTP/1.1" 200 22
180.171.122.0 - - [21/May/2023:19:33:09 +0800] "GET /xingrg/kc/base/check_order_info.html?code=452023052100187 HTTP/1.1" 200 26404
180.171.122.0 - - [21/May/2023:19:33:10 +0800] "GET /xingrg/dwr/interface/AjaxCheckService.js HTTP/1.1" 200 14003
180.171.122.0 - - [21/May/2023:19:33:10 +0800] "GET /xingrg/dwr/interface/AjaxComOrderService.js HTTP/1.1" 200 18264
180.171.122.0 - - [21/May/2023:19:33:10 +0800] "GET /xingrg/dwr/engine.js HTTP/1.1" 200 43631
180.171.122.0 - - [21/May/2023:19:33:11 +0800] "POST /xingrg/dwr/call/plaincall/AjaxCheckService.loadOrderItems.dwr HTTP/1.1" 200 158484
114.85.36.120 - - [21/May/2023:19:33:13 +0800] "GET /xingrg/all/function/internal_message.html?_=1684667618699&CODE_STATE=getMsg HTTP/1.1" 200 27
114.85.36.120 - - [21/May/2023:19:33:13 +0800] "GET /xingrg/check_reg.html?_=1684667618702 HTTP/1.1" 200 22
180.171.122.0 - - [21/May/2023:19:33:16 +0800] "POST /xingrg/dwr/call/plaincall/AjaxCheckService.setItemNumber.dwr HTTP/1.1" 200 76
101.229.22.40 - - [21/May/2023:19:33:18 +0800] "GET /xingrg/all/function/internal_message.html?_=1684668797258&CODE_STATE=getMsg HTTP/1.1" 200 27
101.229.22.40 - - [21/May/2023:19:33:19 +0800] "GET /xingrg/kc/buy/cgsh_order_operate.html?command=get_materiel&rest_code=00142&code=00101008355&supplier_code=00100161&order_time=2023-05-21 HTTP/1.1" 200 408
180.171.122.0 - - [21/May/2023:19:33:19 +0800] "POST /xingrg/dwr/call/plaincall/AjaxCheckService.setItemNumber.dwr HTTP/1.1" 200 76
180.171.122.0 - - [21/May/2023:19:33:21 +0800] "POST /xingrg/dwr/call/plaincall/AjaxCheckService.setItemNumber.dwr HTTP/1.1" 200 76
180.171.122.0 - - [21/May/2023:19:33:24 +0800] "POST /xingrg/dwr/call/plaincall/AjaxCheckService.setItemNumber.dwr HTTP/1.1" 200 76
180.171.122.0 - - [21/May/2023:19:33:25 +0800] "GET /xingrg/all/function/internal_message.html?_=1684668801159&CODE_STATE=getMsg HTTP/1.1" 200 27
180.171.122.0 - - [21/May/2023:19:33:25 +0800] "POST /xingrg/dwr/call/plaincall/AjaxCheckService.setItemNumber.dwr HTTP/1.1" 200 76
180.171.122.0 - - [21/May/2023:19:33:27 +0800] "POST /xingrg/dwr/call/plaincall/AjaxCheckService.setItemNumber.dwr HTTP/1.1" 200 76
180.171.122.0 - - [21/May/2023:19:33:27 +0800] "POST /xingrg/dwr/call/plaincall/AjaxCheckService.setItemNumber.dwr HTTP/1.1" 200 76
180.171.122.0 - - [21/May/2023:19:33:29 +0800] "POST /xingrg/dwr/call/plaincall/AjaxCheckService.setItemNumber.dwr HTTP/1.1" 200 76
180.171.122.0 - - [21/May/2023:19:33:31 +0800] "POST /xingrg/dwr/call/plaincall/AjaxCheckService.setItemNumber.dwr HTTP/1.1" 200 76
116.224.158.100 - - [21/May/2023:19:33:31 +0800] "GET /xingrg/all/function/internal_message.html?_=1684668644907&CODE_STATE=getMsg HTTP/1.1" 200 27
101.229.22.40 - - [21/May/2023:19:33:32 +0800] "GET /xingrg/kc/buy/cgsh_order_operate.html?command=get_materiel&rest_code=00142&code=00101008024&supplier_code=00100161&order_time=2023-05-21 HTTP/1.1" 200 408
180.171.122.0 - - [21/May/2023:19:33:33 +0800] "POST /xingrg/dwr/call/plaincall/AjaxCheckService.setItemNumber.dwr HTTP/1.1" 200 77
180.157.249.103 - - [21/May/2023:19:33:34 +0800] "GET /xingrg/all/function/internal_message.html?_=1684668814590&CODE_STATE=getMsg HTTP/1.1" 200 27
61.170.233.64 - - [21/May/2023:19:33:34 +0800] "GET /xingrg/all/function/internal_message.html?_=1684668810001&CODE_STATE=getMsg HTTP/1.1" 200 27
116.232.195.127 - - [21/May/2023:19:33:35 +0800] "POST /xingrg/services/DataTransmitService HTTP/1.1" 200 524
180.171.122.0 - - [21/May/2023:19:33:36 +0800] "POST /xingrg/dwr/call/plaincall/AjaxCheckService.setItemNumber.dwr HTTP/1.1" 200 77
116.232.195.127 - - [21/May/2023:19:33:38 +0800] "POST /xingrg/services/DataTransmitService HTTP/1.1" 200 501
116.224.158.100 - - [21/May/2023:19:33:38 +0800] "GET /xingrg/all/function/internal_message.html?_=1684668819548&CODE_STATE=getMsg HTTP/1.1" 200 27
124.79.240.114 - - [21/May/2023:19:33:39 +0800] "GET /xingrg/check_reg.html?_=1684669097247 HTTP/1.1" 200 22
180.171.122.0 - - [21/May/2023:19:33:39 +0800] "POST /xingrg/dwr/call/plaincall/AjaxCheckService.setItemNumber.dwr HTTP/1.1" 200 77
116.232.195.127 - - [21/May/2023:19:33:39 +0800] "POST /xingrg/services/DataTransmitService HTTP/1.1" 200 501
101.229.22.40 - - [21/May/2023:19:33:41 +0800] "GET /xingrg/kc/buy/cgsh_order_operate.html?command=get_materiel&rest_code=00142&code=00101008356&supplier_code=00100161&order_time=2023-05-21 HTTP/1.1" 200 408
180.171.122.0 - - [21/May/2023:19:33:41 +0800] "POST /xingrg/dwr/call/plaincall/AjaxCheckService.setItemNumber.dwr HTTP/1.1" 200 77
180.169.147.146 - - [21/May/2023:19:33:43 +0800] "GET /xingrg/check_reg.html?_=1684668847550 HTTP/1.1" 200 22
180.171.122.0 - - [21/May/2023:19:33:43 +0800] "POST /xingrg/dwr/call/plaincall/AjaxCheckService.setItemNumber.dwr HTTP/1.1" 200 77
116.232.195.127 - - [21/May/2023:19:33:45 +0800] "POST /xingrg/services/DataTransmitService HTTP/1.1" 200 501
116.232.195.127 - - [21/May/2023:19:33:48 +0800] "GET /xingrg/all/function/internal_message.html?_=1684668870912&CODE_STATE=getMsg HTTP/1.1" 200 27
116.224.158.100 - - [21/May/2023:19:33:49 +0800] "GET /xingrg/all/function/internal_message.html?_=1684668662133&CODE_STATE=getMsg HTTP/1.1" 200 27
116.232.195.127 - - [21/May/2023:19:33:50 +0800] "POST /xingrg/services/DataTransmitService HTTP/1.1" 200 501
116.232.195.127 - - [21/May/2023:19:33:51 +0800] "POST /xingrg/services/DataTransmitService HTTP/1.1" 200 501
116.232.195.127 - - [21/May/2023:19:33:53 +0800] "POST /xingrg/services/DataTransmitService HTTP/1.1" 200 501
116.232.195.127 - - [21/May/2023:19:33:54 +0800] "POST /xingrg/services/DataTransmitService HTTP/1.1" 200 501
101.229.22.40 - - [21/May/2023:19:33:54 +0800] "GET /xingrg/kc/buy/cgsh_order_operate.html?command=get_materiel&rest_code=00142&code=00101008353&supplier_code=00100161&order_time=2023-05-21 HTTP/1.1" 200 408
116.232.195.127 - - [21/May/2023:19:33:54 +0800] "POST /xingrg/services/DataTransmitService HTTP/1.1" 200 501
116.232.195.127 - - [21/May/2023:19:33:55 +0800] "POST /xingrg/services/DataTransmitService HTTP/1.1" 200 412
180.169.147.146 - - [21/May/2023:19:33:55 +0800] "GET /xingrg/all/function/internal_message.html?_=1684668859811&CODE_STATE=getMsg HTTP/1.1" 200 27
180.171.122.0 - - [21/May/2023:19:33:58 +0800] "POST /xingrg/dwr/call/plaincall/AjaxCheckService.setItemNumber.dwr HTTP/1.1" 200 77
180.171.122.0 - - [21/May/2023:19:34:01 +0800] "POST /xingrg/dwr/call/plaincall/AjaxCheckService.setItemNumber.dwr HTTP/1.1" 200 77
180.164.3.199 - - [21/May/2023:19:34:03 +0800] "GET /xingrg/all/function/internal_message.html?_=1684668843032&CODE_STATE=getMsg HTTP/1.1" 200 27
222.70.168.127 - - [21/May/2023:19:34:06 +0800] "GET /xingrg/all/function/internal_message.html?_=1684668877576&CODE_STATE=getMsg HTTP/1.1" 200 27
114.85.36.120 - - [21/May/2023:19:34:13 +0800] "GET /xingrg/all/function/internal_message.html?_=1684667678706&CODE_STATE=getMsg HTTP/1.1" 200 27
101.229.22.40 - - [21/May/2023:19:34:17 +0800] "GET /xingrg/kc/buy/cgsh_order_operate.html?command=get_materiel&rest_code=00142&code=00101008351&supplier_code=00100161&order_time=2023-05-21 HTTP/1.1" 200 408
101.229.22.40 - - [21/May/2023:19:34:18 +0800] "GET /xingrg/all/function/internal_message.html?_=1684668857260&CODE_STATE=getMsg HTTP/1.1" 200 27
180.171.122.0 - - [21/May/2023:19:34:25 +0800] "GET /xingrg/all/function/internal_message.html?_=1684668861150&CODE_STATE=getMsg HTTP/1.1" 200 27
180.171.122.0 - - [21/May/2023:19:34:28 +0800] "POST /xingrg/dwr/call/plaincall/AjaxCheckService.setItemNumber.dwr HTTP/1.1" 200 77
101.229.22.40 - - [21/May/2023:19:34:29 +0800] "GET /xingrg/kc/buy/cgsh_order_operate.html?command=get_materiel&rest_code=00142&code=00101008357&supplier_code=00100161&order_time=2023-05-21 HTTP/1.1" 200 408
180.171.122.0 - - [21/May/2023:19:34:30 +0800] "POST /xingrg/dwr/call/plaincall/AjaxCheckService.setItemNumber.dwr HTTP/1.1" 200 77
116.224.158.100 - - [21/May/2023:19:34:31 +0800] "GET /xingrg/all/function/internal_message.html?_=1684668704891&CODE_STATE=getMsg HTTP/1.1" 200 27
180.171.122.0 - - [21/May/2023:19:34:32 +0800] "POST /xingrg/dwr/call/plaincall/AjaxCheckService.setItemNumber.dwr HTTP/1.1" 200 77
180.171.122.0 - - [21/May/2023:19:34:33 +0800] "POST /xingrg/dwr/call/plaincall/AjaxCheckService.setItemNumber.dwr HTTP/1.1" 200 77
116.224.158.100 - - [21/May/2023:19:34:34 +0800] "GET /xingrg/check_reg.html?_=1684668707529 HTTP/1.1" 200 22
180.157.249.103 - - [21/May/2023:19:34:34 +0800] "GET /xingrg/all/function/internal_message.html?_=1684668874560&CODE_STATE=getMsg HTTP/1.1" 200 27
61.170.233.64 - - [21/May/2023:19:34:34 +0800] "GET /xingrg/all/function/internal_message.html?_=1684668869973&CODE_STATE=getMsg HTTP/1.1" 200 27
180.163.28.55 - - [21/May/2023:19:34:34 +0800] "GET /xingrg/all/function/internal_message.html?_=1684668810001&CODE_STATE=getMsg HTTP/1.1" 302 -
180.163.28.55 - - [21/May/2023:19:34:35 +0800] "GET /xingrg/login.html HTTP/1.1" 200 7641
180.171.122.0 - - [21/May/2023:19:34:35 +0800] "POST /xingrg/dwr/call/plaincall/AjaxCheckService.setItemNumber.dwr HTTP/1.1" 200 77
180.171.122.0 - - [21/May/2023:19:34:37 +0800] "POST /xingrg/dwr/call/plaincall/AjaxCheckService.setItemNumber.dwr HTTP/1.1" 200 77
116.224.158.100 - - [21/May/2023:19:34:38 +0800] "GET /xingrg/all/function/internal_message.html?_=1684668879548&CODE_STATE=getMsg HTTP/1.1" 200 27
180.171.122.0 - - [21/May/2023:19:34:39 +0800] "POST /xingrg/dwr/call/plaincall/AjaxCheckService.setItemNumber.dwr HTTP/1.1" 200 77
180.171.122.0 - - [21/May/2023:19:34:40 +0800] "POST /xingrg/dwr/call/plaincall/AjaxCheckService.setItemNumber.dwr HTTP/1.1" 200 77
101.229.22.40 - - [21/May/2023:19:34:41 +0800] "GET /xingrg/kc/buy/cgsh_order_operate.html?command=get_materiel&rest_code=00142&code=00101008234&supplier_code=00100161&order_time=2023-05-21 HTTP/1.1" 200 408
116.232.195.127 - - [21/May/2023:19:34:48 +0800] "GET /xingrg/all/function/internal_message.html?_=1684668930903&CODE_STATE=getMsg HTTP/1.1" 200 27
116.224.158.100 - - [21/May/2023:19:34:49 +0800] "GET /xingrg/all/function/internal_message.html?_=1684668722104&CODE_STATE=getMsg HTTP/1.1" 200 27
101.229.22.40 - - [21/May/2023:19:34:52 +0800] "GET /xingrg/kc/buy/cgsh_order_operate.html?command=get_materiel&rest_code=00142&code=00101008264&supplier_code=00100161&order_time=2023-05-21 HTTP/1.1" 200 412
180.169.147.146 - - [21/May/2023:19:34:55 +0800] "GET /xingrg/all/function/internal_message.html?_=1684668919825&CODE_STATE=getMsg HTTP/1.1" 200 27
180.171.122.0 - - [21/May/2023:19:34:59 +0800] "POST /xingrg/dwr/call/plaincall/AjaxCheckService.setItemNumber.dwr HTTP/1.1" 200 77
180.171.122.0 - - [21/May/2023:19:35:01 +0800] "POST /xingrg/dwr/call/plaincall/AjaxCheckService.setItemNumber.dwr HTTP/1.1" 200 77
101.229.22.40 - - [21/May/2023:19:35:02 +0800] "GET /xingrg/kc/buy/cgsh_order_operate.html?command=get_materiel&rest_code=00142&code=00101008072&supplier_code=00100161&order_time=2023-05-21 HTTP/1.1" 200 408
180.164.3.199 - - [21/May/2023:19:35:03 +0800] "GET /xingrg/all/function/internal_message.html?_=1684668903026&CODE_STATE=getMsg HTTP/1.1" 200 27
180.171.122.0 - - [21/May/2023:19:35:04 +0800] "POST /xingrg/dwr/call/plaincall/AjaxCheckService.setItemNumber.dwr HTTP/1.1" 200 77
180.171.122.0 - - [21/May/2023:19:35:05 +0800] "POST /xingrg/dwr/call/plaincall/AjaxCheckService.setItemNumber.dwr HTTP/1.1" 200 77
222.70.168.127 - - [21/May/2023:19:35:06 +0800] "GET /xingrg/all/function/internal_message.html?_=1684668937591&CODE_STATE=getMsg HTTP/1.1" 200 27
180.171.122.0 - - [21/May/2023:19:35:06 +0800] "POST /xingrg/dwr/call/plaincall/AjaxCheckService.setItemNumber.dwr HTTP/1.1" 200 77
180.171.122.0 - - [21/May/2023:19:35:08 +0800] "POST /xingrg/dwr/call/plaincall/AjaxCheckService.setItemNumber.dwr HTTP/1.1" 200 77
180.171.122.0 - - [21/May/2023:19:35:10 +0800] "POST /xingrg/dwr/call/plaincall/AjaxCheckService.setItemNumber.dwr HTTP/1.1" 200 77
180.171.122.0 - - [21/May/2023:19:35:12 +0800] "POST /xingrg/dwr/call/plaincall/AjaxCheckService.setItemNumber.dwr HTTP/1.1" 200 77
114.85.36.120 - - [21/May/2023:19:35:13 +0800] "GET /xingrg/all/function/internal_message.html?_=1684667738715&CODE_STATE=getMsg HTTP/1.1" 200 27
180.171.122.0 - - [21/May/2023:19:35:14 +0800] "POST /xingrg/dwr/call/plaincall/AjaxCheckService.setItemNumber.dwr HTTP/1.1" 200 77
101.229.22.40 - - [21/May/2023:19:35:16 +0800] "GET /xingrg/kc/buy/cgsh_order_operate.html?command=get_materiel&rest_code=00142&code=00101008169&supplier_code=00100161&order_time=2023-05-21 HTTP/1.1" 200 412
101.229.22.40 - - [21/May/2023:19:35:18 +0800] "GET /xingrg/check_reg.html?_=1684668917283 HTTP/1.1" 200 22
101.229.22.40 - - [21/May/2023:19:35:18 +0800] "GET /xingrg/all/function/internal_message.html?_=1684668917284&CODE_STATE=getMsg HTTP/1.1" 200 27
180.171.122.0 - - [21/May/2023:19:35:19 +0800] "POST /xingrg/dwr/call/plaincall/AjaxCheckService.setItemNumber.dwr HTTP/1.1" 200 77
180.171.122.0 - - [21/May/2023:19:35:21 +0800] "POST /xingrg/dwr/call/plaincall/AjaxCheckService.setItemNumber.dwr HTTP/1.1" 200 77
180.171.122.0 - - [21/May/2023:19:35:25 +0800] "POST /xingrg/dwr/call/plaincall/AjaxCheckService.setItemNumber.dwr HTTP/1.1" 200 77
180.171.122.0 - - [21/May/2023:19:35:25 +0800] "GET /xingrg/all/function/internal_message.html?_=1684668921187&CODE_STATE=getMsg HTTP/1.1" 200 27
101.229.22.40 - - [21/May/2023:19:35:26 +0800] "GET /xingrg/kc/buy/cgsh_order_operate.html?command=get_materiel&rest_code=00142&code=00101008137&supplier_code=00100161&order_time=2023-05-21 HTTP/1.1" 200 408
