58.39.41.124 - - [21/May/2023:09:48:52 +0800] "GET /xingrg/all/function/internal_message.html?_=1684633731979&CODE_STATE=getMsg HTTP/1.1" 200 27
180.169.147.146 - - [21/May/2023:09:48:52 +0800] "GET /xingrg/all/function/internal_message.html?_=1684633725100&CODE_STATE=getMsg HTTP/1.1" 200 27
116.232.195.127 - - [21/May/2023:09:48:52 +0800] "GET /xingrg/kc/base/check_order_list.html?isBack=1 HTTP/1.1" 200 16223
101.83.240.234 - - [21/May/2023:09:48:52 +0800] "GET /xingrg/all/function/internal_message.html?_=1684633828923&CODE_STATE=getMsg HTTP/1.1" 200 27
124.79.240.114 - - [21/May/2023:09:48:53 +0800] "GET /xingrg/all/function/internal_message.html?_=1684634011619&CODE_STATE=getMsg HTTP/1.1" 200 27
222.67.238.82 - - [21/May/2023:09:48:53 +0800] "GET /xingrg/all/function/internal_message.html?_=1684633246982&CODE_STATE=getMsg HTTP/1.1" 200 27
116.232.195.127 - - [21/May/2023:09:48:53 +0800] "POST /xingrg/kc/base/check_list_operate.html HTTP/1.1" 200 3921
116.224.158.100 - - [21/May/2023:09:48:54 +0800] "GET /xingrg/all/function/internal_message.html?_=1684633567444&CODE_STATE=getMsg HTTP/1.1" 200 27
116.232.195.127 - - [21/May/2023:09:48:54 +0800] "GET /xingrg/kc/base/check_order_add.html HTTP/1.1" 200 26484
116.232.195.127 - - [21/May/2023:09:48:54 +0800] "GET /xingrg/dwr/interface/AjaxComOrderService.js HTTP/1.1" 200 18264
116.232.195.127 - - [21/May/2023:09:48:54 +0800] "GET /xingrg/dwr/interface/AjaxCheckService.js HTTP/1.1" 200 14003
116.232.195.127 - - [21/May/2023:09:48:54 +0800] "GET /xingrg/dwr/engine.js HTTP/1.1" 200 43631
180.164.3.199 - - [21/May/2023:09:48:55 +0800] "GET /xingrg/all/function/internal_message.html?_=1684633735410&CODE_STATE=getMsg HTTP/1.1" 200 27
101.229.22.40 - - [21/May/2023:09:48:55 +0800] "GET /xingrg/all/function/internal_message.html?_=1684633734849&CODE_STATE=getMsg HTTP/1.1" 200 27
180.157.249.103 - - [21/May/2023:09:48:58 +0800] "GET /xingrg/check_reg.html?_=1684633738596 HTTP/1.1" 302 -
124.79.74.67 - - [21/May/2023:09:48:59 +0800] "GET /xingrg/all/function/internal_message.html?_=1684633739354&CODE_STATE=getMsg HTTP/1.1" 200 27
116.232.195.127 - - [21/May/2023:09:49:00 +0800] "POST /xingrg/dwr/call/plaincall/AjaxCheckService.saveOrder.dwr HTTP/1.1" 200 78
116.232.195.127 - - [21/May/2023:09:49:02 +0800] "POST /xingrg/dwr/call/plaincall/AjaxCheckService.loadOrderItems.dwr HTTP/1.1" 200 362
116.232.195.127 - - [21/May/2023:09:49:05 +0800] "POST /xingrg/kc/report/common_data.html?type=materiel_category_tree HTTP/1.1" 200 3921
116.238.139.35 - - [21/May/2023:09:49:05 +0800] "GET /xingrg/all/function/internal_message.html?_=1684633744091&CODE_STATE=getMsg HTTP/1.1" 200 27
120.253.135.82 - - [21/May/2023:09:49:07 +0800] "GET /xingrg/all/function/internal_message.html?_=1684633584122&CODE_STATE=getMsg HTTP/1.1" 200 27
116.238.139.35 - - [21/May/2023:09:49:11 +0800] "GET /xingrg/all/function/internal_message.html?_=1684633670467&CODE_STATE=getMsg HTTP/1.1" 200 27
120.253.135.82 - - [21/May/2023:09:49:12 +0800] "GET /xingrg/all/function/internal_message.html?_=1684633890753&CODE_STATE=getMsg HTTP/1.1" 200 27
120.253.135.82 - - [21/May/2023:09:49:12 +0800] "GET /xingrg/check_reg.html?_=1684633890754 HTTP/1.1" 200 22
101.83.240.234 - - [21/May/2023:09:49:22 +0800] "GET /xingrg/kc/buy/cgsh_order_add.html HTTP/1.1" 200 70655
101.83.240.234 - - [21/May/2023:09:49:23 +0800] "GET /xingrg/words/20230521092638_words.js HTTP/1.1" 304 -
101.83.240.234 - - [21/May/2023:09:49:23 +0800] "POST /xingrg/kc/buy/cgsh_order_operate.html HTTP/1.1" 200 8245
101.83.240.234 - - [21/May/2023:09:49:23 +0800] "GET /xingrg/javascript/easyui/themes/default/validatebox.css HTTP/1.1" 404 1104
114.83.218.112 - - [21/May/2023:09:49:23 +0800] "GET /xingrg/all/function/internal_message.html?_=1684633763929&CODE_STATE=getMsg HTTP/1.1" 200 27
114.83.218.112 - - [21/May/2023:09:49:23 +0800] "GET /xingrg/check_reg.html?_=1684633763983 HTTP/1.1" 200 22
116.232.195.127 - - [21/May/2023:09:49:26 +0800] "GET /xingrg/all/function/internal_message.html?_=1684633809682&CODE_STATE=getMsg HTTP/1.1" 200 27
222.70.168.127 - - [21/May/2023:09:49:37 +0800] "GET /xingrg/all/function/internal_message.html?_=1684633807130&CODE_STATE=getMsg HTTP/1.1" 200 27
116.224.158.100 - - [21/May/2023:09:49:39 +0800] "GET /xingrg/all/function/internal_message.html?_=1684633779917&CODE_STATE=getMsg HTTP/1.1" 200 27
116.232.195.127 - - [21/May/2023:09:49:44 +0800] "POST /xingrg/dwr/call/plaincall/AjaxCheckService.importOrderItems.dwr HTTP/1.1" 200 78
58.39.41.124 - - [21/May/2023:09:49:52 +0800] "GET /xingrg/all/function/internal_message.html?_=1684633791967&CODE_STATE=getMsg HTTP/1.1" 200 27
58.39.41.124 - - [21/May/2023:09:49:52 +0800] "GET /xingrg/check_reg.html?_=1684633792013 HTTP/1.1" 200 22
180.169.147.146 - - [21/May/2023:09:49:52 +0800] "GET /xingrg/all/function/internal_message.html?_=1684633785083&CODE_STATE=getMsg HTTP/1.1" 200 27
101.83.240.234 - - [21/May/2023:09:49:52 +0800] "GET /xingrg/all/function/internal_message.html?_=1684633888908&CODE_STATE=getMsg HTTP/1.1" 200 27
124.79.240.114 - - [21/May/2023:09:49:53 +0800] "GET /xingrg/all/function/internal_message.html?_=1684634071627&CODE_STATE=getMsg HTTP/1.1" 200 27
116.232.195.127 - - [21/May/2023:09:49:53 +0800] "POST /xingrg/dwr/call/plaincall/AjaxCheckService.loadOrderItems.dwr HTTP/1.1" 200 4568488
222.67.238.82 - - [21/May/2023:09:49:53 +0800] "GET /xingrg/all/function/internal_message.html?_=1684633306981&CODE_STATE=getMsg HTTP/1.1" 200 27
116.224.158.100 - - [21/May/2023:09:49:54 +0800] "GET /xingrg/all/function/internal_message.html?_=1684633627453&CODE_STATE=getMsg HTTP/1.1" 200 27
180.164.3.199 - - [21/May/2023:09:49:55 +0800] "GET /xingrg/all/function/internal_message.html?_=1684633795442&CODE_STATE=getMsg HTTP/1.1" 200 27
101.229.22.40 - - [21/May/2023:09:49:55 +0800] "GET /xingrg/all/function/internal_message.html?_=1684633794847&CODE_STATE=getMsg HTTP/1.1" 200 27
124.79.74.67 - - [21/May/2023:09:49:59 +0800] "GET /xingrg/all/function/internal_message.html?_=1684633799352&CODE_STATE=getMsg HTTP/1.1" 200 27
124.79.74.67 - - [21/May/2023:09:49:59 +0800] "GET /xingrg/check_reg.html?_=1684633799354 HTTP/1.1" 200 22
180.164.3.199 - - [21/May/2023:09:50:02 +0800] "GET /xingrg/kc/buy/cgsh_order_operate.html?command=get_materiel&rest_code=00108&code=00101009047&supplier_code=00100007&order_time=2023-05-21 HTTP/1.1" 200 409
116.238.139.35 - - [21/May/2023:09:50:05 +0800] "GET /xingrg/check_reg.html?_=1684633804091 HTTP/1.1" 200 22
116.238.139.35 - - [21/May/2023:09:50:05 +0800] "GET /xingrg/all/function/internal_message.html?_=1684633804097&CODE_STATE=getMsg HTTP/1.1" 200 27
120.253.135.82 - - [21/May/2023:09:50:07 +0800] "GET /xingrg/all/function/internal_message.html?_=1684633644128&CODE_STATE=getMsg HTTP/1.1" 200 27
116.238.139.35 - - [21/May/2023:09:50:11 +0800] "GET /xingrg/all/function/internal_message.html?_=1684633730546&CODE_STATE=getMsg HTTP/1.1" 200 27
120.253.135.82 - - [21/May/2023:09:50:12 +0800] "GET /xingrg/all/function/internal_message.html?_=1684633950763&CODE_STATE=getMsg HTTP/1.1" 200 27
180.164.3.199 - - [21/May/2023:09:50:15 +0800] "GET /xingrg/kc/buy/cgsh_order_operate.html?command=get_materiel&rest_code=00108&code=00101009122&supplier_code=00100007&order_time=2023-05-21 HTTP/1.1" 200 405
101.83.240.234 - - [21/May/2023:09:50:20 +0800] "GET /xingrg/kc/buy/cgsh_order_operate.html?command=get_materiel&rest_code=00154&code=00101008690&supplier_code=00100419&order_time=2023-05-21 HTTP/1.1" 200 412
114.83.218.112 - - [21/May/2023:09:50:23 +0800] "GET /xingrg/all/function/internal_message.html?_=1684633823914&CODE_STATE=getMsg HTTP/1.1" 200 27
180.164.3.199 - - [21/May/2023:09:50:30 +0800] "GET /xingrg/kc/buy/cgsh_order_operate.html?command=get_materiel&rest_code=00108&code=00101009011&supplier_code=00100007&order_time=2023-05-21 HTTP/1.1" 200 417
101.83.240.234 - - [21/May/2023:09:50:31 +0800] "GET /xingrg/kc/buy/cgsh_order_operate.html?command=get_materiel&rest_code=00154&code=00101006184&supplier_code=00100419&order_time=2023-05-21 HTTP/1.1" 200 408
101.83.240.234 - - [21/May/2023:09:50:35 +0800] "GET /xingrg/check_reg.html?_=1684633931838 HTTP/1.1" 200 22
222.70.168.127 - - [21/May/2023:09:50:36 +0800] "GET /xingrg/check_reg.html?_=1684633866363 HTTP/1.1" 200 22
116.232.195.127 - - [21/May/2023:09:50:37 +0800] "GET /xingrg/check_reg.html?_=1684633880195 HTTP/1.1" 200 22
116.232.195.127 - - [21/May/2023:09:50:37 +0800] "GET /xingrg/all/function/internal_message.html?_=1684633880197&CODE_STATE=getMsg HTTP/1.1" 200 27
222.70.168.127 - - [21/May/2023:09:50:37 +0800] "GET /xingrg/all/function/internal_message.html?_=1684633867144&CODE_STATE=getMsg HTTP/1.1" 200 27
222.70.168.127 - - [21/May/2023:09:50:38 +0800] "POST /xingrg/services/DataTransmitService HTTP/1.1" 200 524
222.70.168.127 - - [21/May/2023:09:50:39 +0800] "POST /xingrg/services/DataTransmitService HTTP/1.1" 200 2335
116.224.158.100 - - [21/May/2023:09:50:39 +0800] "GET /xingrg/all/function/internal_message.html?_=1684633839886&CODE_STATE=getMsg HTTP/1.1" 200 27
180.164.3.199 - - [21/May/2023:09:50:40 +0800] "GET /xingrg/kc/buy/cgsh_order_operate.html?command=get_materiel&rest_code=00108&code=00101008137&supplier_code=00100007&order_time=2023-05-21 HTTP/1.1" 200 408
58.39.41.124 - - [21/May/2023:09:50:52 +0800] "GET /xingrg/all/function/internal_message.html?_=1684633851963&CODE_STATE=getMsg HTTP/1.1" 200 27
180.169.147.146 - - [21/May/2023:09:50:52 +0800] "GET /xingrg/all/function/internal_message.html?_=1684633845100&CODE_STATE=getMsg HTTP/1.1" 200 27
101.83.240.234 - - [21/May/2023:09:50:52 +0800] "GET /xingrg/all/function/internal_message.html?_=1684633948888&CODE_STATE=getMsg HTTP/1.1" 200 27
180.164.3.199 - - [21/May/2023:09:50:53 +0800] "GET /xingrg/kc/buy/cgsh_order_operate.html?command=get_materiel&rest_code=00108&code=00101008350&supplier_code=00100007&order_time=2023-05-21 HTTP/1.1" 200 408
124.79.240.114 - - [21/May/2023:09:50:53 +0800] "GET /xingrg/all/function/internal_message.html?_=1684634131611&CODE_STATE=getMsg HTTP/1.1" 200 27
222.67.238.82 - - [21/May/2023:09:50:53 +0800] "GET /xingrg/all/function/internal_message.html?_=1684633366980&CODE_STATE=getMsg HTTP/1.1" 200 27
116.224.158.100 - - [21/May/2023:09:50:54 +0800] "GET /xingrg/all/function/internal_message.html?_=1684633687462&CODE_STATE=getMsg HTTP/1.1" 200 27
116.232.195.127 - - [21/May/2023:09:50:54 +0800] "GET /xingrg/kc/print/load_config.html?_=1684633897422&kc_code=check HTTP/1.1" 200 2488
222.70.168.127 - - [21/May/2023:09:50:55 +0800] "POST /xingrg/services/DataTransmitService HTTP/1.1" 200 524
180.164.3.199 - - [21/May/2023:09:50:55 +0800] "GET /xingrg/all/function/internal_message.html?_=1684633855429&CODE_STATE=getMsg HTTP/1.1" 200 27
101.229.22.40 - - [21/May/2023:09:50:55 +0800] "GET /xingrg/all/function/internal_message.html?_=1684633854846&CODE_STATE=getMsg HTTP/1.1" 200 27
101.229.22.40 - - [21/May/2023:09:50:55 +0800] "GET /xingrg/check_reg.html?_=1684633854847 HTTP/1.1" 200 22
124.79.74.67 - - [21/May/2023:09:50:59 +0800] "GET /xingrg/all/function/internal_message.html?_=1684633859351&CODE_STATE=getMsg HTTP/1.1" 200 27
116.232.195.127 - - [21/May/2023:09:51:01 +0800] "GET /xingrg/kc/print/load_data.html?_=1684633897770&order_code=452023052100160&kc_code=check&condition= HTTP/1.1" 200 1218601
116.238.139.35 - - [21/May/2023:09:51:05 +0800] "GET /xingrg/all/function/internal_message.html?_=1684633864106&CODE_STATE=getMsg HTTP/1.1" 200 27
120.253.135.82 - - [21/May/2023:09:51:07 +0800] "GET /xingrg/all/function/internal_message.html?_=1684633704308&CODE_STATE=getMsg HTTP/1.1" 200 27
222.70.168.127 - - [21/May/2023:09:51:08 +0800] "POST /xingrg/services/DataTransmitService HTTP/1.1" 200 501
101.83.240.234 - - [21/May/2023:09:51:08 +0800] "POST /xingrg/kc/buy/cgsh_order_operate.html HTTP/1.1" 200 37
180.164.3.199 - - [21/May/2023:09:51:10 +0800] "GET /xingrg/kc/buy/cgsh_order_operate.html?command=get_materiel&rest_code=00108&code=00101008036&supplier_code=00100007&order_time=2023-05-21 HTTP/1.1" 200 408
116.238.139.35 - - [21/May/2023:09:51:11 +0800] "GET /xingrg/all/function/internal_message.html?_=1684633790556&CODE_STATE=getMsg HTTP/1.1" 200 27
120.253.135.82 - - [21/May/2023:09:51:12 +0800] "GET /xingrg/all/function/internal_message.html?_=1684634010768&CODE_STATE=getMsg HTTP/1.1" 200 27
222.70.168.127 - - [21/May/2023:09:51:21 +0800] "POST /xingrg/services/DataTransmitService HTTP/1.1" 200 524
180.164.3.199 - - [21/May/2023:09:51:22 +0800] "GET /xingrg/kc/buy/cgsh_order_operate.html?command=get_materiel&rest_code=00108&code=00101008377&supplier_code=00100007&order_time=2023-05-21 HTTP/1.1" 200 409
114.83.218.112 - - [21/May/2023:09:51:23 +0800] "GET /xingrg/all/function/internal_message.html?_=1684633883900&CODE_STATE=getMsg HTTP/1.1" 200 27
101.83.240.234 - - [21/May/2023:09:51:25 +0800] "POST /xingrg/kc/buy/cgsh_order_operate.html HTTP/1.1" 200 12
101.83.240.234 - - [21/May/2023:09:51:28 +0800] "GET /xingrg/kc/buy/cgsh_order_info.html?code=212023052107731 HTTP/1.1" 200 65559
101.83.240.234 - - [21/May/2023:09:51:28 +0800] "GET /xingrg/javascript/easyui/themes/default/validatebox.css HTTP/1.1" 404 1104
101.83.240.234 - - [21/May/2023:09:51:29 +0800] "GET /xingrg/kc/print/load_data.html?order_code=212023052107731&kc_code=cgsh&condition= HTTP/1.1" 200 1581
114.83.218.112 - - [21/May/2023:09:51:29 +0800] "GET /xingrg/kc/buy/cgsh_order_operate.html?command=get_materiel&rest_code=00149&code=00101011003&supplier_code=00100051&order_time=2023-05-21 HTTP/1.1" 200 413
101.83.240.234 - - [21/May/2023:09:51:30 +0800] "POST /xingrg/kc/buy/cgsh_order_operate.html HTTP/1.1" 200 2955
116.232.195.127 - - [21/May/2023:09:51:31 +0800] "GET /xingrg/index.html?sysBaseUrl=http%3A%2F%2F180.169.147.146%3A18081%2Fxingrg%2F&costTime=994×tamp=1684633526578 HTTP/1.1" 200 17179
116.232.195.127 - - [21/May/2023:09:51:31 +0800] "GET /xingrg/check_reg.html?_=1684633934384 HTTP/1.1" 200 22
116.232.195.127 - - [21/May/2023:09:51:31 +0800] "GET /xingrg/all/function/internal_message.html?_=1684633934384&CODE_STATE=count HTTP/1.1" 200 11
116.232.195.127 - - [21/May/2023:09:51:31 +0800] "GET /favicon.ico HTTP/1.1" 404 -
116.232.195.127 - - [21/May/2023:09:51:31 +0800] "POST /xingrg/load_menu.html HTTP/1.1" 200 5138
116.232.195.127 - - [21/May/2023:09:51:31 +0800] "POST /xingrg/all/common/load_tree.html?tree=area_rest_tree_json&manage=1 HTTP/1.1" 200 479
116.232.195.127 - - [21/May/2023:09:51:33 +0800] "GET /xingrg/kc/base/base_main.html HTTP/1.1" 200 12142
101.83.240.234 - - [21/May/2023:09:51:34 +0800] "GET /xingrg/kc/print/load_data.html?order_code=212023052107731&kc_code=cgsh&condition= HTTP/1.1" 200 1581
116.232.195.127 - - [21/May/2023:09:51:34 +0800] "GET /xingrg/kc/base/check_order_list.html HTTP/1.1" 200 16223
116.232.195.127 - - [21/May/2023:09:51:35 +0800] "POST /xingrg/kc/base/check_list_operate.html HTTP/1.1" 200 4257
116.232.195.127 - - [21/May/2023:09:51:37 +0800] "GET /xingrg/kc/base/check_order_info.html?code=452023052100160 HTTP/1.1" 200 26526
116.232.195.127 - - [21/May/2023:09:51:37 +0800] "GET /xingrg/dwr/interface/AjaxComOrderService.js HTTP/1.1" 200 18264
116.232.195.127 - - [21/May/2023:09:51:37 +0800] "GET /xingrg/dwr/interface/AjaxCheckService.js HTTP/1.1" 200 14003
116.232.195.127 - - [21/May/2023:09:51:37 +0800] "GET /xingrg/dwr/engine.js HTTP/1.1" 200 43631
222.70.168.127 - - [21/May/2023:09:51:37 +0800] "GET /xingrg/all/function/internal_message.html?_=1684633927158&CODE_STATE=getMsg HTTP/1.1" 200 27
180.164.3.199 - - [21/May/2023:09:51:37 +0800] "GET /xingrg/kc/buy/cgsh_order_operate.html?command=get_materiel&rest_code=00108&code=00101008331&supplier_code=00100007&order_time=2023-05-21 HTTP/1.1" 200 416
116.232.195.127 - - [21/May/2023:09:51:38 +0800] "POST /xingrg/dwr/call/plaincall/AjaxCheckService.loadOrderItems.dwr HTTP/1.1" 200 4568488
116.224.158.100 - - [21/May/2023:09:51:39 +0800] "GET /xingrg/all/function/internal_message.html?_=1684633899857&CODE_STATE=getMsg HTTP/1.1" 200 27
114.83.218.112 - - [21/May/2023:09:51:44 +0800] "POST /xingrg/kc/buy/cgsh_order_operate.html HTTP/1.1" 200 37
58.39.41.124 - - [21/May/2023:09:51:48 +0800] "GET /xingrg/kc/buy/cgsh_order_add.html HTTP/1.1" 200 71486
58.39.41.124 - - [21/May/2023:09:51:48 +0800] "GET /xingrg/words/20230521092638_words.js HTTP/1.1" 304 -
58.39.41.124 - - [21/May/2023:09:51:48 +0800] "POST /xingrg/kc/buy/cgsh_order_operate.html HTTP/1.1" 200 8245
58.39.41.124 - - [21/May/2023:09:51:48 +0800] "GET /xingrg/javascript/easyui/themes/default/validatebox.css HTTP/1.1" 404 1104
180.164.3.199 - - [21/May/2023:09:51:49 +0800] "GET /xingrg/kc/buy/cgsh_order_operate.html?command=get_materiel&rest_code=00108&code=00101008290&supplier_code=00100007&order_time=2023-05-21 HTTP/1.1" 200 416
58.39.41.124 - - [21/May/2023:09:51:49 +0800] "GET /xingrg/javascript/easyui/themes/default/tree.css HTTP/1.1" 404 1090
58.39.41.124 - - [21/May/2023:09:51:50 +0800] "POST /xingrg/all/common/load_tree.html?tree=supplier_tree_json&isDelete=1 HTTP/1.1" 200 74192
58.39.41.124 - - [21/May/2023:09:51:52 +0800] "GET /xingrg/all/function/internal_message.html?_=1684633911947&CODE_STATE=getMsg HTTP/1.1" 200 27
180.169.147.146 - - [21/May/2023:09:51:52 +0800] "GET /xingrg/all/function/internal_message.html?_=1684633905109&CODE_STATE=getMsg HTTP/1.1" 200 27
101.83.240.234 - - [21/May/2023:09:51:52 +0800] "GET /xingrg/all/function/internal_message.html?_=1684634008859&CODE_STATE=getMsg HTTP/1.1" 200 27
124.79.240.114 - - [21/May/2023:09:51:53 +0800] "GET /xingrg/all/function/internal_message.html?_=1684634191610&CODE_STATE=getMsg HTTP/1.1" 200 27
124.79.240.114 - - [21/May/2023:09:51:53 +0800] "GET /xingrg/check_reg.html?_=1684634191610 HTTP/1.1" 200 22
222.67.238.82 - - [21/May/2023:09:51:53 +0800] "GET /xingrg/all/function/internal_message.html?_=1684633426980&CODE_STATE=getMsg HTTP/1.1" 200 27
116.224.158.100 - - [21/May/2023:09:51:54 +0800] "GET /xingrg/all/function/internal_message.html?_=1684633747451&CODE_STATE=getMsg HTTP/1.1" 200 27
180.164.3.199 - - [21/May/2023:09:51:55 +0800] "GET /xingrg/check_reg.html?_=1684633915396 HTTP/1.1" 200 22
180.164.3.199 - - [21/May/2023:09:51:55 +0800] "GET /xingrg/all/function/internal_message.html?_=1684633915398&CODE_STATE=getMsg HTTP/1.1" 200 27
101.229.22.40 - - [21/May/2023:09:51:55 +0800] "GET /xingrg/all/function/internal_message.html?_=1684633914842&CODE_STATE=getMsg HTTP/1.1" 200 27
114.83.218.112 - - [21/May/2023:09:51:55 +0800] "POST /xingrg/kc/buy/cgsh_order_operate.html HTTP/1.1" 200 12
124.79.74.67 - - [21/May/2023:09:51:59 +0800] "GET /xingrg/all/function/internal_message.html?_=1684633919350&CODE_STATE=getMsg HTTP/1.1" 200 27
180.164.3.199 - - [21/May/2023:09:52:00 +0800] "GET /xingrg/kc/buy/cgsh_order_operate.html?command=get_materiel&rest_code=00108&code=00101008108&supplier_code=00100007&order_time=2023-05-21 HTTP/1.1" 200 412
116.238.139.35 - - [21/May/2023:09:52:05 +0800] "GET /xingrg/all/function/internal_message.html?_=1684633924100&CODE_STATE=getMsg HTTP/1.1" 200 27
114.83.218.112 - - [21/May/2023:09:52:06 +0800] "GET /xingrg/kc/buy/cgsh_order_info.html?code=212023052107732 HTTP/1.1" 200 66448
114.83.218.112 - - [21/May/2023:09:52:07 +0800] "GET /xingrg/words/20230521092638_words.js HTTP/1.1" 304 -
114.83.218.112 - - [21/May/2023:09:52:07 +0800] "GET /xingrg/javascript/easyui/themes/default/validatebox.css HTTP/1.1" 404 1104
120.253.135.82 - - [21/May/2023:09:52:07 +0800] "GET /xingrg/all/function/internal_message.html?_=1684633764310&CODE_STATE=getMsg HTTP/1.1" 200 27
172.20.0.100 - - [21/May/2023:09:52:08 +0800] "GET /xingrg/check_reg.html?_=1684633946898 HTTP/1.1" 302 -
114.83.218.112 - - [21/May/2023:09:52:08 +0800] "POST /xingrg/kc/buy/cgsh_order_operate.html HTTP/1.1" 200 606
116.238.139.35 - - [21/May/2023:09:52:08 +0800] "GET /xingrg/check_reg.html?_=1684633847506 HTTP/1.1" 200 22
222.70.168.127 - - [21/May/2023:09:52:09 +0800] "POST /xingrg/services/DataTransmitService HTTP/1.1" 200 501
180.164.3.199 - - [21/May/2023:09:52:10 +0800] "GET /xingrg/kc/buy/cgsh_order_operate.html?command=get_materiel&rest_code=00108&code=00101010136&supplier_code=00100007&order_time=2023-05-21 HTTP/1.1" 200 408
58.39.41.124 - - [21/May/2023:09:52:10 +0800] "GET /xingrg/kc/buy/cgsh_order_operate.html?command=get_materiel&rest_code=00102&code=00101011010&supplier_code=00100047&order_time=2023-05-21 HTTP/1.1" 200 418
114.83.218.112 - - [21/May/2023:09:52:11 +0800] "GET /xingrg/kc/print/load_data.html?order_code=212023052107732&kc_code=cgsh&condition= HTTP/1.1" 200 717
116.238.139.35 - - [21/May/2023:09:52:11 +0800] "GET /xingrg/all/function/internal_message.html?_=1684633850602&CODE_STATE=getMsg HTTP/1.1" 200 27
120.253.135.82 - - [21/May/2023:09:52:12 +0800] "GET /xingrg/all/function/internal_message.html?_=1684634070773&CODE_STATE=getMsg HTTP/1.1" 200 27
116.232.195.127 - - [21/May/2023:09:52:17 +0800] "GET /xingrg/kc/print/load_config.html?_=1684633979727&kc_code=check HTTP/1.1" 200 2488
222.70.168.127 - - [21/May/2023:09:52:17 +0800] "POST /xingrg/services/DataTransmitService HTTP/1.1" 200 524
116.232.195.127 - - [21/May/2023:09:52:18 +0800] "GET /xingrg/kc/print/load_data.html?_=1684633980060&order_code=452023052100160&kc_code=check&condition= HTTP/1.1" 200 1218601
222.70.168.127 - - [21/May/2023:09:52:18 +0800] "POST /xingrg/services/DataTransmitService HTTP/1.1" 200 2335
101.83.240.234 - - [21/May/2023:09:52:20 +0800] "GET /xingrg/kc/buy/cgsh_order_add.html HTTP/1.1" 200 70655
101.83.240.234 - - [21/May/2023:09:52:20 +0800] "GET /xingrg/words/20230521092638_words.js HTTP/1.1" 304 -
101.83.240.234 - - [21/May/2023:09:52:21 +0800] "POST /xingrg/kc/buy/cgsh_order_operate.html HTTP/1.1" 200 8245
101.83.240.234 - - [21/May/2023:09:52:21 +0800] "GET /xingrg/javascript/easyui/themes/default/validatebox.css HTTP/1.1" 404 1104
180.164.3.199 - - [21/May/2023:09:52:22 +0800] "GET /xingrg/kc/buy/cgsh_order_operate.html?command=get_materiel&rest_code=00108&code=00101008210&supplier_code=00100007&order_time=2023-05-21 HTTP/1.1" 200 408
114.83.218.112 - - [21/May/2023:09:52:23 +0800] "GET /xingrg/all/function/internal_message.html?_=1684633943873&CODE_STATE=getMsg HTTP/1.1" 200 27
222.70.168.127 - - [21/May/2023:09:52:28 +0800] "POST /xingrg/services/DataTransmitService HTTP/1.1" 200 524
180.164.3.199 - - [21/May/2023:09:52:31 +0800] "GET /xingrg/kc/buy/cgsh_order_operate.html?command=get_materiel&rest_code=00108&code=00101008270&supplier_code=00100007&order_time=2023-05-21 HTTP/1.1" 200 412
58.39.41.124 - - [21/May/2023:09:52:37 +0800] "POST /xingrg/kc/buy/cgsh_order_operate.html HTTP/1.1" 200 37
222.70.168.127 - - [21/May/2023:09:52:37 +0800] "GET /xingrg/all/function/internal_message.html?_=1684633987171&CODE_STATE=getMsg HTTP/1.1" 200 27
116.224.158.100 - - [21/May/2023:09:52:39 +0800] "GET /xingrg/all/function/internal_message.html?_=1684633959826&CODE_STATE=getMsg HTTP/1.1" 200 27
180.164.3.199 - - [21/May/2023:09:52:43 +0800] "GET /xingrg/kc/buy/cgsh_order_operate.html?command=get_materiel&rest_code=00108&code=00101008355&supplier_code=00100007&order_time=2023-05-21 HTTP/1.1" 200 408
222.70.168.127 - - [21/May/2023:09:52:51 +0800] "POST /xingrg/services/DataTransmitService HTTP/1.1" 200 501
180.169.147.146 - - [21/May/2023:09:52:52 +0800] "GET /xingrg/all/function/internal_message.html?_=1684633965091&CODE_STATE=getMsg HTTP/1.1" 200 27
101.83.240.234 - - [21/May/2023:09:52:52 +0800] "GET /xingrg/all/function/internal_message.html?_=1684634068853&CODE_STATE=getMsg HTTP/1.1" 200 27
124.79.240.114 - - [21/May/2023:09:52:53 +0800] "GET /xingrg/all/function/internal_message.html?_=1684634251609&CODE_STATE=getMsg HTTP/1.1" 200 27
222.67.238.82 - - [21/May/2023:09:52:53 +0800] "GET /xingrg/all/function/internal_message.html?_=1684633486979&CODE_STATE=getMsg HTTP/1.1" 200 27
222.67.238.82 - - [21/May/2023:09:52:53 +0800] "GET /xingrg/check_reg.html?_=1684633486980 HTTP/1.1" 200 22
222.70.168.127 - - [21/May/2023:09:52:53 +0800] "POST /xingrg/services/DataTransmitService HTTP/1.1" 200 524
116.224.158.100 - - [21/May/2023:09:52:54 +0800] "GET /xingrg/all/function/internal_message.html?_=1684633807455&CODE_STATE=getMsg HTTP/1.1" 200 27
116.224.158.100 - - [21/May/2023:09:52:54 +0800] "GET /xingrg/check_reg.html?_=1684633807459 HTTP/1.1" 200 22
222.70.168.127 - - [21/May/2023:09:52:55 +0800] "POST /xingrg/services/DataTransmitService HTTP/1.1" 200 501
180.164.3.199 - - [21/May/2023:09:52:55 +0800] "GET /xingrg/all/function/internal_message.html?_=1684633975401&CODE_STATE=getMsg HTTP/1.1" 200 27
101.229.22.40 - - [21/May/2023:09:52:56 +0800] "GET /xingrg/all/function/internal_message.html?_=1684633974867&CODE_STATE=getMsg HTTP/1.1" 200 27
180.164.3.199 - - [21/May/2023:09:52:56 +0800] "GET /xingrg/kc/buy/cgsh_order_operate.html?command=get_materiel&rest_code=00108&code=00101008087&supplier_code=00100007&order_time=2023-05-21 HTTP/1.1" 200 412
222.70.168.127 - - [21/May/2023:09:52:57 +0800] "POST /xingrg/services/DataTransmitService HTTP/1.1" 200 524
180.169.147.146 - - [21/May/2023:09:52:57 +0800] "GET /xingrg/check_reg.html?_=1684633970209 HTTP/1.1" 200 22
222.70.168.127 - - [21/May/2023:09:52:59 +0800] "POST /xingrg/services/DataTransmitService HTTP/1.1" 200 412
124.79.74.67 - - [21/May/2023:09:52:59 +0800] "GET /xingrg/all/function/internal_message.html?_=1684633979349&CODE_STATE=getMsg HTTP/1.1" 200 27
222.70.168.127 - - [21/May/2023:09:53:00 +0800] "POST /xingrg/services/DataTransmitService HTTP/1.1" 200 524
222.70.168.127 - - [21/May/2023:09:53:01 +0800] "POST /xingrg/services/DataTransmitService HTTP/1.1" 200 412
222.70.168.127 - - [21/May/2023:09:53:05 +0800] "POST /xingrg/services/DataTransmitService HTTP/1.1" 200 524
116.238.139.35 - - [21/May/2023:09:53:05 +0800] "GET /xingrg/all/function/internal_message.html?_=1684633984094&CODE_STATE=getMsg HTTP/1.1" 200 27
180.164.3.199 - - [21/May/2023:09:53:06 +0800] "GET /xingrg/kc/buy/cgsh_order_operate.html?command=get_materiel&rest_code=00108&code=00101008257&supplier_code=00100007&order_time=2023-05-21 HTTP/1.1" 200 416
120.253.135.82 - - [21/May/2023:09:53:06 +0800] "GET /xingrg/check_reg.html?_=1684633823068 HTTP/1.1" 200 22
222.70.168.127 - - [21/May/2023:09:53:07 +0800] "POST /xingrg/services/DataTransmitService HTTP/1.1" 200 412
120.253.135.82 - - [21/May/2023:09:53:07 +0800] "GET /xingrg/all/function/internal_message.html?_=1684633824324&CODE_STATE=getMsg HTTP/1.1" 200 27
222.70.168.127 - - [21/May/2023:09:53:08 +0800] "POST /xingrg/services/DataTransmitService HTTP/1.1" 200 524
222.70.168.127 - - [21/May/2023:09:53:09 +0800] "POST /xingrg/services/DataTransmitService HTTP/1.1" 200 412
222.70.168.127 - - [21/May/2023:09:53:09 +0800] "POST /xingrg/services/DataTransmitService HTTP/1.1" 200 524
222.70.168.127 - - [21/May/2023:09:53:11 +0800] "POST /xingrg/services/DataTransmitService HTTP/1.1" 200 412
116.238.139.35 - - [21/May/2023:09:53:11 +0800] "GET /xingrg/all/function/internal_message.html?_=1684633910614&CODE_STATE=getMsg HTTP/1.1" 200 27
116.232.195.127 - - [21/May/2023:09:53:11 +0800] "GET /xingrg/check_reg.html?_=1684633992978 HTTP/1.1" 302 -
120.253.135.82 - - [21/May/2023:09:53:12 +0800] "GET /xingrg/all/function/internal_message.html?_=1684634130778&CODE_STATE=getMsg HTTP/1.1" 200 27
101.83.240.234 - - [21/May/2023:09:53:12 +0800] "POST /xingrg/kc/buy/cgsh_order_operate.html HTTP/1.1" 200 37
222.70.168.127 - - [21/May/2023:09:53:16 +0800] "POST /xingrg/services/DataTransmitService HTTP/1.1" 200 524
58.39.41.124 - - [21/May/2023:09:53:17 +0800] "POST /xingrg/kc/buy/cgsh_order_operate.html HTTP/1.1" 200 12
222.70.168.127 - - [21/May/2023:09:53:17 +0800] "POST /xingrg/services/DataTransmitService HTTP/1.1" 200 412
222.70.168.127 - - [21/May/2023:09:53:18 +0800] "POST /xingrg/services/DataTransmitService HTTP/1.1" 200 524
222.70.168.127 - - [21/May/2023:09:53:19 +0800] "POST /xingrg/services/DataTransmitService HTTP/1.1" 200 412
222.70.168.127 - - [21/May/2023:09:53:20 +0800] "POST /xingrg/services/DataTransmitService HTTP/1.1" 200 524
101.83.240.234 - - [21/May/2023:09:53:20 +0800] "POST /xingrg/kc/buy/cgsh_order_operate.html HTTP/1.1" 200 12
222.70.168.127 - - [21/May/2023:09:53:21 +0800] "POST /xingrg/services/DataTransmitService HTTP/1.1" 200 412
114.83.218.112 - - [21/May/2023:09:53:23 +0800] "GET /xingrg/all/function/internal_message.html?_=1684634003844&CODE_STATE=getMsg HTTP/1.1" 200 27
180.164.3.199 - - [21/May/2023:09:53:24 +0800] "GET /xingrg/kc/buy/cgsh_order_operate.html?command=get_materiel&rest_code=00108&code=00101008077&supplier_code=00100007&order_time=2023-05-21 HTTP/1.1" 200 416
222.70.168.127 - - [21/May/2023:09:53:25 +0800] "POST /xingrg/services/DataTransmitService HTTP/1.1" 200 524
116.224.158.100 - - [21/May/2023:09:53:25 +0800] "GET /xingrg/check_reg.html?_=1684634006216 HTTP/1.1" 200 22
222.70.168.127 - - [21/May/2023:09:53:26 +0800] "POST /xingrg/services/DataTransmitService HTTP/1.1" 200 2335
180.164.3.199 - - [21/May/2023:09:53:32 +0800] "GET /xingrg/kc/buy/cgsh_order_operate.html?command=get_materiel&rest_code=00108&code=00101008005&supplier_code=00100007&order_time=2023-05-21 HTTP/1.1" 200 412
180.164.3.199 - - [21/May/2023:09:53:36 +0800] "POST /xingrg/kc/buy/cgsh_order_operate.html HTTP/1.1" 200 2065
222.70.168.127 - - [21/May/2023:09:53:37 +0800] "GET /xingrg/all/function/internal_message.html?_=1684634047297&CODE_STATE=getMsg HTTP/1.1" 200 27
116.224.158.100 - - [21/May/2023:09:53:39 +0800] "GET /xingrg/all/function/internal_message.html?_=1684634019803&CODE_STATE=getMsg HTTP/1.1" 200 27
114.83.218.112 - - [21/May/2023:09:53:41 +0800] "GET /xingrg/kc/buy/cgsh_order_add.html HTTP/1.1" 200 71539
114.83.218.112 - - [21/May/2023:09:53:41 +0800] "POST /xingrg/kc/buy/cgsh_order_operate.html HTTP/1.1" 200 8245
114.83.218.112 - - [21/May/2023:09:53:41 +0800] "GET /xingrg/javascript/easyui/themes/default/validatebox.css HTTP/1.1" 404 1104
180.164.3.199 - - [21/May/2023:09:53:42 +0800] "GET /xingrg/kc/buy/cgsh_order_operate.html?command=get_materiel&rest_code=00108&code=00101008271&supplier_code=00100007&order_time=2023-05-21 HTTP/1.1" 200 408
116.232.195.127 - - [21/May/2023:09:53:42 +0800] "POST /xingrg/dwr/call/plaincall/AjaxCheckService.clearOrderItem.dwr HTTP/1.1" 200 237
101.83.240.234 - - [21/May/2023:09:53:46 +0800] "GET /xingrg/kc/buy/cgsh_order_info.html?code=212023052107734 HTTP/1.1" 200 65559
101.83.240.234 - - [21/May/2023:09:53:46 +0800] "GET /xingrg/javascript/easyui/themes/default/validatebox.css HTTP/1.1" 404 1104
101.83.240.234 - - [21/May/2023:09:53:47 +0800] "POST /xingrg/kc/buy/cgsh_order_operate.html HTTP/1.1" 200 1782
101.83.240.234 - - [21/May/2023:09:53:51 +0800] "GET /xingrg/kc/print/load_data.html?order_code=212023052107734&kc_code=cgsh&condition= HTTP/1.1" 200 1139
180.169.147.146 - - [21/May/2023:09:53:52 +0800] "GET /xingrg/all/function/internal_message.html?_=1684634025074&CODE_STATE=getMsg HTTP/1.1" 200 27
101.83.240.234 - - [21/May/2023:09:53:52 +0800] "GET /xingrg/all/function/internal_message.html?_=1684634128831&CODE_STATE=getMsg HTTP/1.1" 200 27
124.79.240.114 - - [21/May/2023:09:53:53 +0800] "GET /xingrg/all/function/internal_message.html?_=1684634311609&CODE_STATE=getMsg HTTP/1.1" 200 27
222.67.238.82 - - [21/May/2023:09:53:53 +0800] "GET /xingrg/all/function/internal_message.html?_=1684633547006&CODE_STATE=getMsg HTTP/1.1" 200 27
116.232.195.127 - - [21/May/2023:09:53:53 +0800] "GET /xingrg/index.html?sysBaseUrl=http%3A%2F%2F180.169.147.146%3A18081%2Fxingrg%2F&costTime=1277×tamp=1606817596806 HTTP/1.1" 302 -
116.232.195.127 - - [21/May/2023:09:53:53 +0800] "GET /xingrg/login.html HTTP/1.1" 200 7641
116.232.195.127 - - [21/May/2023:09:53:53 +0800] "GET /favicon.ico HTTP/1.1" 404 -
180.164.3.199 - - [21/May/2023:09:53:54 +0800] "GET /xingrg/kc/buy/cgsh_order_operate.html?command=get_materiel&rest_code=00108&code=00101008288&supplier_code=00100007&order_time=2023-05-21 HTTP/1.1" 200 408
116.224.158.100 - - [21/May/2023:09:53:54 +0800] "GET /xingrg/all/function/internal_message.html?_=1684633867444&CODE_STATE=getMsg HTTP/1.1" 200 27
180.164.3.199 - - [21/May/2023:09:53:55 +0800] "GET /xingrg/all/function/internal_message.html?_=1684634035401&CODE_STATE=getMsg HTTP/1.1" 200 27
101.229.22.40 - - [21/May/2023:09:53:55 +0800] "GET /xingrg/all/function/internal_message.html?_=1684634034861&CODE_STATE=getMsg HTTP/1.1" 200 27
180.157.249.103 - - [21/May/2023:09:53:58 +0800] "GET /xingrg/check_reg.html?_=1684634038615 HTTP/1.1" 302 -
114.83.218.112 - - [21/May/2023:09:53:58 +0800] "GET /xingrg/kc/buy/cgsh_order_operate.html?command=get_materiel&rest_code=00149&code=00101012026&supplier_code=00100096&order_time=2023-05-21 HTTP/1.1" 200 410
124.79.74.67 - - [21/May/2023:09:53:59 +0800] "GET /xingrg/all/function/internal_message.html?_=1684634039348&CODE_STATE=getMsg HTTP/1.1" 200 27
180.164.3.199 - - [21/May/2023:09:54:01 +0800] "GET /xingrg/kc/buy/cgsh_order_operate.html?command=get_materiel&rest_code=00108&code=00101008356&supplier_code=00100007&order_time=2023-05-21 HTTP/1.1" 200 408
116.232.195.127 - - [21/May/2023:09:54:03 +0800] "POST /xingrg/login.do HTTP/1.1" 302 -
116.232.195.127 - - [21/May/2023:09:54:03 +0800] "GET /xingrg/index.html?sysBaseUrl=http%3A%2F%2F180.169.147.146%3A18081%2Fxingrg%2F&costTime=860×tamp=1684634043157 HTTP/1.1" 200 17179
116.232.195.127 - - [21/May/2023:09:54:03 +0800] "GET /favicon.ico HTTP/1.1" 404 -
116.232.195.127 - - [21/May/2023:09:54:03 +0800] "GET /xingrg/all/function/internal_message.html?_=1684634086224&CODE_STATE=count HTTP/1.1" 200 11
116.232.195.127 - - [21/May/2023:09:54:03 +0800] "GET /xingrg/check_reg.html?_=1684634086226 HTTP/1.1" 200 22
116.232.195.127 - - [21/May/2023:09:54:03 +0800] "POST /xingrg/all/common/load_tree.html?tree=area_rest_tree_json&manage=1 HTTP/1.1" 200 479
116.232.195.127 - - [21/May/2023:09:54:03 +0800] "POST /xingrg/load_menu.html HTTP/1.1" 200 5138
116.232.195.127 - - [21/May/2023:09:54:05 +0800] "GET /xingrg/kc/buy/buy_main.html HTTP/1.1" 200 12412
116.232.195.127 - - [21/May/2023:09:54:05 +0800] "GET /xingrg/css/new_ie.css HTTP/1.1" 404 1036
116.238.139.35 - - [21/May/2023:09:54:05 +0800] "GET /xingrg/all/function/internal_message.html?_=1684634044095&CODE_STATE=getMsg HTTP/1.1" 200 27
114.83.218.112 - - [21/May/2023:09:54:06 +0800] "GET /xingrg/kc/buy/cgsh_order_operate.html?command=get_materiel&rest_code=00149&code=00101016030&supplier_code=00100096&order_time=2023-05-21 HTTP/1.1" 200 412
116.232.195.127 - - [21/May/2023:09:54:07 +0800] "GET /xingrg/kc/base/base_main.html HTTP/1.1" 200 12142
120.253.135.82 - - [21/May/2023:09:54:07 +0800] "GET /xingrg/all/function/internal_message.html?_=1684633884339&CODE_STATE=getMsg HTTP/1.1" 200 27
116.238.139.35 - - [21/May/2023:09:54:09 +0800] "GET /xingrg/kc/mdqp/pssh_order_list.html HTTP/1.1" 200 17886
116.232.195.127 - - [21/May/2023:09:54:09 +0800] "GET /xingrg/kc/base/check_order_list.html HTTP/1.1" 200 16223
116.238.139.35 - - [21/May/2023:09:54:09 +0800] "POST /xingrg/kc/mdqp/pssh_list_operate.html HTTP/1.1" 200 5317
116.232.195.127 - - [21/May/2023:09:54:09 +0800] "POST /xingrg/kc/base/check_list_operate.html HTTP/1.1" 200 4257
180.164.3.199 - - [21/May/2023:09:54:11 +0800] "GET /xingrg/kc/buy/cgsh_order_operate.html?command=get_materiel&rest_code=00108&code=00101008286&supplier_code=00100007&order_time=2023-05-21 HTTP/1.1" 200 408
116.238.139.35 - - [21/May/2023:09:54:12 +0800] "GET /xingrg/all/function/internal_message.html?_=1684633970698&CODE_STATE=getMsg HTTP/1.1" 200 27
120.253.135.82 - - [21/May/2023:09:54:12 +0800] "GET /xingrg/all/function/internal_message.html?_=1684634190776&CODE_STATE=getMsg HTTP/1.1" 200 27
120.253.135.82 - - [21/May/2023:09:54:12 +0800] "GET /xingrg/check_reg.html?_=1684634190777 HTTP/1.1" 200 22
116.232.195.127 - - [21/May/2023:09:54:12 +0800] "GET /xingrg/kc/base/check_order_info.html?code=452023052100160 HTTP/1.1" 200 26526
116.232.195.127 - - [21/May/2023:09:54:12 +0800] "GET /xingrg/dwr/interface/AjaxComOrderService.js HTTP/1.1" 200 18264
116.232.195.127 - - [21/May/2023:09:54:12 +0800] "GET /xingrg/dwr/interface/AjaxCheckService.js HTTP/1.1" 200 14003
116.232.195.127 - - [21/May/2023:09:54:12 +0800] "GET /xingrg/dwr/engine.js HTTP/1.1" 200 43631
116.232.195.127 - - [21/May/2023:09:54:12 +0800] "GET /xingrg/dwr/util.js HTTP/1.1" 304 -
58.39.41.124 - - [21/May/2023:09:54:12 +0800] "GET /xingrg/kc/buy/cgsh_order_info.html?code=212023052107733 HTTP/1.1" 200 66393
58.39.41.124 - - [21/May/2023:09:54:12 +0800] "GET /xingrg/javascript/easyui/themes/default/validatebox.css HTTP/1.1" 404 1104
116.232.195.127 - - [21/May/2023:09:54:13 +0800] "POST /xingrg/dwr/call/plaincall/AjaxCheckService.loadOrderItems.dwr HTTP/1.1" 200 4568488
58.39.41.124 - - [21/May/2023:09:54:13 +0800] "POST /xingrg/kc/buy/cgsh_order_operate.html HTTP/1.1" 200 617
116.238.139.35 - - [21/May/2023:09:54:14 +0800] "POST /xingrg/kc/mdqp/pssh_list_operate.html HTTP/1.1" 200 262
116.238.139.35 - - [21/May/2023:09:54:16 +0800] "GET /xingrg/kc/mdqp/pssh_order_info.html?code=312023052000421 HTTP/1.1" 200 17278
116.238.139.35 - - [21/May/2023:09:54:16 +0800] "GET /xingrg/javascript/jquery_tools/jquery-1.4.2.min.js HTTP/1.1" 404 1094
116.238.139.35 - - [21/May/2023:09:54:16 +0800] "GET /xingrg/words/20230521092638_words.js HTTP/1.1" 304 -
116.238.139.35 - - [21/May/2023:09:54:17 +0800] "GET /xingrg/javascript/easyui/themes/default/validatebox.css HTTP/1.1" 404 1104
116.238.139.35 - - [21/May/2023:09:54:17 +0800] "POST /xingrg/kc/mdqp/pssh_order_operate.html HTTP/1.1" 200 537
180.164.3.199 - - [21/May/2023:09:54:18 +0800] "GET /xingrg/kc/buy/cgsh_order_operate.html?command=get_materiel&rest_code=00108&code=00101008213&supplier_code=00100007&order_time=2023-05-21 HTTP/1.1" 200 412
58.39.41.124 - - [21/May/2023:09:54:19 +0800] "GET /xingrg/kc/print/load_data.html?order_code=212023052107733&kc_code=cgsh&condition= HTTP/1.1" 200 746
116.238.139.35 - - [21/May/2023:09:54:21 +0800] "POST /xingrg/all/common/load_combo.html?type=employee HTTP/1.1" 200 280
114.83.218.112 - - [21/May/2023:09:54:22 +0800] "GET /xingrg/kc/buy/cgsh_order_operate.html?command=get_materiel&rest_code=00149&code=00101012028&supplier_code=00100096&order_time=2023-05-21 HTTP/1.1" 200 415
114.83.218.112 - - [21/May/2023:09:54:23 +0800] "GET /xingrg/all/function/internal_message.html?_=1684634063819&CODE_STATE=getMsg HTTP/1.1" 200 27
114.83.218.112 - - [21/May/2023:09:54:23 +0800] "GET /xingrg/check_reg.html?_=1684634063977 HTTP/1.1" 200 22
116.238.139.35 - - [21/May/2023:09:54:24 +0800] "POST /xingrg/kc/mdqp/pssh_order_operate.html HTTP/1.1" 200 37
180.164.3.199 - - [21/May/2023:09:54:27 +0800] "GET /xingrg/kc/buy/cgsh_order_operate.html?command=get_materiel&rest_code=00108&code=00101008101&supplier_code=00100007&order_time=2023-05-21 HTTP/1.1" 200 412
116.238.139.35 - - [21/May/2023:09:54:27 +0800] "POST /xingrg/kc/mdqp/pssh_order_operate.html HTTP/1.1" 200 12
116.238.139.35 - - [21/May/2023:09:54:29 +0800] "GET /xingrg/kc/mdqp/pssh_order_info.html?code=312023052000421 HTTP/1.1" 200 14396
116.238.139.35 - - [21/May/2023:09:54:29 +0800] "GET /xingrg/javascript/jquery_tools/jquery-1.4.2.min.js HTTP/1.1" 404 1094
180.164.3.199 - - [21/May/2023:09:54:29 +0800] "POST /xingrg/kc/buy/cgsh_order_operate.html HTTP/1.1" 200 2065
116.238.139.35 - - [21/May/2023:09:54:29 +0800] "GET /xingrg/javascript/easyui/themes/default/validatebox.css HTTP/1.1" 404 1104
116.238.139.35 - - [21/May/2023:09:54:29 +0800] "POST /xingrg/kc/mdqp/pssh_order_operate.html HTTP/1.1" 200 537
116.238.139.35 - - [21/May/2023:09:54:32 +0800] "GET /xingrg/kc/print/load_data.html?order_code=312023052000421&kc_code=pssh&condition= HTTP/1.1" 200 682
114.83.218.112 - - [21/May/2023:09:54:32 +0800] "GET /xingrg/kc/buy/cgsh_order_operate.html?command=get_materiel&rest_code=00149&code=00101010092&supplier_code=00100096&order_time=2023-05-21 HTTP/1.1" 200 431
58.39.41.124 - - [21/May/2023:09:54:32 +0800] "GET /xingrg/kc/buy/cgsh_order_add.html HTTP/1.1" 200 71486
58.39.41.124 - - [21/May/2023:09:54:32 +0800] "GET /xingrg/words/20230521092638_words.js HTTP/1.1" 304 -
58.39.41.124 - - [21/May/2023:09:54:33 +0800] "POST /xingrg/kc/buy/cgsh_order_operate.html HTTP/1.1" 200 8245
58.39.41.124 - - [21/May/2023:09:54:33 +0800] "GET /xingrg/javascript/easyui/themes/default/validatebox.css HTTP/1.1" 404 1104
120.253.135.82 - - [21/May/2023:09:54:33 +0800] "GET /xingrg/kc/pszx/mdqp_order_list.html?state=10 HTTP/1.1" 200 10715
120.253.135.82 - - [21/May/2023:09:54:33 +0800] "GET /xingrg/dwr/interface/AjaxQqpsService.js HTTP/1.1" 200 16326
120.253.135.82 - - [21/May/2023:09:54:33 +0800] "GET /xingrg/dwr/util.js HTTP/1.1" 304 -
120.253.135.82 - - [21/May/2023:09:54:33 +0800] "GET /xingrg/dwr/interface/AjaxReportQueryService.js HTTP/1.1" 200 13203
120.253.135.82 - - [21/May/2023:09:54:33 +0800] "GET /xingrg/dwr/engine.js HTTP/1.1" 200 43631
180.164.3.199 - - [21/May/2023:09:54:34 +0800] "GET /xingrg/kc/buy/cgsh_order_operate.html?command=get_materiel&rest_code=00108&code=00101008185&supplier_code=00100007&order_time=2023-05-21 HTTP/1.1" 200 408
58.39.41.124 - - [21/May/2023:09:54:36 +0800] "GET /xingrg/javascript/easyui/themes/default/tree.css HTTP/1.1" 404 1090
58.39.41.124 - - [21/May/2023:09:54:36 +0800] "POST /xingrg/all/common/load_tree.html?tree=supplier_tree_json&isDelete=1 HTTP/1.1" 200 74192
101.83.240.234 - - [21/May/2023:09:54:37 +0800] "GET /xingrg/kc/buy/cgsh_order_add.html HTTP/1.1" 200 8212
222.70.168.127 - - [21/May/2023:09:54:37 +0800] "GET /xingrg/all/function/internal_message.html?_=1684634107308&CODE_STATE=getMsg HTTP/1.1" 200 27
116.238.139.35 - - [21/May/2023:09:54:37 +0800] "GET /xingrg/kc/mdqp/pssh_order_list.html?isBack=1 HTTP/1.1" 200 17886
101.83.240.234 - - [21/May/2023:09:54:37 +0800] "GET /xingrg/kc/buy/cgsh_order_add.html HTTP/1.1" 200 70655
101.83.240.234 - - [21/May/2023:09:54:38 +0800] "POST /xingrg/kc/buy/cgsh_order_operate.html HTTP/1.1" 200 8245
101.83.240.234 - - [21/May/2023:09:54:38 +0800] "GET /xingrg/javascript/easyui/themes/default/validatebox.css HTTP/1.1" 404 1104
116.238.139.35 - - [21/May/2023:09:54:38 +0800] "POST /xingrg/kc/mdqp/pssh_list_operate.html HTTP/1.1" 200 5351
116.224.158.100 - - [21/May/2023:09:54:39 +0800] "GET /xingrg/all/function/internal_message.html?_=1684634079783&CODE_STATE=getMsg HTTP/1.1" 200 27
116.238.139.35 - - [21/May/2023:09:54:40 +0800] "POST /xingrg/kc/mdqp/pssh_list_operate.html HTTP/1.1" 200 259
120.253.135.82 - - [21/May/2023:09:54:41 +0800] "GET /xingrg/kc/pszx/mdps_order_list.html?orderType=0 HTTP/1.1" 200 21032
120.253.135.82 - - [21/May/2023:09:54:41 +0800] "POST /xingrg/kc/pszx/mdps_list_operate.html HTTP/1.1" 200 5368
180.164.3.199 - - [21/May/2023:09:54:42 +0800] "GET /xingrg/kc/buy/cgsh_order_operate.html?command=get_materiel&rest_code=00108&code=00101008004&supplier_code=00100007&order_time=2023-05-21 HTTP/1.1" 200 416
120.253.135.82 - - [21/May/2023:09:54:43 +0800] "GET /xingrg/kc/pszx/mdqp_order_list.html?state=10 HTTP/1.1" 200 10715
120.253.135.82 - - [21/May/2023:09:54:43 +0800] "GET /xingrg/dwr/interface/AjaxReportQueryService.js HTTP/1.1" 200 13203
120.253.135.82 - - [21/May/2023:09:54:43 +0800] "GET /xingrg/dwr/engine.js HTTP/1.1" 200 43631
120.253.135.82 - - [21/May/2023:09:54:43 +0800] "GET /xingrg/dwr/interface/AjaxQqpsService.js HTTP/1.1" 200 16326
120.253.135.82 - - [21/May/2023:09:54:46 +0800] "GET /xingrg/kc/report/report_main.html HTTP/1.1" 200 8599
120.253.135.82 - - [21/May/2023:09:54:46 +0800] "GET /xingrg/kc/pszx/mdps_order_add.html HTTP/1.1" 200 29101
120.253.135.82 - - [21/May/2023:09:54:46 +0800] "GET /xingrg/words/20230521092638_words.js HTTP/1.1" 200 965307
120.253.135.82 - - [21/May/2023:09:54:46 +0800] "GET /xingrg/javascript/jquery_ui/themes/humanity/humanity.css HTTP/1.1" 304 -
120.253.135.82 - - [21/May/2023:09:54:47 +0800] "POST /xingrg/kc/pszx/mdps_order_operate.html HTTP/1.1" 200 7126
120.253.135.82 - - [21/May/2023:09:54:47 +0800] "GET /xingrg/javascript/easyui/themes/default/validatebox.css HTTP/1.1" 404 1104
120.253.135.82 - - [21/May/2023:09:54:47 +0800] "GET /xingrg/all/common/auto_word.html?type=base&rest_code=00101 HTTP/1.1" 200 671
120.253.135.82 - - [21/May/2023:09:54:48 +0800] "GET /xingrg/kc/base/kc_stocks.html HTTP/1.1" 200 16506
120.253.135.82 - - [21/May/2023:09:54:48 +0800] "GET /xingrg/javascript/easyui/themes/sunny/easyui.css HTTP/1.1" 304 -
120.253.135.82 - - [21/May/2023:09:54:48 +0800] "POST /xingrg/all/common/load_combo.html?type=base HTTP/1.1" 200 1169
120.253.135.82 - - [21/May/2023:09:54:48 +0800] "GET /xingrg/javascript/easyui/plugins/jquery.draggable.js HTTP/1.1" 304 -
114.83.218.112 - - [21/May/2023:09:54:48 +0800] "GET /xingrg/kc/buy/cgsh_order_operate.html?command=get_materiel&rest_code=00149&code=00101012059&supplier_code=00100096&order_time=2023-05-21 HTTP/1.1" 200 413
120.253.135.82 - - [21/May/2023:09:54:48 +0800] "GET /xingrg/javascript/easyui/plugins/jquery.droppable.js HTTP/1.1" 304 -
120.253.135.82 - - [21/May/2023:09:54:48 +0800] "GET /xingrg/javascript/easyui/themes/default/tree.css HTTP/1.1" 404 1090
120.253.135.82 - - [21/May/2023:09:54:48 +0800] "GET /xingrg/javascript/easyui/plugins/jquery.tree.js HTTP/1.1" 304 -
120.253.135.82 - - [21/May/2023:09:54:49 +0800] "POST /xingrg/all/common/load_tree.html?tree=materiel_sort_tree_json HTTP/1.1" 200 9500
116.238.139.35 - - [21/May/2023:09:54:49 +0800] "GET /xingrg/kc/buy/cgsh_order_list.html HTTP/1.1" 200 55675
180.164.3.199 - - [21/May/2023:09:54:50 +0800] "GET /xingrg/kc/buy/cgsh_order_operate.html?command=get_materiel&rest_code=00108&code=00101008010&supplier_code=00100007&order_time=2023-05-21 HTTP/1.1" 200 412
120.253.135.82 - - [21/May/2023:09:54:50 +0800] "POST /xingrg/all/common/load_combo.html?type=base HTTP/1.1" 200 1169
116.238.139.35 - - [21/May/2023:09:54:51 +0800] "POST /xingrg/kc/buy/cgsh_list_operate.html HTTP/1.1" 200 986
58.39.41.124 - - [21/May/2023:09:54:52 +0800] "GET /xingrg/all/function/internal_message.html?_=1684634091973&CODE_STATE=getMsg HTTP/1.1" 200 27
58.39.41.124 - - [21/May/2023:09:54:52 +0800] "GET /xingrg/check_reg.html?_=1684634092083 HTTP/1.1" 200 22
116.238.139.35 - - [21/May/2023:09:54:52 +0800] "GET /xingrg/kc/buy/cgsh_order_add.html HTTP/1.1" 200 71495
180.169.147.146 - - [21/May/2023:09:54:52 +0800] "GET /xingrg/all/function/internal_message.html?_=1684634085057&CODE_STATE=getMsg HTTP/1.1" 200 27
116.238.139.35 - - [21/May/2023:09:54:52 +0800] "POST /xingrg/kc/buy/cgsh_order_operate.html HTTP/1.1" 200 8245
101.83.240.234 - - [21/May/2023:09:54:52 +0800] "GET /xingrg/all/function/internal_message.html?_=1684634188808&CODE_STATE=getMsg HTTP/1.1" 200 27
116.238.139.35 - - [21/May/2023:09:54:52 +0800] "GET /xingrg/javascript/easyui/themes/default/validatebox.css HTTP/1.1" 404 1104
124.79.240.114 - - [21/May/2023:09:54:53 +0800] "GET /xingrg/all/function/internal_message.html?_=1684634371608&CODE_STATE=getMsg HTTP/1.1" 200 27
222.67.238.82 - - [21/May/2023:09:54:53 +0800] "GET /xingrg/all/function/internal_message.html?_=1684633607005&CODE_STATE=getMsg HTTP/1.1" 200 27
116.224.158.100 - - [21/May/2023:09:54:54 +0800] "GET /xingrg/all/function/internal_message.html?_=1684633927453&CODE_STATE=getMsg HTTP/1.1" 200 27
180.164.3.199 - - [21/May/2023:09:54:55 +0800] "GET /xingrg/all/function/internal_message.html?_=1684634095423&CODE_STATE=getMsg HTTP/1.1" 200 27
101.229.22.40 - - [21/May/2023:09:54:55 +0800] "GET /xingrg/all/function/internal_message.html?_=1684634094844&CODE_STATE=getMsg HTTP/1.1" 200 27
120.253.135.82 - - [21/May/2023:09:54:57 +0800] "GET /xingrg/kc/pszx/mdps_order_operate.html?command=get_materiel&pszx_code=00101&rest_code=&base_code=0010250&code=00102002851 HTTP/1.1" 200 432
180.164.3.199 - - [21/May/2023:09:54:58 +0800] "GET /xingrg/kc/buy/cgsh_order_operate.html?command=get_materiel&rest_code=00108&code=00101008119&supplier_code=00100007&order_time=2023-05-21 HTTP/1.1" 200 412
124.79.74.67 - - [21/May/2023:09:54:59 +0800] "GET /xingrg/all/function/internal_message.html?_=1684634099348&CODE_STATE=getMsg HTTP/1.1" 200 27
124.79.74.67 - - [21/May/2023:09:54:59 +0800] "GET /xingrg/check_reg.html?_=1684634099351 HTTP/1.1" 200 22
116.232.195.127 - - [21/May/2023:09:55:03 +0800] "GET /xingrg/all/function/internal_message.html?_=1684634146232&CODE_STATE=getMsg HTTP/1.1" 200 27
116.238.139.35 - - [21/May/2023:09:55:05 +0800] "GET /xingrg/check_reg.html?_=1684634104098 HTTP/1.1" 200 22
116.238.139.35 - - [21/May/2023:09:55:05 +0800] "GET /xingrg/all/function/internal_message.html?_=1684634104102&CODE_STATE=getMsg HTTP/1.1" 200 27
180.164.3.199 - - [21/May/2023:09:55:07 +0800] "GET /xingrg/kc/buy/cgsh_order_operate.html?command=get_materiel&rest_code=00108&code=00101008038&supplier_code=00100007&order_time=2023-05-21 HTTP/1.1" 200 412
120.253.135.82 - - [21/May/2023:09:55:08 +0800] "GET /xingrg/all/function/internal_message.html?_=1684633944351&CODE_STATE=getMsg HTTP/1.1" 200 27
180.164.3.199 - - [21/May/2023:09:55:09 +0800] "POST /xingrg/kc/buy/cgsh_order_operate.html HTTP/1.1" 200 2065
116.238.139.35 - - [21/May/2023:09:55:10 +0800] "GET /xingrg/kc/buy/cgsh_order_operate.html?command=get_materiel&rest_code=00150&code=00102005525&supplier_code=00100077&order_time=2023-05-21 HTTP/1.1" 200 410
116.238.139.35 - - [21/May/2023:09:55:12 +0800] "GET /xingrg/all/function/internal_message.html?_=1684634030705&CODE_STATE=getMsg HTTP/1.1" 200 27
120.253.135.82 - - [21/May/2023:09:55:12 +0800] "GET /xingrg/all/function/internal_message.html?_=1684634250782&CODE_STATE=getMsg HTTP/1.1" 200 27
114.83.218.112 - - [21/May/2023:09:55:14 +0800] "GET /xingrg/kc/buy/cgsh_order_operate.html?command=get_materiel&rest_code=00149&code=00101006240&supplier_code=00100096&order_time=2023-05-21 HTTP/1.1" 200 424
180.164.3.199 - - [21/May/2023:09:55:19 +0800] "GET /xingrg/kc/buy/cgsh_order_operate.html?command=get_materiel&rest_code=00108&code=00101008354&supplier_code=00100007&order_time=2023-05-21 HTTP/1.1" 200 412
