120.253.135.82 - - [21/May/2023:09:01:26 +0800] "GET /xingrg/javascript/ToolTips.js HTTP/1.1" 304 -
120.253.135.82 - - [21/May/2023:09:01:26 +0800] "GET /xingrg/dwr/engine.js HTTP/1.1" 200 43631
120.253.135.82 - - [21/May/2023:09:01:27 +0800] "GET /xingrg/javascript/jquery_easy_ui/themes/icons/print.png HTTP/1.1" 304 -
120.253.135.82 - - [21/May/2023:09:01:27 +0800] "GET /xingrg/javascript/jquery_easy_ui/themes/default/images/menu_downarrow.png HTTP/1.1" 304 -
120.253.135.82 - - [21/May/2023:09:01:27 +0800] "GET /xingrg/images/blue/button/kc_tab_edit.gif HTTP/1.1" 304 -
120.253.135.82 - - [21/May/2023:09:01:27 +0800] "GET /xingrg/images/blue/button/kc_tab_save.gif HTTP/1.1" 304 -
120.253.135.82 - - [21/May/2023:09:01:27 +0800] "GET /xingrg/images/blue/kc_tab_left.gif HTTP/1.1" 304 -
120.253.135.82 - - [21/May/2023:09:01:27 +0800] "GET /xingrg/images/blue/kc_tab_mid.gif HTTP/1.1" 304 -
120.253.135.82 - - [21/May/2023:09:01:27 +0800] "GET /xingrg/images/blue/kc_tab2_right.gif HTTP/1.1" 304 -
120.253.135.82 - - [21/May/2023:09:01:27 +0800] "GET /xingrg/images/blue/kc_tab_right.gif HTTP/1.1" 304 -
120.253.135.82 - - [21/May/2023:09:01:27 +0800] "GET /xingrg/images/blue/kc_tab2_left.gif HTTP/1.1" 304 -
120.253.135.82 - - [21/May/2023:09:01:27 +0800] "GET /xingrg/images/blue/wait.gif HTTP/1.1" 304 -
120.253.135.82 - - [21/May/2023:09:01:27 +0800] "GET /favicon.ico HTTP/1.1" 404 -
120.253.135.82 - - [21/May/2023:09:01:27 +0800] "GET /xingrg/javascript/jquery_easy_ui/themes/default/images/button_plain_hover.png HTTP/1.1" 304 -
120.253.135.82 - - [21/May/2023:09:01:27 +0800] "POST /xingrg/dwr/call/plaincall/AjaxQqpsService.loadMaterielItems.dwr HTTP/1.1" 200 338
116.224.158.100 - - [21/May/2023:09:01:29 +0800] "GET /xingrg/kc/buy/cgsh_order_add.html HTTP/1.1" 200 71533
116.224.158.100 - - [21/May/2023:09:01:29 +0800] "POST /xingrg/kc/buy/cgsh_order_operate.html HTTP/1.1" 200 8245
116.224.158.100 - - [21/May/2023:09:01:29 +0800] "GET /xingrg/javascript/easyui/themes/default/validatebox.css HTTP/1.1" 404 1104
116.224.158.100 - - [21/May/2023:09:01:29 +0800] "GET /xingrg/all/common/auto_word.html?type=employee&rest_code=00105 HTTP/1.1" 200 193
116.224.158.100 - - [21/May/2023:09:01:29 +0800] "GET /xingrg/all/common/auto_word.html?type=employee&rest_code=00105 HTTP/1.1" 200 193
116.238.139.35 - - [21/May/2023:09:01:30 +0800] "GET /xingrg/kc/buy/cgsh_order_operate.html?command=get_materiel&rest_code=00150&code=00101008694&supplier_code=00100008&order_time=2023-05-21 HTTP/1.1" 200 420
116.238.139.35 - - [21/May/2023:09:01:32 +0800] "POST /xingrg/kc/buy/cgsh_order_operate.html HTTP/1.1" 200 2065
120.253.135.82 - - [21/May/2023:09:01:35 +0800] "GET /xingrg/check_reg.html?_=1684630732298 HTTP/1.1" 200 22
116.238.139.35 - - [21/May/2023:09:01:38 +0800] "GET /xingrg/kc/buy/cgsh_order_operate.html?command=get_materiel&rest_code=00150&code=00101008005&supplier_code=00100008&order_time=2023-05-21 HTTP/1.1" 200 412
116.238.139.35 - - [21/May/2023:09:01:47 +0800] "GET /xingrg/kc/buy/cgsh_order_operate.html?command=get_materiel&rest_code=00150&code=00101008353&supplier_code=00100008&order_time=2023-05-21 HTTP/1.1" 200 408
120.253.135.82 - - [21/May/2023:09:01:48 +0800] "GET /xingrg/all/function/internal_message.html?_=1684630744661&CODE_STATE=getMsg HTTP/1.1" 200 27
116.224.158.100 - - [21/May/2023:09:01:54 +0800] "GET /xingrg/all/function/internal_message.html?_=1684630747401&CODE_STATE=getMsg HTTP/1.1" 200 27
116.238.139.35 - - [21/May/2023:09:01:56 +0800] "GET /xingrg/kc/buy/cgsh_order_operate.html?command=get_materiel&rest_code=00150&code=00101008312&supplier_code=00100008&order_time=2023-05-21 HTTP/1.1" 200 412
116.238.139.35 - - [21/May/2023:09:01:56 +0800] "GET /xingrg/check_reg.html?_=1684630914896 HTTP/1.1" 200 22
116.238.139.35 - - [21/May/2023:09:01:56 +0800] "GET /xingrg/all/function/internal_message.html?_=1684630914899&CODE_STATE=getMsg HTTP/1.1" 200 27
222.70.168.127 - - [21/May/2023:09:01:57 +0800] "GET /xingrg/login.html HTTP/1.1" 200 7641
222.70.168.127 - - [21/May/2023:09:01:57 +0800] "GET /favicon.ico HTTP/1.1" 404 -
222.70.168.127 - - [21/May/2023:09:02:04 +0800] "POST /xingrg/login.do HTTP/1.1" 302 -
222.70.168.127 - - [21/May/2023:09:02:04 +0800] "GET /xingrg/index.html?sysBaseUrl=http%3A%2F%2F180.169.147.146%3A18081%2Fxingrg%2F&costTime=4745×tamp=1684630924829 HTTP/1.1" 200 8212
222.70.168.127 - - [21/May/2023:09:02:06 +0800] "POST /xingrg/login.do HTTP/1.1" 302 -
222.70.168.127 - - [21/May/2023:09:02:06 +0800] "GET /xingrg/index.html?sysBaseUrl=http%3A%2F%2F180.169.147.146%3A18081%2Fxingrg%2F&costTime=1139×tamp=1684630926055 HTTP/1.1" 200 17179
222.70.168.127 - - [21/May/2023:09:02:06 +0800] "GET /xingrg/javascript/jquery_easy_ui/themes/default/easyui.css HTTP/1.1" 304 -
222.70.168.127 - - [21/May/2023:09:02:06 +0800] "GET /xingrg/javascript/jquery_easy_ui/themes/icon.css HTTP/1.1" 304 -
222.70.168.127 - - [21/May/2023:09:02:06 +0800] "GET /xingrg/javascript/jquery-1.4.2.min.js HTTP/1.1" 304 -
222.70.168.127 - - [21/May/2023:09:02:06 +0800] "GET /xingrg/javascript/jquery_easy_ui/jquery.easyui.min.js HTTP/1.1" 304 -
222.70.168.127 - - [21/May/2023:09:02:06 +0800] "GET /xingrg/css/form.css HTTP/1.1" 304 -
222.70.168.127 - - [21/May/2023:09:02:06 +0800] "GET /xingrg/javascript/jquery.form.js HTTP/1.1" 304 -
222.70.168.127 - - [21/May/2023:09:02:06 +0800] "GET /xingrg/javascript/jquery_easy_ui/easyui-lang-zh_CN.js HTTP/1.1" 304 -
222.70.168.127 - - [21/May/2023:09:02:06 +0800] "GET /xingrg/javascript/jquery.utils.js HTTP/1.1" 304 -
222.70.168.127 - - [21/May/2023:09:02:06 +0800] "GET /xingrg/javascript/jquery.timers.js HTTP/1.1" 304 -
222.70.168.127 - - [21/May/2023:09:02:06 +0800] "GET /favicon.ico HTTP/1.1" 404 -
222.70.168.127 - - [21/May/2023:09:02:06 +0800] "GET /xingrg/check_reg.html?_=1684630955840 HTTP/1.1" 200 22
222.70.168.127 - - [21/May/2023:09:02:06 +0800] "POST /xingrg/all/common/load_tree.html?tree=area_rest_tree_json&manage=1 HTTP/1.1" 200 479
222.70.168.127 - - [21/May/2023:09:02:06 +0800] "GET /xingrg/all/function/internal_message.html?_=1684630955839&CODE_STATE=count HTTP/1.1" 200 11
222.70.168.127 - - [21/May/2023:09:02:06 +0800] "POST /xingrg/load_menu.html HTTP/1.1" 200 5138
116.238.139.35 - - [21/May/2023:09:02:06 +0800] "GET /xingrg/kc/buy/cgsh_order_operate.html?command=get_materiel&rest_code=00150&code=00101015006&supplier_code=00100008&order_time=2023-05-21 HTTP/1.1" 200 413
172.20.0.100 - - [21/May/2023:09:02:09 +0800] "GET /xingrg/check_reg.html?_=1684630947118 HTTP/1.1" 302 -
116.238.139.35 - - [21/May/2023:09:02:16 +0800] "GET /xingrg/kc/buy/cgsh_order_operate.html?command=get_materiel&rest_code=00150&code=00101008061&supplier_code=00100008&order_time=2023-05-21 HTTP/1.1" 200 422
222.70.168.127 - - [21/May/2023:09:02:16 +0800] "GET /xingrg/kc/mdqp/qqps_order_list.html HTTP/1.1" 200 9222
222.70.168.127 - - [21/May/2023:09:02:16 +0800] "GET /xingrg/css/blue.css HTTP/1.1" 304 -
222.70.168.127 - - [21/May/2023:09:02:16 +0800] "GET /xingrg/javascript/pic_change.js HTTP/1.1" 304 -
222.70.168.127 - - [21/May/2023:09:02:16 +0800] "GET /xingrg/dwr/interface/AjaxReportQueryService.js HTTP/1.1" 200 13203
222.70.168.127 - - [21/May/2023:09:02:16 +0800] "GET /xingrg/dwr/engine.js HTTP/1.1" 200 43631
222.70.168.127 - - [21/May/2023:09:02:16 +0800] "GET /xingrg/javascript/Calendar.js HTTP/1.1" 304 -
222.70.168.127 - - [21/May/2023:09:02:16 +0800] "GET /xingrg/dwr/util.js HTTP/1.1" 200 35990
222.70.168.127 - - [21/May/2023:09:02:16 +0800] "GET /xingrg/javascript/myfunction.js HTTP/1.1" 304 -
222.70.168.127 - - [21/May/2023:09:02:16 +0800] "GET /xingrg/dwr/interface/AjaxQqpsService.js HTTP/1.1" 200 16326
222.70.168.127 - - [21/May/2023:09:02:16 +0800] "GET /xingrg/javascript/ToolTips.js HTTP/1.1" 304 -
116.224.158.100 - - [21/May/2023:09:02:16 +0800] "GET /xingrg/all/function/internal_message.html?_=1684630937372&CODE_STATE=getMsg HTTP/1.1" 200 27
116.238.139.35 - - [21/May/2023:09:02:17 +0800] "POST /xingrg/kc/buy/cgsh_order_operate.html HTTP/1.1" 200 2065
222.70.168.127 - - [21/May/2023:09:02:19 +0800] "GET /xingrg/kc/mdqp/qqps_order_add.html HTTP/1.1" 200 28069
222.70.168.127 - - [21/May/2023:09:02:19 +0800] "GET /xingrg/javascript/auto/jquery.autocomplete.css HTTP/1.1" 304 -
222.70.168.127 - - [21/May/2023:09:02:19 +0800] "GET /xingrg/javascript/tools/jquery.qtip-1.0.0-rc3.min.js HTTP/1.1" 304 -
222.70.168.127 - - [21/May/2023:09:02:19 +0800] "GET /xingrg/javascript/auto/jquery.autocomplete.js HTTP/1.1" 304 -
222.70.168.127 - - [21/May/2023:09:02:19 +0800] "GET /xingrg/dwr/interface/AjaxComOrderService.js HTTP/1.1" 200 18264
222.70.168.127 - - [21/May/2023:09:02:19 +0800] "GET /xingrg/dwr/interface/AjaxQqpsService.js HTTP/1.1" 200 16326
222.70.168.127 - - [21/May/2023:09:02:19 +0800] "GET /xingrg/javascript/AjaxInfoList.js HTTP/1.1" 304 -
222.70.168.127 - - [21/May/2023:09:02:19 +0800] "GET /xingrg/javascript/Grid.js HTTP/1.1" 304 -
222.70.168.127 - - [21/May/2023:09:02:19 +0800] "GET /xingrg/javascript/print/kc_print.js HTTP/1.1" 304 -
222.70.168.127 - - [21/May/2023:09:02:19 +0800] "GET /xingrg/javascript/print/LodopFuncs.js HTTP/1.1" 304 -
222.70.168.127 - - [21/May/2023:09:02:19 +0800] "GET /xingrg/dwr/engine.js HTTP/1.1" 200 43631
222.70.168.127 - - [21/May/2023:09:02:20 +0800] "GET /xingrg/words/20230519131949_words.js HTTP/1.1" 304 -
116.224.158.100 - - [21/May/2023:09:02:27 +0800] "GET /xingrg/javascript/auto/indicator.gif HTTP/1.1" 404 1066
222.70.168.127 - - [21/May/2023:09:02:33 +0800] "POST /xingrg/dwr/call/plaincall/AjaxQqpsService.saveOrder.dwr HTTP/1.1" 200 78
116.224.158.100 - - [21/May/2023:09:02:35 +0800] "GET /xingrg/kc/buy/cgsh_order_operate.html?command=get_materiel&rest_code=00105&code=00101002027&supplier_code=00100397&order_time=2023-05-21 HTTP/1.1" 200 413
116.238.139.35 - - [21/May/2023:09:02:35 +0800] "GET /xingrg/kc/buy/cgsh_order_operate.html?command=get_materiel&rest_code=00150&code=00101008095&supplier_code=00100008&order_time=2023-05-21 HTTP/1.1" 200 412
222.70.168.127 - - [21/May/2023:09:02:36 +0800] "GET /xingrg/javascript/auto/indicator.gif HTTP/1.1" 404 1066
120.253.135.82 - - [21/May/2023:09:02:38 +0800] "POST /xingrg/kc/pszx/jzcl_ps_operate.html HTTP/1.1" 200 4
120.253.135.82 - - [21/May/2023:09:02:38 +0800] "GET /xingrg/javascript/step/images/navBtn.gif HTTP/1.1" 304 -
120.253.135.82 - - [21/May/2023:09:02:38 +0800] "GET /xingrg/javascript/step/images/navBtn.gif HTTP/1.1" 304 -
222.70.168.127 - - [21/May/2023:09:02:39 +0800] "POST /xingrg/dwr/call/plaincall/AjaxQqpsService.getMaterielByCode.dwr HTTP/1.1" 200 2711
120.253.135.82 - - [21/May/2023:09:02:41 +0800] "GET /xingrg/kc/pszx/mdps_order_list.html HTTP/1.1" 200 21032
120.253.135.82 - - [21/May/2023:09:02:41 +0800] "POST /xingrg/kc/pszx/jzcl_ps_operate.html HTTP/1.1" 200 3805
222.70.168.127 - - [21/May/2023:09:02:41 +0800] "POST /xingrg/dwr/call/plaincall/AjaxQqpsService.saveMaterielItem.dwr HTTP/1.1" 200 78
120.253.135.82 - - [21/May/2023:09:02:41 +0800] "POST /xingrg/kc/pszx/mdps_list_operate.html HTTP/1.1" 200 5240
116.238.139.35 - - [21/May/2023:09:02:42 +0800] "GET /xingrg/kc/buy/cgsh_order_operate.html?command=get_materiel&rest_code=00150&code=00101008110&supplier_code=00100008&order_time=2023-05-21 HTTP/1.1" 200 408
222.70.168.127 - - [21/May/2023:09:02:45 +0800] "POST /xingrg/dwr/call/plaincall/AjaxQqpsService.getMaterielByCode.dwr HTTP/1.1" 200 2680
222.70.168.127 - - [21/May/2023:09:02:48 +0800] "POST /xingrg/dwr/call/plaincall/AjaxQqpsService.saveMaterielItem.dwr HTTP/1.1" 200 78
120.253.135.82 - - [21/May/2023:09:02:48 +0800] "GET /xingrg/all/function/internal_message.html?_=1684630804675&CODE_STATE=getMsg HTTP/1.1" 200 27
116.238.139.35 - - [21/May/2023:09:02:49 +0800] "GET /xingrg/kc/buy/cgsh_order_operate.html?command=get_materiel&rest_code=00150&code=00101008229&supplier_code=00100008&order_time=2023-05-21 HTTP/1.1" 200 420
120.253.135.82 - - [21/May/2023:09:02:49 +0800] "POST /xingrg/kc/pszx/mdps_list_operate.html HTTP/1.1" 200 3136
116.224.158.100 - - [21/May/2023:09:02:50 +0800] "GET /xingrg/kc/buy/cgsh_order_operate.html?command=get_materiel&rest_code=00105&code=00101001023&supplier_code=00100397&order_time=2023-05-21 HTTP/1.1" 200 413
120.253.135.82 - - [21/May/2023:09:02:51 +0800] "POST /xingrg/kc/pszx/mdps_list_operate.html HTTP/1.1" 200 290
120.253.135.82 - - [21/May/2023:09:02:52 +0800] "GET /xingrg/kc/pszx/mdps_order_info.html?code=312023052100434 HTTP/1.1" 200 23972
120.253.135.82 - - [21/May/2023:09:02:53 +0800] "GET /xingrg/javascript/easyui/themes/default/validatebox.css HTTP/1.1" 404 1104
120.253.135.82 - - [21/May/2023:09:02:53 +0800] "POST /xingrg/kc/pszx/mdps_order_operate.html HTTP/1.1" 200 2784
116.224.158.100 - - [21/May/2023:09:02:54 +0800] "GET /xingrg/check_reg.html?_=1684630807392 HTTP/1.1" 200 22
116.224.158.100 - - [21/May/2023:09:02:54 +0800] "GET /xingrg/all/function/internal_message.html?_=1684630807395&CODE_STATE=getMsg HTTP/1.1" 200 27
222.70.168.127 - - [21/May/2023:09:02:55 +0800] "POST /xingrg/dwr/call/plaincall/AjaxQqpsService.getMaterielByCode.dwr HTTP/1.1" 200 2734
120.253.135.82 - - [21/May/2023:09:02:56 +0800] "POST /xingrg/kc/pszx/mdps_order_operate.html HTTP/1.1" 200 37
116.238.139.35 - - [21/May/2023:09:02:56 +0800] "GET /xingrg/all/function/internal_message.html?_=1684630974902&CODE_STATE=getMsg HTTP/1.1" 200 27
120.253.135.82 - - [21/May/2023:09:02:58 +0800] "GET /xingrg/kc/pszx/mdps_order_info.html?code=312023052100434 HTTP/1.1" 200 23972
222.70.168.127 - - [21/May/2023:09:02:58 +0800] "POST /xingrg/dwr/call/plaincall/AjaxQqpsService.saveMaterielItem.dwr HTTP/1.1" 200 78
120.253.135.82 - - [21/May/2023:09:02:58 +0800] "GET /xingrg/javascript/easyui/themes/default/validatebox.css HTTP/1.1" 404 1104
120.253.135.82 - - [21/May/2023:09:02:59 +0800] "POST /xingrg/kc/pszx/mdps_order_operate.html HTTP/1.1" 200 2799
116.238.139.35 - - [21/May/2023:09:03:02 +0800] "GET /xingrg/kc/buy/cgsh_order_operate.html?command=get_materiel&rest_code=00150&code=00101008041&supplier_code=00100008&order_time=2023-05-21 HTTP/1.1" 200 408
120.253.135.82 - - [21/May/2023:09:03:03 +0800] "POST /xingrg/kc/pszx/mdps_list_operate.html HTTP/1.1" 200 206
120.253.135.82 - - [21/May/2023:09:03:05 +0800] "GET /xingrg/kc/pszx/mdps_order_info.html?code=312023052100435 HTTP/1.1" 200 23972
222.70.168.127 - - [21/May/2023:09:03:05 +0800] "POST /xingrg/dwr/call/plaincall/AjaxQqpsService.getMaterielByCode.dwr HTTP/1.1" 200 2717
120.253.135.82 - - [21/May/2023:09:03:05 +0800] "GET /xingrg/javascript/easyui/themes/default/validatebox.css HTTP/1.1" 404 1104
120.253.135.82 - - [21/May/2023:09:03:06 +0800] "POST /xingrg/kc/pszx/mdps_order_operate.html HTTP/1.1" 200 2276
222.70.168.127 - - [21/May/2023:09:03:06 +0800] "GET /xingrg/all/function/internal_message.html?_=1684631015851&CODE_STATE=getMsg HTTP/1.1" 200 27
116.224.158.100 - - [21/May/2023:09:03:06 +0800] "GET /xingrg/kc/buy/cgsh_order_operate.html?command=get_materiel&rest_code=00105&code=00101001010&supplier_code=00100397&order_time=2023-05-21 HTTP/1.1" 200 409
114.83.218.112 - - [21/May/2023:09:03:06 +0800] "GET /xingrg/login.html HTTP/1.1" 200 7641
114.83.218.112 - - [21/May/2023:09:03:07 +0800] "GET /favicon.ico HTTP/1.1" 404 -
120.253.135.82 - - [21/May/2023:09:03:08 +0800] "POST /xingrg/kc/pszx/mdps_order_operate.html HTTP/1.1" 200 37
120.253.135.82 - - [21/May/2023:09:03:10 +0800] "GET /xingrg/kc/pszx/mdps_order_info.html?code=312023052100435 HTTP/1.1" 200 23972
120.253.135.82 - - [21/May/2023:09:03:11 +0800] "GET /xingrg/javascript/easyui/themes/default/validatebox.css HTTP/1.1" 404 1104
116.238.139.35 - - [21/May/2023:09:03:11 +0800] "GET /xingrg/kc/buy/cgsh_order_operate.html?command=get_materiel&rest_code=00150&code=00101008283&supplier_code=00100008&order_time=2023-05-21 HTTP/1.1" 200 408
120.253.135.82 - - [21/May/2023:09:03:11 +0800] "POST /xingrg/kc/pszx/mdps_order_operate.html HTTP/1.1" 200 2283
116.232.195.127 - - [21/May/2023:09:03:12 +0800] "GET /xingrg/check_reg.html?_=1684630993136 HTTP/1.1" 302 -
116.238.139.35 - - [21/May/2023:09:03:15 +0800] "POST /xingrg/kc/buy/cgsh_order_operate.html HTTP/1.1" 200 2065
120.253.135.82 - - [21/May/2023:09:03:15 +0800] "POST /xingrg/kc/pszx/mdps_list_operate.html HTTP/1.1" 200 3136
116.224.158.100 - - [21/May/2023:09:03:16 +0800] "GET /xingrg/all/function/internal_message.html?_=1684630997387&CODE_STATE=getMsg HTTP/1.1" 200 27
120.253.135.82 - - [21/May/2023:09:03:17 +0800] "POST /xingrg/kc/pszx/mdps_list_operate.html HTTP/1.1" 200 206
222.70.168.127 - - [21/May/2023:09:03:17 +0800] "POST /xingrg/dwr/call/plaincall/AjaxQqpsService.saveMaterielItem.dwr HTTP/1.1" 200 78
114.83.218.112 - - [21/May/2023:09:03:18 +0800] "POST /xingrg/login.do HTTP/1.1" 302 -
114.83.218.112 - - [21/May/2023:09:03:18 +0800] "GET /xingrg/index.html?sysBaseUrl=http%3A%2F%2F180.169.147.146%3A18081%2Fxingrg%2F&costTime=2480×tamp=1684630998231 HTTP/1.1" 200 17179
114.83.218.112 - - [21/May/2023:09:03:18 +0800] "GET /favicon.ico HTTP/1.1" 404 -
58.39.41.124 - - [21/May/2023:09:03:18 +0800] "GET /xingrg/login.html HTTP/1.1" 200 7641
114.83.218.112 - - [21/May/2023:09:03:18 +0800] "GET /xingrg/check_reg.html?_=1684630998689 HTTP/1.1" 200 22
114.83.218.112 - - [21/May/2023:09:03:18 +0800] "POST /xingrg/all/common/load_tree.html?tree=area_rest_tree_json&manage=1 HTTP/1.1" 200 351
114.83.218.112 - - [21/May/2023:09:03:18 +0800] "GET /xingrg/all/function/internal_message.html?_=1684630998687&CODE_STATE=count HTTP/1.1" 200 11
114.83.218.112 - - [21/May/2023:09:03:18 +0800] "POST /xingrg/load_menu.html HTTP/1.1" 200 5138
58.39.41.124 - - [21/May/2023:09:03:18 +0800] "GET /favicon.ico HTTP/1.1" 404 -
120.253.135.82 - - [21/May/2023:09:03:19 +0800] "POST /xingrg/kc/pszx/mdps_list_operate.html HTTP/1.1" 200 619
116.224.158.100 - - [21/May/2023:09:03:20 +0800] "POST /xingrg/kc/buy/cgsh_order_operate.html HTTP/1.1" 200 37
120.253.135.82 - - [21/May/2023:09:03:21 +0800] "GET /xingrg/kc/pszx/mdps_order_info.html?code=312023052100436 HTTP/1.1" 200 23972
58.39.41.124 - - [21/May/2023:09:03:21 +0800] "POST /xingrg/login.do HTTP/1.1" 302 -
58.39.41.124 - - [21/May/2023:09:03:21 +0800] "GET /xingrg/index.html?sysBaseUrl=http%3A%2F%2F180.169.147.146%3A18081%2Fxingrg%2F&costTime=1439×tamp=1684631001521 HTTP/1.1" 200 17173
58.39.41.124 - - [21/May/2023:09:03:21 +0800] "GET /favicon.ico HTTP/1.1" 404 -
58.39.41.124 - - [21/May/2023:09:03:21 +0800] "GET /xingrg/check_reg.html?_=1684631035789 HTTP/1.1" 200 22
120.253.135.82 - - [21/May/2023:09:03:22 +0800] "GET /xingrg/javascript/easyui/themes/default/validatebox.css HTTP/1.1" 404 1104
58.39.41.124 - - [21/May/2023:09:03:22 +0800] "POST /xingrg/all/common/load_tree.html?tree=area_rest_tree_json&manage=1 HTTP/1.1" 200 342
58.39.41.124 - - [21/May/2023:09:03:22 +0800] "GET /xingrg/all/function/internal_message.html?_=1684631035788&CODE_STATE=count HTTP/1.1" 200 11
58.39.41.124 - - [21/May/2023:09:03:22 +0800] "POST /xingrg/load_menu.html HTTP/1.1" 200 5138
120.253.135.82 - - [21/May/2023:09:03:22 +0800] "POST /xingrg/kc/pszx/mdps_order_operate.html HTTP/1.1" 200 5744
222.70.168.127 - - [21/May/2023:09:03:23 +0800] "POST /xingrg/dwr/call/plaincall/AjaxQqpsService.getMaterielByCode.dwr HTTP/1.1" 200 2726
120.253.135.82 - - [21/May/2023:09:03:23 +0800] "POST /xingrg/all/common/load_combo.html?type=base HTTP/1.1" 200 1169
116.224.158.100 - - [21/May/2023:09:03:24 +0800] "POST /xingrg/kc/buy/cgsh_order_operate.html HTTP/1.1" 200 3845
58.39.41.124 - - [21/May/2023:09:03:25 +0800] "GET /xingrg/kc/mdqp/qqps_order_list.html HTTP/1.1" 200 9222
58.39.41.124 - - [21/May/2023:09:03:25 +0800] "GET /xingrg/dwr/interface/AjaxQqpsService.js HTTP/1.1" 200 16326
58.39.41.124 - - [21/May/2023:09:03:25 +0800] "GET /xingrg/dwr/interface/AjaxReportQueryService.js HTTP/1.1" 200 13203
58.39.41.124 - - [21/May/2023:09:03:25 +0800] "GET /xingrg/dwr/engine.js HTTP/1.1" 200 43631
58.39.41.124 - - [21/May/2023:09:03:25 +0800] "GET /xingrg/dwr/util.js HTTP/1.1" 200 35990
222.70.168.127 - - [21/May/2023:09:03:26 +0800] "POST /xingrg/dwr/call/plaincall/AjaxQqpsService.saveMaterielItem.dwr HTTP/1.1" 200 79
120.253.135.82 - - [21/May/2023:09:03:28 +0800] "POST /xingrg/kc/pszx/mdps_order_operate.html HTTP/1.1" 200 37
116.238.139.35 - - [21/May/2023:09:03:29 +0800] "GET /xingrg/kc/buy/cgsh_order_operate.html?command=get_materiel&rest_code=00150&code=00101008358&supplier_code=00100008&order_time=2023-05-21 HTTP/1.1" 200 412
120.253.135.82 - - [21/May/2023:09:03:29 +0800] "GET /xingrg/kc/pszx/mdps_order_info.html?code=312023052100436 HTTP/1.1" 200 23972
58.39.41.124 - - [21/May/2023:09:03:30 +0800] "GET /xingrg/kc/mdqp/qqps_order_add.html HTTP/1.1" 200 28307
58.39.41.124 - - [21/May/2023:09:03:30 +0800] "GET /xingrg/dwr/interface/AjaxComOrderService.js HTTP/1.1" 200 18264
58.39.41.124 - - [21/May/2023:09:03:30 +0800] "GET /xingrg/dwr/interface/AjaxQqpsService.js HTTP/1.1" 200 16326
58.39.41.124 - - [21/May/2023:09:03:30 +0800] "GET /xingrg/dwr/engine.js HTTP/1.1" 200 43631
58.39.41.124 - - [21/May/2023:09:03:30 +0800] "GET /xingrg/words/20230519131949_words.js HTTP/1.1" 304 -
120.253.135.82 - - [21/May/2023:09:03:30 +0800] "GET /xingrg/javascript/easyui/themes/default/validatebox.css HTTP/1.1" 404 1104
120.253.135.82 - - [21/May/2023:09:03:30 +0800] "POST /xingrg/kc/pszx/mdps_order_operate.html HTTP/1.1" 200 5810
222.70.168.127 - - [21/May/2023:09:03:31 +0800] "POST /xingrg/dwr/call/plaincall/AjaxQqpsService.getMaterielByCode.dwr HTTP/1.1" 200 2733
222.70.168.127 - - [21/May/2023:09:03:33 +0800] "POST /xingrg/dwr/call/plaincall/AjaxQqpsService.saveMaterielItem.dwr HTTP/1.1" 200 79
114.83.218.112 - - [21/May/2023:09:03:35 +0800] "GET /xingrg/kc/buy/cgsh_order_list.html HTTP/1.1" 200 55675
58.39.41.124 - - [21/May/2023:09:03:38 +0800] "POST /xingrg/dwr/call/plaincall/AjaxQqpsService.saveOrder.dwr HTTP/1.1" 200 78
114.83.218.112 - - [21/May/2023:09:03:38 +0800] "POST /xingrg/kc/buy/cgsh_list_operate.html HTTP/1.1" 200 986
116.238.139.35 - - [21/May/2023:09:03:39 +0800] "GET /xingrg/kc/buy/cgsh_order_operate.html?command=get_materiel&rest_code=00150&code=00101008296&supplier_code=00100008&order_time=2023-05-21 HTTP/1.1" 200 416
222.70.168.127 - - [21/May/2023:09:03:40 +0800] "POST /xingrg/dwr/call/plaincall/AjaxQqpsService.getMaterielByCode.dwr HTTP/1.1" 200 2767
222.70.168.127 - - [21/May/2023:09:03:42 +0800] "POST /xingrg/dwr/call/plaincall/AjaxQqpsService.saveMaterielItem.dwr HTTP/1.1" 200 79
58.39.41.124 - - [21/May/2023:09:03:44 +0800] "GET /xingrg/javascript/auto/indicator.gif HTTP/1.1" 404 1066
116.224.158.100 - - [21/May/2023:09:03:45 +0800] "POST /xingrg/kc/buy/cgsh_order_operate.html HTTP/1.1" 200 37
58.39.41.124 - - [21/May/2023:09:03:47 +0800] "POST /xingrg/dwr/call/plaincall/AjaxQqpsService.getMaterielByCode.dwr HTTP/1.1" 200 2752
120.253.135.82 - - [21/May/2023:09:03:48 +0800] "GET /xingrg/all/function/internal_message.html?_=1684630864689&CODE_STATE=getMsg HTTP/1.1" 200 27
58.39.41.124 - - [21/May/2023:09:03:50 +0800] "POST /xingrg/dwr/call/plaincall/AjaxQqpsService.saveMaterielItem.dwr HTTP/1.1" 200 78
222.70.168.127 - - [21/May/2023:09:03:50 +0800] "POST /xingrg/dwr/call/plaincall/AjaxQqpsService.getMaterielByCode.dwr HTTP/1.1" 200 2722
222.70.168.127 - - [21/May/2023:09:03:52 +0800] "POST /xingrg/dwr/call/plaincall/AjaxQqpsService.saveMaterielItem.dwr HTTP/1.1" 200 79
116.224.158.100 - - [21/May/2023:09:03:54 +0800] "GET /xingrg/all/function/internal_message.html?_=1684630867400&CODE_STATE=getMsg HTTP/1.1" 200 27
58.39.41.124 - - [21/May/2023:09:03:55 +0800] "POST /xingrg/dwr/call/plaincall/AjaxQqpsService.getMaterielByCode.dwr HTTP/1.1" 200 2698
116.238.139.35 - - [21/May/2023:09:03:56 +0800] "GET /xingrg/all/function/internal_message.html?_=1684631034898&CODE_STATE=getMsg HTTP/1.1" 200 27
114.83.218.112 - - [21/May/2023:09:03:58 +0800] "GET /xingrg/kc/buy/cgsh_order_add.html HTTP/1.1" 200 71539
114.83.218.112 - - [21/May/2023:09:03:58 +0800] "GET /xingrg/words/20230519131949_words.js HTTP/1.1" 304 -
114.83.218.112 - - [21/May/2023:09:03:58 +0800] "POST /xingrg/kc/buy/cgsh_order_operate.html HTTP/1.1" 200 8245
114.83.218.112 - - [21/May/2023:09:03:58 +0800] "GET /xingrg/javascript/easyui/themes/default/validatebox.css HTTP/1.1" 404 1104
180.157.249.103 - - [21/May/2023:09:03:58 +0800] "GET /xingrg/check_reg.html?_=1684631038674 HTTP/1.1" 302 -
114.83.218.112 - - [21/May/2023:09:03:58 +0800] "GET /xingrg/all/common/auto_word.html?type=employee&rest_code=00149 HTTP/1.1" 200 197
114.83.218.112 - - [21/May/2023:09:03:58 +0800] "GET /xingrg/all/common/auto_word.html?type=employee&rest_code=00149 HTTP/1.1" 200 197
58.39.41.124 - - [21/May/2023:09:03:58 +0800] "POST /xingrg/dwr/call/plaincall/AjaxQqpsService.saveMaterielItem.dwr HTTP/1.1" 200 78
222.70.168.127 - - [21/May/2023:09:03:59 +0800] "POST /xingrg/dwr/call/plaincall/AjaxQqpsService.getMaterielByCode.dwr HTTP/1.1" 200 2755
222.70.168.127 - - [21/May/2023:09:04:01 +0800] "POST /xingrg/dwr/call/plaincall/AjaxQqpsService.saveMaterielItem.dwr HTTP/1.1" 200 79
58.39.41.124 - - [21/May/2023:09:04:01 +0800] "POST /xingrg/dwr/call/plaincall/AjaxQqpsService.getMaterielByCode.dwr HTTP/1.1" 200 2682
116.224.158.100 - - [21/May/2023:09:04:02 +0800] "POST /xingrg/kc/buy/cgsh_order_operate.html HTTP/1.1" 200 4434
222.70.168.127 - - [21/May/2023:09:04:06 +0800] "GET /xingrg/all/function/internal_message.html?_=1684631075865&CODE_STATE=getMsg HTTP/1.1" 200 27
58.39.41.124 - - [21/May/2023:09:04:06 +0800] "POST /xingrg/dwr/call/plaincall/AjaxQqpsService.saveMaterielItem.dwr HTTP/1.1" 200 78
58.39.41.124 - - [21/May/2023:09:04:08 +0800] "POST /xingrg/dwr/call/plaincall/AjaxQqpsService.checkOrder.dwr HTTP/1.1" 200 78
222.70.168.127 - - [21/May/2023:09:04:10 +0800] "POST /xingrg/dwr/call/plaincall/AjaxQqpsService.getMaterielByCode.dwr HTTP/1.1" 200 2746
114.83.218.112 - - [21/May/2023:09:04:10 +0800] "GET /xingrg/javascript/auto/indicator.gif HTTP/1.1" 404 1066
58.39.41.124 - - [21/May/2023:09:04:11 +0800] "GET /xingrg/kc/mdqp/qqps_order_info.html?code=302023052100338 HTTP/1.1" 200 26710
58.39.41.124 - - [21/May/2023:09:04:11 +0800] "GET /xingrg/dwr/interface/AjaxComOrderService.js HTTP/1.1" 200 18264
58.39.41.124 - - [21/May/2023:09:04:11 +0800] "GET /xingrg/dwr/interface/AjaxQqpsService.js HTTP/1.1" 200 16326
58.39.41.124 - - [21/May/2023:09:04:11 +0800] "GET /xingrg/dwr/engine.js HTTP/1.1" 200 43631
114.83.218.112 - - [21/May/2023:09:04:11 +0800] "GET /xingrg/javascript/jquery_tools/images/prev.gif HTTP/1.1" 404 1086
114.83.218.112 - - [21/May/2023:09:04:11 +0800] "GET /xingrg/javascript/jquery_tools/images/next.gif HTTP/1.1" 404 1086
58.39.41.124 - - [21/May/2023:09:04:12 +0800] "POST /xingrg/dwr/call/plaincall/AjaxQqpsService.loadMaterielItems.dwr HTTP/1.1" 200 886
222.70.168.127 - - [21/May/2023:09:04:13 +0800] "POST /xingrg/dwr/call/plaincall/AjaxQqpsService.saveMaterielItem.dwr HTTP/1.1" 200 79
58.39.41.124 - - [21/May/2023:09:04:14 +0800] "GET /xingrg/kc/mdqp/qqps_order_add.html HTTP/1.1" 200 28307
58.39.41.124 - - [21/May/2023:09:04:14 +0800] "GET /xingrg/dwr/interface/AjaxComOrderService.js HTTP/1.1" 200 18264
58.39.41.124 - - [21/May/2023:09:04:14 +0800] "GET /xingrg/dwr/interface/AjaxQqpsService.js HTTP/1.1" 200 16326
58.39.41.124 - - [21/May/2023:09:04:14 +0800] "GET /xingrg/dwr/engine.js HTTP/1.1" 200 43631
116.224.158.100 - - [21/May/2023:09:04:16 +0800] "GET /xingrg/all/function/internal_message.html?_=1684631057396&CODE_STATE=getMsg HTTP/1.1" 200 27
114.83.218.112 - - [21/May/2023:09:04:18 +0800] "GET /xingrg/kc/buy/cgsh_order_operate.html?command=get_materiel&rest_code=00149&code=00101008323&supplier_code=00100008&order_time=2023-05-21 HTTP/1.1" 200 408
114.83.218.112 - - [21/May/2023:09:04:18 +0800] "GET /xingrg/all/function/internal_message.html?_=1684631058743&CODE_STATE=getMsg HTTP/1.1" 200 27
222.70.168.127 - - [21/May/2023:09:04:20 +0800] "POST /xingrg/dwr/call/plaincall/AjaxQqpsService.getMaterielByCode.dwr HTTP/1.1" 200 2713
58.39.41.124 - - [21/May/2023:09:04:21 +0800] "GET /xingrg/all/function/internal_message.html?_=1684631095790&CODE_STATE=getMsg HTTP/1.1" 200 27
58.39.41.124 - - [21/May/2023:09:04:22 +0800] "POST /xingrg/dwr/call/plaincall/AjaxQqpsService.saveOrder.dwr HTTP/1.1" 200 78
222.70.168.127 - - [21/May/2023:09:04:22 +0800] "POST /xingrg/dwr/call/plaincall/AjaxQqpsService.saveMaterielItem.dwr HTTP/1.1" 200 79
120.253.135.82 - - [21/May/2023:09:04:27 +0800] "POST /xingrg/kc/pszx/mdps_list_operate.html HTTP/1.1" 200 3136
222.70.168.127 - - [21/May/2023:09:04:28 +0800] "POST /xingrg/dwr/call/plaincall/AjaxQqpsService.getMaterielByCode.dwr HTTP/1.1" 200 2725
120.253.135.82 - - [21/May/2023:09:04:28 +0800] "POST /xingrg/kc/pszx/mdps_list_operate.html HTTP/1.1" 200 593
114.83.218.112 - - [21/May/2023:09:04:29 +0800] "GET /xingrg/kc/buy/cgsh_order_operate.html?command=get_materiel&rest_code=00149&code=00101008302&supplier_code=00100008&order_time=2023-05-21 HTTP/1.1" 200 412
120.253.135.82 - - [21/May/2023:09:04:30 +0800] "GET /xingrg/kc/pszx/mdps_order_info.html?code=312023052100437 HTTP/1.1" 200 23972
120.253.135.82 - - [21/May/2023:09:04:30 +0800] "GET /xingrg/javascript/easyui/themes/default/validatebox.css HTTP/1.1" 404 1104
120.253.135.82 - - [21/May/2023:09:04:31 +0800] "POST /xingrg/kc/pszx/mdps_order_operate.html HTTP/1.1" 200 11683
222.70.168.127 - - [21/May/2023:09:04:31 +0800] "POST /xingrg/dwr/call/plaincall/AjaxQqpsService.saveMaterielItem.dwr HTTP/1.1" 200 79
120.253.135.82 - - [21/May/2023:09:04:34 +0800] "POST /xingrg/kc/pszx/mdps_order_operate.html HTTP/1.1" 200 37
120.253.135.82 - - [21/May/2023:09:04:35 +0800] "GET /xingrg/kc/pszx/mdps_order_info.html?code=312023052100437 HTTP/1.1" 200 23972
120.253.135.82 - - [21/May/2023:09:04:35 +0800] "GET /xingrg/javascript/easyui/themes/default/validatebox.css HTTP/1.1" 404 1104
120.253.135.82 - - [21/May/2023:09:04:36 +0800] "POST /xingrg/kc/pszx/mdps_order_operate.html HTTP/1.1" 200 11830
222.70.168.127 - - [21/May/2023:09:04:40 +0800] "POST /xingrg/dwr/call/plaincall/AjaxQqpsService.removeMaterielItem.dwr HTTP/1.1" 200 79
120.253.135.82 - - [21/May/2023:09:04:44 +0800] "GET /xingrg/kc/pszx/mdps_order_operate.html?command=get_materiel&pszx_code=00101&rest_code=00105&base_code=0010246&code=00101013067 HTTP/1.1" 200 423
58.39.41.124 - - [21/May/2023:09:04:47 +0800] "POST /xingrg/dwr/call/plaincall/AjaxQqpsService.getMaterielByCode.dwr HTTP/1.1" 200 2704
120.253.135.82 - - [21/May/2023:09:04:48 +0800] "GET /xingrg/all/function/internal_message.html?_=1684630924843&CODE_STATE=getMsg HTTP/1.1" 200 27
58.39.41.124 - - [21/May/2023:09:04:49 +0800] "POST /xingrg/dwr/call/plaincall/AjaxQqpsService.saveMaterielItem.dwr HTTP/1.1" 200 78
222.70.168.127 - - [21/May/2023:09:04:50 +0800] "POST /xingrg/dwr/call/plaincall/AjaxQqpsService.saveMaterielItem.dwr HTTP/1.1" 200 79
116.224.158.100 - - [21/May/2023:09:04:54 +0800] "GET /xingrg/all/function/internal_message.html?_=1684630927391&CODE_STATE=getMsg HTTP/1.1" 200 27
222.70.168.127 - - [21/May/2023:09:04:56 +0800] "POST /xingrg/dwr/call/plaincall/AjaxQqpsService.getMaterielByCode.dwr HTTP/1.1" 200 2736
120.253.135.82 - - [21/May/2023:09:04:56 +0800] "GET /xingrg/kc/pszx/mdps_order_operate.html?command=get_materiel&pszx_code=00101&rest_code=00105&base_code=0010246&code=00101019161 HTTP/1.1" 200 421
116.238.139.35 - - [21/May/2023:09:04:56 +0800] "GET /xingrg/all/function/internal_message.html?_=1684631094962&CODE_STATE=getMsg HTTP/1.1" 200 27
114.83.218.112 - - [21/May/2023:09:04:57 +0800] "GET /xingrg/kc/buy/cgsh_order_operate.html?command=get_materiel&rest_code=00149&code=00101008072&supplier_code=00100008&order_time=2023-05-21 HTTP/1.1" 200 408
222.70.168.127 - - [21/May/2023:09:05:02 +0800] "POST /xingrg/dwr/call/plaincall/AjaxQqpsService.saveMaterielItem.dwr HTTP/1.1" 200 79
116.224.158.100 - - [21/May/2023:09:05:05 +0800] "GET /xingrg/kc/buy/cgsh_order_add.html HTTP/1.1" 200 71533
120.253.135.82 - - [21/May/2023:09:05:05 +0800] "POST /xingrg/kc/pszx/mdps_order_operate.html HTTP/1.1" 200 37
116.224.158.100 - - [21/May/2023:09:05:06 +0800] "POST /xingrg/kc/buy/cgsh_order_operate.html HTTP/1.1" 200 8245
116.224.158.100 - - [21/May/2023:09:05:06 +0800] "GET /xingrg/javascript/easyui/themes/default/validatebox.css HTTP/1.1" 404 1104
222.70.168.127 - - [21/May/2023:09:05:06 +0800] "GET /xingrg/all/function/internal_message.html?_=1684631135901&CODE_STATE=getMsg HTTP/1.1" 200 27
120.253.135.82 - - [21/May/2023:09:05:07 +0800] "GET /xingrg/kc/pszx/mdps_order_info.html?code=312023052100437 HTTP/1.1" 200 23972
120.253.135.82 - - [21/May/2023:09:05:07 +0800] "GET /xingrg/javascript/easyui/themes/default/validatebox.css HTTP/1.1" 404 1104
222.70.168.127 - - [21/May/2023:09:05:08 +0800] "POST /xingrg/dwr/call/plaincall/AjaxQqpsService.getMaterielByCode.dwr HTTP/1.1" 200 2725
120.253.135.82 - - [21/May/2023:09:05:08 +0800] "POST /xingrg/kc/pszx/mdps_order_operate.html HTTP/1.1" 200 11821
116.224.158.100 - - [21/May/2023:09:05:09 +0800] "GET /xingrg/kc/mdqp/pssh_order_list.html HTTP/1.1" 200 17928
114.83.218.112 - - [21/May/2023:09:05:09 +0800] "GET /xingrg/kc/buy/cgsh_order_operate.html?command=get_materiel&rest_code=00149&code=00101008219&supplier_code=00100008&order_time=2023-05-21 HTTP/1.1" 200 412
116.224.158.100 - - [21/May/2023:09:05:09 +0800] "POST /xingrg/kc/mdqp/pssh_list_operate.html HTTP/1.1" 200 5309
222.70.168.127 - - [21/May/2023:09:05:13 +0800] "POST /xingrg/dwr/call/plaincall/AjaxQqpsService.saveMaterielItem.dwr HTTP/1.1" 200 79
116.224.158.100 - - [21/May/2023:09:05:16 +0800] "GET /xingrg/all/function/internal_message.html?_=1684631117361&CODE_STATE=getMsg HTTP/1.1" 200 27
116.224.158.100 - - [21/May/2023:09:05:16 +0800] "GET /xingrg/check_reg.html?_=1684631117362 HTTP/1.1" 200 22
116.224.158.100 - - [21/May/2023:09:05:17 +0800] "GET /xingrg/kc/buy/cgsh_order_list.html HTTP/1.1" 200 55669
58.39.41.124 - - [21/May/2023:09:05:18 +0800] "POST /xingrg/dwr/call/plaincall/AjaxQqpsService.getMaterielByCode.dwr HTTP/1.1" 200 2748
114.83.218.112 - - [21/May/2023:09:05:18 +0800] "GET /xingrg/all/function/internal_message.html?_=1684631118731&CODE_STATE=getMsg HTTP/1.1" 200 27
116.224.158.100 - - [21/May/2023:09:05:21 +0800] "POST /xingrg/kc/buy/cgsh_list_operate.html HTTP/1.1" 200 1863
58.39.41.124 - - [21/May/2023:09:05:21 +0800] "POST /xingrg/dwr/call/plaincall/AjaxQqpsService.saveMaterielItem.dwr HTTP/1.1" 200 78
58.39.41.124 - - [21/May/2023:09:05:21 +0800] "GET /xingrg/all/function/internal_message.html?_=1684631155804&CODE_STATE=getMsg HTTP/1.1" 200 27
222.70.168.127 - - [21/May/2023:09:05:23 +0800] "POST /xingrg/dwr/call/plaincall/AjaxQqpsService.getMaterielByCode.dwr HTTP/1.1" 200 2767
58.39.41.124 - - [21/May/2023:09:05:24 +0800] "POST /xingrg/dwr/call/plaincall/AjaxQqpsService.getMaterielByCode.dwr HTTP/1.1" 200 2739
120.253.135.82 - - [21/May/2023:09:05:25 +0800] "GET /xingrg/kc/pszx/mdps_order_operate.html?command=get_materiel&pszx_code=00101&rest_code=00105&base_code=0010246&code=00101020397 HTTP/1.1" 200 421
116.238.139.35 - - [21/May/2023:09:05:29 +0800] "POST /xingrg/kc/buy/cgsh_order_operate.html HTTP/1.1" 200 37
222.70.168.127 - - [21/May/2023:09:05:29 +0800] "POST /xingrg/dwr/call/plaincall/AjaxQqpsService.saveMaterielItem.dwr HTTP/1.1" 200 79
222.70.168.127 - - [21/May/2023:09:05:38 +0800] "POST /xingrg/dwr/call/plaincall/AjaxQqpsService.getMaterielByCode.dwr HTTP/1.1" 200 2769
58.39.41.124 - - [21/May/2023:09:05:38 +0800] "POST /xingrg/dwr/call/plaincall/AjaxQqpsService.saveMaterielItem.dwr HTTP/1.1" 200 832
120.253.135.82 - - [21/May/2023:09:05:39 +0800] "POST /xingrg/kc/pszx/mdps_order_operate.html HTTP/1.1" 200 37
222.70.168.127 - - [21/May/2023:09:05:40 +0800] "POST /xingrg/dwr/call/plaincall/AjaxQqpsService.saveMaterielItem.dwr HTTP/1.1" 200 79
116.224.158.100 - - [21/May/2023:09:05:40 +0800] "POST /xingrg/kc/buy/cgsh_list_operate.html HTTP/1.1" 200 1244
114.83.218.112 - - [21/May/2023:09:05:41 +0800] "GET /xingrg/kc/buy/cgsh_order_operate.html?command=get_materiel&rest_code=00149&code=00101008257&supplier_code=00100008&order_time=2023-05-21 HTTP/1.1" 200 23
120.253.135.82 - - [21/May/2023:09:05:43 +0800] "GET /xingrg/kc/pszx/mdps_order_info.html?code=312023052100437 HTTP/1.1" 200 23972
116.224.158.100 - - [21/May/2023:09:05:43 +0800] "GET /xingrg/kc/buy/cgsh_order_info.html?code=212023052107702 HTTP/1.1" 200 71544
120.253.135.82 - - [21/May/2023:09:05:43 +0800] "GET /xingrg/javascript/easyui/themes/default/validatebox.css HTTP/1.1" 404 1104
116.224.158.100 - - [21/May/2023:09:05:43 +0800] "GET /xingrg/javascript/easyui/themes/default/validatebox.css HTTP/1.1" 404 1104
120.253.135.82 - - [21/May/2023:09:05:44 +0800] "POST /xingrg/kc/pszx/mdps_order_operate.html HTTP/1.1" 200 11821
116.224.158.100 - - [21/May/2023:09:05:44 +0800] "POST /xingrg/kc/buy/cgsh_order_operate.html HTTP/1.1" 200 4434
58.39.41.124 - - [21/May/2023:09:05:45 +0800] "POST /xingrg/dwr/call/plaincall/AjaxQqpsService.saveMaterielItem.dwr HTTP/1.1" 200 78
222.70.168.127 - - [21/May/2023:09:05:46 +0800] "POST /xingrg/dwr/call/plaincall/AjaxQqpsService.getMaterielByCode.dwr HTTP/1.1" 200 2759
120.253.135.82 - - [21/May/2023:09:05:48 +0800] "POST /xingrg/kc/pszx/mdps_list_operate.html HTTP/1.1" 200 3136
120.253.135.82 - - [21/May/2023:09:05:48 +0800] "GET /xingrg/all/function/internal_message.html?_=1684630984856&CODE_STATE=getMsg HTTP/1.1" 200 27
222.70.168.127 - - [21/May/2023:09:05:48 +0800] "POST /xingrg/dwr/call/plaincall/AjaxQqpsService.saveMaterielItem.dwr HTTP/1.1" 200 79
116.224.158.100 - - [21/May/2023:09:05:48 +0800] "GET /xingrg/kc/print/load_config.html?kc_code=cgsh HTTP/1.1" 200 1924
120.253.135.82 - - [21/May/2023:09:05:49 +0800] "POST /xingrg/kc/pszx/mdps_list_operate.html HTTP/1.1" 200 590
116.224.158.100 - - [21/May/2023:09:05:49 +0800] "GET /xingrg/kc/print/load_data.html?order_code=212023052107702&kc_code=cgsh&condition= HTTP/1.1" 200 1356
58.39.41.124 - - [21/May/2023:09:05:50 +0800] "POST /xingrg/dwr/call/plaincall/AjaxQqpsService.getMaterielByCode.dwr HTTP/1.1" 200 2733
120.253.135.82 - - [21/May/2023:09:05:50 +0800] "GET /xingrg/kc/pszx/mdps_order_info.html?code=312023052100437 HTTP/1.1" 200 23972
120.253.135.82 - - [21/May/2023:09:05:51 +0800] "GET /xingrg/javascript/easyui/themes/default/validatebox.css HTTP/1.1" 404 1104
120.253.135.82 - - [21/May/2023:09:05:51 +0800] "POST /xingrg/kc/pszx/mdps_order_operate.html HTTP/1.1" 200 11821
58.39.41.124 - - [21/May/2023:09:05:52 +0800] "POST /xingrg/dwr/call/plaincall/AjaxQqpsService.saveMaterielItem.dwr HTTP/1.1" 200 78
114.83.218.112 - - [21/May/2023:09:05:53 +0800] "POST /xingrg/kc/buy/cgsh_order_operate.html HTTP/1.1" 200 37
116.224.158.100 - - [21/May/2023:09:05:54 +0800] "GET /xingrg/all/function/internal_message.html?_=1684630987392&CODE_STATE=getMsg HTTP/1.1" 200 27
120.253.135.82 - - [21/May/2023:09:05:54 +0800] "POST /xingrg/kc/pszx/mdps_list_operate.html HTTP/1.1" 200 3136
114.83.218.112 - - [21/May/2023:09:05:54 +0800] "POST /xingrg/kc/buy/cgsh_order_operate.html HTTP/1.1" 200 4422
222.70.168.127 - - [21/May/2023:09:05:55 +0800] "POST /xingrg/dwr/call/plaincall/AjaxQqpsService.getMaterielByCode.dwr HTTP/1.1" 200 2746
120.253.135.82 - - [21/May/2023:09:05:55 +0800] "POST /xingrg/kc/pszx/mdps_list_operate.html HTTP/1.1" 200 657
116.238.139.35 - - [21/May/2023:09:05:56 +0800] "GET /xingrg/all/function/internal_message.html?_=1684631154947&CODE_STATE=getMsg HTTP/1.1" 200 27
116.238.139.35 - - [21/May/2023:09:05:57 +0800] "POST /xingrg/kc/buy/cgsh_order_operate.html HTTP/1.1" 200 24585
120.253.135.82 - - [21/May/2023:09:05:57 +0800] "GET /xingrg/kc/pszx/mdps_order_info.html?code=312023052100438 HTTP/1.1" 200 23972
222.70.168.127 - - [21/May/2023:09:05:57 +0800] "POST /xingrg/dwr/call/plaincall/AjaxQqpsService.saveMaterielItem.dwr HTTP/1.1" 200 79
120.253.135.82 - - [21/May/2023:09:05:57 +0800] "GET /xingrg/javascript/easyui/themes/default/validatebox.css HTTP/1.1" 404 1104
120.253.135.82 - - [21/May/2023:09:05:58 +0800] "POST /xingrg/kc/pszx/mdps_order_operate.html HTTP/1.1" 200 20426
114.83.218.112 - - [21/May/2023:09:05:58 +0800] "GET /xingrg/login.html HTTP/1.1" 200 7641
114.83.218.112 - - [21/May/2023:09:05:58 +0800] "GET /favicon.ico HTTP/1.1" 404 -
116.224.158.100 - - [21/May/2023:09:05:59 +0800] "GET /xingrg/kc/buy/cgsh_order_add.html HTTP/1.1" 200 71533
116.224.158.100 - - [21/May/2023:09:05:59 +0800] "POST /xingrg/kc/buy/cgsh_order_operate.html HTTP/1.1" 200 8245
116.224.158.100 - - [21/May/2023:09:05:59 +0800] "GET /xingrg/javascript/easyui/themes/default/validatebox.css HTTP/1.1" 404 1104
120.253.135.82 - - [21/May/2023:09:06:01 +0800] "POST /xingrg/kc/pszx/mdps_order_operate.html HTTP/1.1" 200 37
58.39.41.124 - - [21/May/2023:09:06:02 +0800] "POST /xingrg/dwr/call/plaincall/AjaxQqpsService.getMaterielByCode.dwr HTTP/1.1" 200 2727
120.253.135.82 - - [21/May/2023:09:06:03 +0800] "GET /xingrg/kc/pszx/mdps_order_info.html?code=312023052100438 HTTP/1.1" 200 23972
120.253.135.82 - - [21/May/2023:09:06:03 +0800] "GET /xingrg/javascript/easyui/themes/default/validatebox.css HTTP/1.1" 404 1104
120.253.135.82 - - [21/May/2023:09:06:04 +0800] "POST /xingrg/kc/pszx/mdps_order_operate.html HTTP/1.1" 200 20717
222.70.168.127 - - [21/May/2023:09:06:04 +0800] "POST /xingrg/dwr/call/plaincall/AjaxQqpsService.getMaterielByCode.dwr HTTP/1.1" 200 2758
58.39.41.124 - - [21/May/2023:09:06:05 +0800] "POST /xingrg/dwr/call/plaincall/AjaxQqpsService.saveMaterielItem.dwr HTTP/1.1" 200 79
116.224.158.100 - - [21/May/2023:09:06:05 +0800] "GET /xingrg/javascript/auto/indicator.gif HTTP/1.1" 404 1066
114.83.218.112 - - [21/May/2023:09:06:05 +0800] "POST /xingrg/login.do HTTP/1.1" 302 -
114.83.218.112 - - [21/May/2023:09:06:06 +0800] "GET /xingrg/index.html?sysBaseUrl=http%3A%2F%2F180.169.147.146%3A18081%2Fxingrg%2F&costTime=1276×tamp=1684631165896 HTTP/1.1" 200 17179
114.83.218.112 - - [21/May/2023:09:06:06 +0800] "GET /favicon.ico HTTP/1.1" 404 -
222.70.168.127 - - [21/May/2023:09:06:06 +0800] "GET /xingrg/all/function/internal_message.html?_=1684631195908&CODE_STATE=getMsg HTTP/1.1" 200 27
114.83.218.112 - - [21/May/2023:09:06:06 +0800] "GET /xingrg/all/function/internal_message.html?_=1684631166431&CODE_STATE=count HTTP/1.1" 200 11
114.83.218.112 - - [21/May/2023:09:06:06 +0800] "GET /xingrg/check_reg.html?_=1684631166431 HTTP/1.1" 200 22
114.83.218.112 - - [21/May/2023:09:06:06 +0800] "POST /xingrg/all/common/load_tree.html?tree=area_rest_tree_json&manage=1 HTTP/1.1" 200 351
222.70.168.127 - - [21/May/2023:09:06:06 +0800] "POST /xingrg/dwr/call/plaincall/AjaxQqpsService.saveMaterielItem.dwr HTTP/1.1" 200 79
114.83.218.112 - - [21/May/2023:09:06:06 +0800] "POST /xingrg/load_menu.html HTTP/1.1" 200 5138
114.83.218.112 - - [21/May/2023:09:06:10 +0800] "GET /xingrg/kc/buy/cgsh_order_list.html HTTP/1.1" 200 55675
114.83.218.112 - - [21/May/2023:09:06:13 +0800] "POST /xingrg/kc/buy/cgsh_list_operate.html HTTP/1.1" 200 1867
222.70.168.127 - - [21/May/2023:09:06:13 +0800] "POST /xingrg/dwr/call/plaincall/AjaxQqpsService.getMaterielByCode.dwr HTTP/1.1" 200 2760
114.83.218.112 - - [21/May/2023:09:06:15 +0800] "GET /xingrg/javascript/jquery_tools/images/prev.gif HTTP/1.1" 404 1086
114.83.218.112 - - [21/May/2023:09:06:15 +0800] "GET /xingrg/javascript/jquery_tools/images/next.gif HTTP/1.1" 404 1086
114.83.218.112 - - [21/May/2023:09:06:16 +0800] "POST /xingrg/kc/buy/cgsh_list_operate.html HTTP/1.1" 200 418
116.224.158.100 - - [21/May/2023:09:06:16 +0800] "GET /xingrg/all/function/internal_message.html?_=1684631177375&CODE_STATE=getMsg HTTP/1.1" 200 27
114.83.218.112 - - [21/May/2023:09:06:17 +0800] "GET /xingrg/kc/buy/cgsh_order_info.html?code=212023052107703 HTTP/1.1" 200 71548
114.83.218.112 - - [21/May/2023:09:06:18 +0800] "GET /xingrg/javascript/easyui/themes/default/validatebox.css HTTP/1.1" 404 1104
114.83.218.112 - - [21/May/2023:09:06:18 +0800] "GET /xingrg/all/common/auto_word.html?type=employee&rest_code=00149 HTTP/1.1" 200 197
114.83.218.112 - - [21/May/2023:09:06:18 +0800] "GET /xingrg/all/common/auto_word.html?type=employee&rest_code=00149 HTTP/1.1" 200 197
114.83.218.112 - - [21/May/2023:09:06:19 +0800] "POST /xingrg/kc/buy/cgsh_order_operate.html HTTP/1.1" 200 4422
222.70.168.127 - - [21/May/2023:09:06:20 +0800] "POST /xingrg/dwr/call/plaincall/AjaxQqpsService.saveMaterielItem.dwr HTTP/1.1" 200 79
58.39.41.124 - - [21/May/2023:09:06:21 +0800] "GET /xingrg/all/function/internal_message.html?_=1684631215798&CODE_STATE=getMsg HTTP/1.1" 200 27
114.83.218.112 - - [21/May/2023:09:06:23 +0800] "GET /xingrg/javascript/auto/indicator.gif HTTP/1.1" 404 1066
222.70.168.127 - - [21/May/2023:09:06:26 +0800] "POST /xingrg/dwr/call/plaincall/AjaxQqpsService.getMaterielByCode.dwr HTTP/1.1" 200 2760
58.39.41.124 - - [21/May/2023:09:06:26 +0800] "POST /xingrg/dwr/call/plaincall/AjaxQqpsService.getMaterielByCode.dwr HTTP/1.1" 200 2723
114.83.218.112 - - [21/May/2023:09:06:27 +0800] "GET /xingrg/kc/buy/cgsh_order_operate.html?command=get_materiel&rest_code=00149&code=00101008257&supplier_code=00100008&order_time=2023-05-21 HTTP/1.1" 200 416
222.70.168.127 - - [21/May/2023:09:06:28 +0800] "POST /xingrg/dwr/call/plaincall/AjaxQqpsService.saveMaterielItem.dwr HTTP/1.1" 200 79
58.39.41.124 - - [21/May/2023:09:06:29 +0800] "POST /xingrg/dwr/call/plaincall/AjaxQqpsService.saveMaterielItem.dwr HTTP/1.1" 200 79
222.70.168.127 - - [21/May/2023:09:06:35 +0800] "POST /xingrg/dwr/call/plaincall/AjaxQqpsService.getMaterielByCode.dwr HTTP/1.1" 200 2767
120.253.135.82 - - [21/May/2023:09:06:35 +0800] "GET /xingrg/check_reg.html?_=1684631032352 HTTP/1.1" 200 22
114.83.218.112 - - [21/May/2023:09:06:37 +0800] "GET /xingrg/kc/buy/cgsh_order_operate.html?command=get_materiel&rest_code=00149&code=00101008080&supplier_code=00100008&order_time=2023-05-21 HTTP/1.1" 200 416
222.70.168.127 - - [21/May/2023:09:06:37 +0800] "POST /xingrg/dwr/call/plaincall/AjaxQqpsService.saveMaterielItem.dwr HTTP/1.1" 200 79
58.39.41.124 - - [21/May/2023:09:06:40 +0800] "POST /xingrg/dwr/call/plaincall/AjaxQqpsService.getMaterielByCode.dwr HTTP/1.1" 200 2691
58.39.41.124 - - [21/May/2023:09:06:41 +0800] "POST /xingrg/dwr/call/plaincall/AjaxQqpsService.saveMaterielItem.dwr HTTP/1.1" 200 79
222.70.168.127 - - [21/May/2023:09:06:43 +0800] "POST /xingrg/dwr/call/plaincall/AjaxQqpsService.getMaterielByCode.dwr HTTP/1.1" 200 2755
58.39.41.124 - - [21/May/2023:09:06:45 +0800] "POST /xingrg/dwr/call/plaincall/AjaxQqpsService.getMaterielByCode.dwr HTTP/1.1" 200 2691
222.70.168.127 - - [21/May/2023:09:06:45 +0800] "POST /xingrg/dwr/call/plaincall/AjaxQqpsService.saveMaterielItem.dwr HTTP/1.1" 200 79
58.39.41.124 - - [21/May/2023:09:06:46 +0800] "POST /xingrg/dwr/call/plaincall/AjaxQqpsService.saveMaterielItem.dwr HTTP/1.1" 200 79
120.253.135.82 - - [21/May/2023:09:06:48 +0800] "GET /xingrg/all/function/internal_message.html?_=1684631044870&CODE_STATE=getMsg HTTP/1.1" 200 27
222.70.168.127 - - [21/May/2023:09:06:51 +0800] "POST /xingrg/dwr/call/plaincall/AjaxQqpsService.getMaterielByCode.dwr HTTP/1.1" 200 2742
222.70.168.127 - - [21/May/2023:09:06:53 +0800] "POST /xingrg/dwr/call/plaincall/AjaxQqpsService.saveMaterielItem.dwr HTTP/1.1" 200 79
116.224.158.100 - - [21/May/2023:09:06:54 +0800] "GET /xingrg/all/function/internal_message.html?_=1684631047393&CODE_STATE=getMsg HTTP/1.1" 200 27
58.39.41.124 - - [21/May/2023:09:06:54 +0800] "POST /xingrg/dwr/call/plaincall/AjaxQqpsService.getMaterielByCode.dwr HTTP/1.1" 200 2773
58.39.41.124 - - [21/May/2023:09:06:55 +0800] "POST /xingrg/dwr/call/plaincall/AjaxQqpsService.saveMaterielItem.dwr HTTP/1.1" 200 79
114.83.218.112 - - [21/May/2023:09:06:56 +0800] "GET /xingrg/kc/buy/cgsh_order_operate.html?command=get_materiel&rest_code=00149&code=00101008331&supplier_code=00100008&order_time=2023-05-21 HTTP/1.1" 200 416
116.238.139.35 - - [21/May/2023:09:06:56 +0800] "GET /xingrg/check_reg.html?_=1684631214909 HTTP/1.1" 200 22
116.238.139.35 - - [21/May/2023:09:06:56 +0800] "GET /xingrg/all/function/internal_message.html?_=1684631214928&CODE_STATE=getMsg HTTP/1.1" 200 27
222.70.168.127 - - [21/May/2023:09:07:00 +0800] "POST /xingrg/dwr/call/plaincall/AjaxQqpsService.getMaterielByCode.dwr HTTP/1.1" 200 2666
222.70.168.127 - - [21/May/2023:09:07:03 +0800] "POST /xingrg/dwr/call/plaincall/AjaxQqpsService.saveMaterielItem.dwr HTTP/1.1" 200 79
120.253.135.82 - - [21/May/2023:09:07:05 +0800] "POST /xingrg/kc/pszx/mdps_list_operate.html HTTP/1.1" 200 3136
222.70.168.127 - - [21/May/2023:09:07:06 +0800] "GET /xingrg/check_reg.html?_=1684631255843 HTTP/1.1" 200 22
222.70.168.127 - - [21/May/2023:09:07:06 +0800] "GET /xingrg/all/function/internal_message.html?_=1684631255922&CODE_STATE=getMsg HTTP/1.1" 200 27
114.83.218.112 - - [21/May/2023:09:07:06 +0800] "GET /xingrg/all/function/internal_message.html?_=1684631226436&CODE_STATE=getMsg HTTP/1.1" 200 27
120.253.135.82 - - [21/May/2023:09:07:08 +0800] "POST /xingrg/kc/pszx/mdps_list_operate.html HTTP/1.1" 200 590
116.224.158.100 - - [21/May/2023:09:07:09 +0800] "GET /xingrg/kc/buy/cgsh_order_operate.html?command=get_materiel&rest_code=00105&code=00101006040&supplier_code=00100012&order_time=2023-05-21 HTTP/1.1" 200 417
172.20.0.100 - - [21/May/2023:09:07:09 +0800] "GET /xingrg/check_reg.html?_=1684631247094 HTTP/1.1" 302 -
114.83.218.112 - - [21/May/2023:09:07:09 +0800] "POST /xingrg/kc/buy/cgsh_order_operate.html HTTP/1.1" 200 2065
120.253.135.82 - - [21/May/2023:09:07:11 +0800] "POST /xingrg/kc/pszx/mdps_list_operate.html HTTP/1.1" 200 619
222.70.168.127 - - [21/May/2023:09:07:12 +0800] "POST /xingrg/dwr/call/plaincall/AjaxQqpsService.getMaterielByCode.dwr HTTP/1.1" 200 2710
222.70.168.127 - - [21/May/2023:09:07:15 +0800] "POST /xingrg/dwr/call/plaincall/AjaxQqpsService.saveMaterielItem.dwr HTTP/1.1" 200 79
114.83.218.112 - - [21/May/2023:09:07:15 +0800] "GET /xingrg/kc/buy/cgsh_order_operate.html?command=get_materiel&rest_code=00149&code=00101008349&supplier_code=00100008&order_time=2023-05-21 HTTP/1.1" 200 414
