180.171.122.0 - - [19/May/2023:11:10:38 +0800] "GET /xingrg/javascript/easyui/themes/default/validatebox.css HTTP/1.1" 404 1104
116.232.195.127 - - [19/May/2023:11:10:38 +0800] "GET /xingrg/all/function/internal_message.html?_=1684465880331&CODE_STATE=getMsg HTTP/1.1" 200 27
180.164.3.199 - - [19/May/2023:11:10:39 +0800] "GET /xingrg/kc/buy/cgsh_order_operate.html?command=get_materiel&rest_code=00108&code=00101008357&supplier_code=00100007&order_time=2023-05-19 HTTP/1.1" 200 408
180.171.122.0 - - [19/May/2023:11:10:39 +0800] "POST /xingrg/kc/buy/cgsh_order_operate.html HTTP/1.1" 200 2660
116.235.244.176 - - [19/May/2023:11:10:39 +0800] "GET /xingrg/all/function/internal_message.html?_=1684465852415&CODE_STATE=getMsg HTTP/1.1" 200 27
222.67.238.82 - - [19/May/2023:11:10:41 +0800] "GET /xingrg/kc/buy/cgsh_order_operate.html?command=get_materiel&rest_code=00141&code=00101009031&supplier_code=00100007&order_time=2023-05-19 HTTP/1.1" 200 408
116.238.210.79 - - [19/May/2023:11:10:42 +0800] "GET /xingrg/all/function/internal_message.html?_=1684465843618&CODE_STATE=getMsg HTTP/1.1" 200 27
222.67.238.82 - - [19/May/2023:11:10:43 +0800] "GET /xingrg/all/function/internal_message.html?_=1684465358790&CODE_STATE=getMsg HTTP/1.1" 200 27
124.78.154.3 - - [19/May/2023:11:10:44 +0800] "GET /xingrg/all/function/internal_message.html?_=1684465844887&CODE_STATE=getMsg HTTP/1.1" 200 27
124.79.74.67 - - [19/May/2023:11:10:45 +0800] "GET /xingrg/all/function/internal_message.html?_=1684465867143&CODE_STATE=getMsg HTTP/1.1" 200 27
116.224.158.100 - - [19/May/2023:11:10:46 +0800] "GET /xingrg/all/function/internal_message.html?_=1684465681044&CODE_STATE=getMsg HTTP/1.1" 200 27
120.253.135.82 - - [19/May/2023:11:10:47 +0800] "GET /xingrg/all/function/internal_message.html?_=1684465986149&CODE_STATE=getMsg HTTP/1.1" 200 27
116.224.158.100 - - [19/May/2023:11:10:48 +0800] "GET /xingrg/all/function/internal_message.html?_=1684465849176&CODE_STATE=getMsg HTTP/1.1" 200 27
114.83.216.225 - - [19/May/2023:11:10:49 +0800] "POST /xingrg/services/DataTransmitService HTTP/1.1" 200 524
116.238.139.35 - - [19/May/2023:11:10:50 +0800] "GET /xingrg/all/function/internal_message.html?_=1684465848484&CODE_STATE=getMsg HTTP/1.1" 200 27
114.83.216.225 - - [19/May/2023:11:10:50 +0800] "POST /xingrg/services/DataTransmitService HTTP/1.1" 200 412
180.171.122.0 - - [19/May/2023:11:10:56 +0800] "GET /xingrg/login.html HTTP/1.1" 200 7641
114.83.216.225 - - [19/May/2023:11:10:56 +0800] "GET /xingrg/all/function/internal_message.html?_=1684465853071&CODE_STATE=getMsg HTTP/1.1" 200 27
180.171.122.0 - - [19/May/2023:11:10:57 +0800] "GET /favicon.ico HTTP/1.1" 404 -
180.169.147.146 - - [19/May/2023:11:10:59 +0800] "GET /xingrg/all/function/internal_message.html?_=1684465860197&CODE_STATE=getMsg HTTP/1.1" 200 27
124.79.240.114 - - [19/May/2023:11:11:00 +0800] "GET /xingrg/all/function/internal_message.html?_=1684466138622&CODE_STATE=getMsg HTTP/1.1" 200 27
114.85.36.120 - - [19/May/2023:11:11:02 +0800] "GET /xingrg/all/function/internal_message.html?_=1684464691248&CODE_STATE=getMsg HTTP/1.1" 200 27
222.67.238.82 - - [19/May/2023:11:11:02 +0800] "GET /xingrg/kc/buy/cgsh_order_operate.html?command=get_materiel&rest_code=00141&code=00101009015&supplier_code=00100007&order_time=2023-05-19 HTTP/1.1" 200 416
120.253.135.82 - - [19/May/2023:11:11:03 +0800] "GET /xingrg/kc/pszx/mdps_order_add.html HTTP/1.1" 200 29101
120.253.135.82 - - [19/May/2023:11:11:03 +0800] "POST /xingrg/kc/pszx/mdps_order_operate.html HTTP/1.1" 200 7126
120.253.135.82 - - [19/May/2023:11:11:03 +0800] "GET /xingrg/javascript/easyui/themes/default/validatebox.css HTTP/1.1" 404 1104
120.253.135.82 - - [19/May/2023:11:11:03 +0800] "GET /xingrg/all/common/auto_word.html?type=base&rest_code=00101 HTTP/1.1" 200 671
180.169.147.146 - - [19/May/2023:11:11:04 +0800] "GET /xingrg/all/function/internal_message.html?_=1684465858467&CODE_STATE=getMsg HTTP/1.1" 200 27
180.171.122.0 - - [19/May/2023:11:11:04 +0800] "POST /xingrg/login.do HTTP/1.1" 302 -
180.171.122.0 - - [19/May/2023:11:11:05 +0800] "GET /xingrg/index.html?sysBaseUrl=http%3A%2F%2F180.169.147.146%3A18081%2Fxingrg%2F&costTime=804×tamp=1684465864993 HTTP/1.1" 200 17173
180.171.122.0 - - [19/May/2023:11:11:05 +0800] "GET /favicon.ico HTTP/1.1" 404 -
180.171.122.0 - - [19/May/2023:11:11:05 +0800] "GET /xingrg/check_reg.html?_=1684465862376 HTTP/1.1" 200 22
180.171.122.0 - - [19/May/2023:11:11:05 +0800] "GET /xingrg/all/function/internal_message.html?_=1684465862375&CODE_STATE=count HTTP/1.1" 200 11
180.171.122.0 - - [19/May/2023:11:11:05 +0800] "POST /xingrg/all/common/load_tree.html?tree=area_rest_tree_json&manage=1 HTTP/1.1" 200 342
120.253.135.82 - - [19/May/2023:11:11:05 +0800] "POST /xingrg/all/common/load_combo.html?type=base HTTP/1.1" 200 1169
180.171.122.0 - - [19/May/2023:11:11:05 +0800] "POST /xingrg/load_menu.html HTTP/1.1" 200 5138
120.253.135.82 - - [19/May/2023:11:11:07 +0800] "GET /xingrg/all/function/internal_message.html?_=1684465703821&CODE_STATE=getMsg HTTP/1.1" 200 27
180.171.122.0 - - [19/May/2023:11:11:07 +0800] "GET /xingrg/kc/buy/buy_main.html HTTP/1.1" 200 12412
180.171.122.0 - - [19/May/2023:11:11:07 +0800] "GET /xingrg/css/new_ie.css HTTP/1.1" 404 1036
180.171.122.0 - - [19/May/2023:11:11:08 +0800] "GET /xingrg/images/yd/bt.gif HTTP/1.1" 404 1040
180.171.122.0 - - [19/May/2023:11:11:09 +0800] "GET /xingrg/kc/buy/cgsh_order_list.html HTTP/1.1" 200 55669
120.253.135.82 - - [19/May/2023:11:11:11 +0800] "GET /xingrg/javascript/easyui/themes/default/tree.css HTTP/1.1" 404 1090
120.253.135.82 - - [19/May/2023:11:11:11 +0800] "POST /xingrg/all/common/load_tree.html?tree=area_rest_tree_json&only_rest=1 HTTP/1.1" 200 3378
116.235.244.176 - - [19/May/2023:11:11:13 +0800] "GET /xingrg/all/function/internal_message.html?_=1684465895030&CODE_STATE=getMsg HTTP/1.1" 200 27
180.171.122.0 - - [19/May/2023:11:11:13 +0800] "POST /xingrg/kc/buy/cgsh_list_operate.html HTTP/1.1" 200 5874
124.78.154.3 - - [19/May/2023:11:11:13 +0800] "GET /xingrg/all/function/internal_message.html?_=1684465873397&CODE_STATE=getMsg HTTP/1.1" 200 27
180.164.3.199 - - [19/May/2023:11:11:15 +0800] "GET /xingrg/all/function/internal_message.html?_=1684465875371&CODE_STATE=getMsg HTTP/1.1" 200 27
180.171.122.0 - - [19/May/2023:11:11:17 +0800] "POST /xingrg/kc/buy/cgsh_list_operate.html HTTP/1.1" 200 203
180.171.122.0 - - [19/May/2023:11:11:18 +0800] "GET /xingrg/kc/buy/cgsh_order_info.html?code=212023051907011 HTTP/1.1" 200 71420
180.171.122.0 - - [19/May/2023:11:11:19 +0800] "GET /xingrg/javascript/easyui/themes/default/validatebox.css HTTP/1.1" 404 1104
180.171.122.0 - - [19/May/2023:11:11:19 +0800] "GET /xingrg/all/common/auto_word.html?type=employee&rest_code=00111 HTTP/1.1" 200 155
180.171.122.0 - - [19/May/2023:11:11:19 +0800] "GET /xingrg/all/common/auto_word.html?type=employee&rest_code=00111 HTTP/1.1" 200 155
180.171.122.0 - - [19/May/2023:11:11:19 +0800] "POST /xingrg/kc/buy/cgsh_order_operate.html HTTP/1.1" 200 2660
180.164.3.199 - - [19/May/2023:11:11:20 +0800] "GET /xingrg/kc/buy/cgsh_order_operate.html?command=get_materiel&rest_code=00108&code=00101008182&supplier_code=00100007&order_time=2023-05-19 HTTP/1.1" 200 412
180.171.122.0 - - [19/May/2023:11:11:21 +0800] "GET /xingrg/kc/print/load_config.html?kc_code=cgsh HTTP/1.1" 200 1924
180.171.122.0 - - [19/May/2023:11:11:21 +0800] "GET /xingrg/kc/print/load_data.html?order_code=212023051907011&kc_code=cgsh&condition= HTTP/1.1" 200 673
120.253.135.82 - - [19/May/2023:11:11:24 +0800] "GET /xingrg/kc/pszx/mdps_order_operate.html?command=get_materiel&pszx_code=00101&rest_code=00150&base_code=0010246&code=00101019062 HTTP/1.1" 200 453
180.171.122.0 - - [19/May/2023:11:11:27 +0800] "GET /xingrg/kc/buy/cgsh_order_add.html HTTP/1.1" 200 71407
180.171.122.0 - - [19/May/2023:11:11:27 +0800] "POST /xingrg/kc/buy/cgsh_order_operate.html HTTP/1.1" 200 8245
180.171.122.0 - - [19/May/2023:11:11:27 +0800] "GET /xingrg/javascript/easyui/themes/default/validatebox.css HTTP/1.1" 404 1104
180.171.122.0 - - [19/May/2023:11:11:27 +0800] "GET /xingrg/javascript/auto/indicator.gif HTTP/1.1" 404 1066
124.79.240.114 - - [19/May/2023:11:11:28 +0800] "GET /xingrg/all/function/internal_message.html?_=1684465878821&CODE_STATE=getMsg HTTP/1.1" 302 -
180.171.122.0 - - [19/May/2023:11:11:28 +0800] "GET /xingrg/javascript/jquery_tools/images/prev.gif HTTP/1.1" 404 1086
180.171.122.0 - - [19/May/2023:11:11:28 +0800] "GET /xingrg/javascript/jquery_tools/images/next.gif HTTP/1.1" 404 1086
120.253.135.82 - - [19/May/2023:11:11:31 +0800] "POST /xingrg/kc/pszx/mdps_order_operate.html HTTP/1.1" 200 37
120.253.135.82 - - [19/May/2023:11:11:33 +0800] "GET /xingrg/kc/pszx/mdps_order_info.html?code=312023051900404 HTTP/1.1" 200 23976
120.253.135.82 - - [19/May/2023:11:11:33 +0800] "GET /xingrg/javascript/easyui/themes/default/validatebox.css HTTP/1.1" 404 1104
120.253.135.82 - - [19/May/2023:11:11:33 +0800] "GET /xingrg/all/common/auto_word.html?type=base&rest_code=00101 HTTP/1.1" 200 671
120.253.135.82 - - [19/May/2023:11:11:34 +0800] "POST /xingrg/kc/pszx/mdps_order_operate.html HTTP/1.1" 200 2307
180.164.3.199 - - [19/May/2023:11:11:34 +0800] "POST /xingrg/kc/buy/cgsh_order_operate.html HTTP/1.1" 200 2065
116.235.244.176 - - [19/May/2023:11:11:38 +0800] "GET /xingrg/check_reg.html?_=1684465910624 HTTP/1.1" 200 22
180.169.147.146 - - [19/May/2023:11:11:38 +0800] "GET /xingrg/all/function/internal_message.html?_=1684465891482&CODE_STATE=getMsg HTTP/1.1" 200 27
180.171.122.0 - - [19/May/2023:11:11:38 +0800] "GET /xingrg/kc/buy/cgsh_order_operate.html?command=get_materiel&rest_code=00111&code=00101004051&supplier_code=00100312&order_time=2023-05-19 HTTP/1.1" 200 408
116.232.195.127 - - [19/May/2023:11:11:38 +0800] "GET /xingrg/all/function/internal_message.html?_=1684465940316&CODE_STATE=getMsg HTTP/1.1" 200 27
116.235.244.176 - - [19/May/2023:11:11:39 +0800] "GET /xingrg/all/function/internal_message.html?_=1684465912430&CODE_STATE=getMsg HTTP/1.1" 200 27
222.67.238.82 - - [19/May/2023:11:11:40 +0800] "GET /xingrg/kc/buy/cgsh_order_operate.html?command=get_materiel&rest_code=00141&code=00101008402&supplier_code=00100007&order_time=2023-05-19 HTTP/1.1" 200 410
180.164.3.199 - - [19/May/2023:11:11:42 +0800] "GET /xingrg/kc/buy/cgsh_order_operate.html?command=get_materiel&rest_code=00108&code=00101008125&supplier_code=00100007&order_time=2023-05-19 HTTP/1.1" 200 413
116.238.210.79 - - [19/May/2023:11:11:42 +0800] "GET /xingrg/all/function/internal_message.html?_=1684465903597&CODE_STATE=getMsg HTTP/1.1" 200 27
222.67.238.82 - - [19/May/2023:11:11:43 +0800] "GET /xingrg/all/function/internal_message.html?_=1684465418868&CODE_STATE=getMsg HTTP/1.1" 200 27
124.78.154.3 - - [19/May/2023:11:11:44 +0800] "GET /xingrg/all/function/internal_message.html?_=1684465904887&CODE_STATE=getMsg HTTP/1.1" 200 27
124.79.74.67 - - [19/May/2023:11:11:45 +0800] "GET /xingrg/all/function/internal_message.html?_=1684465927134&CODE_STATE=getMsg HTTP/1.1" 200 27
120.253.135.82 - - [19/May/2023:11:11:46 +0800] "GET /xingrg/kc/pszx/mdps_order_list.html?orderType=0 HTTP/1.1" 200 21032
116.224.158.100 - - [19/May/2023:11:11:46 +0800] "GET /xingrg/all/function/internal_message.html?_=1684465741071&CODE_STATE=getMsg HTTP/1.1" 200 27
120.253.135.82 - - [19/May/2023:11:11:47 +0800] "GET /xingrg/all/function/internal_message.html?_=1684466046153&CODE_STATE=getMsg HTTP/1.1" 200 27
120.253.135.82 - - [19/May/2023:11:11:47 +0800] "POST /xingrg/kc/pszx/mdps_list_operate.html HTTP/1.1" 200 5303
116.224.158.100 - - [19/May/2023:11:11:48 +0800] "GET /xingrg/all/function/internal_message.html?_=1684465909149&CODE_STATE=getMsg HTTP/1.1" 200 27
116.224.158.100 - - [19/May/2023:11:11:48 +0800] "GET /xingrg/check_reg.html?_=1684465909397 HTTP/1.1" 200 22
116.238.139.35 - - [19/May/2023:11:11:50 +0800] "GET /xingrg/all/function/internal_message.html?_=1684465908487&CODE_STATE=getMsg HTTP/1.1" 200 27
116.238.139.35 - - [19/May/2023:11:11:50 +0800] "GET /xingrg/check_reg.html?_=1684465908490 HTTP/1.1" 200 22
120.253.135.82 - - [19/May/2023:11:11:51 +0800] "POST /xingrg/kc/pszx/mdps_list_operate.html HTTP/1.1" 200 5419
180.164.3.199 - - [19/May/2023:11:11:51 +0800] "GET /xingrg/kc/buy/cgsh_order_operate.html?command=get_materiel&rest_code=00108&code=00101008038&supplier_code=00100007&order_time=2023-05-19 HTTP/1.1" 200 412
120.253.135.82 - - [19/May/2023:11:11:53 +0800] "POST /xingrg/kc/pszx/mdps_list_operate.html HTTP/1.1" 200 220
120.253.135.82 - - [19/May/2023:11:11:54 +0800] "GET /xingrg/kc/pszx/mdps_order_info.html?code=312023051900404 HTTP/1.1" 200 23976
120.253.135.82 - - [19/May/2023:11:11:54 +0800] "GET /xingrg/javascript/easyui/themes/default/validatebox.css HTTP/1.1" 404 1104
120.253.135.82 - - [19/May/2023:11:11:55 +0800] "POST /xingrg/kc/pszx/mdps_order_operate.html HTTP/1.1" 200 2307
180.171.122.0 - - [19/May/2023:11:11:55 +0800] "GET /xingrg/kc/buy/cgsh_order_operate.html?command=get_materiel&rest_code=00111&code=00101004046&supplier_code=00100312&order_time=2023-05-19 HTTP/1.1" 200 417
114.83.216.225 - - [19/May/2023:11:11:56 +0800] "GET /xingrg/all/function/internal_message.html?_=1684465913065&CODE_STATE=getMsg HTTP/1.1" 200 27
120.253.135.82 - - [19/May/2023:11:11:58 +0800] "GET /xingrg/kc/print/load_data.html?order_code=312023051900404&kc_code=mdps&condition= HTTP/1.1" 200 704
180.169.147.146 - - [19/May/2023:11:11:59 +0800] "GET /xingrg/all/function/internal_message.html?_=1684465920183&CODE_STATE=getMsg HTTP/1.1" 200 27
222.67.238.82 - - [19/May/2023:11:12:00 +0800] "GET /xingrg/kc/buy/cgsh_order_operate.html?command=get_materiel&rest_code=00141&code=00101008165&supplier_code=00100007&order_time=2023-05-19 HTTP/1.1" 200 416
124.79.240.114 - - [19/May/2023:11:12:00 +0800] "GET /xingrg/all/function/internal_message.html?_=1684466198621&CODE_STATE=getMsg HTTP/1.1" 200 27
180.164.3.199 - - [19/May/2023:11:12:00 +0800] "GET /xingrg/kc/buy/cgsh_order_operate.html?command=get_materiel&rest_code=00108&code=00101008403&supplier_code=00100007&order_time=2023-05-19 HTTP/1.1" 200 412
114.85.36.120 - - [19/May/2023:11:12:02 +0800] "GET /xingrg/all/function/internal_message.html?_=1684464751246&CODE_STATE=getMsg HTTP/1.1" 200 27
222.67.238.82 - - [19/May/2023:11:12:03 +0800] "POST /xingrg/kc/buy/cgsh_order_operate.html HTTP/1.1" 200 2065
120.253.135.82 - - [19/May/2023:11:12:04 +0800] "GET /xingrg/check_reg.html?_=1684465761092 HTTP/1.1" 200 22
180.169.147.146 - - [19/May/2023:11:12:04 +0800] "GET /xingrg/all/function/internal_message.html?_=1684465918450&CODE_STATE=getMsg HTTP/1.1" 200 27
180.171.122.0 - - [19/May/2023:11:12:04 +0800] "GET /xingrg/kc/buy/cgsh_order_operate.html?command=get_materiel&rest_code=00111&code=00101004067&supplier_code=00100312&order_time=2023-05-19 HTTP/1.1" 200 413
180.171.122.0 - - [19/May/2023:11:12:05 +0800] "GET /xingrg/all/function/internal_message.html?_=1684465922399&CODE_STATE=getMsg HTTP/1.1" 200 27
120.253.135.82 - - [19/May/2023:11:12:07 +0800] "GET /xingrg/all/function/internal_message.html?_=1684465763841&CODE_STATE=getMsg HTTP/1.1" 200 27
180.164.3.199 - - [19/May/2023:11:12:11 +0800] "GET /xingrg/kc/buy/cgsh_order_operate.html?command=get_materiel&rest_code=00108&code=00101008694&supplier_code=00100007&order_time=2023-05-19 HTTP/1.1" 200 420
116.235.244.176 - - [19/May/2023:11:12:13 +0800] "GET /xingrg/all/function/internal_message.html?_=1684465955031&CODE_STATE=getMsg HTTP/1.1" 200 27
124.78.154.3 - - [19/May/2023:11:12:13 +0800] "GET /xingrg/all/function/internal_message.html?_=1684465933398&CODE_STATE=getMsg HTTP/1.1" 200 27
180.171.122.0 - - [19/May/2023:11:12:13 +0800] "GET /xingrg/kc/buy/cgsh_order_operate.html?command=get_materiel&rest_code=00111&code=00101004103&supplier_code=00100312&order_time=2023-05-19 HTTP/1.1" 200 432
180.164.3.199 - - [19/May/2023:11:12:15 +0800] "GET /xingrg/all/function/internal_message.html?_=1684465935358&CODE_STATE=getMsg HTTP/1.1" 200 27
222.67.238.82 - - [19/May/2023:11:12:15 +0800] "GET /xingrg/kc/buy/cgsh_order_operate.html?command=get_materiel&rest_code=00141&code=00101008272&supplier_code=00100007&order_time=2023-05-19 HTTP/1.1" 200 412
120.253.135.82 - - [19/May/2023:11:12:18 +0800] "POST /xingrg/kc/pszx/mdps_order_operate.html HTTP/1.1" 200 37
180.164.3.199 - - [19/May/2023:11:12:19 +0800] "GET /xingrg/kc/buy/cgsh_order_operate.html?command=get_materiel&rest_code=00108&code=00101008163&supplier_code=00100007&order_time=2023-05-19 HTTP/1.1" 200 409
120.253.135.82 - - [19/May/2023:11:12:22 +0800] "POST /xingrg/kc/pszx/mdps_order_operate.html HTTP/1.1" 200 12
180.164.3.199 - - [19/May/2023:11:12:24 +0800] "POST /xingrg/kc/buy/cgsh_order_operate.html HTTP/1.1" 200 2065
120.253.135.82 - - [19/May/2023:11:12:24 +0800] "GET /xingrg/kc/pszx/mdps_order_info.html?code=312023051900404 HTTP/1.1" 200 19636
120.253.135.82 - - [19/May/2023:11:12:24 +0800] "GET /xingrg/javascript/easyui/themes/default/validatebox.css HTTP/1.1" 404 1104
120.253.135.82 - - [19/May/2023:11:12:25 +0800] "POST /xingrg/kc/pszx/mdps_order_operate.html HTTP/1.1" 200 528
172.20.0.100 - - [19/May/2023:11:12:26 +0800] "GET /xingrg/check_reg.html?_=1684465958762 HTTP/1.1" 200 22
124.79.240.114 - - [19/May/2023:11:12:28 +0800] "GET /xingrg/all/function/internal_message.html?_=1684465938808&CODE_STATE=getMsg HTTP/1.1" 302 -
222.67.238.82 - - [19/May/2023:11:12:31 +0800] "GET /xingrg/kc/buy/cgsh_order_operate.html?command=get_materiel&rest_code=00141&code=00101008353&supplier_code=00100007&order_time=2023-05-19 HTTP/1.1" 200 408
180.164.3.199 - - [19/May/2023:11:12:33 +0800] "GET /xingrg/kc/buy/cgsh_order_operate.html?command=get_materiel&rest_code=00108&code=00101008375&supplier_code=00100007&order_time=2023-05-19 HTTP/1.1" 200 416
180.169.147.146 - - [19/May/2023:11:12:38 +0800] "GET /xingrg/all/function/internal_message.html?_=1684465951482&CODE_STATE=getMsg HTTP/1.1" 200 27
116.232.195.127 - - [19/May/2023:11:12:38 +0800] "GET /xingrg/all/function/internal_message.html?_=1684466000313&CODE_STATE=getMsg HTTP/1.1" 200 27
116.232.195.127 - - [19/May/2023:11:12:38 +0800] "GET /xingrg/check_reg.html?_=1684466000314 HTTP/1.1" 200 22
116.235.244.176 - - [19/May/2023:11:12:39 +0800] "GET /xingrg/all/function/internal_message.html?_=1684465972442&CODE_STATE=getMsg HTTP/1.1" 200 27
222.67.238.82 - - [19/May/2023:11:12:41 +0800] "GET /xingrg/kc/buy/cgsh_order_operate.html?command=get_materiel&rest_code=00141&code=00101008312&supplier_code=00100007&order_time=2023-05-19 HTTP/1.1" 200 412
116.238.210.79 - - [19/May/2023:11:12:42 +0800] "GET /xingrg/all/function/internal_message.html?_=1684465963589&CODE_STATE=getMsg HTTP/1.1" 200 27
180.164.3.199 - - [19/May/2023:11:12:43 +0800] "GET /xingrg/kc/buy/cgsh_order_operate.html?command=get_materiel&rest_code=00108&code=00101008136&supplier_code=00100007&order_time=2023-05-19 HTTP/1.1" 200 413
222.67.238.82 - - [19/May/2023:11:12:44 +0800] "GET /xingrg/all/function/internal_message.html?_=1684465478910&CODE_STATE=getMsg HTTP/1.1" 200 27
124.78.154.3 - - [19/May/2023:11:12:44 +0800] "GET /xingrg/all/function/internal_message.html?_=1684465964887&CODE_STATE=getMsg HTTP/1.1" 200 27
124.79.74.67 - - [19/May/2023:11:12:45 +0800] "GET /xingrg/all/function/internal_message.html?_=1684465987140&CODE_STATE=getMsg HTTP/1.1" 200 27
116.224.158.100 - - [19/May/2023:11:12:46 +0800] "GET /xingrg/all/function/internal_message.html?_=1684465801069&CODE_STATE=getMsg HTTP/1.1" 200 27
120.253.135.82 - - [19/May/2023:11:12:47 +0800] "GET /xingrg/all/function/internal_message.html?_=1684466106159&CODE_STATE=getMsg HTTP/1.1" 200 27
116.224.158.100 - - [19/May/2023:11:12:48 +0800] "GET /xingrg/all/function/internal_message.html?_=1684465969118&CODE_STATE=getMsg HTTP/1.1" 200 27
116.238.139.35 - - [19/May/2023:11:12:50 +0800] "GET /xingrg/all/function/internal_message.html?_=1684465968489&CODE_STATE=getMsg HTTP/1.1" 200 27
114.83.216.225 - - [19/May/2023:11:12:56 +0800] "GET /xingrg/all/function/internal_message.html?_=1684465973080&CODE_STATE=getMsg HTTP/1.1" 200 27
114.83.216.225 - - [19/May/2023:11:12:56 +0800] "GET /xingrg/check_reg.html?_=1684465973082 HTTP/1.1" 200 22
180.169.147.146 - - [19/May/2023:11:12:59 +0800] "GET /xingrg/all/function/internal_message.html?_=1684465980190&CODE_STATE=getMsg HTTP/1.1" 200 27
124.79.240.114 - - [19/May/2023:11:13:01 +0800] "GET /xingrg/check_reg.html?_=1684466258639 HTTP/1.1" 200 22
124.79.240.114 - - [19/May/2023:11:13:01 +0800] "GET /xingrg/all/function/internal_message.html?_=1684466258637&CODE_STATE=getMsg HTTP/1.1" 200 27
114.85.36.120 - - [19/May/2023:11:13:02 +0800] "GET /xingrg/all/function/internal_message.html?_=1684464811241&CODE_STATE=getMsg HTTP/1.1" 200 27
222.67.238.82 - - [19/May/2023:11:13:03 +0800] "POST /xingrg/kc/buy/cgsh_order_operate.html HTTP/1.1" 200 37
180.169.147.146 - - [19/May/2023:11:13:04 +0800] "GET /xingrg/all/function/internal_message.html?_=1684465978433&CODE_STATE=getMsg HTTP/1.1" 200 27
180.171.122.0 - - [19/May/2023:11:13:04 +0800] "GET /xingrg/kc/buy/cgsh_order_operate.html?command=get_materiel&rest_code=00111&code=00101004028&supplier_code=00100312&order_time=2023-05-19 HTTP/1.1" 200 413
180.169.147.146 - - [19/May/2023:11:13:05 +0800] "GET /xingrg/check_reg.html?_=1684465978995 HTTP/1.1" 200 22
180.171.122.0 - - [19/May/2023:11:13:05 +0800] "GET /xingrg/all/function/internal_message.html?_=1684465982387&CODE_STATE=getMsg HTTP/1.1" 200 27
180.164.3.199 - - [19/May/2023:11:13:05 +0800] "GET /xingrg/kc/buy/cgsh_order_operate.html?command=get_materiel&rest_code=00108&code=00101008298&supplier_code=00100007&order_time=2023-05-19 HTTP/1.1" 200 23
120.253.135.82 - - [19/May/2023:11:13:07 +0800] "GET /xingrg/all/function/internal_message.html?_=1684465823867&CODE_STATE=getMsg HTTP/1.1" 200 27
124.78.154.3 - - [19/May/2023:11:13:13 +0800] "GET /xingrg/all/function/internal_message.html?_=1684465993398&CODE_STATE=getMsg HTTP/1.1" 200 27
116.235.244.176 - - [19/May/2023:11:13:13 +0800] "GET /xingrg/all/function/internal_message.html?_=1684466015367&CODE_STATE=getMsg HTTP/1.1" 200 27
180.171.122.0 - - [19/May/2023:11:13:15 +0800] "GET /xingrg/kc/buy/cgsh_order_operate.html?command=get_materiel&rest_code=00111&code=00101004008&supplier_code=00100312&order_time=2023-05-19 HTTP/1.1" 200 408
180.164.3.199 - - [19/May/2023:11:13:15 +0800] "GET /xingrg/all/function/internal_message.html?_=1684465995365&CODE_STATE=getMsg HTTP/1.1" 200 27
180.164.3.199 - - [19/May/2023:11:13:20 +0800] "POST /xingrg/kc/buy/cgsh_order_operate.html HTTP/1.1" 200 37
180.164.3.199 - - [19/May/2023:11:13:23 +0800] "POST /xingrg/kc/buy/cgsh_order_operate.html HTTP/1.1" 200 26907
124.79.240.114 - - [19/May/2023:11:13:28 +0800] "GET /xingrg/all/function/internal_message.html?_=1684465998817&CODE_STATE=getMsg HTTP/1.1" 302 -
180.171.122.0 - - [19/May/2023:11:13:29 +0800] "GET /xingrg/kc/buy/cgsh_order_operate.html?command=get_materiel&rest_code=00111&code=00101005022&supplier_code=00100312&order_time=2023-05-19 HTTP/1.1" 200 417
180.164.3.199 - - [19/May/2023:11:13:37 +0800] "GET /xingrg/login.html HTTP/1.1" 200 7641
180.164.3.199 - - [19/May/2023:11:13:37 +0800] "GET /favicon.ico HTTP/1.1" 404 -
180.169.147.146 - - [19/May/2023:11:13:38 +0800] "GET /xingrg/all/function/internal_message.html?_=1684466011508&CODE_STATE=getMsg HTTP/1.1" 200 27
116.232.195.127 - - [19/May/2023:11:13:38 +0800] "GET /xingrg/all/function/internal_message.html?_=1684466060330&CODE_STATE=getMsg HTTP/1.1" 200 27
180.171.122.0 - - [19/May/2023:11:13:39 +0800] "GET /xingrg/kc/buy/cgsh_order_operate.html?command=get_materiel&rest_code=00111&code=00101001156&supplier_code=00100312&order_time=2023-05-19 HTTP/1.1" 200 409
116.235.244.176 - - [19/May/2023:11:13:39 +0800] "GET /xingrg/all/function/internal_message.html?_=1684466032456&CODE_STATE=getMsg HTTP/1.1" 200 27
180.164.3.199 - - [19/May/2023:11:13:40 +0800] "POST /xingrg/login.do HTTP/1.1" 302 -
180.164.3.199 - - [19/May/2023:11:13:40 +0800] "GET /xingrg/index.html?sysBaseUrl=http%3A%2F%2F180.169.147.146%3A18081%2Fxingrg%2F&costTime=807×tamp=1684466020149 HTTP/1.1" 200 17183
180.164.3.199 - - [19/May/2023:11:13:40 +0800] "GET /favicon.ico HTTP/1.1" 404 -
180.164.3.199 - - [19/May/2023:11:13:40 +0800] "GET /xingrg/all/function/internal_message.html?_=1684466020147&CODE_STATE=count HTTP/1.1" 200 11
180.164.3.199 - - [19/May/2023:11:13:40 +0800] "GET /xingrg/check_reg.html?_=1684466020148 HTTP/1.1" 200 22
180.164.3.199 - - [19/May/2023:11:13:40 +0800] "POST /xingrg/all/common/load_tree.html?tree=area_rest_tree_json&manage=1 HTTP/1.1" 200 357
180.164.3.199 - - [19/May/2023:11:13:40 +0800] "POST /xingrg/load_menu.html HTTP/1.1" 200 5138
116.238.210.79 - - [19/May/2023:11:13:42 +0800] "GET /xingrg/all/function/internal_message.html?_=1684466023577&CODE_STATE=getMsg HTTP/1.1" 200 27
116.238.210.79 - - [19/May/2023:11:13:43 +0800] "GET /xingrg/check_reg.html?_=1684466023829 HTTP/1.1" 200 22
124.78.154.3 - - [19/May/2023:11:13:44 +0800] "GET /xingrg/check_reg.html?_=1684466024887 HTTP/1.1" 200 22
124.78.154.3 - - [19/May/2023:11:13:44 +0800] "GET /xingrg/all/function/internal_message.html?_=1684466024890&CODE_STATE=getMsg HTTP/1.1" 200 27
124.79.74.67 - - [19/May/2023:11:13:45 +0800] "GET /xingrg/all/function/internal_message.html?_=1684466047146&CODE_STATE=getMsg HTTP/1.1" 200 27
116.224.158.100 - - [19/May/2023:11:13:46 +0800] "GET /xingrg/all/function/internal_message.html?_=1684465861070&CODE_STATE=getMsg HTTP/1.1" 200 27
120.253.135.82 - - [19/May/2023:11:13:47 +0800] "GET /xingrg/all/function/internal_message.html?_=1684466166164&CODE_STATE=getMsg HTTP/1.1" 200 27
116.224.158.100 - - [19/May/2023:11:13:48 +0800] "GET /xingrg/all/function/internal_message.html?_=1684466029092&CODE_STATE=getMsg HTTP/1.1" 200 27
116.238.139.35 - - [19/May/2023:11:13:50 +0800] "GET /xingrg/all/function/internal_message.html?_=1684466028492&CODE_STATE=getMsg HTTP/1.1" 200 27
180.164.3.199 - - [19/May/2023:11:13:51 +0800] "GET /xingrg/kc/buy/cgsh_order_list.html HTTP/1.1" 200 55679
180.171.122.0 - - [19/May/2023:11:13:54 +0800] "GET /xingrg/kc/buy/cgsh_order_operate.html?command=get_materiel&rest_code=00111&code=00101005015&supplier_code=00100312&order_time=2023-05-19 HTTP/1.1" 200 409
116.235.244.176 - - [19/May/2023:11:13:54 +0800] "GET /xingrg/check_reg.html?_=1684466056743 HTTP/1.1" 200 22
180.164.3.199 - - [19/May/2023:11:13:56 +0800] "POST /xingrg/kc/buy/cgsh_list_operate.html HTTP/1.1" 200 3186
114.83.216.225 - - [19/May/2023:11:13:56 +0800] "GET /xingrg/all/function/internal_message.html?_=1684466033076&CODE_STATE=getMsg HTTP/1.1" 200 27
180.169.147.146 - - [19/May/2023:11:13:59 +0800] "GET /xingrg/all/function/internal_message.html?_=1684466040189&CODE_STATE=getMsg HTTP/1.1" 200 27
180.169.147.146 - - [19/May/2023:11:13:59 +0800] "GET /xingrg/check_reg.html?_=1684466040194 HTTP/1.1" 200 22
180.164.3.199 - - [19/May/2023:11:14:00 +0800] "POST /xingrg/kc/buy/cgsh_list_operate.html HTTP/1.1" 200 565
124.79.240.114 - - [19/May/2023:11:14:01 +0800] "GET /xingrg/all/function/internal_message.html?_=1684466318622&CODE_STATE=getMsg HTTP/1.1" 200 27
180.171.122.0 - - [19/May/2023:11:14:02 +0800] "GET /xingrg/kc/buy/cgsh_order_operate.html?command=get_materiel&rest_code=00111&code=00101004010&supplier_code=00100312&order_time=2023-05-19 HTTP/1.1" 200 409
180.164.3.199 - - [19/May/2023:11:14:02 +0800] "GET /xingrg/kc/buy/cgsh_order_info.html?code=212023051906999 HTTP/1.1" 200 71552
180.164.3.199 - - [19/May/2023:11:14:02 +0800] "GET /xingrg/javascript/easyui/themes/default/validatebox.css HTTP/1.1" 404 1104
114.85.36.120 - - [19/May/2023:11:14:02 +0800] "GET /xingrg/all/function/internal_message.html?_=1684464871245&CODE_STATE=getMsg HTTP/1.1" 200 27
180.164.3.199 - - [19/May/2023:11:14:02 +0800] "GET /xingrg/all/common/auto_word.html?type=employee&rest_code=00108 HTTP/1.1" 200 101
180.164.3.199 - - [19/May/2023:11:14:02 +0800] "GET /xingrg/all/common/auto_word.html?type=employee&rest_code=00108 HTTP/1.1" 200 101
180.164.3.199 - - [19/May/2023:11:14:03 +0800] "POST /xingrg/kc/buy/cgsh_order_operate.html HTTP/1.1" 200 26907
180.169.147.146 - - [19/May/2023:11:14:04 +0800] "GET /xingrg/all/function/internal_message.html?_=1684466038416&CODE_STATE=getMsg HTTP/1.1" 200 27
180.171.122.0 - - [19/May/2023:11:14:05 +0800] "GET /xingrg/all/function/internal_message.html?_=1684466042388&CODE_STATE=getMsg HTTP/1.1" 200 27
120.253.135.82 - - [19/May/2023:11:14:07 +0800] "GET /xingrg/all/function/internal_message.html?_=1684465883876&CODE_STATE=getMsg HTTP/1.1" 200 27
180.164.3.199 - - [19/May/2023:11:14:08 +0800] "GET /xingrg/javascript/auto/indicator.gif HTTP/1.1" 404 1066
180.164.3.199 - - [19/May/2023:11:14:12 +0800] "GET /xingrg/kc/buy/cgsh_order_operate.html?command=get_materiel&rest_code=00108&code=00101008298&supplier_code=00100007&order_time=2023-05-19 HTTP/1.1" 200 412
124.78.154.3 - - [19/May/2023:11:14:13 +0800] "GET /xingrg/all/function/internal_message.html?_=1684466053384&CODE_STATE=getMsg HTTP/1.1" 200 27
116.235.244.176 - - [19/May/2023:11:14:13 +0800] "GET /xingrg/all/function/internal_message.html?_=1684466075370&CODE_STATE=getMsg HTTP/1.1" 200 27
180.171.122.0 - - [19/May/2023:11:14:20 +0800] "POST /xingrg/kc/buy/cgsh_order_operate.html HTTP/1.1" 200 37
180.171.122.0 - - [19/May/2023:11:14:22 +0800] "POST /xingrg/kc/buy/cgsh_order_operate.html HTTP/1.1" 200 8006
124.79.240.114 - - [19/May/2023:11:14:28 +0800] "GET /xingrg/all/function/internal_message.html?_=1684466058822&CODE_STATE=getMsg HTTP/1.1" 302 -
124.79.240.114 - - [19/May/2023:11:14:28 +0800] "GET /xingrg/check_reg.html?_=1684466058820 HTTP/1.1" 302 -
180.164.3.199 - - [19/May/2023:11:14:30 +0800] "POST /xingrg/kc/buy/cgsh_order_operate.html HTTP/1.1" 200 37
180.171.122.0 - - [19/May/2023:11:14:33 +0800] "GET /xingrg/kc/print/load_data.html?order_code=212023051907012&kc_code=cgsh&condition= HTTP/1.1" 200 2278
180.164.3.199 - - [19/May/2023:11:14:34 +0800] "POST /xingrg/kc/buy/cgsh_order_operate.html HTTP/1.1" 200 27497
116.238.139.35 - - [19/May/2023:11:14:35 +0800] "GET /xingrg/kc/base/wldb_order_add.html HTTP/1.1" 200 30387
116.238.139.35 - - [19/May/2023:11:14:36 +0800] "POST /xingrg/kc/base/wldb_order_operate.html HTTP/1.1" 200 6806
116.238.139.35 - - [19/May/2023:11:14:36 +0800] "GET /xingrg/javascript/easyui/themes/default/validatebox.css HTTP/1.1" 404 1104
218.81.73.248 - - [19/May/2023:11:14:37 +0800] "GET /xingrg/check_reg.html?_=1684466078444 HTTP/1.1" 200 22
180.169.147.146 - - [19/May/2023:11:14:38 +0800] "GET /xingrg/check_reg.html?_=1684466071494 HTTP/1.1" 200 22
180.169.147.146 - - [19/May/2023:11:14:38 +0800] "GET /xingrg/all/function/internal_message.html?_=1684466071497&CODE_STATE=getMsg HTTP/1.1" 200 27
116.232.195.127 - - [19/May/2023:11:14:38 +0800] "GET /xingrg/all/function/internal_message.html?_=1684466120322&CODE_STATE=getMsg HTTP/1.1" 200 27
116.235.244.176 - - [19/May/2023:11:14:39 +0800] "GET /xingrg/all/function/internal_message.html?_=1684466092474&CODE_STATE=getMsg HTTP/1.1" 200 27
180.164.3.199 - - [19/May/2023:11:14:40 +0800] "GET /xingrg/all/function/internal_message.html?_=1684466080149&CODE_STATE=getMsg HTTP/1.1" 200 27
116.238.210.79 - - [19/May/2023:11:14:42 +0800] "GET /xingrg/all/function/internal_message.html?_=1684466083560&CODE_STATE=getMsg HTTP/1.1" 200 27
180.164.3.199 - - [19/May/2023:11:14:44 +0800] "GET /xingrg/kc/print/load_config.html?kc_code=cgsh HTTP/1.1" 200 1924
124.78.154.3 - - [19/May/2023:11:14:44 +0800] "GET /xingrg/all/function/internal_message.html?_=1684466084890&CODE_STATE=getMsg HTTP/1.1" 200 27
124.79.74.67 - - [19/May/2023:11:14:45 +0800] "GET /xingrg/check_reg.html?_=1684466107137 HTTP/1.1" 200 22
124.79.74.67 - - [19/May/2023:11:14:45 +0800] "GET /xingrg/all/function/internal_message.html?_=1684466107145&CODE_STATE=getMsg HTTP/1.1" 200 27
180.164.3.199 - - [19/May/2023:11:14:45 +0800] "GET /xingrg/kc/print/load_data.html?order_code=212023051906999&kc_code=cgsh&condition= HTTP/1.1" 200 10133
116.224.158.100 - - [19/May/2023:11:14:46 +0800] "GET /xingrg/all/function/internal_message.html?_=1684465921071&CODE_STATE=getMsg HTTP/1.1" 200 27
116.224.158.100 - - [19/May/2023:11:14:46 +0800] "GET /xingrg/check_reg.html?_=1684465921074 HTTP/1.1" 200 22
120.253.135.82 - - [19/May/2023:11:14:47 +0800] "GET /xingrg/check_reg.html?_=1684466226172 HTTP/1.1" 200 22
120.253.135.82 - - [19/May/2023:11:14:47 +0800] "GET /xingrg/all/function/internal_message.html?_=1684466226170&CODE_STATE=getMsg HTTP/1.1" 200 27
180.171.122.0 - - [19/May/2023:11:14:47 +0800] "GET /xingrg/login.html HTTP/1.1" 200 7641
116.224.158.100 - - [19/May/2023:11:14:48 +0800] "GET /xingrg/all/function/internal_message.html?_=1684466089064&CODE_STATE=getMsg HTTP/1.1" 200 27
180.171.122.0 - - [19/May/2023:11:14:48 +0800] "GET /favicon.ico HTTP/1.1" 404 -
116.238.139.35 - - [19/May/2023:11:14:50 +0800] "GET /xingrg/all/function/internal_message.html?_=1684466088495&CODE_STATE=getMsg HTTP/1.1" 200 27
180.171.122.0 - - [19/May/2023:11:14:54 +0800] "POST /xingrg/login.do HTTP/1.1" 302 -
180.171.122.0 - - [19/May/2023:11:14:54 +0800] "GET /xingrg/index.html?sysBaseUrl=http%3A%2F%2F180.169.147.146%3A18081%2Fxingrg%2F&costTime=842×tamp=1684466094862 HTTP/1.1" 200 17173
180.171.122.0 - - [19/May/2023:11:14:55 +0800] "GET /favicon.ico HTTP/1.1" 404 -
180.171.122.0 - - [19/May/2023:11:14:55 +0800] "GET /xingrg/all/function/internal_message.html?_=1684466092292&CODE_STATE=count HTTP/1.1" 200 11
180.171.122.0 - - [19/May/2023:11:14:55 +0800] "GET /xingrg/check_reg.html?_=1684466092293 HTTP/1.1" 200 22
180.171.122.0 - - [19/May/2023:11:14:55 +0800] "POST /xingrg/all/common/load_tree.html?tree=area_rest_tree_json&manage=1 HTTP/1.1" 200 342
180.171.122.0 - - [19/May/2023:11:14:55 +0800] "POST /xingrg/load_menu.html HTTP/1.1" 200 5138
114.83.216.225 - - [19/May/2023:11:14:56 +0800] "GET /xingrg/all/function/internal_message.html?_=1684466093074&CODE_STATE=getMsg HTTP/1.1" 200 27
180.171.122.0 - - [19/May/2023:11:14:58 +0800] "GET /xingrg/kc/buy/buy_main.html HTTP/1.1" 200 12412
180.171.122.0 - - [19/May/2023:11:14:58 +0800] "GET /xingrg/css/new_ie.css HTTP/1.1" 404 1036
180.171.122.0 - - [19/May/2023:11:14:58 +0800] "GET /xingrg/images/yd/bt.gif HTTP/1.1" 404 1040
180.169.147.146 - - [19/May/2023:11:14:59 +0800] "GET /xingrg/all/function/internal_message.html?_=1684466100184&CODE_STATE=getMsg HTTP/1.1" 200 27
180.171.122.0 - - [19/May/2023:11:15:00 +0800] "GET /xingrg/kc/buy/cgsh_order_list.html HTTP/1.1" 200 55669
124.79.240.114 - - [19/May/2023:11:15:00 +0800] "GET /xingrg/all/function/internal_message.html?_=1684466378623&CODE_STATE=getMsg HTTP/1.1" 200 27
114.85.36.120 - - [19/May/2023:11:15:02 +0800] "GET /xingrg/check_reg.html?_=1684464931243 HTTP/1.1" 200 22
114.85.36.120 - - [19/May/2023:11:15:02 +0800] "GET /xingrg/all/function/internal_message.html?_=1684464931246&CODE_STATE=getMsg HTTP/1.1" 200 27
180.171.122.0 - - [19/May/2023:11:15:04 +0800] "POST /xingrg/kc/buy/cgsh_list_operate.html HTTP/1.1" 200 5869
180.169.147.146 - - [19/May/2023:11:15:04 +0800] "GET /xingrg/all/function/internal_message.html?_=1684466098399&CODE_STATE=getMsg HTTP/1.1" 200 27
120.253.135.82 - - [19/May/2023:11:15:07 +0800] "GET /xingrg/all/function/internal_message.html?_=1684465943908&CODE_STATE=getMsg HTTP/1.1" 200 27
180.171.122.0 - - [19/May/2023:11:15:12 +0800] "POST /xingrg/kc/buy/cgsh_list_operate.html HTTP/1.1" 200 5013
124.78.154.3 - - [19/May/2023:11:15:13 +0800] "GET /xingrg/all/function/internal_message.html?_=1684466113384&CODE_STATE=getMsg HTTP/1.1" 200 27
124.78.154.3 - - [19/May/2023:11:15:13 +0800] "GET /xingrg/check_reg.html?_=1684466113387 HTTP/1.1" 200 22
116.235.244.176 - - [19/May/2023:11:15:13 +0800] "GET /xingrg/all/function/internal_message.html?_=1684466135384&CODE_STATE=getMsg HTTP/1.1" 200 27
180.171.122.0 - - [19/May/2023:11:15:17 +0800] "POST /xingrg/kc/buy/cgsh_list_operate.html HTTP/1.1" 200 5869
116.238.139.35 - - [19/May/2023:11:15:19 +0800] "GET /xingrg/kc/base/wldb_order_operate.html?command=get_materiel&rest_code=00150&base_code=0010445&code=00101013115 HTTP/1.1" 200 435
180.171.122.0 - - [19/May/2023:11:15:21 +0800] "POST /xingrg/kc/buy/cgsh_list_operate.html HTTP/1.1" 200 570
180.171.122.0 - - [19/May/2023:11:15:23 +0800] "GET /xingrg/kc/buy/cgsh_order_info.html?code=212023051907012 HTTP/1.1" 200 71420
180.171.122.0 - - [19/May/2023:11:15:23 +0800] "GET /xingrg/javascript/easyui/themes/default/validatebox.css HTTP/1.1" 404 1104
180.171.122.0 - - [19/May/2023:11:15:23 +0800] "GET /xingrg/all/common/auto_word.html?type=employee&rest_code=00111 HTTP/1.1" 200 155
180.171.122.0 - - [19/May/2023:11:15:23 +0800] "GET /xingrg/all/common/auto_word.html?type=employee&rest_code=00111 HTTP/1.1" 200 155
180.171.122.0 - - [19/May/2023:11:15:24 +0800] "POST /xingrg/kc/buy/cgsh_order_operate.html HTTP/1.1" 200 8006
180.171.122.0 - - [19/May/2023:11:15:25 +0800] "GET /xingrg/kc/print/load_config.html?kc_code=cgsh HTTP/1.1" 200 1924
180.171.122.0 - - [19/May/2023:11:15:26 +0800] "GET /xingrg/kc/print/load_data.html?order_code=212023051907012&kc_code=cgsh&condition= HTTP/1.1" 200 2722
124.79.240.114 - - [19/May/2023:11:15:28 +0800] "GET /xingrg/all/function/internal_message.html?_=1684466118810&CODE_STATE=getMsg HTTP/1.1" 302 -
180.171.122.0 - - [19/May/2023:11:15:32 +0800] "GET /xingrg/kc/buy/cgsh_order_add.html HTTP/1.1" 200 71407
180.171.122.0 - - [19/May/2023:11:15:32 +0800] "POST /xingrg/kc/buy/cgsh_order_operate.html HTTP/1.1" 200 8245
180.171.122.0 - - [19/May/2023:11:15:32 +0800] "GET /xingrg/javascript/easyui/themes/default/validatebox.css HTTP/1.1" 404 1104
180.171.122.0 - - [19/May/2023:11:15:33 +0800] "GET /xingrg/javascript/auto/indicator.gif HTTP/1.1" 404 1066
180.171.122.0 - - [19/May/2023:11:15:35 +0800] "GET /xingrg/javascript/jquery_tools/images/prev.gif HTTP/1.1" 404 1086
180.171.122.0 - - [19/May/2023:11:15:35 +0800] "GET /xingrg/javascript/jquery_tools/images/next.gif HTTP/1.1" 404 1086
180.169.147.146 - - [19/May/2023:11:15:38 +0800] "GET /xingrg/all/function/internal_message.html?_=1684466131497&CODE_STATE=getMsg HTTP/1.1" 200 27
116.232.195.127 - - [19/May/2023:11:15:38 +0800] "GET /xingrg/all/function/internal_message.html?_=1684466180310&CODE_STATE=getMsg HTTP/1.1" 200 27
116.235.244.176 - - [19/May/2023:11:15:39 +0800] "GET /xingrg/all/function/internal_message.html?_=1684466152484&CODE_STATE=getMsg HTTP/1.1" 200 27
180.164.3.199 - - [19/May/2023:11:15:40 +0800] "GET /xingrg/all/function/internal_message.html?_=1684466140164&CODE_STATE=getMsg HTTP/1.1" 200 27
116.238.210.79 - - [19/May/2023:11:15:42 +0800] "GET /xingrg/all/function/internal_message.html?_=1684466143533&CODE_STATE=getMsg HTTP/1.1" 200 27
180.171.122.0 - - [19/May/2023:11:15:43 +0800] "GET /xingrg/kc/buy/cgsh_order_operate.html?command=get_materiel&rest_code=00111&code=00101007032&supplier_code=00100328&order_time=2023-05-19 HTTP/1.1" 200 413
124.78.154.3 - - [19/May/2023:11:15:44 +0800] "GET /xingrg/all/function/internal_message.html?_=1684466144891&CODE_STATE=getMsg HTTP/1.1" 200 27
124.79.74.67 - - [19/May/2023:11:15:45 +0800] "GET /xingrg/all/function/internal_message.html?_=1684466167172&CODE_STATE=getMsg HTTP/1.1" 200 27
116.224.158.100 - - [19/May/2023:11:15:46 +0800] "GET /xingrg/all/function/internal_message.html?_=1684465981075&CODE_STATE=getMsg HTTP/1.1" 200 27
120.253.135.82 - - [19/May/2023:11:15:47 +0800] "GET /xingrg/all/function/internal_message.html?_=1684466286175&CODE_STATE=getMsg HTTP/1.1" 200 27
116.224.158.100 - - [19/May/2023:11:15:48 +0800] "GET /xingrg/all/function/internal_message.html?_=1684466149032&CODE_STATE=getMsg HTTP/1.1" 200 27
116.238.139.35 - - [19/May/2023:11:15:50 +0800] "GET /xingrg/all/function/internal_message.html?_=1684466148491&CODE_STATE=getMsg HTTP/1.1" 200 27
180.171.122.0 - - [19/May/2023:11:15:55 +0800] "GET /xingrg/all/function/internal_message.html?_=1684466152302&CODE_STATE=getMsg HTTP/1.1" 200 27
180.171.122.0 - - [19/May/2023:11:15:55 +0800] "POST /xingrg/kc/buy/cgsh_order_operate.html HTTP/1.1" 200 37
114.83.216.225 - - [19/May/2023:11:15:56 +0800] "GET /xingrg/all/function/internal_message.html?_=1684466153085&CODE_STATE=getMsg HTTP/1.1" 200 27
180.171.122.0 - - [19/May/2023:11:15:57 +0800] "POST /xingrg/kc/buy/cgsh_order_operate.html HTTP/1.1" 200 2658
180.169.147.146 - - [19/May/2023:11:15:59 +0800] "GET /xingrg/all/function/internal_message.html?_=1684466160191&CODE_STATE=getMsg HTTP/1.1" 200 27
180.171.122.0 - - [19/May/2023:11:16:00 +0800] "GET /xingrg/kc/print/load_data.html?order_code=212023051907013&kc_code=cgsh&condition= HTTP/1.1" 200 677
124.79.240.114 - - [19/May/2023:11:16:00 +0800] "GET /xingrg/all/function/internal_message.html?_=1684466438622&CODE_STATE=getMsg HTTP/1.1" 200 27
114.85.36.120 - - [19/May/2023:11:16:02 +0800] "GET /xingrg/all/function/internal_message.html?_=1684464991244&CODE_STATE=getMsg HTTP/1.1" 200 27
180.169.147.146 - - [19/May/2023:11:16:04 +0800] "GET /xingrg/all/function/internal_message.html?_=1684466158382&CODE_STATE=getMsg HTTP/1.1" 200 27
180.171.122.0 - - [19/May/2023:11:16:06 +0800] "GET /xingrg/kc/buy/cgsh_order_add.html HTTP/1.1" 200 71407
180.171.122.0 - - [19/May/2023:11:16:06 +0800] "POST /xingrg/kc/buy/cgsh_order_operate.html HTTP/1.1" 200 8245
180.171.122.0 - - [19/May/2023:11:16:06 +0800] "GET /xingrg/javascript/easyui/themes/default/validatebox.css HTTP/1.1" 404 1104
120.253.135.82 - - [19/May/2023:11:16:07 +0800] "GET /xingrg/all/function/internal_message.html?_=1684466003919&CODE_STATE=getMsg HTTP/1.1" 200 27
124.78.154.3 - - [19/May/2023:11:16:13 +0800] "GET /xingrg/all/function/internal_message.html?_=1684466173387&CODE_STATE=getMsg HTTP/1.1" 200 27
116.235.244.176 - - [19/May/2023:11:16:13 +0800] "GET /xingrg/all/function/internal_message.html?_=1684466195722&CODE_STATE=getMsg HTTP/1.1" 200 27
180.171.122.0 - - [19/May/2023:11:16:24 +0800] "GET /xingrg/kc/buy/cgsh_order_operate.html?command=get_materiel&rest_code=00111&code=00101008496&supplier_code=00100323&order_time=2023-05-19 HTTP/1.1" 200 408
124.79.240.114 - - [19/May/2023:11:16:28 +0800] "GET /xingrg/all/function/internal_message.html?_=1684466178806&CODE_STATE=getMsg HTTP/1.1" 302 -
116.235.244.176 - - [19/May/2023:11:16:38 +0800] "GET /xingrg/check_reg.html?_=1684466210636 HTTP/1.1" 200 22
180.169.147.146 - - [19/May/2023:11:16:38 +0800] "GET /xingrg/all/function/internal_message.html?_=1684466191498&CODE_STATE=getMsg HTTP/1.1" 200 27
116.232.195.127 - - [19/May/2023:11:16:38 +0800] "GET /xingrg/all/function/internal_message.html?_=1684466240318&CODE_STATE=getMsg HTTP/1.1" 200 27
116.235.244.176 - - [19/May/2023:11:16:39 +0800] "GET /xingrg/all/function/internal_message.html?_=1684466212499&CODE_STATE=getMsg HTTP/1.1" 200 27
180.171.122.0 - - [19/May/2023:11:16:40 +0800] "GET /xingrg/kc/buy/cgsh_order_operate.html?command=get_materiel&rest_code=00111&code=00101010274&supplier_code=00100323&order_time=2023-05-19 HTTP/1.1" 200 433
180.164.3.199 - - [19/May/2023:11:16:40 +0800] "GET /xingrg/all/function/internal_message.html?_=1684466200156&CODE_STATE=getMsg HTTP/1.1" 200 27
116.238.210.79 - - [19/May/2023:11:16:42 +0800] "GET /xingrg/all/function/internal_message.html?_=1684466203505&CODE_STATE=getMsg HTTP/1.1" 200 27
124.78.154.3 - - [19/May/2023:11:16:44 +0800] "GET /xingrg/all/function/internal_message.html?_=1684466204890&CODE_STATE=getMsg HTTP/1.1" 200 27
124.79.74.67 - - [19/May/2023:11:16:45 +0800] "GET /xingrg/all/function/internal_message.html?_=1684466227171&CODE_STATE=getMsg HTTP/1.1" 200 27
116.224.158.100 - - [19/May/2023:11:16:46 +0800] "GET /xingrg/all/function/internal_message.html?_=1684466041075&CODE_STATE=getMsg HTTP/1.1" 200 27
120.253.135.82 - - [19/May/2023:11:16:47 +0800] "GET /xingrg/all/function/internal_message.html?_=1684466346180&CODE_STATE=getMsg HTTP/1.1" 200 27
116.224.158.100 - - [19/May/2023:11:16:48 +0800] "GET /xingrg/all/function/internal_message.html?_=1684466209001&CODE_STATE=getMsg HTTP/1.1" 200 27
116.224.158.100 - - [19/May/2023:11:16:48 +0800] "GET /xingrg/check_reg.html?_=1684466209401 HTTP/1.1" 200 22
116.238.139.35 - - [19/May/2023:11:16:50 +0800] "GET /xingrg/all/function/internal_message.html?_=1684466208491&CODE_STATE=getMsg HTTP/1.1" 200 27
116.238.139.35 - - [19/May/2023:11:16:50 +0800] "GET /xingrg/check_reg.html?_=1684466208495 HTTP/1.1" 200 22
180.171.122.0 - - [19/May/2023:11:16:51 +0800] "POST /xingrg/kc/buy/cgsh_order_operate.html HTTP/1.1" 200 37
180.171.122.0 - - [19/May/2023:11:16:53 +0800] "POST /xingrg/kc/buy/cgsh_order_operate.html HTTP/1.1" 200 3256
180.171.122.0 - - [19/May/2023:11:16:55 +0800] "GET /xingrg/all/function/internal_message.html?_=1684466212299&CODE_STATE=getMsg HTTP/1.1" 200 27
180.171.122.0 - - [19/May/2023:11:16:55 +0800] "GET /xingrg/kc/print/load_data.html?order_code=212023051907014&kc_code=cgsh&condition= HTTP/1.1" 200 910
114.83.216.225 - - [19/May/2023:11:16:56 +0800] "GET /xingrg/all/function/internal_message.html?_=1684466213094&CODE_STATE=getMsg HTTP/1.1" 200 27
180.169.147.146 - - [19/May/2023:11:16:59 +0800] "GET /xingrg/all/function/internal_message.html?_=1684466220184&CODE_STATE=getMsg HTTP/1.1" 200 27
180.171.122.0 - - [19/May/2023:11:17:00 +0800] "GET /xingrg/kc/buy/cgsh_order_add.html HTTP/1.1" 200 71407
180.171.122.0 - - [19/May/2023:11:17:00 +0800] "GET /xingrg/javascript/easyui/themes/default/validatebox.css HTTP/1.1" 404 1104
180.171.122.0 - - [19/May/2023:11:17:00 +0800] "POST /xingrg/kc/buy/cgsh_order_operate.html HTTP/1.1" 200 8245
124.79.240.114 - - [19/May/2023:11:17:01 +0800] "GET /xingrg/all/function/internal_message.html?_=1684466498623&CODE_STATE=getMsg HTTP/1.1" 200 27
114.85.36.120 - - [19/May/2023:11:17:02 +0800] "GET /xingrg/all/function/internal_message.html?_=1684465051269&CODE_STATE=getMsg HTTP/1.1" 200 27
120.253.135.82 - - [19/May/2023:11:17:04 +0800] "GET /xingrg/check_reg.html?_=1684466061114 HTTP/1.1" 200 22
180.169.147.146 - - [19/May/2023:11:17:04 +0800] "GET /xingrg/all/function/internal_message.html?_=1684466218366&CODE_STATE=getMsg HTTP/1.1" 200 27
222.67.238.82 - - [19/May/2023:11:17:05 +0800] "POST /xingrg/kc/buy/cgsh_order_operate.html HTTP/1.1" 200 29296
120.253.135.82 - - [19/May/2023:11:17:07 +0800] "GET /xingrg/all/function/internal_message.html?_=1684466063933&CODE_STATE=getMsg HTTP/1.1" 200 27
180.171.122.0 - - [19/May/2023:11:17:11 +0800] "GET /xingrg/kc/buy/cgsh_order_operate.html?command=get_materiel&rest_code=00111&code=00101010539&supplier_code=00100325&order_time=2023-05-19 HTTP/1.1" 200 434
124.78.154.3 - - [19/May/2023:11:17:13 +0800] "GET /xingrg/all/function/internal_message.html?_=1684466233415&CODE_STATE=getMsg HTTP/1.1" 200 27
116.235.244.176 - - [19/May/2023:11:17:13 +0800] "GET /xingrg/all/function/internal_message.html?_=1684466255725&CODE_STATE=getMsg HTTP/1.1" 200 27
180.171.122.0 - - [19/May/2023:11:17:15 +0800] "POST /xingrg/all/common/load_select.html HTTP/1.1" 200 25
180.171.122.0 - - [19/May/2023:11:17:22 +0800] "GET /xingrg/kc/buy/cgsh_order_operate.html?command=get_materiel_price&rest_code=00111&code=00101010539&unit_code=00100224&supplier_code=00100325&order_time=2023-05-19 HTTP/1.1" 200 28
172.20.0.100 - - [19/May/2023:11:17:26 +0800] "GET /xingrg/check_reg.html?_=1684466258736 HTTP/1.1" 200 22
124.79.240.114 - - [19/May/2023:11:17:28 +0800] "GET /xingrg/all/function/internal_message.html?_=1684466238819&CODE_STATE=getMsg HTTP/1.1" 302 -
116.238.139.35 - - [19/May/2023:11:17:35 +0800] "POST /xingrg/kc/base/wldb_order_operate.html HTTP/1.1" 200 37
180.171.122.0 - - [19/May/2023:11:17:36 +0800] "GET /xingrg/kc/buy/cgsh_order_operate.html?command=get_materiel&rest_code=00111&code=00101010646&supplier_code=00100325&order_time=2023-05-19 HTTP/1.1" 200 422
180.169.147.146 - - [19/May/2023:11:17:38 +0800] "GET /xingrg/all/function/internal_message.html?_=1684466251497&CODE_STATE=getMsg HTTP/1.1" 200 27
116.232.195.127 - - [19/May/2023:11:17:38 +0800] "GET /xingrg/check_reg.html?_=1684466300309 HTTP/1.1" 200 22
116.232.195.127 - - [19/May/2023:11:17:38 +0800] "GET /xingrg/all/function/internal_message.html?_=1684466300311&CODE_STATE=getMsg HTTP/1.1" 200 27
116.235.244.176 - - [19/May/2023:11:17:39 +0800] "GET /xingrg/all/function/internal_message.html?_=1684466272511&CODE_STATE=getMsg HTTP/1.1" 200 27
180.164.3.199 - - [19/May/2023:11:17:40 +0800] "GET /xingrg/all/function/internal_message.html?_=1684466260159&CODE_STATE=getMsg HTTP/1.1" 200 27
116.238.139.35 - - [19/May/2023:11:17:40 +0800] "POST /xingrg/kc/base/wldb_order_operate.html HTTP/1.1" 200 12
116.238.139.35 - - [19/May/2023:11:17:40 +0800] "POST /xingrg/kc/base/wldb_order_operate.html HTTP/1.1" 200 2665
116.238.210.79 - - [19/May/2023:11:17:42 +0800] "GET /xingrg/all/function/internal_message.html?_=1684466263483&CODE_STATE=getMsg HTTP/1.1" 200 27
222.67.238.82 - - [19/May/2023:11:17:43 +0800] "GET /xingrg/all/function/internal_message.html?_=1684465778837&CODE_STATE=getMsg HTTP/1.1" 200 27
124.78.154.3 - - [19/May/2023:11:17:44 +0800] "GET /xingrg/all/function/internal_message.html?_=1684466264890&CODE_STATE=getMsg HTTP/1.1" 200 27
124.79.74.67 - - [19/May/2023:11:17:45 +0800] "GET /xingrg/all/function/internal_message.html?_=1684466287161&CODE_STATE=getMsg HTTP/1.1" 200 27
116.238.139.35 - - [19/May/2023:11:17:45 +0800] "GET /xingrg/kc/base/wldb_order_info.html?code=422023051901467 HTTP/1.1" 200 26266
116.238.139.35 - - [19/May/2023:11:17:45 +0800] "GET /xingrg/javascript/easyui/themes/default/validatebox.css HTTP/1.1" 404 1104
116.238.139.35 - - [19/May/2023:11:17:46 +0800] "POST /xingrg/kc/base/wldb_order_operate.html HTTP/1.1" 200 950
116.224.158.100 - - [19/May/2023:11:17:46 +0800] "GET /xingrg/all/function/internal_message.html?_=1684466101062&CODE_STATE=getMsg HTTP/1.1" 200 27
120.253.135.82 - - [19/May/2023:11:17:47 +0800] "GET /xingrg/all/function/internal_message.html?_=1684466406201&CODE_STATE=getMsg HTTP/1.1" 200 27
116.224.158.100 - - [19/May/2023:11:17:48 +0800] "GET /xingrg/all/function/internal_message.html?_=1684466268971&CODE_STATE=getMsg HTTP/1.1" 200 27
