116.235.244.176 - - [19/May/2023:11:41:55 +0800] "POST /xingrg/kc/buy/cgsh_order_operate.html HTTP/1.1" 200 12
114.83.216.225 - - [19/May/2023:11:41:56 +0800] "GET /xingrg/all/function/internal_message.html?_=1684467713012&CODE_STATE=getMsg HTTP/1.1" 200 27
116.232.195.127 - - [19/May/2023:11:41:57 +0800] "GET /xingrg/kc/buy/cgsh_order_operate.html?command=get_materiel&rest_code=00155&code=00101003040&supplier_code=00100094&order_time=2023-05-19 HTTP/1.1" 200 417
180.169.147.146 - - [19/May/2023:11:41:59 +0800] "GET /xingrg/all/function/internal_message.html?_=1684467720191&CODE_STATE=getMsg HTTP/1.1" 302 -
124.79.240.114 - - [19/May/2023:11:42:01 +0800] "GET /xingrg/all/function/internal_message.html?_=1684467998660&CODE_STATE=getMsg HTTP/1.1" 200 27
124.78.154.3 - - [19/May/2023:11:42:01 +0800] "POST /xingrg/kc/buy/cgsh_order_operate.html HTTP/1.1" 200 12
114.85.36.120 - - [19/May/2023:11:42:02 +0800] "GET /xingrg/all/function/internal_message.html?_=1684466551299&CODE_STATE=getMsg HTTP/1.1" 200 27
120.253.135.82 - - [19/May/2023:11:42:04 +0800] "GET /xingrg/check_reg.html?_=1684467561187 HTTP/1.1" 200 22
124.78.154.3 - - [19/May/2023:11:42:05 +0800] "POST /xingrg/kc/buy/cgsh_order_operate.html HTTP/1.1" 200 37
124.78.154.3 - - [19/May/2023:11:42:06 +0800] "GET /xingrg/kc/buy/cgsh_order_info.html?code=212023051907050 HTTP/1.1" 200 66358
124.78.154.3 - - [19/May/2023:11:42:06 +0800] "GET /xingrg/javascript/easyui/themes/default/validatebox.css HTTP/1.1" 404 1104
116.238.139.35 - - [19/May/2023:11:42:07 +0800] "GET /xingrg/images/control/ajaxLoader.gif HTTP/1.1" 304 -
116.238.139.35 - - [19/May/2023:11:42:07 +0800] "POST /xingrg/all/user/operate.html HTTP/1.1" 200 36
116.238.139.35 - - [19/May/2023:11:42:07 +0800] "GET /xingrg/index.html?sysBaseUrl=http%3A%2F%2F180.169.147.146%3A18081%2Fxingrg%2F&costTime=2995×tamp=1684467699040 HTTP/1.1" 200 17177
116.238.139.35 - - [19/May/2023:11:42:07 +0800] "GET /xingrg/javascript/jquery_easy_ui/themes/default/easyui.css HTTP/1.1" 304 -
116.238.139.35 - - [19/May/2023:11:42:07 +0800] "GET /xingrg/javascript/jquery_easy_ui/themes/icon.css HTTP/1.1" 304 -
116.238.139.35 - - [19/May/2023:11:42:07 +0800] "GET /xingrg/css/form.css HTTP/1.1" 304 -
116.238.139.35 - - [19/May/2023:11:42:07 +0800] "GET /xingrg/javascript/jquery-1.4.2.min.js HTTP/1.1" 304 -
116.238.139.35 - - [19/May/2023:11:42:07 +0800] "GET /xingrg/javascript/jquery_easy_ui/jquery.easyui.min.js HTTP/1.1" 304 -
116.238.139.35 - - [19/May/2023:11:42:07 +0800] "GET /xingrg/javascript/jquery_easy_ui/easyui-lang-zh_CN.js HTTP/1.1" 304 -
116.238.139.35 - - [19/May/2023:11:42:07 +0800] "GET /xingrg/javascript/jquery.form.js HTTP/1.1" 304 -
116.238.139.35 - - [19/May/2023:11:42:07 +0800] "GET /xingrg/javascript/jquery.utils.js HTTP/1.1" 304 -
116.238.139.35 - - [19/May/2023:11:42:07 +0800] "GET /xingrg/javascript/jquery.timers.js HTTP/1.1" 304 -
116.238.139.35 - - [19/May/2023:11:42:07 +0800] "GET /xingrg/images/blue/navBackgound.jpg HTTP/1.1" 304 -
116.238.139.35 - - [19/May/2023:11:42:07 +0800] "GET /xingrg/images/blue/jxLogo.png HTTP/1.1" 304 -
116.238.139.35 - - [19/May/2023:11:42:07 +0800] "GET /xingrg/javascript/jquery_easy_ui/themes/icons/settle_new.png HTTP/1.1" 304 -
116.238.139.35 - - [19/May/2023:11:42:07 +0800] "GET /xingrg/images/blue/pingpu.png HTTP/1.1" 304 -
116.238.139.35 - - [19/May/2023:11:42:07 +0800] "GET /xingrg/javascript/jquery_easy_ui/themes/default/images/tabs_leftarrow.png HTTP/1.1" 304 -
116.238.139.35 - - [19/May/2023:11:42:07 +0800] "GET /xingrg/javascript/jquery_easy_ui/themes/default/images/tabs_rightarrow.png HTTP/1.1" 304 -
116.238.139.35 - - [19/May/2023:11:42:07 +0800] "GET /xingrg/javascript/jquery_easy_ui/themes/default/images/panel_tool_collapse.gif HTTP/1.1" 304 -
116.238.139.35 - - [19/May/2023:11:42:07 +0800] "GET /xingrg/check_reg.html?_=1684467648559 HTTP/1.1" 200 22
116.238.139.35 - - [19/May/2023:11:42:07 +0800] "GET /xingrg/all/function/internal_message.html?_=1684467648558&CODE_STATE=count HTTP/1.1" 200 11
120.253.135.82 - - [19/May/2023:11:42:07 +0800] "GET /xingrg/all/function/internal_message.html?_=1684467564397&CODE_STATE=getMsg HTTP/1.1" 200 27
116.238.139.35 - - [19/May/2023:11:42:07 +0800] "POST /xingrg/all/common/load_tree.html?tree=area_rest_tree_json&manage=1 HTTP/1.1" 200 476
116.238.139.35 - - [19/May/2023:11:42:07 +0800] "POST /xingrg/load_menu.html HTTP/1.1" 200 5138
116.224.158.100 - - [19/May/2023:11:42:09 +0800] "POST /xingrg/kc/buy/cgsh_order_operate.html HTTP/1.1" 200 37
124.78.154.3 - - [19/May/2023:11:42:09 +0800] "POST /xingrg/kc/buy/cgsh_order_operate.html HTTP/1.1" 200 1813
124.78.154.3 - - [19/May/2023:11:42:09 +0800] "GET /xingrg/all/function/internal_message.html?_=1684467729788&CODE_STATE=getMsg HTTP/1.1" 200 27
116.232.195.127 - - [19/May/2023:11:42:12 +0800] "POST /xingrg/kc/buy/cgsh_order_operate.html HTTP/1.1" 200 37
116.224.158.100 - - [19/May/2023:11:42:12 +0800] "POST /xingrg/kc/buy/cgsh_order_operate.html HTTP/1.1" 200 2667
124.78.154.3 - - [19/May/2023:11:42:13 +0800] "GET /xingrg/kc/print/load_config.html?kc_code=cgsh HTTP/1.1" 200 1924
116.232.195.127 - - [19/May/2023:11:42:14 +0800] "POST /xingrg/kc/buy/cgsh_order_operate.html HTTP/1.1" 200 2666
116.224.158.100 - - [19/May/2023:11:42:14 +0800] "GET /xingrg/kc/print/load_data.html?order_code=212023051907052&kc_code=cgsh&condition= HTTP/1.1" 200 750
124.78.154.3 - - [19/May/2023:11:42:15 +0800] "GET /xingrg/kc/print/load_data.html?order_code=212023051907050&kc_code=cgsh&condition= HTTP/1.1" 200 1242
116.232.195.127 - - [19/May/2023:11:42:15 +0800] "GET /xingrg/kc/print/load_data.html?order_code=212023051907053&kc_code=cgsh&condition= HTTP/1.1" 200 764
124.78.154.3 - - [19/May/2023:11:42:16 +0800] "POST /xingrg/kc/buy/cgsh_order_operate.html HTTP/1.1" 200 12
116.235.244.176 - - [19/May/2023:11:42:17 +0800] "GET /xingrg/all/function/internal_message.html?_=1684467759636&CODE_STATE=getMsg HTTP/1.1" 200 27
222.67.238.82 - - [19/May/2023:11:42:18 +0800] "POST /xingrg/kc/buy/cgsh_list_operate.html HTTP/1.1" 200 5957
116.235.244.176 - - [19/May/2023:11:42:19 +0800] "POST /xingrg/kc/buy/cgsh_list_operate.html HTTP/1.1" 200 4019
116.235.244.176 - - [19/May/2023:11:42:19 +0800] "POST /xingrg/kc/buy/cgsh_list_operate.html HTTP/1.1" 200 4019
116.224.158.100 - - [19/May/2023:11:42:20 +0800] "GET /xingrg/kc/buy/cgsh_order_add.html HTTP/1.1" 200 71533
116.224.158.100 - - [19/May/2023:11:42:20 +0800] "POST /xingrg/kc/buy/cgsh_order_operate.html HTTP/1.1" 200 8245
116.232.195.127 - - [19/May/2023:11:42:20 +0800] "GET /xingrg/kc/buy/cgsh_order_add.html HTTP/1.1" 200 8212
116.224.158.100 - - [19/May/2023:11:42:21 +0800] "GET /xingrg/javascript/easyui/themes/default/validatebox.css HTTP/1.1" 404 1104
124.78.154.3 - - [19/May/2023:11:42:21 +0800] "GET /xingrg/kc/buy/cgsh_order_info.html?code=212023051907051 HTTP/1.1" 200 66360
222.67.238.82 - - [19/May/2023:11:42:21 +0800] "GET /xingrg/kc/buy/cgsh_order_add.html HTTP/1.1" 200 71451
222.67.238.82 - - [19/May/2023:11:42:21 +0800] "POST /xingrg/kc/buy/cgsh_order_operate.html HTTP/1.1" 200 8245
116.232.195.127 - - [19/May/2023:11:42:21 +0800] "GET /xingrg/kc/buy/cgsh_order_add.html HTTP/1.1" 200 71498
222.67.238.82 - - [19/May/2023:11:42:21 +0800] "GET /xingrg/javascript/easyui/themes/default/validatebox.css HTTP/1.1" 404 1104
222.67.238.82 - - [19/May/2023:11:42:21 +0800] "GET /xingrg/all/common/auto_word.html?type=employee&rest_code=00141 HTTP/1.1" 200 201
222.67.238.82 - - [19/May/2023:11:42:21 +0800] "GET /xingrg/all/common/auto_word.html?type=employee&rest_code=00141 HTTP/1.1" 200 201
124.78.154.3 - - [19/May/2023:11:42:21 +0800] "GET /xingrg/javascript/easyui/themes/default/validatebox.css HTTP/1.1" 404 1104
116.232.195.127 - - [19/May/2023:11:42:22 +0800] "POST /xingrg/kc/buy/cgsh_order_operate.html HTTP/1.1" 200 8245
116.232.195.127 - - [19/May/2023:11:42:22 +0800] "GET /xingrg/javascript/easyui/themes/default/validatebox.css HTTP/1.1" 404 1104
116.235.244.176 - - [19/May/2023:11:42:22 +0800] "POST /xingrg/kc/buy/cgsh_list_operate.html HTTP/1.1" 200 576
124.78.154.3 - - [19/May/2023:11:42:22 +0800] "POST /xingrg/kc/buy/cgsh_order_operate.html HTTP/1.1" 200 1789
180.171.122.0 - - [19/May/2023:11:42:22 +0800] "POST /xingrg/kc/base/wldb_order_operate.html HTTP/1.1" 200 37
222.67.238.82 - - [19/May/2023:11:42:23 +0800] "GET /xingrg/javascript/auto/indicator.gif HTTP/1.1" 404 1066
180.171.122.0 - - [19/May/2023:11:42:23 +0800] "POST /xingrg/kc/base/wldb_order_operate.html HTTP/1.1" 200 7193
116.235.244.176 - - [19/May/2023:11:42:24 +0800] "GET /xingrg/kc/buy/cgsh_order_info.html?code=212023051907043 HTTP/1.1" 200 71458
116.235.244.176 - - [19/May/2023:11:42:24 +0800] "GET /xingrg/javascript/easyui/themes/default/validatebox.css HTTP/1.1" 404 1104
124.78.154.3 - - [19/May/2023:11:42:25 +0800] "GET /xingrg/kc/print/load_data.html?order_code=212023051907051&kc_code=cgsh&condition= HTTP/1.1" 200 1189
116.235.244.176 - - [19/May/2023:11:42:25 +0800] "POST /xingrg/kc/buy/cgsh_order_operate.html HTTP/1.1" 200 6799
172.20.0.100 - - [19/May/2023:11:42:25 +0800] "GET /xingrg/check_reg.html?_=1684467758633 HTTP/1.1" 200 22
124.79.240.114 - - [19/May/2023:11:42:28 +0800] "GET /xingrg/all/function/internal_message.html?_=1684467738832&CODE_STATE=getMsg HTTP/1.1" 302 -
116.235.244.176 - - [19/May/2023:11:42:28 +0800] "GET /xingrg/kc/print/load_data.html?order_code=212023051907043&kc_code=cgsh&condition= HTTP/1.1" 200 2272
180.171.122.0 - - [19/May/2023:11:42:28 +0800] "GET /xingrg/kc/base/wldb_order_info.html?code=422023051901472 HTTP/1.1" 200 30396
222.67.238.82 - - [19/May/2023:11:42:29 +0800] "GET /xingrg/javascript/jquery_tools/images/prev.gif HTTP/1.1" 404 1086
222.67.238.82 - - [19/May/2023:11:42:29 +0800] "GET /xingrg/javascript/jquery_tools/images/next.gif HTTP/1.1" 404 1086
180.171.122.0 - - [19/May/2023:11:42:29 +0800] "GET /xingrg/javascript/easyui/themes/default/validatebox.css HTTP/1.1" 404 1104
116.232.195.127 - - [19/May/2023:11:42:30 +0800] "GET /xingrg/kc/buy/cgsh_order_operate.html?command=get_materiel&rest_code=00155&code=00101008145&supplier_code=00100327&order_time=2023-05-19 HTTP/1.1" 200 417
180.171.122.0 - - [19/May/2023:11:42:30 +0800] "POST /xingrg/kc/base/wldb_order_operate.html HTTP/1.1" 200 7193
116.224.158.100 - - [19/May/2023:11:42:31 +0800] "GET /xingrg/kc/buy/cgsh_order_operate.html?command=get_materiel&rest_code=00105&code=00101001140&supplier_code=00100319&order_time=2023-05-19 HTTP/1.1" 200 417
116.238.139.35 - - [19/May/2023:11:42:33 +0800] "GET /xingrg/javascript/jquery_easy_ui/themes/default/images/tabs_close.gif HTTP/1.1" 304 -
116.238.139.35 - - [19/May/2023:11:42:33 +0800] "GET /xingrg/kc/buy/cgsh_order_list.html HTTP/1.1" 200 55673
116.238.139.35 - - [19/May/2023:11:42:33 +0800] "GET /xingrg/css/base.css HTTP/1.1" 304 -
116.238.139.35 - - [19/May/2023:11:42:33 +0800] "GET /xingrg/css/site.css HTTP/1.1" 304 -
116.238.139.35 - - [19/May/2023:11:42:33 +0800] "GET /xingrg/javascript/jquery_tools/jquery.tools.hotkey.js HTTP/1.1" 304 -
116.238.139.35 - - [19/May/2023:11:42:33 +0800] "GET /xingrg/javascript/jquery_tools/datebox.css HTTP/1.1" 304 -
116.238.139.35 - - [19/May/2023:11:42:33 +0800] "GET /xingrg/javascript/jquery_tools/jquery.tools.table.js HTTP/1.1" 304 -
116.238.139.35 - - [19/May/2023:11:42:33 +0800] "GET /xingrg/javascript/jquery_tools/table.css HTTP/1.1" 304 -
116.238.139.35 - - [19/May/2023:11:42:33 +0800] "GET /xingrg/javascript/easyui/themes/icon.css HTTP/1.1" 304 -
116.238.139.35 - - [19/May/2023:11:42:33 +0800] "GET /xingrg/javascript/auto/jquery.autocomplete.css HTTP/1.1" 304 -
116.238.139.35 - - [19/May/2023:11:42:33 +0800] "GET /xingrg/javascript/easyui/themes/default/easyui.css HTTP/1.1" 304 -
116.238.139.35 - - [19/May/2023:11:42:33 +0800] "GET /xingrg/javascript/jquery_tools/jquery.tools.min.js HTTP/1.1" 304 -
116.238.139.35 - - [19/May/2023:11:42:33 +0800] "GET /xingrg/javascript/jquery_tools/list_manager.js HTTP/1.1" 304 -
116.238.139.35 - - [19/May/2023:11:42:33 +0800] "GET /xingrg/javascript/easyui/easyloader.js HTTP/1.1" 304 -
116.238.139.35 - - [19/May/2023:11:42:33 +0800] "GET /xingrg/javascript/jquery_tools/fix.css HTTP/1.1" 304 -
116.238.139.35 - - [19/May/2023:11:42:33 +0800] "GET /xingrg/javascript/jquery_tools/jquery.tools.extend.js HTTP/1.1" 304 -
116.238.139.35 - - [19/May/2023:11:42:33 +0800] "GET /xingrg/javascript/jquery.cookie.js HTTP/1.1" 304 -
116.238.139.35 - - [19/May/2023:11:42:33 +0800] "GET /xingrg/javascript/print/LodopFuncs.js HTTP/1.1" 304 -
116.238.139.35 - - [19/May/2023:11:42:33 +0800] "GET /xingrg/javascript/auto/jquery.autocomplete.js HTTP/1.1" 304 -
116.238.139.35 - - [19/May/2023:11:42:34 +0800] "GET /xingrg/javascript/easyui/themes/icons/edit_add_new.png HTTP/1.1" 304 -
116.238.139.35 - - [19/May/2023:11:42:34 +0800] "GET /xingrg/javascript/easyui/themes/icons/field_new.png HTTP/1.1" 304 -
116.238.139.35 - - [19/May/2023:11:42:34 +0800] "GET /xingrg/javascript/easyui/themes/icons/check_new.png HTTP/1.1" 304 -
116.238.139.35 - - [19/May/2023:11:42:34 +0800] "GET /xingrg/javascript/easyui/themes/icons/cance_new.png HTTP/1.1" 304 -
116.238.139.35 - - [19/May/2023:11:42:34 +0800] "GET /xingrg/javascript/easyui/themes/icons/import_new.png HTTP/1.1" 304 -
116.238.139.35 - - [19/May/2023:11:42:34 +0800] "GET /xingrg/javascript/easyui/plugins/jquery.parser.js HTTP/1.1" 304 -
124.78.154.3 - - [19/May/2023:11:42:35 +0800] "GET /xingrg/kc/print/load_data.html?order_code=212023051907051&kc_code=cgsh HTTP/1.1" 200 1189
116.238.139.35 - - [19/May/2023:11:42:35 +0800] "POST /xingrg/kc/buy/cgsh_list_operate.html HTTP/1.1" 200 986
222.67.238.82 - - [19/May/2023:11:42:36 +0800] "GET /xingrg/kc/buy/cgsh_order_operate.html?command=get_materiel&rest_code=00141&code=00101004051&supplier_code=00100312&order_time=2023-05-19 HTTP/1.1" 200 408
116.235.244.176 - - [19/May/2023:11:42:36 +0800] "GET /xingrg/kc/buy/cgsh_order_add.html HTTP/1.1" 200 71451
116.235.244.176 - - [19/May/2023:11:42:37 +0800] "POST /xingrg/kc/buy/cgsh_order_operate.html HTTP/1.1" 200 8245
116.235.244.176 - - [19/May/2023:11:42:37 +0800] "GET /xingrg/javascript/easyui/themes/default/validatebox.css HTTP/1.1" 404 1104
116.238.139.35 - - [19/May/2023:11:42:38 +0800] "GET /xingrg/javascript/easyui/themes/default/images/button_plain_hover.png HTTP/1.1" 304 -
180.169.147.146 - - [19/May/2023:11:42:38 +0800] "GET /xingrg/all/function/internal_message.html?_=1684467751550&CODE_STATE=getMsg HTTP/1.1" 200 27
116.232.195.127 - - [19/May/2023:11:42:38 +0800] "GET /xingrg/kc/buy/cgsh_order_operate.html?command=get_materiel&rest_code=00155&code=00101010569&supplier_code=00100327&order_time=2023-05-19 HTTP/1.1" 200 411
116.235.244.176 - - [19/May/2023:11:42:40 +0800] "GET /xingrg/all/function/internal_message.html?_=1684467772850&CODE_STATE=getMsg HTTP/1.1" 200 27
180.164.3.199 - - [19/May/2023:11:42:40 +0800] "GET /xingrg/all/function/internal_message.html?_=1684467760158&CODE_STATE=getMsg HTTP/1.1" 200 27
116.224.158.100 - - [19/May/2023:11:42:42 +0800] "GET /xingrg/index.html?sysBaseUrl=http%3A%2F%2F180.169.147.146%3A18081%2Fxingrg%2F&costTime=32×tamp=1585224308505 HTTP/1.1" 200 17173
116.224.158.100 - - [19/May/2023:11:42:42 +0800] "GET /xingrg/all/function/internal_message.html?_=1684467597216&CODE_STATE=count HTTP/1.1" 200 11
116.224.158.100 - - [19/May/2023:11:42:43 +0800] "GET /xingrg/check_reg.html?_=1684467597217 HTTP/1.1" 200 22
116.224.158.100 - - [19/May/2023:11:42:43 +0800] "GET /favicon.ico HTTP/1.1" 404 -
116.224.158.100 - - [19/May/2023:11:42:43 +0800] "POST /xingrg/all/common/load_tree.html?tree=area_rest_tree_json&manage=1 HTTP/1.1" 200 342
116.224.158.100 - - [19/May/2023:11:42:43 +0800] "POST /xingrg/load_menu.html HTTP/1.1" 200 5138
116.238.139.35 - - [19/May/2023:11:42:43 +0800] "GET /xingrg/kc/buy/cgsh_order_add.html HTTP/1.1" 200 71061
116.238.139.35 - - [19/May/2023:11:42:43 +0800] "GET /xingrg/javascript/jquery_tools/order_manager.js HTTP/1.1" 304 -
116.238.139.35 - - [19/May/2023:11:42:43 +0800] "GET /xingrg/javascript/json2.js HTTP/1.1" 304 -
116.238.139.35 - - [19/May/2023:11:42:43 +0800] "GET /xingrg/javascript/pic_change.js HTTP/1.1" 304 -
116.238.139.35 - - [19/May/2023:11:42:43 +0800] "GET /xingrg/javascript/print/kc_print.js HTTP/1.1" 304 -
116.238.139.35 - - [19/May/2023:11:42:43 +0800] "GET /xingrg/javascript/convert.js HTTP/1.1" 304 -
116.238.139.35 - - [19/May/2023:11:42:43 +0800] "GET /xingrg/words/20230516134409_words.js HTTP/1.1" 304 -
116.238.139.35 - - [19/May/2023:11:42:43 +0800] "GET /xingrg/javascript/easyui/themes/icons/copy_new.png HTTP/1.1" 304 -
116.238.139.35 - - [19/May/2023:11:42:43 +0800] "GET /xingrg/javascript/easyui/themes/icons/template_new.png HTTP/1.1" 304 -
116.238.139.35 - - [19/May/2023:11:42:43 +0800] "GET /xingrg/javascript/easyui/themes/icons/print.png HTTP/1.1" 304 -
116.238.139.35 - - [19/May/2023:11:42:43 +0800] "GET /xingrg/javascript/easyui/themes/icons/ok.png HTTP/1.1" 304 -
116.238.139.35 - - [19/May/2023:11:42:43 +0800] "GET /xingrg/javascript/easyui/themes/default/images/menu_downarrow.png HTTP/1.1" 304 -
116.238.139.35 - - [19/May/2023:11:42:43 +0800] "GET /xingrg/javascript/easyui/themes/icons/cancel.png HTTP/1.1" 304 -
116.238.139.35 - - [19/May/2023:11:42:43 +0800] "POST /xingrg/kc/buy/cgsh_order_operate.html HTTP/1.1" 200 8245
116.238.139.35 - - [19/May/2023:11:42:43 +0800] "GET /xingrg/javascript/easyui/themes/icons/edit_remove.png HTTP/1.1" 304 -
116.238.139.35 - - [19/May/2023:11:42:44 +0800] "GET /xingrg/javascript/easyui/themes/default/validatebox.css HTTP/1.1" 404 1104
116.238.139.35 - - [19/May/2023:11:42:44 +0800] "GET /xingrg/javascript/easyui/plugins/jquery.validatebox.js HTTP/1.1" 304 -
116.238.139.35 - - [19/May/2023:11:42:44 +0800] "GET /xingrg/javascript/easyui/plugins/jquery.numberbox.js HTTP/1.1" 304 -
116.238.139.35 - - [19/May/2023:11:42:44 +0800] "GET /xingrg/all/common/auto_word.html?type=employee&rest_code=00151 HTTP/1.1" 200 293
116.238.139.35 - - [19/May/2023:11:42:44 +0800] "GET /xingrg/all/common/auto_word.html?type=employee&rest_code=00151 HTTP/1.1" 200 293
124.78.154.3 - - [19/May/2023:11:42:44 +0800] "GET /xingrg/kc/buy/cgsh_order_add.html HTTP/1.1" 200 71445
124.78.154.3 - - [19/May/2023:11:42:44 +0800] "POST /xingrg/kc/buy/cgsh_order_operate.html HTTP/1.1" 200 8245
124.78.154.3 - - [19/May/2023:11:42:44 +0800] "GET /xingrg/javascript/easyui/themes/default/validatebox.css HTTP/1.1" 404 1104
116.232.195.127 - - [19/May/2023:11:42:46 +0800] "GET /xingrg/kc/buy/cgsh_order_operate.html?command=get_materiel&rest_code=00155&code=00101010097&supplier_code=00100327&order_time=2023-05-19 HTTP/1.1" 200 432
116.224.158.100 - - [19/May/2023:11:42:46 +0800] "GET /xingrg/kc/buy/cgsh_order_operate.html?command=get_materiel&rest_code=00105&code=00101001125&supplier_code=00100319&order_time=2023-05-19 HTTP/1.1" 200 416
116.238.139.35 - - [19/May/2023:11:42:46 +0800] "GET /xingrg/kc/buy/cgsh_order_add.html HTTP/1.1" 200 71495
124.78.154.3 - - [19/May/2023:11:42:46 +0800] "GET /xingrg/all/function/internal_message.html?_=1684467763527&CODE_STATE=getMsg HTTP/1.1" 200 27
116.224.158.100 - - [19/May/2023:11:42:46 +0800] "GET /xingrg/all/function/internal_message.html?_=1684467601113&CODE_STATE=getMsg HTTP/1.1" 200 27
116.238.139.35 - - [19/May/2023:11:42:47 +0800] "POST /xingrg/kc/buy/cgsh_order_operate.html HTTP/1.1" 200 8245
116.238.139.35 - - [19/May/2023:11:42:47 +0800] "GET /xingrg/javascript/easyui/themes/default/validatebox.css HTTP/1.1" 404 1104
116.224.158.100 - - [19/May/2023:11:42:47 +0800] "GET /xingrg/all/function/internal_message.html?_=1684467768449&CODE_STATE=getMsg HTTP/1.1" 200 27
124.78.154.3 - - [19/May/2023:11:42:48 +0800] "GET /xingrg/kc/buy/cgsh_order_add.html HTTP/1.1" 200 71451
124.78.154.3 - - [19/May/2023:11:42:48 +0800] "POST /xingrg/kc/buy/cgsh_order_operate.html HTTP/1.1" 200 8245
124.78.154.3 - - [19/May/2023:11:42:48 +0800] "GET /xingrg/javascript/easyui/themes/default/validatebox.css HTTP/1.1" 404 1104
116.238.139.35 - - [19/May/2023:11:42:48 +0800] "GET /xingrg/javascript/auto/indicator.gif HTTP/1.1" 404 1066
124.78.154.3 - - [19/May/2023:11:42:48 +0800] "GET /xingrg/javascript/easyui/themes/default/tree.css HTTP/1.1" 404 1090
222.67.238.82 - - [19/May/2023:11:42:49 +0800] "GET /xingrg/all/function/internal_message.html?_=1684467284241&CODE_STATE=getMsg HTTP/1.1" 200 27
124.78.154.3 - - [19/May/2023:11:42:49 +0800] "POST /xingrg/all/common/load_tree.html?tree=supplier_tree_json&isDelete=1 HTTP/1.1" 200 74192
124.78.154.3 - - [19/May/2023:11:42:49 +0800] "GET /xingrg/javascript/easyui/themes/default/tree.css HTTP/1.1" 404 1090
222.67.238.82 - - [19/May/2023:11:42:49 +0800] "GET /xingrg/kc/buy/cgsh_order_operate.html?command=get_materiel&rest_code=00141&code=00101004067&supplier_code=00100312&order_time=2023-05-19 HTTP/1.1" 200 413
116.238.139.35 - - [19/May/2023:11:42:50 +0800] "GET /xingrg/all/function/internal_message.html?_=1684467768451&CODE_STATE=getMsg HTTP/1.1" 200 27
124.78.154.3 - - [19/May/2023:11:42:50 +0800] "POST /xingrg/all/common/load_tree.html?tree=supplier_tree_json&isDelete=1 HTTP/1.1" 200 74192
116.232.195.127 - - [19/May/2023:11:42:52 +0800] "GET /xingrg/kc/buy/cgsh_order_operate.html?command=get_materiel&rest_code=00155&code=00101008402&supplier_code=00100327&order_time=2023-05-19 HTTP/1.1" 200 410
116.235.244.176 - - [19/May/2023:11:42:52 +0800] "GET /xingrg/kc/buy/cgsh_order_operate.html?command=get_materiel&rest_code=00146&code=00101007022&supplier_code=00100002&order_time=2023-05-19 HTTP/1.1" 200 413
116.224.158.100 - - [19/May/2023:11:42:53 +0800] "GET /xingrg/kc/base/base_main.html HTTP/1.1" 200 12142
116.224.158.100 - - [19/May/2023:11:42:53 +0800] "GET /xingrg/images/blue/button/wlsy.gif HTTP/1.1" 304 -
116.224.158.100 - - [19/May/2023:11:42:53 +0800] "GET /xingrg/images/blue/button/ckpd.gif HTTP/1.1" 304 -
116.224.158.100 - - [19/May/2023:11:42:53 +0800] "GET /xingrg/images/blue/button/ckdb.gif HTTP/1.1" 304 -
116.224.158.100 - - [19/May/2023:11:42:53 +0800] "GET /xingrg/images/blue/button/yddb.gif HTTP/1.1" 304 -
116.224.158.100 - - [19/May/2023:11:42:53 +0800] "GET /xingrg/images/blue/button/bottom_left.jpg HTTP/1.1" 304 -
116.224.158.100 - - [19/May/2023:11:42:53 +0800] "GET /xingrg/images/blue/button/down.jpg HTTP/1.1" 304 -
116.224.158.100 - - [19/May/2023:11:42:53 +0800] "GET /xingrg/images/blue/button/top_left.jpg HTTP/1.1" 304 -
116.224.158.100 - - [19/May/2023:11:42:53 +0800] "GET /xingrg/images/blue/button/bottom_right.jpg HTTP/1.1" 304 -
116.224.158.100 - - [19/May/2023:11:42:53 +0800] "GET /xingrg/images/blue/button/left_ah.jpg HTTP/1.1" 304 -
116.224.158.100 - - [19/May/2023:11:42:53 +0800] "GET /xingrg/images/blue/button/top_right.jpg HTTP/1.1" 304 -
116.224.158.100 - - [19/May/2023:11:42:54 +0800] "GET /xingrg/kc/base/wldb_order_list.html HTTP/1.1" 200 19098
116.224.158.100 - - [19/May/2023:11:42:56 +0800] "POST /xingrg/kc/base/wldb_list_operate.html HTTP/1.1" 200 928
116.238.139.35 - - [19/May/2023:11:42:56 +0800] "GET /xingrg/kc/buy/cgsh_order_operate.html?command=get_materiel&rest_code=00151&code=00101010079&supplier_code=00100336&order_time=2023-05-19 HTTP/1.1" 200 413
114.83.216.225 - - [19/May/2023:11:42:56 +0800] "GET /xingrg/all/function/internal_message.html?_=1684467772983&CODE_STATE=getMsg HTTP/1.1" 200 27
114.83.216.225 - - [19/May/2023:11:42:56 +0800] "GET /xingrg/check_reg.html?_=1684467773170 HTTP/1.1" 200 22
116.224.158.100 - - [19/May/2023:11:42:57 +0800] "GET /xingrg/javascript/easyui/themes/default/images/button_plain_hover.png HTTP/1.1" 304 -
116.224.158.100 - - [19/May/2023:11:42:58 +0800] "GET /xingrg/kc/base/wldb_order_add.html HTTP/1.1" 200 30381
116.224.158.100 - - [19/May/2023:11:42:58 +0800] "GET /xingrg/javascript/jquery_tools/order_manager.js HTTP/1.1" 304 -
116.224.158.100 - - [19/May/2023:11:42:58 +0800] "GET /xingrg/javascript/convert.js HTTP/1.1" 304 -
116.224.158.100 - - [19/May/2023:11:42:58 +0800] "GET /xingrg/javascript/json2.js HTTP/1.1" 304 -
116.224.158.100 - - [19/May/2023:11:42:58 +0800] "GET /xingrg/javascript/print/kc_print.js HTTP/1.1" 304 -
116.224.158.100 - - [19/May/2023:11:42:58 +0800] "GET /xingrg/words/20230516134409_words.js HTTP/1.1" 200 965194
116.224.158.100 - - [19/May/2023:11:42:58 +0800] "GET /xingrg/javascript/easyui/themes/icons/ok.png HTTP/1.1" 304 -
116.224.158.100 - - [19/May/2023:11:42:58 +0800] "GET /xingrg/javascript/easyui/themes/icons/template_new.png HTTP/1.1" 304 -
116.224.158.100 - - [19/May/2023:11:42:58 +0800] "GET /xingrg/javascript/easyui/themes/icons/print.png HTTP/1.1" 304 -
116.224.158.100 - - [19/May/2023:11:42:58 +0800] "GET /xingrg/javascript/easyui/themes/icons/cancel.png HTTP/1.1" 304 -
116.224.158.100 - - [19/May/2023:11:42:58 +0800] "GET /xingrg/javascript/easyui/themes/default/images/menu_downarrow.png HTTP/1.1" 304 -
116.224.158.100 - - [19/May/2023:11:42:58 +0800] "POST /xingrg/kc/base/wldb_order_operate.html HTTP/1.1" 200 6806
116.232.195.127 - - [19/May/2023:11:42:58 +0800] "GET /xingrg/kc/buy/cgsh_order_operate.html?command=get_materiel&rest_code=00155&code=00101010691&supplier_code=00100327&order_time=2023-05-19 HTTP/1.1" 200 411
116.224.158.100 - - [19/May/2023:11:42:58 +0800] "GET /xingrg/all/common/auto_word.html?type=base&rest_code=00105 HTTP/1.1" 200 1907
116.224.158.100 - - [19/May/2023:11:42:58 +0800] "GET /xingrg/all/common/auto_word.html?type=base&rest_code=00105 HTTP/1.1" 200 1907
116.224.158.100 - - [19/May/2023:11:42:58 +0800] "GET /xingrg/javascript/easyui/themes/default/validatebox.css HTTP/1.1" 404 1104
116.224.158.100 - - [19/May/2023:11:42:58 +0800] "GET /xingrg/javascript/easyui/plugins/jquery.validatebox.js HTTP/1.1" 304 -
116.224.158.100 - - [19/May/2023:11:42:59 +0800] "GET /xingrg/javascript/easyui/themes/icons/edit_remove.png HTTP/1.1" 304 -
116.224.158.100 - - [19/May/2023:11:42:59 +0800] "GET /xingrg/javascript/easyui/plugins/jquery.numberbox.js HTTP/1.1" 304 -
116.238.139.35 - - [19/May/2023:11:42:59 +0800] "GET /xingrg/kc/buy/cgsh_order_operate.html?command=get_materiel&rest_code=00150&code=00101003040&supplier_code=00100093&order_time=2023-05-19 HTTP/1.1" 200 415
180.169.147.146 - - [19/May/2023:11:42:59 +0800] "GET /xingrg/all/function/internal_message.html?_=1684467780192&CODE_STATE=getMsg HTTP/1.1" 302 -
124.79.240.114 - - [19/May/2023:11:43:01 +0800] "GET /xingrg/check_reg.html?_=1684468058647 HTTP/1.1" 200 22
124.79.240.114 - - [19/May/2023:11:43:01 +0800] "GET /xingrg/all/function/internal_message.html?_=1684468058650&CODE_STATE=getMsg HTTP/1.1" 200 27
114.85.36.120 - - [19/May/2023:11:43:02 +0800] "GET /xingrg/all/function/internal_message.html?_=1684466611294&CODE_STATE=getMsg HTTP/1.1" 200 27
116.224.158.100 - - [19/May/2023:11:43:02 +0800] "POST /xingrg/kc/buy/cgsh_order_operate.html HTTP/1.1" 200 37
222.67.238.82 - - [19/May/2023:11:43:06 +0800] "GET /xingrg/kc/buy/cgsh_order_operate.html?command=get_materiel&rest_code=00141&code=00101004071&supplier_code=00100312&order_time=2023-05-19 HTTP/1.1" 200 408
116.238.139.35 - - [19/May/2023:11:43:07 +0800] "GET /xingrg/all/function/internal_message.html?_=1684467708568&CODE_STATE=getMsg HTTP/1.1" 200 27
120.253.135.82 - - [19/May/2023:11:43:07 +0800] "GET /xingrg/all/function/internal_message.html?_=1684467624410&CODE_STATE=getMsg HTTP/1.1" 200 27
124.78.154.3 - - [19/May/2023:11:43:09 +0800] "GET /xingrg/all/function/internal_message.html?_=1684467789790&CODE_STATE=getMsg HTTP/1.1" 200 27
116.238.139.35 - - [19/May/2023:11:43:11 +0800] "POST /xingrg/kc/buy/cgsh_order_operate.html HTTP/1.1" 200 37
116.224.158.100 - - [19/May/2023:11:43:11 +0800] "POST /xingrg/kc/buy/cgsh_order_operate.html HTTP/1.1" 200 3263
116.232.195.127 - - [19/May/2023:11:43:12 +0800] "GET /xingrg/all/function/internal_message.html?_=1684467833836&CODE_STATE=getMsg HTTP/1.1" 200 27
116.224.158.100 - - [19/May/2023:11:43:13 +0800] "GET /xingrg/javascript/auto/indicator.gif HTTP/1.1" 404 1066
116.232.195.127 - - [19/May/2023:11:43:15 +0800] "POST /xingrg/kc/buy/cgsh_order_operate.html HTTP/1.1" 200 88
116.238.139.35 - - [19/May/2023:11:43:15 +0800] "POST /xingrg/kc/buy/cgsh_order_operate.html HTTP/1.1" 200 37
116.224.158.100 - - [19/May/2023:11:43:16 +0800] "GET /xingrg/kc/print/load_data.html?order_code=212023051907054&kc_code=cgsh&condition= HTTP/1.1" 200 911
124.78.154.3 - - [19/May/2023:11:43:16 +0800] "GET /xingrg/kc/buy/cgsh_order_operate.html?command=get_materiel&rest_code=00106&code=00101003003&supplier_code=00100093&order_time=2023-05-19 HTTP/1.1" 200 416
116.235.244.176 - - [19/May/2023:11:43:17 +0800] "GET /xingrg/kc/buy/cgsh_order_operate.html?command=get_materiel&rest_code=00146&code=00101007090&supplier_code=00100002&order_time=2023-05-19 HTTP/1.1" 200 413
116.235.244.176 - - [19/May/2023:11:43:17 +0800] "GET /xingrg/all/function/internal_message.html?_=1684467819648&CODE_STATE=getMsg HTTP/1.1" 200 27
116.224.158.100 - - [19/May/2023:11:43:19 +0800] "GET /xingrg/javascript/jquery_tools/images/prev.gif HTTP/1.1" 404 1086
116.224.158.100 - - [19/May/2023:11:43:19 +0800] "GET /xingrg/javascript/jquery_tools/images/next.gif HTTP/1.1" 404 1086
116.224.158.100 - - [19/May/2023:11:43:20 +0800] "GET /xingrg/kc/buy/cgsh_order_add.html HTTP/1.1" 200 71533
116.224.158.100 - - [19/May/2023:11:43:22 +0800] "GET /xingrg/javascript/easyui/themes/default/validatebox.css HTTP/1.1" 404 1104
116.224.158.100 - - [19/May/2023:11:43:22 +0800] "POST /xingrg/kc/buy/cgsh_order_operate.html HTTP/1.1" 200 8245
116.232.195.127 - - [19/May/2023:11:43:22 +0800] "POST /xingrg/kc/buy/cgsh_order_operate.html HTTP/1.1" 200 37
116.238.139.35 - - [19/May/2023:11:43:23 +0800] "POST /xingrg/kc/buy/cgsh_order_operate.html HTTP/1.1" 200 12
124.78.154.3 - - [19/May/2023:11:43:24 +0800] "GET /xingrg/kc/buy/cgsh_order_operate.html?command=get_materiel&rest_code=00106&code=00101006335&supplier_code=00100558&order_time=2023-05-19 HTTP/1.1" 200 414
116.232.195.127 - - [19/May/2023:11:43:24 +0800] "POST /xingrg/kc/buy/cgsh_order_operate.html HTTP/1.1" 200 5040
222.67.238.82 - - [19/May/2023:11:43:24 +0800] "GET /xingrg/kc/buy/cgsh_order_operate.html?command=get_materiel&rest_code=00141&code=00101004030&supplier_code=00100312&order_time=2023-05-19 HTTP/1.1" 200 408
116.232.195.127 - - [19/May/2023:11:43:26 +0800] "GET /xingrg/kc/print/load_data.html?order_code=212023051907058&kc_code=cgsh&condition= HTTP/1.1" 200 1597
180.171.122.0 - - [19/May/2023:11:43:27 +0800] "GET /xingrg/all/function/internal_message.html?_=1684467804678&CODE_STATE=getMsg HTTP/1.1" 200 27
116.238.139.35 - - [19/May/2023:11:43:27 +0800] "POST /xingrg/kc/buy/cgsh_order_operate.html HTTP/1.1" 200 12
124.79.240.114 - - [19/May/2023:11:43:28 +0800] "GET /xingrg/all/function/internal_message.html?_=1684467798809&CODE_STATE=getMsg HTTP/1.1" 302 -
116.232.195.127 - - [19/May/2023:11:43:30 +0800] "GET /xingrg/kc/buy/cgsh_order_add.html HTTP/1.1" 200 71498
116.238.139.35 - - [19/May/2023:11:43:30 +0800] "GET /xingrg/kc/buy/cgsh_order_info.html?code=212023051907057 HTTP/1.1" 200 66406
116.224.158.100 - - [19/May/2023:11:43:30 +0800] "GET /xingrg/kc/base/wldb_order_operate.html?command=get_materiel&rest_code=00105&base_code=0010507&code=00101013158 HTTP/1.1" 200 430
116.238.139.35 - - [19/May/2023:11:43:30 +0800] "GET /xingrg/javascript/easyui/themes/default/validatebox.css HTTP/1.1" 404 1104
116.232.195.127 - - [19/May/2023:11:43:30 +0800] "POST /xingrg/kc/buy/cgsh_order_operate.html HTTP/1.1" 200 8245
116.232.195.127 - - [19/May/2023:11:43:30 +0800] "GET /xingrg/javascript/easyui/themes/default/validatebox.css HTTP/1.1" 404 1104
116.238.139.35 - - [19/May/2023:11:43:31 +0800] "POST /xingrg/kc/buy/cgsh_order_operate.html HTTP/1.1" 200 616
116.238.139.35 - - [19/May/2023:11:43:32 +0800] "GET /xingrg/kc/print/load_data.html?order_code=212023051907057&kc_code=cgsh&condition= HTTP/1.1" 200 772
116.224.158.100 - - [19/May/2023:11:43:33 +0800] "GET /xingrg/kc/buy/cgsh_order_operate.html?command=get_materiel&rest_code=00105&code=00101003035&supplier_code=00100092&order_time=2023-05-19 HTTP/1.1" 200 413
222.67.238.82 - - [19/May/2023:11:43:33 +0800] "GET /xingrg/kc/buy/cgsh_order_operate.html?command=get_materiel&rest_code=00141&code=00101005022&supplier_code=00100312&order_time=2023-05-19 HTTP/1.1" 200 417
124.78.154.3 - - [19/May/2023:11:43:36 +0800] "GET /xingrg/kc/buy/cgsh_order_operate.html?command=get_materiel&rest_code=00106&code=00101006282&supplier_code=00100558&order_time=2023-05-19 HTTP/1.1" 200 418
116.238.139.35 - - [19/May/2023:11:43:38 +0800] "GET /xingrg/kc/buy/cgsh_order_add.html HTTP/1.1" 200 71495
116.238.139.35 - - [19/May/2023:11:43:38 +0800] "GET /xingrg/kc/buy/cgsh_order_info.html?code=212023051907055 HTTP/1.1" 200 65974
180.169.147.146 - - [19/May/2023:11:43:38 +0800] "GET /xingrg/all/function/internal_message.html?_=1684467811550&CODE_STATE=getMsg HTTP/1.1" 200 27
116.238.139.35 - - [19/May/2023:11:43:38 +0800] "GET /xingrg/javascript/easyui/themes/default/validatebox.css HTTP/1.1" 404 1104
116.238.139.35 - - [19/May/2023:11:43:38 +0800] "POST /xingrg/kc/buy/cgsh_order_operate.html HTTP/1.1" 200 8245
116.238.139.35 - - [19/May/2023:11:43:38 +0800] "GET /xingrg/javascript/easyui/themes/default/validatebox.css HTTP/1.1" 404 1104
116.235.244.176 - - [19/May/2023:11:43:40 +0800] "GET /xingrg/all/function/internal_message.html?_=1684467832864&CODE_STATE=getMsg HTTP/1.1" 200 27
180.164.3.199 - - [19/May/2023:11:43:40 +0800] "GET /xingrg/all/function/internal_message.html?_=1684467820169&CODE_STATE=getMsg HTTP/1.1" 200 27
180.164.3.199 - - [19/May/2023:11:43:40 +0800] "GET /xingrg/check_reg.html?_=1684467820172 HTTP/1.1" 200 22
124.78.154.3 - - [19/May/2023:11:43:42 +0800] "POST /xingrg/kc/buy/cgsh_order_operate.html HTTP/1.1" 200 37
116.238.139.35 - - [19/May/2023:11:43:42 +0800] "POST /xingrg/kc/buy/cgsh_order_operate.html HTTP/1.1" 200 618
116.238.139.35 - - [19/May/2023:11:43:43 +0800] "GET /xingrg/kc/print/load_config.html?kc_code=cgsh HTTP/1.1" 200 1924
116.224.158.100 - - [19/May/2023:11:43:44 +0800] "GET /xingrg/kc/base/wldb_order_operate.html?command=get_materiel&rest_code=00105&base_code=0010507&code=00101019125 HTTP/1.1" 200 482
116.224.158.100 - - [19/May/2023:11:43:44 +0800] "POST /xingrg/kc/buy/cgsh_order_operate.html HTTP/1.1" 200 37
116.232.195.127 - - [19/May/2023:11:43:44 +0800] "GET /xingrg/kc/buy/cgsh_order_operate.html?command=get_materiel&rest_code=00155&code=00101014017&supplier_code=00100211&order_time=2023-05-19 HTTP/1.1" 200 419
116.238.139.35 - - [19/May/2023:11:43:45 +0800] "GET /xingrg/kc/print/load_data.html?order_code=212023051907055&kc_code=cgsh&condition= HTTP/1.1" 200 744
222.67.238.82 - - [19/May/2023:11:43:45 +0800] "GET /xingrg/kc/buy/cgsh_order_operate.html?command=get_materiel&rest_code=00141&code=00101004023&supplier_code=00100312&order_time=2023-05-19 HTTP/1.1" 200 409
116.235.244.176 - - [19/May/2023:11:43:45 +0800] "GET /xingrg/kc/buy/cgsh_order_operate.html?command=get_materiel&rest_code=00146&code=00101007032&supplier_code=00100002&order_time=2023-05-19 HTTP/1.1" 200 413
124.78.154.3 - - [19/May/2023:11:43:46 +0800] "GET /xingrg/all/function/internal_message.html?_=1684467823508&CODE_STATE=getMsg HTTP/1.1" 200 27
116.224.158.100 - - [19/May/2023:11:43:46 +0800] "GET /xingrg/all/function/internal_message.html?_=1684467661117&CODE_STATE=getMsg HTTP/1.1" 200 27
116.238.139.35 - - [19/May/2023:11:43:48 +0800] "GET /xingrg/kc/buy/cgsh_order_operate.html?command=get_materiel&rest_code=00150&code=00101002035&supplier_code=00100088&order_time=2023-05-19 HTTP/1.1" 200 418
124.78.154.3 - - [19/May/2023:11:43:48 +0800] "GET /xingrg/kc/buy/cgsh_order_operate.html?command=get_materiel&rest_code=00106&code=00101006284&supplier_code=00100558&order_time=2023-05-19 HTTP/1.1" 200 418
116.224.158.100 - - [19/May/2023:11:43:49 +0800] "POST /xingrg/kc/buy/cgsh_order_operate.html HTTP/1.1" 200 2660
222.67.238.82 - - [19/May/2023:11:43:49 +0800] "GET /xingrg/all/function/internal_message.html?_=1684467344237&CODE_STATE=getMsg HTTP/1.1" 200 27
124.78.154.3 - - [19/May/2023:11:43:49 +0800] "POST /xingrg/kc/buy/cgsh_order_operate.html HTTP/1.1" 200 12
116.238.139.35 - - [19/May/2023:11:43:50 +0800] "GET /xingrg/all/function/internal_message.html?_=1684467828430&CODE_STATE=getMsg HTTP/1.1" 200 27
116.224.158.100 - - [19/May/2023:11:43:51 +0800] "GET /xingrg/kc/print/load_data.html?order_code=212023051907060&kc_code=cgsh&condition= HTTP/1.1" 200 730
124.78.154.3 - - [19/May/2023:11:43:52 +0800] "GET /xingrg/kc/buy/cgsh_order_info.html?code=212023051907059 HTTP/1.1" 200 66356
116.238.139.35 - - [19/May/2023:11:43:52 +0800] "GET /xingrg/kc/buy/cgsh_order_add.html HTTP/1.1" 200 71061
124.78.154.3 - - [19/May/2023:11:43:52 +0800] "GET /xingrg/javascript/easyui/themes/default/validatebox.css HTTP/1.1" 404 1104
116.238.139.35 - - [19/May/2023:11:43:53 +0800] "POST /xingrg/kc/buy/cgsh_order_operate.html HTTP/1.1" 200 8245
116.238.139.35 - - [19/May/2023:11:43:53 +0800] "GET /xingrg/javascript/easyui/themes/default/validatebox.css HTTP/1.1" 404 1104
116.224.158.100 - - [19/May/2023:11:43:54 +0800] "POST /xingrg/kc/base/wldb_order_operate.html HTTP/1.1" 200 37
116.235.244.176 - - [19/May/2023:11:43:54 +0800] "GET /xingrg/check_reg.html?_=1684467856777 HTTP/1.1" 200 22
116.224.158.100 - - [19/May/2023:11:43:55 +0800] "POST /xingrg/kc/base/wldb_order_operate.html HTTP/1.1" 200 2691
116.232.195.127 - - [19/May/2023:11:43:55 +0800] "POST /xingrg/kc/buy/cgsh_order_operate.html HTTP/1.1" 200 37
124.78.154.3 - - [19/May/2023:11:43:55 +0800] "POST /xingrg/kc/buy/cgsh_order_operate.html HTTP/1.1" 200 616
116.224.158.100 - - [19/May/2023:11:43:56 +0800] "GET /xingrg/kc/base/wldb_order_info.html?code=422023051901482 HTTP/1.1" 200 30394
116.232.195.127 - - [19/May/2023:11:43:56 +0800] "POST /xingrg/kc/buy/cgsh_order_operate.html HTTP/1.1" 200 2664
114.83.216.225 - - [19/May/2023:11:43:56 +0800] "GET /xingrg/all/function/internal_message.html?_=1684467832966&CODE_STATE=getMsg HTTP/1.1" 200 27
116.224.158.100 - - [19/May/2023:11:43:56 +0800] "GET /xingrg/javascript/easyui/themes/default/validatebox.css HTTP/1.1" 404 1104
116.224.158.100 - - [19/May/2023:11:43:57 +0800] "POST /xingrg/kc/base/wldb_order_operate.html HTTP/1.1" 200 2691
116.232.195.127 - - [19/May/2023:11:43:57 +0800] "GET /xingrg/kc/print/load_data.html?order_code=212023051907061&kc_code=cgsh HTTP/1.1" 200 674
124.78.154.3 - - [19/May/2023:11:43:58 +0800] "GET /xingrg/kc/print/load_data.html?order_code=212023051907059&kc_code=cgsh&condition= HTTP/1.1" 200 769
124.78.154.3 - - [19/May/2023:11:43:58 +0800] "GET /xingrg/kc/buy/cgsh_order_operate.html?command=get_materiel&rest_code=00106&code=00102026001&supplier_code=00100558&order_time=2023-05-19 HTTP/1.1" 200 409
180.169.147.146 - - [19/May/2023:11:43:59 +0800] "GET /xingrg/check_reg.html?_=1684467840190 HTTP/1.1" 302 -
180.169.147.146 - - [19/May/2023:11:43:59 +0800] "GET /xingrg/all/function/internal_message.html?_=1684467840195&CODE_STATE=getMsg HTTP/1.1" 302 -
116.224.158.100 - - [19/May/2023:11:44:00 +0800] "GET /xingrg/kc/buy/cgsh_order_add.html HTTP/1.1" 200 71533
116.224.158.100 - - [19/May/2023:11:44:00 +0800] "POST /xingrg/kc/buy/cgsh_order_operate.html HTTP/1.1" 200 8245
116.224.158.100 - - [19/May/2023:11:44:00 +0800] "GET /xingrg/javascript/easyui/themes/default/validatebox.css HTTP/1.1" 404 1104
124.79.240.114 - - [19/May/2023:11:44:01 +0800] "GET /xingrg/all/function/internal_message.html?_=1684468118677&CODE_STATE=getMsg HTTP/1.1" 200 27
114.85.36.120 - - [19/May/2023:11:44:02 +0800] "GET /xingrg/all/function/internal_message.html?_=1684466671292&CODE_STATE=getMsg HTTP/1.1" 200 27
116.238.139.35 - - [19/May/2023:11:44:04 +0800] "POST /xingrg/kc/buy/cgsh_order_operate.html HTTP/1.1" 200 37
116.232.195.127 - - [19/May/2023:11:44:04 +0800] "GET /xingrg/kc/print/load_data.html?order_code=212023051907061&kc_code=cgsh&condition= HTTP/1.1" 200 674
124.78.154.3 - - [19/May/2023:11:44:04 +0800] "GET /xingrg/kc/buy/cgsh_order_add.html HTTP/1.1" 200 71445
124.78.154.3 - - [19/May/2023:11:44:05 +0800] "POST /xingrg/kc/buy/cgsh_order_operate.html HTTP/1.1" 200 8245
124.78.154.3 - - [19/May/2023:11:44:05 +0800] "GET /xingrg/javascript/easyui/themes/default/validatebox.css HTTP/1.1" 404 1104
124.78.154.3 - - [19/May/2023:11:44:06 +0800] "GET /xingrg/javascript/easyui/themes/default/tree.css HTTP/1.1" 404 1090
124.78.154.3 - - [19/May/2023:11:44:07 +0800] "POST /xingrg/all/common/load_tree.html?tree=supplier_tree_json&isDelete=1 HTTP/1.1" 200 74192
116.238.139.35 - - [19/May/2023:11:44:07 +0800] "GET /xingrg/all/function/internal_message.html?_=1684467768583&CODE_STATE=getMsg HTTP/1.1" 200 27
120.253.135.82 - - [19/May/2023:11:44:07 +0800] "GET /xingrg/all/function/internal_message.html?_=1684467684438&CODE_STATE=getMsg HTTP/1.1" 200 27
116.232.195.127 - - [19/May/2023:11:44:08 +0800] "GET /xingrg/kc/buy/cgsh_order_add.html HTTP/1.1" 200 71498
116.224.158.100 - - [19/May/2023:11:44:08 +0800] "GET /xingrg/javascript/jquery_easy_ui/themes/icons/rest.png HTTP/1.1" 304 -
116.224.158.100 - - [19/May/2023:11:44:08 +0800] "GET /xingrg/javascript/jquery_easy_ui/themes/icons/area.png HTTP/1.1" 304 -
116.232.195.127 - - [19/May/2023:11:44:08 +0800] "POST /xingrg/kc/buy/cgsh_order_operate.html HTTP/1.1" 200 8245
116.232.195.127 - - [19/May/2023:11:44:08 +0800] "GET /xingrg/javascript/easyui/themes/default/validatebox.css HTTP/1.1" 404 1104
124.78.154.3 - - [19/May/2023:11:44:09 +0800] "GET /xingrg/all/function/internal_message.html?_=1684467849794&CODE_STATE=getMsg HTTP/1.1" 200 27
116.224.158.100 - - [19/May/2023:11:44:12 +0800] "GET /xingrg/kc/base/wldb_order_add.html HTTP/1.1" 200 30381
116.238.139.35 - - [19/May/2023:11:44:12 +0800] "GET /xingrg/kc/buy/cgsh_order_operate.html?command=get_materiel&rest_code=00151&code=00101010237&supplier_code=00100325&order_time=2023-05-19 HTTP/1.1" 200 412
116.232.195.127 - - [19/May/2023:11:44:12 +0800] "GET /xingrg/all/function/internal_message.html?_=1684467893809&CODE_STATE=getMsg HTTP/1.1" 200 27
116.224.158.100 - - [19/May/2023:11:44:12 +0800] "POST /xingrg/kc/base/wldb_order_operate.html HTTP/1.1" 200 6806
116.224.158.100 - - [19/May/2023:11:44:12 +0800] "GET /xingrg/javascript/easyui/themes/default/validatebox.css HTTP/1.1" 404 1104
180.171.122.0 - - [19/May/2023:11:44:15 +0800] "GET /xingrg/kc/buy/buy_main.html HTTP/1.1" 200 12412
180.171.122.0 - - [19/May/2023:11:44:15 +0800] "GET /xingrg/css/new_ie.css HTTP/1.1" 404 1036
180.171.122.0 - - [19/May/2023:11:44:15 +0800] "GET /xingrg/images/yd/bt.gif HTTP/1.1" 404 1040
180.171.122.0 - - [19/May/2023:11:44:16 +0800] "GET /xingrg/kc/buy/cgsh_order_list.html HTTP/1.1" 200 55669
116.235.244.176 - - [19/May/2023:11:44:17 +0800] "POST /xingrg/kc/buy/cgsh_order_operate.html HTTP/1.1" 200 37
222.67.238.82 - - [19/May/2023:11:44:21 +0800] "POST /xingrg/kc/buy/cgsh_order_operate.html HTTP/1.1" 200 88
124.78.154.3 - - [19/May/2023:11:44:24 +0800] "POST /xingrg/kc/buy/cgsh_order_operate.html HTTP/1.1" 200 37
116.224.158.100 - - [19/May/2023:11:44:25 +0800] "GET /xingrg/kc/buy/cgsh_order_operate.html?command=get_materiel&rest_code=00105&code=00101012101&supplier_code=00100487&order_time=2023-05-19 HTTP/1.1" 200 418
124.78.154.3 - - [19/May/2023:11:44:26 +0800] "GET /xingrg/kc/buy/cgsh_order_operate.html?command=get_materiel&rest_code=00106&code=00101002038&supplier_code=00100087&order_time=2023-05-19 HTTP/1.1" 200 416
116.232.195.127 - - [19/May/2023:11:44:26 +0800] "GET /xingrg/kc/buy/cgsh_order_operate.html?command=get_materiel&rest_code=00155&code=00101008730&supplier_code=00100331&order_time=2023-05-19 HTTP/1.1" 200 399
180.171.122.0 - - [19/May/2023:11:44:27 +0800] "GET /xingrg/all/function/internal_message.html?_=1684467864652&CODE_STATE=getMsg HTTP/1.1" 200 27
124.79.240.114 - - [19/May/2023:11:44:28 +0800] "GET /xingrg/check_reg.html?_=1684467858807 HTTP/1.1" 302 -
124.79.240.114 - - [19/May/2023:11:44:28 +0800] "GET /xingrg/all/function/internal_message.html?_=1684467858805&CODE_STATE=getMsg HTTP/1.1" 302 -
116.238.139.35 - - [19/May/2023:11:44:28 +0800] "POST /xingrg/kc/buy/cgsh_order_operate.html HTTP/1.1" 200 12
116.238.139.35 - - [19/May/2023:11:44:30 +0800] "GET /xingrg/kc/buy/cgsh_order_operate.html?command=get_materiel&rest_code=00151&code=00101010497&supplier_code=00100325&order_time=2023-05-19 HTTP/1.1" 200 419
124.78.154.3 - - [19/May/2023:11:44:32 +0800] "POST /xingrg/kc/buy/cgsh_order_operate.html HTTP/1.1" 200 12
116.238.139.35 - - [19/May/2023:11:44:34 +0800] "GET /xingrg/kc/buy/cgsh_order_info.html?code=212023051907062 HTTP/1.1" 200 66406
116.238.139.35 - - [19/May/2023:11:44:34 +0800] "GET /xingrg/javascript/easyui/themes/default/validatebox.css HTTP/1.1" 404 1104
116.224.158.100 - - [19/May/2023:11:44:36 +0800] "GET /xingrg/kc/base/wldb_order_operate.html?command=get_materiel&rest_code=00105&base_code=0010507&code=00101019315 HTTP/1.1" 200 475
222.67.238.82 - - [19/May/2023:11:44:37 +0800] "POST /xingrg/kc/buy/cgsh_order_operate.html HTTP/1.1" 200 37
116.238.139.35 - - [19/May/2023:11:44:37 +0800] "POST /xingrg/kc/buy/cgsh_order_operate.html HTTP/1.1" 200 615
218.81.73.248 - - [19/May/2023:11:44:37 +0800] "GET /xingrg/check_reg.html?_=1684467878305 HTTP/1.1" 200 22
124.78.154.3 - - [19/May/2023:11:44:38 +0800] "GET /xingrg/kc/buy/cgsh_order_info.html?code=212023051907065 HTTP/1.1" 200 66360
180.169.147.146 - - [19/May/2023:11:44:38 +0800] "GET /xingrg/check_reg.html?_=1684467871550 HTTP/1.1" 200 22
180.169.147.146 - - [19/May/2023:11:44:38 +0800] "GET /xingrg/all/function/internal_message.html?_=1684467871553&CODE_STATE=getMsg HTTP/1.1" 200 27
124.78.154.3 - - [19/May/2023:11:44:38 +0800] "GET /xingrg/javascript/easyui/themes/default/validatebox.css HTTP/1.1" 404 1104
116.224.158.100 - - [19/May/2023:11:44:40 +0800] "POST /xingrg/kc/buy/cgsh_order_operate.html HTTP/1.1" 200 37
124.78.154.3 - - [19/May/2023:11:44:40 +0800] "POST /xingrg/kc/buy/cgsh_order_operate.html HTTP/1.1" 200 2393
222.67.238.82 - - [19/May/2023:11:44:40 +0800] "POST /xingrg/kc/buy/cgsh_order_operate.html HTTP/1.1" 200 5620
116.235.244.176 - - [19/May/2023:11:44:40 +0800] "GET /xingrg/all/function/internal_message.html?_=1684467892884&CODE_STATE=getMsg HTTP/1.1" 200 27
116.238.139.35 - - [19/May/2023:11:44:40 +0800] "GET /xingrg/kc/print/load_data.html?order_code=212023051907062&kc_code=cgsh&condition= HTTP/1.1" 200 790
180.164.3.199 - - [19/May/2023:11:44:40 +0800] "GET /xingrg/all/function/internal_message.html?_=1684467880159&CODE_STATE=getMsg HTTP/1.1" 200 27
116.232.195.127 - - [19/May/2023:11:44:40 +0800] "GET /xingrg/kc/buy/cgsh_order_operate.html?command=get_materiel&rest_code=00155&code=00101006364&supplier_code=00100331&order_time=2023-05-19 HTTP/1.1" 200 430
222.67.238.82 - - [19/May/2023:11:44:41 +0800] "GET /xingrg/kc/print/load_config.html?kc_code=cgsh HTTP/1.1" 200 1924
116.224.158.100 - - [19/May/2023:11:44:41 +0800] "POST /xingrg/kc/buy/cgsh_order_operate.html HTTP/1.1" 200 2663
222.67.238.82 - - [19/May/2023:11:44:42 +0800] "GET /xingrg/kc/print/load_data.html?order_code=212023051907066&kc_code=cgsh&condition= HTTP/1.1" 200 1803
180.171.122.0 - - [19/May/2023:11:44:42 +0800] "POST /xingrg/kc/buy/cgsh_list_operate.html HTTP/1.1" 200 5932
116.224.158.100 - - [19/May/2023:11:44:43 +0800] "GET /xingrg/kc/print/load_data.html?order_code=212023051907067&kc_code=cgsh&condition= HTTP/1.1" 200 682
124.78.154.3 - - [19/May/2023:11:44:44 +0800] "GET /xingrg/kc/print/load_data.html?order_code=212023051907065&kc_code=cgsh&condition= HTTP/1.1" 200 1393
116.238.139.35 - - [19/May/2023:11:44:45 +0800] "GET /xingrg/kc/buy/cgsh_order_add.html HTTP/1.1" 200 71495
116.238.139.35 - - [19/May/2023:11:44:45 +0800] "GET /xingrg/javascript/easyui/themes/default/validatebox.css HTTP/1.1" 404 1104
116.238.139.35 - - [19/May/2023:11:44:45 +0800] "POST /xingrg/kc/buy/cgsh_order_operate.html HTTP/1.1" 200 8245
116.224.158.100 - - [19/May/2023:11:44:45 +0800] "GET /xingrg/kc/base/wldb_order_operate.html?command=get_materiel&rest_code=00105&base_code=0010507&code=00101019175 HTTP/1.1" 200 438
124.78.154.3 - - [19/May/2023:11:44:46 +0800] "GET /xingrg/all/function/internal_message.html?_=1684467883517&CODE_STATE=getMsg HTTP/1.1" 200 27
116.224.158.100 - - [19/May/2023:11:44:46 +0800] "GET /xingrg/kc/buy/cgsh_order_add.html HTTP/1.1" 200 71533
116.224.158.100 - - [19/May/2023:11:44:46 +0800] "GET /xingrg/check_reg.html?_=1684467721123 HTTP/1.1" 200 22
116.224.158.100 - - [19/May/2023:11:44:46 +0800] "GET /xingrg/all/function/internal_message.html?_=1684467721126&CODE_STATE=getMsg HTTP/1.1" 200 27
116.224.158.100 - - [19/May/2023:11:44:47 +0800] "GET /xingrg/javascript/easyui/themes/default/validatebox.css HTTP/1.1" 404 1104
116.224.158.100 - - [19/May/2023:11:44:47 +0800] "POST /xingrg/kc/buy/cgsh_order_operate.html HTTP/1.1" 200 8245
116.224.158.100 - - [19/May/2023:11:44:47 +0800] "GET /xingrg/all/function/internal_message.html?_=1684467888452&CODE_STATE=getMsg HTTP/1.1" 200 27
116.232.195.127 - - [19/May/2023:11:44:48 +0800] "POST /xingrg/kc/buy/cgsh_order_operate.html HTTP/1.1" 200 37
222.67.238.82 - - [19/May/2023:11:44:49 +0800] "GET /xingrg/kc/buy/cgsh_order_add.html HTTP/1.1" 200 71451
222.67.238.82 - - [19/May/2023:11:44:49 +0800] "GET /xingrg/all/function/internal_message.html?_=1684467404364&CODE_STATE=getMsg HTTP/1.1" 200 27
222.67.238.82 - - [19/May/2023:11:44:49 +0800] "GET /xingrg/javascript/easyui/themes/default/validatebox.css HTTP/1.1" 404 1104
222.67.238.82 - - [19/May/2023:11:44:49 +0800] "POST /xingrg/kc/buy/cgsh_order_operate.html HTTP/1.1" 200 8245
116.238.139.35 - - [19/May/2023:11:44:50 +0800] "GET /xingrg/all/function/internal_message.html?_=1684467888406&CODE_STATE=getMsg HTTP/1.1" 200 27
180.171.122.0 - - [19/May/2023:11:44:50 +0800] "GET /xingrg/kc/buy/cgsh_order_add.html HTTP/1.1" 200 71407
180.171.122.0 - - [19/May/2023:11:44:51 +0800] "POST /xingrg/kc/buy/cgsh_order_operate.html HTTP/1.1" 200 8245
