116.224.158.100 - - [19/May/2023:12:06:58 +0800] "GET /xingrg/javascript/easyui/themes/default/validatebox.css HTTP/1.1" 404 1104
116.224.158.100 - - [19/May/2023:12:06:58 +0800] "POST /xingrg/all/common/load_combo.html?type=base HTTP/1.1" 200 3409
180.169.147.146 - - [19/May/2023:12:06:59 +0800] "GET /xingrg/all/function/internal_message.html?_=1684469220181&CODE_STATE=getMsg HTTP/1.1" 302 -
222.67.238.82 - - [19/May/2023:12:07:00 +0800] "POST /xingrg/kc/buy/cgsh_order_operate.html HTTP/1.1" 200 37
124.79.240.114 - - [19/May/2023:12:07:01 +0800] "GET /xingrg/all/function/internal_message.html?_=1684469498703&CODE_STATE=getMsg HTTP/1.1" 200 27
222.67.238.82 - - [19/May/2023:12:07:02 +0800] "POST /xingrg/kc/buy/cgsh_order_operate.html HTTP/1.1" 200 3873
114.85.36.120 - - [19/May/2023:12:07:02 +0800] "GET /xingrg/all/function/internal_message.html?_=1684468051326&CODE_STATE=getMsg HTTP/1.1" 200 27
124.79.74.67 - - [19/May/2023:12:07:03 +0800] "GET /xingrg/all/function/internal_message.html?_=1684469245171&CODE_STATE=getMsg HTTP/1.1" 200 27
124.79.74.67 - - [19/May/2023:12:07:03 +0800] "GET /xingrg/check_reg.html?_=1684469245172 HTTP/1.1" 200 22
222.67.238.82 - - [19/May/2023:12:07:03 +0800] "GET /xingrg/kc/print/load_data.html?order_code=212023051907156&kc_code=cgsh&condition= HTTP/1.1" 200 1167
124.78.154.3 - - [19/May/2023:12:07:03 +0800] "GET /xingrg/kc/base/wldb_order_operate.html?command=get_materiel&rest_code=00106&base_code=0010397&code=00102015103 HTTP/1.1" 200 437
124.79.74.67 - - [19/May/2023:12:07:03 +0800] "POST /xingrg/kc/buy/cgsh_order_operate.html HTTP/1.1" 200 6197
120.253.135.82 - - [19/May/2023:12:07:04 +0800] "GET /xingrg/check_reg.html?_=1684469061231 HTTP/1.1" 200 22
120.253.135.82 - - [19/May/2023:12:07:05 +0800] "GET /xingrg/all/function/internal_message.html?_=1684469364910&CODE_STATE=getMsg HTTP/1.1" 200 27
120.253.135.82 - - [19/May/2023:12:07:05 +0800] "GET /xingrg/check_reg.html?_=1684469364911 HTTP/1.1" 200 22
116.224.158.100 - - [19/May/2023:12:07:07 +0800] "GET /xingrg/kc/base/wldb_order_operate.html?command=get_materiel&rest_code=00105&base_code=0010508&code=00102002204 HTTP/1.1" 200 448
120.253.135.82 - - [19/May/2023:12:07:08 +0800] "GET /xingrg/all/function/internal_message.html?_=1684469064877&CODE_STATE=getMsg HTTP/1.1" 200 27
222.67.238.82 - - [19/May/2023:12:07:09 +0800] "GET /xingrg/kc/buy/cgsh_order_add.html HTTP/1.1" 200 71451
124.78.154.3 - - [19/May/2023:12:07:09 +0800] "GET /xingrg/all/function/internal_message.html?_=1684469229772&CODE_STATE=getMsg HTTP/1.1" 200 27
222.67.238.82 - - [19/May/2023:12:07:10 +0800] "POST /xingrg/kc/buy/cgsh_order_operate.html HTTP/1.1" 200 8245
114.83.216.225 - - [19/May/2023:12:07:10 +0800] "GET /xingrg/kc/buy/cgsh_order_operate.html?command=get_materiel&rest_code=00149&code=00101010081&supplier_code=00100575&order_time=2023-05-19 HTTP/1.1" 200 413
222.67.238.82 - - [19/May/2023:12:07:10 +0800] "GET /xingrg/javascript/easyui/themes/default/validatebox.css HTTP/1.1" 404 1104
116.235.244.176 - - [19/May/2023:12:07:11 +0800] "GET /xingrg/all/function/internal_message.html?_=1684469253876&CODE_STATE=getMsg HTTP/1.1" 200 27
120.253.135.82 - - [19/May/2023:12:07:15 +0800] "POST /xingrg/kc/pszx/mdps_list_operate.html HTTP/1.1" 200 5228
116.224.158.100 - - [19/May/2023:12:07:19 +0800] "POST /xingrg/kc/base/wldb_order_operate.html HTTP/1.1" 200 37
116.224.158.100 - - [19/May/2023:12:07:20 +0800] "POST /xingrg/kc/base/wldb_order_operate.html HTTP/1.1" 200 2679
120.253.135.82 - - [19/May/2023:12:07:21 +0800] "POST /xingrg/kc/pszx/mdps_list_operate.html HTTP/1.1" 200 594
120.253.135.82 - - [19/May/2023:12:07:21 +0800] "GET /xingrg/kc/pszx/mdps_order_info.html?code=312023051800387 HTTP/1.1" 200 23978
120.253.135.82 - - [19/May/2023:12:07:21 +0800] "GET /xingrg/javascript/easyui/themes/default/validatebox.css HTTP/1.1" 404 1104
120.253.135.82 - - [19/May/2023:12:07:22 +0800] "GET /xingrg/all/common/auto_word.html?type=base&rest_code=00101 HTTP/1.1" 200 671
120.253.135.82 - - [19/May/2023:12:07:22 +0800] "POST /xingrg/kc/pszx/mdps_order_operate.html HTTP/1.1" 200 11189
124.79.74.67 - - [19/May/2023:12:07:23 +0800] "GET /xingrg/kc/buy/cgsh_order_operate.html?command=get_materiel&rest_code=00156&code=00101008283&supplier_code=00100007&order_time=2023-05-19 HTTP/1.1" 200 408
101.229.22.40 - - [19/May/2023:12:07:24 +0800] "GET /xingrg/all/function/internal_message.html?_=1684469244617&CODE_STATE=getMsg HTTP/1.1" 200 27
172.20.0.100 - - [19/May/2023:12:07:25 +0800] "GET /xingrg/check_reg.html?_=1684469258530 HTTP/1.1" 200 22
222.67.238.82 - - [19/May/2023:12:07:26 +0800] "GET /xingrg/kc/buy/cgsh_order_operate.html?command=get_materiel&rest_code=00141&code=00101001256&supplier_code=00100479&order_time=2023-05-19 HTTP/1.1" 200 437
180.171.122.0 - - [19/May/2023:12:07:27 +0800] "GET /xingrg/all/function/internal_message.html?_=1684469244235&CODE_STATE=getMsg HTTP/1.1" 200 27
116.224.158.100 - - [19/May/2023:12:07:27 +0800] "GET /xingrg/kc/base/wldb_order_info.html?code=422023051901488 HTTP/1.1" 200 30395
116.224.158.100 - - [19/May/2023:12:07:28 +0800] "GET /xingrg/javascript/easyui/themes/default/validatebox.css HTTP/1.1" 404 1104
124.79.240.114 - - [19/May/2023:12:07:28 +0800] "GET /xingrg/all/function/internal_message.html?_=1684469238809&CODE_STATE=getMsg HTTP/1.1" 302 -
116.224.158.100 - - [19/May/2023:12:07:28 +0800] "POST /xingrg/kc/base/wldb_order_operate.html HTTP/1.1" 200 2679
120.253.135.82 - - [19/May/2023:12:07:29 +0800] "POST /xingrg/kc/pszx/mdps_order_operate.html HTTP/1.1" 200 37
124.78.154.3 - - [19/May/2023:12:07:30 +0800] "POST /xingrg/kc/base/wldb_order_operate.html HTTP/1.1" 200 37
124.79.74.67 - - [19/May/2023:12:07:30 +0800] "GET /xingrg/kc/buy/cgsh_order_operate.html?command=get_materiel&rest_code=00156&code=00101008356&supplier_code=00100007&order_time=2023-05-19 HTTP/1.1" 200 408
116.224.158.100 - - [19/May/2023:12:07:31 +0800] "GET /xingrg/kc/base/wldb_order_add.html HTTP/1.1" 200 30381
124.78.154.3 - - [19/May/2023:12:07:31 +0800] "POST /xingrg/kc/base/wldb_order_operate.html HTTP/1.1" 200 3134
116.224.158.100 - - [19/May/2023:12:07:31 +0800] "GET /xingrg/javascript/easyui/themes/default/validatebox.css HTTP/1.1" 404 1104
116.224.158.100 - - [19/May/2023:12:07:31 +0800] "POST /xingrg/kc/base/wldb_order_operate.html HTTP/1.1" 200 6806
124.78.154.3 - - [19/May/2023:12:07:31 +0800] "GET /xingrg/kc/base/wldb_order_info.html?code=422023051901489 HTTP/1.1" 200 30399
116.224.158.100 - - [19/May/2023:12:07:32 +0800] "POST /xingrg/all/common/load_combo.html?type=base HTTP/1.1" 200 3409
124.78.154.3 - - [19/May/2023:12:07:32 +0800] "GET /xingrg/javascript/easyui/themes/default/validatebox.css HTTP/1.1" 404 1104
124.78.154.3 - - [19/May/2023:12:07:33 +0800] "POST /xingrg/kc/base/wldb_order_operate.html HTTP/1.1" 200 3134
120.253.135.82 - - [19/May/2023:12:07:35 +0800] "POST /xingrg/kc/pszx/mdps_order_operate.html HTTP/1.1" 200 12
180.169.147.146 - - [19/May/2023:12:07:35 +0800] "GET /xingrg/javascript/jquery_easy_ui/themes/default/images/tabs_active.png HTTP/1.1" 200 2894
124.79.74.67 - - [19/May/2023:12:07:37 +0800] "GET /xingrg/kc/buy/cgsh_order_operate.html?command=get_materiel&rest_code=00156&code=00101008213&supplier_code=00100007&order_time=2023-05-19 HTTP/1.1" 200 412
180.169.147.146 - - [19/May/2023:12:07:38 +0800] "POST /xingrg/load_menu.html HTTP/1.1" 302 -
180.169.147.146 - - [19/May/2023:12:07:38 +0800] "GET /xingrg/all/function/internal_message.html?_=1684469251646&CODE_STATE=getMsg HTTP/1.1" 200 27
116.238.139.35 - - [19/May/2023:12:07:39 +0800] "GET /xingrg/all/function/internal_message.html?_=1684469258316&CODE_STATE=getMsg HTTP/1.1" 200 27
180.164.3.199 - - [19/May/2023:12:07:40 +0800] "GET /xingrg/all/function/internal_message.html?_=1684469260161&CODE_STATE=getMsg HTTP/1.1" 200 27
116.235.244.176 - - [19/May/2023:12:07:40 +0800] "GET /xingrg/all/function/internal_message.html?_=1684469273190&CODE_STATE=getMsg HTTP/1.1" 200 27
116.238.139.35 - - [19/May/2023:12:07:41 +0800] "GET /xingrg/all/function/internal_message.html?_=1684469182389&CODE_STATE=getMsg HTTP/1.1" 200 27
116.232.195.127 - - [19/May/2023:12:07:42 +0800] "GET /xingrg/all/function/internal_message.html?_=1684469303352&CODE_STATE=getMsg HTTP/1.1" 200 27
124.78.154.3 - - [19/May/2023:12:07:42 +0800] "GET /xingrg/kc/base/wldb_order_add.html HTTP/1.1" 200 30385
124.78.154.3 - - [19/May/2023:12:07:42 +0800] "POST /xingrg/kc/base/wldb_order_operate.html HTTP/1.1" 200 6806
124.78.154.3 - - [19/May/2023:12:07:42 +0800] "GET /xingrg/javascript/easyui/themes/default/validatebox.css HTTP/1.1" 404 1104
222.67.238.82 - - [19/May/2023:12:07:42 +0800] "POST /xingrg/kc/buy/cgsh_order_operate.html HTTP/1.1" 200 37
114.83.216.225 - - [19/May/2023:12:07:42 +0800] "GET /xingrg/kc/buy/cgsh_order_operate.html?command=get_materiel&rest_code=00149&code=00101010842&supplier_code=00100575&order_time=2023-05-19 HTTP/1.1" 200 435
120.253.135.82 - - [19/May/2023:12:07:43 +0800] "GET /xingrg/kc/pszx/mdps_order_info.html?code=312023051800387 HTTP/1.1" 200 19636
120.253.135.82 - - [19/May/2023:12:07:43 +0800] "GET /xingrg/javascript/easyui/themes/default/validatebox.css HTTP/1.1" 404 1104
120.253.135.82 - - [19/May/2023:12:07:44 +0800] "POST /xingrg/kc/pszx/mdps_order_operate.html HTTP/1.1" 200 9342
124.78.154.3 - - [19/May/2023:12:07:44 +0800] "POST /xingrg/all/common/load_combo.html?type=base HTTP/1.1" 200 3227
222.67.238.82 - - [19/May/2023:12:07:44 +0800] "POST /xingrg/kc/buy/cgsh_order_operate.html HTTP/1.1" 200 2663
180.169.147.146 - - [19/May/2023:12:07:45 +0800] "GET /xingrg/logout.do HTTP/1.1" 302 -
180.169.147.146 - - [19/May/2023:12:07:45 +0800] "GET /xingrg/login.html HTTP/1.1" 200 7641
124.79.74.67 - - [19/May/2023:12:07:45 +0800] "GET /xingrg/kc/buy/cgsh_order_operate.html?command=get_materiel&rest_code=00156&code=00101008370&supplier_code=00100007&order_time=2023-05-19 HTTP/1.1" 200 412
180.169.147.146 - - [19/May/2023:12:07:45 +0800] "GET /favicon.ico HTTP/1.1" 404 -
124.78.154.3 - - [19/May/2023:12:07:46 +0800] "GET /xingrg/all/function/internal_message.html?_=1684469263055&CODE_STATE=getMsg HTTP/1.1" 200 27
222.67.238.82 - - [19/May/2023:12:07:46 +0800] "GET /xingrg/kc/print/load_data.html?order_code=212023051907157&kc_code=cgsh&condition= HTTP/1.1" 200 688
120.253.135.82 - - [19/May/2023:12:07:46 +0800] "POST /xingrg/kc/pszx/mdps_list_operate.html HTTP/1.1" 200 5224
124.78.154.3 - - [19/May/2023:12:07:46 +0800] "POST /xingrg/all/common/load_combo.html?type=base HTTP/1.1" 200 3227
116.224.158.100 - - [19/May/2023:12:07:46 +0800] "GET /xingrg/all/function/internal_message.html?_=1684469101169&CODE_STATE=getMsg HTTP/1.1" 200 27
116.224.158.100 - - [19/May/2023:12:07:47 +0800] "GET /xingrg/all/function/internal_message.html?_=1684469267929&CODE_STATE=getMsg HTTP/1.1" 200 27
124.79.74.67 - - [19/May/2023:12:07:47 +0800] "POST /xingrg/kc/buy/cgsh_order_operate.html HTTP/1.1" 200 2065
120.253.135.82 - - [19/May/2023:12:07:48 +0800] "POST /xingrg/kc/pszx/mdps_list_operate.html HTTP/1.1" 200 361
116.224.158.100 - - [19/May/2023:12:07:48 +0800] "GET /xingrg/kc/base/wldb_order_operate.html?command=get_materiel&rest_code=00105&base_code=0010508&code=00102002197 HTTP/1.1" 200 459
120.253.135.82 - - [19/May/2023:12:07:49 +0800] "GET /xingrg/kc/pszx/mdps_order_info.html?code=312023051800388 HTTP/1.1" 200 23978
120.253.135.82 - - [19/May/2023:12:07:49 +0800] "GET /xingrg/javascript/easyui/themes/default/validatebox.css HTTP/1.1" 404 1104
120.253.135.82 - - [19/May/2023:12:07:49 +0800] "GET /xingrg/all/common/auto_word.html?type=base&rest_code=00101 HTTP/1.1" 200 671
222.67.238.82 - - [19/May/2023:12:07:49 +0800] "GET /xingrg/all/function/internal_message.html?_=1684468784519&CODE_STATE=getMsg HTTP/1.1" 200 27
120.253.135.82 - - [19/May/2023:12:07:49 +0800] "POST /xingrg/kc/pszx/mdps_order_operate.html HTTP/1.1" 200 3269
180.169.147.146 - - [19/May/2023:12:07:51 +0800] "POST /xingrg/login.do HTTP/1.1" 302 -
180.169.147.146 - - [19/May/2023:12:07:51 +0800] "GET /xingrg/index.html?sysBaseUrl=http%3A%2F%2F180.169.147.146%3A18081%2Fxingrg%2F&costTime=850×tamp=1684469271422 HTTP/1.1" 200 17503
180.169.147.146 - - [19/May/2023:12:07:51 +0800] "GET /favicon.ico HTTP/1.1" 404 -
180.169.147.146 - - [19/May/2023:12:07:51 +0800] "GET /xingrg/all/function/internal_message.html?_=1684469272197&CODE_STATE=count HTTP/1.1" 200 11
180.169.147.146 - - [19/May/2023:12:07:51 +0800] "GET /xingrg/check_reg.html?_=1684469272198 HTTP/1.1" 200 22
180.169.147.146 - - [19/May/2023:12:07:51 +0800] "POST /xingrg/all/common/load_tree.html?tree=area_rest_tree_json&manage=1 HTTP/1.1" 200 1972
180.169.147.146 - - [19/May/2023:12:07:51 +0800] "POST /xingrg/load_menu.html HTTP/1.1" 200 11564
124.79.74.67 - - [19/May/2023:12:07:53 +0800] "GET /xingrg/kc/buy/cgsh_order_operate.html?command=get_materiel&rest_code=00156&code=00101008361&supplier_code=00100007&order_time=2023-05-19 HTTP/1.1" 200 408
180.169.147.146 - - [19/May/2023:12:07:55 +0800] "POST /xingrg/load_menu.html HTTP/1.1" 200 10483
124.79.74.67 - - [19/May/2023:12:07:55 +0800] "GET /xingrg/all/function/internal_message.html?_=1684469298022&CODE_STATE=getMsg HTTP/1.1" 200 27
114.83.216.225 - - [19/May/2023:12:07:56 +0800] "GET /xingrg/all/function/internal_message.html?_=1684469272485&CODE_STATE=getMsg HTTP/1.1" 200 27
116.224.158.100 - - [19/May/2023:12:07:56 +0800] "GET /xingrg/kc/base/wldb_order_operate.html?command=get_materiel&rest_code=00105&base_code=0010508&code=00102028010 HTTP/1.1" 200 494
114.83.216.225 - - [19/May/2023:12:07:57 +0800] "GET /xingrg/check_reg.html?_=1684469273214 HTTP/1.1" 200 22
120.253.135.82 - - [19/May/2023:12:07:57 +0800] "POST /xingrg/kc/pszx/mdps_order_operate.html HTTP/1.1" 200 37
180.169.147.146 - - [19/May/2023:12:07:57 +0800] "GET /xingrg/all/report/report_query.html?fileName=dma/new_5.0/yingye/yy_hz.xml&rw=1600 HTTP/1.1" 200 56155
180.169.147.146 - - [19/May/2023:12:07:57 +0800] "GET /xingrg/css/blue.css HTTP/1.1" 200 15949
180.169.147.146 - - [19/May/2023:12:07:57 +0800] "GET /xingrg/javascript/multi_select/jqueryMultiSelect.css HTTP/1.1" 200 951
180.169.147.146 - - [19/May/2023:12:07:57 +0800] "GET /xingrg/javascript/calendar/timePicker.css HTTP/1.1" 200 523
180.169.147.146 - - [19/May/2023:12:07:57 +0800] "GET /xingrg/javascript/bigrid/fix.css HTTP/1.1" 200 1702
180.169.147.146 - - [19/May/2023:12:07:57 +0800] "GET /xingrg/javascript/pic_change.js HTTP/1.1" 200 4739
180.169.147.146 - - [19/May/2023:12:07:57 +0800] "GET /xingrg/dwr/interface/AjaxReportQueryService.js HTTP/1.1" 200 13203
180.169.147.146 - - [19/May/2023:12:07:57 +0800] "GET /xingrg/dwr/engine.js HTTP/1.1" 200 43631
180.169.147.146 - - [19/May/2023:12:07:57 +0800] "GET /xingrg/dwr/util.js HTTP/1.1" 200 35990
180.169.147.146 - - [19/May/2023:12:07:57 +0800] "GET /xingrg/javascript/myfunction.js HTTP/1.1" 200 24559
180.169.147.146 - - [19/May/2023:12:07:57 +0800] "GET /xingrg/javascript/jqueryMultiSelect.js HTTP/1.1" 200 11866
180.169.147.146 - - [19/May/2023:12:07:57 +0800] "GET /xingrg/javascript/bigrid/fix.js HTTP/1.1" 200 6439
180.169.147.146 - - [19/May/2023:12:07:57 +0800] "GET /xingrg/javascript/calendar/jquery.timePicker.min.js HTTP/1.1" 200 2997
180.169.147.146 - - [19/May/2023:12:07:57 +0800] "GET /xingrg/javascript/Calendar.js HTTP/1.1" 200 31561
180.169.147.146 - - [19/May/2023:12:07:57 +0800] "GET /xingrg/images/control/loading.gif HTTP/1.1" 200 13463
180.169.147.146 - - [19/May/2023:12:07:57 +0800] "GET /xingrg/images/blue/button/advanceover.gif HTTP/1.1" 200 1347
180.169.147.146 - - [19/May/2023:12:07:57 +0800] "GET /xingrg/images/blue/button/advance2over.gif HTTP/1.1" 200 1336
180.169.147.146 - - [19/May/2023:12:07:57 +0800] "GET /xingrg/images/blue/button/back2over.gif HTTP/1.1" 200 1335
180.169.147.146 - - [19/May/2023:12:07:57 +0800] "GET /xingrg/images/blue/button/backover.gif HTTP/1.1" 200 1348
180.169.147.146 - - [19/May/2023:12:07:58 +0800] "GET /xingrg/javascript/jquery_easy_ui/themes/icons/help.png HTTP/1.1" 200 1187
180.169.147.146 - - [19/May/2023:12:07:58 +0800] "GET /xingrg/javascript/jquery_easy_ui/themes/default/images/menu_downarrow.png HTTP/1.1" 200 173
180.169.147.146 - - [19/May/2023:12:07:58 +0800] "GET /xingrg/javascript/jquery_easy_ui/themes/default/images/menu.gif HTTP/1.1" 200 834
180.169.147.146 - - [19/May/2023:12:07:58 +0800] "GET /xingrg/javascript/jquery_easy_ui/themes/icons/print.png HTTP/1.1" 200 1057
180.169.147.146 - - [19/May/2023:12:07:58 +0800] "POST /xingrg/dwr/call/plaincall/AjaxReportQueryService.getFixDate.dwr HTTP/1.1" 200 111
180.169.147.146 - - [19/May/2023:12:07:58 +0800] "GET /xingrg/javascript/jquery_easy_ui/themes/icons/pencil.png HTTP/1.1" 200 713
180.169.147.146 - - [19/May/2023:12:07:58 +0800] "GET /xingrg/javascript/jquery_easy_ui/themes/default/images/menu_rightarrow.png HTTP/1.1" 200 3617
180.169.147.146 - - [19/May/2023:12:07:58 +0800] "GET /xingrg/javascript/jquery_easy_ui/themes/default/images/combo_arrow_dot.gif HTTP/1.1" 200 79
180.169.147.146 - - [19/May/2023:12:07:58 +0800] "POST /xingrg/all/common/load_tree.html?tree=area_station_tree_json&manage=1 HTTP/1.1" 200 1906
180.169.147.146 - - [19/May/2023:12:07:58 +0800] "GET /xingrg/javascript/jquery_easy_ui/themes/default/images/tree_checkbox_0.gif HTTP/1.1" 200 168
124.79.240.114 - - [19/May/2023:12:08:01 +0800] "GET /xingrg/check_reg.html?_=1684469558701 HTTP/1.1" 200 22
124.79.240.114 - - [19/May/2023:12:08:01 +0800] "GET /xingrg/all/function/internal_message.html?_=1684469558702&CODE_STATE=getMsg HTTP/1.1" 200 27
180.169.147.146 - - [19/May/2023:12:08:01 +0800] "POST /xingrg/dwr/call/plaincall/AjaxReportQueryService.getFixDate.dwr HTTP/1.1" 200 111
124.79.74.67 - - [19/May/2023:12:08:01 +0800] "GET /xingrg/kc/buy/cgsh_order_operate.html?command=get_materiel&rest_code=00156&code=00101008197&supplier_code=00100007&order_time=2023-05-19 HTTP/1.1" 200 416
120.253.135.82 - - [19/May/2023:12:08:01 +0800] "POST /xingrg/kc/pszx/mdps_order_operate.html HTTP/1.1" 200 12
124.78.154.3 - - [19/May/2023:12:08:01 +0800] "GET /xingrg/kc/base/wldb_order_operate.html?command=get_materiel&rest_code=00106&base_code=0010397&code=00102002315 HTTP/1.1" 200 461
180.169.147.146 - - [19/May/2023:12:08:02 +0800] "GET /xingrg/javascript/jquery_easy_ui/themes/default/images/button_plain_hover.png HTTP/1.1" 200 252
116.224.158.100 - - [19/May/2023:12:08:02 +0800] "GET /xingrg/kc/base/wldb_order_operate.html?command=get_materiel&rest_code=00105&base_code=0010508&code=00102002685 HTTP/1.1" 200 458
114.85.36.120 - - [19/May/2023:12:08:02 +0800] "GET /xingrg/all/function/internal_message.html?_=1684468111345&CODE_STATE=getMsg HTTP/1.1" 200 27
114.83.216.225 - - [19/May/2023:12:08:02 +0800] "POST /xingrg/all/common/load_select.html HTTP/1.1" 200 25
180.169.147.146 - - [19/May/2023:12:08:03 +0800] "POST /xingrg/dwr/call/plaincall/AjaxReportQueryService.refreshCache.dwr HTTP/1.1" 200 78
120.253.135.82 - - [19/May/2023:12:08:04 +0800] "GET /xingrg/kc/pszx/mdps_order_info.html?code=312023051800388 HTTP/1.1" 200 19636
120.253.135.82 - - [19/May/2023:12:08:04 +0800] "GET /xingrg/javascript/easyui/themes/default/validatebox.css HTTP/1.1" 404 1104
180.169.147.146 - - [19/May/2023:12:08:04 +0800] "POST /xingrg/all/report/load_report_page.html HTTP/1.1" 200 137103
180.169.147.146 - - [19/May/2023:12:08:04 +0800] "GET /xingrg/servlets/image?cache=0.42383969812057243&image=px HTTP/1.1" 200 807
120.253.135.82 - - [19/May/2023:12:08:05 +0800] "POST /xingrg/kc/pszx/mdps_order_operate.html HTTP/1.1" 200 1480
120.253.135.82 - - [19/May/2023:12:08:05 +0800] "GET /xingrg/all/function/internal_message.html?_=1684469424918&CODE_STATE=getMsg HTTP/1.1" 200 27
120.253.135.82 - - [19/May/2023:12:08:07 +0800] "POST /xingrg/kc/pszx/mdps_list_operate.html HTTP/1.1" 200 5225
114.83.216.225 - - [19/May/2023:12:08:07 +0800] "GET /xingrg/kc/buy/cgsh_order_operate.html?command=get_materiel_price&rest_code=00149&code=00101010842&unit_code=00100049&supplier_code=00100575&order_time=2023-05-19 HTTP/1.1" 200 28
124.79.74.67 - - [19/May/2023:12:08:08 +0800] "GET /xingrg/kc/buy/cgsh_order_operate.html?command=get_materiel&rest_code=00156&code=00101008185&supplier_code=00100007&order_time=2023-05-19 HTTP/1.1" 200 408
120.253.135.82 - - [19/May/2023:12:08:08 +0800] "GET /xingrg/all/function/internal_message.html?_=1684469124890&CODE_STATE=getMsg HTTP/1.1" 200 27
124.78.154.3 - - [19/May/2023:12:08:09 +0800] "GET /xingrg/kc/base/wldb_order_operate.html?command=get_materiel&rest_code=00106&base_code=0010397&code=00102002238 HTTP/1.1" 200 434
124.78.154.3 - - [19/May/2023:12:08:09 +0800] "GET /xingrg/all/function/internal_message.html?_=1684469289758&CODE_STATE=getMsg HTTP/1.1" 200 27
114.83.216.225 - - [19/May/2023:12:08:09 +0800] "POST /xingrg/services/DataTransmitService HTTP/1.1" 200 524
116.235.244.176 - - [19/May/2023:12:08:11 +0800] "GET /xingrg/all/function/internal_message.html?_=1684469313889&CODE_STATE=getMsg HTTP/1.1" 200 27
120.253.135.82 - - [19/May/2023:12:08:11 +0800] "POST /xingrg/kc/pszx/mdps_list_operate.html HTTP/1.1" 200 203
180.169.147.146 - - [19/May/2023:12:08:12 +0800] "POST /xingrg/dwr/call/plaincall/AjaxReportQueryService.refreshCache.dwr HTTP/1.1" 200 78
120.253.135.82 - - [19/May/2023:12:08:12 +0800] "GET /xingrg/kc/pszx/mdps_order_info.html?code=312023051800391 HTTP/1.1" 200 23976
120.253.135.82 - - [19/May/2023:12:08:12 +0800] "GET /xingrg/javascript/easyui/themes/default/validatebox.css HTTP/1.1" 404 1104
120.253.135.82 - - [19/May/2023:12:08:12 +0800] "GET /xingrg/all/common/auto_word.html?type=base&rest_code=00101 HTTP/1.1" 200 671
120.253.135.82 - - [19/May/2023:12:08:13 +0800] "POST /xingrg/kc/pszx/mdps_order_operate.html HTTP/1.1" 200 2294
116.224.158.100 - - [19/May/2023:12:08:13 +0800] "GET /xingrg/kc/base/wldb_order_operate.html?command=get_materiel&rest_code=00105&base_code=0010508&code=00102002198 HTTP/1.1" 200 450
124.78.154.3 - - [19/May/2023:12:08:14 +0800] "GET /xingrg/kc/base/wldb_order_operate.html?command=get_materiel&rest_code=00106&base_code=0010397&code=00102002362 HTTP/1.1" 200 434
180.169.147.146 - - [19/May/2023:12:08:14 +0800] "POST /xingrg/all/report/load_report_page.html HTTP/1.1" 200 136988
180.169.147.146 - - [19/May/2023:12:08:14 +0800] "GET /xingrg/servlets/image?cache=0.9740543540802178&image=px HTTP/1.1" 200 807
124.79.74.67 - - [19/May/2023:12:08:17 +0800] "GET /xingrg/kc/buy/cgsh_order_operate.html?command=get_materiel&rest_code=00156&code=00101008024&supplier_code=00100007&order_time=2023-05-19 HTTP/1.1" 200 408
120.253.135.82 - - [19/May/2023:12:08:18 +0800] "POST /xingrg/kc/pszx/mdps_order_operate.html HTTP/1.1" 200 37
116.224.158.100 - - [19/May/2023:12:08:21 +0800] "POST /xingrg/kc/base/wldb_order_operate.html HTTP/1.1" 200 37
101.229.22.40 - - [19/May/2023:12:08:24 +0800] "GET /xingrg/all/function/internal_message.html?_=1684469304618&CODE_STATE=getMsg HTTP/1.1" 200 27
180.169.147.146 - - [19/May/2023:12:08:24 +0800] "GET /xingrg/check_reg.html?_=1684469299242 HTTP/1.1" 200 22
120.253.135.82 - - [19/May/2023:12:08:25 +0800] "POST /xingrg/kc/pszx/mdps_order_operate.html HTTP/1.1" 200 12
124.78.154.3 - - [19/May/2023:12:08:25 +0800] "POST /xingrg/kc/base/wldb_order_operate.html HTTP/1.1" 200 88
116.224.158.100 - - [19/May/2023:12:08:25 +0800] "POST /xingrg/kc/base/wldb_order_operate.html HTTP/1.1" 200 3709
116.224.158.100 - - [19/May/2023:12:08:26 +0800] "GET /xingrg/kc/base/wldb_order_info.html?code=422023051901490 HTTP/1.1" 200 30397
116.224.158.100 - - [19/May/2023:12:08:26 +0800] "GET /xingrg/javascript/easyui/themes/default/validatebox.css HTTP/1.1" 404 1104
180.171.122.0 - - [19/May/2023:12:08:27 +0800] "GET /xingrg/all/function/internal_message.html?_=1684469304208&CODE_STATE=getMsg HTTP/1.1" 200 27
116.224.158.100 - - [19/May/2023:12:08:27 +0800] "POST /xingrg/kc/base/wldb_order_operate.html HTTP/1.1" 200 3709
222.67.238.82 - - [19/May/2023:12:08:27 +0800] "POST /xingrg/services/DataTransmitService HTTP/1.1" 200 524
222.67.238.82 - - [19/May/2023:12:08:28 +0800] "POST /xingrg/services/DataTransmitService HTTP/1.1" 200 501
124.79.240.114 - - [19/May/2023:12:08:28 +0800] "GET /xingrg/all/function/internal_message.html?_=1684469298805&CODE_STATE=getMsg HTTP/1.1" 302 -
222.67.238.82 - - [19/May/2023:12:08:28 +0800] "POST /xingrg/services/DataTransmitService HTTP/1.1" 200 501
120.253.135.82 - - [19/May/2023:12:08:28 +0800] "GET /xingrg/kc/pszx/mdps_order_info.html?code=312023051800391 HTTP/1.1" 200 19634
116.224.158.100 - - [19/May/2023:12:08:28 +0800] "GET /xingrg/kc/base/wldb_order_add.html HTTP/1.1" 200 30381
120.253.135.82 - - [19/May/2023:12:08:28 +0800] "GET /xingrg/javascript/easyui/themes/default/validatebox.css HTTP/1.1" 404 1104
120.253.135.82 - - [19/May/2023:12:08:29 +0800] "POST /xingrg/kc/pszx/mdps_order_operate.html HTTP/1.1" 200 516
116.224.158.100 - - [19/May/2023:12:08:29 +0800] "GET /xingrg/javascript/easyui/themes/default/validatebox.css HTTP/1.1" 404 1104
116.224.158.100 - - [19/May/2023:12:08:29 +0800] "POST /xingrg/kc/base/wldb_order_operate.html HTTP/1.1" 200 6806
222.67.238.82 - - [19/May/2023:12:08:29 +0800] "POST /xingrg/services/DataTransmitService HTTP/1.1" 200 501
114.83.216.225 - - [19/May/2023:12:08:29 +0800] "POST /xingrg/kc/buy/cgsh_order_operate.html HTTP/1.1" 200 37
116.224.158.100 - - [19/May/2023:12:08:29 +0800] "POST /xingrg/all/common/load_combo.html?type=base HTTP/1.1" 200 3409
222.67.238.82 - - [19/May/2023:12:08:30 +0800] "POST /xingrg/services/DataTransmitService HTTP/1.1" 200 501
222.67.238.82 - - [19/May/2023:12:08:30 +0800] "POST /xingrg/services/DataTransmitService HTTP/1.1" 200 501
120.253.135.82 - - [19/May/2023:12:08:30 +0800] "POST /xingrg/kc/pszx/mdps_list_operate.html HTTP/1.1" 200 5227
124.79.74.67 - - [19/May/2023:12:08:31 +0800] "GET /xingrg/kc/buy/cgsh_order_operate.html?command=get_materiel&rest_code=00156&code=00101008360&supplier_code=00100007&order_time=2023-05-19 HTTP/1.1" 200 412
222.67.238.82 - - [19/May/2023:12:08:31 +0800] "POST /xingrg/services/DataTransmitService HTTP/1.1" 200 412
124.79.74.67 - - [19/May/2023:12:08:33 +0800] "POST /xingrg/kc/buy/cgsh_order_operate.html HTTP/1.1" 200 2065
124.78.154.3 - - [19/May/2023:12:08:35 +0800] "POST /xingrg/kc/base/wldb_order_operate.html HTTP/1.1" 200 37
116.232.195.127 - - [19/May/2023:12:08:35 +0800] "GET /xingrg/kc/buy/cgsh_order_add.html HTTP/1.1" 200 8212
116.232.195.127 - - [19/May/2023:12:08:36 +0800] "GET /xingrg/kc/buy/cgsh_order_add.html HTTP/1.1" 200 71498
116.232.195.127 - - [19/May/2023:12:08:36 +0800] "POST /xingrg/kc/buy/cgsh_order_operate.html HTTP/1.1" 200 8245
116.232.195.127 - - [19/May/2023:12:08:36 +0800] "GET /xingrg/javascript/easyui/themes/default/validatebox.css HTTP/1.1" 404 1104
124.78.154.3 - - [19/May/2023:12:08:36 +0800] "GET /xingrg/kc/base/wldb_order_info.html?code=422023051901492 HTTP/1.1" 200 30400
120.253.135.82 - - [19/May/2023:12:08:37 +0800] "POST /xingrg/kc/pszx/mdps_list_operate.html HTTP/1.1" 200 641
124.78.154.3 - - [19/May/2023:12:08:37 +0800] "GET /xingrg/javascript/easyui/themes/default/validatebox.css HTTP/1.1" 404 1104
120.253.135.82 - - [19/May/2023:12:08:38 +0800] "GET /xingrg/kc/pszx/mdps_order_info.html?code=312023051800390 HTTP/1.1" 200 23978
120.253.135.82 - - [19/May/2023:12:08:38 +0800] "GET /xingrg/javascript/easyui/themes/default/validatebox.css HTTP/1.1" 404 1104
180.169.147.146 - - [19/May/2023:12:08:38 +0800] "GET /xingrg/all/function/internal_message.html?_=1684469311597&CODE_STATE=getMsg HTTP/1.1" 200 27
120.253.135.82 - - [19/May/2023:12:08:38 +0800] "GET /xingrg/all/common/auto_word.html?type=base&rest_code=00101 HTTP/1.1" 200 671
114.83.216.225 - - [19/May/2023:12:08:38 +0800] "POST /xingrg/kc/buy/cgsh_order_operate.html HTTP/1.1" 200 12
124.78.154.3 - - [19/May/2023:12:08:38 +0800] "POST /xingrg/kc/base/wldb_order_operate.html HTTP/1.1" 200 3635
124.78.154.3 - - [19/May/2023:12:08:38 +0800] "POST /xingrg/kc/base/wldb_order_operate.html HTTP/1.1" 200 3635
120.253.135.82 - - [19/May/2023:12:08:38 +0800] "POST /xingrg/kc/pszx/mdps_order_operate.html HTTP/1.1" 200 8935
124.79.74.67 - - [19/May/2023:12:08:39 +0800] "GET /xingrg/kc/buy/cgsh_order_operate.html?command=get_materiel&rest_code=00156&code=00101008286&supplier_code=00100007&order_time=2023-05-19 HTTP/1.1" 200 408
116.224.158.100 - - [19/May/2023:12:08:39 +0800] "GET /xingrg/kc/base/wldb_order_operate.html?command=get_materiel&rest_code=00105&base_code=0010508&code=00102002118 HTTP/1.1" 200 467
116.238.139.35 - - [19/May/2023:12:08:40 +0800] "GET /xingrg/all/function/internal_message.html?_=1684469318326&CODE_STATE=getMsg HTTP/1.1" 200 27
116.238.139.35 - - [19/May/2023:12:08:40 +0800] "GET /xingrg/check_reg.html?_=1684469318330 HTTP/1.1" 200 22
180.164.3.199 - - [19/May/2023:12:08:40 +0800] "GET /xingrg/check_reg.html?_=1684469320163 HTTP/1.1" 200 22
180.164.3.199 - - [19/May/2023:12:08:40 +0800] "GET /xingrg/all/function/internal_message.html?_=1684469320166&CODE_STATE=getMsg HTTP/1.1" 200 27
116.235.244.176 - - [19/May/2023:12:08:40 +0800] "GET /xingrg/all/function/internal_message.html?_=1684469333204&CODE_STATE=getMsg HTTP/1.1" 200 27
114.83.216.225 - - [19/May/2023:12:08:41 +0800] "GET /xingrg/kc/buy/cgsh_order_info.html?code=212023051907158 HTTP/1.1" 200 66456
116.238.139.35 - - [19/May/2023:12:08:41 +0800] "GET /xingrg/check_reg.html?_=1684469242180 HTTP/1.1" 200 22
116.238.139.35 - - [19/May/2023:12:08:41 +0800] "GET /xingrg/all/function/internal_message.html?_=1684469242401&CODE_STATE=getMsg HTTP/1.1" 200 27
114.83.216.225 - - [19/May/2023:12:08:41 +0800] "GET /xingrg/javascript/easyui/themes/default/validatebox.css HTTP/1.1" 404 1104
116.232.195.127 - - [19/May/2023:12:08:42 +0800] "GET /xingrg/check_reg.html?_=1684469363347 HTTP/1.1" 200 22
116.232.195.127 - - [19/May/2023:12:08:42 +0800] "GET /xingrg/all/function/internal_message.html?_=1684469363355&CODE_STATE=getMsg HTTP/1.1" 200 27
114.83.216.225 - - [19/May/2023:12:08:42 +0800] "POST /xingrg/kc/buy/cgsh_order_operate.html HTTP/1.1" 200 1826
124.78.154.3 - - [19/May/2023:12:08:43 +0800] "POST /xingrg/kc/base/wldb_list_operate.html HTTP/1.1" 200 3756
124.78.154.3 - - [19/May/2023:12:08:44 +0800] "POST /xingrg/kc/base/wldb_list_operate.html HTTP/1.1" 200 438
116.224.158.100 - - [19/May/2023:12:08:45 +0800] "GET /xingrg/kc/base/wldb_order_operate.html?command=get_materiel&rest_code=00105&base_code=0010508&code=00102002511 HTTP/1.1" 200 435
124.78.154.3 - - [19/May/2023:12:08:46 +0800] "GET /xingrg/all/function/internal_message.html?_=1684469323034&CODE_STATE=getMsg HTTP/1.1" 200 27
116.224.158.100 - - [19/May/2023:12:08:46 +0800] "GET /xingrg/all/function/internal_message.html?_=1684469161159&CODE_STATE=getMsg HTTP/1.1" 200 27
124.79.74.67 - - [19/May/2023:12:08:47 +0800] "GET /xingrg/kc/buy/cgsh_order_operate.html?command=get_materiel&rest_code=00156&code=00101008131&supplier_code=00100007&order_time=2023-05-19 HTTP/1.1" 200 409
116.224.158.100 - - [19/May/2023:12:08:47 +0800] "GET /xingrg/all/function/internal_message.html?_=1684469327927&CODE_STATE=getMsg HTTP/1.1" 200 27
114.83.216.225 - - [19/May/2023:12:08:48 +0800] "GET /xingrg/kc/print/load_data.html?order_code=212023051907158&kc_code=cgsh&condition= HTTP/1.1" 200 1201
222.67.238.82 - - [19/May/2023:12:08:49 +0800] "GET /xingrg/all/function/internal_message.html?_=1684468844495&CODE_STATE=getMsg HTTP/1.1" 200 27
116.232.195.127 - - [19/May/2023:12:08:50 +0800] "GET /xingrg/kc/buy/cgsh_order_operate.html?command=get_materiel&rest_code=00155&code=00101015038&supplier_code=00100450&order_time=2023-05-19 HTTP/1.1" 200 418
180.169.147.146 - - [19/May/2023:12:08:51 +0800] "GET /xingrg/all/function/internal_message.html?_=1684469332226&CODE_STATE=getMsg HTTP/1.1" 200 27
116.224.158.100 - - [19/May/2023:12:08:55 +0800] "POST /xingrg/kc/base/wldb_order_operate.html HTTP/1.1" 200 37
124.79.74.67 - - [19/May/2023:12:08:55 +0800] "GET /xingrg/kc/buy/cgsh_order_operate.html?command=get_materiel&rest_code=00156&code=00101008535&supplier_code=00100007&order_time=2023-05-19 HTTP/1.1" 200 409
116.235.244.176 - - [19/May/2023:12:08:55 +0800] "GET /xingrg/check_reg.html?_=1684469357176 HTTP/1.1" 200 22
116.224.158.100 - - [19/May/2023:12:08:55 +0800] "POST /xingrg/kc/base/wldb_order_operate.html HTTP/1.1" 200 3172
124.79.74.67 - - [19/May/2023:12:08:55 +0800] "GET /xingrg/all/function/internal_message.html?_=1684469358032&CODE_STATE=getMsg HTTP/1.1" 200 27
124.79.74.67 - - [19/May/2023:12:08:55 +0800] "GET /xingrg/check_reg.html?_=1684469358034 HTTP/1.1" 200 22
120.253.135.82 - - [19/May/2023:12:08:56 +0800] "POST /xingrg/kc/pszx/mdps_order_operate.html HTTP/1.1" 200 37
114.83.216.225 - - [19/May/2023:12:08:56 +0800] "GET /xingrg/all/function/internal_message.html?_=1684469332466&CODE_STATE=getMsg HTTP/1.1" 200 27
116.232.195.127 - - [19/May/2023:12:09:00 +0800] "GET /xingrg/kc/buy/cgsh_order_operate.html?command=get_materiel&rest_code=00155&code=00101008509&supplier_code=00100450&order_time=2023-05-19 HTTP/1.1" 200 410
116.224.158.100 - - [19/May/2023:12:09:00 +0800] "GET /xingrg/kc/base/wldb_order_info.html?code=422023051901493 HTTP/1.1" 200 30395
124.79.240.114 - - [19/May/2023:12:09:01 +0800] "GET /xingrg/all/function/internal_message.html?_=1684469618700&CODE_STATE=getMsg HTTP/1.1" 200 27
120.253.135.82 - - [19/May/2023:12:09:01 +0800] "POST /xingrg/kc/pszx/mdps_order_operate.html HTTP/1.1" 200 12
116.224.158.100 - - [19/May/2023:12:09:01 +0800] "GET /xingrg/javascript/easyui/themes/default/validatebox.css HTTP/1.1" 404 1104
116.224.158.100 - - [19/May/2023:12:09:02 +0800] "POST /xingrg/kc/base/wldb_order_operate.html HTTP/1.1" 200 3172
114.85.36.120 - - [19/May/2023:12:09:02 +0800] "GET /xingrg/all/function/internal_message.html?_=1684468171360&CODE_STATE=getMsg HTTP/1.1" 200 27
116.224.158.100 - - [19/May/2023:12:09:03 +0800] "GET /xingrg/kc/base/wldb_order_add.html HTTP/1.1" 200 30381
116.224.158.100 - - [19/May/2023:12:09:04 +0800] "POST /xingrg/kc/base/wldb_order_operate.html HTTP/1.1" 200 6806
116.224.158.100 - - [19/May/2023:12:09:04 +0800] "GET /xingrg/javascript/easyui/themes/default/validatebox.css HTTP/1.1" 404 1104
116.224.158.100 - - [19/May/2023:12:09:05 +0800] "POST /xingrg/all/common/load_combo.html?type=base HTTP/1.1" 200 3409
120.253.135.82 - - [19/May/2023:12:09:08 +0800] "GET /xingrg/all/function/internal_message.html?_=1684469184934&CODE_STATE=getMsg HTTP/1.1" 200 27
116.232.195.127 - - [19/May/2023:12:09:09 +0800] "GET /xingrg/kc/buy/cgsh_order_operate.html?command=get_materiel&rest_code=00155&code=00101008688&supplier_code=00100450&order_time=2023-05-19 HTTP/1.1" 200 413
124.78.154.3 - - [19/May/2023:12:09:09 +0800] "GET /xingrg/all/function/internal_message.html?_=1684469349731&CODE_STATE=getMsg HTTP/1.1" 200 27
116.235.244.176 - - [19/May/2023:12:09:11 +0800] "GET /xingrg/all/function/internal_message.html?_=1684469373902&CODE_STATE=getMsg HTTP/1.1" 200 27
116.238.139.35 - - [19/May/2023:12:09:11 +0800] "POST /xingrg/services/DataTransmitService HTTP/1.1" 200 524
116.238.139.35 - - [19/May/2023:12:09:12 +0800] "POST /xingrg/services/DataTransmitService HTTP/1.1" 200 412
114.83.216.225 - - [19/May/2023:12:09:14 +0800] "GET /xingrg/kc/buy/cgsh_order_add.html HTTP/1.1" 200 71539
114.83.216.225 - - [19/May/2023:12:09:15 +0800] "POST /xingrg/kc/buy/cgsh_order_operate.html HTTP/1.1" 200 8245
114.83.216.225 - - [19/May/2023:12:09:15 +0800] "GET /xingrg/javascript/easyui/themes/default/validatebox.css HTTP/1.1" 404 1104
116.232.195.127 - - [19/May/2023:12:09:17 +0800] "GET /xingrg/kc/buy/cgsh_order_operate.html?command=get_materiel&rest_code=00155&code=00101008568&supplier_code=00100450&order_time=2023-05-19 HTTP/1.1" 200 413
116.224.158.100 - - [19/May/2023:12:09:19 +0800] "GET /xingrg/kc/base/wldb_order_operate.html?command=get_materiel&rest_code=00105&base_code=0010508&code=00102002315 HTTP/1.1" 200 461
120.253.135.82 - - [19/May/2023:12:09:20 +0800] "GET /xingrg/all/function/internal_message.html?_=1684469499826&CODE_STATE=getMsg HTTP/1.1" 200 27
120.253.135.82 - - [19/May/2023:12:09:21 +0800] "GET /xingrg/kc/pszx/mdps_order_info.html?code=312023051800390 HTTP/1.1" 200 19636
120.253.135.82 - - [19/May/2023:12:09:21 +0800] "GET /xingrg/javascript/easyui/themes/default/validatebox.css HTTP/1.1" 404 1104
120.253.135.82 - - [19/May/2023:12:09:21 +0800] "POST /xingrg/kc/pszx/mdps_order_operate.html HTTP/1.1" 200 7079
116.232.195.127 - - [19/May/2023:12:09:24 +0800] "GET /xingrg/kc/buy/cgsh_order_operate.html?command=get_materiel&rest_code=00155&code=00101008123&supplier_code=00100450&order_time=2023-05-19 HTTP/1.1" 200 413
101.229.22.40 - - [19/May/2023:12:09:24 +0800] "GET /xingrg/all/function/internal_message.html?_=1684469364618&CODE_STATE=getMsg HTTP/1.1" 200 27
101.229.22.40 - - [19/May/2023:12:09:24 +0800] "GET /xingrg/check_reg.html?_=1684469364621 HTTP/1.1" 200 22
120.253.135.82 - - [19/May/2023:12:09:25 +0800] "POST /xingrg/kc/pszx/mdps_list_operate.html HTTP/1.1" 200 5226
180.171.122.0 - - [19/May/2023:12:09:27 +0800] "GET /xingrg/all/function/internal_message.html?_=1684469364189&CODE_STATE=getMsg HTTP/1.1" 200 27
124.79.240.114 - - [19/May/2023:12:09:28 +0800] "GET /xingrg/check_reg.html?_=1684469358822 HTTP/1.1" 302 -
124.79.240.114 - - [19/May/2023:12:09:28 +0800] "GET /xingrg/all/function/internal_message.html?_=1684469358821&CODE_STATE=getMsg HTTP/1.1" 302 -
116.224.158.100 - - [19/May/2023:12:09:29 +0800] "POST /xingrg/kc/base/wldb_order_operate.html HTTP/1.1" 200 37
116.224.158.100 - - [19/May/2023:12:09:30 +0800] "POST /xingrg/kc/base/wldb_order_operate.html HTTP/1.1" 200 3179
114.83.216.225 - - [19/May/2023:12:09:32 +0800] "GET /xingrg/kc/buy/cgsh_order_operate.html?command=get_materiel&rest_code=00149&code=00101010511&supplier_code=00100322&order_time=2023-05-19 HTTP/1.1" 200 420
116.224.158.100 - - [19/May/2023:12:09:35 +0800] "GET /xingrg/kc/base/wldb_order_info.html?code=422023051901494 HTTP/1.1" 200 30395
116.224.158.100 - - [19/May/2023:12:09:36 +0800] "GET /xingrg/javascript/easyui/themes/default/validatebox.css HTTP/1.1" 404 1104
116.224.158.100 - - [19/May/2023:12:09:36 +0800] "POST /xingrg/kc/base/wldb_order_operate.html HTTP/1.1" 200 3179
218.81.73.248 - - [19/May/2023:12:09:38 +0800] "GET /xingrg/check_reg.html?_=1684469378229 HTTP/1.1" 200 22
180.169.147.146 - - [19/May/2023:12:09:38 +0800] "GET /xingrg/all/function/internal_message.html?_=1684469371609&CODE_STATE=getMsg HTTP/1.1" 200 27
180.169.147.146 - - [19/May/2023:12:09:38 +0800] "GET /xingrg/check_reg.html?_=1684469371617 HTTP/1.1" 200 22
116.238.139.35 - - [19/May/2023:12:09:39 +0800] "GET /xingrg/all/function/internal_message.html?_=1684469378316&CODE_STATE=getMsg HTTP/1.1" 200 27
180.164.3.199 - - [19/May/2023:12:09:40 +0800] "GET /xingrg/all/function/internal_message.html?_=1684469380167&CODE_STATE=getMsg HTTP/1.1" 200 27
116.235.244.176 - - [19/May/2023:12:09:40 +0800] "GET /xingrg/all/function/internal_message.html?_=1684469393222&CODE_STATE=getMsg HTTP/1.1" 200 27
116.238.139.35 - - [19/May/2023:12:09:41 +0800] "GET /xingrg/all/function/internal_message.html?_=1684469302416&CODE_STATE=getMsg HTTP/1.1" 200 27
116.232.195.127 - - [19/May/2023:12:09:42 +0800] "GET /xingrg/all/function/internal_message.html?_=1684469423354&CODE_STATE=getMsg HTTP/1.1" 200 27
116.232.195.127 - - [19/May/2023:12:09:42 +0800] "GET /xingrg/kc/buy/cgsh_order_operate.html?command=get_materiel&rest_code=00155&code=00101008255&supplier_code=00100450&order_time=2023-05-19 HTTP/1.1" 200 413
124.78.154.3 - - [19/May/2023:12:09:46 +0800] "GET /xingrg/all/function/internal_message.html?_=1684469383021&CODE_STATE=getMsg HTTP/1.1" 200 27
116.224.158.100 - - [19/May/2023:12:09:46 +0800] "GET /xingrg/all/function/internal_message.html?_=1684469221167&CODE_STATE=getMsg HTTP/1.1" 200 27
116.224.158.100 - - [19/May/2023:12:09:46 +0800] "GET /xingrg/check_reg.html?_=1684469221170 HTTP/1.1" 200 22
116.224.158.100 - - [19/May/2023:12:09:47 +0800] "GET /xingrg/all/function/internal_message.html?_=1684469388026&CODE_STATE=getMsg HTTP/1.1" 200 27
222.67.238.82 - - [19/May/2023:12:09:49 +0800] "GET /xingrg/all/function/internal_message.html?_=1684468904471&CODE_STATE=getMsg HTTP/1.1" 200 27
114.83.216.225 - - [19/May/2023:12:09:49 +0800] "POST /xingrg/kc/buy/cgsh_order_operate.html HTTP/1.1" 200 37
116.232.195.127 - - [19/May/2023:12:09:51 +0800] "GET /xingrg/kc/buy/cgsh_order_operate.html?command=get_materiel&rest_code=00155&code=00101015046&supplier_code=00100450&order_time=2023-05-19 HTTP/1.1" 200 413
180.169.147.146 - - [19/May/2023:12:09:51 +0800] "GET /xingrg/all/function/internal_message.html?_=1684469392223&CODE_STATE=getMsg HTTP/1.1" 200 27
124.79.74.67 - - [19/May/2023:12:09:55 +0800] "GET /xingrg/all/function/internal_message.html?_=1684469418031&CODE_STATE=getMsg HTTP/1.1" 200 27
114.83.216.225 - - [19/May/2023:12:09:56 +0800] "GET /xingrg/all/function/internal_message.html?_=1684469392442&CODE_STATE=getMsg HTTP/1.1" 200 27
124.79.74.67 - - [19/May/2023:12:09:57 +0800] "GET /xingrg/kc/buy/cgsh_order_operate.html?command=get_materiel&rest_code=00156&code=00101008137&supplier_code=00100007&order_time=2023-05-19 HTTP/1.1" 200 408
114.83.216.225 - - [19/May/2023:12:09:58 +0800] "POST /xingrg/kc/buy/cgsh_order_operate.html HTTP/1.1" 200 12
114.83.216.225 - - [19/May/2023:12:10:00 +0800] "GET /xingrg/kc/buy/cgsh_order_info.html?code=212023051907159 HTTP/1.1" 200 66442
124.79.240.114 - - [19/May/2023:12:10:01 +0800] "GET /xingrg/all/function/internal_message.html?_=1684469678698&CODE_STATE=getMsg HTTP/1.1" 200 27
114.83.216.225 - - [19/May/2023:12:10:01 +0800] "GET /xingrg/javascript/easyui/themes/default/validatebox.css HTTP/1.1" 404 1104
116.232.195.127 - - [19/May/2023:12:10:01 +0800] "GET /xingrg/kc/buy/cgsh_order_operate.html?command=get_materiel&rest_code=00155&code=00101015129&supplier_code=00100450&order_time=2023-05-19 HTTP/1.1" 200 410
114.83.216.225 - - [19/May/2023:12:10:02 +0800] "POST /xingrg/kc/buy/cgsh_order_operate.html HTTP/1.1" 200 610
114.85.36.120 - - [19/May/2023:12:10:02 +0800] "GET /xingrg/check_reg.html?_=1684468231358 HTTP/1.1" 200 22
114.85.36.120 - - [19/May/2023:12:10:02 +0800] "GET /xingrg/all/function/internal_message.html?_=1684468231361&CODE_STATE=getMsg HTTP/1.1" 200 27
114.83.216.225 - - [19/May/2023:12:10:04 +0800] "GET /xingrg/kc/print/load_data.html?order_code=212023051907159&kc_code=cgsh&condition= HTTP/1.1" 200 710
124.79.74.67 - - [19/May/2023:12:10:05 +0800] "GET /xingrg/kc/buy/cgsh_order_operate.html?command=get_materiel&rest_code=00156&code=00101008356&supplier_code=00100007&order_time=2023-05-19 HTTP/1.1" 200 408
120.253.135.82 - - [19/May/2023:12:10:05 +0800] "GET /xingrg/all/function/internal_message.html?_=1684469544923&CODE_STATE=getMsg HTTP/1.1" 200 27
120.253.135.82 - - [19/May/2023:12:10:08 +0800] "GET /xingrg/all/function/internal_message.html?_=1684469244949&CODE_STATE=getMsg HTTP/1.1" 200 27
124.79.74.67 - - [19/May/2023:12:10:08 +0800] "POST /xingrg/kc/buy/cgsh_order_operate.html HTTP/1.1" 200 2065
116.232.195.127 - - [19/May/2023:12:10:09 +0800] "POST /xingrg/kc/buy/cgsh_order_operate.html HTTP/1.1" 200 37
124.78.154.3 - - [19/May/2023:12:10:09 +0800] "GET /xingrg/all/function/internal_message.html?_=1684469409701&CODE_STATE=getMsg HTTP/1.1" 200 27
124.78.154.3 - - [19/May/2023:12:10:09 +0800] "GET /xingrg/check_reg.html?_=1684469409845 HTTP/1.1" 200 22
116.232.195.127 - - [19/May/2023:12:10:10 +0800] "POST /xingrg/kc/buy/cgsh_order_operate.html HTTP/1.1" 200 6205
120.253.135.82 - - [19/May/2023:12:10:10 +0800] "POST /xingrg/kc/pszx/mdps_list_operate.html HTTP/1.1" 200 214
120.253.135.82 - - [19/May/2023:12:10:11 +0800] "GET /xingrg/kc/pszx/mdps_order_info.html?code=312023051800394 HTTP/1.1" 200 23980
120.253.135.82 - - [19/May/2023:12:10:11 +0800] "GET /xingrg/javascript/easyui/themes/default/validatebox.css HTTP/1.1" 404 1104
116.235.244.176 - - [19/May/2023:12:10:11 +0800] "GET /xingrg/all/function/internal_message.html?_=1684469433915&CODE_STATE=getMsg HTTP/1.1" 200 27
116.232.195.127 - - [19/May/2023:12:10:11 +0800] "GET /xingrg/kc/print/load_data.html?order_code=212023051907160&kc_code=cgsh&condition= HTTP/1.1" 200 2037
120.253.135.82 - - [19/May/2023:12:10:12 +0800] "GET /xingrg/all/common/auto_word.html?type=base&rest_code=00101 HTTP/1.1" 200 671
120.253.135.82 - - [19/May/2023:12:10:12 +0800] "POST /xingrg/kc/pszx/mdps_order_operate.html HTTP/1.1" 200 2293
124.79.74.67 - - [19/May/2023:12:10:13 +0800] "GET /xingrg/kc/buy/cgsh_order_operate.html?command=get_materiel&rest_code=00156&code=00101008095&supplier_code=00100007&order_time=2023-05-19 HTTP/1.1" 200 412
116.232.195.127 - - [19/May/2023:12:10:16 +0800] "GET /xingrg/kc/buy/cgsh_order_add.html HTTP/1.1" 200 71498
116.232.195.127 - - [19/May/2023:12:10:16 +0800] "POST /xingrg/kc/buy/cgsh_order_operate.html HTTP/1.1" 200 8245
116.232.195.127 - - [19/May/2023:12:10:16 +0800] "GET /xingrg/javascript/easyui/themes/default/validatebox.css HTTP/1.1" 404 1104
120.253.135.82 - - [19/May/2023:12:10:18 +0800] "POST /xingrg/kc/pszx/mdps_order_operate.html HTTP/1.1" 200 37
222.67.238.82 - - [19/May/2023:12:10:20 +0800] "GET /xingrg/kc/base/base_main.html HTTP/1.1" 200 12142
120.253.135.82 - - [19/May/2023:12:10:21 +0800] "POST /xingrg/kc/pszx/mdps_order_operate.html HTTP/1.1" 200 12
222.67.238.82 - - [19/May/2023:12:10:22 +0800] "GET /xingrg/kc/base/wldb_order_list.html HTTP/1.1" 200 19104
222.67.238.82 - - [19/May/2023:12:10:22 +0800] "POST /xingrg/kc/base/wldb_list_operate.html HTTP/1.1" 200 928
114.83.216.225 - - [19/May/2023:12:10:23 +0800] "GET /xingrg/kc/buy/cgsh_order_add.html HTTP/1.1" 200 71539
114.83.216.225 - - [19/May/2023:12:10:24 +0800] "POST /xingrg/kc/buy/cgsh_order_operate.html HTTP/1.1" 200 8245
114.83.216.225 - - [19/May/2023:12:10:24 +0800] "GET /xingrg/javascript/easyui/themes/default/validatebox.css HTTP/1.1" 404 1104
101.229.22.40 - - [19/May/2023:12:10:24 +0800] "GET /xingrg/all/function/internal_message.html?_=1684469424620&CODE_STATE=getMsg HTTP/1.1" 200 27
120.253.135.82 - - [19/May/2023:12:10:24 +0800] "GET /xingrg/kc/pszx/mdps_order_info.html?code=312023051800394 HTTP/1.1" 200 19638
120.253.135.82 - - [19/May/2023:12:10:25 +0800] "GET /xingrg/javascript/easyui/themes/default/validatebox.css HTTP/1.1" 404 1104
120.253.135.82 - - [19/May/2023:12:10:25 +0800] "POST /xingrg/kc/pszx/mdps_order_operate.html HTTP/1.1" 200 514
222.67.238.82 - - [19/May/2023:12:10:25 +0800] "GET /xingrg/kc/base/wldb_order_add.html HTTP/1.1" 200 30387
222.67.238.82 - - [19/May/2023:12:10:25 +0800] "GET /xingrg/all/common/auto_word.html?type=base&rest_code=00141 HTTP/1.1" 200 1799
222.67.238.82 - - [19/May/2023:12:10:26 +0800] "GET /xingrg/all/common/auto_word.html?type=base&rest_code=00141 HTTP/1.1" 200 1799
222.67.238.82 - - [19/May/2023:12:10:26 +0800] "GET /xingrg/javascript/easyui/themes/default/validatebox.css HTTP/1.1" 404 1104
222.67.238.82 - - [19/May/2023:12:10:26 +0800] "POST /xingrg/kc/base/wldb_order_operate.html HTTP/1.1" 200 6806
116.232.195.127 - - [19/May/2023:12:10:26 +0800] "GET /xingrg/kc/buy/cgsh_order_operate.html?command=get_materiel&rest_code=00155&code=00101006335&supplier_code=00100558&order_time=2023-05-19 HTTP/1.1" 200 414
180.171.122.0 - - [19/May/2023:12:10:27 +0800] "GET /xingrg/all/function/internal_message.html?_=1684469424162&CODE_STATE=getMsg HTTP/1.1" 200 27
180.171.122.0 - - [19/May/2023:12:10:27 +0800] "GET /xingrg/check_reg.html?_=1684469424664 HTTP/1.1" 200 22
120.253.135.82 - - [19/May/2023:12:10:27 +0800] "POST /xingrg/kc/pszx/mdps_list_operate.html HTTP/1.1" 200 5222
124.79.240.114 - - [19/May/2023:12:10:28 +0800] "GET /xingrg/all/function/internal_message.html?_=1684469418813&CODE_STATE=getMsg HTTP/1.1" 302 -
124.79.74.67 - - [19/May/2023:12:10:30 +0800] "GET /xingrg/kc/buy/cgsh_order_operate.html?command=get_materiel&rest_code=00156&code=00101009044&supplier_code=00100007&order_time=2023-05-19 HTTP/1.1" 200 413
180.169.147.146 - - [19/May/2023:12:10:38 +0800] "GET /xingrg/all/function/internal_message.html?_=1684469431602&CODE_STATE=getMsg HTTP/1.1" 200 27
116.238.139.35 - - [19/May/2023:12:10:39 +0800] "GET /xingrg/all/function/internal_message.html?_=1684469438320&CODE_STATE=getMsg HTTP/1.1" 200 27
124.79.74.67 - - [19/May/2023:12:10:40 +0800] "GET /xingrg/kc/buy/cgsh_order_operate.html?command=get_materiel&rest_code=00156&code=00101009041&supplier_code=00100007&order_time=2023-05-19 HTTP/1.1" 200 409
180.164.3.199 - - [19/May/2023:12:10:40 +0800] "GET /xingrg/all/function/internal_message.html?_=1684469440164&CODE_STATE=getMsg HTTP/1.1" 200 27
116.235.244.176 - - [19/May/2023:12:10:40 +0800] "GET /xingrg/all/function/internal_message.html?_=1684469453231&CODE_STATE=getMsg HTTP/1.1" 200 27
116.238.139.35 - - [19/May/2023:12:10:41 +0800] "GET /xingrg/all/function/internal_message.html?_=1684469362429&CODE_STATE=getMsg HTTP/1.1" 200 27
116.232.195.127 - - [19/May/2023:12:10:42 +0800] "GET /xingrg/all/function/internal_message.html?_=1684469483347&CODE_STATE=getMsg HTTP/1.1" 200 27
120.253.135.82 - - [19/May/2023:12:10:42 +0800] "POST /xingrg/kc/pszx/mdps_list_operate.html HTTP/1.1" 200 205
114.83.216.225 - - [19/May/2023:12:10:43 +0800] "GET /xingrg/kc/buy/cgsh_order_operate.html?command=get_materiel&rest_code=00149&code=00101010594&supplier_code=00100329&order_time=2023-05-19 HTTP/1.1" 200 428
124.78.154.3 - - [19/May/2023:12:10:43 +0800] "GET /xingrg/check_reg.html?_=1684469440355 HTTP/1.1" 200 22
222.67.238.82 - - [19/May/2023:12:10:45 +0800] "GET /xingrg/kc/base/wldb_order_operate.html?command=get_materiel&rest_code=00141&base_code=0010382&code=00101019675 HTTP/1.1" 200 440
124.78.154.3 - - [19/May/2023:12:10:46 +0800] "GET /xingrg/all/function/internal_message.html?_=1684469442994&CODE_STATE=getMsg HTTP/1.1" 200 27
116.224.158.100 - - [19/May/2023:12:10:46 +0800] "GET /xingrg/all/function/internal_message.html?_=1684469281155&CODE_STATE=getMsg HTTP/1.1" 200 27
