124.79.74.67 - - [19/May/2023:11:24:56 +0800] "POST /xingrg/kc/buy/cgsh_order_operate.html HTTP/1.1" 200 8245
124.79.74.67 - - [19/May/2023:11:24:56 +0800] "GET /xingrg/javascript/easyui/themes/default/validatebox.css HTTP/1.1" 404 1104
124.79.74.67 - - [19/May/2023:11:24:56 +0800] "GET /xingrg/all/common/auto_word.html?type=employee&rest_code=00156 HTTP/1.1" 200 97
124.79.74.67 - - [19/May/2023:11:24:56 +0800] "GET /xingrg/all/common/auto_word.html?type=employee&rest_code=00156 HTTP/1.1" 200 97
114.83.216.225 - - [19/May/2023:11:24:56 +0800] "GET /xingrg/all/function/internal_message.html?_=1684466693118&CODE_STATE=getMsg HTTP/1.1" 200 27
116.224.158.100 - - [19/May/2023:11:24:58 +0800] "POST /xingrg/kc/buy/cgsh_list_operate.html HTTP/1.1" 200 6127
180.169.147.146 - - [19/May/2023:11:24:59 +0800] "GET /xingrg/all/function/internal_message.html?_=1684466700191&CODE_STATE=getMsg HTTP/1.1" 302 -
124.79.240.114 - - [19/May/2023:11:25:01 +0800] "GET /xingrg/all/function/internal_message.html?_=1684466978649&CODE_STATE=getMsg HTTP/1.1" 200 27
116.224.158.100 - - [19/May/2023:11:25:01 +0800] "POST /xingrg/kc/buy/cgsh_list_operate.html HTTP/1.1" 200 199
114.85.36.120 - - [19/May/2023:11:25:02 +0800] "GET /xingrg/all/function/internal_message.html?_=1684465531259&CODE_STATE=getMsg HTTP/1.1" 200 27
114.85.36.120 - - [19/May/2023:11:25:02 +0800] "GET /xingrg/check_reg.html?_=1684465531262 HTTP/1.1" 200 22
116.224.158.100 - - [19/May/2023:11:25:04 +0800] "GET /xingrg/kc/buy/cgsh_order_info.html?code=212023051505515 HTTP/1.1" 200 66445
116.224.158.100 - - [19/May/2023:11:25:04 +0800] "GET /xingrg/javascript/easyui/themes/default/validatebox.css HTTP/1.1" 404 1104
116.224.158.100 - - [19/May/2023:11:25:05 +0800] "POST /xingrg/kc/buy/cgsh_order_operate.html HTTP/1.1" 200 601
124.79.74.67 - - [19/May/2023:11:25:07 +0800] "GET /xingrg/kc/buy/cgsh_order_operate.html?command=get_materiel&rest_code=00156&code=00101008005&supplier_code=00100007&order_time=2023-05-19 HTTP/1.1" 200 412
120.253.135.82 - - [19/May/2023:11:25:07 +0800] "GET /xingrg/all/function/internal_message.html?_=1684466544072&CODE_STATE=getMsg HTTP/1.1" 200 27
124.78.154.3 - - [19/May/2023:11:25:13 +0800] "GET /xingrg/check_reg.html?_=1684466713418 HTTP/1.1" 200 22
124.78.154.3 - - [19/May/2023:11:25:13 +0800] "GET /xingrg/all/function/internal_message.html?_=1684466713421&CODE_STATE=getMsg HTTP/1.1" 200 27
116.235.244.176 - - [19/May/2023:11:25:15 +0800] "GET /xingrg/all/function/internal_message.html?_=1684466737055&CODE_STATE=getMsg HTTP/1.1" 200 27
124.79.74.67 - - [19/May/2023:11:25:15 +0800] "GET /xingrg/kc/buy/cgsh_order_operate.html?command=get_materiel&rest_code=00156&code=00101008372&supplier_code=00100007&order_time=2023-05-19 HTTP/1.1" 200 408
180.171.122.0 - - [19/May/2023:11:25:27 +0800] "GET /xingrg/check_reg.html?_=1684466724609 HTTP/1.1" 200 22
180.171.122.0 - - [19/May/2023:11:25:27 +0800] "GET /xingrg/all/function/internal_message.html?_=1684466724611&CODE_STATE=getMsg HTTP/1.1" 200 27
124.79.240.114 - - [19/May/2023:11:25:28 +0800] "GET /xingrg/all/function/internal_message.html?_=1684466718810&CODE_STATE=getMsg HTTP/1.1" 302 -
180.169.147.146 - - [19/May/2023:11:25:38 +0800] "GET /xingrg/all/function/internal_message.html?_=1684466731496&CODE_STATE=getMsg HTTP/1.1" 200 27
116.232.195.127 - - [19/May/2023:11:25:38 +0800] "GET /xingrg/all/function/internal_message.html?_=1684466780332&CODE_STATE=getMsg HTTP/1.1" 200 27
116.235.244.176 - - [19/May/2023:11:25:40 +0800] "GET /xingrg/all/function/internal_message.html?_=1684466752619&CODE_STATE=getMsg HTTP/1.1" 200 27
180.164.3.199 - - [19/May/2023:11:25:40 +0800] "GET /xingrg/all/function/internal_message.html?_=1684466740164&CODE_STATE=getMsg HTTP/1.1" 200 27
222.67.238.82 - - [19/May/2023:11:25:43 +0800] "GET /xingrg/all/function/internal_message.html?_=1684466258746&CODE_STATE=getMsg HTTP/1.1" 200 27
222.67.238.82 - - [19/May/2023:11:25:43 +0800] "GET /xingrg/kc/buy/cgsh_order_operate.html?command=get_materiel&rest_code=00141&code=00101029002&supplier_code=00100017&order_time=2023-05-19 HTTP/1.1" 200 450
124.78.154.3 - - [19/May/2023:11:25:44 +0800] "GET /xingrg/all/function/internal_message.html?_=1684466744922&CODE_STATE=getMsg HTTP/1.1" 200 27
116.224.158.100 - - [19/May/2023:11:25:46 +0800] "GET /xingrg/all/function/internal_message.html?_=1684466581076&CODE_STATE=getMsg HTTP/1.1" 200 27
120.253.135.82 - - [19/May/2023:11:25:47 +0800] "GET /xingrg/all/function/internal_message.html?_=1684466886224&CODE_STATE=getMsg HTTP/1.1" 200 27
116.224.158.100 - - [19/May/2023:11:25:48 +0800] "GET /xingrg/all/function/internal_message.html?_=1684466748782&CODE_STATE=getMsg HTTP/1.1" 200 27
116.238.139.35 - - [19/May/2023:11:25:50 +0800] "GET /xingrg/all/function/internal_message.html?_=1684466748500&CODE_STATE=getMsg HTTP/1.1" 200 27
180.171.122.0 - - [19/May/2023:11:25:50 +0800] "POST /xingrg/kc/buy/cgsh_list_operate.html HTTP/1.1" 200 5932
180.171.122.0 - - [19/May/2023:11:25:54 +0800] "POST /xingrg/kc/buy/cgsh_list_operate.html HTTP/1.1" 200 367
124.79.74.67 - - [19/May/2023:11:25:55 +0800] "GET /xingrg/all/function/internal_message.html?_=1684466777941&CODE_STATE=getMsg HTTP/1.1" 200 27
180.171.122.0 - - [19/May/2023:11:25:56 +0800] "GET /xingrg/kc/buy/cgsh_order_info.html?code=212023051907006 HTTP/1.1" 200 71418
114.83.216.225 - - [19/May/2023:11:25:56 +0800] "GET /xingrg/all/function/internal_message.html?_=1684466753116&CODE_STATE=getMsg HTTP/1.1" 200 27
180.171.122.0 - - [19/May/2023:11:25:57 +0800] "GET /xingrg/javascript/easyui/themes/default/validatebox.css HTTP/1.1" 404 1104
180.171.122.0 - - [19/May/2023:11:25:58 +0800] "POST /xingrg/kc/buy/cgsh_order_operate.html HTTP/1.1" 200 3879
222.67.238.82 - - [19/May/2023:11:25:59 +0800] "GET /xingrg/kc/buy/cgsh_order_operate.html?command=get_materiel&rest_code=00141&code=00101029005&supplier_code=00100017&order_time=2023-05-19 HTTP/1.1" 200 436
180.169.147.146 - - [19/May/2023:11:25:59 +0800] "GET /xingrg/all/function/internal_message.html?_=1684466760194&CODE_STATE=getMsg HTTP/1.1" 302 -
124.79.240.114 - - [19/May/2023:11:26:01 +0800] "GET /xingrg/all/function/internal_message.html?_=1684467038658&CODE_STATE=getMsg HTTP/1.1" 200 27
114.85.36.120 - - [19/May/2023:11:26:02 +0800] "GET /xingrg/all/function/internal_message.html?_=1684465591269&CODE_STATE=getMsg HTTP/1.1" 200 27
120.253.135.82 - - [19/May/2023:11:26:07 +0800] "GET /xingrg/all/function/internal_message.html?_=1684466604087&CODE_STATE=getMsg HTTP/1.1" 200 27
124.78.154.3 - - [19/May/2023:11:26:13 +0800] "GET /xingrg/all/function/internal_message.html?_=1684466773423&CODE_STATE=getMsg HTTP/1.1" 200 27
180.171.122.0 - - [19/May/2023:11:26:14 +0800] "POST /xingrg/kc/buy/cgsh_order_operate.html HTTP/1.1" 200 37
116.235.244.176 - - [19/May/2023:11:26:15 +0800] "GET /xingrg/all/function/internal_message.html?_=1684466797413&CODE_STATE=getMsg HTTP/1.1" 200 27
222.67.238.82 - - [19/May/2023:11:26:15 +0800] "GET /xingrg/kc/buy/cgsh_order_operate.html?command=get_materiel&rest_code=00141&code=00101029017&supplier_code=00100017&order_time=2023-05-19 HTTP/1.1" 200 448
180.171.122.0 - - [19/May/2023:11:26:16 +0800] "POST /xingrg/kc/buy/cgsh_order_operate.html HTTP/1.1" 200 3879
180.171.122.0 - - [19/May/2023:11:26:17 +0800] "GET /xingrg/kc/print/load_data.html?order_code=212023051907006&kc_code=cgsh&condition= HTTP/1.1" 200 1164
114.83.216.225 - - [19/May/2023:11:26:23 +0800] "GET /xingrg/kc/base/wldb_order_operate.html?command=get_materiel&rest_code=00149&base_code=0010394&code=00101019750 HTTP/1.1" 200 456
180.171.122.0 - - [19/May/2023:11:26:27 +0800] "GET /xingrg/all/function/internal_message.html?_=1684466784613&CODE_STATE=getMsg HTTP/1.1" 200 27
124.79.240.114 - - [19/May/2023:11:26:28 +0800] "GET /xingrg/all/function/internal_message.html?_=1684466778810&CODE_STATE=getMsg HTTP/1.1" 302 -
114.83.216.225 - - [19/May/2023:11:26:30 +0800] "POST /xingrg/all/common/load_select.html HTTP/1.1" 200 25
222.67.238.82 - - [19/May/2023:11:26:30 +0800] "GET /xingrg/kc/buy/cgsh_order_operate.html?command=get_materiel&rest_code=00141&code=00101026182&supplier_code=00100017&order_time=2023-05-19 HTTP/1.1" 200 463
114.83.216.225 - - [19/May/2023:11:26:33 +0800] "GET /xingrg/kc/base/wldb_order_operate.html?command=get_materiel_price&rest_code=00149&base_code=0010394&code=00101019750&unit_code=00100050 HTTP/1.1" 200 36
116.235.244.176 - - [19/May/2023:11:26:38 +0800] "GET /xingrg/check_reg.html?_=1684466810641 HTTP/1.1" 200 22
180.169.147.146 - - [19/May/2023:11:26:38 +0800] "GET /xingrg/all/function/internal_message.html?_=1684466791496&CODE_STATE=getMsg HTTP/1.1" 200 27
116.232.195.127 - - [19/May/2023:11:26:38 +0800] "GET /xingrg/all/function/internal_message.html?_=1684466840305&CODE_STATE=getMsg HTTP/1.1" 200 27
116.235.244.176 - - [19/May/2023:11:26:40 +0800] "GET /xingrg/all/function/internal_message.html?_=1684466812633&CODE_STATE=getMsg HTTP/1.1" 200 27
180.164.3.199 - - [19/May/2023:11:26:40 +0800] "GET /xingrg/all/function/internal_message.html?_=1684466800154&CODE_STATE=getMsg HTTP/1.1" 200 27
222.67.238.82 - - [19/May/2023:11:26:43 +0800] "GET /xingrg/all/function/internal_message.html?_=1684466318620&CODE_STATE=getMsg HTTP/1.1" 200 27
114.83.216.225 - - [19/May/2023:11:26:44 +0800] "GET /xingrg/kc/base/wldb_order_operate.html?command=get_materiel&rest_code=00149&base_code=0010394&code=00101013115 HTTP/1.1" 200 435
124.78.154.3 - - [19/May/2023:11:26:44 +0800] "GET /xingrg/all/function/internal_message.html?_=1684466804922&CODE_STATE=getMsg HTTP/1.1" 200 27
222.67.238.82 - - [19/May/2023:11:26:45 +0800] "GET /xingrg/kc/buy/cgsh_order_operate.html?command=get_materiel&rest_code=00141&code=00101029023&supplier_code=00100017&order_time=2023-05-19 HTTP/1.1" 200 478
116.224.158.100 - - [19/May/2023:11:26:46 +0800] "GET /xingrg/all/function/internal_message.html?_=1684466641099&CODE_STATE=getMsg HTTP/1.1" 200 27
120.253.135.82 - - [19/May/2023:11:26:47 +0800] "GET /xingrg/all/function/internal_message.html?_=1684466946230&CODE_STATE=getMsg HTTP/1.1" 200 27
116.224.158.100 - - [19/May/2023:11:26:48 +0800] "GET /xingrg/all/function/internal_message.html?_=1684466808762&CODE_STATE=getMsg HTTP/1.1" 200 27
116.224.158.100 - - [19/May/2023:11:26:48 +0800] "GET /xingrg/check_reg.html?_=1684466809414 HTTP/1.1" 200 22
116.238.139.35 - - [19/May/2023:11:26:50 +0800] "GET /xingrg/all/function/internal_message.html?_=1684466808502&CODE_STATE=getMsg HTTP/1.1" 200 27
116.238.139.35 - - [19/May/2023:11:26:50 +0800] "GET /xingrg/check_reg.html?_=1684466808506 HTTP/1.1" 200 22
114.83.216.225 - - [19/May/2023:11:26:52 +0800] "GET /xingrg/kc/base/wldb_order_operate.html?command=get_materiel&rest_code=00149&base_code=0010394&code=00101013067 HTTP/1.1" 200 435
124.79.74.67 - - [19/May/2023:11:26:55 +0800] "GET /xingrg/all/function/internal_message.html?_=1684466837944&CODE_STATE=getMsg HTTP/1.1" 200 27
114.83.216.225 - - [19/May/2023:11:26:56 +0800] "GET /xingrg/all/function/internal_message.html?_=1684466813133&CODE_STATE=getMsg HTTP/1.1" 200 27
180.169.147.146 - - [19/May/2023:11:26:59 +0800] "GET /xingrg/all/function/internal_message.html?_=1684466820180&CODE_STATE=getMsg HTTP/1.1" 302 -
222.67.238.82 - - [19/May/2023:11:27:00 +0800] "POST /xingrg/kc/buy/cgsh_order_operate.html HTTP/1.1" 200 37
124.79.240.114 - - [19/May/2023:11:27:01 +0800] "GET /xingrg/all/function/internal_message.html?_=1684467098656&CODE_STATE=getMsg HTTP/1.1" 200 27
222.67.238.82 - - [19/May/2023:11:27:01 +0800] "POST /xingrg/kc/buy/cgsh_order_operate.html HTTP/1.1" 200 5190
114.85.36.120 - - [19/May/2023:11:27:02 +0800] "GET /xingrg/all/function/internal_message.html?_=1684465651279&CODE_STATE=getMsg HTTP/1.1" 200 27
114.83.216.225 - - [19/May/2023:11:27:02 +0800] "GET /xingrg/kc/base/wldb_order_operate.html?command=get_materiel&rest_code=00149&base_code=0010394&code=00101013052 HTTP/1.1" 200 441
222.67.238.82 - - [19/May/2023:11:27:03 +0800] "GET /xingrg/kc/print/load_data.html?order_code=212023051907019&kc_code=cgsh&condition= HTTP/1.1" 200 1798
120.253.135.82 - - [19/May/2023:11:27:04 +0800] "GET /xingrg/check_reg.html?_=1684466661150 HTTP/1.1" 200 22
120.253.135.82 - - [19/May/2023:11:27:07 +0800] "GET /xingrg/all/function/internal_message.html?_=1684466664100&CODE_STATE=getMsg HTTP/1.1" 200 27
124.78.154.3 - - [19/May/2023:11:27:13 +0800] "GET /xingrg/all/function/internal_message.html?_=1684466833451&CODE_STATE=getMsg HTTP/1.1" 200 27
116.235.244.176 - - [19/May/2023:11:27:15 +0800] "GET /xingrg/all/function/internal_message.html?_=1684466857420&CODE_STATE=getMsg HTTP/1.1" 200 27
116.235.244.176 - - [19/May/2023:11:27:19 +0800] "POST /xingrg/services/DataTransmitService HTTP/1.1" 200 524
124.79.74.67 - - [19/May/2023:11:27:20 +0800] "GET /xingrg/kc/buy/cgsh_order_operate.html?command=get_materiel&rest_code=00156&code=00101008246&supplier_code=00100007&order_time=2023-05-19 HTTP/1.1" 200 408
172.20.0.100 - - [19/May/2023:11:27:26 +0800] "GET /xingrg/check_reg.html?_=1684466858712 HTTP/1.1" 200 22
180.171.122.0 - - [19/May/2023:11:27:27 +0800] "GET /xingrg/all/function/internal_message.html?_=1684466844613&CODE_STATE=getMsg HTTP/1.1" 200 27
124.79.240.114 - - [19/May/2023:11:27:28 +0800] "GET /xingrg/all/function/internal_message.html?_=1684466838819&CODE_STATE=getMsg HTTP/1.1" 302 -
180.169.147.146 - - [19/May/2023:11:27:38 +0800] "GET /xingrg/all/function/internal_message.html?_=1684466851522&CODE_STATE=getMsg HTTP/1.1" 200 27
116.232.195.127 - - [19/May/2023:11:27:38 +0800] "GET /xingrg/all/function/internal_message.html?_=1684466900312&CODE_STATE=getMsg HTTP/1.1" 200 27
116.232.195.127 - - [19/May/2023:11:27:38 +0800] "GET /xingrg/check_reg.html?_=1684466900314 HTTP/1.1" 200 22
114.83.216.225 - - [19/May/2023:11:27:39 +0800] "GET /xingrg/kc/base/wldb_order_operate.html?command=get_materiel&rest_code=00149&base_code=0010394&code=00101027001 HTTP/1.1" 200 471
116.235.244.176 - - [19/May/2023:11:27:40 +0800] "GET /xingrg/all/function/internal_message.html?_=1684466872652&CODE_STATE=getMsg HTTP/1.1" 200 27
180.164.3.199 - - [19/May/2023:11:27:40 +0800] "GET /xingrg/all/function/internal_message.html?_=1684466860170&CODE_STATE=getMsg HTTP/1.1" 200 27
222.67.238.82 - - [19/May/2023:11:27:43 +0800] "GET /xingrg/all/function/internal_message.html?_=1684466378600&CODE_STATE=getMsg HTTP/1.1" 200 27
120.253.135.82 - - [19/May/2023:11:27:44 +0800] "POST /xingrg/kc/pszx/mdps_list_operate.html HTTP/1.1" 200 5303
124.78.154.3 - - [19/May/2023:11:27:44 +0800] "GET /xingrg/all/function/internal_message.html?_=1684466864922&CODE_STATE=getMsg HTTP/1.1" 200 27
124.79.74.67 - - [19/May/2023:11:27:45 +0800] "GET /xingrg/kc/buy/cgsh_order_operate.html?command=get_materiel&rest_code=00156&code=00101008108&supplier_code=00100007&order_time=2023-05-19 HTTP/1.1" 200 412
120.253.135.82 - - [19/May/2023:11:27:46 +0800] "GET /xingrg/kc/pszx/mdps_order_list.html?orderType=0 HTTP/1.1" 200 21032
120.253.135.82 - - [19/May/2023:11:27:46 +0800] "GET /xingrg/kc/pszx/mdps_order_list.html?orderType=0 HTTP/1.1" 200 21032
116.224.158.100 - - [19/May/2023:11:27:46 +0800] "GET /xingrg/all/function/internal_message.html?_=1684466701097&CODE_STATE=getMsg HTTP/1.1" 200 27
120.253.135.82 - - [19/May/2023:11:27:47 +0800] "POST /xingrg/kc/pszx/mdps_list_operate.html HTTP/1.1" 200 5303
120.253.135.82 - - [19/May/2023:11:27:47 +0800] "GET /xingrg/all/function/internal_message.html?_=1684467006231&CODE_STATE=getMsg HTTP/1.1" 200 27
114.83.216.225 - - [19/May/2023:11:27:47 +0800] "GET /xingrg/kc/base/wldb_order_operate.html?command=get_materiel&rest_code=00149&base_code=0010394&code=00101019058 HTTP/1.1" 200 452
116.224.158.100 - - [19/May/2023:11:27:48 +0800] "GET /xingrg/all/function/internal_message.html?_=1684466868729&CODE_STATE=getMsg HTTP/1.1" 200 27
120.253.135.82 - - [19/May/2023:11:27:49 +0800] "POST /xingrg/kc/pszx/mdps_list_operate.html HTTP/1.1" 200 5422
116.238.139.35 - - [19/May/2023:11:27:50 +0800] "GET /xingrg/all/function/internal_message.html?_=1684466868492&CODE_STATE=getMsg HTTP/1.1" 200 27
124.79.74.67 - - [19/May/2023:11:27:52 +0800] "GET /xingrg/kc/buy/cgsh_order_operate.html?command=get_materiel&rest_code=00156&code=00101008355&supplier_code=00100007&order_time=2023-05-19 HTTP/1.1" 200 408
124.79.74.67 - - [19/May/2023:11:27:55 +0800] "GET /xingrg/all/function/internal_message.html?_=1684466897946&CODE_STATE=getMsg HTTP/1.1" 200 27
114.83.216.225 - - [19/May/2023:11:27:56 +0800] "GET /xingrg/all/function/internal_message.html?_=1684466873130&CODE_STATE=getMsg HTTP/1.1" 200 27
114.83.216.225 - - [19/May/2023:11:27:56 +0800] "GET /xingrg/check_reg.html?_=1684466873139 HTTP/1.1" 200 22
180.169.147.146 - - [19/May/2023:11:27:59 +0800] "GET /xingrg/all/function/internal_message.html?_=1684466880185&CODE_STATE=getMsg HTTP/1.1" 302 -
124.79.240.114 - - [19/May/2023:11:28:01 +0800] "GET /xingrg/all/function/internal_message.html?_=1684467158668&CODE_STATE=getMsg HTTP/1.1" 200 27
124.79.240.114 - - [19/May/2023:11:28:01 +0800] "GET /xingrg/check_reg.html?_=1684467158669 HTTP/1.1" 200 22
114.85.36.120 - - [19/May/2023:11:28:02 +0800] "GET /xingrg/all/function/internal_message.html?_=1684465711278&CODE_STATE=getMsg HTTP/1.1" 200 27
114.83.216.225 - - [19/May/2023:11:28:04 +0800] "GET /xingrg/kc/base/wldb_order_operate.html?command=get_materiel&rest_code=00149&base_code=0010394&code=00101019066 HTTP/1.1" 200 455
120.253.135.82 - - [19/May/2023:11:28:07 +0800] "GET /xingrg/all/function/internal_message.html?_=1684466724114&CODE_STATE=getMsg HTTP/1.1" 200 27
116.235.244.176 - - [19/May/2023:11:28:09 +0800] "POST /xingrg/services/DataTransmitService HTTP/1.1" 200 501
114.83.216.225 - - [19/May/2023:11:28:11 +0800] "GET /xingrg/kc/base/wldb_order_operate.html?command=get_materiel&rest_code=00149&base_code=0010394&code=00101016029 HTTP/1.1" 200 461
124.78.154.3 - - [19/May/2023:11:28:13 +0800] "GET /xingrg/all/function/internal_message.html?_=1684466893450&CODE_STATE=getMsg HTTP/1.1" 200 27
116.235.244.176 - - [19/May/2023:11:28:16 +0800] "GET /xingrg/all/function/internal_message.html?_=1684466917916&CODE_STATE=getMsg HTTP/1.1" 200 27
180.171.122.0 - - [19/May/2023:11:28:27 +0800] "GET /xingrg/all/function/internal_message.html?_=1684466904611&CODE_STATE=getMsg HTTP/1.1" 200 27
124.79.240.114 - - [19/May/2023:11:28:28 +0800] "GET /xingrg/all/function/internal_message.html?_=1684466898812&CODE_STATE=getMsg HTTP/1.1" 302 -
114.83.216.225 - - [19/May/2023:11:28:34 +0800] "POST /xingrg/kc/base/wldb_order_operate.html HTTP/1.1" 200 37
180.169.147.146 - - [19/May/2023:11:28:38 +0800] "GET /xingrg/all/function/internal_message.html?_=1684466911522&CODE_STATE=getMsg HTTP/1.1" 200 27
116.232.195.127 - - [19/May/2023:11:28:38 +0800] "GET /xingrg/all/function/internal_message.html?_=1684466960324&CODE_STATE=getMsg HTTP/1.1" 200 27
116.235.244.176 - - [19/May/2023:11:28:40 +0800] "GET /xingrg/all/function/internal_message.html?_=1684466932666&CODE_STATE=getMsg HTTP/1.1" 200 27
180.164.3.199 - - [19/May/2023:11:28:40 +0800] "GET /xingrg/all/function/internal_message.html?_=1684466920161&CODE_STATE=getMsg HTTP/1.1" 200 27
180.164.3.199 - - [19/May/2023:11:28:40 +0800] "GET /xingrg/check_reg.html?_=1684466920164 HTTP/1.1" 200 22
114.83.216.225 - - [19/May/2023:11:28:41 +0800] "POST /xingrg/kc/base/wldb_order_operate.html HTTP/1.1" 200 12
114.83.216.225 - - [19/May/2023:11:28:41 +0800] "POST /xingrg/kc/base/wldb_order_operate.html HTTP/1.1" 200 8104
116.224.158.100 - - [19/May/2023:11:28:42 +0800] "POST /xingrg/kc/buy/cgsh_list_operate.html HTTP/1.1" 200 6127
114.83.216.225 - - [19/May/2023:11:28:42 +0800] "GET /xingrg/kc/base/wldb_order_info.html?code=422023051901469 HTTP/1.1" 200 26268
114.83.216.225 - - [19/May/2023:11:28:43 +0800] "GET /xingrg/javascript/easyui/themes/default/validatebox.css HTTP/1.1" 404 1104
114.83.216.225 - - [19/May/2023:11:28:43 +0800] "POST /xingrg/kc/base/wldb_order_operate.html HTTP/1.1" 200 6266
222.67.238.82 - - [19/May/2023:11:28:43 +0800] "GET /xingrg/all/function/internal_message.html?_=1684466438575&CODE_STATE=getMsg HTTP/1.1" 200 27
222.67.238.82 - - [19/May/2023:11:28:43 +0800] "POST /xingrg/services/DataTransmitService HTTP/1.1" 200 524
222.67.238.82 - - [19/May/2023:11:28:43 +0800] "GET /xingrg/check_reg.html?_=1684466438770 HTTP/1.1" 200 22
124.78.154.3 - - [19/May/2023:11:28:45 +0800] "GET /xingrg/check_reg.html?_=1684466924950 HTTP/1.1" 200 22
124.78.154.3 - - [19/May/2023:11:28:45 +0800] "GET /xingrg/all/function/internal_message.html?_=1684466924952&CODE_STATE=getMsg HTTP/1.1" 200 27
114.83.216.225 - - [19/May/2023:11:28:46 +0800] "GET /xingrg/kc/base/wldb_order_add.html HTTP/1.1" 200 30387
114.83.216.225 - - [19/May/2023:11:28:46 +0800] "POST /xingrg/kc/base/wldb_order_operate.html HTTP/1.1" 200 6806
116.224.158.100 - - [19/May/2023:11:28:46 +0800] "GET /xingrg/all/function/internal_message.html?_=1684466761096&CODE_STATE=getMsg HTTP/1.1" 200 27
114.83.216.225 - - [19/May/2023:11:28:46 +0800] "GET /xingrg/javascript/easyui/themes/default/validatebox.css HTTP/1.1" 404 1104
114.83.216.225 - - [19/May/2023:11:28:48 +0800] "POST /xingrg/all/common/load_combo.html?type=base HTTP/1.1" 200 3409
116.224.158.100 - - [19/May/2023:11:28:48 +0800] "GET /xingrg/all/function/internal_message.html?_=1684466928712&CODE_STATE=getMsg HTTP/1.1" 200 27
116.224.158.100 - - [19/May/2023:11:28:49 +0800] "GET /xingrg/kc/buy/cgsh_order_add.html HTTP/1.1" 200 71533
116.238.139.35 - - [19/May/2023:11:28:50 +0800] "GET /xingrg/all/function/internal_message.html?_=1684466928493&CODE_STATE=getMsg HTTP/1.1" 200 27
116.224.158.100 - - [19/May/2023:11:28:50 +0800] "POST /xingrg/kc/buy/cgsh_order_operate.html HTTP/1.1" 200 8245
116.224.158.100 - - [19/May/2023:11:28:50 +0800] "GET /xingrg/javascript/easyui/themes/default/validatebox.css HTTP/1.1" 404 1104
116.235.244.176 - - [19/May/2023:11:28:54 +0800] "GET /xingrg/check_reg.html?_=1684466956760 HTTP/1.1" 200 22
124.79.74.67 - - [19/May/2023:11:28:55 +0800] "GET /xingrg/all/function/internal_message.html?_=1684466957945&CODE_STATE=getMsg HTTP/1.1" 200 27
124.79.74.67 - - [19/May/2023:11:28:55 +0800] "GET /xingrg/check_reg.html?_=1684466957949 HTTP/1.1" 200 22
114.83.216.225 - - [19/May/2023:11:28:56 +0800] "GET /xingrg/all/function/internal_message.html?_=1684466933135&CODE_STATE=getMsg HTTP/1.1" 200 27
114.83.216.225 - - [19/May/2023:11:28:58 +0800] "GET /xingrg/kc/base/wldb_order_operate.html?command=get_materiel&rest_code=00149&base_code=0010394&code=00101019270 HTTP/1.1" 200 479
180.169.147.146 - - [19/May/2023:11:28:59 +0800] "GET /xingrg/check_reg.html?_=1684466940190 HTTP/1.1" 302 -
180.169.147.146 - - [19/May/2023:11:28:59 +0800] "GET /xingrg/all/function/internal_message.html?_=1684466940197&CODE_STATE=getMsg HTTP/1.1" 302 -
124.79.240.114 - - [19/May/2023:11:29:01 +0800] "GET /xingrg/all/function/internal_message.html?_=1684467218655&CODE_STATE=getMsg HTTP/1.1" 200 27
114.85.36.120 - - [19/May/2023:11:29:02 +0800] "GET /xingrg/all/function/internal_message.html?_=1684465771267&CODE_STATE=getMsg HTTP/1.1" 200 27
114.83.216.225 - - [19/May/2023:11:29:05 +0800] "GET /xingrg/kc/base/wldb_order_operate.html?command=get_materiel&rest_code=00149&base_code=0010394&code=00101019297 HTTP/1.1" 200 478
120.253.135.82 - - [19/May/2023:11:29:07 +0800] "GET /xingrg/all/function/internal_message.html?_=1684466784127&CODE_STATE=getMsg HTTP/1.1" 200 27
124.78.154.3 - - [19/May/2023:11:29:13 +0800] "GET /xingrg/all/function/internal_message.html?_=1684466953450&CODE_STATE=getMsg HTTP/1.1" 200 27
116.235.244.176 - - [19/May/2023:11:29:16 +0800] "GET /xingrg/all/function/internal_message.html?_=1684466977930&CODE_STATE=getMsg HTTP/1.1" 200 27
114.83.216.225 - - [19/May/2023:11:29:19 +0800] "GET /xingrg/kc/base/wldb_order_operate.html?command=get_materiel&rest_code=00149&base_code=0010394&code=00101019430 HTTP/1.1" 200 477
116.224.158.100 - - [19/May/2023:11:29:27 +0800] "GET /xingrg/kc/buy/cgsh_order_operate.html?command=get_materiel&rest_code=00105&code=00101010088&supplier_code=00100323&order_time=2023-05-19 HTTP/1.1" 200 418
180.171.122.0 - - [19/May/2023:11:29:27 +0800] "GET /xingrg/all/function/internal_message.html?_=1684466964610&CODE_STATE=getMsg HTTP/1.1" 200 27
124.79.240.114 - - [19/May/2023:11:29:28 +0800] "GET /xingrg/all/function/internal_message.html?_=1684466958824&CODE_STATE=getMsg HTTP/1.1" 302 -
124.79.240.114 - - [19/May/2023:11:29:28 +0800] "GET /xingrg/check_reg.html?_=1684466958822 HTTP/1.1" 302 -
180.171.122.0 - - [19/May/2023:11:29:36 +0800] "GET /xingrg/kc/base/wldb_order_list.html HTTP/1.1" 200 19098
124.79.74.67 - - [19/May/2023:11:29:37 +0800] "GET /xingrg/kc/buy/cgsh_order_operate.html?command=get_materiel&rest_code=00156&code=00101008331&supplier_code=00100007&order_time=2023-05-19 HTTP/1.1" 200 416
218.81.73.248 - - [19/May/2023:11:29:37 +0800] "GET /xingrg/check_reg.html?_=1684466978376 HTTP/1.1" 200 22
180.171.122.0 - - [19/May/2023:11:29:37 +0800] "POST /xingrg/kc/base/wldb_list_operate.html HTTP/1.1" 200 928
180.169.147.146 - - [19/May/2023:11:29:38 +0800] "GET /xingrg/all/function/internal_message.html?_=1684466971522&CODE_STATE=getMsg HTTP/1.1" 200 27
180.169.147.146 - - [19/May/2023:11:29:38 +0800] "GET /xingrg/check_reg.html?_=1684466971525 HTTP/1.1" 200 22
116.232.195.127 - - [19/May/2023:11:29:38 +0800] "GET /xingrg/all/function/internal_message.html?_=1684467020323&CODE_STATE=getMsg HTTP/1.1" 200 27
180.171.122.0 - - [19/May/2023:11:29:39 +0800] "GET /xingrg/kc/base/wldb_order_add.html HTTP/1.1" 200 30381
180.171.122.0 - - [19/May/2023:11:29:39 +0800] "POST /xingrg/kc/base/wldb_order_operate.html HTTP/1.1" 200 6806
180.171.122.0 - - [19/May/2023:11:29:40 +0800] "GET /xingrg/all/common/auto_word.html?type=base&rest_code=00111 HTTP/1.1" 200 1753
180.171.122.0 - - [19/May/2023:11:29:40 +0800] "GET /xingrg/all/common/auto_word.html?type=base&rest_code=00111 HTTP/1.1" 200 1753
180.171.122.0 - - [19/May/2023:11:29:40 +0800] "GET /xingrg/javascript/easyui/themes/default/validatebox.css HTTP/1.1" 404 1104
116.235.244.176 - - [19/May/2023:11:29:40 +0800] "GET /xingrg/all/function/internal_message.html?_=1684466992678&CODE_STATE=getMsg HTTP/1.1" 200 27
180.164.3.199 - - [19/May/2023:11:29:40 +0800] "GET /xingrg/all/function/internal_message.html?_=1684466980161&CODE_STATE=getMsg HTTP/1.1" 200 27
116.224.158.100 - - [19/May/2023:11:29:40 +0800] "GET /xingrg/kc/buy/cgsh_order_operate.html?command=get_materiel&rest_code=00105&code=00101010276&supplier_code=00100323&order_time=2023-05-19 HTTP/1.1" 200 416
222.67.238.82 - - [19/May/2023:11:29:43 +0800] "GET /xingrg/all/function/internal_message.html?_=1684466498545&CODE_STATE=getMsg HTTP/1.1" 200 27
124.79.74.67 - - [19/May/2023:11:29:44 +0800] "GET /xingrg/kc/buy/cgsh_order_operate.html?command=get_materiel&rest_code=00156&code=00101008244&supplier_code=00100007&order_time=2023-05-19 HTTP/1.1" 200 408
124.78.154.3 - - [19/May/2023:11:29:44 +0800] "GET /xingrg/all/function/internal_message.html?_=1684466984936&CODE_STATE=getMsg HTTP/1.1" 200 27
116.224.158.100 - - [19/May/2023:11:29:46 +0800] "GET /xingrg/all/function/internal_message.html?_=1684466821096&CODE_STATE=getMsg HTTP/1.1" 200 27
116.224.158.100 - - [19/May/2023:11:29:46 +0800] "GET /xingrg/check_reg.html?_=1684466821099 HTTP/1.1" 200 22
116.224.158.100 - - [19/May/2023:11:29:48 +0800] "GET /xingrg/all/function/internal_message.html?_=1684466988693&CODE_STATE=getMsg HTTP/1.1" 200 27
116.238.139.35 - - [19/May/2023:11:29:50 +0800] "GET /xingrg/all/function/internal_message.html?_=1684466988496&CODE_STATE=getMsg HTTP/1.1" 200 27
116.224.158.100 - - [19/May/2023:11:29:50 +0800] "GET /xingrg/kc/buy/cgsh_order_operate.html?command=get_materiel&rest_code=00105&code=00101020019&supplier_code=00100323&order_time=2023-05-19 HTTP/1.1" 200 426
124.79.74.67 - - [19/May/2023:11:29:55 +0800] "GET /xingrg/all/function/internal_message.html?_=1684467017947&CODE_STATE=getMsg HTTP/1.1" 200 27
114.83.216.225 - - [19/May/2023:11:29:56 +0800] "GET /xingrg/all/function/internal_message.html?_=1684466993129&CODE_STATE=getMsg HTTP/1.1" 200 27
114.83.216.225 - - [19/May/2023:11:29:58 +0800] "GET /xingrg/kc/base/wldb_order_operate.html?command=get_materiel&rest_code=00149&base_code=0010394&code=00101019295 HTTP/1.1" 200 475
180.169.147.146 - - [19/May/2023:11:29:59 +0800] "GET /xingrg/all/function/internal_message.html?_=1684467000182&CODE_STATE=getMsg HTTP/1.1" 302 -
124.79.240.114 - - [19/May/2023:11:30:01 +0800] "GET /xingrg/all/function/internal_message.html?_=1684467278657&CODE_STATE=getMsg HTTP/1.1" 200 27
114.85.36.120 - - [19/May/2023:11:30:02 +0800] "GET /xingrg/check_reg.html?_=1684465831267 HTTP/1.1" 200 22
114.85.36.120 - - [19/May/2023:11:30:02 +0800] "GET /xingrg/all/function/internal_message.html?_=1684465831270&CODE_STATE=getMsg HTTP/1.1" 200 27
180.171.122.0 - - [19/May/2023:11:30:05 +0800] "GET /xingrg/javascript/jquery_tools/images/next.gif HTTP/1.1" 404 1086
180.171.122.0 - - [19/May/2023:11:30:05 +0800] "GET /xingrg/javascript/jquery_tools/images/prev.gif HTTP/1.1" 404 1086
116.224.158.100 - - [19/May/2023:11:30:06 +0800] "GET /xingrg/kc/buy/cgsh_order_operate.html?command=get_materiel&rest_code=00105&code=00101006012&supplier_code=00100323&order_time=2023-05-19 HTTP/1.1" 200 419
120.253.135.82 - - [19/May/2023:11:30:07 +0800] "GET /xingrg/all/function/internal_message.html?_=1684466844140&CODE_STATE=getMsg HTTP/1.1" 200 27
180.171.122.0 - - [19/May/2023:11:30:10 +0800] "GET /xingrg/kc/base/wldb_order_operate.html?command=get_materiel&rest_code=00111&base_code=0010283&code=00101013093 HTTP/1.1" 200 449
124.78.154.3 - - [19/May/2023:11:30:13 +0800] "GET /xingrg/check_reg.html?_=1684467013450 HTTP/1.1" 200 22
124.78.154.3 - - [19/May/2023:11:30:13 +0800] "GET /xingrg/all/function/internal_message.html?_=1684467013453&CODE_STATE=getMsg HTTP/1.1" 200 27
116.235.244.176 - - [19/May/2023:11:30:16 +0800] "GET /xingrg/all/function/internal_message.html?_=1684467037944&CODE_STATE=getMsg HTTP/1.1" 200 27
180.171.122.0 - - [19/May/2023:11:30:18 +0800] "GET /xingrg/kc/base/wldb_order_operate.html?command=get_materiel&rest_code=00111&base_code=0010283&code=00101019071 HTTP/1.1" 200 470
116.224.158.100 - - [19/May/2023:11:30:19 +0800] "GET /xingrg/kc/buy/cgsh_order_operate.html?command=get_materiel&rest_code=00105&code=00101010063&supplier_code=00100323&order_time=2023-05-19 HTTP/1.1" 200 409
180.171.122.0 - - [19/May/2023:11:30:27 +0800] "GET /xingrg/all/function/internal_message.html?_=1684467024616&CODE_STATE=getMsg HTTP/1.1" 200 27
180.171.122.0 - - [19/May/2023:11:30:27 +0800] "GET /xingrg/check_reg.html?_=1684467024618 HTTP/1.1" 200 22
124.79.240.114 - - [19/May/2023:11:30:28 +0800] "GET /xingrg/all/function/internal_message.html?_=1684467018843&CODE_STATE=getMsg HTTP/1.1" 302 -
116.224.158.100 - - [19/May/2023:11:30:34 +0800] "POST /xingrg/kc/buy/cgsh_order_operate.html HTTP/1.1" 200 37
116.224.158.100 - - [19/May/2023:11:30:35 +0800] "POST /xingrg/kc/buy/cgsh_order_operate.html HTTP/1.1" 200 5639
116.224.158.100 - - [19/May/2023:11:30:37 +0800] "GET /xingrg/kc/print/load_data.html?order_code=212023051907020&kc_code=cgsh&condition= HTTP/1.1" 200 1822
180.169.147.146 - - [19/May/2023:11:30:38 +0800] "GET /xingrg/all/function/internal_message.html?_=1684467031524&CODE_STATE=getMsg HTTP/1.1" 200 27
116.232.195.127 - - [19/May/2023:11:30:38 +0800] "GET /xingrg/all/function/internal_message.html?_=1684467080311&CODE_STATE=getMsg HTTP/1.1" 200 27
116.235.244.176 - - [19/May/2023:11:30:40 +0800] "GET /xingrg/all/function/internal_message.html?_=1684467052687&CODE_STATE=getMsg HTTP/1.1" 200 27
180.164.3.199 - - [19/May/2023:11:30:40 +0800] "GET /xingrg/all/function/internal_message.html?_=1684467040173&CODE_STATE=getMsg HTTP/1.1" 200 27
116.224.158.100 - - [19/May/2023:11:30:41 +0800] "GET /xingrg/kc/buy/cgsh_order_add.html HTTP/1.1" 200 71533
116.224.158.100 - - [19/May/2023:11:30:41 +0800] "GET /xingrg/javascript/easyui/themes/default/validatebox.css HTTP/1.1" 404 1104
116.224.158.100 - - [19/May/2023:11:30:41 +0800] "POST /xingrg/kc/buy/cgsh_order_operate.html HTTP/1.1" 200 8245
222.67.238.82 - - [19/May/2023:11:30:43 +0800] "GET /xingrg/all/function/internal_message.html?_=1684466558523&CODE_STATE=getMsg HTTP/1.1" 200 27
124.78.154.3 - - [19/May/2023:11:30:45 +0800] "GET /xingrg/all/function/internal_message.html?_=1684467044936&CODE_STATE=getMsg HTTP/1.1" 200 27
180.171.122.0 - - [19/May/2023:11:30:46 +0800] "GET /xingrg/kc/base/wldb_order_operate.html?command=get_materiel&rest_code=00111&base_code=0010283&code=00101019438 HTTP/1.1" 200 462
116.224.158.100 - - [19/May/2023:11:30:46 +0800] "GET /xingrg/all/function/internal_message.html?_=1684466881098&CODE_STATE=getMsg HTTP/1.1" 200 27
116.224.158.100 - - [19/May/2023:11:30:48 +0800] "GET /xingrg/all/function/internal_message.html?_=1684467048674&CODE_STATE=getMsg HTTP/1.1" 200 27
116.238.139.35 - - [19/May/2023:11:30:50 +0800] "GET /xingrg/all/function/internal_message.html?_=1684467048500&CODE_STATE=getMsg HTTP/1.1" 200 27
180.171.122.0 - - [19/May/2023:11:30:52 +0800] "GET /xingrg/kc/base/wldb_order_operate.html?command=get_materiel&rest_code=00111&base_code=0010283&code=00101019063 HTTP/1.1" 200 461
124.79.74.67 - - [19/May/2023:11:30:55 +0800] "GET /xingrg/all/function/internal_message.html?_=1684467077949&CODE_STATE=getMsg HTTP/1.1" 200 27
114.83.216.225 - - [19/May/2023:11:30:56 +0800] "GET /xingrg/all/function/internal_message.html?_=1684467053133&CODE_STATE=getMsg HTTP/1.1" 200 27
124.79.74.67 - - [19/May/2023:11:30:56 +0800] "POST /xingrg/kc/buy/cgsh_order_operate.html HTTP/1.1" 200 37
114.83.216.225 - - [19/May/2023:11:30:57 +0800] "GET /xingrg/kc/base/wldb_order_operate.html?command=get_materiel&rest_code=00149&base_code=0010394&code=00101019422 HTTP/1.1" 200 472
116.224.158.100 - - [19/May/2023:11:30:57 +0800] "GET /xingrg/kc/buy/cgsh_order_operate.html?command=get_materiel&rest_code=00105&code=00101006364&supplier_code=00100331&order_time=2023-05-19 HTTP/1.1" 200 430
180.169.147.146 - - [19/May/2023:11:30:59 +0800] "GET /xingrg/all/function/internal_message.html?_=1684467060186&CODE_STATE=getMsg HTTP/1.1" 302 -
124.79.240.114 - - [19/May/2023:11:31:01 +0800] "GET /xingrg/all/function/internal_message.html?_=1684467338655&CODE_STATE=getMsg HTTP/1.1" 200 27
114.85.36.120 - - [19/May/2023:11:31:02 +0800] "GET /xingrg/all/function/internal_message.html?_=1684465891275&CODE_STATE=getMsg HTTP/1.1" 200 27
114.83.216.225 - - [19/May/2023:11:31:04 +0800] "GET /xingrg/kc/base/wldb_order_operate.html?command=get_materiel&rest_code=00149&base_code=0010394&code=00101019142 HTTP/1.1" 200 464
180.171.122.0 - - [19/May/2023:11:31:06 +0800] "GET /xingrg/kc/base/wldb_order_operate.html?command=get_materiel&rest_code=00111&base_code=0010283&code=00101019066 HTTP/1.1" 200 455
114.83.216.225 - - [19/May/2023:11:31:07 +0800] "POST /xingrg/all/common/load_select.html HTTP/1.1" 200 25
120.253.135.82 - - [19/May/2023:11:31:07 +0800] "GET /xingrg/all/function/internal_message.html?_=1684466904173&CODE_STATE=getMsg HTTP/1.1" 200 27
114.83.216.225 - - [19/May/2023:11:31:09 +0800] "GET /xingrg/kc/base/wldb_order_operate.html?command=get_materiel_price&rest_code=00149&base_code=0010394&code=00101019142&unit_code=00100211 HTTP/1.1" 200 36
116.224.158.100 - - [19/May/2023:11:31:10 +0800] "POST /xingrg/kc/buy/cgsh_order_operate.html HTTP/1.1" 200 37
180.171.122.0 - - [19/May/2023:11:31:11 +0800] "GET /xingrg/kc/base/wldb_order_operate.html?command=get_materiel&rest_code=00111&base_code=0010283&code=00101019015 HTTP/1.1" 200 451
116.224.158.100 - - [19/May/2023:11:31:12 +0800] "POST /xingrg/kc/buy/cgsh_order_operate.html HTTP/1.1" 200 2675
124.78.154.3 - - [19/May/2023:11:31:13 +0800] "GET /xingrg/all/function/internal_message.html?_=1684467073439&CODE_STATE=getMsg HTTP/1.1" 200 27
116.224.158.100 - - [19/May/2023:11:31:13 +0800] "GET /xingrg/kc/print/load_data.html?order_code=212023051907022&kc_code=cgsh&condition= HTTP/1.1" 200 688
116.235.244.176 - - [19/May/2023:11:31:16 +0800] "GET /xingrg/all/function/internal_message.html?_=1684467098368&CODE_STATE=getMsg HTTP/1.1" 200 27
116.224.158.100 - - [19/May/2023:11:31:24 +0800] "GET /xingrg/kc/buy/cgsh_order_add.html HTTP/1.1" 200 71533
116.224.158.100 - - [19/May/2023:11:31:25 +0800] "POST /xingrg/kc/buy/cgsh_order_operate.html HTTP/1.1" 200 8245
116.224.158.100 - - [19/May/2023:11:31:25 +0800] "GET /xingrg/javascript/easyui/themes/default/validatebox.css HTTP/1.1" 404 1104
114.83.216.225 - - [19/May/2023:11:31:26 +0800] "POST /xingrg/kc/base/wldb_order_operate.html HTTP/1.1" 200 37
124.79.240.114 - - [19/May/2023:11:31:28 +0800] "GET /xingrg/all/function/internal_message.html?_=1684467078847&CODE_STATE=getMsg HTTP/1.1" 302 -
114.83.216.225 - - [19/May/2023:11:31:36 +0800] "POST /xingrg/kc/base/wldb_order_operate.html HTTP/1.1" 200 2086
180.171.122.0 - - [19/May/2023:11:31:36 +0800] "POST /xingrg/kc/base/wldb_order_operate.html HTTP/1.1" 200 37
116.224.158.100 - - [19/May/2023:11:31:36 +0800] "GET /xingrg/kc/buy/cgsh_order_operate.html?command=get_materiel&rest_code=00105&code=00101010691&supplier_code=00100327&order_time=2023-05-19 HTTP/1.1" 200 411
116.235.244.176 - - [19/May/2023:11:31:38 +0800] "GET /xingrg/check_reg.html?_=1684467110647 HTTP/1.1" 200 22
180.169.147.146 - - [19/May/2023:11:31:38 +0800] "GET /xingrg/all/function/internal_message.html?_=1684467091524&CODE_STATE=getMsg HTTP/1.1" 200 27
114.83.216.225 - - [19/May/2023:11:31:38 +0800] "POST /xingrg/kc/base/wldb_order_operate.html HTTP/1.1" 200 12
180.171.122.0 - - [19/May/2023:11:31:38 +0800] "POST /xingrg/kc/base/wldb_order_operate.html HTTP/1.1" 200 4659
180.171.122.0 - - [19/May/2023:11:31:38 +0800] "GET /xingrg/kc/base/wldb_order_info.html?code=422023051901471 HTTP/1.1" 200 30396
116.232.195.127 - - [19/May/2023:11:31:38 +0800] "GET /xingrg/all/function/internal_message.html?_=1684467140319&CODE_STATE=getMsg HTTP/1.1" 200 27
180.171.122.0 - - [19/May/2023:11:31:39 +0800] "GET /xingrg/javascript/easyui/themes/default/validatebox.css HTTP/1.1" 404 1104
180.171.122.0 - - [19/May/2023:11:31:40 +0800] "POST /xingrg/kc/base/wldb_order_operate.html HTTP/1.1" 200 4659
116.235.244.176 - - [19/May/2023:11:31:40 +0800] "GET /xingrg/all/function/internal_message.html?_=1684467112701&CODE_STATE=getMsg HTTP/1.1" 200 27
180.164.3.199 - - [19/May/2023:11:31:40 +0800] "GET /xingrg/all/function/internal_message.html?_=1684467100159&CODE_STATE=getMsg HTTP/1.1" 200 27
180.171.122.0 - - [19/May/2023:11:31:41 +0800] "GET /xingrg/kc/print/load_config.html?kc_code=wldb HTTP/1.1" 200 2263
114.83.216.225 - - [19/May/2023:11:31:41 +0800] "GET /xingrg/kc/base/wldb_order_info.html?code=422023051901470 HTTP/1.1" 200 26266
180.171.122.0 - - [19/May/2023:11:31:41 +0800] "GET /xingrg/kc/print/load_data.html?order_code=422023051901471&kc_code=wldb&condition= HTTP/1.1" 200 1301
114.83.216.225 - - [19/May/2023:11:31:42 +0800] "GET /xingrg/javascript/easyui/themes/default/validatebox.css HTTP/1.1" 404 1104
114.83.216.225 - - [19/May/2023:11:31:42 +0800] "POST /xingrg/kc/base/wldb_order_operate.html HTTP/1.1" 200 4457
222.67.238.82 - - [19/May/2023:11:31:43 +0800] "GET /xingrg/all/function/internal_message.html?_=1684466618497&CODE_STATE=getMsg HTTP/1.1" 200 27
124.78.154.3 - - [19/May/2023:11:31:45 +0800] "GET /xingrg/all/function/internal_message.html?_=1684467104936&CODE_STATE=getMsg HTTP/1.1" 200 27
116.224.158.100 - - [19/May/2023:11:31:46 +0800] "GET /xingrg/all/function/internal_message.html?_=1684466941097&CODE_STATE=getMsg HTTP/1.1" 200 27
180.171.122.0 - - [19/May/2023:11:31:46 +0800] "GET /xingrg/kc/base/wldb_order_add.html HTTP/1.1" 200 30381
180.171.122.0 - - [19/May/2023:11:31:47 +0800] "POST /xingrg/kc/base/wldb_order_operate.html HTTP/1.1" 200 6806
180.171.122.0 - - [19/May/2023:11:31:47 +0800] "GET /xingrg/javascript/easyui/themes/default/validatebox.css HTTP/1.1" 404 1104
116.224.158.100 - - [19/May/2023:11:31:48 +0800] "GET /xingrg/all/function/internal_message.html?_=1684467108658&CODE_STATE=getMsg HTTP/1.1" 200 27
116.224.158.100 - - [19/May/2023:11:31:48 +0800] "GET /xingrg/check_reg.html?_=1684467109428 HTTP/1.1" 200 22
116.238.139.35 - - [19/May/2023:11:31:50 +0800] "GET /xingrg/all/function/internal_message.html?_=1684467108501&CODE_STATE=getMsg HTTP/1.1" 200 27
116.238.139.35 - - [19/May/2023:11:31:50 +0800] "GET /xingrg/check_reg.html?_=1684467108508 HTTP/1.1" 200 22
180.171.122.0 - - [19/May/2023:11:31:55 +0800] "GET /xingrg/kc/base/wldb_order_operate.html?command=get_materiel&rest_code=00111&base_code=0010283&code=00101016076 HTTP/1.1" 200 476
116.224.158.100 - - [19/May/2023:11:31:57 +0800] "GET /xingrg/kc/buy/cgsh_order_operate.html?command=get_materiel&rest_code=00105&code=00101010085&supplier_code=00100327&order_time=2023-05-19 HTTP/1.1" 200 429
180.169.147.146 - - [19/May/2023:11:31:59 +0800] "GET /xingrg/all/function/internal_message.html?_=1684467120200&CODE_STATE=getMsg HTTP/1.1" 302 -
124.79.240.114 - - [19/May/2023:11:32:01 +0800] "GET /xingrg/all/function/internal_message.html?_=1684467398653&CODE_STATE=getMsg HTTP/1.1" 200 27
114.85.36.120 - - [19/May/2023:11:32:02 +0800] "GET /xingrg/all/function/internal_message.html?_=1684465951276&CODE_STATE=getMsg HTTP/1.1" 200 27
180.171.122.0 - - [19/May/2023:11:32:02 +0800] "GET /xingrg/kc/base/wldb_order_operate.html?command=get_materiel&rest_code=00111&base_code=0010283&code=00101019222 HTTP/1.1" 200 454
120.253.135.82 - - [19/May/2023:11:32:04 +0800] "GET /xingrg/check_reg.html?_=1684466961160 HTTP/1.1" 200 22
180.171.122.0 - - [19/May/2023:11:32:06 +0800] "GET /xingrg/kc/base/wldb_order_operate.html?command=get_materiel&rest_code=00111&base_code=0010283&code=00101019359 HTTP/1.1" 200 461
120.253.135.82 - - [19/May/2023:11:32:07 +0800] "GET /xingrg/all/function/internal_message.html?_=1684466964201&CODE_STATE=getMsg HTTP/1.1" 200 27
124.78.154.3 - - [19/May/2023:11:32:13 +0800] "GET /xingrg/all/function/internal_message.html?_=1684467133439&CODE_STATE=getMsg HTTP/1.1" 200 27
116.235.244.176 - - [19/May/2023:11:32:16 +0800] "GET /xingrg/all/function/internal_message.html?_=1684467158376&CODE_STATE=getMsg HTTP/1.1" 200 27
180.171.122.0 - - [19/May/2023:11:32:25 +0800] "GET /xingrg/kc/base/wldb_order_operate.html?command=get_materiel&rest_code=00111&base_code=0010283&code=00101019270 HTTP/1.1" 200 478
172.20.0.100 - - [19/May/2023:11:32:26 +0800] "GET /xingrg/check_reg.html?_=1684467158686 HTTP/1.1" 200 22
180.171.122.0 - - [19/May/2023:11:32:27 +0800] "GET /xingrg/all/function/internal_message.html?_=1684467144647&CODE_STATE=getMsg HTTP/1.1" 200 27
124.79.240.114 - - [19/May/2023:11:32:28 +0800] "GET /xingrg/all/function/internal_message.html?_=1684467138834&CODE_STATE=getMsg HTTP/1.1" 302 -
116.224.158.100 - - [19/May/2023:11:32:30 +0800] "GET /xingrg/kc/buy/cgsh_order_operate.html?command=get_materiel&rest_code=00105&code=00101010569&supplier_code=00100327&order_time=2023-05-19 HTTP/1.1" 200 411
180.171.122.0 - - [19/May/2023:11:32:32 +0800] "GET /xingrg/kc/base/wldb_order_operate.html?command=get_materiel&rest_code=00111&base_code=0010283&code=00101019529 HTTP/1.1" 200 473
180.171.122.0 - - [19/May/2023:11:32:37 +0800] "GET /xingrg/kc/base/wldb_order_operate.html?command=get_materiel&rest_code=00111&base_code=0010283&code=00101019249 HTTP/1.1" 200 470
180.169.147.146 - - [19/May/2023:11:32:38 +0800] "GET /xingrg/all/function/internal_message.html?_=1684467151528&CODE_STATE=getMsg HTTP/1.1" 200 27
116.232.195.127 - - [19/May/2023:11:32:38 +0800] "GET /xingrg/check_reg.html?_=1684467200325 HTTP/1.1" 200 22
116.232.195.127 - - [19/May/2023:11:32:38 +0800] "GET /xingrg/all/function/internal_message.html?_=1684467200328&CODE_STATE=getMsg HTTP/1.1" 200 27
116.235.244.176 - - [19/May/2023:11:32:40 +0800] "GET /xingrg/all/function/internal_message.html?_=1684467172714&CODE_STATE=getMsg HTTP/1.1" 200 27
180.164.3.199 - - [19/May/2023:11:32:40 +0800] "GET /xingrg/all/function/internal_message.html?_=1684467160175&CODE_STATE=getMsg HTTP/1.1" 200 27
116.224.158.100 - - [19/May/2023:11:32:42 +0800] "POST /xingrg/kc/buy/cgsh_order_operate.html HTTP/1.1" 200 37
180.171.122.0 - - [19/May/2023:11:32:43 +0800] "GET /xingrg/kc/base/wldb_order_operate.html?command=get_materiel&rest_code=00111&base_code=0010283&code=00101019400 HTTP/1.1" 200 465
222.67.238.82 - - [19/May/2023:11:32:43 +0800] "GET /xingrg/all/function/internal_message.html?_=1684466678469&CODE_STATE=getMsg HTTP/1.1" 200 27
116.224.158.100 - - [19/May/2023:11:32:43 +0800] "POST /xingrg/kc/buy/cgsh_order_operate.html HTTP/1.1" 200 3855
124.78.154.3 - - [19/May/2023:11:32:45 +0800] "GET /xingrg/all/function/internal_message.html?_=1684467164937&CODE_STATE=getMsg HTTP/1.1" 200 27
116.224.158.100 - - [19/May/2023:11:32:46 +0800] "GET /xingrg/kc/print/load_data.html?order_code=212023051907023&kc_code=cgsh&condition= HTTP/1.1" 200 1132
116.224.158.100 - - [19/May/2023:11:32:46 +0800] "GET /xingrg/all/function/internal_message.html?_=1684467001097&CODE_STATE=getMsg HTTP/1.1" 200 27
116.224.158.100 - - [19/May/2023:11:32:48 +0800] "GET /xingrg/all/function/internal_message.html?_=1684467168637&CODE_STATE=getMsg HTTP/1.1" 200 27
116.238.139.35 - - [19/May/2023:11:32:50 +0800] "GET /xingrg/all/function/internal_message.html?_=1684467168496&CODE_STATE=getMsg HTTP/1.1" 200 27
116.224.158.100 - - [19/May/2023:11:32:50 +0800] "GET /xingrg/kc/buy/cgsh_order_add.html HTTP/1.1" 200 71533
116.224.158.100 - - [19/May/2023:11:32:50 +0800] "GET /xingrg/javascript/easyui/themes/default/validatebox.css HTTP/1.1" 404 1104
116.224.158.100 - - [19/May/2023:11:32:50 +0800] "POST /xingrg/kc/buy/cgsh_order_operate.html HTTP/1.1" 200 8245
180.171.122.0 - - [19/May/2023:11:32:53 +0800] "GET /xingrg/kc/base/wldb_order_operate.html?command=get_materiel&rest_code=00111&base_code=0010283&code=00101019265 HTTP/1.1" 200 479
180.169.147.146 - - [19/May/2023:11:32:59 +0800] "GET /xingrg/all/function/internal_message.html?_=1684467180189&CODE_STATE=getMsg HTTP/1.1" 302 -
124.79.240.114 - - [19/May/2023:11:33:01 +0800] "GET /xingrg/check_reg.html?_=1684467458663 HTTP/1.1" 200 22
124.79.240.114 - - [19/May/2023:11:33:01 +0800] "GET /xingrg/all/function/internal_message.html?_=1684467458662&CODE_STATE=getMsg HTTP/1.1" 200 27
116.224.158.100 - - [19/May/2023:11:33:02 +0800] "GET /xingrg/kc/buy/cgsh_order_operate.html?command=get_materiel&rest_code=00105&code=00101010324&supplier_code=00100329&order_time=2023-05-19 HTTP/1.1" 200 425
114.85.36.120 - - [19/May/2023:11:33:02 +0800] "GET /xingrg/all/function/internal_message.html?_=1684466011274&CODE_STATE=getMsg HTTP/1.1" 200 27
120.253.135.82 - - [19/May/2023:11:33:07 +0800] "GET /xingrg/all/function/internal_message.html?_=1684467024212&CODE_STATE=getMsg HTTP/1.1" 200 27
124.78.154.3 - - [19/May/2023:11:33:13 +0800] "GET /xingrg/all/function/internal_message.html?_=1684467193439&CODE_STATE=getMsg HTTP/1.1" 200 27
116.224.158.100 - - [19/May/2023:11:33:14 +0800] "POST /xingrg/kc/buy/cgsh_order_operate.html HTTP/1.1" 200 37
116.235.244.176 - - [19/May/2023:11:33:17 +0800] "GET /xingrg/all/function/internal_message.html?_=1684467218943&CODE_STATE=getMsg HTTP/1.1" 200 27
116.224.158.100 - - [19/May/2023:11:33:17 +0800] "POST /xingrg/kc/buy/cgsh_order_operate.html HTTP/1.1" 200 2664
116.224.158.100 - - [19/May/2023:11:33:19 +0800] "GET /xingrg/kc/print/load_data.html?order_code=212023051907024&kc_code=cgsh&condition= HTTP/1.1" 200 690
180.171.122.0 - - [19/May/2023:11:33:23 +0800] "POST /xingrg/kc/base/wldb_order_operate.html HTTP/1.1" 200 37
180.171.122.0 - - [19/May/2023:11:33:24 +0800] "POST /xingrg/kc/base/wldb_order_operate.html HTTP/1.1" 200 6705
180.171.122.0 - - [19/May/2023:11:33:25 +0800] "GET /xingrg/kc/base/wldb_order_info.html?code=422023051901472 HTTP/1.1" 200 30396
180.171.122.0 - - [19/May/2023:11:33:26 +0800] "GET /xingrg/javascript/easyui/themes/default/validatebox.css HTTP/1.1" 404 1104
180.171.122.0 - - [19/May/2023:11:33:26 +0800] "POST /xingrg/kc/base/wldb_order_operate.html HTTP/1.1" 200 6705
180.171.122.0 - - [19/May/2023:11:33:27 +0800] "GET /xingrg/all/function/internal_message.html?_=1684467204624&CODE_STATE=getMsg HTTP/1.1" 200 27
124.79.240.114 - - [19/May/2023:11:33:28 +0800] "GET /xingrg/all/function/internal_message.html?_=1684467198814&CODE_STATE=getMsg HTTP/1.1" 302 -
180.171.122.0 - - [19/May/2023:11:33:30 +0800] "GET /xingrg/kc/base/wldb_order_add.html HTTP/1.1" 200 30381
180.171.122.0 - - [19/May/2023:11:33:30 +0800] "POST /xingrg/kc/base/wldb_order_operate.html HTTP/1.1" 200 6806
180.171.122.0 - - [19/May/2023:11:33:30 +0800] "GET /xingrg/javascript/easyui/themes/default/validatebox.css HTTP/1.1" 404 1104
116.224.158.100 - - [19/May/2023:11:33:31 +0800] "GET /xingrg/kc/buy/cgsh_order_add.html HTTP/1.1" 200 71533
116.224.158.100 - - [19/May/2023:11:33:32 +0800] "GET /xingrg/javascript/easyui/themes/default/validatebox.css HTTP/1.1" 404 1104
116.224.158.100 - - [19/May/2023:11:33:32 +0800] "POST /xingrg/kc/buy/cgsh_order_operate.html HTTP/1.1" 200 8245
180.169.147.146 - - [19/May/2023:11:33:38 +0800] "GET /xingrg/all/function/internal_message.html?_=1684467211529&CODE_STATE=getMsg HTTP/1.1" 200 27
116.232.195.127 - - [19/May/2023:11:33:38 +0800] "GET /xingrg/all/function/internal_message.html?_=1684467260320&CODE_STATE=getMsg HTTP/1.1" 200 27
116.235.244.176 - - [19/May/2023:11:33:40 +0800] "GET /xingrg/all/function/internal_message.html?_=1684467232728&CODE_STATE=getMsg HTTP/1.1" 200 27
180.164.3.199 - - [19/May/2023:11:33:40 +0800] "GET /xingrg/check_reg.html?_=1684467220164 HTTP/1.1" 200 22
180.164.3.199 - - [19/May/2023:11:33:40 +0800] "GET /xingrg/all/function/internal_message.html?_=1684467220167&CODE_STATE=getMsg HTTP/1.1" 200 27
222.67.238.82 - - [19/May/2023:11:33:43 +0800] "GET /xingrg/all/function/internal_message.html?_=1684466738451&CODE_STATE=getMsg HTTP/1.1" 200 27
222.67.238.82 - - [19/May/2023:11:33:43 +0800] "GET /xingrg/check_reg.html?_=1684466738751 HTTP/1.1" 200 22
