58.40.7.146 - - [19/May/2023:11:48:32 +0800] "POST /xingrg/services/DataTransmitService HTTP/1.1" 200 524
116.232.195.127 - - [19/May/2023:11:48:32 +0800] "GET /xingrg/kc/buy/cgsh_order_operate.html?command=get_materiel&rest_code=00155&code=00101001031&supplier_code=00100312&order_time=2023-05-19 HTTP/1.1" 200 413
116.238.139.35 - - [19/May/2023:11:48:32 +0800] "POST /xingrg/all/user/operate.html HTTP/1.1" 200 36
116.238.139.35 - - [19/May/2023:11:48:32 +0800] "GET /xingrg/index.html?sysBaseUrl=http%3A%2F%2F180.169.147.146%3A18081%2Fxingrg%2F&costTime=2995×tamp=1684467699040 HTTP/1.1" 200 17177
116.238.139.35 - - [19/May/2023:11:48:32 +0800] "GET /xingrg/javascript/jquery_easy_ui/themes/default/easyui.css HTTP/1.1" 304 -
116.238.139.35 - - [19/May/2023:11:48:32 +0800] "GET /xingrg/javascript/jquery_easy_ui/themes/icon.css HTTP/1.1" 304 -
116.238.139.35 - - [19/May/2023:11:48:32 +0800] "GET /xingrg/css/form.css HTTP/1.1" 304 -
116.238.139.35 - - [19/May/2023:11:48:32 +0800] "GET /xingrg/javascript/jquery-1.4.2.min.js HTTP/1.1" 304 -
116.238.139.35 - - [19/May/2023:11:48:33 +0800] "GET /xingrg/javascript/jquery_easy_ui/jquery.easyui.min.js HTTP/1.1" 304 -
116.238.139.35 - - [19/May/2023:11:48:33 +0800] "GET /xingrg/javascript/jquery_easy_ui/easyui-lang-zh_CN.js HTTP/1.1" 304 -
116.238.139.35 - - [19/May/2023:11:48:33 +0800] "GET /xingrg/javascript/jquery.form.js HTTP/1.1" 304 -
116.238.139.35 - - [19/May/2023:11:48:33 +0800] "GET /xingrg/javascript/jquery.utils.js HTTP/1.1" 304 -
116.238.139.35 - - [19/May/2023:11:48:33 +0800] "GET /xingrg/javascript/jquery.timers.js HTTP/1.1" 304 -
116.238.139.35 - - [19/May/2023:11:48:33 +0800] "GET /xingrg/images/blue/jxLogo.png HTTP/1.1" 304 -
116.238.139.35 - - [19/May/2023:11:48:33 +0800] "GET /xingrg/images/blue/navBackgound.jpg HTTP/1.1" 304 -
116.238.139.35 - - [19/May/2023:11:48:33 +0800] "GET /xingrg/javascript/jquery_easy_ui/themes/icons/settle_new.png HTTP/1.1" 304 -
116.238.139.35 - - [19/May/2023:11:48:33 +0800] "GET /xingrg/kc/buy/cgsh_order_operate.html?command=get_materiel&rest_code=00150&code=00101010097&supplier_code=00100327&order_time=2023-05-19 HTTP/1.1" 200 432
116.238.139.35 - - [19/May/2023:11:48:33 +0800] "GET /xingrg/images/blue/pingpu.png HTTP/1.1" 304 -
116.238.139.35 - - [19/May/2023:11:48:33 +0800] "GET /xingrg/javascript/jquery_easy_ui/themes/default/images/tabs_leftarrow.png HTTP/1.1" 304 -
116.238.139.35 - - [19/May/2023:11:48:33 +0800] "GET /xingrg/javascript/jquery_easy_ui/themes/default/images/panel_tool_collapse.gif HTTP/1.1" 304 -
116.238.139.35 - - [19/May/2023:11:48:33 +0800] "GET /xingrg/javascript/jquery_easy_ui/themes/default/images/tabs_rightarrow.png HTTP/1.1" 304 -
116.238.139.35 - - [19/May/2023:11:48:33 +0800] "GET /xingrg/all/function/internal_message.html?_=1684468033996&CODE_STATE=count HTTP/1.1" 200 11
116.238.139.35 - - [19/May/2023:11:48:33 +0800] "GET /xingrg/check_reg.html?_=1684468033997 HTTP/1.1" 200 22
116.238.139.35 - - [19/May/2023:11:48:33 +0800] "POST /xingrg/all/common/load_tree.html?tree=area_rest_tree_json&manage=1 HTTP/1.1" 200 476
116.238.139.35 - - [19/May/2023:11:48:33 +0800] "POST /xingrg/load_menu.html HTTP/1.1" 200 5138
116.235.244.176 - - [19/May/2023:11:48:35 +0800] "GET /xingrg/kc/buy/cgsh_order_operate.html?command=get_materiel&rest_code=00146&code=00101008214&supplier_code=00100325&order_time=2023-05-19 HTTP/1.1" 200 409
180.169.147.146 - - [19/May/2023:11:48:38 +0800] "GET /xingrg/all/function/internal_message.html?_=1684468111558&CODE_STATE=getMsg HTTP/1.1" 200 27
116.235.244.176 - - [19/May/2023:11:48:40 +0800] "GET /xingrg/all/function/internal_message.html?_=1684468132934&CODE_STATE=getMsg HTTP/1.1" 200 27
180.164.3.199 - - [19/May/2023:11:48:40 +0800] "GET /xingrg/all/function/internal_message.html?_=1684468120163&CODE_STATE=getMsg HTTP/1.1" 200 27
180.164.3.199 - - [19/May/2023:11:48:40 +0800] "GET /xingrg/check_reg.html?_=1684468120165 HTTP/1.1" 200 22
116.238.139.35 - - [19/May/2023:11:48:40 +0800] "POST /xingrg/all/user/operate.html HTTP/1.1" 200 36
116.238.139.35 - - [19/May/2023:11:48:40 +0800] "GET /xingrg/index.html?sysBaseUrl=http%3A%2F%2F180.169.147.146%3A18081%2Fxingrg%2F&costTime=2995×tamp=1684467699040 HTTP/1.1" 200 17179
116.238.139.35 - - [19/May/2023:11:48:40 +0800] "GET /xingrg/javascript/jquery_easy_ui/themes/default/easyui.css HTTP/1.1" 304 -
116.238.139.35 - - [19/May/2023:11:48:40 +0800] "GET /xingrg/javascript/jquery_easy_ui/themes/icon.css HTTP/1.1" 304 -
116.238.139.35 - - [19/May/2023:11:48:40 +0800] "GET /xingrg/css/form.css HTTP/1.1" 304 -
116.238.139.35 - - [19/May/2023:11:48:40 +0800] "GET /xingrg/javascript/jquery-1.4.2.min.js HTTP/1.1" 304 -
116.238.139.35 - - [19/May/2023:11:48:40 +0800] "GET /xingrg/javascript/jquery_easy_ui/jquery.easyui.min.js HTTP/1.1" 304 -
116.238.139.35 - - [19/May/2023:11:48:40 +0800] "GET /xingrg/javascript/jquery_easy_ui/easyui-lang-zh_CN.js HTTP/1.1" 304 -
116.238.139.35 - - [19/May/2023:11:48:41 +0800] "GET /xingrg/javascript/jquery.form.js HTTP/1.1" 304 -
116.238.139.35 - - [19/May/2023:11:48:41 +0800] "GET /xingrg/javascript/jquery.utils.js HTTP/1.1" 304 -
116.238.139.35 - - [19/May/2023:11:48:41 +0800] "GET /xingrg/javascript/jquery.timers.js HTTP/1.1" 304 -
116.238.139.35 - - [19/May/2023:11:48:41 +0800] "GET /xingrg/images/blue/jxLogo.png HTTP/1.1" 304 -
116.238.139.35 - - [19/May/2023:11:48:41 +0800] "GET /xingrg/images/blue/navBackgound.jpg HTTP/1.1" 304 -
116.238.139.35 - - [19/May/2023:11:48:41 +0800] "GET /xingrg/javascript/jquery_easy_ui/themes/icons/settle_new.png HTTP/1.1" 304 -
116.238.139.35 - - [19/May/2023:11:48:41 +0800] "GET /xingrg/images/blue/pingpu.png HTTP/1.1" 304 -
116.238.139.35 - - [19/May/2023:11:48:41 +0800] "GET /xingrg/javascript/jquery_easy_ui/themes/default/images/tabs_leftarrow.png HTTP/1.1" 304 -
116.238.139.35 - - [19/May/2023:11:48:41 +0800] "GET /xingrg/javascript/jquery_easy_ui/themes/default/images/tabs_rightarrow.png HTTP/1.1" 304 -
116.238.139.35 - - [19/May/2023:11:48:41 +0800] "GET /xingrg/javascript/jquery_easy_ui/themes/default/images/panel_tool_collapse.gif HTTP/1.1" 304 -
116.238.139.35 - - [19/May/2023:11:48:41 +0800] "GET /xingrg/all/function/internal_message.html?_=1684468041955&CODE_STATE=count HTTP/1.1" 200 11
116.238.139.35 - - [19/May/2023:11:48:41 +0800] "GET /xingrg/check_reg.html?_=1684468041956 HTTP/1.1" 200 22
116.238.139.35 - - [19/May/2023:11:48:41 +0800] "POST /xingrg/all/common/load_tree.html?tree=area_rest_tree_json&manage=1 HTTP/1.1" 200 476
116.238.139.35 - - [19/May/2023:11:48:41 +0800] "POST /xingrg/load_menu.html HTTP/1.1" 200 5138
222.67.238.82 - - [19/May/2023:11:48:41 +0800] "POST /xingrg/kc/buy/cgsh_order_operate.html HTTP/1.1" 200 37
116.232.195.127 - - [19/May/2023:11:48:42 +0800] "GET /xingrg/kc/buy/cgsh_order_operate.html?command=get_materiel&rest_code=00155&code=00101005015&supplier_code=00100312&order_time=2023-05-19 HTTP/1.1" 200 409
222.67.238.82 - - [19/May/2023:11:48:43 +0800] "POST /xingrg/kc/buy/cgsh_order_operate.html HTTP/1.1" 200 2663
124.78.154.3 - - [19/May/2023:11:48:43 +0800] "GET /xingrg/kc/buy/cgsh_order_operate.html?command=get_materiel&rest_code=00106&code=00101001029&supplier_code=00100312&order_time=2023-05-19 HTTP/1.1" 200 417
222.67.238.82 - - [19/May/2023:11:48:44 +0800] "GET /xingrg/kc/print/load_data.html?order_code=212023051907090&kc_code=cgsh&condition= HTTP/1.1" 200 691
116.238.139.35 - - [19/May/2023:11:48:45 +0800] "GET /xingrg/kc/buy/cgsh_order_list.html HTTP/1.1" 200 55675
116.238.139.35 - - [19/May/2023:11:48:45 +0800] "GET /xingrg/kc/buy/cgsh_order_operate.html?command=get_materiel&rest_code=00150&code=00101010569&supplier_code=00100327&order_time=2023-05-19 HTTP/1.1" 200 411
124.78.154.3 - - [19/May/2023:11:48:46 +0800] "GET /xingrg/all/function/internal_message.html?_=1684468123437&CODE_STATE=getMsg HTTP/1.1" 200 27
116.224.158.100 - - [19/May/2023:11:48:46 +0800] "GET /xingrg/all/function/internal_message.html?_=1684467961131&CODE_STATE=getMsg HTTP/1.1" 200 27
116.238.139.35 - - [19/May/2023:11:48:47 +0800] "POST /xingrg/kc/buy/cgsh_list_operate.html HTTP/1.1" 200 986
116.224.158.100 - - [19/May/2023:11:48:47 +0800] "GET /xingrg/all/function/internal_message.html?_=1684468128344&CODE_STATE=getMsg HTTP/1.1" 200 27
222.67.238.82 - - [19/May/2023:11:48:49 +0800] "GET /xingrg/all/function/internal_message.html?_=1684467644297&CODE_STATE=getMsg HTTP/1.1" 200 27
116.238.139.35 - - [19/May/2023:11:48:50 +0800] "GET /xingrg/all/function/internal_message.html?_=1684468128341&CODE_STATE=getMsg HTTP/1.1" 200 27
116.238.139.35 - - [19/May/2023:11:48:50 +0800] "GET /xingrg/kc/buy/cgsh_order_add.html HTTP/1.1" 200 71507
116.238.139.35 - - [19/May/2023:11:48:50 +0800] "POST /xingrg/kc/buy/cgsh_order_operate.html HTTP/1.1" 200 8245
116.238.139.35 - - [19/May/2023:11:48:50 +0800] "GET /xingrg/javascript/easyui/themes/default/validatebox.css HTTP/1.1" 404 1104
116.238.139.35 - - [19/May/2023:11:48:50 +0800] "GET /xingrg/all/common/auto_word.html?type=employee&rest_code=00150 HTTP/1.1" 200 159
116.238.139.35 - - [19/May/2023:11:48:50 +0800] "GET /xingrg/all/common/auto_word.html?type=employee&rest_code=00150 HTTP/1.1" 200 159
116.238.139.35 - - [19/May/2023:11:48:52 +0800] "GET /xingrg/javascript/auto/indicator.gif HTTP/1.1" 404 1066
222.67.238.82 - - [19/May/2023:11:48:52 +0800] "GET /xingrg/kc/buy/cgsh_order_add.html HTTP/1.1" 200 71451
222.67.238.82 - - [19/May/2023:11:48:52 +0800] "POST /xingrg/kc/buy/cgsh_order_operate.html HTTP/1.1" 200 8245
222.67.238.82 - - [19/May/2023:11:48:52 +0800] "GET /xingrg/javascript/easyui/themes/default/validatebox.css HTTP/1.1" 404 1104
116.238.139.35 - - [19/May/2023:11:48:53 +0800] "POST /xingrg/kc/buy/cgsh_order_operate.html HTTP/1.1" 200 37
116.235.244.176 - - [19/May/2023:11:48:54 +0800] "GET /xingrg/check_reg.html?_=1684468156788 HTTP/1.1" 200 22
116.224.158.100 - - [19/May/2023:11:48:55 +0800] "GET /xingrg/kc/buy/buy_main.html HTTP/1.1" 200 12412
116.224.158.100 - - [19/May/2023:11:48:55 +0800] "GET /xingrg/css/new_ie.css HTTP/1.1" 404 1036
116.232.195.127 - - [19/May/2023:11:48:55 +0800] "GET /xingrg/kc/buy/cgsh_order_operate.html?command=get_materiel&rest_code=00155&code=00101001135&supplier_code=00100312&order_time=2023-05-19 HTTP/1.1" 200 413
116.235.244.176 - - [19/May/2023:11:48:55 +0800] "GET /xingrg/kc/buy/cgsh_order_operate.html?command=get_materiel&rest_code=00146&code=00101001213&supplier_code=00100325&order_time=2023-05-19 HTTP/1.1" 200 438
116.224.158.100 - - [19/May/2023:11:48:56 +0800] "GET /xingrg/images/yd/bt.gif HTTP/1.1" 404 1040
114.83.216.225 - - [19/May/2023:11:48:56 +0800] "GET /xingrg/all/function/internal_message.html?_=1684468132869&CODE_STATE=getMsg HTTP/1.1" 200 27
116.224.158.100 - - [19/May/2023:11:48:57 +0800] "GET /xingrg/kc/buy/cgsh_order_list.html HTTP/1.1" 200 55669
180.169.147.146 - - [19/May/2023:11:48:59 +0800] "GET /xingrg/check_reg.html?_=1684468140190 HTTP/1.1" 302 -
180.169.147.146 - - [19/May/2023:11:48:59 +0800] "GET /xingrg/all/function/internal_message.html?_=1684468140193&CODE_STATE=getMsg HTTP/1.1" 302 -
116.238.139.35 - - [19/May/2023:11:49:00 +0800] "POST /xingrg/kc/buy/cgsh_order_operate.html HTTP/1.1" 200 12
116.235.244.176 - - [19/May/2023:11:49:00 +0800] "GET /xingrg/all/function/internal_message.html?_=1684468162742&CODE_STATE=getMsg HTTP/1.1" 200 27
124.79.240.114 - - [19/May/2023:11:49:01 +0800] "GET /xingrg/all/function/internal_message.html?_=1684468418678&CODE_STATE=getMsg HTTP/1.1" 200 27
116.238.139.35 - - [19/May/2023:11:49:01 +0800] "GET /xingrg/kc/buy/cgsh_order_operate.html?command=get_materiel&rest_code=00150&code=00101003035&supplier_code=00100092&order_time=2023-05-19 HTTP/1.1" 200 411
114.85.36.120 - - [19/May/2023:11:49:02 +0800] "GET /xingrg/all/function/internal_message.html?_=1684466971291&CODE_STATE=getMsg HTTP/1.1" 200 27
116.238.139.35 - - [19/May/2023:11:49:03 +0800] "GET /xingrg/kc/buy/cgsh_order_info.html?code=212023051907091 HTTP/1.1" 200 66404
116.224.158.100 - - [19/May/2023:11:49:03 +0800] "POST /xingrg/kc/buy/cgsh_list_operate.html HTTP/1.1" 200 5920
116.238.139.35 - - [19/May/2023:11:49:03 +0800] "GET /xingrg/javascript/easyui/themes/default/validatebox.css HTTP/1.1" 404 1104
116.238.139.35 - - [19/May/2023:11:49:04 +0800] "POST /xingrg/kc/buy/cgsh_order_operate.html HTTP/1.1" 200 1212
222.67.238.82 - - [19/May/2023:11:49:04 +0800] "GET /xingrg/kc/buy/cgsh_order_operate.html?command=get_materiel&rest_code=00141&code=00102002167&supplier_code=00100494&order_time=2023-05-19 HTTP/1.1" 200 428
116.232.195.127 - - [19/May/2023:11:49:05 +0800] "GET /xingrg/kc/buy/cgsh_order_operate.html?command=get_materiel&rest_code=00155&code=00101004079&supplier_code=00100312&order_time=2023-05-19 HTTP/1.1" 200 413
116.238.139.35 - - [19/May/2023:11:49:05 +0800] "GET /xingrg/kc/print/load_data.html?order_code=212023051907091&kc_code=cgsh&condition= HTTP/1.1" 200 943
120.253.135.82 - - [19/May/2023:11:49:07 +0800] "GET /xingrg/all/function/internal_message.html?_=1684467984521&CODE_STATE=getMsg HTTP/1.1" 200 27
116.224.158.100 - - [19/May/2023:11:49:09 +0800] "GET /xingrg/kc/buy/cgsh_order_add.html HTTP/1.1" 200 71533
124.78.154.3 - - [19/May/2023:11:49:09 +0800] "GET /xingrg/all/function/internal_message.html?_=1684468149821&CODE_STATE=getMsg HTTP/1.1" 200 27
116.224.158.100 - - [19/May/2023:11:49:10 +0800] "GET /xingrg/javascript/easyui/themes/icons/copy_new.png HTTP/1.1" 304 -
116.224.158.100 - - [19/May/2023:11:49:10 +0800] "POST /xingrg/kc/buy/cgsh_order_operate.html HTTP/1.1" 200 8245
116.224.158.100 - - [19/May/2023:11:49:10 +0800] "GET /xingrg/javascript/easyui/themes/default/validatebox.css HTTP/1.1" 404 1104
116.224.158.100 - - [19/May/2023:11:49:10 +0800] "GET /xingrg/all/common/auto_word.html?type=employee&rest_code=00105 HTTP/1.1" 200 193
116.224.158.100 - - [19/May/2023:11:49:10 +0800] "GET /xingrg/all/common/auto_word.html?type=employee&rest_code=00105 HTTP/1.1" 200 193
116.238.139.35 - - [19/May/2023:11:49:10 +0800] "GET /xingrg/kc/buy/cgsh_order_add.html HTTP/1.1" 200 71495
116.238.139.35 - - [19/May/2023:11:49:11 +0800] "POST /xingrg/kc/buy/cgsh_order_operate.html HTTP/1.1" 200 8245
116.238.139.35 - - [19/May/2023:11:49:11 +0800] "GET /xingrg/javascript/easyui/themes/default/validatebox.css HTTP/1.1" 404 1104
116.232.195.127 - - [19/May/2023:11:49:12 +0800] "GET /xingrg/all/function/internal_message.html?_=1684468193761&CODE_STATE=getMsg HTTP/1.1" 200 27
116.235.244.176 - - [19/May/2023:11:49:16 +0800] "POST /xingrg/kc/buy/cgsh_order_operate.html HTTP/1.1" 200 37
116.238.139.35 - - [19/May/2023:11:49:17 +0800] "GET /xingrg/kc/buy/cgsh_order_operate.html?command=get_materiel&rest_code=00150&code=00101003006&supplier_code=00100092&order_time=2023-05-19 HTTP/1.1" 200 414
116.232.195.127 - - [19/May/2023:11:49:18 +0800] "GET /xingrg/kc/buy/cgsh_order_operate.html?command=get_materiel&rest_code=00155&code=00101005017&supplier_code=00100312&order_time=2023-05-19 HTTP/1.1" 200 409
116.224.158.100 - - [19/May/2023:11:49:18 +0800] "GET /xingrg/javascript/auto/indicator.gif HTTP/1.1" 404 1066
116.235.244.176 - - [19/May/2023:11:49:19 +0800] "POST /xingrg/kc/buy/cgsh_order_operate.html HTTP/1.1" 200 4474
116.238.139.35 - - [19/May/2023:11:49:20 +0800] "GET /xingrg/kc/buy/cgsh_order_operate.html?command=get_materiel&rest_code=00150&code=00101010678&supplier_code=00100564&order_time=2023-05-19 HTTP/1.1" 200 427
124.78.154.3 - - [19/May/2023:11:49:22 +0800] "GET /xingrg/kc/buy/cgsh_order_operate.html?command=get_materiel&rest_code=00106&code=00101005017&supplier_code=00100312&order_time=2023-05-19 HTTP/1.1" 200 409
116.235.244.176 - - [19/May/2023:11:49:23 +0800] "GET /xingrg/kc/print/load_data.html?order_code=212023051907092&kc_code=cgsh&condition= HTTP/1.1" 200 1413
180.171.122.0 - - [19/May/2023:11:49:27 +0800] "GET /xingrg/all/function/internal_message.html?_=1684468164546&CODE_STATE=getMsg HTTP/1.1" 200 27
124.79.240.114 - - [19/May/2023:11:49:28 +0800] "GET /xingrg/all/function/internal_message.html?_=1684468158798&CODE_STATE=getMsg HTTP/1.1" 302 -
124.79.240.114 - - [19/May/2023:11:49:28 +0800] "GET /xingrg/check_reg.html?_=1684468158796 HTTP/1.1" 302 -
222.67.238.82 - - [19/May/2023:11:49:28 +0800] "POST /xingrg/kc/buy/cgsh_order_operate.html HTTP/1.1" 200 37
116.238.139.35 - - [19/May/2023:11:49:32 +0800] "POST /xingrg/kc/buy/cgsh_order_operate.html HTTP/1.1" 200 88
116.235.244.176 - - [19/May/2023:11:49:33 +0800] "GET /xingrg/kc/buy/cgsh_order_add.html HTTP/1.1" 200 71451
116.238.139.35 - - [19/May/2023:11:49:33 +0800] "POST /xingrg/kc/buy/cgsh_order_operate.html HTTP/1.1" 200 37
222.67.238.82 - - [19/May/2023:11:49:33 +0800] "POST /xingrg/kc/buy/cgsh_order_operate.html HTTP/1.1" 200 2652
116.235.244.176 - - [19/May/2023:11:49:34 +0800] "POST /xingrg/kc/buy/cgsh_order_operate.html HTTP/1.1" 200 8245
116.235.244.176 - - [19/May/2023:11:49:34 +0800] "GET /xingrg/javascript/easyui/themes/default/validatebox.css HTTP/1.1" 404 1104
222.67.238.82 - - [19/May/2023:11:49:35 +0800] "GET /xingrg/kc/print/load_data.html?order_code=212023051907093&kc_code=cgsh&condition= HTTP/1.1" 200 661
180.169.147.146 - - [19/May/2023:11:49:38 +0800] "GET /xingrg/check_reg.html?_=1684468171558 HTTP/1.1" 200 22
180.169.147.146 - - [19/May/2023:11:49:38 +0800] "GET /xingrg/all/function/internal_message.html?_=1684468171559&CODE_STATE=getMsg HTTP/1.1" 200 27
116.238.139.35 - - [19/May/2023:11:49:38 +0800] "POST /xingrg/kc/buy/cgsh_order_operate.html HTTP/1.1" 200 37
116.235.244.176 - - [19/May/2023:11:49:40 +0800] "GET /xingrg/all/function/internal_message.html?_=1684468192952&CODE_STATE=getMsg HTTP/1.1" 200 27
180.164.3.199 - - [19/May/2023:11:49:40 +0800] "GET /xingrg/all/function/internal_message.html?_=1684468180159&CODE_STATE=getMsg HTTP/1.1" 200 27
222.67.238.82 - - [19/May/2023:11:49:40 +0800] "GET /xingrg/kc/buy/cgsh_order_add.html HTTP/1.1" 200 71451
116.238.139.35 - - [19/May/2023:11:49:40 +0800] "POST /xingrg/kc/buy/cgsh_order_operate.html HTTP/1.1" 200 2664
222.67.238.82 - - [19/May/2023:11:49:40 +0800] "POST /xingrg/kc/buy/cgsh_order_operate.html HTTP/1.1" 200 8245
222.67.238.82 - - [19/May/2023:11:49:40 +0800] "GET /xingrg/javascript/easyui/themes/default/validatebox.css HTTP/1.1" 404 1104
116.238.139.35 - - [19/May/2023:11:49:41 +0800] "GET /xingrg/all/function/internal_message.html?_=1684468101956&CODE_STATE=getMsg HTTP/1.1" 200 27
218.81.73.248 - - [19/May/2023:11:49:45 +0800] "GET /xingrg/check_reg.html?_=1684468178308 HTTP/1.1" 200 22
116.238.139.35 - - [19/May/2023:11:49:45 +0800] "POST /xingrg/kc/buy/cgsh_order_operate.html HTTP/1.1" 200 12
124.78.154.3 - - [19/May/2023:11:49:45 +0800] "GET /xingrg/kc/buy/cgsh_order_operate.html?command=get_materiel&rest_code=00106&code=00101001016&supplier_code=00100312&order_time=2023-05-19 HTTP/1.1" 200 413
124.78.154.3 - - [19/May/2023:11:49:46 +0800] "GET /xingrg/all/function/internal_message.html?_=1684468183407&CODE_STATE=getMsg HTTP/1.1" 200 27
116.238.139.35 - - [19/May/2023:11:49:46 +0800] "POST /xingrg/kc/buy/cgsh_order_operate.html HTTP/1.1" 200 37
116.224.158.100 - - [19/May/2023:11:49:46 +0800] "GET /xingrg/check_reg.html?_=1684468021125 HTTP/1.1" 200 22
116.224.158.100 - - [19/May/2023:11:49:46 +0800] "GET /xingrg/all/function/internal_message.html?_=1684468021128&CODE_STATE=getMsg HTTP/1.1" 200 27
116.224.158.100 - - [19/May/2023:11:49:47 +0800] "GET /xingrg/all/function/internal_message.html?_=1684468188315&CODE_STATE=getMsg HTTP/1.1" 200 27
116.238.139.35 - - [19/May/2023:11:49:48 +0800] "GET /xingrg/kc/buy/cgsh_order_info.html?code=212023051907095 HTTP/1.1" 200 66422
116.238.139.35 - - [19/May/2023:11:49:48 +0800] "GET /xingrg/javascript/easyui/themes/default/validatebox.css HTTP/1.1" 404 1104
116.224.158.100 - - [19/May/2023:11:49:49 +0800] "GET /xingrg/kc/buy/cgsh_order_operate.html?command=get_materiel&rest_code=00105&code=00101031001&supplier_code=00100204&order_time=2023-05-19 HTTP/1.1" 200 420
222.67.238.82 - - [19/May/2023:11:49:49 +0800] "GET /xingrg/all/function/internal_message.html?_=1684467704288&CODE_STATE=getMsg HTTP/1.1" 200 27
116.238.139.35 - - [19/May/2023:11:49:49 +0800] "POST /xingrg/kc/buy/cgsh_order_operate.html HTTP/1.1" 200 1208
116.238.139.35 - - [19/May/2023:11:49:49 +0800] "GET /xingrg/all/function/internal_message.html?_=1684468188304&CODE_STATE=getMsg HTTP/1.1" 200 27
116.238.139.35 - - [19/May/2023:11:49:51 +0800] "GET /xingrg/kc/print/load_data.html?order_code=212023051907095&kc_code=cgsh&condition= HTTP/1.1" 200 1024
116.235.244.176 - - [19/May/2023:11:49:51 +0800] "GET /xingrg/kc/buy/cgsh_order_operate.html?command=get_materiel&rest_code=00146&code=00101010079&supplier_code=00100336&order_time=2023-05-19 HTTP/1.1" 200 413
116.238.139.35 - - [19/May/2023:11:49:53 +0800] "POST /xingrg/kc/buy/cgsh_order_operate.html HTTP/1.1" 200 12
222.67.238.82 - - [19/May/2023:11:49:55 +0800] "GET /xingrg/kc/buy/cgsh_order_operate.html?command=get_materiel&rest_code=00141&code=00101001115&supplier_code=00100089&order_time=2023-05-19 HTTP/1.1" 200 415
116.238.139.35 - - [19/May/2023:11:49:55 +0800] "GET /xingrg/kc/buy/cgsh_order_info.html?code=212023051907096 HTTP/1.1" 200 66396
116.238.139.35 - - [19/May/2023:11:49:55 +0800] "GET /xingrg/javascript/easyui/themes/default/validatebox.css HTTP/1.1" 404 1104
114.83.216.225 - - [19/May/2023:11:49:56 +0800] "GET /xingrg/all/function/internal_message.html?_=1684468192843&CODE_STATE=getMsg HTTP/1.1" 200 27
116.238.139.35 - - [19/May/2023:11:49:56 +0800] "POST /xingrg/kc/buy/cgsh_order_operate.html HTTP/1.1" 200 614
116.238.139.35 - - [19/May/2023:11:49:58 +0800] "GET /xingrg/kc/buy/cgsh_order_add.html HTTP/1.1" 200 71507
116.238.139.35 - - [19/May/2023:11:49:58 +0800] "GET /xingrg/kc/print/load_data.html?order_code=212023051907096&kc_code=cgsh&condition= HTTP/1.1" 200 693
116.238.139.35 - - [19/May/2023:11:49:58 +0800] "POST /xingrg/kc/buy/cgsh_order_operate.html HTTP/1.1" 200 8245
116.238.139.35 - - [19/May/2023:11:49:58 +0800] "GET /xingrg/javascript/easyui/themes/default/validatebox.css HTTP/1.1" 404 1104
180.169.147.146 - - [19/May/2023:11:49:59 +0800] "GET /xingrg/all/function/internal_message.html?_=1684468200182&CODE_STATE=getMsg HTTP/1.1" 302 -
124.79.240.114 - - [19/May/2023:11:50:01 +0800] "GET /xingrg/all/function/internal_message.html?_=1684468478676&CODE_STATE=getMsg HTTP/1.1" 200 27
116.235.244.176 - - [19/May/2023:11:50:01 +0800] "GET /xingrg/all/function/internal_message.html?_=1684468223770&CODE_STATE=getMsg HTTP/1.1" 200 27
114.85.36.120 - - [19/May/2023:11:50:02 +0800] "GET /xingrg/check_reg.html?_=1684467031292 HTTP/1.1" 200 22
114.85.36.120 - - [19/May/2023:11:50:02 +0800] "GET /xingrg/all/function/internal_message.html?_=1684467031289&CODE_STATE=getMsg HTTP/1.1" 200 27
116.238.139.35 - - [19/May/2023:11:50:02 +0800] "GET /xingrg/kc/buy/cgsh_order_add.html HTTP/1.1" 200 71495
116.238.139.35 - - [19/May/2023:11:50:03 +0800] "POST /xingrg/kc/buy/cgsh_order_operate.html HTTP/1.1" 200 8245
116.238.139.35 - - [19/May/2023:11:50:03 +0800] "GET /xingrg/javascript/easyui/themes/default/validatebox.css HTTP/1.1" 404 1104
116.235.244.176 - - [19/May/2023:11:50:05 +0800] "POST /xingrg/kc/buy/cgsh_order_operate.html HTTP/1.1" 200 37
120.253.135.82 - - [19/May/2023:11:50:07 +0800] "GET /xingrg/all/function/internal_message.html?_=1684468044537&CODE_STATE=getMsg HTTP/1.1" 200 27
222.67.238.82 - - [19/May/2023:11:50:09 +0800] "POST /xingrg/kc/buy/cgsh_order_operate.html HTTP/1.1" 200 37
116.238.139.35 - - [19/May/2023:11:50:09 +0800] "GET /xingrg/kc/buy/cgsh_order_operate.html?command=get_materiel&rest_code=00150&code=00101007085&supplier_code=00100328&order_time=2023-05-19 HTTP/1.1" 200 413
116.235.244.176 - - [19/May/2023:11:50:09 +0800] "POST /xingrg/kc/buy/cgsh_order_operate.html HTTP/1.1" 200 2659
124.78.154.3 - - [19/May/2023:11:50:09 +0800] "GET /xingrg/check_reg.html?_=1684468209801 HTTP/1.1" 200 22
124.78.154.3 - - [19/May/2023:11:50:09 +0800] "GET /xingrg/all/function/internal_message.html?_=1684468209804&CODE_STATE=getMsg HTTP/1.1" 200 27
116.232.195.127 - - [19/May/2023:11:50:12 +0800] "GET /xingrg/all/function/internal_message.html?_=1684468253747&CODE_STATE=getMsg HTTP/1.1" 200 27
124.78.154.3 - - [19/May/2023:11:50:13 +0800] "POST /xingrg/kc/buy/cgsh_order_operate.html HTTP/1.1" 200 37
116.224.158.100 - - [19/May/2023:11:50:16 +0800] "POST /xingrg/kc/buy/cgsh_order_operate.html HTTP/1.1" 200 37
222.67.238.82 - - [19/May/2023:11:50:16 +0800] "POST /xingrg/kc/buy/cgsh_order_operate.html HTTP/1.1" 200 2661
116.235.244.176 - - [19/May/2023:11:50:17 +0800] "GET /xingrg/kc/print/load_data.html?order_code=212023051907097&kc_code=cgsh&condition= HTTP/1.1" 200 685
116.238.139.35 - - [19/May/2023:11:50:17 +0800] "GET /xingrg/kc/buy/cgsh_order_operate.html?command=get_materiel&rest_code=00150&code=00101010576&supplier_code=00100326&order_time=2023-05-19 HTTP/1.1" 200 419
116.238.139.35 - - [19/May/2023:11:50:20 +0800] "POST /xingrg/kc/buy/cgsh_order_operate.html HTTP/1.1" 200 37
116.224.158.100 - - [19/May/2023:11:50:20 +0800] "POST /xingrg/kc/buy/cgsh_order_operate.html HTTP/1.1" 200 2667
222.67.238.82 - - [19/May/2023:11:50:21 +0800] "GET /xingrg/kc/print/load_data.html?order_code=212023051907098&kc_code=cgsh&condition= HTTP/1.1" 200 763
124.78.154.3 - - [19/May/2023:11:50:22 +0800] "POST /xingrg/kc/buy/cgsh_order_operate.html HTTP/1.1" 200 12
116.224.158.100 - - [19/May/2023:11:50:23 +0800] "GET /xingrg/kc/print/load_config.html?kc_code=cgsh HTTP/1.1" 200 1924
116.224.158.100 - - [19/May/2023:11:50:25 +0800] "GET /xingrg/kc/print/load_data.html?order_code=212023051907100&kc_code=cgsh&condition= HTTP/1.1" 200 665
116.235.244.176 - - [19/May/2023:11:50:25 +0800] "GET /xingrg/kc/buy/cgsh_order_add.html HTTP/1.1" 200 71451
222.67.238.82 - - [19/May/2023:11:50:26 +0800] "GET /xingrg/kc/buy/cgsh_order_add.html HTTP/1.1" 200 71451
222.67.238.82 - - [19/May/2023:11:50:26 +0800] "POST /xingrg/kc/buy/cgsh_order_operate.html HTTP/1.1" 200 8245
222.67.238.82 - - [19/May/2023:11:50:26 +0800] "GET /xingrg/javascript/easyui/themes/default/validatebox.css HTTP/1.1" 404 1104
116.235.244.176 - - [19/May/2023:11:50:26 +0800] "POST /xingrg/kc/buy/cgsh_order_operate.html HTTP/1.1" 200 8245
116.235.244.176 - - [19/May/2023:11:50:26 +0800] "GET /xingrg/javascript/easyui/themes/default/validatebox.css HTTP/1.1" 404 1104
180.171.122.0 - - [19/May/2023:11:50:27 +0800] "GET /xingrg/all/function/internal_message.html?_=1684468224517&CODE_STATE=getMsg HTTP/1.1" 200 27
180.171.122.0 - - [19/May/2023:11:50:27 +0800] "GET /xingrg/check_reg.html?_=1684468224644 HTTP/1.1" 200 22
124.79.240.114 - - [19/May/2023:11:50:28 +0800] "GET /xingrg/all/function/internal_message.html?_=1684468218806&CODE_STATE=getMsg HTTP/1.1" 302 -
116.238.139.35 - - [19/May/2023:11:50:30 +0800] "POST /xingrg/kc/buy/cgsh_order_operate.html HTTP/1.1" 200 37
116.238.139.35 - - [19/May/2023:11:50:31 +0800] "POST /xingrg/kc/buy/cgsh_order_operate.html HTTP/1.1" 200 12
124.78.154.3 - - [19/May/2023:11:50:32 +0800] "GET /xingrg/kc/buy/cgsh_order_info.html?code=212023051907099 HTTP/1.1" 200 66358
124.78.154.3 - - [19/May/2023:11:50:32 +0800] "GET /xingrg/javascript/easyui/themes/default/validatebox.css HTTP/1.1" 404 1104
124.78.154.3 - - [19/May/2023:11:50:33 +0800] "POST /xingrg/kc/buy/cgsh_order_operate.html HTTP/1.1" 200 4779
124.78.154.3 - - [19/May/2023:11:50:37 +0800] "GET /xingrg/kc/print/load_data.html?order_code=212023051907099&kc_code=cgsh&condition= HTTP/1.1" 200 2311
116.238.139.35 - - [19/May/2023:11:50:37 +0800] "POST /xingrg/kc/buy/cgsh_order_operate.html HTTP/1.1" 200 12
180.169.147.146 - - [19/May/2023:11:50:38 +0800] "GET /xingrg/all/function/internal_message.html?_=1684468231558&CODE_STATE=getMsg HTTP/1.1" 200 27
116.238.139.35 - - [19/May/2023:11:50:39 +0800] "GET /xingrg/kc/buy/cgsh_order_info.html?code=212023051907101 HTTP/1.1" 200 66424
116.238.139.35 - - [19/May/2023:11:50:39 +0800] "GET /xingrg/kc/buy/cgsh_order_info.html?code=212023051907102 HTTP/1.1" 200 66408
116.238.139.35 - - [19/May/2023:11:50:40 +0800] "POST /xingrg/kc/buy/cgsh_order_operate.html HTTP/1.1" 200 -
116.238.139.35 - - [19/May/2023:11:50:40 +0800] "GET /xingrg/javascript/easyui/themes/default/validatebox.css HTTP/1.1" 404 1104
116.235.244.176 - - [19/May/2023:11:50:40 +0800] "GET /xingrg/all/function/internal_message.html?_=1684468252959&CODE_STATE=getMsg HTTP/1.1" 200 27
180.164.3.199 - - [19/May/2023:11:50:40 +0800] "GET /xingrg/all/function/internal_message.html?_=1684468240172&CODE_STATE=getMsg HTTP/1.1" 200 27
116.238.139.35 - - [19/May/2023:11:50:40 +0800] "GET /xingrg/javascript/easyui/themes/default/validatebox.css HTTP/1.1" 404 1104
116.235.244.176 - - [19/May/2023:11:50:40 +0800] "GET /xingrg/kc/buy/cgsh_order_operate.html?command=get_materiel&rest_code=00146&code=00101001156&supplier_code=00100312&order_time=2023-05-19 HTTP/1.1" 200 409
116.238.139.35 - - [19/May/2023:11:50:41 +0800] "POST /xingrg/kc/buy/cgsh_order_operate.html HTTP/1.1" 200 612
116.238.139.35 - - [19/May/2023:11:50:41 +0800] "GET /xingrg/all/function/internal_message.html?_=1684468161971&CODE_STATE=getMsg HTTP/1.1" 200 27
116.238.139.35 - - [19/May/2023:11:50:41 +0800] "POST /xingrg/kc/buy/cgsh_order_operate.html HTTP/1.1" 200 610
116.238.139.35 - - [19/May/2023:11:50:42 +0800] "GET /xingrg/kc/print/load_data.html?order_code=212023051907102&kc_code=cgsh&condition= HTTP/1.1" 200 722
116.238.139.35 - - [19/May/2023:11:50:43 +0800] "GET /xingrg/kc/print/load_data.html?order_code=212023051907101&kc_code=cgsh&condition= HTTP/1.1" 200 742
124.78.154.3 - - [19/May/2023:11:50:43 +0800] "GET /xingrg/check_reg.html?_=1684468240435 HTTP/1.1" 200 22
124.78.154.3 - - [19/May/2023:11:50:45 +0800] "GET /xingrg/kc/buy/cgsh_order_add.html HTTP/1.1" 200 71445
124.78.154.3 - - [19/May/2023:11:50:45 +0800] "POST /xingrg/kc/buy/cgsh_order_operate.html HTTP/1.1" 200 8245
124.78.154.3 - - [19/May/2023:11:50:45 +0800] "GET /xingrg/javascript/easyui/themes/default/validatebox.css HTTP/1.1" 404 1104
124.78.154.3 - - [19/May/2023:11:50:46 +0800] "GET /xingrg/all/function/internal_message.html?_=1684468243386&CODE_STATE=getMsg HTTP/1.1" 200 27
116.224.158.100 - - [19/May/2023:11:50:46 +0800] "GET /xingrg/all/function/internal_message.html?_=1684468081137&CODE_STATE=getMsg HTTP/1.1" 200 27
116.238.139.35 - - [19/May/2023:11:50:47 +0800] "GET /xingrg/kc/buy/cgsh_order_add.html HTTP/1.1" 200 71495
116.238.139.35 - - [19/May/2023:11:50:47 +0800] "POST /xingrg/kc/buy/cgsh_order_operate.html HTTP/1.1" 200 8245
116.238.139.35 - - [19/May/2023:11:50:47 +0800] "GET /xingrg/javascript/easyui/themes/default/validatebox.css HTTP/1.1" 404 1104
116.224.158.100 - - [19/May/2023:11:50:47 +0800] "GET /xingrg/all/function/internal_message.html?_=1684468248292&CODE_STATE=getMsg HTTP/1.1" 200 27
124.78.154.3 - - [19/May/2023:11:50:47 +0800] "GET /xingrg/javascript/easyui/themes/default/tree.css HTTP/1.1" 404 1090
124.78.154.3 - - [19/May/2023:11:50:48 +0800] "POST /xingrg/all/common/load_tree.html?tree=supplier_tree_json&isDelete=1 HTTP/1.1" 200 74192
180.171.122.0 - - [19/May/2023:11:50:48 +0800] "POST /xingrg/kc/buy/cgsh_order_operate.html HTTP/1.1" 200 37
222.67.238.82 - - [19/May/2023:11:50:48 +0800] "GET /xingrg/kc/buy/cgsh_order_operate.html?command=get_materiel&rest_code=00141&code=00101010885&supplier_code=00100336&order_time=2023-05-19 HTTP/1.1" 200 423
116.238.139.35 - - [19/May/2023:11:50:49 +0800] "GET /xingrg/kc/buy/cgsh_order_add.html HTTP/1.1" 200 71507
222.67.238.82 - - [19/May/2023:11:50:49 +0800] "GET /xingrg/all/function/internal_message.html?_=1684467764261&CODE_STATE=getMsg HTTP/1.1" 200 27
116.238.139.35 - - [19/May/2023:11:50:49 +0800] "POST /xingrg/kc/buy/cgsh_order_operate.html HTTP/1.1" 200 8245
116.238.139.35 - - [19/May/2023:11:50:49 +0800] "GET /xingrg/javascript/easyui/themes/default/validatebox.css HTTP/1.1" 404 1104
116.238.139.35 - - [19/May/2023:11:50:49 +0800] "GET /xingrg/all/function/internal_message.html?_=1684468248285&CODE_STATE=getMsg HTTP/1.1" 200 27
180.171.122.0 - - [19/May/2023:11:50:50 +0800] "POST /xingrg/kc/buy/cgsh_order_operate.html HTTP/1.1" 200 5046
180.171.122.0 - - [19/May/2023:11:50:53 +0800] "GET /xingrg/kc/print/load_data.html?order_code=212023051706362&kc_code=cgsh&condition= HTTP/1.1" 200 1573
116.238.139.35 - - [19/May/2023:11:50:55 +0800] "GET /xingrg/kc/buy/cgsh_order_operate.html?command=get_materiel&rest_code=00150&code=00101010079&supplier_code=00100336&order_time=2023-05-19 HTTP/1.1" 200 413
116.235.244.176 - - [19/May/2023:11:50:55 +0800] "GET /xingrg/kc/buy/cgsh_order_operate.html?command=get_materiel&rest_code=00146&code=00101010847&supplier_code=00100312&order_time=2023-05-19 HTTP/1.1" 200 410
114.83.216.225 - - [19/May/2023:11:50:56 +0800] "GET /xingrg/all/function/internal_message.html?_=1684468252814&CODE_STATE=getMsg HTTP/1.1" 200 27
180.169.147.146 - - [19/May/2023:11:50:59 +0800] "GET /xingrg/all/function/internal_message.html?_=1684468260191&CODE_STATE=getMsg HTTP/1.1" 302 -
124.79.240.114 - - [19/May/2023:11:51:01 +0800] "GET /xingrg/all/function/internal_message.html?_=1684468538675&CODE_STATE=getMsg HTTP/1.1" 200 27
116.235.244.176 - - [19/May/2023:11:51:01 +0800] "GET /xingrg/all/function/internal_message.html?_=1684468283799&CODE_STATE=getMsg HTTP/1.1" 200 27
114.85.36.120 - - [19/May/2023:11:51:02 +0800] "GET /xingrg/all/function/internal_message.html?_=1684467091330&CODE_STATE=getMsg HTTP/1.1" 200 27
124.78.154.3 - - [19/May/2023:11:51:05 +0800] "GET /xingrg/kc/buy/cgsh_order_operate.html?command=get_materiel&rest_code=00106&code=00101005088&supplier_code=00100086&order_time=2023-05-19 HTTP/1.1" 200 414
120.253.135.82 - - [19/May/2023:11:51:07 +0800] "GET /xingrg/all/function/internal_message.html?_=1684468104570&CODE_STATE=getMsg HTTP/1.1" 200 27
124.78.154.3 - - [19/May/2023:11:51:09 +0800] "GET /xingrg/all/function/internal_message.html?_=1684468269814&CODE_STATE=getMsg HTTP/1.1" 200 27
222.67.238.82 - - [19/May/2023:11:51:11 +0800] "POST /xingrg/kc/buy/cgsh_order_operate.html HTTP/1.1" 200 37
116.232.195.127 - - [19/May/2023:11:51:12 +0800] "GET /xingrg/all/function/internal_message.html?_=1684468313732&CODE_STATE=getMsg HTTP/1.1" 200 27
116.235.244.176 - - [19/May/2023:11:51:16 +0800] "POST /xingrg/kc/buy/cgsh_order_operate.html HTTP/1.1" 200 37
222.67.238.82 - - [19/May/2023:11:51:16 +0800] "POST /xingrg/kc/buy/cgsh_order_operate.html HTTP/1.1" 200 2668
124.78.154.3 - - [19/May/2023:11:51:19 +0800] "POST /xingrg/kc/buy/cgsh_order_operate.html HTTP/1.1" 200 37
116.235.244.176 - - [19/May/2023:11:51:19 +0800] "POST /xingrg/kc/buy/cgsh_order_operate.html HTTP/1.1" 200 3247
222.67.238.82 - - [19/May/2023:11:51:20 +0800] "GET /xingrg/kc/print/load_data.html?order_code=212023051907103&kc_code=cgsh&condition= HTTP/1.1" 200 690
116.235.244.176 - - [19/May/2023:11:51:24 +0800] "GET /xingrg/kc/print/load_data.html?order_code=212023051907104&kc_code=cgsh&condition= HTTP/1.1" 200 900
124.78.154.3 - - [19/May/2023:11:51:25 +0800] "POST /xingrg/kc/buy/cgsh_order_operate.html HTTP/1.1" 200 12
222.67.238.82 - - [19/May/2023:11:51:26 +0800] "GET /xingrg/kc/buy/cgsh_order_add.html HTTP/1.1" 200 71451
222.67.238.82 - - [19/May/2023:11:51:27 +0800] "POST /xingrg/kc/buy/cgsh_order_operate.html HTTP/1.1" 200 8245
222.67.238.82 - - [19/May/2023:11:51:27 +0800] "GET /xingrg/javascript/easyui/themes/default/validatebox.css HTTP/1.1" 404 1104
180.171.122.0 - - [19/May/2023:11:51:27 +0800] "GET /xingrg/all/function/internal_message.html?_=1684468284494&CODE_STATE=getMsg HTTP/1.1" 200 27
124.78.154.3 - - [19/May/2023:11:51:27 +0800] "GET /xingrg/kc/buy/cgsh_order_info.html?code=212023051907105 HTTP/1.1" 200 66358
124.79.240.114 - - [19/May/2023:11:51:28 +0800] "GET /xingrg/all/function/internal_message.html?_=1684468278812&CODE_STATE=getMsg HTTP/1.1" 302 -
124.78.154.3 - - [19/May/2023:11:51:28 +0800] "GET /xingrg/javascript/easyui/themes/default/validatebox.css HTTP/1.1" 404 1104
116.238.139.35 - - [19/May/2023:11:51:28 +0800] "GET /xingrg/kc/buy/cgsh_order_operate.html?command=get_materiel&rest_code=00150&code=00101001118&supplier_code=00100479&order_time=2023-05-19 HTTP/1.1" 200 427
124.78.154.3 - - [19/May/2023:11:51:29 +0800] "POST /xingrg/kc/buy/cgsh_order_operate.html HTTP/1.1" 200 613
124.78.154.3 - - [19/May/2023:11:51:32 +0800] "GET /xingrg/kc/print/load_data.html?order_code=212023051907105&kc_code=cgsh&condition= HTTP/1.1" 200 763
124.78.154.3 - - [19/May/2023:11:51:37 +0800] "GET /xingrg/kc/buy/cgsh_order_add.html HTTP/1.1" 200 71445
124.78.154.3 - - [19/May/2023:11:51:37 +0800] "POST /xingrg/kc/buy/cgsh_order_operate.html HTTP/1.1" 200 8245
124.78.154.3 - - [19/May/2023:11:51:37 +0800] "GET /xingrg/javascript/easyui/themes/default/validatebox.css HTTP/1.1" 404 1104
116.235.244.176 - - [19/May/2023:11:51:38 +0800] "GET /xingrg/check_reg.html?_=1684468310668 HTTP/1.1" 200 22
180.169.147.146 - - [19/May/2023:11:51:38 +0800] "GET /xingrg/all/function/internal_message.html?_=1684468291548&CODE_STATE=getMsg HTTP/1.1" 200 27
124.78.154.3 - - [19/May/2023:11:51:39 +0800] "GET /xingrg/javascript/easyui/themes/default/tree.css HTTP/1.1" 404 1090
124.78.154.3 - - [19/May/2023:11:51:39 +0800] "POST /xingrg/all/common/load_tree.html?tree=supplier_tree_json&isDelete=1 HTTP/1.1" 200 74192
116.235.244.176 - - [19/May/2023:11:51:40 +0800] "GET /xingrg/all/function/internal_message.html?_=1684468312973&CODE_STATE=getMsg HTTP/1.1" 200 27
180.164.3.199 - - [19/May/2023:11:51:40 +0800] "GET /xingrg/all/function/internal_message.html?_=1684468300174&CODE_STATE=getMsg HTTP/1.1" 200 27
116.238.139.35 - - [19/May/2023:11:51:41 +0800] "GET /xingrg/all/function/internal_message.html?_=1684468221983&CODE_STATE=getMsg HTTP/1.1" 200 27
124.78.154.3 - - [19/May/2023:11:51:46 +0800] "GET /xingrg/all/function/internal_message.html?_=1684468303371&CODE_STATE=getMsg HTTP/1.1" 200 27
116.224.158.100 - - [19/May/2023:11:51:46 +0800] "GET /xingrg/all/function/internal_message.html?_=1684468141139&CODE_STATE=getMsg HTTP/1.1" 200 27
116.224.158.100 - - [19/May/2023:11:51:47 +0800] "GET /xingrg/all/function/internal_message.html?_=1684468308264&CODE_STATE=getMsg HTTP/1.1" 200 27
116.224.158.100 - - [19/May/2023:11:51:48 +0800] "GET /xingrg/check_reg.html?_=1684468309443 HTTP/1.1" 200 22
222.67.238.82 - - [19/May/2023:11:51:49 +0800] "GET /xingrg/check_reg.html?_=1684467824261 HTTP/1.1" 200 22
222.67.238.82 - - [19/May/2023:11:51:49 +0800] "GET /xingrg/all/function/internal_message.html?_=1684467824259&CODE_STATE=getMsg HTTP/1.1" 200 27
116.238.139.35 - - [19/May/2023:11:51:49 +0800] "GET /xingrg/all/function/internal_message.html?_=1684468308259&CODE_STATE=getMsg HTTP/1.1" 200 27
116.238.139.35 - - [19/May/2023:11:51:50 +0800] "GET /xingrg/check_reg.html?_=1684468308517 HTTP/1.1" 200 22
222.67.238.82 - - [19/May/2023:11:51:51 +0800] "GET /xingrg/kc/buy/cgsh_order_operate.html?command=get_materiel&rest_code=00141&code=00101006001&supplier_code=00100574&order_time=2023-05-19 HTTP/1.1" 200 448
116.238.139.35 - - [19/May/2023:11:51:56 +0800] "POST /xingrg/kc/buy/cgsh_order_operate.html HTTP/1.1" 200 37
114.83.216.225 - - [19/May/2023:11:51:56 +0800] "GET /xingrg/all/function/internal_message.html?_=1684468312785&CODE_STATE=getMsg HTTP/1.1" 200 27
124.78.154.3 - - [19/May/2023:11:51:57 +0800] "GET /xingrg/kc/buy/cgsh_order_operate.html?command=get_materiel&rest_code=00106&code=00101002006&supplier_code=00100091&order_time=2023-05-19 HTTP/1.1" 200 414
222.67.238.82 - - [19/May/2023:11:51:59 +0800] "GET /favicon.ico HTTP/1.1" 404 -
180.169.147.146 - - [19/May/2023:11:51:59 +0800] "GET /xingrg/all/function/internal_message.html?_=1684468320178&CODE_STATE=getMsg HTTP/1.1" 302 -
116.238.139.35 - - [19/May/2023:11:51:59 +0800] "POST /xingrg/kc/buy/cgsh_order_operate.html HTTP/1.1" 200 88
124.79.240.114 - - [19/May/2023:11:52:01 +0800] "GET /xingrg/all/function/internal_message.html?_=1684468598673&CODE_STATE=getMsg HTTP/1.1" 200 27
120.253.135.82 - - [19/May/2023:11:52:01 +0800] "GET /xingrg/login.html HTTP/1.1" 200 7641
116.235.244.176 - - [19/May/2023:11:52:01 +0800] "GET /xingrg/all/function/internal_message.html?_=1684468343813&CODE_STATE=getMsg HTTP/1.1" 200 27
114.85.36.120 - - [19/May/2023:11:52:02 +0800] "GET /xingrg/all/function/internal_message.html?_=1684467151328&CODE_STATE=getMsg HTTP/1.1" 200 27
120.253.135.82 - - [19/May/2023:11:52:04 +0800] "GET /xingrg/check_reg.html?_=1684468161210 HTTP/1.1" 200 22
120.253.135.82 - - [19/May/2023:11:52:05 +0800] "POST /xingrg/login.do HTTP/1.1" 302 -
120.253.135.82 - - [19/May/2023:11:52:05 +0800] "GET /xingrg/index.html?sysBaseUrl=http%3A%2F%2F180.169.147.146%3A18081%2Fxingrg%2F&costTime=808×tamp=1684468325494 HTTP/1.1" 200 17173
120.253.135.82 - - [19/May/2023:11:52:05 +0800] "GET /xingrg/check_reg.html?_=1684468464831 HTTP/1.1" 200 22
120.253.135.82 - - [19/May/2023:11:52:05 +0800] "GET /xingrg/all/function/internal_message.html?_=1684468464831&CODE_STATE=count HTTP/1.1" 200 11
116.238.139.35 - - [19/May/2023:11:52:06 +0800] "POST /xingrg/kc/buy/cgsh_order_operate.html HTTP/1.1" 200 37
120.253.135.82 - - [19/May/2023:11:52:06 +0800] "POST /xingrg/all/common/load_tree.html?tree=area_rest_tree_json&manage=1 HTTP/1.1" 200 344
120.253.135.82 - - [19/May/2023:11:52:06 +0800] "POST /xingrg/load_menu.html HTTP/1.1" 200 6743
116.238.139.35 - - [19/May/2023:11:52:07 +0800] "POST /xingrg/kc/buy/cgsh_order_operate.html HTTP/1.1" 200 12
116.238.139.35 - - [19/May/2023:11:52:07 +0800] "POST /xingrg/kc/buy/cgsh_order_operate.html HTTP/1.1" 200 2657
120.253.135.82 - - [19/May/2023:11:52:07 +0800] "GET /xingrg/all/function/internal_message.html?_=1684468164579&CODE_STATE=getMsg HTTP/1.1" 200 27
124.78.154.3 - - [19/May/2023:11:52:09 +0800] "GET /xingrg/all/function/internal_message.html?_=1684468329820&CODE_STATE=getMsg HTTP/1.1" 200 27
116.224.158.100 - - [19/May/2023:11:52:10 +0800] "POST /xingrg/services/DataTransmitService HTTP/1.1" 200 524
116.238.139.35 - - [19/May/2023:11:52:10 +0800] "GET /xingrg/kc/buy/cgsh_order_info.html?code=212023051907106 HTTP/1.1" 200 66428
116.238.139.35 - - [19/May/2023:11:52:11 +0800] "GET /xingrg/javascript/easyui/themes/default/validatebox.css HTTP/1.1" 404 1104
116.232.195.127 - - [19/May/2023:11:52:12 +0800] "GET /xingrg/all/function/internal_message.html?_=1684468373734&CODE_STATE=getMsg HTTP/1.1" 200 27
116.232.195.127 - - [19/May/2023:11:52:12 +0800] "GET /xingrg/check_reg.html?_=1684468373816 HTTP/1.1" 200 22
120.253.135.82 - - [19/May/2023:11:52:15 +0800] "GET /xingrg/kc/pszx/mdps_order_list.html?orderType=0 HTTP/1.1" 200 21032
120.253.135.82 - - [19/May/2023:11:52:15 +0800] "POST /xingrg/kc/pszx/mdps_list_operate.html HTTP/1.1" 200 5303
116.232.195.127 - - [19/May/2023:11:52:21 +0800] "POST /xingrg/kc/buy/cgsh_order_operate.html HTTP/1.1" 200 37
116.238.139.35 - - [19/May/2023:11:52:21 +0800] "POST /xingrg/kc/buy/cgsh_order_operate.html HTTP/1.1" 200 626
124.78.154.3 - - [19/May/2023:11:52:21 +0800] "POST /xingrg/kc/buy/cgsh_order_operate.html HTTP/1.1" 200 64
222.67.238.82 - - [19/May/2023:11:52:23 +0800] "POST /xingrg/kc/buy/cgsh_order_operate.html HTTP/1.1" 200 37
116.232.195.127 - - [19/May/2023:11:52:23 +0800] "POST /xingrg/kc/buy/cgsh_order_operate.html HTTP/1.1" 200 6818
116.232.195.127 - - [19/May/2023:11:52:25 +0800] "GET /xingrg/kc/print/load_data.html?order_code=212023051907109&kc_code=cgsh&condition= HTTP/1.1" 200 2278
222.67.238.82 - - [19/May/2023:11:52:25 +0800] "POST /xingrg/kc/buy/cgsh_order_operate.html HTTP/1.1" 200 2674
172.20.0.100 - - [19/May/2023:11:52:25 +0800] "GET /xingrg/check_reg.html?_=1684468358579 HTTP/1.1" 200 22
116.238.139.35 - - [19/May/2023:11:52:26 +0800] "GET /xingrg/kc/print/load_data.html?order_code=212023051907106&kc_code=cgsh&condition= HTTP/1.1" 200 764
116.238.139.35 - - [19/May/2023:11:52:26 +0800] "POST /xingrg/kc/buy/cgsh_order_operate.html HTTP/1.1" 200 37
180.171.122.0 - - [19/May/2023:11:52:27 +0800] "GET /xingrg/all/function/internal_message.html?_=1684468344466&CODE_STATE=getMsg HTTP/1.1" 200 27
124.79.240.114 - - [19/May/2023:11:52:28 +0800] "GET /xingrg/all/function/internal_message.html?_=1684468338806&CODE_STATE=getMsg HTTP/1.1" 302 -
218.81.73.248 - - [19/May/2023:11:52:28 +0800] "POST /xingrg/services/DataTransmitService HTTP/1.1" 200 524
124.78.154.3 - - [19/May/2023:11:52:29 +0800] "POST /xingrg/kc/buy/cgsh_order_operate.html HTTP/1.1" 200 37
222.67.238.82 - - [19/May/2023:11:52:29 +0800] "GET /xingrg/kc/print/load_data.html?order_code=212023051907111&kc_code=cgsh&condition= HTTP/1.1" 200 704
218.81.73.248 - - [19/May/2023:11:52:30 +0800] "POST /xingrg/services/DataTransmitService HTTP/1.1" 200 412
116.232.195.127 - - [19/May/2023:11:52:30 +0800] "GET /xingrg/kc/buy/cgsh_order_add.html HTTP/1.1" 200 71498
116.232.195.127 - - [19/May/2023:11:52:30 +0800] "POST /xingrg/kc/buy/cgsh_order_operate.html HTTP/1.1" 200 8245
116.232.195.127 - - [19/May/2023:11:52:30 +0800] "GET /xingrg/javascript/easyui/themes/default/validatebox.css HTTP/1.1" 404 1104
124.78.154.3 - - [19/May/2023:11:52:31 +0800] "POST /xingrg/kc/buy/cgsh_order_operate.html HTTP/1.1" 200 2662
120.253.135.82 - - [19/May/2023:11:52:32 +0800] "POST /xingrg/kc/pszx/mdps_list_operate.html HTTP/1.1" 200 288
120.253.135.82 - - [19/May/2023:11:52:32 +0800] "GET /xingrg/kc/pszx/mdps_order_info.html?code=312023051800386 HTTP/1.1" 200 23982
120.253.135.82 - - [19/May/2023:11:52:32 +0800] "GET /xingrg/javascript/easyui/themes/default/validatebox.css HTTP/1.1" 404 1104
120.253.135.82 - - [19/May/2023:11:52:33 +0800] "GET /xingrg/all/common/auto_word.html?type=base&rest_code=00101 HTTP/1.1" 200 671
120.253.135.82 - - [19/May/2023:11:52:33 +0800] "POST /xingrg/kc/pszx/mdps_order_operate.html HTTP/1.1" 200 2786
116.235.244.176 - - [19/May/2023:11:52:34 +0800] "GET /xingrg/kc/buy/cgsh_order_add.html HTTP/1.1" 200 71451
222.67.238.82 - - [19/May/2023:11:52:35 +0800] "GET /xingrg/kc/buy/cgsh_order_add.html HTTP/1.1" 200 71451
222.67.238.82 - - [19/May/2023:11:52:35 +0800] "POST /xingrg/kc/buy/cgsh_order_operate.html HTTP/1.1" 200 8245
222.67.238.82 - - [19/May/2023:11:52:35 +0800] "GET /xingrg/javascript/easyui/themes/default/validatebox.css HTTP/1.1" 404 1104
116.238.139.35 - - [19/May/2023:11:52:36 +0800] "GET /xingrg/kc/buy/cgsh_order_add.html HTTP/1.1" 200 71507
116.235.244.176 - - [19/May/2023:11:52:36 +0800] "POST /xingrg/kc/buy/cgsh_order_operate.html HTTP/1.1" 200 8245
116.235.244.176 - - [19/May/2023:11:52:36 +0800] "GET /xingrg/javascript/easyui/themes/default/validatebox.css HTTP/1.1" 404 1104
116.238.139.35 - - [19/May/2023:11:52:36 +0800] "POST /xingrg/kc/buy/cgsh_order_operate.html HTTP/1.1" 200 8245
116.238.139.35 - - [19/May/2023:11:52:36 +0800] "GET /xingrg/javascript/easyui/themes/default/validatebox.css HTTP/1.1" 404 1104
124.78.154.3 - - [19/May/2023:11:52:38 +0800] "POST /xingrg/kc/buy/cgsh_order_operate.html HTTP/1.1" 200 37
180.169.147.146 - - [19/May/2023:11:52:38 +0800] "GET /xingrg/all/function/internal_message.html?_=1684468351552&CODE_STATE=getMsg HTTP/1.1" 200 27
120.253.135.82 - - [19/May/2023:11:52:40 +0800] "POST /xingrg/kc/pszx/mdps_order_operate.html HTTP/1.1" 200 37
116.235.244.176 - - [19/May/2023:11:52:40 +0800] "GET /xingrg/all/function/internal_message.html?_=1684468372987&CODE_STATE=getMsg HTTP/1.1" 200 27
180.164.3.199 - - [19/May/2023:11:52:40 +0800] "GET /xingrg/all/function/internal_message.html?_=1684468360175&CODE_STATE=getMsg HTTP/1.1" 200 27
116.232.195.127 - - [19/May/2023:11:52:40 +0800] "GET /xingrg/kc/buy/cgsh_order_operate.html?command=get_materiel&rest_code=00155&code=00101001019&supplier_code=00100318&order_time=2023-05-19 HTTP/1.1" 200 415
116.238.139.35 - - [19/May/2023:11:52:41 +0800] "GET /xingrg/all/function/internal_message.html?_=1684468281998&CODE_STATE=getMsg HTTP/1.1" 200 27
116.238.139.35 - - [19/May/2023:11:52:43 +0800] "POST /xingrg/kc/buy/cgsh_order_operate.html HTTP/1.1" 200 12
120.253.135.82 - - [19/May/2023:11:52:45 +0800] "POST /xingrg/kc/pszx/mdps_order_operate.html HTTP/1.1" 200 12
124.78.154.3 - - [19/May/2023:11:52:46 +0800] "GET /xingrg/all/function/internal_message.html?_=1684468363359&CODE_STATE=getMsg HTTP/1.1" 200 27
116.224.158.100 - - [19/May/2023:11:52:46 +0800] "GET /xingrg/all/function/internal_message.html?_=1684468201128&CODE_STATE=getMsg HTTP/1.1" 200 27
116.224.158.100 - - [19/May/2023:11:52:47 +0800] "GET /xingrg/all/function/internal_message.html?_=1684468368235&CODE_STATE=getMsg HTTP/1.1" 200 27
120.253.135.82 - - [19/May/2023:11:52:48 +0800] "GET /xingrg/kc/pszx/mdps_order_info.html?code=312023051800386 HTTP/1.1" 200 19640
120.253.135.82 - - [19/May/2023:11:52:48 +0800] "GET /xingrg/javascript/easyui/themes/default/validatebox.css HTTP/1.1" 404 1104
120.253.135.82 - - [19/May/2023:11:52:48 +0800] "POST /xingrg/kc/pszx/mdps_order_operate.html HTTP/1.1" 200 1003
222.67.238.82 - - [19/May/2023:11:52:49 +0800] "GET /xingrg/all/function/internal_message.html?_=1684467884261&CODE_STATE=getMsg HTTP/1.1" 200 27
116.238.139.35 - - [19/May/2023:11:52:49 +0800] "GET /xingrg/all/function/internal_message.html?_=1684468368235&CODE_STATE=getMsg HTTP/1.1" 200 27
222.67.238.82 - - [19/May/2023:11:52:50 +0800] "GET /xingrg/kc/buy/cgsh_order_operate.html?command=get_materiel&rest_code=00141&code=00101010161&supplier_code=00100334&order_time=2023-05-19 HTTP/1.1" 200 409
124.78.154.3 - - [19/May/2023:11:52:51 +0800] "POST /xingrg/kc/buy/cgsh_order_operate.html HTTP/1.1" 200 12
116.238.139.35 - - [19/May/2023:11:52:52 +0800] "GET /xingrg/kc/buy/cgsh_order_info.html?code=212023051907108 HTTP/1.1" 200 66404
116.238.139.35 - - [19/May/2023:11:52:52 +0800] "GET /xingrg/javascript/easyui/themes/default/validatebox.css HTTP/1.1" 404 1104
116.235.244.176 - - [19/May/2023:11:52:53 +0800] "GET /xingrg/kc/buy/cgsh_order_operate.html?command=get_materiel&rest_code=00146&code=00101001115&supplier_code=00100089&order_time=2023-05-19 HTTP/1.1" 200 415
116.238.139.35 - - [19/May/2023:11:52:53 +0800] "POST /xingrg/kc/buy/cgsh_order_operate.html HTTP/1.1" 200 607
