114.83.216.225 - - [19/May/2023:10:02:15 +0800] "GET /xingrg/javascript/jquery-1.4.2.min.js HTTP/1.1" 304 -
114.83.216.225 - - [19/May/2023:10:02:15 +0800] "GET /xingrg/javascript/jquery_easy_ui/jquery.easyui.min.js HTTP/1.1" 304 -
114.83.216.225 - - [19/May/2023:10:02:15 +0800] "GET /xingrg/javascript/jquery_easy_ui/easyui-lang-zh_CN.js HTTP/1.1" 304 -
114.83.216.225 - - [19/May/2023:10:02:15 +0800] "GET /xingrg/javascript/jquery.form.js HTTP/1.1" 304 -
114.83.216.225 - - [19/May/2023:10:02:15 +0800] "GET /xingrg/javascript/jquery.utils.js HTTP/1.1" 304 -
114.83.216.225 - - [19/May/2023:10:02:15 +0800] "GET /xingrg/javascript/jquery.timers.js HTTP/1.1" 304 -
114.83.216.225 - - [19/May/2023:10:02:15 +0800] "GET /xingrg/images/blue/jxLogo.png HTTP/1.1" 304 -
114.83.216.225 - - [19/May/2023:10:02:15 +0800] "GET /xingrg/images/blue/navBackgound.jpg HTTP/1.1" 304 -
114.83.216.225 - - [19/May/2023:10:02:15 +0800] "GET /xingrg/javascript/jquery_easy_ui/themes/icons/settle_new.png HTTP/1.1" 304 -
114.83.216.225 - - [19/May/2023:10:02:15 +0800] "GET /xingrg/all/function/internal_message.html?_=1684461735881&CODE_STATE=count HTTP/1.1" 200 11
114.83.216.225 - - [19/May/2023:10:02:15 +0800] "GET /xingrg/check_reg.html?_=1684461735881 HTTP/1.1" 200 22
114.83.216.225 - - [19/May/2023:10:02:15 +0800] "GET /xingrg/javascript/jquery_easy_ui/themes/default/images/tabs_rightarrow.png HTTP/1.1" 304 -
114.83.216.225 - - [19/May/2023:10:02:15 +0800] "GET /xingrg/images/blue/pingpu.png HTTP/1.1" 304 -
114.83.216.225 - - [19/May/2023:10:02:15 +0800] "GET /xingrg/javascript/jquery_easy_ui/themes/default/images/tabs_leftarrow.png HTTP/1.1" 304 -
114.83.216.225 - - [19/May/2023:10:02:15 +0800] "GET /xingrg/javascript/jquery_easy_ui/themes/default/images/panel_tool_expand.gif HTTP/1.1" 304 -
114.83.216.225 - - [19/May/2023:10:02:15 +0800] "GET /xingrg/javascript/jquery_easy_ui/themes/default/images/panel_tool_collapse.gif HTTP/1.1" 304 -
114.83.216.225 - - [19/May/2023:10:02:15 +0800] "POST /xingrg/all/common/load_tree.html?tree=area_rest_tree_json&manage=1 HTTP/1.1" 200 3499
114.83.216.225 - - [19/May/2023:10:02:15 +0800] "POST /xingrg/load_menu.html HTTP/1.1" 200 9959
180.164.3.199 - - [19/May/2023:10:02:16 +0800] "GET /xingrg/all/function/internal_message.html?_=1684461736445&CODE_STATE=getMsg HTTP/1.1" 200 27
114.83.216.225 - - [19/May/2023:10:02:16 +0800] "GET /xingrg/kc/report/report_main.html HTTP/1.1" 200 7340
116.238.139.35 - - [19/May/2023:10:02:17 +0800] "GET /xingrg/kc/buy/cgsh_order_operate.html?command=get_materiel&rest_code=00150&code=00102014087&supplier_code=00100450&order_time=2023-05-19 HTTP/1.1" 200 418
114.83.216.225 - - [19/May/2023:10:02:17 +0800] "GET /xingrg/kc/base/crk_hz.html HTTP/1.1" 200 11247
114.83.216.225 - - [19/May/2023:10:02:18 +0800] "POST /xingrg/kc/cost/cost_operate.html?command=get_base_tree HTTP/1.1" 200 2657
114.83.216.225 - - [19/May/2023:10:02:18 +0800] "POST /xingrg/all/common/load_tree.html?tree=materiel_sort_tree_json HTTP/1.1" 200 9500
114.83.216.225 - - [19/May/2023:10:02:20 +0800] "GET /xingrg/kc/report/report_main.html HTTP/1.1" 200 7340
114.83.216.225 - - [19/May/2023:10:02:21 +0800] "GET /xingrg/kc/base/kc_stocks.html HTTP/1.1" 200 16512
114.83.216.225 - - [19/May/2023:10:02:21 +0800] "GET /xingrg/javascript/easyui/themes/default/tree.css HTTP/1.1" 404 1090
114.83.216.225 - - [19/May/2023:10:02:22 +0800] "GET /xingrg/all/common/auto_word.html?type=base&rest_code=00149 HTTP/1.1" 200 1907
114.83.216.225 - - [19/May/2023:10:02:22 +0800] "POST /xingrg/all/common/load_tree.html?tree=materiel_sort_tree_json HTTP/1.1" 200 9500
114.83.216.225 - - [19/May/2023:10:02:22 +0800] "GET /xingrg/kc/buy/cgsh_order_operate.html?command=get_materiel&rest_code=00149&code=00101009062&supplier_code=00100201&order_time=2023-05-19 HTTP/1.1" 200 412
114.83.216.225 - - [19/May/2023:10:02:24 +0800] "GET /xingrg/all/function/internal_message.html?_=1684461740560&CODE_STATE=getMsg HTTP/1.1" 200 27
116.238.139.35 - - [19/May/2023:10:02:25 +0800] "GET /xingrg/all/function/internal_message.html?_=1684461743548&CODE_STATE=getMsg HTTP/1.1" 200 27
172.20.0.100 - - [19/May/2023:10:02:26 +0800] "GET /xingrg/check_reg.html?_=1684461759062 HTTP/1.1" 200 22
114.83.216.225 - - [19/May/2023:10:02:26 +0800] "POST /xingrg/kc/base/stock_operate.html HTTP/1.1" 200 2856
124.79.240.114 - - [19/May/2023:10:02:28 +0800] "GET /xingrg/all/function/internal_message.html?_=1684461738813&CODE_STATE=getMsg HTTP/1.1" 302 -
116.238.139.35 - - [19/May/2023:10:02:28 +0800] "POST /xingrg/kc/buy/cgsh_order_operate.html HTTP/1.1" 200 37
114.83.216.225 - - [19/May/2023:10:02:30 +0800] "GET /xingrg/kc/base/stock_detail.html?m=00101005045 HTTP/1.1" 200 7397
114.83.216.225 - - [19/May/2023:10:02:31 +0800] "GET /xingrg/kc/buy/cgsh_order_operate.html?command=get_materiel&rest_code=00149&code=00101009011&supplier_code=00100201&order_time=2023-05-19 HTTP/1.1" 200 416
114.83.216.225 - - [19/May/2023:10:02:33 +0800] "GET /xingrg/kc/base/stock_operate.html?_=1684461753492&command=get_report_file&start_day=20230401 HTTP/1.1" 200 53
114.83.216.225 - - [19/May/2023:10:02:33 +0800] "GET /xingrg/all/report/report_query.html?isQuery=1&onlyBody=1&rh=2000&fileName=kc/base/kc_stock_detail_new.xml&queryString=(1=1)&queryText=&tableQueryString=init_table$sp1$$sp$crk_table$sp1$order_day%20between%2020230401%20and%2020230531&varString=start_day:20230401,materiel_code:00101005045,cost_id:4299,end_date:20230331 HTTP/1.1" 200 48701
114.83.216.225 - - [19/May/2023:10:02:33 +0800] "GET /xingrg/dwr/interface/AjaxReportQueryService.js HTTP/1.1" 200 13203
114.83.216.225 - - [19/May/2023:10:02:33 +0800] "GET /xingrg/dwr/util.js HTTP/1.1" 304 -
114.83.216.225 - - [19/May/2023:10:02:33 +0800] "GET /xingrg/dwr/engine.js HTTP/1.1" 200 43631
114.83.216.225 - - [19/May/2023:10:02:34 +0800] "POST /xingrg/all/report/load_report_page.html HTTP/1.1" 200 59162
114.83.216.225 - - [19/May/2023:10:02:34 +0800] "GET /xingrg/servlets/image?cache=0.7164385069816149&image=px HTTP/1.1" 200 807
116.232.195.127 - - [19/May/2023:10:02:38 +0800] "GET /xingrg/check_reg.html?_=1684461800319 HTTP/1.1" 200 22
116.232.195.127 - - [19/May/2023:10:02:38 +0800] "GET /xingrg/all/function/internal_message.html?_=1684461800321&CODE_STATE=getMsg HTTP/1.1" 200 27
116.235.244.176 - - [19/May/2023:10:02:39 +0800] "GET /xingrg/all/function/internal_message.html?_=1684461771491&CODE_STATE=getMsg HTTP/1.1" 200 27
114.83.216.225 - - [19/May/2023:10:02:41 +0800] "GET /xingrg/kc/buy/cgsh_order_operate.html?command=get_materiel&rest_code=00149&code=00101009122&supplier_code=00100201&order_time=2023-05-19 HTTP/1.1" 200 405
124.79.74.67 - - [19/May/2023:10:02:45 +0800] "GET /xingrg/all/function/internal_message.html?_=1684461787001&CODE_STATE=getMsg HTTP/1.1" 200 27
116.238.210.79 - - [19/May/2023:10:02:46 +0800] "GET /xingrg/all/function/internal_message.html?_=1684461767372&CODE_STATE=getMsg HTTP/1.1" 302 -
116.224.158.100 - - [19/May/2023:10:02:46 +0800] "GET /xingrg/all/function/internal_message.html?_=1684461600940&CODE_STATE=getMsg HTTP/1.1" 200 27
116.224.158.100 - - [19/May/2023:10:02:48 +0800] "GET /xingrg/all/function/internal_message.html?_=1684461769308&CODE_STATE=getMsg HTTP/1.1" 200 27
116.238.139.35 - - [19/May/2023:10:02:50 +0800] "POST /xingrg/kc/buy/cgsh_order_operate.html HTTP/1.1" 200 12
114.83.216.225 - - [19/May/2023:10:02:51 +0800] "GET /xingrg/kc/buy/cgsh_order_operate.html?command=get_materiel&rest_code=00149&code=00101009119&supplier_code=00100201&order_time=2023-05-19 HTTP/1.1" 200 417
116.238.139.35 - - [19/May/2023:10:02:52 +0800] "GET /xingrg/kc/buy/cgsh_order_info.html?code=212023051906977 HTTP/1.1" 200 66416
116.238.139.35 - - [19/May/2023:10:02:53 +0800] "GET /xingrg/javascript/easyui/themes/default/validatebox.css HTTP/1.1" 404 1104
116.238.139.35 - - [19/May/2023:10:02:53 +0800] "POST /xingrg/kc/buy/cgsh_order_operate.html HTTP/1.1" 200 3567
116.238.139.35 - - [19/May/2023:10:02:55 +0800] "GET /xingrg/kc/print/load_data.html?order_code=212023051906977&kc_code=cgsh&condition= HTTP/1.1" 200 1851
180.171.122.0 - - [19/May/2023:10:03:00 +0800] "GET /xingrg/all/function/internal_message.html?_=1684461777295&CODE_STATE=getMsg HTTP/1.1" 200 27
114.83.216.225 - - [19/May/2023:10:03:00 +0800] "GET /xingrg/kc/buy/cgsh_order_operate.html?command=get_materiel&rest_code=00149&code=00101009120&supplier_code=00100201&order_time=2023-05-19 HTTP/1.1" 200 417
180.171.122.0 - - [19/May/2023:10:03:00 +0800] "GET /xingrg/check_reg.html?_=1684461777904 HTTP/1.1" 200 22
120.253.135.82 - - [19/May/2023:10:03:06 +0800] "GET /xingrg/all/function/internal_message.html?_=1684461622600&CODE_STATE=getMsg HTTP/1.1" 200 27
116.235.244.176 - - [19/May/2023:10:03:09 +0800] "GET /xingrg/all/function/internal_message.html?_=1684461811304&CODE_STATE=getMsg HTTP/1.1" 200 27
114.83.216.225 - - [19/May/2023:10:03:11 +0800] "POST /xingrg/kc/buy/cgsh_order_operate.html HTTP/1.1" 200 37
124.78.154.3 - - [19/May/2023:10:03:13 +0800] "GET /xingrg/all/function/internal_message.html?_=1684461793203&CODE_STATE=getMsg HTTP/1.1" 200 27
114.83.216.225 - - [19/May/2023:10:03:15 +0800] "GET /xingrg/all/function/internal_message.html?_=1684461795884&CODE_STATE=getMsg HTTP/1.1" 200 27
180.164.3.199 - - [19/May/2023:10:03:16 +0800] "GET /xingrg/all/function/internal_message.html?_=1684461796440&CODE_STATE=getMsg HTTP/1.1" 200 27
114.83.216.225 - - [19/May/2023:10:03:17 +0800] "POST /xingrg/kc/buy/cgsh_order_operate.html HTTP/1.1" 200 12
114.83.216.225 - - [19/May/2023:10:03:19 +0800] "GET /xingrg/kc/buy/cgsh_order_info.html?code=212023051906978 HTTP/1.1" 200 66448
114.83.216.225 - - [19/May/2023:10:03:20 +0800] "GET /xingrg/javascript/easyui/themes/default/validatebox.css HTTP/1.1" 404 1104
114.83.216.225 - - [19/May/2023:10:03:21 +0800] "POST /xingrg/kc/buy/cgsh_order_operate.html HTTP/1.1" 200 3566
114.83.216.225 - - [19/May/2023:10:03:22 +0800] "GET /xingrg/check_reg.html?_=1684461798567 HTTP/1.1" 200 22
114.83.216.225 - - [19/May/2023:10:03:24 +0800] "GET /xingrg/all/function/internal_message.html?_=1684461800546&CODE_STATE=getMsg HTTP/1.1" 200 27
116.238.139.35 - - [19/May/2023:10:03:25 +0800] "GET /xingrg/check_reg.html?_=1684461803524 HTTP/1.1" 200 22
116.238.139.35 - - [19/May/2023:10:03:25 +0800] "GET /xingrg/all/function/internal_message.html?_=1684461803528&CODE_STATE=getMsg HTTP/1.1" 200 27
124.79.240.114 - - [19/May/2023:10:03:28 +0800] "GET /xingrg/all/function/internal_message.html?_=1684461798818&CODE_STATE=getMsg HTTP/1.1" 302 -
114.83.216.225 - - [19/May/2023:10:03:33 +0800] "GET /xingrg/kc/print/load_data.html?order_code=212023051906978&kc_code=cgsh&condition= HTTP/1.1" 200 1841
116.232.195.127 - - [19/May/2023:10:03:38 +0800] "GET /xingrg/all/function/internal_message.html?_=1684461860310&CODE_STATE=getMsg HTTP/1.1" 200 27
116.235.244.176 - - [19/May/2023:10:03:39 +0800] "GET /xingrg/all/function/internal_message.html?_=1684461831510&CODE_STATE=getMsg HTTP/1.1" 200 27
116.238.210.79 - - [19/May/2023:10:03:40 +0800] "GET /xingrg/kc/buy/cgsh_order_list.html HTTP/1.1" 302 -
116.238.210.79 - - [19/May/2023:10:03:40 +0800] "GET /xingrg/login.html HTTP/1.1" 200 7641
116.238.210.79 - - [19/May/2023:10:03:40 +0800] "GET /xingrg/login.html HTTP/1.1" 200 7641
116.238.210.79 - - [19/May/2023:10:03:40 +0800] "GET /xingrg/images/blue/jxLogo.png HTTP/1.1" 200 6156
116.238.210.79 - - [19/May/2023:10:03:40 +0800] "GET /xingrg/images/blue/srbg.png HTTP/1.1" 200 138
116.238.210.79 - - [19/May/2023:10:03:40 +0800] "GET /xingrg/images/blue/hj.png HTTP/1.1" 200 1014
116.238.210.79 - - [19/May/2023:10:03:40 +0800] "GET /xingrg/images/blue/login_bg.png HTTP/1.1" 200 22101
116.238.210.79 - - [19/May/2023:10:03:41 +0800] "GET /favicon.ico HTTP/1.1" 404 -
116.238.210.79 - - [19/May/2023:10:03:42 +0800] "POST /xingrg/login.do HTTP/1.1" 302 -
116.238.210.79 - - [19/May/2023:10:03:42 +0800] "GET /xingrg/index.html?sysBaseUrl=http%3A%2F%2F180.169.147.146%3A18081%2Fxingrg%2F&costTime=801×tamp=1684461822919 HTTP/1.1" 200 17173
116.238.210.79 - - [19/May/2023:10:03:43 +0800] "GET /xingrg/javascript/jquery_easy_ui/themes/default/easyui.css HTTP/1.1" 200 26500
116.238.210.79 - - [19/May/2023:10:03:43 +0800] "GET /xingrg/css/form.css HTTP/1.1" 200 893
116.238.210.79 - - [19/May/2023:10:03:43 +0800] "GET /xingrg/javascript/jquery_easy_ui/themes/icon.css HTTP/1.1" 200 3949
116.238.210.79 - - [19/May/2023:10:03:43 +0800] "GET /xingrg/javascript/jquery.form.js HTTP/1.1" 200 23110
116.238.210.79 - - [19/May/2023:10:03:43 +0800] "GET /xingrg/javascript/jquery-1.4.2.min.js HTTP/1.1" 200 72205
116.238.210.79 - - [19/May/2023:10:03:43 +0800] "GET /xingrg/javascript/jquery.utils.js HTTP/1.1" 200 11805
116.238.210.79 - - [19/May/2023:10:03:43 +0800] "GET /xingrg/javascript/jquery_easy_ui/easyui-lang-zh_CN.js HTTP/1.1" 200 1900
116.238.210.79 - - [19/May/2023:10:03:43 +0800] "GET /xingrg/javascript/jquery_easy_ui/jquery.easyui.min.js HTTP/1.1" 200 213662
116.238.210.79 - - [19/May/2023:10:03:43 +0800] "GET /xingrg/javascript/jquery.timers.js HTTP/1.1" 200 3532
116.238.210.79 - - [19/May/2023:10:03:43 +0800] "GET /favicon.ico HTTP/1.1" 404 -
116.238.210.79 - - [19/May/2023:10:03:43 +0800] "GET /xingrg/images/blue/navBackgound.jpg HTTP/1.1" 200 12378
116.238.210.79 - - [19/May/2023:10:03:43 +0800] "GET /xingrg/javascript/jquery_easy_ui/themes/icons/settle_new.png HTTP/1.1" 200 826
116.238.210.79 - - [19/May/2023:10:03:43 +0800] "GET /xingrg/all/function/internal_message.html?_=1684461823926&CODE_STATE=count HTTP/1.1" 200 11
116.238.210.79 - - [19/May/2023:10:03:43 +0800] "GET /xingrg/images/blue/pingpu.png HTTP/1.1" 200 231
116.238.210.79 - - [19/May/2023:10:03:43 +0800] "GET /xingrg/check_reg.html?_=1684461823926 HTTP/1.1" 200 22
116.238.210.79 - - [19/May/2023:10:03:43 +0800] "GET /xingrg/javascript/jquery_easy_ui/themes/default/images/tabs_leftarrow.png HTTP/1.1" 200 389
116.238.210.79 - - [19/May/2023:10:03:43 +0800] "GET /xingrg/javascript/jquery_easy_ui/themes/default/images/tabs_rightarrow.png HTTP/1.1" 200 395
116.238.210.79 - - [19/May/2023:10:03:43 +0800] "GET /xingrg/javascript/jquery_easy_ui/themes/default/images/panel_tool_collapse.gif HTTP/1.1" 200 246
116.238.210.79 - - [19/May/2023:10:03:43 +0800] "POST /xingrg/all/common/load_tree.html?tree=area_rest_tree_json&manage=1 HTTP/1.1" 200 342
116.238.210.79 - - [19/May/2023:10:03:43 +0800] "POST /xingrg/load_menu.html HTTP/1.1" 200 5138
116.238.210.79 - - [19/May/2023:10:03:43 +0800] "GET /xingrg/javascript/jquery_easy_ui/themes/default/images/tree_arrows.gif HTTP/1.1" 200 1043
116.238.210.79 - - [19/May/2023:10:03:43 +0800] "GET /xingrg/javascript/jquery_easy_ui/themes/default/images/tree_file.gif HTTP/1.1" 200 118
116.238.210.79 - - [19/May/2023:10:03:43 +0800] "GET /xingrg/javascript/jquery_easy_ui/themes/icons/forms_new.png HTTP/1.1" 200 350
116.238.210.79 - - [19/May/2023:10:03:43 +0800] "GET /xingrg/javascript/jquery_easy_ui/themes/icons/search_new.png HTTP/1.1" 200 586
116.238.210.79 - - [19/May/2023:10:03:43 +0800] "GET /xingrg/javascript/jquery_easy_ui/themes/default/images/tree_folder_open.gif HTTP/1.1" 200 956
116.238.210.79 - - [19/May/2023:10:03:43 +0800] "GET /xingrg/javascript/jquery_easy_ui/themes/default/images/tree_folder.gif HTTP/1.1" 200 952
116.238.210.79 - - [19/May/2023:10:03:43 +0800] "GET /xingrg/javascript/jquery_easy_ui/themes/icons/storage_new.png HTTP/1.1" 200 853
124.79.74.67 - - [19/May/2023:10:03:45 +0800] "GET /xingrg/all/function/internal_message.html?_=1684461847016&CODE_STATE=getMsg HTTP/1.1" 200 27
116.224.158.100 - - [19/May/2023:10:03:46 +0800] "GET /xingrg/all/function/internal_message.html?_=1684461660941&CODE_STATE=getMsg HTTP/1.1" 200 27
116.238.210.79 - - [19/May/2023:10:03:47 +0800] "GET /xingrg/javascript/jquery_easy_ui/themes/default/images/tabs_close.gif HTTP/1.1" 200 829
116.238.210.79 - - [19/May/2023:10:03:48 +0800] "GET /xingrg/kc/buy/cgsh_order_list.html HTTP/1.1" 200 55669
116.238.210.79 - - [19/May/2023:10:03:48 +0800] "GET /xingrg/css/base.css HTTP/1.1" 200 2811
116.238.210.79 - - [19/May/2023:10:03:48 +0800] "GET /xingrg/css/site.css HTTP/1.1" 200 7541
116.238.210.79 - - [19/May/2023:10:03:48 +0800] "GET /xingrg/javascript/jquery_tools/datebox.css HTTP/1.1" 200 2597
116.238.210.79 - - [19/May/2023:10:03:48 +0800] "GET /xingrg/javascript/easyui/themes/icon.css HTTP/1.1" 200 4483
116.238.210.79 - - [19/May/2023:10:03:48 +0800] "GET /xingrg/javascript/easyui/themes/default/easyui.css HTTP/1.1" 200 30432
116.238.210.79 - - [19/May/2023:10:03:48 +0800] "GET /xingrg/javascript/auto/jquery.autocomplete.css HTTP/1.1" 200 587
116.238.210.79 - - [19/May/2023:10:03:48 +0800] "GET /xingrg/javascript/jquery_tools/fix.css HTTP/1.1" 200 1702
116.238.210.79 - - [19/May/2023:10:03:48 +0800] "GET /xingrg/javascript/jquery_tools/table.css HTTP/1.1" 200 1032
116.238.210.79 - - [19/May/2023:10:03:48 +0800] "GET /xingrg/javascript/jquery_tools/jquery.tools.min.js HTTP/1.1" 200 138801
116.238.210.79 - - [19/May/2023:10:03:48 +0800] "GET /xingrg/javascript/jquery_tools/jquery.tools.extend.js HTTP/1.1" 200 15385
116.238.210.79 - - [19/May/2023:10:03:48 +0800] "GET /xingrg/javascript/jquery_tools/jquery.tools.hotkey.js HTTP/1.1" 200 3242
116.238.210.79 - - [19/May/2023:10:03:48 +0800] "GET /xingrg/javascript/jquery_tools/list_manager.js HTTP/1.1" 200 3652
116.238.210.79 - - [19/May/2023:10:03:48 +0800] "GET /xingrg/javascript/jquery_tools/jquery.tools.table.js HTTP/1.1" 200 6994
116.238.210.79 - - [19/May/2023:10:03:48 +0800] "GET /xingrg/javascript/auto/jquery.autocomplete.js HTTP/1.1" 200 21624
116.238.210.79 - - [19/May/2023:10:03:48 +0800] "GET /xingrg/javascript/jquery.cookie.js HTTP/1.1" 200 5513
116.238.210.79 - - [19/May/2023:10:03:48 +0800] "GET /xingrg/javascript/easyui/easyloader.js HTTP/1.1" 200 5975
116.238.210.79 - - [19/May/2023:10:03:48 +0800] "GET /xingrg/javascript/print/LodopFuncs.js HTTP/1.1" 200 5121
116.238.210.79 - - [19/May/2023:10:03:48 +0800] "GET /xingrg/javascript/easyui/themes/icons/edit_add_new.png HTTP/1.1" 200 2997
116.238.210.79 - - [19/May/2023:10:03:48 +0800] "GET /xingrg/javascript/easyui/themes/icons/cance_new.png HTTP/1.1" 200 3986
116.238.210.79 - - [19/May/2023:10:03:48 +0800] "GET /xingrg/javascript/easyui/themes/icons/field_new.png HTTP/1.1" 200 1097
116.238.210.79 - - [19/May/2023:10:03:48 +0800] "GET /xingrg/javascript/easyui/themes/icons/check_new.png HTTP/1.1" 200 3224
116.238.210.79 - - [19/May/2023:10:03:48 +0800] "GET /xingrg/javascript/easyui/themes/icons/import_new.png HTTP/1.1" 200 1247
116.238.210.79 - - [19/May/2023:10:03:48 +0800] "GET /xingrg/javascript/easyui/plugins/jquery.parser.js HTTP/1.1" 200 1142
116.238.210.79 - - [19/May/2023:10:03:48 +0800] "GET /xingrg/images/control/ajaxLoader.gif HTTP/1.1" 200 4659
116.224.158.100 - - [19/May/2023:10:03:48 +0800] "GET /xingrg/all/function/internal_message.html?_=1684461829334&CODE_STATE=getMsg HTTP/1.1" 200 27
116.238.210.79 - - [19/May/2023:10:03:50 +0800] "POST /xingrg/kc/buy/cgsh_list_operate.html HTTP/1.1" 200 986
116.235.244.176 - - [19/May/2023:10:03:54 +0800] "GET /xingrg/check_reg.html?_=1684461856570 HTTP/1.1" 200 22
180.171.122.0 - - [19/May/2023:10:04:00 +0800] "GET /xingrg/all/function/internal_message.html?_=1684461837278&CODE_STATE=getMsg HTTP/1.1" 200 27
116.238.210.79 - - [19/May/2023:10:04:05 +0800] "GET /xingrg/javascript/easyui/themes/default/images/button_plain_hover.png HTTP/1.1" 200 144
120.253.135.82 - - [19/May/2023:10:04:06 +0800] "GET /xingrg/all/function/internal_message.html?_=1684461682614&CODE_STATE=getMsg HTTP/1.1" 200 27
116.238.210.79 - - [19/May/2023:10:04:06 +0800] "GET /xingrg/kc/buy/cgsh_order_add.html HTTP/1.1" 200 71486
116.238.210.79 - - [19/May/2023:10:04:06 +0800] "GET /xingrg/javascript/pic_change.js HTTP/1.1" 200 4739
116.238.210.79 - - [19/May/2023:10:04:06 +0800] "GET /xingrg/javascript/jquery_tools/order_manager.js HTTP/1.1" 200 11183
116.238.210.79 - - [19/May/2023:10:04:06 +0800] "GET /xingrg/javascript/convert.js HTTP/1.1" 200 1239
116.238.210.79 - - [19/May/2023:10:04:06 +0800] "GET /xingrg/javascript/json2.js HTTP/1.1" 200 11259
116.238.210.79 - - [19/May/2023:10:04:06 +0800] "GET /xingrg/javascript/print/kc_print.js HTTP/1.1" 200 11415
116.238.210.79 - - [19/May/2023:10:04:06 +0800] "GET /xingrg/words/20230516134409_words.js HTTP/1.1" 200 965194
116.238.210.79 - - [19/May/2023:10:04:07 +0800] "GET /xingrg/javascript/easyui/themes/icons/print.png HTTP/1.1" 200 1057
116.238.210.79 - - [19/May/2023:10:04:07 +0800] "GET /xingrg/javascript/easyui/themes/default/images/menu_downarrow.png HTTP/1.1" 200 173
116.238.210.79 - - [19/May/2023:10:04:07 +0800] "GET /xingrg/javascript/easyui/themes/icons/ok.png HTTP/1.1" 200 883
116.238.210.79 - - [19/May/2023:10:04:07 +0800] "GET /xingrg/javascript/easyui/themes/icons/cancel.png HTTP/1.1" 200 1133
116.238.210.79 - - [19/May/2023:10:04:07 +0800] "GET /xingrg/javascript/easyui/themes/icons/template_new.png HTTP/1.1" 200 3956
116.238.210.79 - - [19/May/2023:10:04:07 +0800] "GET /xingrg/javascript/easyui/themes/icons/copy_new.png HTTP/1.1" 200 815
116.238.210.79 - - [19/May/2023:10:04:07 +0800] "POST /xingrg/kc/buy/cgsh_order_operate.html HTTP/1.1" 200 8245
116.238.210.79 - - [19/May/2023:10:04:07 +0800] "GET /xingrg/javascript/easyui/themes/default/validatebox.css HTTP/1.1" 404 1104
116.238.210.79 - - [19/May/2023:10:04:07 +0800] "GET /xingrg/javascript/easyui/plugins/jquery.validatebox.js HTTP/1.1" 200 6103
116.238.210.79 - - [19/May/2023:10:04:07 +0800] "GET /xingrg/all/common/auto_word.html?type=employee&rest_code=00102 HTTP/1.1" 200 189
116.238.210.79 - - [19/May/2023:10:04:07 +0800] "GET /xingrg/javascript/easyui/themes/icons/edit_remove.png HTTP/1.1" 200 625
116.238.210.79 - - [19/May/2023:10:04:07 +0800] "GET /xingrg/javascript/easyui/plugins/jquery.numberbox.js HTTP/1.1" 200 5213
116.238.210.79 - - [19/May/2023:10:04:07 +0800] "GET /xingrg/all/common/auto_word.html?type=employee&rest_code=00102 HTTP/1.1" 200 189
116.235.244.176 - - [19/May/2023:10:04:09 +0800] "GET /xingrg/all/function/internal_message.html?_=1684461871315&CODE_STATE=getMsg HTTP/1.1" 200 27
116.224.158.100 - - [19/May/2023:10:04:12 +0800] "GET /favicon.ico HTTP/1.1" 404 -
124.78.154.3 - - [19/May/2023:10:04:13 +0800] "GET /xingrg/all/function/internal_message.html?_=1684461853203&CODE_STATE=getMsg HTTP/1.1" 200 27
116.238.210.79 - - [19/May/2023:10:04:14 +0800] "GET /xingrg/javascript/easyui/plugins/jquery.draggable.js HTTP/1.1" 200 6121
116.238.210.79 - - [19/May/2023:10:04:14 +0800] "GET /xingrg/css/images/panel_loading.gif HTTP/1.1" 200 1737
116.238.210.79 - - [19/May/2023:10:04:14 +0800] "GET /xingrg/javascript/easyui/plugins/jquery.droppable.js HTTP/1.1" 200 1167
116.238.210.79 - - [19/May/2023:10:04:14 +0800] "GET /xingrg/javascript/easyui/themes/default/tree.css HTTP/1.1" 404 1090
116.238.210.79 - - [19/May/2023:10:04:14 +0800] "GET /xingrg/javascript/easyui/plugins/jquery.tree.js HTTP/1.1" 200 20874
116.238.210.79 - - [19/May/2023:10:04:15 +0800] "POST /xingrg/all/common/load_tree.html?tree=supplier_tree_json&isDelete=1 HTTP/1.1" 200 74192
114.83.216.225 - - [19/May/2023:10:04:15 +0800] "GET /xingrg/all/function/internal_message.html?_=1684461855895&CODE_STATE=getMsg HTTP/1.1" 200 27
116.238.210.79 - - [19/May/2023:10:04:16 +0800] "GET /xingrg/javascript/easyui/themes/default/images/tree_folder_open.gif HTTP/1.1" 200 956
116.238.210.79 - - [19/May/2023:10:04:16 +0800] "GET /xingrg/javascript/easyui/themes/default/images/tree_arrows.gif HTTP/1.1" 200 617
116.238.210.79 - - [19/May/2023:10:04:16 +0800] "GET /xingrg/javascript/easyui/themes/default/images/tree_folder.gif HTTP/1.1" 200 952
116.238.210.79 - - [19/May/2023:10:04:16 +0800] "GET /xingrg/javascript/easyui/themes/default/images/tree_file.gif HTTP/1.1" 200 118
180.164.3.199 - - [19/May/2023:10:04:16 +0800] "GET /xingrg/all/function/internal_message.html?_=1684461856415&CODE_STATE=getMsg HTTP/1.1" 200 27
116.238.210.79 - - [19/May/2023:10:04:19 +0800] "GET /xingrg/javascript/auto/indicator.gif HTTP/1.1" 404 1066
114.83.216.225 - - [19/May/2023:10:04:24 +0800] "GET /xingrg/all/function/internal_message.html?_=1684461860521&CODE_STATE=getMsg HTTP/1.1" 200 27
116.238.139.35 - - [19/May/2023:10:04:25 +0800] "GET /xingrg/all/function/internal_message.html?_=1684461863529&CODE_STATE=getMsg HTTP/1.1" 200 27
124.79.240.114 - - [19/May/2023:10:04:28 +0800] "GET /xingrg/check_reg.html?_=1684461858810 HTTP/1.1" 302 -
124.79.240.114 - - [19/May/2023:10:04:28 +0800] "GET /xingrg/all/function/internal_message.html?_=1684461858812&CODE_STATE=getMsg HTTP/1.1" 302 -
116.238.210.79 - - [19/May/2023:10:04:29 +0800] "GET /xingrg/kc/buy/cgsh_order_operate.html?command=get_materiel&rest_code=00102&code=00101016030&supplier_code=00100096&order_time=2023-05-19 HTTP/1.1" 200 412
218.81.73.248 - - [19/May/2023:10:04:37 +0800] "GET /xingrg/check_reg.html?_=1684461878707 HTTP/1.1" 200 22
116.232.195.127 - - [19/May/2023:10:04:38 +0800] "GET /xingrg/all/function/internal_message.html?_=1684461920320&CODE_STATE=getMsg HTTP/1.1" 200 27
116.235.244.176 - - [19/May/2023:10:04:39 +0800] "GET /xingrg/all/function/internal_message.html?_=1684461891524&CODE_STATE=getMsg HTTP/1.1" 200 27
116.238.210.79 - - [19/May/2023:10:04:43 +0800] "GET /xingrg/all/function/internal_message.html?_=1684461883958&CODE_STATE=getMsg HTTP/1.1" 200 27
116.238.210.79 - - [19/May/2023:10:04:44 +0800] "GET /xingrg/kc/buy/cgsh_order_operate.html?command=get_materiel&rest_code=00102&code=00101006111&supplier_code=00100096&order_time=2023-05-19 HTTP/1.1" 200 409
124.79.74.67 - - [19/May/2023:10:04:45 +0800] "GET /xingrg/check_reg.html?_=1684461907015 HTTP/1.1" 200 22
124.79.74.67 - - [19/May/2023:10:04:45 +0800] "GET /xingrg/all/function/internal_message.html?_=1684461907017&CODE_STATE=getMsg HTTP/1.1" 200 27
116.224.158.100 - - [19/May/2023:10:04:46 +0800] "GET /xingrg/all/function/internal_message.html?_=1684461720940&CODE_STATE=getMsg HTTP/1.1" 200 27
116.224.158.100 - - [19/May/2023:10:04:46 +0800] "GET /xingrg/check_reg.html?_=1684461720941 HTTP/1.1" 200 22
116.224.158.100 - - [19/May/2023:10:04:48 +0800] "GET /xingrg/all/function/internal_message.html?_=1684461889334&CODE_STATE=getMsg HTTP/1.1" 200 27
114.83.216.225 - - [19/May/2023:10:04:49 +0800] "GET /xingrg/kc/buy/cgsh_order_add.html HTTP/1.1" 200 71539
114.83.216.225 - - [19/May/2023:10:04:49 +0800] "POST /xingrg/kc/buy/cgsh_order_operate.html HTTP/1.1" 200 8245
114.83.216.225 - - [19/May/2023:10:04:49 +0800] "GET /xingrg/javascript/easyui/themes/default/validatebox.css HTTP/1.1" 404 1104
180.171.122.0 - - [19/May/2023:10:05:00 +0800] "GET /xingrg/all/function/internal_message.html?_=1684461897262&CODE_STATE=getMsg HTTP/1.1" 200 27
120.253.135.82 - - [19/May/2023:10:05:06 +0800] "GET /xingrg/all/function/internal_message.html?_=1684461742639&CODE_STATE=getMsg HTTP/1.1" 200 27
116.235.244.176 - - [19/May/2023:10:05:09 +0800] "GET /xingrg/all/function/internal_message.html?_=1684461931328&CODE_STATE=getMsg HTTP/1.1" 200 27
116.235.244.176 - - [19/May/2023:10:05:09 +0800] "GET /xingrg/kc/buy/cgsh_order_list.html HTTP/1.1" 200 55675
116.238.210.79 - - [19/May/2023:10:05:10 +0800] "GET /xingrg/kc/buy/cgsh_order_operate.html?command=get_materiel&rest_code=00102&code=00101006112&supplier_code=00100096&order_time=2023-05-19 HTTP/1.1" 200 411
116.235.244.176 - - [19/May/2023:10:05:11 +0800] "POST /xingrg/kc/buy/cgsh_list_operate.html HTTP/1.1" 200 986
124.78.154.3 - - [19/May/2023:10:05:13 +0800] "GET /xingrg/check_reg.html?_=1684461913218 HTTP/1.1" 200 22
124.78.154.3 - - [19/May/2023:10:05:13 +0800] "GET /xingrg/all/function/internal_message.html?_=1684461913220&CODE_STATE=getMsg HTTP/1.1" 200 27
116.235.244.176 - - [19/May/2023:10:05:15 +0800] "GET /xingrg/kc/buy/cgsh_order_add.html HTTP/1.1" 200 71451
116.235.244.176 - - [19/May/2023:10:05:15 +0800] "POST /xingrg/kc/buy/cgsh_order_operate.html HTTP/1.1" 200 8245
116.235.244.176 - - [19/May/2023:10:05:15 +0800] "GET /xingrg/all/common/auto_word.html?type=employee&rest_code=00146 HTTP/1.1" 200 101
116.235.244.176 - - [19/May/2023:10:05:15 +0800] "GET /xingrg/javascript/easyui/themes/default/validatebox.css HTTP/1.1" 404 1104
116.235.244.176 - - [19/May/2023:10:05:15 +0800] "GET /xingrg/all/common/auto_word.html?type=employee&rest_code=00146 HTTP/1.1" 200 101
114.83.216.225 - - [19/May/2023:10:05:15 +0800] "GET /xingrg/all/function/internal_message.html?_=1684461915880&CODE_STATE=getMsg HTTP/1.1" 200 27
180.164.3.199 - - [19/May/2023:10:05:16 +0800] "GET /xingrg/all/function/internal_message.html?_=1684461916392&CODE_STATE=getMsg HTTP/1.1" 200 27
180.164.3.199 - - [19/May/2023:10:05:17 +0800] "GET /xingrg/check_reg.html?_=1684461916781 HTTP/1.1" 200 22
116.238.210.79 - - [19/May/2023:10:05:19 +0800] "GET /xingrg/kc/buy/cgsh_order_operate.html?command=get_materiel&rest_code=00102&code=00101006133&supplier_code=00100096&order_time=2023-05-19 HTTP/1.1" 200 415
114.83.216.225 - - [19/May/2023:10:05:24 +0800] "GET /xingrg/all/function/internal_message.html?_=1684461920498&CODE_STATE=getMsg HTTP/1.1" 200 27
116.238.139.35 - - [19/May/2023:10:05:25 +0800] "GET /xingrg/all/function/internal_message.html?_=1684461923533&CODE_STATE=getMsg HTTP/1.1" 200 27
124.79.240.114 - - [19/May/2023:10:05:28 +0800] "GET /xingrg/all/function/internal_message.html?_=1684461918799&CODE_STATE=getMsg HTTP/1.1" 302 -
116.232.195.127 - - [19/May/2023:10:05:38 +0800] "GET /xingrg/all/function/internal_message.html?_=1684461980320&CODE_STATE=getMsg HTTP/1.1" 200 27
116.235.244.176 - - [19/May/2023:10:05:39 +0800] "GET /xingrg/all/function/internal_message.html?_=1684461951533&CODE_STATE=getMsg HTTP/1.1" 200 27
116.238.210.79 - - [19/May/2023:10:05:43 +0800] "GET /xingrg/all/function/internal_message.html?_=1684461943962&CODE_STATE=getMsg HTTP/1.1" 200 27
116.238.210.79 - - [19/May/2023:10:05:44 +0800] "GET /xingrg/kc/buy/cgsh_order_operate.html?command=get_materiel&rest_code=00102&code=00101007128&supplier_code=00100096&order_time=2023-05-19 HTTP/1.1" 200 406
124.79.74.67 - - [19/May/2023:10:05:45 +0800] "GET /xingrg/all/function/internal_message.html?_=1684461967015&CODE_STATE=getMsg HTTP/1.1" 200 27
116.224.158.100 - - [19/May/2023:10:05:46 +0800] "GET /xingrg/all/function/internal_message.html?_=1684461780939&CODE_STATE=getMsg HTTP/1.1" 200 27
116.224.158.100 - - [19/May/2023:10:05:48 +0800] "GET /xingrg/all/function/internal_message.html?_=1684461949332&CODE_STATE=getMsg HTTP/1.1" 200 27
180.171.122.0 - - [19/May/2023:10:06:00 +0800] "GET /xingrg/all/function/internal_message.html?_=1684461957246&CODE_STATE=getMsg HTTP/1.1" 200 27
116.238.210.79 - - [19/May/2023:10:06:04 +0800] "GET /xingrg/kc/buy/cgsh_order_operate.html?command=get_materiel&rest_code=00102&code=00101007001&supplier_code=00100096&order_time=2023-05-19 HTTP/1.1" 200 409
120.253.135.82 - - [19/May/2023:10:06:06 +0800] "GET /xingrg/all/function/internal_message.html?_=1684461802657&CODE_STATE=getMsg HTTP/1.1" 200 27
116.235.244.176 - - [19/May/2023:10:06:09 +0800] "GET /xingrg/all/function/internal_message.html?_=1684461991342&CODE_STATE=getMsg HTTP/1.1" 200 27
124.78.154.3 - - [19/May/2023:10:06:13 +0800] "GET /xingrg/all/function/internal_message.html?_=1684461973220&CODE_STATE=getMsg HTTP/1.1" 200 27
114.83.216.225 - - [19/May/2023:10:06:15 +0800] "GET /xingrg/all/function/internal_message.html?_=1684461975870&CODE_STATE=getMsg HTTP/1.1" 200 27
180.164.3.199 - - [19/May/2023:10:06:16 +0800] "GET /xingrg/all/function/internal_message.html?_=1684461976365&CODE_STATE=getMsg HTTP/1.1" 200 27
116.235.244.176 - - [19/May/2023:10:06:18 +0800] "GET /xingrg/kc/buy/cgsh_order_operate.html?command=get_materiel&rest_code=00146&code=00101008176&supplier_code=00100005&order_time=2023-05-19 HTTP/1.1" 200 413
114.83.216.225 - - [19/May/2023:10:06:24 +0800] "GET /xingrg/all/function/internal_message.html?_=1684461980469&CODE_STATE=getMsg HTTP/1.1" 200 27
116.238.139.35 - - [19/May/2023:10:06:25 +0800] "GET /xingrg/all/function/internal_message.html?_=1684461983535&CODE_STATE=getMsg HTTP/1.1" 200 27
124.79.240.114 - - [19/May/2023:10:06:28 +0800] "GET /xingrg/all/function/internal_message.html?_=1684461978812&CODE_STATE=getMsg HTTP/1.1" 302 -
116.238.210.79 - - [19/May/2023:10:06:34 +0800] "POST /xingrg/kc/buy/cgsh_order_operate.html HTTP/1.1" 200 37
116.235.244.176 - - [19/May/2023:10:06:34 +0800] "GET /xingrg/kc/buy/cgsh_order_operate.html?command=get_materiel&rest_code=00146&code=00101008210&supplier_code=00100005&order_time=2023-05-19 HTTP/1.1" 200 408
116.235.244.176 - - [19/May/2023:10:06:38 +0800] "GET /xingrg/check_reg.html?_=1684462010551 HTTP/1.1" 200 22
116.232.195.127 - - [19/May/2023:10:06:38 +0800] "GET /xingrg/all/function/internal_message.html?_=1684462040321&CODE_STATE=getMsg HTTP/1.1" 200 27
116.235.244.176 - - [19/May/2023:10:06:39 +0800] "GET /xingrg/all/function/internal_message.html?_=1684462011546&CODE_STATE=getMsg HTTP/1.1" 200 27
116.238.210.79 - - [19/May/2023:10:06:43 +0800] "GET /xingrg/all/function/internal_message.html?_=1684462003941&CODE_STATE=getMsg HTTP/1.1" 200 27
124.79.74.67 - - [19/May/2023:10:06:45 +0800] "GET /xingrg/all/function/internal_message.html?_=1684462027015&CODE_STATE=getMsg HTTP/1.1" 200 27
116.224.158.100 - - [19/May/2023:10:06:46 +0800] "GET /xingrg/all/function/internal_message.html?_=1684461840937&CODE_STATE=getMsg HTTP/1.1" 200 27
116.238.210.79 - - [19/May/2023:10:06:48 +0800] "POST /xingrg/kc/buy/cgsh_order_operate.html HTTP/1.1" 200 12
116.224.158.100 - - [19/May/2023:10:06:48 +0800] "GET /xingrg/all/function/internal_message.html?_=1684462009333&CODE_STATE=getMsg HTTP/1.1" 200 27
116.224.158.100 - - [19/May/2023:10:06:48 +0800] "GET /xingrg/check_reg.html?_=1684462009337 HTTP/1.1" 200 22
116.238.210.79 - - [19/May/2023:10:06:50 +0800] "GET /xingrg/kc/buy/cgsh_order_info.html?code=212023051906979 HTTP/1.1" 200 66383
116.235.244.176 - - [19/May/2023:10:06:51 +0800] "GET /xingrg/kc/buy/cgsh_order_operate.html?command=get_materiel&rest_code=00146&code=00101008207&supplier_code=00100005&order_time=2023-05-19 HTTP/1.1" 200 408
116.238.210.79 - - [19/May/2023:10:06:51 +0800] "GET /xingrg/javascript/easyui/themes/default/validatebox.css HTTP/1.1" 404 1104
116.238.210.79 - - [19/May/2023:10:06:52 +0800] "POST /xingrg/kc/buy/cgsh_order_operate.html HTTP/1.1" 200 3558
116.238.210.79 - - [19/May/2023:10:06:53 +0800] "GET /xingrg/kc/print/load_config.html?kc_code=cgsh HTTP/1.1" 200 1924
116.238.210.79 - - [19/May/2023:10:06:53 +0800] "GET /xingrg/kc/print/load_data.html?order_code=212023051906979&kc_code=cgsh&condition= HTTP/1.1" 200 1778
116.238.210.79 - - [19/May/2023:10:07:00 +0800] "GET /xingrg/kc/buy/cgsh_order_add.html HTTP/1.1" 200 71486
180.171.122.0 - - [19/May/2023:10:07:00 +0800] "GET /xingrg/all/function/internal_message.html?_=1684462017230&CODE_STATE=getMsg HTTP/1.1" 200 27
116.238.210.79 - - [19/May/2023:10:07:00 +0800] "POST /xingrg/kc/buy/cgsh_order_operate.html HTTP/1.1" 200 8245
116.238.210.79 - - [19/May/2023:10:07:00 +0800] "GET /xingrg/javascript/easyui/themes/default/validatebox.css HTTP/1.1" 404 1104
120.253.135.82 - - [19/May/2023:10:07:04 +0800] "GET /xingrg/check_reg.html?_=1684461860847 HTTP/1.1" 200 22
120.253.135.82 - - [19/May/2023:10:07:06 +0800] "GET /xingrg/all/function/internal_message.html?_=1684461862689&CODE_STATE=getMsg HTTP/1.1" 200 27
116.235.244.176 - - [19/May/2023:10:07:08 +0800] "GET /xingrg/kc/buy/cgsh_order_operate.html?command=get_materiel&rest_code=00146&code=00101008087&supplier_code=00100005&order_time=2023-05-19 HTTP/1.1" 200 412
116.235.244.176 - - [19/May/2023:10:07:09 +0800] "GET /xingrg/all/function/internal_message.html?_=1684462051355&CODE_STATE=getMsg HTTP/1.1" 200 27
124.78.154.3 - - [19/May/2023:10:07:09 +0800] "GET /xingrg/javascript/jquery_easy_ui/themes/default/images/tabs_active.png HTTP/1.1" 304 -
124.78.154.3 - - [19/May/2023:10:07:11 +0800] "GET /xingrg/kc/buy/buy_main.html HTTP/1.1" 200 12412
124.78.154.3 - - [19/May/2023:10:07:11 +0800] "GET /xingrg/css/new_ie.css HTTP/1.1" 404 1036
124.78.154.3 - - [19/May/2023:10:07:11 +0800] "GET /xingrg/javascript/ToolTips.js HTTP/1.1" 304 -
124.78.154.3 - - [19/May/2023:10:07:11 +0800] "GET /xingrg/javascript/jquery_ui/jquery-ui.min.js HTTP/1.1" 304 -
124.78.154.3 - - [19/May/2023:10:07:11 +0800] "GET /xingrg/images/blue/button/cgxqd.gif HTTP/1.1" 304 -
124.78.154.3 - - [19/May/2023:10:07:11 +0800] "GET /xingrg/images/blue/button/cgydd.gif HTTP/1.1" 304 -
124.78.154.3 - - [19/May/2023:10:07:11 +0800] "GET /xingrg/images/blue/button/cgshd.gif HTTP/1.1" 304 -
124.78.154.3 - - [19/May/2023:10:07:11 +0800] "GET /xingrg/images/blue/button/kc.gif HTTP/1.1" 304 -
124.78.154.3 - - [19/May/2023:10:07:11 +0800] "GET /xingrg/images/blue/button/cgfkd.gif HTTP/1.1" 304 -
124.78.154.3 - - [19/May/2023:10:07:11 +0800] "GET /xingrg/images/blue/button/ckthd.gif HTTP/1.1" 304 -
124.78.154.3 - - [19/May/2023:10:07:11 +0800] "GET /xingrg/images/blue/pic_form2.gif HTTP/1.1" 304 -
124.78.154.3 - - [19/May/2023:10:07:11 +0800] "GET /xingrg/images/blue/bg_dotted.jpg HTTP/1.1" 304 -
124.78.154.3 - - [19/May/2023:10:07:11 +0800] "GET /xingrg/images/blue/button/right_ah.jpg HTTP/1.1" 304 -
124.78.154.3 - - [19/May/2023:10:07:11 +0800] "GET /xingrg/javascript/jquery_ui/themes/humanity/images/ui-bg_inset-soft_100_f4f0ec_1x100.png HTTP/1.1" 304 -
124.78.154.3 - - [19/May/2023:10:07:11 +0800] "GET /xingrg/images/blue/button/down_ah.jpg HTTP/1.1" 304 -
124.78.154.3 - - [19/May/2023:10:07:11 +0800] "GET /xingrg/javascript/jquery_ui/themes/humanity/images/ui-icons_ffffff_256x240.png HTTP/1.1" 304 -
124.78.154.3 - - [19/May/2023:10:07:11 +0800] "GET /xingrg/javascript/jquery_ui/themes/humanity/images/ui-iconsnew.jpg HTTP/1.1" 304 -
124.78.154.3 - - [19/May/2023:10:07:11 +0800] "GET /xingrg/javascript/jquery_ui/themes/humanity/images/ui-icons_c47a23_256x240.png HTTP/1.1" 304 -
124.78.154.3 - - [19/May/2023:10:07:11 +0800] "GET /xingrg/javascript/jquery_ui/themes/humanity/images/ui-bg_glass_70_ede4d4_1x400.png HTTP/1.1" 304 -
124.78.154.3 - - [19/May/2023:10:07:13 +0800] "GET /xingrg/all/function/internal_message.html?_=1684462033235&CODE_STATE=getMsg HTTP/1.1" 200 27
114.83.216.225 - - [19/May/2023:10:07:15 +0800] "GET /xingrg/check_reg.html?_=1684462035864 HTTP/1.1" 200 22
114.83.216.225 - - [19/May/2023:10:07:15 +0800] "GET /xingrg/all/function/internal_message.html?_=1684462035867&CODE_STATE=getMsg HTTP/1.1" 200 27
180.164.3.199 - - [19/May/2023:10:07:16 +0800] "GET /xingrg/all/function/internal_message.html?_=1684462036350&CODE_STATE=getMsg HTTP/1.1" 200 27
116.235.244.176 - - [19/May/2023:10:07:21 +0800] "GET /xingrg/kc/buy/cgsh_order_operate.html?command=get_materiel&rest_code=00146&code=00101008144&supplier_code=00100005&order_time=2023-05-19 HTTP/1.1" 200 412
114.83.216.225 - - [19/May/2023:10:07:24 +0800] "GET /xingrg/all/function/internal_message.html?_=1684462040439&CODE_STATE=getMsg HTTP/1.1" 200 27
116.238.139.35 - - [19/May/2023:10:07:25 +0800] "GET /xingrg/all/function/internal_message.html?_=1684462043524&CODE_STATE=getMsg HTTP/1.1" 200 27
172.20.0.100 - - [19/May/2023:10:07:26 +0800] "GET /xingrg/check_reg.html?_=1684462059035 HTTP/1.1" 200 22
124.79.240.114 - - [19/May/2023:10:07:28 +0800] "GET /xingrg/all/function/internal_message.html?_=1684462038804&CODE_STATE=getMsg HTTP/1.1" 302 -
116.232.195.127 - - [19/May/2023:10:07:38 +0800] "GET /xingrg/check_reg.html?_=1684462100324 HTTP/1.1" 200 22
116.232.195.127 - - [19/May/2023:10:07:38 +0800] "GET /xingrg/all/function/internal_message.html?_=1684462100328&CODE_STATE=getMsg HTTP/1.1" 200 27
116.235.244.176 - - [19/May/2023:10:07:39 +0800] "GET /xingrg/all/function/internal_message.html?_=1684462071559&CODE_STATE=getMsg HTTP/1.1" 200 27
116.235.244.176 - - [19/May/2023:10:07:40 +0800] "GET /xingrg/kc/buy/cgsh_order_operate.html?command=get_materiel&rest_code=00146&code=00101008067&supplier_code=00100005&order_time=2023-05-19 HTTP/1.1" 200 418
116.238.210.79 - - [19/May/2023:10:07:43 +0800] "GET /xingrg/all/function/internal_message.html?_=1684462063948&CODE_STATE=getMsg HTTP/1.1" 200 27
124.79.74.67 - - [19/May/2023:10:07:45 +0800] "GET /xingrg/all/function/internal_message.html?_=1684462087015&CODE_STATE=getMsg HTTP/1.1" 200 27
116.224.158.100 - - [19/May/2023:10:07:46 +0800] "GET /xingrg/all/function/internal_message.html?_=1684461900935&CODE_STATE=getMsg HTTP/1.1" 200 27
116.224.158.100 - - [19/May/2023:10:07:48 +0800] "GET /xingrg/all/function/internal_message.html?_=1684462069338&CODE_STATE=getMsg HTTP/1.1" 200 27
180.171.122.0 - - [19/May/2023:10:08:00 +0800] "GET /xingrg/all/function/internal_message.html?_=1684462077214&CODE_STATE=getMsg HTTP/1.1" 200 27
180.171.122.0 - - [19/May/2023:10:08:00 +0800] "GET /xingrg/check_reg.html?_=1684462077886 HTTP/1.1" 200 22
120.253.135.82 - - [19/May/2023:10:08:06 +0800] "GET /xingrg/all/function/internal_message.html?_=1684461922699&CODE_STATE=getMsg HTTP/1.1" 200 27
116.235.244.176 - - [19/May/2023:10:08:08 +0800] "GET /xingrg/kc/buy/cgsh_order_operate.html?command=get_materiel&rest_code=00146&code=00101008403&supplier_code=00100005&order_time=2023-05-19 HTTP/1.1" 200 412
116.235.244.176 - - [19/May/2023:10:08:09 +0800] "GET /xingrg/all/function/internal_message.html?_=1684462111370&CODE_STATE=getMsg HTTP/1.1" 200 27
124.78.154.3 - - [19/May/2023:10:08:13 +0800] "GET /xingrg/all/function/internal_message.html?_=1684462093238&CODE_STATE=getMsg HTTP/1.1" 200 27
114.83.216.225 - - [19/May/2023:10:08:15 +0800] "GET /xingrg/all/function/internal_message.html?_=1684462095859&CODE_STATE=getMsg HTTP/1.1" 200 27
180.164.3.199 - - [19/May/2023:10:08:16 +0800] "GET /xingrg/all/function/internal_message.html?_=1684462096336&CODE_STATE=getMsg HTTP/1.1" 200 27
116.235.244.176 - - [19/May/2023:10:08:22 +0800] "GET /xingrg/kc/buy/cgsh_order_operate.html?command=get_materiel&rest_code=00146&code=00101008213&supplier_code=00100005&order_time=2023-05-19 HTTP/1.1" 200 412
114.83.216.225 - - [19/May/2023:10:08:22 +0800] "GET /xingrg/check_reg.html?_=1684462098584 HTTP/1.1" 200 22
114.83.216.225 - - [19/May/2023:10:08:24 +0800] "GET /xingrg/all/function/internal_message.html?_=1684462100425&CODE_STATE=getMsg HTTP/1.1" 200 27
116.238.139.35 - - [19/May/2023:10:08:25 +0800] "GET /xingrg/all/function/internal_message.html?_=1684462103525&CODE_STATE=getMsg HTTP/1.1" 200 27
116.238.139.35 - - [19/May/2023:10:08:25 +0800] "GET /xingrg/check_reg.html?_=1684462103529 HTTP/1.1" 200 22
124.79.240.114 - - [19/May/2023:10:08:28 +0800] "GET /xingrg/all/function/internal_message.html?_=1684462098819&CODE_STATE=getMsg HTTP/1.1" 302 -
116.232.195.127 - - [19/May/2023:10:08:38 +0800] "GET /xingrg/all/function/internal_message.html?_=1684462160320&CODE_STATE=getMsg HTTP/1.1" 200 27
116.235.244.176 - - [19/May/2023:10:08:39 +0800] "GET /xingrg/all/function/internal_message.html?_=1684462131573&CODE_STATE=getMsg HTTP/1.1" 200 27
116.238.210.79 - - [19/May/2023:10:08:43 +0800] "GET /xingrg/check_reg.html?_=1684462123958 HTTP/1.1" 200 22
116.238.210.79 - - [19/May/2023:10:08:43 +0800] "GET /xingrg/all/function/internal_message.html?_=1684462123960&CODE_STATE=getMsg HTTP/1.1" 200 27
124.79.74.67 - - [19/May/2023:10:08:45 +0800] "GET /xingrg/all/function/internal_message.html?_=1684462147015&CODE_STATE=getMsg HTTP/1.1" 200 27
116.224.158.100 - - [19/May/2023:10:08:46 +0800] "GET /xingrg/all/function/internal_message.html?_=1684461960934&CODE_STATE=getMsg HTTP/1.1" 200 27
116.224.158.100 - - [19/May/2023:10:08:48 +0800] "GET /xingrg/all/function/internal_message.html?_=1684462129339&CODE_STATE=getMsg HTTP/1.1" 200 27
116.235.244.176 - - [19/May/2023:10:08:54 +0800] "GET /xingrg/check_reg.html?_=1684462156563 HTTP/1.1" 200 22
180.171.122.0 - - [19/May/2023:10:09:00 +0800] "GET /xingrg/all/function/internal_message.html?_=1684462137200&CODE_STATE=getMsg HTTP/1.1" 200 27
116.235.244.176 - - [19/May/2023:10:09:05 +0800] "GET /xingrg/kc/buy/cgsh_order_operate.html?command=get_materiel&rest_code=00146&code=00101008257&supplier_code=00100005&order_time=2023-05-19 HTTP/1.1" 200 416
120.253.135.82 - - [19/May/2023:10:09:06 +0800] "GET /xingrg/all/function/internal_message.html?_=1684461982714&CODE_STATE=getMsg HTTP/1.1" 200 27
116.235.244.176 - - [19/May/2023:10:09:09 +0800] "GET /xingrg/all/function/internal_message.html?_=1684462171383&CODE_STATE=getMsg HTTP/1.1" 200 27
124.78.154.3 - - [19/May/2023:10:09:13 +0800] "GET /xingrg/all/function/internal_message.html?_=1684462153222&CODE_STATE=getMsg HTTP/1.1" 200 27
114.83.216.225 - - [19/May/2023:10:09:15 +0800] "GET /xingrg/all/function/internal_message.html?_=1684462155853&CODE_STATE=getMsg HTTP/1.1" 200 27
180.164.3.199 - - [19/May/2023:10:09:16 +0800] "GET /xingrg/all/function/internal_message.html?_=1684462156310&CODE_STATE=getMsg HTTP/1.1" 200 27
116.235.244.176 - - [19/May/2023:10:09:21 +0800] "GET /xingrg/kc/buy/cgsh_order_operate.html?command=get_materiel&rest_code=00146&code=00101008080&supplier_code=00100005&order_time=2023-05-19 HTTP/1.1" 200 416
114.83.216.225 - - [19/May/2023:10:09:24 +0800] "GET /xingrg/all/function/internal_message.html?_=1684462160409&CODE_STATE=getMsg HTTP/1.1" 200 27
116.238.139.35 - - [19/May/2023:10:09:25 +0800] "GET /xingrg/all/function/internal_message.html?_=1684462163531&CODE_STATE=getMsg HTTP/1.1" 200 27
124.79.240.114 - - [19/May/2023:10:09:28 +0800] "GET /xingrg/all/function/internal_message.html?_=1684462158818&CODE_STATE=getMsg HTTP/1.1" 302 -
124.79.240.114 - - [19/May/2023:10:09:28 +0800] "GET /xingrg/check_reg.html?_=1684462158816 HTTP/1.1" 302 -
218.81.73.248 - - [19/May/2023:10:09:37 +0800] "GET /xingrg/check_reg.html?_=1684462178683 HTTP/1.1" 200 22
116.232.195.127 - - [19/May/2023:10:09:38 +0800] "GET /xingrg/all/function/internal_message.html?_=1684462220312&CODE_STATE=getMsg HTTP/1.1" 200 27
116.235.244.176 - - [19/May/2023:10:09:39 +0800] "GET /xingrg/all/function/internal_message.html?_=1684462191593&CODE_STATE=getMsg HTTP/1.1" 200 27
116.235.244.176 - - [19/May/2023:10:09:40 +0800] "GET /xingrg/kc/buy/cgsh_order_operate.html?command=get_materiel&rest_code=00146&code=00101008244&supplier_code=00100005&order_time=2023-05-19 HTTP/1.1" 200 408
116.238.210.79 - - [19/May/2023:10:09:43 +0800] "GET /xingrg/all/function/internal_message.html?_=1684462183942&CODE_STATE=getMsg HTTP/1.1" 200 27
124.79.74.67 - - [19/May/2023:10:09:45 +0800] "GET /xingrg/all/function/internal_message.html?_=1684462207013&CODE_STATE=getMsg HTTP/1.1" 200 27
124.79.74.67 - - [19/May/2023:10:09:45 +0800] "GET /xingrg/check_reg.html?_=1684462207015 HTTP/1.1" 200 22
116.224.158.100 - - [19/May/2023:10:09:46 +0800] "GET /xingrg/all/function/internal_message.html?_=1684462020933&CODE_STATE=getMsg HTTP/1.1" 200 27
116.224.158.100 - - [19/May/2023:10:09:46 +0800] "GET /xingrg/check_reg.html?_=1684462020934 HTTP/1.1" 200 22
116.224.158.100 - - [19/May/2023:10:09:48 +0800] "GET /xingrg/all/function/internal_message.html?_=1684462189341&CODE_STATE=getMsg HTTP/1.1" 200 27
116.235.244.176 - - [19/May/2023:10:09:52 +0800] "GET /xingrg/kc/buy/cgsh_order_operate.html?command=get_materiel&rest_code=00146&code=00101008112&supplier_code=00100005&order_time=2023-05-19 HTTP/1.1" 200 412
180.171.122.0 - - [19/May/2023:10:10:00 +0800] "GET /xingrg/all/function/internal_message.html?_=1684462197184&CODE_STATE=getMsg HTTP/1.1" 200 27
120.253.135.82 - - [19/May/2023:10:10:06 +0800] "GET /xingrg/all/function/internal_message.html?_=1684462042737&CODE_STATE=getMsg HTTP/1.1" 200 27
116.235.244.176 - - [19/May/2023:10:10:09 +0800] "GET /xingrg/all/function/internal_message.html?_=1684462231397&CODE_STATE=getMsg HTTP/1.1" 200 27
124.78.154.3 - - [19/May/2023:10:10:13 +0800] "GET /xingrg/all/function/internal_message.html?_=1684462213223&CODE_STATE=getMsg HTTP/1.1" 200 27
124.78.154.3 - - [19/May/2023:10:10:13 +0800] "GET /xingrg/check_reg.html?_=1684462213226 HTTP/1.1" 200 22
114.83.216.225 - - [19/May/2023:10:10:15 +0800] "GET /xingrg/all/function/internal_message.html?_=1684462215855&CODE_STATE=getMsg HTTP/1.1" 200 27
180.164.3.199 - - [19/May/2023:10:10:16 +0800] "GET /xingrg/all/function/internal_message.html?_=1684462216294&CODE_STATE=getMsg HTTP/1.1" 200 27
180.164.3.199 - - [19/May/2023:10:10:17 +0800] "GET /xingrg/check_reg.html?_=1684462216776 HTTP/1.1" 200 22
114.83.216.225 - - [19/May/2023:10:10:24 +0800] "GET /xingrg/all/function/internal_message.html?_=1684462220392&CODE_STATE=getMsg HTTP/1.1" 200 27
116.238.139.35 - - [19/May/2023:10:10:25 +0800] "GET /xingrg/all/function/internal_message.html?_=1684462223533&CODE_STATE=getMsg HTTP/1.1" 200 27
124.79.240.114 - - [19/May/2023:10:10:28 +0800] "GET /xingrg/all/function/internal_message.html?_=1684462218814&CODE_STATE=getMsg HTTP/1.1" 302 -
116.232.195.127 - - [19/May/2023:10:10:38 +0800] "GET /xingrg/all/function/internal_message.html?_=1684462280332&CODE_STATE=getMsg HTTP/1.1" 200 27
116.235.244.176 - - [19/May/2023:10:10:39 +0800] "GET /xingrg/all/function/internal_message.html?_=1684462251601&CODE_STATE=getMsg HTTP/1.1" 200 27
116.238.210.79 - - [19/May/2023:10:10:43 +0800] "GET /xingrg/all/function/internal_message.html?_=1684462243942&CODE_STATE=getMsg HTTP/1.1" 200 27
124.79.74.67 - - [19/May/2023:10:10:45 +0800] "GET /xingrg/all/function/internal_message.html?_=1684462267013&CODE_STATE=getMsg HTTP/1.1" 200 27
116.224.158.100 - - [19/May/2023:10:10:46 +0800] "GET /xingrg/all/function/internal_message.html?_=1684462080959&CODE_STATE=getMsg HTTP/1.1" 200 27
116.224.158.100 - - [19/May/2023:10:10:48 +0800] "GET /xingrg/all/function/internal_message.html?_=1684462249340&CODE_STATE=getMsg HTTP/1.1" 200 27
180.171.122.0 - - [19/May/2023:10:11:00 +0800] "GET /xingrg/all/function/internal_message.html?_=1684462257193&CODE_STATE=getMsg HTTP/1.1" 200 27
120.253.135.82 - - [19/May/2023:10:11:06 +0800] "GET /xingrg/all/function/internal_message.html?_=1684462102740&CODE_STATE=getMsg HTTP/1.1" 200 27
