114.83.216.225 - - [19/May/2023:09:26:54 +0800] "POST /xingrg/kc/buy/cgsh_order_operate.html HTTP/1.1" 200 2384
116.238.139.35 - - [19/May/2023:09:26:54 +0800] "POST /xingrg/dwr/call/plaincall/AjaxYddbService.getMaterielByMap.dwr HTTP/1.1" 200 2285
116.238.139.35 - - [19/May/2023:09:26:55 +0800] "GET /xingrg/images/yd/bt2.gif HTTP/1.1" 404 1042
120.253.135.82 - - [19/May/2023:09:26:56 +0800] "GET /xingrg/all/function/internal_message.html?_=1684459755440&CODE_STATE=getMsg HTTP/1.1" 200 27
116.238.139.35 - - [19/May/2023:09:26:56 +0800] "POST /xingrg/dwr/call/plaincall/AjaxYddbService.saveMaterielItem.dwr HTTP/1.1" 200 78
114.83.216.225 - - [19/May/2023:09:26:58 +0800] "GET /xingrg/kc/print/load_data.html?order_code=212023051906967&kc_code=cgsh&condition= HTTP/1.1" 200 1406
116.238.139.35 - - [19/May/2023:09:26:59 +0800] "POST /xingrg/dwr/call/plaincall/AjaxComOrderService.getMaterielSearchList.dwr HTTP/1.1" 200 529835
116.224.158.100 - - [19/May/2023:09:27:00 +0800] "GET /xingrg/all/function/internal_message.html?_=1684459620691&CODE_STATE=getMsg HTTP/1.1" 200 27
116.238.139.35 - - [19/May/2023:09:27:00 +0800] "POST /xingrg/dwr/call/plaincall/AjaxComOrderService.getMaterielSearchList.dwr HTTP/1.1" 200 581
180.171.122.0 - - [19/May/2023:09:27:00 +0800] "GET /xingrg/all/function/internal_message.html?_=1684459617983&CODE_STATE=getMsg HTTP/1.1" 200 27
116.238.139.35 - - [19/May/2023:09:27:02 +0800] "POST /xingrg/dwr/call/plaincall/AjaxYddbService.getMaterielByMap.dwr HTTP/1.1" 200 2278
120.253.135.82 - - [19/May/2023:09:27:04 +0800] "GET /xingrg/check_reg.html?_=1684459460705 HTTP/1.1" 200 22
116.238.139.35 - - [19/May/2023:09:27:04 +0800] "POST /xingrg/dwr/call/plaincall/AjaxYddbService.saveMaterielItem.dwr HTTP/1.1" 200 78
120.253.135.82 - - [19/May/2023:09:27:05 +0800] "GET /xingrg/all/function/internal_message.html?_=1684459461799&CODE_STATE=getMsg HTTP/1.1" 200 27
116.235.244.176 - - [19/May/2023:09:27:08 +0800] "GET /xingrg/all/function/internal_message.html?_=1684459650500&CODE_STATE=getMsg HTTP/1.1" 200 27
120.253.135.82 - - [19/May/2023:09:27:09 +0800] "POST /xingrg/kc/pszx/mdps_list_operate.html HTTP/1.1" 200 369
120.253.135.82 - - [19/May/2023:09:27:13 +0800] "GET /xingrg/kc/pszx/mdps_order_info.html?code=312023051800379 HTTP/1.1" 200 23976
116.238.139.35 - - [19/May/2023:09:27:13 +0800] "POST /xingrg/dwr/call/plaincall/AjaxYddbService.checkOrder.dwr HTTP/1.1" 200 79
120.253.135.82 - - [19/May/2023:09:27:14 +0800] "GET /xingrg/javascript/easyui/themes/default/validatebox.css HTTP/1.1" 404 1104
120.253.135.82 - - [19/May/2023:09:27:14 +0800] "GET /xingrg/all/common/auto_word.html?type=base&rest_code=00101 HTTP/1.1" 200 671
120.253.135.82 - - [19/May/2023:09:27:14 +0800] "POST /xingrg/kc/pszx/mdps_order_operate.html HTTP/1.1" 200 3288
116.238.139.35 - - [19/May/2023:09:27:24 +0800] "GET /xingrg/kc/base/yddb_order_info.html?code=482023051900104 HTTP/1.1" 200 31306
116.238.139.35 - - [19/May/2023:09:27:24 +0800] "GET /xingrg/dwr/interface/AjaxComOrderService.js HTTP/1.1" 200 18264
116.238.139.35 - - [19/May/2023:09:27:24 +0800] "GET /xingrg/dwr/interface/AjaxYddbService.js HTTP/1.1" 200 13201
116.238.139.35 - - [19/May/2023:09:27:24 +0800] "GET /xingrg/dwr/engine.js HTTP/1.1" 200 43631
116.238.139.35 - - [19/May/2023:09:27:24 +0800] "POST /xingrg/dwr/call/plaincall/AjaxYddbService.loadMaterielItems.dwr HTTP/1.1" 200 705
114.83.216.225 - - [19/May/2023:09:27:25 +0800] "GET /xingrg/all/function/internal_message.html?_=1684459641103&CODE_STATE=getMsg HTTP/1.1" 200 27
172.20.0.100 - - [19/May/2023:09:27:26 +0800] "GET /xingrg/check_reg.html?_=1684459659203 HTTP/1.1" 200 22
124.78.154.3 - - [19/May/2023:09:27:27 +0800] "GET /xingrg/all/function/internal_message.html?_=1684459644305&CODE_STATE=getMsg HTTP/1.1" 200 27
124.79.240.114 - - [19/May/2023:09:27:28 +0800] "GET /xingrg/all/function/internal_message.html?_=1684459638818&CODE_STATE=getMsg HTTP/1.1" 302 -
116.238.139.35 - - [19/May/2023:09:27:28 +0800] "POST /xingrg/dwr/call/plaincall/AjaxYddbService.saveOrder.dwr HTTP/1.1" 200 78
114.83.216.225 - - [19/May/2023:09:27:28 +0800] "GET /xingrg/kc/buy/cgsh_order_add.html HTTP/1.1" 200 71539
114.83.216.225 - - [19/May/2023:09:27:28 +0800] "POST /xingrg/kc/buy/cgsh_order_operate.html HTTP/1.1" 200 8245
114.83.216.225 - - [19/May/2023:09:27:28 +0800] "GET /xingrg/javascript/easyui/themes/default/validatebox.css HTTP/1.1" 404 1104
116.238.139.35 - - [19/May/2023:09:27:33 +0800] "POST /xingrg/dwr/call/plaincall/AjaxYddbService.objCheckOrder.dwr HTTP/1.1" 200 78
116.238.139.35 - - [19/May/2023:09:27:34 +0800] "GET /xingrg/kc/base/yddb_order_info.html?code=482023051900104 HTTP/1.1" 200 31427
116.238.139.35 - - [19/May/2023:09:27:34 +0800] "GET /xingrg/dwr/interface/AjaxComOrderService.js HTTP/1.1" 200 18264
116.238.139.35 - - [19/May/2023:09:27:34 +0800] "GET /xingrg/dwr/interface/AjaxYddbService.js HTTP/1.1" 200 13201
116.238.139.35 - - [19/May/2023:09:27:34 +0800] "GET /xingrg/dwr/engine.js HTTP/1.1" 200 43631
116.238.139.35 - - [19/May/2023:09:27:35 +0800] "POST /xingrg/dwr/call/plaincall/AjaxYddbService.loadMaterielItems.dwr HTTP/1.1" 200 705
116.235.244.176 - - [19/May/2023:09:27:38 +0800] "GET /xingrg/all/function/internal_message.html?_=1684459671016&CODE_STATE=getMsg HTTP/1.1" 200 27
116.232.195.127 - - [19/May/2023:09:27:38 +0800] "GET /xingrg/check_reg.html?_=1684459700310 HTTP/1.1" 200 22
116.232.195.127 - - [19/May/2023:09:27:38 +0800] "GET /xingrg/all/function/internal_message.html?_=1684459700357&CODE_STATE=getMsg HTTP/1.1" 200 27
116.224.158.100 - - [19/May/2023:09:27:46 +0800] "GET /xingrg/all/function/internal_message.html?_=1684459500887&CODE_STATE=getMsg HTTP/1.1" 200 27
116.238.210.79 - - [19/May/2023:09:27:47 +0800] "GET /xingrg/all/function/internal_message.html?_=1684459668022&CODE_STATE=getMsg HTTP/1.1" 302 -
180.171.122.0 - - [19/May/2023:09:27:48 +0800] "GET /xingrg/kc/buy/cgsh_order_operate.html?command=get_materiel&rest_code=00111&code=00101013011&supplier_code=00100037&order_time=2023-05-19 HTTP/1.1" 200 451
120.253.135.82 - - [19/May/2023:09:27:56 +0800] "GET /xingrg/all/function/internal_message.html?_=1684459815444&CODE_STATE=getMsg HTTP/1.1" 200 27
120.253.135.82 - - [19/May/2023:09:27:57 +0800] "POST /xingrg/kc/pszx/mdps_list_operate.html HTTP/1.1" 200 519
120.253.135.82 - - [19/May/2023:09:27:57 +0800] "GET /xingrg/kc/pszx/mdps_order_info.html?code=312023051800385 HTTP/1.1" 200 23982
114.83.216.225 - - [19/May/2023:09:27:58 +0800] "GET /xingrg/kc/buy/cgsh_order_operate.html?command=get_materiel&rest_code=00149&code=00101011005&supplier_code=00100051&order_time=2023-05-19 HTTP/1.1" 200 429
120.253.135.82 - - [19/May/2023:09:27:58 +0800] "GET /xingrg/javascript/easyui/themes/default/validatebox.css HTTP/1.1" 404 1104
120.253.135.82 - - [19/May/2023:09:27:58 +0800] "GET /xingrg/all/common/auto_word.html?type=base&rest_code=00101 HTTP/1.1" 200 671
120.253.135.82 - - [19/May/2023:09:27:58 +0800] "POST /xingrg/kc/pszx/mdps_order_operate.html HTTP/1.1" 200 4272
116.224.158.100 - - [19/May/2023:09:28:00 +0800] "GET /xingrg/all/function/internal_message.html?_=1684459680695&CODE_STATE=getMsg HTTP/1.1" 200 27
180.171.122.0 - - [19/May/2023:09:28:00 +0800] "GET /xingrg/all/function/internal_message.html?_=1684459677963&CODE_STATE=getMsg HTTP/1.1" 200 27
180.171.122.0 - - [19/May/2023:09:28:00 +0800] "GET /xingrg/check_reg.html?_=1684459678045 HTTP/1.1" 200 22
120.253.135.82 - - [19/May/2023:09:28:02 +0800] "POST /xingrg/kc/pszx/mdps_list_operate.html HTTP/1.1" 200 5303
120.253.135.82 - - [19/May/2023:09:28:05 +0800] "GET /xingrg/all/function/internal_message.html?_=1684459521812&CODE_STATE=getMsg HTTP/1.1" 200 27
180.171.122.0 - - [19/May/2023:09:28:05 +0800] "GET /xingrg/kc/buy/cgsh_order_operate.html?command=get_materiel&rest_code=00111&code=00101008117&supplier_code=00100037&order_time=2023-05-19 HTTP/1.1" 200 414
114.83.216.225 - - [19/May/2023:09:28:08 +0800] "GET /xingrg/kc/buy/cgsh_order_operate.html?command=get_materiel&rest_code=00149&code=00101011003&supplier_code=00100051&order_time=2023-05-19 HTTP/1.1" 200 413
116.235.244.176 - - [19/May/2023:09:28:08 +0800] "GET /xingrg/all/function/internal_message.html?_=1684459710537&CODE_STATE=getMsg HTTP/1.1" 200 27
180.171.122.0 - - [19/May/2023:09:28:16 +0800] "GET /xingrg/kc/buy/cgsh_order_operate.html?command=get_materiel&rest_code=00111&code=00101008115&supplier_code=00100037&order_time=2023-05-19 HTTP/1.1" 200 412
114.83.216.225 - - [19/May/2023:09:28:17 +0800] "GET /xingrg/kc/buy/cgsh_order_operate.html?command=get_materiel&rest_code=00149&code=00101011001&supplier_code=00100051&order_time=2023-05-19 HTTP/1.1" 200 423
114.83.216.225 - - [19/May/2023:09:28:22 +0800] "GET /xingrg/check_reg.html?_=1684459698435 HTTP/1.1" 200 22
114.83.216.225 - - [19/May/2023:09:28:24 +0800] "GET /xingrg/all/function/internal_message.html?_=1684459701082&CODE_STATE=getMsg HTTP/1.1" 200 27
124.78.154.3 - - [19/May/2023:09:28:27 +0800] "GET /xingrg/all/function/internal_message.html?_=1684459704281&CODE_STATE=getMsg HTTP/1.1" 200 27
124.79.240.114 - - [19/May/2023:09:28:28 +0800] "GET /xingrg/all/function/internal_message.html?_=1684459698811&CODE_STATE=getMsg HTTP/1.1" 302 -
114.83.216.225 - - [19/May/2023:09:28:32 +0800] "POST /xingrg/kc/buy/cgsh_order_operate.html HTTP/1.1" 200 37
116.238.139.35 - - [19/May/2023:09:28:33 +0800] "GET /xingrg/all/function/internal_message.html?_=1684459711697&CODE_STATE=getMsg HTTP/1.1" 200 27
116.235.244.176 - - [19/May/2023:09:28:38 +0800] "GET /xingrg/all/function/internal_message.html?_=1684459731030&CODE_STATE=getMsg HTTP/1.1" 200 27
116.232.195.127 - - [19/May/2023:09:28:38 +0800] "GET /xingrg/all/function/internal_message.html?_=1684459760330&CODE_STATE=getMsg HTTP/1.1" 200 27
114.83.216.225 - - [19/May/2023:09:28:40 +0800] "POST /xingrg/kc/buy/cgsh_order_operate.html HTTP/1.1" 200 12
114.83.216.225 - - [19/May/2023:09:28:43 +0800] "GET /xingrg/kc/buy/cgsh_order_info.html?code=212023051906968 HTTP/1.1" 200 66448
114.83.216.225 - - [19/May/2023:09:28:44 +0800] "GET /xingrg/javascript/easyui/themes/default/validatebox.css HTTP/1.1" 404 1104
114.83.216.225 - - [19/May/2023:09:28:44 +0800] "POST /xingrg/kc/buy/cgsh_order_operate.html HTTP/1.1" 200 1798
180.171.122.0 - - [19/May/2023:09:28:45 +0800] "GET /xingrg/kc/buy/cgsh_order_operate.html?command=get_materiel&rest_code=00111&code=00101008418&supplier_code=00100037&order_time=2023-05-19 HTTP/1.1" 200 414
116.224.158.100 - - [19/May/2023:09:28:46 +0800] "GET /xingrg/all/function/internal_message.html?_=1684459560888&CODE_STATE=getMsg HTTP/1.1" 200 27
116.238.210.79 - - [19/May/2023:09:28:47 +0800] "GET /xingrg/all/function/internal_message.html?_=1684459728006&CODE_STATE=getMsg HTTP/1.1" 302 -
114.83.216.225 - - [19/May/2023:09:28:47 +0800] "GET /xingrg/kc/print/load_data.html?order_code=212023051906968&kc_code=cgsh&condition= HTTP/1.1" 200 1182
116.238.210.79 - - [19/May/2023:09:28:47 +0800] "GET /xingrg/check_reg.html?_=1684459728333 HTTP/1.1" 302 -
116.224.158.100 - - [19/May/2023:09:28:52 +0800] "POST /xingrg/services/DataTransmitService HTTP/1.1" 200 524
114.83.216.225 - - [19/May/2023:09:28:52 +0800] "GET /xingrg/kc/buy/cgsh_order_add.html HTTP/1.1" 200 71539
114.83.216.225 - - [19/May/2023:09:28:52 +0800] "POST /xingrg/kc/buy/cgsh_order_operate.html HTTP/1.1" 200 8245
114.83.216.225 - - [19/May/2023:09:28:52 +0800] "GET /xingrg/javascript/easyui/themes/default/validatebox.css HTTP/1.1" 404 1104
116.224.158.100 - - [19/May/2023:09:28:53 +0800] "POST /xingrg/services/DataTransmitService HTTP/1.1" 200 2319
116.235.244.176 - - [19/May/2023:09:28:54 +0800] "GET /xingrg/check_reg.html?_=1684459756507 HTTP/1.1" 200 22
120.253.135.82 - - [19/May/2023:09:28:56 +0800] "GET /xingrg/all/function/internal_message.html?_=1684459875446&CODE_STATE=getMsg HTTP/1.1" 200 27
116.224.158.100 - - [19/May/2023:09:29:00 +0800] "GET /xingrg/all/function/internal_message.html?_=1684459740692&CODE_STATE=getMsg HTTP/1.1" 200 27
180.171.122.0 - - [19/May/2023:09:29:00 +0800] "GET /xingrg/all/function/internal_message.html?_=1684459737933&CODE_STATE=getMsg HTTP/1.1" 200 27
180.171.122.0 - - [19/May/2023:09:29:02 +0800] "GET /xingrg/kc/buy/cgsh_order_operate.html?command=get_materiel&rest_code=00111&code=00101009015&supplier_code=00100037&order_time=2023-05-19 HTTP/1.1" 200 416
120.253.135.82 - - [19/May/2023:09:29:05 +0800] "GET /xingrg/all/function/internal_message.html?_=1684459581831&CODE_STATE=getMsg HTTP/1.1" 200 27
116.235.244.176 - - [19/May/2023:09:29:08 +0800] "GET /xingrg/all/function/internal_message.html?_=1684459770543&CODE_STATE=getMsg HTTP/1.1" 200 27
114.83.216.225 - - [19/May/2023:09:29:24 +0800] "GET /xingrg/all/function/internal_message.html?_=1684459761068&CODE_STATE=getMsg HTTP/1.1" 200 27
124.78.154.3 - - [19/May/2023:09:29:27 +0800] "GET /xingrg/all/function/internal_message.html?_=1684459764255&CODE_STATE=getMsg HTTP/1.1" 200 27
124.79.240.114 - - [19/May/2023:09:29:28 +0800] "GET /xingrg/check_reg.html?_=1684459758835 HTTP/1.1" 302 -
124.79.240.114 - - [19/May/2023:09:29:28 +0800] "GET /xingrg/all/function/internal_message.html?_=1684459758833&CODE_STATE=getMsg HTTP/1.1" 302 -
180.171.122.0 - - [19/May/2023:09:29:29 +0800] "GET /xingrg/kc/buy/cgsh_order_operate.html?command=get_materiel&rest_code=00111&code=00101009160&supplier_code=00100037&order_time=2023-05-19 HTTP/1.1" 200 415
116.224.158.100 - - [19/May/2023:09:29:29 +0800] "POST /xingrg/services/DataTransmitService HTTP/1.1" 200 524
116.238.139.35 - - [19/May/2023:09:29:33 +0800] "GET /xingrg/all/function/internal_message.html?_=1684459771669&CODE_STATE=getMsg HTTP/1.1" 200 27
218.81.73.248 - - [19/May/2023:09:29:38 +0800] "GET /xingrg/check_reg.html?_=1684459778849 HTTP/1.1" 200 22
116.235.244.176 - - [19/May/2023:09:29:38 +0800] "GET /xingrg/all/function/internal_message.html?_=1684459791048&CODE_STATE=getMsg HTTP/1.1" 200 27
116.232.195.127 - - [19/May/2023:09:29:38 +0800] "GET /xingrg/all/function/internal_message.html?_=1684459820327&CODE_STATE=getMsg HTTP/1.1" 200 27
116.224.158.100 - - [19/May/2023:09:29:46 +0800] "GET /xingrg/check_reg.html?_=1684459620887 HTTP/1.1" 200 22
116.224.158.100 - - [19/May/2023:09:29:46 +0800] "GET /xingrg/all/function/internal_message.html?_=1684459620889&CODE_STATE=getMsg HTTP/1.1" 200 27
116.238.210.79 - - [19/May/2023:09:29:47 +0800] "GET /xingrg/all/function/internal_message.html?_=1684459787991&CODE_STATE=getMsg HTTP/1.1" 302 -
116.238.210.79 - - [19/May/2023:09:29:49 +0800] "POST /xingrg/services/DataTransmitService HTTP/1.1" 200 524
114.83.216.225 - - [19/May/2023:09:29:49 +0800] "GET /xingrg/kc/buy/cgsh_order_operate.html?command=get_materiel&rest_code=00149&code=00101012029&supplier_code=00100096&order_time=2023-05-19 HTTP/1.1" 200 414
180.171.122.0 - - [19/May/2023:09:29:53 +0800] "GET /xingrg/kc/buy/cgsh_order_operate.html?command=get_materiel&rest_code=00111&code=00101015158&supplier_code=00100037&order_time=2023-05-19 HTTP/1.1" 200 422
120.253.135.82 - - [19/May/2023:09:29:56 +0800] "GET /xingrg/all/function/internal_message.html?_=1684459935472&CODE_STATE=getMsg HTTP/1.1" 200 27
116.224.158.100 - - [19/May/2023:09:30:00 +0800] "GET /xingrg/all/function/internal_message.html?_=1684459800696&CODE_STATE=getMsg HTTP/1.1" 200 27
180.171.122.0 - - [19/May/2023:09:30:00 +0800] "GET /xingrg/all/function/internal_message.html?_=1684459797911&CODE_STATE=getMsg HTTP/1.1" 200 27
120.253.135.82 - - [19/May/2023:09:30:05 +0800] "GET /xingrg/all/function/internal_message.html?_=1684459641854&CODE_STATE=getMsg HTTP/1.1" 200 27
180.171.122.0 - - [19/May/2023:09:30:06 +0800] "GET /xingrg/kc/buy/cgsh_order_operate.html?command=get_materiel&rest_code=00111&code=00101009016&supplier_code=00100037&order_time=2023-05-19 HTTP/1.1" 200 412
116.235.244.176 - - [19/May/2023:09:30:08 +0800] "GET /xingrg/all/function/internal_message.html?_=1684459830556&CODE_STATE=getMsg HTTP/1.1" 200 27
114.83.216.225 - - [19/May/2023:09:30:11 +0800] "GET /xingrg/kc/buy/cgsh_order_operate.html?command=get_materiel&rest_code=00149&code=00101016105&supplier_code=00100096&order_time=2023-05-19 HTTP/1.1" 200 409
180.171.122.0 - - [19/May/2023:09:30:19 +0800] "GET /xingrg/kc/buy/cgsh_order_operate.html?command=get_materiel&rest_code=00111&code=00101009013&supplier_code=00100037&order_time=2023-05-19 HTTP/1.1" 200 420
114.83.216.225 - - [19/May/2023:09:30:20 +0800] "GET /xingrg/kc/buy/cgsh_order_operate.html?command=get_materiel&rest_code=00149&code=00101016030&supplier_code=00100096&order_time=2023-05-19 HTTP/1.1" 200 412
180.171.122.0 - - [19/May/2023:09:30:23 +0800] "POST /xingrg/kc/buy/cgsh_order_operate.html HTTP/1.1" 200 2065
114.83.216.225 - - [19/May/2023:09:30:24 +0800] "GET /xingrg/all/function/internal_message.html?_=1684459821049&CODE_STATE=getMsg HTTP/1.1" 200 27
124.78.154.3 - - [19/May/2023:09:30:27 +0800] "GET /xingrg/all/function/internal_message.html?_=1684459824229&CODE_STATE=getMsg HTTP/1.1" 200 27
124.78.154.3 - - [19/May/2023:09:30:27 +0800] "GET /xingrg/check_reg.html?_=1684459824701 HTTP/1.1" 200 22
124.79.240.114 - - [19/May/2023:09:30:28 +0800] "GET /xingrg/all/function/internal_message.html?_=1684459818806&CODE_STATE=getMsg HTTP/1.1" 302 -
180.171.122.0 - - [19/May/2023:09:30:29 +0800] "GET /xingrg/kc/buy/cgsh_order_operate.html?command=get_materiel&rest_code=00111&code=00101012026&supplier_code=00100037&order_time=2023-05-19 HTTP/1.1" 200 408
116.238.139.35 - - [19/May/2023:09:30:33 +0800] "GET /xingrg/all/function/internal_message.html?_=1684459831651&CODE_STATE=getMsg HTTP/1.1" 200 27
116.235.244.176 - - [19/May/2023:09:30:38 +0800] "GET /xingrg/all/function/internal_message.html?_=1684459851058&CODE_STATE=getMsg HTTP/1.1" 200 27
116.232.195.127 - - [19/May/2023:09:30:38 +0800] "GET /xingrg/all/function/internal_message.html?_=1684459880326&CODE_STATE=getMsg HTTP/1.1" 200 27
116.224.158.100 - - [19/May/2023:09:30:46 +0800] "GET /xingrg/all/function/internal_message.html?_=1684459680889&CODE_STATE=getMsg HTTP/1.1" 200 27
116.238.210.79 - - [19/May/2023:09:30:47 +0800] "GET /xingrg/all/function/internal_message.html?_=1684459847966&CODE_STATE=getMsg HTTP/1.1" 302 -
114.83.216.225 - - [19/May/2023:09:30:52 +0800] "GET /xingrg/kc/buy/cgsh_order_operate.html?command=get_materiel&rest_code=00149&code=00101006056&supplier_code=00100096&order_time=2023-05-19 HTTP/1.1" 200 414
120.253.135.82 - - [19/May/2023:09:30:56 +0800] "GET /xingrg/all/function/internal_message.html?_=1684459995457&CODE_STATE=getMsg HTTP/1.1" 200 27
120.253.135.82 - - [19/May/2023:09:30:56 +0800] "GET /xingrg/check_reg.html?_=1684459995464 HTTP/1.1" 200 22
116.224.158.100 - - [19/May/2023:09:31:00 +0800] "GET /xingrg/all/function/internal_message.html?_=1684459860697&CODE_STATE=getMsg HTTP/1.1" 200 27
116.224.158.100 - - [19/May/2023:09:31:00 +0800] "GET /xingrg/check_reg.html?_=1684459860699 HTTP/1.1" 200 22
180.171.122.0 - - [19/May/2023:09:31:00 +0800] "GET /xingrg/all/function/internal_message.html?_=1684459857888&CODE_STATE=getMsg HTTP/1.1" 200 27
120.253.135.82 - - [19/May/2023:09:31:05 +0800] "GET /xingrg/all/function/internal_message.html?_=1684459701869&CODE_STATE=getMsg HTTP/1.1" 200 27
114.83.216.225 - - [19/May/2023:09:31:08 +0800] "GET /xingrg/kc/buy/cgsh_order_operate.html?command=get_materiel&rest_code=00149&code=00101006240&supplier_code=00100096&order_time=2023-05-19 HTTP/1.1" 200 424
116.235.244.176 - - [19/May/2023:09:31:09 +0800] "GET /xingrg/all/function/internal_message.html?_=1684459890589&CODE_STATE=getMsg HTTP/1.1" 200 27
114.83.216.225 - - [19/May/2023:09:31:24 +0800] "GET /xingrg/all/function/internal_message.html?_=1684459881036&CODE_STATE=getMsg HTTP/1.1" 200 27
124.78.154.3 - - [19/May/2023:09:31:27 +0800] "GET /xingrg/all/function/internal_message.html?_=1684459884202&CODE_STATE=getMsg HTTP/1.1" 200 27
124.79.240.114 - - [19/May/2023:09:31:28 +0800] "GET /xingrg/all/function/internal_message.html?_=1684459878809&CODE_STATE=getMsg HTTP/1.1" 302 -
114.83.216.225 - - [19/May/2023:09:31:29 +0800] "GET /xingrg/kc/buy/cgsh_order_operate.html?command=get_materiel&rest_code=00149&code=00101006109&supplier_code=00100096&order_time=2023-05-19 HTTP/1.1" 200 409
116.238.139.35 - - [19/May/2023:09:31:33 +0800] "GET /xingrg/all/function/internal_message.html?_=1684459891621&CODE_STATE=getMsg HTTP/1.1" 200 27
116.238.139.35 - - [19/May/2023:09:31:33 +0800] "GET /xingrg/check_reg.html?_=1684459891688 HTTP/1.1" 200 22
116.235.244.176 - - [19/May/2023:09:31:38 +0800] "GET /xingrg/check_reg.html?_=1684459910513 HTTP/1.1" 200 22
116.232.195.127 - - [19/May/2023:09:31:38 +0800] "GET /xingrg/all/function/internal_message.html?_=1684459940321&CODE_STATE=getMsg HTTP/1.1" 200 27
116.235.244.176 - - [19/May/2023:09:31:38 +0800] "GET /xingrg/all/function/internal_message.html?_=1684459911074&CODE_STATE=getMsg HTTP/1.1" 200 27
116.224.158.100 - - [19/May/2023:09:31:46 +0800] "GET /xingrg/all/function/internal_message.html?_=1684459740892&CODE_STATE=getMsg HTTP/1.1" 200 27
116.238.210.79 - - [19/May/2023:09:31:47 +0800] "GET /xingrg/all/function/internal_message.html?_=1684459907944&CODE_STATE=getMsg HTTP/1.1" 302 -
116.224.158.100 - - [19/May/2023:09:31:53 +0800] "POST /xingrg/kc/buy/cgsh_order_operate.html HTTP/1.1" 200 37
114.83.216.225 - - [19/May/2023:09:31:55 +0800] "GET /xingrg/kc/buy/cgsh_order_operate.html?command=get_materiel&rest_code=00149&code=00101006229&supplier_code=00100096&order_time=2023-05-19 HTTP/1.1" 200 426
120.253.135.82 - - [19/May/2023:09:31:56 +0800] "GET /xingrg/all/function/internal_message.html?_=1684460055461&CODE_STATE=getMsg HTTP/1.1" 200 27
180.171.122.0 - - [19/May/2023:09:32:00 +0800] "GET /xingrg/all/function/internal_message.html?_=1684459917864&CODE_STATE=getMsg HTTP/1.1" 200 27
120.253.135.82 - - [19/May/2023:09:32:04 +0800] "GET /xingrg/check_reg.html?_=1684459760720 HTTP/1.1" 200 22
120.253.135.82 - - [19/May/2023:09:32:05 +0800] "GET /xingrg/all/function/internal_message.html?_=1684459761882&CODE_STATE=getMsg HTTP/1.1" 200 27
116.235.244.176 - - [19/May/2023:09:32:09 +0800] "GET /xingrg/all/function/internal_message.html?_=1684459950599&CODE_STATE=getMsg HTTP/1.1" 200 27
180.171.122.0 - - [19/May/2023:09:32:18 +0800] "POST /xingrg/kc/buy/cgsh_order_operate.html HTTP/1.1" 200 37
114.83.216.225 - - [19/May/2023:09:32:22 +0800] "GET /xingrg/kc/buy/cgsh_order_operate.html?command=get_materiel&rest_code=00149&code=00101006168&supplier_code=00100096&order_time=2023-05-19 HTTP/1.1" 200 421
114.83.216.225 - - [19/May/2023:09:32:24 +0800] "GET /xingrg/all/function/internal_message.html?_=1684459941012&CODE_STATE=getMsg HTTP/1.1" 200 27
172.20.0.100 - - [19/May/2023:09:32:26 +0800] "GET /xingrg/check_reg.html?_=1684459959181 HTTP/1.1" 200 22
124.78.154.3 - - [19/May/2023:09:32:27 +0800] "GET /xingrg/all/function/internal_message.html?_=1684459944173&CODE_STATE=getMsg HTTP/1.1" 200 27
124.79.240.114 - - [19/May/2023:09:32:28 +0800] "GET /xingrg/all/function/internal_message.html?_=1684459938821&CODE_STATE=getMsg HTTP/1.1" 302 -
180.171.122.0 - - [19/May/2023:09:32:31 +0800] "POST /xingrg/kc/buy/cgsh_order_operate.html HTTP/1.1" 200 14022
116.238.139.35 - - [19/May/2023:09:32:33 +0800] "GET /xingrg/all/function/internal_message.html?_=1684459951599&CODE_STATE=getMsg HTTP/1.1" 200 27
180.171.122.0 - - [19/May/2023:09:32:33 +0800] "GET /xingrg/kc/print/load_data.html?order_code=212023051906969&kc_code=cgsh&condition= HTTP/1.1" 200 5082
116.232.195.127 - - [19/May/2023:09:32:38 +0800] "GET /xingrg/check_reg.html?_=1684460000320 HTTP/1.1" 200 22
116.232.195.127 - - [19/May/2023:09:32:38 +0800] "GET /xingrg/all/function/internal_message.html?_=1684460000324&CODE_STATE=getMsg HTTP/1.1" 200 27
116.235.244.176 - - [19/May/2023:09:32:38 +0800] "GET /xingrg/all/function/internal_message.html?_=1684459971084&CODE_STATE=getMsg HTTP/1.1" 200 27
116.224.158.100 - - [19/May/2023:09:32:46 +0800] "GET /xingrg/all/function/internal_message.html?_=1684459800900&CODE_STATE=getMsg HTTP/1.1" 200 27
116.238.210.79 - - [19/May/2023:09:32:47 +0800] "GET /xingrg/all/function/internal_message.html?_=1684459967918&CODE_STATE=getMsg HTTP/1.1" 302 -
120.253.135.82 - - [19/May/2023:09:32:56 +0800] "GET /xingrg/all/function/internal_message.html?_=1684460115466&CODE_STATE=getMsg HTTP/1.1" 200 27
180.171.122.0 - - [19/May/2023:09:33:00 +0800] "GET /xingrg/all/function/internal_message.html?_=1684459977858&CODE_STATE=getMsg HTTP/1.1" 200 27
180.171.122.0 - - [19/May/2023:09:33:00 +0800] "GET /xingrg/check_reg.html?_=1684459978031 HTTP/1.1" 200 22
120.253.135.82 - - [19/May/2023:09:33:05 +0800] "GET /xingrg/all/function/internal_message.html?_=1684459821899&CODE_STATE=getMsg HTTP/1.1" 200 27
114.83.216.225 - - [19/May/2023:09:33:08 +0800] "GET /xingrg/kc/buy/cgsh_order_operate.html?command=get_materiel&rest_code=00149&code=00101007038&supplier_code=00100096&order_time=2023-05-19 HTTP/1.1" 200 421
116.235.244.176 - - [19/May/2023:09:33:09 +0800] "GET /xingrg/all/function/internal_message.html?_=1684460010632&CODE_STATE=getMsg HTTP/1.1" 200 27
114.83.216.225 - - [19/May/2023:09:33:22 +0800] "GET /xingrg/check_reg.html?_=1684459998469 HTTP/1.1" 200 22
114.83.216.225 - - [19/May/2023:09:33:24 +0800] "GET /xingrg/all/function/internal_message.html?_=1684460001003&CODE_STATE=getMsg HTTP/1.1" 200 27
124.78.154.3 - - [19/May/2023:09:33:27 +0800] "GET /xingrg/all/function/internal_message.html?_=1684460004158&CODE_STATE=getMsg HTTP/1.1" 200 27
124.79.240.114 - - [19/May/2023:09:33:28 +0800] "GET /xingrg/all/function/internal_message.html?_=1684459998826&CODE_STATE=getMsg HTTP/1.1" 302 -
114.83.216.225 - - [19/May/2023:09:33:33 +0800] "GET /xingrg/kc/buy/cgsh_order_operate.html?command=get_materiel&rest_code=00149&code=00101006136&supplier_code=00100096&order_time=2023-05-19 HTTP/1.1" 200 417
116.238.139.35 - - [19/May/2023:09:33:33 +0800] "GET /xingrg/all/function/internal_message.html?_=1684460011585&CODE_STATE=getMsg HTTP/1.1" 200 27
116.232.195.127 - - [19/May/2023:09:33:38 +0800] "GET /xingrg/all/function/internal_message.html?_=1684460060311&CODE_STATE=getMsg HTTP/1.1" 200 27
116.235.244.176 - - [19/May/2023:09:33:38 +0800] "GET /xingrg/all/function/internal_message.html?_=1684460031098&CODE_STATE=getMsg HTTP/1.1" 200 27
116.224.158.100 - - [19/May/2023:09:33:46 +0800] "GET /xingrg/all/function/internal_message.html?_=1684459860885&CODE_STATE=getMsg HTTP/1.1" 200 27
116.238.210.79 - - [19/May/2023:09:33:47 +0800] "GET /xingrg/all/function/internal_message.html?_=1684460027891&CODE_STATE=getMsg HTTP/1.1" 302 -
116.238.210.79 - - [19/May/2023:09:33:47 +0800] "GET /xingrg/check_reg.html?_=1684460028334 HTTP/1.1" 302 -
116.235.244.176 - - [19/May/2023:09:33:54 +0800] "GET /xingrg/check_reg.html?_=1684460056509 HTTP/1.1" 200 22
120.253.135.82 - - [19/May/2023:09:33:56 +0800] "GET /xingrg/all/function/internal_message.html?_=1684460175475&CODE_STATE=getMsg HTTP/1.1" 200 27
114.83.216.225 - - [19/May/2023:09:34:00 +0800] "POST /xingrg/kc/buy/cgsh_order_operate.html HTTP/1.1" 200 37
180.171.122.0 - - [19/May/2023:09:34:00 +0800] "GET /xingrg/all/function/internal_message.html?_=1684460037835&CODE_STATE=getMsg HTTP/1.1" 200 27
120.253.135.82 - - [19/May/2023:09:34:05 +0800] "GET /xingrg/all/function/internal_message.html?_=1684459881914&CODE_STATE=getMsg HTTP/1.1" 200 27
116.235.244.176 - - [19/May/2023:09:34:09 +0800] "GET /xingrg/all/function/internal_message.html?_=1684460070645&CODE_STATE=getMsg HTTP/1.1" 200 27
114.83.216.225 - - [19/May/2023:09:34:17 +0800] "POST /xingrg/kc/buy/cgsh_order_operate.html HTTP/1.1" 200 12
114.83.216.225 - - [19/May/2023:09:34:19 +0800] "GET /xingrg/kc/buy/cgsh_order_info.html?code=212023051906970 HTTP/1.1" 200 66438
114.83.216.225 - - [19/May/2023:09:34:20 +0800] "GET /xingrg/javascript/easyui/themes/default/validatebox.css HTTP/1.1" 404 1104
114.83.216.225 - - [19/May/2023:09:34:21 +0800] "POST /xingrg/kc/buy/cgsh_order_operate.html HTTP/1.1" 200 7168
114.83.216.225 - - [19/May/2023:09:34:22 +0800] "GET /xingrg/kc/print/load_data.html?order_code=212023051906970&kc_code=cgsh&condition= HTTP/1.1" 200 3211
114.83.216.225 - - [19/May/2023:09:34:24 +0800] "GET /xingrg/all/function/internal_message.html?_=1684460060990&CODE_STATE=getMsg HTTP/1.1" 200 27
124.78.154.3 - - [19/May/2023:09:34:27 +0800] "GET /xingrg/all/function/internal_message.html?_=1684460064132&CODE_STATE=getMsg HTTP/1.1" 200 27
124.79.240.114 - - [19/May/2023:09:34:28 +0800] "GET /xingrg/check_reg.html?_=1684460058802 HTTP/1.1" 302 -
124.79.240.114 - - [19/May/2023:09:34:28 +0800] "GET /xingrg/all/function/internal_message.html?_=1684460058801&CODE_STATE=getMsg HTTP/1.1" 302 -
116.238.139.35 - - [19/May/2023:09:34:33 +0800] "GET /xingrg/all/function/internal_message.html?_=1684460071572&CODE_STATE=getMsg HTTP/1.1" 200 27
124.79.74.67 - - [19/May/2023:09:34:36 +0800] "GET /xingrg/login.html HTTP/1.1" 200 7641
124.79.74.67 - - [19/May/2023:09:34:36 +0800] "GET /favicon.ico HTTP/1.1" 404 -
218.81.73.248 - - [19/May/2023:09:34:38 +0800] "GET /xingrg/check_reg.html?_=1684460078825 HTTP/1.1" 200 22
116.232.195.127 - - [19/May/2023:09:34:38 +0800] "GET /xingrg/all/function/internal_message.html?_=1684460120322&CODE_STATE=getMsg HTTP/1.1" 200 27
116.235.244.176 - - [19/May/2023:09:34:38 +0800] "GET /xingrg/all/function/internal_message.html?_=1684460091115&CODE_STATE=getMsg HTTP/1.1" 200 27
124.79.74.67 - - [19/May/2023:09:34:45 +0800] "POST /xingrg/login.do HTTP/1.1" 302 -
124.79.74.67 - - [19/May/2023:09:34:45 +0800] "GET /xingrg/index.html?sysBaseUrl=http%3A%2F%2F180.169.147.146%3A18081%2Fxingrg%2F&costTime=810×tamp=1684460085006 HTTP/1.1" 200 17179
124.79.74.67 - - [19/May/2023:09:34:45 +0800] "GET /favicon.ico HTTP/1.1" 404 -
124.79.74.67 - - [19/May/2023:09:34:45 +0800] "GET /xingrg/check_reg.html?_=1684460106950 HTTP/1.1" 200 22
124.79.74.67 - - [19/May/2023:09:34:45 +0800] "GET /xingrg/all/function/internal_message.html?_=1684460106949&CODE_STATE=count HTTP/1.1" 200 11
124.79.74.67 - - [19/May/2023:09:34:45 +0800] "POST /xingrg/all/common/load_tree.html?tree=area_rest_tree_json&manage=1 HTTP/1.1" 200 351
124.79.74.67 - - [19/May/2023:09:34:45 +0800] "POST /xingrg/load_menu.html HTTP/1.1" 200 5138
116.224.158.100 - - [19/May/2023:09:34:46 +0800] "POST /xingrg/kc/buy/cgsh_order_operate.html HTTP/1.1" 200 39889
116.224.158.100 - - [19/May/2023:09:34:46 +0800] "GET /xingrg/all/function/internal_message.html?_=1684459920893&CODE_STATE=getMsg HTTP/1.1" 200 27
116.224.158.100 - - [19/May/2023:09:34:46 +0800] "GET /xingrg/check_reg.html?_=1684459920896 HTTP/1.1" 200 22
116.238.210.79 - - [19/May/2023:09:34:47 +0800] "GET /xingrg/all/function/internal_message.html?_=1684460087873&CODE_STATE=getMsg HTTP/1.1" 302 -
124.79.74.67 - - [19/May/2023:09:34:50 +0800] "GET /xingrg/kc/buy/buy_main.html HTTP/1.1" 200 12412
124.79.74.67 - - [19/May/2023:09:34:50 +0800] "GET /xingrg/css/new_ie.css HTTP/1.1" 404 1036
124.79.74.67 - - [19/May/2023:09:34:52 +0800] "GET /xingrg/kc/base/base_main.html HTTP/1.1" 200 12142
124.79.74.67 - - [19/May/2023:09:34:53 +0800] "GET /xingrg/kc/report/report_main.html HTTP/1.1" 200 7340
124.79.74.67 - - [19/May/2023:09:34:55 +0800] "GET /xingrg/all/report/report_query.html?fileName=kc/buy/gys_amount.xml&rh=99999 HTTP/1.1" 200 52006
124.79.74.67 - - [19/May/2023:09:34:55 +0800] "GET /xingrg/dwr/interface/AjaxReportQueryService.js HTTP/1.1" 200 13203
124.79.74.67 - - [19/May/2023:09:34:55 +0800] "GET /xingrg/dwr/util.js HTTP/1.1" 304 -
124.79.74.67 - - [19/May/2023:09:34:55 +0800] "GET /xingrg/dwr/engine.js HTTP/1.1" 200 43631
124.79.74.67 - - [19/May/2023:09:34:55 +0800] "POST /xingrg/dwr/call/plaincall/AjaxReportQueryService.getFixDate.dwr HTTP/1.1" 200 111
120.253.135.82 - - [19/May/2023:09:34:56 +0800] "GET /xingrg/all/function/internal_message.html?_=1684460235483&CODE_STATE=getMsg HTTP/1.1" 200 27
124.79.74.67 - - [19/May/2023:09:34:56 +0800] "POST /xingrg/dwr/call/plaincall/AjaxReportQueryService.getInitString.dwr HTTP/1.1" 200 1083
124.79.74.67 - - [19/May/2023:09:34:56 +0800] "POST /xingrg/all/common/load_tree.html?tree=materiel_sort_tree_json HTTP/1.1" 200 9500
124.79.74.67 - - [19/May/2023:09:34:56 +0800] "POST /xingrg/all/common/load_tree.html?tree=supplier_tree_json&manage=1 HTTP/1.1" 200 76117
124.79.74.67 - - [19/May/2023:09:34:58 +0800] "POST /xingrg/dwr/call/plaincall/AjaxReportQueryService.getFixDate.dwr HTTP/1.1" 200 111
124.79.74.67 - - [19/May/2023:09:35:00 +0800] "POST /xingrg/dwr/call/plaincall/AjaxReportQueryService.refreshCache.dwr HTTP/1.1" 200 78
116.224.158.100 - - [19/May/2023:09:35:00 +0800] "GET /xingrg/all/function/internal_message.html?_=1684460100702&CODE_STATE=getMsg HTTP/1.1" 200 27
180.171.122.0 - - [19/May/2023:09:35:00 +0800] "GET /xingrg/all/function/internal_message.html?_=1684460097804&CODE_STATE=getMsg HTTP/1.1" 200 27
124.79.74.67 - - [19/May/2023:09:35:03 +0800] "POST /xingrg/all/report/load_report_page.html HTTP/1.1" 200 100451
124.79.74.67 - - [19/May/2023:09:35:03 +0800] "GET /xingrg/servlets/image?cache=0.7953849499261284&image=px HTTP/1.1" 200 807
120.253.135.82 - - [19/May/2023:09:35:05 +0800] "GET /xingrg/all/function/internal_message.html?_=1684459941941&CODE_STATE=getMsg HTTP/1.1" 200 27
116.235.244.176 - - [19/May/2023:09:35:09 +0800] "GET /xingrg/all/function/internal_message.html?_=1684460130660&CODE_STATE=getMsg HTTP/1.1" 200 27
180.164.3.199 - - [19/May/2023:09:35:13 +0800] "GET /xingrg/login.html HTTP/1.1" 200 7641
180.164.3.199 - - [19/May/2023:09:35:13 +0800] "GET /xingrg/images/blue/jxLogo.png HTTP/1.1" 200 6156
180.164.3.199 - - [19/May/2023:09:35:13 +0800] "GET /xingrg/images/blue/login_bg.png HTTP/1.1" 200 22101
180.164.3.199 - - [19/May/2023:09:35:13 +0800] "GET /xingrg/images/blue/hj.png HTTP/1.1" 200 1014
180.164.3.199 - - [19/May/2023:09:35:13 +0800] "GET /xingrg/images/blue/srbg.png HTTP/1.1" 200 138
180.164.3.199 - - [19/May/2023:09:35:13 +0800] "GET /favicon.ico HTTP/1.1" 404 -
124.79.74.67 - - [19/May/2023:09:35:14 +0800] "GET /xingrg/all/report/report_query.html?isQuery=1&fileName=kc/buy/wlcg_cate_hz.xml&queryString=(CONVERT(char(10)%252Ca.order_time%252C%2520120)%253E%253D'2023-04-01')%2520and%2520(CONVERT(char(10)%252Ca.order_time%252C%2520120)%253C%253D'2023-04-30')%2520and%2520(a.number%253E0%2520and%2520a.supplier_code%253D'00100017')&queryText=%25E3%2580%2590%25E9%2587%2587%25E8%25B4%25AD%25E6%2597%25A5%25E6%259C%259F%253A2023-04-01%2520%25E8%2587%25B3%25202023-04-30%25E3%2580%2591%2520%25E5%25B9%25B6%25E4%25B8%2594%2520%25E3%2580%2590%25E4%25BE%259B%25E5%25BA%2594%25E5%2595%2586%253D%25E9%2585%2592%25E6%25B0%25B4%25EF%25BC%2588%25E9%25BE%2599%25E5%25B7%259D%25EF%25BC%2589%25E3%2580%2591 HTTP/1.1" 200 54370
124.79.74.67 - - [19/May/2023:09:35:14 +0800] "GET /xingrg/dwr/interface/AjaxReportQueryService.js HTTP/1.1" 200 13203
124.79.74.67 - - [19/May/2023:09:35:14 +0800] "GET /xingrg/dwr/engine.js HTTP/1.1" 200 43631
180.164.3.199 - - [19/May/2023:09:35:16 +0800] "POST /xingrg/login.do HTTP/1.1" 302 -
180.164.3.199 - - [19/May/2023:09:35:16 +0800] "GET /xingrg/javascript/jquery_easy_ui/themes/default/easyui.css HTTP/1.1" 200 26500
180.164.3.199 - - [19/May/2023:09:35:16 +0800] "GET /xingrg/javascript/jquery_easy_ui/themes/icon.css HTTP/1.1" 200 3949
180.164.3.199 - - [19/May/2023:09:35:16 +0800] "GET /xingrg/javascript/jquery_easy_ui/jquery.easyui.min.js HTTP/1.1" 200 213662
180.164.3.199 - - [19/May/2023:09:35:16 +0800] "GET /xingrg/javascript/jquery-1.4.2.min.js HTTP/1.1" 200 72205
180.164.3.199 - - [19/May/2023:09:35:16 +0800] "GET /xingrg/css/form.css HTTP/1.1" 200 893
180.164.3.199 - - [19/May/2023:09:35:16 +0800] "GET /xingrg/javascript/jquery_easy_ui/easyui-lang-zh_CN.js HTTP/1.1" 200 1900
180.164.3.199 - - [19/May/2023:09:35:16 +0800] "GET /xingrg/index.html?sysBaseUrl=http%3A%2F%2F180.169.147.146%3A18081%2Fxingrg%2F&costTime=921×tamp=1684460116668 HTTP/1.1" 200 17183
180.164.3.199 - - [19/May/2023:09:35:16 +0800] "GET /xingrg/javascript/jquery.form.js HTTP/1.1" 200 23110
180.164.3.199 - - [19/May/2023:09:35:16 +0800] "GET /xingrg/javascript/jquery.utils.js HTTP/1.1" 200 11805
180.164.3.199 - - [19/May/2023:09:35:16 +0800] "GET /xingrg/javascript/jquery.timers.js HTTP/1.1" 200 3532
180.164.3.199 - - [19/May/2023:09:35:16 +0800] "GET /favicon.ico HTTP/1.1" 404 -
180.164.3.199 - - [19/May/2023:09:35:16 +0800] "GET /xingrg/javascript/jquery_easy_ui/themes/icons/settle_new.png HTTP/1.1" 200 826
180.164.3.199 - - [19/May/2023:09:35:16 +0800] "GET /xingrg/images/blue/navBackgound.jpg HTTP/1.1" 200 12378
180.164.3.199 - - [19/May/2023:09:35:16 +0800] "GET /xingrg/images/blue/pingpu.png HTTP/1.1" 200 231
180.164.3.199 - - [19/May/2023:09:35:16 +0800] "GET /xingrg/javascript/jquery_easy_ui/themes/default/images/tabs_leftarrow.png HTTP/1.1" 200 389
180.164.3.199 - - [19/May/2023:09:35:16 +0800] "GET /xingrg/all/function/internal_message.html?_=1684460116749&CODE_STATE=count HTTP/1.1" 200 11
180.164.3.199 - - [19/May/2023:09:35:16 +0800] "GET /xingrg/check_reg.html?_=1684460116750 HTTP/1.1" 200 22
180.164.3.199 - - [19/May/2023:09:35:16 +0800] "GET /xingrg/javascript/jquery_easy_ui/themes/default/images/tabs_rightarrow.png HTTP/1.1" 200 395
180.164.3.199 - - [19/May/2023:09:35:16 +0800] "GET /xingrg/javascript/jquery_easy_ui/themes/default/images/panel_tool_collapse.gif HTTP/1.1" 200 246
180.164.3.199 - - [19/May/2023:09:35:17 +0800] "POST /xingrg/all/common/load_tree.html?tree=area_rest_tree_json&manage=1 HTTP/1.1" 200 357
180.164.3.199 - - [19/May/2023:09:35:17 +0800] "POST /xingrg/load_menu.html HTTP/1.1" 200 5138
180.164.3.199 - - [19/May/2023:09:35:17 +0800] "GET /xingrg/javascript/jquery_easy_ui/themes/default/images/tree_arrows.gif HTTP/1.1" 200 1043
180.164.3.199 - - [19/May/2023:09:35:17 +0800] "GET /xingrg/javascript/jquery_easy_ui/themes/default/images/tree_folder_open.gif HTTP/1.1" 200 956
180.164.3.199 - - [19/May/2023:09:35:17 +0800] "GET /xingrg/javascript/jquery_easy_ui/themes/icons/search_new.png HTTP/1.1" 200 586
180.164.3.199 - - [19/May/2023:09:35:17 +0800] "GET /xingrg/javascript/jquery_easy_ui/themes/default/images/tree_folder.gif HTTP/1.1" 200 952
180.164.3.199 - - [19/May/2023:09:35:17 +0800] "GET /xingrg/javascript/jquery_easy_ui/themes/icons/storage_new.png HTTP/1.1" 200 853
180.164.3.199 - - [19/May/2023:09:35:17 +0800] "GET /xingrg/javascript/jquery_easy_ui/themes/icons/forms_new.png HTTP/1.1" 200 350
180.164.3.199 - - [19/May/2023:09:35:17 +0800] "GET /xingrg/javascript/jquery_easy_ui/themes/default/images/tree_file.gif HTTP/1.1" 200 118
124.79.74.67 - - [19/May/2023:09:35:17 +0800] "POST /xingrg/all/report/load_report_page.html HTTP/1.1" 200 8713
124.79.74.67 - - [19/May/2023:09:35:17 +0800] "GET /xingrg/servlets/image?cache=0.7523054422539907&image=px HTTP/1.1" 200 807
180.164.3.199 - - [19/May/2023:09:35:19 +0800] "GET /xingrg/javascript/jquery_easy_ui/themes/default/images/tabs_close.gif HTTP/1.1" 200 829
180.164.3.199 - - [19/May/2023:09:35:20 +0800] "GET /xingrg/kc/buy/cgsh_order_list.html HTTP/1.1" 200 55679
180.164.3.199 - - [19/May/2023:09:35:20 +0800] "GET /xingrg/css/site.css HTTP/1.1" 200 7541
180.164.3.199 - - [19/May/2023:09:35:20 +0800] "GET /xingrg/css/base.css HTTP/1.1" 200 2811
180.164.3.199 - - [19/May/2023:09:35:20 +0800] "GET /xingrg/javascript/jquery_tools/datebox.css HTTP/1.1" 200 2597
180.164.3.199 - - [19/May/2023:09:35:20 +0800] "GET /xingrg/javascript/easyui/themes/default/easyui.css HTTP/1.1" 200 30432
180.164.3.199 - - [19/May/2023:09:35:20 +0800] "GET /xingrg/javascript/easyui/themes/icon.css HTTP/1.1" 200 4483
180.164.3.199 - - [19/May/2023:09:35:20 +0800] "GET /xingrg/javascript/auto/jquery.autocomplete.css HTTP/1.1" 200 587
180.164.3.199 - - [19/May/2023:09:35:20 +0800] "GET /xingrg/javascript/jquery_tools/fix.css HTTP/1.1" 200 1702
180.164.3.199 - - [19/May/2023:09:35:20 +0800] "GET /xingrg/javascript/jquery_tools/table.css HTTP/1.1" 200 1032
180.164.3.199 - - [19/May/2023:09:35:20 +0800] "GET /xingrg/javascript/jquery_tools/jquery.tools.extend.js HTTP/1.1" 200 15385
180.164.3.199 - - [19/May/2023:09:35:20 +0800] "GET /xingrg/javascript/jquery_tools/jquery.tools.min.js HTTP/1.1" 200 138801
180.164.3.199 - - [19/May/2023:09:35:20 +0800] "GET /xingrg/javascript/jquery_tools/jquery.tools.hotkey.js HTTP/1.1" 200 3242
180.164.3.199 - - [19/May/2023:09:35:20 +0800] "GET /xingrg/javascript/jquery_tools/jquery.tools.table.js HTTP/1.1" 200 6994
180.164.3.199 - - [19/May/2023:09:35:20 +0800] "GET /xingrg/javascript/jquery_tools/list_manager.js HTTP/1.1" 200 3652
180.164.3.199 - - [19/May/2023:09:35:20 +0800] "GET /xingrg/javascript/jquery.cookie.js HTTP/1.1" 200 5513
180.164.3.199 - - [19/May/2023:09:35:20 +0800] "GET /xingrg/javascript/easyui/easyloader.js HTTP/1.1" 200 5975
180.164.3.199 - - [19/May/2023:09:35:20 +0800] "GET /xingrg/javascript/auto/jquery.autocomplete.js HTTP/1.1" 200 21624
180.164.3.199 - - [19/May/2023:09:35:20 +0800] "GET /xingrg/javascript/print/LodopFuncs.js HTTP/1.1" 200 5121
124.79.74.67 - - [19/May/2023:09:35:20 +0800] "POST /xingrg/all/report/load_report_page.html HTTP/1.1" 200 40301
124.79.74.67 - - [19/May/2023:09:35:20 +0800] "GET /xingrg/servlets/image?cache=0.41268599939129735&image=px HTTP/1.1" 200 807
180.164.3.199 - - [19/May/2023:09:35:20 +0800] "GET /xingrg/javascript/easyui/themes/icons/edit_add_new.png HTTP/1.1" 200 2997
180.164.3.199 - - [19/May/2023:09:35:20 +0800] "GET /xingrg/javascript/easyui/themes/icons/field_new.png HTTP/1.1" 200 1097
180.164.3.199 - - [19/May/2023:09:35:20 +0800] "GET /xingrg/javascript/easyui/themes/icons/cance_new.png HTTP/1.1" 200 3986
180.164.3.199 - - [19/May/2023:09:35:20 +0800] "GET /xingrg/javascript/easyui/themes/icons/check_new.png HTTP/1.1" 200 3224
180.164.3.199 - - [19/May/2023:09:35:20 +0800] "GET /xingrg/javascript/easyui/themes/icons/import_new.png HTTP/1.1" 200 1247
180.164.3.199 - - [19/May/2023:09:35:20 +0800] "GET /xingrg/javascript/easyui/plugins/jquery.parser.js HTTP/1.1" 200 1142
180.164.3.199 - - [19/May/2023:09:35:20 +0800] "GET /xingrg/images/control/ajaxLoader.gif HTTP/1.1" 200 4659
180.164.3.199 - - [19/May/2023:09:35:24 +0800] "POST /xingrg/kc/buy/cgsh_list_operate.html HTTP/1.1" 200 6002
114.83.216.225 - - [19/May/2023:09:35:24 +0800] "GET /xingrg/all/function/internal_message.html?_=1684460120971&CODE_STATE=getMsg HTTP/1.1" 200 27
124.79.74.67 - - [19/May/2023:09:35:25 +0800] "POST /xingrg/all/report/report_print.html HTTP/1.1" 302 -
124.79.74.67 - - [19/May/2023:09:35:25 +0800] "GET /xingrg/servlets/html?sysBaseUrl=http%3A%2F%2F180.169.147.146%3A18081%2Fxingrg%2F&costTime=1052×tamp=1684460125744 HTTP/1.1" 200 39816
124.79.74.67 - - [19/May/2023:09:35:25 +0800] "GET /xingrg/servlets/image?image=px HTTP/1.1" 200 807
124.79.74.67 - - [19/May/2023:09:35:25 +0800] "GET /favicon.ico HTTP/1.1" 404 -
124.78.154.3 - - [19/May/2023:09:35:27 +0800] "GET /xingrg/all/function/internal_message.html?_=1684460124118&CODE_STATE=getMsg HTTP/1.1" 200 27
124.78.154.3 - - [19/May/2023:09:35:27 +0800] "GET /xingrg/check_reg.html?_=1684460124684 HTTP/1.1" 200 22
124.79.240.114 - - [19/May/2023:09:35:28 +0800] "GET /xingrg/all/function/internal_message.html?_=1684460118825&CODE_STATE=getMsg HTTP/1.1" 302 -
180.164.3.199 - - [19/May/2023:09:35:30 +0800] "GET /xingrg/javascript/easyui/themes/default/images/button_plain_hover.png HTTP/1.1" 200 144
116.238.139.35 - - [19/May/2023:09:35:33 +0800] "GET /xingrg/all/function/internal_message.html?_=1684460131556&CODE_STATE=getMsg HTTP/1.1" 200 27
116.232.195.127 - - [19/May/2023:09:35:38 +0800] "GET /xingrg/all/function/internal_message.html?_=1684460180311&CODE_STATE=getMsg HTTP/1.1" 200 27
116.235.244.176 - - [19/May/2023:09:35:38 +0800] "GET /xingrg/all/function/internal_message.html?_=1684460151125&CODE_STATE=getMsg HTTP/1.1" 200 27
124.79.74.67 - - [19/May/2023:09:35:45 +0800] "GET /xingrg/all/function/internal_message.html?_=1684460166962&CODE_STATE=getMsg HTTP/1.1" 200 27
116.224.158.100 - - [19/May/2023:09:35:46 +0800] "GET /xingrg/all/function/internal_message.html?_=1684459980885&CODE_STATE=getMsg HTTP/1.1" 200 27
116.238.210.79 - - [19/May/2023:09:35:47 +0800] "GET /xingrg/all/function/internal_message.html?_=1684460147846&CODE_STATE=getMsg HTTP/1.1" 302 -
116.224.158.100 - - [19/May/2023:09:35:54 +0800] "POST /xingrg/kc/buy/cgsh_order_operate.html HTTP/1.1" 200 205
120.253.135.82 - - [19/May/2023:09:35:56 +0800] "GET /xingrg/check_reg.html?_=1684460295485 HTTP/1.1" 200 22
120.253.135.82 - - [19/May/2023:09:35:56 +0800] "GET /xingrg/all/function/internal_message.html?_=1684460295482&CODE_STATE=getMsg HTTP/1.1" 200 27
116.224.158.100 - - [19/May/2023:09:36:00 +0800] "GET /xingrg/all/function/internal_message.html?_=1684460160672&CODE_STATE=getMsg HTTP/1.1" 200 27
116.224.158.100 - - [19/May/2023:09:36:00 +0800] "GET /xingrg/check_reg.html?_=1684460160671 HTTP/1.1" 200 22
180.171.122.0 - - [19/May/2023:09:36:00 +0800] "GET /xingrg/all/function/internal_message.html?_=1684460157774&CODE_STATE=getMsg HTTP/1.1" 200 27
120.253.135.82 - - [19/May/2023:09:36:05 +0800] "GET /xingrg/all/function/internal_message.html?_=1684460001961&CODE_STATE=getMsg HTTP/1.1" 200 27
116.224.158.100 - - [19/May/2023:09:36:06 +0800] "POST /xingrg/kc/buy/cgsh_order_operate.html HTTP/1.1" 200 205
116.235.244.176 - - [19/May/2023:09:36:09 +0800] "GET /xingrg/all/function/internal_message.html?_=1684460190687&CODE_STATE=getMsg HTTP/1.1" 200 27
180.164.3.199 - - [19/May/2023:09:36:16 +0800] "GET /xingrg/all/function/internal_message.html?_=1684460176757&CODE_STATE=getMsg HTTP/1.1" 200 27
116.224.158.100 - - [19/May/2023:09:36:19 +0800] "POST /xingrg/kc/buy/cgsh_order_operate.html HTTP/1.1" 200 205
114.83.216.225 - - [19/May/2023:09:36:24 +0800] "GET /xingrg/all/function/internal_message.html?_=1684460180949&CODE_STATE=getMsg HTTP/1.1" 200 27
124.78.154.3 - - [19/May/2023:09:36:27 +0800] "GET /xingrg/all/function/internal_message.html?_=1684460184077&CODE_STATE=getMsg HTTP/1.1" 200 27
124.79.240.114 - - [19/May/2023:09:36:28 +0800] "GET /xingrg/all/function/internal_message.html?_=1684460178804&CODE_STATE=getMsg HTTP/1.1" 302 -
116.224.158.100 - - [19/May/2023:09:36:32 +0800] "POST /xingrg/kc/buy/cgsh_order_operate.html HTTP/1.1" 200 205
116.238.139.35 - - [19/May/2023:09:36:33 +0800] "GET /xingrg/all/function/internal_message.html?_=1684460191525&CODE_STATE=getMsg HTTP/1.1" 200 27
116.238.139.35 - - [19/May/2023:09:36:33 +0800] "GET /xingrg/check_reg.html?_=1684460191694 HTTP/1.1" 200 22
116.235.244.176 - - [19/May/2023:09:36:38 +0800] "GET /xingrg/check_reg.html?_=1684460210524 HTTP/1.1" 200 22
116.232.195.127 - - [19/May/2023:09:36:38 +0800] "GET /xingrg/all/function/internal_message.html?_=1684460240330&CODE_STATE=getMsg HTTP/1.1" 200 27
116.235.244.176 - - [19/May/2023:09:36:38 +0800] "GET /xingrg/all/function/internal_message.html?_=1684460211138&CODE_STATE=getMsg HTTP/1.1" 200 27
116.224.158.100 - - [19/May/2023:09:36:44 +0800] "GET /xingrg/index.html?sysBaseUrl=http%3A%2F%2F180.169.147.146%3A18081%2Fxingrg%2F&costTime=36×tamp=1585223203754 HTTP/1.1" 302 -
116.224.158.100 - - [19/May/2023:09:36:44 +0800] "GET /xingrg/login.html HTTP/1.1" 200 7641
116.224.158.100 - - [19/May/2023:09:36:44 +0800] "GET /favicon.ico HTTP/1.1" 404 -
124.79.74.67 - - [19/May/2023:09:36:45 +0800] "GET /xingrg/all/function/internal_message.html?_=1684460226957&CODE_STATE=getMsg HTTP/1.1" 200 27
116.224.158.100 - - [19/May/2023:09:36:46 +0800] "GET /xingrg/all/function/internal_message.html?_=1684460040890&CODE_STATE=getMsg HTTP/1.1" 200 27
116.238.210.79 - - [19/May/2023:09:36:47 +0800] "GET /xingrg/all/function/internal_message.html?_=1684460207822&CODE_STATE=getMsg HTTP/1.1" 302 -
116.224.158.100 - - [19/May/2023:09:36:48 +0800] "POST /xingrg/login.do HTTP/1.1" 302 -
116.224.158.100 - - [19/May/2023:09:36:48 +0800] "GET /xingrg/index.html?sysBaseUrl=http%3A%2F%2F180.169.147.146%3A18081%2Fxingrg%2F&costTime=961×tamp=1684460208406 HTTP/1.1" 200 17173
116.224.158.100 - - [19/May/2023:09:36:48 +0800] "GET /favicon.ico HTTP/1.1" 404 -
116.224.158.100 - - [19/May/2023:09:36:48 +0800] "GET /xingrg/all/function/internal_message.html?_=1684460209303&CODE_STATE=count HTTP/1.1" 200 11
116.224.158.100 - - [19/May/2023:09:36:48 +0800] "GET /xingrg/check_reg.html?_=1684460209303 HTTP/1.1" 200 22
116.224.158.100 - - [19/May/2023:09:36:48 +0800] "POST /xingrg/all/common/load_tree.html?tree=area_rest_tree_json&manage=1 HTTP/1.1" 200 3499
116.224.158.100 - - [19/May/2023:09:36:49 +0800] "POST /xingrg/load_menu.html HTTP/1.1" 200 5138
116.224.158.100 - - [19/May/2023:09:36:51 +0800] "GET /xingrg/kc/buy/cgsh_order_list.html HTTP/1.1" 200 55669
120.253.135.82 - - [19/May/2023:09:36:56 +0800] "GET /xingrg/all/function/internal_message.html?_=1684460355491&CODE_STATE=getMsg HTTP/1.1" 200 27
180.164.3.199 - - [19/May/2023:09:36:57 +0800] "POST /xingrg/kc/buy/cgsh_list_operate.html HTTP/1.1" 200 4
116.224.158.100 - - [19/May/2023:09:37:00 +0800] "POST /xingrg/kc/buy/cgsh_list_operate.html HTTP/1.1" 200 2698
180.171.122.0 - - [19/May/2023:09:37:00 +0800] "GET /xingrg/all/function/internal_message.html?_=1684460217758&CODE_STATE=getMsg HTTP/1.1" 200 27
116.224.158.100 - - [19/May/2023:09:37:02 +0800] "POST /xingrg/kc/buy/cgsh_list_operate.html HTTP/1.1" 200 569
120.253.135.82 - - [19/May/2023:09:37:04 +0800] "GET /xingrg/check_reg.html?_=1684460060729 HTTP/1.1" 200 22
116.224.158.100 - - [19/May/2023:09:37:04 +0800] "GET /xingrg/kc/buy/cgsh_order_info.html?code=212023051906955 HTTP/1.1" 200 71536
116.224.158.100 - - [19/May/2023:09:37:04 +0800] "GET /xingrg/javascript/easyui/themes/default/validatebox.css HTTP/1.1" 404 1104
116.224.158.100 - - [19/May/2023:09:37:04 +0800] "GET /xingrg/all/common/auto_word.html?type=employee&rest_code=00105 HTTP/1.1" 200 193
116.224.158.100 - - [19/May/2023:09:37:04 +0800] "GET /xingrg/all/common/auto_word.html?type=employee&rest_code=00105 HTTP/1.1" 200 193
120.253.135.82 - - [19/May/2023:09:37:05 +0800] "GET /xingrg/all/function/internal_message.html?_=1684460061981&CODE_STATE=getMsg HTTP/1.1" 200 27
