120.253.135.82 - - [19/May/2023:10:45:06 +0800] "GET /xingrg/all/function/internal_message.html?_=1684464143411&CODE_STATE=getMsg HTTP/1.1" 200 27
116.238.210.79 - - [19/May/2023:10:45:07 +0800] "GET /xingrg/kc/base/wldb_order_operate.html?command=get_materiel&rest_code=00102&base_code=0010476&code=00101019536 HTTP/1.1" 200 470
116.235.244.176 - - [19/May/2023:10:45:10 +0800] "GET /xingrg/all/function/internal_message.html?_=1684464332652&CODE_STATE=getMsg HTTP/1.1" 200 27
124.78.154.3 - - [19/May/2023:10:45:13 +0800] "GET /xingrg/check_reg.html?_=1684464313306 HTTP/1.1" 200 22
124.78.154.3 - - [19/May/2023:10:45:13 +0800] "GET /xingrg/all/function/internal_message.html?_=1684464313305&CODE_STATE=getMsg HTTP/1.1" 200 27
180.164.3.199 - - [19/May/2023:10:45:15 +0800] "GET /xingrg/all/function/internal_message.html?_=1684464315690&CODE_STATE=getMsg HTTP/1.1" 200 27
180.164.3.199 - - [19/May/2023:10:45:16 +0800] "GET /xingrg/check_reg.html?_=1684464316690 HTTP/1.1" 200 22
116.235.244.176 - - [19/May/2023:10:45:19 +0800] "GET /xingrg/kc/buy/cgsh_order_operate.html?command=get_materiel&rest_code=00146&code=00101006127&supplier_code=00100012&order_time=2023-05-19 HTTP/1.1" 200 423
222.67.238.82 - - [19/May/2023:10:45:21 +0800] "GET /xingrg/kc/buy/cgsh_order_operate.html?command=get_materiel&rest_code=00141&code=00101008072&supplier_code=00100007&order_time=2023-05-19 HTTP/1.1" 200 408
116.238.210.79 - - [19/May/2023:10:45:25 +0800] "POST /xingrg/kc/base/wldb_order_operate.html HTTP/1.1" 200 37
116.238.139.35 - - [19/May/2023:10:45:25 +0800] "GET /xingrg/all/function/internal_message.html?_=1684464323565&CODE_STATE=getMsg HTTP/1.1" 200 27
180.164.3.199 - - [19/May/2023:10:45:27 +0800] "GET /xingrg/kc/buy/cgsh_order_operate.html?command=get_materiel&rest_code=00108&code=00102006080&supplier_code=00100593&order_time=2023-05-19 HTTP/1.1" 200 415
124.79.240.114 - - [19/May/2023:10:45:28 +0800] "GET /xingrg/all/function/internal_message.html?_=1684464318820&CODE_STATE=getMsg HTTP/1.1" 302 -
116.238.210.79 - - [19/May/2023:10:45:30 +0800] "POST /xingrg/kc/base/wldb_order_operate.html HTTP/1.1" 200 12
116.238.210.79 - - [19/May/2023:10:45:30 +0800] "POST /xingrg/kc/base/wldb_order_operate.html HTTP/1.1" 200 4250
116.238.210.79 - - [19/May/2023:10:45:33 +0800] "GET /xingrg/kc/base/wldb_order_info.html?code=422023051901462 HTTP/1.1" 200 26254
116.238.210.79 - - [19/May/2023:10:45:34 +0800] "GET /xingrg/javascript/easyui/themes/default/validatebox.css HTTP/1.1" 404 1104
116.238.210.79 - - [19/May/2023:10:45:34 +0800] "POST /xingrg/kc/base/wldb_order_operate.html HTTP/1.1" 200 2500
116.235.244.176 - - [19/May/2023:10:45:36 +0800] "GET /xingrg/kc/buy/cgsh_order_operate.html?command=get_materiel&rest_code=00146&code=00101006174&supplier_code=00100012&order_time=2023-05-19 HTTP/1.1" 200 414
180.169.147.146 - - [19/May/2023:10:45:38 +0800] "GET /xingrg/all/function/internal_message.html?_=1684464331448&CODE_STATE=getMsg HTTP/1.1" 200 27
116.232.195.127 - - [19/May/2023:10:45:38 +0800] "GET /xingrg/all/function/internal_message.html?_=1684464380322&CODE_STATE=getMsg HTTP/1.1" 200 27
222.67.238.82 - - [19/May/2023:10:45:39 +0800] "GET /xingrg/kc/buy/cgsh_order_operate.html?command=get_materiel&rest_code=00141&code=00101008199&supplier_code=00100007&order_time=2023-05-19 HTTP/1.1" 200 408
116.235.244.176 - - [19/May/2023:10:45:39 +0800] "GET /xingrg/all/function/internal_message.html?_=1684464352077&CODE_STATE=getMsg HTTP/1.1" 200 27
116.238.210.79 - - [19/May/2023:10:45:43 +0800] "GET /xingrg/all/function/internal_message.html?_=1684464344078&CODE_STATE=getMsg HTTP/1.1" 200 27
222.67.238.82 - - [19/May/2023:10:45:44 +0800] "GET /xingrg/all/function/internal_message.html?_=1684463859178&CODE_STATE=getMsg HTTP/1.1" 200 27
124.78.154.3 - - [19/May/2023:10:45:44 +0800] "GET /xingrg/all/function/internal_message.html?_=1684464344804&CODE_STATE=getMsg HTTP/1.1" 200 27
124.79.74.67 - - [19/May/2023:10:45:45 +0800] "GET /xingrg/all/function/internal_message.html?_=1684464367094&CODE_STATE=getMsg HTTP/1.1" 200 27
116.224.158.100 - - [19/May/2023:10:45:46 +0800] "GET /xingrg/all/function/internal_message.html?_=1684464181010&CODE_STATE=getMsg HTTP/1.1" 200 27
120.253.135.82 - - [19/May/2023:10:45:47 +0800] "GET /xingrg/all/function/internal_message.html?_=1684464486028&CODE_STATE=getMsg HTTP/1.1" 200 27
116.224.158.100 - - [19/May/2023:10:45:48 +0800] "GET /xingrg/all/function/internal_message.html?_=1684464349371&CODE_STATE=getMsg HTTP/1.1" 200 27
116.235.244.176 - - [19/May/2023:10:45:50 +0800] "GET /xingrg/kc/buy/cgsh_order_operate.html?command=get_materiel&rest_code=00146&code=00101006111&supplier_code=00100012&order_time=2023-05-19 HTTP/1.1" 200 409
222.67.238.82 - - [19/May/2023:10:45:53 +0800] "GET /xingrg/kc/buy/cgsh_order_operate.html?command=get_materiel&rest_code=00141&code=00101008141&supplier_code=00100007&order_time=2023-05-19 HTTP/1.1" 200 412
180.169.147.146 - - [19/May/2023:10:45:59 +0800] "GET /xingrg/all/function/internal_message.html?_=1684464360184&CODE_STATE=getMsg HTTP/1.1" 200 27
180.171.122.0 - - [19/May/2023:10:46:00 +0800] "GET /xingrg/all/function/internal_message.html?_=1684464357121&CODE_STATE=getMsg HTTP/1.1" 200 27
124.79.240.114 - - [19/May/2023:10:46:00 +0800] "GET /xingrg/all/function/internal_message.html?_=1684464638578&CODE_STATE=getMsg HTTP/1.1" 200 27
222.67.238.82 - - [19/May/2023:10:46:04 +0800] "GET /xingrg/kc/buy/cgsh_order_operate.html?command=get_materiel&rest_code=00141&code=00101008355&supplier_code=00100007&order_time=2023-05-19 HTTP/1.1" 200 408
180.169.147.146 - - [19/May/2023:10:46:05 +0800] "GET /xingrg/all/function/internal_message.html?_=1684464358853&CODE_STATE=getMsg HTTP/1.1" 200 27
120.253.135.82 - - [19/May/2023:10:46:06 +0800] "GET /xingrg/all/function/internal_message.html?_=1684464203419&CODE_STATE=getMsg HTTP/1.1" 200 27
116.235.244.176 - - [19/May/2023:10:46:08 +0800] "GET /xingrg/kc/buy/cgsh_order_operate.html?command=get_materiel&rest_code=00146&code=00101006144&supplier_code=00100012&order_time=2023-05-19 HTTP/1.1" 200 409
180.164.3.199 - - [19/May/2023:10:46:08 +0800] "GET /xingrg/kc/buy/cgsh_order_operate.html?command=get_materiel&rest_code=00108&code=00102002504&supplier_code=00100593&order_time=2023-05-19 HTTP/1.1" 200 417
116.235.244.176 - - [19/May/2023:10:46:10 +0800] "GET /xingrg/all/function/internal_message.html?_=1684464392666&CODE_STATE=getMsg HTTP/1.1" 200 27
124.78.154.3 - - [19/May/2023:10:46:13 +0800] "GET /xingrg/all/function/internal_message.html?_=1684464373304&CODE_STATE=getMsg HTTP/1.1" 200 27
222.67.238.82 - - [19/May/2023:10:46:15 +0800] "GET /xingrg/kc/buy/cgsh_order_operate.html?command=get_materiel&rest_code=00141&code=00101008137&supplier_code=00100007&order_time=2023-05-19 HTTP/1.1" 200 408
180.164.3.199 - - [19/May/2023:10:46:21 +0800] "POST /xingrg/kc/buy/cgsh_order_operate.html HTTP/1.1" 200 37
116.235.244.176 - - [19/May/2023:10:46:23 +0800] "GET /xingrg/kc/buy/cgsh_order_operate.html?command=get_materiel&rest_code=00146&code=00101006109&supplier_code=00100012&order_time=2023-05-19 HTTP/1.1" 200 409
180.164.3.199 - - [19/May/2023:10:46:23 +0800] "POST /xingrg/kc/buy/cgsh_order_operate.html HTTP/1.1" 200 9784
116.238.139.35 - - [19/May/2023:10:46:25 +0800] "GET /xingrg/all/function/internal_message.html?_=1684464383566&CODE_STATE=getMsg HTTP/1.1" 200 27
180.164.3.199 - - [19/May/2023:10:46:25 +0800] "GET /xingrg/kc/print/load_config.html?kc_code=cgsh HTTP/1.1" 200 1924
180.164.3.199 - - [19/May/2023:10:46:26 +0800] "GET /xingrg/kc/print/load_data.html?order_code=212023051906993&kc_code=cgsh&condition= HTTP/1.1" 200 3381
124.79.240.114 - - [19/May/2023:10:46:28 +0800] "GET /xingrg/all/function/internal_message.html?_=1684464378808&CODE_STATE=getMsg HTTP/1.1" 302 -
180.164.3.199 - - [19/May/2023:10:46:32 +0800] "GET /xingrg/kc/buy/cgsh_order_add.html HTTP/1.1" 200 71543
180.164.3.199 - - [19/May/2023:10:46:33 +0800] "POST /xingrg/kc/buy/cgsh_order_operate.html HTTP/1.1" 200 8245
180.164.3.199 - - [19/May/2023:10:46:33 +0800] "GET /xingrg/javascript/easyui/themes/default/validatebox.css HTTP/1.1" 404 1104
222.67.238.82 - - [19/May/2023:10:46:34 +0800] "GET /xingrg/kc/buy/cgsh_order_operate.html?command=get_materiel&rest_code=00141&code=00101008213&supplier_code=00100007&order_time=2023-05-19 HTTP/1.1" 200 412
116.235.244.176 - - [19/May/2023:10:46:36 +0800] "GET /xingrg/kc/buy/cgsh_order_operate.html?command=get_materiel&rest_code=00146&code=00101006193&supplier_code=00100012&order_time=2023-05-19 HTTP/1.1" 200 409
116.235.244.176 - - [19/May/2023:10:46:38 +0800] "GET /xingrg/check_reg.html?_=1684464410597 HTTP/1.1" 200 22
180.169.147.146 - - [19/May/2023:10:46:38 +0800] "GET /xingrg/all/function/internal_message.html?_=1684464391448&CODE_STATE=getMsg HTTP/1.1" 200 27
116.232.195.127 - - [19/May/2023:10:46:38 +0800] "GET /xingrg/all/function/internal_message.html?_=1684464440324&CODE_STATE=getMsg HTTP/1.1" 200 27
116.235.244.176 - - [19/May/2023:10:46:39 +0800] "GET /xingrg/all/function/internal_message.html?_=1684464412090&CODE_STATE=getMsg HTTP/1.1" 200 27
116.238.210.79 - - [19/May/2023:10:46:43 +0800] "GET /xingrg/all/function/internal_message.html?_=1684464404075&CODE_STATE=getMsg HTTP/1.1" 200 27
222.67.238.82 - - [19/May/2023:10:46:44 +0800] "GET /xingrg/all/function/internal_message.html?_=1684463919177&CODE_STATE=getMsg HTTP/1.1" 200 27
124.78.154.3 - - [19/May/2023:10:46:44 +0800] "GET /xingrg/all/function/internal_message.html?_=1684464404804&CODE_STATE=getMsg HTTP/1.1" 200 27
124.79.74.67 - - [19/May/2023:10:46:45 +0800] "GET /xingrg/all/function/internal_message.html?_=1684464427084&CODE_STATE=getMsg HTTP/1.1" 200 27
124.78.154.3 - - [19/May/2023:10:46:45 +0800] "POST /xingrg/services/DataTransmitService HTTP/1.1" 200 524
116.224.158.100 - - [19/May/2023:10:46:46 +0800] "GET /xingrg/all/function/internal_message.html?_=1684464241009&CODE_STATE=getMsg HTTP/1.1" 200 27
120.253.135.82 - - [19/May/2023:10:46:47 +0800] "GET /xingrg/all/function/internal_message.html?_=1684464546033&CODE_STATE=getMsg HTTP/1.1" 200 27
124.78.154.3 - - [19/May/2023:10:46:47 +0800] "POST /xingrg/services/DataTransmitService HTTP/1.1" 200 501
124.78.154.3 - - [19/May/2023:10:46:47 +0800] "POST /xingrg/services/DataTransmitService HTTP/1.1" 200 501
124.78.154.3 - - [19/May/2023:10:46:47 +0800] "POST /xingrg/services/DataTransmitService HTTP/1.1" 200 501
124.78.154.3 - - [19/May/2023:10:46:48 +0800] "POST /xingrg/services/DataTransmitService HTTP/1.1" 200 501
124.78.154.3 - - [19/May/2023:10:46:48 +0800] "POST /xingrg/services/DataTransmitService HTTP/1.1" 200 501
116.224.158.100 - - [19/May/2023:10:46:48 +0800] "GET /xingrg/check_reg.html?_=1684464409355 HTTP/1.1" 200 22
116.224.158.100 - - [19/May/2023:10:46:48 +0800] "GET /xingrg/all/function/internal_message.html?_=1684464409358&CODE_STATE=getMsg HTTP/1.1" 200 27
124.78.154.3 - - [19/May/2023:10:46:50 +0800] "POST /xingrg/services/DataTransmitService HTTP/1.1" 200 412
222.70.110.223 - - [19/May/2023:10:46:51 +0800] "POST /xingrg/services/DataTransmitService HTTP/1.1" 200 524
222.70.110.223 - - [19/May/2023:10:46:51 +0800] "POST /xingrg/services/DataTransmitService HTTP/1.1" 200 501
116.235.244.176 - - [19/May/2023:10:46:52 +0800] "POST /xingrg/kc/buy/cgsh_order_operate.html HTTP/1.1" 200 37
116.235.244.176 - - [19/May/2023:10:46:56 +0800] "POST /xingrg/kc/buy/cgsh_order_operate.html HTTP/1.1" 200 6229
116.235.244.176 - - [19/May/2023:10:46:59 +0800] "GET /xingrg/kc/print/load_data.html?order_code=212023051906994&kc_code=cgsh&condition= HTTP/1.1" 200 2147
180.169.147.146 - - [19/May/2023:10:46:59 +0800] "GET /xingrg/all/function/internal_message.html?_=1684464420196&CODE_STATE=getMsg HTTP/1.1" 200 27
180.171.122.0 - - [19/May/2023:10:47:00 +0800] "GET /xingrg/all/function/internal_message.html?_=1684464417120&CODE_STATE=getMsg HTTP/1.1" 200 27
124.79.240.114 - - [19/May/2023:10:47:00 +0800] "GET /xingrg/all/function/internal_message.html?_=1684464698603&CODE_STATE=getMsg HTTP/1.1" 200 27
120.253.135.82 - - [19/May/2023:10:47:04 +0800] "GET /xingrg/check_reg.html?_=1684464261017 HTTP/1.1" 200 22
180.169.147.146 - - [19/May/2023:10:47:05 +0800] "GET /xingrg/all/function/internal_message.html?_=1684464418836&CODE_STATE=getMsg HTTP/1.1" 200 27
120.253.135.82 - - [19/May/2023:10:47:06 +0800] "GET /xingrg/all/function/internal_message.html?_=1684464263431&CODE_STATE=getMsg HTTP/1.1" 200 27
116.235.244.176 - - [19/May/2023:10:47:10 +0800] "GET /xingrg/all/function/internal_message.html?_=1684464452680&CODE_STATE=getMsg HTTP/1.1" 200 27
124.78.154.3 - - [19/May/2023:10:47:13 +0800] "GET /xingrg/all/function/internal_message.html?_=1684464433334&CODE_STATE=getMsg HTTP/1.1" 200 27
180.164.3.199 - - [19/May/2023:10:47:15 +0800] "GET /xingrg/all/function/internal_message.html?_=1684464435716&CODE_STATE=getMsg HTTP/1.1" 200 27
116.235.244.176 - - [19/May/2023:10:47:18 +0800] "GET /xingrg/kc/buy/cgsh_order_add.html HTTP/1.1" 200 71451
116.235.244.176 - - [19/May/2023:10:47:19 +0800] "POST /xingrg/kc/buy/cgsh_order_operate.html HTTP/1.1" 200 8245
116.235.244.176 - - [19/May/2023:10:47:19 +0800] "GET /xingrg/javascript/easyui/themes/default/validatebox.css HTTP/1.1" 404 1104
116.238.139.35 - - [19/May/2023:10:47:25 +0800] "GET /xingrg/all/function/internal_message.html?_=1684464443557&CODE_STATE=getMsg HTTP/1.1" 200 27
172.20.0.100 - - [19/May/2023:10:47:26 +0800] "GET /xingrg/check_reg.html?_=1684464458860 HTTP/1.1" 200 22
180.164.3.199 - - [19/May/2023:10:47:27 +0800] "GET /xingrg/kc/buy/cgsh_order_operate.html?command=get_materiel&rest_code=00108&code=00101002027&supplier_code=00100012&order_time=2023-05-19 HTTP/1.1" 200 413
124.79.240.114 - - [19/May/2023:10:47:28 +0800] "GET /xingrg/all/function/internal_message.html?_=1684464438812&CODE_STATE=getMsg HTTP/1.1" 302 -
222.67.238.82 - - [19/May/2023:10:47:33 +0800] "GET /xingrg/kc/buy/cgsh_order_operate.html?command=get_materiel&rest_code=00141&code=00101008256&supplier_code=00100007&order_time=2023-05-19 HTTP/1.1" 200 412
180.164.3.199 - - [19/May/2023:10:47:37 +0800] "GET /xingrg/kc/buy/cgsh_order_operate.html?command=get_materiel&rest_code=00108&code=00101001160&supplier_code=00100012&order_time=2023-05-19 HTTP/1.1" 200 408
180.169.147.146 - - [19/May/2023:10:47:38 +0800] "GET /xingrg/all/function/internal_message.html?_=1684464451448&CODE_STATE=getMsg HTTP/1.1" 200 27
116.232.195.127 - - [19/May/2023:10:47:38 +0800] "GET /xingrg/check_reg.html?_=1684464500314 HTTP/1.1" 200 22
116.232.195.127 - - [19/May/2023:10:47:38 +0800] "GET /xingrg/all/function/internal_message.html?_=1684464500315&CODE_STATE=getMsg HTTP/1.1" 200 27
116.235.244.176 - - [19/May/2023:10:47:39 +0800] "GET /xingrg/all/function/internal_message.html?_=1684464472104&CODE_STATE=getMsg HTTP/1.1" 200 27
116.238.210.79 - - [19/May/2023:10:47:43 +0800] "GET /xingrg/all/function/internal_message.html?_=1684464464061&CODE_STATE=getMsg HTTP/1.1" 200 27
222.67.238.82 - - [19/May/2023:10:47:44 +0800] "GET /xingrg/all/function/internal_message.html?_=1684463979142&CODE_STATE=getMsg HTTP/1.1" 200 27
124.78.154.3 - - [19/May/2023:10:47:44 +0800] "GET /xingrg/all/function/internal_message.html?_=1684464464820&CODE_STATE=getMsg HTTP/1.1" 200 27
124.79.74.67 - - [19/May/2023:10:47:45 +0800] "GET /xingrg/all/function/internal_message.html?_=1684464487089&CODE_STATE=getMsg HTTP/1.1" 200 27
116.224.158.100 - - [19/May/2023:10:47:46 +0800] "GET /xingrg/all/function/internal_message.html?_=1684464301024&CODE_STATE=getMsg HTTP/1.1" 200 27
120.253.135.82 - - [19/May/2023:10:47:47 +0800] "GET /xingrg/all/function/internal_message.html?_=1684464606038&CODE_STATE=getMsg HTTP/1.1" 200 27
116.224.158.100 - - [19/May/2023:10:47:48 +0800] "GET /xingrg/all/function/internal_message.html?_=1684464469357&CODE_STATE=getMsg HTTP/1.1" 200 27
180.164.3.199 - - [19/May/2023:10:47:58 +0800] "GET /xingrg/kc/buy/cgsh_order_operate.html?command=get_materiel&rest_code=00108&code=00101010161&supplier_code=00100012&order_time=2023-05-19 HTTP/1.1" 200 409
180.169.147.146 - - [19/May/2023:10:47:59 +0800] "GET /xingrg/all/function/internal_message.html?_=1684464480184&CODE_STATE=getMsg HTTP/1.1" 200 27
180.171.122.0 - - [19/May/2023:10:48:00 +0800] "GET /xingrg/all/function/internal_message.html?_=1684464477145&CODE_STATE=getMsg HTTP/1.1" 200 27
180.171.122.0 - - [19/May/2023:10:48:00 +0800] "GET /xingrg/check_reg.html?_=1684464477772 HTTP/1.1" 200 22
124.79.240.114 - - [19/May/2023:10:48:00 +0800] "GET /xingrg/all/function/internal_message.html?_=1684464758602&CODE_STATE=getMsg HTTP/1.1" 200 27
124.79.240.114 - - [19/May/2023:10:48:00 +0800] "GET /xingrg/check_reg.html?_=1684464758604 HTTP/1.1" 200 22
222.67.238.82 - - [19/May/2023:10:48:02 +0800] "POST /xingrg/kc/buy/cgsh_order_operate.html HTTP/1.1" 200 2065
180.169.147.146 - - [19/May/2023:10:48:05 +0800] "GET /xingrg/all/function/internal_message.html?_=1684464478819&CODE_STATE=getMsg HTTP/1.1" 200 27
180.169.147.146 - - [19/May/2023:10:48:05 +0800] "GET /xingrg/check_reg.html?_=1684464479069 HTTP/1.1" 200 22
120.253.135.82 - - [19/May/2023:10:48:06 +0800] "GET /xingrg/all/function/internal_message.html?_=1684464323445&CODE_STATE=getMsg HTTP/1.1" 200 27
116.235.244.176 - - [19/May/2023:10:48:10 +0800] "GET /xingrg/all/function/internal_message.html?_=1684464512693&CODE_STATE=getMsg HTTP/1.1" 200 27
222.67.238.82 - - [19/May/2023:10:48:11 +0800] "GET /xingrg/kc/buy/cgsh_order_operate.html?command=get_materiel&rest_code=00141&code=00101008112&supplier_code=00100007&order_time=2023-05-19 HTTP/1.1" 200 412
124.78.154.3 - - [19/May/2023:10:48:13 +0800] "GET /xingrg/all/function/internal_message.html?_=1684464493335&CODE_STATE=getMsg HTTP/1.1" 200 27
180.164.3.199 - - [19/May/2023:10:48:15 +0800] "GET /xingrg/kc/buy/cgsh_order_operate.html?command=get_materiel&rest_code=00108&code=00101006109&supplier_code=00100012&order_time=2023-05-19 HTTP/1.1" 200 409
180.164.3.199 - - [19/May/2023:10:48:15 +0800] "GET /xingrg/all/function/internal_message.html?_=1684464495699&CODE_STATE=getMsg HTTP/1.1" 200 27
116.238.139.35 - - [19/May/2023:10:48:25 +0800] "GET /xingrg/all/function/internal_message.html?_=1684464503560&CODE_STATE=getMsg HTTP/1.1" 200 27
116.238.139.35 - - [19/May/2023:10:48:25 +0800] "GET /xingrg/check_reg.html?_=1684464503563 HTTP/1.1" 200 22
124.79.240.114 - - [19/May/2023:10:48:28 +0800] "GET /xingrg/all/function/internal_message.html?_=1684464498813&CODE_STATE=getMsg HTTP/1.1" 302 -
180.164.3.199 - - [19/May/2023:10:48:28 +0800] "GET /xingrg/kc/buy/cgsh_order_operate.html?command=get_materiel&rest_code=00108&code=00101006240&supplier_code=00100012&order_time=2023-05-19 HTTP/1.1" 200 422
180.169.147.146 - - [19/May/2023:10:48:38 +0800] "GET /xingrg/all/function/internal_message.html?_=1684464511448&CODE_STATE=getMsg HTTP/1.1" 200 27
116.232.195.127 - - [19/May/2023:10:48:38 +0800] "GET /xingrg/all/function/internal_message.html?_=1684464560322&CODE_STATE=getMsg HTTP/1.1" 200 27
116.235.244.176 - - [19/May/2023:10:48:39 +0800] "GET /xingrg/all/function/internal_message.html?_=1684464532116&CODE_STATE=getMsg HTTP/1.1" 200 27
116.238.210.79 - - [19/May/2023:10:48:43 +0800] "GET /xingrg/check_reg.html?_=1684464523894 HTTP/1.1" 200 22
116.238.210.79 - - [19/May/2023:10:48:43 +0800] "GET /xingrg/all/function/internal_message.html?_=1684464524053&CODE_STATE=getMsg HTTP/1.1" 200 27
222.67.238.82 - - [19/May/2023:10:48:43 +0800] "GET /xingrg/check_reg.html?_=1684464038808 HTTP/1.1" 200 22
222.67.238.82 - - [19/May/2023:10:48:44 +0800] "GET /xingrg/all/function/internal_message.html?_=1684464039065&CODE_STATE=getMsg HTTP/1.1" 200 27
124.78.154.3 - - [19/May/2023:10:48:44 +0800] "GET /xingrg/check_reg.html?_=1684464524828 HTTP/1.1" 200 22
124.78.154.3 - - [19/May/2023:10:48:44 +0800] "GET /xingrg/all/function/internal_message.html?_=1684464524829&CODE_STATE=getMsg HTTP/1.1" 200 27
124.79.74.67 - - [19/May/2023:10:48:45 +0800] "GET /xingrg/all/function/internal_message.html?_=1684464547089&CODE_STATE=getMsg HTTP/1.1" 200 27
116.224.158.100 - - [19/May/2023:10:48:46 +0800] "GET /xingrg/all/function/internal_message.html?_=1684464361022&CODE_STATE=getMsg HTTP/1.1" 200 27
120.253.135.82 - - [19/May/2023:10:48:47 +0800] "GET /xingrg/all/function/internal_message.html?_=1684464666043&CODE_STATE=getMsg HTTP/1.1" 200 27
116.224.158.100 - - [19/May/2023:10:48:48 +0800] "GET /xingrg/all/function/internal_message.html?_=1684464529358&CODE_STATE=getMsg HTTP/1.1" 200 27
222.67.238.82 - - [19/May/2023:10:48:52 +0800] "GET /xingrg/kc/buy/cgsh_order_operate.html?command=get_materiel&rest_code=00141&code=00101008185&supplier_code=00100007&order_time=2023-05-19 HTTP/1.1" 200 408
116.235.244.176 - - [19/May/2023:10:48:54 +0800] "GET /xingrg/check_reg.html?_=1684464556717 HTTP/1.1" 200 22
180.169.147.146 - - [19/May/2023:10:48:59 +0800] "GET /xingrg/all/function/internal_message.html?_=1684464540191&CODE_STATE=getMsg HTTP/1.1" 200 27
180.169.147.146 - - [19/May/2023:10:48:59 +0800] "GET /xingrg/check_reg.html?_=1684464540193 HTTP/1.1" 200 22
180.171.122.0 - - [19/May/2023:10:49:00 +0800] "GET /xingrg/all/function/internal_message.html?_=1684464537148&CODE_STATE=getMsg HTTP/1.1" 200 27
124.79.240.114 - - [19/May/2023:10:49:00 +0800] "GET /xingrg/all/function/internal_message.html?_=1684464818603&CODE_STATE=getMsg HTTP/1.1" 200 27
222.67.238.82 - - [19/May/2023:10:49:03 +0800] "GET /xingrg/kc/buy/cgsh_order_operate.html?command=get_materiel&rest_code=00141&code=00101008264&supplier_code=00100007&order_time=2023-05-19 HTTP/1.1" 200 412
180.169.147.146 - - [19/May/2023:10:49:05 +0800] "GET /xingrg/all/function/internal_message.html?_=1684464538802&CODE_STATE=getMsg HTTP/1.1" 200 27
120.253.135.82 - - [19/May/2023:10:49:06 +0800] "GET /xingrg/all/function/internal_message.html?_=1684464383459&CODE_STATE=getMsg HTTP/1.1" 200 27
116.235.244.176 - - [19/May/2023:10:49:10 +0800] "GET /xingrg/all/function/internal_message.html?_=1684464572707&CODE_STATE=getMsg HTTP/1.1" 200 27
124.78.154.3 - - [19/May/2023:10:49:13 +0800] "GET /xingrg/all/function/internal_message.html?_=1684464553333&CODE_STATE=getMsg HTTP/1.1" 200 27
180.164.3.199 - - [19/May/2023:10:49:15 +0800] "GET /xingrg/all/function/internal_message.html?_=1684464555695&CODE_STATE=getMsg HTTP/1.1" 200 27
180.164.3.199 - - [19/May/2023:10:49:21 +0800] "GET /xingrg/kc/buy/cgsh_order_operate.html?command=get_materiel&rest_code=00108&code=00101006056&supplier_code=00100012&order_time=2023-05-19 HTTP/1.1" 200 415
116.238.139.35 - - [19/May/2023:10:49:25 +0800] "GET /xingrg/all/function/internal_message.html?_=1684464563566&CODE_STATE=getMsg HTTP/1.1" 200 27
124.79.240.114 - - [19/May/2023:10:49:28 +0800] "GET /xingrg/check_reg.html?_=1684464558803 HTTP/1.1" 302 -
124.79.240.114 - - [19/May/2023:10:49:28 +0800] "GET /xingrg/all/function/internal_message.html?_=1684464558800&CODE_STATE=getMsg HTTP/1.1" 302 -
218.81.73.248 - - [19/May/2023:10:49:37 +0800] "GET /xingrg/check_reg.html?_=1684464578522 HTTP/1.1" 200 22
180.169.147.146 - - [19/May/2023:10:49:38 +0800] "GET /xingrg/check_reg.html?_=1684464571449 HTTP/1.1" 200 22
180.169.147.146 - - [19/May/2023:10:49:38 +0800] "GET /xingrg/all/function/internal_message.html?_=1684464571454&CODE_STATE=getMsg HTTP/1.1" 200 27
116.232.195.127 - - [19/May/2023:10:49:38 +0800] "GET /xingrg/all/function/internal_message.html?_=1684464620323&CODE_STATE=getMsg HTTP/1.1" 200 27
116.235.244.176 - - [19/May/2023:10:49:39 +0800] "GET /xingrg/all/function/internal_message.html?_=1684464592134&CODE_STATE=getMsg HTTP/1.1" 200 27
116.238.210.79 - - [19/May/2023:10:49:43 +0800] "GET /xingrg/all/function/internal_message.html?_=1684464584033&CODE_STATE=getMsg HTTP/1.1" 200 27
222.67.238.82 - - [19/May/2023:10:49:44 +0800] "GET /xingrg/all/function/internal_message.html?_=1684464099034&CODE_STATE=getMsg HTTP/1.1" 200 27
124.78.154.3 - - [19/May/2023:10:49:44 +0800] "GET /xingrg/all/function/internal_message.html?_=1684464584843&CODE_STATE=getMsg HTTP/1.1" 200 27
124.79.74.67 - - [19/May/2023:10:49:45 +0800] "GET /xingrg/all/function/internal_message.html?_=1684464607094&CODE_STATE=getMsg HTTP/1.1" 200 27
124.79.74.67 - - [19/May/2023:10:49:45 +0800] "GET /xingrg/check_reg.html?_=1684464607102 HTTP/1.1" 200 22
116.224.158.100 - - [19/May/2023:10:49:46 +0800] "GET /xingrg/check_reg.html?_=1684464421021 HTTP/1.1" 200 22
116.224.158.100 - - [19/May/2023:10:49:46 +0800] "GET /xingrg/all/function/internal_message.html?_=1684464421022&CODE_STATE=getMsg HTTP/1.1" 200 27
120.253.135.82 - - [19/May/2023:10:49:47 +0800] "GET /xingrg/all/function/internal_message.html?_=1684464726048&CODE_STATE=getMsg HTTP/1.1" 200 27
120.253.135.82 - - [19/May/2023:10:49:47 +0800] "GET /xingrg/check_reg.html?_=1684464726050 HTTP/1.1" 200 22
116.224.158.100 - - [19/May/2023:10:49:48 +0800] "GET /xingrg/all/function/internal_message.html?_=1684464589358&CODE_STATE=getMsg HTTP/1.1" 200 27
180.169.147.146 - - [19/May/2023:10:49:59 +0800] "GET /xingrg/all/function/internal_message.html?_=1684464600191&CODE_STATE=getMsg HTTP/1.1" 200 27
180.171.122.0 - - [19/May/2023:10:50:00 +0800] "GET /xingrg/all/function/internal_message.html?_=1684464597148&CODE_STATE=getMsg HTTP/1.1" 200 27
124.79.240.114 - - [19/May/2023:10:50:00 +0800] "GET /xingrg/all/function/internal_message.html?_=1684464878602&CODE_STATE=getMsg HTTP/1.1" 200 27
180.169.147.146 - - [19/May/2023:10:50:05 +0800] "GET /xingrg/all/function/internal_message.html?_=1684464598786&CODE_STATE=getMsg HTTP/1.1" 200 27
120.253.135.82 - - [19/May/2023:10:50:06 +0800] "GET /xingrg/all/function/internal_message.html?_=1684464443481&CODE_STATE=getMsg HTTP/1.1" 200 27
116.235.244.176 - - [19/May/2023:10:50:10 +0800] "GET /xingrg/all/function/internal_message.html?_=1684464632720&CODE_STATE=getMsg HTTP/1.1" 200 27
124.78.154.3 - - [19/May/2023:10:50:13 +0800] "GET /xingrg/all/function/internal_message.html?_=1684464613331&CODE_STATE=getMsg HTTP/1.1" 200 27
124.78.154.3 - - [19/May/2023:10:50:13 +0800] "GET /xingrg/check_reg.html?_=1684464613330 HTTP/1.1" 200 22
222.67.238.82 - - [19/May/2023:10:50:13 +0800] "GET /xingrg/kc/buy/cgsh_order_operate.html?command=get_materiel&rest_code=00141&code=00101008336&supplier_code=00100007&order_time=2023-05-19 HTTP/1.1" 200 412
180.164.3.199 - - [19/May/2023:10:50:15 +0800] "GET /xingrg/all/function/internal_message.html?_=1684464615698&CODE_STATE=getMsg HTTP/1.1" 200 27
180.164.3.199 - - [19/May/2023:10:50:16 +0800] "GET /xingrg/check_reg.html?_=1684464616684 HTTP/1.1" 200 22
222.67.238.82 - - [19/May/2023:10:50:23 +0800] "POST /xingrg/kc/buy/cgsh_order_operate.html HTTP/1.1" 200 2065
116.238.139.35 - - [19/May/2023:10:50:25 +0800] "GET /xingrg/all/function/internal_message.html?_=1684464623567&CODE_STATE=getMsg HTTP/1.1" 200 27
124.79.240.114 - - [19/May/2023:10:50:28 +0800] "GET /xingrg/all/function/internal_message.html?_=1684464618811&CODE_STATE=getMsg HTTP/1.1" 302 -
222.67.238.82 - - [19/May/2023:10:50:32 +0800] "GET /xingrg/kc/buy/cgsh_order_operate.html?command=get_materiel&rest_code=00141&code=00101008077&supplier_code=00100007&order_time=2023-05-19 HTTP/1.1" 200 416
180.169.147.146 - - [19/May/2023:10:50:38 +0800] "GET /xingrg/all/function/internal_message.html?_=1684464631454&CODE_STATE=getMsg HTTP/1.1" 200 27
116.232.195.127 - - [19/May/2023:10:50:38 +0800] "GET /xingrg/all/function/internal_message.html?_=1684464680312&CODE_STATE=getMsg HTTP/1.1" 200 27
116.235.244.176 - - [19/May/2023:10:50:39 +0800] "GET /xingrg/all/function/internal_message.html?_=1684464652144&CODE_STATE=getMsg HTTP/1.1" 200 27
180.164.3.199 - - [19/May/2023:10:50:40 +0800] "POST /xingrg/kc/buy/cgsh_order_operate.html HTTP/1.1" 200 37
180.164.3.199 - - [19/May/2023:10:50:42 +0800] "POST /xingrg/kc/buy/cgsh_order_operate.html HTTP/1.1" 200 5620
116.238.210.79 - - [19/May/2023:10:50:43 +0800] "GET /xingrg/all/function/internal_message.html?_=1684464644004&CODE_STATE=getMsg HTTP/1.1" 200 27
222.67.238.82 - - [19/May/2023:10:50:43 +0800] "GET /xingrg/kc/buy/cgsh_order_operate.html?command=get_materiel&rest_code=00141&code=00101008005&supplier_code=00100007&order_time=2023-05-19 HTTP/1.1" 200 412
180.164.3.199 - - [19/May/2023:10:50:44 +0800] "GET /xingrg/kc/print/load_data.html?order_code=212023051906995&kc_code=cgsh&condition= HTTP/1.1" 200 1907
222.67.238.82 - - [19/May/2023:10:50:44 +0800] "GET /xingrg/all/function/internal_message.html?_=1684464159016&CODE_STATE=getMsg HTTP/1.1" 200 27
124.78.154.3 - - [19/May/2023:10:50:44 +0800] "GET /xingrg/all/function/internal_message.html?_=1684464644842&CODE_STATE=getMsg HTTP/1.1" 200 27
124.79.74.67 - - [19/May/2023:10:50:45 +0800] "GET /xingrg/all/function/internal_message.html?_=1684464667113&CODE_STATE=getMsg HTTP/1.1" 200 27
116.224.158.100 - - [19/May/2023:10:50:46 +0800] "GET /xingrg/all/function/internal_message.html?_=1684464481021&CODE_STATE=getMsg HTTP/1.1" 200 27
120.253.135.82 - - [19/May/2023:10:50:47 +0800] "GET /xingrg/all/function/internal_message.html?_=1684464786052&CODE_STATE=getMsg HTTP/1.1" 200 27
116.224.158.100 - - [19/May/2023:10:50:49 +0800] "GET /xingrg/all/function/internal_message.html?_=1684464649359&CODE_STATE=getMsg HTTP/1.1" 200 27
180.164.3.199 - - [19/May/2023:10:50:49 +0800] "GET /xingrg/kc/buy/cgsh_order_add.html HTTP/1.1" 200 71543
180.164.3.199 - - [19/May/2023:10:50:49 +0800] "POST /xingrg/kc/buy/cgsh_order_operate.html HTTP/1.1" 200 8245
180.164.3.199 - - [19/May/2023:10:50:49 +0800] "GET /xingrg/javascript/easyui/themes/default/validatebox.css HTTP/1.1" 404 1104
222.67.238.82 - - [19/May/2023:10:50:55 +0800] "GET /xingrg/kc/buy/cgsh_order_operate.html?command=get_materiel&rest_code=00141&code=00101008144&supplier_code=00100007&order_time=2023-05-19 HTTP/1.1" 200 412
180.169.147.146 - - [19/May/2023:10:50:59 +0800] "GET /xingrg/all/function/internal_message.html?_=1684464660182&CODE_STATE=getMsg HTTP/1.1" 200 27
180.171.122.0 - - [19/May/2023:10:51:00 +0800] "GET /xingrg/all/function/internal_message.html?_=1684464657149&CODE_STATE=getMsg HTTP/1.1" 200 27
124.79.240.114 - - [19/May/2023:10:51:00 +0800] "GET /xingrg/all/function/internal_message.html?_=1684464938603&CODE_STATE=getMsg HTTP/1.1" 200 27
180.169.147.146 - - [19/May/2023:10:51:05 +0800] "GET /xingrg/all/function/internal_message.html?_=1684464658770&CODE_STATE=getMsg HTTP/1.1" 200 27
180.164.3.199 - - [19/May/2023:10:51:05 +0800] "GET /xingrg/kc/buy/cgsh_order_operate.html?command=get_materiel&rest_code=00108&code=00101007032&supplier_code=00100002&order_time=2023-05-19 HTTP/1.1" 200 413
222.67.238.82 - - [19/May/2023:10:51:06 +0800] "GET /xingrg/kc/buy/cgsh_order_operate.html?command=get_materiel&rest_code=00141&code=00101008271&supplier_code=00100007&order_time=2023-05-19 HTTP/1.1" 200 408
120.253.135.82 - - [19/May/2023:10:51:06 +0800] "GET /xingrg/all/function/internal_message.html?_=1684464503502&CODE_STATE=getMsg HTTP/1.1" 200 27
116.235.244.176 - - [19/May/2023:10:51:11 +0800] "GET /xingrg/all/function/internal_message.html?_=1684464692998&CODE_STATE=getMsg HTTP/1.1" 200 27
124.78.154.3 - - [19/May/2023:10:51:13 +0800] "GET /xingrg/all/function/internal_message.html?_=1684464673345&CODE_STATE=getMsg HTTP/1.1" 200 27
180.164.3.199 - - [19/May/2023:10:51:15 +0800] "GET /xingrg/all/function/internal_message.html?_=1684464675672&CODE_STATE=getMsg HTTP/1.1" 200 27
180.164.3.199 - - [19/May/2023:10:51:16 +0800] "POST /xingrg/kc/buy/cgsh_order_operate.html HTTP/1.1" 200 37
180.164.3.199 - - [19/May/2023:10:51:18 +0800] "POST /xingrg/kc/buy/cgsh_order_operate.html HTTP/1.1" 200 2658
180.164.3.199 - - [19/May/2023:10:51:20 +0800] "GET /xingrg/kc/print/load_data.html?order_code=212023051906996&kc_code=cgsh&condition= HTTP/1.1" 200 753
180.164.3.199 - - [19/May/2023:10:51:24 +0800] "GET /xingrg/kc/buy/cgsh_order_add.html HTTP/1.1" 200 71543
180.164.3.199 - - [19/May/2023:10:51:24 +0800] "POST /xingrg/kc/buy/cgsh_order_operate.html HTTP/1.1" 200 8245
180.164.3.199 - - [19/May/2023:10:51:24 +0800] "GET /xingrg/javascript/easyui/themes/default/validatebox.css HTTP/1.1" 404 1104
116.238.139.35 - - [19/May/2023:10:51:25 +0800] "GET /xingrg/all/function/internal_message.html?_=1684464683572&CODE_STATE=getMsg HTTP/1.1" 200 27
124.79.240.114 - - [19/May/2023:10:51:28 +0800] "GET /xingrg/all/function/internal_message.html?_=1684464678804&CODE_STATE=getMsg HTTP/1.1" 302 -
116.235.244.176 - - [19/May/2023:10:51:38 +0800] "GET /xingrg/check_reg.html?_=1684464710601 HTTP/1.1" 200 22
180.169.147.146 - - [19/May/2023:10:51:38 +0800] "GET /xingrg/all/function/internal_message.html?_=1684464691452&CODE_STATE=getMsg HTTP/1.1" 200 27
116.232.195.127 - - [19/May/2023:10:51:38 +0800] "GET /xingrg/all/function/internal_message.html?_=1684464740317&CODE_STATE=getMsg HTTP/1.1" 200 27
116.235.244.176 - - [19/May/2023:10:51:39 +0800] "GET /xingrg/all/function/internal_message.html?_=1684464712157&CODE_STATE=getMsg HTTP/1.1" 200 27
180.164.3.199 - - [19/May/2023:10:51:41 +0800] "GET /xingrg/kc/buy/cgsh_order_operate.html?command=get_materiel&rest_code=00108&code=00101009050&supplier_code=00100007&order_time=2023-05-19 HTTP/1.1" 200 408
116.238.210.79 - - [19/May/2023:10:51:43 +0800] "GET /xingrg/all/function/internal_message.html?_=1684464703983&CODE_STATE=getMsg HTTP/1.1" 200 27
222.67.238.82 - - [19/May/2023:10:51:43 +0800] "GET /xingrg/kc/buy/cgsh_order_operate.html?command=get_materiel&rest_code=00141&code=00101008125&supplier_code=00100007&order_time=2023-05-19 HTTP/1.1" 200 413
222.67.238.82 - - [19/May/2023:10:51:44 +0800] "GET /xingrg/all/function/internal_message.html?_=1684464218995&CODE_STATE=getMsg HTTP/1.1" 200 27
124.78.154.3 - - [19/May/2023:10:51:44 +0800] "GET /xingrg/all/function/internal_message.html?_=1684464704842&CODE_STATE=getMsg HTTP/1.1" 200 27
124.79.74.67 - - [19/May/2023:10:51:45 +0800] "GET /xingrg/all/function/internal_message.html?_=1684464727117&CODE_STATE=getMsg HTTP/1.1" 200 27
222.67.238.82 - - [19/May/2023:10:51:46 +0800] "POST /xingrg/kc/buy/cgsh_order_operate.html HTTP/1.1" 200 2065
116.224.158.100 - - [19/May/2023:10:51:46 +0800] "GET /xingrg/all/function/internal_message.html?_=1684464541020&CODE_STATE=getMsg HTTP/1.1" 200 27
120.253.135.82 - - [19/May/2023:10:51:47 +0800] "GET /xingrg/all/function/internal_message.html?_=1684464846057&CODE_STATE=getMsg HTTP/1.1" 200 27
116.224.158.100 - - [19/May/2023:10:51:48 +0800] "GET /xingrg/check_reg.html?_=1684464709361 HTTP/1.1" 200 22
116.224.158.100 - - [19/May/2023:10:51:48 +0800] "GET /xingrg/all/function/internal_message.html?_=1684464709364&CODE_STATE=getMsg HTTP/1.1" 200 27
222.67.238.82 - - [19/May/2023:10:51:55 +0800] "GET /xingrg/kc/buy/cgsh_order_operate.html?command=get_materiel&rest_code=00141&code=00101008350&supplier_code=00100007&order_time=2023-05-19 HTTP/1.1" 200 408
180.169.147.146 - - [19/May/2023:10:51:59 +0800] "GET /xingrg/all/function/internal_message.html?_=1684464720196&CODE_STATE=getMsg HTTP/1.1" 200 27
180.171.122.0 - - [19/May/2023:10:52:00 +0800] "GET /xingrg/all/function/internal_message.html?_=1684464717150&CODE_STATE=getMsg HTTP/1.1" 200 27
124.79.240.114 - - [19/May/2023:10:52:00 +0800] "GET /xingrg/all/function/internal_message.html?_=1684464998603&CODE_STATE=getMsg HTTP/1.1" 200 27
120.253.135.82 - - [19/May/2023:10:52:01 +0800] "GET /xingrg/kc/pszx/mdps_order_list.html?orderType=0 HTTP/1.1" 200 21032
120.253.135.82 - - [19/May/2023:10:52:01 +0800] "POST /xingrg/kc/pszx/mdps_list_operate.html HTTP/1.1" 200 5303
120.253.135.82 - - [19/May/2023:10:52:04 +0800] "GET /xingrg/check_reg.html?_=1684464561045 HTTP/1.1" 200 22
120.253.135.82 - - [19/May/2023:10:52:04 +0800] "POST /xingrg/kc/pszx/mdps_list_operate.html HTTP/1.1" 200 5414
180.169.147.146 - - [19/May/2023:10:52:05 +0800] "GET /xingrg/all/function/internal_message.html?_=1684464718754&CODE_STATE=getMsg HTTP/1.1" 200 27
120.253.135.82 - - [19/May/2023:10:52:06 +0800] "GET /xingrg/all/function/internal_message.html?_=1684464563514&CODE_STATE=getMsg HTTP/1.1" 200 27
120.253.135.82 - - [19/May/2023:10:52:08 +0800] "POST /xingrg/kc/pszx/mdps_list_operate.html HTTP/1.1" 200 665
120.253.135.82 - - [19/May/2023:10:52:08 +0800] "GET /xingrg/kc/pszx/mdps_order_info.html?code=312023051900401 HTTP/1.1" 200 23976
120.253.135.82 - - [19/May/2023:10:52:08 +0800] "GET /xingrg/javascript/easyui/themes/default/validatebox.css HTTP/1.1" 404 1104
120.253.135.82 - - [19/May/2023:10:52:09 +0800] "GET /xingrg/all/common/auto_word.html?type=base&rest_code=00101 HTTP/1.1" 200 671
120.253.135.82 - - [19/May/2023:10:52:09 +0800] "POST /xingrg/kc/pszx/mdps_order_operate.html HTTP/1.1" 200 9479
116.235.244.176 - - [19/May/2023:10:52:11 +0800] "GET /xingrg/all/function/internal_message.html?_=1684464753012&CODE_STATE=getMsg HTTP/1.1" 200 27
124.78.154.3 - - [19/May/2023:10:52:13 +0800] "GET /xingrg/all/function/internal_message.html?_=1684464733330&CODE_STATE=getMsg HTTP/1.1" 200 27
222.67.238.82 - - [19/May/2023:10:52:14 +0800] "GET /xingrg/kc/buy/cgsh_order_operate.html?command=get_materiel&rest_code=00141&code=00101008119&supplier_code=00100007&order_time=2023-05-19 HTTP/1.1" 200 412
180.164.3.199 - - [19/May/2023:10:52:15 +0800] "GET /xingrg/all/function/internal_message.html?_=1684464735667&CODE_STATE=getMsg HTTP/1.1" 200 27
116.238.139.35 - - [19/May/2023:10:52:25 +0800] "GET /xingrg/all/function/internal_message.html?_=1684464743569&CODE_STATE=getMsg HTTP/1.1" 200 27
172.20.0.100 - - [19/May/2023:10:52:26 +0800] "GET /xingrg/check_reg.html?_=1684464758864 HTTP/1.1" 200 22
222.67.238.82 - - [19/May/2023:10:52:27 +0800] "GET /xingrg/kc/buy/cgsh_order_operate.html?command=get_materiel&rest_code=00141&code=00101008095&supplier_code=00100007&order_time=2023-05-19 HTTP/1.1" 200 412
116.224.158.100 - - [19/May/2023:10:52:27 +0800] "GET /xingrg/kc/buy/cgsh_order_add.html HTTP/1.1" 200 71533
124.79.240.114 - - [19/May/2023:10:52:28 +0800] "GET /xingrg/all/function/internal_message.html?_=1684464738821&CODE_STATE=getMsg HTTP/1.1" 302 -
116.224.158.100 - - [19/May/2023:10:52:28 +0800] "POST /xingrg/kc/buy/cgsh_order_operate.html HTTP/1.1" 200 8245
116.224.158.100 - - [19/May/2023:10:52:28 +0800] "GET /xingrg/javascript/easyui/themes/default/validatebox.css HTTP/1.1" 404 1104
120.253.135.82 - - [19/May/2023:10:52:34 +0800] "POST /xingrg/kc/pszx/mdps_order_operate.html HTTP/1.1" 200 37
180.169.147.146 - - [19/May/2023:10:52:38 +0800] "GET /xingrg/all/function/internal_message.html?_=1684464751454&CODE_STATE=getMsg HTTP/1.1" 200 27
116.232.195.127 - - [19/May/2023:10:52:38 +0800] "GET /xingrg/check_reg.html?_=1684464800316 HTTP/1.1" 200 22
116.232.195.127 - - [19/May/2023:10:52:38 +0800] "GET /xingrg/all/function/internal_message.html?_=1684464800321&CODE_STATE=getMsg HTTP/1.1" 200 27
116.235.244.176 - - [19/May/2023:10:52:39 +0800] "GET /xingrg/all/function/internal_message.html?_=1684464772172&CODE_STATE=getMsg HTTP/1.1" 200 27
120.253.135.82 - - [19/May/2023:10:52:40 +0800] "POST /xingrg/kc/pszx/mdps_order_operate.html HTTP/1.1" 200 12
120.253.135.82 - - [19/May/2023:10:52:42 +0800] "GET /xingrg/kc/pszx/mdps_order_info.html?code=312023051900401 HTTP/1.1" 200 19634
120.253.135.82 - - [19/May/2023:10:52:42 +0800] "GET /xingrg/javascript/easyui/themes/default/validatebox.css HTTP/1.1" 404 1104
120.253.135.82 - - [19/May/2023:10:52:42 +0800] "POST /xingrg/kc/pszx/mdps_order_operate.html HTTP/1.1" 200 7616
116.224.158.100 - - [19/May/2023:10:52:43 +0800] "GET /xingrg/kc/buy/cgsh_order_operate.html?command=get_materiel&rest_code=00105&code=00101009109&supplier_code=00100024&order_time=2023-05-19 HTTP/1.1" 200 413
116.238.210.79 - - [19/May/2023:10:52:43 +0800] "GET /xingrg/all/function/internal_message.html?_=1684464763954&CODE_STATE=getMsg HTTP/1.1" 200 27
116.238.139.35 - - [19/May/2023:10:52:43 +0800] "POST /xingrg/all/user/operate.html HTTP/1.1" 200 36
222.67.238.82 - - [19/May/2023:10:52:44 +0800] "GET /xingrg/all/function/internal_message.html?_=1684464278971&CODE_STATE=getMsg HTTP/1.1" 200 27
116.238.139.35 - - [19/May/2023:10:52:44 +0800] "GET /xingrg/index.html?sysBaseUrl=http%3A%2F%2F180.169.147.146%3A18081%2Fxingrg%2F&costTime=807×tamp=1684401673697 HTTP/1.1" 200 17177
116.238.139.35 - - [19/May/2023:10:52:44 +0800] "GET /xingrg/javascript/jquery_easy_ui/themes/default/easyui.css HTTP/1.1" 304 -
116.238.139.35 - - [19/May/2023:10:52:44 +0800] "GET /xingrg/javascript/jquery_easy_ui/themes/icon.css HTTP/1.1" 304 -
116.238.139.35 - - [19/May/2023:10:52:44 +0800] "GET /xingrg/css/form.css HTTP/1.1" 304 -
116.238.139.35 - - [19/May/2023:10:52:44 +0800] "GET /xingrg/javascript/jquery-1.4.2.min.js HTTP/1.1" 304 -
116.238.139.35 - - [19/May/2023:10:52:44 +0800] "GET /xingrg/javascript/jquery_easy_ui/jquery.easyui.min.js HTTP/1.1" 304 -
116.238.139.35 - - [19/May/2023:10:52:44 +0800] "GET /xingrg/javascript/jquery_easy_ui/easyui-lang-zh_CN.js HTTP/1.1" 304 -
116.238.139.35 - - [19/May/2023:10:52:44 +0800] "GET /xingrg/javascript/jquery.form.js HTTP/1.1" 304 -
116.238.139.35 - - [19/May/2023:10:52:44 +0800] "GET /xingrg/javascript/jquery.utils.js HTTP/1.1" 304 -
116.238.139.35 - - [19/May/2023:10:52:44 +0800] "GET /xingrg/javascript/jquery.timers.js HTTP/1.1" 304 -
116.238.139.35 - - [19/May/2023:10:52:44 +0800] "GET /xingrg/images/blue/jxLogo.png HTTP/1.1" 304 -
116.238.139.35 - - [19/May/2023:10:52:44 +0800] "GET /xingrg/javascript/jquery_easy_ui/themes/icons/settle_new.png HTTP/1.1" 304 -
116.238.139.35 - - [19/May/2023:10:52:44 +0800] "GET /xingrg/images/blue/navBackgound.jpg HTTP/1.1" 304 -
116.238.139.35 - - [19/May/2023:10:52:44 +0800] "GET /xingrg/all/function/internal_message.html?_=1684464762878&CODE_STATE=count HTTP/1.1" 200 11
116.238.139.35 - - [19/May/2023:10:52:44 +0800] "GET /xingrg/check_reg.html?_=1684464762880 HTTP/1.1" 200 22
116.238.139.35 - - [19/May/2023:10:52:44 +0800] "GET /xingrg/javascript/jquery_easy_ui/themes/default/images/panel_tool_collapse.gif HTTP/1.1" 304 -
116.238.139.35 - - [19/May/2023:10:52:44 +0800] "GET /xingrg/javascript/jquery_easy_ui/themes/default/images/tabs_rightarrow.png HTTP/1.1" 304 -
116.238.139.35 - - [19/May/2023:10:52:44 +0800] "GET /xingrg/images/blue/pingpu.png HTTP/1.1" 304 -
116.238.139.35 - - [19/May/2023:10:52:44 +0800] "GET /xingrg/javascript/jquery_easy_ui/themes/default/images/tabs_leftarrow.png HTTP/1.1" 304 -
116.238.139.35 - - [19/May/2023:10:52:44 +0800] "POST /xingrg/all/common/load_tree.html?tree=area_rest_tree_json&manage=1 HTTP/1.1" 200 476
116.238.139.35 - - [19/May/2023:10:52:44 +0800] "POST /xingrg/load_menu.html HTTP/1.1" 200 5138
124.78.154.3 - - [19/May/2023:10:52:44 +0800] "GET /xingrg/all/function/internal_message.html?_=1684464764828&CODE_STATE=getMsg HTTP/1.1" 200 27
124.79.74.67 - - [19/May/2023:10:52:45 +0800] "GET /xingrg/all/function/internal_message.html?_=1684464787108&CODE_STATE=getMsg HTTP/1.1" 200 27
120.253.135.82 - - [19/May/2023:10:52:45 +0800] "POST /xingrg/kc/pszx/mdps_list_operate.html HTTP/1.1" 200 5416
114.83.216.225 - - [19/May/2023:10:52:46 +0800] "GET /xingrg/login.html HTTP/1.1" 200 7641
114.83.216.225 - - [19/May/2023:10:52:46 +0800] "GET /favicon.ico HTTP/1.1" 404 -
116.224.158.100 - - [19/May/2023:10:52:46 +0800] "GET /xingrg/all/function/internal_message.html?_=1684464601008&CODE_STATE=getMsg HTTP/1.1" 200 27
120.253.135.82 - - [19/May/2023:10:52:47 +0800] "GET /xingrg/all/function/internal_message.html?_=1684464906063&CODE_STATE=getMsg HTTP/1.1" 200 27
120.253.135.82 - - [19/May/2023:10:52:47 +0800] "POST /xingrg/kc/pszx/mdps_list_operate.html HTTP/1.1" 200 218
222.67.238.82 - - [19/May/2023:10:52:47 +0800] "GET /xingrg/kc/buy/cgsh_order_operate.html?command=get_materiel&rest_code=00141&code=00101015183&supplier_code=00100007&order_time=2023-05-19 HTTP/1.1" 200 421
116.238.139.35 - - [19/May/2023:10:52:47 +0800] "GET /xingrg/kc/mdqp/pssh_order_list.html HTTP/1.1" 200 17437
120.253.135.82 - - [19/May/2023:10:52:47 +0800] "GET /xingrg/kc/pszx/mdps_order_info.html?code=312023051900402 HTTP/1.1" 200 23976
120.253.135.82 - - [19/May/2023:10:52:48 +0800] "GET /xingrg/javascript/easyui/themes/default/validatebox.css HTTP/1.1" 404 1104
120.253.135.82 - - [19/May/2023:10:52:48 +0800] "GET /xingrg/all/common/auto_word.html?type=base&rest_code=00101 HTTP/1.1" 200 671
120.253.135.82 - - [19/May/2023:10:52:48 +0800] "POST /xingrg/kc/pszx/mdps_order_operate.html HTTP/1.1" 200 2311
116.238.139.35 - - [19/May/2023:10:52:48 +0800] "POST /xingrg/kc/mdqp/pssh_list_operate.html HTTP/1.1" 200 5474
116.224.158.100 - - [19/May/2023:10:52:48 +0800] "GET /xingrg/all/function/internal_message.html?_=1684464769382&CODE_STATE=getMsg HTTP/1.1" 200 27
120.253.135.82 - - [19/May/2023:10:52:49 +0800] "POST /xingrg/kc/pszx/mdps_list_operate.html HTTP/1.1" 200 5416
116.238.139.35 - - [19/May/2023:10:52:50 +0800] "POST /xingrg/kc/mdqp/pssh_list_operate.html HTTP/1.1" 200 263
116.238.139.35 - - [19/May/2023:10:52:52 +0800] "GET /xingrg/kc/mdqp/pssh_order_info.html?code=312023051900403 HTTP/1.1" 200 17248
116.238.139.35 - - [19/May/2023:10:52:52 +0800] "GET /xingrg/javascript/jquery_tools/jquery-1.4.2.min.js HTTP/1.1" 404 1094
116.238.139.35 - - [19/May/2023:10:52:52 +0800] "GET /xingrg/javascript/easyui/themes/default/validatebox.css HTTP/1.1" 404 1104
116.238.139.35 - - [19/May/2023:10:52:52 +0800] "GET /xingrg/all/common/auto_word.html?type=employee&rest_code=00151 HTTP/1.1" 200 293
116.238.139.35 - - [19/May/2023:10:52:52 +0800] "POST /xingrg/kc/mdqp/pssh_order_operate.html HTTP/1.1" 200 539
116.238.139.35 - - [19/May/2023:10:52:52 +0800] "GET /xingrg/all/common/auto_word.html?type=base&rest_code=00151&rest_code=00151 HTTP/1.1" 200 1315
120.253.135.82 - - [19/May/2023:10:52:54 +0800] "POST /xingrg/kc/pszx/mdps_list_operate.html HTTP/1.1" 200 209
116.238.139.35 - - [19/May/2023:10:52:54 +0800] "GET /xingrg/javascript/auto/indicator.gif HTTP/1.1" 404 1066
120.253.135.82 - - [19/May/2023:10:52:54 +0800] "GET /xingrg/kc/pszx/mdps_order_info.html?code=312023051900403 HTTP/1.1" 200 23974
120.253.135.82 - - [19/May/2023:10:52:55 +0800] "GET /xingrg/javascript/easyui/themes/default/validatebox.css HTTP/1.1" 404 1104
120.253.135.82 - - [19/May/2023:10:52:55 +0800] "GET /xingrg/all/common/auto_word.html?type=base&rest_code=00101 HTTP/1.1" 200 671
120.253.135.82 - - [19/May/2023:10:52:55 +0800] "POST /xingrg/kc/pszx/mdps_order_operate.html HTTP/1.1" 200 2295
116.232.195.127 - - [19/May/2023:10:52:56 +0800] "POST /xingrg/services/DataTransmitService HTTP/1.1" 200 524
114.83.216.225 - - [19/May/2023:10:52:56 +0800] "POST /xingrg/login.do HTTP/1.1" 302 -
114.83.216.225 - - [19/May/2023:10:52:56 +0800] "GET /xingrg/index.html?sysBaseUrl=http%3A%2F%2F180.169.147.146%3A18081%2Fxingrg%2F&costTime=1280×tamp=1684464776394 HTTP/1.1" 200 17179
114.83.216.225 - - [19/May/2023:10:52:56 +0800] "GET /favicon.ico HTTP/1.1" 404 -
116.224.158.100 - - [19/May/2023:10:52:56 +0800] "GET /xingrg/kc/buy/cgsh_order_operate.html?command=get_materiel&rest_code=00105&code=00101009010&supplier_code=00100024&order_time=2023-05-19 HTTP/1.1" 200 412
114.83.216.225 - - [19/May/2023:10:52:56 +0800] "GET /xingrg/all/function/internal_message.html?_=1684464772996&CODE_STATE=count HTTP/1.1" 200 11
114.83.216.225 - - [19/May/2023:10:52:56 +0800] "GET /xingrg/check_reg.html?_=1684464772997 HTTP/1.1" 200 22
114.83.216.225 - - [19/May/2023:10:52:56 +0800] "POST /xingrg/all/common/load_tree.html?tree=area_rest_tree_json&manage=1 HTTP/1.1" 200 351
114.83.216.225 - - [19/May/2023:10:52:56 +0800] "POST /xingrg/load_menu.html HTTP/1.1" 200 5138
116.238.139.35 - - [19/May/2023:10:52:57 +0800] "GET /xingrg/javascript/jquery_tools/images/next.gif HTTP/1.1" 404 1086
116.238.139.35 - - [19/May/2023:10:52:57 +0800] "GET /xingrg/javascript/jquery_tools/images/prev.gif HTTP/1.1" 404 1086
116.232.195.127 - - [19/May/2023:10:52:57 +0800] "POST /xingrg/services/DataTransmitService HTTP/1.1" 200 412
222.67.238.82 - - [19/May/2023:10:52:59 +0800] "GET /xingrg/kc/buy/cgsh_order_operate.html?command=get_materiel&rest_code=00141&code=00101008223&supplier_code=00100007&order_time=2023-05-19 HTTP/1.1" 200 412
116.238.139.35 - - [19/May/2023:10:52:59 +0800] "POST /xingrg/all/common/load_combo.html?type=employee HTTP/1.1" 200 532
120.253.135.82 - - [19/May/2023:10:52:59 +0800] "POST /xingrg/kc/pszx/mdps_order_operate.html HTTP/1.1" 200 37
180.169.147.146 - - [19/May/2023:10:52:59 +0800] "GET /xingrg/all/function/internal_message.html?_=1684464780182&CODE_STATE=getMsg HTTP/1.1" 200 27
180.171.122.0 - - [19/May/2023:10:53:00 +0800] "GET /xingrg/all/function/internal_message.html?_=1684464777150&CODE_STATE=getMsg HTTP/1.1" 200 27
180.171.122.0 - - [19/May/2023:10:53:00 +0800] "GET /xingrg/check_reg.html?_=1684464777744 HTTP/1.1" 200 22
124.79.240.114 - - [19/May/2023:10:53:00 +0800] "GET /xingrg/all/function/internal_message.html?_=1684465058602&CODE_STATE=getMsg HTTP/1.1" 200 27
124.79.240.114 - - [19/May/2023:10:53:00 +0800] "GET /xingrg/check_reg.html?_=1684465058604 HTTP/1.1" 200 22
114.83.216.225 - - [19/May/2023:10:53:02 +0800] "GET /xingrg/kc/report/report_main.html HTTP/1.1" 200 7340
114.83.216.225 - - [19/May/2023:10:53:04 +0800] "GET /xingrg/kc/base/kc_stocks.html HTTP/1.1" 200 16512
120.253.135.82 - - [19/May/2023:10:53:04 +0800] "POST /xingrg/kc/pszx/mdps_order_operate.html HTTP/1.1" 200 12
116.238.139.35 - - [19/May/2023:10:53:04 +0800] "POST /xingrg/kc/mdqp/pssh_order_operate.html HTTP/1.1" 200 37
114.83.216.225 - - [19/May/2023:10:53:04 +0800] "GET /xingrg/javascript/easyui/themes/default/tree.css HTTP/1.1" 404 1090
114.83.216.225 - - [19/May/2023:10:53:04 +0800] "GET /xingrg/all/common/auto_word.html?type=base&rest_code=00149 HTTP/1.1" 200 1907
114.83.216.225 - - [19/May/2023:10:53:04 +0800] "POST /xingrg/all/common/load_tree.html?tree=materiel_sort_tree_json HTTP/1.1" 200 9500
180.169.147.146 - - [19/May/2023:10:53:05 +0800] "GET /xingrg/all/function/internal_message.html?_=1684464778738&CODE_STATE=getMsg HTTP/1.1" 200 27
116.238.139.35 - - [19/May/2023:10:53:05 +0800] "POST /xingrg/kc/mdqp/pssh_order_operate.html HTTP/1.1" 200 539
