116.238.139.35 - - [19/May/2023:08:58:25 +0800] "GET /xingrg/kc/buy/cgsh_order_operate.html?command=get_materiel&rest_code=00151&code=00101012039&supplier_code=00100096&order_time=2023-05-19 HTTP/1.1" 200 408
124.78.154.3 - - [19/May/2023:08:58:27 +0800] "GET /xingrg/all/function/internal_message.html?_=1684457904297&CODE_STATE=getMsg HTTP/1.1" 200 27
124.79.240.114 - - [19/May/2023:08:58:28 +0800] "GET /xingrg/all/function/internal_message.html?_=1684457898817&CODE_STATE=getMsg HTTP/1.1" 302 -
116.232.195.127 - - [19/May/2023:08:58:29 +0800] "GET /xingrg/kc/buy/cgsh_order_operate.html?command=get_materiel&rest_code=00155&code=00101008312&supplier_code=00100005&order_time=2023-05-19 HTTP/1.1" 200 412
116.224.158.100 - - [19/May/2023:08:58:33 +0800] "POST /xingrg/kc/buy/cgsh_order_operate.html HTTP/1.1" 200 37
114.83.216.225 - - [19/May/2023:08:58:34 +0800] "GET /xingrg/kc/buy/cgsh_order_list.html HTTP/1.1" 200 55675
116.238.139.35 - - [19/May/2023:08:58:34 +0800] "GET /xingrg/kc/buy/cgsh_order_operate.html?command=get_materiel&rest_code=00151&code=00101016038&supplier_code=00100096&order_time=2023-05-19 HTTP/1.1" 200 408
114.83.216.225 - - [19/May/2023:08:58:36 +0800] "POST /xingrg/kc/buy/cgsh_list_operate.html HTTP/1.1" 200 986
116.238.139.35 - - [19/May/2023:08:58:36 +0800] "GET /xingrg/check_reg.html?_=1684457837653 HTTP/1.1" 200 22
116.232.195.127 - - [19/May/2023:08:58:36 +0800] "GET /xingrg/kc/buy/cgsh_order_operate.html?command=get_materiel&rest_code=00155&code=00101008283&supplier_code=00100005&order_time=2023-05-19 HTTP/1.1" 200 408
116.238.139.35 - - [19/May/2023:08:58:36 +0800] "GET /xingrg/all/function/internal_message.html?_=1684457837745&CODE_STATE=getMsg HTTP/1.1" 200 27
116.235.244.176 - - [19/May/2023:08:58:38 +0800] "GET /xingrg/all/function/internal_message.html?_=1684457930622&CODE_STATE=getMsg HTTP/1.1" 200 27
116.232.195.127 - - [19/May/2023:08:58:38 +0800] "GET /xingrg/all/function/internal_message.html?_=1684457960323&CODE_STATE=getMsg HTTP/1.1" 200 27
218.81.73.248 - - [19/May/2023:08:58:41 +0800] "GET /favicon.ico HTTP/1.1" 404 -
116.238.139.35 - - [19/May/2023:08:58:43 +0800] "GET /xingrg/kc/buy/cgsh_order_operate.html?command=get_materiel&rest_code=00151&code=00101016051&supplier_code=00100096&order_time=2023-05-19 HTTP/1.1" 200 408
116.232.195.127 - - [19/May/2023:08:58:45 +0800] "GET /xingrg/kc/buy/cgsh_order_operate.html?command=get_materiel&rest_code=00155&code=00101013175&supplier_code=00100005&order_time=2023-05-19 HTTP/1.1" 200 412
116.224.158.100 - - [19/May/2023:08:58:45 +0800] "POST /xingrg/kc/buy/cgsh_order_operate.html HTTP/1.1" 200 3246
116.224.158.100 - - [19/May/2023:08:58:46 +0800] "GET /xingrg/all/function/internal_message.html?_=1684457760834&CODE_STATE=getMsg HTTP/1.1" 200 27
114.83.216.225 - - [19/May/2023:08:58:48 +0800] "GET /xingrg/kc/buy/cgsh_order_add.html HTTP/1.1" 200 71539
114.83.216.225 - - [19/May/2023:08:58:48 +0800] "GET /xingrg/words/20230516134409_words.js HTTP/1.1" 304 -
114.83.216.225 - - [19/May/2023:08:58:49 +0800] "POST /xingrg/kc/buy/cgsh_order_operate.html HTTP/1.1" 200 8245
114.83.216.225 - - [19/May/2023:08:58:49 +0800] "GET /xingrg/javascript/easyui/themes/default/validatebox.css HTTP/1.1" 404 1104
114.83.216.225 - - [19/May/2023:08:58:49 +0800] "GET /xingrg/all/common/auto_word.html?type=employee&rest_code=00149 HTTP/1.1" 200 197
114.83.216.225 - - [19/May/2023:08:58:49 +0800] "GET /xingrg/all/common/auto_word.html?type=employee&rest_code=00149 HTTP/1.1" 200 197
114.83.216.225 - - [19/May/2023:08:58:49 +0800] "GET /xingrg/javascript/auto/indicator.gif HTTP/1.1" 404 1066
114.83.216.225 - - [19/May/2023:08:58:50 +0800] "GET /xingrg/javascript/jquery_tools/images/prev.gif HTTP/1.1" 404 1086
114.83.216.225 - - [19/May/2023:08:58:50 +0800] "GET /xingrg/javascript/jquery_tools/images/next.gif HTTP/1.1" 404 1086
116.232.195.127 - - [19/May/2023:08:58:52 +0800] "GET /xingrg/kc/buy/cgsh_order_operate.html?command=get_materiel&rest_code=00155&code=00101008192&supplier_code=00100005&order_time=2023-05-19 HTTP/1.1" 200 416
124.78.154.3 - - [19/May/2023:08:58:53 +0800] "GET /xingrg/kc/buy/cgsh_order_operate.html?command=get_materiel&rest_code=00106&code=00101008132&supplier_code=00100007&order_time=2023-05-19 HTTP/1.1" 200 408
116.235.244.176 - - [19/May/2023:08:58:54 +0800] "GET /xingrg/check_reg.html?_=1684457956459 HTTP/1.1" 200 22
116.232.195.127 - - [19/May/2023:08:58:55 +0800] "POST /xingrg/kc/buy/cgsh_order_operate.html HTTP/1.1" 200 2065
114.83.216.225 - - [19/May/2023:08:58:58 +0800] "GET /xingrg/kc/buy/cgsh_order_operate.html?command=get_materiel&rest_code=00149&code=00101008323&supplier_code=00100008&order_time=2023-05-19 HTTP/1.1" 200 408
116.238.139.35 - - [19/May/2023:08:58:58 +0800] "GET /xingrg/kc/buy/cgsh_order_operate.html?command=get_materiel&rest_code=00151&code=00101010711&supplier_code=00100096&order_time=2023-05-19 HTTP/1.1" 200 406
116.224.158.100 - - [19/May/2023:08:59:00 +0800] "GET /xingrg/all/function/internal_message.html?_=1684457940819&CODE_STATE=getMsg HTTP/1.1" 200 27
116.232.195.127 - - [19/May/2023:08:59:00 +0800] "GET /xingrg/kc/buy/cgsh_order_operate.html?command=get_materiel&rest_code=00155&code=00101008061&supplier_code=00100005&order_time=2023-05-19 HTTP/1.1" 200 422
116.232.195.127 - - [19/May/2023:08:59:07 +0800] "GET /xingrg/kc/buy/cgsh_order_operate.html?command=get_materiel&rest_code=00155&code=00101008633&supplier_code=00100005&order_time=2023-05-19 HTTP/1.1" 200 414
116.235.244.176 - - [19/May/2023:08:59:08 +0800] "GET /xingrg/all/function/internal_message.html?_=1684457969964&CODE_STATE=getMsg HTTP/1.1" 200 27
114.83.216.225 - - [19/May/2023:08:59:11 +0800] "GET /xingrg/kc/buy/cgsh_order_operate.html?command=get_materiel&rest_code=00149&code=00101008330&supplier_code=00100008&order_time=2023-05-19 HTTP/1.1" 200 408
116.232.195.127 - - [19/May/2023:08:59:15 +0800] "GET /xingrg/kc/buy/cgsh_order_operate.html?command=get_materiel&rest_code=00155&code=00101008114&supplier_code=00100005&order_time=2023-05-19 HTTP/1.1" 200 413
116.238.139.35 - - [19/May/2023:08:59:15 +0800] "GET /xingrg/all/function/internal_message.html?_=1684457954176&CODE_STATE=getMsg HTTP/1.1" 200 27
124.78.154.3 - - [19/May/2023:08:59:18 +0800] "GET /xingrg/kc/buy/cgsh_order_operate.html?command=get_materiel&rest_code=00106&code=00101008215&supplier_code=00100007&order_time=2023-05-19 HTTP/1.1" 200 413
114.83.216.225 - - [19/May/2023:08:59:20 +0800] "GET /xingrg/kc/buy/cgsh_order_operate.html?command=get_materiel&rest_code=00149&code=00101008302&supplier_code=00100008&order_time=2023-05-19 HTTP/1.1" 200 412
114.83.216.225 - - [19/May/2023:08:59:22 +0800] "GET /xingrg/all/function/internal_message.html?_=1684457958343&CODE_STATE=getMsg HTTP/1.1" 200 27
116.232.195.127 - - [19/May/2023:08:59:24 +0800] "GET /xingrg/kc/buy/cgsh_order_operate.html?command=get_materiel&rest_code=00155&code=00101008229&supplier_code=00100005&order_time=2023-05-19 HTTP/1.1" 200 420
124.79.240.114 - - [19/May/2023:08:59:26 +0800] "POST /xingrg/services/DataTransmitService HTTP/1.1" 200 524
124.78.154.3 - - [19/May/2023:08:59:27 +0800] "GET /xingrg/all/function/internal_message.html?_=1684457964278&CODE_STATE=getMsg HTTP/1.1" 200 27
124.79.240.114 - - [19/May/2023:08:59:28 +0800] "GET /xingrg/check_reg.html?_=1684457958820 HTTP/1.1" 302 -
124.79.240.114 - - [19/May/2023:08:59:28 +0800] "GET /xingrg/all/function/internal_message.html?_=1684457958817&CODE_STATE=getMsg HTTP/1.1" 302 -
116.238.139.35 - - [19/May/2023:08:59:30 +0800] "POST /xingrg/kc/buy/cgsh_order_operate.html HTTP/1.1" 200 37
114.83.216.225 - - [19/May/2023:08:59:30 +0800] "GET /xingrg/kc/buy/cgsh_order_operate.html?command=get_materiel&rest_code=00149&code=00101008072&supplier_code=00100008&order_time=2023-05-19 HTTP/1.1" 200 408
116.232.195.127 - - [19/May/2023:08:59:32 +0800] "POST /xingrg/kc/buy/cgsh_order_operate.html HTTP/1.1" 200 2065
116.238.139.35 - - [19/May/2023:08:59:36 +0800] "GET /xingrg/all/function/internal_message.html?_=1684457897776&CODE_STATE=getMsg HTTP/1.1" 200 27
116.238.139.35 - - [19/May/2023:08:59:37 +0800] "POST /xingrg/kc/buy/cgsh_order_operate.html HTTP/1.1" 200 12
218.81.73.248 - - [19/May/2023:08:59:38 +0800] "GET /xingrg/check_reg.html?_=1684457978965 HTTP/1.1" 200 22
116.232.195.127 - - [19/May/2023:08:59:38 +0800] "GET /xingrg/kc/buy/cgsh_order_operate.html?command=get_materiel&rest_code=00155&code=00101008125&supplier_code=00100005&order_time=2023-05-19 HTTP/1.1" 200 413
116.235.244.176 - - [19/May/2023:08:59:38 +0800] "GET /xingrg/all/function/internal_message.html?_=1684457990639&CODE_STATE=getMsg HTTP/1.1" 200 27
116.232.195.127 - - [19/May/2023:08:59:38 +0800] "GET /xingrg/all/function/internal_message.html?_=1684458020326&CODE_STATE=getMsg HTTP/1.1" 200 27
116.238.139.35 - - [19/May/2023:08:59:39 +0800] "GET /xingrg/kc/buy/cgsh_order_info.html?code=212023051906958 HTTP/1.1" 200 65964
116.238.139.35 - - [19/May/2023:08:59:39 +0800] "GET /xingrg/javascript/easyui/themes/default/validatebox.css HTTP/1.1" 404 1104
116.238.139.35 - - [19/May/2023:08:59:40 +0800] "POST /xingrg/kc/buy/cgsh_order_operate.html HTTP/1.1" 200 5963
116.238.139.35 - - [19/May/2023:08:59:43 +0800] "GET /xingrg/kc/print/load_data.html?order_code=212023051906958&kc_code=cgsh&condition= HTTP/1.1" 200 2755
114.83.216.225 - - [19/May/2023:08:59:44 +0800] "GET /xingrg/kc/buy/cgsh_order_operate.html?command=get_materiel&rest_code=00149&code=00101008219&supplier_code=00100008&order_time=2023-05-19 HTTP/1.1" 200 412
116.232.195.127 - - [19/May/2023:08:59:45 +0800] "GET /xingrg/kc/buy/cgsh_order_operate.html?command=get_materiel&rest_code=00155&code=00101008041&supplier_code=00100005&order_time=2023-05-19 HTTP/1.1" 200 408
116.224.158.100 - - [19/May/2023:08:59:46 +0800] "GET /xingrg/all/function/internal_message.html?_=1684457820851&CODE_STATE=getMsg HTTP/1.1" 200 27
116.224.158.100 - - [19/May/2023:08:59:46 +0800] "GET /xingrg/check_reg.html?_=1684457820833 HTTP/1.1" 200 22
124.78.154.3 - - [19/May/2023:08:59:51 +0800] "GET /xingrg/kc/buy/cgsh_order_operate.html?command=get_materiel&rest_code=00106&code=00101008080&supplier_code=00100007&order_time=2023-05-19 HTTP/1.1" 200 416
116.224.158.100 - - [19/May/2023:09:00:00 +0800] "GET /xingrg/all/function/internal_message.html?_=1684458000770&CODE_STATE=getMsg HTTP/1.1" 200 27
116.232.195.127 - - [19/May/2023:09:00:04 +0800] "POST /xingrg/kc/buy/cgsh_order_operate.html HTTP/1.1" 200 37
124.78.154.3 - - [19/May/2023:09:00:05 +0800] "POST /xingrg/kc/buy/cgsh_order_operate.html HTTP/1.1" 200 2065
116.232.195.127 - - [19/May/2023:09:00:06 +0800] "POST /xingrg/kc/buy/cgsh_order_operate.html HTTP/1.1" 200 26358
116.238.139.35 - - [19/May/2023:09:00:06 +0800] "GET /xingrg/javascript/jquery_easy_ui/themes/default/images/tabs_active.png HTTP/1.1" 304 -
116.235.244.176 - - [19/May/2023:09:00:08 +0800] "GET /xingrg/all/function/internal_message.html?_=1684458029977&CODE_STATE=getMsg HTTP/1.1" 200 27
116.232.195.127 - - [19/May/2023:09:00:08 +0800] "GET /xingrg/kc/print/load_data.html?order_code=212023051906959&kc_code=cgsh&condition= HTTP/1.1" 200 9719
116.238.139.35 - - [19/May/2023:09:00:11 +0800] "POST /xingrg/kc/buy/cgsh_list_operate.html HTTP/1.1" 200 986
124.78.154.3 - - [19/May/2023:09:00:12 +0800] "GET /xingrg/kc/buy/cgsh_order_operate.html?command=get_materiel&rest_code=00106&code=00101008185&supplier_code=00100007&order_time=2023-05-19 HTTP/1.1" 200 408
116.232.195.127 - - [19/May/2023:09:00:14 +0800] "GET /xingrg/kc/print/load_data.html?order_code=212023051906959&kc_code=cgsh HTTP/1.1" 200 9719
116.238.139.35 - - [19/May/2023:09:00:15 +0800] "GET /xingrg/javascript/jquery_tools/images/prev.gif HTTP/1.1" 404 1086
116.238.139.35 - - [19/May/2023:09:00:15 +0800] "GET /xingrg/javascript/jquery_tools/images/next.gif HTTP/1.1" 404 1086
116.238.139.35 - - [19/May/2023:09:00:15 +0800] "GET /xingrg/all/function/internal_message.html?_=1684458014148&CODE_STATE=getMsg HTTP/1.1" 200 27
114.83.216.225 - - [19/May/2023:09:00:22 +0800] "GET /xingrg/all/function/internal_message.html?_=1684458018346&CODE_STATE=getMsg HTTP/1.1" 200 27
116.238.139.35 - - [19/May/2023:09:00:24 +0800] "POST /xingrg/kc/buy/cgsh_list_operate.html HTTP/1.1" 200 2371
116.238.139.35 - - [19/May/2023:09:00:27 +0800] "GET /xingrg/kc/buy/cgsh_order_add.html HTTP/1.1" 200 71061
124.78.154.3 - - [19/May/2023:09:00:27 +0800] "GET /xingrg/all/function/internal_message.html?_=1684458024267&CODE_STATE=getMsg HTTP/1.1" 200 27
116.238.139.35 - - [19/May/2023:09:00:27 +0800] "POST /xingrg/kc/buy/cgsh_order_operate.html HTTP/1.1" 200 8245
124.78.154.3 - - [19/May/2023:09:00:27 +0800] "GET /xingrg/check_reg.html?_=1684458024286 HTTP/1.1" 200 22
116.238.139.35 - - [19/May/2023:09:00:27 +0800] "GET /xingrg/javascript/easyui/themes/default/validatebox.css HTTP/1.1" 404 1104
124.79.240.114 - - [19/May/2023:09:00:27 +0800] "GET /xingrg/all/function/internal_message.html?_=1684458018817&CODE_STATE=getMsg HTTP/1.1" 302 -
124.78.154.3 - - [19/May/2023:09:00:32 +0800] "GET /xingrg/kc/buy/cgsh_order_operate.html?command=get_materiel&rest_code=00106&code=00101008351&supplier_code=00100007&order_time=2023-05-19 HTTP/1.1" 200 408
114.83.216.225 - - [19/May/2023:09:00:34 +0800] "GET /xingrg/kc/buy/cgsh_order_operate.html?command=get_materiel&rest_code=00149&code=00101008132&supplier_code=00100008&order_time=2023-05-19 HTTP/1.1" 200 408
116.238.139.35 - - [19/May/2023:09:00:36 +0800] "GET /xingrg/all/function/internal_message.html?_=1684457957789&CODE_STATE=getMsg HTTP/1.1" 200 27
116.235.244.176 - - [19/May/2023:09:00:38 +0800] "GET /xingrg/all/function/internal_message.html?_=1684458050650&CODE_STATE=getMsg HTTP/1.1" 200 27
116.232.195.127 - - [19/May/2023:09:00:39 +0800] "GET /xingrg/all/function/internal_message.html?_=1684458080785&CODE_STATE=getMsg HTTP/1.1" 200 27
116.238.139.35 - - [19/May/2023:09:00:40 +0800] "GET /xingrg/kc/buy/cgsh_order_operate.html?command=get_materiel&rest_code=00151&code=00101008323&supplier_code=00100008&order_time=2023-05-19 HTTP/1.1" 200 408
114.83.216.225 - - [19/May/2023:09:00:44 +0800] "GET /xingrg/kc/buy/cgsh_order_operate.html?command=get_materiel&rest_code=00149&code=00101008080&supplier_code=00100008&order_time=2023-05-19 HTTP/1.1" 200 416
116.224.158.100 - - [19/May/2023:09:00:46 +0800] "GET /xingrg/all/function/internal_message.html?_=1684457880845&CODE_STATE=getMsg HTTP/1.1" 200 27
120.253.135.82 - - [19/May/2023:09:00:46 +0800] "GET /xingrg/login.html HTTP/1.1" 200 7641
116.238.139.35 - - [19/May/2023:09:00:51 +0800] "GET /xingrg/kc/buy/cgsh_order_operate.html?command=get_materiel&rest_code=00151&code=00101008186&supplier_code=00100008&order_time=2023-05-19 HTTP/1.1" 200 408
124.78.154.3 - - [19/May/2023:09:00:54 +0800] "GET /xingrg/kc/buy/cgsh_order_operate.html?command=get_materiel&rest_code=00106&code=00101008243&supplier_code=00100007&order_time=2023-05-19 HTTP/1.1" 200 409
120.253.135.82 - - [19/May/2023:09:00:55 +0800] "POST /xingrg/login.do HTTP/1.1" 302 -
120.253.135.82 - - [19/May/2023:09:00:55 +0800] "GET /xingrg/index.html?sysBaseUrl=http%3A%2F%2F180.169.147.146%3A18081%2Fxingrg%2F&costTime=798×tamp=1684458055161 HTTP/1.1" 200 17173
120.253.135.82 - - [19/May/2023:09:00:56 +0800] "POST /xingrg/all/common/load_tree.html?tree=area_rest_tree_json&manage=1 HTTP/1.1" 200 344
120.253.135.82 - - [19/May/2023:09:00:56 +0800] "GET /xingrg/all/function/internal_message.html?_=1684458195294&CODE_STATE=count HTTP/1.1" 200 11
120.253.135.82 - - [19/May/2023:09:00:56 +0800] "GET /xingrg/check_reg.html?_=1684458195296 HTTP/1.1" 200 22
120.253.135.82 - - [19/May/2023:09:00:56 +0800] "POST /xingrg/load_menu.html HTTP/1.1" 200 6743
116.238.139.35 - - [19/May/2023:09:00:59 +0800] "GET /xingrg/kc/buy/cgsh_order_operate.html?command=get_materiel&rest_code=00151&code=00101015006&supplier_code=00100008&order_time=2023-05-19 HTTP/1.1" 200 413
116.224.158.100 - - [19/May/2023:09:01:00 +0800] "GET /xingrg/check_reg.html?_=1684458060663 HTTP/1.1" 200 22
116.224.158.100 - - [19/May/2023:09:01:00 +0800] "GET /xingrg/all/function/internal_message.html?_=1684458060739&CODE_STATE=getMsg HTTP/1.1" 200 27
120.253.135.82 - - [19/May/2023:09:01:05 +0800] "GET /xingrg/kc/pszx/mdps_order_list.html?orderType=0 HTTP/1.1" 200 21032
120.253.135.82 - - [19/May/2023:09:01:05 +0800] "GET /xingrg/kc/pszx/mdps_order_list.html?orderType=0 HTTP/1.1" 200 21032
120.253.135.82 - - [19/May/2023:09:01:06 +0800] "POST /xingrg/kc/pszx/mdps_list_operate.html HTTP/1.1" 200 5303
116.235.244.176 - - [19/May/2023:09:01:08 +0800] "GET /xingrg/all/function/internal_message.html?_=1684458090018&CODE_STATE=getMsg HTTP/1.1" 200 27
124.78.154.3 - - [19/May/2023:09:01:13 +0800] "GET /xingrg/kc/buy/cgsh_order_operate.html?command=get_materiel&rest_code=00106&code=00101008379&supplier_code=00100007&order_time=2023-05-19 HTTP/1.1" 200 408
120.253.135.82 - - [19/May/2023:09:01:14 +0800] "POST /xingrg/kc/pszx/mdps_list_operate.html HTTP/1.1" 200 218
116.238.139.35 - - [19/May/2023:09:01:15 +0800] "GET /xingrg/kc/buy/cgsh_order_operate.html?command=get_materiel&rest_code=00151&code=00101015183&supplier_code=00100008&order_time=2023-05-19 HTTP/1.1" 200 420
116.238.139.35 - - [19/May/2023:09:01:15 +0800] "GET /xingrg/all/function/internal_message.html?_=1684458074133&CODE_STATE=getMsg HTTP/1.1" 200 27
120.253.135.82 - - [19/May/2023:09:01:18 +0800] "POST /xingrg/kc/pszx/mdps_list_operate.html HTTP/1.1" 200 552
124.78.154.3 - - [19/May/2023:09:01:20 +0800] "GET /xingrg/kc/buy/cgsh_order_operate.html?command=get_materiel&rest_code=00106&code=00101008361&supplier_code=00100007&order_time=2023-05-19 HTTP/1.1" 200 408
120.253.135.82 - - [19/May/2023:09:01:20 +0800] "GET /xingrg/kc/pszx/mdps_order_info.html?code=312023051800380 HTTP/1.1" 200 23976
120.253.135.82 - - [19/May/2023:09:01:20 +0800] "GET /xingrg/words/20230516134409_words.js HTTP/1.1" 304 -
120.253.135.82 - - [19/May/2023:09:01:21 +0800] "GET /xingrg/javascript/easyui/themes/default/validatebox.css HTTP/1.1" 404 1104
114.83.216.225 - - [19/May/2023:09:01:21 +0800] "GET /xingrg/kc/buy/cgsh_order_operate.html?command=get_materiel&rest_code=00149&code=00101008331&supplier_code=00100008&order_time=2023-05-19 HTTP/1.1" 200 416
120.253.135.82 - - [19/May/2023:09:01:21 +0800] "GET /xingrg/all/common/auto_word.html?type=base&rest_code=00101 HTTP/1.1" 200 671
120.253.135.82 - - [19/May/2023:09:01:21 +0800] "POST /xingrg/kc/pszx/mdps_order_operate.html HTTP/1.1" 200 4361
114.83.216.225 - - [19/May/2023:09:01:22 +0800] "GET /xingrg/all/function/internal_message.html?_=1684458078347&CODE_STATE=getMsg HTTP/1.1" 200 27
124.78.154.3 - - [19/May/2023:09:01:26 +0800] "POST /xingrg/kc/buy/cgsh_order_operate.html HTTP/1.1" 200 2065
124.78.154.3 - - [19/May/2023:09:01:27 +0800] "GET /xingrg/all/function/internal_message.html?_=1684458084233&CODE_STATE=getMsg HTTP/1.1" 200 27
116.238.139.35 - - [19/May/2023:09:01:28 +0800] "GET /xingrg/kc/buy/cgsh_order_operate.html?command=get_materiel&rest_code=00151&code=00101008286&supplier_code=00100008&order_time=2023-05-19 HTTP/1.1" 200 408
124.79.240.114 - - [19/May/2023:09:01:28 +0800] "GET /xingrg/all/function/internal_message.html?_=1684458078823&CODE_STATE=getMsg HTTP/1.1" 302 -
120.253.135.82 - - [19/May/2023:09:01:29 +0800] "POST /xingrg/kc/pszx/mdps_list_operate.html HTTP/1.1" 200 369
120.253.135.82 - - [19/May/2023:09:01:31 +0800] "GET /xingrg/kc/pszx/mdps_order_info.html?code=312023051800379 HTTP/1.1" 200 23976
120.253.135.82 - - [19/May/2023:09:01:31 +0800] "GET /xingrg/javascript/easyui/themes/default/validatebox.css HTTP/1.1" 404 1104
120.253.135.82 - - [19/May/2023:09:01:31 +0800] "GET /xingrg/all/common/auto_word.html?type=base&rest_code=00101 HTTP/1.1" 200 671
120.253.135.82 - - [19/May/2023:09:01:31 +0800] "POST /xingrg/kc/pszx/mdps_order_operate.html HTTP/1.1" 200 3288
116.238.139.35 - - [19/May/2023:09:01:35 +0800] "GET /xingrg/kc/buy/cgsh_order_operate.html?command=get_materiel&rest_code=00151&code=00101008096&supplier_code=00100008&order_time=2023-05-19 HTTP/1.1" 200 412
116.238.139.35 - - [19/May/2023:09:01:36 +0800] "GET /xingrg/all/function/internal_message.html?_=1684458017803&CODE_STATE=getMsg HTTP/1.1" 200 27
116.235.244.176 - - [19/May/2023:09:01:38 +0800] "GET /xingrg/check_reg.html?_=1684458110479 HTTP/1.1" 200 22
116.235.244.176 - - [19/May/2023:09:01:38 +0800] "GET /xingrg/all/function/internal_message.html?_=1684458110664&CODE_STATE=getMsg HTTP/1.1" 200 27
116.232.195.127 - - [19/May/2023:09:01:39 +0800] "GET /xingrg/all/function/internal_message.html?_=1684458140771&CODE_STATE=getMsg HTTP/1.1" 200 27
116.238.139.35 - - [19/May/2023:09:01:43 +0800] "GET /xingrg/kc/buy/cgsh_order_operate.html?command=get_materiel&rest_code=00151&code=00101008283&supplier_code=00100008&order_time=2023-05-19 HTTP/1.1" 200 408
124.78.154.3 - - [19/May/2023:09:01:43 +0800] "GET /xingrg/kc/buy/cgsh_order_operate.html?command=get_materiel&rest_code=00106&code=00101008300&supplier_code=00100007&order_time=2023-05-19 HTTP/1.1" 200 412
116.224.158.100 - - [19/May/2023:09:01:46 +0800] "GET /xingrg/all/function/internal_message.html?_=1684457940843&CODE_STATE=getMsg HTTP/1.1" 200 27
116.238.139.35 - - [19/May/2023:09:01:53 +0800] "GET /xingrg/kc/buy/cgsh_order_operate.html?command=get_materiel&rest_code=00151&code=00101008077&supplier_code=00100008&order_time=2023-05-19 HTTP/1.1" 200 416
120.253.135.82 - - [19/May/2023:09:01:56 +0800] "GET /xingrg/all/function/internal_message.html?_=1684458255311&CODE_STATE=getMsg HTTP/1.1" 200 27
120.253.135.82 - - [19/May/2023:09:01:59 +0800] "GET /xingrg/login.html HTTP/1.1" 200 7641
120.253.135.82 - - [19/May/2023:09:02:00 +0800] "GET /favicon.ico HTTP/1.1" 404 -
116.224.158.100 - - [19/May/2023:09:02:00 +0800] "GET /xingrg/all/function/internal_message.html?_=1684458120720&CODE_STATE=getMsg HTTP/1.1" 200 27
124.78.154.3 - - [19/May/2023:09:02:01 +0800] "GET /xingrg/kc/buy/cgsh_order_operate.html?command=get_materiel&rest_code=00106&code=00101008131&supplier_code=00100007&order_time=2023-05-19 HTTP/1.1" 200 409
120.253.135.82 - - [19/May/2023:09:02:03 +0800] "POST /xingrg/login.do HTTP/1.1" 302 -
120.253.135.82 - - [19/May/2023:09:02:03 +0800] "GET /xingrg/index.html?sysBaseUrl=http%3A%2F%2F180.169.147.146%3A18081%2Fxingrg%2F&costTime=913×tamp=1684458123580 HTTP/1.1" 200 17173
120.253.135.82 - - [19/May/2023:09:02:03 +0800] "GET /xingrg/javascript/jquery_easy_ui/themes/default/easyui.css HTTP/1.1" 304 -
120.253.135.82 - - [19/May/2023:09:02:03 +0800] "GET /xingrg/javascript/jquery.utils.js HTTP/1.1" 304 -
120.253.135.82 - - [19/May/2023:09:02:03 +0800] "GET /xingrg/css/form.css HTTP/1.1" 304 -
120.253.135.82 - - [19/May/2023:09:02:03 +0800] "GET /xingrg/javascript/jquery_easy_ui/themes/icon.css HTTP/1.1" 304 -
120.253.135.82 - - [19/May/2023:09:02:03 +0800] "GET /xingrg/javascript/jquery-1.4.2.min.js HTTP/1.1" 304 -
120.253.135.82 - - [19/May/2023:09:02:03 +0800] "GET /xingrg/javascript/jquery.form.js HTTP/1.1" 304 -
120.253.135.82 - - [19/May/2023:09:02:03 +0800] "GET /xingrg/javascript/jquery_easy_ui/jquery.easyui.min.js HTTP/1.1" 304 -
120.253.135.82 - - [19/May/2023:09:02:03 +0800] "GET /xingrg/javascript/jquery.timers.js HTTP/1.1" 304 -
120.253.135.82 - - [19/May/2023:09:02:03 +0800] "GET /xingrg/javascript/jquery_easy_ui/easyui-lang-zh_CN.js HTTP/1.1" 304 -
120.253.135.82 - - [19/May/2023:09:02:03 +0800] "GET /xingrg/all/function/internal_message.html?_=1684457960648&CODE_STATE=count HTTP/1.1" 200 11
120.253.135.82 - - [19/May/2023:09:02:03 +0800] "GET /favicon.ico HTTP/1.1" 404 -
120.253.135.82 - - [19/May/2023:09:02:03 +0800] "GET /xingrg/check_reg.html?_=1684457960649 HTTP/1.1" 200 22
120.253.135.82 - - [19/May/2023:09:02:03 +0800] "POST /xingrg/all/common/load_tree.html?tree=area_rest_tree_json&manage=1 HTTP/1.1" 200 344
120.253.135.82 - - [19/May/2023:09:02:04 +0800] "POST /xingrg/load_menu.html HTTP/1.1" 200 6743
114.83.216.225 - - [19/May/2023:09:02:04 +0800] "GET /xingrg/kc/buy/cgsh_order_operate.html?command=get_materiel&rest_code=00149&code=00101008349&supplier_code=00100008&order_time=2023-05-19 HTTP/1.1" 200 414
116.235.244.176 - - [19/May/2023:09:02:08 +0800] "GET /xingrg/all/function/internal_message.html?_=1684458150022&CODE_STATE=getMsg HTTP/1.1" 200 27
124.78.154.3 - - [19/May/2023:09:02:10 +0800] "GET /xingrg/kc/buy/cgsh_order_operate.html?command=get_materiel&rest_code=00106&code=00101008295&supplier_code=00100007&order_time=2023-05-19 HTTP/1.1" 200 412
120.253.135.82 - - [19/May/2023:09:02:12 +0800] "GET /xingrg/kc/pszx/mdqp_order_list.html?state=10 HTTP/1.1" 200 10275
120.253.135.82 - - [19/May/2023:09:02:12 +0800] "GET /xingrg/css/blue.css HTTP/1.1" 304 -
120.253.135.82 - - [19/May/2023:09:02:12 +0800] "GET /xingrg/dwr/interface/AjaxReportQueryService.js HTTP/1.1" 200 13203
120.253.135.82 - - [19/May/2023:09:02:12 +0800] "GET /xingrg/javascript/pic_change.js HTTP/1.1" 304 -
120.253.135.82 - - [19/May/2023:09:02:12 +0800] "GET /xingrg/dwr/interface/AjaxQqpsService.js HTTP/1.1" 200 16326
120.253.135.82 - - [19/May/2023:09:02:12 +0800] "GET /xingrg/dwr/engine.js HTTP/1.1" 200 43631
120.253.135.82 - - [19/May/2023:09:02:12 +0800] "GET /xingrg/dwr/util.js HTTP/1.1" 304 -
120.253.135.82 - - [19/May/2023:09:02:12 +0800] "GET /xingrg/javascript/myfunction.js HTTP/1.1" 304 -
120.253.135.82 - - [19/May/2023:09:02:12 +0800] "GET /xingrg/javascript/Calendar.js HTTP/1.1" 304 -
116.238.139.35 - - [19/May/2023:09:02:13 +0800] "GET /xingrg/kc/buy/cgsh_order_operate.html?command=get_materiel&rest_code=00151&code=00101008131&supplier_code=00100008&order_time=2023-05-19 HTTP/1.1" 200 409
124.78.154.3 - - [19/May/2023:09:02:13 +0800] "POST /xingrg/kc/buy/cgsh_order_operate.html HTTP/1.1" 200 2065
120.253.135.82 - - [19/May/2023:09:02:14 +0800] "GET /xingrg/kc/pszx/mdps_order_list.html?orderType=0 HTTP/1.1" 200 21032
120.253.135.82 - - [19/May/2023:09:02:14 +0800] "GET /xingrg/css/site.css HTTP/1.1" 304 -
120.253.135.82 - - [19/May/2023:09:02:14 +0800] "GET /xingrg/javascript/jquery_tools/datebox.css HTTP/1.1" 304 -
120.253.135.82 - - [19/May/2023:09:02:14 +0800] "GET /xingrg/css/base.css HTTP/1.1" 304 -
120.253.135.82 - - [19/May/2023:09:02:14 +0800] "GET /xingrg/javascript/easyui/themes/default/easyui.css HTTP/1.1" 304 -
120.253.135.82 - - [19/May/2023:09:02:14 +0800] "GET /xingrg/javascript/easyui/themes/icon.css HTTP/1.1" 304 -
120.253.135.82 - - [19/May/2023:09:02:14 +0800] "GET /xingrg/javascript/jquery_tools/fix.css HTTP/1.1" 304 -
120.253.135.82 - - [19/May/2023:09:02:14 +0800] "GET /xingrg/javascript/auto/jquery.autocomplete.css HTTP/1.1" 304 -
120.253.135.82 - - [19/May/2023:09:02:14 +0800] "GET /xingrg/javascript/jquery_tools/table.css HTTP/1.1" 304 -
120.253.135.82 - - [19/May/2023:09:02:14 +0800] "GET /xingrg/javascript/jquery_tools/jquery.tools.hotkey.js HTTP/1.1" 304 -
120.253.135.82 - - [19/May/2023:09:02:14 +0800] "GET /xingrg/javascript/jquery_tools/list_manager.js HTTP/1.1" 304 -
120.253.135.82 - - [19/May/2023:09:02:14 +0800] "GET /xingrg/javascript/jquery_tools/jquery.tools.table.js HTTP/1.1" 304 -
120.253.135.82 - - [19/May/2023:09:02:14 +0800] "GET /xingrg/javascript/auto/jquery.autocomplete.js HTTP/1.1" 304 -
120.253.135.82 - - [19/May/2023:09:02:14 +0800] "GET /xingrg/javascript/jquery_tools/jquery.tools.min.js HTTP/1.1" 304 -
120.253.135.82 - - [19/May/2023:09:02:14 +0800] "GET /xingrg/javascript/easyui/easyloader.js HTTP/1.1" 304 -
120.253.135.82 - - [19/May/2023:09:02:14 +0800] "GET /xingrg/javascript/print/LodopFuncs.js HTTP/1.1" 304 -
120.253.135.82 - - [19/May/2023:09:02:14 +0800] "GET /xingrg/javascript/jquery.cookie.js HTTP/1.1" 304 -
120.253.135.82 - - [19/May/2023:09:02:14 +0800] "GET /xingrg/javascript/jquery_tools/jquery.tools.extend.js HTTP/1.1" 304 -
120.253.135.82 - - [19/May/2023:09:02:14 +0800] "GET /xingrg/javascript/easyui/plugins/jquery.parser.js HTTP/1.1" 304 -
120.253.135.82 - - [19/May/2023:09:02:15 +0800] "POST /xingrg/kc/pszx/mdps_list_operate.html HTTP/1.1" 200 5303
116.238.139.35 - - [19/May/2023:09:02:15 +0800] "GET /xingrg/all/function/internal_message.html?_=1684458134115&CODE_STATE=getMsg HTTP/1.1" 200 27
116.238.139.35 - - [19/May/2023:09:02:16 +0800] "GET /xingrg/kc/buy/cgsh_order_add.html HTTP/1.1" 200 71495
116.238.139.35 - - [19/May/2023:09:02:16 +0800] "GET /xingrg/check_reg.html?_=1684458134685 HTTP/1.1" 200 22
116.238.139.35 - - [19/May/2023:09:02:16 +0800] "GET /xingrg/javascript/easyui/themes/default/validatebox.css HTTP/1.1" 404 1104
116.238.139.35 - - [19/May/2023:09:02:16 +0800] "POST /xingrg/kc/buy/cgsh_order_operate.html HTTP/1.1" 200 8245
120.253.135.82 - - [19/May/2023:09:02:18 +0800] "POST /xingrg/kc/pszx/mdps_list_operate.html HTTP/1.1" 200 369
120.253.135.82 - - [19/May/2023:09:02:19 +0800] "GET /xingrg/kc/pszx/mdps_order_info.html?code=312023051800379 HTTP/1.1" 200 23976
120.253.135.82 - - [19/May/2023:09:02:19 +0800] "GET /xingrg/javascript/json2.js HTTP/1.1" 304 -
120.253.135.82 - - [19/May/2023:09:02:19 +0800] "GET /xingrg/javascript/jquery_tools/order_manager.js HTTP/1.1" 304 -
120.253.135.82 - - [19/May/2023:09:02:19 +0800] "GET /xingrg/javascript/convert.js HTTP/1.1" 304 -
120.253.135.82 - - [19/May/2023:09:02:19 +0800] "GET /xingrg/javascript/print/kc_print.js HTTP/1.1" 304 -
120.253.135.82 - - [19/May/2023:09:02:19 +0800] "GET /xingrg/words/20230516134409_words.js HTTP/1.1" 304 -
120.253.135.82 - - [19/May/2023:09:02:19 +0800] "GET /xingrg/javascript/easyui/themes/default/validatebox.css HTTP/1.1" 404 1104
120.253.135.82 - - [19/May/2023:09:02:19 +0800] "GET /xingrg/javascript/easyui/plugins/jquery.validatebox.js HTTP/1.1" 304 -
120.253.135.82 - - [19/May/2023:09:02:19 +0800] "GET /xingrg/javascript/easyui/plugins/jquery.numberbox.js HTTP/1.1" 304 -
124.78.154.3 - - [19/May/2023:09:02:19 +0800] "GET /xingrg/kc/buy/cgsh_order_operate.html?command=get_materiel&rest_code=00106&code=00101008353&supplier_code=00100007&order_time=2023-05-19 HTTP/1.1" 200 408
120.253.135.82 - - [19/May/2023:09:02:19 +0800] "GET /xingrg/all/common/auto_word.html?type=base&rest_code=00101 HTTP/1.1" 200 671
120.253.135.82 - - [19/May/2023:09:02:20 +0800] "POST /xingrg/kc/pszx/mdps_order_operate.html HTTP/1.1" 200 3288
116.238.139.35 - - [19/May/2023:09:02:21 +0800] "GET /xingrg/kc/buy/cgsh_order_operate.html?command=get_materiel&rest_code=00151&code=00101008169&supplier_code=00100008&order_time=2023-05-19 HTTP/1.1" 200 412
114.83.216.225 - - [19/May/2023:09:02:22 +0800] "GET /xingrg/all/function/internal_message.html?_=1684458138348&CODE_STATE=getMsg HTTP/1.1" 200 27
120.253.135.82 - - [19/May/2023:09:02:24 +0800] "GET /xingrg/kc/print/load_config.html?kc_code=mdps HTTP/1.1" 200 2390
120.253.135.82 - - [19/May/2023:09:02:25 +0800] "GET /xingrg/kc/print/load_data.html?order_code=312023051800379&kc_code=mdps&condition= HTTP/1.1" 200 1149
124.78.154.3 - - [19/May/2023:09:02:27 +0800] "GET /xingrg/all/function/internal_message.html?_=1684458144221&CODE_STATE=getMsg HTTP/1.1" 200 27
124.79.240.114 - - [19/May/2023:09:02:27 +0800] "GET /xingrg/all/function/internal_message.html?_=1684458138814&CODE_STATE=getMsg HTTP/1.1" 302 -
116.238.139.35 - - [19/May/2023:09:02:29 +0800] "GET /xingrg/kc/buy/cgsh_order_operate.html?command=get_materiel&rest_code=00151&code=00101008353&supplier_code=00100008&order_time=2023-05-19 HTTP/1.1" 200 408
116.238.139.35 - - [19/May/2023:09:02:30 +0800] "GET /xingrg/kc/buy/cgsh_order_operate.html?command=get_materiel&rest_code=00150&code=00101008091&supplier_code=00100008&order_time=2023-05-19 HTTP/1.1" 200 413
114.83.216.225 - - [19/May/2023:09:02:33 +0800] "GET /xingrg/kc/buy/cgsh_order_operate.html?command=get_materiel&rest_code=00149&code=00101008350&supplier_code=00100008&order_time=2023-05-19 HTTP/1.1" 200 408
116.238.139.35 - - [19/May/2023:09:02:36 +0800] "GET /xingrg/all/function/internal_message.html?_=1684458077815&CODE_STATE=getMsg HTTP/1.1" 200 27
124.78.154.3 - - [19/May/2023:09:02:38 +0800] "GET /xingrg/kc/buy/cgsh_order_operate.html?command=get_materiel&rest_code=00106&code=00101008032&supplier_code=00100007&order_time=2023-05-19 HTTP/1.1" 200 408
116.235.244.176 - - [19/May/2023:09:02:38 +0800] "GET /xingrg/all/function/internal_message.html?_=1684458170676&CODE_STATE=getMsg HTTP/1.1" 200 27
116.232.195.127 - - [19/May/2023:09:02:38 +0800] "GET /xingrg/check_reg.html?_=1684458200309 HTTP/1.1" 200 22
116.238.139.35 - - [19/May/2023:09:02:39 +0800] "GET /xingrg/kc/buy/cgsh_order_operate.html?command=get_materiel&rest_code=00151&code=00101008085&supplier_code=00100008&order_time=2023-05-19 HTTP/1.1" 200 412
116.232.195.127 - - [19/May/2023:09:02:39 +0800] "GET /xingrg/all/function/internal_message.html?_=1684458200759&CODE_STATE=getMsg HTTP/1.1" 200 27
116.238.139.35 - - [19/May/2023:09:02:42 +0800] "GET /xingrg/kc/buy/cgsh_order_operate.html?command=get_materiel&rest_code=00150&code=00101008558&supplier_code=00100008&order_time=2023-05-19 HTTP/1.1" 200 409
114.83.216.225 - - [19/May/2023:09:02:44 +0800] "GET /xingrg/kc/buy/cgsh_order_operate.html?command=get_materiel&rest_code=00149&code=00101008185&supplier_code=00100008&order_time=2023-05-19 HTTP/1.1" 200 408
116.224.158.100 - - [19/May/2023:09:02:46 +0800] "GET /xingrg/all/function/internal_message.html?_=1684458000841&CODE_STATE=getMsg HTTP/1.1" 200 27
116.238.139.35 - - [19/May/2023:09:02:49 +0800] "GET /xingrg/kc/buy/cgsh_order_operate.html?command=get_materiel&rest_code=00151&code=00101008042&supplier_code=00100008&order_time=2023-05-19 HTTP/1.1" 200 416
120.253.135.82 - - [19/May/2023:09:02:52 +0800] "POST /xingrg/kc/pszx/mdps_list_operate.html HTTP/1.1" 200 552
120.253.135.82 - - [19/May/2023:09:02:53 +0800] "GET /xingrg/kc/pszx/mdps_order_info.html?code=312023051800380 HTTP/1.1" 200 23976
120.253.135.82 - - [19/May/2023:09:02:53 +0800] "GET /xingrg/javascript/easyui/themes/default/validatebox.css HTTP/1.1" 404 1104
120.253.135.82 - - [19/May/2023:09:02:54 +0800] "POST /xingrg/kc/pszx/mdps_order_operate.html HTTP/1.1" 200 4361
180.171.122.0 - - [19/May/2023:09:02:55 +0800] "GET /xingrg/login.html HTTP/1.1" 200 7641
180.171.122.0 - - [19/May/2023:09:02:55 +0800] "GET /favicon.ico HTTP/1.1" 404 -
120.253.135.82 - - [19/May/2023:09:02:56 +0800] "GET /xingrg/all/function/internal_message.html?_=1684458315313&CODE_STATE=getMsg HTTP/1.1" 200 27
120.253.135.82 - - [19/May/2023:09:02:57 +0800] "GET /xingrg/kc/print/load_data.html?order_code=312023051800380&kc_code=mdps&condition= HTTP/1.1" 200 1692
116.238.139.35 - - [19/May/2023:09:02:58 +0800] "POST /xingrg/kc/buy/cgsh_order_operate.html HTTP/1.1" 200 37
116.238.139.35 - - [19/May/2023:09:02:58 +0800] "GET /xingrg/kc/buy/cgsh_order_operate.html?command=get_materiel&rest_code=00150&code=00101008257&supplier_code=00100008&order_time=2023-05-19 HTTP/1.1" 200 416
124.78.154.3 - - [19/May/2023:09:02:58 +0800] "POST /xingrg/kc/buy/cgsh_order_operate.html HTTP/1.1" 200 2065
180.171.122.0 - - [19/May/2023:09:02:58 +0800] "POST /xingrg/login.do HTTP/1.1" 302 -
180.171.122.0 - - [19/May/2023:09:02:59 +0800] "GET /xingrg/index.html?sysBaseUrl=http%3A%2F%2F180.169.147.146%3A18081%2Fxingrg%2F&costTime=945×tamp=1684458178977 HTTP/1.1" 200 17173
114.83.216.225 - - [19/May/2023:09:02:59 +0800] "GET /xingrg/kc/buy/cgsh_order_operate.html?command=get_materiel&rest_code=00149&code=00101008306&supplier_code=00100008&order_time=2023-05-19 HTTP/1.1" 200 412
180.171.122.0 - - [19/May/2023:09:02:59 +0800] "GET /favicon.ico HTTP/1.1" 404 -
180.171.122.0 - - [19/May/2023:09:02:59 +0800] "POST /xingrg/all/common/load_tree.html?tree=area_rest_tree_json&manage=1 HTTP/1.1" 200 342
180.171.122.0 - - [19/May/2023:09:02:59 +0800] "GET /xingrg/all/function/internal_message.html?_=1684458176998&CODE_STATE=count HTTP/1.1" 200 11
180.171.122.0 - - [19/May/2023:09:02:59 +0800] "GET /xingrg/check_reg.html?_=1684458177001 HTTP/1.1" 200 22
180.171.122.0 - - [19/May/2023:09:03:00 +0800] "POST /xingrg/load_menu.html HTTP/1.1" 200 5138
116.224.158.100 - - [19/May/2023:09:03:00 +0800] "GET /xingrg/all/function/internal_message.html?_=1684458180689&CODE_STATE=getMsg HTTP/1.1" 200 27
120.253.135.82 - - [19/May/2023:09:03:03 +0800] "GET /xingrg/all/function/internal_message.html?_=1684458020662&CODE_STATE=getMsg HTTP/1.1" 200 27
180.171.122.0 - - [19/May/2023:09:03:04 +0800] "GET /xingrg/kc/buy/buy_main.html HTTP/1.1" 200 12412
180.171.122.0 - - [19/May/2023:09:03:04 +0800] "GET /xingrg/css/new_ie.css HTTP/1.1" 404 1036
180.171.122.0 - - [19/May/2023:09:03:04 +0800] "GET /xingrg/images/yd/bt.gif HTTP/1.1" 404 1040
180.171.122.0 - - [19/May/2023:09:03:05 +0800] "GET /xingrg/kc/buy/cgsh_order_list.html HTTP/1.1" 200 55669
116.235.244.176 - - [19/May/2023:09:03:08 +0800] "GET /xingrg/all/function/internal_message.html?_=1684458210051&CODE_STATE=getMsg HTTP/1.1" 200 27
180.171.122.0 - - [19/May/2023:09:03:09 +0800] "POST /xingrg/kc/buy/cgsh_list_operate.html HTTP/1.1" 200 1843
116.238.139.35 - - [19/May/2023:09:03:13 +0800] "POST /xingrg/kc/buy/cgsh_order_operate.html HTTP/1.1" 200 10431
180.171.122.0 - - [19/May/2023:09:03:14 +0800] "GET /xingrg/kc/buy/cgsh_order_add.html HTTP/1.1" 200 71407
180.171.122.0 - - [19/May/2023:09:03:14 +0800] "GET /xingrg/words/20230516134409_words.js HTTP/1.1" 304 -
180.171.122.0 - - [19/May/2023:09:03:15 +0800] "POST /xingrg/kc/buy/cgsh_order_operate.html HTTP/1.1" 200 8245
180.171.122.0 - - [19/May/2023:09:03:15 +0800] "GET /xingrg/javascript/easyui/themes/default/validatebox.css HTTP/1.1" 404 1104
180.171.122.0 - - [19/May/2023:09:03:15 +0800] "GET /xingrg/all/common/auto_word.html?type=employee&rest_code=00111 HTTP/1.1" 200 155
180.171.122.0 - - [19/May/2023:09:03:15 +0800] "GET /xingrg/all/common/auto_word.html?type=employee&rest_code=00111 HTTP/1.1" 200 155
116.238.139.35 - - [19/May/2023:09:03:15 +0800] "GET /xingrg/all/function/internal_message.html?_=1684458194106&CODE_STATE=getMsg HTTP/1.1" 200 27
124.78.154.3 - - [19/May/2023:09:03:17 +0800] "GET /xingrg/kc/buy/cgsh_order_operate.html?command=get_materiel&rest_code=00106&code=00101008350&supplier_code=00100007&order_time=2023-05-19 HTTP/1.1" 200 408
114.83.216.225 - - [19/May/2023:09:03:17 +0800] "GET /xingrg/kc/buy/cgsh_order_operate.html?command=get_materiel&rest_code=00149&code=00101008351&supplier_code=00100008&order_time=2023-05-19 HTTP/1.1" 200 408
120.253.135.82 - - [19/May/2023:09:03:20 +0800] "POST /xingrg/kc/pszx/mdps_list_operate.html HTTP/1.1" 200 5303
114.83.216.225 - - [19/May/2023:09:03:22 +0800] "GET /xingrg/check_reg.html?_=1684458198364 HTTP/1.1" 200 22
114.83.216.225 - - [19/May/2023:09:03:22 +0800] "GET /xingrg/all/function/internal_message.html?_=1684458198368&CODE_STATE=getMsg HTTP/1.1" 200 27
120.253.135.82 - - [19/May/2023:09:03:22 +0800] "POST /xingrg/kc/pszx/mdps_list_operate.html HTTP/1.1" 200 218
120.253.135.82 - - [19/May/2023:09:03:23 +0800] "GET /xingrg/kc/pszx/mdps_order_info.html?code=312023051800381 HTTP/1.1" 200 23974
120.253.135.82 - - [19/May/2023:09:03:23 +0800] "GET /xingrg/javascript/easyui/themes/default/validatebox.css HTTP/1.1" 404 1104
120.253.135.82 - - [19/May/2023:09:03:23 +0800] "POST /xingrg/kc/pszx/mdps_order_operate.html HTTP/1.1" 200 2303
116.238.139.35 - - [19/May/2023:09:03:24 +0800] "GET /xingrg/kc/buy/cgsh_order_operate.html?command=get_materiel&rest_code=00150&code=00101008337&supplier_code=00100008&order_time=2023-05-19 HTTP/1.1" 200 408
124.78.154.3 - - [19/May/2023:09:03:27 +0800] "GET /xingrg/all/function/internal_message.html?_=1684458204227&CODE_STATE=getMsg HTTP/1.1" 200 27
124.79.240.114 - - [19/May/2023:09:03:27 +0800] "GET /xingrg/all/function/internal_message.html?_=1684458198821&CODE_STATE=getMsg HTTP/1.1" 302 -
120.253.135.82 - - [19/May/2023:09:03:29 +0800] "GET /xingrg/kc/print/load_data.html?order_code=312023051800381&kc_code=mdps&condition= HTTP/1.1" 200 698
116.238.139.35 - - [19/May/2023:09:03:33 +0800] "GET /xingrg/kc/buy/cgsh_order_operate.html?command=get_materiel&rest_code=00150&code=00101008331&supplier_code=00100008&order_time=2023-05-19 HTTP/1.1" 200 416
116.238.139.35 - - [19/May/2023:09:03:36 +0800] "GET /xingrg/check_reg.html?_=1684458137667 HTTP/1.1" 200 22
116.238.139.35 - - [19/May/2023:09:03:36 +0800] "GET /xingrg/all/function/internal_message.html?_=1684458137829&CODE_STATE=getMsg HTTP/1.1" 200 27
116.235.244.176 - - [19/May/2023:09:03:38 +0800] "GET /xingrg/all/function/internal_message.html?_=1684458230691&CODE_STATE=getMsg HTTP/1.1" 200 27
116.232.195.127 - - [19/May/2023:09:03:39 +0800] "GET /xingrg/all/function/internal_message.html?_=1684458260735&CODE_STATE=getMsg HTTP/1.1" 200 27
124.78.154.3 - - [19/May/2023:09:03:39 +0800] "POST /xingrg/kc/buy/cgsh_order_operate.html HTTP/1.1" 200 37
116.224.158.100 - - [19/May/2023:09:03:46 +0800] "GET /xingrg/all/function/internal_message.html?_=1684458060841&CODE_STATE=getMsg HTTP/1.1" 200 27
116.238.139.35 - - [19/May/2023:09:03:46 +0800] "GET /xingrg/kc/buy/cgsh_order_operate.html?command=get_materiel&rest_code=00150&code=00101008350&supplier_code=00100008&order_time=2023-05-19 HTTP/1.1" 200 408
116.238.139.35 - - [19/May/2023:09:03:47 +0800] "POST /xingrg/kc/buy/cgsh_order_operate.html HTTP/1.1" 200 37
124.78.154.3 - - [19/May/2023:09:03:52 +0800] "POST /xingrg/kc/buy/cgsh_order_operate.html HTTP/1.1" 200 33973
116.238.139.35 - - [19/May/2023:09:03:54 +0800] "GET /xingrg/kc/buy/cgsh_order_operate.html?command=get_materiel&rest_code=00150&code=00101008112&supplier_code=00100008&order_time=2023-05-19 HTTP/1.1" 200 412
116.235.244.176 - - [19/May/2023:09:03:54 +0800] "GET /xingrg/check_reg.html?_=1684458256466 HTTP/1.1" 200 22
120.253.135.82 - - [19/May/2023:09:03:56 +0800] "GET /xingrg/all/function/internal_message.html?_=1684458375319&CODE_STATE=getMsg HTTP/1.1" 200 27
58.40.7.146 - - [19/May/2023:09:03:57 +0800] "GET /favicon.ico HTTP/1.1" 404 -
116.238.139.35 - - [19/May/2023:09:03:58 +0800] "POST /xingrg/kc/buy/cgsh_order_operate.html HTTP/1.1" 200 12
180.171.122.0 - - [19/May/2023:09:03:59 +0800] "GET /xingrg/all/function/internal_message.html?_=1684458237007&CODE_STATE=getMsg HTTP/1.1" 200 27
116.224.158.100 - - [19/May/2023:09:04:00 +0800] "GET /xingrg/all/function/internal_message.html?_=1684458240660&CODE_STATE=getMsg HTTP/1.1" 200 27
116.238.139.35 - - [19/May/2023:09:04:00 +0800] "GET /xingrg/kc/buy/cgsh_order_info.html?code=212023051906960 HTTP/1.1" 200 65974
116.238.139.35 - - [19/May/2023:09:04:01 +0800] "GET /xingrg/javascript/easyui/themes/default/validatebox.css HTTP/1.1" 404 1104
116.238.139.35 - - [19/May/2023:09:04:02 +0800] "POST /xingrg/kc/buy/cgsh_order_operate.html HTTP/1.1" 200 8375
116.238.139.35 - - [19/May/2023:09:04:02 +0800] "GET /xingrg/kc/buy/cgsh_order_operate.html?command=get_materiel&rest_code=00150&code=00101008612&supplier_code=00100008&order_time=2023-05-19 HTTP/1.1" 200 420
114.83.216.225 - - [19/May/2023:09:04:03 +0800] "GET /xingrg/kc/buy/cgsh_order_operate.html?command=get_materiel&rest_code=00149&code=00101008312&supplier_code=00100008&order_time=2023-05-19 HTTP/1.1" 200 412
116.238.139.35 - - [19/May/2023:09:04:03 +0800] "GET /xingrg/kc/print/load_data.html?order_code=212023051906960&kc_code=cgsh&condition= HTTP/1.1" 200 3726
120.253.135.82 - - [19/May/2023:09:04:03 +0800] "GET /xingrg/all/function/internal_message.html?_=1684458080675&CODE_STATE=getMsg HTTP/1.1" 200 27
116.235.244.176 - - [19/May/2023:09:04:08 +0800] "GET /xingrg/all/function/internal_message.html?_=1684458270063&CODE_STATE=getMsg HTTP/1.1" 200 27
180.171.122.0 - - [19/May/2023:09:04:14 +0800] "GET /xingrg/javascript/auto/indicator.gif HTTP/1.1" 404 1066
116.238.139.35 - - [19/May/2023:09:04:15 +0800] "GET /xingrg/all/function/internal_message.html?_=1684458254075&CODE_STATE=getMsg HTTP/1.1" 200 27
116.238.139.35 - - [19/May/2023:09:04:16 +0800] "GET /xingrg/kc/buy/cgsh_order_operate.html?command=get_materiel&rest_code=00150&code=00101008308&supplier_code=00100008&order_time=2023-05-19 HTTP/1.1" 200 420
180.171.122.0 - - [19/May/2023:09:04:18 +0800] "GET /xingrg/javascript/jquery_tools/images/prev.gif HTTP/1.1" 404 1086
180.171.122.0 - - [19/May/2023:09:04:18 +0800] "GET /xingrg/javascript/jquery_tools/images/next.gif HTTP/1.1" 404 1086
114.83.216.225 - - [19/May/2023:09:04:22 +0800] "GET /xingrg/all/function/internal_message.html?_=1684458258361&CODE_STATE=getMsg HTTP/1.1" 200 27
116.238.139.35 - - [19/May/2023:09:04:26 +0800] "GET /xingrg/kc/buy/cgsh_order_operate.html?command=get_materiel&rest_code=00150&code=00101008010&supplier_code=00100008&order_time=2023-05-19 HTTP/1.1" 200 412
124.78.154.3 - - [19/May/2023:09:04:27 +0800] "GET /xingrg/all/function/internal_message.html?_=1684458264223&CODE_STATE=getMsg HTTP/1.1" 200 27
124.79.240.114 - - [19/May/2023:09:04:27 +0800] "GET /xingrg/check_reg.html?_=1684458258818 HTTP/1.1" 302 -
124.79.240.114 - - [19/May/2023:09:04:28 +0800] "GET /xingrg/all/function/internal_message.html?_=1684458258820&CODE_STATE=getMsg HTTP/1.1" 302 -
180.171.122.0 - - [19/May/2023:09:04:28 +0800] "GET /xingrg/kc/buy/cgsh_order_operate.html?command=get_materiel&rest_code=00111&code=00101008403&supplier_code=00100005&order_time=2023-05-19 HTTP/1.1" 200 412
116.238.139.35 - - [19/May/2023:09:04:34 +0800] "GET /xingrg/kc/buy/cgsh_order_operate.html?command=get_materiel&rest_code=00150&code=00101008026&supplier_code=00100008&order_time=2023-05-19 HTTP/1.1" 200 409
124.78.154.3 - - [19/May/2023:09:04:36 +0800] "GET /xingrg/kc/buy/cgsh_order_operate.html?command=get_materiel&rest_code=00106&code=00101008223&supplier_code=00100007&order_time=2023-05-19 HTTP/1.1" 200 412
116.238.139.35 - - [19/May/2023:09:04:36 +0800] "GET /xingrg/all/function/internal_message.html?_=1684458197942&CODE_STATE=getMsg HTTP/1.1" 200 27
218.81.73.248 - - [19/May/2023:09:04:38 +0800] "GET /xingrg/check_reg.html?_=1684458278941 HTTP/1.1" 200 22
116.235.244.176 - - [19/May/2023:09:04:38 +0800] "GET /xingrg/all/function/internal_message.html?_=1684458290711&CODE_STATE=getMsg HTTP/1.1" 200 27
116.232.195.127 - - [19/May/2023:09:04:39 +0800] "GET /xingrg/all/function/internal_message.html?_=1684458320724&CODE_STATE=getMsg HTTP/1.1" 200 27
114.83.216.225 - - [19/May/2023:09:04:42 +0800] "GET /xingrg/kc/buy/cgsh_order_operate.html?command=get_materiel&rest_code=00149&code=00101008674&supplier_code=00100008&order_time=2023-05-19 HTTP/1.1" 200 412
116.224.158.100 - - [19/May/2023:09:04:46 +0800] "GET /xingrg/check_reg.html?_=1684458120839 HTTP/1.1" 200 22
116.224.158.100 - - [19/May/2023:09:04:46 +0800] "GET /xingrg/all/function/internal_message.html?_=1684458120841&CODE_STATE=getMsg HTTP/1.1" 200 27
124.78.154.3 - - [19/May/2023:09:04:47 +0800] "GET /xingrg/kc/buy/cgsh_order_operate.html?command=get_materiel&rest_code=00106&code=00101008095&supplier_code=00100007&order_time=2023-05-19 HTTP/1.1" 200 412
116.238.139.35 - - [19/May/2023:09:04:50 +0800] "GET /xingrg/kc/buy/cgsh_order_operate.html?command=get_materiel&rest_code=00150&code=00101008096&supplier_code=00100008&order_time=2023-05-19 HTTP/1.1" 200 412
114.83.216.225 - - [19/May/2023:09:04:53 +0800] "GET /xingrg/kc/buy/cgsh_order_operate.html?command=get_materiel&rest_code=00149&code=00101008096&supplier_code=00100008&order_time=2023-05-19 HTTP/1.1" 200 412
180.171.122.0 - - [19/May/2023:09:04:54 +0800] "GET /xingrg/kc/buy/cgsh_order_operate.html?command=get_materiel&rest_code=00111&code=00101008331&supplier_code=00100005&order_time=2023-05-19 HTTP/1.1" 200 416
124.78.154.3 - - [19/May/2023:09:04:55 +0800] "GET /xingrg/kc/buy/cgsh_order_operate.html?command=get_materiel&rest_code=00106&code=00101008110&supplier_code=00100007&order_time=2023-05-19 HTTP/1.1" 200 408
120.253.135.82 - - [19/May/2023:09:04:56 +0800] "GET /xingrg/all/function/internal_message.html?_=1684458435324&CODE_STATE=getMsg HTTP/1.1" 200 27
180.171.122.0 - - [19/May/2023:09:04:59 +0800] "GET /xingrg/all/function/internal_message.html?_=1684458297010&CODE_STATE=getMsg HTTP/1.1" 200 27
116.224.158.100 - - [19/May/2023:09:05:00 +0800] "GET /xingrg/all/function/internal_message.html?_=1684458300659&CODE_STATE=getMsg HTTP/1.1" 200 27
124.78.154.3 - - [19/May/2023:09:05:00 +0800] "POST /xingrg/kc/buy/cgsh_order_operate.html HTTP/1.1" 200 2065
120.253.135.82 - - [19/May/2023:09:05:04 +0800] "GET /xingrg/all/function/internal_message.html?_=1684458140689&CODE_STATE=getMsg HTTP/1.1" 200 27
124.78.154.3 - - [19/May/2023:09:05:05 +0800] "GET /xingrg/kc/buy/cgsh_order_operate.html?command=get_materiel&rest_code=00106&code=00101008077&supplier_code=00100007&order_time=2023-05-19 HTTP/1.1" 200 416
114.83.216.225 - - [19/May/2023:09:05:06 +0800] "POST /xingrg/kc/buy/cgsh_order_operate.html HTTP/1.1" 200 2065
180.171.122.0 - - [19/May/2023:09:05:07 +0800] "GET /xingrg/kc/buy/cgsh_order_operate.html?command=get_materiel&rest_code=00111&code=00101008355&supplier_code=00100005&order_time=2023-05-19 HTTP/1.1" 200 408
116.235.244.176 - - [19/May/2023:09:05:08 +0800] "GET /xingrg/all/function/internal_message.html?_=1684458330076&CODE_STATE=getMsg HTTP/1.1" 200 27
114.83.216.225 - - [19/May/2023:09:05:13 +0800] "GET /xingrg/kc/buy/cgsh_order_operate.html?command=get_materiel&rest_code=00149&code=00101008038&supplier_code=00100008&order_time=2023-05-19 HTTP/1.1" 200 412
124.78.154.3 - - [19/May/2023:09:05:14 +0800] "GET /xingrg/kc/buy/cgsh_order_operate.html?command=get_materiel&rest_code=00106&code=00101008168&supplier_code=00100007&order_time=2023-05-19 HTTP/1.1" 200 413
116.238.139.35 - - [19/May/2023:09:05:15 +0800] "GET /xingrg/all/function/internal_message.html?_=1684458314049&CODE_STATE=getMsg HTTP/1.1" 200 27
180.171.122.0 - - [19/May/2023:09:05:17 +0800] "GET /xingrg/kc/buy/cgsh_order_operate.html?command=get_materiel&rest_code=00111&code=00101008261&supplier_code=00100005&order_time=2023-05-19 HTTP/1.1" 200 408
116.238.139.35 - - [19/May/2023:09:05:17 +0800] "GET /xingrg/kc/buy/cgsh_order_operate.html?command=get_materiel&rest_code=00150&code=00101008478&supplier_code=00100008&order_time=2023-05-19 HTTP/1.1" 200 412
