180.171.122.0 - - [19/May/2023:11:17:48 +0800] "GET /xingrg/kc/buy/cgsh_order_operate.html?command=get_materiel&rest_code=00111&code=00101010201&supplier_code=00100325&order_time=2023-05-19 HTTP/1.1" 200 420
116.238.139.35 - - [19/May/2023:11:17:50 +0800] "GET /xingrg/all/function/internal_message.html?_=1684466268498&CODE_STATE=getMsg HTTP/1.1" 200 27
180.171.122.0 - - [19/May/2023:11:17:55 +0800] "GET /xingrg/all/function/internal_message.html?_=1684466272308&CODE_STATE=getMsg HTTP/1.1" 200 27
114.83.216.225 - - [19/May/2023:11:17:56 +0800] "GET /xingrg/all/function/internal_message.html?_=1684466273100&CODE_STATE=getMsg HTTP/1.1" 200 27
114.83.216.225 - - [19/May/2023:11:17:56 +0800] "GET /xingrg/check_reg.html?_=1684466273104 HTTP/1.1" 200 22
222.67.238.82 - - [19/May/2023:11:17:57 +0800] "GET /xingrg/kc/buy/cgsh_order_operate.html?command=get_materiel&rest_code=00141&code=00101008286&supplier_code=00100007&order_time=2023-05-19 HTTP/1.1" 200 408
180.169.147.146 - - [19/May/2023:11:17:59 +0800] "GET /xingrg/all/function/internal_message.html?_=1684466280187&CODE_STATE=getMsg HTTP/1.1" 200 27
124.79.240.114 - - [19/May/2023:11:18:01 +0800] "GET /xingrg/all/function/internal_message.html?_=1684466558621&CODE_STATE=getMsg HTTP/1.1" 200 27
124.79.240.114 - - [19/May/2023:11:18:01 +0800] "GET /xingrg/check_reg.html?_=1684466558625 HTTP/1.1" 200 22
114.85.36.120 - - [19/May/2023:11:18:02 +0800] "GET /xingrg/all/function/internal_message.html?_=1684465111284&CODE_STATE=getMsg HTTP/1.1" 200 27
180.169.147.146 - - [19/May/2023:11:18:04 +0800] "GET /xingrg/all/function/internal_message.html?_=1684466278349&CODE_STATE=getMsg HTTP/1.1" 200 27
180.169.147.146 - - [19/May/2023:11:18:05 +0800] "GET /xingrg/check_reg.html?_=1684466278974 HTTP/1.1" 200 22
120.253.135.82 - - [19/May/2023:11:18:07 +0800] "GET /xingrg/all/function/internal_message.html?_=1684466123946&CODE_STATE=getMsg HTTP/1.1" 200 27
180.171.122.0 - - [19/May/2023:11:18:09 +0800] "POST /xingrg/all/common/load_select.html HTTP/1.1" 200 25
124.78.154.3 - - [19/May/2023:11:18:13 +0800] "GET /xingrg/all/function/internal_message.html?_=1684466293415&CODE_STATE=getMsg HTTP/1.1" 200 27
116.235.244.176 - - [19/May/2023:11:18:14 +0800] "GET /xingrg/all/function/internal_message.html?_=1684466316121&CODE_STATE=getMsg HTTP/1.1" 200 27
180.171.122.0 - - [19/May/2023:11:18:22 +0800] "GET /xingrg/kc/buy/cgsh_order_operate.html?command=get_materiel&rest_code=00111&code=00101007144&supplier_code=00100325&order_time=2023-05-19 HTTP/1.1" 200 442
124.79.240.114 - - [19/May/2023:11:18:28 +0800] "GET /xingrg/all/function/internal_message.html?_=1684466298823&CODE_STATE=getMsg HTTP/1.1" 302 -
180.171.122.0 - - [19/May/2023:11:18:38 +0800] "GET /xingrg/kc/buy/cgsh_order_operate.html?command=get_materiel&rest_code=00111&code=00101004003&supplier_code=00100325&order_time=2023-05-19 HTTP/1.1" 200 410
180.169.147.146 - - [19/May/2023:11:18:38 +0800] "GET /xingrg/all/function/internal_message.html?_=1684466311497&CODE_STATE=getMsg HTTP/1.1" 200 27
116.232.195.127 - - [19/May/2023:11:18:38 +0800] "GET /xingrg/all/function/internal_message.html?_=1684466360317&CODE_STATE=getMsg HTTP/1.1" 200 27
116.235.244.176 - - [19/May/2023:11:18:40 +0800] "GET /xingrg/all/function/internal_message.html?_=1684466332525&CODE_STATE=getMsg HTTP/1.1" 200 27
180.164.3.199 - - [19/May/2023:11:18:40 +0800] "GET /xingrg/check_reg.html?_=1684466320177 HTTP/1.1" 200 22
180.164.3.199 - - [19/May/2023:11:18:40 +0800] "GET /xingrg/all/function/internal_message.html?_=1684466320180&CODE_STATE=getMsg HTTP/1.1" 200 27
116.238.210.79 - - [19/May/2023:11:18:42 +0800] "GET /xingrg/all/function/internal_message.html?_=1684466323454&CODE_STATE=getMsg HTTP/1.1" 200 27
116.238.210.79 - - [19/May/2023:11:18:43 +0800] "GET /xingrg/check_reg.html?_=1684466323799 HTTP/1.1" 200 22
222.67.238.82 - - [19/May/2023:11:18:43 +0800] "GET /xingrg/check_reg.html?_=1684465838806 HTTP/1.1" 200 22
222.67.238.82 - - [19/May/2023:11:18:43 +0800] "GET /xingrg/all/function/internal_message.html?_=1684465838808&CODE_STATE=getMsg HTTP/1.1" 200 27
124.78.154.3 - - [19/May/2023:11:18:44 +0800] "GET /xingrg/check_reg.html?_=1684466324918 HTTP/1.1" 200 22
124.78.154.3 - - [19/May/2023:11:18:44 +0800] "GET /xingrg/all/function/internal_message.html?_=1684466324920&CODE_STATE=getMsg HTTP/1.1" 200 27
124.79.74.67 - - [19/May/2023:11:18:45 +0800] "GET /xingrg/all/function/internal_message.html?_=1684466347166&CODE_STATE=getMsg HTTP/1.1" 200 27
116.224.158.100 - - [19/May/2023:11:18:46 +0800] "GET /xingrg/all/function/internal_message.html?_=1684466161063&CODE_STATE=getMsg HTTP/1.1" 200 27
120.253.135.82 - - [19/May/2023:11:18:47 +0800] "GET /xingrg/all/function/internal_message.html?_=1684466466190&CODE_STATE=getMsg HTTP/1.1" 200 27
116.224.158.100 - - [19/May/2023:11:18:48 +0800] "GET /xingrg/all/function/internal_message.html?_=1684466328943&CODE_STATE=getMsg HTTP/1.1" 200 27
180.171.122.0 - - [19/May/2023:11:18:48 +0800] "POST /xingrg/kc/buy/cgsh_order_operate.html HTTP/1.1" 200 37
116.238.139.35 - - [19/May/2023:11:18:50 +0800] "GET /xingrg/all/function/internal_message.html?_=1684466328491&CODE_STATE=getMsg HTTP/1.1" 200 27
180.171.122.0 - - [19/May/2023:11:18:50 +0800] "POST /xingrg/kc/buy/cgsh_order_operate.html HTTP/1.1" 200 5078
180.171.122.0 - - [19/May/2023:11:18:52 +0800] "GET /xingrg/kc/print/load_data.html?order_code=212023051907015&kc_code=cgsh&condition= HTTP/1.1" 200 1625
116.235.244.176 - - [19/May/2023:11:18:54 +0800] "GET /xingrg/check_reg.html?_=1684466356751 HTTP/1.1" 200 22
180.171.122.0 - - [19/May/2023:11:18:55 +0800] "GET /xingrg/all/function/internal_message.html?_=1684466332329&CODE_STATE=getMsg HTTP/1.1" 200 27
114.83.216.225 - - [19/May/2023:11:18:56 +0800] "GET /xingrg/all/function/internal_message.html?_=1684466333092&CODE_STATE=getMsg HTTP/1.1" 200 27
180.169.147.146 - - [19/May/2023:11:18:59 +0800] "GET /xingrg/all/function/internal_message.html?_=1684466340193&CODE_STATE=getMsg HTTP/1.1" 200 27
180.169.147.146 - - [19/May/2023:11:18:59 +0800] "GET /xingrg/check_reg.html?_=1684466340194 HTTP/1.1" 200 22
180.171.122.0 - - [19/May/2023:11:19:00 +0800] "GET /xingrg/kc/buy/cgsh_order_add.html HTTP/1.1" 200 71407
180.171.122.0 - - [19/May/2023:11:19:00 +0800] "GET /xingrg/javascript/easyui/themes/default/validatebox.css HTTP/1.1" 404 1104
180.171.122.0 - - [19/May/2023:11:19:00 +0800] "POST /xingrg/kc/buy/cgsh_order_operate.html HTTP/1.1" 200 8245
124.79.240.114 - - [19/May/2023:11:19:01 +0800] "GET /xingrg/all/function/internal_message.html?_=1684466618625&CODE_STATE=getMsg HTTP/1.1" 200 27
114.85.36.120 - - [19/May/2023:11:19:02 +0800] "GET /xingrg/all/function/internal_message.html?_=1684465171283&CODE_STATE=getMsg HTTP/1.1" 200 27
180.169.147.146 - - [19/May/2023:11:19:04 +0800] "GET /xingrg/all/function/internal_message.html?_=1684466338333&CODE_STATE=getMsg HTTP/1.1" 200 27
120.253.135.82 - - [19/May/2023:11:19:07 +0800] "GET /xingrg/all/function/internal_message.html?_=1684466183960&CODE_STATE=getMsg HTTP/1.1" 200 27
180.171.122.0 - - [19/May/2023:11:19:09 +0800] "GET /xingrg/kc/buy/cgsh_order_operate.html?command=get_materiel&rest_code=00111&code=00101001111&supplier_code=00100042&order_time=2023-05-19 HTTP/1.1" 200 409
124.78.154.3 - - [19/May/2023:11:19:13 +0800] "GET /xingrg/all/function/internal_message.html?_=1684466353415&CODE_STATE=getMsg HTTP/1.1" 200 27
116.235.244.176 - - [19/May/2023:11:19:14 +0800] "GET /xingrg/all/function/internal_message.html?_=1684466376125&CODE_STATE=getMsg HTTP/1.1" 200 27
180.171.122.0 - - [19/May/2023:11:19:19 +0800] "GET /xingrg/kc/buy/cgsh_order_operate.html?command=get_materiel&rest_code=00111&code=00101018019&supplier_code=00100042&order_time=2023-05-19 HTTP/1.1" 200 421
124.79.240.114 - - [19/May/2023:11:19:28 +0800] "GET /xingrg/all/function/internal_message.html?_=1684466358823&CODE_STATE=getMsg HTTP/1.1" 302 -
124.79.240.114 - - [19/May/2023:11:19:28 +0800] "GET /xingrg/check_reg.html?_=1684466358822 HTTP/1.1" 302 -
180.171.122.0 - - [19/May/2023:11:19:36 +0800] "GET /xingrg/kc/buy/cgsh_order_operate.html?command=get_materiel&rest_code=00111&code=00101005037&supplier_code=00100042&order_time=2023-05-19 HTTP/1.1" 200 409
218.81.73.248 - - [19/May/2023:11:19:37 +0800] "GET /xingrg/check_reg.html?_=1684466378422 HTTP/1.1" 200 22
180.169.147.146 - - [19/May/2023:11:19:38 +0800] "GET /xingrg/check_reg.html?_=1684466371497 HTTP/1.1" 200 22
180.169.147.146 - - [19/May/2023:11:19:38 +0800] "GET /xingrg/all/function/internal_message.html?_=1684466371501&CODE_STATE=getMsg HTTP/1.1" 200 27
116.232.195.127 - - [19/May/2023:11:19:38 +0800] "GET /xingrg/all/function/internal_message.html?_=1684466420316&CODE_STATE=getMsg HTTP/1.1" 200 27
116.235.244.176 - - [19/May/2023:11:19:40 +0800] "GET /xingrg/all/function/internal_message.html?_=1684466392542&CODE_STATE=getMsg HTTP/1.1" 200 27
180.164.3.199 - - [19/May/2023:11:19:40 +0800] "GET /xingrg/all/function/internal_message.html?_=1684466380174&CODE_STATE=getMsg HTTP/1.1" 200 27
116.238.210.79 - - [19/May/2023:11:19:42 +0800] "GET /xingrg/all/function/internal_message.html?_=1684466383432&CODE_STATE=getMsg HTTP/1.1" 200 27
222.67.238.82 - - [19/May/2023:11:19:43 +0800] "GET /xingrg/all/function/internal_message.html?_=1684465898787&CODE_STATE=getMsg HTTP/1.1" 200 27
124.78.154.3 - - [19/May/2023:11:19:44 +0800] "GET /xingrg/all/function/internal_message.html?_=1684466384920&CODE_STATE=getMsg HTTP/1.1" 200 27
124.79.74.67 - - [19/May/2023:11:19:45 +0800] "GET /xingrg/check_reg.html?_=1684466407171 HTTP/1.1" 200 22
124.79.74.67 - - [19/May/2023:11:19:45 +0800] "GET /xingrg/all/function/internal_message.html?_=1684466407179&CODE_STATE=getMsg HTTP/1.1" 200 27
222.67.238.82 - - [19/May/2023:11:19:45 +0800] "POST /xingrg/kc/buy/cgsh_order_operate.html HTTP/1.1" 200 37
116.224.158.100 - - [19/May/2023:11:19:46 +0800] "GET /xingrg/all/function/internal_message.html?_=1684466221076&CODE_STATE=getMsg HTTP/1.1" 200 27
116.224.158.100 - - [19/May/2023:11:19:46 +0800] "GET /xingrg/check_reg.html?_=1684466221078 HTTP/1.1" 200 22
120.253.135.82 - - [19/May/2023:11:19:47 +0800] "GET /xingrg/all/function/internal_message.html?_=1684466526195&CODE_STATE=getMsg HTTP/1.1" 200 27
120.253.135.82 - - [19/May/2023:11:19:47 +0800] "GET /xingrg/check_reg.html?_=1684466526197 HTTP/1.1" 200 22
114.83.216.225 - - [19/May/2023:11:19:47 +0800] "GET /xingrg/kc/base/wldb_order_list.html HTTP/1.1" 200 19104
116.224.158.100 - - [19/May/2023:11:19:48 +0800] "GET /xingrg/all/function/internal_message.html?_=1684466388921&CODE_STATE=getMsg HTTP/1.1" 200 27
180.171.122.0 - - [19/May/2023:11:19:48 +0800] "GET /xingrg/kc/buy/cgsh_order_operate.html?command=get_materiel&rest_code=00111&code=00101010161&supplier_code=00100042&order_time=2023-05-19 HTTP/1.1" 200 23
222.67.238.82 - - [19/May/2023:11:19:48 +0800] "POST /xingrg/kc/buy/cgsh_order_operate.html HTTP/1.1" 200 29882
114.83.216.225 - - [19/May/2023:11:19:48 +0800] "POST /xingrg/kc/base/wldb_list_operate.html HTTP/1.1" 200 928
116.238.139.35 - - [19/May/2023:11:19:50 +0800] "GET /xingrg/all/function/internal_message.html?_=1684466388494&CODE_STATE=getMsg HTTP/1.1" 200 27
114.83.216.225 - - [19/May/2023:11:19:50 +0800] "GET /xingrg/kc/base/wldb_order_add.html HTTP/1.1" 200 30387
222.67.238.82 - - [19/May/2023:11:19:50 +0800] "GET /xingrg/kc/print/load_data.html?order_code=212023051906998&kc_code=cgsh&condition= HTTP/1.1" 200 11035
114.83.216.225 - - [19/May/2023:11:19:50 +0800] "GET /xingrg/javascript/easyui/themes/default/validatebox.css HTTP/1.1" 404 1104
114.83.216.225 - - [19/May/2023:11:19:50 +0800] "POST /xingrg/kc/base/wldb_order_operate.html HTTP/1.1" 200 6806
114.83.216.225 - - [19/May/2023:11:19:55 +0800] "POST /xingrg/all/common/load_combo.html?type=base HTTP/1.1" 200 3409
180.171.122.0 - - [19/May/2023:11:19:55 +0800] "GET /xingrg/check_reg.html?_=1684466392424 HTTP/1.1" 200 22
180.171.122.0 - - [19/May/2023:11:19:55 +0800] "GET /xingrg/all/function/internal_message.html?_=1684466392425&CODE_STATE=getMsg HTTP/1.1" 200 27
114.83.216.225 - - [19/May/2023:11:19:57 +0800] "GET /xingrg/all/function/internal_message.html?_=1684466393177&CODE_STATE=getMsg HTTP/1.1" 200 27
180.169.147.146 - - [19/May/2023:11:19:59 +0800] "GET /xingrg/all/function/internal_message.html?_=1684466400184&CODE_STATE=getMsg HTTP/1.1" 200 27
124.79.240.114 - - [19/May/2023:11:20:01 +0800] "GET /xingrg/all/function/internal_message.html?_=1684466678624&CODE_STATE=getMsg HTTP/1.1" 200 27
180.171.122.0 - - [19/May/2023:11:20:01 +0800] "POST /xingrg/kc/buy/cgsh_order_operate.html HTTP/1.1" 200 37
114.85.36.120 - - [19/May/2023:11:20:02 +0800] "GET /xingrg/check_reg.html?_=1684465231273 HTTP/1.1" 200 22
114.85.36.120 - - [19/May/2023:11:20:02 +0800] "GET /xingrg/all/function/internal_message.html?_=1684465231276&CODE_STATE=getMsg HTTP/1.1" 200 27
180.171.122.0 - - [19/May/2023:11:20:03 +0800] "POST /xingrg/kc/buy/cgsh_order_operate.html HTTP/1.1" 200 4442
180.169.147.146 - - [19/May/2023:11:20:04 +0800] "GET /xingrg/all/function/internal_message.html?_=1684466398317&CODE_STATE=getMsg HTTP/1.1" 200 27
222.67.238.82 - - [19/May/2023:11:20:05 +0800] "GET /xingrg/kc/buy/cgsh_order_add.html HTTP/1.1" 200 71451
222.67.238.82 - - [19/May/2023:11:20:06 +0800] "POST /xingrg/kc/buy/cgsh_order_operate.html HTTP/1.1" 200 8245
222.67.238.82 - - [19/May/2023:11:20:06 +0800] "GET /xingrg/javascript/easyui/themes/default/validatebox.css HTTP/1.1" 404 1104
114.83.216.225 - - [19/May/2023:11:20:06 +0800] "GET /xingrg/javascript/auto/indicator.gif HTTP/1.1" 404 1066
120.253.135.82 - - [19/May/2023:11:20:07 +0800] "GET /xingrg/all/function/internal_message.html?_=1684466243989&CODE_STATE=getMsg HTTP/1.1" 200 27
124.78.154.3 - - [19/May/2023:11:20:13 +0800] "GET /xingrg/check_reg.html?_=1684466413416 HTTP/1.1" 200 22
124.78.154.3 - - [19/May/2023:11:20:13 +0800] "GET /xingrg/all/function/internal_message.html?_=1684466413418&CODE_STATE=getMsg HTTP/1.1" 200 27
116.235.244.176 - - [19/May/2023:11:20:14 +0800] "GET /xingrg/all/function/internal_message.html?_=1684466436138&CODE_STATE=getMsg HTTP/1.1" 200 27
180.171.122.0 - - [19/May/2023:11:20:24 +0800] "GET /xingrg/login.html HTTP/1.1" 200 7641
222.67.238.82 - - [19/May/2023:11:20:25 +0800] "GET /xingrg/kc/buy/cgsh_order_operate.html?command=get_materiel&rest_code=00141&code=00101006335&supplier_code=00100558&order_time=2023-05-19 HTTP/1.1" 200 414
180.171.122.0 - - [19/May/2023:11:20:25 +0800] "GET /favicon.ico HTTP/1.1" 404 -
114.83.216.225 - - [19/May/2023:11:20:26 +0800] "GET /xingrg/kc/base/wldb_order_operate.html?command=get_materiel&rest_code=00149&base_code=0010394&code=00101019133 HTTP/1.1" 200 480
180.171.122.0 - - [19/May/2023:11:20:27 +0800] "POST /xingrg/login.do HTTP/1.1" 302 -
180.171.122.0 - - [19/May/2023:11:20:27 +0800] "GET /xingrg/index.html?sysBaseUrl=http%3A%2F%2F180.169.147.146%3A18081%2Fxingrg%2F&costTime=869×tamp=1684466427218 HTTP/1.1" 200 17173
180.171.122.0 - - [19/May/2023:11:20:27 +0800] "GET /xingrg/all/function/internal_message.html?_=1684466424593&CODE_STATE=count HTTP/1.1" 200 11
180.171.122.0 - - [19/May/2023:11:20:27 +0800] "GET /xingrg/check_reg.html?_=1684466424594 HTTP/1.1" 200 22
180.171.122.0 - - [19/May/2023:11:20:27 +0800] "GET /favicon.ico HTTP/1.1" 404 -
180.171.122.0 - - [19/May/2023:11:20:27 +0800] "POST /xingrg/all/common/load_tree.html?tree=area_rest_tree_json&manage=1 HTTP/1.1" 200 342
180.171.122.0 - - [19/May/2023:11:20:27 +0800] "POST /xingrg/load_menu.html HTTP/1.1" 200 5138
124.79.240.114 - - [19/May/2023:11:20:28 +0800] "GET /xingrg/all/function/internal_message.html?_=1684466418822&CODE_STATE=getMsg HTTP/1.1" 302 -
180.171.122.0 - - [19/May/2023:11:20:29 +0800] "GET /xingrg/kc/buy/buy_main.html HTTP/1.1" 200 12412
180.171.122.0 - - [19/May/2023:11:20:29 +0800] "GET /xingrg/css/new_ie.css HTTP/1.1" 404 1036
180.171.122.0 - - [19/May/2023:11:20:29 +0800] "GET /xingrg/images/yd/bt.gif HTTP/1.1" 404 1040
180.171.122.0 - - [19/May/2023:11:20:30 +0800] "GET /xingrg/kc/buy/cgsh_order_list.html HTTP/1.1" 200 55669
180.171.122.0 - - [19/May/2023:11:20:34 +0800] "POST /xingrg/kc/buy/cgsh_list_operate.html HTTP/1.1" 200 5932
180.169.147.146 - - [19/May/2023:11:20:38 +0800] "GET /xingrg/all/function/internal_message.html?_=1684466431500&CODE_STATE=getMsg HTTP/1.1" 200 27
116.232.195.127 - - [19/May/2023:11:20:38 +0800] "GET /xingrg/all/function/internal_message.html?_=1684466480315&CODE_STATE=getMsg HTTP/1.1" 200 27
124.79.74.67 - - [19/May/2023:11:20:39 +0800] "GET /xingrg/logout.do HTTP/1.1" 302 -
124.79.74.67 - - [19/May/2023:11:20:39 +0800] "GET /xingrg/login.html?sysBaseUrl=http%3A%2F%2F180.169.147.146%3A18081%2Fxingrg%2F&costTime=31×tamp=1684466439981 HTTP/1.1" 200 7641
116.235.244.176 - - [19/May/2023:11:20:40 +0800] "GET /xingrg/all/function/internal_message.html?_=1684466452551&CODE_STATE=getMsg HTTP/1.1" 200 27
124.79.74.67 - - [19/May/2023:11:20:40 +0800] "GET /favicon.ico HTTP/1.1" 404 -
180.164.3.199 - - [19/May/2023:11:20:40 +0800] "GET /xingrg/all/function/internal_message.html?_=1684466440171&CODE_STATE=getMsg HTTP/1.1" 200 27
116.238.210.79 - - [19/May/2023:11:20:42 +0800] "GET /xingrg/all/function/internal_message.html?_=1684466443409&CODE_STATE=getMsg HTTP/1.1" 200 27
222.67.238.82 - - [19/May/2023:11:20:43 +0800] "GET /xingrg/kc/buy/cgsh_order_operate.html?command=get_materiel&rest_code=00141&code=00101006284&supplier_code=00100558&order_time=2023-05-19 HTTP/1.1" 200 418
222.67.238.82 - - [19/May/2023:11:20:43 +0800] "GET /xingrg/all/function/internal_message.html?_=1684465958768&CODE_STATE=getMsg HTTP/1.1" 200 27
180.171.122.0 - - [19/May/2023:11:20:44 +0800] "POST /xingrg/kc/buy/cgsh_list_operate.html HTTP/1.1" 200 6072
124.78.154.3 - - [19/May/2023:11:20:44 +0800] "GET /xingrg/all/function/internal_message.html?_=1684466444920&CODE_STATE=getMsg HTTP/1.1" 200 27
116.224.158.100 - - [19/May/2023:11:20:46 +0800] "GET /xingrg/all/function/internal_message.html?_=1684466281075&CODE_STATE=getMsg HTTP/1.1" 200 27
180.171.122.0 - - [19/May/2023:11:20:47 +0800] "POST /xingrg/kc/buy/cgsh_list_operate.html HTTP/1.1" 200 434
120.253.135.82 - - [19/May/2023:11:20:47 +0800] "GET /xingrg/all/function/internal_message.html?_=1684466586199&CODE_STATE=getMsg HTTP/1.1" 200 27
124.79.74.67 - - [19/May/2023:11:20:47 +0800] "POST /xingrg/login.do HTTP/1.1" 302 -
124.79.74.67 - - [19/May/2023:11:20:47 +0800] "GET /xingrg/index.html?sysBaseUrl=http%3A%2F%2F180.169.147.146%3A18081%2Fxingrg%2F&costTime=858×tamp=1684466447219 HTTP/1.1" 200 17503
124.79.74.67 - - [19/May/2023:11:20:47 +0800] "GET /favicon.ico HTTP/1.1" 404 -
124.79.74.67 - - [19/May/2023:11:20:47 +0800] "GET /xingrg/all/function/internal_message.html?_=1684466469434&CODE_STATE=count HTTP/1.1" 200 11
124.79.74.67 - - [19/May/2023:11:20:47 +0800] "GET /xingrg/check_reg.html?_=1684466469435 HTTP/1.1" 200 22
124.79.74.67 - - [19/May/2023:11:20:47 +0800] "POST /xingrg/all/common/load_tree.html?tree=area_rest_tree_json&manage=1 HTTP/1.1" 200 1972
124.79.74.67 - - [19/May/2023:11:20:47 +0800] "POST /xingrg/load_menu.html HTTP/1.1" 200 11564
116.224.158.100 - - [19/May/2023:11:20:48 +0800] "GET /xingrg/all/function/internal_message.html?_=1684466448893&CODE_STATE=getMsg HTTP/1.1" 200 27
180.171.122.0 - - [19/May/2023:11:20:49 +0800] "GET /xingrg/kc/buy/cgsh_order_info.html?code=212023051907016 HTTP/1.1" 200 71416
180.171.122.0 - - [19/May/2023:11:20:50 +0800] "GET /xingrg/javascript/easyui/themes/default/validatebox.css HTTP/1.1" 404 1104
180.171.122.0 - - [19/May/2023:11:20:50 +0800] "GET /xingrg/all/common/auto_word.html?type=employee&rest_code=00111 HTTP/1.1" 200 155
116.238.139.35 - - [19/May/2023:11:20:50 +0800] "GET /xingrg/all/function/internal_message.html?_=1684466448496&CODE_STATE=getMsg HTTP/1.1" 200 27
180.171.122.0 - - [19/May/2023:11:20:50 +0800] "GET /xingrg/all/common/auto_word.html?type=employee&rest_code=00111 HTTP/1.1" 200 155
114.83.216.225 - - [19/May/2023:11:20:50 +0800] "GET /xingrg/kc/base/wldb_order_operate.html?command=get_materiel&rest_code=00149&base_code=0010394&code=00101019185 HTTP/1.1" 200 469
180.171.122.0 - - [19/May/2023:11:20:51 +0800] "POST /xingrg/kc/buy/cgsh_order_operate.html HTTP/1.1" 200 4442
124.79.74.67 - - [19/May/2023:11:20:51 +0800] "POST /xingrg/load_menu.html HTTP/1.1" 200 10483
124.79.74.67 - - [19/May/2023:11:20:52 +0800] "GET /xingrg/all/report/report_query.html?fileName=dma/new_5.0/yingye/yy_hz.xml&rw=1600 HTTP/1.1" 200 56155
124.79.74.67 - - [19/May/2023:11:20:52 +0800] "GET /xingrg/dwr/interface/AjaxReportQueryService.js HTTP/1.1" 200 13203
124.79.74.67 - - [19/May/2023:11:20:52 +0800] "GET /xingrg/dwr/engine.js HTTP/1.1" 200 43631
124.79.74.67 - - [19/May/2023:11:20:52 +0800] "POST /xingrg/dwr/call/plaincall/AjaxReportQueryService.getFixDate.dwr HTTP/1.1" 200 111
124.79.74.67 - - [19/May/2023:11:20:53 +0800] "POST /xingrg/all/common/load_tree.html?tree=area_station_tree_json&manage=1 HTTP/1.1" 200 1906
222.67.238.82 - - [19/May/2023:11:20:54 +0800] "GET /xingrg/kc/buy/cgsh_order_operate.html?command=get_materiel&rest_code=00141&code=00101006282&supplier_code=00100558&order_time=2023-05-19 HTTP/1.1" 200 418
180.171.122.0 - - [19/May/2023:11:20:56 +0800] "GET /xingrg/javascript/auto/indicator.gif HTTP/1.1" 404 1066
114.83.216.225 - - [19/May/2023:11:20:56 +0800] "GET /xingrg/all/function/internal_message.html?_=1684466453161&CODE_STATE=getMsg HTTP/1.1" 200 27
124.79.74.67 - - [19/May/2023:11:20:58 +0800] "POST /xingrg/dwr/call/plaincall/AjaxReportQueryService.getFixDate.dwr HTTP/1.1" 200 111
180.169.147.146 - - [19/May/2023:11:20:59 +0800] "GET /xingrg/all/function/internal_message.html?_=1684466460193&CODE_STATE=getMsg HTTP/1.1" 302 -
180.171.122.0 - - [19/May/2023:11:20:59 +0800] "GET /xingrg/kc/buy/cgsh_order_operate.html?command=get_materiel&rest_code=00111&code=00101010161&supplier_code=00100042&order_time=2023-05-19 HTTP/1.1" 200 409
124.79.74.67 - - [19/May/2023:11:20:59 +0800] "POST /xingrg/dwr/call/plaincall/AjaxReportQueryService.refreshCache.dwr HTTP/1.1" 200 78
124.79.240.114 - - [19/May/2023:11:21:01 +0800] "GET /xingrg/all/function/internal_message.html?_=1684466738627&CODE_STATE=getMsg HTTP/1.1" 200 27
124.79.74.67 - - [19/May/2023:11:21:01 +0800] "POST /xingrg/all/report/load_report_page.html HTTP/1.1" 200 136875
124.79.74.67 - - [19/May/2023:11:21:01 +0800] "GET /xingrg/servlets/image?cache=0.17077744377339066&image=px HTTP/1.1" 200 807
114.85.36.120 - - [19/May/2023:11:21:02 +0800] "GET /xingrg/all/function/internal_message.html?_=1684465291273&CODE_STATE=getMsg HTTP/1.1" 200 27
222.67.238.82 - - [19/May/2023:11:21:04 +0800] "GET /xingrg/kc/buy/cgsh_order_operate.html?command=get_materiel&rest_code=00141&code=00102026001&supplier_code=00100558&order_time=2023-05-19 HTTP/1.1" 200 409
180.169.147.146 - - [19/May/2023:11:21:04 +0800] "GET /xingrg/all/function/internal_message.html?_=1684466458300&CODE_STATE=getMsg HTTP/1.1" 200 27
120.253.135.82 - - [19/May/2023:11:21:07 +0800] "GET /xingrg/all/function/internal_message.html?_=1684466304003&CODE_STATE=getMsg HTTP/1.1" 200 27
180.171.122.0 - - [19/May/2023:11:21:11 +0800] "GET /xingrg/kc/buy/cgsh_order_operate.html?command=get_materiel&rest_code=00111&code=00101001060&supplier_code=00100042&order_time=2023-05-19 HTTP/1.1" 200 419
124.78.154.3 - - [19/May/2023:11:21:13 +0800] "GET /xingrg/all/function/internal_message.html?_=1684466473418&CODE_STATE=getMsg HTTP/1.1" 200 27
116.235.244.176 - - [19/May/2023:11:21:14 +0800] "GET /xingrg/all/function/internal_message.html?_=1684466496474&CODE_STATE=getMsg HTTP/1.1" 200 27
114.83.216.225 - - [19/May/2023:11:21:17 +0800] "GET /xingrg/kc/base/wldb_order_operate.html?command=get_materiel&rest_code=00149&base_code=0010394&code=00101019391 HTTP/1.1" 200 485
124.79.74.67 - - [19/May/2023:11:21:18 +0800] "GET /xingrg/logout.do HTTP/1.1" 302 -
124.79.74.67 - - [19/May/2023:11:21:18 +0800] "GET /xingrg/login.html?sysBaseUrl=http%3A%2F%2F180.169.147.146%3A18081%2Fxingrg%2F&costTime=31×tamp=1684466478870 HTTP/1.1" 200 7641
124.79.74.67 - - [19/May/2023:11:21:19 +0800] "GET /favicon.ico HTTP/1.1" 404 -
222.67.238.82 - - [19/May/2023:11:21:20 +0800] "POST /xingrg/kc/buy/cgsh_order_operate.html HTTP/1.1" 200 37
114.83.216.225 - - [19/May/2023:11:21:23 +0800] "GET /xingrg/kc/base/wldb_order_operate.html?command=get_materiel&rest_code=00149&base_code=0010394&code=00101019438 HTTP/1.1" 200 461
180.171.122.0 - - [19/May/2023:11:21:24 +0800] "POST /xingrg/kc/buy/cgsh_order_operate.html HTTP/1.1" 200 37
222.67.238.82 - - [19/May/2023:11:21:24 +0800] "POST /xingrg/kc/buy/cgsh_order_operate.html HTTP/1.1" 200 4445
180.171.122.0 - - [19/May/2023:11:21:25 +0800] "POST /xingrg/kc/buy/cgsh_order_operate.html HTTP/1.1" 200 5631
222.67.238.82 - - [19/May/2023:11:21:26 +0800] "GET /xingrg/kc/print/load_data.html?order_code=212023051907017&kc_code=cgsh&condition= HTTP/1.1" 200 1360
180.171.122.0 - - [19/May/2023:11:21:26 +0800] "GET /xingrg/kc/print/load_config.html?kc_code=cgsh HTTP/1.1" 200 1924
180.171.122.0 - - [19/May/2023:11:21:27 +0800] "GET /xingrg/kc/print/load_data.html?order_code=212023051907016&kc_code=cgsh&condition= HTTP/1.1" 200 1850
180.171.122.0 - - [19/May/2023:11:21:27 +0800] "GET /xingrg/all/function/internal_message.html?_=1684466484602&CODE_STATE=getMsg HTTP/1.1" 200 27
124.79.240.114 - - [19/May/2023:11:21:28 +0800] "GET /xingrg/all/function/internal_message.html?_=1684466478813&CODE_STATE=getMsg HTTP/1.1" 302 -
114.83.216.225 - - [19/May/2023:11:21:29 +0800] "GET /xingrg/kc/base/wldb_order_operate.html?command=get_materiel&rest_code=00149&base_code=0010394&code=00101019400 HTTP/1.1" 200 465
180.171.122.0 - - [19/May/2023:11:21:36 +0800] "GET /xingrg/kc/print/load_data.html?order_code=212023051907016&kc_code=cgsh HTTP/1.1" 200 1850
114.83.216.225 - - [19/May/2023:11:21:36 +0800] "GET /xingrg/kc/base/wldb_order_operate.html?command=get_materiel&rest_code=00149&base_code=0010394&code=00101019183 HTTP/1.1" 200 449
116.235.244.176 - - [19/May/2023:11:21:38 +0800] "GET /xingrg/check_reg.html?_=1684466510635 HTTP/1.1" 200 22
180.169.147.146 - - [19/May/2023:11:21:38 +0800] "GET /xingrg/all/function/internal_message.html?_=1684466491501&CODE_STATE=getMsg HTTP/1.1" 200 27
116.232.195.127 - - [19/May/2023:11:21:38 +0800] "GET /xingrg/all/function/internal_message.html?_=1684466540327&CODE_STATE=getMsg HTTP/1.1" 200 27
116.235.244.176 - - [19/May/2023:11:21:40 +0800] "GET /xingrg/all/function/internal_message.html?_=1684466512565&CODE_STATE=getMsg HTTP/1.1" 200 27
180.164.3.199 - - [19/May/2023:11:21:40 +0800] "GET /xingrg/all/function/internal_message.html?_=1684466500162&CODE_STATE=getMsg HTTP/1.1" 200 27
124.79.74.67 - - [19/May/2023:11:21:42 +0800] "POST /xingrg/login.do HTTP/1.1" 302 -
124.79.74.67 - - [19/May/2023:11:21:42 +0800] "GET /xingrg/index.html?sysBaseUrl=http%3A%2F%2F180.169.147.146%3A18081%2Fxingrg%2F&costTime=808×tamp=1684466502424 HTTP/1.1" 200 17179
124.79.74.67 - - [19/May/2023:11:21:42 +0800] "GET /favicon.ico HTTP/1.1" 404 -
124.79.74.67 - - [19/May/2023:11:21:42 +0800] "GET /xingrg/all/function/internal_message.html?_=1684466524624&CODE_STATE=count HTTP/1.1" 200 11
124.79.74.67 - - [19/May/2023:11:21:42 +0800] "GET /xingrg/check_reg.html?_=1684466524625 HTTP/1.1" 200 22
124.79.74.67 - - [19/May/2023:11:21:42 +0800] "POST /xingrg/all/common/load_tree.html?tree=area_rest_tree_json&manage=1 HTTP/1.1" 200 351
116.238.210.79 - - [19/May/2023:11:21:42 +0800] "GET /xingrg/all/function/internal_message.html?_=1684466503387&CODE_STATE=getMsg HTTP/1.1" 200 27
124.79.74.67 - - [19/May/2023:11:21:42 +0800] "POST /xingrg/load_menu.html HTTP/1.1" 200 5138
222.67.238.82 - - [19/May/2023:11:21:43 +0800] "GET /xingrg/all/function/internal_message.html?_=1684466018741&CODE_STATE=getMsg HTTP/1.1" 200 27
124.78.154.3 - - [19/May/2023:11:21:44 +0800] "GET /xingrg/all/function/internal_message.html?_=1684466504920&CODE_STATE=getMsg HTTP/1.1" 200 27
114.83.216.225 - - [19/May/2023:11:21:45 +0800] "GET /xingrg/kc/base/wldb_order_operate.html?command=get_materiel&rest_code=00149&base_code=0010394&code=00101019187 HTTP/1.1" 200 479
116.224.158.100 - - [19/May/2023:11:21:46 +0800] "GET /xingrg/all/function/internal_message.html?_=1684466341075&CODE_STATE=getMsg HTTP/1.1" 200 27
120.253.135.82 - - [19/May/2023:11:21:47 +0800] "GET /xingrg/all/function/internal_message.html?_=1684466646204&CODE_STATE=getMsg HTTP/1.1" 200 27
116.224.158.100 - - [19/May/2023:11:21:48 +0800] "GET /xingrg/all/function/internal_message.html?_=1684466508871&CODE_STATE=getMsg HTTP/1.1" 200 27
116.224.158.100 - - [19/May/2023:11:21:48 +0800] "GET /xingrg/check_reg.html?_=1684466509398 HTTP/1.1" 200 22
116.238.139.35 - - [19/May/2023:11:21:50 +0800] "GET /xingrg/check_reg.html?_=1684466508501 HTTP/1.1" 200 22
116.238.139.35 - - [19/May/2023:11:21:50 +0800] "GET /xingrg/all/function/internal_message.html?_=1684466508505&CODE_STATE=getMsg HTTP/1.1" 200 27
114.83.216.225 - - [19/May/2023:11:21:56 +0800] "GET /xingrg/all/function/internal_message.html?_=1684466513139&CODE_STATE=getMsg HTTP/1.1" 200 27
114.83.216.225 - - [19/May/2023:11:21:58 +0800] "GET /xingrg/kc/base/wldb_order_operate.html?command=get_materiel&rest_code=00149&base_code=0010394&code=00101019527 HTTP/1.1" 200 473
180.169.147.146 - - [19/May/2023:11:21:59 +0800] "GET /xingrg/all/function/internal_message.html?_=1684466520192&CODE_STATE=getMsg HTTP/1.1" 302 -
124.79.240.114 - - [19/May/2023:11:22:01 +0800] "GET /xingrg/all/function/internal_message.html?_=1684466798630&CODE_STATE=getMsg HTTP/1.1" 200 27
114.85.36.120 - - [19/May/2023:11:22:02 +0800] "GET /xingrg/all/function/internal_message.html?_=1684465351267&CODE_STATE=getMsg HTTP/1.1" 200 27
120.253.135.82 - - [19/May/2023:11:22:04 +0800] "GET /xingrg/check_reg.html?_=1684466361129 HTTP/1.1" 200 22
180.169.147.146 - - [19/May/2023:11:22:04 +0800] "GET /xingrg/all/function/internal_message.html?_=1684466518310&CODE_STATE=getMsg HTTP/1.1" 200 27
114.83.216.225 - - [19/May/2023:11:22:07 +0800] "GET /xingrg/kc/base/wldb_order_operate.html?command=get_materiel&rest_code=00149&base_code=0010394&code=00101016094 HTTP/1.1" 200 469
120.253.135.82 - - [19/May/2023:11:22:07 +0800] "GET /xingrg/all/function/internal_message.html?_=1684466364016&CODE_STATE=getMsg HTTP/1.1" 200 27
124.78.154.3 - - [19/May/2023:11:22:13 +0800] "GET /xingrg/all/function/internal_message.html?_=1684466533418&CODE_STATE=getMsg HTTP/1.1" 200 27
116.235.244.176 - - [19/May/2023:11:22:14 +0800] "GET /xingrg/all/function/internal_message.html?_=1684466556477&CODE_STATE=getMsg HTTP/1.1" 200 27
114.83.216.225 - - [19/May/2023:11:22:18 +0800] "GET /xingrg/kc/base/wldb_order_operate.html?command=get_materiel&rest_code=00149&base_code=0010394&code=00101019199 HTTP/1.1" 200 472
172.20.0.100 - - [19/May/2023:11:22:26 +0800] "GET /xingrg/check_reg.html?_=1684466558709 HTTP/1.1" 200 22
114.83.216.225 - - [19/May/2023:11:22:26 +0800] "GET /xingrg/kc/base/wldb_order_operate.html?command=get_materiel&rest_code=00149&base_code=0010394&code=00101019222 HTTP/1.1" 200 453
180.171.122.0 - - [19/May/2023:11:22:27 +0800] "GET /xingrg/all/function/internal_message.html?_=1684466544607&CODE_STATE=getMsg HTTP/1.1" 200 27
124.79.240.114 - - [19/May/2023:11:22:28 +0800] "GET /xingrg/all/function/internal_message.html?_=1684466538812&CODE_STATE=getMsg HTTP/1.1" 302 -
114.83.216.225 - - [19/May/2023:11:22:34 +0800] "GET /xingrg/kc/base/wldb_order_operate.html?command=get_materiel&rest_code=00149&base_code=0010394&code=00101019257 HTTP/1.1" 200 478
180.169.147.146 - - [19/May/2023:11:22:38 +0800] "GET /xingrg/all/function/internal_message.html?_=1684466551502&CODE_STATE=getMsg HTTP/1.1" 200 27
116.232.195.127 - - [19/May/2023:11:22:38 +0800] "GET /xingrg/check_reg.html?_=1684466600318 HTTP/1.1" 200 22
116.232.195.127 - - [19/May/2023:11:22:38 +0800] "GET /xingrg/all/function/internal_message.html?_=1684466600320&CODE_STATE=getMsg HTTP/1.1" 200 27
116.235.244.176 - - [19/May/2023:11:22:40 +0800] "GET /xingrg/all/function/internal_message.html?_=1684466572578&CODE_STATE=getMsg HTTP/1.1" 200 27
180.164.3.199 - - [19/May/2023:11:22:40 +0800] "GET /xingrg/all/function/internal_message.html?_=1684466560156&CODE_STATE=getMsg HTTP/1.1" 200 27
124.79.74.67 - - [19/May/2023:11:22:42 +0800] "GET /xingrg/all/function/internal_message.html?_=1684466584640&CODE_STATE=getMsg HTTP/1.1" 200 27
222.67.238.82 - - [19/May/2023:11:22:43 +0800] "GET /xingrg/all/function/internal_message.html?_=1684466078712&CODE_STATE=getMsg HTTP/1.1" 200 27
124.78.154.3 - - [19/May/2023:11:22:44 +0800] "GET /xingrg/all/function/internal_message.html?_=1684466564920&CODE_STATE=getMsg HTTP/1.1" 200 27
116.224.158.100 - - [19/May/2023:11:22:46 +0800] "GET /xingrg/all/function/internal_message.html?_=1684466401062&CODE_STATE=getMsg HTTP/1.1" 200 27
120.253.135.82 - - [19/May/2023:11:22:47 +0800] "GET /xingrg/all/function/internal_message.html?_=1684466706209&CODE_STATE=getMsg HTTP/1.1" 200 27
114.83.216.225 - - [19/May/2023:11:22:47 +0800] "GET /xingrg/kc/base/wldb_order_operate.html?command=get_materiel&rest_code=00149&base_code=0010394&code=00101010880 HTTP/1.1" 200 436
116.224.158.100 - - [19/May/2023:11:22:48 +0800] "GET /xingrg/all/function/internal_message.html?_=1684466568850&CODE_STATE=getMsg HTTP/1.1" 200 27
116.238.139.35 - - [19/May/2023:11:22:50 +0800] "GET /xingrg/all/function/internal_message.html?_=1684466568493&CODE_STATE=getMsg HTTP/1.1" 200 27
114.83.216.225 - - [19/May/2023:11:22:56 +0800] "GET /xingrg/kc/base/wldb_order_operate.html?command=get_materiel&rest_code=00149&base_code=0010394&code=00101010054 HTTP/1.1" 200 438
114.83.216.225 - - [19/May/2023:11:22:56 +0800] "GET /xingrg/check_reg.html?_=1684466573142 HTTP/1.1" 200 22
114.83.216.225 - - [19/May/2023:11:22:56 +0800] "GET /xingrg/all/function/internal_message.html?_=1684466573144&CODE_STATE=getMsg HTTP/1.1" 200 27
180.169.147.146 - - [19/May/2023:11:22:59 +0800] "GET /xingrg/all/function/internal_message.html?_=1684466580188&CODE_STATE=getMsg HTTP/1.1" 302 -
124.79.240.114 - - [19/May/2023:11:23:01 +0800] "GET /xingrg/check_reg.html?_=1684466858633 HTTP/1.1" 200 22
124.79.240.114 - - [19/May/2023:11:23:01 +0800] "GET /xingrg/all/function/internal_message.html?_=1684466858634&CODE_STATE=getMsg HTTP/1.1" 200 27
114.85.36.120 - - [19/May/2023:11:23:02 +0800] "GET /xingrg/all/function/internal_message.html?_=1684465411281&CODE_STATE=getMsg HTTP/1.1" 200 27
180.169.147.146 - - [19/May/2023:11:23:04 +0800] "GET /xingrg/all/function/internal_message.html?_=1684466578294&CODE_STATE=getMsg HTTP/1.1" 200 27
180.169.147.146 - - [19/May/2023:11:23:05 +0800] "GET /xingrg/check_reg.html?_=1684466578982 HTTP/1.1" 200 22
116.224.158.100 - - [19/May/2023:11:23:05 +0800] "GET /xingrg/kc/buy/cgsh_order_add.html HTTP/1.1" 200 71533
116.224.158.100 - - [19/May/2023:11:23:05 +0800] "GET /xingrg/javascript/easyui/themes/default/validatebox.css HTTP/1.1" 404 1104
116.224.158.100 - - [19/May/2023:11:23:05 +0800] "POST /xingrg/kc/buy/cgsh_order_operate.html HTTP/1.1" 200 8245
120.253.135.82 - - [19/May/2023:11:23:07 +0800] "GET /xingrg/all/function/internal_message.html?_=1684466424030&CODE_STATE=getMsg HTTP/1.1" 200 27
114.83.216.225 - - [19/May/2023:11:23:10 +0800] "POST /xingrg/kc/base/wldb_order_operate.html HTTP/1.1" 200 37
124.78.154.3 - - [19/May/2023:11:23:13 +0800] "GET /xingrg/all/function/internal_message.html?_=1684466593418&CODE_STATE=getMsg HTTP/1.1" 200 27
116.235.244.176 - - [19/May/2023:11:23:15 +0800] "GET /xingrg/all/function/internal_message.html?_=1684466617022&CODE_STATE=getMsg HTTP/1.1" 200 27
114.83.216.225 - - [19/May/2023:11:23:17 +0800] "POST /xingrg/kc/base/wldb_order_operate.html HTTP/1.1" 200 12
114.83.216.225 - - [19/May/2023:11:23:17 +0800] "POST /xingrg/kc/base/wldb_order_operate.html HTTP/1.1" 200 8723
116.224.158.100 - - [19/May/2023:11:23:18 +0800] "GET /xingrg/kc/buy/cgsh_order_operate.html?command=get_materiel&rest_code=00105&code=00101010825&supplier_code=00100323&order_time=2023-05-19 HTTP/1.1" 200 428
114.83.216.225 - - [19/May/2023:11:23:19 +0800] "GET /xingrg/kc/base/wldb_order_info.html?code=422023051901468 HTTP/1.1" 200 26268
114.83.216.225 - - [19/May/2023:11:23:20 +0800] "GET /xingrg/javascript/easyui/themes/default/validatebox.css HTTP/1.1" 404 1104
114.83.216.225 - - [19/May/2023:11:23:20 +0800] "POST /xingrg/kc/base/wldb_order_operate.html HTTP/1.1" 200 6852
116.224.158.100 - - [19/May/2023:11:23:26 +0800] "GET /xingrg/kc/buy/cgsh_order_operate.html?command=get_materiel&rest_code=00105&code=00101008496&supplier_code=00100323&order_time=2023-05-19 HTTP/1.1" 200 406
180.171.122.0 - - [19/May/2023:11:23:27 +0800] "GET /xingrg/all/function/internal_message.html?_=1684466604609&CODE_STATE=getMsg HTTP/1.1" 200 27
124.79.240.114 - - [19/May/2023:11:23:28 +0800] "GET /xingrg/all/function/internal_message.html?_=1684466598810&CODE_STATE=getMsg HTTP/1.1" 302 -
114.83.216.225 - - [19/May/2023:11:23:36 +0800] "GET /xingrg/kc/base/wldb_order_add.html HTTP/1.1" 200 30387
114.83.216.225 - - [19/May/2023:11:23:37 +0800] "POST /xingrg/kc/base/wldb_order_operate.html HTTP/1.1" 200 6806
114.83.216.225 - - [19/May/2023:11:23:37 +0800] "GET /xingrg/javascript/easyui/themes/default/validatebox.css HTTP/1.1" 404 1104
114.83.216.225 - - [19/May/2023:11:23:38 +0800] "POST /xingrg/all/common/load_combo.html?type=base HTTP/1.1" 200 3409
180.169.147.146 - - [19/May/2023:11:23:38 +0800] "GET /xingrg/all/function/internal_message.html?_=1684466611502&CODE_STATE=getMsg HTTP/1.1" 200 27
116.232.32.248 - - [19/May/2023:11:23:38 +0800] "POST /xingrg/services/DataTransmitService HTTP/1.1" 200 524
116.232.195.127 - - [19/May/2023:11:23:38 +0800] "GET /xingrg/all/function/internal_message.html?_=1684466660309&CODE_STATE=getMsg HTTP/1.1" 200 27
116.232.32.248 - - [19/May/2023:11:23:40 +0800] "POST /xingrg/services/DataTransmitService HTTP/1.1" 200 501
116.235.244.176 - - [19/May/2023:11:23:40 +0800] "GET /xingrg/all/function/internal_message.html?_=1684466632593&CODE_STATE=getMsg HTTP/1.1" 200 27
116.232.32.248 - - [19/May/2023:11:23:40 +0800] "POST /xingrg/services/DataTransmitService HTTP/1.1" 200 501
180.164.3.199 - - [19/May/2023:11:23:40 +0800] "GET /xingrg/all/function/internal_message.html?_=1684466620174&CODE_STATE=getMsg HTTP/1.1" 200 27
180.164.3.199 - - [19/May/2023:11:23:40 +0800] "GET /xingrg/check_reg.html?_=1684466620177 HTTP/1.1" 200 22
116.232.32.248 - - [19/May/2023:11:23:40 +0800] "POST /xingrg/services/DataTransmitService HTTP/1.1" 200 501
116.232.32.248 - - [19/May/2023:11:23:40 +0800] "POST /xingrg/services/DataTransmitService HTTP/1.1" 200 501
116.232.32.248 - - [19/May/2023:11:23:41 +0800] "POST /xingrg/services/DataTransmitService HTTP/1.1" 200 501
116.232.32.248 - - [19/May/2023:11:23:41 +0800] "POST /xingrg/services/DataTransmitService HTTP/1.1" 200 501
124.79.74.67 - - [19/May/2023:11:23:42 +0800] "GET /xingrg/kc/buy/buy_main.html HTTP/1.1" 200 12412
124.79.74.67 - - [19/May/2023:11:23:42 +0800] "GET /xingrg/css/new_ie.css HTTP/1.1" 404 1036
124.79.74.67 - - [19/May/2023:11:23:42 +0800] "GET /xingrg/all/function/internal_message.html?_=1684466644664&CODE_STATE=getMsg HTTP/1.1" 200 27
116.232.32.248 - - [19/May/2023:11:23:42 +0800] "POST /xingrg/services/DataTransmitService HTTP/1.1" 200 412
124.79.74.67 - - [19/May/2023:11:23:42 +0800] "GET /xingrg/images/yd/bt.gif HTTP/1.1" 404 1040
222.67.238.82 - - [19/May/2023:11:23:43 +0800] "GET /xingrg/all/function/internal_message.html?_=1684466138684&CODE_STATE=getMsg HTTP/1.1" 200 27
222.67.238.82 - - [19/May/2023:11:23:43 +0800] "GET /xingrg/check_reg.html?_=1684466138789 HTTP/1.1" 200 22
124.79.74.67 - - [19/May/2023:11:23:43 +0800] "GET /xingrg/kc/buy/cgsh_order_list.html HTTP/1.1" 200 55675
124.78.154.3 - - [19/May/2023:11:23:44 +0800] "GET /xingrg/check_reg.html?_=1684466624920 HTTP/1.1" 200 22
124.78.154.3 - - [19/May/2023:11:23:44 +0800] "GET /xingrg/all/function/internal_message.html?_=1684466624923&CODE_STATE=getMsg HTTP/1.1" 200 27
124.79.74.67 - - [19/May/2023:11:23:46 +0800] "POST /xingrg/kc/buy/cgsh_list_operate.html HTTP/1.1" 200 986
116.224.158.100 - - [19/May/2023:11:23:46 +0800] "GET /xingrg/all/function/internal_message.html?_=1684466461076&CODE_STATE=getMsg HTTP/1.1" 200 27
114.83.216.225 - - [19/May/2023:11:23:47 +0800] "GET /xingrg/kc/base/wldb_order_operate.html?command=get_materiel&rest_code=00149&base_code=0010394&code=00101019071 HTTP/1.1" 200 471
120.253.135.82 - - [19/May/2023:11:23:47 +0800] "GET /xingrg/all/function/internal_message.html?_=1684466766215&CODE_STATE=getMsg HTTP/1.1" 200 27
116.224.158.100 - - [19/May/2023:11:23:48 +0800] "GET /xingrg/all/function/internal_message.html?_=1684466628840&CODE_STATE=getMsg HTTP/1.1" 200 27
116.238.139.35 - - [19/May/2023:11:23:50 +0800] "GET /xingrg/all/function/internal_message.html?_=1684466628494&CODE_STATE=getMsg HTTP/1.1" 200 27
124.79.74.67 - - [19/May/2023:11:23:50 +0800] "GET /xingrg/kc/buy/cgsh_order_add.html HTTP/1.1" 200 71530
124.79.74.67 - - [19/May/2023:11:23:51 +0800] "GET /xingrg/words/20230516134409_words.js HTTP/1.1" 304 -
124.79.74.67 - - [19/May/2023:11:23:51 +0800] "POST /xingrg/kc/buy/cgsh_order_operate.html HTTP/1.1" 200 8245
124.79.74.67 - - [19/May/2023:11:23:51 +0800] "GET /xingrg/javascript/easyui/themes/default/validatebox.css HTTP/1.1" 404 1104
124.79.74.67 - - [19/May/2023:11:23:51 +0800] "GET /xingrg/all/common/auto_word.html?type=employee&rest_code=00156 HTTP/1.1" 200 97
124.79.74.67 - - [19/May/2023:11:23:51 +0800] "GET /xingrg/all/common/auto_word.html?type=employee&rest_code=00156 HTTP/1.1" 200 97
124.79.74.67 - - [19/May/2023:11:23:53 +0800] "GET /xingrg/javascript/auto/indicator.gif HTTP/1.1" 404 1066
116.235.244.176 - - [19/May/2023:11:23:54 +0800] "GET /xingrg/check_reg.html?_=1684466656754 HTTP/1.1" 200 22
124.79.74.67 - - [19/May/2023:11:23:55 +0800] "GET /xingrg/index.html?sysBaseUrl=http%3A%2F%2F180.169.147.146%3A18081%2Fxingrg%2F&costTime=808×tamp=1684466502424 HTTP/1.1" 200 17179
124.79.74.67 - - [19/May/2023:11:23:55 +0800] "GET /xingrg/all/function/internal_message.html?_=1684466657929&CODE_STATE=count HTTP/1.1" 200 11
124.79.74.67 - - [19/May/2023:11:23:55 +0800] "GET /xingrg/check_reg.html?_=1684466657929 HTTP/1.1" 200 22
124.79.74.67 - - [19/May/2023:11:23:55 +0800] "GET /favicon.ico HTTP/1.1" 404 -
124.79.74.67 - - [19/May/2023:11:23:56 +0800] "POST /xingrg/all/common/load_tree.html?tree=area_rest_tree_json&manage=1 HTTP/1.1" 200 351
124.79.74.67 - - [19/May/2023:11:23:56 +0800] "POST /xingrg/load_menu.html HTTP/1.1" 200 5138
124.79.74.67 - - [19/May/2023:11:23:56 +0800] "GET /xingrg/kc/buy/buy_main.html HTTP/1.1" 200 12412
114.83.216.225 - - [19/May/2023:11:23:56 +0800] "GET /xingrg/all/function/internal_message.html?_=1684466633130&CODE_STATE=getMsg HTTP/1.1" 200 27
124.79.74.67 - - [19/May/2023:11:23:56 +0800] "GET /xingrg/css/new_ie.css HTTP/1.1" 404 1036
124.79.74.67 - - [19/May/2023:11:23:58 +0800] "GET /xingrg/kc/buy/cgsh_order_list.html HTTP/1.1" 200 55675
180.169.147.146 - - [19/May/2023:11:23:59 +0800] "GET /xingrg/all/function/internal_message.html?_=1684466640179&CODE_STATE=getMsg HTTP/1.1" 302 -
180.169.147.146 - - [19/May/2023:11:23:59 +0800] "GET /xingrg/check_reg.html?_=1684466640184 HTTP/1.1" 302 -
124.79.74.67 - - [19/May/2023:11:24:00 +0800] "POST /xingrg/kc/buy/cgsh_list_operate.html HTTP/1.1" 200 986
124.79.240.114 - - [19/May/2023:11:24:01 +0800] "GET /xingrg/all/function/internal_message.html?_=1684466918624&CODE_STATE=getMsg HTTP/1.1" 200 27
124.79.74.67 - - [19/May/2023:11:24:02 +0800] "GET /xingrg/kc/buy/cgsh_order_add.html HTTP/1.1" 200 71530
124.79.74.67 - - [19/May/2023:11:24:02 +0800] "GET /xingrg/words/20230516134409_words.js HTTP/1.1" 304 -
124.79.74.67 - - [19/May/2023:11:24:02 +0800] "POST /xingrg/kc/buy/cgsh_order_operate.html HTTP/1.1" 200 8245
114.85.36.120 - - [19/May/2023:11:24:02 +0800] "GET /xingrg/all/function/internal_message.html?_=1684465471271&CODE_STATE=getMsg HTTP/1.1" 200 27
124.79.74.67 - - [19/May/2023:11:24:02 +0800] "GET /xingrg/javascript/easyui/themes/default/validatebox.css HTTP/1.1" 404 1104
124.79.74.67 - - [19/May/2023:11:24:02 +0800] "GET /xingrg/all/common/auto_word.html?type=employee&rest_code=00156 HTTP/1.1" 200 97
124.79.74.67 - - [19/May/2023:11:24:02 +0800] "GET /xingrg/all/common/auto_word.html?type=employee&rest_code=00156 HTTP/1.1" 200 97
124.79.74.67 - - [19/May/2023:11:24:04 +0800] "GET /xingrg/javascript/jquery_tools/images/prev.gif HTTP/1.1" 404 1086
124.79.74.67 - - [19/May/2023:11:24:04 +0800] "GET /xingrg/javascript/jquery_tools/images/next.gif HTTP/1.1" 404 1086
120.253.135.82 - - [19/May/2023:11:24:07 +0800] "GET /xingrg/all/function/internal_message.html?_=1684466484044&CODE_STATE=getMsg HTTP/1.1" 200 27
124.79.74.67 - - [19/May/2023:11:24:09 +0800] "GET /xingrg/kc/buy/cgsh_order_operate.html?command=get_materiel&rest_code=00156&code=00101006106&supplier_code=00100012&order_time=2023-05-19 HTTP/1.1" 200 421
124.78.154.3 - - [19/May/2023:11:24:13 +0800] "GET /xingrg/all/function/internal_message.html?_=1684466653418&CODE_STATE=getMsg HTTP/1.1" 200 27
116.235.244.176 - - [19/May/2023:11:24:15 +0800] "GET /xingrg/all/function/internal_message.html?_=1684466677035&CODE_STATE=getMsg HTTP/1.1" 200 27
124.79.74.67 - - [19/May/2023:11:24:17 +0800] "GET /xingrg/kc/buy/cgsh_order_operate.html?command=get_materiel&rest_code=00156&code=00101001160&supplier_code=00100012&order_time=2023-05-19 HTTP/1.1" 200 408
116.224.158.100 - - [19/May/2023:11:24:18 +0800] "GET /xingrg/javascript/jquery_tools/images/next.gif HTTP/1.1" 404 1086
116.224.158.100 - - [19/May/2023:11:24:18 +0800] "GET /xingrg/javascript/jquery_tools/images/prev.gif HTTP/1.1" 404 1086
124.79.74.67 - - [19/May/2023:11:24:26 +0800] "GET /xingrg/kc/buy/cgsh_order_operate.html?command=get_materiel&rest_code=00156&code=00101012059&supplier_code=00100012&order_time=2023-05-19 HTTP/1.1" 200 413
180.171.122.0 - - [19/May/2023:11:24:27 +0800] "GET /xingrg/all/function/internal_message.html?_=1684466664610&CODE_STATE=getMsg HTTP/1.1" 200 27
124.79.240.114 - - [19/May/2023:11:24:28 +0800] "GET /xingrg/check_reg.html?_=1684466658807 HTTP/1.1" 302 -
124.79.240.114 - - [19/May/2023:11:24:28 +0800] "GET /xingrg/all/function/internal_message.html?_=1684466658804&CODE_STATE=getMsg HTTP/1.1" 302 -
116.224.158.100 - - [19/May/2023:11:24:30 +0800] "POST /xingrg/kc/buy/cgsh_list_operate.html HTTP/1.1" 200 2787
222.67.238.82 - - [19/May/2023:11:24:31 +0800] "GET /xingrg/kc/buy/cgsh_order_add.html HTTP/1.1" 200 71451
222.67.238.82 - - [19/May/2023:11:24:32 +0800] "GET /xingrg/javascript/easyui/themes/default/validatebox.css HTTP/1.1" 404 1104
222.67.238.82 - - [19/May/2023:11:24:32 +0800] "POST /xingrg/kc/buy/cgsh_order_operate.html HTTP/1.1" 200 8245
116.224.158.100 - - [19/May/2023:11:24:33 +0800] "POST /xingrg/kc/buy/cgsh_list_operate.html HTTP/1.1" 200 280
124.79.74.67 - - [19/May/2023:11:24:33 +0800] "GET /xingrg/kc/buy/cgsh_order_operate.html?command=get_materiel&rest_code=00156&code=00101007183&supplier_code=00100012&order_time=2023-05-19 HTTP/1.1" 200 409
116.224.158.100 - - [19/May/2023:11:24:35 +0800] "POST /xingrg/kc/buy/cgsh_list_operate.html HTTP/1.1" 200 366
218.81.73.248 - - [19/May/2023:11:24:37 +0800] "GET /xingrg/check_reg.html?_=1684466678400 HTTP/1.1" 200 22
180.169.147.146 - - [19/May/2023:11:24:38 +0800] "GET /xingrg/check_reg.html?_=1684466671502 HTTP/1.1" 200 22
180.169.147.146 - - [19/May/2023:11:24:38 +0800] "GET /xingrg/all/function/internal_message.html?_=1684466671512&CODE_STATE=getMsg HTTP/1.1" 200 27
116.232.195.127 - - [19/May/2023:11:24:38 +0800] "GET /xingrg/all/function/internal_message.html?_=1684466720314&CODE_STATE=getMsg HTTP/1.1" 200 27
116.235.244.176 - - [19/May/2023:11:24:40 +0800] "GET /xingrg/all/function/internal_message.html?_=1684466692610&CODE_STATE=getMsg HTTP/1.1" 200 27
180.164.3.199 - - [19/May/2023:11:24:40 +0800] "GET /xingrg/all/function/internal_message.html?_=1684466680174&CODE_STATE=getMsg HTTP/1.1" 200 27
222.67.238.82 - - [19/May/2023:11:24:43 +0800] "GET /xingrg/all/function/internal_message.html?_=1684466198797&CODE_STATE=getMsg HTTP/1.1" 200 27
124.78.154.3 - - [19/May/2023:11:24:44 +0800] "GET /xingrg/all/function/internal_message.html?_=1684466684922&CODE_STATE=getMsg HTTP/1.1" 200 27
124.79.74.67 - - [19/May/2023:11:24:46 +0800] "POST /xingrg/kc/buy/cgsh_order_operate.html HTTP/1.1" 200 37
116.224.158.100 - - [19/May/2023:11:24:46 +0800] "GET /xingrg/check_reg.html?_=1684466521077 HTTP/1.1" 200 22
116.224.158.100 - - [19/May/2023:11:24:46 +0800] "GET /xingrg/all/function/internal_message.html?_=1684466521075&CODE_STATE=getMsg HTTP/1.1" 200 27
120.253.135.82 - - [19/May/2023:11:24:47 +0800] "GET /xingrg/all/function/internal_message.html?_=1684466826219&CODE_STATE=getMsg HTTP/1.1" 200 27
120.253.135.82 - - [19/May/2023:11:24:47 +0800] "GET /xingrg/check_reg.html?_=1684466826220 HTTP/1.1" 200 22
116.224.158.100 - - [19/May/2023:11:24:48 +0800] "GET /xingrg/all/function/internal_message.html?_=1684466688808&CODE_STATE=getMsg HTTP/1.1" 200 27
116.224.158.100 - - [19/May/2023:11:24:48 +0800] "POST /xingrg/kc/buy/cgsh_list_operate.html HTTP/1.1" 200 2787
124.79.74.67 - - [19/May/2023:11:24:49 +0800] "POST /xingrg/kc/buy/cgsh_order_operate.html HTTP/1.1" 200 4442
116.238.139.35 - - [19/May/2023:11:24:50 +0800] "GET /xingrg/all/function/internal_message.html?_=1684466688495&CODE_STATE=getMsg HTTP/1.1" 200 27
124.79.74.67 - - [19/May/2023:11:24:50 +0800] "GET /xingrg/kc/print/load_config.html?kc_code=cgsh HTTP/1.1" 200 1924
124.79.74.67 - - [19/May/2023:11:24:51 +0800] "GET /xingrg/kc/print/load_data.html?order_code=212023051907018&kc_code=cgsh&condition= HTTP/1.1" 200 1448
124.79.74.67 - - [19/May/2023:11:24:55 +0800] "GET /xingrg/all/function/internal_message.html?_=1684466717943&CODE_STATE=getMsg HTTP/1.1" 200 27
124.79.74.67 - - [19/May/2023:11:24:56 +0800] "GET /xingrg/kc/buy/cgsh_order_add.html HTTP/1.1" 200 71530
