116.224.158.100 - - [17/May/2023:09:48:54 +0800] "GET /xingrg/check_reg.html?_=1684287969319 HTTP/1.1" 200 22
116.224.158.100 - - [17/May/2023:09:48:54 +0800] "GET /xingrg/all/function/internal_message.html?_=1684287969322&CODE_STATE=getMsg HTTP/1.1" 200 27
114.83.216.225 - - [17/May/2023:09:48:59 +0800] "GET /xingrg/all/function/internal_message.html?_=1684288137144&CODE_STATE=getMsg HTTP/1.1" 200 27
180.156.206.150 - - [17/May/2023:09:49:04 +0800] "POST /xingrg/kc/buy/cgsh_order_operate.html HTTP/1.1" 200 12
120.253.135.82 - - [17/May/2023:09:49:05 +0800] "GET /xingrg/all/function/internal_message.html?_=1684287982932&CODE_STATE=getMsg HTTP/1.1" 200 27
101.229.22.40 - - [17/May/2023:09:49:15 +0800] "GET /xingrg/all/function/internal_message.html?_=1684288155722&CODE_STATE=getMsg HTTP/1.1" 200 27
116.235.244.175 - - [17/May/2023:09:49:17 +0800] "POST /xingrg/services/DataTransmitService HTTP/1.1" 200 524
116.235.244.175 - - [17/May/2023:09:49:18 +0800] "POST /xingrg/services/DataTransmitService HTTP/1.1" 200 412
116.235.244.175 - - [17/May/2023:09:49:19 +0800] "POST /xingrg/services/DataTransmitService HTTP/1.1" 200 524
116.235.244.175 - - [17/May/2023:09:49:20 +0800] "POST /xingrg/services/DataTransmitService HTTP/1.1" 200 412
180.156.206.150 - - [17/May/2023:09:49:23 +0800] "GET /xingrg/kc/buy/cgsh_order_info.html?code=212023051706195 HTTP/1.1" 200 66348
180.156.206.150 - - [17/May/2023:09:49:24 +0800] "GET /xingrg/javascript/easyui/themes/default/validatebox.css HTTP/1.1" 404 1104
116.235.244.175 - - [17/May/2023:09:49:24 +0800] "POST /xingrg/services/DataTransmitService HTTP/1.1" 200 524
180.156.206.150 - - [17/May/2023:09:49:24 +0800] "POST /xingrg/kc/buy/cgsh_order_operate.html HTTP/1.1" 200 1804
116.235.244.175 - - [17/May/2023:09:49:25 +0800] "POST /xingrg/services/DataTransmitService HTTP/1.1" 200 2335
180.156.206.150 - - [17/May/2023:09:49:27 +0800] "GET /xingrg/kc/print/load_data.html?order_code=212023051706195&kc_code=cgsh&condition= HTTP/1.1" 200 1195
180.169.147.146 - - [17/May/2023:09:49:31 +0800] "GET /xingrg/all/function/internal_message.html?_=1684288170966&CODE_STATE=getMsg HTTP/1.1" 200 27
116.235.244.175 - - [17/May/2023:09:49:35 +0800] "POST /xingrg/services/DataTransmitService HTTP/1.1" 200 524
180.156.206.150 - - [17/May/2023:09:49:36 +0800] "GET /xingrg/kc/buy/cgsh_order_add.html HTTP/1.1" 200 71441
180.156.206.150 - - [17/May/2023:09:49:36 +0800] "POST /xingrg/kc/buy/cgsh_order_operate.html HTTP/1.1" 200 8245
180.156.206.150 - - [17/May/2023:09:49:36 +0800] "GET /xingrg/javascript/easyui/themes/default/validatebox.css HTTP/1.1" 404 1104
180.156.206.150 - - [17/May/2023:09:49:37 +0800] "GET /xingrg/javascript/easyui/themes/default/tree.css HTTP/1.1" 404 1090
180.156.206.150 - - [17/May/2023:09:49:38 +0800] "POST /xingrg/all/common/load_tree.html?tree=supplier_tree_json&isDelete=1 HTTP/1.1" 200 74085
120.253.135.82 - - [17/May/2023:09:49:39 +0800] "GET /xingrg/check_reg.html?_=1684288016665 HTTP/1.1" 200 22
116.232.195.127 - - [17/May/2023:09:49:41 +0800] "GET /xingrg/all/function/internal_message.html?_=1684288227720&CODE_STATE=getMsg HTTP/1.1" 200 27
124.79.240.114 - - [17/May/2023:09:49:43 +0800] "GET /xingrg/all/function/internal_message.html?_=1684288461124&CODE_STATE=getMsg HTTP/1.1" 200 27
116.235.244.175 - - [17/May/2023:09:49:46 +0800] "POST /xingrg/services/DataTransmitService HTTP/1.1" 200 501
116.235.244.175 - - [17/May/2023:09:49:48 +0800] "POST /xingrg/services/DataTransmitService HTTP/1.1" 200 524
116.235.244.175 - - [17/May/2023:09:49:49 +0800] "POST /xingrg/services/DataTransmitService HTTP/1.1" 200 412
116.235.244.175 - - [17/May/2023:09:49:50 +0800] "POST /xingrg/services/DataTransmitService HTTP/1.1" 200 524
114.83.219.197 - - [17/May/2023:09:49:50 +0800] "GET /xingrg/all/function/internal_message.html?_=1684288286651&CODE_STATE=getMsg HTTP/1.1" 200 27
116.235.244.175 - - [17/May/2023:09:49:51 +0800] "POST /xingrg/services/DataTransmitService HTTP/1.1" 200 412
116.224.158.100 - - [17/May/2023:09:49:54 +0800] "GET /xingrg/all/function/internal_message.html?_=1684288029327&CODE_STATE=getMsg HTTP/1.1" 200 27
180.156.206.150 - - [17/May/2023:09:49:55 +0800] "GET /xingrg/kc/buy/cgsh_order_operate.html?command=get_materiel&rest_code=00102&code=00101011005&supplier_code=00100047&order_time=2023-05-17 HTTP/1.1" 200 408
114.83.216.225 - - [17/May/2023:09:49:59 +0800] "GET /xingrg/all/function/internal_message.html?_=1684288197139&CODE_STATE=getMsg HTTP/1.1" 200 27
114.83.216.225 - - [17/May/2023:09:49:59 +0800] "GET /xingrg/kc/buy/cgsh_order_add.html HTTP/1.1" 200 71494
114.83.216.225 - - [17/May/2023:09:50:00 +0800] "POST /xingrg/kc/buy/cgsh_order_operate.html HTTP/1.1" 200 8245
114.83.216.225 - - [17/May/2023:09:50:00 +0800] "GET /xingrg/javascript/easyui/themes/default/validatebox.css HTTP/1.1" 404 1104
120.253.135.82 - - [17/May/2023:09:50:05 +0800] "GET /xingrg/all/function/internal_message.html?_=1684288042936&CODE_STATE=getMsg HTTP/1.1" 200 27
180.156.206.150 - - [17/May/2023:09:50:07 +0800] "POST /xingrg/kc/buy/cgsh_order_operate.html HTTP/1.1" 200 37
114.83.216.225 - - [17/May/2023:09:50:11 +0800] "GET /xingrg/kc/buy/cgsh_order_operate.html?command=get_materiel&rest_code=00149&code=00101001002&supplier_code=00100039&order_time=2023-05-17 HTTP/1.1" 200 415
180.156.206.150 - - [17/May/2023:09:50:15 +0800] "POST /xingrg/kc/buy/cgsh_order_operate.html HTTP/1.1" 200 12
101.229.22.40 - - [17/May/2023:09:50:15 +0800] "GET /xingrg/all/function/internal_message.html?_=1684288215735&CODE_STATE=getMsg HTTP/1.1" 200 27
101.229.22.40 - - [17/May/2023:09:50:15 +0800] "GET /xingrg/check_reg.html?_=1684288215737 HTTP/1.1" 200 22
114.83.216.225 - - [17/May/2023:09:50:20 +0800] "GET /xingrg/kc/buy/cgsh_order_operate.html?command=get_materiel&rest_code=00149&code=00101005037&supplier_code=00100039&order_time=2023-05-17 HTTP/1.1" 200 409
180.156.206.150 - - [17/May/2023:09:50:21 +0800] "GET /xingrg/all/function/internal_message.html?_=1684288221829&CODE_STATE=getMsg HTTP/1.1" 200 27
180.156.206.150 - - [17/May/2023:09:50:22 +0800] "GET /xingrg/kc/buy/cgsh_order_info.html?code=212023051706196 HTTP/1.1" 200 66348
180.156.206.150 - - [17/May/2023:09:50:22 +0800] "GET /xingrg/javascript/easyui/themes/default/validatebox.css HTTP/1.1" 404 1104
180.156.206.150 - - [17/May/2023:09:50:23 +0800] "POST /xingrg/kc/buy/cgsh_order_operate.html HTTP/1.1" 200 609
180.169.147.146 - - [17/May/2023:09:50:30 +0800] "GET /xingrg/check_reg.html?_=1684288230706 HTTP/1.1" 200 22
180.169.147.146 - - [17/May/2023:09:50:31 +0800] "GET /xingrg/all/function/internal_message.html?_=1684288230940&CODE_STATE=getMsg HTTP/1.1" 200 27
180.156.206.150 - - [17/May/2023:09:50:34 +0800] "GET /xingrg/kc/print/load_data.html?order_code=212023051706196&kc_code=cgsh&condition= HTTP/1.1" 200 741
114.83.216.225 - - [17/May/2023:09:50:38 +0800] "GET /xingrg/kc/buy/cgsh_order_operate.html?command=get_materiel&rest_code=00149&code=00101001075&supplier_code=00100039&order_time=2023-05-17 HTTP/1.1" 200 411
180.156.206.150 - - [17/May/2023:09:50:39 +0800] "GET /xingrg/kc/buy/cgsh_order_add.html HTTP/1.1" 200 71441
180.156.206.150 - - [17/May/2023:09:50:39 +0800] "POST /xingrg/kc/buy/cgsh_order_operate.html HTTP/1.1" 200 8245
180.156.206.150 - - [17/May/2023:09:50:39 +0800] "GET /xingrg/javascript/easyui/themes/default/validatebox.css HTTP/1.1" 404 1104
116.232.195.127 - - [17/May/2023:09:50:41 +0800] "GET /xingrg/all/function/internal_message.html?_=1684288287710&CODE_STATE=getMsg HTTP/1.1" 200 27
124.79.240.114 - - [17/May/2023:09:50:43 +0800] "GET /xingrg/all/function/internal_message.html?_=1684288521122&CODE_STATE=getMsg HTTP/1.1" 200 27
180.156.206.150 - - [17/May/2023:09:50:46 +0800] "GET /xingrg/javascript/easyui/themes/default/tree.css HTTP/1.1" 404 1090
180.156.206.150 - - [17/May/2023:09:50:46 +0800] "POST /xingrg/all/common/load_tree.html?tree=supplier_tree_json&isDelete=1 HTTP/1.1" 200 74085
114.83.219.197 - - [17/May/2023:09:50:50 +0800] "GET /xingrg/all/function/internal_message.html?_=1684288346656&CODE_STATE=getMsg HTTP/1.1" 200 27
116.224.158.100 - - [17/May/2023:09:50:54 +0800] "GET /xingrg/all/function/internal_message.html?_=1684288089316&CODE_STATE=getMsg HTTP/1.1" 200 27
114.83.216.225 - - [17/May/2023:09:50:59 +0800] "GET /xingrg/all/function/internal_message.html?_=1684288257129&CODE_STATE=getMsg HTTP/1.1" 200 27
116.235.244.175 - - [17/May/2023:09:51:00 +0800] "POST /xingrg/services/DataTransmitService HTTP/1.1" 200 524
180.156.206.150 - - [17/May/2023:09:51:01 +0800] "GET /xingrg/kc/buy/cgsh_order_operate.html?command=get_materiel&rest_code=00102&code=00101009140&supplier_code=00100022&order_time=2023-05-17 HTTP/1.1" 200 412
116.235.244.175 - - [17/May/2023:09:51:02 +0800] "POST /xingrg/services/DataTransmitService HTTP/1.1" 200 2335
120.253.135.82 - - [17/May/2023:09:51:05 +0800] "GET /xingrg/all/function/internal_message.html?_=1684288102949&CODE_STATE=getMsg HTTP/1.1" 200 27
101.229.22.40 - - [17/May/2023:09:51:15 +0800] "GET /xingrg/all/function/internal_message.html?_=1684288275727&CODE_STATE=getMsg HTTP/1.1" 200 27
116.235.244.175 - - [17/May/2023:09:51:17 +0800] "POST /xingrg/services/DataTransmitService HTTP/1.1" 200 524
180.156.206.150 - - [17/May/2023:09:51:21 +0800] "GET /xingrg/all/function/internal_message.html?_=1684288281809&CODE_STATE=getMsg HTTP/1.1" 200 27
180.156.206.150 - - [17/May/2023:09:51:23 +0800] "GET /xingrg/kc/buy/cgsh_order_operate.html?command=get_materiel&rest_code=00102&code=00101009160&supplier_code=00100022&order_time=2023-05-17 HTTP/1.1" 200 415
180.169.147.146 - - [17/May/2023:09:51:31 +0800] "GET /xingrg/all/function/internal_message.html?_=1684288290915&CODE_STATE=getMsg HTTP/1.1" 200 27
180.156.206.150 - - [17/May/2023:09:51:33 +0800] "GET /xingrg/kc/buy/cgsh_order_operate.html?command=get_materiel&rest_code=00102&code=00101015158&supplier_code=00100022&order_time=2023-05-17 HTTP/1.1" 200 422
116.232.195.127 - - [17/May/2023:09:51:41 +0800] "GET /xingrg/all/function/internal_message.html?_=1684288347728&CODE_STATE=getMsg HTTP/1.1" 200 27
116.232.195.127 - - [17/May/2023:09:51:41 +0800] "GET /xingrg/check_reg.html?_=1684288347733 HTTP/1.1" 200 22
180.156.206.150 - - [17/May/2023:09:51:42 +0800] "GET /xingrg/kc/buy/cgsh_order_operate.html?command=get_materiel&rest_code=00102&code=00101009001&supplier_code=00100022&order_time=2023-05-17 HTTP/1.1" 200 416
124.79.240.114 - - [17/May/2023:09:51:43 +0800] "GET /xingrg/all/function/internal_message.html?_=1684288581120&CODE_STATE=getMsg HTTP/1.1" 200 27
114.83.219.197 - - [17/May/2023:09:51:50 +0800] "GET /xingrg/all/function/internal_message.html?_=1684288406656&CODE_STATE=getMsg HTTP/1.1" 200 27
116.224.158.100 - - [17/May/2023:09:51:54 +0800] "GET /xingrg/all/function/internal_message.html?_=1684288149325&CODE_STATE=getMsg HTTP/1.1" 200 27
180.156.206.150 - - [17/May/2023:09:51:56 +0800] "GET /xingrg/kc/buy/cgsh_order_operate.html?command=get_materiel&rest_code=00102&code=00101009124&supplier_code=00100022&order_time=2023-05-17 HTTP/1.1" 200 416
114.83.216.225 - - [17/May/2023:09:51:59 +0800] "GET /xingrg/all/function/internal_message.html?_=1684288317101&CODE_STATE=getMsg HTTP/1.1" 200 27
114.83.216.225 - - [17/May/2023:09:51:59 +0800] "GET /xingrg/check_reg.html?_=1684288317562 HTTP/1.1" 200 22
180.156.206.150 - - [17/May/2023:09:52:04 +0800] "GET /xingrg/kc/buy/cgsh_order_operate.html?command=get_materiel&rest_code=00102&code=00101009011&supplier_code=00100022&order_time=2023-05-17 HTTP/1.1" 200 416
120.253.135.82 - - [17/May/2023:09:52:05 +0800] "GET /xingrg/all/function/internal_message.html?_=1684288163144&CODE_STATE=getMsg HTTP/1.1" 200 27
180.156.206.150 - - [17/May/2023:09:52:14 +0800] "POST /xingrg/kc/buy/cgsh_order_operate.html HTTP/1.1" 200 37
101.229.22.40 - - [17/May/2023:09:52:15 +0800] "GET /xingrg/all/function/internal_message.html?_=1684288335725&CODE_STATE=getMsg HTTP/1.1" 200 27
180.156.206.150 - - [17/May/2023:09:52:21 +0800] "GET /xingrg/all/function/internal_message.html?_=1684288341778&CODE_STATE=getMsg HTTP/1.1" 200 27
180.156.206.150 - - [17/May/2023:09:52:21 +0800] "GET /xingrg/check_reg.html?_=1684288341808 HTTP/1.1" 200 22
180.156.206.150 - - [17/May/2023:09:52:21 +0800] "POST /xingrg/kc/buy/cgsh_order_operate.html HTTP/1.1" 200 12
180.164.3.199 - - [17/May/2023:09:52:22 +0800] "GET /favicon.ico HTTP/1.1" 404 -
180.164.3.199 - - [17/May/2023:09:52:23 +0800] "GET /xingrg/login.html HTTP/1.1" 200 7641
180.164.3.199 - - [17/May/2023:09:52:23 +0800] "GET /xingrg/images/blue/jxLogo.png HTTP/1.1" 200 6156
180.164.3.199 - - [17/May/2023:09:52:23 +0800] "GET /xingrg/images/blue/login_bg.png HTTP/1.1" 200 22101
180.164.3.199 - - [17/May/2023:09:52:23 +0800] "GET /xingrg/images/blue/srbg.png HTTP/1.1" 200 138
180.164.3.199 - - [17/May/2023:09:52:23 +0800] "GET /xingrg/images/blue/hj.png HTTP/1.1" 200 1014
180.164.3.199 - - [17/May/2023:09:52:23 +0800] "GET /favicon.ico HTTP/1.1" 404 -
180.156.206.150 - - [17/May/2023:09:52:23 +0800] "GET /xingrg/kc/buy/cgsh_order_info.html?code=212023051706197 HTTP/1.1" 200 66346
180.156.206.150 - - [17/May/2023:09:52:24 +0800] "GET /xingrg/javascript/easyui/themes/default/validatebox.css HTTP/1.1" 404 1104
180.156.206.150 - - [17/May/2023:09:52:25 +0800] "POST /xingrg/kc/buy/cgsh_order_operate.html HTTP/1.1" 200 3586
180.156.206.150 - - [17/May/2023:09:52:26 +0800] "GET /xingrg/javascript/jquery_easy_ui/themes/default/images/tabs_active.png HTTP/1.1" 200 2894
180.156.206.150 - - [17/May/2023:09:52:26 +0800] "GET /xingrg/kc/print/load_data.html?order_code=212023051706197&kc_code=cgsh&condition= HTTP/1.1" 200 1861
180.169.147.146 - - [17/May/2023:09:52:31 +0800] "GET /xingrg/all/function/internal_message.html?_=1684288350904&CODE_STATE=getMsg HTTP/1.1" 200 27
180.156.206.150 - - [17/May/2023:09:52:31 +0800] "GET /xingrg/kc/buy/cgsh_order_add.html HTTP/1.1" 200 71441
180.156.206.150 - - [17/May/2023:09:52:31 +0800] "POST /xingrg/kc/buy/cgsh_order_operate.html HTTP/1.1" 200 8245
180.156.206.150 - - [17/May/2023:09:52:31 +0800] "GET /xingrg/javascript/easyui/themes/default/validatebox.css HTTP/1.1" 404 1104
180.156.206.150 - - [17/May/2023:09:52:32 +0800] "GET /xingrg/javascript/easyui/themes/default/tree.css HTTP/1.1" 404 1090
180.156.206.150 - - [17/May/2023:09:52:33 +0800] "POST /xingrg/all/common/load_tree.html?tree=supplier_tree_json&isDelete=1 HTTP/1.1" 200 74085
180.164.3.199 - - [17/May/2023:09:52:33 +0800] "POST /xingrg/login.do HTTP/1.1" 302 -
180.164.3.199 - - [17/May/2023:09:52:34 +0800] "GET /xingrg/index.html?sysBaseUrl=http%3A%2F%2F180.169.147.146%3A18081%2Fxingrg%2F&costTime=1207×tamp=1684288353951 HTTP/1.1" 200 17183
180.164.3.199 - - [17/May/2023:09:52:34 +0800] "GET /xingrg/javascript/jquery_easy_ui/themes/icon.css HTTP/1.1" 200 3949
180.164.3.199 - - [17/May/2023:09:52:34 +0800] "GET /xingrg/javascript/jquery_easy_ui/themes/default/easyui.css HTTP/1.1" 200 26500
180.164.3.199 - - [17/May/2023:09:52:34 +0800] "GET /xingrg/css/form.css HTTP/1.1" 200 893
180.164.3.199 - - [17/May/2023:09:52:34 +0800] "GET /xingrg/javascript/jquery.form.js HTTP/1.1" 200 23110
180.164.3.199 - - [17/May/2023:09:52:34 +0800] "GET /xingrg/javascript/jquery.utils.js HTTP/1.1" 200 11805
180.164.3.199 - - [17/May/2023:09:52:34 +0800] "GET /xingrg/javascript/jquery_easy_ui/jquery.easyui.min.js HTTP/1.1" 200 213662
180.164.3.199 - - [17/May/2023:09:52:34 +0800] "GET /xingrg/javascript/jquery.timers.js HTTP/1.1" 200 3532
180.164.3.199 - - [17/May/2023:09:52:34 +0800] "GET /xingrg/javascript/jquery-1.4.2.min.js HTTP/1.1" 200 72205
180.164.3.199 - - [17/May/2023:09:52:34 +0800] "GET /xingrg/javascript/jquery_easy_ui/easyui-lang-zh_CN.js HTTP/1.1" 200 1900
180.164.3.199 - - [17/May/2023:09:52:34 +0800] "GET /favicon.ico HTTP/1.1" 404 -
180.164.3.199 - - [17/May/2023:09:52:34 +0800] "GET /xingrg/javascript/jquery_easy_ui/themes/icons/settle_new.png HTTP/1.1" 200 826
180.164.3.199 - - [17/May/2023:09:52:34 +0800] "GET /xingrg/images/blue/navBackgound.jpg HTTP/1.1" 200 12378
180.164.3.199 - - [17/May/2023:09:52:34 +0800] "GET /xingrg/images/blue/pingpu.png HTTP/1.1" 200 231
180.164.3.199 - - [17/May/2023:09:52:34 +0800] "GET /xingrg/all/function/internal_message.html?_=1684288353295&CODE_STATE=count HTTP/1.1" 200 11
180.164.3.199 - - [17/May/2023:09:52:34 +0800] "GET /xingrg/javascript/jquery_easy_ui/themes/default/images/tabs_leftarrow.png HTTP/1.1" 200 389
180.164.3.199 - - [17/May/2023:09:52:34 +0800] "GET /xingrg/check_reg.html?_=1684288353296 HTTP/1.1" 200 22
180.164.3.199 - - [17/May/2023:09:52:34 +0800] "GET /xingrg/javascript/jquery_easy_ui/themes/default/images/tabs_rightarrow.png HTTP/1.1" 200 395
180.164.3.199 - - [17/May/2023:09:52:34 +0800] "GET /xingrg/javascript/jquery_easy_ui/themes/default/images/panel_tool_collapse.gif HTTP/1.1" 200 246
180.164.3.199 - - [17/May/2023:09:52:34 +0800] "POST /xingrg/all/common/load_tree.html?tree=area_rest_tree_json&manage=1 HTTP/1.1" 200 357
180.164.3.199 - - [17/May/2023:09:52:34 +0800] "POST /xingrg/load_menu.html HTTP/1.1" 200 5138
180.164.3.199 - - [17/May/2023:09:52:34 +0800] "GET /xingrg/javascript/jquery_easy_ui/themes/default/images/tree_arrows.gif HTTP/1.1" 200 1043
180.164.3.199 - - [17/May/2023:09:52:34 +0800] "GET /xingrg/javascript/jquery_easy_ui/themes/default/images/tree_folder_open.gif HTTP/1.1" 200 956
180.164.3.199 - - [17/May/2023:09:52:34 +0800] "GET /xingrg/javascript/jquery_easy_ui/themes/icons/search_new.png HTTP/1.1" 200 586
180.164.3.199 - - [17/May/2023:09:52:34 +0800] "GET /xingrg/javascript/jquery_easy_ui/themes/default/images/tree_folder.gif HTTP/1.1" 200 952
180.164.3.199 - - [17/May/2023:09:52:34 +0800] "GET /xingrg/javascript/jquery_easy_ui/themes/icons/storage_new.png HTTP/1.1" 200 853
180.164.3.199 - - [17/May/2023:09:52:34 +0800] "GET /xingrg/javascript/jquery_easy_ui/themes/icons/forms_new.png HTTP/1.1" 200 350
180.164.3.199 - - [17/May/2023:09:52:34 +0800] "GET /xingrg/javascript/jquery_easy_ui/themes/default/images/tree_file.gif HTTP/1.1" 200 118
180.164.3.199 - - [17/May/2023:09:52:41 +0800] "GET /xingrg/kc/buy/buy_main.html HTTP/1.1" 200 12412
180.164.3.199 - - [17/May/2023:09:52:41 +0800] "GET /xingrg/javascript/jquery_easy_ui/themes/default/images/tabs_close.gif HTTP/1.1" 200 829
180.164.3.199 - - [17/May/2023:09:52:41 +0800] "GET /xingrg/css/new_ie.css HTTP/1.1" 404 1036
180.164.3.199 - - [17/May/2023:09:52:41 +0800] "GET /xingrg/css/blue.css HTTP/1.1" 200 15949
180.164.3.199 - - [17/May/2023:09:52:41 +0800] "GET /xingrg/javascript/jquery_ui/themes/humanity/humanity.css HTTP/1.1" 200 27801
180.164.3.199 - - [17/May/2023:09:52:41 +0800] "GET /xingrg/javascript/ToolTips.js HTTP/1.1" 200 5615
180.164.3.199 - - [17/May/2023:09:52:41 +0800] "GET /xingrg/javascript/pic_change.js HTTP/1.1" 200 4739
180.164.3.199 - - [17/May/2023:09:52:41 +0800] "GET /xingrg/javascript/myfunction.js HTTP/1.1" 200 24559
180.164.3.199 - - [17/May/2023:09:52:41 +0800] "GET /xingrg/images/blue/button/cgxqd.gif HTTP/1.1" 200 2619
180.164.3.199 - - [17/May/2023:09:52:41 +0800] "GET /xingrg/images/blue/button/cgshd.gif HTTP/1.1" 200 2618
180.164.3.199 - - [17/May/2023:09:52:41 +0800] "GET /xingrg/images/blue/button/cgydd.gif HTTP/1.1" 200 2712
180.164.3.199 - - [17/May/2023:09:52:41 +0800] "GET /xingrg/images/blue/button/cgfkd.gif HTTP/1.1" 200 2075
180.164.3.199 - - [17/May/2023:09:52:41 +0800] "GET /xingrg/javascript/jquery_ui/jquery-ui.min.js HTTP/1.1" 200 186181
180.164.3.199 - - [17/May/2023:09:52:41 +0800] "GET /xingrg/images/blue/button/kc.gif HTTP/1.1" 200 2160
180.164.3.199 - - [17/May/2023:09:52:41 +0800] "GET /xingrg/images/blue/button/ckthd.gif HTTP/1.1" 200 2045
180.164.3.199 - - [17/May/2023:09:52:41 +0800] "GET /xingrg/images/blue/pic_form2.gif HTTP/1.1" 200 1853
180.164.3.199 - - [17/May/2023:09:52:41 +0800] "GET /xingrg/images/blue/bg_dotted.jpg HTTP/1.1" 200 319
180.164.3.199 - - [17/May/2023:09:52:41 +0800] "GET /xingrg/javascript/jquery_ui/themes/humanity/images/ui-bg_inset-soft_100_f4f0ec_1x100.png HTTP/1.1" 200 141
180.164.3.199 - - [17/May/2023:09:52:41 +0800] "GET /xingrg/images/blue/button/right_ah.jpg HTTP/1.1" 200 1744
180.164.3.199 - - [17/May/2023:09:52:41 +0800] "GET /xingrg/images/blue/button/down_ah.jpg HTTP/1.1" 200 1732
180.164.3.199 - - [17/May/2023:09:52:41 +0800] "GET /xingrg/javascript/jquery_ui/themes/humanity/images/ui-iconsnew.jpg HTTP/1.1" 200 337
180.164.3.199 - - [17/May/2023:09:52:41 +0800] "GET /xingrg/javascript/jquery_ui/themes/humanity/images/ui-icons_ffffff_256x240.png HTTP/1.1" 200 4369
180.164.3.199 - - [17/May/2023:09:52:41 +0800] "GET /xingrg/javascript/jquery_ui/themes/humanity/images/ui-icons_c47a23_256x240.png HTTP/1.1" 200 5355
180.164.3.199 - - [17/May/2023:09:52:41 +0800] "GET /xingrg/javascript/jquery_ui/themes/humanity/images/ui-bg_glass_70_ede4d4_1x400.png HTTP/1.1" 200 161
116.232.195.127 - - [17/May/2023:09:52:41 +0800] "GET /xingrg/all/function/internal_message.html?_=1684288407707&CODE_STATE=getMsg HTTP/1.1" 200 27
180.164.3.199 - - [17/May/2023:09:52:43 +0800] "GET /xingrg/images/yd/bt.gif HTTP/1.1" 404 1040
124.79.240.114 - - [17/May/2023:09:52:43 +0800] "GET /xingrg/all/function/internal_message.html?_=1684288641119&CODE_STATE=getMsg HTTP/1.1" 200 27
180.164.3.199 - - [17/May/2023:09:52:45 +0800] "GET /xingrg/kc/buy/cgsh_order_list.html HTTP/1.1" 200 55634
180.164.3.199 - - [17/May/2023:09:52:45 +0800] "GET /xingrg/css/base.css HTTP/1.1" 200 2811
180.164.3.199 - - [17/May/2023:09:52:45 +0800] "GET /xingrg/css/site.css HTTP/1.1" 200 7541
180.164.3.199 - - [17/May/2023:09:52:45 +0800] "GET /xingrg/javascript/jquery_tools/datebox.css HTTP/1.1" 200 2597
180.164.3.199 - - [17/May/2023:09:52:45 +0800] "GET /xingrg/javascript/easyui/themes/default/easyui.css HTTP/1.1" 200 30432
180.164.3.199 - - [17/May/2023:09:52:45 +0800] "GET /xingrg/javascript/easyui/themes/icon.css HTTP/1.1" 200 4483
180.164.3.199 - - [17/May/2023:09:52:45 +0800] "GET /xingrg/javascript/auto/jquery.autocomplete.css HTTP/1.1" 200 587
180.164.3.199 - - [17/May/2023:09:52:45 +0800] "GET /xingrg/javascript/jquery_tools/fix.css HTTP/1.1" 200 1702
180.164.3.199 - - [17/May/2023:09:52:45 +0800] "GET /xingrg/javascript/jquery_tools/jquery.tools.min.js HTTP/1.1" 200 138801
180.164.3.199 - - [17/May/2023:09:52:45 +0800] "GET /xingrg/javascript/jquery_tools/table.css HTTP/1.1" 200 1032
180.164.3.199 - - [17/May/2023:09:52:45 +0800] "GET /xingrg/javascript/jquery_tools/jquery.tools.table.js HTTP/1.1" 200 6994
180.164.3.199 - - [17/May/2023:09:52:45 +0800] "GET /xingrg/javascript/jquery_tools/jquery.tools.hotkey.js HTTP/1.1" 200 3242
180.164.3.199 - - [17/May/2023:09:52:45 +0800] "GET /xingrg/javascript/jquery_tools/jquery.tools.extend.js HTTP/1.1" 200 15385
180.164.3.199 - - [17/May/2023:09:52:45 +0800] "GET /xingrg/javascript/jquery_tools/list_manager.js HTTP/1.1" 200 3652
180.164.3.199 - - [17/May/2023:09:52:45 +0800] "GET /xingrg/javascript/auto/jquery.autocomplete.js HTTP/1.1" 200 21624
180.164.3.199 - - [17/May/2023:09:52:45 +0800] "GET /xingrg/javascript/jquery.cookie.js HTTP/1.1" 200 5513
180.164.3.199 - - [17/May/2023:09:52:45 +0800] "GET /xingrg/javascript/print/LodopFuncs.js HTTP/1.1" 200 5121
180.164.3.199 - - [17/May/2023:09:52:45 +0800] "GET /xingrg/javascript/easyui/easyloader.js HTTP/1.1" 200 5975
180.164.3.199 - - [17/May/2023:09:52:46 +0800] "GET /xingrg/javascript/easyui/themes/icons/cance_new.png HTTP/1.1" 200 3986
180.164.3.199 - - [17/May/2023:09:52:46 +0800] "GET /xingrg/javascript/easyui/themes/icons/check_new.png HTTP/1.1" 200 3224
180.164.3.199 - - [17/May/2023:09:52:46 +0800] "GET /xingrg/javascript/easyui/themes/icons/field_new.png HTTP/1.1" 200 1097
180.164.3.199 - - [17/May/2023:09:52:46 +0800] "GET /xingrg/javascript/easyui/themes/icons/import_new.png HTTP/1.1" 200 1247
180.164.3.199 - - [17/May/2023:09:52:46 +0800] "GET /xingrg/javascript/easyui/themes/icons/edit_add_new.png HTTP/1.1" 200 2997
180.164.3.199 - - [17/May/2023:09:52:46 +0800] "GET /xingrg/javascript/easyui/plugins/jquery.parser.js HTTP/1.1" 200 1142
180.164.3.199 - - [17/May/2023:09:52:46 +0800] "GET /xingrg/images/control/ajaxLoader.gif HTTP/1.1" 200 4659
180.156.206.150 - - [17/May/2023:09:52:46 +0800] "GET /xingrg/kc/buy/cgsh_order_operate.html?command=get_materiel&rest_code=00102&code=00101002027&supplier_code=00100400&order_time=2023-05-17 HTTP/1.1" 200 413
180.164.3.199 - - [17/May/2023:09:52:48 +0800] "POST /xingrg/kc/buy/cgsh_list_operate.html HTTP/1.1" 200 986
114.83.219.197 - - [17/May/2023:09:52:50 +0800] "GET /xingrg/all/function/internal_message.html?_=1684288466668&CODE_STATE=getMsg HTTP/1.1" 200 27
114.83.216.225 - - [17/May/2023:09:52:51 +0800] "POST /xingrg/kc/buy/cgsh_order_operate.html HTTP/1.1" 200 37
116.224.158.100 - - [17/May/2023:09:52:54 +0800] "GET /xingrg/all/function/internal_message.html?_=1684288209310&CODE_STATE=getMsg HTTP/1.1" 200 27
180.156.206.150 - - [17/May/2023:09:52:57 +0800] "GET /xingrg/kc/buy/cgsh_order_operate.html?command=get_materiel&rest_code=00102&code=00101002022&supplier_code=00100400&order_time=2023-05-17 HTTP/1.1" 200 409
114.83.216.225 - - [17/May/2023:09:52:59 +0800] "GET /xingrg/all/function/internal_message.html?_=1684288377078&CODE_STATE=getMsg HTTP/1.1" 200 27
114.83.216.225 - - [17/May/2023:09:53:01 +0800] "POST /xingrg/kc/buy/cgsh_order_operate.html HTTP/1.1" 200 12
180.164.3.199 - - [17/May/2023:09:53:01 +0800] "POST /xingrg/kc/buy/cgsh_list_operate.html HTTP/1.1" 200 986
180.169.147.146 - - [17/May/2023:09:53:04 +0800] "POST /xingrg/dwr/call/plaincall/AjaxReportQueryService.refreshCache.dwr HTTP/1.1" 200 78
120.253.135.82 - - [17/May/2023:09:53:05 +0800] "GET /xingrg/all/function/internal_message.html?_=1684288223147&CODE_STATE=getMsg HTTP/1.1" 200 27
180.156.206.150 - - [17/May/2023:09:53:07 +0800] "GET /xingrg/kc/buy/cgsh_order_operate.html?command=get_materiel&rest_code=00102&code=00101001069&supplier_code=00100400&order_time=2023-05-17 HTTP/1.1" 200 409
180.169.147.146 - - [17/May/2023:09:53:08 +0800] "POST /xingrg/all/report/load_report_page.html HTTP/1.1" 200 400234
180.169.147.146 - - [17/May/2023:09:53:08 +0800] "GET /xingrg/servlets/image?cache=0.795322991401727&image=px HTTP/1.1" 200 807
180.164.3.199 - - [17/May/2023:09:53:12 +0800] "POST /xingrg/kc/buy/cgsh_list_operate.html HTTP/1.1" 200 986
180.164.3.199 - - [17/May/2023:09:53:15 +0800] "GET /xingrg/javascript/easyui/themes/default/images/button_plain_hover.png HTTP/1.1" 200 144
101.229.22.40 - - [17/May/2023:09:53:15 +0800] "GET /xingrg/all/function/internal_message.html?_=1684288395730&CODE_STATE=getMsg HTTP/1.1" 200 27
180.164.3.199 - - [17/May/2023:09:53:16 +0800] "GET /xingrg/kc/buy/cgsh_order_add.html HTTP/1.1" 200 71498
180.164.3.199 - - [17/May/2023:09:53:16 +0800] "GET /xingrg/javascript/convert.js HTTP/1.1" 200 1239
180.164.3.199 - - [17/May/2023:09:53:16 +0800] "GET /xingrg/javascript/jquery_tools/order_manager.js HTTP/1.1" 200 11183
180.164.3.199 - - [17/May/2023:09:53:16 +0800] "GET /xingrg/javascript/json2.js HTTP/1.1" 200 11259
180.164.3.199 - - [17/May/2023:09:53:16 +0800] "GET /xingrg/javascript/print/kc_print.js HTTP/1.1" 200 11415
180.164.3.199 - - [17/May/2023:09:53:16 +0800] "GET /xingrg/words/20230516134409_words.js HTTP/1.1" 200 965194
180.164.3.199 - - [17/May/2023:09:53:16 +0800] "GET /xingrg/javascript/easyui/themes/icons/copy_new.png HTTP/1.1" 200 815
180.164.3.199 - - [17/May/2023:09:53:16 +0800] "GET /xingrg/javascript/easyui/themes/icons/template_new.png HTTP/1.1" 200 3956
180.164.3.199 - - [17/May/2023:09:53:16 +0800] "GET /xingrg/javascript/easyui/themes/icons/ok.png HTTP/1.1" 200 883
180.164.3.199 - - [17/May/2023:09:53:16 +0800] "GET /xingrg/javascript/easyui/themes/icons/print.png HTTP/1.1" 200 1057
180.164.3.199 - - [17/May/2023:09:53:16 +0800] "GET /xingrg/javascript/easyui/themes/default/images/menu_downarrow.png HTTP/1.1" 200 173
180.164.3.199 - - [17/May/2023:09:53:16 +0800] "GET /xingrg/javascript/easyui/themes/icons/cancel.png HTTP/1.1" 200 1133
180.156.206.150 - - [17/May/2023:09:53:16 +0800] "GET /xingrg/kc/buy/cgsh_order_operate.html?command=get_materiel&rest_code=00102&code=00101005037&supplier_code=00100400&order_time=2023-05-17 HTTP/1.1" 200 409
180.164.3.199 - - [17/May/2023:09:53:17 +0800] "POST /xingrg/kc/buy/cgsh_order_operate.html HTTP/1.1" 200 8245
180.164.3.199 - - [17/May/2023:09:53:17 +0800] "GET /xingrg/javascript/easyui/themes/default/validatebox.css HTTP/1.1" 404 1104
180.164.3.199 - - [17/May/2023:09:53:17 +0800] "GET /xingrg/javascript/easyui/plugins/jquery.validatebox.js HTTP/1.1" 200 6103
180.164.3.199 - - [17/May/2023:09:53:17 +0800] "GET /xingrg/all/common/auto_word.html?type=employee&rest_code=00108 HTTP/1.1" 200 101
180.164.3.199 - - [17/May/2023:09:53:17 +0800] "GET /xingrg/javascript/easyui/plugins/jquery.numberbox.js HTTP/1.1" 200 5213
180.164.3.199 - - [17/May/2023:09:53:17 +0800] "GET /xingrg/all/common/auto_word.html?type=employee&rest_code=00108 HTTP/1.1" 200 101
180.164.3.199 - - [17/May/2023:09:53:17 +0800] "GET /xingrg/javascript/easyui/themes/icons/edit_remove.png HTTP/1.1" 200 625
180.164.3.199 - - [17/May/2023:09:53:18 +0800] "GET /xingrg/javascript/auto/indicator.gif HTTP/1.1" 404 1066
180.169.147.146 - - [17/May/2023:09:53:18 +0800] "POST /xingrg/all/report/load_report_page.html HTTP/1.1" 200 327395
180.169.147.146 - - [17/May/2023:09:53:18 +0800] "GET /xingrg/images/blue/button/advance.gif HTTP/1.1" 200 1354
180.169.147.146 - - [17/May/2023:09:53:18 +0800] "GET /xingrg/images/blue/button/advance2.gif HTTP/1.1" 200 1338
180.169.147.146 - - [17/May/2023:09:53:18 +0800] "GET /xingrg/servlets/image?cache=0.7583711619704184&image=px HTTP/1.1" 200 807
114.83.216.225 - - [17/May/2023:09:53:20 +0800] "GET /xingrg/kc/buy/cgsh_order_info.html?code=212023051706198 HTTP/1.1" 200 66403
114.83.216.225 - - [17/May/2023:09:53:20 +0800] "GET /xingrg/javascript/easyui/themes/default/validatebox.css HTTP/1.1" 404 1104
180.164.3.199 - - [17/May/2023:09:53:21 +0800] "GET /xingrg/javascript/jquery_easy_ui/themes/default/images/tabs_active.png HTTP/1.1" 200 2894
114.83.216.225 - - [17/May/2023:09:53:21 +0800] "POST /xingrg/kc/buy/cgsh_order_operate.html HTTP/1.1" 200 1786
180.156.206.150 - - [17/May/2023:09:53:21 +0800] "GET /xingrg/all/function/internal_message.html?_=1684288401759&CODE_STATE=getMsg HTTP/1.1" 200 27
114.83.216.225 - - [17/May/2023:09:53:24 +0800] "GET /xingrg/kc/print/load_data.html?order_code=212023051706198&kc_code=cgsh&condition= HTTP/1.1" 200 1168
180.156.206.150 - - [17/May/2023:09:53:25 +0800] "GET /xingrg/kc/buy/cgsh_order_operate.html?command=get_materiel&rest_code=00102&code=00101010161&supplier_code=00100400&order_time=2023-05-17 HTTP/1.1" 200 409
180.169.147.146 - - [17/May/2023:09:53:29 +0800] "POST /xingrg/all/report/load_report_page.html HTTP/1.1" 200 235715
180.169.147.146 - - [17/May/2023:09:53:29 +0800] "GET /xingrg/servlets/image?cache=0.8705192983297702&image=px HTTP/1.1" 200 807
180.169.147.146 - - [17/May/2023:09:53:31 +0800] "GET /xingrg/all/function/internal_message.html?_=1684288410897&CODE_STATE=getMsg HTTP/1.1" 200 27
180.169.147.146 - - [17/May/2023:09:53:32 +0800] "POST /xingrg/all/report/load_report_page.html HTTP/1.1" 200 327395
180.169.147.146 - - [17/May/2023:09:53:33 +0800] "GET /xingrg/servlets/image?cache=0.6916600239677219&image=px HTTP/1.1" 200 807
180.164.3.199 - - [17/May/2023:09:53:34 +0800] "GET /xingrg/all/function/internal_message.html?_=1684288413305&CODE_STATE=getMsg HTTP/1.1" 200 27
180.169.147.146 - - [17/May/2023:09:53:34 +0800] "POST /xingrg/all/report/load_report_page.html HTTP/1.1" 200 400966
180.169.147.146 - - [17/May/2023:09:53:35 +0800] "GET /xingrg/servlets/image?cache=0.9611604772571911&image=px HTTP/1.1" 200 807
116.235.244.175 - - [17/May/2023:09:53:39 +0800] "POST /xingrg/services/DataTransmitService HTTP/1.1" 200 501
116.235.244.175 - - [17/May/2023:09:53:41 +0800] "POST /xingrg/services/DataTransmitService HTTP/1.1" 200 501
116.232.195.127 - - [17/May/2023:09:53:41 +0800] "GET /xingrg/all/function/internal_message.html?_=1684288467720&CODE_STATE=getMsg HTTP/1.1" 200 27
124.79.240.114 - - [17/May/2023:09:53:43 +0800] "GET /xingrg/all/function/internal_message.html?_=1684288701135&CODE_STATE=getMsg HTTP/1.1" 200 27
124.79.240.114 - - [17/May/2023:09:53:43 +0800] "GET /xingrg/check_reg.html?_=1684288701141 HTTP/1.1" 200 22
180.164.3.199 - - [17/May/2023:09:53:48 +0800] "GET /xingrg/javascript/jquery_tools/images/prev.gif HTTP/1.1" 404 1086
180.164.3.199 - - [17/May/2023:09:53:48 +0800] "GET /xingrg/javascript/jquery_tools/images/next.gif HTTP/1.1" 404 1086
180.169.147.146 - - [17/May/2023:09:53:49 +0800] "GET /xingrg/all/report/report_query.html?isQuery=1&fileName=kc/buy/wlcg_cate_hz_rest.xml&queryString=(CONVERT(char(10)%2Ca.order_time%2C%20120)%3E%3D'2023-05-10')%20and%20(CONVERT(char(10)%2Ca.order_time%2C%20120)%3C%3D'2023-05-14')%20and%20(a.data_area%20in%20('00106'))%20and%20(a.supplier_code%3D'00100071')%20and%20(a.data_area%3D'00106')&queryText=%E3%80%90%E9%87%87%E8%B4%AD%E6%97%A5%E6%9C%9F%3A2023-05-10%20%E8%87%B3%202023-05-14%E3%80%91%20%E5%B9%B6%E4%B8%94%20%20%E3%80%90%E9%97%A8%E5%BA%97%20%3D%20%E6%99%AE%E9%99%80%E6%A6%95%E6%B8%AF%E3%80%91%20%E5%B9%B6%E4%B8%94%20%E3%80%90%E4%BE%9B%E5%BA%94%E5%95%86%3D%E6%B4%97%E6%B4%81%E7%B2%BE%EF%BC%88%E9%83%91%E6%98%A5%E5%AE%8F%EF%BC%89%E3%80%91%E5%B9%B6%E4%B8%94%E3%80%90%E9%97%A8%E5%BA%97%E5%90%8D%E7%A7%B0%20%3D%20%E6%99%AE%E9%99%80%E6%A6%95%E6%B8%AF%E3%80%91&rand=0.5432630064306106 HTTP/1.1" 200 54350
180.169.147.146 - - [17/May/2023:09:53:49 +0800] "GET /xingrg/all/report/report_query.html?isQuery=1&fileName=kc/buy/wlcg_cate_hz_rest.xml&queryString=(CONVERT(char(10)%2Ca.order_time%2C%20120)%3E%3D'2023-05-10')%20and%20(CONVERT(char(10)%2Ca.order_time%2C%20120)%3C%3D'2023-05-14')%20and%20(a.data_area%20in%20('00106'))%20and%20(a.supplier_code%3D'00100071')%20and%20(a.data_area%3D'00106')&queryText=%E3%80%90%E9%87%87%E8%B4%AD%E6%97%A5%E6%9C%9F%3A2023-05-10%20%E8%87%B3%202023-05-14%E3%80%91%20%E5%B9%B6%E4%B8%94%20%20%E3%80%90%E9%97%A8%E5%BA%97%20%3D%20%E6%99%AE%E9%99%80%E6%A6%95%E6%B8%AF%E3%80%91%20%E5%B9%B6%E4%B8%94%20%E3%80%90%E4%BE%9B%E5%BA%94%E5%95%86%3D%E6%B4%97%E6%B4%81%E7%B2%BE%EF%BC%88%E9%83%91%E6%98%A5%E5%AE%8F%EF%BC%89%E3%80%91%E5%B9%B6%E4%B8%94%E3%80%90%E9%97%A8%E5%BA%97%E5%90%8D%E7%A7%B0%20%3D%20%E6%99%AE%E9%99%80%E6%A6%95%E6%B8%AF%E3%80%91&rand=0.5432630064306106 HTTP/1.1" 200 54350
180.169.147.146 - - [17/May/2023:09:53:49 +0800] "GET /xingrg/dwr/interface/AjaxReportQueryService.js HTTP/1.1" 200 13203
180.169.147.146 - - [17/May/2023:09:53:49 +0800] "GET /xingrg/dwr/engine.js HTTP/1.1" 200 43631
114.83.219.197 - - [17/May/2023:09:53:50 +0800] "GET /xingrg/check_reg.html?_=1684288526659 HTTP/1.1" 200 22
114.83.219.197 - - [17/May/2023:09:53:50 +0800] "GET /xingrg/all/function/internal_message.html?_=1684288526661&CODE_STATE=getMsg HTTP/1.1" 200 27
180.169.147.146 - - [17/May/2023:09:53:51 +0800] "POST /xingrg/all/report/load_report_page.html HTTP/1.1" 200 8718
180.169.147.146 - - [17/May/2023:09:53:51 +0800] "GET /xingrg/servlets/image?cache=0.21003413806782945&image=px HTTP/1.1" 200 807
116.224.158.100 - - [17/May/2023:09:53:54 +0800] "GET /xingrg/all/function/internal_message.html?_=1684288269311&CODE_STATE=getMsg HTTP/1.1" 200 27
116.224.158.100 - - [17/May/2023:09:53:54 +0800] "GET /xingrg/check_reg.html?_=1684288269315 HTTP/1.1" 200 22
180.164.3.199 - - [17/May/2023:09:53:59 +0800] "GET /xingrg/kc/buy/cgsh_order_operate.html?command=get_materiel&rest_code=00108&code=00101007049&supplier_code=00100002&order_time=2023-05-17 HTTP/1.1" 200 409
114.83.216.225 - - [17/May/2023:09:53:59 +0800] "GET /xingrg/all/function/internal_message.html?_=1684288437070&CODE_STATE=getMsg HTTP/1.1" 200 27
180.169.147.146 - - [17/May/2023:09:54:03 +0800] "POST /xingrg/all/report/load_report_page.html HTTP/1.1" 200 327395
180.169.147.146 - - [17/May/2023:09:54:03 +0800] "GET /xingrg/servlets/image?cache=0.9428281159529124&image=px HTTP/1.1" 200 807
120.253.135.82 - - [17/May/2023:09:54:06 +0800] "GET /xingrg/all/function/internal_message.html?_=1684288283372&CODE_STATE=getMsg HTTP/1.1" 200 27
180.156.206.150 - - [17/May/2023:09:54:06 +0800] "POST /xingrg/kc/buy/cgsh_order_operate.html HTTP/1.1" 200 37
116.235.244.175 - - [17/May/2023:09:54:07 +0800] "POST /xingrg/services/DataTransmitService HTTP/1.1" 200 501
180.164.3.199 - - [17/May/2023:09:54:10 +0800] "POST /xingrg/kc/buy/cgsh_order_operate.html HTTP/1.1" 200 37
180.164.3.199 - - [17/May/2023:09:54:13 +0800] "POST /xingrg/kc/buy/cgsh_order_operate.html HTTP/1.1" 200 2653
180.169.147.146 - - [17/May/2023:09:54:13 +0800] "POST /xingrg/all/report/load_report_page.html HTTP/1.1" 200 235715
180.169.147.146 - - [17/May/2023:09:54:14 +0800] "GET /xingrg/servlets/image?cache=0.4748019832061038&image=px HTTP/1.1" 200 807
180.164.3.199 - - [17/May/2023:09:54:14 +0800] "GET /xingrg/kc/print/load_config.html?kc_code=cgsh HTTP/1.1" 200 1925
180.164.3.199 - - [17/May/2023:09:54:15 +0800] "GET /xingrg/kc/print/load_data.html?order_code=212023051706200&kc_code=cgsh&condition= HTTP/1.1" 200 751
101.229.22.40 - - [17/May/2023:09:54:15 +0800] "GET /xingrg/all/function/internal_message.html?_=1684288455725&CODE_STATE=getMsg HTTP/1.1" 200 27
180.156.206.150 - - [17/May/2023:09:54:18 +0800] "POST /xingrg/kc/buy/cgsh_order_operate.html HTTP/1.1" 200 12
180.156.206.150 - - [17/May/2023:09:54:21 +0800] "GET /xingrg/kc/buy/cgsh_order_info.html?code=212023051706199 HTTP/1.1" 200 66346
180.156.206.150 - - [17/May/2023:09:54:21 +0800] "GET /xingrg/javascript/easyui/themes/default/validatebox.css HTTP/1.1" 404 1104
180.156.206.150 - - [17/May/2023:09:54:21 +0800] "GET /xingrg/all/function/internal_message.html?_=1684288461741&CODE_STATE=getMsg HTTP/1.1" 200 27
180.156.206.150 - - [17/May/2023:09:54:22 +0800] "POST /xingrg/kc/buy/cgsh_order_operate.html HTTP/1.1" 200 2966
180.156.206.150 - - [17/May/2023:09:54:24 +0800] "GET /xingrg/kc/print/load_data.html?order_code=212023051706199&kc_code=cgsh&condition= HTTP/1.1" 200 1576
180.164.3.199 - - [17/May/2023:09:54:24 +0800] "GET /xingrg/kc/buy/cgsh_order_add.html HTTP/1.1" 200 71498
180.164.3.199 - - [17/May/2023:09:54:25 +0800] "POST /xingrg/kc/buy/cgsh_order_operate.html HTTP/1.1" 200 8245
180.164.3.199 - - [17/May/2023:09:54:25 +0800] "GET /xingrg/javascript/easyui/themes/default/validatebox.css HTTP/1.1" 404 1104
180.169.147.146 - - [17/May/2023:09:54:31 +0800] "GET /xingrg/all/function/internal_message.html?_=1684288470882&CODE_STATE=getMsg HTTP/1.1" 200 27
180.164.3.199 - - [17/May/2023:09:54:34 +0800] "GET /xingrg/all/function/internal_message.html?_=1684288473319&CODE_STATE=getMsg HTTP/1.1" 200 27
116.235.244.175 - - [17/May/2023:09:54:36 +0800] "POST /xingrg/services/DataTransmitService HTTP/1.1" 200 501
116.235.244.175 - - [17/May/2023:09:54:38 +0800] "POST /xingrg/services/DataTransmitService HTTP/1.1" 200 501
116.235.244.175 - - [17/May/2023:09:54:39 +0800] "POST /xingrg/services/DataTransmitService HTTP/1.1" 200 501
120.253.135.82 - - [17/May/2023:09:54:39 +0800] "GET /xingrg/check_reg.html?_=1684288316671 HTTP/1.1" 200 22
116.232.195.127 - - [17/May/2023:09:54:41 +0800] "GET /xingrg/all/function/internal_message.html?_=1684288527718&CODE_STATE=getMsg HTTP/1.1" 200 27
124.79.240.114 - - [17/May/2023:09:54:43 +0800] "GET /xingrg/all/function/internal_message.html?_=1684288761124&CODE_STATE=getMsg HTTP/1.1" 200 27
180.164.3.199 - - [17/May/2023:09:54:44 +0800] "GET /xingrg/kc/buy/cgsh_order_operate.html?command=get_materiel&rest_code=00108&code=00101006055&supplier_code=00100012&order_time=2023-05-17 HTTP/1.1" 200 409
116.235.244.175 - - [17/May/2023:09:54:47 +0800] "POST /xingrg/services/DataTransmitService HTTP/1.1" 200 501
180.156.206.150 - - [17/May/2023:09:54:48 +0800] "POST /xingrg/kc/buy/cgsh_list_operate.html HTTP/1.1" 200 986
116.235.244.175 - - [17/May/2023:09:54:49 +0800] "POST /xingrg/services/DataTransmitService HTTP/1.1" 200 501
116.235.244.175 - - [17/May/2023:09:54:50 +0800] "POST /xingrg/services/DataTransmitService HTTP/1.1" 200 501
114.83.219.197 - - [17/May/2023:09:54:50 +0800] "GET /xingrg/all/function/internal_message.html?_=1684288586648&CODE_STATE=getMsg HTTP/1.1" 200 27
116.235.244.175 - - [17/May/2023:09:54:52 +0800] "POST /xingrg/services/DataTransmitService HTTP/1.1" 200 412
116.224.158.100 - - [17/May/2023:09:54:54 +0800] "GET /xingrg/all/function/internal_message.html?_=1684288329320&CODE_STATE=getMsg HTTP/1.1" 200 27
180.164.3.199 - - [17/May/2023:09:54:56 +0800] "GET /xingrg/kc/buy/cgsh_order_operate.html?command=get_materiel&rest_code=00108&code=00101002027&supplier_code=00100012&order_time=2023-05-17 HTTP/1.1" 200 413
120.253.135.82 - - [17/May/2023:09:54:58 +0800] "GET /xingrg/kc/pszx/mdqp_order_list.html?state=10 HTTP/1.1" 200 10275
120.253.135.82 - - [17/May/2023:09:54:58 +0800] "GET /xingrg/dwr/interface/AjaxReportQueryService.js HTTP/1.1" 200 13203
120.253.135.82 - - [17/May/2023:09:54:58 +0800] "GET /xingrg/dwr/interface/AjaxQqpsService.js HTTP/1.1" 200 16326
120.253.135.82 - - [17/May/2023:09:54:58 +0800] "GET /xingrg/dwr/engine.js HTTP/1.1" 200 43631
114.83.216.225 - - [17/May/2023:09:54:59 +0800] "GET /xingrg/all/function/internal_message.html?_=1684288497047&CODE_STATE=getMsg HTTP/1.1" 200 27
116.238.139.35 - - [17/May/2023:09:55:04 +0800] "GET /xingrg/check_reg.html?_=1684288503077 HTTP/1.1" 302 -
116.238.139.35 - - [17/May/2023:09:55:04 +0800] "GET /xingrg/login.html HTTP/1.1" 200 7641
120.253.135.82 - - [17/May/2023:09:55:06 +0800] "GET /xingrg/all/function/internal_message.html?_=1684288343378&CODE_STATE=getMsg HTTP/1.1" 200 27
114.83.216.225 - - [17/May/2023:09:55:07 +0800] "GET /xingrg/kc/buy/cgsh_order_add.html HTTP/1.1" 200 71494
114.83.216.225 - - [17/May/2023:09:55:07 +0800] "POST /xingrg/kc/buy/cgsh_order_operate.html HTTP/1.1" 200 8245
114.83.216.225 - - [17/May/2023:09:55:07 +0800] "GET /xingrg/javascript/easyui/themes/default/validatebox.css HTTP/1.1" 404 1104
180.164.3.199 - - [17/May/2023:09:55:11 +0800] "GET /xingrg/kc/buy/cgsh_order_operate.html?command=get_materiel&rest_code=00108&code=00101001075&supplier_code=00100012&order_time=2023-05-17 HTTP/1.1" 200 409
101.229.22.40 - - [17/May/2023:09:55:15 +0800] "GET /xingrg/all/function/internal_message.html?_=1684288515726&CODE_STATE=getMsg HTTP/1.1" 200 27
101.229.22.40 - - [17/May/2023:09:55:15 +0800] "GET /xingrg/check_reg.html?_=1684288515728 HTTP/1.1" 200 22
120.253.135.82 - - [17/May/2023:09:55:20 +0800] "GET /xingrg/kc/buy/cgsh_order_list.html HTTP/1.1" 200 55624
180.156.206.150 - - [17/May/2023:09:55:21 +0800] "GET /xingrg/all/function/internal_message.html?_=1684288521740&CODE_STATE=getMsg HTTP/1.1" 200 27
180.164.3.199 - - [17/May/2023:09:55:21 +0800] "GET /xingrg/kc/buy/cgsh_order_operate.html?command=get_materiel&rest_code=00108&code=00101006065&supplier_code=00100012&order_time=2023-05-17 HTTP/1.1" 200 409
120.253.135.82 - - [17/May/2023:09:55:22 +0800] "POST /xingrg/kc/buy/cgsh_list_operate.html HTTP/1.1" 200 986
120.253.135.82 - - [17/May/2023:09:55:24 +0800] "GET /xingrg/kc/buy/cgsh_order_add.html HTTP/1.1" 200 70470
120.253.135.82 - - [17/May/2023:09:55:25 +0800] "POST /xingrg/kc/buy/cgsh_order_operate.html HTTP/1.1" 200 8245
120.253.135.82 - - [17/May/2023:09:55:25 +0800] "GET /xingrg/javascript/easyui/themes/default/validatebox.css HTTP/1.1" 404 1104
180.169.147.146 - - [17/May/2023:09:55:30 +0800] "GET /xingrg/check_reg.html?_=1684288530690 HTTP/1.1" 200 22
180.169.147.146 - - [17/May/2023:09:55:31 +0800] "GET /xingrg/all/function/internal_message.html?_=1684288530856&CODE_STATE=getMsg HTTP/1.1" 200 27
120.253.135.82 - - [17/May/2023:09:55:33 +0800] "POST /xingrg/all/common/load_combo.html?type=employee HTTP/1.1" 200 1664
180.164.3.199 - - [17/May/2023:09:55:34 +0800] "GET /xingrg/all/function/internal_message.html?_=1684288533320&CODE_STATE=getMsg HTTP/1.1" 200 27
124.79.240.114 - - [17/May/2023:09:55:35 +0800] "GET /xingrg/kc/report/report_main.html HTTP/1.1" 200 7340
124.79.240.114 - - [17/May/2023:09:55:38 +0800] "GET /xingrg/all/report/report_query.html?fileName=kc/buy/gys_amount.xml&rh=99999 HTTP/1.1" 200 52006
124.79.240.114 - - [17/May/2023:09:55:38 +0800] "GET /xingrg/dwr/interface/AjaxReportQueryService.js HTTP/1.1" 200 13203
124.79.240.114 - - [17/May/2023:09:55:38 +0800] "GET /xingrg/dwr/engine.js HTTP/1.1" 200 43631
124.79.240.114 - - [17/May/2023:09:55:38 +0800] "POST /xingrg/dwr/call/plaincall/AjaxReportQueryService.getFixDate.dwr HTTP/1.1" 200 111
124.79.240.114 - - [17/May/2023:09:55:39 +0800] "POST /xingrg/dwr/call/plaincall/AjaxReportQueryService.getInitString.dwr HTTP/1.1" 200 1023
124.79.240.114 - - [17/May/2023:09:55:39 +0800] "POST /xingrg/all/common/load_tree.html?tree=materiel_sort_tree_json HTTP/1.1" 200 9500
124.79.240.114 - - [17/May/2023:09:55:39 +0800] "POST /xingrg/all/common/load_tree.html?tree=supplier_tree_json&manage=1 HTTP/1.1" 200 76010
116.232.195.127 - - [17/May/2023:09:55:41 +0800] "GET /xingrg/all/function/internal_message.html?_=1684288587720&CODE_STATE=getMsg HTTP/1.1" 200 27
124.79.240.114 - - [17/May/2023:09:55:43 +0800] "GET /xingrg/all/function/internal_message.html?_=1684288821131&CODE_STATE=getMsg HTTP/1.1" 200 27
114.83.219.197 - - [17/May/2023:09:55:50 +0800] "GET /xingrg/all/function/internal_message.html?_=1684288646658&CODE_STATE=getMsg HTTP/1.1" 200 27
180.164.3.199 - - [17/May/2023:09:55:52 +0800] "POST /xingrg/kc/buy/cgsh_order_operate.html HTTP/1.1" 200 37
120.253.135.82 - - [17/May/2023:09:55:53 +0800] "GET /xingrg/kc/buy/cgsh_order_operate.html?command=get_materiel&rest_code=00101&code=00101016116&supplier_code=00100620&order_time=2023-05-17 HTTP/1.1" 200 411
180.164.3.199 - - [17/May/2023:09:55:54 +0800] "POST /xingrg/kc/buy/cgsh_order_operate.html HTTP/1.1" 200 4425
116.224.158.100 - - [17/May/2023:09:55:54 +0800] "GET /xingrg/all/function/internal_message.html?_=1684288389329&CODE_STATE=getMsg HTTP/1.1" 200 27
180.164.3.199 - - [17/May/2023:09:55:56 +0800] "GET /xingrg/kc/print/load_data.html?order_code=212023051706201&kc_code=cgsh&condition= HTTP/1.1" 200 1444
114.83.216.225 - - [17/May/2023:09:55:59 +0800] "GET /xingrg/all/function/internal_message.html?_=1684288557031&CODE_STATE=getMsg HTTP/1.1" 200 27
120.253.135.82 - - [17/May/2023:09:56:06 +0800] "GET /xingrg/all/function/internal_message.html?_=1684288403392&CODE_STATE=getMsg HTTP/1.1" 200 27
120.253.135.82 - - [17/May/2023:09:56:11 +0800] "POST /xingrg/kc/buy/cgsh_order_operate.html HTTP/1.1" 200 37
120.253.135.82 - - [17/May/2023:09:56:15 +0800] "POST /xingrg/kc/buy/cgsh_order_operate.html HTTP/1.1" 200 2664
101.229.22.40 - - [17/May/2023:09:56:15 +0800] "GET /xingrg/all/function/internal_message.html?_=1684288575721&CODE_STATE=getMsg HTTP/1.1" 200 27
124.79.240.114 - - [17/May/2023:09:56:19 +0800] "POST /xingrg/dwr/call/plaincall/AjaxReportQueryService.refreshCache.dwr HTTP/1.1" 200 78
124.79.240.114 - - [17/May/2023:09:56:21 +0800] "POST /xingrg/all/report/load_report_page.html HTTP/1.1" 200 8944
124.79.240.114 - - [17/May/2023:09:56:21 +0800] "GET /xingrg/servlets/image?cache=0.6994240538505717&image=px HTTP/1.1" 200 807
180.156.206.150 - - [17/May/2023:09:56:21 +0800] "GET /xingrg/all/function/internal_message.html?_=1684288581720&CODE_STATE=getMsg HTTP/1.1" 200 27
180.169.147.146 - - [17/May/2023:09:56:26 +0800] "POST /xingrg/dwr/call/plaincall/AjaxReportQueryService.refreshCache.dwr HTTP/1.1" 200 78
180.169.147.146 - - [17/May/2023:09:56:28 +0800] "POST /xingrg/all/report/load_report_page.html HTTP/1.1" 200 89
180.169.147.146 - - [17/May/2023:09:56:30 +0800] "GET /xingrg/all/function/internal_message.html?_=1684288590837&CODE_STATE=getMsg HTTP/1.1" 200 27
180.164.3.199 - - [17/May/2023:09:56:34 +0800] "GET /xingrg/all/function/internal_message.html?_=1684288593302&CODE_STATE=getMsg HTTP/1.1" 200 27
120.253.135.82 - - [17/May/2023:09:56:37 +0800] "POST /xingrg/kc/buy/cgsh_order_operate.html HTTP/1.1" 200 37
116.232.195.127 - - [17/May/2023:09:56:41 +0800] "GET /xingrg/all/function/internal_message.html?_=1684288647723&CODE_STATE=getMsg HTTP/1.1" 200 27
116.232.195.127 - - [17/May/2023:09:56:41 +0800] "GET /xingrg/check_reg.html?_=1684288647725 HTTP/1.1" 200 22
124.79.240.114 - - [17/May/2023:09:56:43 +0800] "GET /xingrg/all/function/internal_message.html?_=1684288881131&CODE_STATE=getMsg HTTP/1.1" 200 27
180.169.147.146 - - [17/May/2023:09:56:43 +0800] "POST /xingrg/dwr/call/plaincall/AjaxReportQueryService.refreshCache.dwr HTTP/1.1" 200 78
180.169.147.146 - - [17/May/2023:09:56:45 +0800] "POST /xingrg/all/report/load_report_page.html HTTP/1.1" 200 89
120.253.135.82 - - [17/May/2023:09:56:46 +0800] "POST /xingrg/kc/buy/cgsh_order_operate.html HTTP/1.1" 200 2664
114.83.219.197 - - [17/May/2023:09:56:50 +0800] "GET /xingrg/all/function/internal_message.html?_=1684288706656&CODE_STATE=getMsg HTTP/1.1" 200 27
120.253.135.82 - - [17/May/2023:09:56:52 +0800] "GET /xingrg/kc/print/load_data.html?order_code=212023051706202&kc_code=cgsh&condition= HTTP/1.1" 200 661
116.224.158.100 - - [17/May/2023:09:56:54 +0800] "GET /xingrg/all/function/internal_message.html?_=1684288449319&CODE_STATE=getMsg HTTP/1.1" 200 27
114.83.216.225 - - [17/May/2023:09:56:59 +0800] "GET /xingrg/all/function/internal_message.html?_=1684288617004&CODE_STATE=getMsg HTTP/1.1" 200 27
114.83.216.225 - - [17/May/2023:09:56:59 +0800] "GET /xingrg/check_reg.html?_=1684288617570 HTTP/1.1" 200 22
180.169.147.146 - - [17/May/2023:09:57:02 +0800] "POST /xingrg/dwr/call/plaincall/AjaxReportQueryService.refreshCache.dwr HTTP/1.1" 200 78
180.169.147.146 - - [17/May/2023:09:57:04 +0800] "POST /xingrg/all/report/load_report_page.html HTTP/1.1" 200 89
120.253.135.82 - - [17/May/2023:09:57:06 +0800] "GET /xingrg/all/function/internal_message.html?_=1684288463405&CODE_STATE=getMsg HTTP/1.1" 200 27
101.229.22.40 - - [17/May/2023:09:57:15 +0800] "GET /xingrg/all/function/internal_message.html?_=1684288635724&CODE_STATE=getMsg HTTP/1.1" 200 27
