180.157.248.235 - - [17/May/2023:12:57:44 +0800] "GET /xingrg/javascript/jquery_ui/themes/humanity/images/ui-icons_c47a23_256x240.png HTTP/1.1" 200 5355
180.157.248.235 - - [17/May/2023:12:57:45 +0800] "GET /xingrg/images/yd/bt.gif HTTP/1.1" 404 1040
180.157.248.235 - - [17/May/2023:12:57:46 +0800] "GET /xingrg/kc/buy/cgsh_order_list.html HTTP/1.1" 200 55675
180.157.248.235 - - [17/May/2023:12:57:46 +0800] "GET /xingrg/css/base.css HTTP/1.1" 304 -
180.157.248.235 - - [17/May/2023:12:57:46 +0800] "GET /xingrg/css/site.css HTTP/1.1" 304 -
180.157.248.235 - - [17/May/2023:12:57:46 +0800] "GET /xingrg/javascript/jquery_tools/datebox.css HTTP/1.1" 304 -
180.157.248.235 - - [17/May/2023:12:57:46 +0800] "GET /xingrg/javascript/easyui/themes/default/easyui.css HTTP/1.1" 304 -
180.157.248.235 - - [17/May/2023:12:57:46 +0800] "GET /xingrg/javascript/easyui/themes/icon.css HTTP/1.1" 304 -
180.157.248.235 - - [17/May/2023:12:57:46 +0800] "GET /xingrg/javascript/auto/jquery.autocomplete.css HTTP/1.1" 304 -
180.157.248.235 - - [17/May/2023:12:57:46 +0800] "GET /xingrg/javascript/jquery_tools/fix.css HTTP/1.1" 304 -
180.157.248.235 - - [17/May/2023:12:57:46 +0800] "GET /xingrg/javascript/jquery_tools/table.css HTTP/1.1" 304 -
180.157.248.235 - - [17/May/2023:12:57:46 +0800] "GET /xingrg/javascript/jquery_tools/jquery.tools.min.js HTTP/1.1" 304 -
180.157.248.235 - - [17/May/2023:12:57:46 +0800] "GET /xingrg/javascript/jquery_tools/jquery.tools.extend.js HTTP/1.1" 304 -
180.157.248.235 - - [17/May/2023:12:57:46 +0800] "GET /xingrg/javascript/jquery_tools/jquery.tools.hotkey.js HTTP/1.1" 304 -
180.157.248.235 - - [17/May/2023:12:57:46 +0800] "GET /xingrg/javascript/jquery_tools/jquery.tools.table.js HTTP/1.1" 304 -
180.157.248.235 - - [17/May/2023:12:57:46 +0800] "GET /xingrg/javascript/jquery_tools/list_manager.js HTTP/1.1" 304 -
180.157.248.235 - - [17/May/2023:12:57:46 +0800] "GET /xingrg/javascript/auto/jquery.autocomplete.js HTTP/1.1" 304 -
180.157.248.235 - - [17/May/2023:12:57:46 +0800] "GET /xingrg/javascript/easyui/easyloader.js HTTP/1.1" 304 -
180.157.248.235 - - [17/May/2023:12:57:46 +0800] "GET /xingrg/javascript/jquery.cookie.js HTTP/1.1" 304 -
180.157.248.235 - - [17/May/2023:12:57:46 +0800] "GET /xingrg/javascript/print/LodopFuncs.js HTTP/1.1" 304 -
180.157.248.235 - - [17/May/2023:12:57:47 +0800] "GET /xingrg/javascript/easyui/themes/icons/import_new.png HTTP/1.1" 304 -
180.157.248.235 - - [17/May/2023:12:57:47 +0800] "GET /xingrg/javascript/easyui/themes/icons/check_new.png HTTP/1.1" 304 -
180.157.248.235 - - [17/May/2023:12:57:47 +0800] "GET /xingrg/javascript/easyui/themes/icons/field_new.png HTTP/1.1" 304 -
180.157.248.235 - - [17/May/2023:12:57:47 +0800] "GET /xingrg/javascript/easyui/themes/icons/cance_new.png HTTP/1.1" 304 -
180.157.248.235 - - [17/May/2023:12:57:47 +0800] "GET /xingrg/javascript/easyui/themes/icons/edit_add_new.png HTTP/1.1" 304 -
180.157.248.235 - - [17/May/2023:12:57:47 +0800] "GET /xingrg/javascript/easyui/plugins/jquery.parser.js HTTP/1.1" 304 -
180.157.248.235 - - [17/May/2023:12:57:47 +0800] "GET /xingrg/images/control/ajaxLoader.gif HTTP/1.1" 304 -
116.237.74.57 - - [17/May/2023:12:57:48 +0800] "GET /xingrg/all/function/internal_message.html?_=1684299466518&CODE_STATE=getMsg HTTP/1.1" 200 27
114.83.219.197 - - [17/May/2023:12:57:50 +0800] "GET /xingrg/all/function/internal_message.html?_=1684299566665&CODE_STATE=getMsg HTTP/1.1" 200 27
180.157.248.235 - - [17/May/2023:12:57:51 +0800] "POST /xingrg/kc/buy/cgsh_list_operate.html HTTP/1.1" 200 5928
180.157.248.235 - - [17/May/2023:12:57:51 +0800] "GET /xingrg/kc/base/wldb_order_operate.html?command=get_materiel&rest_code=00148&base_code=0010001&code=00101019142 HTTP/1.1" 200 464
180.171.122.0 - - [17/May/2023:12:57:53 +0800] "GET /xingrg/all/function/internal_message.html?_=1684299471973&CODE_STATE=getMsg HTTP/1.1" 200 27
180.171.122.0 - - [17/May/2023:12:57:54 +0800] "GET /xingrg/check_reg.html?_=1684299473316 HTTP/1.1" 200 22
116.224.158.100 - - [17/May/2023:12:57:54 +0800] "GET /xingrg/all/function/internal_message.html?_=1684299309630&CODE_STATE=getMsg HTTP/1.1" 200 27
116.238.139.35 - - [17/May/2023:12:57:57 +0800] "GET /xingrg/all/function/internal_message.html?_=1684299400241&CODE_STATE=getMsg HTTP/1.1" 200 27
120.253.135.82 - - [17/May/2023:12:57:58 +0800] "GET /xingrg/kc/pszx/mdqp_order_list.html?state=10 HTTP/1.1" 200 10275
120.253.135.82 - - [17/May/2023:12:57:58 +0800] "GET /xingrg/dwr/interface/AjaxQqpsService.js HTTP/1.1" 200 16326
120.253.135.82 - - [17/May/2023:12:57:58 +0800] "GET /xingrg/dwr/interface/AjaxReportQueryService.js HTTP/1.1" 200 13203
120.253.135.82 - - [17/May/2023:12:57:58 +0800] "GET /xingrg/dwr/engine.js HTTP/1.1" 200 43631
120.253.135.82 - - [17/May/2023:12:57:59 +0800] "GET /xingrg/all/function/internal_message.html?_=1684299316822&CODE_STATE=getMsg HTTP/1.1" 200 27
120.253.135.82 - - [17/May/2023:12:58:00 +0800] "GET /xingrg/kc/pszx/mdps_order_list.html?orderType=0 HTTP/1.1" 200 21032
120.253.135.82 - - [17/May/2023:12:58:00 +0800] "POST /xingrg/kc/pszx/mdps_list_operate.html HTTP/1.1" 200 5400
120.253.135.82 - - [17/May/2023:12:58:02 +0800] "GET /xingrg/kc/buy/cgsh_order_operate.html?command=get_materiel&rest_code=00101&code=00101020144&supplier_code=00100111&order_time=2023-05-17 HTTP/1.1" 200 428
180.157.248.235 - - [17/May/2023:12:58:04 +0800] "GET /xingrg/kc/base/wldb_order_operate.html?command=get_materiel&rest_code=00148&base_code=0010001&code=00101013166 HTTP/1.1" 200 455
101.229.22.40 - - [17/May/2023:12:58:04 +0800] "POST /xingrg/kc/base/yddb_list_operate.html HTTP/1.1" 200 4384
116.235.244.175 - - [17/May/2023:12:58:05 +0800] "GET /xingrg/all/function/internal_message.html?_=1684299499390&CODE_STATE=getMsg HTTP/1.1" 200 27
180.156.206.150 - - [17/May/2023:12:58:08 +0800] "GET /xingrg/check_reg.html?_=1684299501969 HTTP/1.1" 200 22
180.156.206.150 - - [17/May/2023:12:58:08 +0800] "GET /xingrg/all/function/internal_message.html?_=1684299501967&CODE_STATE=getMsg HTTP/1.1" 200 27
120.253.135.82 - - [17/May/2023:12:58:10 +0800] "GET /xingrg/all/function/internal_message.html?_=1684299629017&CODE_STATE=getMsg HTTP/1.1" 200 27
116.232.195.127 - - [17/May/2023:12:58:17 +0800] "GET /xingrg/all/function/internal_message.html?_=1684299542843&CODE_STATE=getMsg HTTP/1.1" 200 27
120.253.135.82 - - [17/May/2023:12:58:18 +0800] "POST /xingrg/kc/buy/cgsh_order_operate.html HTTP/1.1" 200 37
120.253.135.82 - - [17/May/2023:12:58:20 +0800] "POST /xingrg/kc/buy/cgsh_order_operate.html HTTP/1.1" 200 2673
120.253.135.82 - - [17/May/2023:12:58:23 +0800] "GET /xingrg/kc/buy/cgsh_order_add.html HTTP/1.1" 200 70509
120.253.135.82 - - [17/May/2023:12:58:23 +0800] "POST /xingrg/kc/buy/cgsh_order_operate.html HTTP/1.1" 200 8245
120.253.135.82 - - [17/May/2023:12:58:23 +0800] "GET /xingrg/javascript/easyui/themes/default/validatebox.css HTTP/1.1" 404 1104
120.253.135.82 - - [17/May/2023:12:58:23 +0800] "GET /xingrg/all/common/auto_word.html?type=employee&rest_code=00101 HTTP/1.1" 200 927
120.253.135.82 - - [17/May/2023:12:58:23 +0800] "GET /xingrg/all/common/auto_word.html?type=employee&rest_code=00101 HTTP/1.1" 200 927
114.83.216.225 - - [17/May/2023:12:58:24 +0800] "GET /xingrg/all/function/internal_message.html?_=1684299502756&CODE_STATE=getMsg HTTP/1.1" 200 27
114.85.36.120 - - [17/May/2023:12:58:26 +0800] "GET /xingrg/all/function/internal_message.html?_=1684298337188&CODE_STATE=getMsg HTTP/1.1" 200 27
180.157.248.235 - - [17/May/2023:12:58:26 +0800] "GET /xingrg/kc/base/wldb_order_operate.html?command=get_materiel&rest_code=00148&base_code=0010001&code=00101013093 HTTP/1.1" 200 450
120.253.135.82 - - [17/May/2023:12:58:28 +0800] "POST /xingrg/all/common/load_combo.html?type=employee HTTP/1.1" 200 1664
180.157.248.235 - - [17/May/2023:12:58:32 +0800] "GET /xingrg/kc/base/wldb_order_operate.html?command=get_materiel&rest_code=00148&base_code=0010001&code=00101016044 HTTP/1.1" 200 466
180.157.248.235 - - [17/May/2023:12:58:32 +0800] "GET /xingrg/all/function/internal_message.html?_=1684299514542&CODE_STATE=getMsg HTTP/1.1" 200 27
180.157.248.235 - - [17/May/2023:12:58:33 +0800] "GET /xingrg/all/function/internal_message.html?_=1684299514728&CODE_STATE=getMsg HTTP/1.1" 200 27
180.164.3.199 - - [17/May/2023:12:58:34 +0800] "GET /xingrg/all/function/internal_message.html?_=1684299513317&CODE_STATE=getMsg HTTP/1.1" 200 27
124.79.240.114 - - [17/May/2023:12:58:34 +0800] "GET /xingrg/all/function/internal_message.html?_=1684299508421&CODE_STATE=getMsg HTTP/1.1" 200 27
124.79.74.67 - - [17/May/2023:12:58:36 +0800] "GET /xingrg/all/function/internal_message.html?_=1684299534874&CODE_STATE=getMsg HTTP/1.1" 200 27
101.229.22.40 - - [17/May/2023:12:58:38 +0800] "GET /xingrg/all/function/internal_message.html?_=1684299518653&CODE_STATE=getMsg HTTP/1.1" 200 27
172.20.0.100 - - [17/May/2023:12:58:41 +0800] "GET /xingrg/all/function/internal_message.html?_=1684299528556&CODE_STATE=getMsg HTTP/1.1" 200 27
124.79.240.114 - - [17/May/2023:12:58:43 +0800] "GET /xingrg/all/function/internal_message.html?_=1684299801381&CODE_STATE=getMsg HTTP/1.1" 200 27
124.79.240.114 - - [17/May/2023:12:58:43 +0800] "GET /xingrg/check_reg.html?_=1684299801383 HTTP/1.1" 200 22
120.253.135.82 - - [17/May/2023:12:58:45 +0800] "GET /xingrg/kc/buy/cgsh_order_operate.html?command=get_materiel&rest_code=00101&code=00102002562&supplier_code=00100120&order_time=2023-05-17 HTTP/1.1" 200 459
180.157.248.235 - - [17/May/2023:12:58:45 +0800] "GET /xingrg/kc/base/wldb_order_operate.html?command=get_materiel&rest_code=00148&base_code=0010001&code=00101019258 HTTP/1.1" 200 483
116.238.139.35 - - [17/May/2023:12:58:48 +0800] "GET /xingrg/check_reg.html?_=1684299451136 HTTP/1.1" 200 22
180.163.29.79 - - [17/May/2023:12:58:48 +0800] "GET /xingrg/all/function/internal_message.html?_=1684299466518&CODE_STATE=getMsg HTTP/1.1" 302 -
180.163.29.79 - - [17/May/2023:12:58:48 +0800] "GET /xingrg/login.html HTTP/1.1" 200 7641
116.237.74.57 - - [17/May/2023:12:58:48 +0800] "GET /xingrg/all/function/internal_message.html?_=1684299526489&CODE_STATE=getMsg HTTP/1.1" 200 27
120.253.135.82 - - [17/May/2023:12:58:48 +0800] "POST /xingrg/all/common/load_select.html HTTP/1.1" 200 25
114.83.219.197 - - [17/May/2023:12:58:50 +0800] "GET /xingrg/check_reg.html?_=1684299626667 HTTP/1.1" 200 22
114.83.219.197 - - [17/May/2023:12:58:50 +0800] "GET /xingrg/all/function/internal_message.html?_=1684299626667&CODE_STATE=getMsg HTTP/1.1" 200 27
120.253.135.82 - - [17/May/2023:12:58:53 +0800] "GET /xingrg/kc/buy/cgsh_order_operate.html?command=get_materiel_price&rest_code=00101&code=00102002562&unit_code=00100037&supplier_code=00100120&order_time=2023-05-17 HTTP/1.1" 200 30
180.171.122.0 - - [17/May/2023:12:58:53 +0800] "GET /xingrg/all/function/internal_message.html?_=1684299531958&CODE_STATE=getMsg HTTP/1.1" 200 27
116.224.158.100 - - [17/May/2023:12:58:54 +0800] "GET /xingrg/check_reg.html?_=1684299369629 HTTP/1.1" 200 22
116.224.158.100 - - [17/May/2023:12:58:55 +0800] "GET /xingrg/all/function/internal_message.html?_=1684299369630&CODE_STATE=getMsg HTTP/1.1" 200 27
116.238.139.35 - - [17/May/2023:12:58:57 +0800] "GET /xingrg/all/function/internal_message.html?_=1684299460243&CODE_STATE=getMsg HTTP/1.1" 200 27
120.253.135.82 - - [17/May/2023:12:58:59 +0800] "GET /xingrg/all/function/internal_message.html?_=1684299376891&CODE_STATE=getMsg HTTP/1.1" 200 27
116.235.244.175 - - [17/May/2023:12:59:05 +0800] "GET /xingrg/all/function/internal_message.html?_=1684299559404&CODE_STATE=getMsg HTTP/1.1" 200 27
120.253.135.82 - - [17/May/2023:12:59:08 +0800] "POST /xingrg/kc/buy/cgsh_order_operate.html HTTP/1.1" 200 37
180.156.206.150 - - [17/May/2023:12:59:08 +0800] "GET /xingrg/all/function/internal_message.html?_=1684299561968&CODE_STATE=getMsg HTTP/1.1" 200 27
120.253.135.82 - - [17/May/2023:12:59:10 +0800] "GET /xingrg/all/function/internal_message.html?_=1684299689020&CODE_STATE=getMsg HTTP/1.1" 200 27
120.253.135.82 - - [17/May/2023:12:59:11 +0800] "POST /xingrg/kc/buy/cgsh_order_operate.html HTTP/1.1" 200 2685
180.157.248.235 - - [17/May/2023:12:59:12 +0800] "GET /xingrg/kc/base/wldb_order_operate.html?command=get_materiel&rest_code=00148&base_code=0010001&code=00101019637 HTTP/1.1" 200 449
180.157.248.235 - - [17/May/2023:12:59:16 +0800] "GET /xingrg/kc/base/wldb_order_operate.html?command=get_materiel&rest_code=00148&base_code=0010001&code=00101019133 HTTP/1.1" 200 480
116.232.195.127 - - [17/May/2023:12:59:17 +0800] "GET /xingrg/check_reg.html?_=1684299602834 HTTP/1.1" 200 22
116.232.195.127 - - [17/May/2023:12:59:17 +0800] "GET /xingrg/all/function/internal_message.html?_=1684299602836&CODE_STATE=getMsg HTTP/1.1" 200 27
180.156.206.150 - - [17/May/2023:12:59:21 +0800] "POST /xingrg/kc/buy/cgsh_list_operate.html HTTP/1.1" 200 986
180.157.248.235 - - [17/May/2023:12:59:23 +0800] "GET /xingrg/kc/base/wldb_order_operate.html?command=get_materiel&rest_code=00148&base_code=0010001&code=00101019391 HTTP/1.1" 200 485
120.253.135.82 - - [17/May/2023:12:59:24 +0800] "POST /xingrg/kc/buy/cgsh_order_operate.html HTTP/1.1" 200 37
114.83.216.225 - - [17/May/2023:12:59:24 +0800] "GET /xingrg/check_reg.html?_=1684299562766 HTTP/1.1" 200 22
114.83.216.225 - - [17/May/2023:12:59:24 +0800] "GET /xingrg/all/function/internal_message.html?_=1684299562772&CODE_STATE=getMsg HTTP/1.1" 200 27
114.85.36.120 - - [17/May/2023:12:59:26 +0800] "GET /xingrg/all/function/internal_message.html?_=1684298397175&CODE_STATE=getMsg HTTP/1.1" 200 27
120.253.135.82 - - [17/May/2023:12:59:26 +0800] "POST /xingrg/kc/buy/cgsh_order_operate.html HTTP/1.1" 200 2685
120.253.135.82 - - [17/May/2023:12:59:28 +0800] "GET /xingrg/kc/buy/cgsh_order_add.html HTTP/1.1" 200 70509
120.253.135.82 - - [17/May/2023:12:59:28 +0800] "POST /xingrg/kc/buy/cgsh_order_operate.html HTTP/1.1" 200 8245
120.253.135.82 - - [17/May/2023:12:59:28 +0800] "GET /xingrg/all/common/auto_word.html?type=employee&rest_code=00101 HTTP/1.1" 200 927
120.253.135.82 - - [17/May/2023:12:59:28 +0800] "GET /xingrg/javascript/easyui/themes/default/validatebox.css HTTP/1.1" 404 1104
120.253.135.82 - - [17/May/2023:12:59:29 +0800] "GET /xingrg/all/common/auto_word.html?type=employee&rest_code=00101 HTTP/1.1" 200 927
120.253.135.82 - - [17/May/2023:12:59:29 +0800] "POST /xingrg/all/common/load_combo.html?type=employee HTTP/1.1" 200 1664
180.157.248.235 - - [17/May/2023:12:59:32 +0800] "GET /xingrg/all/function/internal_message.html?_=1684299574535&CODE_STATE=getMsg HTTP/1.1" 200 27
180.157.248.235 - - [17/May/2023:12:59:33 +0800] "GET /xingrg/all/function/internal_message.html?_=1684299574729&CODE_STATE=getMsg HTTP/1.1" 200 27
180.164.3.199 - - [17/May/2023:12:59:34 +0800] "GET /xingrg/all/function/internal_message.html?_=1684299573305&CODE_STATE=getMsg HTTP/1.1" 200 27
124.79.240.114 - - [17/May/2023:12:59:34 +0800] "GET /xingrg/all/function/internal_message.html?_=1684299568431&CODE_STATE=getMsg HTTP/1.1" 200 27
124.79.74.67 - - [17/May/2023:12:59:36 +0800] "GET /xingrg/all/function/internal_message.html?_=1684299594876&CODE_STATE=getMsg HTTP/1.1" 200 27
101.229.22.40 - - [17/May/2023:12:59:38 +0800] "GET /xingrg/all/function/internal_message.html?_=1684299578653&CODE_STATE=getMsg HTTP/1.1" 200 27
172.20.0.100 - - [17/May/2023:12:59:41 +0800] "GET /xingrg/all/function/internal_message.html?_=1684299588562&CODE_STATE=getMsg HTTP/1.1" 200 27
124.79.240.114 - - [17/May/2023:12:59:43 +0800] "GET /xingrg/all/function/internal_message.html?_=1684299861383&CODE_STATE=getMsg HTTP/1.1" 200 27
120.253.135.82 - - [17/May/2023:12:59:44 +0800] "GET /xingrg/kc/buy/cgsh_order_operate.html?command=get_materiel&rest_code=00101&code=00101008710&supplier_code=00100106&order_time=2023-05-17 HTTP/1.1" 200 444
180.157.248.235 - - [17/May/2023:12:59:46 +0800] "POST /xingrg/kc/base/wldb_order_operate.html HTTP/1.1" 200 37
180.157.248.235 - - [17/May/2023:12:59:46 +0800] "POST /xingrg/kc/base/wldb_order_operate.html HTTP/1.1" 200 5212
180.157.248.235 - - [17/May/2023:12:59:47 +0800] "GET /xingrg/kc/base/wldb_order_info.html?code=422023051701332 HTTP/1.1" 200 30398
180.157.248.235 - - [17/May/2023:12:59:47 +0800] "GET /xingrg/javascript/easyui/themes/default/validatebox.css HTTP/1.1" 404 1104
61.151.231.107 - - [17/May/2023:12:59:48 +0800] "GET /xingrg/all/function/internal_message.html?_=1684299526489&CODE_STATE=getMsg HTTP/1.1" 302 -
61.151.231.107 - - [17/May/2023:12:59:48 +0800] "GET /xingrg/login.html HTTP/1.1" 200 7641
180.157.248.235 - - [17/May/2023:12:59:48 +0800] "POST /xingrg/kc/base/wldb_order_operate.html HTTP/1.1" 200 5212
116.237.74.57 - - [17/May/2023:12:59:48 +0800] "GET /xingrg/all/function/internal_message.html?_=1684299586463&CODE_STATE=getMsg HTTP/1.1" 200 27
180.157.248.235 - - [17/May/2023:12:59:50 +0800] "POST /xingrg/kc/buy/cgsh_list_operate.html HTTP/1.1" 200 203
114.83.219.197 - - [17/May/2023:12:59:50 +0800] "GET /xingrg/all/function/internal_message.html?_=1684299686667&CODE_STATE=getMsg HTTP/1.1" 200 27
116.237.74.57 - - [17/May/2023:12:59:51 +0800] "GET /xingrg/kc/buy/cgsh_order_add.html HTTP/1.1" 200 71451
116.237.74.57 - - [17/May/2023:12:59:51 +0800] "GET /xingrg/javascript/easyui/themes/default/validatebox.css HTTP/1.1" 404 1104
116.237.74.57 - - [17/May/2023:12:59:51 +0800] "POST /xingrg/kc/buy/cgsh_order_operate.html HTTP/1.1" 200 8245
180.171.122.0 - - [17/May/2023:12:59:53 +0800] "GET /xingrg/all/function/internal_message.html?_=1684299591943&CODE_STATE=getMsg HTTP/1.1" 200 27
180.157.248.235 - - [17/May/2023:12:59:53 +0800] "GET /xingrg/kc/base/wldb_order_add.html HTTP/1.1" 200 30383
180.157.248.235 - - [17/May/2023:12:59:53 +0800] "GET /xingrg/javascript/easyui/themes/default/images/button_plain_hover.png HTTP/1.1" 304 -
180.157.248.235 - - [17/May/2023:12:59:54 +0800] "POST /xingrg/kc/base/wldb_order_operate.html HTTP/1.1" 200 6806
180.157.248.235 - - [17/May/2023:12:59:54 +0800] "GET /xingrg/javascript/easyui/themes/default/validatebox.css HTTP/1.1" 404 1104
116.224.158.100 - - [17/May/2023:12:59:55 +0800] "GET /xingrg/all/function/internal_message.html?_=1684299429630&CODE_STATE=getMsg HTTP/1.1" 200 27
116.238.139.35 - - [17/May/2023:12:59:57 +0800] "GET /xingrg/all/function/internal_message.html?_=1684299520256&CODE_STATE=getMsg HTTP/1.1" 200 27
116.237.74.57 - - [17/May/2023:12:59:57 +0800] "GET /xingrg/javascript/easyui/themes/default/tree.css HTTP/1.1" 404 1090
116.237.74.57 - - [17/May/2023:12:59:57 +0800] "POST /xingrg/all/common/load_tree.html?tree=supplier_tree_json&isDelete=1 HTTP/1.1" 200 74192
120.253.135.82 - - [17/May/2023:12:59:59 +0800] "GET /xingrg/check_reg.html?_=1684299436707 HTTP/1.1" 200 22
120.253.135.82 - - [17/May/2023:12:59:59 +0800] "GET /xingrg/all/function/internal_message.html?_=1684299436906&CODE_STATE=getMsg HTTP/1.1" 200 27
180.156.206.150 - - [17/May/2023:13:00:03 +0800] "GET /xingrg/kc/buy/cgsh_order_add.html HTTP/1.1" 200 71492
180.156.206.150 - - [17/May/2023:13:00:04 +0800] "POST /xingrg/kc/buy/cgsh_order_operate.html HTTP/1.1" 200 8245
180.156.206.150 - - [17/May/2023:13:00:04 +0800] "GET /xingrg/javascript/easyui/themes/default/validatebox.css HTTP/1.1" 404 1104
180.157.248.235 - - [17/May/2023:13:00:05 +0800] "GET /xingrg/kc/base/wldb_order_operate.html?command=get_materiel&rest_code=00148&base_code=0010001&code=00102012003 HTTP/1.1" 200 442
120.253.135.82 - - [17/May/2023:13:00:05 +0800] "GET /xingrg/kc/buy/cgsh_order_operate.html?command=get_materiel&rest_code=00101&code=00101013116&supplier_code=00100106&order_time=2023-05-17 HTTP/1.1" 200 412
116.235.244.175 - - [17/May/2023:13:00:05 +0800] "GET /xingrg/all/function/internal_message.html?_=1684299619994&CODE_STATE=getMsg HTTP/1.1" 200 27
180.156.206.150 - - [17/May/2023:13:00:08 +0800] "GET /xingrg/javascript/jquery_tools/images/prev.gif HTTP/1.1" 404 1086
180.156.206.150 - - [17/May/2023:13:00:08 +0800] "GET /xingrg/javascript/jquery_tools/images/next.gif HTTP/1.1" 404 1086
180.156.206.150 - - [17/May/2023:13:00:08 +0800] "GET /xingrg/all/function/internal_message.html?_=1684299621985&CODE_STATE=getMsg HTTP/1.1" 200 27
180.157.248.235 - - [17/May/2023:13:00:09 +0800] "POST /xingrg/kc/base/wldb_order_operate.html HTTP/1.1" 200 37
180.157.248.235 - - [17/May/2023:13:00:10 +0800] "POST /xingrg/kc/base/wldb_order_operate.html HTTP/1.1" 200 2185
120.253.135.82 - - [17/May/2023:13:00:10 +0800] "GET /xingrg/all/function/internal_message.html?_=1684299749026&CODE_STATE=getMsg HTTP/1.1" 200 27
180.157.248.235 - - [17/May/2023:13:00:13 +0800] "GET /xingrg/kc/base/wldb_order_info.html?code=422023051701333 HTTP/1.1" 200 30398
180.157.248.235 - - [17/May/2023:13:00:14 +0800] "GET /xingrg/javascript/easyui/themes/default/validatebox.css HTTP/1.1" 404 1104
116.232.195.127 - - [17/May/2023:13:00:17 +0800] "GET /xingrg/all/function/internal_message.html?_=1684299662839&CODE_STATE=getMsg HTTP/1.1" 200 27
120.253.135.82 - - [17/May/2023:13:00:18 +0800] "POST /xingrg/kc/buy/cgsh_order_operate.html HTTP/1.1" 200 37
180.157.248.235 - - [17/May/2023:13:00:19 +0800] "POST /xingrg/kc/base/wldb_order_operate.html HTTP/1.1" 200 2185
180.156.206.150 - - [17/May/2023:13:00:20 +0800] "GET /xingrg/kc/buy/cgsh_order_operate.html?command=get_materiel&rest_code=00102&code=00101008132&supplier_code=00100008&order_time=2023-05-14 HTTP/1.1" 200 408
120.253.135.82 - - [17/May/2023:13:00:20 +0800] "POST /xingrg/kc/buy/cgsh_order_operate.html HTTP/1.1" 200 3271
180.157.248.235 - - [17/May/2023:13:00:22 +0800] "GET /xingrg/kc/base/wldb_order_add.html HTTP/1.1" 200 30383
180.157.248.235 - - [17/May/2023:13:00:23 +0800] "POST /xingrg/kc/base/wldb_order_operate.html HTTP/1.1" 200 6806
180.157.248.235 - - [17/May/2023:13:00:23 +0800] "GET /xingrg/javascript/easyui/themes/default/validatebox.css HTTP/1.1" 404 1104
114.83.216.225 - - [17/May/2023:13:00:24 +0800] "GET /xingrg/all/function/internal_message.html?_=1684299622770&CODE_STATE=getMsg HTTP/1.1" 200 27
114.85.36.120 - - [17/May/2023:13:00:26 +0800] "GET /xingrg/all/function/internal_message.html?_=1684298457151&CODE_STATE=getMsg HTTP/1.1" 200 27
120.253.135.82 - - [17/May/2023:13:00:26 +0800] "GET /xingrg/kc/buy/cgsh_order_add.html HTTP/1.1" 200 70509
120.253.135.82 - - [17/May/2023:13:00:26 +0800] "POST /xingrg/kc/buy/cgsh_order_operate.html HTTP/1.1" 200 8245
120.253.135.82 - - [17/May/2023:13:00:26 +0800] "GET /xingrg/javascript/easyui/themes/default/validatebox.css HTTP/1.1" 404 1104
120.253.135.82 - - [17/May/2023:13:00:27 +0800] "GET /xingrg/all/common/auto_word.html?type=employee&rest_code=00101 HTTP/1.1" 200 927
120.253.135.82 - - [17/May/2023:13:00:27 +0800] "GET /xingrg/all/common/auto_word.html?type=employee&rest_code=00101 HTTP/1.1" 200 927
120.253.135.82 - - [17/May/2023:13:00:27 +0800] "POST /xingrg/all/common/load_combo.html?type=employee HTTP/1.1" 200 1664
116.237.74.57 - - [17/May/2023:13:00:28 +0800] "GET /xingrg/kc/buy/cgsh_order_operate.html?command=get_materiel&rest_code=00106&code=00101001038&supplier_code=00100430&order_time=2023-05-17 HTTP/1.1" 200 423
180.156.206.150 - - [17/May/2023:13:00:31 +0800] "GET /xingrg/kc/buy/cgsh_order_operate.html?command=get_materiel&rest_code=00102&code=00101008257&supplier_code=00100008&order_time=2023-05-14 HTTP/1.1" 200 416
180.157.248.235 - - [17/May/2023:13:00:33 +0800] "GET /xingrg/all/function/internal_message.html?_=1684299634592&CODE_STATE=getMsg HTTP/1.1" 200 27
180.164.3.199 - - [17/May/2023:13:00:34 +0800] "GET /xingrg/all/function/internal_message.html?_=1684299633314&CODE_STATE=getMsg HTTP/1.1" 200 27
124.79.240.114 - - [17/May/2023:13:00:34 +0800] "GET /xingrg/all/function/internal_message.html?_=1684299628419&CODE_STATE=getMsg HTTP/1.1" 200 27
124.79.74.67 - - [17/May/2023:13:00:36 +0800] "GET /xingrg/all/function/internal_message.html?_=1684299654878&CODE_STATE=getMsg HTTP/1.1" 200 27
180.157.248.235 - - [17/May/2023:13:00:37 +0800] "GET /xingrg/kc/base/wldb_order_operate.html?command=get_materiel&rest_code=00148&base_code=0010001&code=00101019425 HTTP/1.1" 200 457
180.157.248.235 - - [17/May/2023:13:00:37 +0800] "GET /xingrg/login.html HTTP/1.1" 200 7641
101.229.22.40 - - [17/May/2023:13:00:38 +0800] "GET /xingrg/check_reg.html?_=1684299638653 HTTP/1.1" 200 22
101.229.22.40 - - [17/May/2023:13:00:38 +0800] "GET /xingrg/all/function/internal_message.html?_=1684299638655&CODE_STATE=getMsg HTTP/1.1" 200 27
180.157.248.235 - - [17/May/2023:13:00:39 +0800] "GET /favicon.ico HTTP/1.1" 404 -
180.156.206.150 - - [17/May/2023:13:00:39 +0800] "GET /xingrg/kc/buy/cgsh_order_operate.html?command=get_materiel&rest_code=00102&code=00101008350&supplier_code=00100008&order_time=2023-05-14 HTTP/1.1" 200 410
172.20.0.100 - - [17/May/2023:13:00:41 +0800] "GET /xingrg/all/function/internal_message.html?_=1684299648560&CODE_STATE=getMsg HTTP/1.1" 200 27
172.20.0.100 - - [17/May/2023:13:00:41 +0800] "GET /xingrg/check_reg.html?_=1684299648561 HTTP/1.1" 200 22
180.157.248.235 - - [17/May/2023:13:00:43 +0800] "POST /xingrg/kc/base/wldb_order_operate.html HTTP/1.1" 200 37
116.237.74.57 - - [17/May/2023:13:00:43 +0800] "GET /xingrg/kc/buy/cgsh_order_operate.html?command=get_materiel&rest_code=00106&code=00101001019&supplier_code=00100430&order_time=2023-05-17 HTTP/1.1" 200 416
124.79.240.114 - - [17/May/2023:13:00:43 +0800] "GET /xingrg/all/function/internal_message.html?_=1684299921382&CODE_STATE=getMsg HTTP/1.1" 200 27
180.157.248.235 - - [17/May/2023:13:00:44 +0800] "POST /xingrg/kc/base/wldb_order_operate.html HTTP/1.1" 200 2695
180.157.248.235 - - [17/May/2023:13:00:45 +0800] "POST /xingrg/login.do HTTP/1.1" 302 -
180.157.248.235 - - [17/May/2023:13:00:45 +0800] "GET /xingrg/index.html?sysBaseUrl=http%3A%2F%2F180.169.147.146%3A18081%2Fxingrg%2F&costTime=1589×tamp=1684299645280 HTTP/1.1" 200 17179
180.157.248.235 - - [17/May/2023:13:00:45 +0800] "GET /xingrg/all/function/internal_message.html?_=1684299646847&CODE_STATE=count HTTP/1.1" 200 11
180.157.248.235 - - [17/May/2023:13:00:45 +0800] "GET /xingrg/check_reg.html?_=1684299646849 HTTP/1.1" 200 22
180.157.248.235 - - [17/May/2023:13:00:45 +0800] "GET /favicon.ico HTTP/1.1" 404 -
180.157.248.235 - - [17/May/2023:13:00:45 +0800] "POST /xingrg/all/common/load_tree.html?tree=area_rest_tree_json&manage=1 HTTP/1.1" 200 476
180.157.248.235 - - [17/May/2023:13:00:46 +0800] "POST /xingrg/load_menu.html HTTP/1.1" 200 5138
180.157.248.235 - - [17/May/2023:13:00:46 +0800] "GET /xingrg/kc/base/wldb_order_info.html?code=422023051701334 HTTP/1.1" 200 30397
180.157.248.235 - - [17/May/2023:13:00:46 +0800] "GET /xingrg/javascript/easyui/themes/default/validatebox.css HTTP/1.1" 404 1104
180.157.248.235 - - [17/May/2023:13:00:47 +0800] "POST /xingrg/kc/base/wldb_order_operate.html HTTP/1.1" 200 2695
180.157.248.235 - - [17/May/2023:13:00:47 +0800] "POST /xingrg/kc/buy/cgsh_list_operate.html HTTP/1.1" 200 2114
180.157.248.235 - - [17/May/2023:13:00:47 +0800] "GET /xingrg/kc/buy/buy_main.html HTTP/1.1" 200 12412
180.157.248.235 - - [17/May/2023:13:00:47 +0800] "GET /xingrg/css/new_ie.css HTTP/1.1" 404 1036
180.163.29.217 - - [17/May/2023:13:00:48 +0800] "GET /xingrg/all/function/internal_message.html?_=1684299586463&CODE_STATE=getMsg HTTP/1.1" 302 -
180.163.29.217 - - [17/May/2023:13:00:48 +0800] "GET /xingrg/login.html HTTP/1.1" 200 7641
116.237.74.57 - - [17/May/2023:13:00:48 +0800] "GET /xingrg/all/function/internal_message.html?_=1684299646447&CODE_STATE=getMsg HTTP/1.1" 200 27
180.157.248.235 - - [17/May/2023:13:00:48 +0800] "GET /xingrg/images/yd/bt.gif HTTP/1.1" 404 1040
120.253.135.82 - - [17/May/2023:13:00:48 +0800] "GET /xingrg/kc/buy/cgsh_order_operate.html?command=get_materiel&rest_code=00101&code=00101013324&supplier_code=00100112&order_time=2023-05-17 HTTP/1.1" 200 396
180.157.248.235 - - [17/May/2023:13:00:49 +0800] "GET /xingrg/kc/buy/cgsh_order_list.html HTTP/1.1" 200 55675
114.83.219.197 - - [17/May/2023:13:00:50 +0800] "GET /xingrg/all/function/internal_message.html?_=1684299746658&CODE_STATE=getMsg HTTP/1.1" 200 27
180.157.248.235 - - [17/May/2023:13:00:52 +0800] "GET /xingrg/kc/base/wldb_order_add.html HTTP/1.1" 200 30383
180.157.248.235 - - [17/May/2023:13:00:53 +0800] "POST /xingrg/kc/base/wldb_order_operate.html HTTP/1.1" 200 6806
180.157.248.235 - - [17/May/2023:13:00:53 +0800] "GET /xingrg/javascript/easyui/themes/default/validatebox.css HTTP/1.1" 404 1104
180.171.122.0 - - [17/May/2023:13:00:53 +0800] "GET /xingrg/all/function/internal_message.html?_=1684299651914&CODE_STATE=getMsg HTTP/1.1" 200 27
180.157.248.235 - - [17/May/2023:13:00:54 +0800] "POST /xingrg/kc/buy/cgsh_list_operate.html HTTP/1.1" 200 5868
116.224.158.100 - - [17/May/2023:13:00:55 +0800] "GET /xingrg/all/function/internal_message.html?_=1684299489629&CODE_STATE=getMsg HTTP/1.1" 200 27
180.157.248.235 - - [17/May/2023:13:00:56 +0800] "GET /xingrg/kc/buy/cgsh_order_add.html HTTP/1.1" 200 71445
180.157.248.235 - - [17/May/2023:13:00:56 +0800] "GET /xingrg/javascript/jquery_tools/order_manager.js HTTP/1.1" 304 -
180.157.248.235 - - [17/May/2023:13:00:56 +0800] "GET /xingrg/javascript/convert.js HTTP/1.1" 304 -
180.157.248.235 - - [17/May/2023:13:00:56 +0800] "GET /xingrg/javascript/json2.js HTTP/1.1" 304 -
180.157.248.235 - - [17/May/2023:13:00:56 +0800] "GET /xingrg/javascript/print/kc_print.js HTTP/1.1" 304 -
180.157.248.235 - - [17/May/2023:13:00:56 +0800] "GET /xingrg/words/20230516134409_words.js HTTP/1.1" 200 965194
180.157.248.235 - - [17/May/2023:13:00:56 +0800] "GET /xingrg/javascript/easyui/themes/icons/copy_new.png HTTP/1.1" 304 -
180.157.248.235 - - [17/May/2023:13:00:56 +0800] "GET /xingrg/javascript/easyui/themes/icons/template_new.png HTTP/1.1" 304 -
180.157.248.235 - - [17/May/2023:13:00:56 +0800] "GET /xingrg/javascript/easyui/themes/icons/ok.png HTTP/1.1" 304 -
180.157.248.235 - - [17/May/2023:13:00:56 +0800] "GET /xingrg/javascript/easyui/themes/icons/print.png HTTP/1.1" 304 -
180.157.248.235 - - [17/May/2023:13:00:56 +0800] "GET /xingrg/javascript/easyui/themes/default/images/menu_downarrow.png HTTP/1.1" 304 -
180.157.248.235 - - [17/May/2023:13:00:56 +0800] "GET /xingrg/javascript/easyui/themes/icons/cancel.png HTTP/1.1" 304 -
180.157.248.235 - - [17/May/2023:13:00:56 +0800] "GET /xingrg/javascript/easyui/themes/default/validatebox.css HTTP/1.1" 404 1104
180.157.248.235 - - [17/May/2023:13:00:57 +0800] "GET /xingrg/javascript/easyui/plugins/jquery.validatebox.js HTTP/1.1" 304 -
180.157.248.235 - - [17/May/2023:13:00:57 +0800] "GET /xingrg/all/common/auto_word.html?type=employee&rest_code=00148 HTTP/1.1" 200 243
180.157.248.235 - - [17/May/2023:13:00:57 +0800] "GET /xingrg/javascript/easyui/plugins/jquery.numberbox.js HTTP/1.1" 304 -
180.157.248.235 - - [17/May/2023:13:00:57 +0800] "POST /xingrg/kc/buy/cgsh_order_operate.html HTTP/1.1" 200 8245
180.157.248.235 - - [17/May/2023:13:00:57 +0800] "GET /xingrg/all/common/auto_word.html?type=employee&rest_code=00148 HTTP/1.1" 200 243
180.157.248.235 - - [17/May/2023:13:00:57 +0800] "GET /xingrg/javascript/easyui/themes/icons/edit_remove.png HTTP/1.1" 304 -
116.238.139.35 - - [17/May/2023:13:00:57 +0800] "GET /xingrg/all/function/internal_message.html?_=1684299580286&CODE_STATE=getMsg HTTP/1.1" 200 27
120.253.135.82 - - [17/May/2023:13:00:59 +0800] "GET /xingrg/all/function/internal_message.html?_=1684299496919&CODE_STATE=getMsg HTTP/1.1" 200 27
180.157.248.235 - - [17/May/2023:13:00:59 +0800] "GET /xingrg/kc/base/wldb_order_operate.html?command=get_materiel&rest_code=00148&base_code=0010002&code=00102004006 HTTP/1.1" 200 442
180.157.248.235 - - [17/May/2023:13:01:00 +0800] "GET /xingrg/javascript/auto/indicator.gif HTTP/1.1" 404 1066
180.157.248.235 - - [17/May/2023:13:01:03 +0800] "GET /xingrg/javascript/jquery_tools/images/prev.gif HTTP/1.1" 404 1086
180.157.248.235 - - [17/May/2023:13:01:03 +0800] "GET /xingrg/javascript/jquery_tools/images/next.gif HTTP/1.1" 404 1086
120.253.135.82 - - [17/May/2023:13:01:04 +0800] "POST /xingrg/kc/buy/cgsh_order_operate.html HTTP/1.1" 200 37
180.157.248.235 - - [17/May/2023:13:01:05 +0800] "GET /xingrg/kc/base/wldb_order_operate.html?command=get_materiel&rest_code=00148&base_code=0010002&code=00102004030 HTTP/1.1" 200 442
116.235.244.175 - - [17/May/2023:13:01:05 +0800] "GET /xingrg/all/function/internal_message.html?_=1684299680009&CODE_STATE=getMsg HTTP/1.1" 200 27
120.253.135.82 - - [17/May/2023:13:01:07 +0800] "POST /xingrg/kc/buy/cgsh_order_operate.html HTTP/1.1" 200 2661
180.156.206.150 - - [17/May/2023:13:01:08 +0800] "GET /xingrg/all/function/internal_message.html?_=1684299681971&CODE_STATE=getMsg HTTP/1.1" 200 27
120.253.135.82 - - [17/May/2023:13:01:10 +0800] "GET /xingrg/all/function/internal_message.html?_=1684299809030&CODE_STATE=getMsg HTTP/1.1" 200 27
180.157.248.235 - - [17/May/2023:13:01:10 +0800] "POST /xingrg/kc/base/wldb_order_operate.html HTTP/1.1" 200 37
114.85.36.120 - - [17/May/2023:13:01:10 +0800] "GET /xingrg/kc/buy/cgsh_order_operate.html?command=get_materiel&rest_code=00143&code=00101029011&supplier_code=00100156&order_time=2023-05-17 HTTP/1.1" 200 460
180.157.248.235 - - [17/May/2023:13:01:11 +0800] "POST /xingrg/kc/base/wldb_order_operate.html HTTP/1.1" 200 2672
120.253.135.82 - - [17/May/2023:13:01:12 +0800] "GET /xingrg/kc/buy/cgsh_order_list.html HTTP/1.1" 200 55669
120.253.135.82 - - [17/May/2023:13:01:12 +0800] "GET /xingrg/kc/buy/cgsh_order_list.html HTTP/1.1" 200 55669
114.85.36.120 - - [17/May/2023:13:01:12 +0800] "POST /xingrg/all/common/load_select.html HTTP/1.1" 200 25
180.157.248.235 - - [17/May/2023:13:01:14 +0800] "GET /xingrg/kc/base/wldb_order_info.html?code=422023051701335 HTTP/1.1" 200 30395
180.157.248.235 - - [17/May/2023:13:01:15 +0800] "GET /xingrg/javascript/easyui/themes/default/validatebox.css HTTP/1.1" 404 1104
180.157.248.235 - - [17/May/2023:13:01:15 +0800] "POST /xingrg/kc/base/wldb_order_operate.html HTTP/1.1" 200 2672
116.232.195.127 - - [17/May/2023:13:01:17 +0800] "GET /xingrg/all/function/internal_message.html?_=1684299722842&CODE_STATE=getMsg HTTP/1.1" 200 27
114.85.36.120 - - [17/May/2023:13:01:17 +0800] "GET /xingrg/kc/buy/cgsh_order_operate.html?command=get_materiel_price&rest_code=00143&code=00101029011&unit_code=00100157&supplier_code=00100156&order_time=2023-05-17 HTTP/1.1" 200 29
120.253.135.82 - - [17/May/2023:13:01:20 +0800] "POST /xingrg/kc/buy/cgsh_list_operate.html HTTP/1.1" 200 3113
180.157.248.235 - - [17/May/2023:13:01:21 +0800] "POST /xingrg/kc/base/wldb_list_operate.html HTTP/1.1" 200 3359
114.83.216.225 - - [17/May/2023:13:01:24 +0800] "GET /xingrg/all/function/internal_message.html?_=1684299682759&CODE_STATE=getMsg HTTP/1.1" 200 27
180.163.29.217 - - [17/May/2023:13:01:25 +0800] "GET /xingrg/kc/buy/cgsh_order_operate.html?command=get_materiel&rest_code=00106&code=00101001038&supplier_code=00100430&order_time=2023-05-17 HTTP/1.1" 302 -
180.163.29.217 - - [17/May/2023:13:01:25 +0800] "GET /xingrg/login.html HTTP/1.1" 200 7641
116.237.74.57 - - [17/May/2023:13:01:25 +0800] "POST /xingrg/kc/buy/cgsh_order_operate.html HTTP/1.1" 200 37
114.85.36.120 - - [17/May/2023:13:01:25 +0800] "GET /xingrg/all/function/internal_message.html?_=1684298517126&CODE_STATE=getMsg HTTP/1.1" 200 27
116.237.74.57 - - [17/May/2023:13:01:30 +0800] "GET /xingrg/check_reg.html?_=1684299688566 HTTP/1.1" 200 22
116.237.74.57 - - [17/May/2023:13:01:32 +0800] "POST /xingrg/kc/buy/cgsh_order_operate.html HTTP/1.1" 200 12
180.157.248.235 - - [17/May/2023:13:01:32 +0800] "GET /xingrg/all/function/internal_message.html?_=1684299694500&CODE_STATE=getMsg HTTP/1.1" 200 27
180.157.248.235 - - [17/May/2023:13:01:33 +0800] "GET /xingrg/check_reg.html?_=1684299694672 HTTP/1.1" 200 22
180.164.3.199 - - [17/May/2023:13:01:34 +0800] "GET /xingrg/all/function/internal_message.html?_=1684299693302&CODE_STATE=getMsg HTTP/1.1" 200 27
116.237.74.57 - - [17/May/2023:13:01:34 +0800] "GET /xingrg/kc/buy/cgsh_order_info.html?code=212023051706397 HTTP/1.1" 200 66354
124.79.240.114 - - [17/May/2023:13:01:34 +0800] "GET /xingrg/all/function/internal_message.html?_=1684299688428&CODE_STATE=getMsg HTTP/1.1" 200 27
114.85.36.120 - - [17/May/2023:13:01:34 +0800] "GET /xingrg/kc/buy/cgsh_order_operate.html?command=get_materiel&rest_code=00143&code=00101029002&supplier_code=00100156&order_time=2023-05-17 HTTP/1.1" 200 450
116.237.74.57 - - [17/May/2023:13:01:35 +0800] "GET /xingrg/javascript/easyui/themes/default/validatebox.css HTTP/1.1" 404 1104
116.237.74.57 - - [17/May/2023:13:01:36 +0800] "POST /xingrg/kc/buy/cgsh_order_operate.html HTTP/1.1" 200 613
114.85.36.120 - - [17/May/2023:13:01:36 +0800] "POST /xingrg/all/common/load_select.html HTTP/1.1" 200 25
124.79.74.67 - - [17/May/2023:13:01:36 +0800] "GET /xingrg/all/function/internal_message.html?_=1684299714881&CODE_STATE=getMsg HTTP/1.1" 200 27
116.237.74.57 - - [17/May/2023:13:01:37 +0800] "GET /xingrg/kc/print/load_data.html?order_code=212023051706397&kc_code=cgsh&condition= HTTP/1.1" 200 699
101.229.22.40 - - [17/May/2023:13:01:38 +0800] "GET /xingrg/all/function/internal_message.html?_=1684299698640&CODE_STATE=getMsg HTTP/1.1" 200 27
114.85.36.120 - - [17/May/2023:13:01:41 +0800] "GET /xingrg/kc/buy/cgsh_order_operate.html?command=get_materiel_price&rest_code=00143&code=00101029002&unit_code=00100157&supplier_code=00100156&order_time=2023-05-17 HTTP/1.1" 200 29
172.20.0.100 - - [17/May/2023:13:01:41 +0800] "GET /xingrg/all/function/internal_message.html?_=1684299708561&CODE_STATE=getMsg HTTP/1.1" 200 27
124.79.240.114 - - [17/May/2023:13:01:43 +0800] "GET /xingrg/all/function/internal_message.html?_=1684299981380&CODE_STATE=getMsg HTTP/1.1" 200 27
116.237.74.57 - - [17/May/2023:13:01:44 +0800] "GET /xingrg/kc/buy/cgsh_order_add.html HTTP/1.1" 200 71451
116.237.74.57 - - [17/May/2023:13:01:45 +0800] "POST /xingrg/kc/buy/cgsh_order_operate.html HTTP/1.1" 200 8245
116.237.74.57 - - [17/May/2023:13:01:45 +0800] "GET /xingrg/javascript/easyui/themes/default/validatebox.css HTTP/1.1" 404 1104
180.157.248.235 - - [17/May/2023:13:01:45 +0800] "GET /xingrg/all/function/internal_message.html?_=1684299706864&CODE_STATE=getMsg HTTP/1.1" 200 27
116.237.74.57 - - [17/May/2023:13:01:46 +0800] "GET /xingrg/javascript/easyui/themes/default/tree.css HTTP/1.1" 404 1090
116.237.74.57 - - [17/May/2023:13:01:47 +0800] "POST /xingrg/all/common/load_tree.html?tree=supplier_tree_json&isDelete=1 HTTP/1.1" 200 74192
116.237.74.57 - - [17/May/2023:13:01:49 +0800] "GET /xingrg/all/function/internal_message.html?_=1684299707556&CODE_STATE=getMsg HTTP/1.1" 200 27
114.83.219.197 - - [17/May/2023:13:01:50 +0800] "GET /xingrg/all/function/internal_message.html?_=1684299806645&CODE_STATE=getMsg HTTP/1.1" 200 27
180.171.122.0 - - [17/May/2023:13:01:53 +0800] "GET /xingrg/all/function/internal_message.html?_=1684299711899&CODE_STATE=getMsg HTTP/1.1" 200 27
116.224.158.100 - - [17/May/2023:13:01:55 +0800] "GET /xingrg/all/function/internal_message.html?_=1684299549628&CODE_STATE=getMsg HTTP/1.1" 200 27
116.238.139.35 - - [17/May/2023:13:01:57 +0800] "GET /xingrg/all/function/internal_message.html?_=1684299640299&CODE_STATE=getMsg HTTP/1.1" 200 27
120.253.135.82 - - [17/May/2023:13:01:59 +0800] "GET /xingrg/all/function/internal_message.html?_=1684299556933&CODE_STATE=getMsg HTTP/1.1" 200 27
114.85.36.120 - - [17/May/2023:13:02:02 +0800] "GET /xingrg/kc/buy/cgsh_order_operate.html?command=get_materiel&rest_code=00143&code=00101029022&supplier_code=00100156&order_time=2023-05-17 HTTP/1.1" 200 472
114.85.36.120 - - [17/May/2023:13:02:03 +0800] "POST /xingrg/all/common/load_select.html HTTP/1.1" 200 25
116.235.244.175 - - [17/May/2023:13:02:06 +0800] "GET /xingrg/all/function/internal_message.html?_=1684299740622&CODE_STATE=getMsg HTTP/1.1" 200 27
180.156.206.150 - - [17/May/2023:13:02:08 +0800] "GET /xingrg/all/function/internal_message.html?_=1684299741967&CODE_STATE=getMsg HTTP/1.1" 200 27
114.85.36.120 - - [17/May/2023:13:02:08 +0800] "GET /xingrg/kc/buy/cgsh_order_operate.html?command=get_materiel_price&rest_code=00143&code=00101029022&unit_code=00100157&supplier_code=00100156&order_time=2023-05-17 HTTP/1.1" 200 29
116.235.244.175 - - [17/May/2023:13:02:08 +0800] "GET /xingrg/check_reg.html?_=1684299742847 HTTP/1.1" 200 22
116.237.74.57 - - [17/May/2023:13:02:10 +0800] "GET /xingrg/kc/buy/cgsh_order_operate.html?command=get_materiel&rest_code=00106&code=00101001023&supplier_code=00100439&order_time=2023-05-17 HTTP/1.1" 200 413
120.253.135.82 - - [17/May/2023:13:02:10 +0800] "GET /xingrg/all/function/internal_message.html?_=1684299869030&CODE_STATE=getMsg HTTP/1.1" 200 27
120.253.135.82 - - [17/May/2023:13:02:10 +0800] "GET /xingrg/check_reg.html?_=1684299869032 HTTP/1.1" 200 22
116.232.195.127 - - [17/May/2023:13:02:17 +0800] "GET /xingrg/all/function/internal_message.html?_=1684299782831&CODE_STATE=getMsg HTTP/1.1" 200 27
116.237.74.57 - - [17/May/2023:13:02:23 +0800] "POST /xingrg/kc/buy/cgsh_order_operate.html HTTP/1.1" 200 37
114.83.216.225 - - [17/May/2023:13:02:24 +0800] "GET /xingrg/all/function/internal_message.html?_=1684299742759&CODE_STATE=getMsg HTTP/1.1" 200 27
114.85.36.120 - - [17/May/2023:13:02:24 +0800] "GET /xingrg/check_reg.html?_=1684298576136 HTTP/1.1" 200 22
114.85.36.120 - - [17/May/2023:13:02:25 +0800] "GET /xingrg/all/function/internal_message.html?_=1684298577103&CODE_STATE=getMsg HTTP/1.1" 200 27
180.163.28.114 - - [17/May/2023:13:02:30 +0800] "GET /xingrg/check_reg.html?_=1684299688566 HTTP/1.1" 302 -
180.163.28.114 - - [17/May/2023:13:02:30 +0800] "GET /xingrg/login.html HTTP/1.1" 200 7641
116.237.74.57 - - [17/May/2023:13:02:32 +0800] "POST /xingrg/kc/buy/cgsh_order_operate.html HTTP/1.1" 200 12
120.253.135.82 - - [17/May/2023:13:02:32 +0800] "GET /xingrg/kc/buy/cgsh_order_add.html HTTP/1.1" 200 70509
180.157.248.235 - - [17/May/2023:13:02:32 +0800] "GET /xingrg/all/function/internal_message.html?_=1684299754487&CODE_STATE=getMsg HTTP/1.1" 200 27
120.253.135.82 - - [17/May/2023:13:02:33 +0800] "POST /xingrg/kc/buy/cgsh_order_operate.html HTTP/1.1" 200 8245
180.163.29.219 - - [17/May/2023:13:02:33 +0800] "GET /xingrg/kc/buy/cgsh_order_info.html?code=212023051706397 HTTP/1.1" 302 -
180.163.29.219 - - [17/May/2023:13:02:33 +0800] "GET /xingrg/login.html HTTP/1.1" 200 7641
180.164.3.199 - - [17/May/2023:13:02:34 +0800] "GET /xingrg/all/function/internal_message.html?_=1684299753319&CODE_STATE=getMsg HTTP/1.1" 200 27
180.164.3.199 - - [17/May/2023:13:02:34 +0800] "GET /xingrg/check_reg.html?_=1684299753320 HTTP/1.1" 200 22
124.79.240.114 - - [17/May/2023:13:02:34 +0800] "GET /xingrg/all/function/internal_message.html?_=1684299748436&CODE_STATE=getMsg HTTP/1.1" 200 27
124.79.240.114 - - [17/May/2023:13:02:35 +0800] "GET /xingrg/check_reg.html?_=1684299748437 HTTP/1.1" 200 22
120.253.135.82 - - [17/May/2023:13:02:36 +0800] "GET /xingrg/javascript/easyui/themes/default/validatebox.css HTTP/1.1" 404 1104
120.253.135.82 - - [17/May/2023:13:02:36 +0800] "GET /xingrg/all/common/auto_word.html?type=employee&rest_code=00101 HTTP/1.1" 200 927
120.253.135.82 - - [17/May/2023:13:02:36 +0800] "GET /xingrg/all/common/auto_word.html?type=employee&rest_code=00101 HTTP/1.1" 200 927
114.85.36.120 - - [17/May/2023:13:02:36 +0800] "GET /xingrg/kc/buy/cgsh_order_operate.html?command=get_materiel&rest_code=00143&code=00101029023&supplier_code=00100156&order_time=2023-05-17 HTTP/1.1" 200 456
124.79.74.67 - - [17/May/2023:13:02:36 +0800] "GET /xingrg/all/function/internal_message.html?_=1684299774883&CODE_STATE=getMsg HTTP/1.1" 200 27
124.79.74.67 - - [17/May/2023:13:02:36 +0800] "GET /xingrg/check_reg.html?_=1684299774883 HTTP/1.1" 200 22
116.237.74.57 - - [17/May/2023:13:02:37 +0800] "GET /xingrg/kc/buy/cgsh_order_info.html?code=212023051706398 HTTP/1.1" 200 66366
116.237.74.57 - - [17/May/2023:13:02:37 +0800] "GET /xingrg/javascript/easyui/themes/default/validatebox.css HTTP/1.1" 404 1104
114.85.36.120 - - [17/May/2023:13:02:38 +0800] "POST /xingrg/all/common/load_select.html HTTP/1.1" 200 25
116.237.74.57 - - [17/May/2023:13:02:38 +0800] "POST /xingrg/kc/buy/cgsh_order_operate.html HTTP/1.1" 200 610
101.229.22.40 - - [17/May/2023:13:02:38 +0800] "GET /xingrg/all/function/internal_message.html?_=1684299758640&CODE_STATE=getMsg HTTP/1.1" 200 27
120.253.135.82 - - [17/May/2023:13:02:39 +0800] "POST /xingrg/all/common/load_combo.html?type=employee HTTP/1.1" 200 1664
116.237.74.57 - - [17/May/2023:13:02:40 +0800] "GET /xingrg/kc/print/load_data.html?order_code=212023051706398&kc_code=cgsh&condition= HTTP/1.1" 200 729
172.20.0.100 - - [17/May/2023:13:02:41 +0800] "GET /xingrg/all/function/internal_message.html?_=1684299768560&CODE_STATE=getMsg HTTP/1.1" 200 27
114.85.36.120 - - [17/May/2023:13:02:43 +0800] "GET /xingrg/kc/buy/cgsh_order_operate.html?command=get_materiel_price&rest_code=00143&code=00101029023&unit_code=00100179&supplier_code=00100156&order_time=2023-05-17 HTTP/1.1" 200 29
124.79.240.114 - - [17/May/2023:13:02:43 +0800] "GET /xingrg/all/function/internal_message.html?_=1684300041379&CODE_STATE=getMsg HTTP/1.1" 200 27
180.157.248.235 - - [17/May/2023:13:02:45 +0800] "GET /xingrg/all/function/internal_message.html?_=1684299766861&CODE_STATE=getMsg HTTP/1.1" 200 27
180.163.28.68 - - [17/May/2023:13:02:49 +0800] "GET /xingrg/all/function/internal_message.html?_=1684299707556&CODE_STATE=getMsg HTTP/1.1" 302 -
180.163.28.68 - - [17/May/2023:13:02:49 +0800] "GET /xingrg/login.html HTTP/1.1" 200 7641
116.237.74.57 - - [17/May/2023:13:02:49 +0800] "GET /xingrg/all/function/internal_message.html?_=1684299767533&CODE_STATE=getMsg HTTP/1.1" 200 27
114.83.219.197 - - [17/May/2023:13:02:50 +0800] "GET /xingrg/all/function/internal_message.html?_=1684299866651&CODE_STATE=getMsg HTTP/1.1" 200 27
180.156.206.150 - - [17/May/2023:13:02:52 +0800] "GET /xingrg/kc/buy/cgsh_order_operate.html?command=get_materiel&rest_code=00102&code=00101008036&supplier_code=00100008&order_time=2023-05-14 HTTP/1.1" 200 408
180.171.122.0 - - [17/May/2023:13:02:53 +0800] "GET /xingrg/all/function/internal_message.html?_=1684299771884&CODE_STATE=getMsg HTTP/1.1" 200 27
180.171.122.0 - - [17/May/2023:13:02:54 +0800] "GET /xingrg/check_reg.html?_=1684299773290 HTTP/1.1" 200 22
116.224.158.100 - - [17/May/2023:13:02:55 +0800] "GET /xingrg/all/function/internal_message.html?_=1684299609629&CODE_STATE=getMsg HTTP/1.1" 200 27
116.238.139.35 - - [17/May/2023:13:02:57 +0800] "GET /xingrg/all/function/internal_message.html?_=1684299700342&CODE_STATE=getMsg HTTP/1.1" 200 27
120.253.135.82 - - [17/May/2023:13:02:58 +0800] "GET /xingrg/kc/buy/cgsh_order_operate.html?command=get_materiel&rest_code=00101&code=00101019421&supplier_code=00100115&order_time=2023-05-17 HTTP/1.1" 200 409
120.253.135.82 - - [17/May/2023:13:02:59 +0800] "GET /xingrg/all/function/internal_message.html?_=1684299617031&CODE_STATE=getMsg HTTP/1.1" 200 27
180.156.206.150 - - [17/May/2023:13:03:00 +0800] "GET /xingrg/kc/buy/cgsh_order_operate.html?command=get_materiel&rest_code=00102&code=00101008185&supplier_code=00100008&order_time=2023-05-14 HTTP/1.1" 200 408
114.85.36.120 - - [17/May/2023:13:03:06 +0800] "GET /xingrg/kc/buy/cgsh_order_operate.html?command=get_materiel&rest_code=00143&code=00101029003&supplier_code=00100156&order_time=2023-05-17 HTTP/1.1" 200 454
116.235.244.175 - - [17/May/2023:13:03:06 +0800] "GET /xingrg/all/function/internal_message.html?_=1684299800629&CODE_STATE=getMsg HTTP/1.1" 200 27
180.163.29.103 - - [17/May/2023:13:03:07 +0800] "GET /xingrg/kc/buy/cgsh_order_operate.html?command=get_materiel&rest_code=00106&code=00101001023&supplier_code=00100439&order_time=2023-05-17 HTTP/1.1" 302 -
180.163.29.103 - - [17/May/2023:13:03:07 +0800] "GET /xingrg/login.html HTTP/1.1" 200 7641
180.156.206.150 - - [17/May/2023:13:03:07 +0800] "GET /xingrg/kc/buy/cgsh_order_operate.html?command=get_materiel&rest_code=00102&code=00101008354&supplier_code=00100008&order_time=2023-05-14 HTTP/1.1" 200 412
114.85.36.120 - - [17/May/2023:13:03:08 +0800] "POST /xingrg/all/common/load_select.html HTTP/1.1" 200 25
180.156.206.150 - - [17/May/2023:13:03:08 +0800] "GET /xingrg/all/function/internal_message.html?_=1684299801962&CODE_STATE=getMsg HTTP/1.1" 200 27
180.156.206.150 - - [17/May/2023:13:03:08 +0800] "GET /xingrg/check_reg.html?_=1684299801964 HTTP/1.1" 200 22
120.253.135.82 - - [17/May/2023:13:03:10 +0800] "GET /xingrg/all/function/internal_message.html?_=1684299929038&CODE_STATE=getMsg HTTP/1.1" 200 27
114.85.36.120 - - [17/May/2023:13:03:13 +0800] "GET /xingrg/kc/buy/cgsh_order_operate.html?command=get_materiel_price&rest_code=00143&code=00101029003&unit_code=00100179&supplier_code=00100156&order_time=2023-05-17 HTTP/1.1" 200 29
180.156.206.150 - - [17/May/2023:13:03:14 +0800] "GET /xingrg/kc/buy/cgsh_order_operate.html?command=get_materiel&rest_code=00102&code=00101008283&supplier_code=00100008&order_time=2023-05-14 HTTP/1.1" 200 408
116.232.195.127 - - [17/May/2023:13:03:17 +0800] "GET /xingrg/all/function/internal_message.html?_=1684299842846&CODE_STATE=getMsg HTTP/1.1" 200 27
120.253.135.82 - - [17/May/2023:13:03:18 +0800] "GET /xingrg/kc/buy/cgsh_order_operate.html?command=get_materiel&rest_code=00101&code=00101010059&supplier_code=00100115&order_time=2023-05-17 HTTP/1.1" 200 414
180.156.206.150 - - [17/May/2023:13:03:21 +0800] "GET /xingrg/kc/buy/cgsh_order_operate.html?command=get_materiel&rest_code=00102&code=00101008163&supplier_code=00100008&order_time=2023-05-14 HTTP/1.1" 200 409
114.83.216.225 - - [17/May/2023:13:03:24 +0800] "GET /xingrg/all/function/internal_message.html?_=1684299802762&CODE_STATE=getMsg HTTP/1.1" 200 27
114.85.36.120 - - [17/May/2023:13:03:25 +0800] "GET /xingrg/all/function/internal_message.html?_=1684298637079&CODE_STATE=getMsg HTTP/1.1" 200 27
180.156.206.150 - - [17/May/2023:13:03:27 +0800] "GET /xingrg/kc/buy/cgsh_order_operate.html?command=get_materiel&rest_code=00102&code=00101008141&supplier_code=00100008&order_time=2023-05-14 HTTP/1.1" 200 412
120.253.135.82 - - [17/May/2023:13:03:30 +0800] "GET /xingrg/kc/buy/cgsh_order_operate.html?command=get_materiel&rest_code=00101&code=00101013039&supplier_code=00100115&order_time=2023-05-17 HTTP/1.1" 200 413
