180.171.122.0 - - [17/May/2023:08:57:05 +0800] "POST /xingrg/kc/base/wldb_order_operate.html HTTP/1.1" 200 3183
120.253.135.82 - - [17/May/2023:08:57:06 +0800] "POST /xingrg/kc/pszx/mdps_list_operate.html HTTP/1.1" 200 3929
116.238.139.35 - - [17/May/2023:08:57:07 +0800] "GET /xingrg/all/function/internal_message.html?_=1684284951136&CODE_STATE=getMsg HTTP/1.1" 200 27
120.253.135.82 - - [17/May/2023:08:57:08 +0800] "POST /xingrg/kc/pszx/mdps_list_operate.html HTTP/1.1" 200 199
114.83.216.225 - - [17/May/2023:08:57:08 +0800] "POST /xingrg/kc/buy/cgsh_list_operate.html HTTP/1.1" 200 1867
120.253.135.82 - - [17/May/2023:08:57:09 +0800] "GET /xingrg/kc/pszx/mdps_order_info.html?code=312023051400298 HTTP/1.1" 200 23984
120.253.135.82 - - [17/May/2023:08:57:10 +0800] "GET /xingrg/javascript/easyui/themes/default/validatebox.css HTTP/1.1" 404 1104
120.253.135.82 - - [17/May/2023:08:57:10 +0800] "POST /xingrg/kc/pszx/mdps_order_operate.html HTTP/1.1" 200 2277
116.224.158.100 - - [17/May/2023:08:57:11 +0800] "GET /xingrg/kc/buy/cgsh_order_operate.html?command=get_materiel&rest_code=00105&code=00101010528&supplier_code=00100203&order_time=2023-05-17 HTTP/1.1" 200 410
114.83.216.225 - - [17/May/2023:08:57:11 +0800] "POST /xingrg/kc/buy/cgsh_list_operate.html HTTP/1.1" 200 424
180.171.122.0 - - [17/May/2023:08:57:12 +0800] "POST /xingrg/kc/base/wldb_order_operate.html HTTP/1.1" 200 37
114.83.216.225 - - [17/May/2023:08:57:12 +0800] "GET /xingrg/kc/buy/cgsh_order_info.html?code=212023051706179 HTTP/1.1" 200 71461
120.253.135.82 - - [17/May/2023:08:57:12 +0800] "POST /xingrg/kc/pszx/mdps_list_operate.html HTTP/1.1" 200 211
180.171.122.0 - - [17/May/2023:08:57:13 +0800] "POST /xingrg/kc/base/wldb_order_operate.html HTTP/1.1" 200 3183
114.83.216.225 - - [17/May/2023:08:57:13 +0800] "GET /xingrg/javascript/easyui/themes/default/validatebox.css HTTP/1.1" 404 1104
114.83.216.225 - - [17/May/2023:08:57:13 +0800] "GET /xingrg/all/common/auto_word.html?type=employee&rest_code=00149 HTTP/1.1" 200 197
114.83.216.225 - - [17/May/2023:08:57:13 +0800] "GET /xingrg/all/common/auto_word.html?type=employee&rest_code=00149 HTTP/1.1" 200 197
180.171.122.0 - - [17/May/2023:08:57:13 +0800] "GET /xingrg/kc/base/wldb_order_info.html?code=422023051701292 HTTP/1.1" 200 30395
116.232.195.127 - - [17/May/2023:08:57:13 +0800] "POST /xingrg/kc/buy/cgsh_list_operate.html HTTP/1.1" 200 3589
120.253.135.82 - - [17/May/2023:08:57:14 +0800] "GET /xingrg/kc/pszx/mdps_order_info.html?code=312023051700364 HTTP/1.1" 200 23978
114.83.216.225 - - [17/May/2023:08:57:14 +0800] "POST /xingrg/kc/buy/cgsh_order_operate.html HTTP/1.1" 200 4430
180.171.122.0 - - [17/May/2023:08:57:14 +0800] "GET /xingrg/javascript/easyui/themes/default/validatebox.css HTTP/1.1" 404 1104
120.253.135.82 - - [17/May/2023:08:57:14 +0800] "GET /xingrg/javascript/easyui/themes/default/validatebox.css HTTP/1.1" 404 1104
180.171.122.0 - - [17/May/2023:08:57:14 +0800] "POST /xingrg/kc/base/wldb_order_operate.html HTTP/1.1" 200 3183
120.253.135.82 - - [17/May/2023:08:57:14 +0800] "POST /xingrg/kc/pszx/mdps_order_operate.html HTTP/1.1" 200 2282
120.253.135.82 - - [17/May/2023:08:57:16 +0800] "POST /xingrg/kc/pszx/mdps_list_operate.html HTTP/1.1" 200 3929
180.171.122.0 - - [17/May/2023:08:57:17 +0800] "POST /xingrg/kc/base/wldb_list_operate.html HTTP/1.1" 200 274
120.253.135.82 - - [17/May/2023:08:57:17 +0800] "POST /xingrg/kc/pszx/mdps_list_operate.html HTTP/1.1" 200 639
116.232.195.127 - - [17/May/2023:08:57:17 +0800] "GET /xingrg/kc/buy/cgsh_order_add.html HTTP/1.1" 200 71411
116.232.195.127 - - [17/May/2023:08:57:18 +0800] "POST /xingrg/kc/buy/cgsh_order_operate.html HTTP/1.1" 200 8245
116.232.195.127 - - [17/May/2023:08:57:18 +0800] "GET /xingrg/javascript/easyui/themes/default/validatebox.css HTTP/1.1" 404 1104
116.232.195.127 - - [17/May/2023:08:57:18 +0800] "GET /xingrg/all/common/auto_word.html?type=employee&rest_code=00155 HTTP/1.1" 200 205
116.232.195.127 - - [17/May/2023:08:57:18 +0800] "GET /xingrg/all/common/auto_word.html?type=employee&rest_code=00155 HTTP/1.1" 200 205
120.253.135.82 - - [17/May/2023:08:57:18 +0800] "GET /xingrg/kc/pszx/mdps_order_info.html?code=312023051700365 HTTP/1.1" 200 23978
180.171.122.0 - - [17/May/2023:08:57:18 +0800] "GET /xingrg/kc/base/wldb_order_info.html?code=422023051701291 HTTP/1.1" 200 30397
120.253.135.82 - - [17/May/2023:08:57:19 +0800] "GET /xingrg/javascript/easyui/themes/default/validatebox.css HTTP/1.1" 404 1104
180.171.122.0 - - [17/May/2023:08:57:19 +0800] "GET /xingrg/javascript/easyui/themes/default/validatebox.css HTTP/1.1" 404 1104
120.253.135.82 - - [17/May/2023:08:57:19 +0800] "POST /xingrg/kc/pszx/mdps_order_operate.html HTTP/1.1" 200 8361
180.171.122.0 - - [17/May/2023:08:57:19 +0800] "POST /xingrg/kc/base/wldb_order_operate.html HTTP/1.1" 200 2664
114.83.216.225 - - [17/May/2023:08:57:20 +0800] "GET /xingrg/javascript/auto/indicator.gif HTTP/1.1" 404 1066
180.171.122.0 - - [17/May/2023:08:57:21 +0800] "GET /xingrg/all/function/internal_message.html?_=1684285039699&CODE_STATE=getMsg HTTP/1.1" 200 27
120.253.135.82 - - [17/May/2023:08:57:22 +0800] "POST /xingrg/kc/pszx/mdps_order_operate.html HTTP/1.1" 200 37
120.253.135.82 - - [17/May/2023:08:57:23 +0800] "GET /xingrg/kc/pszx/mdps_order_info.html?code=312023051700365 HTTP/1.1" 200 23978
120.253.135.82 - - [17/May/2023:08:57:24 +0800] "GET /xingrg/javascript/easyui/themes/default/validatebox.css HTTP/1.1" 404 1104
120.253.135.82 - - [17/May/2023:08:57:24 +0800] "POST /xingrg/kc/pszx/mdps_order_operate.html HTTP/1.1" 200 8466
180.171.122.0 - - [17/May/2023:08:57:25 +0800] "POST /xingrg/kc/base/wldb_order_operate.html HTTP/1.1" 200 37
114.83.216.225 - - [17/May/2023:08:57:26 +0800] "GET /xingrg/kc/buy/cgsh_order_operate.html?command=get_materiel&rest_code=00149&code=00101008351&supplier_code=00100008&order_time=2023-05-17 HTTP/1.1" 200 408
180.171.122.0 - - [17/May/2023:08:57:26 +0800] "POST /xingrg/kc/base/wldb_order_operate.html HTTP/1.1" 200 2664
180.171.122.0 - - [17/May/2023:08:57:26 +0800] "GET /xingrg/kc/base/wldb_order_info.html?code=422023051701291 HTTP/1.1" 200 30397
180.171.122.0 - - [17/May/2023:08:57:27 +0800] "GET /xingrg/javascript/easyui/themes/default/validatebox.css HTTP/1.1" 404 1104
180.171.122.0 - - [17/May/2023:08:57:28 +0800] "POST /xingrg/kc/base/wldb_order_operate.html HTTP/1.1" 200 2664
116.224.158.100 - - [17/May/2023:08:57:31 +0800] "GET /xingrg/kc/buy/cgsh_order_operate.html?command=get_materiel&rest_code=00105&code=00101020147&supplier_code=00100203&order_time=2023-05-17 HTTP/1.1" 200 408
180.171.122.0 - - [17/May/2023:08:57:33 +0800] "POST /xingrg/kc/base/wldb_list_operate.html HTTP/1.1" 200 5312
116.232.195.127 - - [17/May/2023:08:57:35 +0800] "GET /xingrg/javascript/auto/indicator.gif HTTP/1.1" 404 1066
116.232.195.127 - - [17/May/2023:08:57:36 +0800] "GET /xingrg/javascript/jquery_tools/images/prev.gif HTTP/1.1" 404 1086
116.232.195.127 - - [17/May/2023:08:57:36 +0800] "GET /xingrg/javascript/jquery_tools/images/next.gif HTTP/1.1" 404 1086
116.224.158.100 - - [17/May/2023:08:57:39 +0800] "POST /xingrg/kc/buy/cgsh_order_operate.html HTTP/1.1" 200 2065
116.232.195.127 - - [17/May/2023:08:57:41 +0800] "GET /xingrg/all/function/internal_message.html?_=1684285107715&CODE_STATE=getMsg HTTP/1.1" 200 27
116.232.195.127 - - [17/May/2023:08:57:43 +0800] "GET /xingrg/kc/buy/cgsh_order_operate.html?command=get_materiel&rest_code=00155&code=00101027034&supplier_code=00100017&order_time=2023-05-17 HTTP/1.1" 200 449
116.224.158.100 - - [17/May/2023:08:57:50 +0800] "POST /xingrg/kc/buy/cgsh_order_operate.html HTTP/1.1" 200 37
114.83.219.197 - - [17/May/2023:08:57:51 +0800] "GET /xingrg/all/function/internal_message.html?_=1684285166650&CODE_STATE=getMsg HTTP/1.1" 200 27
116.224.158.100 - - [17/May/2023:08:57:52 +0800] "POST /xingrg/kc/buy/cgsh_order_operate.html HTTP/1.1" 200 12697
120.253.135.82 - - [17/May/2023:08:57:54 +0800] "GET /xingrg/all/function/internal_message.html?_=1684284911606&CODE_STATE=getMsg HTTP/1.1" 200 27
116.224.158.100 - - [17/May/2023:08:57:54 +0800] "GET /xingrg/all/function/internal_message.html?_=1684284909270&CODE_STATE=getMsg HTTP/1.1" 200 27
116.232.195.127 - - [17/May/2023:08:57:54 +0800] "GET /xingrg/kc/buy/cgsh_order_operate.html?command=get_materiel&rest_code=00155&code=00101028016&supplier_code=00100017&order_time=2023-05-17 HTTP/1.1" 200 447
114.83.216.225 - - [17/May/2023:08:57:59 +0800] "GET /xingrg/all/function/internal_message.html?_=1684285077343&CODE_STATE=getMsg HTTP/1.1" 200 27
116.232.195.127 - - [17/May/2023:08:58:02 +0800] "GET /xingrg/kc/buy/cgsh_order_operate.html?command=get_materiel&rest_code=00155&code=00101029017&supplier_code=00100017&order_time=2023-05-17 HTTP/1.1" 200 447
116.238.139.35 - - [17/May/2023:08:58:07 +0800] "GET /xingrg/all/function/internal_message.html?_=1684285011149&CODE_STATE=getMsg HTTP/1.1" 200 27
116.232.195.127 - - [17/May/2023:08:58:12 +0800] "GET /xingrg/kc/buy/cgsh_order_operate.html?command=get_materiel&rest_code=00155&code=00101029033&supplier_code=00100017&order_time=2023-05-17 HTTP/1.1" 200 454
116.224.158.100 - - [17/May/2023:08:58:13 +0800] "GET /xingrg/kc/buy/cgsh_order_operate.html?command=get_materiel&rest_code=00105&code=00101008219&supplier_code=00100203&order_time=2023-05-17 HTTP/1.1" 200 412
114.83.216.225 - - [17/May/2023:08:58:18 +0800] "GET /xingrg/kc/buy/cgsh_order_operate.html?command=get_materiel&rest_code=00149&code=00101008312&supplier_code=00100008&order_time=2023-05-17 HTTP/1.1" 200 412
180.171.122.0 - - [17/May/2023:08:58:21 +0800] "GET /xingrg/all/function/internal_message.html?_=1684285099698&CODE_STATE=getMsg HTTP/1.1" 200 27
180.171.122.0 - - [17/May/2023:08:58:21 +0800] "GET /xingrg/check_reg.html?_=1684285099701 HTTP/1.1" 200 22
116.232.195.127 - - [17/May/2023:08:58:28 +0800] "GET /xingrg/kc/buy/cgsh_order_operate.html?command=get_materiel&rest_code=00155&code=00101029022&supplier_code=00100017&order_time=2023-05-17 HTTP/1.1" 200 452
114.83.216.225 - - [17/May/2023:08:58:32 +0800] "GET /xingrg/kc/buy/cgsh_order_operate.html?command=get_materiel&rest_code=00149&code=00101008283&supplier_code=00100008&order_time=2023-05-17 HTTP/1.1" 200 408
120.253.135.82 - - [17/May/2023:08:58:37 +0800] "POST /xingrg/kc/pszx/mdps_order_operate.html HTTP/1.1" 200 37
116.232.195.127 - - [17/May/2023:08:58:38 +0800] "GET /xingrg/kc/buy/cgsh_order_operate.html?command=get_materiel&rest_code=00155&code=00101028011&supplier_code=00100017&order_time=2023-05-17 HTTP/1.1" 200 454
120.253.135.82 - - [17/May/2023:08:58:39 +0800] "GET /xingrg/kc/pszx/mdps_order_info.html?code=312023051700365 HTTP/1.1" 200 23978
180.171.122.0 - - [17/May/2023:08:58:39 +0800] "POST /xingrg/kc/base/wldb_list_operate.html HTTP/1.1" 200 4
120.253.135.82 - - [17/May/2023:08:58:39 +0800] "GET /xingrg/javascript/easyui/themes/default/validatebox.css HTTP/1.1" 404 1104
120.253.135.82 - - [17/May/2023:08:58:40 +0800] "POST /xingrg/kc/pszx/mdps_order_operate.html HTTP/1.1" 200 8466
116.224.158.100 - - [17/May/2023:08:58:40 +0800] "GET /xingrg/kc/buy/cgsh_order_operate.html?command=get_materiel&rest_code=00105&code=00101008132&supplier_code=00100203&order_time=2023-05-17 HTTP/1.1" 200 408
120.253.135.82 - - [17/May/2023:08:58:41 +0800] "POST /xingrg/kc/pszx/mdps_list_operate.html HTTP/1.1" 200 3929
116.232.195.127 - - [17/May/2023:08:58:41 +0800] "GET /xingrg/all/function/internal_message.html?_=1684285167712&CODE_STATE=getMsg HTTP/1.1" 200 27
114.83.216.225 - - [17/May/2023:08:58:43 +0800] "POST /xingrg/kc/buy/cgsh_order_operate.html HTTP/1.1" 200 2065
120.253.135.82 - - [17/May/2023:08:58:43 +0800] "POST /xingrg/kc/pszx/mdps_list_operate.html HTTP/1.1" 200 612
120.253.135.82 - - [17/May/2023:08:58:44 +0800] "GET /xingrg/kc/pszx/mdps_order_info.html?code=312023051700366 HTTP/1.1" 200 23978
120.253.135.82 - - [17/May/2023:08:58:45 +0800] "GET /xingrg/javascript/easyui/themes/default/validatebox.css HTTP/1.1" 404 1104
120.253.135.82 - - [17/May/2023:08:58:45 +0800] "POST /xingrg/kc/pszx/mdps_order_operate.html HTTP/1.1" 200 5256
180.171.122.0 - - [17/May/2023:08:58:46 +0800] "POST /xingrg/kc/base/wldb_list_operate.html HTTP/1.1" 200 928
120.253.135.82 - - [17/May/2023:08:58:47 +0800] "POST /xingrg/all/common/load_combo.html?type=base HTTP/1.1" 200 1169
116.232.195.127 - - [17/May/2023:08:58:48 +0800] "GET /xingrg/kc/buy/cgsh_order_operate.html?command=get_materiel&rest_code=00155&code=00101029002&supplier_code=00100017&order_time=2023-05-17 HTTP/1.1" 200 450
114.83.219.197 - - [17/May/2023:08:58:51 +0800] "GET /xingrg/all/function/internal_message.html?_=1684285226663&CODE_STATE=getMsg HTTP/1.1" 200 27
114.83.219.197 - - [17/May/2023:08:58:51 +0800] "GET /xingrg/check_reg.html?_=1684285226666 HTTP/1.1" 200 22
120.253.135.82 - - [17/May/2023:08:58:51 +0800] "POST /xingrg/kc/pszx/mdps_order_operate.html HTTP/1.1" 200 37
114.83.216.225 - - [17/May/2023:08:58:52 +0800] "GET /xingrg/kc/buy/cgsh_order_operate.html?command=get_materiel&rest_code=00149&code=00101008238&supplier_code=00100008&order_time=2023-05-17 HTTP/1.1" 200 416
120.253.135.82 - - [17/May/2023:08:58:53 +0800] "GET /xingrg/kc/pszx/mdps_order_info.html?code=312023051700366 HTTP/1.1" 200 23978
120.253.135.82 - - [17/May/2023:08:58:54 +0800] "GET /xingrg/javascript/easyui/themes/default/validatebox.css HTTP/1.1" 404 1104
120.253.135.82 - - [17/May/2023:08:58:54 +0800] "GET /xingrg/all/function/internal_message.html?_=1684284971619&CODE_STATE=getMsg HTTP/1.1" 200 27
120.253.135.82 - - [17/May/2023:08:58:54 +0800] "POST /xingrg/kc/pszx/mdps_order_operate.html HTTP/1.1" 200 5313
116.224.158.100 - - [17/May/2023:08:58:54 +0800] "GET /xingrg/check_reg.html?_=1684284969211 HTTP/1.1" 200 22
116.224.158.100 - - [17/May/2023:08:58:54 +0800] "GET /xingrg/all/function/internal_message.html?_=1684284969241&CODE_STATE=getMsg HTTP/1.1" 200 27
120.253.135.82 - - [17/May/2023:08:58:57 +0800] "POST /xingrg/all/common/load_select.html HTTP/1.1" 200 25
120.253.135.82 - - [17/May/2023:08:58:59 +0800] "GET /xingrg/kc/pszx/mdps_order_operate.html?command=get_materiel_price&pszx_code=00101&rest_code=00147&base_code=0010250&code=00102002433&unit_code=00100104&order_time=2023-05-18 HTTP/1.1" 200 39
114.83.216.225 - - [17/May/2023:08:58:59 +0800] "GET /xingrg/all/function/internal_message.html?_=1684285137350&CODE_STATE=getMsg HTTP/1.1" 200 27
116.232.195.127 - - [17/May/2023:08:59:01 +0800] "POST /xingrg/kc/buy/cgsh_order_operate.html HTTP/1.1" 200 37
116.232.195.127 - - [17/May/2023:08:59:02 +0800] "POST /xingrg/kc/buy/cgsh_order_operate.html HTTP/1.1" 200 6441
116.232.195.127 - - [17/May/2023:08:59:03 +0800] "GET /xingrg/kc/print/load_config.html?kc_code=cgsh HTTP/1.1" 200 1925
116.232.195.127 - - [17/May/2023:08:59:04 +0800] "GET /xingrg/kc/print/load_data.html?order_code=212023051706181&kc_code=cgsh&condition= HTTP/1.1" 200 2322
116.238.139.35 - - [17/May/2023:08:59:07 +0800] "GET /xingrg/check_reg.html?_=1684285070624 HTTP/1.1" 200 22
116.238.139.35 - - [17/May/2023:08:59:07 +0800] "GET /xingrg/all/function/internal_message.html?_=1684285071163&CODE_STATE=getMsg HTTP/1.1" 200 27
116.224.158.100 - - [17/May/2023:08:59:10 +0800] "GET /xingrg/kc/buy/cgsh_order_operate.html?command=get_materiel&rest_code=00105&code=00101008244&supplier_code=00100203&order_time=2023-05-17 HTTP/1.1" 200 408
120.253.135.82 - - [17/May/2023:08:59:13 +0800] "POST /xingrg/kc/pszx/mdps_order_operate.html HTTP/1.1" 200 37
120.253.135.82 - - [17/May/2023:08:59:14 +0800] "GET /xingrg/kc/pszx/mdps_order_info.html?code=312023051700366 HTTP/1.1" 200 23978
120.253.135.82 - - [17/May/2023:08:59:15 +0800] "GET /xingrg/javascript/easyui/themes/default/validatebox.css HTTP/1.1" 404 1104
120.253.135.82 - - [17/May/2023:08:59:15 +0800] "POST /xingrg/kc/pszx/mdps_order_operate.html HTTP/1.1" 200 5315
120.253.135.82 - - [17/May/2023:08:59:16 +0800] "POST /xingrg/kc/pszx/mdps_list_operate.html HTTP/1.1" 200 3929
120.253.135.82 - - [17/May/2023:08:59:17 +0800] "POST /xingrg/kc/pszx/mdps_list_operate.html HTTP/1.1" 200 575
120.253.135.82 - - [17/May/2023:08:59:18 +0800] "GET /xingrg/kc/pszx/mdps_order_info.html?code=312023051700367 HTTP/1.1" 200 23978
120.253.135.82 - - [17/May/2023:08:59:19 +0800] "GET /xingrg/javascript/easyui/themes/default/validatebox.css HTTP/1.1" 404 1104
120.253.135.82 - - [17/May/2023:08:59:19 +0800] "POST /xingrg/kc/pszx/mdps_order_operate.html HTTP/1.1" 200 5650
180.171.122.0 - - [17/May/2023:08:59:21 +0800] "GET /xingrg/all/function/internal_message.html?_=1684285159704&CODE_STATE=getMsg HTTP/1.1" 200 27
120.253.135.82 - - [17/May/2023:08:59:22 +0800] "POST /xingrg/kc/pszx/mdps_order_operate.html HTTP/1.1" 200 37
120.253.135.82 - - [17/May/2023:08:59:23 +0800] "GET /xingrg/kc/pszx/mdps_order_info.html?code=312023051700367 HTTP/1.1" 200 23978
120.253.135.82 - - [17/May/2023:08:59:24 +0800] "GET /xingrg/javascript/easyui/themes/default/validatebox.css HTTP/1.1" 404 1104
120.253.135.82 - - [17/May/2023:08:59:25 +0800] "POST /xingrg/kc/pszx/mdps_order_operate.html HTTP/1.1" 200 5711
116.224.158.100 - - [17/May/2023:08:59:33 +0800] "GET /xingrg/kc/buy/cgsh_order_operate.html?command=get_materiel&rest_code=00105&code=00101008703&supplier_code=00100203&order_time=2023-05-17 HTTP/1.1" 200 413
120.253.135.82 - - [17/May/2023:08:59:39 +0800] "GET /xingrg/check_reg.html?_=1684285016612 HTTP/1.1" 200 22
116.232.195.127 - - [17/May/2023:08:59:41 +0800] "GET /xingrg/all/function/internal_message.html?_=1684285227720&CODE_STATE=getMsg HTTP/1.1" 200 27
120.253.135.82 - - [17/May/2023:08:59:45 +0800] "POST /xingrg/kc/pszx/mdps_order_operate.html HTTP/1.1" 200 37
114.83.219.197 - - [17/May/2023:08:59:51 +0800] "GET /xingrg/all/function/internal_message.html?_=1684285286660&CODE_STATE=getMsg HTTP/1.1" 200 27
116.224.158.100 - - [17/May/2023:08:59:54 +0800] "GET /xingrg/all/function/internal_message.html?_=1684285029222&CODE_STATE=getMsg HTTP/1.1" 200 27
116.224.158.100 - - [17/May/2023:08:59:55 +0800] "POST /xingrg/kc/buy/cgsh_order_operate.html HTTP/1.1" 200 2065
180.171.122.0 - - [17/May/2023:08:59:55 +0800] "GET /xingrg/kc/mdqp/pssh_order_list.html HTTP/1.1" 200 17806
180.171.122.0 - - [17/May/2023:08:59:56 +0800] "POST /xingrg/kc/mdqp/pssh_list_operate.html HTTP/1.1" 200 5252
114.83.216.225 - - [17/May/2023:08:59:57 +0800] "GET /xingrg/kc/buy/cgsh_order_operate.html?command=get_materiel&rest_code=00149&code=00101008210&supplier_code=00100008&order_time=2023-05-17 HTTP/1.1" 200 408
180.171.122.0 - - [17/May/2023:08:59:58 +0800] "POST /xingrg/kc/mdqp/pssh_list_operate.html HTTP/1.1" 200 857
120.253.135.82 - - [17/May/2023:08:59:59 +0800] "GET /xingrg/kc/pszx/mdps_order_info.html?code=312023051700367 HTTP/1.1" 200 23978
180.171.122.0 - - [17/May/2023:08:59:59 +0800] "GET /xingrg/kc/mdqp/pssh_order_info.html?code=312023051000216 HTTP/1.1" 200 17266
180.171.122.0 - - [17/May/2023:08:59:59 +0800] "GET /xingrg/javascript/jquery_tools/jquery-1.4.2.min.js HTTP/1.1" 404 1094
114.83.216.225 - - [17/May/2023:08:59:59 +0800] "GET /xingrg/all/function/internal_message.html?_=1684285197349&CODE_STATE=getMsg HTTP/1.1" 200 27
180.171.122.0 - - [17/May/2023:08:59:59 +0800] "GET /xingrg/javascript/easyui/themes/default/validatebox.css HTTP/1.1" 404 1104
120.253.135.82 - - [17/May/2023:08:59:59 +0800] "GET /xingrg/all/function/internal_message.html?_=1684285037146&CODE_STATE=getMsg HTTP/1.1" 200 27
120.253.135.82 - - [17/May/2023:08:59:59 +0800] "GET /xingrg/javascript/easyui/themes/default/validatebox.css HTTP/1.1" 404 1104
180.171.122.0 - - [17/May/2023:09:00:00 +0800] "GET /xingrg/all/common/auto_word.html?type=base&rest_code=00111&rest_code=00111 HTTP/1.1" 200 1753
180.171.122.0 - - [17/May/2023:09:00:00 +0800] "GET /xingrg/all/common/auto_word.html?type=employee&rest_code=00111 HTTP/1.1" 200 155
180.171.122.0 - - [17/May/2023:09:00:00 +0800] "POST /xingrg/kc/mdqp/pssh_order_operate.html HTTP/1.1" 200 5847
120.253.135.82 - - [17/May/2023:09:00:00 +0800] "POST /xingrg/kc/pszx/mdps_order_operate.html HTTP/1.1" 200 5712
120.253.135.82 - - [17/May/2023:09:00:03 +0800] "POST /xingrg/kc/pszx/mdps_list_operate.html HTTP/1.1" 200 3929
120.253.135.82 - - [17/May/2023:09:00:04 +0800] "POST /xingrg/kc/pszx/mdps_list_operate.html HTTP/1.1" 200 363
180.171.122.0 - - [17/May/2023:09:00:05 +0800] "POST /xingrg/all/common/load_combo.html?type=base&rest_code=00111 HTTP/1.1" 200 3142
120.253.135.82 - - [17/May/2023:09:00:06 +0800] "GET /xingrg/kc/pszx/mdps_order_info.html?code=312023051700368 HTTP/1.1" 200 23978
120.253.135.82 - - [17/May/2023:09:00:07 +0800] "GET /xingrg/javascript/easyui/themes/default/validatebox.css HTTP/1.1" 404 1104
120.253.135.82 - - [17/May/2023:09:00:07 +0800] "POST /xingrg/kc/pszx/mdps_order_operate.html HTTP/1.1" 200 3241
116.238.139.35 - - [17/May/2023:09:00:07 +0800] "GET /xingrg/all/function/internal_message.html?_=1684285131176&CODE_STATE=getMsg HTTP/1.1" 200 27
120.253.135.82 - - [17/May/2023:09:00:10 +0800] "POST /xingrg/kc/pszx/mdps_order_operate.html HTTP/1.1" 200 37
120.253.135.82 - - [17/May/2023:09:00:11 +0800] "GET /xingrg/kc/pszx/mdps_order_info.html?code=312023051700368 HTTP/1.1" 200 23978
120.253.135.82 - - [17/May/2023:09:00:11 +0800] "GET /xingrg/javascript/easyui/themes/default/validatebox.css HTTP/1.1" 404 1104
120.253.135.82 - - [17/May/2023:09:00:12 +0800] "POST /xingrg/kc/pszx/mdps_order_operate.html HTTP/1.1" 200 3262
114.83.216.225 - - [17/May/2023:09:00:18 +0800] "GET /xingrg/kc/buy/cgsh_order_operate.html?command=get_materiel&rest_code=00149&code=00101008101&supplier_code=00100008&order_time=2023-05-17 HTTP/1.1" 200 412
180.171.122.0 - - [17/May/2023:09:00:21 +0800] "GET /xingrg/all/function/internal_message.html?_=1684285219700&CODE_STATE=getMsg HTTP/1.1" 200 27
114.83.216.225 - - [17/May/2023:09:00:28 +0800] "GET /xingrg/kc/buy/cgsh_order_operate.html?command=get_materiel&rest_code=00149&code=00101008042&supplier_code=00100008&order_time=2023-05-17 HTTP/1.1" 200 416
116.224.158.100 - - [17/May/2023:09:00:30 +0800] "GET /xingrg/kc/buy/cgsh_order_operate.html?command=get_materiel&rest_code=00105&code=00101008207&supplier_code=00100203&order_time=2023-05-17 HTTP/1.1" 200 408
120.253.135.82 - - [17/May/2023:09:00:30 +0800] "POST /xingrg/kc/pszx/mdps_list_operate.html HTTP/1.1" 200 3929
120.253.135.82 - - [17/May/2023:09:00:31 +0800] "POST /xingrg/kc/pszx/mdps_list_operate.html HTTP/1.1" 200 216
120.253.135.82 - - [17/May/2023:09:00:32 +0800] "POST /xingrg/kc/pszx/mdps_list_operate.html HTTP/1.1" 200 199
114.83.216.225 - - [17/May/2023:09:00:38 +0800] "GET /xingrg/kc/buy/cgsh_order_operate.html?command=get_materiel&rest_code=00149&code=00101008355&supplier_code=00100008&order_time=2023-05-17 HTTP/1.1" 200 408
120.253.135.82 - - [17/May/2023:09:00:38 +0800] "POST /xingrg/kc/pszx/mdps_list_operate.html HTTP/1.1" 200 612
120.253.135.82 - - [17/May/2023:09:00:39 +0800] "GET /xingrg/kc/pszx/mdps_order_info.html?code=312023051700366 HTTP/1.1" 200 23978
120.253.135.82 - - [17/May/2023:09:00:40 +0800] "GET /xingrg/javascript/easyui/themes/default/validatebox.css HTTP/1.1" 404 1104
120.253.135.82 - - [17/May/2023:09:00:40 +0800] "POST /xingrg/kc/pszx/mdps_order_operate.html HTTP/1.1" 200 5315
116.232.195.127 - - [17/May/2023:09:00:41 +0800] "GET /xingrg/all/function/internal_message.html?_=1684285287716&CODE_STATE=getMsg HTTP/1.1" 200 27
114.83.216.225 - - [17/May/2023:09:00:44 +0800] "POST /xingrg/kc/buy/cgsh_order_operate.html HTTP/1.1" 200 2065
120.253.135.82 - - [17/May/2023:09:00:47 +0800] "GET /xingrg/kc/pszx/mdps_order_operate.html?command=get_materiel&pszx_code=00101&rest_code=00147&base_code=0010250&code=00102002315 HTTP/1.1" 200 475
120.253.135.82 - - [17/May/2023:09:00:48 +0800] "POST /xingrg/all/common/load_select.html HTTP/1.1" 200 25
114.83.216.225 - - [17/May/2023:09:00:49 +0800] "GET /xingrg/kc/buy/cgsh_order_operate.html?command=get_materiel&rest_code=00149&code=00101008144&supplier_code=00100008&order_time=2023-05-17 HTTP/1.1" 200 412
114.83.219.197 - - [17/May/2023:09:00:51 +0800] "GET /xingrg/all/function/internal_message.html?_=1684285346647&CODE_STATE=getMsg HTTP/1.1" 200 27
120.253.135.82 - - [17/May/2023:09:00:52 +0800] "GET /xingrg/kc/pszx/mdps_order_operate.html?command=get_materiel_price&pszx_code=00101&rest_code=00147&base_code=0010250&code=00102002315&unit_code=00100367&order_time=2023-05-18 HTTP/1.1" 200 35
116.224.158.100 - - [17/May/2023:09:00:53 +0800] "GET /xingrg/kc/buy/cgsh_order_operate.html?command=get_materiel&rest_code=00105&code=00101008403&supplier_code=00100203&order_time=2023-05-17 HTTP/1.1" 200 412
116.224.158.100 - - [17/May/2023:09:00:54 +0800] "GET /xingrg/all/function/internal_message.html?_=1684285089243&CODE_STATE=getMsg HTTP/1.1" 200 27
114.83.216.225 - - [17/May/2023:09:00:59 +0800] "GET /xingrg/all/function/internal_message.html?_=1684285257357&CODE_STATE=getMsg HTTP/1.1" 200 27
120.253.135.82 - - [17/May/2023:09:00:59 +0800] "GET /xingrg/all/function/internal_message.html?_=1684285097153&CODE_STATE=getMsg HTTP/1.1" 200 27
114.83.216.225 - - [17/May/2023:09:01:00 +0800] "GET /xingrg/kc/buy/cgsh_order_operate.html?command=get_materiel&rest_code=00149&code=00101008176&supplier_code=00100008&order_time=2023-05-17 HTTP/1.1" 200 413
120.253.135.82 - - [17/May/2023:09:01:06 +0800] "POST /xingrg/kc/pszx/mdps_order_operate.html HTTP/1.1" 200 37
116.238.139.35 - - [17/May/2023:09:01:07 +0800] "GET /xingrg/all/function/internal_message.html?_=1684285191189&CODE_STATE=getMsg HTTP/1.1" 200 27
120.253.135.82 - - [17/May/2023:09:01:07 +0800] "GET /xingrg/kc/pszx/mdps_order_info.html?code=312023051700366 HTTP/1.1" 200 23978
120.253.135.82 - - [17/May/2023:09:01:08 +0800] "GET /xingrg/javascript/easyui/themes/default/validatebox.css HTTP/1.1" 404 1104
120.253.135.82 - - [17/May/2023:09:01:09 +0800] "POST /xingrg/kc/pszx/mdps_order_operate.html HTTP/1.1" 200 5830
114.83.216.225 - - [17/May/2023:09:01:09 +0800] "GET /xingrg/kc/buy/cgsh_order_operate.html?command=get_materiel&rest_code=00149&code=00101008220&supplier_code=00100008&order_time=2023-05-17 HTTP/1.1" 200 412
120.253.135.82 - - [17/May/2023:09:01:12 +0800] "POST /xingrg/kc/pszx/mdps_list_operate.html HTTP/1.1" 200 3930
116.224.158.100 - - [17/May/2023:09:01:14 +0800] "GET /xingrg/kc/buy/cgsh_order_operate.html?command=get_materiel&rest_code=00105&code=00101008356&supplier_code=00100203&order_time=2023-05-17 HTTP/1.1" 200 408
120.253.135.82 - - [17/May/2023:09:01:14 +0800] "POST /xingrg/kc/pszx/mdps_list_operate.html HTTP/1.1" 200 216
120.253.135.82 - - [17/May/2023:09:01:15 +0800] "GET /xingrg/kc/pszx/mdps_order_info.html?code=312023051700369 HTTP/1.1" 200 23978
120.253.135.82 - - [17/May/2023:09:01:16 +0800] "GET /xingrg/javascript/easyui/themes/default/validatebox.css HTTP/1.1" 404 1104
120.253.135.82 - - [17/May/2023:09:01:16 +0800] "POST /xingrg/kc/pszx/mdps_order_operate.html HTTP/1.1" 200 2299
114.83.216.225 - - [17/May/2023:09:01:19 +0800] "GET /xingrg/kc/buy/cgsh_order_operate.html?command=get_materiel&rest_code=00149&code=00101008439&supplier_code=00100008&order_time=2023-05-17 HTTP/1.1" 200 413
120.253.135.82 - - [17/May/2023:09:01:20 +0800] "POST /xingrg/kc/pszx/mdps_order_operate.html HTTP/1.1" 200 12
180.171.122.0 - - [17/May/2023:09:01:21 +0800] "GET /xingrg/all/function/internal_message.html?_=1684285279704&CODE_STATE=getMsg HTTP/1.1" 200 27
120.253.135.82 - - [17/May/2023:09:01:21 +0800] "POST /xingrg/kc/pszx/mdps_list_operate.html HTTP/1.1" 200 3559
120.253.135.82 - - [17/May/2023:09:01:22 +0800] "POST /xingrg/kc/pszx/mdps_list_operate.html HTTP/1.1" 200 199
120.253.135.82 - - [17/May/2023:09:01:24 +0800] "GET /xingrg/kc/pszx/mdps_order_info.html?code=312023051400298 HTTP/1.1" 200 23984
120.253.135.82 - - [17/May/2023:09:01:24 +0800] "GET /xingrg/javascript/easyui/themes/default/validatebox.css HTTP/1.1" 404 1104
120.253.135.82 - - [17/May/2023:09:01:25 +0800] "POST /xingrg/kc/pszx/mdps_order_operate.html HTTP/1.1" 200 2277
120.253.135.82 - - [17/May/2023:09:01:25 +0800] "GET /xingrg/javascript/jquery_tools/images/prev.gif HTTP/1.1" 404 1086
120.253.135.82 - - [17/May/2023:09:01:25 +0800] "GET /xingrg/javascript/jquery_tools/images/next.gif HTTP/1.1" 404 1086
222.67.238.82 - - [17/May/2023:09:01:31 +0800] "POST /xingrg/services/DataTransmitService HTTP/1.1" 200 524
120.253.135.82 - - [17/May/2023:09:01:33 +0800] "POST /xingrg/kc/pszx/mdps_order_operate.html HTTP/1.1" 200 37
114.83.216.225 - - [17/May/2023:09:01:34 +0800] "GET /xingrg/kc/buy/cgsh_order_operate.html?command=get_materiel&rest_code=00149&code=00101008137&supplier_code=00100008&order_time=2023-05-17 HTTP/1.1" 200 408
120.253.135.82 - - [17/May/2023:09:01:34 +0800] "GET /xingrg/kc/pszx/mdps_order_info.html?code=312023051400298 HTTP/1.1" 200 23984
120.253.135.82 - - [17/May/2023:09:01:35 +0800] "GET /xingrg/javascript/easyui/themes/default/validatebox.css HTTP/1.1" 404 1104
120.253.135.82 - - [17/May/2023:09:01:35 +0800] "POST /xingrg/kc/pszx/mdps_order_operate.html HTTP/1.1" 200 2277
120.253.135.82 - - [17/May/2023:09:01:36 +0800] "POST /xingrg/kc/pszx/mdps_list_operate.html HTTP/1.1" 200 3559
114.83.216.225 - - [17/May/2023:09:01:37 +0800] "POST /xingrg/kc/buy/cgsh_order_operate.html HTTP/1.1" 200 2065
116.224.158.100 - - [17/May/2023:09:01:37 +0800] "GET /xingrg/kc/buy/cgsh_order_operate.html?command=get_materiel&rest_code=00105&code=00101008212&supplier_code=00100203&order_time=2023-05-17 HTTP/1.1" 200 412
120.253.135.82 - - [17/May/2023:09:01:39 +0800] "POST /xingrg/kc/pszx/mdps_list_operate.html HTTP/1.1" 200 363
120.253.135.82 - - [17/May/2023:09:01:41 +0800] "POST /xingrg/kc/pszx/mdps_list_operate.html HTTP/1.1" 200 575
116.232.195.127 - - [17/May/2023:09:01:41 +0800] "GET /xingrg/check_reg.html?_=1684285347723 HTTP/1.1" 200 22
116.232.195.127 - - [17/May/2023:09:01:41 +0800] "GET /xingrg/all/function/internal_message.html?_=1684285347729&CODE_STATE=getMsg HTTP/1.1" 200 27
114.83.216.225 - - [17/May/2023:09:01:42 +0800] "GET /xingrg/kc/buy/cgsh_order_operate.html?command=get_materiel&rest_code=00149&code=00101008362&supplier_code=00100008&order_time=2023-05-17 HTTP/1.1" 200 408
120.253.135.82 - - [17/May/2023:09:01:43 +0800] "GET /xingrg/kc/pszx/mdps_order_info.html?code=312023051700367 HTTP/1.1" 200 23978
120.253.135.82 - - [17/May/2023:09:01:44 +0800] "GET /xingrg/javascript/easyui/themes/default/validatebox.css HTTP/1.1" 404 1104
120.253.135.82 - - [17/May/2023:09:01:44 +0800] "POST /xingrg/kc/pszx/mdps_order_operate.html HTTP/1.1" 200 5712
114.83.219.197 - - [17/May/2023:09:01:51 +0800] "GET /xingrg/all/function/internal_message.html?_=1684285406650&CODE_STATE=getMsg HTTP/1.1" 200 27
120.253.135.82 - - [17/May/2023:09:01:52 +0800] "GET /xingrg/kc/pszx/mdps_order_operate.html?command=get_materiel&pszx_code=00101&rest_code=00147&base_code=0010246&code=00101013266 HTTP/1.1" 200 436
116.224.158.100 - - [17/May/2023:09:01:54 +0800] "GET /xingrg/all/function/internal_message.html?_=1684285149233&CODE_STATE=getMsg HTTP/1.1" 200 27
114.83.216.225 - - [17/May/2023:09:01:55 +0800] "GET /xingrg/kc/buy/cgsh_order_operate.html?command=get_materiel&rest_code=00149&code=00101008059&supplier_code=00100008&order_time=2023-05-17 HTTP/1.1" 200 408
114.83.216.225 - - [17/May/2023:09:01:59 +0800] "GET /xingrg/check_reg.html?_=1684285317375 HTTP/1.1" 200 22
114.83.216.225 - - [17/May/2023:09:01:59 +0800] "GET /xingrg/all/function/internal_message.html?_=1684285317377&CODE_STATE=getMsg HTTP/1.1" 200 27
120.253.135.82 - - [17/May/2023:09:02:01 +0800] "GET /xingrg/all/function/internal_message.html?_=1684285158633&CODE_STATE=getMsg HTTP/1.1" 200 27
120.253.135.82 - - [17/May/2023:09:02:01 +0800] "POST /xingrg/kc/pszx/mdps_order_operate.html HTTP/1.1" 200 37
120.253.135.82 - - [17/May/2023:09:02:03 +0800] "GET /xingrg/kc/pszx/mdps_order_info.html?code=312023051700367 HTTP/1.1" 200 23978
120.253.135.82 - - [17/May/2023:09:02:04 +0800] "GET /xingrg/javascript/easyui/themes/default/validatebox.css HTTP/1.1" 404 1104
120.253.135.82 - - [17/May/2023:09:02:04 +0800] "POST /xingrg/kc/pszx/mdps_order_operate.html HTTP/1.1" 200 5716
116.224.158.100 - - [17/May/2023:09:02:05 +0800] "GET /xingrg/kc/buy/cgsh_order_operate.html?command=get_materiel&rest_code=00105&code=00101008357&supplier_code=00100203&order_time=2023-05-17 HTTP/1.1" 200 408
116.238.139.35 - - [17/May/2023:09:02:08 +0800] "GET /xingrg/all/function/internal_message.html?_=1684285251414&CODE_STATE=getMsg HTTP/1.1" 200 27
114.83.216.225 - - [17/May/2023:09:02:08 +0800] "GET /xingrg/kc/buy/cgsh_order_operate.html?command=get_materiel&rest_code=00149&code=00101008077&supplier_code=00100008&order_time=2023-05-17 HTTP/1.1" 200 416
116.224.158.100 - - [17/May/2023:09:02:09 +0800] "POST /xingrg/kc/buy/cgsh_order_operate.html HTTP/1.1" 200 2065
120.253.135.82 - - [17/May/2023:09:02:16 +0800] "POST /xingrg/kc/pszx/mdps_list_operate.html HTTP/1.1" 200 3559
120.253.135.82 - - [17/May/2023:09:02:18 +0800] "POST /xingrg/kc/pszx/mdps_list_operate.html HTTP/1.1" 200 363
180.171.122.0 - - [17/May/2023:09:02:21 +0800] "GET /xingrg/all/function/internal_message.html?_=1684285339712&CODE_STATE=getMsg HTTP/1.1" 200 27
116.224.158.100 - - [17/May/2023:09:02:26 +0800] "GET /xingrg/kc/buy/cgsh_order_operate.html?command=get_materiel&rest_code=00105&code=00101008004&supplier_code=00100203&order_time=2023-05-17 HTTP/1.1" 200 416
116.238.139.35 - - [17/May/2023:09:02:30 +0800] "GET /xingrg/kc/buy/cgsh_order_add.html HTTP/1.1" 200 71420
116.238.139.35 - - [17/May/2023:09:02:31 +0800] "POST /xingrg/kc/buy/cgsh_order_operate.html HTTP/1.1" 200 8245
116.238.139.35 - - [17/May/2023:09:02:31 +0800] "GET /xingrg/javascript/easyui/themes/default/validatebox.css HTTP/1.1" 404 1104
114.83.216.225 - - [17/May/2023:09:02:33 +0800] "GET /xingrg/kc/buy/cgsh_order_operate.html?command=get_materiel&rest_code=00149&code=00101008223&supplier_code=00100008&order_time=2023-05-17 HTTP/1.1" 200 412
116.232.195.127 - - [17/May/2023:09:02:41 +0800] "GET /xingrg/all/function/internal_message.html?_=1684285407703&CODE_STATE=getMsg HTTP/1.1" 200 27
116.238.139.35 - - [17/May/2023:09:02:50 +0800] "GET /xingrg/kc/buy/cgsh_order_operate.html?command=get_materiel&rest_code=00150&code=00101009059&supplier_code=00100022&order_time=2023-05-17 HTTP/1.1" 200 409
114.83.219.197 - - [17/May/2023:09:02:51 +0800] "GET /xingrg/all/function/internal_message.html?_=1684285466663&CODE_STATE=getMsg HTTP/1.1" 200 27
116.224.158.100 - - [17/May/2023:09:02:54 +0800] "GET /xingrg/all/function/internal_message.html?_=1684285209237&CODE_STATE=getMsg HTTP/1.1" 200 27
114.83.216.225 - - [17/May/2023:09:02:59 +0800] "GET /xingrg/all/function/internal_message.html?_=1684285377371&CODE_STATE=getMsg HTTP/1.1" 200 27
116.224.158.100 - - [17/May/2023:09:02:59 +0800] "GET /xingrg/kc/buy/cgsh_order_operate.html?command=get_materiel&rest_code=00105&code=00101008350&supplier_code=00100203&order_time=2023-05-17 HTTP/1.1" 200 408
120.253.135.82 - - [17/May/2023:09:03:01 +0800] "GET /xingrg/all/function/internal_message.html?_=1684285218816&CODE_STATE=getMsg HTTP/1.1" 200 27
116.238.139.35 - - [17/May/2023:09:03:01 +0800] "GET /xingrg/kc/buy/cgsh_order_operate.html?command=get_materiel&rest_code=00150&code=00101009124&supplier_code=00100022&order_time=2023-05-17 HTTP/1.1" 200 416
116.238.139.35 - - [17/May/2023:09:03:08 +0800] "GET /xingrg/all/function/internal_message.html?_=1684285311419&CODE_STATE=getMsg HTTP/1.1" 200 27
114.83.216.225 - - [17/May/2023:09:03:08 +0800] "GET /xingrg/kc/buy/cgsh_order_operate.html?command=get_materiel&rest_code=00149&code=00101008224&supplier_code=00100008&order_time=2023-05-17 HTTP/1.1" 200 416
114.83.216.225 - - [17/May/2023:09:03:13 +0800] "POST /xingrg/kc/buy/cgsh_order_operate.html HTTP/1.1" 200 2065
114.83.216.225 - - [17/May/2023:09:03:18 +0800] "GET /xingrg/kc/buy/cgsh_order_operate.html?command=get_materiel&rest_code=00149&code=00101008306&supplier_code=00100008&order_time=2023-05-17 HTTP/1.1" 200 412
180.171.122.0 - - [17/May/2023:09:03:18 +0800] "POST /xingrg/kc/mdqp/pssh_list_operate.html HTTP/1.1" 200 788
180.171.122.0 - - [17/May/2023:09:03:19 +0800] "GET /xingrg/kc/mdqp/pssh_order_info.html?code=312023051500310 HTTP/1.1" 200 17297
180.171.122.0 - - [17/May/2023:09:03:19 +0800] "GET /xingrg/javascript/jquery_tools/jquery-1.4.2.min.js HTTP/1.1" 404 1094
180.171.122.0 - - [17/May/2023:09:03:20 +0800] "GET /xingrg/javascript/easyui/themes/default/validatebox.css HTTP/1.1" 404 1104
180.171.122.0 - - [17/May/2023:09:03:20 +0800] "POST /xingrg/kc/mdqp/pssh_order_operate.html HTTP/1.1" 200 14400
180.171.122.0 - - [17/May/2023:09:03:21 +0800] "GET /xingrg/check_reg.html?_=1684285399735 HTTP/1.1" 200 22
180.171.122.0 - - [17/May/2023:09:03:21 +0800] "GET /xingrg/all/function/internal_message.html?_=1684285399736&CODE_STATE=getMsg HTTP/1.1" 200 27
180.171.122.0 - - [17/May/2023:09:03:24 +0800] "POST /xingrg/all/common/load_combo.html?type=employee HTTP/1.1" 200 277
114.83.216.225 - - [17/May/2023:09:03:29 +0800] "GET /xingrg/kc/buy/cgsh_order_operate.html?command=get_materiel&rest_code=00149&code=00101008330&supplier_code=00100008&order_time=2023-05-17 HTTP/1.1" 200 411
180.171.122.0 - - [17/May/2023:09:03:30 +0800] "POST /xingrg/kc/mdqp/pssh_order_operate.html HTTP/1.1" 200 37
180.171.122.0 - - [17/May/2023:09:03:31 +0800] "POST /xingrg/kc/mdqp/pssh_order_operate.html HTTP/1.1" 200 14400
180.171.122.0 - - [17/May/2023:09:03:35 +0800] "POST /xingrg/kc/mdqp/pssh_order_operate.html HTTP/1.1" 200 37
180.171.122.0 - - [17/May/2023:09:03:39 +0800] "POST /xingrg/kc/mdqp/pssh_order_operate.html HTTP/1.1" 200 12
180.171.122.0 - - [17/May/2023:09:03:41 +0800] "GET /xingrg/kc/mdqp/pssh_order_info.html?code=312023051500310 HTTP/1.1" 200 14386
180.171.122.0 - - [17/May/2023:09:03:41 +0800] "GET /xingrg/javascript/jquery_tools/jquery-1.4.2.min.js HTTP/1.1" 404 1094
116.232.195.127 - - [17/May/2023:09:03:41 +0800] "GET /xingrg/all/function/internal_message.html?_=1684285467722&CODE_STATE=getMsg HTTP/1.1" 200 27
180.171.122.0 - - [17/May/2023:09:03:42 +0800] "GET /xingrg/javascript/easyui/themes/default/validatebox.css HTTP/1.1" 404 1104
180.171.122.0 - - [17/May/2023:09:03:42 +0800] "POST /xingrg/kc/mdqp/pssh_order_operate.html HTTP/1.1" 200 14400
116.238.139.35 - - [17/May/2023:09:03:42 +0800] "GET /xingrg/kc/buy/cgsh_order_operate.html?command=get_materiel&rest_code=00150&code=00101009001&supplier_code=00100022&order_time=2023-05-17 HTTP/1.1" 200 416
180.171.122.0 - - [17/May/2023:09:03:43 +0800] "GET /xingrg/kc/print/load_config.html?kc_code=pssh HTTP/1.1" 200 2368
180.171.122.0 - - [17/May/2023:09:03:44 +0800] "GET /xingrg/kc/print/load_data.html?order_code=312023051500310&kc_code=pssh&condition= HTTP/1.1" 200 5517
180.164.3.199 - - [17/May/2023:09:03:46 +0800] "POST /xingrg/services/DataTransmitService HTTP/1.1" 200 524
120.253.135.82 - - [17/May/2023:09:03:50 +0800] "GET /xingrg/kc/pszx/mdqp_order_list.html?state=10 HTTP/1.1" 200 10275
120.253.135.82 - - [17/May/2023:09:03:50 +0800] "GET /xingrg/dwr/interface/AjaxQqpsService.js HTTP/1.1" 200 16326
120.253.135.82 - - [17/May/2023:09:03:50 +0800] "GET /xingrg/dwr/interface/AjaxReportQueryService.js HTTP/1.1" 200 13203
120.253.135.82 - - [17/May/2023:09:03:50 +0800] "GET /xingrg/dwr/engine.js HTTP/1.1" 200 43631
114.83.219.197 - - [17/May/2023:09:03:51 +0800] "GET /xingrg/all/function/internal_message.html?_=1684285526661&CODE_STATE=getMsg HTTP/1.1" 200 27
114.83.219.197 - - [17/May/2023:09:03:51 +0800] "GET /xingrg/check_reg.html?_=1684285526665 HTTP/1.1" 200 22
222.67.238.82 - - [17/May/2023:09:03:51 +0800] "GET /xingrg/check_reg.html?_=1684284947698 HTTP/1.1" 302 -
222.67.238.82 - - [17/May/2023:09:03:51 +0800] "GET /xingrg/login.html HTTP/1.1" 200 7641
116.238.139.35 - - [17/May/2023:09:03:52 +0800] "GET /xingrg/kc/buy/cgsh_order_operate.html?command=get_materiel&rest_code=00150&code=00101009062&supplier_code=00100022&order_time=2023-05-17 HTTP/1.1" 200 412
120.253.135.82 - - [17/May/2023:09:03:54 +0800] "GET /xingrg/kc/pszx/mdps_order_list.html?orderType=0 HTTP/1.1" 200 21032
114.83.216.225 - - [17/May/2023:09:03:54 +0800] "GET /xingrg/kc/buy/cgsh_order_operate.html?command=get_materiel&rest_code=00149&code=00101008069&supplier_code=00100008&order_time=2023-05-17 HTTP/1.1" 200 412
116.224.158.100 - - [17/May/2023:09:03:54 +0800] "GET /xingrg/all/function/internal_message.html?_=1684285269237&CODE_STATE=getMsg HTTP/1.1" 200 27
116.224.158.100 - - [17/May/2023:09:03:54 +0800] "GET /xingrg/check_reg.html?_=1684285269232 HTTP/1.1" 200 22
120.253.135.82 - - [17/May/2023:09:03:54 +0800] "POST /xingrg/kc/pszx/mdps_list_operate.html HTTP/1.1" 200 5411
180.171.122.0 - - [17/May/2023:09:03:55 +0800] "POST /xingrg/kc/mdqp/pssh_list_operate.html HTTP/1.1" 200 1575
114.83.216.225 - - [17/May/2023:09:03:59 +0800] "GET /xingrg/all/function/internal_message.html?_=1684285437369&CODE_STATE=getMsg HTTP/1.1" 200 27
180.171.122.0 - - [17/May/2023:09:03:59 +0800] "GET /xingrg/kc/mdqp/pssh_order_list.html HTTP/1.1" 200 17806
120.253.135.82 - - [17/May/2023:09:03:59 +0800] "POST /xingrg/kc/pszx/mdps_list_operate.html HTTP/1.1" 200 3496
180.171.122.0 - - [17/May/2023:09:04:00 +0800] "POST /xingrg/kc/mdqp/pssh_list_operate.html HTTP/1.1" 200 5277
120.253.135.82 - - [17/May/2023:09:04:01 +0800] "GET /xingrg/all/function/internal_message.html?_=1684285278817&CODE_STATE=getMsg HTTP/1.1" 200 27
180.171.122.0 - - [17/May/2023:09:04:02 +0800] "POST /xingrg/kc/mdqp/pssh_list_operate.html HTTP/1.1" 200 352
120.253.135.82 - - [17/May/2023:09:04:03 +0800] "POST /xingrg/kc/pszx/mdps_list_operate.html HTTP/1.1" 200 202
114.83.216.225 - - [17/May/2023:09:04:04 +0800] "GET /xingrg/kc/buy/cgsh_order_operate.html?command=get_materiel&rest_code=00149&code=00101008286&supplier_code=00100008&order_time=2023-05-17 HTTP/1.1" 200 408
120.253.135.82 - - [17/May/2023:09:04:04 +0800] "POST /xingrg/kc/pszx/mdps_list_operate.html HTTP/1.1" 200 638
180.171.122.0 - - [17/May/2023:09:04:05 +0800] "GET /xingrg/kc/mdqp/pssh_order_info.html?code=312023051500313 HTTP/1.1" 200 17295
180.171.122.0 - - [17/May/2023:09:04:05 +0800] "GET /xingrg/javascript/jquery_tools/jquery-1.4.2.min.js HTTP/1.1" 404 1094
180.171.122.0 - - [17/May/2023:09:04:05 +0800] "GET /xingrg/javascript/easyui/themes/default/validatebox.css HTTP/1.1" 404 1104
180.171.122.0 - - [17/May/2023:09:04:05 +0800] "POST /xingrg/kc/mdqp/pssh_order_operate.html HTTP/1.1" 200 1056
120.253.135.82 - - [17/May/2023:09:04:06 +0800] "POST /xingrg/kc/pszx/mdps_list_operate.html HTTP/1.1" 200 508
116.238.139.35 - - [17/May/2023:09:04:07 +0800] "GET /xingrg/check_reg.html?_=1684285370621 HTTP/1.1" 200 22
116.238.139.35 - - [17/May/2023:09:04:08 +0800] "GET /xingrg/all/function/internal_message.html?_=1684285371433&CODE_STATE=getMsg HTTP/1.1" 200 27
116.238.139.35 - - [17/May/2023:09:04:14 +0800] "GET /xingrg/kc/buy/cgsh_order_operate.html?command=get_materiel&rest_code=00150&code=00101009011&supplier_code=00100022&order_time=2023-05-17 HTTP/1.1" 200 416
120.253.135.82 - - [17/May/2023:09:04:15 +0800] "POST /xingrg/kc/pszx/mdps_list_operate.html HTTP/1.1" 200 618
114.83.216.225 - - [17/May/2023:09:04:16 +0800] "GET /xingrg/kc/buy/cgsh_order_operate.html?command=get_materiel&rest_code=00149&code=00101008131&supplier_code=00100008&order_time=2023-05-17 HTTP/1.1" 200 409
116.224.158.100 - - [17/May/2023:09:04:17 +0800] "GET /xingrg/kc/buy/cgsh_order_operate.html?command=get_materiel&rest_code=00105&code=00101008036&supplier_code=00100203&order_time=2023-05-17 HTTP/1.1" 200 408
120.253.135.82 - - [17/May/2023:09:04:18 +0800] "POST /xingrg/kc/pszx/mdps_list_operate.html HTTP/1.1" 200 362
114.83.216.225 - - [17/May/2023:09:04:18 +0800] "POST /xingrg/kc/buy/cgsh_order_operate.html HTTP/1.1" 200 2065
120.253.135.82 - - [17/May/2023:09:04:20 +0800] "POST /xingrg/kc/pszx/mdps_list_operate.html HTTP/1.1" 200 620
180.171.122.0 - - [17/May/2023:09:04:21 +0800] "GET /xingrg/all/function/internal_message.html?_=1684285459717&CODE_STATE=getMsg HTTP/1.1" 200 27
116.224.158.100 - - [17/May/2023:09:04:22 +0800] "POST /xingrg/kc/buy/cgsh_order_operate.html HTTP/1.1" 200 2065
116.238.139.35 - - [17/May/2023:09:04:23 +0800] "GET /xingrg/kc/buy/cgsh_order_operate.html?command=get_materiel&rest_code=00150&code=00101009044&supplier_code=00100022&order_time=2023-05-17 HTTP/1.1" 200 413
120.253.135.82 - - [17/May/2023:09:04:25 +0800] "GET /xingrg/kc/pszx/mdps_order_info.html?code=312023051600336 HTTP/1.1" 200 23972
114.83.216.225 - - [17/May/2023:09:04:25 +0800] "GET /xingrg/kc/buy/cgsh_order_operate.html?command=get_materiel&rest_code=00149&code=00101008353&supplier_code=00100008&order_time=2023-05-17 HTTP/1.1" 200 408
120.253.135.82 - - [17/May/2023:09:04:25 +0800] "GET /xingrg/javascript/easyui/themes/default/validatebox.css HTTP/1.1" 404 1104
120.253.135.82 - - [17/May/2023:09:04:26 +0800] "POST /xingrg/kc/pszx/mdps_order_operate.html HTTP/1.1" 200 4796
114.83.216.225 - - [17/May/2023:09:04:35 +0800] "GET /xingrg/kc/buy/cgsh_order_operate.html?command=get_materiel&rest_code=00149&code=00101008359&supplier_code=00100008&order_time=2023-05-17 HTTP/1.1" 200 408
120.253.135.82 - - [17/May/2023:09:04:39 +0800] "GET /xingrg/check_reg.html?_=1684285316617 HTTP/1.1" 200 22
116.232.195.127 - - [17/May/2023:09:04:41 +0800] "GET /xingrg/all/function/internal_message.html?_=1684285527719&CODE_STATE=getMsg HTTP/1.1" 200 27
114.83.216.225 - - [17/May/2023:09:04:44 +0800] "GET /xingrg/kc/buy/cgsh_order_operate.html?command=get_materiel&rest_code=00149&code=00101008213&supplier_code=00100008&order_time=2023-05-17 HTTP/1.1" 200 412
114.83.219.197 - - [17/May/2023:09:04:51 +0800] "GET /xingrg/all/function/internal_message.html?_=1684285586662&CODE_STATE=getMsg HTTP/1.1" 200 27
116.238.139.35 - - [17/May/2023:09:04:52 +0800] "GET /xingrg/kc/buy/cgsh_order_operate.html?command=get_materiel&rest_code=00150&code=00101009004&supplier_code=00100022&order_time=2023-05-17 HTTP/1.1" 200 409
114.83.216.225 - - [17/May/2023:09:04:53 +0800] "GET /xingrg/kc/buy/cgsh_order_operate.html?command=get_materiel&rest_code=00149&code=00101008041&supplier_code=00100008&order_time=2023-05-17 HTTP/1.1" 200 408
116.224.158.100 - - [17/May/2023:09:04:54 +0800] "GET /xingrg/all/function/internal_message.html?_=1684285329244&CODE_STATE=getMsg HTTP/1.1" 200 27
120.253.135.82 - - [17/May/2023:09:04:57 +0800] "GET /xingrg/kc/pszx/mdps_order_info.html?code=312023051600337 HTTP/1.1" 200 23972
120.253.135.82 - - [17/May/2023:09:04:58 +0800] "GET /xingrg/javascript/easyui/themes/default/validatebox.css HTTP/1.1" 404 1104
120.253.135.82 - - [17/May/2023:09:04:58 +0800] "POST /xingrg/kc/pszx/mdps_order_operate.html HTTP/1.1" 200 3282
101.229.22.40 - - [17/May/2023:09:04:58 +0800] "GET /favicon.ico HTTP/1.1" 404 -
101.229.22.40 - - [17/May/2023:09:04:58 +0800] "GET /xingrg/login.html HTTP/1.1" 200 7641
114.83.216.225 - - [17/May/2023:09:04:59 +0800] "GET /xingrg/all/function/internal_message.html?_=1684285497371&CODE_STATE=getMsg HTTP/1.1" 200 27
101.229.22.40 - - [17/May/2023:09:04:59 +0800] "GET /xingrg/images/blue/jxLogo.png HTTP/1.1" 304 -
101.229.22.40 - - [17/May/2023:09:05:00 +0800] "GET /xingrg/images/blue/login_bg.png HTTP/1.1" 304 -
101.229.22.40 - - [17/May/2023:09:05:00 +0800] "GET /xingrg/images/blue/hj.png HTTP/1.1" 304 -
101.229.22.40 - - [17/May/2023:09:05:00 +0800] "GET /xingrg/images/blue/srbg.png HTTP/1.1" 304 -
101.229.22.40 - - [17/May/2023:09:05:00 +0800] "GET /favicon.ico HTTP/1.1" 404 -
120.253.135.82 - - [17/May/2023:09:05:01 +0800] "GET /xingrg/all/function/internal_message.html?_=1684285338829&CODE_STATE=getMsg HTTP/1.1" 200 27
116.238.139.35 - - [17/May/2023:09:05:01 +0800] "GET /xingrg/kc/buy/cgsh_order_operate.html?command=get_materiel&rest_code=00150&code=00101009031&supplier_code=00100022&order_time=2023-05-17 HTTP/1.1" 200 408
114.83.216.225 - - [17/May/2023:09:05:04 +0800] "GET /xingrg/kc/buy/cgsh_order_operate.html?command=get_materiel&rest_code=00149&code=00101015026&supplier_code=00100008&order_time=2023-05-17 HTTP/1.1" 200 412
120.253.135.82 - - [17/May/2023:09:05:07 +0800] "POST /xingrg/kc/pszx/mdps_list_operate.html HTTP/1.1" 200 3496
114.83.216.225 - - [17/May/2023:09:05:08 +0800] "POST /xingrg/kc/buy/cgsh_order_operate.html HTTP/1.1" 200 2065
116.238.139.35 - - [17/May/2023:09:05:08 +0800] "GET /xingrg/all/function/internal_message.html?_=1684285431446&CODE_STATE=getMsg HTTP/1.1" 200 27
120.253.135.82 - - [17/May/2023:09:05:09 +0800] "POST /xingrg/kc/pszx/mdps_list_operate.html HTTP/1.1" 200 618
120.253.135.82 - - [17/May/2023:09:05:10 +0800] "GET /xingrg/kc/pszx/mdps_order_info.html?code=312023051600338 HTTP/1.1" 200 23972
120.253.135.82 - - [17/May/2023:09:05:11 +0800] "GET /xingrg/javascript/easyui/themes/default/validatebox.css HTTP/1.1" 404 1104
120.253.135.82 - - [17/May/2023:09:05:11 +0800] "POST /xingrg/kc/pszx/mdps_order_operate.html HTTP/1.1" 200 4817
114.83.216.225 - - [17/May/2023:09:05:14 +0800] "GET /xingrg/kc/buy/cgsh_order_operate.html?command=get_materiel&rest_code=00149&code=00101008706&supplier_code=00100008&order_time=2023-05-17 HTTP/1.1" 200 413
101.229.22.40 - - [17/May/2023:09:05:15 +0800] "POST /xingrg/login.do HTTP/1.1" 302 -
101.229.22.40 - - [17/May/2023:09:05:15 +0800] "GET /xingrg/index.html?sysBaseUrl=http%3A%2F%2F180.169.147.146%3A18081%2Fxingrg%2F&costTime=796×tamp=1684285515190 HTTP/1.1" 200 17179
101.229.22.40 - - [17/May/2023:09:05:15 +0800] "GET /xingrg/javascript/jquery_easy_ui/themes/default/easyui.css HTTP/1.1" 304 -
101.229.22.40 - - [17/May/2023:09:05:15 +0800] "GET /xingrg/css/form.css HTTP/1.1" 304 -
101.229.22.40 - - [17/May/2023:09:05:15 +0800] "GET /xingrg/javascript/jquery.form.js HTTP/1.1" 304 -
101.229.22.40 - - [17/May/2023:09:05:15 +0800] "GET /xingrg/javascript/jquery_easy_ui/themes/icon.css HTTP/1.1" 304 -
101.229.22.40 - - [17/May/2023:09:05:15 +0800] "GET /xingrg/javascript/jquery-1.4.2.min.js HTTP/1.1" 304 -
101.229.22.40 - - [17/May/2023:09:05:15 +0800] "GET /xingrg/javascript/jquery_easy_ui/easyui-lang-zh_CN.js HTTP/1.1" 304 -
