120.35.150.98 - - [17/May/2023:09:09:37 +0800] "GET /xingrg/images/blue/bg2_topleft.gif HTTP/1.1" 200 193
120.35.150.98 - - [17/May/2023:09:09:37 +0800] "GET /xingrg/images/blue/bg2_topmid.gif HTTP/1.1" 200 47
120.35.150.98 - - [17/May/2023:09:09:37 +0800] "GET /xingrg/images/blue/bg2_topright.gif HTTP/1.1" 200 132
120.35.150.98 - - [17/May/2023:09:09:37 +0800] "GET /xingrg/images/blue/bg2_midleft.gif HTTP/1.1" 200 45
120.35.150.98 - - [17/May/2023:09:09:37 +0800] "GET /xingrg/images/blue/bg2_midright.gif HTTP/1.1" 200 45
120.35.150.98 - - [17/May/2023:09:09:37 +0800] "GET /xingrg/images/blue/bg2_bottomleft.gif HTTP/1.1" 200 299
120.35.150.98 - - [17/May/2023:09:09:37 +0800] "GET /xingrg/images/blue/bg2_bottommid.gif HTTP/1.1" 200 45
120.35.150.98 - - [17/May/2023:09:09:37 +0800] "GET /xingrg/images/blue/bg2_bottomright.gif HTTP/1.1" 200 284
120.35.150.98 - - [17/May/2023:09:09:37 +0800] "POST /xingrg/all/common/load_tree.html?tree=area_tree_json HTTP/1.1" 200 206
120.35.150.98 - - [17/May/2023:09:09:38 +0800] "GET /xingrg/images/blue/wait.gif HTTP/1.1" 200 1100
120.35.150.98 - - [17/May/2023:09:09:38 +0800] "GET /xingrg/javascript/jquery_easy_ui/themes/default/images/combo_arrow_dot.gif HTTP/1.1" 200 79
120.35.150.98 - - [17/May/2023:09:09:38 +0800] "GET /xingrg/javascript/jquery_easy_ui/themes/default/images/calendar_prevmonth.gif HTTP/1.1" 200 66
120.35.150.98 - - [17/May/2023:09:09:38 +0800] "GET /xingrg/javascript/jquery_easy_ui/themes/default/images/calendar_nextmonth.gif HTTP/1.1" 200 64
120.35.150.98 - - [17/May/2023:09:09:38 +0800] "GET /xingrg/javascript/jquery_easy_ui/themes/default/images/calendar_prevyear.gif HTTP/1.1" 200 76
120.35.150.98 - - [17/May/2023:09:09:38 +0800] "GET /xingrg/javascript/jquery_easy_ui/themes/default/images/calendar_nextyear.gif HTTP/1.1" 200 75
120.35.150.98 - - [17/May/2023:09:09:38 +0800] "GET /favicon.ico HTTP/1.1" 404 -
120.35.150.98 - - [17/May/2023:09:09:38 +0800] "POST /xingrg/all/common/load_tree.html?tree=area_tree_json HTTP/1.1" 200 206
120.35.150.98 - - [17/May/2023:09:09:38 +0800] "POST /xingrg/all/common/load_tree.html?tree=area_rest_tree_json HTTP/1.1" 200 3499
120.35.150.98 - - [17/May/2023:09:09:38 +0800] "POST /xingrg/dwr/call/plaincall/AjaxKcSupplierService.modifyKcSupplier.dwr HTTP/1.1" 200 118
120.35.150.98 - - [17/May/2023:09:09:38 +0800] "POST /xingrg/all/common/load_tree.html?tree=area_tree_json HTTP/1.1" 200 206
120.35.150.98 - - [17/May/2023:09:09:38 +0800] "GET /xingrg/javascript/jquery_easy_ui/themes/default/images/tree_checkbox_0.gif HTTP/1.1" 200 168
120.35.150.98 - - [17/May/2023:09:09:38 +0800] "POST /xingrg/all/common/load_tree.html?tree=area_rest_tree_json&defaultRests= HTTP/1.1" 200 3499
120.35.150.98 - - [17/May/2023:09:09:38 +0800] "POST /xingrg/all/common/load_tree.html?tree=area_rest_tree_json&areaId=1&defaultRests= HTTP/1.1" 200 3499
120.253.135.82 - - [17/May/2023:09:09:39 +0800] "GET /xingrg/check_reg.html?_=1684285616623 HTTP/1.1" 200 22
120.35.150.98 - - [17/May/2023:09:09:41 +0800] "POST /xingrg/dwr/call/plaincall/AjaxGetFirstChart.getFirstChart.dwr HTTP/1.1" 200 77
116.232.195.127 - - [17/May/2023:09:09:41 +0800] "GET /xingrg/all/function/internal_message.html?_=1684285827720&CODE_STATE=getMsg HTTP/1.1" 200 27
180.156.206.150 - - [17/May/2023:09:09:42 +0800] "POST /xingrg/services/DataTransmitService HTTP/1.1" 200 524
120.35.150.98 - - [17/May/2023:09:09:42 +0800] "POST /xingrg/dwr/call/plaincall/AjaxGetFirstChart.getFirstChart.dwr HTTP/1.1" 200 79
114.83.219.197 - - [17/May/2023:09:09:51 +0800] "GET /xingrg/all/function/internal_message.html?_=1684285886672&CODE_STATE=getMsg HTTP/1.1" 200 27
120.35.150.98 - - [17/May/2023:09:09:51 +0800] "POST /xingrg/dwr/call/plaincall/AjaxKcSupplierService.modifyKcSupplier.dwr HTTP/1.1" 200 76
120.35.150.98 - - [17/May/2023:09:09:52 +0800] "POST /xingrg/system/supplier/kc_supplier_operate.html HTTP/1.1" 200 101063
116.224.158.100 - - [17/May/2023:09:09:54 +0800] "GET /xingrg/all/function/internal_message.html?_=1684285629247&CODE_STATE=getMsg HTTP/1.1" 200 27
120.35.150.98 - - [17/May/2023:09:09:56 +0800] "GET /xingrg/system/supplier/kcSupplier_info.html?isAdd=1&type=area&id=1 HTTP/1.1" 200 26454
120.35.150.98 - - [17/May/2023:09:09:56 +0800] "GET /xingrg/css/blue.css HTTP/1.1" 304 -
120.35.150.98 - - [17/May/2023:09:09:56 +0800] "GET /xingrg/javascript/jquery_easy_ui/themes/default/easyui.css HTTP/1.1" 304 -
120.35.150.98 - - [17/May/2023:09:09:56 +0800] "GET /xingrg/javascript/jquery_easy_ui/themes/icon.css HTTP/1.1" 304 -
120.35.150.98 - - [17/May/2023:09:09:56 +0800] "GET /xingrg/javascript/jquery-1.4.2.min.js HTTP/1.1" 304 -
120.35.150.98 - - [17/May/2023:09:09:56 +0800] "GET /xingrg/javascript/jquery_easy_ui/jquery.easyui.min.js HTTP/1.1" 304 -
120.35.150.98 - - [17/May/2023:09:09:56 +0800] "GET /xingrg/javascript/jquery_easy_ui/easyui-lang-zh_CN.js HTTP/1.1" 304 -
120.35.150.98 - - [17/May/2023:09:09:56 +0800] "GET /xingrg/javascript/pic_change.js HTTP/1.1" 304 -
120.35.150.98 - - [17/May/2023:09:09:56 +0800] "GET /xingrg/dwr/interface/AjaxKcSupplierService.js HTTP/1.1" 200 13003
120.35.150.98 - - [17/May/2023:09:09:56 +0800] "GET /xingrg/dwr/interface/AjaxGetFirstChart.js HTTP/1.1" 200 631
120.35.150.98 - - [17/May/2023:09:09:56 +0800] "GET /xingrg/dwr/engine.js HTTP/1.1" 200 43631
120.35.150.98 - - [17/May/2023:09:09:56 +0800] "GET /xingrg/dwr/util.js HTTP/1.1" 304 -
120.35.150.98 - - [17/May/2023:09:09:56 +0800] "GET /xingrg/javascript/checkform.js HTTP/1.1" 304 -
120.35.150.98 - - [17/May/2023:09:09:56 +0800] "GET /xingrg/javascript/myfunction.js HTTP/1.1" 304 -
120.35.150.98 - - [17/May/2023:09:09:56 +0800] "GET /xingrg/javascript/ToolTips.js HTTP/1.1" 304 -
120.35.150.98 - - [17/May/2023:09:09:56 +0800] "GET /xingrg/javascript/uploader/ajaxfileupload.js HTTP/1.1" 304 -
120.35.150.98 - - [17/May/2023:09:09:56 +0800] "GET /xingrg/images/blue/bg2_topmid.gif HTTP/1.1" 304 -
120.35.150.98 - - [17/May/2023:09:09:56 +0800] "GET /xingrg/images/blue/bg2_bottomright.gif HTTP/1.1" 304 -
120.35.150.98 - - [17/May/2023:09:09:56 +0800] "GET /xingrg/images/blue/bg2_bottommid.gif HTTP/1.1" 304 -
120.35.150.98 - - [17/May/2023:09:09:56 +0800] "GET /xingrg/images/blue/bg2_bottomleft.gif HTTP/1.1" 304 -
120.35.150.98 - - [17/May/2023:09:09:56 +0800] "GET /xingrg/images/blue/bg2_midright.gif HTTP/1.1" 304 -
120.35.150.98 - - [17/May/2023:09:09:56 +0800] "GET /xingrg/images/blue/bg2_midleft.gif HTTP/1.1" 304 -
120.35.150.98 - - [17/May/2023:09:09:56 +0800] "GET /xingrg/images/blue/bg2_topleft.gif HTTP/1.1" 304 -
120.35.150.98 - - [17/May/2023:09:09:56 +0800] "GET /xingrg/images/blue/bg2_topright.gif HTTP/1.1" 304 -
120.35.150.98 - - [17/May/2023:09:09:56 +0800] "GET /xingrg/images/blue/bg2_top.gif HTTP/1.1" 304 -
120.35.150.98 - - [17/May/2023:09:09:57 +0800] "POST /xingrg/all/common/load_tree.html?tree=area_tree_json HTTP/1.1" 200 206
120.35.150.98 - - [17/May/2023:09:09:57 +0800] "GET /xingrg/images/blue/wait.gif HTTP/1.1" 304 -
120.35.150.98 - - [17/May/2023:09:09:57 +0800] "GET /xingrg/javascript/jquery_easy_ui/themes/default/images/calendar_prevmonth.gif HTTP/1.1" 304 -
120.35.150.98 - - [17/May/2023:09:09:57 +0800] "GET /xingrg/javascript/jquery_easy_ui/themes/default/images/combo_arrow_dot.gif HTTP/1.1" 304 -
120.35.150.98 - - [17/May/2023:09:09:57 +0800] "GET /xingrg/javascript/jquery_easy_ui/themes/default/images/calendar_prevyear.gif HTTP/1.1" 304 -
120.35.150.98 - - [17/May/2023:09:09:57 +0800] "GET /xingrg/javascript/jquery_easy_ui/themes/default/images/calendar_nextyear.gif HTTP/1.1" 304 -
120.35.150.98 - - [17/May/2023:09:09:57 +0800] "GET /xingrg/javascript/jquery_easy_ui/themes/default/images/calendar_nextmonth.gif HTTP/1.1" 304 -
120.35.150.98 - - [17/May/2023:09:09:57 +0800] "POST /xingrg/all/common/load_tree.html?tree=area_tree_json HTTP/1.1" 200 206
120.35.150.98 - - [17/May/2023:09:09:57 +0800] "POST /xingrg/dwr/call/plaincall/AjaxKcSupplierService.modifyKcSupplier.dwr HTTP/1.1" 200 118
120.35.150.98 - - [17/May/2023:09:09:57 +0800] "POST /xingrg/all/common/load_tree.html?tree=area_rest_tree_json HTTP/1.1" 200 3499
120.35.150.98 - - [17/May/2023:09:09:57 +0800] "POST /xingrg/all/common/load_tree.html?tree=area_tree_json HTTP/1.1" 200 206
120.35.150.98 - - [17/May/2023:09:09:57 +0800] "POST /xingrg/all/common/load_tree.html?tree=area_rest_tree_json&defaultRests= HTTP/1.1" 200 3499
120.35.150.98 - - [17/May/2023:09:09:57 +0800] "POST /xingrg/all/common/load_tree.html?tree=area_rest_tree_json&areaId=1&defaultRests= HTTP/1.1" 200 3499
114.83.216.225 - - [17/May/2023:09:09:59 +0800] "GET /xingrg/all/function/internal_message.html?_=1684285797385&CODE_STATE=getMsg HTTP/1.1" 200 27
120.253.135.82 - - [17/May/2023:09:10:01 +0800] "GET /xingrg/all/function/internal_message.html?_=1684285639257&CODE_STATE=getMsg HTTP/1.1" 200 27
116.224.158.100 - - [17/May/2023:09:10:09 +0800] "GET /xingrg/kc/buy/cgsh_order_operate.html?command=get_materiel&rest_code=00105&code=00101008168&supplier_code=00100203&order_time=2023-05-17 HTTP/1.1" 200 413
101.229.22.40 - - [17/May/2023:09:10:15 +0800] "GET /xingrg/check_reg.html?_=1684285815649 HTTP/1.1" 200 22
101.229.22.40 - - [17/May/2023:09:10:15 +0800] "GET /xingrg/all/function/internal_message.html?_=1684285815653&CODE_STATE=getMsg HTTP/1.1" 200 27
180.171.122.0 - - [17/May/2023:09:10:21 +0800] "GET /xingrg/all/function/internal_message.html?_=1684285819715&CODE_STATE=getMsg HTTP/1.1" 200 27
116.238.139.35 - - [17/May/2023:09:10:36 +0800] "GET /xingrg/all/function/internal_message.html?_=1684285759426&CODE_STATE=getMsg HTTP/1.1" 200 27
116.232.195.127 - - [17/May/2023:09:10:41 +0800] "GET /xingrg/all/function/internal_message.html?_=1684285887716&CODE_STATE=getMsg HTTP/1.1" 200 27
114.83.219.197 - - [17/May/2023:09:10:51 +0800] "GET /xingrg/all/function/internal_message.html?_=1684285946665&CODE_STATE=getMsg HTTP/1.1" 200 27
116.224.158.100 - - [17/May/2023:09:10:54 +0800] "GET /xingrg/all/function/internal_message.html?_=1684285689242&CODE_STATE=getMsg HTTP/1.1" 200 27
114.83.216.225 - - [17/May/2023:09:10:59 +0800] "GET /xingrg/all/function/internal_message.html?_=1684285857398&CODE_STATE=getMsg HTTP/1.1" 200 27
120.253.135.82 - - [17/May/2023:09:11:01 +0800] "GET /xingrg/all/function/internal_message.html?_=1684285699270&CODE_STATE=getMsg HTTP/1.1" 200 27
101.229.22.40 - - [17/May/2023:09:11:15 +0800] "GET /xingrg/all/function/internal_message.html?_=1684285875652&CODE_STATE=getMsg HTTP/1.1" 200 27
180.171.122.0 - - [17/May/2023:09:11:21 +0800] "GET /xingrg/all/function/internal_message.html?_=1684285879716&CODE_STATE=getMsg HTTP/1.1" 200 27
116.224.158.100 - - [17/May/2023:09:11:22 +0800] "GET /xingrg/kc/buy/cgsh_order_operate.html?command=get_materiel&rest_code=00105&code=00101008568&supplier_code=00100203&order_time=2023-05-17 HTTP/1.1" 200 412
116.238.139.35 - - [17/May/2023:09:11:36 +0800] "GET /xingrg/all/function/internal_message.html?_=1684285819436&CODE_STATE=getMsg HTTP/1.1" 200 27
116.224.158.100 - - [17/May/2023:09:11:39 +0800] "GET /xingrg/kc/buy/cgsh_order_operate.html?command=get_materiel&rest_code=00105&code=00101008509&supplier_code=00100203&order_time=2023-05-17 HTTP/1.1" 200 409
116.232.195.127 - - [17/May/2023:09:11:41 +0800] "GET /xingrg/check_reg.html?_=1684285947709 HTTP/1.1" 200 22
116.232.195.127 - - [17/May/2023:09:11:41 +0800] "GET /xingrg/all/function/internal_message.html?_=1684285947712&CODE_STATE=getMsg HTTP/1.1" 200 27
116.224.158.100 - - [17/May/2023:09:11:43 +0800] "POST /xingrg/kc/buy/cgsh_order_operate.html HTTP/1.1" 200 2065
114.83.219.197 - - [17/May/2023:09:11:51 +0800] "GET /xingrg/all/function/internal_message.html?_=1684286006666&CODE_STATE=getMsg HTTP/1.1" 200 27
116.224.158.100 - - [17/May/2023:09:11:54 +0800] "GET /xingrg/all/function/internal_message.html?_=1684285749264&CODE_STATE=getMsg HTTP/1.1" 200 27
116.238.139.35 - - [17/May/2023:09:11:58 +0800] "POST /xingrg/kc/buy/cgsh_order_operate.html HTTP/1.1" 200 37
114.83.216.225 - - [17/May/2023:09:11:59 +0800] "GET /xingrg/all/function/internal_message.html?_=1684285917414&CODE_STATE=getMsg HTTP/1.1" 200 27
114.83.216.225 - - [17/May/2023:09:11:59 +0800] "GET /xingrg/check_reg.html?_=1684285917417 HTTP/1.1" 200 22
120.253.135.82 - - [17/May/2023:09:12:02 +0800] "GET /xingrg/all/function/internal_message.html?_=1684285759496&CODE_STATE=getMsg HTTP/1.1" 200 27
116.238.139.35 - - [17/May/2023:09:12:05 +0800] "POST /xingrg/kc/buy/cgsh_order_operate.html HTTP/1.1" 200 12
114.83.216.225 - - [17/May/2023:09:12:12 +0800] "GET /xingrg/javascript/jquery_tools/images/prev.gif HTTP/1.1" 404 1086
114.83.216.225 - - [17/May/2023:09:12:12 +0800] "GET /xingrg/javascript/jquery_tools/images/next.gif HTTP/1.1" 404 1086
116.238.139.35 - - [17/May/2023:09:12:14 +0800] "GET /xingrg/kc/buy/cgsh_order_info.html?code=212023051706184 HTTP/1.1" 200 65927
116.238.139.35 - - [17/May/2023:09:12:14 +0800] "GET /xingrg/javascript/easyui/themes/default/validatebox.css HTTP/1.1" 404 1104
116.238.139.35 - - [17/May/2023:09:12:15 +0800] "POST /xingrg/kc/buy/cgsh_order_operate.html HTTP/1.1" 200 4215
101.229.22.40 - - [17/May/2023:09:12:15 +0800] "GET /xingrg/all/function/internal_message.html?_=1684285935643&CODE_STATE=getMsg HTTP/1.1" 200 27
116.238.139.35 - - [17/May/2023:09:12:17 +0800] "GET /xingrg/kc/print/load_data.html?order_code=212023051706184&kc_code=cgsh&condition= HTTP/1.1" 200 2182
114.83.216.225 - - [17/May/2023:09:12:18 +0800] "GET /xingrg/kc/buy/cgsh_order_operate.html?command=get_materiel&rest_code=00149&code=00101009109&supplier_code=00100201&order_time=2023-05-17 HTTP/1.1" 200 413
180.171.122.0 - - [17/May/2023:09:12:21 +0800] "GET /xingrg/all/function/internal_message.html?_=1684285939717&CODE_STATE=getMsg HTTP/1.1" 200 27
116.224.158.100 - - [17/May/2023:09:12:24 +0800] "GET /xingrg/kc/buy/cgsh_order_operate.html?command=get_materiel&rest_code=00105&code=00101008123&supplier_code=00100203&order_time=2023-05-17 HTTP/1.1" 200 412
116.238.139.35 - - [17/May/2023:09:12:32 +0800] "GET /xingrg/javascript/jquery_easy_ui/themes/default/images/tabs_active.png HTTP/1.1" 304 -
116.238.139.35 - - [17/May/2023:09:12:34 +0800] "GET /xingrg/kc/buy/cgsh_order_add.html HTTP/1.1" 200 71016
116.238.139.35 - - [17/May/2023:09:12:35 +0800] "POST /xingrg/kc/buy/cgsh_order_operate.html HTTP/1.1" 200 8245
116.238.139.35 - - [17/May/2023:09:12:35 +0800] "GET /xingrg/javascript/easyui/themes/default/validatebox.css HTTP/1.1" 404 1104
116.238.139.35 - - [17/May/2023:09:12:36 +0800] "GET /xingrg/check_reg.html?_=1684285879316 HTTP/1.1" 200 22
116.238.139.35 - - [17/May/2023:09:12:36 +0800] "GET /xingrg/all/function/internal_message.html?_=1684285879450&CODE_STATE=getMsg HTTP/1.1" 200 27
116.232.195.127 - - [17/May/2023:09:12:41 +0800] "GET /xingrg/all/function/internal_message.html?_=1684286007703&CODE_STATE=getMsg HTTP/1.1" 200 27
114.83.216.225 - - [17/May/2023:09:12:50 +0800] "GET /xingrg/kc/buy/cgsh_order_operate.html?command=get_materiel&rest_code=00149&code=00101009062&supplier_code=00100201&order_time=2023-05-17 HTTP/1.1" 200 412
114.83.219.197 - - [17/May/2023:09:12:51 +0800] "GET /xingrg/all/function/internal_message.html?_=1684286066664&CODE_STATE=getMsg HTTP/1.1" 200 27
116.224.158.100 - - [17/May/2023:09:12:54 +0800] "GET /xingrg/all/function/internal_message.html?_=1684285809315&CODE_STATE=getMsg HTTP/1.1" 200 27
114.83.216.225 - - [17/May/2023:09:12:59 +0800] "GET /xingrg/all/function/internal_message.html?_=1684285977398&CODE_STATE=getMsg HTTP/1.1" 200 27
120.253.135.82 - - [17/May/2023:09:13:02 +0800] "GET /xingrg/all/function/internal_message.html?_=1684285819500&CODE_STATE=getMsg HTTP/1.1" 200 27
114.83.216.225 - - [17/May/2023:09:13:03 +0800] "GET /xingrg/kc/buy/cgsh_order_operate.html?command=get_materiel&rest_code=00149&code=00101009011&supplier_code=00100201&order_time=2023-05-17 HTTP/1.1" 200 416
114.83.216.225 - - [17/May/2023:09:13:12 +0800] "GET /xingrg/kc/buy/cgsh_order_operate.html?command=get_materiel&rest_code=00149&code=00101009123&supplier_code=00100201&order_time=2023-05-17 HTTP/1.1" 200 406
101.229.22.40 - - [17/May/2023:09:13:15 +0800] "GET /xingrg/all/function/internal_message.html?_=1684285995647&CODE_STATE=getMsg HTTP/1.1" 200 27
116.224.158.100 - - [17/May/2023:09:13:15 +0800] "GET /xingrg/kc/buy/cgsh_order_operate.html?command=get_materiel&rest_code=00105&code=00101015113&supplier_code=00100203&order_time=2023-05-17 HTTP/1.1" 200 416
180.171.122.0 - - [17/May/2023:09:13:21 +0800] "GET /xingrg/all/function/internal_message.html?_=1684285999717&CODE_STATE=getMsg HTTP/1.1" 200 27
180.171.122.0 - - [17/May/2023:09:13:21 +0800] "GET /xingrg/check_reg.html?_=1684285999718 HTTP/1.1" 200 22
114.83.216.225 - - [17/May/2023:09:13:25 +0800] "GET /xingrg/kc/buy/cgsh_order_operate.html?command=get_materiel&rest_code=00149&code=00101009060&supplier_code=00100201&order_time=2023-05-17 HTTP/1.1" 200 409
114.83.216.225 - - [17/May/2023:09:13:34 +0800] "GET /xingrg/kc/buy/cgsh_order_operate.html?command=get_materiel&rest_code=00149&code=00101009025&supplier_code=00100201&order_time=2023-05-17 HTTP/1.1" 200 408
116.238.139.35 - - [17/May/2023:09:13:36 +0800] "GET /xingrg/all/function/internal_message.html?_=1684285939464&CODE_STATE=getMsg HTTP/1.1" 200 27
116.232.195.127 - - [17/May/2023:09:13:41 +0800] "GET /xingrg/all/function/internal_message.html?_=1684286067721&CODE_STATE=getMsg HTTP/1.1" 200 27
116.224.158.100 - - [17/May/2023:09:13:43 +0800] "POST /xingrg/kc/buy/cgsh_order_operate.html HTTP/1.1" 200 37
114.83.216.225 - - [17/May/2023:09:13:46 +0800] "GET /xingrg/kc/buy/cgsh_order_operate.html?command=get_materiel&rest_code=00149&code=00101009059&supplier_code=00100201&order_time=2023-05-17 HTTP/1.1" 200 408
116.224.158.100 - - [17/May/2023:09:13:46 +0800] "POST /xingrg/kc/buy/cgsh_order_operate.html HTTP/1.1" 200 27476
114.83.219.197 - - [17/May/2023:09:13:51 +0800] "GET /xingrg/all/function/internal_message.html?_=1684286126654&CODE_STATE=getMsg HTTP/1.1" 200 27
114.83.219.197 - - [17/May/2023:09:13:51 +0800] "GET /xingrg/check_reg.html?_=1684286126656 HTTP/1.1" 200 22
116.224.158.100 - - [17/May/2023:09:13:54 +0800] "GET /xingrg/check_reg.html?_=1684285869268 HTTP/1.1" 200 22
116.224.158.100 - - [17/May/2023:09:13:54 +0800] "GET /xingrg/all/function/internal_message.html?_=1684285869295&CODE_STATE=getMsg HTTP/1.1" 200 27
114.83.216.225 - - [17/May/2023:09:13:59 +0800] "GET /xingrg/all/function/internal_message.html?_=1684286037430&CODE_STATE=getMsg HTTP/1.1" 200 27
120.253.135.82 - - [17/May/2023:09:14:02 +0800] "GET /xingrg/all/function/internal_message.html?_=1684285879719&CODE_STATE=getMsg HTTP/1.1" 200 27
116.224.158.100 - - [17/May/2023:09:14:06 +0800] "GET /xingrg/kc/buy/cgsh_order_operate.html?command=get_materiel&rest_code=00105&code=00101008312&supplier_code=00100203&order_time=2023-05-17 HTTP/1.1" 200 412
114.83.216.225 - - [17/May/2023:09:14:10 +0800] "POST /xingrg/kc/buy/cgsh_order_operate.html HTTP/1.1" 200 37
101.229.22.40 - - [17/May/2023:09:14:15 +0800] "GET /xingrg/all/function/internal_message.html?_=1684286055653&CODE_STATE=getMsg HTTP/1.1" 200 27
114.83.216.225 - - [17/May/2023:09:14:16 +0800] "POST /xingrg/kc/buy/cgsh_order_operate.html HTTP/1.1" 200 12
114.83.216.225 - - [17/May/2023:09:14:18 +0800] "GET /xingrg/kc/buy/cgsh_order_info.html?code=212023051706185 HTTP/1.1" 200 66403
114.83.216.225 - - [17/May/2023:09:14:19 +0800] "GET /xingrg/javascript/easyui/themes/default/validatebox.css HTTP/1.1" 404 1104
114.83.216.225 - - [17/May/2023:09:14:20 +0800] "POST /xingrg/kc/buy/cgsh_order_operate.html HTTP/1.1" 200 4139
180.171.122.0 - - [17/May/2023:09:14:21 +0800] "GET /xingrg/all/function/internal_message.html?_=1684286059716&CODE_STATE=getMsg HTTP/1.1" 200 27
114.83.216.225 - - [17/May/2023:09:14:22 +0800] "GET /xingrg/kc/print/load_data.html?order_code=212023051706185&kc_code=cgsh&condition= HTTP/1.1" 200 2049
222.70.110.223 - - [17/May/2023:09:14:26 +0800] "POST /xingrg/services/DataTransmitService HTTP/1.1" 200 524
114.83.216.225 - - [17/May/2023:09:14:27 +0800] "GET /xingrg/kc/buy/cgsh_order_add.html HTTP/1.1" 200 71494
114.83.216.225 - - [17/May/2023:09:14:27 +0800] "POST /xingrg/kc/buy/cgsh_order_operate.html HTTP/1.1" 200 8245
114.83.216.225 - - [17/May/2023:09:14:27 +0800] "GET /xingrg/javascript/easyui/themes/default/validatebox.css HTTP/1.1" 404 1104
116.224.158.100 - - [17/May/2023:09:14:34 +0800] "GET /xingrg/kc/buy/cgsh_order_operate.html?command=get_materiel&rest_code=00105&code=00101008502&supplier_code=00100203&order_time=2023-05-17 HTTP/1.1" 200 412
116.238.139.35 - - [17/May/2023:09:14:36 +0800] "GET /xingrg/all/function/internal_message.html?_=1684285999478&CODE_STATE=getMsg HTTP/1.1" 200 27
120.253.135.82 - - [17/May/2023:09:14:39 +0800] "GET /xingrg/check_reg.html?_=1684285916630 HTTP/1.1" 200 22
116.232.195.127 - - [17/May/2023:09:14:41 +0800] "GET /xingrg/all/function/internal_message.html?_=1684286127712&CODE_STATE=getMsg HTTP/1.1" 200 27
114.83.219.197 - - [17/May/2023:09:14:51 +0800] "GET /xingrg/all/function/internal_message.html?_=1684286186671&CODE_STATE=getMsg HTTP/1.1" 200 27
101.229.22.40 - - [17/May/2023:09:14:52 +0800] "GET /xingrg/kc/base/wldb_order_list.html HTTP/1.1" 200 19104
101.229.22.40 - - [17/May/2023:09:14:52 +0800] "POST /xingrg/kc/base/wldb_list_operate.html HTTP/1.1" 200 928
116.238.139.35 - - [17/May/2023:09:14:54 +0800] "GET /xingrg/kc/buy/cgsh_order_operate.html?command=get_materiel&rest_code=00151&code=00101016033&supplier_code=00100096&order_time=2023-05-17 HTTP/1.1" 200 412
116.224.158.100 - - [17/May/2023:09:14:54 +0800] "GET /xingrg/all/function/internal_message.html?_=1684285929278&CODE_STATE=getMsg HTTP/1.1" 200 27
101.229.22.40 - - [17/May/2023:09:14:56 +0800] "GET /xingrg/kc/base/wldb_order_add.html HTTP/1.1" 200 30391
101.229.22.40 - - [17/May/2023:09:14:56 +0800] "POST /xingrg/kc/base/wldb_order_operate.html HTTP/1.1" 200 6806
101.229.22.40 - - [17/May/2023:09:14:56 +0800] "GET /xingrg/all/common/auto_word.html?type=base&rest_code=00142 HTTP/1.1" 200 719
101.229.22.40 - - [17/May/2023:09:14:56 +0800] "GET /xingrg/all/common/auto_word.html?type=base&rest_code=00142 HTTP/1.1" 200 719
101.229.22.40 - - [17/May/2023:09:14:56 +0800] "GET /xingrg/javascript/easyui/themes/default/validatebox.css HTTP/1.1" 404 1104
116.224.158.100 - - [17/May/2023:09:14:59 +0800] "GET /xingrg/kc/buy/cgsh_order_operate.html?command=get_materiel&rest_code=00105&code=00101008064&supplier_code=00100203&order_time=2023-05-17 HTTP/1.1" 200 412
114.83.216.225 - - [17/May/2023:09:14:59 +0800] "GET /xingrg/all/function/internal_message.html?_=1684286097769&CODE_STATE=getMsg HTTP/1.1" 200 27
180.171.122.0 - - [17/May/2023:09:15:00 +0800] "POST /xingrg/kc/mdqp/pssh_list_operate.html HTTP/1.1" 200 258
120.253.135.82 - - [17/May/2023:09:15:02 +0800] "GET /xingrg/all/function/internal_message.html?_=1684285939730&CODE_STATE=getMsg HTTP/1.1" 200 27
180.171.122.0 - - [17/May/2023:09:15:02 +0800] "GET /xingrg/kc/mdqp/pssh_order_info.html?code=312023051500311 HTTP/1.1" 200 14382
180.171.122.0 - - [17/May/2023:09:15:02 +0800] "GET /xingrg/javascript/jquery_tools/jquery-1.4.2.min.js HTTP/1.1" 404 1094
180.171.122.0 - - [17/May/2023:09:15:02 +0800] "GET /xingrg/javascript/easyui/themes/default/validatebox.css HTTP/1.1" 404 1104
180.171.122.0 - - [17/May/2023:09:15:03 +0800] "POST /xingrg/kc/mdqp/pssh_order_operate.html HTTP/1.1" 200 528
116.238.139.35 - - [17/May/2023:09:15:04 +0800] "GET /xingrg/kc/buy/cgsh_order_operate.html?command=get_materiel&rest_code=00151&code=00101016025&supplier_code=00100096&order_time=2023-05-17 HTTP/1.1" 200 410
180.171.122.0 - - [17/May/2023:09:15:05 +0800] "GET /xingrg/kc/print/load_data.html?order_code=312023051500311&kc_code=pssh&condition= HTTP/1.1" 200 648
116.224.158.100 - - [17/May/2023:09:15:13 +0800] "GET /xingrg/kc/buy/cgsh_order_operate.html?command=get_materiel&rest_code=00105&code=00101008126&supplier_code=00100203&order_time=2023-05-17 HTTP/1.1" 200 412
116.238.139.35 - - [17/May/2023:09:15:15 +0800] "GET /xingrg/kc/buy/cgsh_order_operate.html?command=get_materiel&rest_code=00151&code=00101012039&supplier_code=00100096&order_time=2023-05-17 HTTP/1.1" 200 408
101.229.22.40 - - [17/May/2023:09:15:15 +0800] "GET /xingrg/check_reg.html?_=1684286115667 HTTP/1.1" 200 22
101.229.22.40 - - [17/May/2023:09:15:15 +0800] "GET /xingrg/all/function/internal_message.html?_=1684286115670&CODE_STATE=getMsg HTTP/1.1" 200 27
180.171.122.0 - - [17/May/2023:09:15:21 +0800] "GET /xingrg/all/function/internal_message.html?_=1684286119726&CODE_STATE=getMsg HTTP/1.1" 200 27
116.238.139.35 - - [17/May/2023:09:15:33 +0800] "GET /xingrg/kc/buy/cgsh_order_operate.html?command=get_materiel&rest_code=00151&code=00101012044&supplier_code=00100096&order_time=2023-05-17 HTTP/1.1" 200 408
116.238.139.35 - - [17/May/2023:09:15:36 +0800] "GET /xingrg/all/function/internal_message.html?_=1684286059492&CODE_STATE=getMsg HTTP/1.1" 200 27
116.232.195.127 - - [17/May/2023:09:15:41 +0800] "GET /xingrg/all/function/internal_message.html?_=1684286187714&CODE_STATE=getMsg HTTP/1.1" 200 27
114.83.216.225 - - [17/May/2023:09:15:43 +0800] "GET /xingrg/kc/buy/cgsh_order_operate.html?command=get_materiel&rest_code=00149&code=00102013049&supplier_code=00100075&order_time=2023-05-17 HTTP/1.1" 200 409
116.238.139.35 - - [17/May/2023:09:15:48 +0800] "GET /xingrg/kc/buy/cgsh_order_operate.html?command=get_materiel&rest_code=00151&code=00101001010&supplier_code=00100096&order_time=2023-05-17 HTTP/1.1" 200 411
180.164.3.199 - - [17/May/2023:09:15:49 +0800] "POST /xingrg/services/DataTransmitService HTTP/1.1" 200 524
114.83.219.197 - - [17/May/2023:09:15:51 +0800] "GET /xingrg/all/function/internal_message.html?_=1684286246660&CODE_STATE=getMsg HTTP/1.1" 200 27
116.224.158.100 - - [17/May/2023:09:15:54 +0800] "GET /xingrg/all/function/internal_message.html?_=1684285989286&CODE_STATE=getMsg HTTP/1.1" 200 27
101.229.22.40 - - [17/May/2023:09:15:56 +0800] "GET /xingrg/javascript/jquery_tools/images/prev.gif HTTP/1.1" 404 1086
101.229.22.40 - - [17/May/2023:09:15:56 +0800] "GET /xingrg/javascript/jquery_tools/images/next.gif HTTP/1.1" 404 1086
114.83.216.225 - - [17/May/2023:09:15:58 +0800] "POST /xingrg/kc/buy/cgsh_order_operate.html HTTP/1.1" 200 37
101.229.22.40 - - [17/May/2023:09:16:01 +0800] "GET /xingrg/kc/base/wldb_order_operate.html?command=get_materiel&rest_code=00142&base_code=0010185&code=00101021009 HTTP/1.1" 200 451
120.253.135.82 - - [17/May/2023:09:16:02 +0800] "GET /xingrg/all/function/internal_message.html?_=1684285999744&CODE_STATE=getMsg HTTP/1.1" 200 27
116.238.139.35 - - [17/May/2023:09:16:02 +0800] "GET /xingrg/kc/buy/cgsh_order_operate.html?command=get_materiel&rest_code=00151&code=00101001075&supplier_code=00100096&order_time=2023-05-17 HTTP/1.1" 200 410
114.83.216.225 - - [17/May/2023:09:16:05 +0800] "POST /xingrg/kc/buy/cgsh_order_operate.html HTTP/1.1" 200 12
114.83.216.225 - - [17/May/2023:09:16:08 +0800] "GET /xingrg/kc/buy/cgsh_order_info.html?code=212023051706186 HTTP/1.1" 200 66407
114.83.216.225 - - [17/May/2023:09:16:08 +0800] "GET /xingrg/javascript/easyui/themes/default/validatebox.css HTTP/1.1" 404 1104
114.83.216.225 - - [17/May/2023:09:16:09 +0800] "POST /xingrg/kc/buy/cgsh_order_operate.html HTTP/1.1" 200 604
114.83.216.225 - - [17/May/2023:09:16:11 +0800] "GET /xingrg/kc/print/load_data.html?order_code=212023051706186&kc_code=cgsh&condition= HTTP/1.1" 200 720
101.229.22.40 - - [17/May/2023:09:16:14 +0800] "GET /xingrg/kc/base/wldb_order_operate.html?command=get_materiel&rest_code=00142&base_code=0010185&code=00101006263 HTTP/1.1" 200 444
101.229.22.40 - - [17/May/2023:09:16:15 +0800] "GET /xingrg/all/function/internal_message.html?_=1684286175676&CODE_STATE=getMsg HTTP/1.1" 200 27
114.83.216.225 - - [17/May/2023:09:16:18 +0800] "GET /xingrg/kc/buy/cgsh_order_add.html HTTP/1.1" 200 71494
114.83.216.225 - - [17/May/2023:09:16:18 +0800] "POST /xingrg/kc/buy/cgsh_order_operate.html HTTP/1.1" 200 8245
114.83.216.225 - - [17/May/2023:09:16:18 +0800] "GET /xingrg/javascript/easyui/themes/default/validatebox.css HTTP/1.1" 404 1104
180.171.122.0 - - [17/May/2023:09:16:21 +0800] "GET /xingrg/all/function/internal_message.html?_=1684286179721&CODE_STATE=getMsg HTTP/1.1" 200 27
116.232.195.127 - - [17/May/2023:09:16:28 +0800] "POST /xingrg/services/DataTransmitService HTTP/1.1" 200 524
114.83.216.225 - - [17/May/2023:09:16:35 +0800] "GET /xingrg/kc/buy/cgsh_order_operate.html?command=get_materiel&rest_code=00149&code=00101004051&supplier_code=00100083&order_time=2023-05-17 HTTP/1.1" 200 408
116.238.139.35 - - [17/May/2023:09:16:36 +0800] "GET /xingrg/all/function/internal_message.html?_=1684286119505&CODE_STATE=getMsg HTTP/1.1" 200 27
116.232.195.127 - - [17/May/2023:09:16:41 +0800] "GET /xingrg/check_reg.html?_=1684286247704 HTTP/1.1" 200 22
116.232.195.127 - - [17/May/2023:09:16:41 +0800] "GET /xingrg/all/function/internal_message.html?_=1684286247707&CODE_STATE=getMsg HTTP/1.1" 200 27
114.83.216.225 - - [17/May/2023:09:16:46 +0800] "GET /xingrg/kc/buy/cgsh_order_operate.html?command=get_materiel&rest_code=00149&code=00101004057&supplier_code=00100083&order_time=2023-05-17 HTTP/1.1" 200 409
116.224.158.100 - - [17/May/2023:09:16:46 +0800] "POST /xingrg/kc/buy/cgsh_order_operate.html HTTP/1.1" 200 2065
114.83.219.197 - - [17/May/2023:09:16:51 +0800] "GET /xingrg/all/function/internal_message.html?_=1684286306654&CODE_STATE=getMsg HTTP/1.1" 200 27
116.224.158.100 - - [17/May/2023:09:16:54 +0800] "GET /xingrg/all/function/internal_message.html?_=1684286049294&CODE_STATE=getMsg HTTP/1.1" 200 27
114.83.216.225 - - [17/May/2023:09:16:57 +0800] "GET /xingrg/kc/buy/cgsh_order_operate.html?command=get_materiel&rest_code=00149&code=00101014097&supplier_code=00100083&order_time=2023-05-17 HTTP/1.1" 200 416
116.224.158.100 - - [17/May/2023:09:16:58 +0800] "GET /xingrg/kc/buy/cgsh_order_operate.html?command=get_materiel&rest_code=00105&code=00101008270&supplier_code=00100203&order_time=2023-05-17 HTTP/1.1" 200 412
114.83.216.225 - - [17/May/2023:09:16:59 +0800] "GET /xingrg/check_reg.html?_=1684286217413 HTTP/1.1" 200 22
114.83.216.225 - - [17/May/2023:09:16:59 +0800] "GET /xingrg/all/function/internal_message.html?_=1684286217782&CODE_STATE=getMsg HTTP/1.1" 200 27
120.253.135.82 - - [17/May/2023:09:17:02 +0800] "GET /xingrg/all/function/internal_message.html?_=1684286059959&CODE_STATE=getMsg HTTP/1.1" 200 27
101.229.22.40 - - [17/May/2023:09:17:03 +0800] "GET /xingrg/kc/base/wldb_order_operate.html?command=get_materiel&rest_code=00142&base_code=0010185&code=00101006288 HTTP/1.1" 200 452
116.238.139.35 - - [17/May/2023:09:17:10 +0800] "GET /xingrg/kc/buy/cgsh_order_operate.html?command=get_materiel&rest_code=00151&code=00101006084&supplier_code=00100096&order_time=2023-05-17 HTTP/1.1" 200 415
101.229.22.40 - - [17/May/2023:09:17:15 +0800] "GET /xingrg/kc/base/wldb_order_operate.html?command=get_materiel&rest_code=00142&base_code=0010185&code=00101040080 HTTP/1.1" 200 451
101.229.22.40 - - [17/May/2023:09:17:15 +0800] "GET /xingrg/all/function/internal_message.html?_=1684286235670&CODE_STATE=getMsg HTTP/1.1" 200 27
180.171.122.0 - - [17/May/2023:09:17:21 +0800] "GET /xingrg/all/function/internal_message.html?_=1684286239721&CODE_STATE=getMsg HTTP/1.1" 200 27
101.229.22.40 - - [17/May/2023:09:17:21 +0800] "POST /xingrg/all/common/load_select.html HTTP/1.1" 200 25
101.229.22.40 - - [17/May/2023:09:17:23 +0800] "GET /xingrg/kc/base/wldb_order_operate.html?command=get_materiel_price&rest_code=00142&base_code=0010185&code=00101040080&unit_code=00100070 HTTP/1.1" 200 33
101.229.22.40 - - [17/May/2023:09:17:34 +0800] "GET /xingrg/kc/base/wldb_order_operate.html?command=get_materiel&rest_code=00142&base_code=0010185&code=00101010289 HTTP/1.1" 200 450
116.238.139.35 - - [17/May/2023:09:17:36 +0800] "GET /xingrg/check_reg.html?_=1684286179323 HTTP/1.1" 200 22
116.238.139.35 - - [17/May/2023:09:17:36 +0800] "GET /xingrg/all/function/internal_message.html?_=1684286179518&CODE_STATE=getMsg HTTP/1.1" 200 27
116.238.139.35 - - [17/May/2023:09:17:36 +0800] "GET /xingrg/kc/buy/cgsh_order_operate.html?command=get_materiel&rest_code=00151&code=00101006088&supplier_code=00100096&order_time=2023-05-17 HTTP/1.1" 200 409
101.229.22.40 - - [17/May/2023:09:17:37 +0800] "POST /xingrg/all/common/load_select.html HTTP/1.1" 200 25
101.229.22.40 - - [17/May/2023:09:17:39 +0800] "GET /xingrg/kc/base/wldb_order_operate.html?command=get_materiel_price&rest_code=00142&base_code=0010185&code=00101010289&unit_code=00100070 HTTP/1.1" 200 34
116.232.195.127 - - [17/May/2023:09:17:41 +0800] "GET /xingrg/all/function/internal_message.html?_=1684286307716&CODE_STATE=getMsg HTTP/1.1" 200 27
114.83.219.197 - - [17/May/2023:09:17:51 +0800] "GET /xingrg/all/function/internal_message.html?_=1684286366662&CODE_STATE=getMsg HTTP/1.1" 200 27
101.229.22.40 - - [17/May/2023:09:17:52 +0800] "POST /xingrg/kc/base/wldb_order_operate.html HTTP/1.1" 200 37
101.229.22.40 - - [17/May/2023:09:17:53 +0800] "POST /xingrg/kc/base/wldb_order_operate.html HTTP/1.1" 200 3652
116.238.139.35 - - [17/May/2023:09:17:54 +0800] "GET /xingrg/kc/buy/cgsh_order_operate.html?command=get_materiel&rest_code=00151&code=00101006229&supplier_code=00100096&order_time=2023-05-17 HTTP/1.1" 200 428
116.224.158.100 - - [17/May/2023:09:17:54 +0800] "GET /xingrg/all/function/internal_message.html?_=1684286109259&CODE_STATE=getMsg HTTP/1.1" 200 27
101.229.22.40 - - [17/May/2023:09:17:59 +0800] "GET /xingrg/kc/base/wldb_order_info.html?code=422023051701295 HTTP/1.1" 200 30404
101.229.22.40 - - [17/May/2023:09:17:59 +0800] "GET /xingrg/javascript/easyui/themes/default/validatebox.css HTTP/1.1" 404 1104
114.83.216.225 - - [17/May/2023:09:17:59 +0800] "GET /xingrg/all/function/internal_message.html?_=1684286277764&CODE_STATE=getMsg HTTP/1.1" 200 27
101.229.22.40 - - [17/May/2023:09:18:00 +0800] "POST /xingrg/kc/base/wldb_order_operate.html HTTP/1.1" 200 3652
116.238.139.35 - - [17/May/2023:09:18:02 +0800] "GET /xingrg/kc/buy/cgsh_order_operate.html?command=get_materiel&rest_code=00151&code=00101006168&supplier_code=00100096&order_time=2023-05-17 HTTP/1.1" 200 423
120.253.135.82 - - [17/May/2023:09:18:02 +0800] "GET /xingrg/all/function/internal_message.html?_=1684286119974&CODE_STATE=getMsg HTTP/1.1" 200 27
116.224.158.100 - - [17/May/2023:09:18:02 +0800] "GET /xingrg/kc/buy/cgsh_order_operate.html?command=get_materiel&rest_code=00105&code=00101008098&supplier_code=00100203&order_time=2023-05-17 HTTP/1.1" 200 412
116.238.139.35 - - [17/May/2023:09:18:13 +0800] "GET /xingrg/kc/buy/cgsh_order_operate.html?command=get_materiel&rest_code=00151&code=00101010711&supplier_code=00100096&order_time=2023-05-17 HTTP/1.1" 200 408
101.229.22.40 - - [17/May/2023:09:18:15 +0800] "GET /xingrg/all/function/internal_message.html?_=1684286295672&CODE_STATE=getMsg HTTP/1.1" 200 27
180.171.122.0 - - [17/May/2023:09:18:21 +0800] "GET /xingrg/all/function/internal_message.html?_=1684286299724&CODE_STATE=getMsg HTTP/1.1" 200 27
180.171.122.0 - - [17/May/2023:09:18:21 +0800] "GET /xingrg/check_reg.html?_=1684286299725 HTTP/1.1" 200 22
116.224.158.100 - - [17/May/2023:09:18:21 +0800] "GET /xingrg/kc/buy/cgsh_order_operate.html?command=get_materiel&rest_code=00105&code=00101008005&supplier_code=00100203&order_time=2023-05-17 HTTP/1.1" 200 412
116.238.139.35 - - [17/May/2023:09:18:23 +0800] "GET /xingrg/kc/buy/cgsh_order_operate.html?command=get_materiel&rest_code=00151&code=00101006112&supplier_code=00100096&order_time=2023-05-17 HTTP/1.1" 200 411
101.229.22.40 - - [17/May/2023:09:18:26 +0800] "POST /xingrg/kc/base/wldb_order_operate.html HTTP/1.1" 200 37
101.229.22.40 - - [17/May/2023:09:18:26 +0800] "POST /xingrg/kc/base/wldb_order_operate.html HTTP/1.1" 200 3652
101.229.22.40 - - [17/May/2023:09:18:27 +0800] "GET /xingrg/kc/base/wldb_order_info.html?code=422023051701295 HTTP/1.1" 200 30404
101.229.22.40 - - [17/May/2023:09:18:28 +0800] "GET /xingrg/javascript/easyui/themes/default/validatebox.css HTTP/1.1" 404 1104
101.229.22.40 - - [17/May/2023:09:18:28 +0800] "POST /xingrg/kc/base/wldb_order_operate.html HTTP/1.1" 200 3652
116.224.158.100 - - [17/May/2023:09:18:34 +0800] "POST /xingrg/kc/buy/cgsh_order_operate.html HTTP/1.1" 200 2065
116.238.139.35 - - [17/May/2023:09:18:35 +0800] "GET /xingrg/kc/buy/cgsh_order_operate.html?command=get_materiel&rest_code=00151&code=00101006013&supplier_code=00100096&order_time=2023-05-17 HTTP/1.1" 200 409
116.238.139.35 - - [17/May/2023:09:18:36 +0800] "GET /xingrg/all/function/internal_message.html?_=1684286239532&CODE_STATE=getMsg HTTP/1.1" 200 27
116.232.195.127 - - [17/May/2023:09:18:41 +0800] "GET /xingrg/all/function/internal_message.html?_=1684286367709&CODE_STATE=getMsg HTTP/1.1" 200 27
114.83.219.197 - - [17/May/2023:09:18:51 +0800] "GET /xingrg/check_reg.html?_=1684286426657 HTTP/1.1" 200 22
114.83.219.197 - - [17/May/2023:09:18:51 +0800] "GET /xingrg/all/function/internal_message.html?_=1684286426659&CODE_STATE=getMsg HTTP/1.1" 200 27
116.224.158.100 - - [17/May/2023:09:18:54 +0800] "GET /xingrg/all/function/internal_message.html?_=1684286169264&CODE_STATE=getMsg HTTP/1.1" 200 27
116.224.158.100 - - [17/May/2023:09:18:54 +0800] "GET /xingrg/check_reg.html?_=1684286169268 HTTP/1.1" 200 22
114.83.216.225 - - [17/May/2023:09:18:56 +0800] "POST /xingrg/kc/buy/cgsh_order_operate.html HTTP/1.1" 200 37
114.83.216.225 - - [17/May/2023:09:18:59 +0800] "GET /xingrg/all/function/internal_message.html?_=1684286337743&CODE_STATE=getMsg HTTP/1.1" 200 27
120.253.135.82 - - [17/May/2023:09:19:02 +0800] "GET /xingrg/all/function/internal_message.html?_=1684286180189&CODE_STATE=getMsg HTTP/1.1" 200 27
116.238.139.35 - - [17/May/2023:09:19:03 +0800] "POST /xingrg/kc/buy/cgsh_order_operate.html HTTP/1.1" 200 37
116.224.158.100 - - [17/May/2023:09:19:04 +0800] "GET /xingrg/kc/buy/cgsh_order_operate.html?command=get_materiel&rest_code=00105&code=00101008271&supplier_code=00100203&order_time=2023-05-17 HTTP/1.1" 200 408
114.83.216.225 - - [17/May/2023:09:19:09 +0800] "POST /xingrg/kc/buy/cgsh_order_operate.html HTTP/1.1" 200 12
116.238.139.35 - - [17/May/2023:09:19:13 +0800] "POST /xingrg/kc/buy/cgsh_order_operate.html HTTP/1.1" 200 12
101.229.22.40 - - [17/May/2023:09:19:14 +0800] "POST /xingrg/kc/base/wldb_list_operate.html HTTP/1.1" 200 1784
114.83.216.225 - - [17/May/2023:09:19:14 +0800] "GET /xingrg/kc/print/load_data.html?order_code=212023051706187&kc_code=cgsh&condition= HTTP/1.1" 200 1172
114.83.216.225 - - [17/May/2023:09:19:14 +0800] "GET /xingrg/kc/buy/cgsh_order_info.html?code=212023051706187 HTTP/1.1" 200 66401
114.83.216.225 - - [17/May/2023:09:19:15 +0800] "GET /xingrg/javascript/easyui/themes/default/validatebox.css HTTP/1.1" 404 1104
101.229.22.40 - - [17/May/2023:09:19:15 +0800] "GET /xingrg/all/function/internal_message.html?_=1684286355670&CODE_STATE=getMsg HTTP/1.1" 200 27
116.238.139.35 - - [17/May/2023:09:19:15 +0800] "GET /xingrg/kc/buy/cgsh_order_info.html?code=212023051706188 HTTP/1.1" 200 65919
116.238.139.35 - - [17/May/2023:09:19:16 +0800] "GET /xingrg/javascript/easyui/themes/default/validatebox.css HTTP/1.1" 404 1104
114.83.216.225 - - [17/May/2023:09:19:16 +0800] "POST /xingrg/kc/buy/cgsh_order_operate.html HTTP/1.1" 200 1794
116.238.139.35 - - [17/May/2023:09:19:17 +0800] "POST /xingrg/kc/buy/cgsh_order_operate.html HTTP/1.1" 200 7807
180.171.122.0 - - [17/May/2023:09:19:21 +0800] "GET /xingrg/all/function/internal_message.html?_=1684286359724&CODE_STATE=getMsg HTTP/1.1" 200 27
114.83.216.225 - - [17/May/2023:09:19:25 +0800] "GET /xingrg/kc/buy/cgsh_order_add.html HTTP/1.1" 200 71494
114.83.216.225 - - [17/May/2023:09:19:26 +0800] "POST /xingrg/kc/buy/cgsh_order_operate.html HTTP/1.1" 200 8245
114.83.216.225 - - [17/May/2023:09:19:26 +0800] "GET /xingrg/javascript/easyui/themes/default/validatebox.css HTTP/1.1" 404 1104
116.238.139.35 - - [17/May/2023:09:19:26 +0800] "GET /xingrg/kc/print/load_data.html?order_code=212023051706188&kc_code=cgsh&condition= HTTP/1.1" 200 3498
180.171.122.0 - - [17/May/2023:09:19:30 +0800] "POST /xingrg/services/DataTransmitService HTTP/1.1" 200 524
180.171.122.0 - - [17/May/2023:09:19:31 +0800] "POST /xingrg/services/DataTransmitService HTTP/1.1" 200 501
101.229.22.40 - - [17/May/2023:09:19:35 +0800] "GET /xingrg/kc/base/yddb_order_list.html HTTP/1.1" 200 16710
101.229.22.40 - - [17/May/2023:09:19:35 +0800] "POST /xingrg/kc/base/yddb_list_operate.html HTTP/1.1" 200 636
116.238.139.35 - - [17/May/2023:09:19:36 +0800] "GET /xingrg/all/function/internal_message.html?_=1684286299545&CODE_STATE=getMsg HTTP/1.1" 200 27
101.229.22.40 - - [17/May/2023:09:19:37 +0800] "GET /xingrg/kc/base/yddb_order_add.html HTTP/1.1" 200 29955
101.229.22.40 - - [17/May/2023:09:19:37 +0800] "GET /xingrg/css/blue.css HTTP/1.1" 200 15949
101.229.22.40 - - [17/May/2023:09:19:37 +0800] "GET /xingrg/dwr/interface/AjaxComOrderService.js HTTP/1.1" 200 18264
101.229.22.40 - - [17/May/2023:09:19:37 +0800] "GET /xingrg/javascript/myfunction.js HTTP/1.1" 200 24559
101.229.22.40 - - [17/May/2023:09:19:37 +0800] "GET /xingrg/dwr/interface/AjaxYddbService.js HTTP/1.1" 200 13201
101.229.22.40 - - [17/May/2023:09:19:37 +0800] "GET /xingrg/dwr/util.js HTTP/1.1" 200 35990
101.229.22.40 - - [17/May/2023:09:19:37 +0800] "GET /xingrg/dwr/engine.js HTTP/1.1" 200 43631
101.229.22.40 - - [17/May/2023:09:19:37 +0800] "GET /xingrg/javascript/Calendar.js HTTP/1.1" 200 31561
101.229.22.40 - - [17/May/2023:09:19:37 +0800] "GET /xingrg/javascript/checkform.js HTTP/1.1" 200 18351
101.229.22.40 - - [17/May/2023:09:19:37 +0800] "GET /xingrg/javascript/AjaxInfoList.js HTTP/1.1" 200 3774
101.229.22.40 - - [17/May/2023:09:19:37 +0800] "GET /xingrg/javascript/Grid.js HTTP/1.1" 200 58908
101.229.22.40 - - [17/May/2023:09:19:37 +0800] "GET /xingrg/javascript/ToolTips.js HTTP/1.1" 200 5615
101.229.22.40 - - [17/May/2023:09:19:37 +0800] "GET /xingrg/javascript/jquery_easy_ui/themes/icons/edit_add_new.png HTTP/1.1" 200 2997
101.229.22.40 - - [17/May/2023:09:19:37 +0800] "GET /xingrg/javascript/jquery_easy_ui/themes/icons/check_new.png HTTP/1.1" 200 3224
101.229.22.40 - - [17/May/2023:09:19:37 +0800] "GET /xingrg/javascript/jquery_easy_ui/themes/default/images/menu_downarrow.png HTTP/1.1" 200 173
101.229.22.40 - - [17/May/2023:09:19:37 +0800] "GET /xingrg/javascript/jquery_easy_ui/themes/icons/print.png HTTP/1.1" 200 1057
101.229.22.40 - - [17/May/2023:09:19:37 +0800] "GET /xingrg/javascript/jquery_easy_ui/themes/icons/cance_new.png HTTP/1.1" 200 3986
101.229.22.40 - - [17/May/2023:09:19:37 +0800] "GET /xingrg/javascript/jquery_easy_ui/themes/icons/back_new.png HTTP/1.1" 200 3414
101.229.22.40 - - [17/May/2023:09:19:37 +0800] "GET /xingrg/images/blue/button/kc_tab_add.gif HTTP/1.1" 200 375
101.229.22.40 - - [17/May/2023:09:19:37 +0800] "GET /xingrg/images/blue/button/kc_tab_edit.gif HTTP/1.1" 200 551
101.229.22.40 - - [17/May/2023:09:19:37 +0800] "GET /xingrg/images/blue/button/kc_tab_del.gif HTTP/1.1" 200 383
101.229.22.40 - - [17/May/2023:09:19:37 +0800] "GET /xingrg/images/blue/button/kc_tab_save.gif HTTP/1.1" 200 777
101.229.22.40 - - [17/May/2023:09:19:37 +0800] "GET /xingrg/images/blue/kc_tab_mid.gif HTTP/1.1" 200 44
101.229.22.40 - - [17/May/2023:09:19:37 +0800] "GET /xingrg/images/blue/kc_tab_left.gif HTTP/1.1" 200 188
101.229.22.40 - - [17/May/2023:09:19:37 +0800] "GET /xingrg/images/blue/kc_tab_right.gif HTTP/1.1" 200 643
101.229.22.40 - - [17/May/2023:09:19:37 +0800] "GET /xingrg/images/blue/kc_tab2_right.gif HTTP/1.1" 200 192
101.229.22.40 - - [17/May/2023:09:19:37 +0800] "GET /xingrg/images/blue/kc_tab2_left.gif HTTP/1.1" 200 625
120.253.135.82 - - [17/May/2023:09:19:39 +0800] "GET /xingrg/check_reg.html?_=1684286216632 HTTP/1.1" 200 22
116.238.139.35 - - [17/May/2023:09:19:39 +0800] "POST /xingrg/all/user/operate.html HTTP/1.1" 200 36
116.238.139.35 - - [17/May/2023:09:19:40 +0800] "GET /xingrg/index.html?sysBaseUrl=http%3A%2F%2F180.169.147.146%3A18081%2Fxingrg%2F&costTime=1085×tamp=1684282445815 HTTP/1.1" 200 17179
116.238.139.35 - - [17/May/2023:09:19:40 +0800] "GET /xingrg/javascript/jquery_easy_ui/themes/default/easyui.css HTTP/1.1" 304 -
116.238.139.35 - - [17/May/2023:09:19:40 +0800] "GET /xingrg/javascript/jquery_easy_ui/themes/icon.css HTTP/1.1" 304 -
116.238.139.35 - - [17/May/2023:09:19:40 +0800] "GET /xingrg/css/form.css HTTP/1.1" 304 -
116.238.139.35 - - [17/May/2023:09:19:40 +0800] "GET /xingrg/javascript/jquery-1.4.2.min.js HTTP/1.1" 304 -
116.238.139.35 - - [17/May/2023:09:19:40 +0800] "GET /xingrg/javascript/jquery_easy_ui/jquery.easyui.min.js HTTP/1.1" 304 -
116.238.139.35 - - [17/May/2023:09:19:40 +0800] "GET /xingrg/javascript/jquery_easy_ui/easyui-lang-zh_CN.js HTTP/1.1" 304 -
116.238.139.35 - - [17/May/2023:09:19:40 +0800] "GET /xingrg/javascript/jquery.form.js HTTP/1.1" 304 -
116.238.139.35 - - [17/May/2023:09:19:40 +0800] "GET /xingrg/javascript/jquery.utils.js HTTP/1.1" 304 -
116.238.139.35 - - [17/May/2023:09:19:40 +0800] "GET /xingrg/javascript/jquery.timers.js HTTP/1.1" 304 -
116.238.139.35 - - [17/May/2023:09:19:40 +0800] "GET /xingrg/images/blue/navBackgound.jpg HTTP/1.1" 304 -
116.238.139.35 - - [17/May/2023:09:19:40 +0800] "GET /xingrg/images/blue/jxLogo.png HTTP/1.1" 304 -
116.238.139.35 - - [17/May/2023:09:19:40 +0800] "GET /xingrg/javascript/jquery_easy_ui/themes/icons/settle_new.png HTTP/1.1" 304 -
116.238.139.35 - - [17/May/2023:09:19:40 +0800] "GET /xingrg/images/blue/pingpu.png HTTP/1.1" 304 -
116.238.139.35 - - [17/May/2023:09:19:40 +0800] "GET /xingrg/javascript/jquery_easy_ui/themes/default/images/tabs_leftarrow.png HTTP/1.1" 304 -
116.238.139.35 - - [17/May/2023:09:19:40 +0800] "GET /xingrg/javascript/jquery_easy_ui/themes/default/images/tabs_rightarrow.png HTTP/1.1" 304 -
116.238.139.35 - - [17/May/2023:09:19:40 +0800] "GET /xingrg/javascript/jquery_easy_ui/themes/default/images/panel_tool_collapse.gif HTTP/1.1" 304 -
116.238.139.35 - - [17/May/2023:09:19:40 +0800] "GET /xingrg/check_reg.html?_=1684286303683 HTTP/1.1" 200 22
116.238.139.35 - - [17/May/2023:09:19:40 +0800] "GET /xingrg/all/function/internal_message.html?_=1684286303682&CODE_STATE=count HTTP/1.1" 200 11
116.238.139.35 - - [17/May/2023:09:19:40 +0800] "POST /xingrg/all/common/load_tree.html?tree=area_rest_tree_json&manage=1 HTTP/1.1" 200 476
116.238.139.35 - - [17/May/2023:09:19:40 +0800] "POST /xingrg/load_menu.html HTTP/1.1" 200 5138
116.232.195.127 - - [17/May/2023:09:19:41 +0800] "GET /xingrg/all/function/internal_message.html?_=1684286427720&CODE_STATE=getMsg HTTP/1.1" 200 27
101.229.22.40 - - [17/May/2023:09:19:42 +0800] "GET /xingrg/images/blue/wait.gif HTTP/1.1" 200 1100
101.229.22.40 - - [17/May/2023:09:19:42 +0800] "POST /xingrg/dwr/call/plaincall/AjaxYddbService.getRestBases.dwr HTTP/1.1" 200 443
114.83.219.197 - - [17/May/2023:09:19:51 +0800] "GET /xingrg/all/function/internal_message.html?_=1684286486653&CODE_STATE=getMsg HTTP/1.1" 200 27
116.238.139.35 - - [17/May/2023:09:19:54 +0800] "GET /xingrg/kc/buy/cgsh_order_list.html HTTP/1.1" 200 55630
116.224.158.100 - - [17/May/2023:09:19:54 +0800] "GET /xingrg/all/function/internal_message.html?_=1684286229263&CODE_STATE=getMsg HTTP/1.1" 200 27
114.83.216.225 - - [17/May/2023:09:19:55 +0800] "GET /xingrg/kc/buy/cgsh_order_operate.html?command=get_materiel&rest_code=00149&code=00101016037&supplier_code=00100573&order_time=2023-05-17 HTTP/1.1" 200 450
101.229.22.40 - - [17/May/2023:09:19:56 +0800] "POST /xingrg/dwr/call/plaincall/AjaxYddbService.getRestBases.dwr HTTP/1.1" 200 464
116.238.139.35 - - [17/May/2023:09:19:57 +0800] "POST /xingrg/kc/buy/cgsh_list_operate.html HTTP/1.1" 200 2332
114.83.216.225 - - [17/May/2023:09:19:59 +0800] "GET /xingrg/all/function/internal_message.html?_=1684286397725&CODE_STATE=getMsg HTTP/1.1" 200 27
116.238.139.35 - - [17/May/2023:09:20:00 +0800] "POST /xingrg/kc/buy/cgsh_list_operate.html HTTP/1.1" 200 577
116.238.139.35 - - [17/May/2023:09:20:02 +0800] "GET /xingrg/kc/buy/cgsh_order_info.html?code=212023051706182 HTTP/1.1" 200 71469
120.253.135.82 - - [17/May/2023:09:20:02 +0800] "GET /xingrg/all/function/internal_message.html?_=1684286240204&CODE_STATE=getMsg HTTP/1.1" 200 27
116.238.139.35 - - [17/May/2023:09:20:03 +0800] "GET /xingrg/javascript/easyui/themes/default/validatebox.css HTTP/1.1" 404 1104
116.238.139.35 - - [17/May/2023:09:20:03 +0800] "POST /xingrg/kc/buy/cgsh_order_operate.html HTTP/1.1" 200 7986
114.83.216.225 - - [17/May/2023:09:20:04 +0800] "GET /xingrg/kc/buy/cgsh_order_operate.html?command=get_materiel&rest_code=00149&code=00101016097&supplier_code=00100573&order_time=2023-05-17 HTTP/1.1" 200 469
101.229.22.40 - - [17/May/2023:09:20:13 +0800] "POST /xingrg/dwr/call/plaincall/AjaxYddbService.saveOrder.dwr HTTP/1.1" 200 78
101.229.22.40 - - [17/May/2023:09:20:13 +0800] "GET /xingrg/images/yd/bt.gif HTTP/1.1" 404 1040
116.224.158.100 - - [17/May/2023:09:20:13 +0800] "POST /xingrg/kc/buy/cgsh_order_operate.html HTTP/1.1" 200 37
101.229.22.40 - - [17/May/2023:09:20:15 +0800] "GET /xingrg/all/function/internal_message.html?_=1684286415679&CODE_STATE=getMsg HTTP/1.1" 200 27
101.229.22.40 - - [17/May/2023:09:20:15 +0800] "GET /xingrg/check_reg.html?_=1684286415681 HTTP/1.1" 200 22
116.238.139.35 - - [17/May/2023:09:20:16 +0800] "POST /xingrg/kc/buy/cgsh_order_operate.html HTTP/1.1" 200 37
116.224.158.100 - - [17/May/2023:09:20:16 +0800] "POST /xingrg/kc/buy/cgsh_order_operate.html HTTP/1.1" 200 34599
101.229.22.40 - - [17/May/2023:09:20:18 +0800] "POST /xingrg/dwr/call/plaincall/AjaxComOrderService.getMaterielSearchList.dwr HTTP/1.1" 200 23225
101.229.22.40 - - [17/May/2023:09:20:19 +0800] "POST /xingrg/dwr/call/plaincall/AjaxComOrderService.getMaterielSearchList.dwr HTTP/1.1" 200 1545
101.229.22.40 - - [17/May/2023:09:20:20 +0800] "POST /xingrg/dwr/call/plaincall/AjaxComOrderService.getMaterielSearchList.dwr HTTP/1.1" 200 292
101.229.22.40 - - [17/May/2023:09:20:21 +0800] "POST /xingrg/dwr/call/plaincall/AjaxYddbService.getMaterielByMap.dwr HTTP/1.1" 200 1613
