116.237.74.57 - - [17/May/2023:11:26:30 +0800] "GET /xingrg/check_reg.html?_=1684293988810 HTTP/1.1" 200 22
114.83.216.225 - - [17/May/2023:11:26:31 +0800] "GET /xingrg/kc/base/wldb_order_add.html HTTP/1.1" 200 30387
114.83.216.225 - - [17/May/2023:11:26:31 +0800] "POST /xingrg/kc/base/wldb_order_operate.html HTTP/1.1" 200 6806
114.83.216.225 - - [17/May/2023:11:26:31 +0800] "GET /xingrg/javascript/easyui/themes/default/validatebox.css HTTP/1.1" 404 1104
114.83.216.225 - - [17/May/2023:11:26:32 +0800] "POST /xingrg/all/common/load_combo.html?type=base HTTP/1.1" 200 3409
116.237.74.57 - - [17/May/2023:11:26:34 +0800] "GET /xingrg/kc/buy/cgsh_order_operate.html?command=get_materiel&rest_code=00106&code=00101009016&supplier_code=00100022&order_time=2023-05-17 HTTP/1.1" 200 414
180.164.3.199 - - [17/May/2023:11:26:34 +0800] "GET /xingrg/all/function/internal_message.html?_=1684293993315&CODE_STATE=getMsg HTTP/1.1" 200 27
124.79.240.114 - - [17/May/2023:11:26:34 +0800] "GET /xingrg/all/function/internal_message.html?_=1684293988421&CODE_STATE=getMsg HTTP/1.1" 200 27
116.232.195.127 - - [17/May/2023:11:26:42 +0800] "GET /xingrg/check_reg.html?_=1684294047715 HTTP/1.1" 200 22
116.232.195.127 - - [17/May/2023:11:26:42 +0800] "GET /xingrg/all/function/internal_message.html?_=1684294047718&CODE_STATE=getMsg HTTP/1.1" 200 27
116.235.244.175 - - [17/May/2023:11:26:42 +0800] "GET /xingrg/kc/buy/cgsh_order_operate.html?command=get_materiel&rest_code=00146&code=00101008197&supplier_code=00100005&order_time=2023-05-17 HTTP/1.1" 200 416
124.79.240.114 - - [17/May/2023:11:26:43 +0800] "GET /xingrg/all/function/internal_message.html?_=1684294281248&CODE_STATE=getMsg HTTP/1.1" 200 27
114.83.216.225 - - [17/May/2023:11:26:44 +0800] "GET /xingrg/kc/base/wldb_order_operate.html?command=get_materiel&rest_code=00149&base_code=0010395&code=00102002448 HTTP/1.1" 200 440
116.237.74.57 - - [17/May/2023:11:26:45 +0800] "GET /xingrg/kc/buy/cgsh_order_operate.html?command=get_materiel&rest_code=00106&code=00101009062&supplier_code=00100022&order_time=2023-05-17 HTTP/1.1" 200 412
116.224.158.100 - - [17/May/2023:11:26:47 +0800] "GET /xingrg/kc/buy/cgsh_order_add.html HTTP/1.1" 200 71533
116.224.158.100 - - [17/May/2023:11:26:47 +0800] "POST /xingrg/kc/buy/cgsh_order_operate.html HTTP/1.1" 200 8245
116.224.158.100 - - [17/May/2023:11:26:47 +0800] "GET /xingrg/javascript/easyui/themes/default/validatebox.css HTTP/1.1" 404 1104
116.237.74.57 - - [17/May/2023:11:26:49 +0800] "GET /xingrg/all/function/internal_message.html?_=1684294007878&CODE_STATE=getMsg HTTP/1.1" 200 27
114.83.219.197 - - [17/May/2023:11:26:50 +0800] "GET /xingrg/all/function/internal_message.html?_=1684294106645&CODE_STATE=getMsg HTTP/1.1" 200 27
114.83.216.225 - - [17/May/2023:11:26:51 +0800] "GET /xingrg/kc/base/wldb_order_operate.html?command=get_materiel&rest_code=00149&base_code=0010395&code=00102002204 HTTP/1.1" 200 447
116.224.158.100 - - [17/May/2023:11:26:54 +0800] "GET /xingrg/all/function/internal_message.html?_=1684293849645&CODE_STATE=getMsg HTTP/1.1" 200 27
116.238.139.35 - - [17/May/2023:11:26:55 +0800] "GET /xingrg/all/function/internal_message.html?_=1684293938182&CODE_STATE=getMsg HTTP/1.1" 200 27
116.237.74.57 - - [17/May/2023:11:26:57 +0800] "POST /xingrg/kc/buy/cgsh_order_operate.html HTTP/1.1" 200 37
222.67.238.82 - - [17/May/2023:11:26:58 +0800] "GET /xingrg/all/function/internal_message.html?_=1684293534767&CODE_STATE=getMsg HTTP/1.1" 200 27
116.235.244.175 - - [17/May/2023:11:26:59 +0800] "GET /xingrg/kc/buy/cgsh_order_operate.html?command=get_materiel&rest_code=00146&code=00101008357&supplier_code=00100005&order_time=2023-05-17 HTTP/1.1" 200 408
116.237.74.57 - - [17/May/2023:11:26:59 +0800] "POST /xingrg/kc/buy/cgsh_order_operate.html HTTP/1.1" 200 5030
180.163.30.76 - - [17/May/2023:11:27:01 +0800] "GET /xingrg/kc/buy/cgsh_order_operate.html?command=get_materiel&rest_code=00106&code=00101009011&supplier_code=00100022&order_time=2023-05-17 HTTP/1.1" 302 -
180.163.30.76 - - [17/May/2023:11:27:01 +0800] "GET /xingrg/login.html HTTP/1.1" 200 7641
114.83.216.225 - - [17/May/2023:11:27:02 +0800] "GET /xingrg/kc/base/wldb_order_operate.html?command=get_materiel&rest_code=00149&base_code=0010395&code=00102002560 HTTP/1.1" 200 446
116.235.244.175 - - [17/May/2023:11:27:02 +0800] "POST /xingrg/kc/buy/cgsh_order_operate.html HTTP/1.1" 200 2065
120.253.135.82 - - [17/May/2023:11:27:06 +0800] "GET /xingrg/all/function/internal_message.html?_=1684293864036&CODE_STATE=getMsg HTTP/1.1" 200 27
116.235.244.175 - - [17/May/2023:11:27:08 +0800] "GET /xingrg/check_reg.html?_=1684294042397 HTTP/1.1" 200 22
116.235.244.175 - - [17/May/2023:11:27:08 +0800] "GET /xingrg/all/function/internal_message.html?_=1684294042399&CODE_STATE=getMsg HTTP/1.1" 200 27
116.235.244.175 - - [17/May/2023:11:27:10 +0800] "GET /xingrg/kc/buy/cgsh_order_operate.html?command=get_materiel&rest_code=00146&code=00101008069&supplier_code=00100005&order_time=2023-05-17 HTTP/1.1" 200 412
116.224.158.100 - - [17/May/2023:11:27:10 +0800] "GET /xingrg/kc/buy/cgsh_order_operate.html?command=get_materiel&rest_code=00105&code=00102005842&supplier_code=00100328&order_time=2023-05-17 HTTP/1.1" 200 420
180.171.122.0 - - [17/May/2023:11:27:10 +0800] "GET /xingrg/all/function/internal_message.html?_=1684294029112&CODE_STATE=getMsg HTTP/1.1" 200 27
114.83.216.225 - - [17/May/2023:11:27:10 +0800] "GET /xingrg/kc/base/wldb_order_operate.html?command=get_materiel&rest_code=00149&base_code=0010395&code=00102002610 HTTP/1.1" 200 443
101.229.22.40 - - [17/May/2023:11:27:13 +0800] "GET /xingrg/all/function/internal_message.html?_=1684294033587&CODE_STATE=getMsg HTTP/1.1" 200 27
124.79.74.67 - - [17/May/2023:11:27:14 +0800] "GET /xingrg/all/function/internal_message.html?_=1684294052321&CODE_STATE=getMsg HTTP/1.1" 200 27
180.156.206.150 - - [17/May/2023:11:27:20 +0800] "GET /xingrg/all/function/internal_message.html?_=1684294040377&CODE_STATE=getMsg HTTP/1.1" 200 27
180.156.206.150 - - [17/May/2023:11:27:21 +0800] "GET /xingrg/check_reg.html?_=1684294041816 HTTP/1.1" 200 22
114.83.216.225 - - [17/May/2023:11:27:24 +0800] "GET /xingrg/all/function/internal_message.html?_=1684294042419&CODE_STATE=getMsg HTTP/1.1" 200 27
116.224.158.100 - - [17/May/2023:11:27:25 +0800] "GET /xingrg/kc/buy/cgsh_order_operate.html?command=get_materiel&rest_code=00105&code=00101007032&supplier_code=00100328&order_time=2023-05-17 HTTP/1.1" 200 413
180.156.206.150 - - [17/May/2023:11:27:30 +0800] "GET /xingrg/all/function/internal_message.html?_=1684294063043&CODE_STATE=getMsg HTTP/1.1" 200 27
114.83.216.225 - - [17/May/2023:11:27:30 +0800] "GET /xingrg/kc/base/wldb_order_operate.html?command=get_materiel&rest_code=00149&base_code=0010395&code=00102002315 HTTP/1.1" 200 461
180.164.3.199 - - [17/May/2023:11:27:34 +0800] "GET /xingrg/all/function/internal_message.html?_=1684294053311&CODE_STATE=getMsg HTTP/1.1" 200 27
180.164.3.199 - - [17/May/2023:11:27:34 +0800] "GET /xingrg/check_reg.html?_=1684294053314 HTTP/1.1" 200 22
124.79.240.114 - - [17/May/2023:11:27:34 +0800] "GET /xingrg/all/function/internal_message.html?_=1684294048426&CODE_STATE=getMsg HTTP/1.1" 200 27
124.79.240.114 - - [17/May/2023:11:27:34 +0800] "GET /xingrg/check_reg.html?_=1684294048424 HTTP/1.1" 200 22
114.83.216.225 - - [17/May/2023:11:27:39 +0800] "GET /xingrg/kc/base/wldb_order_operate.html?command=get_materiel&rest_code=00149&base_code=0010395&code=00102001110 HTTP/1.1" 200 446
116.232.195.127 - - [17/May/2023:11:27:42 +0800] "GET /xingrg/all/function/internal_message.html?_=1684294107711&CODE_STATE=getMsg HTTP/1.1" 200 27
124.79.240.114 - - [17/May/2023:11:27:43 +0800] "GET /xingrg/all/function/internal_message.html?_=1684294341248&CODE_STATE=getMsg HTTP/1.1" 200 27
114.83.216.225 - - [17/May/2023:11:27:48 +0800] "GET /xingrg/kc/base/wldb_order_operate.html?command=get_materiel&rest_code=00149&base_code=0010395&code=00102001084 HTTP/1.1" 200 432
116.237.74.57 - - [17/May/2023:11:27:49 +0800] "GET /xingrg/all/function/internal_message.html?_=1684294067860&CODE_STATE=getMsg HTTP/1.1" 200 27
116.235.244.175 - - [17/May/2023:11:27:49 +0800] "GET /xingrg/kc/buy/cgsh_order_operate.html?command=get_materiel&rest_code=00146&code=00101008286&supplier_code=00100005&order_time=2023-05-17 HTTP/1.1" 200 408
114.83.219.197 - - [17/May/2023:11:27:50 +0800] "GET /xingrg/all/function/internal_message.html?_=1684294166649&CODE_STATE=getMsg HTTP/1.1" 200 27
116.224.158.100 - - [17/May/2023:11:27:54 +0800] "GET /xingrg/all/function/internal_message.html?_=1684293909619&CODE_STATE=getMsg HTTP/1.1" 200 27
116.238.139.35 - - [17/May/2023:11:27:55 +0800] "GET /xingrg/all/function/internal_message.html?_=1684293998221&CODE_STATE=getMsg HTTP/1.1" 200 27
114.83.216.225 - - [17/May/2023:11:27:56 +0800] "GET /xingrg/kc/base/wldb_order_operate.html?command=get_materiel&rest_code=00149&base_code=0010395&code=00102002150 HTTP/1.1" 200 447
222.67.238.82 - - [17/May/2023:11:27:58 +0800] "GET /xingrg/all/function/internal_message.html?_=1684293594765&CODE_STATE=getMsg HTTP/1.1" 200 27
116.235.244.175 - - [17/May/2023:11:28:05 +0800] "GET /xingrg/kc/buy/cgsh_order_operate.html?command=get_materiel&rest_code=00146&code=00101008036&supplier_code=00100005&order_time=2023-05-17 HTTP/1.1" 200 408
120.253.135.82 - - [17/May/2023:11:28:06 +0800] "GET /xingrg/all/function/internal_message.html?_=1684293924096&CODE_STATE=getMsg HTTP/1.1" 200 27
116.235.244.175 - - [17/May/2023:11:28:08 +0800] "GET /xingrg/all/function/internal_message.html?_=1684294102414&CODE_STATE=getMsg HTTP/1.1" 200 27
114.83.216.225 - - [17/May/2023:11:28:09 +0800] "POST /xingrg/kc/base/wldb_order_operate.html HTTP/1.1" 200 37
114.83.216.225 - - [17/May/2023:11:28:10 +0800] "POST /xingrg/kc/base/wldb_order_operate.html HTTP/1.1" 200 5101
180.171.122.0 - - [17/May/2023:11:28:10 +0800] "GET /xingrg/all/function/internal_message.html?_=1684294089092&CODE_STATE=getMsg HTTP/1.1" 200 27
180.171.122.0 - - [17/May/2023:11:28:11 +0800] "GET /xingrg/kc/buy/cgsh_order_operate.html?command=get_materiel&rest_code=00111&code=00101012119&supplier_code=00100581&order_time=2023-05-17 HTTP/1.1" 200 416
116.237.74.57 - - [17/May/2023:11:28:13 +0800] "POST /xingrg/kc/buy/cgsh_order_operate.html HTTP/1.1" 200 37
101.229.22.40 - - [17/May/2023:11:28:13 +0800] "GET /xingrg/all/function/internal_message.html?_=1684294093587&CODE_STATE=getMsg HTTP/1.1" 200 27
101.229.22.40 - - [17/May/2023:11:28:13 +0800] "GET /xingrg/check_reg.html?_=1684294093586 HTTP/1.1" 200 22
124.79.74.67 - - [17/May/2023:11:28:14 +0800] "GET /xingrg/all/function/internal_message.html?_=1684294112330&CODE_STATE=getMsg HTTP/1.1" 200 27
116.235.244.175 - - [17/May/2023:11:28:15 +0800] "GET /xingrg/kc/buy/cgsh_order_operate.html?command=get_materiel&rest_code=00146&code=00101008131&supplier_code=00100005&order_time=2023-05-17 HTTP/1.1" 200 409
114.83.216.225 - - [17/May/2023:11:28:16 +0800] "POST /xingrg/kc/base/wldb_order_operate.html HTTP/1.1" 200 12
116.237.74.57 - - [17/May/2023:11:28:16 +0800] "POST /xingrg/kc/buy/cgsh_order_operate.html HTTP/1.1" 200 5030
114.83.216.225 - - [17/May/2023:11:28:17 +0800] "GET /xingrg/kc/base/wldb_order_info.html?code=422023051701313 HTTP/1.1" 200 26263
114.83.216.225 - - [17/May/2023:11:28:18 +0800] "GET /xingrg/javascript/easyui/themes/default/validatebox.css HTTP/1.1" 404 1104
114.83.216.225 - - [17/May/2023:11:28:18 +0800] "POST /xingrg/kc/base/wldb_order_operate.html HTTP/1.1" 200 3328
180.156.206.150 - - [17/May/2023:11:28:20 +0800] "GET /xingrg/all/function/internal_message.html?_=1684294100360&CODE_STATE=getMsg HTTP/1.1" 200 27
114.83.216.225 - - [17/May/2023:11:28:20 +0800] "GET /xingrg/kc/base/wldb_order_add.html HTTP/1.1" 200 30387
114.83.216.225 - - [17/May/2023:11:28:21 +0800] "POST /xingrg/kc/base/wldb_order_operate.html HTTP/1.1" 200 6806
114.83.216.225 - - [17/May/2023:11:28:21 +0800] "GET /xingrg/javascript/easyui/themes/default/validatebox.css HTTP/1.1" 404 1104
180.171.122.0 - - [17/May/2023:11:28:21 +0800] "POST /xingrg/kc/buy/cgsh_order_operate.html HTTP/1.1" 200 37
114.83.216.225 - - [17/May/2023:11:28:22 +0800] "POST /xingrg/all/common/load_combo.html?type=base HTTP/1.1" 200 3409
180.171.122.0 - - [17/May/2023:11:28:23 +0800] "POST /xingrg/kc/buy/cgsh_order_operate.html HTTP/1.1" 200 2659
114.83.216.225 - - [17/May/2023:11:28:24 +0800] "GET /xingrg/all/function/internal_message.html?_=1684294102421&CODE_STATE=getMsg HTTP/1.1" 200 27
180.171.122.0 - - [17/May/2023:11:28:25 +0800] "GET /xingrg/kc/print/load_data.html?order_code=212023051706239&kc_code=cgsh&condition= HTTP/1.1" 200 665
116.224.158.100 - - [17/May/2023:11:28:28 +0800] "POST /xingrg/kc/buy/cgsh_order_operate.html HTTP/1.1" 200 37
116.235.244.175 - - [17/May/2023:11:28:29 +0800] "GET /xingrg/kc/buy/cgsh_order_operate.html?command=get_materiel&rest_code=00146&code=00101008296&supplier_code=00100005&order_time=2023-05-17 HTTP/1.1" 200 416
180.156.206.150 - - [17/May/2023:11:28:30 +0800] "GET /xingrg/all/function/internal_message.html?_=1684294123036&CODE_STATE=getMsg HTTP/1.1" 200 27
180.171.122.0 - - [17/May/2023:11:28:30 +0800] "GET /xingrg/kc/buy/cgsh_order_add.html HTTP/1.1" 200 71407
116.224.158.100 - - [17/May/2023:11:28:30 +0800] "POST /xingrg/kc/buy/cgsh_order_operate.html HTTP/1.1" 200 3249
180.171.122.0 - - [17/May/2023:11:28:31 +0800] "POST /xingrg/kc/buy/cgsh_order_operate.html HTTP/1.1" 200 8245
180.171.122.0 - - [17/May/2023:11:28:31 +0800] "GET /xingrg/javascript/easyui/themes/default/validatebox.css HTTP/1.1" 404 1104
116.235.244.175 - - [17/May/2023:11:28:32 +0800] "POST /xingrg/kc/buy/cgsh_order_operate.html HTTP/1.1" 200 2065
114.83.216.225 - - [17/May/2023:11:28:34 +0800] "GET /xingrg/kc/base/wldb_order_operate.html?command=get_materiel&rest_code=00149&base_code=0010395&code=00102002396 HTTP/1.1" 200 430
180.164.3.199 - - [17/May/2023:11:28:34 +0800] "GET /xingrg/all/function/internal_message.html?_=1684294113313&CODE_STATE=getMsg HTTP/1.1" 200 27
116.224.158.100 - - [17/May/2023:11:28:34 +0800] "GET /xingrg/kc/print/load_data.html?order_code=212023051706240&kc_code=cgsh&condition= HTTP/1.1" 200 901
124.79.240.114 - - [17/May/2023:11:28:34 +0800] "GET /xingrg/all/function/internal_message.html?_=1684294108500&CODE_STATE=getMsg HTTP/1.1" 200 27
180.171.122.0 - - [17/May/2023:11:28:40 +0800] "GET /xingrg/kc/buy/cgsh_order_operate.html?command=get_materiel&rest_code=00111&code=00101001019&supplier_code=00100430&order_time=2023-05-17 HTTP/1.1" 200 418
116.232.195.127 - - [17/May/2023:11:28:42 +0800] "GET /xingrg/all/function/internal_message.html?_=1684294167705&CODE_STATE=getMsg HTTP/1.1" 200 27
116.235.244.175 - - [17/May/2023:11:28:42 +0800] "GET /xingrg/kc/buy/cgsh_order_operate.html?command=get_materiel&rest_code=00146&code=00101008318&supplier_code=00100005&order_time=2023-05-17 HTTP/1.1" 200 408
124.79.240.114 - - [17/May/2023:11:28:43 +0800] "GET /xingrg/all/function/internal_message.html?_=1684294401250&CODE_STATE=getMsg HTTP/1.1" 200 27
124.79.240.114 - - [17/May/2023:11:28:43 +0800] "GET /xingrg/check_reg.html?_=1684294401251 HTTP/1.1" 200 22
114.83.216.225 - - [17/May/2023:11:28:47 +0800] "POST /xingrg/kc/base/wldb_order_operate.html HTTP/1.1" 200 37
116.238.139.35 - - [17/May/2023:11:28:47 +0800] "GET /xingrg/check_reg.html?_=1684294051036 HTTP/1.1" 200 22
180.163.30.100 - - [17/May/2023:11:28:49 +0800] "GET /xingrg/all/function/internal_message.html?_=1684294067860&CODE_STATE=getMsg HTTP/1.1" 302 -
180.163.30.100 - - [17/May/2023:11:28:49 +0800] "GET /xingrg/login.html HTTP/1.1" 200 7641
116.237.74.57 - - [17/May/2023:11:28:49 +0800] "GET /xingrg/all/function/internal_message.html?_=1684294127841&CODE_STATE=getMsg HTTP/1.1" 200 27
114.83.219.197 - - [17/May/2023:11:28:50 +0800] "GET /xingrg/all/function/internal_message.html?_=1684294226665&CODE_STATE=getMsg HTTP/1.1" 200 27
114.83.219.197 - - [17/May/2023:11:28:50 +0800] "GET /xingrg/check_reg.html?_=1684294226667 HTTP/1.1" 200 22
114.83.216.225 - - [17/May/2023:11:28:53 +0800] "POST /xingrg/kc/base/wldb_order_operate.html HTTP/1.1" 200 12
114.83.216.225 - - [17/May/2023:11:28:53 +0800] "POST /xingrg/kc/base/wldb_order_operate.html HTTP/1.1" 200 2178
180.171.122.0 - - [17/May/2023:11:28:54 +0800] "POST /xingrg/kc/buy/cgsh_order_operate.html HTTP/1.1" 200 37
116.224.158.100 - - [17/May/2023:11:28:54 +0800] "GET /xingrg/check_reg.html?_=1684293969478 HTTP/1.1" 200 22
116.224.158.100 - - [17/May/2023:11:28:54 +0800] "GET /xingrg/all/function/internal_message.html?_=1684293969608&CODE_STATE=getMsg HTTP/1.1" 200 27
116.238.139.35 - - [17/May/2023:11:28:55 +0800] "GET /xingrg/all/function/internal_message.html?_=1684294058224&CODE_STATE=getMsg HTTP/1.1" 200 27
114.83.216.225 - - [17/May/2023:11:28:56 +0800] "GET /xingrg/kc/base/wldb_order_info.html?code=422023051701314 HTTP/1.1" 200 26267
180.171.122.0 - - [17/May/2023:11:28:56 +0800] "POST /xingrg/kc/buy/cgsh_order_operate.html HTTP/1.1" 200 2663
116.235.244.175 - - [17/May/2023:11:28:56 +0800] "GET /xingrg/kc/buy/cgsh_order_operate.html?command=get_materiel&rest_code=00146&code=00101008352&supplier_code=00100005&order_time=2023-05-17 HTTP/1.1" 200 412
114.83.216.225 - - [17/May/2023:11:28:56 +0800] "GET /xingrg/javascript/easyui/themes/default/validatebox.css HTTP/1.1" 404 1104
114.83.216.225 - - [17/May/2023:11:28:56 +0800] "POST /xingrg/kc/base/wldb_order_operate.html HTTP/1.1" 200 473
116.224.158.100 - - [17/May/2023:11:28:57 +0800] "GET /xingrg/kc/buy/cgsh_order_add.html HTTP/1.1" 200 71533
116.224.158.100 - - [17/May/2023:11:28:57 +0800] "POST /xingrg/kc/buy/cgsh_order_operate.html HTTP/1.1" 200 8245
116.224.158.100 - - [17/May/2023:11:28:58 +0800] "GET /xingrg/javascript/easyui/themes/default/validatebox.css HTTP/1.1" 404 1104
180.171.122.0 - - [17/May/2023:11:28:58 +0800] "GET /xingrg/kc/print/load_data.html?order_code=212023051706241&kc_code=cgsh&condition= HTTP/1.1" 200 658
222.67.238.82 - - [17/May/2023:11:28:58 +0800] "GET /xingrg/all/function/internal_message.html?_=1684293654765&CODE_STATE=getMsg HTTP/1.1" 200 27
180.171.122.0 - - [17/May/2023:11:29:03 +0800] "GET /xingrg/kc/buy/cgsh_order_add.html HTTP/1.1" 200 71407
180.171.122.0 - - [17/May/2023:11:29:04 +0800] "POST /xingrg/kc/buy/cgsh_order_operate.html HTTP/1.1" 200 8245
180.171.122.0 - - [17/May/2023:11:29:04 +0800] "GET /xingrg/javascript/easyui/themes/default/validatebox.css HTTP/1.1" 404 1104
222.67.238.82 - - [17/May/2023:11:29:04 +0800] "POST /xingrg/kc/buy/cgsh_list_operate.html HTTP/1.1" 200 4894
120.253.135.82 - - [17/May/2023:11:29:06 +0800] "GET /xingrg/all/function/internal_message.html?_=1684293984110&CODE_STATE=getMsg HTTP/1.1" 200 27
116.235.244.175 - - [17/May/2023:11:29:08 +0800] "GET /xingrg/all/function/internal_message.html?_=1684294162497&CODE_STATE=getMsg HTTP/1.1" 200 27
180.171.122.0 - - [17/May/2023:11:29:10 +0800] "GET /xingrg/all/function/internal_message.html?_=1684294149084&CODE_STATE=getMsg HTTP/1.1" 200 27
222.67.238.82 - - [17/May/2023:11:29:12 +0800] "GET /xingrg/kc/buy/cgsh_order_add.html HTTP/1.1" 200 71451
222.67.238.82 - - [17/May/2023:11:29:12 +0800] "POST /xingrg/kc/buy/cgsh_order_operate.html HTTP/1.1" 200 8245
222.67.238.82 - - [17/May/2023:11:29:13 +0800] "GET /xingrg/javascript/easyui/themes/default/validatebox.css HTTP/1.1" 404 1104
116.235.244.175 - - [17/May/2023:11:29:13 +0800] "GET /xingrg/kc/buy/cgsh_order_operate.html?command=get_materiel&rest_code=00146&code=00101008098&supplier_code=00100005&order_time=2023-05-17 HTTP/1.1" 200 412
101.229.22.40 - - [17/May/2023:11:29:13 +0800] "GET /xingrg/all/function/internal_message.html?_=1684294153586&CODE_STATE=getMsg HTTP/1.1" 200 27
124.79.74.67 - - [17/May/2023:11:29:14 +0800] "GET /xingrg/all/function/internal_message.html?_=1684294172335&CODE_STATE=getMsg HTTP/1.1" 200 27
180.171.122.0 - - [17/May/2023:11:29:14 +0800] "GET /xingrg/kc/buy/cgsh_order_operate.html?command=get_materiel&rest_code=00111&code=00101001115&supplier_code=00100089&order_time=2023-05-17 HTTP/1.1" 200 415
222.67.238.82 - - [17/May/2023:11:29:18 +0800] "GET /xingrg/kc/buy/cgsh_order_add.html HTTP/1.1" 200 71451
222.67.238.82 - - [17/May/2023:11:29:18 +0800] "POST /xingrg/kc/buy/cgsh_order_operate.html HTTP/1.1" 200 8245
222.67.238.82 - - [17/May/2023:11:29:18 +0800] "GET /xingrg/javascript/easyui/themes/default/validatebox.css HTTP/1.1" 404 1104
180.156.206.150 - - [17/May/2023:11:29:20 +0800] "GET /xingrg/all/function/internal_message.html?_=1684294160347&CODE_STATE=getMsg HTTP/1.1" 200 27
116.224.158.100 - - [17/May/2023:11:29:22 +0800] "GET /xingrg/kc/buy/cgsh_order_operate.html?command=get_materiel&rest_code=00105&code=00101005036&supplier_code=00100334&order_time=2023-05-17 HTTP/1.1" 200 411
114.83.216.225 - - [17/May/2023:11:29:24 +0800] "GET /xingrg/all/function/internal_message.html?_=1684294162430&CODE_STATE=getMsg HTTP/1.1" 200 27
114.83.216.225 - - [17/May/2023:11:29:24 +0800] "GET /xingrg/check_reg.html?_=1684294162435 HTTP/1.1" 200 22
180.171.122.0 - - [17/May/2023:11:29:29 +0800] "POST /xingrg/kc/buy/cgsh_order_operate.html HTTP/1.1" 200 37
180.156.206.150 - - [17/May/2023:11:29:30 +0800] "GET /xingrg/all/function/internal_message.html?_=1684294183044&CODE_STATE=getMsg HTTP/1.1" 200 27
116.235.244.175 - - [17/May/2023:11:29:31 +0800] "GET /xingrg/kc/buy/cgsh_order_operate.html?command=get_materiel&rest_code=00146&code=00101008005&supplier_code=00100005&order_time=2023-05-17 HTTP/1.1" 200 412
180.171.122.0 - - [17/May/2023:11:29:31 +0800] "POST /xingrg/kc/buy/cgsh_order_operate.html HTTP/1.1" 200 2661
180.171.122.0 - - [17/May/2023:11:29:33 +0800] "GET /xingrg/kc/print/load_data.html?order_code=212023051706242&kc_code=cgsh&condition= HTTP/1.1" 200 754
180.164.3.199 - - [17/May/2023:11:29:34 +0800] "GET /xingrg/all/function/internal_message.html?_=1684294173310&CODE_STATE=getMsg HTTP/1.1" 200 27
124.79.240.114 - - [17/May/2023:11:29:34 +0800] "GET /xingrg/all/function/internal_message.html?_=1684294168483&CODE_STATE=getMsg HTTP/1.1" 200 27
222.67.238.82 - - [17/May/2023:11:29:36 +0800] "GET /xingrg/kc/buy/cgsh_order_operate.html?command=get_materiel&rest_code=00141&code=00101001037&supplier_code=00100090&order_time=2023-05-17 HTTP/1.1" 200 416
180.171.122.0 - - [17/May/2023:11:29:38 +0800] "GET /xingrg/kc/buy/cgsh_order_add.html HTTP/1.1" 200 71407
180.171.122.0 - - [17/May/2023:11:29:38 +0800] "POST /xingrg/kc/buy/cgsh_order_operate.html HTTP/1.1" 200 8245
180.171.122.0 - - [17/May/2023:11:29:38 +0800] "GET /xingrg/javascript/easyui/themes/default/validatebox.css HTTP/1.1" 404 1104
116.232.195.127 - - [17/May/2023:11:29:42 +0800] "GET /xingrg/all/function/internal_message.html?_=1684294227723&CODE_STATE=getMsg HTTP/1.1" 200 27
120.253.135.82 - - [17/May/2023:11:29:42 +0800] "GET /xingrg/kc/pszx/mdqp_order_list.html?state=10 HTTP/1.1" 200 10275
120.253.135.82 - - [17/May/2023:11:29:42 +0800] "GET /xingrg/dwr/interface/AjaxQqpsService.js HTTP/1.1" 200 16326
120.253.135.82 - - [17/May/2023:11:29:42 +0800] "GET /xingrg/dwr/interface/AjaxReportQueryService.js HTTP/1.1" 200 13203
120.253.135.82 - - [17/May/2023:11:29:42 +0800] "GET /xingrg/dwr/engine.js HTTP/1.1" 200 43631
124.79.240.114 - - [17/May/2023:11:29:43 +0800] "GET /xingrg/all/function/internal_message.html?_=1684294461249&CODE_STATE=getMsg HTTP/1.1" 200 27
116.224.158.100 - - [17/May/2023:11:29:45 +0800] "POST /xingrg/kc/buy/cgsh_order_operate.html HTTP/1.1" 200 37
116.224.158.100 - - [17/May/2023:11:29:47 +0800] "POST /xingrg/kc/buy/cgsh_order_operate.html HTTP/1.1" 200 2655
116.235.244.175 - - [17/May/2023:11:29:47 +0800] "GET /xingrg/kc/buy/cgsh_order_operate.html?command=get_materiel&rest_code=00146&code=00101008353&supplier_code=00100005&order_time=2023-05-17 HTTP/1.1" 200 408
180.163.28.68 - - [17/May/2023:11:29:49 +0800] "GET /xingrg/all/function/internal_message.html?_=1684294127841&CODE_STATE=getMsg HTTP/1.1" 302 -
180.163.28.68 - - [17/May/2023:11:29:49 +0800] "GET /xingrg/login.html HTTP/1.1" 200 7641
116.237.74.57 - - [17/May/2023:11:29:49 +0800] "GET /xingrg/all/function/internal_message.html?_=1684294187817&CODE_STATE=getMsg HTTP/1.1" 200 27
116.224.158.100 - - [17/May/2023:11:29:50 +0800] "GET /xingrg/kc/print/load_data.html?order_code=212023051706243&kc_code=cgsh&condition= HTTP/1.1" 200 672
114.83.219.197 - - [17/May/2023:11:29:50 +0800] "GET /xingrg/all/function/internal_message.html?_=1684294286657&CODE_STATE=getMsg HTTP/1.1" 200 27
222.67.238.82 - - [17/May/2023:11:29:50 +0800] "GET /xingrg/kc/buy/cgsh_order_operate.html?command=get_materiel&rest_code=00141&code=00101004124&supplier_code=00100090&order_time=2023-05-17 HTTP/1.1" 200 412
116.235.244.175 - - [17/May/2023:11:29:51 +0800] "POST /xingrg/kc/buy/cgsh_order_operate.html HTTP/1.1" 200 2065
116.224.158.100 - - [17/May/2023:11:29:54 +0800] "GET /xingrg/all/function/internal_message.html?_=1684294029587&CODE_STATE=getMsg HTTP/1.1" 200 27
116.238.139.35 - - [17/May/2023:11:29:55 +0800] "GET /xingrg/all/function/internal_message.html?_=1684294118238&CODE_STATE=getMsg HTTP/1.1" 200 27
222.67.238.82 - - [17/May/2023:11:29:58 +0800] "GET /xingrg/check_reg.html?_=1684293714800 HTTP/1.1" 200 22
222.67.238.82 - - [17/May/2023:11:29:58 +0800] "GET /xingrg/all/function/internal_message.html?_=1684293714799&CODE_STATE=getMsg HTTP/1.1" 200 27
116.235.244.175 - - [17/May/2023:11:29:59 +0800] "GET /xingrg/kc/buy/cgsh_order_operate.html?command=get_materiel&rest_code=00146&code=00101008213&supplier_code=00100005&order_time=2023-05-17 HTTP/1.1" 200 412
222.67.238.82 - - [17/May/2023:11:30:01 +0800] "GET /xingrg/kc/buy/cgsh_order_operate.html?command=get_materiel&rest_code=00141&code=00101001140&supplier_code=00100090&order_time=2023-05-17 HTTP/1.1" 200 417
120.253.135.82 - - [17/May/2023:11:30:03 +0800] "GET /xingrg/kc/pszx/mdqp_order_list.html?state=10 HTTP/1.1" 200 10275
120.253.135.82 - - [17/May/2023:11:30:03 +0800] "GET /xingrg/dwr/interface/AjaxQqpsService.js HTTP/1.1" 200 16326
120.253.135.82 - - [17/May/2023:11:30:03 +0800] "GET /xingrg/dwr/engine.js HTTP/1.1" 200 43631
120.253.135.82 - - [17/May/2023:11:30:03 +0800] "GET /xingrg/dwr/interface/AjaxReportQueryService.js HTTP/1.1" 200 13203
120.253.135.82 - - [17/May/2023:11:30:04 +0800] "GET /xingrg/check_reg.html?_=1684294041517 HTTP/1.1" 200 22
120.253.135.82 - - [17/May/2023:11:30:06 +0800] "GET /xingrg/all/function/internal_message.html?_=1684294044122&CODE_STATE=getMsg HTTP/1.1" 200 27
180.171.122.0 - - [17/May/2023:11:30:07 +0800] "GET /xingrg/kc/buy/cgsh_order_operate.html?command=get_materiel&rest_code=00111&code=00101019454&supplier_code=00100337&order_time=2023-05-17 HTTP/1.1" 200 424
116.235.244.175 - - [17/May/2023:11:30:08 +0800] "GET /xingrg/all/function/internal_message.html?_=1684294222501&CODE_STATE=getMsg HTTP/1.1" 200 27
116.224.158.100 - - [17/May/2023:11:30:10 +0800] "GET /xingrg/kc/buy/cgsh_order_add.html HTTP/1.1" 200 71533
180.171.122.0 - - [17/May/2023:11:30:10 +0800] "GET /xingrg/all/function/internal_message.html?_=1684294209067&CODE_STATE=getMsg HTTP/1.1" 200 27
116.224.158.100 - - [17/May/2023:11:30:10 +0800] "POST /xingrg/kc/buy/cgsh_order_operate.html HTTP/1.1" 200 8245
116.224.158.100 - - [17/May/2023:11:30:11 +0800] "GET /xingrg/javascript/easyui/themes/default/validatebox.css HTTP/1.1" 404 1104
222.67.238.82 - - [17/May/2023:11:30:12 +0800] "GET /xingrg/kc/buy/cgsh_order_operate.html?command=get_materiel&rest_code=00141&code=00101001125&supplier_code=00100090&order_time=2023-05-17 HTTP/1.1" 200 415
120.253.135.82 - - [17/May/2023:11:30:13 +0800] "GET /xingrg/kc/pszx/mdqp_order_list.html?state=10 HTTP/1.1" 200 10275
120.253.135.82 - - [17/May/2023:11:30:13 +0800] "GET /xingrg/dwr/interface/AjaxQqpsService.js HTTP/1.1" 200 16326
120.253.135.82 - - [17/May/2023:11:30:13 +0800] "GET /xingrg/dwr/interface/AjaxReportQueryService.js HTTP/1.1" 200 13203
120.253.135.82 - - [17/May/2023:11:30:13 +0800] "GET /xingrg/dwr/engine.js HTTP/1.1" 200 43631
101.229.22.40 - - [17/May/2023:11:30:13 +0800] "GET /xingrg/all/function/internal_message.html?_=1684294213586&CODE_STATE=getMsg HTTP/1.1" 200 27
116.235.244.175 - - [17/May/2023:11:30:13 +0800] "GET /xingrg/kc/buy/cgsh_order_operate.html?command=get_materiel&rest_code=00146&code=00101008291&supplier_code=00100005&order_time=2023-05-17 HTTP/1.1" 200 408
124.79.74.67 - - [17/May/2023:11:30:14 +0800] "GET /xingrg/all/function/internal_message.html?_=1684294232335&CODE_STATE=getMsg HTTP/1.1" 200 27
120.253.135.82 - - [17/May/2023:11:30:15 +0800] "GET /xingrg/kc/pszx/mdqp_order_list.html?state=10 HTTP/1.1" 200 10275
120.253.135.82 - - [17/May/2023:11:30:15 +0800] "GET /xingrg/dwr/interface/AjaxReportQueryService.js HTTP/1.1" 200 13203
120.253.135.82 - - [17/May/2023:11:30:15 +0800] "GET /xingrg/dwr/engine.js HTTP/1.1" 200 43631
120.253.135.82 - - [17/May/2023:11:30:15 +0800] "GET /xingrg/dwr/interface/AjaxQqpsService.js HTTP/1.1" 200 16326
124.79.74.67 - - [17/May/2023:11:30:19 +0800] "GET /xingrg/kc/base/base_main.html HTTP/1.1" 200 12142
124.79.74.67 - - [17/May/2023:11:30:20 +0800] "GET /xingrg/kc/base/wldb_order_list.html HTTP/1.1" 200 19104
120.253.135.82 - - [17/May/2023:11:30:20 +0800] "GET /xingrg/kc/pszx/mdps_order_list.html?orderType=0 HTTP/1.1" 200 21032
180.156.206.150 - - [17/May/2023:11:30:20 +0800] "GET /xingrg/all/function/internal_message.html?_=1684294220347&CODE_STATE=getMsg HTTP/1.1" 200 27
120.253.135.82 - - [17/May/2023:11:30:20 +0800] "POST /xingrg/kc/pszx/mdps_list_operate.html HTTP/1.1" 200 5400
124.79.74.67 - - [17/May/2023:11:30:20 +0800] "POST /xingrg/kc/base/wldb_list_operate.html HTTP/1.1" 200 928
124.79.74.67 - - [17/May/2023:11:30:22 +0800] "GET /xingrg/kc/base/wldb_order_add.html HTTP/1.1" 200 30383
124.79.74.67 - - [17/May/2023:11:30:22 +0800] "POST /xingrg/kc/base/wldb_order_operate.html HTTP/1.1" 200 6806
124.79.74.67 - - [17/May/2023:11:30:22 +0800] "GET /xingrg/javascript/easyui/themes/default/validatebox.css HTTP/1.1" 404 1104
124.79.74.67 - - [17/May/2023:11:30:22 +0800] "GET /xingrg/all/common/auto_word.html?type=base&rest_code=00156 HTTP/1.1" 200 1903
124.79.74.67 - - [17/May/2023:11:30:22 +0800] "GET /xingrg/all/common/auto_word.html?type=base&rest_code=00156 HTTP/1.1" 200 1903
124.79.74.67 - - [17/May/2023:11:30:24 +0800] "GET /xingrg/javascript/auto/indicator.gif HTTP/1.1" 404 1066
114.83.216.225 - - [17/May/2023:11:30:24 +0800] "GET /xingrg/all/function/internal_message.html?_=1684294222424&CODE_STATE=getMsg HTTP/1.1" 200 27
222.67.238.82 - - [17/May/2023:11:30:25 +0800] "POST /xingrg/kc/buy/cgsh_order_operate.html HTTP/1.1" 200 37
120.253.135.82 - - [17/May/2023:11:30:26 +0800] "GET /xingrg/kc/pszx/mdqp_order_list.html?state=10 HTTP/1.1" 200 10275
120.253.135.82 - - [17/May/2023:11:30:26 +0800] "GET /xingrg/dwr/interface/AjaxReportQueryService.js HTTP/1.1" 200 13203
120.253.135.82 - - [17/May/2023:11:30:26 +0800] "GET /xingrg/dwr/engine.js HTTP/1.1" 200 43631
120.253.135.82 - - [17/May/2023:11:30:26 +0800] "GET /xingrg/dwr/interface/AjaxQqpsService.js HTTP/1.1" 200 16326
222.67.238.82 - - [17/May/2023:11:30:27 +0800] "POST /xingrg/kc/buy/cgsh_order_operate.html HTTP/1.1" 200 4454
116.235.244.175 - - [17/May/2023:11:30:27 +0800] "GET /xingrg/kc/buy/cgsh_order_operate.html?command=get_materiel&rest_code=00146&code=00101008110&supplier_code=00100005&order_time=2023-05-17 HTTP/1.1" 200 408
222.67.238.82 - - [17/May/2023:11:30:28 +0800] "GET /xingrg/kc/print/load_data.html?order_code=212023051706244&kc_code=cgsh&condition= HTTP/1.1" 200 1446
124.79.74.67 - - [17/May/2023:11:30:28 +0800] "GET /xingrg/javascript/jquery_tools/images/prev.gif HTTP/1.1" 404 1086
124.79.74.67 - - [17/May/2023:11:30:28 +0800] "GET /xingrg/javascript/jquery_tools/images/next.gif HTTP/1.1" 404 1086
180.156.206.150 - - [17/May/2023:11:30:30 +0800] "GET /xingrg/all/function/internal_message.html?_=1684294243037&CODE_STATE=getMsg HTTP/1.1" 200 27
116.224.158.100 - - [17/May/2023:11:30:31 +0800] "GET /xingrg/kc/buy/cgsh_order_operate.html?command=get_materiel&rest_code=00105&code=00101001019&supplier_code=00100430&order_time=2023-05-17 HTTP/1.1" 200 416
180.171.122.0 - - [17/May/2023:11:30:31 +0800] "GET /xingrg/kc/buy/cgsh_order_operate.html?command=get_materiel&rest_code=00111&code=00101019074&supplier_code=00100337&order_time=2023-05-17 HTTP/1.1" 200 469
124.79.74.67 - - [17/May/2023:11:30:32 +0800] "GET /xingrg/kc/base/wldb_order_operate.html?command=get_materiel&rest_code=00156&base_code=0010779&code=00101019430 HTTP/1.1" 200 477
180.164.3.199 - - [17/May/2023:11:30:34 +0800] "GET /xingrg/all/function/internal_message.html?_=1684294233307&CODE_STATE=getMsg HTTP/1.1" 200 27
124.79.240.114 - - [17/May/2023:11:30:34 +0800] "GET /xingrg/all/function/internal_message.html?_=1684294228454&CODE_STATE=getMsg HTTP/1.1" 200 27
180.164.3.199 - - [17/May/2023:11:30:35 +0800] "POST /xingrg/services/DataTransmitService HTTP/1.1" 200 524
222.67.238.82 - - [17/May/2023:11:30:36 +0800] "GET /xingrg/kc/buy/cgsh_order_add.html HTTP/1.1" 200 71451
180.164.3.199 - - [17/May/2023:11:30:36 +0800] "POST /xingrg/services/DataTransmitService HTTP/1.1" 200 412
222.67.238.82 - - [17/May/2023:11:30:36 +0800] "POST /xingrg/kc/buy/cgsh_order_operate.html HTTP/1.1" 200 8245
222.67.238.82 - - [17/May/2023:11:30:36 +0800] "GET /xingrg/javascript/easyui/themes/default/validatebox.css HTTP/1.1" 404 1104
124.79.74.67 - - [17/May/2023:11:30:37 +0800] "GET /xingrg/kc/base/wldb_order_operate.html?command=get_materiel&rest_code=00156&base_code=0010779&code=00101019142 HTTP/1.1" 200 463
116.235.244.175 - - [17/May/2023:11:30:38 +0800] "GET /xingrg/kc/buy/cgsh_order_operate.html?command=get_materiel&rest_code=00146&code=00101008283&supplier_code=00100005&order_time=2023-05-17 HTTP/1.1" 200 408
180.164.3.199 - - [17/May/2023:11:30:40 +0800] "POST /xingrg/services/DataTransmitService HTTP/1.1" 200 524
180.164.3.199 - - [17/May/2023:11:30:41 +0800] "POST /xingrg/services/DataTransmitService HTTP/1.1" 200 412
116.232.195.127 - - [17/May/2023:11:30:42 +0800] "GET /xingrg/all/function/internal_message.html?_=1684294287715&CODE_STATE=getMsg HTTP/1.1" 200 27
124.79.74.67 - - [17/May/2023:11:30:42 +0800] "GET /xingrg/kc/base/wldb_order_operate.html?command=get_materiel&rest_code=00156&base_code=0010779&code=00101013093 HTTP/1.1" 200 450
124.79.240.114 - - [17/May/2023:11:30:43 +0800] "GET /xingrg/all/function/internal_message.html?_=1684294521273&CODE_STATE=getMsg HTTP/1.1" 200 27
180.171.122.0 - - [17/May/2023:11:30:46 +0800] "POST /xingrg/kc/buy/cgsh_order_operate.html HTTP/1.1" 200 37
180.164.3.199 - - [17/May/2023:11:30:46 +0800] "POST /xingrg/services/DataTransmitService HTTP/1.1" 200 524
180.164.3.199 - - [17/May/2023:11:30:47 +0800] "POST /xingrg/services/DataTransmitService HTTP/1.1" 200 412
222.67.238.82 - - [17/May/2023:11:30:48 +0800] "GET /xingrg/kc/buy/cgsh_order_operate.html?command=get_materiel&rest_code=00141&code=00101002034&supplier_code=00100091&order_time=2023-05-17 HTTP/1.1" 200 412
116.235.244.175 - - [17/May/2023:11:30:48 +0800] "GET /xingrg/kc/buy/cgsh_order_operate.html?command=get_materiel&rest_code=00146&code=00101008028&supplier_code=00100005&order_time=2023-05-17 HTTP/1.1" 200 412
180.163.29.103 - - [17/May/2023:11:30:49 +0800] "GET /xingrg/all/function/internal_message.html?_=1684294187817&CODE_STATE=getMsg HTTP/1.1" 302 -
180.163.29.103 - - [17/May/2023:11:30:49 +0800] "GET /xingrg/login.html HTTP/1.1" 200 7641
116.237.74.57 - - [17/May/2023:11:30:49 +0800] "GET /xingrg/all/function/internal_message.html?_=1684294247787&CODE_STATE=getMsg HTTP/1.1" 200 27
114.83.219.197 - - [17/May/2023:11:30:50 +0800] "GET /xingrg/all/function/internal_message.html?_=1684294346673&CODE_STATE=getMsg HTTP/1.1" 200 27
116.224.158.100 - - [17/May/2023:11:30:53 +0800] "POST /xingrg/kc/buy/cgsh_order_operate.html HTTP/1.1" 200 37
180.171.122.0 - - [17/May/2023:11:30:53 +0800] "POST /xingrg/kc/buy/cgsh_order_operate.html HTTP/1.1" 200 3289
116.235.244.175 - - [17/May/2023:11:30:53 +0800] "POST /xingrg/kc/buy/cgsh_order_operate.html HTTP/1.1" 200 2065
116.224.158.100 - - [17/May/2023:11:30:54 +0800] "GET /xingrg/all/function/internal_message.html?_=1684294089571&CODE_STATE=getMsg HTTP/1.1" 200 27
116.238.139.35 - - [17/May/2023:11:30:55 +0800] "GET /xingrg/all/function/internal_message.html?_=1684294178277&CODE_STATE=getMsg HTTP/1.1" 200 27
116.224.158.100 - - [17/May/2023:11:30:55 +0800] "POST /xingrg/kc/buy/cgsh_order_operate.html HTTP/1.1" 200 2663
180.171.122.0 - - [17/May/2023:11:30:55 +0800] "GET /xingrg/kc/print/load_data.html?order_code=212023051706245&kc_code=cgsh&condition= HTTP/1.1" 200 934
116.224.158.100 - - [17/May/2023:11:30:58 +0800] "GET /xingrg/kc/print/load_data.html?order_code=212023051706246&kc_code=cgsh&condition= HTTP/1.1" 200 658
180.171.122.0 - - [17/May/2023:11:31:02 +0800] "GET /xingrg/kc/buy/cgsh_order_add.html HTTP/1.1" 200 71407
180.171.122.0 - - [17/May/2023:11:31:03 +0800] "POST /xingrg/kc/buy/cgsh_order_operate.html HTTP/1.1" 200 8245
180.171.122.0 - - [17/May/2023:11:31:03 +0800] "GET /xingrg/javascript/easyui/themes/default/validatebox.css HTTP/1.1" 404 1104
222.67.238.82 - - [17/May/2023:11:31:04 +0800] "POST /xingrg/kc/buy/cgsh_order_operate.html HTTP/1.1" 200 37
222.67.238.82 - - [17/May/2023:11:31:06 +0800] "POST /xingrg/kc/buy/cgsh_order_operate.html HTTP/1.1" 200 2657
120.253.135.82 - - [17/May/2023:11:31:06 +0800] "GET /xingrg/all/function/internal_message.html?_=1684294104173&CODE_STATE=getMsg HTTP/1.1" 200 27
222.67.238.82 - - [17/May/2023:11:31:07 +0800] "GET /xingrg/kc/print/load_data.html?order_code=212023051706247&kc_code=cgsh&condition= HTTP/1.1" 200 748
116.235.244.175 - - [17/May/2023:11:31:08 +0800] "GET /xingrg/all/function/internal_message.html?_=1684294282515&CODE_STATE=getMsg HTTP/1.1" 200 27
116.235.244.175 - - [17/May/2023:11:31:08 +0800] "GET /xingrg/kc/buy/cgsh_order_operate.html?command=get_materiel&rest_code=00146&code=00101013114&supplier_code=00100005&order_time=2023-05-17 HTTP/1.1" 200 409
180.156.206.150 - - [17/May/2023:11:31:09 +0800] "GET /xingrg/kc/mdqp/pssh_order_list.html HTTP/1.1" 200 17888
180.156.206.150 - - [17/May/2023:11:31:09 +0800] "POST /xingrg/kc/mdqp/pssh_list_operate.html HTTP/1.1" 200 5411
124.79.74.67 - - [17/May/2023:11:31:10 +0800] "GET /xingrg/kc/base/wldb_order_operate.html?command=get_materiel&rest_code=00156&base_code=0010779&code=00101010522 HTTP/1.1" 200 443
180.171.122.0 - - [17/May/2023:11:31:10 +0800] "GET /xingrg/all/function/internal_message.html?_=1684294269051&CODE_STATE=getMsg HTTP/1.1" 200 27
180.171.122.0 - - [17/May/2023:11:31:10 +0800] "GET /xingrg/check_reg.html?_=1684294269179 HTTP/1.1" 200 22
222.67.238.82 - - [17/May/2023:11:31:12 +0800] "GET /xingrg/kc/buy/cgsh_order_add.html HTTP/1.1" 200 71451
222.67.238.82 - - [17/May/2023:11:31:12 +0800] "POST /xingrg/kc/buy/cgsh_order_operate.html HTTP/1.1" 200 8245
222.67.238.82 - - [17/May/2023:11:31:12 +0800] "GET /xingrg/javascript/easyui/themes/default/validatebox.css HTTP/1.1" 404 1104
101.229.22.40 - - [17/May/2023:11:31:13 +0800] "GET /xingrg/all/function/internal_message.html?_=1684294273588&CODE_STATE=getMsg HTTP/1.1" 200 27
124.79.74.67 - - [17/May/2023:11:31:14 +0800] "GET /xingrg/check_reg.html?_=1684294292340 HTTP/1.1" 200 22
124.79.74.67 - - [17/May/2023:11:31:14 +0800] "GET /xingrg/all/function/internal_message.html?_=1684294292338&CODE_STATE=getMsg HTTP/1.1" 200 27
116.235.244.175 - - [17/May/2023:11:31:20 +0800] "GET /xingrg/kc/buy/cgsh_order_operate.html?command=get_materiel&rest_code=00146&code=00101008223&supplier_code=00100005&order_time=2023-05-17 HTTP/1.1" 200 414
114.83.216.225 - - [17/May/2023:11:31:24 +0800] "GET /xingrg/all/function/internal_message.html?_=1684294282431&CODE_STATE=getMsg HTTP/1.1" 200 27
116.224.158.100 - - [17/May/2023:11:31:28 +0800] "GET /xingrg/kc/buy/cgsh_order_add.html HTTP/1.1" 200 71533
116.224.158.100 - - [17/May/2023:11:31:28 +0800] "POST /xingrg/kc/buy/cgsh_order_operate.html HTTP/1.1" 200 8245
116.224.158.100 - - [17/May/2023:11:31:28 +0800] "GET /xingrg/javascript/easyui/themes/default/validatebox.css HTTP/1.1" 404 1104
124.79.74.67 - - [17/May/2023:11:31:29 +0800] "POST /xingrg/kc/base/wldb_order_operate.html HTTP/1.1" 200 37
222.67.238.82 - - [17/May/2023:11:31:29 +0800] "GET /xingrg/kc/buy/cgsh_order_operate.html?command=get_materiel&rest_code=00141&code=00101002007&supplier_code=00100442&order_time=2023-05-17 HTTP/1.1" 200 409
180.156.206.150 - - [17/May/2023:11:31:30 +0800] "GET /xingrg/check_reg.html?_=1684294303034 HTTP/1.1" 200 22
180.156.206.150 - - [17/May/2023:11:31:30 +0800] "GET /xingrg/all/function/internal_message.html?_=1684294303036&CODE_STATE=getMsg HTTP/1.1" 200 27
124.79.74.67 - - [17/May/2023:11:31:30 +0800] "POST /xingrg/kc/base/wldb_order_operate.html HTTP/1.1" 200 3673
116.237.74.57 - - [17/May/2023:11:31:30 +0800] "GET /xingrg/check_reg.html?_=1684294288788 HTTP/1.1" 200 22
180.164.3.199 - - [17/May/2023:11:31:34 +0800] "GET /xingrg/all/function/internal_message.html?_=1684294293312&CODE_STATE=getMsg HTTP/1.1" 200 27
124.79.240.114 - - [17/May/2023:11:31:34 +0800] "GET /xingrg/all/function/internal_message.html?_=1684294288430&CODE_STATE=getMsg HTTP/1.1" 200 27
116.235.244.175 - - [17/May/2023:11:31:38 +0800] "GET /xingrg/kc/buy/cgsh_order_operate.html?command=get_materiel&rest_code=00146&code=00101009011&supplier_code=00100005&order_time=2023-05-17 HTTP/1.1" 200 416
222.67.238.82 - - [17/May/2023:11:31:41 +0800] "POST /xingrg/kc/buy/cgsh_order_operate.html HTTP/1.1" 200 37
116.232.195.127 - - [17/May/2023:11:31:42 +0800] "GET /xingrg/all/function/internal_message.html?_=1684294347713&CODE_STATE=getMsg HTTP/1.1" 200 27
116.232.195.127 - - [17/May/2023:11:31:42 +0800] "GET /xingrg/check_reg.html?_=1684294347718 HTTP/1.1" 200 22
124.79.240.114 - - [17/May/2023:11:31:43 +0800] "GET /xingrg/all/function/internal_message.html?_=1684294581274&CODE_STATE=getMsg HTTP/1.1" 200 27
222.67.238.82 - - [17/May/2023:11:31:43 +0800] "POST /xingrg/kc/buy/cgsh_order_operate.html HTTP/1.1" 200 2656
124.79.74.67 - - [17/May/2023:11:31:43 +0800] "GET /xingrg/kc/base/wldb_order_info.html?code=422023051701315 HTTP/1.1" 200 30397
124.79.74.67 - - [17/May/2023:11:31:43 +0800] "GET /xingrg/javascript/easyui/themes/default/validatebox.css HTTP/1.1" 404 1104
124.79.74.67 - - [17/May/2023:11:31:44 +0800] "GET /xingrg/all/common/auto_word.html?type=base&rest_code=00156 HTTP/1.1" 200 1903
124.79.74.67 - - [17/May/2023:11:31:44 +0800] "GET /xingrg/all/common/auto_word.html?type=base&rest_code=00156 HTTP/1.1" 200 1903
124.79.74.67 - - [17/May/2023:11:31:44 +0800] "POST /xingrg/kc/base/wldb_order_operate.html HTTP/1.1" 200 3673
222.67.238.82 - - [17/May/2023:11:31:45 +0800] "GET /xingrg/kc/print/load_data.html?order_code=212023051706248&kc_code=cgsh&condition= HTTP/1.1" 200 681
180.163.28.68 - - [17/May/2023:11:31:49 +0800] "GET /xingrg/all/function/internal_message.html?_=1684294247787&CODE_STATE=getMsg HTTP/1.1" 302 -
180.163.28.68 - - [17/May/2023:11:31:49 +0800] "GET /xingrg/login.html HTTP/1.1" 200 7641
116.237.74.57 - - [17/May/2023:11:31:49 +0800] "GET /xingrg/all/function/internal_message.html?_=1684294307764&CODE_STATE=getMsg HTTP/1.1" 200 27
116.235.244.175 - - [17/May/2023:11:31:49 +0800] "GET /xingrg/kc/buy/cgsh_order_operate.html?command=get_materiel&rest_code=00146&code=00101009015&supplier_code=00100005&order_time=2023-05-17 HTTP/1.1" 200 416
116.224.158.100 - - [17/May/2023:11:31:50 +0800] "GET /xingrg/kc/buy/cgsh_order_operate.html?command=get_materiel&rest_code=00105&code=00101010309&supplier_code=00100323&order_time=2023-05-17 HTTP/1.1" 200 423
114.83.219.197 - - [17/May/2023:11:31:50 +0800] "GET /xingrg/all/function/internal_message.html?_=1684294406670&CODE_STATE=getMsg HTTP/1.1" 200 27
222.67.238.82 - - [17/May/2023:11:31:51 +0800] "GET /xingrg/kc/buy/cgsh_order_add.html HTTP/1.1" 200 71451
222.67.238.82 - - [17/May/2023:11:31:51 +0800] "GET /xingrg/javascript/easyui/themes/default/validatebox.css HTTP/1.1" 404 1104
222.67.238.82 - - [17/May/2023:11:31:51 +0800] "POST /xingrg/kc/buy/cgsh_order_operate.html HTTP/1.1" 200 8245
116.224.158.100 - - [17/May/2023:11:31:54 +0800] "GET /xingrg/all/function/internal_message.html?_=1684294149561&CODE_STATE=getMsg HTTP/1.1" 200 27
116.238.139.35 - - [17/May/2023:11:31:55 +0800] "GET /xingrg/all/function/internal_message.html?_=1684294238280&CODE_STATE=getMsg HTTP/1.1" 200 27
116.232.195.127 - - [17/May/2023:11:31:57 +0800] "GET /xingrg/index.html?sysBaseUrl=http%3A%2F%2F180.169.147.146%3A18081%2Fxingrg%2F&costTime=1277×tamp=1606817596806 HTTP/1.1" 302 -
116.232.195.127 - - [17/May/2023:11:31:57 +0800] "GET /xingrg/login.html HTTP/1.1" 200 7641
116.232.195.127 - - [17/May/2023:11:31:57 +0800] "GET /favicon.ico HTTP/1.1" 404 -
222.67.238.82 - - [17/May/2023:11:31:58 +0800] "GET /xingrg/all/function/internal_message.html?_=1684293834888&CODE_STATE=getMsg HTTP/1.1" 200 27
116.235.244.175 - - [17/May/2023:11:32:01 +0800] "GET /xingrg/kc/buy/cgsh_order_operate.html?command=get_materiel&rest_code=00146&code=00101008095&supplier_code=00100005&order_time=2023-05-17 HTTP/1.1" 200 412
116.235.244.175 - - [17/May/2023:11:32:04 +0800] "POST /xingrg/kc/buy/cgsh_order_operate.html HTTP/1.1" 200 2065
222.67.238.82 - - [17/May/2023:11:32:05 +0800] "GET /xingrg/kc/buy/cgsh_order_operate.html?command=get_materiel&rest_code=00141&code=00101004034&supplier_code=00100085&order_time=2023-05-17 HTTP/1.1" 200 416
120.253.135.82 - - [17/May/2023:11:32:06 +0800] "GET /xingrg/all/function/internal_message.html?_=1684294164181&CODE_STATE=getMsg HTTP/1.1" 200 27
116.224.158.100 - - [17/May/2023:11:32:07 +0800] "GET /xingrg/kc/buy/cgsh_order_operate.html?command=get_materiel&rest_code=00105&code=00101008214&supplier_code=00100323&order_time=2023-05-17 HTTP/1.1" 200 409
116.235.244.175 - - [17/May/2023:11:32:08 +0800] "GET /xingrg/check_reg.html?_=1684294342402 HTTP/1.1" 200 22
116.235.244.175 - - [17/May/2023:11:32:08 +0800] "GET /xingrg/all/function/internal_message.html?_=1684294342528&CODE_STATE=getMsg HTTP/1.1" 200 27
180.171.122.0 - - [17/May/2023:11:32:09 +0800] "GET /xingrg/kc/buy/cgsh_order_operate.html?command=get_materiel&rest_code=00111&code=00101006347&supplier_code=00100505&order_time=2023-05-17 HTTP/1.1" 200 410
180.171.122.0 - - [17/May/2023:11:32:10 +0800] "GET /xingrg/all/function/internal_message.html?_=1684294329167&CODE_STATE=getMsg HTTP/1.1" 200 27
116.232.195.127 - - [17/May/2023:11:32:12 +0800] "POST /xingrg/login.do HTTP/1.1" 302 -
116.232.195.127 - - [17/May/2023:11:32:12 +0800] "GET /xingrg/index.html?sysBaseUrl=http%3A%2F%2F180.169.147.146%3A18081%2Fxingrg%2F&costTime=809×tamp=1684294332101 HTTP/1.1" 200 17179
116.232.195.127 - - [17/May/2023:11:32:12 +0800] "GET /favicon.ico HTTP/1.1" 404 -
116.232.195.127 - - [17/May/2023:11:32:12 +0800] "GET /xingrg/all/function/internal_message.html?_=1684294378097&CODE_STATE=count HTTP/1.1" 200 11
116.232.195.127 - - [17/May/2023:11:32:12 +0800] "GET /xingrg/check_reg.html?_=1684294378099 HTTP/1.1" 200 22
116.232.195.127 - - [17/May/2023:11:32:12 +0800] "POST /xingrg/all/common/load_tree.html?tree=area_rest_tree_json&manage=1 HTTP/1.1" 200 479
116.232.195.127 - - [17/May/2023:11:32:12 +0800] "POST /xingrg/load_menu.html HTTP/1.1" 200 5138
101.229.22.40 - - [17/May/2023:11:32:13 +0800] "GET /xingrg/all/function/internal_message.html?_=1684294333597&CODE_STATE=getMsg HTTP/1.1" 200 27
116.232.195.127 - - [17/May/2023:11:32:14 +0800] "GET /xingrg/kc/buy/cgsh_order_list.html HTTP/1.1" 200 55675
124.79.74.67 - - [17/May/2023:11:32:14 +0800] "GET /xingrg/all/function/internal_message.html?_=1684294352340&CODE_STATE=getMsg HTTP/1.1" 200 27
222.67.238.82 - - [17/May/2023:11:32:22 +0800] "POST /xingrg/kc/buy/cgsh_order_operate.html HTTP/1.1" 200 37
180.171.122.0 - - [17/May/2023:11:32:22 +0800] "POST /xingrg/kc/buy/cgsh_order_operate.html HTTP/1.1" 200 64
114.83.216.225 - - [17/May/2023:11:32:24 +0800] "GET /xingrg/all/function/internal_message.html?_=1684294342440&CODE_STATE=getMsg HTTP/1.1" 200 27
222.67.238.82 - - [17/May/2023:11:32:24 +0800] "POST /xingrg/kc/buy/cgsh_order_operate.html HTTP/1.1" 200 2664
180.156.206.150 - - [17/May/2023:11:32:30 +0800] "GET /xingrg/all/function/internal_message.html?_=1684294363030&CODE_STATE=getMsg HTTP/1.1" 200 27
180.163.29.212 - - [17/May/2023:11:32:30 +0800] "GET /xingrg/check_reg.html?_=1684294288788 HTTP/1.1" 302 -
180.163.29.212 - - [17/May/2023:11:32:30 +0800] "GET /xingrg/login.html HTTP/1.1" 200 7641
180.164.3.199 - - [17/May/2023:11:32:34 +0800] "GET /xingrg/all/function/internal_message.html?_=1684294353313&CODE_STATE=getMsg HTTP/1.1" 200 27
180.164.3.199 - - [17/May/2023:11:32:34 +0800] "GET /xingrg/check_reg.html?_=1684294353316 HTTP/1.1" 200 22
124.79.240.114 - - [17/May/2023:11:32:34 +0800] "GET /xingrg/check_reg.html?_=1684294348429 HTTP/1.1" 200 22
124.79.240.114 - - [17/May/2023:11:32:34 +0800] "GET /xingrg/all/function/internal_message.html?_=1684294348436&CODE_STATE=getMsg HTTP/1.1" 200 27
222.67.238.82 - - [17/May/2023:11:32:35 +0800] "GET /xingrg/kc/print/load_data.html?order_code=212023051706250&kc_code=cgsh&condition= HTTP/1.1" 200 2278
116.224.158.100 - - [17/May/2023:11:32:36 +0800] "POST /xingrg/kc/buy/cgsh_order_operate.html HTTP/1.1" 200 37
116.224.158.100 - - [17/May/2023:11:32:39 +0800] "POST /xingrg/kc/buy/cgsh_order_operate.html HTTP/1.1" 200 3254
180.171.122.0 - - [17/May/2023:11:32:40 +0800] "POST /xingrg/kc/buy/cgsh_order_operate.html HTTP/1.1" 200 88
116.224.158.100 - - [17/May/2023:11:32:43 +0800] "GET /xingrg/kc/print/load_data.html?order_code=212023051706251&kc_code=cgsh&condition= HTTP/1.1" 200 905
222.67.238.82 - - [17/May/2023:11:32:43 +0800] "POST /xingrg/kc/buy/cgsh_order_operate.html HTTP/1.1" 200 37
124.79.240.114 - - [17/May/2023:11:32:43 +0800] "GET /xingrg/all/function/internal_message.html?_=1684294641276&CODE_STATE=getMsg HTTP/1.1" 200 27
116.235.244.175 - - [17/May/2023:11:32:44 +0800] "GET /xingrg/kc/buy/cgsh_order_operate.html?command=get_materiel&rest_code=00146&code=00101008563&supplier_code=00100005&order_time=2023-05-17 HTTP/1.1" 200 413
