124.79.74.67 - - [17/May/2023:11:19:09 +0800] "POST /xingrg/kc/buy/cgsh_order_operate.html HTTP/1.1" 200 2065
180.171.122.0 - - [17/May/2023:11:19:10 +0800] "GET /xingrg/all/function/internal_message.html?_=1684293549161&CODE_STATE=getMsg HTTP/1.1" 200 27
101.229.22.40 - - [17/May/2023:11:19:13 +0800] "GET /xingrg/all/function/internal_message.html?_=1684293553584&CODE_STATE=getMsg HTTP/1.1" 200 27
124.79.74.67 - - [17/May/2023:11:19:13 +0800] "GET /xingrg/kc/buy/cgsh_order_operate.html?command=get_materiel&rest_code=00156&code=00101008358&supplier_code=00100007&order_time=2023-05-17 HTTP/1.1" 200 412
124.79.74.67 - - [17/May/2023:11:19:14 +0800] "GET /xingrg/all/function/internal_message.html?_=1684293572311&CODE_STATE=getMsg HTTP/1.1" 200 27
180.156.206.150 - - [17/May/2023:11:19:20 +0800] "GET /xingrg/all/function/internal_message.html?_=1684293560509&CODE_STATE=getMsg HTTP/1.1" 200 27
180.171.122.0 - - [17/May/2023:11:19:21 +0800] "GET /xingrg/kc/buy/cgsh_order_operate.html?command=get_materiel&rest_code=00111&code=00101008354&supplier_code=00100005&order_time=2023-05-17 HTTP/1.1" 200 412
124.79.74.67 - - [17/May/2023:11:19:23 +0800] "GET /xingrg/kc/buy/cgsh_order_operate.html?command=get_materiel&rest_code=00156&code=00101008355&supplier_code=00100007&order_time=2023-05-17 HTTP/1.1" 200 408
114.83.216.225 - - [17/May/2023:11:19:24 +0800] "POST /xingrg/login.do HTTP/1.1" 302 -
114.83.216.225 - - [17/May/2023:11:19:24 +0800] "GET /xingrg/index.html?sysBaseUrl=http%3A%2F%2F180.169.147.146%3A18081%2Fxingrg%2F&costTime=810×tamp=1684293564173 HTTP/1.1" 200 17179
114.83.216.225 - - [17/May/2023:11:19:24 +0800] "GET /favicon.ico HTTP/1.1" 404 -
114.83.216.225 - - [17/May/2023:11:19:24 +0800] "GET /xingrg/check_reg.html?_=1684293562385 HTTP/1.1" 200 22
114.83.216.225 - - [17/May/2023:11:19:24 +0800] "POST /xingrg/all/common/load_tree.html?tree=area_rest_tree_json&manage=1 HTTP/1.1" 200 351
114.83.216.225 - - [17/May/2023:11:19:24 +0800] "GET /xingrg/all/function/internal_message.html?_=1684293562383&CODE_STATE=count HTTP/1.1" 200 11
114.83.216.225 - - [17/May/2023:11:19:24 +0800] "POST /xingrg/load_menu.html HTTP/1.1" 200 5138
180.171.122.0 - - [17/May/2023:11:19:26 +0800] "POST /xingrg/kc/buy/cgsh_order_operate.html HTTP/1.1" 200 2065
124.79.74.67 - - [17/May/2023:11:19:29 +0800] "GET /xingrg/kc/buy/cgsh_order_operate.html?command=get_materiel&rest_code=00156&code=00101008321&supplier_code=00100007&order_time=2023-05-17 HTTP/1.1" 200 412
180.156.206.150 - - [17/May/2023:11:19:30 +0800] "GET /xingrg/all/function/internal_message.html?_=1684293583012&CODE_STATE=getMsg HTTP/1.1" 200 27
116.224.158.100 - - [17/May/2023:11:19:30 +0800] "GET /xingrg/kc/buy/cgsh_order_operate.html?command=get_materiel&rest_code=00105&code=00101004038&supplier_code=00100312&order_time=2023-05-17 HTTP/1.1" 200 409
180.171.122.0 - - [17/May/2023:11:19:31 +0800] "GET /xingrg/kc/buy/cgsh_order_operate.html?command=get_materiel&rest_code=00111&code=00101008290&supplier_code=00100005&order_time=2023-05-17 HTTP/1.1" 200 416
180.164.3.199 - - [17/May/2023:11:19:34 +0800] "GET /xingrg/all/function/internal_message.html?_=1684293573310&CODE_STATE=getMsg HTTP/1.1" 200 27
124.79.240.114 - - [17/May/2023:11:19:34 +0800] "GET /xingrg/all/function/internal_message.html?_=1684293568429&CODE_STATE=getMsg HTTP/1.1" 200 27
124.79.74.67 - - [17/May/2023:11:19:37 +0800] "GET /xingrg/kc/buy/cgsh_order_operate.html?command=get_materiel&rest_code=00156&code=00101008283&supplier_code=00100007&order_time=2023-05-17 HTTP/1.1" 200 408
114.83.216.225 - - [17/May/2023:11:19:41 +0800] "GET /xingrg/kc/base/wldb_order_list.html HTTP/1.1" 200 19104
116.232.195.127 - - [17/May/2023:11:19:42 +0800] "GET /xingrg/all/function/internal_message.html?_=1684293627714&CODE_STATE=getMsg HTTP/1.1" 200 27
114.83.216.225 - - [17/May/2023:11:19:42 +0800] "POST /xingrg/kc/base/wldb_list_operate.html HTTP/1.1" 200 928
114.83.216.225 - - [17/May/2023:11:19:43 +0800] "GET /xingrg/kc/base/yddb_order_list.html HTTP/1.1" 200 16710
124.79.240.114 - - [17/May/2023:11:19:43 +0800] "GET /xingrg/all/function/internal_message.html?_=1684293861244&CODE_STATE=getMsg HTTP/1.1" 200 27
114.83.216.225 - - [17/May/2023:11:19:43 +0800] "POST /xingrg/kc/base/yddb_list_operate.html HTTP/1.1" 200 636
114.83.216.225 - - [17/May/2023:11:19:47 +0800] "GET /xingrg/kc/base/wldb_order_list.html HTTP/1.1" 200 19104
114.83.216.225 - - [17/May/2023:11:19:47 +0800] "POST /xingrg/kc/base/wldb_list_operate.html HTTP/1.1" 200 928
120.253.135.82 - - [17/May/2023:11:19:48 +0800] "POST /xingrg/kc/pszx/mdps_list_operate.html HTTP/1.1" 200 3497
180.163.29.219 - - [17/May/2023:11:19:49 +0800] "GET /xingrg/all/function/internal_message.html?_=1684293528010&CODE_STATE=getMsg HTTP/1.1" 302 -
180.163.29.219 - - [17/May/2023:11:19:49 +0800] "GET /xingrg/login.html HTTP/1.1" 200 7641
114.83.216.225 - - [17/May/2023:11:19:49 +0800] "GET /xingrg/kc/base/wldb_order_add.html HTTP/1.1" 200 30387
116.237.74.57 - - [17/May/2023:11:19:49 +0800] "GET /xingrg/all/function/internal_message.html?_=1684293587995&CODE_STATE=getMsg HTTP/1.1" 200 27
114.83.216.225 - - [17/May/2023:11:19:49 +0800] "GET /xingrg/words/20230516134409_words.js HTTP/1.1" 304 -
114.83.216.225 - - [17/May/2023:11:19:50 +0800] "POST /xingrg/kc/base/wldb_order_operate.html HTTP/1.1" 200 6806
114.83.216.225 - - [17/May/2023:11:19:50 +0800] "GET /xingrg/all/common/auto_word.html?type=base&rest_code=00149 HTTP/1.1" 200 1907
114.83.216.225 - - [17/May/2023:11:19:50 +0800] "GET /xingrg/all/common/auto_word.html?type=base&rest_code=00149 HTTP/1.1" 200 1907
114.83.216.225 - - [17/May/2023:11:19:50 +0800] "GET /xingrg/javascript/easyui/themes/default/validatebox.css HTTP/1.1" 404 1104
124.79.74.67 - - [17/May/2023:11:19:50 +0800] "GET /xingrg/kc/buy/cgsh_order_operate.html?command=get_materiel&rest_code=00156&code=00101008089&supplier_code=00100007&order_time=2023-05-17 HTTP/1.1" 200 408
114.83.219.197 - - [17/May/2023:11:19:50 +0800] "GET /xingrg/all/function/internal_message.html?_=1684293686658&CODE_STATE=getMsg HTTP/1.1" 200 27
116.224.158.100 - - [17/May/2023:11:19:52 +0800] "GET /xingrg/kc/buy/cgsh_order_operate.html?command=get_materiel&rest_code=00105&code=00101004030&supplier_code=00100312&order_time=2023-05-17 HTTP/1.1" 200 408
124.79.74.67 - - [17/May/2023:11:19:53 +0800] "POST /xingrg/kc/buy/cgsh_order_operate.html HTTP/1.1" 200 2065
116.224.158.100 - - [17/May/2023:11:19:54 +0800] "GET /xingrg/all/function/internal_message.html?_=1684293429469&CODE_STATE=getMsg HTTP/1.1" 200 27
116.238.139.35 - - [17/May/2023:11:19:54 +0800] "GET /xingrg/all/function/internal_message.html?_=1684293518039&CODE_STATE=getMsg HTTP/1.1" 200 27
114.83.216.225 - - [17/May/2023:11:19:55 +0800] "POST /xingrg/all/common/load_combo.html?type=base HTTP/1.1" 200 3409
180.171.122.0 - - [17/May/2023:11:19:56 +0800] "GET /xingrg/kc/buy/cgsh_order_operate.html?command=get_materiel&rest_code=00111&code=00101008361&supplier_code=00100005&order_time=2023-05-17 HTTP/1.1" 200 408
222.67.238.82 - - [17/May/2023:11:19:58 +0800] "GET /xingrg/all/function/internal_message.html?_=1684293114757&CODE_STATE=getMsg HTTP/1.1" 200 27
222.67.238.82 - - [17/May/2023:11:19:58 +0800] "GET /xingrg/check_reg.html?_=1684293114758 HTTP/1.1" 200 22
114.83.216.225 - - [17/May/2023:11:19:58 +0800] "GET /xingrg/javascript/auto/indicator.gif HTTP/1.1" 404 1066
124.79.74.67 - - [17/May/2023:11:20:01 +0800] "GET /xingrg/kc/buy/cgsh_order_operate.html?command=get_materiel&rest_code=00156&code=00101008150&supplier_code=00100007&order_time=2023-05-17 HTTP/1.1" 200 409
120.253.135.82 - - [17/May/2023:11:20:04 +0800] "GET /xingrg/check_reg.html?_=1684293441506 HTTP/1.1" 200 22
120.253.135.82 - - [17/May/2023:11:20:04 +0800] "GET /xingrg/all/function/internal_message.html?_=1684293441865&CODE_STATE=getMsg HTTP/1.1" 200 27
116.224.158.100 - - [17/May/2023:11:20:07 +0800] "GET /xingrg/kc/buy/cgsh_order_operate.html?command=get_materiel&rest_code=00105&code=00101001156&supplier_code=00100312&order_time=2023-05-17 HTTP/1.1" 200 411
180.171.122.0 - - [17/May/2023:11:20:08 +0800] "GET /xingrg/kc/buy/cgsh_order_operate.html?command=get_materiel&rest_code=00111&code=00101008372&supplier_code=00100005&order_time=2023-05-17 HTTP/1.1" 200 408
120.253.135.82 - - [17/May/2023:11:20:10 +0800] "POST /xingrg/kc/pszx/mdps_list_operate.html HTTP/1.1" 200 621
114.83.216.225 - - [17/May/2023:11:20:10 +0800] "GET /xingrg/kc/base/wldb_order_operate.html?command=get_materiel&rest_code=00149&base_code=0010394&code=00101016094 HTTP/1.1" 200 468
180.171.122.0 - - [17/May/2023:11:20:10 +0800] "GET /xingrg/all/function/internal_message.html?_=1684293609169&CODE_STATE=getMsg HTTP/1.1" 200 27
120.253.135.82 - - [17/May/2023:11:20:12 +0800] "GET /xingrg/kc/pszx/mdps_order_info.html?code=312023051600332 HTTP/1.1" 200 23972
124.79.74.67 - - [17/May/2023:11:20:13 +0800] "GET /xingrg/kc/buy/cgsh_order_operate.html?command=get_materiel&rest_code=00156&code=00101009015&supplier_code=00100007&order_time=2023-05-17 HTTP/1.1" 200 416
120.253.135.82 - - [17/May/2023:11:20:13 +0800] "GET /xingrg/javascript/easyui/themes/default/validatebox.css HTTP/1.1" 404 1104
120.253.135.82 - - [17/May/2023:11:20:13 +0800] "POST /xingrg/kc/pszx/mdps_order_operate.html HTTP/1.1" 200 10324
101.229.22.40 - - [17/May/2023:11:20:13 +0800] "GET /xingrg/all/function/internal_message.html?_=1684293613584&CODE_STATE=getMsg HTTP/1.1" 200 27
124.79.74.67 - - [17/May/2023:11:20:14 +0800] "GET /xingrg/all/function/internal_message.html?_=1684293632306&CODE_STATE=getMsg HTTP/1.1" 200 27
180.171.122.0 - - [17/May/2023:11:20:18 +0800] "GET /xingrg/kc/buy/cgsh_order_operate.html?command=get_materiel&rest_code=00111&code=00101008357&supplier_code=00100005&order_time=2023-05-17 HTTP/1.1" 200 408
114.83.216.225 - - [17/May/2023:11:20:20 +0800] "GET /xingrg/kc/base/wldb_order_operate.html?command=get_materiel&rest_code=00149&base_code=0010394&code=00101019133 HTTP/1.1" 200 480
180.156.206.150 - - [17/May/2023:11:20:20 +0800] "GET /xingrg/all/function/internal_message.html?_=1684293620491&CODE_STATE=getMsg HTTP/1.1" 200 27
180.171.122.0 - - [17/May/2023:11:20:20 +0800] "POST /xingrg/kc/buy/cgsh_order_operate.html HTTP/1.1" 200 2065
114.83.216.225 - - [17/May/2023:11:20:24 +0800] "GET /xingrg/all/function/internal_message.html?_=1684293622401&CODE_STATE=getMsg HTTP/1.1" 200 27
124.79.74.67 - - [17/May/2023:11:20:24 +0800] "GET /xingrg/kc/buy/cgsh_order_operate.html?command=get_materiel&rest_code=00156&code=00101009041&supplier_code=00100007&order_time=2023-05-17 HTTP/1.1" 200 409
114.83.216.225 - - [17/May/2023:11:20:25 +0800] "GET /xingrg/kc/base/wldb_order_operate.html?command=get_materiel&rest_code=00149&base_code=0010394&code=00101019438 HTTP/1.1" 200 462
180.156.206.150 - - [17/May/2023:11:20:30 +0800] "GET /xingrg/all/function/internal_message.html?_=1684293643010&CODE_STATE=getMsg HTTP/1.1" 200 27
114.83.216.225 - - [17/May/2023:11:20:33 +0800] "GET /xingrg/kc/base/wldb_order_operate.html?command=get_materiel&rest_code=00149&base_code=0010394&code=00101019185 HTTP/1.1" 200 469
116.224.158.100 - - [17/May/2023:11:20:33 +0800] "POST /xingrg/kc/buy/cgsh_order_operate.html HTTP/1.1" 200 37
180.164.3.199 - - [17/May/2023:11:20:34 +0800] "GET /xingrg/all/function/internal_message.html?_=1684293633301&CODE_STATE=getMsg HTTP/1.1" 200 27
124.79.240.114 - - [17/May/2023:11:20:34 +0800] "GET /xingrg/all/function/internal_message.html?_=1684293628428&CODE_STATE=getMsg HTTP/1.1" 200 27
116.224.158.100 - - [17/May/2023:11:20:35 +0800] "POST /xingrg/kc/buy/cgsh_order_operate.html HTTP/1.1" 200 3837
116.224.158.100 - - [17/May/2023:11:20:38 +0800] "GET /xingrg/kc/print/load_data.html?order_code=212023051706231&kc_code=cgsh&condition= HTTP/1.1" 200 1120
180.171.122.0 - - [17/May/2023:11:20:38 +0800] "GET /xingrg/kc/buy/cgsh_order_operate.html?command=get_materiel&rest_code=00111&code=00101008069&supplier_code=00100005&order_time=2023-05-17 HTTP/1.1" 200 412
114.83.216.225 - - [17/May/2023:11:20:38 +0800] "GET /xingrg/kc/base/wldb_order_operate.html?command=get_materiel&rest_code=00149&base_code=0010394&code=00101019391 HTTP/1.1" 200 485
124.79.74.67 - - [17/May/2023:11:20:38 +0800] "GET /xingrg/kc/buy/cgsh_order_operate.html?command=get_materiel&rest_code=00156&code=00101009078&supplier_code=00100007&order_time=2023-05-17 HTTP/1.1" 200 408
116.232.195.127 - - [17/May/2023:11:20:42 +0800] "GET /xingrg/all/function/internal_message.html?_=1684293687708&CODE_STATE=getMsg HTTP/1.1" 200 27
124.79.240.114 - - [17/May/2023:11:20:43 +0800] "GET /xingrg/all/function/internal_message.html?_=1684293921259&CODE_STATE=getMsg HTTP/1.1" 200 27
114.83.216.225 - - [17/May/2023:11:20:45 +0800] "GET /xingrg/kc/base/wldb_order_operate.html?command=get_materiel&rest_code=00149&base_code=0010394&code=00101019376 HTTP/1.1" 200 476
120.253.135.82 - - [17/May/2023:11:20:47 +0800] "POST /xingrg/kc/pszx/mdps_list_operate.html HTTP/1.1" 200 3497
180.163.29.212 - - [17/May/2023:11:20:49 +0800] "GET /xingrg/all/function/internal_message.html?_=1684293587995&CODE_STATE=getMsg HTTP/1.1" 302 -
180.163.29.212 - - [17/May/2023:11:20:49 +0800] "GET /xingrg/login.html HTTP/1.1" 200 7641
116.237.74.57 - - [17/May/2023:11:20:49 +0800] "GET /xingrg/all/function/internal_message.html?_=1684293647980&CODE_STATE=getMsg HTTP/1.1" 200 27
114.83.219.197 - - [17/May/2023:11:20:50 +0800] "GET /xingrg/all/function/internal_message.html?_=1684293746654&CODE_STATE=getMsg HTTP/1.1" 200 27
124.79.74.67 - - [17/May/2023:11:20:51 +0800] "GET /xingrg/kc/buy/cgsh_order_operate.html?command=get_materiel&rest_code=00156&code=00101009122&supplier_code=00100007&order_time=2023-05-17 HTTP/1.1" 200 405
114.83.216.225 - - [17/May/2023:11:20:51 +0800] "GET /xingrg/kc/base/wldb_order_operate.html?command=get_materiel&rest_code=00149&base_code=0010394&code=00101019222 HTTP/1.1" 200 453
116.224.158.100 - - [17/May/2023:11:20:54 +0800] "GET /xingrg/kc/buy/cgsh_order_add.html HTTP/1.1" 200 71533
116.238.139.35 - - [17/May/2023:11:20:54 +0800] "GET /xingrg/all/function/internal_message.html?_=1684293578079&CODE_STATE=getMsg HTTP/1.1" 200 27
116.224.158.100 - - [17/May/2023:11:20:55 +0800] "GET /xingrg/all/function/internal_message.html?_=1684293489690&CODE_STATE=getMsg HTTP/1.1" 200 27
116.224.158.100 - - [17/May/2023:11:20:55 +0800] "GET /xingrg/javascript/easyui/themes/default/validatebox.css HTTP/1.1" 404 1104
116.224.158.100 - - [17/May/2023:11:20:55 +0800] "POST /xingrg/kc/buy/cgsh_order_operate.html HTTP/1.1" 200 8245
120.253.135.82 - - [17/May/2023:11:20:55 +0800] "POST /xingrg/kc/pszx/mdps_list_operate.html HTTP/1.1" 200 3496
124.79.74.67 - - [17/May/2023:11:20:55 +0800] "POST /xingrg/kc/buy/cgsh_order_operate.html HTTP/1.1" 200 2065
180.171.122.0 - - [17/May/2023:11:20:56 +0800] "GET /xingrg/kc/buy/cgsh_order_operate.html?command=get_materiel&rest_code=00111&code=00101008296&supplier_code=00100005&order_time=2023-05-17 HTTP/1.1" 200 416
120.253.135.82 - - [17/May/2023:11:20:57 +0800] "POST /xingrg/kc/pszx/mdps_list_operate.html HTTP/1.1" 200 202
114.83.216.225 - - [17/May/2023:11:20:57 +0800] "GET /xingrg/kc/base/wldb_order_operate.html?command=get_materiel&rest_code=00149&base_code=0010394&code=00101019405 HTTP/1.1" 200 482
222.67.238.82 - - [17/May/2023:11:20:58 +0800] "GET /xingrg/all/function/internal_message.html?_=1684293174757&CODE_STATE=getMsg HTTP/1.1" 200 27
120.253.135.82 - - [17/May/2023:11:20:58 +0800] "POST /xingrg/kc/pszx/mdps_list_operate.html HTTP/1.1" 200 638
120.253.135.82 - - [17/May/2023:11:21:00 +0800] "POST /xingrg/kc/pszx/mdps_list_operate.html HTTP/1.1" 200 508
120.253.135.82 - - [17/May/2023:11:21:02 +0800] "POST /xingrg/kc/pszx/mdps_list_operate.html HTTP/1.1" 200 618
120.253.135.82 - - [17/May/2023:11:21:04 +0800] "GET /xingrg/all/function/internal_message.html?_=1684293501879&CODE_STATE=getMsg HTTP/1.1" 200 27
120.253.135.82 - - [17/May/2023:11:21:06 +0800] "GET /xingrg/kc/pszx/mdps_order_info.html?code=312023051600338 HTTP/1.1" 200 23972
124.79.74.67 - - [17/May/2023:11:21:06 +0800] "POST /xingrg/kc/buy/cgsh_order_operate.html HTTP/1.1" 200 37
120.253.135.82 - - [17/May/2023:11:21:06 +0800] "GET /xingrg/javascript/easyui/themes/default/validatebox.css HTTP/1.1" 404 1104
120.253.135.82 - - [17/May/2023:11:21:06 +0800] "POST /xingrg/kc/pszx/mdps_order_operate.html HTTP/1.1" 200 4817
180.171.122.0 - - [17/May/2023:11:21:08 +0800] "GET /xingrg/kc/buy/cgsh_order_operate.html?command=get_materiel&rest_code=00111&code=00101008098&supplier_code=00100005&order_time=2023-05-17 HTTP/1.1" 200 412
120.253.135.82 - - [17/May/2023:11:21:10 +0800] "POST /xingrg/kc/pszx/mdps_list_operate.html HTTP/1.1" 200 3496
180.171.122.0 - - [17/May/2023:11:21:10 +0800] "GET /xingrg/check_reg.html?_=1684293669158 HTTP/1.1" 200 22
180.171.122.0 - - [17/May/2023:11:21:10 +0800] "GET /xingrg/all/function/internal_message.html?_=1684293669161&CODE_STATE=getMsg HTTP/1.1" 200 27
120.253.135.82 - - [17/May/2023:11:21:11 +0800] "POST /xingrg/kc/pszx/mdps_list_operate.html HTTP/1.1" 200 362
180.171.122.0 - - [17/May/2023:11:21:12 +0800] "POST /xingrg/kc/buy/cgsh_order_operate.html HTTP/1.1" 200 2065
101.229.22.40 - - [17/May/2023:11:21:13 +0800] "GET /xingrg/all/function/internal_message.html?_=1684293673585&CODE_STATE=getMsg HTTP/1.1" 200 27
120.253.135.82 - - [17/May/2023:11:21:13 +0800] "POST /xingrg/kc/pszx/mdps_list_operate.html HTTP/1.1" 200 620
124.79.74.67 - - [17/May/2023:11:21:14 +0800] "GET /xingrg/all/function/internal_message.html?_=1684293692899&CODE_STATE=getMsg HTTP/1.1" 200 27
124.79.74.67 - - [17/May/2023:11:21:14 +0800] "GET /xingrg/check_reg.html?_=1684293692900 HTTP/1.1" 200 22
116.224.158.100 - - [17/May/2023:11:21:15 +0800] "GET /xingrg/kc/buy/cgsh_order_operate.html?command=get_materiel&rest_code=00105&code=00101001140&supplier_code=00100319&order_time=2023-05-17 HTTP/1.1" 200 415
120.253.135.82 - - [17/May/2023:11:21:15 +0800] "GET /xingrg/kc/pszx/mdps_order_info.html?code=312023051600336 HTTP/1.1" 200 23972
124.79.74.67 - - [17/May/2023:11:21:16 +0800] "POST /xingrg/kc/buy/cgsh_order_operate.html HTTP/1.1" 200 19197
120.253.135.82 - - [17/May/2023:11:21:16 +0800] "GET /xingrg/javascript/easyui/themes/default/validatebox.css HTTP/1.1" 404 1104
120.253.135.82 - - [17/May/2023:11:21:16 +0800] "POST /xingrg/kc/pszx/mdps_order_operate.html HTTP/1.1" 200 4796
124.79.74.67 - - [17/May/2023:11:21:17 +0800] "GET /xingrg/kc/print/load_config.html?kc_code=cgsh HTTP/1.1" 200 1925
124.79.74.67 - - [17/May/2023:11:21:18 +0800] "GET /xingrg/kc/print/load_data.html?order_code=212023051706232&kc_code=cgsh&condition= HTTP/1.1" 200 6941
180.171.122.0 - - [17/May/2023:11:21:19 +0800] "GET /xingrg/kc/buy/cgsh_order_operate.html?command=get_materiel&rest_code=00111&code=00101008132&supplier_code=00100005&order_time=2023-05-17 HTTP/1.1" 200 408
120.253.135.82 - - [17/May/2023:11:21:20 +0800] "POST /xingrg/kc/pszx/mdps_list_operate.html HTTP/1.1" 200 3496
114.83.216.225 - - [17/May/2023:11:21:20 +0800] "POST /xingrg/kc/base/wldb_order_operate.html HTTP/1.1" 200 37
180.156.206.150 - - [17/May/2023:11:21:20 +0800] "GET /xingrg/all/function/internal_message.html?_=1684293680473&CODE_STATE=getMsg HTTP/1.1" 200 27
114.83.216.225 - - [17/May/2023:11:21:24 +0800] "GET /xingrg/all/function/internal_message.html?_=1684293682395&CODE_STATE=getMsg HTTP/1.1" 200 27
114.83.216.225 - - [17/May/2023:11:21:26 +0800] "POST /xingrg/kc/base/wldb_order_operate.html HTTP/1.1" 200 12
114.83.216.225 - - [17/May/2023:11:21:26 +0800] "POST /xingrg/kc/base/wldb_order_operate.html HTTP/1.1" 200 5749
114.83.216.225 - - [17/May/2023:11:21:28 +0800] "GET /xingrg/kc/base/wldb_order_info.html?code=422023051701310 HTTP/1.1" 200 26266
114.83.216.225 - - [17/May/2023:11:21:28 +0800] "GET /xingrg/javascript/easyui/themes/default/validatebox.css HTTP/1.1" 404 1104
114.83.216.225 - - [17/May/2023:11:21:28 +0800] "POST /xingrg/kc/base/wldb_order_operate.html HTTP/1.1" 200 3963
180.156.206.150 - - [17/May/2023:11:21:30 +0800] "GET /xingrg/check_reg.html?_=1684293703014 HTTP/1.1" 200 22
180.156.206.150 - - [17/May/2023:11:21:30 +0800] "GET /xingrg/all/function/internal_message.html?_=1684293703012&CODE_STATE=getMsg HTTP/1.1" 200 27
116.237.74.57 - - [17/May/2023:11:21:30 +0800] "GET /xingrg/check_reg.html?_=1684293688824 HTTP/1.1" 200 22
114.83.216.225 - - [17/May/2023:11:21:31 +0800] "GET /xingrg/kc/base/wldb_order_add.html HTTP/1.1" 200 30387
114.83.216.225 - - [17/May/2023:11:21:31 +0800] "POST /xingrg/kc/base/wldb_order_operate.html HTTP/1.1" 200 6806
114.83.216.225 - - [17/May/2023:11:21:31 +0800] "GET /xingrg/javascript/easyui/themes/default/validatebox.css HTTP/1.1" 404 1104
120.253.135.82 - - [17/May/2023:11:21:32 +0800] "POST /xingrg/kc/pszx/mdps_list_operate.html HTTP/1.1" 200 3182
180.164.3.199 - - [17/May/2023:11:21:34 +0800] "GET /xingrg/all/function/internal_message.html?_=1684293693307&CODE_STATE=getMsg HTTP/1.1" 200 27
120.253.135.82 - - [17/May/2023:11:21:34 +0800] "POST /xingrg/kc/pszx/mdps_list_operate.html HTTP/1.1" 200 691
114.83.216.225 - - [17/May/2023:11:21:34 +0800] "POST /xingrg/all/common/load_combo.html?type=base HTTP/1.1" 200 3409
124.79.240.114 - - [17/May/2023:11:21:34 +0800] "GET /xingrg/all/function/internal_message.html?_=1684293688427&CODE_STATE=getMsg HTTP/1.1" 200 27
120.253.135.82 - - [17/May/2023:11:21:35 +0800] "POST /xingrg/kc/pszx/mdps_list_operate.html HTTP/1.1" 200 628
120.253.135.82 - - [17/May/2023:11:21:37 +0800] "GET /xingrg/kc/pszx/mdps_order_info.html?code=312023051600342 HTTP/1.1" 200 23978
120.253.135.82 - - [17/May/2023:11:21:38 +0800] "GET /xingrg/javascript/easyui/themes/default/validatebox.css HTTP/1.1" 404 1104
120.253.135.82 - - [17/May/2023:11:21:38 +0800] "POST /xingrg/kc/pszx/mdps_order_operate.html HTTP/1.1" 200 17239
116.224.158.100 - - [17/May/2023:11:21:41 +0800] "GET /xingrg/kc/buy/cgsh_order_operate.html?command=get_materiel&rest_code=00105&code=00101001125&supplier_code=00100319&order_time=2023-05-17 HTTP/1.1" 200 417
180.171.122.0 - - [17/May/2023:11:21:41 +0800] "GET /xingrg/kc/buy/cgsh_order_operate.html?command=get_materiel&rest_code=00111&code=00101008558&supplier_code=00100005&order_time=2023-05-17 HTTP/1.1" 200 409
116.232.195.127 - - [17/May/2023:11:21:42 +0800] "GET /xingrg/all/function/internal_message.html?_=1684293747716&CODE_STATE=getMsg HTTP/1.1" 200 27
116.232.195.127 - - [17/May/2023:11:21:42 +0800] "GET /xingrg/check_reg.html?_=1684293747718 HTTP/1.1" 200 22
124.79.240.114 - - [17/May/2023:11:21:43 +0800] "GET /xingrg/all/function/internal_message.html?_=1684293981258&CODE_STATE=getMsg HTTP/1.1" 200 27
114.83.216.225 - - [17/May/2023:11:21:45 +0800] "GET /xingrg/kc/base/wldb_order_operate.html?command=get_materiel&rest_code=00149&base_code=0010394&code=00101019074 HTTP/1.1" 200 469
116.237.74.57 - - [17/May/2023:11:21:49 +0800] "GET /xingrg/all/function/internal_message.html?_=1684293707954&CODE_STATE=getMsg HTTP/1.1" 200 27
114.83.219.197 - - [17/May/2023:11:21:50 +0800] "GET /xingrg/all/function/internal_message.html?_=1684293806668&CODE_STATE=getMsg HTTP/1.1" 200 27
114.83.216.225 - - [17/May/2023:11:21:52 +0800] "GET /xingrg/kc/base/wldb_order_operate.html?command=get_materiel&rest_code=00149&base_code=0010394&code=00101019071 HTTP/1.1" 200 471
116.238.139.35 - - [17/May/2023:11:21:54 +0800] "GET /xingrg/all/function/internal_message.html?_=1684293638082&CODE_STATE=getMsg HTTP/1.1" 200 27
116.224.158.100 - - [17/May/2023:11:21:55 +0800] "GET /xingrg/all/function/internal_message.html?_=1684293549672&CODE_STATE=getMsg HTTP/1.1" 200 27
180.171.122.0 - - [17/May/2023:11:21:56 +0800] "GET /xingrg/kc/buy/cgsh_order_operate.html?command=get_materiel&rest_code=00111&code=00101008150&supplier_code=00100005&order_time=2023-05-17 HTTP/1.1" 200 409
222.67.238.82 - - [17/May/2023:11:21:58 +0800] "GET /xingrg/all/function/internal_message.html?_=1684293234756&CODE_STATE=getMsg HTTP/1.1" 200 27
120.253.135.82 - - [17/May/2023:11:22:02 +0800] "POST /xingrg/kc/pszx/mdps_list_operate.html HTTP/1.1" 200 3182
116.224.158.100 - - [17/May/2023:11:22:03 +0800] "GET /xingrg/kc/buy/cgsh_order_operate.html?command=get_materiel&rest_code=00105&code=00101001169&supplier_code=00100319&order_time=2023-05-17 HTTP/1.1" 200 415
120.253.135.82 - - [17/May/2023:11:22:04 +0800] "GET /xingrg/all/function/internal_message.html?_=1684293561892&CODE_STATE=getMsg HTTP/1.1" 200 27
180.171.122.0 - - [17/May/2023:11:22:07 +0800] "POST /xingrg/kc/buy/cgsh_order_operate.html HTTP/1.1" 200 2065
180.171.122.0 - - [17/May/2023:11:22:10 +0800] "GET /xingrg/all/function/internal_message.html?_=1684293729152&CODE_STATE=getMsg HTTP/1.1" 200 27
120.253.135.82 - - [17/May/2023:11:22:13 +0800] "POST /xingrg/kc/pszx/mdps_list_operate.html HTTP/1.1" 200 3181
101.229.22.40 - - [17/May/2023:11:22:13 +0800] "GET /xingrg/all/function/internal_message.html?_=1684293733583&CODE_STATE=getMsg HTTP/1.1" 200 27
124.79.74.67 - - [17/May/2023:11:22:14 +0800] "GET /xingrg/all/function/internal_message.html?_=1684293752316&CODE_STATE=getMsg HTTP/1.1" 200 27
120.253.135.82 - - [17/May/2023:11:22:15 +0800] "POST /xingrg/kc/pszx/mdps_list_operate.html HTTP/1.1" 200 640
120.253.135.82 - - [17/May/2023:11:22:17 +0800] "GET /xingrg/kc/pszx/mdps_order_info.html?code=312023051600327 HTTP/1.1" 200 23978
120.253.135.82 - - [17/May/2023:11:22:18 +0800] "GET /xingrg/javascript/easyui/themes/default/validatebox.css HTTP/1.1" 404 1104
120.253.135.82 - - [17/May/2023:11:22:18 +0800] "POST /xingrg/kc/pszx/mdps_order_operate.html HTTP/1.1" 200 11626
180.171.122.0 - - [17/May/2023:11:22:20 +0800] "GET /xingrg/kc/buy/cgsh_order_operate.html?command=get_materiel&rest_code=00111&code=00101008331&supplier_code=00100005&order_time=2023-05-17 HTTP/1.1" 200 416
180.156.206.150 - - [17/May/2023:11:22:20 +0800] "GET /xingrg/all/function/internal_message.html?_=1684293740458&CODE_STATE=getMsg HTTP/1.1" 200 27
180.156.206.150 - - [17/May/2023:11:22:21 +0800] "GET /xingrg/check_reg.html?_=1684293741807 HTTP/1.1" 200 22
114.83.216.225 - - [17/May/2023:11:22:24 +0800] "GET /xingrg/all/function/internal_message.html?_=1684293742397&CODE_STATE=getMsg HTTP/1.1" 200 27
180.171.122.0 - - [17/May/2023:11:22:29 +0800] "GET /xingrg/kc/buy/cgsh_order_operate.html?command=get_materiel&rest_code=00111&code=00101008137&supplier_code=00100005&order_time=2023-05-17 HTTP/1.1" 200 408
180.156.206.150 - - [17/May/2023:11:22:30 +0800] "GET /xingrg/all/function/internal_message.html?_=1684293762998&CODE_STATE=getMsg HTTP/1.1" 200 27
180.163.30.27 - - [17/May/2023:11:22:30 +0800] "GET /xingrg/check_reg.html?_=1684293688824 HTTP/1.1" 302 -
180.163.30.27 - - [17/May/2023:11:22:30 +0800] "GET /xingrg/login.html HTTP/1.1" 200 7641
180.164.3.199 - - [17/May/2023:11:22:34 +0800] "GET /xingrg/all/function/internal_message.html?_=1684293753322&CODE_STATE=getMsg HTTP/1.1" 200 27
180.164.3.199 - - [17/May/2023:11:22:34 +0800] "GET /xingrg/check_reg.html?_=1684293753327 HTTP/1.1" 200 22
120.253.135.82 - - [17/May/2023:11:22:34 +0800] "POST /xingrg/kc/pszx/mdps_list_operate.html HTTP/1.1" 200 3181
124.79.240.114 - - [17/May/2023:11:22:34 +0800] "GET /xingrg/all/function/internal_message.html?_=1684293748415&CODE_STATE=getMsg HTTP/1.1" 200 27
124.79.240.114 - - [17/May/2023:11:22:34 +0800] "GET /xingrg/check_reg.html?_=1684293748419 HTTP/1.1" 200 22
120.253.135.82 - - [17/May/2023:11:22:35 +0800] "POST /xingrg/kc/pszx/mdps_list_operate.html HTTP/1.1" 200 608
120.253.135.82 - - [17/May/2023:11:22:37 +0800] "GET /xingrg/kc/pszx/mdps_order_info.html?code=312023051600328 HTTP/1.1" 200 23978
120.253.135.82 - - [17/May/2023:11:22:38 +0800] "GET /xingrg/javascript/easyui/themes/default/validatebox.css HTTP/1.1" 404 1104
120.253.135.82 - - [17/May/2023:11:22:38 +0800] "POST /xingrg/kc/pszx/mdps_order_operate.html HTTP/1.1" 200 4785
116.232.195.127 - - [17/May/2023:11:22:42 +0800] "GET /xingrg/all/function/internal_message.html?_=1684293807716&CODE_STATE=getMsg HTTP/1.1" 200 27
124.79.240.114 - - [17/May/2023:11:22:43 +0800] "GET /xingrg/all/function/internal_message.html?_=1684294041256&CODE_STATE=getMsg HTTP/1.1" 200 27
116.237.74.57 - - [17/May/2023:11:22:49 +0800] "GET /xingrg/all/function/internal_message.html?_=1684293767941&CODE_STATE=getMsg HTTP/1.1" 200 27
114.83.219.197 - - [17/May/2023:11:22:50 +0800] "GET /xingrg/all/function/internal_message.html?_=1684293866655&CODE_STATE=getMsg HTTP/1.1" 200 27
116.238.139.35 - - [17/May/2023:11:22:54 +0800] "GET /xingrg/all/function/internal_message.html?_=1684293698121&CODE_STATE=getMsg HTTP/1.1" 200 27
116.224.158.100 - - [17/May/2023:11:22:54 +0800] "GET /xingrg/all/function/internal_message.html?_=1684293609664&CODE_STATE=getMsg HTTP/1.1" 200 27
180.171.122.0 - - [17/May/2023:11:22:55 +0800] "POST /xingrg/kc/buy/cgsh_order_operate.html HTTP/1.1" 200 37
116.224.158.100 - - [17/May/2023:11:22:55 +0800] "POST /xingrg/kc/buy/cgsh_order_operate.html HTTP/1.1" 200 64
222.67.238.82 - - [17/May/2023:11:22:58 +0800] "GET /xingrg/all/function/internal_message.html?_=1684293294770&CODE_STATE=getMsg HTTP/1.1" 200 27
116.224.158.100 - - [17/May/2023:11:23:04 +0800] "POST /xingrg/kc/buy/cgsh_order_operate.html HTTP/1.1" 200 37
120.253.135.82 - - [17/May/2023:11:23:04 +0800] "POST /xingrg/kc/pszx/mdps_order_operate.html HTTP/1.1" 200 37
120.253.135.82 - - [17/May/2023:11:23:06 +0800] "GET /xingrg/kc/pszx/mdps_order_info.html?code=312023051600328 HTTP/1.1" 200 23978
116.224.158.100 - - [17/May/2023:11:23:06 +0800] "POST /xingrg/kc/buy/cgsh_order_operate.html HTTP/1.1" 200 3860
120.253.135.82 - - [17/May/2023:11:23:06 +0800] "GET /xingrg/javascript/easyui/themes/default/validatebox.css HTTP/1.1" 404 1104
120.253.135.82 - - [17/May/2023:11:23:06 +0800] "GET /xingrg/all/function/internal_message.html?_=1684293623934&CODE_STATE=getMsg HTTP/1.1" 200 27
120.253.135.82 - - [17/May/2023:11:23:07 +0800] "POST /xingrg/kc/pszx/mdps_order_operate.html HTTP/1.1" 200 4785
114.83.216.225 - - [17/May/2023:11:23:07 +0800] "POST /xingrg/kc/base/wldb_order_operate.html HTTP/1.1" 200 37
116.224.158.100 - - [17/May/2023:11:23:09 +0800] "GET /xingrg/kc/print/load_data.html?order_code=212023051706235&kc_code=cgsh&condition= HTTP/1.1" 200 1141
180.171.122.0 - - [17/May/2023:11:23:12 +0800] "POST /xingrg/kc/buy/cgsh_order_operate.html HTTP/1.1" 200 29899
114.83.216.225 - - [17/May/2023:11:23:13 +0800] "POST /xingrg/kc/base/wldb_order_operate.html HTTP/1.1" 200 12
101.229.22.40 - - [17/May/2023:11:23:13 +0800] "GET /xingrg/all/function/internal_message.html?_=1684293793583&CODE_STATE=getMsg HTTP/1.1" 200 27
101.229.22.40 - - [17/May/2023:11:23:13 +0800] "GET /xingrg/check_reg.html?_=1684293793582 HTTP/1.1" 200 22
114.83.216.225 - - [17/May/2023:11:23:13 +0800] "POST /xingrg/kc/base/wldb_order_operate.html HTTP/1.1" 200 2712
124.79.74.67 - - [17/May/2023:11:23:14 +0800] "GET /xingrg/all/function/internal_message.html?_=1684293812319&CODE_STATE=getMsg HTTP/1.1" 200 27
114.83.216.225 - - [17/May/2023:11:23:14 +0800] "GET /xingrg/kc/base/wldb_order_info.html?code=422023051701311 HTTP/1.1" 200 26264
114.83.216.225 - - [17/May/2023:11:23:15 +0800] "GET /xingrg/javascript/easyui/themes/default/validatebox.css HTTP/1.1" 404 1104
114.83.216.225 - - [17/May/2023:11:23:15 +0800] "POST /xingrg/kc/base/wldb_order_operate.html HTTP/1.1" 200 996
180.171.122.0 - - [17/May/2023:11:23:16 +0800] "GET /xingrg/kc/print/load_data.html?order_code=212023051706234&kc_code=cgsh&condition= HTTP/1.1" 200 11042
114.83.216.225 - - [17/May/2023:11:23:18 +0800] "GET /xingrg/kc/base/wldb_order_add.html HTTP/1.1" 200 30387
114.83.216.225 - - [17/May/2023:11:23:18 +0800] "POST /xingrg/kc/base/wldb_order_operate.html HTTP/1.1" 200 6806
114.83.216.225 - - [17/May/2023:11:23:18 +0800] "GET /xingrg/javascript/easyui/themes/default/validatebox.css HTTP/1.1" 404 1104
180.156.206.150 - - [17/May/2023:11:23:20 +0800] "GET /xingrg/all/function/internal_message.html?_=1684293800435&CODE_STATE=getMsg HTTP/1.1" 200 27
114.83.216.225 - - [17/May/2023:11:23:21 +0800] "POST /xingrg/all/common/load_combo.html?type=base HTTP/1.1" 200 3409
180.171.122.0 - - [17/May/2023:11:23:24 +0800] "GET /xingrg/kc/buy/cgsh_order_add.html HTTP/1.1" 200 71407
114.83.216.225 - - [17/May/2023:11:23:24 +0800] "GET /xingrg/all/function/internal_message.html?_=1684293802412&CODE_STATE=getMsg HTTP/1.1" 200 27
180.171.122.0 - - [17/May/2023:11:23:24 +0800] "POST /xingrg/kc/buy/cgsh_order_operate.html HTTP/1.1" 200 8245
180.171.122.0 - - [17/May/2023:11:23:25 +0800] "GET /xingrg/javascript/easyui/themes/default/validatebox.css HTTP/1.1" 404 1104
180.156.206.150 - - [17/May/2023:11:23:30 +0800] "GET /xingrg/all/function/internal_message.html?_=1684293823005&CODE_STATE=getMsg HTTP/1.1" 200 27
116.224.158.100 - - [17/May/2023:11:23:30 +0800] "GET /xingrg/kc/buy/cgsh_order_add.html HTTP/1.1" 200 71533
116.224.158.100 - - [17/May/2023:11:23:30 +0800] "POST /xingrg/kc/buy/cgsh_order_operate.html HTTP/1.1" 200 8245
116.224.158.100 - - [17/May/2023:11:23:30 +0800] "GET /xingrg/javascript/easyui/themes/default/validatebox.css HTTP/1.1" 404 1104
114.83.216.225 - - [17/May/2023:11:23:33 +0800] "GET /xingrg/kc/base/wldb_order_operate.html?command=get_materiel&rest_code=00149&base_code=0010394&code=00101019249 HTTP/1.1" 200 470
180.164.3.199 - - [17/May/2023:11:23:34 +0800] "GET /xingrg/all/function/internal_message.html?_=1684293813299&CODE_STATE=getMsg HTTP/1.1" 200 27
124.79.240.114 - - [17/May/2023:11:23:34 +0800] "GET /xingrg/all/function/internal_message.html?_=1684293808432&CODE_STATE=getMsg HTTP/1.1" 200 27
116.232.195.127 - - [17/May/2023:11:23:42 +0800] "GET /xingrg/all/function/internal_message.html?_=1684293867712&CODE_STATE=getMsg HTTP/1.1" 200 27
124.79.240.114 - - [17/May/2023:11:23:43 +0800] "GET /xingrg/all/function/internal_message.html?_=1684294101254&CODE_STATE=getMsg HTTP/1.1" 200 27
124.79.240.114 - - [17/May/2023:11:23:43 +0800] "GET /xingrg/check_reg.html?_=1684294101255 HTTP/1.1" 200 22
114.83.216.225 - - [17/May/2023:11:23:44 +0800] "GET /xingrg/kc/base/wldb_order_operate.html?command=get_materiel&rest_code=00149&base_code=0010394&code=00101019339 HTTP/1.1" 200 469
116.238.139.35 - - [17/May/2023:11:23:47 +0800] "GET /xingrg/check_reg.html?_=1684293751026 HTTP/1.1" 200 22
180.163.30.85 - - [17/May/2023:11:23:49 +0800] "GET /xingrg/all/function/internal_message.html?_=1684293767941&CODE_STATE=getMsg HTTP/1.1" 302 -
180.163.30.85 - - [17/May/2023:11:23:49 +0800] "GET /xingrg/login.html HTTP/1.1" 200 7641
116.237.74.57 - - [17/May/2023:11:23:49 +0800] "GET /xingrg/all/function/internal_message.html?_=1684293827912&CODE_STATE=getMsg HTTP/1.1" 200 27
114.83.219.197 - - [17/May/2023:11:23:50 +0800] "GET /xingrg/all/function/internal_message.html?_=1684293926658&CODE_STATE=getMsg HTTP/1.1" 200 27
114.83.219.197 - - [17/May/2023:11:23:50 +0800] "GET /xingrg/check_reg.html?_=1684293926660 HTTP/1.1" 200 22
116.224.158.100 - - [17/May/2023:11:23:54 +0800] "GET /xingrg/kc/buy/cgsh_order_operate.html?command=get_materiel&rest_code=00105&code=00101009034&supplier_code=00100335&order_time=2023-05-17 HTTP/1.1" 200 428
116.224.158.100 - - [17/May/2023:11:23:54 +0800] "GET /xingrg/check_reg.html?_=1684293669474 HTTP/1.1" 200 22
116.238.139.35 - - [17/May/2023:11:23:54 +0800] "GET /xingrg/all/function/internal_message.html?_=1684293758124&CODE_STATE=getMsg HTTP/1.1" 200 27
116.224.158.100 - - [17/May/2023:11:23:55 +0800] "GET /xingrg/all/function/internal_message.html?_=1684293669718&CODE_STATE=getMsg HTTP/1.1" 200 27
116.224.158.100 - - [17/May/2023:11:23:56 +0800] "POST /xingrg/all/common/load_select.html HTTP/1.1" 200 25
222.67.238.82 - - [17/May/2023:11:23:58 +0800] "GET /xingrg/all/function/internal_message.html?_=1684293354769&CODE_STATE=getMsg HTTP/1.1" 200 27
116.224.158.100 - - [17/May/2023:11:24:02 +0800] "GET /xingrg/kc/buy/cgsh_order_operate.html?command=get_materiel_price&rest_code=00105&code=00101009034&unit_code=00100047&supplier_code=00100335&order_time=2023-05-17 HTTP/1.1" 200 28
114.83.216.225 - - [17/May/2023:11:24:06 +0800] "GET /xingrg/kc/base/wldb_order_operate.html?command=get_materiel&rest_code=00149&base_code=0010394&code=00101019079 HTTP/1.1" 200 479
120.253.135.82 - - [17/May/2023:11:24:06 +0800] "GET /xingrg/all/function/internal_message.html?_=1684293683948&CODE_STATE=getMsg HTTP/1.1" 200 27
180.171.122.0 - - [17/May/2023:11:24:10 +0800] "GET /xingrg/all/function/internal_message.html?_=1684293849169&CODE_STATE=getMsg HTTP/1.1" 200 27
101.229.22.40 - - [17/May/2023:11:24:13 +0800] "GET /xingrg/all/function/internal_message.html?_=1684293853586&CODE_STATE=getMsg HTTP/1.1" 200 27
114.83.216.225 - - [17/May/2023:11:24:13 +0800] "GET /xingrg/kc/base/wldb_order_operate.html?command=get_materiel&rest_code=00149&base_code=0010394&code=00101016076 HTTP/1.1" 200 477
124.79.74.67 - - [17/May/2023:11:24:14 +0800] "GET /xingrg/all/function/internal_message.html?_=1684293872320&CODE_STATE=getMsg HTTP/1.1" 200 27
116.224.158.100 - - [17/May/2023:11:24:20 +0800] "POST /xingrg/kc/buy/cgsh_order_operate.html HTTP/1.1" 200 37
180.156.206.150 - - [17/May/2023:11:24:20 +0800] "GET /xingrg/all/function/internal_message.html?_=1684293860424&CODE_STATE=getMsg HTTP/1.1" 200 27
116.224.158.100 - - [17/May/2023:11:24:22 +0800] "POST /xingrg/kc/buy/cgsh_order_operate.html HTTP/1.1" 200 2665
114.83.216.225 - - [17/May/2023:11:24:24 +0800] "GET /xingrg/check_reg.html?_=1684293862417 HTTP/1.1" 200 22
114.83.216.225 - - [17/May/2023:11:24:24 +0800] "GET /xingrg/all/function/internal_message.html?_=1684293862420&CODE_STATE=getMsg HTTP/1.1" 200 27
116.224.158.100 - - [17/May/2023:11:24:24 +0800] "GET /xingrg/kc/print/load_data.html?order_code=212023051706236&kc_code=cgsh&condition= HTTP/1.1" 200 671
114.83.216.225 - - [17/May/2023:11:24:29 +0800] "GET /xingrg/kc/base/wldb_order_operate.html?command=get_materiel&rest_code=00149&base_code=0010394&code=00101019529 HTTP/1.1" 200 475
180.156.206.150 - - [17/May/2023:11:24:30 +0800] "GET /xingrg/all/function/internal_message.html?_=1684293883010&CODE_STATE=getMsg HTTP/1.1" 200 27
180.164.3.199 - - [17/May/2023:11:24:34 +0800] "GET /xingrg/all/function/internal_message.html?_=1684293873311&CODE_STATE=getMsg HTTP/1.1" 200 27
124.79.240.114 - - [17/May/2023:11:24:34 +0800] "GET /xingrg/all/function/internal_message.html?_=1684293868428&CODE_STATE=getMsg HTTP/1.1" 200 27
120.253.135.82 - - [17/May/2023:11:24:41 +0800] "POST /xingrg/kc/pszx/mdps_list_operate.html HTTP/1.1" 200 3181
116.232.195.127 - - [17/May/2023:11:24:42 +0800] "GET /xingrg/all/function/internal_message.html?_=1684293927711&CODE_STATE=getMsg HTTP/1.1" 200 27
116.224.158.100 - - [17/May/2023:11:24:42 +0800] "GET /xingrg/kc/buy/cgsh_order_add.html HTTP/1.1" 200 71533
116.224.158.100 - - [17/May/2023:11:24:42 +0800] "POST /xingrg/kc/buy/cgsh_order_operate.html HTTP/1.1" 200 8245
116.224.158.100 - - [17/May/2023:11:24:42 +0800] "GET /xingrg/javascript/easyui/themes/default/validatebox.css HTTP/1.1" 404 1104
120.253.135.82 - - [17/May/2023:11:24:43 +0800] "POST /xingrg/kc/pszx/mdps_list_operate.html HTTP/1.1" 200 608
124.79.240.114 - - [17/May/2023:11:24:43 +0800] "GET /xingrg/all/function/internal_message.html?_=1684294161252&CODE_STATE=getMsg HTTP/1.1" 200 27
120.253.135.82 - - [17/May/2023:11:24:44 +0800] "GET /xingrg/kc/pszx/mdps_order_info.html?code=312023051600328 HTTP/1.1" 200 23978
120.253.135.82 - - [17/May/2023:11:24:44 +0800] "GET /xingrg/javascript/easyui/themes/default/validatebox.css HTTP/1.1" 404 1104
120.253.135.82 - - [17/May/2023:11:24:45 +0800] "POST /xingrg/kc/pszx/mdps_order_operate.html HTTP/1.1" 200 4785
116.237.74.57 - - [17/May/2023:11:24:49 +0800] "GET /xingrg/all/function/internal_message.html?_=1684293887889&CODE_STATE=getMsg HTTP/1.1" 200 27
116.237.74.57 - - [17/May/2023:11:24:50 +0800] "GET /xingrg/kc/buy/cgsh_order_add.html HTTP/1.1" 200 71451
114.83.219.197 - - [17/May/2023:11:24:50 +0800] "GET /xingrg/all/function/internal_message.html?_=1684293986656&CODE_STATE=getMsg HTTP/1.1" 200 27
120.253.135.82 - - [17/May/2023:11:24:51 +0800] "POST /xingrg/kc/pszx/mdps_list_operate.html HTTP/1.1" 200 3181
116.237.74.57 - - [17/May/2023:11:24:51 +0800] "POST /xingrg/kc/buy/cgsh_order_operate.html HTTP/1.1" 200 8245
116.237.74.57 - - [17/May/2023:11:24:52 +0800] "GET /xingrg/javascript/easyui/themes/default/validatebox.css HTTP/1.1" 404 1104
116.235.244.175 - - [17/May/2023:11:24:52 +0800] "POST /xingrg/services/DataTransmitService HTTP/1.1" 200 524
116.224.158.100 - - [17/May/2023:11:24:55 +0800] "GET /xingrg/all/function/internal_message.html?_=1684293729692&CODE_STATE=getMsg HTTP/1.1" 200 27
116.238.139.35 - - [17/May/2023:11:24:55 +0800] "GET /xingrg/all/function/internal_message.html?_=1684293818138&CODE_STATE=getMsg HTTP/1.1" 200 27
222.67.238.82 - - [17/May/2023:11:24:58 +0800] "GET /xingrg/check_reg.html?_=1684293414768 HTTP/1.1" 200 22
222.67.238.82 - - [17/May/2023:11:24:58 +0800] "GET /xingrg/all/function/internal_message.html?_=1684293414769&CODE_STATE=getMsg HTTP/1.1" 200 27
114.83.216.225 - - [17/May/2023:11:24:58 +0800] "GET /xingrg/kc/base/wldb_order_operate.html?command=get_materiel&rest_code=00149&base_code=0010394&code=00101019493 HTTP/1.1" 200 474
116.237.74.57 - - [17/May/2023:11:24:59 +0800] "GET /xingrg/javascript/easyui/themes/default/tree.css HTTP/1.1" 404 1090
116.237.74.57 - - [17/May/2023:11:25:00 +0800] "POST /xingrg/all/common/load_tree.html?tree=supplier_tree_json&isDelete=1 HTTP/1.1" 200 74192
120.253.135.82 - - [17/May/2023:11:25:01 +0800] "POST /xingrg/kc/pszx/mdps_list_operate.html HTTP/1.1" 200 2817
120.253.135.82 - - [17/May/2023:11:25:04 +0800] "GET /xingrg/check_reg.html?_=1684293741514 HTTP/1.1" 200 22
120.253.135.82 - - [17/May/2023:11:25:04 +0800] "POST /xingrg/kc/pszx/mdps_list_operate.html HTTP/1.1" 200 445
120.253.135.82 - - [17/May/2023:11:25:06 +0800] "GET /xingrg/kc/pszx/mdps_order_info.html?code=312023051700370 HTTP/1.1" 200 23984
120.253.135.82 - - [17/May/2023:11:25:06 +0800] "GET /xingrg/javascript/easyui/themes/default/validatebox.css HTTP/1.1" 404 1104
120.253.135.82 - - [17/May/2023:11:25:06 +0800] "GET /xingrg/all/function/internal_message.html?_=1684293743961&CODE_STATE=getMsg HTTP/1.1" 200 27
120.253.135.82 - - [17/May/2023:11:25:07 +0800] "POST /xingrg/kc/pszx/mdps_order_operate.html HTTP/1.1" 200 3781
180.171.122.0 - - [17/May/2023:11:25:10 +0800] "GET /xingrg/all/function/internal_message.html?_=1684293909146&CODE_STATE=getMsg HTTP/1.1" 200 27
101.229.22.40 - - [17/May/2023:11:25:13 +0800] "GET /xingrg/all/function/internal_message.html?_=1684293913588&CODE_STATE=getMsg HTTP/1.1" 200 27
124.79.74.67 - - [17/May/2023:11:25:14 +0800] "GET /xingrg/all/function/internal_message.html?_=1684293932324&CODE_STATE=getMsg HTTP/1.1" 200 27
120.253.135.82 - - [17/May/2023:11:25:16 +0800] "POST /xingrg/kc/pszx/mdps_order_operate.html HTTP/1.1" 200 37
120.253.135.82 - - [17/May/2023:11:25:17 +0800] "GET /xingrg/kc/pszx/mdps_order_info.html?code=312023051700370 HTTP/1.1" 200 23984
116.237.74.57 - - [17/May/2023:11:25:18 +0800] "GET /xingrg/kc/buy/cgsh_order_operate.html?command=get_materiel&rest_code=00106&code=00101009050&supplier_code=00100022&order_time=2023-05-17 HTTP/1.1" 200 408
120.253.135.82 - - [17/May/2023:11:25:18 +0800] "GET /xingrg/javascript/easyui/themes/default/validatebox.css HTTP/1.1" 404 1104
120.253.135.82 - - [17/May/2023:11:25:18 +0800] "POST /xingrg/kc/pszx/mdps_order_operate.html HTTP/1.1" 200 3273
180.156.206.150 - - [17/May/2023:11:25:20 +0800] "GET /xingrg/all/function/internal_message.html?_=1684293920418&CODE_STATE=getMsg HTTP/1.1" 200 27
114.83.216.225 - - [17/May/2023:11:25:24 +0800] "GET /xingrg/all/function/internal_message.html?_=1684293922408&CODE_STATE=getMsg HTTP/1.1" 200 27
120.253.135.82 - - [17/May/2023:11:25:25 +0800] "POST /xingrg/kc/pszx/mdps_list_operate.html HTTP/1.1" 200 2816
120.253.135.82 - - [17/May/2023:11:25:26 +0800] "POST /xingrg/kc/pszx/mdps_list_operate.html HTTP/1.1" 200 360
180.156.206.150 - - [17/May/2023:11:25:30 +0800] "GET /xingrg/all/function/internal_message.html?_=1684293943006&CODE_STATE=getMsg HTTP/1.1" 200 27
180.164.3.199 - - [17/May/2023:11:25:34 +0800] "GET /xingrg/all/function/internal_message.html?_=1684293933304&CODE_STATE=getMsg HTTP/1.1" 200 27
124.79.240.114 - - [17/May/2023:11:25:34 +0800] "GET /xingrg/all/function/internal_message.html?_=1684293928432&CODE_STATE=getMsg HTTP/1.1" 200 27
114.83.216.225 - - [17/May/2023:11:25:35 +0800] "GET /xingrg/kc/base/wldb_order_operate.html?command=get_materiel&rest_code=00149&base_code=0010394&code=00101019127 HTTP/1.1" 200 479
116.224.158.100 - - [17/May/2023:11:25:37 +0800] "GET /xingrg/kc/buy/cgsh_order_operate.html?command=get_materiel&rest_code=00105&code=00101008328&supplier_code=00100338&order_time=2023-05-17 HTTP/1.1" 200 410
116.235.244.175 - - [17/May/2023:11:25:40 +0800] "POST /xingrg/services/DataTransmitService HTTP/1.1" 200 501
116.232.195.127 - - [17/May/2023:11:25:42 +0800] "GET /xingrg/all/function/internal_message.html?_=1684293987717&CODE_STATE=getMsg HTTP/1.1" 200 27
124.79.240.114 - - [17/May/2023:11:25:43 +0800] "GET /xingrg/all/function/internal_message.html?_=1684294221250&CODE_STATE=getMsg HTTP/1.1" 200 27
180.163.29.217 - - [17/May/2023:11:25:49 +0800] "GET /xingrg/all/function/internal_message.html?_=1684293887889&CODE_STATE=getMsg HTTP/1.1" 302 -
180.163.29.217 - - [17/May/2023:11:25:49 +0800] "GET /xingrg/login.html HTTP/1.1" 200 7641
116.237.74.57 - - [17/May/2023:11:25:49 +0800] "GET /xingrg/all/function/internal_message.html?_=1684293947870&CODE_STATE=getMsg HTTP/1.1" 200 27
114.83.219.197 - - [17/May/2023:11:25:50 +0800] "GET /xingrg/all/function/internal_message.html?_=1684294046659&CODE_STATE=getMsg HTTP/1.1" 200 27
116.235.244.175 - - [17/May/2023:11:25:53 +0800] "POST /xingrg/kc/buy/cgsh_order_operate.html HTTP/1.1" 200 15086
116.224.158.100 - - [17/May/2023:11:25:54 +0800] "GET /xingrg/all/function/internal_message.html?_=1684293789664&CODE_STATE=getMsg HTTP/1.1" 200 27
116.238.139.35 - - [17/May/2023:11:25:55 +0800] "GET /xingrg/all/function/internal_message.html?_=1684293878169&CODE_STATE=getMsg HTTP/1.1" 200 27
222.67.238.82 - - [17/May/2023:11:25:58 +0800] "GET /xingrg/all/function/internal_message.html?_=1684293474768&CODE_STATE=getMsg HTTP/1.1" 200 27
116.237.74.57 - - [17/May/2023:11:26:04 +0800] "GET /xingrg/kc/buy/cgsh_order_operate.html?command=get_materiel&rest_code=00106&code=00101009011&supplier_code=00100022&order_time=2023-05-17 HTTP/1.1" 200 416
120.253.135.82 - - [17/May/2023:11:26:06 +0800] "GET /xingrg/all/function/internal_message.html?_=1684293804032&CODE_STATE=getMsg HTTP/1.1" 200 27
114.83.216.225 - - [17/May/2023:11:26:07 +0800] "POST /xingrg/kc/base/wldb_order_operate.html HTTP/1.1" 200 37
116.235.244.175 - - [17/May/2023:11:26:08 +0800] "GET /xingrg/all/function/internal_message.html?_=1684293982383&CODE_STATE=getMsg HTTP/1.1" 200 27
180.171.122.0 - - [17/May/2023:11:26:10 +0800] "GET /xingrg/all/function/internal_message.html?_=1684293969130&CODE_STATE=getMsg HTTP/1.1" 200 27
180.171.122.0 - - [17/May/2023:11:26:10 +0800] "GET /xingrg/check_reg.html?_=1684293969179 HTTP/1.1" 200 22
101.229.22.40 - - [17/May/2023:11:26:13 +0800] "GET /xingrg/all/function/internal_message.html?_=1684293973596&CODE_STATE=getMsg HTTP/1.1" 200 27
124.79.74.67 - - [17/May/2023:11:26:14 +0800] "GET /xingrg/all/function/internal_message.html?_=1684293992325&CODE_STATE=getMsg HTTP/1.1" 200 27
124.79.74.67 - - [17/May/2023:11:26:14 +0800] "GET /xingrg/check_reg.html?_=1684293992326 HTTP/1.1" 200 22
114.83.216.225 - - [17/May/2023:11:26:14 +0800] "POST /xingrg/kc/base/wldb_order_operate.html HTTP/1.1" 200 12
114.83.216.225 - - [17/May/2023:11:26:14 +0800] "POST /xingrg/kc/base/wldb_order_operate.html HTTP/1.1" 200 6283
116.224.158.100 - - [17/May/2023:11:26:14 +0800] "POST /xingrg/kc/buy/cgsh_order_operate.html HTTP/1.1" 200 37
61.151.231.107 - - [17/May/2023:11:26:15 +0800] "GET /xingrg/kc/buy/cgsh_order_operate.html?command=get_materiel&rest_code=00106&code=00101009050&supplier_code=00100022&order_time=2023-05-17 HTTP/1.1" 302 -
61.151.231.107 - - [17/May/2023:11:26:15 +0800] "GET /xingrg/login.html HTTP/1.1" 200 7641
114.83.216.225 - - [17/May/2023:11:26:15 +0800] "GET /xingrg/kc/base/wldb_order_info.html?code=422023051701312 HTTP/1.1" 200 26266
114.83.216.225 - - [17/May/2023:11:26:16 +0800] "GET /xingrg/javascript/easyui/themes/default/validatebox.css HTTP/1.1" 404 1104
114.83.216.225 - - [17/May/2023:11:26:16 +0800] "POST /xingrg/kc/base/wldb_order_operate.html HTTP/1.1" 200 4486
116.237.74.57 - - [17/May/2023:11:26:16 +0800] "GET /xingrg/kc/buy/cgsh_order_operate.html?command=get_materiel&rest_code=00106&code=00101009124&supplier_code=00100022&order_time=2023-05-17 HTTP/1.1" 200 418
116.224.158.100 - - [17/May/2023:11:26:16 +0800] "POST /xingrg/kc/buy/cgsh_order_operate.html HTTP/1.1" 200 2655
116.235.244.175 - - [17/May/2023:11:26:17 +0800] "GET /xingrg/kc/buy/cgsh_order_operate.html?command=get_materiel&rest_code=00146&code=00101008300&supplier_code=00100005&order_time=2023-05-17 HTTP/1.1" 200 412
116.224.158.100 - - [17/May/2023:11:26:20 +0800] "GET /xingrg/kc/print/load_data.html?order_code=212023051706237&kc_code=cgsh&condition= HTTP/1.1" 200 672
180.156.206.150 - - [17/May/2023:11:26:20 +0800] "GET /xingrg/all/function/internal_message.html?_=1684293980391&CODE_STATE=getMsg HTTP/1.1" 200 27
114.83.216.225 - - [17/May/2023:11:26:24 +0800] "GET /xingrg/all/function/internal_message.html?_=1684293982415&CODE_STATE=getMsg HTTP/1.1" 200 27
116.235.244.175 - - [17/May/2023:11:26:28 +0800] "GET /xingrg/kc/buy/cgsh_order_operate.html?command=get_materiel&rest_code=00146&code=00101008196&supplier_code=00100005&order_time=2023-05-17 HTTP/1.1" 200 416
180.156.206.150 - - [17/May/2023:11:26:30 +0800] "GET /xingrg/check_reg.html?_=1684294003010 HTTP/1.1" 200 22
180.156.206.150 - - [17/May/2023:11:26:30 +0800] "GET /xingrg/all/function/internal_message.html?_=1684294003007&CODE_STATE=getMsg HTTP/1.1" 200 27
