116.237.74.57 - - [17/May/2023:10:21:03 +0800] "GET /xingrg/kc/buy/cgsh_order_operate.html?command=get_materiel&rest_code=00106&code=00101008110&supplier_code=00100007&order_time=2023-05-17 HTTP/1.1" 200 408
120.253.135.82 - - [17/May/2023:10:21:07 +0800] "GET /xingrg/all/function/internal_message.html?_=1684289904948&CODE_STATE=getMsg HTTP/1.1" 200 27
116.238.139.35 - - [17/May/2023:10:21:12 +0800] "GET /xingrg/images/yd/bt.gif HTTP/1.1" 404 1040
116.238.139.35 - - [17/May/2023:10:21:12 +0800] "GET /xingrg/images/yd/bt2.gif HTTP/1.1" 404 1042
116.237.74.57 - - [17/May/2023:10:21:12 +0800] "GET /xingrg/kc/buy/cgsh_order_operate.html?command=get_materiel&rest_code=00106&code=00101008061&supplier_code=00100007&order_time=2023-05-17 HTTP/1.1" 200 422
222.67.238.82 - - [17/May/2023:10:21:14 +0800] "GET /xingrg/kc/buy/cgsh_order_operate.html?command=get_materiel&rest_code=00141&code=00101008371&supplier_code=00100007&order_time=2023-05-17 HTTP/1.1" 200 412
101.229.22.40 - - [17/May/2023:10:21:15 +0800] "GET /xingrg/all/function/internal_message.html?_=1684290075777&CODE_STATE=getMsg HTTP/1.1" 200 27
116.237.74.57 - - [17/May/2023:10:21:20 +0800] "GET /xingrg/kc/buy/cgsh_order_operate.html?command=get_materiel&rest_code=00106&code=00101008168&supplier_code=00100007&order_time=2023-05-17 HTTP/1.1" 200 413
180.164.3.199 - - [17/May/2023:10:21:21 +0800] "GET /xingrg/kc/buy/cgsh_order_operate.html?command=get_materiel&rest_code=00108&code=00101009050&supplier_code=00100007&order_time=2023-05-17 HTTP/1.1" 200 408
180.156.206.150 - - [17/May/2023:10:21:21 +0800] "GET /xingrg/all/function/internal_message.html?_=1684290081347&CODE_STATE=getMsg HTTP/1.1" 200 27
116.237.74.57 - - [17/May/2023:10:21:25 +0800] "POST /xingrg/kc/buy/cgsh_order_operate.html HTTP/1.1" 200 2065
222.67.238.82 - - [17/May/2023:10:21:27 +0800] "GET /xingrg/kc/buy/cgsh_order_operate.html?command=get_materiel&rest_code=00141&code=00101008229&supplier_code=00100007&order_time=2023-05-17 HTTP/1.1" 200 420
222.67.238.82 - - [17/May/2023:10:21:30 +0800] "GET /xingrg/all/function/internal_message.html?_=1684289606540&CODE_STATE=getMsg HTTP/1.1" 200 27
116.237.74.57 - - [17/May/2023:10:21:30 +0800] "GET /xingrg/check_reg.html?_=1684290088813 HTTP/1.1" 200 22
116.237.74.57 - - [17/May/2023:10:21:31 +0800] "GET /xingrg/kc/buy/cgsh_order_operate.html?command=get_materiel&rest_code=00106&code=00101008150&supplier_code=00100007&order_time=2023-05-17 HTTP/1.1" 200 409
116.237.74.57 - - [17/May/2023:10:21:32 +0800] "GET /xingrg/all/function/internal_message.html?_=1684290090305&CODE_STATE=getMsg HTTP/1.1" 200 27
180.163.29.234 - - [17/May/2023:10:21:32 +0800] "GET /xingrg/all/function/internal_message.html?_=1684290030322&CODE_STATE=getMsg HTTP/1.1" 302 -
180.163.29.234 - - [17/May/2023:10:21:32 +0800] "GET /xingrg/login.html HTTP/1.1" 200 7641
180.163.29.212 - - [17/May/2023:10:21:33 +0800] "GET /xingrg/kc/buy/cgsh_order_operate.html?command=get_materiel&rest_code=00106&code=00101008359&supplier_code=00100007&order_time=2023-05-17 HTTP/1.1" 302 -
180.163.29.212 - - [17/May/2023:10:21:33 +0800] "GET /xingrg/login.html HTTP/1.1" 200 7641
180.164.3.199 - - [17/May/2023:10:21:34 +0800] "GET /xingrg/all/function/internal_message.html?_=1684290093573&CODE_STATE=getMsg HTTP/1.1" 200 27
120.35.150.98 - - [17/May/2023:10:21:34 +0800] "GET /xingrg/index.html?sysBaseUrl=http%3A%2F%2F180.169.147.146%3A18081%2Fxingrg%2F&costTime=39×tamp=1592034574635 HTTP/1.1" 302 -
120.35.150.98 - - [17/May/2023:10:21:34 +0800] "GET /xingrg/login.html HTTP/1.1" 200 7641
124.79.240.114 - - [17/May/2023:10:21:34 +0800] "GET /xingrg/all/function/internal_message.html?_=1684290088429&CODE_STATE=getMsg HTTP/1.1" 200 27
120.35.150.98 - - [17/May/2023:10:21:35 +0800] "GET /favicon.ico HTTP/1.1" 404 -
180.164.3.199 - - [17/May/2023:10:21:37 +0800] "GET /xingrg/kc/buy/cgsh_order_operate.html?command=get_materiel&rest_code=00108&code=00101009062&supplier_code=00100007&order_time=2023-05-17 HTTP/1.1" 200 412
120.35.150.98 - - [17/May/2023:10:21:39 +0800] "POST /xingrg/login.do HTTP/1.1" 302 -
120.35.150.98 - - [17/May/2023:10:21:39 +0800] "GET /xingrg/index.html?sysBaseUrl=http%3A%2F%2F180.169.147.146%3A18081%2Fxingrg%2F&costTime=844×tamp=1684290099025 HTTP/1.1" 200 17503
116.224.158.100 - - [17/May/2023:10:21:39 +0800] "GET /xingrg/kc/buy/cgsh_order_operate.html?command=get_materiel&rest_code=00105&code=00101006178&supplier_code=00100012&order_time=2023-05-17 HTTP/1.1" 200 409
120.35.150.98 - - [17/May/2023:10:21:39 +0800] "GET /favicon.ico HTTP/1.1" 404 -
120.35.150.98 - - [17/May/2023:10:21:39 +0800] "POST /xingrg/all/common/load_tree.html?tree=area_rest_tree_json&manage=1 HTTP/1.1" 200 3499
120.35.150.98 - - [17/May/2023:10:21:39 +0800] "GET /xingrg/all/function/internal_message.html?_=1684290099007&CODE_STATE=count HTTP/1.1" 200 11
120.35.150.98 - - [17/May/2023:10:21:39 +0800] "GET /xingrg/check_reg.html?_=1684290099008 HTTP/1.1" 200 22
120.35.150.98 - - [17/May/2023:10:21:39 +0800] "POST /xingrg/load_menu.html HTTP/1.1" 200 11564
116.232.195.127 - - [17/May/2023:10:21:41 +0800] "GET /xingrg/check_reg.html?_=1684290147711 HTTP/1.1" 200 22
116.232.195.127 - - [17/May/2023:10:21:41 +0800] "GET /xingrg/all/function/internal_message.html?_=1684290147714&CODE_STATE=getMsg HTTP/1.1" 200 27
124.79.240.114 - - [17/May/2023:10:21:43 +0800] "GET /xingrg/all/function/internal_message.html?_=1684290381175&CODE_STATE=getMsg HTTP/1.1" 200 27
222.67.238.82 - - [17/May/2023:10:21:44 +0800] "GET /xingrg/kc/buy/cgsh_order_operate.html?command=get_materiel&rest_code=00141&code=00101008706&supplier_code=00100007&order_time=2023-05-17 HTTP/1.1" 200 413
120.35.150.98 - - [17/May/2023:10:21:45 +0800] "GET /xingrg/system/supplier/kcSupplier.html?isKc=1 HTTP/1.1" 200 10949
120.35.150.98 - - [17/May/2023:10:21:46 +0800] "POST /xingrg/all/common/load_tree.html?tree=supplier_sort_tree_json HTTP/1.1" 200 2521
120.35.150.98 - - [17/May/2023:10:21:46 +0800] "POST /xingrg/all/common/load_tree.html?tree=area_tree_json HTTP/1.1" 200 206
120.35.150.98 - - [17/May/2023:10:21:46 +0800] "POST /xingrg/all/common/load_tree.html?tree=area_tree_json HTTP/1.1" 200 206
120.35.150.98 - - [17/May/2023:10:21:46 +0800] "POST /xingrg/all/common/load_tree.html?tree=supplier_sort_tree_json HTTP/1.1" 200 2521
120.253.135.82 - - [17/May/2023:10:21:47 +0800] "GET /xingrg/kc/pszx/mdqp_order_list.html?state=10 HTTP/1.1" 200 10719
180.163.28.55 - - [17/May/2023:10:21:47 +0800] "GET /xingrg/kc/buy/cgsh_order_operate.html?command=get_materiel&rest_code=00106&code=00101008095&supplier_code=00100007&order_time=2023-05-17 HTTP/1.1" 302 -
120.253.135.82 - - [17/May/2023:10:21:47 +0800] "GET /xingrg/dwr/interface/AjaxQqpsService.js HTTP/1.1" 200 16326
120.253.135.82 - - [17/May/2023:10:21:47 +0800] "GET /xingrg/dwr/interface/AjaxReportQueryService.js HTTP/1.1" 200 13203
120.253.135.82 - - [17/May/2023:10:21:47 +0800] "GET /xingrg/dwr/engine.js HTTP/1.1" 200 43631
180.163.28.55 - - [17/May/2023:10:21:47 +0800] "GET /xingrg/login.html HTTP/1.1" 200 7641
116.224.158.100 - - [17/May/2023:10:21:50 +0800] "GET /xingrg/javascript/jquery_easy_ui/themes/icons/rest.png HTTP/1.1" 304 -
116.224.158.100 - - [17/May/2023:10:21:50 +0800] "GET /xingrg/javascript/jquery_easy_ui/themes/icons/area.png HTTP/1.1" 304 -
114.83.219.197 - - [17/May/2023:10:21:50 +0800] "GET /xingrg/all/function/internal_message.html?_=1684290206657&CODE_STATE=getMsg HTTP/1.1" 200 27
120.253.135.82 - - [17/May/2023:10:21:52 +0800] "GET /xingrg/kc/pszx/jzcl_ps.html HTTP/1.1" 200 7683
120.253.135.82 - - [17/May/2023:10:21:52 +0800] "POST /xingrg/all/common/load_tree.html?tree=area_rest_tree_json HTTP/1.1" 200 3499
120.253.135.82 - - [17/May/2023:10:21:52 +0800] "POST /xingrg/kc/pszx/jzcl_ps_operate.html HTTP/1.1" 200 455
120.253.135.82 - - [17/May/2023:10:21:53 +0800] "POST /xingrg/kc/pszx/jzcl_ps_operate.html HTTP/1.1" 200 455
120.35.150.98 - - [17/May/2023:10:21:53 +0800] "POST /xingrg/system/supplier/kc_supplier_operate.html HTTP/1.1" 200 24292
116.238.139.35 - - [17/May/2023:10:21:53 +0800] "GET /xingrg/all/function/internal_message.html?_=1684290036814&CODE_STATE=getMsg HTTP/1.1" 200 27
116.237.74.57 - - [17/May/2023:10:21:54 +0800] "POST /xingrg/kc/buy/cgsh_order_operate.html HTTP/1.1" 200 37
116.224.158.100 - - [17/May/2023:10:21:54 +0800] "GET /xingrg/all/function/internal_message.html?_=1684289949363&CODE_STATE=getMsg HTTP/1.1" 200 27
120.35.150.98 - - [17/May/2023:10:21:55 +0800] "GET /xingrg/system/supplier/kcSupplier_info.html?isAdd=1&type=sort&id=00101 HTTP/1.1" 200 26466
120.35.150.98 - - [17/May/2023:10:21:55 +0800] "GET /xingrg/dwr/interface/AjaxKcSupplierService.js HTTP/1.1" 200 13003
120.35.150.98 - - [17/May/2023:10:21:55 +0800] "GET /xingrg/dwr/interface/AjaxGetFirstChart.js HTTP/1.1" 200 631
120.35.150.98 - - [17/May/2023:10:21:55 +0800] "GET /xingrg/dwr/engine.js HTTP/1.1" 200 43631
120.35.150.98 - - [17/May/2023:10:21:56 +0800] "GET /favicon.ico HTTP/1.1" 404 -
222.67.238.82 - - [17/May/2023:10:21:56 +0800] "GET /xingrg/kc/buy/cgsh_order_operate.html?command=get_materiel&rest_code=00141&code=00101009031&supplier_code=00100007&order_time=2023-05-17 HTTP/1.1" 200 408
116.237.74.57 - - [17/May/2023:10:21:56 +0800] "POST /xingrg/kc/buy/cgsh_order_operate.html HTTP/1.1" 200 20418
120.35.150.98 - - [17/May/2023:10:21:56 +0800] "POST /xingrg/all/common/load_tree.html?tree=area_tree_json HTTP/1.1" 200 206
120.35.150.98 - - [17/May/2023:10:21:56 +0800] "POST /xingrg/all/common/load_tree.html?tree=area_tree_json HTTP/1.1" 200 206
120.35.150.98 - - [17/May/2023:10:21:57 +0800] "POST /xingrg/dwr/call/plaincall/AjaxKcSupplierService.modifyKcSupplier.dwr HTTP/1.1" 200 123
120.35.150.98 - - [17/May/2023:10:21:57 +0800] "POST /xingrg/all/common/load_tree.html?tree=area_rest_tree_json HTTP/1.1" 200 3499
180.164.3.199 - - [17/May/2023:10:21:57 +0800] "GET /xingrg/kc/buy/cgsh_order_operate.html?command=get_materiel&rest_code=00108&code=00101009012&supplier_code=00100007&order_time=2023-05-17 HTTP/1.1" 200 23
120.35.150.98 - - [17/May/2023:10:21:58 +0800] "POST /xingrg/all/common/load_tree.html?tree=area_tree_json HTTP/1.1" 200 206
120.253.135.82 - - [17/May/2023:10:21:58 +0800] "GET /xingrg/kc/pszx/mdqp_order_info.html?type=look&code=302023051700281 HTTP/1.1" 200 8212
120.35.150.98 - - [17/May/2023:10:21:58 +0800] "POST /xingrg/all/common/load_tree.html?tree=area_rest_tree_json&defaultRests= HTTP/1.1" 200 3499
120.35.150.98 - - [17/May/2023:10:21:58 +0800] "POST /xingrg/all/common/load_tree.html?tree=area_rest_tree_json&areaId=1&defaultRests= HTTP/1.1" 200 3499
120.253.135.82 - - [17/May/2023:10:22:02 +0800] "POST /xingrg/kc/pszx/jzcl_ps_operate.html HTTP/1.1" 200 4
120.253.135.82 - - [17/May/2023:10:22:04 +0800] "GET /xingrg/kc/pszx/mdps_order_list.html HTTP/1.1" 200 21032
120.253.135.82 - - [17/May/2023:10:22:04 +0800] "POST /xingrg/kc/pszx/jzcl_ps_operate.html HTTP/1.1" 200 21
120.253.135.82 - - [17/May/2023:10:22:05 +0800] "POST /xingrg/kc/pszx/mdps_list_operate.html HTTP/1.1" 200 5411
120.253.135.82 - - [17/May/2023:10:22:07 +0800] "GET /xingrg/all/function/internal_message.html?_=1684289964961&CODE_STATE=getMsg HTTP/1.1" 200 27
222.67.238.82 - - [17/May/2023:10:22:09 +0800] "GET /xingrg/kc/buy/cgsh_order_operate.html?command=get_materiel&rest_code=00141&code=00101009015&supplier_code=00100007&order_time=2023-05-17 HTTP/1.1" 200 416
120.35.150.98 - - [17/May/2023:10:22:09 +0800] "POST /xingrg/dwr/call/plaincall/AjaxGetFirstChart.getFirstChart.dwr HTTP/1.1" 200 80
116.224.158.100 - - [17/May/2023:10:22:11 +0800] "GET /xingrg/kc/buy/cgsh_order_operate.html?command=get_materiel&rest_code=00105&code=00101006120&supplier_code=00100012&order_time=2023-05-17 HTTP/1.1" 200 429
120.253.135.82 - - [17/May/2023:10:22:12 +0800] "POST /xingrg/kc/pszx/mdps_list_operate.html HTTP/1.1" 200 2807
120.253.135.82 - - [17/May/2023:10:22:14 +0800] "POST /xingrg/kc/pszx/mdps_list_operate.html HTTP/1.1" 200 205
116.237.74.57 - - [17/May/2023:10:22:14 +0800] "GET /xingrg/kc/buy/cgsh_order_operate.html?command=get_materiel&rest_code=00106&code=00101008215&supplier_code=00100007&order_time=2023-05-17 HTTP/1.1" 200 413
120.253.135.82 - - [17/May/2023:10:22:15 +0800] "POST /xingrg/kc/pszx/mdps_list_operate.html HTTP/1.1" 200 215
101.229.22.40 - - [17/May/2023:10:22:15 +0800] "GET /xingrg/all/function/internal_message.html?_=1684290135789&CODE_STATE=getMsg HTTP/1.1" 200 27
120.253.135.82 - - [17/May/2023:10:22:17 +0800] "POST /xingrg/kc/pszx/mdps_list_operate.html HTTP/1.1" 200 377
120.35.150.98 - - [17/May/2023:10:22:17 +0800] "POST /xingrg/dwr/call/plaincall/AjaxKcSupplierService.modifyKcSupplier.dwr HTTP/1.1" 200 76
120.35.150.98 - - [17/May/2023:10:22:17 +0800] "POST /xingrg/system/supplier/kc_supplier_operate.html HTTP/1.1" 200 24445
120.253.135.82 - - [17/May/2023:10:22:18 +0800] "GET /xingrg/kc/pszx/mdps_order_info.html?code=312023051700370 HTTP/1.1" 200 23978
120.253.135.82 - - [17/May/2023:10:22:18 +0800] "GET /xingrg/javascript/easyui/themes/default/validatebox.css HTTP/1.1" 404 1104
222.67.238.82 - - [17/May/2023:10:22:18 +0800] "GET /xingrg/kc/buy/cgsh_order_operate.html?command=get_materiel&rest_code=00141&code=00101008041&supplier_code=00100007&order_time=2023-05-17 HTTP/1.1" 200 408
120.253.135.82 - - [17/May/2023:10:22:19 +0800] "POST /xingrg/kc/pszx/mdps_order_operate.html HTTP/1.1" 200 3277
180.156.206.150 - - [17/May/2023:10:22:21 +0800] "GET /xingrg/all/function/internal_message.html?_=1684290141332&CODE_STATE=getMsg HTTP/1.1" 200 27
180.156.206.150 - - [17/May/2023:10:22:21 +0800] "GET /xingrg/check_reg.html?_=1684290141817 HTTP/1.1" 200 22
116.237.74.57 - - [17/May/2023:10:22:24 +0800] "GET /xingrg/kc/buy/cgsh_order_operate.html?command=get_materiel&rest_code=00106&code=00101008027&supplier_code=00100007&order_time=2023-05-17 HTTP/1.1" 200 408
180.163.30.85 - - [17/May/2023:10:22:28 +0800] "GET /xingrg/kc/buy/cgsh_order_operate.html?command=get_materiel&rest_code=00106&code=00101008150&supplier_code=00100007&order_time=2023-05-17 HTTP/1.1" 302 -
180.163.30.85 - - [17/May/2023:10:22:28 +0800] "GET /xingrg/login.html HTTP/1.1" 200 7641
222.67.238.82 - - [17/May/2023:10:22:30 +0800] "GET /xingrg/all/function/internal_message.html?_=1684289666527&CODE_STATE=getMsg HTTP/1.1" 200 27
180.163.30.100 - - [17/May/2023:10:22:30 +0800] "GET /xingrg/check_reg.html?_=1684290088813 HTTP/1.1" 302 -
180.163.30.100 - - [17/May/2023:10:22:30 +0800] "GET /xingrg/login.html HTTP/1.1" 200 7641
180.164.3.199 - - [17/May/2023:10:22:31 +0800] "GET /xingrg/kc/buy/cgsh_order_operate.html?command=get_materiel&rest_code=00108&code=00101008270&supplier_code=00100007&order_time=2023-05-17 HTTP/1.1" 200 412
116.237.74.57 - - [17/May/2023:10:22:32 +0800] "GET /xingrg/all/function/internal_message.html?_=1684290150294&CODE_STATE=getMsg HTTP/1.1" 200 27
116.237.74.57 - - [17/May/2023:10:22:32 +0800] "GET /xingrg/kc/buy/cgsh_order_operate.html?command=get_materiel&rest_code=00106&code=00101008132&supplier_code=00100007&order_time=2023-05-17 HTTP/1.1" 200 408
180.164.3.199 - - [17/May/2023:10:22:34 +0800] "GET /xingrg/check_reg.html?_=1684290153337 HTTP/1.1" 200 22
180.164.3.199 - - [17/May/2023:10:22:34 +0800] "GET /xingrg/all/function/internal_message.html?_=1684290153573&CODE_STATE=getMsg HTTP/1.1" 200 27
124.79.240.114 - - [17/May/2023:10:22:34 +0800] "GET /xingrg/check_reg.html?_=1684290148419 HTTP/1.1" 200 22
124.79.240.114 - - [17/May/2023:10:22:34 +0800] "GET /xingrg/all/function/internal_message.html?_=1684290148421&CODE_STATE=getMsg HTTP/1.1" 200 27
120.35.150.98 - - [17/May/2023:10:22:39 +0800] "GET /xingrg/all/function/internal_message.html?_=1684290159030&CODE_STATE=getMsg HTTP/1.1" 200 27
116.232.195.127 - - [17/May/2023:10:22:41 +0800] "GET /xingrg/all/function/internal_message.html?_=1684290207711&CODE_STATE=getMsg HTTP/1.1" 200 27
124.79.240.114 - - [17/May/2023:10:22:43 +0800] "GET /xingrg/all/function/internal_message.html?_=1684290441174&CODE_STATE=getMsg HTTP/1.1" 200 27
116.237.74.57 - - [17/May/2023:10:22:46 +0800] "GET /xingrg/kc/buy/cgsh_order_operate.html?command=get_materiel&rest_code=00106&code=00101008185&supplier_code=00100007&order_time=2023-05-17 HTTP/1.1" 200 408
120.253.135.82 - - [17/May/2023:10:22:47 +0800] "GET /xingrg/kc/pszx/mdps_order_operate.html?command=get_materiel&pszx_code=00101&rest_code=00150&base_code=0010246&code=00101019976 HTTP/1.1" 200 431
116.237.74.57 - - [17/May/2023:10:22:49 +0800] "POST /xingrg/kc/buy/cgsh_order_operate.html HTTP/1.1" 200 2065
180.164.3.199 - - [17/May/2023:10:22:50 +0800] "GET /xingrg/kc/buy/cgsh_order_operate.html?command=get_materiel&rest_code=00108&code=00101008387&supplier_code=00100007&order_time=2023-05-17 HTTP/1.1" 200 412
116.224.158.100 - - [17/May/2023:10:22:50 +0800] "GET /xingrg/kc/buy/cgsh_order_operate.html?command=get_materiel&rest_code=00105&code=00101006193&supplier_code=00100012&order_time=2023-05-17 HTTP/1.1" 200 409
114.83.219.197 - - [17/May/2023:10:22:50 +0800] "GET /xingrg/all/function/internal_message.html?_=1684290266648&CODE_STATE=getMsg HTTP/1.1" 200 27
116.238.139.35 - - [17/May/2023:10:22:53 +0800] "GET /xingrg/all/function/internal_message.html?_=1684290096828&CODE_STATE=getMsg HTTP/1.1" 200 27
120.253.135.82 - - [17/May/2023:10:22:54 +0800] "POST /xingrg/kc/pszx/mdps_order_operate.html HTTP/1.1" 200 37
116.237.74.57 - - [17/May/2023:10:22:54 +0800] "GET /xingrg/kc/buy/cgsh_order_operate.html?command=get_materiel&rest_code=00106&code=00101008224&supplier_code=00100007&order_time=2023-05-17 HTTP/1.1" 200 416
116.224.158.100 - - [17/May/2023:10:22:54 +0800] "GET /xingrg/all/function/internal_message.html?_=1684290009368&CODE_STATE=getMsg HTTP/1.1" 200 27
120.253.135.82 - - [17/May/2023:10:22:55 +0800] "GET /xingrg/kc/pszx/mdps_order_info.html?code=312023051700370 HTTP/1.1" 200 23978
120.253.135.82 - - [17/May/2023:10:22:56 +0800] "GET /xingrg/javascript/easyui/themes/default/validatebox.css HTTP/1.1" 404 1104
120.253.135.82 - - [17/May/2023:10:22:56 +0800] "POST /xingrg/kc/pszx/mdps_order_operate.html HTTP/1.1" 200 3787
120.253.135.82 - - [17/May/2023:10:22:58 +0800] "GET /xingrg/system/info/materiel_import.html?isSelect=1&singleSelect=false HTTP/1.1" 200 5600
120.253.135.82 - - [17/May/2023:10:22:58 +0800] "GET /xingrg/css/xtree.css HTTP/1.1" 304 -
120.253.135.82 - - [17/May/2023:10:22:58 +0800] "GET /xingrg/javascript/jquery_ui/themes/base/base.css HTTP/1.1" 304 -
120.253.135.82 - - [17/May/2023:10:22:58 +0800] "GET /xingrg/javascript/jquery_easy_ui/themes/icons/edit_add.png HTTP/1.1" 304 -
120.253.135.82 - - [17/May/2023:10:22:58 +0800] "GET /xingrg/javascript/jquery_easy_ui/themes/default/images/pagination_first.gif HTTP/1.1" 304 -
120.253.135.82 - - [17/May/2023:10:22:58 +0800] "GET /xingrg/javascript/jquery_easy_ui/themes/default/images/pagination_next.gif HTTP/1.1" 304 -
120.253.135.82 - - [17/May/2023:10:22:58 +0800] "GET /xingrg/javascript/jquery_easy_ui/themes/default/images/pagination_prev.gif HTTP/1.1" 304 -
120.253.135.82 - - [17/May/2023:10:22:58 +0800] "GET /xingrg/javascript/jquery_easy_ui/themes/default/images/pagination_last.gif HTTP/1.1" 304 -
120.253.135.82 - - [17/May/2023:10:22:58 +0800] "GET /xingrg/javascript/jquery_easy_ui/themes/default/images/pagination_prev.gif HTTP/1.1" 304 -
120.253.135.82 - - [17/May/2023:10:22:58 +0800] "GET /xingrg/javascript/jquery_easy_ui/themes/default/images/pagination_load.png HTTP/1.1" 304 -
120.253.135.82 - - [17/May/2023:10:22:58 +0800] "GET /favicon.ico HTTP/1.1" 404 -
120.253.135.82 - - [17/May/2023:10:22:58 +0800] "POST /xingrg/all/common/load_tree.html?tree=materiel_sort_tree_json HTTP/1.1" 200 9500
180.164.3.199 - - [17/May/2023:10:23:01 +0800] "GET /xingrg/kc/buy/cgsh_order_operate.html?command=get_materiel&rest_code=00108&code=00101008290&supplier_code=00100007&order_time=2023-05-17 HTTP/1.1" 200 416
120.253.135.82 - - [17/May/2023:10:23:06 +0800] "GET /xingrg/kc/pszx/mdps_order_operate.html?command=get_materiel&pszx_code=00101&rest_code=00150&base_code=0010246&code=00101018006 HTTP/1.1" 200 432
120.253.135.82 - - [17/May/2023:10:23:07 +0800] "GET /xingrg/all/function/internal_message.html?_=1684290024975&CODE_STATE=getMsg HTTP/1.1" 200 27
116.237.74.57 - - [17/May/2023:10:23:08 +0800] "GET /xingrg/kc/buy/cgsh_order_operate.html?command=get_materiel&rest_code=00106&code=00101008439&supplier_code=00100007&order_time=2023-05-17 HTTP/1.1" 200 413
180.164.3.199 - - [17/May/2023:10:23:10 +0800] "GET /xingrg/kc/buy/cgsh_order_operate.html?command=get_materiel&rest_code=00108&code=00101008083&supplier_code=00100007&order_time=2023-05-17 HTTP/1.1" 200 427
180.163.29.206 - - [17/May/2023:10:23:11 +0800] "GET /xingrg/kc/buy/cgsh_order_operate.html?command=get_materiel&rest_code=00106&code=00101008215&supplier_code=00100007&order_time=2023-05-17 HTTP/1.1" 302 -
180.163.29.206 - - [17/May/2023:10:23:11 +0800] "GET /xingrg/login.html HTTP/1.1" 200 7641
101.229.22.40 - - [17/May/2023:10:23:15 +0800] "GET /xingrg/all/function/internal_message.html?_=1684290195773&CODE_STATE=getMsg HTTP/1.1" 200 27
180.164.3.199 - - [17/May/2023:10:23:18 +0800] "POST /xingrg/all/common/load_select.html HTTP/1.1" 200 25
120.253.135.82 - - [17/May/2023:10:23:18 +0800] "POST /xingrg/kc/pszx/mdps_order_operate.html HTTP/1.1" 200 37
120.253.135.82 - - [17/May/2023:10:23:20 +0800] "GET /xingrg/kc/pszx/mdps_order_info.html?code=312023051700370 HTTP/1.1" 200 23978
120.253.135.82 - - [17/May/2023:10:23:20 +0800] "GET /xingrg/javascript/easyui/themes/default/validatebox.css HTTP/1.1" 404 1104
120.253.135.82 - - [17/May/2023:10:23:21 +0800] "POST /xingrg/kc/pszx/mdps_order_operate.html HTTP/1.1" 200 3781
180.156.206.150 - - [17/May/2023:10:23:21 +0800] "GET /xingrg/all/function/internal_message.html?_=1684290201319&CODE_STATE=getMsg HTTP/1.1" 200 27
180.164.3.199 - - [17/May/2023:10:23:24 +0800] "GET /xingrg/kc/buy/cgsh_order_operate.html?command=get_materiel_price&rest_code=00108&code=00101008083&unit_code=00100026&supplier_code=00100007&order_time=2023-05-17 HTTP/1.1" 200 27
116.224.158.100 - - [17/May/2023:10:23:27 +0800] "GET /xingrg/kc/buy/cgsh_order_operate.html?command=get_materiel&rest_code=00105&code=00101006068&supplier_code=00100012&order_time=2023-05-17 HTTP/1.1" 200 409
222.67.238.82 - - [17/May/2023:10:23:30 +0800] "GET /xingrg/check_reg.html?_=1684289726532 HTTP/1.1" 200 22
222.67.238.82 - - [17/May/2023:10:23:30 +0800] "GET /xingrg/all/function/internal_message.html?_=1684289726534&CODE_STATE=getMsg HTTP/1.1" 200 27
180.163.30.76 - - [17/May/2023:10:23:32 +0800] "GET /xingrg/all/function/internal_message.html?_=1684290150294&CODE_STATE=getMsg HTTP/1.1" 302 -
180.163.30.76 - - [17/May/2023:10:23:32 +0800] "GET /xingrg/login.html HTTP/1.1" 200 7641
116.237.74.57 - - [17/May/2023:10:23:32 +0800] "GET /xingrg/all/function/internal_message.html?_=1684290210342&CODE_STATE=getMsg HTTP/1.1" 200 27
180.164.3.199 - - [17/May/2023:10:23:34 +0800] "GET /xingrg/all/function/internal_message.html?_=1684290213544&CODE_STATE=getMsg HTTP/1.1" 200 27
124.79.240.114 - - [17/May/2023:10:23:34 +0800] "GET /xingrg/all/function/internal_message.html?_=1684290208422&CODE_STATE=getMsg HTTP/1.1" 200 27
180.164.3.199 - - [17/May/2023:10:23:41 +0800] "GET /xingrg/kc/buy/cgsh_order_operate.html?command=get_materiel&rest_code=00108&code=00101008005&supplier_code=00100007&order_time=2023-05-17 HTTP/1.1" 200 412
116.237.74.57 - - [17/May/2023:10:23:41 +0800] "GET /xingrg/kc/buy/cgsh_order_operate.html?command=get_materiel&rest_code=00106&code=00101013137&supplier_code=00100007&order_time=2023-05-17 HTTP/1.1" 200 412
116.232.195.127 - - [17/May/2023:10:23:41 +0800] "GET /xingrg/all/function/internal_message.html?_=1684290267722&CODE_STATE=getMsg HTTP/1.1" 200 27
124.79.240.114 - - [17/May/2023:10:23:43 +0800] "GET /xingrg/check_reg.html?_=1684290501174 HTTP/1.1" 200 22
124.79.240.114 - - [17/May/2023:10:23:43 +0800] "GET /xingrg/all/function/internal_message.html?_=1684290501172&CODE_STATE=getMsg HTTP/1.1" 200 27
116.237.74.57 - - [17/May/2023:10:23:47 +0800] "POST /xingrg/kc/buy/cgsh_order_operate.html HTTP/1.1" 200 2065
116.238.139.35 - - [17/May/2023:10:23:47 +0800] "GET /xingrg/check_reg.html?_=1684290150963 HTTP/1.1" 200 22
114.83.219.197 - - [17/May/2023:10:23:50 +0800] "GET /xingrg/check_reg.html?_=1684290326666 HTTP/1.1" 200 22
114.83.219.197 - - [17/May/2023:10:23:50 +0800] "GET /xingrg/all/function/internal_message.html?_=1684290326664&CODE_STATE=getMsg HTTP/1.1" 200 27
222.67.238.82 - - [17/May/2023:10:23:51 +0800] "GET /xingrg/kc/buy/cgsh_order_operate.html?command=get_materiel&rest_code=00141&code=00101009118&supplier_code=00100007&order_time=2023-05-17 HTTP/1.1" 200 405
61.151.231.107 - - [17/May/2023:10:23:51 +0800] "GET /xingrg/kc/buy/cgsh_order_operate.html?command=get_materiel&rest_code=00106&code=00101008224&supplier_code=00100007&order_time=2023-05-17 HTTP/1.1" 302 -
61.151.231.107 - - [17/May/2023:10:23:51 +0800] "GET /xingrg/login.html HTTP/1.1" 200 7641
180.164.3.199 - - [17/May/2023:10:23:52 +0800] "GET /xingrg/kc/buy/cgsh_order_operate.html?command=get_materiel&rest_code=00108&code=00101008087&supplier_code=00100007&order_time=2023-05-17 HTTP/1.1" 200 412
116.237.74.57 - - [17/May/2023:10:23:52 +0800] "GET /xingrg/kc/buy/cgsh_order_operate.html?command=get_materiel&rest_code=00106&code=00101008305&supplier_code=00100007&order_time=2023-05-17 HTTP/1.1" 200 412
116.238.139.35 - - [17/May/2023:10:23:53 +0800] "GET /xingrg/all/function/internal_message.html?_=1684290156857&CODE_STATE=getMsg HTTP/1.1" 200 27
116.224.158.100 - - [17/May/2023:10:23:54 +0800] "GET /xingrg/all/function/internal_message.html?_=1684290069372&CODE_STATE=getMsg HTTP/1.1" 200 27
116.224.158.100 - - [17/May/2023:10:23:54 +0800] "GET /xingrg/check_reg.html?_=1684290069376 HTTP/1.1" 200 22
124.79.240.114 - - [17/May/2023:10:24:04 +0800] "POST /xingrg/services/DataTransmitService HTTP/1.1" 200 524
180.164.3.199 - - [17/May/2023:10:24:06 +0800] "GET /xingrg/kc/buy/cgsh_order_operate.html?command=get_materiel&rest_code=00108&code=00101010136&supplier_code=00100007&order_time=2023-05-17 HTTP/1.1" 200 408
116.224.158.100 - - [17/May/2023:10:24:06 +0800] "GET /xingrg/kc/buy/cgsh_order_operate.html?command=get_materiel&rest_code=00105&code=00101006252&supplier_code=00100012&order_time=2023-05-17 HTTP/1.1" 200 409
116.237.74.57 - - [17/May/2023:10:24:07 +0800] "POST /xingrg/kc/buy/cgsh_order_operate.html HTTP/1.1" 200 37
120.253.135.82 - - [17/May/2023:10:24:07 +0800] "GET /xingrg/all/function/internal_message.html?_=1684290084989&CODE_STATE=getMsg HTTP/1.1" 200 27
222.67.238.82 - - [17/May/2023:10:24:09 +0800] "GET /xingrg/kc/buy/cgsh_order_operate.html?command=get_materiel&rest_code=00141&code=00101008131&supplier_code=00100007&order_time=2023-05-17 HTTP/1.1" 200 23
101.229.22.40 - - [17/May/2023:10:24:15 +0800] "GET /xingrg/all/function/internal_message.html?_=1684290255774&CODE_STATE=getMsg HTTP/1.1" 200 27
180.164.3.199 - - [17/May/2023:10:24:18 +0800] "GET /xingrg/kc/buy/cgsh_order_operate.html?command=get_materiel&rest_code=00108&code=00101008169&supplier_code=00100007&order_time=2023-05-17 HTTP/1.1" 200 412
180.156.206.150 - - [17/May/2023:10:24:21 +0800] "GET /xingrg/all/function/internal_message.html?_=1684290261318&CODE_STATE=getMsg HTTP/1.1" 200 27
222.67.238.82 - - [17/May/2023:10:24:27 +0800] "POST /xingrg/kc/buy/cgsh_order_operate.html HTTP/1.1" 200 37
222.67.238.82 - - [17/May/2023:10:24:30 +0800] "POST /xingrg/kc/buy/cgsh_order_operate.html HTTP/1.1" 200 7968
222.67.238.82 - - [17/May/2023:10:24:30 +0800] "GET /xingrg/all/function/internal_message.html?_=1684289786563&CODE_STATE=getMsg HTTP/1.1" 200 27
180.164.3.199 - - [17/May/2023:10:24:34 +0800] "GET /xingrg/kc/buy/cgsh_order_operate.html?command=get_materiel&rest_code=00108&code=00101008150&supplier_code=00100007&order_time=2023-05-17 HTTP/1.1" 200 409
180.164.3.199 - - [17/May/2023:10:24:34 +0800] "GET /xingrg/all/function/internal_message.html?_=1684290273526&CODE_STATE=getMsg HTTP/1.1" 200 27
124.79.240.114 - - [17/May/2023:10:24:34 +0800] "GET /xingrg/all/function/internal_message.html?_=1684290268438&CODE_STATE=getMsg HTTP/1.1" 200 27
120.253.135.82 - - [17/May/2023:10:24:35 +0800] "POST /xingrg/kc/pszx/mdps_order_operate.html HTTP/1.1" 200 37
120.253.135.82 - - [17/May/2023:10:24:36 +0800] "GET /xingrg/kc/pszx/mdps_order_info.html?code=312023051700370 HTTP/1.1" 200 23978
120.253.135.82 - - [17/May/2023:10:24:37 +0800] "GET /xingrg/javascript/easyui/themes/default/validatebox.css HTTP/1.1" 404 1104
120.253.135.82 - - [17/May/2023:10:24:38 +0800] "POST /xingrg/kc/pszx/mdps_order_operate.html HTTP/1.1" 200 3781
180.163.29.79 - - [17/May/2023:10:24:38 +0800] "GET /xingrg/kc/buy/cgsh_order_operate.html?command=get_materiel&rest_code=00106&code=00101013137&supplier_code=00100007&order_time=2023-05-17 HTTP/1.1" 302 -
180.163.29.79 - - [17/May/2023:10:24:38 +0800] "GET /xingrg/login.html HTTP/1.1" 200 7641
120.253.135.82 - - [17/May/2023:10:24:39 +0800] "GET /xingrg/check_reg.html?_=1684290116911 HTTP/1.1" 200 22
116.232.195.127 - - [17/May/2023:10:24:41 +0800] "GET /xingrg/all/function/internal_message.html?_=1684290327718&CODE_STATE=getMsg HTTP/1.1" 200 27
222.67.238.82 - - [17/May/2023:10:24:43 +0800] "GET /xingrg/login.html HTTP/1.1" 200 7641
124.79.240.114 - - [17/May/2023:10:24:43 +0800] "GET /xingrg/all/function/internal_message.html?_=1684290561171&CODE_STATE=getMsg HTTP/1.1" 200 27
222.67.238.82 - - [17/May/2023:10:24:43 +0800] "GET /favicon.ico HTTP/1.1" 404 -
180.164.3.199 - - [17/May/2023:10:24:46 +0800] "GET /xingrg/kc/buy/cgsh_order_operate.html?command=get_materiel&rest_code=00108&code=00101008192&supplier_code=00100007&order_time=2023-05-17 HTTP/1.1" 200 417
180.163.30.76 - - [17/May/2023:10:24:49 +0800] "GET /xingrg/kc/buy/cgsh_order_operate.html?command=get_materiel&rest_code=00106&code=00101008305&supplier_code=00100007&order_time=2023-05-17 HTTP/1.1" 302 -
180.163.30.76 - - [17/May/2023:10:24:49 +0800] "GET /xingrg/login.html HTTP/1.1" 200 7641
114.83.219.197 - - [17/May/2023:10:24:50 +0800] "GET /xingrg/all/function/internal_message.html?_=1684290386657&CODE_STATE=getMsg HTTP/1.1" 200 27
120.253.135.82 - - [17/May/2023:10:24:53 +0800] "POST /xingrg/kc/pszx/mdps_order_operate.html HTTP/1.1" 200 37
116.238.139.35 - - [17/May/2023:10:24:53 +0800] "GET /xingrg/all/function/internal_message.html?_=1684290216872&CODE_STATE=getMsg HTTP/1.1" 200 27
116.224.158.100 - - [17/May/2023:10:24:54 +0800] "GET /xingrg/all/function/internal_message.html?_=1684290129356&CODE_STATE=getMsg HTTP/1.1" 200 27
120.253.135.82 - - [17/May/2023:10:24:54 +0800] "GET /xingrg/kc/pszx/mdps_order_info.html?code=312023051700370 HTTP/1.1" 200 23984
120.253.135.82 - - [17/May/2023:10:24:55 +0800] "GET /xingrg/javascript/easyui/themes/default/validatebox.css HTTP/1.1" 404 1104
120.253.135.82 - - [17/May/2023:10:24:56 +0800] "POST /xingrg/kc/pszx/mdps_order_operate.html HTTP/1.1" 200 3781
222.67.238.82 - - [17/May/2023:10:24:57 +0800] "POST /xingrg/login.do HTTP/1.1" 302 -
222.67.238.82 - - [17/May/2023:10:24:58 +0800] "GET /xingrg/index.html?sysBaseUrl=http%3A%2F%2F180.169.147.146%3A18081%2Fxingrg%2F&costTime=865×tamp=1684290297975 HTTP/1.1" 200 17179
222.67.238.82 - - [17/May/2023:10:24:58 +0800] "GET /favicon.ico HTTP/1.1" 404 -
222.67.238.82 - - [17/May/2023:10:24:58 +0800] "GET /xingrg/all/function/internal_message.html?_=1684289814633&CODE_STATE=count HTTP/1.1" 200 11
222.67.238.82 - - [17/May/2023:10:24:58 +0800] "GET /xingrg/check_reg.html?_=1684289814634 HTTP/1.1" 200 22
222.67.238.82 - - [17/May/2023:10:24:58 +0800] "POST /xingrg/all/common/load_tree.html?tree=area_rest_tree_json&manage=1 HTTP/1.1" 200 351
222.67.238.82 - - [17/May/2023:10:24:58 +0800] "POST /xingrg/load_menu.html HTTP/1.1" 200 5138
116.224.158.100 - - [17/May/2023:10:24:59 +0800] "GET /xingrg/kc/buy/cgsh_order_operate.html?command=get_materiel&rest_code=00105&code=00101006191&supplier_code=00100012&order_time=2023-05-17 HTTP/1.1" 200 419
222.67.238.82 - - [17/May/2023:10:24:59 +0800] "GET /xingrg/kc/buy/buy_main.html HTTP/1.1" 200 12412
222.67.238.82 - - [17/May/2023:10:24:59 +0800] "GET /xingrg/css/new_ie.css HTTP/1.1" 404 1036
222.67.238.82 - - [17/May/2023:10:25:00 +0800] "GET /xingrg/images/yd/bt.gif HTTP/1.1" 404 1040
180.164.3.199 - - [17/May/2023:10:25:00 +0800] "GET /xingrg/kc/buy/cgsh_order_operate.html?command=get_materiel&rest_code=00108&code=00101008229&supplier_code=00100007&order_time=2023-05-17 HTTP/1.1" 200 420
222.67.238.82 - - [17/May/2023:10:25:02 +0800] "GET /xingrg/kc/buy/cgsh_order_list.html HTTP/1.1" 200 8212
222.67.238.82 - - [17/May/2023:10:25:02 +0800] "GET /xingrg/kc/buy/cgsh_order_list.html HTTP/1.1" 200 55675
222.67.238.82 - - [17/May/2023:10:25:05 +0800] "POST /xingrg/kc/buy/cgsh_list_operate.html HTTP/1.1" 200 4030
120.253.135.82 - - [17/May/2023:10:25:07 +0800] "GET /xingrg/all/function/internal_message.html?_=1684290145023&CODE_STATE=getMsg HTTP/1.1" 200 27
222.67.238.82 - - [17/May/2023:10:25:09 +0800] "POST /xingrg/kc/buy/cgsh_list_operate.html HTTP/1.1" 200 578
222.67.238.82 - - [17/May/2023:10:25:11 +0800] "GET /xingrg/kc/buy/cgsh_order_info.html?code=212023051706212 HTTP/1.1" 200 71460
120.253.135.82 - - [17/May/2023:10:25:11 +0800] "POST /xingrg/kc/pszx/mdps_order_operate.html HTTP/1.1" 200 37
222.67.238.82 - - [17/May/2023:10:25:11 +0800] "GET /xingrg/javascript/easyui/themes/default/validatebox.css HTTP/1.1" 404 1104
222.67.238.82 - - [17/May/2023:10:25:11 +0800] "GET /xingrg/all/common/auto_word.html?type=employee&rest_code=00141 HTTP/1.1" 200 201
222.67.238.82 - - [17/May/2023:10:25:11 +0800] "GET /xingrg/all/common/auto_word.html?type=employee&rest_code=00141 HTTP/1.1" 200 201
180.164.3.199 - - [17/May/2023:10:25:12 +0800] "GET /xingrg/kc/buy/cgsh_order_operate.html?command=get_materiel&rest_code=00108&code=00101008558&supplier_code=00100007&order_time=2023-05-17 HTTP/1.1" 200 409
222.67.238.82 - - [17/May/2023:10:25:12 +0800] "POST /xingrg/kc/buy/cgsh_order_operate.html HTTP/1.1" 200 7968
120.253.135.82 - - [17/May/2023:10:25:12 +0800] "GET /xingrg/kc/pszx/mdps_order_info.html?code=312023051700370 HTTP/1.1" 200 23984
120.253.135.82 - - [17/May/2023:10:25:13 +0800] "GET /xingrg/javascript/easyui/themes/default/validatebox.css HTTP/1.1" 404 1104
120.253.135.82 - - [17/May/2023:10:25:14 +0800] "POST /xingrg/kc/pszx/mdps_order_operate.html HTTP/1.1" 200 3781
101.229.22.40 - - [17/May/2023:10:25:15 +0800] "GET /xingrg/all/function/internal_message.html?_=1684290315774&CODE_STATE=getMsg HTTP/1.1" 200 27
101.229.22.40 - - [17/May/2023:10:25:15 +0800] "GET /xingrg/check_reg.html?_=1684290315777 HTTP/1.1" 200 22
222.67.238.82 - - [17/May/2023:10:25:21 +0800] "GET /xingrg/javascript/auto/indicator.gif HTTP/1.1" 404 1066
180.156.206.150 - - [17/May/2023:10:25:21 +0800] "GET /xingrg/all/function/internal_message.html?_=1684290321316&CODE_STATE=getMsg HTTP/1.1" 200 27
180.164.3.199 - - [17/May/2023:10:25:24 +0800] "GET /xingrg/kc/buy/cgsh_order_operate.html?command=get_materiel&rest_code=00108&code=00101008331&supplier_code=00100007&order_time=2023-05-17 HTTP/1.1" 200 416
222.67.238.82 - - [17/May/2023:10:25:25 +0800] "GET /xingrg/kc/buy/cgsh_order_operate.html?command=get_materiel&rest_code=00141&code=00101008131&supplier_code=00100007&order_time=2023-05-17 HTTP/1.1" 200 409
180.164.3.199 - - [17/May/2023:10:25:33 +0800] "GET /xingrg/kc/buy/cgsh_order_operate.html?command=get_materiel&rest_code=00108&code=00101008283&supplier_code=00100007&order_time=2023-05-17 HTTP/1.1" 200 408
180.164.3.199 - - [17/May/2023:10:25:34 +0800] "GET /xingrg/all/function/internal_message.html?_=1684290333498&CODE_STATE=getMsg HTTP/1.1" 200 27
124.79.240.114 - - [17/May/2023:10:25:34 +0800] "GET /xingrg/all/function/internal_message.html?_=1684290328425&CODE_STATE=getMsg HTTP/1.1" 200 27
180.156.206.150 - - [17/May/2023:10:25:39 +0800] "GET /xingrg/kc/base/wldb_order_list.html HTTP/1.1" 200 19098
180.156.206.150 - - [17/May/2023:10:25:39 +0800] "POST /xingrg/kc/base/wldb_list_operate.html HTTP/1.1" 200 928
120.253.135.82 - - [17/May/2023:10:25:40 +0800] "GET /xingrg/kc/buy/cgsh_order_list.html HTTP/1.1" 200 55669
180.156.206.150 - - [17/May/2023:10:25:41 +0800] "GET /xingrg/kc/base/wldb_order_add.html HTTP/1.1" 200 30377
180.156.206.150 - - [17/May/2023:10:25:41 +0800] "POST /xingrg/kc/base/wldb_order_operate.html HTTP/1.1" 200 6806
180.156.206.150 - - [17/May/2023:10:25:41 +0800] "GET /xingrg/all/common/auto_word.html?type=base&rest_code=00102 HTTP/1.1" 200 1857
180.156.206.150 - - [17/May/2023:10:25:41 +0800] "GET /xingrg/javascript/easyui/themes/default/validatebox.css HTTP/1.1" 404 1104
180.156.206.150 - - [17/May/2023:10:25:41 +0800] "GET /xingrg/all/common/auto_word.html?type=base&rest_code=00102 HTTP/1.1" 200 1857
116.232.195.127 - - [17/May/2023:10:25:41 +0800] "GET /xingrg/all/function/internal_message.html?_=1684290387707&CODE_STATE=getMsg HTTP/1.1" 200 27
120.253.135.82 - - [17/May/2023:10:25:43 +0800] "POST /xingrg/kc/buy/cgsh_list_operate.html HTTP/1.1" 200 986
180.156.206.150 - - [17/May/2023:10:25:43 +0800] "POST /xingrg/all/common/load_combo.html?type=base HTTP/1.1" 200 3321
222.67.238.82 - - [17/May/2023:10:25:43 +0800] "GET /xingrg/kc/buy/cgsh_order_operate.html?command=get_materiel&rest_code=00141&code=00101008185&supplier_code=00100007&order_time=2023-05-17 HTTP/1.1" 200 408
124.79.240.114 - - [17/May/2023:10:25:43 +0800] "GET /xingrg/all/function/internal_message.html?_=1684290621170&CODE_STATE=getMsg HTTP/1.1" 200 27
120.253.135.82 - - [17/May/2023:10:25:45 +0800] "GET /xingrg/kc/buy/cgsh_order_add.html HTTP/1.1" 200 70515
120.253.135.82 - - [17/May/2023:10:25:46 +0800] "POST /xingrg/kc/buy/cgsh_order_operate.html HTTP/1.1" 200 8245
120.253.135.82 - - [17/May/2023:10:25:46 +0800] "GET /xingrg/javascript/easyui/themes/default/validatebox.css HTTP/1.1" 404 1104
180.164.3.199 - - [17/May/2023:10:25:48 +0800] "GET /xingrg/kc/buy/cgsh_order_operate.html?command=get_materiel&rest_code=00108&code=00101008060&supplier_code=00100007&order_time=2023-05-17 HTTP/1.1" 200 416
114.83.219.197 - - [17/May/2023:10:25:50 +0800] "GET /xingrg/all/function/internal_message.html?_=1684290446653&CODE_STATE=getMsg HTTP/1.1" 200 27
116.238.139.35 - - [17/May/2023:10:25:53 +0800] "GET /xingrg/all/function/internal_message.html?_=1684290276910&CODE_STATE=getMsg HTTP/1.1" 200 27
116.224.158.100 - - [17/May/2023:10:25:54 +0800] "GET /xingrg/all/function/internal_message.html?_=1684290189382&CODE_STATE=getMsg HTTP/1.1" 200 27
120.253.135.82 - - [17/May/2023:10:25:55 +0800] "POST /xingrg/all/common/load_combo.html?type=employee HTTP/1.1" 200 1664
222.67.238.82 - - [17/May/2023:10:25:58 +0800] "GET /xingrg/all/function/internal_message.html?_=1684289874650&CODE_STATE=getMsg HTTP/1.1" 200 27
180.164.3.199 - - [17/May/2023:10:25:59 +0800] "GET /xingrg/kc/buy/cgsh_order_operate.html?command=get_materiel&rest_code=00108&code=00101008061&supplier_code=00100007&order_time=2023-05-17 HTTP/1.1" 200 422
120.253.135.82 - - [17/May/2023:10:26:07 +0800] "GET /xingrg/all/function/internal_message.html?_=1684290205032&CODE_STATE=getMsg HTTP/1.1" 200 27
120.253.135.82 - - [17/May/2023:10:26:07 +0800] "GET /xingrg/kc/buy/cgsh_order_operate.html?command=get_materiel&rest_code=00101&code=00101016029&supplier_code=00100621&order_time=2023-05-17 HTTP/1.1" 200 460
120.253.135.82 - - [17/May/2023:10:26:10 +0800] "POST /xingrg/all/common/load_select.html HTTP/1.1" 200 25
222.67.238.82 - - [17/May/2023:10:26:13 +0800] "GET /xingrg/kc/buy/cgsh_order_operate.html?command=get_materiel&rest_code=00141&code=00101008272&supplier_code=00100007&order_time=2023-05-17 HTTP/1.1" 200 412
180.164.3.199 - - [17/May/2023:10:26:13 +0800] "GET /xingrg/kc/buy/cgsh_order_operate.html?command=get_materiel&rest_code=00108&code=00101008674&supplier_code=00100007&order_time=2023-05-17 HTTP/1.1" 200 412
120.253.135.82 - - [17/May/2023:10:26:15 +0800] "GET /xingrg/kc/buy/cgsh_order_operate.html?command=get_materiel_price&rest_code=00101&code=00101016029&unit_code=00100138&supplier_code=00100621&order_time=2023-05-17 HTTP/1.1" 200 29
101.229.22.40 - - [17/May/2023:10:26:15 +0800] "GET /xingrg/all/function/internal_message.html?_=1684290375775&CODE_STATE=getMsg HTTP/1.1" 200 27
180.156.206.150 - - [17/May/2023:10:26:21 +0800] "GET /xingrg/all/function/internal_message.html?_=1684290381293&CODE_STATE=getMsg HTTP/1.1" 200 27
120.253.135.82 - - [17/May/2023:10:26:31 +0800] "POST /xingrg/kc/buy/cgsh_order_operate.html HTTP/1.1" 200 37
120.253.135.82 - - [17/May/2023:10:26:33 +0800] "POST /xingrg/kc/buy/cgsh_order_operate.html HTTP/1.1" 200 2690
180.164.3.199 - - [17/May/2023:10:26:34 +0800] "GET /xingrg/all/function/internal_message.html?_=1684290393482&CODE_STATE=getMsg HTTP/1.1" 200 27
124.79.240.114 - - [17/May/2023:10:26:34 +0800] "GET /xingrg/all/function/internal_message.html?_=1684290388418&CODE_STATE=getMsg HTTP/1.1" 200 27
116.232.195.127 - - [17/May/2023:10:26:41 +0800] "GET /xingrg/all/function/internal_message.html?_=1684290447711&CODE_STATE=getMsg HTTP/1.1" 200 27
116.232.195.127 - - [17/May/2023:10:26:41 +0800] "GET /xingrg/check_reg.html?_=1684290447714 HTTP/1.1" 200 22
124.79.240.114 - - [17/May/2023:10:26:43 +0800] "GET /xingrg/all/function/internal_message.html?_=1684290681168&CODE_STATE=getMsg HTTP/1.1" 200 27
120.253.135.82 - - [17/May/2023:10:26:44 +0800] "GET /xingrg/kc/print/load_data.html?order_code=212023051706213&kc_code=cgsh&condition= HTTP/1.1" 200 693
180.164.3.199 - - [17/May/2023:10:26:44 +0800] "GET /xingrg/kc/buy/cgsh_order_operate.html?command=get_materiel&rest_code=00108&code=00101008036&supplier_code=00100007&order_time=2023-05-17 HTTP/1.1" 200 408
222.67.238.82 - - [17/May/2023:10:26:45 +0800] "GET /xingrg/kc/buy/cgsh_order_operate.html?command=get_materiel&rest_code=00141&code=00101008336&supplier_code=00100007&order_time=2023-05-17 HTTP/1.1" 200 412
114.83.219.197 - - [17/May/2023:10:26:50 +0800] "GET /xingrg/all/function/internal_message.html?_=1684290506669&CODE_STATE=getMsg HTTP/1.1" 200 27
116.238.139.35 - - [17/May/2023:10:26:53 +0800] "GET /xingrg/all/function/internal_message.html?_=1684290336914&CODE_STATE=getMsg HTTP/1.1" 200 27
116.224.158.100 - - [17/May/2023:10:26:54 +0800] "GET /xingrg/all/function/internal_message.html?_=1684290249367&CODE_STATE=getMsg HTTP/1.1" 200 27
222.67.238.82 - - [17/May/2023:10:26:55 +0800] "POST /xingrg/kc/buy/cgsh_order_operate.html HTTP/1.1" 200 2065
180.164.3.199 - - [17/May/2023:10:26:56 +0800] "GET /xingrg/kc/buy/cgsh_order_operate.html?command=get_materiel&rest_code=00108&code=00101008230&supplier_code=00100007&order_time=2023-05-17 HTTP/1.1" 200 408
222.67.238.82 - - [17/May/2023:10:26:58 +0800] "GET /xingrg/all/function/internal_message.html?_=1684289934639&CODE_STATE=getMsg HTTP/1.1" 200 27
222.67.238.82 - - [17/May/2023:10:27:06 +0800] "GET /xingrg/kc/buy/cgsh_order_operate.html?command=get_materiel&rest_code=00141&code=00101008144&supplier_code=00100007&order_time=2023-05-17 HTTP/1.1" 200 412
180.164.3.199 - - [17/May/2023:10:27:07 +0800] "GET /xingrg/kc/buy/cgsh_order_operate.html?command=get_materiel&rest_code=00108&code=00101008286&supplier_code=00100007&order_time=2023-05-17 HTTP/1.1" 200 408
120.253.135.82 - - [17/May/2023:10:27:07 +0800] "GET /xingrg/all/function/internal_message.html?_=1684290265045&CODE_STATE=getMsg HTTP/1.1" 200 27
180.164.3.199 - - [17/May/2023:10:27:09 +0800] "POST /xingrg/kc/buy/cgsh_order_operate.html HTTP/1.1" 200 2065
101.229.22.40 - - [17/May/2023:10:27:15 +0800] "GET /xingrg/all/function/internal_message.html?_=1684290435775&CODE_STATE=getMsg HTTP/1.1" 200 27
222.67.238.82 - - [17/May/2023:10:27:20 +0800] "GET /xingrg/kc/buy/cgsh_order_operate.html?command=get_materiel&rest_code=00141&code=00101008219&supplier_code=00100007&order_time=2023-05-17 HTTP/1.1" 200 412
180.164.3.199 - - [17/May/2023:10:27:20 +0800] "GET /xingrg/kc/buy/cgsh_order_operate.html?command=get_materiel&rest_code=00108&code=00101008038&supplier_code=00100007&order_time=2023-05-17 HTTP/1.1" 200 412
180.156.206.150 - - [17/May/2023:10:27:21 +0800] "GET /xingrg/all/function/internal_message.html?_=1684290441277&CODE_STATE=getMsg HTTP/1.1" 200 27
180.156.206.150 - - [17/May/2023:10:27:21 +0800] "GET /xingrg/check_reg.html?_=1684290441823 HTTP/1.1" 200 22
180.164.3.199 - - [17/May/2023:10:27:34 +0800] "GET /xingrg/check_reg.html?_=1684290453332 HTTP/1.1" 200 22
180.164.3.199 - - [17/May/2023:10:27:34 +0800] "GET /xingrg/all/function/internal_message.html?_=1684290453477&CODE_STATE=getMsg HTTP/1.1" 200 27
124.79.240.114 - - [17/May/2023:10:27:34 +0800] "GET /xingrg/check_reg.html?_=1684290448428 HTTP/1.1" 200 22
124.79.240.114 - - [17/May/2023:10:27:34 +0800] "GET /xingrg/all/function/internal_message.html?_=1684290448429&CODE_STATE=getMsg HTTP/1.1" 200 27
180.164.3.199 - - [17/May/2023:10:27:40 +0800] "GET /xingrg/kc/buy/cgsh_order_operate.html?command=get_materiel&rest_code=00108&code=00101008004&supplier_code=00100007&order_time=2023-05-17 HTTP/1.1" 200 416
180.157.248.235 - - [17/May/2023:10:27:41 +0800] "GET /favicon.ico HTTP/1.1" 404 -
116.232.195.127 - - [17/May/2023:10:27:41 +0800] "GET /xingrg/all/function/internal_message.html?_=1684290507708&CODE_STATE=getMsg HTTP/1.1" 200 27
222.67.238.82 - - [17/May/2023:10:27:43 +0800] "GET /xingrg/kc/buy/cgsh_order_operate.html?command=get_materiel&rest_code=00141&code=00101008396&supplier_code=00100007&order_time=2023-05-17 HTTP/1.1" 200 412
124.79.240.114 - - [17/May/2023:10:27:43 +0800] "GET /xingrg/all/function/internal_message.html?_=1684290741183&CODE_STATE=getMsg HTTP/1.1" 200 27
114.83.219.197 - - [17/May/2023:10:27:50 +0800] "GET /xingrg/all/function/internal_message.html?_=1684290566663&CODE_STATE=getMsg HTTP/1.1" 200 27
222.67.238.82 - - [17/May/2023:10:27:53 +0800] "GET /xingrg/kc/buy/cgsh_order_operate.html?command=get_materiel&rest_code=00141&code=00101008224&supplier_code=00100007&order_time=2023-05-17 HTTP/1.1" 200 416
116.238.139.35 - - [17/May/2023:10:27:53 +0800] "GET /xingrg/all/function/internal_message.html?_=1684290396955&CODE_STATE=getMsg HTTP/1.1" 200 27
180.164.3.199 - - [17/May/2023:10:27:54 +0800] "GET /xingrg/kc/buy/cgsh_order_operate.html?command=get_materiel&rest_code=00108&code=00101008355&supplier_code=00100007&order_time=2023-05-17 HTTP/1.1" 200 408
116.224.158.100 - - [17/May/2023:10:27:54 +0800] "GET /xingrg/all/function/internal_message.html?_=1684290309369&CODE_STATE=getMsg HTTP/1.1" 200 27
222.67.238.82 - - [17/May/2023:10:27:58 +0800] "GET /xingrg/all/function/internal_message.html?_=1684289994669&CODE_STATE=getMsg HTTP/1.1" 200 27
180.156.206.150 - - [17/May/2023:10:28:03 +0800] "POST /xingrg/all/common/load_combo.html?type=base HTTP/1.1" 200 3321
222.67.238.82 - - [17/May/2023:10:28:04 +0800] "GET /xingrg/kc/buy/cgsh_order_operate.html?command=get_materiel&rest_code=00141&code=00101008356&supplier_code=00100007&order_time=2023-05-17 HTTP/1.1" 200 408
120.253.135.82 - - [17/May/2023:10:28:07 +0800] "GET /xingrg/all/function/internal_message.html?_=1684290325059&CODE_STATE=getMsg HTTP/1.1" 200 27
180.156.206.150 - - [17/May/2023:10:28:08 +0800] "GET /xingrg/javascript/auto/indicator.gif HTTP/1.1" 404 1066
180.156.206.150 - - [17/May/2023:10:28:10 +0800] "GET /xingrg/kc/base/wldb_order_operate.html?command=get_materiel&rest_code=00102&base_code=0010476&code=00101019071 HTTP/1.1" 200 471
222.67.238.82 - - [17/May/2023:10:28:11 +0800] "POST /xingrg/kc/buy/cgsh_order_operate.html HTTP/1.1" 200 2065
180.156.206.150 - - [17/May/2023:10:28:15 +0800] "GET /xingrg/kc/base/wldb_order_operate.html?command=get_materiel&rest_code=00102&base_code=0010476&code=00101019185 HTTP/1.1" 200 469
101.229.22.40 - - [17/May/2023:10:28:15 +0800] "GET /xingrg/all/function/internal_message.html?_=1684290495776&CODE_STATE=getMsg HTTP/1.1" 200 27
180.164.3.199 - - [17/May/2023:10:28:16 +0800] "POST /xingrg/kc/buy/cgsh_order_operate.html HTTP/1.1" 200 2065
222.67.238.82 - - [17/May/2023:10:28:20 +0800] "GET /xingrg/kc/buy/cgsh_order_operate.html?command=get_materiel&rest_code=00141&code=00101008415&supplier_code=00100007&order_time=2023-05-17 HTTP/1.1" 200 412
180.156.206.150 - - [17/May/2023:10:28:21 +0800] "GET /xingrg/all/function/internal_message.html?_=1684290501269&CODE_STATE=getMsg HTTP/1.1" 200 27
180.164.3.199 - - [17/May/2023:10:28:24 +0800] "GET /xingrg/kc/buy/cgsh_order_operate.html?command=get_materiel&rest_code=00108&code=00101008403&supplier_code=00100007&order_time=2023-05-17 HTTP/1.1" 200 412
180.156.206.150 - - [17/May/2023:10:28:29 +0800] "GET /xingrg/kc/base/wldb_order_operate.html?command=get_materiel&rest_code=00102&base_code=0010476&code=00101019134 HTTP/1.1" 200 480
180.164.3.199 - - [17/May/2023:10:28:33 +0800] "GET /xingrg/kc/buy/cgsh_order_operate.html?command=get_materiel&rest_code=00108&code=00101008288&supplier_code=00100007&order_time=2023-05-17 HTTP/1.1" 200 408
180.164.3.199 - - [17/May/2023:10:28:34 +0800] "GET /xingrg/all/function/internal_message.html?_=1684290513470&CODE_STATE=getMsg HTTP/1.1" 200 27
124.79.240.114 - - [17/May/2023:10:28:34 +0800] "GET /xingrg/all/function/internal_message.html?_=1684290508421&CODE_STATE=getMsg HTTP/1.1" 200 27
180.156.206.150 - - [17/May/2023:10:28:35 +0800] "GET /xingrg/kc/base/wldb_order_operate.html?command=get_materiel&rest_code=00102&base_code=0010476&code=00101019131 HTTP/1.1" 200 466
180.156.206.150 - - [17/May/2023:10:28:40 +0800] "GET /xingrg/kc/base/wldb_order_operate.html?command=get_materiel&rest_code=00102&base_code=0010476&code=00101019527 HTTP/1.1" 200 474
222.67.238.82 - - [17/May/2023:10:28:40 +0800] "GET /xingrg/kc/buy/cgsh_order_operate.html?command=get_materiel&rest_code=00141&code=00101008353&supplier_code=00100007&order_time=2023-05-17 HTTP/1.1" 200 408
116.232.195.127 - - [17/May/2023:10:28:41 +0800] "GET /xingrg/all/function/internal_message.html?_=1684290567725&CODE_STATE=getMsg HTTP/1.1" 200 27
124.79.240.114 - - [17/May/2023:10:28:43 +0800] "GET /xingrg/check_reg.html?_=1684290801182 HTTP/1.1" 200 22
