120.253.135.82 - - [17/May/2023:13:09:48 +0800] "GET /xingrg/javascript/convert.js HTTP/1.1" 304 -
120.253.135.82 - - [17/May/2023:13:09:48 +0800] "GET /xingrg/javascript/json2.js HTTP/1.1" 304 -
120.253.135.82 - - [17/May/2023:13:09:48 +0800] "GET /xingrg/javascript/print/kc_print.js HTTP/1.1" 304 -
120.253.135.82 - - [17/May/2023:13:09:48 +0800] "GET /xingrg/words/20230516134409_words.js HTTP/1.1" 304 -
120.253.135.82 - - [17/May/2023:13:09:48 +0800] "GET /xingrg/javascript/easyui/themes/icons/copy_new.png HTTP/1.1" 304 -
120.253.135.82 - - [17/May/2023:13:09:48 +0800] "GET /xingrg/javascript/easyui/themes/icons/template_new.png HTTP/1.1" 304 -
120.253.135.82 - - [17/May/2023:13:09:48 +0800] "GET /xingrg/javascript/easyui/themes/icons/ok.png HTTP/1.1" 304 -
120.253.135.82 - - [17/May/2023:13:09:48 +0800] "GET /xingrg/javascript/easyui/themes/icons/print.png HTTP/1.1" 304 -
120.253.135.82 - - [17/May/2023:13:09:49 +0800] "GET /xingrg/javascript/easyui/themes/default/images/menu_downarrow.png HTTP/1.1" 304 -
120.253.135.82 - - [17/May/2023:13:09:49 +0800] "GET /xingrg/javascript/easyui/themes/icons/cancel.png HTTP/1.1" 304 -
180.163.30.76 - - [17/May/2023:13:09:49 +0800] "GET /xingrg/all/function/internal_message.html?_=1684300127446&CODE_STATE=getMsg HTTP/1.1" 302 -
180.163.30.76 - - [17/May/2023:13:09:49 +0800] "GET /xingrg/login.html HTTP/1.1" 200 7641
116.237.74.57 - - [17/May/2023:13:09:49 +0800] "GET /xingrg/all/function/internal_message.html?_=1684300187427&CODE_STATE=getMsg HTTP/1.1" 200 27
120.253.135.82 - - [17/May/2023:13:09:49 +0800] "GET /xingrg/all/common/auto_word.html?type=employee&rest_code=00101 HTTP/1.1" 200 927
120.253.135.82 - - [17/May/2023:13:09:49 +0800] "GET /xingrg/all/common/auto_word.html?type=employee&rest_code=00101 HTTP/1.1" 200 927
120.253.135.82 - - [17/May/2023:13:09:49 +0800] "GET /xingrg/javascript/easyui/themes/default/validatebox.css HTTP/1.1" 404 1104
120.253.135.82 - - [17/May/2023:13:09:49 +0800] "GET /xingrg/javascript/easyui/plugins/jquery.validatebox.js HTTP/1.1" 304 -
120.253.135.82 - - [17/May/2023:13:09:49 +0800] "GET /xingrg/javascript/easyui/plugins/jquery.numberbox.js HTTP/1.1" 304 -
120.253.135.82 - - [17/May/2023:13:09:49 +0800] "GET /xingrg/kc/buy/cgsh_order_operate.html?command=get_materiel&rest_code=00101&code=00101019346&supplier_code=00100100&order_time=2023-05-17 HTTP/1.1" 200 427
120.253.135.82 - - [17/May/2023:13:09:50 +0800] "POST /xingrg/kc/buy/cgsh_order_operate.html HTTP/1.1" 200 2673
120.253.135.82 - - [17/May/2023:13:09:50 +0800] "GET /xingrg/javascript/easyui/themes/icons/edit_remove.png HTTP/1.1" 304 -
114.83.219.197 - - [17/May/2023:13:09:50 +0800] "GET /xingrg/all/function/internal_message.html?_=1684300286658&CODE_STATE=getMsg HTTP/1.1" 200 27
120.253.135.82 - - [17/May/2023:13:09:51 +0800] "GET /xingrg/javascript/easyui/themes/default/images/button_plain_hover.png HTTP/1.1" 304 -
120.253.135.82 - - [17/May/2023:13:09:51 +0800] "GET /xingrg/javascript/easyui/themes/default/images/button_plain_hover.png HTTP/1.1" 304 -
120.253.135.82 - - [17/May/2023:13:09:53 +0800] "POST /xingrg/all/common/load_select.html HTTP/1.1" 200 25
120.253.135.82 - - [17/May/2023:13:09:53 +0800] "GET /xingrg/kc/print/load_config.html?kc_code=cgsh HTTP/1.1" 200 1925
180.156.206.150 - - [17/May/2023:13:09:53 +0800] "GET /xingrg/kc/buy/cgsh_order_operate.html?command=get_materiel&rest_code=00102&code=00101008300&supplier_code=00100008&order_time=2023-05-16 HTTP/1.1" 200 412
180.171.122.0 - - [17/May/2023:13:09:53 +0800] "GET /xingrg/all/function/internal_message.html?_=1684300192179&CODE_STATE=getMsg HTTP/1.1" 200 27
120.253.135.82 - - [17/May/2023:13:09:54 +0800] "GET /xingrg/kc/print/load_data.html?order_code=212023051706393&kc_code=cgsh&condition= HTTP/1.1" 200 741
116.224.158.100 - - [17/May/2023:13:09:55 +0800] "GET /xingrg/all/function/internal_message.html?_=1684300029635&CODE_STATE=getMsg HTTP/1.1" 200 27
116.238.139.35 - - [17/May/2023:13:09:57 +0800] "GET /xingrg/all/function/internal_message.html?_=1684300120470&CODE_STATE=getMsg HTTP/1.1" 200 27
120.253.135.82 - - [17/May/2023:13:09:57 +0800] "GET /xingrg/kc/buy/cgsh_order_operate.html?command=get_materiel_price&rest_code=00101&code=00101019346&unit_code=00100188&supplier_code=00100100&order_time=2023-05-17 HTTP/1.1" 200 29
180.156.206.150 - - [17/May/2023:13:09:59 +0800] "GET /xingrg/kc/buy/cgsh_order_operate.html?command=get_materiel&rest_code=00102&code=00101015060&supplier_code=00100008&order_time=2023-05-16 HTTP/1.1" 200 413
180.156.206.150 - - [17/May/2023:13:10:05 +0800] "GET /xingrg/kc/buy/cgsh_order_operate.html?command=get_materiel&rest_code=00102&code=00101008077&supplier_code=00100008&order_time=2023-05-16 HTTP/1.1" 200 416
116.235.244.175 - - [17/May/2023:13:10:08 +0800] "GET /xingrg/all/function/internal_message.html?_=1684300222364&CODE_STATE=getMsg HTTP/1.1" 200 27
180.156.206.150 - - [17/May/2023:13:10:08 +0800] "GET /xingrg/all/function/internal_message.html?_=1684300222147&CODE_STATE=getMsg HTTP/1.1" 200 27
120.253.135.82 - - [17/May/2023:13:10:10 +0800] "GET /xingrg/all/function/internal_message.html?_=1684300349069&CODE_STATE=getMsg HTTP/1.1" 200 27
180.156.206.150 - - [17/May/2023:13:10:11 +0800] "GET /xingrg/kc/buy/cgsh_order_operate.html?command=get_materiel&rest_code=00102&code=00101008230&supplier_code=00100008&order_time=2023-05-16 HTTP/1.1" 200 408
120.253.135.82 - - [17/May/2023:13:10:12 +0800] "GET /xingrg/all/function/internal_message.html?_=1684300049363&CODE_STATE=getMsg HTTP/1.1" 200 27
120.253.135.82 - - [17/May/2023:13:10:12 +0800] "POST /xingrg/kc/buy/cgsh_order_operate.html HTTP/1.1" 200 2065
116.232.195.127 - - [17/May/2023:13:10:17 +0800] "GET /xingrg/all/function/internal_message.html?_=1684300262841&CODE_STATE=getMsg HTTP/1.1" 200 27
180.156.206.150 - - [17/May/2023:13:10:18 +0800] "GET /xingrg/kc/buy/cgsh_order_operate.html?command=get_materiel&rest_code=00102&code=00101008036&supplier_code=00100008&order_time=2023-05-16 HTTP/1.1" 200 408
114.83.216.225 - - [17/May/2023:13:10:24 +0800] "GET /xingrg/all/function/internal_message.html?_=1684300222792&CODE_STATE=getMsg HTTP/1.1" 200 27
120.253.135.82 - - [17/May/2023:13:10:25 +0800] "GET /xingrg/kc/buy/cgsh_order_operate.html?command=get_materiel&rest_code=00101&code=00101020397&supplier_code=00100100&order_time=2023-05-17 HTTP/1.1" 200 413
114.85.36.120 - - [17/May/2023:13:10:25 +0800] "GET /xingrg/all/function/internal_message.html?_=1684299057016&CODE_STATE=getMsg HTTP/1.1" 200 27
180.156.206.150 - - [17/May/2023:13:10:28 +0800] "GET /xingrg/kc/buy/cgsh_order_operate.html?command=get_materiel&rest_code=00102&code=00101008005&supplier_code=00100008&order_time=2023-05-16 HTTP/1.1" 200 412
180.157.248.235 - - [17/May/2023:13:10:28 +0800] "GET /xingrg/kc/buy/cgsh_order_operate.html?command=get_materiel&rest_code=00148&code=00101008478&supplier_code=00100008&order_time=2023-05-17 HTTP/1.1" 200 412
180.157.248.235 - - [17/May/2023:13:10:32 +0800] "GET /xingrg/all/function/internal_message.html?_=1684300234385&CODE_STATE=getMsg HTTP/1.1" 200 27
180.164.3.199 - - [17/May/2023:13:10:34 +0800] "GET /xingrg/all/function/internal_message.html?_=1684300233303&CODE_STATE=getMsg HTTP/1.1" 200 27
124.79.240.114 - - [17/May/2023:13:10:34 +0800] "GET /xingrg/all/function/internal_message.html?_=1684300228429&CODE_STATE=getMsg HTTP/1.1" 200 27
124.79.74.67 - - [17/May/2023:13:10:36 +0800] "GET /xingrg/all/function/internal_message.html?_=1684300254903&CODE_STATE=getMsg HTTP/1.1" 200 27
180.156.206.150 - - [17/May/2023:13:10:36 +0800] "GET /xingrg/kc/buy/cgsh_order_operate.html?command=get_materiel&rest_code=00102&code=00101008375&supplier_code=00100008&order_time=2023-05-16 HTTP/1.1" 200 416
120.253.135.82 - - [17/May/2023:13:10:38 +0800] "GET /xingrg/kc/buy/cgsh_order_operate.html?command=get_materiel&rest_code=00101&code=00101019175&supplier_code=00100100&order_time=2023-05-17 HTTP/1.1" 200 436
101.229.22.40 - - [17/May/2023:13:10:38 +0800] "GET /xingrg/all/function/internal_message.html?_=1684300238669&CODE_STATE=getMsg HTTP/1.1" 200 27
101.229.22.40 - - [17/May/2023:13:10:38 +0800] "GET /xingrg/check_reg.html?_=1684300238672 HTTP/1.1" 200 22
180.156.206.150 - - [17/May/2023:13:10:39 +0800] "GET /xingrg/check_reg.html?_=1684300238395 HTTP/1.1" 200 22
180.156.206.150 - - [17/May/2023:13:10:39 +0800] "GET /xingrg/all/function/internal_message.html?_=1684300238394&CODE_STATE=getMsg HTTP/1.1" 200 27
172.20.0.100 - - [17/May/2023:13:10:41 +0800] "GET /xingrg/check_reg.html?_=1684300248557 HTTP/1.1" 200 22
172.20.0.100 - - [17/May/2023:13:10:41 +0800] "GET /xingrg/all/function/internal_message.html?_=1684300248558&CODE_STATE=getMsg HTTP/1.1" 200 27
180.156.206.150 - - [17/May/2023:13:10:43 +0800] "GET /xingrg/kc/buy/cgsh_order_operate.html?command=get_materiel&rest_code=00102&code=00101008347&supplier_code=00100008&order_time=2023-05-16 HTTP/1.1" 200 408
124.79.240.114 - - [17/May/2023:13:10:43 +0800] "GET /xingrg/all/function/internal_message.html?_=1684300521410&CODE_STATE=getMsg HTTP/1.1" 200 27
120.253.135.82 - - [17/May/2023:13:10:45 +0800] "POST /xingrg/kc/buy/cgsh_order_operate.html HTTP/1.1" 200 37
180.157.248.235 - - [17/May/2023:13:10:45 +0800] "GET /xingrg/all/function/internal_message.html?_=1684300246858&CODE_STATE=getMsg HTTP/1.1" 200 27
180.157.248.235 - - [17/May/2023:13:10:45 +0800] "GET /xingrg/check_reg.html?_=1684300246866 HTTP/1.1" 200 22
180.156.206.150 - - [17/May/2023:13:10:45 +0800] "POST /xingrg/kc/buy/cgsh_order_operate.html HTTP/1.1" 200 2065
180.163.29.103 - - [17/May/2023:13:10:49 +0800] "GET /xingrg/all/function/internal_message.html?_=1684300187427&CODE_STATE=getMsg HTTP/1.1" 302 -
180.163.29.103 - - [17/May/2023:13:10:49 +0800] "GET /xingrg/login.html HTTP/1.1" 200 7641
116.237.74.57 - - [17/May/2023:13:10:49 +0800] "GET /xingrg/all/function/internal_message.html?_=1684300247414&CODE_STATE=getMsg HTTP/1.1" 200 27
180.156.206.150 - - [17/May/2023:13:10:50 +0800] "GET /xingrg/kc/buy/cgsh_order_operate.html?command=get_materiel&rest_code=00102&code=00101008101&supplier_code=00100008&order_time=2023-05-16 HTTP/1.1" 200 412
114.83.219.197 - - [17/May/2023:13:10:50 +0800] "GET /xingrg/all/function/internal_message.html?_=1684300346648&CODE_STATE=getMsg HTTP/1.1" 200 27
120.253.135.82 - - [17/May/2023:13:10:53 +0800] "POST /xingrg/kc/buy/cgsh_order_operate.html HTTP/1.1" 200 12
180.171.122.0 - - [17/May/2023:13:10:53 +0800] "GET /xingrg/all/function/internal_message.html?_=1684300252164&CODE_STATE=getMsg HTTP/1.1" 200 27
116.224.158.100 - - [17/May/2023:13:10:55 +0800] "GET /xingrg/all/function/internal_message.html?_=1684300089662&CODE_STATE=getMsg HTTP/1.1" 200 27
116.238.139.35 - - [17/May/2023:13:10:57 +0800] "GET /xingrg/all/function/internal_message.html?_=1684300180512&CODE_STATE=getMsg HTTP/1.1" 200 27
120.253.135.82 - - [17/May/2023:13:10:58 +0800] "GET /xingrg/kc/buy/cgsh_order_info.html?code=212023051706393 HTTP/1.1" 200 65417
120.253.135.82 - - [17/May/2023:13:10:58 +0800] "GET /xingrg/javascript/easyui/themes/default/validatebox.css HTTP/1.1" 404 1104
180.156.206.150 - - [17/May/2023:13:10:59 +0800] "GET /xingrg/kc/buy/cgsh_order_operate.html?command=get_materiel&rest_code=00102&code=00101008029&supplier_code=00100008&order_time=2023-05-16 HTTP/1.1" 200 417
120.253.135.82 - - [17/May/2023:13:10:59 +0800] "POST /xingrg/kc/buy/cgsh_order_operate.html HTTP/1.1" 200 623
120.253.135.82 - - [17/May/2023:13:11:04 +0800] "POST /xingrg/kc/buy/cgsh_list_operate.html HTTP/1.1" 200 212
120.253.135.82 - - [17/May/2023:13:11:05 +0800] "GET /xingrg/kc/buy/cgsh_order_info.html?code=212023051706394 HTTP/1.1" 200 70524
180.156.206.150 - - [17/May/2023:13:11:06 +0800] "GET /xingrg/kc/buy/cgsh_order_operate.html?command=get_materiel&rest_code=00102&code=00101008223&supplier_code=00100008&order_time=2023-05-16 HTTP/1.1" 200 412
120.253.135.82 - - [17/May/2023:13:11:06 +0800] "GET /xingrg/javascript/easyui/themes/default/validatebox.css HTTP/1.1" 404 1104
120.253.135.82 - - [17/May/2023:13:11:07 +0800] "POST /xingrg/kc/buy/cgsh_order_operate.html HTTP/1.1" 200 2685
116.235.244.175 - - [17/May/2023:13:11:08 +0800] "GET /xingrg/all/function/internal_message.html?_=1684300282374&CODE_STATE=getMsg HTTP/1.1" 200 27
180.156.206.150 - - [17/May/2023:13:11:08 +0800] "GET /xingrg/all/function/internal_message.html?_=1684300282128&CODE_STATE=getMsg HTTP/1.1" 200 27
120.253.135.82 - - [17/May/2023:13:11:09 +0800] "GET /xingrg/kc/print/load_data.html?order_code=212023051706394&kc_code=cgsh&condition= HTTP/1.1" 200 732
120.253.135.82 - - [17/May/2023:13:11:10 +0800] "GET /xingrg/all/function/internal_message.html?_=1684300409073&CODE_STATE=getMsg HTTP/1.1" 200 27
120.253.135.82 - - [17/May/2023:13:11:12 +0800] "GET /xingrg/all/function/internal_message.html?_=1684300109377&CODE_STATE=getMsg HTTP/1.1" 200 27
180.156.206.150 - - [17/May/2023:13:11:13 +0800] "GET /xingrg/kc/buy/cgsh_order_operate.html?command=get_materiel&rest_code=00102&code=00101008095&supplier_code=00100008&order_time=2023-05-16 HTTP/1.1" 200 412
116.232.195.127 - - [17/May/2023:13:11:17 +0800] "GET /xingrg/all/function/internal_message.html?_=1684300322836&CODE_STATE=getMsg HTTP/1.1" 200 27
114.83.216.225 - - [17/May/2023:13:11:24 +0800] "GET /xingrg/all/function/internal_message.html?_=1684300282798&CODE_STATE=getMsg HTTP/1.1" 200 27
114.85.36.120 - - [17/May/2023:13:11:25 +0800] "GET /xingrg/all/function/internal_message.html?_=1684299117016&CODE_STATE=getMsg HTTP/1.1" 200 27
120.253.135.82 - - [17/May/2023:13:11:29 +0800] "POST /xingrg/kc/buy/cgsh_order_operate.html HTTP/1.1" 200 37
116.237.74.57 - - [17/May/2023:13:11:30 +0800] "GET /xingrg/check_reg.html?_=1684300288543 HTTP/1.1" 200 22
120.253.135.82 - - [17/May/2023:13:11:31 +0800] "POST /xingrg/kc/buy/cgsh_order_operate.html HTTP/1.1" 200 11405
180.157.248.235 - - [17/May/2023:13:11:32 +0800] "GET /xingrg/all/function/internal_message.html?_=1684300294371&CODE_STATE=getMsg HTTP/1.1" 200 27
180.157.248.235 - - [17/May/2023:13:11:33 +0800] "GET /xingrg/check_reg.html?_=1684300294658 HTTP/1.1" 200 22
120.253.135.82 - - [17/May/2023:13:11:33 +0800] "POST /xingrg/kc/buy/cgsh_order_operate.html HTTP/1.1" 200 37
180.164.3.199 - - [17/May/2023:13:11:34 +0800] "GET /xingrg/all/function/internal_message.html?_=1684300293309&CODE_STATE=getMsg HTTP/1.1" 200 27
180.164.3.199 - - [17/May/2023:13:11:34 +0800] "POST /xingrg/services/DataTransmitService HTTP/1.1" 200 524
124.79.240.114 - - [17/May/2023:13:11:34 +0800] "GET /xingrg/all/function/internal_message.html?_=1684300288424&CODE_STATE=getMsg HTTP/1.1" 200 27
124.79.74.67 - - [17/May/2023:13:11:36 +0800] "GET /xingrg/all/function/internal_message.html?_=1684300314905&CODE_STATE=getMsg HTTP/1.1" 200 27
180.164.3.199 - - [17/May/2023:13:11:38 +0800] "POST /xingrg/services/DataTransmitService HTTP/1.1" 200 501
180.164.3.199 - - [17/May/2023:13:11:38 +0800] "POST /xingrg/services/DataTransmitService HTTP/1.1" 200 501
101.229.22.40 - - [17/May/2023:13:11:38 +0800] "GET /xingrg/all/function/internal_message.html?_=1684300298672&CODE_STATE=getMsg HTTP/1.1" 200 27
180.156.206.150 - - [17/May/2023:13:11:39 +0800] "GET /xingrg/all/function/internal_message.html?_=1684300298363&CODE_STATE=getMsg HTTP/1.1" 200 27
180.164.3.199 - - [17/May/2023:13:11:40 +0800] "POST /xingrg/services/DataTransmitService HTTP/1.1" 200 501
180.164.3.199 - - [17/May/2023:13:11:41 +0800] "POST /xingrg/services/DataTransmitService HTTP/1.1" 200 501
172.20.0.100 - - [17/May/2023:13:11:41 +0800] "GET /xingrg/all/function/internal_message.html?_=1684300308556&CODE_STATE=getMsg HTTP/1.1" 200 27
180.164.3.199 - - [17/May/2023:13:11:41 +0800] "POST /xingrg/services/DataTransmitService HTTP/1.1" 200 501
180.164.3.199 - - [17/May/2023:13:11:42 +0800] "POST /xingrg/services/DataTransmitService HTTP/1.1" 200 501
180.164.3.199 - - [17/May/2023:13:11:43 +0800] "POST /xingrg/services/DataTransmitService HTTP/1.1" 200 501
180.164.3.199 - - [17/May/2023:13:11:43 +0800] "POST /xingrg/services/DataTransmitService HTTP/1.1" 200 501
180.164.3.199 - - [17/May/2023:13:11:43 +0800] "POST /xingrg/services/DataTransmitService HTTP/1.1" 200 501
124.79.240.114 - - [17/May/2023:13:11:43 +0800] "GET /xingrg/all/function/internal_message.html?_=1684300581408&CODE_STATE=getMsg HTTP/1.1" 200 27
180.164.3.199 - - [17/May/2023:13:11:44 +0800] "POST /xingrg/services/DataTransmitService HTTP/1.1" 200 412
120.253.135.82 - - [17/May/2023:13:11:45 +0800] "POST /xingrg/kc/buy/cgsh_order_operate.html HTTP/1.1" 200 12
180.157.248.235 - - [17/May/2023:13:11:45 +0800] "GET /xingrg/all/function/internal_message.html?_=1684300306855&CODE_STATE=getMsg HTTP/1.1" 200 27
120.253.135.82 - - [17/May/2023:13:11:48 +0800] "GET /xingrg/kc/buy/cgsh_order_info.html?code=212023051706394 HTTP/1.1" 200 65417
120.253.135.82 - - [17/May/2023:13:11:48 +0800] "GET /xingrg/javascript/easyui/themes/default/validatebox.css HTTP/1.1" 404 1104
180.163.29.212 - - [17/May/2023:13:11:49 +0800] "GET /xingrg/all/function/internal_message.html?_=1684300247414&CODE_STATE=getMsg HTTP/1.1" 302 -
180.163.29.212 - - [17/May/2023:13:11:49 +0800] "GET /xingrg/login.html HTTP/1.1" 200 7641
116.237.74.57 - - [17/May/2023:13:11:49 +0800] "GET /xingrg/all/function/internal_message.html?_=1684300307395&CODE_STATE=getMsg HTTP/1.1" 200 27
120.253.135.82 - - [17/May/2023:13:11:49 +0800] "POST /xingrg/kc/buy/cgsh_order_operate.html HTTP/1.1" 200 635
58.40.7.146 - - [17/May/2023:13:11:50 +0800] "POST /xingrg/services/DataTransmitService HTTP/1.1" 200 524
114.83.219.197 - - [17/May/2023:13:11:50 +0800] "GET /xingrg/all/function/internal_message.html?_=1684300406662&CODE_STATE=getMsg HTTP/1.1" 200 27
180.156.206.150 - - [17/May/2023:13:11:51 +0800] "GET /xingrg/kc/buy/cgsh_order_operate.html?command=get_materiel&rest_code=00102&code=00101008110&supplier_code=00100008&order_time=2023-05-16 HTTP/1.1" 200 408
180.171.122.0 - - [17/May/2023:13:11:53 +0800] "GET /xingrg/all/function/internal_message.html?_=1684300312149&CODE_STATE=getMsg HTTP/1.1" 200 27
180.156.206.150 - - [17/May/2023:13:11:54 +0800] "POST /xingrg/kc/buy/cgsh_order_operate.html HTTP/1.1" 200 2065
116.224.158.100 - - [17/May/2023:13:11:55 +0800] "GET /xingrg/all/function/internal_message.html?_=1684300149665&CODE_STATE=getMsg HTTP/1.1" 200 27
116.238.139.35 - - [17/May/2023:13:11:57 +0800] "GET /xingrg/all/function/internal_message.html?_=1684300240528&CODE_STATE=getMsg HTTP/1.1" 200 27
180.156.206.150 - - [17/May/2023:13:11:59 +0800] "GET /xingrg/kc/buy/cgsh_order_operate.html?command=get_materiel&rest_code=00102&code=00101008168&supplier_code=00100008&order_time=2023-05-16 HTTP/1.1" 200 413
120.253.135.82 - - [17/May/2023:13:11:59 +0800] "POST /xingrg/kc/buy/cgsh_list_operate.html HTTP/1.1" 200 3103
120.253.135.82 - - [17/May/2023:13:12:02 +0800] "POST /xingrg/kc/buy/cgsh_list_operate.html HTTP/1.1" 200 285
120.253.135.82 - - [17/May/2023:13:12:04 +0800] "GET /xingrg/kc/buy/cgsh_order_info.html?code=212023051706395 HTTP/1.1" 200 70520
120.253.135.82 - - [17/May/2023:13:12:04 +0800] "GET /xingrg/javascript/easyui/themes/default/validatebox.css HTTP/1.1" 404 1104
180.156.206.150 - - [17/May/2023:13:12:05 +0800] "GET /xingrg/kc/buy/cgsh_order_operate.html?command=get_materiel&rest_code=00102&code=00101008140&supplier_code=00100008&order_time=2023-05-16 HTTP/1.1" 200 417
120.253.135.82 - - [17/May/2023:13:12:05 +0800] "POST /xingrg/kc/buy/cgsh_order_operate.html HTTP/1.1" 200 3271
180.156.206.150 - - [17/May/2023:13:12:08 +0800] "GET /xingrg/all/function/internal_message.html?_=1684300342111&CODE_STATE=getMsg HTTP/1.1" 200 27
116.235.244.175 - - [17/May/2023:13:12:08 +0800] "GET /xingrg/all/function/internal_message.html?_=1684300342935&CODE_STATE=getMsg HTTP/1.1" 200 27
116.235.244.175 - - [17/May/2023:13:12:08 +0800] "GET /xingrg/check_reg.html?_=1684300342936 HTTP/1.1" 200 22
120.253.135.82 - - [17/May/2023:13:12:09 +0800] "GET /xingrg/kc/print/load_data.html?order_code=212023051706395&kc_code=cgsh&condition= HTTP/1.1" 200 983
120.253.135.82 - - [17/May/2023:13:12:10 +0800] "GET /xingrg/all/function/internal_message.html?_=1684300469074&CODE_STATE=getMsg HTTP/1.1" 200 27
120.253.135.82 - - [17/May/2023:13:12:10 +0800] "GET /xingrg/check_reg.html?_=1684300469076 HTTP/1.1" 200 22
120.253.135.82 - - [17/May/2023:13:12:12 +0800] "GET /xingrg/all/function/internal_message.html?_=1684300169390&CODE_STATE=getMsg HTTP/1.1" 200 27
180.156.206.150 - - [17/May/2023:13:12:12 +0800] "GET /xingrg/kc/buy/cgsh_order_operate.html?command=get_materiel&rest_code=00102&code=00101008284&supplier_code=00100008&order_time=2023-05-16 HTTP/1.1" 200 412
116.232.195.127 - - [17/May/2023:13:12:17 +0800] "GET /xingrg/all/function/internal_message.html?_=1684300382842&CODE_STATE=getMsg HTTP/1.1" 200 27
180.156.206.150 - - [17/May/2023:13:12:19 +0800] "GET /xingrg/kc/buy/cgsh_order_operate.html?command=get_materiel&rest_code=00102&code=00101008041&supplier_code=00100008&order_time=2023-05-16 HTTP/1.1" 200 408
114.83.216.225 - - [17/May/2023:13:12:24 +0800] "GET /xingrg/all/function/internal_message.html?_=1684300342806&CODE_STATE=getMsg HTTP/1.1" 200 27
114.85.36.120 - - [17/May/2023:13:12:25 +0800] "GET /xingrg/check_reg.html?_=1684299176143 HTTP/1.1" 200 22
114.85.36.120 - - [17/May/2023:13:12:25 +0800] "GET /xingrg/all/function/internal_message.html?_=1684299177001&CODE_STATE=getMsg HTTP/1.1" 200 27
180.156.206.150 - - [17/May/2023:13:12:26 +0800] "GET /xingrg/kc/buy/cgsh_order_operate.html?command=get_materiel&rest_code=00102&code=00101008072&supplier_code=00100008&order_time=2023-05-16 HTTP/1.1" 200 408
180.156.206.150 - - [17/May/2023:13:12:30 +0800] "POST /xingrg/kc/buy/cgsh_order_operate.html HTTP/1.1" 200 2065
180.163.29.206 - - [17/May/2023:13:12:30 +0800] "GET /xingrg/check_reg.html?_=1684300288543 HTTP/1.1" 302 -
180.163.29.206 - - [17/May/2023:13:12:30 +0800] "GET /xingrg/login.html HTTP/1.1" 200 7641
120.253.135.82 - - [17/May/2023:13:12:30 +0800] "POST /xingrg/kc/buy/cgsh_order_operate.html HTTP/1.1" 200 37
180.157.248.235 - - [17/May/2023:13:12:32 +0800] "GET /xingrg/all/function/internal_message.html?_=1684300354352&CODE_STATE=getMsg HTTP/1.1" 200 27
180.164.3.199 - - [17/May/2023:13:12:34 +0800] "GET /xingrg/check_reg.html?_=1684300353315 HTTP/1.1" 200 22
180.164.3.199 - - [17/May/2023:13:12:34 +0800] "GET /xingrg/all/function/internal_message.html?_=1684300353316&CODE_STATE=getMsg HTTP/1.1" 200 27
124.79.240.114 - - [17/May/2023:13:12:34 +0800] "GET /xingrg/check_reg.html?_=1684300348442 HTTP/1.1" 200 22
124.79.240.114 - - [17/May/2023:13:12:34 +0800] "GET /xingrg/all/function/internal_message.html?_=1684300348440&CODE_STATE=getMsg HTTP/1.1" 200 27
180.156.206.150 - - [17/May/2023:13:12:36 +0800] "GET /xingrg/kc/buy/cgsh_order_operate.html?command=get_materiel&rest_code=00102&code=00101008351&supplier_code=00100008&order_time=2023-05-16 HTTP/1.1" 200 408
124.79.74.67 - - [17/May/2023:13:12:36 +0800] "GET /xingrg/all/function/internal_message.html?_=1684300374908&CODE_STATE=getMsg HTTP/1.1" 200 27
124.79.74.67 - - [17/May/2023:13:12:36 +0800] "GET /xingrg/check_reg.html?_=1684300374908 HTTP/1.1" 200 22
101.229.22.40 - - [17/May/2023:13:12:38 +0800] "GET /xingrg/all/function/internal_message.html?_=1684300358673&CODE_STATE=getMsg HTTP/1.1" 200 27
120.253.135.82 - - [17/May/2023:13:12:39 +0800] "POST /xingrg/kc/buy/cgsh_order_operate.html HTTP/1.1" 200 12
180.156.206.150 - - [17/May/2023:13:12:39 +0800] "GET /xingrg/all/function/internal_message.html?_=1684300358356&CODE_STATE=getMsg HTTP/1.1" 200 27
172.20.0.100 - - [17/May/2023:13:12:41 +0800] "GET /xingrg/all/function/internal_message.html?_=1684300368554&CODE_STATE=getMsg HTTP/1.1" 200 27
120.253.135.82 - - [17/May/2023:13:12:43 +0800] "GET /xingrg/kc/buy/cgsh_order_info.html?code=212023051706395 HTTP/1.1" 200 65413
120.253.135.82 - - [17/May/2023:13:12:43 +0800] "GET /xingrg/javascript/easyui/themes/default/validatebox.css HTTP/1.1" 404 1104
124.79.240.114 - - [17/May/2023:13:12:43 +0800] "GET /xingrg/all/function/internal_message.html?_=1684300641407&CODE_STATE=getMsg HTTP/1.1" 200 27
180.156.206.150 - - [17/May/2023:13:12:44 +0800] "GET /xingrg/kc/buy/cgsh_order_operate.html?command=get_materiel&rest_code=00102&code=00101008358&supplier_code=00100008&order_time=2023-05-16 HTTP/1.1" 200 412
120.253.135.82 - - [17/May/2023:13:12:44 +0800] "POST /xingrg/kc/buy/cgsh_order_operate.html HTTP/1.1" 200 1221
180.157.248.235 - - [17/May/2023:13:12:45 +0800] "GET /xingrg/all/function/internal_message.html?_=1684300366906&CODE_STATE=getMsg HTTP/1.1" 200 27
116.237.74.57 - - [17/May/2023:13:12:49 +0800] "GET /xingrg/all/function/internal_message.html?_=1684300367370&CODE_STATE=getMsg HTTP/1.1" 200 27
114.83.219.197 - - [17/May/2023:13:12:50 +0800] "GET /xingrg/all/function/internal_message.html?_=1684300466659&CODE_STATE=getMsg HTTP/1.1" 200 27
180.156.206.150 - - [17/May/2023:13:12:50 +0800] "GET /xingrg/kc/buy/cgsh_order_operate.html?command=get_materiel&rest_code=00102&code=00101008141&supplier_code=00100008&order_time=2023-05-16 HTTP/1.1" 200 412
120.253.135.82 - - [17/May/2023:13:12:52 +0800] "POST /xingrg/kc/buy/cgsh_list_operate.html HTTP/1.1" 200 2688
180.171.122.0 - - [17/May/2023:13:12:53 +0800] "GET /xingrg/all/function/internal_message.html?_=1684300372135&CODE_STATE=getMsg HTTP/1.1" 200 27
120.253.135.82 - - [17/May/2023:13:12:54 +0800] "POST /xingrg/kc/buy/cgsh_list_operate.html HTTP/1.1" 200 202
180.171.122.0 - - [17/May/2023:13:12:54 +0800] "GET /xingrg/check_reg.html?_=1684300373260 HTTP/1.1" 200 22
116.224.158.100 - - [17/May/2023:13:12:55 +0800] "GET /xingrg/all/function/internal_message.html?_=1684300209664&CODE_STATE=getMsg HTTP/1.1" 200 27
120.253.135.82 - - [17/May/2023:13:12:56 +0800] "GET /xingrg/kc/buy/cgsh_order_info.html?code=212023051706396 HTTP/1.1" 200 70522
120.253.135.82 - - [17/May/2023:13:12:57 +0800] "GET /xingrg/javascript/easyui/themes/default/validatebox.css HTTP/1.1" 404 1104
116.238.139.35 - - [17/May/2023:13:12:57 +0800] "GET /xingrg/all/function/internal_message.html?_=1684300300569&CODE_STATE=getMsg HTTP/1.1" 200 27
180.156.206.150 - - [17/May/2023:13:12:57 +0800] "GET /xingrg/kc/buy/cgsh_order_operate.html?command=get_materiel&rest_code=00102&code=00101008126&supplier_code=00100008&order_time=2023-05-16 HTTP/1.1" 200 412
120.253.135.82 - - [17/May/2023:13:12:58 +0800] "POST /xingrg/kc/buy/cgsh_order_operate.html HTTP/1.1" 200 2661
120.253.135.82 - - [17/May/2023:13:13:00 +0800] "GET /xingrg/kc/print/load_data.html?order_code=212023051706396&kc_code=cgsh&condition= HTTP/1.1" 200 715
180.157.248.235 - - [17/May/2023:13:13:08 +0800] "GET /xingrg/kc/buy/cgsh_order_operate.html?command=get_materiel&rest_code=00148&code=00101008350&supplier_code=00100008&order_time=2023-05-17 HTTP/1.1" 200 408
116.235.244.175 - - [17/May/2023:13:13:08 +0800] "GET /xingrg/all/function/internal_message.html?_=1684300402948&CODE_STATE=getMsg HTTP/1.1" 200 27
120.253.135.82 - - [17/May/2023:13:13:10 +0800] "GET /xingrg/all/function/internal_message.html?_=1684300529079&CODE_STATE=getMsg HTTP/1.1" 200 27
120.253.135.82 - - [17/May/2023:13:13:12 +0800] "GET /xingrg/all/function/internal_message.html?_=1684300229404&CODE_STATE=getMsg HTTP/1.1" 200 27
120.253.135.82 - - [17/May/2023:13:13:14 +0800] "POST /xingrg/kc/buy/cgsh_order_operate.html HTTP/1.1" 200 37
116.232.195.127 - - [17/May/2023:13:13:17 +0800] "GET /xingrg/all/function/internal_message.html?_=1684300442839&CODE_STATE=getMsg HTTP/1.1" 200 27
180.157.248.235 - - [17/May/2023:13:13:18 +0800] "GET /xingrg/kc/buy/cgsh_order_operate.html?command=get_materiel&rest_code=00148&code=00101008244&supplier_code=00100008&order_time=2023-05-17 HTTP/1.1" 200 408
114.83.216.225 - - [17/May/2023:13:13:24 +0800] "GET /xingrg/all/function/internal_message.html?_=1684300402807&CODE_STATE=getMsg HTTP/1.1" 200 27
114.85.36.120 - - [17/May/2023:13:13:25 +0800] "GET /xingrg/all/function/internal_message.html?_=1684299236986&CODE_STATE=getMsg HTTP/1.1" 200 27
180.157.248.235 - - [17/May/2023:13:13:27 +0800] "GET /xingrg/kc/buy/cgsh_order_operate.html?command=get_materiel&rest_code=00148&code=00101008112&supplier_code=00100008&order_time=2023-05-17 HTTP/1.1" 200 412
120.253.135.82 - - [17/May/2023:13:13:29 +0800] "POST /xingrg/kc/buy/cgsh_order_operate.html HTTP/1.1" 200 12
180.157.248.235 - - [17/May/2023:13:13:32 +0800] "GET /xingrg/all/function/internal_message.html?_=1684300414369&CODE_STATE=getMsg HTTP/1.1" 200 27
180.164.3.199 - - [17/May/2023:13:13:34 +0800] "GET /xingrg/all/function/internal_message.html?_=1684300413303&CODE_STATE=getMsg HTTP/1.1" 200 27
124.79.240.114 - - [17/May/2023:13:13:34 +0800] "GET /xingrg/all/function/internal_message.html?_=1684300408443&CODE_STATE=getMsg HTTP/1.1" 200 27
124.79.74.67 - - [17/May/2023:13:13:36 +0800] "GET /xingrg/all/function/internal_message.html?_=1684300434910&CODE_STATE=getMsg HTTP/1.1" 200 27
101.229.22.40 - - [17/May/2023:13:13:38 +0800] "GET /xingrg/all/function/internal_message.html?_=1684300418673&CODE_STATE=getMsg HTTP/1.1" 200 27
172.20.0.100 - - [17/May/2023:13:13:41 +0800] "GET /xingrg/all/function/internal_message.html?_=1684300428553&CODE_STATE=getMsg HTTP/1.1" 200 27
120.253.135.82 - - [17/May/2023:13:13:42 +0800] "GET /xingrg/kc/buy/cgsh_order_info.html?code=212023051706396 HTTP/1.1" 200 65415
120.253.135.82 - - [17/May/2023:13:13:42 +0800] "GET /xingrg/javascript/easyui/themes/default/validatebox.css HTTP/1.1" 404 1104
120.253.135.82 - - [17/May/2023:13:13:43 +0800] "POST /xingrg/kc/buy/cgsh_order_operate.html HTTP/1.1" 200 611
124.79.240.114 - - [17/May/2023:13:13:43 +0800] "GET /xingrg/check_reg.html?_=1684300701406 HTTP/1.1" 200 22
124.79.240.114 - - [17/May/2023:13:13:43 +0800] "GET /xingrg/all/function/internal_message.html?_=1684300701407&CODE_STATE=getMsg HTTP/1.1" 200 27
180.157.248.235 - - [17/May/2023:13:13:45 +0800] "GET /xingrg/all/function/internal_message.html?_=1684300426877&CODE_STATE=getMsg HTTP/1.1" 200 27
116.238.139.35 - - [17/May/2023:13:13:48 +0800] "GET /xingrg/check_reg.html?_=1684300351151 HTTP/1.1" 200 22
180.163.29.217 - - [17/May/2023:13:13:49 +0800] "GET /xingrg/all/function/internal_message.html?_=1684300367370&CODE_STATE=getMsg HTTP/1.1" 302 -
180.163.29.217 - - [17/May/2023:13:13:49 +0800] "GET /xingrg/login.html HTTP/1.1" 200 7641
116.237.74.57 - - [17/May/2023:13:13:49 +0800] "GET /xingrg/all/function/internal_message.html?_=1684300427342&CODE_STATE=getMsg HTTP/1.1" 200 27
120.253.135.82 - - [17/May/2023:13:13:50 +0800] "POST /xingrg/kc/buy/cgsh_list_operate.html HTTP/1.1" 200 2270
114.83.219.197 - - [17/May/2023:13:13:50 +0800] "GET /xingrg/check_reg.html?_=1684300526647 HTTP/1.1" 200 22
114.83.219.197 - - [17/May/2023:13:13:50 +0800] "GET /xingrg/all/function/internal_message.html?_=1684300526649&CODE_STATE=getMsg HTTP/1.1" 200 27
180.171.122.0 - - [17/May/2023:13:13:53 +0800] "GET /xingrg/all/function/internal_message.html?_=1684300432105&CODE_STATE=getMsg HTTP/1.1" 200 27
116.224.158.100 - - [17/May/2023:13:13:55 +0800] "GET /xingrg/check_reg.html?_=1684300269664 HTTP/1.1" 200 22
116.224.158.100 - - [17/May/2023:13:13:55 +0800] "GET /xingrg/all/function/internal_message.html?_=1684300269668&CODE_STATE=getMsg HTTP/1.1" 200 27
116.238.139.35 - - [17/May/2023:13:13:57 +0800] "GET /xingrg/all/function/internal_message.html?_=1684300360586&CODE_STATE=getMsg HTTP/1.1" 200 27
120.253.135.82 - - [17/May/2023:13:14:08 +0800] "GET /xingrg/check_reg.html?_=1684300285736 HTTP/1.1" 200 22
116.235.244.175 - - [17/May/2023:13:14:08 +0800] "GET /xingrg/all/function/internal_message.html?_=1684300462962&CODE_STATE=getMsg HTTP/1.1" 200 27
120.253.135.82 - - [17/May/2023:13:14:10 +0800] "GET /xingrg/all/function/internal_message.html?_=1684300589083&CODE_STATE=getMsg HTTP/1.1" 200 27
120.253.135.82 - - [17/May/2023:13:14:12 +0800] "GET /xingrg/all/function/internal_message.html?_=1684300289418&CODE_STATE=getMsg HTTP/1.1" 200 27
116.232.195.127 - - [17/May/2023:13:14:17 +0800] "GET /xingrg/check_reg.html?_=1684300502851 HTTP/1.1" 200 22
116.232.195.127 - - [17/May/2023:13:14:17 +0800] "GET /xingrg/all/function/internal_message.html?_=1684300502854&CODE_STATE=getMsg HTTP/1.1" 200 27
114.83.216.225 - - [17/May/2023:13:14:24 +0800] "GET /xingrg/all/function/internal_message.html?_=1684300462815&CODE_STATE=getMsg HTTP/1.1" 200 27
114.83.216.225 - - [17/May/2023:13:14:24 +0800] "GET /xingrg/check_reg.html?_=1684300462820 HTTP/1.1" 200 22
114.85.36.120 - - [17/May/2023:13:14:25 +0800] "GET /xingrg/all/function/internal_message.html?_=1684299296970&CODE_STATE=getMsg HTTP/1.1" 200 27
180.157.248.235 - - [17/May/2023:13:14:32 +0800] "GET /xingrg/all/function/internal_message.html?_=1684300474351&CODE_STATE=getMsg HTTP/1.1" 200 27
180.164.3.199 - - [17/May/2023:13:14:34 +0800] "GET /xingrg/all/function/internal_message.html?_=1684300473307&CODE_STATE=getMsg HTTP/1.1" 200 27
124.79.240.114 - - [17/May/2023:13:14:34 +0800] "GET /xingrg/all/function/internal_message.html?_=1684300468439&CODE_STATE=getMsg HTTP/1.1" 200 27
116.238.211.215 - - [17/May/2023:13:14:36 +0800] "POST /xingrg/kc/buy/cgsh_list_operate.html HTTP/1.1" 200 986
124.79.74.67 - - [17/May/2023:13:14:36 +0800] "GET /xingrg/all/function/internal_message.html?_=1684300494912&CODE_STATE=getMsg HTTP/1.1" 200 27
101.229.22.40 - - [17/May/2023:13:14:38 +0800] "GET /xingrg/all/function/internal_message.html?_=1684300478669&CODE_STATE=getMsg HTTP/1.1" 200 27
116.237.74.57 - - [17/May/2023:13:14:39 +0800] "GET /xingrg/javascript/easyui/themes/default/tree.css HTTP/1.1" 404 1090
116.237.74.57 - - [17/May/2023:13:14:40 +0800] "POST /xingrg/all/common/load_tree.html?tree=supplier_tree_json&isDelete=1 HTTP/1.1" 200 74192
172.20.0.100 - - [17/May/2023:13:14:41 +0800] "GET /xingrg/all/function/internal_message.html?_=1684300488567&CODE_STATE=getMsg HTTP/1.1" 200 27
124.79.240.114 - - [17/May/2023:13:14:43 +0800] "GET /xingrg/all/function/internal_message.html?_=1684300761406&CODE_STATE=getMsg HTTP/1.1" 200 27
180.157.248.235 - - [17/May/2023:13:14:45 +0800] "GET /xingrg/all/function/internal_message.html?_=1684300486853&CODE_STATE=getMsg HTTP/1.1" 200 27
180.163.28.55 - - [17/May/2023:13:14:49 +0800] "GET /xingrg/all/function/internal_message.html?_=1684300427342&CODE_STATE=getMsg HTTP/1.1" 302 -
180.163.28.55 - - [17/May/2023:13:14:49 +0800] "GET /xingrg/login.html HTTP/1.1" 200 7641
116.237.74.57 - - [17/May/2023:13:14:49 +0800] "GET /xingrg/all/function/internal_message.html?_=1684300487310&CODE_STATE=getMsg HTTP/1.1" 200 27
114.83.219.197 - - [17/May/2023:13:14:50 +0800] "GET /xingrg/all/function/internal_message.html?_=1684300586662&CODE_STATE=getMsg HTTP/1.1" 200 27
116.238.211.215 - - [17/May/2023:13:14:51 +0800] "POST /xingrg/kc/buy/cgsh_list_operate.html HTTP/1.1" 200 986
116.238.211.215 - - [17/May/2023:13:14:52 +0800] "GET /xingrg/login.html HTTP/1.1" 200 7641
116.238.211.215 - - [17/May/2023:13:14:52 +0800] "GET /favicon.ico HTTP/1.1" 404 -
180.171.122.0 - - [17/May/2023:13:14:53 +0800] "GET /xingrg/all/function/internal_message.html?_=1684300492091&CODE_STATE=getMsg HTTP/1.1" 200 27
116.238.211.215 - - [17/May/2023:13:14:54 +0800] "POST /xingrg/login.do HTTP/1.1" 302 -
116.238.211.215 - - [17/May/2023:13:14:54 +0800] "GET /xingrg/index.html?sysBaseUrl=http%3A%2F%2F180.169.147.146%3A18081%2Fxingrg%2F&costTime=932×tamp=1684300494682 HTTP/1.1" 200 17173
116.238.211.215 - - [17/May/2023:13:14:54 +0800] "GET /favicon.ico HTTP/1.1" 404 -
116.224.158.100 - - [17/May/2023:13:14:55 +0800] "GET /xingrg/all/function/internal_message.html?_=1684300329656&CODE_STATE=getMsg HTTP/1.1" 200 27
116.238.211.215 - - [17/May/2023:13:14:55 +0800] "GET /xingrg/check_reg.html?_=1684300508529 HTTP/1.1" 200 22
116.238.211.215 - - [17/May/2023:13:14:55 +0800] "GET /xingrg/all/function/internal_message.html?_=1684300508528&CODE_STATE=count HTTP/1.1" 200 11
116.238.211.215 - - [17/May/2023:13:14:55 +0800] "POST /xingrg/all/common/load_tree.html?tree=area_rest_tree_json&manage=1 HTTP/1.1" 200 342
116.238.211.215 - - [17/May/2023:13:14:55 +0800] "POST /xingrg/load_menu.html HTTP/1.1" 200 5138
116.238.139.35 - - [17/May/2023:13:14:57 +0800] "GET /xingrg/all/function/internal_message.html?_=1684300420600&CODE_STATE=getMsg HTTP/1.1" 200 27
116.235.244.175 - - [17/May/2023:13:15:09 +0800] "GET /xingrg/all/function/internal_message.html?_=1684300523512&CODE_STATE=getMsg HTTP/1.1" 200 27
120.253.135.82 - - [17/May/2023:13:15:10 +0800] "GET /xingrg/all/function/internal_message.html?_=1684300649088&CODE_STATE=getMsg HTTP/1.1" 200 27
120.253.135.82 - - [17/May/2023:13:15:12 +0800] "GET /xingrg/all/function/internal_message.html?_=1684300349431&CODE_STATE=getMsg HTTP/1.1" 200 27
116.232.195.127 - - [17/May/2023:13:15:17 +0800] "GET /xingrg/all/function/internal_message.html?_=1684300562855&CODE_STATE=getMsg HTTP/1.1" 200 27
114.83.216.225 - - [17/May/2023:13:15:24 +0800] "GET /xingrg/all/function/internal_message.html?_=1684300522826&CODE_STATE=getMsg HTTP/1.1" 200 27
114.85.36.120 - - [17/May/2023:13:15:25 +0800] "GET /xingrg/all/function/internal_message.html?_=1684299356969&CODE_STATE=getMsg HTTP/1.1" 200 27
180.157.248.235 - - [17/May/2023:13:15:32 +0800] "GET /xingrg/all/function/internal_message.html?_=1684300534344&CODE_STATE=getMsg HTTP/1.1" 200 27
180.164.3.199 - - [17/May/2023:13:15:34 +0800] "GET /xingrg/all/function/internal_message.html?_=1684300533319&CODE_STATE=getMsg HTTP/1.1" 200 27
116.237.74.57 - - [17/May/2023:13:15:34 +0800] "GET /xingrg/kc/buy/cgsh_order_operate.html?command=get_materiel&rest_code=00106&code=00101018004&supplier_code=00100330&order_time=2023-05-17 HTTP/1.1" 200 409
124.79.240.114 - - [17/May/2023:13:15:34 +0800] "GET /xingrg/all/function/internal_message.html?_=1684300528429&CODE_STATE=getMsg HTTP/1.1" 200 27
124.79.74.67 - - [17/May/2023:13:15:36 +0800] "GET /xingrg/all/function/internal_message.html?_=1684300554916&CODE_STATE=getMsg HTTP/1.1" 200 27
101.229.22.40 - - [17/May/2023:13:15:38 +0800] "GET /xingrg/all/function/internal_message.html?_=1684300538665&CODE_STATE=getMsg HTTP/1.1" 200 27
101.229.22.40 - - [17/May/2023:13:15:38 +0800] "GET /xingrg/check_reg.html?_=1684300538666 HTTP/1.1" 200 22
172.20.0.100 - - [17/May/2023:13:15:41 +0800] "GET /xingrg/check_reg.html?_=1684300548566 HTTP/1.1" 200 22
172.20.0.100 - - [17/May/2023:13:15:41 +0800] "GET /xingrg/all/function/internal_message.html?_=1684300548567&CODE_STATE=getMsg HTTP/1.1" 200 27
101.229.22.40 - - [17/May/2023:13:15:43 +0800] "POST /xingrg/kc/base/yddb_list_operate.html HTTP/1.1" 200 4384
124.79.240.114 - - [17/May/2023:13:15:43 +0800] "GET /xingrg/all/function/internal_message.html?_=1684300821405&CODE_STATE=getMsg HTTP/1.1" 200 27
101.229.22.40 - - [17/May/2023:13:15:44 +0800] "POST /xingrg/kc/base/yddb_list_operate.html HTTP/1.1" 200 4384
101.229.22.40 - - [17/May/2023:13:15:45 +0800] "POST /xingrg/kc/base/yddb_list_operate.html HTTP/1.1" 200 4384
180.157.248.235 - - [17/May/2023:13:15:45 +0800] "GET /xingrg/check_reg.html?_=1684300546866 HTTP/1.1" 200 22
180.157.248.235 - - [17/May/2023:13:15:45 +0800] "GET /xingrg/all/function/internal_message.html?_=1684300546858&CODE_STATE=getMsg HTTP/1.1" 200 27
101.229.22.40 - - [17/May/2023:13:15:46 +0800] "POST /xingrg/kc/base/yddb_list_operate.html HTTP/1.1" 200 4384
101.229.22.40 - - [17/May/2023:13:15:47 +0800] "POST /xingrg/kc/base/yddb_list_operate.html HTTP/1.1" 200 4384
101.229.22.40 - - [17/May/2023:13:15:48 +0800] "POST /xingrg/kc/base/yddb_list_operate.html HTTP/1.1" 200 4384
116.237.74.57 - - [17/May/2023:13:15:49 +0800] "GET /xingrg/all/function/internal_message.html?_=1684300547289&CODE_STATE=getMsg HTTP/1.1" 200 27
114.83.219.197 - - [17/May/2023:13:15:50 +0800] "GET /xingrg/all/function/internal_message.html?_=1684300646659&CODE_STATE=getMsg HTTP/1.1" 200 27
180.171.122.0 - - [17/May/2023:13:15:53 +0800] "GET /xingrg/all/function/internal_message.html?_=1684300552076&CODE_STATE=getMsg HTTP/1.1" 200 27
116.224.158.100 - - [17/May/2023:13:15:55 +0800] "GET /xingrg/all/function/internal_message.html?_=1684300389656&CODE_STATE=getMsg HTTP/1.1" 200 27
116.238.211.215 - - [17/May/2023:13:15:55 +0800] "GET /xingrg/all/function/internal_message.html?_=1684300568533&CODE_STATE=getMsg HTTP/1.1" 200 27
124.79.240.114 - - [17/May/2023:13:15:55 +0800] "GET /xingrg/kc/buy/cgsh_order_list.html HTTP/1.1" 200 55675
116.238.139.35 - - [17/May/2023:13:15:57 +0800] "GET /xingrg/all/function/internal_message.html?_=1684300480641&CODE_STATE=getMsg HTTP/1.1" 200 27
116.237.74.57 - - [17/May/2023:13:15:59 +0800] "POST /xingrg/kc/buy/cgsh_order_operate.html HTTP/1.1" 200 37
124.79.240.114 - - [17/May/2023:13:16:01 +0800] "POST /xingrg/kc/buy/cgsh_list_operate.html HTTP/1.1" 200 986
116.235.244.175 - - [17/May/2023:13:16:09 +0800] "GET /xingrg/all/function/internal_message.html?_=1684300583522&CODE_STATE=getMsg HTTP/1.1" 200 27
120.253.135.82 - - [17/May/2023:13:16:10 +0800] "GET /xingrg/all/function/internal_message.html?_=1684300709091&CODE_STATE=getMsg HTTP/1.1" 200 27
120.253.135.82 - - [17/May/2023:13:16:12 +0800] "GET /xingrg/all/function/internal_message.html?_=1684300409446&CODE_STATE=getMsg HTTP/1.1" 200 27
120.253.135.82 - - [17/May/2023:13:16:12 +0800] "POST /xingrg/kc/buy/cgsh_list_operate.html HTTP/1.1" 200 349
120.253.135.82 - - [17/May/2023:13:16:15 +0800] "GET /xingrg/kc/buy/cgsh_order_info.html?code=212023051706399 HTTP/1.1" 200 70518
120.253.135.82 - - [17/May/2023:13:16:15 +0800] "GET /xingrg/javascript/easyui/themes/default/validatebox.css HTTP/1.1" 404 1104
120.253.135.82 - - [17/May/2023:13:16:16 +0800] "POST /xingrg/kc/buy/cgsh_order_operate.html HTTP/1.1" 200 3856
116.232.195.127 - - [17/May/2023:13:16:17 +0800] "GET /xingrg/all/function/internal_message.html?_=1684300622853&CODE_STATE=getMsg HTTP/1.1" 200 27
114.83.216.225 - - [17/May/2023:13:16:24 +0800] "GET /xingrg/all/function/internal_message.html?_=1684300582831&CODE_STATE=getMsg HTTP/1.1" 200 27
114.85.36.120 - - [17/May/2023:13:16:25 +0800] "GET /xingrg/all/function/internal_message.html?_=1684299416969&CODE_STATE=getMsg HTTP/1.1" 200 27
61.151.231.107 - - [17/May/2023:13:16:31 +0800] "GET /xingrg/kc/buy/cgsh_order_operate.html?command=get_materiel&rest_code=00106&code=00101018004&supplier_code=00100330&order_time=2023-05-17 HTTP/1.1" 302 -
61.151.231.107 - - [17/May/2023:13:16:31 +0800] "GET /xingrg/login.html HTTP/1.1" 200 7641
180.157.248.235 - - [17/May/2023:13:16:32 +0800] "GET /xingrg/all/function/internal_message.html?_=1684300594339&CODE_STATE=getMsg HTTP/1.1" 200 27
180.157.248.235 - - [17/May/2023:13:16:33 +0800] "GET /xingrg/check_reg.html?_=1684300594683 HTTP/1.1" 200 22
120.253.135.82 - - [17/May/2023:13:16:33 +0800] "GET /xingrg/kc/print/load_data.html?order_code=212023051706399&kc_code=cgsh&condition= HTTP/1.1" 200 1188
180.164.3.199 - - [17/May/2023:13:16:34 +0800] "GET /xingrg/all/function/internal_message.html?_=1684300593319&CODE_STATE=getMsg HTTP/1.1" 200 27
124.79.240.114 - - [17/May/2023:13:16:34 +0800] "GET /xingrg/all/function/internal_message.html?_=1684300588417&CODE_STATE=getMsg HTTP/1.1" 200 27
180.157.248.235 - - [17/May/2023:13:16:35 +0800] "GET /xingrg/kc/buy/cgsh_order_operate.html?command=get_materiel&rest_code=00148&code=00101008185&supplier_code=00100008&order_time=2023-05-17 HTTP/1.1" 200 408
124.79.74.67 - - [17/May/2023:13:16:36 +0800] "GET /xingrg/all/function/internal_message.html?_=1684300614918&CODE_STATE=getMsg HTTP/1.1" 200 27
101.229.22.40 - - [17/May/2023:13:16:38 +0800] "GET /xingrg/all/function/internal_message.html?_=1684300598675&CODE_STATE=getMsg HTTP/1.1" 200 27
172.20.0.100 - - [17/May/2023:13:16:41 +0800] "GET /xingrg/all/function/internal_message.html?_=1684300608566&CODE_STATE=getMsg HTTP/1.1" 200 27
124.79.240.114 - - [17/May/2023:13:16:43 +0800] "GET /xingrg/all/function/internal_message.html?_=1684300881412&CODE_STATE=getMsg HTTP/1.1" 200 27
180.157.248.235 - - [17/May/2023:13:16:45 +0800] "GET /xingrg/all/function/internal_message.html?_=1684300606860&CODE_STATE=getMsg HTTP/1.1" 200 27
116.237.74.57 - - [17/May/2023:13:16:49 +0800] "POST /xingrg/kc/buy/cgsh_order_operate.html HTTP/1.1" 200 12
180.163.29.79 - - [17/May/2023:13:16:49 +0800] "GET /xingrg/all/function/internal_message.html?_=1684300547289&CODE_STATE=getMsg HTTP/1.1" 302 -
180.163.29.79 - - [17/May/2023:13:16:49 +0800] "GET /xingrg/login.html HTTP/1.1" 200 7641
114.83.219.197 - - [17/May/2023:13:16:50 +0800] "GET /xingrg/all/function/internal_message.html?_=1684300706659&CODE_STATE=getMsg HTTP/1.1" 200 27
116.237.74.57 - - [17/May/2023:13:16:51 +0800] "GET /xingrg/kc/buy/cgsh_order_info.html?code=212023051706404 HTTP/1.1" 200 66368
116.237.74.57 - - [17/May/2023:13:16:52 +0800] "GET /xingrg/javascript/easyui/themes/default/validatebox.css HTTP/1.1" 404 1104
116.237.74.57 - - [17/May/2023:13:16:53 +0800] "POST /xingrg/kc/buy/cgsh_order_operate.html HTTP/1.1" 200 604
180.171.122.0 - - [17/May/2023:13:16:53 +0800] "GET /xingrg/all/function/internal_message.html?_=1684300612061&CODE_STATE=getMsg HTTP/1.1" 200 27
116.224.158.100 - - [17/May/2023:13:16:55 +0800] "GET /xingrg/all/function/internal_message.html?_=1684300449655&CODE_STATE=getMsg HTTP/1.1" 200 27
116.238.211.215 - - [17/May/2023:13:16:55 +0800] "GET /xingrg/all/function/internal_message.html?_=1684300628532&CODE_STATE=getMsg HTTP/1.1" 200 27
116.237.74.57 - - [17/May/2023:13:16:55 +0800] "GET /xingrg/kc/print/load_data.html?order_code=212023051706404&kc_code=cgsh&condition= HTTP/1.1" 200 717
116.238.139.35 - - [17/May/2023:13:16:57 +0800] "GET /xingrg/all/function/internal_message.html?_=1684300540642&CODE_STATE=getMsg HTTP/1.1" 200 27
116.235.244.175 - - [17/May/2023:13:17:09 +0800] "GET /xingrg/check_reg.html?_=1684300643474 HTTP/1.1" 200 22
116.235.244.175 - - [17/May/2023:13:17:09 +0800] "GET /xingrg/all/function/internal_message.html?_=1684300643533&CODE_STATE=getMsg HTTP/1.1" 200 27
120.253.135.82 - - [17/May/2023:13:17:11 +0800] "GET /xingrg/check_reg.html?_=1684300769098 HTTP/1.1" 200 22
120.253.135.82 - - [17/May/2023:13:17:11 +0800] "GET /xingrg/all/function/internal_message.html?_=1684300769096&CODE_STATE=getMsg HTTP/1.1" 200 27
120.253.135.82 - - [17/May/2023:13:17:12 +0800] "GET /xingrg/all/function/internal_message.html?_=1684300469483&CODE_STATE=getMsg HTTP/1.1" 200 27
116.237.74.57 - - [17/May/2023:13:17:14 +0800] "GET /xingrg/kc/buy/cgsh_order_add.html HTTP/1.1" 200 71451
116.237.74.57 - - [17/May/2023:13:17:14 +0800] "GET /xingrg/javascript/easyui/themes/default/validatebox.css HTTP/1.1" 404 1104
116.237.74.57 - - [17/May/2023:13:17:14 +0800] "POST /xingrg/kc/buy/cgsh_order_operate.html HTTP/1.1" 200 8245
116.232.195.127 - - [17/May/2023:13:17:17 +0800] "GET /xingrg/all/function/internal_message.html?_=1684300682839&CODE_STATE=getMsg HTTP/1.1" 200 27
116.237.74.57 - - [17/May/2023:13:17:19 +0800] "GET /xingrg/javascript/easyui/themes/default/tree.css HTTP/1.1" 404 1090
180.157.248.235 - - [17/May/2023:13:17:19 +0800] "POST /xingrg/services/DataTransmitService HTTP/1.1" 200 524
116.237.74.57 - - [17/May/2023:13:17:19 +0800] "POST /xingrg/all/common/load_tree.html?tree=supplier_tree_json&isDelete=1 HTTP/1.1" 200 74192
180.157.248.235 - - [17/May/2023:13:17:20 +0800] "POST /xingrg/services/DataTransmitService HTTP/1.1" 200 501
180.157.248.235 - - [17/May/2023:13:17:21 +0800] "POST /xingrg/services/DataTransmitService HTTP/1.1" 200 501
180.157.248.235 - - [17/May/2023:13:17:21 +0800] "POST /xingrg/services/DataTransmitService HTTP/1.1" 200 501
180.157.248.235 - - [17/May/2023:13:17:22 +0800] "POST /xingrg/services/DataTransmitService HTTP/1.1" 200 501
180.157.248.235 - - [17/May/2023:13:17:23 +0800] "POST /xingrg/services/DataTransmitService HTTP/1.1" 200 501
180.157.248.235 - - [17/May/2023:13:17:23 +0800] "POST /xingrg/services/DataTransmitService HTTP/1.1" 200 501
180.157.248.235 - - [17/May/2023:13:17:24 +0800] "POST /xingrg/services/DataTransmitService HTTP/1.1" 200 501
180.157.248.235 - - [17/May/2023:13:17:24 +0800] "POST /xingrg/services/DataTransmitService HTTP/1.1" 200 412
114.83.216.225 - - [17/May/2023:13:17:24 +0800] "GET /xingrg/all/function/internal_message.html?_=1684300642832&CODE_STATE=getMsg HTTP/1.1" 200 27
114.85.36.120 - - [17/May/2023:13:17:25 +0800] "GET /xingrg/check_reg.html?_=1684299476148 HTTP/1.1" 200 22
114.85.36.120 - - [17/May/2023:13:17:25 +0800] "GET /xingrg/all/function/internal_message.html?_=1684299476959&CODE_STATE=getMsg HTTP/1.1" 200 27
180.157.248.235 - - [17/May/2023:13:17:26 +0800] "GET /xingrg/kc/buy/cgsh_order_operate.html?command=get_materiel&rest_code=00148&code=00101008358&supplier_code=00100008&order_time=2023-05-17 HTTP/1.1" 200 412
180.157.248.235 - - [17/May/2023:13:17:32 +0800] "GET /xingrg/all/function/internal_message.html?_=1684300654330&CODE_STATE=getMsg HTTP/1.1" 200 27
180.164.3.199 - - [17/May/2023:13:17:34 +0800] "GET /xingrg/check_reg.html?_=1684300653309 HTTP/1.1" 200 22
180.164.3.199 - - [17/May/2023:13:17:34 +0800] "GET /xingrg/all/function/internal_message.html?_=1684300653310&CODE_STATE=getMsg HTTP/1.1" 200 27
124.79.240.114 - - [17/May/2023:13:17:34 +0800] "GET /xingrg/all/function/internal_message.html?_=1684300648430&CODE_STATE=getMsg HTTP/1.1" 200 27
124.79.240.114 - - [17/May/2023:13:17:34 +0800] "GET /xingrg/check_reg.html?_=1684300648433 HTTP/1.1" 200 22
124.79.74.67 - - [17/May/2023:13:17:36 +0800] "GET /xingrg/all/function/internal_message.html?_=1684300674920&CODE_STATE=getMsg HTTP/1.1" 200 27
124.79.74.67 - - [17/May/2023:13:17:36 +0800] "GET /xingrg/check_reg.html?_=1684300674921 HTTP/1.1" 200 22
180.157.248.235 - - [17/May/2023:13:17:37 +0800] "GET /xingrg/kc/buy/cgsh_order_operate.html?command=get_materiel&rest_code=00148&code=00101008224&supplier_code=00100008&order_time=2023-05-17 HTTP/1.1" 200 416
101.229.22.40 - - [17/May/2023:13:17:38 +0800] "GET /xingrg/all/function/internal_message.html?_=1684300658679&CODE_STATE=getMsg HTTP/1.1" 200 27
