180.163.30.85 - - [16/May/2023:09:15:51 +0800] "GET /xingrg/kc/buy/cgsh_order_operate.html?command=get_materiel&rest_code=00106&code=00101008257&supplier_code=00100007&order_time=2023-05-16 HTTP/1.1" 302 -
180.163.30.85 - - [16/May/2023:09:15:51 +0800] "GET /xingrg/login.html HTTP/1.1" 200 7641
180.171.122.0 - - [16/May/2023:09:15:51 +0800] "GET /xingrg/all/function/internal_message.html?_=1684199750736&CODE_STATE=getMsg HTTP/1.1" 200 27
116.224.158.100 - - [16/May/2023:09:15:52 +0800] "GET /xingrg/all/function/internal_message.html?_=1684199587213&CODE_STATE=getMsg HTTP/1.1" 200 27
180.171.122.0 - - [16/May/2023:09:15:52 +0800] "POST /xingrg/services/DataTransmitService HTTP/1.1" 200 501
124.78.154.113 - - [16/May/2023:09:15:52 +0800] "GET /xingrg/kc/buy/cgsh_order_operate.html?command=get_materiel&rest_code=00106&code=00101008439&supplier_code=00100007&order_time=2023-05-16 HTTP/1.1" 200 413
180.171.122.0 - - [16/May/2023:09:15:53 +0800] "POST /xingrg/services/DataTransmitService HTTP/1.1" 200 501
116.224.158.100 - - [16/May/2023:09:15:55 +0800] "GET /xingrg/all/function/internal_message.html?_=1684199756369&CODE_STATE=getMsg HTTP/1.1" 200 27
101.83.241.217 - - [16/May/2023:09:15:56 +0800] "GET /xingrg/all/function/internal_message.html?_=1684199754840&CODE_STATE=getMsg HTTP/1.1" 200 27
114.83.219.197 - - [16/May/2023:09:15:57 +0800] "GET /xingrg/all/function/internal_message.html?_=1684199853040&CODE_STATE=getMsg HTTP/1.1" 200 27
124.79.240.114 - - [16/May/2023:09:16:03 +0800] "GET /xingrg/all/function/internal_message.html?_=1684199758948&CODE_STATE=getMsg HTTP/1.1" 302 -
124.79.240.114 - - [16/May/2023:09:16:03 +0800] "GET /xingrg/check_reg.html?_=1684199758946 HTTP/1.1" 302 -
180.156.206.150 - - [16/May/2023:09:16:05 +0800] "GET /xingrg/all/function/internal_message.html?_=1684199765617&CODE_STATE=getMsg HTTP/1.1" 200 27
116.224.158.100 - - [16/May/2023:09:16:07 +0800] "GET /xingrg/kc/buy/cgsh_order_operate.html?command=get_materiel&rest_code=00105&code=00101008351&supplier_code=00100203&order_time=2023-05-16 HTTP/1.1" 200 408
124.78.154.113 - - [16/May/2023:09:16:08 +0800] "GET /xingrg/kc/buy/cgsh_order_operate.html?command=get_materiel&rest_code=00106&code=00101008286&supplier_code=00100007&order_time=2023-05-16 HTTP/1.1" 200 408
172.20.0.100 - - [16/May/2023:09:16:10 +0800] "GET /xingrg/all/function/internal_message.html?_=1684199773961&CODE_STATE=getMsg HTTP/1.1" 200 27
116.235.240.236 - - [16/May/2023:09:16:10 +0800] "GET /xingrg/all/function/internal_message.html?_=1684199779894&CODE_STATE=getMsg HTTP/1.1" 200 27
222.67.238.82 - - [16/May/2023:09:16:14 +0800] "GET /xingrg/all/function/internal_message.html?_=1684199291617&CODE_STATE=getMsg HTTP/1.1" 200 27
222.67.238.82 - - [16/May/2023:09:16:14 +0800] "GET /xingrg/check_reg.html?_=1684199291618 HTTP/1.1" 200 22
180.171.122.0 - - [16/May/2023:09:16:14 +0800] "POST /xingrg/services/DataTransmitService HTTP/1.1" 200 501
124.78.154.113 - - [16/May/2023:09:16:15 +0800] "GET /xingrg/check_reg.html?_=1684199774322 HTTP/1.1" 200 22
124.78.154.113 - - [16/May/2023:09:16:15 +0800] "GET /xingrg/all/function/internal_message.html?_=1684199774333&CODE_STATE=getMsg HTTP/1.1" 200 27
180.163.29.212 - - [16/May/2023:09:16:16 +0800] "GET /xingrg/kc/buy/cgsh_order_operate.html?command=get_materiel&rest_code=00106&code=00101008038&supplier_code=00100007&order_time=2023-05-16 HTTP/1.1" 302 -
180.163.29.212 - - [16/May/2023:09:16:16 +0800] "GET /xingrg/login.html HTTP/1.1" 200 7641
124.78.154.113 - - [16/May/2023:09:16:23 +0800] "GET /xingrg/kc/buy/cgsh_order_operate.html?command=get_materiel&rest_code=00106&code=00101008131&supplier_code=00100007&order_time=2023-05-16 HTTP/1.1" 200 409
124.78.154.113 - - [16/May/2023:09:16:32 +0800] "GET /xingrg/kc/buy/cgsh_order_operate.html?command=get_materiel&rest_code=00106&code=00101008295&supplier_code=00100007&order_time=2023-05-16 HTTP/1.1" 200 412
180.171.122.0 - - [16/May/2023:09:16:33 +0800] "POST /xingrg/services/DataTransmitService HTTP/1.1" 200 501
101.83.241.217 - - [16/May/2023:09:16:34 +0800] "GET /xingrg/all/report/report_query.html?fileName=kc/buy/gys_amount_category.xml&rh=99999 HTTP/1.1" 200 51878
101.83.241.217 - - [16/May/2023:09:16:34 +0800] "GET /xingrg/dwr/interface/AjaxReportQueryService.js HTTP/1.1" 200 13203
101.83.241.217 - - [16/May/2023:09:16:34 +0800] "GET /xingrg/dwr/engine.js HTTP/1.1" 200 43631
101.83.241.217 - - [16/May/2023:09:16:34 +0800] "POST /xingrg/dwr/call/plaincall/AjaxReportQueryService.getFixDate.dwr HTTP/1.1" 200 111
101.83.241.217 - - [16/May/2023:09:16:34 +0800] "POST /xingrg/dwr/call/plaincall/AjaxReportQueryService.getInitString.dwr HTTP/1.1" 200 1062
180.163.28.114 - - [16/May/2023:09:16:35 +0800] "GET /xingrg/kc/buy/cgsh_order_operate.html?command=get_materiel&rest_code=00106&code=00101008356&supplier_code=00100007&order_time=2023-05-16 HTTP/1.1" 302 -
180.163.28.114 - - [16/May/2023:09:16:35 +0800] "GET /xingrg/login.html HTTP/1.1" 200 7641
101.83.241.217 - - [16/May/2023:09:16:35 +0800] "POST /xingrg/all/common/load_tree.html?tree=materiel_sort_tree_json HTTP/1.1" 200 9500
101.83.241.217 - - [16/May/2023:09:16:35 +0800] "POST /xingrg/all/common/load_tree.html?tree=supplier_tree_json&manage=1 HTTP/1.1" 200 75906
124.78.154.113 - - [16/May/2023:09:16:35 +0800] "POST /xingrg/kc/buy/cgsh_order_operate.html HTTP/1.1" 200 2065
180.171.122.0 - - [16/May/2023:09:16:35 +0800] "POST /xingrg/services/DataTransmitService HTTP/1.1" 200 501
180.171.122.0 - - [16/May/2023:09:16:36 +0800] "POST /xingrg/services/DataTransmitService HTTP/1.1" 200 501
101.83.241.217 - - [16/May/2023:09:16:39 +0800] "GET /xingrg/all/report/report_query.html?fileName=kc/buy/wlcg_mx.xml HTTP/1.1" 200 51648
101.83.241.217 - - [16/May/2023:09:16:39 +0800] "GET /xingrg/dwr/interface/AjaxReportQueryService.js HTTP/1.1" 200 13203
101.83.241.217 - - [16/May/2023:09:16:39 +0800] "GET /xingrg/dwr/engine.js HTTP/1.1" 200 43631
101.83.241.217 - - [16/May/2023:09:16:40 +0800] "POST /xingrg/dwr/call/plaincall/AjaxReportQueryService.getFixDate.dwr HTTP/1.1" 200 111
101.83.241.217 - - [16/May/2023:09:16:40 +0800] "POST /xingrg/dwr/call/plaincall/AjaxReportQueryService.getInitString.dwr HTTP/1.1" 200 34797
101.83.241.217 - - [16/May/2023:09:16:40 +0800] "POST /xingrg/dwr/call/plaincall/AjaxReportQueryService.getInitString.dwr HTTP/1.1" 200 1062
101.83.241.217 - - [16/May/2023:09:16:40 +0800] "POST /xingrg/dwr/call/plaincall/AjaxReportQueryService.getInitString.dwr HTTP/1.1" 200 125
124.78.154.113 - - [16/May/2023:09:16:41 +0800] "GET /xingrg/kc/buy/cgsh_order_operate.html?command=get_materiel&rest_code=00106&code=00101008353&supplier_code=00100007&order_time=2023-05-16 HTTP/1.1" 200 408
116.238.139.35 - - [16/May/2023:09:16:42 +0800] "GET /xingrg/all/function/internal_message.html?_=1684199800877&CODE_STATE=getMsg HTTP/1.1" 200 27
101.229.22.40 - - [16/May/2023:09:16:43 +0800] "GET /xingrg/all/function/internal_message.html?_=1684199801826&CODE_STATE=getMsg HTTP/1.1" 200 27
180.171.122.0 - - [16/May/2023:09:16:44 +0800] "POST /xingrg/services/DataTransmitService HTTP/1.1" 200 501
180.164.3.199 - - [16/May/2023:09:16:44 +0800] "GET /xingrg/all/function/internal_message.html?_=1684199803785&CODE_STATE=getMsg HTTP/1.1" 200 27
180.171.122.0 - - [16/May/2023:09:16:45 +0800] "POST /xingrg/services/DataTransmitService HTTP/1.1" 200 501
180.171.122.0 - - [16/May/2023:09:16:46 +0800] "POST /xingrg/services/DataTransmitService HTTP/1.1" 200 501
180.171.122.0 - - [16/May/2023:09:16:46 +0800] "POST /xingrg/services/DataTransmitService HTTP/1.1" 200 412
120.253.135.82 - - [16/May/2023:09:16:47 +0800] "GET /xingrg/all/function/internal_message.html?_=1684199645890&CODE_STATE=getMsg HTTP/1.1" 200 27
180.156.206.150 - - [16/May/2023:09:16:48 +0800] "GET /xingrg/all/function/internal_message.html?_=1684199815614&CODE_STATE=getMsg HTTP/1.1" 200 27
180.156.206.150 - - [16/May/2023:09:16:48 +0800] "GET /xingrg/check_reg.html?_=1684199815616 HTTP/1.1" 200 22
101.83.241.217 - - [16/May/2023:09:16:49 +0800] "POST /xingrg/dwr/call/plaincall/AjaxReportQueryService.refreshCache.dwr HTTP/1.1" 200 78
180.171.122.0 - - [16/May/2023:09:16:51 +0800] "GET /xingrg/all/function/internal_message.html?_=1684199810721&CODE_STATE=getMsg HTTP/1.1" 200 27
116.224.158.100 - - [16/May/2023:09:16:52 +0800] "GET /xingrg/check_reg.html?_=1684199647214 HTTP/1.1" 200 22
116.224.158.100 - - [16/May/2023:09:16:52 +0800] "GET /xingrg/all/function/internal_message.html?_=1684199647218&CODE_STATE=getMsg HTTP/1.1" 200 27
124.78.154.113 - - [16/May/2023:09:16:54 +0800] "GET /xingrg/kc/buy/cgsh_order_operate.html?command=get_materiel&rest_code=00106&code=00101008283&supplier_code=00100007&order_time=2023-05-16 HTTP/1.1" 200 409
101.83.241.217 - - [16/May/2023:09:16:55 +0800] "POST /xingrg/all/report/load_report_page.html HTTP/1.1" 200 173133
101.83.241.217 - - [16/May/2023:09:16:55 +0800] "GET /xingrg/servlets/image?cache=0.18348188290370715&image=px HTTP/1.1" 200 807
116.224.158.100 - - [16/May/2023:09:16:55 +0800] "GET /xingrg/all/function/internal_message.html?_=1684199816369&CODE_STATE=getMsg HTTP/1.1" 200 27
101.83.241.217 - - [16/May/2023:09:16:56 +0800] "GET /xingrg/all/function/internal_message.html?_=1684199814821&CODE_STATE=getMsg HTTP/1.1" 200 27
114.83.219.197 - - [16/May/2023:09:16:57 +0800] "GET /xingrg/check_reg.html?_=1684199913054 HTTP/1.1" 200 22
114.83.219.197 - - [16/May/2023:09:16:57 +0800] "GET /xingrg/all/function/internal_message.html?_=1684199913055&CODE_STATE=getMsg HTTP/1.1" 200 27
116.235.240.236 - - [16/May/2023:09:16:59 +0800] "GET /xingrg/check_reg.html?_=1684199829419 HTTP/1.1" 200 22
124.79.240.114 - - [16/May/2023:09:17:03 +0800] "GET /xingrg/all/function/internal_message.html?_=1684199818969&CODE_STATE=getMsg HTTP/1.1" 302 -
180.156.206.150 - - [16/May/2023:09:17:05 +0800] "GET /xingrg/all/function/internal_message.html?_=1684199825610&CODE_STATE=getMsg HTTP/1.1" 200 27
172.20.0.100 - - [16/May/2023:09:17:10 +0800] "GET /xingrg/all/function/internal_message.html?_=1684199833959&CODE_STATE=getMsg HTTP/1.1" 200 27
116.235.240.236 - - [16/May/2023:09:17:10 +0800] "GET /xingrg/all/function/internal_message.html?_=1684199839898&CODE_STATE=getMsg HTTP/1.1" 200 27
222.67.238.82 - - [16/May/2023:09:17:14 +0800] "GET /xingrg/all/function/internal_message.html?_=1684199351602&CODE_STATE=getMsg HTTP/1.1" 200 27
180.163.29.206 - - [16/May/2023:09:17:15 +0800] "GET /xingrg/all/function/internal_message.html?_=1684199774333&CODE_STATE=getMsg HTTP/1.1" 302 -
124.78.154.113 - - [16/May/2023:09:17:15 +0800] "GET /xingrg/all/function/internal_message.html?_=1684199834319&CODE_STATE=getMsg HTTP/1.1" 200 27
180.163.29.206 - - [16/May/2023:09:17:15 +0800] "GET /xingrg/login.html HTTP/1.1" 200 7641
180.163.28.109 - - [16/May/2023:09:17:18 +0800] "GET /xingrg/kc/buy/cgsh_order_operate.html?command=get_materiel&rest_code=00106&code=00101008131&supplier_code=00100007&order_time=2023-05-16 HTTP/1.1" 302 -
180.163.28.109 - - [16/May/2023:09:17:18 +0800] "GET /xingrg/login.html HTTP/1.1" 200 7641
124.78.154.113 - - [16/May/2023:09:17:20 +0800] "GET /xingrg/kc/buy/cgsh_order_operate.html?command=get_materiel&rest_code=00106&code=00101008209&supplier_code=00100007&order_time=2023-05-16 HTTP/1.1" 200 409
101.83.241.217 - - [16/May/2023:09:17:20 +0800] "POST /xingrg/all/report/load_report_page.html HTTP/1.1" 200 173120
101.83.241.217 - - [16/May/2023:09:17:20 +0800] "GET /xingrg/servlets/image?cache=0.6634357595616316&image=px HTTP/1.1" 200 807
101.83.241.217 - - [16/May/2023:09:17:35 +0800] "POST /xingrg/all/report/load_report_page.html HTTP/1.1" 200 173023
101.83.241.217 - - [16/May/2023:09:17:35 +0800] "GET /xingrg/images/blue/button/advance.gif HTTP/1.1" 200 1354
101.83.241.217 - - [16/May/2023:09:17:35 +0800] "GET /xingrg/images/blue/button/advance2.gif HTTP/1.1" 200 1338
101.83.241.217 - - [16/May/2023:09:17:35 +0800] "GET /xingrg/servlets/image?cache=0.5787394825936235&image=px HTTP/1.1" 200 807
180.163.28.114 - - [16/May/2023:09:17:37 +0800] "GET /xingrg/kc/buy/cgsh_order_operate.html?command=get_materiel&rest_code=00106&code=00101008353&supplier_code=00100007&order_time=2023-05-16 HTTP/1.1" 302 -
180.163.28.114 - - [16/May/2023:09:17:37 +0800] "GET /xingrg/login.html HTTP/1.1" 200 7641
124.78.154.113 - - [16/May/2023:09:17:39 +0800] "POST /xingrg/kc/buy/cgsh_order_operate.html HTTP/1.1" 200 2065
116.238.139.35 - - [16/May/2023:09:17:42 +0800] "GET /xingrg/all/function/internal_message.html?_=1684199860880&CODE_STATE=getMsg HTTP/1.1" 200 27
116.238.139.35 - - [16/May/2023:09:17:42 +0800] "GET /xingrg/check_reg.html?_=1684199860884 HTTP/1.1" 200 22
101.229.22.40 - - [16/May/2023:09:17:43 +0800] "GET /xingrg/all/function/internal_message.html?_=1684199861826&CODE_STATE=getMsg HTTP/1.1" 200 27
101.83.241.217 - - [16/May/2023:09:17:44 +0800] "POST /xingrg/all/report/load_report_page.html HTTP/1.1" 200 173157
101.83.241.217 - - [16/May/2023:09:17:44 +0800] "GET /xingrg/servlets/image?cache=0.6025438624125848&image=px HTTP/1.1" 200 807
180.164.3.199 - - [16/May/2023:09:17:44 +0800] "GET /xingrg/all/function/internal_message.html?_=1684199863761&CODE_STATE=getMsg HTTP/1.1" 200 27
124.78.154.113 - - [16/May/2023:09:17:44 +0800] "GET /xingrg/kc/buy/cgsh_order_operate.html?command=get_materiel&rest_code=00106&code=00101008223&supplier_code=00100007&order_time=2023-05-16 HTTP/1.1" 200 412
120.253.135.82 - - [16/May/2023:09:17:48 +0800] "GET /xingrg/all/function/internal_message.html?_=1684199705957&CODE_STATE=getMsg HTTP/1.1" 200 27
180.156.206.150 - - [16/May/2023:09:17:48 +0800] "GET /xingrg/all/function/internal_message.html?_=1684199875613&CODE_STATE=getMsg HTTP/1.1" 200 27
180.163.28.109 - - [16/May/2023:09:17:50 +0800] "GET /xingrg/kc/buy/cgsh_order_operate.html?command=get_materiel&rest_code=00106&code=00101008283&supplier_code=00100007&order_time=2023-05-16 HTTP/1.1" 302 -
180.163.28.109 - - [16/May/2023:09:17:50 +0800] "GET /xingrg/login.html HTTP/1.1" 200 7641
180.171.122.0 - - [16/May/2023:09:17:51 +0800] "GET /xingrg/all/function/internal_message.html?_=1684199870695&CODE_STATE=getMsg HTTP/1.1" 200 27
116.224.158.100 - - [16/May/2023:09:17:52 +0800] "GET /xingrg/all/function/internal_message.html?_=1684199707220&CODE_STATE=getMsg HTTP/1.1" 200 27
101.83.241.217 - - [16/May/2023:09:17:52 +0800] "POST /xingrg/all/report/load_report_page.html HTTP/1.1" 200 173160
101.83.241.217 - - [16/May/2023:09:17:52 +0800] "GET /xingrg/servlets/image?cache=0.6956181464629368&image=px HTTP/1.1" 200 807
116.224.158.100 - - [16/May/2023:09:17:55 +0800] "GET /xingrg/all/function/internal_message.html?_=1684199876369&CODE_STATE=getMsg HTTP/1.1" 200 27
101.83.241.217 - - [16/May/2023:09:17:56 +0800] "GET /xingrg/all/function/internal_message.html?_=1684199874810&CODE_STATE=getMsg HTTP/1.1" 200 27
101.83.241.217 - - [16/May/2023:09:17:57 +0800] "POST /xingrg/all/report/load_report_page.html HTTP/1.1" 200 173225
101.83.241.217 - - [16/May/2023:09:17:57 +0800] "GET /xingrg/servlets/image?cache=0.8077412195809595&image=px HTTP/1.1" 200 807
114.83.219.197 - - [16/May/2023:09:17:57 +0800] "GET /xingrg/all/function/internal_message.html?_=1684199973046&CODE_STATE=getMsg HTTP/1.1" 200 27
124.78.154.113 - - [16/May/2023:09:17:58 +0800] "GET /xingrg/kc/buy/cgsh_order_operate.html?command=get_materiel&rest_code=00106&code=00101008095&supplier_code=00100007&order_time=2023-05-16 HTTP/1.1" 200 412
124.79.240.114 - - [16/May/2023:09:18:03 +0800] "GET /xingrg/all/function/internal_message.html?_=1684199878970&CODE_STATE=getMsg HTTP/1.1" 302 -
101.83.241.217 - - [16/May/2023:09:18:05 +0800] "POST /xingrg/all/report/load_report_page.html HTTP/1.1" 200 173163
101.83.241.217 - - [16/May/2023:09:18:05 +0800] "GET /xingrg/servlets/image?cache=0.5286624771812076&image=px HTTP/1.1" 200 807
180.156.206.150 - - [16/May/2023:09:18:05 +0800] "GET /xingrg/all/function/internal_message.html?_=1684199885615&CODE_STATE=getMsg HTTP/1.1" 200 27
172.20.0.100 - - [16/May/2023:09:18:10 +0800] "GET /xingrg/all/function/internal_message.html?_=1684199893957&CODE_STATE=getMsg HTTP/1.1" 200 27
172.20.0.100 - - [16/May/2023:09:18:10 +0800] "GET /xingrg/check_reg.html?_=1684199893958 HTTP/1.1" 200 22
101.229.22.40 - - [16/May/2023:09:18:10 +0800] "GET /xingrg/kc/buy/cgsh_order_list.html HTTP/1.1" 200 55588
116.235.240.236 - - [16/May/2023:09:18:10 +0800] "GET /xingrg/all/function/internal_message.html?_=1684199899912&CODE_STATE=getMsg HTTP/1.1" 200 27
124.78.154.113 - - [16/May/2023:09:18:10 +0800] "GET /xingrg/kc/buy/cgsh_order_operate.html?command=get_materiel&rest_code=00106&code=00101008110&supplier_code=00100007&order_time=2023-05-16 HTTP/1.1" 200 408
101.83.241.217 - - [16/May/2023:09:18:12 +0800] "POST /xingrg/all/report/load_report_page.html HTTP/1.1" 200 173159
101.83.241.217 - - [16/May/2023:09:18:12 +0800] "GET /xingrg/servlets/image?cache=0.6923140195537936&image=px HTTP/1.1" 200 807
101.229.22.40 - - [16/May/2023:09:18:13 +0800] "POST /xingrg/kc/buy/cgsh_list_operate.html HTTP/1.1" 200 986
222.67.238.82 - - [16/May/2023:09:18:14 +0800] "GET /xingrg/all/function/internal_message.html?_=1684199411603&CODE_STATE=getMsg HTTP/1.1" 200 27
124.78.154.113 - - [16/May/2023:09:18:15 +0800] "GET /xingrg/all/function/internal_message.html?_=1684199894310&CODE_STATE=getMsg HTTP/1.1" 200 27
101.229.22.40 - - [16/May/2023:09:18:15 +0800] "GET /xingrg/kc/buy/cgsh_order_add.html HTTP/1.1" 200 70483
101.229.22.40 - - [16/May/2023:09:18:15 +0800] "GET /xingrg/javascript/easyui/themes/icons/copy_new.png HTTP/1.1" 304 -
101.229.22.40 - - [16/May/2023:09:18:16 +0800] "GET /xingrg/javascript/easyui/themes/default/validatebox.css HTTP/1.1" 404 1104
101.229.22.40 - - [16/May/2023:09:18:16 +0800] "POST /xingrg/kc/buy/cgsh_order_operate.html HTTP/1.1" 200 8245
180.163.30.85 - - [16/May/2023:09:18:16 +0800] "GET /xingrg/kc/buy/cgsh_order_operate.html?command=get_materiel&rest_code=00106&code=00101008209&supplier_code=00100007&order_time=2023-05-16 HTTP/1.1" 302 -
101.229.22.40 - - [16/May/2023:09:18:16 +0800] "GET /xingrg/all/common/auto_word.html?type=employee&rest_code=00142 HTTP/1.1" 200 105
101.229.22.40 - - [16/May/2023:09:18:16 +0800] "GET /xingrg/all/common/auto_word.html?type=employee&rest_code=00142 HTTP/1.1" 200 105
101.83.241.217 - - [16/May/2023:09:18:16 +0800] "POST /xingrg/all/report/load_report_page.html HTTP/1.1" 200 173186
101.83.241.217 - - [16/May/2023:09:18:16 +0800] "GET /xingrg/servlets/image?cache=0.522451238351292&image=px HTTP/1.1" 200 807
180.163.30.85 - - [16/May/2023:09:18:16 +0800] "GET /xingrg/login.html HTTP/1.1" 200 7641
101.83.241.217 - - [16/May/2023:09:18:21 +0800] "POST /xingrg/all/report/load_report_page.html HTTP/1.1" 200 173152
101.83.241.217 - - [16/May/2023:09:18:21 +0800] "GET /xingrg/servlets/image?cache=0.3825541159447938&image=px HTTP/1.1" 200 807
124.78.154.113 - - [16/May/2023:09:18:21 +0800] "GET /xingrg/kc/buy/cgsh_order_operate.html?command=get_materiel&rest_code=00106&code=00101008032&supplier_code=00100007&order_time=2023-05-16 HTTP/1.1" 200 408
101.83.241.217 - - [16/May/2023:09:18:27 +0800] "POST /xingrg/all/report/load_report_page.html HTTP/1.1" 200 173164
101.83.241.217 - - [16/May/2023:09:18:27 +0800] "GET /xingrg/servlets/image?cache=0.4443207867218726&image=px HTTP/1.1" 200 807
101.83.241.217 - - [16/May/2023:09:18:32 +0800] "POST /xingrg/all/report/load_report_page.html HTTP/1.1" 200 173125
101.83.241.217 - - [16/May/2023:09:18:32 +0800] "GET /xingrg/servlets/image?cache=0.6499738466355188&image=px HTTP/1.1" 200 807
101.83.241.217 - - [16/May/2023:09:18:36 +0800] "POST /xingrg/all/report/load_report_page.html HTTP/1.1" 200 173188
101.83.241.217 - - [16/May/2023:09:18:36 +0800] "GET /xingrg/servlets/image?cache=0.8780734501642115&image=px HTTP/1.1" 200 807
101.83.241.217 - - [16/May/2023:09:18:40 +0800] "POST /xingrg/all/report/load_report_page.html HTTP/1.1" 200 173372
101.83.241.217 - - [16/May/2023:09:18:40 +0800] "GET /xingrg/servlets/image?cache=0.8678534283018102&image=px HTTP/1.1" 200 807
180.163.28.114 - - [16/May/2023:09:18:41 +0800] "GET /xingrg/kc/buy/cgsh_order_operate.html?command=get_materiel&rest_code=00106&code=00101008223&supplier_code=00100007&order_time=2023-05-16 HTTP/1.1" 302 -
180.163.28.114 - - [16/May/2023:09:18:41 +0800] "GET /xingrg/login.html HTTP/1.1" 200 7641
116.238.139.35 - - [16/May/2023:09:18:42 +0800] "GET /xingrg/all/function/internal_message.html?_=1684199920871&CODE_STATE=getMsg HTTP/1.1" 200 27
101.229.22.40 - - [16/May/2023:09:18:43 +0800] "GET /xingrg/all/function/internal_message.html?_=1684199921831&CODE_STATE=getMsg HTTP/1.1" 200 27
180.164.3.199 - - [16/May/2023:09:18:44 +0800] "GET /xingrg/all/function/internal_message.html?_=1684199923733&CODE_STATE=getMsg HTTP/1.1" 200 27
101.83.241.217 - - [16/May/2023:09:18:47 +0800] "POST /xingrg/all/report/load_report_page.html HTTP/1.1" 200 158285
101.83.241.217 - - [16/May/2023:09:18:47 +0800] "GET /xingrg/servlets/image?cache=0.6192677598679673&image=px HTTP/1.1" 200 807
120.253.135.82 - - [16/May/2023:09:18:48 +0800] "GET /xingrg/all/function/internal_message.html?_=1684199765964&CODE_STATE=getMsg HTTP/1.1" 200 27
180.156.206.150 - - [16/May/2023:09:18:48 +0800] "GET /xingrg/all/function/internal_message.html?_=1684199935613&CODE_STATE=getMsg HTTP/1.1" 200 27
124.78.154.113 - - [16/May/2023:09:18:51 +0800] "POST /xingrg/kc/buy/cgsh_order_operate.html HTTP/1.1" 200 37
180.171.122.0 - - [16/May/2023:09:18:51 +0800] "GET /xingrg/check_reg.html?_=1684199930570 HTTP/1.1" 200 22
180.171.122.0 - - [16/May/2023:09:18:51 +0800] "GET /xingrg/all/function/internal_message.html?_=1684199930665&CODE_STATE=getMsg HTTP/1.1" 200 27
116.224.158.100 - - [16/May/2023:09:18:52 +0800] "GET /xingrg/all/function/internal_message.html?_=1684199767220&CODE_STATE=getMsg HTTP/1.1" 200 27
101.83.241.217 - - [16/May/2023:09:18:54 +0800] "POST /xingrg/all/report/load_report_page.html HTTP/1.1" 200 83921
101.83.241.217 - - [16/May/2023:09:18:54 +0800] "GET /xingrg/servlets/image?cache=0.9995137811034398&image=px HTTP/1.1" 200 807
116.224.158.100 - - [16/May/2023:09:18:55 +0800] "GET /xingrg/all/function/internal_message.html?_=1684199936370&CODE_STATE=getMsg HTTP/1.1" 200 27
101.83.241.217 - - [16/May/2023:09:18:56 +0800] "GET /xingrg/all/function/internal_message.html?_=1684199934798&CODE_STATE=getMsg HTTP/1.1" 200 27
180.164.3.199 - - [16/May/2023:09:18:56 +0800] "GET /xingrg/check_reg.html?_=1684199935746 HTTP/1.1" 200 22
114.83.219.197 - - [16/May/2023:09:18:57 +0800] "GET /xingrg/all/function/internal_message.html?_=1684200033038&CODE_STATE=getMsg HTTP/1.1" 200 27
124.78.154.113 - - [16/May/2023:09:18:58 +0800] "POST /xingrg/kc/buy/cgsh_order_operate.html HTTP/1.1" 200 28044
101.229.22.40 - - [16/May/2023:09:18:58 +0800] "GET /xingrg/kc/buy/cgsh_order_operate.html?command=get_materiel&rest_code=00142&code=00101008005&supplier_code=00100161&order_time=2023-05-16 HTTP/1.1" 200 412
124.79.240.114 - - [16/May/2023:09:19:03 +0800] "GET /xingrg/all/function/internal_message.html?_=1684199938975&CODE_STATE=getMsg HTTP/1.1" 302 -
180.156.206.150 - - [16/May/2023:09:19:05 +0800] "GET /xingrg/check_reg.html?_=1684199945611 HTTP/1.1" 200 22
180.156.206.150 - - [16/May/2023:09:19:05 +0800] "GET /xingrg/all/function/internal_message.html?_=1684199945614&CODE_STATE=getMsg HTTP/1.1" 200 27
172.20.0.100 - - [16/May/2023:09:19:10 +0800] "GET /xingrg/all/function/internal_message.html?_=1684199953956&CODE_STATE=getMsg HTTP/1.1" 200 27
116.235.240.236 - - [16/May/2023:09:19:10 +0800] "GET /xingrg/all/function/internal_message.html?_=1684199959938&CODE_STATE=getMsg HTTP/1.1" 200 27
101.229.22.40 - - [16/May/2023:09:19:12 +0800] "GET /xingrg/kc/buy/cgsh_order_operate.html?command=get_materiel&rest_code=00142&code=00101008268&supplier_code=00100161&order_time=2023-05-16 HTTP/1.1" 200 408
222.67.238.82 - - [16/May/2023:09:19:14 +0800] "GET /xingrg/all/function/internal_message.html?_=1684199471604&CODE_STATE=getMsg HTTP/1.1" 200 27
124.78.154.113 - - [16/May/2023:09:19:15 +0800] "GET /xingrg/all/function/internal_message.html?_=1684199954281&CODE_STATE=getMsg HTTP/1.1" 200 27
180.163.29.79 - - [16/May/2023:09:19:18 +0800] "GET /xingrg/kc/buy/cgsh_order_operate.html?command=get_materiel&rest_code=00106&code=00101008032&supplier_code=00100007&order_time=2023-05-16 HTTP/1.1" 302 -
180.163.29.79 - - [16/May/2023:09:19:18 +0800] "GET /xingrg/login.html HTTP/1.1" 200 7641
101.229.22.40 - - [16/May/2023:09:19:26 +0800] "GET /xingrg/kc/buy/cgsh_order_operate.html?command=get_materiel&rest_code=00142&code=00101008355&supplier_code=00100161&order_time=2023-05-16 HTTP/1.1" 200 408
101.83.241.217 - - [16/May/2023:09:19:36 +0800] "POST /xingrg/dwr/call/plaincall/AjaxReportQueryService.refreshCache.dwr HTTP/1.1" 200 78
101.229.22.40 - - [16/May/2023:09:19:37 +0800] "GET /xingrg/kc/buy/cgsh_order_operate.html?command=get_materiel&rest_code=00142&code=00101008024&supplier_code=00100161&order_time=2023-05-16 HTTP/1.1" 200 408
116.238.139.35 - - [16/May/2023:09:19:42 +0800] "GET /xingrg/all/function/internal_message.html?_=1684199980873&CODE_STATE=getMsg HTTP/1.1" 200 27
101.83.241.217 - - [16/May/2023:09:19:42 +0800] "POST /xingrg/all/report/load_report_page.html HTTP/1.1" 200 89
101.229.22.40 - - [16/May/2023:09:19:43 +0800] "GET /xingrg/all/function/internal_message.html?_=1684199981828&CODE_STATE=getMsg HTTP/1.1" 200 27
101.229.22.40 - - [16/May/2023:09:19:43 +0800] "GET /xingrg/check_reg.html?_=1684199981829 HTTP/1.1" 200 22
180.164.3.199 - - [16/May/2023:09:19:44 +0800] "GET /xingrg/all/function/internal_message.html?_=1684199983725&CODE_STATE=getMsg HTTP/1.1" 200 27
120.253.135.82 - - [16/May/2023:09:19:47 +0800] "GET /xingrg/check_reg.html?_=1684199824952 HTTP/1.1" 200 22
116.228.172.94 - - [16/May/2023:09:19:47 +0800] "GET /xingrg/check_reg.html?_=1684199795363 HTTP/1.1" 302 -
120.253.135.82 - - [16/May/2023:09:19:48 +0800] "GET /xingrg/all/function/internal_message.html?_=1684199825976&CODE_STATE=getMsg HTTP/1.1" 200 27
180.156.206.150 - - [16/May/2023:09:19:48 +0800] "GET /xingrg/all/function/internal_message.html?_=1684199995623&CODE_STATE=getMsg HTTP/1.1" 200 27
101.229.22.40 - - [16/May/2023:09:19:48 +0800] "GET /xingrg/kc/buy/cgsh_order_operate.html?command=get_materiel&rest_code=00142&code=00101008356&supplier_code=00100161&order_time=2023-05-16 HTTP/1.1" 200 408
180.171.122.0 - - [16/May/2023:09:19:51 +0800] "GET /xingrg/all/function/internal_message.html?_=1684199990644&CODE_STATE=getMsg HTTP/1.1" 200 27
116.224.158.100 - - [16/May/2023:09:19:52 +0800] "GET /xingrg/all/function/internal_message.html?_=1684199827218&CODE_STATE=getMsg HTTP/1.1" 200 27
101.83.241.217 - - [16/May/2023:09:19:53 +0800] "GET /xingrg/kc/base/check_order_list.html HTTP/1.1" 200 16223
101.83.241.217 - - [16/May/2023:09:19:53 +0800] "POST /xingrg/kc/base/check_list_operate.html HTTP/1.1" 200 781
116.224.158.100 - - [16/May/2023:09:19:55 +0800] "GET /xingrg/check_reg.html?_=1684199996333 HTTP/1.1" 200 22
116.224.158.100 - - [16/May/2023:09:19:55 +0800] "GET /xingrg/all/function/internal_message.html?_=1684199996337&CODE_STATE=getMsg HTTP/1.1" 200 27
101.83.241.217 - - [16/May/2023:09:19:56 +0800] "GET /xingrg/check_reg.html?_=1684199994758 HTTP/1.1" 200 22
101.83.241.217 - - [16/May/2023:09:19:56 +0800] "GET /xingrg/all/function/internal_message.html?_=1684199994776&CODE_STATE=getMsg HTTP/1.1" 200 27
101.83.241.217 - - [16/May/2023:09:19:56 +0800] "POST /xingrg/kc/base/check_list_operate.html HTTP/1.1" 200 5508
114.83.219.197 - - [16/May/2023:09:19:57 +0800] "GET /xingrg/all/function/internal_message.html?_=1684200093042&CODE_STATE=getMsg HTTP/1.1" 200 27
180.164.3.199 - - [16/May/2023:09:19:59 +0800] "GET /xingrg/kc/buy/cgsh_order_list.html HTTP/1.1" 200 55592
101.229.22.40 - - [16/May/2023:09:20:00 +0800] "GET /xingrg/kc/buy/cgsh_order_operate.html?command=get_materiel&rest_code=00142&code=00101008286&supplier_code=00100161&order_time=2023-05-16 HTTP/1.1" 200 408
124.79.240.114 - - [16/May/2023:09:20:03 +0800] "GET /xingrg/all/function/internal_message.html?_=1684199998972&CODE_STATE=getMsg HTTP/1.1" 302 -
101.83.241.217 - - [16/May/2023:09:20:04 +0800] "GET /xingrg/kc/base/check_order_info.html?code=452023051400058 HTTP/1.1" 200 22860
101.83.241.217 - - [16/May/2023:09:20:04 +0800] "GET /xingrg/dwr/interface/AjaxComOrderService.js HTTP/1.1" 200 18264
101.83.241.217 - - [16/May/2023:09:20:04 +0800] "GET /xingrg/dwr/interface/AjaxCheckService.js HTTP/1.1" 200 14003
101.83.241.217 - - [16/May/2023:09:20:04 +0800] "GET /xingrg/dwr/engine.js HTTP/1.1" 200 43631
180.156.206.150 - - [16/May/2023:09:20:05 +0800] "GET /xingrg/all/function/internal_message.html?_=1684200005612&CODE_STATE=getMsg HTTP/1.1" 200 27
101.83.241.217 - - [16/May/2023:09:20:06 +0800] "POST /xingrg/dwr/call/plaincall/AjaxCheckService.loadOrderItems.dwr HTTP/1.1" 200 60147
172.20.0.100 - - [16/May/2023:09:20:10 +0800] "GET /xingrg/all/function/internal_message.html?_=1684200013956&CODE_STATE=getMsg HTTP/1.1" 200 27
101.229.22.40 - - [16/May/2023:09:20:10 +0800] "GET /xingrg/kc/buy/cgsh_order_operate.html?command=get_materiel&rest_code=00142&code=00101008353&supplier_code=00100161&order_time=2023-05-16 HTTP/1.1" 200 408
116.235.240.236 - - [16/May/2023:09:20:10 +0800] "GET /xingrg/all/function/internal_message.html?_=1684200019943&CODE_STATE=getMsg HTTP/1.1" 200 27
222.67.238.82 - - [16/May/2023:09:20:14 +0800] "GET /xingrg/all/function/internal_message.html?_=1684199531607&CODE_STATE=getMsg HTTP/1.1" 200 27
124.78.154.113 - - [16/May/2023:09:20:15 +0800] "GET /xingrg/all/function/internal_message.html?_=1684200014253&CODE_STATE=getMsg HTTP/1.1" 200 27
180.163.28.68 - - [16/May/2023:09:20:18 +0800] "GET /xingrg/all/function/internal_message.html?_=1684199954281&CODE_STATE=getMsg HTTP/1.1" 302 -
180.163.28.68 - - [16/May/2023:09:20:18 +0800] "GET /xingrg/login.html HTTP/1.1" 200 7641
180.164.3.199 - - [16/May/2023:09:20:21 +0800] "POST /xingrg/kc/buy/cgsh_list_operate.html HTTP/1.1" 200 6021
101.229.22.40 - - [16/May/2023:09:20:22 +0800] "GET /xingrg/kc/buy/cgsh_order_operate.html?command=get_materiel&rest_code=00142&code=00101008312&supplier_code=00100161&order_time=2023-05-16 HTTP/1.1" 200 412
101.229.22.40 - - [16/May/2023:09:20:31 +0800] "GET /xingrg/kc/buy/cgsh_order_operate.html?command=get_materiel&rest_code=00142&code=00101008264&supplier_code=00100161&order_time=2023-05-16 HTTP/1.1" 200 412
116.224.158.100 - - [16/May/2023:09:20:39 +0800] "POST /xingrg/services/DataTransmitService HTTP/1.1" 200 524
116.238.139.35 - - [16/May/2023:09:20:42 +0800] "GET /xingrg/all/function/internal_message.html?_=1684200040878&CODE_STATE=getMsg HTTP/1.1" 200 27
101.229.22.40 - - [16/May/2023:09:20:43 +0800] "GET /xingrg/all/function/internal_message.html?_=1684200041836&CODE_STATE=getMsg HTTP/1.1" 200 27
101.229.22.40 - - [16/May/2023:09:20:43 +0800] "GET /xingrg/kc/buy/cgsh_order_operate.html?command=get_materiel&rest_code=00142&code=00101008283&supplier_code=00100161&order_time=2023-05-16 HTTP/1.1" 200 408
180.164.3.199 - - [16/May/2023:09:20:44 +0800] "GET /xingrg/all/function/internal_message.html?_=1684200043707&CODE_STATE=getMsg HTTP/1.1" 200 27
101.83.241.217 - - [16/May/2023:09:20:46 +0800] "GET /xingrg/kc/base/check_order_list.html HTTP/1.1" 200 16223
101.83.241.217 - - [16/May/2023:09:20:47 +0800] "POST /xingrg/kc/base/check_list_operate.html HTTP/1.1" 200 781
120.253.135.82 - - [16/May/2023:09:20:48 +0800] "GET /xingrg/all/function/internal_message.html?_=1684199885991&CODE_STATE=getMsg HTTP/1.1" 200 27
180.156.206.150 - - [16/May/2023:09:20:48 +0800] "GET /xingrg/all/function/internal_message.html?_=1684200055622&CODE_STATE=getMsg HTTP/1.1" 200 27
101.83.241.217 - - [16/May/2023:09:20:50 +0800] "GET /xingrg/kc/report/report_main.html HTTP/1.1" 200 7340
180.171.122.0 - - [16/May/2023:09:20:51 +0800] "GET /xingrg/all/function/internal_message.html?_=1684200050615&CODE_STATE=getMsg HTTP/1.1" 200 27
101.229.22.40 - - [16/May/2023:09:20:51 +0800] "GET /xingrg/kc/buy/cgsh_order_operate.html?command=get_materiel&rest_code=00142&code=00101008298&supplier_code=00100161&order_time=2023-05-16 HTTP/1.1" 200 413
116.224.158.100 - - [16/May/2023:09:20:52 +0800] "GET /xingrg/all/function/internal_message.html?_=1684199887217&CODE_STATE=getMsg HTTP/1.1" 200 27
101.83.241.217 - - [16/May/2023:09:20:55 +0800] "GET /xingrg/all/report/report_query.html?fileName=kc/buy/gys_amount.xml&rh=99999 HTTP/1.1" 200 52006
101.83.241.217 - - [16/May/2023:09:20:55 +0800] "GET /xingrg/dwr/interface/AjaxReportQueryService.js HTTP/1.1" 200 13203
101.83.241.217 - - [16/May/2023:09:20:55 +0800] "GET /xingrg/dwr/engine.js HTTP/1.1" 200 43631
101.83.241.217 - - [16/May/2023:09:20:55 +0800] "POST /xingrg/dwr/call/plaincall/AjaxReportQueryService.getFixDate.dwr HTTP/1.1" 200 111
116.224.158.100 - - [16/May/2023:09:20:55 +0800] "GET /xingrg/all/function/internal_message.html?_=1684200056403&CODE_STATE=getMsg HTTP/1.1" 200 27
101.83.241.217 - - [16/May/2023:09:20:56 +0800] "POST /xingrg/dwr/call/plaincall/AjaxReportQueryService.getInitString.dwr HTTP/1.1" 200 1062
101.83.241.217 - - [16/May/2023:09:20:56 +0800] "GET /xingrg/all/function/internal_message.html?_=1684200054753&CODE_STATE=getMsg HTTP/1.1" 200 27
101.83.241.217 - - [16/May/2023:09:20:56 +0800] "POST /xingrg/all/common/load_tree.html?tree=materiel_sort_tree_json HTTP/1.1" 200 9500
101.83.241.217 - - [16/May/2023:09:20:57 +0800] "POST /xingrg/all/common/load_tree.html?tree=supplier_tree_json&manage=1 HTTP/1.1" 200 75906
114.83.219.197 - - [16/May/2023:09:20:57 +0800] "GET /xingrg/all/function/internal_message.html?_=1684200153043&CODE_STATE=getMsg HTTP/1.1" 200 27
124.79.240.114 - - [16/May/2023:09:21:03 +0800] "GET /xingrg/all/function/internal_message.html?_=1684200058962&CODE_STATE=getMsg HTTP/1.1" 302 -
124.79.240.114 - - [16/May/2023:09:21:03 +0800] "GET /xingrg/check_reg.html?_=1684200058960 HTTP/1.1" 302 -
180.156.206.150 - - [16/May/2023:09:21:05 +0800] "GET /xingrg/all/function/internal_message.html?_=1684200065621&CODE_STATE=getMsg HTTP/1.1" 200 27
116.224.158.100 - - [16/May/2023:09:21:06 +0800] "POST /xingrg/kc/buy/cgsh_order_operate.html HTTP/1.1" 200 37
101.229.22.40 - - [16/May/2023:09:21:08 +0800] "GET /xingrg/kc/buy/cgsh_order_operate.html?command=get_materiel&rest_code=00142&code=00101008354&supplier_code=00100161&order_time=2023-05-16 HTTP/1.1" 200 412
172.20.0.100 - - [16/May/2023:09:21:10 +0800] "GET /xingrg/all/function/internal_message.html?_=1684200073959&CODE_STATE=getMsg HTTP/1.1" 200 27
116.224.158.100 - - [16/May/2023:09:21:10 +0800] "POST /xingrg/kc/buy/cgsh_order_operate.html HTTP/1.1" 200 34601
101.83.241.217 - - [16/May/2023:09:21:10 +0800] "GET /xingrg/all/report/report_query.html?fileName=kc/buy/wlcg_mx.xml HTTP/1.1" 200 51648
101.83.241.217 - - [16/May/2023:09:21:10 +0800] "GET /xingrg/dwr/interface/AjaxReportQueryService.js HTTP/1.1" 200 13203
101.83.241.217 - - [16/May/2023:09:21:10 +0800] "GET /xingrg/dwr/engine.js HTTP/1.1" 200 43631
116.235.240.236 - - [16/May/2023:09:21:10 +0800] "GET /xingrg/all/function/internal_message.html?_=1684200079961&CODE_STATE=getMsg HTTP/1.1" 200 27
101.83.241.217 - - [16/May/2023:09:21:10 +0800] "POST /xingrg/dwr/call/plaincall/AjaxReportQueryService.getFixDate.dwr HTTP/1.1" 200 111
101.83.241.217 - - [16/May/2023:09:21:10 +0800] "POST /xingrg/dwr/call/plaincall/AjaxReportQueryService.getInitString.dwr HTTP/1.1" 200 34797
101.83.241.217 - - [16/May/2023:09:21:11 +0800] "POST /xingrg/dwr/call/plaincall/AjaxReportQueryService.getInitString.dwr HTTP/1.1" 200 1062
101.83.241.217 - - [16/May/2023:09:21:11 +0800] "POST /xingrg/dwr/call/plaincall/AjaxReportQueryService.getInitString.dwr HTTP/1.1" 200 125
222.67.238.82 - - [16/May/2023:09:21:14 +0800] "GET /xingrg/all/function/internal_message.html?_=1684199591607&CODE_STATE=getMsg HTTP/1.1" 200 27
222.67.238.82 - - [16/May/2023:09:21:14 +0800] "GET /xingrg/check_reg.html?_=1684199591609 HTTP/1.1" 200 22
180.163.29.234 - - [16/May/2023:09:21:15 +0800] "GET /xingrg/all/function/internal_message.html?_=1684200014253&CODE_STATE=getMsg HTTP/1.1" 302 -
180.163.29.234 - - [16/May/2023:09:21:15 +0800] "GET /xingrg/login.html HTTP/1.1" 200 7641
124.78.154.113 - - [16/May/2023:09:21:15 +0800] "GET /xingrg/all/function/internal_message.html?_=1684200074238&CODE_STATE=getMsg HTTP/1.1" 200 27
124.78.154.113 - - [16/May/2023:09:21:15 +0800] "GET /xingrg/check_reg.html?_=1684200074305 HTTP/1.1" 200 22
101.229.22.40 - - [16/May/2023:09:21:19 +0800] "GET /xingrg/kc/buy/cgsh_order_operate.html?command=get_materiel&rest_code=00142&code=00101008352&supplier_code=00100161&order_time=2023-05-16 HTTP/1.1" 200 412
101.83.241.217 - - [16/May/2023:09:21:28 +0800] "POST /xingrg/dwr/call/plaincall/AjaxReportQueryService.refreshCache.dwr HTTP/1.1" 200 78
101.229.22.40 - - [16/May/2023:09:21:30 +0800] "GET /xingrg/kc/buy/cgsh_order_operate.html?command=get_materiel&rest_code=00142&code=00101008152&supplier_code=00100161&order_time=2023-05-16 HTTP/1.1" 200 409
101.83.241.217 - - [16/May/2023:09:21:36 +0800] "POST /xingrg/all/report/load_report_page.html HTTP/1.1" 200 18874
101.83.241.217 - - [16/May/2023:09:21:36 +0800] "GET /xingrg/servlets/image?cache=0.04241547106651267&image=px HTTP/1.1" 200 807
101.229.22.40 - - [16/May/2023:09:21:37 +0800] "GET /xingrg/kc/buy/cgsh_order_operate.html?command=get_materiel&rest_code=00142&code=00101015070&supplier_code=00100161&order_time=2023-05-16 HTTP/1.1" 200 413
116.238.139.35 - - [16/May/2023:09:21:42 +0800] "GET /xingrg/all/function/internal_message.html?_=1684200100883&CODE_STATE=getMsg HTTP/1.1" 200 27
101.229.22.40 - - [16/May/2023:09:21:43 +0800] "GET /xingrg/all/function/internal_message.html?_=1684200101959&CODE_STATE=getMsg HTTP/1.1" 200 27
180.164.3.199 - - [16/May/2023:09:21:44 +0800] "GET /xingrg/all/function/internal_message.html?_=1684200103691&CODE_STATE=getMsg HTTP/1.1" 200 27
101.229.22.40 - - [16/May/2023:09:21:47 +0800] "GET /xingrg/kc/buy/cgsh_order_operate.html?command=get_materiel&rest_code=00142&code=00101012029&supplier_code=00100161&order_time=2023-05-16 HTTP/1.1" 200 412
120.253.135.82 - - [16/May/2023:09:21:48 +0800] "GET /xingrg/all/function/internal_message.html?_=1684199946004&CODE_STATE=getMsg HTTP/1.1" 200 27
180.156.206.150 - - [16/May/2023:09:21:48 +0800] "GET /xingrg/check_reg.html?_=1684200115619 HTTP/1.1" 200 22
180.156.206.150 - - [16/May/2023:09:21:48 +0800] "GET /xingrg/all/function/internal_message.html?_=1684200115621&CODE_STATE=getMsg HTTP/1.1" 200 27
180.171.122.0 - - [16/May/2023:09:21:51 +0800] "GET /xingrg/all/function/internal_message.html?_=1684200110588&CODE_STATE=getMsg HTTP/1.1" 200 27
116.224.158.100 - - [16/May/2023:09:21:52 +0800] "GET /xingrg/check_reg.html?_=1684199947243 HTTP/1.1" 200 22
116.224.158.100 - - [16/May/2023:09:21:52 +0800] "GET /xingrg/all/function/internal_message.html?_=1684199947246&CODE_STATE=getMsg HTTP/1.1" 200 27
180.171.122.0 - - [16/May/2023:09:21:53 +0800] "GET /xingrg/kc/buy/buy_main.html HTTP/1.1" 200 12412
180.171.122.0 - - [16/May/2023:09:21:53 +0800] "GET /xingrg/css/new_ie.css HTTP/1.1" 404 1036
120.253.135.82 - - [16/May/2023:09:21:54 +0800] "POST /xingrg/kc/pszx/mdps_list_operate.html HTTP/1.1" 200 4231
116.224.158.100 - - [16/May/2023:09:21:55 +0800] "GET /xingrg/all/function/internal_message.html?_=1684200116345&CODE_STATE=getMsg HTTP/1.1" 200 27
120.253.135.82 - - [16/May/2023:09:21:56 +0800] "GET /xingrg/kc/pszx/mdqp_order_list.html?state=10 HTTP/1.1" 200 10275
120.253.135.82 - - [16/May/2023:09:21:56 +0800] "GET /xingrg/dwr/interface/AjaxQqpsService.js HTTP/1.1" 200 16326
120.253.135.82 - - [16/May/2023:09:21:56 +0800] "GET /xingrg/dwr/interface/AjaxReportQueryService.js HTTP/1.1" 200 13203
120.253.135.82 - - [16/May/2023:09:21:56 +0800] "GET /xingrg/dwr/engine.js HTTP/1.1" 200 43631
101.83.241.217 - - [16/May/2023:09:21:56 +0800] "GET /xingrg/all/function/internal_message.html?_=1684200114746&CODE_STATE=getMsg HTTP/1.1" 200 27
114.83.219.197 - - [16/May/2023:09:21:57 +0800] "GET /xingrg/all/function/internal_message.html?_=1684200213045&CODE_STATE=getMsg HTTP/1.1" 200 27
114.83.219.197 - - [16/May/2023:09:21:57 +0800] "GET /xingrg/check_reg.html?_=1684200213047 HTTP/1.1" 200 22
116.235.240.236 - - [16/May/2023:09:21:59 +0800] "GET /xingrg/check_reg.html?_=1684200129420 HTTP/1.1" 200 22
101.229.22.40 - - [16/May/2023:09:21:59 +0800] "GET /xingrg/kc/buy/cgsh_order_operate.html?command=get_materiel&rest_code=00142&code=00101012024&supplier_code=00100161&order_time=2023-05-16 HTTP/1.1" 200 408
180.164.3.199 - - [16/May/2023:09:22:01 +0800] "POST /xingrg/kc/buy/cgsh_list_operate.html HTTP/1.1" 200 4
120.253.135.82 - - [16/May/2023:09:22:01 +0800] "GET /xingrg/kc/buy/cgsh_order_list.html HTTP/1.1" 200 55582
124.79.240.114 - - [16/May/2023:09:22:03 +0800] "GET /xingrg/all/function/internal_message.html?_=1684200118958&CODE_STATE=getMsg HTTP/1.1" 302 -
120.253.135.82 - - [16/May/2023:09:22:05 +0800] "POST /xingrg/kc/buy/cgsh_list_operate.html HTTP/1.1" 200 1850
180.156.206.150 - - [16/May/2023:09:22:05 +0800] "GET /xingrg/all/function/internal_message.html?_=1684200125616&CODE_STATE=getMsg HTTP/1.1" 200 27
172.20.0.100 - - [16/May/2023:09:22:10 +0800] "GET /xingrg/all/function/internal_message.html?_=1684200133957&CODE_STATE=getMsg HTTP/1.1" 200 27
116.235.240.236 - - [16/May/2023:09:22:10 +0800] "GET /xingrg/all/function/internal_message.html?_=1684200139966&CODE_STATE=getMsg HTTP/1.1" 200 27
101.83.241.217 - - [16/May/2023:09:22:11 +0800] "GET /xingrg/kc/buy/cgsh_order_info.html?isLook=1&code=212023050100356 HTTP/1.1" 200 66365
101.83.241.217 - - [16/May/2023:09:22:11 +0800] "GET /xingrg/words/20230515114403_words.js HTTP/1.1" 304 -
101.83.241.217 - - [16/May/2023:09:22:11 +0800] "GET /favicon.ico HTTP/1.1" 404 -
101.83.241.217 - - [16/May/2023:09:22:11 +0800] "GET /xingrg/javascript/easyui/themes/default/validatebox.css HTTP/1.1" 404 1104
101.229.22.40 - - [16/May/2023:09:22:11 +0800] "POST /xingrg/kc/buy/cgsh_order_operate.html HTTP/1.1" 200 37
120.253.135.82 - - [16/May/2023:09:22:11 +0800] "POST /xingrg/kc/buy/cgsh_list_operate.html HTTP/1.1" 200 200
101.83.241.217 - - [16/May/2023:09:22:13 +0800] "POST /xingrg/kc/buy/cgsh_order_operate.html HTTP/1.1" 200 614
222.67.238.82 - - [16/May/2023:09:22:14 +0800] "GET /xingrg/all/function/internal_message.html?_=1684199651613&CODE_STATE=getMsg HTTP/1.1" 200 27
101.229.22.40 - - [16/May/2023:09:22:14 +0800] "POST /xingrg/kc/buy/cgsh_order_operate.html HTTP/1.1" 200 12079
120.253.135.82 - - [16/May/2023:09:22:14 +0800] "GET /xingrg/kc/buy/cgsh_order_info.html?code=212023051505732 HTTP/1.1" 200 70429
180.163.30.76 - - [16/May/2023:09:22:15 +0800] "GET /xingrg/all/function/internal_message.html?_=1684200074238&CODE_STATE=getMsg HTTP/1.1" 302 -
180.163.30.76 - - [16/May/2023:09:22:15 +0800] "GET /xingrg/login.html HTTP/1.1" 200 7641
120.253.135.82 - - [16/May/2023:09:22:15 +0800] "GET /xingrg/javascript/easyui/themes/icons/template_new.png HTTP/1.1" 304 -
180.163.29.217 - - [16/May/2023:09:22:15 +0800] "GET /xingrg/check_reg.html?_=1684200074305 HTTP/1.1" 302 -
180.163.29.217 - - [16/May/2023:09:22:15 +0800] "GET /xingrg/login.html HTTP/1.1" 200 7641
124.78.154.113 - - [16/May/2023:09:22:15 +0800] "GET /xingrg/all/function/internal_message.html?_=1684200134210&CODE_STATE=getMsg HTTP/1.1" 200 27
120.253.135.82 - - [16/May/2023:09:22:15 +0800] "GET /xingrg/javascript/easyui/themes/default/validatebox.css HTTP/1.1" 404 1104
120.253.135.82 - - [16/May/2023:09:22:15 +0800] "GET /xingrg/all/common/auto_word.html?type=employee&rest_code=00101 HTTP/1.1" 200 927
120.253.135.82 - - [16/May/2023:09:22:15 +0800] "GET /xingrg/all/common/auto_word.html?type=employee&rest_code=00101 HTTP/1.1" 200 927
120.253.135.82 - - [16/May/2023:09:22:16 +0800] "POST /xingrg/kc/buy/cgsh_order_operate.html HTTP/1.1" 200 2670
101.229.22.40 - - [16/May/2023:09:22:20 +0800] "POST /xingrg/kc/buy/cgsh_order_operate.html HTTP/1.1" 200 37
180.164.3.199 - - [16/May/2023:09:22:21 +0800] "POST /xingrg/kc/buy/cgsh_list_operate.html HTTP/1.1" 200 1879
120.253.135.82 - - [16/May/2023:09:22:22 +0800] "GET /xingrg/kc/print/load_config.html?kc_code=cgsh HTTP/1.1" 200 1925
101.229.22.40 - - [16/May/2023:09:22:22 +0800] "POST /xingrg/kc/buy/cgsh_order_operate.html HTTP/1.1" 200 12079
120.253.135.82 - - [16/May/2023:09:22:22 +0800] "GET /xingrg/kc/print/load_data.html?order_code=212023051505732&kc_code=cgsh&condition= HTTP/1.1" 200 672
222.70.110.223 - - [16/May/2023:09:22:25 +0800] "POST /xingrg/services/DataTransmitService HTTP/1.1" 200 524
101.83.241.217 - - [16/May/2023:09:22:26 +0800] "GET /xingrg/kc/base/wldb_order_list.html HTTP/1.1" 200 19104
101.83.241.217 - - [16/May/2023:09:22:27 +0800] "POST /xingrg/kc/base/wldb_list_operate.html HTTP/1.1" 200 928
101.229.22.40 - - [16/May/2023:09:22:29 +0800] "POST /xingrg/kc/buy/cgsh_list_operate.html HTTP/1.1" 200 1867
222.70.110.223 - - [16/May/2023:09:22:29 +0800] "POST /xingrg/services/DataTransmitService HTTP/1.1" 200 501
222.70.110.223 - - [16/May/2023:09:22:30 +0800] "POST /xingrg/services/DataTransmitService HTTP/1.1" 200 501
101.83.241.217 - - [16/May/2023:09:22:35 +0800] "GET /xingrg/javascript/easyui/themes/default/tree.css HTTP/1.1" 404 1090
101.83.241.217 - - [16/May/2023:09:22:35 +0800] "POST /xingrg/all/common/load_tree.html?tree=rest_base_tree_json HTTP/1.1" 200 71352
222.70.110.223 - - [16/May/2023:09:22:36 +0800] "POST /xingrg/services/DataTransmitService HTTP/1.1" 200 501
116.238.139.35 - - [16/May/2023:09:22:42 +0800] "GET /xingrg/all/function/internal_message.html?_=1684200160885&CODE_STATE=getMsg HTTP/1.1" 200 27
116.238.139.35 - - [16/May/2023:09:22:42 +0800] "GET /xingrg/check_reg.html?_=1684200160887 HTTP/1.1" 200 22
222.70.110.223 - - [16/May/2023:09:22:43 +0800] "POST /xingrg/services/DataTransmitService HTTP/1.1" 200 501
101.229.22.40 - - [16/May/2023:09:22:43 +0800] "GET /xingrg/all/function/internal_message.html?_=1684200161935&CODE_STATE=getMsg HTTP/1.1" 200 27
222.70.110.223 - - [16/May/2023:09:22:43 +0800] "POST /xingrg/services/DataTransmitService HTTP/1.1" 200 501
180.164.3.199 - - [16/May/2023:09:22:44 +0800] "GET /xingrg/all/function/internal_message.html?_=1684200163673&CODE_STATE=getMsg HTTP/1.1" 200 27
222.70.110.223 - - [16/May/2023:09:22:45 +0800] "POST /xingrg/services/DataTransmitService HTTP/1.1" 200 501
222.70.110.223 - - [16/May/2023:09:22:46 +0800] "POST /xingrg/services/DataTransmitService HTTP/1.1" 200 501
222.70.110.223 - - [16/May/2023:09:22:46 +0800] "POST /xingrg/services/DataTransmitService HTTP/1.1" 200 501
222.70.110.223 - - [16/May/2023:09:22:47 +0800] "POST /xingrg/services/DataTransmitService HTTP/1.1" 200 412
120.253.135.82 - - [16/May/2023:09:22:47 +0800] "POST /xingrg/kc/buy/cgsh_order_operate.html HTTP/1.1" 200 37
180.156.206.150 - - [16/May/2023:09:22:48 +0800] "GET /xingrg/all/function/internal_message.html?_=1684200175618&CODE_STATE=getMsg HTTP/1.1" 200 27
180.171.122.0 - - [16/May/2023:09:22:51 +0800] "GET /xingrg/all/function/internal_message.html?_=1684200170587&CODE_STATE=getMsg HTTP/1.1" 200 27
116.224.158.100 - - [16/May/2023:09:22:52 +0800] "GET /xingrg/all/function/internal_message.html?_=1684200007245&CODE_STATE=getMsg HTTP/1.1" 200 27
116.224.158.100 - - [16/May/2023:09:22:55 +0800] "GET /xingrg/all/function/internal_message.html?_=1684200176333&CODE_STATE=getMsg HTTP/1.1" 200 27
101.83.241.217 - - [16/May/2023:09:22:56 +0800] "GET /xingrg/all/function/internal_message.html?_=1684200174774&CODE_STATE=getMsg HTTP/1.1" 200 27
114.83.219.197 - - [16/May/2023:09:22:57 +0800] "GET /xingrg/all/function/internal_message.html?_=1684200273039&CODE_STATE=getMsg HTTP/1.1" 200 27
180.164.3.199 - - [16/May/2023:09:23:00 +0800] "POST /xingrg/kc/buy/cgsh_list_operate.html HTTP/1.1" 200 4
124.79.240.114 - - [16/May/2023:09:23:03 +0800] "GET /xingrg/all/function/internal_message.html?_=1684200178947&CODE_STATE=getMsg HTTP/1.1" 302 -
124.79.240.114 - - [16/May/2023:09:28:33 +0800] "POST /xingrg/services/DataTransmitService HTTP/1.1" 200 524
172.20.0.100 - - [16/May/2023:09:28:36 +0800] "GET /xingrg/index.html?sysBaseUrl=http%3A%2F%2F172.17.0.8%3A18081%2Fxingrg%2F&costTime=213×tamp=1585200360465 HTTP/1.1" 302 -
124.79.240.114 - - [16/May/2023:09:28:36 +0800] "GET /xingrg/all/function/internal_message.html?_=1684200478967&CODE_STATE=getMsg HTTP/1.1" 302 -
172.20.0.100 - - [16/May/2023:09:28:36 +0800] "GET /xingrg/check_reg.html?_=1684200493957 HTTP/1.1" 302 -
172.20.0.100 - - [16/May/2023:09:28:36 +0800] "GET /xingrg/login.html HTTP/1.1" 200 7636
172.20.0.100 - - [16/May/2023:09:28:37 +0800] "GET /favicon.ico HTTP/1.1" 404 -
172.20.0.100 - - [16/May/2023:09:28:39 +0800] "POST /xingrg/login.do HTTP/1.1" 302 -
172.20.0.100 - - [16/May/2023:09:28:39 +0800] "GET /xingrg/index.html?sysBaseUrl=http%3A%2F%2F172.20.0.8%3A18081%2Fxingrg%2F&costTime=212×tamp=1684200519553 HTTP/1.1" 200 17448
172.20.0.100 - - [16/May/2023:09:28:39 +0800] "GET /favicon.ico HTTP/1.1" 404 -
172.20.0.100 - - [16/May/2023:09:28:40 +0800] "POST /xingrg/all/common/load_tree.html?tree=area_rest_tree_json&manage=1 HTTP/1.1" 200 3499
172.20.0.100 - - [16/May/2023:09:28:40 +0800] "GET /xingrg/check_reg.html?_=1684200500992 HTTP/1.1" 200 22
172.20.0.100 - - [16/May/2023:09:28:40 +0800] "GET /xingrg/all/function/internal_message.html?_=1684200500992&CODE_STATE=count HTTP/1.1" 200 11
172.20.0.100 - - [16/May/2023:09:28:40 +0800] "POST /xingrg/load_menu.html HTTP/1.1" 200 11529
101.83.241.217 - - [16/May/2023:09:28:44 +0800] "GET /xingrg/login.html HTTP/1.1" 200 7641
101.83.241.217 - - [16/May/2023:09:28:44 +0800] "GET /favicon.ico HTTP/1.1" 404 -
172.20.0.100 - - [16/May/2023:09:28:46 +0800] "POST /xingrg/all/user/operate.html HTTP/1.1" 200 36
172.20.0.100 - - [16/May/2023:09:28:46 +0800] "GET /xingrg/index.html?sysBaseUrl=http%3A%2F%2F172.20.0.8%3A18081%2Fxingrg%2F&costTime=212×tamp=1684200519553 HTTP/1.1" 200 17454
172.20.0.100 - - [16/May/2023:09:28:46 +0800] "GET /xingrg/javascript/jquery_easy_ui/themes/default/easyui.css HTTP/1.1" 304 -
