116.238.139.35 - - [16/May/2023:08:30:57 +0800] "POST /xingrg/kc/buy/cgsh_order_operate.html HTTP/1.1" 200 8245
116.238.139.35 - - [16/May/2023:08:30:57 +0800] "GET /xingrg/javascript/easyui/themes/icons/edit_remove.png HTTP/1.1" 200 625
116.238.139.35 - - [16/May/2023:08:30:57 +0800] "GET /xingrg/javascript/easyui/themes/default/validatebox.css HTTP/1.1" 404 1104
116.238.139.35 - - [16/May/2023:08:30:57 +0800] "GET /xingrg/javascript/easyui/plugins/jquery.validatebox.js HTTP/1.1" 200 6103
116.238.139.35 - - [16/May/2023:08:30:57 +0800] "GET /xingrg/javascript/easyui/plugins/jquery.numberbox.js HTTP/1.1" 200 5213
116.238.139.35 - - [16/May/2023:08:30:57 +0800] "GET /xingrg/all/common/auto_word.html?type=employee&rest_code=00150 HTTP/1.1" 200 159
116.238.139.35 - - [16/May/2023:08:30:57 +0800] "GET /xingrg/all/common/auto_word.html?type=employee&rest_code=00150 HTTP/1.1" 200 159
116.238.139.35 - - [16/May/2023:08:31:01 +0800] "GET /xingrg/javascript/auto/indicator.gif HTTP/1.1" 404 1066
124.79.240.114 - - [16/May/2023:08:31:03 +0800] "GET /xingrg/check_reg.html?_=1684197058956 HTTP/1.1" 302 -
124.79.240.114 - - [16/May/2023:08:31:03 +0800] "GET /xingrg/all/function/internal_message.html?_=1684197058959&CODE_STATE=getMsg HTTP/1.1" 302 -
116.235.240.236 - - [16/May/2023:08:31:09 +0800] "GET /xingrg/all/function/internal_message.html?_=1684197079242&CODE_STATE=getMsg HTTP/1.1" 200 27
116.238.139.35 - - [16/May/2023:08:31:13 +0800] "GET /xingrg/kc/buy/cgsh_order_operate.html?command=get_materiel&rest_code=00150&code=00101001010&supplier_code=00100096&order_time=2023-05-16 HTTP/1.1" 200 409
116.238.139.35 - - [16/May/2023:08:31:15 +0800] "GET /xingrg/all/function/internal_message.html?_=1684197073713&CODE_STATE=getMsg HTTP/1.1" 200 27
116.238.139.35 - - [16/May/2023:08:31:15 +0800] "GET /xingrg/all/function/internal_message.html?_=1684196999737&CODE_STATE=getMsg HTTP/1.1" 200 27
116.238.139.35 - - [16/May/2023:08:31:30 +0800] "GET /xingrg/kc/buy/cgsh_order_operate.html?command=get_materiel&rest_code=00150&code=00101001075&supplier_code=00100096&order_time=2023-05-16 HTTP/1.1" 200 411
180.164.3.199 - - [16/May/2023:08:31:45 +0800] "GET /xingrg/all/function/internal_message.html?_=1684197104589&CODE_STATE=getMsg HTTP/1.1" 200 27
120.253.135.82 - - [16/May/2023:08:31:47 +0800] "GET /xingrg/all/function/internal_message.html?_=1684196945044&CODE_STATE=getMsg HTTP/1.1" 200 27
116.238.139.35 - - [16/May/2023:08:31:48 +0800] "GET /xingrg/kc/buy/cgsh_order_operate.html?command=get_materiel&rest_code=00150&code=00101037251&supplier_code=00100096&order_time=2023-05-16 HTTP/1.1" 200 433
116.235.240.236 - - [16/May/2023:08:32:00 +0800] "GET /xingrg/check_reg.html?_=1684197129370 HTTP/1.1" 200 22
124.79.240.114 - - [16/May/2023:08:32:03 +0800] "GET /xingrg/all/function/internal_message.html?_=1684197118951&CODE_STATE=getMsg HTTP/1.1" 302 -
116.238.139.35 - - [16/May/2023:08:32:04 +0800] "GET /xingrg/kc/buy/cgsh_order_operate.html?command=get_materiel&rest_code=00150&code=00101007006&supplier_code=00100096&order_time=2023-05-16 HTTP/1.1" 200 413
116.235.240.236 - - [16/May/2023:08:32:09 +0800] "GET /xingrg/all/function/internal_message.html?_=1684197139257&CODE_STATE=getMsg HTTP/1.1" 200 27
116.238.139.35 - - [16/May/2023:08:32:15 +0800] "GET /xingrg/check_reg.html?_=1684197133714 HTTP/1.1" 200 22
116.238.139.35 - - [16/May/2023:08:32:15 +0800] "GET /xingrg/all/function/internal_message.html?_=1684197133718&CODE_STATE=getMsg HTTP/1.1" 200 27
116.238.139.35 - - [16/May/2023:08:32:15 +0800] "GET /xingrg/all/function/internal_message.html?_=1684197059754&CODE_STATE=getMsg HTTP/1.1" 200 27
116.238.139.35 - - [16/May/2023:08:32:23 +0800] "GET /xingrg/kc/buy/cgsh_order_operate.html?command=get_materiel&rest_code=00150&code=00101007061&supplier_code=00100096&order_time=2023-05-16 HTTP/1.1" 200 411
116.238.139.35 - - [16/May/2023:08:32:41 +0800] "GET /xingrg/kc/buy/cgsh_order_operate.html?command=get_materiel&rest_code=00150&code=00101006111&supplier_code=00100096&order_time=2023-05-16 HTTP/1.1" 200 411
180.164.3.199 - - [16/May/2023:08:32:45 +0800] "GET /xingrg/all/function/internal_message.html?_=1684197164574&CODE_STATE=getMsg HTTP/1.1" 200 27
120.253.135.82 - - [16/May/2023:08:32:47 +0800] "GET /xingrg/all/function/internal_message.html?_=1684197005065&CODE_STATE=getMsg HTTP/1.1" 200 27
116.238.139.35 - - [16/May/2023:08:32:58 +0800] "GET /xingrg/kc/buy/cgsh_order_operate.html?command=get_materiel&rest_code=00150&code=00101007134&supplier_code=00100096&order_time=2023-05-16 HTTP/1.1" 200 415
124.79.240.114 - - [16/May/2023:08:33:03 +0800] "GET /xingrg/all/function/internal_message.html?_=1684197178973&CODE_STATE=getMsg HTTP/1.1" 302 -
116.235.240.236 - - [16/May/2023:08:33:09 +0800] "GET /xingrg/all/function/internal_message.html?_=1684197199273&CODE_STATE=getMsg HTTP/1.1" 200 27
116.238.139.35 - - [16/May/2023:08:33:13 +0800] "GET /xingrg/kc/buy/cgsh_order_operate.html?command=get_materiel&rest_code=00150&code=00101007181&supplier_code=00100096&order_time=2023-05-16 HTTP/1.1" 200 412
116.238.139.35 - - [16/May/2023:08:33:15 +0800] "GET /xingrg/all/function/internal_message.html?_=1684197193720&CODE_STATE=getMsg HTTP/1.1" 200 27
116.238.139.35 - - [16/May/2023:08:33:15 +0800] "GET /xingrg/all/function/internal_message.html?_=1684197119764&CODE_STATE=getMsg HTTP/1.1" 200 27
116.238.139.35 - - [16/May/2023:08:33:34 +0800] "GET /xingrg/javascript/easyui/themes/default/images/button_plain_hover.png HTTP/1.1" 200 144
116.238.139.35 - - [16/May/2023:08:33:42 +0800] "POST /xingrg/kc/buy/cgsh_order_operate.html HTTP/1.1" 200 37
180.164.3.199 - - [16/May/2023:08:33:45 +0800] "GET /xingrg/all/function/internal_message.html?_=1684197224551&CODE_STATE=getMsg HTTP/1.1" 200 27
120.253.135.82 - - [16/May/2023:08:33:47 +0800] "GET /xingrg/all/function/internal_message.html?_=1684197065071&CODE_STATE=getMsg HTTP/1.1" 200 27
116.238.139.35 - - [16/May/2023:08:33:52 +0800] "POST /xingrg/kc/buy/cgsh_order_operate.html HTTP/1.1" 200 12
116.238.139.35 - - [16/May/2023:08:33:55 +0800] "GET /xingrg/kc/buy/cgsh_order_info.html?code=212023051605763 HTTP/1.1" 200 66323
116.238.139.35 - - [16/May/2023:08:33:55 +0800] "GET /xingrg/css/site.css HTTP/1.1" 200 7541
116.238.139.35 - - [16/May/2023:08:33:55 +0800] "GET /xingrg/css/base.css HTTP/1.1" 200 2811
116.238.139.35 - - [16/May/2023:08:33:55 +0800] "GET /xingrg/javascript/jquery_tools/datebox.css HTTP/1.1" 200 2597
116.238.139.35 - - [16/May/2023:08:33:55 +0800] "GET /xingrg/javascript/jquery_tools/table.css HTTP/1.1" 200 1032
116.238.139.35 - - [16/May/2023:08:33:55 +0800] "GET /xingrg/javascript/auto/jquery.autocomplete.css HTTP/1.1" 200 587
116.238.139.35 - - [16/May/2023:08:33:55 +0800] "GET /xingrg/javascript/jquery_tools/fix.css HTTP/1.1" 200 1702
116.238.139.35 - - [16/May/2023:08:33:55 +0800] "GET /xingrg/javascript/easyui/themes/default/easyui.css HTTP/1.1" 200 30432
116.238.139.35 - - [16/May/2023:08:33:55 +0800] "GET /xingrg/javascript/easyui/themes/icon.css HTTP/1.1" 200 4483
116.238.139.35 - - [16/May/2023:08:33:55 +0800] "GET /xingrg/javascript/pic_change.js HTTP/1.1" 200 4739
116.238.139.35 - - [16/May/2023:08:33:55 +0800] "GET /xingrg/javascript/print/LodopFuncs.js HTTP/1.1" 200 5121
116.238.139.35 - - [16/May/2023:08:33:55 +0800] "GET /xingrg/javascript/jquery.utils.js HTTP/1.1" 200 11805
116.238.139.35 - - [16/May/2023:08:33:55 +0800] "GET /xingrg/javascript/convert.js HTTP/1.1" 200 1239
116.238.139.35 - - [16/May/2023:08:33:55 +0800] "GET /xingrg/javascript/json2.js HTTP/1.1" 200 11259
116.238.139.35 - - [16/May/2023:08:33:55 +0800] "GET /xingrg/javascript/print/kc_print.js HTTP/1.1" 200 11415
116.238.139.35 - - [16/May/2023:08:33:55 +0800] "GET /xingrg/javascript/jquery_tools/jquery.tools.table.js HTTP/1.1" 200 6994
116.238.139.35 - - [16/May/2023:08:33:55 +0800] "GET /xingrg/javascript/jquery.cookie.js HTTP/1.1" 200 5513
116.238.139.35 - - [16/May/2023:08:33:55 +0800] "GET /xingrg/javascript/jquery_tools/order_manager.js HTTP/1.1" 200 11183
116.238.139.35 - - [16/May/2023:08:33:56 +0800] "GET /xingrg/javascript/jquery_tools/jquery.tools.min.js HTTP/1.1" 200 138801
116.238.139.35 - - [16/May/2023:08:33:56 +0800] "GET /xingrg/javascript/easyui/easyloader.js HTTP/1.1" 200 5975
116.238.139.35 - - [16/May/2023:08:33:56 +0800] "GET /xingrg/javascript/jquery_tools/jquery.tools.extend.js HTTP/1.1" 200 15385
116.238.139.35 - - [16/May/2023:08:33:56 +0800] "GET /xingrg/javascript/jquery_tools/jquery.tools.hotkey.js HTTP/1.1" 200 3242
116.238.139.35 - - [16/May/2023:08:33:56 +0800] "GET /xingrg/javascript/auto/jquery.autocomplete.js HTTP/1.1" 200 21624
116.238.139.35 - - [16/May/2023:08:33:56 +0800] "GET /xingrg/words/20230515114403_words.js HTTP/1.1" 200 964957
116.238.139.35 - - [16/May/2023:08:33:56 +0800] "GET /xingrg/javascript/easyui/themes/icons/copy_new.png HTTP/1.1" 200 815
116.238.139.35 - - [16/May/2023:08:33:56 +0800] "GET /xingrg/javascript/easyui/themes/default/images/menu_downarrow.png HTTP/1.1" 200 173
116.238.139.35 - - [16/May/2023:08:33:56 +0800] "GET /xingrg/javascript/easyui/themes/icons/print.png HTTP/1.1" 200 1057
116.238.139.35 - - [16/May/2023:08:33:56 +0800] "GET /xingrg/javascript/easyui/themes/icons/cancel.png HTTP/1.1" 200 1133
116.238.139.35 - - [16/May/2023:08:33:56 +0800] "GET /xingrg/javascript/easyui/plugins/jquery.parser.js HTTP/1.1" 200 1142
116.238.139.35 - - [16/May/2023:08:33:56 +0800] "GET /xingrg/javascript/easyui/themes/default/validatebox.css HTTP/1.1" 404 1104
116.238.139.35 - - [16/May/2023:08:33:56 +0800] "GET /xingrg/javascript/easyui/plugins/jquery.validatebox.js HTTP/1.1" 200 6103
116.238.139.35 - - [16/May/2023:08:33:56 +0800] "GET /xingrg/javascript/easyui/plugins/jquery.numberbox.js HTTP/1.1" 200 5213
180.164.3.199 - - [16/May/2023:08:33:56 +0800] "GET /xingrg/check_reg.html?_=1684197235909 HTTP/1.1" 200 22
116.238.139.35 - - [16/May/2023:08:33:57 +0800] "POST /xingrg/kc/buy/cgsh_order_operate.html HTTP/1.1" 200 4776
116.238.139.35 - - [16/May/2023:08:33:57 +0800] "GET /xingrg/javascript/easyui/themes/icons/edit_remove.png HTTP/1.1" 200 625
116.238.139.35 - - [16/May/2023:08:33:59 +0800] "GET /xingrg/kc/print/load_config.html?kc_code=cgsh HTTP/1.1" 200 1925
116.238.139.35 - - [16/May/2023:08:34:01 +0800] "GET /xingrg/kc/print/load_data.html?order_code=212023051605763&kc_code=cgsh&condition= HTTP/1.1" 200 2309
180.156.206.150 - - [16/May/2023:08:34:02 +0800] "GET /xingrg/login.html HTTP/1.1" 200 7641
180.156.206.150 - - [16/May/2023:08:34:02 +0800] "GET /xingrg/images/blue/jxLogo.png HTTP/1.1" 200 6156
180.156.206.150 - - [16/May/2023:08:34:02 +0800] "GET /xingrg/images/blue/login_bg.png HTTP/1.1" 200 22101
180.156.206.150 - - [16/May/2023:08:34:02 +0800] "GET /xingrg/images/blue/hj.png HTTP/1.1" 200 1014
180.156.206.150 - - [16/May/2023:08:34:02 +0800] "GET /xingrg/images/blue/srbg.png HTTP/1.1" 200 138
180.156.206.150 - - [16/May/2023:08:34:02 +0800] "GET /favicon.ico HTTP/1.1" 404 -
124.79.240.114 - - [16/May/2023:08:34:03 +0800] "GET /xingrg/all/function/internal_message.html?_=1684197238971&CODE_STATE=getMsg HTTP/1.1" 302 -
180.156.206.150 - - [16/May/2023:08:34:05 +0800] "POST /xingrg/login.do HTTP/1.1" 302 -
180.156.206.150 - - [16/May/2023:08:34:05 +0800] "GET /xingrg/index.html?sysBaseUrl=http%3A%2F%2F180.169.147.146%3A18081%2Fxingrg%2F&costTime=1590×tamp=1684197245446 HTTP/1.1" 200 17173
180.156.206.150 - - [16/May/2023:08:34:05 +0800] "GET /xingrg/javascript/jquery_easy_ui/themes/icon.css HTTP/1.1" 200 3949
180.156.206.150 - - [16/May/2023:08:34:05 +0800] "GET /xingrg/javascript/jquery_easy_ui/themes/default/easyui.css HTTP/1.1" 200 26500
180.156.206.150 - - [16/May/2023:08:34:05 +0800] "GET /xingrg/css/form.css HTTP/1.1" 200 893
180.156.206.150 - - [16/May/2023:08:34:05 +0800] "GET /xingrg/javascript/jquery.form.js HTTP/1.1" 200 23110
180.156.206.150 - - [16/May/2023:08:34:05 +0800] "GET /xingrg/javascript/jquery.utils.js HTTP/1.1" 200 11805
180.156.206.150 - - [16/May/2023:08:34:05 +0800] "GET /xingrg/javascript/jquery-1.4.2.min.js HTTP/1.1" 200 72205
180.156.206.150 - - [16/May/2023:08:34:05 +0800] "GET /xingrg/javascript/jquery.timers.js HTTP/1.1" 200 3532
180.156.206.150 - - [16/May/2023:08:34:05 +0800] "GET /xingrg/javascript/jquery_easy_ui/easyui-lang-zh_CN.js HTTP/1.1" 200 1900
180.156.206.150 - - [16/May/2023:08:34:05 +0800] "GET /xingrg/javascript/jquery_easy_ui/jquery.easyui.min.js HTTP/1.1" 200 213662
180.156.206.150 - - [16/May/2023:08:34:05 +0800] "GET /favicon.ico HTTP/1.1" 404 -
180.156.206.150 - - [16/May/2023:08:34:05 +0800] "GET /xingrg/javascript/jquery_easy_ui/themes/icons/settle_new.png HTTP/1.1" 200 826
180.156.206.150 - - [16/May/2023:08:34:05 +0800] "GET /xingrg/images/blue/navBackgound.jpg HTTP/1.1" 200 12378
180.156.206.150 - - [16/May/2023:08:34:05 +0800] "GET /xingrg/images/blue/pingpu.png HTTP/1.1" 200 231
180.156.206.150 - - [16/May/2023:08:34:05 +0800] "GET /xingrg/check_reg.html?_=1684197245599 HTTP/1.1" 200 22
180.156.206.150 - - [16/May/2023:08:34:05 +0800] "GET /xingrg/javascript/jquery_easy_ui/themes/default/images/tabs_leftarrow.png HTTP/1.1" 200 389
180.156.206.150 - - [16/May/2023:08:34:05 +0800] "GET /xingrg/javascript/jquery_easy_ui/themes/default/images/tabs_rightarrow.png HTTP/1.1" 200 395
180.156.206.150 - - [16/May/2023:08:34:05 +0800] "GET /xingrg/javascript/jquery_easy_ui/themes/default/images/panel_tool_collapse.gif HTTP/1.1" 200 246
180.156.206.150 - - [16/May/2023:08:34:06 +0800] "GET /xingrg/all/function/internal_message.html?_=1684197245599&CODE_STATE=count HTTP/1.1" 200 11
180.156.206.150 - - [16/May/2023:08:34:06 +0800] "POST /xingrg/load_menu.html HTTP/1.1" 200 5138
180.156.206.150 - - [16/May/2023:08:34:06 +0800] "POST /xingrg/all/common/load_tree.html?tree=area_rest_tree_json&manage=1 HTTP/1.1" 200 342
180.156.206.150 - - [16/May/2023:08:34:06 +0800] "GET /xingrg/javascript/jquery_easy_ui/themes/default/images/tree_arrows.gif HTTP/1.1" 200 1043
180.156.206.150 - - [16/May/2023:08:34:06 +0800] "GET /xingrg/javascript/jquery_easy_ui/themes/default/images/tree_folder_open.gif HTTP/1.1" 200 956
180.156.206.150 - - [16/May/2023:08:34:06 +0800] "GET /xingrg/javascript/jquery_easy_ui/themes/icons/search_new.png HTTP/1.1" 200 586
180.156.206.150 - - [16/May/2023:08:34:06 +0800] "GET /xingrg/javascript/jquery_easy_ui/themes/icons/storage_new.png HTTP/1.1" 200 853
180.156.206.150 - - [16/May/2023:08:34:06 +0800] "GET /xingrg/javascript/jquery_easy_ui/themes/default/images/tree_folder.gif HTTP/1.1" 200 952
180.156.206.150 - - [16/May/2023:08:34:06 +0800] "GET /xingrg/javascript/jquery_easy_ui/themes/icons/forms_new.png HTTP/1.1" 200 350
180.156.206.150 - - [16/May/2023:08:34:06 +0800] "GET /xingrg/javascript/jquery_easy_ui/themes/default/images/tree_file.gif HTTP/1.1" 200 118
180.156.206.150 - - [16/May/2023:08:34:08 +0800] "GET /xingrg/javascript/jquery_easy_ui/themes/default/images/tabs_close.gif HTTP/1.1" 200 829
180.156.206.150 - - [16/May/2023:08:34:09 +0800] "GET /xingrg/kc/buy/cgsh_order_list.html HTTP/1.1" 200 55582
180.156.206.150 - - [16/May/2023:08:34:09 +0800] "GET /xingrg/css/base.css HTTP/1.1" 200 2811
180.156.206.150 - - [16/May/2023:08:34:09 +0800] "GET /xingrg/javascript/jquery_tools/datebox.css HTTP/1.1" 200 2597
180.156.206.150 - - [16/May/2023:08:34:09 +0800] "GET /xingrg/css/site.css HTTP/1.1" 200 7541
180.156.206.150 - - [16/May/2023:08:34:09 +0800] "GET /xingrg/javascript/easyui/themes/default/easyui.css HTTP/1.1" 200 30432
180.156.206.150 - - [16/May/2023:08:34:09 +0800] "GET /xingrg/javascript/easyui/themes/icon.css HTTP/1.1" 200 4483
180.156.206.150 - - [16/May/2023:08:34:09 +0800] "GET /xingrg/javascript/auto/jquery.autocomplete.css HTTP/1.1" 200 587
180.156.206.150 - - [16/May/2023:08:34:09 +0800] "GET /xingrg/javascript/jquery_tools/fix.css HTTP/1.1" 200 1702
180.156.206.150 - - [16/May/2023:08:34:09 +0800] "GET /xingrg/javascript/jquery_tools/table.css HTTP/1.1" 200 1032
180.156.206.150 - - [16/May/2023:08:34:09 +0800] "GET /xingrg/javascript/jquery_tools/jquery.tools.min.js HTTP/1.1" 200 138801
180.156.206.150 - - [16/May/2023:08:34:09 +0800] "GET /xingrg/javascript/jquery_tools/jquery.tools.hotkey.js HTTP/1.1" 200 3242
180.156.206.150 - - [16/May/2023:08:34:09 +0800] "GET /xingrg/javascript/jquery_tools/jquery.tools.extend.js HTTP/1.1" 200 15385
180.156.206.150 - - [16/May/2023:08:34:09 +0800] "GET /xingrg/javascript/jquery_tools/jquery.tools.table.js HTTP/1.1" 200 6994
180.156.206.150 - - [16/May/2023:08:34:09 +0800] "GET /xingrg/javascript/jquery_tools/list_manager.js HTTP/1.1" 200 3652
180.156.206.150 - - [16/May/2023:08:34:09 +0800] "GET /xingrg/javascript/auto/jquery.autocomplete.js HTTP/1.1" 200 21624
180.156.206.150 - - [16/May/2023:08:34:09 +0800] "GET /xingrg/javascript/easyui/easyloader.js HTTP/1.1" 200 5975
180.156.206.150 - - [16/May/2023:08:34:09 +0800] "GET /xingrg/javascript/jquery.cookie.js HTTP/1.1" 200 5513
180.156.206.150 - - [16/May/2023:08:34:09 +0800] "GET /xingrg/javascript/print/LodopFuncs.js HTTP/1.1" 200 5121
116.235.240.236 - - [16/May/2023:08:34:09 +0800] "GET /xingrg/all/function/internal_message.html?_=1684197259294&CODE_STATE=getMsg HTTP/1.1" 200 27
180.156.206.150 - - [16/May/2023:08:34:10 +0800] "GET /xingrg/javascript/easyui/themes/icons/edit_add_new.png HTTP/1.1" 200 2997
180.156.206.150 - - [16/May/2023:08:34:10 +0800] "GET /xingrg/javascript/easyui/themes/icons/cance_new.png HTTP/1.1" 200 3986
180.156.206.150 - - [16/May/2023:08:34:10 +0800] "GET /xingrg/javascript/easyui/themes/icons/check_new.png HTTP/1.1" 200 3224
180.156.206.150 - - [16/May/2023:08:34:10 +0800] "GET /xingrg/javascript/easyui/themes/icons/field_new.png HTTP/1.1" 200 1097
180.156.206.150 - - [16/May/2023:08:34:10 +0800] "GET /xingrg/javascript/easyui/themes/icons/import_new.png HTTP/1.1" 200 1247
180.156.206.150 - - [16/May/2023:08:34:10 +0800] "GET /xingrg/javascript/easyui/plugins/jquery.parser.js HTTP/1.1" 200 1142
180.156.206.150 - - [16/May/2023:08:34:10 +0800] "GET /xingrg/images/control/ajaxLoader.gif HTTP/1.1" 200 4659
180.156.206.150 - - [16/May/2023:08:34:13 +0800] "POST /xingrg/kc/buy/cgsh_list_operate.html HTTP/1.1" 200 986
116.238.139.35 - - [16/May/2023:08:34:15 +0800] "GET /xingrg/all/function/internal_message.html?_=1684197253722&CODE_STATE=getMsg HTTP/1.1" 200 27
116.238.139.35 - - [16/May/2023:08:34:15 +0800] "GET /xingrg/all/function/internal_message.html?_=1684197179777&CODE_STATE=getMsg HTTP/1.1" 200 27
180.156.206.150 - - [16/May/2023:08:34:27 +0800] "GET /xingrg/javascript/easyui/themes/default/images/button_plain_hover.png HTTP/1.1" 200 144
180.156.206.150 - - [16/May/2023:08:34:29 +0800] "GET /xingrg/kc/buy/cgsh_order_add.html HTTP/1.1" 200 71399
180.156.206.150 - - [16/May/2023:08:34:29 +0800] "GET /xingrg/javascript/pic_change.js HTTP/1.1" 200 4739
180.156.206.150 - - [16/May/2023:08:34:29 +0800] "GET /xingrg/javascript/jquery_tools/order_manager.js HTTP/1.1" 200 11183
180.156.206.150 - - [16/May/2023:08:34:29 +0800] "GET /xingrg/javascript/convert.js HTTP/1.1" 200 1239
180.156.206.150 - - [16/May/2023:08:34:29 +0800] "GET /xingrg/javascript/json2.js HTTP/1.1" 200 11259
180.156.206.150 - - [16/May/2023:08:34:29 +0800] "GET /xingrg/javascript/print/kc_print.js HTTP/1.1" 200 11415
180.156.206.150 - - [16/May/2023:08:34:29 +0800] "GET /xingrg/words/20230515114403_words.js HTTP/1.1" 200 964957
180.156.206.150 - - [16/May/2023:08:34:29 +0800] "GET /xingrg/javascript/easyui/themes/icons/template_new.png HTTP/1.1" 200 3956
180.156.206.150 - - [16/May/2023:08:34:29 +0800] "GET /xingrg/javascript/easyui/themes/icons/copy_new.png HTTP/1.1" 200 815
180.156.206.150 - - [16/May/2023:08:34:29 +0800] "GET /xingrg/javascript/easyui/themes/icons/ok.png HTTP/1.1" 200 883
180.156.206.150 - - [16/May/2023:08:34:29 +0800] "GET /xingrg/javascript/easyui/themes/icons/print.png HTTP/1.1" 200 1057
180.156.206.150 - - [16/May/2023:08:34:29 +0800] "GET /xingrg/javascript/easyui/themes/default/images/menu_downarrow.png HTTP/1.1" 200 173
180.156.206.150 - - [16/May/2023:08:34:29 +0800] "GET /xingrg/javascript/easyui/themes/icons/cancel.png HTTP/1.1" 200 1133
180.156.206.150 - - [16/May/2023:08:34:29 +0800] "POST /xingrg/kc/buy/cgsh_order_operate.html HTTP/1.1" 200 8245
180.156.206.150 - - [16/May/2023:08:34:29 +0800] "GET /xingrg/javascript/easyui/themes/default/validatebox.css HTTP/1.1" 404 1104
180.156.206.150 - - [16/May/2023:08:34:29 +0800] "GET /xingrg/javascript/easyui/plugins/jquery.validatebox.js HTTP/1.1" 200 6103
180.156.206.150 - - [16/May/2023:08:34:29 +0800] "GET /xingrg/javascript/easyui/themes/icons/edit_remove.png HTTP/1.1" 200 625
180.156.206.150 - - [16/May/2023:08:34:29 +0800] "GET /xingrg/javascript/easyui/plugins/jquery.numberbox.js HTTP/1.1" 200 5213
180.156.206.150 - - [16/May/2023:08:34:29 +0800] "GET /xingrg/all/common/auto_word.html?type=employee&rest_code=00102 HTTP/1.1" 200 189
180.156.206.150 - - [16/May/2023:08:34:29 +0800] "GET /xingrg/all/common/auto_word.html?type=employee&rest_code=00102 HTTP/1.1" 200 189
180.156.206.150 - - [16/May/2023:08:34:30 +0800] "GET /xingrg/javascript/auto/indicator.gif HTTP/1.1" 404 1066
180.164.3.199 - - [16/May/2023:08:34:45 +0800] "GET /xingrg/all/function/internal_message.html?_=1684197284526&CODE_STATE=getMsg HTTP/1.1" 200 27
120.253.135.82 - - [16/May/2023:08:34:46 +0800] "GET /xingrg/check_reg.html?_=1684197124784 HTTP/1.1" 200 22
120.253.135.82 - - [16/May/2023:08:34:47 +0800] "GET /xingrg/all/function/internal_message.html?_=1684197125085&CODE_STATE=getMsg HTTP/1.1" 200 27
116.228.172.94 - - [16/May/2023:08:34:47 +0800] "GET /xingrg/check_reg.html?_=1684197095485 HTTP/1.1" 302 -
124.79.240.114 - - [16/May/2023:08:35:03 +0800] "GET /xingrg/all/function/internal_message.html?_=1684197298947&CODE_STATE=getMsg HTTP/1.1" 302 -
180.156.206.150 - - [16/May/2023:08:35:05 +0800] "GET /xingrg/all/function/internal_message.html?_=1684197305617&CODE_STATE=getMsg HTTP/1.1" 200 27
116.235.240.236 - - [16/May/2023:08:35:09 +0800] "GET /xingrg/all/function/internal_message.html?_=1684197319297&CODE_STATE=getMsg HTTP/1.1" 200 27
116.238.139.35 - - [16/May/2023:08:35:10 +0800] "POST /xingrg/all/user/operate.html HTTP/1.1" 200 36
116.238.139.35 - - [16/May/2023:08:35:11 +0800] "GET /xingrg/index.html?sysBaseUrl=http%3A%2F%2F180.169.147.146%3A18081%2Fxingrg%2F&costTime=988×tamp=1684146838681 HTTP/1.1" 200 17177
116.238.139.35 - - [16/May/2023:08:35:11 +0800] "GET /xingrg/javascript/jquery_easy_ui/themes/default/easyui.css HTTP/1.1" 304 -
116.238.139.35 - - [16/May/2023:08:35:11 +0800] "GET /xingrg/javascript/jquery_easy_ui/themes/icon.css HTTP/1.1" 304 -
116.238.139.35 - - [16/May/2023:08:35:11 +0800] "GET /xingrg/css/form.css HTTP/1.1" 304 -
116.238.139.35 - - [16/May/2023:08:35:11 +0800] "GET /xingrg/javascript/jquery-1.4.2.min.js HTTP/1.1" 304 -
116.238.139.35 - - [16/May/2023:08:35:11 +0800] "GET /xingrg/javascript/jquery_easy_ui/jquery.easyui.min.js HTTP/1.1" 304 -
116.238.139.35 - - [16/May/2023:08:35:11 +0800] "GET /xingrg/javascript/jquery_easy_ui/easyui-lang-zh_CN.js HTTP/1.1" 304 -
116.238.139.35 - - [16/May/2023:08:35:11 +0800] "GET /xingrg/javascript/jquery.form.js HTTP/1.1" 304 -
116.238.139.35 - - [16/May/2023:08:35:11 +0800] "GET /xingrg/javascript/jquery.utils.js HTTP/1.1" 304 -
116.238.139.35 - - [16/May/2023:08:35:11 +0800] "GET /xingrg/javascript/jquery.timers.js HTTP/1.1" 304 -
116.238.139.35 - - [16/May/2023:08:35:11 +0800] "GET /xingrg/images/blue/jxLogo.png HTTP/1.1" 304 -
116.238.139.35 - - [16/May/2023:08:35:11 +0800] "GET /xingrg/images/blue/navBackgound.jpg HTTP/1.1" 304 -
116.238.139.35 - - [16/May/2023:08:35:11 +0800] "GET /xingrg/javascript/jquery_easy_ui/themes/icons/settle_new.png HTTP/1.1" 304 -
116.238.139.35 - - [16/May/2023:08:35:11 +0800] "GET /xingrg/all/function/internal_message.html?_=1684197309965&CODE_STATE=count HTTP/1.1" 200 11
116.238.139.35 - - [16/May/2023:08:35:11 +0800] "GET /xingrg/check_reg.html?_=1684197309966 HTTP/1.1" 200 22
116.238.139.35 - - [16/May/2023:08:35:11 +0800] "GET /xingrg/javascript/jquery_easy_ui/themes/default/images/tabs_leftarrow.png HTTP/1.1" 304 -
116.238.139.35 - - [16/May/2023:08:35:11 +0800] "GET /xingrg/javascript/jquery_easy_ui/themes/default/images/tabs_rightarrow.png HTTP/1.1" 304 -
116.238.139.35 - - [16/May/2023:08:35:11 +0800] "GET /xingrg/javascript/jquery_easy_ui/themes/default/images/panel_tool_collapse.gif HTTP/1.1" 304 -
116.238.139.35 - - [16/May/2023:08:35:11 +0800] "GET /xingrg/images/blue/pingpu.png HTTP/1.1" 304 -
116.238.139.35 - - [16/May/2023:08:35:11 +0800] "POST /xingrg/all/common/load_tree.html?tree=area_rest_tree_json&manage=1 HTTP/1.1" 200 476
116.238.139.35 - - [16/May/2023:08:35:11 +0800] "POST /xingrg/load_menu.html HTTP/1.1" 200 5138
116.238.139.35 - - [16/May/2023:08:35:15 +0800] "GET /xingrg/check_reg.html?_=1684197239761 HTTP/1.1" 200 22
116.238.139.35 - - [16/May/2023:08:35:15 +0800] "GET /xingrg/all/function/internal_message.html?_=1684197239822&CODE_STATE=getMsg HTTP/1.1" 200 27
180.164.3.199 - - [16/May/2023:08:35:45 +0800] "GET /xingrg/all/function/internal_message.html?_=1684197344496&CODE_STATE=getMsg HTTP/1.1" 200 27
120.253.135.82 - - [16/May/2023:08:35:47 +0800] "GET /xingrg/all/function/internal_message.html?_=1684197185098&CODE_STATE=getMsg HTTP/1.1" 200 27
124.79.240.114 - - [16/May/2023:08:36:03 +0800] "GET /xingrg/all/function/internal_message.html?_=1684197358970&CODE_STATE=getMsg HTTP/1.1" 302 -
124.79.240.114 - - [16/May/2023:08:36:03 +0800] "GET /xingrg/check_reg.html?_=1684197358973 HTTP/1.1" 302 -
180.156.206.150 - - [16/May/2023:08:36:05 +0800] "GET /xingrg/all/function/internal_message.html?_=1684197365618&CODE_STATE=getMsg HTTP/1.1" 200 27
116.235.240.236 - - [16/May/2023:08:36:09 +0800] "GET /xingrg/all/function/internal_message.html?_=1684197379317&CODE_STATE=getMsg HTTP/1.1" 200 27
116.238.139.35 - - [16/May/2023:08:36:11 +0800] "GET /xingrg/all/function/internal_message.html?_=1684197369969&CODE_STATE=getMsg HTTP/1.1" 200 27
116.238.139.35 - - [16/May/2023:08:36:13 +0800] "GET /xingrg/kc/buy/cgsh_order_list.html HTTP/1.1" 200 55586
116.238.139.35 - - [16/May/2023:08:36:15 +0800] "GET /xingrg/all/function/internal_message.html?_=1684197299874&CODE_STATE=getMsg HTTP/1.1" 200 27
116.238.139.35 - - [16/May/2023:08:36:17 +0800] "POST /xingrg/kc/buy/cgsh_list_operate.html HTTP/1.1" 200 986
116.238.139.35 - - [16/May/2023:08:36:20 +0800] "GET /xingrg/kc/buy/cgsh_order_add.html HTTP/1.1" 200 70962
116.238.139.35 - - [16/May/2023:08:36:20 +0800] "POST /xingrg/kc/buy/cgsh_order_operate.html HTTP/1.1" 200 8245
116.238.139.35 - - [16/May/2023:08:36:20 +0800] "GET /xingrg/javascript/easyui/themes/default/validatebox.css HTTP/1.1" 404 1104
116.238.139.35 - - [16/May/2023:08:36:20 +0800] "GET /xingrg/all/common/auto_word.html?type=employee&rest_code=00151 HTTP/1.1" 200 293
116.238.139.35 - - [16/May/2023:08:36:20 +0800] "GET /xingrg/all/common/auto_word.html?type=employee&rest_code=00151 HTTP/1.1" 200 293
116.238.139.35 - - [16/May/2023:08:36:22 +0800] "GET /xingrg/javascript/auto/indicator.gif HTTP/1.1" 404 1066
116.238.139.35 - - [16/May/2023:08:36:30 +0800] "GET /xingrg/kc/buy/cgsh_order_operate.html?command=get_materiel&rest_code=00151&code=00101011005&supplier_code=00100047&order_time=2023-05-16 HTTP/1.1" 200 408
180.164.3.199 - - [16/May/2023:08:36:45 +0800] "GET /xingrg/all/function/internal_message.html?_=1684197404476&CODE_STATE=getMsg HTTP/1.1" 200 27
116.238.139.35 - - [16/May/2023:08:36:47 +0800] "GET /xingrg/kc/buy/cgsh_order_operate.html?command=get_materiel&rest_code=00151&code=00101011001&supplier_code=00100047&order_time=2023-05-16 HTTP/1.1" 200 423
120.253.135.82 - - [16/May/2023:08:36:47 +0800] "GET /xingrg/all/function/internal_message.html?_=1684197245112&CODE_STATE=getMsg HTTP/1.1" 200 27
116.238.139.35 - - [16/May/2023:08:36:56 +0800] "POST /xingrg/kc/buy/cgsh_order_operate.html HTTP/1.1" 200 37
116.235.240.236 - - [16/May/2023:08:37:00 +0800] "GET /xingrg/check_reg.html?_=1684197429371 HTTP/1.1" 200 22
124.79.240.114 - - [16/May/2023:08:37:03 +0800] "GET /xingrg/all/function/internal_message.html?_=1684197418954&CODE_STATE=getMsg HTTP/1.1" 302 -
180.156.206.150 - - [16/May/2023:08:37:05 +0800] "GET /xingrg/all/function/internal_message.html?_=1684197425613&CODE_STATE=getMsg HTTP/1.1" 200 27
116.238.139.35 - - [16/May/2023:08:37:06 +0800] "POST /xingrg/kc/buy/cgsh_order_operate.html HTTP/1.1" 200 12
116.235.240.236 - - [16/May/2023:08:37:09 +0800] "GET /xingrg/all/function/internal_message.html?_=1684197439325&CODE_STATE=getMsg HTTP/1.1" 200 27
116.238.139.35 - - [16/May/2023:08:37:10 +0800] "GET /xingrg/kc/buy/cgsh_order_info.html?code=212023051605764 HTTP/1.1" 200 65871
116.238.139.35 - - [16/May/2023:08:37:10 +0800] "GET /xingrg/javascript/easyui/themes/default/validatebox.css HTTP/1.1" 404 1104
116.238.139.35 - - [16/May/2023:08:37:11 +0800] "GET /xingrg/all/function/internal_message.html?_=1684197429978&CODE_STATE=getMsg HTTP/1.1" 200 27
116.238.139.35 - - [16/May/2023:08:37:11 +0800] "POST /xingrg/kc/buy/cgsh_order_operate.html HTTP/1.1" 200 1223
116.238.139.35 - - [16/May/2023:08:37:13 +0800] "GET /xingrg/kc/print/load_data.html?order_code=212023051605764&kc_code=cgsh&condition= HTTP/1.1" 200 1006
116.238.139.35 - - [16/May/2023:08:37:15 +0800] "GET /xingrg/all/function/internal_message.html?_=1684197359881&CODE_STATE=getMsg HTTP/1.1" 200 27
116.238.139.35 - - [16/May/2023:08:37:20 +0800] "GET /xingrg/kc/buy/cgsh_order_add.html HTTP/1.1" 200 70962
116.238.139.35 - - [16/May/2023:08:37:21 +0800] "POST /xingrg/kc/buy/cgsh_order_operate.html HTTP/1.1" 200 8245
116.238.139.35 - - [16/May/2023:08:37:21 +0800] "GET /xingrg/javascript/easyui/themes/default/validatebox.css HTTP/1.1" 404 1104
116.238.139.35 - - [16/May/2023:08:37:33 +0800] "GET /xingrg/kc/buy/cgsh_order_operate.html?command=get_materiel&rest_code=00151&code=00101012084&supplier_code=00100096&order_time=2023-05-16 HTTP/1.1" 200 412
180.164.3.199 - - [16/May/2023:08:37:45 +0800] "GET /xingrg/all/function/internal_message.html?_=1684197464453&CODE_STATE=getMsg HTTP/1.1" 200 27
120.253.135.82 - - [16/May/2023:08:37:47 +0800] "GET /xingrg/all/function/internal_message.html?_=1684197305131&CODE_STATE=getMsg HTTP/1.1" 200 27
116.238.139.35 - - [16/May/2023:08:37:50 +0800] "GET /xingrg/kc/buy/cgsh_order_operate.html?command=get_materiel&rest_code=00151&code=00101016105&supplier_code=00100096&order_time=2023-05-16 HTTP/1.1" 200 409
116.238.139.35 - - [16/May/2023:08:37:58 +0800] "GET /xingrg/kc/buy/cgsh_order_operate.html?command=get_materiel&rest_code=00151&code=00101012060&supplier_code=00100096&order_time=2023-05-16 HTTP/1.1" 200 408
124.79.240.114 - - [16/May/2023:08:38:03 +0800] "GET /xingrg/all/function/internal_message.html?_=1684197478986&CODE_STATE=getMsg HTTP/1.1" 302 -
180.156.206.150 - - [16/May/2023:08:38:05 +0800] "GET /xingrg/all/function/internal_message.html?_=1684197485612&CODE_STATE=getMsg HTTP/1.1" 200 27
116.235.240.236 - - [16/May/2023:08:38:09 +0800] "GET /xingrg/all/function/internal_message.html?_=1684197499337&CODE_STATE=getMsg HTTP/1.1" 200 27
116.238.139.35 - - [16/May/2023:08:38:11 +0800] "GET /xingrg/all/function/internal_message.html?_=1684197490005&CODE_STATE=getMsg HTTP/1.1" 200 27
116.238.139.35 - - [16/May/2023:08:38:15 +0800] "GET /xingrg/all/function/internal_message.html?_=1684197419932&CODE_STATE=getMsg HTTP/1.1" 200 27
116.238.139.35 - - [16/May/2023:08:38:17 +0800] "GET /xingrg/kc/buy/cgsh_order_operate.html?command=get_materiel&rest_code=00151&code=00101016025&supplier_code=00100096&order_time=2023-05-16 HTTP/1.1" 200 408
116.238.139.35 - - [16/May/2023:08:38:25 +0800] "GET /xingrg/kc/buy/cgsh_order_operate.html?command=get_materiel&rest_code=00151&code=00101012039&supplier_code=00100096&order_time=2023-05-16 HTTP/1.1" 200 408
116.238.139.35 - - [16/May/2023:08:38:35 +0800] "GET /xingrg/kc/buy/cgsh_order_operate.html?command=get_materiel&rest_code=00151&code=00101016038&supplier_code=00100096&order_time=2023-05-16 HTTP/1.1" 200 408
180.164.3.199 - - [16/May/2023:08:38:45 +0800] "GET /xingrg/all/function/internal_message.html?_=1684197524427&CODE_STATE=getMsg HTTP/1.1" 200 27
116.238.139.35 - - [16/May/2023:08:38:47 +0800] "GET /xingrg/kc/buy/cgsh_order_operate.html?command=get_materiel&rest_code=00151&code=00101016051&supplier_code=00100096&order_time=2023-05-16 HTTP/1.1" 200 408
120.253.135.82 - - [16/May/2023:08:38:47 +0800] "GET /xingrg/all/function/internal_message.html?_=1684197365139&CODE_STATE=getMsg HTTP/1.1" 200 27
180.164.3.199 - - [16/May/2023:08:38:56 +0800] "GET /xingrg/check_reg.html?_=1684197535885 HTTP/1.1" 200 22
124.79.240.114 - - [16/May/2023:08:39:03 +0800] "GET /xingrg/all/function/internal_message.html?_=1684197538964&CODE_STATE=getMsg HTTP/1.1" 302 -
180.156.206.150 - - [16/May/2023:08:39:05 +0800] "GET /xingrg/check_reg.html?_=1684197545613 HTTP/1.1" 200 22
180.156.206.150 - - [16/May/2023:08:39:05 +0800] "GET /xingrg/all/function/internal_message.html?_=1684197545620&CODE_STATE=getMsg HTTP/1.1" 200 27
116.235.240.236 - - [16/May/2023:08:39:10 +0800] "GET /xingrg/all/function/internal_message.html?_=1684197559365&CODE_STATE=getMsg HTTP/1.1" 200 27
116.224.158.100 - - [16/May/2023:08:39:11 +0800] "GET /favicon.ico HTTP/1.1" 404 -
116.224.158.100 - - [16/May/2023:08:39:11 +0800] "GET /xingrg/index.html?sysBaseUrl=http%3A%2F%2F180.169.147.146%3A18081%2Fxingrg%2F&costTime=36×tamp=1585223203754 HTTP/1.1" 302 -
116.224.158.100 - - [16/May/2023:08:39:11 +0800] "GET /xingrg/login.html HTTP/1.1" 200 7641
116.224.158.100 - - [16/May/2023:08:39:11 +0800] "GET /xingrg/images/blue/jxLogo.png HTTP/1.1" 304 -
116.238.139.35 - - [16/May/2023:08:39:11 +0800] "GET /xingrg/all/function/internal_message.html?_=1684197549977&CODE_STATE=getMsg HTTP/1.1" 200 27
116.224.158.100 - - [16/May/2023:08:39:11 +0800] "GET /xingrg/images/blue/login_bg.png HTTP/1.1" 304 -
116.224.158.100 - - [16/May/2023:08:39:11 +0800] "GET /xingrg/images/blue/hj.png HTTP/1.1" 304 -
116.224.158.100 - - [16/May/2023:08:39:11 +0800] "GET /xingrg/images/blue/srbg.png HTTP/1.1" 304 -
116.224.158.100 - - [16/May/2023:08:39:11 +0800] "GET /favicon.ico HTTP/1.1" 404 -
116.238.139.35 - - [16/May/2023:08:39:15 +0800] "GET /xingrg/all/function/internal_message.html?_=1684197479940&CODE_STATE=getMsg HTTP/1.1" 200 27
116.224.158.100 - - [16/May/2023:08:39:16 +0800] "POST /xingrg/login.do HTTP/1.1" 200 2421
116.224.158.100 - - [16/May/2023:08:39:16 +0800] "GET /favicon.ico HTTP/1.1" 404 -
116.224.158.100 - - [16/May/2023:08:39:17 +0800] "GET /xingrg/login.html HTTP/1.1" 200 7641
116.224.158.100 - - [16/May/2023:08:39:17 +0800] "GET /favicon.ico HTTP/1.1" 404 -
116.224.158.100 - - [16/May/2023:08:39:21 +0800] "POST /xingrg/login.do HTTP/1.1" 302 -
116.224.158.100 - - [16/May/2023:08:39:21 +0800] "GET /xingrg/index.html?sysBaseUrl=http%3A%2F%2F180.169.147.146%3A18081%2Fxingrg%2F&costTime=2664×tamp=1684197561239 HTTP/1.1" 200 17173
116.224.158.100 - - [16/May/2023:08:39:21 +0800] "GET /xingrg/check_reg.html?_=1684197562166 HTTP/1.1" 200 22
116.224.158.100 - - [16/May/2023:08:39:21 +0800] "GET /xingrg/all/function/internal_message.html?_=1684197562165&CODE_STATE=count HTTP/1.1" 200 11
116.224.158.100 - - [16/May/2023:08:39:21 +0800] "GET /favicon.ico HTTP/1.1" 404 -
116.224.158.100 - - [16/May/2023:08:39:22 +0800] "POST /xingrg/all/common/load_tree.html?tree=area_rest_tree_json&manage=1 HTTP/1.1" 200 3499
116.224.158.100 - - [16/May/2023:08:39:22 +0800] "POST /xingrg/load_menu.html HTTP/1.1" 200 5138
116.238.139.35 - - [16/May/2023:08:39:22 +0800] "GET /xingrg/kc/buy/cgsh_order_operate.html?command=get_materiel&rest_code=00151&code=00101001010&supplier_code=00100096&order_time=2023-05-16 HTTP/1.1" 200 409
116.224.158.100 - - [16/May/2023:08:39:27 +0800] "GET /xingrg/kc/buy/cgsh_order_list.html HTTP/1.1" 200 55582
116.224.158.100 - - [16/May/2023:08:39:31 +0800] "POST /xingrg/kc/buy/cgsh_list_operate.html HTTP/1.1" 200 986
116.224.158.100 - - [16/May/2023:08:39:38 +0800] "GET /xingrg/kc/buy/cgsh_order_add.html HTTP/1.1" 200 71446
116.224.158.100 - - [16/May/2023:08:39:38 +0800] "GET /xingrg/words/20230515114403_words.js HTTP/1.1" 200 964957
116.224.158.100 - - [16/May/2023:08:39:39 +0800] "POST /xingrg/kc/buy/cgsh_order_operate.html HTTP/1.1" 200 8245
116.224.158.100 - - [16/May/2023:08:39:39 +0800] "GET /xingrg/javascript/easyui/themes/default/validatebox.css HTTP/1.1" 404 1104
116.224.158.100 - - [16/May/2023:08:39:39 +0800] "GET /xingrg/all/common/auto_word.html?type=employee&rest_code=00105 HTTP/1.1" 200 193
116.224.158.100 - - [16/May/2023:08:39:39 +0800] "GET /xingrg/all/common/auto_word.html?type=employee&rest_code=00105 HTTP/1.1" 200 193
116.238.139.35 - - [16/May/2023:08:39:41 +0800] "GET /xingrg/kc/buy/cgsh_order_operate.html?command=get_materiel&rest_code=00151&code=00101001075&supplier_code=00100096&order_time=2023-05-16 HTTP/1.1" 200 411
180.164.3.199 - - [16/May/2023:08:39:45 +0800] "GET /xingrg/all/function/internal_message.html?_=1684197584416&CODE_STATE=getMsg HTTP/1.1" 200 27
120.253.135.82 - - [16/May/2023:08:39:46 +0800] "GET /xingrg/check_reg.html?_=1684197424785 HTTP/1.1" 200 22
120.253.135.82 - - [16/May/2023:08:39:47 +0800] "GET /xingrg/all/function/internal_message.html?_=1684197425154&CODE_STATE=getMsg HTTP/1.1" 200 27
116.228.172.94 - - [16/May/2023:08:39:47 +0800] "GET /xingrg/check_reg.html?_=1684197395485 HTTP/1.1" 302 -
116.238.139.35 - - [16/May/2023:08:39:56 +0800] "GET /xingrg/kc/buy/cgsh_order_operate.html?command=get_materiel&rest_code=00151&code=00101006013&supplier_code=00100096&order_time=2023-05-16 HTTP/1.1" 200 409
124.79.240.114 - - [16/May/2023:08:40:03 +0800] "GET /xingrg/all/function/internal_message.html?_=1684197598956&CODE_STATE=getMsg HTTP/1.1" 302 -
180.156.206.150 - - [16/May/2023:08:40:05 +0800] "GET /xingrg/all/function/internal_message.html?_=1684197605617&CODE_STATE=getMsg HTTP/1.1" 200 27
116.235.240.236 - - [16/May/2023:08:40:10 +0800] "GET /xingrg/all/function/internal_message.html?_=1684197619381&CODE_STATE=getMsg HTTP/1.1" 200 27
116.238.139.35 - - [16/May/2023:08:40:11 +0800] "GET /xingrg/check_reg.html?_=1684197609975 HTTP/1.1" 200 22
116.238.139.35 - - [16/May/2023:08:40:11 +0800] "GET /xingrg/all/function/internal_message.html?_=1684197609983&CODE_STATE=getMsg HTTP/1.1" 200 27
116.238.139.35 - - [16/May/2023:08:40:15 +0800] "GET /xingrg/check_reg.html?_=1684197539811 HTTP/1.1" 200 22
116.238.139.35 - - [16/May/2023:08:40:15 +0800] "GET /xingrg/all/function/internal_message.html?_=1684197539952&CODE_STATE=getMsg HTTP/1.1" 200 27
116.238.139.35 - - [16/May/2023:08:40:18 +0800] "GET /xingrg/kc/buy/cgsh_order_operate.html?command=get_materiel&rest_code=00151&code=00101006178&supplier_code=00100096&order_time=2023-05-16 HTTP/1.1" 200 411
116.224.158.100 - - [16/May/2023:08:40:21 +0800] "GET /xingrg/all/function/internal_message.html?_=1684197622196&CODE_STATE=getMsg HTTP/1.1" 200 27
180.164.3.199 - - [16/May/2023:08:40:45 +0800] "GET /xingrg/all/function/internal_message.html?_=1684197644414&CODE_STATE=getMsg HTTP/1.1" 200 27
120.253.135.82 - - [16/May/2023:08:40:47 +0800] "GET /xingrg/all/function/internal_message.html?_=1684197485168&CODE_STATE=getMsg HTTP/1.1" 200 27
124.79.240.114 - - [16/May/2023:08:41:03 +0800] "GET /xingrg/check_reg.html?_=1684197658956 HTTP/1.1" 302 -
124.79.240.114 - - [16/May/2023:08:41:03 +0800] "GET /xingrg/all/function/internal_message.html?_=1684197658954&CODE_STATE=getMsg HTTP/1.1" 302 -
116.224.158.100 - - [16/May/2023:08:41:04 +0800] "GET /xingrg/javascript/auto/indicator.gif HTTP/1.1" 404 1066
180.156.206.150 - - [16/May/2023:08:41:05 +0800] "GET /xingrg/all/function/internal_message.html?_=1684197665612&CODE_STATE=getMsg HTTP/1.1" 200 27
116.235.240.236 - - [16/May/2023:08:41:10 +0800] "GET /xingrg/all/function/internal_message.html?_=1684197679402&CODE_STATE=getMsg HTTP/1.1" 200 27
116.238.139.35 - - [16/May/2023:08:41:11 +0800] "GET /xingrg/all/function/internal_message.html?_=1684197669980&CODE_STATE=getMsg HTTP/1.1" 200 27
116.238.139.35 - - [16/May/2023:08:41:15 +0800] "GET /xingrg/all/function/internal_message.html?_=1684197599968&CODE_STATE=getMsg HTTP/1.1" 200 27
116.232.195.127 - - [16/May/2023:08:41:21 +0800] "GET /xingrg/login.do HTTP/1.1" 302 -
116.232.195.127 - - [16/May/2023:08:41:21 +0800] "GET /xingrg/login.html?sysBaseUrl=http%3A%2F%2F180.169.147.146%3A18081%2Fxingrg%2F&costTime=0×tamp=1684197681040 HTTP/1.1" 200 7641
116.232.195.127 - - [16/May/2023:08:41:21 +0800] "GET /favicon.ico HTTP/1.1" 404 -
116.224.158.100 - - [16/May/2023:08:41:21 +0800] "GET /xingrg/all/function/internal_message.html?_=1684197682205&CODE_STATE=getMsg HTTP/1.1" 200 27
116.232.195.127 - - [16/May/2023:08:41:31 +0800] "POST /xingrg/login.do HTTP/1.1" 302 -
116.232.195.127 - - [16/May/2023:08:41:31 +0800] "GET /xingrg/index.html?sysBaseUrl=http%3A%2F%2F180.169.147.146%3A18081%2Fxingrg%2F&costTime=1277×tamp=1606817596806 HTTP/1.1" 302 -
116.232.195.127 - - [16/May/2023:08:41:31 +0800] "GET /xingrg/login.html HTTP/1.1" 200 7641
116.232.195.127 - - [16/May/2023:08:41:32 +0800] "GET /favicon.ico HTTP/1.1" 404 -
116.238.139.35 - - [16/May/2023:08:41:34 +0800] "POST /xingrg/kc/buy/cgsh_order_operate.html HTTP/1.1" 200 37
116.224.158.100 - - [16/May/2023:08:41:34 +0800] "GET /xingrg/kc/buy/cgsh_order_operate.html?command=get_materiel&rest_code=00105&code=00101002027&supplier_code=00100397&order_time=2023-05-16 HTTP/1.1" 200 413
116.232.195.127 - - [16/May/2023:08:41:39 +0800] "POST /xingrg/login.do HTTP/1.1" 302 -
116.232.195.127 - - [16/May/2023:08:41:39 +0800] "GET /xingrg/index.html?sysBaseUrl=http%3A%2F%2F180.169.147.146%3A18081%2Fxingrg%2F&costTime=3598×tamp=1684197699225 HTTP/1.1" 200 17179
116.232.195.127 - - [16/May/2023:08:41:39 +0800] "GET /favicon.ico HTTP/1.1" 404 -
116.232.195.127 - - [16/May/2023:08:41:40 +0800] "GET /xingrg/all/function/internal_message.html?_=1684197748138&CODE_STATE=count HTTP/1.1" 200 11
116.232.195.127 - - [16/May/2023:08:41:40 +0800] "GET /xingrg/check_reg.html?_=1684197748139 HTTP/1.1" 200 22
116.232.195.127 - - [16/May/2023:08:41:40 +0800] "POST /xingrg/all/common/load_tree.html?tree=area_rest_tree_json&manage=1 HTTP/1.1" 200 479
116.232.195.127 - - [16/May/2023:08:41:40 +0800] "POST /xingrg/load_menu.html HTTP/1.1" 200 5138
116.232.195.127 - - [16/May/2023:08:41:44 +0800] "GET /xingrg/kc/buy/cgsh_order_list.html HTTP/1.1" 200 55588
180.164.3.199 - - [16/May/2023:08:41:45 +0800] "GET /xingrg/all/function/internal_message.html?_=1684197704407&CODE_STATE=getMsg HTTP/1.1" 200 27
120.253.135.82 - - [16/May/2023:08:41:47 +0800] "GET /xingrg/all/function/internal_message.html?_=1684197545180&CODE_STATE=getMsg HTTP/1.1" 200 27
116.238.139.35 - - [16/May/2023:08:41:48 +0800] "POST /xingrg/kc/buy/cgsh_order_operate.html HTTP/1.1" 200 12
116.232.195.127 - - [16/May/2023:08:41:50 +0800] "POST /xingrg/kc/buy/cgsh_list_operate.html HTTP/1.1" 200 986
116.238.139.35 - - [16/May/2023:08:41:52 +0800] "GET /xingrg/kc/buy/cgsh_order_info.html?code=212023051605765 HTTP/1.1" 200 65860
116.238.139.35 - - [16/May/2023:08:41:52 +0800] "GET /xingrg/javascript/easyui/themes/default/validatebox.css HTTP/1.1" 404 1104
116.238.139.35 - - [16/May/2023:08:41:53 +0800] "POST /xingrg/kc/buy/cgsh_order_operate.html HTTP/1.1" 200 6566
116.238.139.35 - - [16/May/2023:08:41:56 +0800] "GET /xingrg/kc/print/load_data.html?order_code=212023051605765&kc_code=cgsh&condition= HTTP/1.1" 200 2965
116.224.158.100 - - [16/May/2023:08:41:58 +0800] "GET /xingrg/kc/buy/cgsh_order_operate.html?command=get_materiel&rest_code=00105&code=00101003025&supplier_code=00100397&order_time=2023-05-16 HTTP/1.1" 200 409
116.235.240.236 - - [16/May/2023:08:42:00 +0800] "GET /xingrg/check_reg.html?_=1684197729377 HTTP/1.1" 200 22
124.79.240.114 - - [16/May/2023:08:42:03 +0800] "GET /xingrg/all/function/internal_message.html?_=1684197718968&CODE_STATE=getMsg HTTP/1.1" 302 -
116.238.139.35 - - [16/May/2023:08:42:04 +0800] "GET /xingrg/kc/base/yddb_order_list.html HTTP/1.1" 200 16708
116.238.139.35 - - [16/May/2023:08:42:04 +0800] "POST /xingrg/kc/base/yddb_list_operate.html HTTP/1.1" 200 636
180.156.206.150 - - [16/May/2023:08:42:05 +0800] "GET /xingrg/all/function/internal_message.html?_=1684197725614&CODE_STATE=getMsg HTTP/1.1" 200 27
116.238.139.35 - - [16/May/2023:08:42:06 +0800] "GET /xingrg/kc/base/yddb_order_add.html HTTP/1.1" 200 29953
116.238.139.35 - - [16/May/2023:08:42:06 +0800] "GET /xingrg/dwr/interface/AjaxComOrderService.js HTTP/1.1" 200 18264
116.238.139.35 - - [16/May/2023:08:42:06 +0800] "GET /xingrg/dwr/interface/AjaxYddbService.js HTTP/1.1" 200 13201
116.238.139.35 - - [16/May/2023:08:42:06 +0800] "GET /xingrg/dwr/util.js HTTP/1.1" 304 -
116.238.139.35 - - [16/May/2023:08:42:06 +0800] "GET /xingrg/dwr/engine.js HTTP/1.1" 200 43631
116.238.139.35 - - [16/May/2023:08:42:09 +0800] "POST /xingrg/dwr/call/plaincall/AjaxYddbService.getRestBases.dwr HTTP/1.1" 200 1649
116.235.240.236 - - [16/May/2023:08:42:10 +0800] "GET /xingrg/all/function/internal_message.html?_=1684197739407&CODE_STATE=getMsg HTTP/1.1" 200 27
116.238.139.35 - - [16/May/2023:08:42:11 +0800] "GET /xingrg/all/function/internal_message.html?_=1684197729983&CODE_STATE=getMsg HTTP/1.1" 200 27
116.224.158.100 - - [16/May/2023:08:42:14 +0800] "GET /xingrg/kc/buy/cgsh_order_operate.html?command=get_materiel&rest_code=00105&code=00101001299&supplier_code=00100397&order_time=2023-05-16 HTTP/1.1" 200 413
116.238.139.35 - - [16/May/2023:08:42:15 +0800] "GET /xingrg/all/function/internal_message.html?_=1684197659981&CODE_STATE=getMsg HTTP/1.1" 200 27
116.238.139.35 - - [16/May/2023:08:42:16 +0800] "POST /xingrg/dwr/call/plaincall/AjaxYddbService.saveOrder.dwr HTTP/1.1" 200 78
116.238.139.35 - - [16/May/2023:08:42:17 +0800] "GET /xingrg/images/yd/bt.gif HTTP/1.1" 404 1040
116.238.139.35 - - [16/May/2023:08:42:19 +0800] "POST /xingrg/dwr/call/plaincall/AjaxComOrderService.getMaterielSearchList.dwr HTTP/1.1" 200 23967
116.238.139.35 - - [16/May/2023:08:42:20 +0800] "POST /xingrg/dwr/call/plaincall/AjaxComOrderService.getMaterielSearchList.dwr HTTP/1.1" 200 1812
116.224.158.100 - - [16/May/2023:08:42:21 +0800] "GET /xingrg/all/function/internal_message.html?_=1684197742204&CODE_STATE=getMsg HTTP/1.1" 200 27
116.238.139.35 - - [16/May/2023:08:42:22 +0800] "POST /xingrg/dwr/call/plaincall/AjaxYddbService.getMaterielByMap.dwr HTTP/1.1" 200 2366
116.238.139.35 - - [16/May/2023:08:42:25 +0800] "POST /xingrg/dwr/call/plaincall/AjaxYddbService.getUnitPrice.dwr HTTP/1.1" 200 86
116.238.139.35 - - [16/May/2023:08:42:29 +0800] "POST /xingrg/dwr/call/plaincall/AjaxYddbService.saveMaterielItem.dwr HTTP/1.1" 200 78
116.238.139.35 - - [16/May/2023:08:42:37 +0800] "POST /xingrg/dwr/call/plaincall/AjaxYddbService.checkOrder.dwr HTTP/1.1" 200 78
116.238.139.35 - - [16/May/2023:08:42:39 +0800] "GET /xingrg/kc/base/yddb_order_info.html?code=482023051600081 HTTP/1.1" 200 31307
116.238.139.35 - - [16/May/2023:08:42:39 +0800] "GET /xingrg/dwr/interface/AjaxComOrderService.js HTTP/1.1" 200 18264
116.238.139.35 - - [16/May/2023:08:42:39 +0800] "GET /xingrg/dwr/interface/AjaxYddbService.js HTTP/1.1" 200 13201
116.238.139.35 - - [16/May/2023:08:42:39 +0800] "GET /xingrg/dwr/engine.js HTTP/1.1" 200 43631
116.232.195.127 - - [16/May/2023:08:42:40 +0800] "GET /xingrg/all/function/internal_message.html?_=1684197808160&CODE_STATE=getMsg HTTP/1.1" 200 27
116.238.139.35 - - [16/May/2023:08:42:40 +0800] "POST /xingrg/dwr/call/plaincall/AjaxYddbService.loadMaterielItems.dwr HTTP/1.1" 200 452
116.232.195.127 - - [16/May/2023:08:42:44 +0800] "GET /xingrg/kc/buy/cgsh_order_add.html HTTP/1.1" 200 71411
116.232.195.127 - - [16/May/2023:08:42:44 +0800] "GET /xingrg/words/20230515114403_words.js HTTP/1.1" 304 -
116.232.195.127 - - [16/May/2023:08:42:44 +0800] "POST /xingrg/kc/buy/cgsh_order_operate.html HTTP/1.1" 200 8245
116.232.195.127 - - [16/May/2023:08:42:44 +0800] "GET /xingrg/javascript/easyui/themes/default/validatebox.css HTTP/1.1" 404 1104
116.238.139.35 - - [16/May/2023:08:42:45 +0800] "POST /xingrg/dwr/call/plaincall/AjaxYddbService.saveOrder.dwr HTTP/1.1" 200 78
116.232.195.127 - - [16/May/2023:08:42:45 +0800] "GET /xingrg/all/common/auto_word.html?type=employee&rest_code=00155 HTTP/1.1" 200 205
116.232.195.127 - - [16/May/2023:08:42:45 +0800] "GET /xingrg/all/common/auto_word.html?type=employee&rest_code=00155 HTTP/1.1" 200 205
180.164.3.199 - - [16/May/2023:08:42:45 +0800] "GET /xingrg/all/function/internal_message.html?_=1684197764381&CODE_STATE=getMsg HTTP/1.1" 200 27
120.253.135.82 - - [16/May/2023:08:42:47 +0800] "GET /xingrg/all/function/internal_message.html?_=1684197605201&CODE_STATE=getMsg HTTP/1.1" 200 27
116.238.139.35 - - [16/May/2023:08:42:52 +0800] "POST /xingrg/dwr/call/plaincall/AjaxYddbService.objCheckOrder.dwr HTTP/1.1" 200 78
116.238.139.35 - - [16/May/2023:08:42:54 +0800] "GET /xingrg/kc/base/yddb_order_info.html?code=482023051600081 HTTP/1.1" 200 31428
116.238.139.35 - - [16/May/2023:08:42:54 +0800] "GET /xingrg/dwr/interface/AjaxComOrderService.js HTTP/1.1" 200 18264
116.238.139.35 - - [16/May/2023:08:42:54 +0800] "GET /xingrg/dwr/interface/AjaxYddbService.js HTTP/1.1" 200 13201
116.238.139.35 - - [16/May/2023:08:42:54 +0800] "GET /xingrg/dwr/engine.js HTTP/1.1" 200 43631
116.238.139.35 - - [16/May/2023:08:42:55 +0800] "POST /xingrg/dwr/call/plaincall/AjaxYddbService.loadMaterielItems.dwr HTTP/1.1" 200 452
116.232.195.127 - - [16/May/2023:08:42:55 +0800] "GET /xingrg/javascript/auto/indicator.gif HTTP/1.1" 404 1066
116.232.195.127 - - [16/May/2023:08:42:57 +0800] "GET /xingrg/javascript/jquery_tools/images/prev.gif HTTP/1.1" 404 1086
116.232.195.127 - - [16/May/2023:08:42:57 +0800] "GET /xingrg/javascript/jquery_tools/images/next.gif HTTP/1.1" 404 1086
116.238.139.35 - - [16/May/2023:08:42:57 +0800] "GET /xingrg/kc/buy/cgsh_order_list.html HTTP/1.1" 200 55586
116.238.139.35 - - [16/May/2023:08:43:01 +0800] "POST /xingrg/kc/buy/cgsh_list_operate.html HTTP/1.1" 200 986
