120.253.135.82 - - [16/May/2023:10:54:49 +0800] "GET /xingrg/all/function/internal_message.html?_=1684205527065&CODE_STATE=getMsg HTTP/1.1" 200 27
101.83.241.217 - - [16/May/2023:10:54:49 +0800] "GET /xingrg/all/function/internal_message.html?_=1684205688113&CODE_STATE=getMsg HTTP/1.1" 200 27
124.79.74.67 - - [16/May/2023:10:54:51 +0800] "GET /xingrg/all/function/internal_message.html?_=1684205707500&CODE_STATE=getMsg HTTP/1.1" 200 27
180.156.206.150 - - [16/May/2023:10:54:51 +0800] "GET /xingrg/all/function/internal_message.html?_=1684205699315&CODE_STATE=getMsg HTTP/1.1" 200 27
116.235.240.236 - - [16/May/2023:10:54:52 +0800] "GET /xingrg/kc/buy/cgsh_order_operate.html?command=get_materiel&rest_code=00146&code=00101004030&supplier_code=00100199&order_time=2023-05-16 HTTP/1.1" 200 408
180.164.3.199 - - [16/May/2023:10:54:53 +0800] "GET /xingrg/all/function/internal_message.html?_=1684205692645&CODE_STATE=getMsg HTTP/1.1" 200 27
180.169.147.146 - - [16/May/2023:10:54:54 +0800] "GET /xingrg/kc/buy/cgsh_order_operate.html?command=get_materiel&rest_code=00147&code=00101008349&supplier_code=00100007&order_time=2023-05-16 HTTP/1.1" 200 412
180.169.147.146 - - [16/May/2023:10:55:02 +0800] "GET /xingrg/kc/buy/cgsh_order_operate.html?command=get_materiel&rest_code=00147&code=00101008354&supplier_code=00100007&order_time=2023-05-16 HTTP/1.1" 200 412
180.163.28.114 - - [16/May/2023:10:55:03 +0800] "GET /xingrg/all/function/internal_message.html?_=1684205641979&CODE_STATE=getMsg HTTP/1.1" 302 -
180.163.28.114 - - [16/May/2023:10:55:03 +0800] "GET /xingrg/login.html HTTP/1.1" 200 7641
124.79.240.114 - - [16/May/2023:10:55:05 +0800] "GET /xingrg/all/function/internal_message.html?_=1684205700295&CODE_STATE=getMsg HTTP/1.1" 302 -
116.235.240.236 - - [16/May/2023:10:55:07 +0800] "GET /xingrg/kc/buy/cgsh_order_operate.html?command=get_materiel&rest_code=00146&code=00101001069&supplier_code=00100199&order_time=2023-05-16 HTTP/1.1" 200 411
180.169.147.146 - - [16/May/2023:10:55:12 +0800] "GET /xingrg/kc/buy/cgsh_order_operate.html?command=get_materiel&rest_code=00147&code=00101008119&supplier_code=00100007&order_time=2023-05-16 HTTP/1.1" 200 412
101.229.22.40 - - [16/May/2023:10:55:13 +0800] "GET /xingrg/check_reg.html?_=1684205712206 HTTP/1.1" 302 -
180.169.147.146 - - [16/May/2023:10:55:20 +0800] "GET /xingrg/kc/buy/cgsh_order_operate.html?command=get_materiel&rest_code=00147&code=00101008038&supplier_code=00100007&order_time=2023-05-16 HTTP/1.1" 200 412
222.67.238.82 - - [16/May/2023:10:55:27 +0800] "GET /xingrg/check_reg.html?_=1684205243822 HTTP/1.1" 200 22
222.67.238.82 - - [16/May/2023:10:55:27 +0800] "GET /xingrg/all/function/internal_message.html?_=1684205243823&CODE_STATE=getMsg HTTP/1.1" 200 27
116.235.240.236 - - [16/May/2023:10:55:28 +0800] "GET /xingrg/all/function/internal_message.html?_=1684205738484&CODE_STATE=getMsg HTTP/1.1" 200 27
116.235.240.236 - - [16/May/2023:10:55:31 +0800] "POST /xingrg/kc/buy/cgsh_order_operate.html HTTP/1.1" 200 37
180.169.147.146 - - [16/May/2023:10:55:32 +0800] "GET /xingrg/kc/buy/cgsh_order_operate.html?command=get_materiel&rest_code=00147&code=00101008163&supplier_code=00100007&order_time=2023-05-16 HTTP/1.1" 200 409
114.83.219.197 - - [16/May/2023:10:55:40 +0800] "GET /xingrg/all/function/internal_message.html?_=1684205835963&CODE_STATE=getMsg HTTP/1.1" 200 27
114.83.219.197 - - [16/May/2023:10:55:40 +0800] "GET /xingrg/check_reg.html?_=1684205835965 HTTP/1.1" 200 22
180.169.147.146 - - [16/May/2023:10:55:40 +0800] "GET /xingrg/kc/buy/cgsh_order_operate.html?command=get_materiel&rest_code=00147&code=00101008190&supplier_code=00100007&order_time=2023-05-16 HTTP/1.1" 200 412
116.224.158.100 - - [16/May/2023:10:55:44 +0800] "GET /xingrg/all/function/internal_message.html?_=1684205745002&CODE_STATE=getMsg HTTP/1.1" 200 27
116.238.139.35 - - [16/May/2023:10:55:47 +0800] "GET /xingrg/all/function/internal_message.html?_=1684205746146&CODE_STATE=getMsg HTTP/1.1" 200 27
120.253.135.82 - - [16/May/2023:10:55:49 +0800] "GET /xingrg/all/function/internal_message.html?_=1684205587079&CODE_STATE=getMsg HTTP/1.1" 200 27
101.83.241.217 - - [16/May/2023:10:55:49 +0800] "GET /xingrg/all/function/internal_message.html?_=1684205748087&CODE_STATE=getMsg HTTP/1.1" 200 27
101.83.241.217 - - [16/May/2023:10:55:50 +0800] "GET /xingrg/check_reg.html?_=1684205748673 HTTP/1.1" 200 22
124.79.74.67 - - [16/May/2023:10:55:51 +0800] "GET /xingrg/all/function/internal_message.html?_=1684205767502&CODE_STATE=getMsg HTTP/1.1" 200 27
180.156.206.150 - - [16/May/2023:10:55:51 +0800] "GET /xingrg/check_reg.html?_=1684205759312 HTTP/1.1" 200 22
180.156.206.150 - - [16/May/2023:10:55:51 +0800] "GET /xingrg/all/function/internal_message.html?_=1684205759314&CODE_STATE=getMsg HTTP/1.1" 200 27
180.169.147.146 - - [16/May/2023:10:55:52 +0800] "GET /xingrg/kc/buy/cgsh_order_operate.html?command=get_materiel&rest_code=00147&code=00101008361&supplier_code=00100007&order_time=2023-05-16 HTTP/1.1" 200 408
116.235.240.236 - - [16/May/2023:10:55:52 +0800] "POST /xingrg/kc/buy/cgsh_order_operate.html HTTP/1.1" 200 5021
180.164.3.199 - - [16/May/2023:10:55:53 +0800] "GET /xingrg/all/function/internal_message.html?_=1684205752628&CODE_STATE=getMsg HTTP/1.1" 200 27
116.235.240.236 - - [16/May/2023:10:56:01 +0800] "GET /xingrg/kc/print/load_data.html?order_code=212023051605814&kc_code=cgsh&condition= HTTP/1.1" 200 1576
180.169.147.146 - - [16/May/2023:10:56:02 +0800] "GET /xingrg/kc/buy/cgsh_order_operate.html?command=get_materiel&rest_code=00147&code=00101008355&supplier_code=00100007&order_time=2023-05-16 HTTP/1.1" 200 408
124.79.240.114 - - [16/May/2023:10:56:03 +0800] "GET /xingrg/check_reg.html?_=1684205759085 HTTP/1.1" 302 -
124.79.240.114 - - [16/May/2023:10:56:05 +0800] "GET /xingrg/all/function/internal_message.html?_=1684205760280&CODE_STATE=getMsg HTTP/1.1" 302 -
116.235.240.236 - - [16/May/2023:10:56:07 +0800] "GET /xingrg/kc/buy/cgsh_order_add.html HTTP/1.1" 200 71364
116.235.240.236 - - [16/May/2023:10:56:08 +0800] "POST /xingrg/kc/buy/cgsh_order_operate.html HTTP/1.1" 200 8245
116.235.240.236 - - [16/May/2023:10:56:08 +0800] "GET /xingrg/javascript/easyui/themes/default/validatebox.css HTTP/1.1" 404 1104
116.235.240.236 - - [16/May/2023:10:56:22 +0800] "GET /xingrg/kc/buy/cgsh_order_operate.html?command=get_materiel&rest_code=00146&code=00101007022&supplier_code=00100002&order_time=2023-05-16 HTTP/1.1" 200 413
222.67.238.82 - - [16/May/2023:10:56:27 +0800] "GET /xingrg/all/function/internal_message.html?_=1684205303827&CODE_STATE=getMsg HTTP/1.1" 200 27
116.235.240.236 - - [16/May/2023:10:56:28 +0800] "GET /xingrg/all/function/internal_message.html?_=1684205798498&CODE_STATE=getMsg HTTP/1.1" 200 27
180.171.122.0 - - [16/May/2023:10:56:35 +0800] "GET /xingrg/login.html HTTP/1.1" 200 7641
180.171.122.0 - - [16/May/2023:10:56:37 +0800] "GET /favicon.ico HTTP/1.1" 404 -
180.171.122.0 - - [16/May/2023:10:56:39 +0800] "POST /xingrg/login.do HTTP/1.1" 302 -
180.171.122.0 - - [16/May/2023:10:56:39 +0800] "GET /xingrg/index.html?sysBaseUrl=http%3A%2F%2F180.169.147.146%3A18081%2Fxingrg%2F&costTime=1023×tamp=1684205799413 HTTP/1.1" 200 17173
180.171.122.0 - - [16/May/2023:10:56:39 +0800] "GET /favicon.ico HTTP/1.1" 404 -
180.171.122.0 - - [16/May/2023:10:56:39 +0800] "GET /xingrg/check_reg.html?_=1684205798988 HTTP/1.1" 200 22
180.171.122.0 - - [16/May/2023:10:56:39 +0800] "POST /xingrg/all/common/load_tree.html?tree=area_rest_tree_json&manage=1 HTTP/1.1" 200 342
180.171.122.0 - - [16/May/2023:10:56:39 +0800] "GET /xingrg/all/function/internal_message.html?_=1684205798987&CODE_STATE=count HTTP/1.1" 200 11
180.171.122.0 - - [16/May/2023:10:56:40 +0800] "POST /xingrg/load_menu.html HTTP/1.1" 200 5138
114.83.219.197 - - [16/May/2023:10:56:40 +0800] "GET /xingrg/all/function/internal_message.html?_=1684205895966&CODE_STATE=getMsg HTTP/1.1" 200 27
180.171.122.0 - - [16/May/2023:10:56:41 +0800] "GET /xingrg/kc/mdqp/qp_main.html HTTP/1.1" 200 10633
116.235.240.236 - - [16/May/2023:10:56:42 +0800] "GET /xingrg/kc/buy/cgsh_order_operate.html?command=get_materiel&rest_code=00146&code=00101007081&supplier_code=00100002&order_time=2023-05-16 HTTP/1.1" 200 415
180.171.122.0 - - [16/May/2023:10:56:42 +0800] "GET /xingrg/images/yd/bt.gif HTTP/1.1" 404 1040
180.171.122.0 - - [16/May/2023:10:56:43 +0800] "GET /xingrg/kc/mdqp/pssh_order_list.html HTTP/1.1" 200 17806
180.171.122.0 - - [16/May/2023:10:56:43 +0800] "POST /xingrg/kc/mdqp/pssh_list_operate.html HTTP/1.1" 200 5252
116.224.158.100 - - [16/May/2023:10:56:44 +0800] "GET /xingrg/all/function/internal_message.html?_=1684205805002&CODE_STATE=getMsg HTTP/1.1" 200 27
180.171.122.0 - - [16/May/2023:10:56:46 +0800] "POST /xingrg/kc/mdqp/pssh_list_operate.html HTTP/1.1" 200 352
116.238.139.35 - - [16/May/2023:10:56:47 +0800] "GET /xingrg/all/function/internal_message.html?_=1684205806134&CODE_STATE=getMsg HTTP/1.1" 200 27
180.171.122.0 - - [16/May/2023:10:56:48 +0800] "POST /xingrg/kc/mdqp/pssh_list_operate.html HTTP/1.1" 200 774
120.253.135.82 - - [16/May/2023:10:56:49 +0800] "GET /xingrg/all/function/internal_message.html?_=1684205647171&CODE_STATE=getMsg HTTP/1.1" 200 27
180.171.122.0 - - [16/May/2023:10:56:49 +0800] "POST /xingrg/kc/mdqp/pssh_list_operate.html HTTP/1.1" 200 258
101.83.241.217 - - [16/May/2023:10:56:49 +0800] "GET /xingrg/all/function/internal_message.html?_=1684205808065&CODE_STATE=getMsg HTTP/1.1" 200 27
180.171.122.0 - - [16/May/2023:10:56:50 +0800] "POST /xingrg/kc/mdqp/pssh_list_operate.html HTTP/1.1" 200 727
124.79.74.67 - - [16/May/2023:10:56:51 +0800] "GET /xingrg/all/function/internal_message.html?_=1684205827504&CODE_STATE=getMsg HTTP/1.1" 200 27
180.156.206.150 - - [16/May/2023:10:56:51 +0800] "GET /xingrg/all/function/internal_message.html?_=1684205819310&CODE_STATE=getMsg HTTP/1.1" 200 27
180.171.122.0 - - [16/May/2023:10:56:51 +0800] "POST /xingrg/kc/mdqp/pssh_list_operate.html HTTP/1.1" 200 788
116.224.158.100 - - [16/May/2023:10:56:52 +0800] "GET /xingrg/check_reg.html?_=1684205647398 HTTP/1.1" 302 -
180.171.122.0 - - [16/May/2023:10:56:52 +0800] "POST /xingrg/kc/mdqp/pssh_list_operate.html HTTP/1.1" 200 857
180.164.3.199 - - [16/May/2023:10:56:53 +0800] "GET /xingrg/all/function/internal_message.html?_=1684205812620&CODE_STATE=getMsg HTTP/1.1" 200 27
180.171.122.0 - - [16/May/2023:10:56:56 +0800] "POST /xingrg/kc/mdqp/pssh_list_operate.html HTTP/1.1" 200 352
180.169.147.146 - - [16/May/2023:10:56:57 +0800] "GET /xingrg/kc/buy/cgsh_order_operate.html?command=get_materiel&rest_code=00147&code=00101008144&supplier_code=00100007&order_time=2023-05-16 HTTP/1.1" 200 412
116.235.240.236 - - [16/May/2023:10:57:01 +0800] "GET /xingrg/kc/buy/cgsh_order_operate.html?command=get_materiel&rest_code=00146&code=00101007049&supplier_code=00100002&order_time=2023-05-16 HTTP/1.1" 200 409
124.79.240.114 - - [16/May/2023:10:57:05 +0800] "GET /xingrg/all/function/internal_message.html?_=1684205820265&CODE_STATE=getMsg HTTP/1.1" 302 -
180.171.122.0 - - [16/May/2023:10:57:05 +0800] "POST /xingrg/kc/mdqp/pssh_list_operate.html HTTP/1.1" 200 773
180.171.122.0 - - [16/May/2023:10:57:07 +0800] "GET /xingrg/kc/mdqp/pssh_order_info.html?code=312023051500309 HTTP/1.1" 200 17297
180.171.122.0 - - [16/May/2023:10:57:07 +0800] "GET /xingrg/javascript/jquery_tools/jquery-1.4.2.min.js HTTP/1.1" 404 1094
180.169.147.146 - - [16/May/2023:10:57:08 +0800] "GET /xingrg/kc/buy/cgsh_order_operate.html?command=get_materiel&rest_code=00147&code=00101008264&supplier_code=00100007&order_time=2023-05-16 HTTP/1.1" 200 412
180.171.122.0 - - [16/May/2023:10:57:08 +0800] "GET /xingrg/javascript/easyui/themes/default/validatebox.css HTTP/1.1" 404 1104
180.171.122.0 - - [16/May/2023:10:57:08 +0800] "GET /xingrg/all/common/auto_word.html?type=employee&rest_code=00111 HTTP/1.1" 200 155
180.171.122.0 - - [16/May/2023:10:57:08 +0800] "GET /xingrg/all/common/auto_word.html?type=base&rest_code=00111&rest_code=00111 HTTP/1.1" 200 1753
180.171.122.0 - - [16/May/2023:10:57:08 +0800] "POST /xingrg/kc/mdqp/pssh_order_operate.html HTTP/1.1" 200 5240
180.171.122.0 - - [16/May/2023:10:57:13 +0800] "GET /xingrg/kc/mdqp/pssh_order_list.html?isBack=1 HTTP/1.1" 200 17806
180.171.122.0 - - [16/May/2023:10:57:14 +0800] "POST /xingrg/kc/mdqp/pssh_list_operate.html HTTP/1.1" 200 5252
180.171.122.0 - - [16/May/2023:10:57:14 +0800] "POST /xingrg/kc/mdqp/pssh_list_operate.html HTTP/1.1" 200 258
116.235.240.236 - - [16/May/2023:10:57:15 +0800] "POST /xingrg/kc/buy/cgsh_order_operate.html HTTP/1.1" 200 37
180.171.122.0 - - [16/May/2023:10:57:16 +0800] "POST /xingrg/kc/mdqp/pssh_list_operate.html HTTP/1.1" 200 352
116.235.240.236 - - [16/May/2023:10:57:17 +0800] "POST /xingrg/kc/buy/cgsh_order_operate.html HTTP/1.1" 200 3837
180.171.122.0 - - [16/May/2023:10:57:17 +0800] "POST /xingrg/kc/mdqp/pssh_list_operate.html HTTP/1.1" 200 774
180.169.147.146 - - [16/May/2023:10:57:17 +0800] "GET /xingrg/kc/buy/cgsh_order_operate.html?command=get_materiel&rest_code=00147&code=00101008356&supplier_code=00100007&order_time=2023-05-16 HTTP/1.1" 200 408
116.235.240.236 - - [16/May/2023:10:57:20 +0800] "GET /xingrg/kc/print/load_data.html?order_code=212023051605815&kc_code=cgsh&condition= HTTP/1.1" 200 1196
180.171.122.0 - - [16/May/2023:10:57:20 +0800] "POST /xingrg/kc/mdqp/pssh_list_operate.html HTTP/1.1" 200 754
180.171.122.0 - - [16/May/2023:10:57:23 +0800] "GET /xingrg/kc/mdqp/pssh_order_info.html?code=312023051000197 HTTP/1.1" 200 14386
180.171.122.0 - - [16/May/2023:10:57:23 +0800] "GET /xingrg/javascript/jquery_tools/jquery-1.4.2.min.js HTTP/1.1" 404 1094
180.171.122.0 - - [16/May/2023:10:57:24 +0800] "GET /xingrg/javascript/easyui/themes/default/validatebox.css HTTP/1.1" 404 1104
180.171.122.0 - - [16/May/2023:10:57:24 +0800] "POST /xingrg/kc/mdqp/pssh_order_operate.html HTTP/1.1" 200 12063
180.171.122.0 - - [16/May/2023:10:57:25 +0800] "GET /xingrg/kc/mdqp/pssh_order_list.html?isBack=1 HTTP/1.1" 200 17806
180.171.122.0 - - [16/May/2023:10:57:26 +0800] "POST /xingrg/kc/mdqp/pssh_list_operate.html HTTP/1.1" 200 5252
222.67.238.82 - - [16/May/2023:10:57:27 +0800] "GET /xingrg/all/function/internal_message.html?_=1684205363821&CODE_STATE=getMsg HTTP/1.1" 200 27
116.235.240.236 - - [16/May/2023:10:57:28 +0800] "GET /xingrg/all/function/internal_message.html?_=1684205858510&CODE_STATE=getMsg HTTP/1.1" 200 27
180.169.147.146 - - [16/May/2023:10:57:32 +0800] "GET /xingrg/kc/buy/cgsh_order_operate.html?command=get_materiel&rest_code=00147&code=00101015004&supplier_code=00100007&order_time=2023-05-16 HTTP/1.1" 200 409
180.171.122.0 - - [16/May/2023:10:57:39 +0800] "GET /xingrg/all/function/internal_message.html?_=1684205858995&CODE_STATE=getMsg HTTP/1.1" 200 27
114.83.219.197 - - [16/May/2023:10:57:40 +0800] "GET /xingrg/all/function/internal_message.html?_=1684205955964&CODE_STATE=getMsg HTTP/1.1" 200 27
116.224.158.100 - - [16/May/2023:10:57:44 +0800] "GET /xingrg/all/function/internal_message.html?_=1684205865006&CODE_STATE=getMsg HTTP/1.1" 200 27
180.169.147.146 - - [16/May/2023:10:57:47 +0800] "GET /xingrg/kc/buy/cgsh_order_operate.html?command=get_materiel&rest_code=00147&code=00101008360&supplier_code=00100007&order_time=2023-05-16 HTTP/1.1" 200 412
116.238.139.35 - - [16/May/2023:10:57:47 +0800] "GET /xingrg/all/function/internal_message.html?_=1684205866135&CODE_STATE=getMsg HTTP/1.1" 200 27
120.253.135.82 - - [16/May/2023:10:57:49 +0800] "GET /xingrg/all/function/internal_message.html?_=1684205707184&CODE_STATE=getMsg HTTP/1.1" 200 27
101.83.241.217 - - [16/May/2023:10:57:49 +0800] "GET /xingrg/all/function/internal_message.html?_=1684205868049&CODE_STATE=getMsg HTTP/1.1" 200 27
124.79.74.67 - - [16/May/2023:10:57:51 +0800] "GET /xingrg/all/function/internal_message.html?_=1684205887506&CODE_STATE=getMsg HTTP/1.1" 200 27
124.79.74.67 - - [16/May/2023:10:57:51 +0800] "GET /xingrg/check_reg.html?_=1684205887506 HTTP/1.1" 200 22
180.156.206.150 - - [16/May/2023:10:57:51 +0800] "GET /xingrg/all/function/internal_message.html?_=1684205879307&CODE_STATE=getMsg HTTP/1.1" 200 27
180.164.3.199 - - [16/May/2023:10:57:53 +0800] "GET /xingrg/all/function/internal_message.html?_=1684205872605&CODE_STATE=getMsg HTTP/1.1" 200 27
180.169.147.146 - - [16/May/2023:10:57:56 +0800] "GET /xingrg/kc/buy/cgsh_order_operate.html?command=get_materiel&rest_code=00147&code=00101008196&supplier_code=00100007&order_time=2023-05-16 HTTP/1.1" 200 416
124.79.240.114 - - [16/May/2023:10:58:05 +0800] "GET /xingrg/all/function/internal_message.html?_=1684205880256&CODE_STATE=getMsg HTTP/1.1" 302 -
172.20.0.100 - - [16/May/2023:10:58:10 +0800] "GET /xingrg/check_reg.html?_=1684205894053 HTTP/1.1" 302 -
180.169.147.146 - - [16/May/2023:10:58:13 +0800] "GET /xingrg/kc/buy/cgsh_order_operate.html?command=get_materiel&rest_code=00147&code=00101008197&supplier_code=00100007&order_time=2023-05-16 HTTP/1.1" 200 416
180.169.147.146 - - [16/May/2023:10:58:17 +0800] "POST /xingrg/kc/buy/cgsh_order_operate.html HTTP/1.1" 200 2065
180.169.147.146 - - [16/May/2023:10:58:23 +0800] "GET /xingrg/kc/buy/cgsh_order_operate.html?command=get_materiel&rest_code=00147&code=00101008069&supplier_code=00100007&order_time=2023-05-16 HTTP/1.1" 200 412
222.67.238.82 - - [16/May/2023:10:58:27 +0800] "GET /xingrg/all/function/internal_message.html?_=1684205423829&CODE_STATE=getMsg HTTP/1.1" 200 27
180.156.206.150 - - [16/May/2023:10:58:27 +0800] "GET /favicon.ico HTTP/1.1" 404 -
116.235.240.236 - - [16/May/2023:10:58:28 +0800] "GET /xingrg/check_reg.html?_=1684205918361 HTTP/1.1" 200 22
116.235.240.236 - - [16/May/2023:10:58:28 +0800] "GET /xingrg/all/function/internal_message.html?_=1684205918525&CODE_STATE=getMsg HTTP/1.1" 200 27
180.169.147.146 - - [16/May/2023:10:58:29 +0800] "GET /xingrg/kc/buy/cgsh_order_operate.html?command=get_materiel&rest_code=00147&code=00101008286&supplier_code=00100007&order_time=2023-05-16 HTTP/1.1" 200 408
180.156.206.150 - - [16/May/2023:10:58:31 +0800] "GET /xingrg/login.html HTTP/1.1" 200 7641
180.156.206.150 - - [16/May/2023:10:58:31 +0800] "GET /xingrg/images/blue/jxLogo.png HTTP/1.1" 200 6156
180.156.206.150 - - [16/May/2023:10:58:31 +0800] "GET /xingrg/images/blue/login_bg.png HTTP/1.1" 200 22101
180.156.206.150 - - [16/May/2023:10:58:31 +0800] "GET /xingrg/images/blue/hj.png HTTP/1.1" 200 1014
180.156.206.150 - - [16/May/2023:10:58:31 +0800] "GET /xingrg/images/blue/srbg.png HTTP/1.1" 200 138
180.156.206.150 - - [16/May/2023:10:58:31 +0800] "GET /favicon.ico HTTP/1.1" 404 -
180.169.147.146 - - [16/May/2023:10:58:39 +0800] "GET /xingrg/kc/buy/cgsh_order_operate.html?command=get_materiel&rest_code=00147&code=00101008036&supplier_code=00100007&order_time=2023-05-16 HTTP/1.1" 200 408
180.171.122.0 - - [16/May/2023:10:58:39 +0800] "GET /xingrg/all/function/internal_message.html?_=1684205918993&CODE_STATE=getMsg HTTP/1.1" 200 27
114.83.219.197 - - [16/May/2023:10:58:40 +0800] "GET /xingrg/all/function/internal_message.html?_=1684206015972&CODE_STATE=getMsg HTTP/1.1" 200 27
180.156.206.150 - - [16/May/2023:10:58:42 +0800] "GET /xingrg/login.html HTTP/1.1" 200 7641
180.156.206.150 - - [16/May/2023:10:58:42 +0800] "GET /favicon.ico HTTP/1.1" 404 -
116.224.158.100 - - [16/May/2023:10:58:44 +0800] "GET /xingrg/check_reg.html?_=1684205924992 HTTP/1.1" 200 22
116.224.158.100 - - [16/May/2023:10:58:44 +0800] "GET /xingrg/all/function/internal_message.html?_=1684205924996&CODE_STATE=getMsg HTTP/1.1" 200 27
116.238.139.35 - - [16/May/2023:10:58:47 +0800] "GET /xingrg/all/function/internal_message.html?_=1684205926140&CODE_STATE=getMsg HTTP/1.1" 200 27
180.169.147.146 - - [16/May/2023:10:58:48 +0800] "GET /xingrg/kc/buy/cgsh_order_operate.html?command=get_materiel&rest_code=00147&code=00101008131&supplier_code=00100007&order_time=2023-05-16 HTTP/1.1" 200 409
120.253.135.82 - - [16/May/2023:10:58:49 +0800] "GET /xingrg/all/function/internal_message.html?_=1684205767291&CODE_STATE=getMsg HTTP/1.1" 200 27
101.83.241.217 - - [16/May/2023:10:58:49 +0800] "GET /xingrg/all/function/internal_message.html?_=1684205928026&CODE_STATE=getMsg HTTP/1.1" 200 27
124.79.74.67 - - [16/May/2023:10:58:51 +0800] "GET /xingrg/all/function/internal_message.html?_=1684205947508&CODE_STATE=getMsg HTTP/1.1" 200 27
180.156.206.150 - - [16/May/2023:10:58:51 +0800] "GET /xingrg/all/function/internal_message.html?_=1684205939307&CODE_STATE=getMsg HTTP/1.1" 200 27
180.164.3.199 - - [16/May/2023:10:58:53 +0800] "GET /xingrg/all/function/internal_message.html?_=1684205932590&CODE_STATE=getMsg HTTP/1.1" 200 27
180.164.3.199 - - [16/May/2023:10:58:54 +0800] "GET /xingrg/check_reg.html?_=1684205933638 HTTP/1.1" 200 22
120.253.135.82 - - [16/May/2023:10:58:55 +0800] "GET /xingrg/check_reg.html?_=1684205773483 HTTP/1.1" 200 22
180.169.147.146 - - [16/May/2023:10:58:55 +0800] "GET /xingrg/kc/buy/cgsh_order_operate.html?command=get_materiel&rest_code=00147&code=00101008296&supplier_code=00100007&order_time=2023-05-16 HTTP/1.1" 200 416
180.169.147.146 - - [16/May/2023:10:58:59 +0800] "POST /xingrg/kc/buy/cgsh_order_operate.html HTTP/1.1" 200 2065
180.156.206.150 - - [16/May/2023:10:59:04 +0800] "GET /xingrg/login.html HTTP/1.1" 200 7641
180.156.206.150 - - [16/May/2023:10:59:04 +0800] "GET /favicon.ico HTTP/1.1" 404 -
124.79.240.114 - - [16/May/2023:10:59:05 +0800] "GET /xingrg/all/function/internal_message.html?_=1684205940238&CODE_STATE=getMsg HTTP/1.1" 302 -
180.169.147.146 - - [16/May/2023:10:59:05 +0800] "GET /xingrg/kc/buy/cgsh_order_operate.html?command=get_materiel&rest_code=00147&code=00101008318&supplier_code=00100007&order_time=2023-05-16 HTTP/1.1" 200 408
180.156.206.150 - - [16/May/2023:10:59:07 +0800] "POST /xingrg/login.do HTTP/1.1" 302 -
180.156.206.150 - - [16/May/2023:10:59:07 +0800] "GET /xingrg/index.html?sysBaseUrl=http%3A%2F%2F180.169.147.146%3A18081%2Fxingrg%2F&costTime=947×tamp=1684205947580 HTTP/1.1" 200 17173
180.156.206.150 - - [16/May/2023:10:59:07 +0800] "GET /xingrg/javascript/jquery-1.4.2.min.js HTTP/1.1" 200 72205
180.156.206.150 - - [16/May/2023:10:59:07 +0800] "GET /xingrg/javascript/jquery_easy_ui/jquery.easyui.min.js HTTP/1.1" 200 213662
180.156.206.150 - - [16/May/2023:10:59:07 +0800] "GET /xingrg/javascript/jquery_easy_ui/themes/default/easyui.css HTTP/1.1" 200 26500
180.156.206.150 - - [16/May/2023:10:59:07 +0800] "GET /xingrg/javascript/jquery_easy_ui/themes/icon.css HTTP/1.1" 200 3949
180.156.206.150 - - [16/May/2023:10:59:07 +0800] "GET /xingrg/css/form.css HTTP/1.1" 200 893
180.156.206.150 - - [16/May/2023:10:59:07 +0800] "GET /xingrg/javascript/jquery_easy_ui/easyui-lang-zh_CN.js HTTP/1.1" 200 1900
180.156.206.150 - - [16/May/2023:10:59:07 +0800] "GET /xingrg/javascript/jquery.form.js HTTP/1.1" 200 23110
180.156.206.150 - - [16/May/2023:10:59:07 +0800] "GET /xingrg/javascript/jquery.timers.js HTTP/1.1" 200 3532
180.156.206.150 - - [16/May/2023:10:59:07 +0800] "GET /xingrg/javascript/jquery.utils.js HTTP/1.1" 200 11805
180.156.206.150 - - [16/May/2023:10:59:09 +0800] "GET /favicon.ico HTTP/1.1" 404 -
180.156.206.150 - - [16/May/2023:10:59:09 +0800] "GET /xingrg/javascript/jquery_easy_ui/themes/icons/settle_new.png HTTP/1.1" 200 826
180.156.206.150 - - [16/May/2023:10:59:09 +0800] "GET /xingrg/images/blue/navBackgound.jpg HTTP/1.1" 200 12378
180.156.206.150 - - [16/May/2023:10:59:09 +0800] "GET /xingrg/all/function/internal_message.html?_=1684205949614&CODE_STATE=count HTTP/1.1" 200 11
180.156.206.150 - - [16/May/2023:10:59:09 +0800] "GET /xingrg/check_reg.html?_=1684205949614 HTTP/1.1" 200 22
180.156.206.150 - - [16/May/2023:10:59:09 +0800] "GET /xingrg/images/blue/pingpu.png HTTP/1.1" 200 231
180.156.206.150 - - [16/May/2023:10:59:09 +0800] "GET /xingrg/javascript/jquery_easy_ui/themes/default/images/tabs_leftarrow.png HTTP/1.1" 200 389
180.156.206.150 - - [16/May/2023:10:59:09 +0800] "GET /xingrg/javascript/jquery_easy_ui/themes/default/images/tabs_rightarrow.png HTTP/1.1" 200 395
180.156.206.150 - - [16/May/2023:10:59:09 +0800] "GET /xingrg/javascript/jquery_easy_ui/themes/default/images/panel_tool_collapse.gif HTTP/1.1" 200 246
180.156.206.150 - - [16/May/2023:10:59:09 +0800] "POST /xingrg/all/common/load_tree.html?tree=area_rest_tree_json&manage=1 HTTP/1.1" 200 342
180.156.206.150 - - [16/May/2023:10:59:09 +0800] "POST /xingrg/load_menu.html HTTP/1.1" 200 5138
180.156.206.150 - - [16/May/2023:10:59:09 +0800] "GET /xingrg/javascript/jquery_easy_ui/themes/icons/search_new.png HTTP/1.1" 200 586
180.156.206.150 - - [16/May/2023:10:59:09 +0800] "GET /xingrg/javascript/jquery_easy_ui/themes/default/images/tree_arrows.gif HTTP/1.1" 200 1043
180.156.206.150 - - [16/May/2023:10:59:09 +0800] "GET /xingrg/javascript/jquery_easy_ui/themes/default/images/tree_folder_open.gif HTTP/1.1" 200 956
180.156.206.150 - - [16/May/2023:10:59:09 +0800] "GET /xingrg/javascript/jquery_easy_ui/themes/icons/forms_new.png HTTP/1.1" 200 350
180.156.206.150 - - [16/May/2023:10:59:09 +0800] "GET /xingrg/javascript/jquery_easy_ui/themes/default/images/tree_folder.gif HTTP/1.1" 200 952
180.156.206.150 - - [16/May/2023:10:59:09 +0800] "GET /xingrg/javascript/jquery_easy_ui/themes/icons/storage_new.png HTTP/1.1" 200 853
180.156.206.150 - - [16/May/2023:10:59:09 +0800] "GET /xingrg/javascript/jquery_easy_ui/themes/default/images/tree_file.gif HTTP/1.1" 200 118
180.169.147.146 - - [16/May/2023:10:59:17 +0800] "GET /xingrg/kc/buy/cgsh_order_operate.html?command=get_materiel&rest_code=00147&code=00101008353&supplier_code=00100007&order_time=2023-05-16 HTTP/1.1" 200 409
180.169.147.146 - - [16/May/2023:10:59:18 +0800] "GET /xingrg/check_reg.html?_=1684205954563 HTTP/1.1" 200 22
222.67.238.82 - - [16/May/2023:10:59:27 +0800] "GET /xingrg/all/function/internal_message.html?_=1684205483823&CODE_STATE=getMsg HTTP/1.1" 200 27
116.235.240.236 - - [16/May/2023:10:59:28 +0800] "GET /xingrg/all/function/internal_message.html?_=1684205978538&CODE_STATE=getMsg HTTP/1.1" 200 27
180.169.147.146 - - [16/May/2023:10:59:37 +0800] "GET /xingrg/kc/buy/cgsh_order_operate.html?command=get_materiel&rest_code=00147&code=00101008213&supplier_code=00100007&order_time=2023-05-16 HTTP/1.1" 200 412
180.171.122.0 - - [16/May/2023:10:59:39 +0800] "GET /xingrg/all/function/internal_message.html?_=1684205978997&CODE_STATE=getMsg HTTP/1.1" 200 27
114.83.219.197 - - [16/May/2023:10:59:40 +0800] "GET /xingrg/all/function/internal_message.html?_=1684206075972&CODE_STATE=getMsg HTTP/1.1" 200 27
116.224.158.100 - - [16/May/2023:10:59:44 +0800] "GET /xingrg/all/function/internal_message.html?_=1684205984996&CODE_STATE=getMsg HTTP/1.1" 200 27
116.228.172.94 - - [16/May/2023:10:59:47 +0800] "GET /xingrg/check_reg.html?_=1684205795114 HTTP/1.1" 302 -
116.238.139.35 - - [16/May/2023:10:59:47 +0800] "GET /xingrg/all/function/internal_message.html?_=1684205986141&CODE_STATE=getMsg HTTP/1.1" 200 27
116.238.139.35 - - [16/May/2023:10:59:47 +0800] "GET /xingrg/check_reg.html?_=1684205986145 HTTP/1.1" 200 22
120.253.135.82 - - [16/May/2023:10:59:49 +0800] "GET /xingrg/all/function/internal_message.html?_=1684205827306&CODE_STATE=getMsg HTTP/1.1" 200 27
101.83.241.217 - - [16/May/2023:10:59:49 +0800] "GET /xingrg/all/function/internal_message.html?_=1684205987997&CODE_STATE=getMsg HTTP/1.1" 200 27
124.79.74.67 - - [16/May/2023:10:59:51 +0800] "GET /xingrg/all/function/internal_message.html?_=1684206007510&CODE_STATE=getMsg HTTP/1.1" 200 27
180.156.206.150 - - [16/May/2023:10:59:51 +0800] "GET /xingrg/all/function/internal_message.html?_=1684205999304&CODE_STATE=getMsg HTTP/1.1" 200 27
180.164.3.199 - - [16/May/2023:10:59:53 +0800] "GET /xingrg/all/function/internal_message.html?_=1684205992571&CODE_STATE=getMsg HTTP/1.1" 200 27
180.169.147.146 - - [16/May/2023:11:00:01 +0800] "GET /xingrg/kc/buy/cgsh_order_operate.html?command=get_materiel&rest_code=00147&code=00101008101&supplier_code=00100007&order_time=2023-05-16 HTTP/1.1" 200 412
180.171.122.0 - - [16/May/2023:11:00:01 +0800] "POST /xingrg/kc/mdqp/pssh_list_operate.html HTTP/1.1" 200 352
180.171.122.0 - - [16/May/2023:11:00:03 +0800] "POST /xingrg/kc/mdqp/pssh_list_operate.html HTTP/1.1" 200 1575
124.79.240.114 - - [16/May/2023:11:00:05 +0800] "GET /xingrg/all/function/internal_message.html?_=1684206000224&CODE_STATE=getMsg HTTP/1.1" 302 -
180.171.122.0 - - [16/May/2023:11:00:05 +0800] "POST /xingrg/kc/mdqp/pssh_list_operate.html HTTP/1.1" 200 352
180.156.206.150 - - [16/May/2023:11:00:09 +0800] "GET /xingrg/all/function/internal_message.html?_=1684206009634&CODE_STATE=getMsg HTTP/1.1" 200 27
180.171.122.0 - - [16/May/2023:11:00:10 +0800] "POST /xingrg/kc/mdqp/pssh_list_operate.html HTTP/1.1" 200 1575
180.171.122.0 - - [16/May/2023:11:00:11 +0800] "POST /xingrg/kc/mdqp/pssh_list_operate.html HTTP/1.1" 200 1575
101.229.22.40 - - [16/May/2023:11:00:13 +0800] "GET /xingrg/check_reg.html?_=1684206012208 HTTP/1.1" 302 -
180.169.147.146 - - [16/May/2023:11:00:14 +0800] "GET /xingrg/kc/buy/cgsh_order_operate.html?command=get_materiel&rest_code=00147&code=00101008283&supplier_code=00100007&order_time=2023-05-16 HTTP/1.1" 200 408
180.171.122.0 - - [16/May/2023:11:00:14 +0800] "GET /xingrg/kc/mdqp/qp_main.html HTTP/1.1" 200 10633
180.171.122.0 - - [16/May/2023:11:00:15 +0800] "GET /xingrg/images/yd/bt.gif HTTP/1.1" 404 1040
180.171.122.0 - - [16/May/2023:11:00:16 +0800] "GET /xingrg/kc/mdqp/qqps_order_list.html HTTP/1.1" 200 9222
180.171.122.0 - - [16/May/2023:11:00:16 +0800] "GET /xingrg/dwr/interface/AjaxReportQueryService.js HTTP/1.1" 200 13203
180.171.122.0 - - [16/May/2023:11:00:16 +0800] "GET /xingrg/dwr/interface/AjaxQqpsService.js HTTP/1.1" 200 16326
180.171.122.0 - - [16/May/2023:11:00:16 +0800] "GET /xingrg/dwr/engine.js HTTP/1.1" 200 43631
180.171.122.0 - - [16/May/2023:11:00:16 +0800] "GET /xingrg/dwr/util.js HTTP/1.1" 200 35990
222.67.238.82 - - [16/May/2023:11:00:27 +0800] "GET /xingrg/check_reg.html?_=1684205543829 HTTP/1.1" 200 22
222.67.238.82 - - [16/May/2023:11:00:27 +0800] "GET /xingrg/all/function/internal_message.html?_=1684205543831&CODE_STATE=getMsg HTTP/1.1" 200 27
180.169.147.146 - - [16/May/2023:11:00:27 +0800] "POST /xingrg/kc/buy/cgsh_order_operate.html HTTP/1.1" 200 2065
116.235.240.236 - - [16/May/2023:11:00:28 +0800] "GET /xingrg/all/function/internal_message.html?_=1684206038552&CODE_STATE=getMsg HTTP/1.1" 200 27
180.169.147.146 - - [16/May/2023:11:00:36 +0800] "GET /xingrg/kc/buy/cgsh_order_operate.html?command=get_materiel&rest_code=00147&code=00101008379&supplier_code=00100007&order_time=2023-05-16 HTTP/1.1" 200 409
180.171.122.0 - - [16/May/2023:11:00:39 +0800] "GET /xingrg/all/function/internal_message.html?_=1684206038998&CODE_STATE=getMsg HTTP/1.1" 200 27
114.83.219.197 - - [16/May/2023:11:00:40 +0800] "GET /xingrg/check_reg.html?_=1684206135961 HTTP/1.1" 200 22
114.83.219.197 - - [16/May/2023:11:00:40 +0800] "GET /xingrg/all/function/internal_message.html?_=1684206135962&CODE_STATE=getMsg HTTP/1.1" 200 27
116.224.158.100 - - [16/May/2023:11:00:44 +0800] "GET /xingrg/all/function/internal_message.html?_=1684206044997&CODE_STATE=getMsg HTTP/1.1" 200 27
116.238.139.35 - - [16/May/2023:11:00:47 +0800] "GET /xingrg/all/function/internal_message.html?_=1684206046146&CODE_STATE=getMsg HTTP/1.1" 200 27
120.253.135.82 - - [16/May/2023:11:00:49 +0800] "GET /xingrg/all/function/internal_message.html?_=1684205887319&CODE_STATE=getMsg HTTP/1.1" 200 27
101.83.241.217 - - [16/May/2023:11:00:49 +0800] "GET /xingrg/all/function/internal_message.html?_=1684206047983&CODE_STATE=getMsg HTTP/1.1" 200 27
180.169.147.146 - - [16/May/2023:11:00:50 +0800] "GET /xingrg/kc/buy/cgsh_order_operate.html?command=get_materiel&rest_code=00147&code=00101008535&supplier_code=00100007&order_time=2023-05-16 HTTP/1.1" 200 409
101.83.241.217 - - [16/May/2023:11:00:50 +0800] "GET /xingrg/check_reg.html?_=1684206048682 HTTP/1.1" 200 22
124.79.74.67 - - [16/May/2023:11:00:51 +0800] "GET /xingrg/all/function/internal_message.html?_=1684206067511&CODE_STATE=getMsg HTTP/1.1" 200 27
180.156.206.150 - - [16/May/2023:11:00:51 +0800] "GET /xingrg/all/function/internal_message.html?_=1684206059302&CODE_STATE=getMsg HTTP/1.1" 200 27
180.156.206.150 - - [16/May/2023:11:00:51 +0800] "GET /xingrg/check_reg.html?_=1684206059304 HTTP/1.1" 200 22
180.164.3.199 - - [16/May/2023:11:00:53 +0800] "GET /xingrg/all/function/internal_message.html?_=1684206052563&CODE_STATE=getMsg HTTP/1.1" 200 27
124.79.240.114 - - [16/May/2023:11:01:03 +0800] "GET /xingrg/check_reg.html?_=1684206059091 HTTP/1.1" 302 -
180.169.147.146 - - [16/May/2023:11:01:03 +0800] "POST /xingrg/kc/buy/cgsh_order_operate.html HTTP/1.1" 200 37
124.79.240.114 - - [16/May/2023:11:01:05 +0800] "GET /xingrg/all/function/internal_message.html?_=1684206060209&CODE_STATE=getMsg HTTP/1.1" 302 -
180.169.147.146 - - [16/May/2023:11:01:07 +0800] "POST /xingrg/kc/buy/cgsh_order_operate.html HTTP/1.1" 200 20374
180.156.206.150 - - [16/May/2023:11:01:09 +0800] "GET /xingrg/all/function/internal_message.html?_=1684206069631&CODE_STATE=getMsg HTTP/1.1" 200 27
180.169.147.146 - - [16/May/2023:11:01:16 +0800] "GET /xingrg/kc/buy/cgsh_order_operate.html?command=get_materiel&rest_code=00147&code=00101008223&supplier_code=00100007&order_time=2023-05-16 HTTP/1.1" 200 412
222.67.238.82 - - [16/May/2023:11:01:27 +0800] "GET /xingrg/all/function/internal_message.html?_=1684205603846&CODE_STATE=getMsg HTTP/1.1" 200 27
116.235.240.236 - - [16/May/2023:11:01:28 +0800] "GET /xingrg/all/function/internal_message.html?_=1684206098652&CODE_STATE=getMsg HTTP/1.1" 200 27
180.169.147.146 - - [16/May/2023:11:01:31 +0800] "GET /xingrg/kc/buy/cgsh_order_operate.html?command=get_materiel&rest_code=00147&code=00101008563&supplier_code=00100007&order_time=2023-05-16 HTTP/1.1" 200 413
180.171.122.0 - - [16/May/2023:11:01:39 +0800] "GET /xingrg/all/function/internal_message.html?_=1684206099005&CODE_STATE=getMsg HTTP/1.1" 200 27
180.171.122.0 - - [16/May/2023:11:01:39 +0800] "GET /xingrg/check_reg.html?_=1684206099000 HTTP/1.1" 200 22
114.83.219.197 - - [16/May/2023:11:01:40 +0800] "GET /xingrg/all/function/internal_message.html?_=1684206195967&CODE_STATE=getMsg HTTP/1.1" 200 27
116.224.158.100 - - [16/May/2023:11:01:44 +0800] "GET /xingrg/all/function/internal_message.html?_=1684206104997&CODE_STATE=getMsg HTTP/1.1" 200 27
116.238.139.35 - - [16/May/2023:11:01:47 +0800] "GET /xingrg/all/function/internal_message.html?_=1684206106148&CODE_STATE=getMsg HTTP/1.1" 200 27
120.253.135.82 - - [16/May/2023:11:01:49 +0800] "GET /xingrg/all/function/internal_message.html?_=1684205947426&CODE_STATE=getMsg HTTP/1.1" 200 27
101.83.241.217 - - [16/May/2023:11:01:49 +0800] "GET /xingrg/all/function/internal_message.html?_=1684206107972&CODE_STATE=getMsg HTTP/1.1" 200 27
180.169.147.146 - - [16/May/2023:11:01:49 +0800] "GET /xingrg/kc/buy/cgsh_order_operate.html?command=get_materiel&rest_code=00147&code=00101008095&supplier_code=00100007&order_time=2023-05-16 HTTP/1.1" 200 412
124.79.74.67 - - [16/May/2023:11:01:51 +0800] "GET /xingrg/all/function/internal_message.html?_=1684206127515&CODE_STATE=getMsg HTTP/1.1" 200 27
180.156.206.150 - - [16/May/2023:11:01:51 +0800] "GET /xingrg/all/function/internal_message.html?_=1684206119300&CODE_STATE=getMsg HTTP/1.1" 200 27
116.224.158.100 - - [16/May/2023:11:01:52 +0800] "GET /xingrg/check_reg.html?_=1684205947403 HTTP/1.1" 302 -
180.169.147.146 - - [16/May/2023:11:01:52 +0800] "POST /xingrg/kc/buy/cgsh_order_operate.html HTTP/1.1" 200 2065
180.164.3.199 - - [16/May/2023:11:01:53 +0800] "GET /xingrg/all/function/internal_message.html?_=1684206112561&CODE_STATE=getMsg HTTP/1.1" 200 27
180.169.147.146 - - [16/May/2023:11:01:58 +0800] "GET /xingrg/kc/buy/cgsh_order_operate.html?command=get_materiel&rest_code=00147&code=00101009011&supplier_code=00100007&order_time=2023-05-16 HTTP/1.1" 200 416
124.79.240.114 - - [16/May/2023:11:02:05 +0800] "GET /xingrg/all/function/internal_message.html?_=1684206120199&CODE_STATE=getMsg HTTP/1.1" 302 -
180.169.147.146 - - [16/May/2023:11:02:07 +0800] "GET /xingrg/kc/buy/cgsh_order_operate.html?command=get_materiel&rest_code=00147&code=00101009015&supplier_code=00100007&order_time=2023-05-16 HTTP/1.1" 200 416
58.40.7.146 - - [16/May/2023:11:02:07 +0800] "GET /favicon.ico HTTP/1.1" 404 -
180.156.206.150 - - [16/May/2023:11:02:09 +0800] "GET /xingrg/all/function/internal_message.html?_=1684206129619&CODE_STATE=getMsg HTTP/1.1" 200 27
222.67.238.82 - - [16/May/2023:11:02:27 +0800] "GET /xingrg/all/function/internal_message.html?_=1684205663856&CODE_STATE=getMsg HTTP/1.1" 200 27
116.235.240.236 - - [16/May/2023:11:02:28 +0800] "GET /xingrg/all/function/internal_message.html?_=1684206158656&CODE_STATE=getMsg HTTP/1.1" 200 27
180.171.122.0 - - [16/May/2023:11:02:39 +0800] "GET /xingrg/all/function/internal_message.html?_=1684206159006&CODE_STATE=getMsg HTTP/1.1" 200 27
114.83.219.197 - - [16/May/2023:11:02:40 +0800] "GET /xingrg/all/function/internal_message.html?_=1684206255960&CODE_STATE=getMsg HTTP/1.1" 200 27
116.224.158.100 - - [16/May/2023:11:02:44 +0800] "GET /xingrg/all/function/internal_message.html?_=1684206164996&CODE_STATE=getMsg HTTP/1.1" 200 27
116.238.139.35 - - [16/May/2023:11:02:47 +0800] "GET /xingrg/all/function/internal_message.html?_=1684206166151&CODE_STATE=getMsg HTTP/1.1" 200 27
120.253.135.82 - - [16/May/2023:11:02:49 +0800] "GET /xingrg/all/function/internal_message.html?_=1684206007439&CODE_STATE=getMsg HTTP/1.1" 200 27
101.83.241.217 - - [16/May/2023:11:02:49 +0800] "GET /xingrg/all/function/internal_message.html?_=1684206167959&CODE_STATE=getMsg HTTP/1.1" 200 27
124.79.74.67 - - [16/May/2023:11:02:51 +0800] "GET /xingrg/all/function/internal_message.html?_=1684206187517&CODE_STATE=getMsg HTTP/1.1" 200 27
124.79.74.67 - - [16/May/2023:11:02:51 +0800] "GET /xingrg/check_reg.html?_=1684206187518 HTTP/1.1" 200 22
180.156.206.150 - - [16/May/2023:11:02:51 +0800] "GET /xingrg/all/function/internal_message.html?_=1684206179298&CODE_STATE=getMsg HTTP/1.1" 200 27
180.164.3.199 - - [16/May/2023:11:02:53 +0800] "GET /xingrg/all/function/internal_message.html?_=1684206172550&CODE_STATE=getMsg HTTP/1.1" 200 27
124.79.240.114 - - [16/May/2023:11:03:04 +0800] "GET /xingrg/login.html HTTP/1.1" 200 7641
124.79.240.114 - - [16/May/2023:11:03:05 +0800] "GET /xingrg/all/function/internal_message.html?_=1684206180190&CODE_STATE=getMsg HTTP/1.1" 302 -
124.79.240.114 - - [16/May/2023:11:03:05 +0800] "GET /favicon.ico HTTP/1.1" 404 -
180.156.206.150 - - [16/May/2023:11:03:09 +0800] "GET /xingrg/all/function/internal_message.html?_=1684206189633&CODE_STATE=getMsg HTTP/1.1" 200 27
172.20.0.100 - - [16/May/2023:11:03:09 +0800] "GET /xingrg/check_reg.html?_=1684206194040 HTTP/1.1" 302 -
124.79.240.114 - - [16/May/2023:11:03:25 +0800] "POST /xingrg/login.do HTTP/1.1" 302 -
124.79.240.114 - - [16/May/2023:11:03:26 +0800] "GET /xingrg/index.html?sysBaseUrl=http%3A%2F%2F180.169.147.146%3A18081%2Fxingrg%2F&costTime=874×tamp=1684206205946 HTTP/1.1" 200 17179
124.79.240.114 - - [16/May/2023:11:03:26 +0800] "GET /favicon.ico HTTP/1.1" 404 -
124.79.240.114 - - [16/May/2023:11:03:26 +0800] "POST /xingrg/all/common/load_tree.html?tree=area_rest_tree_json&manage=1 HTTP/1.1" 200 351
124.79.240.114 - - [16/May/2023:11:03:26 +0800] "GET /xingrg/check_reg.html?_=1684206483413 HTTP/1.1" 200 22
124.79.240.114 - - [16/May/2023:11:03:26 +0800] "GET /xingrg/all/function/internal_message.html?_=1684206483413&CODE_STATE=count HTTP/1.1" 200 11
124.79.240.114 - - [16/May/2023:11:03:26 +0800] "POST /xingrg/load_menu.html HTTP/1.1" 200 5138
222.67.238.82 - - [16/May/2023:11:03:27 +0800] "GET /xingrg/all/function/internal_message.html?_=1684205723858&CODE_STATE=getMsg HTTP/1.1" 200 27
116.235.240.236 - - [16/May/2023:11:03:28 +0800] "GET /xingrg/check_reg.html?_=1684206218360 HTTP/1.1" 200 22
116.235.240.236 - - [16/May/2023:11:03:28 +0800] "GET /xingrg/all/function/internal_message.html?_=1684206218670&CODE_STATE=getMsg HTTP/1.1" 200 27
180.171.122.0 - - [16/May/2023:11:03:39 +0800] "GET /xingrg/all/function/internal_message.html?_=1684206219006&CODE_STATE=getMsg HTTP/1.1" 200 27
114.83.219.197 - - [16/May/2023:11:03:40 +0800] "GET /xingrg/all/function/internal_message.html?_=1684206315968&CODE_STATE=getMsg HTTP/1.1" 200 27
124.79.240.114 - - [16/May/2023:11:03:41 +0800] "GET /xingrg/kc/buy/cgsh_order_list.html HTTP/1.1" 200 55588
116.224.158.100 - - [16/May/2023:11:03:44 +0800] "GET /xingrg/check_reg.html?_=1684206225020 HTTP/1.1" 200 22
116.224.158.100 - - [16/May/2023:11:03:44 +0800] "GET /xingrg/all/function/internal_message.html?_=1684206225023&CODE_STATE=getMsg HTTP/1.1" 200 27
116.238.139.35 - - [16/May/2023:11:03:47 +0800] "GET /xingrg/all/function/internal_message.html?_=1684206226152&CODE_STATE=getMsg HTTP/1.1" 200 27
120.253.135.82 - - [16/May/2023:11:03:49 +0800] "GET /xingrg/all/function/internal_message.html?_=1684206067538&CODE_STATE=getMsg HTTP/1.1" 200 27
101.83.241.217 - - [16/May/2023:11:03:49 +0800] "GET /xingrg/all/function/internal_message.html?_=1684206227946&CODE_STATE=getMsg HTTP/1.1" 200 27
124.79.74.67 - - [16/May/2023:11:03:51 +0800] "GET /xingrg/all/function/internal_message.html?_=1684206247519&CODE_STATE=getMsg HTTP/1.1" 200 27
180.156.206.150 - - [16/May/2023:11:03:51 +0800] "GET /xingrg/all/function/internal_message.html?_=1684206239312&CODE_STATE=getMsg HTTP/1.1" 200 27
180.164.3.199 - - [16/May/2023:11:03:53 +0800] "GET /xingrg/all/function/internal_message.html?_=1684206232529&CODE_STATE=getMsg HTTP/1.1" 200 27
180.164.3.199 - - [16/May/2023:11:03:54 +0800] "GET /xingrg/check_reg.html?_=1684206233621 HTTP/1.1" 200 22
120.253.135.82 - - [16/May/2023:11:03:55 +0800] "GET /xingrg/check_reg.html?_=1684206073492 HTTP/1.1" 200 22
124.79.240.114 - - [16/May/2023:11:03:58 +0800] "POST /xingrg/kc/buy/cgsh_list_operate.html HTTP/1.1" 200 5337
124.79.240.114 - - [16/May/2023:11:04:05 +0800] "GET /xingrg/all/function/internal_message.html?_=1684206240166&CODE_STATE=getMsg HTTP/1.1" 302 -
180.156.206.150 - - [16/May/2023:11:04:09 +0800] "GET /xingrg/check_reg.html?_=1684206249635 HTTP/1.1" 200 22
180.156.206.150 - - [16/May/2023:11:04:09 +0800] "GET /xingrg/all/function/internal_message.html?_=1684206249637&CODE_STATE=getMsg HTTP/1.1" 200 27
180.169.147.146 - - [16/May/2023:11:04:18 +0800] "GET /xingrg/check_reg.html?_=1684206254537 HTTP/1.1" 200 22
101.83.241.217 - - [16/May/2023:11:04:24 +0800] "POST /xingrg/services/DataTransmitService HTTP/1.1" 200 524
101.83.241.217 - - [16/May/2023:11:04:25 +0800] "POST /xingrg/services/DataTransmitService HTTP/1.1" 200 412
124.79.240.114 - - [16/May/2023:11:04:26 +0800] "GET /xingrg/all/function/internal_message.html?_=1684206543413&CODE_STATE=getMsg HTTP/1.1" 200 27
222.67.238.82 - - [16/May/2023:11:04:27 +0800] "GET /xingrg/all/function/internal_message.html?_=1684205783852&CODE_STATE=getMsg HTTP/1.1" 200 27
116.235.240.236 - - [16/May/2023:11:04:28 +0800] "GET /xingrg/all/function/internal_message.html?_=1684206278761&CODE_STATE=getMsg HTTP/1.1" 200 27
180.169.147.146 - - [16/May/2023:11:04:29 +0800] "GET /xingrg/kc/buy/cgsh_order_operate.html?command=get_materiel&rest_code=00147&code=00101008658&supplier_code=00100007&order_time=2023-05-16 HTTP/1.1" 200 409
180.169.147.146 - - [16/May/2023:11:04:31 +0800] "POST /xingrg/kc/buy/cgsh_order_operate.html HTTP/1.1" 200 2065
180.171.122.0 - - [16/May/2023:11:04:39 +0800] "GET /xingrg/all/function/internal_message.html?_=1684206279007&CODE_STATE=getMsg HTTP/1.1" 200 27
114.83.219.197 - - [16/May/2023:11:04:40 +0800] "GET /xingrg/all/function/internal_message.html?_=1684206375960&CODE_STATE=getMsg HTTP/1.1" 200 27
116.224.158.100 - - [16/May/2023:11:04:44 +0800] "GET /xingrg/all/function/internal_message.html?_=1684206285022&CODE_STATE=getMsg HTTP/1.1" 200 27
116.228.172.94 - - [16/May/2023:11:04:47 +0800] "GET /xingrg/check_reg.html?_=1684206095100 HTTP/1.1" 302 -
116.238.139.35 - - [16/May/2023:11:04:47 +0800] "GET /xingrg/check_reg.html?_=1684206286154 HTTP/1.1" 200 22
116.238.139.35 - - [16/May/2023:11:04:47 +0800] "GET /xingrg/all/function/internal_message.html?_=1684206286157&CODE_STATE=getMsg HTTP/1.1" 200 27
120.253.135.82 - - [16/May/2023:11:04:49 +0800] "GET /xingrg/all/function/internal_message.html?_=1684206127544&CODE_STATE=getMsg HTTP/1.1" 200 27
101.83.241.217 - - [16/May/2023:11:04:49 +0800] "GET /xingrg/all/function/internal_message.html?_=1684206287918&CODE_STATE=getMsg HTTP/1.1" 200 27
124.79.74.67 - - [16/May/2023:11:04:51 +0800] "GET /xingrg/all/function/internal_message.html?_=1684206307521&CODE_STATE=getMsg HTTP/1.1" 200 27
180.156.206.150 - - [16/May/2023:11:04:51 +0800] "GET /xingrg/all/function/internal_message.html?_=1684206299311&CODE_STATE=getMsg HTTP/1.1" 200 27
180.164.3.199 - - [16/May/2023:11:04:53 +0800] "GET /xingrg/all/function/internal_message.html?_=1684206292509&CODE_STATE=getMsg HTTP/1.1" 200 27
120.253.135.82 - - [16/May/2023:11:05:03 +0800] "GET /xingrg/kc/pszx/mdqp_order_list.html?state=10 HTTP/1.1" 200 10715
120.253.135.82 - - [16/May/2023:11:05:03 +0800] "GET /xingrg/dwr/interface/AjaxQqpsService.js HTTP/1.1" 200 16326
120.253.135.82 - - [16/May/2023:11:05:03 +0800] "GET /xingrg/dwr/interface/AjaxReportQueryService.js HTTP/1.1" 200 13203
120.253.135.82 - - [16/May/2023:11:05:03 +0800] "GET /xingrg/dwr/engine.js HTTP/1.1" 200 43631
124.79.240.114 - - [16/May/2023:11:05:05 +0800] "GET /xingrg/all/function/internal_message.html?_=1684206300147&CODE_STATE=getMsg HTTP/1.1" 302 -
120.253.135.82 - - [16/May/2023:11:05:09 +0800] "GET /xingrg/kc/pszx/mdqp_order_list.html?state=10 HTTP/1.1" 200 10715
120.253.135.82 - - [16/May/2023:11:05:09 +0800] "GET /xingrg/dwr/interface/AjaxQqpsService.js HTTP/1.1" 200 16326
120.253.135.82 - - [16/May/2023:11:05:09 +0800] "GET /xingrg/dwr/interface/AjaxReportQueryService.js HTTP/1.1" 200 13203
120.253.135.82 - - [16/May/2023:11:05:09 +0800] "GET /xingrg/dwr/engine.js HTTP/1.1" 200 43631
180.156.206.150 - - [16/May/2023:11:05:09 +0800] "GET /xingrg/all/function/internal_message.html?_=1684206309626&CODE_STATE=getMsg HTTP/1.1" 200 27
120.253.135.82 - - [16/May/2023:11:05:11 +0800] "GET /xingrg/kc/pszx/mdps_order_list.html?orderType=0 HTTP/1.1" 200 21032
120.253.135.82 - - [16/May/2023:11:05:11 +0800] "POST /xingrg/kc/pszx/mdps_list_operate.html HTTP/1.1" 200 5292
101.229.22.40 - - [16/May/2023:11:05:13 +0800] "GET /xingrg/check_reg.html?_=1684206312188 HTTP/1.1" 302 -
120.253.135.82 - - [16/May/2023:11:05:20 +0800] "GET /xingrg/kc/pszx/jzcl_ps.html HTTP/1.1" 200 7683
120.253.135.82 - - [16/May/2023:11:05:20 +0800] "GET /xingrg/javascript/step/step.css HTTP/1.1" 304 -
120.253.135.82 - - [16/May/2023:11:05:20 +0800] "GET /xingrg/css/table.css HTTP/1.1" 304 -
120.253.135.82 - - [16/May/2023:11:05:20 +0800] "GET /xingrg/javascript/step/images/navCurrentBtn.gif HTTP/1.1" 304 -
120.253.135.82 - - [16/May/2023:11:05:20 +0800] "GET /xingrg/javascript/jquery_easy_ui/themes/default/images/button_a_bg.gif HTTP/1.1" 304 -
120.253.135.82 - - [16/May/2023:11:05:20 +0800] "GET /xingrg/javascript/jquery_easy_ui/themes/default/images/button_span_bg.gif HTTP/1.1" 304 -
120.253.135.82 - - [16/May/2023:11:05:20 +0800] "GET /xingrg/javascript/jquery_easy_ui/themes/icons/search.png HTTP/1.1" 304 -
120.253.135.82 - - [16/May/2023:11:05:20 +0800] "GET /xingrg/javascript/jquery_easy_ui/themes/default/images/combo_arrow_dot.gif HTTP/1.1" 304 -
120.253.135.82 - - [16/May/2023:11:05:20 +0800] "GET /xingrg/javascript/jquery_easy_ui/themes/default/images/calendar_nextmonth.gif HTTP/1.1" 304 -
120.253.135.82 - - [16/May/2023:11:05:20 +0800] "GET /xingrg/javascript/jquery_easy_ui/themes/default/images/calendar_prevyear.gif HTTP/1.1" 304 -
120.253.135.82 - - [16/May/2023:11:05:20 +0800] "GET /xingrg/javascript/jquery_easy_ui/themes/default/images/calendar_prevmonth.gif HTTP/1.1" 304 -
120.253.135.82 - - [16/May/2023:11:05:20 +0800] "GET /xingrg/javascript/jquery_easy_ui/themes/default/images/calendar_nextyear.gif HTTP/1.1" 304 -
120.253.135.82 - - [16/May/2023:11:05:20 +0800] "POST /xingrg/all/common/load_tree.html?tree=area_rest_tree_json HTTP/1.1" 200 3499
120.253.135.82 - - [16/May/2023:11:05:20 +0800] "GET /xingrg/javascript/jquery_easy_ui/themes/default/images/datagrid_header_bg.gif HTTP/1.1" 304 -
120.253.135.82 - - [16/May/2023:11:05:20 +0800] "GET /xingrg/javascript/jquery_easy_ui/themes/default/images/pagination_loading.gif HTTP/1.1" 304 -
120.253.135.82 - - [16/May/2023:11:05:20 +0800] "GET /xingrg/javascript/jquery_easy_ui/themes/default/images/tree_checkbox_0.gif HTTP/1.1" 304 -
120.253.135.82 - - [16/May/2023:11:05:20 +0800] "GET /xingrg/javascript/jquery_easy_ui/themes/icons/rest.png HTTP/1.1" 304 -
120.253.135.82 - - [16/May/2023:11:05:20 +0800] "POST /xingrg/kc/pszx/jzcl_ps_operate.html HTTP/1.1" 200 410
120.253.135.82 - - [16/May/2023:11:05:20 +0800] "POST /xingrg/kc/pszx/jzcl_ps_operate.html HTTP/1.1" 200 410
124.79.240.114 - - [16/May/2023:11:05:26 +0800] "GET /xingrg/all/function/internal_message.html?_=1684206603419&CODE_STATE=getMsg HTTP/1.1" 200 27
222.67.238.82 - - [16/May/2023:11:05:27 +0800] "GET /xingrg/all/function/internal_message.html?_=1684205843844&CODE_STATE=getMsg HTTP/1.1" 200 27
222.67.238.82 - - [16/May/2023:11:05:27 +0800] "GET /xingrg/check_reg.html?_=1684205843846 HTTP/1.1" 200 22
120.253.135.82 - - [16/May/2023:11:05:27 +0800] "POST /xingrg/kc/pszx/jzcl_ps_operate.html HTTP/1.1" 200 4
120.253.135.82 - - [16/May/2023:11:05:27 +0800] "GET /xingrg/javascript/step/images/navDoneBtn.gif HTTP/1.1" 304 -
120.253.135.82 - - [16/May/2023:11:05:27 +0800] "GET /xingrg/javascript/step/images/navLastDoneBtn.gif HTTP/1.1" 304 -
120.253.135.82 - - [16/May/2023:11:05:28 +0800] "POST /xingrg/kc/pszx/jzcl_ps_operate.html HTTP/1.1" 200 21
120.253.135.82 - - [16/May/2023:11:05:28 +0800] "GET /xingrg/kc/pszx/mdps_order_list.html HTTP/1.1" 200 21032
116.235.240.236 - - [16/May/2023:11:05:29 +0800] "GET /xingrg/all/function/internal_message.html?_=1684206338776&CODE_STATE=getMsg HTTP/1.1" 200 27
120.253.135.82 - - [16/May/2023:11:05:29 +0800] "POST /xingrg/kc/pszx/mdps_list_operate.html HTTP/1.1" 200 5292
