124.79.240.114 - - [16/May/2023:11:18:04 +0800] "GET /xingrg/all/function/internal_message.html?_=1684207079960&CODE_STATE=getMsg HTTP/1.1" 302 -
180.156.206.150 - - [16/May/2023:11:18:09 +0800] "GET /xingrg/all/function/internal_message.html?_=1684207089639&CODE_STATE=getMsg HTTP/1.1" 200 27
172.20.0.100 - - [16/May/2023:11:18:09 +0800] "GET /xingrg/check_reg.html?_=1684207094052 HTTP/1.1" 302 -
124.79.240.114 - - [16/May/2023:11:18:26 +0800] "GET /xingrg/check_reg.html?_=1684207383419 HTTP/1.1" 200 22
124.79.240.114 - - [16/May/2023:11:18:26 +0800] "GET /xingrg/all/function/internal_message.html?_=1684207383418&CODE_STATE=getMsg HTTP/1.1" 200 27
222.67.238.82 - - [16/May/2023:11:18:27 +0800] "GET /xingrg/all/function/internal_message.html?_=1684206623888&CODE_STATE=getMsg HTTP/1.1" 200 27
116.235.240.236 - - [16/May/2023:11:18:28 +0800] "GET /xingrg/check_reg.html?_=1684207118640 HTTP/1.1" 200 22
116.235.240.236 - - [16/May/2023:11:18:29 +0800] "GET /xingrg/all/function/internal_message.html?_=1684207119186&CODE_STATE=getMsg HTTP/1.1" 200 27
180.171.122.0 - - [16/May/2023:11:18:39 +0800] "GET /xingrg/all/function/internal_message.html?_=1684207119034&CODE_STATE=getMsg HTTP/1.1" 200 27
114.83.219.197 - - [16/May/2023:11:18:40 +0800] "GET /xingrg/all/function/internal_message.html?_=1684207215971&CODE_STATE=getMsg HTTP/1.1" 200 27
116.224.158.100 - - [16/May/2023:11:18:44 +0800] "GET /xingrg/all/function/internal_message.html?_=1684207125020&CODE_STATE=getMsg HTTP/1.1" 200 27
116.224.158.100 - - [16/May/2023:11:18:44 +0800] "GET /xingrg/check_reg.html?_=1684207125023 HTTP/1.1" 200 22
101.83.241.217 - - [16/May/2023:11:18:45 +0800] "GET /xingrg/check_reg.html?_=1684207125599 HTTP/1.1" 200 22
101.83.241.217 - - [16/May/2023:11:18:45 +0800] "GET /xingrg/all/function/internal_message.html?_=1684207125602&CODE_STATE=getMsg HTTP/1.1" 200 27
180.163.29.206 - - [16/May/2023:11:18:47 +0800] "GET /xingrg/all/function/internal_message.html?_=1684207066593&CODE_STATE=getMsg HTTP/1.1" 302 -
180.163.29.206 - - [16/May/2023:11:18:47 +0800] "GET /xingrg/login.html HTTP/1.1" 200 7641
116.238.139.35 - - [16/May/2023:11:18:47 +0800] "GET /xingrg/all/function/internal_message.html?_=1684207126157&CODE_STATE=getMsg HTTP/1.1" 200 27
124.78.154.113 - - [16/May/2023:11:18:47 +0800] "GET /xingrg/all/function/internal_message.html?_=1684207126593&CODE_STATE=getMsg HTTP/1.1" 200 27
222.67.238.82 - - [16/May/2023:11:18:49 +0800] "POST /xingrg/kc/buy/cgsh_order_operate.html HTTP/1.1" 200 37
101.83.241.217 - - [16/May/2023:11:18:49 +0800] "GET /xingrg/all/function/internal_message.html?_=1684207127636&CODE_STATE=getMsg HTTP/1.1" 200 27
124.79.74.67 - - [16/May/2023:11:18:51 +0800] "GET /xingrg/all/function/internal_message.html?_=1684207147550&CODE_STATE=getMsg HTTP/1.1" 200 27
180.156.206.150 - - [16/May/2023:11:18:51 +0800] "GET /xingrg/all/function/internal_message.html?_=1684207139327&CODE_STATE=getMsg HTTP/1.1" 200 27
222.67.238.82 - - [16/May/2023:11:18:52 +0800] "POST /xingrg/kc/buy/cgsh_order_operate.html HTTP/1.1" 200 2663
180.164.3.199 - - [16/May/2023:11:18:53 +0800] "GET /xingrg/all/function/internal_message.html?_=1684207132301&CODE_STATE=getMsg HTTP/1.1" 200 27
120.253.135.82 - - [16/May/2023:11:18:53 +0800] "GET /xingrg/all/function/internal_message.html?_=1684206971356&CODE_STATE=getMsg HTTP/1.1" 200 27
180.164.3.199 - - [16/May/2023:11:18:54 +0800] "GET /xingrg/check_reg.html?_=1684207133642 HTTP/1.1" 200 22
120.253.135.82 - - [16/May/2023:11:18:55 +0800] "GET /xingrg/check_reg.html?_=1684206973506 HTTP/1.1" 200 22
222.67.238.82 - - [16/May/2023:11:18:56 +0800] "GET /xingrg/kc/print/load_data.html?order_code=212023051605818&kc_code=cgsh&condition= HTTP/1.1" 200 700
222.67.238.82 - - [16/May/2023:11:19:02 +0800] "GET /xingrg/kc/buy/cgsh_order_add.html HTTP/1.1" 200 71364
222.67.238.82 - - [16/May/2023:11:19:03 +0800] "POST /xingrg/kc/buy/cgsh_order_operate.html HTTP/1.1" 200 8245
222.67.238.82 - - [16/May/2023:11:19:03 +0800] "GET /xingrg/javascript/easyui/themes/default/validatebox.css HTTP/1.1" 404 1104
124.79.240.114 - - [16/May/2023:11:19:04 +0800] "GET /xingrg/all/function/internal_message.html?_=1684207139932&CODE_STATE=getMsg HTTP/1.1" 302 -
180.156.206.150 - - [16/May/2023:11:19:09 +0800] "GET /xingrg/check_reg.html?_=1684207149637 HTTP/1.1" 200 22
180.156.206.150 - - [16/May/2023:11:19:09 +0800] "GET /xingrg/all/function/internal_message.html?_=1684207149655&CODE_STATE=getMsg HTTP/1.1" 200 27
180.169.147.146 - - [16/May/2023:11:19:18 +0800] "GET /xingrg/check_reg.html?_=1684207154485 HTTP/1.1" 200 22
124.79.240.114 - - [16/May/2023:11:19:26 +0800] "GET /xingrg/all/function/internal_message.html?_=1684207443416&CODE_STATE=getMsg HTTP/1.1" 200 27
222.67.238.82 - - [16/May/2023:11:19:27 +0800] "GET /xingrg/all/function/internal_message.html?_=1684206683902&CODE_STATE=getMsg HTTP/1.1" 200 27
116.235.240.236 - - [16/May/2023:11:19:29 +0800] "GET /xingrg/all/function/internal_message.html?_=1684207179199&CODE_STATE=getMsg HTTP/1.1" 200 27
124.79.74.67 - - [16/May/2023:11:19:39 +0800] "GET /xingrg/kc/buy/buy_main.html HTTP/1.1" 200 12412
124.79.74.67 - - [16/May/2023:11:19:39 +0800] "GET /xingrg/css/new_ie.css HTTP/1.1" 404 1036
180.171.122.0 - - [16/May/2023:11:19:39 +0800] "GET /xingrg/all/function/internal_message.html?_=1684207179034&CODE_STATE=getMsg HTTP/1.1" 200 27
114.83.219.197 - - [16/May/2023:11:19:40 +0800] "GET /xingrg/all/function/internal_message.html?_=1684207275969&CODE_STATE=getMsg HTTP/1.1" 200 27
124.79.74.67 - - [16/May/2023:11:19:41 +0800] "GET /xingrg/kc/buy/cgsh_order_list.html HTTP/1.1" 200 55588
124.79.74.67 - - [16/May/2023:11:19:43 +0800] "POST /xingrg/kc/buy/cgsh_list_operate.html HTTP/1.1" 200 986
116.224.158.100 - - [16/May/2023:11:19:44 +0800] "GET /xingrg/all/function/internal_message.html?_=1684207185022&CODE_STATE=getMsg HTTP/1.1" 200 27
124.79.74.67 - - [16/May/2023:11:19:44 +0800] "GET /xingrg/kc/buy/cgsh_order_add.html HTTP/1.1" 200 71443
124.79.74.67 - - [16/May/2023:11:19:44 +0800] "GET /xingrg/words/20230516111423_words.js HTTP/1.1" 200 965017
124.79.74.67 - - [16/May/2023:11:19:44 +0800] "POST /xingrg/kc/buy/cgsh_order_operate.html HTTP/1.1" 200 8245
124.79.74.67 - - [16/May/2023:11:19:45 +0800] "GET /xingrg/javascript/easyui/themes/default/validatebox.css HTTP/1.1" 404 1104
124.79.74.67 - - [16/May/2023:11:19:45 +0800] "GET /xingrg/all/common/auto_word.html?type=employee&rest_code=00156 HTTP/1.1" 200 97
124.79.74.67 - - [16/May/2023:11:19:45 +0800] "GET /xingrg/all/common/auto_word.html?type=employee&rest_code=00156 HTTP/1.1" 200 97
101.83.241.217 - - [16/May/2023:11:19:45 +0800] "GET /xingrg/all/function/internal_message.html?_=1684207185611&CODE_STATE=getMsg HTTP/1.1" 200 27
116.228.172.94 - - [16/May/2023:11:19:47 +0800] "GET /xingrg/check_reg.html?_=1684206995070 HTTP/1.1" 302 -
116.238.139.35 - - [16/May/2023:11:19:47 +0800] "GET /xingrg/all/function/internal_message.html?_=1684207186158&CODE_STATE=getMsg HTTP/1.1" 200 27
116.238.139.35 - - [16/May/2023:11:19:47 +0800] "GET /xingrg/check_reg.html?_=1684207186162 HTTP/1.1" 200 22
124.78.154.113 - - [16/May/2023:11:19:47 +0800] "GET /xingrg/all/function/internal_message.html?_=1684207186600&CODE_STATE=getMsg HTTP/1.1" 200 27
101.83.241.217 - - [16/May/2023:11:19:49 +0800] "GET /xingrg/all/function/internal_message.html?_=1684207187608&CODE_STATE=getMsg HTTP/1.1" 200 27
222.67.238.82 - - [16/May/2023:11:19:49 +0800] "GET /xingrg/kc/buy/cgsh_order_operate.html?command=get_materiel&rest_code=00141&code=00101008112&supplier_code=00100007&order_time=2023-05-16 HTTP/1.1" 200 412
124.79.74.67 - - [16/May/2023:11:19:51 +0800] "GET /xingrg/all/function/internal_message.html?_=1684207207552&CODE_STATE=getMsg HTTP/1.1" 200 27
180.156.206.150 - - [16/May/2023:11:19:51 +0800] "GET /xingrg/all/function/internal_message.html?_=1684207199340&CODE_STATE=getMsg HTTP/1.1" 200 27
116.232.195.127 - - [16/May/2023:11:19:51 +0800] "GET /xingrg/index.html?sysBaseUrl=http%3A%2F%2F180.169.147.146%3A18081%2Fxingrg%2F&costTime=1277×tamp=1606817596806 HTTP/1.1" 302 -
116.232.195.127 - - [16/May/2023:11:19:51 +0800] "GET /xingrg/login.html HTTP/1.1" 200 7641
116.232.195.127 - - [16/May/2023:11:19:52 +0800] "GET /favicon.ico HTTP/1.1" 404 -
180.164.3.199 - - [16/May/2023:11:19:53 +0800] "GET /xingrg/all/function/internal_message.html?_=1684207192278&CODE_STATE=getMsg HTTP/1.1" 200 27
120.253.135.82 - - [16/May/2023:11:19:53 +0800] "GET /xingrg/all/function/internal_message.html?_=1684207031366&CODE_STATE=getMsg HTTP/1.1" 200 27
116.232.195.127 - - [16/May/2023:11:19:55 +0800] "POST /xingrg/login.do HTTP/1.1" 302 -
116.232.195.127 - - [16/May/2023:11:19:55 +0800] "GET /xingrg/index.html?sysBaseUrl=http%3A%2F%2F180.169.147.146%3A18081%2Fxingrg%2F&costTime=874×tamp=1684207195785 HTTP/1.1" 200 17179
116.232.195.127 - - [16/May/2023:11:19:56 +0800] "GET /favicon.ico HTTP/1.1" 404 -
116.232.195.127 - - [16/May/2023:11:19:57 +0800] "GET /xingrg/check_reg.html?_=1684207245047 HTTP/1.1" 200 22
116.232.195.127 - - [16/May/2023:11:19:57 +0800] "POST /xingrg/all/common/load_tree.html?tree=area_rest_tree_json&manage=1 HTTP/1.1" 200 479
116.232.195.127 - - [16/May/2023:11:19:57 +0800] "GET /xingrg/all/function/internal_message.html?_=1684207245045&CODE_STATE=count HTTP/1.1" 200 11
116.232.195.127 - - [16/May/2023:11:19:57 +0800] "POST /xingrg/load_menu.html HTTP/1.1" 200 5138
116.232.195.127 - - [16/May/2023:11:20:00 +0800] "POST /xingrg/all/user/operate.html HTTP/1.1" 200 36
116.232.195.127 - - [16/May/2023:11:20:00 +0800] "GET /xingrg/index.html?sysBaseUrl=http%3A%2F%2F180.169.147.146%3A18081%2Fxingrg%2F&costTime=874×tamp=1684207195785 HTTP/1.1" 200 17179
116.232.195.127 - - [16/May/2023:11:20:00 +0800] "GET /xingrg/javascript/jquery_easy_ui/themes/default/easyui.css HTTP/1.1" 304 -
116.232.195.127 - - [16/May/2023:11:20:00 +0800] "GET /xingrg/javascript/jquery_easy_ui/themes/icon.css HTTP/1.1" 304 -
116.232.195.127 - - [16/May/2023:11:20:00 +0800] "GET /xingrg/css/form.css HTTP/1.1" 304 -
116.232.195.127 - - [16/May/2023:11:20:00 +0800] "GET /xingrg/javascript/jquery-1.4.2.min.js HTTP/1.1" 304 -
116.232.195.127 - - [16/May/2023:11:20:00 +0800] "GET /xingrg/javascript/jquery_easy_ui/jquery.easyui.min.js HTTP/1.1" 304 -
116.232.195.127 - - [16/May/2023:11:20:00 +0800] "GET /xingrg/javascript/jquery_easy_ui/easyui-lang-zh_CN.js HTTP/1.1" 304 -
116.232.195.127 - - [16/May/2023:11:20:00 +0800] "GET /xingrg/javascript/jquery.form.js HTTP/1.1" 304 -
116.232.195.127 - - [16/May/2023:11:20:00 +0800] "GET /xingrg/javascript/jquery.utils.js HTTP/1.1" 304 -
116.232.195.127 - - [16/May/2023:11:20:00 +0800] "GET /xingrg/javascript/jquery.timers.js HTTP/1.1" 304 -
116.232.195.127 - - [16/May/2023:11:20:00 +0800] "GET /xingrg/images/blue/jxLogo.png HTTP/1.1" 304 -
116.232.195.127 - - [16/May/2023:11:20:00 +0800] "GET /xingrg/images/blue/navBackgound.jpg HTTP/1.1" 304 -
116.232.195.127 - - [16/May/2023:11:20:00 +0800] "GET /xingrg/javascript/jquery_easy_ui/themes/icons/settle_new.png HTTP/1.1" 304 -
116.232.195.127 - - [16/May/2023:11:20:00 +0800] "GET /xingrg/all/function/internal_message.html?_=1684207248300&CODE_STATE=count HTTP/1.1" 200 11
116.232.195.127 - - [16/May/2023:11:20:00 +0800] "GET /xingrg/check_reg.html?_=1684207248302 HTTP/1.1" 200 22
116.232.195.127 - - [16/May/2023:11:20:00 +0800] "GET /xingrg/javascript/jquery_easy_ui/themes/default/images/panel_tool_collapse.gif HTTP/1.1" 304 -
116.232.195.127 - - [16/May/2023:11:20:00 +0800] "GET /xingrg/javascript/jquery_easy_ui/themes/default/images/tabs_leftarrow.png HTTP/1.1" 304 -
116.232.195.127 - - [16/May/2023:11:20:00 +0800] "GET /xingrg/images/blue/pingpu.png HTTP/1.1" 304 -
116.232.195.127 - - [16/May/2023:11:20:00 +0800] "GET /xingrg/javascript/jquery_easy_ui/themes/default/images/tabs_rightarrow.png HTTP/1.1" 304 -
116.232.195.127 - - [16/May/2023:11:20:00 +0800] "POST /xingrg/all/common/load_tree.html?tree=area_rest_tree_json&manage=1 HTTP/1.1" 200 479
116.232.195.127 - - [16/May/2023:11:20:00 +0800] "POST /xingrg/load_menu.html HTTP/1.1" 200 5138
116.232.195.127 - - [16/May/2023:11:20:01 +0800] "GET /xingrg/kc/report/report_main.html HTTP/1.1" 200 7340
116.232.195.127 - - [16/May/2023:11:20:04 +0800] "GET /xingrg/kc/base/yddb_order_list.html HTTP/1.1" 200 16710
124.79.240.114 - - [16/May/2023:11:20:04 +0800] "GET /xingrg/all/function/internal_message.html?_=1684207199912&CODE_STATE=getMsg HTTP/1.1" 302 -
116.232.195.127 - - [16/May/2023:11:20:05 +0800] "POST /xingrg/kc/base/yddb_list_operate.html HTTP/1.1" 200 636
222.67.238.82 - - [16/May/2023:11:20:06 +0800] "GET /xingrg/kc/buy/cgsh_order_operate.html?command=get_materiel&rest_code=00141&code=00101008010&supplier_code=00100007&order_time=2023-05-16 HTTP/1.1" 200 412
116.232.195.127 - - [16/May/2023:11:20:09 +0800] "POST /xingrg/kc/base/yddb_list_operate.html HTTP/1.1" 200 4412
180.156.206.150 - - [16/May/2023:11:20:09 +0800] "GET /xingrg/all/function/internal_message.html?_=1684207209640&CODE_STATE=getMsg HTTP/1.1" 200 27
116.232.195.127 - - [16/May/2023:11:20:11 +0800] "POST /xingrg/kc/base/yddb_list_operate.html HTTP/1.1" 200 580
116.232.195.127 - - [16/May/2023:11:20:12 +0800] "GET /xingrg/kc/base/yddb_order_info.html?code=482023042100130 HTTP/1.1" 200 29339
116.232.195.127 - - [16/May/2023:11:20:12 +0800] "GET /xingrg/dwr/interface/AjaxComOrderService.js HTTP/1.1" 200 18264
116.232.195.127 - - [16/May/2023:11:20:12 +0800] "GET /xingrg/dwr/interface/AjaxYddbService.js HTTP/1.1" 200 13201
116.232.195.127 - - [16/May/2023:11:20:12 +0800] "GET /xingrg/dwr/engine.js HTTP/1.1" 200 43631
116.232.195.127 - - [16/May/2023:11:20:12 +0800] "GET /xingrg/dwr/util.js HTTP/1.1" 200 35990
101.229.22.40 - - [16/May/2023:11:20:13 +0800] "GET /xingrg/check_reg.html?_=1684207212118 HTTP/1.1" 302 -
222.67.238.82 - - [16/May/2023:11:20:19 +0800] "GET /xingrg/kc/buy/cgsh_order_operate.html?command=get_materiel&rest_code=00141&code=00101008096&supplier_code=00100007&order_time=2023-05-16 HTTP/1.1" 200 412
116.232.195.127 - - [16/May/2023:11:20:20 +0800] "POST /xingrg/dwr/call/plaincall/AjaxYddbService.loadMaterielItems.dwr HTTP/1.1" 200 6914
116.232.195.127 - - [16/May/2023:11:20:25 +0800] "GET /xingrg/kc/base/yddb_order_report.html?fileType=servlets/html&code=482023042100130&reportName=ck_order_report&subName=yddb HTTP/1.1" 302 -
116.232.195.127 - - [16/May/2023:11:20:25 +0800] "GET /xingrg/servlets/html?sysBaseUrl=http%3A%2F%2F180.169.147.146%3A18081%2Fxingrg%2F&costTime=607×tamp=1684207225627 HTTP/1.1" 200 76709
116.232.195.127 - - [16/May/2023:11:20:25 +0800] "GET /xingrg/servlets/image?image=px HTTP/1.1" 200 807
116.232.195.127 - - [16/May/2023:11:20:25 +0800] "GET /favicon.ico HTTP/1.1" 404 -
124.79.240.114 - - [16/May/2023:11:20:26 +0800] "GET /xingrg/all/function/internal_message.html?_=1684207503413&CODE_STATE=getMsg HTTP/1.1" 200 27
222.67.238.82 - - [16/May/2023:11:20:27 +0800] "GET /xingrg/all/function/internal_message.html?_=1684206743887&CODE_STATE=getMsg HTTP/1.1" 200 27
222.67.238.82 - - [16/May/2023:11:20:27 +0800] "GET /xingrg/check_reg.html?_=1684206743886 HTTP/1.1" 200 22
116.235.240.236 - - [16/May/2023:11:20:29 +0800] "GET /xingrg/all/function/internal_message.html?_=1684207239214&CODE_STATE=getMsg HTTP/1.1" 200 27
222.67.238.82 - - [16/May/2023:11:20:29 +0800] "GET /xingrg/kc/buy/cgsh_order_operate.html?command=get_materiel&rest_code=00141&code=00101008396&supplier_code=00100007&order_time=2023-05-16 HTTP/1.1" 200 412
180.171.122.0 - - [16/May/2023:11:20:39 +0800] "GET /xingrg/all/function/internal_message.html?_=1684207239022&CODE_STATE=getMsg HTTP/1.1" 200 27
114.83.219.197 - - [16/May/2023:11:20:40 +0800] "GET /xingrg/all/function/internal_message.html?_=1684207335969&CODE_STATE=getMsg HTTP/1.1" 200 27
114.83.219.197 - - [16/May/2023:11:20:40 +0800] "GET /xingrg/check_reg.html?_=1684207335971 HTTP/1.1" 200 22
222.67.238.82 - - [16/May/2023:11:20:41 +0800] "GET /xingrg/kc/buy/cgsh_order_operate.html?command=get_materiel&rest_code=00141&code=00101008355&supplier_code=00100007&order_time=2023-05-16 HTTP/1.1" 200 408
116.232.195.127 - - [16/May/2023:11:20:41 +0800] "POST /xingrg/all/user/operate.html HTTP/1.1" 200 36
116.232.195.127 - - [16/May/2023:11:20:42 +0800] "GET /xingrg/index.html?sysBaseUrl=http%3A%2F%2F180.169.147.146%3A18081%2Fxingrg%2F&costTime=874×tamp=1684207195785 HTTP/1.1" 200 17179
116.232.195.127 - - [16/May/2023:11:20:42 +0800] "GET /xingrg/javascript/jquery_easy_ui/themes/default/easyui.css HTTP/1.1" 304 -
116.232.195.127 - - [16/May/2023:11:20:42 +0800] "GET /xingrg/javascript/jquery_easy_ui/themes/icon.css HTTP/1.1" 304 -
116.232.195.127 - - [16/May/2023:11:20:42 +0800] "GET /xingrg/css/form.css HTTP/1.1" 304 -
116.232.195.127 - - [16/May/2023:11:20:42 +0800] "GET /xingrg/javascript/jquery-1.4.2.min.js HTTP/1.1" 304 -
116.232.195.127 - - [16/May/2023:11:20:42 +0800] "GET /xingrg/javascript/jquery_easy_ui/jquery.easyui.min.js HTTP/1.1" 304 -
116.232.195.127 - - [16/May/2023:11:20:42 +0800] "GET /xingrg/javascript/jquery_easy_ui/easyui-lang-zh_CN.js HTTP/1.1" 304 -
116.232.195.127 - - [16/May/2023:11:20:42 +0800] "GET /xingrg/javascript/jquery.form.js HTTP/1.1" 304 -
116.232.195.127 - - [16/May/2023:11:20:42 +0800] "GET /xingrg/javascript/jquery.utils.js HTTP/1.1" 304 -
116.232.195.127 - - [16/May/2023:11:20:42 +0800] "GET /xingrg/javascript/jquery.timers.js HTTP/1.1" 304 -
116.232.195.127 - - [16/May/2023:11:20:42 +0800] "GET /xingrg/images/blue/jxLogo.png HTTP/1.1" 304 -
116.232.195.127 - - [16/May/2023:11:20:42 +0800] "GET /xingrg/javascript/jquery_easy_ui/themes/icons/settle_new.png HTTP/1.1" 304 -
116.232.195.127 - - [16/May/2023:11:20:42 +0800] "GET /xingrg/images/blue/navBackgound.jpg HTTP/1.1" 304 -
116.232.195.127 - - [16/May/2023:11:20:42 +0800] "GET /xingrg/all/function/internal_message.html?_=1684207290136&CODE_STATE=count HTTP/1.1" 200 11
116.232.195.127 - - [16/May/2023:11:20:42 +0800] "GET /xingrg/check_reg.html?_=1684207290138 HTTP/1.1" 200 22
116.232.195.127 - - [16/May/2023:11:20:42 +0800] "GET /xingrg/images/blue/pingpu.png HTTP/1.1" 304 -
116.232.195.127 - - [16/May/2023:11:20:42 +0800] "GET /xingrg/javascript/jquery_easy_ui/themes/default/images/tabs_rightarrow.png HTTP/1.1" 304 -
116.232.195.127 - - [16/May/2023:11:20:42 +0800] "GET /xingrg/javascript/jquery_easy_ui/themes/default/images/panel_tool_collapse.gif HTTP/1.1" 304 -
116.232.195.127 - - [16/May/2023:11:20:42 +0800] "GET /xingrg/javascript/jquery_easy_ui/themes/default/images/tabs_leftarrow.png HTTP/1.1" 304 -
116.232.195.127 - - [16/May/2023:11:20:42 +0800] "POST /xingrg/all/common/load_tree.html?tree=area_rest_tree_json&manage=1 HTTP/1.1" 200 479
116.232.195.127 - - [16/May/2023:11:20:42 +0800] "POST /xingrg/load_menu.html HTTP/1.1" 200 5138
101.83.241.217 - - [16/May/2023:11:20:43 +0800] "GET /xingrg/kc/pszx/ps_main.html HTTP/1.1" 200 13401
101.83.241.217 - - [16/May/2023:11:20:43 +0800] "GET /xingrg/images/blue/button/fdqpd.gif HTTP/1.1" 200 2116
101.83.241.217 - - [16/May/2023:11:20:43 +0800] "GET /xingrg/images/blue/button/pszx.gif HTTP/1.1" 200 2648
101.83.241.217 - - [16/May/2023:11:20:43 +0800] "GET /xingrg/images/blue/button/jzcgd.gif HTTP/1.1" 200 1976
101.83.241.217 - - [16/May/2023:11:20:43 +0800] "GET /xingrg/images/blue/button/cgydd.gif HTTP/1.1" 200 2712
101.83.241.217 - - [16/May/2023:11:20:43 +0800] "GET /xingrg/images/blue/button/fdps2.gif HTTP/1.1" 200 2548
101.83.241.217 - - [16/May/2023:11:20:43 +0800] "GET /xingrg/images/blue/button/down_ah.jpg HTTP/1.1" 200 1732
101.83.241.217 - - [16/May/2023:11:20:43 +0800] "GET /xingrg/images/blue/button/line.jpg HTTP/1.1" 200 1397
101.83.241.217 - - [16/May/2023:11:20:43 +0800] "GET /xingrg/images/blue/button/left_down_ah.jpg HTTP/1.1" 200 1848
101.83.241.217 - - [16/May/2023:11:20:43 +0800] "GET /xingrg/images/blue/button/right_down_ah.jpg HTTP/1.1" 200 1842
116.224.158.100 - - [16/May/2023:11:20:44 +0800] "GET /xingrg/all/function/internal_message.html?_=1684207245021&CODE_STATE=getMsg HTTP/1.1" 200 27
180.163.29.217 - - [16/May/2023:11:20:47 +0800] "GET /xingrg/all/function/internal_message.html?_=1684207186600&CODE_STATE=getMsg HTTP/1.1" 302 -
116.232.195.127 - - [16/May/2023:11:20:47 +0800] "GET /xingrg/kc/buy/cgsh_order_list.html HTTP/1.1" 200 55588
180.163.29.217 - - [16/May/2023:11:20:47 +0800] "GET /xingrg/login.html HTTP/1.1" 200 7641
116.238.139.35 - - [16/May/2023:11:20:47 +0800] "GET /xingrg/all/function/internal_message.html?_=1684207246162&CODE_STATE=getMsg HTTP/1.1" 200 27
124.78.154.113 - - [16/May/2023:11:20:47 +0800] "GET /xingrg/all/function/internal_message.html?_=1684207246603&CODE_STATE=getMsg HTTP/1.1" 200 27
101.83.241.217 - - [16/May/2023:11:20:49 +0800] "GET /xingrg/all/function/internal_message.html?_=1684207247589&CODE_STATE=getMsg HTTP/1.1" 200 27
101.83.241.217 - - [16/May/2023:11:20:50 +0800] "GET /xingrg/check_reg.html?_=1684207248761 HTTP/1.1" 200 22
124.79.74.67 - - [16/May/2023:11:20:51 +0800] "GET /xingrg/all/function/internal_message.html?_=1684207267554&CODE_STATE=getMsg HTTP/1.1" 200 27
180.156.206.150 - - [16/May/2023:11:20:51 +0800] "GET /xingrg/check_reg.html?_=1684207259337 HTTP/1.1" 200 22
180.156.206.150 - - [16/May/2023:11:20:51 +0800] "GET /xingrg/all/function/internal_message.html?_=1684207259340&CODE_STATE=getMsg HTTP/1.1" 200 27
180.164.3.199 - - [16/May/2023:11:20:53 +0800] "GET /xingrg/all/function/internal_message.html?_=1684207252277&CODE_STATE=getMsg HTTP/1.1" 200 27
120.253.135.82 - - [16/May/2023:11:20:53 +0800] "GET /xingrg/all/function/internal_message.html?_=1684207091381&CODE_STATE=getMsg HTTP/1.1" 200 27
222.67.238.82 - - [16/May/2023:11:20:55 +0800] "GET /xingrg/kc/buy/cgsh_order_operate.html?command=get_materiel&rest_code=00141&code=00101008264&supplier_code=00100007&order_time=2023-05-16 HTTP/1.1" 200 412
116.232.195.127 - - [16/May/2023:11:20:56 +0800] "POST /xingrg/kc/buy/cgsh_list_operate.html HTTP/1.1" 200 3590
124.79.240.114 - - [16/May/2023:11:21:03 +0800] "GET /xingrg/check_reg.html?_=1684207259057 HTTP/1.1" 302 -
124.79.74.67 - - [16/May/2023:11:21:04 +0800] "GET /xingrg/javascript/jquery_tools/images/prev.gif HTTP/1.1" 404 1086
124.79.74.67 - - [16/May/2023:11:21:04 +0800] "GET /xingrg/javascript/jquery_tools/images/next.gif HTTP/1.1" 404 1086
124.79.240.114 - - [16/May/2023:11:21:04 +0800] "GET /xingrg/all/function/internal_message.html?_=1684207259898&CODE_STATE=getMsg HTTP/1.1" 302 -
180.156.206.150 - - [16/May/2023:11:21:09 +0800] "GET /xingrg/all/function/internal_message.html?_=1684207269631&CODE_STATE=getMsg HTTP/1.1" 200 27
116.232.195.127 - - [16/May/2023:11:21:10 +0800] "GET /xingrg/kc/base/yddb_order_list.html HTTP/1.1" 200 16710
124.79.74.67 - - [16/May/2023:11:21:10 +0800] "GET /xingrg/kc/buy/cgsh_order_operate.html?command=get_materiel&rest_code=00156&code=00101007067&supplier_code=00100012&order_time=2023-05-16 HTTP/1.1" 200 409
116.232.195.127 - - [16/May/2023:11:21:10 +0800] "POST /xingrg/kc/base/yddb_list_operate.html HTTP/1.1" 200 636
222.67.238.82 - - [16/May/2023:11:21:11 +0800] "GET /xingrg/kc/buy/cgsh_order_operate.html?command=get_materiel&rest_code=00141&code=00101008137&supplier_code=00100007&order_time=2023-05-16 HTTP/1.1" 200 408
116.232.195.127 - - [16/May/2023:11:21:12 +0800] "POST /xingrg/kc/base/yddb_list_operate.html HTTP/1.1" 200 4451
116.232.195.127 - - [16/May/2023:11:21:15 +0800] "POST /xingrg/kc/base/yddb_list_operate.html HTTP/1.1" 200 7098
116.232.195.127 - - [16/May/2023:11:21:16 +0800] "POST /xingrg/kc/base/yddb_list_operate.html HTTP/1.1" 200 205
222.67.238.82 - - [16/May/2023:11:21:22 +0800] "GET /xingrg/kc/buy/cgsh_order_operate.html?command=get_materiel&rest_code=00141&code=00101008286&supplier_code=00100007&order_time=2023-05-16 HTTP/1.1" 200 408
124.79.240.114 - - [16/May/2023:11:21:26 +0800] "GET /xingrg/all/function/internal_message.html?_=1684207563411&CODE_STATE=getMsg HTTP/1.1" 200 27
222.67.238.82 - - [16/May/2023:11:21:27 +0800] "GET /xingrg/all/function/internal_message.html?_=1684206803883&CODE_STATE=getMsg HTTP/1.1" 200 27
116.235.240.236 - - [16/May/2023:11:21:29 +0800] "GET /xingrg/all/function/internal_message.html?_=1684207299317&CODE_STATE=getMsg HTTP/1.1" 200 27
180.171.122.0 - - [16/May/2023:11:21:39 +0800] "GET /xingrg/check_reg.html?_=1684207299030 HTTP/1.1" 200 22
180.171.122.0 - - [16/May/2023:11:21:39 +0800] "GET /xingrg/all/function/internal_message.html?_=1684207299028&CODE_STATE=getMsg HTTP/1.1" 200 27
114.83.219.197 - - [16/May/2023:11:21:40 +0800] "GET /xingrg/all/function/internal_message.html?_=1684207395966&CODE_STATE=getMsg HTTP/1.1" 200 27
116.232.195.127 - - [16/May/2023:11:21:42 +0800] "GET /xingrg/all/function/internal_message.html?_=1684207350165&CODE_STATE=getMsg HTTP/1.1" 200 27
116.224.158.100 - - [16/May/2023:11:21:44 +0800] "GET /xingrg/all/function/internal_message.html?_=1684207305020&CODE_STATE=getMsg HTTP/1.1" 200 27
116.238.139.35 - - [16/May/2023:11:21:47 +0800] "GET /xingrg/all/function/internal_message.html?_=1684207306162&CODE_STATE=getMsg HTTP/1.1" 200 27
124.78.154.113 - - [16/May/2023:11:21:47 +0800] "GET /xingrg/all/function/internal_message.html?_=1684207306602&CODE_STATE=getMsg HTTP/1.1" 200 27
180.164.3.199 - - [16/May/2023:11:21:48 +0800] "POST /xingrg/services/DataTransmitService HTTP/1.1" 200 524
101.83.241.217 - - [16/May/2023:11:21:49 +0800] "GET /xingrg/all/function/internal_message.html?_=1684207307576&CODE_STATE=getMsg HTTP/1.1" 200 27
124.79.74.67 - - [16/May/2023:11:21:51 +0800] "GET /xingrg/all/function/internal_message.html?_=1684207327557&CODE_STATE=getMsg HTTP/1.1" 200 27
180.156.206.150 - - [16/May/2023:11:21:51 +0800] "GET /xingrg/all/function/internal_message.html?_=1684207319336&CODE_STATE=getMsg HTTP/1.1" 200 27
116.224.158.100 - - [16/May/2023:11:21:52 +0800] "GET /xingrg/check_reg.html?_=1684207147430 HTTP/1.1" 302 -
180.164.3.199 - - [16/May/2023:11:21:53 +0800] "GET /xingrg/all/function/internal_message.html?_=1684207312268&CODE_STATE=getMsg HTTP/1.1" 200 27
120.253.135.82 - - [16/May/2023:11:21:53 +0800] "GET /xingrg/all/function/internal_message.html?_=1684207151474&CODE_STATE=getMsg HTTP/1.1" 200 27
124.79.74.67 - - [16/May/2023:11:21:53 +0800] "GET /xingrg/kc/buy/cgsh_order_operate.html?command=get_materiel&rest_code=00156&code=00101011005&supplier_code=00100012&order_time=2023-05-16 HTTP/1.1" 200 408
124.79.74.67 - - [16/May/2023:11:22:04 +0800] "GET /xingrg/kc/buy/cgsh_order_operate.html?command=get_materiel&rest_code=00156&code=00101011001&supplier_code=00100012&order_time=2023-05-16 HTTP/1.1" 200 423
124.79.240.114 - - [16/May/2023:11:22:04 +0800] "GET /xingrg/all/function/internal_message.html?_=1684207319883&CODE_STATE=getMsg HTTP/1.1" 302 -
180.156.206.150 - - [16/May/2023:11:22:09 +0800] "GET /xingrg/all/function/internal_message.html?_=1684207329630&CODE_STATE=getMsg HTTP/1.1" 200 27
124.79.74.67 - - [16/May/2023:11:22:12 +0800] "GET /xingrg/kc/buy/cgsh_order_operate.html?command=get_materiel&rest_code=00156&code=00101001160&supplier_code=00100012&order_time=2023-05-16 HTTP/1.1" 200 408
222.67.238.82 - - [16/May/2023:11:22:15 +0800] "GET /xingrg/kc/buy/cgsh_order_operate.html?command=get_materiel&rest_code=00141&code=00101008318&supplier_code=00100007&order_time=2023-05-16 HTTP/1.1" 200 408
222.67.238.82 - - [16/May/2023:11:22:25 +0800] "GET /xingrg/kc/buy/cgsh_order_operate.html?command=get_materiel&rest_code=00141&code=00101008144&supplier_code=00100007&order_time=2023-05-16 HTTP/1.1" 200 412
124.79.240.114 - - [16/May/2023:11:22:26 +0800] "GET /xingrg/all/function/internal_message.html?_=1684207623410&CODE_STATE=getMsg HTTP/1.1" 200 27
222.67.238.82 - - [16/May/2023:11:22:27 +0800] "GET /xingrg/all/function/internal_message.html?_=1684206863885&CODE_STATE=getMsg HTTP/1.1" 200 27
116.235.240.236 - - [16/May/2023:11:22:29 +0800] "GET /xingrg/all/function/internal_message.html?_=1684207359318&CODE_STATE=getMsg HTTP/1.1" 200 27
124.79.74.67 - - [16/May/2023:11:22:33 +0800] "GET /xingrg/kc/buy/cgsh_order_operate.html?command=get_materiel&rest_code=00156&code=00101012051&supplier_code=00100012&order_time=2023-05-16 HTTP/1.1" 200 408
180.171.122.0 - - [16/May/2023:11:22:39 +0800] "GET /xingrg/all/function/internal_message.html?_=1684207359029&CODE_STATE=getMsg HTTP/1.1" 200 27
114.83.219.197 - - [16/May/2023:11:22:40 +0800] "GET /xingrg/all/function/internal_message.html?_=1684207455952&CODE_STATE=getMsg HTTP/1.1" 200 27
116.232.195.127 - - [16/May/2023:11:22:42 +0800] "GET /xingrg/all/function/internal_message.html?_=1684207410160&CODE_STATE=getMsg HTTP/1.1" 200 27
222.67.238.82 - - [16/May/2023:11:22:43 +0800] "GET /xingrg/kc/buy/cgsh_order_operate.html?command=get_materiel&rest_code=00141&code=00101008125&supplier_code=00100007&order_time=2023-05-16 HTTP/1.1" 200 413
116.224.158.100 - - [16/May/2023:11:22:44 +0800] "GET /xingrg/all/function/internal_message.html?_=1684207365019&CODE_STATE=getMsg HTTP/1.1" 200 27
180.163.28.109 - - [16/May/2023:11:22:47 +0800] "GET /xingrg/all/function/internal_message.html?_=1684207306602&CODE_STATE=getMsg HTTP/1.1" 302 -
124.79.74.67 - - [16/May/2023:11:22:47 +0800] "POST /xingrg/kc/buy/cgsh_order_operate.html HTTP/1.1" 200 37
116.238.139.35 - - [16/May/2023:11:22:47 +0800] "GET /xingrg/all/function/internal_message.html?_=1684207366164&CODE_STATE=getMsg HTTP/1.1" 200 27
124.78.154.113 - - [16/May/2023:11:22:47 +0800] "GET /xingrg/check_reg.html?_=1684207366606 HTTP/1.1" 200 22
124.78.154.113 - - [16/May/2023:11:22:47 +0800] "GET /xingrg/all/function/internal_message.html?_=1684207366609&CODE_STATE=getMsg HTTP/1.1" 200 27
180.163.28.109 - - [16/May/2023:11:22:47 +0800] "GET /xingrg/login.html HTTP/1.1" 200 7641
124.79.74.67 - - [16/May/2023:11:22:49 +0800] "POST /xingrg/kc/buy/cgsh_order_operate.html HTTP/1.1" 200 5024
101.83.241.217 - - [16/May/2023:11:22:49 +0800] "GET /xingrg/all/function/internal_message.html?_=1684207367550&CODE_STATE=getMsg HTTP/1.1" 200 27
124.79.74.67 - - [16/May/2023:11:22:50 +0800] "GET /xingrg/kc/print/load_config.html?kc_code=cgsh HTTP/1.1" 200 1925
124.79.74.67 - - [16/May/2023:11:22:50 +0800] "GET /xingrg/kc/print/load_data.html?order_code=212023051605819&kc_code=cgsh&condition= HTTP/1.1" 200 1662
180.156.206.150 - - [16/May/2023:11:22:51 +0800] "GET /xingrg/all/function/internal_message.html?_=1684207379335&CODE_STATE=getMsg HTTP/1.1" 200 27
180.164.3.199 - - [16/May/2023:11:22:53 +0800] "GET /xingrg/all/function/internal_message.html?_=1684207372262&CODE_STATE=getMsg HTTP/1.1" 200 27
120.253.135.82 - - [16/May/2023:11:22:53 +0800] "GET /xingrg/all/function/internal_message.html?_=1684207211487&CODE_STATE=getMsg HTTP/1.1" 200 27
124.79.74.67 - - [16/May/2023:11:22:54 +0800] "GET /xingrg/check_reg.html?_=1684207390215 HTTP/1.1" 200 22
124.79.74.67 - - [16/May/2023:11:22:54 +0800] "GET /xingrg/all/function/internal_message.html?_=1684207390214&CODE_STATE=getMsg HTTP/1.1" 200 27
124.79.74.67 - - [16/May/2023:11:22:55 +0800] "GET /xingrg/kc/buy/cgsh_order_add.html HTTP/1.1" 200 71443
124.79.74.67 - - [16/May/2023:11:22:55 +0800] "GET /xingrg/words/20230516111423_words.js HTTP/1.1" 304 -
124.79.74.67 - - [16/May/2023:11:22:56 +0800] "POST /xingrg/kc/buy/cgsh_order_operate.html HTTP/1.1" 200 8245
124.79.74.67 - - [16/May/2023:11:22:56 +0800] "GET /xingrg/javascript/easyui/themes/default/validatebox.css HTTP/1.1" 404 1104
124.79.74.67 - - [16/May/2023:11:22:56 +0800] "GET /xingrg/all/common/auto_word.html?type=employee&rest_code=00156 HTTP/1.1" 200 97
124.79.74.67 - - [16/May/2023:11:22:56 +0800] "GET /xingrg/all/common/auto_word.html?type=employee&rest_code=00156 HTTP/1.1" 200 97
222.67.238.82 - - [16/May/2023:11:22:59 +0800] "GET /xingrg/kc/buy/cgsh_order_operate.html?command=get_materiel&rest_code=00141&code=00101008350&supplier_code=00100007&order_time=2023-05-16 HTTP/1.1" 200 408
124.79.240.114 - - [16/May/2023:11:23:04 +0800] "GET /xingrg/all/function/internal_message.html?_=1684207379889&CODE_STATE=getMsg HTTP/1.1" 302 -
124.79.74.67 - - [16/May/2023:11:23:06 +0800] "GET /xingrg/kc/buy/cgsh_order_operate.html?command=get_materiel&rest_code=00156&code=00101008005&supplier_code=00100007&order_time=2023-05-16 HTTP/1.1" 200 412
180.156.206.150 - - [16/May/2023:11:23:09 +0800] "GET /xingrg/all/function/internal_message.html?_=1684207389633&CODE_STATE=getMsg HTTP/1.1" 200 27
172.20.0.100 - - [16/May/2023:11:23:09 +0800] "GET /xingrg/check_reg.html?_=1684207394068 HTTP/1.1" 302 -
222.67.238.82 - - [16/May/2023:11:23:12 +0800] "GET /xingrg/kc/buy/cgsh_order_operate.html?command=get_materiel&rest_code=00141&code=00101008114&supplier_code=00100007&order_time=2023-05-16 HTTP/1.1" 200 413
124.79.74.67 - - [16/May/2023:11:23:15 +0800] "GET /xingrg/kc/buy/cgsh_order_operate.html?command=get_materiel&rest_code=00156&code=00101008358&supplier_code=00100007&order_time=2023-05-16 HTTP/1.1" 200 412
124.79.74.67 - - [16/May/2023:11:23:23 +0800] "GET /xingrg/kc/buy/cgsh_order_operate.html?command=get_materiel&rest_code=00156&code=00101008108&supplier_code=00100007&order_time=2023-05-16 HTTP/1.1" 200 412
222.67.238.82 - - [16/May/2023:11:23:25 +0800] "GET /xingrg/kc/buy/cgsh_order_operate.html?command=get_materiel&rest_code=00141&code=00101008150&supplier_code=00100007&order_time=2023-05-16 HTTP/1.1" 200 409
124.79.240.114 - - [16/May/2023:11:23:26 +0800] "GET /xingrg/all/function/internal_message.html?_=1684207683424&CODE_STATE=getMsg HTTP/1.1" 200 27
124.79.240.114 - - [16/May/2023:11:23:26 +0800] "GET /xingrg/check_reg.html?_=1684207683425 HTTP/1.1" 200 22
222.67.238.82 - - [16/May/2023:11:23:27 +0800] "GET /xingrg/all/function/internal_message.html?_=1684206923887&CODE_STATE=getMsg HTTP/1.1" 200 27
116.235.240.236 - - [16/May/2023:11:23:28 +0800] "GET /xingrg/check_reg.html?_=1684207418758 HTTP/1.1" 200 22
116.235.240.236 - - [16/May/2023:11:23:29 +0800] "GET /xingrg/all/function/internal_message.html?_=1684207419332&CODE_STATE=getMsg HTTP/1.1" 200 27
124.79.74.67 - - [16/May/2023:11:23:33 +0800] "GET /xingrg/kc/buy/cgsh_order_operate.html?command=get_materiel&rest_code=00156&code=00101008126&supplier_code=00100007&order_time=2023-05-16 HTTP/1.1" 200 412
222.67.238.82 - - [16/May/2023:11:23:35 +0800] "GET /xingrg/kc/buy/cgsh_order_operate.html?command=get_materiel&rest_code=00141&code=00101009004&supplier_code=00100007&order_time=2023-05-16 HTTP/1.1" 200 409
180.171.122.0 - - [16/May/2023:11:23:39 +0800] "GET /xingrg/all/function/internal_message.html?_=1684207419030&CODE_STATE=getMsg HTTP/1.1" 200 27
114.83.219.197 - - [16/May/2023:11:23:40 +0800] "GET /xingrg/all/function/internal_message.html?_=1684207515964&CODE_STATE=getMsg HTTP/1.1" 200 27
116.232.195.127 - - [16/May/2023:11:23:42 +0800] "GET /xingrg/all/function/internal_message.html?_=1684207470151&CODE_STATE=getMsg HTTP/1.1" 200 27
124.79.74.67 - - [16/May/2023:11:23:42 +0800] "GET /xingrg/kc/buy/cgsh_order_operate.html?command=get_materiel&rest_code=00156&code=00101008355&supplier_code=00100007&order_time=2023-05-16 HTTP/1.1" 200 408
116.224.158.100 - - [16/May/2023:11:23:44 +0800] "GET /xingrg/all/function/internal_message.html?_=1684207425019&CODE_STATE=getMsg HTTP/1.1" 200 27
116.224.158.100 - - [16/May/2023:11:23:44 +0800] "GET /xingrg/check_reg.html?_=1684207425022 HTTP/1.1" 200 22
180.163.30.27 - - [16/May/2023:11:23:47 +0800] "GET /xingrg/all/function/internal_message.html?_=1684207366609&CODE_STATE=getMsg HTTP/1.1" 302 -
180.163.29.79 - - [16/May/2023:11:23:47 +0800] "GET /xingrg/check_reg.html?_=1684207366606 HTTP/1.1" 302 -
180.163.29.79 - - [16/May/2023:11:23:47 +0800] "GET /xingrg/login.html HTTP/1.1" 200 7641
116.238.139.35 - - [16/May/2023:11:23:47 +0800] "GET /xingrg/all/function/internal_message.html?_=1684207426164&CODE_STATE=getMsg HTTP/1.1" 200 27
180.163.30.27 - - [16/May/2023:11:23:47 +0800] "GET /xingrg/login.html HTTP/1.1" 200 7641
124.78.154.113 - - [16/May/2023:11:23:47 +0800] "GET /xingrg/all/function/internal_message.html?_=1684207426611&CODE_STATE=getMsg HTTP/1.1" 200 27
101.83.241.217 - - [16/May/2023:11:23:49 +0800] "GET /xingrg/all/function/internal_message.html?_=1684207427520&CODE_STATE=getMsg HTTP/1.1" 200 27
124.79.74.67 - - [16/May/2023:11:23:51 +0800] "GET /xingrg/javascript/auto/indicator.gif HTTP/1.1" 404 1066
124.79.74.67 - - [16/May/2023:11:23:51 +0800] "GET /xingrg/all/function/internal_message.html?_=1684207447560&CODE_STATE=getMsg HTTP/1.1" 200 27
180.156.206.150 - - [16/May/2023:11:23:51 +0800] "GET /xingrg/all/function/internal_message.html?_=1684207439333&CODE_STATE=getMsg HTTP/1.1" 200 27
222.67.238.82 - - [16/May/2023:11:23:52 +0800] "GET /xingrg/kc/buy/cgsh_order_operate.html?command=get_materiel&rest_code=00141&code=00101009015&supplier_code=00100007&order_time=2023-05-16 HTTP/1.1" 200 416
180.164.3.199 - - [16/May/2023:11:23:53 +0800] "GET /xingrg/all/function/internal_message.html?_=1684207432248&CODE_STATE=getMsg HTTP/1.1" 200 27
120.253.135.82 - - [16/May/2023:11:23:53 +0800] "GET /xingrg/all/function/internal_message.html?_=1684207271572&CODE_STATE=getMsg HTTP/1.1" 200 27
180.164.3.199 - - [16/May/2023:11:23:54 +0800] "GET /xingrg/check_reg.html?_=1684207433621 HTTP/1.1" 200 22
120.253.135.82 - - [16/May/2023:11:23:55 +0800] "GET /xingrg/check_reg.html?_=1684207273513 HTTP/1.1" 200 22
124.79.74.67 - - [16/May/2023:11:23:56 +0800] "GET /xingrg/kc/buy/cgsh_order_operate.html?command=get_materiel&rest_code=00156&code=00101008270&supplier_code=00100007&order_time=2023-05-16 HTTP/1.1" 200 412
124.79.240.114 - - [16/May/2023:11:24:04 +0800] "GET /xingrg/all/function/internal_message.html?_=1684207439876&CODE_STATE=getMsg HTTP/1.1" 302 -
222.67.238.82 - - [16/May/2023:11:24:08 +0800] "GET /xingrg/kc/buy/cgsh_order_operate.html?command=get_materiel&rest_code=00141&code=00101008229&supplier_code=00100007&order_time=2023-05-16 HTTP/1.1" 200 420
180.156.206.150 - - [16/May/2023:11:24:09 +0800] "GET /xingrg/all/function/internal_message.html?_=1684207449629&CODE_STATE=getMsg HTTP/1.1" 200 27
180.156.206.150 - - [16/May/2023:11:24:09 +0800] "GET /xingrg/check_reg.html?_=1684207449638 HTTP/1.1" 200 22
180.169.147.146 - - [16/May/2023:11:24:18 +0800] "GET /xingrg/check_reg.html?_=1684207454458 HTTP/1.1" 200 22
222.67.238.82 - - [16/May/2023:11:24:20 +0800] "GET /xingrg/kc/buy/cgsh_order_operate.html?command=get_materiel&rest_code=00141&code=00102002511&supplier_code=00100007&order_time=2023-05-16 HTTP/1.1" 200 412
124.79.240.114 - - [16/May/2023:11:24:26 +0800] "GET /xingrg/all/function/internal_message.html?_=1684207743423&CODE_STATE=getMsg HTTP/1.1" 200 27
222.67.238.82 - - [16/May/2023:11:24:27 +0800] "GET /xingrg/all/function/internal_message.html?_=1684206983882&CODE_STATE=getMsg HTTP/1.1" 200 27
116.235.240.236 - - [16/May/2023:11:24:29 +0800] "GET /xingrg/all/function/internal_message.html?_=1684207479346&CODE_STATE=getMsg HTTP/1.1" 200 27
222.67.238.82 - - [16/May/2023:11:24:39 +0800] "GET /xingrg/kc/buy/cgsh_order_operate.html?command=get_materiel&rest_code=00141&code=00101008558&supplier_code=00100007&order_time=2023-05-16 HTTP/1.1" 200 409
180.171.122.0 - - [16/May/2023:11:24:39 +0800] "GET /xingrg/all/function/internal_message.html?_=1684207479029&CODE_STATE=getMsg HTTP/1.1" 200 27
114.83.219.197 - - [16/May/2023:11:24:40 +0800] "GET /xingrg/all/function/internal_message.html?_=1684207575975&CODE_STATE=getMsg HTTP/1.1" 200 27
116.232.195.127 - - [16/May/2023:11:24:42 +0800] "GET /xingrg/all/function/internal_message.html?_=1684207530161&CODE_STATE=getMsg HTTP/1.1" 200 27
116.224.158.100 - - [16/May/2023:11:24:44 +0800] "GET /xingrg/all/function/internal_message.html?_=1684207485046&CODE_STATE=getMsg HTTP/1.1" 200 27
222.67.238.82 - - [16/May/2023:11:24:45 +0800] "POST /xingrg/kc/buy/cgsh_order_operate.html HTTP/1.1" 200 2065
116.228.172.94 - - [16/May/2023:11:24:47 +0800] "GET /xingrg/check_reg.html?_=1684207295057 HTTP/1.1" 302 -
180.163.30.76 - - [16/May/2023:11:24:47 +0800] "GET /xingrg/all/function/internal_message.html?_=1684207426611&CODE_STATE=getMsg HTTP/1.1" 302 -
180.163.30.76 - - [16/May/2023:11:24:47 +0800] "GET /xingrg/login.html HTTP/1.1" 200 7641
116.238.139.35 - - [16/May/2023:11:24:47 +0800] "GET /xingrg/check_reg.html?_=1684207486166 HTTP/1.1" 200 22
116.238.139.35 - - [16/May/2023:11:24:47 +0800] "GET /xingrg/all/function/internal_message.html?_=1684207486169&CODE_STATE=getMsg HTTP/1.1" 200 27
124.78.154.113 - - [16/May/2023:11:24:47 +0800] "GET /xingrg/all/function/internal_message.html?_=1684207486611&CODE_STATE=getMsg HTTP/1.1" 200 27
101.83.241.217 - - [16/May/2023:11:24:49 +0800] "GET /xingrg/all/function/internal_message.html?_=1684207487505&CODE_STATE=getMsg HTTP/1.1" 200 27
124.79.74.67 - - [16/May/2023:11:24:51 +0800] "GET /xingrg/all/function/internal_message.html?_=1684207507562&CODE_STATE=getMsg HTTP/1.1" 200 27
180.156.206.150 - - [16/May/2023:11:24:51 +0800] "GET /xingrg/all/function/internal_message.html?_=1684207499348&CODE_STATE=getMsg HTTP/1.1" 200 27
222.67.238.82 - - [16/May/2023:11:24:52 +0800] "GET /xingrg/kc/buy/cgsh_order_operate.html?command=get_materiel&rest_code=00141&code=00101008005&supplier_code=00100007&order_time=2023-05-16 HTTP/1.1" 200 412
116.232.195.127 - - [16/May/2023:11:24:52 +0800] "POST /xingrg/kc/base/yddb_list_operate.html HTTP/1.1" 200 201
180.164.3.199 - - [16/May/2023:11:24:53 +0800] "GET /xingrg/all/function/internal_message.html?_=1684207492240&CODE_STATE=getMsg HTTP/1.1" 200 27
120.253.135.82 - - [16/May/2023:11:24:53 +0800] "GET /xingrg/all/function/internal_message.html?_=1684207331575&CODE_STATE=getMsg HTTP/1.1" 200 27
116.232.195.127 - - [16/May/2023:11:24:55 +0800] "GET /xingrg/kc/base/yddb_order_info.html?code=482023050800039 HTTP/1.1" 200 31838
116.232.195.127 - - [16/May/2023:11:24:55 +0800] "GET /xingrg/dwr/interface/AjaxComOrderService.js HTTP/1.1" 200 18264
116.232.195.127 - - [16/May/2023:11:24:55 +0800] "GET /xingrg/dwr/interface/AjaxYddbService.js HTTP/1.1" 200 13201
116.232.195.127 - - [16/May/2023:11:24:55 +0800] "GET /xingrg/dwr/engine.js HTTP/1.1" 200 43631
116.232.195.127 - - [16/May/2023:11:24:56 +0800] "POST /xingrg/dwr/call/plaincall/AjaxYddbService.loadMaterielItems.dwr HTTP/1.1" 200 392
116.232.195.127 - - [16/May/2023:11:24:58 +0800] "GET /xingrg/kc/base/yddb_order_report.html?fileType=servlets/html&code=482023050800039&reportName=ck_order_report&subName=yddb HTTP/1.1" 302 -
116.232.195.127 - - [16/May/2023:11:24:58 +0800] "GET /xingrg/servlets/html?sysBaseUrl=http%3A%2F%2F180.169.147.146%3A18081%2Fxingrg%2F&costTime=463×tamp=1684207498238 HTTP/1.1" 200 14769
116.232.195.127 - - [16/May/2023:11:24:58 +0800] "GET /favicon.ico HTTP/1.1" 404 -
124.79.240.114 - - [16/May/2023:11:25:04 +0800] "GET /xingrg/all/function/internal_message.html?_=1684207499851&CODE_STATE=getMsg HTTP/1.1" 302 -
116.232.195.127 - - [16/May/2023:11:25:08 +0800] "POST /xingrg/kc/base/yddb_list_operate.html HTTP/1.1" 200 217
180.156.206.150 - - [16/May/2023:11:25:09 +0800] "GET /xingrg/all/function/internal_message.html?_=1684207509639&CODE_STATE=getMsg HTTP/1.1" 200 27
116.232.195.127 - - [16/May/2023:11:25:10 +0800] "GET /xingrg/kc/base/yddb_order_info.html?code=482023050600026 HTTP/1.1" 200 31923
116.232.195.127 - - [16/May/2023:11:25:10 +0800] "GET /xingrg/dwr/interface/AjaxComOrderService.js HTTP/1.1" 200 18264
116.232.195.127 - - [16/May/2023:11:25:10 +0800] "GET /xingrg/dwr/interface/AjaxYddbService.js HTTP/1.1" 200 13201
116.232.195.127 - - [16/May/2023:11:25:10 +0800] "GET /xingrg/dwr/engine.js HTTP/1.1" 200 43631
116.232.195.127 - - [16/May/2023:11:25:11 +0800] "POST /xingrg/dwr/call/plaincall/AjaxYddbService.loadMaterielItems.dwr HTTP/1.1" 200 423
222.67.238.82 - - [16/May/2023:11:25:12 +0800] "GET /xingrg/kc/buy/cgsh_order_operate.html?command=get_materiel&rest_code=00141&code=00101009118&supplier_code=00100007&order_time=2023-05-16 HTTP/1.1" 200 405
116.232.195.127 - - [16/May/2023:11:25:12 +0800] "GET /xingrg/kc/base/yddb_order_report.html?fileType=servlets/html&code=482023050600026&reportName=ck_order_report&subName=yddb HTTP/1.1" 302 -
116.232.195.127 - - [16/May/2023:11:25:12 +0800] "GET /xingrg/servlets/html?sysBaseUrl=http%3A%2F%2F180.169.147.146%3A18081%2Fxingrg%2F&costTime=469×tamp=1684207512865 HTTP/1.1" 200 14784
116.232.195.127 - - [16/May/2023:11:25:12 +0800] "GET /favicon.ico HTTP/1.1" 404 -
101.229.22.40 - - [16/May/2023:11:25:13 +0800] "GET /xingrg/check_reg.html?_=1684207512119 HTTP/1.1" 302 -
124.79.240.114 - - [16/May/2023:11:25:26 +0800] "GET /xingrg/all/function/internal_message.html?_=1684207803422&CODE_STATE=getMsg HTTP/1.1" 200 27
222.67.238.82 - - [16/May/2023:11:25:27 +0800] "GET /xingrg/all/function/internal_message.html?_=1684207043895&CODE_STATE=getMsg HTTP/1.1" 200 27
222.67.238.82 - - [16/May/2023:11:25:27 +0800] "GET /xingrg/check_reg.html?_=1684207043896 HTTP/1.1" 200 22
116.235.240.236 - - [16/May/2023:11:25:29 +0800] "GET /xingrg/all/function/internal_message.html?_=1684207539360&CODE_STATE=getMsg HTTP/1.1" 200 27
180.171.122.0 - - [16/May/2023:11:25:39 +0800] "GET /xingrg/all/function/internal_message.html?_=1684207539028&CODE_STATE=getMsg HTTP/1.1" 200 27
114.83.219.197 - - [16/May/2023:11:25:40 +0800] "GET /xingrg/check_reg.html?_=1684207635969 HTTP/1.1" 200 22
114.83.219.197 - - [16/May/2023:11:25:40 +0800] "GET /xingrg/all/function/internal_message.html?_=1684207635970&CODE_STATE=getMsg HTTP/1.1" 200 27
116.232.195.127 - - [16/May/2023:11:25:42 +0800] "GET /xingrg/check_reg.html?_=1684207590165 HTTP/1.1" 200 22
116.232.195.127 - - [16/May/2023:11:25:42 +0800] "GET /xingrg/all/function/internal_message.html?_=1684207590170&CODE_STATE=getMsg HTTP/1.1" 200 27
116.224.158.100 - - [16/May/2023:11:25:44 +0800] "GET /xingrg/all/function/internal_message.html?_=1684207545044&CODE_STATE=getMsg HTTP/1.1" 200 27
116.238.139.35 - - [16/May/2023:11:25:47 +0800] "GET /xingrg/all/function/internal_message.html?_=1684207546171&CODE_STATE=getMsg HTTP/1.1" 200 27
124.78.154.113 - - [16/May/2023:11:25:47 +0800] "GET /xingrg/all/function/internal_message.html?_=1684207546599&CODE_STATE=getMsg HTTP/1.1" 200 27
101.83.241.217 - - [16/May/2023:11:25:49 +0800] "GET /xingrg/all/function/internal_message.html?_=1684207547500&CODE_STATE=getMsg HTTP/1.1" 200 27
101.83.241.217 - - [16/May/2023:11:25:50 +0800] "GET /xingrg/check_reg.html?_=1684207548780 HTTP/1.1" 200 22
124.79.74.67 - - [16/May/2023:11:25:51 +0800] "GET /xingrg/all/function/internal_message.html?_=1684207567562&CODE_STATE=getMsg HTTP/1.1" 200 27
180.156.206.150 - - [16/May/2023:11:25:51 +0800] "GET /xingrg/check_reg.html?_=1684207559328 HTTP/1.1" 200 22
180.156.206.150 - - [16/May/2023:11:25:51 +0800] "GET /xingrg/all/function/internal_message.html?_=1684207559330&CODE_STATE=getMsg HTTP/1.1" 200 27
180.164.3.199 - - [16/May/2023:11:25:53 +0800] "GET /xingrg/all/function/internal_message.html?_=1684207552227&CODE_STATE=getMsg HTTP/1.1" 200 27
120.253.135.82 - - [16/May/2023:11:25:53 +0800] "GET /xingrg/all/function/internal_message.html?_=1684207391589&CODE_STATE=getMsg HTTP/1.1" 200 27
222.67.238.82 - - [16/May/2023:11:25:55 +0800] "POST /xingrg/kc/buy/cgsh_order_operate.html HTTP/1.1" 200 37
222.67.238.82 - - [16/May/2023:11:25:56 +0800] "POST /xingrg/kc/buy/cgsh_order_operate.html HTTP/1.1" 200 14469
222.67.238.82 - - [16/May/2023:11:25:58 +0800] "GET /xingrg/kc/print/load_data.html?order_code=212023051605820&kc_code=cgsh&condition= HTTP/1.1" 200 5181
124.79.240.114 - - [16/May/2023:11:26:03 +0800] "GET /xingrg/check_reg.html?_=1684207559043 HTTP/1.1" 302 -
124.79.240.114 - - [16/May/2023:11:26:04 +0800] "GET /xingrg/all/function/internal_message.html?_=1684207559838&CODE_STATE=getMsg HTTP/1.1" 302 -
180.156.206.150 - - [16/May/2023:11:26:09 +0800] "GET /xingrg/all/function/internal_message.html?_=1684207569627&CODE_STATE=getMsg HTTP/1.1" 200 27
124.79.74.67 - - [16/May/2023:11:26:14 +0800] "GET /xingrg/kc/buy/cgsh_order_operate.html?command=get_materiel&rest_code=00156&code=00101008256&supplier_code=00100007&order_time=2023-05-16 HTTP/1.1" 200 412
222.67.238.82 - - [16/May/2023:11:26:19 +0800] "GET /xingrg/kc/buy/cgsh_order_add.html HTTP/1.1" 200 71364
222.67.238.82 - - [16/May/2023:11:26:20 +0800] "POST /xingrg/kc/buy/cgsh_order_operate.html HTTP/1.1" 200 8245
222.67.238.82 - - [16/May/2023:11:26:20 +0800] "GET /xingrg/javascript/easyui/themes/default/validatebox.css HTTP/1.1" 404 1104
124.79.240.114 - - [16/May/2023:11:26:26 +0800] "GET /xingrg/all/function/internal_message.html?_=1684207863420&CODE_STATE=getMsg HTTP/1.1" 200 27
222.67.238.82 - - [16/May/2023:11:26:27 +0800] "GET /xingrg/all/function/internal_message.html?_=1684207103980&CODE_STATE=getMsg HTTP/1.1" 200 27
124.79.74.67 - - [16/May/2023:11:26:28 +0800] "GET /xingrg/kc/buy/cgsh_order_operate.html?command=get_materiel&rest_code=00156&code=00101008101&supplier_code=00100007&order_time=2023-05-16 HTTP/1.1" 200 412
116.235.240.236 - - [16/May/2023:11:26:29 +0800] "GET /xingrg/all/function/internal_message.html?_=1684207599468&CODE_STATE=getMsg HTTP/1.1" 200 27
124.79.74.67 - - [16/May/2023:11:26:36 +0800] "GET /xingrg/kc/buy/cgsh_order_operate.html?command=get_materiel&rest_code=00156&code=00101008365&supplier_code=00100007&order_time=2023-05-16 HTTP/1.1" 200 413
180.171.122.0 - - [16/May/2023:11:26:40 +0800] "GET /xingrg/check_reg.html?_=1684207599034 HTTP/1.1" 200 22
180.171.122.0 - - [16/May/2023:11:26:40 +0800] "GET /xingrg/all/function/internal_message.html?_=1684207599028&CODE_STATE=getMsg HTTP/1.1" 200 27
114.83.219.197 - - [16/May/2023:11:26:40 +0800] "GET /xingrg/all/function/internal_message.html?_=1684207695970&CODE_STATE=getMsg HTTP/1.1" 200 27
222.67.238.82 - - [16/May/2023:11:26:40 +0800] "GET /xingrg/kc/buy/cgsh_order_operate.html?command=get_materiel&rest_code=00141&code=00101008038&supplier_code=00100007&order_time=2023-05-16 HTTP/1.1" 200 412
116.232.195.127 - - [16/May/2023:11:26:42 +0800] "GET /xingrg/all/function/internal_message.html?_=1684207650147&CODE_STATE=getMsg HTTP/1.1" 200 27
