120.253.135.82 - - [16/May/2023:09:03:06 +0800] "GET /xingrg/javascript/jquery_easy_ui/themes/default/images/button_span_bg.gif HTTP/1.1" 304 -
120.253.135.82 - - [16/May/2023:09:03:06 +0800] "GET /xingrg/javascript/jquery_easy_ui/themes/icons/search.png HTTP/1.1" 304 -
120.253.135.82 - - [16/May/2023:09:03:06 +0800] "GET /xingrg/javascript/jquery_easy_ui/themes/default/images/combo_arrow_dot.gif HTTP/1.1" 304 -
120.253.135.82 - - [16/May/2023:09:03:06 +0800] "GET /xingrg/javascript/jquery_easy_ui/themes/default/images/calendar_prevmonth.gif HTTP/1.1" 304 -
120.253.135.82 - - [16/May/2023:09:03:06 +0800] "GET /xingrg/javascript/jquery_easy_ui/themes/default/images/calendar_prevyear.gif HTTP/1.1" 304 -
120.253.135.82 - - [16/May/2023:09:03:06 +0800] "GET /xingrg/javascript/jquery_easy_ui/themes/default/images/calendar_nextmonth.gif HTTP/1.1" 304 -
120.253.135.82 - - [16/May/2023:09:03:06 +0800] "GET /xingrg/javascript/jquery_easy_ui/themes/default/images/calendar_nextyear.gif HTTP/1.1" 304 -
120.253.135.82 - - [16/May/2023:09:03:06 +0800] "GET /xingrg/javascript/jquery_easy_ui/themes/default/images/datagrid_header_bg.gif HTTP/1.1" 304 -
120.253.135.82 - - [16/May/2023:09:03:06 +0800] "GET /xingrg/javascript/jquery_easy_ui/themes/default/images/pagination_loading.gif HTTP/1.1" 304 -
116.238.139.35 - - [16/May/2023:09:03:07 +0800] "GET /xingrg/kc/print/load_config.html?kc_code=cgsh HTTP/1.1" 200 1925
120.253.135.82 - - [16/May/2023:09:03:07 +0800] "POST /xingrg/kc/pszx/jzcl_ps_operate.html HTTP/1.1" 200 459
120.253.135.82 - - [16/May/2023:09:03:07 +0800] "POST /xingrg/kc/pszx/jzcl_ps_operate.html HTTP/1.1" 200 459
120.253.135.82 - - [16/May/2023:09:03:08 +0800] "POST /xingrg/all/common/load_tree.html?tree=area_rest_tree_json HTTP/1.1" 200 3499
120.253.135.82 - - [16/May/2023:09:03:08 +0800] "GET /xingrg/javascript/jquery_easy_ui/themes/default/images/tree_checkbox_0.gif HTTP/1.1" 304 -
120.253.135.82 - - [16/May/2023:09:03:08 +0800] "GET /xingrg/javascript/jquery_easy_ui/themes/icons/rest.png HTTP/1.1" 304 -
116.238.139.35 - - [16/May/2023:09:03:08 +0800] "GET /xingrg/kc/print/load_data.html?order_code=212023051605770&kc_code=cgsh&condition= HTTP/1.1" 200 5588
172.20.0.100 - - [16/May/2023:09:03:09 +0800] "POST /xingrg/login.do HTTP/1.1" 302 -
172.20.0.100 - - [16/May/2023:09:03:09 +0800] "GET /xingrg/index.html?sysBaseUrl=http%3A%2F%2F172.20.0.8%3A18081%2Fxingrg%2F&costTime=2934×tamp=1684198989706 HTTP/1.1" 200 17448
172.20.0.100 - - [16/May/2023:09:03:09 +0800] "GET /favicon.ico HTTP/1.1" 404 -
172.20.0.100 - - [16/May/2023:09:03:10 +0800] "GET /xingrg/check_reg.html?_=1684198993953 HTTP/1.1" 200 22
116.235.240.236 - - [16/May/2023:09:03:10 +0800] "GET /xingrg/all/function/internal_message.html?_=1684198999710&CODE_STATE=getMsg HTTP/1.1" 200 27
172.20.0.100 - - [16/May/2023:09:03:10 +0800] "POST /xingrg/all/common/load_tree.html?tree=area_rest_tree_json&manage=1 HTTP/1.1" 200 3499
172.20.0.100 - - [16/May/2023:09:03:10 +0800] "GET /xingrg/all/function/internal_message.html?_=1684198993952&CODE_STATE=count HTTP/1.1" 200 11
172.20.0.100 - - [16/May/2023:09:03:10 +0800] "POST /xingrg/load_menu.html HTTP/1.1" 200 11529
180.156.206.150 - - [16/May/2023:09:03:12 +0800] "POST /xingrg/services/DataTransmitService HTTP/1.1" 200 501
101.229.22.40 - - [16/May/2023:09:03:13 +0800] "POST /xingrg/dwr/call/plaincall/AjaxYddbService.saveMaterielItem.dwr HTTP/1.1" 200 79
222.67.238.82 - - [16/May/2023:09:03:14 +0800] "GET /xingrg/all/function/internal_message.html?_=1684198511588&CODE_STATE=getMsg HTTP/1.1" 200 27
116.224.158.100 - - [16/May/2023:09:03:21 +0800] "GET /xingrg/all/function/internal_message.html?_=1684199002278&CODE_STATE=getMsg HTTP/1.1" 200 27
120.253.135.82 - - [16/May/2023:09:03:23 +0800] "POST /xingrg/kc/pszx/jzcl_ps_operate.html HTTP/1.1" 200 4
120.253.135.82 - - [16/May/2023:09:03:24 +0800] "GET /xingrg/javascript/step/images/navBtn.gif HTTP/1.1" 304 -
120.253.135.82 - - [16/May/2023:09:03:24 +0800] "GET /xingrg/javascript/step/images/navBtn.gif HTTP/1.1" 304 -
120.253.135.82 - - [16/May/2023:09:03:24 +0800] "GET /xingrg/javascript/step/images/navLastDoneBtn.gif HTTP/1.1" 304 -
120.253.135.82 - - [16/May/2023:09:03:24 +0800] "GET /xingrg/javascript/step/images/navDoneBtn.gif HTTP/1.1" 304 -
120.253.135.82 - - [16/May/2023:09:03:25 +0800] "POST /xingrg/kc/pszx/jzcl_ps_operate.html HTTP/1.1" 200 21
120.253.135.82 - - [16/May/2023:09:03:25 +0800] "GET /xingrg/kc/pszx/mdps_order_list.html HTTP/1.1" 200 21032
180.171.122.0 - - [16/May/2023:09:03:26 +0800] "GET /xingrg/kc/buy/cgsh_order_operate.html?command=get_materiel&rest_code=00111&code=00101004046&supplier_code=00100312&order_time=2023-05-15 HTTP/1.1" 200 418
120.253.135.82 - - [16/May/2023:09:03:26 +0800] "POST /xingrg/kc/pszx/mdps_list_operate.html HTTP/1.1" 200 5351
116.238.139.35 - - [16/May/2023:09:03:29 +0800] "POST /xingrg/services/DataTransmitService HTTP/1.1" 200 501
180.156.206.150 - - [16/May/2023:09:03:29 +0800] "POST /xingrg/services/DataTransmitService HTTP/1.1" 200 501
116.224.158.100 - - [16/May/2023:09:03:30 +0800] "GET /xingrg/kc/buy/cgsh_order_operate.html?command=get_materiel&rest_code=00105&code=00101008296&supplier_code=00100203&order_time=2023-05-16 HTTP/1.1" 200 416
120.253.135.82 - - [16/May/2023:09:03:31 +0800] "POST /xingrg/kc/pszx/mdps_list_operate.html HTTP/1.1" 200 4231
120.253.135.82 - - [16/May/2023:09:03:33 +0800] "POST /xingrg/kc/pszx/mdps_list_operate.html HTTP/1.1" 200 615
120.253.135.82 - - [16/May/2023:09:03:35 +0800] "GET /xingrg/kc/pszx/mdps_order_info.html?code=312023051600346 HTTP/1.1" 200 23972
120.253.135.82 - - [16/May/2023:09:03:36 +0800] "GET /xingrg/javascript/easyui/themes/default/validatebox.css HTTP/1.1" 404 1104
101.229.22.40 - - [16/May/2023:09:03:37 +0800] "POST /xingrg/dwr/call/plaincall/AjaxComOrderService.getMaterielSearchList.dwr HTTP/1.1" 200 23574
120.253.135.82 - - [16/May/2023:09:03:37 +0800] "POST /xingrg/kc/pszx/mdps_order_operate.html HTTP/1.1" 200 8236
101.229.22.40 - - [16/May/2023:09:03:37 +0800] "POST /xingrg/dwr/call/plaincall/AjaxComOrderService.getMaterielSearchList.dwr HTTP/1.1" 200 557
120.253.135.82 - - [16/May/2023:09:03:38 +0800] "POST /xingrg/all/common/load_combo.html?type=base HTTP/1.1" 200 1169
180.171.122.0 - - [16/May/2023:09:03:39 +0800] "GET /xingrg/kc/buy/cgsh_order_operate.html?command=get_materiel&rest_code=00111&code=00101004103&supplier_code=00100312&order_time=2023-05-15 HTTP/1.1" 200 413
116.224.158.100 - - [16/May/2023:09:03:40 +0800] "GET /xingrg/kc/buy/cgsh_order_operate.html?command=get_materiel&rest_code=00105&code=00101008004&supplier_code=00100203&order_time=2023-05-16 HTTP/1.1" 200 416
101.229.22.40 - - [16/May/2023:09:03:40 +0800] "POST /xingrg/dwr/call/plaincall/AjaxYddbService.getMaterielByMap.dwr HTTP/1.1" 200 1569
116.238.139.35 - - [16/May/2023:09:03:41 +0800] "POST /xingrg/services/DataTransmitService HTTP/1.1" 200 501
116.238.139.35 - - [16/May/2023:09:03:42 +0800] "GET /xingrg/all/function/internal_message.html?_=1684199020864&CODE_STATE=getMsg HTTP/1.1" 200 27
116.232.195.127 - - [16/May/2023:09:03:42 +0800] "GET /xingrg/all/function/internal_message.html?_=1684199070411&CODE_STATE=getMsg HTTP/1.1" 200 27
180.156.206.150 - - [16/May/2023:09:03:42 +0800] "POST /xingrg/services/DataTransmitService HTTP/1.1" 200 501
101.229.22.40 - - [16/May/2023:09:03:43 +0800] "GET /xingrg/all/function/internal_message.html?_=1684199021811&CODE_STATE=getMsg HTTP/1.1" 200 27
120.253.135.82 - - [16/May/2023:09:03:43 +0800] "POST /xingrg/kc/pszx/mdps_order_operate.html HTTP/1.1" 200 37
116.238.139.35 - - [16/May/2023:09:03:44 +0800] "POST /xingrg/services/DataTransmitService HTTP/1.1" 200 501
180.164.3.199 - - [16/May/2023:09:03:44 +0800] "GET /xingrg/all/function/internal_message.html?_=1684199024013&CODE_STATE=getMsg HTTP/1.1" 200 27
120.253.135.82 - - [16/May/2023:09:03:44 +0800] "GET /xingrg/kc/pszx/mdps_order_info.html?code=312023051600346 HTTP/1.1" 200 23972
120.253.135.82 - - [16/May/2023:09:03:45 +0800] "GET /xingrg/javascript/easyui/themes/default/validatebox.css HTTP/1.1" 404 1104
120.253.135.82 - - [16/May/2023:09:03:46 +0800] "POST /xingrg/kc/pszx/mdps_order_operate.html HTTP/1.1" 200 8348
116.224.158.100 - - [16/May/2023:09:03:46 +0800] "GET /xingrg/kc/buy/cgsh_order_operate.html?command=get_materiel&rest_code=00105&code=00101008188&supplier_code=00100203&order_time=2023-05-16 HTTP/1.1" 200 412
101.229.22.40 - - [16/May/2023:09:03:47 +0800] "POST /xingrg/dwr/call/plaincall/AjaxYddbService.saveMaterielItem.dwr HTTP/1.1" 200 79
120.253.135.82 - - [16/May/2023:09:03:47 +0800] "GET /xingrg/all/function/internal_message.html?_=1684198865494&CODE_STATE=getMsg HTTP/1.1" 200 27
180.156.206.150 - - [16/May/2023:09:03:47 +0800] "POST /xingrg/services/DataTransmitService HTTP/1.1" 200 412
180.156.206.150 - - [16/May/2023:09:03:48 +0800] "GET /xingrg/all/function/internal_message.html?_=1684199035609&CODE_STATE=getMsg HTTP/1.1" 200 27
180.171.122.0 - - [16/May/2023:09:03:51 +0800] "GET /xingrg/check_reg.html?_=1684199030566 HTTP/1.1" 200 22
180.171.122.0 - - [16/May/2023:09:03:51 +0800] "GET /xingrg/all/function/internal_message.html?_=1684199030570&CODE_STATE=getMsg HTTP/1.1" 200 27
116.238.139.35 - - [16/May/2023:09:03:51 +0800] "POST /xingrg/services/DataTransmitService HTTP/1.1" 200 501
116.238.139.35 - - [16/May/2023:09:03:52 +0800] "POST /xingrg/services/DataTransmitService HTTP/1.1" 200 501
101.229.22.40 - - [16/May/2023:09:03:53 +0800] "POST /xingrg/dwr/call/plaincall/AjaxComOrderService.getMaterielSearchList.dwr HTTP/1.1" 200 420
116.238.139.35 - - [16/May/2023:09:03:53 +0800] "POST /xingrg/services/DataTransmitService HTTP/1.1" 200 501
116.238.139.35 - - [16/May/2023:09:03:53 +0800] "POST /xingrg/services/DataTransmitService HTTP/1.1" 200 412
101.229.22.40 - - [16/May/2023:09:03:55 +0800] "POST /xingrg/dwr/call/plaincall/AjaxYddbService.getMaterielByMap.dwr HTTP/1.1" 200 1661
116.238.139.35 - - [16/May/2023:09:03:56 +0800] "POST /xingrg/kc/buy/cgsh_order_operate.html HTTP/1.1" 200 31072
180.164.3.199 - - [16/May/2023:09:03:56 +0800] "GET /xingrg/check_reg.html?_=1684199035781 HTTP/1.1" 200 22
101.229.22.40 - - [16/May/2023:09:03:58 +0800] "POST /xingrg/dwr/call/plaincall/AjaxYddbService.getUnitPrice.dwr HTTP/1.1" 200 87
120.253.135.82 - - [16/May/2023:09:04:01 +0800] "POST /xingrg/all/common/load_select.html HTTP/1.1" 200 25
116.224.158.100 - - [16/May/2023:09:04:02 +0800] "GET /xingrg/kc/buy/cgsh_order_operate.html?command=get_materiel&rest_code=00105&code=00101008350&supplier_code=00100203&order_time=2023-05-16 HTTP/1.1" 200 408
120.253.135.82 - - [16/May/2023:09:04:03 +0800] "GET /xingrg/kc/pszx/mdps_order_operate.html?command=get_materiel_price&pszx_code=00101&rest_code=00102&base_code=0010250&code=00102002685&unit_code=00100348&order_time=2023-05-16 HTTP/1.1" 200 36
124.79.240.114 - - [16/May/2023:09:04:03 +0800] "GET /xingrg/all/function/internal_message.html?_=1684199038967&CODE_STATE=getMsg HTTP/1.1" 302 -
101.229.22.40 - - [16/May/2023:09:04:03 +0800] "POST /xingrg/dwr/call/plaincall/AjaxYddbService.saveMaterielItem.dwr HTTP/1.1" 200 79
180.156.206.150 - - [16/May/2023:09:04:05 +0800] "GET /xingrg/all/function/internal_message.html?_=1684199045611&CODE_STATE=getMsg HTTP/1.1" 200 27
180.156.206.150 - - [16/May/2023:09:04:05 +0800] "GET /xingrg/check_reg.html?_=1684199045616 HTTP/1.1" 200 22
172.20.0.100 - - [16/May/2023:09:04:10 +0800] "GET /xingrg/all/function/internal_message.html?_=1684199053992&CODE_STATE=getMsg HTTP/1.1" 200 27
116.235.240.236 - - [16/May/2023:09:04:10 +0800] "GET /xingrg/all/function/internal_message.html?_=1684199059731&CODE_STATE=getMsg HTTP/1.1" 200 27
101.229.22.40 - - [16/May/2023:09:04:10 +0800] "POST /xingrg/dwr/call/plaincall/AjaxComOrderService.getMaterielSearchList.dwr HTTP/1.1" 200 27036
101.229.22.40 - - [16/May/2023:09:04:11 +0800] "POST /xingrg/dwr/call/plaincall/AjaxComOrderService.getMaterielSearchList.dwr HTTP/1.1" 200 1840
222.70.110.223 - - [16/May/2023:09:04:11 +0800] "POST /xingrg/services/DataTransmitService HTTP/1.1" 200 524
222.67.238.82 - - [16/May/2023:09:04:14 +0800] "GET /xingrg/all/function/internal_message.html?_=1684198571594&CODE_STATE=getMsg HTTP/1.1" 200 27
101.229.22.40 - - [16/May/2023:09:04:14 +0800] "POST /xingrg/dwr/call/plaincall/AjaxYddbService.getMaterielByMap.dwr HTTP/1.1" 200 1613
116.238.139.35 - - [16/May/2023:09:04:16 +0800] "GET /xingrg/all/function/internal_message.html?_=1684198980623&CODE_STATE=getMsg HTTP/1.1" 200 27
120.253.135.82 - - [16/May/2023:09:04:17 +0800] "POST /xingrg/kc/pszx/mdps_order_operate.html HTTP/1.1" 200 37
116.224.158.100 - - [16/May/2023:09:04:19 +0800] "GET /xingrg/kc/buy/cgsh_order_operate.html?command=get_materiel&rest_code=00105&code=00101008357&supplier_code=00100203&order_time=2023-05-16 HTTP/1.1" 200 408
180.171.122.0 - - [16/May/2023:09:04:19 +0800] "GET /xingrg/kc/buy/cgsh_order_operate.html?command=get_materiel&rest_code=00111&code=00101004030&supplier_code=00100312&order_time=2023-05-15 HTTP/1.1" 200 408
101.229.22.40 - - [16/May/2023:09:04:19 +0800] "POST /xingrg/dwr/call/plaincall/AjaxYddbService.saveMaterielItem.dwr HTTP/1.1" 200 79
120.253.135.82 - - [16/May/2023:09:04:19 +0800] "GET /xingrg/kc/pszx/mdps_order_info.html?code=312023051600346 HTTP/1.1" 200 23972
120.253.135.82 - - [16/May/2023:09:04:20 +0800] "GET /xingrg/javascript/easyui/themes/default/validatebox.css HTTP/1.1" 404 1104
120.253.135.82 - - [16/May/2023:09:04:20 +0800] "POST /xingrg/kc/pszx/mdps_order_operate.html HTTP/1.1" 200 8345
116.224.158.100 - - [16/May/2023:09:04:21 +0800] "GET /xingrg/all/function/internal_message.html?_=1684199062193&CODE_STATE=getMsg HTTP/1.1" 200 27
116.224.158.100 - - [16/May/2023:09:04:21 +0800] "GET /xingrg/check_reg.html?_=1684199062189 HTTP/1.1" 200 22
116.224.158.100 - - [16/May/2023:09:04:22 +0800] "POST /xingrg/kc/buy/cgsh_order_operate.html HTTP/1.1" 200 2065
116.224.158.100 - - [16/May/2023:09:04:25 +0800] "POST /xingrg/kc/buy/cgsh_order_operate.html HTTP/1.1" 200 2065
120.253.135.82 - - [16/May/2023:09:04:26 +0800] "GET /xingrg/kc/pszx/mdps_order_info.html?code=312023051600346 HTTP/1.1" 200 23972
116.224.158.100 - - [16/May/2023:09:04:26 +0800] "POST /xingrg/kc/buy/cgsh_order_operate.html HTTP/1.1" 200 2065
120.253.135.82 - - [16/May/2023:09:04:26 +0800] "GET /xingrg/javascript/easyui/themes/default/validatebox.css HTTP/1.1" 404 1104
120.253.135.82 - - [16/May/2023:09:04:27 +0800] "POST /xingrg/kc/pszx/mdps_order_operate.html HTTP/1.1" 200 8345
101.229.22.40 - - [16/May/2023:09:04:28 +0800] "POST /xingrg/dwr/call/plaincall/AjaxComOrderService.getMaterielSearchList.dwr HTTP/1.1" 200 557
101.229.22.40 - - [16/May/2023:09:04:29 +0800] "POST /xingrg/dwr/call/plaincall/AjaxComOrderService.getMaterielSearchList.dwr HTTP/1.1" 200 557
180.171.122.0 - - [16/May/2023:09:04:29 +0800] "GET /xingrg/kc/buy/cgsh_order_operate.html?command=get_materiel&rest_code=00111&code=00101005022&supplier_code=00100312&order_time=2023-05-15 HTTP/1.1" 200 417
120.253.135.82 - - [16/May/2023:09:04:31 +0800] "GET /xingrg/kc/print/load_data.html?order_code=312023051600346&kc_code=mdps&condition= HTTP/1.1" 200 3462
101.229.22.40 - - [16/May/2023:09:04:32 +0800] "POST /xingrg/dwr/call/plaincall/AjaxYddbService.getMaterielByMap.dwr HTTP/1.1" 200 1582
116.238.139.35 - - [16/May/2023:09:04:42 +0800] "GET /xingrg/all/function/internal_message.html?_=1684199080864&CODE_STATE=getMsg HTTP/1.1" 200 27
116.232.195.127 - - [16/May/2023:09:04:42 +0800] "GET /xingrg/all/function/internal_message.html?_=1684199130397&CODE_STATE=getMsg HTTP/1.1" 200 27
101.229.22.40 - - [16/May/2023:09:04:42 +0800] "POST /xingrg/dwr/call/plaincall/AjaxYddbService.saveMaterielItem.dwr HTTP/1.1" 200 79
101.229.22.40 - - [16/May/2023:09:04:43 +0800] "GET /xingrg/check_reg.html?_=1684199081809 HTTP/1.1" 200 22
101.229.22.40 - - [16/May/2023:09:04:43 +0800] "GET /xingrg/all/function/internal_message.html?_=1684199081812&CODE_STATE=getMsg HTTP/1.1" 200 27
116.224.158.100 - - [16/May/2023:09:04:43 +0800] "GET /xingrg/kc/buy/cgsh_order_operate.html?command=get_materiel&rest_code=00105&code=00101008355&supplier_code=00100203&order_time=2023-05-16 HTTP/1.1" 200 408
180.164.3.199 - - [16/May/2023:09:04:44 +0800] "GET /xingrg/all/function/internal_message.html?_=1684199083990&CODE_STATE=getMsg HTTP/1.1" 200 27
120.253.135.82 - - [16/May/2023:09:04:46 +0800] "GET /xingrg/check_reg.html?_=1684198924848 HTTP/1.1" 200 22
116.228.172.94 - - [16/May/2023:09:04:47 +0800] "GET /xingrg/check_reg.html?_=1684198895397 HTTP/1.1" 302 -
120.253.135.82 - - [16/May/2023:09:04:47 +0800] "GET /xingrg/all/function/internal_message.html?_=1684198925508&CODE_STATE=getMsg HTTP/1.1" 200 27
180.156.206.150 - - [16/May/2023:09:04:48 +0800] "GET /xingrg/all/function/internal_message.html?_=1684199095620&CODE_STATE=getMsg HTTP/1.1" 200 27
180.171.122.0 - - [16/May/2023:09:04:49 +0800] "GET /xingrg/kc/buy/cgsh_order_operate.html?command=get_materiel&rest_code=00111&code=00101001029&supplier_code=00100312&order_time=2023-05-15 HTTP/1.1" 200 417
180.171.122.0 - - [16/May/2023:09:04:51 +0800] "GET /xingrg/all/function/internal_message.html?_=1684199090558&CODE_STATE=getMsg HTTP/1.1" 200 27
101.229.22.40 - - [16/May/2023:09:04:58 +0800] "POST /xingrg/dwr/call/plaincall/AjaxComOrderService.getMaterielSearchList.dwr HTTP/1.1" 200 958
116.224.158.100 - - [16/May/2023:09:05:03 +0800] "GET /xingrg/kc/buy/cgsh_order_operate.html?command=get_materiel&rest_code=00105&code=00101008041&supplier_code=00100203&order_time=2023-05-16 HTTP/1.1" 200 408
101.229.22.40 - - [16/May/2023:09:05:03 +0800] "POST /xingrg/dwr/call/plaincall/AjaxYddbService.getMaterielByMap.dwr HTTP/1.1" 200 1568
124.79.240.114 - - [16/May/2023:09:05:03 +0800] "GET /xingrg/all/function/internal_message.html?_=1684199098960&CODE_STATE=getMsg HTTP/1.1" 302 -
180.156.206.150 - - [16/May/2023:09:05:05 +0800] "GET /xingrg/all/function/internal_message.html?_=1684199105625&CODE_STATE=getMsg HTTP/1.1" 200 27
101.229.22.40 - - [16/May/2023:09:05:09 +0800] "POST /xingrg/dwr/call/plaincall/AjaxYddbService.saveMaterielItem.dwr HTTP/1.1" 200 79
172.20.0.100 - - [16/May/2023:09:05:10 +0800] "GET /xingrg/all/function/internal_message.html?_=1684199113958&CODE_STATE=getMsg HTTP/1.1" 200 27
116.235.240.236 - - [16/May/2023:09:05:10 +0800] "GET /xingrg/all/function/internal_message.html?_=1684199119735&CODE_STATE=getMsg HTTP/1.1" 200 27
116.224.158.100 - - [16/May/2023:09:05:12 +0800] "GET /xingrg/kc/buy/cgsh_order_operate.html?command=get_materiel&rest_code=00105&code=00101015110&supplier_code=00100203&order_time=2023-05-16 HTTP/1.1" 200 412
116.238.139.35 - - [16/May/2023:09:05:13 +0800] "POST /xingrg/kc/buy/cgsh_order_operate.html HTTP/1.1" 200 37
222.67.238.82 - - [16/May/2023:09:05:14 +0800] "GET /xingrg/all/function/internal_message.html?_=1684198631584&CODE_STATE=getMsg HTTP/1.1" 200 27
180.171.122.0 - - [16/May/2023:09:05:14 +0800] "GET /xingrg/kc/buy/cgsh_order_operate.html?command=get_materiel&rest_code=00111&code=00101004023&supplier_code=00100312&order_time=2023-05-15 HTTP/1.1" 200 430
101.229.22.40 - - [16/May/2023:09:05:20 +0800] "POST /xingrg/dwr/call/plaincall/AjaxComOrderService.getMaterielSearchList.dwr HTTP/1.1" 200 11007
101.229.22.40 - - [16/May/2023:09:05:21 +0800] "POST /xingrg/dwr/call/plaincall/AjaxComOrderService.getMaterielSearchList.dwr HTTP/1.1" 200 916
116.224.158.100 - - [16/May/2023:09:05:21 +0800] "GET /xingrg/all/function/internal_message.html?_=1684199122286&CODE_STATE=getMsg HTTP/1.1" 200 27
101.229.22.40 - - [16/May/2023:09:05:23 +0800] "POST /xingrg/dwr/call/plaincall/AjaxYddbService.getMaterielByMap.dwr HTTP/1.1" 200 1608
116.224.158.100 - - [16/May/2023:09:05:25 +0800] "GET /xingrg/kc/buy/cgsh_order_operate.html?command=get_materiel&rest_code=00105&code=00101015066&supplier_code=00100203&order_time=2023-05-16 HTTP/1.1" 200 413
180.171.122.0 - - [16/May/2023:09:05:26 +0800] "GET /xingrg/kc/buy/cgsh_order_operate.html?command=get_materiel&rest_code=00111&code=00101005017&supplier_code=00100312&order_time=2023-05-15 HTTP/1.1" 200 429
101.229.22.40 - - [16/May/2023:09:05:29 +0800] "POST /xingrg/dwr/call/plaincall/AjaxYddbService.saveMaterielItem.dwr HTTP/1.1" 200 79
116.238.139.35 - - [16/May/2023:09:05:29 +0800] "POST /xingrg/kc/buy/cgsh_order_operate.html HTTP/1.1" 200 12
116.238.139.35 - - [16/May/2023:09:05:32 +0800] "GET /xingrg/check_reg.html?_=1684199056747 HTTP/1.1" 200 22
116.238.139.35 - - [16/May/2023:09:05:32 +0800] "GET /xingrg/all/function/internal_message.html?_=1684199056748&CODE_STATE=getMsg HTTP/1.1" 200 27
116.238.139.35 - - [16/May/2023:09:05:33 +0800] "GET /xingrg/kc/buy/cgsh_order_info.html?code=212023051605772 HTTP/1.1" 200 66333
116.238.139.35 - - [16/May/2023:09:05:34 +0800] "GET /xingrg/javascript/easyui/themes/default/validatebox.css HTTP/1.1" 404 1104
116.238.139.35 - - [16/May/2023:09:05:34 +0800] "GET /xingrg/kc/print/load_data.html?order_code=212023051605772&kc_code=cgsh&condition= HTTP/1.1" 200 8212
116.224.158.100 - - [16/May/2023:09:05:34 +0800] "GET /xingrg/kc/buy/cgsh_order_operate.html?command=get_materiel&rest_code=00105&code=00101015061&supplier_code=00100203&order_time=2023-05-16 HTTP/1.1" 200 412
116.238.139.35 - - [16/May/2023:09:05:35 +0800] "POST /xingrg/kc/buy/cgsh_order_operate.html HTTP/1.1" 200 29017
101.229.22.40 - - [16/May/2023:09:05:38 +0800] "POST /xingrg/dwr/call/plaincall/AjaxComOrderService.getMaterielSearchList.dwr HTTP/1.1" 200 20095
101.229.22.40 - - [16/May/2023:09:05:39 +0800] "POST /xingrg/dwr/call/plaincall/AjaxComOrderService.getMaterielSearchList.dwr HTTP/1.1" 200 1145
101.229.22.40 - - [16/May/2023:09:05:40 +0800] "POST /xingrg/dwr/call/plaincall/AjaxComOrderService.getMaterielSearchList.dwr HTTP/1.1" 200 420
116.238.139.35 - - [16/May/2023:09:05:40 +0800] "GET /xingrg/kc/print/load_data.html?order_code=212023051605772&kc_code=cgsh&condition= HTTP/1.1" 200 11500
116.232.195.127 - - [16/May/2023:09:05:42 +0800] "GET /xingrg/all/function/internal_message.html?_=1684199190388&CODE_STATE=getMsg HTTP/1.1" 200 27
116.238.139.35 - - [16/May/2023:09:05:42 +0800] "GET /xingrg/all/function/internal_message.html?_=1684199140870&CODE_STATE=getMsg HTTP/1.1" 200 27
101.229.22.40 - - [16/May/2023:09:05:43 +0800] "GET /xingrg/all/function/internal_message.html?_=1684199141816&CODE_STATE=getMsg HTTP/1.1" 200 27
101.229.22.40 - - [16/May/2023:09:05:43 +0800] "POST /xingrg/dwr/call/plaincall/AjaxYddbService.getMaterielByMap.dwr HTTP/1.1" 200 1624
180.164.3.199 - - [16/May/2023:09:05:44 +0800] "GET /xingrg/all/function/internal_message.html?_=1684199143992&CODE_STATE=getMsg HTTP/1.1" 200 27
101.229.22.40 - - [16/May/2023:09:05:47 +0800] "POST /xingrg/dwr/call/plaincall/AjaxYddbService.getUnitPrice.dwr HTTP/1.1" 200 87
120.253.135.82 - - [16/May/2023:09:05:47 +0800] "GET /xingrg/all/function/internal_message.html?_=1684198985521&CODE_STATE=getMsg HTTP/1.1" 200 27
180.171.122.0 - - [16/May/2023:09:05:47 +0800] "POST /xingrg/services/DataTransmitService HTTP/1.1" 200 524
180.156.206.150 - - [16/May/2023:09:05:48 +0800] "GET /xingrg/all/function/internal_message.html?_=1684199155604&CODE_STATE=getMsg HTTP/1.1" 200 27
116.238.139.35 - - [16/May/2023:09:05:49 +0800] "GET /xingrg/javascript/jquery_easy_ui/themes/default/images/button_span_bg.gif HTTP/1.1" 200 2061
116.238.139.35 - - [16/May/2023:09:05:49 +0800] "GET /xingrg/javascript/jquery_easy_ui/themes/default/images/button_a_bg.gif HTTP/1.1" 200 1194
116.238.139.35 - - [16/May/2023:09:05:49 +0800] "GET /xingrg/javascript/jquery_easy_ui/themes/icons/ok.png HTTP/1.1" 200 883
116.238.139.35 - - [16/May/2023:09:05:49 +0800] "GET /xingrg/javascript/jquery_easy_ui/themes/default/images/panel_tools.gif HTTP/1.1" 200 737
116.238.139.35 - - [16/May/2023:09:05:49 +0800] "GET /xingrg/javascript/jquery_easy_ui/themes/default/images/panel_title.png HTTP/1.1" 200 266
180.156.206.150 - - [16/May/2023:09:05:50 +0800] "GET /xingrg/kc/mdqp/qqps_order_list.html HTTP/1.1" 200 9668
180.156.206.150 - - [16/May/2023:09:05:50 +0800] "GET /xingrg/dwr/interface/AjaxQqpsService.js HTTP/1.1" 200 16326
180.156.206.150 - - [16/May/2023:09:05:50 +0800] "GET /xingrg/dwr/interface/AjaxReportQueryService.js HTTP/1.1" 200 13203
180.156.206.150 - - [16/May/2023:09:05:50 +0800] "GET /xingrg/dwr/engine.js HTTP/1.1" 200 43631
180.171.122.0 - - [16/May/2023:09:05:51 +0800] "GET /xingrg/all/function/internal_message.html?_=1684199150941&CODE_STATE=getMsg HTTP/1.1" 200 27
116.238.139.35 - - [16/May/2023:09:05:51 +0800] "POST /xingrg/all/user/operate.html HTTP/1.1" 200 36
101.229.22.40 - - [16/May/2023:09:05:52 +0800] "POST /xingrg/dwr/call/plaincall/AjaxYddbService.saveMaterielItem.dwr HTTP/1.1" 200 79
116.238.139.35 - - [16/May/2023:09:05:53 +0800] "GET /xingrg/index.html?sysBaseUrl=http%3A%2F%2F180.169.147.146%3A18081%2Fxingrg%2F&costTime=1769×tamp=1684197013883 HTTP/1.1" 200 17177
116.238.139.35 - - [16/May/2023:09:05:53 +0800] "GET /xingrg/javascript/jquery_easy_ui/themes/default/easyui.css HTTP/1.1" 200 26500
116.238.139.35 - - [16/May/2023:09:05:53 +0800] "GET /xingrg/javascript/jquery_easy_ui/themes/icon.css HTTP/1.1" 200 3949
116.238.139.35 - - [16/May/2023:09:05:53 +0800] "GET /xingrg/css/form.css HTTP/1.1" 200 893
116.238.139.35 - - [16/May/2023:09:05:53 +0800] "GET /xingrg/javascript/jquery-1.4.2.min.js HTTP/1.1" 200 72205
116.238.139.35 - - [16/May/2023:09:05:53 +0800] "GET /xingrg/javascript/jquery_easy_ui/jquery.easyui.min.js HTTP/1.1" 200 213662
116.238.139.35 - - [16/May/2023:09:05:53 +0800] "GET /xingrg/javascript/jquery_easy_ui/easyui-lang-zh_CN.js HTTP/1.1" 200 1900
116.238.139.35 - - [16/May/2023:09:05:53 +0800] "GET /xingrg/javascript/jquery.form.js HTTP/1.1" 200 23110
116.238.139.35 - - [16/May/2023:09:05:53 +0800] "GET /xingrg/javascript/jquery.utils.js HTTP/1.1" 304 -
116.238.139.35 - - [16/May/2023:09:05:53 +0800] "GET /xingrg/javascript/jquery.timers.js HTTP/1.1" 200 3532
116.238.139.35 - - [16/May/2023:09:05:53 +0800] "GET /xingrg/images/blue/jxLogo.png HTTP/1.1" 200 6156
116.238.139.35 - - [16/May/2023:09:05:53 +0800] "GET /xingrg/images/blue/navBackgound.jpg HTTP/1.1" 200 12378
116.238.139.35 - - [16/May/2023:09:05:53 +0800] "GET /xingrg/javascript/jquery_easy_ui/themes/icons/settle_new.png HTTP/1.1" 200 826
116.238.139.35 - - [16/May/2023:09:05:53 +0800] "GET /xingrg/images/blue/pingpu.png HTTP/1.1" 200 231
116.238.139.35 - - [16/May/2023:09:05:53 +0800] "GET /xingrg/javascript/jquery_easy_ui/themes/default/images/tabs_leftarrow.png HTTP/1.1" 200 389
116.238.139.35 - - [16/May/2023:09:05:53 +0800] "GET /xingrg/javascript/jquery_easy_ui/themes/default/images/tabs_rightarrow.png HTTP/1.1" 200 395
116.238.139.35 - - [16/May/2023:09:05:54 +0800] "GET /xingrg/javascript/jquery_easy_ui/themes/default/images/panel_tool_collapse.gif HTTP/1.1" 200 246
116.238.139.35 - - [16/May/2023:09:05:54 +0800] "GET /xingrg/all/function/internal_message.html?_=1684199078415&CODE_STATE=count HTTP/1.1" 200 11
116.238.139.35 - - [16/May/2023:09:05:54 +0800] "GET /xingrg/check_reg.html?_=1684199078416 HTTP/1.1" 200 22
116.238.139.35 - - [16/May/2023:09:05:54 +0800] "POST /xingrg/all/common/load_tree.html?tree=area_rest_tree_json&manage=1 HTTP/1.1" 200 476
116.238.139.35 - - [16/May/2023:09:05:54 +0800] "GET /xingrg/javascript/jquery_easy_ui/themes/default/images/tree_arrows.gif HTTP/1.1" 200 1043
116.238.139.35 - - [16/May/2023:09:05:54 +0800] "POST /xingrg/load_menu.html HTTP/1.1" 200 5138
116.238.139.35 - - [16/May/2023:09:05:54 +0800] "GET /xingrg/javascript/jquery_easy_ui/themes/default/images/tree_folder_open.gif HTTP/1.1" 200 956
116.238.139.35 - - [16/May/2023:09:05:54 +0800] "GET /xingrg/javascript/jquery_easy_ui/themes/icons/search_new.png HTTP/1.1" 200 586
116.238.139.35 - - [16/May/2023:09:05:54 +0800] "GET /xingrg/javascript/jquery_easy_ui/themes/icons/storage_new.png HTTP/1.1" 200 853
116.238.139.35 - - [16/May/2023:09:05:54 +0800] "GET /xingrg/javascript/jquery_easy_ui/themes/default/images/tree_folder.gif HTTP/1.1" 200 952
116.238.139.35 - - [16/May/2023:09:05:54 +0800] "GET /xingrg/javascript/jquery_easy_ui/themes/icons/forms_new.png HTTP/1.1" 200 350
116.238.139.35 - - [16/May/2023:09:05:54 +0800] "GET /xingrg/javascript/jquery_easy_ui/themes/default/images/tree_file.gif HTTP/1.1" 200 118
116.238.139.35 - - [16/May/2023:09:05:57 +0800] "GET /xingrg/javascript/jquery_easy_ui/themes/default/images/tabs_close.gif HTTP/1.1" 200 829
116.238.139.35 - - [16/May/2023:09:05:58 +0800] "GET /xingrg/kc/mdqp/pssh_order_list.html HTTP/1.1" 200 17437
116.238.139.35 - - [16/May/2023:09:05:58 +0800] "GET /xingrg/javascript/jquery_tools/list_manager.js HTTP/1.1" 200 3652
116.238.139.35 - - [16/May/2023:09:05:58 +0800] "GET /xingrg/javascript/easyui/themes/icons/field_new.png HTTP/1.1" 200 1097
116.238.139.35 - - [16/May/2023:09:05:58 +0800] "GET /xingrg/images/control/ajaxLoader.gif HTTP/1.1" 200 4659
116.224.158.100 - - [16/May/2023:09:05:58 +0800] "GET /xingrg/kc/buy/cgsh_order_operate.html?command=get_materiel&rest_code=00105&code=00101008098&supplier_code=00100203&order_time=2023-05-16 HTTP/1.1" 200 412
116.238.139.35 - - [16/May/2023:09:05:58 +0800] "POST /xingrg/kc/mdqp/pssh_list_operate.html HTTP/1.1" 200 5439
101.229.22.40 - - [16/May/2023:09:06:01 +0800] "POST /xingrg/dwr/call/plaincall/AjaxComOrderService.getMaterielSearchList.dwr HTTP/1.1" 200 1260
180.171.122.0 - - [16/May/2023:09:06:01 +0800] "GET /xingrg/kc/buy/cgsh_order_operate.html?command=get_materiel&rest_code=00111&code=00101010860&supplier_code=00100312&order_time=2023-05-15 HTTP/1.1" 200 434
124.79.240.114 - - [16/May/2023:09:06:03 +0800] "GET /xingrg/all/function/internal_message.html?_=1684199158963&CODE_STATE=getMsg HTTP/1.1" 302 -
124.79.240.114 - - [16/May/2023:09:06:03 +0800] "GET /xingrg/check_reg.html?_=1684199158966 HTTP/1.1" 302 -
101.229.22.40 - - [16/May/2023:09:06:05 +0800] "POST /xingrg/dwr/call/plaincall/AjaxYddbService.getMaterielByMap.dwr HTTP/1.1" 200 1618
180.156.206.150 - - [16/May/2023:09:06:05 +0800] "GET /xingrg/all/function/internal_message.html?_=1684199165619&CODE_STATE=getMsg HTTP/1.1" 200 27
172.20.0.100 - - [16/May/2023:09:06:10 +0800] "GET /xingrg/all/function/internal_message.html?_=1684199173958&CODE_STATE=getMsg HTTP/1.1" 200 27
116.235.240.236 - - [16/May/2023:09:06:10 +0800] "GET /xingrg/all/function/internal_message.html?_=1684199179759&CODE_STATE=getMsg HTTP/1.1" 200 27
101.229.22.40 - - [16/May/2023:09:06:10 +0800] "POST /xingrg/dwr/call/plaincall/AjaxYddbService.saveMaterielItem.dwr HTTP/1.1" 200 79
222.67.238.82 - - [16/May/2023:09:06:14 +0800] "GET /xingrg/check_reg.html?_=1684198691589 HTTP/1.1" 200 22
222.67.238.82 - - [16/May/2023:09:06:14 +0800] "GET /xingrg/all/function/internal_message.html?_=1684198691587&CODE_STATE=getMsg HTTP/1.1" 200 27
124.78.154.113 - - [16/May/2023:09:06:14 +0800] "POST /xingrg/login.do HTTP/1.1" 302 -
124.78.154.113 - - [16/May/2023:09:06:14 +0800] "GET /xingrg/index.html?sysBaseUrl=http%3A%2F%2F180.169.147.146%3A18081%2Fxingrg%2F&costTime=1510×tamp=1684199174730 HTTP/1.1" 200 17173
116.224.158.100 - - [16/May/2023:09:06:15 +0800] "GET /xingrg/kc/buy/cgsh_order_operate.html?command=get_materiel&rest_code=00105&code=00101008114&supplier_code=00100203&order_time=2023-05-16 HTTP/1.1" 200 413
124.78.154.113 - - [16/May/2023:09:06:15 +0800] "GET /favicon.ico HTTP/1.1" 404 -
124.78.154.113 - - [16/May/2023:09:06:15 +0800] "GET /xingrg/check_reg.html?_=1684199174301 HTTP/1.1" 200 22
124.78.154.113 - - [16/May/2023:09:06:15 +0800] "GET /xingrg/all/function/internal_message.html?_=1684199174299&CODE_STATE=count HTTP/1.1" 200 11
124.78.154.113 - - [16/May/2023:09:06:15 +0800] "POST /xingrg/all/common/load_tree.html?tree=area_rest_tree_json&manage=1 HTTP/1.1" 200 342
124.78.154.113 - - [16/May/2023:09:06:15 +0800] "POST /xingrg/load_menu.html HTTP/1.1" 200 5138
116.224.158.100 - - [16/May/2023:09:06:20 +0800] "GET /xingrg/index.html?sysBaseUrl=http%3A%2F%2F180.169.147.146%3A18081%2Fxingrg%2F&costTime=32×tamp=1585224308505 HTTP/1.1" 302 -
116.224.158.100 - - [16/May/2023:09:06:21 +0800] "GET /xingrg/all/function/internal_message.html?_=1684199182184&CODE_STATE=getMsg HTTP/1.1" 200 27
180.171.122.0 - - [16/May/2023:09:06:23 +0800] "POST /xingrg/kc/buy/cgsh_order_operate.html HTTP/1.1" 200 37
101.229.22.40 - - [16/May/2023:09:06:23 +0800] "POST /xingrg/dwr/call/plaincall/AjaxComOrderService.getMaterielSearchList.dwr HTTP/1.1" 200 1962
101.229.22.40 - - [16/May/2023:09:06:24 +0800] "POST /xingrg/dwr/call/plaincall/AjaxComOrderService.getMaterielSearchList.dwr HTTP/1.1" 200 288
124.78.154.113 - - [16/May/2023:09:06:24 +0800] "GET /xingrg/kc/buy/buy_main.html HTTP/1.1" 200 12412
124.78.154.113 - - [16/May/2023:09:06:24 +0800] "GET /xingrg/css/new_ie.css HTTP/1.1" 404 1036
124.78.154.113 - - [16/May/2023:09:06:25 +0800] "GET /xingrg/images/yd/bt.gif HTTP/1.1" 404 1040
116.224.158.100 - - [16/May/2023:09:06:25 +0800] "GET /xingrg/kc/buy/cgsh_order_operate.html?command=get_materiel&rest_code=00105&code=00101008210&supplier_code=00100203&order_time=2023-05-16 HTTP/1.1" 200 408
116.224.158.100 - - [16/May/2023:09:06:26 +0800] "GET /xingrg/login.html HTTP/1.1" 200 7641
101.229.22.40 - - [16/May/2023:09:06:26 +0800] "POST /xingrg/dwr/call/plaincall/AjaxYddbService.getMaterielByMap.dwr HTTP/1.1" 200 1611
124.78.154.113 - - [16/May/2023:09:06:26 +0800] "GET /xingrg/kc/buy/cgsh_order_list.html HTTP/1.1" 200 55582
116.224.158.100 - - [16/May/2023:09:06:27 +0800] "GET /xingrg/images/blue/jxLogo.png HTTP/1.1" 304 -
101.229.22.40 - - [16/May/2023:09:06:29 +0800] "POST /xingrg/dwr/call/plaincall/AjaxYddbService.getUnitPrice.dwr HTTP/1.1" 200 86
116.224.158.100 - - [16/May/2023:09:06:31 +0800] "GET /xingrg/images/blue/login_bg.png HTTP/1.1" 304 -
116.224.158.100 - - [16/May/2023:09:06:31 +0800] "GET /xingrg/images/blue/hj.png HTTP/1.1" 304 -
116.224.158.100 - - [16/May/2023:09:06:31 +0800] "GET /xingrg/images/blue/srbg.png HTTP/1.1" 304 -
116.224.158.100 - - [16/May/2023:09:06:31 +0800] "GET /favicon.ico HTTP/1.1" 404 -
124.78.154.113 - - [16/May/2023:09:06:32 +0800] "POST /xingrg/kc/buy/cgsh_list_operate.html HTTP/1.1" 200 1867
124.78.154.113 - - [16/May/2023:09:06:34 +0800] "POST /xingrg/kc/buy/cgsh_list_operate.html HTTP/1.1" 200 563
101.229.22.40 - - [16/May/2023:09:06:34 +0800] "POST /xingrg/dwr/call/plaincall/AjaxYddbService.saveMaterielItem.dwr HTTP/1.1" 200 79
124.78.154.113 - - [16/May/2023:09:06:36 +0800] "GET /xingrg/kc/buy/cgsh_order_info.html?code=212023051605776 HTTP/1.1" 200 71373
124.78.154.113 - - [16/May/2023:09:06:37 +0800] "GET /xingrg/javascript/easyui/themes/default/validatebox.css HTTP/1.1" 404 1104
124.78.154.113 - - [16/May/2023:09:06:37 +0800] "GET /xingrg/all/common/auto_word.html?type=employee&rest_code=00106 HTTP/1.1" 200 205
124.78.154.113 - - [16/May/2023:09:06:37 +0800] "GET /xingrg/all/common/auto_word.html?type=employee&rest_code=00106 HTTP/1.1" 200 205
124.78.154.113 - - [16/May/2023:09:06:38 +0800] "POST /xingrg/kc/buy/cgsh_order_operate.html HTTP/1.1" 200 8557
116.224.158.100 - - [16/May/2023:09:06:40 +0800] "GET /xingrg/kc/buy/cgsh_order_operate.html?command=get_materiel&rest_code=00105&code=00101008283&supplier_code=00100203&order_time=2023-05-16 HTTP/1.1" 200 408
101.229.22.40 - - [16/May/2023:09:06:41 +0800] "POST /xingrg/dwr/call/plaincall/AjaxComOrderService.getMaterielSearchList.dwr HTTP/1.1" 200 39926
116.232.195.127 - - [16/May/2023:09:06:42 +0800] "GET /xingrg/all/function/internal_message.html?_=1684199250377&CODE_STATE=getMsg HTTP/1.1" 200 27
116.238.139.35 - - [16/May/2023:09:06:42 +0800] "GET /xingrg/all/function/internal_message.html?_=1684199200869&CODE_STATE=getMsg HTTP/1.1" 200 27
101.229.22.40 - - [16/May/2023:09:06:42 +0800] "POST /xingrg/dwr/call/plaincall/AjaxComOrderService.getMaterielSearchList.dwr HTTP/1.1" 200 1267
116.232.195.127 - - [16/May/2023:09:06:42 +0800] "GET /xingrg/check_reg.html?_=1684199250502 HTTP/1.1" 200 22
101.229.22.40 - - [16/May/2023:09:06:42 +0800] "POST /xingrg/dwr/call/plaincall/AjaxComOrderService.getMaterielSearchList.dwr HTTP/1.1" 200 288
101.229.22.40 - - [16/May/2023:09:06:43 +0800] "GET /xingrg/all/function/internal_message.html?_=1684199201810&CODE_STATE=getMsg HTTP/1.1" 200 27
180.171.122.0 - - [16/May/2023:09:06:44 +0800] "POST /xingrg/kc/buy/cgsh_order_operate.html HTTP/1.1" 200 6230
101.229.22.40 - - [16/May/2023:09:06:44 +0800] "POST /xingrg/dwr/call/plaincall/AjaxYddbService.getMaterielByMap.dwr HTTP/1.1" 200 1617
180.164.3.199 - - [16/May/2023:09:06:44 +0800] "GET /xingrg/all/function/internal_message.html?_=1684199203970&CODE_STATE=getMsg HTTP/1.1" 200 27
124.78.154.113 - - [16/May/2023:09:06:45 +0800] "GET /xingrg/javascript/auto/indicator.gif HTTP/1.1" 404 1066
180.171.122.0 - - [16/May/2023:09:06:46 +0800] "GET /xingrg/kc/print/load_config.html?kc_code=cgsh HTTP/1.1" 200 1925
180.171.122.0 - - [16/May/2023:09:06:47 +0800] "GET /xingrg/kc/print/load_data.html?order_code=212023051605777&kc_code=cgsh&condition= HTTP/1.1" 200 2049
120.253.135.82 - - [16/May/2023:09:06:47 +0800] "GET /xingrg/all/function/internal_message.html?_=1684199045536&CODE_STATE=getMsg HTTP/1.1" 200 27
180.156.206.150 - - [16/May/2023:09:06:48 +0800] "GET /xingrg/all/function/internal_message.html?_=1684199215616&CODE_STATE=getMsg HTTP/1.1" 200 27
180.156.206.150 - - [16/May/2023:09:06:48 +0800] "GET /xingrg/check_reg.html?_=1684199215618 HTTP/1.1" 200 22
124.78.154.113 - - [16/May/2023:09:06:49 +0800] "GET /xingrg/kc/buy/cgsh_order_operate.html?command=get_materiel&rest_code=00106&code=00101008005&supplier_code=00100007&order_time=2023-05-16 HTTP/1.1" 200 412
101.229.22.40 - - [16/May/2023:09:06:50 +0800] "POST /xingrg/dwr/call/plaincall/AjaxYddbService.saveMaterielItem.dwr HTTP/1.1" 200 79
116.224.158.100 - - [16/May/2023:09:06:50 +0800] "POST /xingrg/login.do HTTP/1.1" 302 -
116.224.158.100 - - [16/May/2023:09:06:51 +0800] "POST /xingrg/login.do HTTP/1.1" 302 -
116.224.158.100 - - [16/May/2023:09:06:51 +0800] "GET /xingrg/index.html?sysBaseUrl=http%3A%2F%2F180.169.147.146%3A18081%2Fxingrg%2F&costTime=2443×tamp=1684199211000 HTTP/1.1" 200 17173
116.224.158.100 - - [16/May/2023:09:06:51 +0800] "GET /xingrg/javascript/jquery_easy_ui/themes/default/easyui.css HTTP/1.1" 304 -
116.224.158.100 - - [16/May/2023:09:06:51 +0800] "GET /xingrg/javascript/jquery_easy_ui/themes/icon.css HTTP/1.1" 304 -
116.224.158.100 - - [16/May/2023:09:06:51 +0800] "GET /xingrg/css/form.css HTTP/1.1" 304 -
116.224.158.100 - - [16/May/2023:09:06:51 +0800] "GET /xingrg/javascript/jquery-1.4.2.min.js HTTP/1.1" 304 -
116.224.158.100 - - [16/May/2023:09:06:51 +0800] "GET /xingrg/javascript/jquery_easy_ui/jquery.easyui.min.js HTTP/1.1" 304 -
116.224.158.100 - - [16/May/2023:09:06:51 +0800] "GET /xingrg/javascript/jquery_easy_ui/easyui-lang-zh_CN.js HTTP/1.1" 304 -
116.224.158.100 - - [16/May/2023:09:06:51 +0800] "GET /xingrg/javascript/jquery.form.js HTTP/1.1" 304 -
116.224.158.100 - - [16/May/2023:09:06:51 +0800] "GET /xingrg/javascript/jquery.utils.js HTTP/1.1" 304 -
116.224.158.100 - - [16/May/2023:09:06:51 +0800] "GET /xingrg/javascript/jquery.timers.js HTTP/1.1" 304 -
116.224.158.100 - - [16/May/2023:09:06:51 +0800] "GET /favicon.ico HTTP/1.1" 404 -
116.224.158.100 - - [16/May/2023:09:06:51 +0800] "GET /xingrg/javascript/jquery_easy_ui/themes/icons/settle_new.png HTTP/1.1" 304 -
116.224.158.100 - - [16/May/2023:09:06:51 +0800] "GET /xingrg/images/blue/navBackgound.jpg HTTP/1.1" 304 -
180.171.122.0 - - [16/May/2023:09:06:51 +0800] "GET /xingrg/all/function/internal_message.html?_=1684199210937&CODE_STATE=getMsg HTTP/1.1" 200 27
116.224.158.100 - - [16/May/2023:09:06:52 +0800] "POST /xingrg/all/common/load_tree.html?tree=area_rest_tree_json&manage=1 HTTP/1.1" 200 342
116.224.158.100 - - [16/May/2023:09:06:52 +0800] "GET /xingrg/all/function/internal_message.html?_=1684199047204&CODE_STATE=count HTTP/1.1" 200 11
116.224.158.100 - - [16/May/2023:09:06:52 +0800] "GET /xingrg/images/blue/pingpu.png HTTP/1.1" 304 -
116.224.158.100 - - [16/May/2023:09:06:52 +0800] "GET /xingrg/check_reg.html?_=1684199047205 HTTP/1.1" 200 22
116.224.158.100 - - [16/May/2023:09:06:52 +0800] "GET /xingrg/javascript/jquery_easy_ui/themes/default/images/panel_tool_collapse.gif HTTP/1.1" 304 -
116.224.158.100 - - [16/May/2023:09:06:52 +0800] "GET /xingrg/javascript/jquery_easy_ui/themes/default/images/tabs_rightarrow.png HTTP/1.1" 304 -
116.224.158.100 - - [16/May/2023:09:06:52 +0800] "GET /xingrg/javascript/jquery_easy_ui/themes/default/images/tabs_leftarrow.png HTTP/1.1" 304 -
116.224.158.100 - - [16/May/2023:09:06:52 +0800] "POST /xingrg/load_menu.html HTTP/1.1" 200 5138
116.224.158.100 - - [16/May/2023:09:06:52 +0800] "GET /xingrg/javascript/jquery_easy_ui/themes/default/images/tree_arrows.gif HTTP/1.1" 304 -
116.224.158.100 - - [16/May/2023:09:06:52 +0800] "GET /xingrg/javascript/jquery_easy_ui/themes/default/images/tree_folder_open.gif HTTP/1.1" 304 -
116.224.158.100 - - [16/May/2023:09:06:52 +0800] "GET /xingrg/javascript/jquery_easy_ui/themes/icons/search_new.png HTTP/1.1" 304 -
116.224.158.100 - - [16/May/2023:09:06:52 +0800] "GET /xingrg/javascript/jquery_easy_ui/themes/default/images/tree_folder.gif HTTP/1.1" 304 -
116.224.158.100 - - [16/May/2023:09:06:52 +0800] "GET /xingrg/javascript/jquery_easy_ui/themes/icons/storage_new.png HTTP/1.1" 304 -
116.224.158.100 - - [16/May/2023:09:06:52 +0800] "GET /xingrg/javascript/jquery_easy_ui/themes/icons/forms_new.png HTTP/1.1" 304 -
116.224.158.100 - - [16/May/2023:09:06:52 +0800] "GET /xingrg/javascript/jquery_easy_ui/themes/default/images/tree_file.gif HTTP/1.1" 304 -
116.238.139.35 - - [16/May/2023:09:06:54 +0800] "GET /xingrg/all/function/internal_message.html?_=1684199138418&CODE_STATE=getMsg HTTP/1.1" 200 27
116.224.158.100 - - [16/May/2023:09:06:55 +0800] "GET /xingrg/kc/buy/cgsh_order_operate.html?command=get_materiel&rest_code=00105&code=00101008502&supplier_code=00100203&order_time=2023-05-16 HTTP/1.1" 200 412
101.83.241.217 - - [16/May/2023:09:06:56 +0800] "GET /xingrg/login.html HTTP/1.1" 200 7641
101.83.241.217 - - [16/May/2023:09:06:56 +0800] "GET /xingrg/login.html HTTP/1.1" 200 7641
101.229.22.40 - - [16/May/2023:09:06:56 +0800] "POST /xingrg/dwr/call/plaincall/AjaxComOrderService.getMaterielSearchList.dwr HTTP/1.1" 200 497678
101.83.241.217 - - [16/May/2023:09:06:57 +0800] "GET /favicon.ico HTTP/1.1" 404 -
101.83.241.217 - - [16/May/2023:09:06:57 +0800] "GET /favicon.ico HTTP/1.1" 404 -
101.229.22.40 - - [16/May/2023:09:06:57 +0800] "POST /xingrg/dwr/call/plaincall/AjaxComOrderService.getMaterielSearchList.dwr HTTP/1.1" 200 796
116.235.240.236 - - [16/May/2023:09:06:59 +0800] "GET /xingrg/check_reg.html?_=1684199229405 HTTP/1.1" 200 22
101.229.22.40 - - [16/May/2023:09:06:59 +0800] "POST /xingrg/dwr/call/plaincall/AjaxYddbService.getMaterielByMap.dwr HTTP/1.1" 200 1555
116.224.158.100 - - [16/May/2023:09:07:03 +0800] "GET /xingrg/kc/buy/cgsh_order_operate.html?command=get_materiel&rest_code=00105&code=00101008087&supplier_code=00100203&order_time=2023-05-16 HTTP/1.1" 200 412
124.79.240.114 - - [16/May/2023:09:07:03 +0800] "GET /xingrg/all/function/internal_message.html?_=1684199218971&CODE_STATE=getMsg HTTP/1.1" 302 -
180.156.206.150 - - [16/May/2023:09:07:05 +0800] "GET /xingrg/all/function/internal_message.html?_=1684199225619&CODE_STATE=getMsg HTTP/1.1" 200 27
101.229.22.40 - - [16/May/2023:09:07:06 +0800] "POST /xingrg/dwr/call/plaincall/AjaxYddbService.saveMaterielItem.dwr HTTP/1.1" 200 79
101.83.241.217 - - [16/May/2023:09:07:09 +0800] "POST /xingrg/login.do HTTP/1.1" 302 -
101.83.241.217 - - [16/May/2023:09:07:09 +0800] "GET /xingrg/index.html?sysBaseUrl=http%3A%2F%2F180.169.147.146%3A18081%2Fxingrg%2F&costTime=1826×tamp=1684199229539 HTTP/1.1" 200 17179
101.83.241.217 - - [16/May/2023:09:07:09 +0800] "GET /favicon.ico HTTP/1.1" 404 -
101.83.241.217 - - [16/May/2023:09:07:10 +0800] "GET /xingrg/check_reg.html?_=1684199228117 HTTP/1.1" 200 22
172.20.0.100 - - [16/May/2023:09:07:10 +0800] "GET /xingrg/all/function/internal_message.html?_=1684199233956&CODE_STATE=getMsg HTTP/1.1" 200 27
101.83.241.217 - - [16/May/2023:09:07:10 +0800] "GET /xingrg/all/function/internal_message.html?_=1684199228116&CODE_STATE=count HTTP/1.1" 200 11
101.83.241.217 - - [16/May/2023:09:07:10 +0800] "POST /xingrg/all/common/load_tree.html?tree=area_rest_tree_json&manage=1 HTTP/1.1" 200 351
101.83.241.217 - - [16/May/2023:09:07:10 +0800] "POST /xingrg/load_menu.html HTTP/1.1" 200 5138
116.235.240.236 - - [16/May/2023:09:07:10 +0800] "GET /xingrg/all/function/internal_message.html?_=1684199239763&CODE_STATE=getMsg HTTP/1.1" 200 27
101.229.22.40 - - [16/May/2023:09:07:13 +0800] "GET /xingrg/images/yd/bt2.gif HTTP/1.1" 404 1042
116.224.158.100 - - [16/May/2023:09:07:13 +0800] "GET /xingrg/kc/buy/cgsh_order_operate.html?command=get_materiel&rest_code=00105&code=00101008361&supplier_code=00100203&order_time=2023-05-16 HTTP/1.1" 200 408
222.67.238.82 - - [16/May/2023:09:07:14 +0800] "GET /xingrg/all/function/internal_message.html?_=1684198751594&CODE_STATE=getMsg HTTP/1.1" 200 27
124.78.154.113 - - [16/May/2023:09:07:14 +0800] "GET /xingrg/kc/buy/cgsh_order_operate.html?command=get_materiel&rest_code=00106&code=00101008298&supplier_code=00100007&order_time=2023-05-16 HTTP/1.1" 200 412
180.163.30.27 - - [16/May/2023:09:07:15 +0800] "GET /xingrg/check_reg.html?_=1684199174301 HTTP/1.1" 302 -
101.83.241.217 - - [16/May/2023:09:07:15 +0800] "GET /xingrg/kc/base/wldb_order_list.html HTTP/1.1" 200 19104
116.224.158.100 - - [16/May/2023:09:07:15 +0800] "POST /xingrg/kc/buy/cgsh_order_operate.html HTTP/1.1" 200 2065
180.163.30.27 - - [16/May/2023:09:07:15 +0800] "GET /xingrg/login.html HTTP/1.1" 200 7641
124.78.154.113 - - [16/May/2023:09:07:15 +0800] "GET /xingrg/all/function/internal_message.html?_=1684199234316&CODE_STATE=getMsg HTTP/1.1" 200 27
180.163.28.109 - - [16/May/2023:09:07:15 +0800] "GET /xingrg/all/function/internal_message.html?_=1684199174299&CODE_STATE=count HTTP/1.1" 302 -
180.163.28.109 - - [16/May/2023:09:07:15 +0800] "GET /xingrg/login.html HTTP/1.1" 200 7641
101.83.241.217 - - [16/May/2023:09:07:16 +0800] "POST /xingrg/kc/base/wldb_list_operate.html HTTP/1.1" 200 928
116.224.158.100 - - [16/May/2023:09:07:16 +0800] "POST /xingrg/kc/buy/cgsh_order_operate.html HTTP/1.1" 200 2065
101.83.241.217 - - [16/May/2023:09:07:20 +0800] "GET /xingrg/javascript/easyui/themes/default/tree.css HTTP/1.1" 404 1090
101.83.241.217 - - [16/May/2023:09:07:20 +0800] "POST /xingrg/all/common/load_tree.html?tree=rest_base_tree_json HTTP/1.1" 200 71352
116.224.158.100 - - [16/May/2023:09:07:21 +0800] "GET /xingrg/all/function/internal_message.html?_=1684199242261&CODE_STATE=getMsg HTTP/1.1" 200 27
101.83.241.217 - - [16/May/2023:09:07:22 +0800] "GET /xingrg/javascript/easyui/themes/default/images/tree_folder_open.gif HTTP/1.1" 200 956
101.83.241.217 - - [16/May/2023:09:07:22 +0800] "GET /xingrg/javascript/easyui/themes/default/images/tree_arrows.gif HTTP/1.1" 200 617
101.83.241.217 - - [16/May/2023:09:07:22 +0800] "GET /xingrg/javascript/easyui/themes/default/images/tree_checkbox_0.gif HTTP/1.1" 200 168
101.83.241.217 - - [16/May/2023:09:07:22 +0800] "GET /xingrg/javascript/easyui/themes/icons/areas.png HTTP/1.1" 200 720
101.83.241.217 - - [16/May/2023:09:07:22 +0800] "GET /xingrg/javascript/easyui/themes/default/images/tree_file.gif HTTP/1.1" 200 118
101.83.241.217 - - [16/May/2023:09:07:22 +0800] "GET /xingrg/javascript/easyui/themes/icons/rest.png HTTP/1.1" 200 695
124.78.154.113 - - [16/May/2023:09:07:25 +0800] "GET /xingrg/kc/buy/cgsh_order_operate.html?command=get_materiel&rest_code=00106&code=00101008437&supplier_code=00100007&order_time=2023-05-16 HTTP/1.1" 200 410
101.83.241.217 - - [16/May/2023:09:07:25 +0800] "GET /xingrg/javascript/easyui/themes/default/images/tree_checkbox_1.gif HTTP/1.1" 200 174
101.83.241.217 - - [16/May/2023:09:07:28 +0800] "POST /xingrg/all/common/load_tree.html?tree=rest_base_tree_json HTTP/1.1" 200 71352
124.78.154.113 - - [16/May/2023:09:07:33 +0800] "GET /xingrg/kc/buy/cgsh_order_operate.html?command=get_materiel&rest_code=00106&code=00101011001&supplier_code=00100007&order_time=2023-05-16 HTTP/1.1" 200 423
124.78.154.113 - - [16/May/2023:09:07:35 +0800] "POST /xingrg/kc/buy/cgsh_order_operate.html HTTP/1.1" 200 2065
116.224.158.100 - - [16/May/2023:09:07:37 +0800] "GET /xingrg/kc/buy/cgsh_order_operate.html?command=get_materiel&rest_code=00105&code=00101008372&supplier_code=00100203&order_time=2023-05-16 HTTP/1.1" 200 408
222.67.238.82 - - [16/May/2023:09:07:39 +0800] "GET /xingrg/kc/buy/cgsh_order_list.html HTTP/1.1" 200 55588
124.78.154.113 - - [16/May/2023:09:07:41 +0800] "GET /xingrg/kc/buy/cgsh_order_operate.html?command=get_materiel&rest_code=00106&code=00101008087&supplier_code=00100007&order_time=2023-05-16 HTTP/1.1" 200 412
222.67.238.82 - - [16/May/2023:09:07:42 +0800] "POST /xingrg/kc/buy/cgsh_list_operate.html HTTP/1.1" 200 986
116.232.195.127 - - [16/May/2023:09:07:42 +0800] "GET /xingrg/all/function/internal_message.html?_=1684199310371&CODE_STATE=getMsg HTTP/1.1" 200 27
116.238.139.35 - - [16/May/2023:09:07:42 +0800] "GET /xingrg/check_reg.html?_=1684199260870 HTTP/1.1" 200 22
116.238.139.35 - - [16/May/2023:09:07:42 +0800] "GET /xingrg/all/function/internal_message.html?_=1684199260873&CODE_STATE=getMsg HTTP/1.1" 200 27
101.229.22.40 - - [16/May/2023:09:07:43 +0800] "GET /xingrg/all/function/internal_message.html?_=1684199261816&CODE_STATE=getMsg HTTP/1.1" 200 27
180.164.3.199 - - [16/May/2023:09:07:44 +0800] "GET /xingrg/all/function/internal_message.html?_=1684199263946&CODE_STATE=getMsg HTTP/1.1" 200 27
222.67.238.82 - - [16/May/2023:09:07:46 +0800] "GET /xingrg/javascript/jquery_tools/images/next.gif HTTP/1.1" 404 1086
222.67.238.82 - - [16/May/2023:09:07:46 +0800] "GET /xingrg/javascript/jquery_tools/images/prev.gif HTTP/1.1" 404 1086
120.253.135.82 - - [16/May/2023:09:07:47 +0800] "GET /xingrg/all/function/internal_message.html?_=1684199105608&CODE_STATE=getMsg HTTP/1.1" 200 27
