124.79.74.67 - - [16/May/2023:11:26:44 +0800] "GET /xingrg/kc/buy/cgsh_order_operate.html?command=get_materiel&rest_code=00156&code=00101008283&supplier_code=00100007&order_time=2023-05-16 HTTP/1.1" 200 408
116.224.158.100 - - [16/May/2023:11:26:44 +0800] "GET /xingrg/all/function/internal_message.html?_=1684207605044&CODE_STATE=getMsg HTTP/1.1" 200 27
116.238.139.35 - - [16/May/2023:11:26:47 +0800] "GET /xingrg/all/function/internal_message.html?_=1684207606171&CODE_STATE=getMsg HTTP/1.1" 200 27
124.78.154.113 - - [16/May/2023:11:26:47 +0800] "GET /xingrg/all/function/internal_message.html?_=1684207606598&CODE_STATE=getMsg HTTP/1.1" 200 27
101.83.241.217 - - [16/May/2023:11:26:49 +0800] "GET /xingrg/all/function/internal_message.html?_=1684207607481&CODE_STATE=getMsg HTTP/1.1" 200 27
124.79.74.67 - - [16/May/2023:11:26:51 +0800] "GET /xingrg/kc/buy/cgsh_order_operate.html?command=get_materiel&rest_code=00156&code=00101008694&supplier_code=00100007&order_time=2023-05-16 HTTP/1.1" 200 420
124.79.74.67 - - [16/May/2023:11:26:51 +0800] "GET /xingrg/all/function/internal_message.html?_=1684207627566&CODE_STATE=getMsg HTTP/1.1" 200 27
180.156.206.150 - - [16/May/2023:11:26:51 +0800] "GET /xingrg/all/function/internal_message.html?_=1684207619326&CODE_STATE=getMsg HTTP/1.1" 200 27
116.224.158.100 - - [16/May/2023:11:26:52 +0800] "GET /xingrg/check_reg.html?_=1684207447449 HTTP/1.1" 302 -
180.164.3.199 - - [16/May/2023:11:26:53 +0800] "GET /xingrg/all/function/internal_message.html?_=1684207612219&CODE_STATE=getMsg HTTP/1.1" 200 27
120.253.135.82 - - [16/May/2023:11:26:53 +0800] "GET /xingrg/all/function/internal_message.html?_=1684207451685&CODE_STATE=getMsg HTTP/1.1" 200 27
124.79.74.67 - - [16/May/2023:11:26:58 +0800] "GET /xingrg/kc/buy/cgsh_order_operate.html?command=get_materiel&rest_code=00156&code=00101008318&supplier_code=00100007&order_time=2023-05-16 HTTP/1.1" 200 408
124.79.240.114 - - [16/May/2023:11:27:04 +0800] "GET /xingrg/all/function/internal_message.html?_=1684207619817&CODE_STATE=getMsg HTTP/1.1" 302 -
124.79.74.67 - - [16/May/2023:11:27:06 +0800] "GET /xingrg/kc/buy/cgsh_order_operate.html?command=get_materiel&rest_code=00156&code=00101008361&supplier_code=00100007&order_time=2023-05-16 HTTP/1.1" 200 408
180.156.206.150 - - [16/May/2023:11:27:09 +0800] "GET /xingrg/all/function/internal_message.html?_=1684207629628&CODE_STATE=getMsg HTTP/1.1" 200 27
124.79.74.67 - - [16/May/2023:11:27:16 +0800] "GET /xingrg/kc/buy/cgsh_order_operate.html?command=get_materiel&rest_code=00156&code=00101008196&supplier_code=00100007&order_time=2023-05-16 HTTP/1.1" 200 416
222.67.238.82 - - [16/May/2023:11:27:20 +0800] "GET /xingrg/kc/buy/cgsh_order_operate.html?command=get_materiel&rest_code=00141&code=00101008224&supplier_code=00100007&order_time=2023-05-16 HTTP/1.1" 200 416
124.79.74.67 - - [16/May/2023:11:27:22 +0800] "GET /xingrg/kc/buy/cgsh_order_operate.html?command=get_materiel&rest_code=00156&code=00101008197&supplier_code=00100007&order_time=2023-05-16 HTTP/1.1" 200 416
124.79.240.114 - - [16/May/2023:11:27:26 +0800] "GET /xingrg/all/function/internal_message.html?_=1684207923419&CODE_STATE=getMsg HTTP/1.1" 200 27
222.67.238.82 - - [16/May/2023:11:27:27 +0800] "GET /xingrg/all/function/internal_message.html?_=1684207163924&CODE_STATE=getMsg HTTP/1.1" 200 27
116.235.240.236 - - [16/May/2023:11:27:29 +0800] "GET /xingrg/all/function/internal_message.html?_=1684207659479&CODE_STATE=getMsg HTTP/1.1" 200 27
222.67.238.82 - - [16/May/2023:11:27:29 +0800] "GET /xingrg/kc/buy/cgsh_order_operate.html?command=get_materiel&rest_code=00141&code=00101008361&supplier_code=00100007&order_time=2023-05-16 HTTP/1.1" 200 408
124.79.74.67 - - [16/May/2023:11:27:30 +0800] "GET /xingrg/kc/buy/cgsh_order_operate.html?command=get_materiel&rest_code=00156&code=00101008185&supplier_code=00100007&order_time=2023-05-16 HTTP/1.1" 200 408
124.79.74.67 - - [16/May/2023:11:27:39 +0800] "GET /xingrg/kc/buy/cgsh_order_operate.html?command=get_materiel&rest_code=00156&code=00101009005&supplier_code=00100007&order_time=2023-05-16 HTTP/1.1" 200 416
180.171.122.0 - - [16/May/2023:11:27:39 +0800] "GET /xingrg/all/function/internal_message.html?_=1684207659033&CODE_STATE=getMsg HTTP/1.1" 200 27
114.83.219.197 - - [16/May/2023:11:27:40 +0800] "GET /xingrg/all/function/internal_message.html?_=1684207755965&CODE_STATE=getMsg HTTP/1.1" 200 27
222.67.238.82 - - [16/May/2023:11:27:40 +0800] "GET /xingrg/kc/buy/cgsh_order_operate.html?command=get_materiel&rest_code=00141&code=00101008161&supplier_code=00100007&order_time=2023-05-16 HTTP/1.1" 200 409
116.232.195.127 - - [16/May/2023:11:27:42 +0800] "GET /xingrg/all/function/internal_message.html?_=1684207710153&CODE_STATE=getMsg HTTP/1.1" 200 27
116.224.158.100 - - [16/May/2023:11:27:44 +0800] "GET /xingrg/all/function/internal_message.html?_=1684207665042&CODE_STATE=getMsg HTTP/1.1" 200 27
180.163.30.100 - - [16/May/2023:11:27:47 +0800] "GET /xingrg/all/function/internal_message.html?_=1684207606598&CODE_STATE=getMsg HTTP/1.1" 302 -
180.163.30.100 - - [16/May/2023:11:27:47 +0800] "GET /xingrg/login.html HTTP/1.1" 200 7641
116.238.139.35 - - [16/May/2023:11:27:47 +0800] "GET /xingrg/all/function/internal_message.html?_=1684207666174&CODE_STATE=getMsg HTTP/1.1" 200 27
124.78.154.113 - - [16/May/2023:11:27:47 +0800] "GET /xingrg/all/function/internal_message.html?_=1684207666600&CODE_STATE=getMsg HTTP/1.1" 200 27
124.78.154.113 - - [16/May/2023:11:27:47 +0800] "GET /xingrg/check_reg.html?_=1684207666602 HTTP/1.1" 200 22
124.79.74.67 - - [16/May/2023:11:27:47 +0800] "GET /xingrg/kc/buy/cgsh_order_operate.html?command=get_materiel&rest_code=00156&code=00101008286&supplier_code=00100007&order_time=2023-05-16 HTTP/1.1" 200 408
101.83.241.217 - - [16/May/2023:11:27:49 +0800] "GET /xingrg/all/function/internal_message.html?_=1684207667464&CODE_STATE=getMsg HTTP/1.1" 200 27
124.79.74.67 - - [16/May/2023:11:27:51 +0800] "GET /xingrg/all/function/internal_message.html?_=1684207687568&CODE_STATE=getMsg HTTP/1.1" 200 27
124.79.74.67 - - [16/May/2023:11:27:51 +0800] "GET /xingrg/check_reg.html?_=1684207687570 HTTP/1.1" 200 22
180.156.206.150 - - [16/May/2023:11:27:51 +0800] "GET /xingrg/all/function/internal_message.html?_=1684207679326&CODE_STATE=getMsg HTTP/1.1" 200 27
180.164.3.199 - - [16/May/2023:11:27:53 +0800] "GET /xingrg/all/function/internal_message.html?_=1684207672218&CODE_STATE=getMsg HTTP/1.1" 200 27
120.253.135.82 - - [16/May/2023:11:27:53 +0800] "GET /xingrg/all/function/internal_message.html?_=1684207511694&CODE_STATE=getMsg HTTP/1.1" 200 27
124.79.74.67 - - [16/May/2023:11:27:55 +0800] "GET /xingrg/kc/buy/cgsh_order_operate.html?command=get_materiel&rest_code=00156&code=00101008478&supplier_code=00100007&order_time=2023-05-16 HTTP/1.1" 200 413
124.79.74.67 - - [16/May/2023:11:27:57 +0800] "POST /xingrg/kc/buy/cgsh_order_operate.html HTTP/1.1" 200 2065
124.79.74.67 - - [16/May/2023:11:28:02 +0800] "GET /xingrg/kc/buy/cgsh_order_operate.html?command=get_materiel&rest_code=00156&code=00101008131&supplier_code=00100007&order_time=2023-05-16 HTTP/1.1" 200 409
124.79.240.114 - - [16/May/2023:11:28:04 +0800] "GET /xingrg/all/function/internal_message.html?_=1684207679799&CODE_STATE=getMsg HTTP/1.1" 302 -
222.67.238.82 - - [16/May/2023:11:28:08 +0800] "GET /xingrg/kc/buy/cgsh_order_operate.html?command=get_materiel&rest_code=00141&code=00101008131&supplier_code=00100007&order_time=2023-05-16 HTTP/1.1" 200 409
180.156.206.150 - - [16/May/2023:11:28:09 +0800] "GET /xingrg/all/function/internal_message.html?_=1684207689625&CODE_STATE=getMsg HTTP/1.1" 200 27
172.20.0.100 - - [16/May/2023:11:28:09 +0800] "GET /xingrg/check_reg.html?_=1684207694070 HTTP/1.1" 302 -
124.79.74.67 - - [16/May/2023:11:28:11 +0800] "GET /xingrg/kc/buy/cgsh_order_operate.html?command=get_materiel&rest_code=00156&code=00101008356&supplier_code=00100007&order_time=2023-05-16 HTTP/1.1" 200 408
222.67.238.82 - - [16/May/2023:11:28:18 +0800] "GET /xingrg/kc/buy/cgsh_order_operate.html?command=get_materiel&rest_code=00141&code=00101008213&supplier_code=00100007&order_time=2023-05-16 HTTP/1.1" 200 412
124.79.74.67 - - [16/May/2023:11:28:20 +0800] "GET /xingrg/kc/buy/cgsh_order_operate.html?command=get_materiel&rest_code=00156&code=00101008182&supplier_code=00100007&order_time=2023-05-16 HTTP/1.1" 200 412
124.79.240.114 - - [16/May/2023:11:28:26 +0800] "GET /xingrg/check_reg.html?_=1684207983419 HTTP/1.1" 200 22
124.79.240.114 - - [16/May/2023:11:28:26 +0800] "GET /xingrg/all/function/internal_message.html?_=1684207983418&CODE_STATE=getMsg HTTP/1.1" 200 27
222.67.238.82 - - [16/May/2023:11:28:27 +0800] "GET /xingrg/all/function/internal_message.html?_=1684207223985&CODE_STATE=getMsg HTTP/1.1" 200 27
116.224.158.100 - - [16/May/2023:11:28:28 +0800] "GET /xingrg/kc/base/wldb_order_list.html HTTP/1.1" 200 19098
116.235.240.236 - - [16/May/2023:11:28:28 +0800] "GET /xingrg/check_reg.html?_=1684207718840 HTTP/1.1" 200 22
116.224.158.100 - - [16/May/2023:11:28:29 +0800] "POST /xingrg/kc/base/wldb_list_operate.html HTTP/1.1" 200 928
116.235.240.236 - - [16/May/2023:11:28:29 +0800] "GET /xingrg/all/function/internal_message.html?_=1684207719493&CODE_STATE=getMsg HTTP/1.1" 200 27
124.79.74.67 - - [16/May/2023:11:28:29 +0800] "GET /xingrg/kc/buy/cgsh_order_operate.html?command=get_materiel&rest_code=00156&code=00101009039&supplier_code=00100007&order_time=2023-05-16 HTTP/1.1" 200 408
222.67.238.82 - - [16/May/2023:11:28:30 +0800] "GET /xingrg/kc/buy/cgsh_order_operate.html?command=get_materiel&rest_code=00141&code=00101008070&supplier_code=00100007&order_time=2023-05-16 HTTP/1.1" 200 413
116.224.158.100 - - [16/May/2023:11:28:31 +0800] "GET /xingrg/kc/base/wldb_order_add.html HTTP/1.1" 200 30381
116.224.158.100 - - [16/May/2023:11:28:31 +0800] "GET /xingrg/words/20230516111423_words.js HTTP/1.1" 200 965017
116.224.158.100 - - [16/May/2023:11:28:31 +0800] "POST /xingrg/kc/base/wldb_order_operate.html HTTP/1.1" 200 6806
116.224.158.100 - - [16/May/2023:11:28:31 +0800] "GET /xingrg/all/common/auto_word.html?type=base&rest_code=00105 HTTP/1.1" 200 1907
116.224.158.100 - - [16/May/2023:11:28:31 +0800] "GET /xingrg/all/common/auto_word.html?type=base&rest_code=00105 HTTP/1.1" 200 1907
116.224.158.100 - - [16/May/2023:11:28:31 +0800] "GET /xingrg/javascript/easyui/themes/default/validatebox.css HTTP/1.1" 404 1104
116.224.158.100 - - [16/May/2023:11:28:32 +0800] "POST /xingrg/all/common/load_combo.html?type=base HTTP/1.1" 200 3409
180.171.122.0 - - [16/May/2023:11:28:39 +0800] "GET /xingrg/all/function/internal_message.html?_=1684207719032&CODE_STATE=getMsg HTTP/1.1" 200 27
114.83.219.197 - - [16/May/2023:11:28:40 +0800] "GET /xingrg/all/function/internal_message.html?_=1684207815958&CODE_STATE=getMsg HTTP/1.1" 200 27
114.85.36.120 - - [16/May/2023:11:28:41 +0800] "GET /xingrg HTTP/1.1" 302 -
116.224.158.100 - - [16/May/2023:11:28:41 +0800] "GET /xingrg/kc/base/wldb_order_operate.html?command=get_materiel&rest_code=00105&base_code=0010508&code=00102002315 HTTP/1.1" 200 461
114.85.36.120 - - [16/May/2023:11:28:41 +0800] "GET /xingrg/ HTTP/1.1" 304 -
116.232.195.127 - - [16/May/2023:11:28:42 +0800] "GET /xingrg/all/function/internal_message.html?_=1684207770164&CODE_STATE=getMsg HTTP/1.1" 200 27
114.85.36.120 - - [16/May/2023:11:28:43 +0800] "GET /xingrg/index.html HTTP/1.1" 302 -
114.85.36.120 - - [16/May/2023:11:28:43 +0800] "GET /xingrg/login.html HTTP/1.1" 200 7641
114.85.36.120 - - [16/May/2023:11:28:43 +0800] "GET /xingrg/images/blue/jxLogo.png HTTP/1.1" 304 -
114.85.36.120 - - [16/May/2023:11:28:43 +0800] "GET /xingrg/images/blue/login_bg.png HTTP/1.1" 304 -
114.85.36.120 - - [16/May/2023:11:28:43 +0800] "GET /favicon.ico HTTP/1.1" 404 -
114.85.36.120 - - [16/May/2023:11:28:43 +0800] "GET /xingrg/images/blue/srbg.png HTTP/1.1" 304 -
114.85.36.120 - - [16/May/2023:11:28:43 +0800] "GET /xingrg/images/blue/hj.png HTTP/1.1" 304 -
114.85.36.120 - - [16/May/2023:11:28:44 +0800] "GET /favicon.ico HTTP/1.1" 404 -
116.224.158.100 - - [16/May/2023:11:28:44 +0800] "GET /xingrg/all/function/internal_message.html?_=1684207725076&CODE_STATE=getMsg HTTP/1.1" 200 27
116.224.158.100 - - [16/May/2023:11:28:44 +0800] "GET /xingrg/check_reg.html?_=1684207725079 HTTP/1.1" 200 22
222.67.238.82 - - [16/May/2023:11:28:45 +0800] "GET /xingrg/kc/buy/cgsh_order_operate.html?command=get_materiel&rest_code=00141&code=00101008265&supplier_code=00100007&order_time=2023-05-16 HTTP/1.1" 200 408
180.163.30.76 - - [16/May/2023:11:28:47 +0800] "GET /xingrg/all/function/internal_message.html?_=1684207666600&CODE_STATE=getMsg HTTP/1.1" 302 -
180.163.30.76 - - [16/May/2023:11:28:47 +0800] "GET /xingrg/login.html HTTP/1.1" 200 7641
116.238.139.35 - - [16/May/2023:11:28:47 +0800] "GET /xingrg/all/function/internal_message.html?_=1684207726174&CODE_STATE=getMsg HTTP/1.1" 200 27
124.78.154.113 - - [16/May/2023:11:28:47 +0800] "GET /xingrg/all/function/internal_message.html?_=1684207726601&CODE_STATE=getMsg HTTP/1.1" 200 27
101.83.241.217 - - [16/May/2023:11:28:49 +0800] "GET /xingrg/all/function/internal_message.html?_=1684207727445&CODE_STATE=getMsg HTTP/1.1" 200 27
124.79.74.67 - - [16/May/2023:11:28:51 +0800] "GET /xingrg/all/function/internal_message.html?_=1684207747576&CODE_STATE=getMsg HTTP/1.1" 200 27
180.156.206.150 - - [16/May/2023:11:28:51 +0800] "GET /xingrg/all/function/internal_message.html?_=1684207739338&CODE_STATE=getMsg HTTP/1.1" 200 27
116.224.158.100 - - [16/May/2023:11:28:52 +0800] "GET /xingrg/kc/base/wldb_order_operate.html?command=get_materiel&rest_code=00105&base_code=0010508&code=00102002562 HTTP/1.1" 200 461
180.164.3.199 - - [16/May/2023:11:28:53 +0800] "GET /xingrg/all/function/internal_message.html?_=1684207732216&CODE_STATE=getMsg HTTP/1.1" 200 27
120.253.135.82 - - [16/May/2023:11:28:53 +0800] "GET /xingrg/all/function/internal_message.html?_=1684207571769&CODE_STATE=getMsg HTTP/1.1" 200 27
180.164.3.199 - - [16/May/2023:11:28:54 +0800] "GET /xingrg/check_reg.html?_=1684207733632 HTTP/1.1" 200 22
120.253.135.82 - - [16/May/2023:11:28:55 +0800] "GET /xingrg/check_reg.html?_=1684207573516 HTTP/1.1" 200 22
116.224.158.100 - - [16/May/2023:11:28:59 +0800] "GET /xingrg/kc/base/wldb_order_operate.html?command=get_materiel&rest_code=00105&base_code=0010508&code=00102002022 HTTP/1.1" 200 472
124.79.240.114 - - [16/May/2023:11:29:04 +0800] "GET /xingrg/all/function/internal_message.html?_=1684207739774&CODE_STATE=getMsg HTTP/1.1" 302 -
116.224.158.100 - - [16/May/2023:11:29:06 +0800] "GET /xingrg/kc/base/wldb_order_operate.html?command=get_materiel&rest_code=00105&base_code=0010508&code=00102004006 HTTP/1.1" 200 442
124.79.74.67 - - [16/May/2023:11:29:07 +0800] "POST /xingrg/kc/buy/cgsh_order_operate.html HTTP/1.1" 200 37
180.156.206.150 - - [16/May/2023:11:29:09 +0800] "GET /xingrg/all/function/internal_message.html?_=1684207749633&CODE_STATE=getMsg HTTP/1.1" 200 27
180.156.206.150 - - [16/May/2023:11:29:09 +0800] "GET /xingrg/check_reg.html?_=1684207749638 HTTP/1.1" 200 22
116.224.158.100 - - [16/May/2023:11:29:11 +0800] "POST /xingrg/kc/base/wldb_order_operate.html HTTP/1.1" 200 37
124.79.74.67 - - [16/May/2023:11:29:12 +0800] "POST /xingrg/kc/buy/cgsh_order_operate.html HTTP/1.1" 200 15672
116.224.158.100 - - [16/May/2023:11:29:12 +0800] "POST /xingrg/kc/base/wldb_order_operate.html HTTP/1.1" 200 3684
124.79.74.67 - - [16/May/2023:11:29:14 +0800] "GET /xingrg/kc/print/load_config.html?kc_code=cgsh HTTP/1.1" 200 1925
124.79.74.67 - - [16/May/2023:11:29:15 +0800] "GET /xingrg/kc/print/load_data.html?order_code=212023051605821&kc_code=cgsh&condition= HTTP/1.1" 200 5636
180.169.147.146 - - [16/May/2023:11:29:18 +0800] "GET /xingrg/check_reg.html?_=1684207754460 HTTP/1.1" 200 22
124.79.74.67 - - [16/May/2023:11:29:19 +0800] "GET /xingrg/kc/buy/cgsh_order_add.html HTTP/1.1" 200 71443
124.79.74.67 - - [16/May/2023:11:29:19 +0800] "GET /xingrg/words/20230516111423_words.js HTTP/1.1" 304 -
124.79.74.67 - - [16/May/2023:11:29:19 +0800] "POST /xingrg/kc/buy/cgsh_order_operate.html HTTP/1.1" 200 8245
124.79.74.67 - - [16/May/2023:11:29:19 +0800] "GET /xingrg/javascript/easyui/themes/default/validatebox.css HTTP/1.1" 404 1104
124.79.74.67 - - [16/May/2023:11:29:19 +0800] "GET /xingrg/all/common/auto_word.html?type=employee&rest_code=00156 HTTP/1.1" 200 97
124.79.74.67 - - [16/May/2023:11:29:19 +0800] "GET /xingrg/all/common/auto_word.html?type=employee&rest_code=00156 HTTP/1.1" 200 97
222.67.238.82 - - [16/May/2023:11:29:22 +0800] "GET /xingrg/kc/buy/cgsh_order_operate.html?command=get_materiel&rest_code=00141&code=00101012067&supplier_code=00100007&order_time=2023-05-16 HTTP/1.1" 200 405
124.79.240.114 - - [16/May/2023:11:29:26 +0800] "GET /xingrg/all/function/internal_message.html?_=1684208043418&CODE_STATE=getMsg HTTP/1.1" 200 27
222.67.238.82 - - [16/May/2023:11:29:27 +0800] "GET /xingrg/all/function/internal_message.html?_=1684207284003&CODE_STATE=getMsg HTTP/1.1" 200 27
116.224.158.100 - - [16/May/2023:11:29:27 +0800] "GET /xingrg/kc/base/wldb_order_info.html?code=422023051601235 HTTP/1.1" 200 30395
116.224.158.100 - - [16/May/2023:11:29:28 +0800] "GET /xingrg/javascript/easyui/themes/default/validatebox.css HTTP/1.1" 404 1104
116.224.158.100 - - [16/May/2023:11:29:28 +0800] "POST /xingrg/kc/base/wldb_order_operate.html HTTP/1.1" 200 3684
116.235.240.236 - - [16/May/2023:11:29:29 +0800] "GET /xingrg/all/function/internal_message.html?_=1684207779507&CODE_STATE=getMsg HTTP/1.1" 200 27
222.67.238.82 - - [16/May/2023:11:29:36 +0800] "GET /xingrg/kc/buy/cgsh_order_operate.html?command=get_materiel&rest_code=00141&code=00101008261&supplier_code=00100007&order_time=2023-05-16 HTTP/1.1" 200 408
180.171.122.0 - - [16/May/2023:11:29:39 +0800] "GET /xingrg/all/function/internal_message.html?_=1684207779033&CODE_STATE=getMsg HTTP/1.1" 200 27
114.83.219.197 - - [16/May/2023:11:29:40 +0800] "GET /xingrg/all/function/internal_message.html?_=1684207875968&CODE_STATE=getMsg HTTP/1.1" 200 27
124.79.74.67 - - [16/May/2023:11:29:40 +0800] "GET /xingrg/kc/buy/cgsh_order_operate.html?command=get_materiel&rest_code=00156&code=00101008600&supplier_code=00100450&order_time=2023-05-16 HTTP/1.1" 200 433
116.232.195.127 - - [16/May/2023:11:29:42 +0800] "GET /xingrg/all/function/internal_message.html?_=1684207830168&CODE_STATE=getMsg HTTP/1.1" 200 27
116.224.158.100 - - [16/May/2023:11:29:44 +0800] "GET /xingrg/all/function/internal_message.html?_=1684207785053&CODE_STATE=getMsg HTTP/1.1" 200 27
116.228.172.94 - - [16/May/2023:11:29:47 +0800] "GET /xingrg/check_reg.html?_=1684207595047 HTTP/1.1" 302 -
116.238.139.35 - - [16/May/2023:11:29:47 +0800] "GET /xingrg/check_reg.html?_=1684207786161 HTTP/1.1" 200 22
116.238.139.35 - - [16/May/2023:11:29:47 +0800] "GET /xingrg/all/function/internal_message.html?_=1684207786163&CODE_STATE=getMsg HTTP/1.1" 200 27
124.78.154.113 - - [16/May/2023:11:29:47 +0800] "GET /xingrg/all/function/internal_message.html?_=1684207786602&CODE_STATE=getMsg HTTP/1.1" 200 27
101.83.241.217 - - [16/May/2023:11:29:49 +0800] "GET /xingrg/all/function/internal_message.html?_=1684207787423&CODE_STATE=getMsg HTTP/1.1" 200 27
116.224.158.100 - - [16/May/2023:11:29:50 +0800] "GET /xingrg/kc/base/wldb_order_add.html HTTP/1.1" 200 30381
124.79.74.67 - - [16/May/2023:11:29:50 +0800] "GET /xingrg/kc/buy/cgsh_order_operate.html?command=get_materiel&rest_code=00156&code=00101008553&supplier_code=00100450&order_time=2023-05-16 HTTP/1.1" 200 406
116.224.158.100 - - [16/May/2023:11:29:50 +0800] "GET /xingrg/javascript/easyui/themes/default/validatebox.css HTTP/1.1" 404 1104
116.224.158.100 - - [16/May/2023:11:29:50 +0800] "POST /xingrg/kc/base/wldb_order_operate.html HTTP/1.1" 200 6806
124.79.74.67 - - [16/May/2023:11:29:51 +0800] "GET /xingrg/all/function/internal_message.html?_=1684207807579&CODE_STATE=getMsg HTTP/1.1" 200 27
180.156.206.150 - - [16/May/2023:11:29:51 +0800] "GET /xingrg/all/function/internal_message.html?_=1684207799337&CODE_STATE=getMsg HTTP/1.1" 200 27
116.224.158.100 - - [16/May/2023:11:29:52 +0800] "POST /xingrg/all/common/load_combo.html?type=base HTTP/1.1" 200 3409
222.67.238.82 - - [16/May/2023:11:29:52 +0800] "GET /xingrg/kc/buy/cgsh_order_operate.html?command=get_materiel&rest_code=00141&code=00101008199&supplier_code=00100007&order_time=2023-05-16 HTTP/1.1" 200 408
180.164.3.199 - - [16/May/2023:11:29:53 +0800] "GET /xingrg/all/function/internal_message.html?_=1684207792213&CODE_STATE=getMsg HTTP/1.1" 200 27
120.253.135.82 - - [16/May/2023:11:29:53 +0800] "GET /xingrg/all/function/internal_message.html?_=1684207631785&CODE_STATE=getMsg HTTP/1.1" 200 27
124.79.74.67 - - [16/May/2023:11:29:58 +0800] "GET /xingrg/kc/buy/cgsh_order_operate.html?command=get_materiel&rest_code=00156&code=00101008688&supplier_code=00100450&order_time=2023-05-16 HTTP/1.1" 200 412
116.224.158.100 - - [16/May/2023:11:30:02 +0800] "GET /xingrg/kc/base/wldb_order_operate.html?command=get_materiel&rest_code=00105&base_code=0010508&code=00102002347 HTTP/1.1" 200 457
114.85.36.120 - - [16/May/2023:11:30:03 +0800] "POST /xingrg/login.do HTTP/1.1" 302 -
114.85.36.120 - - [16/May/2023:11:30:03 +0800] "GET /xingrg/index.html?sysBaseUrl=http%3A%2F%2F180.169.147.146%3A18081%2Fxingrg%2F&costTime=1197×tamp=1684207803181 HTTP/1.1" 200 17179
114.85.36.120 - - [16/May/2023:11:30:03 +0800] "GET /xingrg/javascript/jquery_easy_ui/themes/default/easyui.css HTTP/1.1" 304 -
114.85.36.120 - - [16/May/2023:11:30:03 +0800] "GET /xingrg/javascript/jquery_easy_ui/themes/icon.css HTTP/1.1" 304 -
114.85.36.120 - - [16/May/2023:11:30:03 +0800] "GET /xingrg/css/form.css HTTP/1.1" 304 -
114.85.36.120 - - [16/May/2023:11:30:03 +0800] "GET /xingrg/javascript/jquery-1.4.2.min.js HTTP/1.1" 304 -
114.85.36.120 - - [16/May/2023:11:30:03 +0800] "GET /xingrg/javascript/jquery_easy_ui/jquery.easyui.min.js HTTP/1.1" 304 -
114.85.36.120 - - [16/May/2023:11:30:03 +0800] "GET /xingrg/javascript/jquery.utils.js HTTP/1.1" 304 -
114.85.36.120 - - [16/May/2023:11:30:03 +0800] "GET /xingrg/javascript/jquery_easy_ui/easyui-lang-zh_CN.js HTTP/1.1" 304 -
114.85.36.120 - - [16/May/2023:11:30:03 +0800] "GET /xingrg/javascript/jquery.timers.js HTTP/1.1" 304 -
114.85.36.120 - - [16/May/2023:11:30:03 +0800] "GET /xingrg/javascript/jquery.form.js HTTP/1.1" 304 -
114.85.36.120 - - [16/May/2023:11:30:03 +0800] "GET /xingrg/images/blue/navBackgound.jpg HTTP/1.1" 304 -
114.85.36.120 - - [16/May/2023:11:30:03 +0800] "GET /xingrg/javascript/jquery_easy_ui/themes/icons/settle_new.png HTTP/1.1" 304 -
114.85.36.120 - - [16/May/2023:11:30:03 +0800] "GET /favicon.ico HTTP/1.1" 404 -
114.85.36.120 - - [16/May/2023:11:30:03 +0800] "GET /xingrg/images/blue/pingpu.png HTTP/1.1" 304 -
114.85.36.120 - - [16/May/2023:11:30:03 +0800] "GET /xingrg/javascript/jquery_easy_ui/themes/default/images/tabs_rightarrow.png HTTP/1.1" 304 -
114.85.36.120 - - [16/May/2023:11:30:03 +0800] "GET /xingrg/javascript/jquery_easy_ui/themes/default/images/tabs_leftarrow.png HTTP/1.1" 304 -
114.85.36.120 - - [16/May/2023:11:30:03 +0800] "GET /xingrg/check_reg.html?_=1684206637274 HTTP/1.1" 200 22
114.85.36.120 - - [16/May/2023:11:30:03 +0800] "GET /xingrg/javascript/jquery_easy_ui/themes/default/images/panel_tool_collapse.gif HTTP/1.1" 304 -
114.85.36.120 - - [16/May/2023:11:30:03 +0800] "GET /xingrg/all/function/internal_message.html?_=1684206637274&CODE_STATE=count HTTP/1.1" 200 11
114.85.36.120 - - [16/May/2023:11:30:04 +0800] "POST /xingrg/all/common/load_tree.html?tree=area_rest_tree_json&manage=1 HTTP/1.1" 200 351
114.85.36.120 - - [16/May/2023:11:30:04 +0800] "POST /xingrg/load_menu.html HTTP/1.1" 200 5138
114.85.36.120 - - [16/May/2023:11:30:04 +0800] "GET /xingrg/javascript/jquery_easy_ui/themes/default/images/tree_arrows.gif HTTP/1.1" 304 -
114.85.36.120 - - [16/May/2023:11:30:04 +0800] "GET /xingrg/javascript/jquery_easy_ui/themes/default/images/tree_folder_open.gif HTTP/1.1" 304 -
114.85.36.120 - - [16/May/2023:11:30:04 +0800] "GET /xingrg/javascript/jquery_easy_ui/themes/icons/search_new.png HTTP/1.1" 304 -
114.85.36.120 - - [16/May/2023:11:30:04 +0800] "GET /xingrg/javascript/jquery_easy_ui/themes/default/images/tree_folder.gif HTTP/1.1" 304 -
114.85.36.120 - - [16/May/2023:11:30:04 +0800] "GET /xingrg/javascript/jquery_easy_ui/themes/icons/storage_new.png HTTP/1.1" 304 -
114.85.36.120 - - [16/May/2023:11:30:04 +0800] "GET /xingrg/javascript/jquery_easy_ui/themes/icons/forms_new.png HTTP/1.1" 304 -
114.85.36.120 - - [16/May/2023:11:30:04 +0800] "GET /xingrg/javascript/jquery_easy_ui/themes/default/images/tree_file.gif HTTP/1.1" 304 -
124.79.240.114 - - [16/May/2023:11:30:04 +0800] "GET /xingrg/all/function/internal_message.html?_=1684207799754&CODE_STATE=getMsg HTTP/1.1" 302 -
124.79.74.67 - - [16/May/2023:11:30:07 +0800] "GET /xingrg/kc/buy/cgsh_order_operate.html?command=get_materiel&rest_code=00156&code=00101008568&supplier_code=00100450&order_time=2023-05-16 HTTP/1.1" 200 413
116.224.158.100 - - [16/May/2023:11:30:08 +0800] "GET /xingrg/kc/base/wldb_order_operate.html?command=get_materiel&rest_code=00105&base_code=0010508&code=00102002448 HTTP/1.1" 200 440
180.156.206.150 - - [16/May/2023:11:30:09 +0800] "GET /xingrg/all/function/internal_message.html?_=1684207809643&CODE_STATE=getMsg HTTP/1.1" 200 27
222.67.238.82 - - [16/May/2023:11:30:10 +0800] "GET /xingrg/kc/buy/cgsh_order_operate.html?command=get_materiel&rest_code=00141&code=00101008072&supplier_code=00100007&order_time=2023-05-16 HTTP/1.1" 200 408
101.229.22.40 - - [16/May/2023:11:30:13 +0800] "GET /xingrg/check_reg.html?_=1684207812091 HTTP/1.1" 302 -
124.79.74.67 - - [16/May/2023:11:30:16 +0800] "GET /xingrg/kc/buy/cgsh_order_operate.html?command=get_materiel&rest_code=00156&code=00101008284&supplier_code=00100450&order_time=2023-05-16 HTTP/1.1" 200 413
116.224.158.100 - - [16/May/2023:11:30:16 +0800] "GET /xingrg/kc/base/wldb_order_operate.html?command=get_materiel&rest_code=00105&base_code=0010508&code=00102021018 HTTP/1.1" 200 445
116.224.158.100 - - [16/May/2023:11:30:22 +0800] "POST /xingrg/kc/base/wldb_order_operate.html HTTP/1.1" 200 37
116.224.158.100 - - [16/May/2023:11:30:23 +0800] "POST /xingrg/kc/base/wldb_order_operate.html HTTP/1.1" 200 3169
124.79.74.67 - - [16/May/2023:11:30:23 +0800] "GET /xingrg/kc/buy/cgsh_order_operate.html?command=get_materiel&rest_code=00156&code=00101008684&supplier_code=00100450&order_time=2023-05-16 HTTP/1.1" 200 413
222.67.238.82 - - [16/May/2023:11:30:25 +0800] "GET /xingrg/kc/buy/cgsh_order_operate.html?command=get_materiel&rest_code=00141&code=00101008141&supplier_code=00100007&order_time=2023-05-16 HTTP/1.1" 200 412
124.79.240.114 - - [16/May/2023:11:30:26 +0800] "GET /xingrg/all/function/internal_message.html?_=1684208103417&CODE_STATE=getMsg HTTP/1.1" 200 27
222.67.238.82 - - [16/May/2023:11:30:27 +0800] "GET /xingrg/check_reg.html?_=1684207343905 HTTP/1.1" 200 22
222.67.238.82 - - [16/May/2023:11:30:27 +0800] "GET /xingrg/all/function/internal_message.html?_=1684207343904&CODE_STATE=getMsg HTTP/1.1" 200 27
116.235.240.236 - - [16/May/2023:11:30:29 +0800] "GET /xingrg/all/function/internal_message.html?_=1684207839521&CODE_STATE=getMsg HTTP/1.1" 200 27
116.224.158.100 - - [16/May/2023:11:30:33 +0800] "GET /xingrg/kc/base/wldb_order_info.html?code=422023051601236 HTTP/1.1" 200 30395
124.79.74.67 - - [16/May/2023:11:30:34 +0800] "GET /xingrg/kc/buy/cgsh_order_operate.html?command=get_materiel&rest_code=00156&code=00101023038&supplier_code=00100450&order_time=2023-05-16 HTTP/1.1" 200 414
116.224.158.100 - - [16/May/2023:11:30:34 +0800] "GET /xingrg/javascript/easyui/themes/default/validatebox.css HTTP/1.1" 404 1104
116.224.158.100 - - [16/May/2023:11:30:34 +0800] "POST /xingrg/kc/base/wldb_order_operate.html HTTP/1.1" 200 3169
222.67.238.82 - - [16/May/2023:11:30:34 +0800] "GET /xingrg/kc/buy/cgsh_order_operate.html?command=get_materiel&rest_code=00141&code=00101008087&supplier_code=00100007&order_time=2023-05-16 HTTP/1.1" 200 412
116.224.158.100 - - [16/May/2023:11:30:36 +0800] "GET /xingrg/kc/base/wldb_order_add.html HTTP/1.1" 200 30381
116.224.158.100 - - [16/May/2023:11:30:36 +0800] "POST /xingrg/kc/base/wldb_order_operate.html HTTP/1.1" 200 6806
116.224.158.100 - - [16/May/2023:11:30:36 +0800] "GET /xingrg/javascript/easyui/themes/default/validatebox.css HTTP/1.1" 404 1104
116.224.158.100 - - [16/May/2023:11:30:37 +0800] "POST /xingrg/all/common/load_combo.html?type=base HTTP/1.1" 200 3409
180.171.122.0 - - [16/May/2023:11:30:39 +0800] "GET /xingrg/all/function/internal_message.html?_=1684207839033&CODE_STATE=getMsg HTTP/1.1" 200 27
114.83.219.197 - - [16/May/2023:11:30:40 +0800] "GET /xingrg/all/function/internal_message.html?_=1684207935956&CODE_STATE=getMsg HTTP/1.1" 200 27
114.83.219.197 - - [16/May/2023:11:30:40 +0800] "GET /xingrg/check_reg.html?_=1684207935958 HTTP/1.1" 200 22
124.79.74.67 - - [16/May/2023:11:30:42 +0800] "GET /xingrg/kc/buy/cgsh_order_operate.html?command=get_materiel&rest_code=00156&code=00101008061&supplier_code=00100450&order_time=2023-05-16 HTTP/1.1" 200 422
116.232.195.127 - - [16/May/2023:11:30:42 +0800] "GET /xingrg/check_reg.html?_=1684207890164 HTTP/1.1" 200 22
116.232.195.127 - - [16/May/2023:11:30:42 +0800] "GET /xingrg/all/function/internal_message.html?_=1684207890168&CODE_STATE=getMsg HTTP/1.1" 200 27
222.67.238.82 - - [16/May/2023:11:30:43 +0800] "GET /xingrg/kc/buy/cgsh_order_operate.html?command=get_materiel&rest_code=00141&code=00101008059&supplier_code=00100007&order_time=2023-05-16 HTTP/1.1" 200 408
116.224.158.100 - - [16/May/2023:11:30:44 +0800] "GET /xingrg/all/function/internal_message.html?_=1684207845059&CODE_STATE=getMsg HTTP/1.1" 200 27
116.238.139.35 - - [16/May/2023:11:30:47 +0800] "GET /xingrg/all/function/internal_message.html?_=1684207846163&CODE_STATE=getMsg HTTP/1.1" 200 27
124.78.154.113 - - [16/May/2023:11:30:47 +0800] "GET /xingrg/all/function/internal_message.html?_=1684207846649&CODE_STATE=getMsg HTTP/1.1" 200 27
101.83.241.217 - - [16/May/2023:11:30:49 +0800] "GET /xingrg/all/function/internal_message.html?_=1684207847400&CODE_STATE=getMsg HTTP/1.1" 200 27
116.224.158.100 - - [16/May/2023:11:30:50 +0800] "GET /xingrg/kc/base/wldb_order_operate.html?command=get_materiel&rest_code=00105&base_code=0010508&code=00102002197 HTTP/1.1" 200 459
101.83.241.217 - - [16/May/2023:11:30:50 +0800] "GET /xingrg/check_reg.html?_=1684207848810 HTTP/1.1" 200 22
124.79.74.67 - - [16/May/2023:11:30:51 +0800] "GET /xingrg/all/function/internal_message.html?_=1684207867574&CODE_STATE=getMsg HTTP/1.1" 200 27
180.156.206.150 - - [16/May/2023:11:30:51 +0800] "GET /xingrg/all/function/internal_message.html?_=1684207859340&CODE_STATE=getMsg HTTP/1.1" 200 27
180.156.206.150 - - [16/May/2023:11:30:51 +0800] "GET /xingrg/check_reg.html?_=1684207859339 HTTP/1.1" 200 22
180.164.3.199 - - [16/May/2023:11:30:53 +0800] "GET /xingrg/all/function/internal_message.html?_=1684207852197&CODE_STATE=getMsg HTTP/1.1" 200 27
120.253.135.82 - - [16/May/2023:11:30:53 +0800] "GET /xingrg/all/function/internal_message.html?_=1684207691797&CODE_STATE=getMsg HTTP/1.1" 200 27
116.224.158.100 - - [16/May/2023:11:30:59 +0800] "GET /xingrg/kc/base/wldb_order_operate.html?command=get_materiel&rest_code=00105&base_code=0010508&code=00102002685 HTTP/1.1" 200 458
124.79.240.114 - - [16/May/2023:11:31:03 +0800] "GET /xingrg/check_reg.html?_=1684207859027 HTTP/1.1" 302 -
114.85.36.120 - - [16/May/2023:11:31:03 +0800] "GET /xingrg/all/function/internal_message.html?_=1684206697301&CODE_STATE=getMsg HTTP/1.1" 200 27
124.79.240.114 - - [16/May/2023:11:31:04 +0800] "GET /xingrg/all/function/internal_message.html?_=1684207859740&CODE_STATE=getMsg HTTP/1.1" 302 -
116.224.158.100 - - [16/May/2023:11:31:05 +0800] "GET /xingrg/kc/base/wldb_order_operate.html?command=get_materiel&rest_code=00105&base_code=0010508&code=00102028010 HTTP/1.1" 200 495
222.67.238.82 - - [16/May/2023:11:31:09 +0800] "GET /xingrg/kc/buy/cgsh_order_operate.html?command=get_materiel&rest_code=00141&code=00101008312&supplier_code=00100007&order_time=2023-05-16 HTTP/1.1" 200 412
180.156.206.150 - - [16/May/2023:11:31:09 +0800] "GET /xingrg/all/function/internal_message.html?_=1684207869622&CODE_STATE=getMsg HTTP/1.1" 200 27
116.224.158.100 - - [16/May/2023:11:31:10 +0800] "POST /xingrg/kc/base/wldb_order_operate.html HTTP/1.1" 200 37
116.224.158.100 - - [16/May/2023:11:31:11 +0800] "POST /xingrg/kc/base/wldb_order_operate.html HTTP/1.1" 200 3220
124.79.74.67 - - [16/May/2023:11:31:11 +0800] "GET /xingrg/kc/buy/cgsh_order_operate.html?command=get_materiel&rest_code=00156&code=00101009121&supplier_code=00100450&order_time=2023-05-16 HTTP/1.1" 200 425
114.85.36.120 - - [16/May/2023:11:31:12 +0800] "GET /xingrg/kc/buy/buy_main.html HTTP/1.1" 200 12412
114.85.36.120 - - [16/May/2023:11:31:12 +0800] "GET /xingrg/css/blue.css HTTP/1.1" 304 -
114.85.36.120 - - [16/May/2023:11:31:12 +0800] "GET /xingrg/javascript/jquery_easy_ui/themes/default/images/tabs_close.gif HTTP/1.1" 304 -
114.85.36.120 - - [16/May/2023:11:31:12 +0800] "GET /xingrg/javascript/ToolTips.js HTTP/1.1" 304 -
114.85.36.120 - - [16/May/2023:11:31:12 +0800] "GET /xingrg/css/new_ie.css HTTP/1.1" 404 1036
114.85.36.120 - - [16/May/2023:11:31:12 +0800] "GET /xingrg/javascript/myfunction.js HTTP/1.1" 304 -
114.85.36.120 - - [16/May/2023:11:31:12 +0800] "GET /xingrg/javascript/pic_change.js HTTP/1.1" 304 -
114.85.36.120 - - [16/May/2023:11:31:12 +0800] "GET /xingrg/javascript/jquery_ui/jquery-ui.min.js HTTP/1.1" 304 -
114.85.36.120 - - [16/May/2023:11:31:12 +0800] "GET /xingrg/javascript/jquery_ui/themes/humanity/humanity.css HTTP/1.1" 304 -
114.85.36.120 - - [16/May/2023:11:31:12 +0800] "GET /xingrg/images/blue/button/cgydd.gif HTTP/1.1" 304 -
114.85.36.120 - - [16/May/2023:11:31:12 +0800] "GET /xingrg/images/blue/button/cgxqd.gif HTTP/1.1" 304 -
114.85.36.120 - - [16/May/2023:11:31:12 +0800] "GET /xingrg/images/blue/button/cgfkd.gif HTTP/1.1" 304 -
114.85.36.120 - - [16/May/2023:11:31:12 +0800] "GET /xingrg/images/blue/button/ckthd.gif HTTP/1.1" 304 -
114.85.36.120 - - [16/May/2023:11:31:12 +0800] "GET /xingrg/images/blue/button/kc.gif HTTP/1.1" 304 -
114.85.36.120 - - [16/May/2023:11:31:12 +0800] "GET /xingrg/images/blue/pic_form2.gif HTTP/1.1" 304 -
114.85.36.120 - - [16/May/2023:11:31:12 +0800] "GET /xingrg/images/blue/button/cgshd.gif HTTP/1.1" 304 -
114.85.36.120 - - [16/May/2023:11:31:12 +0800] "GET /xingrg/images/blue/button/right_ah.jpg HTTP/1.1" 304 -
114.85.36.120 - - [16/May/2023:11:31:12 +0800] "GET /xingrg/images/blue/bg_dotted.jpg HTTP/1.1" 304 -
114.85.36.120 - - [16/May/2023:11:31:12 +0800] "GET /xingrg/images/blue/button/down_ah.jpg HTTP/1.1" 304 -
114.85.36.120 - - [16/May/2023:11:31:12 +0800] "GET /xingrg/javascript/jquery_ui/themes/humanity/images/ui-bg_inset-soft_100_f4f0ec_1x100.png HTTP/1.1" 304 -
114.85.36.120 - - [16/May/2023:11:31:12 +0800] "GET /xingrg/javascript/jquery_ui/themes/humanity/images/ui-iconsnew.jpg HTTP/1.1" 304 -
114.85.36.120 - - [16/May/2023:11:31:12 +0800] "GET /xingrg/javascript/jquery_ui/themes/humanity/images/ui-icons_ffffff_256x240.png HTTP/1.1" 304 -
114.85.36.120 - - [16/May/2023:11:31:12 +0800] "GET /xingrg/javascript/jquery_ui/themes/humanity/images/ui-icons_c47a23_256x240.png HTTP/1.1" 304 -
114.85.36.120 - - [16/May/2023:11:31:12 +0800] "GET /xingrg/javascript/jquery_ui/themes/humanity/images/ui-bg_glass_70_ede4d4_1x400.png HTTP/1.1" 304 -
114.85.36.120 - - [16/May/2023:11:31:13 +0800] "GET /xingrg/images/yd/bt.gif HTTP/1.1" 404 1040
114.85.36.120 - - [16/May/2023:11:31:15 +0800] "GET /xingrg/kc/buy/cgsh_order_list.html HTTP/1.1" 200 55588
114.85.36.120 - - [16/May/2023:11:31:15 +0800] "GET /xingrg/css/base.css HTTP/1.1" 304 -
114.85.36.120 - - [16/May/2023:11:31:15 +0800] "GET /xingrg/css/site.css HTTP/1.1" 304 -
114.85.36.120 - - [16/May/2023:11:31:15 +0800] "GET /xingrg/javascript/jquery_tools/datebox.css HTTP/1.1" 304 -
114.85.36.120 - - [16/May/2023:11:31:15 +0800] "GET /xingrg/javascript/easyui/themes/default/easyui.css HTTP/1.1" 304 -
114.85.36.120 - - [16/May/2023:11:31:15 +0800] "GET /xingrg/javascript/easyui/themes/icon.css HTTP/1.1" 304 -
114.85.36.120 - - [16/May/2023:11:31:15 +0800] "GET /xingrg/javascript/auto/jquery.autocomplete.css HTTP/1.1" 304 -
114.85.36.120 - - [16/May/2023:11:31:15 +0800] "GET /xingrg/javascript/jquery_tools/fix.css HTTP/1.1" 304 -
114.85.36.120 - - [16/May/2023:11:31:15 +0800] "GET /xingrg/javascript/jquery_tools/table.css HTTP/1.1" 304 -
114.85.36.120 - - [16/May/2023:11:31:15 +0800] "GET /xingrg/javascript/jquery_tools/jquery.tools.min.js HTTP/1.1" 304 -
114.85.36.120 - - [16/May/2023:11:31:15 +0800] "GET /xingrg/javascript/jquery_tools/jquery.tools.extend.js HTTP/1.1" 304 -
114.85.36.120 - - [16/May/2023:11:31:15 +0800] "GET /xingrg/javascript/jquery_tools/jquery.tools.hotkey.js HTTP/1.1" 304 -
114.85.36.120 - - [16/May/2023:11:31:15 +0800] "GET /xingrg/javascript/jquery_tools/jquery.tools.table.js HTTP/1.1" 304 -
114.85.36.120 - - [16/May/2023:11:31:15 +0800] "GET /xingrg/javascript/auto/jquery.autocomplete.js HTTP/1.1" 304 -
114.85.36.120 - - [16/May/2023:11:31:15 +0800] "GET /xingrg/javascript/jquery_tools/list_manager.js HTTP/1.1" 304 -
114.85.36.120 - - [16/May/2023:11:31:15 +0800] "GET /xingrg/javascript/easyui/easyloader.js HTTP/1.1" 304 -
114.85.36.120 - - [16/May/2023:11:31:15 +0800] "GET /xingrg/javascript/jquery.cookie.js HTTP/1.1" 304 -
114.85.36.120 - - [16/May/2023:11:31:15 +0800] "GET /xingrg/javascript/print/LodopFuncs.js HTTP/1.1" 304 -
114.85.36.120 - - [16/May/2023:11:31:15 +0800] "GET /xingrg/javascript/easyui/themes/icons/check_new.png HTTP/1.1" 304 -
114.85.36.120 - - [16/May/2023:11:31:15 +0800] "GET /xingrg/javascript/easyui/themes/icons/cance_new.png HTTP/1.1" 304 -
114.85.36.120 - - [16/May/2023:11:31:15 +0800] "GET /xingrg/javascript/easyui/themes/icons/edit_add_new.png HTTP/1.1" 304 -
114.85.36.120 - - [16/May/2023:11:31:15 +0800] "GET /xingrg/javascript/easyui/themes/icons/field_new.png HTTP/1.1" 304 -
114.85.36.120 - - [16/May/2023:11:31:15 +0800] "GET /xingrg/javascript/easyui/themes/icons/import_new.png HTTP/1.1" 304 -
114.85.36.120 - - [16/May/2023:11:31:15 +0800] "GET /xingrg/javascript/easyui/plugins/jquery.parser.js HTTP/1.1" 304 -
114.85.36.120 - - [16/May/2023:11:31:15 +0800] "GET /xingrg/images/control/ajaxLoader.gif HTTP/1.1" 304 -
101.83.241.217 - - [16/May/2023:11:31:17 +0800] "POST /xingrg/kc/buy/cgsh_list_operate.html HTTP/1.1" 200 6622
116.224.158.100 - - [16/May/2023:11:31:18 +0800] "GET /xingrg/kc/base/wldb_order_info.html?code=422023051601237 HTTP/1.1" 200 30397
116.224.158.100 - - [16/May/2023:11:31:19 +0800] "GET /xingrg/javascript/easyui/themes/default/validatebox.css HTTP/1.1" 404 1104
116.224.158.100 - - [16/May/2023:11:31:19 +0800] "POST /xingrg/kc/base/wldb_order_operate.html HTTP/1.1" 200 3220
114.85.36.120 - - [16/May/2023:11:31:20 +0800] "POST /xingrg/kc/buy/cgsh_list_operate.html HTTP/1.1" 200 2310
116.224.158.100 - - [16/May/2023:11:31:21 +0800] "GET /xingrg/kc/base/wldb_order_add.html HTTP/1.1" 200 30381
116.224.158.100 - - [16/May/2023:11:31:21 +0800] "POST /xingrg/kc/base/wldb_order_operate.html HTTP/1.1" 200 6806
116.224.158.100 - - [16/May/2023:11:31:21 +0800] "GET /xingrg/javascript/easyui/themes/default/validatebox.css HTTP/1.1" 404 1104
124.79.74.67 - - [16/May/2023:11:31:22 +0800] "GET /xingrg/kc/buy/cgsh_order_operate.html?command=get_materiel&rest_code=00156&code=00101008731&supplier_code=00100450&order_time=2023-05-16 HTTP/1.1" 200 398
101.83.241.217 - - [16/May/2023:11:31:23 +0800] "POST /xingrg/kc/buy/cgsh_list_operate.html HTTP/1.1" 200 202
114.85.36.120 - - [16/May/2023:11:31:25 +0800] "POST /xingrg/kc/buy/cgsh_list_operate.html HTTP/1.1" 200 568
101.83.241.217 - - [16/May/2023:11:31:25 +0800] "POST /xingrg/kc/buy/cgsh_list_operate.html HTTP/1.1" 200 273
124.79.240.114 - - [16/May/2023:11:31:26 +0800] "GET /xingrg/all/function/internal_message.html?_=1684208163416&CODE_STATE=getMsg HTTP/1.1" 200 27
222.67.238.82 - - [16/May/2023:11:31:27 +0800] "GET /xingrg/all/function/internal_message.html?_=1684207403903&CODE_STATE=getMsg HTTP/1.1" 200 27
101.83.241.217 - - [16/May/2023:11:31:27 +0800] "POST /xingrg/kc/buy/cgsh_list_operate.html HTTP/1.1" 200 576
114.85.36.120 - - [16/May/2023:11:31:29 +0800] "GET /xingrg/kc/buy/cgsh_order_info.html?code=212023051304600 HTTP/1.1" 200 70452
114.85.36.120 - - [16/May/2023:11:31:29 +0800] "GET /xingrg/javascript/convert.js HTTP/1.1" 304 -
114.85.36.120 - - [16/May/2023:11:31:29 +0800] "GET /xingrg/javascript/jquery_tools/order_manager.js HTTP/1.1" 304 -
114.85.36.120 - - [16/May/2023:11:31:29 +0800] "GET /xingrg/javascript/json2.js HTTP/1.1" 304 -
114.85.36.120 - - [16/May/2023:11:31:29 +0800] "GET /xingrg/javascript/print/kc_print.js HTTP/1.1" 304 -
114.85.36.120 - - [16/May/2023:11:31:29 +0800] "GET /xingrg/words/20230516111423_words.js HTTP/1.1" 200 965017
114.85.36.120 - - [16/May/2023:11:31:29 +0800] "GET /xingrg/javascript/easyui/themes/icons/cancel.png HTTP/1.1" 304 -
114.85.36.120 - - [16/May/2023:11:31:29 +0800] "GET /xingrg/javascript/easyui/themes/default/images/menu_downarrow.png HTTP/1.1" 304 -
114.85.36.120 - - [16/May/2023:11:31:29 +0800] "GET /xingrg/javascript/easyui/themes/icons/ok.png HTTP/1.1" 304 -
114.85.36.120 - - [16/May/2023:11:31:29 +0800] "GET /xingrg/javascript/easyui/themes/icons/print.png HTTP/1.1" 304 -
114.85.36.120 - - [16/May/2023:11:31:29 +0800] "GET /xingrg/javascript/easyui/themes/icons/copy_new.png HTTP/1.1" 304 -
114.85.36.120 - - [16/May/2023:11:31:29 +0800] "GET /xingrg/javascript/easyui/themes/icons/template_new.png HTTP/1.1" 304 -
116.235.240.236 - - [16/May/2023:11:31:29 +0800] "GET /xingrg/all/function/internal_message.html?_=1684207899642&CODE_STATE=getMsg HTTP/1.1" 200 27
114.85.36.120 - - [16/May/2023:11:31:29 +0800] "GET /xingrg/javascript/easyui/themes/default/validatebox.css HTTP/1.1" 404 1104
114.85.36.120 - - [16/May/2023:11:31:29 +0800] "GET /xingrg/javascript/easyui/plugins/jquery.validatebox.js HTTP/1.1" 304 -
114.85.36.120 - - [16/May/2023:11:31:29 +0800] "GET /xingrg/javascript/easyui/plugins/jquery.numberbox.js HTTP/1.1" 304 -
114.85.36.120 - - [16/May/2023:11:31:29 +0800] "GET /xingrg/all/common/auto_word.html?type=employee&rest_code=00143 HTTP/1.1" 200 55
114.85.36.120 - - [16/May/2023:11:31:29 +0800] "GET /xingrg/all/common/auto_word.html?type=employee&rest_code=00143 HTTP/1.1" 200 55
124.79.74.67 - - [16/May/2023:11:31:30 +0800] "GET /xingrg/kc/buy/cgsh_order_operate.html?command=get_materiel&rest_code=00156&code=00101015038&supplier_code=00100450&order_time=2023-05-16 HTTP/1.1" 200 419
101.83.241.217 - - [16/May/2023:11:31:30 +0800] "POST /xingrg/kc/buy/cgsh_list_operate.html HTTP/1.1" 200 356
114.85.36.120 - - [16/May/2023:11:31:31 +0800] "POST /xingrg/kc/buy/cgsh_order_operate.html HTTP/1.1" 200 7402
114.85.36.120 - - [16/May/2023:11:31:31 +0800] "GET /xingrg/javascript/easyui/themes/icons/edit_remove.png HTTP/1.1" 304 -
116.224.158.100 - - [16/May/2023:11:31:31 +0800] "POST /xingrg/all/common/load_combo.html?type=base HTTP/1.1" 200 3409
101.83.241.217 - - [16/May/2023:11:31:33 +0800] "POST /xingrg/kc/buy/cgsh_list_operate.html HTTP/1.1" 200 575
101.83.241.217 - - [16/May/2023:11:31:36 +0800] "POST /xingrg/kc/buy/cgsh_list_operate.html HTTP/1.1" 200 424
101.83.241.217 - - [16/May/2023:11:31:39 +0800] "POST /xingrg/kc/buy/cgsh_list_operate.html HTTP/1.1" 200 349
180.171.122.0 - - [16/May/2023:11:31:40 +0800] "GET /xingrg/all/function/internal_message.html?_=1684207899033&CODE_STATE=getMsg HTTP/1.1" 200 27
180.171.122.0 - - [16/May/2023:11:31:40 +0800] "GET /xingrg/check_reg.html?_=1684207899037 HTTP/1.1" 200 22
124.79.74.67 - - [16/May/2023:11:31:40 +0800] "GET /xingrg/kc/buy/cgsh_order_operate.html?command=get_materiel&rest_code=00156&code=00101015185&supplier_code=00100450&order_time=2023-05-16 HTTP/1.1" 200 417
114.83.219.197 - - [16/May/2023:11:31:40 +0800] "GET /xingrg/all/function/internal_message.html?_=1684207995966&CODE_STATE=getMsg HTTP/1.1" 200 27
116.232.195.127 - - [16/May/2023:11:31:42 +0800] "GET /xingrg/all/function/internal_message.html?_=1684207950159&CODE_STATE=getMsg HTTP/1.1" 200 27
116.224.158.100 - - [16/May/2023:11:31:44 +0800] "GET /xingrg/all/function/internal_message.html?_=1684207905063&CODE_STATE=getMsg HTTP/1.1" 200 27
101.83.241.217 - - [16/May/2023:11:31:44 +0800] "GET /xingrg/kc/report/report_main.html HTTP/1.1" 200 7340
101.83.241.217 - - [16/May/2023:11:31:46 +0800] "GET /xingrg/all/report/report_query.html?fileName=kc/buy/wlcg_cate_hz.xml HTTP/1.1" 200 53941
101.83.241.217 - - [16/May/2023:11:31:46 +0800] "GET /xingrg/dwr/interface/AjaxReportQueryService.js HTTP/1.1" 200 13203
101.83.241.217 - - [16/May/2023:11:31:46 +0800] "GET /xingrg/dwr/util.js HTTP/1.1" 200 35990
101.83.241.217 - - [16/May/2023:11:31:46 +0800] "GET /xingrg/dwr/engine.js HTTP/1.1" 200 43631
101.83.241.217 - - [16/May/2023:11:31:46 +0800] "POST /xingrg/dwr/call/plaincall/AjaxReportQueryService.getFixDate.dwr HTTP/1.1" 200 111
180.163.28.109 - - [16/May/2023:11:31:47 +0800] "GET /xingrg/all/function/internal_message.html?_=1684207846649&CODE_STATE=getMsg HTTP/1.1" 302 -
180.163.28.109 - - [16/May/2023:11:31:47 +0800] "GET /xingrg/login.html HTTP/1.1" 200 7641
116.238.139.35 - - [16/May/2023:11:31:47 +0800] "GET /xingrg/all/function/internal_message.html?_=1684207906166&CODE_STATE=getMsg HTTP/1.1" 200 27
101.83.241.217 - - [16/May/2023:11:31:47 +0800] "POST /xingrg/all/common/load_tree.html?tree=base_tree_json HTTP/1.1" 200 3966
101.83.241.217 - - [16/May/2023:11:31:47 +0800] "POST /xingrg/all/common/load_tree.html?tree=materiel_sort_tree_json HTTP/1.1" 200 9500
124.78.154.113 - - [16/May/2023:11:31:47 +0800] "GET /xingrg/all/function/internal_message.html?_=1684207906635&CODE_STATE=getMsg HTTP/1.1" 200 27
101.83.241.217 - - [16/May/2023:11:31:47 +0800] "POST /xingrg/all/common/load_tree.html?tree=supplier_tree_json&manage=1 HTTP/1.1" 200 75906
124.79.74.67 - - [16/May/2023:11:31:48 +0800] "GET /xingrg/kc/buy/cgsh_order_operate.html?command=get_materiel&rest_code=00156&code=00102014086&supplier_code=00100450&order_time=2023-05-16 HTTP/1.1" 200 410
101.83.241.217 - - [16/May/2023:11:31:49 +0800] "GET /xingrg/all/function/internal_message.html?_=1684207907613&CODE_STATE=getMsg HTTP/1.1" 200 27
124.79.74.67 - - [16/May/2023:11:31:51 +0800] "GET /xingrg/all/function/internal_message.html?_=1684207927576&CODE_STATE=getMsg HTTP/1.1" 200 27
180.156.206.150 - - [16/May/2023:11:31:51 +0800] "GET /xingrg/all/function/internal_message.html?_=1684207919331&CODE_STATE=getMsg HTTP/1.1" 200 27
116.224.158.100 - - [16/May/2023:11:31:52 +0800] "GET /xingrg/check_reg.html?_=1684207747457 HTTP/1.1" 302 -
180.164.3.199 - - [16/May/2023:11:31:53 +0800] "GET /xingrg/all/function/internal_message.html?_=1684207912175&CODE_STATE=getMsg HTTP/1.1" 200 27
120.253.135.82 - - [16/May/2023:11:31:54 +0800] "GET /xingrg/all/function/internal_message.html?_=1684207751892&CODE_STATE=getMsg HTTP/1.1" 200 27
124.79.74.67 - - [16/May/2023:11:31:59 +0800] "GET /xingrg/kc/buy/cgsh_order_operate.html?command=get_materiel&rest_code=00156&code=00101008569&supplier_code=00100450&order_time=2023-05-16 HTTP/1.1" 200 417
116.224.158.100 - - [16/May/2023:11:32:00 +0800] "GET /xingrg/kc/base/wldb_order_operate.html?command=get_materiel&rest_code=00105&base_code=0010508&code=00102002204 HTTP/1.1" 200 448
114.85.36.120 - - [16/May/2023:11:32:03 +0800] "GET /xingrg/all/function/internal_message.html?_=1684206757297&CODE_STATE=getMsg HTTP/1.1" 200 27
124.79.240.114 - - [16/May/2023:11:32:04 +0800] "GET /xingrg/all/function/internal_message.html?_=1684207919725&CODE_STATE=getMsg HTTP/1.1" 302 -
180.156.206.150 - - [16/May/2023:11:32:09 +0800] "GET /xingrg/all/function/internal_message.html?_=1684207929638&CODE_STATE=getMsg HTTP/1.1" 200 27
101.83.241.217 - - [16/May/2023:11:32:11 +0800] "POST /xingrg/all/report/load_report_page.html HTTP/1.1" 200 116951
101.83.241.217 - - [16/May/2023:11:32:12 +0800] "GET /xingrg/servlets/image?cache=0.7634238565481051&image=px HTTP/1.1" 200 807
222.67.238.82 - - [16/May/2023:11:32:15 +0800] "POST /xingrg/kc/buy/cgsh_order_operate.html HTTP/1.1" 200 37
116.224.158.100 - - [16/May/2023:11:32:16 +0800] "POST /xingrg/kc/base/wldb_order_operate.html HTTP/1.1" 200 37
116.224.158.100 - - [16/May/2023:11:32:16 +0800] "POST /xingrg/kc/base/wldb_order_operate.html HTTP/1.1" 200 2678
222.67.238.82 - - [16/May/2023:11:32:17 +0800] "POST /xingrg/kc/buy/cgsh_order_operate.html HTTP/1.1" 200 12711
222.67.238.82 - - [16/May/2023:11:32:19 +0800] "GET /xingrg/kc/print/load_data.html?order_code=212023051605822&kc_code=cgsh&condition= HTTP/1.1" 200 4524
116.224.158.100 - - [16/May/2023:11:32:23 +0800] "GET /xingrg/kc/base/wldb_order_info.html?code=422023051601238 HTTP/1.1" 200 30395
116.224.158.100 - - [16/May/2023:11:32:23 +0800] "GET /xingrg/javascript/easyui/themes/default/validatebox.css HTTP/1.1" 404 1104
116.224.158.100 - - [16/May/2023:11:32:24 +0800] "POST /xingrg/kc/base/wldb_order_operate.html HTTP/1.1" 200 2678
124.79.74.67 - - [16/May/2023:11:32:24 +0800] "POST /xingrg/kc/buy/cgsh_order_operate.html HTTP/1.1" 200 37
124.79.240.114 - - [16/May/2023:11:32:26 +0800] "GET /xingrg/all/function/internal_message.html?_=1684208223415&CODE_STATE=getMsg HTTP/1.1" 200 27
222.67.238.82 - - [16/May/2023:11:32:27 +0800] "GET /xingrg/all/function/internal_message.html?_=1684207463925&CODE_STATE=getMsg HTTP/1.1" 200 27
101.83.241.217 - - [16/May/2023:11:32:28 +0800] "POST /xingrg/all/report/load_report_page.html HTTP/1.1" 200 117000
101.83.241.217 - - [16/May/2023:11:32:28 +0800] "GET /xingrg/servlets/image?cache=0.06149671200135376&image=px HTTP/1.1" 200 807
116.235.240.236 - - [16/May/2023:11:32:29 +0800] "GET /xingrg/all/function/internal_message.html?_=1684207959658&CODE_STATE=getMsg HTTP/1.1" 200 27
101.83.241.217 - - [16/May/2023:11:32:35 +0800] "POST /xingrg/all/report/load_report_page.html HTTP/1.1" 200 117035
