116.235.240.236 - - [16/May/2023:09:54:20 +0800] "POST /xingrg/services/DataTransmitService HTTP/1.1" 200 412
120.253.135.82 - - [16/May/2023:09:54:21 +0800] "POST /xingrg/kc/buy/cgsh_order_operate.html HTTP/1.1" 200 12
116.235.240.236 - - [16/May/2023:09:54:21 +0800] "POST /xingrg/services/DataTransmitService HTTP/1.1" 200 524
116.235.240.236 - - [16/May/2023:09:54:22 +0800] "POST /xingrg/services/DataTransmitService HTTP/1.1" 200 412
180.169.147.146 - - [16/May/2023:09:54:23 +0800] "GET /xingrg/all/function/internal_message.html?_=1684202060145&CODE_STATE=getMsg HTTP/1.1" 200 27
120.253.135.82 - - [16/May/2023:09:54:24 +0800] "GET /xingrg/kc/buy/cgsh_order_info.html?code=212023051505732 HTTP/1.1" 200 65322
180.164.3.199 - - [16/May/2023:09:54:24 +0800] "GET /xingrg/kc/buy/cgsh_order_operate.html?command=get_materiel&rest_code=00108&code=00101008312&supplier_code=00100007&order_time=2023-05-16 HTTP/1.1" 200 412
120.253.135.82 - - [16/May/2023:09:54:25 +0800] "GET /xingrg/javascript/easyui/themes/default/validatebox.css HTTP/1.1" 404 1104
120.253.135.82 - - [16/May/2023:09:54:25 +0800] "POST /xingrg/kc/buy/cgsh_order_operate.html HTTP/1.1" 200 620
101.83.241.217 - - [16/May/2023:09:54:27 +0800] "GET /xingrg/all/function/internal_message.html?_=1684202067896&CODE_STATE=getMsg HTTP/1.1" 302 -
101.83.241.217 - - [16/May/2023:09:54:27 +0800] "GET /xingrg/check_reg.html?_=1684202067897 HTTP/1.1" 302 -
116.235.240.236 - - [16/May/2023:09:54:27 +0800] "POST /xingrg/services/DataTransmitService HTTP/1.1" 200 524
116.235.240.236 - - [16/May/2023:09:54:29 +0800] "POST /xingrg/services/DataTransmitService HTTP/1.1" 200 2335
101.83.241.217 - - [16/May/2023:09:54:29 +0800] "POST /xingrg/kc/buy/cgsh_order_operate.html HTTP/1.1" 200 37
180.164.3.199 - - [16/May/2023:09:54:34 +0800] "GET /xingrg/kc/buy/cgsh_order_operate.html?command=get_materiel&rest_code=00108&code=00101008655&supplier_code=00100007&order_time=2023-05-16 HTTP/1.1" 200 409
116.238.139.35 - - [16/May/2023:09:54:34 +0800] "GET /xingrg/kc/mdqp/pssh_order_list.html?isBack=1 HTTP/1.1" 200 17437
116.238.139.35 - - [16/May/2023:09:54:34 +0800] "POST /xingrg/kc/mdqp/pssh_list_operate.html HTTP/1.1" 200 5477
114.83.219.197 - - [16/May/2023:09:54:40 +0800] "GET /xingrg/all/function/internal_message.html?_=1684202175956&CODE_STATE=getMsg HTTP/1.1" 200 27
180.164.3.199 - - [16/May/2023:09:54:42 +0800] "GET /xingrg/kc/buy/cgsh_order_operate.html?command=get_materiel&rest_code=00108&code=00101008005&supplier_code=00100007&order_time=2023-05-16 HTTP/1.1" 200 412
116.224.158.100 - - [16/May/2023:09:54:44 +0800] "GET /xingrg/all/function/internal_message.html?_=1684202084942&CODE_STATE=getMsg HTTP/1.1" 200 27
116.235.240.236 - - [16/May/2023:09:54:44 +0800] "POST /xingrg/services/DataTransmitService HTTP/1.1" 200 524
116.228.172.94 - - [16/May/2023:09:54:47 +0800] "GET /xingrg/check_reg.html?_=1684201895282 HTTP/1.1" 302 -
120.253.135.82 - - [16/May/2023:09:54:48 +0800] "GET /xingrg/all/function/internal_message.html?_=1684201926729&CODE_STATE=getMsg HTTP/1.1" 200 27
101.83.241.217 - - [16/May/2023:09:54:50 +0800] "GET /xingrg/all/function/internal_message.html?_=1684202088442&CODE_STATE=getMsg HTTP/1.1" 200 27
101.83.241.217 - - [16/May/2023:09:54:50 +0800] "POST /xingrg/kc/buy/cgsh_order_operate.html HTTP/1.1" 200 12
222.67.238.82 - - [16/May/2023:09:54:52 +0800] "GET /xingrg/all/function/internal_message.html?_=1684201609599&CODE_STATE=getMsg HTTP/1.1" 200 27
180.164.3.199 - - [16/May/2023:09:54:52 +0800] "GET /xingrg/kc/buy/cgsh_order_operate.html?command=get_materiel&rest_code=00108&code=00101008261&supplier_code=00100007&order_time=2023-05-16 HTTP/1.1" 200 408
124.78.154.113 - - [16/May/2023:09:54:53 +0800] "GET /xingrg/all/function/internal_message.html?_=1684202092171&CODE_STATE=getMsg HTTP/1.1" 200 27
101.83.241.217 - - [16/May/2023:09:54:53 +0800] "GET /xingrg/kc/buy/cgsh_order_info.html?code=212023051605791 HTTP/1.1" 200 66361
116.235.240.236 - - [16/May/2023:09:54:54 +0800] "POST /xingrg/services/DataTransmitService HTTP/1.1" 200 501
101.83.241.217 - - [16/May/2023:09:54:54 +0800] "GET /xingrg/javascript/easyui/themes/default/validatebox.css HTTP/1.1" 404 1104
180.164.3.199 - - [16/May/2023:09:54:54 +0800] "GET /xingrg/all/function/internal_message.html?_=1684202093524&CODE_STATE=getMsg HTTP/1.1" 200 27
101.83.241.217 - - [16/May/2023:09:54:55 +0800] "POST /xingrg/kc/buy/cgsh_order_operate.html HTTP/1.1" 200 1199
101.83.241.217 - - [16/May/2023:09:54:57 +0800] "GET /xingrg/kc/print/load_data.html?order_code=212023051605791&kc_code=cgsh&condition= HTTP/1.1" 200 948
180.164.3.199 - - [16/May/2023:09:55:03 +0800] "GET /xingrg/kc/buy/cgsh_order_operate.html?command=get_materiel&rest_code=00108&code=00101008210&supplier_code=00100007&order_time=2023-05-16 HTTP/1.1" 200 408
124.79.240.114 - - [16/May/2023:09:55:06 +0800] "GET /xingrg/all/function/internal_message.html?_=1684202100680&CODE_STATE=getMsg HTTP/1.1" 302 -
116.238.139.35 - - [16/May/2023:09:55:10 +0800] "GET /xingrg/all/function/internal_message.html?_=1684202109135&CODE_STATE=getMsg HTTP/1.1" 200 27
101.229.22.40 - - [16/May/2023:09:55:13 +0800] "GET /xingrg/check_reg.html?_=1684202112426 HTTP/1.1" 302 -
180.164.3.199 - - [16/May/2023:09:55:16 +0800] "GET /xingrg/kc/buy/cgsh_order_operate.html?command=get_materiel&rest_code=00108&code=00101008141&supplier_code=00100007&order_time=2023-05-16 HTTP/1.1" 200 412
180.164.3.199 - - [16/May/2023:09:55:21 +0800] "POST /xingrg/kc/buy/cgsh_order_operate.html HTTP/1.1" 200 2065
180.169.147.146 - - [16/May/2023:09:55:23 +0800] "GET /xingrg/all/function/internal_message.html?_=1684202120128&CODE_STATE=getMsg HTTP/1.1" 200 27
101.83.241.217 - - [16/May/2023:09:55:27 +0800] "GET /xingrg/all/function/internal_message.html?_=1684202127896&CODE_STATE=getMsg HTTP/1.1" 302 -
180.164.3.199 - - [16/May/2023:09:55:28 +0800] "GET /xingrg/kc/buy/cgsh_order_operate.html?command=get_materiel&rest_code=00108&code=00101008355&supplier_code=00100007&order_time=2023-05-16 HTTP/1.1" 200 408
180.164.3.199 - - [16/May/2023:09:55:37 +0800] "GET /xingrg/kc/buy/cgsh_order_operate.html?command=get_materiel&rest_code=00108&code=00101008149&supplier_code=00100007&order_time=2023-05-16 HTTP/1.1" 200 408
114.83.219.197 - - [16/May/2023:09:55:40 +0800] "GET /xingrg/check_reg.html?_=1684202235972 HTTP/1.1" 200 22
114.83.219.197 - - [16/May/2023:09:55:40 +0800] "GET /xingrg/all/function/internal_message.html?_=1684202235973&CODE_STATE=getMsg HTTP/1.1" 200 27
116.224.158.100 - - [16/May/2023:09:55:44 +0800] "GET /xingrg/all/function/internal_message.html?_=1684202144942&CODE_STATE=getMsg HTTP/1.1" 200 27
180.164.3.199 - - [16/May/2023:09:55:47 +0800] "GET /xingrg/kc/buy/cgsh_order_operate.html?command=get_materiel&rest_code=00108&code=00101010136&supplier_code=00100007&order_time=2023-05-16 HTTP/1.1" 200 408
120.253.135.82 - - [16/May/2023:09:55:48 +0800] "GET /xingrg/all/function/internal_message.html?_=1684201986731&CODE_STATE=getMsg HTTP/1.1" 200 27
101.83.241.217 - - [16/May/2023:09:55:50 +0800] "GET /xingrg/check_reg.html?_=1684202148431 HTTP/1.1" 200 22
101.83.241.217 - - [16/May/2023:09:55:50 +0800] "GET /xingrg/all/function/internal_message.html?_=1684202148434&CODE_STATE=getMsg HTTP/1.1" 200 27
222.67.238.82 - - [16/May/2023:09:55:50 +0800] "POST /xingrg/services/DataTransmitService HTTP/1.1" 200 524
222.67.238.82 - - [16/May/2023:09:55:52 +0800] "GET /xingrg/all/function/internal_message.html?_=1684201669598&CODE_STATE=getMsg HTTP/1.1" 200 27
180.163.30.76 - - [16/May/2023:09:55:53 +0800] "GET /xingrg/all/function/internal_message.html?_=1684202092171&CODE_STATE=getMsg HTTP/1.1" 302 -
124.78.154.113 - - [16/May/2023:09:55:53 +0800] "GET /xingrg/check_reg.html?_=1684202152171 HTTP/1.1" 200 22
124.78.154.113 - - [16/May/2023:09:55:53 +0800] "GET /xingrg/all/function/internal_message.html?_=1684202152175&CODE_STATE=getMsg HTTP/1.1" 200 27
180.163.30.76 - - [16/May/2023:09:55:53 +0800] "GET /xingrg/login.html HTTP/1.1" 200 7641
101.83.241.217 - - [16/May/2023:09:56:00 +0800] "GET /xingrg/kc/buy/cgsh_order_add.html HTTP/1.1" 200 71452
101.83.241.217 - - [16/May/2023:09:56:00 +0800] "POST /xingrg/kc/buy/cgsh_order_operate.html HTTP/1.1" 200 8245
101.83.241.217 - - [16/May/2023:09:56:00 +0800] "GET /xingrg/javascript/easyui/themes/default/validatebox.css HTTP/1.1" 404 1104
180.164.3.199 - - [16/May/2023:09:56:03 +0800] "POST /xingrg/kc/buy/cgsh_order_operate.html HTTP/1.1" 200 37
124.79.240.114 - - [16/May/2023:09:56:04 +0800] "GET /xingrg/check_reg.html?_=1684202159169 HTTP/1.1" 302 -
124.79.240.114 - - [16/May/2023:09:56:05 +0800] "GET /xingrg/all/function/internal_message.html?_=1684202160666&CODE_STATE=getMsg HTTP/1.1" 302 -
180.164.3.199 - - [16/May/2023:09:56:06 +0800] "POST /xingrg/kc/buy/cgsh_order_operate.html HTTP/1.1" 200 15084
180.164.3.199 - - [16/May/2023:09:56:08 +0800] "GET /xingrg/kc/print/load_data.html?order_code=212023051605792&kc_code=cgsh&condition= HTTP/1.1" 200 5428
116.238.139.35 - - [16/May/2023:09:56:10 +0800] "GET /xingrg/all/function/internal_message.html?_=1684202169139&CODE_STATE=getMsg HTTP/1.1" 200 27
180.169.147.146 - - [16/May/2023:09:56:23 +0800] "GET /xingrg/all/function/internal_message.html?_=1684202180111&CODE_STATE=getMsg HTTP/1.1" 200 27
101.83.241.217 - - [16/May/2023:09:56:27 +0800] "GET /xingrg/all/function/internal_message.html?_=1684202187896&CODE_STATE=getMsg HTTP/1.1" 302 -
101.83.241.217 - - [16/May/2023:09:56:36 +0800] "GET /xingrg/kc/buy/cgsh_order_operate.html?command=get_materiel&rest_code=00149&code=00101012051&supplier_code=00100096&order_time=2023-05-16 HTTP/1.1" 200 408
114.83.219.197 - - [16/May/2023:09:56:40 +0800] "GET /xingrg/all/function/internal_message.html?_=1684202295971&CODE_STATE=getMsg HTTP/1.1" 200 27
116.224.158.100 - - [16/May/2023:09:56:44 +0800] "GET /xingrg/all/function/internal_message.html?_=1684202204943&CODE_STATE=getMsg HTTP/1.1" 200 27
180.156.206.150 - - [16/May/2023:09:56:48 +0800] "GET /xingrg/check_reg.html?_=1684202215618 HTTP/1.1" 302 -
120.253.135.82 - - [16/May/2023:09:56:48 +0800] "GET /xingrg/all/function/internal_message.html?_=1684202046749&CODE_STATE=getMsg HTTP/1.1" 200 27
101.83.241.217 - - [16/May/2023:09:56:50 +0800] "GET /xingrg/all/function/internal_message.html?_=1684202208440&CODE_STATE=getMsg HTTP/1.1" 200 27
222.67.238.82 - - [16/May/2023:09:56:52 +0800] "GET /xingrg/all/function/internal_message.html?_=1684201729637&CODE_STATE=getMsg HTTP/1.1" 200 27
116.224.158.100 - - [16/May/2023:09:56:52 +0800] "GET /xingrg/check_reg.html?_=1684202047284 HTTP/1.1" 302 -
180.163.29.234 - - [16/May/2023:09:56:53 +0800] "GET /xingrg/check_reg.html?_=1684202152171 HTTP/1.1" 302 -
180.163.29.234 - - [16/May/2023:09:56:53 +0800] "GET /xingrg/login.html HTTP/1.1" 200 7641
124.78.154.113 - - [16/May/2023:09:56:53 +0800] "GET /xingrg/all/function/internal_message.html?_=1684202212179&CODE_STATE=getMsg HTTP/1.1" 200 27
180.164.3.199 - - [16/May/2023:09:56:54 +0800] "GET /xingrg/all/function/internal_message.html?_=1684202213532&CODE_STATE=getMsg HTTP/1.1" 200 27
180.169.147.146 - - [16/May/2023:09:56:59 +0800] "GET /xingrg/kc/buy/cgsh_order_add.html HTTP/1.1" 200 71367
180.169.147.146 - - [16/May/2023:09:56:59 +0800] "POST /xingrg/kc/buy/cgsh_order_operate.html HTTP/1.1" 200 8245
180.169.147.146 - - [16/May/2023:09:56:59 +0800] "GET /xingrg/javascript/easyui/themes/default/validatebox.css HTTP/1.1" 404 1104
101.83.241.217 - - [16/May/2023:09:57:01 +0800] "GET /xingrg/kc/buy/cgsh_order_operate.html?command=get_materiel&rest_code=00149&code=00101012029&supplier_code=00100096&order_time=2023-05-16 HTTP/1.1" 200 414
124.79.240.114 - - [16/May/2023:09:57:05 +0800] "GET /xingrg/all/function/internal_message.html?_=1684202220797&CODE_STATE=getMsg HTTP/1.1" 302 -
116.235.240.236 - - [16/May/2023:09:57:10 +0800] "POST /xingrg/services/DataTransmitService HTTP/1.1" 200 524
116.238.139.35 - - [16/May/2023:09:57:10 +0800] "GET /xingrg/all/function/internal_message.html?_=1684202229139&CODE_STATE=getMsg HTTP/1.1" 200 27
116.235.240.236 - - [16/May/2023:09:57:11 +0800] "POST /xingrg/services/DataTransmitService HTTP/1.1" 200 412
116.235.240.236 - - [16/May/2023:09:57:12 +0800] "POST /xingrg/services/DataTransmitService HTTP/1.1" 200 524
116.235.240.236 - - [16/May/2023:09:57:13 +0800] "POST /xingrg/services/DataTransmitService HTTP/1.1" 200 412
116.235.240.236 - - [16/May/2023:09:57:18 +0800] "POST /xingrg/services/DataTransmitService HTTP/1.1" 200 524
116.235.240.236 - - [16/May/2023:09:57:19 +0800] "POST /xingrg/services/DataTransmitService HTTP/1.1" 200 412
116.235.240.236 - - [16/May/2023:09:57:20 +0800] "POST /xingrg/services/DataTransmitService HTTP/1.1" 200 524
116.235.240.236 - - [16/May/2023:09:57:21 +0800] "POST /xingrg/services/DataTransmitService HTTP/1.1" 200 412
116.235.240.236 - - [16/May/2023:09:57:22 +0800] "POST /xingrg/services/DataTransmitService HTTP/1.1" 200 524
116.235.240.236 - - [16/May/2023:09:57:23 +0800] "POST /xingrg/services/DataTransmitService HTTP/1.1" 200 412
180.169.147.146 - - [16/May/2023:09:57:23 +0800] "GET /xingrg/all/function/internal_message.html?_=1684202240112&CODE_STATE=getMsg HTTP/1.1" 200 27
116.235.240.236 - - [16/May/2023:09:57:26 +0800] "POST /xingrg/services/DataTransmitService HTTP/1.1" 200 524
101.83.241.217 - - [16/May/2023:09:57:27 +0800] "GET /xingrg/all/function/internal_message.html?_=1684202247888&CODE_STATE=getMsg HTTP/1.1" 302 -
116.235.240.236 - - [16/May/2023:09:57:28 +0800] "POST /xingrg/services/DataTransmitService HTTP/1.1" 200 412
116.224.158.100 - - [16/May/2023:09:57:28 +0800] "GET /xingrg/kc/buy/cgsh_order_add.html HTTP/1.1" 200 71446
116.224.158.100 - - [16/May/2023:09:57:28 +0800] "GET /xingrg/javascript/easyui/themes/default/validatebox.css HTTP/1.1" 404 1104
116.224.158.100 - - [16/May/2023:09:57:28 +0800] "POST /xingrg/kc/buy/cgsh_order_operate.html HTTP/1.1" 200 8245
116.235.240.236 - - [16/May/2023:09:57:29 +0800] "POST /xingrg/services/DataTransmitService HTTP/1.1" 200 524
116.235.240.236 - - [16/May/2023:09:57:30 +0800] "POST /xingrg/services/DataTransmitService HTTP/1.1" 200 412
116.235.240.236 - - [16/May/2023:09:57:31 +0800] "POST /xingrg/services/DataTransmitService HTTP/1.1" 200 524
116.235.240.236 - - [16/May/2023:09:57:32 +0800] "POST /xingrg/services/DataTransmitService HTTP/1.1" 200 412
116.235.240.236 - - [16/May/2023:09:57:33 +0800] "POST /xingrg/services/DataTransmitService HTTP/1.1" 200 524
116.235.240.236 - - [16/May/2023:09:57:34 +0800] "POST /xingrg/services/DataTransmitService HTTP/1.1" 200 2335
114.83.219.197 - - [16/May/2023:09:57:40 +0800] "GET /xingrg/all/function/internal_message.html?_=1684202355956&CODE_STATE=getMsg HTTP/1.1" 200 27
180.169.147.146 - - [16/May/2023:09:57:42 +0800] "GET /xingrg/javascript/jquery_tools/images/prev.gif HTTP/1.1" 404 1086
180.169.147.146 - - [16/May/2023:09:57:42 +0800] "GET /xingrg/javascript/jquery_tools/images/next.gif HTTP/1.1" 404 1086
116.224.158.100 - - [16/May/2023:09:57:43 +0800] "GET /xingrg/kc/buy/cgsh_order_operate.html?command=get_materiel&rest_code=00105&code=00101009109&supplier_code=00100024&order_time=2023-05-16 HTTP/1.1" 200 413
101.83.241.217 - - [16/May/2023:09:57:43 +0800] "GET /xingrg/kc/buy/cgsh_order_operate.html?command=get_materiel&rest_code=00149&code=00101006056&supplier_code=00100096&order_time=2023-05-16 HTTP/1.1" 200 413
116.224.158.100 - - [16/May/2023:09:57:44 +0800] "GET /xingrg/all/function/internal_message.html?_=1684202264954&CODE_STATE=getMsg HTTP/1.1" 200 27
120.253.135.82 - - [16/May/2023:09:57:48 +0800] "GET /xingrg/all/function/internal_message.html?_=1684202106759&CODE_STATE=getMsg HTTP/1.1" 200 27
101.83.241.217 - - [16/May/2023:09:57:50 +0800] "GET /xingrg/all/function/internal_message.html?_=1684202268442&CODE_STATE=getMsg HTTP/1.1" 200 27
180.169.147.146 - - [16/May/2023:09:57:51 +0800] "GET /xingrg/kc/buy/cgsh_order_operate.html?command=get_materiel&rest_code=00147&code=00101002007&supplier_code=00100454&order_time=2023-05-16 HTTP/1.1" 200 409
222.67.238.82 - - [16/May/2023:09:57:52 +0800] "GET /xingrg/all/function/internal_message.html?_=1684201789625&CODE_STATE=getMsg HTTP/1.1" 200 27
124.78.154.113 - - [16/May/2023:09:57:53 +0800] "GET /xingrg/all/function/internal_message.html?_=1684202272178&CODE_STATE=getMsg HTTP/1.1" 200 27
180.164.3.199 - - [16/May/2023:09:57:54 +0800] "GET /xingrg/all/function/internal_message.html?_=1684202273521&CODE_STATE=getMsg HTTP/1.1" 200 27
116.235.240.236 - - [16/May/2023:09:58:01 +0800] "POST /xingrg/services/DataTransmitService HTTP/1.1" 200 524
116.235.240.236 - - [16/May/2023:09:58:02 +0800] "POST /xingrg/services/DataTransmitService HTTP/1.1" 200 412
101.83.241.217 - - [16/May/2023:09:58:03 +0800] "GET /xingrg/kc/buy/cgsh_order_operate.html?command=get_materiel&rest_code=00149&code=00101006065&supplier_code=00100096&order_time=2023-05-16 HTTP/1.1" 200 409
180.169.147.146 - - [16/May/2023:09:58:04 +0800] "GET /xingrg/kc/buy/cgsh_order_operate.html?command=get_materiel&rest_code=00147&code=00101002027&supplier_code=00100454&order_time=2023-05-16 HTTP/1.1" 200 415
124.79.240.114 - - [16/May/2023:09:58:05 +0800] "GET /xingrg/all/function/internal_message.html?_=1684202280795&CODE_STATE=getMsg HTTP/1.1" 302 -
172.20.0.100 - - [16/May/2023:09:58:10 +0800] "GET /xingrg/check_reg.html?_=1684202293987 HTTP/1.1" 302 -
116.238.139.35 - - [16/May/2023:09:58:10 +0800] "GET /xingrg/check_reg.html?_=1684202289140 HTTP/1.1" 200 22
116.238.139.35 - - [16/May/2023:09:58:10 +0800] "GET /xingrg/all/function/internal_message.html?_=1684202289148&CODE_STATE=getMsg HTTP/1.1" 200 27
116.235.240.236 - - [16/May/2023:09:58:14 +0800] "POST /xingrg/services/DataTransmitService HTTP/1.1" 200 524
116.235.240.236 - - [16/May/2023:09:58:15 +0800] "POST /xingrg/services/DataTransmitService HTTP/1.1" 200 412
116.224.158.100 - - [16/May/2023:09:58:17 +0800] "GET /xingrg/kc/buy/cgsh_order_operate.html?command=get_materiel&rest_code=00105&code=00101009010&supplier_code=00100024&order_time=2023-05-16 HTTP/1.1" 200 412
116.235.240.236 - - [16/May/2023:09:58:19 +0800] "POST /xingrg/services/DataTransmitService HTTP/1.1" 200 524
116.235.240.236 - - [16/May/2023:09:58:20 +0800] "POST /xingrg/services/DataTransmitService HTTP/1.1" 200 412
180.169.147.146 - - [16/May/2023:09:58:23 +0800] "GET /xingrg/all/function/internal_message.html?_=1684202300088&CODE_STATE=getMsg HTTP/1.1" 200 27
116.224.158.100 - - [16/May/2023:09:58:23 +0800] "GET /xingrg/kc/buy/cgsh_order_operate.html?command=get_materiel&rest_code=00105&code=00101009039&supplier_code=00100024&order_time=2023-05-16 HTTP/1.1" 200 408
116.235.240.236 - - [16/May/2023:09:58:24 +0800] "POST /xingrg/services/DataTransmitService HTTP/1.1" 200 524
116.235.240.236 - - [16/May/2023:09:58:25 +0800] "POST /xingrg/services/DataTransmitService HTTP/1.1" 200 412
116.235.240.236 - - [16/May/2023:09:58:26 +0800] "POST /xingrg/services/DataTransmitService HTTP/1.1" 200 524
116.235.240.236 - - [16/May/2023:09:58:27 +0800] "POST /xingrg/services/DataTransmitService HTTP/1.1" 200 412
101.83.241.217 - - [16/May/2023:09:58:27 +0800] "GET /xingrg/all/function/internal_message.html?_=1684202307879&CODE_STATE=getMsg HTTP/1.1" 302 -
116.235.240.236 - - [16/May/2023:09:58:28 +0800] "POST /xingrg/services/DataTransmitService HTTP/1.1" 200 524
101.83.241.217 - - [16/May/2023:09:58:29 +0800] "GET /xingrg/kc/buy/cgsh_order_operate.html?command=get_materiel&rest_code=00149&code=00101006240&supplier_code=00100096&order_time=2023-05-16 HTTP/1.1" 200 422
116.235.240.236 - - [16/May/2023:09:58:29 +0800] "POST /xingrg/services/DataTransmitService HTTP/1.1" 200 412
116.235.240.236 - - [16/May/2023:09:58:30 +0800] "POST /xingrg/services/DataTransmitService HTTP/1.1" 200 524
116.235.240.236 - - [16/May/2023:09:58:31 +0800] "POST /xingrg/services/DataTransmitService HTTP/1.1" 200 412
180.169.147.146 - - [16/May/2023:09:58:32 +0800] "POST /xingrg/kc/buy/cgsh_order_operate.html HTTP/1.1" 200 37
180.169.147.146 - - [16/May/2023:09:58:34 +0800] "POST /xingrg/kc/buy/cgsh_order_operate.html HTTP/1.1" 200 3248
116.235.240.236 - - [16/May/2023:09:58:34 +0800] "POST /xingrg/services/DataTransmitService HTTP/1.1" 200 524
180.169.147.146 - - [16/May/2023:09:58:35 +0800] "GET /xingrg/kc/print/load_config.html?kc_code=cgsh HTTP/1.1" 200 1925
180.169.147.146 - - [16/May/2023:09:58:36 +0800] "GET /xingrg/kc/print/load_data.html?order_code=212023051605793&kc_code=cgsh&condition= HTTP/1.1" 200 897
116.235.240.236 - - [16/May/2023:09:58:36 +0800] "POST /xingrg/services/DataTransmitService HTTP/1.1" 200 412
116.235.240.236 - - [16/May/2023:09:58:37 +0800] "POST /xingrg/services/DataTransmitService HTTP/1.1" 200 524
116.235.240.236 - - [16/May/2023:09:58:38 +0800] "POST /xingrg/services/DataTransmitService HTTP/1.1" 200 2335
180.169.147.146 - - [16/May/2023:09:58:39 +0800] "GET /xingrg/kc/buy/cgsh_order_add.html HTTP/1.1" 200 71367
180.169.147.146 - - [16/May/2023:09:58:39 +0800] "POST /xingrg/kc/buy/cgsh_order_operate.html HTTP/1.1" 200 8245
180.169.147.146 - - [16/May/2023:09:58:39 +0800] "GET /xingrg/javascript/easyui/themes/default/validatebox.css HTTP/1.1" 404 1104
114.83.219.197 - - [16/May/2023:09:58:40 +0800] "GET /xingrg/all/function/internal_message.html?_=1684202415962&CODE_STATE=getMsg HTTP/1.1" 200 27
116.224.158.100 - - [16/May/2023:09:58:42 +0800] "GET /xingrg/kc/buy/cgsh_order_operate.html?command=get_materiel&rest_code=00105&code=00101009015&supplier_code=00100024&order_time=2023-05-16 HTTP/1.1" 200 416
116.224.158.100 - - [16/May/2023:09:58:44 +0800] "GET /xingrg/check_reg.html?_=1684202324942 HTTP/1.1" 200 22
116.224.158.100 - - [16/May/2023:09:58:44 +0800] "GET /xingrg/all/function/internal_message.html?_=1684202324945&CODE_STATE=getMsg HTTP/1.1" 200 27
124.78.154.113 - - [16/May/2023:09:58:46 +0800] "POST /xingrg/kc/buy/cgsh_order_operate.html HTTP/1.1" 200 37
120.253.135.82 - - [16/May/2023:09:58:48 +0800] "GET /xingrg/check_reg.html?_=1684202166646 HTTP/1.1" 200 22
120.253.135.82 - - [16/May/2023:09:58:48 +0800] "GET /xingrg/all/function/internal_message.html?_=1684202166772&CODE_STATE=getMsg HTTP/1.1" 200 27
101.83.241.217 - - [16/May/2023:09:58:50 +0800] "GET /xingrg/all/function/internal_message.html?_=1684202328443&CODE_STATE=getMsg HTTP/1.1" 200 27
180.169.147.146 - - [16/May/2023:09:58:51 +0800] "GET /xingrg/check_reg.html?_=1684202327558 HTTP/1.1" 200 22
101.83.241.217 - - [16/May/2023:09:58:51 +0800] "GET /xingrg/kc/buy/cgsh_order_operate.html?command=get_materiel&rest_code=00149&code=00101006112&supplier_code=00100096&order_time=2023-05-16 HTTP/1.1" 200 409
222.67.238.82 - - [16/May/2023:09:58:52 +0800] "GET /xingrg/check_reg.html?_=1684201849627 HTTP/1.1" 200 22
222.67.238.82 - - [16/May/2023:09:58:52 +0800] "GET /xingrg/all/function/internal_message.html?_=1684201849629&CODE_STATE=getMsg HTTP/1.1" 200 27
180.163.30.76 - - [16/May/2023:09:58:53 +0800] "GET /xingrg/all/function/internal_message.html?_=1684202272178&CODE_STATE=getMsg HTTP/1.1" 302 -
180.163.30.76 - - [16/May/2023:09:58:53 +0800] "GET /xingrg/login.html HTTP/1.1" 200 7641
124.78.154.113 - - [16/May/2023:09:58:53 +0800] "GET /xingrg/all/function/internal_message.html?_=1684202332176&CODE_STATE=getMsg HTTP/1.1" 200 27
180.164.3.199 - - [16/May/2023:09:58:54 +0800] "GET /xingrg/all/function/internal_message.html?_=1684202333500&CODE_STATE=getMsg HTTP/1.1" 200 27
180.164.3.199 - - [16/May/2023:09:58:54 +0800] "GET /xingrg/check_reg.html?_=1684202333640 HTTP/1.1" 200 22
116.224.158.100 - - [16/May/2023:09:58:56 +0800] "GET /xingrg/kc/buy/cgsh_order_operate.html?command=get_materiel&rest_code=00105&code=00101015158&supplier_code=00100024&order_time=2023-05-16 HTTP/1.1" 200 422
124.78.154.113 - - [16/May/2023:09:58:57 +0800] "POST /xingrg/kc/buy/cgsh_order_operate.html HTTP/1.1" 200 12
124.78.154.113 - - [16/May/2023:09:58:59 +0800] "GET /xingrg/kc/buy/cgsh_order_info.html?code=212023051605786 HTTP/1.1" 200 66265
124.78.154.113 - - [16/May/2023:09:59:00 +0800] "GET /xingrg/javascript/easyui/themes/default/validatebox.css HTTP/1.1" 404 1104
124.78.154.113 - - [16/May/2023:09:59:01 +0800] "POST /xingrg/kc/buy/cgsh_order_operate.html HTTP/1.1" 200 11884
124.78.154.113 - - [16/May/2023:09:59:03 +0800] "GET /xingrg/kc/print/load_data.html?order_code=212023051605786&kc_code=cgsh&condition= HTTP/1.1" 200 4962
124.79.240.114 - - [16/May/2023:09:59:05 +0800] "GET /xingrg/all/function/internal_message.html?_=1684202340796&CODE_STATE=getMsg HTTP/1.1" 302 -
180.156.206.150 - - [16/May/2023:09:59:05 +0800] "GET /xingrg/check_reg.html?_=1684202345610 HTTP/1.1" 302 -
101.83.241.217 - - [16/May/2023:09:59:06 +0800] "GET /xingrg/kc/buy/cgsh_order_operate.html?command=get_materiel&rest_code=00149&code=00101006109&supplier_code=00100096&order_time=2023-05-16 HTTP/1.1" 200 409
116.224.158.100 - - [16/May/2023:09:59:07 +0800] "GET /xingrg/kc/buy/cgsh_order_operate.html?command=get_materiel&rest_code=00105&code=00101009007&supplier_code=00100024&order_time=2023-05-16 HTTP/1.1" 200 408
124.78.154.113 - - [16/May/2023:09:59:10 +0800] "GET /xingrg/kc/print/load_data.html?order_code=212023051605786&kc_code=cgsh HTTP/1.1" 200 4962
116.238.139.35 - - [16/May/2023:09:59:10 +0800] "GET /xingrg/all/function/internal_message.html?_=1684202349149&CODE_STATE=getMsg HTTP/1.1" 200 27
180.169.147.146 - - [16/May/2023:09:59:23 +0800] "GET /xingrg/all/function/internal_message.html?_=1684202360064&CODE_STATE=getMsg HTTP/1.1" 200 27
101.83.241.217 - - [16/May/2023:09:59:27 +0800] "GET /xingrg/check_reg.html?_=1684202367875 HTTP/1.1" 302 -
101.83.241.217 - - [16/May/2023:09:59:27 +0800] "GET /xingrg/all/function/internal_message.html?_=1684202367878&CODE_STATE=getMsg HTTP/1.1" 302 -
180.169.147.146 - - [16/May/2023:09:59:29 +0800] "GET /xingrg/kc/buy/cgsh_order_operate.html?command=get_materiel&rest_code=00147&code=00101016105&supplier_code=00100242&order_time=2023-05-16 HTTP/1.1" 200 409
114.83.219.197 - - [16/May/2023:09:59:40 +0800] "GET /xingrg/all/function/internal_message.html?_=1684202475974&CODE_STATE=getMsg HTTP/1.1" 200 27
180.169.147.146 - - [16/May/2023:09:59:42 +0800] "GET /xingrg/kc/buy/cgsh_order_operate.html?command=get_materiel&rest_code=00147&code=00101016025&supplier_code=00100242&order_time=2023-05-16 HTTP/1.1" 200 408
116.224.158.100 - - [16/May/2023:09:59:44 +0800] "GET /xingrg/all/function/internal_message.html?_=1684202384985&CODE_STATE=getMsg HTTP/1.1" 200 27
116.228.172.94 - - [16/May/2023:09:59:47 +0800] "GET /xingrg/check_reg.html?_=1684202195272 HTTP/1.1" 302 -
120.253.135.82 - - [16/May/2023:09:59:48 +0800] "GET /xingrg/all/function/internal_message.html?_=1684202226786&CODE_STATE=getMsg HTTP/1.1" 200 27
101.83.241.217 - - [16/May/2023:09:59:49 +0800] "GET /xingrg/kc/buy/cgsh_order_list.html HTTP/1.1" 302 -
101.83.241.217 - - [16/May/2023:09:59:49 +0800] "GET /xingrg/login.html HTTP/1.1" 200 7641
101.83.241.217 - - [16/May/2023:09:59:49 +0800] "GET /xingrg/login.html HTTP/1.1" 200 7641
101.83.241.217 - - [16/May/2023:09:59:49 +0800] "GET /favicon.ico HTTP/1.1" 404 -
101.83.241.217 - - [16/May/2023:09:59:50 +0800] "GET /xingrg/all/function/internal_message.html?_=1684202388445&CODE_STATE=getMsg HTTP/1.1" 200 27
101.83.241.217 - - [16/May/2023:09:59:50 +0800] "GET /xingrg/kc/buy/cgsh_order_operate.html?command=get_materiel&rest_code=00149&code=00101007049&supplier_code=00100096&order_time=2023-05-16 HTTP/1.1" 200 409
101.83.241.217 - - [16/May/2023:09:59:51 +0800] "POST /xingrg/login.do HTTP/1.1" 302 -
101.83.241.217 - - [16/May/2023:09:59:51 +0800] "GET /xingrg/index.html?sysBaseUrl=http%3A%2F%2F180.169.147.146%3A18081%2Fxingrg%2F&costTime=1026×tamp=1684202391912 HTTP/1.1" 200 17503
222.67.238.82 - - [16/May/2023:09:59:52 +0800] "GET /xingrg/all/function/internal_message.html?_=1684201909634&CODE_STATE=getMsg HTTP/1.1" 200 27
101.83.241.217 - - [16/May/2023:09:59:52 +0800] "GET /favicon.ico HTTP/1.1" 404 -
101.83.241.217 - - [16/May/2023:09:59:52 +0800] "GET /xingrg/check_reg.html?_=1684202392386 HTTP/1.1" 200 22
101.83.241.217 - - [16/May/2023:09:59:52 +0800] "POST /xingrg/all/common/load_tree.html?tree=area_rest_tree_json&manage=1 HTTP/1.1" 200 3499
101.83.241.217 - - [16/May/2023:09:59:52 +0800] "GET /xingrg/all/function/internal_message.html?_=1684202392385&CODE_STATE=count HTTP/1.1" 200 11
101.83.241.217 - - [16/May/2023:09:59:52 +0800] "POST /xingrg/load_menu.html HTTP/1.1" 200 11443
180.163.28.143 - - [16/May/2023:09:59:53 +0800] "GET /xingrg/all/function/internal_message.html?_=1684202332176&CODE_STATE=getMsg HTTP/1.1" 302 -
180.163.28.143 - - [16/May/2023:09:59:53 +0800] "GET /xingrg/login.html HTTP/1.1" 200 7641
124.78.154.113 - - [16/May/2023:09:59:53 +0800] "GET /xingrg/all/function/internal_message.html?_=1684202392172&CODE_STATE=getMsg HTTP/1.1" 200 27
180.164.3.199 - - [16/May/2023:09:59:54 +0800] "GET /xingrg/all/function/internal_message.html?_=1684202393475&CODE_STATE=getMsg HTTP/1.1" 200 27
218.81.68.112 - - [16/May/2023:09:59:54 +0800] "GET /xingrg/index.html?sysBaseUrl=http%3A%2F%2F180.169.147.146%3A18081%2Fxingrg%2F&costTime=44×tamp=1622098168715 HTTP/1.1" 302 -
218.81.68.112 - - [16/May/2023:09:59:54 +0800] "GET /xingrg/login.html HTTP/1.1" 200 7641
218.81.68.112 - - [16/May/2023:09:59:55 +0800] "GET /favicon.ico HTTP/1.1" 404 -
101.83.241.217 - - [16/May/2023:09:59:57 +0800] "GET /xingrg/kc/buy/cgsh_order_list.html HTTP/1.1" 200 55837
180.169.147.146 - - [16/May/2023:09:59:59 +0800] "GET /xingrg/kc/buy/cgsh_order_operate.html?command=get_materiel&rest_code=00147&code=00101007109&supplier_code=00100242&order_time=2023-05-16 HTTP/1.1" 200 408
101.83.241.217 - - [16/May/2023:09:59:59 +0800] "POST /xingrg/kc/buy/cgsh_list_operate.html HTTP/1.1" 200 986
218.81.68.112 - - [16/May/2023:09:59:59 +0800] "POST /xingrg/login.do HTTP/1.1" 302 -
218.81.68.112 - - [16/May/2023:10:00:00 +0800] "GET /xingrg/index.html?sysBaseUrl=http%3A%2F%2F180.169.147.146%3A18081%2Fxingrg%2F&costTime=1455×tamp=1684202399997 HTTP/1.1" 200 17179
218.81.68.112 - - [16/May/2023:10:00:00 +0800] "GET /favicon.ico HTTP/1.1" 404 -
218.81.68.112 - - [16/May/2023:10:00:00 +0800] "GET /xingrg/check_reg.html?_=1684202401719 HTTP/1.1" 200 22
218.81.68.112 - - [16/May/2023:10:00:00 +0800] "GET /xingrg/all/function/internal_message.html?_=1684202401718&CODE_STATE=count HTTP/1.1" 200 11
218.81.68.112 - - [16/May/2023:10:00:00 +0800] "POST /xingrg/all/common/load_tree.html?tree=area_rest_tree_json&manage=1 HTTP/1.1" 200 351
218.81.68.112 - - [16/May/2023:10:00:00 +0800] "POST /xingrg/load_menu.html HTTP/1.1" 200 5138
180.163.30.76 - - [16/May/2023:10:00:02 +0800] "GET /xingrg/kc/print/load_data.html?order_code=212023051605786&kc_code=cgsh&condition= HTTP/1.1" 302 -
180.163.30.76 - - [16/May/2023:10:00:02 +0800] "GET /xingrg/login.html HTTP/1.1" 200 7641
218.81.68.112 - - [16/May/2023:10:00:02 +0800] "GET /xingrg/kc/buy/cgsh_order_list.html HTTP/1.1" 200 55588
124.79.240.114 - - [16/May/2023:10:00:05 +0800] "GET /xingrg/all/function/internal_message.html?_=1684202400861&CODE_STATE=getMsg HTTP/1.1" 302 -
101.83.241.217 - - [16/May/2023:10:00:06 +0800] "GET /xingrg/kc/buy/cgsh_order_operate.html?command=get_materiel&rest_code=00149&code=00101007061&supplier_code=00100096&order_time=2023-05-16 HTTP/1.1" 200 411
180.169.147.146 - - [16/May/2023:10:00:08 +0800] "GET /xingrg/kc/buy/cgsh_order_operate.html?command=get_materiel&rest_code=00147&code=00101011004&supplier_code=00100242&order_time=2023-05-16 HTTP/1.1" 200 412
116.238.139.35 - - [16/May/2023:10:00:10 +0800] "GET /xingrg/all/function/internal_message.html?_=1684202409135&CODE_STATE=getMsg HTTP/1.1" 200 27
101.229.22.40 - - [16/May/2023:10:00:13 +0800] "GET /xingrg/check_reg.html?_=1684202412396 HTTP/1.1" 302 -
180.169.147.146 - - [16/May/2023:10:00:21 +0800] "GET /xingrg/kc/buy/cgsh_order_operate.html?command=get_materiel&rest_code=00147&code=00101011003&supplier_code=00100242&order_time=2023-05-16 HTTP/1.1" 200 412
180.169.147.146 - - [16/May/2023:10:00:23 +0800] "GET /xingrg/all/function/internal_message.html?_=1684202420045&CODE_STATE=getMsg HTTP/1.1" 200 27
101.83.241.217 - - [16/May/2023:10:00:27 +0800] "GET /xingrg/kc/buy/cgsh_order_operate.html?command=get_materiel&rest_code=00149&code=00101007038&supplier_code=00100096&order_time=2023-05-16 HTTP/1.1" 200 422
114.83.219.197 - - [16/May/2023:10:00:40 +0800] "GET /xingrg/check_reg.html?_=1684202535973 HTTP/1.1" 200 22
114.83.219.197 - - [16/May/2023:10:00:40 +0800] "GET /xingrg/all/function/internal_message.html?_=1684202535975&CODE_STATE=getMsg HTTP/1.1" 200 27
116.235.240.236 - - [16/May/2023:10:00:43 +0800] "POST /xingrg/services/DataTransmitService HTTP/1.1" 200 524
116.224.158.100 - - [16/May/2023:10:00:44 +0800] "GET /xingrg/all/function/internal_message.html?_=1684202444950&CODE_STATE=getMsg HTTP/1.1" 200 27
120.253.135.82 - - [16/May/2023:10:00:48 +0800] "GET /xingrg/all/function/internal_message.html?_=1684202286799&CODE_STATE=getMsg HTTP/1.1" 200 27
101.83.241.217 - - [16/May/2023:10:00:50 +0800] "GET /xingrg/check_reg.html?_=1684202448443 HTTP/1.1" 200 22
101.83.241.217 - - [16/May/2023:10:00:50 +0800] "GET /xingrg/all/function/internal_message.html?_=1684202448446&CODE_STATE=getMsg HTTP/1.1" 200 27
116.235.240.236 - - [16/May/2023:10:00:51 +0800] "POST /xingrg/services/DataTransmitService HTTP/1.1" 200 501
222.67.238.82 - - [16/May/2023:10:00:52 +0800] "GET /xingrg/all/function/internal_message.html?_=1684201969632&CODE_STATE=getMsg HTTP/1.1" 200 27
101.83.241.217 - - [16/May/2023:10:00:52 +0800] "GET /xingrg/all/function/internal_message.html?_=1684202452389&CODE_STATE=getMsg HTTP/1.1" 200 27
180.163.30.76 - - [16/May/2023:10:00:53 +0800] "GET /xingrg/all/function/internal_message.html?_=1684202392172&CODE_STATE=getMsg HTTP/1.1" 302 -
180.163.30.76 - - [16/May/2023:10:00:53 +0800] "GET /xingrg/login.html HTTP/1.1" 200 7641
124.78.154.113 - - [16/May/2023:10:00:53 +0800] "GET /xingrg/check_reg.html?_=1684202452177 HTTP/1.1" 200 22
124.78.154.113 - - [16/May/2023:10:00:53 +0800] "GET /xingrg/all/function/internal_message.html?_=1684202452175&CODE_STATE=getMsg HTTP/1.1" 200 27
218.81.68.112 - - [16/May/2023:10:00:53 +0800] "POST /xingrg/kc/buy/cgsh_list_operate.html HTTP/1.1" 200 5947
180.164.3.199 - - [16/May/2023:10:00:54 +0800] "GET /xingrg/all/function/internal_message.html?_=1684202453461&CODE_STATE=getMsg HTTP/1.1" 200 27
218.81.68.112 - - [16/May/2023:10:01:00 +0800] "GET /xingrg/all/function/internal_message.html?_=1684202461736&CODE_STATE=getMsg HTTP/1.1" 200 27
124.79.240.114 - - [16/May/2023:10:01:04 +0800] "GET /xingrg/check_reg.html?_=1684202459182 HTTP/1.1" 302 -
124.79.240.114 - - [16/May/2023:10:01:06 +0800] "GET /xingrg/all/function/internal_message.html?_=1684202460974&CODE_STATE=getMsg HTTP/1.1" 302 -
116.238.139.35 - - [16/May/2023:10:01:10 +0800] "GET /xingrg/all/function/internal_message.html?_=1684202469136&CODE_STATE=getMsg HTTP/1.1" 200 27
101.83.241.217 - - [16/May/2023:10:01:12 +0800] "POST /xingrg/kc/buy/cgsh_order_operate.html HTTP/1.1" 200 37
101.83.241.217 - - [16/May/2023:10:01:21 +0800] "POST /xingrg/kc/buy/cgsh_order_operate.html HTTP/1.1" 200 12
180.169.147.146 - - [16/May/2023:10:01:23 +0800] "GET /xingrg/all/function/internal_message.html?_=1684202480026&CODE_STATE=getMsg HTTP/1.1" 200 27
116.235.240.236 - - [16/May/2023:10:01:27 +0800] "POST /xingrg/services/DataTransmitService HTTP/1.1" 200 524
101.83.241.217 - - [16/May/2023:10:01:27 +0800] "GET /xingrg/kc/buy/cgsh_order_info.html?code=212023051605794 HTTP/1.1" 200 66351
101.83.241.217 - - [16/May/2023:10:01:27 +0800] "GET /xingrg/javascript/easyui/themes/default/validatebox.css HTTP/1.1" 404 1104
101.83.241.217 - - [16/May/2023:10:01:28 +0800] "POST /xingrg/kc/buy/cgsh_order_operate.html HTTP/1.1" 200 5940
116.235.240.236 - - [16/May/2023:10:01:28 +0800] "POST /xingrg/services/DataTransmitService HTTP/1.1" 200 412
116.235.240.236 - - [16/May/2023:10:01:30 +0800] "POST /xingrg/services/DataTransmitService HTTP/1.1" 200 524
116.235.240.236 - - [16/May/2023:10:01:31 +0800] "POST /xingrg/services/DataTransmitService HTTP/1.1" 200 412
116.235.240.236 - - [16/May/2023:10:01:32 +0800] "POST /xingrg/services/DataTransmitService HTTP/1.1" 200 524
101.83.241.217 - - [16/May/2023:10:01:32 +0800] "GET /xingrg/kc/print/load_data.html?order_code=212023051605794&kc_code=cgsh&condition= HTTP/1.1" 200 2708
116.235.240.236 - - [16/May/2023:10:01:33 +0800] "POST /xingrg/services/DataTransmitService HTTP/1.1" 200 412
116.235.240.236 - - [16/May/2023:10:01:35 +0800] "POST /xingrg/services/DataTransmitService HTTP/1.1" 200 524
116.235.240.236 - - [16/May/2023:10:01:36 +0800] "POST /xingrg/services/DataTransmitService HTTP/1.1" 200 412
114.83.219.197 - - [16/May/2023:10:01:40 +0800] "GET /xingrg/all/function/internal_message.html?_=1684202595970&CODE_STATE=getMsg HTTP/1.1" 200 27
116.235.240.236 - - [16/May/2023:10:01:40 +0800] "POST /xingrg/services/DataTransmitService HTTP/1.1" 200 524
116.235.240.236 - - [16/May/2023:10:01:42 +0800] "POST /xingrg/services/DataTransmitService HTTP/1.1" 200 412
116.235.240.236 - - [16/May/2023:10:01:43 +0800] "POST /xingrg/services/DataTransmitService HTTP/1.1" 200 524
116.235.240.236 - - [16/May/2023:10:01:44 +0800] "POST /xingrg/services/DataTransmitService HTTP/1.1" 200 412
116.224.158.100 - - [16/May/2023:10:01:44 +0800] "GET /xingrg/all/function/internal_message.html?_=1684202504943&CODE_STATE=getMsg HTTP/1.1" 200 27
116.235.240.236 - - [16/May/2023:10:01:46 +0800] "POST /xingrg/services/DataTransmitService HTTP/1.1" 200 524
116.235.240.236 - - [16/May/2023:10:01:47 +0800] "POST /xingrg/services/DataTransmitService HTTP/1.1" 200 412
180.156.206.150 - - [16/May/2023:10:01:48 +0800] "GET /xingrg/check_reg.html?_=1684202515624 HTTP/1.1" 302 -
116.235.240.236 - - [16/May/2023:10:01:48 +0800] "POST /xingrg/services/DataTransmitService HTTP/1.1" 200 524
120.253.135.82 - - [16/May/2023:10:01:48 +0800] "GET /xingrg/all/function/internal_message.html?_=1684202346823&CODE_STATE=getMsg HTTP/1.1" 200 27
116.235.240.236 - - [16/May/2023:10:01:49 +0800] "POST /xingrg/services/DataTransmitService HTTP/1.1" 200 412
116.235.240.236 - - [16/May/2023:10:01:50 +0800] "POST /xingrg/services/DataTransmitService HTTP/1.1" 200 524
101.83.241.217 - - [16/May/2023:10:01:50 +0800] "GET /xingrg/all/function/internal_message.html?_=1684202508453&CODE_STATE=getMsg HTTP/1.1" 200 27
116.235.240.236 - - [16/May/2023:10:01:51 +0800] "POST /xingrg/services/DataTransmitService HTTP/1.1" 200 412
222.67.238.82 - - [16/May/2023:10:01:52 +0800] "GET /xingrg/all/function/internal_message.html?_=1684202029620&CODE_STATE=getMsg HTTP/1.1" 200 27
101.83.241.217 - - [16/May/2023:10:01:52 +0800] "GET /xingrg/all/function/internal_message.html?_=1684202512392&CODE_STATE=getMsg HTTP/1.1" 200 27
116.224.158.100 - - [16/May/2023:10:01:52 +0800] "GET /xingrg/check_reg.html?_=1684202347294 HTTP/1.1" 302 -
180.163.29.234 - - [16/May/2023:10:01:53 +0800] "GET /xingrg/check_reg.html?_=1684202452177 HTTP/1.1" 302 -
180.163.29.103 - - [16/May/2023:10:01:53 +0800] "GET /xingrg/all/function/internal_message.html?_=1684202452175&CODE_STATE=getMsg HTTP/1.1" 302 -
180.163.29.234 - - [16/May/2023:10:01:53 +0800] "GET /xingrg/login.html HTTP/1.1" 200 7641
180.163.29.103 - - [16/May/2023:10:01:53 +0800] "GET /xingrg/login.html HTTP/1.1" 200 7641
124.78.154.113 - - [16/May/2023:10:01:53 +0800] "GET /xingrg/all/function/internal_message.html?_=1684202512176&CODE_STATE=getMsg HTTP/1.1" 200 27
116.235.240.236 - - [16/May/2023:10:01:53 +0800] "POST /xingrg/services/DataTransmitService HTTP/1.1" 200 524
180.164.3.199 - - [16/May/2023:10:01:54 +0800] "GET /xingrg/all/function/internal_message.html?_=1684202513446&CODE_STATE=getMsg HTTP/1.1" 200 27
116.235.240.236 - - [16/May/2023:10:01:54 +0800] "POST /xingrg/services/DataTransmitService HTTP/1.1" 200 412
116.235.240.236 - - [16/May/2023:10:01:56 +0800] "POST /xingrg/services/DataTransmitService HTTP/1.1" 200 524
116.235.240.236 - - [16/May/2023:10:01:57 +0800] "POST /xingrg/services/DataTransmitService HTTP/1.1" 200 412
218.81.68.112 - - [16/May/2023:10:02:00 +0800] "GET /xingrg/all/function/internal_message.html?_=1684202521742&CODE_STATE=getMsg HTTP/1.1" 200 27
116.235.240.236 - - [16/May/2023:10:02:01 +0800] "POST /xingrg/services/DataTransmitService HTTP/1.1" 200 524
116.235.240.236 - - [16/May/2023:10:02:02 +0800] "POST /xingrg/services/DataTransmitService HTTP/1.1" 200 412
116.235.240.236 - - [16/May/2023:10:02:03 +0800] "POST /xingrg/services/DataTransmitService HTTP/1.1" 200 524
116.235.240.236 - - [16/May/2023:10:02:04 +0800] "POST /xingrg/services/DataTransmitService HTTP/1.1" 200 412
116.235.240.236 - - [16/May/2023:10:02:05 +0800] "POST /xingrg/services/DataTransmitService HTTP/1.1" 200 524
124.79.240.114 - - [16/May/2023:10:02:06 +0800] "GET /xingrg/all/function/internal_message.html?_=1684202521003&CODE_STATE=getMsg HTTP/1.1" 302 -
116.235.240.236 - - [16/May/2023:10:02:07 +0800] "POST /xingrg/services/DataTransmitService HTTP/1.1" 200 2335
116.238.139.35 - - [16/May/2023:10:02:10 +0800] "GET /xingrg/all/function/internal_message.html?_=1684202529137&CODE_STATE=getMsg HTTP/1.1" 200 27
116.235.240.236 - - [16/May/2023:10:02:19 +0800] "POST /xingrg/services/DataTransmitService HTTP/1.1" 200 524
116.235.240.236 - - [16/May/2023:10:02:21 +0800] "POST /xingrg/services/DataTransmitService HTTP/1.1" 200 412
116.235.240.236 - - [16/May/2023:10:02:22 +0800] "POST /xingrg/services/DataTransmitService HTTP/1.1" 200 524
116.235.240.236 - - [16/May/2023:10:02:23 +0800] "POST /xingrg/services/DataTransmitService HTTP/1.1" 200 412
180.169.147.146 - - [16/May/2023:10:02:23 +0800] "GET /xingrg/all/function/internal_message.html?_=1684202540003&CODE_STATE=getMsg HTTP/1.1" 200 27
116.235.240.236 - - [16/May/2023:10:02:25 +0800] "POST /xingrg/services/DataTransmitService HTTP/1.1" 200 524
116.235.240.236 - - [16/May/2023:10:02:26 +0800] "POST /xingrg/services/DataTransmitService HTTP/1.1" 200 412
116.235.240.236 - - [16/May/2023:10:02:27 +0800] "POST /xingrg/services/DataTransmitService HTTP/1.1" 200 524
116.235.240.236 - - [16/May/2023:10:02:28 +0800] "POST /xingrg/services/DataTransmitService HTTP/1.1" 200 412
116.235.240.236 - - [16/May/2023:10:02:33 +0800] "POST /xingrg/services/DataTransmitService HTTP/1.1" 200 524
116.235.240.236 - - [16/May/2023:10:02:34 +0800] "POST /xingrg/services/DataTransmitService HTTP/1.1" 200 412
116.235.240.236 - - [16/May/2023:10:02:36 +0800] "POST /xingrg/services/DataTransmitService HTTP/1.1" 200 524
116.235.240.236 - - [16/May/2023:10:02:37 +0800] "POST /xingrg/services/DataTransmitService HTTP/1.1" 200 412
116.235.240.236 - - [16/May/2023:10:02:39 +0800] "POST /xingrg/services/DataTransmitService HTTP/1.1" 200 524
116.235.240.236 - - [16/May/2023:10:02:40 +0800] "POST /xingrg/services/DataTransmitService HTTP/1.1" 200 412
114.83.219.197 - - [16/May/2023:10:02:40 +0800] "GET /xingrg/all/function/internal_message.html?_=1684202655967&CODE_STATE=getMsg HTTP/1.1" 200 27
116.224.158.100 - - [16/May/2023:10:02:44 +0800] "GET /xingrg/all/function/internal_message.html?_=1684202564939&CODE_STATE=getMsg HTTP/1.1" 200 27
116.235.240.236 - - [16/May/2023:10:02:45 +0800] "POST /xingrg/services/DataTransmitService HTTP/1.1" 200 524
116.235.240.236 - - [16/May/2023:10:02:46 +0800] "POST /xingrg/services/DataTransmitService HTTP/1.1" 200 412
116.235.240.236 - - [16/May/2023:10:02:48 +0800] "POST /xingrg/services/DataTransmitService HTTP/1.1" 200 524
120.253.135.82 - - [16/May/2023:10:02:48 +0800] "GET /xingrg/all/function/internal_message.html?_=1684202406827&CODE_STATE=getMsg HTTP/1.1" 200 27
116.235.240.236 - - [16/May/2023:10:02:49 +0800] "POST /xingrg/services/DataTransmitService HTTP/1.1" 200 412
101.83.241.217 - - [16/May/2023:10:02:50 +0800] "GET /xingrg/all/function/internal_message.html?_=1684202568455&CODE_STATE=getMsg HTTP/1.1" 200 27
116.235.240.236 - - [16/May/2023:10:02:50 +0800] "POST /xingrg/services/DataTransmitService HTTP/1.1" 200 524
116.235.240.236 - - [16/May/2023:10:02:51 +0800] "POST /xingrg/services/DataTransmitService HTTP/1.1" 200 412
222.67.238.82 - - [16/May/2023:10:02:52 +0800] "GET /xingrg/all/function/internal_message.html?_=1684202089622&CODE_STATE=getMsg HTTP/1.1" 200 27
101.83.241.217 - - [16/May/2023:10:02:52 +0800] "GET /xingrg/all/function/internal_message.html?_=1684202572375&CODE_STATE=getMsg HTTP/1.1" 200 27
116.235.240.236 - - [16/May/2023:10:02:52 +0800] "POST /xingrg/services/DataTransmitService HTTP/1.1" 200 524
124.78.154.113 - - [16/May/2023:10:02:53 +0800] "GET /xingrg/all/function/internal_message.html?_=1684202572178&CODE_STATE=getMsg HTTP/1.1" 200 27
116.235.240.236 - - [16/May/2023:10:02:53 +0800] "POST /xingrg/services/DataTransmitService HTTP/1.1" 200 412
116.235.240.236 - - [16/May/2023:10:02:53 +0800] "POST /xingrg/services/DataTransmitService HTTP/1.1" 200 524
180.164.3.199 - - [16/May/2023:10:02:54 +0800] "GET /xingrg/all/function/internal_message.html?_=1684202573418&CODE_STATE=getMsg HTTP/1.1" 200 27
116.235.240.236 - - [16/May/2023:10:02:54 +0800] "POST /xingrg/services/DataTransmitService HTTP/1.1" 200 412
116.235.240.236 - - [16/May/2023:10:02:54 +0800] "POST /xingrg/services/DataTransmitService HTTP/1.1" 200 524
116.235.240.236 - - [16/May/2023:10:02:55 +0800] "POST /xingrg/services/DataTransmitService HTTP/1.1" 200 412
116.235.240.236 - - [16/May/2023:10:02:55 +0800] "POST /xingrg/services/DataTransmitService HTTP/1.1" 200 524
116.235.240.236 - - [16/May/2023:10:02:56 +0800] "POST /xingrg/services/DataTransmitService HTTP/1.1" 200 412
116.235.240.236 - - [16/May/2023:10:02:56 +0800] "POST /xingrg/services/DataTransmitService HTTP/1.1" 200 524
116.235.240.236 - - [16/May/2023:10:02:57 +0800] "POST /xingrg/services/DataTransmitService HTTP/1.1" 200 412
116.235.240.236 - - [16/May/2023:10:02:57 +0800] "POST /xingrg/services/DataTransmitService HTTP/1.1" 200 524
116.235.240.236 - - [16/May/2023:10:02:58 +0800] "POST /xingrg/services/DataTransmitService HTTP/1.1" 200 412
218.81.68.112 - - [16/May/2023:10:03:00 +0800] "GET /xingrg/all/function/internal_message.html?_=1684202581738&CODE_STATE=getMsg HTTP/1.1" 200 27
124.79.240.114 - - [16/May/2023:10:03:05 +0800] "GET /xingrg/all/function/internal_message.html?_=1684202580995&CODE_STATE=getMsg HTTP/1.1" 302 -
116.235.240.236 - - [16/May/2023:10:03:06 +0800] "POST /xingrg/services/DataTransmitService HTTP/1.1" 200 524
116.235.240.236 - - [16/May/2023:10:03:07 +0800] "POST /xingrg/services/DataTransmitService HTTP/1.1" 200 412
172.20.0.100 - - [16/May/2023:10:03:10 +0800] "GET /xingrg/check_reg.html?_=1684202593993 HTTP/1.1" 302 -
116.238.139.35 - - [16/May/2023:10:03:10 +0800] "GET /xingrg/all/function/internal_message.html?_=1684202589141&CODE_STATE=getMsg HTTP/1.1" 200 27
116.238.139.35 - - [16/May/2023:10:03:10 +0800] "GET /xingrg/check_reg.html?_=1684202589145 HTTP/1.1" 200 22
180.169.147.146 - - [16/May/2023:10:03:23 +0800] "GET /xingrg/all/function/internal_message.html?_=1684202599980&CODE_STATE=getMsg HTTP/1.1" 200 27
114.83.219.197 - - [16/May/2023:10:03:40 +0800] "GET /xingrg/all/function/internal_message.html?_=1684202715969&CODE_STATE=getMsg HTTP/1.1" 200 27
116.224.158.100 - - [16/May/2023:10:03:44 +0800] "GET /xingrg/all/function/internal_message.html?_=1684202624952&CODE_STATE=getMsg HTTP/1.1" 200 27
116.224.158.100 - - [16/May/2023:10:03:44 +0800] "GET /xingrg/check_reg.html?_=1684202624957 HTTP/1.1" 200 22
120.253.135.82 - - [16/May/2023:10:03:48 +0800] "GET /xingrg/check_reg.html?_=1684202466668 HTTP/1.1" 200 22
120.253.135.82 - - [16/May/2023:10:03:48 +0800] "GET /xingrg/all/function/internal_message.html?_=1684202466839&CODE_STATE=getMsg HTTP/1.1" 200 27
101.83.241.217 - - [16/May/2023:10:03:50 +0800] "GET /xingrg/all/function/internal_message.html?_=1684202628464&CODE_STATE=getMsg HTTP/1.1" 200 27
180.169.147.146 - - [16/May/2023:10:03:51 +0800] "GET /xingrg/check_reg.html?_=1684202627561 HTTP/1.1" 200 22
222.67.238.82 - - [16/May/2023:10:03:52 +0800] "GET /xingrg/all/function/internal_message.html?_=1684202149624&CODE_STATE=getMsg HTTP/1.1" 200 27
222.67.238.82 - - [16/May/2023:10:03:52 +0800] "GET /xingrg/check_reg.html?_=1684202149626 HTTP/1.1" 200 22
101.83.241.217 - - [16/May/2023:10:03:52 +0800] "GET /xingrg/all/function/internal_message.html?_=1684202632381&CODE_STATE=getMsg HTTP/1.1" 200 27
180.163.29.234 - - [16/May/2023:10:03:53 +0800] "GET /xingrg/all/function/internal_message.html?_=1684202572178&CODE_STATE=getMsg HTTP/1.1" 302 -
180.163.29.234 - - [16/May/2023:10:03:53 +0800] "GET /xingrg/login.html HTTP/1.1" 200 7641
124.78.154.113 - - [16/May/2023:10:03:53 +0800] "GET /xingrg/all/function/internal_message.html?_=1684202632180&CODE_STATE=getMsg HTTP/1.1" 200 27
180.164.3.199 - - [16/May/2023:10:03:54 +0800] "GET /xingrg/all/function/internal_message.html?_=1684202633402&CODE_STATE=getMsg HTTP/1.1" 200 27
180.164.3.199 - - [16/May/2023:10:03:54 +0800] "GET /xingrg/check_reg.html?_=1684202633635 HTTP/1.1" 200 22
218.81.68.112 - - [16/May/2023:10:04:00 +0800] "GET /xingrg/all/function/internal_message.html?_=1684202641721&CODE_STATE=getMsg HTTP/1.1" 200 27
124.79.240.114 - - [16/May/2023:10:04:05 +0800] "GET /xingrg/all/function/internal_message.html?_=1684202640969&CODE_STATE=getMsg HTTP/1.1" 302 -
180.156.206.150 - - [16/May/2023:10:04:05 +0800] "GET /xingrg/check_reg.html?_=1684202645620 HTTP/1.1" 302 -
116.238.139.35 - - [16/May/2023:10:04:10 +0800] "GET /xingrg/all/function/internal_message.html?_=1684202649146&CODE_STATE=getMsg HTTP/1.1" 200 27
180.169.147.146 - - [16/May/2023:10:04:23 +0800] "GET /xingrg/all/function/internal_message.html?_=1684202659960&CODE_STATE=getMsg HTTP/1.1" 200 27
114.83.219.197 - - [16/May/2023:10:04:40 +0800] "GET /xingrg/all/function/internal_message.html?_=1684202775970&CODE_STATE=getMsg HTTP/1.1" 200 27
180.169.147.146 - - [16/May/2023:10:04:43 +0800] "GET /xingrg/kc/buy/cgsh_order_operate.html?command=get_materiel&rest_code=00147&code=00101011005&supplier_code=00100242&order_time=2023-05-16 HTTP/1.1" 200 408
