116.235.240.236 - - [15/May/2023:10:15:03 +0800] "GET /xingrg/all/common/auto_word.html?type=employee&rest_code=00146 HTTP/1.1" 200 101
116.235.240.236 - - [15/May/2023:10:15:04 +0800] "GET /xingrg/all/common/auto_word.html?type=employee&rest_code=00146 HTTP/1.1" 200 101
222.67.238.82 - - [15/May/2023:10:15:04 +0800] "GET /xingrg/all/function/internal_message.html?_=1684116423094&CODE_STATE=getMsg HTTP/1.1" 200 27
116.235.240.236 - - [15/May/2023:10:15:04 +0800] "POST /xingrg/kc/buy/cgsh_order_operate.html HTTP/1.1" 200 10964
116.237.77.83 - - [15/May/2023:10:15:05 +0800] "POST /xingrg/dwr/call/plaincall/AjaxQqpsService.saveMaterielItem.dwr HTTP/1.1" 200 78
116.237.77.83 - - [15/May/2023:10:15:08 +0800] "GET /xingrg/all/function/internal_message.html?_=1684116908632&CODE_STATE=getMsg HTTP/1.1" 200 27
116.235.240.236 - - [15/May/2023:10:15:12 +0800] "GET /xingrg/javascript/auto/indicator.gif HTTP/1.1" 404 1066
114.85.96.117 - - [15/May/2023:10:15:13 +0800] "GET /xingrg/all/function/internal_message.html?_=1684116913418&CODE_STATE=getMsg HTTP/1.1" 200 27
116.237.77.83 - - [15/May/2023:10:15:17 +0800] "POST /xingrg/dwr/call/plaincall/AjaxQqpsService.getMaterielByCode.dwr HTTP/1.1" 200 2652
114.83.219.197 - - [15/May/2023:10:15:19 +0800] "GET /xingrg/kc/buy/cgsh_order_add.html HTTP/1.1" 302 -
114.83.219.197 - - [15/May/2023:10:15:19 +0800] "GET /xingrg/login.html HTTP/1.1" 200 7641
114.83.219.197 - - [15/May/2023:10:15:19 +0800] "GET /xingrg/login.html HTTP/1.1" 200 7641
114.83.219.197 - - [15/May/2023:10:15:19 +0800] "GET /favicon.ico HTTP/1.1" 404 -
116.237.77.83 - - [15/May/2023:10:15:19 +0800] "POST /xingrg/dwr/call/plaincall/AjaxQqpsService.saveMaterielItem.dwr HTTP/1.1" 200 78
116.235.240.236 - - [15/May/2023:10:15:20 +0800] "GET /xingrg/kc/buy/cgsh_order_operate.html?command=get_materiel&rest_code=00146&code=00101008244&supplier_code=00100005&order_time=2023-05-15 HTTP/1.1" 200 408
180.169.147.146 - - [15/May/2023:10:15:21 +0800] "GET /xingrg/check_reg.html?_=1684116921017 HTTP/1.1" 302 -
124.79.74.67 - - [15/May/2023:10:15:22 +0800] "GET /xingrg/login.html HTTP/1.1" 200 7641
124.79.74.67 - - [15/May/2023:10:15:22 +0800] "GET /favicon.ico HTTP/1.1" 404 -
114.83.219.197 - - [15/May/2023:10:15:22 +0800] "POST /xingrg/login.do HTTP/1.1" 302 -
114.83.219.197 - - [15/May/2023:10:15:23 +0800] "GET /xingrg/index.html?sysBaseUrl=http%3A%2F%2F180.169.147.146%3A18081%2Fxingrg%2F&costTime=1755×tamp=1684116922832 HTTP/1.1" 200 17179
114.83.219.197 - - [15/May/2023:10:15:23 +0800] "GET /favicon.ico HTTP/1.1" 404 -
114.83.219.197 - - [15/May/2023:10:15:23 +0800] "GET /xingrg/check_reg.html?_=1684117017999 HTTP/1.1" 200 22
116.237.77.83 - - [15/May/2023:10:15:23 +0800] "POST /xingrg/dwr/call/plaincall/AjaxQqpsService.saveOrder.dwr HTTP/1.1" 200 78
114.83.219.197 - - [15/May/2023:10:15:23 +0800] "GET /xingrg/all/function/internal_message.html?_=1684117017998&CODE_STATE=count HTTP/1.1" 200 11
114.83.219.197 - - [15/May/2023:10:15:23 +0800] "POST /xingrg/all/common/load_tree.html?tree=area_rest_tree_json&manage=1 HTTP/1.1" 200 351
114.83.219.197 - - [15/May/2023:10:15:23 +0800] "POST /xingrg/load_menu.html HTTP/1.1" 200 5138
101.229.22.40 - - [15/May/2023:10:15:23 +0800] "GET /xingrg/all/function/internal_message.html?_=1684116923882&CODE_STATE=getMsg HTTP/1.1" 200 27
114.83.219.197 - - [15/May/2023:10:15:27 +0800] "GET /xingrg/kc/buy/cgsh_order_list.html HTTP/1.1" 200 55588
124.79.74.67 - - [15/May/2023:10:15:31 +0800] "POST /xingrg/login.do HTTP/1.1" 302 -
114.83.219.197 - - [15/May/2023:10:15:31 +0800] "POST /xingrg/kc/buy/cgsh_list_operate.html HTTP/1.1" 200 1853
124.79.74.67 - - [15/May/2023:10:15:31 +0800] "GET /xingrg/index.html?sysBaseUrl=http%3A%2F%2F180.169.147.146%3A18081%2Fxingrg%2F&costTime=2159×tamp=1684116931554 HTTP/1.1" 200 17179
124.79.74.67 - - [15/May/2023:10:15:31 +0800] "GET /favicon.ico HTTP/1.1" 404 -
124.79.74.67 - - [15/May/2023:10:15:31 +0800] "GET /xingrg/check_reg.html?_=1684116946566 HTTP/1.1" 200 22
124.79.74.67 - - [15/May/2023:10:15:32 +0800] "GET /xingrg/all/function/internal_message.html?_=1684116946565&CODE_STATE=count HTTP/1.1" 200 11
124.79.74.67 - - [15/May/2023:10:15:32 +0800] "POST /xingrg/all/common/load_tree.html?tree=area_rest_tree_json&manage=1 HTTP/1.1" 200 351
124.79.74.67 - - [15/May/2023:10:15:32 +0800] "POST /xingrg/load_menu.html HTTP/1.1" 200 5138
124.79.74.67 - - [15/May/2023:10:15:33 +0800] "GET /xingrg/kc/buy/buy_main.html HTTP/1.1" 200 12412
124.79.74.67 - - [15/May/2023:10:15:33 +0800] "GET /xingrg/css/new_ie.css HTTP/1.1" 404 1036
114.83.219.197 - - [15/May/2023:10:15:34 +0800] "GET /xingrg/kc/buy/cgsh_order_add.html HTTP/1.1" 200 70568
114.83.219.197 - - [15/May/2023:10:15:34 +0800] "GET /xingrg/words/20230515092718_words.js HTTP/1.1" 304 -
114.83.219.197 - - [15/May/2023:10:15:34 +0800] "POST /xingrg/kc/buy/cgsh_order_operate.html HTTP/1.1" 200 8245
114.83.219.197 - - [15/May/2023:10:15:34 +0800] "GET /xingrg/javascript/easyui/themes/default/validatebox.css HTTP/1.1" 404 1104
124.79.74.67 - - [15/May/2023:10:15:34 +0800] "GET /xingrg/images/yd/bt.gif HTTP/1.1" 404 1040
116.235.240.236 - - [15/May/2023:10:15:35 +0800] "GET /xingrg/kc/buy/cgsh_order_operate.html?command=get_materiel&rest_code=00146&code=00101008185&supplier_code=00100005&order_time=2023-05-15 HTTP/1.1" 200 408
116.224.158.100 - - [15/May/2023:10:15:35 +0800] "GET /xingrg/all/function/internal_message.html?_=1684116771757&CODE_STATE=getMsg HTTP/1.1" 200 27
114.83.219.197 - - [15/May/2023:10:15:37 +0800] "GET /xingrg/javascript/auto/indicator.gif HTTP/1.1" 404 1066
124.79.74.67 - - [15/May/2023:10:15:37 +0800] "GET /xingrg/kc/base/base_main.html HTTP/1.1" 200 12142
124.79.74.67 - - [15/May/2023:10:15:39 +0800] "GET /xingrg/kc/base/check_order_list.html HTTP/1.1" 200 16223
116.235.240.236 - - [15/May/2023:10:15:40 +0800] "GET /xingrg/all/function/internal_message.html?_=1684116945756&CODE_STATE=getMsg HTTP/1.1" 200 27
116.237.77.83 - - [15/May/2023:10:15:41 +0800] "GET /xingrg/all/function/internal_message.html?_=1684116941126&CODE_STATE=getMsg HTTP/1.1" 200 27
124.79.240.114 - - [15/May/2023:10:15:43 +0800] "GET /xingrg/check_reg.html?_=1684117220084 HTTP/1.1" 302 -
114.85.96.117 - - [15/May/2023:10:15:44 +0800] "GET /xingrg/kc/mdqp/qqps_order_info.html?code=302023051500235 HTTP/1.1" 200 26706
114.85.96.117 - - [15/May/2023:10:15:44 +0800] "GET /xingrg/dwr/interface/AjaxComOrderService.js HTTP/1.1" 200 18264
114.85.96.117 - - [15/May/2023:10:15:44 +0800] "GET /xingrg/dwr/interface/AjaxQqpsService.js HTTP/1.1" 200 16326
114.85.96.117 - - [15/May/2023:10:15:44 +0800] "GET /xingrg/dwr/engine.js HTTP/1.1" 200 43631
114.85.96.117 - - [15/May/2023:10:15:44 +0800] "GET /xingrg/words/20230515092718_words.js HTTP/1.1" 304 -
124.79.74.67 - - [15/May/2023:10:15:45 +0800] "POST /xingrg/kc/base/check_list_operate.html HTTP/1.1" 200 2883
114.85.96.117 - - [15/May/2023:10:15:45 +0800] "POST /xingrg/dwr/call/plaincall/AjaxQqpsService.loadMaterielItems.dwr HTTP/1.1" 200 6397
124.79.74.67 - - [15/May/2023:10:15:51 +0800] "GET /xingrg/kc/base/check_order_info.html?code=452023051400085 HTTP/1.1" 200 26478
124.79.74.67 - - [15/May/2023:10:15:51 +0800] "GET /xingrg/dwr/interface/AjaxComOrderService.js HTTP/1.1" 200 18264
124.79.74.67 - - [15/May/2023:10:15:51 +0800] "GET /xingrg/dwr/interface/AjaxCheckService.js HTTP/1.1" 200 14003
124.79.74.67 - - [15/May/2023:10:15:51 +0800] "GET /xingrg/dwr/engine.js HTTP/1.1" 200 43631
124.79.74.67 - - [15/May/2023:10:15:51 +0800] "GET /xingrg/dwr/util.js HTTP/1.1" 200 35990
180.169.147.146 - - [15/May/2023:10:15:52 +0800] "GET /xingrg/login.html HTTP/1.1" 200 7641
180.171.122.0 - - [15/May/2023:10:15:52 +0800] "POST /xingrg/services/DataTransmitService HTTP/1.1" 200 524
180.169.147.146 - - [15/May/2023:10:15:53 +0800] "GET /favicon.ico HTTP/1.1" 404 -
116.237.77.83 - - [15/May/2023:10:15:53 +0800] "POST /xingrg/kc/base/check_list_operate.html HTTP/1.1" 200 4
124.79.74.67 - - [15/May/2023:10:15:54 +0800] "POST /xingrg/dwr/call/plaincall/AjaxCheckService.loadOrderItems.dwr HTTP/1.1" 200 25869
101.83.241.217 - - [15/May/2023:10:15:55 +0800] "GET /xingrg/all/function/internal_message.html?_=1684116954710&CODE_STATE=getMsg HTTP/1.1" 200 27
180.169.147.146 - - [15/May/2023:10:15:55 +0800] "POST /xingrg/login.do HTTP/1.1" 302 -
180.169.147.146 - - [15/May/2023:10:15:56 +0800] "GET /xingrg/index.html?sysBaseUrl=http%3A%2F%2F180.169.147.146%3A18081%2Fxingrg%2F&costTime=1397×tamp=1684116955914 HTTP/1.1" 200 17503
180.169.147.146 - - [15/May/2023:10:15:56 +0800] "GET /favicon.ico HTTP/1.1" 404 -
180.169.147.146 - - [15/May/2023:10:15:56 +0800] "POST /xingrg/all/common/load_tree.html?tree=area_rest_tree_json&manage=1 HTTP/1.1" 200 3499
180.169.147.146 - - [15/May/2023:10:15:56 +0800] "GET /xingrg/check_reg.html?_=1684116954816 HTTP/1.1" 200 22
180.169.147.146 - - [15/May/2023:10:15:56 +0800] "GET /xingrg/all/function/internal_message.html?_=1684116954815&CODE_STATE=count HTTP/1.1" 200 11
180.169.147.146 - - [15/May/2023:10:15:56 +0800] "POST /xingrg/load_menu.html HTTP/1.1" 200 11443
124.79.74.67 - - [15/May/2023:10:15:58 +0800] "POST /xingrg/dwr/call/plaincall/AjaxCheckService.setItemNumber.dwr HTTP/1.1" 200 76
124.79.74.67 - - [15/May/2023:10:15:58 +0800] "POST /xingrg/dwr/call/plaincall/AjaxCheckService.setItemNumber.dwr HTTP/1.1" 200 76
124.79.74.67 - - [15/May/2023:10:15:58 +0800] "POST /xingrg/dwr/call/plaincall/AjaxCheckService.setItemNumber.dwr HTTP/1.1" 200 76
124.79.74.67 - - [15/May/2023:10:16:00 +0800] "POST /xingrg/dwr/call/plaincall/AjaxCheckService.setItemNumber.dwr HTTP/1.1" 200 76
180.169.147.146 - - [15/May/2023:10:16:00 +0800] "POST /xingrg/all/user/operate.html HTTP/1.1" 200 36
124.79.74.67 - - [15/May/2023:10:16:00 +0800] "POST /xingrg/dwr/call/plaincall/AjaxCheckService.setItemNumber.dwr HTTP/1.1" 200 76
180.169.147.146 - - [15/May/2023:10:16:00 +0800] "GET /xingrg/javascript/jquery_easy_ui/themes/icon.css HTTP/1.1" 304 -
180.169.147.146 - - [15/May/2023:10:16:00 +0800] "GET /xingrg/javascript/jquery_easy_ui/themes/default/easyui.css HTTP/1.1" 304 -
180.169.147.146 - - [15/May/2023:10:16:00 +0800] "GET /xingrg/css/form.css HTTP/1.1" 304 -
180.169.147.146 - - [15/May/2023:10:16:00 +0800] "GET /xingrg/javascript/jquery_easy_ui/jquery.easyui.min.js HTTP/1.1" 304 -
124.79.74.67 - - [15/May/2023:10:16:00 +0800] "POST /xingrg/dwr/call/plaincall/AjaxCheckService.setItemNumber.dwr HTTP/1.1" 200 76
180.169.147.146 - - [15/May/2023:10:16:00 +0800] "GET /xingrg/javascript/jquery_easy_ui/easyui-lang-zh_CN.js HTTP/1.1" 304 -
180.169.147.146 - - [15/May/2023:10:16:00 +0800] "GET /xingrg/javascript/jquery-1.4.2.min.js HTTP/1.1" 304 -
180.169.147.146 - - [15/May/2023:10:16:00 +0800] "GET /xingrg/index.html?sysBaseUrl=http%3A%2F%2F180.169.147.146%3A18081%2Fxingrg%2F&costTime=1397×tamp=1684116955914 HTTP/1.1" 200 17509
180.169.147.146 - - [15/May/2023:10:16:00 +0800] "GET /xingrg/javascript/jquery.form.js HTTP/1.1" 304 -
180.169.147.146 - - [15/May/2023:10:16:00 +0800] "GET /xingrg/javascript/jquery.utils.js HTTP/1.1" 304 -
180.169.147.146 - - [15/May/2023:10:16:00 +0800] "GET /xingrg/javascript/jquery.timers.js HTTP/1.1" 304 -
180.169.147.146 - - [15/May/2023:10:16:00 +0800] "GET /xingrg/images/blue/jxLogo.png HTTP/1.1" 304 -
180.169.147.146 - - [15/May/2023:10:16:00 +0800] "GET /xingrg/images/blue/navBackgound.jpg HTTP/1.1" 304 -
180.169.147.146 - - [15/May/2023:10:16:00 +0800] "GET /xingrg/javascript/jquery_easy_ui/themes/icons/settle_new.png HTTP/1.1" 304 -
180.169.147.146 - - [15/May/2023:10:16:01 +0800] "GET /xingrg/all/function/internal_message.html?_=1684116959227&CODE_STATE=count HTTP/1.1" 200 11
180.169.147.146 - - [15/May/2023:10:16:01 +0800] "GET /xingrg/check_reg.html?_=1684116959228 HTTP/1.1" 200 22
180.169.147.146 - - [15/May/2023:10:16:01 +0800] "GET /xingrg/javascript/jquery_easy_ui/themes/default/images/tabs_leftarrow.png HTTP/1.1" 304 -
180.169.147.146 - - [15/May/2023:10:16:01 +0800] "GET /xingrg/javascript/jquery_easy_ui/themes/default/images/panel_tool_expand.gif HTTP/1.1" 304 -
180.169.147.146 - - [15/May/2023:10:16:01 +0800] "GET /xingrg/javascript/jquery_easy_ui/themes/default/images/panel_tool_collapse.gif HTTP/1.1" 304 -
180.169.147.146 - - [15/May/2023:10:16:01 +0800] "GET /xingrg/javascript/jquery_easy_ui/themes/default/images/tabs_rightarrow.png HTTP/1.1" 304 -
180.169.147.146 - - [15/May/2023:10:16:01 +0800] "GET /xingrg/images/blue/pingpu.png HTTP/1.1" 304 -
124.79.74.67 - - [15/May/2023:10:16:01 +0800] "POST /xingrg/dwr/call/plaincall/AjaxCheckService.setItemNumber.dwr HTTP/1.1" 200 76
180.169.147.146 - - [15/May/2023:10:16:01 +0800] "POST /xingrg/all/common/load_tree.html?tree=area_rest_tree_json&manage=1 HTTP/1.1" 200 3499
180.169.147.146 - - [15/May/2023:10:16:01 +0800] "POST /xingrg/load_menu.html HTTP/1.1" 200 9959
124.79.74.67 - - [15/May/2023:10:16:01 +0800] "POST /xingrg/dwr/call/plaincall/AjaxCheckService.setItemNumber.dwr HTTP/1.1" 200 76
124.79.74.67 - - [15/May/2023:10:16:01 +0800] "POST /xingrg/dwr/call/plaincall/AjaxCheckService.setItemNumber.dwr HTTP/1.1" 200 76
124.79.74.67 - - [15/May/2023:10:16:02 +0800] "POST /xingrg/dwr/call/plaincall/AjaxCheckService.setItemNumber.dwr HTTP/1.1" 200 77
124.79.74.67 - - [15/May/2023:10:16:03 +0800] "POST /xingrg/dwr/call/plaincall/AjaxCheckService.setItemNumber.dwr HTTP/1.1" 200 77
180.169.147.146 - - [15/May/2023:10:16:03 +0800] "GET /xingrg/kc/base/base_main.html HTTP/1.1" 200 12142
124.79.74.67 - - [15/May/2023:10:16:03 +0800] "POST /xingrg/dwr/call/plaincall/AjaxCheckService.setItemNumber.dwr HTTP/1.1" 200 77
124.79.74.67 - - [15/May/2023:10:16:04 +0800] "POST /xingrg/dwr/call/plaincall/AjaxCheckService.setItemNumber.dwr HTTP/1.1" 200 77
124.79.74.67 - - [15/May/2023:10:16:04 +0800] "POST /xingrg/dwr/call/plaincall/AjaxCheckService.setItemNumber.dwr HTTP/1.1" 200 77
222.67.238.82 - - [15/May/2023:10:16:04 +0800] "GET /xingrg/all/function/internal_message.html?_=1684116483095&CODE_STATE=getMsg HTTP/1.1" 200 27
124.79.74.67 - - [15/May/2023:10:16:05 +0800] "POST /xingrg/dwr/call/plaincall/AjaxCheckService.setItemNumber.dwr HTTP/1.1" 200 77
180.169.147.146 - - [15/May/2023:10:16:05 +0800] "GET /xingrg/kc/base/yddb_order_list.html HTTP/1.1" 200 16710
124.79.74.67 - - [15/May/2023:10:16:05 +0800] "POST /xingrg/dwr/call/plaincall/AjaxCheckService.setItemNumber.dwr HTTP/1.1" 200 77
124.79.74.67 - - [15/May/2023:10:16:06 +0800] "POST /xingrg/dwr/call/plaincall/AjaxCheckService.setItemNumber.dwr HTTP/1.1" 200 77
180.169.147.146 - - [15/May/2023:10:16:06 +0800] "POST /xingrg/kc/base/yddb_list_operate.html HTTP/1.1" 200 636
124.79.74.67 - - [15/May/2023:10:16:06 +0800] "POST /xingrg/dwr/call/plaincall/AjaxCheckService.setItemNumber.dwr HTTP/1.1" 200 77
124.79.74.67 - - [15/May/2023:10:16:07 +0800] "POST /xingrg/dwr/call/plaincall/AjaxCheckService.setItemNumber.dwr HTTP/1.1" 200 77
116.235.240.236 - - [15/May/2023:10:16:07 +0800] "GET /xingrg/kc/buy/cgsh_order_operate.html?command=get_materiel&rest_code=00146&code=00101008354&supplier_code=00100005&order_time=2023-05-15 HTTP/1.1" 200 412
124.79.74.67 - - [15/May/2023:10:16:08 +0800] "POST /xingrg/dwr/call/plaincall/AjaxCheckService.setItemNumber.dwr HTTP/1.1" 200 77
180.171.122.0 - - [15/May/2023:10:16:08 +0800] "POST /xingrg/services/DataTransmitService HTTP/1.1" 200 501
124.79.74.67 - - [15/May/2023:10:16:08 +0800] "POST /xingrg/dwr/call/plaincall/AjaxCheckService.setItemNumber.dwr HTTP/1.1" 200 77
116.237.77.83 - - [15/May/2023:10:16:08 +0800] "GET /xingrg/check_reg.html?_=1684116968651 HTTP/1.1" 200 22
116.237.77.83 - - [15/May/2023:10:16:08 +0800] "GET /xingrg/all/function/internal_message.html?_=1684116968655&CODE_STATE=getMsg HTTP/1.1" 200 27
124.79.74.67 - - [15/May/2023:10:16:09 +0800] "POST /xingrg/dwr/call/plaincall/AjaxCheckService.setItemNumber.dwr HTTP/1.1" 200 77
180.169.147.146 - - [15/May/2023:10:16:09 +0800] "POST /xingrg/kc/base/yddb_list_operate.html HTTP/1.1" 200 4412
124.79.74.67 - - [15/May/2023:10:16:10 +0800] "POST /xingrg/dwr/call/plaincall/AjaxCheckService.setItemNumber.dwr HTTP/1.1" 200 77
180.169.147.146 - - [15/May/2023:10:16:11 +0800] "POST /xingrg/kc/base/yddb_list_operate.html HTTP/1.1" 200 580
124.79.74.67 - - [15/May/2023:10:16:11 +0800] "POST /xingrg/dwr/call/plaincall/AjaxCheckService.setItemNumber.dwr HTTP/1.1" 200 77
124.79.74.67 - - [15/May/2023:10:16:12 +0800] "POST /xingrg/dwr/call/plaincall/AjaxCheckService.setItemNumber.dwr HTTP/1.1" 200 77
180.169.147.146 - - [15/May/2023:10:16:12 +0800] "GET /xingrg/kc/base/yddb_order_info.html?code=482023042100130 HTTP/1.1" 200 29339
180.169.147.146 - - [15/May/2023:10:16:12 +0800] "GET /xingrg/dwr/interface/AjaxComOrderService.js HTTP/1.1" 200 18264
180.169.147.146 - - [15/May/2023:10:16:12 +0800] "GET /xingrg/dwr/interface/AjaxYddbService.js HTTP/1.1" 200 13201
180.169.147.146 - - [15/May/2023:10:16:12 +0800] "GET /xingrg/dwr/engine.js HTTP/1.1" 200 43631
180.169.147.146 - - [15/May/2023:10:16:12 +0800] "GET /xingrg/dwr/util.js HTTP/1.1" 200 35990
114.85.96.117 - - [15/May/2023:10:16:13 +0800] "GET /xingrg/all/function/internal_message.html?_=1684116973438&CODE_STATE=getMsg HTTP/1.1" 200 27
124.79.74.67 - - [15/May/2023:10:16:13 +0800] "POST /xingrg/dwr/call/plaincall/AjaxCheckService.setItemNumber.dwr HTTP/1.1" 200 77
124.79.74.67 - - [15/May/2023:10:16:14 +0800] "POST /xingrg/dwr/call/plaincall/AjaxCheckService.setItemNumber.dwr HTTP/1.1" 200 77
124.79.74.67 - - [15/May/2023:10:16:15 +0800] "POST /xingrg/dwr/call/plaincall/AjaxCheckService.setItemNumber.dwr HTTP/1.1" 200 77
124.79.74.67 - - [15/May/2023:10:16:15 +0800] "POST /xingrg/dwr/call/plaincall/AjaxCheckService.setItemNumber.dwr HTTP/1.1" 200 77
124.79.74.67 - - [15/May/2023:10:16:16 +0800] "POST /xingrg/dwr/call/plaincall/AjaxCheckService.setItemNumber.dwr HTTP/1.1" 200 77
124.79.74.67 - - [15/May/2023:10:16:17 +0800] "POST /xingrg/dwr/call/plaincall/AjaxCheckService.setItemNumber.dwr HTTP/1.1" 200 77
180.169.147.146 - - [15/May/2023:10:16:22 +0800] "POST /xingrg/dwr/call/plaincall/AjaxYddbService.loadMaterielItems.dwr HTTP/1.1" 200 6914
114.83.219.197 - - [15/May/2023:10:16:23 +0800] "GET /xingrg/all/function/internal_message.html?_=1684117078010&CODE_STATE=getMsg HTTP/1.1" 200 27
101.229.22.40 - - [15/May/2023:10:16:23 +0800] "GET /xingrg/all/function/internal_message.html?_=1684116983881&CODE_STATE=getMsg HTTP/1.1" 200 27
116.235.240.236 - - [15/May/2023:10:16:23 +0800] "GET /xingrg/kc/buy/cgsh_order_operate.html?command=get_materiel&rest_code=00146&code=00101008010&supplier_code=00100005&order_time=2023-05-15 HTTP/1.1" 200 412
116.232.195.27 - - [15/May/2023:10:16:25 +0800] "GET /xingrg/check_reg.html?_=1684117035534 HTTP/1.1" 302 -
124.79.74.67 - - [15/May/2023:10:16:26 +0800] "POST /xingrg/dwr/call/plaincall/AjaxCheckService.setItemNumber.dwr HTTP/1.1" 200 77
116.235.240.236 - - [15/May/2023:10:16:27 +0800] "POST /xingrg/kc/buy/cgsh_order_operate.html HTTP/1.1" 200 2065
124.79.74.67 - - [15/May/2023:10:16:28 +0800] "POST /xingrg/dwr/call/plaincall/AjaxCheckService.setItemNumber.dwr HTTP/1.1" 200 77
124.79.74.67 - - [15/May/2023:10:16:29 +0800] "POST /xingrg/dwr/call/plaincall/AjaxCheckService.setItemNumber.dwr HTTP/1.1" 200 77
124.79.74.67 - - [15/May/2023:10:16:30 +0800] "POST /xingrg/dwr/call/plaincall/AjaxCheckService.setItemNumber.dwr HTTP/1.1" 200 77
124.79.74.67 - - [15/May/2023:10:16:30 +0800] "POST /xingrg/dwr/call/plaincall/AjaxCheckService.setItemNumber.dwr HTTP/1.1" 200 77
124.79.74.67 - - [15/May/2023:10:16:31 +0800] "POST /xingrg/dwr/call/plaincall/AjaxCheckService.setItemNumber.dwr HTTP/1.1" 200 77
124.79.74.67 - - [15/May/2023:10:16:31 +0800] "POST /xingrg/dwr/call/plaincall/AjaxCheckService.setItemNumber.dwr HTTP/1.1" 200 77
124.79.74.67 - - [15/May/2023:10:16:31 +0800] "POST /xingrg/dwr/call/plaincall/AjaxCheckService.setItemNumber.dwr HTTP/1.1" 200 77
124.79.74.67 - - [15/May/2023:10:16:31 +0800] "GET /xingrg/all/function/internal_message.html?_=1684117006568&CODE_STATE=getMsg HTTP/1.1" 200 27
124.79.74.67 - - [15/May/2023:10:16:32 +0800] "POST /xingrg/dwr/call/plaincall/AjaxCheckService.setItemNumber.dwr HTTP/1.1" 200 77
116.235.240.236 - - [15/May/2023:10:16:35 +0800] "GET /xingrg/kc/buy/cgsh_order_operate.html?command=get_materiel&rest_code=00146&code=00101008028&supplier_code=00100005&order_time=2023-05-15 HTTP/1.1" 200 412
116.224.158.100 - - [15/May/2023:10:16:35 +0800] "GET /xingrg/all/function/internal_message.html?_=1684116831760&CODE_STATE=getMsg HTTP/1.1" 200 27
124.79.74.67 - - [15/May/2023:10:16:36 +0800] "GET /xingrg/kc/base/check_order_list.html?isBack=1 HTTP/1.1" 200 16223
124.79.74.67 - - [15/May/2023:10:16:36 +0800] "POST /xingrg/kc/base/check_list_operate.html HTTP/1.1" 200 2883
114.83.219.197 - - [15/May/2023:10:16:39 +0800] "GET /xingrg/kc/buy/cgsh_order_operate.html?command=get_materiel&rest_code=00154&code=00101028074&supplier_code=00100427&order_time=2023-05-15 HTTP/1.1" 200 428
116.235.240.236 - - [15/May/2023:10:16:40 +0800] "GET /xingrg/all/function/internal_message.html?_=1684117005770&CODE_STATE=getMsg HTTP/1.1" 200 27
124.79.74.67 - - [15/May/2023:10:16:41 +0800] "GET /xingrg/kc/base/check_order_info.html?code=452023051400084 HTTP/1.1" 200 26478
124.79.74.67 - - [15/May/2023:10:16:41 +0800] "GET /xingrg/dwr/interface/AjaxComOrderService.js HTTP/1.1" 200 18264
124.79.74.67 - - [15/May/2023:10:16:41 +0800] "GET /xingrg/dwr/interface/AjaxCheckService.js HTTP/1.1" 200 14003
124.79.74.67 - - [15/May/2023:10:16:41 +0800] "GET /xingrg/dwr/engine.js HTTP/1.1" 200 43631
124.79.74.67 - - [15/May/2023:10:16:42 +0800] "POST /xingrg/dwr/call/plaincall/AjaxCheckService.loadOrderItems.dwr HTTP/1.1" 200 27394
116.238.139.35 - - [15/May/2023:10:16:43 +0800] "GET /xingrg/check_reg.html?_=1684116928736 HTTP/1.1" 302 -
114.85.96.117 - - [15/May/2023:10:16:44 +0800] "GET /xingrg/check_reg.html?_=1684117005158 HTTP/1.1" 302 -
116.235.240.236 - - [15/May/2023:10:16:48 +0800] "GET /xingrg/kc/buy/cgsh_order_operate.html?command=get_materiel&rest_code=00146&code=00101008351&supplier_code=00100005&order_time=2023-05-15 HTTP/1.1" 200 408
124.79.74.67 - - [15/May/2023:10:16:49 +0800] "POST /xingrg/dwr/call/plaincall/AjaxCheckService.setItemNumber.dwr HTTP/1.1" 200 76
124.79.74.67 - - [15/May/2023:10:16:50 +0800] "POST /xingrg/dwr/call/plaincall/AjaxCheckService.setItemNumber.dwr HTTP/1.1" 200 76
124.79.74.67 - - [15/May/2023:10:16:51 +0800] "POST /xingrg/dwr/call/plaincall/AjaxCheckService.setItemNumber.dwr HTTP/1.1" 200 76
124.79.74.67 - - [15/May/2023:10:16:52 +0800] "POST /xingrg/dwr/call/plaincall/AjaxCheckService.setItemNumber.dwr HTTP/1.1" 200 76
124.79.74.67 - - [15/May/2023:10:16:52 +0800] "POST /xingrg/dwr/call/plaincall/AjaxCheckService.setItemNumber.dwr HTTP/1.1" 200 76
124.79.74.67 - - [15/May/2023:10:16:53 +0800] "POST /xingrg/dwr/call/plaincall/AjaxCheckService.setItemNumber.dwr HTTP/1.1" 200 76
124.79.74.67 - - [15/May/2023:10:16:53 +0800] "POST /xingrg/dwr/call/plaincall/AjaxCheckService.setItemNumber.dwr HTTP/1.1" 200 76
124.79.74.67 - - [15/May/2023:10:16:54 +0800] "POST /xingrg/dwr/call/plaincall/AjaxCheckService.setItemNumber.dwr HTTP/1.1" 200 76
124.79.74.67 - - [15/May/2023:10:16:54 +0800] "POST /xingrg/dwr/call/plaincall/AjaxCheckService.setItemNumber.dwr HTTP/1.1" 200 76
101.83.241.217 - - [15/May/2023:10:16:55 +0800] "GET /xingrg/all/function/internal_message.html?_=1684117014700&CODE_STATE=getMsg HTTP/1.1" 200 27
124.79.74.67 - - [15/May/2023:10:16:55 +0800] "POST /xingrg/dwr/call/plaincall/AjaxCheckService.setItemNumber.dwr HTTP/1.1" 200 77
124.79.74.67 - - [15/May/2023:10:16:55 +0800] "POST /xingrg/dwr/call/plaincall/AjaxCheckService.setItemNumber.dwr HTTP/1.1" 200 77
124.79.74.67 - - [15/May/2023:10:16:56 +0800] "POST /xingrg/dwr/call/plaincall/AjaxCheckService.setItemNumber.dwr HTTP/1.1" 200 77
124.79.74.67 - - [15/May/2023:10:16:57 +0800] "POST /xingrg/dwr/call/plaincall/AjaxCheckService.setItemNumber.dwr HTTP/1.1" 200 77
124.79.74.67 - - [15/May/2023:10:16:57 +0800] "POST /xingrg/dwr/call/plaincall/AjaxCheckService.setItemNumber.dwr HTTP/1.1" 200 77
124.79.74.67 - - [15/May/2023:10:16:58 +0800] "POST /xingrg/dwr/call/plaincall/AjaxCheckService.setItemNumber.dwr HTTP/1.1" 200 77
124.79.74.67 - - [15/May/2023:10:16:58 +0800] "POST /xingrg/dwr/call/plaincall/AjaxCheckService.setItemNumber.dwr HTTP/1.1" 200 77
124.79.74.67 - - [15/May/2023:10:16:58 +0800] "POST /xingrg/dwr/call/plaincall/AjaxCheckService.setItemNumber.dwr HTTP/1.1" 200 77
124.79.74.67 - - [15/May/2023:10:16:59 +0800] "POST /xingrg/dwr/call/plaincall/AjaxCheckService.setItemNumber.dwr HTTP/1.1" 200 77
124.79.74.67 - - [15/May/2023:10:16:59 +0800] "POST /xingrg/dwr/call/plaincall/AjaxCheckService.setItemNumber.dwr HTTP/1.1" 200 77
124.79.74.67 - - [15/May/2023:10:17:00 +0800] "POST /xingrg/dwr/call/plaincall/AjaxCheckService.setItemNumber.dwr HTTP/1.1" 200 77
124.79.74.67 - - [15/May/2023:10:17:00 +0800] "POST /xingrg/dwr/call/plaincall/AjaxCheckService.setItemNumber.dwr HTTP/1.1" 200 77
180.169.147.146 - - [15/May/2023:10:17:01 +0800] "GET /xingrg/all/function/internal_message.html?_=1684117019235&CODE_STATE=getMsg HTTP/1.1" 200 27
124.79.74.67 - - [15/May/2023:10:17:01 +0800] "POST /xingrg/dwr/call/plaincall/AjaxCheckService.setItemNumber.dwr HTTP/1.1" 200 77
116.235.240.236 - - [15/May/2023:10:17:01 +0800] "GET /xingrg/kc/buy/cgsh_order_operate.html?command=get_materiel&rest_code=00146&code=00101008096&supplier_code=00100005&order_time=2023-05-15 HTTP/1.1" 200 412
124.79.74.67 - - [15/May/2023:10:17:02 +0800] "POST /xingrg/dwr/call/plaincall/AjaxCheckService.setItemNumber.dwr HTTP/1.1" 200 77
124.79.74.67 - - [15/May/2023:10:17:02 +0800] "POST /xingrg/dwr/call/plaincall/AjaxCheckService.setItemNumber.dwr HTTP/1.1" 200 77
124.79.74.67 - - [15/May/2023:10:17:03 +0800] "POST /xingrg/dwr/call/plaincall/AjaxCheckService.setItemNumber.dwr HTTP/1.1" 200 77
124.79.74.67 - - [15/May/2023:10:17:03 +0800] "POST /xingrg/dwr/call/plaincall/AjaxCheckService.setItemNumber.dwr HTTP/1.1" 200 77
124.79.74.67 - - [15/May/2023:10:17:03 +0800] "POST /xingrg/dwr/call/plaincall/AjaxCheckService.setItemNumber.dwr HTTP/1.1" 200 77
222.67.238.82 - - [15/May/2023:10:17:04 +0800] "GET /xingrg/all/function/internal_message.html?_=1684116543099&CODE_STATE=getMsg HTTP/1.1" 200 27
124.79.74.67 - - [15/May/2023:10:17:05 +0800] "POST /xingrg/dwr/call/plaincall/AjaxCheckService.setItemNumber.dwr HTTP/1.1" 200 77
124.79.74.67 - - [15/May/2023:10:17:06 +0800] "POST /xingrg/dwr/call/plaincall/AjaxCheckService.setItemNumber.dwr HTTP/1.1" 200 77
124.79.74.67 - - [15/May/2023:10:17:06 +0800] "POST /xingrg/dwr/call/plaincall/AjaxCheckService.setItemNumber.dwr HTTP/1.1" 200 77
124.79.74.67 - - [15/May/2023:10:17:06 +0800] "POST /xingrg/dwr/call/plaincall/AjaxCheckService.setItemNumber.dwr HTTP/1.1" 200 77
124.79.74.67 - - [15/May/2023:10:17:07 +0800] "POST /xingrg/dwr/call/plaincall/AjaxCheckService.setItemNumber.dwr HTTP/1.1" 200 77
124.79.74.67 - - [15/May/2023:10:17:07 +0800] "POST /xingrg/dwr/call/plaincall/AjaxCheckService.setItemNumber.dwr HTTP/1.1" 200 77
124.79.74.67 - - [15/May/2023:10:17:08 +0800] "POST /xingrg/dwr/call/plaincall/AjaxCheckService.setItemNumber.dwr HTTP/1.1" 200 77
124.79.74.67 - - [15/May/2023:10:17:08 +0800] "POST /xingrg/dwr/call/plaincall/AjaxCheckService.setItemNumber.dwr HTTP/1.1" 200 77
116.237.77.83 - - [15/May/2023:10:17:08 +0800] "GET /xingrg/all/function/internal_message.html?_=1684117028642&CODE_STATE=getMsg HTTP/1.1" 200 27
124.79.74.67 - - [15/May/2023:10:17:09 +0800] "POST /xingrg/dwr/call/plaincall/AjaxCheckService.setItemNumber.dwr HTTP/1.1" 200 77
124.79.74.67 - - [15/May/2023:10:17:09 +0800] "POST /xingrg/dwr/call/plaincall/AjaxCheckService.setItemNumber.dwr HTTP/1.1" 200 77
124.79.74.67 - - [15/May/2023:10:17:09 +0800] "POST /xingrg/dwr/call/plaincall/AjaxCheckService.setItemNumber.dwr HTTP/1.1" 200 77
124.79.74.67 - - [15/May/2023:10:17:10 +0800] "POST /xingrg/dwr/call/plaincall/AjaxCheckService.setItemNumber.dwr HTTP/1.1" 200 77
101.83.241.217 - - [15/May/2023:10:17:10 +0800] "POST /xingrg/kc/buy/cgsh_order_operate.html HTTP/1.1" 200 37
124.79.74.67 - - [15/May/2023:10:17:10 +0800] "POST /xingrg/dwr/call/plaincall/AjaxCheckService.setItemNumber.dwr HTTP/1.1" 200 77
124.79.74.67 - - [15/May/2023:10:17:11 +0800] "POST /xingrg/dwr/call/plaincall/AjaxCheckService.setItemNumber.dwr HTTP/1.1" 200 77
124.79.74.67 - - [15/May/2023:10:17:11 +0800] "POST /xingrg/dwr/call/plaincall/AjaxCheckService.setItemNumber.dwr HTTP/1.1" 200 77
114.85.96.117 - - [15/May/2023:10:17:13 +0800] "GET /xingrg/all/function/internal_message.html?_=1684117033433&CODE_STATE=getMsg HTTP/1.1" 200 27
116.237.77.83 - - [15/May/2023:10:17:13 +0800] "GET /xingrg/all/function/internal_message.html?_=1684117033340&CODE_STATE=getMsg HTTP/1.1" 200 27
116.237.77.83 - - [15/May/2023:10:17:13 +0800] "POST /xingrg/kc/base/check_list_operate.html HTTP/1.1" 200 781
124.79.74.67 - - [15/May/2023:10:17:15 +0800] "GET /xingrg/kc/base/check_order_list.html?isBack=1 HTTP/1.1" 200 16223
124.79.74.67 - - [15/May/2023:10:17:15 +0800] "POST /xingrg/kc/base/check_list_operate.html HTTP/1.1" 200 2883
124.79.74.67 - - [15/May/2023:10:17:18 +0800] "GET /xingrg/kc/base/check_order_info.html?code=452023051400082 HTTP/1.1" 200 26478
124.79.74.67 - - [15/May/2023:10:17:18 +0800] "GET /xingrg/dwr/interface/AjaxComOrderService.js HTTP/1.1" 200 18264
124.79.74.67 - - [15/May/2023:10:17:18 +0800] "GET /xingrg/dwr/interface/AjaxCheckService.js HTTP/1.1" 200 14003
124.79.74.67 - - [15/May/2023:10:17:18 +0800] "GET /xingrg/dwr/engine.js HTTP/1.1" 200 43631
124.79.74.67 - - [15/May/2023:10:17:19 +0800] "POST /xingrg/dwr/call/plaincall/AjaxCheckService.loadOrderItems.dwr HTTP/1.1" 200 163408
124.79.240.114 - - [15/May/2023:10:17:21 +0800] "GET /xingrg/login.html HTTP/1.1" 200 7641
114.83.219.197 - - [15/May/2023:10:17:23 +0800] "GET /xingrg/all/function/internal_message.html?_=1684117138023&CODE_STATE=getMsg HTTP/1.1" 200 27
124.79.240.114 - - [15/May/2023:10:17:23 +0800] "GET /favicon.ico HTTP/1.1" 404 -
124.79.74.67 - - [15/May/2023:10:17:23 +0800] "POST /xingrg/dwr/call/plaincall/AjaxCheckService.setItemNumber.dwr HTTP/1.1" 200 76
101.229.22.40 - - [15/May/2023:10:17:23 +0800] "GET /xingrg/check_reg.html?_=1684117043882 HTTP/1.1" 200 22
101.229.22.40 - - [15/May/2023:10:17:23 +0800] "GET /xingrg/all/function/internal_message.html?_=1684117043885&CODE_STATE=getMsg HTTP/1.1" 200 27
124.79.74.67 - - [15/May/2023:10:17:24 +0800] "POST /xingrg/dwr/call/plaincall/AjaxCheckService.setItemNumber.dwr HTTP/1.1" 200 76
116.235.240.236 - - [15/May/2023:10:17:24 +0800] "GET /xingrg/kc/buy/cgsh_order_operate.html?command=get_materiel&rest_code=00146&code=00101008038&supplier_code=00100005&order_time=2023-05-15 HTTP/1.1" 200 412
124.79.74.67 - - [15/May/2023:10:17:25 +0800] "POST /xingrg/dwr/call/plaincall/AjaxCheckService.setItemNumber.dwr HTTP/1.1" 200 76
116.237.77.83 - - [15/May/2023:10:17:25 +0800] "GET /xingrg/kc/cost/cost_list.html HTTP/1.1" 200 6093
116.224.158.100 - - [15/May/2023:10:17:25 +0800] "GET /xingrg/check_reg.html?_=1684117046133 HTTP/1.1" 302 -
124.79.240.114 - - [15/May/2023:10:17:26 +0800] "POST /xingrg/login.do HTTP/1.1" 302 -
116.237.77.83 - - [15/May/2023:10:17:26 +0800] "GET /xingrg/dwr/interface/AjaxReportQueryService.js HTTP/1.1" 200 13203
116.237.77.83 - - [15/May/2023:10:17:26 +0800] "GET /xingrg/dwr/engine.js HTTP/1.1" 200 43631
124.79.240.114 - - [15/May/2023:10:17:26 +0800] "GET /xingrg/index.html?sysBaseUrl=http%3A%2F%2F180.169.147.146%3A18081%2Fxingrg%2F&costTime=1196×tamp=1684117046200 HTTP/1.1" 200 17503
124.79.74.67 - - [15/May/2023:10:17:26 +0800] "POST /xingrg/dwr/call/plaincall/AjaxCheckService.setItemNumber.dwr HTTP/1.1" 200 76
124.79.240.114 - - [15/May/2023:10:17:26 +0800] "GET /xingrg/check_reg.html?_=1684117043191 HTTP/1.1" 200 22
124.79.240.114 - - [15/May/2023:10:17:26 +0800] "POST /xingrg/all/common/load_tree.html?tree=area_rest_tree_json&manage=1 HTTP/1.1" 200 591
124.79.240.114 - - [15/May/2023:10:17:26 +0800] "GET /xingrg/all/function/internal_message.html?_=1684117043190&CODE_STATE=count HTTP/1.1" 200 11
124.79.240.114 - - [15/May/2023:10:17:26 +0800] "GET /favicon.ico HTTP/1.1" 404 -
124.79.240.114 - - [15/May/2023:10:17:26 +0800] "POST /xingrg/load_menu.html HTTP/1.1" 200 11564
116.237.77.83 - - [15/May/2023:10:17:27 +0800] "GET /xingrg/dwr/util.js HTTP/1.1" 304 -
120.253.135.82 - - [15/May/2023:10:17:27 +0800] "GET /xingrg/check_reg.html?_=1684116884724 HTTP/1.1" 302 -
116.237.77.83 - - [15/May/2023:10:17:28 +0800] "GET /xingrg/kc/cost/cost_operate.html?_=1684117047884&command=load_cost_list HTTP/1.1" 200 10331
124.79.74.67 - - [15/May/2023:10:17:28 +0800] "POST /xingrg/dwr/call/plaincall/AjaxCheckService.setItemNumber.dwr HTTP/1.1" 200 76
124.79.74.67 - - [15/May/2023:10:17:28 +0800] "POST /xingrg/dwr/call/plaincall/AjaxCheckService.setItemNumber.dwr HTTP/1.1" 200 76
124.79.74.67 - - [15/May/2023:10:17:29 +0800] "POST /xingrg/dwr/call/plaincall/AjaxCheckService.setItemNumber.dwr HTTP/1.1" 200 76
124.79.74.67 - - [15/May/2023:10:17:30 +0800] "POST /xingrg/dwr/call/plaincall/AjaxCheckService.setItemNumber.dwr HTTP/1.1" 200 76
124.79.74.67 - - [15/May/2023:10:17:30 +0800] "POST /xingrg/dwr/call/plaincall/AjaxCheckService.setItemNumber.dwr HTTP/1.1" 200 76
124.79.74.67 - - [15/May/2023:10:17:31 +0800] "POST /xingrg/dwr/call/plaincall/AjaxCheckService.setItemNumber.dwr HTTP/1.1" 200 77
124.79.74.67 - - [15/May/2023:10:17:31 +0800] "POST /xingrg/dwr/call/plaincall/AjaxCheckService.setItemNumber.dwr HTTP/1.1" 200 77
124.79.74.67 - - [15/May/2023:10:17:32 +0800] "GET /xingrg/all/function/internal_message.html?_=1684117066593&CODE_STATE=getMsg HTTP/1.1" 200 27
124.79.74.67 - - [15/May/2023:10:17:32 +0800] "POST /xingrg/dwr/call/plaincall/AjaxCheckService.setItemNumber.dwr HTTP/1.1" 200 77
124.79.74.67 - - [15/May/2023:10:17:33 +0800] "POST /xingrg/dwr/call/plaincall/AjaxCheckService.setItemNumber.dwr HTTP/1.1" 200 77
124.79.74.67 - - [15/May/2023:10:17:33 +0800] "POST /xingrg/dwr/call/plaincall/AjaxCheckService.setItemNumber.dwr HTTP/1.1" 200 77
124.79.74.67 - - [15/May/2023:10:17:33 +0800] "POST /xingrg/dwr/call/plaincall/AjaxCheckService.setItemNumber.dwr HTTP/1.1" 200 77
116.237.77.83 - - [15/May/2023:10:17:34 +0800] "GET /xingrg/kc/cost/cost_page.html HTTP/1.1" 200 4088
124.79.74.67 - - [15/May/2023:10:17:34 +0800] "POST /xingrg/dwr/call/plaincall/AjaxCheckService.setItemNumber.dwr HTTP/1.1" 200 77
124.79.74.67 - - [15/May/2023:10:17:35 +0800] "POST /xingrg/dwr/call/plaincall/AjaxCheckService.setItemNumber.dwr HTTP/1.1" 200 77
116.237.77.83 - - [15/May/2023:10:17:35 +0800] "GET /xingrg/dwr/interface/AjaxReportQueryService.js HTTP/1.1" 200 13203
116.237.77.83 - - [15/May/2023:10:17:35 +0800] "GET /xingrg/dwr/engine.js HTTP/1.1" 200 43631
124.79.74.67 - - [15/May/2023:10:17:35 +0800] "POST /xingrg/dwr/call/plaincall/AjaxCheckService.setItemNumber.dwr HTTP/1.1" 200 77
116.224.158.100 - - [15/May/2023:10:17:35 +0800] "GET /xingrg/check_reg.html?_=1684116891761 HTTP/1.1" 200 22
116.224.158.100 - - [15/May/2023:10:17:35 +0800] "GET /xingrg/all/function/internal_message.html?_=1684116891763&CODE_STATE=getMsg HTTP/1.1" 200 27
124.79.240.114 - - [15/May/2023:10:17:36 +0800] "POST /xingrg/all/user/operate.html HTTP/1.1" 200 36
124.79.74.67 - - [15/May/2023:10:17:36 +0800] "POST /xingrg/dwr/call/plaincall/AjaxCheckService.setItemNumber.dwr HTTP/1.1" 200 77
124.79.240.114 - - [15/May/2023:10:17:36 +0800] "GET /xingrg/index.html?sysBaseUrl=http%3A%2F%2F180.169.147.146%3A18081%2Fxingrg%2F&costTime=1196×tamp=1684117046200 HTTP/1.1" 200 17503
124.79.240.114 - - [15/May/2023:10:17:36 +0800] "GET /xingrg/javascript/jquery_easy_ui/themes/default/easyui.css HTTP/1.1" 304 -
124.79.240.114 - - [15/May/2023:10:17:36 +0800] "GET /xingrg/javascript/jquery_easy_ui/themes/icon.css HTTP/1.1" 304 -
124.79.240.114 - - [15/May/2023:10:17:36 +0800] "GET /xingrg/css/form.css HTTP/1.1" 304 -
124.79.240.114 - - [15/May/2023:10:17:36 +0800] "GET /xingrg/javascript/jquery-1.4.2.min.js HTTP/1.1" 304 -
124.79.240.114 - - [15/May/2023:10:17:36 +0800] "GET /xingrg/javascript/jquery_easy_ui/jquery.easyui.min.js HTTP/1.1" 304 -
124.79.240.114 - - [15/May/2023:10:17:36 +0800] "GET /xingrg/javascript/jquery_easy_ui/easyui-lang-zh_CN.js HTTP/1.1" 304 -
124.79.240.114 - - [15/May/2023:10:17:36 +0800] "GET /xingrg/javascript/jquery.form.js HTTP/1.1" 304 -
124.79.240.114 - - [15/May/2023:10:17:36 +0800] "GET /xingrg/javascript/jquery.utils.js HTTP/1.1" 304 -
124.79.240.114 - - [15/May/2023:10:17:36 +0800] "GET /xingrg/javascript/jquery.timers.js HTTP/1.1" 304 -
124.79.240.114 - - [15/May/2023:10:17:36 +0800] "GET /xingrg/images/blue/jxLogo.png HTTP/1.1" 304 -
124.79.74.67 - - [15/May/2023:10:17:36 +0800] "POST /xingrg/dwr/call/plaincall/AjaxCheckService.setItemNumber.dwr HTTP/1.1" 200 77
124.79.240.114 - - [15/May/2023:10:17:36 +0800] "GET /xingrg/all/function/internal_message.html?_=1684117053240&CODE_STATE=count HTTP/1.1" 200 11
124.79.240.114 - - [15/May/2023:10:17:36 +0800] "GET /xingrg/check_reg.html?_=1684117053241 HTTP/1.1" 200 22
124.79.240.114 - - [15/May/2023:10:17:36 +0800] "GET /xingrg/javascript/jquery_easy_ui/themes/default/images/panel_tool_expand.gif HTTP/1.1" 304 -
124.79.240.114 - - [15/May/2023:10:17:36 +0800] "GET /xingrg/javascript/jquery_easy_ui/themes/default/images/tabs_rightarrow.png HTTP/1.1" 304 -
124.79.240.114 - - [15/May/2023:10:17:36 +0800] "GET /xingrg/javascript/jquery_easy_ui/themes/default/images/panel_tool_collapse.gif HTTP/1.1" 304 -
124.79.240.114 - - [15/May/2023:10:17:36 +0800] "GET /xingrg/images/blue/pingpu.png HTTP/1.1" 304 -
124.79.240.114 - - [15/May/2023:10:17:36 +0800] "GET /xingrg/javascript/jquery_easy_ui/themes/icons/settle_new.png HTTP/1.1" 304 -
124.79.240.114 - - [15/May/2023:10:17:36 +0800] "GET /xingrg/images/blue/navBackgound.jpg HTTP/1.1" 304 -
124.79.240.114 - - [15/May/2023:10:17:36 +0800] "GET /xingrg/javascript/jquery_easy_ui/themes/default/images/tabs_leftarrow.png HTTP/1.1" 304 -
124.79.74.67 - - [15/May/2023:10:17:36 +0800] "POST /xingrg/dwr/call/plaincall/AjaxCheckService.setItemNumber.dwr HTTP/1.1" 200 77
124.79.240.114 - - [15/May/2023:10:17:36 +0800] "POST /xingrg/all/common/load_tree.html?tree=area_rest_tree_json&manage=1 HTTP/1.1" 200 591
124.79.240.114 - - [15/May/2023:10:17:37 +0800] "POST /xingrg/load_menu.html HTTP/1.1" 200 9959
116.235.240.236 - - [15/May/2023:10:17:37 +0800] "GET /xingrg/kc/buy/cgsh_order_operate.html?command=get_materiel&rest_code=00146&code=00101008358&supplier_code=00100005&order_time=2023-05-15 HTTP/1.1" 200 412
124.79.74.67 - - [15/May/2023:10:17:37 +0800] "POST /xingrg/dwr/call/plaincall/AjaxCheckService.setItemNumber.dwr HTTP/1.1" 200 77
124.79.74.67 - - [15/May/2023:10:17:38 +0800] "POST /xingrg/dwr/call/plaincall/AjaxCheckService.setItemNumber.dwr HTTP/1.1" 200 77
124.79.74.67 - - [15/May/2023:10:17:39 +0800] "POST /xingrg/dwr/call/plaincall/AjaxCheckService.setItemNumber.dwr HTTP/1.1" 200 77
116.235.240.236 - - [15/May/2023:10:17:40 +0800] "POST /xingrg/kc/buy/cgsh_order_operate.html HTTP/1.1" 200 2065
124.79.74.67 - - [15/May/2023:10:17:40 +0800] "POST /xingrg/dwr/call/plaincall/AjaxCheckService.setItemNumber.dwr HTTP/1.1" 200 77
116.235.240.236 - - [15/May/2023:10:17:40 +0800] "GET /xingrg/all/function/internal_message.html?_=1684117065882&CODE_STATE=getMsg HTTP/1.1" 200 27
124.79.74.67 - - [15/May/2023:10:17:41 +0800] "POST /xingrg/dwr/call/plaincall/AjaxCheckService.setItemNumber.dwr HTTP/1.1" 200 77
124.79.240.114 - - [15/May/2023:10:17:41 +0800] "GET /xingrg/kc/base/check_order_list.html HTTP/1.1" 200 16478
124.79.74.67 - - [15/May/2023:10:17:42 +0800] "POST /xingrg/dwr/call/plaincall/AjaxCheckService.setItemNumber.dwr HTTP/1.1" 200 77
116.237.77.83 - - [15/May/2023:10:17:42 +0800] "POST /xingrg/kc/cost/cost_operate.html HTTP/1.1" 200 4
124.79.240.114 - - [15/May/2023:10:17:42 +0800] "POST /xingrg/kc/base/check_list_operate.html HTTP/1.1" 200 3195
116.237.77.83 - - [15/May/2023:10:17:43 +0800] "GET /xingrg/kc/cost/cost_page.html HTTP/1.1" 200 4363
116.237.77.83 - - [15/May/2023:10:17:43 +0800] "GET /xingrg/css/blue.css HTTP/1.1" 304 -
124.79.240.114 - - [15/May/2023:10:17:43 +0800] "POST /xingrg/services/DataTransmitService HTTP/1.1" 200 524
116.237.77.83 - - [15/May/2023:10:17:43 +0800] "GET /xingrg/javascript/jquery_easy_ui/themes/default/easyui.css HTTP/1.1" 304 -
116.237.77.83 - - [15/May/2023:10:17:43 +0800] "GET /xingrg/javascript/jquery_easy_ui/themes/icon.css HTTP/1.1" 304 -
116.237.77.83 - - [15/May/2023:10:17:43 +0800] "GET /xingrg/javascript/step/step.css HTTP/1.1" 304 -
116.237.77.83 - - [15/May/2023:10:17:43 +0800] "GET /xingrg/css/table.css HTTP/1.1" 304 -
116.237.77.83 - - [15/May/2023:10:17:43 +0800] "GET /xingrg/dwr/interface/AjaxReportQueryService.js HTTP/1.1" 200 13203
116.237.77.83 - - [15/May/2023:10:17:44 +0800] "GET /xingrg/dwr/engine.js HTTP/1.1" 200 43631
116.237.77.83 - - [15/May/2023:10:17:44 +0800] "GET /xingrg/dwr/util.js HTTP/1.1" 304 -
116.237.77.83 - - [15/May/2023:10:17:44 +0800] "GET /xingrg/javascript/jquery-1.4.2.min.js HTTP/1.1" 304 -
124.79.74.67 - - [15/May/2023:10:17:44 +0800] "POST /xingrg/dwr/call/plaincall/AjaxCheckService.setItemNumber.dwr HTTP/1.1" 200 77
124.79.74.67 - - [15/May/2023:10:17:45 +0800] "POST /xingrg/dwr/call/plaincall/AjaxCheckService.setItemNumber.dwr HTTP/1.1" 200 77
124.79.74.67 - - [15/May/2023:10:17:45 +0800] "POST /xingrg/dwr/call/plaincall/AjaxCheckService.setItemNumber.dwr HTTP/1.1" 200 77
124.79.74.67 - - [15/May/2023:10:17:45 +0800] "POST /xingrg/dwr/call/plaincall/AjaxCheckService.setItemNumber.dwr HTTP/1.1" 200 77
124.79.74.67 - - [15/May/2023:10:17:46 +0800] "POST /xingrg/dwr/call/plaincall/AjaxCheckService.setItemNumber.dwr HTTP/1.1" 200 77
116.237.77.83 - - [15/May/2023:10:17:46 +0800] "GET /xingrg/javascript/jquery_easy_ui/jquery.easyui.min.js HTTP/1.1" 304 -
116.237.77.83 - - [15/May/2023:10:17:46 +0800] "GET /xingrg/javascript/jquery_easy_ui/easyui-lang-zh_CN.js HTTP/1.1" 304 -
116.237.77.83 - - [15/May/2023:10:17:46 +0800] "GET /xingrg/javascript/jquery.utils.js HTTP/1.1" 304 -
116.237.77.83 - - [15/May/2023:10:17:47 +0800] "GET /xingrg/images/control/ajaxLoader.gif HTTP/1.1" 304 -
124.79.74.67 - - [15/May/2023:10:17:47 +0800] "POST /xingrg/dwr/call/plaincall/AjaxCheckService.setItemNumber.dwr HTTP/1.1" 200 77
124.79.74.67 - - [15/May/2023:10:17:47 +0800] "POST /xingrg/dwr/call/plaincall/AjaxCheckService.setItemNumber.dwr HTTP/1.1" 200 77
101.83.241.217 - - [15/May/2023:10:17:47 +0800] "POST /xingrg/kc/buy/cgsh_order_operate.html HTTP/1.1" 200 12
124.79.74.67 - - [15/May/2023:10:17:47 +0800] "POST /xingrg/dwr/call/plaincall/AjaxCheckService.setItemNumber.dwr HTTP/1.1" 200 77
124.79.74.67 - - [15/May/2023:10:17:48 +0800] "POST /xingrg/dwr/call/plaincall/AjaxCheckService.setItemNumber.dwr HTTP/1.1" 200 77
124.79.74.67 - - [15/May/2023:10:17:49 +0800] "POST /xingrg/dwr/call/plaincall/AjaxCheckService.setItemNumber.dwr HTTP/1.1" 200 77
116.235.240.236 - - [15/May/2023:10:17:49 +0800] "GET /xingrg/kc/buy/cgsh_order_operate.html?command=get_materiel&rest_code=00146&code=00101008403&supplier_code=00100005&order_time=2023-05-15 HTTP/1.1" 200 412
124.79.74.67 - - [15/May/2023:10:17:49 +0800] "POST /xingrg/dwr/call/plaincall/AjaxCheckService.setItemNumber.dwr HTTP/1.1" 200 77
124.79.74.67 - - [15/May/2023:10:17:50 +0800] "POST /xingrg/dwr/call/plaincall/AjaxCheckService.setItemNumber.dwr HTTP/1.1" 200 77
101.83.241.217 - - [15/May/2023:10:17:50 +0800] "GET /xingrg/kc/buy/cgsh_order_info.html?code=212023051505441 HTTP/1.1" 200 66361
101.83.241.217 - - [15/May/2023:10:17:51 +0800] "GET /xingrg/words/20230515092718_words.js HTTP/1.1" 304 -
124.79.74.67 - - [15/May/2023:10:17:51 +0800] "POST /xingrg/dwr/call/plaincall/AjaxCheckService.setItemNumber.dwr HTTP/1.1" 200 77
124.79.74.67 - - [15/May/2023:10:17:51 +0800] "POST /xingrg/dwr/call/plaincall/AjaxCheckService.setItemNumber.dwr HTTP/1.1" 200 77
101.83.241.217 - - [15/May/2023:10:17:51 +0800] "GET /xingrg/javascript/easyui/themes/default/validatebox.css HTTP/1.1" 404 1104
124.79.74.67 - - [15/May/2023:10:17:51 +0800] "POST /xingrg/dwr/call/plaincall/AjaxCheckService.setItemNumber.dwr HTTP/1.1" 200 77
124.79.74.67 - - [15/May/2023:10:17:52 +0800] "POST /xingrg/dwr/call/plaincall/AjaxCheckService.setItemNumber.dwr HTTP/1.1" 200 77
124.79.74.67 - - [15/May/2023:10:17:52 +0800] "POST /xingrg/dwr/call/plaincall/AjaxCheckService.setItemNumber.dwr HTTP/1.1" 200 77
101.83.241.217 - - [15/May/2023:10:17:52 +0800] "POST /xingrg/kc/buy/cgsh_order_operate.html HTTP/1.1" 200 31994
124.79.74.67 - - [15/May/2023:10:17:53 +0800] "POST /xingrg/dwr/call/plaincall/AjaxCheckService.setItemNumber.dwr HTTP/1.1" 200 77
124.79.74.67 - - [15/May/2023:10:17:54 +0800] "POST /xingrg/dwr/call/plaincall/AjaxCheckService.setItemNumber.dwr HTTP/1.1" 200 77
124.79.74.67 - - [15/May/2023:10:17:55 +0800] "POST /xingrg/dwr/call/plaincall/AjaxCheckService.setItemNumber.dwr HTTP/1.1" 200 77
101.83.241.217 - - [15/May/2023:10:17:55 +0800] "GET /xingrg/all/function/internal_message.html?_=1684117074693&CODE_STATE=getMsg HTTP/1.1" 200 27
101.83.241.217 - - [15/May/2023:10:17:55 +0800] "GET /xingrg/kc/print/load_config.html?kc_code=cgsh HTTP/1.1" 200 1925
124.79.74.67 - - [15/May/2023:10:17:56 +0800] "POST /xingrg/dwr/call/plaincall/AjaxCheckService.setItemNumber.dwr HTTP/1.1" 200 77
124.79.74.67 - - [15/May/2023:10:17:59 +0800] "POST /xingrg/dwr/call/plaincall/AjaxCheckService.setItemNumber.dwr HTTP/1.1" 200 77
101.83.241.217 - - [15/May/2023:10:17:59 +0800] "GET /xingrg/kc/print/load_data.html?order_code=212023051505441&kc_code=cgsh&condition= HTTP/1.1" 200 12605
124.79.74.67 - - [15/May/2023:10:18:00 +0800] "POST /xingrg/dwr/call/plaincall/AjaxCheckService.setItemNumber.dwr HTTP/1.1" 200 77
180.169.147.146 - - [15/May/2023:10:18:01 +0800] "GET /xingrg/all/function/internal_message.html?_=1684117079246&CODE_STATE=getMsg HTTP/1.1" 200 27
124.79.74.67 - - [15/May/2023:10:18:02 +0800] "POST /xingrg/dwr/call/plaincall/AjaxCheckService.setItemNumber.dwr HTTP/1.1" 200 77
124.79.74.67 - - [15/May/2023:10:18:02 +0800] "POST /xingrg/dwr/call/plaincall/AjaxCheckService.setItemNumber.dwr HTTP/1.1" 200 77
124.79.74.67 - - [15/May/2023:10:18:03 +0800] "POST /xingrg/dwr/call/plaincall/AjaxCheckService.setItemNumber.dwr HTTP/1.1" 200 77
124.79.74.67 - - [15/May/2023:10:18:03 +0800] "POST /xingrg/dwr/call/plaincall/AjaxCheckService.setItemNumber.dwr HTTP/1.1" 200 77
124.79.74.67 - - [15/May/2023:10:18:04 +0800] "POST /xingrg/dwr/call/plaincall/AjaxCheckService.setItemNumber.dwr HTTP/1.1" 200 77
124.79.74.67 - - [15/May/2023:10:18:04 +0800] "POST /xingrg/dwr/call/plaincall/AjaxCheckService.setItemNumber.dwr HTTP/1.1" 200 77
124.79.74.67 - - [15/May/2023:10:18:04 +0800] "POST /xingrg/dwr/call/plaincall/AjaxCheckService.setItemNumber.dwr HTTP/1.1" 200 77
124.79.74.67 - - [15/May/2023:10:18:04 +0800] "POST /xingrg/dwr/call/plaincall/AjaxCheckService.setItemNumber.dwr HTTP/1.1" 200 77
222.67.238.82 - - [15/May/2023:10:18:04 +0800] "GET /xingrg/all/function/internal_message.html?_=1684116603130&CODE_STATE=getMsg HTTP/1.1" 200 27
124.79.74.67 - - [15/May/2023:10:18:04 +0800] "POST /xingrg/dwr/call/plaincall/AjaxCheckService.setItemNumber.dwr HTTP/1.1" 200 77
124.79.74.67 - - [15/May/2023:10:18:05 +0800] "POST /xingrg/dwr/call/plaincall/AjaxCheckService.setItemNumber.dwr HTTP/1.1" 200 77
124.79.74.67 - - [15/May/2023:10:18:05 +0800] "POST /xingrg/dwr/call/plaincall/AjaxCheckService.setItemNumber.dwr HTTP/1.1" 200 77
124.79.74.67 - - [15/May/2023:10:18:05 +0800] "POST /xingrg/dwr/call/plaincall/AjaxCheckService.setItemNumber.dwr HTTP/1.1" 200 77
124.79.74.67 - - [15/May/2023:10:18:05 +0800] "POST /xingrg/dwr/call/plaincall/AjaxCheckService.setItemNumber.dwr HTTP/1.1" 200 77
124.79.74.67 - - [15/May/2023:10:18:05 +0800] "POST /xingrg/dwr/call/plaincall/AjaxCheckService.setItemNumber.dwr HTTP/1.1" 200 77
124.79.74.67 - - [15/May/2023:10:18:05 +0800] "POST /xingrg/dwr/call/plaincall/AjaxCheckService.setItemNumber.dwr HTTP/1.1" 200 77
124.79.74.67 - - [15/May/2023:10:18:05 +0800] "POST /xingrg/dwr/call/plaincall/AjaxCheckService.setItemNumber.dwr HTTP/1.1" 200 77
124.79.74.67 - - [15/May/2023:10:18:06 +0800] "POST /xingrg/dwr/call/plaincall/AjaxCheckService.setItemNumber.dwr HTTP/1.1" 200 77
124.79.74.67 - - [15/May/2023:10:18:06 +0800] "POST /xingrg/dwr/call/plaincall/AjaxCheckService.setItemNumber.dwr HTTP/1.1" 200 77
124.79.74.67 - - [15/May/2023:10:18:07 +0800] "POST /xingrg/dwr/call/plaincall/AjaxCheckService.setItemNumber.dwr HTTP/1.1" 200 77
124.79.74.67 - - [15/May/2023:10:18:07 +0800] "POST /xingrg/dwr/call/plaincall/AjaxCheckService.setItemNumber.dwr HTTP/1.1" 200 77
124.79.74.67 - - [15/May/2023:10:18:07 +0800] "POST /xingrg/dwr/call/plaincall/AjaxCheckService.setItemNumber.dwr HTTP/1.1" 200 77
116.235.240.236 - - [15/May/2023:10:18:07 +0800] "GET /xingrg/kc/buy/cgsh_order_operate.html?command=get_materiel&rest_code=00146&code=00101008067&supplier_code=00100005&order_time=2023-05-15 HTTP/1.1" 200 416
124.79.74.67 - - [15/May/2023:10:18:08 +0800] "POST /xingrg/dwr/call/plaincall/AjaxCheckService.setItemNumber.dwr HTTP/1.1" 200 77
124.79.74.67 - - [15/May/2023:10:18:08 +0800] "POST /xingrg/dwr/call/plaincall/AjaxCheckService.setItemNumber.dwr HTTP/1.1" 200 77
116.237.77.83 - - [15/May/2023:10:18:08 +0800] "GET /xingrg/all/function/internal_message.html?_=1684117088644&CODE_STATE=getMsg HTTP/1.1" 200 27
124.79.74.67 - - [15/May/2023:10:18:09 +0800] "POST /xingrg/dwr/call/plaincall/AjaxCheckService.setItemNumber.dwr HTTP/1.1" 200 77
124.79.74.67 - - [15/May/2023:10:18:09 +0800] "POST /xingrg/dwr/call/plaincall/AjaxCheckService.setItemNumber.dwr HTTP/1.1" 200 77
124.79.74.67 - - [15/May/2023:10:18:10 +0800] "POST /xingrg/dwr/call/plaincall/AjaxCheckService.setItemNumber.dwr HTTP/1.1" 200 77
124.79.74.67 - - [15/May/2023:10:18:10 +0800] "POST /xingrg/dwr/call/plaincall/AjaxCheckService.setItemNumber.dwr HTTP/1.1" 200 77
