120.253.135.82 - - [15/May/2023:09:16:26 +0800] "POST /xingrg/load_menu.html HTTP/1.1" 200 6743
120.253.135.82 - - [15/May/2023:09:16:26 +0800] "GET /xingrg/javascript/jquery_easy_ui/themes/default/images/tree_arrows.gif HTTP/1.1" 304 -
120.253.135.82 - - [15/May/2023:09:16:26 +0800] "GET /xingrg/javascript/jquery_easy_ui/themes/icons/forms_new.png HTTP/1.1" 304 -
120.253.135.82 - - [15/May/2023:09:16:26 +0800] "GET /xingrg/javascript/jquery_easy_ui/themes/default/images/tree_folder_open.gif HTTP/1.1" 304 -
120.253.135.82 - - [15/May/2023:09:16:26 +0800] "GET /xingrg/javascript/jquery_easy_ui/themes/icons/storage_new.png HTTP/1.1" 304 -
120.253.135.82 - - [15/May/2023:09:16:26 +0800] "GET /xingrg/javascript/jquery_easy_ui/themes/default/images/tree_file.gif HTTP/1.1" 304 -
120.253.135.82 - - [15/May/2023:09:16:26 +0800] "GET /xingrg/javascript/jquery_easy_ui/themes/icons/search_new.png HTTP/1.1" 304 -
120.253.135.82 - - [15/May/2023:09:16:26 +0800] "GET /xingrg/javascript/jquery_easy_ui/themes/icons/delivery_new.png HTTP/1.1" 304 -
120.253.135.82 - - [15/May/2023:09:16:26 +0800] "GET /xingrg/javascript/jquery_easy_ui/themes/default/images/tree_folder.gif HTTP/1.1" 304 -
222.67.238.82 - - [15/May/2023:09:16:26 +0800] "GET /favicon.ico HTTP/1.1" 404 -
116.232.195.27 - - [15/May/2023:09:16:26 +0800] "GET /xingrg/all/function/internal_message.html?_=1684113436800&CODE_STATE=getMsg HTTP/1.1" 200 27
116.238.139.35 - - [15/May/2023:09:16:27 +0800] "POST /xingrg/dwr/call/plaincall/AjaxCheckService.setItemNumber.dwr HTTP/1.1" 200 77
120.253.135.82 - - [15/May/2023:09:16:29 +0800] "GET /xingrg/javascript/jquery_easy_ui/themes/default/images/tabs_close.gif HTTP/1.1" 304 -
116.224.158.100 - - [15/May/2023:09:16:29 +0800] "GET /xingrg/all/function/internal_message.html?_=1684113225476&CODE_STATE=getMsg HTTP/1.1" 200 27
116.238.139.35 - - [15/May/2023:09:16:30 +0800] "POST /xingrg/dwr/call/plaincall/AjaxCheckService.setItemNumber.dwr HTTP/1.1" 200 77
120.253.135.82 - - [15/May/2023:09:16:30 +0800] "GET /xingrg/kc/pszx/mdqp_order_list.html?state=10 HTTP/1.1" 200 10275
120.253.135.82 - - [15/May/2023:09:16:30 +0800] "GET /xingrg/css/blue.css HTTP/1.1" 304 -
120.253.135.82 - - [15/May/2023:09:16:30 +0800] "GET /xingrg/javascript/pic_change.js HTTP/1.1" 304 -
120.253.135.82 - - [15/May/2023:09:16:30 +0800] "GET /xingrg/dwr/interface/AjaxQqpsService.js HTTP/1.1" 200 16326
120.253.135.82 - - [15/May/2023:09:16:30 +0800] "GET /xingrg/dwr/interface/AjaxReportQueryService.js HTTP/1.1" 200 13203
120.253.135.82 - - [15/May/2023:09:16:30 +0800] "GET /xingrg/dwr/util.js HTTP/1.1" 304 -
120.253.135.82 - - [15/May/2023:09:16:30 +0800] "GET /xingrg/dwr/engine.js HTTP/1.1" 200 43631
120.253.135.82 - - [15/May/2023:09:16:30 +0800] "GET /xingrg/javascript/Calendar.js HTTP/1.1" 304 -
120.253.135.82 - - [15/May/2023:09:16:30 +0800] "GET /xingrg/javascript/myfunction.js HTTP/1.1" 304 -
120.253.135.82 - - [15/May/2023:09:16:30 +0800] "GET /xingrg/javascript/jquery_easy_ui/themes/icons/check_new.png HTTP/1.1" 304 -
120.253.135.82 - - [15/May/2023:09:16:30 +0800] "GET /xingrg/javascript/jquery_easy_ui/themes/icons/uncheck_new.png HTTP/1.1" 304 -
120.253.135.82 - - [15/May/2023:09:16:30 +0800] "GET /xingrg/javascript/jquery_easy_ui/themes/icons/back_new.png HTTP/1.1" 304 -
114.83.219.197 - - [15/May/2023:09:16:30 +0800] "GET /xingrg/all/function/internal_message.html?_=1684113485578&CODE_STATE=getMsg HTTP/1.1" 200 27
124.79.240.114 - - [15/May/2023:09:16:31 +0800] "GET /xingrg/all/function/internal_message.html?_=1684113668209&CODE_STATE=getMsg HTTP/1.1" 200 27
116.238.139.35 - - [15/May/2023:09:16:31 +0800] "POST /xingrg/dwr/call/plaincall/AjaxCheckService.setItemNumber.dwr HTTP/1.1" 200 77
222.67.238.82 - - [15/May/2023:09:16:31 +0800] "POST /xingrg/login.do HTTP/1.1" 302 -
116.224.158.100 - - [15/May/2023:09:16:32 +0800] "GET /xingrg/kc/buy/cgsh_order_operate.html?command=get_materiel&rest_code=00105&code=00101015022&supplier_code=00100203&order_time=2023-05-15 HTTP/1.1" 200 408
116.237.77.83 - - [15/May/2023:09:16:33 +0800] "GET /xingrg/kc/buy/cgsh_order_operate.html?command=get_materiel&rest_code=00106&code=00101008067&supplier_code=00100007&order_time=2023-05-15 HTTP/1.1" 200 416
120.253.135.82 - - [15/May/2023:09:16:33 +0800] "GET /xingrg/kc/pszx/mdqp_order_list.html?state=10 HTTP/1.1" 200 10275
120.253.135.82 - - [15/May/2023:09:16:33 +0800] "GET /xingrg/dwr/interface/AjaxQqpsService.js HTTP/1.1" 200 16326
120.253.135.82 - - [15/May/2023:09:16:33 +0800] "GET /xingrg/dwr/interface/AjaxReportQueryService.js HTTP/1.1" 200 13203
120.253.135.82 - - [15/May/2023:09:16:33 +0800] "GET /xingrg/dwr/engine.js HTTP/1.1" 200 43631
116.238.139.35 - - [15/May/2023:09:16:33 +0800] "POST /xingrg/dwr/call/plaincall/AjaxCheckService.setItemNumber.dwr HTTP/1.1" 200 77
222.67.238.82 - - [15/May/2023:09:16:34 +0800] "POST /xingrg/login.do HTTP/1.1" 302 -
222.67.238.82 - - [15/May/2023:09:16:34 +0800] "GET /xingrg/index.html?sysBaseUrl=http%3A%2F%2F180.169.147.146%3A18081%2Fxingrg%2F&costTime=2941×tamp=1684113394607 HTTP/1.1" 200 17179
222.67.238.82 - - [15/May/2023:09:16:34 +0800] "GET /favicon.ico HTTP/1.1" 404 -
222.67.238.82 - - [15/May/2023:09:16:35 +0800] "GET /xingrg/check_reg.html?_=1684113392702 HTTP/1.1" 200 22
222.67.238.82 - - [15/May/2023:09:16:35 +0800] "POST /xingrg/all/common/load_tree.html?tree=area_rest_tree_json&manage=1 HTTP/1.1" 200 351
222.67.238.82 - - [15/May/2023:09:16:35 +0800] "GET /xingrg/all/function/internal_message.html?_=1684113392701&CODE_STATE=count HTTP/1.1" 200 11
116.238.139.35 - - [15/May/2023:09:16:35 +0800] "POST /xingrg/dwr/call/plaincall/AjaxCheckService.setItemNumber.dwr HTTP/1.1" 200 77
222.67.238.82 - - [15/May/2023:09:16:35 +0800] "POST /xingrg/load_menu.html HTTP/1.1" 200 5138
116.235.240.236 - - [15/May/2023:09:16:36 +0800] "GET /xingrg/check_reg.html?_=1684113401823 HTTP/1.1" 200 22
116.238.139.35 - - [15/May/2023:09:16:36 +0800] "POST /xingrg/dwr/call/plaincall/AjaxCheckService.setItemNumber.dwr HTTP/1.1" 200 77
222.67.238.82 - - [15/May/2023:09:16:36 +0800] "GET /xingrg/kc/base/base_main.html HTTP/1.1" 200 12142
222.67.238.82 - - [15/May/2023:09:16:37 +0800] "GET /xingrg/images/blue/button/kc.gif HTTP/1.1" 200 2160
222.67.238.82 - - [15/May/2023:09:16:37 +0800] "GET /xingrg/images/blue/button/wlsy.gif HTTP/1.1" 200 2536
222.67.238.82 - - [15/May/2023:09:16:37 +0800] "GET /xingrg/images/blue/button/ckpd.gif HTTP/1.1" 200 2051
222.67.238.82 - - [15/May/2023:09:16:37 +0800] "GET /xingrg/images/blue/button/ckdb.gif HTTP/1.1" 200 1950
222.67.238.82 - - [15/May/2023:09:16:37 +0800] "GET /xingrg/images/blue/pic_form2.gif HTTP/1.1" 200 1853
222.67.238.82 - - [15/May/2023:09:16:37 +0800] "GET /xingrg/images/blue/button/yddb.gif HTTP/1.1" 200 2040
222.67.238.82 - - [15/May/2023:09:16:37 +0800] "GET /xingrg/images/blue/button/top_left.jpg HTTP/1.1" 200 1632
222.67.238.82 - - [15/May/2023:09:16:37 +0800] "GET /xingrg/images/blue/button/top_right.jpg HTTP/1.1" 200 1708
222.67.238.82 - - [15/May/2023:09:16:37 +0800] "GET /xingrg/images/blue/bg_dotted.jpg HTTP/1.1" 200 319
222.67.238.82 - - [15/May/2023:09:16:37 +0800] "GET /xingrg/images/blue/button/down.jpg HTTP/1.1" 200 1560
222.67.238.82 - - [15/May/2023:09:16:37 +0800] "GET /xingrg/images/blue/button/right_ah.jpg HTTP/1.1" 200 1744
222.67.238.82 - - [15/May/2023:09:16:37 +0800] "GET /xingrg/images/blue/button/left_ah.jpg HTTP/1.1" 200 1643
222.67.238.82 - - [15/May/2023:09:16:37 +0800] "GET /xingrg/images/blue/button/bottom_right.jpg HTTP/1.1" 200 1436
222.67.238.82 - - [15/May/2023:09:16:37 +0800] "GET /xingrg/images/blue/button/bottom_left.jpg HTTP/1.1" 200 1524
222.67.238.82 - - [15/May/2023:09:16:38 +0800] "POST /xingrg/kc/base/check_list_operate.html HTTP/1.1" 200 1566
116.238.139.35 - - [15/May/2023:09:16:38 +0800] "POST /xingrg/dwr/call/plaincall/AjaxCheckService.setItemNumber.dwr HTTP/1.1" 200 77
116.238.139.35 - - [15/May/2023:09:16:39 +0800] "POST /xingrg/dwr/call/plaincall/AjaxCheckService.setItemNumber.dwr HTTP/1.1" 200 77
116.238.139.35 - - [15/May/2023:09:16:39 +0800] "POST /xingrg/dwr/call/plaincall/AjaxCheckService.setItemNumber.dwr HTTP/1.1" 200 77
116.238.139.35 - - [15/May/2023:09:16:39 +0800] "POST /xingrg/dwr/call/plaincall/AjaxCheckService.setItemNumber.dwr HTTP/1.1" 200 77
120.253.135.82 - - [15/May/2023:09:16:39 +0800] "GET /xingrg/kc/pszx/mdps_order_list.html?orderType=0 HTTP/1.1" 200 21032
120.253.135.82 - - [15/May/2023:09:16:39 +0800] "GET /xingrg/css/base.css HTTP/1.1" 304 -
120.253.135.82 - - [15/May/2023:09:16:39 +0800] "GET /xingrg/javascript/jquery_tools/datebox.css HTTP/1.1" 304 -
120.253.135.82 - - [15/May/2023:09:16:39 +0800] "GET /xingrg/javascript/easyui/themes/icon.css HTTP/1.1" 304 -
120.253.135.82 - - [15/May/2023:09:16:39 +0800] "GET /xingrg/css/site.css HTTP/1.1" 304 -
120.253.135.82 - - [15/May/2023:09:16:39 +0800] "GET /xingrg/javascript/easyui/themes/default/easyui.css HTTP/1.1" 304 -
120.253.135.82 - - [15/May/2023:09:16:39 +0800] "GET /xingrg/javascript/jquery_tools/table.css HTTP/1.1" 304 -
120.253.135.82 - - [15/May/2023:09:16:39 +0800] "GET /xingrg/javascript/auto/jquery.autocomplete.css HTTP/1.1" 304 -
120.253.135.82 - - [15/May/2023:09:16:39 +0800] "GET /xingrg/javascript/jquery_tools/fix.css HTTP/1.1" 304 -
120.253.135.82 - - [15/May/2023:09:16:39 +0800] "GET /xingrg/javascript/jquery_tools/jquery.tools.table.js HTTP/1.1" 304 -
120.253.135.82 - - [15/May/2023:09:16:39 +0800] "GET /xingrg/javascript/jquery_tools/list_manager.js HTTP/1.1" 304 -
120.253.135.82 - - [15/May/2023:09:16:39 +0800] "GET /xingrg/javascript/jquery_tools/jquery.tools.hotkey.js HTTP/1.1" 304 -
120.253.135.82 - - [15/May/2023:09:16:39 +0800] "GET /xingrg/javascript/auto/jquery.autocomplete.js HTTP/1.1" 304 -
120.253.135.82 - - [15/May/2023:09:16:39 +0800] "GET /xingrg/javascript/easyui/easyloader.js HTTP/1.1" 304 -
120.253.135.82 - - [15/May/2023:09:16:39 +0800] "GET /xingrg/javascript/jquery.cookie.js HTTP/1.1" 304 -
120.253.135.82 - - [15/May/2023:09:16:39 +0800] "GET /xingrg/javascript/print/LodopFuncs.js HTTP/1.1" 304 -
120.253.135.82 - - [15/May/2023:09:16:39 +0800] "GET /xingrg/javascript/jquery_tools/jquery.tools.min.js HTTP/1.1" 304 -
120.253.135.82 - - [15/May/2023:09:16:39 +0800] "GET /xingrg/javascript/jquery_tools/jquery.tools.extend.js HTTP/1.1" 304 -
120.253.135.82 - - [15/May/2023:09:16:40 +0800] "GET /xingrg/javascript/easyui/themes/icons/field_new.png HTTP/1.1" 304 -
120.253.135.82 - - [15/May/2023:09:16:40 +0800] "GET /xingrg/javascript/easyui/themes/icons/edit_add_new.png HTTP/1.1" 304 -
120.253.135.82 - - [15/May/2023:09:16:40 +0800] "GET /xingrg/javascript/easyui/themes/icons/cance_new.png HTTP/1.1" 304 -
120.253.135.82 - - [15/May/2023:09:16:40 +0800] "GET /xingrg/javascript/easyui/themes/icons/check_new.png HTTP/1.1" 304 -
120.253.135.82 - - [15/May/2023:09:16:40 +0800] "GET /xingrg/javascript/easyui/themes/icons/uncheck_new.png HTTP/1.1" 304 -
120.253.135.82 - - [15/May/2023:09:16:40 +0800] "GET /xingrg/javascript/easyui/themes/icons/import_new.png HTTP/1.1" 304 -
120.253.135.82 - - [15/May/2023:09:16:40 +0800] "GET /xingrg/javascript/easyui/plugins/jquery.parser.js HTTP/1.1" 304 -
120.253.135.82 - - [15/May/2023:09:16:40 +0800] "GET /xingrg/images/control/ajaxLoader.gif HTTP/1.1" 304 -
120.253.135.82 - - [15/May/2023:09:16:40 +0800] "GET /xingrg/javascript/jquery_easy_ui/themes/icons/area.png HTTP/1.1" 304 -
120.253.135.82 - - [15/May/2023:09:16:40 +0800] "GET /xingrg/javascript/jquery_easy_ui/themes/icons/manage.png HTTP/1.1" 304 -
120.253.135.82 - - [15/May/2023:09:16:40 +0800] "POST /xingrg/kc/pszx/mdps_list_operate.html HTTP/1.1" 200 5234
116.235.240.236 - - [15/May/2023:09:16:41 +0800] "GET /xingrg/all/function/internal_message.html?_=1684113406454&CODE_STATE=getMsg HTTP/1.1" 200 27
116.238.139.35 - - [15/May/2023:09:16:41 +0800] "POST /xingrg/all/user/operate.html HTTP/1.1" 200 36
116.238.139.35 - - [15/May/2023:09:16:42 +0800] "POST /xingrg/dwr/call/plaincall/AjaxCheckService.setItemNumber.dwr HTTP/1.1" 200 77
116.238.139.35 - - [15/May/2023:09:16:42 +0800] "POST /xingrg/dwr/call/plaincall/AjaxCheckService.setItemNumber.dwr HTTP/1.1" 200 77
120.253.135.82 - - [15/May/2023:09:16:42 +0800] "GET /xingrg/javascript/auto/indicator.gif HTTP/1.1" 404 1066
116.238.139.35 - - [15/May/2023:09:16:42 +0800] "GET /xingrg/index.html?sysBaseUrl=http%3A%2F%2F180.169.147.146%3A18081%2Fxingrg%2F&costTime=902×tamp=1684111313296 HTTP/1.1" 200 17179
116.238.139.35 - - [15/May/2023:09:16:42 +0800] "GET /xingrg/javascript/jquery_easy_ui/themes/default/easyui.css HTTP/1.1" 304 -
116.238.139.35 - - [15/May/2023:09:16:42 +0800] "GET /xingrg/javascript/jquery_easy_ui/themes/icon.css HTTP/1.1" 304 -
116.238.139.35 - - [15/May/2023:09:16:42 +0800] "GET /xingrg/css/form.css HTTP/1.1" 304 -
116.238.139.35 - - [15/May/2023:09:16:42 +0800] "GET /xingrg/javascript/jquery-1.4.2.min.js HTTP/1.1" 304 -
116.238.139.35 - - [15/May/2023:09:16:42 +0800] "GET /xingrg/javascript/jquery_easy_ui/jquery.easyui.min.js HTTP/1.1" 304 -
116.238.139.35 - - [15/May/2023:09:16:42 +0800] "GET /xingrg/javascript/jquery_easy_ui/easyui-lang-zh_CN.js HTTP/1.1" 304 -
116.238.139.35 - - [15/May/2023:09:16:42 +0800] "GET /xingrg/javascript/jquery.form.js HTTP/1.1" 304 -
116.238.139.35 - - [15/May/2023:09:16:43 +0800] "GET /xingrg/javascript/jquery.utils.js HTTP/1.1" 304 -
116.238.139.35 - - [15/May/2023:09:16:43 +0800] "GET /xingrg/javascript/jquery.timers.js HTTP/1.1" 304 -
116.238.139.35 - - [15/May/2023:09:16:43 +0800] "GET /xingrg/images/blue/navBackgound.jpg HTTP/1.1" 304 -
116.238.139.35 - - [15/May/2023:09:16:43 +0800] "GET /xingrg/images/blue/jxLogo.png HTTP/1.1" 304 -
116.238.139.35 - - [15/May/2023:09:16:43 +0800] "GET /xingrg/javascript/jquery_easy_ui/themes/icons/settle_new.png HTTP/1.1" 304 -
116.238.139.35 - - [15/May/2023:09:16:43 +0800] "GET /xingrg/images/blue/pingpu.png HTTP/1.1" 304 -
116.238.139.35 - - [15/May/2023:09:16:43 +0800] "GET /xingrg/javascript/jquery_easy_ui/themes/default/images/tabs_leftarrow.png HTTP/1.1" 304 -
116.238.139.35 - - [15/May/2023:09:16:43 +0800] "GET /xingrg/javascript/jquery_easy_ui/themes/default/images/tabs_rightarrow.png HTTP/1.1" 304 -
116.238.139.35 - - [15/May/2023:09:16:43 +0800] "GET /xingrg/javascript/jquery_easy_ui/themes/default/images/panel_tool_collapse.gif HTTP/1.1" 304 -
116.238.139.35 - - [15/May/2023:09:16:43 +0800] "GET /xingrg/all/function/internal_message.html?_=1684113328668&CODE_STATE=count HTTP/1.1" 200 11
116.238.139.35 - - [15/May/2023:09:16:43 +0800] "GET /xingrg/check_reg.html?_=1684113328669 HTTP/1.1" 200 22
116.238.139.35 - - [15/May/2023:09:16:43 +0800] "POST /xingrg/all/common/load_tree.html?tree=area_rest_tree_json&manage=1 HTTP/1.1" 200 476
116.238.139.35 - - [15/May/2023:09:16:43 +0800] "POST /xingrg/load_menu.html HTTP/1.1" 200 5138
116.237.77.83 - - [15/May/2023:09:16:43 +0800] "GET /xingrg/kc/buy/cgsh_order_operate.html?command=get_materiel&rest_code=00106&code=00101008321&supplier_code=00100007&order_time=2023-05-15 HTTP/1.1" 200 412
116.238.139.35 - - [15/May/2023:09:16:43 +0800] "POST /xingrg/dwr/call/plaincall/AjaxCheckService.setItemNumber.dwr HTTP/1.1" 200 77
116.238.139.35 - - [15/May/2023:09:16:44 +0800] "POST /xingrg/dwr/call/plaincall/AjaxCheckService.setItemNumber.dwr HTTP/1.1" 200 77
116.238.139.35 - - [15/May/2023:09:16:46 +0800] "GET /xingrg/kc/base/check_order_list.html HTTP/1.1" 200 16223
116.238.139.35 - - [15/May/2023:09:16:46 +0800] "POST /xingrg/kc/base/check_list_operate.html HTTP/1.1" 200 2913
116.238.139.35 - - [15/May/2023:09:16:48 +0800] "POST /xingrg/dwr/call/plaincall/AjaxCheckService.setItemNumber.dwr HTTP/1.1" 200 77
116.238.139.35 - - [15/May/2023:09:16:48 +0800] "POST /xingrg/dwr/call/plaincall/AjaxCheckService.setItemNumber.dwr HTTP/1.1" 200 77
116.238.139.35 - - [15/May/2023:09:16:49 +0800] "POST /xingrg/dwr/call/plaincall/AjaxCheckService.setItemNumber.dwr HTTP/1.1" 200 77
116.238.139.35 - - [15/May/2023:09:16:50 +0800] "GET /xingrg/kc/base/check_order_info.html?code=452023051400056 HTTP/1.1" 200 26486
116.238.139.35 - - [15/May/2023:09:16:50 +0800] "GET /xingrg/css/blue.css HTTP/1.1" 304 -
116.238.139.35 - - [15/May/2023:09:16:50 +0800] "GET /xingrg/dwr/interface/AjaxComOrderService.js HTTP/1.1" 200 18264
116.238.139.35 - - [15/May/2023:09:16:50 +0800] "GET /xingrg/dwr/interface/AjaxCheckService.js HTTP/1.1" 200 14003
116.238.139.35 - - [15/May/2023:09:16:50 +0800] "GET /xingrg/css/table.css HTTP/1.1" 200 3684
116.238.139.35 - - [15/May/2023:09:16:50 +0800] "GET /xingrg/javascript/myfunction.js HTTP/1.1" 304 -
116.238.139.35 - - [15/May/2023:09:16:50 +0800] "GET /xingrg/dwr/engine.js HTTP/1.1" 200 43631
116.238.139.35 - - [15/May/2023:09:16:50 +0800] "GET /xingrg/javascript/AjaxInfoList.js HTTP/1.1" 304 -
116.238.139.35 - - [15/May/2023:09:16:50 +0800] "GET /xingrg/javascript/Calendar.js HTTP/1.1" 304 -
116.238.139.35 - - [15/May/2023:09:16:50 +0800] "GET /xingrg/dwr/util.js HTTP/1.1" 200 35990
116.238.139.35 - - [15/May/2023:09:16:50 +0800] "GET /xingrg/javascript/jquery_easy_ui/themes/icons/check_new.png HTTP/1.1" 304 -
116.238.139.35 - - [15/May/2023:09:16:50 +0800] "GET /xingrg/javascript/jquery_easy_ui/themes/icons/print.png HTTP/1.1" 304 -
116.238.139.35 - - [15/May/2023:09:16:50 +0800] "GET /xingrg/javascript/jquery_easy_ui/themes/icons/cance_new.png HTTP/1.1" 304 -
116.238.139.35 - - [15/May/2023:09:16:50 +0800] "GET /xingrg/javascript/jquery_easy_ui/themes/icons/back_new.png HTTP/1.1" 304 -
116.238.139.35 - - [15/May/2023:09:16:50 +0800] "GET /xingrg/javascript/jquery_easy_ui/themes/default/images/menu_downarrow.png HTTP/1.1" 304 -
222.67.238.82 - - [15/May/2023:09:16:50 +0800] "GET /xingrg/dwr/engine.js HTTP/1.1" 200 43631
180.171.122.0 - - [15/May/2023:09:16:50 +0800] "GET /xingrg/all/function/internal_message.html?_=1684113410689&CODE_STATE=getMsg HTTP/1.1" 200 27
116.238.139.35 - - [15/May/2023:09:16:51 +0800] "POST /xingrg/dwr/call/plaincall/AjaxCheckService.setItemNumber.dwr HTTP/1.1" 200 77
116.238.139.35 - - [15/May/2023:09:16:52 +0800] "POST /xingrg/dwr/call/plaincall/AjaxCheckService.loadOrderItems.dwr HTTP/1.1" 200 261139
116.238.139.35 - - [15/May/2023:09:16:52 +0800] "GET /xingrg/javascript/jquery_easy_ui/themes/icons/no.png HTTP/1.1" 200 922
120.253.135.82 - - [15/May/2023:09:16:55 +0800] "POST /xingrg/kc/pszx/mdps_list_operate.html HTTP/1.1" 200 868
116.237.77.83 - - [15/May/2023:09:16:57 +0800] "GET /xingrg/check_reg.html?_=1684113417250 HTTP/1.1" 200 22
116.237.77.83 - - [15/May/2023:09:16:57 +0800] "GET /xingrg/all/function/internal_message.html?_=1684113417295&CODE_STATE=getMsg HTTP/1.1" 200 27
116.237.77.83 - - [15/May/2023:09:16:57 +0800] "GET /xingrg/kc/buy/cgsh_order_operate.html?command=get_materiel&rest_code=00106&code=00101008300&supplier_code=00100007&order_time=2023-05-15 HTTP/1.1" 200 412
116.238.139.35 - - [15/May/2023:09:16:59 +0800] "POST /xingrg/dwr/call/plaincall/AjaxCheckService.setItemNumber.dwr HTTP/1.1" 200 77
116.238.139.35 - - [15/May/2023:09:17:00 +0800] "POST /xingrg/dwr/call/plaincall/AjaxCheckService.setItemNumber.dwr HTTP/1.1" 200 77
116.238.139.35 - - [15/May/2023:09:17:01 +0800] "POST /xingrg/dwr/call/plaincall/AjaxCheckService.setItemNumber.dwr HTTP/1.1" 200 77
172.20.0.100 - - [15/May/2023:09:17:02 +0800] "GET /xingrg/all/function/internal_message.html?_=1684113403731&CODE_STATE=getMsg HTTP/1.1" 200 27
116.238.139.35 - - [15/May/2023:09:17:02 +0800] "POST /xingrg/dwr/call/plaincall/AjaxCheckService.setItemNumber.dwr HTTP/1.1" 200 77
116.238.139.35 - - [15/May/2023:09:17:02 +0800] "POST /xingrg/dwr/call/plaincall/AjaxCheckService.setItemNumber.dwr HTTP/1.1" 200 76
114.83.219.197 - - [15/May/2023:09:17:02 +0800] "POST /xingrg/kc/buy/cgsh_order_operate.html HTTP/1.1" 200 37
116.238.139.35 - - [15/May/2023:09:17:03 +0800] "GET /xingrg/all/function/internal_message.html?_=1684113421888&CODE_STATE=getMsg HTTP/1.1" 200 27
116.238.139.35 - - [15/May/2023:09:17:03 +0800] "POST /xingrg/dwr/call/plaincall/AjaxCheckService.setItemNumber.dwr HTTP/1.1" 200 77
116.238.139.35 - - [15/May/2023:09:17:04 +0800] "POST /xingrg/dwr/call/plaincall/AjaxCheckService.setItemNumber.dwr HTTP/1.1" 200 77
116.238.139.35 - - [15/May/2023:09:17:05 +0800] "POST /xingrg/dwr/call/plaincall/AjaxCheckService.setItemNumber.dwr HTTP/1.1" 200 77
114.83.219.197 - - [15/May/2023:09:17:05 +0800] "POST /xingrg/kc/buy/cgsh_order_operate.html HTTP/1.1" 200 3272
116.238.139.35 - - [15/May/2023:09:17:06 +0800] "POST /xingrg/dwr/call/plaincall/AjaxCheckService.setItemNumber.dwr HTTP/1.1" 200 77
116.238.139.35 - - [15/May/2023:09:17:07 +0800] "POST /xingrg/dwr/call/plaincall/AjaxCheckService.setItemNumber.dwr HTTP/1.1" 200 76
222.67.238.82 - - [15/May/2023:09:17:08 +0800] "POST /xingrg/dwr/call/plaincall/AjaxCheckService.saveOrder.dwr HTTP/1.1" 200 78
120.253.135.82 - - [15/May/2023:09:17:09 +0800] "POST /xingrg/kc/pszx/mdps_list_operate.html HTTP/1.1" 200 868
116.224.158.100 - - [15/May/2023:09:17:09 +0800] "GET /xingrg/kc/buy/cgsh_order_operate.html?command=get_materiel&rest_code=00105&code=00101008114&supplier_code=00100203&order_time=2023-05-15 HTTP/1.1" 200 413
116.238.139.35 - - [15/May/2023:09:17:11 +0800] "POST /xingrg/dwr/call/plaincall/AjaxCheckService.setItemNumber.dwr HTTP/1.1" 200 77
222.67.238.82 - - [15/May/2023:09:17:11 +0800] "POST /xingrg/dwr/call/plaincall/AjaxCheckService.loadOrderItems.dwr HTTP/1.1" 200 6425
116.238.139.35 - - [15/May/2023:09:17:11 +0800] "POST /xingrg/dwr/call/plaincall/AjaxCheckService.setItemNumber.dwr HTTP/1.1" 200 76
116.238.139.35 - - [15/May/2023:09:17:12 +0800] "POST /xingrg/dwr/call/plaincall/AjaxCheckService.setItemNumber.dwr HTTP/1.1" 200 76
222.67.238.82 - - [15/May/2023:09:17:12 +0800] "GET /xingrg/javascript/jquery_easy_ui/themes/default/images/button_a_bg.gif HTTP/1.1" 200 1194
222.67.238.82 - - [15/May/2023:09:17:12 +0800] "GET /xingrg/javascript/jquery_easy_ui/themes/default/images/button_span_bg.gif HTTP/1.1" 200 2061
222.67.238.82 - - [15/May/2023:09:17:12 +0800] "GET /xingrg/javascript/jquery_easy_ui/themes/default/images/panel_title.png HTTP/1.1" 200 266
222.67.238.82 - - [15/May/2023:09:17:12 +0800] "GET /xingrg/javascript/jquery_easy_ui/themes/icons/pencil.png HTTP/1.1" 200 713
222.67.238.82 - - [15/May/2023:09:17:12 +0800] "GET /xingrg/javascript/jquery_easy_ui/themes/default/images/panel_tools.gif HTTP/1.1" 200 737
116.238.139.35 - - [15/May/2023:09:17:12 +0800] "POST /xingrg/dwr/call/plaincall/AjaxCheckService.setItemNumber.dwr HTTP/1.1" 200 77
114.83.219.197 - - [15/May/2023:09:17:13 +0800] "GET /xingrg/login.html HTTP/1.1" 200 7641
116.238.139.35 - - [15/May/2023:09:17:13 +0800] "POST /xingrg/dwr/call/plaincall/AjaxCheckService.setItemNumber.dwr HTTP/1.1" 200 77
114.83.219.197 - - [15/May/2023:09:17:14 +0800] "GET /favicon.ico HTTP/1.1" 404 -
222.67.238.82 - - [15/May/2023:09:17:14 +0800] "POST /xingrg/kc/report/common_data.html?type=materiel_category_tree HTTP/1.1" 200 3921
116.238.139.35 - - [15/May/2023:09:17:14 +0800] "POST /xingrg/dwr/call/plaincall/AjaxCheckService.setItemNumber.dwr HTTP/1.1" 200 78
222.67.238.82 - - [15/May/2023:09:17:15 +0800] "GET /xingrg/javascript/jquery_easy_ui/themes/default/images/tree_checkbox_0.gif HTTP/1.1" 200 168
116.238.139.35 - - [15/May/2023:09:17:15 +0800] "POST /xingrg/dwr/call/plaincall/AjaxCheckService.setItemNumber.dwr HTTP/1.1" 200 76
116.238.139.35 - - [15/May/2023:09:17:15 +0800] "POST /xingrg/dwr/call/plaincall/AjaxCheckService.setItemNumber.dwr HTTP/1.1" 200 76
116.238.139.35 - - [15/May/2023:09:17:15 +0800] "POST /xingrg/dwr/call/plaincall/AjaxCheckService.setItemNumber.dwr HTTP/1.1" 200 78
116.238.139.35 - - [15/May/2023:09:17:15 +0800] "POST /xingrg/dwr/call/plaincall/AjaxCheckService.setItemNumber.dwr HTTP/1.1" 200 78
222.67.238.82 - - [15/May/2023:09:17:15 +0800] "GET /xingrg/javascript/jquery_easy_ui/themes/default/images/tree_checkbox_2.gif HTTP/1.1" 200 181
222.67.238.82 - - [15/May/2023:09:17:15 +0800] "GET /xingrg/javascript/jquery_easy_ui/themes/default/images/tree_checkbox_1.gif HTTP/1.1" 200 174
116.238.139.35 - - [15/May/2023:09:17:16 +0800] "POST /xingrg/dwr/call/plaincall/AjaxCheckService.setItemNumber.dwr HTTP/1.1" 200 78
116.238.139.35 - - [15/May/2023:09:17:16 +0800] "POST /xingrg/dwr/call/plaincall/AjaxCheckService.setItemNumber.dwr HTTP/1.1" 200 76
116.238.139.35 - - [15/May/2023:09:17:17 +0800] "POST /xingrg/dwr/call/plaincall/AjaxCheckService.setItemNumber.dwr HTTP/1.1" 200 78
116.238.139.35 - - [15/May/2023:09:17:17 +0800] "POST /xingrg/dwr/call/plaincall/AjaxCheckService.setItemNumber.dwr HTTP/1.1" 200 78
116.224.158.100 - - [15/May/2023:09:17:18 +0800] "GET /xingrg/kc/buy/cgsh_order_operate.html?command=get_materiel&rest_code=00105&code=00101008123&supplier_code=00100203&order_time=2023-05-15 HTTP/1.1" 200 412
116.238.139.35 - - [15/May/2023:09:17:18 +0800] "POST /xingrg/dwr/call/plaincall/AjaxCheckService.setItemNumber.dwr HTTP/1.1" 200 78
114.83.219.197 - - [15/May/2023:09:17:18 +0800] "POST /xingrg/login.do HTTP/1.1" 302 -
114.83.219.197 - - [15/May/2023:09:17:18 +0800] "GET /xingrg/index.html?sysBaseUrl=http%3A%2F%2F180.169.147.146%3A18081%2Fxingrg%2F&costTime=2151×tamp=1684113438615 HTTP/1.1" 200 17179
114.83.219.197 - - [15/May/2023:09:17:18 +0800] "GET /favicon.ico HTTP/1.1" 404 -
114.83.219.197 - - [15/May/2023:09:17:18 +0800] "GET /xingrg/check_reg.html?_=1684113533652 HTTP/1.1" 200 22
114.83.219.197 - - [15/May/2023:09:17:18 +0800] "GET /xingrg/all/function/internal_message.html?_=1684113533650&CODE_STATE=count HTTP/1.1" 200 11
116.238.139.35 - - [15/May/2023:09:17:19 +0800] "POST /xingrg/dwr/call/plaincall/AjaxCheckService.setItemNumber.dwr HTTP/1.1" 200 76
114.83.219.197 - - [15/May/2023:09:17:19 +0800] "POST /xingrg/all/common/load_tree.html?tree=area_rest_tree_json&manage=1 HTTP/1.1" 200 351
114.83.219.197 - - [15/May/2023:09:17:19 +0800] "POST /xingrg/load_menu.html HTTP/1.1" 200 5138
116.238.139.35 - - [15/May/2023:09:17:19 +0800] "POST /xingrg/dwr/call/plaincall/AjaxCheckService.setItemNumber.dwr HTTP/1.1" 200 78
116.238.139.35 - - [15/May/2023:09:17:20 +0800] "POST /xingrg/dwr/call/plaincall/AjaxCheckService.setItemNumber.dwr HTTP/1.1" 200 78
180.169.147.146 - - [15/May/2023:09:17:21 +0800] "GET /xingrg/all/function/internal_message.html?_=1684113441218&CODE_STATE=getMsg HTTP/1.1" 200 27
120.253.135.82 - - [15/May/2023:09:17:21 +0800] "POST /xingrg/kc/pszx/mdps_list_operate.html HTTP/1.1" 200 868
222.67.238.82 - - [15/May/2023:09:17:24 +0800] "POST /xingrg/dwr/call/plaincall/AjaxCheckService.importOrderItems.dwr HTTP/1.1" 200 78
116.238.139.35 - - [15/May/2023:09:17:25 +0800] "POST /xingrg/dwr/call/plaincall/AjaxCheckService.setItemNumber.dwr HTTP/1.1" 200 77
116.238.139.35 - - [15/May/2023:09:17:25 +0800] "POST /xingrg/dwr/call/plaincall/AjaxCheckService.setItemNumber.dwr HTTP/1.1" 200 78
116.238.139.35 - - [15/May/2023:09:17:25 +0800] "POST /xingrg/dwr/call/plaincall/AjaxCheckService.setItemNumber.dwr HTTP/1.1" 200 76
116.224.158.100 - - [15/May/2023:09:17:25 +0800] "GET /xingrg/all/function/internal_message.html?_=1684113445698&CODE_STATE=getMsg HTTP/1.1" 200 27
116.238.139.35 - - [15/May/2023:09:17:25 +0800] "POST /xingrg/dwr/call/plaincall/AjaxCheckService.setItemNumber.dwr HTTP/1.1" 200 77
101.83.241.217 - - [15/May/2023:09:17:25 +0800] "GET /xingrg/all/function/internal_message.html?_=1684113445125&CODE_STATE=getMsg HTTP/1.1" 200 27
116.224.158.100 - - [15/May/2023:09:17:25 +0800] "GET /xingrg/kc/buy/cgsh_order_operate.html?command=get_materiel&rest_code=00105&code=00101008568&supplier_code=00100203&order_time=2023-05-15 HTTP/1.1" 200 412
116.238.139.35 - - [15/May/2023:09:17:25 +0800] "POST /xingrg/dwr/call/plaincall/AjaxCheckService.setItemNumber.dwr HTTP/1.1" 200 78
116.224.158.100 - - [15/May/2023:09:17:25 +0800] "GET /xingrg/check_reg.html?_=1684113446086 HTTP/1.1" 200 22
101.83.241.217 - - [15/May/2023:09:17:25 +0800] "GET /xingrg/check_reg.html?_=1684113445328 HTTP/1.1" 200 22
116.237.77.83 - - [15/May/2023:09:17:25 +0800] "POST /xingrg/kc/buy/cgsh_order_operate.html HTTP/1.1" 200 2065
120.253.135.82 - - [15/May/2023:09:17:26 +0800] "GET /xingrg/all/function/internal_message.html?_=1684113284095&CODE_STATE=getMsg HTTP/1.1" 200 27
116.232.195.27 - - [15/May/2023:09:17:26 +0800] "GET /xingrg/all/function/internal_message.html?_=1684113496776&CODE_STATE=getMsg HTTP/1.1" 200 27
116.238.139.35 - - [15/May/2023:09:17:27 +0800] "POST /xingrg/dwr/call/plaincall/AjaxCheckService.setItemNumber.dwr HTTP/1.1" 200 78
114.83.219.197 - - [15/May/2023:09:17:27 +0800] "GET /xingrg/kc/buy/cgsh_order_list.html HTTP/1.1" 200 55588
180.171.122.0 - - [15/May/2023:09:17:27 +0800] "GET /xingrg/kc/base/check_order_list.html?isBack=1 HTTP/1.1" 200 16217
180.171.122.0 - - [15/May/2023:09:17:28 +0800] "POST /xingrg/kc/base/check_list_operate.html HTTP/1.1" 200 3195
222.67.238.82 - - [15/May/2023:09:17:28 +0800] "POST /xingrg/dwr/call/plaincall/AjaxCheckService.loadOrderItems.dwr HTTP/1.1" 200 6425
116.238.139.35 - - [15/May/2023:09:17:28 +0800] "POST /xingrg/dwr/call/plaincall/AjaxCheckService.setItemNumber.dwr HTTP/1.1" 200 78
116.238.139.35 - - [15/May/2023:09:17:29 +0800] "POST /xingrg/dwr/call/plaincall/AjaxCheckService.setItemNumber.dwr HTTP/1.1" 200 77
116.224.158.100 - - [15/May/2023:09:17:29 +0800] "GET /xingrg/all/function/internal_message.html?_=1684113285485&CODE_STATE=getMsg HTTP/1.1" 200 27
116.224.158.100 - - [15/May/2023:09:17:29 +0800] "GET /xingrg/check_reg.html?_=1684113285488 HTTP/1.1" 200 22
116.238.139.35 - - [15/May/2023:09:17:29 +0800] "POST /xingrg/dwr/call/plaincall/AjaxCheckService.setItemNumber.dwr HTTP/1.1" 200 78
116.238.139.35 - - [15/May/2023:09:17:29 +0800] "POST /xingrg/dwr/call/plaincall/AjaxCheckService.setItemNumber.dwr HTTP/1.1" 200 78
116.238.139.35 - - [15/May/2023:09:17:29 +0800] "POST /xingrg/dwr/call/plaincall/AjaxCheckService.setItemNumber.dwr HTTP/1.1" 200 77
116.238.139.35 - - [15/May/2023:09:17:30 +0800] "POST /xingrg/dwr/call/plaincall/AjaxCheckService.setItemNumber.dwr HTTP/1.1" 200 77
116.238.139.35 - - [15/May/2023:09:17:30 +0800] "POST /xingrg/dwr/call/plaincall/AjaxCheckService.setItemNumber.dwr HTTP/1.1" 200 78
124.79.240.114 - - [15/May/2023:09:17:31 +0800] "GET /xingrg/all/function/internal_message.html?_=1684113728180&CODE_STATE=getMsg HTTP/1.1" 200 27
116.238.139.35 - - [15/May/2023:09:17:32 +0800] "POST /xingrg/dwr/call/plaincall/AjaxCheckService.setItemNumber.dwr HTTP/1.1" 200 78
116.238.139.35 - - [15/May/2023:09:17:33 +0800] "POST /xingrg/dwr/call/plaincall/AjaxCheckService.setItemNumber.dwr HTTP/1.1" 200 78
116.238.139.35 - - [15/May/2023:09:17:33 +0800] "POST /xingrg/dwr/call/plaincall/AjaxCheckService.setItemNumber.dwr HTTP/1.1" 200 78
116.238.139.35 - - [15/May/2023:09:17:34 +0800] "POST /xingrg/dwr/call/plaincall/AjaxCheckService.setItemNumber.dwr HTTP/1.1" 200 78
116.238.139.35 - - [15/May/2023:09:17:34 +0800] "POST /xingrg/dwr/call/plaincall/AjaxCheckService.setItemNumber.dwr HTTP/1.1" 200 77
116.238.139.35 - - [15/May/2023:09:17:34 +0800] "POST /xingrg/dwr/call/plaincall/AjaxCheckService.setItemNumber.dwr HTTP/1.1" 200 77
114.83.219.197 - - [15/May/2023:09:17:34 +0800] "POST /xingrg/kc/buy/cgsh_list_operate.html HTTP/1.1" 200 1853
120.253.135.82 - - [15/May/2023:09:17:34 +0800] "POST /xingrg/kc/pszx/mdps_list_operate.html HTTP/1.1" 200 2065
116.238.139.35 - - [15/May/2023:09:17:34 +0800] "POST /xingrg/dwr/call/plaincall/AjaxCheckService.setItemNumber.dwr HTTP/1.1" 200 77
222.67.238.82 - - [15/May/2023:09:17:35 +0800] "GET /xingrg/all/function/internal_message.html?_=1684113455058&CODE_STATE=getMsg HTTP/1.1" 200 27
116.238.139.35 - - [15/May/2023:09:17:35 +0800] "POST /xingrg/dwr/call/plaincall/AjaxCheckService.setItemNumber.dwr HTTP/1.1" 200 77
180.171.122.0 - - [15/May/2023:09:17:35 +0800] "GET /xingrg/kc/base/check_order_info.html?code=452023051400074 HTTP/1.1" 200 26404
180.171.122.0 - - [15/May/2023:09:17:35 +0800] "GET /xingrg/dwr/interface/AjaxComOrderService.js HTTP/1.1" 200 18264
180.171.122.0 - - [15/May/2023:09:17:35 +0800] "GET /xingrg/dwr/interface/AjaxCheckService.js HTTP/1.1" 200 14003
180.171.122.0 - - [15/May/2023:09:17:35 +0800] "GET /xingrg/dwr/engine.js HTTP/1.1" 200 43631
116.238.139.35 - - [15/May/2023:09:17:37 +0800] "POST /xingrg/dwr/call/plaincall/AjaxCheckService.setItemNumber.dwr HTTP/1.1" 200 77
116.237.77.83 - - [15/May/2023:09:17:37 +0800] "GET /xingrg/kc/buy/cgsh_order_operate.html?command=get_materiel&rest_code=00106&code=00101008213&supplier_code=00100007&order_time=2023-05-15 HTTP/1.1" 200 412
120.253.135.82 - - [15/May/2023:09:17:37 +0800] "POST /xingrg/kc/pszx/mdps_list_operate.html HTTP/1.1" 200 691
116.224.158.100 - - [15/May/2023:09:17:37 +0800] "POST /xingrg/kc/buy/cgsh_order_operate.html HTTP/1.1" 200 2065
114.83.219.197 - - [15/May/2023:09:17:37 +0800] "GET /xingrg/kc/buy/cgsh_order_add.html HTTP/1.1" 200 70568
114.83.219.197 - - [15/May/2023:09:17:37 +0800] "GET /xingrg/words/20230515091520_words.js HTTP/1.1" 200 964795
114.83.219.197 - - [15/May/2023:09:17:37 +0800] "POST /xingrg/kc/buy/cgsh_order_operate.html HTTP/1.1" 200 8245
114.83.219.197 - - [15/May/2023:09:17:37 +0800] "GET /xingrg/javascript/easyui/themes/default/validatebox.css HTTP/1.1" 404 1104
114.83.219.197 - - [15/May/2023:09:17:38 +0800] "GET /xingrg/all/common/auto_word.html?type=employee&rest_code=00154 HTTP/1.1" 200 101
180.171.122.0 - - [15/May/2023:09:17:38 +0800] "POST /xingrg/dwr/call/plaincall/AjaxCheckService.loadOrderItems.dwr HTTP/1.1" 200 147698
114.83.219.197 - - [15/May/2023:09:17:38 +0800] "GET /xingrg/all/common/auto_word.html?type=employee&rest_code=00154 HTTP/1.1" 200 101
116.224.158.100 - - [15/May/2023:09:17:39 +0800] "POST /xingrg/kc/buy/cgsh_order_operate.html HTTP/1.1" 200 2065
116.238.139.35 - - [15/May/2023:09:17:40 +0800] "POST /xingrg/dwr/call/plaincall/AjaxCheckService.setItemNumber.dwr HTTP/1.1" 200 78
116.235.240.236 - - [15/May/2023:09:17:41 +0800] "GET /xingrg/all/function/internal_message.html?_=1684113466467&CODE_STATE=getMsg HTTP/1.1" 200 27
116.238.139.35 - - [15/May/2023:09:17:41 +0800] "POST /xingrg/dwr/call/plaincall/AjaxCheckService.setItemNumber.dwr HTTP/1.1" 200 77
116.238.139.35 - - [15/May/2023:09:17:42 +0800] "POST /xingrg/dwr/call/plaincall/AjaxCheckService.setItemNumber.dwr HTTP/1.1" 200 77
116.238.139.35 - - [15/May/2023:09:17:42 +0800] "POST /xingrg/dwr/call/plaincall/AjaxCheckService.setItemNumber.dwr HTTP/1.1" 200 78
116.238.139.35 - - [15/May/2023:09:17:42 +0800] "POST /xingrg/dwr/call/plaincall/AjaxCheckService.setItemNumber.dwr HTTP/1.1" 200 78
116.238.139.35 - - [15/May/2023:09:17:43 +0800] "GET /xingrg/all/function/internal_message.html?_=1684113388676&CODE_STATE=getMsg HTTP/1.1" 200 27
116.238.139.35 - - [15/May/2023:09:17:43 +0800] "POST /xingrg/dwr/call/plaincall/AjaxCheckService.setItemNumber.dwr HTTP/1.1" 200 78
180.171.122.0 - - [15/May/2023:09:17:44 +0800] "POST /xingrg/dwr/call/plaincall/AjaxCheckService.setItemNumber.dwr HTTP/1.1" 200 76
116.238.139.35 - - [15/May/2023:09:17:44 +0800] "POST /xingrg/dwr/call/plaincall/AjaxCheckService.setItemNumber.dwr HTTP/1.1" 200 78
116.238.139.35 - - [15/May/2023:09:17:44 +0800] "POST /xingrg/dwr/call/plaincall/AjaxCheckService.setItemNumber.dwr HTTP/1.1" 200 78
116.238.139.35 - - [15/May/2023:09:17:45 +0800] "POST /xingrg/dwr/call/plaincall/AjaxCheckService.setItemNumber.dwr HTTP/1.1" 200 77
180.171.122.0 - - [15/May/2023:09:17:45 +0800] "POST /xingrg/dwr/call/plaincall/AjaxCheckService.setItemNumber.dwr HTTP/1.1" 200 76
116.238.139.35 - - [15/May/2023:09:17:45 +0800] "POST /xingrg/dwr/call/plaincall/AjaxCheckService.setItemNumber.dwr HTTP/1.1" 200 78
116.238.139.35 - - [15/May/2023:09:17:46 +0800] "POST /xingrg/dwr/call/plaincall/AjaxCheckService.setItemNumber.dwr HTTP/1.1" 200 77
120.253.135.82 - - [15/May/2023:09:17:47 +0800] "GET /xingrg/kc/pszx/mdps_order_info.html?code=312023051000221 HTTP/1.1" 200 23978
120.253.135.82 - - [15/May/2023:09:17:47 +0800] "GET /xingrg/javascript/jquery_tools/order_manager.js HTTP/1.1" 304 -
120.253.135.82 - - [15/May/2023:09:17:47 +0800] "GET /xingrg/javascript/print/kc_print.js HTTP/1.1" 304 -
120.253.135.82 - - [15/May/2023:09:17:47 +0800] "GET /xingrg/javascript/convert.js HTTP/1.1" 304 -
120.253.135.82 - - [15/May/2023:09:17:47 +0800] "GET /xingrg/javascript/json2.js HTTP/1.1" 304 -
120.253.135.82 - - [15/May/2023:09:17:47 +0800] "GET /xingrg/words/20230515091520_words.js HTTP/1.1" 200 964795
120.253.135.82 - - [15/May/2023:09:17:47 +0800] "GET /xingrg/javascript/easyui/themes/icons/ok.png HTTP/1.1" 304 -
120.253.135.82 - - [15/May/2023:09:17:47 +0800] "GET /xingrg/javascript/easyui/themes/icons/copy_new.png HTTP/1.1" 304 -
120.253.135.82 - - [15/May/2023:09:17:47 +0800] "GET /xingrg/javascript/easyui/themes/icons/print.png HTTP/1.1" 304 -
120.253.135.82 - - [15/May/2023:09:17:47 +0800] "GET /xingrg/javascript/easyui/themes/icons/cancel.png HTTP/1.1" 304 -
120.253.135.82 - - [15/May/2023:09:17:47 +0800] "GET /xingrg/javascript/easyui/themes/default/images/menu_downarrow.png HTTP/1.1" 304 -
116.238.139.35 - - [15/May/2023:09:17:47 +0800] "POST /xingrg/dwr/call/plaincall/AjaxCheckService.setItemNumber.dwr HTTP/1.1" 200 78
120.253.135.82 - - [15/May/2023:09:17:47 +0800] "GET /xingrg/javascript/easyui/themes/default/validatebox.css HTTP/1.1" 404 1104
120.253.135.82 - - [15/May/2023:09:17:47 +0800] "GET /xingrg/javascript/easyui/plugins/jquery.validatebox.js HTTP/1.1" 304 -
120.253.135.82 - - [15/May/2023:09:17:47 +0800] "GET /xingrg/javascript/easyui/plugins/jquery.numberbox.js HTTP/1.1" 304 -
180.171.122.0 - - [15/May/2023:09:17:48 +0800] "POST /xingrg/dwr/call/plaincall/AjaxCheckService.setItemNumber.dwr HTTP/1.1" 200 76
120.253.135.82 - - [15/May/2023:09:17:49 +0800] "GET /xingrg/all/common/auto_word.html?type=base&rest_code=00101 HTTP/1.1" 200 671
120.253.135.82 - - [15/May/2023:09:17:49 +0800] "POST /xingrg/kc/pszx/mdps_order_operate.html HTTP/1.1" 200 7419
120.253.135.82 - - [15/May/2023:09:17:49 +0800] "GET /xingrg/javascript/easyui/themes/icons/edit_remove.png HTTP/1.1" 304 -
116.238.139.35 - - [15/May/2023:09:17:49 +0800] "POST /xingrg/dwr/call/plaincall/AjaxCheckService.setItemNumber.dwr HTTP/1.1" 200 78
116.238.139.35 - - [15/May/2023:09:17:49 +0800] "POST /xingrg/dwr/call/plaincall/AjaxCheckService.setItemNumber.dwr HTTP/1.1" 200 78
180.171.122.0 - - [15/May/2023:09:17:50 +0800] "POST /xingrg/dwr/call/plaincall/AjaxCheckService.setItemNumber.dwr HTTP/1.1" 200 76
180.171.122.0 - - [15/May/2023:09:17:50 +0800] "POST /xingrg/dwr/call/plaincall/AjaxCheckService.setItemNumber.dwr HTTP/1.1" 200 76
180.171.122.0 - - [15/May/2023:09:17:50 +0800] "POST /xingrg/dwr/call/plaincall/AjaxCheckService.setItemNumber.dwr HTTP/1.1" 200 76
180.171.122.0 - - [15/May/2023:09:17:50 +0800] "GET /xingrg/all/function/internal_message.html?_=1684113470774&CODE_STATE=getMsg HTTP/1.1" 200 27
180.171.122.0 - - [15/May/2023:09:17:51 +0800] "POST /xingrg/dwr/call/plaincall/AjaxCheckService.setItemNumber.dwr HTTP/1.1" 200 76
116.238.139.35 - - [15/May/2023:09:17:51 +0800] "POST /xingrg/dwr/call/plaincall/AjaxCheckService.setItemNumber.dwr HTTP/1.1" 200 77
116.238.139.35 - - [15/May/2023:09:17:51 +0800] "POST /xingrg/dwr/call/plaincall/AjaxCheckService.setItemNumber.dwr HTTP/1.1" 200 78
116.238.139.35 - - [15/May/2023:09:17:51 +0800] "POST /xingrg/dwr/call/plaincall/AjaxCheckService.setItemNumber.dwr HTTP/1.1" 200 78
180.171.122.0 - - [15/May/2023:09:17:51 +0800] "POST /xingrg/dwr/call/plaincall/AjaxCheckService.setItemNumber.dwr HTTP/1.1" 200 76
180.171.122.0 - - [15/May/2023:09:17:51 +0800] "POST /xingrg/dwr/call/plaincall/AjaxCheckService.setItemNumber.dwr HTTP/1.1" 200 76
116.238.139.35 - - [15/May/2023:09:17:51 +0800] "POST /xingrg/dwr/call/plaincall/AjaxCheckService.setItemNumber.dwr HTTP/1.1" 200 78
116.238.139.35 - - [15/May/2023:09:17:52 +0800] "POST /xingrg/dwr/call/plaincall/AjaxCheckService.setItemNumber.dwr HTTP/1.1" 200 77
120.253.135.82 - - [15/May/2023:09:17:52 +0800] "GET /xingrg/javascript/jquery_tools/images/prev.gif HTTP/1.1" 404 1086
120.253.135.82 - - [15/May/2023:09:17:52 +0800] "GET /xingrg/javascript/jquery_tools/images/next.gif HTTP/1.1" 404 1086
116.238.139.35 - - [15/May/2023:09:17:52 +0800] "POST /xingrg/dwr/call/plaincall/AjaxCheckService.setItemNumber.dwr HTTP/1.1" 200 78
180.171.122.0 - - [15/May/2023:09:17:52 +0800] "POST /xingrg/dwr/call/plaincall/AjaxCheckService.setItemNumber.dwr HTTP/1.1" 200 77
116.238.139.35 - - [15/May/2023:09:17:53 +0800] "POST /xingrg/dwr/call/plaincall/AjaxCheckService.setItemNumber.dwr HTTP/1.1" 200 78
180.171.122.0 - - [15/May/2023:09:17:53 +0800] "POST /xingrg/dwr/call/plaincall/AjaxCheckService.setItemNumber.dwr HTTP/1.1" 200 77
116.224.158.100 - - [15/May/2023:09:17:53 +0800] "GET /xingrg/kc/buy/cgsh_order_operate.html?command=get_materiel&rest_code=00105&code=00101008248&supplier_code=00100203&order_time=2023-05-15 HTTP/1.1" 200 412
180.171.122.0 - - [15/May/2023:09:17:53 +0800] "POST /xingrg/dwr/call/plaincall/AjaxCheckService.setItemNumber.dwr HTTP/1.1" 200 77
116.238.139.35 - - [15/May/2023:09:17:54 +0800] "POST /xingrg/dwr/call/plaincall/AjaxCheckService.setItemNumber.dwr HTTP/1.1" 200 78
180.171.122.0 - - [15/May/2023:09:17:54 +0800] "POST /xingrg/dwr/call/plaincall/AjaxCheckService.setItemNumber.dwr HTTP/1.1" 200 77
116.238.139.35 - - [15/May/2023:09:17:55 +0800] "POST /xingrg/dwr/call/plaincall/AjaxCheckService.setItemNumber.dwr HTTP/1.1" 200 77
116.238.139.35 - - [15/May/2023:09:17:55 +0800] "POST /xingrg/dwr/call/plaincall/AjaxCheckService.setItemNumber.dwr HTTP/1.1" 200 78
116.238.139.35 - - [15/May/2023:09:17:55 +0800] "POST /xingrg/dwr/call/plaincall/AjaxCheckService.setItemNumber.dwr HTTP/1.1" 200 78
116.237.77.83 - - [15/May/2023:09:17:57 +0800] "GET /xingrg/all/function/internal_message.html?_=1684113477284&CODE_STATE=getMsg HTTP/1.1" 200 27
116.238.139.35 - - [15/May/2023:09:17:58 +0800] "POST /xingrg/dwr/call/plaincall/AjaxCheckService.setItemNumber.dwr HTTP/1.1" 200 78
180.171.122.0 - - [15/May/2023:09:17:58 +0800] "POST /xingrg/dwr/call/plaincall/AjaxCheckService.setItemNumber.dwr HTTP/1.1" 200 77
120.253.135.82 - - [15/May/2023:09:17:58 +0800] "GET /xingrg/javascript/easyui/themes/default/images/button_plain_hover.png HTTP/1.1" 304 -
116.238.139.35 - - [15/May/2023:09:17:58 +0800] "POST /xingrg/dwr/call/plaincall/AjaxCheckService.setItemNumber.dwr HTTP/1.1" 200 78
116.238.139.35 - - [15/May/2023:09:17:59 +0800] "POST /xingrg/dwr/call/plaincall/AjaxCheckService.setItemNumber.dwr HTTP/1.1" 200 78
116.237.77.83 - - [15/May/2023:09:17:59 +0800] "GET /xingrg/kc/buy/cgsh_order_operate.html?command=get_materiel&rest_code=00106&code=00101011007&supplier_code=00100007&order_time=2023-05-15 HTTP/1.1" 200 414
180.171.122.0 - - [15/May/2023:09:17:59 +0800] "POST /xingrg/dwr/call/plaincall/AjaxCheckService.setItemNumber.dwr HTTP/1.1" 200 77
116.238.139.35 - - [15/May/2023:09:18:00 +0800] "POST /xingrg/dwr/call/plaincall/AjaxCheckService.setItemNumber.dwr HTTP/1.1" 200 77
120.253.135.82 - - [15/May/2023:09:18:01 +0800] "POST /xingrg/kc/pszx/mdps_order_operate.html HTTP/1.1" 200 37
180.171.122.0 - - [15/May/2023:09:18:01 +0800] "POST /xingrg/dwr/call/plaincall/AjaxCheckService.setItemNumber.dwr HTTP/1.1" 200 77
172.20.0.100 - - [15/May/2023:09:18:03 +0800] "GET /xingrg/all/function/internal_message.html?_=1684113464731&CODE_STATE=getMsg HTTP/1.1" 200 27
116.238.139.35 - - [15/May/2023:09:18:03 +0800] "GET /xingrg/all/function/internal_message.html?_=1684113481896&CODE_STATE=getMsg HTTP/1.1" 200 27
116.238.139.35 - - [15/May/2023:09:18:03 +0800] "GET /xingrg/check_reg.html?_=1684113481899 HTTP/1.1" 200 22
120.253.135.82 - - [15/May/2023:09:18:04 +0800] "GET /xingrg/kc/pszx/mdps_order_info.html?code=312023051000221 HTTP/1.1" 200 23978
120.253.135.82 - - [15/May/2023:09:18:05 +0800] "GET /xingrg/javascript/easyui/themes/default/validatebox.css HTTP/1.1" 404 1104
116.238.139.35 - - [15/May/2023:09:18:05 +0800] "POST /xingrg/dwr/call/plaincall/AjaxCheckService.setItemNumber.dwr HTTP/1.1" 200 78
116.238.139.35 - - [15/May/2023:09:18:05 +0800] "POST /xingrg/dwr/call/plaincall/AjaxCheckService.setItemNumber.dwr HTTP/1.1" 200 78
116.238.139.35 - - [15/May/2023:09:18:05 +0800] "POST /xingrg/dwr/call/plaincall/AjaxCheckService.setItemNumber.dwr HTTP/1.1" 200 77
120.253.135.82 - - [15/May/2023:09:18:05 +0800] "POST /xingrg/kc/pszx/mdps_order_operate.html HTTP/1.1" 200 7419
116.238.139.35 - - [15/May/2023:09:18:06 +0800] "POST /xingrg/dwr/call/plaincall/AjaxCheckService.setItemNumber.dwr HTTP/1.1" 200 77
116.238.139.35 - - [15/May/2023:09:18:07 +0800] "POST /xingrg/dwr/call/plaincall/AjaxCheckService.setItemNumber.dwr HTTP/1.1" 200 78
180.171.122.0 - - [15/May/2023:09:18:07 +0800] "POST /xingrg/dwr/call/plaincall/AjaxCheckService.setItemNumber.dwr HTTP/1.1" 200 77
116.238.139.35 - - [15/May/2023:09:18:08 +0800] "POST /xingrg/dwr/call/plaincall/AjaxCheckService.setItemNumber.dwr HTTP/1.1" 200 78
180.171.122.0 - - [15/May/2023:09:18:09 +0800] "POST /xingrg/dwr/call/plaincall/AjaxCheckService.setItemNumber.dwr HTTP/1.1" 200 77
116.238.139.35 - - [15/May/2023:09:18:09 +0800] "POST /xingrg/dwr/call/plaincall/AjaxCheckService.setItemNumber.dwr HTTP/1.1" 200 78
180.171.122.0 - - [15/May/2023:09:18:10 +0800] "POST /xingrg/dwr/call/plaincall/AjaxCheckService.setItemNumber.dwr HTTP/1.1" 200 77
180.171.122.0 - - [15/May/2023:09:18:10 +0800] "POST /xingrg/dwr/call/plaincall/AjaxCheckService.setItemNumber.dwr HTTP/1.1" 200 77
116.238.139.35 - - [15/May/2023:09:18:10 +0800] "POST /xingrg/dwr/call/plaincall/AjaxCheckService.setItemNumber.dwr HTTP/1.1" 200 77
180.171.122.0 - - [15/May/2023:09:18:12 +0800] "POST /xingrg/dwr/call/plaincall/AjaxCheckService.setItemNumber.dwr HTTP/1.1" 200 77
180.171.122.0 - - [15/May/2023:09:18:12 +0800] "POST /xingrg/dwr/call/plaincall/AjaxCheckService.setItemNumber.dwr HTTP/1.1" 200 77
116.237.77.83 - - [15/May/2023:09:18:12 +0800] "GET /xingrg/kc/buy/cgsh_order_operate.html?command=get_materiel&rest_code=00106&code=00101008027&supplier_code=00100007&order_time=2023-05-15 HTTP/1.1" 200 408
180.171.122.0 - - [15/May/2023:09:18:12 +0800] "POST /xingrg/dwr/call/plaincall/AjaxCheckService.setItemNumber.dwr HTTP/1.1" 200 77
116.238.139.35 - - [15/May/2023:09:18:13 +0800] "POST /xingrg/dwr/call/plaincall/AjaxCheckService.setItemNumber.dwr HTTP/1.1" 200 78
116.238.139.35 - - [15/May/2023:09:18:13 +0800] "POST /xingrg/dwr/call/plaincall/AjaxCheckService.setItemNumber.dwr HTTP/1.1" 200 78
180.171.122.0 - - [15/May/2023:09:18:13 +0800] "POST /xingrg/dwr/call/plaincall/AjaxCheckService.setItemNumber.dwr HTTP/1.1" 200 77
180.171.122.0 - - [15/May/2023:09:18:14 +0800] "POST /xingrg/dwr/call/plaincall/AjaxCheckService.setItemNumber.dwr HTTP/1.1" 200 77
116.238.139.35 - - [15/May/2023:09:18:14 +0800] "POST /xingrg/dwr/call/plaincall/AjaxCheckService.setItemNumber.dwr HTTP/1.1" 200 77
116.224.158.100 - - [15/May/2023:09:18:15 +0800] "GET /xingrg/kc/buy/cgsh_order_operate.html?command=get_materiel&rest_code=00105&code=00101008502&supplier_code=00100203&order_time=2023-05-15 HTTP/1.1" 200 412
120.253.135.82 - - [15/May/2023:09:18:16 +0800] "POST /xingrg/kc/pszx/mdps_order_operate.html HTTP/1.1" 200 37
180.171.122.0 - - [15/May/2023:09:18:17 +0800] "POST /xingrg/dwr/call/plaincall/AjaxCheckService.setItemNumber.dwr HTTP/1.1" 200 77
120.253.135.82 - - [15/May/2023:09:18:18 +0800] "GET /xingrg/kc/pszx/mdps_order_info.html?code=312023051000221 HTTP/1.1" 200 23978
114.83.219.197 - - [15/May/2023:09:18:18 +0800] "GET /xingrg/all/function/internal_message.html?_=1684113593663&CODE_STATE=getMsg HTTP/1.1" 200 27
120.253.135.82 - - [15/May/2023:09:18:19 +0800] "GET /xingrg/javascript/easyui/themes/default/validatebox.css HTTP/1.1" 404 1104
180.171.122.0 - - [15/May/2023:09:18:20 +0800] "POST /xingrg/dwr/call/plaincall/AjaxCheckService.setItemNumber.dwr HTTP/1.1" 200 77
120.253.135.82 - - [15/May/2023:09:18:20 +0800] "POST /xingrg/kc/pszx/mdps_order_operate.html HTTP/1.1" 200 7419
116.238.139.35 - - [15/May/2023:09:18:20 +0800] "POST /xingrg/dwr/call/plaincall/AjaxCheckService.setItemNumber.dwr HTTP/1.1" 200 77
116.238.139.35 - - [15/May/2023:09:18:21 +0800] "POST /xingrg/dwr/call/plaincall/AjaxCheckService.setItemNumber.dwr HTTP/1.1" 200 77
180.169.147.146 - - [15/May/2023:09:18:21 +0800] "GET /xingrg/all/function/internal_message.html?_=1684113501207&CODE_STATE=getMsg HTTP/1.1" 200 27
180.171.122.0 - - [15/May/2023:09:18:21 +0800] "POST /xingrg/dwr/call/plaincall/AjaxCheckService.setItemNumber.dwr HTTP/1.1" 200 77
116.238.139.35 - - [15/May/2023:09:18:22 +0800] "POST /xingrg/dwr/call/plaincall/AjaxCheckService.setItemNumber.dwr HTTP/1.1" 200 77
180.171.122.0 - - [15/May/2023:09:18:23 +0800] "POST /xingrg/dwr/call/plaincall/AjaxCheckService.setItemNumber.dwr HTTP/1.1" 200 77
180.171.122.0 - - [15/May/2023:09:18:23 +0800] "POST /xingrg/dwr/call/plaincall/AjaxCheckService.setItemNumber.dwr HTTP/1.1" 200 77
116.224.158.100 - - [15/May/2023:09:18:24 +0800] "GET /xingrg/kc/buy/cgsh_order_operate.html?command=get_materiel&rest_code=00105&code=00101008003&supplier_code=00100203&order_time=2023-05-15 HTTP/1.1" 200 408
116.238.139.35 - - [15/May/2023:09:18:24 +0800] "POST /xingrg/dwr/call/plaincall/AjaxCheckService.setItemNumber.dwr HTTP/1.1" 200 77
120.253.135.82 - - [15/May/2023:09:18:24 +0800] "GET /xingrg/kc/pszx/mdps_order_info.html?code=312023051000221 HTTP/1.1" 200 23978
120.253.135.82 - - [15/May/2023:09:18:25 +0800] "GET /xingrg/javascript/easyui/themes/default/validatebox.css HTTP/1.1" 404 1104
116.224.158.100 - - [15/May/2023:09:18:25 +0800] "GET /xingrg/all/function/internal_message.html?_=1684113505671&CODE_STATE=getMsg HTTP/1.1" 200 27
101.83.241.217 - - [15/May/2023:09:18:25 +0800] "GET /xingrg/all/function/internal_message.html?_=1684113505114&CODE_STATE=getMsg HTTP/1.1" 200 27
180.171.122.0 - - [15/May/2023:09:18:25 +0800] "POST /xingrg/dwr/call/plaincall/AjaxCheckService.setItemNumber.dwr HTTP/1.1" 200 77
