116.238.139.35 - - [15/May/2023:09:38:30 +0800] "POST /xingrg/services/DataTransmitService HTTP/1.1" 200 524
124.79.240.114 - - [15/May/2023:09:38:30 +0800] "GET /xingrg/all/function/internal_message.html?_=1684114987649&CODE_STATE=getMsg HTTP/1.1" 200 27
116.237.77.83 - - [15/May/2023:09:38:33 +0800] "GET /xingrg/kc/buy/cgsh_order_add.html HTTP/1.1" 200 71364
116.237.77.83 - - [15/May/2023:09:38:34 +0800] "GET /xingrg/words/20230515092718_words.js HTTP/1.1" 304 -
116.237.77.83 - - [15/May/2023:09:38:34 +0800] "POST /xingrg/kc/buy/cgsh_order_operate.html HTTP/1.1" 200 8245
116.237.77.83 - - [15/May/2023:09:38:34 +0800] "GET /xingrg/javascript/easyui/themes/default/validatebox.css HTTP/1.1" 404 1104
116.237.77.83 - - [15/May/2023:09:38:36 +0800] "GET /xingrg/javascript/easyui/themes/default/tree.css HTTP/1.1" 404 1090
116.237.77.83 - - [15/May/2023:09:38:37 +0800] "POST /xingrg/all/common/load_tree.html?tree=supplier_tree_json&isDelete=1 HTTP/1.1" 200 73980
116.235.240.236 - - [15/May/2023:09:38:41 +0800] "GET /xingrg/all/function/internal_message.html?_=1684114726765&CODE_STATE=getMsg HTTP/1.1" 200 27
180.169.147.146 - - [15/May/2023:09:38:42 +0800] "GET /xingrg/all/function/internal_message.html?_=1684114719752&CODE_STATE=getMsg HTTP/1.1" 200 27
116.238.139.35 - - [15/May/2023:09:38:43 +0800] "POST /xingrg/services/DataTransmitService HTTP/1.1" 200 501
180.169.147.146 - - [15/May/2023:09:38:44 +0800] "GET /xingrg/kc/buy/cgsh_order_operate.html?command=get_materiel&rest_code=00147&code=00101009044&supplier_code=00100022&order_time=2023-05-15 HTTP/1.1" 200 413
116.238.139.35 - - [15/May/2023:09:38:45 +0800] "GET /xingrg/all/function/internal_message.html?_=1684114650740&CODE_STATE=getMsg HTTP/1.1" 200 27
116.238.139.35 - - [15/May/2023:09:38:46 +0800] "POST /xingrg/services/DataTransmitService HTTP/1.1" 200 501
180.171.122.0 - - [15/May/2023:09:38:50 +0800] "GET /xingrg/all/function/internal_message.html?_=1684114730699&CODE_STATE=getMsg HTTP/1.1" 200 27
180.171.122.0 - - [15/May/2023:09:38:51 +0800] "GET /xingrg/check_reg.html?_=1684114730828 HTTP/1.1" 200 22
101.83.241.217 - - [15/May/2023:09:38:54 +0800] "GET /xingrg/kc/buy/cgsh_order_operate.html?command=get_materiel&rest_code=00149&code=00101008318&supplier_code=00100008&order_time=2023-05-15 HTTP/1.1" 200 408
116.237.77.83 - - [15/May/2023:09:38:57 +0800] "GET /xingrg/all/function/internal_message.html?_=1684114736941&CODE_STATE=getMsg HTTP/1.1" 200 27
116.238.139.35 - - [15/May/2023:09:39:03 +0800] "GET /xingrg/all/function/internal_message.html?_=1684114741910&CODE_STATE=getMsg HTTP/1.1" 200 27
116.237.77.83 - - [15/May/2023:09:39:03 +0800] "GET /xingrg/all/function/internal_message.html?_=1684114743268&CODE_STATE=getMsg HTTP/1.1" 200 27
180.169.147.146 - - [15/May/2023:09:39:04 +0800] "GET /xingrg/kc/buy/cgsh_order_operate.html?command=get_materiel&rest_code=00147&code=00101009031&supplier_code=00100022&order_time=2023-05-15 HTTP/1.1" 200 408
114.85.96.117 - - [15/May/2023:09:39:06 +0800] "POST /xingrg/services/DataTransmitService HTTP/1.1" 200 524
116.238.139.35 - - [15/May/2023:09:39:06 +0800] "POST /xingrg/services/DataTransmitService HTTP/1.1" 200 501
222.67.238.82 - - [15/May/2023:09:39:09 +0800] "GET /xingrg/all/function/internal_message.html?_=1684114748998&CODE_STATE=getMsg HTTP/1.1" 200 27
101.83.241.217 - - [15/May/2023:09:39:11 +0800] "GET /xingrg/kc/buy/cgsh_order_operate.html?command=get_materiel&rest_code=00149&code=00101008352&supplier_code=00100008&order_time=2023-05-15 HTTP/1.1" 200 412
114.85.96.117 - - [15/May/2023:09:39:11 +0800] "GET /xingrg/all/function/internal_message.html?_=1684114752106&CODE_STATE=getMsg HTTP/1.1" 200 27
116.237.77.83 - - [15/May/2023:09:39:18 +0800] "GET /xingrg/kc/buy/cgsh_order_operate.html?command=get_materiel&rest_code=00106&code=00101016017&supplier_code=00100096&order_time=2023-05-15 HTTP/1.1" 200 408
180.169.147.146 - - [15/May/2023:09:39:21 +0800] "GET /xingrg/all/function/internal_message.html?_=1684114761026&CODE_STATE=getMsg HTTP/1.1" 200 27
180.169.147.146 - - [15/May/2023:09:39:21 +0800] "GET /xingrg/all/function/internal_message.html?_=1684114759432&CODE_STATE=getMsg HTTP/1.1" 200 27
180.169.147.146 - - [15/May/2023:09:39:22 +0800] "GET /xingrg/kc/buy/cgsh_order_operate.html?command=get_materiel&rest_code=00147&code=00101009124&supplier_code=00100022&order_time=2023-05-15 HTTP/1.1" 200 416
114.83.219.197 - - [15/May/2023:09:39:24 +0800] "GET /xingrg/all/function/internal_message.html?_=1684114858792&CODE_STATE=getMsg HTTP/1.1" 200 27
116.224.158.100 - - [15/May/2023:09:39:24 +0800] "GET /xingrg/all/function/internal_message.html?_=1684114765221&CODE_STATE=getMsg HTTP/1.1" 200 27
101.83.241.217 - - [15/May/2023:09:39:25 +0800] "GET /xingrg/all/function/internal_message.html?_=1684114764897&CODE_STATE=getMsg HTTP/1.1" 200 27
120.253.135.82 - - [15/May/2023:09:39:26 +0800] "GET /xingrg/all/function/internal_message.html?_=1684114604432&CODE_STATE=getMsg HTTP/1.1" 200 27
116.232.195.27 - - [15/May/2023:09:39:26 +0800] "GET /xingrg/all/function/internal_message.html?_=1684114816396&CODE_STATE=getMsg HTTP/1.1" 200 27
116.238.139.35 - - [15/May/2023:09:39:27 +0800] "POST /xingrg/services/DataTransmitService HTTP/1.1" 200 501
116.224.158.100 - - [15/May/2023:09:39:29 +0800] "GET /xingrg/all/function/internal_message.html?_=1684114605492&CODE_STATE=getMsg HTTP/1.1" 200 27
101.83.241.217 - - [15/May/2023:09:39:29 +0800] "GET /xingrg/kc/buy/cgsh_order_operate.html?command=get_materiel&rest_code=00149&code=00101008098&supplier_code=00100008&order_time=2023-05-15 HTTP/1.1" 200 412
124.79.240.114 - - [15/May/2023:09:39:30 +0800] "GET /xingrg/all/function/internal_message.html?_=1684115047624&CODE_STATE=getMsg HTTP/1.1" 200 27
180.171.122.0 - - [15/May/2023:09:39:35 +0800] "GET /xingrg/kc/base/check_order_list.html?isBack=1 HTTP/1.1" 200 16217
180.171.122.0 - - [15/May/2023:09:39:36 +0800] "POST /xingrg/kc/base/check_list_operate.html HTTP/1.1" 200 3195
180.169.147.146 - - [15/May/2023:09:39:38 +0800] "POST /xingrg/dwr/call/plaincall/AjaxReportQueryService.refreshCache.dwr HTTP/1.1" 200 78
116.235.240.236 - - [15/May/2023:09:39:41 +0800] "GET /xingrg/all/function/internal_message.html?_=1684114786766&CODE_STATE=getMsg HTTP/1.1" 200 27
180.169.147.146 - - [15/May/2023:09:39:41 +0800] "GET /xingrg/kc/buy/cgsh_order_operate.html?command=get_materiel&rest_code=00147&code=00101009050&supplier_code=00100022&order_time=2023-05-15 HTTP/1.1" 200 408
180.169.147.146 - - [15/May/2023:09:39:42 +0800] "GET /xingrg/check_reg.html?_=1684114779749 HTTP/1.1" 200 22
180.169.147.146 - - [15/May/2023:09:39:42 +0800] "GET /xingrg/all/function/internal_message.html?_=1684114779750&CODE_STATE=getMsg HTTP/1.1" 200 27
180.169.147.146 - - [15/May/2023:09:39:44 +0800] "POST /xingrg/all/report/load_report_page.html HTTP/1.1" 200 51523
180.169.147.146 - - [15/May/2023:09:39:44 +0800] "GET /xingrg/servlets/image?cache=0.35476245074512247&image=px HTTP/1.1" 200 807
116.238.139.35 - - [15/May/2023:09:39:45 +0800] "GET /xingrg/all/function/internal_message.html?_=1684114710756&CODE_STATE=getMsg HTTP/1.1" 200 27
114.85.96.117 - - [15/May/2023:09:39:48 +0800] "POST /xingrg/services/DataTransmitService HTTP/1.1" 200 501
101.83.241.217 - - [15/May/2023:09:39:49 +0800] "GET /xingrg/kc/buy/cgsh_order_operate.html?command=get_materiel&rest_code=00149&code=00101008005&supplier_code=00100008&order_time=2023-05-15 HTTP/1.1" 200 412
116.237.77.83 - - [15/May/2023:09:39:50 +0800] "GET /xingrg/kc/buy/cgsh_order_operate.html?command=get_materiel&rest_code=00106&code=00101016030&supplier_code=00100096&order_time=2023-05-15 HTTP/1.1" 200 412
116.228.172.94 - - [15/May/2023:09:39:50 +0800] "GET /xingrg/check_reg.html?_=1684114598940 HTTP/1.1" 302 -
180.171.122.0 - - [15/May/2023:09:39:50 +0800] "GET /xingrg/all/function/internal_message.html?_=1684114790726&CODE_STATE=getMsg HTTP/1.1" 200 27
116.235.240.236 - - [15/May/2023:09:39:52 +0800] "GET /xingrg/kc/buy/cgsh_order_list.html HTTP/1.1" 200 55588
180.169.147.146 - - [15/May/2023:09:39:53 +0800] "POST /xingrg/all/report/report_print.html HTTP/1.1" 200 7168
116.238.139.35 - - [15/May/2023:09:39:54 +0800] "POST /xingrg/services/DataTransmitService HTTP/1.1" 200 501
116.238.139.35 - - [15/May/2023:09:39:55 +0800] "POST /xingrg/services/DataTransmitService HTTP/1.1" 200 501
116.237.77.83 - - [15/May/2023:09:39:57 +0800] "GET /xingrg/all/function/internal_message.html?_=1684114796932&CODE_STATE=getMsg HTTP/1.1" 200 27
101.83.241.217 - - [15/May/2023:09:39:59 +0800] "POST /xingrg/kc/buy/cgsh_order_operate.html HTTP/1.1" 200 2065
180.169.147.146 - - [15/May/2023:09:39:59 +0800] "POST /xingrg/kc/buy/cgsh_order_operate.html HTTP/1.1" 200 37
180.171.122.0 - - [15/May/2023:09:39:59 +0800] "GET /xingrg/kc/base/check_order_info.html?code=452023051400074 HTTP/1.1" 200 26404
180.171.122.0 - - [15/May/2023:09:39:59 +0800] "GET /xingrg/dwr/interface/AjaxComOrderService.js HTTP/1.1" 200 18264
180.171.122.0 - - [15/May/2023:09:39:59 +0800] "GET /xingrg/dwr/interface/AjaxCheckService.js HTTP/1.1" 200 14003
180.171.122.0 - - [15/May/2023:09:39:59 +0800] "GET /xingrg/dwr/engine.js HTTP/1.1" 200 43631
180.169.147.146 - - [15/May/2023:09:40:01 +0800] "POST /xingrg/kc/buy/cgsh_order_operate.html HTTP/1.1" 200 4426
116.235.240.236 - - [15/May/2023:09:40:02 +0800] "POST /xingrg/kc/buy/cgsh_list_operate.html HTTP/1.1" 200 986
116.235.240.236 - - [15/May/2023:09:40:02 +0800] "GET /xingrg/login.html HTTP/1.1" 200 7641
116.235.240.236 - - [15/May/2023:09:40:02 +0800] "GET /favicon.ico HTTP/1.1" 404 -
116.238.139.35 - - [15/May/2023:09:40:03 +0800] "GET /xingrg/all/function/internal_message.html?_=1684114801911&CODE_STATE=getMsg HTTP/1.1" 200 27
116.237.77.83 - - [15/May/2023:09:40:03 +0800] "GET /xingrg/all/function/internal_message.html?_=1684114803259&CODE_STATE=getMsg HTTP/1.1" 200 27
180.169.147.146 - - [15/May/2023:09:40:07 +0800] "GET /xingrg/kc/print/load_data.html?order_code=212023051505434&kc_code=cgsh&condition= HTTP/1.1" 200 1379
116.235.240.236 - - [15/May/2023:09:40:07 +0800] "POST /xingrg/login.do HTTP/1.1" 302 -
116.235.240.236 - - [15/May/2023:09:40:08 +0800] "GET /xingrg/javascript/jquery_easy_ui/themes/default/easyui.css HTTP/1.1" 304 -
116.235.240.236 - - [15/May/2023:09:40:08 +0800] "GET /xingrg/javascript/jquery_easy_ui/themes/icon.css HTTP/1.1" 304 -
116.235.240.236 - - [15/May/2023:09:40:08 +0800] "GET /xingrg/javascript/jquery-1.4.2.min.js HTTP/1.1" 304 -
116.235.240.236 - - [15/May/2023:09:40:08 +0800] "GET /xingrg/css/form.css HTTP/1.1" 304 -
116.235.240.236 - - [15/May/2023:09:40:08 +0800] "GET /xingrg/javascript/jquery_easy_ui/easyui-lang-zh_CN.js HTTP/1.1" 304 -
116.235.240.236 - - [15/May/2023:09:40:08 +0800] "GET /xingrg/javascript/jquery_easy_ui/jquery.easyui.min.js HTTP/1.1" 304 -
116.235.240.236 - - [15/May/2023:09:40:08 +0800] "GET /xingrg/javascript/jquery.timers.js HTTP/1.1" 304 -
116.235.240.236 - - [15/May/2023:09:40:08 +0800] "GET /xingrg/javascript/jquery.utils.js HTTP/1.1" 304 -
116.235.240.236 - - [15/May/2023:09:40:08 +0800] "GET /xingrg/javascript/jquery.form.js HTTP/1.1" 304 -
116.235.240.236 - - [15/May/2023:09:40:08 +0800] "GET /favicon.ico HTTP/1.1" 404 -
116.235.240.236 - - [15/May/2023:09:40:08 +0800] "GET /xingrg/index.html?sysBaseUrl=http%3A%2F%2F180.169.147.146%3A18081%2Fxingrg%2F&costTime=3369×tamp=1684114807950 HTTP/1.1" 200 17179
116.235.240.236 - - [15/May/2023:09:40:08 +0800] "GET /xingrg/all/function/internal_message.html?_=1684114813819&CODE_STATE=count HTTP/1.1" 200 11
116.235.240.236 - - [15/May/2023:09:40:08 +0800] "GET /xingrg/check_reg.html?_=1684114813820 HTTP/1.1" 200 22
116.235.240.236 - - [15/May/2023:09:40:08 +0800] "POST /xingrg/all/common/load_tree.html?tree=area_rest_tree_json&manage=1 HTTP/1.1" 200 479
116.238.139.35 - - [15/May/2023:09:40:08 +0800] "POST /xingrg/services/DataTransmitService HTTP/1.1" 200 501
116.235.240.236 - - [15/May/2023:09:40:09 +0800] "POST /xingrg/load_menu.html HTTP/1.1" 200 5138
116.238.139.35 - - [15/May/2023:09:40:10 +0800] "POST /xingrg/services/DataTransmitService HTTP/1.1" 200 501
116.238.139.35 - - [15/May/2023:09:40:10 +0800] "POST /xingrg/services/DataTransmitService HTTP/1.1" 200 501
116.237.77.83 - - [15/May/2023:09:40:11 +0800] "GET /xingrg/kc/buy/cgsh_order_operate.html?command=get_materiel&rest_code=00106&code=00101012025&supplier_code=00100096&order_time=2023-05-15 HTTP/1.1" 200 412
114.85.96.117 - - [15/May/2023:09:40:11 +0800] "GET /xingrg/all/function/internal_message.html?_=1684114812108&CODE_STATE=getMsg HTTP/1.1" 200 27
116.235.240.236 - - [15/May/2023:09:40:13 +0800] "GET /xingrg/css/base.css HTTP/1.1" 304 -
116.235.240.236 - - [15/May/2023:09:40:13 +0800] "GET /xingrg/css/site.css HTTP/1.1" 304 -
116.235.240.236 - - [15/May/2023:09:40:13 +0800] "GET /xingrg/javascript/auto/jquery.autocomplete.css HTTP/1.1" 304 -
116.235.240.236 - - [15/May/2023:09:40:13 +0800] "GET /xingrg/javascript/jquery_tools/fix.css HTTP/1.1" 304 -
116.235.240.236 - - [15/May/2023:09:40:13 +0800] "GET /xingrg/javascript/jquery_tools/datebox.css HTTP/1.1" 304 -
116.235.240.236 - - [15/May/2023:09:40:13 +0800] "GET /xingrg/javascript/jquery_tools/table.css HTTP/1.1" 304 -
116.235.240.236 - - [15/May/2023:09:40:13 +0800] "GET /xingrg/javascript/jquery_tools/jquery.tools.min.js HTTP/1.1" 304 -
116.235.240.236 - - [15/May/2023:09:40:13 +0800] "GET /xingrg/kc/buy/cgsh_order_list.html HTTP/1.1" 200 55588
116.235.240.236 - - [15/May/2023:09:40:13 +0800] "GET /xingrg/javascript/jquery_tools/jquery.tools.extend.js HTTP/1.1" 304 -
116.235.240.236 - - [15/May/2023:09:40:13 +0800] "GET /xingrg/javascript/easyui/themes/default/easyui.css HTTP/1.1" 304 -
116.235.240.236 - - [15/May/2023:09:40:13 +0800] "GET /xingrg/javascript/easyui/themes/icon.css HTTP/1.1" 304 -
116.235.240.236 - - [15/May/2023:09:40:13 +0800] "GET /xingrg/javascript/jquery_tools/jquery.tools.hotkey.js HTTP/1.1" 304 -
116.235.240.236 - - [15/May/2023:09:40:13 +0800] "GET /xingrg/javascript/auto/jquery.autocomplete.js HTTP/1.1" 304 -
116.235.240.236 - - [15/May/2023:09:40:13 +0800] "GET /xingrg/javascript/jquery_tools/list_manager.js HTTP/1.1" 304 -
116.235.240.236 - - [15/May/2023:09:40:13 +0800] "GET /xingrg/javascript/jquery_tools/jquery.tools.table.js HTTP/1.1" 304 -
116.235.240.236 - - [15/May/2023:09:40:13 +0800] "GET /xingrg/javascript/jquery.cookie.js HTTP/1.1" 304 -
116.235.240.236 - - [15/May/2023:09:40:13 +0800] "GET /xingrg/javascript/easyui/easyloader.js HTTP/1.1" 304 -
116.235.240.236 - - [15/May/2023:09:40:13 +0800] "GET /xingrg/javascript/print/LodopFuncs.js HTTP/1.1" 304 -
116.235.240.236 - - [15/May/2023:09:40:14 +0800] "GET /xingrg/javascript/easyui/plugins/jquery.parser.js HTTP/1.1" 304 -
180.169.147.146 - - [15/May/2023:09:40:15 +0800] "GET /xingrg/kc/buy/cgsh_order_add.html HTTP/1.1" 200 71367
180.169.147.146 - - [15/May/2023:09:40:15 +0800] "GET /xingrg/words/20230515092718_words.js HTTP/1.1" 304 -
180.169.147.146 - - [15/May/2023:09:40:15 +0800] "POST /xingrg/kc/buy/cgsh_order_operate.html HTTP/1.1" 200 8245
180.169.147.146 - - [15/May/2023:09:40:15 +0800] "GET /xingrg/javascript/easyui/themes/default/validatebox.css HTTP/1.1" 404 1104
116.238.139.35 - - [15/May/2023:09:40:16 +0800] "POST /xingrg/services/DataTransmitService HTTP/1.1" 200 412
116.235.240.236 - - [15/May/2023:09:40:17 +0800] "POST /xingrg/kc/buy/cgsh_list_operate.html HTTP/1.1" 200 986
180.164.3.199 - - [15/May/2023:09:40:18 +0800] "POST /xingrg/dwr/call/plaincall/AjaxCheckService.setItemNumber.dwr HTTP/1.1" 200 77
180.164.3.199 - - [15/May/2023:09:40:18 +0800] "POST /xingrg/dwr/call/plaincall/AjaxCheckService.setItemNumber.dwr HTTP/1.1" 200 77
180.164.3.199 - - [15/May/2023:09:40:18 +0800] "POST /xingrg/dwr/call/plaincall/AjaxCheckService.setItemNumber.dwr HTTP/1.1" 200 77
180.164.3.199 - - [15/May/2023:09:40:18 +0800] "POST /xingrg/dwr/call/plaincall/AjaxCheckService.setItemNumber.dwr HTTP/1.1" 200 77
180.164.3.199 - - [15/May/2023:09:40:18 +0800] "POST /xingrg/dwr/call/plaincall/AjaxCheckService.setItemNumber.dwr HTTP/1.1" 200 77
180.171.122.0 - - [15/May/2023:09:40:18 +0800] "POST /xingrg/dwr/call/plaincall/AjaxCheckService.loadOrderItems.dwr HTTP/1.1" 200 147750
180.164.3.199 - - [15/May/2023:09:40:18 +0800] "POST /xingrg/dwr/call/plaincall/AjaxCheckService.setItemNumber.dwr HTTP/1.1" 200 77
180.164.3.199 - - [15/May/2023:09:40:20 +0800] "POST /xingrg/dwr/call/plaincall/AjaxCheckService.setItemNumber.dwr HTTP/1.1" 200 77
180.164.3.199 - - [15/May/2023:09:40:20 +0800] "POST /xingrg/dwr/call/plaincall/AjaxCheckService.setItemNumber.dwr HTTP/1.1" 200 77
180.169.147.146 - - [15/May/2023:09:40:21 +0800] "GET /xingrg/check_reg.html?_=1684114821027 HTTP/1.1" 200 22
180.169.147.146 - - [15/May/2023:09:40:21 +0800] "GET /xingrg/all/function/internal_message.html?_=1684114821030&CODE_STATE=getMsg HTTP/1.1" 200 27
180.164.3.199 - - [15/May/2023:09:40:21 +0800] "POST /xingrg/dwr/call/plaincall/AjaxCheckService.setItemNumber.dwr HTTP/1.1" 200 77
180.169.147.146 - - [15/May/2023:09:40:21 +0800] "GET /xingrg/all/function/internal_message.html?_=1684114819408&CODE_STATE=getMsg HTTP/1.1" 200 27
180.164.3.199 - - [15/May/2023:09:40:21 +0800] "POST /xingrg/dwr/call/plaincall/AjaxCheckService.setItemNumber.dwr HTTP/1.1" 200 77
180.164.3.199 - - [15/May/2023:09:40:21 +0800] "POST /xingrg/dwr/call/plaincall/AjaxCheckService.setItemNumber.dwr HTTP/1.1" 200 77
180.164.3.199 - - [15/May/2023:09:40:21 +0800] "POST /xingrg/dwr/call/plaincall/AjaxCheckService.setItemNumber.dwr HTTP/1.1" 200 77
116.235.240.236 - - [15/May/2023:09:40:22 +0800] "GET /xingrg/kc/buy/cgsh_order_add.html HTTP/1.1" 200 71364
116.235.240.236 - - [15/May/2023:09:40:22 +0800] "GET /xingrg/javascript/pic_change.js HTTP/1.1" 304 -
116.235.240.236 - - [15/May/2023:09:40:22 +0800] "GET /xingrg/javascript/jquery_tools/order_manager.js HTTP/1.1" 304 -
116.235.240.236 - - [15/May/2023:09:40:22 +0800] "GET /xingrg/javascript/json2.js HTTP/1.1" 304 -
116.235.240.236 - - [15/May/2023:09:40:22 +0800] "GET /xingrg/javascript/convert.js HTTP/1.1" 304 -
116.235.240.236 - - [15/May/2023:09:40:22 +0800] "GET /xingrg/javascript/print/kc_print.js HTTP/1.1" 304 -
180.164.3.199 - - [15/May/2023:09:40:22 +0800] "POST /xingrg/dwr/call/plaincall/AjaxCheckService.setItemNumber.dwr HTTP/1.1" 200 77
116.235.240.236 - - [15/May/2023:09:40:22 +0800] "GET /xingrg/words/20230515092718_words.js HTTP/1.1" 200 964849
116.235.240.236 - - [15/May/2023:09:40:23 +0800] "POST /xingrg/kc/buy/cgsh_order_operate.html HTTP/1.1" 200 8245
180.164.3.199 - - [15/May/2023:09:40:23 +0800] "POST /xingrg/dwr/call/plaincall/AjaxCheckService.setItemNumber.dwr HTTP/1.1" 200 77
116.235.240.236 - - [15/May/2023:09:40:23 +0800] "GET /xingrg/javascript/easyui/themes/icons/edit_remove.png HTTP/1.1" 304 -
116.235.240.236 - - [15/May/2023:09:40:23 +0800] "GET /xingrg/javascript/easyui/themes/default/validatebox.css HTTP/1.1" 404 1104
116.235.240.236 - - [15/May/2023:09:40:23 +0800] "GET /xingrg/javascript/easyui/plugins/jquery.validatebox.js HTTP/1.1" 304 -
116.235.240.236 - - [15/May/2023:09:40:23 +0800] "GET /xingrg/javascript/easyui/plugins/jquery.numberbox.js HTTP/1.1" 304 -
180.164.3.199 - - [15/May/2023:09:40:23 +0800] "POST /xingrg/dwr/call/plaincall/AjaxCheckService.setItemNumber.dwr HTTP/1.1" 200 77
180.164.3.199 - - [15/May/2023:09:40:23 +0800] "GET /xingrg/all/function/internal_message.html?_=1684114755540&CODE_STATE=getMsg HTTP/1.1" 200 27
180.164.3.199 - - [15/May/2023:09:40:23 +0800] "POST /xingrg/dwr/call/plaincall/AjaxCheckService.setItemNumber.dwr HTTP/1.1" 200 77
116.235.240.236 - - [15/May/2023:09:40:23 +0800] "GET /xingrg/all/common/auto_word.html?type=employee&rest_code=00146 HTTP/1.1" 200 101
116.235.240.236 - - [15/May/2023:09:40:23 +0800] "GET /xingrg/all/common/auto_word.html?type=employee&rest_code=00146 HTTP/1.1" 200 101
180.164.3.199 - - [15/May/2023:09:40:23 +0800] "POST /xingrg/dwr/call/plaincall/AjaxCheckService.setItemNumber.dwr HTTP/1.1" 200 77
180.164.3.199 - - [15/May/2023:09:40:23 +0800] "POST /xingrg/dwr/call/plaincall/AjaxCheckService.setItemNumber.dwr HTTP/1.1" 200 77
180.164.3.199 - - [15/May/2023:09:40:23 +0800] "POST /xingrg/dwr/call/plaincall/AjaxCheckService.setItemNumber.dwr HTTP/1.1" 200 77
114.83.219.197 - - [15/May/2023:09:40:24 +0800] "GET /xingrg/all/function/internal_message.html?_=1684114918773&CODE_STATE=getMsg HTTP/1.1" 200 27
180.164.3.199 - - [15/May/2023:09:40:24 +0800] "POST /xingrg/dwr/call/plaincall/AjaxCheckService.setItemNumber.dwr HTTP/1.1" 200 77
116.224.158.100 - - [15/May/2023:09:40:24 +0800] "GET /xingrg/all/function/internal_message.html?_=1684114825192&CODE_STATE=getMsg HTTP/1.1" 200 27
101.83.241.217 - - [15/May/2023:09:40:25 +0800] "GET /xingrg/all/function/internal_message.html?_=1684114824880&CODE_STATE=getMsg HTTP/1.1" 200 27
116.235.240.236 - - [15/May/2023:09:40:26 +0800] "GET /xingrg/javascript/auto/indicator.gif HTTP/1.1" 404 1066
120.253.135.82 - - [15/May/2023:09:40:26 +0800] "GET /xingrg/all/function/internal_message.html?_=1684114664439&CODE_STATE=getMsg HTTP/1.1" 200 27
116.232.195.27 - - [15/May/2023:09:40:26 +0800] "GET /xingrg/all/function/internal_message.html?_=1684114876385&CODE_STATE=getMsg HTTP/1.1" 200 27
116.235.240.236 - - [15/May/2023:09:40:28 +0800] "GET /xingrg/javascript/jquery_tools/images/next.gif HTTP/1.1" 404 1086
116.235.240.236 - - [15/May/2023:09:40:28 +0800] "GET /xingrg/javascript/jquery_tools/images/prev.gif HTTP/1.1" 404 1086
116.224.158.100 - - [15/May/2023:09:40:29 +0800] "GET /xingrg/all/function/internal_message.html?_=1684114665497&CODE_STATE=getMsg HTTP/1.1" 200 27
124.79.240.114 - - [15/May/2023:09:40:30 +0800] "GET /xingrg/all/function/internal_message.html?_=1684115107600&CODE_STATE=getMsg HTTP/1.1" 200 27
116.237.77.83 - - [15/May/2023:09:40:32 +0800] "GET /xingrg/kc/buy/cgsh_order_operate.html?command=get_materiel&rest_code=00106&code=00101016025&supplier_code=00100096&order_time=2023-05-15 HTTP/1.1" 200 408
180.164.3.199 - - [15/May/2023:09:40:33 +0800] "POST /xingrg/dwr/call/plaincall/AjaxCheckService.setItemNumber.dwr HTTP/1.1" 200 77
180.169.147.146 - - [15/May/2023:09:40:34 +0800] "GET /xingrg/kc/buy/cgsh_order_operate.html?command=get_materiel&rest_code=00147&code=00101009118&supplier_code=00100022&order_time=2023-05-15 HTTP/1.1" 200 406
180.164.3.199 - - [15/May/2023:09:40:37 +0800] "POST /xingrg/dwr/call/plaincall/AjaxCheckService.setItemNumber.dwr HTTP/1.1" 200 77
180.164.3.199 - - [15/May/2023:09:40:38 +0800] "POST /xingrg/dwr/call/plaincall/AjaxCheckService.setItemNumber.dwr HTTP/1.1" 200 77
116.224.158.100 - - [15/May/2023:09:40:38 +0800] "GET /xingrg/kc/buy/cgsh_order_list.html HTTP/1.1" 200 55582
180.164.3.199 - - [15/May/2023:09:40:38 +0800] "POST /xingrg/dwr/call/plaincall/AjaxCheckService.setItemNumber.dwr HTTP/1.1" 200 77
180.164.3.199 - - [15/May/2023:09:40:39 +0800] "POST /xingrg/dwr/call/plaincall/AjaxCheckService.setItemNumber.dwr HTTP/1.1" 200 77
180.164.3.199 - - [15/May/2023:09:40:40 +0800] "POST /xingrg/dwr/call/plaincall/AjaxCheckService.setItemNumber.dwr HTTP/1.1" 200 77
180.164.3.199 - - [15/May/2023:09:40:40 +0800] "POST /xingrg/dwr/call/plaincall/AjaxCheckService.setItemNumber.dwr HTTP/1.1" 200 77
180.164.3.199 - - [15/May/2023:09:40:40 +0800] "POST /xingrg/dwr/call/plaincall/AjaxCheckService.setItemNumber.dwr HTTP/1.1" 200 77
180.164.3.199 - - [15/May/2023:09:40:41 +0800] "POST /xingrg/dwr/call/plaincall/AjaxCheckService.setItemNumber.dwr HTTP/1.1" 200 77
116.235.240.236 - - [15/May/2023:09:40:41 +0800] "GET /xingrg/kc/buy/cgsh_order_operate.html?command=get_materiel&rest_code=00146&code=00101008176&supplier_code=00100005&order_time=2023-05-15 HTTP/1.1" 200 413
180.164.3.199 - - [15/May/2023:09:40:41 +0800] "POST /xingrg/dwr/call/plaincall/AjaxCheckService.setItemNumber.dwr HTTP/1.1" 200 77
180.169.147.146 - - [15/May/2023:09:40:42 +0800] "GET /xingrg/all/function/internal_message.html?_=1684114839750&CODE_STATE=getMsg HTTP/1.1" 200 27
180.164.3.199 - - [15/May/2023:09:40:42 +0800] "POST /xingrg/dwr/call/plaincall/AjaxCheckService.setItemNumber.dwr HTTP/1.1" 200 77
124.79.240.114 - - [15/May/2023:09:40:43 +0800] "GET /xingrg/check_reg.html?_=1684115120148 HTTP/1.1" 200 22
180.164.3.199 - - [15/May/2023:09:40:43 +0800] "POST /xingrg/dwr/call/plaincall/AjaxCheckService.setItemNumber.dwr HTTP/1.1" 200 77
180.164.3.199 - - [15/May/2023:09:40:43 +0800] "POST /xingrg/dwr/call/plaincall/AjaxCheckService.setItemNumber.dwr HTTP/1.1" 200 77
180.164.3.199 - - [15/May/2023:09:40:44 +0800] "POST /xingrg/dwr/call/plaincall/AjaxCheckService.setItemNumber.dwr HTTP/1.1" 200 77
180.164.3.199 - - [15/May/2023:09:40:44 +0800] "POST /xingrg/dwr/call/plaincall/AjaxCheckService.setItemNumber.dwr HTTP/1.1" 200 77
116.238.139.35 - - [15/May/2023:09:40:45 +0800] "GET /xingrg/all/function/internal_message.html?_=1684114770767&CODE_STATE=getMsg HTTP/1.1" 200 27
180.164.3.199 - - [15/May/2023:09:40:45 +0800] "POST /xingrg/dwr/call/plaincall/AjaxCheckService.setItemNumber.dwr HTTP/1.1" 200 77
180.164.3.199 - - [15/May/2023:09:40:46 +0800] "POST /xingrg/dwr/call/plaincall/AjaxCheckService.setItemNumber.dwr HTTP/1.1" 200 77
180.164.3.199 - - [15/May/2023:09:40:46 +0800] "POST /xingrg/dwr/call/plaincall/AjaxCheckService.setItemNumber.dwr HTTP/1.1" 200 77
180.164.3.199 - - [15/May/2023:09:40:47 +0800] "POST /xingrg/dwr/call/plaincall/AjaxCheckService.setItemNumber.dwr HTTP/1.1" 200 77
180.164.3.199 - - [15/May/2023:09:40:48 +0800] "POST /xingrg/dwr/call/plaincall/AjaxCheckService.setItemNumber.dwr HTTP/1.1" 200 77
180.164.3.199 - - [15/May/2023:09:40:48 +0800] "POST /xingrg/dwr/call/plaincall/AjaxCheckService.setItemNumber.dwr HTTP/1.1" 200 77
180.164.3.199 - - [15/May/2023:09:40:49 +0800] "POST /xingrg/dwr/call/plaincall/AjaxCheckService.setItemNumber.dwr HTTP/1.1" 200 77
180.164.3.199 - - [15/May/2023:09:40:49 +0800] "POST /xingrg/dwr/call/plaincall/AjaxCheckService.setItemNumber.dwr HTTP/1.1" 200 77
180.171.122.0 - - [15/May/2023:09:40:50 +0800] "GET /xingrg/all/function/internal_message.html?_=1684114850718&CODE_STATE=getMsg HTTP/1.1" 200 27
180.164.3.199 - - [15/May/2023:09:40:53 +0800] "POST /xingrg/dwr/call/plaincall/AjaxCheckService.setItemNumber.dwr HTTP/1.1" 200 77
180.164.3.199 - - [15/May/2023:09:40:54 +0800] "POST /xingrg/dwr/call/plaincall/AjaxCheckService.setItemNumber.dwr HTTP/1.1" 200 77
180.164.3.199 - - [15/May/2023:09:40:54 +0800] "POST /xingrg/dwr/call/plaincall/AjaxCheckService.setItemNumber.dwr HTTP/1.1" 200 77
180.164.3.199 - - [15/May/2023:09:40:55 +0800] "POST /xingrg/dwr/call/plaincall/AjaxCheckService.setItemNumber.dwr HTTP/1.1" 200 77
116.237.77.83 - - [15/May/2023:09:40:56 +0800] "GET /xingrg/kc/buy/cgsh_order_operate.html?command=get_materiel&rest_code=00106&code=00101012059&supplier_code=00100096&order_time=2023-05-15 HTTP/1.1" 200 413
116.235.240.236 - - [15/May/2023:09:40:56 +0800] "GET /xingrg/kc/buy/cgsh_order_operate.html?command=get_materiel&rest_code=00146&code=00101008210&supplier_code=00100005&order_time=2023-05-15 HTTP/1.1" 200 408
116.237.77.83 - - [15/May/2023:09:40:57 +0800] "GET /xingrg/all/function/internal_message.html?_=1684114856915&CODE_STATE=getMsg HTTP/1.1" 200 27
180.164.3.199 - - [15/May/2023:09:40:58 +0800] "POST /xingrg/dwr/call/plaincall/AjaxCheckService.setItemNumber.dwr HTTP/1.1" 200 77
116.224.158.100 - - [15/May/2023:09:40:59 +0800] "POST /xingrg/kc/buy/cgsh_list_operate.html HTTP/1.1" 200 3524
180.164.3.199 - - [15/May/2023:09:41:01 +0800] "POST /xingrg/dwr/call/plaincall/AjaxCheckService.setItemNumber.dwr HTTP/1.1" 200 77
180.164.3.199 - - [15/May/2023:09:41:02 +0800] "POST /xingrg/dwr/call/plaincall/AjaxCheckService.setItemNumber.dwr HTTP/1.1" 200 77
180.164.3.199 - - [15/May/2023:09:41:02 +0800] "POST /xingrg/dwr/call/plaincall/AjaxCheckService.setItemNumber.dwr HTTP/1.1" 200 77
116.238.139.35 - - [15/May/2023:09:41:03 +0800] "GET /xingrg/all/function/internal_message.html?_=1684114861912&CODE_STATE=getMsg HTTP/1.1" 200 27
116.237.77.83 - - [15/May/2023:09:41:03 +0800] "GET /xingrg/check_reg.html?_=1684114863274 HTTP/1.1" 200 22
116.237.77.83 - - [15/May/2023:09:41:03 +0800] "GET /xingrg/all/function/internal_message.html?_=1684114863275&CODE_STATE=getMsg HTTP/1.1" 200 27
101.83.241.217 - - [15/May/2023:09:41:03 +0800] "GET /xingrg/kc/buy/cgsh_order_operate.html?command=get_materiel&rest_code=00149&code=00101008353&supplier_code=00100008&order_time=2023-05-15 HTTP/1.1" 200 408
180.164.3.199 - - [15/May/2023:09:41:03 +0800] "POST /xingrg/dwr/call/plaincall/AjaxCheckService.setItemNumber.dwr HTTP/1.1" 200 77
116.224.158.100 - - [15/May/2023:09:41:04 +0800] "GET /xingrg/kc/buy/cgsh_order_add.html HTTP/1.1" 200 71446
116.224.158.100 - - [15/May/2023:09:41:04 +0800] "GET /xingrg/words/20230515092718_words.js HTTP/1.1" 200 964849
180.164.3.199 - - [15/May/2023:09:41:04 +0800] "POST /xingrg/dwr/call/plaincall/AjaxCheckService.setItemNumber.dwr HTTP/1.1" 200 77
116.224.158.100 - - [15/May/2023:09:41:05 +0800] "POST /xingrg/kc/buy/cgsh_order_operate.html HTTP/1.1" 200 8245
116.224.158.100 - - [15/May/2023:09:41:05 +0800] "GET /xingrg/javascript/easyui/themes/default/validatebox.css HTTP/1.1" 404 1104
180.164.3.199 - - [15/May/2023:09:41:05 +0800] "POST /xingrg/dwr/call/plaincall/AjaxCheckService.setItemNumber.dwr HTTP/1.1" 200 77
116.224.158.100 - - [15/May/2023:09:41:05 +0800] "GET /xingrg/javascript/auto/indicator.gif HTTP/1.1" 404 1066
180.164.3.199 - - [15/May/2023:09:41:05 +0800] "POST /xingrg/dwr/call/plaincall/AjaxCheckService.setItemNumber.dwr HTTP/1.1" 200 77
180.164.3.199 - - [15/May/2023:09:41:06 +0800] "POST /xingrg/dwr/call/plaincall/AjaxCheckService.setItemNumber.dwr HTTP/1.1" 200 77
180.164.3.199 - - [15/May/2023:09:41:06 +0800] "POST /xingrg/dwr/call/plaincall/AjaxCheckService.setItemNumber.dwr HTTP/1.1" 200 77
180.164.3.199 - - [15/May/2023:09:41:07 +0800] "POST /xingrg/dwr/call/plaincall/AjaxCheckService.setItemNumber.dwr HTTP/1.1" 200 77
116.235.240.236 - - [15/May/2023:09:41:08 +0800] "GET /xingrg/all/function/internal_message.html?_=1684114873833&CODE_STATE=getMsg HTTP/1.1" 200 27
180.164.3.199 - - [15/May/2023:09:41:08 +0800] "POST /xingrg/dwr/call/plaincall/AjaxCheckService.setItemNumber.dwr HTTP/1.1" 200 77
180.164.3.199 - - [15/May/2023:09:41:09 +0800] "POST /xingrg/dwr/call/plaincall/AjaxCheckService.setItemNumber.dwr HTTP/1.1" 200 77
180.164.3.199 - - [15/May/2023:09:41:09 +0800] "POST /xingrg/dwr/call/plaincall/AjaxCheckService.setItemNumber.dwr HTTP/1.1" 200 77
180.164.3.199 - - [15/May/2023:09:41:10 +0800] "POST /xingrg/dwr/call/plaincall/AjaxCheckService.setItemNumber.dwr HTTP/1.1" 200 77
180.169.147.146 - - [15/May/2023:09:41:10 +0800] "GET /xingrg/kc/buy/cgsh_order_operate.html?command=get_materiel&rest_code=00147&code=00101009062&supplier_code=00100022&order_time=2023-05-15 HTTP/1.1" 200 412
114.85.96.117 - - [15/May/2023:09:41:11 +0800] "GET /xingrg/all/function/internal_message.html?_=1684114872108&CODE_STATE=getMsg HTTP/1.1" 200 27
116.237.77.83 - - [15/May/2023:09:41:12 +0800] "GET /xingrg/kc/buy/cgsh_order_operate.html?command=get_materiel&rest_code=00106&code=00101012051&supplier_code=00100096&order_time=2023-05-15 HTTP/1.1" 200 408
180.164.3.199 - - [15/May/2023:09:41:12 +0800] "POST /xingrg/dwr/call/plaincall/AjaxCheckService.setItemNumber.dwr HTTP/1.1" 200 77
180.164.3.199 - - [15/May/2023:09:41:13 +0800] "POST /xingrg/dwr/call/plaincall/AjaxCheckService.setItemNumber.dwr HTTP/1.1" 200 77
180.164.3.199 - - [15/May/2023:09:41:14 +0800] "POST /xingrg/dwr/call/plaincall/AjaxCheckService.setItemNumber.dwr HTTP/1.1" 200 77
116.237.77.83 - - [15/May/2023:09:41:15 +0800] "POST /xingrg/kc/cost/cost_operate.html HTTP/1.1" 200 4
180.164.3.199 - - [15/May/2023:09:41:15 +0800] "POST /xingrg/dwr/call/plaincall/AjaxCheckService.setItemNumber.dwr HTTP/1.1" 200 77
180.164.3.199 - - [15/May/2023:09:41:15 +0800] "POST /xingrg/dwr/call/plaincall/AjaxCheckService.setItemNumber.dwr HTTP/1.1" 200 77
180.164.3.199 - - [15/May/2023:09:41:16 +0800] "GET /xingrg/all/function/internal_message.html?_=1684114875560&CODE_STATE=getMsg HTTP/1.1" 200 27
180.164.3.199 - - [15/May/2023:09:41:16 +0800] "POST /xingrg/dwr/call/plaincall/AjaxCheckService.setItemNumber.dwr HTTP/1.1" 200 77
180.164.3.199 - - [15/May/2023:09:41:18 +0800] "POST /xingrg/dwr/call/plaincall/AjaxCheckService.setItemNumber.dwr HTTP/1.1" 200 77
180.164.3.199 - - [15/May/2023:09:41:18 +0800] "POST /xingrg/dwr/call/plaincall/AjaxCheckService.setItemNumber.dwr HTTP/1.1" 200 77
180.164.3.199 - - [15/May/2023:09:41:20 +0800] "POST /xingrg/dwr/call/plaincall/AjaxCheckService.setItemNumber.dwr HTTP/1.1" 200 77
180.169.147.146 - - [15/May/2023:09:41:21 +0800] "GET /xingrg/all/function/internal_message.html?_=1684114881020&CODE_STATE=getMsg HTTP/1.1" 200 27
180.169.147.146 - - [15/May/2023:09:41:21 +0800] "GET /xingrg/all/function/internal_message.html?_=1684114879393&CODE_STATE=getMsg HTTP/1.1" 200 27
180.164.3.199 - - [15/May/2023:09:41:22 +0800] "POST /xingrg/dwr/call/plaincall/AjaxCheckService.setItemNumber.dwr HTTP/1.1" 200 77
180.169.147.146 - - [15/May/2023:09:41:22 +0800] "POST /xingrg/kc/buy/cgsh_order_operate.html HTTP/1.1" 200 37
180.164.3.199 - - [15/May/2023:09:41:23 +0800] "POST /xingrg/dwr/call/plaincall/AjaxCheckService.setItemNumber.dwr HTTP/1.1" 200 78
180.171.122.0 - - [15/May/2023:09:41:23 +0800] "POST /xingrg/dwr/call/plaincall/AjaxCheckService.setItemNumber.dwr HTTP/1.1" 200 76
114.83.219.197 - - [15/May/2023:09:41:24 +0800] "GET /xingrg/all/function/internal_message.html?_=1684114978756&CODE_STATE=getMsg HTTP/1.1" 200 27
114.83.219.197 - - [15/May/2023:09:41:24 +0800] "GET /xingrg/check_reg.html?_=1684114978850 HTTP/1.1" 200 22
180.169.147.146 - - [15/May/2023:09:41:24 +0800] "POST /xingrg/kc/buy/cgsh_order_operate.html HTTP/1.1" 200 4419
116.224.158.100 - - [15/May/2023:09:41:24 +0800] "GET /xingrg/all/function/internal_message.html?_=1684114885164&CODE_STATE=getMsg HTTP/1.1" 200 27
180.164.3.199 - - [15/May/2023:09:41:25 +0800] "POST /xingrg/dwr/call/plaincall/AjaxCheckService.setItemNumber.dwr HTTP/1.1" 200 78
116.224.158.100 - - [15/May/2023:09:41:25 +0800] "GET /xingrg/kc/buy/cgsh_order_operate.html?command=get_materiel&rest_code=00105&code=00101009109&supplier_code=00100024&order_time=2023-05-15 HTTP/1.1" 200 413
101.83.241.217 - - [15/May/2023:09:41:25 +0800] "GET /xingrg/all/function/internal_message.html?_=1684114884861&CODE_STATE=getMsg HTTP/1.1" 200 27
116.232.195.27 - - [15/May/2023:09:41:25 +0800] "GET /xingrg/check_reg.html?_=1684114935512 HTTP/1.1" 200 22
101.83.241.217 - - [15/May/2023:09:41:25 +0800] "GET /xingrg/kc/buy/cgsh_order_operate.html?command=get_materiel&rest_code=00149&code=00101008359&supplier_code=00100008&order_time=2023-05-15 HTTP/1.1" 200 408
120.253.135.82 - - [15/May/2023:09:41:26 +0800] "GET /xingrg/check_reg.html?_=1684114724118 HTTP/1.1" 200 22
180.169.147.146 - - [15/May/2023:09:41:26 +0800] "GET /xingrg/kc/print/load_data.html?order_code=212023051505435&kc_code=cgsh&condition= HTTP/1.1" 200 1378
116.232.195.27 - - [15/May/2023:09:41:26 +0800] "GET /xingrg/all/function/internal_message.html?_=1684114936372&CODE_STATE=getMsg HTTP/1.1" 200 27
120.253.135.82 - - [15/May/2023:09:41:26 +0800] "GET /xingrg/all/function/internal_message.html?_=1684114724451&CODE_STATE=getMsg HTTP/1.1" 200 27
180.164.3.199 - - [15/May/2023:09:41:28 +0800] "POST /xingrg/dwr/call/plaincall/AjaxCheckService.setItemNumber.dwr HTTP/1.1" 200 78
180.164.3.199 - - [15/May/2023:09:41:28 +0800] "POST /xingrg/dwr/call/plaincall/AjaxCheckService.setItemNumber.dwr HTTP/1.1" 200 78
180.164.3.199 - - [15/May/2023:09:41:29 +0800] "POST /xingrg/dwr/call/plaincall/AjaxCheckService.setItemNumber.dwr HTTP/1.1" 200 78
116.224.158.100 - - [15/May/2023:09:41:29 +0800] "GET /xingrg/all/function/internal_message.html?_=1684114725488&CODE_STATE=getMsg HTTP/1.1" 200 27
180.164.3.199 - - [15/May/2023:09:41:30 +0800] "POST /xingrg/dwr/call/plaincall/AjaxCheckService.setItemNumber.dwr HTTP/1.1" 200 78
124.79.240.114 - - [15/May/2023:09:41:30 +0800] "GET /xingrg/all/function/internal_message.html?_=1684115167573&CODE_STATE=getMsg HTTP/1.1" 200 27
180.164.3.199 - - [15/May/2023:09:41:30 +0800] "POST /xingrg/dwr/call/plaincall/AjaxCheckService.setItemNumber.dwr HTTP/1.1" 200 78
180.169.147.146 - - [15/May/2023:09:41:30 +0800] "GET /xingrg/kc/buy/cgsh_order_add.html HTTP/1.1" 200 71367
180.169.147.146 - - [15/May/2023:09:41:31 +0800] "POST /xingrg/kc/buy/cgsh_order_operate.html HTTP/1.1" 200 8245
180.169.147.146 - - [15/May/2023:09:41:31 +0800] "GET /xingrg/javascript/easyui/themes/default/validatebox.css HTTP/1.1" 404 1104
180.164.3.199 - - [15/May/2023:09:41:31 +0800] "POST /xingrg/dwr/call/plaincall/AjaxCheckService.setItemNumber.dwr HTTP/1.1" 200 78
180.164.3.199 - - [15/May/2023:09:41:33 +0800] "POST /xingrg/dwr/call/plaincall/AjaxCheckService.setItemNumber.dwr HTTP/1.1" 200 78
180.164.3.199 - - [15/May/2023:09:41:35 +0800] "POST /xingrg/dwr/call/plaincall/AjaxCheckService.setItemNumber.dwr HTTP/1.1" 200 78
116.235.240.236 - - [15/May/2023:09:41:35 +0800] "GET /xingrg/kc/buy/cgsh_order_operate.html?command=get_materiel&rest_code=00146&code=00101008049&supplier_code=00100005&order_time=2023-05-15 HTTP/1.1" 200 408
116.237.77.83 - - [15/May/2023:09:41:37 +0800] "GET /xingrg/kc/buy/cgsh_order_operate.html?command=get_materiel&rest_code=00106&code=00101007027&supplier_code=00100096&order_time=2023-05-15 HTTP/1.1" 200 421
180.164.3.199 - - [15/May/2023:09:41:38 +0800] "POST /xingrg/dwr/call/plaincall/AjaxCheckService.setItemNumber.dwr HTTP/1.1" 200 78
180.164.3.199 - - [15/May/2023:09:41:40 +0800] "POST /xingrg/dwr/call/plaincall/AjaxCheckService.setItemNumber.dwr HTTP/1.1" 200 78
180.164.3.199 - - [15/May/2023:09:41:40 +0800] "POST /xingrg/dwr/call/plaincall/AjaxCheckService.setItemNumber.dwr HTTP/1.1" 200 78
180.164.3.199 - - [15/May/2023:09:41:41 +0800] "POST /xingrg/dwr/call/plaincall/AjaxCheckService.setItemNumber.dwr HTTP/1.1" 200 78
180.164.3.199 - - [15/May/2023:09:41:41 +0800] "POST /xingrg/dwr/call/plaincall/AjaxCheckService.setItemNumber.dwr HTTP/1.1" 200 78
180.169.147.146 - - [15/May/2023:09:41:42 +0800] "GET /xingrg/all/function/internal_message.html?_=1684114899751&CODE_STATE=getMsg HTTP/1.1" 200 27
116.238.139.35 - - [15/May/2023:09:41:43 +0800] "GET /xingrg/check_reg.html?_=1684114828701 HTTP/1.1" 200 22
116.224.158.100 - - [15/May/2023:09:41:43 +0800] "GET /xingrg/kc/buy/cgsh_order_operate.html?command=get_materiel&rest_code=00105&code=00101009062&supplier_code=00100024&order_time=2023-05-15 HTTP/1.1" 200 412
180.164.3.199 - - [15/May/2023:09:41:44 +0800] "POST /xingrg/dwr/call/plaincall/AjaxCheckService.setItemNumber.dwr HTTP/1.1" 200 78
180.164.3.199 - - [15/May/2023:09:41:45 +0800] "POST /xingrg/dwr/call/plaincall/AjaxCheckService.setItemNumber.dwr HTTP/1.1" 200 78
116.238.139.35 - - [15/May/2023:09:41:45 +0800] "GET /xingrg/all/function/internal_message.html?_=1684114830782&CODE_STATE=getMsg HTTP/1.1" 200 27
180.164.3.199 - - [15/May/2023:09:41:46 +0800] "POST /xingrg/dwr/call/plaincall/AjaxCheckService.setItemNumber.dwr HTTP/1.1" 200 78
180.164.3.199 - - [15/May/2023:09:41:47 +0800] "POST /xingrg/dwr/call/plaincall/AjaxCheckService.setItemNumber.dwr HTTP/1.1" 200 78
180.164.3.199 - - [15/May/2023:09:41:48 +0800] "POST /xingrg/dwr/call/plaincall/AjaxCheckService.setItemNumber.dwr HTTP/1.1" 200 78
180.164.3.199 - - [15/May/2023:09:41:49 +0800] "POST /xingrg/dwr/call/plaincall/AjaxCheckService.setItemNumber.dwr HTTP/1.1" 200 78
180.164.3.199 - - [15/May/2023:09:41:50 +0800] "POST /xingrg/dwr/call/plaincall/AjaxCheckService.setItemNumber.dwr HTTP/1.1" 200 78
180.171.122.0 - - [15/May/2023:09:41:50 +0800] "GET /xingrg/all/function/internal_message.html?_=1684114910726&CODE_STATE=getMsg HTTP/1.1" 200 27
180.164.3.199 - - [15/May/2023:09:41:51 +0800] "POST /xingrg/dwr/call/plaincall/AjaxCheckService.setItemNumber.dwr HTTP/1.1" 200 78
180.164.3.199 - - [15/May/2023:09:41:53 +0800] "POST /xingrg/dwr/call/plaincall/AjaxCheckService.setItemNumber.dwr HTTP/1.1" 200 78
116.224.158.100 - - [15/May/2023:09:41:54 +0800] "GET /xingrg/kc/buy/cgsh_order_operate.html?command=get_materiel&rest_code=00105&code=00101009010&supplier_code=00100024&order_time=2023-05-15 HTTP/1.1" 200 412
116.237.77.83 - - [15/May/2023:09:41:57 +0800] "GET /xingrg/all/function/internal_message.html?_=1684114916886&CODE_STATE=getMsg HTTP/1.1" 200 27
116.237.77.83 - - [15/May/2023:09:41:57 +0800] "GET /xingrg/check_reg.html?_=1684114917171 HTTP/1.1" 200 22
180.164.3.199 - - [15/May/2023:09:41:57 +0800] "POST /xingrg/dwr/call/plaincall/AjaxCheckService.setItemNumber.dwr HTTP/1.1" 200 78
116.237.77.83 - - [15/May/2023:09:41:58 +0800] "GET /xingrg/kc/buy/cgsh_order_operate.html?command=get_materiel&rest_code=00106&code=00101006109&supplier_code=00100096&order_time=2023-05-15 HTTP/1.1" 200 409
180.164.3.199 - - [15/May/2023:09:41:59 +0800] "POST /xingrg/dwr/call/plaincall/AjaxCheckService.setItemNumber.dwr HTTP/1.1" 200 78
180.164.3.199 - - [15/May/2023:09:42:00 +0800] "POST /xingrg/dwr/call/plaincall/AjaxCheckService.setItemNumber.dwr HTTP/1.1" 200 78
180.164.3.199 - - [15/May/2023:09:42:01 +0800] "POST /xingrg/dwr/call/plaincall/AjaxCheckService.setItemNumber.dwr HTTP/1.1" 200 78
180.164.3.199 - - [15/May/2023:09:42:01 +0800] "POST /xingrg/dwr/call/plaincall/AjaxCheckService.setItemNumber.dwr HTTP/1.1" 200 78
180.164.3.199 - - [15/May/2023:09:42:02 +0800] "POST /xingrg/dwr/call/plaincall/AjaxCheckService.setItemNumber.dwr HTTP/1.1" 200 78
180.164.3.199 - - [15/May/2023:09:42:03 +0800] "POST /xingrg/dwr/call/plaincall/AjaxCheckService.setItemNumber.dwr HTTP/1.1" 200 78
116.238.139.35 - - [15/May/2023:09:42:03 +0800] "GET /xingrg/all/function/internal_message.html?_=1684114921920&CODE_STATE=getMsg HTTP/1.1" 200 27
124.79.240.114 - - [15/May/2023:09:42:04 +0800] "GET /favicon.ico HTTP/1.1" 404 -
180.164.3.199 - - [15/May/2023:09:42:04 +0800] "POST /xingrg/dwr/call/plaincall/AjaxCheckService.setItemNumber.dwr HTTP/1.1" 200 78
116.224.158.100 - - [15/May/2023:09:42:04 +0800] "GET /xingrg/kc/buy/cgsh_order_operate.html?command=get_materiel&rest_code=00105&code=00101009021&supplier_code=00100024&order_time=2023-05-15 HTTP/1.1" 200 417
180.164.3.199 - - [15/May/2023:09:42:05 +0800] "POST /xingrg/dwr/call/plaincall/AjaxCheckService.setItemNumber.dwr HTTP/1.1" 200 78
116.235.240.236 - - [15/May/2023:09:42:05 +0800] "GET /xingrg/kc/buy/cgsh_order_operate.html?command=get_materiel&rest_code=00146&code=00101008003&supplier_code=00100005&order_time=2023-05-15 HTTP/1.1" 200 408
180.164.3.199 - - [15/May/2023:09:42:05 +0800] "POST /xingrg/dwr/call/plaincall/AjaxCheckService.setItemNumber.dwr HTTP/1.1" 200 78
180.164.3.199 - - [15/May/2023:09:42:06 +0800] "POST /xingrg/dwr/call/plaincall/AjaxCheckService.setItemNumber.dwr HTTP/1.1" 200 78
180.169.147.146 - - [15/May/2023:09:42:06 +0800] "GET /xingrg/check_reg.html?_=1684114924558 HTTP/1.1" 200 22
180.164.3.199 - - [15/May/2023:09:42:06 +0800] "POST /xingrg/dwr/call/plaincall/AjaxCheckService.setItemNumber.dwr HTTP/1.1" 200 78
180.164.3.199 - - [15/May/2023:09:42:07 +0800] "POST /xingrg/dwr/call/plaincall/AjaxCheckService.setItemNumber.dwr HTTP/1.1" 200 78
116.235.240.236 - - [15/May/2023:09:42:08 +0800] "GET /xingrg/all/function/internal_message.html?_=1684114933842&CODE_STATE=getMsg HTTP/1.1" 200 27
180.164.3.199 - - [15/May/2023:09:42:08 +0800] "POST /xingrg/dwr/call/plaincall/AjaxCheckService.setItemNumber.dwr HTTP/1.1" 200 78
180.164.3.199 - - [15/May/2023:09:42:09 +0800] "POST /xingrg/dwr/call/plaincall/AjaxCheckService.setItemNumber.dwr HTTP/1.1" 200 78
180.164.3.199 - - [15/May/2023:09:42:09 +0800] "POST /xingrg/dwr/call/plaincall/AjaxCheckService.setItemNumber.dwr HTTP/1.1" 200 78
218.81.76.90 - - [15/May/2023:09:42:10 +0800] "GET /xingrg/check_reg.html?_=1684114930584 HTTP/1.1" 302 -
180.164.3.199 - - [15/May/2023:09:42:11 +0800] "POST /xingrg/dwr/call/plaincall/AjaxCheckService.setItemNumber.dwr HTTP/1.1" 200 78
114.85.96.117 - - [15/May/2023:09:42:11 +0800] "GET /xingrg/all/function/internal_message.html?_=1684114932109&CODE_STATE=getMsg HTTP/1.1" 200 27
180.164.3.199 - - [15/May/2023:09:42:12 +0800] "POST /xingrg/dwr/call/plaincall/AjaxCheckService.setItemNumber.dwr HTTP/1.1" 200 78
180.164.3.199 - - [15/May/2023:09:42:14 +0800] "POST /xingrg/dwr/call/plaincall/AjaxCheckService.setItemNumber.dwr HTTP/1.1" 200 78
116.237.77.83 - - [15/May/2023:09:42:14 +0800] "GET /xingrg/kc/buy/cgsh_order_operate.html?command=get_materiel&rest_code=00106&code=00101006130&supplier_code=00100096&order_time=2023-05-15 HTTP/1.1" 200 429
180.164.3.199 - - [15/May/2023:09:42:16 +0800] "GET /xingrg/all/function/internal_message.html?_=1684114935539&CODE_STATE=getMsg HTTP/1.1" 200 27
180.164.3.199 - - [15/May/2023:09:42:16 +0800] "POST /xingrg/dwr/call/plaincall/AjaxCheckService.setItemNumber.dwr HTTP/1.1" 200 78
180.164.3.199 - - [15/May/2023:09:42:16 +0800] "POST /xingrg/dwr/call/plaincall/AjaxCheckService.setItemNumber.dwr HTTP/1.1" 200 78
180.164.3.199 - - [15/May/2023:09:42:17 +0800] "POST /xingrg/dwr/call/plaincall/AjaxCheckService.setItemNumber.dwr HTTP/1.1" 200 78
180.164.3.199 - - [15/May/2023:09:42:18 +0800] "POST /xingrg/dwr/call/plaincall/AjaxCheckService.setItemNumber.dwr HTTP/1.1" 200 78
180.164.3.199 - - [15/May/2023:09:42:18 +0800] "POST /xingrg/dwr/call/plaincall/AjaxCheckService.setItemNumber.dwr HTTP/1.1" 200 78
101.83.241.217 - - [15/May/2023:09:42:18 +0800] "GET /xingrg/kc/buy/cgsh_order_operate.html?command=get_materiel&rest_code=00149&code=00101008213&supplier_code=00100008&order_time=2023-05-15 HTTP/1.1" 200 412
180.164.3.199 - - [15/May/2023:09:42:18 +0800] "POST /xingrg/dwr/call/plaincall/AjaxCheckService.setItemNumber.dwr HTTP/1.1" 200 78
180.164.3.199 - - [15/May/2023:09:42:19 +0800] "POST /xingrg/dwr/call/plaincall/AjaxCheckService.setItemNumber.dwr HTTP/1.1" 200 78
180.164.3.199 - - [15/May/2023:09:42:20 +0800] "POST /xingrg/dwr/call/plaincall/AjaxCheckService.setItemNumber.dwr HTTP/1.1" 200 78
180.169.147.146 - - [15/May/2023:09:42:21 +0800] "GET /xingrg/all/function/internal_message.html?_=1684114941022&CODE_STATE=getMsg HTTP/1.1" 200 27
180.164.3.199 - - [15/May/2023:09:42:21 +0800] "POST /xingrg/dwr/call/plaincall/AjaxCheckService.setItemNumber.dwr HTTP/1.1" 200 78
180.169.147.146 - - [15/May/2023:09:42:21 +0800] "GET /xingrg/all/function/internal_message.html?_=1684114939373&CODE_STATE=getMsg HTTP/1.1" 200 27
116.224.158.100 - - [15/May/2023:09:42:22 +0800] "GET /xingrg/kc/buy/cgsh_order_operate.html?command=get_materiel&rest_code=00105&code=00101009015&supplier_code=00100024&order_time=2023-05-15 HTTP/1.1" 200 416
180.164.3.199 - - [15/May/2023:09:42:22 +0800] "POST /xingrg/dwr/call/plaincall/AjaxCheckService.setItemNumber.dwr HTTP/1.1" 200 78
116.235.240.236 - - [15/May/2023:09:42:23 +0800] "GET /xingrg/kc/buy/cgsh_order_operate.html?command=get_materiel&rest_code=00146&code=00101008126&supplier_code=00100005&order_time=2023-05-15 HTTP/1.1" 200 412
114.83.219.197 - - [15/May/2023:09:42:24 +0800] "GET /xingrg/all/function/internal_message.html?_=1684115038732&CODE_STATE=getMsg HTTP/1.1" 200 27
116.224.158.100 - - [15/May/2023:09:42:24 +0800] "GET /xingrg/all/function/internal_message.html?_=1684114945144&CODE_STATE=getMsg HTTP/1.1" 200 27
116.237.77.83 - - [15/May/2023:09:42:25 +0800] "GET /xingrg/all/function/internal_message.html?_=1684114945018&CODE_STATE=getMsg HTTP/1.1" 200 27
101.83.241.217 - - [15/May/2023:09:42:25 +0800] "GET /xingrg/all/function/internal_message.html?_=1684114944842&CODE_STATE=getMsg HTTP/1.1" 200 27
116.237.77.83 - - [15/May/2023:09:42:25 +0800] "GET /xingrg/kc/cost/cost_page.html HTTP/1.1" 200 4088
116.237.77.83 - - [15/May/2023:09:42:25 +0800] "GET /xingrg/css/blue.css HTTP/1.1" 304 -
116.237.77.83 - - [15/May/2023:09:42:25 +0800] "GET /xingrg/javascript/jquery_easy_ui/themes/default/easyui.css HTTP/1.1" 304 -
116.237.77.83 - - [15/May/2023:09:42:25 +0800] "GET /xingrg/javascript/jquery_easy_ui/themes/icon.css HTTP/1.1" 304 -
116.237.77.83 - - [15/May/2023:09:42:25 +0800] "GET /xingrg/javascript/step/step.css HTTP/1.1" 304 -
116.237.77.83 - - [15/May/2023:09:42:25 +0800] "GET /xingrg/css/table.css HTTP/1.1" 304 -
101.83.241.217 - - [15/May/2023:09:42:25 +0800] "GET /xingrg/check_reg.html?_=1684114945333 HTTP/1.1" 200 22
116.224.158.100 - - [15/May/2023:09:42:25 +0800] "GET /xingrg/check_reg.html?_=1684114946147 HTTP/1.1" 200 22
116.237.77.83 - - [15/May/2023:09:42:25 +0800] "GET /xingrg/dwr/interface/AjaxReportQueryService.js HTTP/1.1" 200 13203
116.237.77.83 - - [15/May/2023:09:42:25 +0800] "GET /xingrg/dwr/engine.js HTTP/1.1" 200 43631
116.237.77.83 - - [15/May/2023:09:42:25 +0800] "GET /xingrg/dwr/util.js HTTP/1.1" 304 -
116.237.77.83 - - [15/May/2023:09:42:25 +0800] "GET /xingrg/javascript/jquery-1.4.2.min.js HTTP/1.1" 304 -
116.237.77.83 - - [15/May/2023:09:42:25 +0800] "GET /xingrg/javascript/jquery_easy_ui/jquery.easyui.min.js HTTP/1.1" 304 -
116.237.77.83 - - [15/May/2023:09:42:25 +0800] "GET /xingrg/javascript/jquery_easy_ui/easyui-lang-zh_CN.js HTTP/1.1" 304 -
116.237.77.83 - - [15/May/2023:09:42:26 +0800] "GET /xingrg/javascript/jquery.utils.js HTTP/1.1" 304 -
116.237.77.83 - - [15/May/2023:09:42:26 +0800] "GET /xingrg/images/control/ajaxLoader.gif HTTP/1.1" 304 -
116.232.195.27 - - [15/May/2023:09:42:26 +0800] "GET /xingrg/all/function/internal_message.html?_=1684114996354&CODE_STATE=getMsg HTTP/1.1" 200 27
120.253.135.82 - - [15/May/2023:09:42:26 +0800] "GET /xingrg/all/function/internal_message.html?_=1684114784466&CODE_STATE=getMsg HTTP/1.1" 200 27
180.169.147.146 - - [15/May/2023:09:42:26 +0800] "GET /xingrg/kc/buy/cgsh_order_operate.html?command=get_materiel&rest_code=00147&code=00101009004&supplier_code=00100022&order_time=2023-05-15 HTTP/1.1" 200 409
116.237.77.83 - - [15/May/2023:09:42:28 +0800] "GET /xingrg/kc/cost/crk_report.html HTTP/1.1" 200 23636
116.237.77.83 - - [15/May/2023:09:42:28 +0800] "POST /xingrg/kc/cost/cost_operate.html?command=get_base_tree HTTP/1.1" 200 2583
