222.67.238.82 - - [15/May/2023:09:45:57 +0800] "GET /xingrg/images/blue/button/yddb.gif HTTP/1.1" 200 2040
222.67.238.82 - - [15/May/2023:09:45:57 +0800] "GET /xingrg/images/blue/button/kc.gif HTTP/1.1" 200 2160
222.67.238.82 - - [15/May/2023:09:45:57 +0800] "GET /xingrg/images/blue/button/wlsy.gif HTTP/1.1" 200 2536
222.67.238.82 - - [15/May/2023:09:45:57 +0800] "GET /xingrg/images/blue/pic_form2.gif HTTP/1.1" 200 1853
222.67.238.82 - - [15/May/2023:09:45:57 +0800] "GET /xingrg/images/blue/button/ckdb.gif HTTP/1.1" 200 1950
222.67.238.82 - - [15/May/2023:09:45:57 +0800] "GET /xingrg/javascript/pic_change.js HTTP/1.1" 200 4739
116.237.77.83 - - [15/May/2023:09:45:57 +0800] "GET /xingrg/all/function/internal_message.html?_=1684115156859&CODE_STATE=getMsg HTTP/1.1" 200 27
180.164.3.199 - - [15/May/2023:09:45:57 +0800] "POST /xingrg/dwr/call/plaincall/AjaxCheckService.setItemNumber.dwr HTTP/1.1" 200 77
222.67.238.82 - - [15/May/2023:09:45:57 +0800] "GET /xingrg/images/blue/bg_dotted.jpg HTTP/1.1" 200 319
222.67.238.82 - - [15/May/2023:09:45:57 +0800] "GET /xingrg/images/blue/button/down.jpg HTTP/1.1" 200 1560
222.67.238.82 - - [15/May/2023:09:45:57 +0800] "GET /xingrg/images/blue/button/top_left.jpg HTTP/1.1" 200 1632
222.67.238.82 - - [15/May/2023:09:45:57 +0800] "GET /xingrg/images/blue/button/left_ah.jpg HTTP/1.1" 200 1643
222.67.238.82 - - [15/May/2023:09:45:57 +0800] "GET /xingrg/images/blue/button/right_ah.jpg HTTP/1.1" 200 1744
222.67.238.82 - - [15/May/2023:09:45:57 +0800] "GET /xingrg/images/blue/button/top_right.jpg HTTP/1.1" 200 1708
222.67.238.82 - - [15/May/2023:09:45:57 +0800] "GET /xingrg/images/blue/button/bottom_right.jpg HTTP/1.1" 200 1436
222.67.238.82 - - [15/May/2023:09:45:57 +0800] "GET /xingrg/images/blue/button/bottom_left.jpg HTTP/1.1" 200 1524
222.67.238.82 - - [15/May/2023:09:45:58 +0800] "GET /xingrg/kc/base/check_order_list.html HTTP/1.1" 200 16223
222.67.238.82 - - [15/May/2023:09:45:58 +0800] "GET /xingrg/css/base.css HTTP/1.1" 200 2811
222.67.238.82 - - [15/May/2023:09:45:58 +0800] "GET /xingrg/javascript/jquery_tools/datebox.css HTTP/1.1" 200 2597
222.67.238.82 - - [15/May/2023:09:45:58 +0800] "GET /xingrg/javascript/easyui/themes/default/easyui.css HTTP/1.1" 200 30432
222.67.238.82 - - [15/May/2023:09:45:58 +0800] "GET /xingrg/javascript/jquery_tools/table.css HTTP/1.1" 200 1032
222.67.238.82 - - [15/May/2023:09:45:58 +0800] "GET /xingrg/javascript/easyui/themes/icon.css HTTP/1.1" 200 4483
222.67.238.82 - - [15/May/2023:09:45:58 +0800] "GET /xingrg/javascript/jquery_tools/fix.css HTTP/1.1" 200 1702
222.67.238.82 - - [15/May/2023:09:45:58 +0800] "GET /xingrg/javascript/jquery_tools/jquery.tools.min.js HTTP/1.1" 200 138801
222.67.238.82 - - [15/May/2023:09:45:58 +0800] "GET /xingrg/css/site.css HTTP/1.1" 200 7541
222.67.238.82 - - [15/May/2023:09:45:58 +0800] "GET /xingrg/javascript/auto/jquery.autocomplete.css HTTP/1.1" 200 587
222.67.238.82 - - [15/May/2023:09:45:58 +0800] "GET /xingrg/javascript/jquery_tools/jquery.tools.extend.js HTTP/1.1" 200 15385
222.67.238.82 - - [15/May/2023:09:45:58 +0800] "GET /xingrg/javascript/jquery_tools/list_manager.js HTTP/1.1" 200 3652
222.67.238.82 - - [15/May/2023:09:45:58 +0800] "GET /xingrg/javascript/jquery_tools/jquery.tools.table.js HTTP/1.1" 200 6994
222.67.238.82 - - [15/May/2023:09:45:58 +0800] "GET /xingrg/javascript/jquery_tools/jquery.tools.hotkey.js HTTP/1.1" 200 3242
222.67.238.82 - - [15/May/2023:09:45:58 +0800] "GET /xingrg/javascript/easyui/easyloader.js HTTP/1.1" 200 5975
222.67.238.82 - - [15/May/2023:09:45:58 +0800] "GET /xingrg/javascript/jquery.cookie.js HTTP/1.1" 200 5513
222.67.238.82 - - [15/May/2023:09:45:58 +0800] "GET /xingrg/javascript/auto/jquery.autocomplete.js HTTP/1.1" 200 21624
222.67.238.82 - - [15/May/2023:09:45:58 +0800] "GET /xingrg/javascript/easyui/themes/icons/field_new.png HTTP/1.1" 200 1097
222.67.238.82 - - [15/May/2023:09:45:58 +0800] "GET /xingrg/javascript/easyui/themes/icons/check_new.png HTTP/1.1" 200 3224
222.67.238.82 - - [15/May/2023:09:45:58 +0800] "GET /xingrg/javascript/easyui/themes/icons/cance_new.png HTTP/1.1" 200 3986
222.67.238.82 - - [15/May/2023:09:45:58 +0800] "GET /xingrg/javascript/easyui/themes/icons/edit_add_new.png HTTP/1.1" 200 2997
222.67.238.82 - - [15/May/2023:09:45:58 +0800] "GET /xingrg/javascript/easyui/plugins/jquery.parser.js HTTP/1.1" 200 1142
222.67.238.82 - - [15/May/2023:09:45:58 +0800] "GET /xingrg/images/control/ajaxLoader.gif HTTP/1.1" 200 4659
222.67.238.82 - - [15/May/2023:09:45:58 +0800] "POST /xingrg/kc/base/check_list_operate.html HTTP/1.1" 200 1566
116.238.139.35 - - [15/May/2023:09:46:03 +0800] "GET /xingrg/all/function/internal_message.html?_=1684115161916&CODE_STATE=getMsg HTTP/1.1" 200 27
116.237.77.83 - - [15/May/2023:09:46:03 +0800] "GET /xingrg/check_reg.html?_=1684115163268 HTTP/1.1" 200 22
222.67.238.82 - - [15/May/2023:09:46:03 +0800] "POST /xingrg/kc/base/check_list_operate.html HTTP/1.1" 200 5486
222.67.238.82 - - [15/May/2023:09:46:09 +0800] "GET /xingrg/kc/base/check_order_info.html?code=452023051400097 HTTP/1.1" 200 22860
222.67.238.82 - - [15/May/2023:09:46:09 +0800] "GET /xingrg/css/table.css HTTP/1.1" 200 3684
222.67.238.82 - - [15/May/2023:09:46:09 +0800] "GET /xingrg/dwr/util.js HTTP/1.1" 200 35990
222.67.238.82 - - [15/May/2023:09:46:09 +0800] "GET /xingrg/dwr/interface/AjaxComOrderService.js HTTP/1.1" 200 18264
222.67.238.82 - - [15/May/2023:09:46:09 +0800] "GET /xingrg/dwr/engine.js HTTP/1.1" 200 43631
222.67.238.82 - - [15/May/2023:09:46:09 +0800] "GET /xingrg/javascript/AjaxInfoList.js HTTP/1.1" 200 3774
222.67.238.82 - - [15/May/2023:09:46:09 +0800] "GET /xingrg/javascript/Calendar.js HTTP/1.1" 200 31561
222.67.238.82 - - [15/May/2023:09:46:09 +0800] "GET /xingrg/javascript/convert.js HTTP/1.1" 200 1239
222.67.238.82 - - [15/May/2023:09:46:09 +0800] "GET /xingrg/dwr/interface/AjaxCheckService.js HTTP/1.1" 200 14003
222.67.238.82 - - [15/May/2023:09:46:09 +0800] "GET /xingrg/javascript/print/kc_print.js HTTP/1.1" 200 11415
222.67.238.82 - - [15/May/2023:09:46:09 +0800] "GET /xingrg/javascript/print/LodopFuncs.js HTTP/1.1" 200 5121
222.67.238.82 - - [15/May/2023:09:46:09 +0800] "GET /xingrg/javascript/jquery_easy_ui/themes/icons/exam_new.png HTTP/1.1" 200 756
222.67.238.82 - - [15/May/2023:09:46:09 +0800] "GET /xingrg/javascript/jquery_easy_ui/themes/default/images/menu_downarrow.png HTTP/1.1" 200 173
222.67.238.82 - - [15/May/2023:09:46:09 +0800] "GET /xingrg/javascript/jquery_easy_ui/themes/icons/back_new.png HTTP/1.1" 200 3414
222.67.238.82 - - [15/May/2023:09:46:09 +0800] "GET /xingrg/javascript/jquery_easy_ui/themes/icons/print.png HTTP/1.1" 200 1057
114.85.96.117 - - [15/May/2023:09:46:11 +0800] "GET /xingrg/all/function/internal_message.html?_=1684115172107&CODE_STATE=getMsg HTTP/1.1" 200 27
222.67.238.82 - - [15/May/2023:09:46:11 +0800] "POST /xingrg/dwr/call/plaincall/AjaxCheckService.loadOrderItems.dwr HTTP/1.1" 200 52581
180.164.3.199 - - [15/May/2023:09:46:13 +0800] "POST /xingrg/dwr/call/plaincall/AjaxCheckService.setItemNumber.dwr HTTP/1.1" 200 77
180.164.3.199 - - [15/May/2023:09:46:14 +0800] "POST /xingrg/dwr/call/plaincall/AjaxCheckService.setItemNumber.dwr HTTP/1.1" 200 77
222.67.238.82 - - [15/May/2023:09:46:14 +0800] "GET /xingrg/kc/base/base_main.html HTTP/1.1" 200 12142
180.164.3.199 - - [15/May/2023:09:46:15 +0800] "POST /xingrg/dwr/call/plaincall/AjaxCheckService.setItemNumber.dwr HTTP/1.1" 200 77
180.164.3.199 - - [15/May/2023:09:46:15 +0800] "POST /xingrg/dwr/call/plaincall/AjaxCheckService.setItemNumber.dwr HTTP/1.1" 200 77
180.164.3.199 - - [15/May/2023:09:46:16 +0800] "GET /xingrg/all/function/internal_message.html?_=1684115175540&CODE_STATE=getMsg HTTP/1.1" 200 27
222.67.238.82 - - [15/May/2023:09:46:16 +0800] "GET /xingrg/kc/base/check_order_list.html HTTP/1.1" 200 16223
180.164.3.199 - - [15/May/2023:09:46:17 +0800] "POST /xingrg/dwr/call/plaincall/AjaxCheckService.setItemNumber.dwr HTTP/1.1" 200 77
222.67.238.82 - - [15/May/2023:09:46:17 +0800] "POST /xingrg/kc/base/check_list_operate.html HTTP/1.1" 200 1566
116.237.77.83 - - [15/May/2023:09:46:17 +0800] "POST /xingrg/all/user/operate.html HTTP/1.1" 200 36
180.164.3.199 - - [15/May/2023:09:46:18 +0800] "POST /xingrg/dwr/call/plaincall/AjaxCheckService.setItemNumber.dwr HTTP/1.1" 200 77
116.237.77.83 - - [15/May/2023:09:46:18 +0800] "GET /xingrg/javascript/jquery_easy_ui/themes/default/easyui.css HTTP/1.1" 304 -
116.237.77.83 - - [15/May/2023:09:46:18 +0800] "GET /xingrg/javascript/jquery_easy_ui/themes/icon.css HTTP/1.1" 304 -
116.237.77.83 - - [15/May/2023:09:46:18 +0800] "GET /xingrg/index.html?sysBaseUrl=http%3A%2F%2F180.169.147.146%3A18081%2Fxingrg%2F&costTime=1921×tamp=1684114555425 HTTP/1.1" 200 17509
116.237.77.83 - - [15/May/2023:09:46:18 +0800] "GET /xingrg/css/form.css HTTP/1.1" 304 -
116.237.77.83 - - [15/May/2023:09:46:18 +0800] "GET /xingrg/javascript/jquery-1.4.2.min.js HTTP/1.1" 304 -
116.237.77.83 - - [15/May/2023:09:46:18 +0800] "GET /xingrg/javascript/jquery_easy_ui/jquery.easyui.min.js HTTP/1.1" 304 -
116.237.77.83 - - [15/May/2023:09:46:18 +0800] "GET /xingrg/javascript/jquery_easy_ui/easyui-lang-zh_CN.js HTTP/1.1" 304 -
116.237.77.83 - - [15/May/2023:09:46:18 +0800] "GET /xingrg/javascript/jquery.form.js HTTP/1.1" 304 -
116.237.77.83 - - [15/May/2023:09:46:18 +0800] "GET /xingrg/javascript/jquery.utils.js HTTP/1.1" 304 -
116.237.77.83 - - [15/May/2023:09:46:19 +0800] "GET /xingrg/javascript/jquery.timers.js HTTP/1.1" 304 -
116.237.77.83 - - [15/May/2023:09:46:19 +0800] "GET /xingrg/images/blue/jxLogo.png HTTP/1.1" 304 -
116.237.77.83 - - [15/May/2023:09:46:19 +0800] "GET /xingrg/images/blue/navBackgound.jpg HTTP/1.1" 304 -
116.237.77.83 - - [15/May/2023:09:46:19 +0800] "GET /xingrg/javascript/jquery_easy_ui/themes/icons/settle_new.png HTTP/1.1" 304 -
180.164.3.199 - - [15/May/2023:09:46:19 +0800] "POST /xingrg/dwr/call/plaincall/AjaxCheckService.setItemNumber.dwr HTTP/1.1" 200 77
116.237.77.83 - - [15/May/2023:09:46:19 +0800] "GET /xingrg/javascript/jquery_easy_ui/themes/default/images/panel_tool_expand.gif HTTP/1.1" 304 -
116.237.77.83 - - [15/May/2023:09:46:19 +0800] "GET /xingrg/check_reg.html?_=1684115179108 HTTP/1.1" 200 22
116.237.77.83 - - [15/May/2023:09:46:19 +0800] "GET /xingrg/all/function/internal_message.html?_=1684115179108&CODE_STATE=count HTTP/1.1" 200 11
116.237.77.83 - - [15/May/2023:09:46:19 +0800] "GET /xingrg/images/blue/pingpu.png HTTP/1.1" 304 -
116.237.77.83 - - [15/May/2023:09:46:19 +0800] "GET /xingrg/javascript/jquery_easy_ui/themes/default/images/panel_tool_collapse.gif HTTP/1.1" 304 -
116.237.77.83 - - [15/May/2023:09:46:19 +0800] "GET /xingrg/javascript/jquery_easy_ui/themes/default/images/tabs_rightarrow.png HTTP/1.1" 304 -
116.237.77.83 - - [15/May/2023:09:46:19 +0800] "GET /xingrg/javascript/jquery_easy_ui/themes/default/images/tabs_leftarrow.png HTTP/1.1" 304 -
116.235.240.236 - - [15/May/2023:09:46:19 +0800] "GET /xingrg/all/function/internal_message.html?_=1684115184973&CODE_STATE=getMsg HTTP/1.1" 200 27
180.164.3.199 - - [15/May/2023:09:46:19 +0800] "POST /xingrg/dwr/call/plaincall/AjaxCheckService.setItemNumber.dwr HTTP/1.1" 200 77
116.237.77.83 - - [15/May/2023:09:46:19 +0800] "POST /xingrg/all/common/load_tree.html?tree=area_rest_tree_json&manage=1 HTTP/1.1" 200 3499
180.164.3.199 - - [15/May/2023:09:46:20 +0800] "POST /xingrg/dwr/call/plaincall/AjaxCheckService.setItemNumber.dwr HTTP/1.1" 200 77
180.164.3.199 - - [15/May/2023:09:46:20 +0800] "POST /xingrg/dwr/call/plaincall/AjaxCheckService.setItemNumber.dwr HTTP/1.1" 200 77
116.237.77.83 - - [15/May/2023:09:46:20 +0800] "POST /xingrg/load_menu.html HTTP/1.1" 200 9959
180.164.3.199 - - [15/May/2023:09:46:20 +0800] "POST /xingrg/dwr/call/plaincall/AjaxCheckService.setItemNumber.dwr HTTP/1.1" 200 77
180.169.147.146 - - [15/May/2023:09:46:21 +0800] "GET /xingrg/all/function/internal_message.html?_=1684115181030&CODE_STATE=getMsg HTTP/1.1" 200 27
222.67.238.82 - - [15/May/2023:09:46:21 +0800] "POST /xingrg/kc/base/check_list_operate.html HTTP/1.1" 200 5486
180.169.147.146 - - [15/May/2023:09:46:21 +0800] "GET /xingrg/all/function/internal_message.html?_=1684115179314&CODE_STATE=getMsg HTTP/1.1" 200 27
180.164.3.199 - - [15/May/2023:09:46:21 +0800] "POST /xingrg/dwr/call/plaincall/AjaxCheckService.setItemNumber.dwr HTTP/1.1" 200 77
114.83.219.197 - - [15/May/2023:09:46:23 +0800] "GET /xingrg/all/function/internal_message.html?_=1684115278667&CODE_STATE=getMsg HTTP/1.1" 200 27
114.83.219.197 - - [15/May/2023:09:46:24 +0800] "GET /xingrg/check_reg.html?_=1684115278826 HTTP/1.1" 200 22
180.164.3.199 - - [15/May/2023:09:46:24 +0800] "POST /xingrg/dwr/call/plaincall/AjaxCheckService.setItemNumber.dwr HTTP/1.1" 200 77
180.164.3.199 - - [15/May/2023:09:46:24 +0800] "POST /xingrg/dwr/call/plaincall/AjaxCheckService.setItemNumber.dwr HTTP/1.1" 200 77
116.224.158.100 - - [15/May/2023:09:46:24 +0800] "GET /xingrg/all/function/internal_message.html?_=1684115185043&CODE_STATE=getMsg HTTP/1.1" 200 27
116.237.77.83 - - [15/May/2023:09:46:24 +0800] "GET /xingrg/kc/base/check_order_list.html HTTP/1.1" 200 16484
180.164.3.199 - - [15/May/2023:09:46:24 +0800] "POST /xingrg/dwr/call/plaincall/AjaxCheckService.setItemNumber.dwr HTTP/1.1" 200 77
180.164.3.199 - - [15/May/2023:09:46:25 +0800] "POST /xingrg/dwr/call/plaincall/AjaxCheckService.setItemNumber.dwr HTTP/1.1" 200 77
101.83.241.217 - - [15/May/2023:09:46:25 +0800] "GET /xingrg/all/function/internal_message.html?_=1684115184815&CODE_STATE=getMsg HTTP/1.1" 200 27
116.232.195.27 - - [15/May/2023:09:46:25 +0800] "GET /xingrg/check_reg.html?_=1684115235520 HTTP/1.1" 200 22
120.253.135.82 - - [15/May/2023:09:46:26 +0800] "GET /xingrg/check_reg.html?_=1684115024128 HTTP/1.1" 200 22
116.232.195.27 - - [15/May/2023:09:46:26 +0800] "GET /xingrg/all/function/internal_message.html?_=1684115236280&CODE_STATE=getMsg HTTP/1.1" 200 27
120.253.135.82 - - [15/May/2023:09:46:26 +0800] "GET /xingrg/all/function/internal_message.html?_=1684115024519&CODE_STATE=getMsg HTTP/1.1" 200 27
180.164.3.199 - - [15/May/2023:09:46:27 +0800] "POST /xingrg/dwr/call/plaincall/AjaxCheckService.setItemNumber.dwr HTTP/1.1" 200 77
116.237.77.83 - - [15/May/2023:09:46:27 +0800] "POST /xingrg/kc/base/check_list_operate.html HTTP/1.1" 200 1566
180.164.3.199 - - [15/May/2023:09:46:28 +0800] "POST /xingrg/dwr/call/plaincall/AjaxCheckService.setItemNumber.dwr HTTP/1.1" 200 77
180.164.3.199 - - [15/May/2023:09:46:29 +0800] "POST /xingrg/dwr/call/plaincall/AjaxCheckService.setItemNumber.dwr HTTP/1.1" 200 77
116.224.158.100 - - [15/May/2023:09:46:29 +0800] "GET /xingrg/all/function/internal_message.html?_=1684115025494&CODE_STATE=getMsg HTTP/1.1" 200 27
101.83.241.217 - - [15/May/2023:09:46:29 +0800] "POST /xingrg/kc/buy/cgsh_order_operate.html HTTP/1.1" 200 37
180.164.3.199 - - [15/May/2023:09:46:29 +0800] "POST /xingrg/dwr/call/plaincall/AjaxCheckService.setItemNumber.dwr HTTP/1.1" 200 77
180.164.3.199 - - [15/May/2023:09:46:30 +0800] "POST /xingrg/dwr/call/plaincall/AjaxCheckService.setItemNumber.dwr HTTP/1.1" 200 77
124.79.240.114 - - [15/May/2023:09:46:30 +0800] "GET /xingrg/all/function/internal_message.html?_=1684115467434&CODE_STATE=getMsg HTTP/1.1" 200 27
180.164.3.199 - - [15/May/2023:09:46:30 +0800] "POST /xingrg/dwr/call/plaincall/AjaxCheckService.setItemNumber.dwr HTTP/1.1" 200 77
180.164.3.199 - - [15/May/2023:09:46:32 +0800] "POST /xingrg/dwr/call/plaincall/AjaxCheckService.setItemNumber.dwr HTTP/1.1" 200 77
180.169.147.146 - - [15/May/2023:09:46:32 +0800] "GET /xingrg/kc/buy/cgsh_order_operate.html?command=get_materiel&rest_code=00147&code=00101006240&supplier_code=00100015&order_time=2023-05-15 HTTP/1.1" 200 422
116.235.240.236 - - [15/May/2023:09:46:32 +0800] "GET /xingrg/kc/buy/cgsh_order_operate.html?command=get_materiel&rest_code=00146&code=00101008126&supplier_code=00100005&order_time=2023-05-15 HTTP/1.1" 200 412
180.164.3.199 - - [15/May/2023:09:46:33 +0800] "POST /xingrg/dwr/call/plaincall/AjaxCheckService.setItemNumber.dwr HTTP/1.1" 200 77
180.164.3.199 - - [15/May/2023:09:46:33 +0800] "POST /xingrg/dwr/call/plaincall/AjaxCheckService.setItemNumber.dwr HTTP/1.1" 200 77
180.164.3.199 - - [15/May/2023:09:46:33 +0800] "POST /xingrg/dwr/call/plaincall/AjaxCheckService.setItemNumber.dwr HTTP/1.1" 200 77
180.164.3.199 - - [15/May/2023:09:46:34 +0800] "POST /xingrg/dwr/call/plaincall/AjaxCheckService.setItemNumber.dwr HTTP/1.1" 200 77
180.164.3.199 - - [15/May/2023:09:46:35 +0800] "POST /xingrg/dwr/call/plaincall/AjaxCheckService.setItemNumber.dwr HTTP/1.1" 200 77
180.164.3.199 - - [15/May/2023:09:46:35 +0800] "POST /xingrg/dwr/call/plaincall/AjaxCheckService.setItemNumber.dwr HTTP/1.1" 200 77
180.164.3.199 - - [15/May/2023:09:46:37 +0800] "POST /xingrg/dwr/call/plaincall/AjaxCheckService.setItemNumber.dwr HTTP/1.1" 200 77
180.164.3.199 - - [15/May/2023:09:46:37 +0800] "POST /xingrg/dwr/call/plaincall/AjaxCheckService.setItemNumber.dwr HTTP/1.1" 200 77
180.164.3.199 - - [15/May/2023:09:46:37 +0800] "POST /xingrg/dwr/call/plaincall/AjaxCheckService.setItemNumber.dwr HTTP/1.1" 200 77
222.67.238.82 - - [15/May/2023:09:46:38 +0800] "GET /xingrg/javascript/jquery_easy_ui/themes/icons/area.png HTTP/1.1" 200 262
222.67.238.82 - - [15/May/2023:09:46:38 +0800] "GET /xingrg/javascript/jquery_easy_ui/themes/icons/rest.png HTTP/1.1" 200 695
180.164.3.199 - - [15/May/2023:09:46:40 +0800] "POST /xingrg/dwr/call/plaincall/AjaxCheckService.setItemNumber.dwr HTTP/1.1" 200 77
180.164.3.199 - - [15/May/2023:09:46:40 +0800] "POST /xingrg/dwr/call/plaincall/AjaxCheckService.setItemNumber.dwr HTTP/1.1" 200 77
180.164.3.199 - - [15/May/2023:09:46:41 +0800] "POST /xingrg/dwr/call/plaincall/AjaxCheckService.setItemNumber.dwr HTTP/1.1" 200 77
180.169.147.146 - - [15/May/2023:09:46:42 +0800] "GET /xingrg/all/function/internal_message.html?_=1684115199740&CODE_STATE=getMsg HTTP/1.1" 200 27
116.238.139.35 - - [15/May/2023:09:46:43 +0800] "GET /xingrg/check_reg.html?_=1684115128700 HTTP/1.1" 200 22
114.85.96.117 - - [15/May/2023:09:46:44 +0800] "GET /xingrg/all/function/internal_message.html?_=1684115204404&CODE_STATE=getMsg HTTP/1.1" 302 -
114.85.96.117 - - [15/May/2023:09:46:44 +0800] "GET /xingrg/check_reg.html?_=1684115204406 HTTP/1.1" 302 -
114.85.96.117 - - [15/May/2023:09:46:44 +0800] "GET /xingrg/login.html HTTP/1.1" 200 7641
114.85.96.117 - - [15/May/2023:09:46:44 +0800] "GET /xingrg/login.html HTTP/1.1" 200 7641
180.164.3.199 - - [15/May/2023:09:46:44 +0800] "POST /xingrg/dwr/call/plaincall/AjaxCheckService.setItemNumber.dwr HTTP/1.1" 200 77
116.238.139.35 - - [15/May/2023:09:46:45 +0800] "GET /xingrg/all/function/internal_message.html?_=1684115130849&CODE_STATE=getMsg HTTP/1.1" 200 27
180.164.3.199 - - [15/May/2023:09:46:50 +0800] "POST /xingrg/dwr/call/plaincall/AjaxCheckService.setItemNumber.dwr HTTP/1.1" 200 77
180.171.122.0 - - [15/May/2023:09:46:50 +0800] "GET /xingrg/all/function/internal_message.html?_=1684115210723&CODE_STATE=getMsg HTTP/1.1" 200 27
180.164.3.199 - - [15/May/2023:09:46:51 +0800] "POST /xingrg/dwr/call/plaincall/AjaxCheckService.setItemNumber.dwr HTTP/1.1" 200 77
180.164.3.199 - - [15/May/2023:09:46:51 +0800] "POST /xingrg/dwr/call/plaincall/AjaxCheckService.setItemNumber.dwr HTTP/1.1" 200 77
180.164.3.199 - - [15/May/2023:09:46:52 +0800] "POST /xingrg/dwr/call/plaincall/AjaxCheckService.setItemNumber.dwr HTTP/1.1" 200 77
180.164.3.199 - - [15/May/2023:09:46:54 +0800] "POST /xingrg/dwr/call/plaincall/AjaxCheckService.setItemNumber.dwr HTTP/1.1" 200 77
180.164.3.199 - - [15/May/2023:09:46:55 +0800] "POST /xingrg/dwr/call/plaincall/AjaxCheckService.setItemNumber.dwr HTTP/1.1" 200 77
180.164.3.199 - - [15/May/2023:09:46:55 +0800] "POST /xingrg/dwr/call/plaincall/AjaxCheckService.setItemNumber.dwr HTTP/1.1" 200 77
222.67.238.82 - - [15/May/2023:09:46:55 +0800] "GET /xingrg/all/function/internal_message.html?_=1684114733623&CODE_STATE=getMsg HTTP/1.1" 200 27
222.70.110.223 - - [15/May/2023:09:46:56 +0800] "GET /favicon.ico HTTP/1.1" 404 -
180.164.3.199 - - [15/May/2023:09:46:56 +0800] "POST /xingrg/dwr/call/plaincall/AjaxCheckService.setItemNumber.dwr HTTP/1.1" 200 78
180.164.3.199 - - [15/May/2023:09:46:56 +0800] "POST /xingrg/dwr/call/plaincall/AjaxCheckService.setItemNumber.dwr HTTP/1.1" 200 77
180.164.3.199 - - [15/May/2023:09:46:56 +0800] "POST /xingrg/dwr/call/plaincall/AjaxCheckService.setItemNumber.dwr HTTP/1.1" 200 78
116.237.77.83 - - [15/May/2023:09:46:57 +0800] "GET /xingrg/all/function/internal_message.html?_=1684115216832&CODE_STATE=getMsg HTTP/1.1" 200 27
116.237.77.83 - - [15/May/2023:09:46:57 +0800] "GET /xingrg/check_reg.html?_=1684115217159 HTTP/1.1" 200 22
180.164.3.199 - - [15/May/2023:09:46:58 +0800] "POST /xingrg/dwr/call/plaincall/AjaxCheckService.setItemNumber.dwr HTTP/1.1" 200 78
180.164.3.199 - - [15/May/2023:09:46:59 +0800] "POST /xingrg/dwr/call/plaincall/AjaxCheckService.setItemNumber.dwr HTTP/1.1" 200 78
116.237.77.83 - - [15/May/2023:09:46:59 +0800] "GET /xingrg/kc/buy/cgsh_order_operate.html?command=get_materiel&rest_code=00106&code=00101008283&supplier_code=00100032&order_time=2023-05-15 HTTP/1.1" 200 408
180.164.3.199 - - [15/May/2023:09:46:59 +0800] "POST /xingrg/dwr/call/plaincall/AjaxCheckService.setItemNumber.dwr HTTP/1.1" 200 78
222.67.238.82 - - [15/May/2023:09:47:00 +0800] "GET /xingrg/javascript/easyui/themes/default/images/button_plain_hover.png HTTP/1.1" 200 144
180.164.3.199 - - [15/May/2023:09:47:00 +0800] "POST /xingrg/dwr/call/plaincall/AjaxCheckService.setItemNumber.dwr HTTP/1.1" 200 78
180.164.3.199 - - [15/May/2023:09:47:00 +0800] "POST /xingrg/dwr/call/plaincall/AjaxCheckService.setItemNumber.dwr HTTP/1.1" 200 78
222.67.238.82 - - [15/May/2023:09:47:01 +0800] "GET /xingrg/kc/base/check_order_add.html HTTP/1.1" 200 26438
222.67.238.82 - - [15/May/2023:09:47:01 +0800] "GET /xingrg/dwr/interface/AjaxCheckService.js HTTP/1.1" 200 14003
222.67.238.82 - - [15/May/2023:09:47:01 +0800] "GET /xingrg/dwr/interface/AjaxComOrderService.js HTTP/1.1" 200 18264
222.67.238.82 - - [15/May/2023:09:47:01 +0800] "GET /xingrg/dwr/engine.js HTTP/1.1" 200 43631
222.67.238.82 - - [15/May/2023:09:47:01 +0800] "GET /xingrg/javascript/jquery_easy_ui/themes/icons/cance_new.png HTTP/1.1" 200 3986
222.67.238.82 - - [15/May/2023:09:47:01 +0800] "GET /xingrg/javascript/jquery_easy_ui/themes/icons/check_new.png HTTP/1.1" 200 3224
180.164.3.199 - - [15/May/2023:09:47:03 +0800] "POST /xingrg/dwr/call/plaincall/AjaxCheckService.setItemNumber.dwr HTTP/1.1" 200 78
116.238.139.35 - - [15/May/2023:09:47:03 +0800] "GET /xingrg/all/function/internal_message.html?_=1684115221918&CODE_STATE=getMsg HTTP/1.1" 200 27
180.164.3.199 - - [15/May/2023:09:47:03 +0800] "POST /xingrg/dwr/call/plaincall/AjaxCheckService.setItemNumber.dwr HTTP/1.1" 200 78
180.164.3.199 - - [15/May/2023:09:47:03 +0800] "POST /xingrg/dwr/call/plaincall/AjaxCheckService.setItemNumber.dwr HTTP/1.1" 200 78
180.164.3.199 - - [15/May/2023:09:47:04 +0800] "POST /xingrg/dwr/call/plaincall/AjaxCheckService.setItemNumber.dwr HTTP/1.1" 200 78
180.164.3.199 - - [15/May/2023:09:47:04 +0800] "POST /xingrg/dwr/call/plaincall/AjaxCheckService.setItemNumber.dwr HTTP/1.1" 200 78
180.169.147.146 - - [15/May/2023:09:47:06 +0800] "GET /xingrg/check_reg.html?_=1684115224556 HTTP/1.1" 200 22
180.169.147.146 - - [15/May/2023:09:47:07 +0800] "GET /xingrg/kc/buy/cgsh_order_operate.html?command=get_materiel&rest_code=00147&code=00101006109&supplier_code=00100015&order_time=2023-05-15 HTTP/1.1" 200 409
180.164.3.199 - - [15/May/2023:09:47:07 +0800] "POST /xingrg/dwr/call/plaincall/AjaxCheckService.setItemNumber.dwr HTTP/1.1" 200 78
218.81.76.90 - - [15/May/2023:09:47:10 +0800] "GET /xingrg/check_reg.html?_=1684115230563 HTTP/1.1" 302 -
222.67.238.82 - - [15/May/2023:09:47:10 +0800] "POST /xingrg/dwr/call/plaincall/AjaxCheckService.saveOrder.dwr HTTP/1.1" 200 78
180.164.3.199 - - [15/May/2023:09:47:11 +0800] "POST /xingrg/dwr/call/plaincall/AjaxCheckService.setItemNumber.dwr HTTP/1.1" 200 78
180.164.3.199 - - [15/May/2023:09:47:11 +0800] "POST /xingrg/dwr/call/plaincall/AjaxCheckService.setItemNumber.dwr HTTP/1.1" 200 78
114.85.96.117 - - [15/May/2023:09:47:11 +0800] "GET /xingrg/all/function/internal_message.html?_=1684115232110&CODE_STATE=getMsg HTTP/1.1" 200 27
180.164.3.199 - - [15/May/2023:09:47:11 +0800] "POST /xingrg/dwr/call/plaincall/AjaxCheckService.setItemNumber.dwr HTTP/1.1" 200 78
116.237.77.83 - - [15/May/2023:09:47:12 +0800] "GET /xingrg/kc/buy/cgsh_order_operate.html?command=get_materiel&rest_code=00106&code=00101016017&supplier_code=00100032&order_time=2023-05-15 HTTP/1.1" 200 408
222.67.238.82 - - [15/May/2023:09:47:14 +0800] "POST /xingrg/dwr/call/plaincall/AjaxCheckService.loadOrderItems.dwr HTTP/1.1" 200 367
180.164.3.199 - - [15/May/2023:09:47:16 +0800] "GET /xingrg/all/function/internal_message.html?_=1684115235552&CODE_STATE=getMsg HTTP/1.1" 200 27
180.164.3.199 - - [15/May/2023:09:47:19 +0800] "POST /xingrg/dwr/call/plaincall/AjaxCheckService.setItemNumber.dwr HTTP/1.1" 200 78
116.237.77.83 - - [15/May/2023:09:47:19 +0800] "GET /xingrg/all/function/internal_message.html?_=1684115239126&CODE_STATE=getMsg HTTP/1.1" 200 27
116.235.240.236 - - [15/May/2023:09:47:19 +0800] "GET /xingrg/all/function/internal_message.html?_=1684115244987&CODE_STATE=getMsg HTTP/1.1" 200 27
180.164.3.199 - - [15/May/2023:09:47:19 +0800] "POST /xingrg/dwr/call/plaincall/AjaxCheckService.setItemNumber.dwr HTTP/1.1" 200 78
222.67.238.82 - - [15/May/2023:09:47:19 +0800] "GET /xingrg/javascript/jquery_easy_ui/themes/default/images/button_plain_hover.png HTTP/1.1" 200 252
180.169.147.146 - - [15/May/2023:09:47:21 +0800] "GET /xingrg/all/function/internal_message.html?_=1684115241030&CODE_STATE=getMsg HTTP/1.1" 200 27
180.164.3.199 - - [15/May/2023:09:47:21 +0800] "POST /xingrg/dwr/call/plaincall/AjaxCheckService.setItemNumber.dwr HTTP/1.1" 200 78
180.169.147.146 - - [15/May/2023:09:47:21 +0800] "GET /xingrg/all/function/internal_message.html?_=1684115239286&CODE_STATE=getMsg HTTP/1.1" 200 27
180.164.3.199 - - [15/May/2023:09:47:21 +0800] "POST /xingrg/dwr/call/plaincall/AjaxCheckService.setItemNumber.dwr HTTP/1.1" 200 78
180.164.3.199 - - [15/May/2023:09:47:21 +0800] "POST /xingrg/dwr/call/plaincall/AjaxCheckService.setItemNumber.dwr HTTP/1.1" 200 78
180.164.3.199 - - [15/May/2023:09:47:22 +0800] "POST /xingrg/dwr/call/plaincall/AjaxCheckService.setItemNumber.dwr HTTP/1.1" 200 78
180.164.3.199 - - [15/May/2023:09:47:22 +0800] "POST /xingrg/dwr/call/plaincall/AjaxCheckService.setItemNumber.dwr HTTP/1.1" 200 78
114.83.219.197 - - [15/May/2023:09:47:23 +0800] "GET /xingrg/all/function/internal_message.html?_=1684115338644&CODE_STATE=getMsg HTTP/1.1" 200 27
116.224.158.100 - - [15/May/2023:09:47:24 +0800] "GET /xingrg/all/function/internal_message.html?_=1684115245014&CODE_STATE=getMsg HTTP/1.1" 200 27
222.67.238.82 - - [15/May/2023:09:47:24 +0800] "GET /xingrg/javascript/jquery_easy_ui/themes/default/images/panel_tools.gif HTTP/1.1" 200 737
222.67.238.82 - - [15/May/2023:09:47:24 +0800] "GET /xingrg/javascript/jquery_easy_ui/themes/default/images/panel_title.png HTTP/1.1" 200 266
222.67.238.82 - - [15/May/2023:09:47:24 +0800] "GET /xingrg/javascript/jquery_easy_ui/themes/default/images/button_span_bg.gif HTTP/1.1" 200 2061
222.67.238.82 - - [15/May/2023:09:47:24 +0800] "GET /xingrg/javascript/jquery_easy_ui/themes/icons/pencil.png HTTP/1.1" 200 713
222.67.238.82 - - [15/May/2023:09:47:24 +0800] "GET /xingrg/javascript/jquery_easy_ui/themes/default/images/button_a_bg.gif HTTP/1.1" 200 1194
222.67.238.82 - - [15/May/2023:09:47:24 +0800] "GET /xingrg/javascript/jquery_easy_ui/themes/icons/ok.png HTTP/1.1" 200 883
116.224.158.100 - - [15/May/2023:09:47:25 +0800] "GET /xingrg/check_reg.html?_=1684115246114 HTTP/1.1" 200 22
180.164.3.199 - - [15/May/2023:09:47:26 +0800] "POST /xingrg/dwr/call/plaincall/AjaxCheckService.setItemNumber.dwr HTTP/1.1" 200 78
116.232.195.27 - - [15/May/2023:09:47:26 +0800] "GET /xingrg/all/function/internal_message.html?_=1684115296261&CODE_STATE=getMsg HTTP/1.1" 200 27
222.67.238.82 - - [15/May/2023:09:47:26 +0800] "POST /xingrg/kc/report/common_data.html?type=materiel_category_tree HTTP/1.1" 200 3921
120.253.135.82 - - [15/May/2023:09:47:26 +0800] "GET /xingrg/all/function/internal_message.html?_=1684115084534&CODE_STATE=getMsg HTTP/1.1" 200 27
222.67.238.82 - - [15/May/2023:09:47:26 +0800] "GET /xingrg/javascript/jquery_easy_ui/themes/default/images/tree_checkbox_0.gif HTTP/1.1" 200 168
180.164.3.199 - - [15/May/2023:09:47:26 +0800] "POST /xingrg/dwr/call/plaincall/AjaxCheckService.setItemNumber.dwr HTTP/1.1" 200 78
180.164.3.199 - - [15/May/2023:09:47:27 +0800] "POST /xingrg/dwr/call/plaincall/AjaxCheckService.setItemNumber.dwr HTTP/1.1" 200 78
222.67.238.82 - - [15/May/2023:09:47:27 +0800] "GET /xingrg/javascript/jquery_easy_ui/themes/default/images/tree_checkbox_1.gif HTTP/1.1" 200 174
222.67.238.82 - - [15/May/2023:09:47:27 +0800] "GET /xingrg/javascript/jquery_easy_ui/themes/default/images/tree_checkbox_2.gif HTTP/1.1" 200 181
180.164.3.199 - - [15/May/2023:09:47:28 +0800] "POST /xingrg/dwr/call/plaincall/AjaxCheckService.setItemNumber.dwr HTTP/1.1" 200 78
180.164.3.199 - - [15/May/2023:09:47:29 +0800] "POST /xingrg/dwr/call/plaincall/AjaxCheckService.setItemNumber.dwr HTTP/1.1" 200 78
116.224.158.100 - - [15/May/2023:09:47:29 +0800] "GET /xingrg/check_reg.html?_=1684115085495 HTTP/1.1" 200 22
116.224.158.100 - - [15/May/2023:09:47:29 +0800] "GET /xingrg/all/function/internal_message.html?_=1684115085498&CODE_STATE=getMsg HTTP/1.1" 200 27
180.164.3.199 - - [15/May/2023:09:47:29 +0800] "POST /xingrg/dwr/call/plaincall/AjaxCheckService.setItemNumber.dwr HTTP/1.1" 200 78
180.164.3.199 - - [15/May/2023:09:47:29 +0800] "POST /xingrg/dwr/call/plaincall/AjaxCheckService.setItemNumber.dwr HTTP/1.1" 200 78
124.79.240.114 - - [15/May/2023:09:47:30 +0800] "GET /xingrg/all/function/internal_message.html?_=1684115527408&CODE_STATE=getMsg HTTP/1.1" 200 27
180.164.3.199 - - [15/May/2023:09:47:30 +0800] "POST /xingrg/dwr/call/plaincall/AjaxCheckService.setItemNumber.dwr HTTP/1.1" 200 78
180.164.3.199 - - [15/May/2023:09:47:31 +0800] "POST /xingrg/dwr/call/plaincall/AjaxCheckService.setItemNumber.dwr HTTP/1.1" 200 78
180.164.3.199 - - [15/May/2023:09:47:31 +0800] "POST /xingrg/dwr/call/plaincall/AjaxCheckService.setItemNumber.dwr HTTP/1.1" 200 78
180.164.3.199 - - [15/May/2023:09:47:32 +0800] "POST /xingrg/dwr/call/plaincall/AjaxCheckService.setItemNumber.dwr HTTP/1.1" 200 78
116.237.77.83 - - [15/May/2023:09:47:32 +0800] "GET /xingrg/kc/buy/cgsh_order_operate.html?command=get_materiel&rest_code=00106&code=00101008186&supplier_code=00100032&order_time=2023-05-15 HTTP/1.1" 200 409
180.164.3.199 - - [15/May/2023:09:47:33 +0800] "POST /xingrg/dwr/call/plaincall/AjaxCheckService.setItemNumber.dwr HTTP/1.1" 200 78
180.164.3.199 - - [15/May/2023:09:47:33 +0800] "POST /xingrg/dwr/call/plaincall/AjaxCheckService.setItemNumber.dwr HTTP/1.1" 200 78
180.164.3.199 - - [15/May/2023:09:47:34 +0800] "POST /xingrg/dwr/call/plaincall/AjaxCheckService.setItemNumber.dwr HTTP/1.1" 200 78
180.164.3.199 - - [15/May/2023:09:47:34 +0800] "POST /xingrg/dwr/call/plaincall/AjaxCheckService.setItemNumber.dwr HTTP/1.1" 200 78
222.67.238.82 - - [15/May/2023:09:47:35 +0800] "POST /xingrg/dwr/call/plaincall/AjaxCheckService.importOrderItems.dwr HTTP/1.1" 200 78
180.164.3.199 - - [15/May/2023:09:47:36 +0800] "POST /xingrg/dwr/call/plaincall/AjaxCheckService.setItemNumber.dwr HTTP/1.1" 200 78
180.164.3.199 - - [15/May/2023:09:47:37 +0800] "POST /xingrg/dwr/call/plaincall/AjaxCheckService.setItemNumber.dwr HTTP/1.1" 200 78
222.67.238.82 - - [15/May/2023:09:47:38 +0800] "POST /xingrg/dwr/call/plaincall/AjaxCheckService.loadOrderItems.dwr HTTP/1.1" 200 13922
222.67.238.82 - - [15/May/2023:09:47:38 +0800] "GET /xingrg/javascript/jquery_easy_ui/themes/icons/no.png HTTP/1.1" 200 922
180.164.3.199 - - [15/May/2023:09:47:39 +0800] "POST /xingrg/dwr/call/plaincall/AjaxCheckService.setItemNumber.dwr HTTP/1.1" 200 78
180.164.3.199 - - [15/May/2023:09:47:41 +0800] "POST /xingrg/dwr/call/plaincall/AjaxCheckService.setItemNumber.dwr HTTP/1.1" 200 78
180.164.3.199 - - [15/May/2023:09:47:41 +0800] "POST /xingrg/dwr/call/plaincall/AjaxCheckService.setItemNumber.dwr HTTP/1.1" 200 78
180.169.147.146 - - [15/May/2023:09:47:42 +0800] "GET /xingrg/all/function/internal_message.html?_=1684115259710&CODE_STATE=getMsg HTTP/1.1" 200 27
180.164.3.199 - - [15/May/2023:09:47:42 +0800] "POST /xingrg/dwr/call/plaincall/AjaxCheckService.setItemNumber.dwr HTTP/1.1" 200 78
116.224.158.100 - - [15/May/2023:09:47:43 +0800] "GET /xingrg/kc/buy/cgsh_order_add.html HTTP/1.1" 200 71446
180.164.3.199 - - [15/May/2023:09:47:43 +0800] "POST /xingrg/dwr/call/plaincall/AjaxCheckService.setItemNumber.dwr HTTP/1.1" 200 78
116.224.158.100 - - [15/May/2023:09:47:43 +0800] "GET /xingrg/javascript/easyui/themes/default/validatebox.css HTTP/1.1" 404 1104
116.224.158.100 - - [15/May/2023:09:47:43 +0800] "POST /xingrg/kc/buy/cgsh_order_operate.html HTTP/1.1" 200 8245
114.85.96.117 - - [15/May/2023:09:47:44 +0800] "GET /xingrg/all/function/internal_message.html?_=1684115264384&CODE_STATE=getMsg HTTP/1.1" 302 -
116.238.139.35 - - [15/May/2023:09:47:45 +0800] "GET /xingrg/all/function/internal_message.html?_=1684115190863&CODE_STATE=getMsg HTTP/1.1" 200 27
116.235.240.236 - - [15/May/2023:09:47:47 +0800] "POST /xingrg/services/DataTransmitService HTTP/1.1" 200 501
180.164.3.199 - - [15/May/2023:09:47:47 +0800] "POST /xingrg/dwr/call/plaincall/AjaxCheckService.setItemNumber.dwr HTTP/1.1" 200 78
180.164.3.199 - - [15/May/2023:09:47:48 +0800] "POST /xingrg/dwr/call/plaincall/AjaxCheckService.setItemNumber.dwr HTTP/1.1" 200 78
180.164.3.199 - - [15/May/2023:09:47:48 +0800] "POST /xingrg/dwr/call/plaincall/AjaxCheckService.setItemNumber.dwr HTTP/1.1" 200 78
222.67.238.82 - - [15/May/2023:09:47:48 +0800] "POST /xingrg/dwr/call/plaincall/AjaxCheckService.setItemNumber.dwr HTTP/1.1" 200 76
180.164.3.199 - - [15/May/2023:09:47:49 +0800] "POST /xingrg/dwr/call/plaincall/AjaxCheckService.setItemNumber.dwr HTTP/1.1" 200 78
116.224.158.100 - - [15/May/2023:09:47:50 +0800] "GET /xingrg/javascript/auto/indicator.gif HTTP/1.1" 404 1066
180.171.122.0 - - [15/May/2023:09:47:50 +0800] "GET /xingrg/all/function/internal_message.html?_=1684115270724&CODE_STATE=getMsg HTTP/1.1" 200 27
222.67.238.82 - - [15/May/2023:09:47:51 +0800] "POST /xingrg/dwr/call/plaincall/AjaxCheckService.setItemNumber.dwr HTTP/1.1" 200 76
180.164.3.199 - - [15/May/2023:09:47:51 +0800] "POST /xingrg/dwr/call/plaincall/AjaxCheckService.setItemNumber.dwr HTTP/1.1" 200 78
222.67.238.82 - - [15/May/2023:09:47:52 +0800] "POST /xingrg/dwr/call/plaincall/AjaxCheckService.setItemNumber.dwr HTTP/1.1" 200 76
116.237.77.83 - - [15/May/2023:09:47:52 +0800] "POST /xingrg/kc/buy/cgsh_order_operate.html HTTP/1.1" 200 37
222.67.238.82 - - [15/May/2023:09:47:52 +0800] "POST /xingrg/dwr/call/plaincall/AjaxCheckService.setItemNumber.dwr HTTP/1.1" 200 76
222.67.238.82 - - [15/May/2023:09:47:54 +0800] "POST /xingrg/dwr/call/plaincall/AjaxCheckService.setItemNumber.dwr HTTP/1.1" 200 76
222.67.238.82 - - [15/May/2023:09:47:55 +0800] "GET /xingrg/all/function/internal_message.html?_=1684114793668&CODE_STATE=getMsg HTTP/1.1" 200 27
222.67.238.82 - - [15/May/2023:09:47:55 +0800] "POST /xingrg/dwr/call/plaincall/AjaxCheckService.setItemNumber.dwr HTTP/1.1" 200 76
222.67.238.82 - - [15/May/2023:09:47:55 +0800] "POST /xingrg/dwr/call/plaincall/AjaxCheckService.setItemNumber.dwr HTTP/1.1" 200 77
116.237.77.83 - - [15/May/2023:09:47:57 +0800] "GET /xingrg/all/function/internal_message.html?_=1684115276812&CODE_STATE=getMsg HTTP/1.1" 200 27
222.67.238.82 - - [15/May/2023:09:47:57 +0800] "POST /xingrg/dwr/call/plaincall/AjaxCheckService.setItemNumber.dwr HTTP/1.1" 200 77
180.164.3.199 - - [15/May/2023:09:47:59 +0800] "POST /xingrg/dwr/call/plaincall/AjaxCheckService.setItemNumber.dwr HTTP/1.1" 200 78
180.164.3.199 - - [15/May/2023:09:47:59 +0800] "POST /xingrg/dwr/call/plaincall/AjaxCheckService.setItemNumber.dwr HTTP/1.1" 200 78
180.164.3.199 - - [15/May/2023:09:48:01 +0800] "POST /xingrg/dwr/call/plaincall/AjaxCheckService.setItemNumber.dwr HTTP/1.1" 200 78
180.164.3.199 - - [15/May/2023:09:48:01 +0800] "POST /xingrg/dwr/call/plaincall/AjaxCheckService.setItemNumber.dwr HTTP/1.1" 200 78
180.164.3.199 - - [15/May/2023:09:48:02 +0800] "POST /xingrg/dwr/call/plaincall/AjaxCheckService.setItemNumber.dwr HTTP/1.1" 200 78
116.238.139.35 - - [15/May/2023:09:48:03 +0800] "GET /xingrg/all/function/internal_message.html?_=1684115281922&CODE_STATE=getMsg HTTP/1.1" 200 27
116.238.139.35 - - [15/May/2023:09:48:03 +0800] "GET /xingrg/check_reg.html?_=1684115281926 HTTP/1.1" 200 22
180.164.3.199 - - [15/May/2023:09:48:03 +0800] "POST /xingrg/dwr/call/plaincall/AjaxCheckService.setItemNumber.dwr HTTP/1.1" 200 78
222.67.238.82 - - [15/May/2023:09:48:03 +0800] "POST /xingrg/dwr/call/plaincall/AjaxCheckService.setItemNumber.dwr HTTP/1.1" 200 77
180.164.3.199 - - [15/May/2023:09:48:04 +0800] "POST /xingrg/dwr/call/plaincall/AjaxCheckService.setItemNumber.dwr HTTP/1.1" 200 78
116.224.158.100 - - [15/May/2023:09:48:09 +0800] "GET /xingrg/kc/buy/cgsh_order_operate.html?command=get_materiel&rest_code=00105&code=00101007106&supplier_code=00100012&order_time=2023-05-15 HTTP/1.1" 200 409
116.237.77.83 - - [15/May/2023:09:48:09 +0800] "POST /xingrg/kc/buy/cgsh_order_operate.html HTTP/1.1" 200 12
180.164.3.199 - - [15/May/2023:09:48:09 +0800] "POST /xingrg/dwr/call/plaincall/AjaxCheckService.setItemNumber.dwr HTTP/1.1" 200 78
114.85.96.117 - - [15/May/2023:09:48:11 +0800] "GET /xingrg/check_reg.html?_=1684115292111 HTTP/1.1" 200 22
114.85.96.117 - - [15/May/2023:09:48:11 +0800] "GET /xingrg/all/function/internal_message.html?_=1684115292109&CODE_STATE=getMsg HTTP/1.1" 200 27
116.237.77.83 - - [15/May/2023:09:48:13 +0800] "GET /xingrg/kc/buy/cgsh_order_info.html?code=212023051505442 HTTP/1.1" 200 66277
116.237.77.83 - - [15/May/2023:09:48:13 +0800] "GET /xingrg/words/20230515092718_words.js HTTP/1.1" 304 -
116.237.77.83 - - [15/May/2023:09:48:13 +0800] "GET /xingrg/javascript/easyui/themes/default/validatebox.css HTTP/1.1" 404 1104
180.164.3.199 - - [15/May/2023:09:48:16 +0800] "GET /xingrg/check_reg.html?_=1684115295541 HTTP/1.1" 200 22
180.164.3.199 - - [15/May/2023:09:48:16 +0800] "GET /xingrg/all/function/internal_message.html?_=1684115295545&CODE_STATE=getMsg HTTP/1.1" 200 27
116.237.77.83 - - [15/May/2023:09:48:16 +0800] "POST /xingrg/kc/buy/cgsh_order_operate.html HTTP/1.1" 200 1775
116.237.77.83 - - [15/May/2023:09:48:19 +0800] "GET /xingrg/all/function/internal_message.html?_=1684115299130&CODE_STATE=getMsg HTTP/1.1" 200 27
116.235.240.236 - - [15/May/2023:09:48:19 +0800] "GET /xingrg/all/function/internal_message.html?_=1684115305000&CODE_STATE=getMsg HTTP/1.1" 200 27
116.237.77.83 - - [15/May/2023:09:48:19 +0800] "GET /xingrg/kc/print/load_data.html?order_code=212023051505442&kc_code=cgsh&condition= HTTP/1.1" 200 1155
180.169.147.146 - - [15/May/2023:09:48:21 +0800] "GET /xingrg/all/function/internal_message.html?_=1684115301035&CODE_STATE=getMsg HTTP/1.1" 200 27
116.235.240.236 - - [15/May/2023:09:48:21 +0800] "POST /xingrg/services/DataTransmitService HTTP/1.1" 200 524
180.169.147.146 - - [15/May/2023:09:48:21 +0800] "GET /xingrg/all/function/internal_message.html?_=1684115299271&CODE_STATE=getMsg HTTP/1.1" 200 27
114.83.219.197 - - [15/May/2023:09:48:23 +0800] "GET /xingrg/all/function/internal_message.html?_=1684115398625&CODE_STATE=getMsg HTTP/1.1" 200 27
116.224.158.100 - - [15/May/2023:09:48:24 +0800] "GET /xingrg/all/function/internal_message.html?_=1684115305029&CODE_STATE=getMsg HTTP/1.1" 200 27
116.235.240.236 - - [15/May/2023:09:48:25 +0800] "GET /xingrg/kc/buy/cgsh_order_operate.html?command=get_materiel&rest_code=00146&code=00101008067&supplier_code=00100005&order_time=2023-05-15 HTTP/1.1" 200 416
116.232.195.27 - - [15/May/2023:09:48:26 +0800] "GET /xingrg/all/function/internal_message.html?_=1684115356245&CODE_STATE=getMsg HTTP/1.1" 200 27
120.253.135.82 - - [15/May/2023:09:48:26 +0800] "GET /xingrg/all/function/internal_message.html?_=1684115144546&CODE_STATE=getMsg HTTP/1.1" 200 27
116.224.158.100 - - [15/May/2023:09:48:26 +0800] "GET /xingrg/kc/buy/cgsh_order_operate.html?command=get_materiel&rest_code=00105&code=00101006040&supplier_code=00100012&order_time=2023-05-15 HTTP/1.1" 200 417
222.67.238.82 - - [15/May/2023:09:48:29 +0800] "POST /xingrg/dwr/call/plaincall/AjaxCheckService.checkOrder.dwr HTTP/1.1" 200 79
180.164.3.199 - - [15/May/2023:09:48:29 +0800] "POST /xingrg/dwr/call/plaincall/AjaxCheckService.setItemNumber.dwr HTTP/1.1" 200 78
116.224.158.100 - - [15/May/2023:09:48:29 +0800] "GET /xingrg/all/function/internal_message.html?_=1684115145487&CODE_STATE=getMsg HTTP/1.1" 200 27
124.79.240.114 - - [15/May/2023:09:48:30 +0800] "GET /xingrg/all/function/internal_message.html?_=1684115587379&CODE_STATE=getMsg HTTP/1.1" 200 27
180.164.3.199 - - [15/May/2023:09:48:30 +0800] "POST /xingrg/dwr/call/plaincall/AjaxCheckService.setItemNumber.dwr HTTP/1.1" 200 78
180.164.3.199 - - [15/May/2023:09:48:30 +0800] "POST /xingrg/dwr/call/plaincall/AjaxCheckService.setItemNumber.dwr HTTP/1.1" 200 78
180.164.3.199 - - [15/May/2023:09:48:31 +0800] "POST /xingrg/dwr/call/plaincall/AjaxCheckService.setItemNumber.dwr HTTP/1.1" 200 78
180.164.3.199 - - [15/May/2023:09:48:32 +0800] "POST /xingrg/dwr/call/plaincall/AjaxCheckService.setItemNumber.dwr HTTP/1.1" 200 78
180.164.3.199 - - [15/May/2023:09:48:32 +0800] "POST /xingrg/dwr/call/plaincall/AjaxCheckService.setItemNumber.dwr HTTP/1.1" 200 78
180.164.3.199 - - [15/May/2023:09:48:32 +0800] "POST /xingrg/dwr/call/plaincall/AjaxCheckService.setItemNumber.dwr HTTP/1.1" 200 78
180.164.3.199 - - [15/May/2023:09:48:33 +0800] "POST /xingrg/dwr/call/plaincall/AjaxCheckService.setItemNumber.dwr HTTP/1.1" 200 78
222.67.238.82 - - [15/May/2023:09:48:33 +0800] "GET /xingrg/kc/base/check_order_info.html?code=452023051500147 HTTP/1.1" 200 22860
222.67.238.82 - - [15/May/2023:09:48:33 +0800] "GET /xingrg/dwr/interface/AjaxComOrderService.js HTTP/1.1" 200 18264
222.67.238.82 - - [15/May/2023:09:48:33 +0800] "GET /xingrg/dwr/interface/AjaxCheckService.js HTTP/1.1" 200 14003
222.67.238.82 - - [15/May/2023:09:48:33 +0800] "GET /xingrg/dwr/engine.js HTTP/1.1" 200 43631
222.67.238.82 - - [15/May/2023:09:48:35 +0800] "POST /xingrg/dwr/call/plaincall/AjaxCheckService.loadOrderItems.dwr HTTP/1.1" 200 6426
180.164.3.199 - - [15/May/2023:09:48:36 +0800] "POST /xingrg/dwr/call/plaincall/AjaxCheckService.setItemNumber.dwr HTTP/1.1" 200 78
222.67.238.82 - - [15/May/2023:09:48:37 +0800] "GET /xingrg/javascript/jquery_easy_ui/themes/default/images/tabs_active.png HTTP/1.1" 200 2894
222.67.238.82 - - [15/May/2023:09:48:39 +0800] "GET /xingrg/kc/base/check_order_add.html HTTP/1.1" 200 26438
222.67.238.82 - - [15/May/2023:09:48:39 +0800] "GET /xingrg/dwr/interface/AjaxCheckService.js HTTP/1.1" 200 14003
222.67.238.82 - - [15/May/2023:09:48:39 +0800] "GET /xingrg/dwr/interface/AjaxComOrderService.js HTTP/1.1" 200 18264
222.67.238.82 - - [15/May/2023:09:48:39 +0800] "GET /xingrg/dwr/engine.js HTTP/1.1" 200 43631
180.169.147.146 - - [15/May/2023:09:48:42 +0800] "GET /xingrg/all/function/internal_message.html?_=1684115319691&CODE_STATE=getMsg HTTP/1.1" 200 27
101.83.241.217 - - [15/May/2023:09:48:42 +0800] "POST /xingrg/services/DataTransmitService HTTP/1.1" 200 524
114.85.96.117 - - [15/May/2023:09:48:44 +0800] "GET /xingrg/all/function/internal_message.html?_=1684115324360&CODE_STATE=getMsg HTTP/1.1" 302 -
116.238.139.35 - - [15/May/2023:09:48:45 +0800] "GET /xingrg/all/function/internal_message.html?_=1684115250876&CODE_STATE=getMsg HTTP/1.1" 200 27
222.67.238.82 - - [15/May/2023:09:48:45 +0800] "POST /xingrg/dwr/call/plaincall/AjaxCheckService.saveOrder.dwr HTTP/1.1" 200 78
116.235.240.236 - - [15/May/2023:09:48:46 +0800] "GET /xingrg/kc/buy/cgsh_order_operate.html?command=get_materiel&rest_code=00146&code=00101008321&supplier_code=00100005&order_time=2023-05-15 HTTP/1.1" 200 412
180.164.3.199 - - [15/May/2023:09:48:47 +0800] "POST /xingrg/dwr/call/plaincall/AjaxCheckService.setItemNumber.dwr HTTP/1.1" 200 78
222.67.238.82 - - [15/May/2023:09:48:47 +0800] "POST /xingrg/dwr/call/plaincall/AjaxCheckService.loadOrderItems.dwr HTTP/1.1" 200 367
180.164.3.199 - - [15/May/2023:09:48:47 +0800] "POST /xingrg/dwr/call/plaincall/AjaxCheckService.setItemNumber.dwr HTTP/1.1" 200 78
116.224.158.100 - - [15/May/2023:09:48:47 +0800] "GET /xingrg/kc/buy/cgsh_order_operate.html?command=get_materiel&rest_code=00105&code=00101006074&supplier_code=00100012&order_time=2023-05-15 HTTP/1.1" 200 420
180.164.3.199 - - [15/May/2023:09:48:49 +0800] "POST /xingrg/dwr/call/plaincall/AjaxCheckService.setItemNumber.dwr HTTP/1.1" 200 78
180.164.3.199 - - [15/May/2023:09:48:49 +0800] "POST /xingrg/dwr/call/plaincall/AjaxCheckService.setItemNumber.dwr HTTP/1.1" 200 78
222.67.238.82 - - [15/May/2023:09:48:49 +0800] "POST /xingrg/kc/report/common_data.html?type=materiel_category_tree HTTP/1.1" 200 3921
180.171.122.0 - - [15/May/2023:09:48:50 +0800] "GET /xingrg/all/function/internal_message.html?_=1684115330724&CODE_STATE=getMsg HTTP/1.1" 200 27
180.164.3.199 - - [15/May/2023:09:48:50 +0800] "POST /xingrg/dwr/call/plaincall/AjaxCheckService.setItemNumber.dwr HTTP/1.1" 200 78
180.171.122.0 - - [15/May/2023:09:48:51 +0800] "GET /xingrg/check_reg.html?_=1684115330804 HTTP/1.1" 200 22
180.164.3.199 - - [15/May/2023:09:48:51 +0800] "POST /xingrg/dwr/call/plaincall/AjaxCheckService.setItemNumber.dwr HTTP/1.1" 200 78
180.164.3.199 - - [15/May/2023:09:48:52 +0800] "POST /xingrg/dwr/call/plaincall/AjaxCheckService.setItemNumber.dwr HTTP/1.1" 200 78
180.164.3.199 - - [15/May/2023:09:48:52 +0800] "POST /xingrg/dwr/call/plaincall/AjaxCheckService.setItemNumber.dwr HTTP/1.1" 200 78
180.164.3.199 - - [15/May/2023:09:48:53 +0800] "POST /xingrg/dwr/call/plaincall/AjaxCheckService.setItemNumber.dwr HTTP/1.1" 200 78
180.164.3.199 - - [15/May/2023:09:48:54 +0800] "POST /xingrg/dwr/call/plaincall/AjaxCheckService.setItemNumber.dwr HTTP/1.1" 200 78
222.67.238.82 - - [15/May/2023:09:48:55 +0800] "GET /xingrg/all/function/internal_message.html?_=1684114853639&CODE_STATE=getMsg HTTP/1.1" 200 27
180.164.3.199 - - [15/May/2023:09:48:56 +0800] "POST /xingrg/dwr/call/plaincall/AjaxCheckService.setItemNumber.dwr HTTP/1.1" 200 78
116.237.77.83 - - [15/May/2023:09:48:56 +0800] "GET /xingrg/kc/base/check_order_info.html?code=452023051400091 HTTP/1.1" 200 26480
222.67.238.82 - - [15/May/2023:09:48:56 +0800] "POST /xingrg/dwr/call/plaincall/AjaxCheckService.importOrderItems.dwr HTTP/1.1" 200 78
116.237.77.83 - - [15/May/2023:09:48:57 +0800] "GET /xingrg/all/function/internal_message.html?_=1684115336784&CODE_STATE=getMsg HTTP/1.1" 200 27
116.237.77.83 - - [15/May/2023:09:48:57 +0800] "GET /xingrg/dwr/interface/AjaxComOrderService.js HTTP/1.1" 200 18264
116.237.77.83 - - [15/May/2023:09:48:57 +0800] "GET /xingrg/dwr/engine.js HTTP/1.1" 200 43631
116.237.77.83 - - [15/May/2023:09:48:57 +0800] "GET /xingrg/dwr/interface/AjaxCheckService.js HTTP/1.1" 200 14003
180.164.3.199 - - [15/May/2023:09:48:59 +0800] "POST /xingrg/dwr/call/plaincall/AjaxCheckService.setItemNumber.dwr HTTP/1.1" 200 78
116.237.77.83 - - [15/May/2023:09:48:59 +0800] "GET /xingrg/javascript/AjaxInfoList.js HTTP/1.1" 200 3774
180.164.3.199 - - [15/May/2023:09:48:59 +0800] "POST /xingrg/dwr/call/plaincall/AjaxCheckService.setItemNumber.dwr HTTP/1.1" 200 78
180.164.3.199 - - [15/May/2023:09:48:59 +0800] "POST /xingrg/dwr/call/plaincall/AjaxCheckService.setItemNumber.dwr HTTP/1.1" 200 78
222.67.238.82 - - [15/May/2023:09:48:59 +0800] "POST /xingrg/dwr/call/plaincall/AjaxCheckService.loadOrderItems.dwr HTTP/1.1" 200 26094
116.237.77.83 - - [15/May/2023:09:49:00 +0800] "GET /xingrg/javascript/jquery_easy_ui/themes/icons/check_new.png HTTP/1.1" 200 3224
116.237.77.83 - - [15/May/2023:09:49:00 +0800] "GET /xingrg/javascript/jquery_easy_ui/themes/icons/cance_new.png HTTP/1.1" 200 3986
180.164.3.199 - - [15/May/2023:09:49:01 +0800] "POST /xingrg/dwr/call/plaincall/AjaxCheckService.setItemNumber.dwr HTTP/1.1" 200 78
116.237.77.83 - - [15/May/2023:09:49:02 +0800] "POST /xingrg/dwr/call/plaincall/AjaxCheckService.loadOrderItems.dwr HTTP/1.1" 200 45144
180.164.3.199 - - [15/May/2023:09:49:02 +0800] "POST /xingrg/dwr/call/plaincall/AjaxCheckService.setItemNumber.dwr HTTP/1.1" 200 78
116.237.77.83 - - [15/May/2023:09:49:02 +0800] "GET /xingrg/javascript/jquery_easy_ui/themes/icons/no.png HTTP/1.1" 200 922
116.238.139.35 - - [15/May/2023:09:49:03 +0800] "GET /xingrg/all/function/internal_message.html?_=1684115341912&CODE_STATE=getMsg HTTP/1.1" 200 27
180.164.3.199 - - [15/May/2023:09:49:03 +0800] "POST /xingrg/dwr/call/plaincall/AjaxCheckService.setItemNumber.dwr HTTP/1.1" 200 78
116.224.158.100 - - [15/May/2023:09:49:03 +0800] "GET /xingrg/kc/buy/cgsh_order_operate.html?command=get_materiel&rest_code=00105&code=00101006129&supplier_code=00100012&order_time=2023-05-15 HTTP/1.1" 200 431
180.164.3.199 - - [15/May/2023:09:49:03 +0800] "POST /xingrg/dwr/call/plaincall/AjaxCheckService.setItemNumber.dwr HTTP/1.1" 200 78
222.67.238.82 - - [15/May/2023:09:49:05 +0800] "POST /xingrg/dwr/call/plaincall/AjaxCheckService.setItemNumber.dwr HTTP/1.1" 200 76
180.164.3.199 - - [15/May/2023:09:49:05 +0800] "POST /xingrg/dwr/call/plaincall/AjaxCheckService.setItemNumber.dwr HTTP/1.1" 200 78
222.67.238.82 - - [15/May/2023:09:49:05 +0800] "POST /xingrg/dwr/call/plaincall/AjaxCheckService.setItemNumber.dwr HTTP/1.1" 200 76
180.164.3.199 - - [15/May/2023:09:49:06 +0800] "POST /xingrg/dwr/call/plaincall/AjaxCheckService.setItemNumber.dwr HTTP/1.1" 200 78
116.235.240.236 - - [15/May/2023:09:49:06 +0800] "GET /xingrg/kc/buy/cgsh_order_operate.html?command=get_materiel&rest_code=00146&code=00101008117&supplier_code=00100005&order_time=2023-05-15 HTTP/1.1" 200 414
