124.79.74.67 - - [14/May/2023:11:48:11 +0800] "GET /xingrg/javascript/easyui/themes/default/validatebox.css HTTP/1.1" 404 1104
124.79.74.67 - - [14/May/2023:11:48:11 +0800] "GET /xingrg/all/common/auto_word.html?type=employee&rest_code=00156 HTTP/1.1" 200 97
124.79.74.67 - - [14/May/2023:11:48:11 +0800] "GET /xingrg/all/common/auto_word.html?type=employee&rest_code=00156 HTTP/1.1" 200 97
180.169.147.146 - - [14/May/2023:11:48:12 +0800] "GET /xingrg/check_reg.html?_=1684036092120 HTTP/1.1" 200 22
180.169.147.146 - - [14/May/2023:11:48:12 +0800] "GET /xingrg/all/function/internal_message.html?_=1684036092122&CODE_STATE=getMsg HTTP/1.1" 200 27
222.67.238.82 - - [14/May/2023:11:48:14 +0800] "GET /xingrg/kc/buy/cgsh_order_add.html HTTP/1.1" 200 71364
222.67.238.82 - - [14/May/2023:11:48:14 +0800] "POST /xingrg/kc/buy/cgsh_order_operate.html HTTP/1.1" 200 8245
222.67.238.82 - - [14/May/2023:11:48:14 +0800] "GET /xingrg/javascript/easyui/themes/default/validatebox.css HTTP/1.1" 404 1104
222.67.238.82 - - [14/May/2023:11:48:14 +0800] "GET /xingrg/all/common/auto_word.html?type=employee&rest_code=00141 HTTP/1.1" 200 201
222.67.238.82 - - [14/May/2023:11:48:14 +0800] "GET /xingrg/all/common/auto_word.html?type=employee&rest_code=00141 HTTP/1.1" 200 201
180.171.122.0 - - [14/May/2023:11:48:17 +0800] "GET /xingrg/check_reg.html?_=1684036121095 HTTP/1.1" 200 22
180.171.122.0 - - [14/May/2023:11:48:17 +0800] "GET /xingrg/all/function/internal_message.html?_=1684036121099&CODE_STATE=getMsg HTTP/1.1" 200 27
114.83.218.205 - - [14/May/2023:11:48:20 +0800] "GET /xingrg/kc/buy/cgsh_order_add.html HTTP/1.1" 200 71452
114.83.218.205 - - [14/May/2023:11:48:20 +0800] "POST /xingrg/kc/buy/cgsh_order_operate.html HTTP/1.1" 200 8245
114.83.218.205 - - [14/May/2023:11:48:20 +0800] "GET /xingrg/javascript/easyui/themes/default/validatebox.css HTTP/1.1" 404 1104
124.79.74.67 - - [14/May/2023:11:48:23 +0800] "GET /xingrg/kc/buy/cgsh_order_operate.html?command=get_materiel&rest_code=00156&code=00101005072&supplier_code=00100312&order_time=2023-05-13 HTTP/1.1" 200 417
114.83.219.197 - - [14/May/2023:11:48:25 +0800] "GET /xingrg/all/function/internal_message.html?_=1684036200308&CODE_STATE=getMsg HTTP/1.1" 200 27
222.67.238.82 - - [14/May/2023:11:48:25 +0800] "GET /xingrg/kc/buy/cgsh_order_operate.html?command=get_materiel&rest_code=00141&code=00101002034&supplier_code=00100091&order_time=2023-05-14 HTTP/1.1" 200 409
116.224.158.100 - - [14/May/2023:11:48:25 +0800] "GET /xingrg/all/function/internal_message.html?_=1684035941433&CODE_STATE=getMsg HTTP/1.1" 200 27
116.235.240.236 - - [14/May/2023:11:48:26 +0800] "GET /xingrg/kc/buy/cgsh_order_operate.html?command=get_materiel&rest_code=00146&code=00101001049&supplier_code=00100090&order_time=2023-05-14 HTTP/1.1" 200 417
114.83.218.205 - - [14/May/2023:11:48:28 +0800] "GET /xingrg/all/function/internal_message.html?_=1684036108303&CODE_STATE=getMsg HTTP/1.1" 200 27
114.83.218.205 - - [14/May/2023:11:48:29 +0800] "GET /xingrg/check_reg.html?_=1684036109797 HTTP/1.1" 200 22
180.171.122.0 - - [14/May/2023:11:48:30 +0800] "GET /xingrg/kc/buy/cgsh_order_operate.html?command=get_materiel&rest_code=00111&code=00101001140&supplier_code=00100319&order_time=2023-05-14 HTTP/1.1" 200 417
124.79.240.114 - - [14/May/2023:11:48:30 +0800] "GET /xingrg/all/function/internal_message.html?_=1684036388001&CODE_STATE=getMsg HTTP/1.1" 200 27
114.85.113.108 - - [14/May/2023:11:48:31 +0800] "GET /xingrg/kc/buy/cgsh_order_operate.html?command=get_materiel&rest_code=00145&code=00101008205&supplier_code=00100556&order_time=2023-05-14 HTTP/1.1" 200 412
222.67.238.82 - - [14/May/2023:11:48:33 +0800] "GET /xingrg/all/function/internal_message.html?_=1684036113378&CODE_STATE=getMsg HTTP/1.1" 200 27
124.79.74.67 - - [14/May/2023:11:48:35 +0800] "GET /xingrg/all/function/internal_message.html?_=1684036127773&CODE_STATE=getMsg HTTP/1.1" 200 27
114.85.96.117 - - [14/May/2023:11:48:36 +0800] "GET /xingrg/all/function/internal_message.html?_=1684036115510&CODE_STATE=getMsg HTTP/1.1" 200 27
114.93.35.223 - - [14/May/2023:11:48:39 +0800] "GET /xingrg/all/function/internal_message.html?_=1684036119780&CODE_STATE=getMsg HTTP/1.1" 200 27
180.171.122.0 - - [14/May/2023:11:48:39 +0800] "GET /xingrg/all/function/internal_message.html?_=1684036115477&CODE_STATE=getMsg HTTP/1.1" 200 27
61.170.232.195 - - [14/May/2023:11:48:42 +0800] "GET /xingrg/check_reg.html?_=1684036117975 HTTP/1.1" 200 22
124.79.74.67 - - [14/May/2023:11:48:42 +0800] "POST /xingrg/kc/buy/cgsh_order_operate.html HTTP/1.1" 200 37
61.170.232.195 - - [14/May/2023:11:48:44 +0800] "GET /xingrg/all/function/internal_message.html?_=1684036120818&CODE_STATE=getMsg HTTP/1.1" 200 27
114.83.218.205 - - [14/May/2023:11:48:45 +0800] "GET /xingrg/kc/buy/cgsh_order_operate.html?command=get_materiel&rest_code=00149&code=00101010079&supplier_code=00100336&order_time=2023-05-14 HTTP/1.1" 200 413
114.85.113.108 - - [14/May/2023:11:48:45 +0800] "GET /xingrg/kc/buy/cgsh_order_operate.html?command=get_materiel&rest_code=00145&code=00101013032&supplier_code=00100556&order_time=2023-05-14 HTTP/1.1" 200 430
124.79.74.67 - - [14/May/2023:11:48:45 +0800] "POST /xingrg/kc/buy/cgsh_order_operate.html HTTP/1.1" 200 2661
116.224.158.100 - - [14/May/2023:11:48:46 +0800] "GET /xingrg/all/function/internal_message.html?_=1684036126016&CODE_STATE=getMsg HTTP/1.1" 200 27
116.238.139.35 - - [14/May/2023:11:48:46 +0800] "GET /xingrg/all/function/internal_message.html?_=1684036124899&CODE_STATE=getMsg HTTP/1.1" 200 27
222.67.238.82 - - [14/May/2023:11:48:46 +0800] "POST /xingrg/kc/buy/cgsh_order_operate.html HTTP/1.1" 200 88
124.79.74.67 - - [14/May/2023:11:48:46 +0800] "GET /xingrg/kc/print/load_config.html?kc_code=cgsh HTTP/1.1" 200 1925
124.79.74.67 - - [14/May/2023:11:48:47 +0800] "GET /xingrg/kc/print/load_data.html?order_code=212023051405155&kc_code=cgsh&condition= HTTP/1.1" 200 680
116.235.240.236 - - [14/May/2023:11:48:49 +0800] "GET /xingrg/all/function/internal_message.html?_=1684036131748&CODE_STATE=getMsg HTTP/1.1" 200 27
180.171.122.0 - - [14/May/2023:11:48:50 +0800] "GET /xingrg/kc/buy/cgsh_order_operate.html?command=get_materiel&rest_code=00111&code=00101001125&supplier_code=00100319&order_time=2023-05-14 HTTP/1.1" 200 417
116.235.240.236 - - [14/May/2023:11:48:51 +0800] "GET /xingrg/kc/buy/cgsh_order_operate.html?command=get_materiel&rest_code=00146&code=00101001044&supplier_code=00100090&order_time=2023-05-14 HTTP/1.1" 200 411
124.79.74.67 - - [14/May/2023:11:48:51 +0800] "GET /xingrg/kc/buy/cgsh_order_add.html HTTP/1.1" 200 71443
124.79.74.67 - - [14/May/2023:11:48:51 +0800] "POST /xingrg/kc/buy/cgsh_order_operate.html HTTP/1.1" 200 8245
124.79.74.67 - - [14/May/2023:11:48:51 +0800] "GET /xingrg/javascript/easyui/themes/default/validatebox.css HTTP/1.1" 404 1104
124.79.74.67 - - [14/May/2023:11:48:51 +0800] "GET /xingrg/all/common/auto_word.html?type=employee&rest_code=00156 HTTP/1.1" 200 97
124.79.74.67 - - [14/May/2023:11:48:52 +0800] "GET /xingrg/all/common/auto_word.html?type=employee&rest_code=00156 HTTP/1.1" 200 97
180.163.29.79 - - [14/May/2023:11:48:52 +0800] "GET /xingrg/kc/buy/cgsh_order_operate.html?command=get_materiel&rest_code=00106&code=00101001140&supplier_code=00100090&order_time=2023-05-14 HTTP/1.1" 302 -
180.163.29.79 - - [14/May/2023:11:48:52 +0800] "GET /xingrg/login.html HTTP/1.1" 200 7641
222.67.238.82 - - [14/May/2023:11:48:54 +0800] "POST /xingrg/kc/buy/cgsh_order_operate.html HTTP/1.1" 200 37
116.238.139.35 - - [14/May/2023:11:48:54 +0800] "GET /xingrg/javascript/auto/indicator.gif HTTP/1.1" 404 1066
114.85.113.108 - - [14/May/2023:11:48:56 +0800] "GET /xingrg/all/function/internal_message.html?_=1684036134861&CODE_STATE=getMsg HTTP/1.1" 200 27
101.229.22.40 - - [14/May/2023:11:48:58 +0800] "GET /xingrg/all/function/internal_message.html?_=1684036136713&CODE_STATE=getMsg HTTP/1.1" 200 27
114.83.218.205 - - [14/May/2023:11:48:59 +0800] "POST /xingrg/kc/buy/cgsh_order_operate.html HTTP/1.1" 200 37
114.85.113.108 - - [14/May/2023:11:49:03 +0800] "GET /xingrg/kc/buy/cgsh_order_operate.html?command=get_materiel&rest_code=00145&code=00101008286&supplier_code=00100556&order_time=2023-05-14 HTTP/1.1" 200 408
116.238.139.35 - - [14/May/2023:11:49:03 +0800] "GET /xingrg/kc/buy/cgsh_order_operate.html?command=get_materiel&rest_code=00150&code=00101006067&supplier_code=00100330&order_time=2023-05-14 HTTP/1.1" 200 409
222.67.238.82 - - [14/May/2023:11:49:04 +0800] "POST /xingrg/kc/buy/cgsh_order_operate.html HTTP/1.1" 200 12
114.83.218.205 - - [14/May/2023:11:49:06 +0800] "POST /xingrg/kc/buy/cgsh_order_operate.html HTTP/1.1" 200 12
222.67.238.82 - - [14/May/2023:11:49:07 +0800] "GET /xingrg/kc/buy/cgsh_order_info.html?code=212023051405157 HTTP/1.1" 200 66277
222.67.238.82 - - [14/May/2023:11:49:07 +0800] "GET /xingrg/javascript/easyui/themes/default/validatebox.css HTTP/1.1" 404 1104
180.164.3.199 - - [14/May/2023:11:49:08 +0800] "GET /xingrg/all/function/internal_message.html?_=1684036148247&CODE_STATE=getMsg HTTP/1.1" 200 27
222.67.238.82 - - [14/May/2023:11:49:08 +0800] "POST /xingrg/kc/buy/cgsh_order_operate.html HTTP/1.1" 200 606
114.83.218.205 - - [14/May/2023:11:49:08 +0800] "GET /xingrg/kc/buy/cgsh_order_info.html?code=212023051405158 HTTP/1.1" 200 66361
114.83.218.205 - - [14/May/2023:11:49:09 +0800] "GET /xingrg/javascript/easyui/themes/default/validatebox.css HTTP/1.1" 404 1104
222.67.238.82 - - [14/May/2023:11:49:09 +0800] "GET /xingrg/kc/print/load_config.html?kc_code=cgsh HTTP/1.1" 200 1925
114.83.218.205 - - [14/May/2023:11:49:10 +0800] "POST /xingrg/kc/buy/cgsh_order_operate.html HTTP/1.1" 200 608
222.67.238.82 - - [14/May/2023:11:49:10 +0800] "GET /xingrg/kc/print/load_data.html?order_code=212023051405157&kc_code=cgsh&condition= HTTP/1.1" 200 776
116.232.195.27 - - [14/May/2023:11:49:10 +0800] "GET /xingrg/all/function/internal_message.html?_=1684036200597&CODE_STATE=getMsg HTTP/1.1" 200 27
180.169.147.146 - - [14/May/2023:11:49:12 +0800] "GET /xingrg/all/function/internal_message.html?_=1684036152118&CODE_STATE=getMsg HTTP/1.1" 200 27
180.171.122.0 - - [14/May/2023:11:49:14 +0800] "POST /xingrg/kc/buy/cgsh_order_operate.html HTTP/1.1" 200 37
116.238.139.35 - - [14/May/2023:11:49:14 +0800] "GET /xingrg/kc/buy/cgsh_order_operate.html?command=get_materiel&rest_code=00150&code=00101018011&supplier_code=00100330&order_time=2023-05-14 HTTP/1.1" 200 413
114.83.218.205 - - [14/May/2023:11:49:15 +0800] "GET /xingrg/kc/print/load_data.html?order_code=212023051405158&kc_code=cgsh&condition= HTTP/1.1" 200 709
114.85.113.108 - - [14/May/2023:11:49:15 +0800] "GET /xingrg/check_reg.html?_=1684036153685 HTTP/1.1" 200 22
222.67.238.82 - - [14/May/2023:11:49:15 +0800] "GET /xingrg/kc/buy/cgsh_order_add.html HTTP/1.1" 200 71364
222.67.238.82 - - [14/May/2023:11:49:15 +0800] "POST /xingrg/kc/buy/cgsh_order_operate.html HTTP/1.1" 200 8245
222.67.238.82 - - [14/May/2023:11:49:16 +0800] "GET /xingrg/all/common/auto_word.html?type=employee&rest_code=00141 HTTP/1.1" 200 201
222.67.238.82 - - [14/May/2023:11:49:16 +0800] "GET /xingrg/javascript/easyui/themes/default/validatebox.css HTTP/1.1" 404 1104
222.67.238.82 - - [14/May/2023:11:49:16 +0800] "GET /xingrg/all/common/auto_word.html?type=employee&rest_code=00141 HTTP/1.1" 200 201
180.171.122.0 - - [14/May/2023:11:49:16 +0800] "POST /xingrg/kc/buy/cgsh_order_operate.html HTTP/1.1" 200 3263
114.85.113.108 - - [14/May/2023:11:49:16 +0800] "GET /xingrg/kc/buy/cgsh_order_operate.html?command=get_materiel&rest_code=00145&code=00101008059&supplier_code=00100556&order_time=2023-05-14 HTTP/1.1" 200 408
180.171.122.0 - - [14/May/2023:11:49:17 +0800] "GET /xingrg/all/function/internal_message.html?_=1684036181095&CODE_STATE=getMsg HTTP/1.1" 200 27
180.171.122.0 - - [14/May/2023:11:49:18 +0800] "GET /xingrg/kc/print/load_data.html?order_code=212023051405159&kc_code=cgsh&condition= HTTP/1.1" 200 911
116.238.139.35 - - [14/May/2023:11:49:20 +0800] "GET /xingrg/kc/buy/cgsh_order_operate.html?command=get_materiel&rest_code=00150&code=00101018007&supplier_code=00100330&order_time=2023-05-14 HTTP/1.1" 200 409
124.79.74.67 - - [14/May/2023:11:49:20 +0800] "GET /xingrg/kc/buy/cgsh_order_operate.html?command=get_materiel&rest_code=00156&code=00101003006&supplier_code=00100092&order_time=2023-05-13 HTTP/1.1" 200 434
116.235.240.236 - - [14/May/2023:11:49:21 +0800] "GET /xingrg/kc/buy/cgsh_order_operate.html?command=get_materiel&rest_code=00146&code=00101001169&supplier_code=00100090&order_time=2023-05-14 HTTP/1.1" 200 415
222.67.238.82 - - [14/May/2023:11:49:24 +0800] "GET /xingrg/kc/buy/cgsh_order_operate.html?command=get_materiel&rest_code=00141&code=00101001301&supplier_code=00100430&order_time=2023-05-14 HTTP/1.1" 200 420
114.83.219.197 - - [14/May/2023:11:49:25 +0800] "GET /xingrg/check_reg.html?_=1684036260299 HTTP/1.1" 200 22
114.83.219.197 - - [14/May/2023:11:49:25 +0800] "GET /xingrg/all/function/internal_message.html?_=1684036260301&CODE_STATE=getMsg HTTP/1.1" 200 27
116.224.158.100 - - [14/May/2023:11:49:25 +0800] "GET /xingrg/all/function/internal_message.html?_=1684036001436&CODE_STATE=getMsg HTTP/1.1" 200 27
114.83.218.205 - - [14/May/2023:11:49:28 +0800] "GET /xingrg/all/function/internal_message.html?_=1684036168291&CODE_STATE=getMsg HTTP/1.1" 200 27
180.171.122.0 - - [14/May/2023:11:49:28 +0800] "GET /xingrg/kc/buy/cgsh_order_add.html HTTP/1.1" 200 71320
180.171.122.0 - - [14/May/2023:11:49:29 +0800] "POST /xingrg/kc/buy/cgsh_order_operate.html HTTP/1.1" 200 8245
180.171.122.0 - - [14/May/2023:11:49:29 +0800] "GET /xingrg/javascript/easyui/themes/default/validatebox.css HTTP/1.1" 404 1104
124.79.240.114 - - [14/May/2023:11:49:30 +0800] "GET /xingrg/check_reg.html?_=1684036448002 HTTP/1.1" 200 22
124.79.240.114 - - [14/May/2023:11:49:30 +0800] "GET /xingrg/all/function/internal_message.html?_=1684036448001&CODE_STATE=getMsg HTTP/1.1" 200 27
116.238.139.35 - - [14/May/2023:11:49:31 +0800] "POST /xingrg/kc/buy/cgsh_order_operate.html HTTP/1.1" 200 37
222.67.238.82 - - [14/May/2023:11:49:33 +0800] "GET /xingrg/all/function/internal_message.html?_=1684036173382&CODE_STATE=getMsg HTTP/1.1" 200 27
222.67.238.82 - - [14/May/2023:11:49:34 +0800] "POST /xingrg/kc/buy/cgsh_order_operate.html HTTP/1.1" 200 37
124.79.74.67 - - [14/May/2023:11:49:35 +0800] "GET /xingrg/check_reg.html?_=1684036187777 HTTP/1.1" 200 22
124.79.74.67 - - [14/May/2023:11:49:35 +0800] "GET /xingrg/all/function/internal_message.html?_=1684036187776&CODE_STATE=getMsg HTTP/1.1" 200 27
114.85.113.108 - - [14/May/2023:11:49:35 +0800] "GET /xingrg/kc/buy/cgsh_order_operate.html?command=get_materiel&rest_code=00145&code=00101008108&supplier_code=00100556&order_time=2023-05-14 HTTP/1.1" 200 412
114.85.96.117 - - [14/May/2023:11:49:36 +0800] "GET /xingrg/all/function/internal_message.html?_=1684036175502&CODE_STATE=getMsg HTTP/1.1" 200 27
114.83.218.205 - - [14/May/2023:11:49:37 +0800] "GET /xingrg/kc/buy/cgsh_order_add.html HTTP/1.1" 200 71452
114.83.218.205 - - [14/May/2023:11:49:37 +0800] "POST /xingrg/kc/buy/cgsh_order_operate.html HTTP/1.1" 200 8245
114.83.218.205 - - [14/May/2023:11:49:37 +0800] "GET /xingrg/javascript/easyui/themes/default/validatebox.css HTTP/1.1" 404 1104
114.93.35.223 - - [14/May/2023:11:49:39 +0800] "GET /xingrg/all/function/internal_message.html?_=1684036179781&CODE_STATE=getMsg HTTP/1.1" 200 27
180.171.122.0 - - [14/May/2023:11:49:39 +0800] "GET /xingrg/all/function/internal_message.html?_=1684036175451&CODE_STATE=getMsg HTTP/1.1" 200 27
116.238.139.35 - - [14/May/2023:11:49:40 +0800] "POST /xingrg/kc/buy/cgsh_order_operate.html HTTP/1.1" 200 12
172.20.0.100 - - [14/May/2023:11:49:41 +0800] "GET /xingrg/check_reg.html?_=1684036200434 HTTP/1.1" 302 -
222.67.238.82 - - [14/May/2023:11:49:43 +0800] "POST /xingrg/kc/buy/cgsh_order_operate.html HTTP/1.1" 200 12
116.238.139.35 - - [14/May/2023:11:49:44 +0800] "GET /xingrg/kc/buy/cgsh_order_info.html?code=212023051405160 HTTP/1.1" 200 66323
61.170.232.195 - - [14/May/2023:11:49:44 +0800] "GET /xingrg/all/function/internal_message.html?_=1684036180800&CODE_STATE=getMsg HTTP/1.1" 200 27
116.238.139.35 - - [14/May/2023:11:49:44 +0800] "GET /xingrg/javascript/easyui/themes/default/validatebox.css HTTP/1.1" 404 1104
116.224.158.100 - - [14/May/2023:11:49:46 +0800] "GET /xingrg/all/function/internal_message.html?_=1684036185984&CODE_STATE=getMsg HTTP/1.1" 200 27
116.238.139.35 - - [14/May/2023:11:49:46 +0800] "GET /xingrg/all/function/internal_message.html?_=1684036184922&CODE_STATE=getMsg HTTP/1.1" 200 27
116.235.240.236 - - [14/May/2023:11:49:48 +0800] "POST /xingrg/kc/buy/cgsh_order_operate.html HTTP/1.1" 200 37
116.238.139.35 - - [14/May/2023:11:49:48 +0800] "POST /xingrg/kc/buy/cgsh_order_operate.html HTTP/1.1" 200 1780
116.224.158.100 - - [14/May/2023:11:49:48 +0800] "GET /xingrg/check_reg.html?_=1684036188419 HTTP/1.1" 200 22
180.171.122.0 - - [14/May/2023:11:49:49 +0800] "GET /xingrg/kc/buy/cgsh_order_operate.html?command=get_materiel&rest_code=00111&code=00101020274&supplier_code=00100322&order_time=2023-05-14 HTTP/1.1" 200 432
114.83.218.205 - - [14/May/2023:11:49:49 +0800] "GET /xingrg/kc/buy/cgsh_order_operate.html?command=get_materiel&rest_code=00149&code=00101007069&supplier_code=00100574&order_time=2023-05-14 HTTP/1.1" 200 414
114.85.113.108 - - [14/May/2023:11:49:49 +0800] "GET /xingrg/kc/buy/cgsh_order_operate.html?command=get_materiel&rest_code=00145&code=00101008368&supplier_code=00100556&order_time=2023-05-14 HTTP/1.1" 200 408
116.238.139.35 - - [14/May/2023:11:49:49 +0800] "GET /xingrg/kc/print/load_data.html?order_code=212023051405160&kc_code=cgsh&condition= HTTP/1.1" 200 1156
116.235.240.236 - - [14/May/2023:11:49:52 +0800] "POST /xingrg/kc/buy/cgsh_order_operate.html HTTP/1.1" 200 5654
116.228.172.94 - - [14/May/2023:11:49:54 +0800] "GET /xingrg/check_reg.html?_=1684036002163 HTTP/1.1" 302 -
116.238.139.35 - - [14/May/2023:11:49:54 +0800] "GET /xingrg/kc/buy/cgsh_order_add.html HTTP/1.1" 200 71408
116.235.240.236 - - [14/May/2023:11:49:54 +0800] "GET /xingrg/all/function/internal_message.html?_=1684036196643&CODE_STATE=getMsg HTTP/1.1" 200 27
116.238.139.35 - - [14/May/2023:11:49:54 +0800] "POST /xingrg/kc/buy/cgsh_order_operate.html HTTP/1.1" 200 8245
116.238.139.35 - - [14/May/2023:11:49:55 +0800] "GET /xingrg/javascript/easyui/themes/default/validatebox.css HTTP/1.1" 404 1104
116.235.240.236 - - [14/May/2023:11:49:56 +0800] "GET /xingrg/kc/print/load_data.html?order_code=212023051405162&kc_code=cgsh&condition= HTTP/1.1" 200 1898
222.67.238.82 - - [14/May/2023:11:49:56 +0800] "GET /xingrg/kc/buy/cgsh_order_info.html?code=212023051405161 HTTP/1.1" 200 66265
114.85.113.108 - - [14/May/2023:11:49:56 +0800] "GET /xingrg/all/function/internal_message.html?_=1684036194847&CODE_STATE=getMsg HTTP/1.1" 200 27
222.67.238.82 - - [14/May/2023:11:49:56 +0800] "GET /xingrg/javascript/easyui/themes/default/validatebox.css HTTP/1.1" 404 1104
101.229.22.40 - - [14/May/2023:11:49:58 +0800] "GET /xingrg/check_reg.html?_=1684036196714 HTTP/1.1" 200 22
101.229.22.40 - - [14/May/2023:11:49:58 +0800] "GET /xingrg/all/function/internal_message.html?_=1684036196715&CODE_STATE=getMsg HTTP/1.1" 200 27
180.171.122.0 - - [14/May/2023:11:49:59 +0800] "POST /xingrg/kc/buy/cgsh_order_operate.html HTTP/1.1" 200 37
222.67.238.82 - - [14/May/2023:11:49:59 +0800] "POST /xingrg/kc/buy/cgsh_order_operate.html HTTP/1.1" 200 617
180.171.122.0 - - [14/May/2023:11:50:01 +0800] "POST /xingrg/kc/buy/cgsh_order_operate.html HTTP/1.1" 200 2668
222.67.238.82 - - [14/May/2023:11:50:01 +0800] "GET /xingrg/kc/print/load_config.html?kc_code=cgsh HTTP/1.1" 200 1925
222.67.238.82 - - [14/May/2023:11:50:02 +0800] "GET /xingrg/kc/print/load_data.html?order_code=212023051405161&kc_code=cgsh&condition= HTTP/1.1" 200 697
180.171.122.0 - - [14/May/2023:11:50:03 +0800] "GET /xingrg/kc/print/load_data.html?order_code=212023051405163&kc_code=cgsh&condition= HTTP/1.1" 200 680
222.67.238.82 - - [14/May/2023:11:50:06 +0800] "GET /xingrg/kc/buy/cgsh_order_add.html HTTP/1.1" 200 71364
222.67.238.82 - - [14/May/2023:11:50:06 +0800] "POST /xingrg/kc/buy/cgsh_order_operate.html HTTP/1.1" 200 8245
222.67.238.82 - - [14/May/2023:11:50:06 +0800] "GET /xingrg/all/common/auto_word.html?type=employee&rest_code=00141 HTTP/1.1" 200 201
222.67.238.82 - - [14/May/2023:11:50:06 +0800] "GET /xingrg/javascript/easyui/themes/default/validatebox.css HTTP/1.1" 404 1104
222.67.238.82 - - [14/May/2023:11:50:06 +0800] "GET /xingrg/all/common/auto_word.html?type=employee&rest_code=00141 HTTP/1.1" 200 201
180.164.3.199 - - [14/May/2023:11:50:08 +0800] "GET /xingrg/all/function/internal_message.html?_=1684036208255&CODE_STATE=getMsg HTTP/1.1" 200 27
114.85.113.108 - - [14/May/2023:11:50:09 +0800] "GET /xingrg/kc/buy/cgsh_order_operate.html?command=get_materiel&rest_code=00145&code=00101008353&supplier_code=00100556&order_time=2023-05-14 HTTP/1.1" 200 408
116.232.195.27 - - [14/May/2023:11:50:10 +0800] "GET /xingrg/all/function/internal_message.html?_=1684036260579&CODE_STATE=getMsg HTTP/1.1" 200 27
180.169.147.146 - - [14/May/2023:11:50:12 +0800] "GET /xingrg/all/function/internal_message.html?_=1684036212111&CODE_STATE=getMsg HTTP/1.1" 200 27
116.238.139.35 - - [14/May/2023:11:50:12 +0800] "GET /xingrg/kc/buy/cgsh_order_operate.html?command=get_materiel&rest_code=00150&code=00101001045&supplier_code=00100439&order_time=2023-05-14 HTTP/1.1" 200 441
114.83.218.205 - - [14/May/2023:11:50:14 +0800] "GET /xingrg/kc/buy/cgsh_order_operate.html?command=get_materiel&rest_code=00149&code=00101006001&supplier_code=00100574&order_time=2023-05-14 HTTP/1.1" 200 428
222.67.238.82 - - [14/May/2023:11:50:15 +0800] "GET /xingrg/kc/buy/cgsh_order_operate.html?command=get_materiel&rest_code=00141&code=00101003003&supplier_code=00100094&order_time=2023-05-14 HTTP/1.1" 200 416
180.171.122.0 - - [14/May/2023:11:50:17 +0800] "GET /xingrg/all/function/internal_message.html?_=1684036241103&CODE_STATE=getMsg HTTP/1.1" 200 27
116.235.240.236 - - [14/May/2023:11:50:17 +0800] "GET /xingrg/kc/buy/cgsh_order_add.html HTTP/1.1" 200 71364
116.235.240.236 - - [14/May/2023:11:50:19 +0800] "POST /xingrg/kc/buy/cgsh_order_operate.html HTTP/1.1" 200 8245
116.235.240.236 - - [14/May/2023:11:50:19 +0800] "GET /xingrg/javascript/easyui/themes/default/validatebox.css HTTP/1.1" 404 1104
114.85.113.108 - - [14/May/2023:11:50:21 +0800] "GET /xingrg/kc/buy/cgsh_order_operate.html?command=get_materiel&rest_code=00145&code=00101008264&supplier_code=00100556&order_time=2023-05-14 HTTP/1.1" 200 412
116.238.139.35 - - [14/May/2023:11:50:24 +0800] "POST /xingrg/kc/buy/cgsh_order_operate.html HTTP/1.1" 200 37
114.83.219.197 - - [14/May/2023:11:50:25 +0800] "GET /xingrg/all/function/internal_message.html?_=1684036320289&CODE_STATE=getMsg HTTP/1.1" 200 27
116.224.158.100 - - [14/May/2023:11:50:25 +0800] "GET /xingrg/all/function/internal_message.html?_=1684036061436&CODE_STATE=getMsg HTTP/1.1" 200 27
114.83.218.205 - - [14/May/2023:11:50:28 +0800] "GET /xingrg/all/function/internal_message.html?_=1684036228273&CODE_STATE=getMsg HTTP/1.1" 200 27
180.171.122.0 - - [14/May/2023:11:50:28 +0800] "GET /xingrg/kc/buy/cgsh_order_add.html HTTP/1.1" 200 71320
180.171.122.0 - - [14/May/2023:11:50:28 +0800] "POST /xingrg/kc/buy/cgsh_order_operate.html HTTP/1.1" 200 8245
180.171.122.0 - - [14/May/2023:11:50:28 +0800] "GET /xingrg/javascript/easyui/themes/default/validatebox.css HTTP/1.1" 404 1104
222.67.238.82 - - [14/May/2023:11:50:29 +0800] "POST /xingrg/kc/buy/cgsh_order_operate.html HTTP/1.1" 200 37
124.79.240.114 - - [14/May/2023:11:50:30 +0800] "GET /xingrg/all/function/internal_message.html?_=1684036508001&CODE_STATE=getMsg HTTP/1.1" 200 27
222.67.238.82 - - [14/May/2023:11:50:33 +0800] "GET /xingrg/all/function/internal_message.html?_=1684036233381&CODE_STATE=getMsg HTTP/1.1" 200 27
116.238.139.35 - - [14/May/2023:11:50:33 +0800] "POST /xingrg/kc/buy/cgsh_order_operate.html HTTP/1.1" 200 12
124.79.74.67 - - [14/May/2023:11:50:35 +0800] "GET /xingrg/all/function/internal_message.html?_=1684036247778&CODE_STATE=getMsg HTTP/1.1" 200 27
114.85.96.117 - - [14/May/2023:11:50:36 +0800] "GET /xingrg/all/function/internal_message.html?_=1684036235488&CODE_STATE=getMsg HTTP/1.1" 200 27
114.83.218.205 - - [14/May/2023:11:50:38 +0800] "POST /xingrg/kc/buy/cgsh_order_operate.html HTTP/1.1" 200 37
114.85.113.108 - - [14/May/2023:11:50:38 +0800] "GET /xingrg/kc/buy/cgsh_order_operate.html?command=get_materiel&rest_code=00145&code=00101008351&supplier_code=00100556&order_time=2023-05-14 HTTP/1.1" 200 408
222.67.238.82 - - [14/May/2023:11:50:39 +0800] "POST /xingrg/kc/buy/cgsh_order_operate.html HTTP/1.1" 200 12
114.93.35.223 - - [14/May/2023:11:50:39 +0800] "GET /xingrg/check_reg.html?_=1684036239782 HTTP/1.1" 200 22
114.93.35.223 - - [14/May/2023:11:50:39 +0800] "GET /xingrg/all/function/internal_message.html?_=1684036239785&CODE_STATE=getMsg HTTP/1.1" 200 27
180.171.122.0 - - [14/May/2023:11:50:39 +0800] "GET /xingrg/all/function/internal_message.html?_=1684036235428&CODE_STATE=getMsg HTTP/1.1" 200 27
116.235.240.236 - - [14/May/2023:11:50:39 +0800] "GET /xingrg/kc/buy/cgsh_order_operate.html?command=get_materiel&rest_code=00146&code=00101010274&supplier_code=00100323&order_time=2023-05-14 HTTP/1.1" 200 453
180.171.122.0 - - [14/May/2023:11:50:39 +0800] "GET /xingrg/check_reg.html?_=1684036235837 HTTP/1.1" 200 22
116.238.139.35 - - [14/May/2023:11:50:40 +0800] "GET /xingrg/kc/buy/cgsh_order_info.html?code=212023051405164 HTTP/1.1" 200 66321
116.238.139.35 - - [14/May/2023:11:50:40 +0800] "GET /xingrg/javascript/easyui/themes/default/validatebox.css HTTP/1.1" 404 1104
116.238.139.35 - - [14/May/2023:11:50:41 +0800] "POST /xingrg/kc/buy/cgsh_order_operate.html HTTP/1.1" 200 618
116.238.139.35 - - [14/May/2023:11:50:43 +0800] "GET /xingrg/kc/print/load_data.html?order_code=212023051405164&kc_code=cgsh&condition= HTTP/1.1" 200 734
61.170.232.195 - - [14/May/2023:11:50:44 +0800] "GET /xingrg/all/function/internal_message.html?_=1684036240779&CODE_STATE=getMsg HTTP/1.1" 200 27
114.83.218.205 - - [14/May/2023:11:50:45 +0800] "POST /xingrg/kc/buy/cgsh_order_operate.html HTTP/1.1" 200 12
116.224.158.100 - - [14/May/2023:11:50:45 +0800] "GET /xingrg/all/function/internal_message.html?_=1684036245955&CODE_STATE=getMsg HTTP/1.1" 200 27
222.67.238.82 - - [14/May/2023:11:50:46 +0800] "GET /xingrg/kc/buy/cgsh_order_info.html?code=212023051405165 HTTP/1.1" 200 66273
222.67.238.82 - - [14/May/2023:11:50:46 +0800] "GET /xingrg/javascript/easyui/themes/default/validatebox.css HTTP/1.1" 404 1104
116.238.139.35 - - [14/May/2023:11:50:46 +0800] "GET /xingrg/all/function/internal_message.html?_=1684036245394&CODE_STATE=getMsg HTTP/1.1" 200 27
222.67.238.82 - - [14/May/2023:11:50:47 +0800] "POST /xingrg/kc/buy/cgsh_order_operate.html HTTP/1.1" 200 618
114.83.218.205 - - [14/May/2023:11:50:47 +0800] "GET /xingrg/kc/buy/cgsh_order_info.html?code=212023051405166 HTTP/1.1" 200 66367
114.83.218.205 - - [14/May/2023:11:50:47 +0800] "GET /xingrg/javascript/easyui/themes/default/validatebox.css HTTP/1.1" 404 1104
222.67.238.82 - - [14/May/2023:11:50:47 +0800] "GET /xingrg/kc/print/load_config.html?kc_code=cgsh HTTP/1.1" 200 1925
114.83.218.205 - - [14/May/2023:11:50:48 +0800] "POST /xingrg/kc/buy/cgsh_order_operate.html HTTP/1.1" 200 1220
222.67.238.82 - - [14/May/2023:11:50:49 +0800] "GET /xingrg/kc/print/load_data.html?order_code=212023051405165&kc_code=cgsh&condition= HTTP/1.1" 200 802
116.238.139.35 - - [14/May/2023:11:50:49 +0800] "GET /xingrg/kc/buy/cgsh_order_add.html HTTP/1.1" 200 71408
116.238.139.35 - - [14/May/2023:11:50:49 +0800] "POST /xingrg/kc/buy/cgsh_order_operate.html HTTP/1.1" 200 8245
116.238.139.35 - - [14/May/2023:11:50:49 +0800] "GET /xingrg/javascript/easyui/themes/default/validatebox.css HTTP/1.1" 404 1104
222.67.238.82 - - [14/May/2023:11:50:53 +0800] "GET /xingrg/kc/buy/cgsh_order_add.html HTTP/1.1" 200 71364
222.67.238.82 - - [14/May/2023:11:50:53 +0800] "POST /xingrg/kc/buy/cgsh_order_operate.html HTTP/1.1" 200 8245
222.67.238.82 - - [14/May/2023:11:50:53 +0800] "GET /xingrg/all/common/auto_word.html?type=employee&rest_code=00141 HTTP/1.1" 200 201
222.67.238.82 - - [14/May/2023:11:50:53 +0800] "GET /xingrg/javascript/easyui/themes/default/validatebox.css HTTP/1.1" 404 1104
222.67.238.82 - - [14/May/2023:11:50:53 +0800] "GET /xingrg/all/common/auto_word.html?type=employee&rest_code=00141 HTTP/1.1" 200 201
116.235.240.236 - - [14/May/2023:11:50:54 +0800] "GET /xingrg/all/function/internal_message.html?_=1684036256658&CODE_STATE=getMsg HTTP/1.1" 200 27
114.85.113.108 - - [14/May/2023:11:50:55 +0800] "GET /xingrg/kc/buy/cgsh_order_operate.html?command=get_materiel&rest_code=00145&code=00101008350&supplier_code=00100556&order_time=2023-05-14 HTTP/1.1" 200 408
114.85.96.117 - - [14/May/2023:11:50:56 +0800] "GET /xingrg/check_reg.html?_=1684036255656 HTTP/1.1" 200 22
114.85.113.108 - - [14/May/2023:11:50:56 +0800] "GET /xingrg/all/function/internal_message.html?_=1684036254819&CODE_STATE=getMsg HTTP/1.1" 200 27
101.229.22.40 - - [14/May/2023:11:50:58 +0800] "GET /xingrg/all/function/internal_message.html?_=1684036256714&CODE_STATE=getMsg HTTP/1.1" 200 27
116.235.240.236 - - [14/May/2023:11:51:02 +0800] "POST /xingrg/kc/buy/cgsh_order_operate.html HTTP/1.1" 200 37
116.238.139.35 - - [14/May/2023:11:51:04 +0800] "GET /xingrg/kc/buy/cgsh_order_operate.html?command=get_materiel&rest_code=00150&code=00101006001&supplier_code=00100574&order_time=2023-05-14 HTTP/1.1" 200 428
114.83.218.205 - - [14/May/2023:11:51:04 +0800] "GET /xingrg/kc/print/load_data.html?order_code=212023051405166&kc_code=cgsh&condition= HTTP/1.1" 200 2278
116.235.240.236 - - [14/May/2023:11:51:06 +0800] "POST /xingrg/kc/buy/cgsh_order_operate.html HTTP/1.1" 200 2672
124.79.74.67 - - [14/May/2023:11:51:07 +0800] "POST /xingrg/kc/buy/cgsh_order_operate.html HTTP/1.1" 200 88
180.164.3.199 - - [14/May/2023:11:51:08 +0800] "GET /xingrg/check_reg.html?_=1684036268255 HTTP/1.1" 200 22
180.164.3.199 - - [14/May/2023:11:51:08 +0800] "GET /xingrg/all/function/internal_message.html?_=1684036268258&CODE_STATE=getMsg HTTP/1.1" 200 27
116.235.240.236 - - [14/May/2023:11:51:09 +0800] "GET /xingrg/kc/print/load_data.html?order_code=212023051405167&kc_code=cgsh&condition= HTTP/1.1" 200 699
116.232.195.27 - - [14/May/2023:11:51:10 +0800] "GET /xingrg/all/function/internal_message.html?_=1684036320566&CODE_STATE=getMsg HTTP/1.1" 200 27
116.235.240.236 - - [14/May/2023:11:51:12 +0800] "GET /xingrg/check_reg.html?_=1684036274024 HTTP/1.1" 200 22
180.169.147.146 - - [14/May/2023:11:51:12 +0800] "GET /xingrg/all/function/internal_message.html?_=1684036272110&CODE_STATE=getMsg HTTP/1.1" 200 27
116.235.240.236 - - [14/May/2023:11:51:17 +0800] "GET /xingrg/kc/buy/cgsh_order_add.html HTTP/1.1" 200 71364
180.171.122.0 - - [14/May/2023:11:51:17 +0800] "GET /xingrg/all/function/internal_message.html?_=1684036301103&CODE_STATE=getMsg HTTP/1.1" 200 27
116.238.139.35 - - [14/May/2023:11:51:17 +0800] "POST /xingrg/kc/buy/cgsh_order_operate.html HTTP/1.1" 200 37
116.235.240.236 - - [14/May/2023:11:51:18 +0800] "POST /xingrg/kc/buy/cgsh_order_operate.html HTTP/1.1" 200 8245
116.235.240.236 - - [14/May/2023:11:51:18 +0800] "GET /xingrg/javascript/easyui/themes/default/validatebox.css HTTP/1.1" 404 1104
218.81.75.184 - - [14/May/2023:11:51:23 +0800] "GET /xingrg/check_reg.html?_=1684036283288 HTTP/1.1" 200 22
124.79.74.67 - - [14/May/2023:11:51:24 +0800] "POST /xingrg/kc/buy/cgsh_order_operate.html HTTP/1.1" 200 37
114.83.219.197 - - [14/May/2023:11:51:25 +0800] "GET /xingrg/all/function/internal_message.html?_=1684036380304&CODE_STATE=getMsg HTTP/1.1" 200 27
116.224.158.100 - - [14/May/2023:11:51:25 +0800] "GET /xingrg/all/function/internal_message.html?_=1684036121437&CODE_STATE=getMsg HTTP/1.1" 200 27
116.224.158.100 - - [14/May/2023:11:51:25 +0800] "GET /xingrg/check_reg.html?_=1684036121440 HTTP/1.1" 200 22
114.83.218.205 - - [14/May/2023:11:51:28 +0800] "GET /xingrg/all/function/internal_message.html?_=1684036288254&CODE_STATE=getMsg HTTP/1.1" 200 27
116.238.139.35 - - [14/May/2023:11:51:29 +0800] "POST /xingrg/kc/buy/cgsh_order_operate.html HTTP/1.1" 200 12
124.79.240.114 - - [14/May/2023:11:51:30 +0800] "GET /xingrg/all/function/internal_message.html?_=1684036568000&CODE_STATE=getMsg HTTP/1.1" 200 27
116.238.139.35 - - [14/May/2023:11:51:30 +0800] "GET /xingrg/kc/buy/cgsh_order_info.html?code=212023051405169 HTTP/1.1" 200 66323
116.238.139.35 - - [14/May/2023:11:51:31 +0800] "GET /xingrg/javascript/easyui/themes/default/validatebox.css HTTP/1.1" 404 1104
116.238.139.35 - - [14/May/2023:11:51:32 +0800] "POST /xingrg/kc/buy/cgsh_order_operate.html HTTP/1.1" 200 622
222.67.238.82 - - [14/May/2023:11:51:33 +0800] "GET /xingrg/check_reg.html?_=1684036293384 HTTP/1.1" 200 22
222.67.238.82 - - [14/May/2023:11:51:33 +0800] "GET /xingrg/all/function/internal_message.html?_=1684036293383&CODE_STATE=getMsg HTTP/1.1" 200 27
116.238.139.35 - - [14/May/2023:11:51:33 +0800] "GET /xingrg/kc/print/load_data.html?order_code=212023051405169&kc_code=cgsh&condition= HTTP/1.1" 200 733
114.85.96.117 - - [14/May/2023:11:51:36 +0800] "GET /xingrg/all/function/internal_message.html?_=1684036295476&CODE_STATE=getMsg HTTP/1.1" 200 27
116.238.139.35 - - [14/May/2023:11:51:38 +0800] "GET /xingrg/kc/buy/cgsh_order_add.html HTTP/1.1" 200 71408
116.238.139.35 - - [14/May/2023:11:51:38 +0800] "POST /xingrg/kc/buy/cgsh_order_operate.html HTTP/1.1" 200 8245
116.238.139.35 - - [14/May/2023:11:51:38 +0800] "GET /xingrg/javascript/easyui/themes/default/validatebox.css HTTP/1.1" 404 1104
116.235.240.236 - - [14/May/2023:11:51:38 +0800] "GET /xingrg/kc/buy/cgsh_order_operate.html?command=get_materiel&rest_code=00146&code=00101021017&supplier_code=00100547&order_time=2023-05-14 HTTP/1.1" 200 406
114.93.35.223 - - [14/May/2023:11:51:39 +0800] "GET /xingrg/all/function/internal_message.html?_=1684036299772&CODE_STATE=getMsg HTTP/1.1" 200 27
180.171.122.0 - - [14/May/2023:11:51:39 +0800] "GET /xingrg/all/function/internal_message.html?_=1684036295414&CODE_STATE=getMsg HTTP/1.1" 200 27
124.79.74.67 - - [14/May/2023:11:51:39 +0800] "GET /xingrg/all/function/internal_message.html?_=1684036311949&CODE_STATE=getMsg HTTP/1.1" 200 27
124.79.74.67 - - [14/May/2023:11:51:40 +0800] "POST /xingrg/kc/buy/cgsh_order_operate.html HTTP/1.1" 200 2662
124.79.74.67 - - [14/May/2023:11:51:42 +0800] "GET /xingrg/kc/print/load_config.html?kc_code=cgsh HTTP/1.1" 200 1925
124.79.74.67 - - [14/May/2023:11:51:42 +0800] "GET /xingrg/kc/print/load_data.html?order_code=212023051405170&kc_code=cgsh&condition= HTTP/1.1" 200 730
180.163.30.85 - - [14/May/2023:11:51:44 +0800] "GET /xingrg/all/function/internal_message.html?_=1684036240779&CODE_STATE=getMsg HTTP/1.1" 302 -
180.163.30.85 - - [14/May/2023:11:51:44 +0800] "GET /xingrg/login.html HTTP/1.1" 200 7641
61.170.232.195 - - [14/May/2023:11:51:44 +0800] "GET /xingrg/all/function/internal_message.html?_=1684036300765&CODE_STATE=getMsg HTTP/1.1" 200 27
114.83.218.205 - - [14/May/2023:11:51:45 +0800] "GET /xingrg/login.html HTTP/1.1" 200 7641
114.83.218.205 - - [14/May/2023:11:51:45 +0800] "GET /favicon.ico HTTP/1.1" 404 -
116.224.158.100 - - [14/May/2023:11:51:45 +0800] "GET /xingrg/all/function/internal_message.html?_=1684036305933&CODE_STATE=getMsg HTTP/1.1" 200 27
116.238.139.35 - - [14/May/2023:11:51:46 +0800] "GET /xingrg/kc/buy/cgsh_order_operate.html?command=get_materiel&rest_code=00150&code=00101010079&supplier_code=00100336&order_time=2023-05-14 HTTP/1.1" 200 413
116.238.139.35 - - [14/May/2023:11:51:46 +0800] "GET /xingrg/check_reg.html?_=1684036304953 HTTP/1.1" 200 22
116.238.139.35 - - [14/May/2023:11:51:46 +0800] "GET /xingrg/all/function/internal_message.html?_=1684036305388&CODE_STATE=getMsg HTTP/1.1" 200 27
124.79.74.67 - - [14/May/2023:11:51:46 +0800] "GET /xingrg/kc/buy/cgsh_order_add.html HTTP/1.1" 200 71443
124.79.74.67 - - [14/May/2023:11:51:47 +0800] "POST /xingrg/kc/buy/cgsh_order_operate.html HTTP/1.1" 200 8245
124.79.74.67 - - [14/May/2023:11:51:47 +0800] "GET /xingrg/javascript/easyui/themes/default/validatebox.css HTTP/1.1" 404 1104
124.79.74.67 - - [14/May/2023:11:51:47 +0800] "GET /xingrg/all/common/auto_word.html?type=employee&rest_code=00156 HTTP/1.1" 200 97
124.79.74.67 - - [14/May/2023:11:51:47 +0800] "GET /xingrg/all/common/auto_word.html?type=employee&rest_code=00156 HTTP/1.1" 200 97
114.83.218.205 - - [14/May/2023:11:51:52 +0800] "POST /xingrg/login.do HTTP/1.1" 302 -
114.83.218.205 - - [14/May/2023:11:51:52 +0800] "GET /xingrg/index.html?sysBaseUrl=http%3A%2F%2F180.169.147.146%3A18081%2Fxingrg%2F&costTime=1393×tamp=1684036312008 HTTP/1.1" 200 17179
114.83.218.205 - - [14/May/2023:11:51:52 +0800] "GET /favicon.ico HTTP/1.1" 404 -
114.83.218.205 - - [14/May/2023:11:51:52 +0800] "GET /xingrg/all/function/internal_message.html?_=1684036312753&CODE_STATE=count HTTP/1.1" 200 11
114.83.218.205 - - [14/May/2023:11:51:52 +0800] "GET /xingrg/check_reg.html?_=1684036312754 HTTP/1.1" 200 22
114.83.218.205 - - [14/May/2023:11:51:52 +0800] "POST /xingrg/all/common/load_tree.html?tree=area_rest_tree_json&manage=1 HTTP/1.1" 200 351
114.83.218.205 - - [14/May/2023:11:51:52 +0800] "POST /xingrg/load_menu.html HTTP/1.1" 200 5138
116.235.240.236 - - [14/May/2023:11:51:54 +0800] "GET /xingrg/all/function/internal_message.html?_=1684036316671&CODE_STATE=getMsg HTTP/1.1" 200 27
114.83.218.205 - - [14/May/2023:11:51:56 +0800] "GET /xingrg/kc/buy/cgsh_order_list.html HTTP/1.1" 200 55588
114.85.113.108 - - [14/May/2023:11:51:56 +0800] "GET /xingrg/all/function/internal_message.html?_=1684036314800&CODE_STATE=getMsg HTTP/1.1" 200 27
101.229.22.40 - - [14/May/2023:11:51:58 +0800] "GET /xingrg/all/function/internal_message.html?_=1684036316713&CODE_STATE=getMsg HTTP/1.1" 200 27
116.238.139.35 - - [14/May/2023:11:51:58 +0800] "POST /xingrg/kc/buy/cgsh_order_operate.html HTTP/1.1" 200 37
114.83.218.205 - - [14/May/2023:11:52:01 +0800] "POST /xingrg/kc/buy/cgsh_list_operate.html HTTP/1.1" 200 986
116.235.240.236 - - [14/May/2023:11:52:02 +0800] "POST /xingrg/kc/buy/cgsh_order_operate.html HTTP/1.1" 200 88
114.83.218.205 - - [14/May/2023:11:52:04 +0800] "GET /xingrg/javascript/jquery_tools/images/prev.gif HTTP/1.1" 404 1086
114.83.218.205 - - [14/May/2023:11:52:04 +0800] "GET /xingrg/javascript/jquery_tools/images/next.gif HTTP/1.1" 404 1086
124.79.74.67 - - [14/May/2023:11:52:05 +0800] "GET /xingrg/kc/buy/cgsh_order_operate.html?command=get_materiel&rest_code=00156&code=00101010222&supplier_code=00100337&order_time=2023-05-14 HTTP/1.1" 200 427
114.85.113.108 - - [14/May/2023:11:52:06 +0800] "GET /xingrg/kc/buy/cgsh_order_operate.html?command=get_materiel&rest_code=00145&code=00101008354&supplier_code=00100556&order_time=2023-05-14 HTTP/1.1" 200 412
116.238.139.35 - - [14/May/2023:11:52:07 +0800] "POST /xingrg/kc/buy/cgsh_order_operate.html HTTP/1.1" 200 12
180.164.3.199 - - [14/May/2023:11:52:08 +0800] "GET /xingrg/all/function/internal_message.html?_=1684036328254&CODE_STATE=getMsg HTTP/1.1" 200 27
116.238.139.35 - - [14/May/2023:11:52:10 +0800] "GET /xingrg/kc/buy/cgsh_order_info.html?code=212023051405171 HTTP/1.1" 200 66317
116.232.195.27 - - [14/May/2023:11:52:10 +0800] "GET /xingrg/all/function/internal_message.html?_=1684036380542&CODE_STATE=getMsg HTTP/1.1" 200 27
116.238.139.35 - - [14/May/2023:11:52:10 +0800] "GET /xingrg/javascript/easyui/themes/default/validatebox.css HTTP/1.1" 404 1104
116.232.195.27 - - [14/May/2023:11:52:11 +0800] "GET /xingrg/check_reg.html?_=1684036381065 HTTP/1.1" 200 22
116.235.240.236 - - [14/May/2023:11:52:11 +0800] "POST /xingrg/kc/buy/cgsh_order_operate.html HTTP/1.1" 200 37
116.238.139.35 - - [14/May/2023:11:52:11 +0800] "POST /xingrg/kc/buy/cgsh_order_operate.html HTTP/1.1" 200 607
180.169.147.146 - - [14/May/2023:11:52:12 +0800] "GET /xingrg/all/function/internal_message.html?_=1684036332106&CODE_STATE=getMsg HTTP/1.1" 200 27
180.171.122.0 - - [14/May/2023:11:52:12 +0800] "GET /xingrg/kc/buy/cgsh_order_operate.html?command=get_materiel&rest_code=00111&code=00102002453&supplier_code=00100584&order_time=2023-05-14 HTTP/1.1" 200 433
116.238.139.35 - - [14/May/2023:11:52:13 +0800] "GET /xingrg/kc/print/load_data.html?order_code=212023051405171&kc_code=cgsh&condition= HTTP/1.1" 200 708
116.235.240.236 - - [14/May/2023:11:52:13 +0800] "POST /xingrg/kc/buy/cgsh_order_operate.html HTTP/1.1" 200 2650
114.83.218.205 - - [14/May/2023:11:52:14 +0800] "POST /xingrg/kc/buy/cgsh_list_operate.html HTTP/1.1" 200 6167
116.235.240.236 - - [14/May/2023:11:52:16 +0800] "GET /xingrg/kc/print/load_data.html?order_code=212023051405173&kc_code=cgsh&condition= HTTP/1.1" 200 654
116.238.139.35 - - [14/May/2023:11:52:17 +0800] "GET /xingrg/kc/buy/cgsh_order_add.html HTTP/1.1" 200 71408
180.171.122.0 - - [14/May/2023:11:52:17 +0800] "GET /xingrg/all/function/internal_message.html?_=1684036361097&CODE_STATE=getMsg HTTP/1.1" 200 27
116.238.139.35 - - [14/May/2023:11:52:17 +0800] "POST /xingrg/kc/buy/cgsh_order_operate.html HTTP/1.1" 200 8245
116.238.139.35 - - [14/May/2023:11:52:17 +0800] "GET /xingrg/javascript/easyui/themes/default/validatebox.css HTTP/1.1" 404 1104
114.85.113.108 - - [14/May/2023:11:52:19 +0800] "GET /xingrg/kc/buy/cgsh_order_operate.html?command=get_materiel&rest_code=00145&code=00101008199&supplier_code=00100556&order_time=2023-05-14 HTTP/1.1" 200 408
180.171.122.0 - - [14/May/2023:11:52:19 +0800] "GET /xingrg/kc/buy/cgsh_order_operate.html?command=get_materiel&rest_code=00111&code=00102002334&supplier_code=00100584&order_time=2023-05-14 HTTP/1.1" 200 431
114.83.218.205 - - [14/May/2023:11:52:21 +0800] "POST /xingrg/kc/buy/cgsh_list_operate.html HTTP/1.1" 200 5288
114.83.218.205 - - [14/May/2023:11:52:23 +0800] "POST /xingrg/kc/buy/cgsh_list_operate.html HTTP/1.1" 200 288
116.235.240.236 - - [14/May/2023:11:52:24 +0800] "GET /xingrg/kc/buy/cgsh_order_add.html HTTP/1.1" 200 71364
116.238.139.35 - - [14/May/2023:11:52:25 +0800] "GET /xingrg/kc/buy/cgsh_order_operate.html?command=get_materiel&rest_code=00150&code=00102002167&supplier_code=00100494&order_time=2023-05-14 HTTP/1.1" 200 409
114.83.219.197 - - [14/May/2023:11:52:25 +0800] "GET /xingrg/all/function/internal_message.html?_=1684036440289&CODE_STATE=getMsg HTTP/1.1" 200 27
114.83.218.205 - - [14/May/2023:11:52:25 +0800] "GET /xingrg/kc/buy/cgsh_order_info.html?code=212023051405166 HTTP/1.1" 200 66367
116.235.240.236 - - [14/May/2023:11:52:25 +0800] "POST /xingrg/kc/buy/cgsh_order_operate.html HTTP/1.1" 200 8245
116.224.158.100 - - [14/May/2023:11:52:25 +0800] "GET /xingrg/all/function/internal_message.html?_=1684036181446&CODE_STATE=getMsg HTTP/1.1" 200 27
116.235.240.236 - - [14/May/2023:11:52:26 +0800] "GET /xingrg/javascript/easyui/themes/default/validatebox.css HTTP/1.1" 404 1104
114.83.218.205 - - [14/May/2023:11:52:26 +0800] "GET /xingrg/javascript/easyui/themes/default/validatebox.css HTTP/1.1" 404 1104
114.83.218.205 - - [14/May/2023:11:52:27 +0800] "POST /xingrg/kc/buy/cgsh_order_operate.html HTTP/1.1" 200 1220
114.83.218.205 - - [14/May/2023:11:52:29 +0800] "GET /xingrg/kc/print/load_config.html?kc_code=cgsh HTTP/1.1" 200 1925
114.83.218.205 - - [14/May/2023:11:52:29 +0800] "GET /xingrg/kc/print/load_data.html?order_code=212023051405166&kc_code=cgsh&condition= HTTP/1.1" 200 960
114.85.113.108 - - [14/May/2023:11:52:29 +0800] "GET /xingrg/kc/buy/cgsh_order_operate.html?command=get_materiel&rest_code=00145&code=00101008141&supplier_code=00100556&order_time=2023-05-14 HTTP/1.1" 200 412
124.79.240.114 - - [14/May/2023:11:52:30 +0800] "GET /xingrg/all/function/internal_message.html?_=1684036628014&CODE_STATE=getMsg HTTP/1.1" 200 27
222.67.238.82 - - [14/May/2023:11:52:33 +0800] "GET /xingrg/all/function/internal_message.html?_=1684036353388&CODE_STATE=getMsg HTTP/1.1" 200 27
124.79.74.67 - - [14/May/2023:11:52:35 +0800] "GET /xingrg/all/function/internal_message.html?_=1684036367783&CODE_STATE=getMsg HTTP/1.1" 200 27
180.171.122.0 - - [14/May/2023:11:52:35 +0800] "GET /xingrg/kc/buy/cgsh_order_operate.html?command=get_materiel&rest_code=00111&code=00102002454&supplier_code=00100584&order_time=2023-05-14 HTTP/1.1" 200 426
114.85.96.117 - - [14/May/2023:11:52:36 +0800] "GET /xingrg/all/function/internal_message.html?_=1684036355476&CODE_STATE=getMsg HTTP/1.1" 200 27
114.93.35.223 - - [14/May/2023:11:52:39 +0800] "GET /xingrg/all/function/internal_message.html?_=1684036359772&CODE_STATE=getMsg HTTP/1.1" 200 27
180.171.122.0 - - [14/May/2023:11:52:39 +0800] "GET /xingrg/all/function/internal_message.html?_=1684036355389&CODE_STATE=getMsg HTTP/1.1" 200 27
116.238.139.35 - - [14/May/2023:11:52:42 +0800] "POST /xingrg/kc/buy/cgsh_order_operate.html HTTP/1.1" 200 37
180.163.29.234 - - [14/May/2023:11:52:44 +0800] "GET /xingrg/all/function/internal_message.html?_=1684036300765&CODE_STATE=getMsg HTTP/1.1" 302 -
61.170.232.195 - - [14/May/2023:11:52:44 +0800] "GET /xingrg/all/function/internal_message.html?_=1684036360741&CODE_STATE=getMsg HTTP/1.1" 200 27
180.163.29.234 - - [14/May/2023:11:52:44 +0800] "GET /xingrg/login.html HTTP/1.1" 200 7641
116.224.158.100 - - [14/May/2023:11:52:45 +0800] "GET /xingrg/all/function/internal_message.html?_=1684036365903&CODE_STATE=getMsg HTTP/1.1" 200 27
116.238.139.35 - - [14/May/2023:11:52:46 +0800] "GET /xingrg/all/function/internal_message.html?_=1684036365367&CODE_STATE=getMsg HTTP/1.1" 200 27
114.83.218.205 - - [14/May/2023:11:52:48 +0800] "GET /xingrg/kc/buy/cgsh_order_add.html HTTP/1.1" 200 71452
116.235.240.236 - - [14/May/2023:11:52:48 +0800] "GET /xingrg/kc/buy/cgsh_order_operate.html?command=get_materiel&rest_code=00146&code=00101003004&supplier_code=00100094&order_time=2023-05-14 HTTP/1.1" 200 422
114.83.218.205 - - [14/May/2023:11:52:49 +0800] "POST /xingrg/kc/buy/cgsh_order_operate.html HTTP/1.1" 200 8245
114.83.218.205 - - [14/May/2023:11:52:49 +0800] "GET /xingrg/javascript/easyui/themes/default/validatebox.css HTTP/1.1" 404 1104
114.83.218.205 - - [14/May/2023:11:52:49 +0800] "GET /xingrg/all/common/auto_word.html?type=employee&rest_code=00149 HTTP/1.1" 200 197
114.83.218.205 - - [14/May/2023:11:52:49 +0800] "GET /xingrg/all/common/auto_word.html?type=employee&rest_code=00149 HTTP/1.1" 200 197
116.238.139.35 - - [14/May/2023:11:52:49 +0800] "POST /xingrg/kc/buy/cgsh_order_operate.html HTTP/1.1" 200 12
116.238.139.35 - - [14/May/2023:11:52:51 +0800] "GET /xingrg/kc/buy/cgsh_order_info.html?code=212023051405174 HTTP/1.1" 200 66317
114.83.218.205 - - [14/May/2023:11:52:52 +0800] "GET /xingrg/javascript/auto/indicator.gif HTTP/1.1" 404 1066
116.238.139.35 - - [14/May/2023:11:52:52 +0800] "GET /xingrg/javascript/easyui/themes/default/validatebox.css HTTP/1.1" 404 1104
114.83.218.205 - - [14/May/2023:11:52:52 +0800] "GET /xingrg/all/function/internal_message.html?_=1684036372773&CODE_STATE=getMsg HTTP/1.1" 200 27
116.238.139.35 - - [14/May/2023:11:52:53 +0800] "POST /xingrg/kc/buy/cgsh_order_operate.html HTTP/1.1" 200 602
116.235.240.236 - - [14/May/2023:11:52:54 +0800] "GET /xingrg/all/function/internal_message.html?_=1684036376684&CODE_STATE=getMsg HTTP/1.1" 200 27
116.238.139.35 - - [14/May/2023:11:52:55 +0800] "GET /xingrg/kc/print/load_data.html?order_code=212023051405174&kc_code=cgsh&condition= HTTP/1.1" 200 690
114.85.113.108 - - [14/May/2023:11:52:56 +0800] "GET /xingrg/all/function/internal_message.html?_=1684036374773&CODE_STATE=getMsg HTTP/1.1" 200 27
101.229.22.40 - - [14/May/2023:11:52:58 +0800] "GET /xingrg/all/function/internal_message.html?_=1684036376712&CODE_STATE=getMsg HTTP/1.1" 200 27
116.238.139.35 - - [14/May/2023:11:52:59 +0800] "GET /xingrg/kc/buy/cgsh_order_add.html HTTP/1.1" 200 71408
116.238.139.35 - - [14/May/2023:11:53:00 +0800] "POST /xingrg/kc/buy/cgsh_order_operate.html HTTP/1.1" 200 8245
116.238.139.35 - - [14/May/2023:11:53:00 +0800] "GET /xingrg/javascript/easyui/themes/default/validatebox.css HTTP/1.1" 404 1104
124.79.74.67 - - [14/May/2023:11:53:02 +0800] "GET /xingrg/kc/buy/cgsh_order_operate.html?command=get_materiel&rest_code=00156&code=00101019051&supplier_code=00100337&order_time=2023-05-14 HTTP/1.1" 200 418
114.83.218.205 - - [14/May/2023:11:53:03 +0800] "GET /xingrg/kc/buy/cgsh_order_operate.html?command=get_materiel&rest_code=00149&code=00101012101&supplier_code=00100487&order_time=2023-05-14 HTTP/1.1" 200 418
114.85.113.108 - - [14/May/2023:11:53:06 +0800] "POST /xingrg/kc/buy/cgsh_order_operate.html HTTP/1.1" 200 2065
180.164.3.199 - - [14/May/2023:11:53:08 +0800] "GET /xingrg/all/function/internal_message.html?_=1684036388254&CODE_STATE=getMsg HTTP/1.1" 200 27
116.232.195.27 - - [14/May/2023:11:53:10 +0800] "GET /xingrg/all/function/internal_message.html?_=1684036440523&CODE_STATE=getMsg HTTP/1.1" 200 27
180.171.122.0 - - [14/May/2023:11:53:11 +0800] "GET /xingrg/kc/buy/cgsh_order_operate.html?command=get_materiel&rest_code=00111&code=00102002794&supplier_code=00100584&order_time=2023-05-14 HTTP/1.1" 200 442
180.169.147.146 - - [14/May/2023:11:53:12 +0800] "GET /xingrg/all/function/internal_message.html?_=1684036392121&CODE_STATE=getMsg HTTP/1.1" 200 27
180.169.147.146 - - [14/May/2023:11:53:12 +0800] "GET /xingrg/check_reg.html?_=1684036392123 HTTP/1.1" 200 22
114.85.113.108 - - [14/May/2023:11:53:12 +0800] "GET /xingrg/kc/buy/cgsh_order_operate.html?command=get_materiel&rest_code=00145&code=00101016057&supplier_code=00100556&order_time=2023-05-14 HTTP/1.1" 200 408
180.171.122.0 - - [14/May/2023:11:53:17 +0800] "GET /xingrg/check_reg.html?_=1684036421108 HTTP/1.1" 200 22
180.171.122.0 - - [14/May/2023:11:53:17 +0800] "GET /xingrg/all/function/internal_message.html?_=1684036421110&CODE_STATE=getMsg HTTP/1.1" 200 27
124.79.74.67 - - [14/May/2023:11:53:17 +0800] "POST /xingrg/kc/buy/cgsh_order_operate.html HTTP/1.1" 200 37
114.83.218.205 - - [14/May/2023:11:53:17 +0800] "GET /xingrg/kc/buy/cgsh_order_operate.html?command=get_materiel&rest_code=00149&code=00101010200&supplier_code=00100487&order_time=2023-05-14 HTTP/1.1" 200 417
