114.83.219.197 - - [14/May/2023:10:16:54 +0800] "POST /xingrg/all/common/load_select.html HTTP/1.1" 200 25
120.253.135.82 - - [14/May/2023:10:16:56 +0800] "GET /xingrg/kc/pszx/mdps_order_info.html?code=312023051300283 HTTP/1.1" 200 19642
114.83.219.197 - - [14/May/2023:10:16:56 +0800] "GET /xingrg/kc/base/wldb_order_operate.html?command=get_materiel_price&rest_code=00154&base_code=0010726&code=00101029011&unit_code=00100157 HTTP/1.1" 200 33
120.253.135.82 - - [14/May/2023:10:16:57 +0800] "GET /xingrg/javascript/easyui/themes/default/validatebox.css HTTP/1.1" 404 1104
120.253.135.82 - - [14/May/2023:10:16:57 +0800] "POST /xingrg/kc/pszx/mdps_order_operate.html HTTP/1.1" 200 4004
61.170.232.195 - - [14/May/2023:10:16:57 +0800] "GET /xingrg/kc/buy/cgsh_order_info.html?code=212023051404989 HTTP/1.1" 200 66275
101.229.22.40 - - [14/May/2023:10:16:57 +0800] "GET /xingrg/all/function/internal_message.html?_=1684030616655&CODE_STATE=getMsg HTTP/1.1" 200 27
61.170.232.195 - - [14/May/2023:10:16:58 +0800] "GET /xingrg/words/20230513225747_words.js HTTP/1.1" 304 -
114.85.113.108 - - [14/May/2023:10:16:58 +0800] "GET /xingrg/all/function/internal_message.html?_=1684030616465&CODE_STATE=getMsg HTTP/1.1" 200 27
61.170.232.195 - - [14/May/2023:10:16:58 +0800] "GET /xingrg/javascript/easyui/themes/default/validatebox.css HTTP/1.1" 404 1104
120.253.135.82 - - [14/May/2023:10:16:58 +0800] "POST /xingrg/kc/pszx/mdps_list_operate.html HTTP/1.1" 200 2451
61.170.232.195 - - [14/May/2023:10:16:59 +0800] "POST /xingrg/kc/buy/cgsh_order_operate.html HTTP/1.1" 200 40187
61.170.232.195 - - [14/May/2023:10:17:01 +0800] "GET /xingrg/kc/print/load_config.html?kc_code=cgsh HTTP/1.1" 200 1925
61.170.232.195 - - [14/May/2023:10:17:01 +0800] "GET /xingrg/kc/print/load_data.html?order_code=212023051404989&kc_code=cgsh&condition= HTTP/1.1" 200 15693
180.171.122.0 - - [14/May/2023:10:17:04 +0800] "GET /xingrg/kc/buy/cgsh_order_operate.html?command=get_materiel&rest_code=00111&code=00101018007&supplier_code=00100042&order_time=2023-05-14 HTTP/1.1" 200 409
180.164.3.199 - - [14/May/2023:10:17:08 +0800] "GET /xingrg/all/function/internal_message.html?_=1684030628251&CODE_STATE=getMsg HTTP/1.1" 200 27
114.83.219.197 - - [14/May/2023:10:17:08 +0800] "GET /xingrg/kc/base/wldb_order_operate.html?command=get_materiel&rest_code=00154&base_code=0010726&code=00101028050 HTTP/1.1" 200 452
114.83.219.197 - - [14/May/2023:10:17:09 +0800] "POST /xingrg/all/common/load_select.html HTTP/1.1" 200 12
116.232.195.27 - - [14/May/2023:10:17:11 +0800] "GET /xingrg/check_reg.html?_=1684030681348 HTTP/1.1" 200 22
120.253.135.82 - - [14/May/2023:10:17:11 +0800] "POST /xingrg/kc/pszx/mdps_list_operate.html HTTP/1.1" 200 691
61.170.232.195 - - [14/May/2023:10:17:11 +0800] "GET /xingrg/kc/print/load_data.html?order_code=212023051404989&kc_code=cgsh HTTP/1.1" 200 15693
114.83.219.197 - - [14/May/2023:10:17:12 +0800] "GET /xingrg/kc/base/wldb_order_operate.html?command=get_materiel_price&rest_code=00154&base_code=0010726&code=00101028050&unit_code=00100016 HTTP/1.1" 200 35
116.232.195.27 - - [14/May/2023:10:17:12 +0800] "GET /xingrg/all/function/internal_message.html?_=1684030682227&CODE_STATE=getMsg HTTP/1.1" 200 27
180.169.147.146 - - [14/May/2023:10:17:12 +0800] "GET /xingrg/all/function/internal_message.html?_=1684030632112&CODE_STATE=getMsg HTTP/1.1" 200 27
120.253.135.82 - - [14/May/2023:10:17:12 +0800] "GET /xingrg/kc/pszx/mdps_order_info.html?code=312023051100249 HTTP/1.1" 200 23978
120.253.135.82 - - [14/May/2023:10:17:13 +0800] "GET /xingrg/javascript/easyui/themes/default/validatebox.css HTTP/1.1" 404 1104
120.253.135.82 - - [14/May/2023:10:17:13 +0800] "POST /xingrg/kc/pszx/mdps_order_operate.html HTTP/1.1" 200 7419
120.253.135.82 - - [14/May/2023:10:17:16 +0800] "POST /xingrg/kc/pszx/mdps_order_operate.html HTTP/1.1" 200 37
180.171.122.0 - - [14/May/2023:10:17:18 +0800] "GET /xingrg/kc/buy/cgsh_order_operate.html?command=get_materiel&rest_code=00111&code=00101010161&supplier_code=00100042&order_time=2023-05-14 HTTP/1.1" 200 409
116.238.139.35 - - [14/May/2023:10:17:20 +0800] "GET /xingrg/check_reg.html?_=1684030638957 HTTP/1.1" 200 22
116.238.139.35 - - [14/May/2023:10:17:20 +0800] "GET /xingrg/all/function/internal_message.html?_=1684030638961&CODE_STATE=getMsg HTTP/1.1" 200 27
120.253.135.82 - - [14/May/2023:10:17:21 +0800] "POST /xingrg/kc/pszx/mdps_order_operate.html HTTP/1.1" 200 12
114.83.219.197 - - [14/May/2023:10:17:24 +0800] "GET /xingrg/kc/base/wldb_order_operate.html?command=get_materiel&rest_code=00154&base_code=0010726&code=00101029094 HTTP/1.1" 200 461
114.83.219.197 - - [14/May/2023:10:17:25 +0800] "GET /xingrg/all/function/internal_message.html?_=1684030740294&CODE_STATE=getMsg HTTP/1.1" 200 27
116.224.158.100 - - [14/May/2023:10:17:25 +0800] "GET /xingrg/all/function/internal_message.html?_=1684030481368&CODE_STATE=getMsg HTTP/1.1" 200 27
116.235.240.236 - - [14/May/2023:10:17:27 +0800] "GET /xingrg/all/function/internal_message.html?_=1684030649421&CODE_STATE=getMsg HTTP/1.1" 200 27
114.83.219.197 - - [14/May/2023:10:17:29 +0800] "POST /xingrg/all/common/load_select.html HTTP/1.1" 200 25
114.83.219.197 - - [14/May/2023:10:17:31 +0800] "GET /xingrg/kc/base/wldb_order_operate.html?command=get_materiel_price&rest_code=00154&base_code=0010726&code=00101029094&unit_code=00100179 HTTP/1.1" 200 35
222.67.238.82 - - [14/May/2023:10:17:33 +0800] "GET /xingrg/all/function/internal_message.html?_=1684030653149&CODE_STATE=getMsg HTTP/1.1" 200 27
114.85.96.117 - - [14/May/2023:10:17:34 +0800] "GET /xingrg/all/function/internal_message.html?_=1684030654027&CODE_STATE=getMsg HTTP/1.1" 200 27
114.83.219.197 - - [14/May/2023:10:17:38 +0800] "GET /xingrg/kc/base/wldb_order_operate.html?command=get_materiel&rest_code=00154&base_code=0010726&code=00101020383 HTTP/1.1" 200 469
114.93.35.223 - - [14/May/2023:10:17:39 +0800] "GET /xingrg/all/function/internal_message.html?_=1684030659723&CODE_STATE=getMsg HTTP/1.1" 200 27
180.171.122.0 - - [14/May/2023:10:17:39 +0800] "GET /xingrg/all/function/internal_message.html?_=1684030655834&CODE_STATE=getMsg HTTP/1.1" 200 27
124.79.74.67 - - [14/May/2023:10:17:40 +0800] "GET /xingrg/all/function/internal_message.html?_=1684030672688&CODE_STATE=getMsg HTTP/1.1" 200 27
61.170.232.195 - - [14/May/2023:10:17:46 +0800] "GET /xingrg/all/function/internal_message.html?_=1684030662535&CODE_STATE=getMsg HTTP/1.1" 200 27
116.224.158.100 - - [14/May/2023:10:17:47 +0800] "GET /xingrg/all/function/internal_message.html?_=1684030667628&CODE_STATE=getMsg HTTP/1.1" 200 27
120.253.135.82 - - [14/May/2023:10:17:47 +0800] "GET /xingrg/kc/pszx/mdps_order_info.html?code=312023051100249 HTTP/1.1" 200 19638
120.253.135.82 - - [14/May/2023:10:17:48 +0800] "GET /xingrg/javascript/easyui/themes/default/validatebox.css HTTP/1.1" 404 1104
120.253.135.82 - - [14/May/2023:10:17:48 +0800] "POST /xingrg/kc/pszx/mdps_order_operate.html HTTP/1.1" 200 5573
180.169.147.146 - - [14/May/2023:10:17:52 +0800] "GET /xingrg/all/function/internal_message.html?_=1684030670588&CODE_STATE=getMsg HTTP/1.1" 200 27
120.253.135.82 - - [14/May/2023:10:17:52 +0800] "POST /xingrg/kc/pszx/mdps_list_operate.html HTTP/1.1" 200 2078
114.83.219.197 - - [14/May/2023:10:17:54 +0800] "POST /xingrg/kc/base/wldb_order_operate.html HTTP/1.1" 200 37
101.229.22.40 - - [14/May/2023:10:17:57 +0800] "GET /xingrg/all/function/internal_message.html?_=1684030676656&CODE_STATE=getMsg HTTP/1.1" 200 27
114.85.113.108 - - [14/May/2023:10:17:58 +0800] "GET /xingrg/all/function/internal_message.html?_=1684030676439&CODE_STATE=getMsg HTTP/1.1" 200 27
120.253.135.82 - - [14/May/2023:10:17:58 +0800] "POST /xingrg/kc/pszx/mdps_list_operate.html HTTP/1.1" 200 202
120.253.135.82 - - [14/May/2023:10:17:59 +0800] "GET /xingrg/kc/pszx/mdps_order_info.html?code=312023051300285 HTTP/1.1" 200 23980
180.163.29.206 - - [14/May/2023:10:18:00 +0800] "GET /xingrg/kc/print/load_config.html?kc_code=cgsh HTTP/1.1" 302 -
120.253.135.82 - - [14/May/2023:10:18:00 +0800] "GET /xingrg/javascript/easyui/themes/default/validatebox.css HTTP/1.1" 404 1104
180.163.29.206 - - [14/May/2023:10:18:00 +0800] "GET /xingrg/login.html HTTP/1.1" 200 7641
180.163.29.206 - - [14/May/2023:10:18:01 +0800] "GET /xingrg/kc/print/load_data.html?order_code=212023051404989&kc_code=cgsh&condition= HTTP/1.1" 302 -
180.163.29.206 - - [14/May/2023:10:18:01 +0800] "GET /xingrg/login.html HTTP/1.1" 200 7641
114.83.219.197 - - [14/May/2023:10:18:01 +0800] "POST /xingrg/kc/base/wldb_order_operate.html HTTP/1.1" 200 12
120.253.135.82 - - [14/May/2023:10:18:01 +0800] "POST /xingrg/kc/pszx/mdps_order_operate.html HTTP/1.1" 200 2285
114.83.219.197 - - [14/May/2023:10:18:01 +0800] "POST /xingrg/kc/base/wldb_order_operate.html HTTP/1.1" 200 5739
180.171.122.0 - - [14/May/2023:10:18:02 +0800] "GET /xingrg/kc/buy/cgsh_order_operate.html?command=get_materiel&rest_code=00111&code=00101018019&supplier_code=00100042&order_time=2023-05-14 HTTP/1.1" 200 421
120.253.135.82 - - [14/May/2023:10:18:06 +0800] "POST /xingrg/kc/pszx/mdps_order_operate.html HTTP/1.1" 200 37
114.83.219.197 - - [14/May/2023:10:18:08 +0800] "GET /xingrg/kc/base/wldb_order_info.html?code=422023051401057 HTTP/1.1" 200 26266
180.164.3.199 - - [14/May/2023:10:18:08 +0800] "GET /xingrg/all/function/internal_message.html?_=1684030688241&CODE_STATE=getMsg HTTP/1.1" 200 27
114.83.219.197 - - [14/May/2023:10:18:08 +0800] "GET /xingrg/javascript/easyui/themes/default/validatebox.css HTTP/1.1" 404 1104
114.83.219.197 - - [14/May/2023:10:18:08 +0800] "POST /xingrg/kc/base/wldb_order_operate.html HTTP/1.1" 200 3955
180.163.29.79 - - [14/May/2023:10:18:11 +0800] "GET /xingrg/kc/print/load_data.html?order_code=212023051404989&kc_code=cgsh HTTP/1.1" 302 -
180.163.29.79 - - [14/May/2023:10:18:11 +0800] "GET /xingrg/login.html HTTP/1.1" 200 7641
120.253.135.82 - - [14/May/2023:10:18:11 +0800] "POST /xingrg/kc/pszx/mdps_order_operate.html HTTP/1.1" 200 12
116.232.195.27 - - [14/May/2023:10:18:12 +0800] "GET /xingrg/all/function/internal_message.html?_=1684030742200&CODE_STATE=getMsg HTTP/1.1" 200 27
180.169.147.146 - - [14/May/2023:10:18:12 +0800] "GET /xingrg/all/function/internal_message.html?_=1684030692106&CODE_STATE=getMsg HTTP/1.1" 200 27
180.169.147.146 - - [14/May/2023:10:18:12 +0800] "GET /xingrg/check_reg.html?_=1684030692108 HTTP/1.1" 200 22
120.253.135.82 - - [14/May/2023:10:18:13 +0800] "GET /xingrg/kc/pszx/mdps_order_info.html?code=312023051300285 HTTP/1.1" 200 19640
114.83.219.197 - - [14/May/2023:10:18:13 +0800] "GET /xingrg/kc/base/wldb_order_add.html HTTP/1.1" 200 30387
114.83.219.197 - - [14/May/2023:10:18:13 +0800] "POST /xingrg/kc/base/wldb_order_operate.html HTTP/1.1" 200 6806
114.83.219.197 - - [14/May/2023:10:18:13 +0800] "GET /xingrg/javascript/easyui/themes/default/validatebox.css HTTP/1.1" 404 1104
120.253.135.82 - - [14/May/2023:10:18:13 +0800] "GET /xingrg/javascript/easyui/themes/default/validatebox.css HTTP/1.1" 404 1104
180.171.122.0 - - [14/May/2023:10:18:14 +0800] "POST /xingrg/kc/buy/cgsh_order_operate.html HTTP/1.1" 200 37
120.253.135.82 - - [14/May/2023:10:18:14 +0800] "POST /xingrg/kc/pszx/mdps_order_operate.html HTTP/1.1" 200 506
120.253.135.82 - - [14/May/2023:10:18:15 +0800] "POST /xingrg/kc/pszx/mdps_list_operate.html HTTP/1.1" 200 1703
120.253.135.82 - - [14/May/2023:10:18:16 +0800] "POST /xingrg/kc/pszx/mdps_list_operate.html HTTP/1.1" 200 364
114.83.219.197 - - [14/May/2023:10:18:16 +0800] "POST /xingrg/all/common/load_combo.html?type=base HTTP/1.1" 200 1491
120.253.135.82 - - [14/May/2023:10:18:17 +0800] "GET /xingrg/kc/pszx/mdps_order_info.html?code=312023051300284 HTTP/1.1" 200 23984
120.253.135.82 - - [14/May/2023:10:18:18 +0800] "GET /xingrg/javascript/easyui/themes/default/validatebox.css HTTP/1.1" 404 1104
120.253.135.82 - - [14/May/2023:10:18:18 +0800] "POST /xingrg/kc/pszx/mdps_order_operate.html HTTP/1.1" 200 3271
114.83.219.197 - - [14/May/2023:10:18:19 +0800] "POST /xingrg/all/common/load_combo.html?type=base HTTP/1.1" 200 1491
116.238.139.35 - - [14/May/2023:10:18:20 +0800] "GET /xingrg/all/function/internal_message.html?_=1684030698963&CODE_STATE=getMsg HTTP/1.1" 200 27
120.253.135.82 - - [14/May/2023:10:18:22 +0800] "POST /xingrg/kc/pszx/mdps_order_operate.html HTTP/1.1" 200 37
114.83.219.197 - - [14/May/2023:10:18:25 +0800] "GET /xingrg/all/function/internal_message.html?_=1684030800286&CODE_STATE=getMsg HTTP/1.1" 200 27
116.224.158.100 - - [14/May/2023:10:18:25 +0800] "GET /xingrg/all/function/internal_message.html?_=1684030541365&CODE_STATE=getMsg HTTP/1.1" 200 27
120.253.135.82 - - [14/May/2023:10:18:27 +0800] "POST /xingrg/kc/pszx/mdps_order_operate.html HTTP/1.1" 200 12
114.83.219.197 - - [14/May/2023:10:18:27 +0800] "GET /xingrg/kc/base/wldb_order_operate.html?command=get_materiel&rest_code=00154&base_code=0010724&code=00101016044 HTTP/1.1" 200 466
116.235.240.236 - - [14/May/2023:10:18:27 +0800] "GET /xingrg/all/function/internal_message.html?_=1684030709491&CODE_STATE=getMsg HTTP/1.1" 200 27
222.67.238.82 - - [14/May/2023:10:18:33 +0800] "GET /xingrg/all/function/internal_message.html?_=1684030713156&CODE_STATE=getMsg HTTP/1.1" 200 27
180.171.122.0 - - [14/May/2023:10:18:34 +0800] "POST /xingrg/kc/buy/cgsh_order_operate.html HTTP/1.1" 200 5031
114.85.96.117 - - [14/May/2023:10:18:34 +0800] "GET /xingrg/all/function/internal_message.html?_=1684030714005&CODE_STATE=getMsg HTTP/1.1" 200 27
114.93.35.223 - - [14/May/2023:10:18:39 +0800] "GET /xingrg/all/function/internal_message.html?_=1684030719724&CODE_STATE=getMsg HTTP/1.1" 200 27
180.171.122.0 - - [14/May/2023:10:18:39 +0800] "GET /xingrg/all/function/internal_message.html?_=1684030715805&CODE_STATE=getMsg HTTP/1.1" 200 27
180.171.122.0 - - [14/May/2023:10:18:39 +0800] "GET /xingrg/kc/print/load_data.html?order_code=212023051405029&kc_code=cgsh&condition= HTTP/1.1" 200 1618
124.79.74.67 - - [14/May/2023:10:18:40 +0800] "GET /xingrg/all/function/internal_message.html?_=1684030732688&CODE_STATE=getMsg HTTP/1.1" 200 27
61.170.232.195 - - [14/May/2023:10:18:42 +0800] "GET /xingrg/check_reg.html?_=1684030718179 HTTP/1.1" 200 22
114.83.219.197 - - [14/May/2023:10:18:42 +0800] "GET /xingrg/kc/base/wldb_order_operate.html?command=get_materiel&rest_code=00154&base_code=0010724&code=00101019164 HTTP/1.1" 200 466
61.170.232.195 - - [14/May/2023:10:18:46 +0800] "GET /xingrg/all/function/internal_message.html?_=1684030722518&CODE_STATE=getMsg HTTP/1.1" 200 27
116.224.158.100 - - [14/May/2023:10:18:47 +0800] "GET /xingrg/all/function/internal_message.html?_=1684030727602&CODE_STATE=getMsg HTTP/1.1" 200 27
180.169.147.146 - - [14/May/2023:10:18:52 +0800] "GET /xingrg/all/function/internal_message.html?_=1684030730569&CODE_STATE=getMsg HTTP/1.1" 200 27
180.169.147.146 - - [14/May/2023:10:18:54 +0800] "GET /xingrg/kc/buy/cgsh_order_operate.html?command=get_materiel&rest_code=00147&code=00101008379&supplier_code=00100007&order_time=2023-05-14 HTTP/1.1" 200 409
101.229.22.40 - - [14/May/2023:10:18:57 +0800] "GET /xingrg/all/function/internal_message.html?_=1684030736655&CODE_STATE=getMsg HTTP/1.1" 200 27
114.85.113.108 - - [14/May/2023:10:18:58 +0800] "GET /xingrg/all/function/internal_message.html?_=1684030736427&CODE_STATE=getMsg HTTP/1.1" 200 27
120.253.135.82 - - [14/May/2023:10:19:08 +0800] "GET /xingrg/kc/pszx/mdps_order_info.html?code=312023051300284 HTTP/1.1" 200 19644
180.164.3.199 - - [14/May/2023:10:19:08 +0800] "GET /xingrg/all/function/internal_message.html?_=1684030748249&CODE_STATE=getMsg HTTP/1.1" 200 27
120.253.135.82 - - [14/May/2023:10:19:08 +0800] "GET /xingrg/javascript/easyui/themes/default/validatebox.css HTTP/1.1" 404 1104
120.253.135.82 - - [14/May/2023:10:19:08 +0800] "POST /xingrg/kc/pszx/mdps_order_operate.html HTTP/1.1" 200 1485
116.232.195.27 - - [14/May/2023:10:19:12 +0800] "GET /xingrg/all/function/internal_message.html?_=1684030802187&CODE_STATE=getMsg HTTP/1.1" 200 27
180.169.147.146 - - [14/May/2023:10:19:12 +0800] "GET /xingrg/all/function/internal_message.html?_=1684030752122&CODE_STATE=getMsg HTTP/1.1" 200 27
120.253.135.82 - - [14/May/2023:10:19:13 +0800] "GET /xingrg/check_reg.html?_=1684030590718 HTTP/1.1" 200 22
114.83.219.197 - - [14/May/2023:10:19:14 +0800] "GET /xingrg/kc/base/wldb_order_operate.html?command=get_materiel&rest_code=00154&base_code=0010724&code=00101040002 HTTP/1.1" 200 461
120.253.135.82 - - [14/May/2023:10:19:14 +0800] "GET /xingrg/check_reg.html?_=1684030592028 HTTP/1.1" 200 22
114.85.113.108 - - [14/May/2023:10:19:15 +0800] "GET /xingrg/check_reg.html?_=1684030753985 HTTP/1.1" 200 22
116.238.139.35 - - [14/May/2023:10:19:20 +0800] "GET /xingrg/all/function/internal_message.html?_=1684030758965&CODE_STATE=getMsg HTTP/1.1" 200 27
116.235.240.236 - - [14/May/2023:10:19:21 +0800] "GET /xingrg/kc/base/wldb_order_add.html HTTP/1.1" 200 30387
116.235.240.236 - - [14/May/2023:10:19:21 +0800] "POST /xingrg/kc/base/wldb_order_operate.html HTTP/1.1" 200 6806
116.235.240.236 - - [14/May/2023:10:19:22 +0800] "GET /xingrg/javascript/easyui/themes/default/validatebox.css HTTP/1.1" 404 1104
114.83.219.197 - - [14/May/2023:10:19:25 +0800] "GET /xingrg/all/function/internal_message.html?_=1684030860301&CODE_STATE=getMsg HTTP/1.1" 200 27
114.83.219.197 - - [14/May/2023:10:19:25 +0800] "GET /xingrg/check_reg.html?_=1684030860303 HTTP/1.1" 200 22
116.224.158.100 - - [14/May/2023:10:19:25 +0800] "GET /xingrg/all/function/internal_message.html?_=1684030601356&CODE_STATE=getMsg HTTP/1.1" 200 27
116.224.158.100 - - [14/May/2023:10:19:26 +0800] "GET /xingrg/javascript/jquery_easy_ui/themes/icons/rest.png HTTP/1.1" 304 -
116.224.158.100 - - [14/May/2023:10:19:26 +0800] "GET /xingrg/javascript/jquery_easy_ui/themes/icons/area.png HTTP/1.1" 304 -
180.169.147.146 - - [14/May/2023:10:19:27 +0800] "GET /xingrg/kc/buy/cgsh_order_operate.html?command=get_materiel&rest_code=00147&code=00101008033&supplier_code=00100007&order_time=2023-05-14 HTTP/1.1" 200 409
116.235.240.236 - - [14/May/2023:10:19:27 +0800] "GET /xingrg/all/function/internal_message.html?_=1684030769493&CODE_STATE=getMsg HTTP/1.1" 200 27
124.79.240.114 - - [14/May/2023:10:19:30 +0800] "POST /xingrg/login.do HTTP/1.1" 302 -
124.79.240.114 - - [14/May/2023:10:19:30 +0800] "GET /xingrg/index.html?sysBaseUrl=http%3A%2F%2F180.169.147.146%3A18081%2Fxingrg%2F&costTime=1254×tamp=1684030770322 HTTP/1.1" 200 17179
124.79.240.114 - - [14/May/2023:10:19:30 +0800] "GET /favicon.ico HTTP/1.1" 404 -
124.79.240.114 - - [14/May/2023:10:19:30 +0800] "GET /xingrg/all/function/internal_message.html?_=1684031047919&CODE_STATE=count HTTP/1.1" 200 11
124.79.240.114 - - [14/May/2023:10:19:30 +0800] "GET /xingrg/check_reg.html?_=1684031047920 HTTP/1.1" 200 22
124.79.240.114 - - [14/May/2023:10:19:30 +0800] "POST /xingrg/all/common/load_tree.html?tree=area_rest_tree_json&manage=1 HTTP/1.1" 200 351
124.79.240.114 - - [14/May/2023:10:19:30 +0800] "POST /xingrg/load_menu.html HTTP/1.1" 200 5138
222.67.238.82 - - [14/May/2023:10:19:33 +0800] "GET /xingrg/all/function/internal_message.html?_=1684030773230&CODE_STATE=getMsg HTTP/1.1" 200 27
114.85.96.117 - - [14/May/2023:10:19:34 +0800] "GET /xingrg/all/function/internal_message.html?_=1684030773986&CODE_STATE=getMsg HTTP/1.1" 200 27
116.235.240.236 - - [14/May/2023:10:19:35 +0800] "GET /xingrg/kc/buy/cgsh_order_list.html HTTP/1.1" 200 55588
180.169.147.146 - - [14/May/2023:10:19:35 +0800] "POST /xingrg/kc/buy/cgsh_order_operate.html HTTP/1.1" 200 2065
116.235.240.236 - - [14/May/2023:10:19:38 +0800] "POST /xingrg/kc/buy/cgsh_list_operate.html HTTP/1.1" 200 986
114.93.35.223 - - [14/May/2023:10:19:39 +0800] "GET /xingrg/all/function/internal_message.html?_=1684030779724&CODE_STATE=getMsg HTTP/1.1" 200 27
124.79.240.114 - - [14/May/2023:10:19:39 +0800] "GET /xingrg/kc/mdqp/pssh_order_list.html HTTP/1.1" 200 17884
180.171.122.0 - - [14/May/2023:10:19:39 +0800] "GET /xingrg/all/function/internal_message.html?_=1684030775781&CODE_STATE=getMsg HTTP/1.1" 200 27
124.79.240.114 - - [14/May/2023:10:19:40 +0800] "POST /xingrg/kc/mdqp/pssh_list_operate.html HTTP/1.1" 200 5323
124.79.74.67 - - [14/May/2023:10:19:40 +0800] "GET /xingrg/all/function/internal_message.html?_=1684030792688&CODE_STATE=getMsg HTTP/1.1" 200 27
124.79.240.114 - - [14/May/2023:10:19:41 +0800] "POST /xingrg/kc/mdqp/pssh_list_operate.html HTTP/1.1" 200 260
114.83.219.197 - - [14/May/2023:10:19:41 +0800] "POST /xingrg/all/common/load_select.html HTTP/1.1" 200 25
180.163.28.114 - - [14/May/2023:10:19:42 +0800] "GET /xingrg/check_reg.html?_=1684030718179 HTTP/1.1" 302 -
180.163.28.114 - - [14/May/2023:10:19:42 +0800] "GET /xingrg/login.html HTTP/1.1" 200 7641
172.20.0.100 - - [14/May/2023:10:19:42 +0800] "GET /xingrg/check_reg.html?_=1684030800878 HTTP/1.1" 302 -
180.169.147.146 - - [14/May/2023:10:19:43 +0800] "GET /xingrg/kc/buy/cgsh_order_operate.html?command=get_materiel&rest_code=00147&code=00102010521&supplier_code=00100007&order_time=2023-05-14 HTTP/1.1" 200 414
124.79.240.114 - - [14/May/2023:10:19:44 +0800] "POST /xingrg/kc/mdqp/pssh_list_operate.html HTTP/1.1" 200 857
114.83.219.197 - - [14/May/2023:10:19:44 +0800] "GET /xingrg/kc/base/wldb_order_operate.html?command=get_materiel_price&rest_code=00154&base_code=0010724&code=00101040002&unit_code=00100619 HTTP/1.1" 200 37
61.170.232.195 - - [14/May/2023:10:19:46 +0800] "GET /xingrg/all/function/internal_message.html?_=1684030782503&CODE_STATE=getMsg HTTP/1.1" 200 27
116.224.158.100 - - [14/May/2023:10:19:47 +0800] "GET /xingrg/all/function/internal_message.html?_=1684030787576&CODE_STATE=getMsg HTTP/1.1" 200 27
116.224.158.100 - - [14/May/2023:10:19:48 +0800] "GET /xingrg/check_reg.html?_=1684030788264 HTTP/1.1" 200 22
116.235.240.236 - - [14/May/2023:10:19:48 +0800] "GET /xingrg/kc/buy/cgsh_order_add.html HTTP/1.1" 200 71364
116.235.240.236 - - [14/May/2023:10:19:48 +0800] "POST /xingrg/kc/buy/cgsh_order_operate.html HTTP/1.1" 200 8245
116.235.240.236 - - [14/May/2023:10:19:48 +0800] "GET /xingrg/javascript/easyui/themes/default/validatebox.css HTTP/1.1" 404 1104
116.235.240.236 - - [14/May/2023:10:19:48 +0800] "GET /xingrg/all/common/auto_word.html?type=employee&rest_code=00146 HTTP/1.1" 200 101
116.235.240.236 - - [14/May/2023:10:19:48 +0800] "GET /xingrg/all/common/auto_word.html?type=employee&rest_code=00146 HTTP/1.1" 200 101
114.83.219.197 - - [14/May/2023:10:19:50 +0800] "GET /xingrg/kc/base/wldb_order_operate.html?command=get_materiel&rest_code=00154&base_code=0010724&code=00101012015 HTTP/1.1" 200 468
124.79.240.114 - - [14/May/2023:10:19:51 +0800] "POST /xingrg/kc/mdqp/pssh_list_operate.html HTTP/1.1" 200 653
180.169.147.146 - - [14/May/2023:10:19:52 +0800] "GET /xingrg/all/function/internal_message.html?_=1684030790540&CODE_STATE=getMsg HTTP/1.1" 200 27
180.169.147.146 - - [14/May/2023:10:19:53 +0800] "GET /xingrg/kc/buy/cgsh_order_operate.html?command=get_materiel&rest_code=00147&code=00101008210&supplier_code=00100007&order_time=2023-05-14 HTTP/1.1" 200 408
116.228.172.94 - - [14/May/2023:10:19:54 +0800] "GET /xingrg/check_reg.html?_=1684030602388 HTTP/1.1" 302 -
114.83.219.197 - - [14/May/2023:10:19:54 +0800] "POST /xingrg/all/common/load_select.html HTTP/1.1" 200 25
124.79.240.114 - - [14/May/2023:10:19:55 +0800] "POST /xingrg/kc/mdqp/pssh_list_operate.html HTTP/1.1" 200 559
114.83.219.197 - - [14/May/2023:10:19:56 +0800] "GET /xingrg/kc/base/wldb_order_operate.html?command=get_materiel_price&rest_code=00154&base_code=0010724&code=00101012015&unit_code=00100057 HTTP/1.1" 200 36
101.229.22.40 - - [14/May/2023:10:19:57 +0800] "GET /xingrg/all/function/internal_message.html?_=1684030796669&CODE_STATE=getMsg HTTP/1.1" 200 27
101.229.22.40 - - [14/May/2023:10:19:57 +0800] "GET /xingrg/check_reg.html?_=1684030796670 HTTP/1.1" 200 22
114.85.113.108 - - [14/May/2023:10:19:58 +0800] "GET /xingrg/all/function/internal_message.html?_=1684030796404&CODE_STATE=getMsg HTTP/1.1" 200 27
114.83.219.197 - - [14/May/2023:10:20:05 +0800] "GET /xingrg/kc/base/wldb_order_operate.html?command=get_materiel&rest_code=00154&base_code=0010724&code=00101012077 HTTP/1.1" 200 438
180.164.3.199 - - [14/May/2023:10:20:08 +0800] "GET /xingrg/all/function/internal_message.html?_=1684030808247&CODE_STATE=getMsg HTTP/1.1" 200 27
116.232.195.27 - - [14/May/2023:10:20:12 +0800] "GET /xingrg/all/function/internal_message.html?_=1684030862166&CODE_STATE=getMsg HTTP/1.1" 200 27
180.169.147.146 - - [14/May/2023:10:20:12 +0800] "GET /xingrg/all/function/internal_message.html?_=1684030812109&CODE_STATE=getMsg HTTP/1.1" 200 27
180.169.147.146 - - [14/May/2023:10:20:12 +0800] "GET /xingrg/kc/buy/cgsh_order_operate.html?command=get_materiel&rest_code=00147&code=00101008155&supplier_code=00100007&order_time=2023-05-14 HTTP/1.1" 200 408
114.83.219.197 - - [14/May/2023:10:20:19 +0800] "GET /xingrg/kc/base/wldb_order_operate.html?command=get_materiel&rest_code=00154&base_code=0010724&code=00101020335 HTTP/1.1" 200 456
116.238.139.35 - - [14/May/2023:10:20:20 +0800] "GET /xingrg/all/function/internal_message.html?_=1684030818966&CODE_STATE=getMsg HTTP/1.1" 200 27
114.83.219.197 - - [14/May/2023:10:20:25 +0800] "GET /xingrg/all/function/internal_message.html?_=1684030920299&CODE_STATE=getMsg HTTP/1.1" 200 27
116.224.158.100 - - [14/May/2023:10:20:25 +0800] "GET /xingrg/all/function/internal_message.html?_=1684030661359&CODE_STATE=getMsg HTTP/1.1" 200 27
116.235.240.236 - - [14/May/2023:10:20:26 +0800] "GET /xingrg/kc/buy/cgsh_order_operate.html?command=get_materiel&rest_code=00146&code=00101008607&supplier_code=00100005&order_time=2023-05-14 HTTP/1.1" 200 413
120.253.135.82 - - [14/May/2023:10:20:26 +0800] "POST /xingrg/kc/pszx/mdps_list_operate.html HTTP/1.1" 200 868
116.235.240.236 - - [14/May/2023:10:20:27 +0800] "GET /xingrg/all/function/internal_message.html?_=1684030829507&CODE_STATE=getMsg HTTP/1.1" 200 27
180.169.147.146 - - [14/May/2023:10:20:29 +0800] "GET /xingrg/kc/buy/cgsh_order_operate.html?command=get_materiel&rest_code=00147&code=00101008049&supplier_code=00100007&order_time=2023-05-14 HTTP/1.1" 200 408
120.253.135.82 - - [14/May/2023:10:20:30 +0800] "GET /xingrg/kc/buy/cgsh_order_list.html HTTP/1.1" 200 55582
124.79.240.114 - - [14/May/2023:10:20:30 +0800] "GET /xingrg/all/function/internal_message.html?_=1684031107930&CODE_STATE=getMsg HTTP/1.1" 200 27
120.253.135.82 - - [14/May/2023:10:20:32 +0800] "POST /xingrg/kc/buy/cgsh_list_operate.html HTTP/1.1" 200 986
114.85.96.117 - - [14/May/2023:10:20:34 +0800] "GET /xingrg/all/function/internal_message.html?_=1684030833959&CODE_STATE=getMsg HTTP/1.1" 200 27
114.83.219.197 - - [14/May/2023:10:20:34 +0800] "GET /xingrg/kc/base/wldb_order_operate.html?command=get_materiel&rest_code=00154&base_code=0010724&code=00101022084 HTTP/1.1" 200 453
120.253.135.82 - - [14/May/2023:10:20:34 +0800] "GET /xingrg/kc/buy/cgsh_order_add.html HTTP/1.1" 200 70428
222.67.238.82 - - [14/May/2023:10:20:34 +0800] "GET /xingrg/all/function/internal_message.html?_=1684030834204&CODE_STATE=getMsg HTTP/1.1" 200 27
120.253.135.82 - - [14/May/2023:10:20:34 +0800] "POST /xingrg/kc/buy/cgsh_order_operate.html HTTP/1.1" 200 8245
120.253.135.82 - - [14/May/2023:10:20:35 +0800] "GET /xingrg/javascript/easyui/themes/default/validatebox.css HTTP/1.1" 404 1104
114.93.35.223 - - [14/May/2023:10:20:39 +0800] "GET /xingrg/check_reg.html?_=1684030839727 HTTP/1.1" 200 22
114.93.35.223 - - [14/May/2023:10:20:39 +0800] "GET /xingrg/all/function/internal_message.html?_=1684030839730&CODE_STATE=getMsg HTTP/1.1" 200 27
180.171.122.0 - - [14/May/2023:10:20:39 +0800] "GET /xingrg/all/function/internal_message.html?_=1684030835752&CODE_STATE=getMsg HTTP/1.1" 200 27
180.171.122.0 - - [14/May/2023:10:20:39 +0800] "GET /xingrg/check_reg.html?_=1684030835897 HTTP/1.1" 200 22
124.79.74.67 - - [14/May/2023:10:20:40 +0800] "GET /xingrg/check_reg.html?_=1684030852687 HTTP/1.1" 200 22
124.79.74.67 - - [14/May/2023:10:20:40 +0800] "GET /xingrg/all/function/internal_message.html?_=1684030852688&CODE_STATE=getMsg HTTP/1.1" 200 27
116.235.240.236 - - [14/May/2023:10:20:40 +0800] "GET /xingrg/kc/buy/cgsh_order_operate.html?command=get_materiel&rest_code=00146&code=00101008355&supplier_code=00100005&order_time=2023-05-14 HTTP/1.1" 200 408
180.169.147.146 - - [14/May/2023:10:20:40 +0800] "GET /xingrg/kc/buy/cgsh_order_operate.html?command=get_materiel&rest_code=00147&code=00101008087&supplier_code=00100007&order_time=2023-05-14 HTTP/1.1" 200 412
180.163.28.68 - - [14/May/2023:10:20:46 +0800] "GET /xingrg/all/function/internal_message.html?_=1684030782503&CODE_STATE=getMsg HTTP/1.1" 302 -
180.163.28.68 - - [14/May/2023:10:20:46 +0800] "GET /xingrg/login.html HTTP/1.1" 200 7641
61.170.232.195 - - [14/May/2023:10:20:46 +0800] "GET /xingrg/all/function/internal_message.html?_=1684030842472&CODE_STATE=getMsg HTTP/1.1" 200 27
116.224.158.100 - - [14/May/2023:10:20:47 +0800] "GET /xingrg/all/function/internal_message.html?_=1684030847548&CODE_STATE=getMsg HTTP/1.1" 200 27
180.164.3.199 - - [14/May/2023:10:20:48 +0800] "GET /xingrg/kc/buy/cgsh_order_add.html HTTP/1.1" 200 71456
180.164.3.199 - - [14/May/2023:10:20:48 +0800] "GET /xingrg/css/base.css HTTP/1.1" 200 2811
180.164.3.199 - - [14/May/2023:10:20:48 +0800] "GET /xingrg/javascript/jquery_tools/datebox.css HTTP/1.1" 200 2597
180.164.3.199 - - [14/May/2023:10:20:48 +0800] "GET /xingrg/css/site.css HTTP/1.1" 200 7541
180.164.3.199 - - [14/May/2023:10:20:48 +0800] "GET /xingrg/javascript/auto/jquery.autocomplete.css HTTP/1.1" 200 587
180.164.3.199 - - [14/May/2023:10:20:48 +0800] "GET /xingrg/javascript/easyui/themes/icon.css HTTP/1.1" 200 4483
180.164.3.199 - - [14/May/2023:10:20:48 +0800] "GET /xingrg/javascript/jquery_tools/fix.css HTTP/1.1" 200 1702
180.164.3.199 - - [14/May/2023:10:20:48 +0800] "GET /xingrg/javascript/easyui/themes/default/easyui.css HTTP/1.1" 200 30432
180.164.3.199 - - [14/May/2023:10:20:48 +0800] "GET /xingrg/javascript/pic_change.js HTTP/1.1" 200 4739
180.164.3.199 - - [14/May/2023:10:20:48 +0800] "GET /xingrg/javascript/jquery_tools/table.css HTTP/1.1" 200 1032
180.164.3.199 - - [14/May/2023:10:20:48 +0800] "GET /xingrg/javascript/jquery_tools/jquery.tools.min.js HTTP/1.1" 200 138801
180.164.3.199 - - [14/May/2023:10:20:48 +0800] "GET /xingrg/javascript/jquery_tools/jquery.tools.hotkey.js HTTP/1.1" 200 3242
180.164.3.199 - - [14/May/2023:10:20:48 +0800] "GET /xingrg/javascript/jquery_tools/jquery.tools.extend.js HTTP/1.1" 200 15385
180.164.3.199 - - [14/May/2023:10:20:48 +0800] "GET /xingrg/javascript/jquery_tools/jquery.tools.table.js HTTP/1.1" 200 6994
180.164.3.199 - - [14/May/2023:10:20:48 +0800] "GET /xingrg/javascript/auto/jquery.autocomplete.js HTTP/1.1" 200 21624
180.164.3.199 - - [14/May/2023:10:20:48 +0800] "GET /xingrg/javascript/easyui/easyloader.js HTTP/1.1" 200 5975
180.164.3.199 - - [14/May/2023:10:20:48 +0800] "GET /xingrg/javascript/jquery.utils.js HTTP/1.1" 200 11805
180.164.3.199 - - [14/May/2023:10:20:48 +0800] "GET /xingrg/javascript/jquery_tools/order_manager.js HTTP/1.1" 200 11183
180.164.3.199 - - [14/May/2023:10:20:48 +0800] "GET /xingrg/javascript/convert.js HTTP/1.1" 200 1239
180.164.3.199 - - [14/May/2023:10:20:48 +0800] "GET /xingrg/javascript/json2.js HTTP/1.1" 200 11259
180.164.3.199 - - [14/May/2023:10:20:48 +0800] "GET /xingrg/javascript/jquery.cookie.js HTTP/1.1" 200 5513
180.164.3.199 - - [14/May/2023:10:20:48 +0800] "GET /xingrg/javascript/print/LodopFuncs.js HTTP/1.1" 200 5121
180.164.3.199 - - [14/May/2023:10:20:48 +0800] "GET /xingrg/javascript/print/kc_print.js HTTP/1.1" 200 11415
114.83.219.197 - - [14/May/2023:10:20:48 +0800] "GET /xingrg/kc/base/wldb_order_operate.html?command=get_materiel&rest_code=00154&base_code=0010724&code=00101019509 HTTP/1.1" 200 463
180.164.3.199 - - [14/May/2023:10:20:48 +0800] "GET /xingrg/words/20230513225747_words.js HTTP/1.1" 200 964240
180.164.3.199 - - [14/May/2023:10:20:48 +0800] "GET /xingrg/javascript/easyui/themes/icons/copy_new.png HTTP/1.1" 200 815
180.164.3.199 - - [14/May/2023:10:20:48 +0800] "GET /xingrg/javascript/easyui/themes/icons/template_new.png HTTP/1.1" 200 3956
180.164.3.199 - - [14/May/2023:10:20:48 +0800] "GET /xingrg/javascript/easyui/themes/icons/print.png HTTP/1.1" 200 1057
180.164.3.199 - - [14/May/2023:10:20:48 +0800] "GET /xingrg/javascript/easyui/themes/icons/ok.png HTTP/1.1" 200 883
180.164.3.199 - - [14/May/2023:10:20:48 +0800] "GET /xingrg/javascript/easyui/themes/default/images/menu_downarrow.png HTTP/1.1" 200 173
180.164.3.199 - - [14/May/2023:10:20:48 +0800] "GET /xingrg/javascript/easyui/themes/icons/cancel.png HTTP/1.1" 200 1133
180.169.147.146 - - [14/May/2023:10:20:48 +0800] "GET /xingrg/kc/buy/cgsh_order_operate.html?command=get_materiel&rest_code=00147&code=00101008059&supplier_code=00100007&order_time=2023-05-14 HTTP/1.1" 200 408
180.164.3.199 - - [14/May/2023:10:20:48 +0800] "GET /xingrg/javascript/easyui/plugins/jquery.parser.js HTTP/1.1" 200 1142
180.164.3.199 - - [14/May/2023:10:20:48 +0800] "POST /xingrg/kc/buy/cgsh_order_operate.html HTTP/1.1" 200 8245
180.164.3.199 - - [14/May/2023:10:20:48 +0800] "GET /xingrg/javascript/easyui/themes/default/validatebox.css HTTP/1.1" 404 1104
180.164.3.199 - - [14/May/2023:10:20:48 +0800] "GET /xingrg/javascript/easyui/plugins/jquery.validatebox.js HTTP/1.1" 200 6103
180.164.3.199 - - [14/May/2023:10:20:48 +0800] "GET /xingrg/all/common/auto_word.html?type=employee&rest_code=00108 HTTP/1.1" 200 101
180.164.3.199 - - [14/May/2023:10:20:48 +0800] "GET /xingrg/javascript/easyui/themes/icons/edit_remove.png HTTP/1.1" 200 625
180.164.3.199 - - [14/May/2023:10:20:48 +0800] "GET /xingrg/javascript/easyui/plugins/jquery.numberbox.js HTTP/1.1" 200 5213
180.164.3.199 - - [14/May/2023:10:20:48 +0800] "GET /xingrg/all/common/auto_word.html?type=employee&rest_code=00108 HTTP/1.1" 200 101
180.169.147.146 - - [14/May/2023:10:20:51 +0800] "POST /xingrg/kc/buy/cgsh_order_operate.html HTTP/1.1" 200 2065
120.253.135.82 - - [14/May/2023:10:20:52 +0800] "POST /xingrg/all/common/load_combo.html?type=employee HTTP/1.1" 200 1664
180.169.147.146 - - [14/May/2023:10:20:52 +0800] "GET /xingrg/all/function/internal_message.html?_=1684030850503&CODE_STATE=getMsg HTTP/1.1" 200 27
180.164.3.199 - - [14/May/2023:10:20:53 +0800] "GET /xingrg/javascript/auto/indicator.gif HTTP/1.1" 404 1066
180.164.3.199 - - [14/May/2023:10:20:54 +0800] "GET /xingrg/javascript/jquery_tools/images/prev.gif HTTP/1.1" 404 1086
180.164.3.199 - - [14/May/2023:10:20:54 +0800] "GET /xingrg/javascript/jquery_tools/images/next.gif HTTP/1.1" 404 1086
114.85.96.117 - - [14/May/2023:10:20:55 +0800] "GET /xingrg/check_reg.html?_=1684030855654 HTTP/1.1" 200 22
116.235.240.236 - - [14/May/2023:10:20:56 +0800] "GET /xingrg/kc/buy/cgsh_order_operate.html?command=get_materiel&rest_code=00146&code=00101008144&supplier_code=00100005&order_time=2023-05-14 HTTP/1.1" 200 412
180.169.147.146 - - [14/May/2023:10:20:57 +0800] "GET /xingrg/kc/buy/cgsh_order_operate.html?command=get_materiel&rest_code=00147&code=00101008357&supplier_code=00100007&order_time=2023-05-14 HTTP/1.1" 200 408
101.229.22.40 - - [14/May/2023:10:20:57 +0800] "GET /xingrg/all/function/internal_message.html?_=1684030856668&CODE_STATE=getMsg HTTP/1.1" 200 27
114.85.113.108 - - [14/May/2023:10:20:58 +0800] "GET /xingrg/all/function/internal_message.html?_=1684030856388&CODE_STATE=getMsg HTTP/1.1" 200 27
114.83.219.197 - - [14/May/2023:10:20:58 +0800] "GET /xingrg/kc/base/wldb_order_operate.html?command=get_materiel&rest_code=00154&base_code=0010724&code=00101019447 HTTP/1.1" 200 472
180.164.3.199 - - [14/May/2023:10:21:04 +0800] "GET /xingrg/kc/buy/cgsh_order_operate.html?command=get_materiel&rest_code=00108&code=00101009118&supplier_code=00100593&order_time=2023-05-14 HTTP/1.1" 200 405
114.83.219.197 - - [14/May/2023:10:21:08 +0800] "POST /xingrg/all/common/load_select.html HTTP/1.1" 200 25
180.164.3.199 - - [14/May/2023:10:21:08 +0800] "GET /xingrg/check_reg.html?_=1684030868237 HTTP/1.1" 200 22
180.164.3.199 - - [14/May/2023:10:21:08 +0800] "GET /xingrg/all/function/internal_message.html?_=1684030868241&CODE_STATE=getMsg HTTP/1.1" 200 27
116.235.240.236 - - [14/May/2023:10:21:11 +0800] "GET /xingrg/check_reg.html?_=1684030873220 HTTP/1.1" 200 22
116.232.195.27 - - [14/May/2023:10:21:12 +0800] "GET /xingrg/all/function/internal_message.html?_=1684030922144&CODE_STATE=getMsg HTTP/1.1" 200 27
180.169.147.146 - - [14/May/2023:10:21:12 +0800] "GET /xingrg/all/function/internal_message.html?_=1684030872098&CODE_STATE=getMsg HTTP/1.1" 200 27
116.235.240.236 - - [14/May/2023:10:21:13 +0800] "GET /xingrg/kc/buy/cgsh_order_operate.html?command=get_materiel&rest_code=00146&code=00101008321&supplier_code=00100005&order_time=2023-05-14 HTTP/1.1" 200 412
180.169.147.146 - - [14/May/2023:10:21:17 +0800] "GET /xingrg/kc/buy/cgsh_order_operate.html?command=get_materiel&rest_code=00147&code=00101008286&supplier_code=00100007&order_time=2023-05-14 HTTP/1.1" 200 408
120.253.135.82 - - [14/May/2023:10:21:18 +0800] "GET /xingrg/kc/buy/cgsh_order_operate.html?command=get_materiel&rest_code=00101&code=00101010880&supplier_code=00100430&order_time=2023-05-14 HTTP/1.1" 200 437
116.238.139.35 - - [14/May/2023:10:21:20 +0800] "GET /xingrg/all/function/internal_message.html?_=1684030878955&CODE_STATE=getMsg HTTP/1.1" 200 27
124.79.73.36 - - [14/May/2023:10:21:23 +0800] "POST /xingrg/services/DataTransmitService HTTP/1.1" 200 524
124.79.73.36 - - [14/May/2023:10:21:24 +0800] "POST /xingrg/services/DataTransmitService HTTP/1.1" 200 2051
124.79.73.36 - - [14/May/2023:10:21:25 +0800] "POST /xingrg/services/DataTransmitService HTTP/1.1" 200 104144
114.83.219.197 - - [14/May/2023:10:21:25 +0800] "GET /xingrg/all/function/internal_message.html?_=1684030980300&CODE_STATE=getMsg HTTP/1.1" 200 27
116.224.158.100 - - [14/May/2023:10:21:25 +0800] "GET /xingrg/all/function/internal_message.html?_=1684030721376&CODE_STATE=getMsg HTTP/1.1" 200 27
116.224.158.100 - - [14/May/2023:10:21:25 +0800] "GET /xingrg/check_reg.html?_=1684030721379 HTTP/1.1" 200 22
116.235.240.236 - - [14/May/2023:10:21:27 +0800] "GET /xingrg/kc/buy/cgsh_order_operate.html?command=get_materiel&rest_code=00146&code=00101008137&supplier_code=00100005&order_time=2023-05-14 HTTP/1.1" 200 408
116.235.240.236 - - [14/May/2023:10:21:27 +0800] "GET /xingrg/all/function/internal_message.html?_=1684030889520&CODE_STATE=getMsg HTTP/1.1" 200 27
180.164.3.199 - - [14/May/2023:10:21:29 +0800] "GET /xingrg/kc/buy/cgsh_order_operate.html?command=get_materiel&rest_code=00108&code=00101023022&supplier_code=00100593&order_time=2023-05-14 HTTP/1.1" 200 406
180.169.147.146 - - [14/May/2023:10:21:29 +0800] "GET /xingrg/kc/buy/cgsh_order_operate.html?command=get_materiel&rest_code=00147&code=00101008036&supplier_code=00100007&order_time=2023-05-14 HTTP/1.1" 200 408
124.79.240.114 - - [14/May/2023:10:21:30 +0800] "GET /xingrg/all/function/internal_message.html?_=1684031167929&CODE_STATE=getMsg HTTP/1.1" 200 27
114.83.219.197 - - [14/May/2023:10:21:32 +0800] "POST /xingrg/kc/base/wldb_order_operate.html HTTP/1.1" 200 37
114.85.96.117 - - [14/May/2023:10:21:34 +0800] "GET /xingrg/all/function/internal_message.html?_=1684030893960&CODE_STATE=getMsg HTTP/1.1" 200 27
222.67.238.82 - - [14/May/2023:10:21:35 +0800] "GET /xingrg/all/function/internal_message.html?_=1684030895218&CODE_STATE=getMsg HTTP/1.1" 200 27
222.67.238.82 - - [14/May/2023:10:21:35 +0800] "GET /xingrg/check_reg.html?_=1684030895219 HTTP/1.1" 200 22
180.164.3.199 - - [14/May/2023:10:21:38 +0800] "GET /xingrg/kc/buy/cgsh_order_operate.html?command=get_materiel&rest_code=00108&code=00101013078&supplier_code=00100593&order_time=2023-05-14 HTTP/1.1" 200 421
114.83.219.197 - - [14/May/2023:10:21:38 +0800] "POST /xingrg/kc/base/wldb_order_operate.html HTTP/1.1" 200 12
114.83.219.197 - - [14/May/2023:10:21:38 +0800] "POST /xingrg/kc/base/wldb_order_operate.html HTTP/1.1" 200 6662
114.93.35.223 - - [14/May/2023:10:21:39 +0800] "GET /xingrg/all/function/internal_message.html?_=1684030899731&CODE_STATE=getMsg HTTP/1.1" 200 27
180.171.122.0 - - [14/May/2023:10:21:39 +0800] "GET /xingrg/all/function/internal_message.html?_=1684030895738&CODE_STATE=getMsg HTTP/1.1" 200 27
124.79.74.67 - - [14/May/2023:10:21:40 +0800] "GET /xingrg/all/function/internal_message.html?_=1684030912686&CODE_STATE=getMsg HTTP/1.1" 200 27
114.83.219.197 - - [14/May/2023:10:21:44 +0800] "GET /xingrg/kc/base/wldb_order_info.html?code=422023051401058 HTTP/1.1" 200 26265
114.83.219.197 - - [14/May/2023:10:21:44 +0800] "GET /xingrg/javascript/easyui/themes/default/validatebox.css HTTP/1.1" 404 1104
114.83.219.197 - - [14/May/2023:10:21:44 +0800] "POST /xingrg/kc/base/wldb_order_operate.html HTTP/1.1" 200 4854
180.163.29.79 - - [14/May/2023:10:21:46 +0800] "GET /xingrg/all/function/internal_message.html?_=1684030842472&CODE_STATE=getMsg HTTP/1.1" 302 -
180.163.29.79 - - [14/May/2023:10:21:46 +0800] "GET /xingrg/login.html HTTP/1.1" 200 7641
61.170.232.195 - - [14/May/2023:10:21:46 +0800] "GET /xingrg/all/function/internal_message.html?_=1684030902444&CODE_STATE=getMsg HTTP/1.1" 200 27
180.164.3.199 - - [14/May/2023:10:21:46 +0800] "GET /xingrg/kc/buy/cgsh_order_operate.html?command=get_materiel&rest_code=00108&code=00101011005&supplier_code=00100593&order_time=2023-05-14 HTTP/1.1" 200 428
116.224.158.100 - - [14/May/2023:10:21:47 +0800] "GET /xingrg/all/function/internal_message.html?_=1684030907524&CODE_STATE=getMsg HTTP/1.1" 200 27
180.169.147.146 - - [14/May/2023:10:21:52 +0800] "GET /xingrg/all/function/internal_message.html?_=1684030910482&CODE_STATE=getMsg HTTP/1.1" 200 27
180.169.147.146 - - [14/May/2023:10:21:52 +0800] "GET /xingrg/check_reg.html?_=1684030911104 HTTP/1.1" 200 22
180.169.147.146 - - [14/May/2023:10:21:56 +0800] "GET /xingrg/kc/buy/cgsh_order_operate.html?command=get_materiel&rest_code=00147&code=00101008041&supplier_code=00100007&order_time=2023-05-14 HTTP/1.1" 200 408
101.229.22.40 - - [14/May/2023:10:21:57 +0800] "GET /xingrg/all/function/internal_message.html?_=1684030916670&CODE_STATE=getMsg HTTP/1.1" 200 27
114.85.113.108 - - [14/May/2023:10:21:58 +0800] "GET /xingrg/all/function/internal_message.html?_=1684030916371&CODE_STATE=getMsg HTTP/1.1" 200 27
120.253.135.82 - - [14/May/2023:10:21:58 +0800] "GET /xingrg/kc/buy/cgsh_order_operate.html?command=get_materiel&rest_code=00101&code=00101010054&supplier_code=00100430&order_time=2023-05-14 HTTP/1.1" 200 438
180.169.147.146 - - [14/May/2023:10:22:00 +0800] "POST /xingrg/kc/buy/cgsh_order_operate.html HTTP/1.1" 200 2065
116.235.240.236 - - [14/May/2023:10:22:06 +0800] "GET /xingrg/kc/buy/cgsh_order_operate.html?command=get_materiel&rest_code=00146&code=00101008270&supplier_code=00100005&order_time=2023-05-14 HTTP/1.1" 200 412
180.164.3.199 - - [14/May/2023:10:22:06 +0800] "GET /xingrg/kc/buy/cgsh_order_operate.html?command=get_materiel&rest_code=00108&code=00101007109&supplier_code=00100593&order_time=2023-05-14 HTTP/1.1" 200 408
180.169.147.146 - - [14/May/2023:10:22:06 +0800] "GET /xingrg/kc/buy/cgsh_order_operate.html?command=get_materiel&rest_code=00147&code=00101008331&supplier_code=00100007&order_time=2023-05-14 HTTP/1.1" 200 416
180.164.3.199 - - [14/May/2023:10:22:08 +0800] "GET /xingrg/all/function/internal_message.html?_=1684030928244&CODE_STATE=getMsg HTTP/1.1" 200 27
116.232.195.27 - - [14/May/2023:10:22:11 +0800] "GET /xingrg/check_reg.html?_=1684030981321 HTTP/1.1" 200 22
116.232.195.27 - - [14/May/2023:10:22:12 +0800] "GET /xingrg/all/function/internal_message.html?_=1684030982128&CODE_STATE=getMsg HTTP/1.1" 200 27
180.169.147.146 - - [14/May/2023:10:22:12 +0800] "GET /xingrg/all/function/internal_message.html?_=1684030932112&CODE_STATE=getMsg HTTP/1.1" 200 27
180.164.3.199 - - [14/May/2023:10:22:16 +0800] "GET /xingrg/kc/buy/cgsh_order_operate.html?command=get_materiel&rest_code=00108&code=00101009011&supplier_code=00100593&order_time=2023-05-14 HTTP/1.1" 200 416
116.235.240.236 - - [14/May/2023:10:22:19 +0800] "GET /xingrg/kc/buy/cgsh_order_operate.html?command=get_materiel&rest_code=00146&code=00101008502&supplier_code=00100005&order_time=2023-05-14 HTTP/1.1" 200 412
116.238.139.35 - - [14/May/2023:10:22:20 +0800] "GET /xingrg/all/function/internal_message.html?_=1684030938957&CODE_STATE=getMsg HTTP/1.1" 200 27
116.238.139.35 - - [14/May/2023:10:22:20 +0800] "GET /xingrg/check_reg.html?_=1684030938961 HTTP/1.1" 200 22
114.83.219.197 - - [14/May/2023:10:22:25 +0800] "GET /xingrg/all/function/internal_message.html?_=1684031040299&CODE_STATE=getMsg HTTP/1.1" 200 27
116.224.158.100 - - [14/May/2023:10:22:25 +0800] "GET /xingrg/all/function/internal_message.html?_=1684030781358&CODE_STATE=getMsg HTTP/1.1" 200 27
180.164.3.199 - - [14/May/2023:10:22:26 +0800] "GET /xingrg/kc/buy/cgsh_order_operate.html?command=get_materiel&rest_code=00108&code=00101009015&supplier_code=00100593&order_time=2023-05-14 HTTP/1.1" 200 417
116.235.240.236 - - [14/May/2023:10:22:27 +0800] "GET /xingrg/all/function/internal_message.html?_=1684030949534&CODE_STATE=getMsg HTTP/1.1" 200 27
120.253.135.82 - - [14/May/2023:10:22:28 +0800] "GET /xingrg/kc/buy/cgsh_order_operate.html?command=get_materiel&rest_code=00101&code=00101010942&supplier_code=00100430&order_time=2023-05-14 HTTP/1.1" 200 406
180.169.147.146 - - [14/May/2023:10:22:29 +0800] "GET /xingrg/kc/buy/cgsh_order_operate.html?command=get_materiel&rest_code=00147&code=00101008563&supplier_code=00100007&order_time=2023-05-14 HTTP/1.1" 200 413
124.79.240.114 - - [14/May/2023:10:22:30 +0800] "GET /xingrg/all/function/internal_message.html?_=1684031227931&CODE_STATE=getMsg HTTP/1.1" 200 27
116.235.240.236 - - [14/May/2023:10:22:31 +0800] "GET /xingrg/kc/buy/cgsh_order_operate.html?command=get_materiel&rest_code=00146&code=00101008176&supplier_code=00100005&order_time=2023-05-14 HTTP/1.1" 200 413
180.164.3.199 - - [14/May/2023:10:22:33 +0800] "GET /xingrg/kc/buy/cgsh_order_operate.html?command=get_materiel&rest_code=00108&code=00101009113&supplier_code=00100593&order_time=2023-05-14 HTTP/1.1" 200 413
114.85.96.117 - - [14/May/2023:10:22:34 +0800] "GET /xingrg/all/function/internal_message.html?_=1684030953952&CODE_STATE=getMsg HTTP/1.1" 200 27
222.67.238.82 - - [14/May/2023:10:22:36 +0800] "GET /xingrg/all/function/internal_message.html?_=1684030956229&CODE_STATE=getMsg HTTP/1.1" 200 27
114.93.35.223 - - [14/May/2023:10:22:39 +0800] "GET /xingrg/all/function/internal_message.html?_=1684030959732&CODE_STATE=getMsg HTTP/1.1" 200 27
180.171.122.0 - - [14/May/2023:10:22:39 +0800] "GET /xingrg/all/function/internal_message.html?_=1684030955723&CODE_STATE=getMsg HTTP/1.1" 200 27
124.79.74.67 - - [14/May/2023:10:22:40 +0800] "GET /xingrg/all/function/internal_message.html?_=1684030972686&CODE_STATE=getMsg HTTP/1.1" 200 27
180.169.147.146 - - [14/May/2023:10:22:40 +0800] "GET /xingrg/kc/buy/cgsh_order_operate.html?command=get_materiel&rest_code=00147&code=00101009011&supplier_code=00100007&order_time=2023-05-14 HTTP/1.1" 200 416
180.163.28.55 - - [14/May/2023:10:22:46 +0800] "GET /xingrg/all/function/internal_message.html?_=1684030902444&CODE_STATE=getMsg HTTP/1.1" 302 -
180.163.28.55 - - [14/May/2023:10:22:46 +0800] "GET /xingrg/login.html HTTP/1.1" 200 7641
116.235.240.236 - - [14/May/2023:10:22:46 +0800] "GET /xingrg/kc/buy/cgsh_order_operate.html?command=get_materiel&rest_code=00146&code=00101008256&supplier_code=00100005&order_time=2023-05-14 HTTP/1.1" 200 412
61.170.232.195 - - [14/May/2023:10:22:46 +0800] "GET /xingrg/all/function/internal_message.html?_=1684030962421&CODE_STATE=getMsg HTTP/1.1" 200 27
116.224.158.100 - - [14/May/2023:10:22:47 +0800] "GET /xingrg/all/function/internal_message.html?_=1684030967519&CODE_STATE=getMsg HTTP/1.1" 200 27
120.253.135.82 - - [14/May/2023:10:22:49 +0800] "POST /xingrg/kc/buy/cgsh_order_operate.html HTTP/1.1" 200 37
116.238.139.35 - - [14/May/2023:10:22:51 +0800] "GET /xingrg/kc/buy/cgsh_order_add.html HTTP/1.1" 200 70962
116.238.139.35 - - [14/May/2023:10:22:51 +0800] "POST /xingrg/kc/buy/cgsh_order_operate.html HTTP/1.1" 200 8245
116.238.139.35 - - [14/May/2023:10:22:51 +0800] "GET /xingrg/javascript/easyui/themes/default/validatebox.css HTTP/1.1" 404 1104
120.253.135.82 - - [14/May/2023:10:22:52 +0800] "POST /xingrg/kc/buy/cgsh_order_operate.html HTTP/1.1" 200 3880
180.169.147.146 - - [14/May/2023:10:22:52 +0800] "GET /xingrg/all/function/internal_message.html?_=1684030970456&CODE_STATE=getMsg HTTP/1.1" 200 27
124.79.73.36 - - [14/May/2023:10:22:53 +0800] "POST /xingrg/services/DataTransmitService HTTP/1.1" 200 524
124.79.73.36 - - [14/May/2023:10:22:53 +0800] "POST /xingrg/services/DataTransmitService HTTP/1.1" 200 2051
120.253.135.82 - - [14/May/2023:10:22:54 +0800] "GET /xingrg/kc/print/load_config.html?kc_code=cgsh HTTP/1.1" 200 1925
120.253.135.82 - - [14/May/2023:10:22:55 +0800] "GET /xingrg/kc/print/load_data.html?order_code=212023051405030&kc_code=cgsh&condition= HTTP/1.1" 200 1148
124.79.73.36 - - [14/May/2023:10:22:56 +0800] "POST /xingrg/services/DataTransmitService HTTP/1.1" 200 524
124.79.73.36 - - [14/May/2023:10:22:57 +0800] "POST /xingrg/services/DataTransmitService HTTP/1.1" 200 2051
101.229.22.40 - - [14/May/2023:10:22:57 +0800] "GET /xingrg/all/function/internal_message.html?_=1684030976655&CODE_STATE=getMsg HTTP/1.1" 200 27
114.85.113.108 - - [14/May/2023:10:22:58 +0800] "GET /xingrg/all/function/internal_message.html?_=1684030976342&CODE_STATE=getMsg HTTP/1.1" 200 27
124.79.73.36 - - [14/May/2023:10:23:01 +0800] "POST /xingrg/services/DataTransmitService HTTP/1.1" 200 524
124.79.73.36 - - [14/May/2023:10:23:02 +0800] "POST /xingrg/services/DataTransmitService HTTP/1.1" 200 2051
116.235.240.236 - - [14/May/2023:10:23:03 +0800] "GET /xingrg/kc/buy/cgsh_order_operate.html?command=get_materiel&rest_code=00146&code=00101008132&supplier_code=00100005&order_time=2023-05-14 HTTP/1.1" 200 408
180.164.3.199 - - [14/May/2023:10:23:05 +0800] "GET /xingrg/kc/buy/cgsh_order_operate.html?command=get_materiel&rest_code=00108&code=00101007047&supplier_code=00100593&order_time=2023-05-14 HTTP/1.1" 200 409
