222.67.238.82 - - [14/May/2023:10:02:06 +0800] "GET /xingrg/kc/buy/cgsh_order_operate.html?command=get_materiel&rest_code=00141&code=00101008036&supplier_code=00100007&order_time=2023-05-14 HTTP/1.1" 200 408
180.164.3.199 - - [14/May/2023:10:02:08 +0800] "GET /xingrg/all/function/internal_message.html?_=1684029728256&CODE_STATE=getMsg HTTP/1.1" 200 27
116.238.139.35 - - [14/May/2023:10:02:10 +0800] "GET /xingrg/kc/buy/cgsh_order_operate.html?command=get_materiel&rest_code=00150&code=00101008568&supplier_code=00100450&order_time=2023-05-14 HTTP/1.1" 200 413
116.232.195.27 - - [14/May/2023:10:02:11 +0800] "GET /xingrg/check_reg.html?_=1684029781381 HTTP/1.1" 200 22
180.169.147.146 - - [14/May/2023:10:02:12 +0800] "GET /xingrg/all/function/internal_message.html?_=1684029732103&CODE_STATE=getMsg HTTP/1.1" 200 27
116.232.195.27 - - [14/May/2023:10:02:12 +0800] "GET /xingrg/all/function/internal_message.html?_=1684029782485&CODE_STATE=getMsg HTTP/1.1" 200 27
114.83.218.205 - - [14/May/2023:10:02:13 +0800] "GET /xingrg/kc/buy/cgsh_order_operate.html?command=get_materiel&rest_code=00149&code=00102006440&supplier_code=00100151&order_time=2023-05-14 HTTP/1.1" 200 421
114.85.96.117 - - [14/May/2023:10:02:14 +0800] "POST /xingrg/kc/buy/cgsh_list_operate.html HTTP/1.1" 200 592
120.253.135.82 - - [14/May/2023:10:02:17 +0800] "GET /xingrg/kc/report/report_main.html HTTP/1.1" 200 8599
116.238.139.35 - - [14/May/2023:10:02:17 +0800] "GET /xingrg/kc/buy/cgsh_order_operate.html?command=get_materiel&rest_code=00150&code=00101008593&supplier_code=00100450&order_time=2023-05-14 HTTP/1.1" 200 418
120.253.135.82 - - [14/May/2023:10:02:18 +0800] "GET /xingrg/kc/base/kc_stocks.html HTTP/1.1" 200 16506
120.253.135.82 - - [14/May/2023:10:02:18 +0800] "GET /xingrg/javascript/easyui/themes/default/tree.css HTTP/1.1" 404 1090
120.253.135.82 - - [14/May/2023:10:02:18 +0800] "POST /xingrg/all/common/load_tree.html?tree=materiel_sort_tree_json HTTP/1.1" 200 9500
120.253.135.82 - - [14/May/2023:10:02:20 +0800] "POST /xingrg/all/common/load_combo.html?type=base HTTP/1.1" 200 1169
180.171.122.0 - - [14/May/2023:10:02:23 +0800] "GET /xingrg/kc/buy/cgsh_order_operate.html?command=get_materiel&rest_code=00111&code=00101012025&supplier_code=00100037&order_time=2023-05-13 HTTP/1.1" 200 412
114.83.219.197 - - [14/May/2023:10:02:25 +0800] "GET /xingrg/all/function/internal_message.html?_=1684029840304&CODE_STATE=getMsg HTTP/1.1" 200 27
116.224.158.100 - - [14/May/2023:10:02:25 +0800] "GET /xingrg/all/function/internal_message.html?_=1684029581331&CODE_STATE=getMsg HTTP/1.1" 200 27
116.238.139.35 - - [14/May/2023:10:02:25 +0800] "GET /xingrg/kc/buy/cgsh_order_operate.html?command=get_materiel&rest_code=00150&code=00102014087&supplier_code=00100450&order_time=2023-05-14 HTTP/1.1" 200 418
116.235.240.236 - - [14/May/2023:10:02:27 +0800] "GET /xingrg/all/function/internal_message.html?_=1684029748888&CODE_STATE=getMsg HTTP/1.1" 200 27
120.253.135.82 - - [14/May/2023:10:02:28 +0800] "POST /xingrg/kc/base/stock_operate.html HTTP/1.1" 200 765
114.83.218.205 - - [14/May/2023:10:02:31 +0800] "POST /xingrg/kc/buy/cgsh_order_operate.html HTTP/1.1" 200 37
222.67.238.82 - - [14/May/2023:10:02:33 +0800] "GET /xingrg/all/function/internal_message.html?_=1684029752587&CODE_STATE=getMsg HTTP/1.1" 200 27
222.67.238.82 - - [14/May/2023:10:02:33 +0800] "GET /xingrg/kc/buy/cgsh_order_operate.html?command=get_materiel&rest_code=00141&code=00101008119&supplier_code=00100007&order_time=2023-05-14 HTTP/1.1" 200 412
116.238.139.35 - - [14/May/2023:10:02:34 +0800] "GET /xingrg/kc/buy/cgsh_order_operate.html?command=get_materiel&rest_code=00150&code=00101008592&supplier_code=00100450&order_time=2023-05-14 HTTP/1.1" 200 418
114.85.96.117 - - [14/May/2023:10:02:34 +0800] "GET /xingrg/all/function/internal_message.html?_=1684029754227&CODE_STATE=getMsg HTTP/1.1" 200 27
114.93.35.223 - - [14/May/2023:10:02:39 +0800] "GET /xingrg/all/function/internal_message.html?_=1684029759706&CODE_STATE=getMsg HTTP/1.1" 200 27
114.83.218.205 - - [14/May/2023:10:02:39 +0800] "POST /xingrg/kc/buy/cgsh_order_operate.html HTTP/1.1" 200 12
120.253.135.82 - - [14/May/2023:10:02:39 +0800] "POST /xingrg/kc/base/stock_operate.html HTTP/1.1" 200 1772
180.171.122.0 - - [14/May/2023:10:02:39 +0800] "GET /xingrg/all/function/internal_message.html?_=1684029755855&CODE_STATE=getMsg HTTP/1.1" 200 27
124.79.74.67 - - [14/May/2023:10:02:40 +0800] "GET /xingrg/all/function/internal_message.html?_=1684029772632&CODE_STATE=getMsg HTTP/1.1" 200 27
114.83.218.205 - - [14/May/2023:10:02:41 +0800] "GET /xingrg/kc/buy/cgsh_order_info.html?code=212023051405024 HTTP/1.1" 200 66351
114.83.218.205 - - [14/May/2023:10:02:41 +0800] "GET /xingrg/words/20230513225747_words.js HTTP/1.1" 304 -
114.83.218.205 - - [14/May/2023:10:02:41 +0800] "GET /xingrg/javascript/easyui/themes/default/validatebox.css HTTP/1.1" 404 1104
116.238.139.35 - - [14/May/2023:10:02:42 +0800] "GET /xingrg/all/function/internal_message.html?_=1684029760897&CODE_STATE=getMsg HTTP/1.1" 200 27
114.83.218.205 - - [14/May/2023:10:02:42 +0800] "POST /xingrg/kc/buy/cgsh_order_operate.html HTTP/1.1" 200 1215
114.83.218.205 - - [14/May/2023:10:02:44 +0800] "GET /xingrg/kc/print/load_data.html?order_code=212023051405024&kc_code=cgsh&condition= HTTP/1.1" 200 935
222.67.238.82 - - [14/May/2023:10:02:47 +0800] "GET /xingrg/kc/buy/cgsh_order_operate.html?command=get_materiel&rest_code=00141&code=00101008095&supplier_code=00100007&order_time=2023-05-14 HTTP/1.1" 200 412
116.224.158.100 - - [14/May/2023:10:02:48 +0800] "GET /xingrg/all/function/internal_message.html?_=1684029767934&CODE_STATE=getMsg HTTP/1.1" 200 27
114.83.218.205 - - [14/May/2023:10:02:49 +0800] "GET /xingrg/kc/buy/cgsh_order_add.html HTTP/1.1" 200 71452
114.83.218.205 - - [14/May/2023:10:02:49 +0800] "POST /xingrg/kc/buy/cgsh_order_operate.html HTTP/1.1" 200 8245
114.83.218.205 - - [14/May/2023:10:02:49 +0800] "GET /xingrg/javascript/easyui/themes/default/validatebox.css HTTP/1.1" 404 1104
180.169.147.146 - - [14/May/2023:10:02:52 +0800] "GET /xingrg/all/function/internal_message.html?_=1684029770799&CODE_STATE=getMsg HTTP/1.1" 200 27
222.67.238.82 - - [14/May/2023:10:02:54 +0800] "GET /xingrg/kc/buy/cgsh_order_operate.html?command=get_materiel&rest_code=00141&code=00101015060&supplier_code=00100007&order_time=2023-05-14 HTTP/1.1" 200 413
114.85.96.117 - - [14/May/2023:10:02:56 +0800] "GET /xingrg/kc/buy/cgsh_order_info.html?code=212023051304604 HTTP/1.1" 200 71398
114.85.96.117 - - [14/May/2023:10:02:56 +0800] "GET /xingrg/javascript/easyui/themes/default/validatebox.css HTTP/1.1" 404 1104
101.229.22.40 - - [14/May/2023:10:02:57 +0800] "GET /xingrg/all/function/internal_message.html?_=1684029776668&CODE_STATE=getMsg HTTP/1.1" 200 27
114.85.113.108 - - [14/May/2023:10:02:58 +0800] "GET /xingrg/all/function/internal_message.html?_=1684029776670&CODE_STATE=getMsg HTTP/1.1" 200 27
116.238.139.35 - - [14/May/2023:10:03:00 +0800] "POST /xingrg/kc/buy/cgsh_order_operate.html HTTP/1.1" 200 37
114.85.96.117 - - [14/May/2023:10:03:00 +0800] "POST /xingrg/kc/buy/cgsh_order_operate.html HTTP/1.1" 200 19945
222.67.238.82 - - [14/May/2023:10:03:02 +0800] "GET /xingrg/kc/buy/cgsh_order_operate.html?command=get_materiel&rest_code=00141&code=00101008223&supplier_code=00100007&order_time=2023-05-14 HTTP/1.1" 200 412
222.67.238.82 - - [14/May/2023:10:03:03 +0800] "POST /xingrg/kc/buy/cgsh_order_operate.html HTTP/1.1" 200 2065
114.83.218.205 - - [14/May/2023:10:03:04 +0800] "GET /xingrg/all/function/internal_message.html?_=1684029784094&CODE_STATE=getMsg HTTP/1.1" 200 27
114.83.218.205 - - [14/May/2023:10:03:04 +0800] "GET /xingrg/check_reg.html?_=1684029784103 HTTP/1.1" 200 22
116.238.139.35 - - [14/May/2023:10:03:06 +0800] "POST /xingrg/kc/buy/cgsh_order_operate.html HTTP/1.1" 200 12
116.238.139.35 - - [14/May/2023:10:03:08 +0800] "GET /xingrg/kc/buy/cgsh_order_info.html?code=212023051405025 HTTP/1.1" 200 66329
180.164.3.199 - - [14/May/2023:10:03:08 +0800] "GET /xingrg/all/function/internal_message.html?_=1684029788249&CODE_STATE=getMsg HTTP/1.1" 200 27
116.238.139.35 - - [14/May/2023:10:03:08 +0800] "GET /xingrg/javascript/easyui/themes/default/validatebox.css HTTP/1.1" 404 1104
180.171.122.0 - - [14/May/2023:10:03:09 +0800] "GET /xingrg/kc/buy/cgsh_order_operate.html?command=get_materiel&rest_code=00111&code=00101011004&supplier_code=00100037&order_time=2023-05-13 HTTP/1.1" 200 412
116.238.139.35 - - [14/May/2023:10:03:09 +0800] "POST /xingrg/kc/buy/cgsh_order_operate.html HTTP/1.1" 200 2982
222.67.238.82 - - [14/May/2023:10:03:10 +0800] "GET /xingrg/kc/buy/cgsh_order_operate.html?command=get_materiel&rest_code=00141&code=00101008077&supplier_code=00100007&order_time=2023-05-14 HTTP/1.1" 200 416
116.238.139.35 - - [14/May/2023:10:03:11 +0800] "GET /xingrg/kc/print/load_data.html?order_code=212023051405025&kc_code=cgsh&condition= HTTP/1.1" 200 1630
180.169.147.146 - - [14/May/2023:10:03:12 +0800] "GET /xingrg/check_reg.html?_=1684029792112 HTTP/1.1" 200 22
180.169.147.146 - - [14/May/2023:10:03:12 +0800] "GET /xingrg/all/function/internal_message.html?_=1684029792113&CODE_STATE=getMsg HTTP/1.1" 200 27
116.232.195.27 - - [14/May/2023:10:03:12 +0800] "GET /xingrg/all/function/internal_message.html?_=1684029842465&CODE_STATE=getMsg HTTP/1.1" 200 27
114.85.96.117 - - [14/May/2023:10:03:18 +0800] "GET /xingrg/kc/buy/cgsh_order_operate.html?command=get_materiel&rest_code=00102&code=00101008350&supplier_code=00100151&order_time=2023-05-13 HTTP/1.1" 200 408
222.67.238.82 - - [14/May/2023:10:03:18 +0800] "GET /xingrg/kc/buy/cgsh_order_operate.html?command=get_materiel&rest_code=00141&code=00101008359&supplier_code=00100007&order_time=2023-05-14 HTTP/1.1" 200 408
114.83.219.197 - - [14/May/2023:10:03:25 +0800] "GET /xingrg/all/function/internal_message.html?_=1684029900291&CODE_STATE=getMsg HTTP/1.1" 200 27
116.224.158.100 - - [14/May/2023:10:03:25 +0800] "GET /xingrg/all/function/internal_message.html?_=1684029641332&CODE_STATE=getMsg HTTP/1.1" 200 27
222.67.238.82 - - [14/May/2023:10:03:27 +0800] "GET /xingrg/kc/buy/cgsh_order_operate.html?command=get_materiel&rest_code=00141&code=00101008114&supplier_code=00100007&order_time=2023-05-14 HTTP/1.1" 200 413
116.235.240.236 - - [14/May/2023:10:03:27 +0800] "GET /xingrg/all/function/internal_message.html?_=1684029808962&CODE_STATE=getMsg HTTP/1.1" 200 27
114.85.96.117 - - [14/May/2023:10:03:29 +0800] "GET /xingrg/kc/buy/cgsh_order_operate.html?command=get_materiel&rest_code=00102&code=00101019978&supplier_code=00100151&order_time=2023-05-13 HTTP/1.1" 200 398
180.171.122.0 - - [14/May/2023:10:03:32 +0800] "POST /xingrg/all/common/load_select.html HTTP/1.1" 200 12
222.67.238.82 - - [14/May/2023:10:03:33 +0800] "GET /xingrg/all/function/internal_message.html?_=1684029812590&CODE_STATE=getMsg HTTP/1.1" 200 27
114.85.96.117 - - [14/May/2023:10:03:34 +0800] "GET /xingrg/all/function/internal_message.html?_=1684029814211&CODE_STATE=getMsg HTTP/1.1" 200 27
222.67.238.82 - - [14/May/2023:10:03:35 +0800] "GET /xingrg/kc/buy/cgsh_order_operate.html?command=get_materiel&rest_code=00141&code=00101008150&supplier_code=00100007&order_time=2023-05-14 HTTP/1.1" 200 409
180.171.122.0 - - [14/May/2023:10:03:37 +0800] "GET /xingrg/kc/buy/cgsh_order_operate.html?command=get_materiel_price&rest_code=00111&code=00101011004&unit_code=00100002&supplier_code=00100037&order_time=2023-05-13 HTTP/1.1" 200 27
114.93.35.223 - - [14/May/2023:10:03:39 +0800] "GET /xingrg/all/function/internal_message.html?_=1684029819707&CODE_STATE=getMsg HTTP/1.1" 200 27
180.171.122.0 - - [14/May/2023:10:03:39 +0800] "GET /xingrg/all/function/internal_message.html?_=1684029815858&CODE_STATE=getMsg HTTP/1.1" 200 27
124.79.74.67 - - [14/May/2023:10:03:40 +0800] "GET /xingrg/all/function/internal_message.html?_=1684029832631&CODE_STATE=getMsg HTTP/1.1" 200 27
116.238.139.35 - - [14/May/2023:10:03:42 +0800] "GET /xingrg/all/function/internal_message.html?_=1684029820889&CODE_STATE=getMsg HTTP/1.1" 200 27
222.67.238.82 - - [14/May/2023:10:03:43 +0800] "GET /xingrg/kc/buy/cgsh_order_operate.html?command=get_materiel&rest_code=00141&code=00101008706&supplier_code=00100007&order_time=2023-05-14 HTTP/1.1" 200 413
114.85.96.117 - - [14/May/2023:10:03:43 +0800] "GET /xingrg/kc/buy/cgsh_order_operate.html?command=get_materiel&rest_code=00102&code=00101008127&supplier_code=00100151&order_time=2023-05-13 HTTP/1.1" 200 413
222.67.238.82 - - [14/May/2023:10:03:45 +0800] "POST /xingrg/kc/buy/cgsh_order_operate.html HTTP/1.1" 200 2065
120.253.135.82 - - [14/May/2023:10:03:45 +0800] "POST /xingrg/kc/base/stock_operate.html HTTP/1.1" 200 1482
116.224.158.100 - - [14/May/2023:10:03:47 +0800] "GET /xingrg/all/function/internal_message.html?_=1684029827909&CODE_STATE=getMsg HTTP/1.1" 200 27
222.67.238.82 - - [14/May/2023:10:03:51 +0800] "GET /xingrg/kc/buy/cgsh_order_operate.html?command=get_materiel&rest_code=00141&code=00101009004&supplier_code=00100007&order_time=2023-05-14 HTTP/1.1" 200 409
180.169.147.146 - - [14/May/2023:10:03:52 +0800] "GET /xingrg/all/function/internal_message.html?_=1684029830783&CODE_STATE=getMsg HTTP/1.1" 200 27
101.229.22.40 - - [14/May/2023:10:03:57 +0800] "GET /xingrg/all/function/internal_message.html?_=1684029836668&CODE_STATE=getMsg HTTP/1.1" 200 27
114.85.113.108 - - [14/May/2023:10:03:58 +0800] "GET /xingrg/all/function/internal_message.html?_=1684029836655&CODE_STATE=getMsg HTTP/1.1" 200 27
222.67.238.82 - - [14/May/2023:10:03:59 +0800] "GET /xingrg/kc/buy/cgsh_order_operate.html?command=get_materiel&rest_code=00141&code=00101009054&supplier_code=00100007&order_time=2023-05-14 HTTP/1.1" 200 412
114.85.96.117 - - [14/May/2023:10:04:00 +0800] "GET /xingrg/kc/buy/cgsh_order_operate.html?command=get_materiel&rest_code=00102&code=00101007068&supplier_code=00100151&order_time=2023-05-13 HTTP/1.1" 200 410
114.85.96.117 - - [14/May/2023:10:04:03 +0800] "POST /xingrg/kc/buy/cgsh_order_operate.html HTTP/1.1" 200 2065
114.83.218.205 - - [14/May/2023:10:04:04 +0800] "GET /xingrg/all/function/internal_message.html?_=1684029844088&CODE_STATE=getMsg HTTP/1.1" 200 27
180.164.3.199 - - [14/May/2023:10:04:08 +0800] "GET /xingrg/all/function/internal_message.html?_=1684029848250&CODE_STATE=getMsg HTTP/1.1" 200 27
222.67.238.82 - - [14/May/2023:10:04:11 +0800] "GET /xingrg/kc/buy/cgsh_order_operate.html?command=get_materiel&rest_code=00141&code=00101008402&supplier_code=00100007&order_time=2023-05-14 HTTP/1.1" 200 410
180.169.147.146 - - [14/May/2023:10:04:12 +0800] "GET /xingrg/all/function/internal_message.html?_=1684029852112&CODE_STATE=getMsg HTTP/1.1" 200 27
116.232.195.27 - - [14/May/2023:10:04:12 +0800] "GET /xingrg/all/function/internal_message.html?_=1684029902442&CODE_STATE=getMsg HTTP/1.1" 200 27
120.253.135.82 - - [14/May/2023:10:04:13 +0800] "GET /xingrg/check_reg.html?_=1684029690639 HTTP/1.1" 200 22
120.253.135.82 - - [14/May/2023:10:04:13 +0800] "GET /xingrg/check_reg.html?_=1684029690708 HTTP/1.1" 200 22
114.85.113.108 - - [14/May/2023:10:04:15 +0800] "GET /xingrg/check_reg.html?_=1684029854008 HTTP/1.1" 200 22
222.67.238.82 - - [14/May/2023:10:04:22 +0800] "GET /xingrg/kc/buy/cgsh_order_operate.html?command=get_materiel&rest_code=00141&code=00101008229&supplier_code=00100007&order_time=2023-05-14 HTTP/1.1" 200 420
114.83.219.197 - - [14/May/2023:10:04:25 +0800] "GET /xingrg/all/function/internal_message.html?_=1684029960304&CODE_STATE=getMsg HTTP/1.1" 200 27
114.83.219.197 - - [14/May/2023:10:04:25 +0800] "GET /xingrg/check_reg.html?_=1684029960305 HTTP/1.1" 200 22
116.224.158.100 - - [14/May/2023:10:04:25 +0800] "GET /xingrg/all/function/internal_message.html?_=1684029701351&CODE_STATE=getMsg HTTP/1.1" 200 27
116.235.240.236 - - [14/May/2023:10:04:27 +0800] "GET /xingrg/all/function/internal_message.html?_=1684029868963&CODE_STATE=getMsg HTTP/1.1" 200 27
120.253.135.82 - - [14/May/2023:10:04:30 +0800] "POST /xingrg/kc/base/stock_operate.html HTTP/1.1" 200 1478
222.67.238.82 - - [14/May/2023:10:04:33 +0800] "GET /xingrg/all/function/internal_message.html?_=1684029872588&CODE_STATE=getMsg HTTP/1.1" 200 27
114.85.96.117 - - [14/May/2023:10:04:34 +0800] "GET /xingrg/all/function/internal_message.html?_=1684029874192&CODE_STATE=getMsg HTTP/1.1" 200 27
114.93.35.223 - - [14/May/2023:10:04:39 +0800] "GET /xingrg/all/function/internal_message.html?_=1684029879709&CODE_STATE=getMsg HTTP/1.1" 200 27
180.171.122.0 - - [14/May/2023:10:04:39 +0800] "GET /xingrg/all/function/internal_message.html?_=1684029875863&CODE_STATE=getMsg HTTP/1.1" 200 27
124.79.74.67 - - [14/May/2023:10:04:40 +0800] "GET /xingrg/all/function/internal_message.html?_=1684029892631&CODE_STATE=getMsg HTTP/1.1" 200 27
116.238.139.35 - - [14/May/2023:10:04:42 +0800] "GET /xingrg/all/function/internal_message.html?_=1684029880889&CODE_STATE=getMsg HTTP/1.1" 200 27
172.20.0.100 - - [14/May/2023:10:04:42 +0800] "GET /xingrg/check_reg.html?_=1684029900934 HTTP/1.1" 302 -
116.224.158.100 - - [14/May/2023:10:04:47 +0800] "GET /xingrg/all/function/internal_message.html?_=1684029887891&CODE_STATE=getMsg HTTP/1.1" 200 27
116.224.158.100 - - [14/May/2023:10:04:48 +0800] "GET /xingrg/check_reg.html?_=1684029888237 HTTP/1.1" 200 22
180.169.147.146 - - [14/May/2023:10:04:52 +0800] "GET /xingrg/all/function/internal_message.html?_=1684029890767&CODE_STATE=getMsg HTTP/1.1" 200 27
116.228.172.94 - - [14/May/2023:10:04:54 +0800] "GET /xingrg/check_reg.html?_=1684029702411 HTTP/1.1" 302 -
222.67.238.82 - - [14/May/2023:10:04:57 +0800] "GET /xingrg/kc/buy/cgsh_order_operate.html?command=get_materiel&rest_code=00141&code=00101019880&supplier_code=00100007&order_time=2023-05-14 HTTP/1.1" 200 428
101.229.22.40 - - [14/May/2023:10:04:57 +0800] "GET /xingrg/check_reg.html?_=1684029896669 HTTP/1.1" 200 22
101.229.22.40 - - [14/May/2023:10:04:57 +0800] "GET /xingrg/all/function/internal_message.html?_=1684029896672&CODE_STATE=getMsg HTTP/1.1" 200 27
114.85.113.108 - - [14/May/2023:10:04:58 +0800] "GET /xingrg/all/function/internal_message.html?_=1684029896640&CODE_STATE=getMsg HTTP/1.1" 200 27
120.253.135.82 - - [14/May/2023:10:04:58 +0800] "POST /xingrg/kc/base/stock_operate.html HTTP/1.1" 200 2009
222.67.238.82 - - [14/May/2023:10:05:00 +0800] "POST /xingrg/kc/buy/cgsh_order_operate.html HTTP/1.1" 200 2065
222.67.238.82 - - [14/May/2023:10:05:08 +0800] "GET /xingrg/kc/buy/cgsh_order_operate.html?command=get_materiel&rest_code=00141&code=00101013229&supplier_code=00100007&order_time=2023-05-14 HTTP/1.1" 200 413
180.164.3.199 - - [14/May/2023:10:05:08 +0800] "GET /xingrg/all/function/internal_message.html?_=1684029908238&CODE_STATE=getMsg HTTP/1.1" 200 27
180.169.147.146 - - [14/May/2023:10:05:12 +0800] "GET /xingrg/all/function/internal_message.html?_=1684029912112&CODE_STATE=getMsg HTTP/1.1" 200 27
116.232.195.27 - - [14/May/2023:10:05:12 +0800] "GET /xingrg/all/function/internal_message.html?_=1684029962426&CODE_STATE=getMsg HTTP/1.1" 200 27
222.67.238.82 - - [14/May/2023:10:05:19 +0800] "GET /xingrg/kc/buy/cgsh_order_operate.html?command=get_materiel&rest_code=00141&code=00101008312&supplier_code=00100007&order_time=2023-05-14 HTTP/1.1" 200 412
120.253.135.82 - - [14/May/2023:10:05:20 +0800] "POST /xingrg/kc/base/stock_operate.html HTTP/1.1" 200 1460
114.83.219.197 - - [14/May/2023:10:05:25 +0800] "GET /xingrg/all/function/internal_message.html?_=1684030020299&CODE_STATE=getMsg HTTP/1.1" 200 27
116.224.158.100 - - [14/May/2023:10:05:25 +0800] "GET /xingrg/all/function/internal_message.html?_=1684029761352&CODE_STATE=getMsg HTTP/1.1" 200 27
116.235.240.236 - - [14/May/2023:10:05:27 +0800] "GET /xingrg/all/function/internal_message.html?_=1684029929048&CODE_STATE=getMsg HTTP/1.1" 200 27
120.253.135.82 - - [14/May/2023:10:05:28 +0800] "POST /xingrg/kc/base/stock_operate.html HTTP/1.1" 200 1706
222.67.238.82 - - [14/May/2023:10:05:31 +0800] "GET /xingrg/kc/buy/cgsh_order_operate.html?command=get_materiel&rest_code=00141&code=00101008041&supplier_code=00100007&order_time=2023-05-14 HTTP/1.1" 200 408
222.67.238.82 - - [14/May/2023:10:05:33 +0800] "GET /xingrg/all/function/internal_message.html?_=1684029932598&CODE_STATE=getMsg HTTP/1.1" 200 27
114.85.96.117 - - [14/May/2023:10:05:34 +0800] "GET /xingrg/all/function/internal_message.html?_=1684029934173&CODE_STATE=getMsg HTTP/1.1" 200 27
114.85.96.117 - - [14/May/2023:10:05:38 +0800] "GET /favicon.ico HTTP/1.1" 404 -
114.93.35.223 - - [14/May/2023:10:05:39 +0800] "GET /xingrg/all/function/internal_message.html?_=1684029939711&CODE_STATE=getMsg HTTP/1.1" 200 27
114.93.35.223 - - [14/May/2023:10:05:39 +0800] "GET /xingrg/check_reg.html?_=1684029939714 HTTP/1.1" 200 22
180.171.122.0 - - [14/May/2023:10:05:39 +0800] "GET /xingrg/check_reg.html?_=1684029935859 HTTP/1.1" 200 22
180.171.122.0 - - [14/May/2023:10:05:39 +0800] "GET /xingrg/all/function/internal_message.html?_=1684029935863&CODE_STATE=getMsg HTTP/1.1" 200 27
124.79.74.67 - - [14/May/2023:10:05:40 +0800] "GET /xingrg/all/function/internal_message.html?_=1684029952658&CODE_STATE=getMsg HTTP/1.1" 200 27
124.79.74.67 - - [14/May/2023:10:05:40 +0800] "GET /xingrg/check_reg.html?_=1684029952660 HTTP/1.1" 200 22
116.238.139.35 - - [14/May/2023:10:05:42 +0800] "GET /xingrg/all/function/internal_message.html?_=1684029940892&CODE_STATE=getMsg HTTP/1.1" 200 27
116.224.158.100 - - [14/May/2023:10:05:47 +0800] "GET /xingrg/all/function/internal_message.html?_=1684029947870&CODE_STATE=getMsg HTTP/1.1" 200 27
222.67.238.82 - - [14/May/2023:10:05:49 +0800] "POST /xingrg/kc/buy/cgsh_order_operate.html HTTP/1.1" 200 37
180.169.147.146 - - [14/May/2023:10:05:52 +0800] "GET /xingrg/all/function/internal_message.html?_=1684029950778&CODE_STATE=getMsg HTTP/1.1" 200 27
114.85.96.117 - - [14/May/2023:10:05:55 +0800] "GET /xingrg/check_reg.html?_=1684029955665 HTTP/1.1" 200 22
101.229.22.40 - - [14/May/2023:10:05:57 +0800] "GET /xingrg/all/function/internal_message.html?_=1684029956657&CODE_STATE=getMsg HTTP/1.1" 200 27
114.85.113.108 - - [14/May/2023:10:05:58 +0800] "GET /xingrg/all/function/internal_message.html?_=1684029956625&CODE_STATE=getMsg HTTP/1.1" 200 27
222.67.238.82 - - [14/May/2023:10:05:59 +0800] "POST /xingrg/kc/buy/cgsh_order_operate.html HTTP/1.1" 200 12
120.253.135.82 - - [14/May/2023:10:06:00 +0800] "POST /xingrg/kc/base/stock_operate.html HTTP/1.1" 200 1482
114.85.96.117 - - [14/May/2023:10:06:07 +0800] "POST /xingrg/kc/buy/cgsh_order_operate.html HTTP/1.1" 200 37
180.164.3.199 - - [14/May/2023:10:06:08 +0800] "GET /xingrg/all/function/internal_message.html?_=1684029968244&CODE_STATE=getMsg HTTP/1.1" 200 27
180.164.3.199 - - [14/May/2023:10:06:08 +0800] "GET /xingrg/check_reg.html?_=1684029968246 HTTP/1.1" 200 22
222.67.238.82 - - [14/May/2023:10:06:09 +0800] "GET /xingrg/kc/buy/cgsh_order_info.html?code=212023051405026 HTTP/1.1" 200 66273
222.67.238.82 - - [14/May/2023:10:06:09 +0800] "GET /xingrg/javascript/easyui/themes/default/validatebox.css HTTP/1.1" 404 1104
114.85.96.117 - - [14/May/2023:10:06:10 +0800] "POST /xingrg/kc/buy/cgsh_order_operate.html HTTP/1.1" 200 22309
222.67.238.82 - - [14/May/2023:10:06:10 +0800] "POST /xingrg/kc/buy/cgsh_order_operate.html HTTP/1.1" 200 36060
222.67.238.82 - - [14/May/2023:10:06:11 +0800] "GET /xingrg/kc/print/load_config.html?kc_code=cgsh HTTP/1.1" 200 1925
116.235.240.236 - - [14/May/2023:10:06:11 +0800] "GET /xingrg/check_reg.html?_=1684029973202 HTTP/1.1" 200 22
222.67.238.82 - - [14/May/2023:10:06:11 +0800] "GET /xingrg/kc/print/load_data.html?order_code=212023051405026&kc_code=cgsh&condition= HTTP/1.1" 200 14140
180.169.147.146 - - [14/May/2023:10:06:12 +0800] "GET /xingrg/all/function/internal_message.html?_=1684029972106&CODE_STATE=getMsg HTTP/1.1" 200 27
116.232.195.27 - - [14/May/2023:10:06:12 +0800] "GET /xingrg/all/function/internal_message.html?_=1684030022403&CODE_STATE=getMsg HTTP/1.1" 200 27
114.83.219.197 - - [14/May/2023:10:06:25 +0800] "GET /xingrg/all/function/internal_message.html?_=1684030080296&CODE_STATE=getMsg HTTP/1.1" 200 27
116.224.158.100 - - [14/May/2023:10:06:25 +0800] "GET /xingrg/check_reg.html?_=1684029821341 HTTP/1.1" 200 22
116.224.158.100 - - [14/May/2023:10:06:25 +0800] "GET /xingrg/all/function/internal_message.html?_=1684029821344&CODE_STATE=getMsg HTTP/1.1" 200 27
116.235.240.236 - - [14/May/2023:10:06:27 +0800] "GET /xingrg/all/function/internal_message.html?_=1684029989051&CODE_STATE=getMsg HTTP/1.1" 200 27
222.67.238.82 - - [14/May/2023:10:06:33 +0800] "GET /xingrg/all/function/internal_message.html?_=1684029992601&CODE_STATE=getMsg HTTP/1.1" 200 27
222.67.238.82 - - [14/May/2023:10:06:33 +0800] "GET /xingrg/check_reg.html?_=1684029992603 HTTP/1.1" 200 22
114.85.96.117 - - [14/May/2023:10:06:34 +0800] "GET /xingrg/all/function/internal_message.html?_=1684029994168&CODE_STATE=getMsg HTTP/1.1" 200 27
120.253.135.82 - - [14/May/2023:10:06:34 +0800] "POST /xingrg/kc/base/stock_operate.html HTTP/1.1" 200 1474
114.93.35.223 - - [14/May/2023:10:06:39 +0800] "GET /xingrg/all/function/internal_message.html?_=1684029999716&CODE_STATE=getMsg HTTP/1.1" 200 27
180.171.122.0 - - [14/May/2023:10:06:39 +0800] "GET /xingrg/all/function/internal_message.html?_=1684029995864&CODE_STATE=getMsg HTTP/1.1" 200 27
124.79.74.67 - - [14/May/2023:10:06:40 +0800] "GET /xingrg/all/function/internal_message.html?_=1684030012660&CODE_STATE=getMsg HTTP/1.1" 200 27
120.253.135.82 - - [14/May/2023:10:06:42 +0800] "POST /xingrg/kc/base/stock_operate.html HTTP/1.1" 200 2210
116.238.139.35 - - [14/May/2023:10:06:42 +0800] "GET /xingrg/check_reg.html?_=1684030000894 HTTP/1.1" 200 22
116.238.139.35 - - [14/May/2023:10:06:42 +0800] "GET /xingrg/all/function/internal_message.html?_=1684030000898&CODE_STATE=getMsg HTTP/1.1" 200 27
116.224.158.100 - - [14/May/2023:10:06:47 +0800] "GET /xingrg/all/function/internal_message.html?_=1684030007843&CODE_STATE=getMsg HTTP/1.1" 200 27
180.169.147.146 - - [14/May/2023:10:06:52 +0800] "GET /xingrg/all/function/internal_message.html?_=1684030010761&CODE_STATE=getMsg HTTP/1.1" 200 27
180.169.147.146 - - [14/May/2023:10:06:52 +0800] "GET /xingrg/check_reg.html?_=1684030011090 HTTP/1.1" 200 22
101.229.22.40 - - [14/May/2023:10:06:57 +0800] "GET /xingrg/all/function/internal_message.html?_=1684030016657&CODE_STATE=getMsg HTTP/1.1" 200 27
114.85.113.108 - - [14/May/2023:10:06:58 +0800] "GET /xingrg/all/function/internal_message.html?_=1684030016608&CODE_STATE=getMsg HTTP/1.1" 200 27
180.171.122.0 - - [14/May/2023:10:07:07 +0800] "GET /xingrg/kc/buy/cgsh_order_operate.html?command=get_materiel&rest_code=00111&code=00101011001&supplier_code=00100037&order_time=2023-05-13 HTTP/1.1" 200 423
180.164.3.199 - - [14/May/2023:10:07:08 +0800] "GET /xingrg/all/function/internal_message.html?_=1684030028252&CODE_STATE=getMsg HTTP/1.1" 200 27
180.171.122.0 - - [14/May/2023:10:07:10 +0800] "POST /xingrg/all/common/load_select.html HTTP/1.1" 200 12
116.232.195.27 - - [14/May/2023:10:07:11 +0800] "GET /xingrg/check_reg.html?_=1684030081366 HTTP/1.1" 200 22
180.169.147.146 - - [14/May/2023:10:07:12 +0800] "GET /xingrg/all/function/internal_message.html?_=1684030032117&CODE_STATE=getMsg HTTP/1.1" 200 27
116.232.195.27 - - [14/May/2023:10:07:12 +0800] "GET /xingrg/all/function/internal_message.html?_=1684030082390&CODE_STATE=getMsg HTTP/1.1" 200 27
180.171.122.0 - - [14/May/2023:10:07:15 +0800] "GET /xingrg/kc/buy/cgsh_order_operate.html?command=get_materiel_price&rest_code=00111&code=00101011001&unit_code=00100001&supplier_code=00100037&order_time=2023-05-13 HTTP/1.1" 200 28
180.171.122.0 - - [14/May/2023:10:07:17 +0800] "GET /xingrg/kc/buy/cgsh_order_operate.html?command=get_materiel&rest_code=00111&code=00101011002&supplier_code=00100037&order_time=2023-05-13 HTTP/1.1" 200 427
114.83.219.197 - - [14/May/2023:10:07:25 +0800] "GET /xingrg/all/function/internal_message.html?_=1684030140303&CODE_STATE=getMsg HTTP/1.1" 200 27
116.224.158.100 - - [14/May/2023:10:07:25 +0800] "GET /xingrg/all/function/internal_message.html?_=1684029881342&CODE_STATE=getMsg HTTP/1.1" 200 27
116.235.240.236 - - [14/May/2023:10:07:27 +0800] "GET /xingrg/all/function/internal_message.html?_=1684030049065&CODE_STATE=getMsg HTTP/1.1" 200 27
222.67.238.82 - - [14/May/2023:10:07:33 +0800] "GET /xingrg/all/function/internal_message.html?_=1684030052618&CODE_STATE=getMsg HTTP/1.1" 200 27
114.85.96.117 - - [14/May/2023:10:07:34 +0800] "GET /xingrg/all/function/internal_message.html?_=1684030054153&CODE_STATE=getMsg HTTP/1.1" 200 27
114.93.35.223 - - [14/May/2023:10:07:39 +0800] "GET /xingrg/all/function/internal_message.html?_=1684030059717&CODE_STATE=getMsg HTTP/1.1" 200 27
180.171.122.0 - - [14/May/2023:10:07:39 +0800] "GET /xingrg/all/function/internal_message.html?_=1684030055859&CODE_STATE=getMsg HTTP/1.1" 200 27
124.79.74.67 - - [14/May/2023:10:07:40 +0800] "GET /xingrg/all/function/internal_message.html?_=1684030072660&CODE_STATE=getMsg HTTP/1.1" 200 27
116.238.139.35 - - [14/May/2023:10:07:42 +0800] "GET /xingrg/all/function/internal_message.html?_=1684030060899&CODE_STATE=getMsg HTTP/1.1" 200 27
180.171.122.0 - - [14/May/2023:10:07:46 +0800] "GET /xingrg/kc/buy/cgsh_order_operate.html?command=get_materiel&rest_code=00111&code=00101020153&supplier_code=00100037&order_time=2023-05-13 HTTP/1.1" 200 408
116.224.158.100 - - [14/May/2023:10:07:47 +0800] "GET /xingrg/all/function/internal_message.html?_=1684030067849&CODE_STATE=getMsg HTTP/1.1" 200 27
180.169.147.146 - - [14/May/2023:10:07:52 +0800] "GET /xingrg/all/function/internal_message.html?_=1684030070747&CODE_STATE=getMsg HTTP/1.1" 200 27
180.171.122.0 - - [14/May/2023:10:07:57 +0800] "GET /xingrg/kc/buy/cgsh_order_operate.html?command=get_materiel&rest_code=00111&code=00101016082&supplier_code=00100037&order_time=2023-05-13 HTTP/1.1" 200 408
101.229.22.40 - - [14/May/2023:10:07:58 +0800] "GET /xingrg/all/function/internal_message.html?_=1684030076656&CODE_STATE=getMsg HTTP/1.1" 200 27
114.85.113.108 - - [14/May/2023:10:07:58 +0800] "GET /xingrg/all/function/internal_message.html?_=1684030076585&CODE_STATE=getMsg HTTP/1.1" 200 27
180.164.3.199 - - [14/May/2023:10:08:08 +0800] "GET /xingrg/all/function/internal_message.html?_=1684030088240&CODE_STATE=getMsg HTTP/1.1" 200 27
180.169.147.146 - - [14/May/2023:10:08:12 +0800] "GET /xingrg/check_reg.html?_=1684030092116 HTTP/1.1" 200 22
180.169.147.146 - - [14/May/2023:10:08:12 +0800] "GET /xingrg/all/function/internal_message.html?_=1684030092118&CODE_STATE=getMsg HTTP/1.1" 200 27
116.232.195.27 - - [14/May/2023:10:08:12 +0800] "GET /xingrg/all/function/internal_message.html?_=1684030142384&CODE_STATE=getMsg HTTP/1.1" 200 27
180.171.122.0 - - [14/May/2023:10:08:24 +0800] "GET /xingrg/kc/buy/cgsh_order_operate.html?command=get_materiel&rest_code=00111&code=00101009036&supplier_code=00100037&order_time=2023-05-13 HTTP/1.1" 200 415
114.83.219.197 - - [14/May/2023:10:08:25 +0800] "GET /xingrg/all/function/internal_message.html?_=1684030200299&CODE_STATE=getMsg HTTP/1.1" 200 27
116.224.158.100 - - [14/May/2023:10:08:25 +0800] "GET /xingrg/all/function/internal_message.html?_=1684029941340&CODE_STATE=getMsg HTTP/1.1" 200 27
116.235.240.236 - - [14/May/2023:10:08:27 +0800] "GET /xingrg/all/function/internal_message.html?_=1684030109132&CODE_STATE=getMsg HTTP/1.1" 200 27
222.67.238.82 - - [14/May/2023:10:08:33 +0800] "GET /xingrg/all/function/internal_message.html?_=1684030112633&CODE_STATE=getMsg HTTP/1.1" 200 27
114.85.96.117 - - [14/May/2023:10:08:34 +0800] "GET /xingrg/all/function/internal_message.html?_=1684030114126&CODE_STATE=getMsg HTTP/1.1" 200 27
114.93.35.223 - - [14/May/2023:10:08:39 +0800] "GET /xingrg/all/function/internal_message.html?_=1684030119718&CODE_STATE=getMsg HTTP/1.1" 200 27
180.171.122.0 - - [14/May/2023:10:08:39 +0800] "GET /xingrg/all/function/internal_message.html?_=1684030115852&CODE_STATE=getMsg HTTP/1.1" 200 27
124.79.74.67 - - [14/May/2023:10:08:40 +0800] "GET /xingrg/all/function/internal_message.html?_=1684030132660&CODE_STATE=getMsg HTTP/1.1" 200 27
116.238.139.35 - - [14/May/2023:10:08:42 +0800] "GET /xingrg/all/function/internal_message.html?_=1684030120888&CODE_STATE=getMsg HTTP/1.1" 200 27
116.224.158.100 - - [14/May/2023:10:08:47 +0800] "GET /xingrg/all/function/internal_message.html?_=1684030127829&CODE_STATE=getMsg HTTP/1.1" 200 27
180.171.122.0 - - [14/May/2023:10:08:51 +0800] "GET /xingrg/kc/buy/cgsh_order_operate.html?command=get_materiel&rest_code=00111&code=00101009122&supplier_code=00100037&order_time=2023-05-13 HTTP/1.1" 200 405
180.169.147.146 - - [14/May/2023:10:08:52 +0800] "GET /xingrg/all/function/internal_message.html?_=1684030130731&CODE_STATE=getMsg HTTP/1.1" 200 27
116.232.195.27 - - [14/May/2023:10:08:53 +0800] "POST /xingrg/services/DataTransmitService HTTP/1.1" 200 524
116.232.195.27 - - [14/May/2023:10:08:53 +0800] "POST /xingrg/services/DataTransmitService HTTP/1.1" 200 2067
116.232.195.27 - - [14/May/2023:10:08:54 +0800] "POST /xingrg/services/DataTransmitService HTTP/1.1" 200 181123
101.229.22.40 - - [14/May/2023:10:08:57 +0800] "GET /xingrg/all/function/internal_message.html?_=1684030136655&CODE_STATE=getMsg HTTP/1.1" 200 27
114.85.113.108 - - [14/May/2023:10:08:58 +0800] "GET /xingrg/all/function/internal_message.html?_=1684030136588&CODE_STATE=getMsg HTTP/1.1" 200 27
180.164.3.199 - - [14/May/2023:10:09:08 +0800] "GET /xingrg/all/function/internal_message.html?_=1684030148243&CODE_STATE=getMsg HTTP/1.1" 200 27
180.169.147.146 - - [14/May/2023:10:09:12 +0800] "GET /xingrg/all/function/internal_message.html?_=1684030152117&CODE_STATE=getMsg HTTP/1.1" 200 27
116.232.195.27 - - [14/May/2023:10:09:12 +0800] "GET /xingrg/all/function/internal_message.html?_=1684030202374&CODE_STATE=getMsg HTTP/1.1" 200 27
120.253.135.82 - - [14/May/2023:10:09:13 +0800] "GET /xingrg/check_reg.html?_=1684029990646 HTTP/1.1" 200 22
120.253.135.82 - - [14/May/2023:10:09:13 +0800] "GET /xingrg/check_reg.html?_=1684029990707 HTTP/1.1" 200 22
114.85.113.108 - - [14/May/2023:10:09:15 +0800] "GET /xingrg/check_reg.html?_=1684030154008 HTTP/1.1" 200 22
180.171.122.0 - - [14/May/2023:10:09:19 +0800] "GET /xingrg/kc/buy/cgsh_order_operate.html?command=get_materiel&rest_code=00111&code=00101012026&supplier_code=00100037&order_time=2023-05-13 HTTP/1.1" 200 408
114.83.219.197 - - [14/May/2023:10:09:25 +0800] "GET /xingrg/all/function/internal_message.html?_=1684030260291&CODE_STATE=getMsg HTTP/1.1" 200 27
114.83.219.197 - - [14/May/2023:10:09:25 +0800] "GET /xingrg/check_reg.html?_=1684030260295 HTTP/1.1" 200 22
116.224.158.100 - - [14/May/2023:10:09:25 +0800] "GET /xingrg/all/function/internal_message.html?_=1684030001341&CODE_STATE=getMsg HTTP/1.1" 200 27
116.235.240.236 - - [14/May/2023:10:09:27 +0800] "GET /xingrg/all/function/internal_message.html?_=1684030169139&CODE_STATE=getMsg HTTP/1.1" 200 27
180.171.122.0 - - [14/May/2023:10:09:31 +0800] "GET /xingrg/kc/buy/cgsh_order_operate.html?command=get_materiel&rest_code=00111&code=00101009113&supplier_code=00100037&order_time=2023-05-13 HTTP/1.1" 200 415
222.67.238.82 - - [14/May/2023:10:09:33 +0800] "GET /xingrg/all/function/internal_message.html?_=1684030172646&CODE_STATE=getMsg HTTP/1.1" 200 27
114.85.96.117 - - [14/May/2023:10:09:34 +0800] "GET /xingrg/all/function/internal_message.html?_=1684030174098&CODE_STATE=getMsg HTTP/1.1" 200 27
180.169.147.146 - - [14/May/2023:10:09:37 +0800] "GET /xingrg/kc/buy/cgsh_order_add.html HTTP/1.1" 200 71367
180.169.147.146 - - [14/May/2023:10:09:37 +0800] "POST /xingrg/kc/buy/cgsh_order_operate.html HTTP/1.1" 200 8245
180.169.147.146 - - [14/May/2023:10:09:37 +0800] "GET /xingrg/javascript/easyui/themes/default/validatebox.css HTTP/1.1" 404 1104
114.93.35.223 - - [14/May/2023:10:09:39 +0800] "GET /xingrg/all/function/internal_message.html?_=1684030179719&CODE_STATE=getMsg HTTP/1.1" 200 27
180.171.122.0 - - [14/May/2023:10:09:39 +0800] "GET /xingrg/all/function/internal_message.html?_=1684030175858&CODE_STATE=getMsg HTTP/1.1" 200 27
124.79.74.67 - - [14/May/2023:10:09:40 +0800] "GET /xingrg/all/function/internal_message.html?_=1684030192660&CODE_STATE=getMsg HTTP/1.1" 200 27
180.171.122.0 - - [14/May/2023:10:09:41 +0800] "GET /xingrg/kc/buy/cgsh_order_operate.html?command=get_materiel&rest_code=00111&code=00101008704&supplier_code=00100037&order_time=2023-05-13 HTTP/1.1" 200 409
116.238.139.35 - - [14/May/2023:10:09:42 +0800] "GET /xingrg/all/function/internal_message.html?_=1684030180903&CODE_STATE=getMsg HTTP/1.1" 200 27
172.20.0.100 - - [14/May/2023:10:09:42 +0800] "GET /xingrg/check_reg.html?_=1684030200906 HTTP/1.1" 302 -
180.169.147.146 - - [14/May/2023:10:09:43 +0800] "GET /xingrg/javascript/jquery_tools/images/next.gif HTTP/1.1" 404 1086
180.169.147.146 - - [14/May/2023:10:09:43 +0800] "GET /xingrg/javascript/jquery_tools/images/prev.gif HTTP/1.1" 404 1086
116.224.158.100 - - [14/May/2023:10:09:47 +0800] "GET /xingrg/all/function/internal_message.html?_=1684030187803&CODE_STATE=getMsg HTTP/1.1" 200 27
116.224.158.100 - - [14/May/2023:10:09:48 +0800] "GET /xingrg/check_reg.html?_=1684030188257 HTTP/1.1" 200 22
180.171.122.0 - - [14/May/2023:10:09:51 +0800] "GET /xingrg/kc/buy/cgsh_order_operate.html?command=get_materiel&rest_code=00111&code=00101008123&supplier_code=00100037&order_time=2023-05-13 HTTP/1.1" 200 412
180.169.147.146 - - [14/May/2023:10:09:52 +0800] "GET /xingrg/all/function/internal_message.html?_=1684030190709&CODE_STATE=getMsg HTTP/1.1" 200 27
116.228.172.94 - - [14/May/2023:10:09:54 +0800] "GET /xingrg/check_reg.html?_=1684030002402 HTTP/1.1" 302 -
101.229.22.40 - - [14/May/2023:10:09:57 +0800] "GET /xingrg/all/function/internal_message.html?_=1684030196659&CODE_STATE=getMsg HTTP/1.1" 200 27
101.229.22.40 - - [14/May/2023:10:09:57 +0800] "GET /xingrg/check_reg.html?_=1684030196663 HTTP/1.1" 200 22
114.85.113.108 - - [14/May/2023:10:09:58 +0800] "GET /xingrg/all/function/internal_message.html?_=1684030196578&CODE_STATE=getMsg HTTP/1.1" 200 27
180.171.122.0 - - [14/May/2023:10:09:59 +0800] "GET /xingrg/kc/buy/cgsh_order_operate.html?command=get_materiel&rest_code=00111&code=00101008591&supplier_code=00100037&order_time=2023-05-13 HTTP/1.1" 200 409
180.164.3.199 - - [14/May/2023:10:10:08 +0800] "GET /xingrg/all/function/internal_message.html?_=1684030208248&CODE_STATE=getMsg HTTP/1.1" 200 27
180.169.147.146 - - [14/May/2023:10:10:12 +0800] "GET /xingrg/all/function/internal_message.html?_=1684030212118&CODE_STATE=getMsg HTTP/1.1" 200 27
116.232.195.27 - - [14/May/2023:10:10:12 +0800] "GET /xingrg/all/function/internal_message.html?_=1684030262349&CODE_STATE=getMsg HTTP/1.1" 200 27
114.83.219.197 - - [14/May/2023:10:10:25 +0800] "GET /xingrg/all/function/internal_message.html?_=1684030320309&CODE_STATE=getMsg HTTP/1.1" 200 27
116.224.158.100 - - [14/May/2023:10:10:25 +0800] "GET /xingrg/all/function/internal_message.html?_=1684030061340&CODE_STATE=getMsg HTTP/1.1" 200 27
114.83.218.205 - - [14/May/2023:10:10:27 +0800] "GET /xingrg/login.html HTTP/1.1" 200 7641
116.235.240.236 - - [14/May/2023:10:10:27 +0800] "GET /xingrg/all/function/internal_message.html?_=1684030229218&CODE_STATE=getMsg HTTP/1.1" 200 27
114.83.218.205 - - [14/May/2023:10:10:27 +0800] "GET /favicon.ico HTTP/1.1" 404 -
180.171.122.0 - - [14/May/2023:10:10:31 +0800] "GET /xingrg/kc/buy/cgsh_order_operate.html?command=get_materiel&rest_code=00111&code=00101011005&supplier_code=00100037&order_time=2023-05-13 HTTP/1.1" 200 428
222.67.238.82 - - [14/May/2023:10:10:33 +0800] "GET /xingrg/all/function/internal_message.html?_=1684030232668&CODE_STATE=getMsg HTTP/1.1" 200 27
114.85.96.117 - - [14/May/2023:10:10:34 +0800] "GET /xingrg/all/function/internal_message.html?_=1684030234080&CODE_STATE=getMsg HTTP/1.1" 200 27
114.83.218.205 - - [14/May/2023:10:10:35 +0800] "POST /xingrg/login.do HTTP/1.1" 302 -
114.83.218.205 - - [14/May/2023:10:10:35 +0800] "GET /xingrg/index.html?sysBaseUrl=http%3A%2F%2F180.169.147.146%3A18081%2Fxingrg%2F&costTime=812×tamp=1684030235818 HTTP/1.1" 200 17179
114.83.218.205 - - [14/May/2023:10:10:36 +0800] "GET /favicon.ico HTTP/1.1" 404 -
114.83.218.205 - - [14/May/2023:10:10:36 +0800] "GET /xingrg/all/function/internal_message.html?_=1684030236222&CODE_STATE=count HTTP/1.1" 200 11
114.83.218.205 - - [14/May/2023:10:10:36 +0800] "GET /xingrg/check_reg.html?_=1684030236223 HTTP/1.1" 200 22
114.83.218.205 - - [14/May/2023:10:10:36 +0800] "POST /xingrg/all/common/load_tree.html?tree=area_rest_tree_json&manage=1 HTTP/1.1" 200 351
114.83.218.205 - - [14/May/2023:10:10:36 +0800] "POST /xingrg/load_menu.html HTTP/1.1" 200 5138
114.93.35.223 - - [14/May/2023:10:10:39 +0800] "GET /xingrg/check_reg.html?_=1684030239720 HTTP/1.1" 200 22
114.93.35.223 - - [14/May/2023:10:10:39 +0800] "GET /xingrg/all/function/internal_message.html?_=1684030239723&CODE_STATE=getMsg HTTP/1.1" 200 27
180.171.122.0 - - [14/May/2023:10:10:39 +0800] "GET /xingrg/all/function/internal_message.html?_=1684030235910&CODE_STATE=getMsg HTTP/1.1" 200 27
180.171.122.0 - - [14/May/2023:10:10:39 +0800] "GET /xingrg/check_reg.html?_=1684030235911 HTTP/1.1" 200 22
124.79.74.67 - - [14/May/2023:10:10:40 +0800] "GET /xingrg/all/function/internal_message.html?_=1684030252660&CODE_STATE=getMsg HTTP/1.1" 200 27
124.79.74.67 - - [14/May/2023:10:10:40 +0800] "GET /xingrg/check_reg.html?_=1684030252663 HTTP/1.1" 200 22
116.238.139.35 - - [14/May/2023:10:10:42 +0800] "GET /xingrg/all/function/internal_message.html?_=1684030240893&CODE_STATE=getMsg HTTP/1.1" 200 27
114.83.218.205 - - [14/May/2023:10:10:43 +0800] "GET /xingrg/kc/mdqp/pssh_order_list.html HTTP/1.1" 200 17928
114.83.218.205 - - [14/May/2023:10:10:43 +0800] "POST /xingrg/kc/mdqp/pssh_list_operate.html HTTP/1.1" 200 5298
114.83.218.205 - - [14/May/2023:10:10:45 +0800] "POST /xingrg/kc/mdqp/pssh_list_operate.html HTTP/1.1" 200 857
114.83.218.205 - - [14/May/2023:10:10:46 +0800] "GET /xingrg/kc/mdqp/pssh_order_info.html?code=312023051000222 HTTP/1.1" 200 17272
114.83.218.205 - - [14/May/2023:10:10:46 +0800] "GET /xingrg/javascript/jquery_tools/jquery-1.4.2.min.js HTTP/1.1" 404 1094
114.83.218.205 - - [14/May/2023:10:10:46 +0800] "GET /xingrg/javascript/easyui/themes/default/validatebox.css HTTP/1.1" 404 1104
114.83.218.205 - - [14/May/2023:10:10:46 +0800] "GET /xingrg/all/common/auto_word.html?type=employee&rest_code=00149 HTTP/1.1" 200 197
114.83.218.205 - - [14/May/2023:10:10:46 +0800] "GET /xingrg/all/common/auto_word.html?type=base&rest_code=00149&rest_code=00149 HTTP/1.1" 200 1907
114.83.218.205 - - [14/May/2023:10:10:46 +0800] "POST /xingrg/kc/mdqp/pssh_order_operate.html HTTP/1.1" 200 5847
116.224.158.100 - - [14/May/2023:10:10:47 +0800] "GET /xingrg/all/function/internal_message.html?_=1684030247777&CODE_STATE=getMsg HTTP/1.1" 200 27
114.83.218.205 - - [14/May/2023:10:10:49 +0800] "POST /xingrg/all/common/load_combo.html?type=base&rest_code=00149 HTTP/1.1" 200 3409
180.169.147.146 - - [14/May/2023:10:10:52 +0800] "GET /xingrg/all/function/internal_message.html?_=1684030250682&CODE_STATE=getMsg HTTP/1.1" 200 27
114.85.96.117 - - [14/May/2023:10:10:55 +0800] "GET /xingrg/check_reg.html?_=1684030255652 HTTP/1.1" 200 22
101.229.22.40 - - [14/May/2023:10:10:57 +0800] "GET /xingrg/all/function/internal_message.html?_=1684030256661&CODE_STATE=getMsg HTTP/1.1" 200 27
114.85.113.108 - - [14/May/2023:10:10:58 +0800] "GET /xingrg/all/function/internal_message.html?_=1684030256562&CODE_STATE=getMsg HTTP/1.1" 200 27
114.83.218.205 - - [14/May/2023:10:11:01 +0800] "POST /xingrg/all/common/load_combo.html?type=employee HTTP/1.1" 200 359
180.171.122.0 - - [14/May/2023:10:11:01 +0800] "GET /xingrg/kc/buy/cgsh_order_operate.html?command=get_materiel&rest_code=00111&code=00101006110&supplier_code=00100037&order_time=2023-05-13 HTTP/1.1" 200 409
180.164.3.199 - - [14/May/2023:10:11:08 +0800] "GET /xingrg/check_reg.html?_=1684030268246 HTTP/1.1" 200 22
180.164.3.199 - - [14/May/2023:10:11:08 +0800] "GET /xingrg/all/function/internal_message.html?_=1684030268248&CODE_STATE=getMsg HTTP/1.1" 200 27
116.235.240.236 - - [14/May/2023:10:11:11 +0800] "GET /xingrg/check_reg.html?_=1684030273207 HTTP/1.1" 200 22
180.169.147.146 - - [14/May/2023:10:11:12 +0800] "GET /xingrg/all/function/internal_message.html?_=1684030272120&CODE_STATE=getMsg HTTP/1.1" 200 27
116.232.195.27 - - [14/May/2023:10:11:12 +0800] "GET /xingrg/all/function/internal_message.html?_=1684030322334&CODE_STATE=getMsg HTTP/1.1" 200 27
114.83.218.205 - - [14/May/2023:10:11:12 +0800] "POST /xingrg/kc/mdqp/pssh_order_operate.html HTTP/1.1" 200 37
114.83.218.205 - - [14/May/2023:10:11:15 +0800] "POST /xingrg/kc/mdqp/pssh_order_operate.html HTTP/1.1" 200 12
114.83.219.197 - - [14/May/2023:10:11:25 +0800] "GET /xingrg/all/function/internal_message.html?_=1684030380303&CODE_STATE=getMsg HTTP/1.1" 200 27
116.224.158.100 - - [14/May/2023:10:11:25 +0800] "GET /xingrg/all/function/internal_message.html?_=1684030121342&CODE_STATE=getMsg HTTP/1.1" 200 27
116.224.158.100 - - [14/May/2023:10:11:25 +0800] "GET /xingrg/check_reg.html?_=1684030121345 HTTP/1.1" 200 22
116.235.240.236 - - [14/May/2023:10:11:27 +0800] "GET /xingrg/all/function/internal_message.html?_=1684030289228&CODE_STATE=getMsg HTTP/1.1" 200 27
222.67.238.82 - - [14/May/2023:10:11:33 +0800] "GET /xingrg/all/function/internal_message.html?_=1684030292677&CODE_STATE=getMsg HTTP/1.1" 200 27
222.67.238.82 - - [14/May/2023:10:11:33 +0800] "GET /xingrg/check_reg.html?_=1684030292678 HTTP/1.1" 200 22
114.85.96.117 - - [14/May/2023:10:11:34 +0800] "GET /xingrg/all/function/internal_message.html?_=1684030294076&CODE_STATE=getMsg HTTP/1.1" 200 27
114.93.35.223 - - [14/May/2023:10:11:39 +0800] "GET /xingrg/all/function/internal_message.html?_=1684030299709&CODE_STATE=getMsg HTTP/1.1" 200 27
180.171.122.0 - - [14/May/2023:10:11:39 +0800] "GET /xingrg/all/function/internal_message.html?_=1684030295882&CODE_STATE=getMsg HTTP/1.1" 200 27
124.79.74.67 - - [14/May/2023:10:11:40 +0800] "GET /xingrg/all/function/internal_message.html?_=1684030312662&CODE_STATE=getMsg HTTP/1.1" 200 27
180.171.122.0 - - [14/May/2023:10:11:41 +0800] "GET /xingrg/kc/buy/cgsh_order_operate.html?command=get_materiel&rest_code=00111&code=00101012040&supplier_code=00100037&order_time=2023-05-13 HTTP/1.1" 200 413
116.238.139.35 - - [14/May/2023:10:11:42 +0800] "GET /xingrg/all/function/internal_message.html?_=1684030300896&CODE_STATE=getMsg HTTP/1.1" 200 27
116.238.139.35 - - [14/May/2023:10:11:42 +0800] "GET /xingrg/check_reg.html?_=1684030300900 HTTP/1.1" 200 22
116.224.158.100 - - [14/May/2023:10:11:47 +0800] "GET /xingrg/all/function/internal_message.html?_=1684030307759&CODE_STATE=getMsg HTTP/1.1" 200 27
114.83.218.205 - - [14/May/2023:10:11:49 +0800] "GET /xingrg/all/function/internal_message.html?_=1684030309906&CODE_STATE=getMsg HTTP/1.1" 200 27
114.83.218.205 - - [14/May/2023:10:11:50 +0800] "GET /xingrg/kc/mdqp/pssh_order_info.html?code=312023051000222 HTTP/1.1" 200 14390
114.83.218.205 - - [14/May/2023:10:11:50 +0800] "GET /xingrg/javascript/jquery_tools/jquery-1.4.2.min.js HTTP/1.1" 404 1094
114.83.218.205 - - [14/May/2023:10:11:50 +0800] "POST /xingrg/kc/mdqp/pssh_order_operate.html HTTP/1.1" 200 5847
180.169.147.146 - - [14/May/2023:10:11:52 +0800] "GET /xingrg/all/function/internal_message.html?_=1684030310654&CODE_STATE=getMsg HTTP/1.1" 200 27
180.169.147.146 - - [14/May/2023:10:11:52 +0800] "GET /xingrg/check_reg.html?_=1684030311107 HTTP/1.1" 200 22
114.83.218.205 - - [14/May/2023:10:11:53 +0800] "GET /xingrg/javascript/easyui/themes/default/validatebox.css HTTP/1.1" 404 1104
114.83.218.205 - - [14/May/2023:10:11:54 +0800] "GET /xingrg/kc/mdqp/pssh_order_list.html?isBack=1 HTTP/1.1" 200 17928
114.83.218.205 - - [14/May/2023:10:11:55 +0800] "POST /xingrg/kc/mdqp/pssh_list_operate.html HTTP/1.1" 200 5332
114.83.218.205 - - [14/May/2023:10:11:56 +0800] "POST /xingrg/kc/mdqp/pssh_list_operate.html HTTP/1.1" 200 792
101.229.22.40 - - [14/May/2023:10:11:57 +0800] "GET /xingrg/all/function/internal_message.html?_=1684030316663&CODE_STATE=getMsg HTTP/1.1" 200 27
114.83.218.205 - - [14/May/2023:10:11:58 +0800] "GET /xingrg/kc/mdqp/pssh_order_info.html?code=312023051300276 HTTP/1.1" 200 17303
114.83.218.205 - - [14/May/2023:10:11:58 +0800] "GET /xingrg/javascript/jquery_tools/jquery-1.4.2.min.js HTTP/1.1" 404 1094
114.85.113.108 - - [14/May/2023:10:11:58 +0800] "GET /xingrg/all/function/internal_message.html?_=1684030316549&CODE_STATE=getMsg HTTP/1.1" 200 27
114.83.218.205 - - [14/May/2023:10:11:58 +0800] "GET /xingrg/javascript/easyui/themes/default/validatebox.css HTTP/1.1" 404 1104
114.83.218.205 - - [14/May/2023:10:11:58 +0800] "POST /xingrg/kc/mdqp/pssh_order_operate.html HTTP/1.1" 200 3201
180.171.122.0 - - [14/May/2023:10:12:05 +0800] "GET /xingrg/kc/buy/cgsh_order_operate.html?command=get_materiel&rest_code=00111&code=00101016105&supplier_code=00100037&order_time=2023-05-13 HTTP/1.1" 200 409
180.164.3.199 - - [14/May/2023:10:12:08 +0800] "GET /xingrg/all/function/internal_message.html?_=1684030328256&CODE_STATE=getMsg HTTP/1.1" 200 27
116.232.195.27 - - [14/May/2023:10:12:11 +0800] "GET /xingrg/check_reg.html?_=1684030381361 HTTP/1.1" 200 22
180.169.147.146 - - [14/May/2023:10:12:12 +0800] "GET /xingrg/all/function/internal_message.html?_=1684030332114&CODE_STATE=getMsg HTTP/1.1" 200 27
116.232.195.27 - - [14/May/2023:10:12:12 +0800] "GET /xingrg/all/function/internal_message.html?_=1684030382333&CODE_STATE=getMsg HTTP/1.1" 200 27
114.83.218.205 - - [14/May/2023:10:12:15 +0800] "POST /xingrg/all/common/load_combo.html?type=employee HTTP/1.1" 200 359
114.83.218.205 - - [14/May/2023:10:12:18 +0800] "POST /xingrg/services/DataTransmitService HTTP/1.1" 401 565
114.83.218.205 - - [14/May/2023:10:12:18 +0800] "POST /xingrg/services/DataTransmitService HTTP/1.1" 200 478
114.83.218.205 - - [14/May/2023:10:12:19 +0800] "POST /xingrg/services/DataTransmitService HTTP/1.1" 200 1319
114.83.218.205 - - [14/May/2023:10:12:19 +0800] "POST /xingrg/services/DataTransmitService HTTP/1.1" 200 478
