180.171.122.0 - - [14/May/2023:09:03:56 +0800] "GET /xingrg/kc/buy/cgsh_order_operate.html?command=get_materiel&rest_code=00111&code=00101008354&supplier_code=00100005&order_time=2023-05-14 HTTP/1.1" 200 412
116.224.158.100 - - [14/May/2023:09:03:56 +0800] "GET /xingrg/all/function/internal_message.html?_=1684026236341&CODE_STATE=getMsg HTTP/1.1" 200 27
116.238.139.35 - - [14/May/2023:09:03:57 +0800] "GET /xingrg/all/function/internal_message.html?_=1684026235783&CODE_STATE=getMsg HTTP/1.1" 200 27
114.85.113.108 - - [14/May/2023:09:03:59 +0800] "GET /xingrg/all/function/internal_message.html?_=1684026237751&CODE_STATE=getMsg HTTP/1.1" 200 27
61.170.232.195 - - [14/May/2023:09:04:02 +0800] "GET /xingrg/kc/buy/cgsh_order_operate.html?command=get_materiel&rest_code=00106&code=00101015054&supplier_code=00100007&order_time=2023-05-14 HTTP/1.1" 200 423
61.170.232.195 - - [14/May/2023:09:04:11 +0800] "GET /xingrg/kc/buy/cgsh_order_operate.html?command=get_materiel&rest_code=00106&code=00101008163&supplier_code=00100007&order_time=2023-05-14 HTTP/1.1" 200 409
180.169.147.146 - - [14/May/2023:09:04:12 +0800] "GET /xingrg/all/function/internal_message.html?_=1684026252125&CODE_STATE=getMsg HTTP/1.1" 200 27
120.253.135.82 - - [14/May/2023:09:04:13 +0800] "GET /xingrg/check_reg.html?_=1684026090575 HTTP/1.1" 200 22
116.232.195.27 - - [14/May/2023:09:04:13 +0800] "GET /xingrg/all/function/internal_message.html?_=1684026303589&CODE_STATE=getMsg HTTP/1.1" 200 27
180.171.122.0 - - [14/May/2023:09:04:13 +0800] "GET /xingrg/kc/buy/cgsh_order_operate.html?command=get_materiel&rest_code=00111&code=00101008038&supplier_code=00100005&order_time=2023-05-14 HTTP/1.1" 200 412
120.253.135.82 - - [14/May/2023:09:04:13 +0800] "GET /xingrg/check_reg.html?_=1684026090636 HTTP/1.1" 200 22
61.170.232.195 - - [14/May/2023:09:04:14 +0800] "GET /xingrg/all/function/internal_message.html?_=1684026250173&CODE_STATE=getMsg HTTP/1.1" 200 27
180.171.122.0 - - [14/May/2023:09:04:14 +0800] "POST /xingrg/kc/buy/cgsh_order_operate.html HTTP/1.1" 200 2065
114.85.113.108 - - [14/May/2023:09:04:15 +0800] "GET /xingrg/check_reg.html?_=1684026254195 HTTP/1.1" 200 22
61.170.232.195 - - [14/May/2023:09:04:19 +0800] "POST /xingrg/kc/buy/cgsh_order_operate.html HTTP/1.1" 200 37
114.83.218.205 - - [14/May/2023:09:04:21 +0800] "GET /xingrg/kc/buy/cgsh_order_operate.html?command=get_materiel&rest_code=00149&code=00101008131&supplier_code=00100008&order_time=2023-05-14 HTTP/1.1" 200 409
114.83.218.205 - - [14/May/2023:09:04:24 +0800] "POST /xingrg/kc/buy/cgsh_order_operate.html HTTP/1.1" 200 2065
114.85.96.117 - - [14/May/2023:09:04:25 +0800] "GET /xingrg/kc/buy/cgsh_order_operate.html?command=get_materiel&rest_code=00102&code=00101012038&supplier_code=00100096&order_time=2023-05-14 HTTP/1.1" 200 414
116.235.240.236 - - [14/May/2023:09:04:25 +0800] "GET /xingrg/all/function/internal_message.html?_=1684026266961&CODE_STATE=getMsg HTTP/1.1" 200 27
114.83.219.197 - - [14/May/2023:09:04:25 +0800] "GET /xingrg/check_reg.html?_=1684026360302 HTTP/1.1" 200 22
114.83.219.197 - - [14/May/2023:09:04:25 +0800] "GET /xingrg/all/function/internal_message.html?_=1684026360303&CODE_STATE=getMsg HTTP/1.1" 200 27
180.171.122.0 - - [14/May/2023:09:04:25 +0800] "GET /xingrg/kc/buy/cgsh_order_operate.html?command=get_materiel&rest_code=00111&code=00101008290&supplier_code=00100005&order_time=2023-05-14 HTTP/1.1" 200 416
180.163.30.100 - - [14/May/2023:09:04:26 +0800] "GET /xingrg/kc/buy/cgsh_order_operate.html?command=get_materiel&rest_code=00106&code=00101008351&supplier_code=00100007&order_time=2023-05-14 HTTP/1.1" 302 -
180.163.30.100 - - [14/May/2023:09:04:26 +0800] "GET /xingrg/login.html HTTP/1.1" 200 7641
114.85.96.117 - - [14/May/2023:09:04:35 +0800] "GET /xingrg/all/function/internal_message.html?_=1684026275087&CODE_STATE=getMsg HTTP/1.1" 200 27
114.83.218.205 - - [14/May/2023:09:04:36 +0800] "POST /xingrg/kc/buy/cgsh_order_operate.html HTTP/1.1" 200 37
114.85.96.117 - - [14/May/2023:09:04:38 +0800] "GET /xingrg/kc/buy/cgsh_order_operate.html?command=get_materiel&rest_code=00102&code=00101012029&supplier_code=00100096&order_time=2023-05-14 HTTP/1.1" 200 414
114.93.35.223 - - [14/May/2023:09:04:39 +0800] "GET /xingrg/all/function/internal_message.html?_=1684026279678&CODE_STATE=getMsg HTTP/1.1" 200 27
172.20.0.100 - - [14/May/2023:09:04:43 +0800] "GET /xingrg/check_reg.html?_=1684026301216 HTTP/1.1" 302 -
180.171.122.0 - - [14/May/2023:09:04:53 +0800] "GET /xingrg/all/function/internal_message.html?_=1684026289364&CODE_STATE=getMsg HTTP/1.1" 200 27
116.228.172.94 - - [14/May/2023:09:04:54 +0800] "GET /xingrg/check_reg.html?_=1684026102571 HTTP/1.1" 302 -
116.224.158.100 - - [14/May/2023:09:04:56 +0800] "GET /xingrg/all/function/internal_message.html?_=1684026296208&CODE_STATE=getMsg HTTP/1.1" 200 27
116.238.139.35 - - [14/May/2023:09:04:57 +0800] "GET /xingrg/all/function/internal_message.html?_=1684026295772&CODE_STATE=getMsg HTTP/1.1" 200 27
114.85.113.108 - - [14/May/2023:09:04:59 +0800] "GET /xingrg/all/function/internal_message.html?_=1684026297726&CODE_STATE=getMsg HTTP/1.1" 200 27
114.83.218.205 - - [14/May/2023:09:05:03 +0800] "GET /xingrg/all/function/internal_message.html?_=1684026303211&CODE_STATE=getMsg HTTP/1.1" 200 27
114.83.218.205 - - [14/May/2023:09:05:04 +0800] "POST /xingrg/kc/buy/cgsh_order_operate.html HTTP/1.1" 200 28079
180.163.28.143 - - [14/May/2023:09:05:09 +0800] "GET /xingrg/kc/buy/cgsh_order_operate.html?command=get_materiel&rest_code=00106&code=00101008163&supplier_code=00100007&order_time=2023-05-14 HTTP/1.1" 302 -
180.163.28.143 - - [14/May/2023:09:05:09 +0800] "GET /xingrg/login.html HTTP/1.1" 200 7641
180.169.147.146 - - [14/May/2023:09:05:12 +0800] "GET /xingrg/all/function/internal_message.html?_=1684026312105&CODE_STATE=getMsg HTTP/1.1" 200 27
116.232.195.27 - - [14/May/2023:09:05:13 +0800] "GET /xingrg/all/function/internal_message.html?_=1684026363583&CODE_STATE=getMsg HTTP/1.1" 200 27
114.83.218.205 - - [14/May/2023:09:05:17 +0800] "GET /xingrg/kc/buy/cgsh_order_operate.html?command=get_materiel&rest_code=00149&code=00101008296&supplier_code=00100008&order_time=2023-05-14 HTTP/1.1" 200 416
116.235.240.236 - - [14/May/2023:09:05:25 +0800] "GET /xingrg/all/function/internal_message.html?_=1684026327036&CODE_STATE=getMsg HTTP/1.1" 200 27
114.83.219.197 - - [14/May/2023:09:05:25 +0800] "GET /xingrg/all/function/internal_message.html?_=1684026420292&CODE_STATE=getMsg HTTP/1.1" 200 27
114.83.218.205 - - [14/May/2023:09:05:30 +0800] "GET /xingrg/kc/buy/cgsh_order_operate.html?command=get_materiel&rest_code=00149&code=00101008169&supplier_code=00100008&order_time=2023-05-14 HTTP/1.1" 200 412
114.85.96.117 - - [14/May/2023:09:05:34 +0800] "GET /xingrg/kc/buy/cgsh_order_operate.html?command=get_materiel&rest_code=00102&code=00101007061&supplier_code=00100096&order_time=2023-05-14 HTTP/1.1" 200 411
114.85.96.117 - - [14/May/2023:09:05:35 +0800] "GET /xingrg/all/function/internal_message.html?_=1684026335071&CODE_STATE=getMsg HTTP/1.1" 200 27
114.93.35.223 - - [14/May/2023:09:05:39 +0800] "GET /xingrg/all/function/internal_message.html?_=1684026339679&CODE_STATE=getMsg HTTP/1.1" 200 27
114.93.35.223 - - [14/May/2023:09:05:39 +0800] "GET /xingrg/check_reg.html?_=1684026339683 HTTP/1.1" 200 22
114.85.96.117 - - [14/May/2023:09:05:50 +0800] "GET /xingrg/kc/buy/cgsh_order_operate.html?command=get_materiel&rest_code=00102&code=00101007049&supplier_code=00100096&order_time=2023-05-14 HTTP/1.1" 200 409
180.171.122.0 - - [14/May/2023:09:05:53 +0800] "GET /xingrg/all/function/internal_message.html?_=1684026349362&CODE_STATE=getMsg HTTP/1.1" 200 27
114.83.218.205 - - [14/May/2023:09:05:53 +0800] "GET /xingrg/kc/buy/cgsh_order_operate.html?command=get_materiel&rest_code=00149&code=00101008318&supplier_code=00100008&order_time=2023-05-14 HTTP/1.1" 200 408
114.85.96.117 - - [14/May/2023:09:05:55 +0800] "GET /xingrg/check_reg.html?_=1684026355657 HTTP/1.1" 200 22
116.224.158.100 - - [14/May/2023:09:05:56 +0800] "GET /xingrg/all/function/internal_message.html?_=1684026356202&CODE_STATE=getMsg HTTP/1.1" 200 27
116.224.158.100 - - [14/May/2023:09:05:56 +0800] "GET /xingrg/check_reg.html?_=1684026356250 HTTP/1.1" 200 22
116.238.139.35 - - [14/May/2023:09:05:57 +0800] "GET /xingrg/all/function/internal_message.html?_=1684026355774&CODE_STATE=getMsg HTTP/1.1" 200 27
114.85.113.108 - - [14/May/2023:09:05:59 +0800] "GET /xingrg/all/function/internal_message.html?_=1684026357698&CODE_STATE=getMsg HTTP/1.1" 200 27
114.83.218.205 - - [14/May/2023:09:06:03 +0800] "GET /xingrg/all/function/internal_message.html?_=1684026363189&CODE_STATE=getMsg HTTP/1.1" 200 27
114.85.96.117 - - [14/May/2023:09:06:06 +0800] "POST /xingrg/kc/buy/cgsh_order_operate.html HTTP/1.1" 200 37
114.83.218.205 - - [14/May/2023:09:06:07 +0800] "GET /xingrg/kc/buy/cgsh_order_operate.html?command=get_materiel&rest_code=00149&code=00101008352&supplier_code=00100008&order_time=2023-05-14 HTTP/1.1" 200 412
116.235.240.236 - - [14/May/2023:09:06:11 +0800] "GET /xingrg/check_reg.html?_=1684026373138 HTTP/1.1" 200 22
180.169.147.146 - - [14/May/2023:09:06:12 +0800] "GET /xingrg/all/function/internal_message.html?_=1684026372114&CODE_STATE=getMsg HTTP/1.1" 200 27
114.85.96.117 - - [14/May/2023:09:06:12 +0800] "POST /xingrg/kc/buy/cgsh_order_operate.html HTTP/1.1" 200 12
116.232.195.27 - - [14/May/2023:09:06:13 +0800] "GET /xingrg/all/function/internal_message.html?_=1684026423569&CODE_STATE=getMsg HTTP/1.1" 200 27
114.85.96.117 - - [14/May/2023:09:06:23 +0800] "GET /xingrg/kc/buy/cgsh_order_info.html?code=212023051404991 HTTP/1.1" 200 66296
114.85.96.117 - - [14/May/2023:09:06:23 +0800] "GET /xingrg/javascript/easyui/themes/default/validatebox.css HTTP/1.1" 404 1104
114.85.96.117 - - [14/May/2023:09:06:24 +0800] "POST /xingrg/kc/buy/cgsh_order_operate.html HTTP/1.1" 200 4741
116.235.240.236 - - [14/May/2023:09:06:25 +0800] "GET /xingrg/all/function/internal_message.html?_=1684026387051&CODE_STATE=getMsg HTTP/1.1" 200 27
114.83.219.197 - - [14/May/2023:09:06:25 +0800] "GET /xingrg/all/function/internal_message.html?_=1684026480306&CODE_STATE=getMsg HTTP/1.1" 200 27
114.85.96.117 - - [14/May/2023:09:06:30 +0800] "GET /xingrg/kc/print/load_data.html?order_code=212023051404991&kc_code=cgsh&condition= HTTP/1.1" 200 2217
114.85.96.117 - - [14/May/2023:09:06:35 +0800] "GET /xingrg/all/function/internal_message.html?_=1684026395060&CODE_STATE=getMsg HTTP/1.1" 200 27
114.83.218.205 - - [14/May/2023:09:06:35 +0800] "POST /xingrg/kc/buy/cgsh_order_operate.html HTTP/1.1" 200 2065
114.93.35.223 - - [14/May/2023:09:06:39 +0800] "GET /xingrg/all/function/internal_message.html?_=1684026399684&CODE_STATE=getMsg HTTP/1.1" 200 27
114.85.96.117 - - [14/May/2023:09:06:43 +0800] "GET /xingrg/kc/buy/cgsh_order_add.html HTTP/1.1" 200 71399
114.85.96.117 - - [14/May/2023:09:06:43 +0800] "POST /xingrg/kc/buy/cgsh_order_operate.html HTTP/1.1" 200 8245
114.85.96.117 - - [14/May/2023:09:06:43 +0800] "GET /xingrg/javascript/easyui/themes/default/validatebox.css HTTP/1.1" 404 1104
114.83.218.205 - - [14/May/2023:09:06:47 +0800] "GET /xingrg/kc/buy/cgsh_order_operate.html?command=get_materiel&rest_code=00149&code=00101008098&supplier_code=00100008&order_time=2023-05-14 HTTP/1.1" 200 412
180.171.122.0 - - [14/May/2023:09:06:48 +0800] "GET /xingrg/kc/buy/cgsh_order_operate.html?command=get_materiel&rest_code=00111&code=00101008372&supplier_code=00100005&order_time=2023-05-14 HTTP/1.1" 200 408
180.171.122.0 - - [14/May/2023:09:06:53 +0800] "GET /xingrg/all/function/internal_message.html?_=1684026409368&CODE_STATE=getMsg HTTP/1.1" 200 27
180.171.122.0 - - [14/May/2023:09:06:53 +0800] "GET /xingrg/check_reg.html?_=1684026409370 HTTP/1.1" 200 22
116.224.158.100 - - [14/May/2023:09:06:56 +0800] "GET /xingrg/all/function/internal_message.html?_=1684026416206&CODE_STATE=getMsg HTTP/1.1" 200 27
116.238.139.35 - - [14/May/2023:09:06:57 +0800] "GET /xingrg/all/function/internal_message.html?_=1684026415777&CODE_STATE=getMsg HTTP/1.1" 200 27
114.83.218.205 - - [14/May/2023:09:06:57 +0800] "GET /xingrg/kc/buy/cgsh_order_operate.html?command=get_materiel&rest_code=00149&code=00101008005&supplier_code=00100008&order_time=2023-05-14 HTTP/1.1" 200 412
114.85.113.108 - - [14/May/2023:09:06:59 +0800] "GET /xingrg/all/function/internal_message.html?_=1684026417667&CODE_STATE=getMsg HTTP/1.1" 200 27
114.83.218.205 - - [14/May/2023:09:07:03 +0800] "GET /xingrg/all/function/internal_message.html?_=1684026423162&CODE_STATE=getMsg HTTP/1.1" 200 27
114.83.218.205 - - [14/May/2023:09:07:08 +0800] "GET /xingrg/kc/buy/cgsh_order_operate.html?command=get_materiel&rest_code=00149&code=00101008353&supplier_code=00100008&order_time=2023-05-14 HTTP/1.1" 200 408
116.232.195.27 - - [14/May/2023:09:07:11 +0800] "GET /xingrg/check_reg.html?_=1684026481585 HTTP/1.1" 200 22
180.169.147.146 - - [14/May/2023:09:07:12 +0800] "GET /xingrg/all/function/internal_message.html?_=1684026432112&CODE_STATE=getMsg HTTP/1.1" 200 27
116.232.195.27 - - [14/May/2023:09:07:13 +0800] "GET /xingrg/all/function/internal_message.html?_=1684026483556&CODE_STATE=getMsg HTTP/1.1" 200 27
180.171.122.0 - - [14/May/2023:09:07:16 +0800] "GET /xingrg/kc/buy/cgsh_order_operate.html?command=get_materiel&rest_code=00111&code=00101008356&supplier_code=00100005&order_time=2023-05-14 HTTP/1.1" 200 408
116.235.240.236 - - [14/May/2023:09:07:25 +0800] "GET /xingrg/all/function/internal_message.html?_=1684026447068&CODE_STATE=getMsg HTTP/1.1" 200 27
114.83.219.197 - - [14/May/2023:09:07:25 +0800] "GET /xingrg/all/function/internal_message.html?_=1684026540306&CODE_STATE=getMsg HTTP/1.1" 200 27
114.83.218.205 - - [14/May/2023:09:07:27 +0800] "POST /xingrg/kc/buy/cgsh_order_operate.html HTTP/1.1" 200 2065
120.253.135.82 - - [14/May/2023:09:07:30 +0800] "GET /xingrg/index.html HTTP/1.1" 302 -
120.253.135.82 - - [14/May/2023:09:07:30 +0800] "GET /xingrg/login.html HTTP/1.1" 200 7641
120.253.135.82 - - [14/May/2023:09:07:34 +0800] "GET /favicon.ico HTTP/1.1" 404 -
114.85.96.117 - - [14/May/2023:09:07:35 +0800] "GET /xingrg/all/function/internal_message.html?_=1684026455038&CODE_STATE=getMsg HTTP/1.1" 200 27
114.93.35.223 - - [14/May/2023:09:07:39 +0800] "GET /xingrg/all/function/internal_message.html?_=1684026459688&CODE_STATE=getMsg HTTP/1.1" 200 27
180.171.122.0 - - [14/May/2023:09:07:53 +0800] "GET /xingrg/all/function/internal_message.html?_=1684026469361&CODE_STATE=getMsg HTTP/1.1" 200 27
114.83.218.205 - - [14/May/2023:09:07:53 +0800] "GET /xingrg/check_reg.html?_=1684026473848 HTTP/1.1" 200 22
116.224.158.100 - - [14/May/2023:09:07:56 +0800] "GET /xingrg/all/function/internal_message.html?_=1684026476197&CODE_STATE=getMsg HTTP/1.1" 200 27
116.238.139.35 - - [14/May/2023:09:07:57 +0800] "GET /xingrg/all/function/internal_message.html?_=1684026475784&CODE_STATE=getMsg HTTP/1.1" 200 27
116.238.139.35 - - [14/May/2023:09:07:57 +0800] "GET /xingrg/check_reg.html?_=1684026475788 HTTP/1.1" 200 22
114.85.113.108 - - [14/May/2023:09:07:59 +0800] "GET /xingrg/all/function/internal_message.html?_=1684026477651&CODE_STATE=getMsg HTTP/1.1" 200 27
120.253.135.82 - - [14/May/2023:09:08:01 +0800] "POST /xingrg/login.do HTTP/1.1" 302 -
120.253.135.82 - - [14/May/2023:09:08:01 +0800] "GET /xingrg/index.html?sysBaseUrl=http%3A%2F%2F180.169.147.146%3A18081%2Fxingrg%2F&costTime=816×tamp=1684026481189 HTTP/1.1" 200 17173
120.253.135.82 - - [14/May/2023:09:08:01 +0800] "GET /xingrg/javascript/jquery_easy_ui/themes/default/easyui.css HTTP/1.1" 304 -
120.253.135.82 - - [14/May/2023:09:08:01 +0800] "GET /xingrg/javascript/jquery-1.4.2.min.js HTTP/1.1" 304 -
120.253.135.82 - - [14/May/2023:09:08:01 +0800] "GET /xingrg/javascript/jquery_easy_ui/themes/icon.css HTTP/1.1" 304 -
120.253.135.82 - - [14/May/2023:09:08:01 +0800] "GET /xingrg/css/form.css HTTP/1.1" 304 -
120.253.135.82 - - [14/May/2023:09:08:01 +0800] "GET /xingrg/javascript/jquery_easy_ui/jquery.easyui.min.js HTTP/1.1" 304 -
120.253.135.82 - - [14/May/2023:09:08:01 +0800] "GET /xingrg/javascript/jquery_easy_ui/easyui-lang-zh_CN.js HTTP/1.1" 304 -
120.253.135.82 - - [14/May/2023:09:08:01 +0800] "GET /xingrg/javascript/jquery.form.js HTTP/1.1" 304 -
120.253.135.82 - - [14/May/2023:09:08:01 +0800] "GET /xingrg/javascript/jquery.timers.js HTTP/1.1" 304 -
120.253.135.82 - - [14/May/2023:09:08:01 +0800] "GET /xingrg/javascript/jquery.utils.js HTTP/1.1" 304 -
120.253.135.82 - - [14/May/2023:09:08:01 +0800] "GET /favicon.ico HTTP/1.1" 404 -
120.253.135.82 - - [14/May/2023:09:08:01 +0800] "POST /xingrg/all/common/load_tree.html?tree=area_rest_tree_json&manage=1 HTTP/1.1" 200 3499
120.253.135.82 - - [14/May/2023:09:08:02 +0800] "GET /xingrg/check_reg.html?_=1684026420718 HTTP/1.1" 200 22
120.253.135.82 - - [14/May/2023:09:08:02 +0800] "GET /xingrg/all/function/internal_message.html?_=1684026420716&CODE_STATE=count HTTP/1.1" 200 11
120.253.135.82 - - [14/May/2023:09:08:02 +0800] "POST /xingrg/load_menu.html HTTP/1.1" 200 6743
114.83.218.205 - - [14/May/2023:09:08:03 +0800] "GET /xingrg/all/function/internal_message.html?_=1684026483136&CODE_STATE=getMsg HTTP/1.1" 200 27
120.253.135.82 - - [14/May/2023:09:08:06 +0800] "GET /xingrg/kc/buy/cgsh_order_list.html HTTP/1.1" 200 55582
120.253.135.82 - - [14/May/2023:09:08:06 +0800] "GET /xingrg/css/base.css HTTP/1.1" 304 -
120.253.135.82 - - [14/May/2023:09:08:06 +0800] "GET /xingrg/css/site.css HTTP/1.1" 304 -
120.253.135.82 - - [14/May/2023:09:08:06 +0800] "GET /xingrg/javascript/jquery_tools/datebox.css HTTP/1.1" 304 -
120.253.135.82 - - [14/May/2023:09:08:06 +0800] "GET /xingrg/javascript/easyui/themes/default/easyui.css HTTP/1.1" 304 -
120.253.135.82 - - [14/May/2023:09:08:06 +0800] "GET /xingrg/javascript/easyui/themes/icon.css HTTP/1.1" 304 -
120.253.135.82 - - [14/May/2023:09:08:06 +0800] "GET /xingrg/javascript/jquery_tools/fix.css HTTP/1.1" 304 -
120.253.135.82 - - [14/May/2023:09:08:06 +0800] "GET /xingrg/javascript/auto/jquery.autocomplete.css HTTP/1.1" 304 -
120.253.135.82 - - [14/May/2023:09:08:06 +0800] "GET /xingrg/javascript/jquery_tools/table.css HTTP/1.1" 304 -
120.253.135.82 - - [14/May/2023:09:08:06 +0800] "GET /xingrg/javascript/jquery_tools/jquery.tools.min.js HTTP/1.1" 304 -
120.253.135.82 - - [14/May/2023:09:08:06 +0800] "GET /xingrg/javascript/jquery_tools/jquery.tools.table.js HTTP/1.1" 304 -
120.253.135.82 - - [14/May/2023:09:08:06 +0800] "GET /xingrg/javascript/jquery_tools/jquery.tools.extend.js HTTP/1.1" 304 -
120.253.135.82 - - [14/May/2023:09:08:06 +0800] "GET /xingrg/javascript/jquery_tools/jquery.tools.hotkey.js HTTP/1.1" 304 -
120.253.135.82 - - [14/May/2023:09:08:06 +0800] "GET /xingrg/javascript/jquery_tools/list_manager.js HTTP/1.1" 304 -
120.253.135.82 - - [14/May/2023:09:08:06 +0800] "GET /xingrg/javascript/auto/jquery.autocomplete.js HTTP/1.1" 304 -
120.253.135.82 - - [14/May/2023:09:08:06 +0800] "GET /xingrg/javascript/easyui/easyloader.js HTTP/1.1" 304 -
120.253.135.82 - - [14/May/2023:09:08:06 +0800] "GET /xingrg/javascript/jquery.cookie.js HTTP/1.1" 304 -
120.253.135.82 - - [14/May/2023:09:08:06 +0800] "GET /xingrg/javascript/print/LodopFuncs.js HTTP/1.1" 304 -
114.83.218.205 - - [14/May/2023:09:08:07 +0800] "GET /xingrg/kc/buy/cgsh_order_operate.html?command=get_materiel&rest_code=00149&code=00101008213&supplier_code=00100008&order_time=2023-05-14 HTTP/1.1" 200 412
120.253.135.82 - - [14/May/2023:09:08:08 +0800] "GET /xingrg/javascript/easyui/plugins/jquery.parser.js HTTP/1.1" 304 -
120.253.135.82 - - [14/May/2023:09:08:10 +0800] "POST /xingrg/kc/buy/cgsh_list_operate.html HTTP/1.1" 200 986
180.169.147.146 - - [14/May/2023:09:08:12 +0800] "GET /xingrg/check_reg.html?_=1684026492114 HTTP/1.1" 200 22
180.169.147.146 - - [14/May/2023:09:08:12 +0800] "GET /xingrg/all/function/internal_message.html?_=1684026492117&CODE_STATE=getMsg HTTP/1.1" 200 27
120.253.135.82 - - [14/May/2023:09:08:12 +0800] "GET /xingrg/kc/buy/cgsh_order_add.html HTTP/1.1" 200 70428
120.253.135.82 - - [14/May/2023:09:08:13 +0800] "GET /xingrg/javascript/pic_change.js HTTP/1.1" 304 -
120.253.135.82 - - [14/May/2023:09:08:13 +0800] "GET /xingrg/javascript/jquery_tools/order_manager.js HTTP/1.1" 304 -
120.253.135.82 - - [14/May/2023:09:08:13 +0800] "GET /xingrg/javascript/convert.js HTTP/1.1" 304 -
120.253.135.82 - - [14/May/2023:09:08:13 +0800] "GET /xingrg/javascript/json2.js HTTP/1.1" 304 -
120.253.135.82 - - [14/May/2023:09:08:13 +0800] "GET /xingrg/javascript/print/kc_print.js HTTP/1.1" 304 -
120.253.135.82 - - [14/May/2023:09:08:13 +0800] "GET /xingrg/words/20230513225747_words.js HTTP/1.1" 200 964240
120.253.135.82 - - [14/May/2023:09:08:13 +0800] "GET /xingrg/javascript/easyui/themes/icons/template_new.png HTTP/1.1" 304 -
116.232.195.27 - - [14/May/2023:09:08:13 +0800] "GET /xingrg/all/function/internal_message.html?_=1684026543535&CODE_STATE=getMsg HTTP/1.1" 200 27
120.253.135.82 - - [14/May/2023:09:08:14 +0800] "POST /xingrg/kc/buy/cgsh_order_operate.html HTTP/1.1" 200 8245
120.253.135.82 - - [14/May/2023:09:08:14 +0800] "GET /xingrg/all/common/auto_word.html?type=employee&rest_code=00101 HTTP/1.1" 200 927
120.253.135.82 - - [14/May/2023:09:08:14 +0800] "GET /xingrg/all/common/auto_word.html?type=employee&rest_code=00101 HTTP/1.1" 200 927
120.253.135.82 - - [14/May/2023:09:08:14 +0800] "GET /xingrg/javascript/easyui/themes/default/validatebox.css HTTP/1.1" 404 1104
120.253.135.82 - - [14/May/2023:09:08:14 +0800] "GET /xingrg/javascript/easyui/plugins/jquery.validatebox.js HTTP/1.1" 304 -
120.253.135.82 - - [14/May/2023:09:08:14 +0800] "GET /xingrg/javascript/easyui/plugins/jquery.numberbox.js HTTP/1.1" 304 -
61.170.232.195 - - [14/May/2023:09:08:16 +0800] "POST /xingrg/kc/buy/cgsh_order_operate.html HTTP/1.1" 200 5596
120.253.135.82 - - [14/May/2023:09:08:23 +0800] "GET /xingrg/javascript/auto/indicator.gif HTTP/1.1" 404 1066
116.235.240.236 - - [14/May/2023:09:08:25 +0800] "GET /xingrg/all/function/internal_message.html?_=1684026507138&CODE_STATE=getMsg HTTP/1.1" 200 27
114.83.219.197 - - [14/May/2023:09:08:25 +0800] "GET /xingrg/all/function/internal_message.html?_=1684026600295&CODE_STATE=getMsg HTTP/1.1" 200 27
114.83.218.205 - - [14/May/2023:09:08:33 +0800] "GET /xingrg/kc/buy/cgsh_order_operate.html?command=get_materiel&rest_code=00149&code=00101008095&supplier_code=00100008&order_time=2023-05-14 HTTP/1.1" 200 412
114.85.96.117 - - [14/May/2023:09:08:35 +0800] "GET /xingrg/all/function/internal_message.html?_=1684026515035&CODE_STATE=getMsg HTTP/1.1" 200 27
120.253.135.82 - - [14/May/2023:09:08:36 +0800] "GET /xingrg/kc/buy/cgsh_order_operate.html?command=get_materiel&rest_code=00101&code=00101019541&supplier_code=00100399&order_time=2023-05-14 HTTP/1.1" 200 413
114.85.96.117 - - [14/May/2023:09:08:37 +0800] "GET /xingrg/javascript/jquery_easy_ui/themes/default/images/tabs_active.png HTTP/1.1" 200 2894
114.93.35.223 - - [14/May/2023:09:08:39 +0800] "GET /xingrg/all/function/internal_message.html?_=1684026519688&CODE_STATE=getMsg HTTP/1.1" 200 27
61.170.232.195 - - [14/May/2023:09:08:43 +0800] "GET /xingrg/kc/buy/cgsh_order_operate.html?command=get_materiel&rest_code=00106&code=00101008355&supplier_code=00100007&order_time=2023-05-14 HTTP/1.1" 200 408
180.171.122.0 - - [14/May/2023:09:08:53 +0800] "GET /xingrg/all/function/internal_message.html?_=1684026529364&CODE_STATE=getMsg HTTP/1.1" 200 27
120.253.135.82 - - [14/May/2023:09:08:54 +0800] "POST /xingrg/kc/buy/cgsh_order_operate.html HTTP/1.1" 200 37
116.224.158.100 - - [14/May/2023:09:08:56 +0800] "GET /xingrg/all/function/internal_message.html?_=1684026536196&CODE_STATE=getMsg HTTP/1.1" 200 27
61.170.232.195 - - [14/May/2023:09:08:56 +0800] "GET /xingrg/kc/buy/cgsh_order_operate.html?command=get_materiel&rest_code=00106&code=00101008144&supplier_code=00100007&order_time=2023-05-14 HTTP/1.1" 200 412
114.83.218.205 - - [14/May/2023:09:08:56 +0800] "GET /xingrg/kc/buy/cgsh_order_operate.html?command=get_materiel&rest_code=00149&code=00101008041&supplier_code=00100008&order_time=2023-05-14 HTTP/1.1" 200 408
116.238.139.35 - - [14/May/2023:09:08:57 +0800] "GET /xingrg/all/function/internal_message.html?_=1684026535784&CODE_STATE=getMsg HTTP/1.1" 200 27
114.85.113.108 - - [14/May/2023:09:08:59 +0800] "GET /xingrg/all/function/internal_message.html?_=1684026537645&CODE_STATE=getMsg HTTP/1.1" 200 27
120.253.135.82 - - [14/May/2023:09:09:00 +0800] "POST /xingrg/kc/buy/cgsh_order_operate.html HTTP/1.1" 200 12
120.253.135.82 - - [14/May/2023:09:09:01 +0800] "GET /xingrg/kc/buy/cgsh_order_info.html?code=212023051404992 HTTP/1.1" 200 65327
120.253.135.82 - - [14/May/2023:09:09:02 +0800] "GET /xingrg/javascript/easyui/themes/default/validatebox.css HTTP/1.1" 404 1104
120.253.135.82 - - [14/May/2023:09:09:02 +0800] "GET /xingrg/all/function/internal_message.html?_=1684026480931&CODE_STATE=getMsg HTTP/1.1" 200 27
114.83.218.205 - - [14/May/2023:09:09:03 +0800] "GET /xingrg/all/function/internal_message.html?_=1684026543112&CODE_STATE=getMsg HTTP/1.1" 200 27
120.253.135.82 - - [14/May/2023:09:09:03 +0800] "POST /xingrg/kc/buy/cgsh_order_operate.html HTTP/1.1" 200 613
120.253.135.82 - - [14/May/2023:09:09:04 +0800] "GET /xingrg/kc/print/load_config.html?kc_code=cgsh HTTP/1.1" 200 1925
120.253.135.82 - - [14/May/2023:09:09:04 +0800] "GET /xingrg/kc/print/load_data.html?order_code=212023051404992&kc_code=cgsh&condition= HTTP/1.1" 200 693
61.170.232.195 - - [14/May/2023:09:09:06 +0800] "GET /xingrg/kc/buy/cgsh_order_operate.html?command=get_materiel&rest_code=00106&code=00101008264&supplier_code=00100007&order_time=2023-05-14 HTTP/1.1" 200 412
180.171.122.0 - - [14/May/2023:09:09:07 +0800] "POST /xingrg/kc/buy/cgsh_order_operate.html HTTP/1.1" 200 2065
180.169.147.146 - - [14/May/2023:09:09:12 +0800] "GET /xingrg/all/function/internal_message.html?_=1684026552107&CODE_STATE=getMsg HTTP/1.1" 200 27
116.232.195.27 - - [14/May/2023:09:09:13 +0800] "GET /xingrg/all/function/internal_message.html?_=1684026603509&CODE_STATE=getMsg HTTP/1.1" 200 27
120.253.135.82 - - [14/May/2023:09:09:13 +0800] "GET /xingrg/check_reg.html?_=1684026390578 HTTP/1.1" 200 22
120.253.135.82 - - [14/May/2023:09:09:13 +0800] "GET /xingrg/check_reg.html?_=1684026390643 HTTP/1.1" 200 22
61.170.232.195 - - [14/May/2023:09:09:14 +0800] "GET /xingrg/all/function/internal_message.html?_=1684026550200&CODE_STATE=getMsg HTTP/1.1" 200 27
180.171.122.0 - - [14/May/2023:09:09:15 +0800] "GET /xingrg/kc/buy/cgsh_order_operate.html?command=get_materiel&rest_code=00111&code=00101008295&supplier_code=00100005&order_time=2023-05-14 HTTP/1.1" 200 412
114.85.113.108 - - [14/May/2023:09:09:15 +0800] "GET /xingrg/check_reg.html?_=1684026554172 HTTP/1.1" 200 22
61.170.232.195 - - [14/May/2023:09:09:17 +0800] "GET /xingrg/kc/buy/cgsh_order_operate.html?command=get_materiel&rest_code=00106&code=00101008356&supplier_code=00100007&order_time=2023-05-14 HTTP/1.1" 200 408
120.253.135.82 - - [14/May/2023:09:09:18 +0800] "GET /xingrg/kc/pszx/mdps_order_list.html?orderType=0 HTTP/1.1" 200 21032
120.253.135.82 - - [14/May/2023:09:09:18 +0800] "POST /xingrg/kc/pszx/mdps_list_operate.html HTTP/1.1" 200 5383
120.253.135.82 - - [14/May/2023:09:09:19 +0800] "GET /xingrg/kc/pszx/mdps_order_add.html HTTP/1.1" 200 29101
61.170.232.195 - - [14/May/2023:09:09:19 +0800] "POST /xingrg/kc/buy/cgsh_order_operate.html HTTP/1.1" 200 2065
114.83.218.205 - - [14/May/2023:09:09:20 +0800] "POST /xingrg/kc/buy/cgsh_order_operate.html HTTP/1.1" 200 2065
120.253.135.82 - - [14/May/2023:09:09:22 +0800] "GET /xingrg/javascript/myfunction.js HTTP/1.1" 304 -
120.253.135.82 - - [14/May/2023:09:09:23 +0800] "POST /xingrg/kc/pszx/mdps_order_operate.html HTTP/1.1" 200 7126
120.253.135.82 - - [14/May/2023:09:09:23 +0800] "GET /xingrg/all/common/auto_word.html?type=base&rest_code=00101 HTTP/1.1" 200 671
120.253.135.82 - - [14/May/2023:09:09:23 +0800] "GET /xingrg/javascript/easyui/themes/default/validatebox.css HTTP/1.1" 404 1104
116.235.240.236 - - [14/May/2023:09:09:25 +0800] "GET /xingrg/all/function/internal_message.html?_=1684026567139&CODE_STATE=getMsg HTTP/1.1" 200 27
114.83.219.197 - - [14/May/2023:09:09:25 +0800] "GET /xingrg/all/function/internal_message.html?_=1684026660308&CODE_STATE=getMsg HTTP/1.1" 200 27
114.83.219.197 - - [14/May/2023:09:09:25 +0800] "GET /xingrg/check_reg.html?_=1684026660309 HTTP/1.1" 200 22
61.170.232.195 - - [14/May/2023:09:09:27 +0800] "GET /xingrg/kc/buy/cgsh_order_operate.html?command=get_materiel&rest_code=00106&code=00101008415&supplier_code=00100007&order_time=2023-05-14 HTTP/1.1" 200 412
114.83.218.205 - - [14/May/2023:09:09:29 +0800] "GET /xingrg/kc/buy/cgsh_order_operate.html?command=get_materiel&rest_code=00149&code=00101008275&supplier_code=00100008&order_time=2023-05-14 HTTP/1.1" 200 416
120.253.135.82 - - [14/May/2023:09:09:30 +0800] "GET /xingrg/javascript/jquery_tools/images/prev.gif HTTP/1.1" 404 1086
120.253.135.82 - - [14/May/2023:09:09:30 +0800] "GET /xingrg/javascript/jquery_tools/images/next.gif HTTP/1.1" 404 1086
114.85.96.117 - - [14/May/2023:09:09:35 +0800] "GET /xingrg/all/function/internal_message.html?_=1684026575022&CODE_STATE=getMsg HTTP/1.1" 200 27
114.93.35.223 - - [14/May/2023:09:09:39 +0800] "GET /xingrg/all/function/internal_message.html?_=1684026579676&CODE_STATE=getMsg HTTP/1.1" 200 27
180.163.29.219 - - [14/May/2023:09:09:40 +0800] "GET /xingrg/kc/buy/cgsh_order_operate.html?command=get_materiel&rest_code=00106&code=00101008355&supplier_code=00100007&order_time=2023-05-14 HTTP/1.1" 302 -
180.163.29.219 - - [14/May/2023:09:09:40 +0800] "GET /xingrg/login.html HTTP/1.1" 200 7641
61.170.232.195 - - [14/May/2023:09:09:40 +0800] "GET /xingrg/kc/buy/cgsh_order_operate.html?command=get_materiel&rest_code=00106&code=00101008137&supplier_code=00100007&order_time=2023-05-14 HTTP/1.1" 200 408
114.83.218.205 - - [14/May/2023:09:09:41 +0800] "GET /xingrg/kc/buy/cgsh_order_operate.html?command=get_materiel&rest_code=00149&code=00101008330&supplier_code=00100008&order_time=2023-05-14 HTTP/1.1" 200 408
120.253.135.82 - - [14/May/2023:09:09:42 +0800] "GET /xingrg/kc/pszx/mdps_order_operate.html?command=get_materiel&pszx_code=00101&rest_code=00150&base_code=0010250&code=00101019541 HTTP/1.1" 200 433
172.20.0.100 - - [14/May/2023:09:09:42 +0800] "GET /xingrg/check_reg.html?_=1684026601216 HTTP/1.1" 302 -
61.170.232.195 - - [14/May/2023:09:09:49 +0800] "GET /xingrg/kc/buy/cgsh_order_operate.html?command=get_materiel&rest_code=00106&code=00101008362&supplier_code=00100007&order_time=2023-05-14 HTTP/1.1" 200 408
114.83.218.205 - - [14/May/2023:09:09:50 +0800] "GET /xingrg/kc/buy/cgsh_order_operate.html?command=get_materiel&rest_code=00149&code=00101008060&supplier_code=00100008&order_time=2023-05-14 HTTP/1.1" 200 416
180.171.122.0 - - [14/May/2023:09:09:51 +0800] "GET /xingrg/kc/buy/cgsh_order_operate.html?command=get_materiel&rest_code=00111&code=00101008213&supplier_code=00100005&order_time=2023-05-14 HTTP/1.1" 200 412
116.224.158.100 - - [14/May/2023:09:09:51 +0800] "GET /xingrg/kc/buy/cgsh_order_operate.html?command=get_materiel&rest_code=00105&code=00101008069&supplier_code=00100203&order_time=2023-05-14 HTTP/1.1" 200 412
120.253.135.82 - - [14/May/2023:09:09:52 +0800] "POST /xingrg/kc/pszx/mdps_order_operate.html HTTP/1.1" 200 37
180.171.122.0 - - [14/May/2023:09:09:53 +0800] "GET /xingrg/all/function/internal_message.html?_=1684026589385&CODE_STATE=getMsg HTTP/1.1" 200 27
116.228.172.94 - - [14/May/2023:09:09:54 +0800] "GET /xingrg/check_reg.html?_=1684026402551 HTTP/1.1" 302 -
120.253.135.82 - - [14/May/2023:09:09:55 +0800] "POST /xingrg/kc/pszx/mdps_order_operate.html HTTP/1.1" 200 12
116.224.158.100 - - [14/May/2023:09:09:56 +0800] "GET /xingrg/all/function/internal_message.html?_=1684026596212&CODE_STATE=getMsg HTTP/1.1" 200 27
116.238.139.35 - - [14/May/2023:09:09:57 +0800] "GET /xingrg/all/function/internal_message.html?_=1684026595783&CODE_STATE=getMsg HTTP/1.1" 200 27
120.253.135.82 - - [14/May/2023:09:09:57 +0800] "GET /xingrg/kc/pszx/mdps_order_info.html?code=312023051400296 HTTP/1.1" 200 19638
120.253.135.82 - - [14/May/2023:09:09:57 +0800] "GET /xingrg/javascript/easyui/themes/default/validatebox.css HTTP/1.1" 404 1104
120.253.135.82 - - [14/May/2023:09:09:58 +0800] "POST /xingrg/kc/pszx/mdps_order_operate.html HTTP/1.1" 200 495
120.253.135.82 - - [14/May/2023:09:09:59 +0800] "GET /xingrg/kc/print/load_config.html?kc_code=mdps HTTP/1.1" 200 2390
114.85.113.108 - - [14/May/2023:09:09:59 +0800] "GET /xingrg/all/function/internal_message.html?_=1684026597622&CODE_STATE=getMsg HTTP/1.1" 200 27
120.253.135.82 - - [14/May/2023:09:09:59 +0800] "GET /xingrg/kc/print/load_data.html?order_code=312023051400296&kc_code=mdps&condition= HTTP/1.1" 200 740
120.253.135.82 - - [14/May/2023:09:10:02 +0800] "GET /xingrg/all/function/internal_message.html?_=1684026540936&CODE_STATE=getMsg HTTP/1.1" 200 27
114.83.218.205 - - [14/May/2023:09:10:03 +0800] "GET /xingrg/all/function/internal_message.html?_=1684026603089&CODE_STATE=getMsg HTTP/1.1" 200 27
116.224.158.100 - - [14/May/2023:09:10:04 +0800] "POST /xingrg/kc/buy/cgsh_order_operate.html HTTP/1.1" 200 37
114.83.218.205 - - [14/May/2023:09:10:07 +0800] "GET /xingrg/kc/buy/cgsh_order_operate.html?command=get_materiel&rest_code=00149&code=00101008167&supplier_code=00100008&order_time=2023-05-14 HTTP/1.1" 200 23
116.224.158.100 - - [14/May/2023:09:10:07 +0800] "POST /xingrg/kc/buy/cgsh_order_operate.html HTTP/1.1" 200 38152
124.79.74.67 - - [14/May/2023:09:10:07 +0800] "GET /xingrg/login.html HTTP/1.1" 200 7641
124.79.74.67 - - [14/May/2023:09:10:07 +0800] "GET /xingrg/images/blue/jxLogo.png HTTP/1.1" 200 6156
124.79.74.67 - - [14/May/2023:09:10:07 +0800] "GET /xingrg/images/blue/login_bg.png HTTP/1.1" 200 22101
124.79.74.67 - - [14/May/2023:09:10:07 +0800] "GET /xingrg/images/blue/srbg.png HTTP/1.1" 200 138
124.79.74.67 - - [14/May/2023:09:10:07 +0800] "GET /xingrg/images/blue/hj.png HTTP/1.1" 200 1014
124.79.74.67 - - [14/May/2023:09:10:07 +0800] "GET /favicon.ico HTTP/1.1" 404 -
180.169.147.146 - - [14/May/2023:09:10:12 +0800] "GET /xingrg/all/function/internal_message.html?_=1684026612114&CODE_STATE=getMsg HTTP/1.1" 200 27
116.232.195.27 - - [14/May/2023:09:10:13 +0800] "GET /xingrg/all/function/internal_message.html?_=1684026663483&CODE_STATE=getMsg HTTP/1.1" 200 27
180.171.122.0 - - [14/May/2023:09:10:14 +0800] "GET /xingrg/kc/buy/cgsh_order_operate.html?command=get_materiel&rest_code=00111&code=00101008225&supplier_code=00100005&order_time=2023-05-14 HTTP/1.1" 200 417
180.163.29.219 - - [14/May/2023:09:10:14 +0800] "GET /xingrg/kc/buy/cgsh_order_operate.html?command=get_materiel&rest_code=00106&code=00101008356&supplier_code=00100007&order_time=2023-05-14 HTTP/1.1" 302 -
61.170.232.195 - - [14/May/2023:09:10:14 +0800] "GET /xingrg/all/function/internal_message.html?_=1684026610172&CODE_STATE=getMsg HTTP/1.1" 200 27
180.163.29.219 - - [14/May/2023:09:10:14 +0800] "GET /xingrg/login.html HTTP/1.1" 200 7641
124.79.74.67 - - [14/May/2023:09:10:17 +0800] "POST /xingrg/login.do HTTP/1.1" 302 -
124.79.74.67 - - [14/May/2023:09:10:17 +0800] "GET /xingrg/index.html?sysBaseUrl=http%3A%2F%2F180.169.147.146%3A18081%2Fxingrg%2F&costTime=1842×tamp=1684026617038 HTTP/1.1" 200 17179
124.79.74.67 - - [14/May/2023:09:10:17 +0800] "GET /xingrg/javascript/jquery_easy_ui/themes/default/easyui.css HTTP/1.1" 200 26500
124.79.74.67 - - [14/May/2023:09:10:17 +0800] "GET /xingrg/javascript/jquery_easy_ui/themes/icon.css HTTP/1.1" 200 3949
124.79.74.67 - - [14/May/2023:09:10:17 +0800] "GET /xingrg/css/form.css HTTP/1.1" 200 893
124.79.74.67 - - [14/May/2023:09:10:17 +0800] "GET /xingrg/javascript/jquery_easy_ui/easyui-lang-zh_CN.js HTTP/1.1" 200 1900
124.79.74.67 - - [14/May/2023:09:10:17 +0800] "GET /xingrg/javascript/jquery_easy_ui/jquery.easyui.min.js HTTP/1.1" 200 213662
124.79.74.67 - - [14/May/2023:09:10:17 +0800] "GET /xingrg/javascript/jquery-1.4.2.min.js HTTP/1.1" 200 72205
124.79.74.67 - - [14/May/2023:09:10:17 +0800] "GET /xingrg/javascript/jquery.form.js HTTP/1.1" 200 23110
124.79.74.67 - - [14/May/2023:09:10:17 +0800] "GET /xingrg/javascript/jquery.timers.js HTTP/1.1" 200 3532
124.79.74.67 - - [14/May/2023:09:10:17 +0800] "GET /xingrg/javascript/jquery.utils.js HTTP/1.1" 200 11805
124.79.74.67 - - [14/May/2023:09:10:17 +0800] "GET /xingrg/images/blue/navBackgound.jpg HTTP/1.1" 200 12378
124.79.74.67 - - [14/May/2023:09:10:17 +0800] "GET /xingrg/javascript/jquery_easy_ui/themes/icons/settle_new.png HTTP/1.1" 200 826
124.79.74.67 - - [14/May/2023:09:10:17 +0800] "GET /xingrg/images/blue/pingpu.png HTTP/1.1" 200 231
124.79.74.67 - - [14/May/2023:09:10:17 +0800] "GET /xingrg/javascript/jquery_easy_ui/themes/default/images/panel_tool_collapse.gif HTTP/1.1" 200 246
124.79.74.67 - - [14/May/2023:09:10:17 +0800] "GET /xingrg/all/function/internal_message.html?_=1684026629737&CODE_STATE=count HTTP/1.1" 200 11
124.79.74.67 - - [14/May/2023:09:10:17 +0800] "GET /xingrg/check_reg.html?_=1684026629737 HTTP/1.1" 200 22
124.79.74.67 - - [14/May/2023:09:10:17 +0800] "POST /xingrg/load_menu.html HTTP/1.1" 200 5138
124.79.74.67 - - [14/May/2023:09:10:17 +0800] "POST /xingrg/all/common/load_tree.html?tree=area_rest_tree_json&manage=1 HTTP/1.1" 200 351
124.79.74.67 - - [14/May/2023:09:10:17 +0800] "GET /xingrg/javascript/jquery_easy_ui/themes/default/images/tree_folder_open.gif HTTP/1.1" 200 956
124.79.74.67 - - [14/May/2023:09:10:17 +0800] "GET /xingrg/javascript/jquery_easy_ui/themes/default/images/tree_arrows.gif HTTP/1.1" 200 1043
124.79.74.67 - - [14/May/2023:09:10:17 +0800] "GET /xingrg/javascript/jquery_easy_ui/themes/icons/search_new.png HTTP/1.1" 200 586
124.79.74.67 - - [14/May/2023:09:10:17 +0800] "GET /xingrg/javascript/jquery_easy_ui/themes/icons/storage_new.png HTTP/1.1" 200 853
124.79.74.67 - - [14/May/2023:09:10:17 +0800] "GET /xingrg/javascript/jquery_easy_ui/themes/default/images/tree_folder.gif HTTP/1.1" 200 952
124.79.74.67 - - [14/May/2023:09:10:17 +0800] "GET /xingrg/javascript/jquery_easy_ui/themes/icons/forms_new.png HTTP/1.1" 200 350
124.79.74.67 - - [14/May/2023:09:10:18 +0800] "POST /xingrg/login.do HTTP/1.1" 302 -
114.83.218.205 - - [14/May/2023:09:10:21 +0800] "POST /xingrg/kc/buy/cgsh_order_operate.html HTTP/1.1" 200 37
124.79.74.67 - - [14/May/2023:09:10:21 +0800] "GET /xingrg/javascript/jquery_easy_ui/themes/default/images/button_plain_hover.png HTTP/1.1" 200 252
124.79.74.67 - - [14/May/2023:09:10:23 +0800] "GET /xingrg/logout.do HTTP/1.1" 302 -
124.79.74.67 - - [14/May/2023:09:10:23 +0800] "GET /xingrg/login.html?sysBaseUrl=http%3A%2F%2F180.169.147.146%3A18081%2Fxingrg%2F&costTime=31×tamp=1684026623892 HTTP/1.1" 200 7641
180.163.28.109 - - [14/May/2023:09:10:24 +0800] "GET /xingrg/kc/buy/cgsh_order_operate.html?command=get_materiel&rest_code=00106&code=00101008415&supplier_code=00100007&order_time=2023-05-14 HTTP/1.1" 302 -
180.163.28.109 - - [14/May/2023:09:10:24 +0800] "GET /xingrg/login.html HTTP/1.1" 200 7641
61.170.232.195 - - [14/May/2023:09:10:25 +0800] "GET /xingrg/kc/buy/cgsh_order_operate.html?command=get_materiel&rest_code=00106&code=00101008360&supplier_code=00100007&order_time=2023-05-14 HTTP/1.1" 200 412
114.83.219.197 - - [14/May/2023:09:10:25 +0800] "GET /xingrg/all/function/internal_message.html?_=1684026720298&CODE_STATE=getMsg HTTP/1.1" 200 27
116.235.240.236 - - [14/May/2023:09:10:25 +0800] "GET /xingrg/all/function/internal_message.html?_=1684026627212&CODE_STATE=getMsg HTTP/1.1" 200 27
114.83.218.205 - - [14/May/2023:09:10:26 +0800] "POST /xingrg/kc/buy/cgsh_order_operate.html HTTP/1.1" 200 38123
116.238.139.35 - - [14/May/2023:09:10:27 +0800] "POST /xingrg/services/DataTransmitService HTTP/1.1" 200 524
124.79.74.67 - - [14/May/2023:09:10:28 +0800] "POST /xingrg/login.do HTTP/1.1" 302 -
124.79.74.67 - - [14/May/2023:09:10:28 +0800] "GET /xingrg/index.html?sysBaseUrl=http%3A%2F%2F180.169.147.146%3A18081%2Fxingrg%2F&costTime=824×tamp=1684026628523 HTTP/1.1" 200 17503
124.79.74.67 - - [14/May/2023:09:10:28 +0800] "GET /xingrg/javascript/jquery_easy_ui/themes/default/images/panel_tool_expand.gif HTTP/1.1" 200 247
124.79.74.67 - - [14/May/2023:09:10:28 +0800] "GET /xingrg/all/function/internal_message.html?_=1684026640774&CODE_STATE=count HTTP/1.1" 200 11
124.79.74.67 - - [14/May/2023:09:10:28 +0800] "GET /xingrg/check_reg.html?_=1684026640774 HTTP/1.1" 200 22
124.79.74.67 - - [14/May/2023:09:10:28 +0800] "POST /xingrg/all/common/load_tree.html?tree=area_rest_tree_json&manage=1 HTTP/1.1" 200 1972
124.79.74.67 - - [14/May/2023:09:10:28 +0800] "POST /xingrg/load_menu.html HTTP/1.1" 200 11564
124.79.74.67 - - [14/May/2023:09:10:28 +0800] "GET /xingrg/javascript/jquery_easy_ui/themes/icons/delivery_new.png HTTP/1.1" 200 700
124.79.74.67 - - [14/May/2023:09:10:28 +0800] "GET /xingrg/javascript/jquery_easy_ui/themes/icons/checkout_new.png HTTP/1.1" 200 744
124.79.74.67 - - [14/May/2023:09:10:28 +0800] "GET /xingrg/javascript/jquery_easy_ui/themes/icons/systemset_new.png HTTP/1.1" 200 606
124.79.74.67 - - [14/May/2023:09:10:28 +0800] "GET /xingrg/javascript/jquery_easy_ui/themes/icons/setting_new.png HTTP/1.1" 200 450
124.79.74.67 - - [14/May/2023:09:10:30 +0800] "POST /xingrg/load_menu.html HTTP/1.1" 200 10483
124.79.74.67 - - [14/May/2023:09:10:30 +0800] "GET /xingrg/javascript/jquery_easy_ui/themes/default/images/tree_file.gif HTTP/1.1" 200 118
124.79.74.67 - - [14/May/2023:09:10:31 +0800] "GET /xingrg/javascript/jquery_easy_ui/themes/default/images/tabs_close.gif HTTP/1.1" 200 829
124.79.74.67 - - [14/May/2023:09:10:31 +0800] "GET /xingrg/all/report/report_query.html?fileName=dma/new_5.0/yingye/yy_hz.xml&rw=1600 HTTP/1.1" 200 56155
124.79.74.67 - - [14/May/2023:09:10:32 +0800] "GET /xingrg/css/blue.css HTTP/1.1" 200 15949
124.79.74.67 - - [14/May/2023:09:10:32 +0800] "GET /xingrg/javascript/multi_select/jqueryMultiSelect.css HTTP/1.1" 200 951
124.79.74.67 - - [14/May/2023:09:10:32 +0800] "GET /xingrg/javascript/calendar/timePicker.css HTTP/1.1" 200 523
124.79.74.67 - - [14/May/2023:09:10:32 +0800] "GET /xingrg/javascript/bigrid/fix.css HTTP/1.1" 200 1702
124.79.74.67 - - [14/May/2023:09:10:32 +0800] "GET /xingrg/javascript/pic_change.js HTTP/1.1" 200 4739
124.79.74.67 - - [14/May/2023:09:10:32 +0800] "GET /xingrg/dwr/interface/AjaxReportQueryService.js HTTP/1.1" 200 13203
124.79.74.67 - - [14/May/2023:09:10:32 +0800] "GET /xingrg/dwr/util.js HTTP/1.1" 200 35990
124.79.74.67 - - [14/May/2023:09:10:32 +0800] "GET /xingrg/javascript/myfunction.js HTTP/1.1" 200 24559
124.79.74.67 - - [14/May/2023:09:10:32 +0800] "GET /xingrg/dwr/engine.js HTTP/1.1" 200 43631
124.79.74.67 - - [14/May/2023:09:10:32 +0800] "GET /xingrg/javascript/Calendar.js HTTP/1.1" 200 31561
124.79.74.67 - - [14/May/2023:09:10:32 +0800] "GET /xingrg/javascript/jqueryMultiSelect.js HTTP/1.1" 200 11866
124.79.74.67 - - [14/May/2023:09:10:32 +0800] "GET /xingrg/javascript/calendar/jquery.timePicker.min.js HTTP/1.1" 200 2997
124.79.74.67 - - [14/May/2023:09:10:32 +0800] "GET /xingrg/javascript/bigrid/fix.js HTTP/1.1" 200 6439
124.79.74.67 - - [14/May/2023:09:10:32 +0800] "GET /xingrg/images/control/loading.gif HTTP/1.1" 200 13463
124.79.74.67 - - [14/May/2023:09:10:32 +0800] "GET /xingrg/images/blue/button/advanceover.gif HTTP/1.1" 200 1347
124.79.74.67 - - [14/May/2023:09:10:32 +0800] "GET /xingrg/images/blue/button/advance2over.gif HTTP/1.1" 200 1336
124.79.74.67 - - [14/May/2023:09:10:32 +0800] "GET /xingrg/images/blue/button/back2over.gif HTTP/1.1" 200 1335
124.79.74.67 - - [14/May/2023:09:10:32 +0800] "GET /xingrg/images/blue/button/backover.gif HTTP/1.1" 200 1348
124.79.74.67 - - [14/May/2023:09:10:32 +0800] "GET /xingrg/javascript/jquery_easy_ui/themes/icons/help.png HTTP/1.1" 200 1187
124.79.74.67 - - [14/May/2023:09:10:32 +0800] "GET /xingrg/javascript/jquery_easy_ui/themes/default/images/menu_downarrow.png HTTP/1.1" 200 173
124.79.74.67 - - [14/May/2023:09:10:32 +0800] "GET /xingrg/javascript/jquery_easy_ui/themes/default/images/menu.gif HTTP/1.1" 200 834
124.79.74.67 - - [14/May/2023:09:10:32 +0800] "GET /xingrg/javascript/jquery_easy_ui/themes/icons/pencil.png HTTP/1.1" 200 713
124.79.74.67 - - [14/May/2023:09:10:32 +0800] "GET /xingrg/javascript/jquery_easy_ui/themes/icons/print.png HTTP/1.1" 200 1057
124.79.74.67 - - [14/May/2023:09:10:32 +0800] "GET /xingrg/javascript/jquery_easy_ui/themes/default/images/menu_rightarrow.png HTTP/1.1" 200 3617
180.171.122.0 - - [14/May/2023:09:10:33 +0800] "POST /xingrg/kc/buy/cgsh_order_operate.html HTTP/1.1" 200 2065
124.79.74.67 - - [14/May/2023:09:10:34 +0800] "GET /xingrg/javascript/jquery_easy_ui/themes/default/images/combo_arrow_dot.gif HTTP/1.1" 200 79
116.224.158.100 - - [14/May/2023:09:10:34 +0800] "POST /xingrg/kc/buy/cgsh_order_operate.html HTTP/1.1" 200 37
124.79.74.67 - - [14/May/2023:09:10:34 +0800] "POST /xingrg/all/common/load_tree.html?tree=area_station_tree_json&manage=1 HTTP/1.1" 200 1906
114.85.96.117 - - [14/May/2023:09:10:35 +0800] "GET /xingrg/all/function/internal_message.html?_=1684026634992&CODE_STATE=getMsg HTTP/1.1" 200 27
116.224.158.100 - - [14/May/2023:09:10:36 +0800] "POST /xingrg/kc/buy/cgsh_order_operate.html HTTP/1.1" 200 38748
124.79.74.67 - - [14/May/2023:09:10:37 +0800] "GET /xingrg/index.html?sysBaseUrl=http%3A%2F%2F180.169.147.146%3A18081%2Fxingrg%2F&costTime=824×tamp=1684026628523 HTTP/1.1" 200 17503
124.79.74.67 - - [14/May/2023:09:10:37 +0800] "GET /xingrg/javascript/jquery_easy_ui/themes/default/easyui.css HTTP/1.1" 200 26500
124.79.74.67 - - [14/May/2023:09:10:37 +0800] "GET /xingrg/css/form.css HTTP/1.1" 200 893
124.79.74.67 - - [14/May/2023:09:10:37 +0800] "GET /xingrg/javascript/jquery.utils.js HTTP/1.1" 200 11805
124.79.74.67 - - [14/May/2023:09:10:37 +0800] "GET /xingrg/javascript/jquery_easy_ui/themes/icon.css HTTP/1.1" 200 3949
124.79.74.67 - - [14/May/2023:09:10:37 +0800] "GET /xingrg/javascript/jquery.form.js HTTP/1.1" 200 23110
124.79.74.67 - - [14/May/2023:09:10:37 +0800] "GET /xingrg/javascript/jquery_easy_ui/jquery.easyui.min.js HTTP/1.1" 200 213662
124.79.74.67 - - [14/May/2023:09:10:37 +0800] "GET /xingrg/javascript/jquery-1.4.2.min.js HTTP/1.1" 200 72205
124.79.74.67 - - [14/May/2023:09:10:37 +0800] "GET /xingrg/javascript/jquery_easy_ui/easyui-lang-zh_CN.js HTTP/1.1" 200 1900
124.79.74.67 - - [14/May/2023:09:10:37 +0800] "GET /xingrg/javascript/jquery.timers.js HTTP/1.1" 200 3532
124.79.74.67 - - [14/May/2023:09:10:37 +0800] "GET /xingrg/images/blue/jxLogo.png HTTP/1.1" 200 6156
124.79.74.67 - - [14/May/2023:09:10:37 +0800] "GET /xingrg/all/function/internal_message.html?_=1684026649612&CODE_STATE=count HTTP/1.1" 200 11
124.79.74.67 - - [14/May/2023:09:10:37 +0800] "GET /xingrg/check_reg.html?_=1684026649613 HTTP/1.1" 200 22
124.79.74.67 - - [14/May/2023:09:10:37 +0800] "GET /xingrg/images/blue/pingpu.png HTTP/1.1" 200 231
124.79.74.67 - - [14/May/2023:09:10:37 +0800] "GET /xingrg/images/blue/navBackgound.jpg HTTP/1.1" 200 12378
124.79.74.67 - - [14/May/2023:09:10:37 +0800] "GET /xingrg/javascript/jquery_easy_ui/themes/icons/settle_new.png HTTP/1.1" 200 826
124.79.74.67 - - [14/May/2023:09:10:37 +0800] "GET /xingrg/javascript/jquery_easy_ui/themes/default/images/tabs_rightarrow.png HTTP/1.1" 200 395
124.79.74.67 - - [14/May/2023:09:10:37 +0800] "GET /xingrg/javascript/jquery_easy_ui/themes/default/images/tabs_leftarrow.png HTTP/1.1" 200 389
124.79.74.67 - - [14/May/2023:09:10:37 +0800] "GET /xingrg/javascript/jquery_easy_ui/themes/default/images/panel_tool_collapse.gif HTTP/1.1" 200 246
124.79.74.67 - - [14/May/2023:09:10:37 +0800] "GET /xingrg/javascript/jquery_easy_ui/themes/default/images/panel_tool_expand.gif HTTP/1.1" 200 247
124.79.74.67 - - [14/May/2023:09:10:37 +0800] "POST /xingrg/all/common/load_tree.html?tree=area_rest_tree_json&manage=1 HTTP/1.1" 200 1972
124.79.74.67 - - [14/May/2023:09:10:37 +0800] "GET /xingrg/javascript/jquery_easy_ui/themes/default/images/tree_arrows.gif HTTP/1.1" 200 1043
124.79.74.67 - - [14/May/2023:09:10:37 +0800] "GET /xingrg/javascript/jquery_easy_ui/themes/icons/area.png HTTP/1.1" 200 262
124.79.74.67 - - [14/May/2023:09:10:37 +0800] "GET /xingrg/javascript/jquery_easy_ui/themes/default/images/tree_folder_open.gif HTTP/1.1" 200 956
124.79.74.67 - - [14/May/2023:09:10:37 +0800] "GET /xingrg/javascript/jquery_easy_ui/themes/icons/manage.png HTTP/1.1" 200 696
124.79.74.67 - - [14/May/2023:09:10:37 +0800] "GET /xingrg/javascript/jquery_easy_ui/themes/icons/rest.png HTTP/1.1" 200 695
124.79.74.67 - - [14/May/2023:09:10:37 +0800] "POST /xingrg/load_menu.html HTTP/1.1" 200 11564
124.79.74.67 - - [14/May/2023:09:10:37 +0800] "GET /xingrg/javascript/jquery_easy_ui/themes/icons/search_new.png HTTP/1.1" 200 586
124.79.74.67 - - [14/May/2023:09:10:37 +0800] "GET /xingrg/javascript/jquery_easy_ui/themes/icons/storage_new.png HTTP/1.1" 200 853
124.79.74.67 - - [14/May/2023:09:10:37 +0800] "GET /xingrg/javascript/jquery_easy_ui/themes/icons/delivery_new.png HTTP/1.1" 200 700
124.79.74.67 - - [14/May/2023:09:10:37 +0800] "GET /xingrg/javascript/jquery_easy_ui/themes/icons/checkout_new.png HTTP/1.1" 200 744
124.79.74.67 - - [14/May/2023:09:10:37 +0800] "GET /xingrg/javascript/jquery_easy_ui/themes/icons/forms_new.png HTTP/1.1" 200 350
124.79.74.67 - - [14/May/2023:09:10:37 +0800] "GET /xingrg/javascript/jquery_easy_ui/themes/icons/setting_new.png HTTP/1.1" 200 450
124.79.74.67 - - [14/May/2023:09:10:37 +0800] "GET /xingrg/javascript/jquery_easy_ui/themes/icons/systemset_new.png HTTP/1.1" 200 606
124.79.74.67 - - [14/May/2023:09:10:37 +0800] "GET /xingrg/javascript/jquery_easy_ui/themes/default/images/tree_file.gif HTTP/1.1" 200 118
124.79.74.67 - - [14/May/2023:09:10:37 +0800] "GET /xingrg/javascript/jquery_easy_ui/themes/default/images/tree_folder.gif HTTP/1.1" 200 952
114.93.35.223 - - [14/May/2023:09:10:39 +0800] "GET /xingrg/all/function/internal_message.html?_=1684026639676&CODE_STATE=getMsg HTTP/1.1" 200 27
114.93.35.223 - - [14/May/2023:09:10:39 +0800] "GET /xingrg/check_reg.html?_=1684026639678 HTTP/1.1" 200 22
