180.171.122.0 - - [14/May/2023:11:14:27 +0800] "GET /xingrg/kc/buy/cgsh_order_operate.html?command=get_materiel&rest_code=00111&code=00101010327&supplier_code=00100327&order_time=2023-05-14 HTTP/1.1" 200 417
114.83.218.205 - - [14/May/2023:11:14:28 +0800] "GET /xingrg/all/function/internal_message.html?_=1684034068934&CODE_STATE=getMsg HTTP/1.1" 200 27
124.79.240.114 - - [14/May/2023:11:14:30 +0800] "GET /xingrg/check_reg.html?_=1684034347979 HTTP/1.1" 200 22
124.79.240.114 - - [14/May/2023:11:14:30 +0800] "GET /xingrg/all/function/internal_message.html?_=1684034347977&CODE_STATE=getMsg HTTP/1.1" 200 27
116.235.240.236 - - [14/May/2023:11:14:31 +0800] "GET /xingrg/all/function/internal_message.html?_=1684034073470&CODE_STATE=getMsg HTTP/1.1" 200 27
222.67.238.82 - - [14/May/2023:11:14:32 +0800] "POST /xingrg/kc/buy/cgsh_order_operate.html HTTP/1.1" 200 12
222.67.238.82 - - [14/May/2023:11:14:33 +0800] "GET /xingrg/all/function/internal_message.html?_=1684034073260&CODE_STATE=getMsg HTTP/1.1" 200 27
114.85.96.117 - - [14/May/2023:11:14:33 +0800] "GET /xingrg/all/function/internal_message.html?_=1684034073238&CODE_STATE=getMsg HTTP/1.1" 200 27
222.67.238.82 - - [14/May/2023:11:14:34 +0800] "GET /xingrg/kc/buy/cgsh_order_info.html?code=212023051405081 HTTP/1.1" 200 66279
222.67.238.82 - - [14/May/2023:11:14:34 +0800] "GET /xingrg/javascript/easyui/themes/default/validatebox.css HTTP/1.1" 404 1104
124.79.74.67 - - [14/May/2023:11:14:35 +0800] "GET /xingrg/all/function/internal_message.html?_=1684034087689&CODE_STATE=getMsg HTTP/1.1" 200 27
124.79.74.67 - - [14/May/2023:11:14:35 +0800] "GET /xingrg/check_reg.html?_=1684034087690 HTTP/1.1" 200 22
222.67.238.82 - - [14/May/2023:11:14:35 +0800] "POST /xingrg/kc/buy/cgsh_order_operate.html HTTP/1.1" 200 603
222.67.238.82 - - [14/May/2023:11:14:36 +0800] "GET /xingrg/kc/print/load_config.html?kc_code=cgsh HTTP/1.1" 200 1925
222.67.238.82 - - [14/May/2023:11:14:36 +0800] "GET /xingrg/kc/print/load_data.html?order_code=212023051405081&kc_code=cgsh&condition= HTTP/1.1" 200 713
114.93.35.223 - - [14/May/2023:11:14:39 +0800] "GET /xingrg/all/function/internal_message.html?_=1684034079760&CODE_STATE=getMsg HTTP/1.1" 200 27
180.171.122.0 - - [14/May/2023:11:14:39 +0800] "GET /xingrg/all/function/internal_message.html?_=1684034076056&CODE_STATE=getMsg HTTP/1.1" 200 27
222.67.238.82 - - [14/May/2023:11:14:40 +0800] "GET /xingrg/kc/buy/cgsh_order_add.html HTTP/1.1" 200 71364
222.67.238.82 - - [14/May/2023:11:14:41 +0800] "POST /xingrg/kc/buy/cgsh_order_operate.html HTTP/1.1" 200 8245
222.67.238.82 - - [14/May/2023:11:14:41 +0800] "GET /xingrg/all/common/auto_word.html?type=employee&rest_code=00141 HTTP/1.1" 200 201
222.67.238.82 - - [14/May/2023:11:14:41 +0800] "GET /xingrg/javascript/easyui/themes/default/validatebox.css HTTP/1.1" 404 1104
222.67.238.82 - - [14/May/2023:11:14:41 +0800] "GET /xingrg/all/common/auto_word.html?type=employee&rest_code=00141 HTTP/1.1" 200 201
180.171.122.0 - - [14/May/2023:11:14:42 +0800] "POST /xingrg/kc/buy/cgsh_order_operate.html HTTP/1.1" 200 37
180.163.28.55 - - [14/May/2023:11:14:42 +0800] "GET /xingrg/check_reg.html?_=1684034018098 HTTP/1.1" 302 -
172.20.0.100 - - [14/May/2023:11:14:42 +0800] "GET /xingrg/check_reg.html?_=1684034100602 HTTP/1.1" 302 -
180.163.28.55 - - [14/May/2023:11:14:42 +0800] "GET /xingrg/login.html HTTP/1.1" 200 7641
222.67.238.82 - - [14/May/2023:11:14:42 +0800] "GET /xingrg/javascript/jquery_tools/images/next.gif HTTP/1.1" 404 1086
222.67.238.82 - - [14/May/2023:11:14:42 +0800] "GET /xingrg/javascript/jquery_tools/images/prev.gif HTTP/1.1" 404 1086
61.170.232.195 - - [14/May/2023:11:14:45 +0800] "GET /xingrg/all/function/internal_message.html?_=1684034081602&CODE_STATE=getMsg HTTP/1.1" 200 27
116.224.158.100 - - [14/May/2023:11:14:46 +0800] "GET /xingrg/all/function/internal_message.html?_=1684034086792&CODE_STATE=getMsg HTTP/1.1" 200 27
116.224.158.100 - - [14/May/2023:11:14:48 +0800] "GET /xingrg/check_reg.html?_=1684034088376 HTTP/1.1" 200 22
222.67.238.82 - - [14/May/2023:11:14:49 +0800] "GET /xingrg/kc/buy/cgsh_order_operate.html?command=get_materiel&rest_code=00141&code=00101001037&supplier_code=00100090&order_time=2023-05-14 HTTP/1.1" 200 416
180.169.147.146 - - [14/May/2023:11:14:51 +0800] "GET /xingrg/all/function/internal_message.html?_=1684034089619&CODE_STATE=getMsg HTTP/1.1" 200 27
116.228.172.94 - - [14/May/2023:11:14:54 +0800] "GET /xingrg/check_reg.html?_=1684033902243 HTTP/1.1" 302 -
114.85.113.108 - - [14/May/2023:11:14:57 +0800] "GET /xingrg/all/function/internal_message.html?_=1684034095412&CODE_STATE=getMsg HTTP/1.1" 200 27
101.229.22.40 - - [14/May/2023:11:14:58 +0800] "GET /xingrg/check_reg.html?_=1684034096689 HTTP/1.1" 200 22
101.229.22.40 - - [14/May/2023:11:14:58 +0800] "GET /xingrg/all/function/internal_message.html?_=1684034096690&CODE_STATE=getMsg HTTP/1.1" 200 27
222.67.238.82 - - [14/May/2023:11:15:01 +0800] "GET /xingrg/kc/buy/cgsh_order_operate.html?command=get_materiel&rest_code=00141&code=00101001140&supplier_code=00100090&order_time=2023-05-14 HTTP/1.1" 200 417
116.238.139.35 - - [14/May/2023:11:15:06 +0800] "GET /xingrg/all/function/internal_message.html?_=1684034105648&CODE_STATE=getMsg HTTP/1.1" 200 27
180.164.3.199 - - [14/May/2023:11:15:08 +0800] "GET /xingrg/all/function/internal_message.html?_=1684034108252&CODE_STATE=getMsg HTTP/1.1" 200 27
180.171.122.0 - - [14/May/2023:11:15:09 +0800] "POST /xingrg/kc/buy/cgsh_order_operate.html HTTP/1.1" 200 3859
116.232.195.27 - - [14/May/2023:11:15:11 +0800] "GET /xingrg/all/function/internal_message.html?_=1684034161183&CODE_STATE=getMsg HTTP/1.1" 200 27
222.67.238.82 - - [14/May/2023:11:15:11 +0800] "GET /xingrg/kc/buy/cgsh_order_operate.html?command=get_materiel&rest_code=00141&code=00101001125&supplier_code=00100090&order_time=2023-05-14 HTTP/1.1" 200 417
180.169.147.146 - - [14/May/2023:11:15:12 +0800] "GET /xingrg/all/function/internal_message.html?_=1684034112108&CODE_STATE=getMsg HTTP/1.1" 200 27
180.171.122.0 - - [14/May/2023:11:15:17 +0800] "GET /xingrg/kc/print/load_data.html?order_code=212023051405082&kc_code=cgsh&condition= HTTP/1.1" 200 1138
116.235.240.236 - - [14/May/2023:11:15:22 +0800] "POST /xingrg/kc/buy/cgsh_order_operate.html HTTP/1.1" 200 37
222.67.238.82 - - [14/May/2023:11:15:24 +0800] "GET /xingrg/kc/buy/cgsh_order_operate.html?command=get_materiel&rest_code=00141&code=00101004104&supplier_code=00100090&order_time=2023-05-14 HTTP/1.1" 200 428
116.235.240.236 - - [14/May/2023:11:15:25 +0800] "POST /xingrg/kc/buy/cgsh_order_operate.html HTTP/1.1" 200 7374
114.83.219.197 - - [14/May/2023:11:15:25 +0800] "GET /xingrg/all/function/internal_message.html?_=1684034220292&CODE_STATE=getMsg HTTP/1.1" 200 27
116.224.158.100 - - [14/May/2023:11:15:25 +0800] "GET /xingrg/all/function/internal_message.html?_=1684033961409&CODE_STATE=getMsg HTTP/1.1" 200 27
116.235.240.236 - - [14/May/2023:11:15:28 +0800] "GET /xingrg/kc/print/load_data.html?order_code=212023051405083&kc_code=cgsh&condition= HTTP/1.1" 200 2477
114.83.218.205 - - [14/May/2023:11:15:28 +0800] "GET /xingrg/all/function/internal_message.html?_=1684034128921&CODE_STATE=getMsg HTTP/1.1" 200 27
124.79.240.114 - - [14/May/2023:11:15:30 +0800] "GET /xingrg/all/function/internal_message.html?_=1684034407977&CODE_STATE=getMsg HTTP/1.1" 200 27
116.235.240.236 - - [14/May/2023:11:15:31 +0800] "GET /xingrg/all/function/internal_message.html?_=1684034133484&CODE_STATE=getMsg HTTP/1.1" 200 27
222.67.238.82 - - [14/May/2023:11:15:33 +0800] "GET /xingrg/all/function/internal_message.html?_=1684034133262&CODE_STATE=getMsg HTTP/1.1" 200 27
114.85.96.117 - - [14/May/2023:11:15:33 +0800] "GET /xingrg/all/function/internal_message.html?_=1684034133217&CODE_STATE=getMsg HTTP/1.1" 200 27
124.79.74.67 - - [14/May/2023:11:15:35 +0800] "GET /xingrg/all/function/internal_message.html?_=1684034147692&CODE_STATE=getMsg HTTP/1.1" 200 27
114.93.35.223 - - [14/May/2023:11:15:39 +0800] "GET /xingrg/check_reg.html?_=1684034139763 HTTP/1.1" 200 22
114.93.35.223 - - [14/May/2023:11:15:39 +0800] "GET /xingrg/all/function/internal_message.html?_=1684034139765&CODE_STATE=getMsg HTTP/1.1" 200 27
180.171.122.0 - - [14/May/2023:11:15:39 +0800] "GET /xingrg/check_reg.html?_=1684034135972 HTTP/1.1" 200 22
180.171.122.0 - - [14/May/2023:11:15:39 +0800] "GET /xingrg/all/function/internal_message.html?_=1684034136037&CODE_STATE=getMsg HTTP/1.1" 200 27
116.235.240.236 - - [14/May/2023:11:15:42 +0800] "GET /xingrg/kc/buy/cgsh_order_add.html HTTP/1.1" 200 71364
116.235.240.236 - - [14/May/2023:11:15:44 +0800] "POST /xingrg/kc/buy/cgsh_order_operate.html HTTP/1.1" 200 8245
116.235.240.236 - - [14/May/2023:11:15:44 +0800] "GET /xingrg/javascript/easyui/themes/default/validatebox.css HTTP/1.1" 404 1104
180.163.28.55 - - [14/May/2023:11:15:45 +0800] "GET /xingrg/all/function/internal_message.html?_=1684034081602&CODE_STATE=getMsg HTTP/1.1" 302 -
180.163.28.55 - - [14/May/2023:11:15:45 +0800] "GET /xingrg/login.html HTTP/1.1" 200 7641
61.170.232.195 - - [14/May/2023:11:15:45 +0800] "GET /xingrg/all/function/internal_message.html?_=1684034141573&CODE_STATE=getMsg HTTP/1.1" 200 27
116.224.158.100 - - [14/May/2023:11:15:46 +0800] "GET /xingrg/all/function/internal_message.html?_=1684034146767&CODE_STATE=getMsg HTTP/1.1" 200 27
222.67.238.82 - - [14/May/2023:11:15:48 +0800] "POST /xingrg/kc/buy/cgsh_order_operate.html HTTP/1.1" 200 37
180.169.147.146 - - [14/May/2023:11:15:51 +0800] "GET /xingrg/all/function/internal_message.html?_=1684034149603&CODE_STATE=getMsg HTTP/1.1" 200 27
114.85.96.117 - - [14/May/2023:11:15:55 +0800] "GET /xingrg/check_reg.html?_=1684034155666 HTTP/1.1" 200 22
222.67.238.82 - - [14/May/2023:11:15:57 +0800] "POST /xingrg/kc/buy/cgsh_order_operate.html HTTP/1.1" 200 12
114.85.113.108 - - [14/May/2023:11:15:57 +0800] "GET /xingrg/all/function/internal_message.html?_=1684034155397&CODE_STATE=getMsg HTTP/1.1" 200 27
101.229.22.40 - - [14/May/2023:11:15:58 +0800] "GET /xingrg/all/function/internal_message.html?_=1684034156690&CODE_STATE=getMsg HTTP/1.1" 200 27
222.67.238.82 - - [14/May/2023:11:15:59 +0800] "GET /xingrg/kc/buy/cgsh_order_info.html?code=212023051405084 HTTP/1.1" 200 66277
222.67.238.82 - - [14/May/2023:11:15:59 +0800] "GET /xingrg/javascript/easyui/themes/default/validatebox.css HTTP/1.1" 404 1104
222.67.238.82 - - [14/May/2023:11:16:00 +0800] "POST /xingrg/kc/buy/cgsh_order_operate.html HTTP/1.1" 200 2401
222.67.238.82 - - [14/May/2023:11:16:00 +0800] "GET /xingrg/kc/print/load_config.html?kc_code=cgsh HTTP/1.1" 200 1925
222.67.238.82 - - [14/May/2023:11:16:01 +0800] "GET /xingrg/kc/print/load_data.html?order_code=212023051405084&kc_code=cgsh&condition= HTTP/1.1" 200 1473
116.235.240.236 - - [14/May/2023:11:16:05 +0800] "GET /xingrg/kc/buy/cgsh_order_operate.html?command=get_materiel&rest_code=00146&code=00101009118&supplier_code=00100023&order_time=2023-05-14 HTTP/1.1" 200 406
222.67.238.82 - - [14/May/2023:11:16:05 +0800] "GET /xingrg/kc/buy/cgsh_order_add.html HTTP/1.1" 200 71364
222.67.238.82 - - [14/May/2023:11:16:05 +0800] "POST /xingrg/kc/buy/cgsh_order_operate.html HTTP/1.1" 200 8245
222.67.238.82 - - [14/May/2023:11:16:06 +0800] "GET /xingrg/javascript/easyui/themes/default/validatebox.css HTTP/1.1" 404 1104
222.67.238.82 - - [14/May/2023:11:16:06 +0800] "GET /xingrg/all/common/auto_word.html?type=employee&rest_code=00141 HTTP/1.1" 200 201
222.67.238.82 - - [14/May/2023:11:16:06 +0800] "GET /xingrg/all/common/auto_word.html?type=employee&rest_code=00141 HTTP/1.1" 200 201
116.238.139.35 - - [14/May/2023:11:16:06 +0800] "GET /xingrg/all/function/internal_message.html?_=1684034165640&CODE_STATE=getMsg HTTP/1.1" 200 27
222.67.238.82 - - [14/May/2023:11:16:07 +0800] "GET /xingrg/javascript/jquery_tools/images/prev.gif HTTP/1.1" 404 1086
222.67.238.82 - - [14/May/2023:11:16:07 +0800] "GET /xingrg/javascript/jquery_tools/images/next.gif HTTP/1.1" 404 1086
180.164.3.199 - - [14/May/2023:11:16:08 +0800] "GET /xingrg/check_reg.html?_=1684034168249 HTTP/1.1" 200 22
180.164.3.199 - - [14/May/2023:11:16:08 +0800] "GET /xingrg/all/function/internal_message.html?_=1684034168251&CODE_STATE=getMsg HTTP/1.1" 200 27
116.232.195.27 - - [14/May/2023:11:16:11 +0800] "GET /xingrg/all/function/internal_message.html?_=1684034221160&CODE_STATE=getMsg HTTP/1.1" 200 27
180.169.147.146 - - [14/May/2023:11:16:12 +0800] "GET /xingrg/all/function/internal_message.html?_=1684034172099&CODE_STATE=getMsg HTTP/1.1" 200 27
116.235.240.236 - - [14/May/2023:11:16:12 +0800] "GET /xingrg/check_reg.html?_=1684034173981 HTTP/1.1" 200 22
116.235.240.236 - - [14/May/2023:11:16:19 +0800] "GET /xingrg/kc/buy/cgsh_order_operate.html?command=get_materiel&rest_code=00146&code=00101009031&supplier_code=00100023&order_time=2023-05-14 HTTP/1.1" 200 408
222.67.238.82 - - [14/May/2023:11:16:20 +0800] "GET /xingrg/kc/buy/cgsh_order_operate.html?command=get_materiel&rest_code=00141&code=00101010885&supplier_code=00100336&order_time=2023-05-14 HTTP/1.1" 200 423
218.81.75.184 - - [14/May/2023:11:16:23 +0800] "GET /xingrg/check_reg.html?_=1684034183392 HTTP/1.1" 200 22
114.83.219.197 - - [14/May/2023:11:16:25 +0800] "GET /xingrg/all/function/internal_message.html?_=1684034280298&CODE_STATE=getMsg HTTP/1.1" 200 27
116.224.158.100 - - [14/May/2023:11:16:25 +0800] "GET /xingrg/all/function/internal_message.html?_=1684034021414&CODE_STATE=getMsg HTTP/1.1" 200 27
116.224.158.100 - - [14/May/2023:11:16:25 +0800] "GET /xingrg/check_reg.html?_=1684034021418 HTTP/1.1" 200 22
114.83.218.205 - - [14/May/2023:11:16:28 +0800] "GET /xingrg/all/function/internal_message.html?_=1684034188909&CODE_STATE=getMsg HTTP/1.1" 200 27
124.79.240.114 - - [14/May/2023:11:16:30 +0800] "GET /xingrg/all/function/internal_message.html?_=1684034467975&CODE_STATE=getMsg HTTP/1.1" 200 27
116.235.240.236 - - [14/May/2023:11:16:31 +0800] "GET /xingrg/all/function/internal_message.html?_=1684034193498&CODE_STATE=getMsg HTTP/1.1" 200 27
222.67.238.82 - - [14/May/2023:11:16:32 +0800] "GET /xingrg/kc/buy/cgsh_order_operate.html?command=get_materiel&rest_code=00141&code=00101010885&supplier_code=00100336&order_time=2023-05-14 HTTP/1.1" 200 423
114.85.96.117 - - [14/May/2023:11:16:33 +0800] "GET /xingrg/all/function/internal_message.html?_=1684034193210&CODE_STATE=getMsg HTTP/1.1" 200 27
222.67.238.82 - - [14/May/2023:11:16:33 +0800] "GET /xingrg/check_reg.html?_=1684034193277 HTTP/1.1" 200 22
222.67.238.82 - - [14/May/2023:11:16:33 +0800] "GET /xingrg/all/function/internal_message.html?_=1684034193275&CODE_STATE=getMsg HTTP/1.1" 200 27
180.171.122.0 - - [14/May/2023:11:16:34 +0800] "GET /xingrg/kc/buy/cgsh_order_add.html HTTP/1.1" 200 71320
124.79.74.67 - - [14/May/2023:11:16:35 +0800] "GET /xingrg/all/function/internal_message.html?_=1684034207694&CODE_STATE=getMsg HTTP/1.1" 200 27
180.171.122.0 - - [14/May/2023:11:16:35 +0800] "POST /xingrg/kc/buy/cgsh_order_operate.html HTTP/1.1" 200 8245
180.171.122.0 - - [14/May/2023:11:16:35 +0800] "GET /xingrg/javascript/easyui/themes/default/validatebox.css HTTP/1.1" 404 1104
114.93.35.223 - - [14/May/2023:11:16:39 +0800] "GET /xingrg/all/function/internal_message.html?_=1684034199754&CODE_STATE=getMsg HTTP/1.1" 200 27
180.171.122.0 - - [14/May/2023:11:16:39 +0800] "GET /xingrg/all/function/internal_message.html?_=1684034196030&CODE_STATE=getMsg HTTP/1.1" 200 27
222.67.238.82 - - [14/May/2023:11:16:44 +0800] "POST /xingrg/kc/buy/cgsh_order_operate.html HTTP/1.1" 200 37
116.235.240.236 - - [14/May/2023:11:16:44 +0800] "GET /xingrg/kc/buy/cgsh_order_operate.html?command=get_materiel&rest_code=00146&code=00101009161&supplier_code=00100023&order_time=2023-05-14 HTTP/1.1" 200 417
180.163.30.27 - - [14/May/2023:11:16:45 +0800] "GET /xingrg/all/function/internal_message.html?_=1684034141573&CODE_STATE=getMsg HTTP/1.1" 302 -
180.163.30.27 - - [14/May/2023:11:16:45 +0800] "GET /xingrg/login.html HTTP/1.1" 200 7641
61.170.232.195 - - [14/May/2023:11:16:45 +0800] "GET /xingrg/all/function/internal_message.html?_=1684034201546&CODE_STATE=getMsg HTTP/1.1" 200 27
116.224.158.100 - - [14/May/2023:11:16:46 +0800] "GET /xingrg/all/function/internal_message.html?_=1684034206741&CODE_STATE=getMsg HTTP/1.1" 200 27
222.67.238.82 - - [14/May/2023:11:16:50 +0800] "POST /xingrg/kc/buy/cgsh_order_operate.html HTTP/1.1" 200 12
180.169.147.146 - - [14/May/2023:11:16:51 +0800] "GET /xingrg/all/function/internal_message.html?_=1684034209586&CODE_STATE=getMsg HTTP/1.1" 200 27
222.67.238.82 - - [14/May/2023:11:16:52 +0800] "GET /xingrg/kc/buy/cgsh_order_info.html?code=212023051405085 HTTP/1.1" 200 66273
222.67.238.82 - - [14/May/2023:11:16:52 +0800] "GET /xingrg/javascript/easyui/themes/default/validatebox.css HTTP/1.1" 404 1104
180.169.147.146 - - [14/May/2023:11:16:53 +0800] "GET /xingrg/check_reg.html?_=1684034211179 HTTP/1.1" 200 22
222.67.238.82 - - [14/May/2023:11:16:53 +0800] "POST /xingrg/kc/buy/cgsh_order_operate.html HTTP/1.1" 200 1219
222.67.238.82 - - [14/May/2023:11:16:54 +0800] "GET /xingrg/kc/print/load_config.html?kc_code=cgsh HTTP/1.1" 200 1925
222.67.238.82 - - [14/May/2023:11:16:54 +0800] "GET /xingrg/kc/print/load_data.html?order_code=212023051405085&kc_code=cgsh&condition= HTTP/1.1" 200 953
114.85.113.108 - - [14/May/2023:11:16:57 +0800] "GET /xingrg/all/function/internal_message.html?_=1684034215365&CODE_STATE=getMsg HTTP/1.1" 200 27
101.229.22.40 - - [14/May/2023:11:16:58 +0800] "GET /xingrg/all/function/internal_message.html?_=1684034216693&CODE_STATE=getMsg HTTP/1.1" 200 27
222.67.238.82 - - [14/May/2023:11:16:58 +0800] "GET /xingrg/kc/buy/cgsh_order_add.html HTTP/1.1" 200 71364
222.67.238.82 - - [14/May/2023:11:16:58 +0800] "POST /xingrg/kc/buy/cgsh_order_operate.html HTTP/1.1" 200 8245
222.67.238.82 - - [14/May/2023:11:16:58 +0800] "GET /xingrg/all/common/auto_word.html?type=employee&rest_code=00141 HTTP/1.1" 200 201
222.67.238.82 - - [14/May/2023:11:16:58 +0800] "GET /xingrg/javascript/easyui/themes/default/validatebox.css HTTP/1.1" 404 1104
222.67.238.82 - - [14/May/2023:11:16:58 +0800] "GET /xingrg/all/common/auto_word.html?type=employee&rest_code=00141 HTTP/1.1" 200 201
116.235.240.236 - - [14/May/2023:11:17:00 +0800] "POST /xingrg/kc/buy/cgsh_order_operate.html HTTP/1.1" 200 37
222.67.238.82 - - [14/May/2023:11:17:00 +0800] "GET /xingrg/javascript/jquery_tools/images/prev.gif HTTP/1.1" 404 1086
222.67.238.82 - - [14/May/2023:11:17:00 +0800] "GET /xingrg/javascript/jquery_tools/images/next.gif HTTP/1.1" 404 1086
116.235.240.236 - - [14/May/2023:11:17:03 +0800] "POST /xingrg/kc/buy/cgsh_order_operate.html HTTP/1.1" 200 3831
222.67.238.82 - - [14/May/2023:11:17:06 +0800] "GET /xingrg/kc/buy/cgsh_order_operate.html?command=get_materiel&rest_code=00141&code=00101001008&supplier_code=00100482&order_time=2023-05-14 HTTP/1.1" 200 415
116.238.139.35 - - [14/May/2023:11:17:06 +0800] "GET /xingrg/all/function/internal_message.html?_=1684034225640&CODE_STATE=getMsg HTTP/1.1" 200 27
116.235.240.236 - - [14/May/2023:11:17:07 +0800] "GET /xingrg/kc/print/load_data.html?order_code=212023051405086&kc_code=cgsh&condition= HTTP/1.1" 200 1139
180.164.3.199 - - [14/May/2023:11:17:08 +0800] "GET /xingrg/all/function/internal_message.html?_=1684034228262&CODE_STATE=getMsg HTTP/1.1" 200 27
116.232.195.27 - - [14/May/2023:11:17:11 +0800] "GET /xingrg/all/function/internal_message.html?_=1684034281158&CODE_STATE=getMsg HTTP/1.1" 200 27
116.232.195.27 - - [14/May/2023:11:17:11 +0800] "GET /xingrg/check_reg.html?_=1684034281159 HTTP/1.1" 200 22
180.169.147.146 - - [14/May/2023:11:17:12 +0800] "GET /xingrg/all/function/internal_message.html?_=1684034232105&CODE_STATE=getMsg HTTP/1.1" 200 27
116.235.240.236 - - [14/May/2023:11:17:17 +0800] "GET /xingrg/kc/buy/cgsh_order_add.html HTTP/1.1" 200 71364
116.235.240.236 - - [14/May/2023:11:17:18 +0800] "POST /xingrg/kc/buy/cgsh_order_operate.html HTTP/1.1" 200 8245
116.235.240.236 - - [14/May/2023:11:17:18 +0800] "GET /xingrg/javascript/easyui/themes/default/validatebox.css HTTP/1.1" 404 1104
222.67.238.82 - - [14/May/2023:11:17:22 +0800] "POST /xingrg/kc/buy/cgsh_order_operate.html HTTP/1.1" 200 37
180.171.122.0 - - [14/May/2023:11:17:24 +0800] "GET /xingrg/kc/buy/cgsh_order_operate.html?command=get_materiel&rest_code=00111&code=00101007032&supplier_code=00100328&order_time=2023-05-14 HTTP/1.1" 200 413
114.83.219.197 - - [14/May/2023:11:17:25 +0800] "GET /xingrg/all/function/internal_message.html?_=1684034340297&CODE_STATE=getMsg HTTP/1.1" 200 27
116.224.158.100 - - [14/May/2023:11:17:25 +0800] "GET /xingrg/all/function/internal_message.html?_=1684034081419&CODE_STATE=getMsg HTTP/1.1" 200 27
222.67.238.82 - - [14/May/2023:11:17:28 +0800] "POST /xingrg/kc/buy/cgsh_order_operate.html HTTP/1.1" 200 12
114.83.218.205 - - [14/May/2023:11:17:28 +0800] "GET /xingrg/all/function/internal_message.html?_=1684034248883&CODE_STATE=getMsg HTTP/1.1" 200 27
222.67.238.82 - - [14/May/2023:11:17:30 +0800] "GET /xingrg/kc/buy/cgsh_order_info.html?code=212023051405087 HTTP/1.1" 200 66281
222.67.238.82 - - [14/May/2023:11:17:30 +0800] "GET /xingrg/javascript/easyui/themes/default/validatebox.css HTTP/1.1" 404 1104
124.79.240.114 - - [14/May/2023:11:17:30 +0800] "GET /xingrg/all/function/internal_message.html?_=1684034527973&CODE_STATE=getMsg HTTP/1.1" 200 27
222.67.238.82 - - [14/May/2023:11:17:31 +0800] "POST /xingrg/kc/buy/cgsh_order_operate.html HTTP/1.1" 200 612
116.235.240.236 - - [14/May/2023:11:17:31 +0800] "GET /xingrg/all/function/internal_message.html?_=1684034253595&CODE_STATE=getMsg HTTP/1.1" 200 27
222.67.238.82 - - [14/May/2023:11:17:32 +0800] "GET /xingrg/kc/print/load_config.html?kc_code=cgsh HTTP/1.1" 200 1925
222.67.238.82 - - [14/May/2023:11:17:32 +0800] "GET /xingrg/kc/print/load_data.html?order_code=212023051405087&kc_code=cgsh&condition= HTTP/1.1" 200 714
114.85.96.117 - - [14/May/2023:11:17:33 +0800] "GET /xingrg/all/function/internal_message.html?_=1684034253208&CODE_STATE=getMsg HTTP/1.1" 200 27
222.67.238.82 - - [14/May/2023:11:17:35 +0800] "GET /xingrg/all/function/internal_message.html?_=1684034254988&CODE_STATE=getMsg HTTP/1.1" 200 27
124.79.74.67 - - [14/May/2023:11:17:35 +0800] "GET /xingrg/all/function/internal_message.html?_=1684034267697&CODE_STATE=getMsg HTTP/1.1" 200 27
222.67.238.82 - - [14/May/2023:11:17:36 +0800] "GET /xingrg/kc/buy/cgsh_order_add.html HTTP/1.1" 200 71364
222.67.238.82 - - [14/May/2023:11:17:36 +0800] "POST /xingrg/kc/buy/cgsh_order_operate.html HTTP/1.1" 200 8245
222.67.238.82 - - [14/May/2023:11:17:37 +0800] "GET /xingrg/all/common/auto_word.html?type=employee&rest_code=00141 HTTP/1.1" 200 201
222.67.238.82 - - [14/May/2023:11:17:37 +0800] "GET /xingrg/javascript/easyui/themes/default/validatebox.css HTTP/1.1" 404 1104
222.67.238.82 - - [14/May/2023:11:17:37 +0800] "GET /xingrg/all/common/auto_word.html?type=employee&rest_code=00141 HTTP/1.1" 200 201
114.93.35.223 - - [14/May/2023:11:17:39 +0800] "GET /xingrg/all/function/internal_message.html?_=1684034259755&CODE_STATE=getMsg HTTP/1.1" 200 27
116.235.240.236 - - [14/May/2023:11:17:39 +0800] "GET /xingrg/kc/buy/cgsh_order_operate.html?command=get_materiel&rest_code=00146&code=00101006127&supplier_code=00100012&order_time=2023-05-14 HTTP/1.1" 200 423
180.171.122.0 - - [14/May/2023:11:17:42 +0800] "GET /favicon.ico HTTP/1.1" 404 -
180.171.122.0 - - [14/May/2023:11:17:44 +0800] "POST /xingrg/kc/buy/cgsh_order_operate.html HTTP/1.1" 200 37
180.163.30.76 - - [14/May/2023:11:17:45 +0800] "GET /xingrg/all/function/internal_message.html?_=1684034201546&CODE_STATE=getMsg HTTP/1.1" 302 -
180.163.30.76 - - [14/May/2023:11:17:45 +0800] "GET /xingrg/login.html HTTP/1.1" 200 7641
61.170.232.195 - - [14/May/2023:11:17:45 +0800] "GET /xingrg/all/function/internal_message.html?_=1684034261521&CODE_STATE=getMsg HTTP/1.1" 200 27
180.171.122.0 - - [14/May/2023:11:17:46 +0800] "POST /xingrg/kc/buy/cgsh_order_operate.html HTTP/1.1" 200 2657
116.224.158.100 - - [14/May/2023:11:17:46 +0800] "GET /xingrg/all/function/internal_message.html?_=1684034266710&CODE_STATE=getMsg HTTP/1.1" 200 27
222.67.238.82 - - [14/May/2023:11:17:47 +0800] "GET /xingrg/kc/buy/cgsh_order_operate.html?command=get_materiel&rest_code=00141&code=00101003006&supplier_code=00100092&order_time=2023-05-14 HTTP/1.1" 200 434
180.171.122.0 - - [14/May/2023:11:17:49 +0800] "GET /xingrg/kc/print/load_data.html?order_code=212023051405088&kc_code=cgsh&condition= HTTP/1.1" 200 670
180.169.147.146 - - [14/May/2023:11:17:51 +0800] "GET /xingrg/all/function/internal_message.html?_=1684034269570&CODE_STATE=getMsg HTTP/1.1" 200 27
180.171.122.0 - - [14/May/2023:11:17:52 +0800] "GET /xingrg/index.html?sysBaseUrl=http%3A%2F%2F180.169.147.146%3A18081%2Fxingrg%2F&costTime=39×tamp=1645767740089 HTTP/1.1" 302 -
180.171.122.0 - - [14/May/2023:11:17:52 +0800] "GET /xingrg/login.html HTTP/1.1" 200 7641
180.171.122.0 - - [14/May/2023:11:17:54 +0800] "GET /favicon.ico HTTP/1.1" 404 -
180.171.122.0 - - [14/May/2023:11:17:55 +0800] "GET /xingrg/kc/buy/cgsh_order_add.html HTTP/1.1" 200 71320
180.171.122.0 - - [14/May/2023:11:17:56 +0800] "POST /xingrg/kc/buy/cgsh_order_operate.html HTTP/1.1" 200 8245
180.171.122.0 - - [14/May/2023:11:17:56 +0800] "GET /xingrg/javascript/easyui/themes/default/validatebox.css HTTP/1.1" 404 1104
114.85.113.108 - - [14/May/2023:11:17:57 +0800] "GET /xingrg/all/function/internal_message.html?_=1684034275356&CODE_STATE=getMsg HTTP/1.1" 200 27
101.229.22.40 - - [14/May/2023:11:17:58 +0800] "GET /xingrg/all/function/internal_message.html?_=1684034276694&CODE_STATE=getMsg HTTP/1.1" 200 27
222.67.238.82 - - [14/May/2023:11:18:00 +0800] "POST /xingrg/kc/buy/cgsh_order_operate.html HTTP/1.1" 200 37
116.235.240.236 - - [14/May/2023:11:18:00 +0800] "GET /xingrg/kc/buy/cgsh_order_operate.html?command=get_materiel&rest_code=00146&code=00101006025&supplier_code=00100012&order_time=2023-05-14 HTTP/1.1" 200 417
180.171.122.0 - - [14/May/2023:11:18:03 +0800] "POST /xingrg/login.do HTTP/1.1" 302 -
180.171.122.0 - - [14/May/2023:11:18:03 +0800] "GET /xingrg/index.html?sysBaseUrl=http%3A%2F%2F180.169.147.146%3A18081%2Fxingrg%2F&costTime=1368×tamp=1684034283330 HTTP/1.1" 200 17503
180.171.122.0 - - [14/May/2023:11:18:04 +0800] "GET /xingrg/check_reg.html?_=1684034307733 HTTP/1.1" 200 22
180.171.122.0 - - [14/May/2023:11:18:04 +0800] "GET /xingrg/all/function/internal_message.html?_=1684034307719&CODE_STATE=count HTTP/1.1" 200 11
180.171.122.0 - - [14/May/2023:11:18:04 +0800] "POST /xingrg/all/common/load_tree.html?tree=area_rest_tree_json&manage=1 HTTP/1.1" 200 591
180.171.122.0 - - [14/May/2023:11:18:04 +0800] "GET /favicon.ico HTTP/1.1" 404 -
180.171.122.0 - - [14/May/2023:11:18:04 +0800] "POST /xingrg/load_menu.html HTTP/1.1" 200 11564
116.238.139.35 - - [14/May/2023:11:18:06 +0800] "GET /xingrg/all/function/internal_message.html?_=1684034285641&CODE_STATE=getMsg HTTP/1.1" 200 27
116.238.139.35 - - [14/May/2023:11:18:06 +0800] "GET /xingrg/check_reg.html?_=1684034285648 HTTP/1.1" 200 22
222.67.238.82 - - [14/May/2023:11:18:07 +0800] "POST /xingrg/kc/buy/cgsh_order_operate.html HTTP/1.1" 200 12
180.164.3.199 - - [14/May/2023:11:18:08 +0800] "GET /xingrg/all/function/internal_message.html?_=1684034288254&CODE_STATE=getMsg HTTP/1.1" 200 27
116.232.195.27 - - [14/May/2023:11:18:11 +0800] "GET /xingrg/all/function/internal_message.html?_=1684034341130&CODE_STATE=getMsg HTTP/1.1" 200 27
180.169.147.146 - - [14/May/2023:11:18:12 +0800] "GET /xingrg/all/function/internal_message.html?_=1684034292119&CODE_STATE=getMsg HTTP/1.1" 200 27
180.169.147.146 - - [14/May/2023:11:18:12 +0800] "GET /xingrg/check_reg.html?_=1684034292121 HTTP/1.1" 200 22
116.235.240.236 - - [14/May/2023:11:18:15 +0800] "GET /xingrg/kc/buy/cgsh_order_operate.html?command=get_materiel&rest_code=00146&code=00101006372&supplier_code=00100012&order_time=2023-05-14 HTTP/1.1" 200 407
180.171.122.0 - - [14/May/2023:11:18:16 +0800] "POST /xingrg/all/user/operate.html HTTP/1.1" 200 36
180.171.122.0 - - [14/May/2023:11:18:17 +0800] "GET /xingrg/index.html?sysBaseUrl=http%3A%2F%2F180.169.147.146%3A18081%2Fxingrg%2F&costTime=1368×tamp=1684034283330 HTTP/1.1" 200 17509
180.171.122.0 - - [14/May/2023:11:18:17 +0800] "GET /xingrg/javascript/jquery_easy_ui/themes/default/easyui.css HTTP/1.1" 304 -
180.171.122.0 - - [14/May/2023:11:18:17 +0800] "GET /xingrg/javascript/jquery_easy_ui/themes/icon.css HTTP/1.1" 304 -
180.171.122.0 - - [14/May/2023:11:18:17 +0800] "GET /xingrg/css/form.css HTTP/1.1" 304 -
180.171.122.0 - - [14/May/2023:11:18:17 +0800] "GET /xingrg/javascript/jquery-1.4.2.min.js HTTP/1.1" 304 -
180.171.122.0 - - [14/May/2023:11:18:17 +0800] "GET /xingrg/javascript/jquery_easy_ui/jquery.easyui.min.js HTTP/1.1" 304 -
180.171.122.0 - - [14/May/2023:11:18:17 +0800] "GET /xingrg/javascript/jquery_easy_ui/easyui-lang-zh_CN.js HTTP/1.1" 304 -
180.171.122.0 - - [14/May/2023:11:18:17 +0800] "GET /xingrg/javascript/jquery.form.js HTTP/1.1" 304 -
180.171.122.0 - - [14/May/2023:11:18:17 +0800] "GET /xingrg/javascript/jquery.utils.js HTTP/1.1" 304 -
180.171.122.0 - - [14/May/2023:11:18:17 +0800] "GET /xingrg/javascript/jquery.timers.js HTTP/1.1" 304 -
180.171.122.0 - - [14/May/2023:11:18:17 +0800] "GET /xingrg/images/blue/jxLogo.png HTTP/1.1" 304 -
180.171.122.0 - - [14/May/2023:11:18:17 +0800] "GET /xingrg/images/blue/navBackgound.jpg HTTP/1.1" 304 -
180.171.122.0 - - [14/May/2023:11:18:17 +0800] "GET /xingrg/javascript/jquery_easy_ui/themes/icons/settle_new.png HTTP/1.1" 304 -
180.171.122.0 - - [14/May/2023:11:18:17 +0800] "GET /xingrg/all/function/internal_message.html?_=1684034321078&CODE_STATE=count HTTP/1.1" 200 11
180.171.122.0 - - [14/May/2023:11:18:17 +0800] "POST /xingrg/all/common/load_tree.html?tree=area_rest_tree_json&manage=1 HTTP/1.1" 200 591
180.171.122.0 - - [14/May/2023:11:18:17 +0800] "GET /xingrg/check_reg.html?_=1684034321080 HTTP/1.1" 200 22
180.171.122.0 - - [14/May/2023:11:18:17 +0800] "GET /xingrg/javascript/jquery_easy_ui/themes/default/images/tabs_leftarrow.png HTTP/1.1" 304 -
180.171.122.0 - - [14/May/2023:11:18:17 +0800] "GET /xingrg/javascript/jquery_easy_ui/themes/default/images/panel_tool_expand.gif HTTP/1.1" 304 -
180.171.122.0 - - [14/May/2023:11:18:17 +0800] "GET /xingrg/javascript/jquery_easy_ui/themes/default/images/panel_tool_collapse.gif HTTP/1.1" 304 -
180.171.122.0 - - [14/May/2023:11:18:17 +0800] "GET /xingrg/javascript/jquery_easy_ui/themes/default/images/tabs_rightarrow.png HTTP/1.1" 304 -
180.171.122.0 - - [14/May/2023:11:18:17 +0800] "GET /xingrg/images/blue/pingpu.png HTTP/1.1" 304 -
180.171.122.0 - - [14/May/2023:11:18:17 +0800] "POST /xingrg/load_menu.html HTTP/1.1" 200 9959
180.171.122.0 - - [14/May/2023:11:18:19 +0800] "GET /xingrg/kc/report/report_main.html HTTP/1.1" 200 7340
180.171.122.0 - - [14/May/2023:11:18:20 +0800] "GET /xingrg/kc/base/kc_stocks.html HTTP/1.1" 200 16512
180.171.122.0 - - [14/May/2023:11:18:21 +0800] "GET /xingrg/kc/buy/cgsh_order_operate.html?command=get_materiel&rest_code=00111&code=00101006047&supplier_code=00100325&order_time=2023-05-14 HTTP/1.1" 200 413
180.171.122.0 - - [14/May/2023:11:18:21 +0800] "GET /xingrg/javascript/easyui/themes/default/tree.css HTTP/1.1" 404 1090
180.171.122.0 - - [14/May/2023:11:18:21 +0800] "GET /xingrg/all/common/auto_word.html?type=base&rest_code=00104 HTTP/1.1" 200 1849
180.171.122.0 - - [14/May/2023:11:18:21 +0800] "POST /xingrg/all/common/load_tree.html?tree=materiel_sort_tree_json HTTP/1.1" 200 9500
114.83.219.197 - - [14/May/2023:11:18:25 +0800] "GET /xingrg/all/function/internal_message.html?_=1684034400284&CODE_STATE=getMsg HTTP/1.1" 200 27
116.224.158.100 - - [14/May/2023:11:18:25 +0800] "GET /xingrg/all/function/internal_message.html?_=1684034141405&CODE_STATE=getMsg HTTP/1.1" 200 27
114.83.218.205 - - [14/May/2023:11:18:28 +0800] "GET /xingrg/all/function/internal_message.html?_=1684034308854&CODE_STATE=getMsg HTTP/1.1" 200 27
114.83.218.205 - - [14/May/2023:11:18:29 +0800] "GET /xingrg/check_reg.html?_=1684034309692 HTTP/1.1" 200 22
124.79.240.114 - - [14/May/2023:11:18:30 +0800] "GET /xingrg/all/function/internal_message.html?_=1684034587987&CODE_STATE=getMsg HTTP/1.1" 200 27
116.235.240.236 - - [14/May/2023:11:18:31 +0800] "GET /xingrg/all/function/internal_message.html?_=1684034313602&CODE_STATE=getMsg HTTP/1.1" 200 27
116.235.240.236 - - [14/May/2023:11:18:33 +0800] "GET /xingrg/kc/buy/cgsh_order_operate.html?command=get_materiel&rest_code=00146&code=00101006177&supplier_code=00100012&order_time=2023-05-14 HTTP/1.1" 200 408
222.67.238.82 - - [14/May/2023:11:18:33 +0800] "GET /xingrg/kc/buy/cgsh_order_info.html?code=212023051405089 HTTP/1.1" 200 66275
114.85.96.117 - - [14/May/2023:11:18:33 +0800] "GET /xingrg/all/function/internal_message.html?_=1684034313201&CODE_STATE=getMsg HTTP/1.1" 200 27
222.67.238.82 - - [14/May/2023:11:18:33 +0800] "GET /xingrg/all/function/internal_message.html?_=1684034313332&CODE_STATE=getMsg HTTP/1.1" 200 27
222.67.238.82 - - [14/May/2023:11:18:33 +0800] "GET /xingrg/javascript/easyui/themes/default/validatebox.css HTTP/1.1" 404 1104
222.67.238.82 - - [14/May/2023:11:18:34 +0800] "POST /xingrg/kc/buy/cgsh_order_operate.html HTTP/1.1" 200 613
124.79.74.67 - - [14/May/2023:11:18:35 +0800] "GET /xingrg/all/function/internal_message.html?_=1684034327699&CODE_STATE=getMsg HTTP/1.1" 200 27
222.67.238.82 - - [14/May/2023:11:18:38 +0800] "GET /xingrg/kc/print/load_config.html?kc_code=cgsh HTTP/1.1" 200 1925
114.93.35.223 - - [14/May/2023:11:18:39 +0800] "GET /xingrg/all/function/internal_message.html?_=1684034319756&CODE_STATE=getMsg HTTP/1.1" 200 27
222.67.238.82 - - [14/May/2023:11:18:39 +0800] "GET /xingrg/kc/print/load_data.html?order_code=212023051405089&kc_code=cgsh&condition= HTTP/1.1" 200 769
180.171.122.0 - - [14/May/2023:11:18:39 +0800] "GET /xingrg/all/function/internal_message.html?_=1684034316034&CODE_STATE=getMsg HTTP/1.1" 200 27
180.171.122.0 - - [14/May/2023:11:18:40 +0800] "POST /xingrg/kc/base/stock_operate.html HTTP/1.1" 200 1706
61.170.232.195 - - [14/May/2023:11:18:42 +0800] "GET /xingrg/check_reg.html?_=1684034318075 HTTP/1.1" 200 22
180.163.29.217 - - [14/May/2023:11:18:45 +0800] "GET /xingrg/all/function/internal_message.html?_=1684034261521&CODE_STATE=getMsg HTTP/1.1" 302 -
180.163.29.217 - - [14/May/2023:11:18:45 +0800] "GET /xingrg/login.html HTTP/1.1" 200 7641
61.170.232.195 - - [14/May/2023:11:18:45 +0800] "GET /xingrg/all/function/internal_message.html?_=1684034321498&CODE_STATE=getMsg HTTP/1.1" 200 27
116.224.158.100 - - [14/May/2023:11:18:46 +0800] "GET /xingrg/all/function/internal_message.html?_=1684034326685&CODE_STATE=getMsg HTTP/1.1" 200 27
180.171.122.0 - - [14/May/2023:11:18:47 +0800] "GET /xingrg/kc/base/stock_detail.html?m=00102006789 HTTP/1.1" 200 7359
116.235.240.236 - - [14/May/2023:11:18:48 +0800] "GET /xingrg/kc/buy/cgsh_order_operate.html?command=get_materiel&rest_code=00146&code=00101006184&supplier_code=00100012&order_time=2023-05-14 HTTP/1.1" 200 408
180.169.147.146 - - [14/May/2023:11:18:51 +0800] "GET /xingrg/all/function/internal_message.html?_=1684034329555&CODE_STATE=getMsg HTTP/1.1" 200 27
180.171.122.0 - - [14/May/2023:11:18:54 +0800] "GET /xingrg/kc/base/stock_operate.html?_=1684034358040&command=get_report_file&start_day=20221201 HTTP/1.1" 200 53
180.171.122.0 - - [14/May/2023:11:18:54 +0800] "GET /xingrg/all/report/report_query.html?isQuery=1&onlyBody=1&rh=2000&fileName=kc/base/kc_stock_detail_new.xml&queryString=(1=1)&queryText=&tableQueryString=init_table$sp1$$sp$crk_table$sp1$order_day%20between%2020221201%20and%2020230531&varString=start_day:20221201,materiel_code:00102006789,cost_id:4075,end_date:20221130 HTTP/1.1" 200 48701
180.171.122.0 - - [14/May/2023:11:18:54 +0800] "GET /xingrg/dwr/interface/AjaxReportQueryService.js HTTP/1.1" 200 13203
180.171.122.0 - - [14/May/2023:11:18:54 +0800] "GET /xingrg/dwr/engine.js HTTP/1.1" 200 43631
180.171.122.0 - - [14/May/2023:11:18:54 +0800] "GET /xingrg/dwr/util.js HTTP/1.1" 304 -
180.171.122.0 - - [14/May/2023:11:18:56 +0800] "POST /xingrg/all/report/load_report_page.html HTTP/1.1" 200 20152
180.171.122.0 - - [14/May/2023:11:18:56 +0800] "GET /xingrg/servlets/image?cache=0.6442784931813744&image=px HTTP/1.1" 200 807
114.85.113.108 - - [14/May/2023:11:18:57 +0800] "GET /xingrg/all/function/internal_message.html?_=1684034335340&CODE_STATE=getMsg HTTP/1.1" 200 27
101.229.22.40 - - [14/May/2023:11:18:58 +0800] "GET /xingrg/all/function/internal_message.html?_=1684034336694&CODE_STATE=getMsg HTTP/1.1" 200 27
180.171.122.0 - - [14/May/2023:11:18:59 +0800] "GET /xingrg/kc/buy/cgsh_order_operate.html?command=get_materiel&rest_code=00111&code=00101001079&supplier_code=00100325&order_time=2023-05-14 HTTP/1.1" 200 413
116.235.240.236 - - [14/May/2023:11:18:59 +0800] "GET /xingrg/kc/buy/cgsh_order_operate.html?command=get_materiel&rest_code=00146&code=00101006065&supplier_code=00100012&order_time=2023-05-14 HTTP/1.1" 200 409
180.171.122.0 - - [14/May/2023:11:19:03 +0800] "GET /xingrg/kc/base/stock_operate.html?_=1684034367246&command=get_report_file&start_day=20220701 HTTP/1.1" 200 53
180.171.122.0 - - [14/May/2023:11:19:03 +0800] "GET /xingrg/all/report/report_query.html?isQuery=1&onlyBody=1&rh=2000&fileName=kc/base/kc_stock_detail_new.xml&queryString=(1=1)&queryText=&tableQueryString=init_table$sp1$$sp$crk_table$sp1$order_day%20between%2020220701%20and%2020230531&varString=start_day:20220701,materiel_code:00102006789,cost_id:3862,end_date:20220630 HTTP/1.1" 200 48701
180.171.122.0 - - [14/May/2023:11:19:03 +0800] "GET /xingrg/dwr/interface/AjaxReportQueryService.js HTTP/1.1" 200 13203
180.171.122.0 - - [14/May/2023:11:19:03 +0800] "GET /xingrg/dwr/engine.js HTTP/1.1" 200 43631
180.171.122.0 - - [14/May/2023:11:19:05 +0800] "POST /xingrg/all/report/load_report_page.html HTTP/1.1" 200 20180
180.171.122.0 - - [14/May/2023:11:19:05 +0800] "GET /xingrg/servlets/image?cache=0.27086588192893957&image=px HTTP/1.1" 200 807
116.238.139.35 - - [14/May/2023:11:19:06 +0800] "GET /xingrg/all/function/internal_message.html?_=1684034345655&CODE_STATE=getMsg HTTP/1.1" 200 27
180.164.3.199 - - [14/May/2023:11:19:08 +0800] "GET /xingrg/all/function/internal_message.html?_=1684034348256&CODE_STATE=getMsg HTTP/1.1" 200 27
116.232.195.27 - - [14/May/2023:11:19:11 +0800] "GET /xingrg/all/function/internal_message.html?_=1684034401102&CODE_STATE=getMsg HTTP/1.1" 200 27
116.235.240.236 - - [14/May/2023:11:19:11 +0800] "GET /xingrg/kc/buy/cgsh_order_operate.html?command=get_materiel&rest_code=00146&code=00101006111&supplier_code=00100012&order_time=2023-05-14 HTTP/1.1" 200 409
180.171.122.0 - - [14/May/2023:11:19:12 +0800] "GET /xingrg/kc/base/stock_detail.html?m=00102006789 HTTP/1.1" 200 7359
180.169.147.146 - - [14/May/2023:11:19:12 +0800] "GET /xingrg/all/function/internal_message.html?_=1684034352115&CODE_STATE=getMsg HTTP/1.1" 200 27
114.85.113.108 - - [14/May/2023:11:19:15 +0800] "GET /xingrg/check_reg.html?_=1684034353783 HTTP/1.1" 200 22
180.171.122.0 - - [14/May/2023:11:19:17 +0800] "GET /xingrg/all/function/internal_message.html?_=1684034381091&CODE_STATE=getMsg HTTP/1.1" 200 27
180.171.122.0 - - [14/May/2023:11:19:25 +0800] "GET /xingrg/kc/base/stock_operate.html?_=1684034388919&command=get_report_file&start_day=20220601 HTTP/1.1" 200 53
180.171.122.0 - - [14/May/2023:11:19:25 +0800] "GET /xingrg/all/report/report_query.html?isQuery=1&onlyBody=1&rh=2000&fileName=kc/base/kc_stock_detail_new.xml&queryString=(1=1)&queryText=&tableQueryString=init_table$sp1$$sp$crk_table$sp1$order_day%20between%2020220601%20and%2020230531&varString=start_day:20220601,materiel_code:00102006789,cost_id:3748,end_date:20220531 HTTP/1.1" 200 48701
180.171.122.0 - - [14/May/2023:11:19:25 +0800] "GET /xingrg/dwr/interface/AjaxReportQueryService.js HTTP/1.1" 200 13203
180.171.122.0 - - [14/May/2023:11:19:25 +0800] "GET /xingrg/dwr/engine.js HTTP/1.1" 200 43631
114.83.219.197 - - [14/May/2023:11:19:25 +0800] "GET /xingrg/all/function/internal_message.html?_=1684034460292&CODE_STATE=getMsg HTTP/1.1" 200 27
114.83.219.197 - - [14/May/2023:11:19:25 +0800] "GET /xingrg/check_reg.html?_=1684034460293 HTTP/1.1" 200 22
116.224.158.100 - - [14/May/2023:11:19:25 +0800] "GET /xingrg/all/function/internal_message.html?_=1684034201405&CODE_STATE=getMsg HTTP/1.1" 200 27
116.235.240.236 - - [14/May/2023:11:19:26 +0800] "POST /xingrg/kc/buy/cgsh_order_operate.html HTTP/1.1" 200 37
180.171.122.0 - - [14/May/2023:11:19:27 +0800] "POST /xingrg/all/report/load_report_page.html HTTP/1.1" 200 20180
180.171.122.0 - - [14/May/2023:11:19:27 +0800] "GET /xingrg/servlets/image?cache=0.16236530081453693&image=px HTTP/1.1" 200 807
114.83.218.205 - - [14/May/2023:11:19:28 +0800] "GET /xingrg/all/function/internal_message.html?_=1684034368835&CODE_STATE=getMsg HTTP/1.1" 200 27
124.79.240.114 - - [14/May/2023:11:19:30 +0800] "GET /xingrg/all/function/internal_message.html?_=1684034647987&CODE_STATE=getMsg HTTP/1.1" 200 27
124.79.240.114 - - [14/May/2023:11:19:30 +0800] "GET /xingrg/check_reg.html?_=1684034647986 HTTP/1.1" 200 22
116.235.240.236 - - [14/May/2023:11:19:31 +0800] "GET /xingrg/all/function/internal_message.html?_=1684034373616&CODE_STATE=getMsg HTTP/1.1" 200 27
116.235.240.236 - - [14/May/2023:11:19:32 +0800] "POST /xingrg/kc/buy/cgsh_order_operate.html HTTP/1.1" 200 6218
114.85.96.117 - - [14/May/2023:11:19:33 +0800] "GET /xingrg/all/function/internal_message.html?_=1684034373191&CODE_STATE=getMsg HTTP/1.1" 200 27
222.67.238.82 - - [14/May/2023:11:19:33 +0800] "GET /xingrg/all/function/internal_message.html?_=1684034373280&CODE_STATE=getMsg HTTP/1.1" 200 27
116.235.240.236 - - [14/May/2023:11:19:35 +0800] "GET /xingrg/kc/print/load_data.html?order_code=212023051405090&kc_code=cgsh&condition= HTTP/1.1" 200 2133
124.79.74.67 - - [14/May/2023:11:19:35 +0800] "GET /xingrg/all/function/internal_message.html?_=1684034387702&CODE_STATE=getMsg HTTP/1.1" 200 27
124.79.74.67 - - [14/May/2023:11:19:35 +0800] "GET /xingrg/check_reg.html?_=1684034387703 HTTP/1.1" 200 22
180.171.122.0 - - [14/May/2023:11:19:37 +0800] "GET /xingrg/kc/buy/cgsh_order_operate.html?command=get_materiel&rest_code=00111&code=00101001261&supplier_code=00100325&order_time=2023-05-14 HTTP/1.1" 200 412
114.93.35.223 - - [14/May/2023:11:19:39 +0800] "GET /xingrg/all/function/internal_message.html?_=1684034379758&CODE_STATE=getMsg HTTP/1.1" 200 27
180.171.122.0 - - [14/May/2023:11:19:39 +0800] "GET /xingrg/all/function/internal_message.html?_=1684034376010&CODE_STATE=getMsg HTTP/1.1" 200 27
180.163.29.234 - - [14/May/2023:11:19:42 +0800] "GET /xingrg/check_reg.html?_=1684034318075 HTTP/1.1" 302 -
180.163.29.234 - - [14/May/2023:11:19:42 +0800] "GET /xingrg/login.html HTTP/1.1" 200 7641
172.20.0.100 - - [14/May/2023:11:19:42 +0800] "GET /xingrg/check_reg.html?_=1684034400574 HTTP/1.1" 302 -
61.170.232.195 - - [14/May/2023:11:19:45 +0800] "GET /xingrg/all/function/internal_message.html?_=1684034381483&CODE_STATE=getMsg HTTP/1.1" 200 27
116.224.158.100 - - [14/May/2023:11:19:46 +0800] "GET /xingrg/all/function/internal_message.html?_=1684034386657&CODE_STATE=getMsg HTTP/1.1" 200 27
116.224.158.100 - - [14/May/2023:11:19:48 +0800] "GET /xingrg/check_reg.html?_=1684034388378 HTTP/1.1" 200 22
180.169.147.146 - - [14/May/2023:11:19:51 +0800] "GET /xingrg/all/function/internal_message.html?_=1684034389539&CODE_STATE=getMsg HTTP/1.1" 200 27
116.228.172.94 - - [14/May/2023:11:19:54 +0800] "GET /xingrg/check_reg.html?_=1684034202238 HTTP/1.1" 302 -
114.85.113.108 - - [14/May/2023:11:19:57 +0800] "GET /xingrg/all/function/internal_message.html?_=1684034395314&CODE_STATE=getMsg HTTP/1.1" 200 27
101.229.22.40 - - [14/May/2023:11:19:58 +0800] "GET /xingrg/check_reg.html?_=1684034396694 HTTP/1.1" 200 22
101.229.22.40 - - [14/May/2023:11:19:58 +0800] "GET /xingrg/all/function/internal_message.html?_=1684034396696&CODE_STATE=getMsg HTTP/1.1" 200 27
180.171.122.0 - - [14/May/2023:11:20:02 +0800] "GET /xingrg/kc/buy/cgsh_order_operate.html?command=get_materiel&rest_code=00111&code=00101010449&supplier_code=00100325&order_time=2023-05-14 HTTP/1.1" 200 413
116.238.139.35 - - [14/May/2023:11:20:06 +0800] "GET /xingrg/all/function/internal_message.html?_=1684034405641&CODE_STATE=getMsg HTTP/1.1" 200 27
180.164.3.199 - - [14/May/2023:11:20:08 +0800] "GET /xingrg/all/function/internal_message.html?_=1684034408255&CODE_STATE=getMsg HTTP/1.1" 200 27
116.232.195.27 - - [14/May/2023:11:20:11 +0800] "GET /xingrg/all/function/internal_message.html?_=1684034461091&CODE_STATE=getMsg HTTP/1.1" 200 27
180.169.147.146 - - [14/May/2023:11:20:12 +0800] "GET /xingrg/all/function/internal_message.html?_=1684034412115&CODE_STATE=getMsg HTTP/1.1" 200 27
180.171.122.0 - - [14/May/2023:11:20:17 +0800] "GET /xingrg/all/function/internal_message.html?_=1684034441099&CODE_STATE=getMsg HTTP/1.1" 200 27
180.171.122.0 - - [14/May/2023:11:20:24 +0800] "GET /xingrg/kc/buy/cgsh_order_operate.html?command=get_materiel&rest_code=00111&code=00101004069&supplier_code=00100325&order_time=2023-05-14 HTTP/1.1" 200 418
114.83.219.197 - - [14/May/2023:11:20:25 +0800] "GET /xingrg/all/function/internal_message.html?_=1684034520299&CODE_STATE=getMsg HTTP/1.1" 200 27
116.224.158.100 - - [14/May/2023:11:20:25 +0800] "GET /xingrg/all/function/internal_message.html?_=1684034261405&CODE_STATE=getMsg HTTP/1.1" 200 27
114.83.218.205 - - [14/May/2023:11:20:28 +0800] "GET /xingrg/all/function/internal_message.html?_=1684034428810&CODE_STATE=getMsg HTTP/1.1" 200 27
124.79.240.114 - - [14/May/2023:11:20:30 +0800] "GET /xingrg/all/function/internal_message.html?_=1684034707985&CODE_STATE=getMsg HTTP/1.1" 200 27
116.235.240.236 - - [14/May/2023:11:20:32 +0800] "GET /xingrg/all/function/internal_message.html?_=1684034433924&CODE_STATE=getMsg HTTP/1.1" 200 27
114.85.96.117 - - [14/May/2023:11:20:33 +0800] "GET /xingrg/all/function/internal_message.html?_=1684034433171&CODE_STATE=getMsg HTTP/1.1" 200 27
222.67.238.82 - - [14/May/2023:11:20:33 +0800] "GET /xingrg/all/function/internal_message.html?_=1684034433298&CODE_STATE=getMsg HTTP/1.1" 200 27
124.79.74.67 - - [14/May/2023:11:20:35 +0800] "GET /xingrg/all/function/internal_message.html?_=1684034447704&CODE_STATE=getMsg HTTP/1.1" 200 27
180.171.122.0 - - [14/May/2023:11:20:38 +0800] "GET /xingrg/kc/buy/cgsh_order_operate.html?command=get_materiel&rest_code=00111&code=00101037239&supplier_code=00100325&order_time=2023-05-14 HTTP/1.1" 200 410
114.93.35.223 - - [14/May/2023:11:20:39 +0800] "GET /xingrg/all/function/internal_message.html?_=1684034439759&CODE_STATE=getMsg HTTP/1.1" 200 27
114.93.35.223 - - [14/May/2023:11:20:39 +0800] "GET /xingrg/check_reg.html?_=1684034439763 HTTP/1.1" 200 22
180.171.122.0 - - [14/May/2023:11:20:39 +0800] "GET /xingrg/check_reg.html?_=1684034435945 HTTP/1.1" 200 22
180.171.122.0 - - [14/May/2023:11:20:39 +0800] "GET /xingrg/all/function/internal_message.html?_=1684034435993&CODE_STATE=getMsg HTTP/1.1" 200 27
180.163.30.76 - - [14/May/2023:11:20:45 +0800] "GET /xingrg/all/function/internal_message.html?_=1684034381483&CODE_STATE=getMsg HTTP/1.1" 302 -
61.170.232.195 - - [14/May/2023:11:20:45 +0800] "GET /xingrg/all/function/internal_message.html?_=1684034441469&CODE_STATE=getMsg HTTP/1.1" 200 27
180.163.30.76 - - [14/May/2023:11:20:45 +0800] "GET /xingrg/login.html HTTP/1.1" 200 7641
116.224.158.100 - - [14/May/2023:11:20:46 +0800] "GET /xingrg/all/function/internal_message.html?_=1684034446637&CODE_STATE=getMsg HTTP/1.1" 200 27
180.169.147.146 - - [14/May/2023:11:20:51 +0800] "GET /xingrg/all/function/internal_message.html?_=1684034449523&CODE_STATE=getMsg HTTP/1.1" 200 27
114.85.96.117 - - [14/May/2023:11:20:55 +0800] "GET /xingrg/check_reg.html?_=1684034455668 HTTP/1.1" 200 22
114.85.113.108 - - [14/May/2023:11:20:57 +0800] "GET /xingrg/all/function/internal_message.html?_=1684034455301&CODE_STATE=getMsg HTTP/1.1" 200 27
101.229.22.40 - - [14/May/2023:11:20:58 +0800] "GET /xingrg/all/function/internal_message.html?_=1684034456693&CODE_STATE=getMsg HTTP/1.1" 200 27
180.171.122.0 - - [14/May/2023:11:21:06 +0800] "POST /xingrg/kc/buy/cgsh_order_operate.html HTTP/1.1" 200 37
116.238.139.35 - - [14/May/2023:11:21:06 +0800] "GET /xingrg/all/function/internal_message.html?_=1684034465640&CODE_STATE=getMsg HTTP/1.1" 200 27
180.171.122.0 - - [14/May/2023:11:21:08 +0800] "POST /xingrg/kc/buy/cgsh_order_operate.html HTTP/1.1" 200 5621
180.164.3.199 - - [14/May/2023:11:21:08 +0800] "GET /xingrg/check_reg.html?_=1684034468260 HTTP/1.1" 200 22
180.164.3.199 - - [14/May/2023:11:21:08 +0800] "GET /xingrg/all/function/internal_message.html?_=1684034468261&CODE_STATE=getMsg HTTP/1.1" 200 27
180.171.122.0 - - [14/May/2023:11:21:09 +0800] "GET /xingrg/kc/print/load_data.html?order_code=212023051405091&kc_code=cgsh&condition= HTTP/1.1" 200 1818
116.232.195.27 - - [14/May/2023:11:21:11 +0800] "GET /xingrg/all/function/internal_message.html?_=1684034521067&CODE_STATE=getMsg HTTP/1.1" 200 27
180.169.147.146 - - [14/May/2023:11:21:12 +0800] "GET /xingrg/all/function/internal_message.html?_=1684034472119&CODE_STATE=getMsg HTTP/1.1" 200 27
116.235.240.236 - - [14/May/2023:11:21:12 +0800] "GET /xingrg/check_reg.html?_=1684034473996 HTTP/1.1" 200 22
180.171.122.0 - - [14/May/2023:11:21:17 +0800] "GET /xingrg/all/function/internal_message.html?_=1684034501094&CODE_STATE=getMsg HTTP/1.1" 200 27
218.81.75.184 - - [14/May/2023:11:21:23 +0800] "GET /xingrg/check_reg.html?_=1684034483371 HTTP/1.1" 200 22
180.171.122.0 - - [14/May/2023:11:21:24 +0800] "GET /xingrg/kc/buy/cgsh_order_add.html HTTP/1.1" 200 71320
180.171.122.0 - - [14/May/2023:11:21:25 +0800] "POST /xingrg/kc/buy/cgsh_order_operate.html HTTP/1.1" 200 8245
180.171.122.0 - - [14/May/2023:11:21:25 +0800] "GET /xingrg/javascript/easyui/themes/default/validatebox.css HTTP/1.1" 404 1104
114.83.219.197 - - [14/May/2023:11:21:25 +0800] "GET /xingrg/all/function/internal_message.html?_=1684034580297&CODE_STATE=getMsg HTTP/1.1" 200 27
116.224.158.100 - - [14/May/2023:11:21:25 +0800] "GET /xingrg/all/function/internal_message.html?_=1684034321422&CODE_STATE=getMsg HTTP/1.1" 200 27
