114.83.219.197 - - [14/May/2023:10:30:18 +0800] "GET /xingrg/kc/buy/cgsh_order_operate.html?command=get_materiel&rest_code=00154&code=00101040050&supplier_code=00100151&order_time=2023-05-14 HTTP/1.1" 200 434
114.83.219.197 - - [14/May/2023:10:30:20 +0800] "POST /xingrg/all/common/load_select.html HTTP/1.1" 200 25
114.85.96.117 - - [14/May/2023:10:30:20 +0800] "GET /xingrg/kc/base/wldb_order_info.html?code=422023051401061 HTTP/1.1" 200 26254
116.238.139.35 - - [14/May/2023:10:30:20 +0800] "GET /xingrg/all/function/internal_message.html?_=1684031418964&CODE_STATE=getMsg HTTP/1.1" 200 27
114.85.96.117 - - [14/May/2023:10:30:20 +0800] "GET /xingrg/javascript/easyui/themes/default/validatebox.css HTTP/1.1" 404 1104
114.85.96.117 - - [14/May/2023:10:30:20 +0800] "POST /xingrg/kc/base/wldb_order_operate.html HTTP/1.1" 200 4927
114.83.219.197 - - [14/May/2023:10:30:25 +0800] "GET /xingrg/all/function/internal_message.html?_=1684031520304&CODE_STATE=getMsg HTTP/1.1" 200 27
116.224.158.100 - - [14/May/2023:10:30:25 +0800] "GET /xingrg/all/function/internal_message.html?_=1684031261373&CODE_STATE=getMsg HTTP/1.1" 200 27
180.164.3.199 - - [14/May/2023:10:30:27 +0800] "GET /xingrg/kc/buy/cgsh_order_operate.html?command=get_materiel&rest_code=00108&code=00101008283&supplier_code=00100007&order_time=2023-05-14 HTTP/1.1" 200 408
116.235.240.236 - - [14/May/2023:10:30:28 +0800] "GET /xingrg/all/function/internal_message.html?_=1684031429690&CODE_STATE=getMsg HTTP/1.1" 200 27
116.235.240.236 - - [14/May/2023:10:30:28 +0800] "GET /xingrg/kc/buy/cgsh_order_operate.html?command=get_materiel&rest_code=00146&code=00101008296&supplier_code=00100005&order_time=2023-05-14 HTTP/1.1" 200 416
124.79.240.114 - - [14/May/2023:10:30:30 +0800] "GET /xingrg/all/function/internal_message.html?_=1684031707928&CODE_STATE=getMsg HTTP/1.1" 200 27
114.85.96.117 - - [14/May/2023:10:30:34 +0800] "GET /xingrg/all/function/internal_message.html?_=1684031433807&CODE_STATE=getMsg HTTP/1.1" 200 27
180.164.3.199 - - [14/May/2023:10:30:37 +0800] "GET /xingrg/kc/buy/cgsh_order_operate.html?command=get_materiel&rest_code=00108&code=00101008182&supplier_code=00100007&order_time=2023-05-14 HTTP/1.1" 200 432
114.93.35.223 - - [14/May/2023:10:30:39 +0800] "GET /xingrg/check_reg.html?_=1684031439734 HTTP/1.1" 200 22
114.93.35.223 - - [14/May/2023:10:30:39 +0800] "GET /xingrg/all/function/internal_message.html?_=1684031439737&CODE_STATE=getMsg HTTP/1.1" 200 27
180.171.122.0 - - [14/May/2023:10:30:39 +0800] "GET /xingrg/all/function/internal_message.html?_=1684031435543&CODE_STATE=getMsg HTTP/1.1" 200 27
180.171.122.0 - - [14/May/2023:10:30:39 +0800] "GET /xingrg/check_reg.html?_=1684031435888 HTTP/1.1" 200 22
124.79.74.67 - - [14/May/2023:10:30:40 +0800] "GET /xingrg/check_reg.html?_=1684031452714 HTTP/1.1" 200 22
124.79.74.67 - - [14/May/2023:10:30:40 +0800] "GET /xingrg/all/function/internal_message.html?_=1684031452715&CODE_STATE=getMsg HTTP/1.1" 200 27
116.235.240.236 - - [14/May/2023:10:30:41 +0800] "GET /xingrg/kc/buy/cgsh_order_operate.html?command=get_materiel&rest_code=00146&code=00101008318&supplier_code=00100005&order_time=2023-05-14 HTTP/1.1" 200 408
222.67.238.82 - - [14/May/2023:10:30:44 +0800] "GET /xingrg/all/function/internal_message.html?_=1684031444320&CODE_STATE=getMsg HTTP/1.1" 200 27
61.170.232.195 - - [14/May/2023:10:30:46 +0800] "GET /xingrg/all/function/internal_message.html?_=1684031442226&CODE_STATE=getMsg HTTP/1.1" 200 27
180.164.3.199 - - [14/May/2023:10:30:47 +0800] "GET /xingrg/kc/buy/cgsh_order_operate.html?command=get_materiel&rest_code=00108&code=00101008706&supplier_code=00100007&order_time=2023-05-14 HTTP/1.1" 200 413
116.224.158.100 - - [14/May/2023:10:30:47 +0800] "GET /xingrg/all/function/internal_message.html?_=1684031447312&CODE_STATE=getMsg HTTP/1.1" 200 27
116.232.37.67 - - [14/May/2023:10:30:51 +0800] "POST /xingrg/services/DataTransmitService HTTP/1.1" 200 501
180.169.147.146 - - [14/May/2023:10:30:52 +0800] "GET /xingrg/all/function/internal_message.html?_=1684031450322&CODE_STATE=getMsg HTTP/1.1" 200 27
114.85.96.117 - - [14/May/2023:10:30:55 +0800] "GET /xingrg/check_reg.html?_=1684031455668 HTTP/1.1" 200 22
116.235.240.236 - - [14/May/2023:10:30:57 +0800] "GET /xingrg/kc/buy/cgsh_order_operate.html?command=get_materiel&rest_code=00146&code=00101008352&supplier_code=00100005&order_time=2023-05-14 HTTP/1.1" 200 414
114.85.113.108 - - [14/May/2023:10:30:57 +0800] "GET /xingrg/all/function/internal_message.html?_=1684031456191&CODE_STATE=getMsg HTTP/1.1" 200 27
101.229.22.40 - - [14/May/2023:10:30:57 +0800] "GET /xingrg/all/function/internal_message.html?_=1684031456658&CODE_STATE=getMsg HTTP/1.1" 200 27
180.164.3.199 - - [14/May/2023:10:30:59 +0800] "GET /xingrg/kc/buy/cgsh_order_operate.html?command=get_materiel&rest_code=00108&code=00101008150&supplier_code=00100007&order_time=2023-05-14 HTTP/1.1" 200 409
114.83.219.197 - - [14/May/2023:10:31:02 +0800] "GET /xingrg/kc/buy/cgsh_order_operate.html?command=get_materiel_price&rest_code=00154&code=00101040050&unit_code=00100701&supplier_code=00100151&order_time=2023-05-14 HTTP/1.1" 200 30
180.164.3.199 - - [14/May/2023:10:31:08 +0800] "GET /xingrg/all/function/internal_message.html?_=1684031468251&CODE_STATE=getMsg HTTP/1.1" 200 27
180.164.3.199 - - [14/May/2023:10:31:08 +0800] "GET /xingrg/check_reg.html?_=1684031468254 HTTP/1.1" 200 22
116.235.240.236 - - [14/May/2023:10:31:11 +0800] "GET /xingrg/check_reg.html?_=1684031473229 HTTP/1.1" 200 22
116.232.195.27 - - [14/May/2023:10:31:11 +0800] "GET /xingrg/all/function/internal_message.html?_=1684031521939&CODE_STATE=getMsg HTTP/1.1" 200 27
180.169.147.146 - - [14/May/2023:10:31:12 +0800] "GET /xingrg/all/function/internal_message.html?_=1684031472110&CODE_STATE=getMsg HTTP/1.1" 200 27
116.235.240.236 - - [14/May/2023:10:31:12 +0800] "GET /xingrg/kc/buy/cgsh_order_operate.html?command=get_materiel&rest_code=00146&code=00101008098&supplier_code=00100005&order_time=2023-05-14 HTTP/1.1" 200 412
61.170.232.195 - - [14/May/2023:10:31:15 +0800] "GET /xingrg/kc/buy/cgsh_order_operate.html?command=get_materiel&rest_code=00106&code=00101029018&supplier_code=00100017&order_time=2023-05-14 HTTP/1.1" 200 446
116.235.240.236 - - [14/May/2023:10:31:16 +0800] "POST /xingrg/kc/buy/cgsh_order_operate.html HTTP/1.1" 200 2065
116.238.139.35 - - [14/May/2023:10:31:20 +0800] "GET /xingrg/all/function/internal_message.html?_=1684031478966&CODE_STATE=getMsg HTTP/1.1" 200 27
222.67.238.82 - - [14/May/2023:10:31:23 +0800] "POST /xingrg/services/DataTransmitService HTTP/1.1" 200 524
222.67.238.82 - - [14/May/2023:10:31:24 +0800] "POST /xingrg/services/DataTransmitService HTTP/1.1" 200 2335
114.83.219.197 - - [14/May/2023:10:31:25 +0800] "GET /xingrg/all/function/internal_message.html?_=1684031580298&CODE_STATE=getMsg HTTP/1.1" 200 27
116.224.158.100 - - [14/May/2023:10:31:25 +0800] "GET /xingrg/check_reg.html?_=1684031321361 HTTP/1.1" 200 22
116.224.158.100 - - [14/May/2023:10:31:25 +0800] "GET /xingrg/all/function/internal_message.html?_=1684031321364&CODE_STATE=getMsg HTTP/1.1" 200 27
222.67.238.82 - - [14/May/2023:10:31:26 +0800] "POST /xingrg/services/DataTransmitService HTTP/1.1" 200 202112
116.235.240.236 - - [14/May/2023:10:31:28 +0800] "GET /xingrg/all/function/internal_message.html?_=1684031489704&CODE_STATE=getMsg HTTP/1.1" 200 27
61.170.232.195 - - [14/May/2023:10:31:29 +0800] "GET /xingrg/kc/buy/cgsh_order_operate.html?command=get_materiel&rest_code=00106&code=00101029003&supplier_code=00100017&order_time=2023-05-14 HTTP/1.1" 200 454
116.235.240.236 - - [14/May/2023:10:31:30 +0800] "GET /xingrg/kc/buy/cgsh_order_operate.html?command=get_materiel&rest_code=00146&code=00101008005&supplier_code=00100005&order_time=2023-05-14 HTTP/1.1" 200 412
124.79.240.114 - - [14/May/2023:10:31:30 +0800] "GET /xingrg/all/function/internal_message.html?_=1684031767928&CODE_STATE=getMsg HTTP/1.1" 200 27
114.85.96.117 - - [14/May/2023:10:31:34 +0800] "GET /xingrg/all/function/internal_message.html?_=1684031493784&CODE_STATE=getMsg HTTP/1.1" 200 27
114.93.35.223 - - [14/May/2023:10:31:39 +0800] "GET /xingrg/all/function/internal_message.html?_=1684031499725&CODE_STATE=getMsg HTTP/1.1" 200 27
180.171.122.0 - - [14/May/2023:10:31:39 +0800] "GET /xingrg/all/function/internal_message.html?_=1684031495514&CODE_STATE=getMsg HTTP/1.1" 200 27
124.79.74.67 - - [14/May/2023:10:31:40 +0800] "GET /xingrg/all/function/internal_message.html?_=1684031512713&CODE_STATE=getMsg HTTP/1.1" 200 27
222.67.238.82 - - [14/May/2023:10:31:45 +0800] "GET /xingrg/all/function/internal_message.html?_=1684031505330&CODE_STATE=getMsg HTTP/1.1" 200 27
222.67.238.82 - - [14/May/2023:10:31:45 +0800] "GET /xingrg/check_reg.html?_=1684031505331 HTTP/1.1" 200 22
61.170.232.195 - - [14/May/2023:10:31:46 +0800] "GET /xingrg/all/function/internal_message.html?_=1684031502203&CODE_STATE=getMsg HTTP/1.1" 200 27
116.224.158.100 - - [14/May/2023:10:31:47 +0800] "GET /xingrg/all/function/internal_message.html?_=1684031507293&CODE_STATE=getMsg HTTP/1.1" 200 27
180.169.147.146 - - [14/May/2023:10:31:52 +0800] "GET /xingrg/all/function/internal_message.html?_=1684031510306&CODE_STATE=getMsg HTTP/1.1" 200 27
218.81.75.184 - - [14/May/2023:10:31:52 +0800] "POST /xingrg/services/DataTransmitService HTTP/1.1" 200 524
218.81.75.184 - - [14/May/2023:10:31:52 +0800] "POST /xingrg/services/DataTransmitService HTTP/1.1" 200 2175
180.169.147.146 - - [14/May/2023:10:31:52 +0800] "GET /xingrg/check_reg.html?_=1684031511119 HTTP/1.1" 200 22
218.81.75.184 - - [14/May/2023:10:31:54 +0800] "POST /xingrg/services/DataTransmitService HTTP/1.1" 200 192956
114.85.113.108 - - [14/May/2023:10:31:57 +0800] "GET /xingrg/all/function/internal_message.html?_=1684031516186&CODE_STATE=getMsg HTTP/1.1" 200 27
101.229.22.40 - - [14/May/2023:10:31:57 +0800] "GET /xingrg/all/function/internal_message.html?_=1684031516656&CODE_STATE=getMsg HTTP/1.1" 200 27
116.235.240.236 - - [14/May/2023:10:31:58 +0800] "GET /xingrg/kc/buy/cgsh_order_operate.html?command=get_materiel&rest_code=00146&code=00101008353&supplier_code=00100005&order_time=2023-05-14 HTTP/1.1" 200 408
180.164.3.199 - - [14/May/2023:10:32:08 +0800] "GET /xingrg/all/function/internal_message.html?_=1684031528253&CODE_STATE=getMsg HTTP/1.1" 200 27
180.163.30.85 - - [14/May/2023:10:32:11 +0800] "GET /xingrg/kc/buy/cgsh_order_operate.html?command=get_materiel&rest_code=00106&code=00101029018&supplier_code=00100017&order_time=2023-05-14 HTTP/1.1" 302 -
180.163.30.85 - - [14/May/2023:10:32:11 +0800] "GET /xingrg/login.html HTTP/1.1" 200 7641
116.232.195.27 - - [14/May/2023:10:32:11 +0800] "GET /xingrg/check_reg.html?_=1684031581320 HTTP/1.1" 200 22
61.170.232.195 - - [14/May/2023:10:32:11 +0800] "POST /xingrg/kc/buy/cgsh_order_operate.html HTTP/1.1" 200 37
116.232.195.27 - - [14/May/2023:10:32:11 +0800] "GET /xingrg/all/function/internal_message.html?_=1684031581927&CODE_STATE=getMsg HTTP/1.1" 200 27
180.169.147.146 - - [14/May/2023:10:32:12 +0800] "GET /xingrg/all/function/internal_message.html?_=1684031532107&CODE_STATE=getMsg HTTP/1.1" 200 27
116.238.139.35 - - [14/May/2023:10:32:20 +0800] "GET /xingrg/all/function/internal_message.html?_=1684031538967&CODE_STATE=getMsg HTTP/1.1" 200 27
116.238.139.35 - - [14/May/2023:10:32:20 +0800] "GET /xingrg/check_reg.html?_=1684031538971 HTTP/1.1" 200 22
61.170.232.195 - - [14/May/2023:10:32:21 +0800] "POST /xingrg/kc/buy/cgsh_order_operate.html HTTP/1.1" 200 12
61.170.232.195 - - [14/May/2023:10:32:25 +0800] "GET /xingrg/kc/buy/cgsh_order_info.html?code=212023051405035 HTTP/1.1" 200 66273
114.83.219.197 - - [14/May/2023:10:32:25 +0800] "GET /xingrg/all/function/internal_message.html?_=1684031640291&CODE_STATE=getMsg HTTP/1.1" 200 27
116.224.158.100 - - [14/May/2023:10:32:25 +0800] "GET /xingrg/all/function/internal_message.html?_=1684031381370&CODE_STATE=getMsg HTTP/1.1" 200 27
61.170.232.195 - - [14/May/2023:10:32:25 +0800] "GET /xingrg/javascript/easyui/themes/default/validatebox.css HTTP/1.1" 404 1104
61.170.232.195 - - [14/May/2023:10:32:27 +0800] "POST /xingrg/kc/buy/cgsh_order_operate.html HTTP/1.1" 200 3118
116.235.240.236 - - [14/May/2023:10:32:28 +0800] "GET /xingrg/all/function/internal_message.html?_=1684031549717&CODE_STATE=getMsg HTTP/1.1" 200 27
61.170.232.195 - - [14/May/2023:10:32:29 +0800] "GET /xingrg/kc/print/load_data.html?order_code=212023051405035&kc_code=cgsh&condition= HTTP/1.1" 200 1818
124.79.240.114 - - [14/May/2023:10:32:30 +0800] "GET /xingrg/all/function/internal_message.html?_=1684031827926&CODE_STATE=getMsg HTTP/1.1" 200 27
114.85.96.117 - - [14/May/2023:10:32:33 +0800] "GET /xingrg/all/function/internal_message.html?_=1684031553761&CODE_STATE=getMsg HTTP/1.1" 200 27
116.235.240.236 - - [14/May/2023:10:32:38 +0800] "GET /xingrg/kc/buy/cgsh_order_operate.html?command=get_materiel&rest_code=00146&code=00101008213&supplier_code=00100005&order_time=2023-05-14 HTTP/1.1" 200 412
114.93.35.223 - - [14/May/2023:10:32:39 +0800] "GET /xingrg/all/function/internal_message.html?_=1684031559727&CODE_STATE=getMsg HTTP/1.1" 200 27
180.171.122.0 - - [14/May/2023:10:32:39 +0800] "GET /xingrg/all/function/internal_message.html?_=1684031555497&CODE_STATE=getMsg HTTP/1.1" 200 27
124.79.74.67 - - [14/May/2023:10:32:40 +0800] "GET /xingrg/all/function/internal_message.html?_=1684031572713&CODE_STATE=getMsg HTTP/1.1" 200 27
180.164.3.199 - - [14/May/2023:10:32:46 +0800] "GET /xingrg/kc/buy/cgsh_order_operate.html?command=get_materiel&rest_code=00108&code=00101008229&supplier_code=00100007&order_time=2023-05-14 HTTP/1.1" 200 420
61.170.232.195 - - [14/May/2023:10:32:46 +0800] "GET /xingrg/all/function/internal_message.html?_=1684031562183&CODE_STATE=getMsg HTTP/1.1" 200 27
222.67.238.82 - - [14/May/2023:10:32:46 +0800] "GET /xingrg/all/function/internal_message.html?_=1684031566339&CODE_STATE=getMsg HTTP/1.1" 200 27
116.224.158.100 - - [14/May/2023:10:32:47 +0800] "GET /xingrg/all/function/internal_message.html?_=1684031567274&CODE_STATE=getMsg HTTP/1.1" 200 27
180.169.147.146 - - [14/May/2023:10:32:52 +0800] "GET /xingrg/all/function/internal_message.html?_=1684031570276&CODE_STATE=getMsg HTTP/1.1" 200 27
180.164.3.199 - - [14/May/2023:10:32:57 +0800] "GET /xingrg/kc/buy/cgsh_order_operate.html?command=get_materiel&rest_code=00108&code=00101008331&supplier_code=00100007&order_time=2023-05-14 HTTP/1.1" 200 416
114.85.113.108 - - [14/May/2023:10:32:57 +0800] "GET /xingrg/all/function/internal_message.html?_=1684031576155&CODE_STATE=getMsg HTTP/1.1" 200 27
101.229.22.40 - - [14/May/2023:10:32:57 +0800] "GET /xingrg/all/function/internal_message.html?_=1684031576658&CODE_STATE=getMsg HTTP/1.1" 200 27
116.235.240.236 - - [14/May/2023:10:32:59 +0800] "GET /xingrg/kc/buy/cgsh_order_operate.html?command=get_materiel&rest_code=00146&code=00101016122&supplier_code=00100005&order_time=2023-05-14 HTTP/1.1" 200 409
116.235.240.236 - - [14/May/2023:10:33:02 +0800] "POST /xingrg/kc/buy/cgsh_order_operate.html HTTP/1.1" 200 2065
180.164.3.199 - - [14/May/2023:10:33:08 +0800] "GET /xingrg/all/function/internal_message.html?_=1684031588236&CODE_STATE=getMsg HTTP/1.1" 200 27
116.232.195.27 - - [14/May/2023:10:33:11 +0800] "GET /xingrg/all/function/internal_message.html?_=1684031641906&CODE_STATE=getMsg HTTP/1.1" 200 27
180.164.3.199 - - [14/May/2023:10:33:12 +0800] "GET /xingrg/kc/buy/cgsh_order_operate.html?command=get_materiel&rest_code=00108&code=00101020152&supplier_code=00100007&order_time=2023-05-14 HTTP/1.1" 200 416
180.169.147.146 - - [14/May/2023:10:33:12 +0800] "GET /xingrg/check_reg.html?_=1684031592118 HTTP/1.1" 200 22
180.169.147.146 - - [14/May/2023:10:33:12 +0800] "GET /xingrg/all/function/internal_message.html?_=1684031592120&CODE_STATE=getMsg HTTP/1.1" 200 27
116.235.240.236 - - [14/May/2023:10:33:16 +0800] "GET /xingrg/kc/buy/cgsh_order_operate.html?command=get_materiel&rest_code=00146&code=00101008103&supplier_code=00100005&order_time=2023-05-14 HTTP/1.1" 200 417
114.83.218.205 - - [14/May/2023:10:33:18 +0800] "GET /xingrg/login.html HTTP/1.1" 200 7641
114.83.218.205 - - [14/May/2023:10:33:18 +0800] "GET /favicon.ico HTTP/1.1" 404 -
116.238.139.35 - - [14/May/2023:10:33:20 +0800] "GET /xingrg/all/function/internal_message.html?_=1684031598977&CODE_STATE=getMsg HTTP/1.1" 200 27
114.83.219.197 - - [14/May/2023:10:33:25 +0800] "GET /xingrg/all/function/internal_message.html?_=1684031700297&CODE_STATE=getMsg HTTP/1.1" 200 27
116.224.158.100 - - [14/May/2023:10:33:25 +0800] "GET /xingrg/all/function/internal_message.html?_=1684031441357&CODE_STATE=getMsg HTTP/1.1" 200 27
180.164.3.199 - - [14/May/2023:10:33:26 +0800] "GET /xingrg/kc/buy/cgsh_order_operate.html?command=get_materiel&rest_code=00108&code=00101008356&supplier_code=00100007&order_time=2023-05-14 HTTP/1.1" 200 408
116.235.240.236 - - [14/May/2023:10:33:28 +0800] "GET /xingrg/all/function/internal_message.html?_=1684031609730&CODE_STATE=getMsg HTTP/1.1" 200 27
180.163.30.85 - - [14/May/2023:10:33:28 +0800] "GET /xingrg/kc/print/load_data.html?order_code=212023051405035&kc_code=cgsh&condition= HTTP/1.1" 302 -
180.163.30.85 - - [14/May/2023:10:33:28 +0800] "GET /xingrg/login.html HTTP/1.1" 200 7641
114.83.218.205 - - [14/May/2023:10:33:28 +0800] "POST /xingrg/login.do HTTP/1.1" 302 -
114.83.218.205 - - [14/May/2023:10:33:29 +0800] "GET /xingrg/index.html?sysBaseUrl=http%3A%2F%2F180.169.147.146%3A18081%2Fxingrg%2F&costTime=1540×tamp=1684031608938 HTTP/1.1" 200 17179
114.83.218.205 - - [14/May/2023:10:33:29 +0800] "GET /favicon.ico HTTP/1.1" 404 -
114.83.218.205 - - [14/May/2023:10:33:29 +0800] "GET /xingrg/all/function/internal_message.html?_=1684031609514&CODE_STATE=count HTTP/1.1" 200 11
114.83.218.205 - - [14/May/2023:10:33:29 +0800] "GET /xingrg/check_reg.html?_=1684031609515 HTTP/1.1" 200 22
114.83.218.205 - - [14/May/2023:10:33:29 +0800] "POST /xingrg/all/common/load_tree.html?tree=area_rest_tree_json&manage=1 HTTP/1.1" 200 351
114.83.218.205 - - [14/May/2023:10:33:29 +0800] "POST /xingrg/load_menu.html HTTP/1.1" 200 5138
124.79.240.114 - - [14/May/2023:10:33:30 +0800] "GET /xingrg/all/function/internal_message.html?_=1684031887924&CODE_STATE=getMsg HTTP/1.1" 200 27
114.85.96.117 - - [14/May/2023:10:33:33 +0800] "GET /xingrg/all/function/internal_message.html?_=1684031613753&CODE_STATE=getMsg HTTP/1.1" 200 27
114.83.218.205 - - [14/May/2023:10:33:35 +0800] "GET /xingrg/kc/base/wldb_order_list.html HTTP/1.1" 200 19104
114.83.218.205 - - [14/May/2023:10:33:36 +0800] "POST /xingrg/kc/base/wldb_list_operate.html HTTP/1.1" 200 928
114.83.218.205 - - [14/May/2023:10:33:37 +0800] "GET /xingrg/kc/base/wldb_order_add.html HTTP/1.1" 200 30387
114.83.218.205 - - [14/May/2023:10:33:37 +0800] "GET /xingrg/javascript/easyui/themes/default/validatebox.css HTTP/1.1" 404 1104
114.83.218.205 - - [14/May/2023:10:33:37 +0800] "GET /xingrg/all/common/auto_word.html?type=base&rest_code=00149 HTTP/1.1" 200 1907
114.83.218.205 - - [14/May/2023:10:33:37 +0800] "POST /xingrg/kc/base/wldb_order_operate.html HTTP/1.1" 200 6806
114.83.218.205 - - [14/May/2023:10:33:37 +0800] "GET /xingrg/all/common/auto_word.html?type=base&rest_code=00149 HTTP/1.1" 200 1907
114.93.35.223 - - [14/May/2023:10:33:39 +0800] "GET /xingrg/all/function/internal_message.html?_=1684031619728&CODE_STATE=getMsg HTTP/1.1" 200 27
180.171.122.0 - - [14/May/2023:10:33:39 +0800] "GET /xingrg/all/function/internal_message.html?_=1684031615480&CODE_STATE=getMsg HTTP/1.1" 200 27
180.164.3.199 - - [14/May/2023:10:33:39 +0800] "GET /xingrg/kc/buy/cgsh_order_operate.html?command=get_materiel&rest_code=00108&code=00101008077&supplier_code=00100007&order_time=2023-05-14 HTTP/1.1" 200 416
124.79.74.67 - - [14/May/2023:10:33:40 +0800] "GET /xingrg/all/function/internal_message.html?_=1684031632710&CODE_STATE=getMsg HTTP/1.1" 200 27
114.83.218.205 - - [14/May/2023:10:33:40 +0800] "POST /xingrg/all/common/load_combo.html?type=base HTTP/1.1" 200 3409
61.170.232.195 - - [14/May/2023:10:33:42 +0800] "GET /xingrg/check_reg.html?_=1684031618138 HTTP/1.1" 200 22
114.83.218.205 - - [14/May/2023:10:33:43 +0800] "GET /xingrg/javascript/auto/indicator.gif HTTP/1.1" 404 1066
180.163.28.114 - - [14/May/2023:10:33:46 +0800] "GET /xingrg/all/function/internal_message.html?_=1684031562183&CODE_STATE=getMsg HTTP/1.1" 302 -
180.163.28.114 - - [14/May/2023:10:33:46 +0800] "GET /xingrg/login.html HTTP/1.1" 200 7641
61.170.232.195 - - [14/May/2023:10:33:46 +0800] "GET /xingrg/all/function/internal_message.html?_=1684031622166&CODE_STATE=getMsg HTTP/1.1" 200 27
116.224.158.100 - - [14/May/2023:10:33:47 +0800] "GET /xingrg/all/function/internal_message.html?_=1684031627254&CODE_STATE=getMsg HTTP/1.1" 200 27
222.67.238.82 - - [14/May/2023:10:33:47 +0800] "GET /xingrg/all/function/internal_message.html?_=1684031627351&CODE_STATE=getMsg HTTP/1.1" 200 27
114.83.218.205 - - [14/May/2023:10:33:51 +0800] "GET /xingrg/kc/base/wldb_order_operate.html?command=get_materiel&rest_code=00149&base_code=0010394&code=00101019400 HTTP/1.1" 200 465
180.169.147.146 - - [14/May/2023:10:33:52 +0800] "GET /xingrg/all/function/internal_message.html?_=1684031630260&CODE_STATE=getMsg HTTP/1.1" 200 27
124.79.74.67 - - [14/May/2023:10:33:54 +0800] "GET /xingrg/logout.do HTTP/1.1" 302 -
124.79.74.67 - - [14/May/2023:10:33:54 +0800] "GET /xingrg/login.html?sysBaseUrl=http%3A%2F%2F180.169.147.146%3A18081%2Fxingrg%2F&costTime=53×tamp=1684031634206 HTTP/1.1" 200 7641
124.79.74.67 - - [14/May/2023:10:33:54 +0800] "GET /xingrg/images/blue/login_bg.png HTTP/1.1" 200 22101
124.79.74.67 - - [14/May/2023:10:33:54 +0800] "GET /xingrg/images/blue/hj.png HTTP/1.1" 200 1014
124.79.74.67 - - [14/May/2023:10:33:54 +0800] "GET /xingrg/images/blue/srbg.png HTTP/1.1" 200 138
180.164.3.199 - - [14/May/2023:10:33:55 +0800] "GET /xingrg/kc/buy/cgsh_order_operate.html?command=get_materiel&rest_code=00108&code=00101008286&supplier_code=00100007&order_time=2023-05-14 HTTP/1.1" 200 408
114.85.113.108 - - [14/May/2023:10:33:57 +0800] "GET /xingrg/all/function/internal_message.html?_=1684031636146&CODE_STATE=getMsg HTTP/1.1" 200 27
101.229.22.40 - - [14/May/2023:10:33:57 +0800] "GET /xingrg/all/function/internal_message.html?_=1684031636657&CODE_STATE=getMsg HTTP/1.1" 200 27
114.83.218.205 - - [14/May/2023:10:33:58 +0800] "GET /xingrg/kc/base/wldb_order_operate.html?command=get_materiel&rest_code=00149&base_code=0010394&code=00101019183 HTTP/1.1" 200 449
124.79.74.67 - - [14/May/2023:10:34:00 +0800] "POST /xingrg/login.do HTTP/1.1" 302 -
124.79.74.67 - - [14/May/2023:10:34:00 +0800] "GET /xingrg/index.html?sysBaseUrl=http%3A%2F%2F180.169.147.146%3A18081%2Fxingrg%2F&costTime=1439×tamp=1684031640566 HTTP/1.1" 200 17179
124.79.74.67 - - [14/May/2023:10:34:00 +0800] "GET /xingrg/all/function/internal_message.html?_=1684031653108&CODE_STATE=count HTTP/1.1" 200 11
124.79.74.67 - - [14/May/2023:10:34:00 +0800] "GET /xingrg/check_reg.html?_=1684031653108 HTTP/1.1" 200 22
124.79.74.67 - - [14/May/2023:10:34:00 +0800] "POST /xingrg/all/common/load_tree.html?tree=area_rest_tree_json&manage=1 HTTP/1.1" 200 351
124.79.74.67 - - [14/May/2023:10:34:00 +0800] "POST /xingrg/load_menu.html HTTP/1.1" 200 5138
124.79.74.67 - - [14/May/2023:10:34:02 +0800] "GET /xingrg/kc/buy/buy_main.html HTTP/1.1" 200 12412
124.79.74.67 - - [14/May/2023:10:34:02 +0800] "GET /xingrg/css/new_ie.css HTTP/1.1" 404 1036
124.79.74.67 - - [14/May/2023:10:34:02 +0800] "GET /xingrg/javascript/jquery_ui/themes/humanity/humanity.css HTTP/1.1" 200 27801
124.79.74.67 - - [14/May/2023:10:34:02 +0800] "GET /xingrg/javascript/ToolTips.js HTTP/1.1" 200 5615
124.79.74.67 - - [14/May/2023:10:34:02 +0800] "GET /xingrg/javascript/jquery_ui/jquery-ui.min.js HTTP/1.1" 200 186181
124.79.74.67 - - [14/May/2023:10:34:02 +0800] "GET /xingrg/images/blue/button/ckthd.gif HTTP/1.1" 200 2045
124.79.74.67 - - [14/May/2023:10:34:02 +0800] "GET /xingrg/images/blue/pic_form2.gif HTTP/1.1" 200 1853
124.79.74.67 - - [14/May/2023:10:34:02 +0800] "GET /xingrg/images/blue/button/cgydd.gif HTTP/1.1" 200 2712
124.79.74.67 - - [14/May/2023:10:34:02 +0800] "GET /xingrg/images/blue/button/cgxqd.gif HTTP/1.1" 200 2619
124.79.74.67 - - [14/May/2023:10:34:02 +0800] "GET /xingrg/images/blue/button/cgshd.gif HTTP/1.1" 200 2618
124.79.74.67 - - [14/May/2023:10:34:02 +0800] "GET /xingrg/images/blue/button/cgfkd.gif HTTP/1.1" 200 2075
124.79.74.67 - - [14/May/2023:10:34:02 +0800] "GET /xingrg/images/blue/button/kc.gif HTTP/1.1" 200 2160
124.79.74.67 - - [14/May/2023:10:34:02 +0800] "GET /xingrg/images/blue/button/right_ah.jpg HTTP/1.1" 200 1744
124.79.74.67 - - [14/May/2023:10:34:02 +0800] "GET /xingrg/images/blue/button/down_ah.jpg HTTP/1.1" 200 1732
124.79.74.67 - - [14/May/2023:10:34:02 +0800] "GET /xingrg/javascript/jquery_ui/themes/humanity/images/ui-bg_inset-soft_100_f4f0ec_1x100.png HTTP/1.1" 200 141
124.79.74.67 - - [14/May/2023:10:34:02 +0800] "GET /xingrg/images/blue/bg_dotted.jpg HTTP/1.1" 200 319
124.79.74.67 - - [14/May/2023:10:34:02 +0800] "GET /xingrg/javascript/jquery_ui/themes/humanity/images/ui-iconsnew.jpg HTTP/1.1" 200 337
124.79.74.67 - - [14/May/2023:10:34:02 +0800] "GET /xingrg/javascript/jquery_ui/themes/humanity/images/ui-bg_glass_70_ede4d4_1x400.png HTTP/1.1" 200 161
124.79.74.67 - - [14/May/2023:10:34:02 +0800] "GET /xingrg/javascript/jquery_ui/themes/humanity/images/ui-icons_c47a23_256x240.png HTTP/1.1" 200 5355
124.79.74.67 - - [14/May/2023:10:34:02 +0800] "GET /xingrg/javascript/jquery_ui/themes/humanity/images/ui-icons_ffffff_256x240.png HTTP/1.1" 200 4369
116.235.240.236 - - [14/May/2023:10:34:02 +0800] "GET /xingrg/kc/buy/cgsh_order_operate.html?command=get_materiel&rest_code=00146&code=00101008283&supplier_code=00100005&order_time=2023-05-14 HTTP/1.1" 200 408
124.79.74.67 - - [14/May/2023:10:34:02 +0800] "GET /xingrg/images/yd/bt.gif HTTP/1.1" 404 1040
124.79.74.67 - - [14/May/2023:10:34:03 +0800] "GET /xingrg/kc/buy/cgsh_order_list.html HTTP/1.1" 200 55588
124.79.74.67 - - [14/May/2023:10:34:03 +0800] "GET /xingrg/css/base.css HTTP/1.1" 200 2811
124.79.74.67 - - [14/May/2023:10:34:03 +0800] "GET /xingrg/css/site.css HTTP/1.1" 200 7541
124.79.74.67 - - [14/May/2023:10:34:03 +0800] "GET /xingrg/javascript/jquery_tools/datebox.css HTTP/1.1" 200 2597
124.79.74.67 - - [14/May/2023:10:34:03 +0800] "GET /xingrg/javascript/easyui/themes/default/easyui.css HTTP/1.1" 200 30432
124.79.74.67 - - [14/May/2023:10:34:03 +0800] "GET /xingrg/javascript/easyui/themes/icon.css HTTP/1.1" 200 4483
124.79.74.67 - - [14/May/2023:10:34:03 +0800] "GET /xingrg/javascript/auto/jquery.autocomplete.css HTTP/1.1" 200 587
124.79.74.67 - - [14/May/2023:10:34:03 +0800] "GET /xingrg/javascript/jquery_tools/fix.css HTTP/1.1" 200 1702
124.79.74.67 - - [14/May/2023:10:34:03 +0800] "GET /xingrg/javascript/jquery_tools/table.css HTTP/1.1" 200 1032
124.79.74.67 - - [14/May/2023:10:34:03 +0800] "GET /xingrg/javascript/jquery_tools/jquery.tools.min.js HTTP/1.1" 200 138801
124.79.74.67 - - [14/May/2023:10:34:03 +0800] "GET /xingrg/javascript/jquery_tools/jquery.tools.extend.js HTTP/1.1" 200 15385
124.79.74.67 - - [14/May/2023:10:34:03 +0800] "GET /xingrg/javascript/jquery_tools/jquery.tools.hotkey.js HTTP/1.1" 200 3242
124.79.74.67 - - [14/May/2023:10:34:03 +0800] "GET /xingrg/javascript/jquery_tools/jquery.tools.table.js HTTP/1.1" 200 6994
124.79.74.67 - - [14/May/2023:10:34:03 +0800] "GET /xingrg/javascript/jquery_tools/list_manager.js HTTP/1.1" 200 3652
124.79.74.67 - - [14/May/2023:10:34:03 +0800] "GET /xingrg/javascript/auto/jquery.autocomplete.js HTTP/1.1" 200 21624
124.79.74.67 - - [14/May/2023:10:34:03 +0800] "GET /xingrg/javascript/easyui/easyloader.js HTTP/1.1" 200 5975
124.79.74.67 - - [14/May/2023:10:34:03 +0800] "GET /xingrg/javascript/jquery.cookie.js HTTP/1.1" 200 5513
124.79.74.67 - - [14/May/2023:10:34:03 +0800] "GET /xingrg/javascript/print/LodopFuncs.js HTTP/1.1" 200 5121
180.164.3.199 - - [14/May/2023:10:34:04 +0800] "GET /xingrg/kc/buy/cgsh_order_operate.html?command=get_materiel&rest_code=00108&code=00101008131&supplier_code=00100007&order_time=2023-05-14 HTTP/1.1" 200 409
124.79.74.67 - - [14/May/2023:10:34:04 +0800] "GET /xingrg/javascript/easyui/themes/icons/check_new.png HTTP/1.1" 200 3224
124.79.74.67 - - [14/May/2023:10:34:04 +0800] "GET /xingrg/javascript/easyui/themes/icons/edit_add_new.png HTTP/1.1" 200 2997
124.79.74.67 - - [14/May/2023:10:34:04 +0800] "GET /xingrg/javascript/easyui/themes/icons/field_new.png HTTP/1.1" 200 1097
124.79.74.67 - - [14/May/2023:10:34:04 +0800] "GET /xingrg/javascript/easyui/themes/icons/cance_new.png HTTP/1.1" 200 3986
124.79.74.67 - - [14/May/2023:10:34:04 +0800] "GET /xingrg/javascript/easyui/themes/icons/import_new.png HTTP/1.1" 200 1247
124.79.74.67 - - [14/May/2023:10:34:04 +0800] "GET /xingrg/javascript/easyui/plugins/jquery.parser.js HTTP/1.1" 200 1142
124.79.74.67 - - [14/May/2023:10:34:04 +0800] "GET /xingrg/images/control/ajaxLoader.gif HTTP/1.1" 200 4659
114.83.218.205 - - [14/May/2023:10:34:05 +0800] "GET /xingrg/kc/base/wldb_order_operate.html?command=get_materiel&rest_code=00149&base_code=0010394&code=00101019391 HTTP/1.1" 200 485
124.79.74.67 - - [14/May/2023:10:34:07 +0800] "POST /xingrg/kc/buy/cgsh_list_operate.html HTTP/1.1" 200 986
180.164.3.199 - - [14/May/2023:10:34:08 +0800] "GET /xingrg/all/function/internal_message.html?_=1684031648250&CODE_STATE=getMsg HTTP/1.1" 200 27
124.79.74.67 - - [14/May/2023:10:34:08 +0800] "GET /xingrg/javascript/easyui/themes/default/images/button_plain_hover.png HTTP/1.1" 200 144
124.79.74.67 - - [14/May/2023:10:34:10 +0800] "GET /xingrg/kc/buy/cgsh_order_add.html HTTP/1.1" 200 71443
124.79.74.67 - - [14/May/2023:10:34:10 +0800] "GET /xingrg/javascript/jquery_tools/order_manager.js HTTP/1.1" 200 11183
124.79.74.67 - - [14/May/2023:10:34:10 +0800] "GET /xingrg/javascript/convert.js HTTP/1.1" 200 1239
124.79.74.67 - - [14/May/2023:10:34:10 +0800] "GET /xingrg/javascript/json2.js HTTP/1.1" 200 11259
124.79.74.67 - - [14/May/2023:10:34:10 +0800] "GET /xingrg/javascript/print/kc_print.js HTTP/1.1" 200 11415
124.79.74.67 - - [14/May/2023:10:34:10 +0800] "GET /xingrg/words/20230513225747_words.js HTTP/1.1" 200 964240
124.79.74.67 - - [14/May/2023:10:34:10 +0800] "GET /xingrg/javascript/easyui/themes/icons/template_new.png HTTP/1.1" 200 3956
124.79.74.67 - - [14/May/2023:10:34:10 +0800] "GET /xingrg/javascript/easyui/themes/icons/print.png HTTP/1.1" 200 1057
124.79.74.67 - - [14/May/2023:10:34:10 +0800] "GET /xingrg/javascript/easyui/themes/icons/ok.png HTTP/1.1" 200 883
124.79.74.67 - - [14/May/2023:10:34:10 +0800] "GET /xingrg/javascript/easyui/themes/icons/copy_new.png HTTP/1.1" 200 815
124.79.74.67 - - [14/May/2023:10:34:10 +0800] "GET /xingrg/javascript/easyui/themes/icons/cancel.png HTTP/1.1" 200 1133
124.79.74.67 - - [14/May/2023:10:34:10 +0800] "GET /xingrg/javascript/easyui/themes/default/images/menu_downarrow.png HTTP/1.1" 200 173
124.79.74.67 - - [14/May/2023:10:34:10 +0800] "GET /xingrg/javascript/easyui/themes/default/validatebox.css HTTP/1.1" 404 1104
124.79.74.67 - - [14/May/2023:10:34:10 +0800] "GET /xingrg/javascript/easyui/plugins/jquery.validatebox.js HTTP/1.1" 200 6103
124.79.74.67 - - [14/May/2023:10:34:10 +0800] "POST /xingrg/kc/buy/cgsh_order_operate.html HTTP/1.1" 200 8245
124.79.74.67 - - [14/May/2023:10:34:10 +0800] "GET /xingrg/javascript/easyui/plugins/jquery.numberbox.js HTTP/1.1" 200 5213
124.79.74.67 - - [14/May/2023:10:34:10 +0800] "GET /xingrg/javascript/easyui/themes/icons/edit_remove.png HTTP/1.1" 200 625
124.79.74.67 - - [14/May/2023:10:34:10 +0800] "GET /xingrg/all/common/auto_word.html?type=employee&rest_code=00156 HTTP/1.1" 200 97
124.79.74.67 - - [14/May/2023:10:34:10 +0800] "GET /xingrg/all/common/auto_word.html?type=employee&rest_code=00156 HTTP/1.1" 200 97
114.83.218.205 - - [14/May/2023:10:34:11 +0800] "GET /xingrg/kc/base/wldb_order_operate.html?command=get_materiel&rest_code=00149&base_code=0010394&code=00101019185 HTTP/1.1" 200 469
116.232.195.27 - - [14/May/2023:10:34:11 +0800] "GET /xingrg/all/function/internal_message.html?_=1684031701900&CODE_STATE=getMsg HTTP/1.1" 200 27
180.169.147.146 - - [14/May/2023:10:34:12 +0800] "GET /xingrg/all/function/internal_message.html?_=1684031652123&CODE_STATE=getMsg HTTP/1.1" 200 27
120.253.135.82 - - [14/May/2023:10:34:13 +0800] "GET /xingrg/check_reg.html?_=1684031490737 HTTP/1.1" 200 22
120.253.135.82 - - [14/May/2023:10:34:14 +0800] "GET /xingrg/check_reg.html?_=1684031492107 HTTP/1.1" 200 22
114.85.113.108 - - [14/May/2023:10:34:15 +0800] "GET /xingrg/check_reg.html?_=1684031653935 HTTP/1.1" 200 22
180.164.3.199 - - [14/May/2023:10:34:16 +0800] "GET /xingrg/kc/buy/cgsh_order_operate.html?command=get_materiel&rest_code=00108&code=00101008353&supplier_code=00100007&order_time=2023-05-14 HTTP/1.1" 200 408
114.83.218.205 - - [14/May/2023:10:34:17 +0800] "GET /xingrg/kc/base/wldb_order_operate.html?command=get_materiel&rest_code=00149&base_code=0010394&code=00101019133 HTTP/1.1" 200 480
116.235.240.236 - - [14/May/2023:10:34:19 +0800] "GET /xingrg/kc/buy/cgsh_order_operate.html?command=get_materiel&rest_code=00146&code=00101008298&supplier_code=00100005&order_time=2023-05-14 HTTP/1.1" 200 431
116.238.139.35 - - [14/May/2023:10:34:20 +0800] "GET /xingrg/all/function/internal_message.html?_=1684031658965&CODE_STATE=getMsg HTTP/1.1" 200 27
114.83.218.205 - - [14/May/2023:10:34:23 +0800] "GET /xingrg/kc/base/wldb_order_operate.html?command=get_materiel&rest_code=00149&base_code=0010394&code=00101019222 HTTP/1.1" 200 453
114.83.219.197 - - [14/May/2023:10:34:25 +0800] "GET /xingrg/check_reg.html?_=1684031760296 HTTP/1.1" 200 22
114.83.219.197 - - [14/May/2023:10:34:25 +0800] "GET /xingrg/all/function/internal_message.html?_=1684031760298&CODE_STATE=getMsg HTTP/1.1" 200 27
116.224.158.100 - - [14/May/2023:10:34:25 +0800] "GET /xingrg/all/function/internal_message.html?_=1684031501356&CODE_STATE=getMsg HTTP/1.1" 200 27
116.235.240.236 - - [14/May/2023:10:34:28 +0800] "GET /xingrg/all/function/internal_message.html?_=1684031669744&CODE_STATE=getMsg HTTP/1.1" 200 27
180.164.3.199 - - [14/May/2023:10:34:28 +0800] "GET /xingrg/kc/buy/cgsh_order_operate.html?command=get_materiel&rest_code=00108&code=00101008210&supplier_code=00100007&order_time=2023-05-14 HTTP/1.1" 200 408
114.83.218.205 - - [14/May/2023:10:34:29 +0800] "GET /xingrg/all/function/internal_message.html?_=1684031669518&CODE_STATE=getMsg HTTP/1.1" 200 27
124.79.74.67 - - [14/May/2023:10:34:29 +0800] "GET /xingrg/javascript/auto/indicator.gif HTTP/1.1" 404 1066
114.83.218.205 - - [14/May/2023:10:34:30 +0800] "GET /xingrg/kc/base/wldb_order_operate.html?command=get_materiel&rest_code=00149&base_code=0010394&code=00101016086 HTTP/1.1" 200 468
124.79.240.114 - - [14/May/2023:10:34:30 +0800] "GET /xingrg/all/function/internal_message.html?_=1684031947922&CODE_STATE=getMsg HTTP/1.1" 200 27
124.79.240.114 - - [14/May/2023:10:34:30 +0800] "GET /xingrg/check_reg.html?_=1684031947923 HTTP/1.1" 200 22
114.85.96.117 - - [14/May/2023:10:34:33 +0800] "GET /xingrg/all/function/internal_message.html?_=1684031673737&CODE_STATE=getMsg HTTP/1.1" 200 27
124.79.74.67 - - [14/May/2023:10:34:35 +0800] "GET /xingrg/index.html?sysBaseUrl=http%3A%2F%2F180.169.147.146%3A18081%2Fxingrg%2F&costTime=1439×tamp=1684031640566 HTTP/1.1" 200 17179
124.79.74.67 - - [14/May/2023:10:34:35 +0800] "GET /xingrg/check_reg.html?_=1684031687588 HTTP/1.1" 200 22
124.79.74.67 - - [14/May/2023:10:34:35 +0800] "GET /xingrg/all/function/internal_message.html?_=1684031687588&CODE_STATE=count HTTP/1.1" 200 11
124.79.74.67 - - [14/May/2023:10:34:35 +0800] "POST /xingrg/all/common/load_tree.html?tree=area_rest_tree_json&manage=1 HTTP/1.1" 200 351
124.79.74.67 - - [14/May/2023:10:34:35 +0800] "POST /xingrg/load_menu.html HTTP/1.1" 200 5138
124.79.74.67 - - [14/May/2023:10:34:36 +0800] "GET /xingrg/kc/buy/buy_main.html HTTP/1.1" 200 12412
124.79.74.67 - - [14/May/2023:10:34:36 +0800] "GET /xingrg/css/new_ie.css HTTP/1.1" 404 1036
124.79.74.67 - - [14/May/2023:10:34:36 +0800] "GET /xingrg/javascript/jquery_ui/themes/humanity/humanity.css HTTP/1.1" 200 27801
124.79.74.67 - - [14/May/2023:10:34:36 +0800] "GET /xingrg/javascript/ToolTips.js HTTP/1.1" 200 5615
124.79.74.67 - - [14/May/2023:10:34:36 +0800] "GET /xingrg/javascript/jquery_ui/jquery-ui.min.js HTTP/1.1" 200 186181
124.79.74.67 - - [14/May/2023:10:34:36 +0800] "GET /xingrg/images/blue/button/cgxqd.gif HTTP/1.1" 200 2619
124.79.74.67 - - [14/May/2023:10:34:36 +0800] "GET /xingrg/images/blue/button/cgydd.gif HTTP/1.1" 200 2712
124.79.74.67 - - [14/May/2023:10:34:36 +0800] "GET /xingrg/images/blue/button/cgshd.gif HTTP/1.1" 200 2618
124.79.74.67 - - [14/May/2023:10:34:36 +0800] "GET /xingrg/images/blue/button/cgfkd.gif HTTP/1.1" 200 2075
124.79.74.67 - - [14/May/2023:10:34:36 +0800] "GET /xingrg/images/blue/button/kc.gif HTTP/1.1" 200 2160
124.79.74.67 - - [14/May/2023:10:34:36 +0800] "GET /xingrg/images/blue/button/ckthd.gif HTTP/1.1" 200 2045
124.79.74.67 - - [14/May/2023:10:34:36 +0800] "GET /xingrg/images/blue/pic_form2.gif HTTP/1.1" 200 1853
124.79.74.67 - - [14/May/2023:10:34:36 +0800] "GET /xingrg/images/blue/button/right_ah.jpg HTTP/1.1" 200 1744
124.79.74.67 - - [14/May/2023:10:34:36 +0800] "GET /xingrg/images/blue/button/down_ah.jpg HTTP/1.1" 200 1732
124.79.74.67 - - [14/May/2023:10:34:36 +0800] "GET /xingrg/images/blue/bg_dotted.jpg HTTP/1.1" 200 319
124.79.74.67 - - [14/May/2023:10:34:36 +0800] "GET /xingrg/javascript/jquery_ui/themes/humanity/images/ui-bg_inset-soft_100_f4f0ec_1x100.png HTTP/1.1" 200 141
124.79.74.67 - - [14/May/2023:10:34:37 +0800] "GET /xingrg/kc/buy/cgsh_order_list.html HTTP/1.1" 200 55588
124.79.74.67 - - [14/May/2023:10:34:37 +0800] "GET /xingrg/css/base.css HTTP/1.1" 200 2811
124.79.74.67 - - [14/May/2023:10:34:37 +0800] "GET /xingrg/css/site.css HTTP/1.1" 200 7541
124.79.74.67 - - [14/May/2023:10:34:37 +0800] "GET /xingrg/javascript/jquery_tools/datebox.css HTTP/1.1" 200 2597
124.79.74.67 - - [14/May/2023:10:34:37 +0800] "GET /xingrg/javascript/easyui/themes/default/easyui.css HTTP/1.1" 200 30432
124.79.74.67 - - [14/May/2023:10:34:37 +0800] "GET /xingrg/javascript/easyui/themes/icon.css HTTP/1.1" 200 4483
124.79.74.67 - - [14/May/2023:10:34:38 +0800] "GET /xingrg/javascript/jquery_tools/fix.css HTTP/1.1" 200 1702
124.79.74.67 - - [14/May/2023:10:34:38 +0800] "GET /xingrg/javascript/auto/jquery.autocomplete.css HTTP/1.1" 200 587
124.79.74.67 - - [14/May/2023:10:34:38 +0800] "GET /xingrg/javascript/jquery_tools/table.css HTTP/1.1" 200 1032
124.79.74.67 - - [14/May/2023:10:34:38 +0800] "GET /xingrg/javascript/jquery_tools/jquery.tools.min.js HTTP/1.1" 200 138801
124.79.74.67 - - [14/May/2023:10:34:38 +0800] "GET /xingrg/javascript/jquery_tools/jquery.tools.extend.js HTTP/1.1" 200 15385
124.79.74.67 - - [14/May/2023:10:34:38 +0800] "GET /xingrg/javascript/jquery_tools/jquery.tools.hotkey.js HTTP/1.1" 200 3242
124.79.74.67 - - [14/May/2023:10:34:38 +0800] "GET /xingrg/javascript/jquery_tools/jquery.tools.table.js HTTP/1.1" 200 6994
124.79.74.67 - - [14/May/2023:10:34:38 +0800] "GET /xingrg/javascript/jquery_tools/list_manager.js HTTP/1.1" 200 3652
124.79.74.67 - - [14/May/2023:10:34:38 +0800] "GET /xingrg/javascript/auto/jquery.autocomplete.js HTTP/1.1" 200 21624
124.79.74.67 - - [14/May/2023:10:34:38 +0800] "GET /xingrg/javascript/easyui/easyloader.js HTTP/1.1" 200 5975
124.79.74.67 - - [14/May/2023:10:34:38 +0800] "GET /xingrg/javascript/jquery.cookie.js HTTP/1.1" 200 5513
124.79.74.67 - - [14/May/2023:10:34:38 +0800] "GET /xingrg/javascript/print/LodopFuncs.js HTTP/1.1" 200 5121
124.79.74.67 - - [14/May/2023:10:34:38 +0800] "GET /xingrg/javascript/easyui/themes/icons/edit_add_new.png HTTP/1.1" 200 2997
124.79.74.67 - - [14/May/2023:10:34:38 +0800] "GET /xingrg/javascript/easyui/themes/icons/cance_new.png HTTP/1.1" 200 3986
124.79.74.67 - - [14/May/2023:10:34:38 +0800] "GET /xingrg/javascript/easyui/themes/icons/field_new.png HTTP/1.1" 200 1097
124.79.74.67 - - [14/May/2023:10:34:38 +0800] "GET /xingrg/javascript/easyui/themes/icons/check_new.png HTTP/1.1" 200 3224
124.79.74.67 - - [14/May/2023:10:34:38 +0800] "GET /xingrg/javascript/easyui/themes/icons/import_new.png HTTP/1.1" 200 1247
124.79.74.67 - - [14/May/2023:10:34:38 +0800] "GET /xingrg/javascript/easyui/plugins/jquery.parser.js HTTP/1.1" 200 1142
124.79.74.67 - - [14/May/2023:10:34:38 +0800] "GET /xingrg/images/control/ajaxLoader.gif HTTP/1.1" 200 4659
180.164.3.199 - - [14/May/2023:10:34:38 +0800] "GET /xingrg/kc/buy/cgsh_order_operate.html?command=get_materiel&rest_code=00108&code=00101008270&supplier_code=00100007&order_time=2023-05-14 HTTP/1.1" 200 412
114.93.35.223 - - [14/May/2023:10:34:39 +0800] "GET /xingrg/all/function/internal_message.html?_=1684031679730&CODE_STATE=getMsg HTTP/1.1" 200 27
180.171.122.0 - - [14/May/2023:10:34:39 +0800] "POST /xingrg/services/DataTransmitService HTTP/1.1" 200 524
180.171.122.0 - - [14/May/2023:10:34:39 +0800] "GET /xingrg/all/function/internal_message.html?_=1684031675464&CODE_STATE=getMsg HTTP/1.1" 200 27
124.79.74.67 - - [14/May/2023:10:34:39 +0800] "POST /xingrg/kc/buy/cgsh_list_operate.html HTTP/1.1" 200 986
124.79.74.67 - - [14/May/2023:10:34:40 +0800] "GET /xingrg/javascript/easyui/themes/default/images/button_plain_hover.png HTTP/1.1" 200 144
124.79.74.67 - - [14/May/2023:10:34:41 +0800] "GET /xingrg/kc/buy/cgsh_order_add.html HTTP/1.1" 200 71443
124.79.74.67 - - [14/May/2023:10:34:41 +0800] "GET /xingrg/javascript/jquery_tools/order_manager.js HTTP/1.1" 200 11183
124.79.74.67 - - [14/May/2023:10:34:41 +0800] "GET /xingrg/javascript/convert.js HTTP/1.1" 200 1239
124.79.74.67 - - [14/May/2023:10:34:41 +0800] "GET /xingrg/javascript/json2.js HTTP/1.1" 200 11259
124.79.74.67 - - [14/May/2023:10:34:41 +0800] "GET /xingrg/javascript/print/kc_print.js HTTP/1.1" 200 11415
124.79.74.67 - - [14/May/2023:10:34:41 +0800] "GET /xingrg/words/20230513225747_words.js HTTP/1.1" 200 964240
124.79.74.67 - - [14/May/2023:10:34:41 +0800] "GET /xingrg/javascript/easyui/themes/icons/copy_new.png HTTP/1.1" 200 815
124.79.74.67 - - [14/May/2023:10:34:41 +0800] "GET /xingrg/javascript/easyui/themes/icons/template_new.png HTTP/1.1" 200 3956
124.79.74.67 - - [14/May/2023:10:34:41 +0800] "GET /xingrg/javascript/easyui/themes/icons/print.png HTTP/1.1" 200 1057
124.79.74.67 - - [14/May/2023:10:34:41 +0800] "GET /xingrg/javascript/easyui/themes/default/images/menu_downarrow.png HTTP/1.1" 200 173
124.79.74.67 - - [14/May/2023:10:34:41 +0800] "GET /xingrg/javascript/easyui/themes/icons/ok.png HTTP/1.1" 200 883
124.79.74.67 - - [14/May/2023:10:34:41 +0800] "GET /xingrg/javascript/easyui/themes/icons/cancel.png HTTP/1.1" 200 1133
124.79.74.67 - - [14/May/2023:10:34:42 +0800] "POST /xingrg/kc/buy/cgsh_order_operate.html HTTP/1.1" 200 8245
124.79.74.67 - - [14/May/2023:10:34:42 +0800] "GET /xingrg/javascript/easyui/themes/default/validatebox.css HTTP/1.1" 404 1104
124.79.74.67 - - [14/May/2023:10:34:42 +0800] "GET /xingrg/javascript/easyui/plugins/jquery.validatebox.js HTTP/1.1" 200 6103
124.79.74.67 - - [14/May/2023:10:34:42 +0800] "GET /xingrg/javascript/easyui/themes/icons/edit_remove.png HTTP/1.1" 200 625
180.163.29.217 - - [14/May/2023:10:34:42 +0800] "GET /xingrg/check_reg.html?_=1684031618138 HTTP/1.1" 302 -
124.79.74.67 - - [14/May/2023:10:34:42 +0800] "GET /xingrg/javascript/easyui/plugins/jquery.numberbox.js HTTP/1.1" 200 5213
124.79.74.67 - - [14/May/2023:10:34:42 +0800] "GET /xingrg/all/common/auto_word.html?type=employee&rest_code=00156 HTTP/1.1" 200 97
180.163.29.217 - - [14/May/2023:10:34:42 +0800] "GET /xingrg/login.html HTTP/1.1" 200 7641
124.79.74.67 - - [14/May/2023:10:34:42 +0800] "GET /xingrg/all/common/auto_word.html?type=employee&rest_code=00156 HTTP/1.1" 200 97
172.20.0.100 - - [14/May/2023:10:34:42 +0800] "GET /xingrg/check_reg.html?_=1684031700797 HTTP/1.1" 302 -
114.83.218.205 - - [14/May/2023:10:34:44 +0800] "GET /xingrg/kc/base/wldb_order_operate.html?command=get_materiel&rest_code=00149&base_code=0010394&code=00101016020 HTTP/1.1" 200 448
124.79.74.67 - - [14/May/2023:10:34:45 +0800] "GET /xingrg/javascript/jquery_tools/images/prev.gif HTTP/1.1" 404 1086
124.79.74.67 - - [14/May/2023:10:34:45 +0800] "GET /xingrg/javascript/jquery_tools/images/next.gif HTTP/1.1" 404 1086
61.170.232.195 - - [14/May/2023:10:34:46 +0800] "GET /xingrg/all/function/internal_message.html?_=1684031682151&CODE_STATE=getMsg HTTP/1.1" 200 27
116.224.158.100 - - [14/May/2023:10:34:47 +0800] "GET /xingrg/all/function/internal_message.html?_=1684031687231&CODE_STATE=getMsg HTTP/1.1" 200 27
116.224.158.100 - - [14/May/2023:10:34:48 +0800] "GET /xingrg/check_reg.html?_=1684031688280 HTTP/1.1" 200 22
222.67.238.82 - - [14/May/2023:10:34:48 +0800] "GET /xingrg/all/function/internal_message.html?_=1684031688368&CODE_STATE=getMsg HTTP/1.1" 200 27
116.235.240.236 - - [14/May/2023:10:34:49 +0800] "GET /xingrg/kc/buy/cgsh_order_operate.html?command=get_materiel&rest_code=00146&code=00101008225&supplier_code=00100005&order_time=2023-05-14 HTTP/1.1" 200 417
180.164.3.199 - - [14/May/2023:10:34:49 +0800] "GET /xingrg/kc/buy/cgsh_order_operate.html?command=get_materiel&rest_code=00108&code=00101008350&supplier_code=00100007&order_time=2023-05-14 HTTP/1.1" 200 408
180.164.3.199 - - [14/May/2023:10:34:51 +0800] "POST /xingrg/kc/buy/cgsh_order_operate.html HTTP/1.1" 200 2065
180.169.147.146 - - [14/May/2023:10:34:52 +0800] "GET /xingrg/all/function/internal_message.html?_=1684031690244&CODE_STATE=getMsg HTTP/1.1" 200 27
116.228.172.94 - - [14/May/2023:10:34:54 +0800] "GET /xingrg/check_reg.html?_=1684031502333 HTTP/1.1" 302 -
124.79.74.67 - - [14/May/2023:10:34:55 +0800] "GET /xingrg/kc/buy/cgsh_order_operate.html?command=get_materiel&rest_code=00156&code=00101007183&supplier_code=00100012&order_time=2023-05-13 HTTP/1.1" 200 409
114.85.113.108 - - [14/May/2023:10:34:57 +0800] "GET /xingrg/all/function/internal_message.html?_=1684031696130&CODE_STATE=getMsg HTTP/1.1" 200 27
101.229.22.40 - - [14/May/2023:10:34:57 +0800] "GET /xingrg/all/function/internal_message.html?_=1684031696657&CODE_STATE=getMsg HTTP/1.1" 200 27
101.229.22.40 - - [14/May/2023:10:34:57 +0800] "GET /xingrg/check_reg.html?_=1684031696659 HTTP/1.1" 200 22
180.164.3.199 - - [14/May/2023:10:35:00 +0800] "GET /xingrg/kc/buy/cgsh_order_operate.html?command=get_materiel&rest_code=00108&code=00101008108&supplier_code=00100007&order_time=2023-05-14 HTTP/1.1" 200 412
116.235.240.236 - - [14/May/2023:10:35:01 +0800] "GET /xingrg/kc/buy/cgsh_order_operate.html?command=get_materiel&rest_code=00146&code=00101008403&supplier_code=00100005&order_time=2023-05-14 HTTP/1.1" 200 412
116.235.240.236 - - [14/May/2023:10:35:04 +0800] "POST /xingrg/kc/buy/cgsh_order_operate.html HTTP/1.1" 200 2065
124.79.74.67 - - [14/May/2023:10:35:04 +0800] "GET /xingrg/kc/buy/cgsh_order_operate.html?command=get_materiel&rest_code=00156&code=00101006177&supplier_code=00100012&order_time=2023-05-13 HTTP/1.1" 200 408
180.164.3.199 - - [14/May/2023:10:35:08 +0800] "GET /xingrg/all/function/internal_message.html?_=1684031708252&CODE_STATE=getMsg HTTP/1.1" 200 27
180.164.3.199 - - [14/May/2023:10:35:09 +0800] "GET /xingrg/kc/buy/cgsh_order_operate.html?command=get_materiel&rest_code=00108&code=00101010136&supplier_code=00100007&order_time=2023-05-14 HTTP/1.1" 200 408
116.232.195.27 - - [14/May/2023:10:35:11 +0800] "GET /xingrg/all/function/internal_message.html?_=1684031761875&CODE_STATE=getMsg HTTP/1.1" 200 27
180.169.147.146 - - [14/May/2023:10:35:12 +0800] "GET /xingrg/all/function/internal_message.html?_=1684031712100&CODE_STATE=getMsg HTTP/1.1" 200 27
124.79.240.114 - - [14/May/2023:10:35:12 +0800] "POST /xingrg/services/DataTransmitService HTTP/1.1" 200 524
124.79.74.67 - - [14/May/2023:10:35:13 +0800] "GET /xingrg/kc/buy/cgsh_order_operate.html?command=get_materiel&rest_code=00156&code=00101007082&supplier_code=00100012&order_time=2023-05-13 HTTP/1.1" 200 427
116.235.240.236 - - [14/May/2023:10:35:13 +0800] "GET /xingrg/kc/buy/cgsh_order_operate.html?command=get_materiel&rest_code=00146&code=00101008223&supplier_code=00100005&order_time=2023-05-14 HTTP/1.1" 200 412
116.238.139.35 - - [14/May/2023:10:35:20 +0800] "GET /xingrg/all/function/internal_message.html?_=1684031718966&CODE_STATE=getMsg HTTP/1.1" 200 27
114.83.218.205 - - [14/May/2023:10:35:21 +0800] "GET /xingrg/kc/base/wldb_order_operate.html?command=get_materiel&rest_code=00149&base_code=0010394&code=00101016029 HTTP/1.1" 200 461
124.79.74.67 - - [14/May/2023:10:35:21 +0800] "GET /xingrg/kc/buy/cgsh_order_operate.html?command=get_materiel&rest_code=00156&code=00101011005&supplier_code=00100012&order_time=2023-05-13 HTTP/1.1" 200 428
114.83.219.197 - - [14/May/2023:10:35:25 +0800] "GET /xingrg/all/function/internal_message.html?_=1684031820303&CODE_STATE=getMsg HTTP/1.1" 200 27
116.224.158.100 - - [14/May/2023:10:35:25 +0800] "GET /xingrg/all/function/internal_message.html?_=1684031561356&CODE_STATE=getMsg HTTP/1.1" 200 27
116.235.240.236 - - [14/May/2023:10:35:28 +0800] "GET /xingrg/all/function/internal_message.html?_=1684031729757&CODE_STATE=getMsg HTTP/1.1" 200 27
124.79.74.67 - - [14/May/2023:10:35:29 +0800] "GET /xingrg/kc/buy/cgsh_order_operate.html?command=get_materiel&rest_code=00156&code=00101016025&supplier_code=00100012&order_time=2023-05-13 HTTP/1.1" 200 408
114.83.218.205 - - [14/May/2023:10:35:29 +0800] "GET /xingrg/all/function/internal_message.html?_=1684031729537&CODE_STATE=getMsg HTTP/1.1" 200 27
124.79.240.114 - - [14/May/2023:10:35:30 +0800] "GET /xingrg/all/function/internal_message.html?_=1684032007937&CODE_STATE=getMsg HTTP/1.1" 200 27
180.164.3.199 - - [14/May/2023:10:35:32 +0800] "GET /xingrg/kc/buy/cgsh_order_operate.html?command=get_materiel&rest_code=00108&code=00101020082&supplier_code=00100007&order_time=2023-05-14 HTTP/1.1" 200 409
114.85.96.117 - - [14/May/2023:10:35:33 +0800] "GET /xingrg/all/function/internal_message.html?_=1684031733737&CODE_STATE=getMsg HTTP/1.1" 200 27
