180.171.122.0 - - [14/May/2023:08:56:53 +0800] "GET /favicon.ico HTTP/1.1" 404 -
180.171.122.0 - - [14/May/2023:08:56:53 +0800] "GET /xingrg/check_reg.html?_=1684025809357 HTTP/1.1" 200 22
180.171.122.0 - - [14/May/2023:08:56:53 +0800] "GET /xingrg/all/function/internal_message.html?_=1684025809356&CODE_STATE=count HTTP/1.1" 200 11
180.171.122.0 - - [14/May/2023:08:56:53 +0800] "POST /xingrg/all/common/load_tree.html?tree=area_rest_tree_json&manage=1 HTTP/1.1" 200 342
180.171.122.0 - - [14/May/2023:08:56:53 +0800] "POST /xingrg/load_menu.html HTTP/1.1" 200 5138
116.232.195.27 - - [14/May/2023:08:56:53 +0800] "GET /xingrg/kc/buy/cgsh_order_operate.html?command=get_materiel&rest_code=00155&code=00101008192&supplier_code=00100005&order_time=2023-05-14 HTTP/1.1" 200 416
114.83.218.205 - - [14/May/2023:08:56:53 +0800] "GET /xingrg/all/function/internal_message.html?_=1684025813813&CODE_STATE=getMsg HTTP/1.1" 200 27
180.171.122.0 - - [14/May/2023:08:56:55 +0800] "GET /xingrg/kc/buy/buy_main.html HTTP/1.1" 200 12412
180.171.122.0 - - [14/May/2023:08:56:55 +0800] "GET /xingrg/css/new_ie.css HTTP/1.1" 404 1036
180.171.122.0 - - [14/May/2023:08:56:55 +0800] "GET /xingrg/images/yd/bt.gif HTTP/1.1" 404 1040
116.224.158.100 - - [14/May/2023:08:56:56 +0800] "GET /xingrg/all/function/internal_message.html?_=1684025816276&CODE_STATE=getMsg HTTP/1.1" 200 27
180.171.122.0 - - [14/May/2023:08:56:56 +0800] "GET /xingrg/kc/buy/cgsh_order_list.html HTTP/1.1" 200 55582
116.238.139.35 - - [14/May/2023:08:56:57 +0800] "GET /xingrg/all/function/internal_message.html?_=1684025815773&CODE_STATE=getMsg HTTP/1.1" 200 27
116.224.158.100 - - [14/May/2023:08:56:57 +0800] "POST /xingrg/kc/buy/cgsh_order_operate.html HTTP/1.1" 200 2065
180.171.122.0 - - [14/May/2023:08:56:59 +0800] "POST /xingrg/kc/buy/cgsh_list_operate.html HTTP/1.1" 200 986
114.85.113.108 - - [14/May/2023:08:56:59 +0800] "GET /xingrg/all/function/internal_message.html?_=1684025817874&CODE_STATE=getMsg HTTP/1.1" 200 27
116.232.195.27 - - [14/May/2023:08:57:00 +0800] "GET /xingrg/kc/buy/cgsh_order_operate.html?command=get_materiel&rest_code=00155&code=00101008633&supplier_code=00100005&order_time=2023-05-14 HTTP/1.1" 200 414
180.171.122.0 - - [14/May/2023:08:57:00 +0800] "GET /xingrg/kc/buy/cgsh_order_add.html HTTP/1.1" 200 71320
180.171.122.0 - - [14/May/2023:08:57:00 +0800] "GET /xingrg/words/20230513225747_words.js HTTP/1.1" 200 964240
180.171.122.0 - - [14/May/2023:08:57:00 +0800] "POST /xingrg/kc/buy/cgsh_order_operate.html HTTP/1.1" 200 8245
180.171.122.0 - - [14/May/2023:08:57:01 +0800] "GET /xingrg/javascript/easyui/themes/default/validatebox.css HTTP/1.1" 404 1104
180.171.122.0 - - [14/May/2023:08:57:01 +0800] "GET /xingrg/all/common/auto_word.html?type=employee&rest_code=00111 HTTP/1.1" 200 155
180.171.122.0 - - [14/May/2023:08:57:01 +0800] "GET /xingrg/all/common/auto_word.html?type=employee&rest_code=00111 HTTP/1.1" 200 155
180.171.122.0 - - [14/May/2023:08:57:01 +0800] "GET /xingrg/javascript/auto/indicator.gif HTTP/1.1" 404 1066
180.171.122.0 - - [14/May/2023:08:57:07 +0800] "GET /xingrg/javascript/jquery_tools/images/prev.gif HTTP/1.1" 404 1086
180.171.122.0 - - [14/May/2023:08:57:07 +0800] "GET /xingrg/javascript/jquery_tools/images/next.gif HTTP/1.1" 404 1086
116.232.195.27 - - [14/May/2023:08:57:07 +0800] "GET /xingrg/kc/buy/cgsh_order_operate.html?command=get_materiel&rest_code=00155&code=00101008229&supplier_code=00100005&order_time=2023-05-14 HTTP/1.1" 200 420
114.83.218.205 - - [14/May/2023:08:57:07 +0800] "GET /xingrg/kc/buy/cgsh_order_operate.html?command=get_materiel&rest_code=00149&code=00101008674&supplier_code=00100008&order_time=2023-05-14 HTTP/1.1" 200 412
116.232.195.27 - - [14/May/2023:08:57:11 +0800] "GET /xingrg/all/function/internal_message.html?_=1684025881445&CODE_STATE=getMsg HTTP/1.1" 200 27
116.232.195.27 - - [14/May/2023:08:57:11 +0800] "GET /xingrg/check_reg.html?_=1684025881610 HTTP/1.1" 200 22
120.253.135.82 - - [14/May/2023:08:57:13 +0800] "GET /xingrg/kc/pszx/mdqp_order_list.html?state=10 HTTP/1.1" 200 10713
120.253.135.82 - - [14/May/2023:08:57:13 +0800] "GET /xingrg/dwr/interface/AjaxQqpsService.js HTTP/1.1" 200 16326
120.253.135.82 - - [14/May/2023:08:57:13 +0800] "GET /xingrg/dwr/engine.js HTTP/1.1" 200 43631
120.253.135.82 - - [14/May/2023:08:57:13 +0800] "GET /xingrg/dwr/interface/AjaxReportQueryService.js HTTP/1.1" 200 13203
180.171.122.0 - - [14/May/2023:08:57:13 +0800] "GET /xingrg/kc/buy/cgsh_order_operate.html?command=get_materiel&rest_code=00111&code=00101008370&supplier_code=00100005&order_time=2023-05-14 HTTP/1.1" 200 412
120.253.135.82 - - [14/May/2023:08:57:15 +0800] "GET /xingrg/kc/pszx/mdqp_order_info.html?code=302023051400209 HTTP/1.1" 200 13346
120.253.135.82 - - [14/May/2023:08:57:15 +0800] "GET /xingrg/javascript/tools/jquery.qtip-1.0.0-rc3.min.js HTTP/1.1" 304 -
120.253.135.82 - - [14/May/2023:08:57:15 +0800] "GET /xingrg/dwr/interface/AjaxComOrderService.js HTTP/1.1" 200 18264
120.253.135.82 - - [14/May/2023:08:57:15 +0800] "GET /xingrg/dwr/interface/AjaxQqpsService.js HTTP/1.1" 200 16326
120.253.135.82 - - [14/May/2023:08:57:15 +0800] "GET /xingrg/dwr/engine.js HTTP/1.1" 200 43631
120.253.135.82 - - [14/May/2023:08:57:15 +0800] "GET /xingrg/javascript/checkform.js HTTP/1.1" 304 -
120.253.135.82 - - [14/May/2023:08:57:15 +0800] "GET /xingrg/javascript/AjaxInfoList.js HTTP/1.1" 304 -
120.253.135.82 - - [14/May/2023:08:57:15 +0800] "GET /xingrg/javascript/ToolTips.js HTTP/1.1" 304 -
120.253.135.82 - - [14/May/2023:08:57:15 +0800] "GET /xingrg/javascript/Grid.js HTTP/1.1" 304 -
120.253.135.82 - - [14/May/2023:08:57:16 +0800] "GET /xingrg/images/blue/button/kc_tab_edit.gif HTTP/1.1" 304 -
120.253.135.82 - - [14/May/2023:08:57:16 +0800] "GET /xingrg/images/blue/kc_tab_right.gif HTTP/1.1" 304 -
120.253.135.82 - - [14/May/2023:08:57:16 +0800] "GET /xingrg/images/blue/kc_tab_mid.gif HTTP/1.1" 304 -
120.253.135.82 - - [14/May/2023:08:57:16 +0800] "GET /xingrg/images/blue/kc_tab_left.gif HTTP/1.1" 304 -
120.253.135.82 - - [14/May/2023:08:57:16 +0800] "GET /xingrg/images/blue/button/kc_tab_save.gif HTTP/1.1" 304 -
120.253.135.82 - - [14/May/2023:08:57:16 +0800] "GET /xingrg/images/blue/kc_tab2_left.gif HTTP/1.1" 304 -
120.253.135.82 - - [14/May/2023:08:57:16 +0800] "GET /xingrg/images/blue/kc_tab2_right.gif HTTP/1.1" 304 -
120.253.135.82 - - [14/May/2023:08:57:16 +0800] "GET /xingrg/images/blue/wait.gif HTTP/1.1" 304 -
120.253.135.82 - - [14/May/2023:08:57:16 +0800] "POST /xingrg/dwr/call/plaincall/AjaxQqpsService.loadMaterielItems.dwr HTTP/1.1" 200 322
116.232.195.27 - - [14/May/2023:08:57:17 +0800] "GET /xingrg/kc/buy/cgsh_order_operate.html?command=get_materiel&rest_code=00155&code=00101008041&supplier_code=00100005&order_time=2023-05-14 HTTP/1.1" 200 408
120.253.135.82 - - [14/May/2023:08:57:17 +0800] "GET /xingrg/javascript/jquery_easy_ui/themes/default/images/button_plain_hover.png HTTP/1.1" 304 -
120.253.135.82 - - [14/May/2023:08:57:18 +0800] "GET /xingrg/kc/pszx/mdqp_order_list.html?isBack=1 HTTP/1.1" 302 -
120.253.135.82 - - [14/May/2023:08:57:18 +0800] "GET /xingrg/kc/pszx/mdqp_order_list.html?state=10 HTTP/1.1" 200 10713
120.253.135.82 - - [14/May/2023:08:57:18 +0800] "GET /xingrg/dwr/interface/AjaxQqpsService.js HTTP/1.1" 200 16326
120.253.135.82 - - [14/May/2023:08:57:18 +0800] "GET /xingrg/dwr/interface/AjaxReportQueryService.js HTTP/1.1" 200 13203
120.253.135.82 - - [14/May/2023:08:57:18 +0800] "GET /xingrg/dwr/engine.js HTTP/1.1" 200 43631
114.83.218.205 - - [14/May/2023:08:57:20 +0800] "GET /xingrg/kc/buy/cgsh_order_operate.html?command=get_materiel&rest_code=00149&code=00101008096&supplier_code=00100008&order_time=2023-05-14 HTTP/1.1" 200 412
120.253.135.82 - - [14/May/2023:08:57:20 +0800] "GET /xingrg/kc/pszx/jzcl_ps.html HTTP/1.1" 200 7683
120.253.135.82 - - [14/May/2023:08:57:20 +0800] "GET /xingrg/css/table.css HTTP/1.1" 304 -
120.253.135.82 - - [14/May/2023:08:57:20 +0800] "GET /xingrg/javascript/step/step.css HTTP/1.1" 304 -
120.253.135.82 - - [14/May/2023:08:57:21 +0800] "GET /xingrg/javascript/step/images/navCurrentBtn.gif HTTP/1.1" 304 -
120.253.135.82 - - [14/May/2023:08:57:21 +0800] "GET /xingrg/javascript/jquery_easy_ui/themes/default/images/combo_arrow_dot.gif HTTP/1.1" 304 -
120.253.135.82 - - [14/May/2023:08:57:21 +0800] "POST /xingrg/all/common/load_tree.html?tree=area_rest_tree_json HTTP/1.1" 200 3499
120.253.135.82 - - [14/May/2023:08:57:21 +0800] "GET /xingrg/javascript/jquery_easy_ui/themes/default/images/datagrid_header_bg.gif HTTP/1.1" 304 -
120.253.135.82 - - [14/May/2023:08:57:21 +0800] "GET /xingrg/javascript/jquery_easy_ui/themes/default/images/pagination_loading.gif HTTP/1.1" 304 -
120.253.135.82 - - [14/May/2023:08:57:21 +0800] "GET /xingrg/javascript/jquery_easy_ui/themes/default/images/tree_checkbox_0.gif HTTP/1.1" 304 -
120.253.135.82 - - [14/May/2023:08:57:21 +0800] "POST /xingrg/kc/pszx/jzcl_ps_operate.html HTTP/1.1" 200 394
120.253.135.82 - - [14/May/2023:08:57:21 +0800] "POST /xingrg/kc/pszx/jzcl_ps_operate.html HTTP/1.1" 200 394
120.253.135.82 - - [14/May/2023:08:57:22 +0800] "GET /xingrg/javascript/jquery_easy_ui/themes/icons/rest.png HTTP/1.1" 304 -
114.83.218.205 - - [14/May/2023:08:57:22 +0800] "POST /xingrg/kc/buy/cgsh_order_operate.html HTTP/1.1" 200 2065
116.232.195.27 - - [14/May/2023:08:57:23 +0800] "POST /xingrg/kc/buy/cgsh_order_operate.html HTTP/1.1" 200 2065
116.224.158.100 - - [14/May/2023:08:57:24 +0800] "GET /xingrg/kc/buy/cgsh_order_operate.html?command=get_materiel&rest_code=00105&code=00101008041&supplier_code=00100203&order_time=2023-05-14 HTTP/1.1" 200 408
116.235.240.236 - - [14/May/2023:08:57:25 +0800] "GET /xingrg/all/function/internal_message.html?_=1684025846710&CODE_STATE=getMsg HTTP/1.1" 200 27
114.83.219.197 - - [14/May/2023:08:57:25 +0800] "GET /xingrg/all/function/internal_message.html?_=1684025940293&CODE_STATE=getMsg HTTP/1.1" 200 27
180.171.122.0 - - [14/May/2023:08:57:26 +0800] "GET /xingrg/kc/buy/cgsh_order_operate.html?command=get_materiel&rest_code=00111&code=00101008155&supplier_code=00100005&order_time=2023-05-14 HTTP/1.1" 200 408
120.253.135.82 - - [14/May/2023:08:57:27 +0800] "POST /xingrg/kc/pszx/jzcl_ps_operate.html HTTP/1.1" 200 4
120.253.135.82 - - [14/May/2023:08:57:27 +0800] "GET /xingrg/javascript/step/images/navLastDoneBtn.gif HTTP/1.1" 304 -
120.253.135.82 - - [14/May/2023:08:57:27 +0800] "GET /xingrg/javascript/step/images/navDoneBtn.gif HTTP/1.1" 304 -
120.253.135.82 - - [14/May/2023:08:57:28 +0800] "GET /xingrg/kc/pszx/mdps_order_list.html HTTP/1.1" 200 21032
120.253.135.82 - - [14/May/2023:08:57:28 +0800] "POST /xingrg/kc/pszx/jzcl_ps_operate.html HTTP/1.1" 200 21
116.232.195.27 - - [14/May/2023:08:57:28 +0800] "GET /xingrg/kc/buy/cgsh_order_operate.html?command=get_materiel&rest_code=00155&code=00101008061&supplier_code=00100005&order_time=2023-05-14 HTTP/1.1" 200 422
120.253.135.82 - - [14/May/2023:08:57:28 +0800] "POST /xingrg/kc/pszx/mdps_list_operate.html HTTP/1.1" 200 5383
114.83.218.205 - - [14/May/2023:08:57:35 +0800] "GET /xingrg/kc/buy/cgsh_order_operate.html?command=get_materiel&rest_code=00149&code=00101008038&supplier_code=00100008&order_time=2023-05-14 HTTP/1.1" 200 412
114.85.96.117 - - [14/May/2023:08:57:35 +0800] "GET /xingrg/all/function/internal_message.html?_=1684025855194&CODE_STATE=getMsg HTTP/1.1" 200 27
116.232.195.27 - - [14/May/2023:08:57:35 +0800] "GET /xingrg/kc/buy/cgsh_order_operate.html?command=get_materiel&rest_code=00155&code=00101008114&supplier_code=00100005&order_time=2023-05-14 HTTP/1.1" 200 413
114.93.35.223 - - [14/May/2023:08:57:39 +0800] "GET /xingrg/all/function/internal_message.html?_=1684025859679&CODE_STATE=getMsg HTTP/1.1" 200 27
116.232.195.27 - - [14/May/2023:08:57:42 +0800] "GET /xingrg/kc/buy/cgsh_order_operate.html?command=get_materiel&rest_code=00155&code=00101008558&supplier_code=00100005&order_time=2023-05-14 HTTP/1.1" 200 409
180.171.122.0 - - [14/May/2023:08:57:53 +0800] "GET /xingrg/all/function/internal_message.html?_=1684025869378&CODE_STATE=getMsg HTTP/1.1" 200 27
114.83.218.205 - - [14/May/2023:08:57:53 +0800] "GET /xingrg/check_reg.html?_=1684025873822 HTTP/1.1" 200 22
114.83.218.205 - - [14/May/2023:08:57:53 +0800] "GET /xingrg/all/function/internal_message.html?_=1684025873826&CODE_STATE=getMsg HTTP/1.1" 200 27
116.232.195.27 - - [14/May/2023:08:57:53 +0800] "POST /xingrg/kc/buy/cgsh_order_operate.html HTTP/1.1" 200 37
116.235.240.236 - - [14/May/2023:08:57:54 +0800] "POST /xingrg/services/DataTransmitService HTTP/1.1" 200 524
116.232.195.27 - - [14/May/2023:08:57:55 +0800] "POST /xingrg/kc/buy/cgsh_order_operate.html HTTP/1.1" 200 29918
114.83.218.205 - - [14/May/2023:08:57:55 +0800] "GET /xingrg/kc/buy/cgsh_order_operate.html?command=get_materiel&rest_code=00149&code=00101008283&supplier_code=00100008&order_time=2023-05-14 HTTP/1.1" 200 408
116.235.240.236 - - [14/May/2023:08:57:55 +0800] "POST /xingrg/services/DataTransmitService HTTP/1.1" 200 412
116.224.158.100 - - [14/May/2023:08:57:56 +0800] "GET /xingrg/all/function/internal_message.html?_=1684025876348&CODE_STATE=getMsg HTTP/1.1" 200 27
120.253.135.82 - - [14/May/2023:08:57:56 +0800] "POST /xingrg/kc/pszx/mdps_list_operate.html HTTP/1.1" 200 1685
116.232.195.27 - - [14/May/2023:08:57:56 +0800] "GET /xingrg/kc/print/load_data.html?order_code=212023051404987&kc_code=cgsh&condition= HTTP/1.1" 200 11070
116.238.139.35 - - [14/May/2023:08:57:57 +0800] "GET /xingrg/check_reg.html?_=1684025875774 HTTP/1.1" 200 22
116.238.139.35 - - [14/May/2023:08:57:57 +0800] "GET /xingrg/all/function/internal_message.html?_=1684025875779&CODE_STATE=getMsg HTTP/1.1" 200 27
120.253.135.82 - - [14/May/2023:08:57:57 +0800] "POST /xingrg/kc/pszx/mdps_list_operate.html HTTP/1.1" 200 198
120.253.135.82 - - [14/May/2023:08:57:58 +0800] "GET /xingrg/kc/pszx/mdps_order_info.html?code=312023051400295 HTTP/1.1" 200 23976
61.170.232.195 - - [14/May/2023:08:57:58 +0800] "GET /xingrg/login.html HTTP/1.1" 200 7641
120.253.135.82 - - [14/May/2023:08:57:59 +0800] "GET /xingrg/javascript/easyui/themes/default/validatebox.css HTTP/1.1" 404 1104
120.253.135.82 - - [14/May/2023:08:57:59 +0800] "POST /xingrg/kc/pszx/mdps_order_operate.html HTTP/1.1" 200 2264
114.85.113.108 - - [14/May/2023:08:57:59 +0800] "GET /xingrg/all/function/internal_message.html?_=1684025877863&CODE_STATE=getMsg HTTP/1.1" 200 27
116.232.195.27 - - [14/May/2023:08:58:00 +0800] "GET /xingrg/kc/print/load_data.html?order_code=212023051404987&kc_code=cgsh HTTP/1.1" 200 11070
120.253.135.82 - - [14/May/2023:08:58:01 +0800] "POST /xingrg/kc/pszx/mdps_order_operate.html HTTP/1.1" 200 37
120.253.135.82 - - [14/May/2023:08:58:03 +0800] "GET /xingrg/kc/pszx/mdps_order_info.html?code=312023051400295 HTTP/1.1" 200 23976
120.253.135.82 - - [14/May/2023:08:58:03 +0800] "GET /xingrg/javascript/easyui/themes/default/validatebox.css HTTP/1.1" 404 1104
120.253.135.82 - - [14/May/2023:08:58:04 +0800] "POST /xingrg/kc/pszx/mdps_order_operate.html HTTP/1.1" 200 2272
116.224.158.100 - - [14/May/2023:08:58:05 +0800] "GET /xingrg/kc/buy/cgsh_order_operate.html?command=get_materiel&rest_code=00105&code=00101008223&supplier_code=00100203&order_time=2023-05-14 HTTP/1.1" 200 412
120.253.135.82 - - [14/May/2023:08:58:06 +0800] "GET /xingrg/kc/print/load_config.html?kc_code=mdps HTTP/1.1" 200 2390
120.253.135.82 - - [14/May/2023:08:58:07 +0800] "GET /xingrg/kc/print/load_data.html?order_code=312023051400295&kc_code=mdps&condition= HTTP/1.1" 200 658
180.169.147.146 - - [14/May/2023:08:58:08 +0800] "GET /xingrg/index.html?sysBaseUrl=http%3A%2F%2F180.169.147.146%3A18081%2Fxingrg%2F&costTime=39×tamp=1592034574635 HTTP/1.1" 302 -
180.169.147.146 - - [14/May/2023:08:58:08 +0800] "GET /xingrg/login.html HTTP/1.1" 200 7641
180.169.147.146 - - [14/May/2023:08:58:09 +0800] "GET /favicon.ico HTTP/1.1" 404 -
61.170.232.195 - - [14/May/2023:08:58:09 +0800] "GET /favicon.ico HTTP/1.1" 404 -
180.171.122.0 - - [14/May/2023:08:58:10 +0800] "GET /xingrg/kc/buy/cgsh_order_operate.html?command=get_materiel&rest_code=00111&code=00101008072&supplier_code=00100005&order_time=2023-05-14 HTTP/1.1" 200 408
180.169.147.146 - - [14/May/2023:08:58:11 +0800] "POST /xingrg/login.do HTTP/1.1" 302 -
180.169.147.146 - - [14/May/2023:08:58:11 +0800] "GET /xingrg/index.html?sysBaseUrl=http%3A%2F%2F180.169.147.146%3A18081%2Fxingrg%2F&costTime=1022×tamp=1684025891486 HTTP/1.1" 200 17503
180.169.147.146 - - [14/May/2023:08:58:11 +0800] "GET /favicon.ico HTTP/1.1" 404 -
180.169.147.146 - - [14/May/2023:08:58:12 +0800] "GET /xingrg/all/function/internal_message.html?_=1684025892091&CODE_STATE=count HTTP/1.1" 200 11
180.169.147.146 - - [14/May/2023:08:58:12 +0800] "GET /xingrg/check_reg.html?_=1684025892093 HTTP/1.1" 200 22
180.169.147.146 - - [14/May/2023:08:58:12 +0800] "POST /xingrg/all/common/load_tree.html?tree=area_rest_tree_json&manage=1 HTTP/1.1" 200 3499
61.170.232.195 - - [14/May/2023:08:58:12 +0800] "POST /xingrg/login.do HTTP/1.1" 302 -
180.169.147.146 - - [14/May/2023:08:58:12 +0800] "POST /xingrg/load_menu.html HTTP/1.1" 200 11564
61.170.232.195 - - [14/May/2023:08:58:12 +0800] "GET /xingrg/index.html?sysBaseUrl=http%3A%2F%2F180.169.147.146%3A18081%2Fxingrg%2F&costTime=1136×tamp=1684025892267 HTTP/1.1" 200 17173
61.170.232.195 - - [14/May/2023:08:58:12 +0800] "GET /favicon.ico HTTP/1.1" 404 -
180.169.147.146 - - [14/May/2023:08:58:13 +0800] "GET /xingrg/kc/report/report_main.html HTTP/1.1" 200 8599
116.232.195.27 - - [14/May/2023:08:58:13 +0800] "GET /xingrg/all/function/internal_message.html?_=1684025943698&CODE_STATE=getMsg HTTP/1.1" 200 27
61.170.232.195 - - [14/May/2023:08:58:13 +0800] "POST /xingrg/all/common/load_tree.html?tree=area_rest_tree_json&manage=1 HTTP/1.1" 200 342
61.170.232.195 - - [14/May/2023:08:58:14 +0800] "GET /xingrg/all/function/internal_message.html?_=1684025890131&CODE_STATE=count HTTP/1.1" 200 11
61.170.232.195 - - [14/May/2023:08:58:14 +0800] "GET /xingrg/check_reg.html?_=1684025890134 HTTP/1.1" 200 22
61.170.232.195 - - [14/May/2023:08:58:14 +0800] "POST /xingrg/load_menu.html HTTP/1.1" 200 5138
61.170.232.195 - - [14/May/2023:08:58:16 +0800] "GET /xingrg/kc/buy/buy_main.html HTTP/1.1" 200 12412
61.170.232.195 - - [14/May/2023:08:58:16 +0800] "GET /xingrg/css/new_ie.css HTTP/1.1" 404 1036
61.170.232.195 - - [14/May/2023:08:58:17 +0800] "GET /xingrg/images/yd/bt.gif HTTP/1.1" 404 1040
61.170.232.195 - - [14/May/2023:08:58:18 +0800] "GET /xingrg/kc/buy/cgsh_order_list.html HTTP/1.1" 200 55582
180.169.147.146 - - [14/May/2023:08:58:18 +0800] "GET /xingrg/all/report/report_query.html?fileName=kc/buy/gys_amount.xml&rh=99999 HTTP/1.1" 200 52006
180.169.147.146 - - [14/May/2023:08:58:18 +0800] "GET /xingrg/dwr/interface/AjaxReportQueryService.js HTTP/1.1" 200 13203
180.169.147.146 - - [14/May/2023:08:58:18 +0800] "GET /xingrg/dwr/util.js HTTP/1.1" 304 -
180.169.147.146 - - [14/May/2023:08:58:18 +0800] "GET /xingrg/dwr/engine.js HTTP/1.1" 200 43631
180.171.122.0 - - [14/May/2023:08:58:18 +0800] "GET /xingrg/kc/buy/cgsh_order_operate.html?command=get_materiel&rest_code=00111&code=00101008352&supplier_code=00100005&order_time=2023-05-14 HTTP/1.1" 200 412
180.169.147.146 - - [14/May/2023:08:58:19 +0800] "POST /xingrg/dwr/call/plaincall/AjaxReportQueryService.getFixDate.dwr HTTP/1.1" 200 111
180.169.147.146 - - [14/May/2023:08:58:19 +0800] "POST /xingrg/dwr/call/plaincall/AjaxReportQueryService.getInitString.dwr HTTP/1.1" 200 489
180.169.147.146 - - [14/May/2023:08:58:19 +0800] "POST /xingrg/all/common/load_tree.html?tree=supplier_tree_json&manage=1 HTTP/1.1" 200 75906
180.169.147.146 - - [14/May/2023:08:58:19 +0800] "POST /xingrg/all/common/load_tree.html?tree=materiel_sort_tree_json HTTP/1.1" 200 9500
61.170.232.195 - - [14/May/2023:08:58:21 +0800] "POST /xingrg/kc/buy/cgsh_list_operate.html HTTP/1.1" 200 986
180.169.147.146 - - [14/May/2023:08:58:22 +0800] "GET /xingrg/all/report/report_query.html?fileName=kc/buy/gys_amount_base_rest.xml HTTP/1.1" 200 51664
61.170.232.195 - - [14/May/2023:08:58:22 +0800] "GET /xingrg/kc/buy/cgsh_order_add.html HTTP/1.1" 200 71364
114.83.218.205 - - [14/May/2023:08:58:23 +0800] "GET /xingrg/kc/buy/cgsh_order_operate.html?command=get_materiel&rest_code=00149&code=00101008163&supplier_code=00100008&order_time=2023-05-14 HTTP/1.1" 200 409
61.170.232.195 - - [14/May/2023:08:58:23 +0800] "GET /xingrg/words/20230513225747_words.js HTTP/1.1" 200 964240
180.169.147.146 - - [14/May/2023:08:58:23 +0800] "GET /xingrg/dwr/interface/AjaxReportQueryService.js HTTP/1.1" 200 13203
180.169.147.146 - - [14/May/2023:08:58:23 +0800] "GET /xingrg/dwr/engine.js HTTP/1.1" 200 43631
180.169.147.146 - - [14/May/2023:08:58:23 +0800] "POST /xingrg/dwr/call/plaincall/AjaxReportQueryService.getFixDate.dwr HTTP/1.1" 200 111
61.170.232.195 - - [14/May/2023:08:58:23 +0800] "POST /xingrg/kc/buy/cgsh_order_operate.html HTTP/1.1" 200 8245
61.170.232.195 - - [14/May/2023:08:58:23 +0800] "GET /xingrg/javascript/easyui/themes/default/validatebox.css HTTP/1.1" 404 1104
180.169.147.146 - - [14/May/2023:08:58:23 +0800] "POST /xingrg/all/common/load_tree.html?tree=area_rest_tree_json&manage=1 HTTP/1.1" 200 3499
61.170.232.195 - - [14/May/2023:08:58:23 +0800] "GET /xingrg/all/common/auto_word.html?type=employee&rest_code=00106 HTTP/1.1" 200 205
61.170.232.195 - - [14/May/2023:08:58:23 +0800] "GET /xingrg/all/common/auto_word.html?type=employee&rest_code=00106 HTTP/1.1" 200 205
180.169.147.146 - - [14/May/2023:08:58:24 +0800] "POST /xingrg/all/common/load_tree.html?tree=supplier_tree_json&manage=1 HTTP/1.1" 200 75906
61.170.232.195 - - [14/May/2023:08:58:24 +0800] "GET /xingrg/javascript/easyui/themes/default/tree.css HTTP/1.1" 404 1090
61.170.232.195 - - [14/May/2023:08:58:25 +0800] "POST /xingrg/all/common/load_tree.html?tree=supplier_tree_json&isDelete=1 HTTP/1.1" 200 73980
116.235.240.236 - - [14/May/2023:08:58:25 +0800] "GET /xingrg/all/function/internal_message.html?_=1684025906782&CODE_STATE=getMsg HTTP/1.1" 200 27
114.83.219.197 - - [14/May/2023:08:58:25 +0800] "GET /xingrg/all/function/internal_message.html?_=1684026000299&CODE_STATE=getMsg HTTP/1.1" 200 27
114.83.218.205 - - [14/May/2023:08:58:26 +0800] "POST /xingrg/kc/buy/cgsh_order_operate.html HTTP/1.1" 200 2065
180.169.147.146 - - [14/May/2023:08:58:27 +0800] "POST /xingrg/dwr/call/plaincall/AjaxReportQueryService.getFixDate.dwr HTTP/1.1" 200 111
180.169.147.146 - - [14/May/2023:08:58:31 +0800] "POST /xingrg/dwr/call/plaincall/AjaxReportQueryService.getFixDate.dwr HTTP/1.1" 200 111
114.83.218.205 - - [14/May/2023:08:58:31 +0800] "GET /xingrg/kc/buy/cgsh_order_operate.html?command=get_materiel&rest_code=00149&code=00101008370&supplier_code=00100008&order_time=2023-05-14 HTTP/1.1" 200 412
114.85.96.117 - - [14/May/2023:08:58:35 +0800] "GET /xingrg/all/function/internal_message.html?_=1684025915178&CODE_STATE=getMsg HTTP/1.1" 200 27
61.170.232.195 - - [14/May/2023:08:58:37 +0800] "GET /xingrg/javascript/auto/indicator.gif HTTP/1.1" 404 1066
180.169.147.146 - - [14/May/2023:08:58:37 +0800] "POST /xingrg/dwr/call/plaincall/AjaxReportQueryService.refreshCache.dwr HTTP/1.1" 200 78
180.171.122.0 - - [14/May/2023:08:58:38 +0800] "GET /xingrg/kc/buy/cgsh_order_operate.html?command=get_materiel&rest_code=00111&code=00101008351&supplier_code=00100005&order_time=2023-05-14 HTTP/1.1" 200 408
114.93.35.223 - - [14/May/2023:08:58:39 +0800] "GET /xingrg/all/function/internal_message.html?_=1684025919680&CODE_STATE=getMsg HTTP/1.1" 200 27
114.83.218.205 - - [14/May/2023:08:58:42 +0800] "GET /xingrg/kc/buy/cgsh_order_operate.html?command=get_materiel&rest_code=00149&code=00101008144&supplier_code=00100008&order_time=2023-05-14 HTTP/1.1" 200 412
61.170.232.195 - - [14/May/2023:08:58:42 +0800] "GET /xingrg/kc/buy/cgsh_order_operate.html?command=get_materiel&rest_code=00106&code=00101008256&supplier_code=00100007&order_time=2023-05-14 HTTP/1.1" 200 412
180.169.147.146 - - [14/May/2023:08:58:42 +0800] "POST /xingrg/all/report/load_report_page.html HTTP/1.1" 200 332663
180.169.147.146 - - [14/May/2023:08:58:42 +0800] "GET /xingrg/servlets/image?cache=0.010982388312688163&image=px HTTP/1.1" 200 807
180.169.147.146 - - [14/May/2023:08:58:49 +0800] "POST /xingrg/all/report/report_print.html HTTP/1.1" 200 49724
61.170.232.195 - - [14/May/2023:08:58:52 +0800] "GET /xingrg/kc/buy/cgsh_order_operate.html?command=get_materiel&rest_code=00106&code=00101008234&supplier_code=00100007&order_time=2023-05-14 HTTP/1.1" 200 408
180.171.122.0 - - [14/May/2023:08:58:53 +0800] "GET /xingrg/all/function/internal_message.html?_=1684025929365&CODE_STATE=getMsg HTTP/1.1" 200 27
114.83.218.205 - - [14/May/2023:08:58:53 +0800] "GET /xingrg/all/function/internal_message.html?_=1684025933818&CODE_STATE=getMsg HTTP/1.1" 200 27
114.83.218.205 - - [14/May/2023:08:58:55 +0800] "GET /xingrg/kc/buy/cgsh_order_operate.html?command=get_materiel&rest_code=00149&code=00101008264&supplier_code=00100008&order_time=2023-05-14 HTTP/1.1" 200 412
116.224.158.100 - - [14/May/2023:08:58:56 +0800] "GET /xingrg/all/function/internal_message.html?_=1684025936223&CODE_STATE=getMsg HTTP/1.1" 200 27
116.238.139.35 - - [14/May/2023:08:58:57 +0800] "GET /xingrg/all/function/internal_message.html?_=1684025935767&CODE_STATE=getMsg HTTP/1.1" 200 27
180.171.122.0 - - [14/May/2023:08:58:57 +0800] "GET /xingrg/kc/buy/cgsh_order_operate.html?command=get_materiel&rest_code=00111&code=00101008312&supplier_code=00100005&order_time=2023-05-14 HTTP/1.1" 200 412
61.170.232.195 - - [14/May/2023:08:58:58 +0800] "GET /xingrg/kc/buy/cgsh_order_operate.html?command=get_materiel&rest_code=00106&code=00101008155&supplier_code=00100007&order_time=2023-05-14 HTTP/1.1" 200 408
114.85.113.108 - - [14/May/2023:08:58:59 +0800] "GET /xingrg/all/function/internal_message.html?_=1684025937845&CODE_STATE=getMsg HTTP/1.1" 200 27
114.83.218.205 - - [14/May/2023:08:59:04 +0800] "GET /xingrg/kc/buy/cgsh_order_operate.html?command=get_materiel&rest_code=00149&code=00101008024&supplier_code=00100008&order_time=2023-05-14 HTTP/1.1" 200 408
180.171.122.0 - - [14/May/2023:08:59:06 +0800] "GET /xingrg/kc/buy/cgsh_order_operate.html?command=get_materiel&rest_code=00111&code=00101008010&supplier_code=00100005&order_time=2023-05-14 HTTP/1.1" 200 412
116.224.158.100 - - [14/May/2023:08:59:09 +0800] "GET /xingrg/kc/buy/cgsh_order_operate.html?command=get_materiel&rest_code=00105&code=00101008114&supplier_code=00100203&order_time=2023-05-14 HTTP/1.1" 200 413
180.169.147.146 - - [14/May/2023:08:59:12 +0800] "GET /xingrg/all/function/internal_message.html?_=1684025952105&CODE_STATE=getMsg HTTP/1.1" 200 27
120.253.135.82 - - [14/May/2023:08:59:13 +0800] "GET /xingrg/check_reg.html?_=1684025790566 HTTP/1.1" 200 22
120.253.135.82 - - [14/May/2023:08:59:13 +0800] "GET /xingrg/check_reg.html?_=1684025790631 HTTP/1.1" 200 22
116.232.195.27 - - [14/May/2023:08:59:13 +0800] "GET /xingrg/all/function/internal_message.html?_=1684026003686&CODE_STATE=getMsg HTTP/1.1" 200 27
180.163.30.100 - - [14/May/2023:08:59:14 +0800] "GET /xingrg/check_reg.html?_=1684025890134 HTTP/1.1" 302 -
180.163.30.100 - - [14/May/2023:08:59:14 +0800] "GET /xingrg/login.html HTTP/1.1" 200 7641
61.170.232.195 - - [14/May/2023:08:59:14 +0800] "GET /xingrg/all/function/internal_message.html?_=1684025950143&CODE_STATE=getMsg HTTP/1.1" 200 27
180.163.28.143 - - [14/May/2023:08:59:14 +0800] "GET /xingrg/all/function/internal_message.html?_=1684025890131&CODE_STATE=count HTTP/1.1" 302 -
180.163.28.143 - - [14/May/2023:08:59:15 +0800] "GET /xingrg/login.html HTTP/1.1" 200 7641
114.85.113.108 - - [14/May/2023:08:59:15 +0800] "GET /xingrg/check_reg.html?_=1684025954214 HTTP/1.1" 200 22
116.224.158.100 - - [14/May/2023:08:59:16 +0800] "GET /xingrg/kc/buy/cgsh_order_operate.html?command=get_materiel&rest_code=00105&code=00101008229&supplier_code=00100203&order_time=2023-05-14 HTTP/1.1" 200 420
114.83.218.205 - - [14/May/2023:08:59:16 +0800] "GET /xingrg/kc/buy/cgsh_order_operate.html?command=get_materiel&rest_code=00149&code=00101008356&supplier_code=00100008&order_time=2023-05-14 HTTP/1.1" 200 408
180.171.122.0 - - [14/May/2023:08:59:18 +0800] "GET /xingrg/kc/buy/cgsh_order_operate.html?command=get_materiel&rest_code=00111&code=00101008077&supplier_code=00100005&order_time=2023-05-14 HTTP/1.1" 200 416
180.163.30.27 - - [14/May/2023:08:59:23 +0800] "GET /xingrg/all/common/auto_word.html?type=employee&rest_code=00106 HTTP/1.1" 302 -
114.83.218.205 - - [14/May/2023:08:59:23 +0800] "POST /xingrg/kc/buy/cgsh_order_operate.html HTTP/1.1" 200 2065
180.163.30.27 - - [14/May/2023:08:59:23 +0800] "GET /xingrg/login.html HTTP/1.1" 200 7641
116.235.240.236 - - [14/May/2023:08:59:25 +0800] "GET /xingrg/all/function/internal_message.html?_=1684025966784&CODE_STATE=getMsg HTTP/1.1" 200 27
114.83.219.197 - - [14/May/2023:08:59:25 +0800] "GET /xingrg/check_reg.html?_=1684026060292 HTTP/1.1" 200 22
114.83.219.197 - - [14/May/2023:08:59:25 +0800] "GET /xingrg/all/function/internal_message.html?_=1684026060293&CODE_STATE=getMsg HTTP/1.1" 200 27
116.224.158.100 - - [14/May/2023:08:59:26 +0800] "GET /xingrg/kc/buy/cgsh_order_operate.html?command=get_materiel&rest_code=00105&code=00101008405&supplier_code=00100203&order_time=2023-05-14 HTTP/1.1" 200 413
180.171.122.0 - - [14/May/2023:08:59:27 +0800] "GET /xingrg/kc/buy/cgsh_order_operate.html?command=get_materiel&rest_code=00111&code=00101008005&supplier_code=00100005&order_time=2023-05-14 HTTP/1.1" 200 412
116.224.158.100 - - [14/May/2023:08:59:29 +0800] "POST /xingrg/kc/buy/cgsh_order_operate.html HTTP/1.1" 200 2065
116.224.158.100 - - [14/May/2023:08:59:31 +0800] "POST /xingrg/kc/buy/cgsh_order_operate.html HTTP/1.1" 200 2065
114.85.96.117 - - [14/May/2023:08:59:35 +0800] "GET /xingrg/all/function/internal_message.html?_=1684025975166&CODE_STATE=getMsg HTTP/1.1" 200 27
180.163.29.206 - - [14/May/2023:08:59:38 +0800] "GET /xingrg/kc/buy/cgsh_order_operate.html?command=get_materiel&rest_code=00106&code=00101008256&supplier_code=00100007&order_time=2023-05-14 HTTP/1.1" 302 -
180.163.29.206 - - [14/May/2023:08:59:38 +0800] "GET /xingrg/login.html HTTP/1.1" 200 7641
114.93.35.223 - - [14/May/2023:08:59:39 +0800] "GET /xingrg/all/function/internal_message.html?_=1684025979680&CODE_STATE=getMsg HTTP/1.1" 200 27
116.232.37.67 - - [14/May/2023:08:59:39 +0800] "POST /xingrg/services/DataTransmitService HTTP/1.1" 200 524
114.83.218.205 - - [14/May/2023:08:59:40 +0800] "GET /xingrg/kc/buy/cgsh_order_operate.html?command=get_materiel&rest_code=00149&code=00101008205&supplier_code=00100008&order_time=2023-05-14 HTTP/1.1" 200 412
180.171.122.0 - - [14/May/2023:08:59:42 +0800] "GET /xingrg/kc/buy/cgsh_order_operate.html?command=get_materiel&rest_code=00111&code=00101008360&supplier_code=00100005&order_time=2023-05-14 HTTP/1.1" 200 412
172.20.0.100 - - [14/May/2023:08:59:43 +0800] "GET /xingrg/check_reg.html?_=1684026001243 HTTP/1.1" 302 -
180.171.122.0 - - [14/May/2023:08:59:51 +0800] "GET /xingrg/kc/buy/cgsh_order_operate.html?command=get_materiel&rest_code=00111&code=00101008318&supplier_code=00100005&order_time=2023-05-14 HTTP/1.1" 200 408
114.83.218.205 - - [14/May/2023:08:59:52 +0800] "GET /xingrg/kc/buy/cgsh_order_operate.html?command=get_materiel&rest_code=00149&code=00101008272&supplier_code=00100008&order_time=2023-05-14 HTTP/1.1" 200 412
180.171.122.0 - - [14/May/2023:08:59:53 +0800] "GET /xingrg/all/function/internal_message.html?_=1684025989391&CODE_STATE=getMsg HTTP/1.1" 200 27
114.83.218.205 - - [14/May/2023:08:59:53 +0800] "GET /xingrg/all/function/internal_message.html?_=1684025993845&CODE_STATE=getMsg HTTP/1.1" 200 27
116.228.172.94 - - [14/May/2023:08:59:54 +0800] "GET /xingrg/check_reg.html?_=1684025802583 HTTP/1.1" 302 -
116.224.158.100 - - [14/May/2023:08:59:56 +0800] "GET /xingrg/all/function/internal_message.html?_=1684025996321&CODE_STATE=getMsg HTTP/1.1" 200 27
116.238.139.35 - - [14/May/2023:08:59:57 +0800] "GET /xingrg/all/function/internal_message.html?_=1684025995771&CODE_STATE=getMsg HTTP/1.1" 200 27
114.85.113.108 - - [14/May/2023:08:59:59 +0800] "GET /xingrg/all/function/internal_message.html?_=1684025997822&CODE_STATE=getMsg HTTP/1.1" 200 27
180.171.122.0 - - [14/May/2023:09:00:02 +0800] "GET /xingrg/kc/buy/cgsh_order_operate.html?command=get_materiel&rest_code=00111&code=00101008141&supplier_code=00100005&order_time=2023-05-14 HTTP/1.1" 200 414
180.169.147.146 - - [14/May/2023:09:00:12 +0800] "GET /xingrg/all/function/internal_message.html?_=1684026012106&CODE_STATE=getMsg HTTP/1.1" 200 27
116.232.195.27 - - [14/May/2023:09:00:13 +0800] "GET /xingrg/all/function/internal_message.html?_=1684026063660&CODE_STATE=getMsg HTTP/1.1" 200 27
61.170.232.195 - - [14/May/2023:09:00:14 +0800] "GET /xingrg/all/function/internal_message.html?_=1684026010135&CODE_STATE=getMsg HTTP/1.1" 200 27
180.171.122.0 - - [14/May/2023:09:00:15 +0800] "GET /xingrg/kc/buy/cgsh_order_operate.html?command=get_materiel&rest_code=00111&code=00101015056&supplier_code=00100005&order_time=2023-05-14 HTTP/1.1" 200 412
180.171.122.0 - - [14/May/2023:09:00:22 +0800] "GET /xingrg/kc/buy/cgsh_order_operate.html?command=get_materiel&rest_code=00111&code=00101008264&supplier_code=00100005&order_time=2023-05-14 HTTP/1.1" 200 412
116.235.240.236 - - [14/May/2023:09:00:25 +0800] "GET /xingrg/all/function/internal_message.html?_=1684026026854&CODE_STATE=getMsg HTTP/1.1" 200 27
114.83.219.197 - - [14/May/2023:09:00:25 +0800] "GET /xingrg/all/function/internal_message.html?_=1684026120300&CODE_STATE=getMsg HTTP/1.1" 200 27
180.171.122.0 - - [14/May/2023:09:00:31 +0800] "GET /xingrg/kc/buy/cgsh_order_operate.html?command=get_materiel&rest_code=00111&code=00101008069&supplier_code=00100005&order_time=2023-05-14 HTTP/1.1" 200 412
114.85.96.117 - - [14/May/2023:09:00:35 +0800] "GET /xingrg/all/function/internal_message.html?_=1684026035146&CODE_STATE=getMsg HTTP/1.1" 200 27
114.93.35.223 - - [14/May/2023:09:00:39 +0800] "GET /xingrg/check_reg.html?_=1684026039682 HTTP/1.1" 200 22
114.93.35.223 - - [14/May/2023:09:00:39 +0800] "GET /xingrg/all/function/internal_message.html?_=1684026039684&CODE_STATE=getMsg HTTP/1.1" 200 27
116.224.158.100 - - [14/May/2023:09:00:51 +0800] "GET /xingrg/kc/buy/cgsh_order_operate.html?command=get_materiel&rest_code=00105&code=00101008261&supplier_code=00100203&order_time=2023-05-14 HTTP/1.1" 200 408
180.171.122.0 - - [14/May/2023:09:00:53 +0800] "GET /xingrg/all/function/internal_message.html?_=1684026049365&CODE_STATE=getMsg HTTP/1.1" 200 27
114.83.218.205 - - [14/May/2023:09:00:53 +0800] "GET /xingrg/all/function/internal_message.html?_=1684026053817&CODE_STATE=getMsg HTTP/1.1" 200 27
114.85.96.117 - - [14/May/2023:09:00:55 +0800] "GET /xingrg/check_reg.html?_=1684026055653 HTTP/1.1" 200 22
116.224.158.100 - - [14/May/2023:09:00:56 +0800] "GET /xingrg/all/function/internal_message.html?_=1684026056277&CODE_STATE=getMsg HTTP/1.1" 200 27
116.224.158.100 - - [14/May/2023:09:00:56 +0800] "GET /xingrg/check_reg.html?_=1684026056278 HTTP/1.1" 200 22
116.238.139.35 - - [14/May/2023:09:00:57 +0800] "GET /xingrg/all/function/internal_message.html?_=1684026055773&CODE_STATE=getMsg HTTP/1.1" 200 27
114.85.113.108 - - [14/May/2023:09:00:59 +0800] "GET /xingrg/all/function/internal_message.html?_=1684026057807&CODE_STATE=getMsg HTTP/1.1" 200 27
180.171.122.0 - - [14/May/2023:09:01:00 +0800] "GET /xingrg/kc/buy/cgsh_order_operate.html?command=get_materiel&rest_code=00111&code=00101008131&supplier_code=00100005&order_time=2023-05-14 HTTP/1.1" 200 409
116.224.158.100 - - [14/May/2023:09:01:00 +0800] "GET /xingrg/kc/buy/cgsh_order_operate.html?command=get_materiel&rest_code=00105&code=00101008502&supplier_code=00100203&order_time=2023-05-14 HTTP/1.1" 200 412
114.83.218.205 - - [14/May/2023:09:01:02 +0800] "GET /xingrg/kc/buy/cgsh_order_operate.html?command=get_materiel&rest_code=00149&code=00101008439&supplier_code=00100008&order_time=2023-05-14 HTTP/1.1" 200 413
180.171.122.0 - - [14/May/2023:09:01:08 +0800] "GET /xingrg/kc/buy/cgsh_order_operate.html?command=get_materiel&rest_code=00111&code=00101008439&supplier_code=00100005&order_time=2023-05-14 HTTP/1.1" 200 413
116.224.158.100 - - [14/May/2023:09:01:09 +0800] "GET /xingrg/kc/buy/cgsh_order_operate.html?command=get_materiel&rest_code=00105&code=00101008333&supplier_code=00100203&order_time=2023-05-14 HTTP/1.1" 200 412
116.235.240.236 - - [14/May/2023:09:01:11 +0800] "GET /xingrg/check_reg.html?_=1684026073139 HTTP/1.1" 200 22
180.169.147.146 - - [14/May/2023:09:01:12 +0800] "GET /xingrg/all/function/internal_message.html?_=1684026072111&CODE_STATE=getMsg HTTP/1.1" 200 27
116.232.195.27 - - [14/May/2023:09:01:13 +0800] "GET /xingrg/all/function/internal_message.html?_=1684026123641&CODE_STATE=getMsg HTTP/1.1" 200 27
61.170.232.195 - - [14/May/2023:09:01:14 +0800] "GET /xingrg/all/function/internal_message.html?_=1684026070135&CODE_STATE=getMsg HTTP/1.1" 200 27
114.83.218.205 - - [14/May/2023:09:01:14 +0800] "GET /xingrg/kc/buy/cgsh_order_operate.html?command=get_materiel&rest_code=00149&code=00101008360&supplier_code=00100008&order_time=2023-05-14 HTTP/1.1" 200 412
180.171.122.0 - - [14/May/2023:09:01:17 +0800] "GET /xingrg/kc/buy/cgsh_order_operate.html?command=get_materiel&rest_code=00111&code=00101008286&supplier_code=00100005&order_time=2023-05-14 HTTP/1.1" 200 408
114.83.218.205 - - [14/May/2023:09:01:19 +0800] "POST /xingrg/kc/buy/cgsh_order_operate.html HTTP/1.1" 200 2065
180.171.122.0 - - [14/May/2023:09:01:21 +0800] "POST /xingrg/kc/buy/cgsh_order_operate.html HTTP/1.1" 200 2065
116.224.158.100 - - [14/May/2023:09:01:22 +0800] "GET /xingrg/kc/buy/cgsh_order_operate.html?command=get_materiel&rest_code=00105&code=00101008064&supplier_code=00100203&order_time=2023-05-14 HTTP/1.1" 200 412
114.83.218.205 - - [14/May/2023:09:01:24 +0800] "GET /xingrg/kc/buy/cgsh_order_operate.html?command=get_materiel&rest_code=00149&code=00101008077&supplier_code=00100008&order_time=2023-05-14 HTTP/1.1" 200 416
116.235.240.236 - - [14/May/2023:09:01:25 +0800] "GET /xingrg/all/function/internal_message.html?_=1684026086859&CODE_STATE=getMsg HTTP/1.1" 200 27
114.83.219.197 - - [14/May/2023:09:01:25 +0800] "GET /xingrg/all/function/internal_message.html?_=1684026180292&CODE_STATE=getMsg HTTP/1.1" 200 27
180.171.122.0 - - [14/May/2023:09:01:27 +0800] "GET /xingrg/kc/buy/cgsh_order_operate.html?command=get_materiel&rest_code=00111&code=00101008144&supplier_code=00100005&order_time=2023-05-14 HTTP/1.1" 200 412
114.83.218.205 - - [14/May/2023:09:01:34 +0800] "GET /xingrg/kc/buy/cgsh_order_operate.html?command=get_materiel&rest_code=00149&code=00101008223&supplier_code=00100008&order_time=2023-05-14 HTTP/1.1" 200 412
114.85.96.117 - - [14/May/2023:09:01:35 +0800] "GET /xingrg/all/function/internal_message.html?_=1684026095136&CODE_STATE=getMsg HTTP/1.1" 200 27
116.224.158.100 - - [14/May/2023:09:01:37 +0800] "GET /xingrg/kc/buy/cgsh_order_operate.html?command=get_materiel&rest_code=00105&code=00101008087&supplier_code=00100203&order_time=2023-05-14 HTTP/1.1" 200 412
114.93.35.223 - - [14/May/2023:09:01:39 +0800] "GET /xingrg/all/function/internal_message.html?_=1684026099674&CODE_STATE=getMsg HTTP/1.1" 200 27
180.171.122.0 - - [14/May/2023:09:01:45 +0800] "GET /xingrg/kc/buy/cgsh_order_operate.html?command=get_materiel&rest_code=00111&code=00101008190&supplier_code=00100005&order_time=2023-05-14 HTTP/1.1" 200 412
114.83.218.205 - - [14/May/2023:09:01:49 +0800] "GET /xingrg/kc/buy/cgsh_order_operate.html?command=get_materiel&rest_code=00149&code=00101008136&supplier_code=00100008&order_time=2023-05-14 HTTP/1.1" 200 412
180.171.122.0 - - [14/May/2023:09:01:53 +0800] "GET /xingrg/check_reg.html?_=1684026109369 HTTP/1.1" 200 22
180.171.122.0 - - [14/May/2023:09:01:53 +0800] "GET /xingrg/all/function/internal_message.html?_=1684026109371&CODE_STATE=getMsg HTTP/1.1" 200 27
114.83.218.205 - - [14/May/2023:09:01:53 +0800] "GET /xingrg/all/function/internal_message.html?_=1684026113827&CODE_STATE=getMsg HTTP/1.1" 200 27
180.171.122.0 - - [14/May/2023:09:01:54 +0800] "GET /xingrg/kc/buy/cgsh_order_operate.html?command=get_materiel&rest_code=00111&code=00101008238&supplier_code=00100005&order_time=2023-05-14 HTTP/1.1" 200 416
116.224.158.100 - - [14/May/2023:09:01:56 +0800] "GET /xingrg/all/function/internal_message.html?_=1684026116385&CODE_STATE=getMsg HTTP/1.1" 200 27
116.238.139.35 - - [14/May/2023:09:01:57 +0800] "GET /xingrg/all/function/internal_message.html?_=1684026115777&CODE_STATE=getMsg HTTP/1.1" 200 27
114.85.113.108 - - [14/May/2023:09:01:59 +0800] "GET /xingrg/all/function/internal_message.html?_=1684026117793&CODE_STATE=getMsg HTTP/1.1" 200 27
116.224.158.100 - - [14/May/2023:09:02:03 +0800] "POST /xingrg/kc/buy/cgsh_order_operate.html HTTP/1.1" 200 2065
180.171.122.0 - - [14/May/2023:09:02:05 +0800] "GET /xingrg/kc/buy/cgsh_order_operate.html?command=get_materiel&rest_code=00111&code=00101008355&supplier_code=00100005&order_time=2023-05-14 HTTP/1.1" 200 408
116.232.195.27 - - [14/May/2023:09:02:11 +0800] "GET /xingrg/check_reg.html?_=1684026181592 HTTP/1.1" 200 22
180.169.147.146 - - [14/May/2023:09:02:12 +0800] "GET /xingrg/all/function/internal_message.html?_=1684026132107&CODE_STATE=getMsg HTTP/1.1" 200 27
116.232.195.27 - - [14/May/2023:09:02:13 +0800] "GET /xingrg/all/function/internal_message.html?_=1684026183634&CODE_STATE=getMsg HTTP/1.1" 200 27
180.163.28.68 - - [14/May/2023:09:02:14 +0800] "GET /xingrg/all/function/internal_message.html?_=1684026070135&CODE_STATE=getMsg HTTP/1.1" 302 -
61.170.232.195 - - [14/May/2023:09:02:14 +0800] "GET /xingrg/all/function/internal_message.html?_=1684026130146&CODE_STATE=getMsg HTTP/1.1" 200 27
180.163.28.68 - - [14/May/2023:09:02:14 +0800] "GET /xingrg/login.html HTTP/1.1" 200 7641
114.83.218.205 - - [14/May/2023:09:02:14 +0800] "GET /xingrg/kc/buy/cgsh_order_operate.html?command=get_materiel&rest_code=00149&code=00101010237&supplier_code=00100008&order_time=2023-05-14 HTTP/1.1" 200 413
114.85.96.117 - - [14/May/2023:09:02:17 +0800] "GET /xingrg/kc/buy/cgsh_order_operate.html?command=get_materiel&rest_code=00102&code=00101012025&supplier_code=00100096&order_time=2023-05-14 HTTP/1.1" 200 413
116.224.158.100 - - [14/May/2023:09:02:18 +0800] "GET /xingrg/kc/buy/cgsh_order_operate.html?command=get_materiel&rest_code=00105&code=00101008059&supplier_code=00100203&order_time=2023-05-14 HTTP/1.1" 200 408
180.171.122.0 - - [14/May/2023:09:02:22 +0800] "GET /xingrg/kc/buy/cgsh_order_operate.html?command=get_materiel&rest_code=00111&code=00101008328&supplier_code=00100005&order_time=2023-05-14 HTTP/1.1" 200 408
180.171.122.0 - - [14/May/2023:09:02:24 +0800] "POST /xingrg/kc/buy/cgsh_order_operate.html HTTP/1.1" 200 2065
116.235.240.236 - - [14/May/2023:09:02:25 +0800] "GET /xingrg/all/function/internal_message.html?_=1684026146872&CODE_STATE=getMsg HTTP/1.1" 200 27
114.83.219.197 - - [14/May/2023:09:02:25 +0800] "GET /xingrg/all/function/internal_message.html?_=1684026240301&CODE_STATE=getMsg HTTP/1.1" 200 27
180.171.122.0 - - [14/May/2023:09:02:33 +0800] "GET /xingrg/kc/buy/cgsh_order_operate.html?command=get_materiel&rest_code=00111&code=00101008137&supplier_code=00100005&order_time=2023-05-14 HTTP/1.1" 200 408
114.85.96.117 - - [14/May/2023:09:02:35 +0800] "GET /xingrg/all/function/internal_message.html?_=1684026155135&CODE_STATE=getMsg HTTP/1.1" 200 27
114.93.35.223 - - [14/May/2023:09:02:39 +0800] "GET /xingrg/all/function/internal_message.html?_=1684026159675&CODE_STATE=getMsg HTTP/1.1" 200 27
116.224.158.100 - - [14/May/2023:09:02:42 +0800] "GET /xingrg/kc/buy/cgsh_order_operate.html?command=get_materiel&rest_code=00105&code=00101008213&supplier_code=00100203&order_time=2023-05-14 HTTP/1.1" 200 412
180.171.122.0 - - [14/May/2023:09:02:44 +0800] "GET /xingrg/kc/buy/cgsh_order_operate.html?command=get_materiel&rest_code=00111&code=00101008257&supplier_code=00100005&order_time=2023-05-14 HTTP/1.1" 200 416
116.224.158.100 - - [14/May/2023:09:02:50 +0800] "GET /xingrg/kc/buy/cgsh_order_operate.html?command=get_materiel&rest_code=00105&code=00101001166&supplier_code=00100203&order_time=2023-05-14 HTTP/1.1" 200 408
180.171.122.0 - - [14/May/2023:09:02:53 +0800] "GET /xingrg/all/function/internal_message.html?_=1684026169360&CODE_STATE=getMsg HTTP/1.1" 200 27
114.85.96.117 - - [14/May/2023:09:02:53 +0800] "GET /xingrg/kc/buy/cgsh_order_operate.html?command=get_materiel&rest_code=00102&code=00101016104&supplier_code=00100096&order_time=2023-05-14 HTTP/1.1" 200 408
114.83.218.205 - - [14/May/2023:09:02:53 +0800] "GET /xingrg/all/function/internal_message.html?_=1684026173829&CODE_STATE=getMsg HTTP/1.1" 200 27
114.83.218.205 - - [14/May/2023:09:02:53 +0800] "GET /xingrg/check_reg.html?_=1684026173832 HTTP/1.1" 200 22
116.224.158.100 - - [14/May/2023:09:02:56 +0800] "GET /xingrg/all/function/internal_message.html?_=1684026176363&CODE_STATE=getMsg HTTP/1.1" 200 27
116.238.139.35 - - [14/May/2023:09:02:57 +0800] "GET /xingrg/all/function/internal_message.html?_=1684026175779&CODE_STATE=getMsg HTTP/1.1" 200 27
116.238.139.35 - - [14/May/2023:09:02:57 +0800] "GET /xingrg/check_reg.html?_=1684026175782 HTTP/1.1" 200 22
180.171.122.0 - - [14/May/2023:09:02:57 +0800] "GET /xingrg/kc/buy/cgsh_order_operate.html?command=get_materiel&rest_code=00111&code=00101008096&supplier_code=00100005&order_time=2023-05-14 HTTP/1.1" 200 412
114.83.218.205 - - [14/May/2023:09:02:58 +0800] "GET /xingrg/kc/buy/cgsh_order_operate.html?command=get_materiel&rest_code=00149&code=00101008357&supplier_code=00100008&order_time=2023-05-14 HTTP/1.1" 200 408
114.85.113.108 - - [14/May/2023:09:02:59 +0800] "GET /xingrg/all/function/internal_message.html?_=1684026177780&CODE_STATE=getMsg HTTP/1.1" 200 27
114.83.218.205 - - [14/May/2023:09:03:02 +0800] "POST /xingrg/kc/buy/cgsh_order_operate.html HTTP/1.1" 200 2065
124.79.74.67 - - [14/May/2023:09:03:03 +0800] "GET /favicon.ico HTTP/1.1" 404 -
116.224.158.100 - - [14/May/2023:09:03:09 +0800] "POST /xingrg/kc/buy/cgsh_order_operate.html HTTP/1.1" 200 37
114.83.218.205 - - [14/May/2023:09:03:11 +0800] "GET /xingrg/kc/buy/cgsh_order_operate.html?command=get_materiel&rest_code=00149&code=00101008069&supplier_code=00100008&order_time=2023-05-14 HTTP/1.1" 200 412
180.171.122.0 - - [14/May/2023:09:03:11 +0800] "GET /xingrg/kc/buy/cgsh_order_operate.html?command=get_materiel&rest_code=00111&code=00101008283&supplier_code=00100005&order_time=2023-05-14 HTTP/1.1" 200 408
180.169.147.146 - - [14/May/2023:09:03:12 +0800] "GET /xingrg/check_reg.html?_=1684026192106 HTTP/1.1" 200 22
180.169.147.146 - - [14/May/2023:09:03:12 +0800] "GET /xingrg/all/function/internal_message.html?_=1684026192107&CODE_STATE=getMsg HTTP/1.1" 200 27
116.224.158.100 - - [14/May/2023:09:03:12 +0800] "POST /xingrg/kc/buy/cgsh_order_operate.html HTTP/1.1" 200 37563
116.232.195.27 - - [14/May/2023:09:03:13 +0800] "GET /xingrg/all/function/internal_message.html?_=1684026243616&CODE_STATE=getMsg HTTP/1.1" 200 27
61.170.232.195 - - [14/May/2023:09:03:14 +0800] "GET /xingrg/kc/buy/cgsh_order_operate.html?command=get_materiel&rest_code=00106&code=00101008354&supplier_code=00100007&order_time=2023-05-14 HTTP/1.1" 200 412
61.170.232.195 - - [14/May/2023:09:03:14 +0800] "GET /xingrg/check_reg.html?_=1684026190190 HTTP/1.1" 200 22
61.170.232.195 - - [14/May/2023:09:03:14 +0800] "GET /xingrg/all/function/internal_message.html?_=1684026190191&CODE_STATE=getMsg HTTP/1.1" 200 27
180.171.122.0 - - [14/May/2023:09:03:24 +0800] "GET /xingrg/kc/buy/cgsh_order_operate.html?command=get_materiel&rest_code=00111&code=00101008037&supplier_code=00100005&order_time=2023-05-14 HTTP/1.1" 200 415
116.235.240.236 - - [14/May/2023:09:03:25 +0800] "GET /xingrg/all/function/internal_message.html?_=1684026206946&CODE_STATE=getMsg HTTP/1.1" 200 27
114.83.218.205 - - [14/May/2023:09:03:25 +0800] "GET /xingrg/kc/buy/cgsh_order_operate.html?command=get_materiel&rest_code=00149&code=00101008286&supplier_code=00100008&order_time=2023-05-14 HTTP/1.1" 200 408
114.83.219.197 - - [14/May/2023:09:03:25 +0800] "GET /xingrg/all/function/internal_message.html?_=1684026300297&CODE_STATE=getMsg HTTP/1.1" 200 27
114.85.96.117 - - [14/May/2023:09:03:26 +0800] "GET /xingrg/kc/buy/cgsh_order_operate.html?command=get_materiel&rest_code=00102&code=00101006111&supplier_code=00100096&order_time=2023-05-14 HTTP/1.1" 200 411
61.170.232.195 - - [14/May/2023:09:03:28 +0800] "GET /xingrg/kc/buy/cgsh_order_operate.html?command=get_materiel&rest_code=00106&code=00101008351&supplier_code=00100007&order_time=2023-05-14 HTTP/1.1" 200 408
114.85.96.117 - - [14/May/2023:09:03:35 +0800] "GET /xingrg/all/function/internal_message.html?_=1684026215104&CODE_STATE=getMsg HTTP/1.1" 200 27
180.171.122.0 - - [14/May/2023:09:03:37 +0800] "GET /xingrg/kc/buy/cgsh_order_operate.html?command=get_materiel&rest_code=00111&code=00101008080&supplier_code=00100005&order_time=2023-05-14 HTTP/1.1" 200 416
114.85.96.117 - - [14/May/2023:09:03:37 +0800] "GET /xingrg/kc/buy/cgsh_order_operate.html?command=get_materiel&rest_code=00102&code=00101006144&supplier_code=00100096&order_time=2023-05-14 HTTP/1.1" 200 411
114.93.35.223 - - [14/May/2023:09:03:39 +0800] "GET /xingrg/all/function/internal_message.html?_=1684026219677&CODE_STATE=getMsg HTTP/1.1" 200 27
180.171.122.0 - - [14/May/2023:09:03:39 +0800] "POST /xingrg/kc/buy/cgsh_order_operate.html HTTP/1.1" 200 2065
180.171.122.0 - - [14/May/2023:09:03:47 +0800] "GET /xingrg/kc/buy/cgsh_order_operate.html?command=get_materiel&rest_code=00111&code=00101008244&supplier_code=00100005&order_time=2023-05-14 HTTP/1.1" 200 408
180.171.122.0 - - [14/May/2023:09:03:53 +0800] "GET /xingrg/all/function/internal_message.html?_=1684026229388&CODE_STATE=getMsg HTTP/1.1" 200 27
114.83.218.205 - - [14/May/2023:09:03:53 +0800] "GET /xingrg/all/function/internal_message.html?_=1684026233839&CODE_STATE=getMsg HTTP/1.1" 200 27
114.83.218.205 - - [14/May/2023:09:03:54 +0800] "GET /xingrg/kc/buy/cgsh_order_operate.html?command=get_materiel&rest_code=00149&code=00101008036&supplier_code=00100008&order_time=2023-05-14 HTTP/1.1" 200 408
