222.67.238.82 - - [12/May/2023:10:21:08 +0800] "GET /xingrg/kc/buy/cgsh_order_operate.html?command=get_materiel&rest_code=00141&code=00101007038&supplier_code=00100004&order_time=2023-05-12 HTTP/1.1" 200 420
116.238.139.35 - - [12/May/2023:10:21:11 +0800] "GET /xingrg/all/function/internal_message.html?_=1683858000126&CODE_STATE=getMsg HTTP/1.1" 200 27
116.235.240.234 - - [12/May/2023:10:21:18 +0800] "GET /xingrg/all/function/internal_message.html?_=1683858077907&CODE_STATE=getMsg HTTP/1.1" 200 27
180.163.29.217 - - [12/May/2023:10:21:18 +0800] "GET /xingrg/kc/buy/cgsh_order_operate.html?command=get_materiel&rest_code=00106&code=00101009109&supplier_code=00100022&order_time=2023-05-12 HTTP/1.1" 302 -
180.163.29.217 - - [12/May/2023:10:21:18 +0800] "GET /xingrg/login.html HTTP/1.1" 200 7641
116.235.240.234 - - [12/May/2023:10:21:18 +0800] "GET /xingrg/kc/buy/cgsh_order_operate.html?command=get_materiel&rest_code=00146&code=00101002007&supplier_code=00100199&order_time=2023-05-12 HTTP/1.1" 200 409
222.67.238.82 - - [12/May/2023:10:21:23 +0800] "GET /xingrg/kc/buy/cgsh_order_operate.html?command=get_materiel&rest_code=00141&code=00101007060&supplier_code=00100004&order_time=2023-05-12 HTTP/1.1" 200 409
124.79.240.114 - - [12/May/2023:10:21:25 +0800] "POST /xingrg/login.do HTTP/1.1" 302 -
124.79.240.114 - - [12/May/2023:10:21:25 +0800] "GET /xingrg/index.html?sysBaseUrl=http%3A%2F%2F180.169.147.146%3A18081%2Fxingrg%2F&costTime=1218×tamp=1683858085475 HTTP/1.1" 200 17179
124.79.240.114 - - [12/May/2023:10:21:25 +0800] "GET /favicon.ico HTTP/1.1" 404 -
124.79.240.114 - - [12/May/2023:10:21:25 +0800] "GET /xingrg/check_reg.html?_=1683858362379 HTTP/1.1" 200 22
124.79.240.114 - - [12/May/2023:10:21:25 +0800] "GET /xingrg/all/function/internal_message.html?_=1683858362376&CODE_STATE=count HTTP/1.1" 200 11
124.79.240.114 - - [12/May/2023:10:21:25 +0800] "POST /xingrg/all/common/load_tree.html?tree=area_rest_tree_json&manage=1 HTTP/1.1" 200 351
124.79.240.114 - - [12/May/2023:10:21:25 +0800] "POST /xingrg/load_menu.html HTTP/1.1" 200 5138
180.171.122.0 - - [12/May/2023:10:21:27 +0800] "GET /xingrg/kc/buy/cgsh_order_operate.html?command=get_materiel&rest_code=00111&code=00101009122&supplier_code=00100037&order_time=2023-05-12 HTTP/1.1" 200 405
120.253.135.82 - - [12/May/2023:10:21:28 +0800] "GET /xingrg/check_reg.html?_=1683857925773 HTTP/1.1" 200 22
124.79.240.114 - - [12/May/2023:10:21:32 +0800] "GET /xingrg/all/function/internal_message.html?_=1683858084969&CODE_STATE=getMsg HTTP/1.1" 200 27
116.235.240.234 - - [12/May/2023:10:21:32 +0800] "GET /xingrg/kc/buy/cgsh_order_operate.html?command=get_materiel&rest_code=00146&code=00101002022&supplier_code=00100199&order_time=2023-05-12 HTTP/1.1" 200 409
180.169.147.146 - - [12/May/2023:10:21:40 +0800] "GET /xingrg/all/function/internal_message.html?_=1683858099611&CODE_STATE=getMsg HTTP/1.1" 200 27
222.67.238.82 - - [12/May/2023:10:21:43 +0800] "GET /xingrg/kc/buy/cgsh_order_operate.html?command=get_materiel&rest_code=00141&code=00101007027&supplier_code=00100004&order_time=2023-05-12 HTTP/1.1" 200 421
180.169.147.146 - - [12/May/2023:10:21:45 +0800] "GET /xingrg/check_reg.html?_=1683858105741 HTTP/1.1" 302 -
180.169.147.146 - - [12/May/2023:10:21:45 +0800] "GET /xingrg/all/function/internal_message.html?_=1683858105740&CODE_STATE=getMsg HTTP/1.1" 302 -
116.227.208.255 - - [12/May/2023:10:21:45 +0800] "GET /xingrg/all/function/internal_message.html?_=1683858159436&CODE_STATE=getMsg HTTP/1.1" 200 27
180.171.122.0 - - [12/May/2023:10:21:48 +0800] "GET /xingrg/all/function/internal_message.html?_=1683858105376&CODE_STATE=getMsg HTTP/1.1" 200 27
180.171.122.0 - - [12/May/2023:10:21:48 +0800] "POST /xingrg/kc/buy/cgsh_order_operate.html HTTP/1.1" 200 2065
120.253.135.82 - - [12/May/2023:10:21:52 +0800] "GET /xingrg/kc/pszx/mdqp_order_list.html?state=10 HTTP/1.1" 200 10275
120.253.135.82 - - [12/May/2023:10:21:52 +0800] "GET /xingrg/dwr/interface/AjaxQqpsService.js HTTP/1.1" 200 16326
120.253.135.82 - - [12/May/2023:10:21:52 +0800] "GET /xingrg/dwr/interface/AjaxReportQueryService.js HTTP/1.1" 200 13203
120.253.135.82 - - [12/May/2023:10:21:52 +0800] "GET /xingrg/dwr/engine.js HTTP/1.1" 200 43631
114.83.219.197 - - [12/May/2023:10:21:52 +0800] "GET /xingrg/all/function/internal_message.html?_=1683858207196&CODE_STATE=getMsg HTTP/1.1" 200 27
116.235.240.234 - - [12/May/2023:10:21:54 +0800] "POST /xingrg/kc/buy/cgsh_order_operate.html HTTP/1.1" 200 37
180.164.3.199 - - [12/May/2023:10:21:57 +0800] "GET /xingrg/all/function/internal_message.html?_=1683858117228&CODE_STATE=getMsg HTTP/1.1" 200 27
116.235.240.234 - - [12/May/2023:10:21:57 +0800] "POST /xingrg/kc/buy/cgsh_order_operate.html HTTP/1.1" 200 3844
222.67.238.82 - - [12/May/2023:10:21:58 +0800] "GET /xingrg/kc/buy/cgsh_order_operate.html?command=get_materiel&rest_code=00141&code=00101007181&supplier_code=00100004&order_time=2023-05-12 HTTP/1.1" 200 412
124.79.74.67 - - [12/May/2023:10:21:59 +0800] "GET /xingrg/all/function/internal_message.html?_=1683858127541&CODE_STATE=getMsg HTTP/1.1" 200 27
116.235.240.234 - - [12/May/2023:10:22:00 +0800] "GET /xingrg/kc/print/load_data.html?order_code=212023051204195&kc_code=cgsh&condition= HTTP/1.1" 200 1127
114.85.113.108 - - [12/May/2023:10:22:03 +0800] "GET /xingrg/check_reg.html?_=1683858122408 HTTP/1.1" 200 22
116.224.158.100 - - [12/May/2023:10:22:04 +0800] "GET /xingrg/all/function/internal_message.html?_=1683858123557&CODE_STATE=getMsg HTTP/1.1" 200 27
222.67.238.82 - - [12/May/2023:10:22:06 +0800] "GET /xingrg/all/function/internal_message.html?_=1683858126398&CODE_STATE=getMsg HTTP/1.1" 200 27
116.238.139.35 - - [12/May/2023:10:22:11 +0800] "GET /xingrg/all/function/internal_message.html?_=1683858060140&CODE_STATE=getMsg HTTP/1.1" 200 27
116.235.240.234 - - [12/May/2023:10:22:14 +0800] "GET /xingrg/kc/buy/cgsh_order_add.html HTTP/1.1" 200 71295
116.235.240.234 - - [12/May/2023:10:22:14 +0800] "POST /xingrg/kc/buy/cgsh_order_operate.html HTTP/1.1" 200 8245
116.235.240.234 - - [12/May/2023:10:22:14 +0800] "GET /xingrg/javascript/easyui/themes/default/validatebox.css HTTP/1.1" 404 1104
116.235.240.234 - - [12/May/2023:10:22:17 +0800] "GET /xingrg/check_reg.html?_=1683858136876 HTTP/1.1" 200 22
116.235.240.234 - - [12/May/2023:10:22:18 +0800] "GET /xingrg/all/function/internal_message.html?_=1683858137920&CODE_STATE=getMsg HTTP/1.1" 200 27
222.67.238.82 - - [12/May/2023:10:22:20 +0800] "POST /xingrg/kc/buy/cgsh_order_operate.html HTTP/1.1" 200 37
120.253.135.82 - - [12/May/2023:10:22:20 +0800] "GET /xingrg/kc/pszx/mdqp_order_list.html?state=10 HTTP/1.1" 200 10275
120.253.135.82 - - [12/May/2023:10:22:20 +0800] "GET /xingrg/dwr/interface/AjaxQqpsService.js HTTP/1.1" 200 16326
120.253.135.82 - - [12/May/2023:10:22:20 +0800] "GET /xingrg/dwr/interface/AjaxReportQueryService.js HTTP/1.1" 200 13203
120.253.135.82 - - [12/May/2023:10:22:20 +0800] "GET /xingrg/dwr/engine.js HTTP/1.1" 200 43631
124.79.240.114 - - [12/May/2023:10:22:25 +0800] "GET /xingrg/all/function/internal_message.html?_=1683858422384&CODE_STATE=getMsg HTTP/1.1" 200 27
180.171.122.0 - - [12/May/2023:10:22:31 +0800] "GET /xingrg/kc/buy/cgsh_order_operate.html?command=get_materiel&rest_code=00111&code=00101019435&supplier_code=00100037&order_time=2023-05-12 HTTP/1.1" 200 417
124.79.240.114 - - [12/May/2023:10:22:32 +0800] "GET /xingrg/all/function/internal_message.html?_=1683858144957&CODE_STATE=getMsg HTTP/1.1" 200 27
124.79.240.114 - - [12/May/2023:10:22:33 +0800] "GET /xingrg/kc/buy/cgsh_order_list.html HTTP/1.1" 200 55519
222.67.238.82 - - [12/May/2023:10:22:35 +0800] "POST /xingrg/kc/buy/cgsh_order_operate.html HTTP/1.1" 200 12
116.235.240.234 - - [12/May/2023:10:22:36 +0800] "GET /xingrg/kc/buy/cgsh_order_operate.html?command=get_materiel&rest_code=00146&code=00101006193&supplier_code=00100012&order_time=2023-05-12 HTTP/1.1" 200 409
124.79.240.114 - - [12/May/2023:10:22:37 +0800] "POST /xingrg/kc/buy/cgsh_list_operate.html HTTP/1.1" 200 986
61.170.233.194 - - [12/May/2023:10:22:37 +0800] "POST /xingrg/kc/buy/cgsh_order_operate.html HTTP/1.1" 200 2659
180.169.147.146 - - [12/May/2023:10:22:40 +0800] "GET /xingrg/all/function/internal_message.html?_=1683858159614&CODE_STATE=getMsg HTTP/1.1" 200 27
61.170.233.194 - - [12/May/2023:10:22:42 +0800] "GET /xingrg/all/function/internal_message.html?_=1683858159652&CODE_STATE=getMsg HTTP/1.1" 200 27
180.169.147.146 - - [12/May/2023:10:22:45 +0800] "GET /xingrg/all/function/internal_message.html?_=1683858165738&CODE_STATE=getMsg HTTP/1.1" 302 -
124.79.240.114 - - [12/May/2023:10:22:45 +0800] "GET /xingrg/javascript/jquery_tools/images/prev.gif HTTP/1.1" 404 1086
124.79.240.114 - - [12/May/2023:10:22:45 +0800] "GET /xingrg/javascript/jquery_tools/images/next.gif HTTP/1.1" 404 1086
116.227.208.255 - - [12/May/2023:10:22:45 +0800] "GET /xingrg/check_reg.html?_=1683858219415 HTTP/1.1" 200 22
116.227.208.255 - - [12/May/2023:10:22:45 +0800] "GET /xingrg/all/function/internal_message.html?_=1683858219418&CODE_STATE=getMsg HTTP/1.1" 200 27
222.67.238.82 - - [12/May/2023:10:22:46 +0800] "GET /xingrg/kc/buy/cgsh_order_info.html?code=212023051204196 HTTP/1.1" 200 66204
222.67.238.82 - - [12/May/2023:10:22:46 +0800] "GET /xingrg/javascript/easyui/themes/default/validatebox.css HTTP/1.1" 404 1104
180.171.122.0 - - [12/May/2023:10:22:48 +0800] "GET /xingrg/all/function/internal_message.html?_=1683858165373&CODE_STATE=getMsg HTTP/1.1" 200 27
222.67.238.82 - - [12/May/2023:10:22:48 +0800] "POST /xingrg/kc/buy/cgsh_order_operate.html HTTP/1.1" 200 4160
116.238.139.35 - - [12/May/2023:10:22:49 +0800] "GET /xingrg/check_reg.html?_=1683858098272 HTTP/1.1" 200 22
180.171.122.0 - - [12/May/2023:10:22:49 +0800] "GET /xingrg/kc/buy/cgsh_order_operate.html?command=get_materiel&rest_code=00111&code=00101019670&supplier_code=00100037&order_time=2023-05-12 HTTP/1.1" 200 435
114.83.219.197 - - [12/May/2023:10:22:52 +0800] "GET /xingrg/all/function/internal_message.html?_=1683858267213&CODE_STATE=getMsg HTTP/1.1" 200 27
222.67.238.82 - - [12/May/2023:10:22:53 +0800] "GET /xingrg/kc/print/load_data.html?order_code=212023051204196&kc_code=cgsh&condition= HTTP/1.1" 200 2114
124.79.240.114 - - [12/May/2023:10:22:54 +0800] "GET /xingrg/javascript/easyui/themes/default/tree.css HTTP/1.1" 404 1090
124.79.240.114 - - [12/May/2023:10:22:55 +0800] "POST /xingrg/all/common/load_tree.html?tree=supplier_tree_json&manage=1 HTTP/1.1" 200 75775
116.235.240.234 - - [12/May/2023:10:22:56 +0800] "GET /xingrg/kc/buy/cgsh_order_operate.html?command=get_materiel&rest_code=00146&code=00101006056&supplier_code=00100012&order_time=2023-05-12 HTTP/1.1" 200 413
180.164.3.199 - - [12/May/2023:10:22:57 +0800] "GET /xingrg/all/function/internal_message.html?_=1683858177214&CODE_STATE=getMsg HTTP/1.1" 200 27
124.79.74.67 - - [12/May/2023:10:22:59 +0800] "GET /xingrg/all/function/internal_message.html?_=1683858187531&CODE_STATE=getMsg HTTP/1.1" 200 27
116.224.158.100 - - [12/May/2023:10:23:03 +0800] "GET /xingrg/all/function/internal_message.html?_=1683858183534&CODE_STATE=getMsg HTTP/1.1" 200 27
124.79.240.114 - - [12/May/2023:10:23:04 +0800] "GET /xingrg/kc/base/kc_stocks.html HTTP/1.1" 200 16512
124.79.240.114 - - [12/May/2023:10:23:05 +0800] "GET /xingrg/javascript/easyui/themes/default/tree.css HTTP/1.1" 404 1090
124.79.240.114 - - [12/May/2023:10:23:05 +0800] "GET /xingrg/all/common/auto_word.html?type=base&rest_code=00104 HTTP/1.1" 200 1849
124.79.240.114 - - [12/May/2023:10:23:05 +0800] "POST /xingrg/all/common/load_tree.html?tree=materiel_sort_tree_json HTTP/1.1" 200 9500
222.67.238.82 - - [12/May/2023:10:23:06 +0800] "GET /xingrg/all/function/internal_message.html?_=1683858186386&CODE_STATE=getMsg HTTP/1.1" 200 27
124.79.240.114 - - [12/May/2023:10:23:09 +0800] "POST /xingrg/kc/buy/cgsh_list_operate.html HTTP/1.1" 200 3637
116.238.139.35 - - [12/May/2023:10:23:11 +0800] "GET /xingrg/all/function/internal_message.html?_=1683858120154&CODE_STATE=getMsg HTTP/1.1" 200 27
116.235.240.234 - - [12/May/2023:10:23:15 +0800] "GET /xingrg/kc/buy/cgsh_order_operate.html?command=get_materiel&rest_code=00146&code=00101006109&supplier_code=00100012&order_time=2023-05-12 HTTP/1.1" 200 409
116.235.240.234 - - [12/May/2023:10:23:18 +0800] "GET /xingrg/all/function/internal_message.html?_=1683858197934&CODE_STATE=getMsg HTTP/1.1" 200 27
124.79.240.114 - - [12/May/2023:10:23:18 +0800] "POST /xingrg/kc/base/stock_operate.html HTTP/1.1" 200 1461
124.79.240.114 - - [12/May/2023:10:23:19 +0800] "GET /xingrg/kc/base/stock_detail.html?m=00101024003 HTTP/1.1" 200 7357
124.79.240.114 - - [12/May/2023:10:23:25 +0800] "GET /xingrg/kc/base/stock_operate.html?_=1683858198730&command=get_report_file&start_day=20221001 HTTP/1.1" 200 53
124.79.240.114 - - [12/May/2023:10:23:25 +0800] "GET /xingrg/all/report/report_query.html?isQuery=1&onlyBody=1&rh=2000&fileName=kc/base/kc_stock_detail_new.xml&queryString=(1=1)&queryText=&tableQueryString=init_table$sp1$$sp$crk_table$sp1$order_day%20between%2020221001%20and%2020230531&varString=start_day:20221001,materiel_code:00101024003,cost_id:3940,end_date:20220930 HTTP/1.1" 200 48701
124.79.240.114 - - [12/May/2023:10:23:25 +0800] "GET /xingrg/all/function/internal_message.html?_=1683858482388&CODE_STATE=getMsg HTTP/1.1" 200 27
124.79.240.114 - - [12/May/2023:10:23:25 +0800] "GET /xingrg/dwr/interface/AjaxReportQueryService.js HTTP/1.1" 200 13203
124.79.240.114 - - [12/May/2023:10:23:25 +0800] "GET /xingrg/dwr/engine.js HTTP/1.1" 200 43631
124.79.240.114 - - [12/May/2023:10:23:27 +0800] "POST /xingrg/all/report/load_report_page.html HTTP/1.1" 200 20235
124.79.240.114 - - [12/May/2023:10:23:27 +0800] "GET /xingrg/servlets/image?cache=0.8782229850497352&image=px HTTP/1.1" 200 807
116.235.240.234 - - [12/May/2023:10:23:31 +0800] "GET /xingrg/kc/buy/cgsh_order_operate.html?command=get_materiel&rest_code=00146&code=00101006065&supplier_code=00100012&order_time=2023-05-12 HTTP/1.1" 200 409
124.79.240.114 - - [12/May/2023:10:23:31 +0800] "POST /xingrg/kc/buy/cgsh_list_operate.html HTTP/1.1" 200 4518
124.79.240.114 - - [12/May/2023:10:23:31 +0800] "GET /xingrg/all/function/internal_message.html?_=1683858204948&CODE_STATE=getMsg HTTP/1.1" 200 27
180.171.122.0 - - [12/May/2023:10:23:32 +0800] "GET /xingrg/kc/buy/cgsh_order_operate.html?command=get_materiel&rest_code=00111&code=00101016105&supplier_code=00100037&order_time=2023-05-12 HTTP/1.1" 200 409
180.169.147.146 - - [12/May/2023:10:23:40 +0800] "GET /xingrg/all/function/internal_message.html?_=1683858219617&CODE_STATE=getMsg HTTP/1.1" 200 27
180.169.147.146 - - [12/May/2023:10:23:40 +0800] "GET /xingrg/check_reg.html?_=1683858219620 HTTP/1.1" 200 22
61.170.233.194 - - [12/May/2023:10:23:42 +0800] "GET /xingrg/all/function/internal_message.html?_=1683858219628&CODE_STATE=getMsg HTTP/1.1" 200 27
180.169.147.146 - - [12/May/2023:10:23:45 +0800] "GET /xingrg/all/function/internal_message.html?_=1683858225736&CODE_STATE=getMsg HTTP/1.1" 302 -
116.227.208.255 - - [12/May/2023:10:23:45 +0800] "GET /xingrg/all/function/internal_message.html?_=1683858279426&CODE_STATE=getMsg HTTP/1.1" 200 27
180.171.122.0 - - [12/May/2023:10:23:48 +0800] "GET /xingrg/all/function/internal_message.html?_=1683858225375&CODE_STATE=getMsg HTTP/1.1" 200 27
114.83.219.197 - - [12/May/2023:10:23:52 +0800] "GET /xingrg/check_reg.html?_=1683858327214 HTTP/1.1" 200 22
114.83.219.197 - - [12/May/2023:10:23:52 +0800] "GET /xingrg/all/function/internal_message.html?_=1683858327220&CODE_STATE=getMsg HTTP/1.1" 200 27
180.171.122.0 - - [12/May/2023:10:23:55 +0800] "POST /xingrg/kc/buy/cgsh_order_operate.html HTTP/1.1" 200 2065
180.164.3.199 - - [12/May/2023:10:23:57 +0800] "GET /xingrg/all/function/internal_message.html?_=1683858237197&CODE_STATE=getMsg HTTP/1.1" 200 27
124.79.240.114 - - [12/May/2023:10:23:57 +0800] "POST /xingrg/kc/base/stock_operate.html HTTP/1.1" 200 1461
180.164.3.199 - - [12/May/2023:10:23:58 +0800] "GET /xingrg/check_reg.html?_=1683858237850 HTTP/1.1" 200 22
124.79.74.67 - - [12/May/2023:10:23:59 +0800] "GET /xingrg/all/function/internal_message.html?_=1683858247537&CODE_STATE=getMsg HTTP/1.1" 200 27
124.79.240.114 - - [12/May/2023:10:23:59 +0800] "GET /xingrg/kc/base/stock_detail.html?m=00101024006 HTTP/1.1" 200 7357
124.79.240.114 - - [12/May/2023:10:23:59 +0800] "POST /xingrg/kc/buy/cgsh_list_operate.html HTTP/1.1" 200 616
124.79.240.114 - - [12/May/2023:10:24:01 +0800] "GET /xingrg/kc/base/stock_operate.html?_=1683858233900&command=get_report_file&start_day=20230501 HTTP/1.1" 200 53
124.79.240.114 - - [12/May/2023:10:24:01 +0800] "GET /xingrg/all/report/report_query.html?isQuery=1&onlyBody=1&rh=2000&fileName=kc/base/kc_stock_detail_new.xml&queryString=(1=1)&queryText=&tableQueryString=init_table$sp1$$sp$crk_table$sp1$order_day%20between%2020230501%20and%2020230531&varString=start_day:20230501,materiel_code:00101024006,cost_id:4336,end_date:20230430 HTTP/1.1" 200 48701
124.79.240.114 - - [12/May/2023:10:24:01 +0800] "GET /xingrg/dwr/interface/AjaxReportQueryService.js HTTP/1.1" 200 13203
124.79.240.114 - - [12/May/2023:10:24:01 +0800] "GET /xingrg/dwr/engine.js HTTP/1.1" 200 43631
222.67.238.82 - - [12/May/2023:10:24:02 +0800] "GET /xingrg/css/new_ie.css HTTP/1.1" 404 1036
116.235.240.234 - - [12/May/2023:10:24:02 +0800] "GET /xingrg/kc/buy/cgsh_order_operate.html?command=get_materiel&rest_code=00146&code=00101006055&supplier_code=00100012&order_time=2023-05-12 HTTP/1.1" 200 409
124.79.240.114 - - [12/May/2023:10:24:02 +0800] "POST /xingrg/all/report/load_report_page.html HTTP/1.1" 200 20235
124.79.240.114 - - [12/May/2023:10:24:02 +0800] "GET /xingrg/servlets/image?cache=0.3898136805878698&image=px HTTP/1.1" 200 807
222.67.238.82 - - [12/May/2023:10:24:03 +0800] "GET /xingrg/images/yd/bt.gif HTTP/1.1" 404 1040
116.224.158.100 - - [12/May/2023:10:24:03 +0800] "GET /xingrg/all/function/internal_message.html?_=1683858243504&CODE_STATE=getMsg HTTP/1.1" 200 27
222.67.238.82 - - [12/May/2023:10:24:05 +0800] "POST /xingrg/kc/buy/cgsh_list_operate.html HTTP/1.1" 200 986
222.67.238.82 - - [12/May/2023:10:24:06 +0800] "GET /xingrg/all/function/internal_message.html?_=1683858246362&CODE_STATE=getMsg HTTP/1.1" 200 27
124.79.240.114 - - [12/May/2023:10:24:07 +0800] "POST /xingrg/kc/buy/cgsh_list_operate.html HTTP/1.1" 200 347
180.171.122.0 - - [12/May/2023:10:24:07 +0800] "GET /xingrg/kc/buy/cgsh_order_operate.html?command=get_materiel&rest_code=00111&code=00101023022&supplier_code=00100037&order_time=2023-05-12 HTTP/1.1" 200 406
124.79.240.114 - - [12/May/2023:10:24:10 +0800] "POST /xingrg/kc/buy/cgsh_list_operate.html HTTP/1.1" 200 590
116.238.139.35 - - [12/May/2023:10:24:11 +0800] "GET /xingrg/all/function/internal_message.html?_=1683858180167&CODE_STATE=getMsg HTTP/1.1" 200 27
116.235.240.234 - - [12/May/2023:10:24:18 +0800] "GET /xingrg/all/function/internal_message.html?_=1683858257947&CODE_STATE=getMsg HTTP/1.1" 200 27
124.79.240.114 - - [12/May/2023:10:24:21 +0800] "POST /xingrg/kc/buy/cgsh_list_operate.html HTTP/1.1" 200 203
124.79.240.114 - - [12/May/2023:10:24:25 +0800] "GET /xingrg/all/function/internal_message.html?_=1683858542398&CODE_STATE=getMsg HTTP/1.1" 200 27
124.79.240.114 - - [12/May/2023:10:24:26 +0800] "POST /xingrg/kc/buy/cgsh_list_operate.html HTTP/1.1" 200 429
116.235.240.234 - - [12/May/2023:10:24:26 +0800] "GET /xingrg/kc/buy/cgsh_order_operate.html?command=get_materiel&rest_code=00146&code=00101006129&supplier_code=00100012&order_time=2023-05-12 HTTP/1.1" 200 431
124.79.240.114 - - [12/May/2023:10:24:29 +0800] "GET /xingrg/check_reg.html?_=1683858262410 HTTP/1.1" 200 22
124.79.240.114 - - [12/May/2023:10:24:31 +0800] "GET /xingrg/all/function/internal_message.html?_=1683858264922&CODE_STATE=getMsg HTTP/1.1" 200 27
124.79.240.114 - - [12/May/2023:10:24:34 +0800] "POST /xingrg/kc/base/stock_operate.html HTTP/1.1" 200 1462
116.232.32.193 - - [12/May/2023:10:24:35 +0800] "POST /xingrg/services/DataTransmitService HTTP/1.1" 200 524
116.232.32.193 - - [12/May/2023:10:24:36 +0800] "POST /xingrg/services/DataTransmitService HTTP/1.1" 200 2159
116.232.32.193 - - [12/May/2023:10:24:37 +0800] "POST /xingrg/services/DataTransmitService HTTP/1.1" 200 205843
124.79.240.114 - - [12/May/2023:10:24:38 +0800] "GET /xingrg/kc/base/stock_detail.html?m=00101024008 HTTP/1.1" 200 7357
124.79.240.114 - - [12/May/2023:10:24:39 +0800] "GET /xingrg/kc/base/stock_operate.html?_=1683858272473&command=get_report_file&start_day=20230501 HTTP/1.1" 200 53
124.79.240.114 - - [12/May/2023:10:24:39 +0800] "GET /xingrg/all/report/report_query.html?isQuery=1&onlyBody=1&rh=2000&fileName=kc/base/kc_stock_detail_new.xml&queryString=(1=1)&queryText=&tableQueryString=init_table$sp1$$sp$crk_table$sp1$order_day%20between%2020230501%20and%2020230531&varString=start_day:20230501,materiel_code:00101024008,cost_id:4336,end_date:20230430 HTTP/1.1" 200 48701
124.79.240.114 - - [12/May/2023:10:24:39 +0800] "GET /xingrg/dwr/interface/AjaxReportQueryService.js HTTP/1.1" 200 13203
124.79.240.114 - - [12/May/2023:10:24:39 +0800] "GET /xingrg/dwr/engine.js HTTP/1.1" 200 43631
180.169.147.146 - - [12/May/2023:10:24:40 +0800] "GET /xingrg/all/function/internal_message.html?_=1683858279615&CODE_STATE=getMsg HTTP/1.1" 200 27
124.79.240.114 - - [12/May/2023:10:24:41 +0800] "POST /xingrg/all/report/load_report_page.html HTTP/1.1" 200 20261
124.79.240.114 - - [12/May/2023:10:24:41 +0800] "GET /xingrg/servlets/image?cache=0.45912978399220306&image=px HTTP/1.1" 200 807
61.170.233.194 - - [12/May/2023:10:24:42 +0800] "GET /xingrg/all/function/internal_message.html?_=1683858279604&CODE_STATE=getMsg HTTP/1.1" 200 27
180.169.147.146 - - [12/May/2023:10:24:45 +0800] "GET /xingrg/all/function/internal_message.html?_=1683858285735&CODE_STATE=getMsg HTTP/1.1" 302 -
116.227.208.255 - - [12/May/2023:10:24:45 +0800] "GET /xingrg/all/function/internal_message.html?_=1683858339426&CODE_STATE=getMsg HTTP/1.1" 200 27
116.235.240.234 - - [12/May/2023:10:24:46 +0800] "GET /xingrg/kc/buy/cgsh_order_operate.html?command=get_materiel&rest_code=00146&code=00101006111&supplier_code=00100012&order_time=2023-05-12 HTTP/1.1" 200 409
180.171.122.0 - - [12/May/2023:10:24:48 +0800] "GET /xingrg/all/function/internal_message.html?_=1683858285366&CODE_STATE=getMsg HTTP/1.1" 200 27
114.83.219.197 - - [12/May/2023:10:24:52 +0800] "GET /xingrg/all/function/internal_message.html?_=1683858387202&CODE_STATE=getMsg HTTP/1.1" 200 27
180.164.3.199 - - [12/May/2023:10:24:57 +0800] "GET /xingrg/all/function/internal_message.html?_=1683858297174&CODE_STATE=getMsg HTTP/1.1" 200 27
124.79.74.67 - - [12/May/2023:10:24:59 +0800] "GET /xingrg/all/function/internal_message.html?_=1683858307528&CODE_STATE=getMsg HTTP/1.1" 200 27
116.235.240.234 - - [12/May/2023:10:25:00 +0800] "GET /xingrg/kc/buy/cgsh_order_operate.html?command=get_materiel&rest_code=00146&code=00101006144&supplier_code=00100012&order_time=2023-05-12 HTTP/1.1" 200 409
124.79.240.114 - - [12/May/2023:10:25:01 +0800] "POST /xingrg/kc/base/stock_operate.html HTTP/1.1" 200 1714
172.20.0.100 - - [12/May/2023:10:25:01 +0800] "GET /xingrg/check_reg.html?_=1683858314472 HTTP/1.1" 302 -
116.224.158.100 - - [12/May/2023:10:25:03 +0800] "GET /xingrg/all/function/internal_message.html?_=1683858303472&CODE_STATE=getMsg HTTP/1.1" 200 27
124.79.240.114 - - [12/May/2023:10:25:04 +0800] "GET /xingrg/kc/base/stock_detail.html?m=00101025013 HTTP/1.1" 200 7359
124.79.240.114 - - [12/May/2023:10:25:06 +0800] "GET /xingrg/kc/base/stock_operate.html?_=1683858299145&command=get_report_file&start_day=20230501 HTTP/1.1" 200 53
124.79.240.114 - - [12/May/2023:10:25:06 +0800] "GET /xingrg/all/report/report_query.html?isQuery=1&onlyBody=1&rh=2000&fileName=kc/base/kc_stock_detail_new.xml&queryString=(1=1)&queryText=&tableQueryString=init_table$sp1$$sp$crk_table$sp1$order_day%20between%2020230501%20and%2020230531&varString=start_day:20230501,materiel_code:00101025013,cost_id:4336,end_date:20230430 HTTP/1.1" 200 48701
124.79.240.114 - - [12/May/2023:10:25:06 +0800] "GET /xingrg/dwr/interface/AjaxReportQueryService.js HTTP/1.1" 200 13203
124.79.240.114 - - [12/May/2023:10:25:06 +0800] "GET /xingrg/dwr/engine.js HTTP/1.1" 200 43631
222.67.238.82 - - [12/May/2023:10:25:06 +0800] "GET /xingrg/all/function/internal_message.html?_=1683858306368&CODE_STATE=getMsg HTTP/1.1" 200 27
222.67.238.82 - - [12/May/2023:10:25:06 +0800] "GET /xingrg/check_reg.html?_=1683858306508 HTTP/1.1" 200 22
124.79.240.114 - - [12/May/2023:10:25:07 +0800] "POST /xingrg/all/report/load_report_page.html HTTP/1.1" 200 30062
124.79.240.114 - - [12/May/2023:10:25:07 +0800] "GET /xingrg/servlets/image?cache=0.48830425570225366&image=px HTTP/1.1" 200 807
116.238.139.35 - - [12/May/2023:10:25:11 +0800] "GET /xingrg/all/function/internal_message.html?_=1683858240180&CODE_STATE=getMsg HTTP/1.1" 200 27
116.235.240.234 - - [12/May/2023:10:25:17 +0800] "POST /xingrg/kc/buy/cgsh_order_operate.html HTTP/1.1" 200 37
116.235.240.234 - - [12/May/2023:10:25:22 +0800] "POST /xingrg/kc/buy/cgsh_order_operate.html HTTP/1.1" 200 6804
116.235.240.234 - - [12/May/2023:10:25:24 +0800] "GET /xingrg/all/function/internal_message.html?_=1683858324201&CODE_STATE=getMsg HTTP/1.1" 200 27
116.235.240.234 - - [12/May/2023:10:25:25 +0800] "GET /xingrg/kc/print/load_data.html?order_code=212023051204197&kc_code=cgsh&condition= HTTP/1.1" 200 2351
120.253.135.82 - - [12/May/2023:10:25:25 +0800] "GET /xingrg/login.html HTTP/1.1" 200 7641
120.253.135.82 - - [12/May/2023:10:25:25 +0800] "GET /xingrg/images/blue/jxLogo.png HTTP/1.1" 304 -
124.79.240.114 - - [12/May/2023:10:25:25 +0800] "GET /xingrg/all/function/internal_message.html?_=1683858602394&CODE_STATE=getMsg HTTP/1.1" 200 27
120.253.135.82 - - [12/May/2023:10:25:25 +0800] "GET /xingrg/images/blue/login_bg.png HTTP/1.1" 304 -
120.253.135.82 - - [12/May/2023:10:25:25 +0800] "GET /xingrg/images/blue/hj.png HTTP/1.1" 304 -
120.253.135.82 - - [12/May/2023:10:25:25 +0800] "GET /xingrg/images/blue/srbg.png HTTP/1.1" 304 -
120.253.135.82 - - [12/May/2023:10:25:26 +0800] "GET /favicon.ico HTTP/1.1" 404 -
124.79.240.114 - - [12/May/2023:10:25:28 +0800] "POST /xingrg/kc/base/stock_operate.html HTTP/1.1" 200 2004
120.253.135.82 - - [12/May/2023:10:25:30 +0800] "POST /xingrg/login.do HTTP/1.1" 302 -
120.253.135.82 - - [12/May/2023:10:25:30 +0800] "GET /xingrg/index.html?sysBaseUrl=http%3A%2F%2F180.169.147.146%3A18081%2Fxingrg%2F&costTime=931×tamp=1683858330343 HTTP/1.1" 200 17173
120.253.135.82 - - [12/May/2023:10:25:30 +0800] "GET /xingrg/javascript/jquery_easy_ui/themes/default/easyui.css HTTP/1.1" 304 -
120.253.135.82 - - [12/May/2023:10:25:30 +0800] "GET /xingrg/javascript/jquery_easy_ui/themes/icon.css HTTP/1.1" 304 -
120.253.135.82 - - [12/May/2023:10:25:30 +0800] "GET /xingrg/css/form.css HTTP/1.1" 304 -
120.253.135.82 - - [12/May/2023:10:25:30 +0800] "GET /xingrg/javascript/jquery.form.js HTTP/1.1" 304 -
120.253.135.82 - - [12/May/2023:10:25:30 +0800] "GET /xingrg/javascript/jquery_easy_ui/jquery.easyui.min.js HTTP/1.1" 304 -
120.253.135.82 - - [12/May/2023:10:25:30 +0800] "GET /xingrg/javascript/jquery.utils.js HTTP/1.1" 304 -
120.253.135.82 - - [12/May/2023:10:25:30 +0800] "GET /xingrg/javascript/jquery_easy_ui/easyui-lang-zh_CN.js HTTP/1.1" 304 -
120.253.135.82 - - [12/May/2023:10:25:30 +0800] "GET /xingrg/javascript/jquery-1.4.2.min.js HTTP/1.1" 304 -
120.253.135.82 - - [12/May/2023:10:25:30 +0800] "GET /xingrg/javascript/jquery.timers.js HTTP/1.1" 304 -
120.253.135.82 - - [12/May/2023:10:25:30 +0800] "GET /xingrg/images/blue/navBackgound.jpg HTTP/1.1" 304 -
120.253.135.82 - - [12/May/2023:10:25:30 +0800] "GET /xingrg/javascript/jquery_easy_ui/themes/icons/settle_new.png HTTP/1.1" 304 -
120.253.135.82 - - [12/May/2023:10:25:30 +0800] "GET /favicon.ico HTTP/1.1" 404 -
120.253.135.82 - - [12/May/2023:10:25:30 +0800] "GET /xingrg/images/blue/pingpu.png HTTP/1.1" 304 -
120.253.135.82 - - [12/May/2023:10:25:30 +0800] "GET /xingrg/javascript/jquery_easy_ui/themes/default/images/tabs_leftarrow.png HTTP/1.1" 304 -
120.253.135.82 - - [12/May/2023:10:25:30 +0800] "GET /xingrg/javascript/jquery_easy_ui/themes/default/images/tabs_rightarrow.png HTTP/1.1" 304 -
120.253.135.82 - - [12/May/2023:10:25:30 +0800] "GET /xingrg/javascript/jquery_easy_ui/themes/default/images/panel_tool_collapse.gif HTTP/1.1" 304 -
120.253.135.82 - - [12/May/2023:10:25:30 +0800] "POST /xingrg/all/common/load_tree.html?tree=area_rest_tree_json&manage=1 HTTP/1.1" 200 344
120.253.135.82 - - [12/May/2023:10:25:30 +0800] "GET /xingrg/all/function/internal_message.html?_=1683858167663&CODE_STATE=count HTTP/1.1" 200 11
120.253.135.82 - - [12/May/2023:10:25:30 +0800] "GET /xingrg/check_reg.html?_=1683858167664 HTTP/1.1" 200 22
120.253.135.82 - - [12/May/2023:10:25:30 +0800] "GET /xingrg/javascript/jquery_easy_ui/themes/default/images/tree_arrows.gif HTTP/1.1" 304 -
120.253.135.82 - - [12/May/2023:10:25:30 +0800] "POST /xingrg/load_menu.html HTTP/1.1" 200 6743
120.253.135.82 - - [12/May/2023:10:25:31 +0800] "GET /xingrg/javascript/jquery_easy_ui/themes/icons/search_new.png HTTP/1.1" 304 -
120.253.135.82 - - [12/May/2023:10:25:31 +0800] "GET /xingrg/javascript/jquery_easy_ui/themes/default/images/tree_folder_open.gif HTTP/1.1" 304 -
120.253.135.82 - - [12/May/2023:10:25:31 +0800] "GET /xingrg/javascript/jquery_easy_ui/themes/icons/delivery_new.png HTTP/1.1" 304 -
120.253.135.82 - - [12/May/2023:10:25:31 +0800] "GET /xingrg/javascript/jquery_easy_ui/themes/icons/storage_new.png HTTP/1.1" 304 -
120.253.135.82 - - [12/May/2023:10:25:31 +0800] "GET /xingrg/javascript/jquery_easy_ui/themes/default/images/tree_file.gif HTTP/1.1" 304 -
120.253.135.82 - - [12/May/2023:10:25:31 +0800] "GET /xingrg/javascript/jquery_easy_ui/themes/icons/forms_new.png HTTP/1.1" 304 -
120.253.135.82 - - [12/May/2023:10:25:31 +0800] "GET /xingrg/javascript/jquery_easy_ui/themes/default/images/tree_folder.gif HTTP/1.1" 304 -
124.79.240.114 - - [12/May/2023:10:25:31 +0800] "GET /xingrg/all/function/internal_message.html?_=1683858324908&CODE_STATE=getMsg HTTP/1.1" 200 27
120.253.135.82 - - [12/May/2023:10:25:32 +0800] "GET /xingrg/javascript/jquery_easy_ui/themes/default/images/tabs_close.gif HTTP/1.1" 304 -
120.253.135.82 - - [12/May/2023:10:25:32 +0800] "GET /xingrg/kc/report/report_main.html HTTP/1.1" 200 8599
120.253.135.82 - - [12/May/2023:10:25:32 +0800] "GET /xingrg/css/blue.css HTTP/1.1" 304 -
120.253.135.82 - - [12/May/2023:10:25:32 +0800] "GET /xingrg/javascript/jquery_ui/themes/humanity/humanity.css HTTP/1.1" 304 -
120.253.135.82 - - [12/May/2023:10:25:32 +0800] "GET /xingrg/javascript/pic_change.js HTTP/1.1" 304 -
120.253.135.82 - - [12/May/2023:10:25:32 +0800] "GET /xingrg/javascript/json2.js HTTP/1.1" 304 -
120.253.135.82 - - [12/May/2023:10:25:32 +0800] "GET /xingrg/javascript/myfunction.js HTTP/1.1" 304 -
120.253.135.82 - - [12/May/2023:10:25:32 +0800] "GET /xingrg/javascript/jquery_easy_ui/themes/icons/back_new.png HTTP/1.1" 304 -
120.253.135.82 - - [12/May/2023:10:25:34 +0800] "GET /xingrg/kc/base/kc_stocks.html HTTP/1.1" 200 16506
120.253.135.82 - - [12/May/2023:10:25:34 +0800] "GET /xingrg/css/base.css HTTP/1.1" 304 -
120.253.135.82 - - [12/May/2023:10:25:34 +0800] "GET /xingrg/css/site.css HTTP/1.1" 304 -
120.253.135.82 - - [12/May/2023:10:25:34 +0800] "GET /xingrg/javascript/easyui/themes/sunny/easyui.css HTTP/1.1" 304 -
120.253.135.82 - - [12/May/2023:10:25:34 +0800] "GET /xingrg/javascript/jquery_tools/datebox.css HTTP/1.1" 304 -
120.253.135.82 - - [12/May/2023:10:25:34 +0800] "GET /xingrg/javascript/jquery_tools/jquery.tools.min.js HTTP/1.1" 304 -
120.253.135.82 - - [12/May/2023:10:25:34 +0800] "GET /xingrg/javascript/jquery_tools/fix.css HTTP/1.1" 304 -
120.253.135.82 - - [12/May/2023:10:25:34 +0800] "GET /xingrg/javascript/easyui/themes/icon.css HTTP/1.1" 304 -
120.253.135.82 - - [12/May/2023:10:25:34 +0800] "GET /xingrg/javascript/jquery_tools/list_manager.js HTTP/1.1" 304 -
120.253.135.82 - - [12/May/2023:10:25:34 +0800] "GET /xingrg/javascript/auto/jquery.autocomplete.js HTTP/1.1" 304 -
120.253.135.82 - - [12/May/2023:10:25:34 +0800] "GET /xingrg/javascript/easyui/easyloader.js HTTP/1.1" 304 -
120.253.135.82 - - [12/May/2023:10:25:34 +0800] "GET /xingrg/javascript/jquery.cookie.js HTTP/1.1" 304 -
120.253.135.82 - - [12/May/2023:10:25:34 +0800] "GET /xingrg/javascript/print/LodopFuncs.js HTTP/1.1" 304 -
120.253.135.82 - - [12/May/2023:10:25:34 +0800] "GET /xingrg/javascript/convert.js HTTP/1.1" 304 -
120.253.135.82 - - [12/May/2023:10:25:34 +0800] "GET /xingrg/javascript/auto/jquery.autocomplete.css HTTP/1.1" 304 -
120.253.135.82 - - [12/May/2023:10:25:34 +0800] "GET /xingrg/javascript/jquery_tools/jquery.tools.extend.js HTTP/1.1" 304 -
120.253.135.82 - - [12/May/2023:10:25:34 +0800] "GET /xingrg/javascript/jquery_tools/jquery.tools.hotkey.js HTTP/1.1" 304 -
120.253.135.82 - - [12/May/2023:10:25:34 +0800] "GET /xingrg/javascript/easyui/themes/icons/import_new.png HTTP/1.1" 304 -
120.253.135.82 - - [12/May/2023:10:25:34 +0800] "GET /xingrg/javascript/easyui/themes/icons/refresh_new.png HTTP/1.1" 304 -
120.253.135.82 - - [12/May/2023:10:25:34 +0800] "GET /xingrg/javascript/easyui/themes/icons/print_new.png HTTP/1.1" 304 -
120.253.135.82 - - [12/May/2023:10:25:34 +0800] "GET /xingrg/javascript/easyui/themes/icons/filter_new.png HTTP/1.1" 304 -
120.253.135.82 - - [12/May/2023:10:25:34 +0800] "GET /xingrg/javascript/easyui/themes/icons/field_new.png HTTP/1.1" 304 -
120.253.135.82 - - [12/May/2023:10:25:34 +0800] "GET /xingrg/javascript/easyui/plugins/jquery.parser.js HTTP/1.1" 304 -
120.253.135.82 - - [12/May/2023:10:25:34 +0800] "GET /xingrg/images/control/ajaxLoader.gif HTTP/1.1" 304 -
120.253.135.82 - - [12/May/2023:10:25:34 +0800] "GET /xingrg/javascript/easyui/plugins/jquery.draggable.js HTTP/1.1" 304 -
120.253.135.82 - - [12/May/2023:10:25:34 +0800] "GET /xingrg/javascript/easyui/plugins/jquery.droppable.js HTTP/1.1" 304 -
120.253.135.82 - - [12/May/2023:10:25:34 +0800] "GET /xingrg/javascript/easyui/themes/default/tree.css HTTP/1.1" 404 1090
120.253.135.82 - - [12/May/2023:10:25:34 +0800] "GET /xingrg/javascript/easyui/plugins/jquery.tree.js HTTP/1.1" 304 -
120.253.135.82 - - [12/May/2023:10:25:34 +0800] "GET /xingrg/all/common/auto_word.html?type=base&rest_code=00101 HTTP/1.1" 200 671
120.253.135.82 - - [12/May/2023:10:25:34 +0800] "POST /xingrg/all/common/load_tree.html?tree=materiel_sort_tree_json HTTP/1.1" 200 9500
120.253.135.82 - - [12/May/2023:10:25:34 +0800] "GET /xingrg/javascript/easyui/themes/sunny/images/tree_arrows.gif HTTP/1.1" 304 -
120.253.135.82 - - [12/May/2023:10:25:34 +0800] "GET /xingrg/javascript/easyui/themes/sunny/images/tree_folder.gif HTTP/1.1" 304 -
120.253.135.82 - - [12/May/2023:10:25:34 +0800] "GET /xingrg/javascript/easyui/themes/sunny/images/tree_file.gif HTTP/1.1" 304 -
120.253.135.82 - - [12/May/2023:10:25:34 +0800] "GET /xingrg/javascript/easyui/themes/sunny/images/tree_folder_open.gif HTTP/1.1" 304 -
61.170.233.194 - - [12/May/2023:10:25:35 +0800] "GET /xingrg/check_reg.html?_=1683858332945 HTTP/1.1" 200 22
120.253.135.82 - - [12/May/2023:10:25:35 +0800] "GET /xingrg/css/images/panel_loading.gif HTTP/1.1" 304 -
120.253.135.82 - - [12/May/2023:10:25:35 +0800] "POST /xingrg/all/common/load_combo.html?type=base HTTP/1.1" 200 1169
116.235.240.234 - - [12/May/2023:10:25:36 +0800] "GET /xingrg/kc/buy/cgsh_order_add.html HTTP/1.1" 200 71295
116.235.240.234 - - [12/May/2023:10:25:36 +0800] "POST /xingrg/kc/buy/cgsh_order_operate.html HTTP/1.1" 200 8245
116.235.240.234 - - [12/May/2023:10:25:36 +0800] "GET /xingrg/javascript/easyui/themes/default/validatebox.css HTTP/1.1" 404 1104
124.79.240.114 - - [12/May/2023:10:25:38 +0800] "GET /xingrg/kc/base/stock_detail.html?m=00101025014 HTTP/1.1" 200 7359
124.79.240.114 - - [12/May/2023:10:25:39 +0800] "GET /xingrg/kc/base/stock_operate.html?_=1683858332309&command=get_report_file&start_day=20230501 HTTP/1.1" 200 53
124.79.240.114 - - [12/May/2023:10:25:39 +0800] "GET /xingrg/all/report/report_query.html?isQuery=1&onlyBody=1&rh=2000&fileName=kc/base/kc_stock_detail_new.xml&queryString=(1=1)&queryText=&tableQueryString=init_table$sp1$$sp$crk_table$sp1$order_day%20between%2020230501%20and%2020230531&varString=start_day:20230501,materiel_code:00101025014,cost_id:4336,end_date:20230430 HTTP/1.1" 200 48701
124.79.240.114 - - [12/May/2023:10:25:39 +0800] "GET /xingrg/dwr/interface/AjaxReportQueryService.js HTTP/1.1" 200 13203
124.79.240.114 - - [12/May/2023:10:25:39 +0800] "GET /xingrg/dwr/engine.js HTTP/1.1" 200 43631
180.169.147.146 - - [12/May/2023:10:25:40 +0800] "GET /xingrg/all/function/internal_message.html?_=1683858339603&CODE_STATE=getMsg HTTP/1.1" 200 27
124.79.240.114 - - [12/May/2023:10:25:40 +0800] "POST /xingrg/all/report/load_report_page.html HTTP/1.1" 200 20243
124.79.240.114 - - [12/May/2023:10:25:40 +0800] "GET /xingrg/servlets/image?cache=0.7865264841521095&image=px HTTP/1.1" 200 807
61.170.233.194 - - [12/May/2023:10:25:42 +0800] "GET /xingrg/all/function/internal_message.html?_=1683858339579&CODE_STATE=getMsg HTTP/1.1" 200 27
180.163.28.68 - - [12/May/2023:10:25:45 +0800] "GET /xingrg/all/function/internal_message.html?_=1683858279604&CODE_STATE=getMsg HTTP/1.1" 302 -
180.169.147.146 - - [12/May/2023:10:25:45 +0800] "GET /xingrg/all/function/internal_message.html?_=1683858345733&CODE_STATE=getMsg HTTP/1.1" 302 -
180.163.28.68 - - [12/May/2023:10:25:45 +0800] "GET /xingrg/login.html HTTP/1.1" 200 7641
116.227.208.255 - - [12/May/2023:10:25:45 +0800] "GET /xingrg/all/function/internal_message.html?_=1683858399423&CODE_STATE=getMsg HTTP/1.1" 200 27
114.85.96.117 - - [12/May/2023:10:25:46 +0800] "GET /xingrg/kc/base/wldb_order_info.html?code=422023051200874 HTTP/1.1" 200 26250
114.85.96.117 - - [12/May/2023:10:25:46 +0800] "GET /xingrg/javascript/easyui/themes/default/validatebox.css HTTP/1.1" 404 1104
114.85.96.117 - - [12/May/2023:10:25:46 +0800] "POST /xingrg/kc/base/wldb_order_operate.html HTTP/1.1" 200 502
180.171.122.0 - - [12/May/2023:10:25:48 +0800] "GET /xingrg/all/function/internal_message.html?_=1683858345363&CODE_STATE=getMsg HTTP/1.1" 200 27
180.171.122.0 - - [12/May/2023:10:25:48 +0800] "GET /xingrg/check_reg.html?_=1683858345364 HTTP/1.1" 200 22
116.235.240.234 - - [12/May/2023:10:25:50 +0800] "GET /xingrg/kc/buy/cgsh_order_operate.html?command=get_materiel&rest_code=00146&code=00101007022&supplier_code=00100002&order_time=2023-05-12 HTTP/1.1" 200 415
114.85.96.117 - - [12/May/2023:10:25:51 +0800] "GET /xingrg/kc/base/wldb_order_add.html HTTP/1.1" 200 30377
114.85.96.117 - - [12/May/2023:10:25:51 +0800] "POST /xingrg/kc/base/wldb_order_operate.html HTTP/1.1" 200 6806
120.253.135.82 - - [12/May/2023:10:25:52 +0800] "POST /xingrg/kc/base/stock_operate.html HTTP/1.1" 200 765
120.253.135.82 - - [12/May/2023:10:25:52 +0800] "GET /xingrg/javascript/jquery_tools/fix_table.js HTTP/1.1" 304 -
114.85.96.117 - - [12/May/2023:10:25:52 +0800] "GET /xingrg/javascript/easyui/themes/default/validatebox.css HTTP/1.1" 404 1104
114.83.219.197 - - [12/May/2023:10:25:52 +0800] "GET /xingrg/all/function/internal_message.html?_=1683858447193&CODE_STATE=getMsg HTTP/1.1" 200 27
114.85.96.117 - - [12/May/2023:10:25:55 +0800] "POST /xingrg/all/common/load_combo.html?type=base HTTP/1.1" 200 3321
180.164.3.199 - - [12/May/2023:10:25:57 +0800] "GET /xingrg/all/function/internal_message.html?_=1683858357147&CODE_STATE=getMsg HTTP/1.1" 200 27
114.85.96.117 - - [12/May/2023:10:25:58 +0800] "POST /xingrg/all/common/load_combo.html?type=base HTTP/1.1" 200 3321
124.79.74.67 - - [12/May/2023:10:25:59 +0800] "GET /xingrg/all/function/internal_message.html?_=1683858367536&CODE_STATE=getMsg HTTP/1.1" 200 27
124.79.74.67 - - [12/May/2023:10:25:59 +0800] "GET /xingrg/check_reg.html?_=1683858367539 HTTP/1.1" 200 22
116.238.139.35 - - [12/May/2023:10:26:01 +0800] "POST /xingrg/services/DataTransmitService HTTP/1.1" 200 524
180.171.122.0 - - [12/May/2023:10:26:01 +0800] "GET /xingrg/kc/buy/cgsh_order_operate.html?command=get_materiel&rest_code=00111&code=00101009038&supplier_code=00100037&order_time=2023-05-12 HTTP/1.1" 200 412
114.85.96.117 - - [12/May/2023:10:26:01 +0800] "GET /xingrg/all/function/internal_message.html?_=1683858362736&CODE_STATE=getMsg HTTP/1.1" 200 27
116.224.158.100 - - [12/May/2023:10:26:02 +0800] "GET /xingrg/check_reg.html?_=1683858361587 HTTP/1.1" 200 22
124.79.240.114 - - [12/May/2023:10:26:03 +0800] "GET /xingrg/kc/base/stock_operate.html?_=1683858356586&command=get_report_file&start_day=20221101 HTTP/1.1" 200 53
124.79.240.114 - - [12/May/2023:10:26:03 +0800] "GET /xingrg/all/report/report_query.html?isQuery=1&onlyBody=1&rh=2000&fileName=kc/base/kc_stock_detail_new.xml&queryString=(1=1)&queryText=&tableQueryString=init_table$sp1$$sp$crk_table$sp1$order_day%20between%2020221101%20and%2020230531&varString=start_day:20221101,materiel_code:00101025014,cost_id:4022,end_date:20221031 HTTP/1.1" 200 48701
124.79.240.114 - - [12/May/2023:10:26:03 +0800] "GET /xingrg/dwr/interface/AjaxReportQueryService.js HTTP/1.1" 200 13203
124.79.240.114 - - [12/May/2023:10:26:03 +0800] "GET /xingrg/dwr/engine.js HTTP/1.1" 200 43631
116.224.158.100 - - [12/May/2023:10:26:03 +0800] "GET /xingrg/all/function/internal_message.html?_=1683858363445&CODE_STATE=getMsg HTTP/1.1" 200 27
124.79.240.114 - - [12/May/2023:10:26:05 +0800] "POST /xingrg/all/report/load_report_page.html HTTP/1.1" 200 107964
124.79.240.114 - - [12/May/2023:10:26:05 +0800] "GET /xingrg/servlets/image?cache=0.7528417259048836&image=px HTTP/1.1" 200 807
222.67.238.82 - - [12/May/2023:10:26:06 +0800] "GET /xingrg/all/function/internal_message.html?_=1683858366353&CODE_STATE=getMsg HTTP/1.1" 200 27
116.235.240.234 - - [12/May/2023:10:26:09 +0800] "GET /xingrg/kc/buy/cgsh_order_operate.html?command=get_materiel&rest_code=00146&code=00101007081&supplier_code=00100002&order_time=2023-05-12 HTTP/1.1" 200 415
116.238.139.35 - - [12/May/2023:10:26:11 +0800] "GET /xingrg/all/function/internal_message.html?_=1683858300277&CODE_STATE=getMsg HTTP/1.1" 200 27
114.85.96.117 - - [12/May/2023:10:26:12 +0800] "GET /xingrg/kc/base/wldb_order_operate.html?command=get_materiel&rest_code=00102&base_code=0010476&code=00101013221 HTTP/1.1" 200 434
180.171.122.0 - - [12/May/2023:10:26:13 +0800] "GET /xingrg/kc/buy/cgsh_order_operate.html?command=get_materiel&rest_code=00111&code=00101009086&supplier_code=00100037&order_time=2023-05-12 HTTP/1.1" 200 418
114.85.96.117 - - [12/May/2023:10:26:19 +0800] "GET /xingrg/kc/base/wldb_order_operate.html?command=get_materiel&rest_code=00102&base_code=0010476&code=00101019375 HTTP/1.1" 200 464
120.253.135.82 - - [12/May/2023:10:26:22 +0800] "POST /xingrg/kc/base/stock_operate.html HTTP/1.1" 200 1479
114.85.96.117 - - [12/May/2023:10:26:23 +0800] "GET /xingrg/kc/base/wldb_order_operate.html?command=get_materiel&rest_code=00102&base_code=0010476&code=00101019127 HTTP/1.1" 200 479
116.235.240.234 - - [12/May/2023:10:26:24 +0800] "GET /xingrg/all/function/internal_message.html?_=1683858384215&CODE_STATE=getMsg HTTP/1.1" 200 27
124.79.240.114 - - [12/May/2023:10:26:25 +0800] "GET /xingrg/check_reg.html?_=1683858662393 HTTP/1.1" 200 22
124.79.240.114 - - [12/May/2023:10:26:25 +0800] "GET /xingrg/all/function/internal_message.html?_=1683858662394&CODE_STATE=getMsg HTTP/1.1" 200 27
116.235.240.234 - - [12/May/2023:10:26:29 +0800] "GET /xingrg/kc/buy/cgsh_order_operate.html?command=get_materiel&rest_code=00146&code=00101007049&supplier_code=00100002&order_time=2023-05-12 HTTP/1.1" 200 409
114.85.96.117 - - [12/May/2023:10:26:30 +0800] "POST /xingrg/kc/base/wldb_order_operate.html HTTP/1.1" 200 37
120.253.135.82 - - [12/May/2023:10:26:30 +0800] "GET /xingrg/all/function/internal_message.html?_=1683858227665&CODE_STATE=getMsg HTTP/1.1" 200 27
124.79.240.114 - - [12/May/2023:10:26:31 +0800] "GET /xingrg/all/function/internal_message.html?_=1683858384878&CODE_STATE=getMsg HTTP/1.1" 200 27
114.85.96.117 - - [12/May/2023:10:26:35 +0800] "POST /xingrg/kc/base/wldb_order_operate.html HTTP/1.1" 200 12
114.85.96.117 - - [12/May/2023:10:26:35 +0800] "POST /xingrg/kc/base/wldb_order_operate.html HTTP/1.1" 200 3191
180.163.29.234 - - [12/May/2023:10:26:35 +0800] "GET /xingrg/check_reg.html?_=1683858332945 HTTP/1.1" 302 -
180.163.29.234 - - [12/May/2023:10:26:35 +0800] "GET /xingrg/login.html HTTP/1.1" 200 7641
114.85.96.117 - - [12/May/2023:10:26:37 +0800] "GET /xingrg/kc/base/wldb_order_info.html?code=422023051200875 HTTP/1.1" 200 26254
114.85.96.117 - - [12/May/2023:10:26:37 +0800] "GET /xingrg/javascript/easyui/themes/default/validatebox.css HTTP/1.1" 404 1104
114.85.96.117 - - [12/May/2023:10:26:37 +0800] "POST /xingrg/kc/base/wldb_order_operate.html HTTP/1.1" 200 1466
180.169.147.146 - - [12/May/2023:10:26:40 +0800] "GET /xingrg/all/function/internal_message.html?_=1683858399610&CODE_STATE=getMsg HTTP/1.1" 200 27
61.170.233.194 - - [12/May/2023:10:26:42 +0800] "GET /xingrg/all/function/internal_message.html?_=1683858399550&CODE_STATE=getMsg HTTP/1.1" 200 27
180.169.147.146 - - [12/May/2023:10:26:45 +0800] "GET /xingrg/all/function/internal_message.html?_=1683858405731&CODE_STATE=getMsg HTTP/1.1" 302 -
180.169.147.146 - - [12/May/2023:10:26:45 +0800] "GET /xingrg/check_reg.html?_=1683858405732 HTTP/1.1" 302 -
116.227.208.255 - - [12/May/2023:10:26:45 +0800] "GET /xingrg/all/function/internal_message.html?_=1683858459418&CODE_STATE=getMsg HTTP/1.1" 200 27
116.235.240.234 - - [12/May/2023:10:26:47 +0800] "POST /xingrg/kc/buy/cgsh_order_operate.html HTTP/1.1" 200 37
180.171.122.0 - - [12/May/2023:10:26:48 +0800] "GET /xingrg/all/function/internal_message.html?_=1683858405367&CODE_STATE=getMsg HTTP/1.1" 200 27
116.235.240.234 - - [12/May/2023:10:26:50 +0800] "POST /xingrg/kc/buy/cgsh_order_operate.html HTTP/1.1" 200 3838
114.83.219.197 - - [12/May/2023:10:26:52 +0800] "GET /xingrg/all/function/internal_message.html?_=1683858507210&CODE_STATE=getMsg HTTP/1.1" 200 27
116.235.240.234 - - [12/May/2023:10:26:54 +0800] "GET /xingrg/kc/print/load_data.html?order_code=212023051204198&kc_code=cgsh&condition= HTTP/1.1" 200 1194
180.164.3.199 - - [12/May/2023:10:26:57 +0800] "GET /xingrg/all/function/internal_message.html?_=1683858417127&CODE_STATE=getMsg HTTP/1.1" 200 27
124.79.74.67 - - [12/May/2023:10:26:59 +0800] "GET /xingrg/all/function/internal_message.html?_=1683858427538&CODE_STATE=getMsg HTTP/1.1" 200 27
180.164.3.199 - - [12/May/2023:10:26:59 +0800] "POST /xingrg/services/DataTransmitService HTTP/1.1" 200 524
180.164.3.199 - - [12/May/2023:10:27:00 +0800] "POST /xingrg/services/DataTransmitService HTTP/1.1" 200 1907
180.164.3.199 - - [12/May/2023:10:27:01 +0800] "POST /xingrg/services/DataTransmitService HTTP/1.1" 200 89336
114.85.96.117 - - [12/May/2023:10:27:01 +0800] "GET /xingrg/all/function/internal_message.html?_=1683858422722&CODE_STATE=getMsg HTTP/1.1" 200 27
114.85.113.108 - - [12/May/2023:10:27:03 +0800] "GET /xingrg/check_reg.html?_=1683858422408 HTTP/1.1" 200 22
116.224.158.100 - - [12/May/2023:10:27:03 +0800] "GET /xingrg/all/function/internal_message.html?_=1683858423416&CODE_STATE=getMsg HTTP/1.1" 200 27
222.67.238.82 - - [12/May/2023:10:27:06 +0800] "GET /xingrg/all/function/internal_message.html?_=1683858426339&CODE_STATE=getMsg HTTP/1.1" 200 27
116.238.139.35 - - [12/May/2023:10:27:11 +0800] "GET /xingrg/all/function/internal_message.html?_=1683858360287&CODE_STATE=getMsg HTTP/1.1" 200 27
124.79.240.114 - - [12/May/2023:10:27:13 +0800] "GET /xingrg/kc/base/stock_detail.html?m=00101025015 HTTP/1.1" 200 7363
124.79.240.114 - - [12/May/2023:10:27:14 +0800] "GET /xingrg/kc/base/stock_operate.html?_=1683858427455&command=get_report_file&start_day=20230501 HTTP/1.1" 200 53
124.79.240.114 - - [12/May/2023:10:27:14 +0800] "GET /xingrg/all/report/report_query.html?isQuery=1&onlyBody=1&rh=2000&fileName=kc/base/kc_stock_detail_new.xml&queryString=(1=1)&queryText=&tableQueryString=init_table$sp1$$sp$crk_table$sp1$order_day%20between%2020230501%20and%2020230531&varString=start_day:20230501,materiel_code:00101025015,cost_id:4336,end_date:20230430 HTTP/1.1" 200 48701
124.79.240.114 - - [12/May/2023:10:27:14 +0800] "GET /xingrg/dwr/interface/AjaxReportQueryService.js HTTP/1.1" 200 13203
124.79.240.114 - - [12/May/2023:10:27:14 +0800] "GET /xingrg/dwr/engine.js HTTP/1.1" 200 43631
124.79.240.114 - - [12/May/2023:10:27:16 +0800] "POST /xingrg/all/report/load_report_page.html HTTP/1.1" 200 20236
124.79.240.114 - - [12/May/2023:10:27:16 +0800] "GET /xingrg/servlets/image?cache=0.5421559779973597&image=px HTTP/1.1" 200 807
116.235.240.234 - - [12/May/2023:10:27:17 +0800] "GET /xingrg/check_reg.html?_=1683858437005 HTTP/1.1" 200 22
116.235.240.234 - - [12/May/2023:10:27:24 +0800] "GET /xingrg/all/function/internal_message.html?_=1683858444229&CODE_STATE=getMsg HTTP/1.1" 200 27
124.79.240.114 - - [12/May/2023:10:27:25 +0800] "GET /xingrg/all/function/internal_message.html?_=1683858722397&CODE_STATE=getMsg HTTP/1.1" 200 27
120.253.135.82 - - [12/May/2023:10:27:30 +0800] "GET /xingrg/all/function/internal_message.html?_=1683858287677&CODE_STATE=getMsg HTTP/1.1" 200 27
124.79.240.114 - - [12/May/2023:10:27:31 +0800] "GET /xingrg/all/function/internal_message.html?_=1683858444862&CODE_STATE=getMsg HTTP/1.1" 200 27
114.85.96.117 - - [12/May/2023:10:27:34 +0800] "POST /xingrg/services/DataTransmitService HTTP/1.1" 200 524
124.79.240.114 - - [12/May/2023:10:27:39 +0800] "POST /xingrg/kc/base/stock_operate.html HTTP/1.1" 200 1749
180.169.147.146 - - [12/May/2023:10:27:40 +0800] "GET /xingrg/all/function/internal_message.html?_=1683858459610&CODE_STATE=getMsg HTTP/1.1" 200 27
61.170.233.194 - - [12/May/2023:10:27:42 +0800] "GET /xingrg/all/function/internal_message.html?_=1683858459522&CODE_STATE=getMsg HTTP/1.1" 200 27
180.169.147.146 - - [12/May/2023:10:27:45 +0800] "GET /xingrg/all/function/internal_message.html?_=1683858465730&CODE_STATE=getMsg HTTP/1.1" 302 -
116.227.208.255 - - [12/May/2023:10:27:45 +0800] "GET /xingrg/check_reg.html?_=1683858519433 HTTP/1.1" 200 22
