61.170.233.194 - - [12/May/2023:11:04:41 +0800] "GET /xingrg/all/function/internal_message.html?_=1683860678766&CODE_STATE=getMsg HTTP/1.1" 200 27
180.164.3.199 - - [12/May/2023:11:04:45 +0800] "POST /xingrg/kc/buy/cgsh_order_operate.html HTTP/1.1" 200 2065
180.169.147.146 - - [12/May/2023:11:04:45 +0800] "GET /xingrg/check_reg.html?_=1683860685925 HTTP/1.1" 200 22
116.227.208.255 - - [12/May/2023:11:04:45 +0800] "GET /xingrg/all/function/internal_message.html?_=1683860739426&CODE_STATE=getMsg HTTP/1.1" 200 27
124.79.240.114 - - [12/May/2023:11:04:52 +0800] "POST /xingrg/kc/cost/cost_operate.html HTTP/1.1" 200 4
180.164.3.199 - - [12/May/2023:11:04:52 +0800] "GET /xingrg/kc/buy/cgsh_order_operate.html?command=get_materiel&rest_code=00108&code=00101008004&supplier_code=00100007&order_time=2023-05-12 HTTP/1.1" 200 416
114.83.219.197 - - [12/May/2023:11:04:52 +0800] "GET /xingrg/all/function/internal_message.html?_=1683860787206&CODE_STATE=getMsg HTTP/1.1" 200 27
124.79.240.114 - - [12/May/2023:11:04:54 +0800] "GET /xingrg/kc/cost/cost_operate.html?_=1683860686829&command=load_cost_list HTTP/1.1" 200 9893
180.164.3.199 - - [12/May/2023:11:04:56 +0800] "GET /xingrg/all/function/internal_message.html?_=1683860696540&CODE_STATE=getMsg HTTP/1.1" 200 27
124.79.74.67 - - [12/May/2023:11:04:59 +0800] "GET /xingrg/all/function/internal_message.html?_=1683860707650&CODE_STATE=getMsg HTTP/1.1" 200 27
114.83.218.112 - - [12/May/2023:11:04:59 +0800] "POST /xingrg/kc/base/wldb_order_operate.html HTTP/1.1" 200 37
114.85.96.117 - - [12/May/2023:11:05:01 +0800] "GET /xingrg/all/function/internal_message.html?_=1683860702156&CODE_STATE=getMsg HTTP/1.1" 200 27
172.20.0.100 - - [12/May/2023:11:05:01 +0800] "GET /xingrg/check_reg.html?_=1683860714313 HTTP/1.1" 302 -
180.164.3.199 - - [12/May/2023:11:05:02 +0800] "GET /xingrg/kc/buy/cgsh_order_operate.html?command=get_materiel&rest_code=00108&code=00101008357&supplier_code=00100007&order_time=2023-05-12 HTTP/1.1" 200 408
116.224.158.100 - - [12/May/2023:11:05:02 +0800] "GET /xingrg/all/function/internal_message.html?_=1683860702557&CODE_STATE=getMsg HTTP/1.1" 200 27
180.169.147.146 - - [12/May/2023:11:05:05 +0800] "GET /xingrg/all/function/internal_message.html?_=1683860705536&CODE_STATE=getMsg HTTP/1.1" 200 27
114.83.218.112 - - [12/May/2023:11:05:05 +0800] "POST /xingrg/kc/base/wldb_order_operate.html HTTP/1.1" 200 12
114.83.218.112 - - [12/May/2023:11:05:05 +0800] "POST /xingrg/kc/base/wldb_order_operate.html HTTP/1.1" 200 4734
222.67.238.82 - - [12/May/2023:11:05:05 +0800] "GET /xingrg/all/function/internal_message.html?_=1683860705812&CODE_STATE=getMsg HTTP/1.1" 200 27
124.79.240.114 - - [12/May/2023:11:05:06 +0800] "GET /xingrg/all/function/internal_message.html?_=1683860699519&CODE_STATE=getMsg HTTP/1.1" 200 27
222.67.238.82 - - [12/May/2023:11:05:06 +0800] "GET /xingrg/check_reg.html?_=1683860706705 HTTP/1.1" 200 22
114.83.218.112 - - [12/May/2023:11:05:08 +0800] "GET /xingrg/kc/base/wldb_order_info.html?code=422023051200881 HTTP/1.1" 200 26266
114.83.218.112 - - [12/May/2023:11:05:08 +0800] "GET /xingrg/javascript/easyui/themes/default/validatebox.css HTTP/1.1" 404 1104
180.171.122.0 - - [12/May/2023:11:05:08 +0800] "GET /xingrg/all/function/internal_message.html?_=1683860706045&CODE_STATE=getMsg HTTP/1.1" 200 27
114.83.218.112 - - [12/May/2023:11:05:08 +0800] "POST /xingrg/kc/base/wldb_order_operate.html HTTP/1.1" 200 2974
114.83.218.112 - - [12/May/2023:11:05:11 +0800] "GET /xingrg/kc/base/wldb_order_add.html HTTP/1.1" 200 30387
114.83.218.112 - - [12/May/2023:11:05:11 +0800] "POST /xingrg/kc/base/wldb_order_operate.html HTTP/1.1" 200 6806
114.83.218.112 - - [12/May/2023:11:05:11 +0800] "GET /xingrg/javascript/easyui/themes/default/validatebox.css HTTP/1.1" 404 1104
180.164.3.199 - - [12/May/2023:11:05:12 +0800] "GET /xingrg/kc/buy/cgsh_order_operate.html?command=get_materiel&rest_code=00108&code=00101008010&supplier_code=00100007&order_time=2023-05-12 HTTP/1.1" 200 412
116.238.139.35 - - [12/May/2023:11:05:12 +0800] "GET /xingrg/all/function/internal_message.html?_=1683860641607&CODE_STATE=getMsg HTTP/1.1" 200 27
180.171.122.0 - - [12/May/2023:11:05:13 +0800] "GET /xingrg/kc/buy/cgsh_order_operate.html?command=get_materiel&rest_code=00111&code=00101008403&supplier_code=00100005&order_time=2023-05-12 HTTP/1.1" 200 412
114.83.218.112 - - [12/May/2023:11:05:15 +0800] "GET /xingrg/all/function/internal_message.html?_=1683860713247&CODE_STATE=getMsg HTTP/1.1" 200 27
114.83.218.112 - - [12/May/2023:11:05:24 +0800] "GET /xingrg/kc/base/wldb_order_operate.html?command=get_materiel&rest_code=00149&base_code=0010400&code=00101004101 HTTP/1.1" 200 433
124.79.240.114 - - [12/May/2023:11:05:25 +0800] "GET /xingrg/all/function/internal_message.html?_=1683861002436&CODE_STATE=getMsg HTTP/1.1" 200 27
116.235.240.234 - - [12/May/2023:11:05:26 +0800] "GET /xingrg/all/function/internal_message.html?_=1683860726882&CODE_STATE=getMsg HTTP/1.1" 200 27
101.229.22.40 - - [12/May/2023:11:05:29 +0800] "GET /xingrg/all/function/internal_message.html?_=1683860727399&CODE_STATE=getMsg HTTP/1.1" 200 27
222.67.238.82 - - [12/May/2023:11:05:29 +0800] "POST /xingrg/services/DataTransmitService HTTP/1.1" 200 524
180.164.3.199 - - [12/May/2023:11:05:29 +0800] "GET /xingrg/kc/buy/cgsh_order_operate.html?command=get_materiel&rest_code=00108&code=00101008038&supplier_code=00100007&order_time=2023-05-12 HTTP/1.1" 200 412
180.171.122.0 - - [12/May/2023:11:05:29 +0800] "GET /xingrg/kc/buy/cgsh_order_operate.html?command=get_materiel&rest_code=00111&code=00101008155&supplier_code=00100005&order_time=2023-05-12 HTTP/1.1" 200 408
222.67.238.82 - - [12/May/2023:11:05:30 +0800] "POST /xingrg/services/DataTransmitService HTTP/1.1" 200 412
120.253.135.82 - - [12/May/2023:11:05:30 +0800] "GET /xingrg/check_reg.html?_=1683860567712 HTTP/1.1" 200 22
120.253.135.82 - - [12/May/2023:11:05:31 +0800] "GET /xingrg/all/function/internal_message.html?_=1683860568193&CODE_STATE=getMsg HTTP/1.1" 200 27
61.170.233.194 - - [12/May/2023:11:05:35 +0800] "GET /xingrg/check_reg.html?_=1683860732790 HTTP/1.1" 200 22
114.83.218.112 - - [12/May/2023:11:05:37 +0800] "POST /xingrg/kc/base/wldb_order_operate.html HTTP/1.1" 200 37
114.83.218.112 - - [12/May/2023:11:05:38 +0800] "POST /xingrg/kc/base/wldb_order_operate.html HTTP/1.1" 200 2182
180.164.3.199 - - [12/May/2023:11:05:39 +0800] "GET /xingrg/kc/buy/cgsh_order_operate.html?command=get_materiel&rest_code=00108&code=00101008182&supplier_code=00100007&order_time=2023-05-12 HTTP/1.1" 200 412
180.169.147.146 - - [12/May/2023:11:05:40 +0800] "GET /xingrg/all/function/internal_message.html?_=1683860739811&CODE_STATE=getMsg HTTP/1.1" 200 27
180.171.122.0 - - [12/May/2023:11:05:40 +0800] "GET /xingrg/kc/buy/cgsh_order_operate.html?command=get_materiel&rest_code=00111&code=00101008114&supplier_code=00100005&order_time=2023-05-12 HTTP/1.1" 200 413
180.163.29.79 - - [12/May/2023:11:05:41 +0800] "GET /xingrg/all/function/internal_message.html?_=1683860678766&CODE_STATE=getMsg HTTP/1.1" 302 -
180.163.29.79 - - [12/May/2023:11:05:41 +0800] "GET /xingrg/login.html HTTP/1.1" 200 7641
61.170.233.194 - - [12/May/2023:11:05:41 +0800] "GET /xingrg/all/function/internal_message.html?_=1683860738739&CODE_STATE=getMsg HTTP/1.1" 200 27
180.164.3.199 - - [12/May/2023:11:05:41 +0800] "POST /xingrg/kc/buy/cgsh_order_operate.html HTTP/1.1" 200 2065
114.83.218.112 - - [12/May/2023:11:05:45 +0800] "POST /xingrg/kc/base/wldb_order_operate.html HTTP/1.1" 200 12
116.227.208.255 - - [12/May/2023:11:05:45 +0800] "GET /xingrg/all/function/internal_message.html?_=1683860799429&CODE_STATE=getMsg HTTP/1.1" 200 27
114.83.218.112 - - [12/May/2023:11:05:47 +0800] "GET /xingrg/kc/base/wldb_order_info.html?code=422023051200882 HTTP/1.1" 200 26261
114.83.218.112 - - [12/May/2023:11:05:47 +0800] "GET /xingrg/javascript/easyui/themes/default/validatebox.css HTTP/1.1" 404 1104
114.83.218.112 - - [12/May/2023:11:05:47 +0800] "POST /xingrg/kc/base/wldb_order_operate.html HTTP/1.1" 200 476
180.164.3.199 - - [12/May/2023:11:05:48 +0800] "GET /xingrg/kc/buy/cgsh_order_operate.html?command=get_materiel&rest_code=00108&code=00101008137&supplier_code=00100007&order_time=2023-05-12 HTTP/1.1" 200 408
114.83.218.112 - - [12/May/2023:11:05:51 +0800] "GET /xingrg/kc/base/wldb_order_add.html HTTP/1.1" 200 30387
114.83.218.112 - - [12/May/2023:11:05:52 +0800] "POST /xingrg/kc/base/wldb_order_operate.html HTTP/1.1" 200 6806
114.83.218.112 - - [12/May/2023:11:05:52 +0800] "GET /xingrg/javascript/easyui/themes/default/validatebox.css HTTP/1.1" 404 1104
114.83.219.197 - - [12/May/2023:11:05:52 +0800] "GET /xingrg/all/function/internal_message.html?_=1683860847197&CODE_STATE=getMsg HTTP/1.1" 200 27
180.171.122.0 - - [12/May/2023:11:05:52 +0800] "GET /xingrg/kc/buy/cgsh_order_operate.html?command=get_materiel&rest_code=00111&code=00101008150&supplier_code=00100005&order_time=2023-05-12 HTTP/1.1" 200 409
180.164.3.199 - - [12/May/2023:11:05:56 +0800] "GET /xingrg/all/function/internal_message.html?_=1683860756524&CODE_STATE=getMsg HTTP/1.1" 200 27
124.79.74.67 - - [12/May/2023:11:05:59 +0800] "GET /xingrg/check_reg.html?_=1683860767649 HTTP/1.1" 200 22
124.79.74.67 - - [12/May/2023:11:05:59 +0800] "GET /xingrg/all/function/internal_message.html?_=1683860767649&CODE_STATE=getMsg HTTP/1.1" 200 27
114.85.96.117 - - [12/May/2023:11:06:01 +0800] "GET /xingrg/all/function/internal_message.html?_=1683860762131&CODE_STATE=getMsg HTTP/1.1" 200 27
116.224.158.100 - - [12/May/2023:11:06:02 +0800] "GET /xingrg/check_reg.html?_=1683860761653 HTTP/1.1" 200 22
116.224.158.100 - - [12/May/2023:11:06:02 +0800] "GET /xingrg/all/function/internal_message.html?_=1683860762538&CODE_STATE=getMsg HTTP/1.1" 200 27
180.171.122.0 - - [12/May/2023:11:06:03 +0800] "POST /xingrg/kc/buy/cgsh_order_operate.html HTTP/1.1" 200 2065
114.83.218.112 - - [12/May/2023:11:06:04 +0800] "GET /xingrg/kc/base/wldb_order_operate.html?command=get_materiel&rest_code=00149&base_code=0010436&code=00101014041 HTTP/1.1" 200 433
180.169.147.146 - - [12/May/2023:11:06:05 +0800] "GET /xingrg/all/function/internal_message.html?_=1683860765519&CODE_STATE=getMsg HTTP/1.1" 200 27
222.67.238.82 - - [12/May/2023:11:06:05 +0800] "GET /xingrg/all/function/internal_message.html?_=1683860765802&CODE_STATE=getMsg HTTP/1.1" 200 27
124.79.240.114 - - [12/May/2023:11:06:06 +0800] "GET /xingrg/all/function/internal_message.html?_=1683860759497&CODE_STATE=getMsg HTTP/1.1" 200 27
124.79.240.114 - - [12/May/2023:11:06:07 +0800] "POST /xingrg/kc/cost/cost_operate.html HTTP/1.1" 200 4
180.171.122.0 - - [12/May/2023:11:06:08 +0800] "GET /xingrg/all/function/internal_message.html?_=1683860766040&CODE_STATE=getMsg HTTP/1.1" 200 27
180.164.3.199 - - [12/May/2023:11:06:09 +0800] "GET /xingrg/kc/buy/cgsh_order_operate.html?command=get_materiel&rest_code=00108&code=00101008694&supplier_code=00100007&order_time=2023-05-12 HTTP/1.1" 200 420
116.238.139.35 - - [12/May/2023:11:06:12 +0800] "GET /xingrg/all/function/internal_message.html?_=1683860701610&CODE_STATE=getMsg HTTP/1.1" 200 27
114.83.218.112 - - [12/May/2023:11:06:15 +0800] "GET /xingrg/all/function/internal_message.html?_=1683860773258&CODE_STATE=getMsg HTTP/1.1" 200 27
222.67.238.82 - - [12/May/2023:11:06:15 +0800] "GET /xingrg/kc/buy/cgsh_order_operate.html?command=get_materiel&rest_code=00141&code=00102003132&supplier_code=00100151&order_time=2023-05-12 HTTP/1.1" 200 414
180.164.3.199 - - [12/May/2023:11:06:19 +0800] "GET /xingrg/kc/buy/cgsh_order_operate.html?command=get_materiel&rest_code=00108&code=00101008655&supplier_code=00100007&order_time=2023-05-12 HTTP/1.1" 200 409
124.79.240.114 - - [12/May/2023:11:06:25 +0800] "GET /xingrg/all/function/internal_message.html?_=1683861062434&CODE_STATE=getMsg HTTP/1.1" 200 27
124.79.240.114 - - [12/May/2023:11:06:25 +0800] "GET /xingrg/check_reg.html?_=1683861062436 HTTP/1.1" 200 22
116.235.240.234 - - [12/May/2023:11:06:27 +0800] "GET /xingrg/all/function/internal_message.html?_=1683860787054&CODE_STATE=getMsg HTTP/1.1" 200 27
101.229.22.40 - - [12/May/2023:11:06:29 +0800] "GET /xingrg/all/function/internal_message.html?_=1683860787399&CODE_STATE=getMsg HTTP/1.1" 200 27
120.253.135.82 - - [12/May/2023:11:06:32 +0800] "GET /xingrg/all/function/internal_message.html?_=1683860628208&CODE_STATE=getMsg HTTP/1.1" 200 27
114.85.113.108 - - [12/May/2023:11:06:32 +0800] "POST /xingrg/login.do HTTP/1.1" 200 2421
114.85.113.108 - - [12/May/2023:11:06:32 +0800] "GET /xingrg/css/blue.css HTTP/1.1" 200 15949
114.85.113.108 - - [12/May/2023:11:06:32 +0800] "GET /xingrg/javascript/myfunction.js HTTP/1.1" 200 24559
114.85.113.108 - - [12/May/2023:11:06:32 +0800] "GET /xingrg/images/blue/pic_top.gif HTTP/1.1" 200 3656
114.85.113.108 - - [12/May/2023:11:06:32 +0800] "GET /xingrg/images/blue/pic_notice.jpg HTTP/1.1" 200 3583
114.85.113.108 - - [12/May/2023:11:06:32 +0800] "GET /xingrg/images/blue/error_top.gif HTTP/1.1" 200 1790
114.85.113.108 - - [12/May/2023:11:06:32 +0800] "GET /xingrg/images/blue/error_mid.gif HTTP/1.1" 200 215
114.85.113.108 - - [12/May/2023:11:06:32 +0800] "GET /xingrg/images/blue/error_buttom.gif HTTP/1.1" 200 1750
114.85.113.108 - - [12/May/2023:11:06:32 +0800] "GET /favicon.ico HTTP/1.1" 404 -
114.85.113.108 - - [12/May/2023:11:06:33 +0800] "GET /xingrg/login.html HTTP/1.1" 200 7641
114.85.113.108 - - [12/May/2023:11:06:33 +0800] "GET /favicon.ico HTTP/1.1" 404 -
180.164.3.199 - - [12/May/2023:11:06:38 +0800] "GET /xingrg/kc/buy/cgsh_order_operate.html?command=get_materiel&rest_code=00108&code=00101008411&supplier_code=00100007&order_time=2023-05-12 HTTP/1.1" 200 413
180.169.147.146 - - [12/May/2023:11:06:40 +0800] "GET /xingrg/all/function/internal_message.html?_=1683860799829&CODE_STATE=getMsg HTTP/1.1" 200 27
61.170.233.194 - - [12/May/2023:11:06:41 +0800] "GET /xingrg/all/function/internal_message.html?_=1683860798716&CODE_STATE=getMsg HTTP/1.1" 200 27
114.83.218.112 - - [12/May/2023:11:06:42 +0800] "POST /xingrg/kc/base/wldb_order_operate.html HTTP/1.1" 200 37
116.227.208.255 - - [12/May/2023:11:06:45 +0800] "GET /xingrg/all/function/internal_message.html?_=1683860859431&CODE_STATE=getMsg HTTP/1.1" 200 27
114.85.113.108 - - [12/May/2023:11:06:47 +0800] "POST /xingrg/login.do HTTP/1.1" 302 -
114.85.113.108 - - [12/May/2023:11:06:47 +0800] "GET /xingrg/index.html?sysBaseUrl=http%3A%2F%2F180.169.147.146%3A18081%2Fxingrg%2F&costTime=1388×tamp=1683860807516 HTTP/1.1" 200 17179
114.85.113.108 - - [12/May/2023:11:06:47 +0800] "GET /xingrg/javascript/jquery_easy_ui/themes/default/easyui.css HTTP/1.1" 200 26500
114.85.113.108 - - [12/May/2023:11:06:47 +0800] "GET /xingrg/javascript/jquery_easy_ui/themes/icon.css HTTP/1.1" 200 3949
114.85.113.108 - - [12/May/2023:11:06:47 +0800] "GET /xingrg/css/form.css HTTP/1.1" 200 893
114.85.113.108 - - [12/May/2023:11:06:47 +0800] "GET /xingrg/javascript/jquery-1.4.2.min.js HTTP/1.1" 200 72205
114.85.113.108 - - [12/May/2023:11:06:47 +0800] "GET /xingrg/javascript/jquery_easy_ui/jquery.easyui.min.js HTTP/1.1" 200 213662
114.85.113.108 - - [12/May/2023:11:06:47 +0800] "GET /xingrg/javascript/jquery_easy_ui/easyui-lang-zh_CN.js HTTP/1.1" 200 1900
114.85.113.108 - - [12/May/2023:11:06:47 +0800] "GET /xingrg/javascript/jquery.form.js HTTP/1.1" 200 23110
114.85.113.108 - - [12/May/2023:11:06:47 +0800] "GET /xingrg/javascript/jquery.utils.js HTTP/1.1" 200 11805
114.85.113.108 - - [12/May/2023:11:06:47 +0800] "GET /xingrg/javascript/jquery.timers.js HTTP/1.1" 200 3532
114.85.113.108 - - [12/May/2023:11:06:47 +0800] "GET /favicon.ico HTTP/1.1" 404 -
114.85.113.108 - - [12/May/2023:11:06:47 +0800] "GET /xingrg/images/blue/navBackgound.jpg HTTP/1.1" 200 12378
114.85.113.108 - - [12/May/2023:11:06:47 +0800] "GET /xingrg/javascript/jquery_easy_ui/themes/icons/settle_new.png HTTP/1.1" 200 826
114.85.113.108 - - [12/May/2023:11:06:48 +0800] "GET /xingrg/all/function/internal_message.html?_=1683860806987&CODE_STATE=count HTTP/1.1" 200 11
114.85.113.108 - - [12/May/2023:11:06:48 +0800] "GET /xingrg/check_reg.html?_=1683860806988 HTTP/1.1" 200 22
114.85.113.108 - - [12/May/2023:11:06:48 +0800] "GET /xingrg/images/blue/pingpu.png HTTP/1.1" 200 231
114.85.113.108 - - [12/May/2023:11:06:48 +0800] "GET /xingrg/javascript/jquery_easy_ui/themes/default/images/tabs_leftarrow.png HTTP/1.1" 200 389
114.85.113.108 - - [12/May/2023:11:06:48 +0800] "GET /xingrg/javascript/jquery_easy_ui/themes/default/images/tabs_rightarrow.png HTTP/1.1" 200 395
114.85.113.108 - - [12/May/2023:11:06:48 +0800] "POST /xingrg/all/common/load_tree.html?tree=area_rest_tree_json&manage=1 HTTP/1.1" 200 351
114.85.113.108 - - [12/May/2023:11:06:48 +0800] "GET /xingrg/javascript/jquery_easy_ui/themes/default/images/panel_tool_collapse.gif HTTP/1.1" 200 246
114.85.113.108 - - [12/May/2023:11:06:48 +0800] "POST /xingrg/load_menu.html HTTP/1.1" 200 5138
114.85.113.108 - - [12/May/2023:11:06:48 +0800] "GET /xingrg/javascript/jquery_easy_ui/themes/default/images/tree_arrows.gif HTTP/1.1" 200 1043
114.85.113.108 - - [12/May/2023:11:06:48 +0800] "GET /xingrg/javascript/jquery_easy_ui/themes/default/images/tree_folder_open.gif HTTP/1.1" 200 956
114.85.113.108 - - [12/May/2023:11:06:48 +0800] "GET /xingrg/javascript/jquery_easy_ui/themes/icons/search_new.png HTTP/1.1" 200 586
114.85.113.108 - - [12/May/2023:11:06:48 +0800] "GET /xingrg/javascript/jquery_easy_ui/themes/icons/storage_new.png HTTP/1.1" 200 853
114.85.113.108 - - [12/May/2023:11:06:48 +0800] "GET /xingrg/javascript/jquery_easy_ui/themes/default/images/tree_folder.gif HTTP/1.1" 200 952
114.85.113.108 - - [12/May/2023:11:06:48 +0800] "GET /xingrg/javascript/jquery_easy_ui/themes/default/images/tree_file.gif HTTP/1.1" 200 118
114.85.113.108 - - [12/May/2023:11:06:48 +0800] "GET /xingrg/javascript/jquery_easy_ui/themes/icons/forms_new.png HTTP/1.1" 200 350
114.83.218.112 - - [12/May/2023:11:06:48 +0800] "POST /xingrg/kc/base/wldb_order_operate.html HTTP/1.1" 200 12
114.83.218.112 - - [12/May/2023:11:06:49 +0800] "POST /xingrg/kc/base/wldb_order_operate.html HTTP/1.1" 200 2183
114.85.113.108 - - [12/May/2023:11:06:52 +0800] "GET /xingrg/javascript/jquery_easy_ui/themes/default/images/tabs_close.gif HTTP/1.1" 200 829
180.164.3.199 - - [12/May/2023:11:06:52 +0800] "POST /xingrg/kc/buy/cgsh_order_operate.html HTTP/1.1" 200 2065
114.83.219.197 - - [12/May/2023:11:06:52 +0800] "GET /xingrg/all/function/internal_message.html?_=1683860907204&CODE_STATE=getMsg HTTP/1.1" 200 27
114.83.218.112 - - [12/May/2023:11:06:53 +0800] "GET /xingrg/kc/base/wldb_order_info.html?code=422023051200883 HTTP/1.1" 200 26265
114.85.113.108 - - [12/May/2023:11:06:53 +0800] "GET /xingrg/kc/buy/cgsh_order_list.html HTTP/1.1" 200 55519
114.85.113.108 - - [12/May/2023:11:06:53 +0800] "GET /xingrg/css/base.css HTTP/1.1" 200 2811
114.85.113.108 - - [12/May/2023:11:06:53 +0800] "GET /xingrg/css/site.css HTTP/1.1" 200 7541
114.85.113.108 - - [12/May/2023:11:06:53 +0800] "GET /xingrg/javascript/easyui/themes/icon.css HTTP/1.1" 200 4483
114.85.113.108 - - [12/May/2023:11:06:53 +0800] "GET /xingrg/javascript/jquery_tools/datebox.css HTTP/1.1" 200 2597
114.85.113.108 - - [12/May/2023:11:06:53 +0800] "GET /xingrg/javascript/easyui/themes/default/easyui.css HTTP/1.1" 200 30432
114.85.113.108 - - [12/May/2023:11:06:53 +0800] "GET /xingrg/javascript/auto/jquery.autocomplete.css HTTP/1.1" 200 587
114.85.113.108 - - [12/May/2023:11:06:53 +0800] "GET /xingrg/javascript/jquery_tools/fix.css HTTP/1.1" 200 1702
114.85.113.108 - - [12/May/2023:11:06:53 +0800] "GET /xingrg/javascript/jquery_tools/table.css HTTP/1.1" 200 1032
114.85.113.108 - - [12/May/2023:11:06:53 +0800] "GET /xingrg/javascript/jquery_tools/jquery.tools.min.js HTTP/1.1" 200 138801
114.85.113.108 - - [12/May/2023:11:06:53 +0800] "GET /xingrg/javascript/jquery_tools/jquery.tools.extend.js HTTP/1.1" 200 15385
114.85.113.108 - - [12/May/2023:11:06:53 +0800] "GET /xingrg/javascript/jquery_tools/jquery.tools.hotkey.js HTTP/1.1" 200 3242
114.85.113.108 - - [12/May/2023:11:06:53 +0800] "GET /xingrg/javascript/jquery_tools/jquery.tools.table.js HTTP/1.1" 200 6994
114.85.113.108 - - [12/May/2023:11:06:53 +0800] "GET /xingrg/javascript/jquery_tools/list_manager.js HTTP/1.1" 200 3652
114.85.113.108 - - [12/May/2023:11:06:53 +0800] "GET /xingrg/javascript/auto/jquery.autocomplete.js HTTP/1.1" 200 21624
114.85.113.108 - - [12/May/2023:11:06:53 +0800] "GET /xingrg/javascript/easyui/easyloader.js HTTP/1.1" 200 5975
114.85.113.108 - - [12/May/2023:11:06:53 +0800] "GET /xingrg/javascript/jquery.cookie.js HTTP/1.1" 200 5513
114.85.113.108 - - [12/May/2023:11:06:53 +0800] "GET /xingrg/javascript/print/LodopFuncs.js HTTP/1.1" 200 5121
114.83.218.112 - - [12/May/2023:11:06:53 +0800] "GET /xingrg/javascript/easyui/themes/default/validatebox.css HTTP/1.1" 404 1104
114.85.113.108 - - [12/May/2023:11:06:53 +0800] "GET /xingrg/javascript/easyui/themes/icons/cance_new.png HTTP/1.1" 200 3986
114.85.113.108 - - [12/May/2023:11:06:53 +0800] "GET /xingrg/javascript/easyui/themes/icons/edit_add_new.png HTTP/1.1" 200 2997
114.85.113.108 - - [12/May/2023:11:06:53 +0800] "GET /xingrg/javascript/easyui/themes/icons/check_new.png HTTP/1.1" 200 3224
114.85.113.108 - - [12/May/2023:11:06:53 +0800] "GET /xingrg/javascript/easyui/themes/icons/import_new.png HTTP/1.1" 200 1247
114.85.113.108 - - [12/May/2023:11:06:53 +0800] "GET /xingrg/javascript/easyui/themes/icons/field_new.png HTTP/1.1" 200 1097
114.85.113.108 - - [12/May/2023:11:06:53 +0800] "GET /xingrg/javascript/easyui/plugins/jquery.parser.js HTTP/1.1" 200 1142
114.85.113.108 - - [12/May/2023:11:06:53 +0800] "GET /xingrg/images/control/ajaxLoader.gif HTTP/1.1" 200 4659
114.83.218.112 - - [12/May/2023:11:06:54 +0800] "POST /xingrg/kc/base/wldb_order_operate.html HTTP/1.1" 200 478
222.67.238.82 - - [12/May/2023:11:06:54 +0800] "GET /xingrg/kc/buy/cgsh_order_operate.html?command=get_materiel&rest_code=00141&code=00102010648&supplier_code=00100151&order_time=2023-05-12 HTTP/1.1" 200 412
114.85.113.108 - - [12/May/2023:11:06:56 +0800] "POST /xingrg/kc/buy/cgsh_list_operate.html HTTP/1.1" 200 986
180.164.3.199 - - [12/May/2023:11:06:56 +0800] "GET /xingrg/all/function/internal_message.html?_=1683860816508&CODE_STATE=getMsg HTTP/1.1" 200 27
124.79.74.67 - - [12/May/2023:11:06:59 +0800] "GET /xingrg/all/function/internal_message.html?_=1683860827647&CODE_STATE=getMsg HTTP/1.1" 200 27
180.171.122.0 - - [12/May/2023:11:06:59 +0800] "GET /xingrg/kc/buy/cgsh_order_operate.html?command=get_materiel&rest_code=00111&code=00101008223&supplier_code=00100005&order_time=2023-05-12 HTTP/1.1" 200 412
180.164.3.199 - - [12/May/2023:11:06:59 +0800] "GET /xingrg/kc/buy/cgsh_order_operate.html?command=get_materiel&rest_code=00108&code=00101008318&supplier_code=00100007&order_time=2023-05-12 HTTP/1.1" 200 408
114.85.96.117 - - [12/May/2023:11:07:01 +0800] "GET /xingrg/all/function/internal_message.html?_=1683860822107&CODE_STATE=getMsg HTTP/1.1" 200 27
116.224.158.100 - - [12/May/2023:11:07:02 +0800] "GET /xingrg/all/function/internal_message.html?_=1683860822516&CODE_STATE=getMsg HTTP/1.1" 200 27
180.169.147.146 - - [12/May/2023:11:07:05 +0800] "GET /xingrg/all/function/internal_message.html?_=1683860825502&CODE_STATE=getMsg HTTP/1.1" 200 27
222.67.238.82 - - [12/May/2023:11:07:05 +0800] "GET /xingrg/all/function/internal_message.html?_=1683860825802&CODE_STATE=getMsg HTTP/1.1" 200 27
180.171.122.0 - - [12/May/2023:11:07:08 +0800] "GET /xingrg/all/function/internal_message.html?_=1683860826045&CODE_STATE=getMsg HTTP/1.1" 200 27
180.171.122.0 - - [12/May/2023:11:07:10 +0800] "POST /xingrg/kc/buy/cgsh_order_operate.html HTTP/1.1" 200 2065
222.67.238.82 - - [12/May/2023:11:07:12 +0800] "GET /xingrg/kc/buy/cgsh_order_operate.html?command=get_materiel&rest_code=00141&code=00102010409&supplier_code=00100151&order_time=2023-05-12 HTTP/1.1" 200 408
116.238.139.35 - - [12/May/2023:11:07:12 +0800] "GET /xingrg/all/function/internal_message.html?_=1683860761688&CODE_STATE=getMsg HTTP/1.1" 200 27
116.235.240.234 - - [12/May/2023:11:07:17 +0800] "GET /xingrg/check_reg.html?_=1683860837055 HTTP/1.1" 200 22
180.164.3.199 - - [12/May/2023:11:07:19 +0800] "GET /xingrg/kc/buy/cgsh_order_operate.html?command=get_materiel&rest_code=00108&code=00101008558&supplier_code=00100007&order_time=2023-05-12 HTTP/1.1" 200 409
222.67.238.82 - - [12/May/2023:11:07:19 +0800] "GET /xingrg/kc/buy/cgsh_order_operate.html?command=get_materiel&rest_code=00141&code=00102010742&supplier_code=00100151&order_time=2023-05-12 HTTP/1.1" 200 412
124.79.240.114 - - [12/May/2023:11:07:25 +0800] "GET /xingrg/all/function/internal_message.html?_=1683861122435&CODE_STATE=getMsg HTTP/1.1" 200 27
116.235.240.234 - - [12/May/2023:11:07:27 +0800] "GET /xingrg/all/function/internal_message.html?_=1683860847065&CODE_STATE=getMsg HTTP/1.1" 200 27
101.229.22.40 - - [12/May/2023:11:07:29 +0800] "GET /xingrg/all/function/internal_message.html?_=1683860847398&CODE_STATE=getMsg HTTP/1.1" 200 27
120.253.135.82 - - [12/May/2023:11:07:31 +0800] "GET /xingrg/all/function/internal_message.html?_=1683860688221&CODE_STATE=getMsg HTTP/1.1" 200 27
180.164.3.199 - - [12/May/2023:11:07:33 +0800] "GET /xingrg/kc/buy/cgsh_order_operate.html?command=get_materiel&rest_code=00108&code=00101013137&supplier_code=00100007&order_time=2023-05-12 HTTP/1.1" 200 431
180.171.122.0 - - [12/May/2023:11:07:34 +0800] "GET /xingrg/kc/buy/cgsh_order_operate.html?command=get_materiel&rest_code=00111&code=00101008298&supplier_code=00100005&order_time=2023-05-12 HTTP/1.1" 200 412
180.169.147.146 - - [12/May/2023:11:07:40 +0800] "GET /xingrg/all/function/internal_message.html?_=1683860859830&CODE_STATE=getMsg HTTP/1.1" 200 27
61.170.233.194 - - [12/May/2023:11:07:41 +0800] "GET /xingrg/all/function/internal_message.html?_=1683860858702&CODE_STATE=getMsg HTTP/1.1" 200 27
116.227.208.255 - - [12/May/2023:11:07:45 +0800] "GET /xingrg/check_reg.html?_=1683860919429 HTTP/1.1" 200 22
116.227.208.255 - - [12/May/2023:11:07:45 +0800] "GET /xingrg/all/function/internal_message.html?_=1683860919430&CODE_STATE=getMsg HTTP/1.1" 200 27
180.164.3.199 - - [12/May/2023:11:07:47 +0800] "GET /xingrg/kc/buy/cgsh_order_operate.html?command=get_materiel&rest_code=00108&code=00101008403&supplier_code=00100007&order_time=2023-05-12 HTTP/1.1" 200 412
114.85.113.108 - - [12/May/2023:11:07:48 +0800] "GET /xingrg/all/function/internal_message.html?_=1683860866996&CODE_STATE=getMsg HTTP/1.1" 200 27
180.171.122.0 - - [12/May/2023:11:07:49 +0800] "GET /xingrg/kc/buy/cgsh_order_operate.html?command=get_materiel&rest_code=00111&code=00101008288&supplier_code=00100005&order_time=2023-05-12 HTTP/1.1" 200 408
116.238.139.35 - - [12/May/2023:11:07:49 +0800] "GET /xingrg/check_reg.html?_=1683860798367 HTTP/1.1" 200 22
114.83.218.112 - - [12/May/2023:11:07:50 +0800] "POST /xingrg/services/DataTransmitService HTTP/1.1" 200 524
114.83.219.197 - - [12/May/2023:11:07:52 +0800] "GET /xingrg/all/function/internal_message.html?_=1683860967201&CODE_STATE=getMsg HTTP/1.1" 200 27
180.164.3.199 - - [12/May/2023:11:07:56 +0800] "GET /xingrg/kc/buy/cgsh_order_operate.html?command=get_materiel&rest_code=00108&code=00101008298&supplier_code=00100007&order_time=2023-05-12 HTTP/1.1" 200 412
180.164.3.199 - - [12/May/2023:11:07:56 +0800] "GET /xingrg/all/function/internal_message.html?_=1683860876504&CODE_STATE=getMsg HTTP/1.1" 200 27
124.79.74.67 - - [12/May/2023:11:07:59 +0800] "GET /xingrg/all/function/internal_message.html?_=1683860887646&CODE_STATE=getMsg HTTP/1.1" 200 27
114.85.96.117 - - [12/May/2023:11:08:01 +0800] "GET /xingrg/all/function/internal_message.html?_=1683860882078&CODE_STATE=getMsg HTTP/1.1" 200 27
116.224.158.100 - - [12/May/2023:11:08:02 +0800] "GET /xingrg/all/function/internal_message.html?_=1683860882498&CODE_STATE=getMsg HTTP/1.1" 200 27
180.164.3.199 - - [12/May/2023:11:08:04 +0800] "POST /xingrg/kc/buy/cgsh_order_operate.html HTTP/1.1" 200 2065
180.169.147.146 - - [12/May/2023:11:08:05 +0800] "GET /xingrg/all/function/internal_message.html?_=1683860885485&CODE_STATE=getMsg HTTP/1.1" 200 27
222.67.238.82 - - [12/May/2023:11:08:05 +0800] "GET /xingrg/all/function/internal_message.html?_=1683860885768&CODE_STATE=getMsg HTTP/1.1" 200 27
180.171.122.0 - - [12/May/2023:11:08:08 +0800] "GET /xingrg/all/function/internal_message.html?_=1683860886119&CODE_STATE=getMsg HTTP/1.1" 200 27
180.171.122.0 - - [12/May/2023:11:08:08 +0800] "GET /xingrg/check_reg.html?_=1683860886121 HTTP/1.1" 200 22
124.79.240.114 - - [12/May/2023:11:08:09 +0800] "GET /xingrg/kc/cost/cost_operate.html?_=1683860881977&command=load_cost_list HTTP/1.1" 200 9695
180.171.122.0 - - [12/May/2023:11:08:09 +0800] "POST /xingrg/kc/buy/cgsh_order_operate.html HTTP/1.1" 200 2065
116.238.139.35 - - [12/May/2023:11:08:12 +0800] "GET /xingrg/all/function/internal_message.html?_=1683860821702&CODE_STATE=getMsg HTTP/1.1" 200 27
180.164.3.199 - - [12/May/2023:11:08:14 +0800] "GET /xingrg/kc/buy/cgsh_order_operate.html?command=get_materiel&rest_code=00108&code=00101008377&supplier_code=00100007&order_time=2023-05-12 HTTP/1.1" 200 409
180.171.122.0 - - [12/May/2023:11:08:19 +0800] "GET /xingrg/kc/buy/cgsh_order_operate.html?command=get_materiel&rest_code=00111&code=00101008233&supplier_code=00100005&order_time=2023-05-12 HTTP/1.1" 200 408
222.67.238.82 - - [12/May/2023:11:08:20 +0800] "GET /xingrg/kc/buy/cgsh_order_operate.html?command=get_materiel&rest_code=00141&code=00102002783&supplier_code=00100151&order_time=2023-05-12 HTTP/1.1" 200 420
124.79.240.114 - - [12/May/2023:11:08:25 +0800] "GET /xingrg/all/function/internal_message.html?_=1683861182435&CODE_STATE=getMsg HTTP/1.1" 200 27
116.235.240.234 - - [12/May/2023:11:08:27 +0800] "GET /xingrg/all/function/internal_message.html?_=1683860907080&CODE_STATE=getMsg HTTP/1.1" 200 27
101.229.22.40 - - [12/May/2023:11:08:29 +0800] "GET /xingrg/all/function/internal_message.html?_=1683860907428&CODE_STATE=getMsg HTTP/1.1" 200 27
101.229.22.40 - - [12/May/2023:11:08:29 +0800] "GET /xingrg/check_reg.html?_=1683860907432 HTTP/1.1" 200 22
120.253.135.82 - - [12/May/2023:11:08:31 +0800] "GET /xingrg/all/function/internal_message.html?_=1683860748257&CODE_STATE=getMsg HTTP/1.1" 200 27
180.169.147.146 - - [12/May/2023:11:08:40 +0800] "GET /xingrg/all/function/internal_message.html?_=1683860919852&CODE_STATE=getMsg HTTP/1.1" 200 27
180.169.147.146 - - [12/May/2023:11:08:40 +0800] "GET /xingrg/check_reg.html?_=1683860919856 HTTP/1.1" 200 22
61.170.233.194 - - [12/May/2023:11:08:41 +0800] "GET /xingrg/all/function/internal_message.html?_=1683860918686&CODE_STATE=getMsg HTTP/1.1" 200 27
116.227.208.255 - - [12/May/2023:11:08:45 +0800] "GET /xingrg/all/function/internal_message.html?_=1683860979430&CODE_STATE=getMsg HTTP/1.1" 200 27
114.85.113.108 - - [12/May/2023:11:08:48 +0800] "GET /xingrg/all/function/internal_message.html?_=1683860927003&CODE_STATE=getMsg HTTP/1.1" 200 27
114.83.218.112 - - [12/May/2023:11:08:48 +0800] "POST /xingrg/services/DataTransmitService HTTP/1.1" 200 501
114.83.219.197 - - [12/May/2023:11:08:52 +0800] "GET /xingrg/check_reg.html?_=1683861027200 HTTP/1.1" 200 22
114.83.219.197 - - [12/May/2023:11:08:52 +0800] "GET /xingrg/all/function/internal_message.html?_=1683861027201&CODE_STATE=getMsg HTTP/1.1" 200 27
180.164.3.199 - - [12/May/2023:11:08:56 +0800] "GET /xingrg/all/function/internal_message.html?_=1683860936493&CODE_STATE=getMsg HTTP/1.1" 200 27
180.164.3.199 - - [12/May/2023:11:08:57 +0800] "GET /xingrg/kc/buy/cgsh_order_operate.html?command=get_materiel&rest_code=00108&code=00101022052&supplier_code=00100007&order_time=2023-05-12 HTTP/1.1" 200 412
180.164.3.199 - - [12/May/2023:11:08:58 +0800] "GET /xingrg/check_reg.html?_=1683860937840 HTTP/1.1" 200 22
124.79.74.67 - - [12/May/2023:11:08:59 +0800] "GET /xingrg/all/function/internal_message.html?_=1683860947643&CODE_STATE=getMsg HTTP/1.1" 200 27
114.85.96.117 - - [12/May/2023:11:09:01 +0800] "GET /xingrg/all/function/internal_message.html?_=1683860942065&CODE_STATE=getMsg HTTP/1.1" 200 27
114.85.96.117 - - [12/May/2023:11:09:02 +0800] "GET /xingrg/check_reg.html?_=1683860942955 HTTP/1.1" 200 22
114.85.113.108 - - [12/May/2023:11:09:02 +0800] "GET /xingrg/javascript/easyui/themes/default/images/button_plain_hover.png HTTP/1.1" 200 144
116.224.158.100 - - [12/May/2023:11:09:02 +0800] "GET /xingrg/all/function/internal_message.html?_=1683860942472&CODE_STATE=getMsg HTTP/1.1" 200 27
114.85.96.117 - - [12/May/2023:11:09:03 +0800] "GET /xingrg/kc/report/report_main.html HTTP/1.1" 200 7340
114.85.96.117 - - [12/May/2023:11:09:04 +0800] "GET /xingrg/css/blue.css HTTP/1.1" 200 15949
114.85.96.117 - - [12/May/2023:11:09:04 +0800] "GET /xingrg/javascript/jquery_ui/themes/humanity/humanity.css HTTP/1.1" 200 27801
114.85.96.117 - - [12/May/2023:11:09:04 +0800] "GET /xingrg/javascript/myfunction.js HTTP/1.1" 200 24559
114.85.113.108 - - [12/May/2023:11:09:04 +0800] "GET /xingrg/kc/buy/cgsh_order_add.html HTTP/1.1" 200 70490
114.85.113.108 - - [12/May/2023:11:09:04 +0800] "GET /xingrg/javascript/pic_change.js HTTP/1.1" 200 4739
114.85.113.108 - - [12/May/2023:11:09:04 +0800] "GET /xingrg/javascript/jquery_tools/order_manager.js HTTP/1.1" 200 11183
114.85.113.108 - - [12/May/2023:11:09:04 +0800] "GET /xingrg/javascript/convert.js HTTP/1.1" 200 1239
114.85.113.108 - - [12/May/2023:11:09:04 +0800] "GET /xingrg/javascript/json2.js HTTP/1.1" 200 11259
114.85.113.108 - - [12/May/2023:11:09:04 +0800] "GET /xingrg/javascript/print/kc_print.js HTTP/1.1" 200 11415
114.85.96.117 - - [12/May/2023:11:09:04 +0800] "GET /xingrg/javascript/jquery_easy_ui/themes/icons/back_new.png HTTP/1.1" 200 3414
114.85.113.108 - - [12/May/2023:11:09:04 +0800] "GET /xingrg/words/20230511175935_words.js HTTP/1.1" 200 963839
114.85.113.108 - - [12/May/2023:11:09:04 +0800] "GET /xingrg/javascript/easyui/themes/icons/copy_new.png HTTP/1.1" 200 815
114.85.113.108 - - [12/May/2023:11:09:04 +0800] "GET /xingrg/javascript/easyui/themes/icons/template_new.png HTTP/1.1" 200 3956
114.85.113.108 - - [12/May/2023:11:09:04 +0800] "GET /xingrg/javascript/easyui/themes/icons/ok.png HTTP/1.1" 200 883
114.85.113.108 - - [12/May/2023:11:09:04 +0800] "GET /xingrg/javascript/easyui/themes/icons/print.png HTTP/1.1" 200 1057
114.85.113.108 - - [12/May/2023:11:09:04 +0800] "GET /xingrg/javascript/easyui/themes/default/images/menu_downarrow.png HTTP/1.1" 200 173
114.85.113.108 - - [12/May/2023:11:09:04 +0800] "GET /xingrg/javascript/easyui/themes/icons/cancel.png HTTP/1.1" 200 1133
114.85.113.108 - - [12/May/2023:11:09:04 +0800] "POST /xingrg/kc/buy/cgsh_order_operate.html HTTP/1.1" 200 8245
114.85.113.108 - - [12/May/2023:11:09:04 +0800] "GET /xingrg/javascript/easyui/themes/default/validatebox.css HTTP/1.1" 404 1104
114.85.113.108 - - [12/May/2023:11:09:04 +0800] "GET /xingrg/javascript/easyui/plugins/jquery.validatebox.js HTTP/1.1" 200 6103
114.85.113.108 - - [12/May/2023:11:09:04 +0800] "GET /xingrg/all/common/auto_word.html?type=employee&rest_code=00145 HTTP/1.1" 200 151
114.85.113.108 - - [12/May/2023:11:09:04 +0800] "GET /xingrg/all/common/auto_word.html?type=employee&rest_code=00145 HTTP/1.1" 200 151
114.85.113.108 - - [12/May/2023:11:09:04 +0800] "GET /xingrg/javascript/easyui/themes/icons/edit_remove.png HTTP/1.1" 200 625
114.85.113.108 - - [12/May/2023:11:09:04 +0800] "GET /xingrg/javascript/easyui/plugins/jquery.numberbox.js HTTP/1.1" 200 5213
180.169.147.146 - - [12/May/2023:11:09:05 +0800] "GET /xingrg/all/function/internal_message.html?_=1683860945468&CODE_STATE=getMsg HTTP/1.1" 200 27
114.85.96.117 - - [12/May/2023:11:09:05 +0800] "GET /xingrg/kc/base/crk_hz.html HTTP/1.1" 200 11247
114.85.96.117 - - [12/May/2023:11:09:05 +0800] "GET /xingrg/javascript/step/step.css HTTP/1.1" 200 999
114.85.96.117 - - [12/May/2023:11:09:05 +0800] "GET /xingrg/css/table.css HTTP/1.1" 200 3684
114.85.96.117 - - [12/May/2023:11:09:05 +0800] "POST /xingrg/kc/cost/cost_operate.html?command=get_base_tree HTTP/1.1" 200 2589
114.85.96.117 - - [12/May/2023:11:09:05 +0800] "GET /xingrg/javascript/jquery_easy_ui/themes/default/images/button_a_bg.gif HTTP/1.1" 200 1194
114.85.96.117 - - [12/May/2023:11:09:05 +0800] "GET /xingrg/javascript/jquery_easy_ui/themes/default/images/calendar_nextyear.gif HTTP/1.1" 200 75
114.85.96.117 - - [12/May/2023:11:09:05 +0800] "GET /xingrg/javascript/jquery_easy_ui/themes/icons/search.png HTTP/1.1" 200 813
114.85.96.117 - - [12/May/2023:11:09:05 +0800] "GET /xingrg/javascript/jquery_easy_ui/themes/default/images/calendar_nextmonth.gif HTTP/1.1" 200 64
114.85.96.117 - - [12/May/2023:11:09:05 +0800] "GET /xingrg/javascript/jquery_easy_ui/themes/default/images/calendar_prevyear.gif HTTP/1.1" 200 76
114.85.96.117 - - [12/May/2023:11:09:05 +0800] "GET /xingrg/javascript/jquery_easy_ui/themes/default/images/button_span_bg.gif HTTP/1.1" 200 2061
114.85.96.117 - - [12/May/2023:11:09:05 +0800] "GET /xingrg/javascript/jquery_easy_ui/themes/default/images/calendar_prevmonth.gif HTTP/1.1" 200 66
114.85.96.117 - - [12/May/2023:11:09:05 +0800] "GET /xingrg/javascript/jquery_easy_ui/themes/default/images/combo_arrow_dot.gif HTTP/1.1" 200 79
114.85.96.117 - - [12/May/2023:11:09:05 +0800] "GET /xingrg/javascript/jquery_easy_ui/themes/icons/print.png HTTP/1.1" 200 1057
114.85.96.117 - - [12/May/2023:11:09:05 +0800] "GET /xingrg/javascript/jquery_easy_ui/themes/default/images/menu_downarrow.png HTTP/1.1" 200 173
114.85.96.117 - - [12/May/2023:11:09:05 +0800] "POST /xingrg/all/common/load_tree.html?tree=materiel_sort_tree_json HTTP/1.1" 200 9500
114.85.96.117 - - [12/May/2023:11:09:05 +0800] "GET /xingrg/javascript/jquery_easy_ui/themes/default/images/menu.gif HTTP/1.1" 200 834
114.85.96.117 - - [12/May/2023:11:09:05 +0800] "GET /xingrg/javascript/jquery_easy_ui/themes/default/images/tree_checkbox_0.gif HTTP/1.1" 200 168
222.67.238.82 - - [12/May/2023:11:09:05 +0800] "GET /xingrg/all/function/internal_message.html?_=1683860945779&CODE_STATE=getMsg HTTP/1.1" 200 27
114.85.113.108 - - [12/May/2023:11:09:05 +0800] "GET /xingrg/javascript/auto/indicator.gif HTTP/1.1" 404 1066
124.79.240.114 - - [12/May/2023:11:09:06 +0800] "GET /xingrg/all/function/internal_message.html?_=1683860939523&CODE_STATE=getMsg HTTP/1.1" 200 27
124.79.240.114 - - [12/May/2023:11:09:06 +0800] "GET /xingrg/check_reg.html?_=1683860939527 HTTP/1.1" 200 22
180.164.3.199 - - [12/May/2023:11:09:07 +0800] "GET /xingrg/kc/buy/cgsh_order_operate.html?command=get_materiel&rest_code=00108&code=00101008233&supplier_code=00100007&order_time=2023-05-12 HTTP/1.1" 200 408
180.171.122.0 - - [12/May/2023:11:09:08 +0800] "GET /xingrg/all/function/internal_message.html?_=1683860946103&CODE_STATE=getMsg HTTP/1.1" 200 27
116.238.139.35 - - [12/May/2023:11:09:12 +0800] "GET /xingrg/all/function/internal_message.html?_=1683860881714&CODE_STATE=getMsg HTTP/1.1" 200 27
114.85.96.117 - - [12/May/2023:11:09:13 +0800] "GET /xingrg/javascript/jquery_easy_ui/themes/default/images/tree_checkbox_1.gif HTTP/1.1" 200 174
114.85.96.117 - - [12/May/2023:11:09:13 +0800] "GET /xingrg/javascript/jquery_easy_ui/themes/default/images/tree_checkbox_2.gif HTTP/1.1" 200 181
114.85.96.117 - - [12/May/2023:11:09:16 +0800] "GET /xingrg/kc/base/crk_hz.html?_=1683860956868&command=get_cost_id&end_date=2023-05-12&start_date=2023-05-01 HTTP/1.1" 200 51
114.85.96.117 - - [12/May/2023:11:09:16 +0800] "GET /xingrg/all/report/report_query.html?isQuery=1&onlyBody=1&rh=99999&rw=1800&varString=start:20230501,cost_id:4339,mid:20230501&fileName=kc/base/crk_hz_type_by_base.xml&queryString=%20a.base_code%20in%20('0010490')%20%20and%20m.sort_code%20in%20('00101001','00101002','00101003','00101004','00101005','00101006','00101007','00101008','00101009','00101010','00101011','00101012','00101013','00101014','00101015','00101016','00101017','00101018','00101019','00101020','00101021','00101022','00101023','00101024','00101025','00101026','00101027','00101028','00101029','00101030','00101031','00101032','00101033','00101034','00101036','00101037','00101038','00101039','00101040','00101041','00101042','00101043')%20&queryText=ÈÕÆÚ£º2023-05-01ÖÁ2023-05-12%20²Ö¿â£ºÔ±¹¤²Í&tableQueryString=materiel_table$sp1$$sp$before_table$sp1$$sp$crk_table$sp1$order_day%20between%2020230501%20and%2020230512 HTTP/1.1" 200 49885
114.85.96.117 - - [12/May/2023:11:09:16 +0800] "GET /xingrg/javascript/multi_select/jqueryMultiSelect.css HTTP/1.1" 200 951
114.85.96.117 - - [12/May/2023:11:09:16 +0800] "GET /xingrg/javascript/calendar/timePicker.css HTTP/1.1" 200 523
114.85.96.117 - - [12/May/2023:11:09:16 +0800] "GET /xingrg/javascript/bigrid/fix.css HTTP/1.1" 200 1702
114.85.96.117 - - [12/May/2023:11:09:16 +0800] "GET /xingrg/dwr/interface/AjaxReportQueryService.js HTTP/1.1" 200 13203
114.85.96.117 - - [12/May/2023:11:09:16 +0800] "GET /xingrg/dwr/util.js HTTP/1.1" 200 35990
114.85.96.117 - - [12/May/2023:11:09:16 +0800] "GET /xingrg/dwr/engine.js HTTP/1.1" 200 43631
114.85.96.117 - - [12/May/2023:11:09:16 +0800] "GET /xingrg/javascript/jqueryMultiSelect.js HTTP/1.1" 200 11866
114.85.96.117 - - [12/May/2023:11:09:16 +0800] "GET /xingrg/javascript/Calendar.js HTTP/1.1" 200 31561
114.85.96.117 - - [12/May/2023:11:09:16 +0800] "GET /xingrg/javascript/calendar/jquery.timePicker.min.js HTTP/1.1" 200 2997
114.85.96.117 - - [12/May/2023:11:09:16 +0800] "GET /xingrg/javascript/bigrid/fix.js HTTP/1.1" 200 6439
114.85.96.117 - - [12/May/2023:11:09:16 +0800] "GET /xingrg/images/control/loading.gif HTTP/1.1" 200 13463
114.85.96.117 - - [12/May/2023:11:09:16 +0800] "GET /xingrg/images/blue/button/advanceover.gif HTTP/1.1" 200 1347
114.85.96.117 - - [12/May/2023:11:09:16 +0800] "GET /xingrg/images/blue/button/back2over.gif HTTP/1.1" 200 1335
114.85.96.117 - - [12/May/2023:11:09:16 +0800] "GET /xingrg/images/blue/button/advance2over.gif HTTP/1.1" 200 1336
114.85.96.117 - - [12/May/2023:11:09:16 +0800] "GET /xingrg/images/blue/button/backover.gif HTTP/1.1" 200 1348
114.85.96.117 - - [12/May/2023:11:09:16 +0800] "GET /xingrg/javascript/jquery_easy_ui/themes/icons/help.png HTTP/1.1" 200 1187
114.85.113.108 - - [12/May/2023:11:09:20 +0800] "GET /xingrg/javascript/jquery_tools/images/prev.gif HTTP/1.1" 404 1086
114.85.113.108 - - [12/May/2023:11:09:20 +0800] "GET /xingrg/javascript/jquery_tools/images/next.gif HTTP/1.1" 404 1086
114.85.96.117 - - [12/May/2023:11:09:20 +0800] "POST /xingrg/all/report/load_report_page.html HTTP/1.1" 200 94667
114.85.96.117 - - [12/May/2023:11:09:20 +0800] "GET /xingrg/servlets/image?cache=0.45636522804935886&image=px HTTP/1.1" 200 807
124.79.240.114 - - [12/May/2023:11:09:25 +0800] "GET /xingrg/all/function/internal_message.html?_=1683861242447&CODE_STATE=getMsg HTTP/1.1" 200 27
116.235.240.234 - - [12/May/2023:11:09:27 +0800] "GET /xingrg/all/function/internal_message.html?_=1683860967246&CODE_STATE=getMsg HTTP/1.1" 200 27
101.229.22.40 - - [12/May/2023:11:09:29 +0800] "GET /xingrg/all/function/internal_message.html?_=1683860967432&CODE_STATE=getMsg HTTP/1.1" 200 27
120.253.135.82 - - [12/May/2023:11:09:31 +0800] "GET /xingrg/all/function/internal_message.html?_=1683860808263&CODE_STATE=getMsg HTTP/1.1" 200 27
180.171.122.0 - - [12/May/2023:11:09:31 +0800] "POST /xingrg/kc/buy/cgsh_order_operate.html HTTP/1.1" 200 37
180.171.122.0 - - [12/May/2023:11:09:34 +0800] "POST /xingrg/kc/buy/cgsh_order_operate.html HTTP/1.1" 200 45835
114.85.113.108 - - [12/May/2023:11:09:35 +0800] "GET /xingrg/kc/buy/cgsh_order_operate.html?command=get_materiel&rest_code=00145&code=00101028030&supplier_code=00100585&order_time=2023-05-12 HTTP/1.1" 200 430
180.164.3.199 - - [12/May/2023:11:09:38 +0800] "GET /xingrg/kc/buy/cgsh_order_operate.html?command=get_materiel&rest_code=00108&code=00101008272&supplier_code=00100007&order_time=2023-05-12 HTTP/1.1" 200 23
222.67.238.82 - - [12/May/2023:11:09:38 +0800] "GET /xingrg/kc/buy/cgsh_order_operate.html?command=get_materiel&rest_code=00141&code=00102002997&supplier_code=00100151&order_time=2023-05-12 HTTP/1.1" 200 23
180.169.147.146 - - [12/May/2023:11:09:40 +0800] "GET /xingrg/all/function/internal_message.html?_=1683860979869&CODE_STATE=getMsg HTTP/1.1" 200 27
61.170.233.194 - - [12/May/2023:11:09:41 +0800] "GET /xingrg/all/function/internal_message.html?_=1683860978674&CODE_STATE=getMsg HTTP/1.1" 200 27
180.163.29.234 - - [12/May/2023:11:09:44 +0800] "GET /xingrg/all/function/internal_message.html?_=1683860918686&CODE_STATE=getMsg HTTP/1.1" 302 -
180.163.29.234 - - [12/May/2023:11:09:44 +0800] "GET /xingrg/login.html HTTP/1.1" 200 7641
180.169.147.146 - - [12/May/2023:11:09:45 +0800] "GET /xingrg/check_reg.html?_=1683860985919 HTTP/1.1" 200 22
116.227.208.255 - - [12/May/2023:11:09:45 +0800] "GET /xingrg/all/function/internal_message.html?_=1683861039421&CODE_STATE=getMsg HTTP/1.1" 200 27
114.85.113.108 - - [12/May/2023:11:09:48 +0800] "GET /xingrg/all/function/internal_message.html?_=1683860986998&CODE_STATE=getMsg HTTP/1.1" 200 27
114.83.219.197 - - [12/May/2023:11:09:52 +0800] "GET /xingrg/all/function/internal_message.html?_=1683861087187&CODE_STATE=getMsg HTTP/1.1" 200 27
180.164.3.199 - - [12/May/2023:11:09:56 +0800] "GET /xingrg/all/function/internal_message.html?_=1683860996475&CODE_STATE=getMsg HTTP/1.1" 200 27
124.79.74.67 - - [12/May/2023:11:09:59 +0800] "GET /xingrg/all/function/internal_message.html?_=1683861007642&CODE_STATE=getMsg HTTP/1.1" 200 27
114.85.96.117 - - [12/May/2023:11:10:01 +0800] "GET /xingrg/all/function/internal_message.html?_=1683861002049&CODE_STATE=getMsg HTTP/1.1" 200 27
172.20.0.100 - - [12/May/2023:11:10:01 +0800] "GET /xingrg/check_reg.html?_=1683861014286 HTTP/1.1" 302 -
180.164.3.199 - - [12/May/2023:11:10:01 +0800] "POST /xingrg/kc/buy/cgsh_order_operate.html HTTP/1.1" 200 37
222.67.238.82 - - [12/May/2023:11:10:02 +0800] "POST /xingrg/kc/buy/cgsh_order_operate.html HTTP/1.1" 200 64
116.224.158.100 - - [12/May/2023:11:10:02 +0800] "GET /xingrg/all/function/internal_message.html?_=1683861002445&CODE_STATE=getMsg HTTP/1.1" 200 27
180.164.3.199 - - [12/May/2023:11:10:04 +0800] "POST /xingrg/kc/buy/cgsh_order_operate.html HTTP/1.1" 200 33417
180.169.147.146 - - [12/May/2023:11:10:04 +0800] "GET /xingrg/all/function/internal_message.html?_=1683861005452&CODE_STATE=getMsg HTTP/1.1" 200 27
222.67.238.82 - - [12/May/2023:11:10:05 +0800] "GET /xingrg/all/function/internal_message.html?_=1683861005772&CODE_STATE=getMsg HTTP/1.1" 200 27
124.79.240.114 - - [12/May/2023:11:10:06 +0800] "GET /xingrg/all/function/internal_message.html?_=1683860999502&CODE_STATE=getMsg HTTP/1.1" 200 27
222.67.238.82 - - [12/May/2023:11:10:06 +0800] "GET /xingrg/check_reg.html?_=1683861006725 HTTP/1.1" 200 22
180.171.122.0 - - [12/May/2023:11:10:08 +0800] "GET /xingrg/all/function/internal_message.html?_=1683861006088&CODE_STATE=getMsg HTTP/1.1" 200 27
222.67.238.82 - - [12/May/2023:11:10:10 +0800] "POST /xingrg/kc/buy/cgsh_order_operate.html HTTP/1.1" 200 37
222.67.238.82 - - [12/May/2023:11:10:12 +0800] "POST /xingrg/kc/buy/cgsh_order_operate.html HTTP/1.1" 200 7460
116.238.139.35 - - [12/May/2023:11:10:13 +0800] "GET /xingrg/all/function/internal_message.html?_=1683860941783&CODE_STATE=getMsg HTTP/1.1" 200 27
222.67.238.82 - - [12/May/2023:11:10:15 +0800] "GET /xingrg/index.html HTTP/1.1" 200 17179
222.67.238.82 - - [12/May/2023:11:10:15 +0800] "GET /xingrg/all/function/internal_message.html?_=1683861015508&CODE_STATE=count HTTP/1.1" 200 11
222.67.238.82 - - [12/May/2023:11:10:15 +0800] "GET /xingrg/check_reg.html?_=1683861015509 HTTP/1.1" 200 22
222.67.238.82 - - [12/May/2023:11:10:15 +0800] "GET /favicon.ico HTTP/1.1" 404 -
222.67.238.82 - - [12/May/2023:11:10:15 +0800] "POST /xingrg/all/common/load_tree.html?tree=area_rest_tree_json&manage=1 HTTP/1.1" 200 351
222.67.238.82 - - [12/May/2023:11:10:15 +0800] "POST /xingrg/load_menu.html HTTP/1.1" 200 5138
222.67.238.82 - - [12/May/2023:11:10:16 +0800] "GET /xingrg/css/new_ie.css HTTP/1.1" 404 1036
222.67.238.82 - - [12/May/2023:11:10:17 +0800] "GET /xingrg/images/yd/bt.gif HTTP/1.1" 404 1040
180.164.3.199 - - [12/May/2023:11:10:19 +0800] "GET /xingrg/login.html HTTP/1.1" 200 7641
180.164.3.199 - - [12/May/2023:11:10:19 +0800] "GET /xingrg/images/blue/login_bg.png HTTP/1.1" 200 22101
180.164.3.199 - - [12/May/2023:11:10:19 +0800] "GET /xingrg/images/blue/hj.png HTTP/1.1" 200 1014
180.164.3.199 - - [12/May/2023:11:10:19 +0800] "GET /xingrg/images/blue/srbg.png HTTP/1.1" 200 138
180.164.3.199 - - [12/May/2023:11:10:19 +0800] "GET /favicon.ico HTTP/1.1" 404 -
114.85.113.108 - - [12/May/2023:11:10:20 +0800] "GET /xingrg/kc/buy/cgsh_order_operate.html?command=get_materiel&rest_code=00145&code=00101028066&supplier_code=00100585&order_time=2023-05-12 HTTP/1.1" 200 447
222.67.238.82 - - [12/May/2023:11:10:21 +0800] "POST /xingrg/kc/buy/cgsh_list_operate.html HTTP/1.1" 200 1855
180.164.3.199 - - [12/May/2023:11:10:22 +0800] "POST /xingrg/login.do HTTP/1.1" 302 -
180.164.3.199 - - [12/May/2023:11:10:23 +0800] "GET /xingrg/index.html?sysBaseUrl=http%3A%2F%2F180.169.147.146%3A18081%2Fxingrg%2F&costTime=864×tamp=1683861022967 HTTP/1.1" 200 17183
180.164.3.199 - - [12/May/2023:11:10:23 +0800] "GET /favicon.ico HTTP/1.1" 404 -
180.164.3.199 - - [12/May/2023:11:10:23 +0800] "GET /xingrg/all/function/internal_message.html?_=1683861022910&CODE_STATE=count HTTP/1.1" 200 11
180.164.3.199 - - [12/May/2023:11:10:23 +0800] "GET /xingrg/check_reg.html?_=1683861022911 HTTP/1.1" 200 22
180.164.3.199 - - [12/May/2023:11:10:23 +0800] "POST /xingrg/all/common/load_tree.html?tree=area_rest_tree_json&manage=1 HTTP/1.1" 200 357
180.164.3.199 - - [12/May/2023:11:10:23 +0800] "POST /xingrg/load_menu.html HTTP/1.1" 200 5138
222.67.238.82 - - [12/May/2023:11:10:23 +0800] "POST /xingrg/kc/buy/cgsh_list_operate.html HTTP/1.1" 200 598
222.67.238.82 - - [12/May/2023:11:10:25 +0800] "GET /xingrg/kc/buy/cgsh_order_info.html?code=212023051204206 HTTP/1.1" 200 71294
222.67.238.82 - - [12/May/2023:11:10:25 +0800] "GET /xingrg/javascript/easyui/themes/default/validatebox.css HTTP/1.1" 404 1104
