114.83.218.112 - - [12/May/2023:09:01:02 +0800] "GET /xingrg/kc/buy/cgsh_order_operate.html?command=get_materiel&rest_code=00149&code=00101008077&supplier_code=00100008&order_time=2023-05-12 HTTP/1.1" 200 416
116.227.208.255 - - [12/May/2023:09:01:04 +0800] "GET /xingrg/kc/buy/cgsh_order_operate.html?command=get_materiel&rest_code=00155&code=00101008298&supplier_code=00100005&order_time=2023-05-12 HTTP/1.1" 200 412
114.83.218.112 - - [12/May/2023:09:01:11 +0800] "GET /xingrg/kc/buy/cgsh_order_operate.html?command=get_materiel&rest_code=00149&code=00101008223&supplier_code=00100008&order_time=2023-05-12 HTTP/1.1" 200 412
180.164.3.199 - - [12/May/2023:09:01:15 +0800] "GET /xingrg/check_reg.html?_=1683853274764 HTTP/1.1" 200 22
180.164.3.199 - - [12/May/2023:09:01:15 +0800] "GET /xingrg/all/function/internal_message.html?_=1683853274767&CODE_STATE=getMsg HTTP/1.1" 200 27
116.235.240.234 - - [12/May/2023:09:01:16 +0800] "GET /xingrg/check_reg.html?_=1683853275993 HTTP/1.1" 200 22
180.171.122.0 - - [12/May/2023:09:01:19 +0800] "GET /xingrg/check_reg.html?_=1683853276357 HTTP/1.1" 200 22
116.235.240.234 - - [12/May/2023:09:01:19 +0800] "GET /xingrg/all/function/internal_message.html?_=1683853279147&CODE_STATE=getMsg HTTP/1.1" 200 27
116.238.139.35 - - [12/May/2023:09:01:20 +0800] "POST /xingrg/kc/buy/cgsh_order_operate.html HTTP/1.1" 200 37
116.227.208.255 - - [12/May/2023:09:01:20 +0800] "GET /xingrg/kc/buy/cgsh_order_operate.html?command=get_materiel&rest_code=00155&code=00101008134&supplier_code=00100005&order_time=2023-05-12 HTTP/1.1" 200 412
61.170.233.194 - - [12/May/2023:09:01:22 +0800] "GET /xingrg/kc/buy/cgsh_order_operate.html?command=get_materiel&rest_code=00106&code=00101008095&supplier_code=00100007&order_time=2023-05-12 HTTP/1.1" 200 412
116.224.158.100 - - [12/May/2023:09:01:22 +0800] "GET /xingrg/kc/buy/cgsh_order_operate.html?command=get_materiel&rest_code=00105&code=00101008312&supplier_code=00100203&order_time=2023-05-12 HTTP/1.1" 200 412
114.83.218.112 - - [12/May/2023:09:01:22 +0800] "GET /xingrg/kc/buy/cgsh_order_operate.html?command=get_materiel&rest_code=00149&code=00101008330&supplier_code=00100008&order_time=2023-05-12 HTTP/1.1" 200 408
114.83.218.112 - - [12/May/2023:09:01:26 +0800] "POST /xingrg/kc/buy/cgsh_order_operate.html HTTP/1.1" 200 2065
116.238.139.35 - - [12/May/2023:09:01:26 +0800] "POST /xingrg/kc/buy/cgsh_order_operate.html HTTP/1.1" 200 12
116.238.139.35 - - [12/May/2023:09:01:29 +0800] "GET /xingrg/kc/buy/cgsh_order_info.html?code=212023051204149 HTTP/1.1" 200 65807
116.238.139.35 - - [12/May/2023:09:01:29 +0800] "GET /xingrg/javascript/easyui/themes/default/validatebox.css HTTP/1.1" 404 1104
116.238.139.35 - - [12/May/2023:09:01:30 +0800] "POST /xingrg/kc/buy/cgsh_order_operate.html HTTP/1.1" 200 5993
114.83.218.112 - - [12/May/2023:09:01:31 +0800] "GET /xingrg/kc/buy/cgsh_order_operate.html?command=get_materiel&rest_code=00149&code=00101008224&supplier_code=00100008&order_time=2023-05-12 HTTP/1.1" 200 416
116.238.139.35 - - [12/May/2023:09:01:32 +0800] "GET /xingrg/kc/print/load_data.html?order_code=212023051204149&kc_code=cgsh&condition= HTTP/1.1" 200 2793
116.238.139.35 - - [12/May/2023:09:01:34 +0800] "GET /xingrg/all/function/internal_message.html?_=1683853223173&CODE_STATE=getMsg HTTP/1.1" 200 27
61.170.233.194 - - [12/May/2023:09:01:35 +0800] "GET /xingrg/all/function/internal_message.html?_=1683853292696&CODE_STATE=getMsg HTTP/1.1" 200 27
116.227.208.255 - - [12/May/2023:09:01:39 +0800] "POST /xingrg/kc/buy/cgsh_order_operate.html HTTP/1.1" 200 37
116.227.208.255 - - [12/May/2023:09:01:40 +0800] "POST /xingrg/kc/buy/cgsh_order_operate.html HTTP/1.1" 200 27526
114.83.218.112 - - [12/May/2023:09:01:40 +0800] "GET /xingrg/check_reg.html?_=1683853298566 HTTP/1.1" 200 22
114.83.218.112 - - [12/May/2023:09:01:40 +0800] "GET /xingrg/all/function/internal_message.html?_=1683853298571&CODE_STATE=getMsg HTTP/1.1" 200 27
61.170.233.194 - - [12/May/2023:09:01:40 +0800] "GET /xingrg/kc/buy/cgsh_order_operate.html?command=get_materiel&rest_code=00106&code=00101008114&supplier_code=00100007&order_time=2023-05-12 HTTP/1.1" 200 413
116.238.139.35 - - [12/May/2023:09:01:41 +0800] "POST /xingrg/all/user/operate.html HTTP/1.1" 200 36
116.227.208.255 - - [12/May/2023:09:01:42 +0800] "GET /xingrg/kc/print/load_data.html?order_code=212023051204150&kc_code=cgsh&condition= HTTP/1.1" 200 10142
116.238.139.35 - - [12/May/2023:09:01:42 +0800] "GET /xingrg/index.html?sysBaseUrl=http%3A%2F%2F180.169.147.146%3A18081%2Fxingrg%2F&costTime=819×tamp=1683850904187 HTTP/1.1" 200 17179
116.238.139.35 - - [12/May/2023:09:01:42 +0800] "GET /xingrg/javascript/jquery_easy_ui/themes/default/easyui.css HTTP/1.1" 304 -
116.238.139.35 - - [12/May/2023:09:01:42 +0800] "GET /xingrg/javascript/jquery_easy_ui/themes/icon.css HTTP/1.1" 304 -
116.238.139.35 - - [12/May/2023:09:01:42 +0800] "GET /xingrg/css/form.css HTTP/1.1" 304 -
116.238.139.35 - - [12/May/2023:09:01:42 +0800] "GET /xingrg/javascript/jquery-1.4.2.min.js HTTP/1.1" 304 -
116.238.139.35 - - [12/May/2023:09:01:42 +0800] "GET /xingrg/javascript/jquery_easy_ui/jquery.easyui.min.js HTTP/1.1" 304 -
116.238.139.35 - - [12/May/2023:09:01:42 +0800] "GET /xingrg/javascript/jquery_easy_ui/easyui-lang-zh_CN.js HTTP/1.1" 304 -
116.238.139.35 - - [12/May/2023:09:01:42 +0800] "GET /xingrg/javascript/jquery.form.js HTTP/1.1" 304 -
116.238.139.35 - - [12/May/2023:09:01:42 +0800] "GET /xingrg/javascript/jquery.utils.js HTTP/1.1" 304 -
116.238.139.35 - - [12/May/2023:09:01:42 +0800] "GET /xingrg/javascript/jquery.timers.js HTTP/1.1" 304 -
116.238.139.35 - - [12/May/2023:09:01:42 +0800] "GET /xingrg/images/blue/jxLogo.png HTTP/1.1" 304 -
116.238.139.35 - - [12/May/2023:09:01:42 +0800] "GET /xingrg/images/blue/navBackgound.jpg HTTP/1.1" 304 -
116.238.139.35 - - [12/May/2023:09:01:42 +0800] "GET /xingrg/javascript/jquery_easy_ui/themes/icons/settle_new.png HTTP/1.1" 304 -
116.238.139.35 - - [12/May/2023:09:01:42 +0800] "GET /xingrg/images/blue/pingpu.png HTTP/1.1" 304 -
116.238.139.35 - - [12/May/2023:09:01:42 +0800] "GET /xingrg/javascript/jquery_easy_ui/themes/default/images/tabs_leftarrow.png HTTP/1.1" 304 -
116.238.139.35 - - [12/May/2023:09:01:42 +0800] "GET /xingrg/javascript/jquery_easy_ui/themes/default/images/tabs_rightarrow.png HTTP/1.1" 304 -
116.238.139.35 - - [12/May/2023:09:01:42 +0800] "GET /xingrg/javascript/jquery_easy_ui/themes/default/images/panel_tool_collapse.gif HTTP/1.1" 304 -
116.238.139.35 - - [12/May/2023:09:01:42 +0800] "GET /xingrg/all/function/internal_message.html?_=1683853231412&CODE_STATE=count HTTP/1.1" 200 11
116.238.139.35 - - [12/May/2023:09:01:42 +0800] "GET /xingrg/check_reg.html?_=1683853231413 HTTP/1.1" 200 22
116.238.139.35 - - [12/May/2023:09:01:42 +0800] "POST /xingrg/all/common/load_tree.html?tree=area_rest_tree_json&manage=1 HTTP/1.1" 200 476
116.238.139.35 - - [12/May/2023:09:01:42 +0800] "POST /xingrg/load_menu.html HTTP/1.1" 200 5138
116.224.158.100 - - [12/May/2023:09:01:43 +0800] "GET /xingrg/all/function/internal_message.html?_=1683853302674&CODE_STATE=getMsg HTTP/1.1" 200 27
114.83.218.112 - - [12/May/2023:09:01:43 +0800] "GET /xingrg/kc/buy/cgsh_order_operate.html?command=get_materiel&rest_code=00149&code=00101008001&supplier_code=00100008&order_time=2023-05-12 HTTP/1.1" 200 412
180.169.147.146 - - [12/May/2023:09:01:45 +0800] "GET /xingrg/all/function/internal_message.html?_=1683853305626&CODE_STATE=getMsg HTTP/1.1" 302 -
180.169.147.146 - - [12/May/2023:09:01:45 +0800] "GET /xingrg/check_reg.html?_=1683853305627 HTTP/1.1" 302 -
116.227.208.255 - - [12/May/2023:09:01:45 +0800] "GET /xingrg/all/function/internal_message.html?_=1683853359437&CODE_STATE=getMsg HTTP/1.1" 200 27
61.170.233.194 - - [12/May/2023:09:01:45 +0800] "POST /xingrg/kc/buy/cgsh_order_operate.html HTTP/1.1" 200 2065
116.238.139.35 - - [12/May/2023:09:01:46 +0800] "GET /xingrg/kc/buy/cgsh_order_list.html HTTP/1.1" 200 55519
116.227.208.255 - - [12/May/2023:09:01:46 +0800] "GET /xingrg/kc/print/load_data.html?order_code=212023051204150&kc_code=cgsh HTTP/1.1" 200 10142
116.224.158.100 - - [12/May/2023:09:01:48 +0800] "GET /xingrg/kc/buy/cgsh_order_operate.html?command=get_materiel&rest_code=00105&code=00101008038&supplier_code=00100203&order_time=2023-05-12 HTTP/1.1" 200 412
116.238.139.35 - - [12/May/2023:09:01:49 +0800] "POST /xingrg/kc/buy/cgsh_list_operate.html HTTP/1.1" 200 1888
116.238.139.35 - - [12/May/2023:09:01:50 +0800] "GET /xingrg/kc/buy/cgsh_order_add.html HTTP/1.1" 200 71351
116.238.139.35 - - [12/May/2023:09:01:51 +0800] "POST /xingrg/kc/buy/cgsh_order_operate.html HTTP/1.1" 200 8245
116.238.139.35 - - [12/May/2023:09:01:51 +0800] "GET /xingrg/javascript/easyui/themes/default/validatebox.css HTTP/1.1" 404 1104
114.83.218.112 - - [12/May/2023:09:01:52 +0800] "GET /xingrg/kc/buy/cgsh_order_operate.html?command=get_materiel&rest_code=00149&code=00101008357&supplier_code=00100008&order_time=2023-05-12 HTTP/1.1" 200 408
114.83.219.197 - - [12/May/2023:09:01:53 +0800] "GET /xingrg/all/function/internal_message.html?_=1683853407200&CODE_STATE=getMsg HTTP/1.1" 200 27
116.238.139.35 - - [12/May/2023:09:01:53 +0800] "GET /xingrg/javascript/auto/indicator.gif HTTP/1.1" 404 1066
61.170.233.194 - - [12/May/2023:09:01:53 +0800] "GET /xingrg/kc/buy/cgsh_order_operate.html?command=get_materiel&rest_code=00106&code=00101008168&supplier_code=00100007&order_time=2023-05-12 HTTP/1.1" 200 413
116.238.139.35 - - [12/May/2023:09:01:55 +0800] "GET /xingrg/all/function/internal_message.html?_=1683853314524&CODE_STATE=getMsg HTTP/1.1" 200 27
116.224.158.100 - - [12/May/2023:09:01:58 +0800] "GET /xingrg/kc/buy/cgsh_order_operate.html?command=get_materiel&rest_code=00105&code=00101008356&supplier_code=00100203&order_time=2023-05-12 HTTP/1.1" 200 408
116.238.139.35 - - [12/May/2023:09:02:00 +0800] "GET /xingrg/kc/buy/cgsh_order_operate.html?command=get_materiel&rest_code=00150&code=00101012059&supplier_code=00100096&order_time=2023-05-12 HTTP/1.1" 200 412
61.170.233.194 - - [12/May/2023:09:02:01 +0800] "GET /xingrg/kc/buy/cgsh_order_operate.html?command=get_materiel&rest_code=00106&code=00101008150&supplier_code=00100007&order_time=2023-05-12 HTTP/1.1" 200 409
114.85.113.108 - - [12/May/2023:09:02:04 +0800] "GET /xingrg/check_reg.html?_=1683853322635 HTTP/1.1" 200 22
172.20.0.100 - - [12/May/2023:09:02:04 +0800] "GET /xingrg/index.html?sysBaseUrl=http%3A%2F%2F172.17.0.8%3A18081%2Fxingrg%2F&costTime=213×tamp=1585200360465 HTTP/1.1" 302 -
172.20.0.100 - - [12/May/2023:09:02:04 +0800] "GET /xingrg/login.html HTTP/1.1" 200 7636
172.20.0.100 - - [12/May/2023:09:02:05 +0800] "GET /favicon.ico HTTP/1.1" 404 -
114.83.218.112 - - [12/May/2023:09:02:05 +0800] "GET /xingrg/kc/buy/cgsh_order_operate.html?command=get_materiel&rest_code=00149&code=00101008069&supplier_code=00100008&order_time=2023-05-12 HTTP/1.1" 200 412
116.224.158.100 - - [12/May/2023:09:02:06 +0800] "GET /xingrg/kc/buy/cgsh_order_operate.html?command=get_materiel&rest_code=00105&code=00101008069&supplier_code=00100203&order_time=2023-05-12 HTTP/1.1" 200 412
180.164.3.199 - - [12/May/2023:09:02:15 +0800] "GET /xingrg/all/function/internal_message.html?_=1683853334770&CODE_STATE=getMsg HTTP/1.1" 200 27
172.20.0.100 - - [12/May/2023:09:02:17 +0800] "POST /xingrg/login.do HTTP/1.1" 302 -
116.238.139.35 - - [12/May/2023:09:02:17 +0800] "GET /xingrg/kc/buy/cgsh_order_operate.html?command=get_materiel&rest_code=00150&code=00101001099&supplier_code=00100096&order_time=2023-05-12 HTTP/1.1" 200 411
172.20.0.100 - - [12/May/2023:09:02:17 +0800] "GET /xingrg/index.html?sysBaseUrl=http%3A%2F%2F172.20.0.8%3A18081%2Fxingrg%2F&costTime=950×tamp=1683853337589 HTTP/1.1" 200 17448
180.171.122.0 - - [12/May/2023:09:02:17 +0800] "GET /xingrg/check_reg.html?_=1683853335208 HTTP/1.1" 200 22
172.20.0.100 - - [12/May/2023:09:02:18 +0800] "GET /favicon.ico HTTP/1.1" 404 -
172.20.0.100 - - [12/May/2023:09:02:18 +0800] "POST /xingrg/all/common/load_tree.html?tree=area_rest_tree_json&manage=1 HTTP/1.1" 200 3499
172.20.0.100 - - [12/May/2023:09:02:18 +0800] "GET /xingrg/check_reg.html?_=1683853323469 HTTP/1.1" 200 22
172.20.0.100 - - [12/May/2023:09:02:18 +0800] "GET /xingrg/all/function/internal_message.html?_=1683853323468&CODE_STATE=count HTTP/1.1" 200 11
172.20.0.100 - - [12/May/2023:09:02:18 +0800] "POST /xingrg/load_menu.html HTTP/1.1" 200 11529
116.235.240.234 - - [12/May/2023:09:02:19 +0800] "GET /xingrg/all/function/internal_message.html?_=1683853339158&CODE_STATE=getMsg HTTP/1.1" 200 27
114.83.218.112 - - [12/May/2023:09:02:20 +0800] "GET /xingrg/kc/buy/cgsh_order_operate.html?command=get_materiel&rest_code=00149&code=00101008286&supplier_code=00100008&order_time=2023-05-12 HTTP/1.1" 200 408
116.224.158.100 - - [12/May/2023:09:02:25 +0800] "GET /xingrg/kc/buy/cgsh_order_operate.html?command=get_materiel&rest_code=00105&code=00101008098&supplier_code=00100203&order_time=2023-05-12 HTTP/1.1" 200 412
172.20.0.100 - - [12/May/2023:09:02:26 +0800] "POST /xingrg/all/user/operate.html HTTP/1.1" 200 36
172.20.0.100 - - [12/May/2023:09:02:27 +0800] "GET /xingrg/index.html?sysBaseUrl=http%3A%2F%2F172.20.0.8%3A18081%2Fxingrg%2F&costTime=950×tamp=1683853337589 HTTP/1.1" 200 17452
172.20.0.100 - - [12/May/2023:09:02:27 +0800] "GET /xingrg/javascript/jquery_easy_ui/themes/default/easyui.css HTTP/1.1" 304 -
172.20.0.100 - - [12/May/2023:09:02:27 +0800] "GET /xingrg/javascript/jquery_easy_ui/themes/icon.css HTTP/1.1" 304 -
172.20.0.100 - - [12/May/2023:09:02:27 +0800] "GET /xingrg/css/form.css HTTP/1.1" 304 -
172.20.0.100 - - [12/May/2023:09:02:27 +0800] "GET /xingrg/javascript/jquery-1.4.2.min.js HTTP/1.1" 304 -
172.20.0.100 - - [12/May/2023:09:02:27 +0800] "GET /xingrg/javascript/jquery_easy_ui/jquery.easyui.min.js HTTP/1.1" 304 -
172.20.0.100 - - [12/May/2023:09:02:27 +0800] "GET /xingrg/javascript/jquery_easy_ui/easyui-lang-zh_CN.js HTTP/1.1" 304 -
172.20.0.100 - - [12/May/2023:09:02:27 +0800] "GET /xingrg/javascript/jquery.form.js HTTP/1.1" 304 -
172.20.0.100 - - [12/May/2023:09:02:27 +0800] "GET /xingrg/javascript/jquery.utils.js HTTP/1.1" 304 -
172.20.0.100 - - [12/May/2023:09:02:27 +0800] "GET /xingrg/javascript/jquery.timers.js HTTP/1.1" 304 -
172.20.0.100 - - [12/May/2023:09:02:27 +0800] "GET /xingrg/images/blue/jxLogo.png HTTP/1.1" 304 -
172.20.0.100 - - [12/May/2023:09:02:27 +0800] "GET /xingrg/javascript/jquery_easy_ui/themes/icons/settle_new.png HTTP/1.1" 304 -
172.20.0.100 - - [12/May/2023:09:02:27 +0800] "GET /xingrg/images/blue/navBackgound.jpg HTTP/1.1" 304 -
172.20.0.100 - - [12/May/2023:09:02:27 +0800] "GET /xingrg/all/function/internal_message.html?_=1683853332464&CODE_STATE=count HTTP/1.1" 200 11
172.20.0.100 - - [12/May/2023:09:02:27 +0800] "GET /xingrg/check_reg.html?_=1683853332465 HTTP/1.1" 200 22
172.20.0.100 - - [12/May/2023:09:02:27 +0800] "GET /xingrg/javascript/jquery_easy_ui/themes/default/images/panel_tool_expand.gif HTTP/1.1" 304 -
172.20.0.100 - - [12/May/2023:09:02:27 +0800] "GET /xingrg/javascript/jquery_easy_ui/themes/default/images/panel_tool_collapse.gif HTTP/1.1" 304 -
172.20.0.100 - - [12/May/2023:09:02:27 +0800] "GET /xingrg/javascript/jquery_easy_ui/themes/default/images/tabs_leftarrow.png HTTP/1.1" 304 -
172.20.0.100 - - [12/May/2023:09:02:27 +0800] "GET /xingrg/images/blue/pingpu.png HTTP/1.1" 304 -
172.20.0.100 - - [12/May/2023:09:02:27 +0800] "GET /xingrg/javascript/jquery_easy_ui/themes/default/images/tabs_rightarrow.png HTTP/1.1" 304 -
172.20.0.100 - - [12/May/2023:09:02:27 +0800] "POST /xingrg/all/common/load_tree.html?tree=area_rest_tree_json&manage=1 HTTP/1.1" 200 3499
172.20.0.100 - - [12/May/2023:09:02:27 +0800] "POST /xingrg/load_menu.html HTTP/1.1" 200 9924
116.235.240.234 - - [12/May/2023:09:02:27 +0800] "GET /xingrg/kc/buy/cgsh_order_operate.html?command=get_materiel&rest_code=00146&code=00101008087&supplier_code=00100005&order_time=2023-05-12 HTTP/1.1" 200 412
114.83.218.112 - - [12/May/2023:09:02:29 +0800] "POST /xingrg/kc/buy/cgsh_order_operate.html HTTP/1.1" 200 2065
61.170.233.194 - - [12/May/2023:09:02:29 +0800] "GET /xingrg/kc/buy/cgsh_order_operate.html?command=get_materiel&rest_code=00106&code=00101008061&supplier_code=00100007&order_time=2023-05-12 HTTP/1.1" 200 422
116.238.139.35 - - [12/May/2023:09:02:29 +0800] "GET /xingrg/kc/buy/cgsh_order_operate.html?command=get_materiel&rest_code=00150&code=00101001084&supplier_code=00100096&order_time=2023-05-12 HTTP/1.1" 200 415
172.20.0.100 - - [12/May/2023:09:02:30 +0800] "GET /xingrg/kc/report/report_main.html HTTP/1.1" 200 7320
116.224.158.100 - - [12/May/2023:09:02:34 +0800] "GET /xingrg/kc/buy/cgsh_order_operate.html?command=get_materiel&rest_code=00105&code=00101008275&supplier_code=00100203&order_time=2023-05-12 HTTP/1.1" 200 416
172.20.0.100 - - [12/May/2023:09:02:34 +0800] "GET /xingrg/kc/cost/crk_report.html HTTP/1.1" 200 21691
172.20.0.100 - - [12/May/2023:09:02:35 +0800] "POST /xingrg/kc/cost/cost_operate.html?command=get_base_tree HTTP/1.1" 200 1046
172.20.0.100 - - [12/May/2023:09:02:35 +0800] "POST /xingrg/all/common/load_tree.html?tree=materiel_sort_tree_json HTTP/1.1" 200 9500
61.170.233.194 - - [12/May/2023:09:02:35 +0800] "GET /xingrg/all/function/internal_message.html?_=1683853352664&CODE_STATE=getMsg HTTP/1.1" 200 27
172.20.0.100 - - [12/May/2023:09:02:35 +0800] "POST /xingrg/kc/cost/cost_operate.html HTTP/1.1" 200 37
116.235.240.234 - - [12/May/2023:09:02:38 +0800] "GET /xingrg/kc/buy/cgsh_order_operate.html?command=get_materiel&rest_code=00146&code=00101008067&supplier_code=00100005&order_time=2023-05-12 HTTP/1.1" 200 416
114.83.218.112 - - [12/May/2023:09:02:40 +0800] "GET /xingrg/all/function/internal_message.html?_=1683853358548&CODE_STATE=getMsg HTTP/1.1" 200 27
116.238.139.35 - - [12/May/2023:09:02:41 +0800] "GET /xingrg/kc/buy/cgsh_order_operate.html?command=get_materiel&rest_code=00150&code=00101001075&supplier_code=00100096&order_time=2023-05-12 HTTP/1.1" 200 409
116.238.139.35 - - [12/May/2023:09:02:42 +0800] "GET /xingrg/all/function/internal_message.html?_=1683853291425&CODE_STATE=getMsg HTTP/1.1" 200 27
172.20.0.100 - - [12/May/2023:09:02:42 +0800] "GET /xingrg/all/report/report_query.html?isQuery=1&onlyBody=1&rh=99999&rw=1800&varString=cost_id:4276&fileName=kc/cost/crk_type_by_base.xml&queryString=%20a.base_code%20in%20('0010867')%20%20and%20m.sort_code%20in%20('00101001','00101002','00101003','00101004','00101005','00101006','00101007','00101008','00101009','00101010','00101011','00101012','00101013','00101014','00101015','00101016','00101017','00101018','00101019','00101020','00101021','00101022','00101023','00101024','00101025','00101026','00101027','00101028','00101029','00101030','00101031','00101032','00101033','00101034','00101036','00101037','00101038','00101039','00101040','00101041','00101042','00101043')%20&queryText=Ô·ݣº2023Äê4ÔÂ%20²Ö¿â£º³ø·¿&tableQueryString=materiel_table$sp1$$sp$before_table$sp1$$sp$crk_table$sp1$order_day%20between%2020230401%20and%2020230430 HTTP/1.1" 200 48929
172.20.0.100 - - [12/May/2023:09:02:42 +0800] "GET /xingrg/dwr/interface/AjaxReportQueryService.js HTTP/1.1" 200 13203
172.20.0.100 - - [12/May/2023:09:02:43 +0800] "GET /xingrg/dwr/engine.js HTTP/1.1" 200 43631
172.20.0.100 - - [12/May/2023:09:02:43 +0800] "GET /xingrg/dwr/util.js HTTP/1.1" 200 35990
116.224.158.100 - - [12/May/2023:09:02:43 +0800] "GET /xingrg/all/function/internal_message.html?_=1683853362661&CODE_STATE=getMsg HTTP/1.1" 200 27
61.170.233.194 - - [12/May/2023:09:02:43 +0800] "GET /xingrg/kc/buy/cgsh_order_operate.html?command=get_materiel&rest_code=00106&code=00101008558&supplier_code=00100007&order_time=2023-05-12 HTTP/1.1" 200 409
114.83.218.112 - - [12/May/2023:09:02:44 +0800] "GET /xingrg/kc/buy/cgsh_order_operate.html?command=get_materiel&rest_code=00149&code=00101008036&supplier_code=00100008&order_time=2023-05-12 HTTP/1.1" 200 408
180.169.147.146 - - [12/May/2023:09:02:45 +0800] "GET /xingrg/all/function/internal_message.html?_=1683853365625&CODE_STATE=getMsg HTTP/1.1" 302 -
116.227.208.255 - - [12/May/2023:09:02:45 +0800] "GET /xingrg/check_reg.html?_=1683853419422 HTTP/1.1" 200 22
116.227.208.255 - - [12/May/2023:09:02:45 +0800] "GET /xingrg/all/function/internal_message.html?_=1683853419427&CODE_STATE=getMsg HTTP/1.1" 200 27
116.224.158.100 - - [12/May/2023:09:02:45 +0800] "GET /xingrg/kc/buy/cgsh_order_operate.html?command=get_materiel&rest_code=00105&code=00101008256&supplier_code=00100203&order_time=2023-05-12 HTTP/1.1" 200 412
172.20.0.100 - - [12/May/2023:09:02:45 +0800] "POST /xingrg/all/report/load_report_page.html HTTP/1.1" 200 43776
172.20.0.100 - - [12/May/2023:09:02:46 +0800] "GET /xingrg/servlets/image?cache=0.27312015064324335&image=px HTTP/1.1" 200 807
172.20.0.100 - - [12/May/2023:09:02:47 +0800] "GET /xingrg/all/report/report_query.html?isQuery=1&onlyBody=1&rh=999&rw=1800&varString=cost_id:4276&fileName=kc/cost/crk_type_by_materiel.xml&queryString=%20a.base_code%20in%20('0010867')%20%20and%20m.sort_code%20in%20('00101001','00101002','00101003','00101004','00101005','00101006','00101007','00101008','00101009','00101010','00101011','00101012','00101013','00101014','00101015','00101016','00101017','00101018','00101019','00101020','00101021','00101022','00101023','00101024','00101025','00101026','00101027','00101028','00101029','00101030','00101031','00101032','00101033','00101034','00101036','00101037','00101038','00101039','00101040','00101041','00101042','00101043')%20&queryText=Ô·ݣº2023Äê4ÔÂ%20²Ö¿â£º³ø·¿&tableQueryString=materiel_table$sp1$$sp$before_table$sp1$$sp$crk_table$sp1$order_day%20between%2020230401%20and%2020230430 HTTP/1.1" 200 48933
172.20.0.100 - - [12/May/2023:09:02:47 +0800] "GET /xingrg/dwr/interface/AjaxReportQueryService.js HTTP/1.1" 200 13203
172.20.0.100 - - [12/May/2023:09:02:47 +0800] "GET /xingrg/dwr/engine.js HTTP/1.1" 200 43631
172.20.0.100 - - [12/May/2023:09:02:50 +0800] "POST /xingrg/all/report/load_report_page.html HTTP/1.1" 200 538970
172.20.0.100 - - [12/May/2023:09:02:50 +0800] "GET /xingrg/images/blue/button/back2.gif HTTP/1.1" 200 1339
172.20.0.100 - - [12/May/2023:09:02:50 +0800] "GET /xingrg/images/blue/button/back.gif HTTP/1.1" 200 1352
172.20.0.100 - - [12/May/2023:09:02:51 +0800] "GET /xingrg/servlets/image?cache=0.5228853173954677&image=px HTTP/1.1" 200 807
114.83.219.197 - - [12/May/2023:09:02:53 +0800] "GET /xingrg/all/function/internal_message.html?_=1683853467195&CODE_STATE=getMsg HTTP/1.1" 200 27
114.83.218.112 - - [12/May/2023:09:02:53 +0800] "GET /xingrg/kc/buy/cgsh_order_operate.html?command=get_materiel&rest_code=00149&code=00101008131&supplier_code=00100008&order_time=2023-05-12 HTTP/1.1" 200 409
116.235.240.234 - - [12/May/2023:09:02:53 +0800] "GET /xingrg/kc/buy/cgsh_order_operate.html?command=get_materiel&rest_code=00146&code=00101008321&supplier_code=00100005&order_time=2023-05-12 HTTP/1.1" 200 412
172.20.0.100 - - [12/May/2023:09:02:55 +0800] "GET /xingrg/all/report/report_query.html?isQuery=1&onlyBody=1&rh=999&varString=cost_id:4276,rk_cost:cgsh_rk_money-cgth_ck_money$add$pssh_rk_money-psth_ck_money$add$yddb_rk_money$add$qt_rk_money$add$wldb_rk_money$add$check_rk_money,ck_cost:cgsh_rk_money-cgth_ck_money$add$pssh_rk_money-psth_ck_money$add$yddb_rk_money$add$qt_rk_money$add$wldb_rk_money$add$check_rk_money,rk_nums:cgsh_rk_number-cgth_ck_number$add$pssh_rk_number-psth_ck_number$add$yddb_rk_number$add$qt_rk_number$add$wldb_rk_number$add$check_rk_number,ck_nums:cgsh_rk_number-cgth_ck_number$add$pssh_rk_number-psth_ck_number$add$yddb_rk_number$add$qt_rk_number$add$wldb_rk_number$add$check_rk_number&fileName=kc/cost/crk_define_by_materiel.xml&queryString=%20a.base_code%20in%20('0010867')%20%20and%20m.sort_code%20in%20('00101001','00101002','00101003','00101004','00101005','00101006','00101007','00101008','00101009','00101010','00101011','00101012','00101013','00101014','00101015','00101016','00101017','00101018','00101019','00101020','00101021','00101022','00101023','00101024','00101025','00101026','00101027','00101028','00101029','00101030','00101031','00101032','00101033','00101034','00101036','00101037','00101038','00101039','00101040','00101041','00101042','00101043')%20&queryText=Ô·ݣº2023Äê4ÔÂ%20²Ö¿â£º³ø·¿&tableQueryString=materiel_table$sp1$$sp$before_table$sp1$$sp$crk_table$sp1$order_day%20between%2020230401%20and%2020230430 HTTP/1.1" 200 49512
172.20.0.100 - - [12/May/2023:09:02:55 +0800] "GET /xingrg/dwr/interface/AjaxReportQueryService.js HTTP/1.1" 200 13203
172.20.0.100 - - [12/May/2023:09:02:55 +0800] "GET /xingrg/dwr/engine.js HTTP/1.1" 200 43631
116.238.139.35 - - [12/May/2023:09:02:55 +0800] "GET /xingrg/all/function/internal_message.html?_=1683853374535&CODE_STATE=getMsg HTTP/1.1" 200 27
172.20.0.100 - - [12/May/2023:09:02:59 +0800] "POST /xingrg/all/report/load_report_page.html HTTP/1.1" 200 218035
172.20.0.100 - - [12/May/2023:09:02:59 +0800] "GET /xingrg/servlets/image?cache=0.9606479154772796&image=px HTTP/1.1" 200 807
116.224.158.100 - - [12/May/2023:09:03:01 +0800] "GET /xingrg/kc/buy/cgsh_order_operate.html?command=get_materiel&rest_code=00105&code=00101008354&supplier_code=00100203&order_time=2023-05-12 HTTP/1.1" 200 412
114.83.218.112 - - [12/May/2023:09:03:04 +0800] "GET /xingrg/kc/buy/cgsh_order_operate.html?command=get_materiel&rest_code=00149&code=00101008169&supplier_code=00100008&order_time=2023-05-12 HTTP/1.1" 200 414
116.238.139.35 - - [12/May/2023:09:03:04 +0800] "GET /xingrg/kc/buy/cgsh_order_operate.html?command=get_materiel&rest_code=00150&code=00101007061&supplier_code=00100096&order_time=2023-05-12 HTTP/1.1" 200 409
61.170.233.194 - - [12/May/2023:09:03:05 +0800] "GET /xingrg/kc/buy/cgsh_order_operate.html?command=get_materiel&rest_code=00106&code=00101008399&supplier_code=00100007&order_time=2023-05-12 HTTP/1.1" 200 410
172.20.0.100 - - [12/May/2023:09:03:06 +0800] "GET /xingrg/all/report/report_print.html?isPrint=1&fileName=kc/cost/crk_define_by_materiel.xml&condition=%20a.base_code%20in%20('0010867')%20%20and%20m.sort_code%20in%20('00101001','00101002','00101003','00101004','00101005','00101006','00101007','00101008','00101009','00101010','00101011','00101012','00101013','00101014','00101015','00101016','00101017','00101018','00101019','00101020','00101021','00101022','00101023','00101024','00101025','00101026','00101027','00101028','00101029','00101030','00101031','00101032','00101033','00101034','00101036','00101037','00101038','00101039','00101040','00101041','00101042','00101043')%20&condition_show=Ô·ݣº2023Äê4ÔÂ%20²Ö¿â£º³ø·¿&tableQueryString=materiel_table$sp1$$sp$before_table$sp1$$sp$crk_table$sp1$order_day%20between%2020230401%20and%2020230430&fileType=servlets/xls&varString=cost_id:4276,rk_cost:cgsh_rk_money-cgth_ck_money$add$pssh_rk_money-psth_ck_money$add$yddb_rk_money$add$qt_rk_money$add$wldb_rk_money$add$check_rk_money,ck_cost:cgsh_rk_money-cgth_ck_money$add$pssh_rk_money-psth_ck_money$add$yddb_rk_money$add$qt_rk_money$add$wldb_rk_money$add$check_rk_money,rk_nums:cgsh_rk_number-cgth_ck_number$add$pssh_rk_number-psth_ck_number$add$yddb_rk_number$add$qt_rk_number$add$wldb_rk_number$add$check_rk_number,ck_nums:cgsh_rk_number-cgth_ck_number$add$pssh_rk_number-psth_ck_number$add$yddb_rk_number$add$qt_rk_number$add$wldb_rk_number$add$check_rk_number HTTP/1.1" 200 106093
116.238.139.35 - - [12/May/2023:09:03:11 +0800] "GET /xingrg/kc/buy/cgsh_order_operate.html?command=get_materiel&rest_code=00150&code=00101007072&supplier_code=00100096&order_time=2023-05-12 HTTP/1.1" 200 415
116.224.158.100 - - [12/May/2023:09:03:11 +0800] "GET /xingrg/kc/buy/cgsh_order_operate.html?command=get_materiel&rest_code=00105&code=00101008163&supplier_code=00100203&order_time=2023-05-12 HTTP/1.1" 200 409
116.235.240.234 - - [12/May/2023:09:03:12 +0800] "GET /xingrg/kc/buy/cgsh_order_operate.html?command=get_materiel&rest_code=00146&code=00101008359&supplier_code=00100005&order_time=2023-05-12 HTTP/1.1" 200 408
180.164.3.199 - - [12/May/2023:09:03:15 +0800] "GET /xingrg/all/function/internal_message.html?_=1683853394761&CODE_STATE=getMsg HTTP/1.1" 200 27
114.83.218.112 - - [12/May/2023:09:03:18 +0800] "GET /xingrg/kc/buy/cgsh_order_operate.html?command=get_materiel&rest_code=00149&code=00101008318&supplier_code=00100008&order_time=2023-05-12 HTTP/1.1" 200 408
116.235.240.234 - - [12/May/2023:09:03:19 +0800] "GET /xingrg/all/function/internal_message.html?_=1683853399257&CODE_STATE=getMsg HTTP/1.1" 200 27
114.83.218.112 - - [12/May/2023:09:03:22 +0800] "POST /xingrg/kc/buy/cgsh_order_operate.html HTTP/1.1" 200 2065
61.170.233.194 - - [12/May/2023:09:03:22 +0800] "POST /xingrg/kc/buy/cgsh_order_operate.html HTTP/1.1" 200 37
116.235.240.234 - - [12/May/2023:09:03:24 +0800] "GET /xingrg/kc/buy/cgsh_order_operate.html?command=get_materiel&rest_code=00146&code=00101008213&supplier_code=00100005&order_time=2023-05-12 HTTP/1.1" 200 412
172.20.0.100 - - [12/May/2023:09:03:27 +0800] "GET /xingrg/all/function/internal_message.html?_=1683853392467&CODE_STATE=getMsg HTTP/1.1" 200 27
114.83.218.112 - - [12/May/2023:09:03:27 +0800] "GET /xingrg/kc/buy/cgsh_order_operate.html?command=get_materiel&rest_code=00149&code=00101008352&supplier_code=00100008&order_time=2023-05-12 HTTP/1.1" 200 412
116.235.240.234 - - [12/May/2023:09:03:35 +0800] "GET /xingrg/kc/buy/cgsh_order_operate.html?command=get_materiel&rest_code=00146&code=00101008502&supplier_code=00100005&order_time=2023-05-12 HTTP/1.1" 200 412
180.163.30.76 - - [12/May/2023:09:03:40 +0800] "GET /xingrg/kc/buy/cgsh_order_operate.html?command=get_materiel&rest_code=00106&code=00101008558&supplier_code=00100007&order_time=2023-05-12 HTTP/1.1" 302 -
180.163.30.76 - - [12/May/2023:09:03:40 +0800] "GET /xingrg/login.html HTTP/1.1" 200 7641
114.83.218.112 - - [12/May/2023:09:03:40 +0800] "GET /xingrg/all/function/internal_message.html?_=1683853418539&CODE_STATE=getMsg HTTP/1.1" 200 27
114.83.218.112 - - [12/May/2023:09:03:41 +0800] "GET /xingrg/kc/buy/cgsh_order_operate.html?command=get_materiel&rest_code=00149&code=00101008098&supplier_code=00100008&order_time=2023-05-12 HTTP/1.1" 200 412
116.238.139.35 - - [12/May/2023:09:03:42 +0800] "GET /xingrg/all/function/internal_message.html?_=1683853351436&CODE_STATE=getMsg HTTP/1.1" 200 27
116.224.158.100 - - [12/May/2023:09:03:43 +0800] "GET /xingrg/all/function/internal_message.html?_=1683853422641&CODE_STATE=getMsg HTTP/1.1" 200 27
116.238.139.35 - - [12/May/2023:09:03:45 +0800] "GET /xingrg/kc/buy/cgsh_order_operate.html?command=get_materiel&rest_code=00150&code=00101006129&supplier_code=00100096&order_time=2023-05-12 HTTP/1.1" 200 431
180.169.147.146 - - [12/May/2023:09:03:45 +0800] "GET /xingrg/all/function/internal_message.html?_=1683853425623&CODE_STATE=getMsg HTTP/1.1" 302 -
116.227.208.255 - - [12/May/2023:09:03:45 +0800] "GET /xingrg/all/function/internal_message.html?_=1683853479422&CODE_STATE=getMsg HTTP/1.1" 200 27
116.224.158.100 - - [12/May/2023:09:03:46 +0800] "GET /xingrg/kc/buy/cgsh_order_operate.html?command=get_materiel&rest_code=00105&code=00101008355&supplier_code=00100203&order_time=2023-05-12 HTTP/1.1" 200 408
114.83.218.112 - - [12/May/2023:09:03:49 +0800] "GET /xingrg/kc/buy/cgsh_order_operate.html?command=get_materiel&rest_code=00149&code=00101008005&supplier_code=00100008&order_time=2023-05-12 HTTP/1.1" 200 412
116.238.139.35 - - [12/May/2023:09:03:51 +0800] "POST /xingrg/services/DataTransmitService HTTP/1.1" 200 524
114.83.219.197 - - [12/May/2023:09:03:53 +0800] "GET /xingrg/check_reg.html?_=1683853527201 HTTP/1.1" 200 22
114.83.219.197 - - [12/May/2023:09:03:53 +0800] "GET /xingrg/all/function/internal_message.html?_=1683853527203&CODE_STATE=getMsg HTTP/1.1" 200 27
116.238.139.35 - - [12/May/2023:09:03:55 +0800] "GET /xingrg/all/function/internal_message.html?_=1683853434528&CODE_STATE=getMsg HTTP/1.1" 200 27
116.224.158.100 - - [12/May/2023:09:03:56 +0800] "GET /xingrg/kc/buy/cgsh_order_operate.html?command=get_materiel&rest_code=00105&code=00101008264&supplier_code=00100203&order_time=2023-05-12 HTTP/1.1" 200 412
116.238.139.35 - - [12/May/2023:09:03:56 +0800] "GET /xingrg/kc/buy/cgsh_order_operate.html?command=get_materiel&rest_code=00150&code=00101006111&supplier_code=00100096&order_time=2023-05-12 HTTP/1.1" 200 411
116.235.240.234 - - [12/May/2023:09:03:57 +0800] "GET /xingrg/kc/buy/cgsh_order_operate.html?command=get_materiel&rest_code=00146&code=00101008210&supplier_code=00100005&order_time=2023-05-12 HTTP/1.1" 200 408
114.83.218.112 - - [12/May/2023:09:03:59 +0800] "GET /xingrg/kc/buy/cgsh_order_operate.html?command=get_materiel&rest_code=00149&code=00101008353&supplier_code=00100008&order_time=2023-05-12 HTTP/1.1" 200 408
116.238.139.35 - - [12/May/2023:09:04:06 +0800] "GET /xingrg/kc/buy/cgsh_order_operate.html?command=get_materiel&rest_code=00150&code=00101006112&supplier_code=00100096&order_time=2023-05-12 HTTP/1.1" 200 409
116.224.158.100 - - [12/May/2023:09:04:06 +0800] "GET /xingrg/kc/buy/cgsh_order_operate.html?command=get_materiel&rest_code=00105&code=00101008196&supplier_code=00100203&order_time=2023-05-12 HTTP/1.1" 200 416
116.224.158.100 - - [12/May/2023:09:04:09 +0800] "POST /xingrg/kc/buy/cgsh_order_operate.html HTTP/1.1" 200 2065
116.235.240.234 - - [12/May/2023:09:04:14 +0800] "GET /xingrg/kc/buy/cgsh_order_operate.html?command=get_materiel&rest_code=00146&code=00101008132&supplier_code=00100005&order_time=2023-05-12 HTTP/1.1" 200 408
114.83.218.112 - - [12/May/2023:09:04:14 +0800] "GET /xingrg/kc/buy/cgsh_order_operate.html?command=get_materiel&rest_code=00149&code=00101008359&supplier_code=00100008&order_time=2023-05-12 HTTP/1.1" 200 408
180.164.3.199 - - [12/May/2023:09:04:15 +0800] "GET /xingrg/all/function/internal_message.html?_=1683853454766&CODE_STATE=getMsg HTTP/1.1" 200 27
114.83.218.112 - - [12/May/2023:09:04:17 +0800] "POST /xingrg/kc/buy/cgsh_order_operate.html HTTP/1.1" 200 2065
116.235.240.234 - - [12/May/2023:09:04:19 +0800] "GET /xingrg/all/function/internal_message.html?_=1683853459264&CODE_STATE=getMsg HTTP/1.1" 200 27
116.238.139.35 - - [12/May/2023:09:04:19 +0800] "GET /xingrg/kc/buy/cgsh_order_operate.html?command=get_materiel&rest_code=00150&code=00101006134&supplier_code=00100096&order_time=2023-05-12 HTTP/1.1" 200 419
116.224.158.100 - - [12/May/2023:09:04:23 +0800] "GET /xingrg/kc/buy/cgsh_order_operate.html?command=get_materiel&rest_code=00105&code=00101008352&supplier_code=00100203&order_time=2023-05-12 HTTP/1.1" 200 412
114.83.218.112 - - [12/May/2023:09:04:23 +0800] "GET /xingrg/kc/buy/cgsh_order_operate.html?command=get_materiel&rest_code=00149&code=00101008213&supplier_code=00100008&order_time=2023-05-12 HTTP/1.1" 200 412
116.235.240.234 - - [12/May/2023:09:04:27 +0800] "GET /xingrg/kc/buy/cgsh_order_operate.html?command=get_materiel&rest_code=00146&code=00101008185&supplier_code=00100005&order_time=2023-05-12 HTTP/1.1" 200 408
172.20.0.100 - - [12/May/2023:09:04:27 +0800] "GET /xingrg/all/function/internal_message.html?_=1683853452475&CODE_STATE=getMsg HTTP/1.1" 200 27
116.238.139.35 - - [12/May/2023:09:04:34 +0800] "GET /xingrg/kc/buy/cgsh_order_operate.html?command=get_materiel&rest_code=00150&code=00101006055&supplier_code=00100096&order_time=2023-05-12 HTTP/1.1" 200 409
114.83.218.112 - - [12/May/2023:09:04:34 +0800] "GET /xingrg/kc/buy/cgsh_order_operate.html?command=get_materiel&rest_code=00149&code=00101008041&supplier_code=00100008&order_time=2023-05-12 HTTP/1.1" 200 408
116.235.240.234 - - [12/May/2023:09:04:39 +0800] "GET /xingrg/kc/buy/cgsh_order_operate.html?command=get_materiel&rest_code=00146&code=00101008354&supplier_code=00100005&order_time=2023-05-12 HTTP/1.1" 200 412
114.83.218.112 - - [12/May/2023:09:04:40 +0800] "GET /xingrg/all/function/internal_message.html?_=1683853478558&CODE_STATE=getMsg HTTP/1.1" 200 27
116.238.139.35 - - [12/May/2023:09:04:42 +0800] "GET /xingrg/all/function/internal_message.html?_=1683853411451&CODE_STATE=getMsg HTTP/1.1" 200 27
116.224.158.100 - - [12/May/2023:09:04:43 +0800] "GET /xingrg/check_reg.html?_=1683853482721 HTTP/1.1" 200 22
116.224.158.100 - - [12/May/2023:09:04:43 +0800] "GET /xingrg/all/function/internal_message.html?_=1683853482720&CODE_STATE=getMsg HTTP/1.1" 200 27
180.169.147.146 - - [12/May/2023:09:04:45 +0800] "GET /xingrg/all/function/internal_message.html?_=1683853485637&CODE_STATE=getMsg HTTP/1.1" 302 -
116.227.208.255 - - [12/May/2023:09:04:45 +0800] "GET /xingrg/all/function/internal_message.html?_=1683853539424&CODE_STATE=getMsg HTTP/1.1" 200 27
114.83.218.112 - - [12/May/2023:09:04:45 +0800] "GET /xingrg/kc/buy/cgsh_order_operate.html?command=get_materiel&rest_code=00149&code=00101008706&supplier_code=00100008&order_time=2023-05-12 HTTP/1.1" 200 413
61.170.233.194 - - [12/May/2023:09:04:46 +0800] "POST /xingrg/kc/buy/cgsh_order_operate.html HTTP/1.1" 200 34560
116.238.139.35 - - [12/May/2023:09:04:49 +0800] "GET /xingrg/kc/buy/cgsh_order_operate.html?command=get_materiel&rest_code=00150&code=00101006168&supplier_code=00100096&order_time=2023-05-12 HTTP/1.1" 200 421
116.235.240.234 - - [12/May/2023:09:04:49 +0800] "GET /xingrg/kc/buy/cgsh_order_operate.html?command=get_materiel&rest_code=00146&code=00101008028&supplier_code=00100005&order_time=2023-05-12 HTTP/1.1" 200 412
116.224.158.100 - - [12/May/2023:09:04:51 +0800] "GET /xingrg/kc/buy/cgsh_order_operate.html?command=get_materiel&rest_code=00105&code=00101008353&supplier_code=00100203&order_time=2023-05-12 HTTP/1.1" 200 408
114.85.96.117 - - [12/May/2023:09:04:51 +0800] "GET /xingrg/check_reg.html?_=1683853492338 HTTP/1.1" 302 -
114.83.219.197 - - [12/May/2023:09:04:53 +0800] "GET /xingrg/all/function/internal_message.html?_=1683853587202&CODE_STATE=getMsg HTTP/1.1" 200 27
114.83.218.112 - - [12/May/2023:09:04:55 +0800] "GET /xingrg/kc/buy/cgsh_order_operate.html?command=get_materiel&rest_code=00149&code=00101008114&supplier_code=00100008&order_time=2023-05-12 HTTP/1.1" 200 413
116.238.139.35 - - [12/May/2023:09:04:55 +0800] "GET /xingrg/all/function/internal_message.html?_=1683853494541&CODE_STATE=getMsg HTTP/1.1" 200 27
116.224.158.100 - - [12/May/2023:09:04:57 +0800] "GET /xingrg/kc/buy/cgsh_order_operate.html?command=get_materiel&rest_code=00105&code=00101008213&supplier_code=00100203&order_time=2023-05-12 HTTP/1.1" 200 412
172.20.0.100 - - [12/May/2023:09:05:02 +0800] "GET /xingrg/check_reg.html?_=1683853514862 HTTP/1.1" 302 -
116.224.158.100 - - [12/May/2023:09:05:05 +0800] "GET /xingrg/kc/buy/cgsh_order_operate.html?command=get_materiel&rest_code=00105&code=00101008105&supplier_code=00100203&order_time=2023-05-12 HTTP/1.1" 200 412
114.83.218.112 - - [12/May/2023:09:05:05 +0800] "GET /xingrg/kc/buy/cgsh_order_operate.html?command=get_materiel&rest_code=00149&code=00101009113&supplier_code=00100008&order_time=2023-05-12 HTTP/1.1" 200 413
116.238.139.35 - - [12/May/2023:09:05:08 +0800] "GET /xingrg/kc/buy/cgsh_order_operate.html?command=get_materiel&rest_code=00150&code=00101007134&supplier_code=00100096&order_time=2023-05-12 HTTP/1.1" 200 415
116.224.158.100 - - [12/May/2023:09:05:12 +0800] "GET /xingrg/kc/buy/cgsh_order_operate.html?command=get_materiel&rest_code=00105&code=00101008119&supplier_code=00100203&order_time=2023-05-12 HTTP/1.1" 200 412
114.83.218.112 - - [12/May/2023:09:05:13 +0800] "POST /xingrg/kc/buy/cgsh_order_operate.html HTTP/1.1" 200 2065
180.164.3.199 - - [12/May/2023:09:05:15 +0800] "GET /xingrg/all/function/internal_message.html?_=1683853514783&CODE_STATE=getMsg HTTP/1.1" 200 27
116.235.240.234 - - [12/May/2023:09:05:15 +0800] "GET /xingrg/kc/buy/cgsh_order_operate.html?command=get_materiel&rest_code=00146&code=00101008290&supplier_code=00100005&order_time=2023-05-12 HTTP/1.1" 200 416
116.238.139.35 - - [12/May/2023:09:05:17 +0800] "GET /xingrg/kc/buy/cgsh_order_operate.html?command=get_materiel&rest_code=00150&code=00101007181&supplier_code=00100096&order_time=2023-05-12 HTTP/1.1" 200 412
116.235.240.234 - - [12/May/2023:09:05:19 +0800] "GET /xingrg/all/function/internal_message.html?_=1683853519277&CODE_STATE=getMsg HTTP/1.1" 200 27
114.83.218.112 - - [12/May/2023:09:05:22 +0800] "GET /xingrg/kc/buy/cgsh_order_operate.html?command=get_materiel&rest_code=00149&code=00101009004&supplier_code=00100008&order_time=2023-05-12 HTTP/1.1" 200 408
172.20.0.100 - - [12/May/2023:09:05:27 +0800] "GET /xingrg/all/function/internal_message.html?_=1683853512480&CODE_STATE=getMsg HTTP/1.1" 200 27
116.238.139.35 - - [12/May/2023:09:05:27 +0800] "GET /xingrg/kc/buy/cgsh_order_operate.html?command=get_materiel&rest_code=00150&code=00101007081&supplier_code=00100096&order_time=2023-05-12 HTTP/1.1" 200 415
116.224.158.100 - - [12/May/2023:09:05:31 +0800] "GET /xingrg/kc/buy/cgsh_order_operate.html?command=get_materiel&rest_code=00105&code=00101015038&supplier_code=00100203&order_time=2023-05-12 HTTP/1.1" 200 418
114.83.218.112 - - [12/May/2023:09:05:32 +0800] "GET /xingrg/kc/buy/cgsh_order_operate.html?command=get_materiel&rest_code=00149&code=00101013137&supplier_code=00100008&order_time=2023-05-12 HTTP/1.1" 200 432
61.170.233.194 - - [12/May/2023:09:05:35 +0800] "GET /xingrg/all/function/internal_message.html?_=1683853532672&CODE_STATE=getMsg HTTP/1.1" 200 27
116.235.240.234 - - [12/May/2023:09:05:35 +0800] "GET /xingrg/kc/buy/cgsh_order_operate.html?command=get_materiel&rest_code=00146&code=00101008361&supplier_code=00100005&order_time=2023-05-12 HTTP/1.1" 200 408
61.170.233.194 - - [12/May/2023:09:05:35 +0800] "GET /xingrg/check_reg.html?_=1683853532864 HTTP/1.1" 200 22
114.83.218.112 - - [12/May/2023:09:05:40 +0800] "GET /xingrg/all/function/internal_message.html?_=1683853538573&CODE_STATE=getMsg HTTP/1.1" 200 27
116.224.158.100 - - [12/May/2023:09:05:41 +0800] "GET /xingrg/kc/buy/cgsh_order_operate.html?command=get_materiel&rest_code=00105&code=00101008323&supplier_code=00100203&order_time=2023-05-12 HTTP/1.1" 200 408
114.83.218.112 - - [12/May/2023:09:05:41 +0800] "GET /xingrg/kc/buy/cgsh_order_operate.html?command=get_materiel&rest_code=00149&code=00101013175&supplier_code=00100008&order_time=2023-05-12 HTTP/1.1" 200 412
116.238.139.35 - - [12/May/2023:09:05:42 +0800] "GET /xingrg/kc/buy/cgsh_order_operate.html?command=get_materiel&rest_code=00150&code=00101007071&supplier_code=00100096&order_time=2023-05-12 HTTP/1.1" 200 417
116.238.139.35 - - [12/May/2023:09:05:42 +0800] "GET /xingrg/all/function/internal_message.html?_=1683853471463&CODE_STATE=getMsg HTTP/1.1" 200 27
116.224.158.100 - - [12/May/2023:09:05:43 +0800] "GET /xingrg/all/function/internal_message.html?_=1683853542654&CODE_STATE=getMsg HTTP/1.1" 200 27
180.169.147.146 - - [12/May/2023:09:05:45 +0800] "GET /xingrg/all/function/internal_message.html?_=1683853545635&CODE_STATE=getMsg HTTP/1.1" 302 -
116.227.208.255 - - [12/May/2023:09:05:45 +0800] "GET /xingrg/all/function/internal_message.html?_=1683853599422&CODE_STATE=getMsg HTTP/1.1" 200 27
116.235.240.234 - - [12/May/2023:09:05:48 +0800] "GET /xingrg/kc/buy/cgsh_order_operate.html?command=get_materiel&rest_code=00146&code=00101008355&supplier_code=00100005&order_time=2023-05-12 HTTP/1.1" 200 408
114.83.219.197 - - [12/May/2023:09:05:53 +0800] "GET /xingrg/all/function/internal_message.html?_=1683853647186&CODE_STATE=getMsg HTTP/1.1" 200 27
180.171.122.0 - - [12/May/2023:09:05:54 +0800] "GET /xingrg/check_reg.html?_=1683853552219 HTTP/1.1" 200 22
116.238.139.35 - - [12/May/2023:09:05:55 +0800] "GET /xingrg/all/function/internal_message.html?_=1683853554532&CODE_STATE=getMsg HTTP/1.1" 200 27
116.238.139.35 - - [12/May/2023:09:05:55 +0800] "GET /xingrg/check_reg.html?_=1683853554533 HTTP/1.1" 200 22
116.235.240.234 - - [12/May/2023:09:05:58 +0800] "GET /xingrg/kc/buy/cgsh_order_operate.html?command=get_materiel&rest_code=00146&code=00101008004&supplier_code=00100005&order_time=2023-05-12 HTTP/1.1" 200 416
180.164.3.199 - - [12/May/2023:09:06:15 +0800] "GET /xingrg/check_reg.html?_=1683853574786 HTTP/1.1" 200 22
180.164.3.199 - - [12/May/2023:09:06:15 +0800] "GET /xingrg/all/function/internal_message.html?_=1683853574789&CODE_STATE=getMsg HTTP/1.1" 200 27
116.235.240.234 - - [12/May/2023:09:06:16 +0800] "GET /xingrg/check_reg.html?_=1683853576001 HTTP/1.1" 200 22
180.171.122.0 - - [12/May/2023:09:06:18 +0800] "GET /xingrg/check_reg.html?_=1683853576327 HTTP/1.1" 200 22
116.235.240.234 - - [12/May/2023:09:06:19 +0800] "GET /xingrg/all/function/internal_message.html?_=1683853579290&CODE_STATE=getMsg HTTP/1.1" 200 27
116.224.158.100 - - [12/May/2023:09:06:20 +0800] "GET /xingrg/kc/buy/cgsh_order_operate.html?command=get_materiel&rest_code=00105&code=00101008219&supplier_code=00100203&order_time=2023-05-12 HTTP/1.1" 200 23
172.20.0.100 - - [12/May/2023:09:06:27 +0800] "GET /xingrg/all/function/internal_message.html?_=1683853572468&CODE_STATE=getMsg HTTP/1.1" 200 27
116.235.240.234 - - [12/May/2023:09:06:28 +0800] "GET /xingrg/kc/buy/cgsh_order_operate.html?command=get_materiel&rest_code=00146&code=00101008356&supplier_code=00100005&order_time=2023-05-12 HTTP/1.1" 200 23
116.238.139.35 - - [12/May/2023:09:06:32 +0800] "POST /xingrg/kc/buy/cgsh_order_operate.html HTTP/1.1" 200 64
114.83.218.112 - - [12/May/2023:09:06:33 +0800] "POST /xingrg/kc/buy/cgsh_order_operate.html HTTP/1.1" 200 37
180.163.29.79 - - [12/May/2023:09:06:35 +0800] "GET /xingrg/all/function/internal_message.html?_=1683853532672&CODE_STATE=getMsg HTTP/1.1" 302 -
61.170.233.194 - - [12/May/2023:09:06:35 +0800] "GET /xingrg/all/function/internal_message.html?_=1683853592647&CODE_STATE=getMsg HTTP/1.1" 200 27
180.163.29.79 - - [12/May/2023:09:06:35 +0800] "GET /xingrg/login.html HTTP/1.1" 200 7641
116.238.139.35 - - [12/May/2023:09:06:42 +0800] "GET /xingrg/check_reg.html?_=1683853531419 HTTP/1.1" 200 22
116.238.139.35 - - [12/May/2023:09:06:42 +0800] "GET /xingrg/all/function/internal_message.html?_=1683853531477&CODE_STATE=getMsg HTTP/1.1" 200 27
116.224.158.100 - - [12/May/2023:09:06:43 +0800] "GET /xingrg/all/function/internal_message.html?_=1683853602726&CODE_STATE=getMsg HTTP/1.1" 200 27
120.253.135.82 - - [12/May/2023:09:06:44 +0800] "GET /xingrg/kc/pszx/mdqp_order_list.html?state=10 HTTP/1.1" 200 10275
120.253.135.82 - - [12/May/2023:09:06:44 +0800] "GET /xingrg/dwr/interface/AjaxQqpsService.js HTTP/1.1" 200 16326
120.253.135.82 - - [12/May/2023:09:06:44 +0800] "GET /xingrg/dwr/interface/AjaxReportQueryService.js HTTP/1.1" 200 13203
120.253.135.82 - - [12/May/2023:09:06:44 +0800] "GET /xingrg/dwr/engine.js HTTP/1.1" 200 43631
180.169.147.146 - - [12/May/2023:09:06:45 +0800] "GET /xingrg/check_reg.html?_=1683853605633 HTTP/1.1" 302 -
180.169.147.146 - - [12/May/2023:09:06:45 +0800] "GET /xingrg/all/function/internal_message.html?_=1683853605635&CODE_STATE=getMsg HTTP/1.1" 302 -
116.227.208.255 - - [12/May/2023:09:06:45 +0800] "GET /xingrg/all/function/internal_message.html?_=1683853659425&CODE_STATE=getMsg HTTP/1.1" 200 27
116.224.158.100 - - [12/May/2023:09:06:49 +0800] "GET /xingrg/kc/buy/cgsh_order_operate.html?command=get_materiel&rest_code=00105&code=00101008210&supplier_code=00100203&order_time=2023-05-12 HTTP/1.1" 200 408
114.83.219.197 - - [12/May/2023:09:06:53 +0800] "GET /xingrg/all/function/internal_message.html?_=1683853707202&CODE_STATE=getMsg HTTP/1.1" 200 27
116.235.240.234 - - [12/May/2023:09:06:54 +0800] "POST /xingrg/kc/buy/cgsh_order_operate.html HTTP/1.1" 200 37
116.238.139.35 - - [12/May/2023:09:06:55 +0800] "GET /xingrg/all/function/internal_message.html?_=1683853614539&CODE_STATE=getMsg HTTP/1.1" 200 27
116.238.139.35 - - [12/May/2023:09:06:58 +0800] "POST /xingrg/kc/buy/cgsh_order_operate.html HTTP/1.1" 200 88
114.83.218.112 - - [12/May/2023:09:07:00 +0800] "GET /xingrg/all/function/internal_message.html?_=1683853618920&CODE_STATE=getMsg HTTP/1.1" 200 27
114.83.218.112 - - [12/May/2023:09:07:00 +0800] "GET /xingrg/check_reg.html?_=1683853618922 HTTP/1.1" 200 22
114.85.113.108 - - [12/May/2023:09:07:03 +0800] "GET /xingrg/check_reg.html?_=1683853622607 HTTP/1.1" 200 22
116.235.240.234 - - [12/May/2023:09:07:11 +0800] "POST /xingrg/kc/buy/cgsh_order_operate.html HTTP/1.1" 200 8212
116.224.158.100 - - [12/May/2023:09:07:11 +0800] "POST /xingrg/kc/buy/cgsh_order_operate.html HTTP/1.1" 200 37
116.235.240.234 - - [12/May/2023:09:07:14 +0800] "GET /xingrg/login.html HTTP/1.1" 200 7641
116.235.240.234 - - [12/May/2023:09:07:14 +0800] "GET /favicon.ico HTTP/1.1" 404 -
180.164.3.199 - - [12/May/2023:09:07:15 +0800] "GET /xingrg/all/function/internal_message.html?_=1683853634763&CODE_STATE=getMsg HTTP/1.1" 200 27
180.171.122.0 - - [12/May/2023:09:07:17 +0800] "GET /xingrg/check_reg.html?_=1683853635217 HTTP/1.1" 200 22
116.238.139.35 - - [12/May/2023:09:07:19 +0800] "POST /xingrg/kc/buy/cgsh_order_operate.html HTTP/1.1" 200 88
116.224.158.100 - - [12/May/2023:09:07:20 +0800] "POST /xingrg/kc/buy/cgsh_order_operate.html HTTP/1.1" 200 16236
116.235.240.234 - - [12/May/2023:09:07:26 +0800] "POST /xingrg/login.do HTTP/1.1" 302 -
172.20.0.100 - - [12/May/2023:09:07:27 +0800] "GET /xingrg/check_reg.html?_=1683853632472 HTTP/1.1" 200 22
172.20.0.100 - - [12/May/2023:09:07:27 +0800] "GET /xingrg/all/function/internal_message.html?_=1683853632475&CODE_STATE=getMsg HTTP/1.1" 200 27
116.235.240.234 - - [12/May/2023:09:07:31 +0800] "POST /xingrg/login.do HTTP/1.1" 302 -
116.235.240.234 - - [12/May/2023:09:07:32 +0800] "GET /xingrg/index.html?sysBaseUrl=http%3A%2F%2F180.169.147.146%3A18081%2Fxingrg%2F&costTime=5554×tamp=1683853651577 HTTP/1.1" 200 17179
116.235.240.234 - - [12/May/2023:09:07:32 +0800] "GET /xingrg/javascript/jquery_easy_ui/themes/default/easyui.css HTTP/1.1" 304 -
116.235.240.234 - - [12/May/2023:09:07:32 +0800] "GET /xingrg/javascript/jquery_easy_ui/easyui-lang-zh_CN.js HTTP/1.1" 304 -
116.235.240.234 - - [12/May/2023:09:07:32 +0800] "GET /xingrg/javascript/jquery-1.4.2.min.js HTTP/1.1" 304 -
116.235.240.234 - - [12/May/2023:09:07:32 +0800] "GET /xingrg/css/form.css HTTP/1.1" 304 -
116.235.240.234 - - [12/May/2023:09:07:32 +0800] "GET /xingrg/javascript/jquery_easy_ui/themes/icon.css HTTP/1.1" 304 -
116.235.240.234 - - [12/May/2023:09:07:32 +0800] "GET /xingrg/javascript/jquery.utils.js HTTP/1.1" 304 -
