116.238.139.35 - - [12/May/2023:08:41:45 +0800] "GET /xingrg/all/function/internal_message.html?_=1683852034320&CODE_STATE=getMsg HTTP/1.1" 200 27
61.170.233.194 - - [12/May/2023:08:41:46 +0800] "GET /xingrg/kc/buy/cgsh_order_operate.html?command=get_materiel&rest_code=00106&code=00101008163&supplier_code=00100007&order_time=2023-05-12 HTTP/1.1" 200 409
61.170.233.194 - - [12/May/2023:08:41:54 +0800] "GET /xingrg/kc/buy/cgsh_order_operate.html?command=get_materiel&rest_code=00106&code=00101008355&supplier_code=00100007&order_time=2023-05-12 HTTP/1.1" 200 408
116.238.139.35 - - [12/May/2023:08:41:55 +0800] "GET /xingrg/all/function/internal_message.html?_=1683852114517&CODE_STATE=getMsg HTTP/1.1" 200 27
180.163.28.114 - - [12/May/2023:08:41:58 +0800] "GET /xingrg/kc/buy/cgsh_order_operate.html?command=get_materiel&rest_code=00106&code=00101008354&supplier_code=00100007&order_time=2023-05-12 HTTP/1.1" 302 -
180.163.28.114 - - [12/May/2023:08:41:58 +0800] "GET /xingrg/login.html HTTP/1.1" 200 7641
114.85.113.108 - - [12/May/2023:08:42:04 +0800] "GET /xingrg/check_reg.html?_=1683852122687 HTTP/1.1" 200 22
61.170.233.194 - - [12/May/2023:08:42:04 +0800] "POST /xingrg/kc/buy/cgsh_order_operate.html HTTP/1.1" 200 37
61.170.233.194 - - [12/May/2023:08:42:07 +0800] "POST /xingrg/kc/buy/cgsh_order_operate.html HTTP/1.1" 200 6190
180.164.3.199 - - [12/May/2023:08:42:15 +0800] "GET /xingrg/all/function/internal_message.html?_=1683852134759&CODE_STATE=getMsg HTTP/1.1" 200 27
61.170.233.194 - - [12/May/2023:08:42:17 +0800] "GET /favicon.ico HTTP/1.1" 404 -
116.235.240.234 - - [12/May/2023:08:42:18 +0800] "GET /xingrg/all/function/internal_message.html?_=1683852138278&CODE_STATE=getMsg HTTP/1.1" 200 27
61.170.233.194 - - [12/May/2023:08:42:22 +0800] "GET /favicon.ico HTTP/1.1" 404 -
61.170.233.194 - - [12/May/2023:08:42:35 +0800] "GET /xingrg/all/function/internal_message.html?_=1683852152862&CODE_STATE=getMsg HTTP/1.1" 200 27
61.170.233.194 - - [12/May/2023:08:42:39 +0800] "GET /xingrg/kc/buy/cgsh_order_operate.html?command=get_materiel&rest_code=00106&code=00101008144&supplier_code=00100007&order_time=2023-05-12 HTTP/1.1" 200 412
180.169.147.146 - - [12/May/2023:08:42:45 +0800] "GET /xingrg/all/function/internal_message.html?_=1683852165606&CODE_STATE=getMsg HTTP/1.1" 302 -
116.238.139.35 - - [12/May/2023:08:42:45 +0800] "GET /xingrg/all/function/internal_message.html?_=1683852094333&CODE_STATE=getMsg HTTP/1.1" 200 27
61.170.233.194 - - [12/May/2023:08:42:48 +0800] "GET /xingrg/kc/buy/cgsh_order_operate.html?command=get_materiel&rest_code=00106&code=00101008264&supplier_code=00100007&order_time=2023-05-12 HTTP/1.1" 200 412
116.238.139.35 - - [12/May/2023:08:42:55 +0800] "GET /xingrg/all/function/internal_message.html?_=1683852174512&CODE_STATE=getMsg HTTP/1.1" 200 27
61.170.233.194 - - [12/May/2023:08:43:01 +0800] "GET /xingrg/kc/buy/cgsh_order_operate.html?command=get_materiel&rest_code=00106&code=00101008360&supplier_code=00100007&order_time=2023-05-12 HTTP/1.1" 200 412
180.164.3.199 - - [12/May/2023:08:43:15 +0800] "GET /xingrg/all/function/internal_message.html?_=1683852194771&CODE_STATE=getMsg HTTP/1.1" 200 27
61.170.233.194 - - [12/May/2023:08:43:15 +0800] "GET /xingrg/kc/buy/cgsh_order_operate.html?command=get_materiel&rest_code=00106&code=00101008134&supplier_code=00100007&order_time=2023-05-12 HTTP/1.1" 200 412
61.170.233.194 - - [12/May/2023:08:43:17 +0800] "POST /xingrg/kc/buy/cgsh_order_operate.html HTTP/1.1" 200 2065
116.235.240.234 - - [12/May/2023:08:43:18 +0800] "GET /xingrg/all/function/internal_message.html?_=1683852198292&CODE_STATE=getMsg HTTP/1.1" 200 27
61.170.233.194 - - [12/May/2023:08:43:23 +0800] "GET /xingrg/kc/buy/cgsh_order_operate.html?command=get_materiel&rest_code=00106&code=00101008286&supplier_code=00100007&order_time=2023-05-12 HTTP/1.1" 200 408
61.170.233.194 - - [12/May/2023:08:43:30 +0800] "GET /xingrg/kc/buy/cgsh_order_operate.html?command=get_materiel&rest_code=00106&code=00101008131&supplier_code=00100007&order_time=2023-05-12 HTTP/1.1" 200 409
61.170.233.194 - - [12/May/2023:08:43:35 +0800] "GET /xingrg/all/function/internal_message.html?_=1683852212841&CODE_STATE=getMsg HTTP/1.1" 200 27
61.170.233.194 - - [12/May/2023:08:43:40 +0800] "GET /xingrg/kc/buy/cgsh_order_operate.html?command=get_materiel&rest_code=00106&code=00101008318&supplier_code=00100007&order_time=2023-05-12 HTTP/1.1" 200 408
180.169.147.146 - - [12/May/2023:08:43:45 +0800] "GET /xingrg/all/function/internal_message.html?_=1683852225605&CODE_STATE=getMsg HTTP/1.1" 302 -
116.238.139.35 - - [12/May/2023:08:43:45 +0800] "GET /xingrg/all/function/internal_message.html?_=1683852154347&CODE_STATE=getMsg HTTP/1.1" 200 27
116.238.139.35 - - [12/May/2023:08:43:55 +0800] "GET /xingrg/all/function/internal_message.html?_=1683852234511&CODE_STATE=getMsg HTTP/1.1" 200 27
61.170.233.194 - - [12/May/2023:08:44:02 +0800] "GET /xingrg/kc/buy/cgsh_order_operate.html?command=get_materiel&rest_code=00106&code=00101008005&supplier_code=00100007&order_time=2023-05-12 HTTP/1.1" 200 412
61.170.233.194 - - [12/May/2023:08:44:11 +0800] "GET /xingrg/kc/buy/cgsh_order_operate.html?command=get_materiel&rest_code=00106&code=00101008350&supplier_code=00100007&order_time=2023-05-12 HTTP/1.1" 200 408
180.164.3.199 - - [12/May/2023:08:44:15 +0800] "GET /xingrg/all/function/internal_message.html?_=1683852254761&CODE_STATE=getMsg HTTP/1.1" 200 27
61.170.233.194 - - [12/May/2023:08:44:15 +0800] "POST /xingrg/kc/buy/cgsh_order_operate.html HTTP/1.1" 200 2065
116.235.240.234 - - [12/May/2023:08:44:18 +0800] "GET /xingrg/all/function/internal_message.html?_=1683852258435&CODE_STATE=getMsg HTTP/1.1" 200 27
61.170.233.194 - - [12/May/2023:08:44:30 +0800] "POST /xingrg/kc/buy/cgsh_order_operate.html HTTP/1.1" 200 37
116.224.158.100 - - [12/May/2023:08:44:40 +0800] "POST /xingrg/login.do HTTP/1.1" 200 2421
116.224.158.100 - - [12/May/2023:08:44:40 +0800] "GET /favicon.ico HTTP/1.1" 404 -
116.224.158.100 - - [12/May/2023:08:44:41 +0800] "GET /xingrg/login.html HTTP/1.1" 200 7641
116.224.158.100 - - [12/May/2023:08:44:41 +0800] "GET /favicon.ico HTTP/1.1" 404 -
61.170.233.194 - - [12/May/2023:08:44:42 +0800] "POST /xingrg/kc/buy/cgsh_order_operate.html HTTP/1.1" 200 11521
116.224.158.100 - - [12/May/2023:08:44:42 +0800] "POST /xingrg/login.do HTTP/1.1" 302 -
116.224.158.100 - - [12/May/2023:08:44:42 +0800] "GET /xingrg/index.html?sysBaseUrl=http%3A%2F%2F180.169.147.146%3A18081%2Fxingrg%2F&costTime=885×tamp=1683852282828 HTTP/1.1" 200 17173
116.224.158.100 - - [12/May/2023:08:44:43 +0800] "GET /xingrg/check_reg.html?_=1683852282633 HTTP/1.1" 200 22
116.224.158.100 - - [12/May/2023:08:44:43 +0800] "GET /favicon.ico HTTP/1.1" 404 -
116.224.158.100 - - [12/May/2023:08:44:43 +0800] "GET /xingrg/all/function/internal_message.html?_=1683852282632&CODE_STATE=count HTTP/1.1" 200 11
116.224.158.100 - - [12/May/2023:08:44:43 +0800] "POST /xingrg/all/common/load_tree.html?tree=area_rest_tree_json&manage=1 HTTP/1.1" 200 3499
116.224.158.100 - - [12/May/2023:08:44:43 +0800] "POST /xingrg/load_menu.html HTTP/1.1" 200 5138
180.169.147.146 - - [12/May/2023:08:44:45 +0800] "GET /xingrg/all/function/internal_message.html?_=1683852285607&CODE_STATE=getMsg HTTP/1.1" 302 -
116.238.139.35 - - [12/May/2023:08:44:45 +0800] "GET /xingrg/all/function/internal_message.html?_=1683852214463&CODE_STATE=getMsg HTTP/1.1" 200 27
114.85.96.117 - - [12/May/2023:08:44:51 +0800] "GET /xingrg/check_reg.html?_=1683852292409 HTTP/1.1" 302 -
61.170.233.194 - - [12/May/2023:08:44:51 +0800] "GET /xingrg/kc/buy/cgsh_order_operate.html?command=get_materiel&rest_code=00106&code=00101008087&supplier_code=00100007&order_time=2023-05-12 HTTP/1.1" 200 412
116.238.139.35 - - [12/May/2023:08:44:55 +0800] "GET /xingrg/all/function/internal_message.html?_=1683852294515&CODE_STATE=getMsg HTTP/1.1" 200 27
61.170.233.194 - - [12/May/2023:08:45:00 +0800] "GET /xingrg/kc/buy/cgsh_order_operate.html?command=get_materiel&rest_code=00106&code=00101008361&supplier_code=00100007&order_time=2023-05-12 HTTP/1.1" 200 408
172.20.0.100 - - [12/May/2023:08:45:02 +0800] "GET /xingrg/check_reg.html?_=1683852314967 HTTP/1.1" 302 -
116.224.158.100 - - [12/May/2023:08:45:05 +0800] "GET /xingrg/kc/buy/cgsh_order_list.html HTTP/1.1" 200 55513
116.224.158.100 - - [12/May/2023:08:45:07 +0800] "POST /xingrg/kc/buy/cgsh_list_operate.html HTTP/1.1" 200 986
61.170.233.194 - - [12/May/2023:08:45:08 +0800] "GET /xingrg/kc/buy/cgsh_order_operate.html?command=get_materiel&rest_code=00106&code=00101008213&supplier_code=00100007&order_time=2023-05-12 HTTP/1.1" 200 412
116.224.158.100 - - [12/May/2023:08:45:10 +0800] "GET /xingrg/kc/buy/cgsh_order_add.html HTTP/1.1" 200 71377
116.224.158.100 - - [12/May/2023:08:45:10 +0800] "GET /xingrg/words/20230511175935_words.js HTTP/1.1" 200 963839
116.224.158.100 - - [12/May/2023:08:45:10 +0800] "POST /xingrg/kc/buy/cgsh_order_operate.html HTTP/1.1" 200 8245
116.224.158.100 - - [12/May/2023:08:45:10 +0800] "GET /xingrg/javascript/easyui/themes/default/validatebox.css HTTP/1.1" 404 1104
116.224.158.100 - - [12/May/2023:08:45:10 +0800] "GET /xingrg/all/common/auto_word.html?type=employee&rest_code=00105 HTTP/1.1" 200 193
116.224.158.100 - - [12/May/2023:08:45:10 +0800] "GET /xingrg/all/common/auto_word.html?type=employee&rest_code=00105 HTTP/1.1" 200 193
180.164.3.199 - - [12/May/2023:08:45:15 +0800] "GET /xingrg/all/function/internal_message.html?_=1683852314780&CODE_STATE=getMsg HTTP/1.1" 200 27
116.235.240.234 - - [12/May/2023:08:45:18 +0800] "GET /xingrg/all/function/internal_message.html?_=1683852318444&CODE_STATE=getMsg HTTP/1.1" 200 27
61.170.233.194 - - [12/May/2023:08:45:26 +0800] "GET /xingrg/kc/buy/cgsh_order_operate.html?command=get_materiel&rest_code=00106&code=00101008358&supplier_code=00100007&order_time=2023-05-12 HTTP/1.1" 200 412
61.170.233.194 - - [12/May/2023:08:45:34 +0800] "POST /xingrg/kc/buy/cgsh_order_operate.html HTTP/1.1" 200 2065
61.170.233.194 - - [12/May/2023:08:45:35 +0800] "GET /xingrg/check_reg.html?_=1683852332838 HTTP/1.1" 200 22
61.170.233.194 - - [12/May/2023:08:45:35 +0800] "GET /xingrg/all/function/internal_message.html?_=1683852332842&CODE_STATE=getMsg HTTP/1.1" 200 27
61.170.233.194 - - [12/May/2023:08:45:42 +0800] "GET /xingrg/kc/buy/cgsh_order_operate.html?command=get_materiel&rest_code=00106&code=00101008243&supplier_code=00100007&order_time=2023-05-12 HTTP/1.1" 200 409
116.224.158.100 - - [12/May/2023:08:45:43 +0800] "GET /xingrg/all/function/internal_message.html?_=1683852342651&CODE_STATE=getMsg HTTP/1.1" 200 27
180.169.147.146 - - [12/May/2023:08:45:45 +0800] "GET /xingrg/all/function/internal_message.html?_=1683852345605&CODE_STATE=getMsg HTTP/1.1" 302 -
116.238.139.35 - - [12/May/2023:08:45:45 +0800] "GET /xingrg/all/function/internal_message.html?_=1683852274468&CODE_STATE=getMsg HTTP/1.1" 200 27
180.163.29.206 - - [12/May/2023:08:45:48 +0800] "GET /xingrg/kc/buy/cgsh_order_operate.html?command=get_materiel&rest_code=00106&code=00101008087&supplier_code=00100007&order_time=2023-05-12 HTTP/1.1" 302 -
180.163.29.206 - - [12/May/2023:08:45:48 +0800] "GET /xingrg/login.html HTTP/1.1" 200 7641
116.238.139.35 - - [12/May/2023:08:45:55 +0800] "GET /xingrg/check_reg.html?_=1683852354508 HTTP/1.1" 200 22
116.238.139.35 - - [12/May/2023:08:45:55 +0800] "GET /xingrg/all/function/internal_message.html?_=1683852354510&CODE_STATE=getMsg HTTP/1.1" 200 27
61.170.233.194 - - [12/May/2023:08:46:03 +0800] "GET /xingrg/kc/buy/cgsh_order_operate.html?command=get_materiel&rest_code=00106&code=00101008370&supplier_code=00100007&order_time=2023-05-12 HTTP/1.1" 200 412
180.164.3.199 - - [12/May/2023:08:46:15 +0800] "GET /xingrg/check_reg.html?_=1683852374777 HTTP/1.1" 200 22
180.164.3.199 - - [12/May/2023:08:46:15 +0800] "GET /xingrg/all/function/internal_message.html?_=1683852374779&CODE_STATE=getMsg HTTP/1.1" 200 27
116.235.240.234 - - [12/May/2023:08:46:16 +0800] "GET /xingrg/check_reg.html?_=1683852375733 HTTP/1.1" 200 22
61.170.233.194 - - [12/May/2023:08:46:17 +0800] "GET /xingrg/kc/buy/cgsh_order_operate.html?command=get_materiel&rest_code=00106&code=00101008126&supplier_code=00100007&order_time=2023-05-12 HTTP/1.1" 200 412
116.235.240.234 - - [12/May/2023:08:46:18 +0800] "GET /xingrg/all/function/internal_message.html?_=1683852378462&CODE_STATE=getMsg HTTP/1.1" 200 27
116.238.139.35 - - [12/May/2023:08:46:27 +0800] "GET /xingrg/kc/buy/cgsh_order_operate.html?command=get_materiel&rest_code=00150&code=00101008371&supplier_code=00100008&order_time=2023-05-12 HTTP/1.1" 200 412
61.170.233.194 - - [12/May/2023:08:46:35 +0800] "GET /xingrg/all/function/internal_message.html?_=1683852392823&CODE_STATE=getMsg HTTP/1.1" 200 27
116.238.139.35 - - [12/May/2023:08:46:42 +0800] "GET /xingrg/kc/buy/cgsh_order_operate.html?command=get_materiel&rest_code=00150&code=00101008005&supplier_code=00100008&order_time=2023-05-12 HTTP/1.1" 200 412
116.224.158.100 - - [12/May/2023:08:46:43 +0800] "GET /xingrg/all/function/internal_message.html?_=1683852402642&CODE_STATE=getMsg HTTP/1.1" 200 27
116.238.139.35 - - [12/May/2023:08:46:44 +0800] "GET /xingrg/check_reg.html?_=1683852333593 HTTP/1.1" 200 22
180.169.147.146 - - [12/May/2023:08:46:45 +0800] "GET /xingrg/all/function/internal_message.html?_=1683852405603&CODE_STATE=getMsg HTTP/1.1" 302 -
180.169.147.146 - - [12/May/2023:08:46:45 +0800] "GET /xingrg/check_reg.html?_=1683852405604 HTTP/1.1" 302 -
116.238.139.35 - - [12/May/2023:08:46:45 +0800] "GET /xingrg/all/function/internal_message.html?_=1683852334481&CODE_STATE=getMsg HTTP/1.1" 200 27
61.170.233.194 - - [12/May/2023:08:46:54 +0800] "POST /xingrg/kc/buy/cgsh_order_operate.html HTTP/1.1" 200 2065
116.238.139.35 - - [12/May/2023:08:46:55 +0800] "GET /xingrg/all/function/internal_message.html?_=1683852414508&CODE_STATE=getMsg HTTP/1.1" 200 27
61.170.233.194 - - [12/May/2023:08:47:00 +0800] "GET /xingrg/kc/buy/cgsh_order_operate.html?command=get_materiel&rest_code=00106&code=00101008036&supplier_code=00100007&order_time=2023-05-12 HTTP/1.1" 200 408
116.238.139.35 - - [12/May/2023:08:47:02 +0800] "GET /xingrg/kc/buy/cgsh_order_operate.html?command=get_materiel&rest_code=00150&code=00101008271&supplier_code=00100008&order_time=2023-05-12 HTTP/1.1" 200 408
114.85.113.108 - - [12/May/2023:08:47:04 +0800] "GET /xingrg/check_reg.html?_=1683852422688 HTTP/1.1" 200 22
61.170.233.194 - - [12/May/2023:08:47:10 +0800] "POST /xingrg/kc/buy/cgsh_order_operate.html HTTP/1.1" 200 37
116.238.139.35 - - [12/May/2023:08:47:13 +0800] "GET /xingrg/kc/buy/cgsh_order_operate.html?command=get_materiel&rest_code=00150&code=00101008353&supplier_code=00100008&order_time=2023-05-12 HTTP/1.1" 200 408
180.164.3.199 - - [12/May/2023:08:47:15 +0800] "GET /xingrg/all/function/internal_message.html?_=1683852434781&CODE_STATE=getMsg HTTP/1.1" 200 27
116.235.240.234 - - [12/May/2023:08:47:18 +0800] "GET /xingrg/all/function/internal_message.html?_=1683852438470&CODE_STATE=getMsg HTTP/1.1" 200 27
116.227.208.255 - - [12/May/2023:08:47:28 +0800] "GET /xingrg/index.html?sysBaseUrl=http%3A%2F%2F180.169.147.146%3A18081%2Fxingrg%2F&costTime=1277×tamp=1606817596806 HTTP/1.1" 302 -
116.227.208.255 - - [12/May/2023:08:47:28 +0800] "GET /xingrg/login.html HTTP/1.1" 200 7641
116.227.208.255 - - [12/May/2023:08:47:28 +0800] "GET /xingrg/images/blue/jxLogo.png HTTP/1.1" 200 6156
116.227.208.255 - - [12/May/2023:08:47:29 +0800] "GET /xingrg/images/blue/login_bg.png HTTP/1.1" 200 22101
116.227.208.255 - - [12/May/2023:08:47:29 +0800] "GET /xingrg/images/blue/hj.png HTTP/1.1" 200 1014
116.227.208.255 - - [12/May/2023:08:47:29 +0800] "GET /xingrg/images/blue/srbg.png HTTP/1.1" 200 138
116.227.208.255 - - [12/May/2023:08:47:29 +0800] "GET /favicon.ico HTTP/1.1" 404 -
116.238.139.35 - - [12/May/2023:08:47:39 +0800] "POST /xingrg/kc/buy/cgsh_order_operate.html HTTP/1.1" 200 37
116.238.139.35 - - [12/May/2023:08:47:41 +0800] "POST /xingrg/kc/buy/cgsh_order_operate.html HTTP/1.1" 200 28719
116.224.158.100 - - [12/May/2023:08:47:43 +0800] "GET /xingrg/all/function/internal_message.html?_=1683852462642&CODE_STATE=getMsg HTTP/1.1" 200 27
116.227.208.255 - - [12/May/2023:08:47:45 +0800] "POST /xingrg/login.do HTTP/1.1" 302 -
116.227.208.255 - - [12/May/2023:08:47:45 +0800] "GET /xingrg/index.html?sysBaseUrl=http%3A%2F%2F180.169.147.146%3A18081%2Fxingrg%2F&costTime=817×tamp=1683852465058 HTTP/1.1" 200 17179
116.227.208.255 - - [12/May/2023:08:47:45 +0800] "GET /xingrg/javascript/jquery_easy_ui/themes/default/easyui.css HTTP/1.1" 200 26500
116.227.208.255 - - [12/May/2023:08:47:45 +0800] "GET /xingrg/javascript/jquery_easy_ui/themes/icon.css HTTP/1.1" 200 3949
116.227.208.255 - - [12/May/2023:08:47:45 +0800] "GET /xingrg/css/form.css HTTP/1.1" 200 893
116.227.208.255 - - [12/May/2023:08:47:45 +0800] "GET /xingrg/javascript/jquery_easy_ui/jquery.easyui.min.js HTTP/1.1" 200 213662
116.227.208.255 - - [12/May/2023:08:47:45 +0800] "GET /xingrg/javascript/jquery-1.4.2.min.js HTTP/1.1" 200 72205
116.227.208.255 - - [12/May/2023:08:47:45 +0800] "GET /xingrg/javascript/jquery_easy_ui/easyui-lang-zh_CN.js HTTP/1.1" 200 1900
116.227.208.255 - - [12/May/2023:08:47:45 +0800] "GET /xingrg/javascript/jquery.form.js HTTP/1.1" 200 23110
116.227.208.255 - - [12/May/2023:08:47:45 +0800] "GET /xingrg/javascript/jquery.timers.js HTTP/1.1" 200 3532
116.227.208.255 - - [12/May/2023:08:47:45 +0800] "GET /xingrg/javascript/jquery.utils.js HTTP/1.1" 200 11805
180.169.147.146 - - [12/May/2023:08:47:45 +0800] "GET /xingrg/all/function/internal_message.html?_=1683852465605&CODE_STATE=getMsg HTTP/1.1" 302 -
116.227.208.255 - - [12/May/2023:08:47:45 +0800] "GET /favicon.ico HTTP/1.1" 404 -
116.227.208.255 - - [12/May/2023:08:47:45 +0800] "GET /xingrg/javascript/jquery_easy_ui/themes/icons/settle_new.png HTTP/1.1" 200 826
116.227.208.255 - - [12/May/2023:08:47:45 +0800] "GET /xingrg/images/blue/navBackgound.jpg HTTP/1.1" 200 12378
116.227.208.255 - - [12/May/2023:08:47:45 +0800] "POST /xingrg/all/common/load_tree.html?tree=area_rest_tree_json&manage=1 HTTP/1.1" 200 479
116.227.208.255 - - [12/May/2023:08:47:45 +0800] "GET /xingrg/all/function/internal_message.html?_=1683852519404&CODE_STATE=count HTTP/1.1" 200 11
116.227.208.255 - - [12/May/2023:08:47:45 +0800] "GET /xingrg/check_reg.html?_=1683852519405 HTTP/1.1" 200 22
116.227.208.255 - - [12/May/2023:08:47:45 +0800] "GET /xingrg/images/blue/pingpu.png HTTP/1.1" 200 231
116.227.208.255 - - [12/May/2023:08:47:45 +0800] "GET /xingrg/javascript/jquery_easy_ui/themes/default/images/tabs_leftarrow.png HTTP/1.1" 200 389
116.227.208.255 - - [12/May/2023:08:47:45 +0800] "GET /xingrg/javascript/jquery_easy_ui/themes/default/images/tabs_rightarrow.png HTTP/1.1" 200 395
116.227.208.255 - - [12/May/2023:08:47:45 +0800] "GET /xingrg/javascript/jquery_easy_ui/themes/default/images/panel_tool_collapse.gif HTTP/1.1" 200 246
116.227.208.255 - - [12/May/2023:08:47:45 +0800] "POST /xingrg/load_menu.html HTTP/1.1" 200 5138
116.238.139.35 - - [12/May/2023:08:47:45 +0800] "GET /xingrg/all/function/internal_message.html?_=1683852394495&CODE_STATE=getMsg HTTP/1.1" 200 27
116.227.208.255 - - [12/May/2023:08:47:45 +0800] "GET /xingrg/javascript/jquery_easy_ui/themes/default/images/tree_arrows.gif HTTP/1.1" 200 1043
116.227.208.255 - - [12/May/2023:08:47:45 +0800] "GET /xingrg/javascript/jquery_easy_ui/themes/default/images/tree_folder_open.gif HTTP/1.1" 200 956
116.227.208.255 - - [12/May/2023:08:47:45 +0800] "GET /xingrg/javascript/jquery_easy_ui/themes/icons/search_new.png HTTP/1.1" 200 586
116.227.208.255 - - [12/May/2023:08:47:45 +0800] "GET /xingrg/javascript/jquery_easy_ui/themes/default/images/tree_folder.gif HTTP/1.1" 200 952
116.227.208.255 - - [12/May/2023:08:47:45 +0800] "GET /xingrg/javascript/jquery_easy_ui/themes/icons/storage_new.png HTTP/1.1" 200 853
116.227.208.255 - - [12/May/2023:08:47:45 +0800] "GET /xingrg/javascript/jquery_easy_ui/themes/icons/forms_new.png HTTP/1.1" 200 350
116.227.208.255 - - [12/May/2023:08:47:45 +0800] "GET /xingrg/javascript/jquery_easy_ui/themes/default/images/tree_file.gif HTTP/1.1" 200 118
116.238.139.35 - - [12/May/2023:08:47:48 +0800] "GET /xingrg/kc/buy/cgsh_order_operate.html?command=get_materiel&rest_code=00150&code=00101008213&supplier_code=00100008&order_time=2023-05-12 HTTP/1.1" 200 412
116.238.139.35 - - [12/May/2023:08:47:55 +0800] "GET /xingrg/all/function/internal_message.html?_=1683852474532&CODE_STATE=getMsg HTTP/1.1" 200 27
116.238.139.35 - - [12/May/2023:08:48:00 +0800] "GET /xingrg/kc/buy/cgsh_order_operate.html?command=get_materiel&rest_code=00150&code=00101013175&supplier_code=00100008&order_time=2023-05-12 HTTP/1.1" 200 412
116.227.208.255 - - [12/May/2023:08:48:00 +0800] "GET /xingrg/javascript/jquery_easy_ui/themes/default/images/tabs_close.gif HTTP/1.1" 200 829
116.227.208.255 - - [12/May/2023:08:48:00 +0800] "GET /xingrg/kc/buy/cgsh_order_list.html HTTP/1.1" 200 55519
116.227.208.255 - - [12/May/2023:08:48:00 +0800] "GET /xingrg/css/base.css HTTP/1.1" 200 2811
116.227.208.255 - - [12/May/2023:08:48:00 +0800] "GET /xingrg/css/site.css HTTP/1.1" 200 7541
116.227.208.255 - - [12/May/2023:08:48:00 +0800] "GET /xingrg/javascript/jquery_tools/datebox.css HTTP/1.1" 200 2597
116.227.208.255 - - [12/May/2023:08:48:00 +0800] "GET /xingrg/javascript/easyui/themes/default/easyui.css HTTP/1.1" 200 30432
116.227.208.255 - - [12/May/2023:08:48:00 +0800] "GET /xingrg/javascript/easyui/themes/icon.css HTTP/1.1" 200 4483
116.227.208.255 - - [12/May/2023:08:48:00 +0800] "GET /xingrg/javascript/auto/jquery.autocomplete.css HTTP/1.1" 200 587
116.227.208.255 - - [12/May/2023:08:48:00 +0800] "GET /xingrg/javascript/jquery_tools/fix.css HTTP/1.1" 200 1702
116.227.208.255 - - [12/May/2023:08:48:01 +0800] "GET /xingrg/javascript/jquery_tools/table.css HTTP/1.1" 200 1032
116.227.208.255 - - [12/May/2023:08:48:01 +0800] "GET /xingrg/javascript/jquery_tools/jquery.tools.min.js HTTP/1.1" 200 138801
116.227.208.255 - - [12/May/2023:08:48:01 +0800] "GET /xingrg/javascript/jquery_tools/jquery.tools.extend.js HTTP/1.1" 200 15385
116.227.208.255 - - [12/May/2023:08:48:01 +0800] "GET /xingrg/javascript/jquery_tools/jquery.tools.hotkey.js HTTP/1.1" 200 3242
116.227.208.255 - - [12/May/2023:08:48:01 +0800] "GET /xingrg/javascript/jquery_tools/jquery.tools.table.js HTTP/1.1" 200 6994
116.227.208.255 - - [12/May/2023:08:48:01 +0800] "GET /xingrg/javascript/jquery_tools/list_manager.js HTTP/1.1" 200 3652
116.227.208.255 - - [12/May/2023:08:48:01 +0800] "GET /xingrg/javascript/auto/jquery.autocomplete.js HTTP/1.1" 200 21624
116.227.208.255 - - [12/May/2023:08:48:01 +0800] "GET /xingrg/javascript/easyui/easyloader.js HTTP/1.1" 200 5975
116.227.208.255 - - [12/May/2023:08:48:01 +0800] "GET /xingrg/javascript/jquery.cookie.js HTTP/1.1" 200 5513
116.227.208.255 - - [12/May/2023:08:48:01 +0800] "GET /xingrg/javascript/print/LodopFuncs.js HTTP/1.1" 200 5121
116.227.208.255 - - [12/May/2023:08:48:02 +0800] "GET /xingrg/javascript/easyui/themes/icons/edit_add_new.png HTTP/1.1" 200 2997
116.227.208.255 - - [12/May/2023:08:48:02 +0800] "GET /xingrg/javascript/easyui/themes/icons/cance_new.png HTTP/1.1" 200 3986
116.227.208.255 - - [12/May/2023:08:48:02 +0800] "GET /xingrg/javascript/easyui/themes/icons/check_new.png HTTP/1.1" 200 3224
116.227.208.255 - - [12/May/2023:08:48:02 +0800] "GET /xingrg/javascript/easyui/themes/icons/field_new.png HTTP/1.1" 200 1097
116.227.208.255 - - [12/May/2023:08:48:02 +0800] "GET /xingrg/javascript/easyui/themes/icons/import_new.png HTTP/1.1" 200 1247
116.227.208.255 - - [12/May/2023:08:48:02 +0800] "GET /xingrg/javascript/easyui/plugins/jquery.parser.js HTTP/1.1" 200 1142
116.227.208.255 - - [12/May/2023:08:48:02 +0800] "GET /xingrg/images/control/ajaxLoader.gif HTTP/1.1" 200 4659
116.227.208.255 - - [12/May/2023:08:48:04 +0800] "POST /xingrg/kc/buy/cgsh_list_operate.html HTTP/1.1" 200 986
116.227.208.255 - - [12/May/2023:08:48:04 +0800] "GET /xingrg/javascript/easyui/themes/default/images/button_plain_hover.png HTTP/1.1" 200 144
116.227.208.255 - - [12/May/2023:08:48:05 +0800] "GET /xingrg/kc/buy/cgsh_order_add.html HTTP/1.1" 200 71342
116.227.208.255 - - [12/May/2023:08:48:05 +0800] "GET /xingrg/javascript/pic_change.js HTTP/1.1" 200 4739
116.227.208.255 - - [12/May/2023:08:48:05 +0800] "GET /xingrg/javascript/jquery_tools/order_manager.js HTTP/1.1" 200 11183
116.227.208.255 - - [12/May/2023:08:48:05 +0800] "GET /xingrg/javascript/convert.js HTTP/1.1" 200 1239
116.227.208.255 - - [12/May/2023:08:48:05 +0800] "GET /xingrg/javascript/json2.js HTTP/1.1" 200 11259
116.227.208.255 - - [12/May/2023:08:48:05 +0800] "GET /xingrg/javascript/print/kc_print.js HTTP/1.1" 200 11415
116.227.208.255 - - [12/May/2023:08:48:05 +0800] "GET /xingrg/words/20230511175935_words.js HTTP/1.1" 200 963839
116.227.208.255 - - [12/May/2023:08:48:05 +0800] "GET /xingrg/javascript/easyui/themes/icons/copy_new.png HTTP/1.1" 200 815
116.227.208.255 - - [12/May/2023:08:48:05 +0800] "GET /xingrg/javascript/easyui/themes/icons/template_new.png HTTP/1.1" 200 3956
116.227.208.255 - - [12/May/2023:08:48:05 +0800] "GET /xingrg/javascript/easyui/themes/icons/ok.png HTTP/1.1" 200 883
116.227.208.255 - - [12/May/2023:08:48:05 +0800] "GET /xingrg/javascript/easyui/themes/icons/print.png HTTP/1.1" 200 1057
116.227.208.255 - - [12/May/2023:08:48:05 +0800] "GET /xingrg/javascript/easyui/themes/default/images/menu_downarrow.png HTTP/1.1" 200 173
116.227.208.255 - - [12/May/2023:08:48:05 +0800] "GET /xingrg/javascript/easyui/themes/icons/cancel.png HTTP/1.1" 200 1133
116.227.208.255 - - [12/May/2023:08:48:05 +0800] "POST /xingrg/kc/buy/cgsh_order_operate.html HTTP/1.1" 200 8245
116.227.208.255 - - [12/May/2023:08:48:05 +0800] "GET /xingrg/javascript/easyui/themes/default/validatebox.css HTTP/1.1" 404 1104
116.227.208.255 - - [12/May/2023:08:48:05 +0800] "GET /xingrg/javascript/easyui/plugins/jquery.validatebox.js HTTP/1.1" 200 6103
116.227.208.255 - - [12/May/2023:08:48:05 +0800] "GET /xingrg/all/common/auto_word.html?type=employee&rest_code=00155 HTTP/1.1" 200 205
116.227.208.255 - - [12/May/2023:08:48:05 +0800] "GET /xingrg/javascript/easyui/themes/icons/edit_remove.png HTTP/1.1" 200 625
116.227.208.255 - - [12/May/2023:08:48:05 +0800] "GET /xingrg/all/common/auto_word.html?type=employee&rest_code=00155 HTTP/1.1" 200 205
116.227.208.255 - - [12/May/2023:08:48:05 +0800] "GET /xingrg/javascript/easyui/plugins/jquery.numberbox.js HTTP/1.1" 200 5213
180.164.3.199 - - [12/May/2023:08:48:15 +0800] "GET /xingrg/all/function/internal_message.html?_=1683852494783&CODE_STATE=getMsg HTTP/1.1" 200 27
116.238.139.35 - - [12/May/2023:08:48:17 +0800] "GET /xingrg/kc/buy/cgsh_order_operate.html?command=get_materiel&rest_code=00150&code=00101008512&supplier_code=00100008&order_time=2023-05-12 HTTP/1.1" 200 413
116.235.240.234 - - [12/May/2023:08:48:18 +0800] "GET /xingrg/all/function/internal_message.html?_=1683852498486&CODE_STATE=getMsg HTTP/1.1" 200 27
116.238.139.35 - - [12/May/2023:08:48:30 +0800] "GET /xingrg/kc/buy/cgsh_order_operate.html?command=get_materiel&rest_code=00150&code=00101008646&supplier_code=00100008&order_time=2023-05-12 HTTP/1.1" 200 413
116.224.158.100 - - [12/May/2023:08:48:43 +0800] "GET /xingrg/all/function/internal_message.html?_=1683852522648&CODE_STATE=getMsg HTTP/1.1" 200 27
116.238.139.35 - - [12/May/2023:08:48:43 +0800] "GET /xingrg/kc/buy/cgsh_order_operate.html?command=get_materiel&rest_code=00150&code=00101008061&supplier_code=00100008&order_time=2023-05-12 HTTP/1.1" 200 422
61.170.233.194 - - [12/May/2023:08:48:44 +0800] "POST /xingrg/kc/buy/cgsh_order_operate.html HTTP/1.1" 200 17446
180.169.147.146 - - [12/May/2023:08:48:45 +0800] "GET /xingrg/all/function/internal_message.html?_=1683852525602&CODE_STATE=getMsg HTTP/1.1" 302 -
116.227.208.255 - - [12/May/2023:08:48:45 +0800] "GET /xingrg/all/function/internal_message.html?_=1683852579417&CODE_STATE=getMsg HTTP/1.1" 200 27
116.238.139.35 - - [12/May/2023:08:48:51 +0800] "POST /xingrg/kc/buy/cgsh_order_operate.html HTTP/1.1" 200 37
116.238.139.35 - - [12/May/2023:08:48:55 +0800] "GET /xingrg/all/function/internal_message.html?_=1683852534520&CODE_STATE=getMsg HTTP/1.1" 200 27
116.238.139.35 - - [12/May/2023:08:48:57 +0800] "POST /xingrg/kc/buy/cgsh_order_operate.html HTTP/1.1" 200 31688
116.227.208.255 - - [12/May/2023:08:49:11 +0800] "GET /xingrg/javascript/jquery_easy_ui/themes/default/images/tabs_active.png HTTP/1.1" 200 2894
116.227.208.255 - - [12/May/2023:08:49:12 +0800] "GET /xingrg/javascript/auto/indicator.gif HTTP/1.1" 404 1066
180.164.3.199 - - [12/May/2023:08:49:15 +0800] "GET /xingrg/all/function/internal_message.html?_=1683852554776&CODE_STATE=getMsg HTTP/1.1" 200 27
116.227.208.255 - - [12/May/2023:08:49:16 +0800] "GET /xingrg/javascript/jquery_tools/images/prev.gif HTTP/1.1" 404 1086
116.227.208.255 - - [12/May/2023:08:49:16 +0800] "GET /xingrg/javascript/jquery_tools/images/next.gif HTTP/1.1" 404 1086
116.235.240.234 - - [12/May/2023:08:49:19 +0800] "GET /xingrg/all/function/internal_message.html?_=1683852558625&CODE_STATE=getMsg HTTP/1.1" 200 27
116.238.139.35 - - [12/May/2023:08:49:21 +0800] "GET /xingrg/all/function/internal_message.html?_=1683852490574&CODE_STATE=getMsg HTTP/1.1" 200 27
116.227.208.255 - - [12/May/2023:08:49:22 +0800] "GET /xingrg/kc/buy/cgsh_order_operate.html?command=get_materiel&rest_code=00155&code=00101002027&supplier_code=00100199&order_time=2023-05-12 HTTP/1.1" 200 413
116.238.139.35 - - [12/May/2023:08:49:22 +0800] "GET /xingrg/kc/buy/cgsh_order_add.html HTTP/1.1" 200 71351
116.238.139.35 - - [12/May/2023:08:49:22 +0800] "POST /xingrg/kc/buy/cgsh_order_operate.html HTTP/1.1" 200 8245
116.238.139.35 - - [12/May/2023:08:49:23 +0800] "GET /xingrg/javascript/easyui/themes/default/validatebox.css HTTP/1.1" 404 1104
116.227.208.255 - - [12/May/2023:08:49:30 +0800] "GET /xingrg/kc/buy/cgsh_order_operate.html?command=get_materiel&rest_code=00155&code=00101002022&supplier_code=00100199&order_time=2023-05-12 HTTP/1.1" 200 410
116.238.139.35 - - [12/May/2023:08:49:34 +0800] "GET /xingrg/kc/buy/cgsh_order_operate.html?command=get_materiel&rest_code=00150&code=00101009062&supplier_code=00100022&order_time=2023-05-12 HTTP/1.1" 200 412
61.170.233.194 - - [12/May/2023:08:49:35 +0800] "GET /xingrg/all/function/internal_message.html?_=1683852572844&CODE_STATE=getMsg HTTP/1.1" 200 27
116.227.208.255 - - [12/May/2023:08:49:39 +0800] "GET /xingrg/kc/buy/cgsh_order_operate.html?command=get_materiel&rest_code=00155&code=00101001125&supplier_code=00100199&order_time=2023-05-12 HTTP/1.1" 200 417
116.224.158.100 - - [12/May/2023:08:49:43 +0800] "GET /xingrg/check_reg.html?_=1683852582635 HTTP/1.1" 200 22
116.224.158.100 - - [12/May/2023:08:49:43 +0800] "GET /xingrg/all/function/internal_message.html?_=1683852582639&CODE_STATE=getMsg HTTP/1.1" 200 27
180.169.147.146 - - [12/May/2023:08:49:45 +0800] "GET /xingrg/all/function/internal_message.html?_=1683852585601&CODE_STATE=getMsg HTTP/1.1" 302 -
116.227.208.255 - - [12/May/2023:08:49:45 +0800] "GET /xingrg/all/function/internal_message.html?_=1683852639431&CODE_STATE=getMsg HTTP/1.1" 200 27
116.238.139.35 - - [12/May/2023:08:49:46 +0800] "GET /xingrg/kc/buy/cgsh_order_operate.html?command=get_materiel&rest_code=00150&code=00101009011&supplier_code=00100022&order_time=2023-05-12 HTTP/1.1" 200 416
116.227.208.255 - - [12/May/2023:08:49:50 +0800] "GET /xingrg/kc/buy/cgsh_order_operate.html?command=get_materiel&rest_code=00155&code=00101010161&supplier_code=00100199&order_time=2023-05-12 HTTP/1.1" 200 409
114.85.96.117 - - [12/May/2023:08:49:51 +0800] "GET /xingrg/check_reg.html?_=1683852592386 HTTP/1.1" 302 -
116.238.139.35 - - [12/May/2023:08:49:54 +0800] "GET /xingrg/kc/buy/cgsh_order_operate.html?command=get_materiel&rest_code=00150&code=00101009012&supplier_code=00100022&order_time=2023-05-12 HTTP/1.1" 200 409
116.238.139.35 - - [12/May/2023:08:49:55 +0800] "GET /xingrg/all/function/internal_message.html?_=1683852594535&CODE_STATE=getMsg HTTP/1.1" 200 27
116.238.139.35 - - [12/May/2023:08:50:00 +0800] "GET /xingrg/kc/buy/cgsh_order_operate.html?command=get_materiel&rest_code=00150&code=00101009109&supplier_code=00100022&order_time=2023-05-12 HTTP/1.1" 200 413
172.20.0.100 - - [12/May/2023:08:50:02 +0800] "GET /xingrg/check_reg.html?_=1683852614941 HTTP/1.1" 302 -
116.227.208.255 - - [12/May/2023:08:50:04 +0800] "POST /xingrg/kc/buy/cgsh_order_operate.html HTTP/1.1" 200 37
116.227.208.255 - - [12/May/2023:08:50:06 +0800] "POST /xingrg/kc/buy/cgsh_order_operate.html HTTP/1.1" 200 5033
116.227.208.255 - - [12/May/2023:08:50:07 +0800] "GET /xingrg/kc/print/load_config.html?kc_code=cgsh HTTP/1.1" 200 1925
116.227.208.255 - - [12/May/2023:08:50:07 +0800] "GET /xingrg/kc/print/load_data.html?order_code=212023051204141&kc_code=cgsh&condition= HTTP/1.1" 200 1588
116.238.139.35 - - [12/May/2023:08:50:11 +0800] "GET /xingrg/kc/buy/cgsh_order_operate.html?command=get_materiel&rest_code=00150&code=00101009124&supplier_code=00100022&order_time=2023-05-12 HTTP/1.1" 200 416
116.227.208.255 - - [12/May/2023:08:50:12 +0800] "GET /xingrg/kc/print/load_data.html?order_code=212023051204141&kc_code=cgsh HTTP/1.1" 200 1588
116.232.32.193 - - [12/May/2023:08:50:14 +0800] "POST /xingrg/services/DataTransmitService HTTP/1.1" 200 524
180.164.3.199 - - [12/May/2023:08:50:15 +0800] "GET /xingrg/all/function/internal_message.html?_=1683852614768&CODE_STATE=getMsg HTTP/1.1" 200 27
116.232.32.193 - - [12/May/2023:08:50:16 +0800] "POST /xingrg/services/DataTransmitService HTTP/1.1" 200 501
116.232.32.193 - - [12/May/2023:08:50:16 +0800] "POST /xingrg/services/DataTransmitService HTTP/1.1" 200 501
116.232.32.193 - - [12/May/2023:08:50:16 +0800] "POST /xingrg/services/DataTransmitService HTTP/1.1" 200 501
116.232.32.193 - - [12/May/2023:08:50:17 +0800] "POST /xingrg/services/DataTransmitService HTTP/1.1" 200 501
116.232.32.193 - - [12/May/2023:08:50:17 +0800] "POST /xingrg/services/DataTransmitService HTTP/1.1" 200 501
116.232.32.193 - - [12/May/2023:08:50:18 +0800] "POST /xingrg/services/DataTransmitService HTTP/1.1" 200 501
116.232.32.193 - - [12/May/2023:08:50:18 +0800] "POST /xingrg/services/DataTransmitService HTTP/1.1" 200 412
116.238.139.35 - - [12/May/2023:08:50:18 +0800] "GET /xingrg/kc/buy/cgsh_order_operate.html?command=get_materiel&rest_code=00150&code=00101009018&supplier_code=00100022&order_time=2023-05-12 HTTP/1.1" 200 408
116.235.240.234 - - [12/May/2023:08:50:19 +0800] "GET /xingrg/all/function/internal_message.html?_=1683852618637&CODE_STATE=getMsg HTTP/1.1" 200 27
116.238.139.35 - - [12/May/2023:08:50:21 +0800] "GET /xingrg/all/function/internal_message.html?_=1683852550590&CODE_STATE=getMsg HTTP/1.1" 200 27
116.227.208.255 - - [12/May/2023:08:50:31 +0800] "GET /xingrg/kc/buy/cgsh_order_add.html HTTP/1.1" 200 71342
116.227.208.255 - - [12/May/2023:08:50:31 +0800] "POST /xingrg/kc/buy/cgsh_order_operate.html HTTP/1.1" 200 8245
116.227.208.255 - - [12/May/2023:08:50:31 +0800] "GET /xingrg/javascript/easyui/themes/default/validatebox.css HTTP/1.1" 404 1104
61.170.233.194 - - [12/May/2023:08:50:35 +0800] "GET /xingrg/all/function/internal_message.html?_=1683852632854&CODE_STATE=getMsg HTTP/1.1" 200 27
61.170.233.194 - - [12/May/2023:08:50:35 +0800] "GET /xingrg/check_reg.html?_=1683852632858 HTTP/1.1" 200 22
116.238.139.35 - - [12/May/2023:08:50:39 +0800] "GET /xingrg/kc/buy/cgsh_order_operate.html?command=get_materiel&rest_code=00150&code=00101009031&supplier_code=00100022&order_time=2023-05-12 HTTP/1.1" 200 408
116.224.158.100 - - [12/May/2023:08:50:43 +0800] "GET /xingrg/all/function/internal_message.html?_=1683852642647&CODE_STATE=getMsg HTTP/1.1" 200 27
180.169.147.146 - - [12/May/2023:08:50:45 +0800] "GET /xingrg/all/function/internal_message.html?_=1683852645599&CODE_STATE=getMsg HTTP/1.1" 302 -
116.227.208.255 - - [12/May/2023:08:50:45 +0800] "GET /xingrg/all/function/internal_message.html?_=1683852699419&CODE_STATE=getMsg HTTP/1.1" 200 27
116.227.208.255 - - [12/May/2023:08:50:46 +0800] "GET /xingrg/kc/buy/cgsh_order_operate.html?command=get_materiel&rest_code=00155&code=00101009066&supplier_code=00100037&order_time=2023-05-12 HTTP/1.1" 200 416
116.238.139.35 - - [12/May/2023:08:50:51 +0800] "GET /xingrg/kc/buy/cgsh_order_operate.html?command=get_materiel&rest_code=00150&code=00101009121&supplier_code=00100022&order_time=2023-05-12 HTTP/1.1" 200 425
180.171.122.0 - - [12/May/2023:08:50:54 +0800] "GET /xingrg/check_reg.html?_=1683852652271 HTTP/1.1" 200 22
116.238.139.35 - - [12/May/2023:08:50:55 +0800] "GET /xingrg/check_reg.html?_=1683852654520 HTTP/1.1" 200 22
116.238.139.35 - - [12/May/2023:08:50:55 +0800] "GET /xingrg/all/function/internal_message.html?_=1683852654523&CODE_STATE=getMsg HTTP/1.1" 200 27
116.238.139.35 - - [12/May/2023:08:51:00 +0800] "POST /xingrg/kc/buy/cgsh_order_operate.html HTTP/1.1" 200 37
116.227.208.255 - - [12/May/2023:08:51:00 +0800] "GET /xingrg/kc/buy/cgsh_order_operate.html?command=get_materiel&rest_code=00155&code=00101015022&supplier_code=00100037&order_time=2023-05-12 HTTP/1.1" 200 408
116.238.139.35 - - [12/May/2023:08:51:03 +0800] "POST /xingrg/kc/buy/cgsh_order_operate.html HTTP/1.1" 200 7401
116.227.208.255 - - [12/May/2023:08:51:07 +0800] "GET /xingrg/kc/buy/cgsh_order_operate.html?command=get_materiel&rest_code=00155&code=00101009113&supplier_code=00100037&order_time=2023-05-12 HTTP/1.1" 200 412
180.164.3.199 - - [12/May/2023:08:51:15 +0800] "GET /xingrg/all/function/internal_message.html?_=1683852674782&CODE_STATE=getMsg HTTP/1.1" 200 27
180.164.3.199 - - [12/May/2023:08:51:15 +0800] "GET /xingrg/check_reg.html?_=1683852674785 HTTP/1.1" 200 22
116.227.208.255 - - [12/May/2023:08:51:15 +0800] "GET /xingrg/kc/buy/cgsh_order_operate.html?command=get_materiel&rest_code=00155&code=00101009004&supplier_code=00100037&order_time=2023-05-12 HTTP/1.1" 200 409
116.235.240.234 - - [12/May/2023:08:51:16 +0800] "GET /xingrg/check_reg.html?_=1683852675864 HTTP/1.1" 200 22
180.171.122.0 - - [12/May/2023:08:51:19 +0800] "GET /xingrg/check_reg.html?_=1683852676416 HTTP/1.1" 200 22
116.235.240.234 - - [12/May/2023:08:51:19 +0800] "GET /xingrg/all/function/internal_message.html?_=1683852678650&CODE_STATE=getMsg HTTP/1.1" 200 27
116.238.139.35 - - [12/May/2023:08:51:21 +0800] "GET /xingrg/all/function/internal_message.html?_=1683852610604&CODE_STATE=getMsg HTTP/1.1" 200 27
116.227.208.255 - - [12/May/2023:08:51:22 +0800] "GET /xingrg/kc/buy/cgsh_order_operate.html?command=get_materiel&rest_code=00155&code=00101016057&supplier_code=00100037&order_time=2023-05-12 HTTP/1.1" 200 408
116.227.208.255 - - [12/May/2023:08:51:32 +0800] "GET /xingrg/kc/buy/cgsh_order_operate.html?command=get_materiel&rest_code=00155&code=00101011004&supplier_code=00100037&order_time=2023-05-12 HTTP/1.1" 200 412
116.224.158.100 - - [12/May/2023:08:51:34 +0800] "GET /xingrg/javascript/auto/indicator.gif HTTP/1.1" 404 1066
61.170.233.194 - - [12/May/2023:08:51:35 +0800] "GET /xingrg/all/function/internal_message.html?_=1683852692827&CODE_STATE=getMsg HTTP/1.1" 200 27
116.227.208.255 - - [12/May/2023:08:51:40 +0800] "GET /xingrg/kc/buy/cgsh_order_operate.html?command=get_materiel&rest_code=00155&code=00101016030&supplier_code=00100037&order_time=2023-05-12 HTTP/1.1" 200 412
61.170.233.194 - - [12/May/2023:08:51:41 +0800] "GET /xingrg/kc/buy/cgsh_order_operate.html?command=get_materiel&rest_code=00106&code=00101008323&supplier_code=00100007&order_time=2023-05-12 HTTP/1.1" 200 408
116.224.158.100 - - [12/May/2023:08:51:43 +0800] "GET /xingrg/all/function/internal_message.html?_=1683852702639&CODE_STATE=getMsg HTTP/1.1" 200 27
116.238.139.35 - - [12/May/2023:08:51:44 +0800] "GET /xingrg/check_reg.html?_=1683852633607 HTTP/1.1" 200 22
180.169.147.146 - - [12/May/2023:08:51:45 +0800] "GET /xingrg/all/function/internal_message.html?_=1683852705598&CODE_STATE=getMsg HTTP/1.1" 302 -
180.169.147.146 - - [12/May/2023:08:51:45 +0800] "GET /xingrg/check_reg.html?_=1683852705599 HTTP/1.1" 302 -
116.227.208.255 - - [12/May/2023:08:51:45 +0800] "GET /xingrg/all/function/internal_message.html?_=1683852759431&CODE_STATE=getMsg HTTP/1.1" 200 27
116.238.139.35 - - [12/May/2023:08:51:55 +0800] "GET /xingrg/all/function/internal_message.html?_=1683852714514&CODE_STATE=getMsg HTTP/1.1" 200 27
116.227.208.255 - - [12/May/2023:08:51:57 +0800] "POST /xingrg/kc/buy/cgsh_order_operate.html HTTP/1.1" 200 37
116.224.158.100 - - [12/May/2023:08:52:02 +0800] "GET /xingrg/kc/buy/cgsh_order_operate.html?command=get_materiel&rest_code=00105&code=00101002027&supplier_code=00100397&order_time=2023-05-12 HTTP/1.1" 200 413
114.85.113.108 - - [12/May/2023:08:52:04 +0800] "GET /xingrg/check_reg.html?_=1683852722678 HTTP/1.1" 200 22
116.227.208.255 - - [12/May/2023:08:52:05 +0800] "POST /xingrg/kc/buy/cgsh_order_operate.html HTTP/1.1" 200 6194
116.227.208.255 - - [12/May/2023:08:52:09 +0800] "GET /xingrg/kc/print/load_data.html?order_code=212023051204143&kc_code=cgsh&condition= HTTP/1.1" 200 2064
116.238.139.35 - - [12/May/2023:08:52:10 +0800] "GET /xingrg/kc/buy/cgsh_order_operate.html?command=get_materiel&rest_code=00150&code=00101009140&supplier_code=00100022&order_time=2023-05-12 HTTP/1.1" 200 412
180.164.3.199 - - [12/May/2023:08:52:15 +0800] "GET /xingrg/all/function/internal_message.html?_=1683852734776&CODE_STATE=getMsg HTTP/1.1" 200 27
180.171.122.0 - - [12/May/2023:08:52:17 +0800] "GET /xingrg/check_reg.html?_=1683852735246 HTTP/1.1" 200 22
116.235.240.234 - - [12/May/2023:08:52:19 +0800] "GET /xingrg/all/function/internal_message.html?_=1683852738664&CODE_STATE=getMsg HTTP/1.1" 200 27
116.238.139.35 - - [12/May/2023:08:52:21 +0800] "GET /xingrg/all/function/internal_message.html?_=1683852670618&CODE_STATE=getMsg HTTP/1.1" 200 27
116.224.158.100 - - [12/May/2023:08:52:24 +0800] "GET /xingrg/kc/buy/cgsh_order_operate.html?command=get_materiel&rest_code=00105&code=00101001023&supplier_code=00100397&order_time=2023-05-12 HTTP/1.1" 200 413
61.170.233.194 - - [12/May/2023:08:52:25 +0800] "GET /xingrg/kc/buy/cgsh_order_operate.html?command=get_materiel&rest_code=00106&code=00101008215&supplier_code=00100007&order_time=2023-05-12 HTTP/1.1" 200 413
61.170.233.194 - - [12/May/2023:08:52:35 +0800] "GET /xingrg/all/function/internal_message.html?_=1683852752807&CODE_STATE=getMsg HTTP/1.1" 200 27
61.170.233.194 - - [12/May/2023:08:52:35 +0800] "GET /xingrg/kc/buy/cgsh_order_operate.html?command=get_materiel&rest_code=00106&code=00101008027&supplier_code=00100007&order_time=2023-05-12 HTTP/1.1" 200 408
116.224.158.100 - - [12/May/2023:08:52:43 +0800] "GET /xingrg/all/function/internal_message.html?_=1683852762656&CODE_STATE=getMsg HTTP/1.1" 200 27
180.169.147.146 - - [12/May/2023:08:52:45 +0800] "GET /xingrg/all/function/internal_message.html?_=1683852765613&CODE_STATE=getMsg HTTP/1.1" 302 -
61.170.233.194 - - [12/May/2023:08:52:45 +0800] "GET /xingrg/kc/buy/cgsh_order_operate.html?command=get_materiel&rest_code=00106&code=00101008132&supplier_code=00100007&order_time=2023-05-12 HTTP/1.1" 200 408
116.227.208.255 - - [12/May/2023:08:52:45 +0800] "GET /xingrg/check_reg.html?_=1683852819418 HTTP/1.1" 200 22
116.227.208.255 - - [12/May/2023:08:52:45 +0800] "GET /xingrg/all/function/internal_message.html?_=1683852819422&CODE_STATE=getMsg HTTP/1.1" 200 27
61.170.233.194 - - [12/May/2023:08:52:53 +0800] "POST /xingrg/kc/buy/cgsh_order_operate.html HTTP/1.1" 200 2065
116.238.139.35 - - [12/May/2023:08:52:55 +0800] "GET /xingrg/all/function/internal_message.html?_=1683852774522&CODE_STATE=getMsg HTTP/1.1" 200 27
116.238.139.35 - - [12/May/2023:08:52:56 +0800] "POST /xingrg/kc/buy/cgsh_order_operate.html HTTP/1.1" 200 37
61.170.233.194 - - [12/May/2023:08:52:58 +0800] "GET /xingrg/kc/buy/cgsh_order_operate.html?command=get_materiel&rest_code=00106&code=00101008185&supplier_code=00100007&order_time=2023-05-12 HTTP/1.1" 200 408
116.238.139.35 - - [12/May/2023:08:53:04 +0800] "POST /xingrg/kc/buy/cgsh_order_operate.html HTTP/1.1" 200 12
116.238.139.35 - - [12/May/2023:08:53:06 +0800] "GET /xingrg/kc/buy/cgsh_order_info.html?code=212023051204142 HTTP/1.1" 200 66262
116.238.139.35 - - [12/May/2023:08:53:07 +0800] "GET /xingrg/javascript/easyui/themes/default/validatebox.css HTTP/1.1" 404 1104
116.238.139.35 - - [12/May/2023:08:53:08 +0800] "POST /xingrg/kc/buy/cgsh_order_operate.html HTTP/1.1" 200 5351
116.224.158.100 - - [12/May/2023:08:53:09 +0800] "GET /xingrg/kc/buy/cgsh_order_operate.html?command=get_materiel&rest_code=00105&code=00101001010&supplier_code=00100397&order_time=2023-05-12 HTTP/1.1" 200 409
116.238.139.35 - - [12/May/2023:08:53:10 +0800] "GET /xingrg/kc/print/load_config.html?kc_code=cgsh HTTP/1.1" 200 1925
61.170.233.194 - - [12/May/2023:08:53:10 +0800] "GET /xingrg/kc/buy/cgsh_order_operate.html?command=get_materiel&rest_code=00106&code=00101008186&supplier_code=00100007&order_time=2023-05-12 HTTP/1.1" 200 408
116.238.139.35 - - [12/May/2023:08:53:10 +0800] "GET /xingrg/kc/print/load_data.html?order_code=212023051204142&kc_code=cgsh&condition= HTTP/1.1" 200 2580
180.164.3.199 - - [12/May/2023:08:53:15 +0800] "GET /xingrg/all/function/internal_message.html?_=1683852794772&CODE_STATE=getMsg HTTP/1.1" 200 27
116.238.139.35 - - [12/May/2023:08:53:17 +0800] "GET /xingrg/javascript/jquery_easy_ui/themes/default/images/button_a_bg.gif HTTP/1.1" 200 1194
116.238.139.35 - - [12/May/2023:08:53:17 +0800] "GET /xingrg/javascript/jquery_easy_ui/themes/default/images/button_span_bg.gif HTTP/1.1" 200 2061
116.238.139.35 - - [12/May/2023:08:53:17 +0800] "GET /xingrg/javascript/jquery_easy_ui/themes/icons/ok.png HTTP/1.1" 200 883
116.238.139.35 - - [12/May/2023:08:53:17 +0800] "GET /xingrg/javascript/jquery_easy_ui/themes/default/images/panel_tools.gif HTTP/1.1" 200 737
116.238.139.35 - - [12/May/2023:08:53:17 +0800] "GET /xingrg/javascript/jquery_easy_ui/themes/default/images/panel_title.png HTTP/1.1" 200 266
116.235.240.234 - - [12/May/2023:08:53:19 +0800] "GET /xingrg/all/function/internal_message.html?_=1683852798676&CODE_STATE=getMsg HTTP/1.1" 200 27
116.238.139.35 - - [12/May/2023:08:53:20 +0800] "POST /xingrg/all/user/operate.html HTTP/1.1" 200 36
116.238.139.35 - - [12/May/2023:08:53:21 +0800] "GET /xingrg/index.html?sysBaseUrl=http%3A%2F%2F180.169.147.146%3A18081%2Fxingrg%2F&costTime=819×tamp=1683850904187 HTTP/1.1" 200 17177
116.238.139.35 - - [12/May/2023:08:53:21 +0800] "GET /xingrg/javascript/jquery_easy_ui/themes/default/easyui.css HTTP/1.1" 304 -
116.238.139.35 - - [12/May/2023:08:53:21 +0800] "GET /xingrg/javascript/jquery_easy_ui/themes/icon.css HTTP/1.1" 304 -
116.238.139.35 - - [12/May/2023:08:53:21 +0800] "GET /xingrg/css/form.css HTTP/1.1" 304 -
116.238.139.35 - - [12/May/2023:08:53:21 +0800] "GET /xingrg/javascript/jquery-1.4.2.min.js HTTP/1.1" 304 -
116.238.139.35 - - [12/May/2023:08:53:21 +0800] "GET /xingrg/javascript/jquery_easy_ui/jquery.easyui.min.js HTTP/1.1" 304 -
116.238.139.35 - - [12/May/2023:08:53:22 +0800] "GET /xingrg/javascript/jquery_easy_ui/easyui-lang-zh_CN.js HTTP/1.1" 304 -
116.238.139.35 - - [12/May/2023:08:53:22 +0800] "GET /xingrg/javascript/jquery.form.js HTTP/1.1" 304 -
116.238.139.35 - - [12/May/2023:08:53:22 +0800] "GET /xingrg/javascript/jquery.utils.js HTTP/1.1" 304 -
116.238.139.35 - - [12/May/2023:08:53:22 +0800] "GET /xingrg/javascript/jquery.timers.js HTTP/1.1" 304 -
116.238.139.35 - - [12/May/2023:08:53:22 +0800] "GET /xingrg/images/blue/jxLogo.png HTTP/1.1" 304 -
116.238.139.35 - - [12/May/2023:08:53:22 +0800] "GET /xingrg/images/blue/navBackgound.jpg HTTP/1.1" 304 -
116.238.139.35 - - [12/May/2023:08:53:22 +0800] "GET /xingrg/javascript/jquery_easy_ui/themes/icons/settle_new.png HTTP/1.1" 304 -
116.238.139.35 - - [12/May/2023:08:53:22 +0800] "GET /xingrg/images/blue/pingpu.png HTTP/1.1" 304 -
116.238.139.35 - - [12/May/2023:08:53:22 +0800] "GET /xingrg/javascript/jquery_easy_ui/themes/default/images/tabs_rightarrow.png HTTP/1.1" 304 -
116.238.139.35 - - [12/May/2023:08:53:22 +0800] "GET /xingrg/javascript/jquery_easy_ui/themes/default/images/tabs_leftarrow.png HTTP/1.1" 304 -
116.238.139.35 - - [12/May/2023:08:53:22 +0800] "GET /xingrg/javascript/jquery_easy_ui/themes/default/images/panel_tool_collapse.gif HTTP/1.1" 304 -
116.238.139.35 - - [12/May/2023:08:53:22 +0800] "GET /xingrg/all/function/internal_message.html?_=1683852731004&CODE_STATE=count HTTP/1.1" 200 11
116.238.139.35 - - [12/May/2023:08:53:22 +0800] "GET /xingrg/check_reg.html?_=1683852731005 HTTP/1.1" 200 22
116.238.139.35 - - [12/May/2023:08:53:22 +0800] "POST /xingrg/all/common/load_tree.html?tree=area_rest_tree_json&manage=1 HTTP/1.1" 200 476
116.238.139.35 - - [12/May/2023:08:53:22 +0800] "POST /xingrg/load_menu.html HTTP/1.1" 200 5138
116.238.139.35 - - [12/May/2023:08:53:27 +0800] "GET /xingrg/kc/buy/cgsh_order_list.html HTTP/1.1" 200 55517
116.238.139.35 - - [12/May/2023:08:53:29 +0800] "POST /xingrg/kc/buy/cgsh_list_operate.html HTTP/1.1" 200 986
116.238.139.35 - - [12/May/2023:08:53:30 +0800] "GET /xingrg/kc/buy/cgsh_order_add.html HTTP/1.1" 200 70905
116.238.139.35 - - [12/May/2023:08:53:31 +0800] "POST /xingrg/kc/buy/cgsh_order_operate.html HTTP/1.1" 200 8245
116.238.139.35 - - [12/May/2023:08:53:31 +0800] "GET /xingrg/all/common/auto_word.html?type=employee&rest_code=00151 HTTP/1.1" 200 293
116.238.139.35 - - [12/May/2023:08:53:31 +0800] "GET /xingrg/javascript/easyui/themes/default/validatebox.css HTTP/1.1" 404 1104
116.238.139.35 - - [12/May/2023:08:53:31 +0800] "GET /xingrg/all/common/auto_word.html?type=employee&rest_code=00151 HTTP/1.1" 200 293
61.170.233.194 - - [12/May/2023:08:53:32 +0800] "GET /xingrg/kc/buy/cgsh_order_operate.html?command=get_materiel&rest_code=00106&code=00101008356&supplier_code=00100007&order_time=2023-05-12 HTTP/1.1" 200 408
116.238.139.35 - - [12/May/2023:08:53:33 +0800] "GET /xingrg/javascript/auto/indicator.gif HTTP/1.1" 404 1066
61.170.233.194 - - [12/May/2023:08:53:35 +0800] "GET /xingrg/all/function/internal_message.html?_=1683852812790&CODE_STATE=getMsg HTTP/1.1" 200 27
